81.17.208.4 - - [19/Jul/2010:01:30:02 +0200] "GET /%22javascript:top.lz_chat_goto_message(true);/%22%3E%3Cb%3E%22 HTTP/1.0" 404 - "http://chat.f-m-shop.de/livezilla/livezilla.php" "Mozilla/5.0 (compatible; jobs.de-Robot +http://www.jobs.de)"
81.17.208.4 - - [19/Jul/2010:01:30:05 +0200] "GET /livezilla/livezilla.php?template=lz_chat_frame.4.1 HTTP/1.0" 200 578 "http://chat.f-m-shop.de/livezilla/livezilla.php" "Mozilla/5.0 (compatible; jobs.de-Robot +http://www.jobs.de)"
81.17.208.4 - - [19/Jul/2010:01:30:09 +0200] "GET /livezilla/livezilla.php?template=lz_chat_frame.2.0 HTTP/1.0" 200 344 "http://chat.f-m-shop.de/livezilla/livezilla.php" "Mozilla/5.0 (compatible; jobs.de-Robot +http://www.jobs.de)"
81.17.208.4 - - [19/Jul/2010:01:30:13 +0200] "GET /livezilla/lz_chat_frame.2.0 HTTP/1.0" 404 - "http://chat.f-m-shop.de/livezilla/livezilla.php" "Mozilla/5.0 (compatible; jobs.de-Robot +http://www.jobs.de)"
81.17.208.4 - - [19/Jul/2010:01:30:16 +0200] "GET /livezilla/livezilla.php?template=lz_chat_frame.3.0 HTTP/1.0" 200 321 "http://chat.f-m-shop.de/livezilla/livezilla.php" "Mozilla/5.0 (compatible; jobs.de-Robot +http://www.jobs.de)"
81.17.208.4 - - [19/Jul/2010:01:30:19 +0200] "GET /livezilla/lz_chat_frame.3.2.chat.0.0 HTTP/1.0" 404 - "http://chat.f-m-shop.de/livezilla/livezilla.php" "Mozilla/5.0 (compatible; jobs.de-Robot +http://www.jobs.de)"
81.17.208.4 - - [19/Jul/2010:01:30:22 +0200] "GET /livezilla/_url; HTTP/1.0" 404 - "http://chat.f-m-shop.de/livezilla/livezilla.php" "Mozilla/5.0 (compatible; jobs.de-Robot +http://www.jobs.de)"
81.17.208.4 - - [19/Jul/2010:01:30:27 +0200] "GET /livezilla/livezilla.php?template=lz_chat_frame.0.1 HTTP/1.0" 200 343 "http://chat.f-m-shop.de/livezilla/livezilla.php" "Mozilla/5.0 (compatible; jobs.de-Robot +http://www.jobs.de)"
81.17.208.4 - - [19/Jul/2010:01:30:30 +0200] "GET /livezilla/data.split(%22%3CLiveZilla%3E%22)%5B1%5D.split(%22%3C/LiveZilla%3E%22)%5B0%5D.split(%22;%22); HTTP/1.0" 404 - "http://chat.f-m-shop.de/livezilla/livezilla.php" "Mozilla/5.0 (compatible; jobs.de-Robot +http://www.jobs.de)"
81.17.208.4 - - [19/Jul/2010:01:30:33 +0200] "GET /livezilla/livezilla.php?template=lz_chat_frame.1.2 HTTP/1.0" 200 345 "http://chat.f-m-shop.de/livezilla/livezilla.php" "Mozilla/5.0 (compatible; jobs.de-Robot +http://www.jobs.de)"
81.17.208.4 - - [19/Jul/2010:01:30:36 +0200] "GET /livezilla/lz_chat_data.PollTimeout HTTP/1.0" 404 - "http://chat.f-m-shop.de/livezilla/livezilla.php" "Mozilla/5.0 (compatible; jobs.de-Robot +http://www.jobs.de)"
81.17.208.4 - - [19/Jul/2010:01:30:39 +0200] "GET /livezilla/lz_chat_frame.3.0 HTTP/1.0" 404 - "http://chat.f-m-shop.de/livezilla/livezilla.php" "Mozilla/5.0 (compatible; jobs.de-Robot +http://www.jobs.de)"
81.17.208.4 - - [19/Jul/2010:01:30:42 +0200] "GET /livezilla/7.5 HTTP/1.0" 404 - "http://chat.f-m-shop.de/livezilla/livezilla.php" "Mozilla/5.0 (compatible; jobs.de-Robot +http://www.jobs.de)"
81.17.208.4 - - [19/Jul/2010:01:30:47 +0200] "GET /livezilla/lz_chat_frame.3.2.login.2.0 HTTP/1.0" 404 - "http://chat.f-m-shop.de/livezilla/livezilla.php" "Mozilla/5.0 (compatible; jobs.de-Robot +http://www.jobs.de)"
81.17.208.4 - - [19/Jul/2010:01:30:50 +0200] "GET /livezilla/lz_chat_frame.1.2 HTTP/1.0" 404 - "http://chat.f-m-shop.de/livezilla/livezilla.php" "Mozilla/5.0 (compatible; jobs.de-Robot +http://www.jobs.de)"
81.17.208.4 - - [19/Jul/2010:01:30:53 +0200] "GET /livezilla/this.Id; HTTP/1.0" 404 - "http://chat.f-m-shop.de/livezilla/livezilla.php" "Mozilla/5.0 (compatible; jobs.de-Robot +http://www.jobs.de)"
81.17.208.4 - - [19/Jul/2010:01:30:56 +0200] "GET /livezilla/livezilla.php?template=lz_chat_frame.1.0 HTTP/1.0" 200 344 "http://chat.f-m-shop.de/livezilla/livezilla.php" "Mozilla/5.0 (compatible; jobs.de-Robot +http://www.jobs.de)"
81.17.208.4 - - [19/Jul/2010:01:30:59 +0200] "GET /livezilla/Microsoft.XMLHTTP HTTP/1.0" 404 - "http://chat.f-m-shop.de/livezilla/livezilla.php" "Mozilla/5.0 (compatible; jobs.de-Robot +http://www.jobs.de)"
81.17.208.4 - - [19/Jul/2010:01:31:03 +0200] "GET /livezilla/livezilla.php?template=lz_chat_frame.0.0 HTTP/1.0" 200 338 "http://chat.f-m-shop.de/livezilla/livezilla.php" "Mozilla/5.0 (compatible; jobs.de-Robot +http://www.jobs.de)"
81.17.208.4 - - [19/Jul/2010:01:31:06 +0200] "GET /livezilla/livezilla.php?template=lz_chat_frame.2.2 HTTP/1.0" 200 345 "http://chat.f-m-shop.de/livezilla/livezilla.php" "Mozilla/5.0 (compatible; jobs.de-Robot +http://www.jobs.de)"
81.17.208.4 - - [19/Jul/2010:01:31:10 +0200] "GET /livezilla/application/x-www-form-urlencoded HTTP/1.0" 404 - "http://chat.f-m-shop.de/livezilla/livezilla.php" "Mozilla/5.0 (compatible; jobs.de-Robot +http://www.jobs.de)"
81.17.208.4 - - [19/Jul/2010:01:31:14 +0200] "GET /livezilla/livezilla.php?template=lz_chat_frame.5.1 HTTP/1.0" 200 345 "http://chat.f-m-shop.de/livezilla/livezilla.php" "Mozilla/5.0 (compatible; jobs.de-Robot +http://www.jobs.de)"
81.17.208.4 - - [19/Jul/2010:01:31:18 +0200] "GET /livezilla/lz_chat_frame.1.0 HTTP/1.0" 404 - "http://chat.f-m-shop.de/livezilla/livezilla.php" "Mozilla/5.0 (compatible; jobs.de-Robot +http://www.jobs.de)"
81.17.208.4 - - [19/Jul/2010:01:31:22 +0200] "GET /livezilla/lz_chat_data.ExternalUser.Session.BrowserId; HTTP/1.0" 404 - "http://chat.f-m-shop.de/livezilla/livezilla.php" "Mozilla/5.0 (compatible; jobs.de-Robot +http://www.jobs.de)"
81.17.208.4 - - [19/Jul/2010:01:31:24 +0200] "GET /livezilla/frames%5B'lz_chat_frame.1.1'%5D.document.getElementById('lz_chat_vcard_text').href HTTP/1.0" 404 - "http://chat.f-m-shop.de/livezilla/livezilla.php" "Mozilla/5.0 (compatible; jobs.de-Robot +http://www.jobs.de)"
81.17.208.4 - - [19/Jul/2010:01:31:32 +0200] "GET /livezilla/window.name; HTTP/1.0" 404 - "http://chat.f-m-shop.de/livezilla/livezilla.php" "Mozilla/5.0 (compatible; jobs.de-Robot +http://www.jobs.de)"
81.17.208.4 - - [19/Jul/2010:01:31:35 +0200] "GET /livezilla/livezilla.php?template=lz_chat_frame.1.1& HTTP/1.0" 200 2407 "http://chat.f-m-shop.de/livezilla/livezilla.php" "Mozilla/5.0 (compatible; jobs.de-Robot +http://www.jobs.de)"
81.17.208.4 - - [19/Jul/2010:01:31:38 +0200] "GET /livezilla/1.0 HTTP/1.0" 404 - "http://chat.f-m-shop.de/livezilla/livezilla.php" "Mozilla/5.0 (compatible; jobs.de-Robot +http://www.jobs.de)"
81.17.208.4 - - [19/Jul/2010:01:31:41 +0200] "GET /livezilla/lz_chat_frame.3.3 HTTP/1.0" 404 - "http://chat.f-m-shop.de/livezilla/livezilla.php" "Mozilla/5.0 (compatible; jobs.de-Robot +http://www.jobs.de)"
81.17.208.4 - - [19/Jul/2010:01:31:45 +0200] "GET /livezilla/lz_chat_frame.4.1 HTTP/1.0" 404 - "http://chat.f-m-shop.de/livezilla/livezilla.php" "Mozilla/5.0 (compatible; jobs.de-Robot +http://www.jobs.de)"
81.17.208.4 - - [19/Jul/2010:01:31:48 +0200] "GET /livezilla/MSXML2.XMLHTTP HTTP/1.0" 404 - "http://chat.f-m-shop.de/livezilla/livezilla.php" "Mozilla/5.0 (compatible; jobs.de-Robot +http://www.jobs.de)"
81.17.208.4 - - [19/Jul/2010:01:31:51 +0200] "GET /livezilla/lz_chat_frame.0.2 HTTP/1.0" 404 - "http://chat.f-m-shop.de/livezilla/livezilla.php" "Mozilla/5.0 (compatible; jobs.de-Robot +http://www.jobs.de)"
81.17.208.4 - - [19/Jul/2010:01:31:54 +0200] "GET /%22javascript:print();/%22%3EDrucken%3C/a%3E%22); HTTP/1.0" 404 - "http://chat.f-m-shop.de/livezilla/livezilla.php" "Mozilla/5.0 (compatible; jobs.de-Robot +http://www.jobs.de)"
81.17.208.4 - - [19/Jul/2010:01:31:58 +0200] "GET /livezilla/(_webcam) HTTP/1.0" 404 - "http://chat.f-m-shop.de/livezilla/livezilla.php" "Mozilla/5.0 (compatible; jobs.de-Robot +http://www.jobs.de)"
81.17.208.4 - - [19/Jul/2010:01:32:02 +0200] "GET /livezilla/livezilla.php?template=lz_chat_frame.3.2.mail& HTTP/1.0" 200 4934 "http://chat.f-m-shop.de/livezilla/livezilla.php" "Mozilla/5.0 (compatible; jobs.de-Robot +http://www.jobs.de)"
81.17.208.4 - - [19/Jul/2010:01:32:06 +0200] "GET /livezilla/lz_chat_frame.5.1 HTTP/1.0" 404 - "http://chat.f-m-shop.de/livezilla/livezilla.php" "Mozilla/5.0 (compatible; jobs.de-Robot +http://www.jobs.de)"
81.17.208.4 - - [19/Jul/2010:01:32:09 +0200] "GET /livezilla/lz_chat_frame.0.0 HTTP/1.0" 404 - "http://chat.f-m-shop.de/livezilla/livezilla.php" "Mozilla/5.0 (compatible; jobs.de-Robot +http://www.jobs.de)"
216.129.119.49 - - [19/Jul/2010:01:43:45 +0200] "GET /livezilla/livezilla.php?template=lz_chat_frame.0.0 HTTP/1.1" 200 338 "-" "Mozilla/5.0 (Twiceler-0.9 http://www.cuil.com/twiceler/robot.html)"
81.17.208.4 - - [19/Jul/2010:02:30:44 +0200] "GET /livezilla/livezilla.php?template=lz_chat_frame.3.2.login.1.0& HTTP/1.0" 200 3689 "http://chat.f-m-shop.de/livezilla/livezilla.php?template=lz_chat_frame.3.2.login&" "Mozilla/5.0 (compatible; jobs.de-Robot +http://www.jobs.de)"
81.17.208.4 - - [19/Jul/2010:02:30:53 +0200] "GET /livezilla/livezilla.php?template=lz_chat_frame.3.2.login.0.0 HTTP/1.0" 200 1427 "http://chat.f-m-shop.de/livezilla/livezilla.php?template=lz_chat_frame.3.2.login&" "Mozilla/5.0 (compatible; jobs.de-Robot +http://www.jobs.de)"
81.17.208.4 - - [19/Jul/2010:02:30:56 +0200] "GET /livezilla/lz_chat_frame.3.2.login.0.0 HTTP/1.0" 404 - "http://chat.f-m-shop.de/livezilla/livezilla.php?template=lz_chat_frame.3.2.login&" "Mozilla/5.0 (compatible; jobs.de-Robot +http://www.jobs.de)"
81.17.208.4 - - [19/Jul/2010:02:30:59 +0200] "GET /livezilla/livezilla.php?template=lz_chat_frame.3.2.login.2.0 HTTP/1.0" 200 361 "http://chat.f-m-shop.de/livezilla/livezilla.php?template=lz_chat_frame.3.2.login&" "Mozilla/5.0 (compatible; jobs.de-Robot +http://www.jobs.de)"
81.17.208.4 - - [19/Jul/2010:02:31:02 +0200] "GET /livezilla/livezilla.php?template=lz_chat_frame.3.2.chat HTTP/1.0" 200 2116 "http://chat.f-m-shop.de/livezilla/livezilla.php?template=lz_chat_frame.3.2.login.1.0&" "Mozilla/5.0 (compatible; jobs.de-Robot +http://www.jobs.de)"
81.17.208.4 - - [19/Jul/2010:02:31:16 +0200] "GET /livezilla/livezilla.php?template=lz_chat_frame.3.2.chat.2.0 HTTP/1.0" 200 5613 "http://chat.f-m-shop.de/livezilla/livezilla.php?template=lz_chat_frame.3.2.chat" "Mozilla/5.0 (compatible; jobs.de-Robot +http://www.jobs.de)"
81.17.208.4 - - [19/Jul/2010:02:31:20 +0200] "GET /livezilla/livezilla.php?template=lz_chat_frame.3.2.chat.4.0 HTTP/1.0" 200 933 "http://chat.f-m-shop.de/livezilla/livezilla.php?template=lz_chat_frame.3.2.chat" "Mozilla/5.0 (compatible; jobs.de-Robot +http://www.jobs.de)"
81.17.208.4 - - [19/Jul/2010:02:31:23 +0200] "GET /livezilla/livezilla.php?template=lz_chat_frame.3.2.chat.3.1 HTTP/1.0" 200 277 "http://chat.f-m-shop.de/livezilla/livezilla.php?template=lz_chat_frame.3.2.chat" "Mozilla/5.0 (compatible; jobs.de-Robot +http://www.jobs.de)"
81.17.208.4 - - [19/Jul/2010:02:31:27 +0200] "GET /livezilla/livezilla.php?template=lz_chat_frame.3.2.chat.0.0 HTTP/1.0" 200 3328 "http://chat.f-m-shop.de/livezilla/livezilla.php?template=lz_chat_frame.3.2.chat" "Mozilla/5.0 (compatible; jobs.de-Robot +http://www.jobs.de)"
81.17.208.4 - - [19/Jul/2010:02:31:31 +0200] "GET /livezilla/livezilla.php?template=lz_chat_frame.3.2.chat.5.0 HTTP/1.0" 200 1440 "http://chat.f-m-shop.de/livezilla/livezilla.php?template=lz_chat_frame.3.2.chat" "Mozilla/5.0 (compatible; jobs.de-Robot +http://www.jobs.de)"
81.17.208.4 - - [19/Jul/2010:02:31:34 +0200] "GET /livezilla/livezilla.php?template=lz_chat_frame.3.2.chat.3.0 HTTP/1.0" 200 2151 "http://chat.f-m-shop.de/livezilla/livezilla.php?template=lz_chat_frame.3.2.chat" "Mozilla/5.0 (compatible; jobs.de-Robot +http://www.jobs.de)"
81.17.208.4 - - [19/Jul/2010:02:31:38 +0200] "GET /livezilla/livezilla.php?template=lz_chat_frame.3.2.chat.1.0 HTTP/1.0" 200 1576 "http://chat.f-m-shop.de/livezilla/livezilla.php?template=lz_chat_frame.3.2.chat" "Mozilla/5.0 (compatible; jobs.de-Robot +http://www.jobs.de)"
209.51.162.219 - - [19/Jul/2010:04:46:58 +0200] "GET /robots.txt HTTP/1.1" 404 - "-" "ShopWiki/1.0 ( +http://www.shopwiki.com/wiki/Help:Bot)"
216.129.119.49 - - [19/Jul/2010:04:47:40 +0200] "GET /livezilla/livezilla.php?template=lz_chat_frame.2.2 HTTP/1.1" 200 345 "-" "Mozilla/5.0 (Twiceler-0.9 http://www.cuil.com/twiceler/robot.html)"
216.129.119.49 - - [19/Jul/2010:11:51:53 +0200] "GET /robots.txt HTTP/1.1" 404 - "-" "Mozilla/5.0 (Twiceler-0.9 http://www.cuil.com/twiceler/robot.html)"
84.190.77.171 - - [19/Jul/2010:14:07:45 +0200] "GET /livezilla/livezilla.php HTTP/1.1" 200 90096 "http://www.f-m-shop.de/seiten/prod_detail_neuer.cfm?kat=HDDSATA&nav=2&artnr=A%20%2025395" "Mozilla/5.0 (Windows; U; Windows NT 5.1; de; rv:1.9.2.6) Gecko/20100625 Firefox/3.6.6"
84.190.77.171 - - [19/Jul/2010:14:07:47 +0200] "GET /livezilla/templates/style.css HTTP/1.1" 200 9496 "http://chat.f-m-shop.de/livezilla/livezilla.php" "Mozilla/5.0 (Windows; U; Windows NT 5.1; de; rv:1.9.2.6) Gecko/20100625 Firefox/3.6.6"
84.190.77.171 - - [19/Jul/2010:14:07:47 +0200] "GET /livezilla/livezilla.php?template=lz_chat_frame.0.0 HTTP/1.1" 200 338 "http://chat.f-m-shop.de/livezilla/livezilla.php" "Mozilla/5.0 (Windows; U; Windows NT 5.1; de; rv:1.9.2.6) Gecko/20100625 Firefox/3.6.6"
84.190.77.171 - - [19/Jul/2010:14:07:47 +0200] "GET /livezilla/livezilla.php?template=lz_chat_frame.0.1 HTTP/1.1" 200 343 "http://chat.f-m-shop.de/livezilla/livezilla.php" "Mozilla/5.0 (Windows; U; Windows NT 5.1; de; rv:1.9.2.6) Gecko/20100625 Firefox/3.6.6"
84.190.77.171 - - [19/Jul/2010:14:07:47 +0200] "GET /livezilla/livezilla.php?template=lz_chat_frame.1.1& HTTP/1.1" 200 2407 "http://chat.f-m-shop.de/livezilla/livezilla.php" "Mozilla/5.0 (Windows; U; Windows NT 5.1; de; rv:1.9.2.6) Gecko/20100625 Firefox/3.6.6"
84.190.77.171 - - [19/Jul/2010:14:07:48 +0200] "GET /livezilla/livezilla.php?template=lz_chat_frame.1.2 HTTP/1.1" 200 345 "http://chat.f-m-shop.de/livezilla/livezilla.php" "Mozilla/5.0 (Windows; U; Windows NT 5.1; de; rv:1.9.2.6) Gecko/20100625 Firefox/3.6.6"
84.190.77.171 - - [19/Jul/2010:14:07:48 +0200] "GET /livezilla/livezilla.php?template=lz_chat_frame.3.2.login& HTTP/1.1" 200 1105 "http://chat.f-m-shop.de/livezilla/livezilla.php" "Mozilla/5.0 (Windows; U; Windows NT 5.1; de; rv:1.9.2.6) Gecko/20100625 Firefox/3.6.6"
84.190.77.171 - - [19/Jul/2010:14:07:48 +0200] "GET /livezilla/livezilla.php?template=lz_chat_frame.4.1 HTTP/1.1" 200 578 "http://chat.f-m-shop.de/livezilla/livezilla.php" "Mozilla/5.0 (Windows; U; Windows NT 5.1; de; rv:1.9.2.6) Gecko/20100625 Firefox/3.6.6"
84.190.77.171 - - [19/Jul/2010:14:07:48 +0200] "GET /livezilla/livezilla.php?template=lz_chat_frame.2.0 HTTP/1.1" 200 344 "http://chat.f-m-shop.de/livezilla/livezilla.php" "Mozilla/5.0 (Windows; U; Windows NT 5.1; de; rv:1.9.2.6) Gecko/20100625 Firefox/3.6.6"
84.190.77.171 - - [19/Jul/2010:14:07:47 +0200] "GET /livezilla/livezilla.php?template=lz_chat_frame.0.2 HTTP/1.1" 200 321 "http://chat.f-m-shop.de/livezilla/livezilla.php" "Mozilla/5.0 (Windows; U; Windows NT 5.1; de; rv:1.9.2.6) Gecko/20100625 Firefox/3.6.6"
84.190.77.171 - - [19/Jul/2010:14:07:47 +0200] "GET /livezilla/livezilla.php?template=lz_chat_frame.1.0 HTTP/1.1" 200 344 "http://chat.f-m-shop.de/livezilla/livezilla.php" "Mozilla/5.0 (Windows; U; Windows NT 5.1; de; rv:1.9.2.6) Gecko/20100625 Firefox/3.6.6"
84.190.77.171 - - [19/Jul/2010:14:07:48 +0200] "GET /livezilla/livezilla.php?template=lz_chat_frame.2.2 HTTP/1.1" 200 345 "http://chat.f-m-shop.de/livezilla/livezilla.php" "Mozilla/5.0 (Windows; U; Windows NT 5.1; de; rv:1.9.2.6) Gecko/20100625 Firefox/3.6.6"
84.190.77.171 - - [19/Jul/2010:14:07:48 +0200] "GET /livezilla/livezilla.php?template=lz_chat_frame.3.0 HTTP/1.1" 200 321 "http://chat.f-m-shop.de/livezilla/livezilla.php" "Mozilla/5.0 (Windows; U; Windows NT 5.1; de; rv:1.9.2.6) Gecko/20100625 Firefox/3.6.6"
84.190.77.171 - - [19/Jul/2010:14:07:49 +0200] "GET /livezilla/livezilla.php?template=lz_chat_frame.3.3 HTTP/1.1" 200 321 "http://chat.f-m-shop.de/livezilla/livezilla.php" "Mozilla/5.0 (Windows; U; Windows NT 5.1; de; rv:1.9.2.6) Gecko/20100625 Firefox/3.6.6"
84.190.77.171 - - [19/Jul/2010:14:07:49 +0200] "GET /livezilla/livezilla.php?template=lz_chat_frame.3.2.login.0.0 HTTP/1.1" 200 1427 "http://chat.f-m-shop.de/livezilla/livezilla.php?template=lz_chat_frame.3.2.login&" "Mozilla/5.0 (Windows; U; Windows NT 5.1; de; rv:1.9.2.6) Gecko/20100625 Firefox/3.6.6"
84.190.77.171 - - [19/Jul/2010:14:07:48 +0200] "GET /livezilla/livezilla.php?template=lz_chat_frame.5.1 HTTP/1.1" 200 345 "http://chat.f-m-shop.de/livezilla/livezilla.php" "Mozilla/5.0 (Windows; U; Windows NT 5.1; de; rv:1.9.2.6) Gecko/20100625 Firefox/3.6.6"
84.190.77.171 - - [19/Jul/2010:14:07:49 +0200] "GET /livezilla/livezilla.php?template=lz_chat_frame.3.2.login.2.0 HTTP/1.1" 200 361 "http://chat.f-m-shop.de/livezilla/livezilla.php?template=lz_chat_frame.3.2.login&" "Mozilla/5.0 (Windows; U; Windows NT 5.1; de; rv:1.9.2.6) Gecko/20100625 Firefox/3.6.6"
84.190.77.171 - - [19/Jul/2010:14:07:49 +0200] "GET /livezilla/livezilla.php?template=lz_chat_frame.3.2.login.1.0& HTTP/1.1" 200 3689 "http://chat.f-m-shop.de/livezilla/livezilla.php?template=lz_chat_frame.3.2.login&" "Mozilla/5.0 (Windows; U; Windows NT 5.1; de; rv:1.9.2.6) Gecko/20100625 Firefox/3.6.6"
84.190.77.171 - - [19/Jul/2010:14:07:50 +0200] "GET /livezilla/images/icon_vcard.gif HTTP/1.1" 200 559 "http://chat.f-m-shop.de/livezilla/livezilla.php?template=lz_chat_frame.1.1&" "Mozilla/5.0 (Windows; U; Windows NT 5.1; de; rv:1.9.2.6) Gecko/20100625 Firefox/3.6.6"
84.190.77.171 - - [19/Jul/2010:14:07:50 +0200] "GET /livezilla/images/icon_typing.gif HTTP/1.1" 200 1106 "http://chat.f-m-shop.de/livezilla/livezilla.php?template=lz_chat_frame.1.1&" "Mozilla/5.0 (Windows; U; Windows NT 5.1; de; rv:1.9.2.6) Gecko/20100625 Firefox/3.6.6"
84.190.77.171 - - [19/Jul/2010:14:07:50 +0200] "GET /livezilla/images/lz_header.gif HTTP/1.1" 200 7285 "http://chat.f-m-shop.de/livezilla/livezilla.php?template=lz_chat_frame.1.1&" "Mozilla/5.0 (Windows; U; Windows NT 5.1; de; rv:1.9.2.6) Gecko/20100625 Firefox/3.6.6"
84.190.77.171 - - [19/Jul/2010:14:07:50 +0200] "GET /livezilla/images/favicon.ico HTTP/1.1" 200 43302 "-" "Mozilla/5.0 (Windows; U; Windows NT 5.1; de; rv:1.9.2.6) Gecko/20100625 Firefox/3.6.6"
84.190.77.171 - - [19/Jul/2010:14:07:50 +0200] "GET /livezilla/images/carrier_logo.gif HTTP/1.1" 404 - "http://chat.f-m-shop.de/livezilla/livezilla.php?template=lz_chat_frame.1.1&" "Mozilla/5.0 (Windows; U; Windows NT 5.1; de; rv:1.9.2.6) Gecko/20100625 Firefox/3.6.6"
84.190.77.171 - - [19/Jul/2010:14:07:50 +0200] "GET /livezilla/intern_images/nopic.jpg HTTP/1.1" 200 3599 "http://chat.f-m-shop.de/livezilla/livezilla.php?template=lz_chat_frame.1.1&" "Mozilla/5.0 (Windows; U; Windows NT 5.1; de; rv:1.9.2.6) Gecko/20100625 Firefox/3.6.6"
84.190.77.171 - - [19/Jul/2010:14:07:50 +0200] "GET /livezilla/images/lz_rep_bg_left.gif HTTP/1.1" 200 593 "http://chat.f-m-shop.de/livezilla/livezilla.php?template=lz_chat_frame.1.1&" "Mozilla/5.0 (Windows; U; Windows NT 5.1; de; rv:1.9.2.6) Gecko/20100625 Firefox/3.6.6"
84.190.77.171 - - [19/Jul/2010:14:07:50 +0200] "GET /livezilla/images/chat_bg_navigation_left.gif HTTP/1.1" 200 1078 "http://chat.f-m-shop.de/livezilla/livezilla.php?template=lz_chat_frame.3.2.login.0.0" "Mozilla/5.0 (Windows; U; Windows NT 5.1; de; rv:1.9.2.6) Gecko/20100625 Firefox/3.6.6"
84.190.77.171 - - [19/Jul/2010:14:07:50 +0200] "GET /livezilla/images/chat_bg_navigation_dev.gif HTTP/1.1" 200 367 "http://chat.f-m-shop.de/livezilla/livezilla.php?template=lz_chat_frame.3.2.login.0.0" "Mozilla/5.0 (Windows; U; Windows NT 5.1; de; rv:1.9.2.6) Gecko/20100625 Firefox/3.6.6"
84.190.77.171 - - [19/Jul/2010:14:07:50 +0200] "GET /livezilla/images/chat_bg_navigation_right.gif HTTP/1.1" 200 675 "http://chat.f-m-shop.de/livezilla/livezilla.php?template=lz_chat_frame.3.2.login.0.0" "Mozilla/5.0 (Windows; U; Windows NT 5.1; de; rv:1.9.2.6) Gecko/20100625 Firefox/3.6.6"
84.190.77.171 - - [19/Jul/2010:14:07:50 +0200] "GET /livezilla/images/icon_info.gif HTTP/1.1" 200 1703 "http://chat.f-m-shop.de/livezilla/livezilla.php?template=lz_chat_frame.3.2.login.1.0&" "Mozilla/5.0 (Windows; U; Windows NT 5.1; de; rv:1.9.2.6) Gecko/20100625 Firefox/3.6.6"
84.190.77.171 - - [19/Jul/2010:14:07:50 +0200] "GET /livezilla/images/lz_rep_bg.gif HTTP/1.1" 200 320 "http://chat.f-m-shop.de/livezilla/livezilla.php?template=lz_chat_frame.1.1&" "Mozilla/5.0 (Windows; U; Windows NT 5.1; de; rv:1.9.2.6) Gecko/20100625 Firefox/3.6.6"
84.190.77.171 - - [19/Jul/2010:14:07:50 +0200] "GET /livezilla/images/lz_rep_bg_right.gif HTTP/1.1" 200 590 "http://chat.f-m-shop.de/livezilla/livezilla.php?template=lz_chat_frame.1.1&" "Mozilla/5.0 (Windows; U; Windows NT 5.1; de; rv:1.9.2.6) Gecko/20100625 Firefox/3.6.6"
84.190.77.171 - - [19/Jul/2010:14:07:50 +0200] "GET /livezilla/images/chat_bg_footer.gif HTTP/1.1" 200 194 "http://chat.f-m-shop.de/livezilla/templates/style.css" "Mozilla/5.0 (Windows; U; Windows NT 5.1; de; rv:1.9.2.6) Gecko/20100625 Firefox/3.6.6"
84.190.77.171 - - [19/Jul/2010:14:07:50 +0200] "GET /livezilla/images/button_fav.gif HTTP/1.1" 200 1344 "http://chat.f-m-shop.de/livezilla/livezilla.php?template=lz_chat_frame.3.2.login.0.0" "Mozilla/5.0 (Windows; U; Windows NT 5.1; de; rv:1.9.2.6) Gecko/20100625 Firefox/3.6.6"
84.190.77.171 - - [19/Jul/2010:14:07:50 +0200] "GET /livezilla/images/button_close.gif HTTP/1.1" 200 1239 "http://chat.f-m-shop.de/livezilla/livezilla.php?template=lz_chat_frame.3.2.login.0.0" "Mozilla/5.0 (Windows; U; Windows NT 5.1; de; rv:1.9.2.6) Gecko/20100625 Firefox/3.6.6"
84.190.77.171 - - [19/Jul/2010:14:07:50 +0200] "GET /livezilla/images/chat_bg_navigation.gif HTTP/1.1" 200 258 "http://chat.f-m-shop.de/livezilla/templates/style.css" "Mozilla/5.0 (Windows; U; Windows NT 5.1; de; rv:1.9.2.6) Gecko/20100625 Firefox/3.6.6"
84.190.77.171 - - [19/Jul/2010:14:07:50 +0200] "GET /livezilla/images/chat_bg_footer_top.gif HTTP/1.1" 200 858 "http://chat.f-m-shop.de/livezilla/templates/style.css" "Mozilla/5.0 (Windows; U; Windows NT 5.1; de; rv:1.9.2.6) Gecko/20100625 Firefox/3.6.6"
84.190.77.171 - - [19/Jul/2010:14:07:50 +0200] "GET /livezilla/images/icon_network.gif HTTP/1.1" 200 354 "http://chat.f-m-shop.de/livezilla/livezilla.php?template=lz_chat_frame.3.2.login.1.0&" "Mozilla/5.0 (Windows; U; Windows NT 5.1; de; rv:1.9.2.6) Gecko/20100625 Firefox/3.6.6"
84.190.77.171 - - [19/Jul/2010:14:07:50 +0200] "GET /livezilla/images/lz_button.gif HTTP/1.1" 200 838 "http://chat.f-m-shop.de/livezilla/templates/style.css" "Mozilla/5.0 (Windows; U; Windows NT 5.1; de; rv:1.9.2.6) Gecko/20100625 Firefox/3.6.6"
84.190.77.171 - - [19/Jul/2010:14:07:50 +0200] "GET /livezilla/images/chat_bg_navigation_sub.gif HTTP/1.1" 200 76 "http://chat.f-m-shop.de/livezilla/templates/style.css" "Mozilla/5.0 (Windows; U; Windows NT 5.1; de; rv:1.9.2.6) Gecko/20100625 Firefox/3.6.6"
84.190.77.171 - - [19/Jul/2010:14:07:51 +0200] "GET /livezilla/templates/nojava.html HTTP/1.1" 200 1088 "-" "Mozilla/5.0 (Windows; U; Windows NT 5.1; de; rv:1.9.2.6) Gecko/20100625 Firefox/3.6.6"
84.190.77.171 - - [19/Jul/2010:14:07:51 +0200] "GET /favicon.ico HTTP/1.1" 404 - "-" "Mozilla/5.0 (Windows; U; Windows NT 5.1; de; rv:1.9.2.6) Gecko/20100625 Firefox/3.6.6"
84.190.77.171 - - [19/Jul/2010:14:07:54 +0200] "GET /favicon.ico HTTP/1.1" 404 - "-" "Mozilla/5.0 (Windows; U; Windows NT 5.1; de; rv:1.9.2.6) Gecko/20100625 Firefox/3.6.6"
84.190.77.171 - - [19/Jul/2010:14:09:31 +0200] "GET /livezilla HTTP/1.1" 301 352 "-" "Mozilla/5.0 (Windows; U; Windows NT 5.1; de; rv:1.9.2.6) Gecko/20100625 Firefox/3.6.6"
84.190.77.171 - - [19/Jul/2010:14:09:32 +0200] "GET /livezilla/ HTTP/1.1" 200 3813 "-" "Mozilla/5.0 (Windows; U; Windows NT 5.1; de; rv:1.9.2.6) Gecko/20100625 Firefox/3.6.6"
84.190.77.171 - - [19/Jul/2010:14:09:32 +0200] "GET /livezilla/images/lz_index_bg.gif HTTP/1.1" 200 226 "http://chat.f-m-shop.de/livezilla/" "Mozilla/5.0 (Windows; U; Windows NT 5.1; de; rv:1.9.2.6) Gecko/20100625 Firefox/3.6.6"
84.190.77.171 - - [19/Jul/2010:14:09:32 +0200] "GET /livezilla/images/lz_index_logo.gif HTTP/1.1" 200 6700 "http://chat.f-m-shop.de/livezilla/" "Mozilla/5.0 (Windows; U; Windows NT 5.1; de; rv:1.9.2.6) Gecko/20100625 Firefox/3.6.6"
84.190.77.171 - - [19/Jul/2010:14:09:33 +0200] "GET /livezilla/images/lz_index_addserver.gif HTTP/1.1" 200 3705 "http://chat.f-m-shop.de/livezilla/" "Mozilla/5.0 (Windows; U; Windows NT 5.1; de; rv:1.9.2.6) Gecko/20100625 Firefox/3.6.6"
84.190.77.171 - - [19/Jul/2010:14:09:33 +0200] "GET /livezilla/images/lz_index_startchat.gif HTTP/1.1" 200 3533 "http://chat.f-m-shop.de/livezilla/" "Mozilla/5.0 (Windows; U; Windows NT 5.1; de; rv:1.9.2.6) Gecko/20100625 Firefox/3.6.6"
84.190.77.171 - - [19/Jul/2010:14:09:33 +0200] "GET /livezilla/server.php?request=track&output=jcrpt&code=U0VSVkVSUEFHRQ__&nse=0.07052142891005875 HTTP/1.1" 200 27008 "http://chat.f-m-shop.de/livezilla/" "Mozilla/5.0 (Windows; U; Windows NT 5.1; de; rv:1.9.2.6) Gecko/20100625 Firefox/3.6.6"
84.190.77.171 - - [19/Jul/2010:14:09:35 +0200] "GET /livezilla/templates/style.css?cache=0.16734609309084703 HTTP/1.1" 200 9496 "http://chat.f-m-shop.de/livezilla/" "Mozilla/5.0 (Windows; U; Windows NT 5.1; de; rv:1.9.2.6) Gecko/20100625 Firefox/3.6.6"
84.190.77.171 - - [19/Jul/2010:14:09:35 +0200] "GET /livezilla/server.php?request=track&start=1279541376753&browid=bb9ba5d&url=aHR0cDovL2NoYXQuZi1tLXNob3AuZGUvbGl2ZXppbGxhLw&livezilla=b833af0&cd=24&rh=900&rw=1440&rf=&tzo=2&code=U0VSVkVSUEFHRQ__&en=&ee=&ec=&dc=TGl2ZVppbGxhIFNlcnZlciBQYWdl&geo_rid=7 HTTP/1.1" 200 85 "http://chat.f-m-shop.de/livezilla/" "Mozilla/5.0 (Windows; U; Windows NT 5.1; de; rv:1.9.2.6) Gecko/20100625 Firefox/3.6.6"
84.190.77.171 - - [19/Jul/2010:14:09:46 +0200] "GET /livezilla/ HTTP/1.1" 200 3813 "-" "Mozilla/5.0 (Windows; U; Windows NT 5.1; de; rv:1.9.2.6) Gecko/20100625 Firefox/3.6.6"
84.190.77.171 - - [19/Jul/2010:14:09:47 +0200] "GET /livezilla/server.php?request=track&output=jcrpt&code=U0VSVkVSUEFHRQ__&nse=0.9488789393802437 HTTP/1.1" 200 27008 "http://chat.f-m-shop.de/livezilla/" "Mozilla/5.0 (Windows; U; Windows NT 5.1; de; rv:1.9.2.6) Gecko/20100625 Firefox/3.6.6"
84.190.77.171 - - [19/Jul/2010:14:09:48 +0200] "GET /livezilla/templates/style.css?cache=0.5038421621020844 HTTP/1.1" 200 9496 "http://chat.f-m-shop.de/livezilla/" "Mozilla/5.0 (Windows; U; Windows NT 5.1; de; rv:1.9.2.6) Gecko/20100625 Firefox/3.6.6"
84.190.77.171 - - [19/Jul/2010:14:09:48 +0200] "GET /livezilla/server.php?request=track&start=1279541390410&browid=bb9ba5d&url=aHR0cDovL2NoYXQuZi1tLXNob3AuZGUvbGl2ZXppbGxhLw&livezilla=b833af0&cd=24&rh=900&rw=1440&rf=&tzo=2&code=U0VSVkVSUEFHRQ__&en=&ee=&ec=&dc=TGl2ZVppbGxhIFNlcnZlciBQYWdl&geo_rid=7 HTTP/1.1" 200 85 "http://chat.f-m-shop.de/livezilla/" "Mozilla/5.0 (Windows; U; Windows NT 5.1; de; rv:1.9.2.6) Gecko/20100625 Firefox/3.6.6"
84.190.77.171 - - [19/Jul/2010:14:10:04 +0200] "GET /livezilla/templates/java.html HTTP/1.1" 404 - "-" "Mozilla/5.0 (Windows; U; Windows NT 5.1; de; rv:1.9.2.6) Gecko/20100625 Firefox/3.6.6"
209.51.162.220 - - [19/Jul/2010:15:08:39 +0200] "GET /robots.txt HTTP/1.1" 404 - "-" "ShopWiki/1.0 ( +http://www.shopwiki.com/wiki/Help:Bot)"
216.129.119.49 - - [19/Jul/2010:19:52:23 +0200] "GET /livezilla/livezilla.php?template=lz_chat_frame.2.0 HTTP/1.1" 200 344 "-" "Mozilla/5.0 (Twiceler-0.9 http://www.cuil.com/twiceler/robot.html)"
208.80.193.39 - - [19/Jul/2010:22:33:10 +0200] "GET / HTTP/1.0" 404 - "-" "Mozilla/4.0 (compatible; MSIE 7.0; America Online Browser 1.1; rev1.2; Windows NT 5.1; YPC 3.0.1; .NET CLR 1.1.4322)"
209.51.162.220 - - [19/Jul/2010:23:38:51 +0200] "GET /robots.txt HTTP/1.1" 404 - "-" "ShopWiki/1.0 ( +http://www.shopwiki.com/wiki/Help:Bot)"
207.46.13.47 - - [20/Jul/2010:00:16:11 +0200] "GET /robots.txt HTTP/1.1" 404 - "-" "msnbot/2.0b (+http://search.msn.com/msnbot.htm)"
207.46.13.47 - - [20/Jul/2010:00:16:54 +0200] "GET /livezilla/livezilla.php?template=lz_chat_frame.3.2.login& HTTP/1.1" 200 1105 "-" "msnbot/2.0b (+http://search.msn.com/msnbot.htm)"
207.46.13.47 - - [20/Jul/2010:00:16:54 +0200] "GET /livezilla/livezilla.php HTTP/1.1" 200 89940 "-" "msnbot/2.0b (+http://search.msn.com/msnbot.htm)"
216.129.119.49 - - [20/Jul/2010:00:58:21 +0200] "GET /livezilla/livezilla.php?template=lz_chat_frame.3.2.login.0.0 HTTP/1.1" 200 1384 "-" "Mozilla/5.0 (Twiceler-0.9 http://www.cuil.com/twiceler/robot.html)"
209.51.162.220 - - [20/Jul/2010:03:47:25 +0200] "GET /robots.txt HTTP/1.1" 404 - "-" "ShopWiki/1.0 ( +http://www.shopwiki.com/wiki/Help:Bot)"
216.129.119.49 - - [20/Jul/2010:11:49:35 +0200] "GET /robots.txt HTTP/1.1" 404 - "-" "Mozilla/5.0 (Twiceler-0.9 http://www.cuil.com/twiceler/robot.html)"
66.249.67.210 - - [20/Jul/2010:12:15:06 +0200] "GET /robots.txt HTTP/1.1" 404 - "-" "Mozilla/5.0 (compatible; Googlebot/2.1; +http://www.google.com/bot.html)"
66.249.67.210 - - [20/Jul/2010:12:15:06 +0200] "GET /livezilla/livezilla.php HTTP/1.1" 200 89940 "-" "Mozilla/5.0 (compatible; Googlebot/2.1; +http://www.google.com/bot.html)"
67.152.29.130 - - [20/Jul/2010:16:48:23 +0200] "GET /robots.txt HTTP/1.1" 404 - "-" "ShopWiki/1.0 ( +http://www.shopwiki.com/wiki/Help:Bot)"
209.51.162.220 - - [20/Jul/2010:22:23:23 +0200] "GET /robots.txt HTTP/1.1" 404 - "-" "ShopWiki/1.0 ( +http://www.shopwiki.com/wiki/Help:Bot)"
216.129.119.49 - - [21/Jul/2010:02:48:51 +0200] "GET /livezilla/livezilla.php?template=lz_chat_frame.0.2 HTTP/1.1" 200 321 "-" "Mozilla/5.0 (Twiceler-0.9 http://www.cuil.com/twiceler/robot.html)"
209.51.162.220 - - [21/Jul/2010:03:10:22 +0200] "GET /robots.txt HTTP/1.1" 404 - "-" "ShopWiki/1.0 ( +http://www.shopwiki.com/wiki/Help:Bot)"
184.73.85.166 - - [21/Jul/2010:04:34:44 +0200] "GET /livezilla/server.php?request=track&output=jscript&nse=0.12347271073136412 HTTP/1.0" 200 26976 "http://www.f-m-shop.de/seiten/frame_schotte.cfm?kat=HDDNOT18&nav=2&artnr=A___8687" "Mozilla/4.0 (compatible; MSIE 7.0; Windows NT 5.1; .NET CLR 1.1.4322)"
184.73.85.166 - - [21/Jul/2010:04:34:45 +0200] "GET /livezilla/server.php?request=track&start=1279679685601&browid=339196c&url=aHR0cDovL3d3dy5mLW0tc2hvcC5kZS9zZWl0ZW4vZnJhbWVfc2Nob3R0ZS5jZm0,a2F0PUhERE5PVDE4Jm5hdj0yJmFydG5yPUFfX184Njg3&livezilla=a1aa36c&cd=24&rh=768&rw=1024&rf=&tzo=-7&code=&en=&ee=&ec=&dc=RiZNIE9ubGluZSBTaG9wIC8gQ29tcHV0ZXIgdW5kIG1laHI&geo_rid=7 HTTP/1.0" 200 85 "http://www.f-m-shop.de/seiten/frame_schotte.cfm?kat=HDDNOT18&nav=2&artnr=A___8687" "Mozilla/4.0 (compatible; MSIE 7.0; Windows NT 5.1; .NET CLR 1.1.4322)"
184.73.85.166 - - [21/Jul/2010:04:34:48 +0200] "GET /livezilla/templates/style.css?cache=0.23462840857747624 HTTP/1.0" 200 9496 "http://www.f-m-shop.de/seiten/frame_schotte.cfm?kat=HDDNOT18&nav=2&artnr=A___8687" "Mozilla/4.0 (compatible; MSIE 7.0; Windows NT 5.1; .NET CLR 1.1.4322)"
184.73.85.166 - - [21/Jul/2010:04:34:48 +0200] "GET /livezilla/images/chat_bg_field.gif HTTP/1.0" 200 121 "http://chat.f-m-shop.de/livezilla/templates/style.css?cache=0.23462840857747624" "Mozilla/4.0 (compatible; MSIE 7.0; Windows NT 5.1; .NET CLR 1.1.4322)"
184.73.85.166 - - [21/Jul/2010:04:34:48 +0200] "GET /livezilla/images/lz_button_chat.gif HTTP/1.0" 200 1656 "http://chat.f-m-shop.de/livezilla/templates/style.css?cache=0.23462840857747624" "Mozilla/4.0 (compatible; MSIE 7.0; Windows NT 5.1; .NET CLR 1.1.4322)"
184.73.85.166 - - [21/Jul/2010:04:34:48 +0200] "GET /livezilla/images/chat_bg_input.gif HTTP/1.0" 200 63 "http://chat.f-m-shop.de/livezilla/templates/style.css?cache=0.23462840857747624" "Mozilla/4.0 (compatible; MSIE 7.0; Windows NT 5.1; .NET CLR 1.1.4322)"
184.73.85.166 - - [21/Jul/2010:04:34:49 +0200] "GET /livezilla/images/chat_bg_navigation.gif HTTP/1.0" 200 258 "http://chat.f-m-shop.de/livezilla/templates/style.css?cache=0.23462840857747624" "Mozilla/4.0 (compatible; MSIE 7.0; Windows NT 5.1; .NET CLR 1.1.4322)"
184.73.85.166 - - [21/Jul/2010:04:34:49 +0200] "GET /livezilla/images/lz_topbg.gif HTTP/1.0" 200 1539 "http://chat.f-m-shop.de/livezilla/templates/style.css?cache=0.23462840857747624" "Mozilla/4.0 (compatible; MSIE 7.0; Windows NT 5.1; .NET CLR 1.1.4322)"
184.73.85.166 - - [21/Jul/2010:04:34:49 +0200] "GET /livezilla/images/lz_button.gif HTTP/1.0" 200 838 "http://chat.f-m-shop.de/livezilla/templates/style.css?cache=0.23462840857747624" "Mozilla/4.0 (compatible; MSIE 7.0; Windows NT 5.1; .NET CLR 1.1.4322)"
184.73.85.166 - - [21/Jul/2010:04:34:49 +0200] "GET /livezilla/images/chat_bg_footer.gif HTTP/1.0" 200 194 "http://chat.f-m-shop.de/livezilla/templates/style.css?cache=0.23462840857747624" "Mozilla/4.0 (compatible; MSIE 7.0; Windows NT 5.1; .NET CLR 1.1.4322)"
184.73.85.166 - - [21/Jul/2010:04:34:49 +0200] "GET /livezilla/images/lz_button_wide.gif HTTP/1.0" 200 905 "http://chat.f-m-shop.de/livezilla/templates/style.css?cache=0.23462840857747624" "Mozilla/4.0 (compatible; MSIE 7.0; Windows NT 5.1; .NET CLR 1.1.4322)"
184.73.85.166 - - [21/Jul/2010:04:34:49 +0200] "GET /livezilla/images/lz_button_extra.gif HTTP/1.0" 200 948 "http://chat.f-m-shop.de/livezilla/templates/style.css?cache=0.23462840857747624" "Mozilla/4.0 (compatible; MSIE 7.0; Windows NT 5.1; .NET CLR 1.1.4322)"
184.73.85.166 - - [21/Jul/2010:04:34:49 +0200] "GET /livezilla/images/chat_bg_navigation_sub.gif HTTP/1.0" 200 76 "http://chat.f-m-shop.de/livezilla/templates/style.css?cache=0.23462840857747624" "Mozilla/4.0 (compatible; MSIE 7.0; Windows NT 5.1; .NET CLR 1.1.4322)"
184.73.85.166 - - [21/Jul/2010:04:34:50 +0200] "GET /livezilla/images/chat_bg_ddown.gif HTTP/1.0" 200 52 "http://chat.f-m-shop.de/livezilla/templates/style.css?cache=0.23462840857747624" "Mozilla/4.0 (compatible; MSIE 7.0; Windows NT 5.1; .NET CLR 1.1.4322)"
184.73.85.166 - - [21/Jul/2010:04:34:50 +0200] "GET /livezilla/images/chat_bg_footer_top.gif HTTP/1.0" 200 858 "http://chat.f-m-shop.de/livezilla/templates/style.css?cache=0.23462840857747624" "Mozilla/4.0 (compatible; MSIE 7.0; Windows NT 5.1; .NET CLR 1.1.4322)"
67.195.115.244 - - [21/Jul/2010:04:59:24 +0200] "GET /robots.txt HTTP/1.0" 404 - "-" "Mozilla/5.0 (compatible; Yahoo! Slurp; http://help.yahoo.com/help/us/ysearch/slurp)"
67.195.115.244 - - [21/Jul/2010:04:59:25 +0200] "GET /livezilla/livezilla.php HTTP/1.0" 200 89940 "-" "Mozilla/5.0 (compatible; Yahoo! Slurp/3.0; http://help.yahoo.com/help/us/ysearch/slurp)"
67.195.115.244 - - [21/Jul/2010:04:59:29 +0200] "GET /livezilla/templates/nojava.html HTTP/1.0" 200 1088 "-" "Mozilla/5.0 (compatible; Yahoo! Slurp/3.0; http://help.yahoo.com/help/us/ysearch/slurp)"
208.80.193.40 - - [21/Jul/2010:07:31:12 +0200] "GET / HTTP/1.0" 404 - "-" "Mozilla/4.0 (compatible; MSIE 7.0; Windows NT 5.1; {13F19C04-8B5E-404A-BB50-48F1ACB3FB1A}; .NET CLR 1.0.3705; .NET CLR 1.1.4322; .NET CLR 2.0.50727)"
209.51.162.220 - - [21/Jul/2010:11:15:47 +0200] "GET /robots.txt HTTP/1.1" 404 - "-" "ShopWiki/1.0 ( +http://www.shopwiki.com/wiki/Help:Bot)"
216.129.119.49 - - [21/Jul/2010:11:51:01 +0200] "GET /robots.txt HTTP/1.1" 404 - "-" "Mozilla/5.0 (Twiceler-0.9 http://www.cuil.com/twiceler/robot.html)"
216.129.119.49 - - [21/Jul/2010:14:34:00 +0200] "GET /livezilla/livezilla.php?template=lz_chat_frame.0.1 HTTP/1.1" 200 343 "-" "Mozilla/5.0 (Twiceler-0.9 http://www.cuil.com/twiceler/robot.html)"
209.51.162.220 - - [21/Jul/2010:15:07:10 +0200] "GET /robots.txt HTTP/1.1" 404 - "-" "ShopWiki/1.0 ( +http://www.shopwiki.com/wiki/Help:Bot)"
8.11.2.10 - - [21/Jul/2010:19:49:06 +0200] "GET /robots.txt HTTP/1.1" 404 - "-" "ShopWiki/1.0 ( +http://www.shopwiki.com/wiki/Help:Bot)"
66.249.65.51 - - [21/Jul/2010:20:25:05 +0200] "GET /robots.txt HTTP/1.1" 404 - "-" "Mozilla/5.0 (compatible; Googlebot/2.1; +http://www.google.com/bot.html)"
66.249.65.51 - - [21/Jul/2010:20:25:05 +0200] "GET /livezilla/server.php?request=track&output=jscript&nse= HTTP/1.1" 200 26976 "-" "Mozilla/5.0 (compatible; Googlebot/2.1; +http://www.google.com/bot.html)"
67.152.29.130 - - [21/Jul/2010:23:33:58 +0200] "GET /robots.txt HTTP/1.1" 404 - "-" "ShopWiki/1.0 ( +http://www.shopwiki.com/wiki/Help:Bot)"
209.51.162.219 - - [22/Jul/2010:04:44:08 +0200] "GET /robots.txt HTTP/1.1" 404 - "-" "ShopWiki/1.0 ( +http://www.shopwiki.com/wiki/Help:Bot)"
207.46.13.142 - - [22/Jul/2010:09:03:56 +0200] "GET /robots.txt HTTP/1.1" 404 - "-" "msnbot/2.0b (+http://search.msn.com/msnbot.htm)"
207.46.13.142 - - [22/Jul/2010:09:04:51 +0200] "GET /livezilla/livezilla.php?template=lz_chat_frame.3.2.login& HTTP/1.1" 200 1105 "-" "msnbot/2.0b (+http://search.msn.com/msnbot.htm)"
207.46.13.142 - - [22/Jul/2010:09:04:51 +0200] "GET /livezilla/livezilla.php HTTP/1.1" 200 89940 "-" "msnbot/2.0b (+http://search.msn.com/msnbot.htm)"
67.152.29.130 - - [22/Jul/2010:11:36:09 +0200] "GET /robots.txt HTTP/1.1" 404 - "-" "ShopWiki/1.0 ( +http://www.shopwiki.com/wiki/Help:Bot)"
216.129.119.49 - - [22/Jul/2010:11:54:27 +0200] "GET /robots.txt HTTP/1.1" 404 - "-" "Mozilla/5.0 (Twiceler-0.9 http://www.cuil.com/twiceler/robot.html)"
207.46.13.86 - - [22/Jul/2010:11:56:29 +0200] "GET /robots.txt HTTP/1.1" 404 - "-" "msnbot/2.0b (+http://search.msn.com/msnbot.htm)"
207.46.13.86 - - [22/Jul/2010:11:58:22 +0200] "GET /livezilla/livezilla.php?template=lz_chat_frame.3.2.login& HTTP/1.1" 200 1105 "-" "msnbot/2.0b (+http://search.msn.com/msnbot.htm)"
207.46.13.86 - - [22/Jul/2010:11:58:22 +0200] "GET /livezilla/livezilla.php HTTP/1.1" 200 89940 "-" "msnbot/2.0b (+http://search.msn.com/msnbot.htm)"
209.51.162.219 - - [22/Jul/2010:14:51:56 +0200] "GET /robots.txt HTTP/1.1" 404 - "-" "ShopWiki/1.0 ( +http://www.shopwiki.com/wiki/Help:Bot)"
67.195.115.244 - - [22/Jul/2010:15:07:58 +0200] "GET /robots.txt HTTP/1.0" 404 - "-" "Mozilla/5.0 (compatible; Yahoo! Slurp; http://help.yahoo.com/help/us/ysearch/slurp)"
67.195.115.244 - - [22/Jul/2010:15:07:59 +0200] "GET /livezilla/templates/nojava.html HTTP/1.0" 304 - "-" "Mozilla/5.0 (compatible; Yahoo! Slurp/3.0; http://help.yahoo.com/help/us/ysearch/slurp)"
67.195.115.244 - - [22/Jul/2010:16:05:40 +0200] "GET / HTTP/1.0" 404 - "-" "Mozilla/5.0 (compatible; Yahoo! Slurp/3.0; http://help.yahoo.com/help/us/ysearch/slurp)"
208.80.193.38 - - [22/Jul/2010:17:01:37 +0200] "GET / HTTP/1.0" 404 - "-" "Mozilla/4.0 (compatible; MSIE 6.0; Windows NT 5.1; SV1; .NET CLR 1.1.4322; ZangoToolbar 4.8.2; SpamBlockerUtility 4.8.4; yplus 5.1.02b)"
66.249.65.60 - - [22/Jul/2010:18:07:54 +0200] "GET /robots.txt HTTP/1.1" 404 - "-" "Mozilla/5.0 (compatible; Googlebot/2.1; +http://www.google.com/bot.html)"
66.249.65.60 - - [22/Jul/2010:18:07:54 +0200] "GET /livezilla/livezilla.php HTTP/1.1" 200 89940 "-" "Mozilla/5.0 (compatible; Googlebot/2.1; +http://www.google.com/bot.html)"
67.152.29.130 - - [22/Jul/2010:21:04:12 +0200] "GET /robots.txt HTTP/1.1" 404 - "-" "ShopWiki/1.0 ( +http://www.shopwiki.com/wiki/Help:Bot)"
209.51.162.220 - - [23/Jul/2010:01:45:58 +0200] "GET /robots.txt HTTP/1.1" 404 - "-" "ShopWiki/1.0 ( +http://www.shopwiki.com/wiki/Help:Bot)"
216.129.119.49 - - [23/Jul/2010:03:34:50 +0200] "GET /livezilla/livezilla.php?template=lz_chat_frame.1.1 HTTP/1.1" 200 2385 "-" "Mozilla/5.0 (Twiceler-0.9 http://www.cuil.com/twiceler/robot.html)"
67.152.29.130 - - [23/Jul/2010:08:23:02 +0200] "GET /robots.txt HTTP/1.1" 404 - "-" "ShopWiki/1.0 ( +http://www.shopwiki.com/wiki/Help:Bot)"
216.129.119.49 - - [23/Jul/2010:11:51:34 +0200] "GET /robots.txt HTTP/1.1" 404 - "-" "Mozilla/5.0 (Twiceler-0.9 http://www.cuil.com/twiceler/robot.html)"
8.11.2.9 - - [23/Jul/2010:12:54:34 +0200] "GET /robots.txt HTTP/1.1" 404 - "-" "ShopWiki/1.0 ( +http://www.shopwiki.com/wiki/Help:Bot)"
8.11.2.9 - - [23/Jul/2010:16:11:57 +0200] "GET /robots.txt HTTP/1.1" 404 - "-" "ShopWiki/1.0 ( +http://www.shopwiki.com/wiki/Help:Bot)"
216.129.119.49 - - [23/Jul/2010:16:24:25 +0200] "GET /livezilla/livezilla.php?template=lz_chat_frame.5.1 HTTP/1.1" 200 345 "-" "Mozilla/5.0 (Twiceler-0.9 http://www.cuil.com/twiceler/robot.html)"
208.80.193.34 - - [24/Jul/2010:01:28:42 +0200] "GET / HTTP/1.0" 404 - "-" "Mozilla/4.0 (compatible; MSIE 6.0; Windows NT 5.1; SV1; SIMBAR Enabled; SIMBAR={CAB64A13-6865-4c94-A61A-3CA42AC65E5E}; SIMBAR=0; .NET CLR 1.1.4322)"
67.152.29.130 - - [24/Jul/2010:09:03:03 +0200] "GET /robots.txt HTTP/1.1" 404 - "-" "ShopWiki/1.0 ( +http://www.shopwiki.com/wiki/Help:Bot)"
216.129.119.49 - - [24/Jul/2010:11:51:56 +0200] "GET /robots.txt HTTP/1.1" 404 - "-" "Mozilla/5.0 (Twiceler-0.9 http://www.cuil.com/twiceler/robot.html)"
95.108.158.134 - - [24/Jul/2010:19:49:03 +0200] "GET /robots.txt HTTP/1.1" 404 - "-" "Mozilla/5.0 (compatible; YandexBot/3.0; +http://yandex.com/bots)"
207.46.13.86 - - [25/Jul/2010:01:10:10 +0200] "GET /robots.txt HTTP/1.1" 404 - "-" "msnbot/2.0b (+http://search.msn.com/msnbot.htm)"
207.46.13.86 - - [25/Jul/2010:01:18:56 +0200] "GET /livezilla/livezilla.php?template=lz_chat_frame.3.2.login.1.0& HTTP/1.1" 200 3689 "-" "msnbot/2.0b (+http://search.msn.com/msnbot.htm)"
207.46.13.86 - - [25/Jul/2010:01:18:56 +0200] "GET /livezilla/livezilla.php HTTP/1.1" 200 89940 "-" "msnbot/2.0b (+http://search.msn.com/msnbot.htm)"
208.80.193.121 - - [25/Jul/2010:12:24:10 +0200] "GET / HTTP/1.0" 404 - "-" "Mozilla/4.0 (compatible; MSIE 6.0; America Online Browser 1.1; rev1.2; Windows NT 5.1; SV1; FunWebProducts; iebar; acc=ownsya; .NET CLR 1.1.4322; .NET CLR 2.0.50727)"
95.108.158.134 - - [25/Jul/2010:17:10:41 +0200] "GET / HTTP/1.1" 404 - "-" "Mozilla/5.0 (compatible; YandexBot/3.0; +http://yandex.com/bots)"
209.51.162.219 - - [25/Jul/2010:21:20:12 +0200] "GET /robots.txt HTTP/1.1" 404 - "-" "ShopWiki/1.0 ( +http://www.shopwiki.com/wiki/Help:Bot)"
207.46.199.40 - - [26/Jul/2010:11:59:35 +0200] "GET /robots.txt HTTP/1.1" 404 - "-" "msnbot/2.0b (+http://search.msn.com/msnbot.htm)"
207.46.199.40 - - [26/Jul/2010:12:04:57 +0200] "GET /livezilla/livezilla.php?template=lz_chat_frame.3.2.login.1.0& HTTP/1.1" 200 3689 "-" "msnbot/2.0b (+http://search.msn.com/msnbot.htm)"
207.46.199.40 - - [26/Jul/2010:12:04:57 +0200] "GET /livezilla/livezilla.php HTTP/1.1" 200 89940 "-" "msnbot/2.0b (+http://search.msn.com/msnbot.htm)"
67.152.29.130 - - [26/Jul/2010:14:06:16 +0200] "GET /robots.txt HTTP/1.1" 404 - "-" "ShopWiki/1.0 ( +http://www.shopwiki.com/wiki/Help:Bot)"
209.51.162.220 - - [26/Jul/2010:17:25:41 +0200] "GET /robots.txt HTTP/1.1" 404 - "-" "ShopWiki/1.0 ( +http://www.shopwiki.com/wiki/Help:Bot)"
208.80.193.121 - - [26/Jul/2010:21:58:28 +0200] "GET / HTTP/1.0" 404 - "-" "Mozilla/4.0 (compatible; MSIE 6.0; AOL 9.0; Windows NT 5.1; SV1; YPC 3.2.0; .NET CLR 1.1.4322)"
209.51.162.219 - - [26/Jul/2010:22:26:52 +0200] "GET /robots.txt HTTP/1.1" 404 - "-" "ShopWiki/1.0 ( +http://www.shopwiki.com/wiki/Help:Bot)"
66.249.65.44 - - [27/Jul/2010:15:56:00 +0200] "GET /robots.txt HTTP/1.1" 404 - "-" "Mozilla/5.0 (compatible; Googlebot/2.1; +http://www.google.com/bot.html)"
66.249.65.44 - - [27/Jul/2010:15:56:00 +0200] "GET /livezilla/livezilla.php?template=lz_chat_frame.0.2 HTTP/1.1" 200 321 "-" "Mozilla/5.0 (compatible; Googlebot/2.1; +http://www.google.com/bot.html)"
67.152.29.130 - - [27/Jul/2010:20:54:57 +0200] "GET /robots.txt HTTP/1.1" 404 - "-" "ShopWiki/1.0 ( +http://www.shopwiki.com/wiki/Help:Bot)"
67.152.29.130 - - [28/Jul/2010:01:54:45 +0200] "GET /robots.txt HTTP/1.1" 404 - "-" "ShopWiki/1.0 ( +http://www.shopwiki.com/wiki/Help:Bot)"
65.55.3.206 - - [28/Jul/2010:03:44:11 +0200] "GET /robots.txt HTTP/1.1" 404 - "-" "msnbot/2.0b (+http://search.msn.com/msnbot.htm)._"
65.55.3.206 - - [28/Jul/2010:03:44:11 +0200] "GET / HTTP/1.1" 404 - "-" "msnbot/2.0b (+http://search.msn.com/msnbot.htm)._"
216.129.119.49 - - [28/Jul/2010:05:56:33 +0200] "GET /livezilla/livezilla.php?template=lz_chat_frame.3.2.login.2.0 HTTP/1.1" 200 361 "-" "Mozilla/5.0 (Twiceler-0.9 http://www.cuil.com/twiceler/robot.html)"
208.80.193.29 - - [28/Jul/2010:06:42:48 +0200] "GET / HTTP/1.0" 404 - "-" "Mozilla/4.0 (compatible; MSIE 6.0; Windows NT 5.1; SV1; CDSource=v3.12a.00; InfoPath.1)"
65.55.3.206 - - [28/Jul/2010:08:52:38 +0200] "GET / HTTP/1.1" 404 - "-" "msnbot/2.0b (+http://search.msn.com/msnbot.htm)._"
216.129.119.49 - - [28/Jul/2010:11:50:01 +0200] "GET /robots.txt HTTP/1.1" 404 - "-" "Mozilla/5.0 (Twiceler-0.9 http://www.cuil.com/twiceler/robot.html)"
67.152.29.130 - - [28/Jul/2010:15:07:42 +0200] "GET /robots.txt HTTP/1.1" 404 - "-" "ShopWiki/1.0 ( +http://www.shopwiki.com/wiki/Help:Bot)"
66.249.65.41 - - [28/Jul/2010:17:11:28 +0200] "GET /robots.txt HTTP/1.1" 404 - "-" "Mozilla/5.0 (compatible; Googlebot/2.1; +http://www.google.com/bot.html)"
66.249.65.41 - - [28/Jul/2010:17:11:28 +0200] "GET /livezilla/livezilla.php?template=lz_chat_frame.1.0 HTTP/1.1" 200 344 "-" "Mozilla/5.0 (compatible; Googlebot/2.1; +http://www.google.com/bot.html)"
8.11.2.10 - - [28/Jul/2010:20:52:56 +0200] "GET /robots.txt HTTP/1.1" 404 - "-" "ShopWiki/1.0 ( +http://www.shopwiki.com/wiki/Help:Bot)"
216.129.119.49 - - [29/Jul/2010:09:02:04 +0200] "GET /livezilla/livezilla.php?template=lz_chat_frame.3.3 HTTP/1.1" 200 321 "-" "Mozilla/5.0 (Twiceler-0.9 http://www.cuil.com/twiceler/robot.html)"
216.129.119.49 - - [29/Jul/2010:11:52:15 +0200] "GET /robots.txt HTTP/1.1" 404 - "-" "Mozilla/5.0 (Twiceler-0.9 http://www.cuil.com/twiceler/robot.html)"
66.249.65.24 - - [29/Jul/2010:12:15:18 +0200] "GET /robots.txt HTTP/1.1" 404 - "-" "Mozilla/5.0 (compatible; Googlebot/2.1; +http://www.google.com/bot.html)"
66.249.65.24 - - [29/Jul/2010:12:15:18 +0200] "GET /livezilla/livezilla.php?template=lz_chat_frame.3.2.login.2.0 HTTP/1.1" 200 361 "-" "Mozilla/5.0 (compatible; Googlebot/2.1; +http://www.google.com/bot.html)"
216.129.119.49 - - [29/Jul/2010:13:07:03 +0200] "GET /livezilla/templates/nojava.html HTTP/1.1" 200 1088 "-" "Mozilla/5.0 (Twiceler-0.9 http://www.cuil.com/twiceler/robot.html)"
209.51.162.220 - - [29/Jul/2010:14:25:52 +0200] "GET /robots.txt HTTP/1.1" 404 - "-" "ShopWiki/1.0 ( +http://www.shopwiki.com/wiki/Help:Bot)"
208.80.194.39 - - [29/Jul/2010:14:32:30 +0200] "GET / HTTP/1.0" 404 - "-" "Mozilla/4.0 (compatible; MSIE 7.0; Windows NT 5.1; Ringo)"
67.195.115.244 - - [29/Jul/2010:15:34:42 +0200] "GET /robots.txt HTTP/1.0" 404 - "-" "Mozilla/5.0 (compatible; Yahoo! Slurp; http://help.yahoo.com/help/us/ysearch/slurp)"
67.195.115.244 - - [29/Jul/2010:15:34:42 +0200] "GET /livezilla/livezilla.php HTTP/1.0" 200 89940 "-" "Mozilla/5.0 (compatible; Yahoo! Slurp/3.0; http://help.yahoo.com/help/us/ysearch/slurp)"
67.195.115.244 - - [29/Jul/2010:15:34:45 +0200] "GET /livezilla/templates/nojava.html HTTP/1.0" 200 1088 "-" "Mozilla/5.0 (compatible; Yahoo! Slurp/3.0; http://help.yahoo.com/help/us/ysearch/slurp)"
66.249.65.178 - - [30/Jul/2010:02:42:37 +0200] "GET /robots.txt HTTP/1.1" 404 - "-" "Mozilla/5.0 (compatible; Googlebot/2.1; +http://www.google.com/bot.html)"
66.249.65.178 - - [30/Jul/2010:02:42:37 +0200] "GET /livezilla/livezilla.php?template=lz_chat_frame.0.2 HTTP/1.1" 200 321 "-" "Mozilla/5.0 (compatible; Googlebot/2.1; +http://www.google.com/bot.html)"
207.46.204.182 - - [30/Jul/2010:08:35:58 +0200] "GET /robots.txt HTTP/1.1" 404 - "-" "msnbot/2.0b (+http://search.msn.com/msnbot.htm)"
207.46.204.182 - - [30/Jul/2010:08:46:22 +0200] "GET /livezilla/livezilla.php?template=lz_chat_frame.3.2.login& HTTP/1.1" 200 1105 "-" "msnbot/2.0b (+http://search.msn.com/msnbot.htm)"
207.46.204.182 - - [30/Jul/2010:08:46:22 +0200] "GET /livezilla/livezilla.php HTTP/1.1" 200 89940 "-" "msnbot/2.0b (+http://search.msn.com/msnbot.htm)"
88.66.156.123 - - [30/Jul/2010:09:34:20 +0200] "GET /livezilla/image.php?id=04 HTTP/1.1" 404 - "http://127.0.0.1:4664/preview?event_id=88099&schema_id=2&q=chat&s=000000000000000000000000000" "Mozilla/4.0 (compatible; MSIE 8.0; Windows NT 5.1; Trident/4.0; GTB6.5; .NET CLR 1.1.4322; .NET CLR 2.0.50727; .NET CLR 3.0.04506.30; .NET CLR 3.0.04506.648; .NET CLR 3.0.4506.2152; .NET CLR 3.5.30729)"
216.129.119.49 - - [30/Jul/2010:11:52:23 +0200] "GET /robots.txt HTTP/1.1" 404 - "-" "Mozilla/5.0 (Twiceler-0.9 http://www.cuil.com/twiceler/robot.html)"
207.46.204.239 - - [30/Jul/2010:15:33:28 +0200] "GET /robots.txt HTTP/1.1" 404 - "-" "msnbot/2.0b (+http://search.msn.com/msnbot.htm)"
207.46.204.239 - - [30/Jul/2010:16:10:00 +0200] "GET /livezilla/livezilla.php?template=lz_chat_frame.3.2.login& HTTP/1.1" 200 1105 "-" "msnbot/2.0b (+http://search.msn.com/msnbot.htm)"
207.46.204.239 - - [30/Jul/2010:16:10:00 +0200] "GET /livezilla/livezilla.php HTTP/1.1" 200 89940 "-" "msnbot/2.0b (+http://search.msn.com/msnbot.htm)"
209.51.162.219 - - [30/Jul/2010:18:03:31 +0200] "GET /robots.txt HTTP/1.1" 404 - "-" "ShopWiki/1.0 ( +http://www.shopwiki.com/wiki/Help:Bot)"
216.129.119.49 - - [30/Jul/2010:18:48:38 +0200] "GET /livezilla/livezilla.php?template=lz_chat_frame.3.2.login.1.0 HTTP/1.1" 200 3689 "-" "Mozilla/5.0 (Twiceler-0.9 http://www.cuil.com/twiceler/robot.html)"
65.55.3.206 - - [30/Jul/2010:19:48:47 +0200] "GET /robots.txt HTTP/1.1" 404 - "-" "msnbot/2.0b (+http://search.msn.com/msnbot.htm)._"
65.55.3.206 - - [30/Jul/2010:19:48:47 +0200] "GET / HTTP/1.1" 404 - "-" "msnbot/2.0b (+http://search.msn.com/msnbot.htm)._"
207.46.13.98 - - [30/Jul/2010:22:39:57 +0200] "GET /robots.txt HTTP/1.1" 404 - "-" "msnbot/2.0b (+http://search.msn.com/msnbot.htm)"
208.80.194.29 - - [30/Jul/2010:22:46:30 +0200] "GET / HTTP/1.0" 404 - "-" "Mozilla/4.0 (compatible; MSIE 6.0; Windows NT 5.1; SV1; MathPlayer 2.0; .NET CLR 1.1.4322; InfoPath.2)"
207.46.13.98 - - [30/Jul/2010:22:59:25 +0200] "GET /livezilla/livezilla.php?template=lz_chat_frame.3.2.login.1.0& HTTP/1.1" 200 3689 "-" "msnbot/2.0b (+http://search.msn.com/msnbot.htm)"
207.46.13.98 - - [30/Jul/2010:22:59:25 +0200] "GET /livezilla/livezilla.php HTTP/1.1" 200 89940 "-" "msnbot/2.0b (+http://search.msn.com/msnbot.htm)"
66.249.71.233 - - [31/Jul/2010:05:59:39 +0200] "GET /robots.txt HTTP/1.1" 404 - "-" "Mozilla/5.0 (compatible; Googlebot/2.1; +http://www.google.com/bot.html)"
66.249.71.233 - - [31/Jul/2010:05:59:39 +0200] "GET /livezilla/livezilla.php?template=lz_chat_frame.1.0 HTTP/1.1" 200 344 "-" "Mozilla/5.0 (compatible; Googlebot/2.1; +http://www.google.com/bot.html)"
95.108.158.134 - - [31/Jul/2010:20:15:10 +0200] "GET /robots.txt HTTP/1.1" 404 - "-" "Mozilla/5.0 (compatible; YandexBot/3.0; +http://yandex.com/bots)"
66.249.65.200 - - [31/Jul/2010:21:48:55 +0200] "GET /robots.txt HTTP/1.1" 404 - "-" "Mozilla/5.0 (compatible; Googlebot/2.1; +http://www.google.com/bot.html)"
