209.17.186.226 - - [01/Jul/2010:07:48:00 +0200] "GET /admin/ HTTP/1.1" 404 - "-" "Mozilla/4.0 (compatible; MSIE 7.0; Windows NT 6.0)"
65.52.104.36 - - [01/Jul/2010:12:44:35 +0200] "GET /livezilla/livezilla.php HTTP/1.1" 200 89938 "-" "Mozilla/4.0 (compatible; MSIE 7.0; Windows NT 5.2; SV1; .NET CLR 1.1.4325; .NET CLR 2.0.50727; .NET CLR 3.0.04506.648)"
65.52.104.36 - - [01/Jul/2010:12:44:44 +0200] "GET /livezilla/templates/style.css HTTP/1.1" 200 9496 "http://chat.f-m-shop.de/livezilla/livezilla.php" "Mozilla/4.0 (compatible; MSIE 7.0; Windows NT 5.2; SV1; .NET CLR 1.1.4325; .NET CLR 2.0.50727; .NET CLR 3.0.04506.648)"
65.52.104.36 - - [01/Jul/2010:12:44:54 +0200] "GET /livezilla/livezilla.php?template=lz_chat_frame.0.0 HTTP/1.1" 200 338 "http://chat.f-m-shop.de/livezilla/livezilla.php" "Mozilla/4.0 (compatible; MSIE 7.0; Windows NT 5.2; SV1; .NET CLR 1.1.4325; .NET CLR 2.0.50727; .NET CLR 3.0.04506.648)"
65.52.104.36 - - [01/Jul/2010:12:44:56 +0200] "GET /livezilla/livezilla.php?template=lz_chat_frame.0.2 HTTP/1.1" 200 321 "http://chat.f-m-shop.de/livezilla/livezilla.php" "Mozilla/4.0 (compatible; MSIE 7.0; Windows NT 5.2; SV1; .NET CLR 1.1.4325; .NET CLR 2.0.50727; .NET CLR 3.0.04506.648)"
65.52.104.36 - - [01/Jul/2010:12:44:59 +0200] "GET /livezilla/livezilla.php?template=lz_chat_frame.0.1 HTTP/1.1" 200 343 "http://chat.f-m-shop.de/livezilla/livezilla.php" "Mozilla/4.0 (compatible; MSIE 7.0; Windows NT 5.2; SV1; .NET CLR 1.1.4325; .NET CLR 2.0.50727; .NET CLR 3.0.04506.648)"
65.52.104.36 - - [01/Jul/2010:12:44:59 +0200] "GET /livezilla/livezilla.php?template=lz_chat_frame.1.0 HTTP/1.1" 200 344 "http://chat.f-m-shop.de/livezilla/livezilla.php" "Mozilla/4.0 (compatible; MSIE 7.0; Windows NT 5.2; SV1; .NET CLR 1.1.4325; .NET CLR 2.0.50727; .NET CLR 3.0.04506.648)"
65.52.104.36 - - [01/Jul/2010:12:44:59 +0200] "GET /livezilla/livezilla.php?template=lz_chat_frame.2.0 HTTP/1.1" 200 344 "http://chat.f-m-shop.de/livezilla/livezilla.php" "Mozilla/4.0 (compatible; MSIE 7.0; Windows NT 5.2; SV1; .NET CLR 1.1.4325; .NET CLR 2.0.50727; .NET CLR 3.0.04506.648)"
65.52.104.36 - - [01/Jul/2010:12:44:59 +0200] "GET /livezilla/livezilla.php?template=lz_chat_frame.1.1& HTTP/1.1" 200 2385 "http://chat.f-m-shop.de/livezilla/livezilla.php" "Mozilla/4.0 (compatible; MSIE 7.0; Windows NT 5.2; SV1; .NET CLR 1.1.4325; .NET CLR 2.0.50727; .NET CLR 3.0.04506.648)"
65.52.104.36 - - [01/Jul/2010:12:45:01 +0200] "GET /livezilla/livezilla.php?template=lz_chat_frame.3.2.login& HTTP/1.1" 200 1105 "http://chat.f-m-shop.de/livezilla/livezilla.php" "Mozilla/4.0 (compatible; MSIE 7.0; Windows NT 5.2; SV1; .NET CLR 1.1.4325; .NET CLR 2.0.50727; .NET CLR 3.0.04506.648)"
65.52.104.36 - - [01/Jul/2010:12:45:01 +0200] "GET /livezilla/livezilla.php?template=lz_chat_frame.1.2 HTTP/1.1" 200 345 "http://chat.f-m-shop.de/livezilla/livezilla.php" "Mozilla/4.0 (compatible; MSIE 7.0; Windows NT 5.2; SV1; .NET CLR 1.1.4325; .NET CLR 2.0.50727; .NET CLR 3.0.04506.648)"
65.52.104.36 - - [01/Jul/2010:12:45:01 +0200] "GET /livezilla/livezilla.php?template=lz_chat_frame.4.1 HTTP/1.1" 200 578 "http://chat.f-m-shop.de/livezilla/livezilla.php" "Mozilla/4.0 (compatible; MSIE 7.0; Windows NT 5.2; SV1; .NET CLR 1.1.4325; .NET CLR 2.0.50727; .NET CLR 3.0.04506.648)"
65.52.104.36 - - [01/Jul/2010:12:45:03 +0200] "GET /livezilla/livezilla.php?template=lz_chat_frame.3.0 HTTP/1.1" 200 321 "http://chat.f-m-shop.de/livezilla/livezilla.php" "Mozilla/4.0 (compatible; MSIE 7.0; Windows NT 5.2; SV1; .NET CLR 1.1.4325; .NET CLR 2.0.50727; .NET CLR 3.0.04506.648)"
65.52.104.36 - - [01/Jul/2010:12:45:03 +0200] "GET /livezilla/livezilla.php?template=lz_chat_frame.2.2 HTTP/1.1" 200 345 "http://chat.f-m-shop.de/livezilla/livezilla.php" "Mozilla/4.0 (compatible; MSIE 7.0; Windows NT 5.2; SV1; .NET CLR 1.1.4325; .NET CLR 2.0.50727; .NET CLR 3.0.04506.648)"
65.52.104.36 - - [01/Jul/2010:12:45:04 +0200] "GET /livezilla/livezilla.php?template=lz_chat_frame.5.1 HTTP/1.1" 200 345 "http://chat.f-m-shop.de/livezilla/livezilla.php" "Mozilla/4.0 (compatible; MSIE 7.0; Windows NT 5.2; SV1; .NET CLR 1.1.4325; .NET CLR 2.0.50727; .NET CLR 3.0.04506.648)"
65.52.104.36 - - [01/Jul/2010:12:45:05 +0200] "GET /livezilla/livezilla.php?template=lz_chat_frame.3.2.login.0.0 HTTP/1.1" 200 1384 "http://chat.f-m-shop.de/livezilla/livezilla.php?template=lz_chat_frame.3.2.login&" "Mozilla/4.0 (compatible; MSIE 7.0; Windows NT 5.2; SV1; .NET CLR 1.1.4325; .NET CLR 2.0.50727; .NET CLR 3.0.04506.648)"
65.52.104.36 - - [01/Jul/2010:12:45:05 +0200] "GET /livezilla/livezilla.php?template=lz_chat_frame.3.3 HTTP/1.1" 200 321 "http://chat.f-m-shop.de/livezilla/livezilla.php" "Mozilla/4.0 (compatible; MSIE 7.0; Windows NT 5.2; SV1; .NET CLR 1.1.4325; .NET CLR 2.0.50727; .NET CLR 3.0.04506.648)"
65.52.104.36 - - [01/Jul/2010:12:45:08 +0200] "GET /livezilla/livezilla.php?template=lz_chat_frame.3.2.login.2.0 HTTP/1.1" 200 361 "http://chat.f-m-shop.de/livezilla/livezilla.php?template=lz_chat_frame.3.2.login&" "Mozilla/4.0 (compatible; MSIE 7.0; Windows NT 5.2; SV1; .NET CLR 1.1.4325; .NET CLR 2.0.50727; .NET CLR 3.0.04506.648)"
65.52.104.36 - - [01/Jul/2010:12:45:08 +0200] "GET /livezilla/livezilla.php?template=lz_chat_frame.3.2.login.1.0& HTTP/1.1" 200 3689 "http://chat.f-m-shop.de/livezilla/livezilla.php?template=lz_chat_frame.3.2.login&" "Mozilla/4.0 (compatible; MSIE 7.0; Windows NT 5.2; SV1; .NET CLR 1.1.4325; .NET CLR 2.0.50727; .NET CLR 3.0.04506.648)"
65.52.104.36 - - [01/Jul/2010:12:45:10 +0200] "GET /livezilla/templates/style.css HTTP/1.1" 304 - "http://chat.f-m-shop.de/livezilla/livezilla.php?template=lz_chat_frame.3.3" "Mozilla/4.0 (compatible; MSIE 7.0; Windows NT 5.2; SV1; .NET CLR 1.1.4325; .NET CLR 2.0.50727; .NET CLR 3.0.04506.648)"
8.11.2.10 - - [01/Jul/2010:14:37:54 +0200] "GET /robots.txt HTTP/1.1" 404 - "-" "ShopWiki/1.0 ( +http://www.shopwiki.com/wiki/Help:Bot)"
216.129.119.49 - - [01/Jul/2010:16:20:22 +0200] "GET /robots.txt HTTP/1.1" 404 - "-" "Mozilla/5.0 (Twiceler-0.9 http://www.cuil.com/twiceler/robot.html)"
208.80.193.38 - - [01/Jul/2010:18:41:39 +0200] "GET / HTTP/1.0" 404 - "-" "Mozilla/4.0 (compatible; MSIE 6.0; Windows NT 5.1; Q312461; Roadrunner; FunWebProducts; SV1)"
209.51.162.219 - - [01/Jul/2010:19:46:09 +0200] "GET /robots.txt HTTP/1.1" 404 - "-" "ShopWiki/1.0 ( +http://www.shopwiki.com/wiki/Help:Bot)"
87.64.46.203 - - [01/Jul/2010:21:52:06 +0200] "GET / HTTP/1.1" 404 - "-" "Java/1.6.0_17"
8.11.2.9 - - [02/Jul/2010:00:12:58 +0200] "GET /robots.txt HTTP/1.1" 404 - "-" "ShopWiki/1.0 ( +http://www.shopwiki.com/wiki/Help:Bot)"
67.152.29.130 - - [02/Jul/2010:05:06:45 +0200] "GET /robots.txt HTTP/1.1" 404 - "-" "ShopWiki/1.0 ( +http://www.shopwiki.com/wiki/Help:Bot)"
207.46.13.134 - - [02/Jul/2010:06:06:18 +0200] "GET /robots.txt HTTP/1.1" 404 - "-" "msnbot/2.0b (+http://search.msn.com/msnbot.htm)"
207.46.13.134 - - [02/Jul/2010:06:06:52 +0200] "GET /livezilla/livezilla.php?template=lz_chat_frame.3.2.login.1.0& HTTP/1.1" 200 3689 "-" "msnbot/2.0b (+http://search.msn.com/msnbot.htm)"
207.46.13.134 - - [02/Jul/2010:06:06:52 +0200] "GET /livezilla/livezilla.php HTTP/1.1" 200 89940 "-" "msnbot/2.0b (+http://search.msn.com/msnbot.htm)"
209.51.162.220 - - [02/Jul/2010:08:37:18 +0200] "GET /robots.txt HTTP/1.1" 404 - "-" "ShopWiki/1.0 ( +http://www.shopwiki.com/wiki/Help:Bot)"
216.129.119.49 - - [02/Jul/2010:11:55:20 +0200] "GET /robots.txt HTTP/1.1" 404 - "-" "Mozilla/5.0 (Twiceler-0.9 http://www.cuil.com/twiceler/robot.html)"
8.11.2.10 - - [02/Jul/2010:14:34:50 +0200] "GET /robots.txt HTTP/1.1" 404 - "-" "ShopWiki/1.0 ( +http://www.shopwiki.com/wiki/Help:Bot)"
65.52.104.43 - - [02/Jul/2010:16:21:19 +0200] "GET /livezilla/livezilla.php HTTP/1.1" 200 89938 "-" "Mozilla/4.0 (compatible; MSIE 7.0; Windows NT 5.2; SLCC1; .NET CLR 1.1.4322; .NET CLR 2.0.50727; .NET CLR 3.0.04506.648)"
65.52.104.43 - - [02/Jul/2010:16:21:23 +0200] "GET /livezilla/templates/style.css HTTP/1.1" 200 9496 "http://chat.f-m-shop.de/livezilla/livezilla.php" "Mozilla/4.0 (compatible; MSIE 7.0; Windows NT 5.2; SLCC1; .NET CLR 1.1.4322; .NET CLR 2.0.50727; .NET CLR 3.0.04506.648)"
65.52.104.43 - - [02/Jul/2010:16:21:25 +0200] "GET /livezilla/livezilla.php?template=lz_chat_frame.0.1 HTTP/1.1" 200 343 "http://chat.f-m-shop.de/livezilla/livezilla.php" "Mozilla/4.0 (compatible; MSIE 7.0; Windows NT 5.2; SLCC1; .NET CLR 1.1.4322; .NET CLR 2.0.50727; .NET CLR 3.0.04506.648)"
65.52.104.43 - - [02/Jul/2010:16:21:25 +0200] "GET /livezilla/livezilla.php?template=lz_chat_frame.0.0 HTTP/1.1" 200 338 "http://chat.f-m-shop.de/livezilla/livezilla.php" "Mozilla/4.0 (compatible; MSIE 7.0; Windows NT 5.2; SLCC1; .NET CLR 1.1.4322; .NET CLR 2.0.50727; .NET CLR 3.0.04506.648)"
65.52.104.43 - - [02/Jul/2010:16:21:36 +0200] "GET /livezilla/livezilla.php?template=lz_chat_frame.0.2 HTTP/1.1" 200 321 "http://chat.f-m-shop.de/livezilla/livezilla.php" "Mozilla/4.0 (compatible; MSIE 7.0; Windows NT 5.2; SLCC1; .NET CLR 1.1.4322; .NET CLR 2.0.50727; .NET CLR 3.0.04506.648)"
65.52.104.43 - - [02/Jul/2010:16:21:36 +0200] "GET /livezilla/livezilla.php?template=lz_chat_frame.1.0 HTTP/1.1" 200 344 "http://chat.f-m-shop.de/livezilla/livezilla.php" "Mozilla/4.0 (compatible; MSIE 7.0; Windows NT 5.2; SLCC1; .NET CLR 1.1.4322; .NET CLR 2.0.50727; .NET CLR 3.0.04506.648)"
65.52.104.43 - - [02/Jul/2010:16:21:39 +0200] "GET /livezilla/livezilla.php?template=lz_chat_frame.1.1& HTTP/1.1" 200 2385 "http://chat.f-m-shop.de/livezilla/livezilla.php" "Mozilla/4.0 (compatible; MSIE 7.0; Windows NT 5.2; SLCC1; .NET CLR 1.1.4322; .NET CLR 2.0.50727; .NET CLR 3.0.04506.648)"
65.52.104.43 - - [02/Jul/2010:16:21:39 +0200] "GET /livezilla/livezilla.php?template=lz_chat_frame.2.0 HTTP/1.1" 200 344 "http://chat.f-m-shop.de/livezilla/livezilla.php" "Mozilla/4.0 (compatible; MSIE 7.0; Windows NT 5.2; SLCC1; .NET CLR 1.1.4322; .NET CLR 2.0.50727; .NET CLR 3.0.04506.648)"
65.52.104.43 - - [02/Jul/2010:16:21:42 +0200] "GET /livezilla/livezilla.php?template=lz_chat_frame.3.2.login& HTTP/1.1" 200 1105 "http://chat.f-m-shop.de/livezilla/livezilla.php" "Mozilla/4.0 (compatible; MSIE 7.0; Windows NT 5.2; SLCC1; .NET CLR 1.1.4322; .NET CLR 2.0.50727; .NET CLR 3.0.04506.648)"
65.52.104.43 - - [02/Jul/2010:16:21:42 +0200] "GET /livezilla/livezilla.php?template=lz_chat_frame.4.1 HTTP/1.1" 200 578 "http://chat.f-m-shop.de/livezilla/livezilla.php" "Mozilla/4.0 (compatible; MSIE 7.0; Windows NT 5.2; SLCC1; .NET CLR 1.1.4322; .NET CLR 2.0.50727; .NET CLR 3.0.04506.648)"
65.52.104.43 - - [02/Jul/2010:16:21:45 +0200] "GET /livezilla/livezilla.php?template=lz_chat_frame.2.2 HTTP/1.1" 200 345 "http://chat.f-m-shop.de/livezilla/livezilla.php" "Mozilla/4.0 (compatible; MSIE 7.0; Windows NT 5.2; SLCC1; .NET CLR 1.1.4322; .NET CLR 2.0.50727; .NET CLR 3.0.04506.648)"
65.52.104.43 - - [02/Jul/2010:16:21:45 +0200] "GET /livezilla/livezilla.php?template=lz_chat_frame.1.2 HTTP/1.1" 200 345 "http://chat.f-m-shop.de/livezilla/livezilla.php" "Mozilla/4.0 (compatible; MSIE 7.0; Windows NT 5.2; SLCC1; .NET CLR 1.1.4322; .NET CLR 2.0.50727; .NET CLR 3.0.04506.648)"
65.52.104.43 - - [02/Jul/2010:16:21:49 +0200] "GET /livezilla/livezilla.php?template=lz_chat_frame.5.1 HTTP/1.1" 200 345 "http://chat.f-m-shop.de/livezilla/livezilla.php" "Mozilla/4.0 (compatible; MSIE 7.0; Windows NT 5.2; SLCC1; .NET CLR 1.1.4322; .NET CLR 2.0.50727; .NET CLR 3.0.04506.648)"
65.52.104.43 - - [02/Jul/2010:16:21:49 +0200] "GET /livezilla/livezilla.php?template=lz_chat_frame.3.0 HTTP/1.1" 200 321 "http://chat.f-m-shop.de/livezilla/livezilla.php" "Mozilla/4.0 (compatible; MSIE 7.0; Windows NT 5.2; SLCC1; .NET CLR 1.1.4322; .NET CLR 2.0.50727; .NET CLR 3.0.04506.648)"
65.52.104.43 - - [02/Jul/2010:16:21:51 +0200] "GET /livezilla/livezilla.php?template=lz_chat_frame.3.3 HTTP/1.1" 200 321 "http://chat.f-m-shop.de/livezilla/livezilla.php" "Mozilla/4.0 (compatible; MSIE 7.0; Windows NT 5.2; SLCC1; .NET CLR 1.1.4322; .NET CLR 2.0.50727; .NET CLR 3.0.04506.648)"
65.52.104.43 - - [02/Jul/2010:16:21:52 +0200] "GET /livezilla/livezilla.php?template=lz_chat_frame.3.2.login.0.0 HTTP/1.1" 200 1384 "http://chat.f-m-shop.de/livezilla/livezilla.php?template=lz_chat_frame.3.2.login&" "Mozilla/4.0 (compatible; MSIE 7.0; Windows NT 5.2; SLCC1; .NET CLR 1.1.4322; .NET CLR 2.0.50727; .NET CLR 3.0.04506.648)"
65.52.104.43 - - [02/Jul/2010:16:21:53 +0200] "GET /livezilla/livezilla.php?template=lz_chat_frame.3.2.login.2.0 HTTP/1.1" 200 361 "http://chat.f-m-shop.de/livezilla/livezilla.php?template=lz_chat_frame.3.2.login&" "Mozilla/4.0 (compatible; MSIE 7.0; Windows NT 5.2; SLCC1; .NET CLR 1.1.4322; .NET CLR 2.0.50727; .NET CLR 3.0.04506.648)"
65.52.104.43 - - [02/Jul/2010:16:21:53 +0200] "GET /livezilla/livezilla.php?template=lz_chat_frame.3.2.login.1.0& HTTP/1.1" 200 3689 "http://chat.f-m-shop.de/livezilla/livezilla.php?template=lz_chat_frame.3.2.login&" "Mozilla/4.0 (compatible; MSIE 7.0; Windows NT 5.2; SLCC1; .NET CLR 1.1.4322; .NET CLR 2.0.50727; .NET CLR 3.0.04506.648)"
209.51.162.219 - - [02/Jul/2010:20:46:00 +0200] "GET /robots.txt HTTP/1.1" 404 - "-" "ShopWiki/1.0 ( +http://www.shopwiki.com/wiki/Help:Bot)"
208.80.193.29 - - [03/Jul/2010:03:51:46 +0200] "GET / HTTP/1.0" 404 - "-" "Mozilla/4.0 (compatible; MSIE 7.0; Windows NT 5.1; FunWebProducts; Ringo; .NET CLR 1.1.4322)"
67.152.29.130 - - [03/Jul/2010:06:35:24 +0200] "GET /robots.txt HTTP/1.1" 404 - "-" "ShopWiki/1.0 ( +http://www.shopwiki.com/wiki/Help:Bot)"
209.51.162.219 - - [03/Jul/2010:09:45:24 +0200] "GET /robots.txt HTTP/1.1" 404 - "-" "ShopWiki/1.0 ( +http://www.shopwiki.com/wiki/Help:Bot)"
192.114.71.13 - - [03/Jul/2010:10:56:17 +0200] "GET /livezilla/livezilla.php HTTP/1.1" 200 89938 "http://www.f-m-shop.de/seiten/prod_detail_neuer.cfm?artnr=A 22654&nav=2" "Mozilla/4.0 (compatible; MSIE 6.0; Windows NT 5.0; (R1 1.1); .NET CLR 1.1.4322)"
207.46.199.48 - - [03/Jul/2010:13:05:34 +0200] "GET /robots.txt HTTP/1.1" 404 - "-" "msnbot/2.0b (+http://search.msn.com/msnbot.htm)"
207.46.199.48 - - [03/Jul/2010:13:06:35 +0200] "GET /livezilla/livezilla.php?template=lz_chat_frame.3.2.login& HTTP/1.1" 200 1105 "-" "msnbot/2.0b (+http://search.msn.com/msnbot.htm)"
207.46.199.48 - - [03/Jul/2010:13:06:35 +0200] "GET /livezilla/livezilla.php HTTP/1.1" 200 89940 "-" "msnbot/2.0b (+http://search.msn.com/msnbot.htm)"
67.152.29.130 - - [03/Jul/2010:14:14:51 +0200] "GET /robots.txt HTTP/1.1" 404 - "-" "ShopWiki/1.0 ( +http://www.shopwiki.com/wiki/Help:Bot)"
65.52.104.43 - - [03/Jul/2010:16:57:13 +0200] "GET /livezilla/livezilla.php HTTP/1.1" 200 89938 "-" "Mozilla/4.0 (compatible; MSIE 7.0; Windows NT 5.1; SLCC1; .NET CLR 1.1.4325; .NET CLR 2.0.50727; .NET CLR 3.0.04506.648)"
65.52.104.43 - - [03/Jul/2010:16:57:18 +0200] "GET /livezilla/templates/style.css HTTP/1.1" 200 9496 "http://chat.f-m-shop.de/livezilla/livezilla.php" "Mozilla/4.0 (compatible; MSIE 7.0; Windows NT 5.1; SLCC1; .NET CLR 1.1.4325; .NET CLR 2.0.50727; .NET CLR 3.0.04506.648)"
65.52.104.43 - - [03/Jul/2010:16:57:22 +0200] "GET /livezilla/livezilla.php?template=lz_chat_frame.0.0 HTTP/1.1" 200 338 "http://chat.f-m-shop.de/livezilla/livezilla.php" "Mozilla/4.0 (compatible; MSIE 7.0; Windows NT 5.1; SLCC1; .NET CLR 1.1.4325; .NET CLR 2.0.50727; .NET CLR 3.0.04506.648)"
65.52.104.43 - - [03/Jul/2010:16:57:23 +0200] "GET /livezilla/livezilla.php?template=lz_chat_frame.0.1 HTTP/1.1" 200 343 "http://chat.f-m-shop.de/livezilla/livezilla.php" "Mozilla/4.0 (compatible; MSIE 7.0; Windows NT 5.1; SLCC1; .NET CLR 1.1.4325; .NET CLR 2.0.50727; .NET CLR 3.0.04506.648)"
65.52.104.43 - - [03/Jul/2010:16:57:36 +0200] "GET /livezilla/livezilla.php?template=lz_chat_frame.0.2 HTTP/1.1" 200 321 "http://chat.f-m-shop.de/livezilla/livezilla.php" "Mozilla/4.0 (compatible; MSIE 7.0; Windows NT 5.1; SLCC1; .NET CLR 1.1.4325; .NET CLR 2.0.50727; .NET CLR 3.0.04506.648)"
65.52.104.43 - - [03/Jul/2010:16:57:36 +0200] "GET /livezilla/livezilla.php?template=lz_chat_frame.1.0 HTTP/1.1" 200 344 "http://chat.f-m-shop.de/livezilla/livezilla.php" "Mozilla/4.0 (compatible; MSIE 7.0; Windows NT 5.1; SLCC1; .NET CLR 1.1.4325; .NET CLR 2.0.50727; .NET CLR 3.0.04506.648)"
65.52.104.43 - - [03/Jul/2010:16:57:40 +0200] "GET /livezilla/livezilla.php?template=lz_chat_frame.2.0 HTTP/1.1" 200 344 "http://chat.f-m-shop.de/livezilla/livezilla.php" "Mozilla/4.0 (compatible; MSIE 7.0; Windows NT 5.1; SLCC1; .NET CLR 1.1.4325; .NET CLR 2.0.50727; .NET CLR 3.0.04506.648)"
65.52.104.43 - - [03/Jul/2010:16:57:40 +0200] "GET /livezilla/livezilla.php?template=lz_chat_frame.1.1& HTTP/1.1" 200 2385 "http://chat.f-m-shop.de/livezilla/livezilla.php" "Mozilla/4.0 (compatible; MSIE 7.0; Windows NT 5.1; SLCC1; .NET CLR 1.1.4325; .NET CLR 2.0.50727; .NET CLR 3.0.04506.648)"
65.52.104.43 - - [03/Jul/2010:16:57:42 +0200] "GET /livezilla/livezilla.php?template=lz_chat_frame.4.1 HTTP/1.1" 200 578 "http://chat.f-m-shop.de/livezilla/livezilla.php" "Mozilla/4.0 (compatible; MSIE 7.0; Windows NT 5.1; SLCC1; .NET CLR 1.1.4325; .NET CLR 2.0.50727; .NET CLR 3.0.04506.648)"
65.52.104.43 - - [03/Jul/2010:16:57:42 +0200] "GET /livezilla/livezilla.php?template=lz_chat_frame.3.2.login& HTTP/1.1" 200 1105 "http://chat.f-m-shop.de/livezilla/livezilla.php" "Mozilla/4.0 (compatible; MSIE 7.0; Windows NT 5.1; SLCC1; .NET CLR 1.1.4325; .NET CLR 2.0.50727; .NET CLR 3.0.04506.648)"
65.52.104.43 - - [03/Jul/2010:16:57:42 +0200] "GET /livezilla/livezilla.php?template=lz_chat_frame.2.2 HTTP/1.1" 200 345 "http://chat.f-m-shop.de/livezilla/livezilla.php" "Mozilla/4.0 (compatible; MSIE 7.0; Windows NT 5.1; SLCC1; .NET CLR 1.1.4325; .NET CLR 2.0.50727; .NET CLR 3.0.04506.648)"
65.52.104.43 - - [03/Jul/2010:16:57:42 +0200] "GET /livezilla/livezilla.php?template=lz_chat_frame.1.2 HTTP/1.1" 200 345 "http://chat.f-m-shop.de/livezilla/livezilla.php" "Mozilla/4.0 (compatible; MSIE 7.0; Windows NT 5.1; SLCC1; .NET CLR 1.1.4325; .NET CLR 2.0.50727; .NET CLR 3.0.04506.648)"
65.52.104.43 - - [03/Jul/2010:16:57:47 +0200] "GET /livezilla/livezilla.php?template=lz_chat_frame.3.0 HTTP/1.1" 200 321 "http://chat.f-m-shop.de/livezilla/livezilla.php" "Mozilla/4.0 (compatible; MSIE 7.0; Windows NT 5.1; SLCC1; .NET CLR 1.1.4325; .NET CLR 2.0.50727; .NET CLR 3.0.04506.648)"
65.52.104.43 - - [03/Jul/2010:16:57:48 +0200] "GET /livezilla/livezilla.php?template=lz_chat_frame.3.3 HTTP/1.1" 200 321 "http://chat.f-m-shop.de/livezilla/livezilla.php" "Mozilla/4.0 (compatible; MSIE 7.0; Windows NT 5.1; SLCC1; .NET CLR 1.1.4325; .NET CLR 2.0.50727; .NET CLR 3.0.04506.648)"
65.52.104.43 - - [03/Jul/2010:16:57:48 +0200] "GET /livezilla/livezilla.php?template=lz_chat_frame.5.1 HTTP/1.1" 200 345 "http://chat.f-m-shop.de/livezilla/livezilla.php" "Mozilla/4.0 (compatible; MSIE 7.0; Windows NT 5.1; SLCC1; .NET CLR 1.1.4325; .NET CLR 2.0.50727; .NET CLR 3.0.04506.648)"
65.52.104.43 - - [03/Jul/2010:16:57:48 +0200] "GET /livezilla/livezilla.php?template=lz_chat_frame.3.2.login.1.0& HTTP/1.1" 200 3689 "http://chat.f-m-shop.de/livezilla/livezilla.php?template=lz_chat_frame.3.2.login&" "Mozilla/4.0 (compatible; MSIE 7.0; Windows NT 5.1; SLCC1; .NET CLR 1.1.4325; .NET CLR 2.0.50727; .NET CLR 3.0.04506.648)"
65.52.104.43 - - [03/Jul/2010:16:57:48 +0200] "GET /livezilla/livezilla.php?template=lz_chat_frame.3.2.login.0.0 HTTP/1.1" 200 1384 "http://chat.f-m-shop.de/livezilla/livezilla.php?template=lz_chat_frame.3.2.login&" "Mozilla/4.0 (compatible; MSIE 7.0; Windows NT 5.1; SLCC1; .NET CLR 1.1.4325; .NET CLR 2.0.50727; .NET CLR 3.0.04506.648)"
65.52.104.43 - - [03/Jul/2010:16:57:49 +0200] "GET /livezilla/livezilla.php?template=lz_chat_frame.3.2.login.2.0 HTTP/1.1" 200 361 "http://chat.f-m-shop.de/livezilla/livezilla.php?template=lz_chat_frame.3.2.login&" "Mozilla/4.0 (compatible; MSIE 7.0; Windows NT 5.1; SLCC1; .NET CLR 1.1.4325; .NET CLR 2.0.50727; .NET CLR 3.0.04506.648)"
65.52.104.43 - - [03/Jul/2010:16:57:51 +0200] "GET /livezilla/templates/style.css HTTP/1.1" 304 - "http://chat.f-m-shop.de/livezilla/livezilla.php?template=lz_chat_frame.3.2.login.0.0" "Mozilla/4.0 (compatible; MSIE 7.0; Windows NT 5.1; SLCC1; .NET CLR 1.1.4325; .NET CLR 2.0.50727; .NET CLR 3.0.04506.648)"
209.51.162.220 - - [03/Jul/2010:19:19:12 +0200] "GET /robots.txt HTTP/1.1" 404 - "-" "ShopWiki/1.0 ( +http://www.shopwiki.com/wiki/Help:Bot)"
206.212.240.135 - - [03/Jul/2010:19:55:19 +0200] "GET / HTTP/1.1" 404 - "-" "Java/1.6.0_05"
209.51.162.219 - - [03/Jul/2010:23:44:07 +0200] "GET /robots.txt HTTP/1.1" 404 - "-" "ShopWiki/1.0 ( +http://www.shopwiki.com/wiki/Help:Bot)"
208.80.193.40 - - [04/Jul/2010:08:32:29 +0200] "GET / HTTP/1.0" 404 - "-" "Mozilla/4.0 (compatible; MSIE 7.0; Windows NT 5.1; (R1 1.5); .NET CLR 1.1.4322; SpamBlockerUtility 4.8.4; .NET CLR 2.0.50727; .NET CLR 3.0.04506.30)"
207.46.199.42 - - [04/Jul/2010:18:23:53 +0200] "GET /robots.txt HTTP/1.1" 404 - "-" "msnbot/2.0b (+http://search.msn.com/msnbot.htm)"
207.46.199.42 - - [04/Jul/2010:18:24:36 +0200] "GET /livezilla/livezilla.php?template=lz_chat_frame.3.2.login.1.0& HTTP/1.1" 200 3689 "-" "msnbot/2.0b (+http://search.msn.com/msnbot.htm)"
207.46.199.42 - - [04/Jul/2010:18:24:36 +0200] "GET /livezilla/livezilla.php HTTP/1.1" 200 89940 "-" "msnbot/2.0b (+http://search.msn.com/msnbot.htm)"
207.46.13.98 - - [04/Jul/2010:19:39:09 +0200] "GET /livezilla/livezilla.php HTTP/1.1" 200 89940 "-" "msnbot/2.0b (+http://search.msn.com/msnbot.htm)"
207.46.13.98 - - [04/Jul/2010:19:39:14 +0200] "GET /livezilla/livezilla.php?template=lz_chat_frame.3.2.login.1.0& HTTP/1.1" 200 3689 "-" "msnbot/2.0b (+http://search.msn.com/msnbot.htm)"
67.152.29.130 - - [05/Jul/2010:00:31:08 +0200] "GET /robots.txt HTTP/1.1" 404 - "-" "ShopWiki/1.0 ( +http://www.shopwiki.com/wiki/Help:Bot)"
208.80.193.39 - - [05/Jul/2010:09:07:52 +0200] "GET / HTTP/1.0" 404 - "-" "Mozilla/4.0 (compatible; MSIE 6.0; Windows 98; Win 9x 4.90; SaveWealth)"
67.195.115.236 - - [05/Jul/2010:19:01:03 +0200] "GET /robots.txt HTTP/1.0" 404 - "-" "Mozilla/5.0 (compatible; Yahoo! Slurp; http://help.yahoo.com/help/us/ysearch/slurp)"
67.195.115.236 - - [05/Jul/2010:19:01:03 +0200] "GET /livezilla/livezilla.php HTTP/1.0" 200 89940 "-" "Mozilla/5.0 (compatible; Yahoo! Slurp/3.0; http://help.yahoo.com/help/us/ysearch/slurp)"
67.195.115.236 - - [05/Jul/2010:19:01:05 +0200] "GET /livezilla/templates/nojava.html HTTP/1.0" 200 1088 "-" "Mozilla/5.0 (compatible; Yahoo! Slurp/3.0; http://help.yahoo.com/help/us/ysearch/slurp)"
95.108.158.134 - - [05/Jul/2010:20:42:56 +0200] "GET /robots.txt HTTP/1.1" 404 - "-" "Mozilla/5.0 (compatible; YandexBot/3.0; +http://yandex.com/bots)"
207.46.13.91 - - [06/Jul/2010:02:07:06 +0200] "GET /robots.txt HTTP/1.1" 404 - "-" "msnbot/2.0b (+http://search.msn.com/msnbot.htm)"
207.46.13.91 - - [06/Jul/2010:02:08:08 +0200] "GET /livezilla/livezilla.php?template=lz_chat_frame.3.2.login& HTTP/1.1" 200 1105 "-" "msnbot/2.0b (+http://search.msn.com/msnbot.htm)"
207.46.13.91 - - [06/Jul/2010:02:08:08 +0200] "GET /livezilla/livezilla.php HTTP/1.1" 200 89940 "-" "msnbot/2.0b (+http://search.msn.com/msnbot.htm)"
208.80.193.38 - - [06/Jul/2010:13:22:44 +0200] "GET / HTTP/1.0" 404 - "-" "Mozilla/4.0 (compatible; MSIE 6.0; Windows NT 5.1; Rogers Hi-Speed Internet; FunWebProducts-MyWay; SV1; .NET CLR 1.1.4322)"
95.108.158.134 - - [06/Jul/2010:17:33:49 +0200] "GET /livezilla/livezilla.php HTTP/1.1" 200 91660 "-" "Mozilla/5.0 (compatible; YandexBot/3.0; +http://yandex.com/bots)"
207.46.204.194 - - [07/Jul/2010:08:44:46 +0200] "GET /robots.txt HTTP/1.1" 404 - "-" "msnbot/2.0b (+http://search.msn.com/msnbot.htm)"
207.46.204.194 - - [07/Jul/2010:08:45:33 +0200] "GET /livezilla/livezilla.php?template=lz_chat_frame.3.2.login& HTTP/1.1" 200 1105 "-" "msnbot/2.0b (+http://search.msn.com/msnbot.htm)"
207.46.204.194 - - [07/Jul/2010:08:45:33 +0200] "GET /livezilla/livezilla.php HTTP/1.1" 200 89940 "-" "msnbot/2.0b (+http://search.msn.com/msnbot.htm)"
216.104.15.134 - - [07/Jul/2010:09:03:30 +0200] "GET /livezilla/server.php?request=track&output=jscript&nse=0.9311913602988116 HTTP/1.0" 200 26976 "-" "Mozilla/4.0 (compatible; MSIE 6.0; Windows NT 5.1)"
216.129.119.49 - - [07/Jul/2010:11:53:00 +0200] "GET /robots.txt HTTP/1.1" 404 - "-" "Mozilla/5.0 (Twiceler-0.9 http://www.cuil.com/twiceler/robot.html)"
208.80.193.121 - - [07/Jul/2010:21:11:49 +0200] "GET / HTTP/1.0" 404 - "-" "Mozilla/4.0 (compatible; MSIE 7.0; AOL 9.0; Windows NT 5.1; .NET CLR 1.1.4322; InfoPath.1; .NET CLR 2.0.50727)"
95.108.158.134 - - [08/Jul/2010:02:05:32 +0200] "GET /robots.txt HTTP/1.1" 404 - "-" "Mozilla/5.0 (compatible; YandexBot/3.0; +http://yandex.com/bots)"
67.152.29.130 - - [08/Jul/2010:04:20:52 +0200] "GET /robots.txt HTTP/1.1" 404 - "-" "ShopWiki/1.0 ( +http://www.shopwiki.com/wiki/Help:Bot)"
209.51.162.220 - - [08/Jul/2010:09:00:37 +0200] "GET /robots.txt HTTP/1.1" 404 - "-" "ShopWiki/1.0 ( +http://www.shopwiki.com/wiki/Help:Bot)"
216.129.119.49 - - [08/Jul/2010:11:48:35 +0200] "GET /robots.txt HTTP/1.1" 404 - "-" "Mozilla/5.0 (Twiceler-0.9 http://www.cuil.com/twiceler/robot.html)"
67.152.29.130 - - [08/Jul/2010:14:20:48 +0200] "GET /robots.txt HTTP/1.1" 404 - "-" "ShopWiki/1.0 ( +http://www.shopwiki.com/wiki/Help:Bot)"
207.46.13.144 - - [08/Jul/2010:15:20:17 +0200] "GET /robots.txt HTTP/1.1" 404 - "-" "msnbot/2.0b (+http://search.msn.com/msnbot.htm)"
207.46.13.144 - - [08/Jul/2010:15:20:56 +0200] "GET /livezilla/livezilla.php?template=lz_chat_frame.3.2.login.1.0& HTTP/1.1" 200 3689 "-" "msnbot/2.0b (+http://search.msn.com/msnbot.htm)"
207.46.13.144 - - [08/Jul/2010:15:20:56 +0200] "GET /livezilla/livezilla.php HTTP/1.1" 200 89940 "-" "msnbot/2.0b (+http://search.msn.com/msnbot.htm)"
67.195.115.244 - - [08/Jul/2010:16:02:02 +0200] "GET /robots.txt HTTP/1.0" 404 - "-" "Mozilla/5.0 (compatible; Yahoo! Slurp; http://help.yahoo.com/help/us/ysearch/slurp)"
67.195.115.244 - - [08/Jul/2010:16:02:03 +0200] "GET / HTTP/1.0" 404 - "-" "Mozilla/5.0 (compatible; Yahoo! Slurp/3.0; http://help.yahoo.com/help/us/ysearch/slurp)"
209.51.162.220 - - [08/Jul/2010:19:54:21 +0200] "GET /robots.txt HTTP/1.1" 404 - "-" "ShopWiki/1.0 ( +http://www.shopwiki.com/wiki/Help:Bot)"
95.108.158.134 - - [08/Jul/2010:21:29:14 +0200] "GET /robots.txt HTTP/1.1" 404 - "-" "Mozilla/5.0 (compatible; YandexBot/3.0; +http://yandex.com/bots)"
208.80.193.38 - - [08/Jul/2010:22:29:20 +0200] "GET / HTTP/1.0" 404 - "-" "Mozilla/4.0 (compatible; MSIE 7.0; Windows NT 5.1; .NET CLR 1.1.4322; Hotbar 4.6.1)"
8.11.2.10 - - [08/Jul/2010:23:28:54 +0200] "GET /robots.txt HTTP/1.1" 404 - "-" "ShopWiki/1.0 ( +http://www.shopwiki.com/wiki/Help:Bot)"
67.152.29.130 - - [09/Jul/2010:02:42:44 +0200] "GET /robots.txt HTTP/1.1" 404 - "-" "ShopWiki/1.0 ( +http://www.shopwiki.com/wiki/Help:Bot)"
82.159.58.74 - - [09/Jul/2010:03:09:35 +0200] "GET / HTTP/1.1" 404 - "-" "Java/1.6.0_20"
8.11.2.10 - - [09/Jul/2010:06:01:12 +0200] "GET /robots.txt HTTP/1.1" 404 - "-" "ShopWiki/1.0 ( +http://www.shopwiki.com/wiki/Help:Bot)"
207.46.199.51 - - [09/Jul/2010:06:28:52 +0200] "GET /robots.txt HTTP/1.1" 404 - "-" "msnbot/2.0b (+http://search.msn.com/msnbot.htm)"
207.46.199.51 - - [09/Jul/2010:06:29:37 +0200] "GET /livezilla/livezilla.php HTTP/1.1" 200 89940 "-" "msnbot/2.0b (+http://search.msn.com/msnbot.htm)"
216.129.119.49 - - [09/Jul/2010:11:49:03 +0200] "GET /robots.txt HTTP/1.1" 404 - "-" "Mozilla/5.0 (Twiceler-0.9 http://www.cuil.com/twiceler/robot.html)"
95.108.158.134 - - [09/Jul/2010:14:31:43 +0200] "GET / HTTP/1.1" 404 - "-" "Mozilla/5.0 (compatible; YandexBot/3.0; +http://yandex.com/bots)"
207.46.204.177 - - [09/Jul/2010:19:09:06 +0200] "GET /robots.txt HTTP/1.1" 404 - "-" "msnbot/2.0b (+http://search.msn.com/msnbot.htm)"
207.46.204.177 - - [09/Jul/2010:19:10:04 +0200] "GET /livezilla/livezilla.php?template=lz_chat_frame.3.2.login& HTTP/1.1" 200 1105 "-" "msnbot/2.0b (+http://search.msn.com/msnbot.htm)"
207.46.204.177 - - [09/Jul/2010:19:10:04 +0200] "GET /livezilla/livezilla.php HTTP/1.1" 200 89940 "-" "msnbot/2.0b (+http://search.msn.com/msnbot.htm)"
207.46.13.50 - - [09/Jul/2010:22:11:40 +0200] "GET /robots.txt HTTP/1.1" 404 - "-" "msnbot/2.0b (+http://search.msn.com/msnbot.htm)"
207.46.13.50 - - [09/Jul/2010:22:13:05 +0200] "GET /livezilla/livezilla.php?template=lz_chat_frame.3.2.login& HTTP/1.1" 200 1105 "-" "msnbot/2.0b (+http://search.msn.com/msnbot.htm)"
207.46.13.50 - - [09/Jul/2010:22:13:06 +0200] "GET /livezilla/livezilla.php HTTP/1.1" 200 89940 "-" "msnbot/2.0b (+http://search.msn.com/msnbot.htm)"
209.51.162.220 - - [10/Jul/2010:02:25:31 +0200] "GET /robots.txt HTTP/1.1" 404 - "-" "ShopWiki/1.0 ( +http://www.shopwiki.com/wiki/Help:Bot)"
66.249.71.233 - - [10/Jul/2010:06:28:27 +0200] "GET /robots.txt HTTP/1.1" 404 - "-" "Mozilla/5.0 (compatible; Googlebot/2.1; +http://www.google.com/bot.html)"
66.249.71.233 - - [10/Jul/2010:06:28:27 +0200] "GET /livezilla/livezilla.php HTTP/1.1" 200 89940 "-" "Mozilla/5.0 (compatible; Googlebot/2.1; +http://www.google.com/bot.html)"
208.80.193.27 - - [10/Jul/2010:07:12:29 +0200] "GET / HTTP/1.0" 404 - "-" "Mozilla/4.0 (compatible; MSIE 7.0; Windows NT 5.1; iebar; acc=ventura5; acc=none; acc=; (none); .NET CLR 1.0.3705; .NET CLR 1.1.4322; Media Center PC 4.0; ZangoToolbar 4.8.2)"
66.249.71.233 - - [10/Jul/2010:07:48:44 +0200] "GET /livezilla/livezilla.php?template=lz_chat_frame.5.1 HTTP/1.1" 200 345 "-" "Mozilla/5.0 (compatible; Googlebot/2.1; +http://www.google.com/bot.html)"
66.249.71.233 - - [10/Jul/2010:08:09:23 +0200] "GET /livezilla/livezilla.php?template=lz_chat_frame.3.0 HTTP/1.1" 200 321 "-" "Mozilla/5.0 (compatible; Googlebot/2.1; +http://www.google.com/bot.html)"
66.249.71.233 - - [10/Jul/2010:08:11:42 +0200] "GET /livezilla/livezilla.php?template=lz_chat_frame.4.1 HTTP/1.1" 200 578 "-" "Mozilla/5.0 (compatible; Googlebot/2.1; +http://www.google.com/bot.html)"
66.249.71.233 - - [10/Jul/2010:08:18:35 +0200] "GET /livezilla/livezilla.php?template=lz_chat_frame.0.1 HTTP/1.1" 200 343 "-" "Mozilla/5.0 (compatible; Googlebot/2.1; +http://www.google.com/bot.html)"
66.249.71.233 - - [10/Jul/2010:08:23:13 +0200] "GET /livezilla/livezilla.php?template=lz_chat_frame.1.0 HTTP/1.1" 200 344 "-" "Mozilla/5.0 (compatible; Googlebot/2.1; +http://www.google.com/bot.html)"
66.249.71.233 - - [10/Jul/2010:08:27:49 +0200] "GET /livezilla/livezilla.php?template=lz_chat_frame.3.3 HTTP/1.1" 200 321 "-" "Mozilla/5.0 (compatible; Googlebot/2.1; +http://www.google.com/bot.html)"
66.249.71.233 - - [10/Jul/2010:08:34:50 +0200] "GET /livezilla/livezilla.php?template=lz_chat_frame.2.0 HTTP/1.1" 200 344 "-" "Mozilla/5.0 (compatible; Googlebot/2.1; +http://www.google.com/bot.html)"
66.249.71.233 - - [10/Jul/2010:08:46:18 +0200] "GET /livezilla/livezilla.php?template=lz_chat_frame.0.2 HTTP/1.1" 200 321 "-" "Mozilla/5.0 (compatible; Googlebot/2.1; +http://www.google.com/bot.html)"
66.249.71.233 - - [10/Jul/2010:09:00:13 +0200] "GET /livezilla/livezilla.php?template=lz_chat_frame.1.2 HTTP/1.1" 200 345 "-" "Mozilla/5.0 (compatible; Googlebot/2.1; +http://www.google.com/bot.html)"
66.249.71.233 - - [10/Jul/2010:09:05:28 +0200] "GET /livezilla/livezilla.php?template=lz_chat_frame.2.2 HTTP/1.1" 200 345 "-" "Mozilla/5.0 (compatible; Googlebot/2.1; +http://www.google.com/bot.html)"
66.249.71.233 - - [10/Jul/2010:09:27:43 +0200] "GET /livezilla/livezilla.php?template=lz_chat_frame.0.0 HTTP/1.1" 200 338 "-" "Mozilla/5.0 (compatible; Googlebot/2.1; +http://www.google.com/bot.html)"
66.249.71.233 - - [10/Jul/2010:09:34:11 +0200] "GET /livezilla/livezilla.php?template=lz_chat_frame.1.1& HTTP/1.1" 200 2385 "-" "Mozilla/5.0 (compatible; Googlebot/2.1; +http://www.google.com/bot.html)"
66.249.71.233 - - [10/Jul/2010:09:34:13 +0200] "GET /livezilla/livezilla.php?template=lz_chat_frame.3.2.login& HTTP/1.1" 200 1105 "-" "Mozilla/5.0 (compatible; Googlebot/2.1; +http://www.google.com/bot.html)"
66.249.71.233 - - [10/Jul/2010:11:21:29 +0200] "GET /livezilla/livezilla.php?template=lz_chat_frame.3.2.login.0.0 HTTP/1.1" 200 1384 "-" "Mozilla/5.0 (compatible; Googlebot/2.1; +http://www.google.com/bot.html)"
66.249.71.233 - - [10/Jul/2010:11:26:47 +0200] "GET /livezilla/livezilla.php?template=lz_chat_frame.3.2.login.2.0 HTTP/1.1" 200 361 "-" "Mozilla/5.0 (compatible; Googlebot/2.1; +http://www.google.com/bot.html)"
216.129.119.49 - - [10/Jul/2010:11:52:38 +0200] "GET /robots.txt HTTP/1.1" 404 - "-" "Mozilla/5.0 (Twiceler-0.9 http://www.cuil.com/twiceler/robot.html)"
66.249.71.233 - - [10/Jul/2010:11:54:23 +0200] "GET /livezilla/livezilla.php?template=lz_chat_frame.3.2.login.1.0& HTTP/1.1" 200 3689 "-" "Mozilla/5.0 (compatible; Googlebot/2.1; +http://www.google.com/bot.html)"
209.51.162.219 - - [10/Jul/2010:12:57:15 +0200] "GET /robots.txt HTTP/1.1" 404 - "-" "ShopWiki/1.0 ( +http://www.shopwiki.com/wiki/Help:Bot)"
8.11.2.10 - - [10/Jul/2010:16:42:53 +0200] "GET /robots.txt HTTP/1.1" 404 - "-" "ShopWiki/1.0 ( +http://www.shopwiki.com/wiki/Help:Bot)"
216.129.119.49 - - [10/Jul/2010:20:22:45 +0200] "GET /livezilla/livezilla.php?template=lz_chat_frame.3.2.login HTTP/1.1" 200 1105 "-" "Mozilla/5.0 (Twiceler-0.9 http://www.cuil.com/twiceler/robot.html)"
209.51.162.219 - - [10/Jul/2010:22:02:24 +0200] "GET /robots.txt HTTP/1.1" 404 - "-" "ShopWiki/1.0 ( +http://www.shopwiki.com/wiki/Help:Bot)"
209.51.162.220 - - [11/Jul/2010:04:16:07 +0200] "GET /robots.txt HTTP/1.1" 404 - "-" "ShopWiki/1.0 ( +http://www.shopwiki.com/wiki/Help:Bot)"
207.46.13.145 - - [11/Jul/2010:05:06:15 +0200] "GET /robots.txt HTTP/1.1" 404 - "-" "msnbot/2.0b (+http://search.msn.com/msnbot.htm)"
207.46.13.145 - - [11/Jul/2010:05:07:04 +0200] "GET /livezilla/livezilla.php?template=lz_chat_frame.3.2.login& HTTP/1.1" 200 1105 "-" "msnbot/2.0b (+http://search.msn.com/msnbot.htm)"
207.46.13.145 - - [11/Jul/2010:05:07:04 +0200] "GET /livezilla/livezilla.php HTTP/1.1" 200 89940 "-" "msnbot/2.0b (+http://search.msn.com/msnbot.htm)"
208.115.111.249 - - [11/Jul/2010:05:41:10 +0200] "GET /robots.txt HTTP/1.1" 404 - "-" "Mozilla/5.0 (compatible; DotBot/1.1; http://www.dotnetdotcom.org/, crawler@dotnetdotcom.org)"
208.115.111.249 - - [11/Jul/2010:09:56:29 +0200] "GET /livezilla/livezilla.php HTTP/1.1" 200 89940 "-" "Mozilla/5.0 (compatible; DotBot/1.1; http://www.dotnetdotcom.org/, crawler@dotnetdotcom.org)"
216.129.119.49 - - [11/Jul/2010:11:49:49 +0200] "GET /robots.txt HTTP/1.1" 404 - "-" "Mozilla/5.0 (Twiceler-0.9 http://www.cuil.com/twiceler/robot.html)"
216.129.119.49 - - [11/Jul/2010:16:41:31 +0200] "GET /livezilla/livezilla.php?template=lz_chat_frame.3.0 HTTP/1.1" 200 321 "-" "Mozilla/5.0 (Twiceler-0.9 http://www.cuil.com/twiceler/robot.html)"
208.80.193.121 - - [11/Jul/2010:16:44:00 +0200] "GET / HTTP/1.0" 404 - "-" "Mozilla/4.0 (compatible; MSIE 6.0; Windows NT 5.1; {0D71754E-465F-7B1E-6649-B2F74089B70F}; .NET CLR 1.1.4322)"
209.51.162.219 - - [11/Jul/2010:19:28:50 +0200] "GET /robots.txt HTTP/1.1" 404 - "-" "ShopWiki/1.0 ( +http://www.shopwiki.com/wiki/Help:Bot)"
208.115.111.249 - - [12/Jul/2010:02:52:55 +0200] "GET /robots.txt HTTP/1.1" 404 - "-" "Mozilla/5.0 (compatible; DotBot/1.1; http://www.dotnetdotcom.org/, crawler@dotnetdotcom.org)"
95.108.151.244 - - [12/Jul/2010:05:39:20 +0200] "GET /robots.txt HTTP/1.1" 404 - "-" "Mozilla/5.0 (compatible; YandexBot/3.0; MirrorDetector; +http://yandex.com/bots)"
95.108.151.244 - - [12/Jul/2010:05:39:21 +0200] "GET / HTTP/1.1" 404 - "-" "Mozilla/5.0 (compatible; YandexBot/3.0; MirrorDetector; +http://yandex.com/bots)"
95.108.151.244 - - [12/Jul/2010:05:39:22 +0200] "GET / HTTP/1.1" 404 - "-" "Mozilla/5.0 (compatible; YandexBot/3.0; MirrorDetector; +http://yandex.com/bots)"
208.115.111.249 - - [12/Jul/2010:07:05:13 +0200] "GET /livezilla/%5C HTTP/1.1" 404 - "-" "Mozilla/5.0 (compatible; DotBot/1.1; http://www.dotnetdotcom.org/, crawler@dotnetdotcom.org)"
216.129.119.49 - - [12/Jul/2010:11:48:13 +0200] "GET /robots.txt HTTP/1.1" 404 - "-" "Mozilla/5.0 (Twiceler-0.9 http://www.cuil.com/twiceler/robot.html)"
216.129.119.49 - - [12/Jul/2010:12:53:36 +0200] "GET /livezilla/livezilla.php HTTP/1.1" 200 89940 "-" "Mozilla/5.0 (Twiceler-0.9 http://www.cuil.com/twiceler/robot.html)"
81.17.208.4 - - [12/Jul/2010:13:24:54 +0200] "GET /robots.txt HTTP/1.0" 404 - "http://chat.f-m-shop.de/livezilla/server.php?request=track&output=jscript&nse=" "Mozilla/5.0 (compatible; jobs.de-Robot +http://www.jobs.de)"
81.17.208.4 - - [12/Jul/2010:13:38:33 +0200] "GET /livezilla/server.php?request=track&output=jscript&nse= HTTP/1.0" 200 26976 "http://www.f-m-shop.de/seiten/frame.html" "Mozilla/5.0 (compatible; jobs.de-Robot +http://www.jobs.de)"
209.51.162.220 - - [12/Jul/2010:19:12:55 +0200] "GET /robots.txt HTTP/1.1" 404 - "-" "ShopWiki/1.0 ( +http://www.shopwiki.com/wiki/Help:Bot)"
8.11.2.9 - - [13/Jul/2010:00:04:38 +0200] "GET /robots.txt HTTP/1.1" 404 - "-" "ShopWiki/1.0 ( +http://www.shopwiki.com/wiki/Help:Bot)"
208.80.193.39 - - [13/Jul/2010:01:59:56 +0200] "GET / HTTP/1.0" 404 - "-" "Mozilla/4.0 (compatible; MSIE 6.0; Windows NT 5.1; {6D7F767C-36A1-7D54-2AF0-3AA9EADA8711})"
216.129.119.49 - - [13/Jul/2010:11:49:03 +0200] "GET /robots.txt HTTP/1.1" 404 - "-" "Mozilla/5.0 (Twiceler-0.9 http://www.cuil.com/twiceler/robot.html)"
67.195.115.244 - - [13/Jul/2010:12:55:38 +0200] "GET /robots.txt HTTP/1.0" 404 - "-" "Mozilla/5.0 (compatible; Yahoo! Slurp; http://help.yahoo.com/help/us/ysearch/slurp)"
67.195.115.244 - - [13/Jul/2010:12:55:38 +0200] "GET /livezilla/livezilla.php HTTP/1.0" 200 89940 "-" "Mozilla/5.0 (compatible; Yahoo! Slurp/3.0; http://help.yahoo.com/help/us/ysearch/slurp)"
67.195.115.244 - - [13/Jul/2010:12:55:41 +0200] "GET /livezilla/templates/nojava.html HTTP/1.0" 200 1088 "-" "Mozilla/5.0 (compatible; Yahoo! Slurp/3.0; http://help.yahoo.com/help/us/ysearch/slurp)"
207.46.13.51 - - [13/Jul/2010:14:18:34 +0200] "GET /robots.txt HTTP/1.1" 404 - "-" "msnbot/2.0b (+http://search.msn.com/msnbot.htm)"
207.46.13.51 - - [13/Jul/2010:15:15:57 +0200] "GET /livezilla/livezilla.php?template=lz_chat_frame.3.2.login& HTTP/1.1" 200 1105 "-" "msnbot/2.0b (+http://search.msn.com/msnbot.htm)"
207.46.13.51 - - [13/Jul/2010:15:15:57 +0200] "GET /livezilla/livezilla.php HTTP/1.1" 200 89940 "-" "msnbot/2.0b (+http://search.msn.com/msnbot.htm)"
66.249.71.233 - - [14/Jul/2010:04:28:41 +0200] "GET /robots.txt HTTP/1.1" 404 - "-" "Mozilla/5.0 (compatible; Googlebot/2.1; +http://www.google.com/bot.html)"
66.249.71.233 - - [14/Jul/2010:04:28:41 +0200] "GET /livezilla/livezilla.php HTTP/1.1" 200 89940 "-" "Mozilla/5.0 (compatible; Googlebot/2.1; +http://www.google.com/bot.html)"
208.80.193.27 - - [14/Jul/2010:10:51:33 +0200] "GET / HTTP/1.0" 404 - "-" "Mozilla/4.0 (compatible; MSIE 6.0; Windows NT 5.1; SV1; YPC 3.2.0; FunWebProducts; HbTools 4.8.4; yplus 4.1.00b)"
209.51.162.219 - - [14/Jul/2010:14:29:09 +0200] "GET /robots.txt HTTP/1.1" 404 - "-" "ShopWiki/1.0 ( +http://www.shopwiki.com/wiki/Help:Bot)"
207.46.204.231 - - [14/Jul/2010:21:41:18 +0200] "GET /robots.txt HTTP/1.1" 404 - "-" "msnbot/2.0b (+http://search.msn.com/msnbot.htm)"
207.46.204.231 - - [14/Jul/2010:22:00:43 +0200] "GET /livezilla/livezilla.php?template=lz_chat_frame.3.2.login.1.0& HTTP/1.1" 200 3689 "-" "msnbot/2.0b (+http://search.msn.com/msnbot.htm)"
207.46.204.231 - - [14/Jul/2010:22:00:43 +0200] "GET /livezilla/livezilla.php HTTP/1.1" 200 89940 "-" "msnbot/2.0b (+http://search.msn.com/msnbot.htm)"
66.249.71.233 - - [15/Jul/2010:08:51:12 +0200] "GET /robots.txt HTTP/1.1" 404 - "-" "Mozilla/5.0 (compatible; Googlebot/2.1; +http://www.google.com/bot.html)"
66.249.71.233 - - [15/Jul/2010:08:51:13 +0200] "GET /livezilla/livezilla.php HTTP/1.1" 200 89940 "-" "Mozilla/5.0 (compatible; Googlebot/2.1; +http://www.google.com/bot.html)"
67.152.29.130 - - [15/Jul/2010:15:48:48 +0200] "GET /robots.txt HTTP/1.1" 404 - "-" "ShopWiki/1.0 ( +http://www.shopwiki.com/wiki/Help:Bot)"
208.80.193.40 - - [15/Jul/2010:19:38:30 +0200] "GET / HTTP/1.0" 404 - "-" "Mozilla/4.0 (compatible; MSIE 6.0; Windows NT 5.2; .NET CLR 1.1.2394)"
8.11.2.10 - - [16/Jul/2010:16:49:07 +0200] "GET /robots.txt HTTP/1.1" 404 - "-" "ShopWiki/1.0 ( +http://www.shopwiki.com/wiki/Help:Bot)"
67.152.29.130 - - [16/Jul/2010:17:17:26 +0200] "GET /livezilla/livezilla.php HTTP/1.1" 200 90096 "-" "ShopWiki/1.0 ( +http://www.shopwiki.com/wiki/Help:Bot)"
67.152.29.130 - - [16/Jul/2010:17:17:28 +0200] "GET /livezilla/templates/style.css HTTP/1.1" 200 9496 "-" "ShopWiki/1.0 ( +http://www.shopwiki.com/wiki/Help:Bot)"
95.108.158.134 - - [17/Jul/2010:01:51:47 +0200] "GET /robots.txt HTTP/1.1" 404 - "-" "Mozilla/5.0 (compatible; YandexBot/3.0; +http://yandex.com/bots)"
208.80.193.39 - - [17/Jul/2010:04:18:30 +0200] "GET / HTTP/1.0" 404 - "-" "Mozilla/4.0 (compatible; MSIE 7.0; Windows NT 5.1; ESB{6DE67919-89F5-42A2-B2E1-3E435A56D687}; .NET CLR 1.1.4322)"
66.249.71.233 - - [17/Jul/2010:06:14:39 +0200] "GET /robots.txt HTTP/1.1" 404 - "-" "Mozilla/5.0 (compatible; Googlebot/2.1; +http://www.google.com/bot.html)"
66.249.71.233 - - [17/Jul/2010:06:14:40 +0200] "GET /livezilla/livezilla.php HTTP/1.1" 200 89940 "-" "Mozilla/5.0 (compatible; Googlebot/2.1; +http://www.google.com/bot.html)"
109.192.50.12 - - [17/Jul/2010:08:57:33 +0200] "GET /livezilla/server.php?request=track&output=jscript&nse=0.34639017366667213 HTTP/1.1" 200 26976 "http://webcache.googleusercontent.com/search?q=cache:http://www.f-m-shop.de/seiten/frame.html" "Mozilla/5.0 (Windows; U; Windows NT 5.1; de; rv:1.9.1.10) Gecko/20100504 Firefox/3.5.10 GTB7.0 (.NET CLR 3.5.30729)"
109.192.50.12 - - [17/Jul/2010:08:57:33 +0200] "GET /livezilla/templates/style.css?cache=0.4059060243485727 HTTP/1.1" 200 9496 "http://webcache.googleusercontent.com/search?q=cache:http://www.f-m-shop.de/seiten/frame.html" "Mozilla/5.0 (Windows; U; Windows NT 5.1; de; rv:1.9.1.10) Gecko/20100504 Firefox/3.5.10 GTB7.0 (.NET CLR 3.5.30729)"
109.192.50.12 - - [17/Jul/2010:08:57:33 +0200] "GET /livezilla/server.php?request=track&start=1279349853421&browid=e334d13&url=aHR0cDovL3dlYmNhY2hlLmdvb2dsZXVzZXJjb250ZW50LmNvbS9zZWFyY2g,cT1jYWNoZTpodHRwOi8vd3d3LmYtbS1zaG9wLmRlL3NlaXRlbi9mcmFtZS5odG1s&livezilla=f1a24d6&cd=32&rh=1050&rw=1400&rf=aHR0cDovL3d3dy5nb29nbGUuY29tL3VybD9zYT1EJnE9aHR0cDovL3d3dy5nb29nbGUuY29tL3NlYXJjaCUzRnElM0RjYWNoZTpodHRwOi8vd3d3LmYtbS1zaG9wLmRlL3NlaXRlbi9mcmFtZS5odG1sJnVzZz1BRlFqQ05GUWFhLXNXZ21RYmdmb1k0UW52UERybnpLMndB&tzo=2&code=&en=&ee=&ec=&dc=RiZNIE9ubGluZSBTaG9wIC8gQ29tcHV0ZXIgdW5kIG1laHI&geo_rid=7 HTTP/1.1" 200 85 "http://webcache.googleusercontent.com/search?q=cache:http://www.f-m-shop.de/seiten/frame.html" "Mozilla/5.0 (Windows; U; Windows NT 5.1; de; rv:1.9.1.10) Gecko/20100504 Firefox/3.5.10 GTB7.0 (.NET CLR 3.5.30729)"
216.129.119.49 - - [17/Jul/2010:11:49:03 +0200] "GET /robots.txt HTTP/1.1" 404 - "-" "Mozilla/5.0 (Twiceler-0.9 http://www.cuil.com/twiceler/robot.html)"
207.46.199.45 - - [17/Jul/2010:15:42:05 +0200] "GET /robots.txt HTTP/1.1" 404 - "-" "msnbot/2.0b (+http://search.msn.com/msnbot.htm)"
207.46.199.45 - - [17/Jul/2010:15:44:13 +0200] "GET /livezilla/livezilla.php?template=lz_chat_frame.3.2.login.1.0& HTTP/1.1" 200 3689 "-" "msnbot/2.0b (+http://search.msn.com/msnbot.htm)"
207.46.199.45 - - [17/Jul/2010:15:44:13 +0200] "GET /livezilla/livezilla.php HTTP/1.1" 200 89940 "-" "msnbot/2.0b (+http://search.msn.com/msnbot.htm)"
8.11.2.9 - - [17/Jul/2010:16:00:56 +0200] "GET /robots.txt HTTP/1.1" 404 - "-" "ShopWiki/1.0 ( +http://www.shopwiki.com/wiki/Help:Bot)"
8.11.2.9 - - [17/Jul/2010:16:01:04 +0200] "GET /livezilla/livezilla.php?template=lz_chat_frame.1.1 HTTP/1.1" 200 2407 "-" "ShopWiki/1.0 ( +http://www.shopwiki.com/wiki/Help:Bot)"
8.11.2.9 - - [17/Jul/2010:16:01:04 +0200] "GET /livezilla/templates/style.css HTTP/1.1" 200 9496 "-" "ShopWiki/1.0 ( +http://www.shopwiki.com/wiki/Help:Bot)"
8.11.2.9 - - [17/Jul/2010:16:01:05 +0200] "GET /livezilla/livezilla.php?template=lz_chat_frame.3.3 HTTP/1.1" 200 321 "-" "ShopWiki/1.0 ( +http://www.shopwiki.com/wiki/Help:Bot)"
8.11.2.9 - - [17/Jul/2010:16:01:06 +0200] "GET /livezilla/livezilla.php?template=lz_chat_frame.3.0 HTTP/1.1" 200 321 "-" "ShopWiki/1.0 ( +http://www.shopwiki.com/wiki/Help:Bot)"
8.11.2.9 - - [17/Jul/2010:16:01:07 +0200] "GET /livezilla/livezilla.php?template=lz_chat_frame.2.0 HTTP/1.1" 200 344 "-" "ShopWiki/1.0 ( +http://www.shopwiki.com/wiki/Help:Bot)"
8.11.2.9 - - [17/Jul/2010:16:01:08 +0200] "GET /livezilla/livezilla.php?template=lz_chat_frame.2.2 HTTP/1.1" 200 345 "-" "ShopWiki/1.0 ( +http://www.shopwiki.com/wiki/Help:Bot)"
8.11.2.9 - - [17/Jul/2010:16:01:10 +0200] "GET /livezilla/livezilla.php?template=lz_chat_frame.0.0 HTTP/1.1" 200 338 "-" "ShopWiki/1.0 ( +http://www.shopwiki.com/wiki/Help:Bot)"
95.108.158.134 - - [18/Jul/2010:00:41:04 +0200] "GET / HTTP/1.1" 404 - "-" "Mozilla/5.0 (compatible; YandexBot/3.0; +http://yandex.com/bots)"
208.115.111.249 - - [18/Jul/2010:04:23:40 +0200] "GET /robots.txt HTTP/1.1" 404 - "-" "Mozilla/5.0 (compatible; DotBot/1.1; http://www.dotnetdotcom.org/, crawler@dotnetdotcom.org)"
204.152.218.98 - - [18/Jul/2010:05:12:15 +0200] "GET / HTTP/1.1" 404 - "-" "Java/1.4.1_04"
67.152.29.130 - - [18/Jul/2010:08:04:56 +0200] "GET /robots.txt HTTP/1.1" 404 - "-" "ShopWiki/1.0 ( +http://www.shopwiki.com/wiki/Help:Bot)"
208.115.111.249 - - [18/Jul/2010:08:35:58 +0200] "GET /livezilla/%5C HTTP/1.1" 404 - "-" "Mozilla/5.0 (compatible; DotBot/1.1; http://www.dotnetdotcom.org/, crawler@dotnetdotcom.org)"
208.115.111.249 - - [18/Jul/2010:08:36:03 +0200] "GET /livezilla/livezilla.php HTTP/1.1" 200 89940 "-" "Mozilla/5.0 (compatible; DotBot/1.1; http://www.dotnetdotcom.org/, crawler@dotnetdotcom.org)"
216.129.119.49 - - [18/Jul/2010:11:50:09 +0200] "GET /robots.txt HTTP/1.1" 404 - "-" "Mozilla/5.0 (Twiceler-0.9 http://www.cuil.com/twiceler/robot.html)"
208.80.193.29 - - [18/Jul/2010:12:33:49 +0200] "GET / HTTP/1.0" 404 - "-" "Mozilla/4.0 (compatible; MSIE 7.0; Windows NT 5.1; Hotbar 4.5.1.0; .NET CLR 1.0.3705; Media Center PC 2.8; .NET CLR 1.1.4322)"
204.152.218.98 - - [18/Jul/2010:13:06:06 +0200] "GET / HTTP/1.1" 404 - "-" "Java/1.4.1_04"
81.17.208.4 - - [18/Jul/2010:23:19:41 +0200] "GET /robots.txt HTTP/1.0" 404 - "http://chat.f-m-shop.de/livezilla/livezilla.php" "Mozilla/5.0 (compatible; jobs.de-Robot +http://www.jobs.de)"
81.17.208.4 - - [18/Jul/2010:23:19:45 +0200] "GET /livezilla/livezilla.php HTTP/1.0" 200 90096 "http://www.f-m-shop.de/seiten/prod_detail_neuer.cfm?artnr=A%20%2029483&nav=2" "Mozilla/5.0 (compatible; jobs.de-Robot +http://www.jobs.de)"
81.17.208.4 - - [18/Jul/2010:23:20:06 +0200] "GET /livezilla/templates/nojava.html HTTP/1.0" 200 1088 "http://chat.f-m-shop.de/livezilla/livezilla.php" "Mozilla/5.0 (compatible; jobs.de-Robot +http://www.jobs.de)"
81.17.208.4 - - [19/Jul/2010:00:32:34 +0200] "GET /livezilla/lz_chat_frame.3.2.login.1.0 HTTP/1.0" 404 - "http://chat.f-m-shop.de/livezilla/livezilla.php" "Mozilla/5.0 (compatible; jobs.de-Robot +http://www.jobs.de)"
81.17.208.4 - - [19/Jul/2010:00:32:37 +0200] "GET /livezilla/lz_chat_frame.3.2 HTTP/1.0" 404 - "http://chat.f-m-shop.de/livezilla/livezilla.php" "Mozilla/5.0 (compatible; jobs.de-Robot +http://www.jobs.de)"
81.17.208.4 - - [19/Jul/2010:00:32:41 +0200] "GET /%22./images/icon_link.gif/%22 HTTP/1.0" 404 - "http://chat.f-m-shop.de/livezilla/livezilla.php" "Mozilla/5.0 (compatible; jobs.de-Robot +http://www.jobs.de)"
81.17.208.4 - - [19/Jul/2010:00:32:44 +0200] "GET /livezilla/lz_chat_frame.3.2.chat.4.0 HTTP/1.0" 404 - "http://chat.f-m-shop.de/livezilla/livezilla.php" "Mozilla/5.0 (compatible; jobs.de-Robot +http://www.jobs.de)"
81.17.208.4 - - [19/Jul/2010:00:32:47 +0200] "GET /livezilla/livezilla.php?template=lz_chat_frame.0.2 HTTP/1.0" 200 321 "http://chat.f-m-shop.de/livezilla/livezilla.php" "Mozilla/5.0 (compatible; jobs.de-Robot +http://www.jobs.de)"
81.17.208.4 - - [19/Jul/2010:00:32:50 +0200] "GET /livezilla/lz_chat_frame.3.2.chat.1.0 HTTP/1.0" 404 - "http://chat.f-m-shop.de/livezilla/livezilla.php" "Mozilla/5.0 (compatible; jobs.de-Robot +http://www.jobs.de)"
81.17.208.4 - - [19/Jul/2010:00:32:54 +0200] "GET /livezilla/lz_chat_frame.3.2.chat.2.0 HTTP/1.0" 404 - "http://chat.f-m-shop.de/livezilla/livezilla.php" "Mozilla/5.0 (compatible; jobs.de-Robot +http://www.jobs.de)"
81.17.208.4 - - [19/Jul/2010:00:32:58 +0200] "GET /livezilla/lz_chat_data.ExternalUser.Session.UserId; HTTP/1.0" 404 - "http://chat.f-m-shop.de/livezilla/livezilla.php" "Mozilla/5.0 (compatible; jobs.de-Robot +http://www.jobs.de)"
81.17.208.4 - - [19/Jul/2010:00:33:01 +0200] "GET /livezilla/server.php HTTP/1.0" 302 1722 "http://chat.f-m-shop.de/livezilla/livezilla.php" "Mozilla/5.0 (compatible; jobs.de-Robot +http://www.jobs.de)"
81.17.208.4 - - [19/Jul/2010:00:33:05 +0200] "GET /livezilla/lz_chat_frame.2.2 HTTP/1.0" 404 - "http://chat.f-m-shop.de/livezilla/livezilla.php" "Mozilla/5.0 (compatible; jobs.de-Robot +http://www.jobs.de)"
81.17.208.4 - - [19/Jul/2010:00:33:08 +0200] "GET /livezilla/lz_chat_frame.3.2.chat.5.0 HTTP/1.0" 404 - "http://chat.f-m-shop.de/livezilla/livezilla.php" "Mozilla/5.0 (compatible; jobs.de-Robot +http://www.jobs.de)"
81.17.208.4 - - [19/Jul/2010:00:33:12 +0200] "GET /livezilla/%3CLiveZilla%3E HTTP/1.0" 404 - "http://chat.f-m-shop.de/livezilla/livezilla.php" "Mozilla/5.0 (compatible; jobs.de-Robot +http://www.jobs.de)"
81.17.208.4 - - [19/Jul/2010:00:33:16 +0200] "GET /livezilla/livezilla.php?template=lz_chat_frame.3.3 HTTP/1.0" 200 321 "http://chat.f-m-shop.de/livezilla/livezilla.php" "Mozilla/5.0 (compatible; jobs.de-Robot +http://www.jobs.de)"
81.17.208.4 - - [19/Jul/2010:00:33:19 +0200] "GET /livezilla/lz_chat_frame.1.1 HTTP/1.0" 404 - "http://chat.f-m-shop.de/livezilla/livezilla.php" "Mozilla/5.0 (compatible; jobs.de-Robot +http://www.jobs.de)"
81.17.208.4 - - [19/Jul/2010:00:33:22 +0200] "GET /livezilla/lz_chat_frame.0.1 HTTP/1.0" 404 - "http://chat.f-m-shop.de/livezilla/livezilla.php" "Mozilla/5.0 (compatible; jobs.de-Robot +http://www.jobs.de)"
81.17.208.4 - - [19/Jul/2010:01:29:38 +0200] "GET /livezilla/livezilla.php?template=lz_chat_frame.3.2.login& HTTP/1.0" 200 1105 "http://chat.f-m-shop.de/livezilla/livezilla.php" "Mozilla/5.0 (compatible; jobs.de-Robot +http://www.jobs.de)"
