67.195.115.30 - - [01/Dec/2010:00:01:37 +0100] "GET /robots.txt HTTP/1.0" 404 - "-" "Mozilla/5.0 (compatible; Yahoo! Slurp; http://help.yahoo.com/help/us/ysearch/slurp)"
67.195.115.30 - - [01/Dec/2010:00:01:38 +0100] "GET /livezilla/livezilla.php HTTP/1.0" 200 89940 "-" "Mozilla/5.0 (compatible; Yahoo! Slurp; http://help.yahoo.com/help/us/ysearch/slurp)"
67.195.115.30 - - [01/Dec/2010:00:01:39 +0100] "GET /livezilla/templates/nojava.html HTTP/1.0" 200 1088 "-" "Mozilla/5.0 (compatible; Yahoo! Slurp; http://help.yahoo.com/help/us/ysearch/slurp)"
208.80.194.27 - - [01/Dec/2010:06:31:17 +0100] "GET / HTTP/1.0" 404 - "-" "Mozilla/4.0 (compatible; MSIE 6.0; Windows NT 5.1; SIMBAR Enabled; SIMBAR={17D192A1-7F56-4244-A658-6C6685452FB6}; SIMBAR=0)"
209.51.162.219 - - [01/Dec/2010:17:26:28 +0100] "GET /robots.txt HTTP/1.1" 404 - "-" "ShopWiki/1.0 ( +http://www.shopwiki.com/wiki/Help:Bot)"
95.108.158.134 - - [01/Dec/2010:22:04:26 +0100] "GET /robots.txt HTTP/1.1" 404 - "-" "Mozilla/5.0 (compatible; YandexBot/3.0; +http://yandex.com/bots)"
65.55.3.134 - - [02/Dec/2010:01:43:57 +0100] "GET /robots.txt HTTP/1.1" 404 - "-" "msnbot/2.0b (+http://search.msn.com/msnbot.htm)._"
65.55.3.134 - - [02/Dec/2010:01:43:57 +0100] "GET / HTTP/1.1" 404 - "-" "msnbot/2.0b (+http://search.msn.com/msnbot.htm)._"
95.108.158.134 - - [02/Dec/2010:02:10:11 +0100] "GET / HTTP/1.1" 404 - "-" "Mozilla/5.0 (compatible; YandexBot/3.0; +http://yandex.com/bots)"
209.51.162.219 - - [02/Dec/2010:05:28:31 +0100] "GET /robots.txt HTTP/1.1" 404 - "-" "ShopWiki/1.0 ( +http://www.shopwiki.com/wiki/Help:Bot)"
67.152.29.130 - - [02/Dec/2010:17:00:18 +0100] "GET /robots.txt HTTP/1.1" 404 - "-" "ShopWiki/1.0 ( +http://www.shopwiki.com/wiki/Help:Bot)"
208.80.194.34 - - [02/Dec/2010:19:37:53 +0100] "GET / HTTP/1.0" 404 - "-" "Mozilla/4.0 (compatible; MSIE 7.0; Windows NT 5.1; Q312461; Hotbar 4.0; FunWebProducts; .NET CLR 2.0.50727)"
209.51.162.219 - - [02/Dec/2010:21:25:42 +0100] "GET /robots.txt HTTP/1.1" 404 - "-" "ShopWiki/1.0 ( +http://www.shopwiki.com/wiki/Help:Bot)"
67.152.29.130 - - [03/Dec/2010:17:23:45 +0100] "GET /robots.txt HTTP/1.1" 404 - "-" "ShopWiki/1.0 ( +http://www.shopwiki.com/wiki/Help:Bot)"
209.51.162.220 - - [03/Dec/2010:19:30:27 +0100] "GET /livezilla/livezilla.php HTTP/1.1" 200 90096 "-" "ShopWiki/1.0 ( +http://www.shopwiki.com/wiki/Help:Bot)"
209.51.162.220 - - [03/Dec/2010:19:30:28 +0100] "GET /livezilla/templates/style.css HTTP/1.1" 200 9496 "-" "ShopWiki/1.0 ( +http://www.shopwiki.com/wiki/Help:Bot)"
67.152.29.130 - - [03/Dec/2010:20:52:50 +0100] "GET /robots.txt HTTP/1.1" 404 - "-" "ShopWiki/1.0 ( +http://www.shopwiki.com/wiki/Help:Bot)"
67.152.29.130 - - [03/Dec/2010:20:54:35 +0100] "GET /livezilla/livezilla.php?template=lz_chat_frame.3.3 HTTP/1.1" 200 321 "-" "ShopWiki/1.0 ( +http://www.shopwiki.com/wiki/Help:Bot)"
67.152.29.130 - - [03/Dec/2010:20:54:36 +0100] "GET /livezilla/templates/style.css HTTP/1.1" 200 9496 "-" "ShopWiki/1.0 ( +http://www.shopwiki.com/wiki/Help:Bot)"
67.152.29.130 - - [03/Dec/2010:20:54:37 +0100] "GET /livezilla/livezilla.php?template=lz_chat_frame.3.0 HTTP/1.1" 200 321 "-" "ShopWiki/1.0 ( +http://www.shopwiki.com/wiki/Help:Bot)"
67.152.29.130 - - [03/Dec/2010:20:54:38 +0100] "GET /livezilla/livezilla.php?template=lz_chat_frame.2.0 HTTP/1.1" 200 344 "-" "ShopWiki/1.0 ( +http://www.shopwiki.com/wiki/Help:Bot)"
67.152.29.130 - - [03/Dec/2010:20:54:39 +0100] "GET /livezilla/livezilla.php?template=lz_chat_frame.2.2 HTTP/1.1" 200 345 "-" "ShopWiki/1.0 ( +http://www.shopwiki.com/wiki/Help:Bot)"
67.152.29.130 - - [03/Dec/2010:20:54:43 +0100] "GET /livezilla/livezilla.php?template=lz_chat_frame.5.1 HTTP/1.1" 200 345 "-" "ShopWiki/1.0 ( +http://www.shopwiki.com/wiki/Help:Bot)"
209.51.162.219 - - [03/Dec/2010:20:55:15 +0100] "GET /livezilla/livezilla.php?template=lz_chat_frame.1.1 HTTP/1.1" 200 2407 "-" "ShopWiki/1.0 ( +http://www.shopwiki.com/wiki/Help:Bot)"
209.51.162.219 - - [03/Dec/2010:20:55:21 +0100] "GET /livezilla/livezilla.php?template=lz_chat_frame.0.0 HTTP/1.1" 200 338 "-" "ShopWiki/1.0 ( +http://www.shopwiki.com/wiki/Help:Bot)"
209.51.162.219 - - [03/Dec/2010:20:55:22 +0100] "GET /livezilla/livezilla.php?template=lz_chat_frame.0.2 HTTP/1.1" 200 321 "-" "ShopWiki/1.0 ( +http://www.shopwiki.com/wiki/Help:Bot)"
209.51.162.219 - - [03/Dec/2010:20:55:23 +0100] "GET /livezilla/livezilla.php?template=lz_chat_frame.0.1 HTTP/1.1" 200 343 "-" "ShopWiki/1.0 ( +http://www.shopwiki.com/wiki/Help:Bot)"
209.51.162.219 - - [03/Dec/2010:20:55:24 +0100] "GET /livezilla/livezilla.php?template=lz_chat_frame.4.1 HTTP/1.1" 200 578 "-" "ShopWiki/1.0 ( +http://www.shopwiki.com/wiki/Help:Bot)"
209.51.162.219 - - [03/Dec/2010:20:55:25 +0100] "GET /livezilla/livezilla.php?template=lz_chat_frame.1.0 HTTP/1.1" 200 344 "-" "ShopWiki/1.0 ( +http://www.shopwiki.com/wiki/Help:Bot)"
209.51.162.219 - - [03/Dec/2010:20:55:26 +0100] "GET /livezilla/livezilla.php?template=lz_chat_frame.1.2 HTTP/1.1" 200 345 "-" "ShopWiki/1.0 ( +http://www.shopwiki.com/wiki/Help:Bot)"
67.152.29.130 - - [04/Dec/2010:07:44:55 +0100] "GET /robots.txt HTTP/1.1" 404 - "-" "ShopWiki/1.0 ( +http://www.shopwiki.com/wiki/Help:Bot)"
208.80.194.35 - - [04/Dec/2010:08:28:53 +0100] "GET / HTTP/1.0" 404 - "-" "Mozilla/4.0 (compatible; MSIE 7.0; Windows NT 5.1; YPC 3.0.3; .NET CLR 1.1.4322; yplus 5.1.04b)"
207.46.195.105 - - [04/Dec/2010:11:32:13 +0100] "GET /robots.txt HTTP/1.1" 404 - "-" "Mozilla/5.0 (compatible; bingbot/2.0; +http://www.bing.com/bingbot.htm)"
207.46.195.105 - - [04/Dec/2010:11:55:28 +0100] "GET /livezilla/livezilla.php?template=lz_chat_frame.3.2.login.1.0& HTTP/1.1" 200 3689 "-" "Mozilla/5.0 (compatible; bingbot/2.0; +http://www.bing.com/bingbot.htm)"
207.46.195.105 - - [04/Dec/2010:11:55:28 +0100] "GET /livezilla/livezilla.php HTTP/1.1" 200 89940 "-" "Mozilla/5.0 (compatible; bingbot/2.0; +http://www.bing.com/bingbot.htm)"
67.152.29.130 - - [04/Dec/2010:14:24:33 +0100] "GET /robots.txt HTTP/1.1" 404 - "-" "ShopWiki/1.0 ( +http://www.shopwiki.com/wiki/Help:Bot)"
209.51.162.219 - - [04/Dec/2010:17:30:34 +0100] "GET /robots.txt HTTP/1.1" 404 - "-" "ShopWiki/1.0 ( +http://www.shopwiki.com/wiki/Help:Bot)"
66.249.71.210 - - [05/Dec/2010:15:21:26 +0100] "GET /robots.txt HTTP/1.1" 404 - "-" "Mozilla/5.0 (compatible; Googlebot/2.1; +http://www.google.com/bot.html)"
66.249.71.210 - - [05/Dec/2010:15:21:26 +0100] "GET /livezilla/livezilla.php?template=lz_chat_frame.3.0 HTTP/1.1" 200 321 "-" "Mozilla/5.0 (compatible; Googlebot/2.1; +http://www.google.com/bot.html)"
66.249.71.210 - - [05/Dec/2010:16:40:42 +0100] "GET /livezilla/livezilla.php?template=lz_chat_frame.5.1 HTTP/1.1" 200 345 "-" "Mozilla/5.0 (compatible; Googlebot/2.1; +http://www.google.com/bot.html)"
208.80.194.26 - - [05/Dec/2010:21:47:45 +0100] "GET / HTTP/1.0" 404 - "-" "Mozilla/4.0 (compatible; MSIE 7.0; Windows NT 5.1; FunWebProducts; YPC 3.2.0; .NET CLR 1.0.3705; .NET CLR 1.1.4322; Media Center PC 4.0; .NET CLR 2.0.50727; .NET CLR 3.0.04506.30; Creative ZENcast v1.02.10; ZangoToolbar 4.8.3)"
192.168.10.34 - - [06/Dec/2010:08:39:30 +0100] "GET /livezilla/image.php?id=03 HTTP/1.1" 404 - "http://www.f-m-shop.de/seiten/start_advent.cfm" "Mozilla/5.0 (Windows; U; Windows NT 5.1; de; rv:1.9.2.12) Gecko/20101026 Firefox/3.6.12 ( .NET CLR 3.5.30729)"
192.168.10.34 - - [06/Dec/2010:08:39:31 +0100] "GET /livezilla/server.php?request=track&output=jscript&nse=0.3328180161421388 HTTP/1.1" 200 26976 "http://www.f-m-shop.de/seiten/start_advent.cfm" "Mozilla/5.0 (Windows; U; Windows NT 5.1; de; rv:1.9.2.12) Gecko/20101026 Firefox/3.6.12 ( .NET CLR 3.5.30729)"
192.168.10.34 - - [06/Dec/2010:08:39:31 +0100] "GET /livezilla/templates/style.css?cache=0.016311850397576322 HTTP/1.1" 200 9496 "http://www.f-m-shop.de/seiten/start_advent.cfm" "Mozilla/5.0 (Windows; U; Windows NT 5.1; de; rv:1.9.2.12) Gecko/20101026 Firefox/3.6.12 ( .NET CLR 3.5.30729)"
192.168.10.34 - - [06/Dec/2010:08:39:31 +0100] "GET /livezilla/server.php?request=track&start=1291621180373&browid=07106d9&url=aHR0cDovL3d3dy5mLW0tc2hvcC5kZS9zZWl0ZW4vc3RhcnRfYWR2ZW50LmNmbQ&livezilla=eaa6f53&cd=24&rh=1200&rw=1920&rf=aHR0cDovL3d3dy5mLW0tc2hvcC5kZS9zZWl0ZW4vZnJhbWUuaHRtbA&tzo=1&code=&en=&ee=&ec=&dc=RiZNIFNob3AgLSBNYXJrZW4genUgZmFpcmVuIFByZWlzZW4&geo_rid=7 HTTP/1.1" 200 85 "http://www.f-m-shop.de/seiten/start_advent.cfm" "Mozilla/5.0 (Windows; U; Windows NT 5.1; de; rv:1.9.2.12) Gecko/20101026 Firefox/3.6.12 ( .NET CLR 3.5.30729)"
192.168.10.34 - - [06/Dec/2010:08:39:38 +0100] "GET /livezilla/image.php?id=03 HTTP/1.1" 404 - "http://www.f-m-shop.de/seiten/start_advent.cfm" "Mozilla/5.0 (Windows; U; Windows NT 5.1; de; rv:1.9.2.12) Gecko/20101026 Firefox/3.6.12 ( .NET CLR 3.5.30729)"
192.168.10.34 - - [06/Dec/2010:08:39:39 +0100] "GET /livezilla/server.php?request=track&output=jscript&nse=0.5572412990315158 HTTP/1.1" 200 26976 "http://www.f-m-shop.de/seiten/start_advent.cfm" "Mozilla/5.0 (Windows; U; Windows NT 5.1; de; rv:1.9.2.12) Gecko/20101026 Firefox/3.6.12 ( .NET CLR 3.5.30729)"
192.168.10.34 - - [06/Dec/2010:08:39:39 +0100] "GET /livezilla/image.php?id=03 HTTP/1.1" 404 - "http://www.f-m-shop.de/seiten/start_advent.cfm" "Mozilla/5.0 (Windows; U; Windows NT 5.1; de; rv:1.9.2.12) Gecko/20101026 Firefox/3.6.12 ( .NET CLR 3.5.30729)"
192.168.10.34 - - [06/Dec/2010:08:39:39 +0100] "GET /livezilla/templates/style.css?cache=0.9599010627404955 HTTP/1.1" 200 9496 "http://www.f-m-shop.de/seiten/start_advent.cfm" "Mozilla/5.0 (Windows; U; Windows NT 5.1; de; rv:1.9.2.12) Gecko/20101026 Firefox/3.6.12 ( .NET CLR 3.5.30729)"
192.168.10.34 - - [06/Dec/2010:08:39:39 +0100] "GET /livezilla/server.php?request=track&start=1291621188248&browid=5048be4&url=aHR0cDovL3d3dy5mLW0tc2hvcC5kZS9zZWl0ZW4vc3RhcnRfYWR2ZW50LmNmbQ&livezilla=eaa6f53&cd=24&rh=1200&rw=1920&rf=aHR0cDovL3d3dy5mLW0tc2hvcC5kZS9zZWl0ZW4vZnJhbWUuaHRtbA&tzo=1&code=&en=&ee=&ec=&dc=RiZNIFNob3AgLSBNYXJrZW4genUgZmFpcmVuIFByZWlzZW4&geo_rid=7 HTTP/1.1" 200 85 "http://www.f-m-shop.de/seiten/start_advent.cfm" "Mozilla/5.0 (Windows; U; Windows NT 5.1; de; rv:1.9.2.12) Gecko/20101026 Firefox/3.6.12 ( .NET CLR 3.5.30729)"
209.51.162.219 - - [06/Dec/2010:14:56:45 +0100] "GET /robots.txt HTTP/1.1" 404 - "-" "ShopWiki/1.0 ( +http://www.shopwiki.com/wiki/Help:Bot)"
65.55.3.134 - - [06/Dec/2010:19:42:45 +0100] "GET /robots.txt HTTP/1.1" 404 - "-" "msnbot/2.0b (+http://search.msn.com/msnbot.htm)._"
65.55.3.134 - - [06/Dec/2010:19:42:46 +0100] "GET / HTTP/1.1" 404 - "-" "msnbot/2.0b (+http://search.msn.com/msnbot.htm)._"
209.51.162.219 - - [06/Dec/2010:20:10:04 +0100] "GET /robots.txt HTTP/1.1" 404 - "-" "ShopWiki/1.0 ( +http://www.shopwiki.com/wiki/Help:Bot)"
95.108.158.134 - - [06/Dec/2010:23:43:10 +0100] "GET /robots.txt HTTP/1.1" 404 - "-" "Mozilla/5.0 (compatible; YandexBot/3.0; +http://yandex.com/bots)"
208.115.111.249 - - [07/Dec/2010:00:10:40 +0100] "GET /robots.txt HTTP/1.1" 404 - "-" "Mozilla/5.0 (compatible; DotBot/1.1; http://www.dotnetdotcom.org/, crawler@dotnetdotcom.org)"
208.115.111.249 - - [07/Dec/2010:03:50:58 +0100] "GET /robots.txt HTTP/1.1" 404 - "-" "Mozilla/5.0 (compatible; DotBot/1.1; http://www.dotnetdotcom.org/, crawler@dotnetdotcom.org)"
208.115.111.249 - - [07/Dec/2010:04:38:36 +0100] "GET /livezilla/livezilla.php HTTP/1.1" 200 89940 "-" "Mozilla/5.0 (compatible; DotBot/1.1; http://www.dotnetdotcom.org/, crawler@dotnetdotcom.org)"
209.51.162.219 - - [07/Dec/2010:05:47:33 +0100] "GET /robots.txt HTTP/1.1" 404 - "-" "ShopWiki/1.0 ( +http://www.shopwiki.com/wiki/Help:Bot)"
95.108.158.134 - - [07/Dec/2010:07:14:42 +0100] "GET / HTTP/1.1" 404 - "-" "Mozilla/5.0 (compatible; YandexBot/3.0; +http://yandex.com/bots)"
208.115.111.249 - - [07/Dec/2010:08:22:02 +0100] "GET /livezilla/%5C HTTP/1.1" 404 - "-" "Mozilla/5.0 (compatible; DotBot/1.1; http://www.dotnetdotcom.org/, crawler@dotnetdotcom.org)"
66.249.65.252 - - [07/Dec/2010:08:51:50 +0100] "GET /robots.txt HTTP/1.1" 404 - "-" "Mozilla/5.0 (compatible; Googlebot/2.1; +http://www.google.com/bot.html)"
66.249.65.252 - - [07/Dec/2010:08:51:50 +0100] "GET /livezilla/livezilla.php?template=lz_chat_frame.4.1 HTTP/1.1" 200 578 "-" "Mozilla/5.0 (compatible; Googlebot/2.1; +http://www.google.com/bot.html)"
209.51.162.219 - - [07/Dec/2010:11:02:32 +0100] "GET /robots.txt HTTP/1.1" 404 - "-" "ShopWiki/1.0 ( +http://www.shopwiki.com/wiki/Help:Bot)"
208.80.194.29 - - [07/Dec/2010:11:06:34 +0100] "GET / HTTP/1.0" 404 - "-" "Mozilla/4.0 (compatible; MSIE 6.0; Windows NT 5.0; FDM)"
209.51.162.220 - - [08/Dec/2010:07:40:15 +0100] "GET /robots.txt HTTP/1.1" 404 - "-" "ShopWiki/1.0 ( +http://www.shopwiki.com/wiki/Help:Bot)"
67.195.115.30 - - [08/Dec/2010:08:12:29 +0100] "GET /robots.txt HTTP/1.0" 404 - "-" "Mozilla/5.0 (compatible; Yahoo! Slurp; http://help.yahoo.com/help/us/ysearch/slurp)"
67.195.115.30 - - [08/Dec/2010:08:12:29 +0100] "GET /livezilla/livezilla.php HTTP/1.0" 200 89940 "-" "Mozilla/5.0 (compatible; Yahoo! Slurp; http://help.yahoo.com/help/us/ysearch/slurp)"
67.195.115.30 - - [08/Dec/2010:08:12:31 +0100] "GET /livezilla/templates/nojava.html HTTP/1.0" 200 1088 "-" "Mozilla/5.0 (compatible; Yahoo! Slurp; http://help.yahoo.com/help/us/ysearch/slurp)"
209.51.162.220 - - [08/Dec/2010:13:37:34 +0100] "GET /robots.txt HTTP/1.1" 404 - "-" "ShopWiki/1.0 ( +http://www.shopwiki.com/wiki/Help:Bot)"
67.152.29.130 - - [08/Dec/2010:16:58:55 +0100] "GET /robots.txt HTTP/1.1" 404 - "-" "ShopWiki/1.0 ( +http://www.shopwiki.com/wiki/Help:Bot)"
208.80.194.36 - - [09/Dec/2010:00:21:09 +0100] "GET / HTTP/1.0" 404 - "-" "Mozilla/4.0 (compatible; MSIE 7.0; Windows NT 5.1; {A52B349C-8E10-43C8-9C45-3BA12648C034}; .NET CLR 1.1.4322)"
207.46.13.146 - - [09/Dec/2010:12:39:16 +0100] "GET /robots.txt HTTP/1.1" 404 - "-" "Mozilla/5.0 (compatible; bingbot/2.0; +http://www.bing.com/bingbot.htm)"
207.46.13.146 - - [09/Dec/2010:12:49:15 +0100] "GET /livezilla/livezilla.php?template=lz_chat_frame.3.2.login& HTTP/1.1" 200 1105 "-" "Mozilla/5.0 (compatible; bingbot/2.0; +http://www.bing.com/bingbot.htm)"
207.46.13.146 - - [09/Dec/2010:12:49:14 +0100] "GET /livezilla/livezilla.php HTTP/1.1" 200 89940 "-" "Mozilla/5.0 (compatible; bingbot/2.0; +http://www.bing.com/bingbot.htm)"
209.51.162.219 - - [09/Dec/2010:23:22:43 +0100] "GET /robots.txt HTTP/1.1" 404 - "-" "ShopWiki/1.0 ( +http://www.shopwiki.com/wiki/Help:Bot)"
209.51.162.219 - - [10/Dec/2010:02:40:28 +0100] "GET /robots.txt HTTP/1.1" 404 - "-" "ShopWiki/1.0 ( +http://www.shopwiki.com/wiki/Help:Bot)"
208.80.194.31 - - [10/Dec/2010:13:41:12 +0100] "GET / HTTP/1.0" 404 - "-" "Mozilla/4.0 (compatible; MSIE 6.0; AOL 9.0; Windows NT 5.1; SV1; .NET CLR 1.0.3705; Media Center PC 2.8)"
209.51.162.219 - - [11/Dec/2010:10:57:11 +0100] "GET /robots.txt HTTP/1.1" 404 - "-" "ShopWiki/1.0 ( +http://www.shopwiki.com/wiki/Help:Bot)"
209.51.162.220 - - [11/Dec/2010:15:01:07 +0100] "GET /robots.txt HTTP/1.1" 404 - "-" "ShopWiki/1.0 ( +http://www.shopwiki.com/wiki/Help:Bot)"
65.55.3.134 - - [11/Dec/2010:15:16:43 +0100] "GET /robots.txt HTTP/1.1" 404 - "-" "msnbot/2.0b (+http://search.msn.com/msnbot.htm)._"
65.55.3.134 - - [11/Dec/2010:15:16:43 +0100] "GET / HTTP/1.1" 404 - "-" "msnbot/2.0b (+http://search.msn.com/msnbot.htm)._"
95.108.158.134 - - [11/Dec/2010:20:01:58 +0100] "GET /robots.txt HTTP/1.1" 404 - "-" "Mozilla/5.0 (compatible; YandexBot/3.0; +http://yandex.com/bots)"
95.108.158.134 - - [11/Dec/2010:21:11:11 +0100] "GET / HTTP/1.1" 404 - "-" "Mozilla/5.0 (compatible; YandexBot/3.0; +http://yandex.com/bots)"
209.51.162.219 - - [11/Dec/2010:21:49:20 +0100] "GET /robots.txt HTTP/1.1" 404 - "-" "ShopWiki/1.0 ( +http://www.shopwiki.com/wiki/Help:Bot)"
208.80.194.34 - - [12/Dec/2010:02:26:48 +0100] "GET / HTTP/1.0" 404 - "-" "Mozilla/4.0 (compatible; MSIE 6.0; Windows NT 5.1; {E45FD7B2-1BEE-304C-98C9-EB7AE425A984}; .NET CLR 1.1.4322)"
8.11.2.10 - - [13/Dec/2010:00:29:28 +0100] "GET /robots.txt HTTP/1.1" 404 - "-" "ShopWiki/1.0 ( +http://www.shopwiki.com/wiki/Help:Bot)"
209.51.162.220 - - [13/Dec/2010:05:44:28 +0100] "GET /robots.txt HTTP/1.1" 404 - "-" "ShopWiki/1.0 ( +http://www.shopwiki.com/wiki/Help:Bot)"
209.51.162.220 - - [13/Dec/2010:10:29:00 +0100] "GET /robots.txt HTTP/1.1" 404 - "-" "ShopWiki/1.0 ( +http://www.shopwiki.com/wiki/Help:Bot)"
8.11.2.9 - - [13/Dec/2010:13:32:31 +0100] "GET /robots.txt HTTP/1.1" 404 - "-" "ShopWiki/1.0 ( +http://www.shopwiki.com/wiki/Help:Bot)"
208.80.194.37 - - [13/Dec/2010:15:00:22 +0100] "GET / HTTP/1.0" 404 - "-" "Mozilla/4.0 (compatible; MSIE 7.0; AOL 9.0; Windows NT 5.1; FunWebProducts; .NET CLR 2.0.50727; .NET CLR 1.1.4322)"
209.51.162.219 - - [13/Dec/2010:18:07:55 +0100] "GET /robots.txt HTTP/1.1" 404 - "-" "ShopWiki/1.0 ( +http://www.shopwiki.com/wiki/Help:Bot)"
209.51.162.219 - - [13/Dec/2010:22:38:09 +0100] "GET /robots.txt HTTP/1.1" 404 - "-" "ShopWiki/1.0 ( +http://www.shopwiki.com/wiki/Help:Bot)"
209.51.162.220 - - [14/Dec/2010:02:00:56 +0100] "GET /robots.txt HTTP/1.1" 404 - "-" "ShopWiki/1.0 ( +http://www.shopwiki.com/wiki/Help:Bot)"
209.51.162.219 - - [14/Dec/2010:05:05:27 +0100] "GET /robots.txt HTTP/1.1" 404 - "-" "ShopWiki/1.0 ( +http://www.shopwiki.com/wiki/Help:Bot)"
66.249.71.210 - - [14/Dec/2010:09:10:47 +0100] "GET /robots.txt HTTP/1.1" 404 - "-" "Mozilla/5.0 (compatible; Googlebot/2.1; +http://www.google.com/bot.html)"
66.249.66.70 - - [14/Dec/2010:09:10:48 +0100] "GET /livezilla/livezilla.php?template=lz_chat_frame.3.2.login.1.0& HTTP/1.1" 200 3689 "-" "Mozilla/5.0 (compatible; Googlebot/2.1; +http://www.google.com/bot.html)"
66.249.66.70 - - [14/Dec/2010:09:19:58 +0100] "GET /livezilla/livezilla.php?template=lz_chat_frame.3.2.login.0.0 HTTP/1.1" 200 1384 "-" "Mozilla/5.0 (compatible; Googlebot/2.1; +http://www.google.com/bot.html)"
66.249.66.70 - - [14/Dec/2010:09:26:06 +0100] "GET /livezilla/server.php?request=track&output=jscript&nse= HTTP/1.1" 200 26976 "-" "Mozilla/5.0 (compatible; Googlebot/2.1; +http://www.google.com/bot.html)"
66.249.71.210 - - [14/Dec/2010:09:29:10 +0100] "GET /livezilla/livezilla.php?template=lz_chat_frame.3.0 HTTP/1.1" 200 321 "-" "Mozilla/5.0 (compatible; Googlebot/2.1; +http://www.google.com/bot.html)"
209.51.162.220 - - [14/Dec/2010:11:12:12 +0100] "GET /robots.txt HTTP/1.1" 404 - "-" "ShopWiki/1.0 ( +http://www.shopwiki.com/wiki/Help:Bot)"
207.46.13.40 - - [14/Dec/2010:12:47:40 +0100] "GET /robots.txt HTTP/1.1" 404 - "-" "Mozilla/5.0 (compatible; bingbot/2.0; +http://www.bing.com/bingbot.htm)"
207.46.13.40 - - [14/Dec/2010:12:58:15 +0100] "GET /livezilla/livezilla.php?template=lz_chat_frame.3.2.login.1.0& HTTP/1.1" 200 3689 "-" "Mozilla/5.0 (compatible; bingbot/2.0; +http://www.bing.com/bingbot.htm)"
207.46.13.40 - - [14/Dec/2010:12:58:15 +0100] "GET /livezilla/livezilla.php HTTP/1.1" 200 89940 "-" "Mozilla/5.0 (compatible; bingbot/2.0; +http://www.bing.com/bingbot.htm)"
209.51.162.220 - - [14/Dec/2010:17:27:51 +0100] "GET /robots.txt HTTP/1.1" 404 - "-" "ShopWiki/1.0 ( +http://www.shopwiki.com/wiki/Help:Bot)"
82.166.163.11 - - [14/Dec/2010:17:54:43 +0100] "GET /livezilla/server.php?request=track&output=jscript&nse= HTTP/1.1" 200 26976 "http://www.f-m-shop.de/seiten/frame_froogle.cfm?kat=INTSATA&nav=2&artnr=A__20762" "Mozilla/4.0 (compatible; MSIE 6.0; Windows NT 5.1; SV1; .NET CLR 1.1.4322)"
209.51.162.219 - - [14/Dec/2010:21:32:27 +0100] "GET /robots.txt HTTP/1.1" 404 - "-" "ShopWiki/1.0 ( +http://www.shopwiki.com/wiki/Help:Bot)"
95.108.158.134 - - [14/Dec/2010:21:48:56 +0100] "GET /robots.txt HTTP/1.1" 404 - "-" "Mozilla/5.0 (compatible; YandexBot/3.0; +http://yandex.com/bots)"
95.108.158.134 - - [15/Dec/2010:02:18:21 +0100] "GET /robots.txt HTTP/1.1" 404 - "-" "Mozilla/5.0 (compatible; YandexBot/3.0; +http://yandex.com/bots)"
95.108.158.134 - - [15/Dec/2010:02:20:40 +0100] "GET / HTTP/1.1" 404 - "-" "Mozilla/5.0 (compatible; YandexBot/3.0; +http://yandex.com/bots)"
208.80.194.33 - - [15/Dec/2010:04:04:07 +0100] "GET / HTTP/1.0" 404 - "-" "Mozilla/4.0 (compatible; MSIE 7.0; Windows NT 5.1; VNIE60; .NET CLR 1.1.4322)"
66.249.66.79 - - [15/Dec/2010:08:20:57 +0100] "GET /robots.txt HTTP/1.1" 404 - "-" "Mozilla/5.0 (compatible; Googlebot/2.1; +http://www.google.com/bot.html)"
66.249.66.79 - - [15/Dec/2010:08:20:57 +0100] "GET /livezilla/livezilla.php?template=lz_chat_frame.4.1 HTTP/1.1" 200 578 "-" "Mozilla/5.0 (compatible; Googlebot/2.1; +http://www.google.com/bot.html)"
209.51.162.220 - - [15/Dec/2010:12:59:40 +0100] "GET /robots.txt HTTP/1.1" 404 - "-" "ShopWiki/1.0 ( +http://www.shopwiki.com/wiki/Help:Bot)"
209.51.162.220 - - [15/Dec/2010:17:30:32 +0100] "GET /robots.txt HTTP/1.1" 404 - "-" "ShopWiki/1.0 ( +http://www.shopwiki.com/wiki/Help:Bot)"
67.152.29.130 - - [16/Dec/2010:08:03:27 +0100] "GET /robots.txt HTTP/1.1" 404 - "-" "ShopWiki/1.0 ( +http://www.shopwiki.com/wiki/Help:Bot)"
209.51.162.220 - - [16/Dec/2010:11:21:40 +0100] "GET /robots.txt HTTP/1.1" 404 - "-" "ShopWiki/1.0 ( +http://www.shopwiki.com/wiki/Help:Bot)"
65.55.3.134 - - [16/Dec/2010:12:58:28 +0100] "GET /robots.txt HTTP/1.1" 404 - "-" "msnbot/2.0b (+http://search.msn.com/msnbot.htm)._"
65.55.3.134 - - [16/Dec/2010:12:58:28 +0100] "GET / HTTP/1.1" 404 - "-" "msnbot/2.0b (+http://search.msn.com/msnbot.htm)._"
8.11.2.10 - - [16/Dec/2010:15:04:12 +0100] "GET /robots.txt HTTP/1.1" 404 - "-" "ShopWiki/1.0 ( +http://www.shopwiki.com/wiki/Help:Bot)"
208.80.194.33 - - [16/Dec/2010:16:39:41 +0100] "GET / HTTP/1.0" 404 - "-" "Mozilla/4.0 (compatible; MSIE 7.0; Windows NT 5.1; FunWebProducts; YPC 3.2.0; (R1 1.5; yplus 4.1.00b); .NET CLR 1.1.4322)"
67.195.115.30 - - [17/Dec/2010:01:10:50 +0100] "GET /robots.txt HTTP/1.0" 404 - "-" "Mozilla/5.0 (compatible; Yahoo! Slurp; http://help.yahoo.com/help/us/ysearch/slurp)"
67.195.115.30 - - [17/Dec/2010:01:10:51 +0100] "GET /livezilla/livezilla.php HTTP/1.0" 200 89940 "-" "Mozilla/5.0 (compatible; Yahoo! Slurp; http://help.yahoo.com/help/us/ysearch/slurp)"
67.195.115.30 - - [17/Dec/2010:01:10:53 +0100] "GET /livezilla/templates/nojava.html HTTP/1.0" 200 1088 "-" "Mozilla/5.0 (compatible; Yahoo! Slurp; http://help.yahoo.com/help/us/ysearch/slurp)"
66.249.66.79 - - [17/Dec/2010:05:34:21 +0100] "GET /robots.txt HTTP/1.1" 404 - "-" "Mozilla/5.0 (compatible; Googlebot/2.1; +http://www.google.com/bot.html)"
66.249.66.79 - - [17/Dec/2010:05:34:22 +0100] "GET /livezilla/server.php?request=track&output=jscript&nse= HTTP/1.1" 200 26976 "-" "Mozilla/5.0 (compatible; Googlebot/2.1; +http://www.google.com/bot.html)"
95.108.158.134 - - [17/Dec/2010:07:35:04 +0100] "GET /robots.txt HTTP/1.1" 404 - "-" "Mozilla/5.0 (compatible; YandexBot/3.0; +http://yandex.com/bots)"
95.108.158.134 - - [17/Dec/2010:15:32:17 +0100] "GET / HTTP/1.1" 404 - "-" "Mozilla/5.0 (compatible; YandexBot/3.0; +http://yandex.com/bots)"
207.46.199.182 - - [18/Dec/2010:04:51:54 +0100] "GET /robots.txt HTTP/1.1" 404 - "-" "Mozilla/5.0 (compatible; bingbot/2.0; +http://www.bing.com/bingbot.htm)"
208.80.194.29 - - [18/Dec/2010:05:18:26 +0100] "GET / HTTP/1.0" 404 - "-" "Mozilla/4.0 (compatible; MSIE 7.0; Windows NT 5.1; .NET CLR 1.1.4322; .NET CLR 2.0.50727; .NET CLR 3.0.04506.30; InfoPath.1; TNET; TNET)"
209.51.162.220 - - [18/Dec/2010:07:33:08 +0100] "GET /robots.txt HTTP/1.1" 404 - "-" "ShopWiki/1.0 ( +http://www.shopwiki.com/wiki/Help:Bot)"
67.152.29.130 - - [18/Dec/2010:11:57:53 +0100] "GET /robots.txt HTTP/1.1" 404 - "-" "ShopWiki/1.0 ( +http://www.shopwiki.com/wiki/Help:Bot)"
209.51.162.220 - - [18/Dec/2010:15:06:13 +0100] "GET /robots.txt HTTP/1.1" 404 - "-" "ShopWiki/1.0 ( +http://www.shopwiki.com/wiki/Help:Bot)"
8.11.2.10 - - [18/Dec/2010:19:39:02 +0100] "GET /robots.txt HTTP/1.1" 404 - "-" "ShopWiki/1.0 ( +http://www.shopwiki.com/wiki/Help:Bot)"
95.108.158.134 - - [18/Dec/2010:22:38:12 +0100] "GET /robots.txt HTTP/1.1" 404 - "-" "Mozilla/5.0 (compatible; YandexBot/3.0; +http://yandex.com/bots)"
95.108.158.134 - - [19/Dec/2010:00:33:07 +0100] "GET / HTTP/1.1" 404 - "-" "Mozilla/5.0 (compatible; YandexBot/3.0; +http://yandex.com/bots)"
208.80.194.29 - - [19/Dec/2010:13:12:36 +0100] "GET / HTTP/1.0" 404 - "-" "Mozilla/4.0 (compatible; MSIE 7.0; Windows NT 5.1; .NET CLR 2.0.50727; MSN 6.1; MSNbMSFT; MSNmen-us; MSNc00; v5m)"
207.46.199.49 - - [19/Dec/2010:20:23:06 +0100] "GET /robots.txt HTTP/1.1" 404 - "-" "Mozilla/5.0 (compatible; bingbot/2.0; +http://www.bing.com/bingbot.htm)"
207.46.199.49 - - [19/Dec/2010:20:28:23 +0100] "GET /livezilla/livezilla.php?template=lz_chat_frame.3.2.login& HTTP/1.1" 200 1105 "-" "Mozilla/5.0 (compatible; bingbot/2.0; +http://www.bing.com/bingbot.htm)"
207.46.199.49 - - [19/Dec/2010:20:28:23 +0100] "GET /livezilla/livezilla.php HTTP/1.1" 200 89940 "-" "Mozilla/5.0 (compatible; bingbot/2.0; +http://www.bing.com/bingbot.htm)"
209.51.162.220 - - [19/Dec/2010:21:35:55 +0100] "GET /robots.txt HTTP/1.1" 404 - "-" "ShopWiki/1.0 ( +http://www.shopwiki.com/wiki/Help:Bot)"
209.51.162.219 - - [20/Dec/2010:05:37:36 +0100] "GET /robots.txt HTTP/1.1" 404 - "-" "ShopWiki/1.0 ( +http://www.shopwiki.com/wiki/Help:Bot)"
83.172.107.122 - - [20/Dec/2010:07:07:05 +0100] "GET / HTTP/1.1" 404 - "-" "Java/1.6.0_22"
66.249.68.236 - - [20/Dec/2010:10:47:45 +0100] "GET /robots.txt HTTP/1.1" 404 - "-" "Mozilla/5.0 (compatible; Googlebot/2.1; +http://www.google.com/bot.html)"
66.249.68.236 - - [20/Dec/2010:10:47:45 +0100] "GET /livezilla/livezilla.php HTTP/1.1" 200 89940 "-" "Mozilla/5.0 (compatible; Googlebot/2.1; +http://www.google.com/bot.html)"
8.11.2.10 - - [20/Dec/2010:14:25:06 +0100] "GET /robots.txt HTTP/1.1" 404 - "-" "ShopWiki/1.0 ( +http://www.shopwiki.com/wiki/Help:Bot)"
66.249.68.236 - - [20/Dec/2010:18:43:22 +0100] "GET /robots.txt HTTP/1.1" 404 - "-" "Mozilla/5.0 (compatible; Googlebot/2.1; +http://www.google.com/bot.html)"
83.172.107.122 - - [20/Dec/2010:20:04:54 +0100] "GET / HTTP/1.1" 404 - "-" "Java/1.6.0_22"
95.108.158.134 - - [20/Dec/2010:20:50:10 +0100] "GET /robots.txt HTTP/1.1" 404 - "-" "Mozilla/5.0 (compatible; YandexBot/3.0; +http://yandex.com/bots)"
66.249.72.239 - - [20/Dec/2010:22:23:07 +0100] "GET /robots.txt HTTP/1.1" 404 - "-" "Mozilla/5.0 (compatible; Googlebot/2.1; +http://www.google.com/bot.html)"
66.249.72.239 - - [20/Dec/2010:22:23:07 +0100] "GET /livezilla/livezilla.php?template=lz_chat_frame.3.0 HTTP/1.1" 200 321 "-" "Mozilla/5.0 (compatible; Googlebot/2.1; +http://www.google.com/bot.html)"
208.80.194.31 - - [20/Dec/2010:23:19:58 +0100] "GET / HTTP/1.0" 404 - "-" "Mozilla/4.0 (compatible; MSIE 6.0; Windows 98; .NET CLR 1.1.4322; ZangoToolbar 4.8.3)"
87.210.91.205 - - [21/Dec/2010:05:19:01 +0100] "GET / HTTP/1.1" 404 - "-" "Java/1.4.1_04"
95.108.158.134 - - [21/Dec/2010:08:27:50 +0100] "GET /robots.txt HTTP/1.1" 404 - "-" "Mozilla/5.0 (compatible; YandexBot/3.0; +http://yandex.com/bots)"
67.52.21.234 - - [21/Dec/2010:11:53:57 +0100] "GET / HTTP/1.1" 404 - "-" "Java/1.6.0_23"
65.55.3.134 - - [21/Dec/2010:13:55:58 +0100] "GET /robots.txt HTTP/1.1" 404 - "-" "msnbot/2.0b (+http://search.msn.com/msnbot.htm)._"
65.55.3.134 - - [21/Dec/2010:13:55:58 +0100] "GET / HTTP/1.1" 404 - "-" "msnbot/2.0b (+http://search.msn.com/msnbot.htm)._"
95.108.158.134 - - [21/Dec/2010:17:13:53 +0100] "GET / HTTP/1.1" 404 - "-" "Mozilla/5.0 (compatible; YandexBot/3.0; +http://yandex.com/bots)"
8.11.2.10 - - [22/Dec/2010:02:42:56 +0100] "GET /robots.txt HTTP/1.1" 404 - "-" "ShopWiki/1.0 ( +http://www.shopwiki.com/wiki/Help:Bot)"
217.37.145.22 - - [22/Dec/2010:03:04:13 +0100] "GET / HTTP/1.1" 404 - "-" "Java/1.6.0_05"
67.52.189.82 - - [22/Dec/2010:09:09:52 +0100] "GET / HTTP/1.1" 404 - "-" "Java/1.4.2"
208.80.194.26 - - [22/Dec/2010:11:26:58 +0100] "GET / HTTP/1.0" 404 - "-" "Mozilla/4.0 (compatible; MSIE 6.0; Windows NT 5.1; SV1; sbcydsl 3.12; YPC 3.0.3; .NET CLR 1.1.4322; .NET CLR 2.0.50215; .NET CLR 2.0.50727)"
81.149.169.98 - - [22/Dec/2010:11:50:55 +0100] "GET / HTTP/1.1" 404 - "-" "Java/1.6.0_22"
209.51.162.219 - - [23/Dec/2010:01:22:48 +0100] "GET /robots.txt HTTP/1.1" 404 - "-" "ShopWiki/1.0 ( +http://www.shopwiki.com/wiki/Help:Bot)"
83.172.107.122 - - [23/Dec/2010:01:57:12 +0100] "GET / HTTP/1.1" 404 - "-" "Java/1.6.0_22"
83.172.107.122 - - [23/Dec/2010:02:19:01 +0100] "GET / HTTP/1.1" 404 - "-" "Java/1.6.0_22"
209.51.162.220 - - [23/Dec/2010:04:50:38 +0100] "GET /robots.txt HTTP/1.1" 404 - "-" "ShopWiki/1.0 ( +http://www.shopwiki.com/wiki/Help:Bot)"
8.11.2.10 - - [23/Dec/2010:05:41:33 +0100] "GET /livezilla/livezilla.php HTTP/1.1" 200 90096 "-" "ShopWiki/1.0 ( +http://www.shopwiki.com/wiki/Help:Bot)"
8.11.2.10 - - [23/Dec/2010:05:41:34 +0100] "GET /livezilla/templates/style.css HTTP/1.1" 200 9496 "-" "ShopWiki/1.0 ( +http://www.shopwiki.com/wiki/Help:Bot)"
209.51.162.219 - - [23/Dec/2010:05:49:17 +0100] "GET /livezilla/livezilla.php?template=lz_chat_frame.3.3 HTTP/1.1" 200 321 "-" "ShopWiki/1.0 ( +http://www.shopwiki.com/wiki/Help:Bot)"
209.51.162.219 - - [23/Dec/2010:05:49:18 +0100] "GET /livezilla/templates/style.css HTTP/1.1" 200 9496 "-" "ShopWiki/1.0 ( +http://www.shopwiki.com/wiki/Help:Bot)"
209.51.162.219 - - [23/Dec/2010:05:49:19 +0100] "GET /livezilla/livezilla.php?template=lz_chat_frame.3.0 HTTP/1.1" 200 321 "-" "ShopWiki/1.0 ( +http://www.shopwiki.com/wiki/Help:Bot)"
209.51.162.219 - - [23/Dec/2010:05:49:20 +0100] "GET /livezilla/livezilla.php?template=lz_chat_frame.2.0 HTTP/1.1" 200 344 "-" "ShopWiki/1.0 ( +http://www.shopwiki.com/wiki/Help:Bot)"
209.51.162.219 - - [23/Dec/2010:05:49:23 +0100] "GET /livezilla/livezilla.php?template=lz_chat_frame.2.2 HTTP/1.1" 200 345 "-" "ShopWiki/1.0 ( +http://www.shopwiki.com/wiki/Help:Bot)"
8.11.2.10 - - [23/Dec/2010:05:49:29 +0100] "GET /livezilla/livezilla.php?template=lz_chat_frame.5.1 HTTP/1.1" 200 345 "-" "ShopWiki/1.0 ( +http://www.shopwiki.com/wiki/Help:Bot)"
209.51.162.219 - - [23/Dec/2010:05:49:36 +0100] "GET /livezilla/livezilla.php?template=lz_chat_frame.1.1 HTTP/1.1" 200 2407 "-" "ShopWiki/1.0 ( +http://www.shopwiki.com/wiki/Help:Bot)"
209.51.162.219 - - [23/Dec/2010:05:49:40 +0100] "GET /livezilla/livezilla.php?template=lz_chat_frame.0.0 HTTP/1.1" 200 338 "-" "ShopWiki/1.0 ( +http://www.shopwiki.com/wiki/Help:Bot)"
209.51.162.219 - - [23/Dec/2010:05:49:42 +0100] "GET /livezilla/livezilla.php?template=lz_chat_frame.0.2 HTTP/1.1" 200 321 "-" "ShopWiki/1.0 ( +http://www.shopwiki.com/wiki/Help:Bot)"
209.51.162.219 - - [23/Dec/2010:05:49:43 +0100] "GET /livezilla/livezilla.php?template=lz_chat_frame.0.1 HTTP/1.1" 200 343 "-" "ShopWiki/1.0 ( +http://www.shopwiki.com/wiki/Help:Bot)"
209.51.162.219 - - [23/Dec/2010:05:49:44 +0100] "GET /livezilla/livezilla.php?template=lz_chat_frame.4.1 HTTP/1.1" 200 578 "-" "ShopWiki/1.0 ( +http://www.shopwiki.com/wiki/Help:Bot)"
209.51.162.219 - - [23/Dec/2010:05:49:45 +0100] "GET /livezilla/livezilla.php?template=lz_chat_frame.1.0 HTTP/1.1" 200 344 "-" "ShopWiki/1.0 ( +http://www.shopwiki.com/wiki/Help:Bot)"
209.51.162.219 - - [23/Dec/2010:05:49:46 +0100] "GET /livezilla/livezilla.php?template=lz_chat_frame.1.2 HTTP/1.1" 200 345 "-" "ShopWiki/1.0 ( +http://www.shopwiki.com/wiki/Help:Bot)"
67.52.189.82 - - [23/Dec/2010:16:27:20 +0100] "GET / HTTP/1.1" 404 - "-" "Java/1.4.2"
8.11.2.10 - - [23/Dec/2010:17:12:04 +0100] "GET /robots.txt HTTP/1.1" 404 - "-" "ShopWiki/1.0 ( +http://www.shopwiki.com/wiki/Help:Bot)"
95.108.158.134 - - [23/Dec/2010:22:02:59 +0100] "GET /robots.txt HTTP/1.1" 404 - "-" "Mozilla/5.0 (compatible; YandexBot/3.0; +http://yandex.com/bots)"
208.80.194.35 - - [23/Dec/2010:23:09:33 +0100] "GET / HTTP/1.0" 404 - "-" "Mozilla/4.0 (compatible; MSIE 7.0; Windows NT 5.1; {AF747E34-3793-4252-D1E3-69E41F0D2B5B}; .NET CLR 1.1.4322)"
95.108.158.134 - - [24/Dec/2010:01:18:26 +0100] "GET / HTTP/1.1" 404 - "-" "Mozilla/5.0 (compatible; YandexBot/3.0; +http://yandex.com/bots)"
69.84.207.147 - - [24/Dec/2010:15:34:34 +0100] "GET /livezilla/server.php HTTP/1.1" 302 1722 "-" "Mozilla/4.0 (compatible; MSIE 7.0;Windows NT 5.1;.NET CLR 1.1.4322;.NET CLR 2.0.50727;.NET CLR 3.0.04506.30)"
8.11.2.10 - - [25/Dec/2010:03:05:15 +0100] "GET /robots.txt HTTP/1.1" 404 - "-" "ShopWiki/1.0 ( +http://www.shopwiki.com/wiki/Help:Bot)"
208.80.194.37 - - [25/Dec/2010:10:42:04 +0100] "GET / HTTP/1.0" 404 - "-" "Mozilla/4.0 (compatible; MSIE 6.0; Windows 98; Win 9x 4.90; IE5.x/Winxx/EZN/xx)"
209.51.162.220 - - [25/Dec/2010:10:52:50 +0100] "GET /robots.txt HTTP/1.1" 404 - "-" "ShopWiki/1.0 ( +http://www.shopwiki.com/wiki/Help:Bot)"
209.51.162.219 - - [25/Dec/2010:15:20:19 +0100] "GET /robots.txt HTTP/1.1" 404 - "-" "ShopWiki/1.0 ( +http://www.shopwiki.com/wiki/Help:Bot)"
95.108.158.134 - - [25/Dec/2010:20:06:37 +0100] "GET /robots.txt HTTP/1.1" 404 - "-" "Mozilla/5.0 (compatible; YandexBot/3.0; +http://yandex.com/bots)"
67.152.29.130 - - [25/Dec/2010:21:16:15 +0100] "GET /robots.txt HTTP/1.1" 404 - "-" "ShopWiki/1.0 ( +http://www.shopwiki.com/wiki/Help:Bot)"
95.108.158.134 - - [26/Dec/2010:00:16:18 +0100] "GET / HTTP/1.1" 404 - "-" "Mozilla/5.0 (compatible; YandexBot/3.0; +http://yandex.com/bots)"
67.195.115.30 - - [26/Dec/2010:00:35:31 +0100] "GET /robots.txt HTTP/1.0" 404 - "-" "Mozilla/5.0 (compatible; Yahoo! Slurp; http://help.yahoo.com/help/us/ysearch/slurp)"
67.195.115.30 - - [26/Dec/2010:00:35:31 +0100] "GET /livezilla/livezilla.php HTTP/1.0" 200 89940 "-" "Mozilla/5.0 (compatible; Yahoo! Slurp; http://help.yahoo.com/help/us/ysearch/slurp)"
67.195.115.30 - - [26/Dec/2010:00:35:33 +0100] "GET /livezilla/templates/nojava.html HTTP/1.0" 200 1088 "-" "Mozilla/5.0 (compatible; Yahoo! Slurp; http://help.yahoo.com/help/us/ysearch/slurp)"
67.152.29.130 - - [26/Dec/2010:01:51:29 +0100] "GET /robots.txt HTTP/1.1" 404 - "-" "ShopWiki/1.0 ( +http://www.shopwiki.com/wiki/Help:Bot)"
67.52.64.21 - - [26/Dec/2010:04:15:28 +0100] "GET / HTTP/1.1" 404 - "-" "Java/1.6.0_23"
217.37.145.22 - - [26/Dec/2010:05:23:49 +0100] "GET / HTTP/1.1" 404 - "-" "Java/1.6.0_05"
65.55.3.134 - - [26/Dec/2010:14:32:49 +0100] "GET /robots.txt HTTP/1.1" 404 - "-" "msnbot/2.0b (+http://search.msn.com/msnbot.htm)._"
65.55.3.134 - - [26/Dec/2010:14:32:49 +0100] "GET / HTTP/1.1" 404 - "-" "msnbot/2.0b (+http://search.msn.com/msnbot.htm)._"
67.52.189.82 - - [26/Dec/2010:18:22:55 +0100] "GET / HTTP/1.1" 404 - "-" "Java/1.4.2"
67.152.29.130 - - [26/Dec/2010:22:00:19 +0100] "GET /robots.txt HTTP/1.1" 404 - "-" "ShopWiki/1.0 ( +http://www.shopwiki.com/wiki/Help:Bot)"
208.80.194.33 - - [26/Dec/2010:22:18:32 +0100] "GET / HTTP/1.0" 404 - "-" "Mozilla/4.0 (compatible; MSIE 7.0; Windows NT 5.1; ga=MDAxMzIwMmUwYmMw; .NET CLR 1.1.4322; .NET CLR 2.0.50727)"
67.152.29.130 - - [27/Dec/2010:01:27:15 +0100] "GET /robots.txt HTTP/1.1" 404 - "-" "ShopWiki/1.0 ( +http://www.shopwiki.com/wiki/Help:Bot)"
8.11.2.9 - - [27/Dec/2010:04:48:50 +0100] "GET /robots.txt HTTP/1.1" 404 - "-" "ShopWiki/1.0 ( +http://www.shopwiki.com/wiki/Help:Bot)"
8.11.2.10 - - [27/Dec/2010:09:35:10 +0100] "GET /robots.txt HTTP/1.1" 404 - "-" "ShopWiki/1.0 ( +http://www.shopwiki.com/wiki/Help:Bot)"
95.108.158.134 - - [27/Dec/2010:20:16:31 +0100] "GET /robots.txt HTTP/1.1" 404 - "-" "Mozilla/5.0 (compatible; YandexBot/3.0; +http://yandex.com/bots)"
95.108.158.134 - - [27/Dec/2010:21:09:14 +0100] "GET / HTTP/1.1" 404 - "-" "Mozilla/5.0 (compatible; YandexBot/3.0; +http://yandex.com/bots)"
209.51.162.219 - - [28/Dec/2010:02:53:06 +0100] "GET /robots.txt HTTP/1.1" 404 - "-" "ShopWiki/1.0 ( +http://www.shopwiki.com/wiki/Help:Bot)"
209.51.162.219 - - [28/Dec/2010:06:31:47 +0100] "GET /robots.txt HTTP/1.1" 404 - "-" "ShopWiki/1.0 ( +http://www.shopwiki.com/wiki/Help:Bot)"
208.80.194.29 - - [28/Dec/2010:09:25:11 +0100] "GET / HTTP/1.0" 404 - "-" "Mozilla/4.0 (compatible; MSIE 6.0; Windows NT 5.1; MEGAUPLOAD 1.0; yplus 5.1.04b)"
66.249.72.3 - - [28/Dec/2010:09:29:36 +0100] "GET /robots.txt HTTP/1.1" 404 - "-" "Mozilla/5.0 (compatible; Googlebot/2.1; +http://www.google.com/bot.html)"
66.249.72.3 - - [28/Dec/2010:09:29:36 +0100] "GET /livezilla/livezilla.php?template=lz_chat_frame.5.1 HTTP/1.1" 200 345 "-" "Mozilla/5.0 (compatible; Googlebot/2.1; +http://www.google.com/bot.html)"
66.249.72.3 - - [28/Dec/2010:11:01:49 +0100] "GET /livezilla/livezilla.php?template=lz_chat_frame.4.1 HTTP/1.1" 200 578 "-" "Mozilla/5.0 (compatible; Googlebot/2.1; +http://www.google.com/bot.html)"
8.11.2.10 - - [28/Dec/2010:12:33:51 +0100] "GET /robots.txt HTTP/1.1" 404 - "-" "ShopWiki/1.0 ( +http://www.shopwiki.com/wiki/Help:Bot)"
8.11.2.10 - - [28/Dec/2010:16:59:04 +0100] "GET /robots.txt HTTP/1.1" 404 - "-" "ShopWiki/1.0 ( +http://www.shopwiki.com/wiki/Help:Bot)"
208.115.111.249 - - [28/Dec/2010:18:30:07 +0100] "GET /robots.txt HTTP/1.1" 404 - "-" "Mozilla/5.0 (compatible; DotBot/1.1; http://www.dotnetdotcom.org/, crawler@dotnetdotcom.org)"
208.115.111.249 - - [28/Dec/2010:23:08:09 +0100] "GET /livezilla/%5C HTTP/1.1" 404 - "-" "Mozilla/5.0 (compatible; DotBot/1.1; http://www.dotnetdotcom.org/, crawler@dotnetdotcom.org)"
208.115.111.249 - - [28/Dec/2010:23:08:14 +0100] "GET /livezilla/livezilla.php HTTP/1.1" 200 89940 "-" "Mozilla/5.0 (compatible; DotBot/1.1; http://www.dotnetdotcom.org/, crawler@dotnetdotcom.org)"
67.152.29.130 - - [29/Dec/2010:00:38:25 +0100] "GET /robots.txt HTTP/1.1" 404 - "-" "ShopWiki/1.0 ( +http://www.shopwiki.com/wiki/Help:Bot)"
96.31.166.228 - - [29/Dec/2010:03:05:30 +0100] "GET /robots.txt HTTP/1.1" 404 - "-" "Mozilla/5.0 (compatible; Search17Bot/1.1; http://www.search17.com/bot.php)"
96.31.166.228 - - [29/Dec/2010:03:05:30 +0100] "GET / HTTP/1.1" 404 - "-" "Mozilla/5.0 (compatible; Search17Bot/1.1; http://www.search17.com/bot.php)"
67.52.64.21 - - [29/Dec/2010:16:20:46 +0100] "GET / HTTP/1.1" 404 - "-" "Java/1.6.0_23"
95.108.158.134 - - [29/Dec/2010:20:18:19 +0100] "GET /robots.txt HTTP/1.1" 404 - "-" "Mozilla/5.0 (compatible; YandexBot/3.0; +http://yandex.com/bots)"
67.152.29.130 - - [29/Dec/2010:21:05:16 +0100] "GET /robots.txt HTTP/1.1" 404 - "-" "ShopWiki/1.0 ( +http://www.shopwiki.com/wiki/Help:Bot)"
208.80.194.31 - - [29/Dec/2010:21:32:50 +0100] "GET / HTTP/1.0" 404 - "-" "Mozilla/4.0 (compatible; MSIE 6.0; Windows NT 5.1; SV1; YPC 3.2.0; .NET CLR 1.1.4322; PeoplePal 3.0; Comcast)"
209.51.162.220 - - [30/Dec/2010:00:21:59 +0100] "GET /robots.txt HTTP/1.1" 404 - "-" "ShopWiki/1.0 ( +http://www.shopwiki.com/wiki/Help:Bot)"
95.108.158.134 - - [30/Dec/2010:07:09:33 +0100] "GET / HTTP/1.1" 404 - "-" "Mozilla/5.0 (compatible; YandexBot/3.0; +http://yandex.com/bots)"
8.11.2.9 - - [30/Dec/2010:08:11:16 +0100] "GET /robots.txt HTTP/1.1" 404 - "-" "ShopWiki/1.0 ( +http://www.shopwiki.com/wiki/Help:Bot)"
209.51.162.219 - - [30/Dec/2010:12:53:38 +0100] "GET /robots.txt HTTP/1.1" 404 - "-" "ShopWiki/1.0 ( +http://www.shopwiki.com/wiki/Help:Bot)"
208.80.194.29 - - [31/Dec/2010:10:05:31 +0100] "GET / HTTP/1.0" 404 - "-" "Mozilla/4.0 (compatible; MSIE 7.0; Windows NT 5.1; BT Openworld BB; .NET CLR 1.1.4322; .NET CLR 2.0.50727)"
65.55.3.134 - - [31/Dec/2010:12:58:42 +0100] "GET /robots.txt HTTP/1.1" 404 - "-" "msnbot/2.0b (+http://search.msn.com/msnbot.htm)._"
65.55.3.134 - - [31/Dec/2010:12:58:42 +0100] "GET / HTTP/1.1" 404 - "-" "msnbot/2.0b (+http://search.msn.com/msnbot.htm)._"
67.152.29.130 - - [31/Dec/2010:20:54:27 +0100] "GET /robots.txt HTTP/1.1" 404 - "-" "ShopWiki/1.0 ( +http://www.shopwiki.com/wiki/Help:Bot)"
95.108.158.134 - - [31/Dec/2010:22:01:42 +0100] "GET /robots.txt HTTP/1.1" 404 - "-" "Mozilla/5.0 (compatible; YandexBot/3.0; +http://yandex.com/bots)"