157.55.35.90 - - [01/Feb/2013:00:24:03 +0100] "GET /robots.txt HTTP/1.1" 404 320 "-" "Mozilla/5.0 (compatible; bingbot/2.0; +http://www.bing.com/bingbot.htm)"
157.55.35.90 - - [01/Feb/2013:00:25:34 +0100] "GET / HTTP/1.1" 200 1229 "-" "Mozilla/5.0 (compatible; bingbot/2.0; +http://www.bing.com/bingbot.htm)"
178.255.215.74 - - [01/Feb/2013:00:46:42 +0100] "GET /robots.txt HTTP/1.1" 404 320 "-" "Mozilla/5.0 (compatible; Exabot/3.0; +http://www.exabot.com/go/robot)"
178.255.215.74 - - [01/Feb/2013:00:46:42 +0100] "GET / HTTP/1.1" 304 - "-" "Mozilla/5.0 (compatible; Exabot/3.0; +http://www.exabot.com/go/robot)"
78.46.109.71 - - [01/Feb/2013:01:44:03 +0100] "GET / HTTP/1.1" 200 1229 "-" "-"
84.151.6.118 - - [01/Feb/2013:01:46:04 +0100] "GET / HTTP/1.0" 200 1229 "-" "-"
91.66.189.28 - - [01/Feb/2013:02:07:11 +0100] "GET / HTTP/1.1" 200 1229 "-" "-"
141.8.147.1 - - [01/Feb/2013:02:46:21 +0100] "GET /robots.txt HTTP/1.1" 404 337 "-" "Mozilla/5.0 (compatible; YandexBot/3.0; +http://yandex.com/bots)"
141.8.147.1 - - [01/Feb/2013:04:16:51 +0100] "GET / HTTP/1.1" 200 1229 "-" "Mozilla/5.0 (compatible; YandexBot/3.0; +http://yandex.com/bots)"
157.55.33.77 - - [01/Feb/2013:04:57:56 +0100] "GET /robots.txt HTTP/1.1" 404 320 "-" "Mozilla/5.0 (compatible; bingbot/2.0; +http://www.bing.com/bingbot.htm)"
157.55.33.77 - - [01/Feb/2013:04:59:57 +0100] "GET /seiten/optiplus_detail.php?det=guete HTTP/1.1" 404 336 "-" "Mozilla/5.0 (compatible; bingbot/2.0; +http://www.bing.com/bingbot.htm)"
109.200.202.6 - - [01/Feb/2013:05:00:52 +0100] "GET /user/soapCaller.bs HTTP/1.1" 404 323 "-" "Morfeus Fucking Scanner"
109.200.202.6 - - [01/Feb/2013:05:00:52 +0100] "GET /user/soapCaller.bs HTTP/1.1" 404 323 "-" "Morfeus Fucking Scanner"
109.200.202.6 - - [01/Feb/2013:05:00:52 +0100] "GET /user/soapCaller.bs HTTP/1.1" 404 323 "-" "Morfeus Fucking Scanner"
109.200.202.6 - - [01/Feb/2013:05:00:52 +0100] "GET /user/soapCaller.bs HTTP/1.1" 404 323 "-" "Morfeus Fucking Scanner"
109.200.202.6 - - [01/Feb/2013:05:00:52 +0100] "GET /user/soapCaller.bs HTTP/1.1" 404 323 "-" "Morfeus Fucking Scanner"
109.200.202.6 - - [01/Feb/2013:05:00:52 +0100] "GET /user/soapCaller.bs HTTP/1.1" 404 323 "-" "Morfeus Fucking Scanner"
109.200.202.6 - - [01/Feb/2013:05:00:52 +0100] "GET /user/soapCaller.bs HTTP/1.1" 404 323 "-" "Morfeus Fucking Scanner"
109.200.202.6 - - [01/Feb/2013:05:00:52 +0100] "GET /user/soapCaller.bs HTTP/1.1" 404 323 "-" "Morfeus Fucking Scanner"
109.200.202.6 - - [01/Feb/2013:05:00:52 +0100] "GET /user/soapCaller.bs HTTP/1.1" 404 323 "-" "Morfeus Fucking Scanner"
109.200.202.6 - - [01/Feb/2013:05:00:52 +0100] "GET /user/soapCaller.bs HTTP/1.1" 404 323 "-" "Morfeus Fucking Scanner"
5.9.27.74 - - [01/Feb/2013:06:07:29 +0100] "GET /robots.txt HTTP/1.1" 404 328 "-" "Mozilla/5.0 (compatible; SISTRIX Crawler; http://crawler.sistrix.net/)"
5.9.27.74 - - [01/Feb/2013:06:07:29 +0100] "GET / HTTP/1.1" 200 1229 "-" "Mozilla/5.0 (compatible; SISTRIX Crawler; http://crawler.sistrix.net/)"
83.89.25.101 - - [01/Feb/2013:07:21:09 +0100] "GET /w00tw00t.at.blackhats.romanian.anti-sec:) HTTP/1.1" 404 346 "-" "ZmEu"
83.89.25.101 - - [01/Feb/2013:07:21:09 +0100] "GET /w00tw00t.at.blackhats.romanian.anti-sec:) HTTP/1.1" 404 346 "-" "ZmEu"
83.89.25.101 - - [01/Feb/2013:07:21:09 +0100] "GET /w00tw00t.at.blackhats.romanian.anti-sec:) HTTP/1.1" 404 346 "-" "ZmEu"
83.89.25.101 - - [01/Feb/2013:07:21:09 +0100] "GET /w00tw00t.at.blackhats.romanian.anti-sec:) HTTP/1.1" 404 346 "-" "ZmEu"
83.89.25.101 - - [01/Feb/2013:07:21:09 +0100] "GET /w00tw00t.at.blackhats.romanian.anti-sec:) HTTP/1.1" 404 346 "-" "ZmEu"
83.89.25.101 - - [01/Feb/2013:07:21:09 +0100] "GET /w00tw00t.at.blackhats.romanian.anti-sec:) HTTP/1.1" 404 346 "-" "ZmEu"
83.89.25.101 - - [01/Feb/2013:07:21:09 +0100] "GET /w00tw00t.at.blackhats.romanian.anti-sec:) HTTP/1.1" 404 346 "-" "ZmEu"
83.89.25.101 - - [01/Feb/2013:07:21:09 +0100] "GET /w00tw00t.at.blackhats.romanian.anti-sec:) HTTP/1.1" 404 346 "-" "ZmEu"
83.89.25.101 - - [01/Feb/2013:07:21:09 +0100] "GET /w00tw00t.at.blackhats.romanian.anti-sec:) HTTP/1.1" 404 346 "-" "ZmEu"
83.89.25.101 - - [01/Feb/2013:07:21:09 +0100] "GET /w00tw00t.at.blackhats.romanian.anti-sec:) HTTP/1.1" 404 346 "-" "ZmEu"
83.89.25.101 - - [01/Feb/2013:07:21:15 +0100] "GET /phpMyAdmin/scripts/setup.php HTTP/1.1" 404 333 "-" "ZmEu"
84.151.6.189 - - [01/Feb/2013:08:07:42 +0100] "GET / HTTP/1.0" 200 1229 "-" "-"
66.249.78.165 - - [01/Feb/2013:08:59:29 +0100] "GET /robots.txt HTTP/1.1" 404 315 "-" "Mozilla/5.0 (compatible; Googlebot/2.1; +http://www.google.com/bot.html)"
66.249.78.165 - - [01/Feb/2013:08:59:29 +0100] "GET / HTTP/1.1" 200 1229 "-" "Mozilla/5.0 (compatible; Googlebot/2.1; +http://www.google.com/bot.html)"
141.8.147.1 - - [01/Feb/2013:09:36:36 +0100] "GET /robots.txt HTTP/1.1" 404 320 "-" "Mozilla/5.0 (compatible; YandexBot/3.0; +http://yandex.com/bots)"
77.78.109.73 - - [01/Feb/2013:11:19:27 +0100] "GET / HTTP/1.1" 200 1229 "http://www.pagesinventory.com/domain/www.mink-berlin.de.html" "Mozilla/5.0 (Windows; U; Windows NT 5.1; cs; rv:1.9.0.11) Gecko/2009060215 Firefox/3.0.11"
157.55.35.90 - - [01/Feb/2013:12:40:09 +0100] "GET /robots.txt HTTP/1.1" 404 320 "-" "Mozilla/5.0 (compatible; bingbot/2.0; +http://www.bing.com/bingbot.htm)"
69.175.126.170 - - [01/Feb/2013:12:40:56 +0100] "GET / HTTP/1.0" 200 1229 "-" "-"
157.55.35.90 - - [01/Feb/2013:12:41:43 +0100] "GET / HTTP/1.1" 200 1229 "-" "Mozilla/5.0 (compatible; bingbot/2.0; +http://www.bing.com/bingbot.htm)"
178.77.126.55 - - [01/Feb/2013:13:11:27 +0100] "GET /robots.txt HTTP/1.1" 404 320 "-" "Mozilla/5.0 (compatible; CareerBot/1.1; +http://www.career-x.de/bot.html)"
178.77.126.55 - - [01/Feb/2013:13:11:27 +0100] "GET / HTTP/1.1" 200 1229 "-" "Mozilla/5.0 (compatible; CareerBot/1.1; +http://www.career-x.de/bot.html)"
178.255.215.64 - - [01/Feb/2013:14:02:55 +0100] "GET /robots.txt HTTP/1.1" 404 322 "-" "Mozilla/5.0 (compatible; Exabot/3.0; +http://www.exabot.com/go/robot)"
178.255.215.64 - - [01/Feb/2013:14:02:55 +0100] "GET / HTTP/1.1" 304 - "-" "Mozilla/5.0 (compatible; Exabot/3.0; +http://www.exabot.com/go/robot)"
141.8.147.1 - - [01/Feb/2013:16:02:26 +0100] "GET / HTTP/1.1" 200 1229 "-" "Mozilla/5.0 (compatible; YandexBot/3.0; +http://yandex.com/bots)"
136.186.231.16 - - [01/Feb/2013:19:13:02 +0100] "GET / HTTP/1.1" 200 1229 "-" "-"
176.9.148.197 - - [01/Feb/2013:23:34:03 +0100] "GET /robots.txt HTTP/1.1" 404 320 "-" "Mozilla/5.0 (compatible; SISTRIX Crawler; http://crawler.sistrix.net/)"
176.9.148.197 - - [01/Feb/2013:23:34:03 +0100] "GET / HTTP/1.1" 200 1229 "-" "Mozilla/5.0 (compatible; SISTRIX Crawler; http://crawler.sistrix.net/)"
64.246.165.140 - - [01/Feb/2013:23:52:08 +0100] "GET /robots.txt HTTP/1.0" 404 334 "-" "Mozilla/5.0 (Windows; U; Windows NT 5.1; en; rv:1.9.0.13) Gecko/2009073022 Firefox/3.5.2 (.NET CLR 3.5.30729) SurveyBot/2.3 (DomainTools)"
64.246.165.140 - - [01/Feb/2013:23:52:08 +0100] "GET / HTTP/1.1" 200 1229 "http://whois.domaintools.com/schraeg-senkrechtaufzuege.de" "Mozilla/5.0 (Windows; U; Windows NT 5.1; en; rv:1.9.0.13) Gecko/2009073022 Firefox/3.5.2 (.NET CLR 3.5.30729) SurveyBot/2.3 (DomainTools)"
194.153.113.35 - - [01/Feb/2013:23:57:44 +0100] "HEAD / HTTP/1.1" 200 - "-" "Mozilla/5.0 (compatible; oBot/2.3.1; +http://filterdb.iss.net/crawler/)"
157.55.35.90 - - [02/Feb/2013:00:06:21 +0100] "GET /robots.txt HTTP/1.1" 404 320 "-" "Mozilla/5.0 (compatible; bingbot/2.0; +http://www.bing.com/bingbot.htm)"
157.55.35.90 - - [02/Feb/2013:00:08:21 +0100] "GET / HTTP/1.1" 200 1229 "-" "Mozilla/5.0 (compatible; bingbot/2.0; +http://www.bing.com/bingbot.htm)"
5.9.7.208 - - [02/Feb/2013:00:42:47 +0100] "GET /robots.txt HTTP/1.0" 404 328 "-" "Mozilla/5.0 (compatible; MJ12bot/v1.4.3; http://www.majestic12.co.uk/bot.php?+)"
5.9.7.208 - - [02/Feb/2013:00:42:51 +0100] "GET /barlauch-rapsol-nativ.html HTTP/1.0" 404 344 "-" "Mozilla/5.0 (compatible; MJ12bot/v1.4.3; http://www.majestic12.co.uk/bot.php?+)"
5.9.7.208 - - [02/Feb/2013:00:42:54 +0100] "GET /checkout/cart/add/product/339 HTTP/1.0" 404 347 "-" "Mozilla/5.0 (compatible; MJ12bot/v1.4.3; http://www.majestic12.co.uk/bot.php?+)"
5.9.7.208 - - [02/Feb/2013:00:42:57 +0100] "GET /vom-koch/oel/borretsch-rapsol-nativ.html HTTP/1.0" 404 358 "-" "Mozilla/5.0 (compatible; MJ12bot/v1.4.3; http://www.majestic12.co.uk/bot.php?+)"
5.9.7.208 - - [02/Feb/2013:00:43:00 +0100] "GET /vom-koch/oel/dillbluten-rapsol-nativ.html HTTP/1.0" 404 359 "-" "Mozilla/5.0 (compatible; MJ12bot/v1.4.3; http://www.majestic12.co.uk/bot.php?+)"
5.9.7.208 - - [02/Feb/2013:00:43:01 +0100] "GET /vom-koch/oel/neapolitanisches-basilikum-rapsol-nativ.html HTTP/1.0" 404 375 "-" "Mozilla/5.0 (compatible; MJ12bot/v1.4.3; http://www.majestic12.co.uk/bot.php?+)"
5.9.7.208 - - [02/Feb/2013:00:43:03 +0100] "GET /vom-koch/oel/petersilien-rapsol-nativ.html HTTP/1.0" 404 360 "-" "Mozilla/5.0 (compatible; MJ12bot/v1.4.3; http://www.majestic12.co.uk/bot.php?+)"
5.9.7.208 - - [02/Feb/2013:00:43:08 +0100] "GET /vom-koch/oel/zimtbasilikum-rapsol-nativ.html HTTP/1.0" 404 362 "-" "Mozilla/5.0 (compatible; MJ12bot/v1.4.3; http://www.majestic12.co.uk/bot.php?+)"
5.9.81.44 - - [02/Feb/2013:01:09:13 +0100] "GET /robots.txt HTTP/1.1" 404 327 "-" "Mozilla/5.0 (compatible; SISTRIX Crawler; http://crawler.sistrix.net/)"
5.9.81.44 - - [02/Feb/2013:01:09:13 +0100] "GET / HTTP/1.1" 200 1229 "-" "Mozilla/5.0 (compatible; SISTRIX Crawler; http://crawler.sistrix.net/)"
5.9.7.208 - - [02/Feb/2013:02:09:38 +0100] "GET /robots.txt HTTP/1.0" 404 319 "-" "Mozilla/5.0 (compatible; MJ12bot/v1.4.3; http://www.majestic12.co.uk/bot.php?+)"
5.9.7.208 - - [02/Feb/2013:02:09:43 +0100] "GET /?epl=GEL9emI7CIxcbDZuNs7CLexlDOhAQuEUyV38s823nkzJnJVvyoBBIwdwVlxkIjMNg6XPwz4mkSrQCFYhbXV9RRFmraECJQJyRixKKQsZNSpEQIyQO4m_2w8A6hE9qKdJU09PEWraNABqI2FTDxV1ACAg3Ke_AADgfwMAAECAWwgAAHsZAzpZUyZZQTE2aFpCbgAAAPA HTTP/1.0" 200 1229 "-" "Mozilla/5.0 (compatible; MJ12bot/v1.4.3; http://www.majestic12.co.uk/bot.php?+)"
5.9.7.208 - - [02/Feb/2013:02:09:47 +0100] "GET /?epl=P-OnsPHuElzUewBMiPa0USOBQRKQUDhFche_k3ECnxA_mCsWWqIF5Lm5M1CMS64aNEil5OdTxk-1kJX1waoCFc0LNBQvxDEI0yikRL4WbThQS6yqkCdI6mzIWTsnDxkZxFBPtFFMT4Voo6FpSE8TTZ6GInQAIDDcp78AAOB_AwAAQIBbCAAAI4FBEllTJllBMTZoWkJzAAAA8A HTTP/1.0" 200 1229 "-" "Mozilla/5.0 (compatible; MJ12bot/v1.4.3; http://www.majestic12.co.uk/bot.php?+)"
5.9.7.208 - - [02/Feb/2013:02:09:51 +0100] "GET /?epl=bdJLF-qS6s7iRHgPXNhD1AC-6gEJSCicIrmLv2pJkN5wEXRjpy15YGSEF0PRchWNgCYdg6VPg4dGYtfoJaxC2dm2UyIgohhwBRFzIzajHDyz-Qa-knHAolop5SEDSDNI2DRNNahpowGopwnx1EMRdQAgMNynvwAA4H4DAABAgFsIAAB81QMSWVMmWUExNmhaQnEAAADw HTTP/1.0" 200 1229 "-" "Mozilla/5.0 (compatible; MJ12bot/v1.4.3; http://www.majestic12.co.uk/bot.php?+)"
5.9.7.208 - - [02/Feb/2013:02:09:54 +0100] "GET /?epl=iTNYy8ypjC_fIiCxkftU8SYOcEAhoXCK5C7-opHerExeRv7UWEseGPicjaGk2HpGQHGOwdCfwTsjkTR6CaNQVpUHDDdACQRi0pApBdZA4osyzmjjGuFmr8haSnfQgCaTgTINtadCtNEApKcJ8dRDEXUAIDDcp78AAOB_AwAAQIBbCAAAEwc4oFlTJllBMTZoWkJyAAAA8A HTTP/1.0" 200 1229 "-" "Mozilla/5.0 (compatible; MJ12bot/v1.4.3; http://www.majestic12.co.uk/bot.php?+)"
5.9.7.208 - - [02/Feb/2013:02:09:58 +0100] "GET /?epl=tXBbwZugLiXzea2wwPRzTZix9TQhoXCK5C5-yuUEvkMMYa7YaIsWEEhzZygZt8gevDjFZEin68de3NX54axCmax5SDAbB5bAhuYKbnuom00WTJIogs1byGKtlO6gAaSNhpom-qEI0UwDSE-TTJ6GInQAIDDcp78AAOBvAwAAQIBbCAAAzNh6mllTJllBMTZoWkJyAAAA8A HTTP/1.0" 200 1229 "-" "Mozilla/5.0 (compatible; MJ12bot/v1.4.3; http://www.majestic12.co.uk/bot.php?+)"
5.9.7.208 - - [02/Feb/2013:02:10:00 +0100] "GET /?epl=upsBnssE6QRIsa3cs_0ckJREGn5BQuEUyV38DpcTtw7xg7lioSVaQJ6bOwPJuOSqQYNTSn50sn6qBVXmB6sKsWLNU60yB0egCIrF3M0qDIsxxoymokDeoFZSOudOoAGkpx7QKJNNNYhmGoA0E02ehiJ0ACAw3Ke_AADgfwMAAECA2wgAACWRhl9ZUyZZQTE2aFpCcgAAAPA HTTP/1.0" 200 1229 "-" "Mozilla/5.0 (compatible; MJ12bot/v1.4.3; http://www.majestic12.co.uk/bot.php?+)"
141.8.147.1 - - [02/Feb/2013:04:22:29 +0100] "GET /robots.txt HTTP/1.1" 404 320 "-" "Mozilla/5.0 (compatible; YandexBot/3.0; +http://yandex.com/bots)"
198.20.69.74 - - [02/Feb/2013:04:45:52 +0100] "GET / HTTP/1.1" 200 1229 "-" "-"
198.20.69.74 - - [02/Feb/2013:04:45:52 +0100] "GET /robots.txt HTTP/1.1" 404 315 "-" "-"
94.102.51.246 - - [02/Feb/2013:05:08:21 +0100] "GET http://24x7-allrequestsallowed.com/?PHPSESSID=7jy745aa00143SSQJ_W_EFBF%5CF HTTP/1.1" 200 1229 "-" "Mozilla/5.0 (Windows NT 6.1; rv:16.0) Gecko/20100101 Firefox/16.0"
94.23.220.161 - - [02/Feb/2013:05:30:52 +0100] "GET / HTTP/1.1" 200 1229 "-" "Mozilla/5.0 (X11; Linux i686; rv:6.0) Gecko/20100101 Firefox/6.0"
91.142.218.16 - - [02/Feb/2013:08:56:07 +0100] "HEAD /manager/html HTTP/1.0" 404 - "-" "-"
91.142.218.16 - - [02/Feb/2013:08:56:07 +0100] "HEAD /manager/html HTTP/1.0" 404 - "-" "-"
91.142.218.16 - - [02/Feb/2013:08:56:07 +0100] "HEAD /manager/html HTTP/1.0" 404 - "-" "-"
91.142.218.16 - - [02/Feb/2013:08:56:07 +0100] "HEAD /manager/html HTTP/1.0" 404 - "-" "-"
91.142.218.16 - - [02/Feb/2013:08:56:07 +0100] "HEAD /manager/html HTTP/1.0" 404 - "-" "-"
91.142.218.16 - - [02/Feb/2013:08:56:07 +0100] "HEAD /manager/html HTTP/1.0" 404 - "-" "-"
91.142.218.16 - - [02/Feb/2013:08:56:07 +0100] "HEAD /manager/html HTTP/1.0" 404 - "-" "-"
91.142.218.16 - - [02/Feb/2013:08:56:07 +0100] "HEAD /manager/html HTTP/1.0" 404 - "-" "-"
91.142.218.16 - - [02/Feb/2013:08:56:07 +0100] "HEAD /manager/html HTTP/1.0" 404 - "-" "-"
91.142.218.16 - - [02/Feb/2013:08:56:07 +0100] "HEAD /manager/html HTTP/1.0" 404 - "-" "-"
209.190.1.132 - - [02/Feb/2013:10:47:40 +0100] "GET / HTTP/1.1" 200 1229 "-" "Mozilla/5.0 (compatible; MSIE 8.0; Windows NT 5.1) KomodiaBot/1.0"
157.56.229.87 - - [02/Feb/2013:12:01:07 +0100] "GET /robots.txt HTTP/1.1" 404 320 "-" "Mozilla/5.0 (compatible; bingbot/2.0; +http://www.bing.com/bingbot.htm)"
157.56.229.87 - - [02/Feb/2013:12:02:31 +0100] "GET / HTTP/1.1" 200 1229 "-" "Mozilla/5.0 (compatible; bingbot/2.0; +http://www.bing.com/bingbot.htm)"
84.151.15.162 - - [02/Feb/2013:13:41:33 +0100] "GET / HTTP/1.0" 200 1229 "-" "-"
23.20.116.7 - - [02/Feb/2013:14:40:29 +0100] "GET / HTTP/1.0" 200 1229 "http://www.eatree.com" "-"
157.55.35.93 - - [02/Feb/2013:14:55:38 +0100] "GET /robots.txt HTTP/1.1" 404 322 "-" "Mozilla/5.0 (compatible; bingbot/2.0; +http://www.bing.com/bingbot.htm)"
157.55.35.93 - - [02/Feb/2013:14:57:32 +0100] "GET / HTTP/1.1" 304 - "-" "Mozilla/5.0 (compatible; bingbot/2.0; +http://www.bing.com/bingbot.htm)"
83.233.207.74 - - [02/Feb/2013:15:23:54 +0100] "GET / HTTP/1.1" 200 1229 "-" "Mozilla/4.0 (CMS Crawler: http://www.cmscrawler.com)"
209.190.1.133 - - [02/Feb/2013:15:37:01 +0100] "GET / HTTP/1.1" 200 1229 "-" "Mozilla/5.0 (compatible; MSIE 8.0; Windows NT 5.1) KomodiaBot/1.0"
87.189.126.134 - - [02/Feb/2013:22:24:49 +0100] "GET / HTTP/1.1" 200 1229 "-" "Mozilla/5.0 /Windows; U; Windows NT 6.1; de; rv:1.9.1.5) Gecko/20091102 Firefox/3.5.5"
87.189.126.134 - - [02/Feb/2013:22:24:52 +0100] "GET / HTTP/1.1" 200 1229 "-" "Java/1.6.0_22"
157.56.229.87 - - [03/Feb/2013:00:03:14 +0100] "GET /robots.txt HTTP/1.1" 404 320 "-" "Mozilla/5.0 (compatible; bingbot/2.0; +http://www.bing.com/bingbot.htm)"
157.56.229.87 - - [03/Feb/2013:00:05:13 +0100] "GET / HTTP/1.1" 200 1229 "-" "Mozilla/5.0 (compatible; bingbot/2.0; +http://www.bing.com/bingbot.htm)"
157.55.32.186 - - [03/Feb/2013:01:29:39 +0100] "GET /robots.txt HTTP/1.1" 404 320 "-" "Mozilla/5.0 (compatible; bingbot/2.0; +http://www.bing.com/bingbot.htm)"
157.55.32.186 - - [03/Feb/2013:01:31:29 +0100] "GET /Schmierstoffe.htm HTTP/1.1" 404 327 "-" "Mozilla/5.0 (compatible; bingbot/2.0; +http://www.bing.com/bingbot.htm)"
66.249.76.98 - - [03/Feb/2013:01:38:00 +0100] "GET /robots.txt HTTP/1.1" 404 322 "-" "Mozilla/5.0 (compatible; Googlebot/2.1; +http://www.google.com/bot.html)"
66.249.76.98 - - [03/Feb/2013:01:38:01 +0100] "GET / HTTP/1.1" 200 1229 "-" "Mozilla/5.0 (compatible; Googlebot/2.1; +http://www.google.com/bot.html)"
94.102.51.246 - - [03/Feb/2013:04:08:51 +0100] "GET http://24x7-allrequestsallowed.com/?PHPSESSID=7jy745aa00143SSQJ_W_EFBF%5CA HTTP/1.1" 200 1229 "-" "Mozilla/5.0 (Windows NT 6.1; rv:16.0) Gecko/20100101 Firefox/16.0"
141.8.147.1 - - [03/Feb/2013:05:52:17 +0100] "GET /robots.txt HTTP/1.1" 404 328 "-" "Mozilla/5.0 (compatible; YandexBot/3.0; +http://yandex.com/bots)"
5.9.7.208 - - [03/Feb/2013:05:58:07 +0100] "GET /robots.txt HTTP/1.0" 404 321 "-" "Mozilla/5.0 (compatible; MJ12bot/v1.4.3; http://www.majestic12.co.uk/bot.php?+)"
5.9.7.208 - - [03/Feb/2013:05:58:08 +0100] "GET / HTTP/1.0" 200 1229 "-" "Mozilla/5.0 (compatible; MJ12bot/v1.4.3; http://www.majestic12.co.uk/bot.php?+)"
5.9.112.180 - - [03/Feb/2013:06:04:57 +0100] "GET /robots.txt HTTP/1.1" 404 337 "-" "Mozilla/5.0 (compatible; SISTRIX Crawler; http://crawler.sistrix.net/)"
5.9.112.180 - - [03/Feb/2013:06:04:57 +0100] "GET / HTTP/1.1" 200 1229 "-" "Mozilla/5.0 (compatible; SISTRIX Crawler; http://crawler.sistrix.net/)"
199.58.86.209 - - [03/Feb/2013:06:49:18 +0100] "GET /robots.txt HTTP/1.0" 404 320 "-" "Mozilla/5.0 (compatible; MJ12bot/v1.4.3; http://www.majestic12.co.uk/bot.php?+)"
199.58.86.209 - - [03/Feb/2013:06:49:19 +0100] "GET / HTTP/1.0" 200 1229 "-" "Mozilla/5.0 (compatible; MJ12bot/v1.4.3; http://www.majestic12.co.uk/bot.php?+)"
5.9.7.208 - - [03/Feb/2013:07:26:29 +0100] "GET /robots.txt HTTP/1.0" 404 317 "-" "Mozilla/5.0 (compatible; MJ12bot/v1.4.3; http://www.majestic12.co.uk/bot.php?+)"
5.9.7.208 - - [03/Feb/2013:07:26:31 +0100] "GET / HTTP/1.0" 200 1229 "-" "Mozilla/5.0 (compatible; MJ12bot/v1.4.3; http://www.majestic12.co.uk/bot.php?+)"
5.9.36.119 - - [03/Feb/2013:07:50:19 +0100] "GET /robots.txt HTTP/1.1" 404 322 "-" "Mozilla/5.0 (compatible; SISTRIX Crawler; http://crawler.sistrix.net/)"
5.9.36.119 - - [03/Feb/2013:07:50:19 +0100] "GET / HTTP/1.1" 200 1229 "-" "Mozilla/5.0 (compatible; SISTRIX Crawler; http://crawler.sistrix.net/)"
64.246.165.190 - - [03/Feb/2013:12:27:11 +0100] "GET /robots.txt HTTP/1.0" 404 327 "-" "Mozilla/5.0 (Windows; U; Windows NT 5.1; en; rv:1.9.0.13) Gecko/2009073022 Firefox/3.5.2 (.NET CLR 3.5.30729) SurveyBot/2.3 (DomainTools)"
64.246.165.190 - - [03/Feb/2013:12:27:12 +0100] "GET / HTTP/1.1" 200 1229 "http://whois.domaintools.com/xn--essohndler-u5a.de" "Mozilla/5.0 (Windows; U; Windows NT 5.1; en; rv:1.9.0.13) Gecko/2009073022 Firefox/3.5.2 (.NET CLR 3.5.30729) SurveyBot/2.3 (DomainTools)"
157.55.35.105 - - [03/Feb/2013:12:35:23 +0100] "GET /robots.txt HTTP/1.1" 404 320 "-" "Mozilla/5.0 (compatible; bingbot/2.0; +http://www.bing.com/bingbot.htm)"
157.55.35.105 - - [03/Feb/2013:12:37:06 +0100] "GET / HTTP/1.1" 200 1229 "-" "Mozilla/5.0 (compatible; bingbot/2.0; +http://www.bing.com/bingbot.htm)"
64.246.165.170 - - [03/Feb/2013:12:45:36 +0100] "GET /robots.txt HTTP/1.0" 404 334 "-" "Mozilla/5.0 (Windows; U; Windows NT 5.1; en; rv:1.9.0.13) Gecko/2009073022 Firefox/3.5.2 (.NET CLR 3.5.30729) SurveyBot/2.3 (DomainTools)"
64.246.165.170 - - [03/Feb/2013:12:45:36 +0100] "GET / HTTP/1.1" 200 1229 "http://whois.domaintools.com/xn--heizlpreiseberlin-2zb.de" "Mozilla/5.0 (Windows; U; Windows NT 5.1; en; rv:1.9.0.13) Gecko/2009073022 Firefox/3.5.2 (.NET CLR 3.5.30729) SurveyBot/2.3 (DomainTools)"
141.8.147.1 - - [03/Feb/2013:12:45:49 +0100] "GET / HTTP/1.1" 200 1229 "-" "Mozilla/5.0 (compatible; YandexBot/3.0; +http://yandex.com/bots)"
64.246.165.170 - - [03/Feb/2013:12:56:40 +0100] "GET /robots.txt HTTP/1.0" 404 328 "-" "Mozilla/5.0 (Windows; U; Windows NT 5.1; en; rv:1.9.0.13) Gecko/2009073022 Firefox/3.5.2 (.NET CLR 3.5.30729) SurveyBot/2.3 (DomainTools)"
64.246.165.170 - - [03/Feb/2013:12:56:40 +0100] "GET / HTTP/1.1" 200 1229 "http://whois.domaintools.com/xn--heizlberlin-ufb.de" "Mozilla/5.0 (Windows; U; Windows NT 5.1; en; rv:1.9.0.13) Gecko/2009073022 Firefox/3.5.2 (.NET CLR 3.5.30729) SurveyBot/2.3 (DomainTools)"
64.246.165.160 - - [03/Feb/2013:13:04:28 +0100] "GET /robots.txt HTTP/1.0" 404 333 "-" "Mozilla/5.0 (Windows; U; Windows NT 5.1; en; rv:1.9.0.13) Gecko/2009073022 Firefox/3.5.2 (.NET CLR 3.5.30729) SurveyBot/2.3 (DomainTools)"
64.246.165.160 - - [03/Feb/2013:13:04:28 +0100] "GET / HTTP/1.1" 200 1229 "http://whois.domaintools.com/xn--heizllieferungen-pwb.de" "Mozilla/5.0 (Windows; U; Windows NT 5.1; en; rv:1.9.0.13) Gecko/2009073022 Firefox/3.5.2 (.NET CLR 3.5.30729) SurveyBot/2.3 (DomainTools)"
64.246.165.170 - - [03/Feb/2013:13:23:25 +0100] "GET /robots.txt HTTP/1.0" 404 325 "-" "Mozilla/5.0 (Windows; U; Windows NT 5.1; en; rv:1.9.0.13) Gecko/2009073022 Firefox/3.5.2 (.NET CLR 3.5.30729) SurveyBot/2.3 (DomainTools)"
64.246.165.170 - - [03/Feb/2013:13:23:26 +0100] "GET / HTTP/1.1" 200 1229 "http://whois.domaintools.com/xn--premiuml-t4a.de" "Mozilla/5.0 (Windows; U; Windows NT 5.1; en; rv:1.9.0.13) Gecko/2009073022 Firefox/3.5.2 (.NET CLR 3.5.30729) SurveyBot/2.3 (DomainTools)"
92.240.68.152 - - [03/Feb/2013:14:33:42 +0100] "GET http://www.abrupt.org/LOGOS/sow/degrims.png HTTP/1.1" 404 327 "-" "webcollage/1.135a"
66.249.76.40 - - [03/Feb/2013:16:06:45 +0100] "GET /robots.txt HTTP/1.1" 404 320 "-" "Mozilla/5.0 (compatible; Googlebot/2.1; +http://www.google.com/bot.html)"
66.249.76.40 - - [03/Feb/2013:16:06:46 +0100] "GET / HTTP/1.1" 200 1229 "-" "Mozilla/5.0 (compatible; Googlebot/2.1; +http://www.google.com/bot.html)"
216.145.5.42 - - [03/Feb/2013:18:40:26 +0100] "GET /robots.txt HTTP/1.0" 404 337 "-" "Mozilla/5.0 (Windows; U; Windows NT 5.1; en; rv:1.9.0.13) Gecko/2009073022 Firefox/3.5.2 (.NET CLR 3.5.30729) SurveyBot/2.3 (DomainTools)"
216.145.5.42 - - [03/Feb/2013:18:40:26 +0100] "GET / HTTP/1.1" 200 1229 "http://whois.domaintools.com/xn--heizllieferantberlin-69b.de" "Mozilla/5.0 (Windows; U; Windows NT 5.1; en; rv:1.9.0.13) Gecko/2009073022 Firefox/3.5.2 (.NET CLR 3.5.30729) SurveyBot/2.3 (DomainTools)"
84.151.7.196 - - [03/Feb/2013:19:38:33 +0100] "GET / HTTP/1.0" 200 1229 "-" "-"
84.151.7.196 - - [03/Feb/2013:20:54:36 +0100] "GET / HTTP/1.0" 200 1229 "-" "-"
69.175.54.106 - - [03/Feb/2013:22:27:37 +0100] "GET / HTTP/1.0" 200 1229 "-" "-"
178.77.126.55 - - [04/Feb/2013:00:21:42 +0100] "GET /robots.txt HTTP/1.1" 404 320 "-" "Mozilla/5.0 (compatible; CareerBot/1.1; +http://www.career-x.de/bot.html)"
178.77.126.55 - - [04/Feb/2013:00:21:42 +0100] "GET / HTTP/1.1" 200 1229 "-" "Mozilla/5.0 (compatible; CareerBot/1.1; +http://www.career-x.de/bot.html)"
5.9.27.74 - - [04/Feb/2013:01:14:38 +0100] "GET /robots.txt HTTP/1.1" 404 328 "-" "Mozilla/5.0 (compatible; SISTRIX Crawler; http://crawler.sistrix.net/)"
5.9.27.74 - - [04/Feb/2013:01:14:38 +0100] "GET / HTTP/1.1" 200 1229 "-" "Mozilla/5.0 (compatible; SISTRIX Crawler; http://crawler.sistrix.net/)"
157.55.35.105 - - [04/Feb/2013:01:19:09 +0100] "GET /robots.txt HTTP/1.1" 404 320 "-" "Mozilla/5.0 (compatible; bingbot/2.0; +http://www.bing.com/bingbot.htm)"
157.55.35.105 - - [04/Feb/2013:01:21:17 +0100] "GET / HTTP/1.1" 200 1229 "-" "Mozilla/5.0 (compatible; bingbot/2.0; +http://www.bing.com/bingbot.htm)"
136.186.231.16 - - [04/Feb/2013:01:59:19 +0100] "GET / HTTP/1.1" 200 1229 "-" "-"
188.138.86.35 - - [04/Feb/2013:02:37:01 +0100] "GET / HTTP/1.1" 200 1229 "-" "Mozilla/5.0 (compatible; WBSearchBot/1.1; +http://www.warebay.com/bot.html)"
141.8.147.1 - - [04/Feb/2013:05:18:06 +0100] "GET /robots.txt HTTP/1.1" 404 337 "-" "Mozilla/5.0 (compatible; YandexBot/3.0; +http://yandex.com/bots)"
178.255.215.64 - - [04/Feb/2013:06:10:47 +0100] "GET /robots.txt HTTP/1.1" 404 322 "-" "Mozilla/5.0 (compatible; Exabot/3.0; +http://www.exabot.com/go/robot)"
178.255.215.64 - - [04/Feb/2013:06:10:47 +0100] "GET / HTTP/1.1" 304 - "-" "Mozilla/5.0 (compatible; Exabot/3.0; +http://www.exabot.com/go/robot)"
141.8.147.1 - - [04/Feb/2013:06:41:33 +0100] "GET / HTTP/1.1" 200 1229 "-" "Mozilla/5.0 (compatible; YandexBot/3.0; +http://yandex.com/bots)"
157.55.35.105 - - [04/Feb/2013:12:41:45 +0100] "GET /robots.txt HTTP/1.1" 404 320 "-" "Mozilla/5.0 (compatible; bingbot/2.0; +http://www.bing.com/bingbot.htm)"
157.55.35.105 - - [04/Feb/2013:12:43:01 +0100] "GET / HTTP/1.1" 200 1229 "-" "Mozilla/5.0 (compatible; bingbot/2.0; +http://www.bing.com/bingbot.htm)"
92.240.68.153 - - [04/Feb/2013:13:58:16 +0100] "GET http://images1.solidcommerce.com/opitz/DLM998__6.jpg HTTP/1.1" 404 336 "-" "webcollage/1.135a"
5.9.7.208 - - [04/Feb/2013:14:45:53 +0100] "GET /robots.txt HTTP/1.0" 404 320 "-" "Mozilla/5.0 (compatible; MJ12bot/v1.4.3; http://www.majestic12.co.uk/bot.php?+)"
5.9.7.208 - - [04/Feb/2013:14:45:55 +0100] "GET / HTTP/1.0" 200 1229 "-" "Mozilla/5.0 (compatible; MJ12bot/v1.4.3; http://www.majestic12.co.uk/bot.php?+)"
5.9.7.208 - - [04/Feb/2013:15:03:11 +0100] "GET /robots.txt HTTP/1.0" 404 320 "-" "Mozilla/5.0 (compatible; MJ12bot/v1.4.3; http://www.majestic12.co.uk/bot.php?+)"
5.9.7.208 - - [04/Feb/2013:15:03:13 +0100] "GET / HTTP/1.0" 200 1229 "-" "Mozilla/5.0 (compatible; MJ12bot/v1.4.3; http://www.majestic12.co.uk/bot.php?+)"
5.9.7.208 - - [04/Feb/2013:15:18:31 +0100] "GET /robots.txt HTTP/1.0" 404 320 "-" "Mozilla/5.0 (compatible; MJ12bot/v1.4.3; http://www.majestic12.co.uk/bot.php?+)"
5.9.7.208 - - [04/Feb/2013:15:18:33 +0100] "GET / HTTP/1.0" 200 1229 "-" "Mozilla/5.0 (compatible; MJ12bot/v1.4.3; http://www.majestic12.co.uk/bot.php?+)"
85.25.246.225 - - [04/Feb/2013:15:19:44 +0100] "GET /robots.txt HTTP/1.0" 404 320 "-" "Mozilla/5.0 (compatible; MJ12bot/v1.4.3; http://www.majestic12.co.uk/bot.php?+)"
85.25.246.225 - - [04/Feb/2013:15:19:46 +0100] "GET / HTTP/1.0" 200 1229 "-" "Mozilla/5.0 (compatible; MJ12bot/v1.4.3; http://www.majestic12.co.uk/bot.php?+)"
85.25.246.225 - - [04/Feb/2013:15:23:58 +0100] "GET /robots.txt HTTP/1.0" 404 320 "-" "Mozilla/5.0 (compatible; MJ12bot/v1.4.3; http://www.majestic12.co.uk/bot.php?+)"
85.25.246.225 - - [04/Feb/2013:15:24:00 +0100] "GET / HTTP/1.0" 200 1229 "-" "Mozilla/5.0 (compatible; MJ12bot/v1.4.3; http://www.majestic12.co.uk/bot.php?+)"
5.9.7.208 - - [04/Feb/2013:15:46:00 +0100] "GET /robots.txt HTTP/1.0" 404 320 "-" "Mozilla/5.0 (compatible; MJ12bot/v1.4.3; http://www.majestic12.co.uk/bot.php?+)"
5.9.7.208 - - [04/Feb/2013:15:46:01 +0100] "GET / HTTP/1.0" 200 1229 "-" "Mozilla/5.0 (compatible; MJ12bot/v1.4.3; http://www.majestic12.co.uk/bot.php?+)"
5.9.7.208 - - [04/Feb/2013:15:46:25 +0100] "GET /robots.txt HTTP/1.0" 404 320 "-" "Mozilla/5.0 (compatible; MJ12bot/v1.4.3; http://www.majestic12.co.uk/bot.php?+)"
5.9.7.208 - - [04/Feb/2013:15:46:26 +0100] "GET / HTTP/1.0" 200 1229 "-" "Mozilla/5.0 (compatible; MJ12bot/v1.4.3; http://www.majestic12.co.uk/bot.php?+)"
178.25.93.230 - - [04/Feb/2013:16:03:59 +0100] "GET /robots.txt HTTP/1.0" 404 320 "-" "Mozilla/5.0 (compatible; MJ12bot/v1.4.3; http://www.majestic12.co.uk/bot.php?+)"
178.25.93.230 - - [04/Feb/2013:16:04:00 +0100] "GET / HTTP/1.1" 200 1229 "-" "Mozilla/5.0 (compatible; MJ12bot/v1.4.3; http://www.majestic12.co.uk/bot.php?+)"
78.30.200.81 - - [04/Feb/2013:16:04:19 +0100] "GET /robots.txt HTTP/1.0" 404 320 "-" "Mozilla/5.0 (compatible; MJ12bot/v1.4.3; http://www.majestic12.co.uk/bot.php?+)"
78.30.200.81 - - [04/Feb/2013:16:04:21 +0100] "GET / HTTP/1.0" 200 1229 "-" "Mozilla/5.0 (compatible; MJ12bot/v1.4.3; http://www.majestic12.co.uk/bot.php?+)"
5.9.7.208 - - [04/Feb/2013:16:05:50 +0100] "GET /robots.txt HTTP/1.0" 404 320 "-" "Mozilla/5.0 (compatible; MJ12bot/v1.4.3; http://www.majestic12.co.uk/bot.php?+)"
5.9.7.208 - - [04/Feb/2013:16:05:52 +0100] "GET / HTTP/1.0" 200 1229 "-" "Mozilla/5.0 (compatible; MJ12bot/v1.4.3; http://www.majestic12.co.uk/bot.php?+)"
5.9.7.208 - - [04/Feb/2013:16:14:41 +0100] "GET /robots.txt HTTP/1.0" 404 320 "-" "Mozilla/5.0 (compatible; MJ12bot/v1.4.3; http://www.majestic12.co.uk/bot.php?+)"
5.9.7.208 - - [04/Feb/2013:16:14:42 +0100] "GET / HTTP/1.0" 200 1229 "-" "Mozilla/5.0 (compatible; MJ12bot/v1.4.3; http://www.majestic12.co.uk/bot.php?+)"
5.9.7.208 - - [04/Feb/2013:16:17:06 +0100] "GET /robots.txt HTTP/1.0" 404 320 "-" "Mozilla/5.0 (compatible; MJ12bot/v1.4.3; http://www.majestic12.co.uk/bot.php?+)"
5.9.7.208 - - [04/Feb/2013:16:17:07 +0100] "GET / HTTP/1.0" 200 1229 "-" "Mozilla/5.0 (compatible; MJ12bot/v1.4.3; http://www.majestic12.co.uk/bot.php?+)"
5.9.7.208 - - [04/Feb/2013:16:21:12 +0100] "GET /robots.txt HTTP/1.0" 404 320 "-" "Mozilla/5.0 (compatible; MJ12bot/v1.4.3; http://www.majestic12.co.uk/bot.php?+)"
5.9.7.208 - - [04/Feb/2013:16:21:13 +0100] "GET / HTTP/1.0" 200 1229 "-" "Mozilla/5.0 (compatible; MJ12bot/v1.4.3; http://www.majestic12.co.uk/bot.php?+)"
85.25.246.225 - - [04/Feb/2013:16:32:02 +0100] "GET /robots.txt HTTP/1.0" 404 320 "-" "Mozilla/5.0 (compatible; MJ12bot/v1.4.3; http://www.majestic12.co.uk/bot.php?+)"
85.25.246.225 - - [04/Feb/2013:16:32:04 +0100] "GET / HTTP/1.0" 200 1229 "-" "Mozilla/5.0 (compatible; MJ12bot/v1.4.3; http://www.majestic12.co.uk/bot.php?+)"
85.25.246.225 - - [04/Feb/2013:16:35:16 +0100] "GET /robots.txt HTTP/1.0" 404 320 "-" "Mozilla/5.0 (compatible; MJ12bot/v1.4.3; http://www.majestic12.co.uk/bot.php?+)"
85.25.246.225 - - [04/Feb/2013:16:35:17 +0100] "GET / HTTP/1.0" 200 1229 "-" "Mozilla/5.0 (compatible; MJ12bot/v1.4.3; http://www.majestic12.co.uk/bot.php?+)"
5.9.7.208 - - [04/Feb/2013:16:45:08 +0100] "GET /robots.txt HTTP/1.0" 404 320 "-" "Mozilla/5.0 (compatible; MJ12bot/v1.4.3; http://www.majestic12.co.uk/bot.php?+)"
5.9.7.208 - - [04/Feb/2013:16:45:09 +0100] "GET / HTTP/1.0" 200 1229 "-" "Mozilla/5.0 (compatible; MJ12bot/v1.4.3; http://www.majestic12.co.uk/bot.php?+)"
85.25.246.225 - - [04/Feb/2013:17:01:49 +0100] "GET /robots.txt HTTP/1.0" 404 320 "-" "Mozilla/5.0 (compatible; MJ12bot/v1.4.3; http://www.majestic12.co.uk/bot.php?+)"
85.25.246.225 - - [04/Feb/2013:17:01:50 +0100] "GET / HTTP/1.0" 200 1229 "-" "Mozilla/5.0 (compatible; MJ12bot/v1.4.3; http://www.majestic12.co.uk/bot.php?+)"
5.9.7.208 - - [04/Feb/2013:17:04:33 +0100] "GET /robots.txt HTTP/1.0" 404 320 "-" "Mozilla/5.0 (compatible; MJ12bot/v1.4.3; http://www.majestic12.co.uk/bot.php?+)"
5.9.7.208 - - [04/Feb/2013:17:04:34 +0100] "GET / HTTP/1.0" 200 1229 "-" "Mozilla/5.0 (compatible; MJ12bot/v1.4.3; http://www.majestic12.co.uk/bot.php?+)"
218.220.58.178 - - [04/Feb/2013:17:08:44 +0100] "GET / HTTP/1.0" 200 1229 "-" "-"
85.25.246.225 - - [04/Feb/2013:17:09:26 +0100] "GET /robots.txt HTTP/1.0" 404 320 "-" "Mozilla/5.0 (compatible; MJ12bot/v1.4.3; http://www.majestic12.co.uk/bot.php?+)"
85.25.246.225 - - [04/Feb/2013:17:09:27 +0100] "GET / HTTP/1.0" 200 1229 "-" "Mozilla/5.0 (compatible; MJ12bot/v1.4.3; http://www.majestic12.co.uk/bot.php?+)"
218.220.58.178 - - [04/Feb/2013:17:37:06 +0100] "GET / HTTP/1.0" 200 1229 "-" "-"
86.56.50.80 - - [04/Feb/2013:18:12:54 +0100] "GET / HTTP/1.0" 200 1229 "-" "-"
5.9.7.208 - - [04/Feb/2013:18:18:49 +0100] "GET /robots.txt HTTP/1.0" 404 320 "-" "Mozilla/5.0 (compatible; MJ12bot/v1.4.3; http://www.majestic12.co.uk/bot.php?+)"
5.9.7.208 - - [04/Feb/2013:18:18:50 +0100] "GET / HTTP/1.0" 200 1229 "-" "Mozilla/5.0 (compatible; MJ12bot/v1.4.3; http://www.majestic12.co.uk/bot.php?+)"
5.9.7.208 - - [04/Feb/2013:19:04:27 +0100] "GET /robots.txt HTTP/1.0" 404 320 "-" "Mozilla/5.0 (compatible; MJ12bot/v1.4.3; http://www.majestic12.co.uk/bot.php?+)"
5.9.7.208 - - [04/Feb/2013:19:04:29 +0100] "GET / HTTP/1.0" 200 1229 "-" "Mozilla/5.0 (compatible; MJ12bot/v1.4.3; http://www.majestic12.co.uk/bot.php?+)"
66.249.76.103 - - [04/Feb/2013:21:02:37 +0100] "GET /robots.txt HTTP/1.1" 404 329 "-" "Mozilla/5.0 (compatible; Googlebot/2.1; +http://www.google.com/bot.html)"
66.249.76.103 - - [04/Feb/2013:21:02:38 +0100] "GET / HTTP/1.1" 200 1229 "-" "Mozilla/5.0 (compatible; Googlebot/2.1; +http://www.google.com/bot.html)"
66.249.76.154 - - [04/Feb/2013:21:26:24 +0100] "GET /robots.txt HTTP/1.1" 404 337 "-" "Mozilla/5.0 (compatible; Googlebot/2.1; +http://www.google.com/bot.html)"
66.249.76.154 - - [04/Feb/2013:21:26:29 +0100] "GET / HTTP/1.1" 200 1229 "-" "Mozilla/5.0 (compatible; Googlebot/2.1; +http://www.google.com/bot.html)"
66.249.76.111 - - [04/Feb/2013:21:31:11 +0100] "GET /robots.txt HTTP/1.1" 404 328 "-" "Mozilla/5.0 (compatible; Googlebot/2.1; +http://www.google.com/bot.html)"
66.249.76.111 - - [04/Feb/2013:21:31:12 +0100] "GET / HTTP/1.1" 200 1229 "-" "Mozilla/5.0 (compatible; Googlebot/2.1; +http://www.google.com/bot.html)"
66.249.76.171 - - [04/Feb/2013:21:40:48 +0100] "GET /robots.txt HTTP/1.1" 404 332 "-" "Mozilla/5.0 (compatible; Googlebot/2.1; +http://www.google.com/bot.html)"
66.249.76.171 - - [04/Feb/2013:21:40:48 +0100] "GET / HTTP/1.1" 200 1229 "-" "Mozilla/5.0 (compatible; Googlebot/2.1; +http://www.google.com/bot.html)"
66.249.76.36 - - [04/Feb/2013:22:20:17 +0100] "GET /robots.txt HTTP/1.1" 404 333 "-" "Mozilla/5.0 (compatible; Googlebot/2.1; +http://www.google.com/bot.html)"
66.249.76.36 - - [04/Feb/2013:22:20:17 +0100] "GET / HTTP/1.1" 200 1229 "-" "Mozilla/5.0 (compatible; Googlebot/2.1; +http://www.google.com/bot.html)"
141.8.147.1 - - [04/Feb/2013:23:39:38 +0100] "GET /robots.txt HTTP/1.1" 404 333 "-" "Mozilla/5.0 (compatible; YandexBot/3.0; +http://yandex.com/bots)"
157.55.35.105 - - [05/Feb/2013:00:15:00 +0100] "GET /robots.txt HTTP/1.1" 404 320 "-" "Mozilla/5.0 (compatible; bingbot/2.0; +http://www.bing.com/bingbot.htm)"
157.55.35.105 - - [05/Feb/2013:00:16:40 +0100] "GET / HTTP/1.1" 200 1229 "-" "Mozilla/5.0 (compatible; bingbot/2.0; +http://www.bing.com/bingbot.htm)"
216.12.205.234 - - [05/Feb/2013:00:57:58 +0100] "GET /w00tw00t.at.blackhats.romanian.anti-sec:) HTTP/1.1" 404 346 "-" "ZmEu"
216.12.205.234 - - [05/Feb/2013:00:57:58 +0100] "GET /w00tw00t.at.blackhats.romanian.anti-sec:) HTTP/1.1" 404 346 "-" "ZmEu"
216.12.205.234 - - [05/Feb/2013:00:57:58 +0100] "GET /w00tw00t.at.blackhats.romanian.anti-sec:) HTTP/1.1" 404 346 "-" "ZmEu"
216.12.205.234 - - [05/Feb/2013:00:57:59 +0100] "GET /w00tw00t.at.blackhats.romanian.anti-sec:) HTTP/1.1" 404 346 "-" "ZmEu"
216.12.205.234 - - [05/Feb/2013:00:57:59 +0100] "GET /w00tw00t.at.blackhats.romanian.anti-sec:) HTTP/1.1" 404 346 "-" "ZmEu"
216.12.205.234 - - [05/Feb/2013:00:57:59 +0100] "GET /w00tw00t.at.blackhats.romanian.anti-sec:) HTTP/1.1" 404 346 "-" "ZmEu"
216.12.205.234 - - [05/Feb/2013:00:57:59 +0100] "GET /w00tw00t.at.blackhats.romanian.anti-sec:) HTTP/1.1" 404 346 "-" "ZmEu"
216.12.205.234 - - [05/Feb/2013:00:57:59 +0100] "GET /w00tw00t.at.blackhats.romanian.anti-sec:) HTTP/1.1" 404 346 "-" "ZmEu"
216.12.205.234 - - [05/Feb/2013:00:57:59 +0100] "GET /w00tw00t.at.blackhats.romanian.anti-sec:) HTTP/1.1" 404 346 "-" "ZmEu"
216.12.205.234 - - [05/Feb/2013:00:57:59 +0100] "GET /w00tw00t.at.blackhats.romanian.anti-sec:) HTTP/1.1" 404 346 "-" "ZmEu"
216.12.205.234 - - [05/Feb/2013:00:58:05 +0100] "GET /phpMyAdmin/scripts/setup.php HTTP/1.1" 404 333 "-" "ZmEu"
216.12.205.234 - - [05/Feb/2013:00:58:05 +0100] "GET /phpMyAdmin/scripts/setup.php HTTP/1.1" 404 333 "-" "ZmEu"
216.12.205.234 - - [05/Feb/2013:00:58:11 +0100] "GET /phpmyadmin/scripts/setup.php HTTP/1.1" 404 333 "-" "ZmEu"
84.151.15.233 - - [05/Feb/2013:01:34:18 +0100] "GET / HTTP/1.0" 200 1229 "-" "-"
194.153.113.7 - - [05/Feb/2013:02:38:12 +0100] "HEAD / HTTP/1.1" 200 - "-" "Mozilla/5.0 (compatible; oBot/2.3.1; +http://filterdb.iss.net/crawler/)"
85.214.134.96 - - [05/Feb/2013:03:11:24 +0100] "GET / HTTP/1.1" 200 1229 "-" "Mozilla/5.0 (Windows NT 6.2) AppleWebKit/536.3 (KHTML, like Gecko) Chrome/19.0.1062.0 Safari/536.3"
85.214.134.96 - - [05/Feb/2013:05:33:24 +0100] "GET / HTTP/1.1" 200 1229 "-" "Mozilla/5.0 (Macintosh; Intel Mac OS X 10_7_2) AppleWebKit/535.19 (KHTML, like Gecko) Chrome/18.0.1025.45 Safari/535.19"
85.214.212.178 - - [05/Feb/2013:05:41:21 +0100] "GET / HTTP/1.1" 200 1229 "-" "Mozilla/5.0 (Windows NT 6.1; WOW64) AppleWebKit/536.6 (KHTML, like Gecko) Chrome/20.0.1092.0 Safari/536.6"
85.214.212.178 - - [05/Feb/2013:05:42:38 +0100] "GET / HTTP/1.1" 200 1229 "-" "Mozilla/5.0 (Windows NT 6.1; WOW64) AppleWebKit/536.3 (KHTML, like Gecko) Chrome/19.0.1061.1 Safari/536.3"
81.169.188.167 - - [05/Feb/2013:05:45:35 +0100] "GET / HTTP/1.1" 200 1229 "-" "Mozilla/5.0 (Windows NT 6.2; WOW64; rv:15.0) Gecko/20120910144328 Firefox/15.0.2"
157.55.35.99 - - [05/Feb/2013:06:24:52 +0100] "GET /robots.txt HTTP/1.1" 404 320 "-" "Mozilla/5.0 (compatible; bingbot/2.0; +http://www.bing.com/bingbot.htm)"
157.55.35.99 - - [05/Feb/2013:06:26:38 +0100] "GET /seiten/produkte_hzoel.php HTTP/1.1" 404 335 "-" "Mozilla/5.0 (compatible; bingbot/2.0; +http://www.bing.com/bingbot.htm)"
141.8.147.1 - - [05/Feb/2013:07:26:58 +0100] "GET / HTTP/1.1" 200 1229 "-" "Mozilla/5.0 (compatible; YandexBot/3.0; +http://yandex.com/bots)"
83.133.125.202 - - [05/Feb/2013:07:47:12 +0100] "GET / HTTP/1.1" 200 1229 "http://www.sumaja.de/?such_wert=berlin" "T-Online Browser (Windows NT 6.1; de)"
194.153.113.7 - - [05/Feb/2013:07:53:49 +0100] "HEAD / HTTP/1.1" 200 - "-" "Mozilla/5.0 (compatible; oBot/2.3.1; +http://filterdb.iss.net/crawler/)"
195.158.109.181 - - [05/Feb/2013:09:52:38 +0100] "GET / HTTP/1.0" 200 1229 "-" "-"
95.9.241.21 - - [05/Feb/2013:10:21:35 +0100] "GET /manager/html HTTP/1.1" 404 317 "-" "Mozilla/5.0 (Windows NT 5.1; rv:5.0) Gecko/20100101 Firefox/5.0"
95.9.241.21 - - [05/Feb/2013:10:21:35 +0100] "GET /manager/html HTTP/1.1" 404 317 "-" "Mozilla/5.0 (Windows NT 5.1; rv:5.0) Gecko/20100101 Firefox/5.0"
95.9.241.21 - - [05/Feb/2013:10:21:35 +0100] "GET /manager/html HTTP/1.1" 404 317 "-" "Mozilla/5.0 (Windows NT 5.1; rv:5.0) Gecko/20100101 Firefox/5.0"
95.9.241.21 - - [05/Feb/2013:10:21:35 +0100] "GET /manager/html HTTP/1.1" 404 317 "-" "Mozilla/5.0 (Windows NT 5.1; rv:5.0) Gecko/20100101 Firefox/5.0"
95.9.241.21 - - [05/Feb/2013:10:21:35 +0100] "GET /manager/html HTTP/1.1" 404 317 "-" "Mozilla/5.0 (Windows NT 5.1; rv:5.0) Gecko/20100101 Firefox/5.0"
95.9.241.21 - - [05/Feb/2013:10:21:36 +0100] "GET /manager/html HTTP/1.1" 404 317 "-" "Mozilla/5.0 (Windows NT 5.1; rv:5.0) Gecko/20100101 Firefox/5.0"
95.9.241.21 - - [05/Feb/2013:10:21:36 +0100] "GET /manager/html HTTP/1.1" 404 317 "-" "Mozilla/5.0 (Windows NT 5.1; rv:5.0) Gecko/20100101 Firefox/5.0"
95.9.241.21 - - [05/Feb/2013:10:21:36 +0100] "GET /manager/html HTTP/1.1" 404 317 "-" "Mozilla/5.0 (Windows NT 5.1; rv:5.0) Gecko/20100101 Firefox/5.0"
95.9.241.21 - - [05/Feb/2013:10:21:38 +0100] "GET /manager/html HTTP/1.1" 404 317 "-" "Mozilla/5.0 (Windows NT 5.1; rv:5.0) Gecko/20100101 Firefox/5.0"
95.9.241.21 - - [05/Feb/2013:10:21:39 +0100] "GET /manager/html HTTP/1.1" 404 317 "-" "Mozilla/5.0 (Windows NT 5.1; rv:5.0) Gecko/20100101 Firefox/5.0"
85.214.139.126 - - [05/Feb/2013:10:25:39 +0100] "GET / HTTP/1.1" 200 1229 "-" "Mozilla/4.0 (compatible; MSIE 8.0; Windows NT 6.0; ja)"
66.249.76.193 - - [05/Feb/2013:12:57:57 +0100] "GET /robots.txt HTTP/1.1" 404 327 "-" "Mozilla/5.0 (compatible; Googlebot/2.1; +http://www.google.com/bot.html)"
66.249.76.193 - - [05/Feb/2013:12:57:57 +0100] "GET / HTTP/1.1" 200 1229 "-" "Mozilla/5.0 (compatible; Googlebot/2.1; +http://www.google.com/bot.html)"
157.55.33.113 - - [05/Feb/2013:13:02:12 +0100] "GET /robots.txt HTTP/1.1" 404 320 "-" "Mozilla/5.0 (compatible; bingbot/2.0; +http://www.bing.com/bingbot.htm)"
157.55.33.113 - - [05/Feb/2013:13:03:54 +0100] "GET / HTTP/1.1" 200 1229 "-" "Mozilla/5.0 (compatible; bingbot/2.0; +http://www.bing.com/bingbot.htm)"
66.249.78.165 - - [05/Feb/2013:21:28:00 +0100] "GET /robots.txt HTTP/1.1" 404 315 "-" "Mozilla/5.0 (compatible; Googlebot/2.1; +http://www.google.com/bot.html)"
66.249.78.165 - - [05/Feb/2013:21:28:00 +0100] "GET / HTTP/1.1" 200 1229 "-" "Mozilla/5.0 (compatible; Googlebot/2.1; +http://www.google.com/bot.html)"
107.22.63.184 - - [05/Feb/2013:21:55:41 +0100] "GET / HTTP/1.0" 200 1229 "-" "Mozilla/5.0 (compatible; NetcraftSurveyAgent/1.0; +info@netcraft.com)"
54.242.74.49 - - [05/Feb/2013:22:34:10 +0100] "GET / HTTP/1.0" 200 1229 "-" "Mozilla/5.0 (compatible; NetcraftSurveyAgent/1.0; +info@netcraft.com)"
157.56.93.202 - - [05/Feb/2013:23:50:09 +0100] "GET /robots.txt HTTP/1.1" 404 320 "-" "Mozilla/5.0 (compatible; bingbot/2.0; +http://www.bing.com/bingbot.htm)"
157.56.93.202 - - [05/Feb/2013:23:52:01 +0100] "GET / HTTP/1.1" 200 1229 "-" "Mozilla/5.0 (compatible; bingbot/2.0; +http://www.bing.com/bingbot.htm)"
83.133.125.202 - - [06/Feb/2013:00:07:03 +0100] "GET / HTTP/1.1" 200 1229 "http://www.bigfinder.de/home-11.html" "T-Online Browser (Windows NT 6.1; de)"
195.158.109.181 - - [06/Feb/2013:03:12:00 +0100] "GET / HTTP/1.0" 200 1229 "-" "-"
176.9.50.103 - - [06/Feb/2013:05:31:04 +0100] "GET /robots.txt HTTP/1.1" 404 320 "-" "Mozilla/5.0 (compatible; SISTRIX Crawler; http://crawler.sistrix.net/)"
176.9.50.103 - - [06/Feb/2013:05:31:04 +0100] "GET / HTTP/1.1" 200 1229 "-" "Mozilla/5.0 (compatible; SISTRIX Crawler; http://crawler.sistrix.net/)"
157.55.33.77 - - [06/Feb/2013:05:44:51 +0100] "GET /robots.txt HTTP/1.1" 404 320 "-" "Mozilla/5.0 (compatible; bingbot/2.0; +http://www.bing.com/bingbot.htm)"
157.55.33.77 - - [06/Feb/2013:05:46:33 +0100] "GET /seiten/kontakt.php HTTP/1.1" 404 328 "-" "Mozilla/5.0 (compatible; bingbot/2.0; +http://www.bing.com/bingbot.htm)"
50.16.67.223 - - [06/Feb/2013:06:06:23 +0100] "GET / HTTP/1.0" 200 1229 "-" "Mozilla/5.0 (compatible; NetcraftSurveyAgent/1.0; +info@netcraft.com)"
178.77.126.55 - - [06/Feb/2013:06:51:07 +0100] "GET /robots.txt HTTP/1.1" 404 320 "-" "Mozilla/5.0 (compatible; CareerBot/1.1; +http://www.career-x.de/bot.html)"
178.77.126.55 - - [06/Feb/2013:06:51:07 +0100] "GET / HTTP/1.1" 200 1229 "-" "Mozilla/5.0 (compatible; CareerBot/1.1; +http://www.career-x.de/bot.html)"
23.22.234.241 - - [06/Feb/2013:07:03:41 +0100] "GET / HTTP/1.0" 200 1229 "-" "Mozilla/5.0 (compatible; NetcraftSurveyAgent/1.0; +info@netcraft.com)"
54.242.158.25 - - [06/Feb/2013:08:08:04 +0100] "GET / HTTP/1.0" 200 1229 "-" "Mozilla/5.0 (compatible; NetcraftSurveyAgent/1.0; +info@netcraft.com)"
184.73.46.37 - - [06/Feb/2013:08:16:08 +0100] "GET / HTTP/1.0" 200 1229 "-" "Mozilla/5.0 (compatible; NetcraftSurveyAgent/1.0; +info@netcraft.com)"
54.242.13.57 - - [06/Feb/2013:08:18:16 +0100] "GET / HTTP/1.0" 200 1229 "-" "Mozilla/5.0 (compatible; NetcraftSurveyAgent/1.0; +info@netcraft.com)"
50.16.67.223 - - [06/Feb/2013:09:04:38 +0100] "GET / HTTP/1.0" 200 1229 "-" "Mozilla/5.0 (compatible; NetcraftSurveyAgent/1.0; +info@netcraft.com)"
195.42.102.25 - - [06/Feb/2013:09:04:53 +0100] "GET /robots.txt HTTP/1.1" 404 326 "-" "Mozilla/5.0 (compatible; WBSearchBot/1.1; +http://www.warebay.com/bot.html)"
195.42.102.25 - - [06/Feb/2013:09:05:14 +0100] "GET / HTTP/1.1" 200 1229 "-" "Mozilla/5.0 (compatible; WBSearchBot/1.1; +http://www.warebay.com/bot.html)"
93.174.93.52 - - [06/Feb/2013:09:59:24 +0100] "GET http://gameframe.net/headers HTTP/1.1" 404 312 "-" "Opera/9.80 (Windows NT 6.1; WOW64) Presto/2.12.388 Version/12.12"
93.174.93.52 - - [06/Feb/2013:10:01:16 +0100] "GET http://gameframe.net/headers HTTP/1.1" 404 312 "-" "Opera/9.80 (Windows NT 6.1; WOW64) Presto/2.12.388 Version/12.12"
93.174.93.52 - - [06/Feb/2013:10:04:55 +0100] "GET http://gameframe.net/headers HTTP/1.1" 404 312 "-" "Opera/9.80 (Windows NT 6.1; WOW64) Presto/2.12.388 Version/12.12"
93.174.93.52 - - [06/Feb/2013:10:05:28 +0100] "GET http://gameframe.net/headers HTTP/1.1" 404 312 "-" "Opera/9.80 (Windows NT 6.1; WOW64) Presto/2.12.388 Version/12.12"
93.174.93.52 - - [06/Feb/2013:10:06:30 +0100] "GET http://gameframe.net/headers HTTP/1.1" 404 312 "-" "Opera/9.80 (Windows NT 6.1; WOW64) Presto/2.12.388 Version/12.12"
93.174.93.52 - - [06/Feb/2013:10:07:08 +0100] "GET http://gameframe.net/headers HTTP/1.1" 404 312 "-" "Opera/9.80 (Windows NT 6.1; WOW64) Presto/2.12.388 Version/12.12"
93.174.93.52 - - [06/Feb/2013:10:08:51 +0100] "GET http://gameframe.net/headers HTTP/1.1" 404 312 "-" "Opera/9.80 (Windows NT 6.1; WOW64) Presto/2.12.388 Version/12.12"
93.174.93.52 - - [06/Feb/2013:10:09:09 +0100] "GET http://gameframe.net/headers HTTP/1.1" 404 312 "-" "Opera/9.80 (Windows NT 6.1; WOW64) Presto/2.12.388 Version/12.12"
93.174.93.52 - - [06/Feb/2013:10:09:27 +0100] "GET http://gameframe.net/headers HTTP/1.1" 404 312 "-" "Opera/9.80 (Windows NT 6.1; WOW64) Presto/2.12.388 Version/12.12"
93.174.93.52 - - [06/Feb/2013:10:10:03 +0100] "GET http://gameframe.net/headers HTTP/1.1" 404 312 "-" "Opera/9.80 (Windows NT 6.1; WOW64) Presto/2.12.388 Version/12.12"
66.249.78.65 - - [06/Feb/2013:11:09:46 +0100] "GET /robots.txt HTTP/1.1" 404 328 "-" "Mozilla/5.0 (compatible; Googlebot/2.1; +http://www.google.com/bot.html)"
66.249.78.65 - - [06/Feb/2013:11:09:47 +0100] "GET / HTTP/1.1" 200 1229 "-" "Mozilla/5.0 (compatible; Googlebot/2.1; +http://www.google.com/bot.html)"
94.102.51.246 - - [06/Feb/2013:11:19:13 +0100] "GET http://24x7-allrequestsallowed.com/?PHPSESSID=7jy745aa00143SSQJ_W_EFBF%5CG HTTP/1.1" 200 1229 "-" "Mozilla/5.0 (Windows NT 6.1; rv:16.0) Gecko/20100101 Firefox/16.0"
12.219.211.130 - - [06/Feb/2013:11:32:44 +0100] "GET /?-d+allow_url_include%3d1+-d+auto_prepend_file%3dhttp://www.sicurezzaonline.it/robots.txt HTTP/1.1" 200 1229 "-" "Mozilla/5.0"
12.219.211.130 - - [06/Feb/2013:11:32:44 +0100] "GET /?-d+allow_url_include%3d1+-d+auto_prepend_file%3dhttp://www.sicurezzaonline.it/robots.txt HTTP/1.1" 200 1229 "-" "Mozilla/5.0"
12.219.211.130 - - [06/Feb/2013:11:32:44 +0100] "GET /?-d+allow_url_include%3d1+-d+auto_prepend_file%3dhttp://www.sicurezzaonline.it/robots.txt HTTP/1.1" 200 1229 "-" "Mozilla/5.0"
12.219.211.130 - - [06/Feb/2013:11:32:44 +0100] "GET /?-d+allow_url_include%3d1+-d+auto_prepend_file%3dhttp://www.sicurezzaonline.it/robots.txt HTTP/1.1" 200 1229 "-" "Mozilla/5.0"
12.219.211.130 - - [06/Feb/2013:11:32:44 +0100] "GET /?-d+allow_url_include%3d1+-d+auto_prepend_file%3dhttp://www.sicurezzaonline.it/robots.txt HTTP/1.1" 200 1229 "-" "Mozilla/5.0"
12.219.211.130 - - [06/Feb/2013:11:32:44 +0100] "GET /?-d+allow_url_include%3d1+-d+auto_prepend_file%3dhttp://www.sicurezzaonline.it/robots.txt HTTP/1.1" 200 1229 "-" "Mozilla/5.0"
12.219.211.130 - - [06/Feb/2013:11:32:44 +0100] "GET /?-d+allow_url_include%3d1+-d+auto_prepend_file%3dhttp://www.sicurezzaonline.it/robots.txt HTTP/1.1" 200 1229 "-" "Mozilla/5.0"
12.219.211.130 - - [06/Feb/2013:11:32:44 +0100] "GET /?-d+allow_url_include%3d1+-d+auto_prepend_file%3dhttp://www.sicurezzaonline.it/robots.txt HTTP/1.1" 200 1229 "-" "Mozilla/5.0"
12.219.211.130 - - [06/Feb/2013:11:32:44 +0100] "GET /?-d+allow_url_include%3d1+-d+auto_prepend_file%3dhttp://www.sicurezzaonline.it/robots.txt HTTP/1.1" 200 1229 "-" "Mozilla/5.0"
12.219.211.130 - - [06/Feb/2013:11:32:44 +0100] "GET /?-d+allow_url_include%3d1+-d+auto_prepend_file%3dhttp://www.sicurezzaonline.it/robots.txt HTTP/1.1" 200 1229 "-" "Mozilla/5.0"
5.9.112.68 - - [06/Feb/2013:11:38:06 +0100] "GET /robots.txt HTTP/1.1" 404 333 "-" "Mozilla/5.0 (compatible; SISTRIX Crawler; http://crawler.sistrix.net/)"
5.9.112.68 - - [06/Feb/2013:11:38:06 +0100] "GET / HTTP/1.1" 200 1229 "-" "Mozilla/5.0 (compatible; SISTRIX Crawler; http://crawler.sistrix.net/)"
12.219.211.130 - - [06/Feb/2013:11:58:27 +0100] "GET /mail/ HTTP/1.1" 404 310 "-" "User-Agent=Mozilla/5.0 (Windows; U; Windows NT 5.1; ru; rv:1.8.1.11) Gecko/20071127 Firefox/2.0.0.8;libwww-perl/6.03"
12.219.211.130 - - [06/Feb/2013:11:58:27 +0100] "GET /mail/ HTTP/1.1" 404 310 "-" "User-Agent=Mozilla/5.0 (Windows; U; Windows NT 5.1; ru; rv:1.8.1.11) Gecko/20071127 Firefox/2.0.0.8;libwww-perl/6.03"
12.219.211.130 - - [06/Feb/2013:11:58:27 +0100] "GET /mail/ HTTP/1.1" 404 310 "-" "User-Agent=Mozilla/5.0 (Windows; U; Windows NT 5.1; ru; rv:1.8.1.11) Gecko/20071127 Firefox/2.0.0.8;libwww-perl/6.03"
12.219.211.130 - - [06/Feb/2013:11:58:28 +0100] "GET /mail/ HTTP/1.1" 404 310 "-" "User-Agent=Mozilla/5.0 (Windows; U; Windows NT 5.1; ru; rv:1.8.1.11) Gecko/20071127 Firefox/2.0.0.8;libwww-perl/6.03"
12.219.211.130 - - [06/Feb/2013:11:58:28 +0100] "GET /mail/ HTTP/1.1" 404 310 "-" "User-Agent=Mozilla/5.0 (Windows; U; Windows NT 5.1; ru; rv:1.8.1.11) Gecko/20071127 Firefox/2.0.0.8;libwww-perl/6.03"
12.219.211.130 - - [06/Feb/2013:11:58:28 +0100] "GET /mail/ HTTP/1.1" 404 310 "-" "User-Agent=Mozilla/5.0 (Windows; U; Windows NT 5.1; ru; rv:1.8.1.11) Gecko/20071127 Firefox/2.0.0.8;libwww-perl/6.03"
12.219.211.130 - - [06/Feb/2013:11:58:28 +0100] "GET /mail/ HTTP/1.1" 404 310 "-" "User-Agent=Mozilla/5.0 (Windows; U; Windows NT 5.1; ru; rv:1.8.1.11) Gecko/20071127 Firefox/2.0.0.8;libwww-perl/6.03"
12.219.211.130 - - [06/Feb/2013:11:58:28 +0100] "GET /mail/ HTTP/1.1" 404 310 "-" "User-Agent=Mozilla/5.0 (Windows; U; Windows NT 5.1; ru; rv:1.8.1.11) Gecko/20071127 Firefox/2.0.0.8;libwww-perl/6.03"
12.219.211.130 - - [06/Feb/2013:11:58:28 +0100] "GET /mail/ HTTP/1.1" 404 310 "-" "User-Agent=Mozilla/5.0 (Windows; U; Windows NT 5.1; ru; rv:1.8.1.11) Gecko/20071127 Firefox/2.0.0.8;libwww-perl/6.03"
12.219.211.130 - - [06/Feb/2013:11:58:28 +0100] "GET /mail/ HTTP/1.1" 404 310 "-" "User-Agent=Mozilla/5.0 (Windows; U; Windows NT 5.1; ru; rv:1.8.1.11) Gecko/20071127 Firefox/2.0.0.8;libwww-perl/6.03"
50.16.166.235 - - [06/Feb/2013:15:46:56 +0100] "HEAD /spicons/apache_pb.gif HTTP/1.0" 404 - "-" "Mozilla/5.0 (compatible; NetcraftSurveyAgent/1.0; +info@netcraft.com)"
85.13.147.71 - - [06/Feb/2013:18:52:45 +0100] "HEAD / HTTP/1.1" 200 - "-" "-"
5.9.27.74 - - [06/Feb/2013:21:35:34 +0100] "GET /robots.txt HTTP/1.1" 404 328 "-" "Mozilla/5.0 (compatible; SISTRIX Crawler; http://crawler.sistrix.net/)"
5.9.27.74 - - [06/Feb/2013:21:35:34 +0100] "GET / HTTP/1.1" 200 1229 "-" "Mozilla/5.0 (compatible; SISTRIX Crawler; http://crawler.sistrix.net/)"
157.56.93.202 - - [07/Feb/2013:00:31:47 +0100] "GET /robots.txt HTTP/1.1" 404 320 "-" "Mozilla/5.0 (compatible; bingbot/2.0; +http://www.bing.com/bingbot.htm)"
157.56.93.202 - - [07/Feb/2013:00:33:12 +0100] "GET / HTTP/1.1" 200 1229 "-" "Mozilla/5.0 (compatible; bingbot/2.0; +http://www.bing.com/bingbot.htm)"
84.151.16.196 - - [07/Feb/2013:01:23:03 +0100] "GET / HTTP/1.0" 200 1229 "-" "-"
195.158.109.181 - - [07/Feb/2013:01:25:53 +0100] "GET / HTTP/1.0" 200 1229 "-" "-"
141.8.147.1 - - [07/Feb/2013:02:56:17 +0100] "GET /robots.txt HTTP/1.1" 404 320 "-" "Mozilla/5.0 (compatible; YandexBot/3.0; +http://yandex.com/bots)"
85.13.147.71 - - [07/Feb/2013:05:46:52 +0100] "HEAD / HTTP/1.1" 200 - "-" "-"
85.13.147.71 - - [07/Feb/2013:05:47:18 +0100] "HEAD / HTTP/1.1" 200 - "-" "-"
