66.249.78.193 - - [01/Oct/2013:00:47:52 +0200] "GET /robots.txt HTTP/1.1" 404 327 "-" "Mozilla/5.0 (compatible; Googlebot/2.1; +http://www.google.com/bot.html)"
141.8.147.12 - - [01/Oct/2013:01:51:59 +0200] "GET /robots.txt HTTP/1.1" 404 320 "-" "Mozilla/5.0 (compatible; YandexBot/3.0; +http://yandex.com/bots)"
78.46.109.71 - - [01/Oct/2013:02:12:45 +0200] "GET / HTTP/1.1" 200 1229 "-" "Ruby"
141.8.147.12 - - [01/Oct/2013:04:32:42 +0200] "GET /robots.txt HTTP/1.1" 404 327 "-" "Mozilla/5.0 (compatible; YandexBot/3.0; +http://yandex.com/bots)"
141.8.147.12 - - [01/Oct/2013:05:24:45 +0200] "GET / HTTP/1.1" 200 1229 "-" "Mozilla/5.0 (compatible; YandexBot/3.0; +http://yandex.com/bots)"
141.8.147.12 - - [01/Oct/2013:05:57:31 +0200] "GET / HTTP/1.1" 200 1229 "-" "Mozilla/5.0 (compatible; YandexBot/3.0; +http://yandex.com/bots)"
65.55.213.73 - - [01/Oct/2013:08:01:45 +0200] "GET /robots.txt HTTP/1.1" 404 320 "-" "msnbot/2.0b (+http://search.msn.com/msnbot.htm)"
65.55.213.73 - - [01/Oct/2013:08:01:45 +0200] "GET / HTTP/1.1" 200 1229 "-" "msnbot/2.0b (+http://search.msn.com/msnbot.htm)"
176.9.148.197 - - [01/Oct/2013:10:00:07 +0200] "GET /robots.txt HTTP/1.1" 404 337 "-" "Mozilla/5.0 (compatible; SISTRIX Crawler; http://crawler.sistrix.net/)"
176.9.148.197 - - [01/Oct/2013:10:00:07 +0200] "GET / HTTP/1.1" 206 1229 "-" "Mozilla/5.0 (compatible; SISTRIX Crawler; http://crawler.sistrix.net/)"
1.93.2.46 - - [01/Oct/2013:11:49:10 +0200] "GET /_PHPMYADMIN/scripts/setup.php HTTP/1.1" 404 334 "-" "ZmEu"
111.248.59.25 - - [01/Oct/2013:11:51:19 +0200] "GET http://www.google.co.jp HTTP/1.1" 200 1229 "-" "Mozilla/5.0 (compatible; MSIE 9.0; Windows NT 6.1; Trident/5.0)"
111.248.59.25 - - [01/Oct/2013:11:51:24 +0200] "CONNECT mx2.mail2000.com.tw:25 HTTP/1.0" 405 348 "-" "-"
1.93.2.46 - - [01/Oct/2013:11:52:09 +0200] "GET /phpMyAdmin-2.11.1/scripts/setup.php HTTP/1.1" 404 340 "-" "ZmEu"
1.93.2.46 - - [01/Oct/2013:11:54:46 +0200] "GET /phpMyAdmin-2.11.9.4/scripts/setup.php HTTP/1.1" 404 342 "-" "ZmEu"
198.20.69.98 - - [01/Oct/2013:11:57:10 +0200] "GET / HTTP/1.1" 200 1229 "-" "-"
198.20.69.98 - - [01/Oct/2013:11:57:10 +0200] "GET /robots.txt HTTP/1.1" 404 315 "-" "-"
1.93.2.46 - - [01/Oct/2013:11:58:12 +0200] "GET /phpMyAdmin-2.6.4-pl4/scripts/setup.php HTTP/1.1" 404 343 "-" "ZmEu"
1.93.2.46 - - [01/Oct/2013:12:01:40 +0200] "GET /phpMyAdmin-3.1.2.0-english/scripts/setup.php HTTP/1.1" 404 349 "-" "ZmEu"
141.8.147.12 - - [01/Oct/2013:12:52:40 +0200] "GET /robots.txt HTTP/1.1" 404 337 "-" "Mozilla/5.0 (compatible; YandexBot/3.0; +http://yandex.com/bots)"
144.76.71.241 - - [01/Oct/2013:13:20:23 +0200] "GET /robots.txt HTTP/1.1" 404 328 "-" "Mozilla/5.0 (compatible; SISTRIX Crawler; http://crawler.sistrix.net/)"
144.76.71.241 - - [01/Oct/2013:13:20:23 +0200] "GET / HTTP/1.1" 206 1229 "-" "Mozilla/5.0 (compatible; SISTRIX Crawler; http://crawler.sistrix.net/)"
192.168.10.13 - - [01/Oct/2013:13:23:11 +0200] "GET / HTTP/1.1" 200 1229 "-" "Mozilla/5.0 (Windows NT 6.1; rv:23.0) Gecko/20100101 Firefox/23.0"
192.168.10.13 - - [01/Oct/2013:13:23:11 +0200] "GET /favicon.ico HTTP/1.1" 404 322 "-" "Mozilla/5.0 (Windows NT 6.1; rv:23.0) Gecko/20100101 Firefox/23.0"
192.168.10.13 - - [01/Oct/2013:13:23:11 +0200] "GET /favicon.ico HTTP/1.1" 404 322 "-" "Mozilla/5.0 (Windows NT 6.1; rv:23.0) Gecko/20100101 Firefox/23.0"
192.168.10.13 - - [01/Oct/2013:13:23:25 +0200] "GET / HTTP/1.1" 304 - "-" "Mozilla/5.0 (Windows NT 6.1; rv:23.0) Gecko/20100101 Firefox/23.0"
192.168.10.13 - - [01/Oct/2013:13:23:26 +0200] "GET / HTTP/1.1" 304 - "-" "Mozilla/5.0 (Windows NT 6.1; rv:23.0) Gecko/20100101 Firefox/23.0"
192.168.10.44 - - [01/Oct/2013:13:48:45 +0200] "GET / HTTP/1.1" 200 1229 "-" "Mozilla/5.0 (Windows NT 6.1; WOW64; rv:23.0) Gecko/20100101 Firefox/23.0"
192.168.10.44 - - [01/Oct/2013:13:48:45 +0200] "GET /favicon.ico HTTP/1.1" 404 322 "-" "Mozilla/5.0 (Windows NT 6.1; WOW64; rv:23.0) Gecko/20100101 Firefox/23.0"
192.168.10.44 - - [01/Oct/2013:13:48:45 +0200] "GET /favicon.ico HTTP/1.1" 404 322 "-" "Mozilla/5.0 (Windows NT 6.1; WOW64; rv:23.0) Gecko/20100101 Firefox/23.0"
192.168.10.44 - - [01/Oct/2013:13:48:45 +0200] "GET /favicon.ico HTTP/1.1" 404 322 "-" "Mozilla/5.0 (Windows NT 6.1; WOW64; rv:23.0) Gecko/20100101 Firefox/23.0"
141.8.147.12 - - [01/Oct/2013:14:01:44 +0200] "GET / HTTP/1.1" 200 1229 "-" "Mozilla/5.0 (compatible; YandexBot/3.0; +http://yandex.com/bots)"
1.163.192.59 - - [01/Oct/2013:14:03:54 +0200] "GET http://www.google.com/ HTTP/1.1" 200 1229 "-" "Mozilla/5.0 (compatible; MSIE 9.0; Windows NT 6.1; Trident/5.0)"
216.145.17.190 - - [01/Oct/2013:15:24:01 +0200] "GET /robots.txt HTTP/1.0" 404 328 "-" "Mozilla/5.0 (Windows; U; Windows NT 5.1; en; rv:1.9.0.13) Gecko/2009073022 Firefox/3.5.2 (.NET CLR 3.5.30729) SurveyBot/2.3 (DomainTools)"
216.145.17.190 - - [01/Oct/2013:15:24:05 +0200] "GET / HTTP/1.1" 200 1229 "http://whois.domaintools.com/aufzugs-hebetechnik.de" "Mozilla/5.0 (Windows; U; Windows NT 5.1; en; rv:1.9.0.13) Gecko/2009073022 Firefox/3.5.2 (.NET CLR 3.5.30729) SurveyBot/2.3 (DomainTools)"
64.246.165.180 - - [01/Oct/2013:18:21:27 +0200] "GET /robots.txt HTTP/1.0" 404 332 "-" "Mozilla/5.0 (Windows; U; Windows NT 5.1; en; rv:1.9.0.13) Gecko/2009073022 Firefox/3.5.2 (.NET CLR 3.5.30729) SurveyBot/2.3 (DomainTools)"
64.246.165.180 - - [01/Oct/2013:18:21:27 +0200] "GET / HTTP/1.1" 200 1229 "http://whois.domaintools.com/bauaufzuege-hebetechnik.de" "Mozilla/5.0 (Windows; U; Windows NT 5.1; en; rv:1.9.0.13) Gecko/2009073022 Firefox/3.5.2 (.NET CLR 3.5.30729) SurveyBot/2.3 (DomainTools)"
46.4.100.231 - - [01/Oct/2013:19:27:08 +0200] "GET /robots.txt HTTP/1.1" 404 320 "-" "BacklinkCrawler (http://www.backlinktest.com/crawler.html)"
46.4.100.231 - - [01/Oct/2013:19:27:08 +0200] "GET /sitemap.xml HTTP/1.1" 404 321 "-" "BacklinkCrawler (http://www.backlinktest.com/crawler.html)"
46.4.100.231 - - [01/Oct/2013:19:27:10 +0200] "GET / HTTP/1.1" 200 1229 "-" "BacklinkCrawler (http://www.backlinktest.com/crawler.html)"
117.78.13.18 - - [01/Oct/2013:19:36:14 +0200] "GET /robots.txt HTTP/1.0" 404 320 "-" "nutch-1.4/Nutch-1.4"
117.78.13.18 - - [01/Oct/2013:19:36:18 +0200] "GET / HTTP/1.0" 200 1229 "-" "nutch-1.4/Nutch-1.4"
61.231.88.243 - - [01/Oct/2013:20:46:19 +0200] "GET http://www.google.com/ HTTP/1.1" 200 1229 "-" "Mozilla/5.0 (compatible; MSIE 9.0; Windows NT 6.1; Trident/5.0)"
61.231.88.243 - - [01/Oct/2013:20:46:19 +0200] "CONNECT mx3.mail2000.com.tw:25 HTTP/1.0" 405 348 "-" "-"
61.231.90.134 - - [01/Oct/2013:23:01:52 +0200] "GET http://www.google.co.jp HTTP/1.1" 200 1229 "-" "Mozilla/5.0 (compatible; MSIE 9.0; Windows NT 6.1; Trident/5.0)"
61.231.90.134 - - [01/Oct/2013:23:01:53 +0200] "CONNECT mx0.mail2000.com.tw:25 HTTP/1.0" 405 348 "-" "-"
64.246.165.190 - - [01/Oct/2013:23:28:25 +0200] "GET /robots.txt HTTP/1.0" 404 315 "-" "Mozilla/5.0 (Windows; U; Windows NT 5.1; en; rv:1.9.0.13) Gecko/2009073022 Firefox/3.5.2 (.NET CLR 3.5.30729) SurveyBot/2.3 (DomainTools)"
64.246.165.190 - - [01/Oct/2013:23:28:25 +0200] "GET / HTTP/1.1" 200 1229 "http://whois.domaintools.com/bmt-it.de" "Mozilla/5.0 (Windows; U; Windows NT 5.1; en; rv:1.9.0.13) Gecko/2009073022 Firefox/3.5.2 (.NET CLR 3.5.30729) SurveyBot/2.3 (DomainTools)"
64.246.165.170 - - [01/Oct/2013:23:33:24 +0200] "GET /robots.txt HTTP/1.0" 404 322 "-" "Mozilla/5.0 (Windows; U; Windows NT 5.1; en; rv:1.9.0.13) Gecko/2009073022 Firefox/3.5.2 (.NET CLR 3.5.30729) SurveyBot/2.3 (DomainTools)"
64.246.165.170 - - [01/Oct/2013:23:33:24 +0200] "GET / HTTP/1.1" 200 1229 "http://whois.domaintools.com/boedenundmehr.de" "Mozilla/5.0 (Windows; U; Windows NT 5.1; en; rv:1.9.0.13) Gecko/2009073022 Firefox/3.5.2 (.NET CLR 3.5.30729) SurveyBot/2.3 (DomainTools)"
46.165.228.119 - - [02/Oct/2013:00:03:48 +0200] "GET /phppath/php HTTP/1.0" 404 312 "-" "-"
46.165.228.119 - - [02/Oct/2013:00:03:48 +0200] "GET /phppath/php HTTP/1.0" 404 312 "-" "-"
46.165.228.119 - - [02/Oct/2013:00:03:48 +0200] "GET /phppath/php HTTP/1.0" 404 312 "-" "-"
46.165.228.119 - - [02/Oct/2013:00:03:48 +0200] "GET /phppath/php HTTP/1.0" 404 312 "-" "-"
157.55.35.76 - - [02/Oct/2013:03:42:14 +0200] "GET /robots.txt HTTP/1.1" 404 328 "-" "Mozilla/5.0 (compatible; bingbot/2.0; +http://www.bing.com/bingbot.htm)"
157.55.35.76 - - [02/Oct/2013:03:48:00 +0200] "GET / HTTP/1.1" 200 1229 "-" "Mozilla/5.0 (compatible; bingbot/2.0; +http://www.bing.com/bingbot.htm)"
61.228.19.106 - - [02/Oct/2013:05:39:49 +0200] "GET http://www.google.co.jp HTTP/1.1" 200 1229 "-" "Mozilla/5.0 (compatible; MSIE 9.0; Windows NT 6.1; Trident/5.0)"
61.228.19.106 - - [02/Oct/2013:05:39:50 +0200] "CONNECT mx0.mail2000.com.tw:25 HTTP/1.0" 405 348 "-" "-"
198.20.69.74 - - [02/Oct/2013:05:44:52 +0200] "GET / HTTP/1.1" 200 1229 "-" "-"
198.20.69.74 - - [02/Oct/2013:05:44:53 +0200] "GET /robots.txt HTTP/1.1" 404 315 "-" "-"
61.228.18.99 - - [02/Oct/2013:07:53:55 +0200] "GET http://www.google.co.jp HTTP/1.1" 200 1229 "-" "Mozilla/5.0 (compatible; MSIE 9.0; Windows NT 6.1; Trident/5.0)"
61.228.18.99 - - [02/Oct/2013:07:53:56 +0200] "CONNECT mx2.mail2000.com.tw:25 HTTP/1.0" 405 348 "-" "-"
65.55.213.73 - - [02/Oct/2013:10:26:55 +0200] "GET /robots.txt HTTP/1.1" 404 320 "-" "msnbot/2.0b (+http://search.msn.com/msnbot.htm)"
65.55.213.73 - - [02/Oct/2013:10:26:56 +0200] "GET / HTTP/1.1" 200 1229 "-" "msnbot/2.0b (+http://search.msn.com/msnbot.htm)"
94.23.45.14 - - [02/Oct/2013:11:09:54 +0200] "HEAD / HTTP/1.0" 200 - "-" "-"
198.20.69.74 - - [02/Oct/2013:11:14:48 +0200] "GET / HTTP/1.1" 200 1229 "-" "-"
198.20.69.74 - - [02/Oct/2013:11:14:49 +0200] "GET /robots.txt HTTP/1.1" 404 315 "-" "-"
66.249.78.66 - - [02/Oct/2013:12:09:48 +0200] "GET /robots.txt HTTP/1.1" 404 328 "-" "Mozilla/5.0 (compatible; Googlebot/2.1; +http://www.google.com/bot.html)"
66.249.78.66 - - [02/Oct/2013:12:09:49 +0200] "GET / HTTP/1.1" 200 1229 "-" "Mozilla/5.0 (compatible; Googlebot/2.1; +http://www.google.com/bot.html)"
123.125.148.79 - - [02/Oct/2013:12:17:04 +0200] "GET /w00tw00t.at.blackhats.romanian.anti-sec:) HTTP/1.1" 404 346 "-" "ZmEu"
123.125.148.79 - - [02/Oct/2013:12:17:09 +0200] "GET /phpMyAdmin/scripts/setup.php HTTP/1.1" 404 333 "-" "ZmEu"
123.125.148.79 - - [02/Oct/2013:12:17:15 +0200] "GET /phpmyadmin/scripts/setup.php HTTP/1.1" 404 333 "-" "ZmEu"
123.125.148.79 - - [02/Oct/2013:12:17:21 +0200] "GET /pma/scripts/setup.php HTTP/1.1" 404 326 "-" "ZmEu"
123.125.148.79 - - [02/Oct/2013:12:17:27 +0200] "GET /myadmin/scripts/setup.php HTTP/1.1" 404 330 "-" "ZmEu"
123.125.148.79 - - [02/Oct/2013:12:17:33 +0200] "GET /MyAdmin/scripts/setup.php HTTP/1.1" 404 330 "-" "ZmEu"
141.8.147.12 - - [02/Oct/2013:12:50:31 +0200] "GET /robots.txt HTTP/1.1" 404 337 "-" "Mozilla/5.0 (compatible; YandexBot/3.0; +http://yandex.com/bots)"
141.8.147.12 - - [02/Oct/2013:15:12:36 +0200] "GET / HTTP/1.1" 200 1229 "-" "Mozilla/5.0 (compatible; YandexBot/3.0; +http://yandex.com/bots)"
66.249.78.66 - - [02/Oct/2013:18:04:46 +0200] "GET /robots.txt HTTP/1.1" 404 328 "-" "Mozilla/5.0 (compatible; Googlebot/2.1; +http://www.google.com/bot.html)"
64.246.178.34 - - [02/Oct/2013:20:04:50 +0200] "GET /frameset/left.htm HTTP/1.1" 404 322 "http://whois.domaintools.com/die-sehnsucht.com" "Mozilla/5.0 (Windows; U; Windows NT 5.1; en; rv:1.9.0.13) Gecko/2009073022 Firefox/3.5.2 (.NET CLR 3.5.30729) SurveyBot/2.3 (DomainTools)"
64.246.178.34 - - [02/Oct/2013:20:04:51 +0200] "GET /frameset/top.htm HTTP/1.1" 404 321 "http://whois.domaintools.com/die-sehnsucht.com" "Mozilla/5.0 (Windows; U; Windows NT 5.1; en; rv:1.9.0.13) Gecko/2009073022 Firefox/3.5.2 (.NET CLR 3.5.30729) SurveyBot/2.3 (DomainTools)"
64.246.178.34 - - [02/Oct/2013:20:04:51 +0200] "GET /neue_seite_1.htm HTTP/1.1" 404 321 "http://whois.domaintools.com/die-sehnsucht.com" "Mozilla/5.0 (Windows; U; Windows NT 5.1; en; rv:1.9.0.13) Gecko/2009073022 Firefox/3.5.2 (.NET CLR 3.5.30729) SurveyBot/2.3 (DomainTools)"
64.246.165.160 - - [02/Oct/2013:20:08:04 +0200] "GET /leer.htm HTTP/1.1" 404 313 "http://whois.domaintools.com/dialyse-schoenebeck.de" "Mozilla/5.0 (Windows; U; Windows NT 5.1; en; rv:1.9.0.13) Gecko/2009073022 Firefox/3.5.2 (.NET CLR 3.5.30729) SurveyBot/2.3 (DomainTools)"
64.246.165.160 - - [02/Oct/2013:20:08:05 +0200] "GET /leer.htm HTTP/1.1" 404 313 "http://whois.domaintools.com/dialyse-schoenebeck.de" "Mozilla/5.0 (Windows; U; Windows NT 5.1; en; rv:1.9.0.13) Gecko/2009073022 Firefox/3.5.2 (.NET CLR 3.5.30729) SurveyBot/2.3 (DomainTools)"
64.246.165.160 - - [02/Oct/2013:20:08:05 +0200] "GET /leer.htm HTTP/1.1" 404 313 "http://whois.domaintools.com/dialyse-schoenebeck.de" "Mozilla/5.0 (Windows; U; Windows NT 5.1; en; rv:1.9.0.13) Gecko/2009073022 Firefox/3.5.2 (.NET CLR 3.5.30729) SurveyBot/2.3 (DomainTools)"
178.77.126.55 - - [02/Oct/2013:23:28:32 +0200] "GET /robots.txt HTTP/1.1" 404 320 "-" "Mozilla/5.0 (compatible; CareerBot/1.1; +http://www.career-x.de/bot.html)"
178.77.126.55 - - [02/Oct/2013:23:28:32 +0200] "GET / HTTP/1.1" 200 1229 "-" "Mozilla/5.0 (compatible; CareerBot/1.1; +http://www.career-x.de/bot.html)"
194.153.113.35 - - [03/Oct/2013:01:31:44 +0200] "HEAD / HTTP/1.1" 200 - "-" "Mozilla/5.0 (compatible; oBot/2.3.1; +http://filterdb.iss.net/crawler/)"
65.55.213.73 - - [03/Oct/2013:05:54:12 +0200] "GET / HTTP/1.1" 200 1229 "-" "msnbot/2.0b (+http://search.msn.com/msnbot.htm)"
111.248.63.222 - - [03/Oct/2013:08:22:56 +0200] "GET http://www.google.co.jp HTTP/1.1" 200 1229 "-" "Mozilla/5.0 (compatible; MSIE 9.0; Windows NT 6.1; Trident/5.0)"
111.248.63.222 - - [03/Oct/2013:08:22:56 +0200] "CONNECT mx3.mail2000.com.tw:25 HTTP/1.0" 405 348 "-" "-"
157.55.32.164 - - [03/Oct/2013:09:53:54 +0200] "GET /robots.txt HTTP/1.1" 404 320 "-" "Mozilla/5.0 (compatible; bingbot/2.0; +http://www.bing.com/bingbot.htm)"
157.55.32.164 - - [03/Oct/2013:10:05:15 +0200] "GET / HTTP/1.1" 304 - "-" "Mozilla/5.0 (compatible; bingbot/2.0; +http://www.bing.com/bingbot.htm)"
198.20.69.74 - - [03/Oct/2013:10:53:40 +0200] "GET / HTTP/1.1" 200 1229 "-" "-"
198.20.69.74 - - [03/Oct/2013:10:53:41 +0200] "GET /robots.txt HTTP/1.1" 404 315 "-" "-"
111.241.25.112 - - [03/Oct/2013:12:52:04 +0200] "GET http://www.google.com/ HTTP/1.1" 200 1229 "-" "Mozilla/5.0 (compatible; MSIE 9.0; Windows NT 6.1; Trident/5.0)"
111.241.25.112 - - [03/Oct/2013:12:52:05 +0200] "CONNECT mx0.mail2000.com.tw:25 HTTP/1.0" 405 348 "-" "-"
157.55.32.49 - - [03/Oct/2013:13:27:14 +0200] "GET /robots.txt HTTP/1.1" 404 322 "-" "Mozilla/5.0 (compatible; bingbot/2.0; +http://www.bing.com/bingbot.htm)"
157.55.32.49 - - [03/Oct/2013:13:27:55 +0200] "GET /trittschall.htm HTTP/1.1" 404 327 "-" "Mozilla/5.0 (compatible; bingbot/2.0; +http://www.bing.com/bingbot.htm)"
65.55.213.73 - - [03/Oct/2013:18:08:37 +0200] "GET /robots.txt HTTP/1.1" 404 320 "-" "msnbot/2.0b (+http://search.msn.com/msnbot.htm)"
65.55.213.73 - - [03/Oct/2013:18:08:38 +0200] "GET / HTTP/1.1" 200 1229 "-" "msnbot/2.0b (+http://search.msn.com/msnbot.htm)"
188.26.140.150 - - [03/Oct/2013:18:27:17 +0200] "\x80w\x01\x03\x01" 501 320 "-" "-"
188.26.140.150 - - [03/Oct/2013:18:27:17 +0200] "GET /HNAP1/ HTTP/1.1" 404 311 "http://212.91.246.80/" "Mozilla/5.0 Galeon/1.0.2 (X11; Linux i686; U;) Gecko/20011224"
188.26.140.150 - - [03/Oct/2013:18:27:18 +0200] "\x80w\x01\x03\x01" 501 320 "-" "-"
188.26.140.150 - - [03/Oct/2013:18:27:18 +0200] "GET /HNAP1/ HTTP/1.1" 404 311 "http://212.91.246.81/" "Mozilla/5.0 (Windows; U; Windows NT 5.1; en-US; rv:1.9.0.1) Gecko/2008092215 Firefox/3.0.1 Orca/1.1 beta 3"
188.26.140.150 - - [03/Oct/2013:18:27:18 +0200] "\x80w\x01\x03\x01" 501 320 "-" "-"
188.26.140.150 - - [03/Oct/2013:18:27:18 +0200] "GET /HNAP1/ HTTP/1.1" 404 311 "http://212.91.246.82/" "Mozilla/2.0 (compatible; MSIE 3.0B; Win32)"
188.26.140.150 - - [03/Oct/2013:18:27:18 +0200] "\x80w\x01\x03\x01" 501 320 "-" "-"
188.26.140.150 - - [03/Oct/2013:18:27:19 +0200] "GET /HNAP1/ HTTP/1.1" 404 311 "http://212.91.246.83/" "Mozilla/5.0 (compatible; Konqueror/2.2.2; Linux 2.4.14-xfs; X11; i686)"
188.26.140.150 - - [03/Oct/2013:18:27:21 +0200] "\x80w\x01\x03\x01" 501 320 "-" "-"
188.26.140.150 - - [03/Oct/2013:18:27:21 +0200] "GET /HNAP1/ HTTP/1.1" 404 311 "http://212.91.246.84/" "Mozilla/5.0 Galeon/1.0.2 (X11; Linux i686; U;) Gecko/20011224"
188.26.140.150 - - [03/Oct/2013:18:27:22 +0200] "\x80w\x01\x03\x01" 501 320 "-" "-"
188.26.140.150 - - [03/Oct/2013:18:27:22 +0200] "GET /HNAP1/ HTTP/1.1" 404 311 "http://212.91.246.85/" "Mozilla/4.0 (compatible; MSIE 6.0; Win32) WebWasher 3.0"
188.26.140.150 - - [03/Oct/2013:18:27:23 +0200] "\x80w\x01\x03\x01" 501 320 "-" "-"
188.26.140.150 - - [03/Oct/2013:18:27:23 +0200] "GET /HNAP1/ HTTP/1.1" 404 311 "http://212.91.246.86/" "Mozilla/4.0 (compatible; Opera/3.0; Windows 4.10) 3.51 [en]"
188.26.140.150 - - [03/Oct/2013:18:27:23 +0200] "\x80w\x01\x03\x01" 501 320 "-" "-"
188.26.140.150 - - [03/Oct/2013:18:27:23 +0200] "GET /HNAP1/ HTTP/1.1" 404 311 "http://212.91.246.87/" "Opera/6.x (Linux 2.4.8-26mdk i686; U) [en]"
188.26.140.150 - - [03/Oct/2013:18:27:24 +0200] "\x80w\x01\x03\x01" 501 320 "-" "-"
188.26.140.150 - - [03/Oct/2013:18:27:24 +0200] "GET /HNAP1/ HTTP/1.1" 404 311 "http://212.91.246.88/" "Mozilla/2.0 (compatible; MSIE 3.0B; Win32)"
188.26.140.150 - - [03/Oct/2013:18:27:28 +0200] "\x80w\x01\x03\x01" 501 320 "-" "-"
188.26.140.150 - - [03/Oct/2013:18:27:29 +0200] "GET /HNAP1/ HTTP/1.1" 404 311 "http://212.91.246.89/" "Mozilla/5.0 (Macintosh; U; PPC Mac OS X; en-us) AppleWebKit/xxx.x (KHTML like Gecko) Safari/12x.x"
194.153.113.13 - - [03/Oct/2013:18:56:40 +0200] "HEAD / HTTP/1.1" 200 - "-" "Mozilla/5.0 (compatible; oBot/2.3.1; +http://filterdb.iss.net/crawler/)"
61.228.19.131 - - [03/Oct/2013:19:31:51 +0200] "GET http://www.google.com/intl/zh-CN/ HTTP/1.1" 404 317 "-" "Mozilla/5.0 (compatible; MSIE 9.0; Windows NT 6.1; Trident/5.0)"
61.228.19.131 - - [03/Oct/2013:19:31:52 +0200] "CONNECT mx2.mail2000.com.tw:25 HTTP/1.0" 405 348 "-" "-"
94.23.45.14 - - [03/Oct/2013:22:06:32 +0200] "HEAD / HTTP/1.0" 200 - "-" "-"
157.55.34.171 - - [03/Oct/2013:22:35:18 +0200] "GET /robots.txt HTTP/1.1" 404 322 "-" "Mozilla/5.0 (compatible; bingbot/2.0; +http://www.bing.com/bingbot.htm)"
157.55.34.171 - - [03/Oct/2013:22:39:04 +0200] "GET /trittschall.htm HTTP/1.1" 404 327 "-" "Mozilla/5.0 (compatible; bingbot/2.0; +http://www.bing.com/bingbot.htm)"
157.55.34.171 - - [03/Oct/2013:23:13:00 +0200] "GET /trittschall.htm HTTP/1.1" 404 327 "-" "Mozilla/5.0 (compatible; bingbot/2.0; +http://www.bing.com/bingbot.htm)"
92.229.73.52 - - [03/Oct/2013:23:54:11 +0200] "GET / HTTP/1.1" 200 1229 "http://berlin.kauperts.de/eintrag/Herbert-Mink-GmbH-Mariendorfer-Damm-161A-12107-Berlin" "Mozilla/5.0 (Macintosh; Intel Mac OS X 10.7; rv:23.0) Gecko/20100101 Firefox/23.0"
92.229.73.52 - - [03/Oct/2013:23:54:11 +0200] "GET /favicon.ico HTTP/1.1" 404 321 "-" "Mozilla/5.0 (Macintosh; Intel Mac OS X 10.7; rv:23.0) Gecko/20100101 Firefox/23.0"
92.229.73.52 - - [03/Oct/2013:23:54:11 +0200] "GET /favicon.ico HTTP/1.1" 404 321 "-" "Mozilla/5.0 (Macintosh; Intel Mac OS X 10.7; rv:23.0) Gecko/20100101 Firefox/23.0"
198.20.69.74 - - [04/Oct/2013:00:29:41 +0200] "GET / HTTP/1.1" 200 1229 "-" "-"
198.20.69.74 - - [04/Oct/2013:00:29:41 +0200] "GET /robots.txt HTTP/1.1" 404 315 "-" "-"
141.8.147.12 - - [04/Oct/2013:08:38:03 +0200] "GET /robots.txt HTTP/1.1" 404 322 "-" "Mozilla/5.0 (compatible; YandexBot/3.0; +http://yandex.com/bots)"
141.8.147.12 - - [04/Oct/2013:09:39:10 +0200] "GET /robots.txt HTTP/1.1" 404 320 "-" "Mozilla/5.0 (compatible; YandexBot/3.0; +http://yandex.com/bots)"
194.153.113.35 - - [04/Oct/2013:09:47:01 +0200] "HEAD / HTTP/1.1" 200 - "-" "Mozilla/5.0 (compatible; oBot/2.3.1; +http://filterdb.iss.net/crawler/)"
217.230.187.103 - - [04/Oct/2013:10:19:43 +0200] "GET / HTTP/1.1" 200 1229 "http://www.bigfinder.de/online-11.html" "Mozilla/5.0 (Macintosh; U; Intel Mac OS X 10.6; de-DE; rv:1.9.2.8) Gecko/20100722 Firefox/3.6.8"
157.55.32.82 - - [04/Oct/2013:10:28:07 +0200] "GET /robots.txt HTTP/1.1" 404 333 "-" "Mozilla/5.0 (compatible; bingbot/2.0; +http://www.bing.com/bingbot.htm)"
61.228.91.169 - - [04/Oct/2013:11:08:15 +0200] "GET http://www.google.co.jp HTTP/1.1" 200 1229 "-" "Mozilla/5.0 (compatible; MSIE 9.0; Windows NT 6.1; Trident/5.0)"
61.228.91.169 - - [04/Oct/2013:11:08:15 +0200] "CONNECT mx0.mail2000.com.tw:25 HTTP/1.0" 405 348 "-" "-"
141.8.147.12 - - [04/Oct/2013:11:17:17 +0200] "GET /robots.txt HTTP/1.1" 404 333 "-" "Mozilla/5.0 (compatible; YandexBot/3.0; +http://yandex.com/bots)"
141.8.147.12 - - [04/Oct/2013:11:37:01 +0200] "GET /robots.txt HTTP/1.1" 404 327 "-" "Mozilla/5.0 (compatible; YandexBot/3.0; +http://yandex.com/bots)"
141.8.147.12 - - [04/Oct/2013:11:51:40 +0200] "GET / HTTP/1.1" 200 1229 "-" "Mozilla/5.0 (compatible; YandexBot/3.0; +http://yandex.com/bots)"
141.8.147.12 - - [04/Oct/2013:12:20:09 +0200] "GET / HTTP/1.1" 200 1229 "-" "Mozilla/5.0 (compatible; YandexBot/3.0; +http://yandex.com/bots)"
92.78.49.63 - - [04/Oct/2013:12:40:31 +0200] "GET / HTTP/1.1" 200 1229 "http://berlin.kauperts.de/eintrag/Herbert-Mink-GmbH-Mariendorfer-Damm-161A-12107-Berlin" "Opera/9.80 (Windows NT 6.1; WOW64) Presto/2.12.388 Version/12.16"
92.78.49.63 - - [04/Oct/2013:12:40:31 +0200] "GET /favicon.ico HTTP/1.1" 404 321 "http://www.mink-berlin.de/" "Opera/9.80 (Windows NT 6.1; WOW64) Presto/2.12.388 Version/12.16"
141.8.147.12 - - [04/Oct/2013:13:11:34 +0200] "GET / HTTP/1.1" 200 1229 "-" "Mozilla/5.0 (compatible; YandexBot/3.0; +http://yandex.com/bots)"
83.233.207.74 - - [04/Oct/2013:13:48:48 +0200] "GET / HTTP/1.1" 200 1229 "-" "Mozilla/4.0 (CMS Crawler: http://www.cmscrawler.com)"
54.215.238.39 - - [04/Oct/2013:14:46:30 +0200] "GET / HTTP/1.1" 200 1229 "-" "Mozilla/4.0 (compatible; MSIE 6.0; Windows NT 5.1; SV1; InfoPath.2)"
75.125.46.2 - - [04/Oct/2013:14:55:06 +0200] "GET /w00tw00t.at.blackhats.romanian.anti-sec:) HTTP/1.1" 404 346 "-" "ZmEu"
75.125.46.2 - - [04/Oct/2013:14:55:06 +0200] "GET /w00tw00t.at.blackhats.romanian.anti-sec:) HTTP/1.1" 404 346 "-" "ZmEu"
75.125.46.2 - - [04/Oct/2013:14:55:06 +0200] "GET /w00tw00t.at.blackhats.romanian.anti-sec:) HTTP/1.1" 404 346 "-" "ZmEu"
75.125.46.2 - - [04/Oct/2013:14:55:06 +0200] "GET /w00tw00t.at.blackhats.romanian.anti-sec:) HTTP/1.1" 404 346 "-" "ZmEu"
75.125.46.2 - - [04/Oct/2013:14:55:06 +0200] "GET /w00tw00t.at.blackhats.romanian.anti-sec:) HTTP/1.1" 404 346 "-" "ZmEu"
75.125.46.2 - - [04/Oct/2013:14:55:06 +0200] "GET /w00tw00t.at.blackhats.romanian.anti-sec:) HTTP/1.1" 404 346 "-" "ZmEu"
75.125.46.2 - - [04/Oct/2013:14:55:12 +0200] "GET /phpMyAdmin/scripts/setup.php HTTP/1.1" 404 333 "-" "ZmEu"
75.125.46.2 - - [04/Oct/2013:14:55:12 +0200] "GET /phpMyAdmin/scripts/setup.php HTTP/1.1" 404 333 "-" "ZmEu"
75.125.46.2 - - [04/Oct/2013:14:55:12 +0200] "GET /phpMyAdmin/scripts/setup.php HTTP/1.1" 404 333 "-" "ZmEu"
75.125.46.2 - - [04/Oct/2013:14:55:12 +0200] "GET /phpMyAdmin/scripts/setup.php HTTP/1.1" 404 333 "-" "ZmEu"
75.125.46.2 - - [04/Oct/2013:14:55:12 +0200] "GET /phpMyAdmin/scripts/setup.php HTTP/1.1" 404 333 "-" "ZmEu"
75.125.46.2 - - [04/Oct/2013:14:55:12 +0200] "GET /phpMyAdmin/scripts/setup.php HTTP/1.1" 404 333 "-" "ZmEu"
75.125.46.2 - - [04/Oct/2013:14:55:18 +0200] "GET /phpmyadmin/scripts/setup.php HTTP/1.1" 404 333 "-" "ZmEu"
75.125.46.2 - - [04/Oct/2013:14:55:18 +0200] "GET /phpmyadmin/scripts/setup.php HTTP/1.1" 404 333 "-" "ZmEu"
75.125.46.2 - - [04/Oct/2013:14:55:18 +0200] "GET /phpmyadmin/scripts/setup.php HTTP/1.1" 404 333 "-" "ZmEu"
75.125.46.2 - - [04/Oct/2013:14:55:18 +0200] "GET /phpmyadmin/scripts/setup.php HTTP/1.1" 404 333 "-" "ZmEu"
75.125.46.2 - - [04/Oct/2013:14:55:18 +0200] "GET /phpmyadmin/scripts/setup.php HTTP/1.1" 404 333 "-" "ZmEu"
75.125.46.2 - - [04/Oct/2013:14:55:18 +0200] "GET /phpmyadmin/scripts/setup.php HTTP/1.1" 404 333 "-" "ZmEu"
75.125.46.2 - - [04/Oct/2013:14:55:24 +0200] "GET /pma/scripts/setup.php HTTP/1.1" 404 326 "-" "ZmEu"
75.125.46.2 - - [04/Oct/2013:14:55:24 +0200] "GET /pma/scripts/setup.php HTTP/1.1" 404 326 "-" "ZmEu"
75.125.46.2 - - [04/Oct/2013:14:55:24 +0200] "GET /pma/scripts/setup.php HTTP/1.1" 404 326 "-" "ZmEu"
75.125.46.2 - - [04/Oct/2013:14:55:24 +0200] "GET /pma/scripts/setup.php HTTP/1.1" 404 326 "-" "ZmEu"
75.125.46.2 - - [04/Oct/2013:14:55:24 +0200] "GET /pma/scripts/setup.php HTTP/1.1" 404 326 "-" "ZmEu"
75.125.46.2 - - [04/Oct/2013:14:55:24 +0200] "GET /pma/scripts/setup.php HTTP/1.1" 404 326 "-" "ZmEu"
75.125.46.2 - - [04/Oct/2013:14:55:30 +0200] "GET /myadmin/scripts/setup.php HTTP/1.1" 404 330 "-" "ZmEu"
75.125.46.2 - - [04/Oct/2013:14:55:30 +0200] "GET /myadmin/scripts/setup.php HTTP/1.1" 404 330 "-" "ZmEu"
75.125.46.2 - - [04/Oct/2013:14:55:30 +0200] "GET /myadmin/scripts/setup.php HTTP/1.1" 404 330 "-" "ZmEu"
75.125.46.2 - - [04/Oct/2013:14:55:30 +0200] "GET /myadmin/scripts/setup.php HTTP/1.1" 404 330 "-" "ZmEu"
75.125.46.2 - - [04/Oct/2013:14:55:30 +0200] "GET /myadmin/scripts/setup.php HTTP/1.1" 404 330 "-" "ZmEu"
75.125.46.2 - - [04/Oct/2013:14:55:30 +0200] "GET /myadmin/scripts/setup.php HTTP/1.1" 404 330 "-" "ZmEu"
75.125.46.2 - - [04/Oct/2013:14:55:36 +0200] "GET /MyAdmin/scripts/setup.php HTTP/1.1" 404 330 "-" "ZmEu"
75.125.46.2 - - [04/Oct/2013:14:55:36 +0200] "GET /MyAdmin/scripts/setup.php HTTP/1.1" 404 330 "-" "ZmEu"
75.125.46.2 - - [04/Oct/2013:14:55:36 +0200] "GET /MyAdmin/scripts/setup.php HTTP/1.1" 404 330 "-" "ZmEu"
75.125.46.2 - - [04/Oct/2013:14:55:36 +0200] "GET /MyAdmin/scripts/setup.php HTTP/1.1" 404 330 "-" "ZmEu"
75.125.46.2 - - [04/Oct/2013:14:55:36 +0200] "GET /MyAdmin/scripts/setup.php HTTP/1.1" 404 330 "-" "ZmEu"
75.125.46.2 - - [04/Oct/2013:14:55:36 +0200] "GET /MyAdmin/scripts/setup.php HTTP/1.1" 404 330 "-" "ZmEu"
54.229.201.151 - - [04/Oct/2013:15:43:40 +0200] "GET / HTTP/1.1" 200 1229 "-" "Mozilla/4.0 (compatible; MSIE 6.0; Windows NT 5.1; SV1; InfoPath.2)"
54.242.137.37 - - [04/Oct/2013:15:51:18 +0200] "GET / HTTP/1.1" 200 1229 "-" "Mozilla/4.0 (compatible; MSIE 6.0; Windows NT 5.1; SV1; InfoPath.2)"
157.56.93.37 - - [04/Oct/2013:16:33:49 +0200] "GET /robots.txt HTTP/1.1" 404 322 "-" "Mozilla/5.0 (compatible; bingbot/2.0; +http://www.bing.com/bingbot.htm)"
141.8.147.12 - - [04/Oct/2013:16:42:51 +0200] "GET /robots.txt HTTP/1.1" 404 328 "-" "Mozilla/5.0 (compatible; YandexBot/3.0; +http://yandex.com/bots)"
86.56.98.89 - - [04/Oct/2013:16:49:19 +0200] "GET /img/icons_rot_1.gif HTTP/1.1" 400 329 "-" "Opera/9.80 (Windows NT 6.1) Presto/2.12.388 Version/12.16"
157.56.93.37 - - [04/Oct/2013:16:49:33 +0200] "GET /trittschall.htm HTTP/1.1" 404 327 "-" "Mozilla/5.0 (compatible; bingbot/2.0; +http://www.bing.com/bingbot.htm)"
86.56.98.89 - - [04/Oct/2013:16:49:19 +0200] "GET /img/icons_rot_5.gif HTTP/1.1" 400 329 "-" "Opera/9.80 (Windows NT 6.1) Presto/2.12.388 Version/12.16"
86.56.98.89 - - [04/Oct/2013:16:49:19 +0200] "GET /img/bottom_bg_tr.gif HTTP/1.1" 400 329 "-" "Opera/9.80 (Windows NT 6.1) Presto/2.12.388 Version/12.16"
86.56.98.89 - - [04/Oct/2013:16:49:19 +0200] "GET /img/icon.gif HTTP/1.1" 400 329 "-" "Opera/9.80 (Windows NT 6.1) Presto/2.12.388 Version/12.16"
65.55.213.73 - - [04/Oct/2013:17:14:39 +0200] "GET /robots.txt HTTP/1.1" 404 320 "-" "msnbot/2.0b (+http://search.msn.com/msnbot.htm)"
65.55.213.73 - - [04/Oct/2013:17:14:39 +0200] "GET / HTTP/1.1" 200 1229 "-" "msnbot/2.0b (+http://search.msn.com/msnbot.htm)"
54.215.238.9 - - [04/Oct/2013:17:22:24 +0200] "GET / HTTP/1.1" 200 1229 "-" "Mozilla/4.0 (compatible; MSIE 6.0; Windows NT 5.1; SV1; InfoPath.2)"
50.19.149.86 - - [04/Oct/2013:17:27:28 +0200] "GET / HTTP/1.1" 200 1229 "-" "Mozilla/4.0 (compatible; MSIE 6.0; Windows NT 5.1; SV1; InfoPath.2)"
176.9.155.226 - - [04/Oct/2013:18:08:18 +0200] "GET /robots.txt HTTP/1.1" 404 320 "-" "Mozilla/5.0 (compatible; SISTRIX Crawler; http://crawler.sistrix.net/)"
176.9.155.226 - - [04/Oct/2013:18:08:18 +0200] "GET / HTTP/1.1" 206 1229 "-" "Mozilla/5.0 (compatible; SISTRIX Crawler; http://crawler.sistrix.net/)"
54.242.137.37 - - [04/Oct/2013:18:10:29 +0200] "GET / HTTP/1.1" 200 1229 "-" "Mozilla/4.0 (compatible; MSIE 6.0; Windows NT 5.1; SV1; InfoPath.2)"
54.242.137.37 - - [04/Oct/2013:18:20:51 +0200] "GET / HTTP/1.1" 200 1229 "-" "Mozilla/4.0 (compatible; MSIE 6.0; Windows NT 5.1; SV1; InfoPath.2)"
141.8.147.12 - - [04/Oct/2013:18:35:44 +0200] "GET / HTTP/1.1" 200 1229 "-" "Mozilla/5.0 (compatible; YandexBot/3.0; +http://yandex.com/bots)"
54.229.201.151 - - [04/Oct/2013:18:38:49 +0200] "GET / HTTP/1.1" 200 1229 "-" "Mozilla/4.0 (compatible; MSIE 6.0; Windows NT 5.1; SV1; InfoPath.2)"
54.229.179.24 - - [04/Oct/2013:18:54:29 +0200] "GET / HTTP/1.1" 200 1229 "-" "Mozilla/4.0 (compatible; MSIE 6.0; Windows NT 5.1; SV1; InfoPath.2)"
54.215.238.9 - - [04/Oct/2013:19:02:37 +0200] "GET / HTTP/1.1" 200 1229 "-" "Mozilla/4.0 (compatible; MSIE 6.0; Windows NT 5.1; SV1; InfoPath.2)"
141.8.147.12 - - [04/Oct/2013:20:02:29 +0200] "GET / HTTP/1.1" 200 1229 "-" "Mozilla/5.0 (compatible; YandexBot/3.0; +http://yandex.com/bots)"
157.55.32.143 - - [04/Oct/2013:21:13:10 +0200] "GET /robots.txt HTTP/1.1" 404 322 "-" "Mozilla/5.0 (compatible; bingbot/2.0; +http://www.bing.com/bingbot.htm)"
157.55.32.143 - - [04/Oct/2013:21:13:52 +0200] "GET /index.htm HTTP/1.1" 404 321 "-" "Mozilla/5.0 (compatible; bingbot/2.0; +http://www.bing.com/bingbot.htm)"
157.55.33.44 - - [04/Oct/2013:23:07:24 +0200] "GET /robots.txt HTTP/1.1" 404 320 "-" "Mozilla/5.0 (compatible; bingbot/2.0; +http://www.bing.com/bingbot.htm)"
157.55.33.44 - - [04/Oct/2013:23:08:13 +0200] "GET / HTTP/1.1" 304 - "-" "Mozilla/5.0 (compatible; bingbot/2.0; +http://www.bing.com/bingbot.htm)"
66.249.78.157 - - [05/Oct/2013:00:22:42 +0200] "GET /robots.txt HTTP/1.1" 404 315 "-" "Mozilla/5.0 (compatible; Googlebot/2.1; +http://www.google.com/bot.html)"
66.249.78.157 - - [05/Oct/2013:00:22:42 +0200] "GET / HTTP/1.1" 200 1229 "-" "Mozilla/5.0 (compatible; Googlebot/2.1; +http://www.google.com/bot.html)"
157.55.33.251 - - [05/Oct/2013:02:14:08 +0200] "GET /robots.txt HTTP/1.1" 404 332 "-" "Mozilla/5.0 (compatible; bingbot/2.0; +http://www.bing.com/bingbot.htm)"
157.55.33.251 - - [05/Oct/2013:02:16:30 +0200] "GET / HTTP/1.1" 304 - "-" "Mozilla/5.0 (compatible; bingbot/2.0; +http://www.bing.com/bingbot.htm)"
141.8.147.12 - - [05/Oct/2013:02:32:53 +0200] "GET /robots.txt HTTP/1.1" 404 320 "-" "Mozilla/5.0 (compatible; YandexBot/3.0; +http://yandex.com/bots)"
5.9.127.154 - - [05/Oct/2013:03:35:13 +0200] "GET /robots.txt HTTP/1.1" 404 327 "-" "Mozilla/5.0 (compatible; SISTRIX Crawler; http://crawler.sistrix.net/)"
5.9.127.154 - - [05/Oct/2013:03:35:13 +0200] "GET / HTTP/1.1" 206 1229 "-" "Mozilla/5.0 (compatible; SISTRIX Crawler; http://crawler.sistrix.net/)"
141.8.147.12 - - [05/Oct/2013:04:56:43 +0200] "GET /robots.txt HTTP/1.1" 404 328 "-" "Mozilla/5.0 (compatible; YandexBot/3.0; +http://yandex.com/bots)"
211.90.11.28 - - [05/Oct/2013:05:41:36 +0200] "HEAD / HTTP/1.0" 200 - "-" "-"
211.90.11.28 - - [05/Oct/2013:05:41:36 +0200] "HEAD / HTTP/1.0" 200 - "-" "-"
211.90.11.28 - - [05/Oct/2013:05:41:36 +0200] "HEAD / HTTP/1.0" 200 - "-" "-"
211.90.11.28 - - [05/Oct/2013:05:41:36 +0200] "HEAD / HTTP/1.0" 200 - "-" "-"
211.90.11.28 - - [05/Oct/2013:05:41:36 +0200] "HEAD / HTTP/1.0" 200 - "-" "-"
211.90.11.28 - - [05/Oct/2013:05:41:36 +0200] "HEAD / HTTP/1.0" 200 - "-" "-"
211.90.11.28 - - [05/Oct/2013:05:41:36 +0200] "HEAD / HTTP/1.0" 200 - "-" "-"
211.90.11.28 - - [05/Oct/2013:05:41:36 +0200] "HEAD / HTTP/1.0" 200 - "-" "-"
211.90.11.28 - - [05/Oct/2013:05:41:36 +0200] "HEAD / HTTP/1.0" 200 - "-" "-"
211.90.11.28 - - [05/Oct/2013:05:41:36 +0200] "HEAD / HTTP/1.0" 200 - "-" "-"
66.249.78.157 - - [05/Oct/2013:06:34:23 +0200] "GET /robots.txt HTTP/1.1" 404 315 "-" "Mozilla/5.0 (compatible; Googlebot/2.1; +http://www.google.com/bot.html)"
94.23.45.14 - - [05/Oct/2013:07:05:01 +0200] "HEAD / HTTP/1.0" 200 - "-" "-"
141.8.147.12 - - [05/Oct/2013:07:34:08 +0200] "GET /robots.txt HTTP/1.1" 404 337 "-" "Mozilla/5.0 (compatible; YandexBot/3.0; +http://yandex.com/bots)"
141.8.147.12 - - [05/Oct/2013:09:02:29 +0200] "GET / HTTP/1.1" 200 1229 "-" "Mozilla/5.0 (compatible; YandexBot/3.0; +http://yandex.com/bots)"
162.210.196.97 - - [05/Oct/2013:09:21:10 +0200] "GET /robots.txt HTTP/1.0" 404 327 "-" "Mozilla/5.0 (compatible; MJ12bot/v1.4.4; http://www.majestic12.co.uk/bot.php?+)"
162.210.196.97 - - [05/Oct/2013:09:21:12 +0200] "GET / HTTP/1.0" 200 1229 "-" "Mozilla/5.0 (compatible; MJ12bot/v1.4.4; http://www.majestic12.co.uk/bot.php?+)"
111.248.60.228 - - [05/Oct/2013:09:26:27 +0200] "GET http://www.google.com.tw HTTP/1.1" 200 1229 "-" "Mozilla/5.0 (compatible; MSIE 9.0; Windows NT 6.1; Trident/5.0)"
111.248.60.228 - - [05/Oct/2013:09:26:29 +0200] "CONNECT mx0.mail2000.com.tw:25 HTTP/1.0" 405 348 "-" "-"
199.58.86.206 - - [05/Oct/2013:09:32:44 +0200] "GET /robots.txt HTTP/1.0" 404 322 "-" "Mozilla/5.0 (compatible; MJ12bot/v1.4.4; http://www.majestic12.co.uk/bot.php?+)"
199.58.86.206 - - [05/Oct/2013:09:32:46 +0200] "GET / HTTP/1.0" 200 1229 "-" "Mozilla/5.0 (compatible; MJ12bot/v1.4.4; http://www.majestic12.co.uk/bot.php?+)"
157.55.33.44 - - [05/Oct/2013:10:03:58 +0200] "GET /robots.txt HTTP/1.1" 404 320 "-" "Mozilla/5.0 (compatible; bingbot/2.0; +http://www.bing.com/bingbot.htm)"
157.55.33.44 - - [05/Oct/2013:10:04:37 +0200] "GET / HTTP/1.1" 200 1229 "-" "Mozilla/5.0 (compatible; bingbot/2.0; +http://www.bing.com/bingbot.htm)"
64.246.161.30 - - [05/Oct/2013:10:18:12 +0200] "GET /robots.txt HTTP/1.0" 404 320 "-" "Mozilla/5.0 (Windows; U; Windows NT 5.1; en; rv:1.9.0.13) Gecko/2009073022 Firefox/3.5.2 (.NET CLR 3.5.30729) SurveyBot/2.3 (DomainTools)"
64.246.161.30 - - [05/Oct/2013:10:18:12 +0200] "GET / HTTP/1.1" 200 1229 "http://whois.domaintools.com/mink-berlin.de" "Mozilla/5.0 (Windows; U; Windows NT 5.1; en; rv:1.9.0.13) Gecko/2009073022 Firefox/3.5.2 (.NET CLR 3.5.30729) SurveyBot/2.3 (DomainTools)"
91.191.173.194 - - [05/Oct/2013:10:35:52 +0200] "GET /phppath/php HTTP/1.0" 404 312 "-" "-"
91.191.173.194 - - [05/Oct/2013:10:35:52 +0200] "GET /phppath/php HTTP/1.0" 404 312 "-" "-"
91.191.173.194 - - [05/Oct/2013:10:35:52 +0200] "GET /phppath/php HTTP/1.0" 404 312 "-" "-"
91.191.173.194 - - [05/Oct/2013:10:35:52 +0200] "GET /phppath/php HTTP/1.0" 404 312 "-" "-"
91.191.173.194 - - [05/Oct/2013:10:35:52 +0200] "GET /phppath/php HTTP/1.0" 404 312 "-" "-"
91.191.173.194 - - [05/Oct/2013:10:35:52 +0200] "GET /phppath/php HTTP/1.0" 404 312 "-" "-"
91.191.173.194 - - [05/Oct/2013:10:35:52 +0200] "GET /phppath/php HTTP/1.0" 404 312 "-" "-"
91.191.173.194 - - [05/Oct/2013:10:35:52 +0200] "GET /phppath/php HTTP/1.0" 404 312 "-" "-"
91.191.173.194 - - [05/Oct/2013:10:35:52 +0200] "GET /phppath/php HTTP/1.0" 404 312 "-" "-"
91.191.173.194 - - [05/Oct/2013:10:35:52 +0200] "GET /phppath/php HTTP/1.0" 404 312 "-" "-"
141.8.147.12 - - [05/Oct/2013:11:21:18 +0200] "GET / HTTP/1.1" 200 1229 "-" "Mozilla/5.0 (compatible; YandexBot/3.0; +http://yandex.com/bots)"
36.230.254.237 - - [05/Oct/2013:11:39:39 +0200] "GET http://www.google.com.tw HTTP/1.1" 200 1229 "-" "Mozilla/5.0 (compatible; MSIE 9.0; Windows NT 6.1; Trident/5.0)"
36.230.254.237 - - [05/Oct/2013:11:39:39 +0200] "CONNECT mx3.mail2000.com.tw:25 HTTP/1.0" 405 348 "-" "-"
194.153.113.13 - - [05/Oct/2013:13:54:00 +0200] "HEAD / HTTP/1.1" 200 - "-" "Mozilla/5.0 (compatible; oBot/2.3.1; +http://filterdb.iss.net/crawler/)"
194.153.113.13 - - [05/Oct/2013:15:02:44 +0200] "HEAD / HTTP/1.1" 200 - "-" "Mozilla/5.0 (compatible; oBot/2.3.1; +http://filterdb.iss.net/crawler/)"
54.202.98.128 - - [05/Oct/2013:18:50:52 +0200] "GET / HTTP/1.1" 200 1229 "http://www.ausergrubhof.info" "Mozilla/5.0 (Macintosh; Intel Mac OS X 10_8_4) AppleWebKit/536.30.1 (KHTML, like Gecko) Version/6.0.5 Safari/536.30.1"
54.202.98.128 - - [05/Oct/2013:18:51:31 +0200] "GET / HTTP/1.1" 200 1229 "http://www.ausergrubhof.info" "Mozilla/5.0 (Macintosh; Intel Mac OS X 10_8_4) AppleWebKit/536.30.1 (KHTML, like Gecko) Version/6.0.5 Safari/536.30.1"
54.212.113.81 - - [05/Oct/2013:18:51:42 +0200] "GET / HTTP/1.1" 200 1229 "http://www.ausergrubhof.info" "Mozilla/5.0 (Macintosh; Intel Mac OS X 10_8_4) AppleWebKit/536.30.1 (KHTML, like Gecko) Version/6.0.5 Safari/536.30.1"
199.30.26.221 - - [05/Oct/2013:19:04:14 +0200] "GET /robots.txt HTTP/1.1" 404 320 "-" "msnbot/2.0b (+http://search.msn.com/msnbot.htm)"
199.30.26.221 - - [05/Oct/2013:19:04:14 +0200] "GET /seiten/optiplus_detail.php?det=guete HTTP/1.1" 404 336 "-" "msnbot/2.0b (+http://search.msn.com/msnbot.htm)"
141.8.147.12 - - [05/Oct/2013:19:54:35 +0200] "GET /robots.txt HTTP/1.1" 404 337 "-" "Mozilla/5.0 (compatible; YandexBot/3.0; +http://yandex.com/bots)"
54.202.33.95 - - [05/Oct/2013:20:21:50 +0200] "GET / HTTP/1.1" 200 1229 "http://www.binary-deluxe.com" "Mozilla/5.0 (Macintosh; Intel Mac OS X 10_8_4) AppleWebKit/536.30.1 (KHTML, like Gecko) Version/6.0.5 Safari/536.30.1"
198.20.69.74 - - [06/Oct/2013:00:30:13 +0200] "GET / HTTP/1.1" 200 1229 "-" "-"
198.20.69.74 - - [06/Oct/2013:00:30:13 +0200] "GET /robots.txt HTTP/1.1" 404 315 "-" "-"
157.55.32.143 - - [06/Oct/2013:00:40:45 +0200] "GET /robots.txt HTTP/1.1" 404 322 "-" "Mozilla/5.0 (compatible; bingbot/2.0; +http://www.bing.com/bingbot.htm)"
157.55.32.143 - - [06/Oct/2013:00:41:13 +0200] "GET / HTTP/1.1" 304 - "-" "Mozilla/5.0 (compatible; bingbot/2.0; +http://www.bing.com/bingbot.htm)"
141.8.147.12 - - [06/Oct/2013:02:59:30 +0200] "GET /robots.txt HTTP/1.1" 404 322 "-" "Mozilla/5.0 (compatible; YandexBot/3.0; +http://yandex.com/bots)"
111.248.113.90 - - [06/Oct/2013:03:16:53 +0200] "GET http://www.google.co.jp HTTP/1.1" 200 1229 "-" "Mozilla/5.0 (compatible; MSIE 9.0; Windows NT 6.1; Trident/5.0)"
111.248.113.90 - - [06/Oct/2013:03:16:53 +0200] "CONNECT mx2.mail2000.com.tw:25 HTTP/1.0" 405 348 "-" "-"
141.8.147.12 - - [06/Oct/2013:03:50:58 +0200] "GET / HTTP/1.1" 200 1229 "-" "Mozilla/5.0 (compatible; YandexBot/3.0; +http://yandex.com/bots)"
176.9.148.197 - - [06/Oct/2013:04:17:50 +0200] "GET /robots.txt HTTP/1.1" 404 333 "-" "Mozilla/5.0 (compatible; SISTRIX Crawler; http://crawler.sistrix.net/)"
176.9.148.197 - - [06/Oct/2013:04:17:50 +0200] "GET / HTTP/1.1" 206 1229 "-" "Mozilla/5.0 (compatible; SISTRIX Crawler; http://crawler.sistrix.net/)"
194.153.113.13 - - [06/Oct/2013:04:42:38 +0200] "HEAD / HTTP/1.1" 200 - "-" "Mozilla/5.0 (compatible; oBot/2.3.1; +http://filterdb.iss.net/crawler/)"
141.8.147.12 - - [06/Oct/2013:05:57:54 +0200] "GET /robots.txt HTTP/1.1" 404 327 "-" "Mozilla/5.0 (compatible; YandexBot/3.0; +http://yandex.com/bots)"
173.193.69.26 - - [06/Oct/2013:06:08:28 +0200] "GET JBoss By Max HTTP/1.1" 400 333 "-" "Mozilla/4.0 (compatible; MSIE 6.0; Windows 98)"
173.193.69.26 - - [06/Oct/2013:06:08:29 +0200] "GET /status?full=true HTTP/1.1" 404 311 "-" "Mozilla/4.0 (compatible; MSIE 6.0; Windows 98)"
178.77.126.55 - - [06/Oct/2013:06:59:43 +0200] "GET /robots.txt HTTP/1.1" 404 320 "-" "Mozilla/5.0 (compatible; CareerBot/1.1; +http://www.career-x.de/bot.html)"
178.77.126.55 - - [06/Oct/2013:06:59:43 +0200] "GET / HTTP/1.1" 200 1229 "-" "Mozilla/5.0 (compatible; CareerBot/1.1; +http://www.career-x.de/bot.html)"
217.230.179.200 - - [06/Oct/2013:07:28:47 +0200] "GET / HTTP/1.1" 200 1229 "http://www.bigfinder.de/online-11.html" "Mozilla/5.0 (Windows; U; Windows NT 6.1; de; rv:1.9.2.8) Gecko/20100722 Firefox/3.6.8 GTB7.1"
65.55.213.73 - - [06/Oct/2013:07:32:16 +0200] "GET /robots.txt HTTP/1.1" 404 320 "-" "msnbot/2.0b (+http://search.msn.com/msnbot.htm)"
65.55.213.73 - - [06/Oct/2013:07:32:17 +0200] "GET / HTTP/1.1" 200 1229 "-" "msnbot/2.0b (+http://search.msn.com/msnbot.htm)"
5.9.213.129 - - [06/Oct/2013:07:56:45 +0200] "GET / HTTP/1.1" 200 1229 "-" "Mozilla/5.0 (Windows; U; Windows NT 5.1; de-DE; rv:1.8.1.13) Gecko/20080311 Firefox/2.0.0.13"
141.8.147.12 - - [06/Oct/2013:08:14:41 +0200] "GET / HTTP/1.1" 200 1229 "-" "Mozilla/5.0 (compatible; YandexBot/3.0; +http://yandex.com/bots)"
199.192.207.146 - - [06/Oct/2013:08:29:42 +0200] "GET /robots.txt HTTP/1.0" 404 320 "-" "Mozilla/5.0 (compatible; MJ12bot/v1.4.4; http://www.majestic12.co.uk/bot.php?+)"
199.192.207.146 - - [06/Oct/2013:08:29:43 +0200] "GET / HTTP/1.0" 200 1229 "-" "Mozilla/5.0 (compatible; MJ12bot/v1.4.4; http://www.majestic12.co.uk/bot.php?+)"
1.163.216.100 - - [06/Oct/2013:09:56:41 +0200] "GET http://www.google.com/intl/zh-CN/ HTTP/1.1" 404 317 "-" "Mozilla/5.0 (compatible; MSIE 9.0; Windows NT 6.1; Trident/5.0)"
1.163.216.100 - - [06/Oct/2013:09:56:45 +0200] "CONNECT mx3.mail2000.com.tw:25 HTTP/1.0" 405 348 "-" "-"
81.209.177.202 - - [06/Oct/2013:10:18:55 +0200] "GET /robots.txt HTTP/1.1" 404 320 "-" "netEstate NE Crawler (+http://www.website-datenbank.de/)"
81.209.177.202 - - [06/Oct/2013:10:19:00 +0200] "GET / HTTP/1.1" 200 1229 "-" "netEstate NE Crawler (+http://www.website-datenbank.de/)"
81.209.177.140 - - [06/Oct/2013:10:19:20 +0200] "GET / HTTP/1.1" 200 1229 "-" "netEstate NE Crawler (+http://www.website-datenbank.de/)"
173.193.69.26 - - [06/Oct/2013:11:44:43 +0200] "GET <title>JBoss By Max HTTP/1.1" 400 333 "-" "Mozilla/4.0 (compatible; MSIE 6.0; Windows 98)"
173.193.69.26 - - [06/Oct/2013:11:44:43 +0200] "GET /status?full=true HTTP/1.1" 404 311 "-" "Mozilla/4.0 (compatible; MSIE 6.0; Windows 98)"
5.9.27.74 - - [06/Oct/2013:15:43:01 +0200] "GET /robots.txt HTTP/1.1" 404 322 "-" "Mozilla/5.0 (compatible; SISTRIX Crawler; http://crawler.sistrix.net/)"
5.9.27.74 - - [06/Oct/2013:15:43:02 +0200] "GET / HTTP/1.1" 206 1229 "-" "Mozilla/5.0 (compatible; SISTRIX Crawler; http://crawler.sistrix.net/)"
64.246.165.190 - - [06/Oct/2013:19:36:56 +0200] "GET /robots.txt HTTP/1.0" 404 334 "-" "Mozilla/5.0 (Windows; U; Windows NT 5.1; en; rv:1.9.0.13) Gecko/2009073022 Firefox/3.5.2 (.NET CLR 3.5.30729) SurveyBot/2.3 (DomainTools)"
64.246.165.190 - - [06/Oct/2013:19:36:56 +0200] "GET / HTTP/1.1" 200 1229 "http://whois.domaintools.com/schraeg-senkrechtaufzuege.de" "Mozilla/5.0 (Windows; U; Windows NT 5.1; en; rv:1.9.0.13) Gecko/2009073022 Firefox/3.5.2 (.NET CLR 3.5.30729) SurveyBot/2.3 (DomainTools)"
85.17.29.107 - - [06/Oct/2013:21:10:43 +0200] "GET /robots.txt HTTP/1.1" 404 317 "-" "Mozilla/5.0 (compatible; WBSearchBot/1.1; +http://www.warebay.com/bot.html)"
85.17.29.107 - - [06/Oct/2013:21:10:46 +0200] "GET / HTTP/1.1" 200 1229 "-" "Mozilla/5.0 (compatible; WBSearchBot/1.1; +http://www.warebay.com/bot.html)"
94.23.45.14 - - [06/Oct/2013:22:25:45 +0200] "HEAD / HTTP/1.0" 200 - "-" "-"
198.20.70.114 - - [06/Oct/2013:23:04:55 +0200] "GET / HTTP/1.1" 200 1229 "-" "-"
198.20.70.114 - - [06/Oct/2013:23:04:56 +0200] "GET /robots.txt HTTP/1.1" 404 315 "-" "-"
173.193.69.26 - - [07/Oct/2013:01:42:15 +0200] "GET <title>JBoss By Max HTTP/1.1" 400 333 "-" "Mozilla/4.0 (compatible; MSIE 6.0; Windows 98)"
173.193.69.26 - - [07/Oct/2013:01:42:15 +0200] "GET /status?full=true HTTP/1.1" 404 311 "-" "Mozilla/4.0 (compatible; MSIE 6.0; Windows 98)"
65.55.52.108 - - [07/Oct/2013:03:13:06 +0200] "GET /robots.txt HTTP/1.1" 404 320 "-" "Mozilla/5.0 (compatible; bingbot/2.0; +http://www.bing.com/bingbot.htm)"
65.55.52.108 - - [07/Oct/2013:03:13:49 +0200] "GET /Schmierstoffe.htm HTTP/1.1" 404 327 "-" "Mozilla/5.0 (compatible; bingbot/2.0; +http://www.bing.com/bingbot.htm)"
65.55.213.73 - - [07/Oct/2013:03:20:49 +0200] "GET /robots.txt HTTP/1.1" 404 320 "-" "msnbot/2.0b (+http://search.msn.com/msnbot.htm)"
65.55.213.73 - - [07/Oct/2013:03:20:49 +0200] "GET / HTTP/1.1" 200 1229 "-" "msnbot/2.0b (+http://search.msn.com/msnbot.htm)"
141.8.147.12 - - [07/Oct/2013:03:41:25 +0200] "GET /robots.txt HTTP/1.1" 404 320 "-" "Mozilla/5.0 (compatible; YandexBot/3.0; +http://yandex.com/bots)"
84.38.65.176 - - [07/Oct/2013:05:57:21 +0200] "GET / HTTP/1.1" 200 1229 "http://www.sumaja.de/" "Mozilla/4.0 (compatible; MSIE 8.0; Windows NT 5.1; Trident/4.0; FBSMTWB; ATC/1.0; .NET CLR 1.1.4322; ATC/1.0; .NET CLR 2.0.50727; .NET CLR 3.0.4506.2152; .NET CLR 3.5.30729)"
83.133.125.202 - - [07/Oct/2013:05:57:21 +0200] "GET / HTTP/1.0" 200 1229 "-" "-"
83.133.125.202 - - [07/Oct/2013:05:57:21 +0200] "GET / HTTP/1.0" 200 1229 "-" "-"
176.9.120.182 - - [07/Oct/2013:06:05:55 +0200] "GET /robots.txt HTTP/1.1" 404 320 "-" "Mozilla/5.0 (compatible; SearchmetricsBot; http://www.searchmetrics.com/en/searchmetrics-bot/)"
176.9.120.182 - - [07/Oct/2013:06:05:55 +0200] "GET / HTTP/1.1" 200 1229 "-" "Mozilla/5.0 (compatible; SearchmetricsBot; http://www.searchmetrics.com/en/searchmetrics-bot/)"
200.29.238.180 - - [07/Oct/2013:06:11:11 +0200] "HEAD / HTTP/1.0" 200 - "-" "-"
200.29.238.180 - - [07/Oct/2013:06:11:11 +0200] "HEAD / HTTP/1.0" 200 - "-" "-"
200.29.238.180 - - [07/Oct/2013:06:11:11 +0200] "HEAD / HTTP/1.0" 200 - "-" "-"
200.29.238.180 - - [07/Oct/2013:06:11:11 +0200] "HEAD / HTTP/1.0" 200 - "-" "-"
200.29.238.180 - - [07/Oct/2013:06:11:11 +0200] "HEAD / HTTP/1.0" 200 - "-" "-"
200.29.238.180 - - [07/Oct/2013:06:11:11 +0200] "HEAD / HTTP/1.0" 200 - "-" "-"
200.29.238.180 - - [07/Oct/2013:06:11:11 +0200] "HEAD / HTTP/1.0" 200 - "-" "-"
200.29.238.180 - - [07/Oct/2013:06:11:11 +0200] "HEAD / HTTP/1.0" 200 - "-" "-"
200.29.238.180 - - [07/Oct/2013:06:11:11 +0200] "HEAD / HTTP/1.0" 200 - "-" "-"
200.29.238.180 - - [07/Oct/2013:06:11:11 +0200] "HEAD / HTTP/1.0" 200 - "-" "-"
141.8.147.12 - - [07/Oct/2013:06:29:02 +0200] "GET / HTTP/1.1" 200 1229 "-" "Mozilla/5.0 (compatible; YandexBot/3.0; +http://yandex.com/bots)"
194.153.113.35 - - [07/Oct/2013:07:34:13 +0200] "HEAD / HTTP/1.1" 200 - "-" "Mozilla/5.0 (compatible; oBot/2.3.1; +http://filterdb.iss.net/crawler/)"
194.153.113.13 - - [07/Oct/2013:08:30:00 +0200] "HEAD / HTTP/1.1" 200 - "-" "Mozilla/5.0 (compatible; oBot/2.3.1; +http://filterdb.iss.net/crawler/)"
141.8.147.12 - - [07/Oct/2013:09:16:50 +0200] "GET /robots.txt HTTP/1.1" 404 322 "-" "Mozilla/5.0 (compatible; YandexBot/3.0; +http://yandex.com/bots)"
141.8.147.12 - - [07/Oct/2013:09:18:05 +0200] "GET / HTTP/1.1" 200 1229 "-" "Mozilla/5.0 (compatible; YandexBot/3.0; +http://yandex.com/bots)"
5.9.213.129 - - [07/Oct/2013:09:30:43 +0200] "GET /robots.txt HTTP/1.1" 404 320 "-" "BuddhaBot"
5.9.213.129 - - [07/Oct/2013:09:30:44 +0200] "GET / HTTP/1.1" 200 1229 "-" "BuddhaBot"
93.115.87.34 - - [07/Oct/2013:12:20:04 +0200] "HEAD / HTTP/1.0" 200 - "-" "-"
37.221.160.203 - - [07/Oct/2013:12:20:04 +0200] "HEAD / HTTP/1.0" 200 - "-" "-"
199.48.147.36 - - [07/Oct/2013:12:20:04 +0200] "HEAD / HTTP/1.0" 200 - "-" "-"
93.115.87.34 - - [07/Oct/2013:12:20:04 +0200] "HEAD / HTTP/1.0" 200 - "-" "-"
37.221.160.203 - - [07/Oct/2013:12:20:04 +0200] "HEAD / HTTP/1.0" 200 - "-" "-"
77.247.181.164 - - [07/Oct/2013:12:20:04 +0200] "HEAD / HTTP/1.0" 200 - "-" "-"
93.115.87.34 - - [07/Oct/2013:12:20:04 +0200] "HEAD / HTTP/1.0" 200 - "-" "-"
77.247.181.164 - - [07/Oct/2013:12:20:06 +0200] "HEAD / HTTP/1.0" 200 - "-" "-"
77.247.181.163 - - [07/Oct/2013:12:20:07 +0200] "HEAD / HTTP/1.0" 200 - "-" "-"
94.23.45.14 - - [07/Oct/2013:14:13:41 +0200] "HEAD / HTTP/1.0" 200 - "-" "-"
141.8.147.12 - - [07/Oct/2013:14:52:00 +0200] "GET /robots.txt HTTP/1.1" 404 337 "-" "Mozilla/5.0 (compatible; YandexBot/3.0; +http://yandex.com/bots)"
173.193.69.26 - - [07/Oct/2013:18:36:59 +0200] "GET <title>JBoss By Max HTTP/1.1" 400 333 "-" "Mozilla/4.0 (compatible; MSIE 6.0; Windows 98)"
173.193.69.26 - - [07/Oct/2013:18:37:00 +0200] "GET /status?full=true HTTP/1.1" 404 311 "-" "Mozilla/4.0 (compatible; MSIE 6.0; Windows 98)"
141.8.147.12 - - [07/Oct/2013:22:12:20 +0200] "GET / HTTP/1.1" 200 1229 "-" "Mozilla/5.0 (compatible; YandexBot/3.0; +http://yandex.com/bots)"
54.200.48.158 - - [08/Oct/2013:00:49:55 +0200] "GET / HTTP/1.0" 200 1229 "-" "-"
141.8.147.12 - - [08/Oct/2013:01:23:06 +0200] "GET /robots.txt HTTP/1.1" 404 327 "-" "Mozilla/5.0 (compatible; YandexBot/3.0; +http://yandex.com/bots)"
54.200.48.158 - - [08/Oct/2013:01:26:11 +0200] "GET / HTTP/1.0" 200 1229 "-" "-"
144.76.167.214 - - [08/Oct/2013:01:33:07 +0200] "GET /robots.txt HTTP/1.1" 404 328 "-" "Mozilla/5.0 (compatible; SISTRIX Crawler; http://crawler.sistrix.net/)"
144.76.167.214 - - [08/Oct/2013:01:33:07 +0200] "GET / HTTP/1.1" 206 1229 "-" "Mozilla/5.0 (compatible; SISTRIX Crawler; http://crawler.sistrix.net/)"
54.200.48.158 - - [08/Oct/2013:01:36:24 +0200] "GET / HTTP/1.0" 200 1229 "-" "-"
24.113.184.231 - - [08/Oct/2013:02:22:57 +0200] "\x80w\x01\x03\x01" 501 320 "-" "-"
24.113.184.231 - - [08/Oct/2013:02:22:57 +0200] "GET /HNAP1/ HTTP/1.1" 404 311 "http://212.91.246.80/" "Mozilla/4.0 (compatible; Opera/3.0; Windows 4.10) 3.51 [en]"
24.113.184.231 - - [08/Oct/2013:02:22:59 +0200] "\x80w\x01\x03\x01" 501 320 "-" "-"
24.113.184.231 - - [08/Oct/2013:02:22:59 +0200] "GET /HNAP1/ HTTP/1.1" 404 311 "http://212.91.246.81/" "Mozilla/4.0 (compatible; Opera/3.0; Windows 4.10) 3.51 [en]"
24.113.184.231 - - [08/Oct/2013:02:22:59 +0200] "\x80w\x01\x03\x01" 501 320 "-" "-"
24.113.184.231 - - [08/Oct/2013:02:22:59 +0200] "GET /HNAP1/ HTTP/1.1" 404 311 "http://212.91.246.82/" "Mozilla/5.0 (Windows; U; Windows NT 5.1; en-US; rv:1.9.0.1) Gecko/2008092215 Firefox/3.0.1 Orca/1.1 beta 3"
24.113.184.231 - - [08/Oct/2013:02:23:02 +0200] "\x80w\x01\x03\x01" 501 320 "-" "-"
24.113.184.231 - - [08/Oct/2013:02:23:03 +0200] "GET /HNAP1/ HTTP/1.1" 404 311 "http://212.91.246.83/" "Mozilla/4.0 (compatible; MSIE 6.0; Win32) WebWasher 3.0"
24.113.184.231 - - [08/Oct/2013:02:23:03 +0200] "\x80w\x01\x03\x01" 501 320 "-" "-"
24.113.184.231 - - [08/Oct/2013:02:23:03 +0200] "GET /HNAP1/ HTTP/1.1" 404 311 "http://212.91.246.84/" "Opera/9.0 (Windows NT 5.1; U; en)"
24.113.184.231 - - [08/Oct/2013:02:23:10 +0200] "\x80w\x01\x03\x01" 501 320 "-" "-"
24.113.184.231 - - [08/Oct/2013:02:23:10 +0200] "GET /HNAP1/ HTTP/1.1" 404 311 "http://212.91.246.85/" "Mozilla/4.0 (compatible; MSIE 5.5; Windows NT 5.0; .NET CLR 1.0.3705)"
24.113.184.231 - - [08/Oct/2013:02:23:11 +0200] "\x80w\x01\x03\x01" 501 320 "-" "-"
24.113.184.231 - - [08/Oct/2013:02:23:12 +0200] "GET /HNAP1/ HTTP/1.1" 404 311 "http://212.91.246.86/" "Mozilla/5.0 (compatible; Konqueror/2.2.2; Linux 2.4.14-xfs; X11; i686)"
24.113.184.231 - - [08/Oct/2013:02:23:12 +0200] "\x80w\x01\x03\x01" 501 320 "-" "-"
