111.241.26.74 - - [19/Oct/2013:20:32:55 +0200] "CONNECT mx3.mail2000.com.tw:25 HTTP/1.0" 405 348 "-" "-"
66.249.78.98 - - [19/Oct/2013:22:30:05 +0200] "GET /robots.txt HTTP/1.1" 404 322 "-" "Mozilla/5.0 (compatible; Googlebot/2.1; +http://www.google.com/bot.html)"
66.249.78.98 - - [19/Oct/2013:22:30:05 +0200] "GET / HTTP/1.1" 200 1229 "-" "Mozilla/5.0 (compatible; Googlebot/2.1; +http://www.google.com/bot.html)"
66.249.78.40 - - [19/Oct/2013:22:42:13 +0200] "GET /robots.txt HTTP/1.1" 404 320 "-" "Mozilla/5.0 (compatible; Googlebot/2.1; +http://www.google.com/bot.html)"
66.249.78.40 - - [19/Oct/2013:22:42:13 +0200] "GET / HTTP/1.1" 200 1229 "-" "Mozilla/5.0 (compatible; Googlebot/2.1; +http://www.google.com/bot.html)"
106.240.236.230 - - [20/Oct/2013:00:29:09 +0200] "GET /phppath/php HTTP/1.0" 404 312 "-" "-"
106.240.236.230 - - [20/Oct/2013:00:29:09 +0200] "GET /phppath/php HTTP/1.0" 404 312 "-" "-"
106.240.236.230 - - [20/Oct/2013:00:29:09 +0200] "GET /phppath/php HTTP/1.0" 404 312 "-" "-"
106.240.236.230 - - [20/Oct/2013:00:29:09 +0200] "GET /phppath/php HTTP/1.0" 404 312 "-" "-"
106.240.236.230 - - [20/Oct/2013:00:29:09 +0200] "GET /phppath/php HTTP/1.0" 404 312 "-" "-"
106.240.236.230 - - [20/Oct/2013:00:29:09 +0200] "GET /phppath/php HTTP/1.0" 404 312 "-" "-"
106.240.236.230 - - [20/Oct/2013:00:29:09 +0200] "GET /phppath/php HTTP/1.0" 404 312 "-" "-"
106.240.236.230 - - [20/Oct/2013:00:29:09 +0200] "GET /phppath/php HTTP/1.0" 404 312 "-" "-"
106.240.236.230 - - [20/Oct/2013:00:29:09 +0200] "GET /phppath/php HTTP/1.0" 404 312 "-" "-"
106.240.236.230 - - [20/Oct/2013:00:29:09 +0200] "GET /phppath/php HTTP/1.0" 404 312 "-" "-"
89.248.172.53 - - [20/Oct/2013:01:01:42 +0200] "GET /invoker/JMXInvokerServlet HTTP/1.0" 404 330 "-" "-"
62.219.8.228 - - [20/Oct/2013:01:27:56 +0200] "GET / HTTP/1.1" 200 1229 "-" "Mozilla/5.0 (compatible)"
194.153.113.13 - - [20/Oct/2013:02:39:30 +0200] "HEAD / HTTP/1.1" 200 - "-" "Mozilla/5.0 (compatible; oBot/2.3.1; +http://filterdb.iss.net/crawler/)"
207.234.225.114 - - [20/Oct/2013:03:20:26 +0200] "GET /w00tw00t.at.ISC.SANS.DFind:) HTTP/1.1" 400 329 "-" "-"
207.234.225.114 - - [20/Oct/2013:03:20:26 +0200] "GET /w00tw00t.at.ISC.SANS.DFind:) HTTP/1.1" 400 329 "-" "-"
207.234.225.114 - - [20/Oct/2013:03:20:26 +0200] "GET /w00tw00t.at.ISC.SANS.DFind:) HTTP/1.1" 400 329 "-" "-"
207.234.225.114 - - [20/Oct/2013:03:20:26 +0200] "GET /w00tw00t.at.ISC.SANS.DFind:) HTTP/1.1" 400 329 "-" "-"
207.234.225.114 - - [20/Oct/2013:03:20:26 +0200] "GET /w00tw00t.at.ISC.SANS.DFind:) HTTP/1.1" 400 329 "-" "-"
207.234.225.114 - - [20/Oct/2013:03:20:26 +0200] "GET /w00tw00t.at.ISC.SANS.DFind:) HTTP/1.1" 400 329 "-" "-"
207.234.225.114 - - [20/Oct/2013:03:20:26 +0200] "GET /w00tw00t.at.ISC.SANS.DFind:) HTTP/1.1" 400 329 "-" "-"
207.234.225.114 - - [20/Oct/2013:03:20:26 +0200] "GET /w00tw00t.at.ISC.SANS.DFind:) HTTP/1.1" 400 329 "-" "-"
207.234.225.114 - - [20/Oct/2013:03:20:26 +0200] "GET /w00tw00t.at.ISC.SANS.DFind:) HTTP/1.1" 400 329 "-" "-"
207.234.225.114 - - [20/Oct/2013:03:20:26 +0200] "GET /w00tw00t.at.ISC.SANS.DFind:) HTTP/1.1" 400 329 "-" "-"
82.221.105.6 - - [20/Oct/2013:03:25:12 +0200] "GET / HTTP/1.1" 200 1229 "-" "-"
82.221.105.6 - - [20/Oct/2013:03:25:12 +0200] "GET /robots.txt HTTP/1.1" 404 315 "-" "-"
141.8.147.12 - - [20/Oct/2013:05:13:48 +0200] "GET /robots.txt HTTP/1.1" 404 328 "-" "Mozilla/5.0 (compatible; YandexBot/3.0; +http://yandex.com/bots)"
178.77.126.55 - - [20/Oct/2013:06:03:30 +0200] "GET /robots.txt HTTP/1.1" 404 320 "-" "Mozilla/5.0 (compatible; CareerBot/1.1; +http://www.career-x.de/bot.html)"
178.77.126.55 - - [20/Oct/2013:06:03:30 +0200] "GET / HTTP/1.1" 200 1229 "-" "Mozilla/5.0 (compatible; CareerBot/1.1; +http://www.career-x.de/bot.html)"
141.8.147.12 - - [20/Oct/2013:06:13:55 +0200] "GET /robots.txt HTTP/1.1" 404 333 "-" "Mozilla/5.0 (compatible; YandexBot/3.0; +http://yandex.com/bots)"
66.249.78.98 - - [20/Oct/2013:06:19:32 +0200] "GET /robots.txt HTTP/1.1" 404 322 "-" "Mozilla/5.0 (compatible; Googlebot/2.1; +http://www.google.com/bot.html)"
66.249.78.40 - - [20/Oct/2013:06:29:24 +0200] "GET /robots.txt HTTP/1.1" 404 320 "-" "Mozilla/5.0 (compatible; Googlebot/2.1; +http://www.google.com/bot.html)"
89.248.172.53 - - [20/Oct/2013:06:36:19 +0200] "GET /invoker/JMXInvokerServlet HTTP/1.0" 404 330 "-" "-"
144.76.42.76 - - [20/Oct/2013:07:06:57 +0200] "GET / HTTP/1.1" 200 1229 "-" "Mozilla/5.0 (Macintosh; Intel Mac OS X 10_8_2) AppleWebKit/537.17 (KHTML, like Gecko) Chrome/24.0.1312.52 Safari/537.17"
141.8.147.12 - - [20/Oct/2013:08:46:46 +0200] "GET / HTTP/1.1" 200 1229 "-" "Mozilla/5.0 (compatible; YandexBot/3.0; +http://yandex.com/bots)"
89.248.172.53 - - [20/Oct/2013:08:52:16 +0200] "GET /invoker/JMXInvokerServlet HTTP/1.0" 404 330 "-" "-"
89.248.172.53 - - [20/Oct/2013:08:56:30 +0200] "GET /invoker/JMXInvokerServlet HTTP/1.0" 404 330 "-" "-"
141.8.147.12 - - [20/Oct/2013:09:22:26 +0200] "GET / HTTP/1.1" 200 1229 "-" "Mozilla/5.0 (compatible; YandexBot/3.0; +http://yandex.com/bots)"
89.248.172.53 - - [20/Oct/2013:09:49:24 +0200] "GET /invoker/JMXInvokerServlet HTTP/1.0" 404 330 "-" "-"
64.246.165.190 - - [20/Oct/2013:09:58:24 +0200] "GET /robots.txt HTTP/1.0" 404 334 "-" "Mozilla/5.0 (Windows; U; Windows NT 5.1; en; rv:1.9.0.13) Gecko/2009073022 Firefox/3.5.2 (.NET CLR 3.5.30729) SurveyBot/2.3 (DomainTools)"
64.246.165.190 - - [20/Oct/2013:09:58:24 +0200] "GET / HTTP/1.1" 200 1229 "http://whois.domaintools.com/xn--heizlpreiseberlin-2zb.de" "Mozilla/5.0 (Windows; U; Windows NT 5.1; en; rv:1.9.0.13) Gecko/2009073022 Firefox/3.5.2 (.NET CLR 3.5.30729) SurveyBot/2.3 (DomainTools)"
64.246.165.170 - - [20/Oct/2013:10:00:22 +0200] "GET /robots.txt HTTP/1.0" 404 333 "-" "Mozilla/5.0 (Windows; U; Windows NT 5.1; en; rv:1.9.0.13) Gecko/2009073022 Firefox/3.5.2 (.NET CLR 3.5.30729) SurveyBot/2.3 (DomainTools)"
64.246.165.170 - - [20/Oct/2013:10:00:23 +0200] "GET / HTTP/1.1" 200 1229 "http://whois.domaintools.com/xn--heizllieferungen-pwb.de" "Mozilla/5.0 (Windows; U; Windows NT 5.1; en; rv:1.9.0.13) Gecko/2009073022 Firefox/3.5.2 (.NET CLR 3.5.30729) SurveyBot/2.3 (DomainTools)"
64.246.165.150 - - [20/Oct/2013:10:11:24 +0200] "GET /robots.txt HTTP/1.0" 404 328 "-" "Mozilla/5.0 (Windows; U; Windows NT 5.1; en; rv:1.9.0.13) Gecko/2009073022 Firefox/3.5.2 (.NET CLR 3.5.30729) SurveyBot/2.3 (DomainTools)"
64.246.165.150 - - [20/Oct/2013:10:11:24 +0200] "GET / HTTP/1.1" 200 1229 "http://whois.domaintools.com/xn--heizlberlin-ufb.de" "Mozilla/5.0 (Windows; U; Windows NT 5.1; en; rv:1.9.0.13) Gecko/2009073022 Firefox/3.5.2 (.NET CLR 3.5.30729) SurveyBot/2.3 (DomainTools)"
216.145.5.42 - - [20/Oct/2013:10:21:06 +0200] "GET /robots.txt HTTP/1.0" 404 327 "-" "Mozilla/5.0 (Windows; U; Windows NT 5.1; en; rv:1.9.0.13) Gecko/2009073022 Firefox/3.5.2 (.NET CLR 3.5.30729) SurveyBot/2.3 (DomainTools)"
216.145.5.42 - - [20/Oct/2013:10:21:06 +0200] "GET / HTTP/1.1" 200 1229 "http://whois.domaintools.com/xn--essohndler-u5a.de" "Mozilla/5.0 (Windows; U; Windows NT 5.1; en; rv:1.9.0.13) Gecko/2009073022 Firefox/3.5.2 (.NET CLR 3.5.30729) SurveyBot/2.3 (DomainTools)"
66.249.78.171 - - [20/Oct/2013:10:24:56 +0200] "GET /robots.txt HTTP/1.1" 404 332 "-" "Mozilla/5.0 (compatible; Googlebot/2.1; +http://www.google.com/bot.html)"
66.249.78.171 - - [20/Oct/2013:10:24:56 +0200] "GET / HTTP/1.1" 200 1229 "-" "Mozilla/5.0 (compatible; Googlebot/2.1; +http://www.google.com/bot.html)"
64.246.165.140 - - [20/Oct/2013:11:05:07 +0200] "GET /robots.txt HTTP/1.0" 404 337 "-" "Mozilla/5.0 (Windows; U; Windows NT 5.1; en; rv:1.9.0.13) Gecko/2009073022 Firefox/3.5.2 (.NET CLR 3.5.30729) SurveyBot/2.3 (DomainTools)"
64.246.165.140 - - [20/Oct/2013:11:05:08 +0200] "GET / HTTP/1.1" 200 1229 "http://whois.domaintools.com/xn--heizllieferantberlin-69b.de" "Mozilla/5.0 (Windows; U; Windows NT 5.1; en; rv:1.9.0.13) Gecko/2009073022 Firefox/3.5.2 (.NET CLR 3.5.30729) SurveyBot/2.3 (DomainTools)"
50.19.58.15 - - [20/Oct/2013:11:10:25 +0200] "GET / HTTP/1.1" 200 1229 "-" "libwww-perl/6.05"
216.145.5.42 - - [20/Oct/2013:11:55:32 +0200] "GET /robots.txt HTTP/1.0" 404 325 "-" "Mozilla/5.0 (Windows; U; Windows NT 5.1; en; rv:1.9.0.13) Gecko/2009073022 Firefox/3.5.2 (.NET CLR 3.5.30729) SurveyBot/2.3 (DomainTools)"
216.145.5.42 - - [20/Oct/2013:11:55:32 +0200] "GET / HTTP/1.1" 200 1229 "http://whois.domaintools.com/xn--premiuml-t4a.de" "Mozilla/5.0 (Windows; U; Windows NT 5.1; en; rv:1.9.0.13) Gecko/2009073022 Firefox/3.5.2 (.NET CLR 3.5.30729) SurveyBot/2.3 (DomainTools)"
141.8.147.12 - - [20/Oct/2013:11:55:44 +0200] "GET /robots.txt HTTP/1.1" 404 322 "-" "Mozilla/5.0 (compatible; YandexBot/3.0; +http://yandex.com/bots)"
1.163.220.188 - - [20/Oct/2013:12:04:20 +0200] "GET http://www.google.com.tw HTTP/1.1" 200 1229 "-" "Mozilla/5.0 (compatible; MSIE 9.0; Windows NT 6.1; Trident/5.0)"
1.163.220.188 - - [20/Oct/2013:12:04:21 +0200] "CONNECT mx3.mail2000.com.tw:25 HTTP/1.0" 405 348 "-" "-"
198.20.69.74 - - [20/Oct/2013:12:23:36 +0200] "GET / HTTP/1.1" 200 1229 "-" "-"
198.20.69.74 - - [20/Oct/2013:12:23:36 +0200] "GET /robots.txt HTTP/1.1" 404 315 "-" "-"
89.248.172.53 - - [20/Oct/2013:13:00:24 +0200] "GET /invoker/JMXInvokerServlet HTTP/1.0" 404 330 "-" "-"
89.248.172.53 - - [20/Oct/2013:13:35:09 +0200] "GET /invoker/JMXInvokerServlet HTTP/1.0" 404 330 "-" "-"
1.163.4.206 - - [20/Oct/2013:14:18:12 +0200] "GET http://www.google.com.tw HTTP/1.1" 200 1229 "-" "Mozilla/5.0 (compatible; MSIE 9.0; Windows NT 6.1; Trident/5.0)"
1.163.4.206 - - [20/Oct/2013:14:18:17 +0200] "CONNECT mx0.mail2000.com.tw:25 HTTP/1.0" 405 348 "-" "-"
89.248.172.53 - - [20/Oct/2013:14:43:25 +0200] "GET /invoker/JMXInvokerServlet HTTP/1.0" 404 330 "-" "-"
141.8.147.12 - - [20/Oct/2013:15:06:28 +0200] "GET / HTTP/1.1" 200 1229 "-" "Mozilla/5.0 (compatible; YandexBot/3.0; +http://yandex.com/bots)"
66.249.78.154 - - [20/Oct/2013:16:10:12 +0200] "GET /robots.txt HTTP/1.1" 404 337 "-" "Mozilla/5.0 (compatible; Googlebot/2.1; +http://www.google.com/bot.html)"
66.249.78.154 - - [20/Oct/2013:16:10:13 +0200] "GET / HTTP/1.1" 200 1229 "-" "Mozilla/5.0 (compatible; Googlebot/2.1; +http://www.google.com/bot.html)"
66.249.78.36 - - [20/Oct/2013:16:20:04 +0200] "GET /robots.txt HTTP/1.1" 404 333 "-" "Mozilla/5.0 (compatible; Googlebot/2.1; +http://www.google.com/bot.html)"
66.249.78.36 - - [20/Oct/2013:16:20:04 +0200] "GET / HTTP/1.1" 200 1229 "-" "Mozilla/5.0 (compatible; Googlebot/2.1; +http://www.google.com/bot.html)"
66.249.78.193 - - [20/Oct/2013:16:25:00 +0200] "GET /robots.txt HTTP/1.1" 404 327 "-" "Mozilla/5.0 (compatible; Googlebot/2.1; +http://www.google.com/bot.html)"
66.249.78.193 - - [20/Oct/2013:16:25:01 +0200] "GET / HTTP/1.1" 200 1229 "-" "Mozilla/5.0 (compatible; Googlebot/2.1; +http://www.google.com/bot.html)"
1.163.197.62 - - [20/Oct/2013:16:32:44 +0200] "GET http://www.google.com.tw HTTP/1.1" 200 1229 "-" "Mozilla/5.0 (compatible; MSIE 9.0; Windows NT 6.1; Trident/5.0)"
1.163.197.62 - - [20/Oct/2013:16:32:45 +0200] "CONNECT mx2.mail2000.com.tw:25 HTTP/1.0" 405 348 "-" "-"
62.168.74.187 - - [20/Oct/2013:18:03:57 +0200] "HEAD / HTTP/1.0" 200 - "-" "-"
62.168.74.187 - - [20/Oct/2013:18:03:57 +0200] "HEAD / HTTP/1.0" 200 - "-" "-"
62.168.74.187 - - [20/Oct/2013:18:03:57 +0200] "HEAD / HTTP/1.0" 200 - "-" "-"
121.217.38.46 - - [20/Oct/2013:19:09:59 +0200] "HEAD /robots.txt HTTP/1.0" 404 - "-" "-"
121.217.38.46 - - [20/Oct/2013:19:11:17 +0200] "GET / HTTP/1.1" 200 1229 "-" "Mozilla/5.0 (Windows NT 6.1; WOW64) AppleWebKit/537.36 (KHTML, like Gecko) Chrome/30.0.1599.101 Safari/537.36"
121.217.38.46 - - [20/Oct/2013:19:11:27 +0200] "GET /favicon.ico HTTP/1.1" 404 316 "-" "Mozilla/5.0 (Windows NT 6.1; WOW64) AppleWebKit/537.36 (KHTML, like Gecko) Chrome/30.0.1599.101 Safari/537.36"
198.20.70.114 - - [20/Oct/2013:20:59:38 +0200] "GET / HTTP/1.1" 200 1229 "-" "-"
198.20.70.114 - - [20/Oct/2013:20:59:38 +0200] "GET /robots.txt HTTP/1.1" 404 315 "-" "-"
66.249.78.103 - - [20/Oct/2013:21:35:45 +0200] "GET /robots.txt HTTP/1.1" 404 329 "-" "Mozilla/5.0 (compatible; Googlebot/2.1; +http://www.google.com/bot.html)"
66.249.78.103 - - [20/Oct/2013:21:35:45 +0200] "GET / HTTP/1.1" 200 1229 "-" "Mozilla/5.0 (compatible; Googlebot/2.1; +http://www.google.com/bot.html)"
84.38.65.176 - - [20/Oct/2013:21:45:29 +0200] "GET / HTTP/1.0" 200 1229 "http://www.backlink-webkatalog.de/" "Mozilla/4.0 (compatible; MSIE 8.0; Windows NT 5.1; Trident/4.0; FBSMTWB; ATC/1.0; .NET CLR 1.1.4322; ATC/1.0; .NET CLR 2.0.50727; .NET CLR 3.0.4506.2152; .NET CLR 3.5.30729)"
66.249.78.111 - - [20/Oct/2013:21:55:29 +0200] "GET /robots.txt HTTP/1.1" 404 328 "-" "Mozilla/5.0 (compatible; Googlebot/2.1; +http://www.google.com/bot.html)"
66.249.78.111 - - [20/Oct/2013:21:55:29 +0200] "GET / HTTP/1.1" 200 1229 "-" "Mozilla/5.0 (compatible; Googlebot/2.1; +http://www.google.com/bot.html)"
61.231.7.199 - - [20/Oct/2013:23:15:36 +0200] "GET http://www.google.com/intl/zh-CN/ HTTP/1.1" 404 317 "-" "Mozilla/5.0 (compatible; MSIE 9.0; Windows NT 6.1; Trident/5.0)"
61.231.7.199 - - [20/Oct/2013:23:15:37 +0200] "CONNECT mx3.mail2000.com.tw:25 HTTP/1.0" 405 348 "-" "-"
141.8.147.12 - - [20/Oct/2013:23:16:30 +0200] "GET /robots.txt HTTP/1.1" 404 327 "-" "Mozilla/5.0 (compatible; YandexBot/3.0; +http://yandex.com/bots)"
84.38.65.176 - - [21/Oct/2013:00:04:10 +0200] "GET / HTTP/1.0" 200 1229 "http://www.domain-reputation.de/www.mink-berlin.de" "Mozilla/5.0 (Macintosh; U; Intel Mac OS X 10.6; de-DE; rv:1.9.2.8) Gecko/20100722 Firefox/3.6.8"
141.8.147.12 - - [21/Oct/2013:00:08:25 +0200] "GET / HTTP/1.1" 200 1229 "-" "Mozilla/5.0 (compatible; YandexBot/3.0; +http://yandex.com/bots)"
141.8.147.12 - - [21/Oct/2013:00:08:26 +0200] "GET /robots.txt HTTP/1.1" 404 322 "-" "Mozilla/5.0 (compatible; YandexBot/3.0; +http://yandex.com/bots)"
66.249.78.193 - - [21/Oct/2013:01:02:55 +0200] "GET /robots.txt HTTP/1.1" 404 327 "-" "Mozilla/5.0 (compatible; Googlebot/2.1; +http://www.google.com/bot.html)"
66.249.78.36 - - [21/Oct/2013:02:11:58 +0200] "GET /robots.txt HTTP/1.1" 404 333 "-" "Mozilla/5.0 (compatible; Googlebot/2.1; +http://www.google.com/bot.html)"
206.253.226.22 - - [21/Oct/2013:03:46:04 +0200] "HEAD / HTTP/1.1" 200 - "-" "Mozilla/5.0 (compatible; oBot/2.3.1; +http://filterdb.iss.net/crawler/)"
194.153.113.13 - - [21/Oct/2013:04:14:25 +0200] "HEAD / HTTP/1.1" 200 - "-" "Mozilla/5.0 (compatible; oBot/2.3.1; +http://filterdb.iss.net/crawler/)"
176.9.148.197 - - [21/Oct/2013:04:39:38 +0200] "GET /robots.txt HTTP/1.1" 404 320 "-" "Mozilla/5.0 (compatible; SISTRIX Crawler; http://crawler.sistrix.net/)"
176.9.148.197 - - [21/Oct/2013:04:39:38 +0200] "GET / HTTP/1.1" 206 1229 "-" "Mozilla/5.0 (compatible; SISTRIX Crawler; http://crawler.sistrix.net/)"
66.249.78.103 - - [21/Oct/2013:05:49:00 +0200] "GET /robots.txt HTTP/1.1" 404 329 "-" "Mozilla/5.0 (compatible; Googlebot/2.1; +http://www.google.com/bot.html)"
66.206.60.126 - - [21/Oct/2013:07:07:48 +0200] "\x80w\x01\x03\x01" 501 320 "-" "-"
66.206.60.126 - - [21/Oct/2013:07:07:48 +0200] "GET /HNAP1/ HTTP/1.1" 404 311 "http://212.91.246.80/" "Mozilla/4.0 (compatible; MSIE 6.0; Win32) WebWasher 3.0"
66.206.60.126 - - [21/Oct/2013:07:07:51 +0200] "\x80w\x01\x03\x01" 501 320 "-" "-"
66.206.60.126 - - [21/Oct/2013:07:07:51 +0200] "GET /HNAP1/ HTTP/1.1" 404 311 "http://212.91.246.81/" "Mozilla/5.0 (X11; Linux i686; U;rv: 1.7.13) Gecko/20070322 Kazehakase/0.4.4.1"
66.206.60.126 - - [21/Oct/2013:07:07:52 +0200] "\x80w\x01\x03\x01" 501 320 "-" "-"
66.206.60.126 - - [21/Oct/2013:07:07:52 +0200] "GET /HNAP1/ HTTP/1.1" 404 311 "http://212.91.246.82/" "Mozilla/5.0 (compatible; Konqueror/2.2.2; Linux 2.4.14-xfs; X11; i686)"
66.206.60.126 - - [21/Oct/2013:07:08:00 +0200] "\x80w\x01\x03\x01" 501 320 "-" "-"
66.206.60.126 - - [21/Oct/2013:07:08:01 +0200] "GET /HNAP1/ HTTP/1.1" 404 311 "http://212.91.246.83/" "Mozilla/2.0 (compatible; MSIE 3.0B; Win32)"
66.206.60.126 - - [21/Oct/2013:07:08:03 +0200] "\x80w\x01\x03\x01" 501 320 "-" "-"
66.206.60.126 - - [21/Oct/2013:07:08:04 +0200] "GET /HNAP1/ HTTP/1.1" 404 311 "http://212.91.246.84/" "Mozilla/5.0 (compatible; Konqueror/2.2.2; Linux 2.4.14-xfs; X11; i686)"
66.206.60.126 - - [21/Oct/2013:07:08:05 +0200] "\x80w\x01\x03\x01" 501 320 "-" "-"
66.206.60.126 - - [21/Oct/2013:07:08:05 +0200] "\x80w\x01\x03\x01" 501 320 "-" "-"
66.206.60.126 - - [21/Oct/2013:07:08:05 +0200] "GET /HNAP1/ HTTP/1.1" 404 311 "http://212.91.246.85/" "Mozilla/4.0 (compatible; MSIE 6.0; Win32) WebWasher 3.0"
66.206.60.126 - - [21/Oct/2013:07:08:05 +0200] "GET /HNAP1/ HTTP/1.1" 404 311 "http://212.91.246.86/" "Mozilla/5.0 (compatible; SnapPreviewBot; en-US; rv:1.8.0.9) Gecko/20061206 Firefox/1.5.0.9"
66.206.60.126 - - [21/Oct/2013:07:08:16 +0200] "\x80w\x01\x03\x01" 501 320 "-" "-"
66.206.60.126 - - [21/Oct/2013:07:08:16 +0200] "GET /HNAP1/ HTTP/1.1" 404 311 "http://212.91.246.87/" "Mozilla/5.0 (X11; Linux i686; U;rv: 1.7.13) Gecko/20070322 Kazehakase/0.4.4.1"
66.206.60.126 - - [21/Oct/2013:07:08:17 +0200] "\x80w\x01\x03\x01" 501 320 "-" "-"
66.206.60.126 - - [21/Oct/2013:07:08:18 +0200] "\x80w\x01\x03\x01" 501 320 "-" "-"
66.206.60.126 - - [21/Oct/2013:07:08:18 +0200] "GET /HNAP1/ HTTP/1.1" 404 311 "http://212.91.246.88/" "Mozilla/4.0 (compatible; Opera/3.0; Windows 4.10) 3.51 [en]"
66.206.60.126 - - [21/Oct/2013:07:08:18 +0200] "GET /HNAP1/ HTTP/1.1" 404 311 "http://212.91.246.89/" "Mozilla/5.0 (compatible; Konqueror/2.2.2; Linux 2.4.14-xfs; X11; i686)"
141.8.147.12 - - [21/Oct/2013:07:19:04 +0200] "GET /robots.txt HTTP/1.1" 404 320 "-" "Mozilla/5.0 (compatible; YandexBot/3.0; +http://yandex.com/bots)"
141.8.147.12 - - [21/Oct/2013:07:59:00 +0200] "GET / HTTP/1.1" 200 1229 "-" "Mozilla/5.0 (compatible; YandexBot/3.0; +http://yandex.com/bots)"
162.210.196.100 - - [21/Oct/2013:11:26:02 +0200] "GET /robots.txt HTTP/1.0" 404 322 "-" "Mozilla/5.0 (compatible; MJ12bot/v1.4.4; http://www.majestic12.co.uk/bot.php?+)"
162.210.196.100 - - [21/Oct/2013:11:26:04 +0200] "GET / HTTP/1.0" 200 1229 "-" "Mozilla/5.0 (compatible; MJ12bot/v1.4.4; http://www.majestic12.co.uk/bot.php?+)"
54.200.201.178 - - [21/Oct/2013:11:51:38 +0200] "GET / HTTP/1.1" 200 1229 "-" "Mozilla/4.0 (compatible; MSIE 6.0; Windows NT 5.1; SV1; InfoPath.2)"
54.200.203.50 - - [21/Oct/2013:12:06:21 +0200] "GET / HTTP/1.1" 200 1229 "-" "Mozilla/4.0 (compatible; MSIE 6.0; Windows NT 5.1; SV1; InfoPath.2)"
188.138.109.147 - - [21/Oct/2013:12:17:35 +0200] "GET / HTTP/1.0" 200 1229 "-" "Lynx/2.8.8dev.5 libwww-FM/2.14 SSL-MM/1.4.1 GNUTLS/2.8.6"
199.58.86.209 - - [21/Oct/2013:12:20:54 +0200] "GET /robots.txt HTTP/1.0" 404 320 "-" "Mozilla/5.0 (compatible; MJ12bot/v1.4.4; http://www.majestic12.co.uk/bot.php?+)"
199.58.86.209 - - [21/Oct/2013:12:20:57 +0200] "GET / HTTP/1.0" 200 1229 "-" "Mozilla/5.0 (compatible; MJ12bot/v1.4.4; http://www.majestic12.co.uk/bot.php?+)"
61.231.7.42 - - [21/Oct/2013:12:41:32 +0200] "GET http://www.google.com/ HTTP/1.1" 200 1229 "-" "Mozilla/5.0 (compatible; MSIE 9.0; Windows NT 6.1; Trident/5.0)"
61.231.7.42 - - [21/Oct/2013:12:41:33 +0200] "CONNECT mx0.mail2000.com.tw:25 HTTP/1.0" 405 348 "-" "-"
54.200.208.174 - - [21/Oct/2013:13:12:03 +0200] "GET / HTTP/1.1" 200 1229 "-" "Mozilla/4.0 (compatible; MSIE 6.0; Windows NT 5.1; SV1; InfoPath.2)"
199.58.86.206 - - [21/Oct/2013:14:02:14 +0200] "GET /robots.txt HTTP/1.0" 404 327 "-" "Mozilla/5.0 (compatible; MJ12bot/v1.4.4; http://www.majestic12.co.uk/bot.php?+)"
199.58.86.206 - - [21/Oct/2013:14:02:16 +0200] "GET / HTTP/1.0" 200 1229 "-" "Mozilla/5.0 (compatible; MJ12bot/v1.4.4; http://www.majestic12.co.uk/bot.php?+)"
54.200.208.254 - - [21/Oct/2013:14:05:41 +0200] "GET / HTTP/1.1" 200 1229 "-" "Mozilla/4.0 (compatible; MSIE 6.0; Windows NT 5.1; SV1; InfoPath.2)"
54.224.26.156 - - [21/Oct/2013:14:29:42 +0200] "GET / HTTP/1.1" 200 1229 "-" "Mozilla/4.0 (compatible; MSIE 6.0; Windows NT 5.1; SV1; InfoPath.2)"
89.248.172.53 - - [21/Oct/2013:14:37:55 +0200] "GET /web-console/Invoker HTTP/1.0" 404 324 "-" "-"
54.206.6.233 - - [21/Oct/2013:14:45:03 +0200] "GET / HTTP/1.1" 200 1229 "-" "Mozilla/4.0 (compatible; MSIE 6.0; Windows NT 5.1; SV1; InfoPath.2)"
54.200.208.178 - - [21/Oct/2013:14:51:05 +0200] "GET / HTTP/1.1" 200 1229 "-" "Mozilla/4.0 (compatible; MSIE 6.0; Windows NT 5.1; SV1; InfoPath.2)"
54.200.201.178 - - [21/Oct/2013:15:28:33 +0200] "GET / HTTP/1.1" 200 1229 "-" "Mozilla/4.0 (compatible; MSIE 6.0; Windows NT 5.1; SV1; InfoPath.2)"
54.200.208.174 - - [21/Oct/2013:15:31:01 +0200] "GET / HTTP/1.1" 200 1229 "-" "Mozilla/4.0 (compatible; MSIE 6.0; Windows NT 5.1; SV1; InfoPath.2)"
89.248.172.53 - - [21/Oct/2013:15:39:07 +0200] "GET /web-console/Invoker HTTP/1.0" 404 324 "-" "-"
54.219.136.47 - - [21/Oct/2013:16:24:57 +0200] "GET / HTTP/1.1" 200 1229 "-" "Mozilla/4.0 (compatible; MSIE 6.0; Windows NT 5.1; SV1; InfoPath.2)"
89.248.172.53 - - [21/Oct/2013:16:32:25 +0200] "GET /web-console/Invoker HTTP/1.0" 404 324 "-" "-"
89.248.172.53 - - [21/Oct/2013:17:47:03 +0200] "GET /web-console/Invoker HTTP/1.0" 404 324 "-" "-"
202.102.70.84 - - [21/Oct/2013:18:28:56 +0200] "GET <title>JBoss By Max HTTP/1.1" 400 333 "-" "Mozilla/4.0 (compatible; MSIE 6.0; Windows 98)"
202.102.70.84 - - [21/Oct/2013:18:28:56 +0200] "GET /status?full=true HTTP/1.1" 404 311 "-" "Mozilla/4.0 (compatible; MSIE 6.0; Windows 98)"
89.248.172.53 - - [21/Oct/2013:19:07:17 +0200] "GET /web-console/Invoker HTTP/1.0" 404 324 "-" "-"
89.248.172.53 - - [21/Oct/2013:19:09:11 +0200] "GET /web-console/Invoker HTTP/1.0" 404 324 "-" "-"
141.8.147.12 - - [21/Oct/2013:19:32:09 +0200] "GET /robots.txt HTTP/1.1" 404 333 "-" "Mozilla/5.0 (compatible; YandexBot/3.0; +http://yandex.com/bots)"
199.204.47.194 - - [21/Oct/2013:19:47:30 +0200] "GET / HTTP/1.0" 200 1229 "-" "-"
199.204.47.194 - - [21/Oct/2013:19:55:36 +0200] "HEAD / HTTP/1.1" 200 - "-" "Mozilla/5.0 (compatible; Nmap Scripting Engine; http://nmap.org/book/nse.html)"
178.32.65.189 - - [21/Oct/2013:21:23:17 +0200] "GET /plugins/editor.zoho/agent/save_zoho.php HTTP/1.0" 404 344 "-" "-"
157.56.93.73 - - [21/Oct/2013:21:29:44 +0200] "GET /robots.txt HTTP/1.1" 404 333 "-" "Mozilla/5.0 (compatible; bingbot/2.0; +http://www.bing.com/bingbot.htm)"
157.56.93.73 - - [21/Oct/2013:21:32:11 +0200] "GET / HTTP/1.1" 304 - "-" "Mozilla/5.0 (compatible; bingbot/2.0; +http://www.bing.com/bingbot.htm)"
178.32.65.189 - - [21/Oct/2013:22:37:16 +0200] "GET /plugins/editor.zoho/agent/save_zoho.php HTTP/1.0" 404 344 "-" "-"
178.32.65.189 - - [21/Oct/2013:22:48:03 +0200] "GET /plugins/editor.zoho/agent/save_zoho.php HTTP/1.0" 404 344 "-" "-"
199.204.47.194 - - [21/Oct/2013:23:44:48 +0200] "GET / HTTP/1.0" 200 1229 "-" "-"
61.231.84.240 - - [21/Oct/2013:23:51:09 +0200] "GET http://www.google.com.tw HTTP/1.1" 200 1229 "-" "Mozilla/5.0 (compatible; MSIE 9.0; Windows NT 6.1; Trident/5.0)"
61.231.84.240 - - [21/Oct/2013:23:51:09 +0200] "CONNECT mx2.mail2000.com.tw:25 HTTP/1.0" 405 348 "-" "-"
199.204.47.194 - - [21/Oct/2013:23:51:28 +0200] "HEAD / HTTP/1.1" 200 - "-" "Mozilla/5.0 (compatible; Nmap Scripting Engine; http://nmap.org/book/nse.html)"
61.166.147.35 - - [22/Oct/2013:00:13:51 +0200] "GET //wp-login.php HTTP/1.1" 404 317 "-" "Mozilla/5.0 (X11; U; Linux i686; pt-BR; rv:1.9.0.15) Gecko/2009102815 Ubuntu/9.04 (jaunty) Firefox/3.0.15"
61.166.147.35 - - [22/Oct/2013:00:13:51 +0200] "GET //wp-login.php HTTP/1.1" 404 317 "-" "Mozilla/5.0 (X11; U; Linux i686; pt-BR; rv:1.9.0.15) Gecko/2009102815 Ubuntu/9.04 (jaunty) Firefox/3.0.15"
61.166.147.35 - - [22/Oct/2013:00:13:51 +0200] "GET //wp-login.php HTTP/1.1" 404 317 "-" "Mozilla/5.0 (X11; U; Linux i686; pt-BR; rv:1.9.0.15) Gecko/2009102815 Ubuntu/9.04 (jaunty) Firefox/3.0.15"
61.166.147.35 - - [22/Oct/2013:00:13:51 +0200] "GET //wp-login.php HTTP/1.1" 404 317 "-" "Mozilla/5.0 (X11; U; Linux i686; pt-BR; rv:1.9.0.15) Gecko/2009102815 Ubuntu/9.04 (jaunty) Firefox/3.0.15"
61.166.147.35 - - [22/Oct/2013:00:13:51 +0200] "GET //wp-login.php HTTP/1.1" 404 317 "-" "Mozilla/5.0 (X11; U; Linux i686; pt-BR; rv:1.9.0.15) Gecko/2009102815 Ubuntu/9.04 (jaunty) Firefox/3.0.15"
61.166.147.35 - - [22/Oct/2013:00:13:52 +0200] "GET //wp-login.php HTTP/1.1" 404 317 "-" "Mozilla/5.0 (X11; U; Linux i686; pt-BR; rv:1.9.0.15) Gecko/2009102815 Ubuntu/9.04 (jaunty) Firefox/3.0.15"
61.166.147.35 - - [22/Oct/2013:00:13:52 +0200] "GET //wp-login.php HTTP/1.1" 404 317 "-" "Mozilla/5.0 (X11; U; Linux i686; pt-BR; rv:1.9.0.15) Gecko/2009102815 Ubuntu/9.04 (jaunty) Firefox/3.0.15"
61.166.147.35 - - [22/Oct/2013:00:13:52 +0200] "GET /blog//wp-login.php HTTP/1.1" 404 323 "-" "Mozilla/5.0 (X11; U; Linux i686; pt-BR; rv:1.9.0.15) Gecko/2009102815 Ubuntu/9.04 (jaunty) Firefox/3.0.15"
61.166.147.35 - - [22/Oct/2013:00:13:52 +0200] "GET //wp-login.php HTTP/1.1" 404 317 "-" "Mozilla/5.0 (X11; U; Linux i686; pt-BR; rv:1.9.0.15) Gecko/2009102815 Ubuntu/9.04 (jaunty) Firefox/3.0.15"
61.166.147.35 - - [22/Oct/2013:00:13:52 +0200] "GET //wp-login.php HTTP/1.1" 404 317 "-" "Mozilla/5.0 (X11; U; Linux i686; pt-BR; rv:1.9.0.15) Gecko/2009102815 Ubuntu/9.04 (jaunty) Firefox/3.0.15"
61.166.147.35 - - [22/Oct/2013:00:13:52 +0200] "GET /blog//wp-login.php HTTP/1.1" 404 323 "-" "Mozilla/5.0 (X11; U; Linux i686; pt-BR; rv:1.9.0.15) Gecko/2009102815 Ubuntu/9.04 (jaunty) Firefox/3.0.15"
61.166.147.35 - - [22/Oct/2013:00:13:52 +0200] "GET /blog//wp-login.php HTTP/1.1" 404 323 "-" "Mozilla/5.0 (X11; U; Linux i686; pt-BR; rv:1.9.0.15) Gecko/2009102815 Ubuntu/9.04 (jaunty) Firefox/3.0.15"
61.166.147.35 - - [22/Oct/2013:00:13:52 +0200] "GET /blog//wp-login.php HTTP/1.1" 404 323 "-" "Mozilla/5.0 (X11; U; Linux i686; pt-BR; rv:1.9.0.15) Gecko/2009102815 Ubuntu/9.04 (jaunty) Firefox/3.0.15"
61.166.147.35 - - [22/Oct/2013:00:13:52 +0200] "GET /blog//wp-login.php HTTP/1.1" 404 323 "-" "Mozilla/5.0 (X11; U; Linux i686; pt-BR; rv:1.9.0.15) Gecko/2009102815 Ubuntu/9.04 (jaunty) Firefox/3.0.15"
61.166.147.35 - - [22/Oct/2013:00:13:52 +0200] "GET /blog//wp-login.php HTTP/1.1" 404 323 "-" "Mozilla/5.0 (X11; U; Linux i686; pt-BR; rv:1.9.0.15) Gecko/2009102815 Ubuntu/9.04 (jaunty) Firefox/3.0.15"
61.166.147.35 - - [22/Oct/2013:00:13:52 +0200] "GET /wordpress//wp-login.php HTTP/1.1" 404 328 "-" "Mozilla/5.0 (X11; U; Linux i686; pt-BR; rv:1.9.0.15) Gecko/2009102815 Ubuntu/9.04 (jaunty) Firefox/3.0.15"
61.166.147.35 - - [22/Oct/2013:00:13:52 +0200] "GET /blog//wp-login.php HTTP/1.1" 404 323 "-" "Mozilla/5.0 (X11; U; Linux i686; pt-BR; rv:1.9.0.15) Gecko/2009102815 Ubuntu/9.04 (jaunty) Firefox/3.0.15"
61.166.147.35 - - [22/Oct/2013:00:13:53 +0200] "GET /blog//wp-login.php HTTP/1.1" 404 323 "-" "Mozilla/5.0 (X11; U; Linux i686; pt-BR; rv:1.9.0.15) Gecko/2009102815 Ubuntu/9.04 (jaunty) Firefox/3.0.15"
61.166.147.35 - - [22/Oct/2013:00:13:53 +0200] "GET /wordpress//wp-login.php HTTP/1.1" 404 328 "-" "Mozilla/5.0 (X11; U; Linux i686; pt-BR; rv:1.9.0.15) Gecko/2009102815 Ubuntu/9.04 (jaunty) Firefox/3.0.15"
61.166.147.35 - - [22/Oct/2013:00:13:53 +0200] "GET /blog//wp-login.php HTTP/1.1" 404 323 "-" "Mozilla/5.0 (X11; U; Linux i686; pt-BR; rv:1.9.0.15) Gecko/2009102815 Ubuntu/9.04 (jaunty) Firefox/3.0.15"
61.166.147.35 - - [22/Oct/2013:00:13:53 +0200] "GET /wordpress//wp-login.php HTTP/1.1" 404 328 "-" "Mozilla/5.0 (X11; U; Linux i686; pt-BR; rv:1.9.0.15) Gecko/2009102815 Ubuntu/9.04 (jaunty) Firefox/3.0.15"
61.166.147.35 - - [22/Oct/2013:00:13:53 +0200] "GET /wordpress//wp-login.php HTTP/1.1" 404 328 "-" "Mozilla/5.0 (X11; U; Linux i686; pt-BR; rv:1.9.0.15) Gecko/2009102815 Ubuntu/9.04 (jaunty) Firefox/3.0.15"
61.166.147.35 - - [22/Oct/2013:00:13:53 +0200] "GET /wordpress//wp-login.php HTTP/1.1" 404 328 "-" "Mozilla/5.0 (X11; U; Linux i686; pt-BR; rv:1.9.0.15) Gecko/2009102815 Ubuntu/9.04 (jaunty) Firefox/3.0.15"
61.166.147.35 - - [22/Oct/2013:00:13:53 +0200] "GET /wordpress//wp-login.php HTTP/1.1" 404 328 "-" "Mozilla/5.0 (X11; U; Linux i686; pt-BR; rv:1.9.0.15) Gecko/2009102815 Ubuntu/9.04 (jaunty) Firefox/3.0.15"
61.166.147.35 - - [22/Oct/2013:00:13:53 +0200] "GET /wp//wp-login.php HTTP/1.1" 404 321 "-" "Mozilla/5.0 (X11; U; Linux i686; pt-BR; rv:1.9.0.15) Gecko/2009102815 Ubuntu/9.04 (jaunty) Firefox/3.0.15"
61.166.147.35 - - [22/Oct/2013:00:13:53 +0200] "GET /wordpress//wp-login.php HTTP/1.1" 404 328 "-" "Mozilla/5.0 (X11; U; Linux i686; pt-BR; rv:1.9.0.15) Gecko/2009102815 Ubuntu/9.04 (jaunty) Firefox/3.0.15"
61.166.147.35 - - [22/Oct/2013:00:13:53 +0200] "GET /wordpress//wp-login.php HTTP/1.1" 404 328 "-" "Mozilla/5.0 (X11; U; Linux i686; pt-BR; rv:1.9.0.15) Gecko/2009102815 Ubuntu/9.04 (jaunty) Firefox/3.0.15"
61.166.147.35 - - [22/Oct/2013:00:13:53 +0200] "GET /wp//wp-login.php HTTP/1.1" 404 321 "-" "Mozilla/5.0 (X11; U; Linux i686; pt-BR; rv:1.9.0.15) Gecko/2009102815 Ubuntu/9.04 (jaunty) Firefox/3.0.15"
61.166.147.35 - - [22/Oct/2013:00:13:53 +0200] "GET /wordpress//wp-login.php HTTP/1.1" 404 328 "-" "Mozilla/5.0 (X11; U; Linux i686; pt-BR; rv:1.9.0.15) Gecko/2009102815 Ubuntu/9.04 (jaunty) Firefox/3.0.15"
61.166.147.35 - - [22/Oct/2013:00:13:53 +0200] "GET /wp//wp-login.php HTTP/1.1" 404 321 "-" "Mozilla/5.0 (X11; U; Linux i686; pt-BR; rv:1.9.0.15) Gecko/2009102815 Ubuntu/9.04 (jaunty) Firefox/3.0.15"
61.166.147.35 - - [22/Oct/2013:00:13:54 +0200] "GET /wp//wp-login.php HTTP/1.1" 404 321 "-" "Mozilla/5.0 (X11; U; Linux i686; pt-BR; rv:1.9.0.15) Gecko/2009102815 Ubuntu/9.04 (jaunty) Firefox/3.0.15"
61.166.147.35 - - [22/Oct/2013:00:13:54 +0200] "GET /wp//wp-login.php HTTP/1.1" 404 321 "-" "Mozilla/5.0 (X11; U; Linux i686; pt-BR; rv:1.9.0.15) Gecko/2009102815 Ubuntu/9.04 (jaunty) Firefox/3.0.15"
61.166.147.35 - - [22/Oct/2013:00:13:54 +0200] "GET /wp//wp-login.php HTTP/1.1" 404 321 "-" "Mozilla/5.0 (X11; U; Linux i686; pt-BR; rv:1.9.0.15) Gecko/2009102815 Ubuntu/9.04 (jaunty) Firefox/3.0.15"
61.166.147.35 - - [22/Oct/2013:00:13:54 +0200] "GET /wp//wp-login.php HTTP/1.1" 404 321 "-" "Mozilla/5.0 (X11; U; Linux i686; pt-BR; rv:1.9.0.15) Gecko/2009102815 Ubuntu/9.04 (jaunty) Firefox/3.0.15"
61.166.147.35 - - [22/Oct/2013:00:13:54 +0200] "GET /wp//wp-login.php HTTP/1.1" 404 321 "-" "Mozilla/5.0 (X11; U; Linux i686; pt-BR; rv:1.9.0.15) Gecko/2009102815 Ubuntu/9.04 (jaunty) Firefox/3.0.15"
61.166.147.35 - - [22/Oct/2013:00:13:54 +0200] "GET /wp//wp-login.php HTTP/1.1" 404 321 "-" "Mozilla/5.0 (X11; U; Linux i686; pt-BR; rv:1.9.0.15) Gecko/2009102815 Ubuntu/9.04 (jaunty) Firefox/3.0.15"
111.248.116.189 - - [22/Oct/2013:02:02:30 +0200] "GET http://www.google.com/ HTTP/1.1" 200 1229 "-" "Mozilla/5.0 (compatible; MSIE 9.0; Windows NT 6.1; Trident/5.0)"
111.248.116.189 - - [22/Oct/2013:02:02:39 +0200] "CONNECT mx2.mail2000.com.tw:25 HTTP/1.0" 405 348 "-" "-"
141.8.147.12 - - [22/Oct/2013:02:04:54 +0200] "GET / HTTP/1.1" 200 1229 "-" "Mozilla/5.0 (compatible; YandexBot/3.0; +http://yandex.com/bots)"
141.8.147.12 - - [22/Oct/2013:02:24:23 +0200] "GET /robots.txt HTTP/1.1" 404 337 "-" "Mozilla/5.0 (compatible; YandexBot/3.0; +http://yandex.com/bots)"
141.8.147.12 - - [22/Oct/2013:02:39:36 +0200] "GET /robots.txt HTTP/1.1" 404 320 "-" "Mozilla/5.0 (compatible; YandexBot/3.0; +http://yandex.com/bots)"
141.8.147.12 - - [22/Oct/2013:03:29:36 +0200] "GET / HTTP/1.1" 200 1229 "-" "Mozilla/5.0 (compatible; YandexBot/3.0; +http://yandex.com/bots)"
66.249.78.66 - - [22/Oct/2013:08:05:28 +0200] "GET /robots.txt HTTP/1.1" 404 328 "-" "Mozilla/5.0 (compatible; Googlebot/2.1; +http://www.google.com/bot.html)"
66.249.78.66 - - [22/Oct/2013:08:05:28 +0200] "GET / HTTP/1.1" 200 1229 "-" "Mozilla/5.0 (compatible; Googlebot/2.1; +http://www.google.com/bot.html)"
178.32.65.189 - - [22/Oct/2013:09:21:47 +0200] "GET /plugins/editor.zoho/agent/save_zoho.php HTTP/1.1" 400 329 "-" "-"
106.240.236.230 - - [22/Oct/2013:10:11:53 +0200] "GET /phppath/php HTTP/1.0" 404 312 "-" "-"
106.240.236.230 - - [22/Oct/2013:10:11:53 +0200] "GET /phppath/php HTTP/1.0" 404 312 "-" "-"
106.240.236.230 - - [22/Oct/2013:10:11:53 +0200] "GET /phppath/php HTTP/1.0" 404 312 "-" "-"
106.240.236.230 - - [22/Oct/2013:10:11:53 +0200] "GET /phppath/php HTTP/1.0" 404 312 "-" "-"
106.240.236.230 - - [22/Oct/2013:10:11:53 +0200] "GET /phppath/php HTTP/1.0" 404 312 "-" "-"
106.240.236.230 - - [22/Oct/2013:10:11:53 +0200] "GET /phppath/php HTTP/1.0" 404 312 "-" "-"
106.240.236.230 - - [22/Oct/2013:10:11:53 +0200] "GET /phppath/php HTTP/1.0" 404 312 "-" "-"
106.240.236.230 - - [22/Oct/2013:10:11:53 +0200] "GET /phppath/php HTTP/1.0" 404 312 "-" "-"
106.240.236.230 - - [22/Oct/2013:10:11:53 +0200] "GET /phppath/php HTTP/1.0" 404 312 "-" "-"
106.240.236.230 - - [22/Oct/2013:10:11:53 +0200] "GET /phppath/php HTTP/1.0" 404 312 "-" "-"
141.8.147.12 - - [22/Oct/2013:11:19:21 +0200] "GET / HTTP/1.1" 200 1229 "-" "Mozilla/5.0 (compatible; YandexBot/3.0; +http://yandex.com/bots)"
141.8.147.12 - - [22/Oct/2013:12:31:10 +0200] "GET /robots.txt HTTP/1.1" 404 327 "-" "Mozilla/5.0 (compatible; YandexBot/3.0; +http://yandex.com/bots)"
141.8.147.12 - - [22/Oct/2013:12:31:14 +0200] "GET / HTTP/1.1" 200 1229 "-" "Mozilla/5.0 (compatible; YandexBot/3.0; +http://yandex.com/bots)"
122.49.30.15 - - [22/Oct/2013:13:12:07 +0200] "GET /manager/html HTTP/1.1" 404 317 "-" "Mozilla/3.0 (compatible; Indy Library)"
157.55.36.45 - - [22/Oct/2013:17:28:30 +0200] "GET /robots.txt HTTP/1.1" 404 320 "-" "Mozilla/5.0 (compatible; bingbot/2.0; +http://www.bing.com/bingbot.htm)"
157.55.36.45 - - [22/Oct/2013:17:31:56 +0200] "GET / HTTP/1.1" 304 - "-" "Mozilla/5.0 (compatible; bingbot/2.0; +http://www.bing.com/bingbot.htm)"
62.219.8.230 - - [22/Oct/2013:18:07:28 +0200] "GET / HTTP/1.1" 200 1229 "-" "Mozilla/4.0 (compatible; MSIE 7.0; Windows NT 5.1)"
198.20.69.74 - - [22/Oct/2013:19:17:47 +0200] "GET / HTTP/1.1" 200 1229 "-" "-"
198.20.69.74 - - [22/Oct/2013:19:17:47 +0200] "GET /robots.txt HTTP/1.1" 404 315 "-" "-"
54.254.171.82 - - [22/Oct/2013:20:10:02 +0200] "GET / HTTP/1.0" 200 1229 "-" "-"
178.32.65.189 - - [22/Oct/2013:21:16:45 +0200] "GET /plugins/editor.zoho/agent/save_zoho.php HTTP/1.1" 400 329 "-" "-"
61.231.5.197 - - [22/Oct/2013:22:04:45 +0200] "GET http://www.google.co.jp HTTP/1.1" 200 1229 "-" "Mozilla/5.0 (compatible; MSIE 9.0; Windows NT 6.1; Trident/5.0)"
61.231.5.197 - - [22/Oct/2013:22:04:45 +0200] "CONNECT mx0.mail2000.com.tw:25 HTTP/1.0" 405 348 "-" "-"
89.248.172.53 - - [23/Oct/2013:00:15:10 +0200] "GET /web-console/Invoker HTTP/1.0" 404 324 "-" "-"
89.248.172.53 - - [23/Oct/2013:00:38:52 +0200] "GET /web-console/Invoker HTTP/1.0" 404 324 "-" "-"
141.8.147.12 - - [23/Oct/2013:01:03:20 +0200] "GET /robots.txt HTTP/1.1" 404 333 "-" "Mozilla/5.0 (compatible; YandexBot/3.0; +http://yandex.com/bots)"
89.248.172.53 - - [23/Oct/2013:01:17:06 +0200] "GET /web-console/Invoker HTTP/1.0" 404 324 "-" "-"
89.248.172.53 - - [23/Oct/2013:01:17:54 +0200] "GET /web-console/Invoker HTTP/1.0" 404 324 "-" "-"
157.55.34.180 - - [23/Oct/2013:02:14:57 +0200] "GET /robots.txt HTTP/1.1" 404 332 "-" "Mozilla/5.0 (compatible; bingbot/2.0; +http://www.bing.com/bingbot.htm)"
157.55.34.180 - - [23/Oct/2013:02:15:24 +0200] "GET / HTTP/1.1" 304 - "-" "Mozilla/5.0 (compatible; bingbot/2.0; +http://www.bing.com/bingbot.htm)"
54.254.171.82 - - [23/Oct/2013:02:55:56 +0200] "GET / HTTP/1.0" 200 1229 "-" "-"
178.77.126.55 - - [23/Oct/2013:04:13:22 +0200] "GET /robots.txt HTTP/1.1" 404 320 "-" "Mozilla/5.0 (compatible; CareerBot/1.1; +http://www.career-x.de/bot.html)"
178.77.126.55 - - [23/Oct/2013:04:13:22 +0200] "GET / HTTP/1.1" 200 1229 "-" "Mozilla/5.0 (compatible; CareerBot/1.1; +http://www.career-x.de/bot.html)"
36.231.254.202 - - [23/Oct/2013:04:45:15 +0200] "GET http://www.google.com/ HTTP/1.1" 200 1229 "-" "Mozilla/5.0 (compatible; MSIE 9.0; Windows NT 6.1; Trident/5.0)"
36.231.254.202 - - [23/Oct/2013:04:45:16 +0200] "CONNECT mx2.mail2000.com.tw:25 HTTP/1.0" 405 348 "-" "-"
89.248.172.53 - - [23/Oct/2013:04:59:50 +0200] "GET /web-console/Invoker HTTP/1.0" 404 324 "-" "-"
178.32.65.189 - - [23/Oct/2013:05:11:37 +0200] "GET /plugins/editor.zoho/agent/save_zoho.php HTTP/1.1" 400 329 "-" "-"
89.248.172.53 - - [23/Oct/2013:05:50:53 +0200] "GET /web-console/Invoker HTTP/1.0" 404 324 "-" "-"
89.248.172.53 - - [23/Oct/2013:06:34:19 +0200] "GET /web-console/Invoker HTTP/1.0" 404 324 "-" "-"
178.32.65.189 - - [23/Oct/2013:07:04:54 +0200] "GET /plugins/editor.zoho/agent/save_zoho.php HTTP/1.1" 400 329 "-" "-"
89.248.172.53 - - [23/Oct/2013:07:09:58 +0200] "GET /web-console/Invoker HTTP/1.0" 404 324 "-" "-"
54.254.171.82 - - [23/Oct/2013:08:11:40 +0200] "GET / HTTP/1.0" 200 1229 "-" "-"
89.248.172.53 - - [23/Oct/2013:08:32:49 +0200] "GET /web-console/Invoker HTTP/1.0" 404 324 "-" "-"
89.248.172.53 - - [23/Oct/2013:08:50:25 +0200] "GET /web-console/Invoker HTTP/1.0" 404 324 "-" "-"
141.8.147.12 - - [23/Oct/2013:09:58:03 +0200] "GET / HTTP/1.1" 200 1229 "-" "Mozilla/5.0 (compatible; YandexBot/3.0; +http://yandex.com/bots)"
54.254.171.82 - - [23/Oct/2013:10:04:49 +0200] "GET / HTTP/1.0" 200 1229 "-" "-"
67.19.79.218 - - [23/Oct/2013:11:36:43 +0200] "GET /robots.txt HTTP/1.0" 404 311 "-" "Mozilla/4.0 (compatible; MSIE 5.01; Windows NT)"
209.190.1.133 - - [23/Oct/2013:11:48:25 +0200] "GET / HTTP/1.1" 200 1229 "-" "Mozilla/5.0 (compatible; MSIE 8.0; Windows NT 5.1) KomodiaBot/1.0"
54.254.171.82 - - [23/Oct/2013:12:08:18 +0200] "GET / HTTP/1.0" 200 1229 "-" "-"
54.200.211.199 - - [23/Oct/2013:13:17:39 +0200] "GET / HTTP/1.1" 200 1229 "-" "Mozilla/4.0 (compatible; MSIE 6.0; Windows NT 5.1; SV1; InfoPath.2)"
54.200.211.230 - - [23/Oct/2013:13:21:33 +0200] "GET / HTTP/1.1" 200 1229 "-" "Mozilla/4.0 (compatible; MSIE 6.0; Windows NT 5.1; SV1; InfoPath.2)"
54.215.254.105 - - [23/Oct/2013:14:05:19 +0200] "GET / HTTP/1.1" 200 1229 "-" "Mozilla/4.0 (compatible; MSIE 6.0; Windows NT 5.1; SV1; InfoPath.2)"
54.229.249.178 - - [23/Oct/2013:14:08:05 +0200] "GET / HTTP/1.1" 200 1229 "-" "Mozilla/4.0 (compatible; MSIE 6.0; Windows NT 5.1; SV1; InfoPath.2)"
178.255.215.74 - - [23/Oct/2013:14:15:31 +0200] "GET /robots.txt HTTP/1.1" 404 320 "-" "Mozilla/5.0 (compatible; Exabot/3.0; +http://www.exabot.com/go/robot)"
178.255.215.74 - - [23/Oct/2013:14:15:31 +0200] "GET / HTTP/1.1" 304 - "-" "Mozilla/5.0 (compatible; Exabot/3.0; +http://www.exabot.com/go/robot)"
54.200.215.253 - - [23/Oct/2013:14:39:30 +0200] "GET / HTTP/1.1" 200 1229 "-" "Mozilla/4.0 (compatible; MSIE 6.0; Windows NT 5.1; SV1; InfoPath.2)"
209.190.1.131 - - [23/Oct/2013:15:12:21 +0200] "GET / HTTP/1.1" 200 1229 "-" "Mozilla/5.0 (compatible; MSIE 8.0; Windows NT 5.1) KomodiaBot/1.0"
50.17.48.159 - - [23/Oct/2013:15:15:51 +0200] "GET / HTTP/1.1" 200 1229 "-" "Mozilla/4.0 (compatible; MSIE 6.0; Windows NT 5.1; SV1; InfoPath.2)"
54.206.10.147 - - [23/Oct/2013:15:17:23 +0200] "GET / HTTP/1.1" 200 1229 "-" "Mozilla/4.0 (compatible; MSIE 6.0; Windows NT 5.1; SV1; InfoPath.2)"
50.17.48.159 - - [23/Oct/2013:15:57:57 +0200] "GET / HTTP/1.1" 200 1229 "-" "Mozilla/4.0 (compatible; MSIE 6.0; Windows NT 5.1; SV1; InfoPath.2)"
54.206.10.149 - - [23/Oct/2013:15:58:43 +0200] "GET / HTTP/1.1" 200 1229 "-" "Mozilla/4.0 (compatible; MSIE 6.0; Windows NT 5.1; SV1; InfoPath.2)"
54.200.215.248 - - [23/Oct/2013:15:59:28 +0200] "GET / HTTP/1.1" 200 1229 "-" "Mozilla/4.0 (compatible; MSIE 6.0; Windows NT 5.1; SV1; InfoPath.2)"
198.20.69.74 - - [23/Oct/2013:17:46:11 +0200] "GET / HTTP/1.1" 200 1229 "-" "-"
198.20.69.74 - - [23/Oct/2013:17:46:11 +0200] "GET /robots.txt HTTP/1.1" 404 315 "-" "-"
111.248.61.175 - - [23/Oct/2013:18:07:57 +0200] "GET http://www.google.com.tw HTTP/1.1" 200 1229 "-" "Mozilla/5.0 (compatible; MSIE 9.0; Windows NT 6.1; Trident/5.0)"
111.248.61.175 - - [23/Oct/2013:18:07:58 +0200] "CONNECT mx3.mail2000.com.tw:25 HTTP/1.0" 405 348 "-" "-"
141.8.147.12 - - [23/Oct/2013:18:38:56 +0200] "GET /robots.txt HTTP/1.1" 404 322 "-" "Mozilla/5.0 (compatible; YandexBot/3.0; +http://yandex.com/bots)"
198.20.69.74 - - [23/Oct/2013:19:31:20 +0200] "GET / HTTP/1.1" 200 1229 "-" "-"
198.20.69.74 - - [23/Oct/2013:19:31:21 +0200] "GET /robots.txt HTTP/1.1" 404 315 "-" "-"
141.8.147.12 - - [23/Oct/2013:21:30:05 +0200] "GET / HTTP/1.1" 200 1229 "-" "Mozilla/5.0 (compatible; YandexBot/3.0; +http://yandex.com/bots)"
117.78.13.18 - - [23/Oct/2013:22:02:03 +0200] "GET /robots.txt HTTP/1.0" 404 320 "-" "nutch-1.4/Nutch-1.4"
117.78.13.18 - - [23/Oct/2013:22:02:04 +0200] "GET / HTTP/1.0" 200 1229 "-" "nutch-1.4/Nutch-1.4"
54.254.171.82 - - [23/Oct/2013:22:36:53 +0200] "GET / HTTP/1.0" 200 1229 "-" "-"
54.254.171.82 - - [23/Oct/2013:22:49:03 +0200] "GET / HTTP/1.0" 200 1229 "-" "-"
89.248.172.53 - - [23/Oct/2013:23:43:26 +0200] "GET /invoker/JMXInvokerServlet HTTP/1.0" 404 330 "-" "-"
54.254.171.82 - - [24/Oct/2013:00:44:21 +0200] "GET / HTTP/1.0" 200 1229 "-" "-"
54.254.171.82 - - [24/Oct/2013:01:12:13 +0200] "GET / HTTP/1.0" 200 1229 "-" "-"
141.8.147.12 - - [24/Oct/2013:01:21:18 +0200] "GET /robots.txt HTTP/1.1" 404 327 "-" "Mozilla/5.0 (compatible; YandexBot/3.0; +http://yandex.com/bots)"
54.254.171.82 - - [24/Oct/2013:01:30:54 +0200] "GET / HTTP/1.0" 200 1229 "-" "-"
54.254.171.82 - - [24/Oct/2013:02:02:37 +0200] "GET / HTTP/1.0" 200 1229 "-" "-"
141.8.147.12 - - [24/Oct/2013:02:36:41 +0200] "GET /robots.txt HTTP/1.1" 404 337 "-" "Mozilla/5.0 (compatible; YandexBot/3.0; +http://yandex.com/bots)"
141.8.147.12 - - [24/Oct/2013:04:07:09 +0200] "GET / HTTP/1.1" 200 1229 "-" "Mozilla/5.0 (compatible; YandexBot/3.0; +http://yandex.com/bots)"
89.248.172.53 - - [24/Oct/2013:04:10:05 +0200] "GET /invoker/JMXInvokerServlet HTTP/1.0" 404 330 "-" "-"
198.20.69.98 - - [24/Oct/2013:04:28:07 +0200] "GET / HTTP/1.1" 200 1229 "-" "-"
198.20.69.98 - - [24/Oct/2013:04:28:08 +0200] "GET /robots.txt HTTP/1.1" 404 315 "-" "-"
157.56.93.96 - - [24/Oct/2013:05:00:43 +0200] "GET /robots.txt HTTP/1.1" 404 322 "-" "Mozilla/5.0 (compatible; bingbot/2.0; +http://www.bing.com/bingbot.htm)"
157.56.93.96 - - [24/Oct/2013:05:01:25 +0200] "GET /leistungen.htm HTTP/1.1" 404 326 "-" "Mozilla/5.0 (compatible; bingbot/2.0; +http://www.bing.com/bingbot.htm)"
192.114.71.13 - - [24/Oct/2013:07:49:03 +0200] "GET / HTTP/1.1" 200 1229 "-" "Mozilla/5.0 (compatible; MSIE 9.0; Windows NT 6.1; WOW64; Trident/5.0) AppleWebKit/537.22 (KHTML, like Gecko) Chrome/25.0.1364.172 Safari/537.22"
83.233.207.74 - - [24/Oct/2013:08:20:26 +0200] "GET / HTTP/1.1" 200 1229 "-" "Mozilla/4.0 (CMS Crawler: http://www.cmscrawler.com)"
141.8.147.12 - - [24/Oct/2013:08:32:59 +0200] "GET /robots.txt HTTP/1.1" 404 320 "-" "Mozilla/5.0 (compatible; YandexBot/3.0; +http://yandex.com/bots)"
46.246.111.54 - - [24/Oct/2013:09:31:17 +0200] "HEAD / HTTP/1.1" 200 - "-" "Mozilla/5.0 (compatible; Nmap Scripting Engine; http://nmap.org/book/nse.html)"
62.219.8.229 - - [24/Oct/2013:09:53:51 +0200] "GET / HTTP/1.1" 200 1229 "-" "Mozilla/4.0 (compatible; MSIE 7.0; Windows NT 5.1)"
141.8.147.12 - - [24/Oct/2013:10:31:48 +0200] "GET / HTTP/1.1" 200 1229 "-" "Mozilla/5.0 (compatible; YandexBot/3.0; +http://yandex.com/bots)"
198.20.69.74 - - [24/Oct/2013:10:42:05 +0200] "GET / HTTP/1.1" 200 1229 "-" "-"
198.20.69.74 - - [24/Oct/2013:10:42:05 +0200] "GET /robots.txt HTTP/1.1" 404 315 "-" "-"
141.8.147.12 - - [24/Oct/2013:12:42:26 +0200] "GET / HTTP/1.1" 200 1229 "-" "Mozilla/5.0 (compatible; YandexBot/3.0; +http://yandex.com/bots)"
89.248.172.53 - - [24/Oct/2013:13:38:41 +0200] "GET /invoker/JMXInvokerServlet HTTP/1.0" 404 330 "-" "-"
89.248.172.53 - - [24/Oct/2013:14:06:55 +0200] "GET /invoker/JMXInvokerServlet HTTP/1.0" 404 330 "-" "-"
89.248.172.53 - - [24/Oct/2013:14:52:17 +0200] "GET /invoker/JMXInvokerServlet HTTP/1.0" 404 330 "-" "-"
89.248.172.53 - - [24/Oct/2013:15:32:57 +0200] "GET /invoker/JMXInvokerServlet HTTP/1.0" 404 330 "-" "-"
89.248.172.53 - - [24/Oct/2013:15:54:39 +0200] "GET /invoker/JMXInvokerServlet HTTP/1.0" 404 330 "-" "-"
91.226.212.41 - - [24/Oct/2013:18:17:05 +0200] "GET http://www.proxy-alert.com/remote.php HTTP/1.1" 404 321 "-" "-"
91.226.212.41 - - [24/Oct/2013:18:46:40 +0200] "GET http://www.proxy-alert.com/remote.php HTTP/1.1" 404 321 "-" "-"
91.226.212.41 - - [24/Oct/2013:19:53:21 +0200] "GET http://www.proxy-alert.com/remote.php HTTP/1.1" 404 321 "-" "-"
198.20.69.74 - - [24/Oct/2013:20:04:13 +0200] "GET / HTTP/1.1" 200 1229 "-" "-"
198.20.69.74 - - [24/Oct/2013:20:04:14 +0200] "GET /robots.txt HTTP/1.1" 404 315 "-" "-"
91.226.212.41 - - [24/Oct/2013:20:16:00 +0200] "GET http://www.proxy-alert.com/remote.php HTTP/1.1" 404 321 "-" "-"
91.226.212.41 - - [24/Oct/2013:21:03:18 +0200] "GET http://www.proxy-alert.com/remote.php HTTP/1.1" 404 321 "-" "-"
91.226.212.41 - - [24/Oct/2013:21:09:04 +0200] "GET http://www.proxy-alert.com/remote.php HTTP/1.1" 404 321 "-" "-"
91.226.212.41 - - [24/Oct/2013:21:29:41 +0200] "GET http://www.proxy-alert.com/remote.php HTTP/1.1" 404 321 "-" "-"
91.226.212.41 - - [24/Oct/2013:21:36:30 +0200] "GET http://www.proxy-alert.com/remote.php HTTP/1.1" 404 321 "-" "-"
91.226.212.41 - - [24/Oct/2013:21:37:39 +0200] "GET http://www.proxy-alert.com/remote.php HTTP/1.1" 404 321 "-" "-"
89.248.172.53 - - [24/Oct/2013:21:46:20 +0200] "GET /invoker/JMXInvokerServlet HTTP/1.0" 404 330 "-" "-"
91.226.212.41 - - [24/Oct/2013:21:51:27 +0200] "GET http://www.proxy-alert.com/remote.php HTTP/1.1" 404 321 "-" "-"
89.248.172.53 - - [24/Oct/2013:23:58:40 +0200] "GET /invoker/JMXInvokerServlet HTTP/1.0" 404 330 "-" "-"
111.248.112.220 - - [25/Oct/2013:01:20:20 +0200] "CONNECT mx0.mail2000.com.tw:25 HTTP/1.0" 405 348 "-" "-"
141.8.147.12 - - [25/Oct/2013:01:32:46 +0200] "GET /robots.txt HTTP/1.1" 404 327 "-" "Mozilla/5.0 (compatible; YandexBot/3.0; +http://yandex.com/bots)"
89.248.172.53 - - [25/Oct/2013:02:14:23 +0200] "GET /invoker/JMXInvokerServlet HTTP/1.0" 404 330 "-" "-"
194.153.113.13 - - [25/Oct/2013:03:47:03 +0200] "HEAD / HTTP/1.1" 200 - "-" "Mozilla/5.0 (compatible; oBot/2.3.1; +http://filterdb.iss.net/crawler/)"
66.249.78.157 - - [25/Oct/2013:05:34:49 +0200] "GET /robots.txt HTTP/1.1" 404 315 "-" "Mozilla/5.0 (compatible; Googlebot/2.1; +http://www.google.com/bot.html)"
66.249.78.157 - - [25/Oct/2013:05:34:49 +0200] "GET / HTTP/1.1" 200 1229 "-" "Mozilla/5.0 (compatible; Googlebot/2.1; +http://www.google.com/bot.html)"
198.20.99.130 - - [25/Oct/2013:06:07:22 +0200] "GET / HTTP/1.1" 200 1229 "-" "-"
198.20.99.130 - - [25/Oct/2013:06:07:22 +0200] "GET /robots.txt HTTP/1.1" 404 315 "-" "-"
212.227.52.170 - - [25/Oct/2013:06:42:16 +0200] "GET / HTTP/1.0" 200 1229 "-" "Mozilla/4.0 (compatible; MSIE 5.0; Windows NT 4.0)"
146.185.167.233 - - [25/Oct/2013:08:38:11 +0200] "GET / HTTP/1.1" 200 1229 "-" "Mozilla/5.0 (Windows; U; Windows NT 5.1; en-US; rv:1.9.2.12) Gecko/20101026 Firefox/3.6.12 ( .NET CLR 3.5.30729)"
141.8.147.12 - - [25/Oct/2013:08:45:57 +0200] "GET / HTTP/1.1" 200 1229 "-" "Mozilla/5.0 (compatible; YandexBot/3.0; +http://yandex.com/bots)"
91.66.175.122 - - [25/Oct/2013:10:31:33 +0200] "GET / HTTP/1.1" 200 1229 "-" "Mozilla/5.0 (Windows NT 5.1; rv:20.0) Gecko/20100101 Firefox/20.0"
91.66.175.122 - - [25/Oct/2013:10:31:33 +0200] "GET /favicon.ico HTTP/1.1" 404 316 "-" "Mozilla/5.0 (Windows NT 5.1; rv:20.0) Gecko/20100101 Firefox/20.0"
91.66.175.122 - - [25/Oct/2013:10:31:33 +0200] "GET /favicon.ico HTTP/1.1" 404 316 "-" "Mozilla/5.0 (Windows NT 5.1; rv:20.0) Gecko/20100101 Firefox/20.0"
212.227.52.170 - - [25/Oct/2013:12:41:06 +0200] "GET / HTTP/1.0" 200 1229 "-" "Mozilla/4.0 (compatible; MSIE 5.0; Windows NT 4.0)"
173.193.38.234 - - [25/Oct/2013:12:59:02 +0200] "GET / HTTP/1.1" 400 329 "-" "-"
173.193.38.234 - - [25/Oct/2013:13:35:50 +0200] "GET / HTTP/1.1" 400 329 "-" "-"
173.193.38.234 - - [25/Oct/2013:13:36:04 +0200] "GET / HTTP/1.1" 400 329 "-" "-"
81.209.177.145 - - [25/Oct/2013:13:39:07 +0200] "GET /robots.txt HTTP/1.1" 404 320 "-" "netEstate NE Crawler (+http://www.website-datenbank.de/)"
81.209.177.145 - - [25/Oct/2013:13:39:07 +0200] "GET / HTTP/1.1" 200 1229 "-" "netEstate NE Crawler (+http://www.website-datenbank.de/)"
173.193.38.234 - - [25/Oct/2013:13:49:23 +0200] "GET / HTTP/1.1" 400 329 "-" "-"
64.246.165.190 - - [25/Oct/2013:13:56:06 +0200] "GET /robots.txt HTTP/1.0" 404 328 "-" "Mozilla/5.0 (Windows; U; Windows NT 5.1; en; rv:1.9.0.13) Gecko/2009073022 Firefox/3.5.2 (.NET CLR 3.5.30729) SurveyBot/2.3 (DomainTools)"
64.246.165.190 - - [25/Oct/2013:13:56:06 +0200] "GET / HTTP/1.1" 200 1229 "http://whois.domaintools.com/aufzugs-hebetechnik.de" "Mozilla/5.0 (Windows; U; Windows NT 5.1; en; rv:1.9.0.13) Gecko/2009073022 Firefox/3.5.2 (.NET CLR 3.5.30729) SurveyBot/2.3 (DomainTools)"
1.163.220.109 - - [25/Oct/2013:14:43:12 +0200] "GET http://www.google.com/ HTTP/1.1" 200 1229 "-" "Mozilla/5.0 (compatible; MSIE 9.0; Windows NT 6.1; Trident/5.0)"
1.163.220.109 - - [25/Oct/2013:14:43:13 +0200] "CONNECT mx2.mail2000.com.tw:25 HTTP/1.0" 405 348 "-" "-"
173.193.38.234 - - [25/Oct/2013:17:04:55 +0200] "GET / HTTP/1.1" 400 329 "-" "-"
64.246.165.170 - - [25/Oct/2013:17:16:05 +0200] "GET /robots.txt HTTP/1.0" 404 332 "-" "Mozilla/5.0 (Windows; U; Windows NT 5.1; en; rv:1.9.0.13) Gecko/2009073022 Firefox/3.5.2 (.NET CLR 3.5.30729) SurveyBot/2.3 (DomainTools)"
64.246.165.170 - - [25/Oct/2013:17:16:06 +0200] "GET / HTTP/1.1" 200 1229 "http://whois.domaintools.com/bauaufzuege-hebetechnik.de" "Mozilla/5.0 (Windows; U; Windows NT 5.1; en; rv:1.9.0.13) Gecko/2009073022 Firefox/3.5.2 (.NET CLR 3.5.30729) SurveyBot/2.3 (DomainTools)"
198.20.69.74 - - [25/Oct/2013:18:41:17 +0200] "GET / HTTP/1.1" 200 1229 "-" "-"
198.20.69.74 - - [25/Oct/2013:18:41:17 +0200] "GET /robots.txt HTTP/1.1" 404 315 "-" "-"
36.231.254.48 - - [25/Oct/2013:19:08:36 +0200] "GET http://www.google.co.jp HTTP/1.1" 200 1229 "-" "Mozilla/5.0 (compatible; MSIE 9.0; Windows NT 6.1; Trident/5.0)"
36.231.254.48 - - [25/Oct/2013:19:08:39 +0200] "CONNECT mx0.mail2000.com.tw:25 HTTP/1.0" 405 348 "-" "-"
111.241.37.43 - - [25/Oct/2013:21:24:37 +0200] "GET http://www.google.com.tw HTTP/1.1" 200 1229 "-" "Mozilla/5.0 (compatible; MSIE 9.0; Windows NT 6.1; Trident/5.0)"
111.241.37.43 - - [25/Oct/2013:21:24:41 +0200] "CONNECT mx0.mail2000.com.tw:25 HTTP/1.0" 405 348 "-" "-"
