54.86.94.3 - - [01/Mar/2016:00:04:37 +0100] "GET /impressum.html HTTP/1.1" 400 7640 "-" "-"
54.86.117.151 - - [01/Mar/2016:00:04:59 +0100] "GET /kontakt.html HTTP/1.1" 400 7640 "-" "-"
111.248.62.121 - - [01/Mar/2016:00:40:58 +0100] "CONNECT 126mx00.mxmail.netease.com:25 HTTP/1.0" 405 355 "-" "-"
54.88.105.181 - - [01/Mar/2016:00:51:38 +0100] "GET /impressum.html HTTP/1.1" 400 6192 "-" "-"
54.88.182.83 - - [01/Mar/2016:00:51:57 +0100] "GET /sonderthemen/archiv.html HTTP/1.1" 400 7640 "-" "-"
54.88.105.181 - - [01/Mar/2016:01:23:43 +0100] "GET /seiten/referenzen.htm HTTP/1.1" 400 7640 "-" "-"
52.91.247.74 - - [01/Mar/2016:01:23:44 +0100] "GET /seiten/impr.htm HTTP/1.1" 400 7640 "-" "-"
52.91.247.74 - - [01/Mar/2016:01:23:46 +0100] "GET /seiten/service.htm HTTP/1.1" 400 6192 "-" "-"
54.88.105.181 - - [01/Mar/2016:01:23:47 +0100] "GET /seiten/produkte.htm HTTP/1.1" 400 6202 "-" "-"
115.231.222.14 - - [01/Mar/2016:02:05:11 +0100] "GET http://zc.qq.com/cgi-bin/common/attr?id=260714&r=0.7524409206274404 HTTP/1.1" 404 320 "-" "Mozilla/5.0 (compatible; MSIE 9.0; Windows NT 6.1; Trident/5.0; 360SE)"
115.231.222.14 - - [01/Mar/2016:02:05:11 +0100] "GET http://zc.qq.com/cgi-bin/common/attr?id=260714&r=0.8032178025458190 HTTP/1.1" 404 320 "-" "Mozilla/5.0 (compatible; MSIE 9.0; Windows NT 6.1; Trident/5.0; 360SE)"
54.88.182.83 - - [01/Mar/2016:02:43:37 +0100] "GET /uns.html HTTP/1.1" 400 7640 "-" "-"
54.88.182.83 - - [01/Mar/2016:02:43:40 +0100] "GET /referenzen.html HTTP/1.1" 400 7644 "-" "-"
52.91.247.74 - - [01/Mar/2016:02:43:40 +0100] "GET /leistungen.html HTTP/1.1" 400 6220 "-" "-"
52.91.247.74 - - [01/Mar/2016:02:43:44 +0100] "GET /impressum.html HTTP/1.1" 400 7640 "-" "-"
77.81.6.234 - - [01/Mar/2016:02:48:43 +0100] "GET / HTTP/1.1" 200 1229 "-" "-"
84.201.153.7 - - [01/Mar/2016:02:53:54 +0100] "GET /robots.txt HTTP/1.1" 404 318 "-" "Mozilla/5.0 (compatible; YandexBot/3.0; +http://yandex.com/bots)"
185.112.248.32 - - [01/Mar/2016:03:12:24 +0100] "GET / HTTP/1.1" 200 1229 "-" "Mozilla/4.0 (compatible; MSIE 8.0; Windows NT 6.1; Trident/4.0; SLCC2; .NET CLR 2.0.50727; .NET CLR 3.5.30729; .NET CLR 3.0.30729; Media Center PC 6.0; InfoPath.2; .NET4.0C; .NET4.0E)"
115.231.222.14 - - [01/Mar/2016:04:18:08 +0100] "GET http://zc.qq.com/cgi-bin/common/attr?id=260714&r=0.1144384916730630 HTTP/1.1" 404 320 "-" "Mozilla/5.0 (compatible; MSIE 9.0; Windows NT 6.1; Trident/5.0; 360SE)"
114.112.90.54 - - [01/Mar/2016:05:01:10 +0100] "GET / HTTP/1.1" 200 1229 "-" "curl/7.43.0"
144.76.172.177 - - [01/Mar/2016:05:43:37 +0100] "GET /robots.txt HTTP/1.1" 404 325 "http://www.sitedomain.de/" "Sitedomain-Bot(Sitedomain-Bot 1.0, http://www.sitedomain.de/sitedomain-bot/)"
115.231.222.14 - - [01/Mar/2016:06:30:31 +0100] "GET http://zc.qq.com/cgi-bin/common/attr?id=260714&r=0.0973507862857678 HTTP/1.1" 404 320 "-" "Mozilla/5.0 (compatible; MSIE 9.0; Windows NT 6.1; Trident/5.0; 360SE)"
115.231.222.14 - - [01/Mar/2016:06:30:34 +0100] "GET http://zc.qq.com/cgi-bin/common/attr?id=260714&r=0.8655969621023888 HTTP/1.1" 404 320 "-" "Mozilla/5.0 (compatible; MSIE 9.0; Windows NT 6.1; Trident/5.0; 360SE)"
111.248.98.140 - - [01/Mar/2016:07:57:01 +0100] "CONNECT vip163mx01.mxmail.netease.com:25 HTTP/1.0" 405 358 "-" "-"
115.231.222.14 - - [01/Mar/2016:08:42:27 +0100] "GET http://zc.qq.com/cgi-bin/common/attr?id=260714&r=0.8117071329994353 HTTP/1.1" 404 320 "-" "Mozilla/5.0 (compatible; MSIE 9.0; Windows NT 6.1; Trident/5.0; 360SE)"
115.231.222.14 - - [01/Mar/2016:08:42:27 +0100] "GET http://zc.qq.com/cgi-bin/common/attr?id=260714&r=0.6957205051496637 HTTP/1.1" 404 320 "-" "Mozilla/5.0 (compatible; MSIE 9.0; Windows NT 6.1; Trident/5.0; 360SE)"
115.231.222.14 - - [01/Mar/2016:08:42:29 +0100] "GET http://zc.qq.com/cgi-bin/common/attr?id=260714&r=0.3812325173140054 HTTP/1.1" 404 320 "-" "Mozilla/5.0 (compatible; MSIE 9.0; Windows NT 6.1; Trident/5.0; 360SE)"
141.8.141.132 - - [01/Mar/2016:09:30:21 +0100] "GET / HTTP/1.1" 200 1229 "-" "Mozilla/5.0 (compatible; YandexBot/3.0; +http://yandex.com/bots)"
85.25.43.94 - - [01/Mar/2016:09:43:44 +0100] "GET / HTTP/1.1" 200 1229 "-" "-"
85.25.43.94 - - [01/Mar/2016:09:43:44 +0100] "GET /robots.txt HTTP/1.1" 404 315 "-" "-"
85.25.43.94 - - [01/Mar/2016:09:43:44 +0100] "GET /sitemap.xml HTTP/1.1" 404 316 "-" "-"
141.212.122.177 - - [01/Mar/2016:10:01:29 +0100] "GET / HTTP/1.1" 200 1229 "-" "Mozilla/5.0 zgrab/0.x"
146.185.239.100 - - [01/Mar/2016:10:05:29 +0100] "GET http://24x7-allrequestsallowed.com/?PHPSESSID=aab45f4f00143SSQJ_W_EFBF%5CE HTTP/1.1" 200 1229 "-" "-"
169.229.3.91 - - [01/Mar/2016:10:13:09 +0100] "\xb8\xea\x86P|H\x83\x10Zo2\x8dG\x15y\xaf\xb9\xab\x86\x82\xd3h\xf1\xebq\x8e+~ " 501 343 "-" "-"
66.240.192.138 - - [01/Mar/2016:10:16:38 +0100] "GET / HTTP/1.1" 200 1229 "-" "-"
66.240.192.138 - - [01/Mar/2016:10:16:43 +0100] "GET /sitemap.xml HTTP/1.1" 404 316 "-" "-"
66.240.192.138 - - [01/Mar/2016:10:16:59 +0100] "GET / HTTP/1.1" 200 1229 "-" "-"
66.240.192.138 - - [01/Mar/2016:10:16:59 +0100] "GET /robots.txt HTTP/1.1" 404 315 "-" "-"
66.240.192.138 - - [01/Mar/2016:10:17:00 +0100] "GET /sitemap.xml HTTP/1.1" 404 316 "-" "-"
54.246.133.173 - - [01/Mar/2016:10:31:34 +0100] "GET / HTTP/1.1" 200 1229 "-" "Mozilla/4.0 (compatible; MSIE 6.0; Windows NT 5.1; SV1; InfoPath.2)"
111.248.60.155 - - [01/Mar/2016:10:46:49 +0100] "CONNECT vip163mx00.mxmail.netease.com:25 HTTP/1.0" 405 358 "-" "-"
115.231.222.14 - - [01/Mar/2016:10:56:53 +0100] "GET http://zc.qq.com/cgi-bin/common/attr?id=260714&r=0.4744053914424256 HTTP/1.1" 404 320 "-" "Mozilla/5.0 (compatible; MSIE 9.0; Windows NT 6.1; Trident/5.0; 360SE)"
115.231.222.14 - - [01/Mar/2016:10:56:53 +0100] "GET http://zc.qq.com/cgi-bin/common/attr?id=260714&r=0.9880981328774679 HTTP/1.1" 404 320 "-" "Mozilla/5.0 (compatible; MSIE 9.0; Windows NT 6.1; Trident/5.0; 360SE)"
54.213.32.36 - - [01/Mar/2016:11:28:42 +0100] "GET / HTTP/1.1" 200 1229 "-" "Mozilla/4.0 (compatible; MSIE 6.0; Windows NT 5.1; SV1; InfoPath.2)"
192.99.107.213 - - [01/Mar/2016:12:14:36 +0100] "GET /robots.txt HTTP/1.1" 404 318 "-" "Mozilla/5.0 (compatible; meanpathbot/1.0; +http://www.meanpath.com/meanpathbot.html)"
192.99.107.210 - - [01/Mar/2016:12:14:37 +0100] "GET / HTTP/1.1" 200 1229 "-" "Mozilla/5.0 (compatible; meanpathbot/1.0; +http://www.meanpath.com/meanpathbot.html)"
144.76.61.21 - - [01/Mar/2016:12:25:51 +0100] "GET /robots.txt HTTP/1.0" 404 327 "-" "Mozilla/5.0 (compatible; MJ12bot/v1.4.5; http://www.majestic12.co.uk/bot.php?+)"
144.76.61.21 - - [01/Mar/2016:12:25:53 +0100] "GET / HTTP/1.0" 200 1229 "-" "Mozilla/5.0 (compatible; MJ12bot/v1.4.5; http://www.majestic12.co.uk/bot.php?+)"
54.213.103.226 - - [01/Mar/2016:12:37:07 +0100] "GET / HTTP/1.1" 200 1229 "-" "Mozilla/4.0 (compatible; MSIE 6.0; Windows NT 5.1; SV1; InfoPath.2)"
167.57.168.186 - - [01/Mar/2016:12:44:01 +0100] "GET /phpMyAdmin/scripts/setup.php HTTP/1.1" 404 333 "-" "-"
167.57.168.186 - - [01/Mar/2016:12:44:06 +0100] "GET /pma/scripts/setup.php HTTP/1.1" 404 326 "-" "-"
167.57.168.186 - - [01/Mar/2016:12:44:11 +0100] "GET /myadmin/scripts/setup.php HTTP/1.1" 404 330 "-" "-"
54.183.138.211 - - [01/Mar/2016:12:58:18 +0100] "GET / HTTP/1.1" 200 1229 "-" "Mozilla/4.0 (compatible; MSIE 6.0; Windows NT 5.1; SV1; InfoPath.2)"
190.12.179.250 - - [01/Mar/2016:13:03:55 +0100] "GET /phpMyAdmin/scripts/setup.php HTTP/1.1" 404 333 "-" "-"
190.12.179.250 - - [01/Mar/2016:13:04:21 +0100] "GET /pma/scripts/setup.php HTTP/1.1" 404 326 "-" "-"
190.12.179.250 - - [01/Mar/2016:13:04:47 +0100] "GET /myadmin/scripts/setup.php HTTP/1.1" 404 330 "-" "-"
54.229.27.70 - - [01/Mar/2016:13:06:51 +0100] "GET / HTTP/1.1" 200 1229 "-" "Mozilla/4.0 (compatible; MSIE 6.0; Windows NT 5.1; SV1; InfoPath.2)"
115.231.222.14 - - [01/Mar/2016:13:09:17 +0100] "GET http://zc.qq.com/cgi-bin/common/attr?id=260714&r=0.9174870980637362 HTTP/1.1" 404 320 "-" "Mozilla/5.0 (compatible; MSIE 9.0; Windows NT 6.1; Trident/5.0; 360SE)"
115.231.222.14 - - [01/Mar/2016:13:09:17 +0100] "GET http://zc.qq.com/cgi-bin/common/attr?id=260714&r=0.9004527139823480 HTTP/1.1" 404 320 "-" "Mozilla/5.0 (compatible; MSIE 9.0; Windows NT 6.1; Trident/5.0; 360SE)"
115.231.222.14 - - [01/Mar/2016:13:09:19 +0100] "GET http://zc.qq.com/cgi-bin/common/attr?id=260714&r=0.8863914942848957 HTTP/1.1" 404 320 "-" "Mozilla/5.0 (compatible; MSIE 9.0; Windows NT 6.1; Trident/5.0; 360SE)"
111.248.101.1 - - [01/Mar/2016:13:21:44 +0100] "CONNECT vip163mx00.mxmail.netease.com:25 HTTP/1.0" 405 358 "-" "-"
169.229.3.91 - - [01/Mar/2016:13:25:36 +0100] "\xdbS2" 501 318 "-" "-"
94.102.48.193 - - [01/Mar/2016:13:29:12 +0100] "GET / HTTP/1.0" 200 1229 "-" "masscan/1.0 (https://github.com/robertdavidgraham/masscan)"
94.102.48.193 - - [01/Mar/2016:13:34:05 +0100] "GET / HTTP/1.0" 200 1229 "-" "masscan/1.0 (https://github.com/robertdavidgraham/masscan)"
111.248.116.135 - - [01/Mar/2016:13:35:45 +0100] "CONNECT 163mx03.mxmail.netease.com:25 HTTP/1.0" 405 355 "-" "-"
169.229.3.91 - - [01/Mar/2016:13:38:05 +0100] "\b\x05\x0e\xbf\x81\xfds\x8d\xab}a\xd1\xf7\xfa\xf1@b*\xcd\xb0\\\xec\x1b<8\xb2\x98I\x8ez\x7fP" 501 350 "-" "-"
94.102.48.193 - - [01/Mar/2016:13:38:37 +0100] "GET / HTTP/1.0" 200 1229 "-" "masscan/1.0 (https://github.com/robertdavidgraham/masscan)"
23.20.158.200 - - [01/Mar/2016:13:43:09 +0100] "GET / HTTP/1.1" 200 1229 "-" "Mozilla/4.0 (compatible; MSIE 6.0; Windows NT 5.1; SV1; InfoPath.2)"
66.249.78.196 - - [01/Mar/2016:13:55:09 +0100] "GET /robots.txt HTTP/1.1" 404 328 "-" "Mozilla/5.0 (compatible; Googlebot/2.1; +http://www.google.com/bot.html)"
66.249.78.210 - - [01/Mar/2016:13:55:09 +0100] "GET / HTTP/1.1" 200 1229 "-" "Mozilla/5.0 (compatible; Googlebot/2.1; +http://www.google.com/bot.html)"
94.102.48.193 - - [01/Mar/2016:14:02:57 +0100] "GET / HTTP/1.0" 200 1229 "-" "masscan/1.0 (https://github.com/robertdavidgraham/masscan)"
94.102.48.193 - - [01/Mar/2016:14:04:49 +0100] "GET / HTTP/1.0" 200 1229 "-" "masscan/1.0 (https://github.com/robertdavidgraham/masscan)"
54.183.233.140 - - [01/Mar/2016:14:05:17 +0100] "GET / HTTP/1.1" 200 1229 "-" "Mozilla/4.0 (compatible; MSIE 6.0; Windows NT 5.1; SV1; InfoPath.2)"
94.102.48.193 - - [01/Mar/2016:14:08:53 +0100] "GET / HTTP/1.0" 200 1229 "-" "masscan/1.0 (https://github.com/robertdavidgraham/masscan)"
94.102.48.193 - - [01/Mar/2016:14:12:01 +0100] "GET / HTTP/1.0" 200 1229 "-" "masscan/1.0 (https://github.com/robertdavidgraham/masscan)"
94.102.48.193 - - [01/Mar/2016:14:17:01 +0100] "GET / HTTP/1.0" 200 1229 "-" "masscan/1.0 (https://github.com/robertdavidgraham/masscan)"
54.246.133.173 - - [01/Mar/2016:14:45:05 +0100] "GET / HTTP/1.1" 200 1229 "-" "Mozilla/4.0 (compatible; MSIE 6.0; Windows NT 5.1; SV1; InfoPath.2)"
115.231.222.14 - - [01/Mar/2016:15:21:22 +0100] "GET http://zc.qq.com/cgi-bin/common/attr?id=260714&r=0.4099906634332665 HTTP/1.1" 404 320 "-" "Mozilla/5.0 (compatible; MSIE 9.0; Windows NT 6.1; Trident/5.0; 360SE)"
115.231.222.14 - - [01/Mar/2016:15:21:22 +0100] "GET http://zc.qq.com/cgi-bin/common/attr?id=260714&r=0.4475704841886751 HTTP/1.1" 404 320 "-" "Mozilla/5.0 (compatible; MSIE 9.0; Windows NT 6.1; Trident/5.0; 360SE)"
115.231.222.14 - - [01/Mar/2016:15:21:22 +0100] "GET http://zc.qq.com/cgi-bin/common/attr?id=260714&r=0.4593425267679335 HTTP/1.1" 404 320 "-" "Mozilla/5.0 (compatible; MSIE 9.0; Windows NT 6.1; Trident/5.0; 360SE)"
115.231.222.14 - - [01/Mar/2016:15:21:22 +0100] "GET http://zc.qq.com/cgi-bin/common/attr?id=260714&r=0.8039782248045340 HTTP/1.1" 404 320 "-" "Mozilla/5.0 (compatible; MSIE 9.0; Windows NT 6.1; Trident/5.0; 360SE)"
115.231.222.14 - - [01/Mar/2016:15:21:22 +0100] "GET http://zc.qq.com/cgi-bin/common/attr?id=260714&r=0.7892985770786861 HTTP/1.1" 404 320 "-" "Mozilla/5.0 (compatible; MSIE 9.0; Windows NT 6.1; Trident/5.0; 360SE)"
54.183.233.140 - - [01/Mar/2016:15:46:47 +0100] "GET / HTTP/1.1" 200 1229 "-" "Mozilla/4.0 (compatible; MSIE 6.0; Windows NT 5.1; SV1; InfoPath.2)"
54.229.210.172 - - [01/Mar/2016:15:52:30 +0100] "GET / HTTP/1.1" 200 1229 "-" "Mozilla/4.0 (compatible; MSIE 6.0; Windows NT 5.1; SV1; InfoPath.2)"
169.229.3.91 - - [01/Mar/2016:16:07:13 +0100] "V\x8e\xe6\x11\xe8\xbfejP\xd7\xe70\xa9q\x19\xeeQ\xac\x8be\xa6\x90-\xdb\xef_\xfc\xab\xc9\xe6\xe1\xea\x1c\xcd#\xac \xcc\xa0\xe8\x062" 400 329 "-" "-"
185.25.148.240 - - [01/Mar/2016:16:35:28 +0100] "GET http://testp5.mielno.lubin.pl/testproxy.php HTTP/1.1" 404 327 "-" "Mozilla/5.0 (Windows NT 5.1; rv:32.0) Gecko/20100101 Firefox/31.0"
185.25.148.240 - - [01/Mar/2016:16:37:12 +0100] "GET http://testp5.mielno.lubin.pl/testproxy.php HTTP/1.1" 404 327 "-" "Mozilla/5.0 (Windows NT 5.1; rv:32.0) Gecko/20100101 Firefox/31.0"
185.25.151.159 - - [01/Mar/2016:16:41:55 +0100] "GET http://testp5.mielno.lubin.pl/testproxy.php HTTP/1.1" 404 327 "-" "Mozilla/5.0 (Windows NT 5.1; rv:32.0) Gecko/20100101 Firefox/31.0"
185.25.151.159 - - [01/Mar/2016:16:43:04 +0100] "GET http://testp5.mielno.lubin.pl/testproxy.php HTTP/1.1" 404 327 "-" "Mozilla/5.0 (Windows NT 5.1; rv:32.0) Gecko/20100101 Firefox/31.0"
185.25.151.159 - - [01/Mar/2016:16:43:19 +0100] "GET http://testp3.pospr.waw.pl/testproxy.php HTTP/1.1" 404 324 "-" "Mozilla/5.0 (Windows NT 5.1; rv:32.0) Gecko/20100101 Firefox/31.0"
185.25.151.159 - - [01/Mar/2016:16:43:25 +0100] "GET http://testp5.mielno.lubin.pl/testproxy.php HTTP/1.1" 404 327 "-" "Mozilla/5.0 (Windows NT 5.1; rv:32.0) Gecko/20100101 Firefox/31.0"
185.25.151.159 - - [01/Mar/2016:16:44:10 +0100] "GET http://testp3.pospr.waw.pl/testproxy.php HTTP/1.1" 404 324 "-" "Mozilla/5.0 (Windows NT 5.1; rv:32.0) Gecko/20100101 Firefox/31.0"
185.25.151.159 - - [01/Mar/2016:16:44:50 +0100] "GET http://testp2.czar.bielawa.pl/testproxy.php HTTP/1.1" 404 327 "-" "Mozilla/5.0 (Windows NT 5.1; rv:32.0) Gecko/20100101 Firefox/31.0"
94.185.83.100 - - [01/Mar/2016:17:25:58 +0100] "GET http://testp1.piwo.pila.pl/testproxy.php HTTP/1.1" 404 324 "-" "Mozilla/5.0 (Windows NT 5.1; rv:32.0) Gecko/20100101 Firefox/31.0"
159.122.255.247 - - [01/Mar/2016:17:32:57 +0100] "GET /muieblackcat HTTP/1.1" 404 317 "-" "-"
159.122.255.247 - - [01/Mar/2016:17:33:03 +0100] "GET //phpMyAdmin/scripts/setup.php HTTP/1.1" 404 333 "-" "-"
159.122.255.247 - - [01/Mar/2016:17:33:03 +0100] "GET //phpmyadmin/scripts/setup.php HTTP/1.1" 404 333 "-" "-"
159.122.255.247 - - [01/Mar/2016:17:33:03 +0100] "GET //pma/scripts/setup.php HTTP/1.1" 404 326 "-" "-"
159.122.255.247 - - [01/Mar/2016:17:33:03 +0100] "GET //myadmin/scripts/setup.php HTTP/1.1" 404 330 "-" "-"
159.122.255.247 - - [01/Mar/2016:17:33:03 +0100] "GET //MyAdmin/scripts/setup.php HTTP/1.1" 404 330 "-" "-"
94.185.83.100 - - [01/Mar/2016:17:33:13 +0100] "GET http://testp1.piwo.pila.pl/testproxy.php HTTP/1.1" 404 324 "-" "Mozilla/5.0 (Windows NT 5.1; rv:32.0) Gecko/20100101 Firefox/31.0"
115.231.222.14 - - [01/Mar/2016:17:34:20 +0100] "GET http://zc.qq.com/cgi-bin/common/attr?id=260714&r=0.3865523285097666 HTTP/1.1" 404 320 "-" "Mozilla/5.0 (compatible; MSIE 9.0; Windows NT 6.1; Trident/5.0; 360SE)"
115.231.222.14 - - [01/Mar/2016:17:34:20 +0100] "GET http://zc.qq.com/cgi-bin/common/attr?id=260714&r=0.0539811879061658 HTTP/1.1" 404 320 "-" "Mozilla/5.0 (compatible; MSIE 9.0; Windows NT 6.1; Trident/5.0; 360SE)"
115.231.222.14 - - [01/Mar/2016:17:34:23 +0100] "GET http://zc.qq.com/cgi-bin/common/attr?id=260714&r=0.1325592166205886 HTTP/1.1" 404 320 "-" "Mozilla/5.0 (compatible; MSIE 9.0; Windows NT 6.1; Trident/5.0; 360SE)"
188.138.1.218 - - [01/Mar/2016:17:37:20 +0100] "GET / HTTP/1.1" 200 1229 "-" "-"
188.138.1.218 - - [01/Mar/2016:17:37:20 +0100] "GET /robots.txt HTTP/1.1" 404 315 "-" "-"
188.138.1.218 - - [01/Mar/2016:17:37:21 +0100] "GET /sitemap.xml HTTP/1.1" 404 316 "-" "-"
66.240.236.119 - - [01/Mar/2016:18:11:01 +0100] "GET / HTTP/1.1" 200 1229 "-" "-"
66.240.236.119 - - [01/Mar/2016:18:11:01 +0100] "GET /robots.txt HTTP/1.1" 404 315 "-" "-"
66.240.236.119 - - [01/Mar/2016:18:11:01 +0100] "GET /sitemap.xml HTTP/1.1" 404 316 "-" "-"
218.75.134.4 - - [01/Mar/2016:20:21:27 +0100] "GET / HTTP/1.1" 200 1229 "-" "-"
218.75.134.4 - - [01/Mar/2016:20:21:27 +0100] "GET / HTTP/1.1" 200 1229 "-" "-"
218.75.134.4 - - [01/Mar/2016:20:21:27 +0100] "GET / HTTP/1.1" 200 1229 "-" "-"
218.75.134.4 - - [01/Mar/2016:20:21:27 +0100] "GET / HTTP/1.1" 200 1229 "-" "-"
218.75.134.4 - - [01/Mar/2016:20:21:27 +0100] "GET / HTTP/1.1" 200 1229 "-" "-"
218.75.134.4 - - [01/Mar/2016:20:21:27 +0100] "GET / HTTP/1.1" 200 1229 "-" "-"
218.75.134.4 - - [01/Mar/2016:20:21:27 +0100] "GET / HTTP/1.1" 200 1229 "-" "-"
218.75.134.4 - - [01/Mar/2016:20:21:27 +0100] "GET / HTTP/1.1" 200 1229 "-" "-"
218.75.134.4 - - [01/Mar/2016:20:21:27 +0100] "GET / HTTP/1.1" 200 1229 "-" "-"
218.75.134.4 - - [01/Mar/2016:20:21:28 +0100] "GET / HTTP/1.1" 200 1229 "-" "-"
47.88.103.153 - - [01/Mar/2016:20:40:04 +0100] "GET /bbs/delete_comment.php HTTP/1.1" 404 324 "-" "-"
47.88.103.153 - - [01/Mar/2016:21:03:48 +0100] "GET /bbs/delete_comment.php HTTP/1.1" 404 324 "-" "-"
115.231.222.14 - - [01/Mar/2016:21:57:21 +0100] "GET http://zc.qq.com/cgi-bin/common/attr?id=260714&r=0.7848966003182159 HTTP/1.1" 404 320 "-" "Mozilla/5.0 (compatible; MSIE 9.0; Windows NT 6.1; Trident/5.0; 360SE)"
115.231.222.14 - - [01/Mar/2016:21:57:22 +0100] "GET http://zc.qq.com/cgi-bin/common/attr?id=260714&r=0.1255000121723134 HTTP/1.1" 404 320 "-" "Mozilla/5.0 (compatible; MSIE 9.0; Windows NT 6.1; Trident/5.0; 360SE)"
115.231.222.14 - - [01/Mar/2016:21:57:24 +0100] "GET http://zc.qq.com/cgi-bin/common/attr?id=260714&r=0.8360761540268658 HTTP/1.1" 404 320 "-" "Mozilla/5.0 (compatible; MSIE 9.0; Windows NT 6.1; Trident/5.0; 360SE)"
157.55.39.53 - - [01/Mar/2016:22:07:13 +0100] "GET /robots.txt HTTP/1.1" 404 332 "-" "Mozilla/5.0 (compatible; bingbot/2.0; +http://www.bing.com/bingbot.htm)"
157.55.39.53 - - [01/Mar/2016:22:07:16 +0100] "GET / HTTP/1.1" 304 - "-" "Mozilla/5.0 (compatible; bingbot/2.0; +http://www.bing.com/bingbot.htm)"
36.229.232.143 - - [01/Mar/2016:22:27:45 +0100] "CONNECT vip163mx01.mxmail.netease.com:25 HTTP/1.0" 405 358 "-" "-"
213.251.184.38 - - [01/Mar/2016:22:30:45 +0100] "GET /robots.txt HTTP/1.0" 404 323 "-" "Mozilla/5.0 (compatible; MJ12bot/v1.4.5; http://www.majestic12.co.uk/bot.php?+)"
213.251.184.38 - - [01/Mar/2016:22:30:47 +0100] "GET / HTTP/1.0" 200 1229 "-" "Mozilla/5.0 (compatible; MJ12bot/v1.4.5; http://www.majestic12.co.uk/bot.php?+)"
94.102.48.193 - - [01/Mar/2016:22:47:44 +0100] "GET / HTTP/1.0" 200 1229 "-" "masscan/1.0 (https://github.com/robertdavidgraham/masscan)"
194.153.113.13 - - [01/Mar/2016:22:55:25 +0100] "GET /robots.txt HTTP/1.1" 404 315 "-" "Mozilla/5.0 (compatible; oBot/2.3.1; http://filterdb.iss.net/crawler/)"
194.153.113.13 - - [01/Mar/2016:22:55:25 +0100] "HEAD / HTTP/1.1" 200 - "-" "Mozilla/5.0 (compatible; oBot/2.3.1; http://filterdb.iss.net/crawler/)"
194.153.113.35 - - [01/Mar/2016:22:55:49 +0100] "GET /robots.txt HTTP/1.1" 404 315 "-" "Mozilla/5.0 (compatible; oBot/2.3.1; http://filterdb.iss.net/crawler/)"
194.153.113.35 - - [01/Mar/2016:22:55:49 +0100] "HEAD / HTTP/1.1" 200 - "-" "Mozilla/5.0 (compatible; oBot/2.3.1; http://filterdb.iss.net/crawler/)"
66.249.69.251 - - [01/Mar/2016:23:03:01 +0100] "GET /robots.txt HTTP/1.1" 404 323 "-" "Mozilla/5.0 (compatible; Googlebot/2.1; +http://www.google.com/bot.html)"
66.249.69.241 - - [01/Mar/2016:23:03:01 +0100] "GET /impressum.html HTTP/1.1" 404 327 "-" "Mozilla/5.0 (compatible; Googlebot/2.1; +http://www.google.com/bot.html)"
66.249.75.220 - - [01/Mar/2016:23:15:21 +0100] "GET /robots.txt HTTP/1.1" 404 318 "-" "Mozilla/5.0 (compatible; Googlebot/2.1; +http://www.google.com/bot.html)"
66.249.75.220 - - [01/Mar/2016:23:15:21 +0100] "GET /livezilla/livezilla.php?template=lz_chat_frame.0.1 HTTP/1.1" 404 331 "-" "Mozilla/5.0 (compatible; Googlebot/2.1; +http://www.google.com/bot.html)"
47.88.103.153 - - [01/Mar/2016:23:32:31 +0100] "GET /bbs/delete_comment.php HTTP/1.1" 404 324 "-" "-"
185.103.252.19 - - [01/Mar/2016:23:33:47 +0100] "GET / HTTP/1.1" 400 329 "-" "-"
47.88.103.153 - - [01/Mar/2016:23:35:11 +0100] "GET /bbs/delete_comment.php HTTP/1.1" 404 324 "-" "-"
37.142.68.130 - - [01/Mar/2016:23:47:17 +0100] "GET / HTTP/1.0" 200 1229 "-" "masscan/1.0 (https://github.com/robertdavidgraham/masscan)"
37.142.68.130 - - [01/Mar/2016:23:47:40 +0100] "GET / HTTP/1.0" 200 1229 "-" "masscan/1.0 (https://github.com/robertdavidgraham/masscan)"
37.142.68.130 - - [01/Mar/2016:23:47:49 +0100] "GET / HTTP/1.0" 200 1229 "-" "masscan/1.0 (https://github.com/robertdavidgraham/masscan)"
37.142.68.130 - - [01/Mar/2016:23:47:50 +0100] "GET / HTTP/1.0" 200 1229 "-" "masscan/1.0 (https://github.com/robertdavidgraham/masscan)"
37.142.68.130 - - [01/Mar/2016:23:47:51 +0100] "GET / HTTP/1.0" 200 1229 "-" "masscan/1.0 (https://github.com/robertdavidgraham/masscan)"
37.142.68.130 - - [01/Mar/2016:23:47:56 +0100] "GET / HTTP/1.0" 200 1229 "-" "masscan/1.0 (https://github.com/robertdavidgraham/masscan)"
37.142.68.130 - - [01/Mar/2016:23:48:13 +0100] "GET / HTTP/1.0" 200 1229 "-" "masscan/1.0 (https://github.com/robertdavidgraham/masscan)"
37.142.68.130 - - [01/Mar/2016:23:48:19 +0100] "GET / HTTP/1.0" 200 1229 "-" "masscan/1.0 (https://github.com/robertdavidgraham/masscan)"
37.142.68.130 - - [01/Mar/2016:23:48:20 +0100] "GET / HTTP/1.0" 200 1229 "-" "masscan/1.0 (https://github.com/robertdavidgraham/masscan)"
37.142.68.130 - - [01/Mar/2016:23:48:23 +0100] "GET / HTTP/1.0" 200 1229 "-" "masscan/1.0 (https://github.com/robertdavidgraham/masscan)"
115.231.222.14 - - [02/Mar/2016:00:09:13 +0100] "GET http://zc.qq.com/cgi-bin/common/attr?id=260714&r=0.2508916393703011 HTTP/1.1" 404 320 "-" "Mozilla/5.0 (compatible; MSIE 9.0; Windows NT 6.1; Trident/5.0; 360SE)"
115.231.222.14 - - [02/Mar/2016:00:09:13 +0100] "GET http://zc.qq.com/cgi-bin/common/attr?id=260714&r=0.8157414147473822 HTTP/1.1" 404 320 "-" "Mozilla/5.0 (compatible; MSIE 9.0; Windows NT 6.1; Trident/5.0; 360SE)"
115.231.222.14 - - [02/Mar/2016:00:09:14 +0100] "GET http://zc.qq.com/cgi-bin/common/attr?id=260714&r=0.0968626676564045 HTTP/1.1" 404 320 "-" "Mozilla/5.0 (compatible; MSIE 9.0; Windows NT 6.1; Trident/5.0; 360SE)"
115.231.222.14 - - [02/Mar/2016:00:09:15 +0100] "GET http://zc.qq.com/cgi-bin/common/attr?id=260714&r=0.4696905235179538 HTTP/1.1" 404 320 "-" "Mozilla/5.0 (compatible; MSIE 9.0; Windows NT 6.1; Trident/5.0; 360SE)"
61.231.0.165 - - [02/Mar/2016:00:40:24 +0100] "CONNECT vip163mx00.mxmail.netease.com:25 HTTP/1.0" 405 358 "-" "-"
121.42.140.239 - - [02/Mar/2016:02:04:23 +0100] "GET /phpMyAdmin/scripts/setup.php HTTP/1.1" 404 333 "-" "-"
121.42.140.239 - - [02/Mar/2016:02:04:43 +0100] "GET /pma/scripts/setup.php HTTP/1.1" 404 326 "-" "-"
121.42.140.239 - - [02/Mar/2016:02:05:03 +0100] "GET /myadmin/scripts/setup.php HTTP/1.1" 404 330 "-" "-"
40.76.83.120 - - [02/Mar/2016:02:19:04 +0100] "GET / HTTP/1.1" 200 1229 "-" "Python-urllib/3.4"
40.76.83.120 - - [02/Mar/2016:02:19:07 +0100] "GET / HTTP/1.1" 200 1229 "-" "Python-urllib/3.4"
40.76.83.120 - - [02/Mar/2016:02:19:09 +0100] "GET / HTTP/1.1" 200 1229 "-" "Python-urllib/3.4"
115.231.222.14 - - [02/Mar/2016:02:22:11 +0100] "GET http://zc.qq.com/cgi-bin/common/attr?id=260714&r=0.6471300638499025 HTTP/1.1" 404 320 "-" "Mozilla/5.0 (compatible; MSIE 9.0; Windows NT 6.1; Trident/5.0; 360SE)"
115.231.222.14 - - [02/Mar/2016:02:22:11 +0100] "GET http://zc.qq.com/cgi-bin/common/attr?id=260714&r=0.4456299310967903 HTTP/1.1" 404 320 "-" "Mozilla/5.0 (compatible; MSIE 9.0; Windows NT 6.1; Trident/5.0; 360SE)"
115.231.222.14 - - [02/Mar/2016:02:22:12 +0100] "GET http://zc.qq.com/cgi-bin/common/attr?id=260714&r=0.6620693036557747 HTTP/1.1" 404 320 "-" "Mozilla/5.0 (compatible; MSIE 9.0; Windows NT 6.1; Trident/5.0; 360SE)"
47.88.103.153 - - [02/Mar/2016:02:33:17 +0100] "GET /bbs/delete_comment.php HTTP/1.1" 404 324 "-" "-"
47.88.103.153 - - [02/Mar/2016:02:51:19 +0100] "GET /bbs/delete_comment.php HTTP/1.1" 404 324 "-" "-"
46.229.170.197 - - [02/Mar/2016:04:01:25 +0100] "GET / HTTP/1.1" 200 1229 "-" "Mozilla/5.0 (Windows NT 5.1; U; rv:5.0) Gecko/20100101 Firefox/5.0"
218.55.21.53 - - [02/Mar/2016:04:22:37 +0100] "GET /manager/html HTTP/1.1" 404 317 "-" "Mozilla/5.0 (Windows NT 5.1; rv:5.0) Gecko/20100101 Firefox/5.0"
218.55.21.53 - - [02/Mar/2016:04:22:39 +0100] "GET /manager/html HTTP/1.1" 404 317 "-" "Mozilla/5.0 (Windows NT 5.1; rv:5.0) Gecko/20100101 Firefox/5.0"
218.55.21.53 - - [02/Mar/2016:04:22:40 +0100] "GET /manager/html HTTP/1.1" 404 317 "-" "Mozilla/5.0 (Windows NT 5.1; rv:5.0) Gecko/20100101 Firefox/5.0"
218.55.21.53 - - [02/Mar/2016:04:22:42 +0100] "GET /manager/html HTTP/1.1" 404 317 "-" "Mozilla/5.0 (Windows NT 5.1; rv:5.0) Gecko/20100101 Firefox/5.0"
218.55.21.53 - - [02/Mar/2016:04:22:44 +0100] "GET /manager/html HTTP/1.1" 404 317 "-" "Mozilla/5.0 (Windows NT 5.1; rv:5.0) Gecko/20100101 Firefox/5.0"
218.55.21.53 - - [02/Mar/2016:04:22:45 +0100] "GET /manager/html HTTP/1.1" 404 317 "-" "Mozilla/5.0 (Windows NT 5.1; rv:5.0) Gecko/20100101 Firefox/5.0"
218.55.21.53 - - [02/Mar/2016:04:22:47 +0100] "GET /manager/html HTTP/1.1" 404 317 "-" "Mozilla/5.0 (Windows NT 5.1; rv:5.0) Gecko/20100101 Firefox/5.0"
218.55.21.53 - - [02/Mar/2016:04:22:48 +0100] "GET /manager/html HTTP/1.1" 404 317 "-" "Mozilla/5.0 (Windows NT 5.1; rv:5.0) Gecko/20100101 Firefox/5.0"
218.55.21.53 - - [02/Mar/2016:04:22:50 +0100] "GET /manager/html HTTP/1.1" 404 317 "-" "Mozilla/5.0 (Windows NT 5.1; rv:5.0) Gecko/20100101 Firefox/5.0"
218.55.21.53 - - [02/Mar/2016:04:22:52 +0100] "GET /manager/html HTTP/1.1" 404 317 "-" "Mozilla/5.0 (Windows NT 5.1; rv:5.0) Gecko/20100101 Firefox/5.0"
115.231.222.14 - - [02/Mar/2016:04:34:04 +0100] "GET http://zc.qq.com/cgi-bin/common/attr?id=260714&r=0.8473234715201631 HTTP/1.1" 404 320 "-" "Mozilla/5.0 (compatible; MSIE 9.0; Windows NT 6.1; Trident/5.0; 360SE)"
115.231.222.14 - - [02/Mar/2016:04:34:04 +0100] "GET http://zc.qq.com/cgi-bin/common/attr?id=260714&r=0.1424591733664468 HTTP/1.1" 404 320 "-" "Mozilla/5.0 (compatible; MSIE 9.0; Windows NT 6.1; Trident/5.0; 360SE)"
115.231.222.14 - - [02/Mar/2016:04:34:04 +0100] "GET http://zc.qq.com/cgi-bin/common/attr?id=260714&r=0.5869653269488091 HTTP/1.1" 404 320 "-" "Mozilla/5.0 (compatible; MSIE 9.0; Windows NT 6.1; Trident/5.0; 360SE)"
89.68.183.63 - - [02/Mar/2016:04:38:17 +0100] "GET / HTTP/1.0" 200 1229 "-" "masscan/1.0 (https://github.com/robertdavidgraham/masscan)"
89.68.183.63 - - [02/Mar/2016:04:46:27 +0100] "GET / HTTP/1.0" 200 1229 "-" "masscan/1.0 (https://github.com/robertdavidgraham/masscan)"
89.68.183.63 - - [02/Mar/2016:04:50:00 +0100] "GET / HTTP/1.0" 200 1229 "-" "masscan/1.0 (https://github.com/robertdavidgraham/masscan)"
89.68.183.63 - - [02/Mar/2016:04:52:44 +0100] "GET / HTTP/1.0" 200 1229 "-" "masscan/1.0 (https://github.com/robertdavidgraham/masscan)"
89.68.183.63 - - [02/Mar/2016:04:53:47 +0100] "GET / HTTP/1.0" 200 1229 "-" "masscan/1.0 (https://github.com/robertdavidgraham/masscan)"
89.68.183.63 - - [02/Mar/2016:04:55:14 +0100] "GET / HTTP/1.0" 200 1229 "-" "masscan/1.0 (https://github.com/robertdavidgraham/masscan)"
89.68.183.63 - - [02/Mar/2016:05:03:44 +0100] "GET / HTTP/1.0" 200 1229 "-" "masscan/1.0 (https://github.com/robertdavidgraham/masscan)"
54.213.177.200 - - [02/Mar/2016:06:23:15 +0100] "\x02" 501 316 "-" "-"
111.248.63.217 - - [02/Mar/2016:06:35:23 +0100] "CONNECT vip163mx01.mxmail.netease.com:25 HTTP/1.0" 405 358 "-" "-"
115.231.222.14 - - [02/Mar/2016:06:45:50 +0100] "GET http://zc.qq.com/cgi-bin/common/attr?id=260714&r=0.3107045393595006 HTTP/1.1" 404 320 "-" "Mozilla/5.0 (compatible; MSIE 9.0; Windows NT 6.1; Trident/5.0; 360SE)"
115.231.222.14 - - [02/Mar/2016:08:58:34 +0100] "GET http://zc.qq.com/cgi-bin/common/attr?id=260714&r=0.4755212325452723 HTTP/1.1" 404 320 "-" "Mozilla/5.0 (compatible; MSIE 9.0; Windows NT 6.1; Trident/5.0; 360SE)"
115.231.222.14 - - [02/Mar/2016:08:58:34 +0100] "GET http://zc.qq.com/cgi-bin/common/attr?id=260714&r=0.6797355888369249 HTTP/1.1" 404 320 "-" "Mozilla/5.0 (compatible; MSIE 9.0; Windows NT 6.1; Trident/5.0; 360SE)"
115.231.222.14 - - [02/Mar/2016:08:58:34 +0100] "GET http://zc.qq.com/cgi-bin/common/attr?id=260714&r=0.0124006311118405 HTTP/1.1" 404 320 "-" "Mozilla/5.0 (compatible; MSIE 9.0; Windows NT 6.1; Trident/5.0; 360SE)"
115.231.222.14 - - [02/Mar/2016:08:58:34 +0100] "GET http://zc.qq.com/cgi-bin/common/attr?id=260714&r=0.1903902339545638 HTTP/1.1" 404 320 "-" "Mozilla/5.0 (compatible; MSIE 9.0; Windows NT 6.1; Trident/5.0; 360SE)"
115.231.222.14 - - [02/Mar/2016:08:58:34 +0100] "GET http://zc.qq.com/cgi-bin/common/attr?id=260714&r=0.5549813771192120 HTTP/1.1" 404 320 "-" "Mozilla/5.0 (compatible; MSIE 9.0; Windows NT 6.1; Trident/5.0; 360SE)"
115.231.222.14 - - [02/Mar/2016:08:58:35 +0100] "GET http://zc.qq.com/cgi-bin/common/attr?id=260714&r=0.7980314247081874 HTTP/1.1" 404 320 "-" "Mozilla/5.0 (compatible; MSIE 9.0; Windows NT 6.1; Trident/5.0; 360SE)"
115.231.222.14 - - [02/Mar/2016:08:58:35 +0100] "GET http://zc.qq.com/cgi-bin/common/attr?id=260714&r=0.9335354637385401 HTTP/1.1" 404 320 "-" "Mozilla/5.0 (compatible; MSIE 9.0; Windows NT 6.1; Trident/5.0; 360SE)"
220.178.252.141 - - [02/Mar/2016:09:02:53 +0100] "GET /manager/html HTTP/1.1" 404 317 "-" "Mozilla/3.0 (compatible; Indy Library)"
220.178.252.141 - - [02/Mar/2016:09:02:54 +0100] "GET /manager/html HTTP/1.1" 404 317 "-" "Mozilla/3.0 (compatible; Indy Library)"
220.178.252.141 - - [02/Mar/2016:09:02:56 +0100] "GET /manager/html HTTP/1.1" 404 317 "-" "Mozilla/3.0 (compatible; Indy Library)"
220.178.252.141 - - [02/Mar/2016:09:02:59 +0100] "GET /manager/html HTTP/1.1" 404 317 "-" "Mozilla/3.0 (compatible; Indy Library)"
220.178.252.141 - - [02/Mar/2016:09:02:59 +0100] "GET /manager/html HTTP/1.1" 404 317 "-" "Mozilla/3.0 (compatible; Indy Library)"
220.178.252.141 - - [02/Mar/2016:09:03:00 +0100] "GET /manager/html HTTP/1.1" 404 317 "-" "Mozilla/3.0 (compatible; Indy Library)"
220.178.252.141 - - [02/Mar/2016:09:03:02 +0100] "GET /manager/html HTTP/1.1" 404 317 "-" "Mozilla/3.0 (compatible; Indy Library)"
220.178.252.141 - - [02/Mar/2016:09:03:03 +0100] "GET /manager/html HTTP/1.1" 404 317 "-" "Mozilla/3.0 (compatible; Indy Library)"
220.178.252.141 - - [02/Mar/2016:09:03:07 +0100] "GET /manager/html HTTP/1.1" 404 317 "-" "Mozilla/3.0 (compatible; Indy Library)"
220.178.252.141 - - [02/Mar/2016:09:03:17 +0100] "GET /manager/html HTTP/1.1" 404 317 "-" "Mozilla/3.0 (compatible; Indy Library)"
169.229.3.91 - - [02/Mar/2016:09:54:09 +0100] "z\x9a\xca\xdd\x85e5\"4\x95\xbb\xf5\x14\xac\x8b\xf8\"\x1e\x0c\xd4\xa9\x17\xf7\xf0S|\x17c" 400 329 "-" "-"
111.248.102.75 - - [02/Mar/2016:10:31:19 +0100] "CONNECT vip163mx01.mxmail.netease.com:25 HTTP/1.0" 405 358 "-" "-"
137.226.113.7 - - [02/Mar/2016:10:35:20 +0100] "GET / HTTP/1.0" 200 1229 "-" "Mozilla/5.0 (Macintosh; Intel Mac OS X 10_11_1) AppleWebKit/537.36 (KHTML, like Gecko) Chrome/46.0.2490.86 Safari/537.36 Scanning for research (researchscan.comsys.rwth-aachen.de)"
146.185.239.100 - - [02/Mar/2016:10:38:52 +0100] "GET http://24x7-allrequestsallowed.com/?PHPSESSID=aab45f4f00143SSQJ_W_EFBF%5C%40 HTTP/1.1" 200 1229 "-" "-"
5.39.89.157 - - [02/Mar/2016:11:36:41 +0100] "GET / HTTP/1.1" 200 1229 "-" "Mozilla/5.0 (Macintosh; Intel Mac OS X 10_6_8) AppleWebKit/536.11 (KHTML, like Gecko) Chrome/20.0.1132.57 Safari/536.11"
146.185.239.100 - - [02/Mar/2016:12:18:53 +0100] "GET http://24x7-allrequestsallowed.com/?PHPSESSID=aab45f4f00143SSQJ_W_EFBF%5CD HTTP/1.1" 200 1229 "-" "-"
40.77.99.108 - - [02/Mar/2016:12:35:28 +0100] "GET /w00tw00t.at.blackhats.romanian.anti-sec:) HTTP/1.1" 404 346 "-" "ZmEu"
40.77.99.108 - - [02/Mar/2016:12:35:28 +0100] "GET /w00tw00t.at.blackhats.romanian.anti-sec:) HTTP/1.1" 404 346 "-" "ZmEu"
40.77.99.108 - - [02/Mar/2016:12:35:28 +0100] "GET /w00tw00t.at.blackhats.romanian.anti-sec:) HTTP/1.1" 404 346 "-" "ZmEu"
40.77.99.108 - - [02/Mar/2016:12:35:28 +0100] "GET /w00tw00t.at.blackhats.romanian.anti-sec:) HTTP/1.1" 404 346 "-" "ZmEu"
40.77.99.108 - - [02/Mar/2016:12:35:28 +0100] "GET /w00tw00t.at.blackhats.romanian.anti-sec:) HTTP/1.1" 404 346 "-" "ZmEu"
40.77.99.108 - - [02/Mar/2016:12:35:28 +0100] "GET /w00tw00t.at.blackhats.romanian.anti-sec:) HTTP/1.1" 404 346 "-" "ZmEu"
40.77.99.108 - - [02/Mar/2016:12:35:28 +0100] "GET /w00tw00t.at.blackhats.romanian.anti-sec:) HTTP/1.1" 404 346 "-" "ZmEu"
40.77.99.108 - - [02/Mar/2016:12:35:29 +0100] "GET /phpMyAdmin/scripts/setup.php HTTP/1.1" 404 333 "-" "ZmEu"
40.77.99.108 - - [02/Mar/2016:12:35:29 +0100] "GET /phpMyAdmin/scripts/setup.php HTTP/1.1" 404 333 "-" "ZmEu"
40.77.99.108 - - [02/Mar/2016:12:35:29 +0100] "GET /w00tw00t.at.blackhats.romanian.anti-sec:) HTTP/1.1" 404 346 "-" "ZmEu"
40.77.99.108 - - [02/Mar/2016:12:35:29 +0100] "GET /w00tw00t.at.blackhats.romanian.anti-sec:) HTTP/1.1" 404 346 "-" "ZmEu"
40.77.99.108 - - [02/Mar/2016:12:35:30 +0100] "GET /phpMyAdmin/scripts/setup.php HTTP/1.1" 404 333 "-" "ZmEu"
40.77.99.108 - - [02/Mar/2016:12:35:30 +0100] "GET /phpMyAdmin/scripts/setup.php HTTP/1.1" 404 333 "-" "ZmEu"
40.77.99.108 - - [02/Mar/2016:12:35:30 +0100] "GET /phpMyAdmin/scripts/setup.php HTTP/1.1" 404 333 "-" "ZmEu"
40.77.99.108 - - [02/Mar/2016:12:35:30 +0100] "GET /w00tw00t.at.blackhats.romanian.anti-sec:) HTTP/1.1" 404 346 "-" "ZmEu"
40.77.99.108 - - [02/Mar/2016:12:35:30 +0100] "GET /phpMyAdmin/scripts/setup.php HTTP/1.1" 404 333 "-" "ZmEu"
40.77.99.108 - - [02/Mar/2016:12:35:30 +0100] "GET /phpmyadmin/scripts/setup.php HTTP/1.1" 404 333 "-" "ZmEu"
40.77.99.108 - - [02/Mar/2016:12:35:30 +0100] "GET /phpmyadmin/scripts/setup.php HTTP/1.1" 404 333 "-" "ZmEu"
40.77.99.108 - - [02/Mar/2016:12:35:30 +0100] "GET /phpMyAdmin/scripts/setup.php HTTP/1.1" 404 333 "-" "ZmEu"
40.77.99.108 - - [02/Mar/2016:12:35:30 +0100] "GET /phpMyAdmin/scripts/setup.php HTTP/1.1" 404 333 "-" "ZmEu"
40.77.99.108 - - [02/Mar/2016:12:35:31 +0100] "GET /phpMyAdmin/scripts/setup.php HTTP/1.1" 404 333 "-" "ZmEu"
40.77.99.108 - - [02/Mar/2016:12:35:31 +0100] "GET /phpmyadmin/scripts/setup.php HTTP/1.1" 404 333 "-" "ZmEu"
40.77.99.108 - - [02/Mar/2016:12:35:31 +0100] "GET /phpmyadmin/scripts/setup.php HTTP/1.1" 404 333 "-" "ZmEu"
40.77.99.108 - - [02/Mar/2016:12:35:31 +0100] "GET /phpMyAdmin/scripts/setup.php HTTP/1.1" 404 333 "-" "ZmEu"
40.77.99.108 - - [02/Mar/2016:12:35:31 +0100] "GET /phpmyadmin/scripts/setup.php HTTP/1.1" 404 333 "-" "ZmEu"
40.77.99.108 - - [02/Mar/2016:12:35:31 +0100] "GET /pma/scripts/setup.php HTTP/1.1" 404 326 "-" "ZmEu"
40.77.99.108 - - [02/Mar/2016:12:35:31 +0100] "GET /phpmyadmin/scripts/setup.php HTTP/1.1" 404 333 "-" "ZmEu"
40.77.99.108 - - [02/Mar/2016:12:35:31 +0100] "GET /pma/scripts/setup.php HTTP/1.1" 404 326 "-" "ZmEu"
40.77.99.108 - - [02/Mar/2016:12:35:32 +0100] "GET /phpmyadmin/scripts/setup.php HTTP/1.1" 404 333 "-" "ZmEu"
40.77.99.108 - - [02/Mar/2016:12:35:32 +0100] "GET /pma/scripts/setup.php HTTP/1.1" 404 326 "-" "ZmEu"
40.77.99.108 - - [02/Mar/2016:12:35:32 +0100] "GET /pma/scripts/setup.php HTTP/1.1" 404 326 "-" "ZmEu"
40.77.99.108 - - [02/Mar/2016:12:35:32 +0100] "GET /phpmyadmin/scripts/setup.php HTTP/1.1" 404 333 "-" "ZmEu"
40.77.99.108 - - [02/Mar/2016:12:35:32 +0100] "GET /phpmyadmin/scripts/setup.php HTTP/1.1" 404 333 "-" "ZmEu"
40.77.99.108 - - [02/Mar/2016:12:35:32 +0100] "GET /phpmyadmin/scripts/setup.php HTTP/1.1" 404 333 "-" "ZmEu"
40.77.99.108 - - [02/Mar/2016:12:35:32 +0100] "GET /pma/scripts/setup.php HTTP/1.1" 404 326 "-" "ZmEu"
40.77.99.108 - - [02/Mar/2016:12:35:32 +0100] "GET /myadmin/scripts/setup.php HTTP/1.1" 404 330 "-" "ZmEu"
40.77.99.108 - - [02/Mar/2016:12:35:32 +0100] "GET /myadmin/scripts/setup.php HTTP/1.1" 404 330 "-" "ZmEu"
40.77.99.108 - - [02/Mar/2016:12:35:32 +0100] "GET /pma/scripts/setup.php HTTP/1.1" 404 326 "-" "ZmEu"
40.77.99.108 - - [02/Mar/2016:12:35:32 +0100] "GET /pma/scripts/setup.php HTTP/1.1" 404 326 "-" "ZmEu"
40.77.99.108 - - [02/Mar/2016:12:35:32 +0100] "GET /pma/scripts/setup.php HTTP/1.1" 404 326 "-" "ZmEu"
40.77.99.108 - - [02/Mar/2016:12:35:32 +0100] "GET /pma/scripts/setup.php HTTP/1.1" 404 326 "-" "ZmEu"
40.77.99.108 - - [02/Mar/2016:12:35:32 +0100] "GET /myadmin/scripts/setup.php HTTP/1.1" 404 330 "-" "ZmEu"
40.77.99.108 - - [02/Mar/2016:12:35:32 +0100] "GET /myadmin/scripts/setup.php HTTP/1.1" 404 330 "-" "ZmEu"
40.77.99.108 - - [02/Mar/2016:12:35:32 +0100] "GET /myadmin/scripts/setup.php HTTP/1.1" 404 330 "-" "ZmEu"
40.77.99.108 - - [02/Mar/2016:12:35:32 +0100] "GET /myadmin/scripts/setup.php HTTP/1.1" 404 330 "-" "ZmEu"
40.77.99.108 - - [02/Mar/2016:12:35:33 +0100] "GET /MyAdmin/scripts/setup.php HTTP/1.1" 404 330 "-" "ZmEu"
40.77.99.108 - - [02/Mar/2016:12:35:33 +0100] "GET /MyAdmin/scripts/setup.php HTTP/1.1" 404 330 "-" "ZmEu"
40.77.99.108 - - [02/Mar/2016:12:35:33 +0100] "GET /pma/scripts/setup.php HTTP/1.1" 404 326 "-" "ZmEu"
40.77.99.108 - - [02/Mar/2016:12:35:33 +0100] "GET /myadmin/scripts/setup.php HTTP/1.1" 404 330 "-" "ZmEu"
40.77.99.108 - - [02/Mar/2016:12:35:33 +0100] "GET /myadmin/scripts/setup.php HTTP/1.1" 404 330 "-" "ZmEu"
40.77.99.108 - - [02/Mar/2016:12:35:33 +0100] "GET /myadmin/scripts/setup.php HTTP/1.1" 404 330 "-" "ZmEu"
40.77.99.108 - - [02/Mar/2016:12:35:33 +0100] "GET /MyAdmin/scripts/setup.php HTTP/1.1" 404 330 "-" "ZmEu"
40.77.99.108 - - [02/Mar/2016:12:35:33 +0100] "GET /MyAdmin/scripts/setup.php HTTP/1.1" 404 330 "-" "ZmEu"
40.77.99.108 - - [02/Mar/2016:12:35:33 +0100] "GET /MyAdmin/scripts/setup.php HTTP/1.1" 404 330 "-" "ZmEu"
40.77.99.108 - - [02/Mar/2016:12:35:33 +0100] "GET /MyAdmin/scripts/setup.php HTTP/1.1" 404 330 "-" "ZmEu"
40.77.99.108 - - [02/Mar/2016:12:35:33 +0100] "GET /myadmin/scripts/setup.php HTTP/1.1" 404 330 "-" "ZmEu"
40.77.99.108 - - [02/Mar/2016:12:35:33 +0100] "GET /MyAdmin/scripts/setup.php HTTP/1.1" 404 330 "-" "ZmEu"
40.77.99.108 - - [02/Mar/2016:12:35:33 +0100] "GET /MyAdmin/scripts/setup.php HTTP/1.1" 404 330 "-" "ZmEu"
40.77.99.108 - - [02/Mar/2016:12:35:33 +0100] "GET /MyAdmin/scripts/setup.php HTTP/1.1" 404 330 "-" "ZmEu"
40.77.99.108 - - [02/Mar/2016:12:35:33 +0100] "GET /MyAdmin/scripts/setup.php HTTP/1.1" 404 330 "-" "ZmEu"
115.231.222.14 - - [02/Mar/2016:13:24:24 +0100] "GET http://zc.qq.com/cgi-bin/common/attr?id=260714&r=0.5254369937155662 HTTP/1.1" 404 320 "-" "Mozilla/5.0 (compatible; MSIE 9.0; Windows NT 6.1; Trident/5.0; 360SE)"
115.231.222.14 - - [02/Mar/2016:13:24:24 +0100] "GET http://zc.qq.com/cgi-bin/common/attr?id=260714&r=0.0078810963681889 HTTP/1.1" 404 320 "-" "Mozilla/5.0 (compatible; MSIE 9.0; Windows NT 6.1; Trident/5.0; 360SE)"
137.226.113.7 - - [02/Mar/2016:14:17:40 +0100] "GET / HTTP/1.0" 200 1229 "-" "Mozilla/5.0 (Macintosh; Intel Mac OS X 10_11_1) AppleWebKit/537.36 (KHTML, like Gecko) Chrome/46.0.2490.86 Safari/537.36 Scanning for research (researchscan.comsys.rwth-aachen.de)"
185.112.248.32 - - [02/Mar/2016:14:25:32 +0100] "GET / HTTP/1.1" 200 1229 "-" "Mozilla/4.0 (compatible; MSIE 8.0; Windows NT 6.1; Trident/4.0; SLCC2; .NET CLR 2.0.50727; .NET CLR 3.5.30729; .NET CLR 3.0.30729; Media Center PC 6.0; InfoPath.2; .NET4.0C; .NET4.0E)"
107.150.42.35 - - [02/Mar/2016:14:28:29 +0100] "GET / HTTP/1.1" 200 1229 "-" "Mozilla/4.0 (compatible; MSIE 8.0; Windows NT 6.1; Trident/4.0; SLCC2; .NET CLR 2.0.50727; .NET CLR 3.5.30729; .NET CLR 3.0.30729; Media Center PC 6.0)"
169.229.3.91 - - [02/Mar/2016:14:34:39 +0100] "lE.'\x93\xba\xd1\xd8\x8a\\N\xd8\xd5/\x1a}pil\xedN\xafI\x88s\xbf\x07U\xe0\x81,\xfcr\xa9" 501 349 "-" "-"
115.231.222.14 - - [02/Mar/2016:15:36:10 +0100] "GET http://zc.qq.com/cgi-bin/common/attr?id=260714&r=0.9482719294496852 HTTP/1.1" 404 320 "-" "Mozilla/5.0 (compatible; MSIE 9.0; Windows NT 6.1; Trident/5.0; 360SE)"
185.112.248.32 - - [02/Mar/2016:15:58:43 +0100] "GET / HTTP/1.1" 200 1229 "-" "Mozilla/4.0 (compatible; MSIE 8.0; Windows NT 6.1; Trident/4.0; SLCC2; .NET CLR 2.0.50727; .NET CLR 3.5.30729; .NET CLR 3.0.30729; Media Center PC 6.0; InfoPath.2; .NET4.0C; .NET4.0E)"
107.150.42.34 - - [02/Mar/2016:17:45:08 +0100] "GET / HTTP/1.1" 200 1229 "-" "Mozilla/4.0 (compatible; MSIE 8.0; Windows NT 6.1; Trident/4.0; SLCC2; .NET CLR 2.0.50727; .NET CLR 3.5.30729; .NET CLR 3.0.30729; Media Center PC 6.0)"
93.113.125.11 - - [02/Mar/2016:18:05:49 +0100] "GET / HTTP/1.0" 200 1229 "-" "\"nlpproject.info research\""
93.113.125.11 - - [02/Mar/2016:18:08:06 +0100] "GET / HTTP/1.0" 200 1229 "-" "\"nlpproject.info research\""
93.113.125.11 - - [02/Mar/2016:18:12:10 +0100] "GET / HTTP/1.0" 200 1229 "-" "\"nlpproject.info research\""
93.113.125.11 - - [02/Mar/2016:18:14:56 +0100] "GET / HTTP/1.0" 200 1229 "-" "\"nlpproject.info research\""
93.113.125.11 - - [02/Mar/2016:18:18:26 +0100] "GET / HTTP/1.0" 200 1229 "-" "\"nlpproject.info research\""
163.172.19.140 - - [02/Mar/2016:19:07:56 +0100] "GET /CFIDE/administrator/ HTTP/1.1" 404 325 "-" "-"
163.172.19.140 - - [02/Mar/2016:19:07:56 +0100] "GET /CFIDE/administrator/ HTTP/1.1" 404 325 "-" "-"
163.172.19.140 - - [02/Mar/2016:19:07:56 +0100] "GET /CFIDE/administrator/ HTTP/1.1" 404 325 "-" "-"
163.172.19.140 - - [02/Mar/2016:19:07:56 +0100] "GET /CFIDE/administrator/ HTTP/1.1" 404 325 "-" "-"
163.172.19.140 - - [02/Mar/2016:19:07:56 +0100] "GET /CFIDE/administrator/ HTTP/1.1" 404 325 "-" "-"
163.172.19.140 - - [02/Mar/2016:19:07:56 +0100] "GET /CFIDE/administrator/ HTTP/1.1" 404 325 "-" "-"
163.172.19.140 - - [02/Mar/2016:19:07:56 +0100] "GET /CFIDE/administrator/ HTTP/1.1" 404 325 "-" "-"
163.172.19.140 - - [02/Mar/2016:19:07:56 +0100] "GET /CFIDE/administrator/ HTTP/1.1" 404 325 "-" "-"
163.172.19.140 - - [02/Mar/2016:19:07:56 +0100] "GET /CFIDE/administrator/ HTTP/1.1" 404 325 "-" "-"
163.172.19.140 - - [02/Mar/2016:19:07:56 +0100] "GET /CFIDE/administrator/ HTTP/1.1" 404 325 "-" "-"
115.231.222.14 - - [02/Mar/2016:19:59:12 +0100] "GET http://zc.qq.com/cgi-bin/common/attr?id=260714&r=0.4055488285398628 HTTP/1.1" 404 320 "-" "Mozilla/5.0 (compatible; MSIE 9.0; Windows NT 6.1; Trident/5.0; 360SE)"
115.231.222.14 - - [02/Mar/2016:19:59:12 +0100] "GET http://zc.qq.com/cgi-bin/common/attr?id=260714&r=0.1778349700662501 HTTP/1.1" 404 320 "-" "Mozilla/5.0 (compatible; MSIE 9.0; Windows NT 6.1; Trident/5.0; 360SE)"
115.231.222.14 - - [02/Mar/2016:19:59:15 +0100] "GET http://zc.qq.com/cgi-bin/common/attr?id=260714&r=0.4610161097278815 HTTP/1.1" 404 320 "-" "Mozilla/5.0 (compatible; MSIE 9.0; Windows NT 6.1; Trident/5.0; 360SE)"
198.20.69.74 - - [02/Mar/2016:20:07:30 +0100] "GET / HTTP/1.1" 200 1229 "-" "-"
198.20.69.74 - - [02/Mar/2016:20:07:31 +0100] "GET /robots.txt HTTP/1.1" 404 315 "-" "-"
198.20.69.74 - - [02/Mar/2016:20:07:31 +0100] "GET /sitemap.xml HTTP/1.1" 404 316 "-" "-"
36.229.232.117 - - [02/Mar/2016:20:34:51 +0100] "CONNECT vip163mx01.mxmail.netease.com:25 HTTP/1.0" 405 358 "-" "-"
185.35.62.11 - - [02/Mar/2016:21:07:09 +0100] "GET / HTTP/1.1" 200 1229 "-" "Mozilla/5.0 zgrab/0.x"
185.35.62.11 - - [02/Mar/2016:21:19:42 +0100] "GET / HTTP/1.1" 200 1229 "-" "Mozilla/5.0 zgrab/0.x"
185.35.62.11 - - [02/Mar/2016:21:20:54 +0100] "GET / HTTP/1.1" 200 1229 "-" "Mozilla/5.0 zgrab/0.x"
185.35.62.11 - - [02/Mar/2016:21:22:51 +0100] "GET / HTTP/1.1" 200 1229 "-" "Mozilla/5.0 zgrab/0.x"
185.35.62.11 - - [02/Mar/2016:21:33:39 +0100] "GET / HTTP/1.1" 200 1229 "-" "Mozilla/5.0 zgrab/0.x"
185.35.62.11 - - [02/Mar/2016:21:36:19 +0100] "GET / HTTP/1.1" 200 1229 "-" "Mozilla/5.0 zgrab/0.x"
185.35.62.11 - - [02/Mar/2016:21:38:19 +0100] "GET / HTTP/1.1" 200 1229 "-" "Mozilla/5.0 zgrab/0.x"
185.35.62.11 - - [02/Mar/2016:21:58:06 +0100] "GET / HTTP/1.1" 200 1229 "-" "Mozilla/5.0 zgrab/0.x"
137.226.113.7 - - [02/Mar/2016:22:08:41 +0100] "GET / HTTP/1.0" 200 1229 "-" "Mozilla/5.0 (Macintosh; Intel Mac OS X 10_11_1) AppleWebKit/537.36 (KHTML, like Gecko) Chrome/46.0.2490.86 Safari/537.36 Scanning for research (researchscan.comsys.rwth-aachen.de)"
115.231.222.14 - - [02/Mar/2016:22:09:33 +0100] "GET http://zc.qq.com/cgi-bin/common/attr?id=260714&r=0.7059241807229830 HTTP/1.1" 404 320 "-" "Mozilla/5.0 (compatible; MSIE 9.0; Windows NT 6.1; Trident/5.0; 360SE)"
115.231.222.14 - - [02/Mar/2016:22:09:34 +0100] "GET http://zc.qq.com/cgi-bin/common/attr?id=260714&r=0.9118239474219204 HTTP/1.1" 404 320 "-" "Mozilla/5.0 (compatible; MSIE 9.0; Windows NT 6.1; Trident/5.0; 360SE)"
115.231.222.14 - - [02/Mar/2016:22:09:35 +0100] "GET http://zc.qq.com/cgi-bin/common/attr?id=260714&r=0.2072931861628685 HTTP/1.1" 404 320 "-" "Mozilla/5.0 (compatible; MSIE 9.0; Windows NT 6.1; Trident/5.0; 360SE)"
137.226.113.7 - - [02/Mar/2016:22:19:56 +0100] "GET / HTTP/1.0" 200 1229 "-" "Mozilla/5.0 (Macintosh; Intel Mac OS X 10_11_1) AppleWebKit/537.36 (KHTML, like Gecko) Chrome/46.0.2490.86 Safari/537.36 Scanning for research (researchscan.comsys.rwth-aachen.de)"
185.35.62.11 - - [02/Mar/2016:22:22:23 +0100] "GET / HTTP/1.1" 200 1229 "-" "Mozilla/5.0 zgrab/0.x"
185.35.62.11 - - [02/Mar/2016:22:22:40 +0100] "GET / HTTP/1.1" 200 1229 "-" "Mozilla/5.0 zgrab/0.x"
111.248.56.251 - - [02/Mar/2016:22:57:37 +0100] "CONNECT vip163mx01.mxmail.netease.com:25 HTTP/1.0" 405 358 "-" "-"
206.253.226.23 - - [02/Mar/2016:23:01:46 +0100] "GET /robots.txt HTTP/1.1" 404 315 "-" "Mozilla/5.0 (compatible; oBot/2.3.1; http://filterdb.iss.net/crawler/)"
206.253.226.23 - - [02/Mar/2016:23:01:47 +0100] "HEAD / HTTP/1.1" 200 - "-" "Mozilla/5.0 (compatible; oBot/2.3.1; http://filterdb.iss.net/crawler/)"
137.226.113.7 - - [02/Mar/2016:23:06:23 +0100] "GET / HTTP/1.0" 200 1229 "-" "Mozilla/5.0 (Macintosh; Intel Mac OS X 10_11_1) AppleWebKit/537.36 (KHTML, like Gecko) Chrome/46.0.2490.86 Safari/537.36 Scanning for research (researchscan.comsys.rwth-aachen.de)"
111.248.56.67 - - [02/Mar/2016:23:16:03 +0100] "CONNECT 126mx01.mxmail.netease.com:25 HTTP/1.0" 405 355 "-" "-"
107.150.42.34 - - [03/Mar/2016:00:34:09 +0100] "GET / HTTP/1.1" 200 1229 "-" "Mozilla/4.0 (compatible; MSIE 8.0; Windows NT 6.1; Trident/4.0; SLCC2; .NET CLR 2.0.50727; .NET CLR 3.5.30729; .NET CLR 3.0.30729; Media Center PC 6.0)"
107.150.42.37 - - [03/Mar/2016:00:42:26 +0100] "GET / HTTP/1.1" 200 1229 "-" "Mozilla/4.0 (compatible; MSIE 8.0; Windows NT 6.1; Trident/4.0; SLCC2; .NET CLR 2.0.50727; .NET CLR 3.5.30729; .NET CLR 3.0.30729; Media Center PC 6.0)"
107.150.42.36 - - [03/Mar/2016:00:44:00 +0100] "GET / HTTP/1.1" 200 1229 "-" "Mozilla/4.0 (compatible; MSIE 8.0; Windows NT 6.1; Trident/4.0; SLCC2; .NET CLR 2.0.50727; .NET CLR 3.5.30729; .NET CLR 3.0.30729; Media Center PC 6.0)"
137.226.113.7 - - [03/Mar/2016:01:19:49 +0100] "GET / HTTP/1.0" 200 1229 "-" "Mozilla/5.0 (Macintosh; Intel Mac OS X 10_11_1) AppleWebKit/537.36 (KHTML, like Gecko) Chrome/46.0.2490.86 Safari/537.36 Scanning for research (researchscan.comsys.rwth-aachen.de)"
137.226.113.7 - - [03/Mar/2016:01:22:06 +0100] "GET / HTTP/1.0" 200 1229 "-" "Mozilla/5.0 (Macintosh; Intel Mac OS X 10_11_1) AppleWebKit/537.36 (KHTML, like Gecko) Chrome/46.0.2490.86 Safari/537.36 Scanning for research (researchscan.comsys.rwth-aachen.de)"
107.150.42.38 - - [03/Mar/2016:02:23:16 +0100] "GET / HTTP/1.1" 200 1229 "-" "Mozilla/4.0 (compatible; MSIE 8.0; Windows NT 6.1; Trident/4.0; SLCC2; .NET CLR 2.0.50727; .NET CLR 3.5.30729; .NET CLR 3.0.30729; Media Center PC 6.0)"
45.55.196.106 - - [03/Mar/2016:02:56:14 +0100] "GET /robots.txt HTTP/1.1" 404 323 "-" "Mozilla/5.0 (compatible; spbot/5.0; +http://OpenLinkProfiler.org/bot )"
45.55.196.106 - - [03/Mar/2016:02:56:20 +0100] "GET / HTTP/1.1" 200 1229 "-" "Mozilla/5.0 (compatible; spbot/5.0; +http://OpenLinkProfiler.org/bot )"
66.249.64.159 - - [03/Mar/2016:03:01:53 +0100] "GET /robots.txt HTTP/1.1" 404 334 "-" "Mozilla/5.0 (compatible; Googlebot/2.1; +http://www.google.com/bot.html)"
66.249.64.159 - - [03/Mar/2016:03:01:53 +0100] "GET / HTTP/1.1" 200 1229 "-" "Mozilla/5.0 (iPhone; CPU iPhone OS 8_3 like Mac OS X) AppleWebKit/600.1.4 (KHTML, like Gecko) Version/8.0 Mobile/12F70 Safari/600.1.4 (compatible; Googlebot/2.1; +http://www.google.com/bot.html)"
37.142.68.132 - - [03/Mar/2016:03:51:18 +0100] "GET / HTTP/1.0" 200 1229 "-" "masscan/1.0 (https://github.com/robertdavidgraham/masscan)"
37.142.68.132 - - [03/Mar/2016:03:51:19 +0100] "GET / HTTP/1.0" 200 1229 "-" "masscan/1.0 (https://github.com/robertdavidgraham/masscan)"
37.142.68.132 - - [03/Mar/2016:03:52:16 +0100] "GET / HTTP/1.0" 200 1229 "-" "masscan/1.0 (https://github.com/robertdavidgraham/masscan)"
37.142.68.132 - - [03/Mar/2016:03:52:20 +0100] "GET / HTTP/1.0" 200 1229 "-" "masscan/1.0 (https://github.com/robertdavidgraham/masscan)"
37.142.68.132 - - [03/Mar/2016:03:52:26 +0100] "GET / HTTP/1.0" 200 1229 "-" "masscan/1.0 (https://github.com/robertdavidgraham/masscan)"
37.142.68.132 - - [03/Mar/2016:03:52:27 +0100] "GET / HTTP/1.0" 200 1229 "-" "masscan/1.0 (https://github.com/robertdavidgraham/masscan)"
37.142.68.132 - - [03/Mar/2016:03:52:32 +0100] "GET / HTTP/1.0" 200 1229 "-" "masscan/1.0 (https://github.com/robertdavidgraham/masscan)"
37.142.68.132 - - [03/Mar/2016:03:52:37 +0100] "GET / HTTP/1.0" 200 1229 "-" "masscan/1.0 (https://github.com/robertdavidgraham/masscan)"
37.142.68.132 - - [03/Mar/2016:03:52:37 +0100] "GET / HTTP/1.0" 200 1229 "-" "masscan/1.0 (https://github.com/robertdavidgraham/masscan)"
37.142.68.132 - - [03/Mar/2016:03:52:51 +0100] "GET / HTTP/1.0" 200 1229 "-" "masscan/1.0 (https://github.com/robertdavidgraham/masscan)"
107.150.42.38 - - [03/Mar/2016:04:14:10 +0100] "GET / HTTP/1.1" 200 1229 "-" "Mozilla/4.0 (compatible; MSIE 8.0; Windows NT 6.1; Trident/4.0; SLCC2; .NET CLR 2.0.50727; .NET CLR 3.5.30729; .NET CLR 3.0.30729; Media Center PC 6.0)"
64.246.165.180 - - [03/Mar/2016:05:02:51 +0100] "GET /robots.txt HTTP/1.0" 404 328 "-" "Mozilla/5.0 (Windows; U; Windows NT 5.1; en; rv:1.9.0.13) Gecko/2009073022 Firefox/3.5.2 (.NET CLR 3.5.30729) SurveyBot/2.3 (DomainTools)"
64.246.165.180 - - [03/Mar/2016:05:02:52 +0100] "GET / HTTP/1.1" 200 1229 "http://whois.domaintools.com/aufzugs-hebetechnik.de" "Mozilla/5.0 (Windows; U; Windows NT 5.1; en; rv:1.9.0.13) Gecko/2009073022 Firefox/3.5.2 (.NET CLR 3.5.30729) SurveyBot/2.3 (DomainTools)"
