107.150.42.34 - - [03/Mar/2016:05:49:30 +0100] "GET / HTTP/1.1" 200 1229 "-" "Mozilla/4.0 (compatible; MSIE 8.0; Windows NT 6.1; Trident/4.0; SLCC2; .NET CLR 2.0.50727; .NET CLR 3.5.30729; .NET CLR 3.0.30729; Media Center PC 6.0)"
66.249.64.251 - - [03/Mar/2016:05:51:56 +0100] "GET /robots.txt HTTP/1.1" 404 323 "-" "Mozilla/5.0 (compatible; Googlebot/2.1; +http://www.google.com/bot.html)"
66.249.64.241 - - [03/Mar/2016:05:51:56 +0100] "GET / HTTP/1.1" 200 1229 "-" "Mozilla/5.0 (iPhone; CPU iPhone OS 8_3 like Mac OS X) AppleWebKit/600.1.4 (KHTML, like Gecko) Version/8.0 Mobile/12F70 Safari/600.1.4 (compatible; Googlebot/2.1; +http://www.google.com/bot.html)"
66.249.64.39 - - [03/Mar/2016:06:14:53 +0100] "GET /robots.txt HTTP/1.1" 404 332 "-" "Mozilla/5.0 (compatible; Googlebot/2.1; +http://www.google.com/bot.html)"
66.249.64.34 - - [03/Mar/2016:06:14:53 +0100] "GET / HTTP/1.1" 200 1229 "-" "Mozilla/5.0 (iPhone; CPU iPhone OS 8_3 like Mac OS X) AppleWebKit/600.1.4 (KHTML, like Gecko) Version/8.0 Mobile/12F70 Safari/600.1.4 (compatible; Googlebot/2.1; +http://www.google.com/bot.html)"
111.248.101.127 - - [03/Mar/2016:06:26:05 +0100] "CONNECT 163mx03.mxmail.netease.com:25 HTTP/1.0" 405 355 "-" "-"
66.249.64.143 - - [03/Mar/2016:06:37:39 +0100] "GET /robots.txt HTTP/1.1" 404 327 "-" "Mozilla/5.0 (compatible; Googlebot/2.1; +http://www.google.com/bot.html)"
66.249.64.137 - - [03/Mar/2016:06:37:40 +0100] "GET / HTTP/1.1" 200 1229 "-" "Mozilla/5.0 (iPhone; CPU iPhone OS 8_3 like Mac OS X) AppleWebKit/600.1.4 (KHTML, like Gecko) Version/8.0 Mobile/12F70 Safari/600.1.4 (compatible; Googlebot/2.1; +http://www.google.com/bot.html)"
111.248.96.226 - - [03/Mar/2016:07:17:49 +0100] "CONNECT vip163mx01.mxmail.netease.com:25 HTTP/1.0" 405 358 "-" "-"
66.249.64.125 - - [03/Mar/2016:07:46:11 +0100] "GET /robots.txt HTTP/1.1" 404 334 "-" "Mozilla/5.0 (compatible; Googlebot/2.1; +http://www.google.com/bot.html)"
66.249.64.125 - - [03/Mar/2016:07:46:11 +0100] "GET / HTTP/1.1" 200 1229 "-" "Mozilla/5.0 (iPhone; CPU iPhone OS 8_3 like Mac OS X) AppleWebKit/600.1.4 (KHTML, like Gecko) Version/8.0 Mobile/12F70 Safari/600.1.4 (compatible; Googlebot/2.1; +http://www.google.com/bot.html)"
185.112.248.32 - - [03/Mar/2016:08:03:20 +0100] "GET / HTTP/1.1" 200 1229 "-" "Mozilla/4.0 (compatible; MSIE 8.0; Windows NT 6.1; Trident/4.0; SLCC2; .NET CLR 2.0.50727; .NET CLR 3.5.30729; .NET CLR 3.0.30729; Media Center PC 6.0; InfoPath.2; .NET4.0C; .NET4.0E)"
66.249.64.58 - - [03/Mar/2016:08:09:09 +0100] "GET /robots.txt HTTP/1.1" 404 337 "-" "Mozilla/5.0 (compatible; Googlebot/2.1; +http://www.google.com/bot.html)"
66.249.64.68 - - [03/Mar/2016:08:09:09 +0100] "GET / HTTP/1.1" 200 1229 "-" "Mozilla/5.0 (iPhone; CPU iPhone OS 8_3 like Mac OS X) AppleWebKit/600.1.4 (KHTML, like Gecko) Version/8.0 Mobile/12F70 Safari/600.1.4 (compatible; Googlebot/2.1; +http://www.google.com/bot.html)"
66.249.64.15 - - [03/Mar/2016:08:31:54 +0100] "GET /robots.txt HTTP/1.1" 404 318 "-" "Mozilla/5.0 (compatible; Googlebot/2.1; +http://www.google.com/bot.html)"
66.249.64.15 - - [03/Mar/2016:08:31:54 +0100] "GET / HTTP/1.1" 200 1229 "-" "Mozilla/5.0 (iPhone; CPU iPhone OS 8_3 like Mac OS X) AppleWebKit/600.1.4 (KHTML, like Gecko) Version/8.0 Mobile/12F70 Safari/600.1.4 (compatible; Googlebot/2.1; +http://www.google.com/bot.html)"
64.246.165.180 - - [03/Mar/2016:09:15:38 +0100] "GET /robots.txt HTTP/1.0" 404 332 "-" "Mozilla/5.0 (Windows; U; Windows NT 5.1; en; rv:1.9.0.13) Gecko/2009073022 Firefox/3.5.2 (.NET CLR 3.5.30729) SurveyBot/2.3 (DomainTools)"
64.246.165.180 - - [03/Mar/2016:09:15:39 +0100] "GET / HTTP/1.1" 200 1229 "http://whois.domaintools.com/bauaufzuege-hebetechnik.de" "Mozilla/5.0 (Windows; U; Windows NT 5.1; en; rv:1.9.0.13) Gecko/2009073022 Firefox/3.5.2 (.NET CLR 3.5.30729) SurveyBot/2.3 (DomainTools)"
185.112.248.32 - - [03/Mar/2016:09:28:45 +0100] "GET / HTTP/1.1" 200 1229 "-" "Mozilla/4.0 (compatible; MSIE 8.0; Windows NT 6.1; Trident/4.0; SLCC2; .NET CLR 2.0.50727; .NET CLR 3.5.30729; .NET CLR 3.0.30729; Media Center PC 6.0; InfoPath.2; .NET4.0C; .NET4.0E)"
60.240.86.53 - - [03/Mar/2016:09:37:31 +0100] "GET /phpMyAdmin/scripts/setup.php HTTP/1.1" 404 333 "-" "-"
60.240.86.53 - - [03/Mar/2016:09:37:36 +0100] "GET /pma/scripts/setup.php HTTP/1.1" 404 326 "-" "-"
60.240.86.53 - - [03/Mar/2016:09:37:42 +0100] "GET /myadmin/scripts/setup.php HTTP/1.1" 404 330 "-" "-"
111.248.62.33 - - [03/Mar/2016:10:09:17 +0100] "CONNECT 163mx01.mxmail.netease.com:25 HTTP/1.0" 405 355 "-" "-"
144.76.61.21 - - [03/Mar/2016:10:24:26 +0100] "GET /robots.txt HTTP/1.0" 404 327 "-" "Mozilla/5.0 (compatible; MJ12bot/v1.4.5; http://www.majestic12.co.uk/bot.php?+)"
144.76.61.21 - - [03/Mar/2016:10:24:28 +0100] "GET / HTTP/1.0" 200 1229 "-" "Mozilla/5.0 (compatible; MJ12bot/v1.4.5; http://www.majestic12.co.uk/bot.php?+)"
111.248.103.192 - - [03/Mar/2016:10:56:09 +0100] "CONNECT 126mx00.mxmail.netease.com:25 HTTP/1.0" 405 355 "-" "-"
169.229.3.91 - - [03/Mar/2016:12:10:09 +0100] "m\x15\xac\xa2]U\xc2\x89\xbbh\xfe\x82\x92\xeaS]" 501 331 "-" "-"
107.150.42.35 - - [03/Mar/2016:13:03:30 +0100] "GET / HTTP/1.1" 200 1229 "-" "Mozilla/4.0 (compatible; MSIE 8.0; Windows NT 6.1; Trident/4.0; SLCC2; .NET CLR 2.0.50727; .NET CLR 3.5.30729; .NET CLR 3.0.30729; Media Center PC 6.0)"
146.185.239.100 - - [03/Mar/2016:13:07:03 +0100] "GET http://24x7-allrequestsallowed.com/?PHPSESSID=aab45f4f00143SSQJ_W_EFBF%5CO HTTP/1.1" 200 1229 "-" "-"
66.249.64.7 - - [03/Mar/2016:14:19:52 +0100] "GET /livezilla/livezilla.php?template=lz_chat_frame.3.2.login.2.0 HTTP/1.1" 404 331 "-" "Mozilla/5.0 (compatible; Googlebot/2.1; +http://www.google.com/bot.html)"
137.226.113.7 - - [03/Mar/2016:14:30:33 +0100] "GET / HTTP/1.0" 200 1229 "-" "Mozilla/5.0 (Macintosh; Intel Mac OS X 10_11_1) AppleWebKit/537.36 (KHTML, like Gecko) Chrome/46.0.2490.86 Safari/537.36 Scanning for research (researchscan.comsys.rwth-aachen.de)"
111.248.117.33 - - [03/Mar/2016:14:34:54 +0100] "CONNECT 163mx00.mxmail.netease.com:25 HTTP/1.0" 405 355 "-" "-"
137.226.113.7 - - [03/Mar/2016:15:21:37 +0100] "GET / HTTP/1.0" 200 1229 "-" "Mozilla/5.0 (Macintosh; Intel Mac OS X 10_11_1) AppleWebKit/537.36 (KHTML, like Gecko) Chrome/46.0.2490.86 Safari/537.36 Scanning for research (researchscan.comsys.rwth-aachen.de)"
107.150.42.34 - - [03/Mar/2016:15:33:12 +0100] "GET / HTTP/1.1" 200 1229 "-" "Mozilla/4.0 (compatible; MSIE 8.0; Windows NT 6.1; Trident/4.0; SLCC2; .NET CLR 2.0.50727; .NET CLR 3.5.30729; .NET CLR 3.0.30729; Media Center PC 6.0)"
111.248.118.127 - - [03/Mar/2016:15:34:11 +0100] "CONNECT 163mx03.mxmail.netease.com:25 HTTP/1.0" 405 355 "-" "-"
64.246.165.10 - - [03/Mar/2016:15:52:44 +0100] "GET /robots.txt HTTP/1.0" 404 315 "-" "Mozilla/5.0 (Windows; U; Windows NT 5.1; en; rv:1.9.0.13) Gecko/2009073022 Firefox/3.5.2 (.NET CLR 3.5.30729) SurveyBot/2.3 (DomainTools)"
64.246.165.10 - - [03/Mar/2016:15:52:44 +0100] "GET / HTTP/1.1" 200 1229 "http://whois.domaintools.com/bmt-it.de" "Mozilla/5.0 (Windows; U; Windows NT 5.1; en; rv:1.9.0.13) Gecko/2009073022 Firefox/3.5.2 (.NET CLR 3.5.30729) SurveyBot/2.3 (DomainTools)"
146.185.239.100 - - [03/Mar/2016:16:18:50 +0100] "GET http://24x7-allrequestsallowed.com/?PHPSESSID=aab45f4f00143SSQJ_W_EFBF%5CG HTTP/1.1" 200 1229 "-" "-"
66.249.64.180 - - [03/Mar/2016:16:41:58 +0100] "GET /robots.txt HTTP/1.1" 404 333 "-" "Mozilla/5.0 (compatible; Googlebot/2.1; +http://www.google.com/bot.html)"
66.249.64.170 - - [03/Mar/2016:16:41:58 +0100] "GET / HTTP/1.1" 200 1229 "-" "Mozilla/5.0 (iPhone; CPU iPhone OS 8_3 like Mac OS X) AppleWebKit/600.1.4 (KHTML, like Gecko) Version/8.0 Mobile/12F70 Safari/600.1.4 (compatible; Googlebot/2.1; +http://www.google.com/bot.html)"
180.97.106.161 - - [03/Mar/2016:18:18:04 +0100] "GET http://www.baidu.com/robots.txt HTTP/1.1" 404 315 "-" "-"
180.97.106.37 - - [03/Mar/2016:18:22:25 +0100] "GET http://www.baidu.com/robots.txt HTTP/1.1" 404 315 "-" "-"
180.97.106.161 - - [03/Mar/2016:18:29:46 +0100] "GET http://www.baidu.com/robots.txt HTTP/1.1" 404 315 "-" "-"
180.97.106.36 - - [03/Mar/2016:18:32:54 +0100] "GET http://www.baidu.com/robots.txt HTTP/1.1" 404 315 "-" "-"
180.97.106.37 - - [03/Mar/2016:18:34:56 +0100] "GET http://www.baidu.com/robots.txt HTTP/1.1" 404 315 "-" "-"
180.97.106.161 - - [03/Mar/2016:18:38:33 +0100] "GET http://www.baidu.com/robots.txt HTTP/1.1" 404 315 "-" "-"
180.97.106.36 - - [03/Mar/2016:18:39:24 +0100] "GET http://www.baidu.com/robots.txt HTTP/1.1" 404 315 "-" "-"
36.229.233.229 - - [03/Mar/2016:18:52:26 +0100] "CONNECT 163mx02.mxmail.netease.com:25 HTTP/1.0" 405 355 "-" "-"
180.97.106.162 - - [03/Mar/2016:18:55:53 +0100] "GET http://www.baidu.com/robots.txt HTTP/1.1" 404 315 "-" "-"
180.97.106.162 - - [03/Mar/2016:19:01:59 +0100] "GET http://www.baidu.com/robots.txt HTTP/1.1" 404 315 "-" "-"
180.97.106.162 - - [03/Mar/2016:19:04:09 +0100] "GET http://www.baidu.com/robots.txt HTTP/1.1" 404 315 "-" "-"
185.106.92.164 - - [03/Mar/2016:20:25:05 +0100] "GET /muieblackcat HTTP/1.1" 404 317 "-" "-"
185.106.92.164 - - [03/Mar/2016:20:25:10 +0100] "GET //phpMyAdmin/scripts/setup.php HTTP/1.1" 404 333 "-" "-"
185.106.92.164 - - [03/Mar/2016:20:25:10 +0100] "GET //phpmyadmin/scripts/setup.php HTTP/1.1" 404 333 "-" "-"
185.106.92.164 - - [03/Mar/2016:20:25:10 +0100] "GET //pma/scripts/setup.php HTTP/1.1" 404 326 "-" "-"
185.106.92.164 - - [03/Mar/2016:20:25:10 +0100] "GET //myadmin/scripts/setup.php HTTP/1.1" 404 330 "-" "-"
185.106.92.164 - - [03/Mar/2016:20:25:10 +0100] "GET //MyAdmin/scripts/setup.php HTTP/1.1" 404 330 "-" "-"
66.249.64.105 - - [03/Mar/2016:21:33:09 +0100] "GET /robots.txt HTTP/1.1" 404 315 "-" "Mozilla/5.0 (compatible; Googlebot/2.1; +http://www.google.com/bot.html)"
66.249.64.105 - - [03/Mar/2016:21:33:09 +0100] "GET / HTTP/1.1" 200 1229 "-" "Mozilla/5.0 (iPhone; CPU iPhone OS 8_3 like Mac OS X) AppleWebKit/600.1.4 (KHTML, like Gecko) Version/8.0 Mobile/12F70 Safari/600.1.4 (compatible; Googlebot/2.1; +http://www.google.com/bot.html)"
66.249.64.51 - - [03/Mar/2016:22:09:44 +0100] "GET /robots.txt HTTP/1.1" 404 328 "-" "Mozilla/5.0 (compatible; Googlebot/2.1; +http://www.google.com/bot.html)"
66.249.64.61 - - [03/Mar/2016:22:09:44 +0100] "GET / HTTP/1.1" 200 1229 "-" "Mozilla/5.0 (iPhone; CPU iPhone OS 8_3 like Mac OS X) AppleWebKit/600.1.4 (KHTML, like Gecko) Version/8.0 Mobile/12F70 Safari/600.1.4 (compatible; Googlebot/2.1; +http://www.google.com/bot.html)"
66.249.64.193 - - [03/Mar/2016:22:27:51 +0100] "GET /robots.txt HTTP/1.1" 404 325 "-" "Mozilla/5.0 (compatible; Googlebot/2.1; +http://www.google.com/bot.html)"
66.249.64.198 - - [03/Mar/2016:22:27:51 +0100] "GET / HTTP/1.1" 200 1229 "-" "Mozilla/5.0 (iPhone; CPU iPhone OS 8_3 like Mac OS X) AppleWebKit/600.1.4 (KHTML, like Gecko) Version/8.0 Mobile/12F70 Safari/600.1.4 (compatible; Googlebot/2.1; +http://www.google.com/bot.html)"
185.112.248.32 - - [03/Mar/2016:22:59:15 +0100] "GET / HTTP/1.1" 200 1229 "-" "Mozilla/4.0 (compatible; MSIE 8.0; Windows NT 6.1; Trident/4.0; SLCC2; .NET CLR 2.0.50727; .NET CLR 3.5.30729; .NET CLR 3.0.30729; Media Center PC 6.0; InfoPath.2; .NET4.0C; .NET4.0E)"
140.123.127.148 - - [03/Mar/2016:23:45:35 +0100] "GET /phpMyAdmin/scripts/setup.php HTTP/1.1" 404 333 "-" "-"
140.123.127.148 - - [03/Mar/2016:23:45:41 +0100] "GET /pma/scripts/setup.php HTTP/1.1" 404 326 "-" "-"
140.123.127.148 - - [03/Mar/2016:23:45:46 +0100] "GET /myadmin/scripts/setup.php HTTP/1.1" 404 330 "-" "-"
69.30.218.234 - - [04/Mar/2016:00:42:55 +0100] "GET /robots.txt HTTP/1.0" 404 323 "-" "Mozilla/5.0 (compatible; MJ12bot/v1.4.5; http://www.majestic12.co.uk/bot.php?+)"
69.30.218.234 - - [04/Mar/2016:00:42:56 +0100] "GET / HTTP/1.0" 200 1229 "-" "Mozilla/5.0 (compatible; MJ12bot/v1.4.5; http://www.majestic12.co.uk/bot.php?+)"
185.25.151.159 - - [04/Mar/2016:01:28:57 +0100] "GET http://testp5.mielno.lubin.pl/testproxy.php HTTP/1.1" 404 327 "-" "Mozilla/5.0 (Windows NT 5.1; rv:32.0) Gecko/20100101 Firefox/31.0"
185.25.151.159 - - [04/Mar/2016:01:30:35 +0100] "GET http://testp3.pospr.waw.pl/testproxy.php HTTP/1.1" 404 324 "-" "Mozilla/5.0 (Windows NT 5.1; rv:32.0) Gecko/20100101 Firefox/31.0"
185.25.151.159 - - [04/Mar/2016:01:35:05 +0100] "GET http://testp1.piwo.pila.pl/testproxy.php HTTP/1.1" 404 324 "-" "Mozilla/5.0 (Windows NT 5.1; rv:32.0) Gecko/20100101 Firefox/31.0"
188.165.234.52 - - [04/Mar/2016:03:13:26 +0100] "GET /robots.txt HTTP/1.0" 404 333 "-" ""
188.165.234.52 - - [04/Mar/2016:03:13:26 +0100] "GET / HTTP/1.1" 206 1229 "-" "Mozilla/5.0 (X11; U; Linux i586; en-US) AppleWebKit/533.2 (KHTML, like Gecko) Chrome/5.0.342.1 Safari/533.2"
188.138.1.218 - - [04/Mar/2016:04:38:23 +0100] "GET / HTTP/1.1" 200 1229 "-" "-"
188.138.1.218 - - [04/Mar/2016:04:38:24 +0100] "GET /robots.txt HTTP/1.1" 404 315 "-" "-"
188.138.1.218 - - [04/Mar/2016:04:38:25 +0100] "GET /sitemap.xml HTTP/1.1" 404 316 "-" "-"
188.138.1.218 - - [04/Mar/2016:04:38:45 +0100] "GET / HTTP/1.1" 200 1229 "-" "-"
188.138.1.218 - - [04/Mar/2016:04:38:45 +0100] "GET /robots.txt HTTP/1.1" 404 315 "-" "-"
188.138.1.218 - - [04/Mar/2016:04:38:45 +0100] "GET /sitemap.xml HTTP/1.1" 404 316 "-" "-"
188.138.1.218 - - [04/Mar/2016:04:39:12 +0100] "GET / HTTP/1.1" 200 1229 "-" "-"
188.138.1.218 - - [04/Mar/2016:04:39:12 +0100] "GET /robots.txt HTTP/1.1" 404 315 "-" "-"
188.138.1.218 - - [04/Mar/2016:04:39:13 +0100] "GET /sitemap.xml HTTP/1.1" 404 316 "-" "-"
37.153.173.10 - - [04/Mar/2016:04:56:47 +0100] "GET / HTTP/1.1" 200 1229 "-" "-"
185.106.94.30 - - [04/Mar/2016:05:30:45 +0100] "GET /xmlrpc.php HTTP/1.1" 404 315 "-" "-"
61.228.92.99 - - [04/Mar/2016:05:32:56 +0100] "CONNECT vip163mx00.mxmail.netease.com:25 HTTP/1.0" 405 358 "-" "-"
185.25.151.159 - - [04/Mar/2016:06:05:28 +0100] "GET http://testp5.mielno.lubin.pl/testproxy.php HTTP/1.1" 404 327 "-" "Mozilla/5.0 (Windows NT 5.1; rv:32.0) Gecko/20100101 Firefox/31.0"
185.25.151.159 - - [04/Mar/2016:06:08:21 +0100] "GET http://testp1.piwo.pila.pl/testproxy.php HTTP/1.1" 404 324 "-" "Mozilla/5.0 (Windows NT 5.1; rv:32.0) Gecko/20100101 Firefox/31.0"
185.25.151.159 - - [04/Mar/2016:06:09:06 +0100] "GET http://testp1.piwo.pila.pl/testproxy.php HTTP/1.1" 404 324 "-" "Mozilla/5.0 (Windows NT 5.1; rv:32.0) Gecko/20100101 Firefox/31.0"
185.25.151.159 - - [04/Mar/2016:06:15:29 +0100] "GET http://testp1.piwo.pila.pl/testproxy.php HTTP/1.1" 404 324 "-" "Mozilla/5.0 (Windows NT 5.1; rv:32.0) Gecko/20100101 Firefox/31.0"
185.25.151.159 - - [04/Mar/2016:06:15:41 +0100] "GET http://testp3.pospr.waw.pl/testproxy.php HTTP/1.1" 404 324 "-" "Mozilla/5.0 (Windows NT 5.1; rv:32.0) Gecko/20100101 Firefox/31.0"
185.25.151.159 - - [04/Mar/2016:06:18:50 +0100] "GET http://testp3.pospr.waw.pl/testproxy.php HTTP/1.1" 404 324 "-" "Mozilla/5.0 (Windows NT 5.1; rv:32.0) Gecko/20100101 Firefox/31.0"
122.144.136.83 - - [04/Mar/2016:06:31:31 +0100] "HEAD / HTTP/1.0" 200 - "-" "-"
122.144.136.83 - - [04/Mar/2016:06:31:31 +0100] "HEAD / HTTP/1.0" 200 - "-" "-"
122.144.136.83 - - [04/Mar/2016:06:31:31 +0100] "HEAD / HTTP/1.0" 200 - "-" "-"
122.144.136.83 - - [04/Mar/2016:06:31:31 +0100] "HEAD / HTTP/1.0" 200 - "-" "-"
122.144.136.83 - - [04/Mar/2016:06:31:31 +0100] "HEAD / HTTP/1.0" 200 - "-" "-"
122.144.136.83 - - [04/Mar/2016:06:31:31 +0100] "HEAD / HTTP/1.0" 200 - "-" "-"
122.144.136.83 - - [04/Mar/2016:06:31:32 +0100] "HEAD / HTTP/1.0" 200 - "-" "-"
122.144.136.83 - - [04/Mar/2016:06:31:32 +0100] "HEAD / HTTP/1.0" 200 - "-" "-"
122.144.136.83 - - [04/Mar/2016:06:31:32 +0100] "HEAD / HTTP/1.0" 200 - "-" "-"
122.144.136.83 - - [04/Mar/2016:06:31:32 +0100] "HEAD / HTTP/1.0" 200 - "-" "-"
185.106.94.30 - - [04/Mar/2016:06:57:14 +0100] "GET /xmlrpc.php HTTP/1.1" 404 315 "-" "-"
185.106.92.164 - - [04/Mar/2016:07:34:16 +0100] "GET /muieblackcat HTTP/1.1" 404 317 "-" "-"
185.106.92.164 - - [04/Mar/2016:07:34:30 +0100] "GET //myadmin/scripts/setup.php HTTP/1.1" 404 330 "-" "-"
185.106.92.164 - - [04/Mar/2016:07:34:30 +0100] "GET //MyAdmin/scripts/setup.php HTTP/1.1" 404 330 "-" "-"
185.25.148.240 - - [04/Mar/2016:08:27:58 +0100] "GET http://testp5.mielno.lubin.pl/testproxy.php HTTP/1.1" 404 327 "-" "Mozilla/5.0 (Windows NT 5.1; rv:32.0) Gecko/20100101 Firefox/31.0"
74.208.155.105 - - [04/Mar/2016:09:34:52 +0100] "GET / HTTP/1.1" 200 1229 "-" "-"
74.208.155.105 - - [04/Mar/2016:09:34:52 +0100] "GET /robots.txt HTTP/1.1" 404 315 "-" "-"
74.208.155.105 - - [04/Mar/2016:09:34:52 +0100] "GET /sitemap.xml HTTP/1.1" 404 316 "-" "-"
169.229.3.91 - - [04/Mar/2016:09:53:43 +0100] "\xc6\xd4\xa3\xbb9+\\D\xa9Gw\x8d\x9c\xeaN\xd7=|\xceg\xe0\xf9\x16\tc0\xfc\x16\xd65f\xae\x12\x87\xe6\x8e#\xa2\x10\xb0N\x8d\x92\xde?\x88\x8cz82|\xec\x88P\x1b\x10\xcd" 400 329 "-" "-"
137.226.113.7 - - [04/Mar/2016:10:33:45 +0100] "GET / HTTP/1.0" 200 1229 "-" "Mozilla/5.0 (Macintosh; Intel Mac OS X 10_11_1) AppleWebKit/537.36 (KHTML, like Gecko) Chrome/46.0.2490.86 Safari/537.36 Scanning for research (researchscan.comsys.rwth-aachen.de)"
176.45.4.181 - - [04/Mar/2016:11:39:35 +0100] "GET /phpMyAdmin/scripts/setup.php HTTP/1.1" 404 333 "-" "-"
176.45.4.181 - - [04/Mar/2016:11:40:53 +0100] "GET /pma/scripts/setup.php HTTP/1.1" 404 326 "-" "-"
176.45.4.181 - - [04/Mar/2016:11:42:12 +0100] "GET /myadmin/scripts/setup.php HTTP/1.1" 404 330 "-" "-"
115.231.222.14 - - [04/Mar/2016:12:16:25 +0100] "GET http://zc.qq.com/cgi-bin/common/attr?id=260714&r=0.6052931441845609 HTTP/1.1" 404 320 "-" "Mozilla/5.0 (compatible; MSIE 9.0; Windows NT 6.1; Trident/5.0; 360SE)"
137.226.113.7 - - [04/Mar/2016:13:36:59 +0100] "GET / HTTP/1.0" 200 1229 "-" "Mozilla/5.0 (Macintosh; Intel Mac OS X 10_11_1) AppleWebKit/537.36 (KHTML, like Gecko) Chrome/46.0.2490.86 Safari/537.36 Scanning for research (researchscan.comsys.rwth-aachen.de)"
137.226.113.7 - - [04/Mar/2016:14:29:34 +0100] "GET / HTTP/1.0" 200 1229 "-" "Mozilla/5.0 (Macintosh; Intel Mac OS X 10_11_1) AppleWebKit/537.36 (KHTML, like Gecko) Chrome/46.0.2490.86 Safari/537.36 Scanning for research (researchscan.comsys.rwth-aachen.de)"
185.106.92.164 - - [04/Mar/2016:14:30:41 +0100] "GET /muieblackcat HTTP/1.1" 404 317 "-" "-"
185.106.92.164 - - [04/Mar/2016:14:30:51 +0100] "GET //phpmyadmin/scripts/setup.php HTTP/1.1" 404 333 "-" "-"
185.106.92.164 - - [04/Mar/2016:14:30:52 +0100] "GET //pma/scripts/setup.php HTTP/1.1" 404 326 "-" "-"
185.106.92.164 - - [04/Mar/2016:14:30:52 +0100] "GET //myadmin/scripts/setup.php HTTP/1.1" 404 330 "-" "-"
185.106.92.164 - - [04/Mar/2016:14:30:52 +0100] "GET //MyAdmin/scripts/setup.php HTTP/1.1" 404 330 "-" "-"
115.231.222.14 - - [04/Mar/2016:14:32:13 +0100] "GET http://zc.qq.com/cgi-bin/common/attr?id=260714&r=0.0035052473753426 HTTP/1.1" 404 320 "-" "Mozilla/5.0 (compatible; MSIE 9.0; Windows NT 6.1; Trident/5.0; 360SE)"
115.231.222.14 - - [04/Mar/2016:14:32:13 +0100] "GET http://zc.qq.com/cgi-bin/common/attr?id=260714&r=0.9300050494436172 HTTP/1.1" 404 320 "-" "Mozilla/5.0 (compatible; MSIE 9.0; Windows NT 6.1; Trident/5.0; 360SE)"
115.231.222.14 - - [04/Mar/2016:14:32:13 +0100] "GET http://zc.qq.com/cgi-bin/common/attr?id=260714&r=0.5332939374811198 HTTP/1.1" 404 320 "-" "Mozilla/5.0 (compatible; MSIE 9.0; Windows NT 6.1; Trident/5.0; 360SE)"
115.231.222.14 - - [04/Mar/2016:14:32:16 +0100] "GET http://zc.qq.com/cgi-bin/common/attr?id=260714&r=0.4488677225757511 HTTP/1.1" 404 320 "-" "Mozilla/5.0 (compatible; MSIE 9.0; Windows NT 6.1; Trident/5.0; 360SE)"
137.226.113.7 - - [04/Mar/2016:14:40:12 +0100] "GET / HTTP/1.0" 200 1229 "-" "Mozilla/5.0 (Macintosh; Intel Mac OS X 10_11_1) AppleWebKit/537.36 (KHTML, like Gecko) Chrome/46.0.2490.86 Safari/537.36 Scanning for research (researchscan.comsys.rwth-aachen.de)"
111.248.116.138 - - [04/Mar/2016:14:47:47 +0100] "CONNECT vip163mx00.mxmail.netease.com:25 HTTP/1.0" 405 358 "-" "-"
169.229.3.91 - - [04/Mar/2016:15:12:26 +0100] "=n\bI\xc2\x91\xf7\xb6\xdc\x10\x92z>\x18}g{\xbf\x82;\xca\x8f\x9b" 501 341 "-" "-"
146.185.239.100 - - [04/Mar/2016:15:17:52 +0100] "GET http://24x7-allrequestsallowed.com/?PHPSESSID=aab45f4f00143SSQJ_W_EFBF%5CN HTTP/1.1" 200 1229 "-" "-"
94.102.48.193 - - [04/Mar/2016:16:11:09 +0100] "GET / HTTP/1.0" 200 1229 "-" "masscan/1.0 (https://github.com/robertdavidgraham/masscan)"
137.226.113.7 - - [04/Mar/2016:16:36:59 +0100] "GET / HTTP/1.0" 200 1229 "-" "Mozilla/5.0 (Macintosh; Intel Mac OS X 10_11_1) AppleWebKit/537.36 (KHTML, like Gecko) Chrome/46.0.2490.86 Safari/537.36 Scanning for research (researchscan.comsys.rwth-aachen.de)"
111.248.103.19 - - [04/Mar/2016:16:37:23 +0100] "CONNECT vip163mx00.mxmail.netease.com:25 HTTP/1.0" 405 358 "-" "-"
185.103.252.12 - - [04/Mar/2016:16:39:30 +0100] "GET /CFIDE/administrator/ HTTP/1.1" 404 325 "-" "Mozilla/5.0 (Windows NT 6.1; WOW64) AppleWebKit/537.36 (KHTML, like Gecko) Chrome/44.0.2403.155 Safari/537.36 OPR/31.0.1889.174"
115.231.222.14 - - [04/Mar/2016:16:48:04 +0100] "GET http://zc.qq.com/cgi-bin/common/attr?id=260714&r=0.6075888774029901 HTTP/1.1" 404 320 "-" "Mozilla/5.0 (compatible; MSIE 9.0; Windows NT 6.1; Trident/5.0; 360SE)"
115.231.222.14 - - [04/Mar/2016:16:48:04 +0100] "GET http://zc.qq.com/cgi-bin/common/attr?id=260714&r=0.9912746160132729 HTTP/1.1" 404 320 "-" "Mozilla/5.0 (compatible; MSIE 9.0; Windows NT 6.1; Trident/5.0; 360SE)"
163.32.104.4 - - [04/Mar/2016:17:31:36 +0100] "GET /phpMyAdmin/scripts/setup.php HTTP/1.1" 404 333 "-" "-"
163.32.104.4 - - [04/Mar/2016:17:32:55 +0100] "GET /pma/scripts/setup.php HTTP/1.1" 404 326 "-" "-"
137.226.113.7 - - [04/Mar/2016:17:33:39 +0100] "GET / HTTP/1.0" 200 1229 "-" "Mozilla/5.0 (Macintosh; Intel Mac OS X 10_11_1) AppleWebKit/537.36 (KHTML, like Gecko) Chrome/46.0.2490.86 Safari/537.36 Scanning for research (researchscan.comsys.rwth-aachen.de)"
163.32.104.4 - - [04/Mar/2016:17:34:13 +0100] "GET /myadmin/scripts/setup.php HTTP/1.1" 404 330 "-" "-"
137.226.113.7 - - [04/Mar/2016:17:52:15 +0100] "GET / HTTP/1.0" 200 1229 "-" "Mozilla/5.0 (Macintosh; Intel Mac OS X 10_11_1) AppleWebKit/537.36 (KHTML, like Gecko) Chrome/46.0.2490.86 Safari/537.36 Scanning for research (researchscan.comsys.rwth-aachen.de)"
115.231.222.14 - - [04/Mar/2016:19:03:54 +0100] "GET http://zc.qq.com/cgi-bin/common/attr?id=260714&r=0.7587469796588127 HTTP/1.1" 404 320 "-" "Mozilla/5.0 (compatible; MSIE 9.0; Windows NT 6.1; Trident/5.0; 360SE)"
115.231.222.14 - - [04/Mar/2016:19:03:56 +0100] "GET http://zc.qq.com/cgi-bin/common/attr?id=260714&r=0.8633612121307976 HTTP/1.1" 404 320 "-" "Mozilla/5.0 (compatible; MSIE 9.0; Windows NT 6.1; Trident/5.0; 360SE)"
216.145.5.42 - - [04/Mar/2016:19:14:39 +0100] "GET /leer.htm HTTP/1.1" 404 313 "http://whois.domaintools.com/dialyse-schoenebeck.de" "Mozilla/5.0 (Windows; U; Windows NT 5.1; en; rv:1.9.0.13) Gecko/2009073022 Firefox/3.5.2 (.NET CLR 3.5.30729) SurveyBot/2.3 (DomainTools)"
216.145.5.42 - - [04/Mar/2016:19:14:40 +0100] "GET /leer.htm HTTP/1.1" 404 313 "http://whois.domaintools.com/dialyse-schoenebeck.de" "Mozilla/5.0 (Windows; U; Windows NT 5.1; en; rv:1.9.0.13) Gecko/2009073022 Firefox/3.5.2 (.NET CLR 3.5.30729) SurveyBot/2.3 (DomainTools)"
216.145.5.42 - - [04/Mar/2016:19:14:40 +0100] "GET /leer.htm HTTP/1.1" 404 313 "http://whois.domaintools.com/dialyse-schoenebeck.de" "Mozilla/5.0 (Windows; U; Windows NT 5.1; en; rv:1.9.0.13) Gecko/2009073022 Firefox/3.5.2 (.NET CLR 3.5.30729) SurveyBot/2.3 (DomainTools)"
64.246.161.30 - - [04/Mar/2016:19:22:04 +0100] "GET /frameset/left.htm HTTP/1.1" 404 322 "http://whois.domaintools.com/die-sehnsucht.com" "Mozilla/5.0 (Windows; U; Windows NT 5.1; en; rv:1.9.0.13) Gecko/2009073022 Firefox/3.5.2 (.NET CLR 3.5.30729) SurveyBot/2.3 (DomainTools)"
64.246.161.30 - - [04/Mar/2016:19:22:04 +0100] "GET /frameset/top.htm HTTP/1.1" 404 321 "http://whois.domaintools.com/die-sehnsucht.com" "Mozilla/5.0 (Windows; U; Windows NT 5.1; en; rv:1.9.0.13) Gecko/2009073022 Firefox/3.5.2 (.NET CLR 3.5.30729) SurveyBot/2.3 (DomainTools)"
64.246.161.30 - - [04/Mar/2016:19:22:05 +0100] "GET /neue_seite_1.htm HTTP/1.1" 404 321 "http://whois.domaintools.com/die-sehnsucht.com" "Mozilla/5.0 (Windows; U; Windows NT 5.1; en; rv:1.9.0.13) Gecko/2009073022 Firefox/3.5.2 (.NET CLR 3.5.30729) SurveyBot/2.3 (DomainTools)"
111.248.96.117 - - [04/Mar/2016:19:41:21 +0100] "CONNECT 163mx02.mxmail.netease.com:25 HTTP/1.0" 405 355 "-" "-"
137.226.113.7 - - [04/Mar/2016:20:24:12 +0100] "GET / HTTP/1.0" 200 1229 "-" "Mozilla/5.0 (Macintosh; Intel Mac OS X 10_11_1) AppleWebKit/537.36 (KHTML, like Gecko) Chrome/46.0.2490.86 Safari/537.36 Scanning for research (researchscan.comsys.rwth-aachen.de)"
63.142.161.3 - - [04/Mar/2016:20:33:45 +0100] "GET / HTTP/1.0" 200 1229 "-" "-"
63.142.161.3 - - [04/Mar/2016:20:33:46 +0100] "GET / HTTP/1.0" 200 1229 "-" "-"
63.142.161.3 - - [04/Mar/2016:20:33:46 +0100] "GET / HTTP/1.1" 200 1229 "-" "-"
115.231.222.14 - - [04/Mar/2016:21:19:59 +0100] "GET http://zc.qq.com/cgi-bin/common/attr?id=260714&r=0.6836764378642265 HTTP/1.1" 404 320 "-" "Mozilla/5.0 (compatible; MSIE 9.0; Windows NT 6.1; Trident/5.0; 360SE)"
115.231.222.14 - - [04/Mar/2016:21:20:00 +0100] "GET http://zc.qq.com/cgi-bin/common/attr?id=260714&r=0.6515902413428527 HTTP/1.1" 404 320 "-" "Mozilla/5.0 (compatible; MSIE 9.0; Windows NT 6.1; Trident/5.0; 360SE)"
66.249.66.175 - - [04/Mar/2016:22:27:59 +0100] "GET /robots.txt HTTP/1.1" 404 334 "-" "Mozilla/5.0 (compatible; Googlebot/2.1; +http://www.google.com/bot.html)"
66.249.66.172 - - [04/Mar/2016:22:27:59 +0100] "GET / HTTP/1.1" 200 1229 "-" "Mozilla/5.0 (compatible; Googlebot/2.1; +http://www.google.com/bot.html)"
185.103.252.12 - - [04/Mar/2016:23:15:10 +0100] "GET /CFIDE/administrator/ HTTP/1.1" 404 325 "-" "Mozilla/5.0 (Windows NT 6.1; WOW64) AppleWebKit/537.36 (KHTML, like Gecko) Chrome/44.0.2403.155 Safari/537.36 OPR/31.0.1889.174"
115.231.222.14 - - [04/Mar/2016:23:35:57 +0100] "GET http://zc.qq.com/cgi-bin/common/attr?id=260714&r=0.5059920441616858 HTTP/1.1" 404 320 "-" "Mozilla/5.0 (compatible; MSIE 9.0; Windows NT 6.1; Trident/5.0; 360SE)"
115.231.222.14 - - [04/Mar/2016:23:35:58 +0100] "GET http://zc.qq.com/cgi-bin/common/attr?id=260714&r=0.3764494990497470 HTTP/1.1" 404 320 "-" "Mozilla/5.0 (compatible; MSIE 9.0; Windows NT 6.1; Trident/5.0; 360SE)"
115.231.222.14 - - [04/Mar/2016:23:35:58 +0100] "GET http://zc.qq.com/cgi-bin/common/attr?id=260714&r=0.1129752708365278 HTTP/1.1" 404 320 "-" "Mozilla/5.0 (compatible; MSIE 9.0; Windows NT 6.1; Trident/5.0; 360SE)"
36.230.254.144 - - [04/Mar/2016:23:46:33 +0100] "CONNECT vip163mx00.mxmail.netease.com:25 HTTP/1.0" 405 358 "-" "-"
185.103.252.12 - - [04/Mar/2016:23:58:09 +0100] "GET /CFIDE/administrator/ HTTP/1.1" 404 325 "-" "Mozilla/5.0 (Windows NT 6.1; WOW64) AppleWebKit/537.36 (KHTML, like Gecko) Chrome/44.0.2403.155 Safari/537.36 OPR/31.0.1889.174"
66.249.66.172 - - [05/Mar/2016:01:02:07 +0100] "GET / HTTP/1.1" 200 1229 "-" "Mozilla/5.0 (compatible; Googlebot/2.1; +http://www.google.com/bot.html)"
185.112.248.32 - - [05/Mar/2016:01:11:11 +0100] "GET / HTTP/1.1" 200 1229 "-" "Mozilla/4.0 (compatible; MSIE 8.0; Windows NT 6.1; Trident/4.0; SLCC2; .NET CLR 2.0.50727; .NET CLR 3.5.30729; .NET CLR 3.0.30729; Media Center PC 6.0; InfoPath.2; .NET4.0C; .NET4.0E)"
115.231.222.14 - - [05/Mar/2016:01:51:57 +0100] "GET http://zc.qq.com/cgi-bin/common/attr?id=260714&r=0.2902263803544220 HTTP/1.1" 404 320 "-" "Mozilla/5.0 (compatible; MSIE 9.0; Windows NT 6.1; Trident/5.0; 360SE)"
115.231.222.14 - - [05/Mar/2016:01:51:57 +0100] "GET http://zc.qq.com/cgi-bin/common/attr?id=260714&r=0.0932259067097892 HTTP/1.1" 404 320 "-" "Mozilla/5.0 (compatible; MSIE 9.0; Windows NT 6.1; Trident/5.0; 360SE)"
115.231.222.14 - - [05/Mar/2016:01:51:57 +0100] "GET http://zc.qq.com/cgi-bin/common/attr?id=260714&r=0.3009224232768035 HTTP/1.1" 404 320 "-" "Mozilla/5.0 (compatible; MSIE 9.0; Windows NT 6.1; Trident/5.0; 360SE)"
66.249.66.169 - - [05/Mar/2016:03:42:40 +0100] "GET / HTTP/1.1" 200 1229 "-" "Mozilla/5.0 (compatible; Googlebot/2.1; +http://www.google.com/bot.html)"
115.231.222.14 - - [05/Mar/2016:04:08:59 +0100] "GET http://zc.qq.com/cgi-bin/common/attr?id=260714&r=0.4351575076426366 HTTP/1.1" 404 320 "-" "Mozilla/5.0 (compatible; MSIE 9.0; Windows NT 6.1; Trident/5.0; 360SE)"
115.231.222.14 - - [05/Mar/2016:04:09:02 +0100] "GET http://zc.qq.com/cgi-bin/common/attr?id=260714&r=0.0928105636859866 HTTP/1.1" 404 320 "-" "Mozilla/5.0 (compatible; MSIE 9.0; Windows NT 6.1; Trident/5.0; 360SE)"
115.231.222.14 - - [05/Mar/2016:04:09:02 +0100] "GET http://zc.qq.com/cgi-bin/common/attr?id=260714&r=0.3215918081650504 HTTP/1.1" 404 320 "-" "Mozilla/5.0 (compatible; MSIE 9.0; Windows NT 6.1; Trident/5.0; 360SE)"
118.189.72.127 - - [05/Mar/2016:04:25:53 +0100] "GET /phph/php/ph.php HTTP/1.1" 404 320 "-" "-"
1.171.249.163 - - [05/Mar/2016:04:26:23 +0100] "CONNECT 163mx03.mxmail.netease.com:25 HTTP/1.0" 405 355 "-" "-"
185.103.252.12 - - [05/Mar/2016:05:10:41 +0100] "GET /CFIDE/administrator/ HTTP/1.1" 404 325 "-" "Mozilla/5.0 (Windows NT 6.1; WOW64) AppleWebKit/537.36 (KHTML, like Gecko) Chrome/44.0.2403.155 Safari/537.36 OPR/31.0.1889.174"
185.103.252.12 - - [05/Mar/2016:05:51:58 +0100] "GET /CFIDE/administrator/ HTTP/1.1" 404 325 "-" "Mozilla/5.0 (Windows NT 6.1; WOW64) AppleWebKit/537.36 (KHTML, like Gecko) Chrome/44.0.2403.155 Safari/537.36 OPR/31.0.1889.174"
115.231.222.14 - - [05/Mar/2016:06:27:19 +0100] "GET http://zc.qq.com/cgi-bin/common/attr?id=260714&r=0.7986097084671606 HTTP/1.1" 404 320 "-" "Mozilla/5.0 (compatible; MSIE 9.0; Windows NT 6.1; Trident/5.0; 360SE)"
115.231.222.14 - - [05/Mar/2016:06:27:19 +0100] "GET http://zc.qq.com/cgi-bin/common/attr?id=260714&r=0.9195660524985438 HTTP/1.1" 404 320 "-" "Mozilla/5.0 (compatible; MSIE 9.0; Windows NT 6.1; Trident/5.0; 360SE)"
185.103.252.12 - - [05/Mar/2016:07:09:27 +0100] "GET /CFIDE/administrator/ HTTP/1.1" 404 325 "-" "Mozilla/5.0 (Windows NT 6.1; WOW64) AppleWebKit/537.36 (KHTML, like Gecko) Chrome/44.0.2403.155 Safari/537.36 OPR/31.0.1889.174"
188.138.1.218 - - [05/Mar/2016:07:42:31 +0100] "GET / HTTP/1.1" 200 1229 "-" "-"
188.138.1.218 - - [05/Mar/2016:07:42:32 +0100] "GET /robots.txt HTTP/1.1" 404 315 "-" "-"
188.138.1.218 - - [05/Mar/2016:07:42:32 +0100] "GET /sitemap.xml HTTP/1.1" 404 316 "-" "-"
185.112.248.32 - - [05/Mar/2016:08:12:10 +0100] "GET / HTTP/1.1" 200 1229 "-" "Mozilla/4.0 (compatible; MSIE 8.0; Windows NT 6.1; Trident/4.0; SLCC2; .NET CLR 2.0.50727; .NET CLR 3.5.30729; .NET CLR 3.0.30729; Media Center PC 6.0; InfoPath.2; .NET4.0C; .NET4.0E)"
185.103.252.12 - - [05/Mar/2016:08:39:40 +0100] "GET /CFIDE/administrator/ HTTP/1.1" 404 325 "-" "Mozilla/5.0 (Windows NT 6.1; WOW64) AppleWebKit/537.36 (KHTML, like Gecko) Chrome/44.0.2403.155 Safari/537.36 OPR/31.0.1889.174"
115.231.222.14 - - [05/Mar/2016:08:47:05 +0100] "GET http://zc.qq.com/cgi-bin/common/attr?id=260714&r=0.3953995186873495 HTTP/1.1" 404 320 "-" "Mozilla/5.0 (compatible; MSIE 9.0; Windows NT 6.1; Trident/5.0; 360SE)"
115.231.222.14 - - [05/Mar/2016:08:47:05 +0100] "GET http://zc.qq.com/cgi-bin/common/attr?id=260714&r=0.8425724394969404 HTTP/1.1" 404 320 "-" "Mozilla/5.0 (compatible; MSIE 9.0; Windows NT 6.1; Trident/5.0; 360SE)"
111.243.205.106 - - [05/Mar/2016:08:58:32 +0100] "CONNECT 163mx01.mxmail.netease.com:25 HTTP/1.0" 405 355 "-" "-"
36.231.254.186 - - [05/Mar/2016:09:18:49 +0100] "CONNECT vip163mx00.mxmail.netease.com:25 HTTP/1.0" 405 358 "-" "-"
190.214.21.185 - - [05/Mar/2016:09:33:49 +0100] "GET /phpMyAdmin/scripts/setup.php HTTP/1.1" 404 333 "-" "-"
190.214.21.185 - - [05/Mar/2016:09:33:53 +0100] "GET /pma/scripts/setup.php HTTP/1.1" 404 326 "-" "-"
190.214.21.185 - - [05/Mar/2016:09:33:56 +0100] "GET /myadmin/scripts/setup.php HTTP/1.1" 404 330 "-" "-"
111.248.112.176 - - [05/Mar/2016:10:30:14 +0100] "CONNECT vip163mx00.mxmail.netease.com:25 HTTP/1.0" 405 358 "-" "-"
111.248.112.176 - - [05/Mar/2016:10:30:17 +0100] "CONNECT vip163mx00.mxmail.netease.com:25 HTTP/1.0" 405 358 "-" "-"
111.248.112.176 - - [05/Mar/2016:10:30:21 +0100] "CONNECT vip163mx00.mxmail.netease.com:25 HTTP/1.0" 405 358 "-" "-"
111.248.112.176 - - [05/Mar/2016:10:30:21 +0100] "CONNECT vip163mx00.mxmail.netease.com:25 HTTP/1.0" 405 358 "-" "-"
111.248.112.176 - - [05/Mar/2016:10:30:23 +0100] "CONNECT vip163mx00.mxmail.netease.com:25 HTTP/1.0" 405 358 "-" "-"
111.248.112.176 - - [05/Mar/2016:10:30:35 +0100] "CONNECT vip163mx00.mxmail.netease.com:25 HTTP/1.0" 405 358 "-" "-"
115.231.222.14 - - [05/Mar/2016:11:07:09 +0100] "GET http://zc.qq.com/cgi-bin/common/attr?id=260714&r=0.0990239963916286 HTTP/1.1" 404 320 "-" "Mozilla/5.0 (compatible; MSIE 9.0; Windows NT 6.1; Trident/5.0; 360SE)"
115.231.222.14 - - [05/Mar/2016:11:07:09 +0100] "GET http://zc.qq.com/cgi-bin/common/attr?id=260714&r=0.1097700593272906 HTTP/1.1" 404 320 "-" "Mozilla/5.0 (compatible; MSIE 9.0; Windows NT 6.1; Trident/5.0; 360SE)"
115.231.222.14 - - [05/Mar/2016:11:07:10 +0100] "GET http://zc.qq.com/cgi-bin/common/attr?id=260714&r=0.4903941719234328 HTTP/1.1" 404 320 "-" "Mozilla/5.0 (compatible; MSIE 9.0; Windows NT 6.1; Trident/5.0; 360SE)"
66.249.66.175 - - [05/Mar/2016:11:40:49 +0100] "GET /robots.txt HTTP/1.1" 404 334 "-" "Mozilla/5.0 (compatible; Googlebot/2.1; +http://www.google.com/bot.html)"
66.249.66.175 - - [05/Mar/2016:11:40:49 +0100] "GET / HTTP/1.1" 200 1229 "-" "Mozilla/5.0 (compatible; Googlebot/2.1; +http://www.google.com/bot.html)"
78.46.50.246 - - [05/Mar/2016:12:42:32 +0100] "GET /robots.txt HTTP/1.0" 404 327 "-" "Mozilla/5.0 (compatible; MJ12bot/v1.4.5; http://www.majestic12.co.uk/bot.php?+)"
78.46.50.246 - - [05/Mar/2016:12:42:34 +0100] "GET / HTTP/1.0" 200 1229 "-" "Mozilla/5.0 (compatible; MJ12bot/v1.4.5; http://www.majestic12.co.uk/bot.php?+)"
111.248.113.179 - - [05/Mar/2016:12:47:51 +0100] "CONNECT vip163mx00.mxmail.netease.com:25 HTTP/1.0" 405 358 "-" "-"
111.248.116.137 - - [05/Mar/2016:12:53:50 +0100] "CONNECT vip163mx00.mxmail.netease.com:25 HTTP/1.0" 405 358 "-" "-"
115.231.222.14 - - [05/Mar/2016:13:25:36 +0100] "GET http://zc.qq.com/cgi-bin/common/attr?id=260714&r=0.3594461090423671 HTTP/1.1" 404 320 "-" "Mozilla/5.0 (compatible; MSIE 9.0; Windows NT 6.1; Trident/5.0; 360SE)"
115.231.222.14 - - [05/Mar/2016:13:25:36 +0100] "GET http://zc.qq.com/cgi-bin/common/attr?id=260714&r=0.7603939036108279 HTTP/1.1" 404 320 "-" "Mozilla/5.0 (compatible; MSIE 9.0; Windows NT 6.1; Trident/5.0; 360SE)"
115.231.222.14 - - [05/Mar/2016:13:25:36 +0100] "GET http://zc.qq.com/cgi-bin/common/attr?id=260714&r=0.5557020194986723 HTTP/1.1" 404 320 "-" "Mozilla/5.0 (compatible; MSIE 9.0; Windows NT 6.1; Trident/5.0; 360SE)"
115.231.222.14 - - [05/Mar/2016:13:25:36 +0100] "GET http://zc.qq.com/cgi-bin/common/attr?id=260714&r=0.4008812039125954 HTTP/1.1" 404 320 "-" "Mozilla/5.0 (compatible; MSIE 9.0; Windows NT 6.1; Trident/5.0; 360SE)"
169.229.3.91 - - [05/Mar/2016:13:37:32 +0100] "\x97$\xc99\xa4c\x95" 501 322 "-" "-"
185.103.252.12 - - [05/Mar/2016:13:38:50 +0100] "GET /CFIDE/administrator/ HTTP/1.1" 404 325 "-" "Mozilla/5.0 (Windows NT 6.1; WOW64) AppleWebKit/537.36 (KHTML, like Gecko) Chrome/44.0.2403.155 Safari/537.36 OPR/31.0.1889.174"
119.97.146.76 - - [05/Mar/2016:13:49:12 +0100] "GET /muieblackcat HTTP/1.1" 404 317 "-" "-"
119.97.146.76 - - [05/Mar/2016:13:49:13 +0100] "GET /muieblackcat HTTP/1.1" 404 317 "-" "-"
119.97.146.76 - - [05/Mar/2016:13:49:15 +0100] "GET /muieblackcat HTTP/1.1" 404 317 "-" "-"
119.97.146.76 - - [05/Mar/2016:13:49:17 +0100] "GET /muieblackcat HTTP/1.1" 404 317 "-" "-"
119.97.146.76 - - [05/Mar/2016:13:49:18 +0100] "GET /muieblackcat HTTP/1.1" 404 317 "-" "-"
119.97.146.76 - - [05/Mar/2016:13:49:18 +0100] "GET //phpMyAdmin/scripts/setup.php HTTP/1.1" 404 333 "-" "-"
119.97.146.76 - - [05/Mar/2016:13:49:19 +0100] "GET //phpmyadmin/scripts/setup.php HTTP/1.1" 404 333 "-" "-"
119.97.146.76 - - [05/Mar/2016:13:49:19 +0100] "GET //phpMyAdmin/scripts/setup.php HTTP/1.1" 404 333 "-" "-"
119.97.146.76 - - [05/Mar/2016:13:49:19 +0100] "GET /muieblackcat HTTP/1.1" 404 317 "-" "-"
119.97.146.76 - - [05/Mar/2016:13:49:19 +0100] "GET //pma/scripts/setup.php HTTP/1.1" 404 326 "-" "-"
119.97.146.76 - - [05/Mar/2016:13:49:20 +0100] "GET //phpmyadmin/scripts/setup.php HTTP/1.1" 404 333 "-" "-"
119.97.146.76 - - [05/Mar/2016:13:49:20 +0100] "GET //myadmin/scripts/setup.php HTTP/1.1" 404 330 "-" "-"
119.97.146.76 - - [05/Mar/2016:13:49:20 +0100] "GET //pma/scripts/setup.php HTTP/1.1" 404 326 "-" "-"
119.97.146.76 - - [05/Mar/2016:13:49:21 +0100] "GET //phpMyAdmin/scripts/setup.php HTTP/1.1" 404 333 "-" "-"
119.97.146.76 - - [05/Mar/2016:13:49:21 +0100] "GET //MyAdmin/scripts/setup.php HTTP/1.1" 404 330 "-" "-"
119.97.146.76 - - [05/Mar/2016:13:49:21 +0100] "GET /muieblackcat HTTP/1.1" 404 317 "-" "-"
119.97.146.76 - - [05/Mar/2016:13:49:21 +0100] "GET //myadmin/scripts/setup.php HTTP/1.1" 404 330 "-" "-"
119.97.146.76 - - [05/Mar/2016:13:49:22 +0100] "GET //phpmyadmin/scripts/setup.php HTTP/1.1" 404 333 "-" "-"
119.97.146.76 - - [05/Mar/2016:13:49:22 +0100] "GET //MyAdmin/scripts/setup.php HTTP/1.1" 404 330 "-" "-"
119.97.146.76 - - [05/Mar/2016:13:49:22 +0100] "GET //pma/scripts/setup.php HTTP/1.1" 404 326 "-" "-"
119.97.146.76 - - [05/Mar/2016:13:49:23 +0100] "GET //phpMyAdmin/scripts/setup.php HTTP/1.1" 404 333 "-" "-"
119.97.146.76 - - [05/Mar/2016:13:49:23 +0100] "GET //phpMyAdmin/scripts/setup.php HTTP/1.1" 404 333 "-" "-"
119.97.146.76 - - [05/Mar/2016:13:49:23 +0100] "GET //myadmin/scripts/setup.php HTTP/1.1" 404 330 "-" "-"
119.97.146.76 - - [05/Mar/2016:13:49:24 +0100] "GET //phpmyadmin/scripts/setup.php HTTP/1.1" 404 333 "-" "-"
119.97.146.76 - - [05/Mar/2016:13:49:24 +0100] "GET //phpmyadmin/scripts/setup.php HTTP/1.1" 404 333 "-" "-"
119.97.146.76 - - [05/Mar/2016:13:49:25 +0100] "GET //pma/scripts/setup.php HTTP/1.1" 404 326 "-" "-"
119.97.146.76 - - [05/Mar/2016:13:49:25 +0100] "GET //pma/scripts/setup.php HTTP/1.1" 404 326 "-" "-"
119.97.146.76 - - [05/Mar/2016:13:49:25 +0100] "GET //phpMyAdmin/scripts/setup.php HTTP/1.1" 404 333 "-" "-"
119.97.146.76 - - [05/Mar/2016:13:49:25 +0100] "GET //MyAdmin/scripts/setup.php HTTP/1.1" 404 330 "-" "-"
119.97.146.76 - - [05/Mar/2016:13:49:25 +0100] "GET //myadmin/scripts/setup.php HTTP/1.1" 404 330 "-" "-"
119.97.146.76 - - [05/Mar/2016:13:49:25 +0100] "GET //myadmin/scripts/setup.php HTTP/1.1" 404 330 "-" "-"
119.97.146.76 - - [05/Mar/2016:13:49:26 +0100] "GET //phpmyadmin/scripts/setup.php HTTP/1.1" 404 333 "-" "-"
119.97.146.76 - - [05/Mar/2016:13:49:26 +0100] "GET //MyAdmin/scripts/setup.php HTTP/1.1" 404 330 "-" "-"
119.97.146.76 - - [05/Mar/2016:13:49:26 +0100] "GET //MyAdmin/scripts/setup.php HTTP/1.1" 404 330 "-" "-"
119.97.146.76 - - [05/Mar/2016:13:49:26 +0100] "GET //pma/scripts/setup.php HTTP/1.1" 404 326 "-" "-"
119.97.146.76 - - [05/Mar/2016:13:49:27 +0100] "GET //phpMyAdmin/scripts/setup.php HTTP/1.1" 404 333 "-" "-"
119.97.146.76 - - [05/Mar/2016:13:49:27 +0100] "GET //myadmin/scripts/setup.php HTTP/1.1" 404 330 "-" "-"
119.97.146.76 - - [05/Mar/2016:13:49:28 +0100] "GET //phpmyadmin/scripts/setup.php HTTP/1.1" 404 333 "-" "-"
119.97.146.76 - - [05/Mar/2016:13:49:28 +0100] "GET //MyAdmin/scripts/setup.php HTTP/1.1" 404 330 "-" "-"
119.97.146.76 - - [05/Mar/2016:13:49:29 +0100] "GET //pma/scripts/setup.php HTTP/1.1" 404 326 "-" "-"
119.97.146.76 - - [05/Mar/2016:13:49:29 +0100] "GET //myadmin/scripts/setup.php HTTP/1.1" 404 330 "-" "-"
119.97.146.76 - - [05/Mar/2016:13:49:30 +0100] "GET //MyAdmin/scripts/setup.php HTTP/1.1" 404 330 "-" "-"
119.97.146.76 - - [05/Mar/2016:13:53:59 +0100] "GET /muieblackcat HTTP/1.1" 404 317 "-" "-"
119.97.146.76 - - [05/Mar/2016:13:54:05 +0100] "GET //phpMyAdmin/scripts/setup.php HTTP/1.1" 404 333 "-" "-"
119.97.146.76 - - [05/Mar/2016:13:54:06 +0100] "GET //phpmyadmin/scripts/setup.php HTTP/1.1" 404 333 "-" "-"
119.97.146.76 - - [05/Mar/2016:13:54:07 +0100] "GET //pma/scripts/setup.php HTTP/1.1" 404 326 "-" "-"
119.97.146.76 - - [05/Mar/2016:13:54:07 +0100] "GET //myadmin/scripts/setup.php HTTP/1.1" 404 330 "-" "-"
119.97.146.76 - - [05/Mar/2016:13:54:08 +0100] "GET //MyAdmin/scripts/setup.php HTTP/1.1" 404 330 "-" "-"
66.249.66.175 - - [05/Mar/2016:14:08:40 +0100] "GET / HTTP/1.1" 200 1229 "-" "Mozilla/5.0 (compatible; Googlebot/2.1; +http://www.google.com/bot.html)"
185.103.252.12 - - [05/Mar/2016:14:56:20 +0100] "GET /CFIDE/administrator/ HTTP/1.1" 404 325 "-" "Mozilla/5.0 (Windows NT 6.1; WOW64) AppleWebKit/537.36 (KHTML, like Gecko) Chrome/44.0.2403.155 Safari/537.36 OPR/31.0.1889.174"
169.229.3.91 - - [05/Mar/2016:14:59:13 +0100] "r\xd7\xeay\x90!\xbe\xed)\xbe\r\\\x8d(\x15\x86\xa6\xb6\xf5\xf1\x81tPre\x05HX\xa2fu\xdf\xae\xd5\xf3\xe4\x85\xd0\x02\xc7\xbf\x8bM\xed\xc5Pu\xe5m\xff\xef\xe5_" 400 329 "-" "-"
111.248.103.176 - - [05/Mar/2016:15:13:41 +0100] "CONNECT 163mx00.mxmail.netease.com:25 HTTP/1.0" 405 355 "-" "-"
111.248.116.137 - - [05/Mar/2016:15:31:58 +0100] "CONNECT vip163mx00.mxmail.netease.com:25 HTTP/1.0" 405 358 "-" "-"
115.231.222.14 - - [05/Mar/2016:15:43:58 +0100] "GET http://zc.qq.com/cgi-bin/common/attr?id=260714&r=0.4546558521643797 HTTP/1.1" 404 320 "-" "Mozilla/5.0 (compatible; MSIE 9.0; Windows NT 6.1; Trident/5.0; 360SE)"
115.231.222.14 - - [05/Mar/2016:15:43:58 +0100] "GET http://zc.qq.com/cgi-bin/common/attr?id=260714&r=0.8432039956517587 HTTP/1.1" 404 320 "-" "Mozilla/5.0 (compatible; MSIE 9.0; Windows NT 6.1; Trident/5.0; 360SE)"
115.231.222.14 - - [05/Mar/2016:15:44:00 +0100] "GET http://zc.qq.com/cgi-bin/common/attr?id=260714&r=0.8952331774236349 HTTP/1.1" 404 320 "-" "Mozilla/5.0 (compatible; MSIE 9.0; Windows NT 6.1; Trident/5.0; 360SE)"
115.231.222.14 - - [05/Mar/2016:15:44:00 +0100] "GET http://zc.qq.com/cgi-bin/common/attr?id=260714&r=0.9242890918895264 HTTP/1.1" 404 320 "-" "Mozilla/5.0 (compatible; MSIE 9.0; Windows NT 6.1; Trident/5.0; 360SE)"
36.226.246.222 - - [05/Mar/2016:16:29:14 +0100] "CONNECT 163mx00.mxmail.netease.com:25 HTTP/1.0" 405 355 "-" "-"
36.226.246.222 - - [05/Mar/2016:16:29:25 +0100] "CONNECT 163mx00.mxmail.netease.com:25 HTTP/1.0" 405 355 "-" "-"
115.231.222.14 - - [05/Mar/2016:18:03:10 +0100] "GET http://zc.qq.com/cgi-bin/common/attr?id=260714&r=0.0245619405970624 HTTP/1.1" 404 320 "-" "Mozilla/5.0 (compatible; MSIE 9.0; Windows NT 6.1; Trident/5.0; 360SE)"
115.231.222.14 - - [05/Mar/2016:18:03:10 +0100] "GET http://zc.qq.com/cgi-bin/common/attr?id=260714&r=0.9677099855283224 HTTP/1.1" 404 320 "-" "Mozilla/5.0 (compatible; MSIE 9.0; Windows NT 6.1; Trident/5.0; 360SE)"
115.231.222.14 - - [05/Mar/2016:18:03:10 +0100] "GET http://zc.qq.com/cgi-bin/common/attr?id=260714&r=0.7872209102057201 HTTP/1.1" 404 320 "-" "Mozilla/5.0 (compatible; MSIE 9.0; Windows NT 6.1; Trident/5.0; 360SE)"
66.249.66.169 - - [05/Mar/2016:19:14:47 +0100] "GET / HTTP/1.1" 200 1229 "-" "Mozilla/5.0 (compatible; Googlebot/2.1; +http://www.google.com/bot.html)"
115.231.222.14 - - [05/Mar/2016:20:20:43 +0100] "GET http://zc.qq.com/cgi-bin/common/attr?id=260714&r=0.8634776893639257 HTTP/1.1" 404 320 "-" "Mozilla/5.0 (compatible; MSIE 9.0; Windows NT 6.1; Trident/5.0; 360SE)"
115.231.222.14 - - [05/Mar/2016:20:20:47 +0100] "GET http://zc.qq.com/cgi-bin/common/attr?id=260714&r=0.9600818531052985 HTTP/1.1" 404 320 "-" "Mozilla/5.0 (compatible; MSIE 9.0; Windows NT 6.1; Trident/5.0; 360SE)"
115.231.222.14 - - [05/Mar/2016:20:20:47 +0100] "GET http://zc.qq.com/cgi-bin/common/attr?id=260714&r=0.2524139268999413 HTTP/1.1" 404 320 "-" "Mozilla/5.0 (compatible; MSIE 9.0; Windows NT 6.1; Trident/5.0; 360SE)"
115.231.222.14 - - [05/Mar/2016:20:20:47 +0100] "GET http://zc.qq.com/cgi-bin/common/attr?id=260714&r=0.0483371865483496 HTTP/1.1" 404 320 "-" "Mozilla/5.0 (compatible; MSIE 9.0; Windows NT 6.1; Trident/5.0; 360SE)"
162.219.2.60 - - [05/Mar/2016:21:10:26 +0100] "GET / HTTP/1.0" 200 1229 "-" "masscan/1.0 (https://github.com/robertdavidgraham/masscan)"
162.219.2.60 - - [05/Mar/2016:21:11:04 +0100] "GET / HTTP/1.0" 200 1229 "-" "masscan/1.0 (https://github.com/robertdavidgraham/masscan)"
222.186.34.155 - - [05/Mar/2016:21:17:29 +0100] "GET https://m.baidu.com/ HTTP/1.1" 200 1229 "-" "HttpClient"
222.186.34.155 - - [05/Mar/2016:21:21:14 +0100] "GET https://m.baidu.com/ HTTP/1.1" 200 1229 "-" "HttpClient"
222.186.34.155 - - [05/Mar/2016:21:22:02 +0100] "GET https://m.baidu.com/ HTTP/1.1" 200 1229 "-" "HttpClient"
222.186.34.155 - - [05/Mar/2016:21:23:51 +0100] "GET https://m.baidu.com/ HTTP/1.1" 200 1229 "-" "HttpClient"
222.186.34.155 - - [05/Mar/2016:21:24:39 +0100] "GET https://m.baidu.com/ HTTP/1.1" 200 1229 "-" "HttpClient"
222.186.34.155 - - [05/Mar/2016:21:27:45 +0100] "GET https://m.baidu.com/ HTTP/1.1" 200 1229 "-" "HttpClient"
115.231.222.14 - - [05/Mar/2016:22:39:27 +0100] "GET http://zc.qq.com/cgi-bin/common/attr?id=260714&r=0.0205810672689795 HTTP/1.1" 404 320 "-" "Mozilla/5.0 (compatible; MSIE 9.0; Windows NT 6.1; Trident/5.0; 360SE)"
115.231.222.14 - - [05/Mar/2016:22:39:27 +0100] "GET http://zc.qq.com/cgi-bin/common/attr?id=260714&r=0.7293593823524784 HTTP/1.1" 404 320 "-" "Mozilla/5.0 (compatible; MSIE 9.0; Windows NT 6.1; Trident/5.0; 360SE)"
115.231.222.14 - - [05/Mar/2016:22:39:27 +0100] "GET http://zc.qq.com/cgi-bin/common/attr?id=260714&r=0.2777036433891183 HTTP/1.1" 404 320 "-" "Mozilla/5.0 (compatible; MSIE 9.0; Windows NT 6.1; Trident/5.0; 360SE)"
115.231.222.14 - - [05/Mar/2016:22:39:27 +0100] "GET http://zc.qq.com/cgi-bin/common/attr?id=260714&r=0.8265867020637448 HTTP/1.1" 404 320 "-" "Mozilla/5.0 (compatible; MSIE 9.0; Windows NT 6.1; Trident/5.0; 360SE)"
185.103.252.12 - - [05/Mar/2016:23:47:51 +0100] "GET /wp-login.php HTTP/1.1" 404 317 "-" "Mozilla/5.0 (Windows NT 6.1; WOW64) AppleWebKit/537.36 (KHTML, like Gecko) Chrome/44.0.2403.155 Safari/537.36 OPR/31.0.1889.174"
115.231.222.14 - - [06/Mar/2016:00:57:35 +0100] "GET http://zc.qq.com/cgi-bin/common/attr?id=260714&r=0.6063265862307271 HTTP/1.1" 404 320 "-" "Mozilla/5.0 (compatible; MSIE 9.0; Windows NT 6.1; Trident/5.0; 360SE)"
115.231.222.14 - - [06/Mar/2016:00:57:36 +0100] "GET http://zc.qq.com/cgi-bin/common/attr?id=260714&r=0.5708970899421201 HTTP/1.1" 404 320 "-" "Mozilla/5.0 (compatible; MSIE 9.0; Windows NT 6.1; Trident/5.0; 360SE)"
115.231.222.14 - - [06/Mar/2016:00:57:36 +0100] "GET http://zc.qq.com/cgi-bin/common/attr?id=260714&r=0.2810967283838878 HTTP/1.1" 404 320 "-" "Mozilla/5.0 (compatible; MSIE 9.0; Windows NT 6.1; Trident/5.0; 360SE)"
185.103.252.12 - - [06/Mar/2016:01:06:19 +0100] "GET /CFIDE/administrator/ HTTP/1.1" 404 325 "-" "Mozilla/5.0 (Windows NT 6.1; WOW64) AppleWebKit/537.36 (KHTML, like Gecko) Chrome/44.0.2403.155 Safari/537.36 OPR/31.0.1889.174"
193.92.3.66 - - [06/Mar/2016:02:38:12 +0100] "GET / HTTP/1.0" 200 1229 "-" "-"
193.92.3.66 - - [06/Mar/2016:02:42:36 +0100] "GET / HTTP/1.0" 200 1229 "-" "-"
193.92.3.66 - - [06/Mar/2016:02:43:52 +0100] "GET / HTTP/1.0" 200 1229 "-" "-"
193.92.3.66 - - [06/Mar/2016:02:44:28 +0100] "GET / HTTP/1.0" 200 1229 "-" "-"
193.92.3.66 - - [06/Mar/2016:02:48:01 +0100] "GET / HTTP/1.0" 200 1229 "-" "-"
193.92.3.66 - - [06/Mar/2016:02:48:52 +0100] "GET / HTTP/1.0" 200 1229 "-" "-"
193.92.3.66 - - [06/Mar/2016:02:53:35 +0100] "GET / HTTP/1.0" 200 1229 "-" "-"
193.92.3.66 - - [06/Mar/2016:02:55:47 +0100] "GET / HTTP/1.0" 200 1229 "-" "-"
193.92.3.66 - - [06/Mar/2016:02:56:46 +0100] "GET / HTTP/1.0" 200 1229 "-" "-"
193.92.3.66 - - [06/Mar/2016:02:58:02 +0100] "GET / HTTP/1.0" 200 1229 "-" "-"
115.231.222.14 - - [06/Mar/2016:03:15:46 +0100] "GET http://zc.qq.com/cgi-bin/common/attr?id=260714&r=0.8281315294886411 HTTP/1.1" 404 320 "-" "Mozilla/5.0 (compatible; MSIE 9.0; Windows NT 6.1; Trident/5.0; 360SE)"
115.231.222.14 - - [06/Mar/2016:03:15:46 +0100] "GET http://zc.qq.com/cgi-bin/common/attr?id=260714&r=0.9001254824412127 HTTP/1.1" 404 320 "-" "Mozilla/5.0 (compatible; MSIE 9.0; Windows NT 6.1; Trident/5.0; 360SE)"
115.231.222.14 - - [06/Mar/2016:03:15:46 +0100] "GET http://zc.qq.com/cgi-bin/common/attr?id=260714&r=0.1550652337139735 HTTP/1.1" 404 320 "-" "Mozilla/5.0 (compatible; MSIE 9.0; Windows NT 6.1; Trident/5.0; 360SE)"
115.231.222.14 - - [06/Mar/2016:03:15:47 +0100] "GET http://zc.qq.com/cgi-bin/common/attr?id=260714&r=0.2841468974916430 HTTP/1.1" 404 320 "-" "Mozilla/5.0 (compatible; MSIE 9.0; Windows NT 6.1; Trident/5.0; 360SE)"
115.231.222.14 - - [06/Mar/2016:03:15:47 +0100] "GET http://zc.qq.com/cgi-bin/common/attr?id=260714&r=0.0997056944821139 HTTP/1.1" 404 320 "-" "Mozilla/5.0 (compatible; MSIE 9.0; Windows NT 6.1; Trident/5.0; 360SE)"
185.130.5.146 - - [06/Mar/2016:03:24:56 +0100] "HEAD / HTTP/1.1" 200 - "-" "curl/7.38.0"
185.130.5.146 - - [06/Mar/2016:03:24:58 +0100] "HEAD / HTTP/1.1" 200 - "-" "curl/7.38.0"
185.130.5.146 - - [06/Mar/2016:03:25:00 +0100] "HEAD / HTTP/1.1" 200 - "-" "curl/7.38.0"
185.130.5.146 - - [06/Mar/2016:03:25:01 +0100] "HEAD / HTTP/1.1" 200 - "-" "curl/7.38.0"
185.130.5.146 - - [06/Mar/2016:03:25:02 +0100] "HEAD / HTTP/1.1" 200 - "-" "curl/7.38.0"
185.130.5.146 - - [06/Mar/2016:03:25:04 +0100] "HEAD / HTTP/1.1" 200 - "-" "curl/7.38.0"
185.130.5.146 - - [06/Mar/2016:03:25:04 +0100] "HEAD / HTTP/1.1" 200 - "-" "curl/7.38.0"
185.130.5.146 - - [06/Mar/2016:03:25:10 +0100] "HEAD / HTTP/1.1" 200 - "-" "curl/7.38.0"
37.187.56.81 - - [06/Mar/2016:03:30:58 +0100] "GET /robots.txt HTTP/1.0" 404 327 "-" ""
37.187.56.81 - - [06/Mar/2016:03:30:58 +0100] "GET / HTTP/1.1" 206 1229 "-" "Mozilla/5.0 (X11; Ubuntu; Linux x86_64; rv:21.0) Gecko/20100101 Firefox/21.0"
66.249.66.124 - - [06/Mar/2016:04:04:28 +0100] "GET /robots.txt HTTP/1.1" 404 323 "-" "Mozilla/5.0 (compatible; Googlebot/2.1; +http://www.google.com/bot.html)"
66.249.66.124 - - [06/Mar/2016:04:04:28 +0100] "GET / HTTP/1.1" 200 1229 "-" "Mozilla/5.0 (compatible; Googlebot/2.1; +http://www.google.com/bot.html)"
69.30.211.2 - - [06/Mar/2016:04:38:11 +0100] "GET /robots.txt HTTP/1.0" 404 323 "-" "Mozilla/5.0 (compatible; MJ12bot/v1.4.5; http://www.majestic12.co.uk/bot.php?+)"
69.30.211.2 - - [06/Mar/2016:04:38:12 +0100] "GET / HTTP/1.0" 200 1229 "-" "Mozilla/5.0 (compatible; MJ12bot/v1.4.5; http://www.majestic12.co.uk/bot.php?+)"
