31.24.130.117 - - [25/Mar/2016:21:25:03 +0100] "GET / HTTP/1.1" 200 1229 "-" "Mozilla/5.0 (iPad; CPU OS 9_2_1 like Mac OS X) AppleWebKit/601.1.46 (KHTML, like Gecko) Version/9.0 Mobile/13D15 Safari/601.1"
31.24.130.117 - - [25/Mar/2016:21:25:12 +0100] "GET /CHANGELOG.txt HTTP/1.1" 404 318 "-" "Mozilla/5.0 (iPad; CPU OS 9_2_1 like Mac OS X) AppleWebKit/601.1.46 (KHTML, like Gecko) Version/9.0 Mobile/13D15 Safari/601.1"
31.24.130.117 - - [25/Mar/2016:21:25:21 +0100] "GET / HTTP/1.1" 200 1229 "-" "Mozilla/5.0 (Macintosh; Intel Mac OS X 10_10_5) AppleWebKit/537.36 (KHTML, like Gecko) Chrome/48.0.2564.97 Safari/537.36"
31.24.130.117 - - [25/Mar/2016:21:25:29 +0100] "GET /readme.html HTTP/1.1" 404 316 "-" "Mozilla/5.0 (Macintosh; Intel Mac OS X 10_10_5) AppleWebKit/537.36 (KHTML, like Gecko) Chrome/48.0.2564.97 Safari/537.36"
141.212.122.161 - - [25/Mar/2016:21:25:41 +0100] "GET / HTTP/1.1" 200 1229 "-" "Go http package"
115.231.222.14 - - [25/Mar/2016:21:35:53 +0100] "GET http://zc.qq.com/cgi-bin/common/attr?id=260714&r=0.7775209852653650 HTTP/1.1" 404 320 "-" "Mozilla/5.0 (compatible; MSIE 9.0; Windows NT 6.1; Trident/5.0; 360SE)"
115.231.222.14 - - [25/Mar/2016:21:35:54 +0100] "GET http://zc.qq.com/cgi-bin/common/attr?id=260714&r=0.1836792651596366 HTTP/1.1" 404 320 "-" "Mozilla/5.0 (compatible; MSIE 9.0; Windows NT 6.1; Trident/5.0; 360SE)"
64.246.165.140 - - [26/Mar/2016:01:21:03 +0100] "GET /robots.txt HTTP/1.0" 404 334 "-" "Mozilla/5.0 (Windows; U; Windows NT 5.1; en; rv:1.9.0.13) Gecko/2009073022 Firefox/3.5.2 (.NET CLR 3.5.30729) SurveyBot/2.3 (DomainTools)"
64.246.165.140 - - [26/Mar/2016:01:21:03 +0100] "GET / HTTP/1.1" 200 1229 "http://whois.domaintools.com/schraeg-senkrechtaufzuege.de" "Mozilla/5.0 (Windows; U; Windows NT 5.1; en; rv:1.9.0.13) Gecko/2009073022 Firefox/3.5.2 (.NET CLR 3.5.30729) SurveyBot/2.3 (DomainTools)"
185.130.5.146 - - [26/Mar/2016:01:47:37 +0100] "HEAD / HTTP/1.1" 200 - "-" "curl/7.38.0"
185.130.5.146 - - [26/Mar/2016:01:47:45 +0100] "HEAD / HTTP/1.1" 200 - "-" "curl/7.38.0"
185.130.5.146 - - [26/Mar/2016:01:47:46 +0100] "HEAD / HTTP/1.1" 200 - "-" "curl/7.38.0"
185.130.5.146 - - [26/Mar/2016:01:47:47 +0100] "HEAD / HTTP/1.1" 200 - "-" "curl/7.38.0"
185.130.5.146 - - [26/Mar/2016:01:47:49 +0100] "HEAD / HTTP/1.1" 200 - "-" "curl/7.38.0"
185.130.5.146 - - [26/Mar/2016:01:47:55 +0100] "HEAD / HTTP/1.1" 200 - "-" "curl/7.38.0"
185.130.5.146 - - [26/Mar/2016:01:47:57 +0100] "HEAD / HTTP/1.1" 200 - "-" "curl/7.38.0"
142.4.215.116 - - [26/Mar/2016:02:44:36 +0100] "GET /robots.txt HTTP/1.0" 404 337 "-" ""
142.4.215.116 - - [26/Mar/2016:02:44:36 +0100] "GET / HTTP/1.1" 206 1229 "-" "Mozilla/5.0 (X11; Linux i686) AppleWebKit/534.30 (KHTML, like Gecko) Chrome/12.0.742.100 Safari/534.30"
141.212.122.161 - - [26/Mar/2016:03:15:16 +0100] "GET / HTTP/1.1" 200 1229 "-" "Go http package"
158.106.67.170 - - [26/Mar/2016:03:26:38 +0100] "GET /robots.txt HTTP/1.1" 404 323 "-" "LinkWalker/3.0 (http://www.brandprotect.com)"
158.106.67.170 - - [26/Mar/2016:03:26:40 +0100] "GET / HTTP/1.1" 200 1229 "-" "LinkWalker/3.0 (http://www.brandprotect.com)"
115.231.222.14 - - [26/Mar/2016:06:15:29 +0100] "GET http://zc.qq.com/cgi-bin/common/attr?id=260714&r=0.1577959304731730 HTTP/1.1" 404 320 "-" "Mozilla/5.0 (compatible; MSIE 9.0; Windows NT 6.1; Trident/5.0; 360SE)"
157.55.39.124 - - [26/Mar/2016:06:55:03 +0100] "GET /robots.txt HTTP/1.1" 404 323 "-" "Mozilla/5.0 (compatible; bingbot/2.0; +http://www.bing.com/bingbot.htm)"
157.55.39.124 - - [26/Mar/2016:06:56:08 +0100] "GET /index.html HTTP/1.1" 200 1229 "-" "Mozilla/5.0 (iPhone; CPU iPhone OS 7_0 like Mac OS X) AppleWebKit/537.51.1 (KHTML, like Gecko) Version/7.0 Mobile/11A465 Safari/9537.53 (compatible; bingbot/2.0; +http://www.bing.com/bingbot.htm)"
54.178.144.25 - - [26/Mar/2016:07:14:57 +0100] "GET / HTTP/1.0" 200 1229 "-" "-"
94.185.83.100 - - [26/Mar/2016:07:36:53 +0100] "GET http://testp3.pospr.waw.pl/testproxy.php HTTP/1.1" 404 324 "-" "Mozilla/5.0 (Windows NT 5.1; rv:32.0) Gecko/20100101 Firefox/31.0"
94.185.83.100 - - [26/Mar/2016:07:38:13 +0100] "GET http://testp4.pospr.waw.pl/testproxy.php HTTP/1.1" 404 324 "-" "Mozilla/5.0 (Windows NT 5.1; rv:32.0) Gecko/20100101 Firefox/31.0"
185.25.148.240 - - [26/Mar/2016:07:41:04 +0100] "GET http://testp3.pospr.waw.pl/testproxy.php HTTP/1.1" 404 324 "-" "Mozilla/5.0 (Windows NT 5.1; rv:32.0) Gecko/20100101 Firefox/31.0"
94.185.83.100 - - [26/Mar/2016:07:41:37 +0100] "GET http://testp4.pospr.waw.pl/testproxy.php HTTP/1.1" 404 324 "-" "Mozilla/5.0 (Windows NT 5.1; rv:32.0) Gecko/20100101 Firefox/31.0"
185.25.148.240 - - [26/Mar/2016:07:43:37 +0100] "GET http://testp1.piwo.pila.pl/testproxy.php HTTP/1.1" 404 324 "-" "Mozilla/5.0 (Windows NT 5.1; rv:32.0) Gecko/20100101 Firefox/31.0"
185.25.148.240 - - [26/Mar/2016:07:45:21 +0100] "GET http://testp4.pospr.waw.pl/testproxy.php HTTP/1.1" 404 324 "-" "Mozilla/5.0 (Windows NT 5.1; rv:32.0) Gecko/20100101 Firefox/31.0"
185.25.148.240 - - [26/Mar/2016:07:46:07 +0100] "GET http://testp1.piwo.pila.pl/testproxy.php HTTP/1.1" 404 324 "-" "Mozilla/5.0 (Windows NT 5.1; rv:32.0) Gecko/20100101 Firefox/31.0"
185.25.148.240 - - [26/Mar/2016:07:46:25 +0100] "GET http://testp3.pospr.waw.pl/testproxy.php HTTP/1.1" 404 324 "-" "Mozilla/5.0 (Windows NT 5.1; rv:32.0) Gecko/20100101 Firefox/31.0"
185.25.148.240 - - [26/Mar/2016:07:48:02 +0100] "GET http://testp3.pospr.waw.pl/testproxy.php HTTP/1.1" 404 324 "-" "Mozilla/5.0 (Windows NT 5.1; rv:32.0) Gecko/20100101 Firefox/31.0"
185.25.148.240 - - [26/Mar/2016:07:49:39 +0100] "GET http://testp3.pospr.waw.pl/testproxy.php HTTP/1.1" 404 324 "-" "Mozilla/5.0 (Windows NT 5.1; rv:32.0) Gecko/20100101 Firefox/31.0"
213.239.205.207 - - [26/Mar/2016:08:10:16 +0100] "GET /robots.txt HTTP/1.0" 404 334 "-" "Mozilla/5.0 (compatible; MJ12bot/v1.4.5; http://www.majestic12.co.uk/bot.php?+)"
213.239.205.207 - - [26/Mar/2016:08:10:17 +0100] "GET / HTTP/1.0" 200 1229 "-" "Mozilla/5.0 (compatible; MJ12bot/v1.4.5; http://www.majestic12.co.uk/bot.php?+)"
111.248.114.62 - - [26/Mar/2016:09:08:38 +0100] "CONNECT 126mx00.mxmail.netease.com:25 HTTP/1.0" 405 355 "-" "-"
173.208.169.42 - - [26/Mar/2016:09:49:40 +0100] "GET / HTTP/1.1" 200 1229 "-" "Mozilla/37.0.2 (compatible; MSIE 6.0; Windows NT 5.1; SV1; .NET CLR 1.1.4322)"
120.132.50.135 - - [26/Mar/2016:10:00:14 +0100] "GET http://www.qunar.com/ HTTP/1.1" 200 1229 "-" "Mozilla/5.0 (Windows NT 6.1; WOW64; rv:29.0) Gecko/20100101 Firefox/29.0"
115.231.222.14 - - [26/Mar/2016:10:34:57 +0100] "GET http://zc.qq.com/cgi-bin/common/attr?id=260714&r=0.1111762819605719 HTTP/1.1" 404 320 "-" "Mozilla/5.0 (compatible; MSIE 9.0; Windows NT 6.1; Trident/5.0; 360SE)"
169.229.3.91 - - [26/Mar/2016:11:00:39 +0100] ")C&\xf9\xd6\xbc\xd9\x06\x86L\xf2Sf!\xaa~\xca\xf8\x10\x15D\xd6|#=\xf6\xbfv:\xd9'\xa1l\x11\xc5\xc5\xde\xc1" 501 357 "-" "-"
54.208.56.92 - - [26/Mar/2016:11:29:19 +0100] "GET / HTTP/1.0" 200 1229 "-" "-"
54.208.56.92 - - [26/Mar/2016:11:29:20 +0100] "GET /CHANGELOG.txt HTTP/1.1" 404 318 "-" "Mozilla/5.0 (Windows NT 6.3; WOW64; rv:44.0) Gecko/20100101 Firefox/44.0"
54.204.99.142 - - [26/Mar/2016:12:39:36 +0100] "GET / HTTP/1.0" 200 1229 "-" "-"
54.204.99.142 - - [26/Mar/2016:12:39:41 +0100] "GET / HTTP/1.1" 200 1229 "-" "Mozilla/5.0 (X11; Ubuntu; Linux x86_64; rv:43.0) Gecko/20100101 Firefox/43.0"
54.204.99.142 - - [26/Mar/2016:12:39:47 +0100] "GET /CHANGELOG.txt HTTP/1.1" 404 318 "-" "Mozilla/5.0 (X11; Ubuntu; Linux x86_64; rv:43.0) Gecko/20100101 Firefox/43.0"
54.204.99.142 - - [26/Mar/2016:12:39:53 +0100] "GET / HTTP/1.1" 200 1229 "-" "Mozilla/5.0 (Windows NT 6.3; WOW64) AppleWebKit/537.36 (KHTML, like Gecko) Chrome/48.0.2564.103 Safari/537.36"
54.204.99.142 - - [26/Mar/2016:12:39:59 +0100] "GET /readme.html HTTP/1.1" 404 316 "-" "Mozilla/5.0 (Windows NT 6.3; WOW64) AppleWebKit/537.36 (KHTML, like Gecko) Chrome/48.0.2564.103 Safari/537.36"
115.231.222.14 - - [26/Mar/2016:12:45:35 +0100] "GET http://zc.qq.com/cgi-bin/common/attr?id=260714&r=0.6531468934275863 HTTP/1.1" 404 320 "-" "Mozilla/5.0 (compatible; MSIE 9.0; Windows NT 6.1; Trident/5.0; 360SE)"
115.231.222.14 - - [26/Mar/2016:12:45:35 +0100] "GET http://zc.qq.com/cgi-bin/common/attr?id=260714&r=0.2262494985239820 HTTP/1.1" 404 320 "-" "Mozilla/5.0 (compatible; MSIE 9.0; Windows NT 6.1; Trident/5.0; 360SE)"
69.4.81.26 - - [26/Mar/2016:12:50:53 +0100] "GET /etc/lib/pChart2/examples/index.php?Action=View&Script=../../../../cnf/db.php HTTP/1.1" 404 339 "-" "HTTP_Request2/2.3.0 (http://pear.php.net/package/http_request2) PHP/5.3.3"
120.132.50.135 - - [26/Mar/2016:12:58:07 +0100] "GET http://www.qyer.com/ HTTP/1.1" 200 1229 "-" "Mozilla/5.0 (Windows NT 6.1; WOW64; rv:29.0) Gecko/20100101 Firefox/29.0"
69.195.124.64 - - [26/Mar/2016:13:02:31 +0100] "HEAD / HTTP/1.0" 200 - "-" "-"
69.195.124.64 - - [26/Mar/2016:13:02:31 +0100] "HEAD / HTTP/1.0" 200 - "-" "-"
69.195.124.64 - - [26/Mar/2016:13:02:31 +0100] "HEAD / HTTP/1.0" 200 - "-" "-"
69.195.124.64 - - [26/Mar/2016:13:02:31 +0100] "HEAD / HTTP/1.0" 200 - "-" "-"
69.195.124.64 - - [26/Mar/2016:13:02:31 +0100] "HEAD / HTTP/1.0" 200 - "-" "-"
69.195.124.64 - - [26/Mar/2016:13:02:31 +0100] "HEAD / HTTP/1.0" 200 - "-" "-"
69.195.124.64 - - [26/Mar/2016:13:02:31 +0100] "HEAD / HTTP/1.0" 200 - "-" "-"
69.195.124.64 - - [26/Mar/2016:13:02:31 +0100] "HEAD / HTTP/1.0" 200 - "-" "-"
69.195.124.64 - - [26/Mar/2016:13:02:31 +0100] "HEAD / HTTP/1.0" 200 - "-" "-"
69.195.124.64 - - [26/Mar/2016:13:02:31 +0100] "HEAD / HTTP/1.0" 200 - "-" "-"
157.55.39.190 - - [26/Mar/2016:13:11:25 +0100] "GET /robots.txt HTTP/1.1" 404 333 "-" "Mozilla/5.0 (compatible; bingbot/2.0; +http://www.bing.com/bingbot.htm)"
157.55.39.190 - - [26/Mar/2016:13:11:42 +0100] "GET / HTTP/1.1" 200 1229 "-" "Mozilla/5.0 (iPhone; CPU iPhone OS 7_0 like Mac OS X) AppleWebKit/537.51.1 (KHTML, like Gecko) Version/7.0 Mobile/11A465 Safari/9537.53 (compatible; bingbot/2.0; +http://www.bing.com/bingbot.htm)"
54.165.140.227 - - [26/Mar/2016:13:34:22 +0100] "GET / HTTP/1.0" 200 1229 "-" "-"
54.165.140.227 - - [26/Mar/2016:13:34:23 +0100] "GET / HTTP/1.1" 200 1229 "-" "Mozilla/5.0 (Windows NT 10.0; WOW64) AppleWebKit/537.36 (KHTML, like Gecko) Chrome/47.0.2526.111 Safari/537.36"
54.165.140.227 - - [26/Mar/2016:13:34:24 +0100] "GET /CHANGELOG.txt HTTP/1.1" 404 318 "-" "Mozilla/5.0 (Windows NT 10.0; WOW64) AppleWebKit/537.36 (KHTML, like Gecko) Chrome/47.0.2526.111 Safari/537.36"
54.165.140.227 - - [26/Mar/2016:13:34:25 +0100] "GET / HTTP/1.1" 200 1229 "-" "Mozilla/5.0 (X11; Linux x86_64) AppleWebKit/537.36 (KHTML, like Gecko) Chrome/48.0.2564.82 Safari/537.36"
213.208.189.131 - - [26/Mar/2016:14:06:31 +0100] "GET / HTTP/1.0" 200 1229 "-" "-"
213.208.189.131 - - [26/Mar/2016:14:07:08 +0100] "GET /CHANGELOG.txt HTTP/1.1" 404 318 "-" "Mozilla/5.0 (Windows NT 6.1; WOW64) AppleWebKit/537.36 (KHTML, like Gecko) Chrome/48.0.2564.109 Safari/537.36"
213.208.189.131 - - [26/Mar/2016:14:07:14 +0100] "GET / HTTP/1.1" 200 1229 "-" "Mozilla/5.0 (Windows NT 6.3; WOW64) AppleWebKit/537.36 (KHTML, like Gecko) Chrome/48.0.2564.97 Safari/537.36"
213.208.189.131 - - [26/Mar/2016:14:07:20 +0100] "GET /readme.html HTTP/1.1" 404 316 "-" "Mozilla/5.0 (Windows NT 6.3; WOW64) AppleWebKit/537.36 (KHTML, like Gecko) Chrome/48.0.2564.97 Safari/537.36"
190.77.239.165 - - [26/Mar/2016:14:33:19 +0100] "GET /phpMyAdmin/scripts/setup.php HTTP/1.1" 404 333 "-" "-"
190.77.239.165 - - [26/Mar/2016:14:33:24 +0100] "GET /pma/scripts/setup.php HTTP/1.1" 404 326 "-" "-"
190.77.239.165 - - [26/Mar/2016:14:33:29 +0100] "GET /myadmin/scripts/setup.php HTTP/1.1" 404 330 "-" "-"
115.231.222.14 - - [26/Mar/2016:14:55:15 +0100] "GET http://zc.qq.com/cgi-bin/common/attr?id=260714&r=0.2979918234501463 HTTP/1.1" 404 320 "-" "Mozilla/5.0 (compatible; MSIE 9.0; Windows NT 6.1; Trident/5.0; 360SE)"
155.94.254.143 - - [26/Mar/2016:15:34:03 +0100] "GET / HTTP/1.1" 200 1229 "-" "Mozilla/5.0 Project 25499 (project25499.com)"
123.59.59.52 - - [26/Mar/2016:16:37:13 +0100] "GET http://www.ctrip.com/ HTTP/1.1" 200 1229 "-" "Mozilla/5.0 (Windows NT 6.1; WOW64; rv:29.0) Gecko/20100101 Firefox/29.0"
69.197.185.20 - - [26/Mar/2016:16:43:28 +0100] "GET / HTTP/1.1" 200 1229 "-" "Mozilla/4.0 (compatible; MSIE 8.0; Windows NT 6.1; Trident/4.0; SLCC2; .NET CLR 2.0.50727; .NET CLR 3.5.30729; .NET CLR 3.0.30729; Media Center PC 6.0)"
183.206.161.62 - - [26/Mar/2016:16:46:54 +0100] "GET /fckeditor/editor/ HTTP/1.1" 404 322 "-" "compatible;Baiduspider/2.0; +http://www.baidu.com/search/spider.html"
107.150.32.58 - - [26/Mar/2016:17:01:37 +0100] "GET / HTTP/1.1" 200 1229 "-" "Mozilla/4.0 (compatible; MSIE 8.0; Windows NT 6.1; Trident/4.0; SLCC2; .NET CLR 2.0.50727; .NET CLR 3.5.30729; .NET CLR 3.0.30729; Media Center PC 6.0)"
107.150.42.36 - - [26/Mar/2016:17:07:25 +0100] "GET / HTTP/1.1" 200 1229 "-" "Mozilla/4.0 (compatible; MSIE 8.0; Windows NT 6.1; Trident/4.0; SLCC2; .NET CLR 2.0.50727; .NET CLR 3.5.30729; .NET CLR 3.0.30729; Media Center PC 6.0)"
69.197.185.22 - - [26/Mar/2016:17:28:40 +0100] "GET / HTTP/1.1" 200 1229 "-" "Mozilla/4.0 (compatible; MSIE 8.0; Windows NT 6.1; Trident/4.0; SLCC2; .NET CLR 2.0.50727; .NET CLR 3.5.30729; .NET CLR 3.0.30729; Media Center PC 6.0)"
107.150.32.62 - - [26/Mar/2016:17:43:34 +0100] "GET / HTTP/1.1" 200 1229 "-" "Mozilla/4.0 (compatible; MSIE 8.0; Windows NT 6.1; Trident/4.0; SLCC2; .NET CLR 2.0.50727; .NET CLR 3.5.30729; .NET CLR 3.0.30729; Media Center PC 6.0)"
155.94.254.143 - - [26/Mar/2016:17:49:47 +0100] "GET / HTTP/1.1" 200 1229 "-" "Mozilla/5.0 Project 25499 (project25499.com)"
213.240.61.63 - - [26/Mar/2016:18:40:51 +0100] "GET / HTTP/1.0" 200 1229 "-" "-"
213.240.61.63 - - [26/Mar/2016:18:40:55 +0100] "GET / HTTP/1.1" 200 1229 "-" "Mozilla/5.0 (Macintosh; Intel Mac OS X 10.10; rv:43.0) Gecko/20100101 Firefox/43.0"
213.240.61.63 - - [26/Mar/2016:18:40:58 +0100] "GET /CHANGELOG.txt HTTP/1.1" 404 318 "-" "Mozilla/5.0 (Macintosh; Intel Mac OS X 10.10; rv:43.0) Gecko/20100101 Firefox/43.0"
213.240.61.63 - - [26/Mar/2016:18:41:04 +0100] "GET / HTTP/1.1" 200 1229 "-" "Mozilla/5.0 (Windows NT 6.1; WOW64; rv:43.0) Gecko/20100101 Firefox/43.0"
183.206.161.62 - - [26/Mar/2016:19:11:45 +0100] "GET /admin/fckeditor/editor/ HTTP/1.1" 404 328 "-" "compatible;Baiduspider/2.0; +http://www.baidu.com/search/spider.html"
115.231.222.14 - - [26/Mar/2016:19:14:22 +0100] "GET http://zc.qq.com/cgi-bin/common/attr?id=260714&r=0.1518061094146398 HTTP/1.1" 404 320 "-" "Mozilla/5.0 (compatible; MSIE 9.0; Windows NT 6.1; Trident/5.0; 360SE)"
115.231.222.14 - - [26/Mar/2016:19:14:32 +0100] "GET http://zc.qq.com/cgi-bin/common/attr?id=260714&r=0.2814410677591771 HTTP/1.1" 404 320 "-" "Mozilla/5.0 (compatible; MSIE 9.0; Windows NT 6.1; Trident/5.0; 360SE)"
107.150.32.60 - - [26/Mar/2016:19:45:37 +0100] "GET / HTTP/1.1" 200 1229 "-" "Mozilla/4.0 (compatible; MSIE 8.0; Windows NT 6.1; Trident/4.0; SLCC2; .NET CLR 2.0.50727; .NET CLR 3.5.30729; .NET CLR 3.0.30729; Media Center PC 6.0)"
36.225.234.207 - - [26/Mar/2016:19:49:10 +0100] "CONNECT vip163mx01.mxmail.netease.com:25 HTTP/1.0" 405 358 "-" "-"
36.225.234.207 - - [26/Mar/2016:19:49:14 +0100] "CONNECT vip163mx01.mxmail.netease.com:25 HTTP/1.0" 405 358 "-" "-"
36.225.234.207 - - [26/Mar/2016:19:49:16 +0100] "CONNECT vip163mx01.mxmail.netease.com:25 HTTP/1.0" 405 358 "-" "-"
36.225.234.207 - - [26/Mar/2016:19:49:27 +0100] "CONNECT vip163mx01.mxmail.netease.com:25 HTTP/1.0" 405 358 "-" "-"
36.225.234.207 - - [26/Mar/2016:19:49:29 +0100] "CONNECT vip163mx01.mxmail.netease.com:25 HTTP/1.0" 405 358 "-" "-"
36.225.234.207 - - [26/Mar/2016:19:49:30 +0100] "CONNECT vip163mx01.mxmail.netease.com:25 HTTP/1.0" 405 358 "-" "-"
36.225.234.207 - - [26/Mar/2016:19:49:30 +0100] "CONNECT vip163mx01.mxmail.netease.com:25 HTTP/1.0" 405 358 "-" "-"
36.225.234.207 - - [26/Mar/2016:19:49:33 +0100] "CONNECT vip163mx01.mxmail.netease.com:25 HTTP/1.0" 405 358 "-" "-"
71.6.135.131 - - [26/Mar/2016:20:18:11 +0100] "GET / HTTP/1.1" 200 1229 "-" "-"
71.6.135.131 - - [26/Mar/2016:20:18:12 +0100] "GET /robots.txt HTTP/1.1" 404 315 "-" "-"
71.6.135.131 - - [26/Mar/2016:20:18:12 +0100] "GET /sitemap.xml HTTP/1.1" 404 316 "-" "-"
71.6.135.131 - - [26/Mar/2016:20:18:32 +0100] "GET / HTTP/1.1" 200 1229 "-" "-"
183.206.161.62 - - [26/Mar/2016:21:28:33 +0100] "GET /scripts/fckeditor/editor/ HTTP/1.1" 404 330 "-" "compatible;Baiduspider/2.0; +http://www.baidu.com/search/spider.html"
107.150.32.62 - - [26/Mar/2016:21:54:34 +0100] "GET / HTTP/1.1" 200 1229 "-" "Mozilla/4.0 (compatible; MSIE 8.0; Windows NT 6.1; Trident/4.0; SLCC2; .NET CLR 2.0.50727; .NET CLR 3.5.30729; .NET CLR 3.0.30729; Media Center PC 6.0)"
69.197.185.22 - - [26/Mar/2016:22:43:12 +0100] "GET / HTTP/1.1" 200 1229 "-" "Mozilla/4.0 (compatible; MSIE 8.0; Windows NT 6.1; Trident/4.0; SLCC2; .NET CLR 2.0.50727; .NET CLR 3.5.30729; .NET CLR 3.0.30729; Media Center PC 6.0)"
159.90.128.116 - - [26/Mar/2016:22:49:40 +0100] "GET / HTTP/1.0" 200 1229 "-" "-"
159.90.128.116 - - [26/Mar/2016:22:49:48 +0100] "GET / HTTP/1.1" 200 1229 "-" "Mozilla/5.0 (Windows NT 10.0; Win64; x64) AppleWebKit/537.36 (KHTML, like Gecko) Chrome/46.0.2486.0 Safari/537.36 Edge/13.10586"
159.90.128.116 - - [26/Mar/2016:22:49:55 +0100] "GET /CHANGELOG.txt HTTP/1.1" 404 318 "-" "Mozilla/5.0 (Windows NT 10.0; Win64; x64) AppleWebKit/537.36 (KHTML, like Gecko) Chrome/46.0.2486.0 Safari/537.36 Edge/13.10586"
159.90.128.116 - - [26/Mar/2016:22:50:02 +0100] "GET / HTTP/1.1" 200 1229 "-" "Mozilla/5.0 (Windows NT 6.3; WOW64) AppleWebKit/537.36 (KHTML, like Gecko) Chrome/48.0.2564.103 Safari/537.36"
159.90.128.116 - - [26/Mar/2016:22:50:09 +0100] "GET /readme.html HTTP/1.1" 404 316 "-" "Mozilla/5.0 (Windows NT 6.3; WOW64) AppleWebKit/537.36 (KHTML, like Gecko) Chrome/48.0.2564.103 Safari/537.36"
69.197.185.22 - - [26/Mar/2016:22:59:03 +0100] "GET / HTTP/1.1" 200 1229 "-" "Mozilla/4.0 (compatible; MSIE 8.0; Windows NT 6.1; Trident/4.0; SLCC2; .NET CLR 2.0.50727; .NET CLR 3.5.30729; .NET CLR 3.0.30729; Media Center PC 6.0)"
107.150.46.38 - - [26/Mar/2016:23:01:11 +0100] "GET / HTTP/1.1" 200 1229 "-" "Mozilla/4.0 (compatible; MSIE 8.0; Windows NT 6.1; Trident/4.0; SLCC2; .NET CLR 2.0.50727; .NET CLR 3.5.30729; .NET CLR 3.0.30729; Media Center PC 6.0)"
183.206.161.62 - - [26/Mar/2016:23:50:48 +0100] "GET /includes/fckeditor/editor/ HTTP/1.1" 404 331 "-" "compatible;Baiduspider/2.0; +http://www.baidu.com/search/spider.html"
162.221.174.70 - - [26/Mar/2016:23:59:13 +0100] "GET / HTTP/1.0" 200 1229 "-" "-"
162.221.174.70 - - [26/Mar/2016:23:59:14 +0100] "GET / HTTP/1.1" 200 1229 "-" "Mozilla/5.0 (Macintosh; Intel Mac OS X 10.11; rv:43.0) Gecko/20100101 Firefox/43.0"
162.221.174.70 - - [26/Mar/2016:23:59:15 +0100] "GET / HTTP/1.1" 200 1229 "-" "Mozilla/5.0 (Windows NT 6.1; WOW64; rv:44.0) Gecko/20100101 Firefox/44.0"
162.221.174.70 - - [26/Mar/2016:23:59:16 +0100] "GET /readme.html HTTP/1.1" 404 316 "-" "Mozilla/5.0 (Windows NT 6.1; WOW64; rv:44.0) Gecko/20100101 Firefox/44.0"
73.149.176.155 - - [27/Mar/2016:00:03:15 +0100] "\xa3" 501 316 "-" "-"
62.212.73.211 - - [27/Mar/2016:00:20:40 +0100] "GET /robots.txt HTTP/1.0" 404 323 "-" "Mozilla/5.0 (compatible; MJ12bot/v1.4.5; http://www.majestic12.co.uk/bot.php?+)"
62.212.73.211 - - [27/Mar/2016:00:20:42 +0100] "GET / HTTP/1.0" 200 1229 "-" "Mozilla/5.0 (compatible; MJ12bot/v1.4.5; http://www.majestic12.co.uk/bot.php?+)"
71.6.135.131 - - [27/Mar/2016:00:32:21 +0100] "GET / HTTP/1.1" 200 1229 "-" "-"
62.212.73.211 - - [27/Mar/2016:00:54:21 +0100] "GET /robots.txt HTTP/1.0" 404 327 "-" "Mozilla/5.0 (compatible; MJ12bot/v1.4.5; http://www.majestic12.co.uk/bot.php?+)"
62.212.73.211 - - [27/Mar/2016:00:54:23 +0100] "GET / HTTP/1.0" 200 1229 "-" "Mozilla/5.0 (compatible; MJ12bot/v1.4.5; http://www.majestic12.co.uk/bot.php?+)"
5.189.158.204 - - [27/Mar/2016:01:17:08 +0100] "HEAD / HTTP/1.1" 200 - "-" "Mozilla/5.0 (Windows NT 6.1; WOW64) AppleWebKit/537.31 (KHTML, like Gecko) Chrome/26.0.1410.64 Safari/537.31"
115.231.222.14 - - [27/Mar/2016:01:42:10 +0100] "GET http://zc.qq.com/cgi-bin/common/attr?id=260714&r=0.1475497645798378 HTTP/1.1" 404 320 "-" "Mozilla/5.0 (compatible; MSIE 9.0; Windows NT 6.1; Trident/5.0; 360SE)"
115.231.222.14 - - [27/Mar/2016:01:42:10 +0100] "GET http://zc.qq.com/cgi-bin/common/attr?id=260714&r=0.6306630841334686 HTTP/1.1" 404 320 "-" "Mozilla/5.0 (compatible; MSIE 9.0; Windows NT 6.1; Trident/5.0; 360SE)"
115.231.222.14 - - [27/Mar/2016:01:42:10 +0100] "GET http://zc.qq.com/cgi-bin/common/attr?id=260714&r=0.5740866093137300 HTTP/1.1" 404 320 "-" "Mozilla/5.0 (compatible; MSIE 9.0; Windows NT 6.1; Trident/5.0; 360SE)"
208.94.36.115 - - [27/Mar/2016:01:49:47 +0100] "GET / HTTP/1.0" 200 1229 "-" "-"
208.94.36.115 - - [27/Mar/2016:01:49:49 +0100] "GET / HTTP/1.1" 200 1229 "-" "Mozilla/5.0 (Windows NT 10.0; WOW64) AppleWebKit/537.36 (KHTML, like Gecko) Chrome/48.0.2564.103 Safari/537.36"
208.94.36.115 - - [27/Mar/2016:01:49:51 +0100] "GET /CHANGELOG.txt HTTP/1.1" 404 318 "-" "Mozilla/5.0 (Windows NT 10.0; WOW64) AppleWebKit/537.36 (KHTML, like Gecko) Chrome/48.0.2564.103 Safari/537.36"
208.94.36.115 - - [27/Mar/2016:01:49:53 +0100] "GET / HTTP/1.1" 200 1229 "-" "Mozilla/5.0 (Windows NT 6.1; WOW64) AppleWebKit/537.36 (KHTML, like Gecko) Chrome/48.0.2564.103 Safari/537.36"
208.94.36.115 - - [27/Mar/2016:01:49:54 +0100] "GET /readme.html HTTP/1.1" 404 316 "-" "Mozilla/5.0 (Windows NT 6.1; WOW64) AppleWebKit/537.36 (KHTML, like Gecko) Chrome/48.0.2564.103 Safari/537.36"
42.96.170.226 - - [27/Mar/2016:01:57:32 +0100] "GET / HTTP/1.0" 200 1229 "-" "-"
42.96.170.226 - - [27/Mar/2016:01:57:33 +0100] "GET / HTTP/1.1" 200 1229 "-" "Mozilla/5.0 (Macintosh; Intel Mac OS X 10.11; rv:44.0) Gecko/20100101 Firefox/44.0"
42.96.170.226 - - [27/Mar/2016:01:57:35 +0100] "GET / HTTP/1.1" 200 1229 "-" "Mozilla/5.0 (iPad; CPU OS 9_2_1 like Mac OS X) AppleWebKit/601.1.46 (KHTML, like Gecko) Version/9.0 Mobile/13D15 Safari/601.1"
183.206.161.62 - - [27/Mar/2016:03:14:59 +0200] "GET /editor/fckeditor/editor/ HTTP/1.1" 404 329 "-" "compatible;Baiduspider/2.0; +http://www.baidu.com/search/spider.html"
36.229.235.123 - - [27/Mar/2016:03:15:16 +0200] "CONNECT vip163mx00.mxmail.netease.com:25 HTTP/1.0" 405 358 "-" "-"
115.231.222.14 - - [27/Mar/2016:04:52:41 +0200] "GET http://zc.qq.com/cgi-bin/common/attr?id=260714&r=0.0636884759824920 HTTP/1.1" 404 320 "-" "Mozilla/5.0 (compatible; MSIE 9.0; Windows NT 6.1; Trident/5.0; 360SE)"
202.112.51.96 - - [27/Mar/2016:05:10:48 +0200] "GET / HTTP/1.1" 200 1229 "-" "-"
202.112.51.96 - - [27/Mar/2016:05:28:07 +0200] "GET / HTTP/1.1" 200 1229 "-" "-"
155.94.254.143 - - [27/Mar/2016:05:30:01 +0200] "GET / HTTP/1.1" 200 1229 "-" "Mozilla/5.0 Project 25499 (project25499.com)"
202.112.51.96 - - [27/Mar/2016:05:31:51 +0200] "GET / HTTP/1.1" 200 1229 "-" "-"
202.112.51.96 - - [27/Mar/2016:05:33:34 +0200] "GET / HTTP/1.1" 200 1229 "-" "-"
202.112.51.96 - - [27/Mar/2016:05:35:47 +0200] "GET / HTTP/1.1" 200 1229 "-" "-"
202.112.51.96 - - [27/Mar/2016:05:40:52 +0200] "GET / HTTP/1.1" 200 1229 "-" "-"
202.112.51.96 - - [27/Mar/2016:05:41:44 +0200] "GET / HTTP/1.1" 200 1229 "-" "-"
36.229.235.210 - - [27/Mar/2016:05:41:54 +0200] "CONNECT 163mx01.mxmail.netease.com:25 HTTP/1.0" 405 355 "-" "-"
202.112.51.96 - - [27/Mar/2016:05:47:48 +0200] "GET / HTTP/1.1" 200 1229 "-" "-"
202.112.51.96 - - [27/Mar/2016:05:48:55 +0200] "GET / HTTP/1.1" 200 1229 "-" "-"
202.112.51.96 - - [27/Mar/2016:05:53:34 +0200] "GET / HTTP/1.1" 200 1229 "-" "-"
183.206.161.62 - - [27/Mar/2016:06:00:07 +0200] "GET /editor/editor/ HTTP/1.1" 404 319 "-" "compatible;Baiduspider/2.0; +http://www.baidu.com/search/spider.html"
121.199.181.180 - - [27/Mar/2016:06:09:05 +0200] "GET /phpMyAdmin/scripts/setup.php HTTP/1.1" 404 333 "-" "-"
121.199.181.180 - - [27/Mar/2016:06:09:16 +0200] "GET /pma/scripts/setup.php HTTP/1.1" 404 326 "-" "-"
121.199.181.180 - - [27/Mar/2016:06:09:26 +0200] "GET /myadmin/scripts/setup.php HTTP/1.1" 404 330 "-" "-"
120.132.50.135 - - [27/Mar/2016:06:18:13 +0200] "GET http://www.ctrip.com/ HTTP/1.1" 200 1229 "-" "Mozilla/5.0 (Windows NT 6.1; WOW64; rv:29.0) Gecko/20100101 Firefox/29.0"
81.169.243.32 - - [27/Mar/2016:07:41:13 +0200] "GET / HTTP/1.0" 200 1229 "-" "-"
81.169.243.32 - - [27/Mar/2016:07:41:18 +0200] "GET / HTTP/1.1" 200 1229 "-" "Mozilla/5.0 (Windows NT 6.1) AppleWebKit/537.36 (KHTML, like Gecko) Chrome/48.0.2564.109 Safari/537.36"
81.169.243.32 - - [27/Mar/2016:07:41:24 +0200] "GET /CHANGELOG.txt HTTP/1.1" 404 318 "-" "Mozilla/5.0 (Windows NT 6.1) AppleWebKit/537.36 (KHTML, like Gecko) Chrome/48.0.2564.109 Safari/537.36"
81.169.243.32 - - [27/Mar/2016:07:41:40 +0200] "GET / HTTP/1.1" 200 1229 "-" "Mozilla/5.0 (Windows NT 6.3; WOW64; rv:43.0) Gecko/20100101 Firefox/43.0"
81.169.243.32 - - [27/Mar/2016:07:41:47 +0200] "GET /readme.html HTTP/1.1" 404 316 "-" "Mozilla/5.0 (Windows NT 6.3; WOW64; rv:43.0) Gecko/20100101 Firefox/43.0"
69.197.189.142 - - [27/Mar/2016:07:50:01 +0200] "GET / HTTP/1.1" 200 1229 "-" "Mozilla/4.0 (compatible; MSIE 8.0; Windows NT 6.1; Trident/4.0; SLCC2; .NET CLR 2.0.50727; .NET CLR 3.5.30729; .NET CLR 3.0.30729; Media Center PC 6.0)"
74.91.18.44 - - [27/Mar/2016:08:05:23 +0200] "GET / HTTP/1.1" 200 1229 "-" "Mozilla/4.0 (compatible; MSIE 8.0; Windows NT 6.1; Trident/4.0; SLCC2; .NET CLR 2.0.50727; .NET CLR 3.5.30729; .NET CLR 3.0.30729; Media Center PC 6.0)"
69.197.189.139 - - [27/Mar/2016:08:08:10 +0200] "GET / HTTP/1.1" 200 1229 "-" "Mozilla/4.0 (compatible; MSIE 8.0; Windows NT 6.1; Trident/4.0; SLCC2; .NET CLR 2.0.50727; .NET CLR 3.5.30729; .NET CLR 3.0.30729; Media Center PC 6.0)"
212.91.246.72 - - [27/Mar/2016:08:15:02 +0200] "GET / HTTP/1.1" 200 1229 "-" "Mozilla/5.0 (compatible; PRTG Network Monitor V16.1.21.1422; Windows)"
212.91.246.72 - - [27/Mar/2016:08:15:21 +0200] "GET / HTTP/1.1" 200 1229 "-" "Mozilla/5.0 (compatible; PRTG Network Monitor V16.1.21.1422; Windows)"
74.91.23.108 - - [27/Mar/2016:08:27:14 +0200] "GET / HTTP/1.1" 200 1229 "-" "Mozilla/4.0 (compatible; MSIE 8.0; Windows NT 6.1; Trident/4.0; SLCC2; .NET CLR 2.0.50727; .NET CLR 3.5.30729; .NET CLR 3.0.30729; Media Center PC 6.0)"
183.206.161.62 - - [27/Mar/2016:08:39:45 +0200] "GET /editorold/editor/ HTTP/1.1" 404 322 "-" "compatible;Baiduspider/2.0; +http://www.baidu.com/search/spider.html"
69.197.189.141 - - [27/Mar/2016:08:40:40 +0200] "GET / HTTP/1.1" 200 1229 "-" "Mozilla/4.0 (compatible; MSIE 8.0; Windows NT 6.1; Trident/4.0; SLCC2; .NET CLR 2.0.50727; .NET CLR 3.5.30729; .NET CLR 3.0.30729; Media Center PC 6.0)"
115.231.222.14 - - [27/Mar/2016:09:12:11 +0200] "GET http://zc.qq.com/cgi-bin/common/attr?id=260714&r=0.0568387429510180 HTTP/1.1" 404 320 "-" "Mozilla/5.0 (compatible; MSIE 9.0; Windows NT 6.1; Trident/5.0; 360SE)"
111.248.113.26 - - [27/Mar/2016:10:23:33 +0200] "CONNECT vip163mx00.mxmail.netease.com:25 HTTP/1.0" 405 358 "-" "-"
74.91.18.44 - - [27/Mar/2016:10:24:27 +0200] "GET / HTTP/1.1" 200 1229 "-" "Mozilla/4.0 (compatible; MSIE 8.0; Windows NT 6.1; Trident/4.0; SLCC2; .NET CLR 2.0.50727; .NET CLR 3.5.30729; .NET CLR 3.0.30729; Media Center PC 6.0)"
123.59.59.52 - - [27/Mar/2016:11:51:45 +0200] "GET http://www.qyer.com/ HTTP/1.1" 200 1229 "-" "Mozilla/5.0 (Windows NT 6.1; WOW64; rv:29.0) Gecko/20100101 Firefox/29.0"
52.36.174.98 - - [27/Mar/2016:12:14:35 +0200] "GET / HTTP/1.0" 200 1229 "-" "-"
52.36.174.98 - - [27/Mar/2016:12:15:26 +0200] "GET /readme.html HTTP/1.1" 404 316 "-" "Mozilla/5.0 (Windows NT 6.3; WOW64) AppleWebKit/537.36 (KHTML, like Gecko) Chrome/48.0.2564.109 Safari/537.36"
74.91.18.46 - - [27/Mar/2016:12:17:27 +0200] "GET / HTTP/1.1" 200 1229 "-" "Mozilla/4.0 (compatible; MSIE 8.0; Windows NT 6.1; Trident/4.0; SLCC2; .NET CLR 2.0.50727; .NET CLR 3.5.30729; .NET CLR 3.0.30729; Media Center PC 6.0)"
74.91.20.198 - - [27/Mar/2016:12:58:36 +0200] "GET / HTTP/1.1" 200 1229 "-" "Mozilla/4.0 (compatible; MSIE 8.0; Windows NT 6.1; Trident/4.0; SLCC2; .NET CLR 2.0.50727; .NET CLR 3.5.30729; .NET CLR 3.0.30729; Media Center PC 6.0)"
169.229.3.91 - - [27/Mar/2016:13:01:26 +0200] "\xfd8\x9b\x9f9Cv\xb7\xb4:cS\x02\xc7d`\x174E\x12\x06\x81\x15\xd5%u\xb9S\xfa\xd7\x9fLq6?\xfby\x8e\x8a\x8cV\xc6\xdai" 501 359 "-" "-"
141.212.122.129 - - [27/Mar/2016:13:12:26 +0200] "GET /x HTTP/1.1" 400 329 "-" "Telesphoreo"
69.197.189.139 - - [27/Mar/2016:13:12:30 +0200] "GET / HTTP/1.1" 200 1229 "-" "Mozilla/4.0 (compatible; MSIE 8.0; Windows NT 6.1; Trident/4.0; SLCC2; .NET CLR 2.0.50727; .NET CLR 3.5.30729; .NET CLR 3.0.30729; Media Center PC 6.0)"
45.79.145.96 - - [27/Mar/2016:13:13:13 +0200] "GET / HTTP/1.0" 200 1229 "-" "-"
45.79.145.96 - - [27/Mar/2016:13:13:24 +0200] "GET / HTTP/1.1" 200 1229 "-" "Mozilla/5.0 (Windows NT 6.3; WOW64) AppleWebKit/537.36 (KHTML, like Gecko) Chrome/47.0.2526.111 Safari/537.36"
45.79.145.96 - - [27/Mar/2016:13:13:30 +0200] "GET /CHANGELOG.txt HTTP/1.1" 404 318 "-" "Mozilla/5.0 (Windows NT 6.3; WOW64) AppleWebKit/537.36 (KHTML, like Gecko) Chrome/47.0.2526.111 Safari/537.36"
45.79.145.96 - - [27/Mar/2016:13:13:36 +0200] "GET / HTTP/1.1" 200 1229 "-" "Mozilla/5.0 (Windows NT 10.0; WOW64) AppleWebKit/537.36 (KHTML, like Gecko) Chrome/48.0.2564.97 Safari/537.36"
45.79.145.96 - - [27/Mar/2016:13:13:42 +0200] "GET /readme.html HTTP/1.1" 404 316 "-" "Mozilla/5.0 (Windows NT 10.0; WOW64) AppleWebKit/537.36 (KHTML, like Gecko) Chrome/48.0.2564.97 Safari/537.36"
74.91.23.110 - - [27/Mar/2016:13:13:45 +0200] "GET / HTTP/1.1" 200 1229 "-" "Mozilla/4.0 (compatible; MSIE 8.0; Windows NT 6.1; Trident/4.0; SLCC2; .NET CLR 2.0.50727; .NET CLR 3.5.30729; .NET CLR 3.0.30729; Media Center PC 6.0)"
115.231.222.14 - - [27/Mar/2016:13:31:47 +0200] "GET http://zc.qq.com/cgi-bin/common/attr?id=260714&r=0.7525462427263926 HTTP/1.1" 404 320 "-" "Mozilla/5.0 (compatible; MSIE 9.0; Windows NT 6.1; Trident/5.0; 360SE)"
141.212.122.129 - - [27/Mar/2016:13:57:16 +0200] "GET /x HTTP/1.1" 400 329 "-" "Telesphoreo"
141.212.122.129 - - [27/Mar/2016:14:08:14 +0200] "GET /x HTTP/1.1" 400 329 "-" "Telesphoreo"
45.79.152.119 - - [27/Mar/2016:14:30:01 +0200] "GET / HTTP/1.0" 200 1229 "-" "-"
45.79.152.119 - - [27/Mar/2016:14:30:01 +0200] "GET / HTTP/1.1" 200 1229 "-" "Mozilla/5.0 (Windows NT 6.1; WOW64; Trident/7.0; rv:11.0) like Gecko"
45.79.152.119 - - [27/Mar/2016:14:30:02 +0200] "GET /CHANGELOG.txt HTTP/1.1" 404 318 "-" "Mozilla/5.0 (Windows NT 6.1; WOW64; Trident/7.0; rv:11.0) like Gecko"
45.79.152.119 - - [27/Mar/2016:14:30:03 +0200] "GET /readme.html HTTP/1.1" 404 316 "-" "Mozilla/5.0 (Windows NT 10.0; WOW64) AppleWebKit/537.36 (KHTML, like Gecko) Chrome/48.0.2564.109 Safari/537.36"
120.202.98.189 - - [27/Mar/2016:15:13:53 +0200] "GET / HTTP/1.1" 200 1229 "-" "Mozilla/5.0 (Windows NT 5.1; rv:9.0.1) Gecko/20100101 Firefox/9.0.1"
120.202.98.189 - - [27/Mar/2016:15:13:53 +0200] "GET / HTTP/1.1" 200 1229 "-" "Mozilla/5.0 (Windows NT 5.1; rv:9.0.1) Gecko/20100101 Firefox/9.0.1"
120.202.98.189 - - [27/Mar/2016:15:13:53 +0200] "GET / HTTP/1.1" 200 1229 "-" "Mozilla/5.0 (Windows NT 5.1; rv:9.0.1) Gecko/20100101 Firefox/9.0.1"
120.202.98.189 - - [27/Mar/2016:15:13:53 +0200] "GET /HNAP1/ HTTP/1.1" 404 311 "-" "Mozilla/5.0 (Windows NT 5.1; rv:9.0.1) Gecko/20100101 Firefox/9.0.1"
120.202.98.189 - - [27/Mar/2016:15:13:54 +0200] "GET /HNAP1/ HTTP/1.1" 404 311 "-" "Mozilla/5.0 (Windows NT 5.1; rv:9.0.1) Gecko/20100101 Firefox/9.0.1"
120.202.98.189 - - [27/Mar/2016:15:13:54 +0200] "GET / HTTP/1.1" 200 1229 "-" "Mozilla/5.0 (Windows NT 5.1; rv:9.0.1) Gecko/20100101 Firefox/9.0.1"
120.202.98.189 - - [27/Mar/2016:15:13:54 +0200] "GET /HNAP1/ HTTP/1.1" 404 311 "-" "Mozilla/5.0 (Windows NT 5.1; rv:9.0.1) Gecko/20100101 Firefox/9.0.1"
120.202.98.189 - - [27/Mar/2016:15:13:54 +0200] "GET / HTTP/1.1" 200 1229 "-" "Mozilla/5.0 (Windows NT 5.1; rv:9.0.1) Gecko/20100101 Firefox/9.0.1"
120.202.98.189 - - [27/Mar/2016:15:13:54 +0200] "GET /HNAP1/ HTTP/1.1" 404 311 "-" "Mozilla/5.0 (Windows NT 5.1; rv:9.0.1) Gecko/20100101 Firefox/9.0.1"
120.202.98.189 - - [27/Mar/2016:15:13:54 +0200] "GET / HTTP/1.1" 200 1229 "-" "Mozilla/5.0 (Windows NT 5.1; rv:9.0.1) Gecko/20100101 Firefox/9.0.1"
120.202.98.189 - - [27/Mar/2016:15:13:55 +0200] "GET / HTTP/1.1" 200 1229 "-" "Mozilla/5.0 (Windows NT 5.1; rv:9.0.1) Gecko/20100101 Firefox/9.0.1"
120.202.98.189 - - [27/Mar/2016:15:13:55 +0200] "GET / HTTP/1.1" 200 1229 "-" "Mozilla/5.0 (Windows NT 5.1; rv:9.0.1) Gecko/20100101 Firefox/9.0.1"
120.202.98.189 - - [27/Mar/2016:15:13:55 +0200] "GET / HTTP/1.1" 200 1229 "-" "Mozilla/5.0 (Windows NT 5.1; rv:9.0.1) Gecko/20100101 Firefox/9.0.1"
120.202.98.189 - - [27/Mar/2016:15:13:55 +0200] "GET /HNAP1/ HTTP/1.1" 404 311 "-" "Mozilla/5.0 (Windows NT 5.1; rv:9.0.1) Gecko/20100101 Firefox/9.0.1"
120.202.98.189 - - [27/Mar/2016:15:13:55 +0200] "GET /HNAP1/ HTTP/1.1" 404 311 "-" "Mozilla/5.0 (Windows NT 5.1; rv:9.0.1) Gecko/20100101 Firefox/9.0.1"
120.202.98.189 - - [27/Mar/2016:15:13:55 +0200] "GET /HNAP1/ HTTP/1.1" 404 311 "-" "Mozilla/5.0 (Windows NT 5.1; rv:9.0.1) Gecko/20100101 Firefox/9.0.1"
120.202.98.189 - - [27/Mar/2016:15:13:55 +0200] "GET /HNAP1/ HTTP/1.1" 404 311 "-" "Mozilla/5.0 (Windows NT 5.1; rv:9.0.1) Gecko/20100101 Firefox/9.0.1"
120.202.98.189 - - [27/Mar/2016:15:13:55 +0200] "GET /HNAP1/ HTTP/1.1" 404 311 "-" "Mozilla/5.0 (Windows NT 5.1; rv:9.0.1) Gecko/20100101 Firefox/9.0.1"
120.202.98.189 - - [27/Mar/2016:15:13:56 +0200] "GET / HTTP/1.1" 200 1229 "-" "Mozilla/5.0 (Windows NT 5.1; rv:9.0.1) Gecko/20100101 Firefox/9.0.1"
120.202.98.189 - - [27/Mar/2016:15:13:56 +0200] "GET /HNAP1/ HTTP/1.1" 404 311 "-" "Mozilla/5.0 (Windows NT 5.1; rv:9.0.1) Gecko/20100101 Firefox/9.0.1"
111.248.118.207 - - [27/Mar/2016:15:20:31 +0200] "CONNECT vip163mx00.mxmail.netease.com:25 HTTP/1.0" 405 358 "-" "-"
115.231.222.14 - - [27/Mar/2016:15:41:20 +0200] "GET http://zc.qq.com/cgi-bin/common/attr?id=260714&r=0.7478715089464333 HTTP/1.1" 404 320 "-" "Mozilla/5.0 (compatible; MSIE 9.0; Windows NT 6.1; Trident/5.0; 360SE)"
141.212.122.129 - - [27/Mar/2016:18:51:42 +0200] "GET /x HTTP/1.1" 400 329 "-" "Telesphoreo"
36.226.247.154 - - [27/Mar/2016:19:06:04 +0200] "CONNECT vip163mx01.mxmail.netease.com:25 HTTP/1.0" 405 358 "-" "-"
111.248.63.122 - - [27/Mar/2016:19:23:28 +0200] "CONNECT vip163mx00.mxmail.netease.com:25 HTTP/1.0" 405 358 "-" "-"
69.4.81.26 - - [27/Mar/2016:19:28:37 +0200] "GET /etc/lib/pChart2/examples/index.php?Action=View&Script=../../../../cnf/db.php HTTP/1.1" 404 339 "-" "HTTP_Request2/2.3.0 (http://pear.php.net/package/http_request2) PHP/5.3.3"
66.249.78.69 - - [27/Mar/2016:19:41:57 +0200] "GET /robots.txt HTTP/1.1" 404 323 "-" "Mozilla/5.0 (compatible; Googlebot/2.1; +http://www.google.com/bot.html)"
66.249.78.62 - - [27/Mar/2016:19:41:58 +0200] "GET /beratung.html HTTP/1.1" 404 326 "-" "Mozilla/5.0 (compatible; Googlebot/2.1; +http://www.google.com/bot.html)"
115.231.222.14 - - [27/Mar/2016:20:00:27 +0200] "GET http://zc.qq.com/cgi-bin/common/attr?id=260714&r=0.6514672165587652 HTTP/1.1" 404 320 "-" "Mozilla/5.0 (compatible; MSIE 9.0; Windows NT 6.1; Trident/5.0; 360SE)"
115.231.222.14 - - [27/Mar/2016:20:00:28 +0200] "GET http://zc.qq.com/cgi-bin/common/attr?id=260714&r=0.9491435587941726 HTTP/1.1" 404 320 "-" "Mozilla/5.0 (compatible; MSIE 9.0; Windows NT 6.1; Trident/5.0; 360SE)"
141.212.122.129 - - [27/Mar/2016:20:05:15 +0200] "GET /x HTTP/1.1" 400 329 "-" "Telesphoreo"
141.212.122.129 - - [27/Mar/2016:20:56:14 +0200] "GET /x HTTP/1.1" 400 329 "-" "Telesphoreo"
52.8.82.27 - - [27/Mar/2016:20:57:13 +0200] "GET / HTTP/1.0" 200 1229 "-" "-"
52.8.82.27 - - [27/Mar/2016:20:57:15 +0200] "GET / HTTP/1.1" 200 1229 "-" "Mozilla/5.0 (X11; Ubuntu; Linux x86_64; rv:44.0) Gecko/20100101 Firefox/44.0"
52.8.82.27 - - [27/Mar/2016:20:57:17 +0200] "GET / HTTP/1.1" 200 1229 "-" "Mozilla/5.0 (Windows NT 6.1; WOW64; rv:43.0) Gecko/20100101 Firefox/43.0"
52.8.82.27 - - [27/Mar/2016:20:57:21 +0200] "GET /readme.html HTTP/1.1" 404 316 "-" "Mozilla/5.0 (Windows NT 6.1; WOW64; rv:43.0) Gecko/20100101 Firefox/43.0"
119.30.86.107 - - [27/Mar/2016:23:24:33 +0200] "GET / HTTP/1.0" 200 1229 "-" "-"
119.30.86.107 - - [27/Mar/2016:23:24:35 +0200] "GET / HTTP/1.1" 200 1229 "-" "Mozilla/5.0 (Windows NT 6.1; WOW64) AppleWebKit/537.36 (KHTML, like Gecko) Chrome/48.0.2564.97 Safari/537.36"
119.30.86.107 - - [27/Mar/2016:23:24:41 +0200] "GET / HTTP/1.1" 200 1229 "-" "Mozilla/5.0 (Windows NT 6.3; WOW64) AppleWebKit/537.36 (KHTML, like Gecko) Chrome/48.0.2564.97 Safari/537.36"
141.212.122.81 - - [27/Mar/2016:23:34:56 +0200] "GET /x HTTP/1.1" 400 329 "-" "Telesphoreo"
141.212.122.81 - - [28/Mar/2016:00:04:55 +0200] "GET /x HTTP/1.1" 400 329 "-" "Telesphoreo"
36.229.80.9 - - [28/Mar/2016:01:09:25 +0200] "CONNECT 163mx01.mxmail.netease.com:25 HTTP/1.0" 405 355 "-" "-"
69.4.81.26 - - [28/Mar/2016:01:35:40 +0200] "GET /etc/lib/pChart2/examples/index.php?Action=View&Script=../../../../cnf/db.php HTTP/1.1" 404 339 "-" "HTTP_Request2/2.3.0 (http://pear.php.net/package/http_request2) PHP/5.3.3"
64.246.165.200 - - [28/Mar/2016:03:41:01 +0200] "GET /robots.txt HTTP/1.0" 404 333 "-" "Mozilla/5.0 (Windows; U; Windows NT 5.1; en; rv:1.9.0.13) Gecko/2009073022 Firefox/3.5.2 (.NET CLR 3.5.30729) SurveyBot/2.3 (DomainTools)"
64.246.165.200 - - [28/Mar/2016:03:41:02 +0200] "GET / HTTP/1.1" 200 1229 "http://whois.domaintools.com/xn--heizllieferungen-pwb.de" "Mozilla/5.0 (Windows; U; Windows NT 5.1; en; rv:1.9.0.13) Gecko/2009073022 Firefox/3.5.2 (.NET CLR 3.5.30729) SurveyBot/2.3 (DomainTools)"
188.40.112.210 - - [28/Mar/2016:03:44:40 +0200] "GET /statements.html HTTP/1.1" 404 328 "-" "Mozilla/5.0 (Windows NT 5.1; rv:21.0) Gecko/20130401 Firefox/21.0"
80.82.65.61 - - [28/Mar/2016:04:31:50 +0200] "GET / HTTP/1.1" 200 1229 "-" "libwww-perl/6.15"
80.82.65.61 - - [28/Mar/2016:04:33:09 +0200] "GET / HTTP/1.1" 200 1229 "-" "libwww-perl/6.15"
141.212.122.81 - - [28/Mar/2016:04:44:43 +0200] "GET /x HTTP/1.1" 400 329 "-" "Telesphoreo"
141.212.122.81 - - [28/Mar/2016:04:46:28 +0200] "GET /x HTTP/1.1" 400 329 "-" "Telesphoreo"
115.231.222.14 - - [28/Mar/2016:04:54:48 +0200] "GET http://zc.qq.com/cgi-bin/common/attr?id=260714&r=0.5394091679561809 HTTP/1.1" 404 320 "-" "Mozilla/5.0 (compatible; MSIE 9.0; Windows NT 6.1; Trident/5.0; 360SE)"
80.82.65.61 - - [28/Mar/2016:05:01:23 +0200] "GET / HTTP/1.1" 200 1229 "-" "libwww-perl/6.15"
80.82.65.61 - - [28/Mar/2016:05:02:05 +0200] "GET / HTTP/1.1" 200 1229 "-" "libwww-perl/6.15"
80.82.65.61 - - [28/Mar/2016:05:04:01 +0200] "GET / HTTP/1.1" 200 1229 "-" "libwww-perl/6.15"
36.225.235.228 - - [28/Mar/2016:05:15:20 +0200] "CONNECT 126mx00.mxmail.netease.com:25 HTTP/1.0" 405 355 "-" "-"
80.82.65.61 - - [28/Mar/2016:05:29:10 +0200] "GET / HTTP/1.1" 200 1229 "-" "libwww-perl/6.15"
213.58.158.173 - - [28/Mar/2016:06:53:13 +0200] "GET / HTTP/1.0" 200 1229 "-" "-"
64.246.165.50 - - [28/Mar/2016:06:55:50 +0200] "GET /robots.txt HTTP/1.0" 404 334 "-" "Mozilla/5.0 (Windows; U; Windows NT 5.1; en; rv:1.9.0.13) Gecko/2009073022 Firefox/3.5.2 (.NET CLR 3.5.30729) SurveyBot/2.3 (DomainTools)"
64.246.165.50 - - [28/Mar/2016:06:55:50 +0200] "GET / HTTP/1.1" 200 1229 "http://whois.domaintools.com/xn--heizlpreiseberlin-2zb.de" "Mozilla/5.0 (Windows; U; Windows NT 5.1; en; rv:1.9.0.13) Gecko/2009073022 Firefox/3.5.2 (.NET CLR 3.5.30729) SurveyBot/2.3 (DomainTools)"
157.55.39.190 - - [28/Mar/2016:07:09:48 +0200] "GET / HTTP/1.1" 200 1229 "-" "Mozilla/5.0 (iPhone; CPU iPhone OS 7_0 like Mac OS X) AppleWebKit/537.51.1 (KHTML, like Gecko) Version/7.0 Mobile/11A465 Safari/9537.53 (compatible; bingbot/2.0; +http://www.bing.com/bingbot.htm)"
64.246.165.150 - - [28/Mar/2016:07:13:47 +0200] "GET /robots.txt HTTP/1.0" 404 337 "-" "Mozilla/5.0 (Windows; U; Windows NT 5.1; en; rv:1.9.0.13) Gecko/2009073022 Firefox/3.5.2 (.NET CLR 3.5.30729) SurveyBot/2.3 (DomainTools)"
64.246.165.150 - - [28/Mar/2016:07:13:47 +0200] "GET / HTTP/1.1" 200 1229 "http://whois.domaintools.com/xn--heizllieferantberlin-69b.de" "Mozilla/5.0 (Windows; U; Windows NT 5.1; en; rv:1.9.0.13) Gecko/2009073022 Firefox/3.5.2 (.NET CLR 3.5.30729) SurveyBot/2.3 (DomainTools)"
141.212.122.81 - - [28/Mar/2016:07:47:12 +0200] "GET /x HTTP/1.1" 400 329 "-" "Telesphoreo"
61.231.0.149 - - [28/Mar/2016:08:59:42 +0200] "CONNECT vip163mx00.mxmail.netease.com:25 HTTP/1.0" 405 358 "-" "-"
123.178.123.116 - - [28/Mar/2016:09:17:22 +0200] "GET / HTTP/1.1" 200 1229 "-" "Mozilla/4.0 (compatible; MSIE 6.0; Windows NT 5.1)"
111.248.101.191 - - [28/Mar/2016:09:18:33 +0200] "CONNECT 126mx00.mxmail.netease.com:25 HTTP/1.0" 405 355 "-" "-"
216.145.17.190 - - [28/Mar/2016:10:18:26 +0200] "GET /robots.txt HTTP/1.0" 404 327 "-" "Mozilla/5.0 (Windows; U; Windows NT 5.1; en; rv:1.9.0.13) Gecko/2009073022 Firefox/3.5.2 (.NET CLR 3.5.30729) SurveyBot/2.3 (DomainTools)"
216.145.17.190 - - [28/Mar/2016:10:18:26 +0200] "GET / HTTP/1.1" 200 1229 "http://whois.domaintools.com/xn--essohndler-u5a.de" "Mozilla/5.0 (Windows; U; Windows NT 5.1; en; rv:1.9.0.13) Gecko/2009073022 Firefox/3.5.2 (.NET CLR 3.5.30729) SurveyBot/2.3 (DomainTools)"
155.94.254.143 - - [28/Mar/2016:10:33:20 +0200] "GET / HTTP/1.1" 200 1229 "-" "Mozilla/5.0 Project 25499 (project25499.com)"
54.173.71.194 - - [28/Mar/2016:10:36:59 +0200] "GET / HTTP/1.1" 200 1229 "-" "roboto"
54.218.202.237 - - [28/Mar/2016:11:00:45 +0200] "GET / HTTP/1.0" 200 1229 "-" "-"
54.218.202.237 - - [28/Mar/2016:11:00:46 +0200] "GET / HTTP/1.1" 200 1229 "-" "Mozilla/5.0 (Macintosh; Intel Mac OS X 10_11_1) AppleWebKit/601.2.7 (KHTML, like Gecko) Version/9.0.1 Safari/601.2.7"
54.218.202.237 - - [28/Mar/2016:11:00:48 +0200] "GET / HTTP/1.1" 200 1229 "-" "Mozilla/5.0 (Windows NT 6.1; WOW64) AppleWebKit/537.36 (KHTML, like Gecko) Chrome/48.0.2564.109 Safari/537.36"
216.145.17.190 - - [28/Mar/2016:11:26:15 +0200] "GET /robots.txt HTTP/1.0" 404 328 "-" "Mozilla/5.0 (Windows; U; Windows NT 5.1; en; rv:1.9.0.13) Gecko/2009073022 Firefox/3.5.2 (.NET CLR 3.5.30729) SurveyBot/2.3 (DomainTools)"
216.145.17.190 - - [28/Mar/2016:11:26:15 +0200] "GET / HTTP/1.1" 200 1229 "http://whois.domaintools.com/xn--heizlberlin-ufb.de" "Mozilla/5.0 (Windows; U; Windows NT 5.1; en; rv:1.9.0.13) Gecko/2009073022 Firefox/3.5.2 (.NET CLR 3.5.30729) SurveyBot/2.3 (DomainTools)"
216.145.5.42 - - [28/Mar/2016:11:48:44 +0200] "GET /robots.txt HTTP/1.0" 404 325 "-" "Mozilla/5.0 (Windows; U; Windows NT 5.1; en; rv:1.9.0.13) Gecko/2009073022 Firefox/3.5.2 (.NET CLR 3.5.30729) SurveyBot/2.3 (DomainTools)"
216.145.5.42 - - [28/Mar/2016:11:48:44 +0200] "GET / HTTP/1.1" 200 1229 "http://whois.domaintools.com/xn--premiuml-t4a.de" "Mozilla/5.0 (Windows; U; Windows NT 5.1; en; rv:1.9.0.13) Gecko/2009073022 Firefox/3.5.2 (.NET CLR 3.5.30729) SurveyBot/2.3 (DomainTools)"
107.170.41.37 - - [28/Mar/2016:11:49:51 +0200] "GET / HTTP/1.0" 200 1229 "-" "-"
107.170.41.37 - - [28/Mar/2016:11:49:59 +0200] "GET / HTTP/1.1" 200 1229 "-" "Mozilla/5.0 (Windows NT 6.1) AppleWebKit/537.36 (KHTML, like Gecko) Chrome/48.0.2564.109 Safari/537.36"
107.170.41.37 - - [28/Mar/2016:11:50:07 +0200] "GET /CHANGELOG.txt HTTP/1.1" 404 318 "-" "Mozilla/5.0 (Windows NT 6.1) AppleWebKit/537.36 (KHTML, like Gecko) Chrome/48.0.2564.109 Safari/537.36"
107.170.41.37 - - [28/Mar/2016:11:50:15 +0200] "GET / HTTP/1.1" 200 1229 "-" "Mozilla/5.0 (Windows NT 6.3; WOW64) AppleWebKit/537.36 (KHTML, like Gecko) Chrome/47.0.2526.111 Safari/537.36"
107.170.41.37 - - [28/Mar/2016:11:50:23 +0200] "GET /readme.html HTTP/1.1" 404 316 "-" "Mozilla/5.0 (Windows NT 6.3; WOW64) AppleWebKit/537.36 (KHTML, like Gecko) Chrome/47.0.2526.111 Safari/537.36"
178.24.113.244 - - [28/Mar/2016:12:26:51 +0200] "GET /robots.txt HTTP/1.0" 404 334 "-" "Mozilla/5.0 (compatible; MJ12bot/v1.4.5; http://www.majestic12.co.uk/bot.php?+)"
178.24.113.244 - - [28/Mar/2016:12:26:54 +0200] "GET / HTTP/1.0" 200 1229 "-" "Mozilla/5.0 (compatible; MJ12bot/v1.4.5; http://www.majestic12.co.uk/bot.php?+)"
162.243.243.234 - - [28/Mar/2016:12:39:11 +0200] "GET / HTTP/1.0" 200 1229 "-" "-"
162.243.243.234 - - [28/Mar/2016:12:39:18 +0200] "GET /CHANGELOG.txt HTTP/1.1" 404 318 "-" "Mozilla/5.0 (Macintosh; Intel Mac OS X 10_11_3) AppleWebKit/537.36 (KHTML, like Gecko) Chrome/48.0.2564.103 Safari/537.36"
162.243.243.234 - - [28/Mar/2016:12:39:21 +0200] "GET / HTTP/1.1" 200 1229 "-" "Mozilla/5.0 (Windows NT 6.3; WOW64; rv:43.0) Gecko/20100101 Firefox/43.0"
162.243.243.234 - - [28/Mar/2016:12:39:25 +0200] "GET /readme.html HTTP/1.1" 404 316 "-" "Mozilla/5.0 (Windows NT 6.3; WOW64; rv:43.0) Gecko/20100101 Firefox/43.0"
120.132.50.135 - - [28/Mar/2016:13:19:48 +0200] "GET http://www.mafengwo.cn/ HTTP/1.1" 200 1229 "-" "Mozilla/5.0 (Windows NT 6.1; WOW64; rv:29.0) Gecko/20100101 Firefox/29.0"
115.231.222.14 - - [28/Mar/2016:13:30:42 +0200] "GET http://zc.qq.com/cgi-bin/common/attr?id=260714&r=0.5876705439384443 HTTP/1.1" 404 320 "-" "Mozilla/5.0 (compatible; MSIE 9.0; Windows NT 6.1; Trident/5.0; 360SE)"
141.212.122.81 - - [28/Mar/2016:14:03:48 +0200] "GET /x HTTP/1.1" 400 329 "-" "Telesphoreo"
169.229.3.91 - - [28/Mar/2016:15:01:27 +0200] "P\xfd'\xe5\xaf\x02\xd8\x1a\xfaO\xca\xa1f\xe4\x07\xbb\xbc\xa6-\x11\x1e\xba\xa6A\xd4H\xeb\xf8\xec\xc2\x89X\xff\x7fw" 501 350 "-" "-"
40.77.167.47 - - [28/Mar/2016:15:12:14 +0200] "GET /robots.txt HTTP/1.1" 404 315 "-" "Mozilla/5.0 (compatible; bingbot/2.0; +http://www.bing.com/bingbot.htm)"
40.77.167.47 - - [28/Mar/2016:15:12:18 +0200] "GET / HTTP/1.1" 304 - "-" "Mozilla/5.0 (compatible; bingbot/2.0; +http://www.bing.com/bingbot.htm)"
115.231.222.14 - - [28/Mar/2016:15:36:41 +0200] "GET http://zc.qq.com/cgi-bin/common/attr?id=260714&r=0.2775619341908250 HTTP/1.1" 404 320 "-" "Mozilla/5.0 (compatible; MSIE 9.0; Windows NT 6.1; Trident/5.0; 360SE)"
66.249.75.72 - - [28/Mar/2016:18:13:30 +0200] "GET /robots.txt HTTP/1.1" 404 315 "-" "Mozilla/5.0 (compatible; Googlebot/2.1; +http://www.google.com/bot.html)"
66.249.75.86 - - [28/Mar/2016:18:13:30 +0200] "GET / HTTP/1.1" 200 1229 "-" "Mozilla/5.0 (compatible; Googlebot/2.1; +http://www.google.com/bot.html)"
98.158.181.195 - - [28/Mar/2016:18:46:26 +0200] "GET / HTTP/1.0" 200 1229 "-" "-"
98.158.181.195 - - [28/Mar/2016:18:46:27 +0200] "GET / HTTP/1.1" 200 1229 "-" "Mozilla/5.0 (Macintosh; Intel Mac OS X 10_11_2) AppleWebKit/601.3.9 (KHTML, like Gecko) Version/9.0.2 Safari/601.3.9"
98.158.181.195 - - [28/Mar/2016:18:46:28 +0200] "GET /CHANGELOG.txt HTTP/1.1" 404 318 "-" "Mozilla/5.0 (Macintosh; Intel Mac OS X 10_11_2) AppleWebKit/601.3.9 (KHTML, like Gecko) Version/9.0.2 Safari/601.3.9"
115.231.222.14 - - [28/Mar/2016:19:49:41 +0200] "GET http://zc.qq.com/cgi-bin/common/attr?id=260714&r=0.2529004649847225 HTTP/1.1" 404 320 "-" "Mozilla/5.0 (compatible; MSIE 9.0; Windows NT 6.1; Trident/5.0; 360SE)"
115.231.222.14 - - [28/Mar/2016:19:49:47 +0200] "GET http://zc.qq.com/cgi-bin/common/attr?id=260714&r=0.1873016572083443 HTTP/1.1" 404 320 "-" "Mozilla/5.0 (compatible; MSIE 9.0; Windows NT 6.1; Trident/5.0; 360SE)"
50.112.181.62 - - [28/Mar/2016:21:32:48 +0200] "GET / HTTP/1.0" 200 1229 "-" "-"
157.55.39.110 - - [28/Mar/2016:23:18:05 +0200] "GET /robots.txt HTTP/1.1" 404 323 "-" "Mozilla/5.0 (compatible; bingbot/2.0; +http://www.bing.com/bingbot.htm)"
157.55.39.110 - - [28/Mar/2016:23:18:08 +0200] "GET /zertifizierungen.html HTTP/1.1" 404 334 "-" "Mozilla/5.0 (compatible; bingbot/2.0; +http://www.bing.com/bingbot.htm)"
123.59.59.52 - - [28/Mar/2016:23:59:10 +0200] "GET http://www.ctrip.com/ HTTP/1.1" 200 1229 "-" "Mozilla/5.0 (Windows NT 6.1; WOW64; rv:29.0) Gecko/20100101 Firefox/29.0"
213.152.161.40 - - [29/Mar/2016:00:54:24 +0200] "GET /xmlrpc.php HTTP/1.1" 404 308 "-" "-"
155.94.254.143 - - [29/Mar/2016:01:08:16 +0200] "GET / HTTP/1.1" 200 1229 "-" "Mozilla/5.0 Project 25499 (project25499.com)"
176.58.125.70 - - [29/Mar/2016:01:32:20 +0200] "GET / HTTP/1.0" 200 1229 "-" "-"
176.58.125.70 - - [29/Mar/2016:01:32:27 +0200] "GET / HTTP/1.1" 200 1229 "-" "Mozilla/5.0 (Windows NT 6.1; WOW64) AppleWebKit/537.36 (KHTML, like Gecko) Chrome/47.0.2526.111 Safari/537.36"
176.58.125.70 - - [29/Mar/2016:01:32:35 +0200] "GET /CHANGELOG.txt HTTP/1.1" 404 318 "-" "Mozilla/5.0 (Windows NT 6.1; WOW64) AppleWebKit/537.36 (KHTML, like Gecko) Chrome/47.0.2526.111 Safari/537.36"
176.58.125.70 - - [29/Mar/2016:01:32:43 +0200] "GET / HTTP/1.1" 200 1229 "-" "Mozilla/5.0 (X11; Ubuntu; Linux x86_64; rv:43.0) Gecko/20100101 Firefox/43.0"
176.58.125.70 - - [29/Mar/2016:01:32:51 +0200] "GET /readme.html HTTP/1.1" 404 316 "-" "Mozilla/5.0 (X11; Ubuntu; Linux x86_64; rv:43.0) Gecko/20100101 Firefox/43.0"
198.20.70.114 - - [29/Mar/2016:01:37:52 +0200] "GET / HTTP/1.1" 200 1229 "-" "-"
198.20.70.114 - - [29/Mar/2016:01:37:52 +0200] "GET /robots.txt HTTP/1.1" 404 315 "-" "-"
198.20.70.114 - - [29/Mar/2016:01:37:52 +0200] "GET /sitemap.xml HTTP/1.1" 404 316 "-" "-"
111.248.61.89 - - [29/Mar/2016:01:42:46 +0200] "CONNECT vip163mx01.mxmail.netease.com:25 HTTP/1.0" 405 358 "-" "-"
197.189.214.18 - - [29/Mar/2016:02:51:46 +0200] "GET / HTTP/1.0" 200 1229 "-" "-"
197.189.214.18 - - [29/Mar/2016:02:51:52 +0200] "GET / HTTP/1.1" 200 1229 "-" "Mozilla/5.0 (Windows NT 10.0; WOW64) AppleWebKit/537.36 (KHTML, like Gecko) Chrome/48.0.2564.97 Safari/537.36"
197.189.214.18 - - [29/Mar/2016:02:52:00 +0200] "GET /CHANGELOG.txt HTTP/1.1" 404 318 "-" "Mozilla/5.0 (Windows NT 10.0; WOW64) AppleWebKit/537.36 (KHTML, like Gecko) Chrome/48.0.2564.97 Safari/537.36"
197.189.214.18 - - [29/Mar/2016:02:52:07 +0200] "GET / HTTP/1.1" 200 1229 "-" "Mozilla/5.0 (Windows NT 6.1; WOW64; rv:43.0) Gecko/20100101 Firefox/43.0"
197.189.214.18 - - [29/Mar/2016:02:52:13 +0200] "GET /readme.html HTTP/1.1" 404 316 "-" "Mozilla/5.0 (Windows NT 6.1; WOW64; rv:43.0) Gecko/20100101 Firefox/43.0"
213.152.161.40 - - [29/Mar/2016:02:58:26 +0200] "GET /xmlrpc.php HTTP/1.1" 404 308 "-" "-"
94.136.38.176 - - [29/Mar/2016:04:02:30 +0200] "GET / HTTP/1.0" 200 1229 "-" "-"
111.248.63.7 - - [29/Mar/2016:04:11:13 +0200] "CONNECT 126mx01.mxmail.netease.com:25 HTTP/1.0" 405 355 "-" "-"
98.143.148.107 - - [29/Mar/2016:05:02:36 +0200] "GET /check HTTP/1.1" 404 310 "-" "Mozilla/5.0 Project 25499 (project25499.com)"
