95.213.177.126 - - [11/Aug/2016:06:10:35 +0200] "CONNECT check.proxyradar.com:80 HTTP/1.1" 400 340 "-" "-"
95.213.177.124 - - [11/Aug/2016:06:10:35 +0200] "CONNECT check.proxyradar.com:80 HTTP/1.1" 400 340 "-" "-"
95.213.177.125 - - [11/Aug/2016:06:10:35 +0200] "CONNECT check.proxyradar.com:80 HTTP/1.1" 400 340 "-" "-"
95.213.177.123 - - [11/Aug/2016:06:10:35 +0200] "CONNECT check.proxyradar.com:80 HTTP/1.1" 400 340 "-" "-"
95.213.177.125 - - [11/Aug/2016:06:10:35 +0200] "CONNECT check.proxyradar.com:80 HTTP/1.1" 400 340 "-" "-"
95.213.177.124 - - [11/Aug/2016:06:10:35 +0200] "CONNECT check.proxyradar.com:80 HTTP/1.1" 400 340 "-" "-"
95.213.177.126 - - [11/Aug/2016:06:10:35 +0200] "CONNECT check.proxyradar.com:80 HTTP/1.1" 400 340 "-" "-"
87.255.87.203 - - [11/Aug/2016:06:16:15 +0200] "GET / HTTP/1.1" 200 1229 "-" "-"
187.147.15.21 - - [11/Aug/2016:06:47:49 +0200] "GET /phpMyAdmin/scripts/setup.php HTTP/1.1" 404 333 "-" "-"
187.147.15.21 - - [11/Aug/2016:06:49:07 +0200] "GET /pma/scripts/setup.php HTTP/1.1" 404 326 "-" "-"
187.147.15.21 - - [11/Aug/2016:06:50:25 +0200] "GET /myadmin/scripts/setup.php HTTP/1.1" 404 330 "-" "-"
23.99.122.165 - - [11/Aug/2016:07:00:23 +0200] "GET / HTTP/1.1" 200 1229 "-" "-"
23.99.122.165 - - [11/Aug/2016:07:00:24 +0200] "OPTIONS / HTTP/1.1" 200 - "-" "-"
23.99.122.165 - - [11/Aug/2016:07:00:25 +0200] "GET /Robots.txt HTTP/1.1" 404 315 "-" "-"
23.99.122.165 - - [11/Aug/2016:07:00:25 +0200] "GET /SiteMap.xml HTTP/1.1" 404 316 "-" "-"
23.99.122.165 - - [11/Aug/2016:07:00:26 +0200] "POST / HTTP/1.1" 200 1229 "-" "-"
96.228.211.79 - - [11/Aug/2016:07:21:19 +0200] "GET http://httpheader.net/ HTTP/1.1" 200 1229 "-" "Mozilla/5.0 (Windows; U; Windows NT 6.1; en-US; rv:1.9.2.28) Gecko/20120306 Firefox/3.6.28 (.NET CLR 3.5.30729)"
46.4.32.75 - - [11/Aug/2016:07:52:40 +0200] "GET /robots.txt HTTP/1.0" 404 334 "-" "Mozilla/5.0 (compatible; MJ12bot/v1.4.5; http://www.majestic12.co.uk/bot.php?+)"
46.4.32.75 - - [11/Aug/2016:07:52:42 +0200] "GET / HTTP/1.0" 200 1229 "-" "Mozilla/5.0 (compatible; MJ12bot/v1.4.5; http://www.majestic12.co.uk/bot.php?+)"
61.231.2.242 - - [11/Aug/2016:07:56:06 +0200] "CONNECT vip163mx01.mxmail.netease.com:25 HTTP/1.0" 405 358 "-" "-"
5.9.151.22 - - [11/Aug/2016:08:01:57 +0200] "GET /robots.txt HTTP/1.0" 404 334 "-" "Mozilla/5.0 (compatible; MJ12bot/v1.4.5; http://www.majestic12.co.uk/bot.php?+)"
5.9.151.22 - - [11/Aug/2016:08:01:58 +0200] "GET / HTTP/1.0" 200 1229 "-" "Mozilla/5.0 (compatible; MJ12bot/v1.4.5; http://www.majestic12.co.uk/bot.php?+)"
137.226.113.4 - - [11/Aug/2016:08:40:22 +0200] "GET / HTTP/1.1" 200 1229 "-" "Go-http-client/1.1"
62.210.143.245 - - [11/Aug/2016:08:46:37 +0200] "GET /robots.txt HTTP/1.0" 404 323 "-" "Mozilla/5.0 (compatible; MJ12bot/v1.4.5; http://www.majestic12.co.uk/bot.php?+)"
62.210.143.245 - - [11/Aug/2016:08:46:38 +0200] "GET / HTTP/1.0" 200 1229 "-" "Mozilla/5.0 (compatible; MJ12bot/v1.4.5; http://www.majestic12.co.uk/bot.php?+)"
114.44.56.73 - - [11/Aug/2016:08:59:40 +0200] "CONNECT 163mx03.mxmail.netease.com:25 HTTP/1.0" 405 355 "-" "-"
87.255.87.203 - - [11/Aug/2016:09:02:23 +0200] "GET / HTTP/1.1" 200 1229 "-" "-"
96.228.211.79 - - [11/Aug/2016:09:05:42 +0200] "GET http://httpheader.net/ HTTP/1.1" 200 1229 "-" "Mozilla/5.0 (Windows; U; Windows NT 6.1; en-US; rv:1.9.2.28) Gecko/20120306 Firefox/3.6.28 (.NET CLR 3.5.30729)"
96.228.211.79 - - [11/Aug/2016:09:10:25 +0200] "GET http://httpheader.net/ HTTP/1.1" 200 1229 "-" "Mozilla/5.0 (Windows; U; Windows NT 6.1; en-US; rv:1.9.2.28) Gecko/20120306 Firefox/3.6.28 (.NET CLR 3.5.30729)"
96.228.211.79 - - [11/Aug/2016:09:10:56 +0200] "GET http://httpheader.net/ HTTP/1.1" 200 1229 "-" "Mozilla/5.0 (Windows; U; Windows NT 6.1; en-US; rv:1.9.2.28) Gecko/20120306 Firefox/3.6.28 (.NET CLR 3.5.30729)"
96.228.211.79 - - [11/Aug/2016:09:16:00 +0200] "GET http://httpheader.net/ HTTP/1.1" 200 1229 "-" "Mozilla/5.0 (Windows; U; Windows NT 6.1; en-US; rv:1.9.2.28) Gecko/20120306 Firefox/3.6.28 (.NET CLR 3.5.30729)"
96.228.211.79 - - [11/Aug/2016:09:23:12 +0200] "GET http://httpheader.net/ HTTP/1.1" 200 1229 "-" "Mozilla/5.0 (Windows; U; Windows NT 6.1; en-US; rv:1.9.2.28) Gecko/20120306 Firefox/3.6.28 (.NET CLR 3.5.30729)"
96.228.211.79 - - [11/Aug/2016:09:23:40 +0200] "GET http://httpheader.net/ HTTP/1.1" 200 1229 "-" "Mozilla/5.0 (Windows; U; Windows NT 6.1; en-US; rv:1.9.2.28) Gecko/20120306 Firefox/3.6.28 (.NET CLR 3.5.30729)"
96.228.211.79 - - [11/Aug/2016:09:31:37 +0200] "GET http://httpheader.net/ HTTP/1.1" 200 1229 "-" "Mozilla/5.0 (Windows; U; Windows NT 6.1; en-US; rv:1.9.2.28) Gecko/20120306 Firefox/3.6.28 (.NET CLR 3.5.30729)"
96.228.211.79 - - [11/Aug/2016:09:35:04 +0200] "GET http://httpheader.net/ HTTP/1.1" 200 1229 "-" "Mozilla/5.0 (Windows; U; Windows NT 6.1; en-US; rv:1.9.2.28) Gecko/20120306 Firefox/3.6.28 (.NET CLR 3.5.30729)"
96.228.211.79 - - [11/Aug/2016:09:35:50 +0200] "GET http://httpheader.net/ HTTP/1.1" 200 1229 "-" "Mozilla/5.0 (Windows; U; Windows NT 6.1; en-US; rv:1.9.2.28) Gecko/20120306 Firefox/3.6.28 (.NET CLR 3.5.30729)"
66.240.236.119 - - [11/Aug/2016:09:40:10 +0200] "GET / HTTP/1.1" 200 1229 "-" "Mozilla/5.0 (Windows NT 6.1) AppleWebKit/537.36 (KHTML, like Gecko) Chrome/41.0.2228.0 Safari/537.36"
66.240.236.119 - - [11/Aug/2016:09:40:12 +0200] "GET /robots.txt HTTP/1.1" 404 315 "-" "-"
66.240.236.119 - - [11/Aug/2016:09:40:20 +0200] "GET /sitemap.xml HTTP/1.1" 404 316 "-" "-"
46.9.164.175 - - [11/Aug/2016:09:45:04 +0200] "GET /robots.txt HTTP/1.0" 404 323 "-" "Mozilla/5.0 (compatible; MJ12bot/v1.4.5; http://www.majestic12.co.uk/bot.php?+)"
46.9.164.175 - - [11/Aug/2016:09:45:05 +0200] "GET / HTTP/1.0" 200 1229 "-" "Mozilla/5.0 (compatible; MJ12bot/v1.4.5; http://www.majestic12.co.uk/bot.php?+)"
66.240.236.119 - - [11/Aug/2016:10:51:07 +0200] "GET / HTTP/1.1" 200 1229 "-" "Mozilla/5.0 (Windows NT 6.1) AppleWebKit/537.36 (KHTML, like Gecko) Chrome/41.0.2228.0 Safari/537.36"
66.240.236.119 - - [11/Aug/2016:10:51:10 +0200] "GET /robots.txt HTTP/1.1" 404 315 "-" "-"
66.240.236.119 - - [11/Aug/2016:10:51:12 +0200] "GET /sitemap.xml HTTP/1.1" 404 316 "-" "-"
95.213.177.124 - - [11/Aug/2016:10:59:48 +0200] "CONNECT check.proxyradar.com:80 HTTP/1.1" 400 340 "-" "-"
95.213.177.124 - - [11/Aug/2016:10:59:48 +0200] "CONNECT check.proxyradar.com:80 HTTP/1.1" 400 340 "-" "-"
95.213.177.125 - - [11/Aug/2016:10:59:48 +0200] "CONNECT check.proxyradar.com:80 HTTP/1.1" 400 340 "-" "-"
95.213.177.123 - - [11/Aug/2016:10:59:48 +0200] "CONNECT check.proxyradar.com:80 HTTP/1.1" 400 340 "-" "-"
95.213.177.126 - - [11/Aug/2016:10:59:48 +0200] "CONNECT check.proxyradar.com:80 HTTP/1.1" 400 340 "-" "-"
95.213.177.123 - - [11/Aug/2016:10:59:48 +0200] "CONNECT check.proxyradar.com:80 HTTP/1.1" 400 340 "-" "-"
95.213.177.123 - - [11/Aug/2016:10:59:48 +0200] "CONNECT check.proxyradar.com:80 HTTP/1.1" 400 340 "-" "-"
95.213.177.126 - - [11/Aug/2016:10:59:48 +0200] "CONNECT check.proxyradar.com:80 HTTP/1.1" 400 340 "-" "-"
95.213.177.126 - - [11/Aug/2016:10:59:48 +0200] "CONNECT check.proxyradar.com:80 HTTP/1.1" 400 340 "-" "-"
95.213.177.123 - - [11/Aug/2016:10:59:48 +0200] "CONNECT check.proxyradar.com:80 HTTP/1.1" 400 340 "-" "-"
66.240.236.119 - - [11/Aug/2016:11:12:37 +0200] "GET / HTTP/1.1" 200 1229 "-" "Mozilla/5.0 (Windows NT 6.1) AppleWebKit/537.36 (KHTML, like Gecko) Chrome/41.0.2228.0 Safari/537.36"
66.240.236.119 - - [11/Aug/2016:11:12:41 +0200] "GET /robots.txt HTTP/1.1" 404 315 "-" "-"
66.240.236.119 - - [11/Aug/2016:11:12:45 +0200] "GET /sitemap.xml HTTP/1.1" 404 316 "-" "-"
38.100.21.62 - - [11/Aug/2016:11:25:14 +0200] "GET / HTTP/1.1" 200 1229 "-" "Mozilla/4.0 (compatible; MSIE 7.0; Windows NT 5.2)"
111.248.121.177 - - [11/Aug/2016:11:54:50 +0200] "CONNECT 163mx00.mxmail.netease.com:25 HTTP/1.0" 405 355 "-" "-"
82.131.154.158 - - [11/Aug/2016:11:56:28 +0200] "GET / HTTP/1.1" 200 1229 "-" "Mozilla/5.0 (X11; Linux x86_64) AppleWebKit/537.36 (KHTML, like Gecko) Chrome/28.0.1500.71 Safari/537.36"
82.131.154.158 - - [11/Aug/2016:11:56:29 +0200] "GET / HTTP/1.1" 200 1229 "-" "curl/7.35.0"
137.226.113.4 - - [11/Aug/2016:12:19:10 +0200] "GET / HTTP/1.1" 200 1229 "-" "Go-http-client/1.1"
111.248.118.139 - - [11/Aug/2016:12:38:49 +0200] "CONNECT 163mx03.mxmail.netease.com:25 HTTP/1.0" 405 355 "-" "-" scanner03.project25499.com - - [11/Aug/2016:12:56:18 +0200] "GET /server-status HTTP/1.1" 403 322 "-" "Mozilla/5.0 Project 25499 (project25499.com)"
114.113.234.62 - - [11/Aug/2016:13:25:29 +0200] "GET /phpMyAdmin/scripts/setup.php HTTP/1.1" 404 333 "-" "-"
114.113.234.62 - - [11/Aug/2016:13:25:39 +0200] "GET /pma/scripts/setup.php HTTP/1.1" 404 326 "-" "-"
114.113.234.62 - - [11/Aug/2016:13:25:50 +0200] "GET /myadmin/scripts/setup.php HTTP/1.1" 404 330 "-" "-"
137.226.113.4 - - [11/Aug/2016:13:58:08 +0200] "GET / HTTP/1.1" 200 1229 "-" "Go-http-client/1.1"
104.238.171.61 - - [11/Aug/2016:15:36:48 +0200] "GET /etc/lib/pChart2/examples/imageMap/index.php HTTP/1.1" 404 348 "-" "-"
104.238.171.61 - - [11/Aug/2016:15:36:48 +0200] "GET /etc/lib/pChart2/examples/imageMap/index.php HTTP/1.1" 404 348 "-" "-"
104.238.171.61 - - [11/Aug/2016:15:36:48 +0200] "GET /etc/lib/pChart2/examples/imageMap/index.php HTTP/1.1" 404 348 "-" "-"
104.238.171.61 - - [11/Aug/2016:15:36:48 +0200] "GET /etc/lib/pChart2/examples/imageMap/index.php HTTP/1.1" 404 348 "-" "-"
104.238.171.61 - - [11/Aug/2016:15:36:48 +0200] "GET /etc/lib/pChart2/examples/imageMap/index.php HTTP/1.1" 404 348 "-" "-"
104.238.171.61 - - [11/Aug/2016:15:36:48 +0200] "GET /etc/lib/pChart2/examples/imageMap/index.php HTTP/1.1" 404 348 "-" "-"
104.238.171.61 - - [11/Aug/2016:15:36:48 +0200] "GET /etc/lib/pChart2/examples/imageMap/index.php HTTP/1.1" 404 348 "-" "-"
104.238.171.61 - - [11/Aug/2016:15:36:48 +0200] "GET /etc/lib/pChart2/examples/imageMap/index.php HTTP/1.1" 404 348 "-" "-"
104.238.171.61 - - [11/Aug/2016:15:36:48 +0200] "GET /etc/lib/pChart2/examples/imageMap/index.php HTTP/1.1" 404 348 "-" "-"
104.238.171.61 - - [11/Aug/2016:15:36:48 +0200] "GET /etc/lib/pChart2/examples/imageMap/index.php HTTP/1.1" 404 348 "-" "-"
144.76.4.148 - - [11/Aug/2016:15:40:32 +0200] "GET /robots.txt HTTP/1.0" 404 323 "-" "Mozilla/5.0 (compatible; MJ12bot/v1.4.5; http://www.majestic12.co.uk/bot.php?+)"
144.76.4.148 - - [11/Aug/2016:15:40:34 +0200] "GET /index.html HTTP/1.0" 200 1229 "-" "Mozilla/5.0 (compatible; MJ12bot/v1.4.5; http://www.majestic12.co.uk/bot.php?+)"
95.213.177.123 - - [11/Aug/2016:16:09:43 +0200] "CONNECT check.proxyradar.com:80 HTTP/1.1" 400 340 "-" "-"
95.213.177.123 - - [11/Aug/2016:16:09:43 +0200] "CONNECT check.proxyradar.com:80 HTTP/1.1" 400 340 "-" "-"
95.213.177.126 - - [11/Aug/2016:16:09:43 +0200] "CONNECT check.proxyradar.com:80 HTTP/1.1" 400 340 "-" "-"
95.213.177.125 - - [11/Aug/2016:16:09:43 +0200] "CONNECT check.proxyradar.com:80 HTTP/1.1" 400 340 "-" "-"
95.213.177.125 - - [11/Aug/2016:16:09:43 +0200] "CONNECT check.proxyradar.com:80 HTTP/1.1" 400 340 "-" "-"
95.213.177.125 - - [11/Aug/2016:16:09:43 +0200] "CONNECT check.proxyradar.com:80 HTTP/1.1" 400 340 "-" "-"
95.213.177.124 - - [11/Aug/2016:16:09:43 +0200] "CONNECT check.proxyradar.com:80 HTTP/1.1" 400 340 "-" "-"
95.213.177.126 - - [11/Aug/2016:16:09:43 +0200] "CONNECT check.proxyradar.com:80 HTTP/1.1" 400 340 "-" "-"
95.213.177.126 - - [11/Aug/2016:16:09:43 +0200] "CONNECT check.proxyradar.com:80 HTTP/1.1" 400 340 "-" "-"
95.213.177.125 - - [11/Aug/2016:16:09:44 +0200] "CONNECT check.proxyradar.com:80 HTTP/1.1" 400 340 "-" "-"
195.154.33.182 - - [11/Aug/2016:16:17:52 +0200] "HEAD / HTTP/1.1" 200 - "-" "-"
195.154.33.182 - - [11/Aug/2016:16:17:52 +0200] "GET / HTTP/1.1" 200 1229 "-" "Mozilla/5.0 (Windows; U; Windows NT 5.0; en-US; rv:1.7.12) Gecko/20050915 Firefox/1.0.7"
137.226.113.4 - - [11/Aug/2016:16:52:04 +0200] "GET / HTTP/1.1" 200 1229 "-" "Go-http-client/1.1"
96.228.211.79 - - [11/Aug/2016:16:55:54 +0200] "GET http://httpheader.net/ HTTP/1.1" 200 1229 "-" "Mozilla/5.0 (Windows; U; Windows NT 6.1; en-US; rv:1.9.2.28) Gecko/20120306 Firefox/3.6.28 (.NET CLR 3.5.30729)"
96.228.211.79 - - [11/Aug/2016:17:05:33 +0200] "GET http://httpheader.net/ HTTP/1.1" 200 1229 "-" "Mozilla/5.0 (Windows; U; Windows NT 6.1; en-US; rv:1.9.2.28) Gecko/20120306 Firefox/3.6.28 (.NET CLR 3.5.30729)"
96.228.211.79 - - [11/Aug/2016:17:08:57 +0200] "GET http://httpheader.net/ HTTP/1.1" 200 1229 "-" "Mozilla/5.0 (Windows; U; Windows NT 6.1; en-US; rv:1.9.2.28) Gecko/20120306 Firefox/3.6.28 (.NET CLR 3.5.30729)"
114.44.62.101 - - [11/Aug/2016:17:09:25 +0200] "CONNECT 126mx01.mxmail.netease.com:25 HTTP/1.0" 405 355 "-" "-"
96.228.211.79 - - [11/Aug/2016:17:09:27 +0200] "GET http://httpheader.net/ HTTP/1.1" 200 1229 "-" "Mozilla/5.0 (Windows; U; Windows NT 6.1; en-US; rv:1.9.2.28) Gecko/20120306 Firefox/3.6.28 (.NET CLR 3.5.30729)"
89.248.171.38 - - [11/Aug/2016:17:33:00 +0200] "GET / HTTP/1.1" 200 1229 "-" "Mozilla/5.0 (Windows NT 6.1; WOW64) AppleWebKit/537.36 (KHTML, like Gecko) Chrome/46.0.2490.80 Safari/537.36"
89.248.171.38 - - [11/Aug/2016:17:33:00 +0200] "GET / HTTP/1.1" 200 1229 "-" "Mozilla/5.0 (Windows NT 6.1; WOW64) AppleWebKit/537.36 (KHTML, like Gecko) Chrome/46.0.2490.80 Safari/537.36"
89.248.171.38 - - [11/Aug/2016:17:33:00 +0200] "GET / HTTP/1.1" 200 1229 "-" "Mozilla/5.0 (Windows NT 6.1; WOW64) AppleWebKit/537.36 (KHTML, like Gecko) Chrome/46.0.2490.80 Safari/537.36"
89.248.171.38 - - [11/Aug/2016:17:33:00 +0200] "GET / HTTP/1.1" 200 1229 "-" "Mozilla/5.0 (Windows NT 6.1; WOW64) AppleWebKit/537.36 (KHTML, like Gecko) Chrome/46.0.2490.80 Safari/537.36"
89.248.171.38 - - [11/Aug/2016:17:33:00 +0200] "GET / HTTP/1.1" 200 1229 "-" "Mozilla/5.0 (Windows NT 6.1; WOW64) AppleWebKit/537.36 (KHTML, like Gecko) Chrome/46.0.2490.80 Safari/537.36"
89.248.171.38 - - [11/Aug/2016:17:33:00 +0200] "GET / HTTP/1.1" 200 1229 "-" "Mozilla/5.0 (Windows NT 6.1; WOW64) AppleWebKit/537.36 (KHTML, like Gecko) Chrome/46.0.2490.80 Safari/537.36"
89.248.171.38 - - [11/Aug/2016:17:33:00 +0200] "GET / HTTP/1.1" 200 1229 "-" "Mozilla/5.0 (Windows NT 6.1; WOW64) AppleWebKit/537.36 (KHTML, like Gecko) Chrome/46.0.2490.80 Safari/537.36"
89.248.171.38 - - [11/Aug/2016:17:33:00 +0200] "GET / HTTP/1.1" 200 1229 "-" "Mozilla/5.0 (Windows NT 6.1; WOW64) AppleWebKit/537.36 (KHTML, like Gecko) Chrome/46.0.2490.80 Safari/537.36"
89.248.171.38 - - [11/Aug/2016:17:33:00 +0200] "GET / HTTP/1.1" 200 1229 "-" "Mozilla/5.0 (Windows NT 6.1; WOW64) AppleWebKit/537.36 (KHTML, like Gecko) Chrome/46.0.2490.80 Safari/537.36"
89.248.171.38 - - [11/Aug/2016:17:33:01 +0200] "GET / HTTP/1.1" 200 1229 "-" "Mozilla/5.0 (Windows NT 6.1; WOW64) AppleWebKit/537.36 (KHTML, like Gecko) Chrome/46.0.2490.80 Safari/537.36"
137.226.113.4 - - [11/Aug/2016:17:34:52 +0200] "GET / HTTP/1.1" 200 1229 "-" "Go-http-client/1.1"
212.182.90.217 - - [11/Aug/2016:18:11:36 +0200] "GET / HTTP/1.1" 200 1229 "-" "curl/7.17.1 (mips-unknown-linux-gnu) libcurl/7.17.1 OpenSSL/0.9.8i zlib/1.2.3"
212.182.90.217 - - [11/Aug/2016:18:11:40 +0200] "GET / HTTP/1.1" 200 1229 "-" "curl/7.17.1 (mips-unknown-linux-gnu) libcurl/7.17.1 OpenSSL/0.9.8i zlib/1.2.3"
212.182.90.217 - - [11/Aug/2016:18:11:44 +0200] "GET / HTTP/1.1" 200 1229 "-" "curl/7.17.1 (mips-unknown-linux-gnu) libcurl/7.17.1 OpenSSL/0.9.8i zlib/1.2.3"
212.182.90.217 - - [11/Aug/2016:18:11:48 +0200] "GET / HTTP/1.1" 200 1229 "-" "curl/7.17.1 (mips-unknown-linux-gnu) libcurl/7.17.1 OpenSSL/0.9.8i zlib/1.2.3"
212.182.90.217 - - [11/Aug/2016:18:11:52 +0200] "GET / HTTP/1.1" 200 1229 "-" "curl/7.17.1 (mips-unknown-linux-gnu) libcurl/7.17.1 OpenSSL/0.9.8i zlib/1.2.3"
212.182.90.217 - - [11/Aug/2016:18:11:56 +0200] "GET / HTTP/1.1" 200 1229 "-" "curl/7.17.1 (mips-unknown-linux-gnu) libcurl/7.17.1 OpenSSL/0.9.8i zlib/1.2.3"
212.182.90.217 - - [11/Aug/2016:18:12:00 +0200] "GET / HTTP/1.1" 200 1229 "-" "curl/7.17.1 (mips-unknown-linux-gnu) libcurl/7.17.1 OpenSSL/0.9.8i zlib/1.2.3"
212.182.90.217 - - [11/Aug/2016:18:12:04 +0200] "GET / HTTP/1.1" 200 1229 "-" "curl/7.17.1 (mips-unknown-linux-gnu) libcurl/7.17.1 OpenSSL/0.9.8i zlib/1.2.3"
212.182.90.217 - - [11/Aug/2016:18:12:09 +0200] "GET / HTTP/1.1" 200 1229 "-" "curl/7.17.1 (mips-unknown-linux-gnu) libcurl/7.17.1 OpenSSL/0.9.8i zlib/1.2.3"
212.182.90.217 - - [11/Aug/2016:18:12:13 +0200] "GET / HTTP/1.1" 200 1229 "-" "curl/7.17.1 (mips-unknown-linux-gnu) libcurl/7.17.1 OpenSSL/0.9.8i zlib/1.2.3"
137.226.113.4 - - [11/Aug/2016:18:32:05 +0200] "GET / HTTP/1.1" 200 1229 "-" "Go-http-client/1.1" scanner03.project25499.com - - [11/Aug/2016:19:42:46 +0200] "GET /server-status HTTP/1.1" 403 322 "-" "Mozilla/5.0 Project 25499 (project25499.com)"
95.213.177.123 - - [11/Aug/2016:21:04:51 +0200] "CONNECT check.proxyradar.com:80 HTTP/1.1" 400 340 "-" "-"
95.213.177.126 - - [11/Aug/2016:21:04:51 +0200] "CONNECT check.proxyradar.com:80 HTTP/1.1" 400 340 "-" "-"
95.213.177.124 - - [11/Aug/2016:21:04:51 +0200] "CONNECT check.proxyradar.com:80 HTTP/1.1" 400 340 "-" "-"
95.213.177.124 - - [11/Aug/2016:21:04:51 +0200] "CONNECT check.proxyradar.com:80 HTTP/1.1" 400 340 "-" "-"
95.213.177.124 - - [11/Aug/2016:21:04:51 +0200] "CONNECT check.proxyradar.com:80 HTTP/1.1" 400 340 "-" "-"
95.213.177.125 - - [11/Aug/2016:21:04:51 +0200] "CONNECT check.proxyradar.com:80 HTTP/1.1" 400 340 "-" "-"
95.213.177.125 - - [11/Aug/2016:21:04:51 +0200] "CONNECT check.proxyradar.com:80 HTTP/1.1" 400 340 "-" "-"
95.213.177.124 - - [11/Aug/2016:21:04:51 +0200] "CONNECT check.proxyradar.com:80 HTTP/1.1" 400 340 "-" "-"
95.213.177.125 - - [11/Aug/2016:21:04:51 +0200] "CONNECT check.proxyradar.com:80 HTTP/1.1" 400 340 "-" "-"
95.213.177.124 - - [11/Aug/2016:21:04:51 +0200] "CONNECT check.proxyradar.com:80 HTTP/1.1" 400 340 "-" "-"
96.228.211.79 - - [11/Aug/2016:21:39:50 +0200] "GET http://httpheader.net/ HTTP/1.1" 200 1229 "-" "Mozilla/5.0 (Windows; U; Windows NT 6.1; en-US; rv:1.9.2.28) Gecko/20120306 Firefox/3.6.28 (.NET CLR 3.5.30729)"
96.228.211.79 - - [11/Aug/2016:22:21:50 +0200] "GET http://httpheader.net/ HTTP/1.1" 200 1229 "-" "Mozilla/5.0 (Windows; U; Windows NT 6.1; en-US; rv:1.9.2.28) Gecko/20120306 Firefox/3.6.28 (.NET CLR 3.5.30729)"
96.228.211.79 - - [11/Aug/2016:22:22:01 +0200] "GET http://httpheader.net/ HTTP/1.1" 200 1229 "-" "Mozilla/5.0 (Windows; U; Windows NT 6.1; en-US; rv:1.9.2.28) Gecko/20120306 Firefox/3.6.28 (.NET CLR 3.5.30729)"
96.228.211.79 - - [11/Aug/2016:22:24:35 +0200] "GET http://httpheader.net/ HTTP/1.1" 200 1229 "-" "Mozilla/5.0 (Windows; U; Windows NT 6.1; en-US; rv:1.9.2.28) Gecko/20120306 Firefox/3.6.28 (.NET CLR 3.5.30729)"
96.228.211.79 - - [11/Aug/2016:22:25:48 +0200] "GET http://httpheader.net/ HTTP/1.1" 200 1229 "-" "Mozilla/5.0 (Windows; U; Windows NT 6.1; en-US; rv:1.9.2.28) Gecko/20120306 Firefox/3.6.28 (.NET CLR 3.5.30729)"
96.228.211.79 - - [11/Aug/2016:22:26:04 +0200] "GET http://httpheader.net/ HTTP/1.1" 200 1229 "-" "Mozilla/5.0 (Windows; U; Windows NT 6.1; en-US; rv:1.9.2.28) Gecko/20120306 Firefox/3.6.28 (.NET CLR 3.5.30729)"
96.228.211.79 - - [11/Aug/2016:22:26:53 +0200] "GET http://httpheader.net/ HTTP/1.1" 200 1229 "-" "Mozilla/5.0 (Windows; U; Windows NT 6.1; en-US; rv:1.9.2.28) Gecko/20120306 Firefox/3.6.28 (.NET CLR 3.5.30729)"
111.248.97.199 - - [11/Aug/2016:23:11:14 +0200] "CONNECT 163mx03.mxmail.netease.com:25 HTTP/1.0" 405 355 "-" "-"
36.226.247.199 - - [11/Aug/2016:23:36:04 +0200] "CONNECT vip163mx00.mxmail.netease.com:25 HTTP/1.0" 405 358 "-" "-"
185.93.185.10 - - [11/Aug/2016:23:46:39 +0200] "GET / HTTP/1.1" 200 1229 "-" "Scanbot"
193.109.69.2 - - [11/Aug/2016:23:48:26 +0200] "GET / HTTP/1.1" 200 1229 "-" "Mozilla/5.0 (Linux; U; Android 4.2.2; en-us; A1-810 Build/JDQ39) AppleWebKit/534.30 (KHTML, like Gecko) Version/4.0 Safari/534.30"
212.182.90.217 - - [12/Aug/2016:00:05:29 +0200] "GET / HTTP/1.1" 200 1229 "-" "curl/7.17.1 (mips-unknown-linux-gnu) libcurl/7.17.1 OpenSSL/0.9.8i zlib/1.2.3"
212.182.90.217 - - [12/Aug/2016:00:05:33 +0200] "GET / HTTP/1.1" 200 1229 "-" "curl/7.17.1 (mips-unknown-linux-gnu) libcurl/7.17.1 OpenSSL/0.9.8i zlib/1.2.3"
212.182.90.217 - - [12/Aug/2016:00:05:37 +0200] "GET / HTTP/1.1" 200 1229 "-" "curl/7.17.1 (mips-unknown-linux-gnu) libcurl/7.17.1 OpenSSL/0.9.8i zlib/1.2.3"
212.182.90.217 - - [12/Aug/2016:00:05:41 +0200] "GET / HTTP/1.1" 200 1229 "-" "curl/7.17.1 (mips-unknown-linux-gnu) libcurl/7.17.1 OpenSSL/0.9.8i zlib/1.2.3"
212.182.90.217 - - [12/Aug/2016:00:05:45 +0200] "GET / HTTP/1.1" 200 1229 "-" "curl/7.17.1 (mips-unknown-linux-gnu) libcurl/7.17.1 OpenSSL/0.9.8i zlib/1.2.3"
212.182.90.217 - - [12/Aug/2016:00:05:49 +0200] "GET / HTTP/1.1" 200 1229 "-" "curl/7.17.1 (mips-unknown-linux-gnu) libcurl/7.17.1 OpenSSL/0.9.8i zlib/1.2.3"
212.182.90.217 - - [12/Aug/2016:00:05:54 +0200] "GET / HTTP/1.1" 200 1229 "-" "curl/7.17.1 (mips-unknown-linux-gnu) libcurl/7.17.1 OpenSSL/0.9.8i zlib/1.2.3"
212.182.90.217 - - [12/Aug/2016:00:05:58 +0200] "GET / HTTP/1.1" 200 1229 "-" "curl/7.17.1 (mips-unknown-linux-gnu) libcurl/7.17.1 OpenSSL/0.9.8i zlib/1.2.3"
212.182.90.217 - - [12/Aug/2016:00:06:02 +0200] "GET / HTTP/1.1" 200 1229 "-" "curl/7.17.1 (mips-unknown-linux-gnu) libcurl/7.17.1 OpenSSL/0.9.8i zlib/1.2.3"
212.182.90.217 - - [12/Aug/2016:00:06:06 +0200] "GET / HTTP/1.1" 200 1229 "-" "curl/7.17.1 (mips-unknown-linux-gnu) libcurl/7.17.1 OpenSSL/0.9.8i zlib/1.2.3"
193.109.69.2 - - [12/Aug/2016:00:09:51 +0200] "GET / HTTP/1.1" 200 1229 "-" "Mozilla/5.0 (Linux; U; Android 4.2.2; en-us; A1-810 Build/JDQ39) AppleWebKit/534.30 (KHTML, like Gecko) Version/4.0 Safari/534.30"
139.162.13.205 - - [12/Aug/2016:00:12:04 +0200] "GET / HTTP/1.1" 200 1229 "-" "Mozilla/5.0 (Windows NT 10.0; WOW64) AppleWebKit/537.36 (KHTML, like Gecko) Chrome/45.0.2454.101 Safari/537.36"
40.77.167.53 - - [12/Aug/2016:00:21:10 +0200] "GET /robots.txt HTTP/1.1" 404 323 "-" "Mozilla/5.0 (compatible; bingbot/2.0; +http://www.bing.com/bingbot.htm)"
40.77.167.53 - - [12/Aug/2016:00:21:17 +0200] "GET /index.html HTTP/1.1" 200 1229 "-" "Mozilla/5.0 (iPhone; CPU iPhone OS 7_0 like Mac OS X) AppleWebKit/537.51.1 (KHTML, like Gecko) Version/7.0 Mobile/11A465 Safari/9537.53 (compatible; bingbot/2.0; +http://www.bing.com/bingbot.htm)"
87.255.87.203 - - [12/Aug/2016:00:36:35 +0200] "GET / HTTP/1.1" 200 1229 "-" "-"
61.228.89.118 - - [12/Aug/2016:01:07:18 +0200] "CONNECT vip163mx01.mxmail.netease.com:25 HTTP/1.0" 405 358 "-" "-"
64.246.165.200 - - [12/Aug/2016:01:44:27 +0200] "GET /leer.htm HTTP/1.1" 404 313 "http://whois.domaintools.com/dialyse-schoenebeck.de" "Mozilla/5.0 (Windows; U; Windows NT 5.1; en; rv:1.9.0.13) Gecko/2009073022 Firefox/3.5.2 (.NET CLR 3.5.30729) SurveyBot/2.3 (DomainTools)"
64.246.165.200 - - [12/Aug/2016:01:44:27 +0200] "GET /leer.htm HTTP/1.1" 404 313 "http://whois.domaintools.com/dialyse-schoenebeck.de" "Mozilla/5.0 (Windows; U; Windows NT 5.1; en; rv:1.9.0.13) Gecko/2009073022 Firefox/3.5.2 (.NET CLR 3.5.30729) SurveyBot/2.3 (DomainTools)"
64.246.165.200 - - [12/Aug/2016:01:44:28 +0200] "GET /leer.htm HTTP/1.1" 404 313 "http://whois.domaintools.com/dialyse-schoenebeck.de" "Mozilla/5.0 (Windows; U; Windows NT 5.1; en; rv:1.9.0.13) Gecko/2009073022 Firefox/3.5.2 (.NET CLR 3.5.30729) SurveyBot/2.3 (DomainTools)"
167.114.229.246 - - [12/Aug/2016:02:14:10 +0200] "GET / HTTP/1.1" 200 1229 "-" "Mozilla/5.0 (Windows NT 6.1) AppleWebKit/537.36 (KHTML, like Gecko) Chrome/47.0.2526.73 Safari/537.36"
95.213.177.123 - - [12/Aug/2016:02:17:45 +0200] "CONNECT check.proxyradar.com:80 HTTP/1.1" 400 340 "-" "-"
95.213.177.125 - - [12/Aug/2016:02:17:45 +0200] "CONNECT check.proxyradar.com:80 HTTP/1.1" 400 340 "-" "-"
95.213.177.125 - - [12/Aug/2016:02:17:45 +0200] "CONNECT check.proxyradar.com:80 HTTP/1.1" 400 340 "-" "-"
95.213.177.126 - - [12/Aug/2016:02:17:45 +0200] "CONNECT check.proxyradar.com:80 HTTP/1.1" 400 340 "-" "-"
95.213.177.126 - - [12/Aug/2016:02:17:45 +0200] "CONNECT check.proxyradar.com:80 HTTP/1.1" 400 340 "-" "-"
95.213.177.123 - - [12/Aug/2016:02:17:45 +0200] "CONNECT check.proxyradar.com:80 HTTP/1.1" 400 340 "-" "-"
95.213.177.125 - - [12/Aug/2016:02:17:45 +0200] "CONNECT check.proxyradar.com:80 HTTP/1.1" 400 340 "-" "-"
95.213.177.125 - - [12/Aug/2016:02:17:45 +0200] "CONNECT check.proxyradar.com:80 HTTP/1.1" 400 340 "-" "-"
95.213.177.124 - - [12/Aug/2016:02:17:45 +0200] "CONNECT check.proxyradar.com:80 HTTP/1.1" 400 340 "-" "-"
95.213.177.123 - - [12/Aug/2016:02:17:45 +0200] "CONNECT check.proxyradar.com:80 HTTP/1.1" 400 340 "-" "-"
89.163.242.39 - - [12/Aug/2016:02:45:00 +0200] "GET / HTTP/1.1" 200 1229 "-" "libwww-perl/6.07"
89.163.242.39 - - [12/Aug/2016:03:03:01 +0200] "GET / HTTP/1.1" 200 1229 "-" "libwww-perl/6.07"
193.109.69.2 - - [12/Aug/2016:03:08:24 +0200] "GET / HTTP/1.1" 200 1229 "-" "Mozilla/5.0 (Linux; U; Android 4.2.2; en-us; A1-810 Build/JDQ39) AppleWebKit/534.30 (KHTML, like Gecko) Version/4.0 Safari/534.30"
64.246.161.190 - - [12/Aug/2016:03:24:55 +0200] "GET /frameset/left.htm HTTP/1.1" 404 322 "http://whois.domaintools.com/die-sehnsucht.com" "Mozilla/5.0 (Windows; U; Windows NT 5.1; en; rv:1.9.0.13) Gecko/2009073022 Firefox/3.5.2 (.NET CLR 3.5.30729) SurveyBot/2.3 (DomainTools)"
64.246.161.190 - - [12/Aug/2016:03:24:55 +0200] "GET /frameset/top.htm HTTP/1.1" 404 321 "http://whois.domaintools.com/die-sehnsucht.com" "Mozilla/5.0 (Windows; U; Windows NT 5.1; en; rv:1.9.0.13) Gecko/2009073022 Firefox/3.5.2 (.NET CLR 3.5.30729) SurveyBot/2.3 (DomainTools)"
64.246.161.190 - - [12/Aug/2016:03:24:55 +0200] "GET /neue_seite_1.htm HTTP/1.1" 404 321 "http://whois.domaintools.com/die-sehnsucht.com" "Mozilla/5.0 (Windows; U; Windows NT 5.1; en; rv:1.9.0.13) Gecko/2009073022 Firefox/3.5.2 (.NET CLR 3.5.30729) SurveyBot/2.3 (DomainTools)"
61.228.91.32 - - [12/Aug/2016:03:29:52 +0200] "CONNECT 163mx03.mxmail.netease.com:25 HTTP/1.0" 405 355 "-" "-"
96.228.211.79 - - [12/Aug/2016:04:04:03 +0200] "GET http://httpheader.net/ HTTP/1.1" 200 1229 "-" "Mozilla/5.0 (Windows; U; Windows NT 6.1; en-US; rv:1.9.2.28) Gecko/20120306 Firefox/3.6.28 (.NET CLR 3.5.30729)"
193.109.69.2 - - [12/Aug/2016:04:08:46 +0200] "GET / HTTP/1.1" 200 1229 "-" "Mozilla/5.0 (Linux; U; Android 4.2.2; en-us; A1-810 Build/JDQ39) AppleWebKit/534.30 (KHTML, like Gecko) Version/4.0 Safari/534.30"
96.228.211.79 - - [12/Aug/2016:04:09:53 +0200] "GET http://httpheader.net/ HTTP/1.1" 200 1229 "-" "Mozilla/5.0 (Windows; U; Windows NT 6.1; en-US; rv:1.9.2.28) Gecko/20120306 Firefox/3.6.28 (.NET CLR 3.5.30729)"
96.228.211.79 - - [12/Aug/2016:04:13:52 +0200] "GET http://httpheader.net/ HTTP/1.1" 200 1229 "-" "Mozilla/5.0 (Windows; U; Windows NT 6.1; en-US; rv:1.9.2.28) Gecko/20120306 Firefox/3.6.28 (.NET CLR 3.5.30729)"
96.228.211.79 - - [12/Aug/2016:04:14:47 +0200] "GET http://httpheader.net/ HTTP/1.1" 200 1229 "-" "Mozilla/5.0 (Windows; U; Windows NT 6.1; en-US; rv:1.9.2.28) Gecko/20120306 Firefox/3.6.28 (.NET CLR 3.5.30729)"
139.162.13.205 - - [12/Aug/2016:04:37:05 +0200] "GET http://clientapi.ipip.net/echo.php?info=20160812103704 HTTP/1.1" 404 318 "-" "Mozilla/5.0 (Windows NT 10.0; WOW64)"
139.162.13.205 - - [12/Aug/2016:04:37:07 +0200] "" 501 315 "-" "-"
104.224.133.118 - - [12/Aug/2016:04:43:56 +0200] "GET / HTTP/1.1" 200 1229 "-" "python-requests/2.10.0"
111.248.122.197 - - [12/Aug/2016:04:51:40 +0200] "CONNECT 126mx03.mxmail.netease.com:25 HTTP/1.0" 405 355 "-" "-"
66.249.78.62 - - [12/Aug/2016:04:53:10 +0200] "GET /robots.txt HTTP/1.1" 404 323 "-" "Mozilla/5.0 (compatible; Googlebot/2.1; +http://www.google.com/bot.html)"
66.249.78.76 - - [12/Aug/2016:04:53:11 +0200] "GET /support.html HTTP/1.1" 404 325 "-" "Mozilla/5.0 (compatible; Googlebot/2.1; +http://www.google.com/bot.html)"
180.97.106.37 - - [12/Aug/2016:06:04:48 +0200] "GET http://180.163.113.82/check_proxy HTTP/1.1" 404 317 "-" "-"
180.97.106.37 - - [12/Aug/2016:06:18:57 +0200] "GET http://180.163.113.82/check_proxy HTTP/1.1" 404 317 "-" "-"
180.97.106.162 - - [12/Aug/2016:06:21:20 +0200] "GET http://180.163.113.82/check_proxy HTTP/1.1" 404 317 "-" "-"
180.97.106.162 - - [12/Aug/2016:06:23:41 +0200] "GET http://180.163.113.82/check_proxy HTTP/1.1" 404 317 "-" "-"
180.97.106.37 - - [12/Aug/2016:06:30:59 +0200] "GET http://180.163.113.82/check_proxy HTTP/1.1" 404 317 "-" "-"
180.97.106.162 - - [12/Aug/2016:06:35:08 +0200] "GET http://180.163.113.82/check_proxy HTTP/1.1" 404 317 "-" "-"
180.97.106.37 - - [12/Aug/2016:06:38:16 +0200] "GET http://180.163.113.82/check_proxy HTTP/1.1" 404 317 "-" "-"
180.97.106.161 - - [12/Aug/2016:06:40:54 +0200] "GET http://180.163.113.82/check_proxy HTTP/1.1" 404 317 "-" "-"
139.162.13.205 - - [12/Aug/2016:06:48:19 +0200] "GET / HTTP/1.1" 200 1229 "-" "Mozilla/5.0 (Windows NT 10.0; WOW64) AppleWebKit/537.36 (KHTML, like Gecko) Chrome/45.0.2454.101 Safari/537.36"
195.154.33.182 - - [12/Aug/2016:06:56:31 +0200] "HEAD / HTTP/1.1" 200 - "-" "-"
195.154.33.182 - - [12/Aug/2016:06:56:31 +0200] "GET / HTTP/1.1" 200 1229 "-" "Mozilla/5.0 (Windows; U; Windows NT 5.0; en-US; rv:1.7.12) Gecko/20050915 Firefox/1.0.7"
212.129.63.128 - - [12/Aug/2016:06:59:42 +0200] "HEAD / HTTP/1.1" 200 - "-" "-"
212.129.63.128 - - [12/Aug/2016:06:59:42 +0200] "GET / HTTP/1.1" 200 1229 "-" "Mozilla/5.0 (Windows; U; Windows NT 5.0; en-US; rv:1.7.12) Gecko/20050915 Firefox/1.0.7"
212.129.63.128 - - [12/Aug/2016:07:00:08 +0200] "HEAD / HTTP/1.1" 200 - "-" "-"
212.129.63.128 - - [12/Aug/2016:07:00:08 +0200] "GET / HTTP/1.1" 200 1229 "-" "Mozilla/5.0 (Windows; U; Windows NT 5.0; en-US; rv:1.7.12) Gecko/20050915 Firefox/1.0.7"
95.213.177.126 - - [12/Aug/2016:07:06:01 +0200] "CONNECT check.proxyradar.com:80 HTTP/1.1" 400 340 "-" "-"
95.213.177.126 - - [12/Aug/2016:07:06:01 +0200] "CONNECT check.proxyradar.com:80 HTTP/1.1" 400 340 "-" "-"
95.213.177.126 - - [12/Aug/2016:07:06:01 +0200] "CONNECT check.proxyradar.com:80 HTTP/1.1" 400 340 "-" "-"
95.213.177.123 - - [12/Aug/2016:07:06:01 +0200] "CONNECT check.proxyradar.com:80 HTTP/1.1" 400 340 "-" "-"
95.213.177.124 - - [12/Aug/2016:07:06:01 +0200] "CONNECT check.proxyradar.com:80 HTTP/1.1" 400 340 "-" "-"
95.213.177.126 - - [12/Aug/2016:07:06:01 +0200] "CONNECT check.proxyradar.com:80 HTTP/1.1" 400 340 "-" "-"
95.213.177.126 - - [12/Aug/2016:07:06:01 +0200] "CONNECT check.proxyradar.com:80 HTTP/1.1" 400 340 "-" "-"
95.213.177.126 - - [12/Aug/2016:07:06:01 +0200] "CONNECT check.proxyradar.com:80 HTTP/1.1" 400 340 "-" "-"
95.213.177.126 - - [12/Aug/2016:07:06:01 +0200] "CONNECT check.proxyradar.com:80 HTTP/1.1" 400 340 "-" "-"
95.213.177.126 - - [12/Aug/2016:07:06:01 +0200] "CONNECT check.proxyradar.com:80 HTTP/1.1" 400 340 "-" "-"
141.212.122.96 - - [12/Aug/2016:09:07:46 +0200] "GET / HTTP/1.1" 200 1229 "-" "Mozilla/5.0 zgrab/0.x"
193.109.69.2 - - [12/Aug/2016:09:21:36 +0200] "GET / HTTP/1.1" 200 1229 "-" "Mozilla/5.0 (Linux; U; Android 4.2.2; en-us; A1-810 Build/JDQ39) AppleWebKit/534.30 (KHTML, like Gecko) Version/4.0 Safari/534.30"
193.109.69.2 - - [12/Aug/2016:10:00:33 +0200] "GET / HTTP/1.1" 200 1229 "-" "Mozilla/5.0 (Linux; U; Android 4.2.2; en-us; A1-810 Build/JDQ39) AppleWebKit/534.30 (KHTML, like Gecko) Version/4.0 Safari/534.30"
61.19.114.244 - - [12/Aug/2016:10:28:03 +0200] "GET /phpMyAdmin/scripts/setup.php HTTP/1.1" 404 333 "-" "-"
61.19.114.244 - - [12/Aug/2016:10:28:11 +0200] "GET /pma/scripts/setup.php HTTP/1.1" 404 326 "-" "-"
61.19.114.244 - - [12/Aug/2016:10:28:20 +0200] "GET /myadmin/scripts/setup.php HTTP/1.1" 404 330 "-" "-"
193.109.69.2 - - [12/Aug/2016:10:31:03 +0200] "GET / HTTP/1.1" 200 1229 "-" "Mozilla/5.0 (Linux; U; Android 4.2.2; en-us; A1-810 Build/JDQ39) AppleWebKit/534.30 (KHTML, like Gecko) Version/4.0 Safari/534.30"
137.226.113.4 - - [12/Aug/2016:10:31:12 +0200] "GET / HTTP/1.1" 200 1229 "-" "Go-http-client/1.1"
221.202.84.230 - - [12/Aug/2016:10:56:16 +0200] "GET: index.php HTTP/1.0 " 400 333 "-" "-"
221.202.84.230 - - [12/Aug/2016:10:56:16 +0200] "GET: index.php HTTP/1.0 " 400 333 "-" "-"
221.202.84.230 - - [12/Aug/2016:10:56:16 +0200] "GET: index.php HTTP/1.0 " 400 333 "-" "-"
221.202.84.230 - - [12/Aug/2016:10:56:16 +0200] "GET: index.php HTTP/1.0 " 400 333 "-" "-"
221.202.84.230 - - [12/Aug/2016:10:56:16 +0200] "GET: index.php HTTP/1.0 " 400 333 "-" "-"
221.202.84.230 - - [12/Aug/2016:10:56:16 +0200] "GET: index.php HTTP/1.0 " 400 333 "-" "-"
221.202.84.230 - - [12/Aug/2016:10:56:16 +0200] "GET: index.php HTTP/1.0 " 400 333 "-" "-"
221.202.84.230 - - [12/Aug/2016:10:56:19 +0200] "GET: index.php HTTP/1.0 " 400 333 "-" "-"
221.202.84.230 - - [12/Aug/2016:10:56:19 +0200] "GET: index.php HTTP/1.0 " 400 333 "-" "-"
221.202.84.230 - - [12/Aug/2016:10:56:19 +0200] "GET: index.php HTTP/1.0 " 400 333 "-" "-"
137.226.113.4 - - [12/Aug/2016:11:22:55 +0200] "GET / HTTP/1.1" 200 1229 "-" "Go-http-client/1.1"
193.109.69.2 - - [12/Aug/2016:11:32:09 +0200] "GET / HTTP/1.1" 200 1229 "-" "Mozilla/5.0 (Linux; U; Android 4.2.2; en-us; A1-810 Build/JDQ39) AppleWebKit/534.30 (KHTML, like Gecko) Version/4.0 Safari/534.30"
137.226.113.4 - - [12/Aug/2016:11:44:02 +0200] "GET / HTTP/1.1" 200 1229 "-" "Go-http-client/1.1"
95.213.177.123 - - [12/Aug/2016:11:49:12 +0200] "CONNECT check.proxyradar.com:80 HTTP/1.1" 400 340 "-" "-"
95.213.177.123 - - [12/Aug/2016:11:49:12 +0200] "CONNECT check.proxyradar.com:80 HTTP/1.1" 400 340 "-" "-"
95.213.177.126 - - [12/Aug/2016:11:49:12 +0200] "CONNECT check.proxyradar.com:80 HTTP/1.1" 400 340 "-" "-"
95.213.177.124 - - [12/Aug/2016:11:49:12 +0200] "CONNECT check.proxyradar.com:80 HTTP/1.1" 400 340 "-" "-"
95.213.177.126 - - [12/Aug/2016:11:49:12 +0200] "CONNECT check.proxyradar.com:80 HTTP/1.1" 400 340 "-" "-"
95.213.177.124 - - [12/Aug/2016:11:49:12 +0200] "CONNECT check.proxyradar.com:80 HTTP/1.1" 400 340 "-" "-"
95.213.177.126 - - [12/Aug/2016:11:49:12 +0200] "CONNECT check.proxyradar.com:80 HTTP/1.1" 400 340 "-" "-"
95.213.177.123 - - [12/Aug/2016:11:49:12 +0200] "CONNECT check.proxyradar.com:80 HTTP/1.1" 400 340 "-" "-"
95.213.177.124 - - [12/Aug/2016:11:49:12 +0200] "CONNECT check.proxyradar.com:80 HTTP/1.1" 400 340 "-" "-"
95.213.177.125 - - [12/Aug/2016:11:49:12 +0200] "CONNECT check.proxyradar.com:80 HTTP/1.1" 400 340 "-" "-"
141.212.122.96 - - [12/Aug/2016:12:28:17 +0200] "GET / HTTP/1.1" 200 1229 "-" "Mozilla/5.0 zgrab/0.x"
141.212.122.96 - - [12/Aug/2016:12:35:50 +0200] "GET / HTTP/1.1" 200 1229 "-" "Mozilla/5.0 zgrab/0.x"
141.212.122.96 - - [12/Aug/2016:12:42:50 +0200] "GET / HTTP/1.1" 200 1229 "-" "Mozilla/5.0 zgrab/0.x"
141.212.122.96 - - [12/Aug/2016:12:54:51 +0200] "GET / HTTP/1.1" 200 1229 "-" "Mozilla/5.0 zgrab/0.x"
61.157.96.193 - - [12/Aug/2016:13:21:15 +0200] "GET http://50.117.47.67:43530/?rands=_163591868041190943273420 HTTP/1.1" 200 1229 "-" "Mozilla/5.0 (compatible; MSIE 10.0; Windows NT 6.1; WOW64; Trident/6.0)"
61.157.96.193 - - [12/Aug/2016:13:21:15 +0200] "GET http://123.249.29.201:43210/?rands=_5400102897615188132361092 HTTP/1.1" 200 1229 "-" "Mozilla/5.0 (compatible; MSIE 10.0; Windows NT 6.1; WOW64; Trident/6.0)"
61.157.96.193 - - [12/Aug/2016:13:21:16 +0200] "GET http://50.117.86.106/?rands=_12303130550420428206268200 HTTP/1.1" 200 1229 "-" "Mozilla/5.0 (compatible; MSIE 10.0; Windows NT 6.1; WOW64; Trident/6.0)"
61.157.96.193 - - [12/Aug/2016:13:21:17 +0200] "GET http://50.117.47.67:43530/?rands=_300001319112489006944784 HTTP/1.1" 200 1229 "-" "Mozilla/5.0 (compatible; MSIE 10.0; Windows NT 6.1; WOW64; Trident/6.0)"
61.157.96.193 - - [12/Aug/2016:13:21:18 +0200] "GET http://123.249.29.201:43210/?rands=_1132899189826536926495972 HTTP/1.1" 200 1229 "-" "Mozilla/5.0 (compatible; MSIE 10.0; Windows NT 6.1; WOW64; Trident/6.0)"
61.157.96.193 - - [12/Aug/2016:13:21:18 +0200] "GET http://50.117.86.106/?rands=_15995155079626404681828080 HTTP/1.1" 200 1229 "-" "Mozilla/5.0 (compatible; MSIE 10.0; Windows NT 6.1; WOW64; Trident/6.0)"
61.157.96.193 - - [12/Aug/2016:13:21:18 +0200] "GET http://50.117.47.67:43530/?rands=_210333009621896687421848 HTTP/1.1" 200 1229 "-" "Mozilla/5.0 (compatible; MSIE 10.0; Windows NT 6.1; WOW64; Trident/6.0)"
61.157.96.193 - - [12/Aug/2016:13:21:18 +0200] "GET http://50.117.47.67:43530/?rands=_1740937241617081464623696 HTTP/1.1" 200 1229 "-" "Mozilla/5.0 (compatible; MSIE 10.0; Windows NT 6.1; WOW64; Trident/6.0)"
61.157.96.193 - - [12/Aug/2016:13:21:18 +0200] "GET http://50.117.47.67:43530/?rands=_27909521095218265512600748 HTTP/1.1" 200 1229 "-" "Mozilla/5.0 (compatible; MSIE 10.0; Windows NT 6.1; WOW64; Trident/6.0)"
61.157.96.193 - - [12/Aug/2016:13:21:18 +0200] "GET http://123.249.29.201:43210/?rands=_483633468818010082631156 HTTP/1.1" 200 1229 "-" "Mozilla/5.0 (compatible; MSIE 10.0; Windows NT 6.1; WOW64; Trident/6.0)"
61.157.96.193 - - [12/Aug/2016:13:21:18 +0200] "GET http://123.249.29.201:43210/?rands=_907083090826748812865816 HTTP/1.1" 200 1229 "-" "Mozilla/5.0 (compatible; MSIE 10.0; Windows NT 6.1; WOW64; Trident/6.0)"
61.157.96.193 - - [12/Aug/2016:13:21:19 +0200] "GET http://123.249.29.201:43210/?rands=_116973028606204601087284 HTTP/1.1" 200 1229 "-" "Mozilla/5.0 (compatible; MSIE 10.0; Windows NT 6.1; WOW64; Trident/6.0)"
61.157.96.193 - - [12/Aug/2016:13:21:19 +0200] "GET http://50.117.86.106/?rands=_10026255040528540955492 HTTP/1.1" 200 1229 "-" "Mozilla/5.0 (compatible; MSIE 10.0; Windows NT 6.1; WOW64; Trident/6.0)"
61.157.96.193 - - [12/Aug/2016:13:21:19 +0200] "GET http://50.117.86.106/?rands=_12425111499424037564428000 HTTP/1.1" 200 1229 "-" "Mozilla/5.0 (compatible; MSIE 10.0; Windows NT 6.1; WOW64; Trident/6.0)"
61.157.96.193 - - [12/Aug/2016:13:21:19 +0200] "GET http://50.117.86.106/?rands=_203207141208087313245592 HTTP/1.1" 200 1229 "-" "Mozilla/5.0 (compatible; MSIE 10.0; Windows NT 6.1; WOW64; Trident/6.0)"
61.157.96.193 - - [12/Aug/2016:13:21:27 +0200] "GET http://50.117.47.67:43530/?rands=_14680243515422566875957280 HTTP/1.1" 200 1229 "-" "Mozilla/5.0 (compatible; MSIE 10.0; Windows NT 6.1; WOW64; Trident/6.0)"
61.157.96.193 - - [12/Aug/2016:13:21:27 +0200] "GET http://123.249.29.201:43210/?rands=_310101916672830256359256 HTTP/1.1" 200 1229 "-" "Mozilla/5.0 (compatible; MSIE 10.0; Windows NT 6.1; WOW64; Trident/6.0)"
61.157.96.193 - - [12/Aug/2016:13:21:27 +0200] "GET http://50.117.86.106/?rands=_65201833402620730975744 HTTP/1.1" 200 1229 "-" "Mozilla/5.0 (compatible; MSIE 10.0; Windows NT 6.1; WOW64; Trident/6.0)"
61.157.96.193 - - [12/Aug/2016:13:21:29 +0200] "GET http://50.117.47.67:43530/?rands=_18294959816931200780160 HTTP/1.1" 200 1229 "-" "Mozilla/5.0 (compatible; MSIE 10.0; Windows NT 6.1; WOW64; Trident/6.0)"
61.157.96.193 - - [12/Aug/2016:13:21:30 +0200] "GET http://123.249.29.201:43210/?rands=_1736127680411886001704220 HTTP/1.1" 200 1229 "-" "Mozilla/5.0 (compatible; MSIE 10.0; Windows NT 6.1; WOW64; Trident/6.0)"
61.157.96.193 - - [12/Aug/2016:13:21:30 +0200] "GET http://50.117.86.106/?rands=_2470528360822230005372160 HTTP/1.1" 200 1229 "-" "Mozilla/5.0 (compatible; MSIE 10.0; Windows NT 6.1; WOW64; Trident/6.0)"
61.157.96.193 - - [12/Aug/2016:13:21:38 +0200] "GET http://50.117.47.67:43530/?rands=_728429458819675921679448 HTTP/1.1" 200 1229 "-" "Mozilla/5.0 (compatible; MSIE 10.0; Windows NT 6.1; WOW64; Trident/6.0)"
61.157.96.193 - - [12/Aug/2016:13:21:38 +0200] "GET http://123.249.29.201:43210/?rands=_3300014656805472211049760 HTTP/1.1" 200 1229 "-" "Mozilla/5.0 (compatible; MSIE 10.0; Windows NT 6.1; WOW64; Trident/6.0)"
61.157.96.193 - - [12/Aug/2016:13:21:38 +0200] "GET http://50.117.86.106/?rands=_78241596834565554923472 HTTP/1.1" 200 1229 "-" "Mozilla/5.0 (compatible; MSIE 10.0; Windows NT 6.1; WOW64; Trident/6.0)"
61.157.96.193 - - [12/Aug/2016:13:21:42 +0200] "GET http://50.117.47.67:43530/?rands=_2175813062417925361802612 HTTP/1.1" 200 1229 "-" "Mozilla/5.0 (compatible; MSIE 10.0; Windows NT 6.1; WOW64; Trident/6.0)"
61.157.96.193 - - [12/Aug/2016:13:21:42 +0200] "GET http://123.249.29.201:43210/?rands=_4990120961626442005105520 HTTP/1.1" 200 1229 "-" "Mozilla/5.0 (compatible; MSIE 10.0; Windows NT 6.1; WOW64; Trident/6.0)"
61.157.96.193 - - [12/Aug/2016:13:21:43 +0200] "GET http://50.117.86.106/?rands=_1315099460435835751544928 HTTP/1.1" 200 1229 "-" "Mozilla/5.0 (compatible; MSIE 10.0; Windows NT 6.1; WOW64; Trident/6.0)"
61.157.96.193 - - [12/Aug/2016:13:21:43 +0200] "GET http://50.117.47.67:43530/?rands=_1885113149402744160560060 HTTP/1.1" 200 1229 "-" "Mozilla/5.0 (compatible; MSIE 10.0; Windows NT 6.1; WOW64; Trident/6.0)"
61.157.96.193 - - [12/Aug/2016:13:21:43 +0200] "GET http://123.249.29.201:43210/?rands=_12698111853035230143730968 HTTP/1.1" 200 1229 "-" "Mozilla/5.0 (compatible; MSIE 10.0; Windows NT 6.1; WOW64; Trident/6.0)"
61.157.96.193 - - [12/Aug/2016:13:21:44 +0200] "GET http://50.117.86.106/?rands=_1895386967038550667280 HTTP/1.1" 200 1229 "-" "Mozilla/5.0 (compatible; MSIE 10.0; Windows NT 6.1; WOW64; Trident/6.0)"
193.109.69.2 - - [12/Aug/2016:14:34:02 +0200] "GET / HTTP/1.1" 200 1229 "-" "Mozilla/5.0 (Linux; U; Android 4.2.2; en-us; A1-810 Build/JDQ39) AppleWebKit/534.30 (KHTML, like Gecko) Version/4.0 Safari/534.30"
195.154.33.182 - - [12/Aug/2016:14:53:28 +0200] "HEAD / HTTP/1.1" 200 - "-" "-"
212.129.63.128 - - [12/Aug/2016:14:53:28 +0200] "HEAD / HTTP/1.1" 200 - "-" "-"
195.154.33.182 - - [12/Aug/2016:14:53:28 +0200] "GET / HTTP/1.1" 200 1229 "-" "Mozilla/5.0 (Windows; U; Windows NT 5.0; en-US; rv:1.7.12) Gecko/20050915 Firefox/1.0.7"
212.129.63.128 - - [12/Aug/2016:14:53:28 +0200] "GET / HTTP/1.1" 200 1229 "-" "Mozilla/5.0 (Windows; U; Windows NT 5.0; en-US; rv:1.7.12) Gecko/20050915 Firefox/1.0.7"
194.153.113.13 - - [12/Aug/2016:16:14:57 +0200] "GET /robots.txt HTTP/1.1" 404 315 "-" "Mozilla/5.0 (compatible; oBot/2.3.1; http://filterdb.iss.net/crawler/)"
194.153.113.13 - - [12/Aug/2016:16:14:57 +0200] "HEAD / HTTP/1.1" 200 - "-" "Mozilla/5.0 (compatible; oBot/2.3.1; http://filterdb.iss.net/crawler/)"
95.213.177.126 - - [12/Aug/2016:16:51:52 +0200] "CONNECT check.proxyradar.com:80 HTTP/1.1" 400 340 "-" "-"
95.213.177.123 - - [12/Aug/2016:16:51:52 +0200] "CONNECT check.proxyradar.com:80 HTTP/1.1" 400 340 "-" "-"
95.213.177.123 - - [12/Aug/2016:16:51:52 +0200] "CONNECT check.proxyradar.com:80 HTTP/1.1" 400 340 "-" "-"
95.213.177.126 - - [12/Aug/2016:16:51:52 +0200] "CONNECT check.proxyradar.com:80 HTTP/1.1" 400 340 "-" "-"
95.213.177.124 - - [12/Aug/2016:16:51:52 +0200] "CONNECT check.proxyradar.com:80 HTTP/1.1" 400 340 "-" "-"
95.213.177.123 - - [12/Aug/2016:16:51:52 +0200] "CONNECT check.proxyradar.com:80 HTTP/1.1" 400 340 "-" "-"
95.213.177.125 - - [12/Aug/2016:16:51:52 +0200] "CONNECT check.proxyradar.com:80 HTTP/1.1" 400 340 "-" "-"
95.213.177.123 - - [12/Aug/2016:16:51:52 +0200] "CONNECT check.proxyradar.com:80 HTTP/1.1" 400 340 "-" "-"
95.213.177.124 - - [12/Aug/2016:16:51:52 +0200] "CONNECT check.proxyradar.com:80 HTTP/1.1" 400 340 "-" "-"
95.213.177.124 - - [12/Aug/2016:16:51:52 +0200] "CONNECT check.proxyradar.com:80 HTTP/1.1" 400 340 "-" "-"
92.39.50.190 - - [12/Aug/2016:17:28:25 +0200] "GET / HTTP/1.0" 200 1229 "-" "Opera/9.80 (X11; Linux x86_64) Presto/2.12.388 Version/12.16"
141.212.122.96 - - [12/Aug/2016:17:39:33 +0200] "GET / HTTP/1.1" 200 1229 "-" "Mozilla/5.0 zgrab/0.x"
185.35.63.7 - - [12/Aug/2016:17:45:09 +0200] "GET / HTTP/1.1" 200 1229 "-" "ho"
137.226.113.4 - - [12/Aug/2016:17:46:26 +0200] "GET / HTTP/1.1" 200 1229 "-" "Go-http-client/1.1"
185.35.63.46 - - [12/Aug/2016:17:59:39 +0200] "GET / HTTP/1.1" 200 1229 "-" "xq"
185.35.63.5 - - [12/Aug/2016:18:20:06 +0200] "GET / HTTP/1.1" 200 1229 "-" "yl"
52.209.115.71 - - [12/Aug/2016:18:34:56 +0200] "GET / HTTP/1.1" 200 1229 "-" "Mozilla/5.0 (Windows NT 6.2; WOW64; rv:26.0) Gecko/20100101 Firefox/26.0"
185.35.63.46 - - [12/Aug/2016:18:35:17 +0200] "GET / HTTP/1.1" 200 1229 "-" "yt"
185.35.63.47 - - [12/Aug/2016:19:14:54 +0200] "GET / HTTP/1.1" 200 1229 "-" "jm"
198.20.70.114 - - [12/Aug/2016:19:24:12 +0200] "GET / HTTP/1.1" 200 1229 "-" "Mozilla/5.0 (Windows NT 6.1) AppleWebKit/537.36 (KHTML, like Gecko) Chrome/41.0.2228.0 Safari/537.36"
198.20.70.114 - - [12/Aug/2016:19:24:13 +0200] "GET /robots.txt HTTP/1.1" 404 315 "-" "-"
198.20.70.114 - - [12/Aug/2016:19:24:13 +0200] "GET /sitemap.xml HTTP/1.1" 404 316 "-" "-"
185.35.63.80 - - [12/Aug/2016:19:27:05 +0200] "GET / HTTP/1.1" 200 1229 "-" "dp"
185.35.63.5 - - [12/Aug/2016:19:30:48 +0200] "GET / HTTP/1.1" 200 1229 "-" "au"
111.248.115.171 - - [12/Aug/2016:20:29:35 +0200] "CONNECT 126mx00.mxmail.netease.com:25 HTTP/1.0" 405 355 "-" "-"
61.228.95.69 - - [12/Aug/2016:20:34:18 +0200] "CONNECT 163mx01.mxmail.netease.com:25 HTTP/1.0" 405 355 "-" "-"
137.226.113.4 - - [12/Aug/2016:20:56:56 +0200] "GET / HTTP/1.1" 200 1229 "-" "Go-http-client/1.1"
141.212.122.96 - - [12/Aug/2016:21:10:28 +0200] "GET / HTTP/1.1" 200 1229 "-" "Mozilla/5.0 zgrab/0.x"
36.229.233.104 - - [12/Aug/2016:21:31:44 +0200] "CONNECT 163mx02.mxmail.netease.com:25 HTTP/1.0" 405 355 "-" "-"
93.159.230.88 - - [12/Aug/2016:21:32:47 +0200] "GET / HTTP/1.1" 200 1229 "-" "Mozilla/4.0 (compatible; MSIE 8.0; Windows NT 5.1; Trident/4.0; .NET CLR 2.0.50727; .NET CLR 3.0.04506.30; InfoPath.1; .NET CLR 3.0.04506.648; MS-RTC LM 8; .NET CLR 3.0.4506.2152; .NET CLR 3.5.30729)"
95.213.177.123 - - [12/Aug/2016:21:47:20 +0200] "CONNECT check.proxyradar.com:80 HTTP/1.1" 400 340 "-" "-"
95.213.177.125 - - [12/Aug/2016:21:47:20 +0200] "CONNECT check.proxyradar.com:80 HTTP/1.1" 400 340 "-" "-"
95.213.177.126 - - [12/Aug/2016:21:47:20 +0200] "CONNECT check.proxyradar.com:80 HTTP/1.1" 400 340 "-" "-"
95.213.177.124 - - [12/Aug/2016:21:47:20 +0200] "CONNECT check.proxyradar.com:80 HTTP/1.1" 400 340 "-" "-"
95.213.177.126 - - [12/Aug/2016:21:47:20 +0200] "CONNECT check.proxyradar.com:80 HTTP/1.1" 400 340 "-" "-"
95.213.177.124 - - [12/Aug/2016:21:47:20 +0200] "CONNECT check.proxyradar.com:80 HTTP/1.1" 400 340 "-" "-"
95.213.177.125 - - [12/Aug/2016:21:47:20 +0200] "CONNECT check.proxyradar.com:80 HTTP/1.1" 400 340 "-" "-"
95.213.177.123 - - [12/Aug/2016:21:47:20 +0200] "CONNECT check.proxyradar.com:80 HTTP/1.1" 400 340 "-" "-"
95.213.177.123 - - [12/Aug/2016:21:47:20 +0200] "CONNECT check.proxyradar.com:80 HTTP/1.1" 400 340 "-" "-"
95.213.177.126 - - [12/Aug/2016:21:47:20 +0200] "CONNECT check.proxyradar.com:80 HTTP/1.1" 400 340 "-" "-"
5.255.251.7 - - [12/Aug/2016:22:12:04 +0200] "GET /robots.txt HTTP/1.1" 404 318 "-" "Mozilla/5.0 (compatible; YandexBot/3.0; +http://yandex.com/bots)"
63.251.96.59 - - [12/Aug/2016:22:12:56 +0200] "GET /admin/i18n/readme.txt HTTP/1.1" 404 326 "-" "python-requests/2.6.0 CPython/2.7.5 Linux/3.10.0-327.18.2.el7.x86_64"
63.251.96.59 - - [12/Aug/2016:22:12:56 +0200] "GET /admin/i18n/readme.txt HTTP/1.1" 404 326 "-" "python-requests/2.6.0 CPython/2.7.5 Linux/3.10.0-327.18.2.el7.x86_64"
63.251.96.59 - - [12/Aug/2016:22:12:56 +0200] "GET /admin/i18n/readme.txt HTTP/1.1" 404 326 "-" "python-requests/2.6.0 CPython/2.7.5 Linux/3.10.0-327.18.2.el7.x86_64"
63.251.96.59 - - [12/Aug/2016:22:12:56 +0200] "GET /admin/i18n/readme.txt HTTP/1.1" 404 326 "-" "python-requests/2.6.0 CPython/2.7.5 Linux/3.10.0-327.18.2.el7.x86_64"
63.251.96.59 - - [12/Aug/2016:22:12:56 +0200] "GET /admin/i18n/readme.txt HTTP/1.1" 404 326 "-" "python-requests/2.6.0 CPython/2.7.5 Linux/3.10.0-327.18.2.el7.x86_64"
63.251.96.59 - - [12/Aug/2016:22:12:56 +0200] "GET /admin/i18n/readme.txt HTTP/1.1" 404 326 "-" "python-requests/2.6.0 CPython/2.7.5 Linux/3.10.0-327.18.2.el7.x86_64"
63.251.96.59 - - [12/Aug/2016:22:12:56 +0200] "GET /admin/i18n/readme.txt HTTP/1.1" 404 326 "-" "python-requests/2.6.0 CPython/2.7.5 Linux/3.10.0-327.18.2.el7.x86_64"
63.251.96.59 - - [12/Aug/2016:22:12:56 +0200] "GET /admin/i18n/readme.txt HTTP/1.1" 404 326 "-" "python-requests/2.6.0 CPython/2.7.5 Linux/3.10.0-327.18.2.el7.x86_64"
63.251.96.59 - - [12/Aug/2016:22:12:56 +0200] "GET /admin/i18n/readme.txt HTTP/1.1" 404 326 "-" "python-requests/2.6.0 CPython/2.7.5 Linux/3.10.0-327.18.2.el7.x86_64"
63.251.96.59 - - [12/Aug/2016:22:12:56 +0200] "GET /admin/i18n/readme.txt HTTP/1.1" 404 326 "-" "python-requests/2.6.0 CPython/2.7.5 Linux/3.10.0-327.18.2.el7.x86_64"
110.84.129.110 - - [12/Aug/2016:22:55:39 +0200] "GET /phpMyAdmin/scripts/setup.php HTTP/1.1" 404 333 "-" "-"
110.84.129.110 - - [12/Aug/2016:22:55:48 +0200] "GET /pma/scripts/setup.php HTTP/1.1" 404 326 "-" "-"
110.84.129.110 - - [12/Aug/2016:22:55:58 +0200] "GET /myadmin/scripts/setup.php HTTP/1.1" 404 330 "-" "-"
197.44.17.162 - - [12/Aug/2016:23:43:00 +0200] "GET / HTTP/1.1" 200 1229 "-" "Mozilla/5.0 (X11; Ubuntu; Linux i686; rv:13.0) Gecko/20100101 Firefox/13.0.1"
194.153.113.13 - - [13/Aug/2016:00:06:37 +0200] "GET /robots.txt HTTP/1.1" 404 315 "-" "Mozilla/5.0 (compatible; oBot/2.3.1; http://filterdb.iss.net/crawler/)"
194.153.113.13 - - [13/Aug/2016:00:06:37 +0200] "HEAD / HTTP/1.1" 200 - "-" "Mozilla/5.0 (compatible; oBot/2.3.1; http://filterdb.iss.net/crawler/)"
36.226.246.93 - - [13/Aug/2016:00:47:05 +0200] "CONNECT 163mx01.mxmail.netease.com:25 HTTP/1.0" 405 355 "-" "-"
137.226.113.4 - - [13/Aug/2016:00:58:28 +0200] "GET / HTTP/1.1" 200 1229 "-" "Go-http-client/1.1"
88.198.16.153 - - [13/Aug/2016:01:19:40 +0200] "GET /robots.txt HTTP/1.0" 404 318 "-" "Mozilla/5.0 (compatible; MJ12bot/v1.4.5; http://www.majestic12.co.uk/bot.php?+)"
88.198.16.153 - - [13/Aug/2016:01:19:42 +0200] "GET / HTTP/1.0" 200 1229 "-" "Mozilla/5.0 (compatible; MJ12bot/v1.4.5; http://www.majestic12.co.uk/bot.php?+)"
141.212.122.96 - - [13/Aug/2016:01:51:34 +0200] "GET / HTTP/1.1" 200 1229 "-" "Mozilla/5.0 zgrab/0.x"
137.226.113.4 - - [13/Aug/2016:02:47:41 +0200] "GET / HTTP/1.1" 200 1229 "-" "Go-http-client/1.1"
111.248.112.66 - - [13/Aug/2016:03:44:34 +0200] "CONNECT vip163mx01.mxmail.netease.com:25 HTTP/1.0" 405 358 "-" "-"
195.154.33.182 - - [13/Aug/2016:05:11:44 +0200] "HEAD / HTTP/1.1" 200 - "-" "-"
195.154.33.182 - - [13/Aug/2016:05:11:44 +0200] "GET / HTTP/1.1" 200 1229 "-" "Mozilla/5.0 (Windows; U; Windows NT 5.0; en-US; rv:1.7.12) Gecko/20050915 Firefox/1.0.7"
195.154.33.182 - - [13/Aug/2016:05:20:51 +0200] "HEAD / HTTP/1.1" 200 - "-" "-"
195.154.33.182 - - [13/Aug/2016:05:20:53 +0200] "GET / HTTP/1.1" 200 1229 "-" "Mozilla/5.0 (Windows; U; Windows NT 5.0; en-US; rv:1.7.12) Gecko/20050915 Firefox/1.0.7"
