195.202.49.114 - - [24/Jan/2018:13:26:33 +0100] "POST / HTTP/1.1" 200 1229 "-" "Mozilla/5.0 (Windows NT 10.0; WOW64; Trident/7.0; rv:11.0) like Gecko"
195.202.49.114 - - [24/Jan/2018:13:28:33 +0100] "POST / HTTP/1.1" 200 1229 "-" "Mozilla/5.0 (Windows NT 10.0; WOW64; Trident/7.0; rv:11.0) like Gecko"
195.202.49.114 - - [24/Jan/2018:13:30:34 +0100] "POST / HTTP/1.1" 200 1229 "-" "Mozilla/5.0 (Windows NT 10.0; WOW64; Trident/7.0; rv:11.0) like Gecko"
195.202.49.114 - - [24/Jan/2018:13:32:34 +0100] "POST / HTTP/1.1" 200 1229 "-" "Mozilla/5.0 (Windows NT 10.0; WOW64; Trident/7.0; rv:11.0) like Gecko"
195.202.49.114 - - [24/Jan/2018:13:34:34 +0100] "POST / HTTP/1.1" 200 1229 "-" "Mozilla/5.0 (Windows NT 10.0; WOW64; Trident/7.0; rv:11.0) like Gecko"
195.202.49.114 - - [24/Jan/2018:13:36:34 +0100] "POST / HTTP/1.1" 200 1229 "-" "Mozilla/5.0 (Windows NT 10.0; WOW64; Trident/7.0; rv:11.0) like Gecko"
195.202.49.114 - - [24/Jan/2018:13:38:34 +0100] "POST / HTTP/1.1" 200 1229 "-" "Mozilla/5.0 (Windows NT 10.0; WOW64; Trident/7.0; rv:11.0) like Gecko"
195.202.49.114 - - [24/Jan/2018:13:40:34 +0100] "POST / HTTP/1.1" 200 1229 "-" "Mozilla/5.0 (Windows NT 10.0; WOW64; Trident/7.0; rv:11.0) like Gecko"
195.202.49.114 - - [24/Jan/2018:13:42:34 +0100] "POST / HTTP/1.1" 200 1229 "-" "Mozilla/5.0 (Windows NT 10.0; WOW64; Trident/7.0; rv:11.0) like Gecko"
195.202.49.114 - - [24/Jan/2018:13:44:34 +0100] "POST / HTTP/1.1" 200 1229 "-" "Mozilla/5.0 (Windows NT 10.0; WOW64; Trident/7.0; rv:11.0) like Gecko"
195.202.49.114 - - [24/Jan/2018:13:46:34 +0100] "POST / HTTP/1.1" 200 1229 "-" "Mozilla/5.0 (Windows NT 10.0; WOW64; Trident/7.0; rv:11.0) like Gecko"
195.202.49.114 - - [24/Jan/2018:13:48:34 +0100] "POST / HTTP/1.1" 200 1229 "-" "Mozilla/5.0 (Windows NT 10.0; WOW64; Trident/7.0; rv:11.0) like Gecko"
195.202.49.114 - - [24/Jan/2018:13:50:35 +0100] "POST / HTTP/1.1" 200 1229 "-" "Mozilla/5.0 (Windows NT 10.0; WOW64; Trident/7.0; rv:11.0) like Gecko"
195.202.49.114 - - [24/Jan/2018:13:52:35 +0100] "POST / HTTP/1.1" 200 1229 "-" "Mozilla/5.0 (Windows NT 10.0; WOW64; Trident/7.0; rv:11.0) like Gecko"
192.241.213.179 - - [24/Jan/2018:13:54:11 +0100] "GET / HTTP/1.1" 200 1229 "-" "Mozilla/5.0 zgrab/0.x"
192.241.213.179 - - [24/Jan/2018:13:54:30 +0100] "GET / HTTP/1.1" 200 1229 "-" "Mozilla/5.0 zgrab/0.x"
195.202.49.114 - - [24/Jan/2018:13:54:35 +0100] "POST / HTTP/1.1" 200 1229 "-" "Mozilla/5.0 (Windows NT 10.0; WOW64; Trident/7.0; rv:11.0) like Gecko"
192.241.213.179 - - [24/Jan/2018:13:54:51 +0100] "GET / HTTP/1.1" 200 1229 "-" "Mozilla/5.0 zgrab/0.x"
195.202.49.114 - - [24/Jan/2018:13:56:35 +0100] "POST / HTTP/1.1" 200 1229 "-" "Mozilla/5.0 (Windows NT 10.0; WOW64; Trident/7.0; rv:11.0) like Gecko"
192.241.213.179 - - [24/Jan/2018:13:58:10 +0100] "GET / HTTP/1.1" 200 1229 "-" "Mozilla/5.0 zgrab/0.x"
192.241.213.179 - - [24/Jan/2018:13:58:22 +0100] "GET / HTTP/1.1" 200 1229 "-" "Mozilla/5.0 zgrab/0.x"
195.202.49.114 - - [24/Jan/2018:13:58:35 +0100] "POST / HTTP/1.1" 200 1229 "-" "Mozilla/5.0 (Windows NT 10.0; WOW64; Trident/7.0; rv:11.0) like Gecko"
195.202.49.114 - - [24/Jan/2018:14:00:35 +0100] "POST / HTTP/1.1" 200 1229 "-" "Mozilla/5.0 (Windows NT 10.0; WOW64; Trident/7.0; rv:11.0) like Gecko"
192.241.213.179 - - [24/Jan/2018:14:01:43 +0100] "GET / HTTP/1.1" 200 1229 "-" "Mozilla/5.0 zgrab/0.x"
192.241.213.179 - - [24/Jan/2018:14:02:06 +0100] "GET / HTTP/1.1" 200 1229 "-" "Mozilla/5.0 zgrab/0.x"
192.241.213.179 - - [24/Jan/2018:14:02:17 +0100] "GET / HTTP/1.1" 200 1229 "-" "Mozilla/5.0 zgrab/0.x"
195.202.49.114 - - [24/Jan/2018:14:02:35 +0100] "POST / HTTP/1.1" 200 1229 "-" "Mozilla/5.0 (Windows NT 10.0; WOW64; Trident/7.0; rv:11.0) like Gecko"
192.241.213.179 - - [24/Jan/2018:14:03:29 +0100] "GET / HTTP/1.1" 200 1229 "-" "Mozilla/5.0 zgrab/0.x"
192.241.213.179 - - [24/Jan/2018:14:04:21 +0100] "GET / HTTP/1.1" 200 1229 "-" "Mozilla/5.0 zgrab/0.x"
195.202.49.114 - - [24/Jan/2018:14:04:35 +0100] "POST / HTTP/1.1" 200 1229 "-" "Mozilla/5.0 (Windows NT 10.0; WOW64; Trident/7.0; rv:11.0) like Gecko"
195.202.49.114 - - [24/Jan/2018:14:06:35 +0100] "POST / HTTP/1.1" 200 1229 "-" "Mozilla/5.0 (Windows NT 10.0; WOW64; Trident/7.0; rv:11.0) like Gecko"
195.202.49.114 - - [24/Jan/2018:14:08:35 +0100] "POST / HTTP/1.1" 200 1229 "-" "Mozilla/5.0 (Windows NT 10.0; WOW64; Trident/7.0; rv:11.0) like Gecko"
125.39.222.248 - - [24/Jan/2018:14:08:58 +0100] "CONNECT 212.91.246.88 HTTP/1.1" 400 329 "-" "-"
72.47.31.234 - - [24/Jan/2018:14:10:07 +0100] "\xa3" 501 316 "-" "-"
72.47.31.234 - - [24/Jan/2018:14:10:15 +0100] "POST / HTTP/1.1" 200 1229 "-" "Mozilla/5.0 (Windows NT 6.1; WOW64; Trident/7.0; rv:11.0) like Gecko"
195.202.49.114 - - [24/Jan/2018:14:10:35 +0100] "POST / HTTP/1.1" 200 1229 "-" "Mozilla/5.0 (Windows NT 10.0; WOW64; Trident/7.0; rv:11.0) like Gecko"
72.47.31.234 - - [24/Jan/2018:14:12:16 +0100] "POST / HTTP/1.1" 200 1229 "-" "Mozilla/5.0 (Windows NT 6.1; WOW64; Trident/7.0; rv:11.0) like Gecko"
195.202.49.114 - - [24/Jan/2018:14:12:36 +0100] "POST / HTTP/1.1" 200 1229 "-" "Mozilla/5.0 (Windows NT 10.0; WOW64; Trident/7.0; rv:11.0) like Gecko"
72.47.31.234 - - [24/Jan/2018:14:14:16 +0100] "POST / HTTP/1.1" 200 1229 "-" "Mozilla/5.0 (Windows NT 6.1; WOW64; Trident/7.0; rv:11.0) like Gecko"
195.202.49.114 - - [24/Jan/2018:14:14:36 +0100] "POST / HTTP/1.1" 200 1229 "-" "Mozilla/5.0 (Windows NT 10.0; WOW64; Trident/7.0; rv:11.0) like Gecko"
72.47.31.234 - - [24/Jan/2018:14:16:16 +0100] "POST / HTTP/1.1" 200 1229 "-" "Mozilla/5.0 (Windows NT 6.1; WOW64; Trident/7.0; rv:11.0) like Gecko"
195.202.49.114 - - [24/Jan/2018:14:16:36 +0100] "POST / HTTP/1.1" 200 1229 "-" "Mozilla/5.0 (Windows NT 10.0; WOW64; Trident/7.0; rv:11.0) like Gecko"
72.47.31.234 - - [24/Jan/2018:14:18:17 +0100] "POST / HTTP/1.1" 200 1229 "-" "Mozilla/5.0 (Windows NT 6.1; WOW64; Trident/7.0; rv:11.0) like Gecko"
195.202.49.114 - - [24/Jan/2018:14:18:36 +0100] "POST / HTTP/1.1" 200 1229 "-" "Mozilla/5.0 (Windows NT 10.0; WOW64; Trident/7.0; rv:11.0) like Gecko"
72.47.31.234 - - [24/Jan/2018:14:20:17 +0100] "POST / HTTP/1.1" 200 1229 "-" "Mozilla/5.0 (Windows NT 6.1; WOW64; Trident/7.0; rv:11.0) like Gecko"
195.202.49.114 - - [24/Jan/2018:14:20:36 +0100] "POST / HTTP/1.1" 200 1229 "-" "Mozilla/5.0 (Windows NT 10.0; WOW64; Trident/7.0; rv:11.0) like Gecko"
72.47.31.234 - - [24/Jan/2018:14:22:17 +0100] "POST / HTTP/1.1" 200 1229 "-" "Mozilla/5.0 (Windows NT 6.1; WOW64; Trident/7.0; rv:11.0) like Gecko"
195.202.49.114 - - [24/Jan/2018:14:22:36 +0100] "POST / HTTP/1.1" 200 1229 "-" "Mozilla/5.0 (Windows NT 10.0; WOW64; Trident/7.0; rv:11.0) like Gecko"
72.47.31.234 - - [24/Jan/2018:14:24:18 +0100] "POST / HTTP/1.1" 200 1229 "-" "Mozilla/5.0 (Windows NT 6.1; WOW64; Trident/7.0; rv:11.0) like Gecko"
195.202.49.114 - - [24/Jan/2018:14:24:36 +0100] "POST / HTTP/1.1" 200 1229 "-" "Mozilla/5.0 (Windows NT 10.0; WOW64; Trident/7.0; rv:11.0) like Gecko"
72.47.31.234 - - [24/Jan/2018:14:26:18 +0100] "POST / HTTP/1.1" 200 1229 "-" "Mozilla/5.0 (Windows NT 6.1; WOW64; Trident/7.0; rv:11.0) like Gecko"
195.202.49.114 - - [24/Jan/2018:14:26:36 +0100] "POST / HTTP/1.1" 200 1229 "-" "Mozilla/5.0 (Windows NT 10.0; WOW64; Trident/7.0; rv:11.0) like Gecko"
72.47.31.234 - - [24/Jan/2018:14:28:18 +0100] "POST / HTTP/1.1" 200 1229 "-" "Mozilla/5.0 (Windows NT 6.1; WOW64; Trident/7.0; rv:11.0) like Gecko"
195.202.49.114 - - [24/Jan/2018:14:28:36 +0100] "POST / HTTP/1.1" 200 1229 "-" "Mozilla/5.0 (Windows NT 10.0; WOW64; Trident/7.0; rv:11.0) like Gecko"
209.126.136.4 - - [24/Jan/2018:14:29:47 +0100] "GET / HTTP/1.1" 200 1229 "-" "Mozilla/5.0 (Windows NT 10.0; Win64; x64) AppleWebKit/537.36 (KHTML, like Gecko) Chrome/57.0.2987.133 Safari/537.36"
72.47.31.234 - - [24/Jan/2018:14:30:19 +0100] "POST / HTTP/1.1" 200 1229 "-" "Mozilla/5.0 (Windows NT 6.1; WOW64; Trident/7.0; rv:11.0) like Gecko"
195.202.49.114 - - [24/Jan/2018:14:30:36 +0100] "POST / HTTP/1.1" 200 1229 "-" "Mozilla/5.0 (Windows NT 10.0; WOW64; Trident/7.0; rv:11.0) like Gecko"
72.47.31.234 - - [24/Jan/2018:14:32:19 +0100] "POST / HTTP/1.1" 200 1229 "-" "Mozilla/5.0 (Windows NT 6.1; WOW64; Trident/7.0; rv:11.0) like Gecko"
195.202.49.114 - - [24/Jan/2018:14:32:37 +0100] "POST / HTTP/1.1" 200 1229 "-" "Mozilla/5.0 (Windows NT 10.0; WOW64; Trident/7.0; rv:11.0) like Gecko"
72.47.31.234 - - [24/Jan/2018:14:34:19 +0100] "POST / HTTP/1.1" 200 1229 "-" "Mozilla/5.0 (Windows NT 6.1; WOW64; Trident/7.0; rv:11.0) like Gecko"
195.202.49.114 - - [24/Jan/2018:14:34:37 +0100] "POST / HTTP/1.1" 200 1229 "-" "Mozilla/5.0 (Windows NT 10.0; WOW64; Trident/7.0; rv:11.0) like Gecko"
72.47.31.234 - - [24/Jan/2018:14:36:20 +0100] "POST / HTTP/1.1" 200 1229 "-" "Mozilla/5.0 (Windows NT 6.1; WOW64; Trident/7.0; rv:11.0) like Gecko"
195.202.49.114 - - [24/Jan/2018:14:36:37 +0100] "POST / HTTP/1.1" 200 1229 "-" "Mozilla/5.0 (Windows NT 10.0; WOW64; Trident/7.0; rv:11.0) like Gecko"
72.47.31.234 - - [24/Jan/2018:14:38:20 +0100] "POST / HTTP/1.1" 200 1229 "-" "Mozilla/5.0 (Windows NT 6.1; WOW64; Trident/7.0; rv:11.0) like Gecko"
195.202.49.114 - - [24/Jan/2018:14:38:37 +0100] "POST / HTTP/1.1" 200 1229 "-" "Mozilla/5.0 (Windows NT 10.0; WOW64; Trident/7.0; rv:11.0) like Gecko"
72.47.31.234 - - [24/Jan/2018:14:40:20 +0100] "POST / HTTP/1.1" 200 1229 "-" "Mozilla/5.0 (Windows NT 6.1; WOW64; Trident/7.0; rv:11.0) like Gecko"
195.202.49.114 - - [24/Jan/2018:14:40:37 +0100] "POST / HTTP/1.1" 200 1229 "-" "Mozilla/5.0 (Windows NT 10.0; WOW64; Trident/7.0; rv:11.0) like Gecko"
72.47.31.234 - - [24/Jan/2018:14:42:21 +0100] "POST / HTTP/1.1" 200 1229 "-" "Mozilla/5.0 (Windows NT 6.1; WOW64; Trident/7.0; rv:11.0) like Gecko"
195.202.49.114 - - [24/Jan/2018:14:42:37 +0100] "POST / HTTP/1.1" 200 1229 "-" "Mozilla/5.0 (Windows NT 10.0; WOW64; Trident/7.0; rv:11.0) like Gecko"
72.47.31.234 - - [24/Jan/2018:14:44:21 +0100] "POST / HTTP/1.1" 200 1229 "-" "Mozilla/5.0 (Windows NT 6.1; WOW64; Trident/7.0; rv:11.0) like Gecko"
195.202.49.114 - - [24/Jan/2018:14:44:37 +0100] "POST / HTTP/1.1" 200 1229 "-" "Mozilla/5.0 (Windows NT 10.0; WOW64; Trident/7.0; rv:11.0) like Gecko"
72.47.31.234 - - [24/Jan/2018:14:46:21 +0100] "POST / HTTP/1.1" 200 1229 "-" "Mozilla/5.0 (Windows NT 6.1; WOW64; Trident/7.0; rv:11.0) like Gecko"
66.111.57.40 - - [24/Jan/2018:14:47:20 +0100] "HEAD /phpmyadmin/scripts/setup.php HTTP/1.0" 404 - "-" "Mozilla/5.0"
66.111.57.40 - - [24/Jan/2018:14:47:21 +0100] "HEAD /phpmyadmin/scripts/setup.php HTTP/1.0" 404 - "-" "Mozilla/5.0"
66.111.57.40 - - [24/Jan/2018:14:47:22 +0100] "HEAD /phpmyadmin/scripts/setup.php HTTP/1.0" 404 - "-" "Mozilla/5.0"
66.111.57.40 - - [24/Jan/2018:14:47:23 +0100] "HEAD /phpmyadmin/scripts/setup.php HTTP/1.0" 404 - "-" "Mozilla/5.0"
66.111.57.40 - - [24/Jan/2018:14:47:23 +0100] "HEAD /phpmyadmin/scripts/setup.php HTTP/1.0" 404 - "-" "Mozilla/5.0"
66.111.57.40 - - [24/Jan/2018:14:47:27 +0100] "HEAD /phpmyadmin/scripts/setup.php HTTP/1.0" 404 - "-" "Mozilla/5.0"
66.111.57.40 - - [24/Jan/2018:14:47:33 +0100] "HEAD /phpmyadmin/scripts/setup.php HTTP/1.0" 404 - "-" "Mozilla/5.0"
66.111.57.40 - - [24/Jan/2018:14:47:37 +0100] "HEAD /phpmyadmin/scripts/setup.php HTTP/1.0" 404 - "-" "Mozilla/5.0"
66.111.57.40 - - [24/Jan/2018:14:47:39 +0100] "HEAD /phpmyadmin/scripts/setup.php HTTP/1.0" 404 - "-" "Mozilla/5.0"
66.111.57.40 - - [24/Jan/2018:14:47:42 +0100] "HEAD /phpmyadmin/scripts/setup.php HTTP/1.0" 404 - "-" "Mozilla/5.0"
72.47.31.234 - - [24/Jan/2018:14:48:22 +0100] "POST / HTTP/1.1" 200 1229 "-" "Mozilla/5.0 (Windows NT 6.1; WOW64; Trident/7.0; rv:11.0) like Gecko"
72.47.31.234 - - [24/Jan/2018:14:50:23 +0100] "POST / HTTP/1.1" 200 1229 "-" "Mozilla/5.0 (Windows NT 6.1; WOW64; Trident/7.0; rv:11.0) like Gecko"
72.47.31.234 - - [24/Jan/2018:14:52:23 +0100] "POST / HTTP/1.1" 200 1229 "-" "Mozilla/5.0 (Windows NT 6.1; WOW64; Trident/7.0; rv:11.0) like Gecko"
72.47.31.234 - - [24/Jan/2018:14:54:23 +0100] "POST / HTTP/1.1" 200 1229 "-" "Mozilla/5.0 (Windows NT 6.1; WOW64; Trident/7.0; rv:11.0) like Gecko"
72.47.31.234 - - [24/Jan/2018:14:56:24 +0100] "POST / HTTP/1.1" 200 1229 "-" "Mozilla/5.0 (Windows NT 6.1; WOW64; Trident/7.0; rv:11.0) like Gecko"
72.47.31.234 - - [24/Jan/2018:14:58:24 +0100] "POST / HTTP/1.1" 200 1229 "-" "Mozilla/5.0 (Windows NT 6.1; WOW64; Trident/7.0; rv:11.0) like Gecko"
72.47.31.234 - - [24/Jan/2018:15:00:24 +0100] "POST / HTTP/1.1" 200 1229 "-" "Mozilla/5.0 (Windows NT 6.1; WOW64; Trident/7.0; rv:11.0) like Gecko"
72.47.31.234 - - [24/Jan/2018:15:02:24 +0100] "POST / HTTP/1.1" 200 1229 "-" "Mozilla/5.0 (Windows NT 6.1; WOW64; Trident/7.0; rv:11.0) like Gecko"
72.47.31.234 - - [24/Jan/2018:15:04:25 +0100] "POST / HTTP/1.1" 200 1229 "-" "Mozilla/5.0 (Windows NT 6.1; WOW64; Trident/7.0; rv:11.0) like Gecko"
72.47.31.234 - - [24/Jan/2018:15:06:25 +0100] "POST / HTTP/1.1" 200 1229 "-" "Mozilla/5.0 (Windows NT 6.1; WOW64; Trident/7.0; rv:11.0) like Gecko"
13.56.229.65 - - [24/Jan/2018:15:07:41 +0100] "GET / HTTP/1.1" 200 1229 "-" "Mozilla/5.0 (Macintosh; Intel Mac OS X 10_12_6) AppleWebKit/537.36 (KHTML, like Gecko) Chrome/61.0.3163.100 Safari/537.36"
72.47.31.234 - - [24/Jan/2018:15:08:25 +0100] "POST / HTTP/1.1" 200 1229 "-" "Mozilla/5.0 (Windows NT 6.1; WOW64; Trident/7.0; rv:11.0) like Gecko"
66.118.142.100 - - [24/Jan/2018:15:09:06 +0100] "GET /phpmyadmin/scripts/db_setup.init.php HTTP/1.0" 404 337 "-" "-"
66.118.142.100 - - [24/Jan/2018:15:09:09 +0100] "GET /phpmyadmin/scripts/db_setup.init.php HTTP/1.0" 404 337 "-" "-"
66.118.142.100 - - [24/Jan/2018:15:09:10 +0100] "GET /phpmyadmin/scripts/db_setup.init.php HTTP/1.0" 404 337 "-" "-"
66.118.142.100 - - [24/Jan/2018:15:09:11 +0100] "GET /phpmyadmin/scripts/db_setup.init.php HTTP/1.0" 404 337 "-" "-"
66.118.142.100 - - [24/Jan/2018:15:09:48 +0100] "GET /phpmyadmin/scripts/db_setup.init.php HTTP/1.0" 404 337 "-" "-"
66.118.142.100 - - [24/Jan/2018:15:10:23 +0100] "GET /phpmyadmin/scripts/db_setup.init.php HTTP/1.0" 404 337 "-" "-"
66.118.142.100 - - [24/Jan/2018:15:10:25 +0100] "GET /phpmyadmin/scripts/db_setup.init.php HTTP/1.0" 404 337 "-" "-"
66.118.142.100 - - [24/Jan/2018:15:10:25 +0100] "GET /phpmyadmin/scripts/db_setup.init.php HTTP/1.0" 404 337 "-" "-"
72.47.31.234 - - [24/Jan/2018:15:10:26 +0100] "POST / HTTP/1.1" 200 1229 "-" "Mozilla/5.0 (Windows NT 6.1; WOW64; Trident/7.0; rv:11.0) like Gecko"
66.118.142.100 - - [24/Jan/2018:15:10:29 +0100] "GET /phpmyadmin/scripts/db_setup.init.php HTTP/1.0" 404 337 "-" "-"
66.118.142.100 - - [24/Jan/2018:15:10:31 +0100] "GET /phpmyadmin/scripts/db_setup.init.php HTTP/1.0" 404 337 "-" "-"
72.47.31.234 - - [24/Jan/2018:15:12:26 +0100] "POST / HTTP/1.1" 200 1229 "-" "Mozilla/5.0 (Windows NT 6.1; WOW64; Trident/7.0; rv:11.0) like Gecko"
72.47.31.234 - - [24/Jan/2018:15:14:27 +0100] "POST / HTTP/1.1" 200 1229 "-" "Mozilla/5.0 (Windows NT 6.1; WOW64; Trident/7.0; rv:11.0) like Gecko"
72.47.31.234 - - [24/Jan/2018:15:16:27 +0100] "POST / HTTP/1.1" 200 1229 "-" "Mozilla/5.0 (Windows NT 6.1; WOW64; Trident/7.0; rv:11.0) like Gecko"
72.47.31.234 - - [24/Jan/2018:15:18:27 +0100] "POST / HTTP/1.1" 200 1229 "-" "Mozilla/5.0 (Windows NT 6.1; WOW64; Trident/7.0; rv:11.0) like Gecko"
164.52.24.140 - - [24/Jan/2018:15:31:28 +0100] "\x16\x03\x01\x01\"\x01" 501 326 "-" "-"
164.52.24.140 - - [24/Jan/2018:15:31:34 +0100] "USER test +iw test :Test Wuz Here" 400 329 "-" "-"
164.52.24.140 - - [24/Jan/2018:15:31:38 +0100] "GET / HTTP/1.1" 200 1229 "-" "Mozilla/5.0 (Windows NT 6.1; WOW64; rv:52.0) Gecko/20100101 Firefox/52.0"
72.47.31.234 - - [24/Jan/2018:15:32:46 +0100] "POST / HTTP/1.1" 200 1229 "-" "Mozilla/5.0 (Windows NT 6.1; WOW64; Trident/7.0; rv:11.0) like Gecko"
72.47.31.234 - - [24/Jan/2018:15:34:58 +0100] "POST / HTTP/1.1" 200 1229 "-" "Mozilla/5.0 (Windows NT 6.1; WOW64; Trident/7.0; rv:11.0) like Gecko"
72.47.31.234 - - [24/Jan/2018:15:36:58 +0100] "POST / HTTP/1.1" 200 1229 "-" "Mozilla/5.0 (Windows NT 6.1; WOW64; Trident/7.0; rv:11.0) like Gecko"
72.47.31.234 - - [24/Jan/2018:15:38:59 +0100] "POST / HTTP/1.1" 200 1229 "-" "Mozilla/5.0 (Windows NT 6.1; WOW64; Trident/7.0; rv:11.0) like Gecko"
72.47.31.234 - - [24/Jan/2018:15:40:59 +0100] "POST / HTTP/1.1" 200 1229 "-" "Mozilla/5.0 (Windows NT 6.1; WOW64; Trident/7.0; rv:11.0) like Gecko"
72.47.31.234 - - [24/Jan/2018:15:42:59 +0100] "POST / HTTP/1.1" 200 1229 "-" "Mozilla/5.0 (Windows NT 6.1; WOW64; Trident/7.0; rv:11.0) like Gecko"
72.47.31.234 - - [24/Jan/2018:15:45:00 +0100] "POST / HTTP/1.1" 200 1229 "-" "Mozilla/5.0 (Windows NT 6.1; WOW64; Trident/7.0; rv:11.0) like Gecko"
72.47.31.234 - - [24/Jan/2018:15:47:00 +0100] "POST / HTTP/1.1" 200 1229 "-" "Mozilla/5.0 (Windows NT 6.1; WOW64; Trident/7.0; rv:11.0) like Gecko"
72.47.31.234 - - [24/Jan/2018:15:49:00 +0100] "POST / HTTP/1.1" 200 1229 "-" "Mozilla/5.0 (Windows NT 6.1; WOW64; Trident/7.0; rv:11.0) like Gecko"
72.47.31.234 - - [24/Jan/2018:15:51:01 +0100] "POST / HTTP/1.1" 200 1229 "-" "Mozilla/5.0 (Windows NT 6.1; WOW64; Trident/7.0; rv:11.0) like Gecko"
72.47.31.234 - - [24/Jan/2018:15:53:01 +0100] "POST / HTTP/1.1" 200 1229 "-" "Mozilla/5.0 (Windows NT 6.1; WOW64; Trident/7.0; rv:11.0) like Gecko"
72.47.31.234 - - [24/Jan/2018:15:55:01 +0100] "POST / HTTP/1.1" 200 1229 "-" "Mozilla/5.0 (Windows NT 6.1; WOW64; Trident/7.0; rv:11.0) like Gecko"
72.47.31.234 - - [24/Jan/2018:15:57:02 +0100] "POST / HTTP/1.1" 200 1229 "-" "Mozilla/5.0 (Windows NT 6.1; WOW64; Trident/7.0; rv:11.0) like Gecko"
72.47.31.234 - - [24/Jan/2018:15:59:02 +0100] "POST / HTTP/1.1" 200 1229 "-" "Mozilla/5.0 (Windows NT 6.1; WOW64; Trident/7.0; rv:11.0) like Gecko"
72.47.31.234 - - [24/Jan/2018:16:01:02 +0100] "POST / HTTP/1.1" 200 1229 "-" "Mozilla/5.0 (Windows NT 6.1; WOW64; Trident/7.0; rv:11.0) like Gecko"
72.47.31.234 - - [24/Jan/2018:16:03:03 +0100] "POST / HTTP/1.1" 200 1229 "-" "Mozilla/5.0 (Windows NT 6.1; WOW64; Trident/7.0; rv:11.0) like Gecko"
72.47.31.234 - - [24/Jan/2018:16:05:03 +0100] "POST / HTTP/1.1" 200 1229 "-" "Mozilla/5.0 (Windows NT 6.1; WOW64; Trident/7.0; rv:11.0) like Gecko"
72.47.31.234 - - [24/Jan/2018:16:07:03 +0100] "POST / HTTP/1.1" 200 1229 "-" "Mozilla/5.0 (Windows NT 6.1; WOW64; Trident/7.0; rv:11.0) like Gecko"
72.47.31.234 - - [24/Jan/2018:16:09:04 +0100] "POST / HTTP/1.1" 200 1229 "-" "Mozilla/5.0 (Windows NT 6.1; WOW64; Trident/7.0; rv:11.0) like Gecko"
72.47.31.234 - - [24/Jan/2018:16:11:04 +0100] "POST / HTTP/1.1" 200 1229 "-" "Mozilla/5.0 (Windows NT 6.1; WOW64; Trident/7.0; rv:11.0) like Gecko"
72.47.31.234 - - [24/Jan/2018:16:13:04 +0100] "POST / HTTP/1.1" 200 1229 "-" "Mozilla/5.0 (Windows NT 6.1; WOW64; Trident/7.0; rv:11.0) like Gecko"
72.47.31.234 - - [24/Jan/2018:16:15:05 +0100] "POST / HTTP/1.1" 200 1229 "-" "Mozilla/5.0 (Windows NT 6.1; WOW64; Trident/7.0; rv:11.0) like Gecko"
72.47.31.234 - - [24/Jan/2018:16:17:05 +0100] "POST / HTTP/1.1" 200 1229 "-" "Mozilla/5.0 (Windows NT 6.1; WOW64; Trident/7.0; rv:11.0) like Gecko"
72.47.31.234 - - [24/Jan/2018:16:19:05 +0100] "POST / HTTP/1.1" 200 1229 "-" "Mozilla/5.0 (Windows NT 6.1; WOW64; Trident/7.0; rv:11.0) like Gecko"
72.47.31.234 - - [24/Jan/2018:16:21:06 +0100] "POST / HTTP/1.1" 200 1229 "-" "Mozilla/5.0 (Windows NT 6.1; WOW64; Trident/7.0; rv:11.0) like Gecko"
72.47.31.234 - - [24/Jan/2018:16:23:06 +0100] "POST / HTTP/1.1" 200 1229 "-" "Mozilla/5.0 (Windows NT 6.1; WOW64; Trident/7.0; rv:11.0) like Gecko"
72.47.31.234 - - [24/Jan/2018:16:25:06 +0100] "POST / HTTP/1.1" 200 1229 "-" "Mozilla/5.0 (Windows NT 6.1; WOW64; Trident/7.0; rv:11.0) like Gecko"
72.47.31.234 - - [24/Jan/2018:16:27:07 +0100] "POST / HTTP/1.1" 200 1229 "-" "Mozilla/5.0 (Windows NT 6.1; WOW64; Trident/7.0; rv:11.0) like Gecko"
81.233.128.19 - - [24/Jan/2018:17:28:26 +0100] "GET / HTTP/1.0" 200 1229 "-" "-"
119.4.167.228 - - [24/Jan/2018:17:37:57 +0100] "POST /wls-wsat/CoordinatorPortType HTTP/1.1" 404 333 "http://www.baidu.com/" "Mozilla/5.0"
119.4.167.228 - - [24/Jan/2018:17:37:58 +0100] "POST /wls-wsat/329629.txt HTTP/1.1" 404 324 "http://www.baidu.com/" "Mozilla/5.0"
64.90.40.102 - - [24/Jan/2018:17:41:02 +0100] "GET /wordpress/wp-admin/install.php HTTP/1.1" 404 335 "-" "libwww-perl/6.05"
141.212.122.128 - - [24/Jan/2018:17:44:40 +0100] "GET / HTTP/1.1" 200 1229 "-" "Mozilla/5.0 zgrab/0.x"
107.15.187.46 - - [24/Jan/2018:17:49:17 +0100] "GET /manager/html HTTP/1.1" 404 317 "-" "-"
107.15.187.46 - - [24/Jan/2018:17:49:17 +0100] "GET /manager/html HTTP/1.1" 404 317 "-" "-"
107.15.187.46 - - [24/Jan/2018:17:49:17 +0100] "GET /manager/html HTTP/1.1" 404 317 "-" "-"
107.15.187.46 - - [24/Jan/2018:17:49:17 +0100] "GET /manager/html HTTP/1.1" 404 317 "-" "-"
107.15.187.46 - - [24/Jan/2018:17:49:17 +0100] "GET /manager/html HTTP/1.1" 404 317 "-" "-"
107.15.187.46 - - [24/Jan/2018:17:49:17 +0100] "GET /manager/html HTTP/1.1" 404 317 "-" "-"
107.15.187.46 - - [24/Jan/2018:17:49:17 +0100] "GET /manager/html HTTP/1.1" 404 317 "-" "-"
107.15.187.46 - - [24/Jan/2018:17:49:17 +0100] "GET /manager/html HTTP/1.1" 404 317 "-" "-"
107.15.187.46 - - [24/Jan/2018:17:49:17 +0100] "GET /manager/html HTTP/1.1" 404 317 "-" "-"
107.15.187.46 - - [24/Jan/2018:17:49:17 +0100] "GET /manager/html HTTP/1.1" 404 317 "-" "-"
141.8.141.134 - - [24/Jan/2018:18:01:07 +0100] "GET /robots.txt HTTP/1.1" 404 330 "-" "Mozilla/5.0 (compatible; YandexBot/3.0; +http://yandex.com/bots)"
141.8.141.131 - - [24/Jan/2018:18:01:11 +0100] "GET / HTTP/1.1" 200 1229 "-" "Mozilla/5.0 (compatible; YandexBot/3.0; +http://yandex.com/bots)"
185.60.133.78 - - [24/Jan/2018:18:01:38 +0100] "GET /muieblackcat HTTP/1.1" 404 317 "-" "-"
185.60.133.78 - - [24/Jan/2018:18:01:48 +0100] "GET //myadmin/scripts/setup.php HTTP/1.1" 404 330 "-" "-"
185.60.133.78 - - [24/Jan/2018:18:12:20 +0100] "GET /muieblackcat HTTP/1.1" 404 317 "-" "-"
185.60.133.78 - - [24/Jan/2018:18:12:20 +0100] "GET //phpMyAdmin/scripts/setup.php HTTP/1.1" 404 333 "-" "-"
185.60.133.78 - - [24/Jan/2018:18:12:29 +0100] "GET //MyAdmin/scripts/setup.php HTTP/1.1" 404 330 "-" "-"
185.60.133.78 - - [24/Jan/2018:18:12:30 +0100] "GET //phpMyAdmin/scripts/setup.php HTTP/1.1" 404 333 "-" "-"
185.60.133.78 - - [24/Jan/2018:18:12:45 +0100] "GET //phpMyAdmin/scripts/setup.php HTTP/1.1" 404 333 "-" "-"
185.60.133.78 - - [24/Jan/2018:18:12:48 +0100] "GET //pma/scripts/setup.php HTTP/1.1" 404 326 "-" "-"
185.60.133.78 - - [24/Jan/2018:18:14:10 +0100] "GET /muieblackcat HTTP/1.1" 404 317 "-" "-"
185.60.133.78 - - [24/Jan/2018:18:14:10 +0100] "GET //phpMyAdmin/scripts/setup.php HTTP/1.1" 404 333 "-" "-"
185.60.133.78 - - [24/Jan/2018:18:27:45 +0100] "GET /muieblackcat HTTP/1.1" 404 317 "-" "-"
185.60.133.78 - - [24/Jan/2018:18:27:46 +0100] "GET //phpMyAdmin/scripts/setup.php HTTP/1.1" 404 333 "-" "-"
185.60.133.78 - - [24/Jan/2018:18:27:46 +0100] "GET //phpmyadmin/scripts/setup.php HTTP/1.1" 404 333 "-" "-"
185.60.133.78 - - [24/Jan/2018:18:27:46 +0100] "GET //pma/scripts/setup.php HTTP/1.1" 404 326 "-" "-"
185.60.133.78 - - [24/Jan/2018:18:27:46 +0100] "GET //myadmin/scripts/setup.php HTTP/1.1" 404 330 "-" "-"
185.60.133.78 - - [24/Jan/2018:18:27:46 +0100] "GET //MyAdmin/scripts/setup.php HTTP/1.1" 404 330 "-" "-"
162.243.146.131 - - [24/Jan/2018:18:28:00 +0100] "GET / HTTP/1.1" 200 1229 "-" "Mozilla/5.0 zgrab/0.x"
162.243.146.131 - - [24/Jan/2018:18:29:52 +0100] "GET / HTTP/1.1" 200 1229 "-" "Mozilla/5.0 zgrab/0.x"
162.243.146.131 - - [24/Jan/2018:18:31:47 +0100] "GET / HTTP/1.1" 200 1229 "-" "Mozilla/5.0 zgrab/0.x"
162.243.146.131 - - [24/Jan/2018:18:32:06 +0100] "GET / HTTP/1.1" 200 1229 "-" "Mozilla/5.0 zgrab/0.x"
162.243.146.131 - - [24/Jan/2018:18:32:28 +0100] "GET / HTTP/1.1" 200 1229 "-" "Mozilla/5.0 zgrab/0.x"
162.243.146.131 - - [24/Jan/2018:18:33:06 +0100] "GET / HTTP/1.1" 200 1229 "-" "Mozilla/5.0 zgrab/0.x"
162.243.146.131 - - [24/Jan/2018:18:34:04 +0100] "GET / HTTP/1.1" 200 1229 "-" "Mozilla/5.0 zgrab/0.x"
162.243.146.131 - - [24/Jan/2018:18:36:04 +0100] "GET / HTTP/1.1" 200 1229 "-" "Mozilla/5.0 zgrab/0.x"
162.243.146.131 - - [24/Jan/2018:18:36:23 +0100] "GET / HTTP/1.1" 200 1229 "-" "Mozilla/5.0 zgrab/0.x"
162.243.146.131 - - [24/Jan/2018:18:36:37 +0100] "GET / HTTP/1.1" 200 1229 "-" "Mozilla/5.0 zgrab/0.x"
188.138.75.107 - - [24/Jan/2018:18:58:17 +0100] "GET / HTTP/1.1" 200 1229 "-" "Mozilla/5.0 (X11; U; Linux Core i7-4980HQ; de; rv:32.0; compatible; JobboerseBot; http://www.jobboerse.com/bot.htm) Gecko/20100101 Firefox/38.0"
188.138.75.107 - - [24/Jan/2018:18:58:18 +0100] "GET /robots.txt HTTP/1.1" 404 330 "-" "Mozilla/5.0 (X11; U; Linux Core i7-4980HQ; de; rv:32.0; compatible; JobboerseBot; http://www.jobboerse.com/bot.htm) Gecko/20100101 Firefox/38.0"
188.138.75.107 - - [24/Jan/2018:18:58:18 +0100] "GET / HTTP/1.1" 200 1229 "-" "Mozilla/5.0 (X11; U; Linux Core i7-4980HQ; de; rv:32.0; compatible; JobboerseBot; http://www.jobboerse.com/bot.htm) Gecko/20100101 Firefox/38.0"
188.138.75.107 - - [24/Jan/2018:18:58:18 +0100] "GET / HTTP/1.1" 200 1229 "-" "Mozilla/5.0 (X11; U; Linux Core i7-4980HQ; de; rv:32.0; compatible; JobboerseBot; http://www.jobboerse.com/bot.htm) Gecko/20100101 Firefox/38.0"
199.58.86.211 - - [24/Jan/2018:19:07:06 +0100] "GET /robots.txt HTTP/1.1" 404 330 "-" "Mozilla/5.0 (compatible; MJ12bot/v1.4.8; http://mj12bot.com/)"
199.58.86.211 - - [24/Jan/2018:19:07:08 +0100] "GET / HTTP/1.1" 200 1229 "-" "Mozilla/5.0 (compatible; MJ12bot/v1.4.8; http://mj12bot.com/)"
185.110.132.232 - - [24/Jan/2018:20:07:42 +0100] "\x16\x03\x01" 501 318 "-" "-"
185.110.132.232 - - [24/Jan/2018:20:07:53 +0100] "GET / HTTP/1.1" 200 1229 "-" "Mozilla/5.0 (Windows NT 6.1; rv:34.0) Gecko/20100101 Firefox/34.0"
185.110.132.232 - - [24/Jan/2018:20:13:23 +0100] "\x16\x03\x01" 501 318 "-" "-"
185.110.132.232 - - [24/Jan/2018:20:13:23 +0100] "\x16\x03\x01" 501 318 "-" "-"
185.110.132.232 - - [24/Jan/2018:20:13:32 +0100] "GET / HTTP/1.1" 200 1229 "-" "Mozilla/5.0 (Windows NT 6.1; rv:34.0) Gecko/20100101 Firefox/34.0"
185.110.132.232 - - [24/Jan/2018:20:13:32 +0100] "GET / HTTP/1.1" 200 1229 "-" "Mozilla/5.0 (Windows NT 6.1; rv:34.0) Gecko/20100101 Firefox/34.0"
46.229.164.100 - - [24/Jan/2018:20:28:49 +0100] "GET /robots.txt HTTP/1.1" 404 330 "-" "Mozilla/5.0 (compatible; SemrushBot/1.2~bl; +http://www.semrush.com/bot.html)"
185.110.132.232 - - [24/Jan/2018:20:29:07 +0100] "\x16\x03\x01" 501 318 "-" "-"
185.110.132.232 - - [24/Jan/2018:20:29:12 +0100] "GET / HTTP/1.1" 200 1229 "-" "Mozilla/5.0 (Windows NT 6.1; rv:34.0) Gecko/20100101 Firefox/34.0"
68.180.228.47 - - [24/Jan/2018:20:31:01 +0100] "GET /robots.txt HTTP/1.1" 404 330 "-" "Mozilla/5.0 (compatible; Yahoo! Slurp; http://help.yahoo.com/help/us/ysearch/slurp)"
68.180.228.47 - - [24/Jan/2018:20:31:01 +0100] "GET / HTTP/1.1" 304 - "-" "Mozilla/5.0 (compatible; Yahoo! Slurp; http://help.yahoo.com/help/us/ysearch/slurp)"
185.110.132.232 - - [24/Jan/2018:20:34:28 +0100] "\x16\x03\x01" 501 318 "-" "-"
185.110.132.232 - - [24/Jan/2018:20:34:28 +0100] "\x16\x03\x01" 501 318 "-" "-"
185.110.132.232 - - [24/Jan/2018:20:34:31 +0100] "GET / HTTP/1.1" 200 1229 "-" "Mozilla/5.0 (Windows NT 6.1; rv:34.0) Gecko/20100101 Firefox/34.0"
185.110.132.232 - - [24/Jan/2018:20:34:31 +0100] "GET / HTTP/1.1" 200 1229 "-" "Mozilla/5.0 (Windows NT 6.1; rv:34.0) Gecko/20100101 Firefox/34.0"
185.110.132.232 - - [24/Jan/2018:20:34:37 +0100] "\x16\x03\x01" 501 318 "-" "-"
185.110.132.232 - - [24/Jan/2018:20:34:41 +0100] "GET / HTTP/1.1" 200 1229 "-" "Mozilla/5.0 (Windows NT 6.1; rv:34.0) Gecko/20100101 Firefox/34.0"
93.196.113.135 - - [24/Jan/2018:20:37:56 +0100] "GET / HTTP/1.1" 200 1229 "http://www.oberstufenzentrum.de/schulen/friedrich-list-schule" "Mozilla/5.0 (Windows NT 10.0; Win64; x64) AppleWebKit/537.36 (KHTML, like Gecko) Chrome/63.0.3239.132 Safari/537.36"
93.196.113.135 - - [24/Jan/2018:20:37:57 +0100] "GET /favicon.ico HTTP/1.1" 404 331 "http://www.friedrich-list-berlin.de/" "Mozilla/5.0 (Windows NT 10.0; Win64; x64) AppleWebKit/537.36 (KHTML, like Gecko) Chrome/63.0.3239.132 Safari/537.36"
67.239.231.96 - - [24/Jan/2018:20:56:06 +0100] "\xa3" 501 316 "-" "-"
141.212.122.128 - - [24/Jan/2018:21:06:17 +0100] "GET / HTTP/1.1" 200 1229 "-" "Mozilla/5.0 zgrab/0.x"
79.210.169.135 - - [24/Jan/2018:21:11:19 +0100] "GET / HTTP/1.1" 200 1229 "http://m.oberstufenzentrum.de/category/berufsfelder/wirtschaft-und-verwaltung?page=1" "Mozilla/5.0 (iPhone; CPU iPhone OS 11_2_2 like Mac OS X) AppleWebKit/604.4.7 (KHTML, like Gecko) Version/11.0 Mobile/15C202 Safari/604.1"
77.100.95.18 - - [24/Jan/2018:21:40:13 +0100] "GET / HTTP/1.1" 200 1229 "-" "Mozilla/4.0 (compatible; MSIE 8.0; Windows NT 5.1; Trident/4.0; .NET CLR 1.1.4322; .NET CLR 2.0.50727; .NET CLR 3.0.4506.2152; .NET CLR 3.5.30729; .NET4.0C)"
54.36.24.68 - - [24/Jan/2018:22:10:07 +0100] "GET / HTTP/1.1" 200 1229 "-" "Java/1.6.0_04"
66.249.64.149 - - [24/Jan/2018:22:35:53 +0100] "GET /robots.txt HTTP/1.1" 404 330 "-" "Mozilla/5.0 (compatible; Googlebot/2.1; +http://www.google.com/bot.html)"
66.249.64.151 - - [24/Jan/2018:22:35:54 +0100] "GET /favicon.ico HTTP/1.1" 404 331 "-" "Googlebot-Image/1.0"
185.25.249.77 - - [24/Jan/2018:22:47:21 +0100] "GET / HTTP/1.0" 200 1229 "-" "Mozilla/5.0 (compatible; Googlebot/2.1; +http://www.google.com/bot.html)"
204.79.180.13 - - [24/Jan/2018:23:16:18 +0100] "GET / HTTP/1.1" 200 1229 "-" "Mozilla/5.0 (compatible; MSIE 9.0; Windows NT 6.1; Trident/5.0; Trident/5.0)"
178.73.215.171 - - [24/Jan/2018:23:26:27 +0100] "GET / HTTP/1.0" 200 1229 "-" "-"
80.82.77.33 - - [24/Jan/2018:23:53:05 +0100] "GET / HTTP/1.1" 200 1229 "-" "Mozilla/5.0 (Windows NT 6.1) AppleWebKit/537.36 (KHTML, like Gecko) Chrome/41.0.2228.0 Safari/537.36"
80.82.77.33 - - [24/Jan/2018:23:53:05 +0100] "GET /robots.txt HTTP/1.1" 404 315 "-" "-"
80.82.77.33 - - [24/Jan/2018:23:53:05 +0100] "GET /sitemap.xml HTTP/1.1" 404 316 "-" "-"
80.82.77.33 - - [24/Jan/2018:23:53:05 +0100] "GET /favicon.ico HTTP/1.1" 404 316 "-" "python-requests/2.13.0"
178.73.215.171 - - [25/Jan/2018:00:21:54 +0100] "GET / HTTP/1.0" 200 1229 "-" "-"
178.73.215.171 - - [25/Jan/2018:00:41:36 +0100] "GET / HTTP/1.0" 200 1229 "-" "-"
178.73.215.171 - - [25/Jan/2018:01:10:49 +0100] "GET / HTTP/1.0" 200 1229 "-" "-"
178.73.215.171 - - [25/Jan/2018:01:44:35 +0100] "GET / HTTP/1.0" 200 1229 "-" "-"
70.177.149.8 - - [25/Jan/2018:01:56:07 +0100] "\xa3" 501 316 "-" "-"
178.73.215.171 - - [25/Jan/2018:01:56:47 +0100] "GET / HTTP/1.0" 200 1229 "-" "-"
66.118.142.100 - - [25/Jan/2018:02:23:38 +0100] "GET /pma/scripts/setup.php HTTP/1.0" 404 322 "-" "-"
66.118.142.100 - - [25/Jan/2018:02:23:48 +0100] "GET /pma/scripts/setup.php HTTP/1.0" 404 322 "-" "-"
66.118.142.100 - - [25/Jan/2018:02:24:11 +0100] "GET /pma/scripts/setup.php HTTP/1.0" 404 322 "-" "-"
66.118.142.100 - - [25/Jan/2018:02:24:36 +0100] "GET /pma/scripts/setup.php HTTP/1.0" 404 322 "-" "-"
66.118.142.100 - - [25/Jan/2018:02:25:00 +0100] "GET /pma/scripts/setup.php HTTP/1.0" 404 322 "-" "-"
66.118.142.100 - - [25/Jan/2018:02:25:01 +0100] "GET /pma/scripts/setup.php HTTP/1.0" 404 322 "-" "-"
66.118.142.100 - - [25/Jan/2018:02:25:04 +0100] "GET /pma/scripts/setup.php HTTP/1.0" 404 322 "-" "-"
66.118.142.100 - - [25/Jan/2018:02:25:05 +0100] "GET /pma/scripts/setup.php HTTP/1.0" 404 322 "-" "-"
66.118.142.100 - - [25/Jan/2018:02:25:06 +0100] "GET /pma/scripts/setup.php HTTP/1.0" 404 322 "-" "-"
66.118.142.100 - - [25/Jan/2018:02:25:06 +0100] "GET /pma/scripts/setup.php HTTP/1.0" 404 322 "-" "-"
64.90.40.102 - - [25/Jan/2018:02:53:10 +0100] "GET /wordpress/wp-admin/install.php HTTP/1.1" 404 335 "-" "libwww-perl/6.05"
191.96.249.136 - - [25/Jan/2018:03:01:17 +0100] "GET /phpmyadmin/scripts/setup.php HTTP/1.0" 404 329 "-" "-"
191.96.249.136 - - [25/Jan/2018:03:14:13 +0100] "GET /phpmyadmin/scripts/setup.php HTTP/1.0" 404 329 "-" "-"
191.96.249.136 - - [25/Jan/2018:03:14:59 +0100] "GET /phpmyadmin/scripts/setup.php HTTP/1.0" 404 329 "-" "-"
191.96.249.136 - - [25/Jan/2018:03:15:49 +0100] "GET /phpmyadmin/scripts/setup.php HTTP/1.0" 404 329 "-" "-"
178.73.215.171 - - [25/Jan/2018:03:15:54 +0100] "GET / HTTP/1.0" 200 1229 "-" "-"
191.96.249.136 - - [25/Jan/2018:03:16:20 +0100] "GET /phpmyadmin/scripts/setup.php HTTP/1.0" 404 329 "-" "-"
191.96.249.136 - - [25/Jan/2018:03:17:34 +0100] "GET /phpmyadmin/scripts/setup.php HTTP/1.0" 404 329 "-" "-"
191.96.249.136 - - [25/Jan/2018:03:17:38 +0100] "GET /phpmyadmin/scripts/setup.php HTTP/1.0" 404 329 "-" "-"
185.60.133.78 - - [25/Jan/2018:03:28:02 +0100] "GET /muieblackcat HTTP/1.1" 404 317 "-" "-"
185.60.133.78 - - [25/Jan/2018:03:28:02 +0100] "GET //phpMyAdmin/scripts/setup.php HTTP/1.1" 404 333 "-" "-"
178.73.215.171 - - [25/Jan/2018:03:31:41 +0100] "GET / HTTP/1.0" 200 1229 "-" "-"
178.73.215.171 - - [25/Jan/2018:03:37:18 +0100] "GET / HTTP/1.0" 200 1229 "-" "-"
178.73.215.171 - - [25/Jan/2018:03:46:52 +0100] "GET / HTTP/1.0" 200 1229 "-" "-"
141.212.122.128 - - [25/Jan/2018:04:17:25 +0100] "GET / HTTP/1.1" 200 1229 "-" "Mozilla/5.0 zgrab/0.x"
162.210.196.100 - - [25/Jan/2018:04:56:28 +0100] "GET /buildingtechnologies/robots.txt HTTP/1.0" 404 346 "-" "Mozilla/5.0 (compatible; MJ12bot/v1.4.8; http://mj12bot.com/)"
210.205.197.195 - - [25/Jan/2018:05:04:35 +0100] "GET / HTTP/1.1" 400 329 "-" "-"
46.229.170.197 - - [25/Jan/2018:05:17:17 +0100] "GET / HTTP/1.1" 200 1229 "-" "Mozilla/5.0 (Windows NT 10.0; WOW64; rv:51.0) Gecko/20100101 Firefox/51.0"
66.249.75.94 - - [25/Jan/2018:05:24:40 +0100] "GET /robots.txt HTTP/1.1" 404 334 "-" "Mozilla/5.0 (compatible; Googlebot/2.1; +http://www.google.com/bot.html)"
66.249.75.93 - - [25/Jan/2018:05:24:40 +0100] "GET / HTTP/1.1" 200 1229 "-" "Mozilla/5.0 (Linux; Android 6.0.1; Nexus 5X Build/MMB29P) AppleWebKit/537.36 (KHTML, like Gecko) Chrome/41.0.2272.96 Mobile Safari/537.36 (compatible; Googlebot/2.1; +http://www.google.com/bot.html)"
213.127.36.123 - - [25/Jan/2018:05:47:55 +0100] "GET / HTTP/1.1" 200 1229 "-" "Java/1.8.0_66"
191.96.249.136 - - [25/Jan/2018:07:01:29 +0100] "GET /phpmyadmin/scripts/setup.php HTTP/1.0" 404 329 "-" "-"
191.96.249.136 - - [25/Jan/2018:07:04:22 +0100] "GET /phpmyadmin/scripts/setup.php HTTP/1.0" 404 329 "-" "-"
191.96.249.136 - - [25/Jan/2018:07:04:28 +0100] "GET /phpmyadmin/scripts/setup.php HTTP/1.0" 404 329 "-" "-"
66.249.75.94 - - [25/Jan/2018:07:11:20 +0100] "GET / HTTP/1.1" 200 1229 "-" "Mozilla/5.0 (compatible; Googlebot/2.1; +http://www.google.com/bot.html)"
71.6.146.186 - - [25/Jan/2018:07:12:02 +0100] "GET / HTTP/1.1" 200 1229 "-" "Mozilla/5.0 (Windows NT 6.1) AppleWebKit/537.36 (KHTML, like Gecko) Chrome/41.0.2228.0 Safari/537.36"
71.6.146.186 - - [25/Jan/2018:07:12:02 +0100] "GET /robots.txt HTTP/1.1" 404 315 "-" "-"
71.6.146.186 - - [25/Jan/2018:07:12:02 +0100] "GET /sitemap.xml HTTP/1.1" 404 316 "-" "-"
71.6.146.186 - - [25/Jan/2018:07:12:04 +0100] "GET /favicon.ico HTTP/1.1" 404 316 "-" "python-requests/2.10.0"
66.249.75.93 - - [25/Jan/2018:07:18:10 +0100] "GET / HTTP/1.1" 200 1229 "-" "Mozilla/5.0 (Linux; Android 6.0.1; Nexus 5X Build/MMB29P) AppleWebKit/537.36 (KHTML, like Gecko) Chrome/41.0.2272.96 Mobile Safari/537.36 (compatible; Googlebot/2.1; +http://www.google.com/bot.html)"
60.191.38.78 - - [25/Jan/2018:07:39:27 +0100] "GET / HTTP/1.1" 200 1229 "-" "Mozilla/5.0 (Macintosh; Intel Mac OS X 10.11; rv:47.0) Gecko/20100101 Firefox/47.0"
60.191.38.78 - - [25/Jan/2018:07:39:55 +0100] "GET / HTTP/1.1" 200 1229 "-" "Mozilla/5.0 (Macintosh; Intel Mac OS X 10.11; rv:47.0) Gecko/20100101 Firefox/47.0"
60.191.38.78 - - [25/Jan/2018:07:40:17 +0100] "GET / HTTP/1.1" 200 1229 "-" "Mozilla/5.0 (Macintosh; Intel Mac OS X 10.11; rv:47.0) Gecko/20100101 Firefox/47.0"
60.191.38.78 - - [25/Jan/2018:07:41:14 +0100] "GET / HTTP/1.1" 200 1229 "-" "Mozilla/5.0 (Macintosh; Intel Mac OS X 10.11; rv:47.0) Gecko/20100101 Firefox/47.0"
60.191.38.78 - - [25/Jan/2018:07:41:59 +0100] "GET / HTTP/1.1" 200 1229 "-" "Mozilla/5.0 (Macintosh; Intel Mac OS X 10.11; rv:47.0) Gecko/20100101 Firefox/47.0"
178.73.215.171 - - [25/Jan/2018:07:44:46 +0100] "GET / HTTP/1.0" 200 1229 "-" "-"
141.212.122.128 - - [25/Jan/2018:07:49:09 +0100] "GET / HTTP/1.1" 200 1229 "-" "Mozilla/5.0 zgrab/0.x"
148.251.233.229 - - [25/Jan/2018:07:51:13 +0100] "GET /robots.txt HTTP/1.1" 404 330 "-" "mindUpBot (datenbutler.de)"
148.251.233.229 - - [25/Jan/2018:07:51:18 +0100] "GET / HTTP/1.1" 200 1229 "-" "mindUpBot (datenbutler.de)"
178.73.215.171 - - [25/Jan/2018:07:53:56 +0100] "GET / HTTP/1.0" 200 1229 "-" "-"
14.134.19.1 - - [25/Jan/2018:08:05:33 +0100] "GET / HTTP/1.0" 200 1229 "-" "-"
14.134.19.1 - - [25/Jan/2018:08:26:28 +0100] "GET / HTTP/1.0" 200 1229 "-" "-"
14.134.3.4 - - [25/Jan/2018:08:33:18 +0100] "GET / HTTP/1.0" 200 1229 "-" "-"
178.73.215.171 - - [25/Jan/2018:08:33:41 +0100] "GET / HTTP/1.0" 200 1229 "-" "-"
195.88.117.28 - - [25/Jan/2018:08:51:49 +0100] "GET / HTTP/1.1" 200 1229 "http://www.oberstufenzentrum.de/schulen/friedrich-list-schule" "Mozilla/5.0 (Windows NT 6.1; WOW64; Trident/7.0; rv:11.0) like Gecko"
195.88.117.28 - - [25/Jan/2018:08:51:49 +0100] "GET /favicon.ico HTTP/1.1" 404 331 "-" "Mozilla/5.0 (Windows NT 6.1; Win64; x64; Trident/7.0; rv:11.0) like Gecko"
52.27.2.86 - - [25/Jan/2018:08:53:19 +0100] "GET / HTTP/1.1" 200 1229 "-" "Mozilla/4.0 (compatible; MSIE 8.0; Windows NT 5.1; Trident/4.0)"
52.205.212.221 - - [25/Jan/2018:08:53:31 +0100] "GET /favicon.ico HTTP/1.1" 404 331 "-" "Mozilla/4.0 (compatible; MSIE 8.0; Windows NT 5.1; Trident/4.0)"
141.212.122.128 - - [25/Jan/2018:08:56:32 +0100] "GET / HTTP/1.1" 200 1229 "-" "Mozilla/5.0 zgrab/0.x"
66.249.75.92 - - [25/Jan/2018:09:40:46 +0100] "GET / HTTP/1.1" 200 1229 "-" "Mozilla/5.0 (compatible; Googlebot/2.1; +http://www.google.com/bot.html)"
178.73.215.171 - - [25/Jan/2018:10:18:15 +0100] "GET / HTTP/1.0" 200 1229 "-" "-"
178.73.215.171 - - [25/Jan/2018:10:30:27 +0100] "GET / HTTP/1.0" 200 1229 "-" "-"
66.249.75.93 - - [25/Jan/2018:10:36:27 +0100] "GET / HTTP/1.1" 200 1229 "-" "Mozilla/5.0 (Linux; Android 6.0.1; Nexus 5X Build/MMB29P) AppleWebKit/537.36 (KHTML, like Gecko) Chrome/41.0.2272.96 Mobile Safari/537.36 (compatible; Googlebot/2.1; +http://www.google.com/bot.html)"
178.73.215.171 - - [25/Jan/2018:10:37:02 +0100] "GET / HTTP/1.0" 200 1229 "-" "-"
216.244.66.249 - - [25/Jan/2018:10:49:43 +0100] "GET /robots.txt HTTP/1.1" 404 330 "-" "Mozilla/5.0 (compatible; DotBot/1.1; http://www.opensiteexplorer.org/dotbot, help@moz.com)"
64.90.40.102 - - [25/Jan/2018:10:50:50 +0100] "GET /wordpress/wp-admin/install.php HTTP/1.1" 404 335 "-" "libwww-perl/6.05"
178.73.215.171 - - [25/Jan/2018:11:02:02 +0100] "GET / HTTP/1.0" 200 1229 "-" "-"
178.73.215.171 - - [25/Jan/2018:11:03:29 +0100] "GET / HTTP/1.0" 200 1229 "-" "-"
13.56.229.65 - - [25/Jan/2018:11:12:23 +0100] "GET / HTTP/1.1" 200 1229 "-" "Mozilla/5.0 (Macintosh; Intel Mac OS X 10_12_6) AppleWebKit/537.36 (KHTML, like Gecko) Chrome/61.0.3163.100 Safari/537.36"
178.73.215.171 - - [25/Jan/2018:11:15:03 +0100] "GET / HTTP/1.0" 200 1229 "-" "-"
66.249.75.92 - - [25/Jan/2018:11:17:10 +0100] "GET / HTTP/1.1" 200 1229 "-" "Mozilla/5.0 (compatible; Googlebot/2.1; +http://www.google.com/bot.html)"
178.73.215.171 - - [25/Jan/2018:11:39:02 +0100] "GET / HTTP/1.0" 200 1229 "-" "-"
216.244.66.249 - - [25/Jan/2018:12:01:39 +0100] "GET / HTTP/1.1" 200 1229 "-" "Mozilla/5.0 (compatible; DotBot/1.1; http://www.opensiteexplorer.org/dotbot, help@moz.com)"
195.88.117.28 - - [25/Jan/2018:12:16:24 +0100] "GET / HTTP/1.1" 200 1229 "http://www.oberstufenzentrum.de/schulen/friedrich-list-schule-ehemals-osz-buerowirtschaft-ii" "Mozilla/5.0 (Windows NT 6.1; WOW64; Trident/7.0; rv:11.0) like Gecko"
195.88.117.28 - - [25/Jan/2018:12:16:25 +0100] "GET /favicon.ico HTTP/1.1" 404 331 "-" "Mozilla/5.0 (Windows NT 6.1; Win64; x64; Trident/7.0; rv:11.0) like Gecko"
195.88.117.28 - - [25/Jan/2018:12:16:44 +0100] "GET /favicon.ico HTTP/1.1" 404 331 "-" "Mozilla/5.0 (Windows NT 6.1; Win64; x64; Trident/7.0; rv:11.0) like Gecko"
150.70.188.179 - - [25/Jan/2018:12:17:31 +0100] "GET / HTTP/1.1" 200 1229 "-" "Mozilla/4.0 (compatible; MSIE 8.0; Windows NT 5.1; Trident/4.0)"
150.70.188.165 - - [25/Jan/2018:12:17:32 +0100] "GET /favicon.ico HTTP/1.1" 404 331 "-" "Mozilla/4.0 (compatible; MSIE 8.0; Windows NT 5.1; Trident/4.0)"
196.52.43.117 - - [25/Jan/2018:12:21:52 +0100] "GET / HTTP/1.0" 200 1229 "-" "Mozilla/5.0(WindowsNT6.1;rv:31.0)Gecko/20100101Firefox/31.0"
47.91.215.246 - - [25/Jan/2018:12:25:07 +0100] "HEAD / HTTP/1.1" 200 - "-" "python-requests/2.18.4"
128.232.21.75 - - [25/Jan/2018:12:38:14 +0100] "GET /. HTTP/0.0" 200 1229 "-" "-"
60.191.38.78 - - [25/Jan/2018:12:47:52 +0100] "GET / HTTP/1.1" 200 1229 "-" "Mozilla/5.0 (Macintosh; Intel Mac OS X 10.11; rv:47.0) Gecko/20100101 Firefox/47.0"
60.191.38.78 - - [25/Jan/2018:12:49:10 +0100] "GET / HTTP/1.1" 200 1229 "-" "Mozilla/5.0 (Macintosh; Intel Mac OS X 10.11; rv:47.0) Gecko/20100101 Firefox/47.0"
60.191.38.78 - - [25/Jan/2018:12:49:54 +0100] "GET / HTTP/1.1" 200 1229 "-" "Mozilla/5.0 (Macintosh; Intel Mac OS X 10.11; rv:47.0) Gecko/20100101 Firefox/47.0"
60.191.38.78 - - [25/Jan/2018:12:50:20 +0100] "GET / HTTP/1.1" 200 1229 "-" "Mozilla/5.0 (Macintosh; Intel Mac OS X 10.11; rv:47.0) Gecko/20100101 Firefox/47.0"
66.249.75.93 - - [25/Jan/2018:13:07:09 +0100] "GET / HTTP/1.1" 200 1229 "-" "Mozilla/5.0 (Linux; Android 6.0.1; Nexus 5X Build/MMB29P) AppleWebKit/537.36 (KHTML, like Gecko) Chrome/41.0.2272.96 Mobile Safari/537.36 (compatible; Googlebot/2.1; +http://www.google.com/bot.html)"
66.249.75.93 - - [25/Jan/2018:13:07:10 +0100] "GET / HTTP/1.1" 200 1229 "-" "Mozilla/5.0 (Linux; Android 6.0.1; Nexus 5X Build/MMB29P) AppleWebKit/537.36 (KHTML, like Gecko) Chrome/41.0.2272.96 Mobile Safari/537.36 (compatible; Googlebot/2.1; +http://www.google.com/bot.html)"
66.249.75.94 - - [25/Jan/2018:13:07:11 +0100] "GET / HTTP/1.1" 200 1229 "-" "Mozilla/5.0 (Linux; Android 6.0.1; Nexus 5X Build/MMB29P) AppleWebKit/537.36 (KHTML, like Gecko) Chrome/41.0.2272.96 Mobile Safari/537.36 (compatible; Googlebot/2.1; +http://www.google.com/bot.html)"
66.249.75.92 - - [25/Jan/2018:13:08:11 +0100] "GET / HTTP/1.1" 200 1229 "-" "Mozilla/5.0 (Linux; Android 6.0.1; Nexus 5X Build/MMB29P) AppleWebKit/537.36 (KHTML, like Gecko) Chrome/41.0.2272.96 Mobile Safari/537.36 (compatible; Googlebot/2.1; +http://www.google.com/bot.html)"
66.249.75.94 - - [25/Jan/2018:13:14:21 +0100] "GET / HTTP/1.1" 200 1229 "-" "Mozilla/5.0 (compatible; Googlebot/2.1; +http://www.google.com/bot.html)"
201.238.154.18 - - [25/Jan/2018:13:20:59 +0100] "GET / HTTP/1.0" 200 1229 "-" "muhstik/1.0"
201.238.154.18 - - [25/Jan/2018:13:20:59 +0100] "GET / HTTP/1.0" 200 1229 "-" "muhstik/1.0"
201.238.154.18 - - [25/Jan/2018:13:20:59 +0100] "GET / HTTP/1.0" 200 1229 "-" "muhstik/1.0"
201.238.154.18 - - [25/Jan/2018:13:20:59 +0100] "GET / HTTP/1.0" 200 1229 "-" "muhstik/1.0"
201.238.154.18 - - [25/Jan/2018:13:20:59 +0100] "GET / HTTP/1.0" 200 1229 "-" "muhstik/1.0"
201.238.154.18 - - [25/Jan/2018:13:20:59 +0100] "GET / HTTP/1.0" 200 1229 "-" "muhstik/1.0"
201.238.154.18 - - [25/Jan/2018:13:20:59 +0100] "GET / HTTP/1.0" 200 1229 "-" "muhstik/1.0"
201.238.154.18 - - [25/Jan/2018:13:20:59 +0100] "GET / HTTP/1.0" 200 1229 "-" "muhstik/1.0"
201.238.154.18 - - [25/Jan/2018:13:20:59 +0100] "GET / HTTP/1.0" 200 1229 "-" "muhstik/1.0"
201.238.154.18 - - [25/Jan/2018:13:21:00 +0100] "GET / HTTP/1.0" 200 1229 "-" "muhstik/1.0"
201.238.154.18 - - [25/Jan/2018:13:21:10 +0100] "GET /webdav HTTP/1.0" 404 307 "-" "muhstik-scan/1.0"
201.238.154.18 - - [25/Jan/2018:13:21:10 +0100] "GET /webdav HTTP/1.0" 404 307 "-" "muhstik-scan/1.0"
201.238.154.18 - - [25/Jan/2018:13:21:10 +0100] "GET /webdav HTTP/1.0" 404 307 "-" "muhstik-scan/1.0"
201.238.154.18 - - [25/Jan/2018:13:21:10 +0100] "GET /webdav HTTP/1.0" 404 307 "-" "muhstik-scan/1.0"
201.238.154.18 - - [25/Jan/2018:13:21:10 +0100] "GET /webdav HTTP/1.0" 404 307 "-" "muhstik-scan/1.0"
201.238.154.18 - - [25/Jan/2018:13:21:13 +0100] "GET /webdav HTTP/1.0" 404 307 "-" "muhstik-scan/1.0"
201.238.154.18 - - [25/Jan/2018:13:21:13 +0100] "GET /webdav HTTP/1.0" 404 307 "-" "muhstik-scan/1.0"
201.238.154.18 - - [25/Jan/2018:13:21:13 +0100] "GET /webdav HTTP/1.0" 404 307 "-" "muhstik-scan/1.0"
201.238.154.18 - - [25/Jan/2018:13:21:13 +0100] "GET /webdav HTTP/1.0" 404 307 "-" "muhstik-scan/1.0"
201.238.154.18 - - [25/Jan/2018:13:21:13 +0100] "GET /webdav HTTP/1.0" 404 307 "-" "muhstik-scan/1.0"
201.238.154.18 - - [25/Jan/2018:13:21:54 +0100] "GET / HTTP/1.0" 200 1229 "-" "muhstik-scan"
201.238.154.18 - - [25/Jan/2018:13:21:55 +0100] "GET / HTTP/1.0" 200 1229 "-" "muhstik-scan"
201.238.154.18 - - [25/Jan/2018:13:21:55 +0100] "GET / HTTP/1.0" 200 1229 "-" "muhstik-scan"
201.238.154.18 - - [25/Jan/2018:13:22:00 +0100] "GET / HTTP/1.0" 200 1229 "-" "muhstik-scan"
201.238.154.18 - - [25/Jan/2018:13:22:00 +0100] "GET / HTTP/1.0" 200 1229 "-" "muhstik-scan"
201.238.154.18 - - [25/Jan/2018:13:22:00 +0100] "GET / HTTP/1.0" 200 1229 "-" "muhstik-scan"
201.238.154.18 - - [25/Jan/2018:13:22:01 +0100] "GET / HTTP/1.0" 200 1229 "-" "muhstik-scan"
201.238.154.18 - - [25/Jan/2018:13:22:01 +0100] "GET / HTTP/1.0" 200 1229 "-" "muhstik-scan"
201.238.154.18 - - [25/Jan/2018:13:22:01 +0100] "GET / HTTP/1.0" 200 1229 "-" "muhstik-scan"
201.238.154.18 - - [25/Jan/2018:13:22:01 +0100] "GET / HTTP/1.0" 200 1229 "-" "muhstik-scan"
201.238.154.18 - - [25/Jan/2018:13:22:01 +0100] "GET / HTTP/1.0" 200 1229 "-" "muhstik-scan"
201.238.154.18 - - [25/Jan/2018:13:22:01 +0100] "GET / HTTP/1.0" 200 1229 "-" "muhstik-scan"
201.238.154.18 - - [25/Jan/2018:13:22:01 +0100] "GET / HTTP/1.0" 200 1229 "-" "muhstik-scan"
201.238.154.18 - - [25/Jan/2018:13:22:01 +0100] "GET / HTTP/1.0" 200 1229 "-" "muhstik-scan"
201.238.154.18 - - [25/Jan/2018:13:22:01 +0100] "GET / HTTP/1.0" 200 1229 "-" "muhstik-scan"
201.238.154.18 - - [25/Jan/2018:13:22:01 +0100] "GET / HTTP/1.0" 200 1229 "-" "muhstik-scan"
201.238.154.18 - - [25/Jan/2018:13:22:02 +0100] "GET / HTTP/1.0" 200 1229 "-" "muhstik-scan"
201.238.154.18 - - [25/Jan/2018:13:22:02 +0100] "GET / HTTP/1.0" 200 1229 "-" "muhstik-scan"
201.238.154.18 - - [25/Jan/2018:13:22:03 +0100] "GET / HTTP/1.0" 200 1229 "-" "muhstik-scan"
201.238.154.18 - - [25/Jan/2018:13:22:03 +0100] "GET / HTTP/1.0" 200 1229 "-" "muhstik-scan"
201.238.154.18 - - [25/Jan/2018:13:22:03 +0100] "GET / HTTP/1.0" 200 1229 "-" "muhstik-scan"
201.238.154.18 - - [25/Jan/2018:13:22:03 +0100] "GET / HTTP/1.0" 200 1229 "-" "muhstik-scan"
201.238.154.18 - - [25/Jan/2018:13:22:04 +0100] "GET / HTTP/1.0" 200 1229 "-" "muhstik-scan"
201.238.154.18 - - [25/Jan/2018:13:22:04 +0100] "GET / HTTP/1.0" 200 1229 "-" "muhstik-scan"
201.238.154.18 - - [25/Jan/2018:13:22:04 +0100] "GET / HTTP/1.0" 200 1229 "-" "muhstik-scan"
201.238.154.18 - - [25/Jan/2018:13:22:04 +0100] "GET / HTTP/1.0" 200 1229 "-" "muhstik-scan"
201.238.154.18 - - [25/Jan/2018:13:22:04 +0100] "GET / HTTP/1.0" 200 1229 "-" "muhstik-scan"
201.238.154.18 - - [25/Jan/2018:13:22:04 +0100] "GET / HTTP/1.0" 200 1229 "-" "muhstik-scan"
201.238.154.18 - - [25/Jan/2018:13:22:05 +0100] "GET / HTTP/1.0" 200 1229 "-" "muhstik-scan"
201.238.154.18 - - [25/Jan/2018:13:22:05 +0100] "GET / HTTP/1.0" 200 1229 "-" "muhstik-scan"
144.76.71.83 - - [25/Jan/2018:13:58:41 +0100] "GET / HTTP/1.1" 200 1229 "-" "Mozilla/5.0 (Windows NT 6.2; rv:16.0) Gecko/20100101 Firefox/16.0"
162.210.196.130 - - [25/Jan/2018:14:21:01 +0100] "GET /robots.txt HTTP/1.1" 404 330 "-" "Mozilla/5.0 (compatible; MJ12bot/v1.4.8; http://mj12bot.com/)"
162.210.196.130 - - [25/Jan/2018:14:21:03 +0100] "GET / HTTP/1.1" 200 1229 "-" "Mozilla/5.0 (compatible; MJ12bot/v1.4.8; http://mj12bot.com/)"
84.180.234.223 - - [25/Jan/2018:14:44:16 +0100] "GET / HTTP/1.1" 200 1229 "https://www.bing.com/" "Mozilla/5.0 (Windows NT 6.3; Win64; x64) AppleWebKit/537.36 (KHTML, like Gecko) Chrome/63.0.3239.132 Safari/537.36"
84.180.234.223 - - [25/Jan/2018:14:44:16 +0100] "GET /favicon.ico HTTP/1.1" 404 331 "http://www.friedrich-list-berlin.de/" "Mozilla/5.0 (Windows NT 6.3; Win64; x64) AppleWebKit/537.36 (KHTML, like Gecko) Chrome/63.0.3239.132 Safari/537.36"
78.55.217.31 - - [25/Jan/2018:14:56:35 +0100] "GET / HTTP/1.1" 200 1229 "http://www.oberstufenzentrum.de/schulen/friedrich-list-schule-ehemals-osz-buerowirtschaft-ii" "Mozilla/5.0 (Windows NT 6.1; rv:50.0) Gecko/20100101 Firefox/50.0"
78.55.217.31 - - [25/Jan/2018:14:56:35 +0100] "GET /favicon.ico HTTP/1.1" 404 331 "-" "Mozilla/5.0 (Windows NT 6.1; rv:50.0) Gecko/20100101 Firefox/50.0"
78.55.217.31 - - [25/Jan/2018:14:56:35 +0100] "GET /favicon.ico HTTP/1.1" 404 331 "-" "Mozilla/5.0 (Windows NT 6.1; rv:50.0) Gecko/20100101 Firefox/50.0"
66.249.75.93 - - [25/Jan/2018:15:06:27 +0100] "GET / HTTP/1.1" 200 1229 "-" "Mozilla/5.0 (compatible; Googlebot/2.1; +http://www.google.com/bot.html)"
141.8.141.131 - - [25/Jan/2018:16:00:34 +0100] "GET /robots.txt HTTP/1.1" 404 330 "-" "Mozilla/5.0 (compatible; YandexBot/3.0; +http://yandex.com/bots)"
141.8.141.131 - - [25/Jan/2018:16:00:38 +0100] "GET /favicon.ico HTTP/1.1" 404 331 "-" "Mozilla/5.0 (compatible; YandexBot/3.0; +http://yandex.com/bots)"
222.186.56.99 - - [25/Jan/2018:16:28:33 +0100] "GET /manager/html HTTP/1.1" 404 317 "-" "Mozilla/5.0 (compatible; MSIE 10.0; Windows NT 6.2; WOW64; Trident/6.0)"
222.186.56.99 - - [25/Jan/2018:16:28:33 +0100] "GET /manager/html HTTP/1.1" 404 317 "-" "Mozilla/5.0 (compatible; MSIE 10.0; Windows NT 6.2; WOW64; Trident/6.0)"
222.186.56.99 - - [25/Jan/2018:16:28:33 +0100] "GET /manager/html HTTP/1.1" 404 317 "-" "Mozilla/5.0 (compatible; MSIE 10.0; Windows NT 6.2; WOW64; Trident/6.0)"
222.186.56.99 - - [25/Jan/2018:16:28:33 +0100] "GET /manager/html HTTP/1.1" 404 317 "-" "Mozilla/5.0 (compatible; MSIE 10.0; Windows NT 6.2; WOW64; Trident/6.0)"
46.5.0.76 - - [25/Jan/2018:17:26:16 +0100] "GET / HTTP/1.1" 200 1229 "http://www.oberstufenzentrum.de/schulen/friedrich-list-schule" "Mozilla/5.0 (Windows NT 6.1; Win64; x64) AppleWebKit/537.36 (KHTML, like Gecko) Chrome/63.0.3239.132 Safari/537.36"
