5.143.61.213 - - [26/Jan/2018:15:04:50 +0100] "GET /HNAP1/ HTTP/1.1" 404 311 "http://212.91.246.82/" "Mozilla/5.0 (Windows NT 5.1; rv:9.0.1) Gecko/20100101 Firefox/9.0.1"
5.143.61.213 - - [26/Jan/2018:15:04:50 +0100] "GET /HNAP1/ HTTP/1.1" 404 311 "http://212.91.246.83/" "Mozilla/5.0 (Windows NT 5.1; rv:9.0.1) Gecko/20100101 Firefox/9.0.1"
5.143.61.213 - - [26/Jan/2018:15:04:50 +0100] "GET /HNAP1/ HTTP/1.1" 404 311 "http://212.91.246.84/" "Mozilla/5.0 (Windows NT 5.1; rv:9.0.1) Gecko/20100101 Firefox/9.0.1"
5.143.61.213 - - [26/Jan/2018:15:04:50 +0100] "GET /HNAP1/ HTTP/1.1" 404 311 "http://212.91.246.85/" "Mozilla/5.0 (Windows NT 5.1; rv:9.0.1) Gecko/20100101 Firefox/9.0.1"
5.143.61.213 - - [26/Jan/2018:15:04:50 +0100] "GET /HNAP1/ HTTP/1.1" 404 311 "http://212.91.246.86/" "Mozilla/5.0 (Windows NT 5.1; rv:9.0.1) Gecko/20100101 Firefox/9.0.1"
5.143.61.213 - - [26/Jan/2018:15:04:50 +0100] "GET /HNAP1/ HTTP/1.1" 404 311 "http://212.91.246.87/" "Mozilla/5.0 (Windows NT 5.1; rv:9.0.1) Gecko/20100101 Firefox/9.0.1"
5.143.61.213 - - [26/Jan/2018:15:04:50 +0100] "GET /HNAP1/ HTTP/1.1" 404 311 "http://212.91.246.88/" "Mozilla/5.0 (Windows NT 5.1; rv:9.0.1) Gecko/20100101 Firefox/9.0.1"
5.143.61.213 - - [26/Jan/2018:15:04:50 +0100] "GET /HNAP1/ HTTP/1.1" 404 311 "http://212.91.246.89/" "Mozilla/5.0 (Windows NT 5.1; rv:9.0.1) Gecko/20100101 Firefox/9.0.1"
188.166.179.244 - - [26/Jan/2018:15:05:18 +0100] "HEAD /static/mango/img/lllooo.png HTTP/1.1" 404 - "-" "Mozilla/5.0 (Macintosh; Intel Mac OS X 10.13; rv:58.0) Gecko/20100101 Firefox/58.0"
94.177.238.191 - - [26/Jan/2018:15:07:37 +0100] "GET / HTTP/1.1" 200 1229 "-" "libwww-perl/6.31"
196.52.43.61 - - [26/Jan/2018:15:23:57 +0100] "GET / HTTP/1.0" 200 1229 "-" "Mozilla/5.0(WindowsNT6.1;rv:31.0)Gecko/20100101Firefox/31.0"
188.166.179.56 - - [26/Jan/2018:15:27:34 +0100] "HEAD /static/mango/img/lllooo.png HTTP/1.1" 404 - "-" "Mozilla/5.0 (Macintosh; Intel Mac OS X 10.13; rv:58.0) Gecko/20100101 Firefox/58.0"
94.177.238.191 - - [26/Jan/2018:15:38:48 +0100] "GET / HTTP/1.1" 200 1229 "-" "libwww-perl/6.31"
94.177.238.191 - - [26/Jan/2018:15:54:47 +0100] "GET / HTTP/1.1" 200 1229 "-" "libwww-perl/6.31"
164.132.91.1 - - [26/Jan/2018:15:59:06 +0100] "GET / HTTP/1.1" 200 1229 "-" "Mozilla/5.0 (X11; Linux i686; rv:14.0) Gecko/20100101 Firefox/14.0"
139.162.119.197 - - [26/Jan/2018:16:06:11 +0100] "GET / HTTP/1.1" 200 1229 "-" "Mozilla/5.0 (Windows NT 10.0; WOW64) AppleWebKit/537.36 (KHTML, like Gecko) Chrome/50.0.2661.102 Safari/537.36"
164.132.91.1 - - [26/Jan/2018:16:08:17 +0100] "GET / HTTP/1.1" 200 1229 "-" "Mozilla/5.0 (X11; U; Linux x86_64; en-US; rv:1.9.1.13)"
188.166.176.236 - - [26/Jan/2018:16:19:03 +0100] "HEAD /static/mango/img/lllooo.png HTTP/1.1" 404 - "-" "Mozilla/5.0 (Macintosh; Intel Mac OS X 10.13; rv:58.0) Gecko/20100101 Firefox/58.0"
128.232.21.75 - - [26/Jan/2018:16:35:06 +0100] "GET /. HTTP/0.0" 200 1229 "-" "-"
204.79.180.6 - - [26/Jan/2018:17:12:54 +0100] "GET / HTTP/1.1" 200 1229 "-" "Mozilla/5.0 (compatible; MSIE 9.0; Windows NT 6.1; Trident/5.0; Trident/5.0)"
46.142.213.24 - - [26/Jan/2018:17:26:02 +0100] "GET / HTTP/1.1" 200 1229 "-" "Mozilla/5.0 (Windows NT 6.1; Win64; x64) AppleWebKit/537.36 (KHTML, like Gecko) Chrome/63.0.3239.132 Safari/537.36"
46.142.213.24 - - [26/Jan/2018:17:26:02 +0100] "GET /favicon.ico HTTP/1.1" 404 331 "http://www.friedrich-list-berlin.de/" "Mozilla/5.0 (Windows NT 6.1; Win64; x64) AppleWebKit/537.36 (KHTML, like Gecko) Chrome/63.0.3239.132 Safari/537.36"
201.238.155.202 - - [26/Jan/2018:17:30:56 +0100] "GET / HTTP/1.0" 200 1229 "-" "muhstik/1.0"
201.238.155.202 - - [26/Jan/2018:17:30:56 +0100] "GET / HTTP/1.0" 200 1229 "-" "muhstik/1.0"
201.238.155.202 - - [26/Jan/2018:17:30:56 +0100] "GET / HTTP/1.0" 200 1229 "-" "muhstik/1.0"
201.238.155.202 - - [26/Jan/2018:17:30:56 +0100] "GET / HTTP/1.0" 200 1229 "-" "muhstik/1.0"
201.238.155.202 - - [26/Jan/2018:17:30:56 +0100] "GET / HTTP/1.0" 200 1229 "-" "muhstik/1.0"
201.238.155.202 - - [26/Jan/2018:17:30:56 +0100] "GET / HTTP/1.0" 200 1229 "-" "muhstik/1.0"
201.238.155.202 - - [26/Jan/2018:17:30:56 +0100] "GET / HTTP/1.0" 200 1229 "-" "muhstik/1.0"
201.238.155.202 - - [26/Jan/2018:17:30:56 +0100] "GET / HTTP/1.0" 200 1229 "-" "muhstik/1.0"
201.238.155.202 - - [26/Jan/2018:17:30:56 +0100] "GET / HTTP/1.0" 200 1229 "-" "muhstik/1.0"
201.238.155.202 - - [26/Jan/2018:17:30:56 +0100] "GET / HTTP/1.0" 200 1229 "-" "muhstik/1.0"
201.238.155.202 - - [26/Jan/2018:17:31:06 +0100] "GET /webdav HTTP/1.0" 404 307 "-" "muhstik-scan/1.0"
201.238.155.202 - - [26/Jan/2018:17:31:06 +0100] "GET /webdav HTTP/1.0" 404 307 "-" "muhstik-scan/1.0"
201.238.155.202 - - [26/Jan/2018:17:31:06 +0100] "GET /webdav HTTP/1.0" 404 307 "-" "muhstik-scan/1.0"
201.238.155.202 - - [26/Jan/2018:17:31:06 +0100] "GET /webdav HTTP/1.0" 404 307 "-" "muhstik-scan/1.0"
201.238.155.202 - - [26/Jan/2018:17:31:06 +0100] "GET /webdav HTTP/1.0" 404 307 "-" "muhstik-scan/1.0"
201.238.155.202 - - [26/Jan/2018:17:31:06 +0100] "GET /webdav HTTP/1.0" 404 307 "-" "muhstik-scan/1.0"
201.238.155.202 - - [26/Jan/2018:17:31:06 +0100] "GET /webdav HTTP/1.0" 404 307 "-" "muhstik-scan/1.0"
201.238.155.202 - - [26/Jan/2018:17:31:06 +0100] "GET /webdav HTTP/1.0" 404 307 "-" "muhstik-scan/1.0"
201.238.155.202 - - [26/Jan/2018:17:31:06 +0100] "GET /webdav HTTP/1.0" 404 307 "-" "muhstik-scan/1.0"
201.238.155.202 - - [26/Jan/2018:17:31:06 +0100] "GET /webdav HTTP/1.0" 404 307 "-" "muhstik-scan/1.0"
201.238.155.202 - - [26/Jan/2018:17:31:47 +0100] "GET / HTTP/1.0" 200 1229 "-" "muhstik-scan"
201.238.155.202 - - [26/Jan/2018:17:31:48 +0100] "GET / HTTP/1.0" 200 1229 "-" "muhstik-scan"
201.238.155.202 - - [26/Jan/2018:17:31:57 +0100] "GET / HTTP/1.0" 200 1229 "-" "muhstik-scan"
201.238.155.202 - - [26/Jan/2018:17:31:57 +0100] "GET / HTTP/1.0" 200 1229 "-" "muhstik-scan"
201.238.155.202 - - [26/Jan/2018:17:31:57 +0100] "GET / HTTP/1.0" 200 1229 "-" "muhstik-scan"
201.238.155.202 - - [26/Jan/2018:17:31:57 +0100] "GET / HTTP/1.0" 200 1229 "-" "muhstik-scan"
201.238.155.202 - - [26/Jan/2018:17:31:57 +0100] "GET / HTTP/1.0" 200 1229 "-" "muhstik-scan"
201.238.155.202 - - [26/Jan/2018:17:31:57 +0100] "GET / HTTP/1.0" 200 1229 "-" "muhstik-scan"
201.238.155.202 - - [26/Jan/2018:17:31:57 +0100] "GET / HTTP/1.0" 200 1229 "-" "muhstik-scan"
201.238.155.202 - - [26/Jan/2018:17:31:57 +0100] "GET / HTTP/1.0" 200 1229 "-" "muhstik-scan"
201.238.155.202 - - [26/Jan/2018:17:31:57 +0100] "GET / HTTP/1.0" 200 1229 "-" "muhstik-scan"
201.238.155.202 - - [26/Jan/2018:17:31:57 +0100] "GET / HTTP/1.0" 200 1229 "-" "muhstik-scan"
201.238.155.202 - - [26/Jan/2018:17:31:57 +0100] "GET / HTTP/1.0" 200 1229 "-" "muhstik-scan"
201.238.155.202 - - [26/Jan/2018:17:31:58 +0100] "GET / HTTP/1.0" 200 1229 "-" "muhstik-scan"
201.238.155.202 - - [26/Jan/2018:17:31:58 +0100] "GET / HTTP/1.0" 200 1229 "-" "muhstik-scan"
201.238.155.202 - - [26/Jan/2018:17:31:58 +0100] "GET / HTTP/1.0" 200 1229 "-" "muhstik-scan"
201.238.155.202 - - [26/Jan/2018:17:31:58 +0100] "GET / HTTP/1.0" 200 1229 "-" "muhstik-scan"
201.238.155.202 - - [26/Jan/2018:17:31:58 +0100] "GET / HTTP/1.0" 200 1229 "-" "muhstik-scan"
201.238.155.202 - - [26/Jan/2018:17:31:58 +0100] "GET / HTTP/1.0" 200 1229 "-" "muhstik-scan"
201.238.155.202 - - [26/Jan/2018:17:31:58 +0100] "GET / HTTP/1.0" 200 1229 "-" "muhstik-scan"
188.247.41.26 - - [26/Jan/2018:17:33:00 +0100] "GET / HTTP/1.0" 200 1229 "-" "muhstik/1.0"
188.247.41.26 - - [26/Jan/2018:17:33:00 +0100] "GET / HTTP/1.0" 200 1229 "-" "muhstik/1.0"
188.247.41.26 - - [26/Jan/2018:17:33:00 +0100] "GET / HTTP/1.0" 200 1229 "-" "muhstik/1.0"
188.247.41.26 - - [26/Jan/2018:17:33:00 +0100] "GET / HTTP/1.0" 200 1229 "-" "muhstik/1.0"
188.247.41.26 - - [26/Jan/2018:17:33:00 +0100] "GET / HTTP/1.0" 200 1229 "-" "muhstik/1.0"
188.247.41.26 - - [26/Jan/2018:17:33:00 +0100] "GET / HTTP/1.0" 200 1229 "-" "muhstik/1.0"
188.247.41.26 - - [26/Jan/2018:17:33:00 +0100] "GET / HTTP/1.0" 200 1229 "-" "muhstik/1.0"
188.247.41.26 - - [26/Jan/2018:17:33:00 +0100] "GET / HTTP/1.0" 200 1229 "-" "muhstik/1.0"
188.247.41.26 - - [26/Jan/2018:17:33:00 +0100] "GET / HTTP/1.0" 200 1229 "-" "muhstik/1.0"
188.247.41.26 - - [26/Jan/2018:17:33:00 +0100] "GET / HTTP/1.0" 200 1229 "-" "muhstik/1.0"
188.247.41.26 - - [26/Jan/2018:17:33:10 +0100] "GET /webdav HTTP/1.0" 404 307 "-" "muhstik-scan/1.0"
188.247.41.26 - - [26/Jan/2018:17:33:13 +0100] "GET /webdav HTTP/1.0" 404 307 "-" "muhstik-scan/1.0"
188.247.41.26 - - [26/Jan/2018:17:33:13 +0100] "GET /webdav HTTP/1.0" 404 307 "-" "muhstik-scan/1.0"
188.247.41.26 - - [26/Jan/2018:17:33:13 +0100] "GET /webdav HTTP/1.0" 404 307 "-" "muhstik-scan/1.0"
188.247.41.26 - - [26/Jan/2018:17:33:13 +0100] "GET /webdav HTTP/1.0" 404 307 "-" "muhstik-scan/1.0"
188.247.41.26 - - [26/Jan/2018:17:33:13 +0100] "GET /webdav HTTP/1.0" 404 307 "-" "muhstik-scan/1.0"
188.247.41.26 - - [26/Jan/2018:17:33:13 +0100] "GET /webdav HTTP/1.0" 404 307 "-" "muhstik-scan/1.0"
188.247.41.26 - - [26/Jan/2018:17:33:19 +0100] "GET /webdav HTTP/1.0" 404 307 "-" "muhstik-scan/1.0"
188.247.41.26 - - [26/Jan/2018:17:33:19 +0100] "GET /webdav HTTP/1.0" 404 307 "-" "muhstik-scan/1.0"
188.247.41.26 - - [26/Jan/2018:17:33:19 +0100] "GET /webdav HTTP/1.0" 404 307 "-" "muhstik-scan/1.0"
188.247.41.26 - - [26/Jan/2018:17:33:54 +0100] "GET / HTTP/1.0" 200 1229 "-" "muhstik-scan"
188.247.41.26 - - [26/Jan/2018:17:33:54 +0100] "GET / HTTP/1.0" 200 1229 "-" "muhstik-scan"
188.247.41.26 - - [26/Jan/2018:17:34:00 +0100] "GET / HTTP/1.0" 200 1229 "-" "muhstik-scan"
188.247.41.26 - - [26/Jan/2018:17:34:01 +0100] "GET / HTTP/1.0" 200 1229 "-" "muhstik-scan"
188.247.41.26 - - [26/Jan/2018:17:34:03 +0100] "GET / HTTP/1.0" 200 1229 "-" "muhstik-scan"
188.247.41.26 - - [26/Jan/2018:17:34:03 +0100] "GET / HTTP/1.0" 200 1229 "-" "muhstik-scan"
188.247.41.26 - - [26/Jan/2018:17:34:03 +0100] "GET / HTTP/1.0" 200 1229 "-" "muhstik-scan"
188.247.41.26 - - [26/Jan/2018:17:34:03 +0100] "GET / HTTP/1.0" 200 1229 "-" "muhstik-scan"
188.247.41.26 - - [26/Jan/2018:17:34:03 +0100] "GET / HTTP/1.0" 200 1229 "-" "muhstik-scan"
188.247.41.26 - - [26/Jan/2018:17:34:04 +0100] "GET / HTTP/1.0" 200 1229 "-" "muhstik-scan"
188.247.41.26 - - [26/Jan/2018:17:34:04 +0100] "GET / HTTP/1.0" 200 1229 "-" "muhstik-scan"
188.247.41.26 - - [26/Jan/2018:17:34:04 +0100] "GET / HTTP/1.0" 200 1229 "-" "muhstik-scan"
188.247.41.26 - - [26/Jan/2018:17:34:04 +0100] "GET / HTTP/1.0" 200 1229 "-" "muhstik-scan"
188.247.41.26 - - [26/Jan/2018:17:34:04 +0100] "GET / HTTP/1.0" 200 1229 "-" "muhstik-scan"
188.247.41.26 - - [26/Jan/2018:17:34:09 +0100] "GET / HTTP/1.0" 200 1229 "-" "muhstik-scan"
188.247.41.26 - - [26/Jan/2018:17:34:09 +0100] "GET / HTTP/1.0" 200 1229 "-" "muhstik-scan"
188.247.41.26 - - [26/Jan/2018:17:34:09 +0100] "GET / HTTP/1.0" 200 1229 "-" "muhstik-scan"
188.247.41.26 - - [26/Jan/2018:17:34:10 +0100] "GET / HTTP/1.0" 200 1229 "-" "muhstik-scan"
188.247.41.26 - - [26/Jan/2018:17:34:10 +0100] "GET / HTTP/1.0" 200 1229 "-" "muhstik-scan"
188.247.41.26 - - [26/Jan/2018:17:34:10 +0100] "GET / HTTP/1.0" 200 1229 "-" "muhstik-scan"
139.162.73.218 - - [26/Jan/2018:17:55:54 +0100] "SSH-2.0-Go" 501 325 "-" "-"
139.162.73.218 - - [26/Jan/2018:17:58:48 +0100] "GET / HTTP/1.1" 200 1229 "-" "Mozilla/5.0 zgrab/0.x"
164.52.24.140 - - [26/Jan/2018:18:08:07 +0100] "\x16\x03\x01\x01\"\x01" 501 326 "-" "-"
164.52.24.140 - - [26/Jan/2018:18:08:14 +0100] "USER test +iw test :Test Wuz Here" 400 329 "-" "-"
164.52.24.140 - - [26/Jan/2018:18:08:17 +0100] "GET / HTTP/1.1" 200 1229 "-" "Mozilla/5.0 (Windows NT 6.1; WOW64; rv:52.0) Gecko/20100101 Firefox/52.0"
82.208.160.181 - - [26/Jan/2018:18:13:00 +0100] "GET / HTTP/1.1" 400 6202 "-" "-"
60.191.38.78 - - [26/Jan/2018:18:46:40 +0100] "GET / HTTP/1.1" 200 1229 "-" "Mozilla/5.0 (Macintosh; Intel Mac OS X 10.11; rv:47.0) Gecko/20100101 Firefox/47.0"
60.191.38.78 - - [26/Jan/2018:18:48:23 +0100] "GET / HTTP/1.1" 200 1229 "-" "Mozilla/5.0 (Macintosh; Intel Mac OS X 10.11; rv:47.0) Gecko/20100101 Firefox/47.0"
60.191.38.78 - - [26/Jan/2018:18:49:09 +0100] "GET / HTTP/1.1" 200 1229 "-" "Mozilla/5.0 (Macintosh; Intel Mac OS X 10.11; rv:47.0) Gecko/20100101 Firefox/47.0"
183.159.180.128 - - [26/Jan/2018:18:55:38 +0100] "GET / HTTP/1.0" 200 1229 "-" "muhstik/1.0"
183.159.180.128 - - [26/Jan/2018:18:55:38 +0100] "GET / HTTP/1.0" 200 1229 "-" "muhstik/1.0"
183.159.180.128 - - [26/Jan/2018:18:55:38 +0100] "GET / HTTP/1.0" 200 1229 "-" "muhstik/1.0"
183.159.180.128 - - [26/Jan/2018:18:55:38 +0100] "GET / HTTP/1.0" 200 1229 "-" "muhstik/1.0"
183.159.180.128 - - [26/Jan/2018:18:55:38 +0100] "GET / HTTP/1.0" 200 1229 "-" "muhstik/1.0"
183.159.180.128 - - [26/Jan/2018:18:55:38 +0100] "GET / HTTP/1.0" 200 1229 "-" "muhstik/1.0"
183.159.180.128 - - [26/Jan/2018:18:55:38 +0100] "GET / HTTP/1.0" 200 1229 "-" "muhstik/1.0"
183.159.180.128 - - [26/Jan/2018:18:55:38 +0100] "GET / HTTP/1.0" 200 1229 "-" "muhstik/1.0"
183.159.180.128 - - [26/Jan/2018:18:55:38 +0100] "GET / HTTP/1.0" 200 1229 "-" "muhstik/1.0"
183.159.180.128 - - [26/Jan/2018:18:55:38 +0100] "GET / HTTP/1.0" 200 1229 "-" "muhstik/1.0"
183.159.180.128 - - [26/Jan/2018:18:55:49 +0100] "GET /webdav HTTP/1.0" 404 307 "-" "muhstik-scan/1.0"
183.159.180.128 - - [26/Jan/2018:18:55:49 +0100] "GET /webdav HTTP/1.0" 404 307 "-" "muhstik-scan/1.0"
183.159.180.128 - - [26/Jan/2018:18:55:49 +0100] "GET /webdav HTTP/1.0" 404 307 "-" "muhstik-scan/1.0"
183.159.180.128 - - [26/Jan/2018:18:55:49 +0100] "GET /webdav HTTP/1.0" 404 307 "-" "muhstik-scan/1.0"
183.159.180.128 - - [26/Jan/2018:18:55:49 +0100] "GET /webdav HTTP/1.0" 404 307 "-" "muhstik-scan/1.0"
183.159.180.128 - - [26/Jan/2018:18:55:49 +0100] "GET /webdav HTTP/1.0" 404 307 "-" "muhstik-scan/1.0"
183.159.180.128 - - [26/Jan/2018:18:55:49 +0100] "GET /webdav HTTP/1.0" 404 307 "-" "muhstik-scan/1.0"
183.159.180.128 - - [26/Jan/2018:18:55:49 +0100] "GET /webdav HTTP/1.0" 404 307 "-" "muhstik-scan/1.0"
183.159.180.128 - - [26/Jan/2018:18:55:49 +0100] "GET /webdav HTTP/1.0" 404 307 "-" "muhstik-scan/1.0"
183.159.180.128 - - [26/Jan/2018:18:55:49 +0100] "GET /webdav HTTP/1.0" 404 307 "-" "muhstik-scan/1.0"
183.159.180.128 - - [26/Jan/2018:18:56:30 +0100] "GET / HTTP/1.0" 200 1229 "-" "muhstik-scan"
183.159.180.128 - - [26/Jan/2018:18:56:31 +0100] "GET / HTTP/1.0" 200 1229 "-" "muhstik-scan"
183.159.180.128 - - [26/Jan/2018:18:56:40 +0100] "GET / HTTP/1.0" 200 1229 "-" "muhstik-scan"
183.159.180.128 - - [26/Jan/2018:18:56:40 +0100] "GET / HTTP/1.0" 200 1229 "-" "muhstik-scan"
183.159.180.128 - - [26/Jan/2018:18:56:40 +0100] "GET / HTTP/1.0" 200 1229 "-" "muhstik-scan"
183.159.180.128 - - [26/Jan/2018:18:56:40 +0100] "GET / HTTP/1.0" 200 1229 "-" "muhstik-scan"
183.159.180.128 - - [26/Jan/2018:18:56:40 +0100] "GET / HTTP/1.0" 200 1229 "-" "muhstik-scan"
183.159.180.128 - - [26/Jan/2018:18:56:40 +0100] "GET / HTTP/1.0" 200 1229 "-" "muhstik-scan"
183.159.180.128 - - [26/Jan/2018:18:56:40 +0100] "GET / HTTP/1.0" 200 1229 "-" "muhstik-scan"
183.159.180.128 - - [26/Jan/2018:18:56:40 +0100] "GET / HTTP/1.0" 200 1229 "-" "muhstik-scan"
183.159.180.128 - - [26/Jan/2018:18:56:40 +0100] "GET / HTTP/1.0" 200 1229 "-" "muhstik-scan"
183.159.180.128 - - [26/Jan/2018:18:56:40 +0100] "GET / HTTP/1.0" 200 1229 "-" "muhstik-scan"
183.159.180.128 - - [26/Jan/2018:18:56:40 +0100] "GET / HTTP/1.0" 200 1229 "-" "muhstik-scan"
183.159.180.128 - - [26/Jan/2018:18:56:41 +0100] "GET / HTTP/1.0" 200 1229 "-" "muhstik-scan"
183.159.180.128 - - [26/Jan/2018:18:56:41 +0100] "GET / HTTP/1.0" 200 1229 "-" "muhstik-scan"
183.159.180.128 - - [26/Jan/2018:18:56:41 +0100] "GET / HTTP/1.0" 200 1229 "-" "muhstik-scan"
183.159.180.128 - - [26/Jan/2018:18:56:41 +0100] "GET / HTTP/1.0" 200 1229 "-" "muhstik-scan"
183.159.180.128 - - [26/Jan/2018:18:56:41 +0100] "GET / HTTP/1.0" 200 1229 "-" "muhstik-scan"
183.159.180.128 - - [26/Jan/2018:18:56:41 +0100] "GET / HTTP/1.0" 200 1229 "-" "muhstik-scan"
183.159.180.128 - - [26/Jan/2018:18:56:41 +0100] "GET / HTTP/1.0" 200 1229 "-" "muhstik-scan"
194.153.113.13 - - [26/Jan/2018:19:08:25 +0100] "GET /robots.txt HTTP/1.1" 404 315 "-" "Mozilla/5.0 (compatible; oBot/2.3.1; http://filterdb.iss.net/crawler/)"
194.153.113.13 - - [26/Jan/2018:19:08:25 +0100] "HEAD / HTTP/1.1" 200 - "-" "Mozilla/5.0 (compatible; oBot/2.3.1; http://filterdb.iss.net/crawler/)"
80.82.77.139 - - [26/Jan/2018:19:23:14 +0100] "GET / HTTP/1.1" 200 1229 "-" "Mozilla/5.0 (Windows NT 6.1) AppleWebKit/537.36 (KHTML, like Gecko) Chrome/41.0.2228.0 Safari/537.36"
80.82.77.139 - - [26/Jan/2018:19:23:14 +0100] "GET /robots.txt HTTP/1.1" 404 315 "-" "-"
80.82.77.139 - - [26/Jan/2018:19:23:15 +0100] "GET /sitemap.xml HTTP/1.1" 404 316 "-" "-"
80.82.77.139 - - [26/Jan/2018:19:23:16 +0100] "GET /favicon.ico HTTP/1.1" 404 316 "-" "python-requests/2.13.0"
64.90.40.102 - - [26/Jan/2018:19:38:48 +0100] "GET /wordpress/wp-admin/install.php HTTP/1.1" 404 335 "-" "libwww-perl/6.05"
60.191.38.78 - - [26/Jan/2018:20:19:33 +0100] "GET / HTTP/1.1" 200 1229 "-" "Mozilla/5.0 (Macintosh; Intel Mac OS X 10.11; rv:47.0) Gecko/20100101 Firefox/47.0"
60.191.38.78 - - [26/Jan/2018:20:20:27 +0100] "GET / HTTP/1.1" 200 1229 "-" "Mozilla/5.0 (Macintosh; Intel Mac OS X 10.11; rv:47.0) Gecko/20100101 Firefox/47.0"
167.114.77.204 - - [26/Jan/2018:21:24:46 +0100] "GET / HTTP/1.1" 200 1229 "-" "Java/1.4.1_04"
107.170.234.115 - - [26/Jan/2018:21:26:44 +0100] "GET / HTTP/1.1" 200 1229 "-" "Mozilla/5.0 zgrab/0.x"
107.170.234.115 - - [26/Jan/2018:21:29:15 +0100] "GET / HTTP/1.1" 200 1229 "-" "Mozilla/5.0 zgrab/0.x"
107.170.234.115 - - [26/Jan/2018:21:31:37 +0100] "GET / HTTP/1.1" 200 1229 "-" "Mozilla/5.0 zgrab/0.x"
107.170.234.115 - - [26/Jan/2018:21:31:42 +0100] "GET / HTTP/1.1" 200 1229 "-" "Mozilla/5.0 zgrab/0.x"
107.170.234.115 - - [26/Jan/2018:21:32:54 +0100] "GET / HTTP/1.1" 200 1229 "-" "Mozilla/5.0 zgrab/0.x"
107.170.234.115 - - [26/Jan/2018:21:33:03 +0100] "GET / HTTP/1.1" 200 1229 "-" "Mozilla/5.0 zgrab/0.x"
188.138.75.88 - - [26/Jan/2018:21:33:22 +0100] "GET / HTTP/1.1" 200 1229 "-" "Mozilla/5.0 (X11; U; Linux Core i7-4980HQ; de; rv:32.0; compatible; JobboerseBot; http://www.jobboerse.com/bot.htm) Gecko/20100101 Firefox/38.0"
188.138.75.88 - - [26/Jan/2018:21:33:22 +0100] "GET /robots.txt HTTP/1.1" 404 330 "-" "Mozilla/5.0 (X11; U; Linux Core i7-4980HQ; de; rv:32.0; compatible; JobboerseBot; http://www.jobboerse.com/bot.htm) Gecko/20100101 Firefox/38.0"
188.138.75.88 - - [26/Jan/2018:21:33:22 +0100] "GET / HTTP/1.1" 200 1229 "-" "Mozilla/5.0 (X11; U; Linux Core i7-4980HQ; de; rv:32.0; compatible; JobboerseBot; http://www.jobboerse.com/bot.htm) Gecko/20100101 Firefox/38.0"
188.138.75.88 - - [26/Jan/2018:21:33:24 +0100] "GET / HTTP/1.1" 200 1229 "-" "Mozilla/5.0 (X11; U; Linux Core i7-4980HQ; de; rv:32.0; compatible; JobboerseBot; http://www.jobboerse.com/bot.htm) Gecko/20100101 Firefox/38.0"
107.170.234.115 - - [26/Jan/2018:21:33:34 +0100] "GET / HTTP/1.1" 200 1229 "-" "Mozilla/5.0 zgrab/0.x"
107.170.234.115 - - [26/Jan/2018:21:33:47 +0100] "GET / HTTP/1.1" 200 1229 "-" "Mozilla/5.0 zgrab/0.x"
188.138.41.172 - - [26/Jan/2018:21:35:09 +0100] "GET /robots.txt HTTP/1.1" 404 330 "-" "Mozilla/5.0 (X11; U; Linux Core i7-4980HQ; de; rv:32.0; compatible; JobboerseBot; http://www.jobboerse.com/bot.htm) Gecko/20100101 Firefox/38.0"
188.138.41.172 - - [26/Jan/2018:21:35:09 +0100] "GET / HTTP/1.1" 200 1229 "-" "Mozilla/5.0 (X11; U; Linux Core i7-4980HQ; de; rv:32.0; compatible; JobboerseBot; http://www.jobboerse.com/bot.htm) Gecko/20100101 Firefox/38.0"
188.138.41.172 - - [26/Jan/2018:21:35:09 +0100] "GET / HTTP/1.1" 200 1229 "-" "Mozilla/5.0 (X11; U; Linux Core i7-4980HQ; de; rv:32.0; compatible; JobboerseBot; http://www.jobboerse.com/bot.htm) Gecko/20100101 Firefox/38.0"
107.170.234.115 - - [26/Jan/2018:21:38:50 +0100] "GET / HTTP/1.1" 200 1229 "-" "Mozilla/5.0 zgrab/0.x"
139.162.114.70 - - [26/Jan/2018:21:49:53 +0100] "GET / HTTP/1.1" 200 1229 "-" "Mozilla/5.0 (Windows NT 10.0; WOW64) AppleWebKit/537.36 (KHTML, like Gecko) Chrome/50.0.2661.102 Safari/537.36"
54.36.68.202 - - [26/Jan/2018:22:10:10 +0100] "GET / HTTP/1.1" 200 1229 "-" "Java/1.6.0_04"
128.199.118.50 - - [26/Jan/2018:22:33:24 +0100] "GET /w00tw00t.at.blackhats.romanian.anti-sec:) HTTP/1.1" 404 346 "-" "ZmEu"
128.199.118.50 - - [26/Jan/2018:22:33:24 +0100] "GET /w00tw00t.at.blackhats.romanian.anti-sec:) HTTP/1.1" 404 346 "-" "ZmEu"
128.199.118.50 - - [26/Jan/2018:22:33:24 +0100] "GET /w00tw00t.at.blackhats.romanian.anti-sec:) HTTP/1.1" 404 346 "-" "ZmEu"
128.199.118.50 - - [26/Jan/2018:22:33:25 +0100] "GET /phpMyAdmin/scripts/setup.php HTTP/1.1" 404 333 "-" "ZmEu"
128.199.118.50 - - [26/Jan/2018:22:33:25 +0100] "GET /phpMyAdmin/scripts/setup.php HTTP/1.1" 404 333 "-" "ZmEu"
128.199.118.50 - - [26/Jan/2018:22:33:25 +0100] "GET /phpMyAdmin/scripts/setup.php HTTP/1.1" 404 333 "-" "ZmEu"
128.199.118.50 - - [26/Jan/2018:22:33:25 +0100] "GET /phpmyadmin/scripts/setup.php HTTP/1.1" 404 333 "-" "ZmEu"
128.199.118.50 - - [26/Jan/2018:22:33:25 +0100] "GET /phpmyadmin/scripts/setup.php HTTP/1.1" 404 333 "-" "ZmEu"
128.199.118.50 - - [26/Jan/2018:22:33:25 +0100] "GET /phpmyadmin/scripts/setup.php HTTP/1.1" 404 333 "-" "ZmEu"
128.199.118.50 - - [26/Jan/2018:22:33:26 +0100] "GET /pma/scripts/setup.php HTTP/1.1" 404 326 "-" "ZmEu"
128.199.118.50 - - [26/Jan/2018:22:33:26 +0100] "GET /pma/scripts/setup.php HTTP/1.1" 404 326 "-" "ZmEu"
128.199.118.50 - - [26/Jan/2018:22:33:26 +0100] "GET /pma/scripts/setup.php HTTP/1.1" 404 326 "-" "ZmEu"
128.199.118.50 - - [26/Jan/2018:22:33:26 +0100] "GET /myadmin/scripts/setup.php HTTP/1.1" 404 330 "-" "ZmEu"
128.199.118.50 - - [26/Jan/2018:22:33:26 +0100] "GET /myadmin/scripts/setup.php HTTP/1.1" 404 330 "-" "ZmEu"
128.199.118.50 - - [26/Jan/2018:22:33:26 +0100] "GET /myadmin/scripts/setup.php HTTP/1.1" 404 330 "-" "ZmEu"
128.199.118.50 - - [26/Jan/2018:22:33:27 +0100] "GET /MyAdmin/scripts/setup.php HTTP/1.1" 404 330 "-" "ZmEu"
128.199.118.50 - - [26/Jan/2018:22:33:27 +0100] "GET /MyAdmin/scripts/setup.php HTTP/1.1" 404 330 "-" "ZmEu"
128.199.118.50 - - [26/Jan/2018:22:33:27 +0100] "GET /MyAdmin/scripts/setup.php HTTP/1.1" 404 330 "-" "ZmEu"
164.132.91.1 - - [26/Jan/2018:22:54:41 +0100] "GET / HTTP/1.1" 200 1229 "-" "Windows NT 6.1; WOW64; Trident/5.0; FunWebProducts)"
94.177.238.191 - - [26/Jan/2018:23:07:21 +0100] "GET / HTTP/1.1" 200 1229 "-" "libwww-perl/6.31"
94.177.238.191 - - [26/Jan/2018:23:29:00 +0100] "GET / HTTP/1.1" 200 1229 "-" "libwww-perl/6.31"
164.132.91.1 - - [26/Jan/2018:23:34:58 +0100] "GET / HTTP/1.1" 200 1229 "-" "Version/12.16"
77.72.83.110 - - [27/Jan/2018:00:22:18 +0100] "\x03" 501 316 "-" "-"
77.72.83.110 - - [27/Jan/2018:00:22:18 +0100] "\x03" 501 316 "-" "-"
128.232.21.75 - - [27/Jan/2018:00:24:15 +0100] "GET /. HTTP/0.0" 200 1229 "-" "-"
77.72.83.110 - - [27/Jan/2018:00:27:50 +0100] "\x03" 501 316 "-" "-"
77.72.83.110 - - [27/Jan/2018:00:27:50 +0100] "\x03" 501 316 "-" "-"
77.72.83.110 - - [27/Jan/2018:00:39:52 +0100] "\x03" 501 316 "-" "-"
77.72.83.110 - - [27/Jan/2018:00:39:52 +0100] "\x03" 501 316 "-" "-"
77.72.83.110 - - [27/Jan/2018:00:47:18 +0100] "\x03" 501 316 "-" "-"
77.72.83.110 - - [27/Jan/2018:00:47:18 +0100] "\x03" 501 316 "-" "-"
158.69.87.231 - - [27/Jan/2018:01:00:11 +0100] "GET /phpmyadmin/index.php HTTP/1.1" 404 325 "-" "python-requests/2.7.0 CPython/2.7.14 Windows/2008ServerR2"
158.69.87.231 - - [27/Jan/2018:01:00:16 +0100] "GET /phpmyadmin/index.php HTTP/1.1" 404 325 "-" "python-requests/2.7.0 CPython/2.7.14 Windows/2008ServerR2"
158.69.87.231 - - [27/Jan/2018:01:00:16 +0100] "GET /phpmyadmin/index.php HTTP/1.1" 404 325 "-" "python-requests/2.7.0 CPython/2.7.14 Windows/2008ServerR2"
158.69.87.231 - - [27/Jan/2018:01:00:26 +0100] "GET /phpmyadmin/index.php HTTP/1.1" 404 325 "-" "python-requests/2.7.0 CPython/2.7.14 Windows/2008ServerR2"
158.69.87.231 - - [27/Jan/2018:01:00:30 +0100] "GET /phpmyadmin/index.php HTTP/1.1" 404 325 "-" "python-requests/2.7.0 CPython/2.7.14 Windows/2008ServerR2"
158.69.87.231 - - [27/Jan/2018:01:00:54 +0100] "GET /phpmyadmin/index.php HTTP/1.1" 404 325 "-" "python-requests/2.7.0 CPython/2.7.14 Windows/2008ServerR2"
158.69.87.231 - - [27/Jan/2018:01:01:02 +0100] "GET /phpmyadmin/index.php HTTP/1.1" 404 325 "-" "python-requests/2.7.0 CPython/2.7.14 Windows/2008ServerR2"
158.69.87.231 - - [27/Jan/2018:01:01:02 +0100] "GET /phpmyadmin/index.php HTTP/1.1" 404 325 "-" "python-requests/2.7.0 CPython/2.7.14 Windows/2008ServerR2"
158.69.87.231 - - [27/Jan/2018:01:01:50 +0100] "GET /phpmyadmin/index.php HTTP/1.1" 404 325 "-" "python-requests/2.7.0 CPython/2.7.14 Windows/2008ServerR2"
158.69.87.231 - - [27/Jan/2018:01:01:53 +0100] "GET /phpmyadmin/index.php HTTP/1.1" 404 325 "-" "python-requests/2.7.0 CPython/2.7.14 Windows/2008ServerR2"
77.72.83.110 - - [27/Jan/2018:01:30:54 +0100] "\x03" 501 316 "-" "-"
77.72.83.110 - - [27/Jan/2018:01:30:54 +0100] "\x03" 501 316 "-" "-"
77.72.83.110 - - [27/Jan/2018:01:32:35 +0100] "\x03" 501 316 "-" "-"
77.72.83.110 - - [27/Jan/2018:01:32:35 +0100] "\x03" 501 316 "-" "-"
77.72.83.110 - - [27/Jan/2018:01:33:07 +0100] "\x03" 501 316 "-" "-"
77.72.83.110 - - [27/Jan/2018:01:33:07 +0100] "\x03" 501 316 "-" "-"
66.249.79.25 - - [27/Jan/2018:01:50:20 +0100] "GET /robots.txt HTTP/1.1" 404 330 "-" "Mozilla/5.0 (compatible; Googlebot/2.1; +http://www.google.com/bot.html)"
66.249.79.25 - - [27/Jan/2018:01:50:20 +0100] "GET / HTTP/1.1" 200 1229 "-" "Mozilla/5.0 (Linux; Android 6.0.1; Nexus 5X Build/MMB29P) AppleWebKit/537.36 (KHTML, like Gecko) Chrome/41.0.2272.96 Mobile Safari/537.36 (compatible; Googlebot/2.1; +http://www.google.com/bot.html)"
82.208.160.181 - - [27/Jan/2018:02:14:17 +0100] "GET /referenzen.html HTTP/1.1" 400 6202 "-" "-"
141.8.141.131 - - [27/Jan/2018:02:14:27 +0100] "GET /robots.txt HTTP/1.1" 404 323 "-" "Mozilla/5.0 (compatible; YandexBot/3.0; +http://yandex.com/bots)"
141.8.141.131 - - [27/Jan/2018:02:14:31 +0100] "GET /favicon.ico HTTP/1.1" 404 324 "-" "Mozilla/5.0 (compatible; YandexBot/3.0; +http://yandex.com/bots)"
82.208.160.181 - - [27/Jan/2018:02:14:53 +0100] "GET /leistungen.html HTTP/1.1" 400 4744 "-" "-"
82.208.160.181 - - [27/Jan/2018:02:24:19 +0100] "GET /seiten/impr.htm HTTP/1.1" 400 7704 "-" "-"
66.249.79.25 - - [27/Jan/2018:02:38:19 +0100] "GET / HTTP/1.1" 200 1229 "-" "Mozilla/5.0 (compatible; Googlebot/2.1; +http://www.google.com/bot.html)"
66.249.79.21 - - [27/Jan/2018:02:52:45 +0100] "GET /favicon.ico HTTP/1.1" 404 331 "-" "Googlebot-Image/1.0"
77.72.83.110 - - [27/Jan/2018:02:55:26 +0100] "\x03" 501 316 "-" "-"
77.72.83.110 - - [27/Jan/2018:02:55:26 +0100] "\x03" 501 316 "-" "-"
162.210.196.130 - - [27/Jan/2018:03:06:42 +0100] "GET /robots.txt HTTP/1.1" 404 330 "-" "Mozilla/5.0 (compatible; MJ12bot/v1.4.8; http://mj12bot.com/)"
162.210.196.130 - - [27/Jan/2018:03:06:46 +0100] "GET / HTTP/1.1" 200 1229 "-" "Mozilla/5.0 (compatible; MJ12bot/v1.4.8; http://mj12bot.com/)"
141.8.141.131 - - [27/Jan/2018:03:07:14 +0100] "GET /robots.txt HTTP/1.1" 404 330 "-" "Mozilla/5.0 (compatible; YandexBot/3.0; +http://yandex.com/bots)"
141.8.141.131 - - [27/Jan/2018:03:07:18 +0100] "GET / HTTP/1.1" 200 1229 "-" "Mozilla/5.0 (compatible; YandexBot/3.0; +http://yandex.com/bots)"
61.224.197.116 - - [27/Jan/2018:03:07:46 +0100] "GET / HTTP/1.1" 200 1229 "-" "User-Agent:Mozilla/4.0 (compatible; MSIE 6.0; Windows NT 5.2; .NET CLR 1.0.3705"
61.224.197.116 - - [27/Jan/2018:03:07:46 +0100] "GET / HTTP/1.1" 200 1229 "-" "User-Agent:Mozilla/4.0 (compatible; MSIE 6.0; Windows NT 5.2; .NET CLR 1.0.3705"
61.224.197.116 - - [27/Jan/2018:03:07:46 +0100] "GET / HTTP/1.1" 200 1229 "-" "User-Agent:Mozilla/4.0 (compatible; MSIE 6.0; Windows NT 5.2; .NET CLR 1.0.3705"
61.224.197.116 - - [27/Jan/2018:03:07:46 +0100] "GET / HTTP/1.1" 200 1229 "-" "User-Agent:Mozilla/4.0 (compatible; MSIE 6.0; Windows NT 5.2; .NET CLR 1.0.3705"
61.224.197.116 - - [27/Jan/2018:03:07:46 +0100] "GET / HTTP/1.1" 200 1229 "-" "User-Agent:Mozilla/4.0 (compatible; MSIE 6.0; Windows NT 5.2; .NET CLR 1.0.3705"
61.224.197.116 - - [27/Jan/2018:03:07:46 +0100] "GET / HTTP/1.1" 200 1229 "-" "User-Agent:Mozilla/4.0 (compatible; MSIE 6.0; Windows NT 5.2; .NET CLR 1.0.3705"
61.224.197.116 - - [27/Jan/2018:03:07:46 +0100] "GET / HTTP/1.1" 200 1229 "-" "User-Agent:Mozilla/4.0 (compatible; MSIE 6.0; Windows NT 5.2; .NET CLR 1.0.3705"
61.224.197.116 - - [27/Jan/2018:03:07:46 +0100] "GET /index.action HTTP/1.1" 404 317 "-" "Mozilla/5.0 (Macintosh; Intel Mac OS X 10_12_3) AppleWebKit/537.36 (KHTML, like Gecko) Chrome/56.0.2924.87 Safari/537.36"
61.224.197.116 - - [27/Jan/2018:03:07:46 +0100] "GET /index.action HTTP/1.1" 404 317 "-" "Mozilla/5.0 (Macintosh; Intel Mac OS X 10_12_3) AppleWebKit/537.36 (KHTML, like Gecko) Chrome/56.0.2924.87 Safari/537.36"
61.224.197.116 - - [27/Jan/2018:03:07:46 +0100] "GET /index.action HTTP/1.1" 404 317 "-" "Mozilla/5.0 (Macintosh; Intel Mac OS X 10_12_3) AppleWebKit/537.36 (KHTML, like Gecko) Chrome/56.0.2924.87 Safari/537.36"
61.224.197.116 - - [27/Jan/2018:03:07:46 +0100] "GET /index.action HTTP/1.1" 404 317 "-" "Mozilla/5.0 (Macintosh; Intel Mac OS X 10_12_3) AppleWebKit/537.36 (KHTML, like Gecko) Chrome/56.0.2924.87 Safari/537.36"
61.224.197.116 - - [27/Jan/2018:03:07:46 +0100] "GET /index.action HTTP/1.1" 404 317 "-" "Mozilla/5.0 (Macintosh; Intel Mac OS X 10_12_3) AppleWebKit/537.36 (KHTML, like Gecko) Chrome/56.0.2924.87 Safari/537.36"
61.224.197.116 - - [27/Jan/2018:03:07:46 +0100] "GET /index.action HTTP/1.1" 404 317 "-" "Mozilla/5.0 (Macintosh; Intel Mac OS X 10_12_3) AppleWebKit/537.36 (KHTML, like Gecko) Chrome/56.0.2924.87 Safari/537.36"
61.224.197.116 - - [27/Jan/2018:03:07:46 +0100] "GET /index.action HTTP/1.1" 404 317 "-" "Mozilla/5.0 (Macintosh; Intel Mac OS X 10_12_3) AppleWebKit/537.36 (KHTML, like Gecko) Chrome/56.0.2924.87 Safari/537.36"
77.72.83.110 - - [27/Jan/2018:03:24:37 +0100] "\x03" 501 316 "-" "-"
77.72.83.110 - - [27/Jan/2018:03:24:37 +0100] "\x03" 501 316 "-" "-"
77.72.83.110 - - [27/Jan/2018:03:32:23 +0100] "\x03" 501 316 "-" "-"
77.72.83.110 - - [27/Jan/2018:03:32:24 +0100] "\x03" 501 316 "-" "-"
64.90.40.102 - - [27/Jan/2018:03:53:51 +0100] "GET /wordpress/wp-admin/install.php HTTP/1.1" 404 335 "-" "libwww-perl/6.05"
66.249.79.8 - - [27/Jan/2018:04:26:20 +0100] "GET /robots.txt HTTP/1.1" 404 323 "-" "Mozilla/5.0 (compatible; Googlebot/2.1; +http://www.google.com/bot.html)"
66.249.79.10 - - [27/Jan/2018:04:26:20 +0100] "GET / HTTP/1.1" 200 1229 "-" "Mozilla/5.0 (compatible; Googlebot/2.1; +http://www.google.com/bot.html)"
80.82.77.139 - - [27/Jan/2018:04:59:09 +0100] "GET / HTTP/1.1" 200 1229 "-" "Mozilla/5.0 (Windows NT 6.1) AppleWebKit/537.36 (KHTML, like Gecko) Chrome/41.0.2228.0 Safari/537.36"
80.82.77.139 - - [27/Jan/2018:04:59:09 +0100] "GET /robots.txt HTTP/1.1" 404 315 "-" "-"
80.82.77.139 - - [27/Jan/2018:04:59:09 +0100] "GET /sitemap.xml HTTP/1.1" 404 316 "-" "-"
80.82.77.139 - - [27/Jan/2018:04:59:10 +0100] "GET /favicon.ico HTTP/1.1" 404 316 "-" "python-requests/2.13.0"
185.60.133.78 - - [27/Jan/2018:05:51:51 +0100] "GET /muieblackcat HTTP/1.1" 404 317 "-" "-"
185.60.133.78 - - [27/Jan/2018:05:51:51 +0100] "GET //phpMyAdmin/scripts/setup.php HTTP/1.1" 404 333 "-" "-"
185.60.133.78 - - [27/Jan/2018:05:51:53 +0100] "GET //phpmyadmin/scripts/setup.php HTTP/1.1" 404 333 "-" "-"
185.60.133.78 - - [27/Jan/2018:05:51:53 +0100] "GET //pma/scripts/setup.php HTTP/1.1" 404 326 "-" "-"
185.60.133.78 - - [27/Jan/2018:05:51:57 +0100] "GET //MyAdmin/scripts/setup.php HTTP/1.1" 404 330 "-" "-"
138.201.30.66 - - [27/Jan/2018:06:49:03 +0100] "GET /robots.txt HTTP/1.0" 404 330 "-" "Mozilla/5.0 (compatible; SEOkicks-Robot; +http://www.seokicks.de/robot.html)"
138.201.30.66 - - [27/Jan/2018:06:49:04 +0100] "GET / HTTP/1.0" 200 1229 "-" "Mozilla/5.0 (compatible; SEOkicks-Robot; +http://www.seokicks.de/robot.html)"
71.6.202.198 - - [27/Jan/2018:06:53:29 +0100] "GET /ccvv HTTP/1.1" 404 309 "-" "Mozilla/5.0 (compatible; MSIE 9.0; Windows NT 6.1; WOW64)"
71.6.202.198 - - [27/Jan/2018:06:53:55 +0100] "GET /ccvv HTTP/1.1" 404 309 "-" "Mozilla/5.0 (compatible; MSIE 9.0; Windows NT 6.1; WOW64)"
71.6.202.198 - - [27/Jan/2018:07:00:27 +0100] "GET /ccvv HTTP/1.1" 404 309 "-" "Mozilla/5.0 (compatible; MSIE 9.0; Windows NT 6.1; WOW64)"
71.6.202.198 - - [27/Jan/2018:07:01:43 +0100] "GET /ccvv HTTP/1.1" 404 309 "-" "Mozilla/5.0 (compatible; MSIE 9.0; Windows NT 6.1; WOW64)"
139.162.114.70 - - [27/Jan/2018:07:02:33 +0100] "GET / HTTP/1.1" 200 1229 "-" "Mozilla/5.0 (Windows NT 10.0; WOW64) AppleWebKit/537.36 (KHTML, like Gecko) Chrome/50.0.2661.102 Safari/537.36"
139.162.114.70 - - [27/Jan/2018:07:03:46 +0100] "GET / HTTP/1.1" 200 1229 "-" "Mozilla/5.0 (Windows NT 10.0; WOW64) AppleWebKit/537.36 (KHTML, like Gecko) Chrome/50.0.2661.102 Safari/537.36"
71.6.202.198 - - [27/Jan/2018:07:07:46 +0100] "GET /ccvv HTTP/1.1" 404 309 "-" "Mozilla/5.0 (compatible; MSIE 9.0; Windows NT 6.1; WOW64)"
71.6.202.198 - - [27/Jan/2018:07:22:10 +0100] "GET /ccvv HTTP/1.1" 404 309 "-" "Mozilla/5.0 (compatible; MSIE 9.0; Windows NT 6.1; WOW64)"
71.6.202.198 - - [27/Jan/2018:07:49:18 +0100] "GET /ccvv HTTP/1.1" 404 309 "-" "Mozilla/5.0 (compatible; MSIE 9.0; Windows NT 6.1; WOW64)"
71.6.202.198 - - [27/Jan/2018:08:00:48 +0100] "GET /ccvv HTTP/1.1" 404 309 "-" "Mozilla/5.0 (compatible; MSIE 9.0; Windows NT 6.1; WOW64)"
71.6.202.198 - - [27/Jan/2018:08:16:52 +0100] "GET /ccvv HTTP/1.1" 404 309 "-" "Mozilla/5.0 (compatible; MSIE 9.0; Windows NT 6.1; WOW64)"
71.6.202.198 - - [27/Jan/2018:08:34:09 +0100] "GET /ccvv HTTP/1.1" 404 309 "-" "Mozilla/5.0 (compatible; MSIE 9.0; Windows NT 6.1; WOW64)"
139.162.114.70 - - [27/Jan/2018:08:54:17 +0100] "GET / HTTP/1.1" 200 1229 "-" "Mozilla/5.0 (Windows NT 10.0; WOW64) AppleWebKit/537.36 (KHTML, like Gecko) Chrome/50.0.2661.102 Safari/537.36"
139.59.255.99 - - [27/Jan/2018:08:54:19 +0100] "HEAD /static/UI_win7/js/login.js HTTP/1.1" 404 - "-" "Mozilla/5.0 (Macintosh; Intel Mac OS X 10.13; rv:58.0) Gecko/20100101 Firefox/58.0"
46.229.164.101 - - [27/Jan/2018:09:24:38 +0100] "GET /robots.txt HTTP/1.1" 404 330 "-" "Mozilla/5.0 (compatible; SemrushBot/1.2~bl; +http://www.semrush.com/bot.html)"
139.59.255.112 - - [27/Jan/2018:09:26:12 +0100] "HEAD /static/UI_win7/js/login.js HTTP/1.1" 404 - "-" "Mozilla/5.0 (Macintosh; Intel Mac OS X 10.13; rv:58.0) Gecko/20100101 Firefox/58.0"
159.65.0.143 - - [27/Jan/2018:09:36:49 +0100] "HEAD /static/UI_win7/js/login.js HTTP/1.1" 404 - "-" "Mozilla/5.0 (Macintosh; Intel Mac OS X 10.13; rv:58.0) Gecko/20100101 Firefox/58.0"
159.65.0.30 - - [27/Jan/2018:09:46:14 +0100] "HEAD /static/UI_win7/js/login.js HTTP/1.1" 404 - "-" "Mozilla/5.0 (Macintosh; Intel Mac OS X 10.13; rv:58.0) Gecko/20100101 Firefox/58.0"
139.227.164.237 - - [27/Jan/2018:10:24:42 +0100] "GET / HTTP/1.0" 200 1229 "-" "-"
188.166.222.19 - - [27/Jan/2018:10:31:54 +0100] "HEAD /static/UI_win7/js/login.js HTTP/1.1" 404 - "-" "Mozilla/5.0 (Macintosh; Intel Mac OS X 10.13; rv:58.0) Gecko/20100101 Firefox/58.0"
164.52.24.140 - - [27/Jan/2018:10:36:09 +0100] "\x16\x03\x01\x01\"\x01" 501 326 "-" "-"
164.52.24.140 - - [27/Jan/2018:10:36:16 +0100] "USER test +iw test :Test Wuz Here" 400 329 "-" "-"
164.52.24.140 - - [27/Jan/2018:10:36:19 +0100] "GET / HTTP/1.1" 200 1229 "-" "Mozilla/5.0 (Windows NT 6.1; WOW64; rv:52.0) Gecko/20100101 Firefox/52.0"
188.166.208.40 - - [27/Jan/2018:10:42:10 +0100] "HEAD /static/UI_win7/js/login.js HTTP/1.1" 404 - "-" "Mozilla/5.0 (Macintosh; Intel Mac OS X 10.13; rv:58.0) Gecko/20100101 Firefox/58.0"
188.166.179.156 - - [27/Jan/2018:11:11:47 +0100] "HEAD /static/UI_win7/js/login.js HTTP/1.1" 404 - "-" "Mozilla/5.0 (Macintosh; Intel Mac OS X 10.13; rv:58.0) Gecko/20100101 Firefox/58.0"
64.90.40.102 - - [27/Jan/2018:11:18:37 +0100] "GET /wordpress/wp-admin/install.php HTTP/1.1" 404 335 "-" "libwww-perl/6.05"
188.166.179.244 - - [27/Jan/2018:11:18:52 +0100] "HEAD /static/UI_win7/js/login.js HTTP/1.1" 404 - "-" "Mozilla/5.0 (Macintosh; Intel Mac OS X 10.13; rv:58.0) Gecko/20100101 Firefox/58.0"
188.166.179.56 - - [27/Jan/2018:11:40:58 +0100] "HEAD /static/UI_win7/js/login.js HTTP/1.1" 404 - "-" "Mozilla/5.0 (Macintosh; Intel Mac OS X 10.13; rv:58.0) Gecko/20100101 Firefox/58.0"
94.177.238.191 - - [27/Jan/2018:12:01:37 +0100] "GET / HTTP/1.1" 200 1229 "-" "libwww-perl/6.31"
164.52.24.140 - - [27/Jan/2018:12:03:02 +0100] "\x16\x03\x01\x01\"\x01" 501 326 "-" "-"
164.52.24.140 - - [27/Jan/2018:12:03:09 +0100] "USER test +iw test :Test Wuz Here" 400 329 "-" "-"
164.52.24.140 - - [27/Jan/2018:12:03:12 +0100] "GET / HTTP/1.1" 200 1229 "-" "Mozilla/5.0 (Windows NT 6.1; WOW64; rv:52.0) Gecko/20100101 Firefox/52.0"
88.107.121.7 - - [27/Jan/2018:13:02:00 +0100] "O" 501 316 "-" "-"
88.107.121.7 - - [27/Jan/2018:13:02:01 +0100] "POST / HTTP/1.1" 200 1229 "-" "Mozilla/5.0 (Windows NT 10.0; WOW64; Trident/7.0; rv:11.0) like Gecko"
88.107.121.7 - - [27/Jan/2018:13:04:01 +0100] "POST / HTTP/1.1" 200 1229 "-" "Mozilla/5.0 (Windows NT 10.0; WOW64; Trident/7.0; Touch; rv:11.0) like Gecko"
88.107.121.7 - - [27/Jan/2018:13:06:01 +0100] "POST / HTTP/1.1" 200 1229 "-" "Mozilla/5.0 (Windows NT 10.0; WOW64; Trident/7.0; Touch; rv:11.0) like Gecko"
88.107.121.7 - - [27/Jan/2018:13:08:02 +0100] "POST / HTTP/1.1" 200 1229 "-" "Mozilla/5.0 (Windows NT 10.0; WOW64; Trident/7.0; Touch; rv:11.0) like Gecko"
88.107.121.7 - - [27/Jan/2018:13:10:02 +0100] "POST / HTTP/1.1" 200 1229 "-" "Mozilla/5.0 (Windows NT 10.0; WOW64; Trident/7.0; Touch; rv:11.0) like Gecko"
88.107.121.7 - - [27/Jan/2018:13:12:02 +0100] "POST / HTTP/1.1" 200 1229 "-" "Mozilla/5.0 (Windows NT 10.0; WOW64; Trident/7.0; Touch; rv:11.0) like Gecko"
139.59.255.99 - - [27/Jan/2018:13:12:22 +0100] "GET /static/UI_win7/js/login.js HTTP/1.1" 404 331 "-" "Mozilla/5.0 (Macintosh; Intel Mac OS X 10.13; rv:58.0) Gecko/20100101 Firefox/58.0"
88.107.121.7 - - [27/Jan/2018:13:14:03 +0100] "POST / HTTP/1.1" 200 1229 "-" "Mozilla/5.0 (Windows NT 10.0; WOW64; Trident/7.0; Touch; rv:11.0) like Gecko"
88.107.121.7 - - [27/Jan/2018:13:16:06 +0100] "POST / HTTP/1.1" 200 1229 "-" "Mozilla/5.0 (Windows NT 10.0; WOW64; Trident/7.0; Touch; rv:11.0) like Gecko"
88.107.121.7 - - [27/Jan/2018:13:18:06 +0100] "POST / HTTP/1.1" 200 1229 "-" "Mozilla/5.0 (Windows NT 10.0; WOW64; Trident/7.0; Touch; rv:11.0) like Gecko"
88.107.121.7 - - [27/Jan/2018:13:20:06 +0100] "POST / HTTP/1.1" 200 1229 "-" "Mozilla/5.0 (Windows NT 10.0; WOW64; Trident/7.0; Touch; rv:11.0) like Gecko"
88.107.121.7 - - [27/Jan/2018:13:22:07 +0100] "POST / HTTP/1.1" 200 1229 "-" "Mozilla/5.0 (Windows NT 10.0; WOW64; Trident/7.0; Touch; rv:11.0) like Gecko"
88.107.121.7 - - [27/Jan/2018:13:24:07 +0100] "POST / HTTP/1.1" 200 1229 "-" "Mozilla/5.0 (Windows NT 10.0; WOW64; Trident/7.0; Touch; rv:11.0) like Gecko"
88.107.121.7 - - [27/Jan/2018:13:26:07 +0100] "POST / HTTP/1.1" 200 1229 "-" "Mozilla/5.0 (Windows NT 10.0; WOW64; Trident/7.0; Touch; rv:11.0) like Gecko"
88.107.121.7 - - [27/Jan/2018:13:28:07 +0100] "POST / HTTP/1.1" 200 1229 "-" "Mozilla/5.0 (Windows NT 10.0; WOW64; Trident/7.0; Touch; rv:11.0) like Gecko"
88.107.121.7 - - [27/Jan/2018:13:30:07 +0100] "POST / HTTP/1.1" 200 1229 "-" "Mozilla/5.0 (Windows NT 10.0; WOW64; Trident/7.0; Touch; rv:11.0) like Gecko"
88.107.121.7 - - [27/Jan/2018:13:32:08 +0100] "POST / HTTP/1.1" 200 1229 "-" "Mozilla/5.0 (Windows NT 10.0; WOW64; Trident/7.0; Touch; rv:11.0) like Gecko"
88.107.121.7 - - [27/Jan/2018:13:34:08 +0100] "POST / HTTP/1.1" 200 1229 "-" "Mozilla/5.0 (Windows NT 10.0; WOW64; Trident/7.0; Touch; rv:11.0) like Gecko"
88.107.121.7 - - [27/Jan/2018:13:36:08 +0100] "POST / HTTP/1.1" 200 1229 "-" "Mozilla/5.0 (Windows NT 10.0; WOW64; Trident/7.0; Touch; rv:11.0) like Gecko"
164.52.24.140 - - [27/Jan/2018:13:37:41 +0100] "\x16\x03\x01\x01\"\x01" 501 326 "-" "-"
164.52.24.140 - - [27/Jan/2018:13:37:48 +0100] "USER test +iw test :Test Wuz Here" 400 329 "-" "-"
164.52.24.140 - - [27/Jan/2018:13:37:51 +0100] "GET / HTTP/1.1" 200 1229 "-" "Mozilla/5.0 (Windows NT 6.1; WOW64; rv:52.0) Gecko/20100101 Firefox/52.0"
88.107.121.7 - - [27/Jan/2018:13:38:09 +0100] "POST / HTTP/1.1" 200 1229 "-" "Mozilla/5.0 (Windows NT 10.0; WOW64; Trident/7.0; Touch; rv:11.0) like Gecko"
88.107.121.7 - - [27/Jan/2018:13:40:09 +0100] "POST / HTTP/1.1" 200 1229 "-" "Mozilla/5.0 (Windows NT 10.0; WOW64; Trident/7.0; Touch; rv:11.0) like Gecko"
88.107.121.7 - - [27/Jan/2018:13:42:09 +0100] "POST / HTTP/1.1" 200 1229 "-" "Mozilla/5.0 (Windows NT 10.0; WOW64; Trident/7.0; Touch; rv:11.0) like Gecko"
88.107.121.7 - - [27/Jan/2018:13:44:10 +0100] "POST / HTTP/1.1" 200 1229 "-" "Mozilla/5.0 (Windows NT 10.0; WOW64; Trident/7.0; Touch; rv:11.0) like Gecko"
139.59.255.112 - - [27/Jan/2018:13:44:43 +0100] "GET /static/UI_win7/js/login.js HTTP/1.1" 404 331 "-" "Mozilla/5.0 (Macintosh; Intel Mac OS X 10.13; rv:58.0) Gecko/20100101 Firefox/58.0"
88.107.121.7 - - [27/Jan/2018:13:46:10 +0100] "POST / HTTP/1.1" 200 1229 "-" "Mozilla/5.0 (Windows NT 10.0; WOW64; Trident/7.0; Touch; rv:11.0) like Gecko"
183.129.160.229 - - [27/Jan/2018:13:47:24 +0100] "GET / HTTP/1.1" 200 1229 "-" "Mozilla/5.0 (Macintosh; Intel Mac OS X 10.11; rv:47.0) Gecko/20100101 Firefox/47.0"
88.107.121.7 - - [27/Jan/2018:13:48:11 +0100] "POST / HTTP/1.1" 200 1229 "-" "Mozilla/5.0 (Windows NT 10.0; WOW64; Trident/7.0; Touch; rv:11.0) like Gecko"
88.107.121.7 - - [27/Jan/2018:13:50:11 +0100] "POST / HTTP/1.1" 200 1229 "-" "Mozilla/5.0 (Windows NT 10.0; WOW64; Trident/7.0; Touch; rv:11.0) like Gecko"
66.240.205.34 - - [27/Jan/2018:13:50:45 +0100] "Gh0st\xad" 501 321 "-" "-"
88.107.121.7 - - [27/Jan/2018:13:52:11 +0100] "POST / HTTP/1.1" 200 1229 "-" "Mozilla/5.0 (Windows NT 10.0; WOW64; Trident/7.0; Touch; rv:11.0) like Gecko"
88.107.121.7 - - [27/Jan/2018:13:54:11 +0100] "POST / HTTP/1.1" 200 1229 "-" "Mozilla/5.0 (Windows NT 10.0; WOW64; Trident/7.0; Touch; rv:11.0) like Gecko"
183.129.160.229 - - [27/Jan/2018:13:55:55 +0100] "GET / HTTP/1.1" 200 1229 "-" "Mozilla/5.0 (Macintosh; Intel Mac OS X 10.11; rv:47.0) Gecko/20100101 Firefox/47.0"
159.65.0.143 - - [27/Jan/2018:13:56:09 +0100] "GET /static/UI_win7/js/login.js HTTP/1.1" 404 331 "-" "Mozilla/5.0 (Macintosh; Intel Mac OS X 10.13; rv:58.0) Gecko/20100101 Firefox/58.0"
88.107.121.7 - - [27/Jan/2018:13:56:12 +0100] "POST / HTTP/1.1" 200 1229 "-" "Mozilla/5.0 (Windows NT 10.0; WOW64; Trident/7.0; Touch; rv:11.0) like Gecko"
183.129.160.229 - - [27/Jan/2018:13:56:16 +0100] "GET / HTTP/1.1" 200 1229 "-" "Mozilla/5.0 (Macintosh; Intel Mac OS X 10.11; rv:47.0) Gecko/20100101 Firefox/47.0"
88.107.121.7 - - [27/Jan/2018:13:58:12 +0100] "POST / HTTP/1.1" 200 1229 "-" "Mozilla/5.0 (Windows NT 10.0; WOW64; Trident/7.0; Touch; rv:11.0) like Gecko"
139.162.114.70 - - [27/Jan/2018:13:58:51 +0100] "GET / HTTP/1.1" 200 1229 "-" "Mozilla/5.0 (Windows NT 10.0; WOW64) AppleWebKit/537.36 (KHTML, like Gecko) Chrome/50.0.2661.102 Safari/537.36"
164.132.91.1 - - [27/Jan/2018:13:59:26 +0100] "GET / HTTP/1.1" 200 1229 "-" "Version/12.16"
88.107.121.7 - - [27/Jan/2018:14:00:12 +0100] "POST / HTTP/1.1" 200 1229 "-" "Mozilla/5.0 (Windows NT 10.0; WOW64; Trident/7.0; Touch; rv:11.0) like Gecko"
88.107.121.7 - - [27/Jan/2018:14:02:12 +0100] "POST / HTTP/1.1" 200 1229 "-" "Mozilla/5.0 (Windows NT 10.0; WOW64; Trident/7.0; Touch; rv:11.0) like Gecko"
88.107.121.7 - - [27/Jan/2018:14:04:12 +0100] "POST / HTTP/1.1" 200 1229 "-" "Mozilla/5.0 (Windows NT 10.0; WOW64; Trident/7.0; Touch; rv:11.0) like Gecko"
159.65.0.30 - - [27/Jan/2018:14:05:51 +0100] "GET /static/UI_win7/js/login.js HTTP/1.1" 404 331 "-" "Mozilla/5.0 (Macintosh; Intel Mac OS X 10.13; rv:58.0) Gecko/20100101 Firefox/58.0"
88.107.121.7 - - [27/Jan/2018:14:06:13 +0100] "POST / HTTP/1.1" 200 1229 "-" "Mozilla/5.0 (Windows NT 10.0; WOW64; Trident/7.0; Touch; rv:11.0) like Gecko"
88.107.121.7 - - [27/Jan/2018:14:08:13 +0100] "POST / HTTP/1.1" 200 1229 "-" "Mozilla/5.0 (Windows NT 10.0; WOW64; Trident/7.0; Touch; rv:11.0) like Gecko"
88.107.121.7 - - [27/Jan/2018:14:10:13 +0100] "POST / HTTP/1.1" 200 1229 "-" "Mozilla/5.0 (Windows NT 10.0; WOW64; Trident/7.0; Touch; rv:11.0) like Gecko"
188.166.222.19 - - [27/Jan/2018:14:54:28 +0100] "GET /static/UI_win7/js/login.js HTTP/1.1" 404 331 "-" "Mozilla/5.0 (Macintosh; Intel Mac OS X 10.13; rv:58.0) Gecko/20100101 Firefox/58.0"
188.166.208.40 - - [27/Jan/2018:15:04:22 +0100] "GET /static/UI_win7/js/login.js HTTP/1.1" 404 331 "-" "Mozilla/5.0 (Macintosh; Intel Mac OS X 10.13; rv:58.0) Gecko/20100101 Firefox/58.0"
188.166.179.156 - - [27/Jan/2018:15:36:42 +0100] "GET /static/UI_win7/js/login.js HTTP/1.1" 404 331 "-" "Mozilla/5.0 (Macintosh; Intel Mac OS X 10.13; rv:58.0) Gecko/20100101 Firefox/58.0"
188.166.179.244 - - [27/Jan/2018:15:41:19 +0100] "GET /static/UI_win7/js/login.js HTTP/1.1" 404 331 "-" "Mozilla/5.0 (Macintosh; Intel Mac OS X 10.13; rv:58.0) Gecko/20100101 Firefox/58.0"
188.166.179.56 - - [27/Jan/2018:16:04:22 +0100] "GET /static/UI_win7/js/login.js HTTP/1.1" 404 331 "-" "Mozilla/5.0 (Macintosh; Intel Mac OS X 10.13; rv:58.0) Gecko/20100101 Firefox/58.0"
164.52.24.140 - - [27/Jan/2018:16:05:36 +0100] "\x16\x03\x01\x01\"\x01" 501 326 "-" "-"
164.52.24.140 - - [27/Jan/2018:16:05:43 +0100] "USER test +iw test :Test Wuz Here" 400 329 "-" "-"
164.52.24.140 - - [27/Jan/2018:16:05:46 +0100] "GET / HTTP/1.1" 200 1229 "-" "Mozilla/5.0 (Windows NT 6.1; WOW64; rv:52.0) Gecko/20100101 Firefox/52.0"
70.58.197.59 - - [27/Jan/2018:17:00:24 +0100] "POST / HTTP/1.1" 200 1229 "-" "Mozilla/4.0 (compatible; MSIE 7.0; Windows NT 6.1; Trident/7.0; SLCC2; .NET CLR 2.0.50727; .NET CLR 3.5.30729; .NET CLR 3.0.30729; Media Center PC 6.0; .NET4.0C; .NET4.0E; Tablet PC 2.0)"
70.58.197.59 - - [27/Jan/2018:17:02:25 +0100] "POST / HTTP/1.1" 200 1229 "-" "Mozilla/4.0 (compatible; MSIE 7.0; Windows NT 6.1; Trident/7.0; SLCC2; .NET CLR 2.0.50727; .NET CLR 3.5.30729; .NET CLR 3.0.30729; Media Center PC 6.0; .NET4.0C; .NET4.0E; Tablet PC 2.0)"
188.166.176.236 - - [27/Jan/2018:17:04:11 +0100] "GET /static/UI_win7/js/login.js HTTP/1.1" 404 331 "-" "Mozilla/5.0 (Macintosh; Intel Mac OS X 10.13; rv:58.0) Gecko/20100101 Firefox/58.0"
70.58.197.59 - - [27/Jan/2018:17:04:27 +0100] "POST / HTTP/1.1" 200 1229 "-" "Mozilla/4.0 (compatible; MSIE 7.0; Windows NT 6.1; Trident/7.0; SLCC2; .NET CLR 2.0.50727; .NET CLR 3.5.30729; .NET CLR 3.0.30729; Media Center PC 6.0; .NET4.0C; .NET4.0E; Tablet PC 2.0)"
70.58.197.59 - - [27/Jan/2018:17:06:28 +0100] "POST / HTTP/1.1" 200 1229 "-" "Mozilla/4.0 (compatible; MSIE 7.0; Windows NT 6.1; Trident/7.0; SLCC2; .NET CLR 2.0.50727; .NET CLR 3.5.30729; .NET CLR 3.0.30729; Media Center PC 6.0; .NET4.0C; .NET4.0E; Tablet PC 2.0)"
70.58.197.59 - - [27/Jan/2018:17:08:31 +0100] "POST / HTTP/1.1" 200 1229 "-" "Mozilla/5.0 (Windows NT 6.1; Trident/7.0; rv:11.0) like Gecko"
164.132.91.1 - - [27/Jan/2018:17:23:14 +0100] "GET / HTTP/1.1" 200 1229 "-" "Iceweasel/15.0"
94.102.49.193 - - [27/Jan/2018:17:28:20 +0100] "GET / HTTP/1.1" 200 1229 "-" "Mozilla/5.0 (Windows NT 6.1) AppleWebKit/537.36 (KHTML, like Gecko) Chrome/41.0.2228.0 Safari/537.36"
94.102.49.193 - - [27/Jan/2018:17:28:26 +0100] "GET /robots.txt HTTP/1.1" 404 315 "-" "-"
94.102.49.193 - - [27/Jan/2018:17:28:44 +0100] "GET /favicon.ico HTTP/1.1" 404 316 "-" "python-requests/2.10.0"
181.214.150.119 - - [27/Jan/2018:18:16:57 +0100] "GET / HTTP/1.1" 200 1229 "-" "Java/1.6.0_04"
220.191.255.146 - - [27/Jan/2018:18:36:21 +0100] "GET /manager/html HTTP/1.1" 404 344 "-" "Mozilla/5.0 (compatible; MSIE 10.0; Windows NT 6.2; WOW64; Trident/6.0)"
220.191.255.147 - - [27/Jan/2018:18:36:21 +0100] "GET /manager/html HTTP/1.1" 404 344 "-" "Mozilla/5.0 (compatible; MSIE 10.0; Windows NT 6.2; WOW64; Trident/6.0)"
220.191.255.148 - - [27/Jan/2018:18:36:21 +0100] "GET /manager/html HTTP/1.1" 404 344 "-" "Mozilla/5.0 (compatible; MSIE 10.0; Windows NT 6.2; WOW64; Trident/6.0)"
220.191.255.150 - - [27/Jan/2018:18:36:21 +0100] "GET /manager/html HTTP/1.1" 404 344 "-" "Mozilla/5.0 (compatible; MSIE 10.0; Windows NT 6.2; WOW64; Trident/6.0)"
220.191.255.148 - - [27/Jan/2018:18:36:21 +0100] "GET /manager/html HTTP/1.1" 404 344 "-" "Mozilla/5.0 (compatible; MSIE 10.0; Windows NT 6.2; WOW64; Trident/6.0)"
220.191.255.151 - - [27/Jan/2018:18:36:21 +0100] "GET /manager/html HTTP/1.1" 404 344 "-" "Mozilla/5.0 (compatible; MSIE 10.0; Windows NT 6.2; WOW64; Trident/6.0)"
220.191.255.150 - - [27/Jan/2018:18:36:21 +0100] "GET /manager/html HTTP/1.1" 404 344 "-" "Mozilla/5.0 (compatible; MSIE 10.0; Windows NT 6.2; WOW64; Trident/6.0)"
220.191.255.145 - - [27/Jan/2018:18:36:21 +0100] "GET /manager/html HTTP/1.1" 404 344 "-" "Mozilla/5.0 (compatible; MSIE 10.0; Windows NT 6.2; WOW64; Trident/6.0)"
220.191.255.149 - - [27/Jan/2018:18:36:21 +0100] "GET /manager/html HTTP/1.1" 404 344 "-" "Mozilla/5.0 (compatible; MSIE 10.0; Windows NT 6.2; WOW64; Trident/6.0)"
139.162.114.70 - - [27/Jan/2018:18:38:50 +0100] "GET / HTTP/1.1" 200 1229 "-" "Mozilla/5.0 (Windows NT 10.0; WOW64) AppleWebKit/537.36 (KHTML, like Gecko) Chrome/50.0.2661.102 Safari/537.36"
164.132.91.1 - - [27/Jan/2018:19:05:29 +0100] "GET / HTTP/1.1" 200 1229 "-" "Mozilla/5.0 (Macintosh; Intel Mac OS X 10_9_2) AppleWebKit/537.36"
64.90.40.102 - - [27/Jan/2018:19:11:53 +0100] "GET /wordpress/wp-admin/install.php HTTP/1.1" 404 335 "-" "libwww-perl/6.05"
204.79.180.11 - - [27/Jan/2018:19:15:00 +0100] "GET / HTTP/1.1" 200 1229 "-" "Mozilla/5.0 (compatible; MSIE 9.0; Windows NT 6.0; Trident/5.0; Trident/5.0)"
191.100.8.218 - - [27/Jan/2018:19:15:41 +0100] "GET / HTTP/1.0" 200 1229 "-" "muhstik/1.0"
191.100.8.218 - - [27/Jan/2018:19:15:41 +0100] "GET / HTTP/1.0" 200 1229 "-" "muhstik/1.0"
191.100.8.218 - - [27/Jan/2018:19:15:41 +0100] "GET / HTTP/1.0" 200 1229 "-" "muhstik/1.0"
191.100.8.218 - - [27/Jan/2018:19:15:41 +0100] "GET / HTTP/1.0" 200 1229 "-" "muhstik/1.0"
191.100.8.218 - - [27/Jan/2018:19:15:41 +0100] "GET / HTTP/1.0" 200 1229 "-" "muhstik/1.0"
191.100.8.218 - - [27/Jan/2018:19:15:41 +0100] "GET / HTTP/1.0" 200 1229 "-" "muhstik/1.0"
