93.159.230.90 - - [10/Jan/2018:12:39:53 +0100] "GET / HTTP/1.1" 200 1229 "-" "Mozilla/5.0 (Windows NT 10.0; Win64; x64) AppleWebKit/537.36 (KHTML, like Gecko) Chrome/54.0.2840.71 Safari/537.36"
139.162.114.70 - - [10/Jan/2018:12:52:47 +0100] "GET / HTTP/1.1" 200 1229 "-" "Mozilla/5.0 (Windows NT 10.0; WOW64) AppleWebKit/537.36 (KHTML, like Gecko) Chrome/50.0.2661.102 Safari/537.36"
197.52.134.155 - - [10/Jan/2018:12:55:00 +0100] "GET / HTTP/1.1" 400 329 "-" "-"
178.73.215.171 - - [10/Jan/2018:13:11:57 +0100] "GET / HTTP/1.0" 200 1229 "-" "-"
178.73.215.171 - - [10/Jan/2018:13:35:28 +0100] "GET / HTTP/1.0" 200 1229 "-" "-"
168.1.128.35 - - [10/Jan/2018:13:41:10 +0100] "GET / HTTP/1.0" 200 1229 "-" "Mozilla/5.0(WindowsNT6.1;rv:31.0)Gecko/20100101Firefox/31.0"
107.170.96.6 - - [10/Jan/2018:13:41:12 +0100] "GET / HTTP/1.0" 200 1229 "212.91.246.83" "Mozilla/5.0 (Windows NT 6.1; WOW64; rv:33.0) Gecko/20100101 Firefox/33.0"
168.1.128.74 - - [10/Jan/2018:13:53:42 +0100] "GET / HTTP/1.0" 200 1229 "-" "Mozilla/5.0(WindowsNT6.1;rv:31.0)Gecko/20100101Firefox/31.0"
77.179.116.60 - - [10/Jan/2018:13:59:40 +0100] "GET / HTTP/1.1" 200 1229 "http://www.oberstufenzentrum.de/schulen/friedrich-list-schule" "Mozilla/5.0 (Windows NT 6.1; Win64; x64; rv:57.0) Gecko/20100101 Firefox/57.0"
77.179.116.60 - - [10/Jan/2018:13:59:40 +0100] "GET /favicon.ico HTTP/1.1" 404 331 "-" "Mozilla/5.0 (Windows NT 6.1; Win64; x64; rv:57.0) Gecko/20100101 Firefox/57.0"
39.113.15.44 - - [10/Jan/2018:14:11:23 +0100] "GET / HTTP/1.1" 400 329 "-" "-"
80.147.193.10 - - [10/Jan/2018:14:23:02 +0100] "GET / HTTP/1.1" 200 1229 "-" "Mozilla/5.0 (Windows NT 6.1; Win64; x64; rv:57.0) Gecko/20100101 Firefox/57.0"
80.147.193.10 - - [10/Jan/2018:14:23:03 +0100] "GET /favicon.ico HTTP/1.1" 404 331 "-" "Mozilla/5.0 (Windows NT 6.1; Win64; x64; rv:57.0) Gecko/20100101 Firefox/57.0"
80.147.193.10 - - [10/Jan/2018:14:23:03 +0100] "GET /favicon.ico HTTP/1.1" 404 331 "-" "Mozilla/5.0 (Windows NT 6.1; Win64; x64; rv:57.0) Gecko/20100101 Firefox/57.0"
172.104.108.109 - - [10/Jan/2018:14:26:14 +0100] "GET / HTTP/1.1" 200 1229 "-" "Mozilla/5.0"
91.200.12.196 - - [10/Jan/2018:14:41:08 +0100] "GET /wp-content/themes/ThisWay/includes/uploadify/upload_settings_image.php HTTP/1.1" 404 383 "http://www.hotelkleidung.com/wp-content/themes/ThisWay/includes/uploadify/upload_settings_image.php" "Mozilla/5.0 (Windows NT 6.1; WOW64) AppleWebKit/537.36 (KHTML, like Gecko) Chrome/42.0.2311.152 Safari/537.36"
178.73.215.171 - - [10/Jan/2018:14:42:26 +0100] "GET / HTTP/1.0" 200 1229 "-" "-"
178.73.215.171 - - [10/Jan/2018:14:44:15 +0100] "GET / HTTP/1.0" 200 1229 "-" "-"
87.147.151.14 - - [10/Jan/2018:14:48:48 +0100] "GET / HTTP/1.1" 200 1229 "-" "Mozilla/4.0 (compatible; MSIE 8.0; Windows NT 6.0; .NET CLR 1.1.4322)"
178.73.215.171 - - [10/Jan/2018:15:15:16 +0100] "GET / HTTP/1.0" 200 1229 "-" "-"
178.73.215.171 - - [10/Jan/2018:15:20:33 +0100] "GET / HTTP/1.0" 200 1229 "-" "-"
195.88.117.28 - - [10/Jan/2018:15:38:42 +0100] "GET / HTTP/1.1" 200 1229 "-" "Mozilla/5.0 (Windows NT 6.1; WOW64; Trident/7.0; rv:11.0) like Gecko"
195.88.117.28 - - [10/Jan/2018:15:38:43 +0100] "GET /favicon.ico HTTP/1.1" 404 331 "-" "Mozilla/5.0 (Windows NT 6.1; Win64; x64; Trident/7.0; rv:11.0) like Gecko"
52.27.2.86 - - [10/Jan/2018:15:40:13 +0100] "GET / HTTP/1.1" 200 1229 "-" "Mozilla/4.0 (compatible; MSIE 8.0; Windows NT 5.1; Trident/4.0)"
50.112.194.65 - - [10/Jan/2018:15:42:19 +0100] "GET /favicon.ico HTTP/1.1" 404 331 "-" "Mozilla/4.0 (compatible; MSIE 8.0; Windows NT 5.1; Trident/4.0)"
178.73.215.171 - - [10/Jan/2018:15:42:41 +0100] "GET / HTTP/1.0" 200 1229 "-" "-"
178.73.215.171 - - [10/Jan/2018:15:50:56 +0100] "GET / HTTP/1.0" 200 1229 "-" "-"
178.73.215.171 - - [10/Jan/2018:16:01:59 +0100] "GET / HTTP/1.0" 200 1229 "-" "-"
164.52.24.140 - - [10/Jan/2018:16:10:04 +0100] "\x16\x03\x01\x01\"\x01" 501 326 "-" "-"
164.52.24.140 - - [10/Jan/2018:16:10:11 +0100] "USER test +iw test :Test Wuz Here" 400 329 "-" "-"
164.52.24.140 - - [10/Jan/2018:16:10:14 +0100] "GET / HTTP/1.1" 200 1229 "-" "Mozilla/5.0 (Windows NT 6.1; WOW64; rv:52.0) Gecko/20100101 Firefox/52.0"
141.212.122.16 - - [10/Jan/2018:16:10:18 +0100] "GET / HTTP/1.1" 200 1229 "-" "Mozilla/5.0 zgrab/0.x"
178.73.215.171 - - [10/Jan/2018:16:11:36 +0100] "GET / HTTP/1.0" 200 1229 "-" "-"
66.249.79.10 - - [10/Jan/2018:16:12:38 +0100] "GET /robots.txt HTTP/1.1" 404 323 "-" "Mozilla/5.0 (compatible; Googlebot/2.1; +http://www.google.com/bot.html)"
66.249.79.12 - - [10/Jan/2018:16:12:38 +0100] "GET /service-bochum.html HTTP/1.1" 404 332 "-" "Mozilla/5.0 (compatible; Googlebot/2.1; +http://www.google.com/bot.html)"
45.32.36.112 - - [10/Jan/2018:16:17:54 +0100] "HEAD /wwwroot.zip HTTP/1.1" 404 - "-" "Mozilla/5.0 (Macintosh; Intel Mac OS X 10.13; rv:58.0) Gecko/20100101 Firefox/58.0"
139.162.114.70 - - [10/Jan/2018:17:29:12 +0100] "GET / HTTP/1.1" 200 1229 "-" "Mozilla/5.0 (Windows NT 10.0; WOW64) AppleWebKit/537.36 (KHTML, like Gecko) Chrome/50.0.2661.102 Safari/537.36"
141.212.122.16 - - [10/Jan/2018:17:38:59 +0100] "GET / HTTP/1.1" 200 1229 "-" "Mozilla/5.0 zgrab/0.x"
164.132.91.1 - - [10/Jan/2018:17:39:05 +0100] "GET / HTTP/1.1" 200 1229 "-" "Lynx/2.8.7pre.5 libwww-FM/2.14 SSL-MM/1.4.1"
45.76.193.113 - - [10/Jan/2018:17:47:42 +0100] "HEAD /wwwroot.zip HTTP/1.1" 404 - "-" "Mozilla/5.0 (Macintosh; Intel Mac OS X 10.13; rv:58.0) Gecko/20100101 Firefox/58.0"
157.55.39.6 - - [10/Jan/2018:18:30:34 +0100] "GET /robots.txt HTTP/1.1" 404 330 "-" "Mozilla/5.0 (compatible; bingbot/2.0; +http://www.bing.com/bingbot.htm)"
40.77.167.119 - - [10/Jan/2018:18:30:41 +0100] "GET / HTTP/1.1" 200 1229 "-" "Mozilla/5.0 (compatible; bingbot/2.0; +http://www.bing.com/bingbot.htm)"
40.77.167.119 - - [10/Jan/2018:18:30:47 +0100] "GET /robots.txt HTTP/1.1" 404 330 "-" "Mozilla/5.0 (compatible; bingbot/2.0; +http://www.bing.com/bingbot.htm)"
141.212.122.16 - - [10/Jan/2018:19:01:55 +0100] "GET / HTTP/1.1" 200 1229 "-" "Mozilla/5.0 zgrab/0.x"
217.238.45.71 - - [10/Jan/2018:19:02:16 +0100] "GET / HTTP/1.1" 200 1229 "http://www.oberstufenzentrum.de/schulen/friedrich-list-schule" "Mozilla/5.0 (Windows NT 10.0; Win64; x64; rv:57.0) Gecko/20100101 Firefox/57.0"
217.238.45.71 - - [10/Jan/2018:19:02:16 +0100] "GET /favicon.ico HTTP/1.1" 404 331 "-" "Mozilla/5.0 (Windows NT 10.0; Win64; x64; rv:57.0) Gecko/20100101 Firefox/57.0"
217.238.45.71 - - [10/Jan/2018:19:02:16 +0100] "GET /favicon.ico HTTP/1.1" 404 331 "-" "Mozilla/5.0 (Windows NT 10.0; Win64; x64; rv:57.0) Gecko/20100101 Firefox/57.0"
198.27.68.39 - - [10/Jan/2018:19:20:10 +0100] "GET /up.php HTTP/1.0" 404 319 "-" "Mozilla/5.0 (Windows NT 6.1; Win64; x64) AppleWebKit/537.36 (KHTML, like Gecko) Chrome/62.0.3202.94 Safari/537.36"
198.27.68.39 - - [10/Jan/2018:19:20:10 +0100] "GET /up.php HTTP/1.0" 404 319 "-" "Mozilla/5.0 (Windows NT 6.1; Win64; x64) AppleWebKit/537.36 (KHTML, like Gecko) Chrome/62.0.3202.94 Safari/537.36"
208.100.26.231 - - [10/Jan/2018:19:35:53 +0100] "GET / HTTP/1.0" 200 1229 "-" "-"
208.100.26.231 - - [10/Jan/2018:19:37:48 +0100] "HEAD / HTTP/1.1" 200 - "-" "Mozilla/5.0 (Windows NT 6.1) AppleWebKit/537.36 (KHTML, like Gecko) Chrome/36.0.1985.125 Safari/537.36"
208.100.26.231 - - [10/Jan/2018:19:37:48 +0100] "GET / HTTP/1.0" 200 1229 "-" "-"
208.100.26.231 - - [10/Jan/2018:19:37:49 +0100] "GET / HTTP/1.1" 200 1229 "-" "-"
185.100.87.191 - - [10/Jan/2018:19:46:58 +0100] "GET / HTTP/1.0" 200 1229 "-" "-"
185.100.87.191 - - [10/Jan/2018:19:47:16 +0100] "HEAD / HTTP/1.1" 200 - "-" "Mozilla/5.0 (Windows NT 6.1) AppleWebKit/537.36 (KHTML, like Gecko) Chrome/36.0.1985.125 Safari/537.36"
185.100.87.191 - - [10/Jan/2018:19:47:17 +0100] "GET / HTTP/1.0" 200 1229 "-" "-"
185.100.87.191 - - [10/Jan/2018:19:47:17 +0100] "GET / HTTP/1.1" 200 1229 "-" "-"
139.162.114.70 - - [10/Jan/2018:19:51:04 +0100] "GET / HTTP/1.1" 200 1229 "-" "Mozilla/5.0 (Windows NT 10.0; WOW64) AppleWebKit/537.36 (KHTML, like Gecko) Chrome/50.0.2661.102 Safari/537.36"
203.24.188.242 - - [10/Jan/2018:19:59:58 +0100] "POST /cgi-bin/php5?-d+allow_url_include=on+-d+safe_mode=off+-d+suhosin.simulation=on+-d+disable_functions=%22%22+-d+max_execution_time=0+-d+open_basedir=none+-d+auto_prepend_file=php://input+-d+cgi.force_redirect=0+-d+cgi.redirect_status_env=0+-n HTTP/1.1" 404 313 "-" "NYU"
203.24.188.242 - - [10/Jan/2018:20:00:09 +0100] "POST / HTTP/1.1" 200 1229 "-" "Mozilla/4.0 (compatible; MSIE 6.0; Windows NT 5.1)"
198.13.32.81 - - [10/Jan/2018:20:06:19 +0100] "HEAD /wwwroot.zip HTTP/1.1" 404 - "-" "Mozilla/5.0 (Macintosh; Intel Mac OS X 10.13; rv:58.0) Gecko/20100101 Firefox/58.0"
108.61.126.50 - - [10/Jan/2018:20:12:39 +0100] "HEAD /wwwroot.zip HTTP/1.1" 404 - "-" "Mozilla/5.0 (Macintosh; Intel Mac OS X 10.13; rv:58.0) Gecko/20100101 Firefox/58.0"
203.24.188.242 - - [10/Jan/2018:20:18:19 +0100] "POST /cgi-bin/php-cgi?-d+allow_url_include=on+-d+safe_mode=off+-d+suhosin.simulation=on+-d+disable_functions=%22%22+-d+max_execution_time=0+-d+open_basedir=none+-d+auto_prepend_file=php://input+-d+cgi.force_redirect=0+-d+cgi.redirect_status_env=0+-n HTTP/1.1" 404 316 "-" "NYU"
203.24.188.242 - - [10/Jan/2018:20:26:46 +0100] "POST /index.php?-d+allow_url_include=on+-d+safe_mode=off+-d+suhosin.simulation=on+-d+disable_functions=%22%22+-d+max_execution_time=0+-d+open_basedir=none+-d+auto_prepend_file=php://input+-d+cgi.force_redirect=0+-d+cgi.redirect_status_env=0+-n HTTP/1.1" 404 310 "-" "NYU"
203.24.188.242 - - [10/Jan/2018:20:27:11 +0100] "POST /cgi-bin/php?-d+allow_url_include=on+-d+safe_mode=off+-d+suhosin.simulation=on+-d+disable_functions=%22%22+-d+max_execution_time=0+-d+open_basedir=none+-d+auto_prepend_file=php://input+-d+cgi.force_redirect=0+-d+cgi.redirect_status_env=0+-n HTTP/1.1" 404 312 "-" "NYU"
203.24.188.242 - - [10/Jan/2018:20:27:18 +0100] "POST / HTTP/1.1" 200 1229 "-" "Mozilla/4.0 (compatible; MSIE 6.0; Windows NT 5.1)"
185.100.87.247 - - [10/Jan/2018:20:30:36 +0100] "GET / HTTP/1.0" 200 1229 "-" "-"
185.100.87.247 - - [10/Jan/2018:20:32:32 +0100] "HEAD / HTTP/1.1" 200 - "-" "Mozilla/5.0 (Windows NT 6.1) AppleWebKit/537.36 (KHTML, like Gecko) Chrome/36.0.1985.125 Safari/537.36"
185.100.87.247 - - [10/Jan/2018:20:32:32 +0100] "GET / HTTP/1.0" 200 1229 "-" "-"
185.100.87.247 - - [10/Jan/2018:20:32:32 +0100] "GET / HTTP/1.1" 200 1229 "-" "-"
203.24.188.242 - - [10/Jan/2018:20:58:30 +0100] "POST /phppath/php?-d+allow_url_include=on+-d+safe_mode=off+-d+suhosin.simulation=on+-d+disable_functions=%22%22+-d+max_execution_time=0+-d+open_basedir=none+-d+auto_prepend_file=php://input+-d+cgi.force_redirect=0+-d+cgi.redirect_status_env=0+-n HTTP/1.1" 404 312 "-" "NYU"
203.24.188.242 - - [10/Jan/2018:21:03:41 +0100] "POST /cgi-bin/php?-d+allow_url_include=on+-d+safe_mode=off+-d+suhosin.simulation=on+-d+disable_functions=%22%22+-d+max_execution_time=0+-d+open_basedir=none+-d+auto_prepend_file=php://input+-d+cgi.force_redirect=0+-d+cgi.redirect_status_env=0+-n HTTP/1.1" 404 312 "-" "NYU"
216.244.66.249 - - [10/Jan/2018:21:09:07 +0100] "GET /robots.txt HTTP/1.1" 404 330 "-" "Mozilla/5.0 (compatible; DotBot/1.1; http://www.opensiteexplorer.org/dotbot, help@moz.com)"
77.72.83.110 - - [10/Jan/2018:21:09:40 +0100] "\x03" 501 316 "-" "-"
77.72.83.110 - - [10/Jan/2018:21:09:41 +0100] "\x03" 501 316 "-" "-"
203.24.188.242 - - [10/Jan/2018:21:20:35 +0100] "POST / HTTP/1.1" 200 1229 "-" "Mozilla/4.0 (compatible; MSIE 6.0; Windows NT 5.1)"
77.72.83.110 - - [10/Jan/2018:21:23:50 +0100] "\x03" 501 316 "-" "-"
77.72.83.110 - - [10/Jan/2018:21:23:50 +0100] "\x03" 501 316 "-" "-"
216.244.66.249 - - [10/Jan/2018:21:32:51 +0100] "GET / HTTP/1.1" 200 1229 "-" "Mozilla/5.0 (compatible; DotBot/1.1; http://www.opensiteexplorer.org/dotbot, help@moz.com)"
169.229.3.90 - - [10/Jan/2018:21:34:58 +0100] "GET /category/catno/32 HTTP/1.1" 404 337 "-" "Mozilla/5.0"
62.210.152.47 - - [10/Jan/2018:21:39:09 +0100] "POST /RPC2 HTTP/1.1" 404 307 "-" "NYU"
169.229.3.90 - - [10/Jan/2018:21:41:49 +0100] "GET /category/catno/32 HTTP/1.1" 404 337 "-" "Mozilla/5.0"
196.52.43.51 - - [10/Jan/2018:21:42:59 +0100] "GET / HTTP/1.0" 200 1229 "-" "Mozilla/5.0(WindowsNT6.1;rv:31.0)Gecko/20100101Firefox/31.0"
35.157.134.200 - - [10/Jan/2018:21:44:02 +0100] "GET / HTTP/1.1" 200 1229 "-" "auskunftbot/1.0 (+https://www.auskunft.de)"
204.79.180.20 - - [10/Jan/2018:21:49:33 +0100] "GET / HTTP/1.1" 200 1229 "-" "Mozilla/5.0 (compatible; MSIE 9.0; Windows NT 6.1; Trident/5.0; Trident/5.0)"
108.61.126.150 - - [10/Jan/2018:21:53:58 +0100] "HEAD /wwwroot.zip HTTP/1.1" 404 - "-" "Mozilla/5.0 (Macintosh; Intel Mac OS X 10.13; rv:58.0) Gecko/20100101 Firefox/58.0"
45.77.28.78 - - [10/Jan/2018:22:10:04 +0100] "HEAD /wwwroot.zip HTTP/1.1" 404 - "-" "Mozilla/5.0 (Macintosh; Intel Mac OS X 10.13; rv:58.0) Gecko/20100101 Firefox/58.0"
203.24.188.242 - - [10/Jan/2018:22:18:27 +0100] "POST /cgi-bin/php5?-d+allow_url_include=on+-d+safe_mode=off+-d+suhosin.simulation=on+-d+disable_functions=%22%22+-d+max_execution_time=0+-d+open_basedir=none+-d+auto_prepend_file=php://input+-d+cgi.force_redirect=0+-d+cgi.redirect_status_env=0+-n HTTP/1.1" 404 313 "-" "NYU"
45.76.52.113 - - [10/Jan/2018:22:26:56 +0100] "HEAD /wwwroot.zip HTTP/1.1" 404 - "-" "Mozilla/5.0 (Macintosh; Intel Mac OS X 10.13; rv:58.0) Gecko/20100101 Firefox/58.0"
62.210.152.47 - - [10/Jan/2018:22:29:50 +0100] "POST /RPC2 HTTP/1.1" 404 307 "-" "NYU"
45.32.13.90 - - [10/Jan/2018:22:36:18 +0100] "HEAD /wwwroot.zip HTTP/1.1" 404 - "-" "Mozilla/5.0 (Macintosh; Intel Mac OS X 10.13; rv:58.0) Gecko/20100101 Firefox/58.0"
172.104.108.109 - - [10/Jan/2018:22:36:32 +0100] "GET / HTTP/1.1" 200 1229 "-" "Mozilla/5.0"
108.61.126.50 - - [10/Jan/2018:22:40:31 +0100] "HEAD /wwwroot.zip HTTP/1.1" 404 - "-" "Mozilla/5.0 (Macintosh; Intel Mac OS X 10.13; rv:58.0) Gecko/20100101 Firefox/58.0"
62.210.152.47 - - [10/Jan/2018:22:44:48 +0100] "POST /RPC2 HTTP/1.1" 404 307 "-" "NYU"
169.229.3.90 - - [10/Jan/2018:22:50:41 +0100] "GET /category/catno/32 HTTP/1.1" 404 337 "-" "Mozilla/5.0"
104.192.74.35 - - [10/Jan/2018:23:03:43 +0100] "GET /robots.txt HTTP/1.1" 404 330 "http://www.friedrich-list-berlin.de/robots.txt" "Mozilla/5.0 (Macintosh; Intel Mac OS X 10_12_1) AppleWebKit/537.36 (KHTML, like Gecko) Chrome/58.0.3029.110 Safari/537.36"
104.192.74.35 - - [10/Jan/2018:23:03:43 +0100] "GET / HTTP/1.1" 200 1229 "http://www.friedrich-list-berlin.de" "Mozilla/5.0 (Macintosh; Intel Mac OS X 10_12_1) AppleWebKit/537.36 (KHTML, like Gecko) Chrome/58.0.3029.110 Safari/537.36"
104.192.74.35 - - [10/Jan/2018:23:03:43 +0100] "GET / HTTP/1.1" 200 1229 "-" "Mozilla"
203.24.188.242 - - [10/Jan/2018:23:05:41 +0100] "POST / HTTP/1.1" 200 1229 "-" "Mozilla/4.0 (compatible; MSIE 6.0; Windows NT 5.1)"
203.24.188.242 - - [10/Jan/2018:23:08:48 +0100] "POST /cgi-bin/php-cgi?-d+allow_url_include=on+-d+safe_mode=off+-d+suhosin.simulation=on+-d+disable_functions=%22%22+-d+max_execution_time=0+-d+open_basedir=none+-d+auto_prepend_file=php://input+-d+cgi.force_redirect=0+-d+cgi.redirect_status_env=0+-n HTTP/1.1" 404 316 "-" "NYU"
216.244.66.249 - - [10/Jan/2018:23:20:19 +0100] "GET / HTTP/1.1" 200 1229 "-" "Mozilla/5.0 (compatible; DotBot/1.1; http://www.opensiteexplorer.org/dotbot, help@moz.com)"
164.132.91.1 - - [10/Jan/2018:23:21:45 +0100] "GET / HTTP/1.1" 200 1229 "-" "(KHTML, like Gecko) Chrome/36.0.1944.0 Safari/537.36"
203.24.188.242 - - [10/Jan/2018:23:29:10 +0100] "POST /cgi-bin/php?-d+allow_url_include=on+-d+safe_mode=off+-d+suhosin.simulation=on+-d+disable_functions=%22%22+-d+max_execution_time=0+-d+open_basedir=none+-d+auto_prepend_file=php://input+-d+cgi.force_redirect=0+-d+cgi.redirect_status_env=0+-n HTTP/1.1" 404 312 "-" "NYU"
80.82.70.33 - - [10/Jan/2018:23:49:38 +0100] "GET /muieblackcat HTTP/1.1" 404 317 "-" "-"
80.82.70.33 - - [10/Jan/2018:23:49:38 +0100] "GET /muieblackcat HTTP/1.1" 404 317 "-" "-"
80.82.70.33 - - [10/Jan/2018:23:49:38 +0100] "GET /muieblackcat HTTP/1.1" 404 317 "-" "-"
80.82.70.33 - - [10/Jan/2018:23:49:38 +0100] "GET /muieblackcat HTTP/1.1" 404 317 "-" "-"
80.82.70.33 - - [10/Jan/2018:23:49:38 +0100] "GET /muieblackcat HTTP/1.1" 404 317 "-" "-"
80.82.70.33 - - [10/Jan/2018:23:49:38 +0100] "GET /muieblackcat HTTP/1.1" 404 317 "-" "-"
80.82.70.33 - - [10/Jan/2018:23:49:38 +0100] "GET /muieblackcat HTTP/1.1" 404 317 "-" "-"
80.82.70.33 - - [10/Jan/2018:23:49:38 +0100] "GET /muieblackcat HTTP/1.1" 404 317 "-" "-"
80.82.70.33 - - [10/Jan/2018:23:49:39 +0100] "GET /muieblackcat HTTP/1.1" 404 317 "-" "-"
80.82.70.33 - - [10/Jan/2018:23:49:39 +0100] "GET /muieblackcat HTTP/1.1" 404 317 "-" "-"
80.82.70.33 - - [10/Jan/2018:23:49:43 +0100] "GET //phpMyAdmin/scripts/setup.php HTTP/1.1" 404 333 "-" "-"
80.82.70.33 - - [10/Jan/2018:23:49:43 +0100] "GET //phpMyAdmin/scripts/setup.php HTTP/1.1" 404 333 "-" "-"
80.82.70.33 - - [10/Jan/2018:23:49:43 +0100] "GET //phpMyAdmin/scripts/setup.php HTTP/1.1" 404 333 "-" "-"
80.82.70.33 - - [10/Jan/2018:23:49:43 +0100] "GET //phpMyAdmin/scripts/setup.php HTTP/1.1" 404 333 "-" "-"
80.82.70.33 - - [10/Jan/2018:23:49:43 +0100] "GET //phpMyAdmin/scripts/setup.php HTTP/1.1" 404 333 "-" "-"
80.82.70.33 - - [10/Jan/2018:23:49:43 +0100] "GET //phpMyAdmin/scripts/setup.php HTTP/1.1" 404 333 "-" "-"
80.82.70.33 - - [10/Jan/2018:23:49:43 +0100] "GET //phpMyAdmin/scripts/setup.php HTTP/1.1" 404 333 "-" "-"
80.82.70.33 - - [10/Jan/2018:23:49:43 +0100] "GET //phpMyAdmin/scripts/setup.php HTTP/1.1" 404 333 "-" "-"
80.82.70.33 - - [10/Jan/2018:23:49:43 +0100] "GET //phpMyAdmin/scripts/setup.php HTTP/1.1" 404 333 "-" "-"
80.82.70.33 - - [10/Jan/2018:23:49:43 +0100] "GET //phpMyAdmin/scripts/setup.php HTTP/1.1" 404 333 "-" "-"
80.82.70.33 - - [10/Jan/2018:23:49:44 +0100] "GET //phpmyadmin/scripts/setup.php HTTP/1.1" 404 333 "-" "-"
80.82.70.33 - - [10/Jan/2018:23:49:44 +0100] "GET //phpmyadmin/scripts/setup.php HTTP/1.1" 404 333 "-" "-"
80.82.70.33 - - [10/Jan/2018:23:49:44 +0100] "GET //phpmyadmin/scripts/setup.php HTTP/1.1" 404 333 "-" "-"
80.82.70.33 - - [10/Jan/2018:23:49:45 +0100] "GET //phpmyadmin/scripts/setup.php HTTP/1.1" 404 333 "-" "-"
80.82.70.33 - - [10/Jan/2018:23:49:45 +0100] "GET //phpmyadmin/scripts/setup.php HTTP/1.1" 404 333 "-" "-"
80.82.70.33 - - [10/Jan/2018:23:49:45 +0100] "GET //phpmyadmin/scripts/setup.php HTTP/1.1" 404 333 "-" "-"
80.82.70.33 - - [10/Jan/2018:23:49:45 +0100] "GET //phpmyadmin/scripts/setup.php HTTP/1.1" 404 333 "-" "-"
80.82.70.33 - - [10/Jan/2018:23:49:45 +0100] "GET //phpmyadmin/scripts/setup.php HTTP/1.1" 404 333 "-" "-"
80.82.70.33 - - [10/Jan/2018:23:49:45 +0100] "GET //phpmyadmin/scripts/setup.php HTTP/1.1" 404 333 "-" "-"
80.82.70.33 - - [10/Jan/2018:23:49:45 +0100] "GET //phpmyadmin/scripts/setup.php HTTP/1.1" 404 333 "-" "-"
80.82.70.33 - - [10/Jan/2018:23:49:45 +0100] "GET //pma/scripts/setup.php HTTP/1.1" 404 326 "-" "-"
80.82.70.33 - - [10/Jan/2018:23:49:45 +0100] "GET //pma/scripts/setup.php HTTP/1.1" 404 326 "-" "-"
80.82.70.33 - - [10/Jan/2018:23:49:45 +0100] "GET //pma/scripts/setup.php HTTP/1.1" 404 326 "-" "-"
80.82.70.33 - - [10/Jan/2018:23:49:45 +0100] "GET //pma/scripts/setup.php HTTP/1.1" 404 326 "-" "-"
80.82.70.33 - - [10/Jan/2018:23:49:45 +0100] "GET //pma/scripts/setup.php HTTP/1.1" 404 326 "-" "-"
80.82.70.33 - - [10/Jan/2018:23:49:45 +0100] "GET //pma/scripts/setup.php HTTP/1.1" 404 326 "-" "-"
80.82.70.33 - - [10/Jan/2018:23:49:46 +0100] "GET //pma/scripts/setup.php HTTP/1.1" 404 326 "-" "-"
80.82.70.33 - - [10/Jan/2018:23:49:46 +0100] "GET //pma/scripts/setup.php HTTP/1.1" 404 326 "-" "-"
80.82.70.33 - - [10/Jan/2018:23:49:46 +0100] "GET //pma/scripts/setup.php HTTP/1.1" 404 326 "-" "-"
80.82.70.33 - - [10/Jan/2018:23:49:46 +0100] "GET //pma/scripts/setup.php HTTP/1.1" 404 326 "-" "-"
80.82.70.33 - - [10/Jan/2018:23:49:46 +0100] "GET //myadmin/scripts/setup.php HTTP/1.1" 404 330 "-" "-"
80.82.70.33 - - [10/Jan/2018:23:49:46 +0100] "GET //myadmin/scripts/setup.php HTTP/1.1" 404 330 "-" "-"
80.82.70.33 - - [10/Jan/2018:23:49:47 +0100] "GET //myadmin/scripts/setup.php HTTP/1.1" 404 330 "-" "-"
80.82.70.33 - - [10/Jan/2018:23:49:47 +0100] "GET //myadmin/scripts/setup.php HTTP/1.1" 404 330 "-" "-"
80.82.70.33 - - [10/Jan/2018:23:49:47 +0100] "GET //myadmin/scripts/setup.php HTTP/1.1" 404 330 "-" "-"
80.82.70.33 - - [10/Jan/2018:23:49:47 +0100] "GET //myadmin/scripts/setup.php HTTP/1.1" 404 330 "-" "-"
80.82.70.33 - - [10/Jan/2018:23:49:47 +0100] "GET //myadmin/scripts/setup.php HTTP/1.1" 404 330 "-" "-"
80.82.70.33 - - [10/Jan/2018:23:49:47 +0100] "GET //myadmin/scripts/setup.php HTTP/1.1" 404 330 "-" "-"
80.82.70.33 - - [10/Jan/2018:23:49:47 +0100] "GET //myadmin/scripts/setup.php HTTP/1.1" 404 330 "-" "-"
80.82.70.33 - - [10/Jan/2018:23:49:47 +0100] "GET //myadmin/scripts/setup.php HTTP/1.1" 404 330 "-" "-"
80.82.70.33 - - [10/Jan/2018:23:49:47 +0100] "GET //MyAdmin/scripts/setup.php HTTP/1.1" 404 330 "-" "-"
80.82.70.33 - - [10/Jan/2018:23:49:47 +0100] "GET //MyAdmin/scripts/setup.php HTTP/1.1" 404 330 "-" "-"
80.82.70.33 - - [10/Jan/2018:23:49:47 +0100] "GET //MyAdmin/scripts/setup.php HTTP/1.1" 404 330 "-" "-"
80.82.70.33 - - [10/Jan/2018:23:49:47 +0100] "GET //MyAdmin/scripts/setup.php HTTP/1.1" 404 330 "-" "-"
80.82.70.33 - - [10/Jan/2018:23:49:47 +0100] "GET //MyAdmin/scripts/setup.php HTTP/1.1" 404 330 "-" "-"
80.82.70.33 - - [10/Jan/2018:23:49:47 +0100] "GET //MyAdmin/scripts/setup.php HTTP/1.1" 404 330 "-" "-"
80.82.70.33 - - [10/Jan/2018:23:49:47 +0100] "GET //MyAdmin/scripts/setup.php HTTP/1.1" 404 330 "-" "-"
80.82.70.33 - - [10/Jan/2018:23:49:47 +0100] "GET //MyAdmin/scripts/setup.php HTTP/1.1" 404 330 "-" "-"
80.82.70.33 - - [10/Jan/2018:23:49:47 +0100] "GET //MyAdmin/scripts/setup.php HTTP/1.1" 404 330 "-" "-"
80.82.70.33 - - [10/Jan/2018:23:49:47 +0100] "GET //MyAdmin/scripts/setup.php HTTP/1.1" 404 330 "-" "-"
139.162.114.70 - - [10/Jan/2018:23:52:06 +0100] "GET / HTTP/1.1" 200 1229 "-" "Mozilla/5.0 (Windows NT 10.0; WOW64) AppleWebKit/537.36 (KHTML, like Gecko) Chrome/50.0.2661.102 Safari/537.36"
62.210.152.47 - - [11/Jan/2018:00:10:01 +0100] "POST /RPC2 HTTP/1.1" 404 307 "-" "NYU"
196.52.43.56 - - [11/Jan/2018:00:10:18 +0100] "GET / HTTP/1.0" 200 1229 "-" "Mozilla/5.0(WindowsNT6.1;rv:31.0)Gecko/20100101Firefox/31.0"
169.229.3.90 - - [11/Jan/2018:00:12:01 +0100] "GET /category/catno/32 HTTP/1.1" 404 337 "-" "Mozilla/5.0"
203.24.188.242 - - [11/Jan/2018:00:18:48 +0100] "POST /cgi-bin/php-cgi?-d+allow_url_include=on+-d+safe_mode=off+-d+suhosin.simulation=on+-d+disable_functions=%22%22+-d+max_execution_time=0+-d+open_basedir=none+-d+auto_prepend_file=php://input+-d+cgi.force_redirect=0+-d+cgi.redirect_status_env=0+-n HTTP/1.1" 404 316 "-" "NYU"
203.24.188.242 - - [11/Jan/2018:00:28:24 +0100] "GET /invoker/JMXInvokerServlet HTTP/1.1" 404 330 "-" "NYU"
169.229.3.90 - - [11/Jan/2018:00:30:23 +0100] "GET /category/catno/32 HTTP/1.1" 404 337 "-" "Mozilla/5.0"
216.244.66.249 - - [11/Jan/2018:01:23:15 +0100] "GET / HTTP/1.1" 200 1229 "-" "Mozilla/5.0 (compatible; DotBot/1.1; http://www.opensiteexplorer.org/dotbot, help@moz.com)"
164.132.91.1 - - [11/Jan/2018:01:46:18 +0100] "GET / HTTP/1.1" 200 1229 "-" "Chrome/41.0.2228.0 Safari/537.36"
37.46.255.63 - - [11/Jan/2018:01:54:42 +0100] "\x03" 501 316 "-" "-"
37.46.255.63 - - [11/Jan/2018:01:55:03 +0100] "\x03" 501 316 "-" "-"
168.1.128.59 - - [11/Jan/2018:01:59:32 +0100] "GET / HTTP/1.0" 200 1229 "-" "Mozilla/5.0(WindowsNT6.1;rv:31.0)Gecko/20100101Firefox/31.0"
203.24.188.242 - - [11/Jan/2018:02:15:00 +0100] "GET /invoker/JMXInvokerServlet HTTP/1.1" 404 330 "-" "NYU"
96.91.204.122 - - [11/Jan/2018:02:17:00 +0100] "GET // HTTP/1.1" 200 1229 "-" "() { :;};echo; /bin/bash -c \" echo 2014 | md5sum\""
96.91.204.122 - - [11/Jan/2018:02:17:06 +0100] "GET //cgi-sys/realsignup.cgi HTTP/1.1" 404 327 "-" "() { :;};echo; /bin/bash -c \" echo 2014 | md5sum\""
96.91.204.122 - - [11/Jan/2018:02:17:12 +0100] "GET //cgi-bin/test-cgi HTTP/1.1" 404 321 "-" "() { :;};echo; /bin/bash -c \" echo 2014 | md5sum\""
96.91.204.122 - - [11/Jan/2018:02:17:18 +0100] "GET //cgi-mod/index.cgi HTTP/1.1" 404 322 "-" "() { :;};echo; /bin/bash -c \" echo 2014 | md5sum\""
96.91.204.122 - - [11/Jan/2018:02:17:24 +0100] "GET //phppath/cgi_wrapper HTTP/1.1" 404 324 "-" "() { :;};echo; /bin/bash -c \" echo 2014 | md5sum\""
169.229.3.90 - - [11/Jan/2018:02:22:28 +0100] "GET /category/catno/32 HTTP/1.1" 404 337 "-" "Mozilla/5.0"
45.77.28.78 - - [11/Jan/2018:02:26:28 +0100] "HEAD /wwwroot.zip HTTP/1.1" 404 - "-" "Mozilla/5.0 (Macintosh; Intel Mac OS X 10.13; rv:58.0) Gecko/20100101 Firefox/58.0"
13.56.229.65 - - [11/Jan/2018:03:00:21 +0100] "GET / HTTP/1.1" 200 1229 "-" "Mozilla/5.0 (Macintosh; Intel Mac OS X 10_12_6) AppleWebKit/537.36 (KHTML, like Gecko) Chrome/61.0.3163.100 Safari/537.36"
216.244.66.249 - - [11/Jan/2018:03:26:16 +0100] "GET / HTTP/1.1" 200 1229 "-" "Mozilla/5.0 (compatible; DotBot/1.1; http://www.opensiteexplorer.org/dotbot, help@moz.com)"
60.191.38.78 - - [11/Jan/2018:03:55:36 +0100] "GET / HTTP/1.1" 200 1229 "-" "Mozilla/5.0 (Macintosh; Intel Mac OS X 10.11; rv:47.0) Gecko/20100101 Firefox/47.0"
203.24.188.242 - - [11/Jan/2018:04:01:00 +0100] "GET /phpmyadmin/ HTTP/1.1" 404 316 "-" "fasthttp"
203.24.188.242 - - [11/Jan/2018:04:01:00 +0100] "GET /phpMyAdmin/ HTTP/1.1" 404 316 "-" "fasthttp"
203.24.188.242 - - [11/Jan/2018:04:02:20 +0100] "GET /invoker/JMXInvokerServlet HTTP/1.1" 404 330 "-" "NYU"
203.24.188.242 - - [11/Jan/2018:04:09:47 +0100] "GET /invoker/JMXInvokerServlet HTTP/1.1" 404 330 "-" "NYU"
60.191.38.78 - - [11/Jan/2018:04:24:14 +0100] "GET / HTTP/1.1" 200 1229 "-" "Mozilla/5.0 (Macintosh; Intel Mac OS X 10.11; rv:47.0) Gecko/20100101 Firefox/47.0"
60.191.38.78 - - [11/Jan/2018:04:24:39 +0100] "GET / HTTP/1.1" 200 1229 "-" "Mozilla/5.0 (Macintosh; Intel Mac OS X 10.11; rv:47.0) Gecko/20100101 Firefox/47.0"
139.162.119.197 - - [11/Jan/2018:04:50:20 +0100] "GET / HTTP/1.1" 200 1229 "-" "Mozilla/5.0 (Windows NT 10.0; WOW64) AppleWebKit/537.36 (KHTML, like Gecko) Chrome/50.0.2661.102 Safari/537.36"
203.24.188.242 - - [11/Jan/2018:05:03:15 +0100] "GET /phpmyadmin/ HTTP/1.1" 404 316 "-" "fasthttp"
203.24.188.242 - - [11/Jan/2018:05:03:15 +0100] "GET /phpMyAdmin/ HTTP/1.1" 404 316 "-" "fasthttp"
196.52.43.64 - - [11/Jan/2018:05:03:28 +0100] "GET / HTTP/1.0" 200 1229 "-" "Mozilla/5.0(WindowsNT6.1;rv:31.0)Gecko/20100101Firefox/31.0"
95.128.200.200 - - [11/Jan/2018:05:20:19 +0100] "GET / HTTP/1.1" 200 1229 "https://www.google.de" "Mozilla/5.0 (Windows NT 6.1) AppleWebKit/537.36 (KHTML, like Gecko) Chrome/41.0.2228.0 Safari/537.36"
185.25.249.77 - - [11/Jan/2018:05:53:15 +0100] "GET / HTTP/1.0" 200 1229 "-" "Mozilla/5.0 (compatible; Googlebot/2.1; +http://www.google.com/bot.html)"
60.191.38.78 - - [11/Jan/2018:06:04:01 +0100] "GET / HTTP/1.1" 200 1229 "-" "Mozilla/5.0 (Macintosh; Intel Mac OS X 10.11; rv:47.0) Gecko/20100101 Firefox/47.0"
138.201.30.66 - - [11/Jan/2018:06:25:18 +0100] "GET /robots.txt HTTP/1.0" 404 330 "-" "Mozilla/5.0 (compatible; SEOkicks-Robot; +http://www.seokicks.de/robot.html)"
138.201.30.66 - - [11/Jan/2018:06:25:20 +0100] "GET / HTTP/1.0" 200 1229 "-" "Mozilla/5.0 (compatible; SEOkicks-Robot; +http://www.seokicks.de/robot.html)"
46.38.254.149 - - [11/Jan/2018:06:29:25 +0100] "GET / HTTP/1.1" 200 1229 "-" "PHPCrawl"
46.38.254.149 - - [11/Jan/2018:06:29:25 +0100] "GET / HTTP/1.1" 200 1229 "-" "Mozilla/5.0 (Linux; U; Android 2.2.1; en-us; Nexus One Build/FRG83) AppleWebKit/533.1 (KHTML, like Gecko) Version/4.0 Mobile Safari/533.1"
203.24.188.242 - - [11/Jan/2018:06:47:50 +0100] "GET /phpmyadmin/ HTTP/1.1" 404 316 "-" "fasthttp"
203.24.188.242 - - [11/Jan/2018:06:47:50 +0100] "GET /phpMyAdmin/ HTTP/1.1" 404 316 "-" "fasthttp"
188.138.75.107 - - [11/Jan/2018:07:36:05 +0100] "GET / HTTP/1.1" 200 1229 "-" "Mozilla/5.0 (X11; U; Linux Core i7-4980HQ; de; rv:32.0; compatible; JobboerseBot; http://www.jobboerse.com/bot.htm) Gecko/20100101 Firefox/38.0"
188.138.75.107 - - [11/Jan/2018:07:36:06 +0100] "GET /robots.txt HTTP/1.1" 404 330 "-" "Mozilla/5.0 (X11; U; Linux Core i7-4980HQ; de; rv:32.0; compatible; JobboerseBot; http://www.jobboerse.com/bot.htm) Gecko/20100101 Firefox/38.0"
188.138.75.107 - - [11/Jan/2018:07:36:06 +0100] "GET / HTTP/1.1" 200 1229 "-" "Mozilla/5.0 (X11; U; Linux Core i7-4980HQ; de; rv:32.0; compatible; JobboerseBot; http://www.jobboerse.com/bot.htm) Gecko/20100101 Firefox/38.0"
188.138.75.107 - - [11/Jan/2018:07:36:06 +0100] "GET / HTTP/1.1" 200 1229 "-" "Mozilla/5.0 (X11; U; Linux Core i7-4980HQ; de; rv:32.0; compatible; JobboerseBot; http://www.jobboerse.com/bot.htm) Gecko/20100101 Firefox/38.0"
37.46.255.63 - - [11/Jan/2018:07:49:41 +0100] "\x03" 501 316 "-" "-"
37.46.255.63 - - [11/Jan/2018:07:49:44 +0100] "\x03" 501 316 "-" "-"
37.46.255.63 - - [11/Jan/2018:07:49:45 +0100] "\x03" 501 316 "-" "-"
37.46.255.63 - - [11/Jan/2018:07:49:47 +0100] "\x03" 501 316 "-" "-"
37.46.255.63 - - [11/Jan/2018:07:49:51 +0100] "\x03" 501 316 "-" "-"
37.46.255.63 - - [11/Jan/2018:07:49:56 +0100] "\x03" 501 316 "-" "-"
37.46.255.63 - - [11/Jan/2018:07:50:02 +0100] "\x03" 501 316 "-" "-"
203.24.188.242 - - [11/Jan/2018:08:04:44 +0100] "GET /invoker/JMXInvokerServlet HTTP/1.1" 404 330 "-" "NYU"
95.91.245.90 - - [11/Jan/2018:08:18:54 +0100] "GET / HTTP/1.1" 200 1229 "http://m.oberstufenzentrum.de/schulen/friedrich-list-schule-ehemals-osz-buerowirtschaft-ii" "Mozilla/5.0 (iPhone; CPU iPhone OS 11_2_1 like Mac OS X) AppleWebKit/604.4.7 (KHTML, like Gecko) Version/11.0 Mobile/15C153 Safari/604.1"
183.109.8.211 - - [11/Jan/2018:08:19:23 +0100] "GET / HTTP/1.1" 400 329 "-" "-"
203.24.188.242 - - [11/Jan/2018:08:47:04 +0100] "GET /invoker/JMXInvokerServlet HTTP/1.1" 404 330 "-" "NYU"
178.15.10.24 - - [11/Jan/2018:09:02:21 +0100] "GET / HTTP/1.0" 200 1229 "http://www.oberstufenzentrum.de/schulen/friedrich-list-schule" "Mozilla/5.0 (Windows NT 6.1; WOW64; Trident/7.0; rv:11.0) like Gecko"
178.15.10.24 - - [11/Jan/2018:09:02:21 +0100] "GET /favicon.ico HTTP/1.0" 404 331 "-" "Mozilla/5.0 (Windows NT 6.1; WOW64; Trident/7.0; rv:11.0) like Gecko"
13.124.184.140 - - [11/Jan/2018:09:17:58 +0100] "GET / HTTP/1.1" 200 1229 "-" "-"
91.66.45.191 - - [11/Jan/2018:09:35:04 +0100] "GET / HTTP/1.1" 200 1229 "http://www.oberstufenzentrum.de/schulen/friedrich-list-schule-ehemals-osz-buerowirtschaft-ii" "Mozilla/5.0 (Windows NT 6.3; WOW64; rv:52.0) Gecko/20100101 Firefox/52.0"
91.66.45.191 - - [11/Jan/2018:09:35:04 +0100] "GET /favicon.ico HTTP/1.1" 404 331 "-" "Mozilla/5.0 (Windows NT 6.3; WOW64; rv:52.0) Gecko/20100101 Firefox/52.0"
91.66.45.191 - - [11/Jan/2018:09:35:04 +0100] "GET /favicon.ico HTTP/1.1" 404 331 "-" "Mozilla/5.0 (Windows NT 6.3; WOW64; rv:52.0) Gecko/20100101 Firefox/52.0"
139.162.119.197 - - [11/Jan/2018:09:38:26 +0100] "GET / HTTP/1.1" 200 1229 "-" "Mozilla/5.0 (Windows NT 10.0; WOW64) AppleWebKit/537.36 (KHTML, like Gecko) Chrome/50.0.2661.102 Safari/537.36"
172.104.108.109 - - [11/Jan/2018:09:44:15 +0100] "GET / HTTP/1.1" 200 1229 "-" "Mozilla/5.0"
104.192.74.43 - - [11/Jan/2018:09:59:31 +0100] "GET /robots.txt HTTP/1.1" 404 323 "http://www.hotelkleidung.com/robots.txt" "Mozilla/5.0 (Macintosh; Intel Mac OS X 10_12_1) AppleWebKit/537.36 (KHTML, like Gecko) Chrome/58.0.3029.110 Safari/537.36"
104.192.74.43 - - [11/Jan/2018:09:59:31 +0100] "GET / HTTP/1.1" 200 1229 "http://www.hotelkleidung.com" "Mozilla/5.0 (Macintosh; Intel Mac OS X 10_12_1) AppleWebKit/537.36 (KHTML, like Gecko) Chrome/58.0.3029.110 Safari/537.36"
104.192.74.43 - - [11/Jan/2018:09:59:31 +0100] "GET / HTTP/1.1" 200 1229 "-" "Mozilla"
185.100.87.248 - - [11/Jan/2018:10:15:06 +0100] "GET / HTTP/1.0" 200 1229 "-" "-"
185.100.87.249 - - [11/Jan/2018:10:15:20 +0100] "GET / HTTP/1.0" 200 1229 "-" "-"
185.100.87.248 - - [11/Jan/2018:10:17:01 +0100] "HEAD / HTTP/1.1" 200 - "-" "Mozilla/5.0 (Windows NT 6.1) AppleWebKit/537.36 (KHTML, like Gecko) Chrome/36.0.1985.125 Safari/537.36"
185.100.87.248 - - [11/Jan/2018:10:17:01 +0100] "GET / HTTP/1.0" 200 1229 "-" "-"
185.100.87.248 - - [11/Jan/2018:10:17:01 +0100] "GET / HTTP/1.1" 200 1229 "-" "-"
185.100.87.249 - - [11/Jan/2018:10:17:16 +0100] "GET / HTTP/1.0" 200 1229 "-" "-"
185.100.87.249 - - [11/Jan/2018:10:17:16 +0100] "HEAD / HTTP/1.1" 200 - "-" "Mozilla/5.0 (Windows NT 6.1) AppleWebKit/537.36 (KHTML, like Gecko) Chrome/36.0.1985.125 Safari/537.36"
185.100.87.249 - - [11/Jan/2018:10:17:16 +0100] "GET / HTTP/1.1" 200 1229 "-" "-"
208.100.26.230 - - [11/Jan/2018:10:19:14 +0100] "GET / HTTP/1.0" 200 1229 "-" "-"
185.100.87.250 - - [11/Jan/2018:10:19:24 +0100] "GET / HTTP/1.0" 200 1229 "-" "-"
62.40.20.99 - - [11/Jan/2018:10:19:27 +0100] "GET / HTTP/1.1" 200 1229 "https://www.google.de/" "Mozilla/5.0 (Macintosh; Intel Mac OS X 10_10_5) AppleWebKit/537.36 (KHTML, like Gecko) Chrome/63.0.3239.84 Safari/537.36"
208.100.26.230 - - [11/Jan/2018:10:21:11 +0100] "HEAD / HTTP/1.1" 200 - "-" "Mozilla/5.0 (Windows NT 6.1) AppleWebKit/537.36 (KHTML, like Gecko) Chrome/36.0.1985.125 Safari/537.36"
208.100.26.230 - - [11/Jan/2018:10:21:11 +0100] "GET / HTTP/1.0" 200 1229 "-" "-"
208.100.26.230 - - [11/Jan/2018:10:21:11 +0100] "GET / HTTP/1.1" 200 1229 "-" "-"
185.100.87.250 - - [11/Jan/2018:10:21:22 +0100] "HEAD / HTTP/1.1" 200 - "-" "Mozilla/5.0 (Windows NT 6.1) AppleWebKit/537.36 (KHTML, like Gecko) Chrome/36.0.1985.125 Safari/537.36"
185.100.87.250 - - [11/Jan/2018:10:21:22 +0100] "GET / HTTP/1.0" 200 1229 "-" "-"
185.100.87.250 - - [11/Jan/2018:10:21:22 +0100] "GET / HTTP/1.1" 200 1229 "-" "-"
185.100.87.246 - - [11/Jan/2018:10:21:28 +0100] "GET / HTTP/1.0" 200 1229 "-" "-"
185.100.87.246 - - [11/Jan/2018:10:23:24 +0100] "HEAD / HTTP/1.1" 200 - "-" "Mozilla/5.0 (Windows NT 6.1) AppleWebKit/537.36 (KHTML, like Gecko) Chrome/36.0.1985.125 Safari/537.36"
185.100.87.246 - - [11/Jan/2018:10:23:24 +0100] "GET / HTTP/1.0" 200 1229 "-" "-"
185.100.87.246 - - [11/Jan/2018:10:23:25 +0100] "GET / HTTP/1.1" 200 1229 "-" "-"
139.162.114.70 - - [11/Jan/2018:10:44:56 +0100] "GET / HTTP/1.1" 200 1229 "-" "Mozilla/5.0 (Windows NT 10.0; WOW64) AppleWebKit/537.36 (KHTML, like Gecko) Chrome/50.0.2661.102 Safari/537.36"
223.166.244.156 - - [11/Jan/2018:10:49:50 +0100] "GET / HTTP/1.0" 200 1229 "-" "-"
206.253.224.74 - - [11/Jan/2018:11:00:40 +0100] "GET /robots.txt HTTP/1.1" 404 330 "-" "Mozilla/5.0 (compatible; oBot/2.3.1; +http://filterdb.iss.net/crawler/)"
206.253.224.74 - - [11/Jan/2018:11:00:40 +0100] "GET / HTTP/1.1" 200 1229 "-" "Mozilla/5.0 (compatible; oBot/2.3.1; +http://filterdb.iss.net/crawler/)"
206.253.224.74 - - [11/Jan/2018:11:00:41 +0100] "GET /index.php HTTP/1.1" 404 329 "-" "Mozilla/5.0 (compatible; oBot/2.3.1; +http://filterdb.iss.net/crawler/)"
206.253.224.74 - - [11/Jan/2018:11:00:41 +0100] "GET /favicon.ico HTTP/1.1" 404 331 "-" "Mozilla/5.0 (compatible; oBot/2.3.1; +http://filterdb.iss.net/crawler/)"
169.229.3.90 - - [11/Jan/2018:11:05:13 +0100] "GET /category/catno/32 HTTP/1.1" 404 337 "-" "Mozilla/5.0"
71.6.158.166 - - [11/Jan/2018:11:10:41 +0100] "GET / HTTP/1.1" 200 1229 "-" "Mozilla/5.0 (Windows NT 6.1) AppleWebKit/537.36 (KHTML, like Gecko) Chrome/41.0.2228.0 Safari/537.36"
71.6.158.166 - - [11/Jan/2018:11:10:42 +0100] "GET /robots.txt HTTP/1.1" 404 315 "-" "-"
71.6.158.166 - - [11/Jan/2018:11:10:42 +0100] "GET /sitemap.xml HTTP/1.1" 404 316 "-" "-"
71.6.158.166 - - [11/Jan/2018:11:10:44 +0100] "GET /favicon.ico HTTP/1.1" 404 316 "-" "python-requests/2.10.0"
207.244.157.139 - - [11/Jan/2018:11:19:41 +0100] "GET /wp-content/themes/headway-165/style.css HTTP/1.1" 404 352 "http://www.hotelkleidung.com/wp-content/themes/headway-165/style.css" "Mozilla/5.0 (Windows NT 6.1; WOW64) AppleWebKit/537.36 (KHTML, like Gecko) Chrome/42.0.2311.152 Safari/537.36"
149.91.123.191 - - [11/Jan/2018:11:27:05 +0100] "GET / HTTP/1.1" 200 1229 "-" "Java/1.4.1_04"
203.24.188.242 - - [11/Jan/2018:11:32:11 +0100] "GET /phpmyadmin/ HTTP/1.1" 404 316 "-" "fasthttp"
203.24.188.242 - - [11/Jan/2018:11:32:11 +0100] "GET /phpMyAdmin/ HTTP/1.1" 404 316 "-" "fasthttp"
13.56.229.65 - - [11/Jan/2018:11:32:56 +0100] "GET / HTTP/1.1" 200 1229 "-" "Mozilla/5.0 (Macintosh; Intel Mac OS X 10_12_6) AppleWebKit/537.36 (KHTML, like Gecko) Chrome/61.0.3163.100 Safari/537.36"
123.160.174.146 - - [11/Jan/2018:11:53:43 +0100] "GET /currentsetting.htm HTTP/1.1" 404 323 "-" "-"
110.179.174.46 - - [11/Jan/2018:11:53:54 +0100] "GET /currentsetting.htm HTTP/1.1" 404 323 "-" "-"
123.138.72.197 - - [11/Jan/2018:11:54:06 +0100] "GET /currentsetting.htm HTTP/1.1" 404 323 "-" "-"
121.57.9.240 - - [11/Jan/2018:11:54:26 +0100] "GET /currentsetting.htm HTTP/1.1" 404 323 "-" "-"
124.88.64.222 - - [11/Jan/2018:11:54:38 +0100] "GET /currentsetting.htm HTTP/1.1" 404 323 "-" "-"
124.88.64.219 - - [11/Jan/2018:11:54:49 +0100] "GET /currentsetting.htm HTTP/1.1" 404 323 "-" "-"
117.15.95.210 - - [11/Jan/2018:11:55:01 +0100] "GET /currentsetting.htm HTTP/1.1" 404 323 "-" "-"
114.221.125.188 - - [11/Jan/2018:11:55:12 +0100] "GET /currentsetting.htm HTTP/1.1" 404 323 "-" "-"
120.39.52.138 - - [11/Jan/2018:11:55:24 +0100] "GET /currentsetting.htm HTTP/1.1" 404 323 "-" "-"
119.118.10.109 - - [11/Jan/2018:11:55:36 +0100] "GET /currentsetting.htm HTTP/1.1" 404 323 "-" "-"
91.21.25.162 - - [11/Jan/2018:11:56:07 +0100] "O" 501 316 "-" "-"
194.187.171.141 - - [11/Jan/2018:11:57:13 +0100] "GET /favicon.ico HTTP/1.1" 404 331 "https://www.qwant.com/" "Qwantify/1.0"
194.187.171.47 - - [11/Jan/2018:11:57:13 +0100] "GET / HTTP/1.1" 200 1229 "https://www.qwant.com/" "Qwantify/1.0"
66.240.205.34 - - [11/Jan/2018:12:31:39 +0100] "Gh0st\xad" 501 321 "-" "-"
13.56.229.65 - - [11/Jan/2018:12:36:44 +0100] "GET / HTTP/1.1" 200 1229 "-" "Mozilla/5.0 (Macintosh; Intel Mac OS X 10_12_6) AppleWebKit/537.36 (KHTML, like Gecko) Chrome/61.0.3163.100 Safari/537.36"
169.229.3.90 - - [11/Jan/2018:12:50:00 +0100] "GET /category/catno/32 HTTP/1.1" 404 337 "-" "Mozilla/5.0"
169.229.3.90 - - [11/Jan/2018:12:59:01 +0100] "GET /category/catno/32 HTTP/1.1" 404 337 "-" "Mozilla/5.0"
60.191.38.78 - - [11/Jan/2018:13:02:03 +0100] "GET / HTTP/1.1" 200 1229 "-" "Mozilla/5.0 (Macintosh; Intel Mac OS X 10.11; rv:47.0) Gecko/20100101 Firefox/47.0"
60.191.38.78 - - [11/Jan/2018:13:02:57 +0100] "GET / HTTP/1.1" 200 1229 "-" "Mozilla/5.0 (Macintosh; Intel Mac OS X 10.11; rv:47.0) Gecko/20100101 Firefox/47.0"
60.191.38.78 - - [11/Jan/2018:13:03:07 +0100] "GET / HTTP/1.1" 200 1229 "-" "Mozilla/5.0 (Macintosh; Intel Mac OS X 10.11; rv:47.0) Gecko/20100101 Firefox/47.0"
52.57.12.64 - - [11/Jan/2018:13:05:03 +0100] "GET / HTTP/1.1" 200 1229 "-" "auskunftbot/1.0 (+https://www.auskunft.de)"
217.95.206.79 - - [11/Jan/2018:13:07:56 +0100] "GET / HTTP/1.1" 200 1229 "http://www.oberstufenzentrum.de/schulen/friedrich-list-schule" "Mozilla/5.0 (Windows NT 10.0; rv:44.0) Gecko/20100101 Firefox/44.0"
217.95.206.79 - - [11/Jan/2018:13:07:56 +0100] "GET /favicon.ico HTTP/1.1" 404 331 "-" "Mozilla/5.0 (Windows NT 10.0; rv:44.0) Gecko/20100101 Firefox/44.0"
217.95.206.79 - - [11/Jan/2018:13:07:56 +0100] "GET /favicon.ico HTTP/1.1" 404 331 "-" "Mozilla/5.0 (Windows NT 10.0; rv:44.0) Gecko/20100101 Firefox/44.0"
217.95.206.79 - - [11/Jan/2018:13:10:37 +0100] "GET / HTTP/1.1" 200 1229 "http://www.oberstufenzentrum.de/schulen/friedrich-list-schule" "Mozilla/5.0 (Windows NT 10.0; rv:44.0) Gecko/20100101 Firefox/44.0"
217.95.206.79 - - [11/Jan/2018:13:10:38 +0100] "GET /favicon.ico HTTP/1.1" 404 331 "-" "Mozilla/5.0 (Windows NT 10.0; rv:44.0) Gecko/20100101 Firefox/44.0"
217.95.206.79 - - [11/Jan/2018:13:10:38 +0100] "GET /favicon.ico HTTP/1.1" 404 331 "-" "Mozilla/5.0 (Windows NT 10.0; rv:44.0) Gecko/20100101 Firefox/44.0"
125.39.222.46 - - [11/Jan/2018:13:33:20 +0100] "CONNECT 212.91.246.83 HTTP/1.1" 400 329 "-" "-"
172.104.108.109 - - [11/Jan/2018:13:33:39 +0100] "GET / HTTP/1.1" 200 1229 "-" "Mozilla/5.0"
164.52.24.140 - - [11/Jan/2018:14:18:26 +0100] "\x16\x03\x01\x01\"\x01" 501 326 "-" "-"
164.52.24.140 - - [11/Jan/2018:14:18:33 +0100] "USER test +iw test :Test Wuz Here" 400 329 "-" "-"
164.52.24.140 - - [11/Jan/2018:14:18:36 +0100] "GET / HTTP/1.1" 200 1229 "-" "Mozilla/5.0 (Windows NT 6.1; WOW64; rv:52.0) Gecko/20100101 Firefox/52.0"
13.124.184.140 - - [11/Jan/2018:14:38:37 +0100] "GET anpin/chanpin06.html HTTP/1.1" 400 333 "-" "-"
204.79.180.22 - - [11/Jan/2018:14:57:07 +0100] "GET / HTTP/1.1" 200 1229 "-" "Mozilla/5.0 (compatible; MSIE 9.0; Windows NT 6.1; Trident/5.0; Trident/5.0)"
60.191.38.78 - - [11/Jan/2018:15:43:43 +0100] "GET / HTTP/1.1" 200 1229 "-" "Mozilla/5.0 (Macintosh; Intel Mac OS X 10.11; rv:47.0) Gecko/20100101 Firefox/47.0"
164.52.24.140 - - [11/Jan/2018:15:44:47 +0100] "\x16\x03\x01\x01\"\x01" 501 326 "-" "-"
164.52.24.140 - - [11/Jan/2018:15:44:54 +0100] "USER test +iw test :Test Wuz Here" 400 329 "-" "-"
164.52.24.140 - - [11/Jan/2018:15:44:57 +0100] "GET / HTTP/1.1" 200 1229 "-" "Mozilla/5.0 (Windows NT 6.1; WOW64; rv:52.0) Gecko/20100101 Firefox/52.0"
60.191.38.78 - - [11/Jan/2018:15:46:45 +0100] "GET / HTTP/1.1" 200 1229 "-" "Mozilla/5.0 (Macintosh; Intel Mac OS X 10.11; rv:47.0) Gecko/20100101 Firefox/47.0"
203.24.188.242 - - [11/Jan/2018:16:14:01 +0100] "GET /invoker/JMXInvokerServlet HTTP/1.1" 404 330 "-" "NYU"
210.14.78.91 - - [11/Jan/2018:16:17:22 +0100] "GET / HTTP/1.1" 200 1229 "-" "Mozilla/5.0 zgrab/0.x"
203.24.188.242 - - [11/Jan/2018:16:32:27 +0100] "GET /invoker/JMXInvokerServlet HTTP/1.1" 404 330 "-" "NYU"
164.132.91.1 - - [11/Jan/2018:17:03:40 +0100] "GET / HTTP/1.1" 200 1229 "-" "Mozilla/5.0 (Windows NT 5.1; rv:31.0) Gecko/20100101 Firefox/31.0"
203.24.188.242 - - [11/Jan/2018:17:14:34 +0100] "GET /invoker/JMXInvokerServlet HTTP/1.1" 404 330 "-" "NYU"
164.52.24.140 - - [11/Jan/2018:17:19:07 +0100] "\x16\x03\x01\x01\"\x01" 501 326 "-" "-"
164.52.24.140 - - [11/Jan/2018:17:19:14 +0100] "USER test +iw test :Test Wuz Here" 400 329 "-" "-"
164.52.24.140 - - [11/Jan/2018:17:19:17 +0100] "GET / HTTP/1.1" 200 1229 "-" "Mozilla/5.0 (Windows NT 6.1; WOW64; rv:52.0) Gecko/20100101 Firefox/52.0"
217.172.183.177 - - [11/Jan/2018:17:22:37 +0100] "GET / HTTP/1.0" 200 1229 "-" "masscan/1.0 (https://github.com/robertdavidgraham/masscan)"
139.162.114.70 - - [11/Jan/2018:17:32:53 +0100] "GET / HTTP/1.1" 200 1229 "-" "Mozilla/5.0 (Windows NT 10.0; WOW64) AppleWebKit/537.36 (KHTML, like Gecko) Chrome/50.0.2661.102 Safari/537.36"
139.162.119.197 - - [11/Jan/2018:18:01:03 +0100] "GET / HTTP/1.1" 200 1229 "-" "Mozilla/5.0 (Windows NT 10.0; WOW64) AppleWebKit/537.36 (KHTML, like Gecko) Chrome/50.0.2661.102 Safari/537.36"
164.132.91.1 - - [11/Jan/2018:18:17:22 +0100] "GET / HTTP/1.1" 200 1229 "-" "Mozilla/5.0 (Windows NT 6.3; rv:36.0) Gecko/20100101 Firefox/36.0"
84.38.134.114 - - [11/Jan/2018:19:05:44 +0100] "GET / HTTP/1.1" 200 1229 "-" "Java/1.7.0_60"
139.162.114.70 - - [11/Jan/2018:19:45:50 +0100] "GET / HTTP/1.1" 200 1229 "-" "Mozilla/5.0 (Windows NT 10.0; WOW64) AppleWebKit/537.36 (KHTML, like Gecko) Chrome/50.0.2661.102 Safari/537.36"
164.52.24.140 - - [11/Jan/2018:19:47:19 +0100] "\x16\x03\x01\x01\"\x01" 501 326 "-" "-"
164.52.24.140 - - [11/Jan/2018:19:47:26 +0100] "USER test +iw test :Test Wuz Here" 400 329 "-" "-"
164.52.24.140 - - [11/Jan/2018:19:47:29 +0100] "GET / HTTP/1.1" 200 1229 "-" "Mozilla/5.0 (Windows NT 6.1; WOW64; rv:52.0) Gecko/20100101 Firefox/52.0"
217.195.59.23 - - [11/Jan/2018:20:36:09 +0100] "GET / HTTP/1.0" 200 1229 "-" "muhstik/1.0"
217.195.59.23 - - [11/Jan/2018:20:36:09 +0100] "GET / HTTP/1.0" 200 1229 "-" "muhstik/1.0"
217.195.59.23 - - [11/Jan/2018:20:36:09 +0100] "GET / HTTP/1.0" 200 1229 "-" "muhstik/1.0"
217.195.59.23 - - [11/Jan/2018:20:36:09 +0100] "GET / HTTP/1.0" 200 1229 "-" "muhstik/1.0"
217.195.59.23 - - [11/Jan/2018:20:36:09 +0100] "GET / HTTP/1.0" 200 1229 "-" "muhstik/1.0"
217.195.59.23 - - [11/Jan/2018:20:36:09 +0100] "GET / HTTP/1.0" 200 1229 "-" "muhstik/1.0"
217.195.59.23 - - [11/Jan/2018:20:36:09 +0100] "GET / HTTP/1.0" 200 1229 "-" "muhstik/1.0"
217.195.59.23 - - [11/Jan/2018:20:36:09 +0100] "GET / HTTP/1.0" 200 1229 "-" "muhstik/1.0"
217.195.59.23 - - [11/Jan/2018:20:36:09 +0100] "GET / HTTP/1.0" 200 1229 "-" "muhstik/1.0"
217.195.59.23 - - [11/Jan/2018:20:36:09 +0100] "GET / HTTP/1.0" 200 1229 "-" "muhstik/1.0"
217.195.59.23 - - [11/Jan/2018:20:36:19 +0100] "GET /webdav HTTP/1.0" 404 307 "-" "muhstik-scan/1.0"
217.195.59.23 - - [11/Jan/2018:20:36:19 +0100] "GET /webdav HTTP/1.0" 404 307 "-" "muhstik-scan/1.0"
217.195.59.23 - - [11/Jan/2018:20:36:19 +0100] "GET /webdav HTTP/1.0" 404 307 "-" "muhstik-scan/1.0"
217.195.59.23 - - [11/Jan/2018:20:36:19 +0100] "GET /webdav HTTP/1.0" 404 307 "-" "muhstik-scan/1.0"
217.195.59.23 - - [11/Jan/2018:20:36:19 +0100] "GET /webdav HTTP/1.0" 404 307 "-" "muhstik-scan/1.0"
217.195.59.23 - - [11/Jan/2018:20:36:19 +0100] "GET /webdav HTTP/1.0" 404 307 "-" "muhstik-scan/1.0"
217.195.59.23 - - [11/Jan/2018:20:36:19 +0100] "GET /webdav HTTP/1.0" 404 307 "-" "muhstik-scan/1.0"
217.195.59.23 - - [11/Jan/2018:20:36:19 +0100] "GET /webdav HTTP/1.0" 404 307 "-" "muhstik-scan/1.0"
217.195.59.23 - - [11/Jan/2018:20:36:19 +0100] "GET /webdav HTTP/1.0" 404 307 "-" "muhstik-scan/1.0"
217.195.59.23 - - [11/Jan/2018:20:36:19 +0100] "GET /webdav HTTP/1.0" 404 307 "-" "muhstik-scan/1.0"
66.249.64.149 - - [11/Jan/2018:20:52:18 +0100] "GET /robots.txt HTTP/1.1" 404 330 "-" "Mozilla/5.0 (compatible; Googlebot/2.1; +http://www.google.com/bot.html)"
66.249.64.151 - - [11/Jan/2018:20:52:18 +0100] "GET / HTTP/1.1" 200 1229 "-" "Mozilla/5.0 (Linux; Android 6.0.1; Nexus 5X Build/MMB29P) AppleWebKit/537.36 (KHTML, like Gecko) Chrome/41.0.2272.96 Mobile Safari/537.36 (compatible; Googlebot/2.1; +http://www.google.com/bot.html)"
222.165.195.105 - - [11/Jan/2018:21:05:41 +0100] "GET / HTTP/1.0" 200 1229 "-" "-"
195.22.22.20 - - [11/Jan/2018:21:20:11 +0100] "GET / HTTP/1.1" 200 1229 "-" "Mozilla/5.0 zgrab/0.x"
164.132.91.1 - - [11/Jan/2018:21:34:30 +0100] "GET / HTTP/1.1" 200 1229 "-" "Lynx/2.8.7dev.4 libwww-FM/2.14 SSL-MM/1.4.1 OpenSSL/0.9.8d"
218.254.226.9 - - [11/Jan/2018:21:47:44 +0100] "POST /command.php HTTP/1.1" 404 316 "-" "-"
218.254.226.9 - - [11/Jan/2018:21:48:00 +0100] "GET /system.ini?loginuse&loginpas HTTP/1.1" 404 315 "-" "-"
218.254.226.9 - - [11/Jan/2018:21:48:33 +0100] "GET /upgrade_handle.php?cmd=writeuploaddir&uploaddir=%27;echo+nuuo123456;%27 HTTP/1.1" 404 323 "-" "-"
218.254.226.9 - - [11/Jan/2018:21:49:01 +0100] "GET /board.cgi?cmd=cat%20/etc/passwd HTTP/1.1" 404 314 "-" "-"
218.254.226.9 - - [11/Jan/2018:21:49:16 +0100] "POST /hedwig.cgi HTTP/1.1" 404 315 "-" "-"
218.254.226.9 - - [11/Jan/2018:21:49:47 +0100] "POST /apply.cgi HTTP/1.1" 404 314 "-" "-"
218.254.226.9 - - [11/Jan/2018:21:50:03 +0100] "GET /setup.cgi?next_file=netgear.cfg&todo=syscmd&curpath=/¤tsetting.htm=1&cmd=echo+dgn123456 HTTP/1.1" 404 314 "-" "-"
218.254.226.9 - - [11/Jan/2018:21:50:33 +0100] "GET /shell?echo+jaws123456 HTTP/1.1" 404 310 "-" "-"
203.24.188.242 - - [11/Jan/2018:21:59:43 +0100] "GET /invoker/JMXInvokerServlet HTTP/1.1" 404 330 "-" "NYU"
38.100.21.65 - - [11/Jan/2018:22:14:22 +0100] "GET / HTTP/1.1" 200 1229 "-" "Mozilla/4.0 (compatible; MSIE 7.0; Windows NT 5.2)"
203.24.188.242 - - [11/Jan/2018:22:26:59 +0100] "GET /invoker/JMXInvokerServlet HTTP/1.1" 404 330 "-" "NYU"
169.229.3.90 - - [11/Jan/2018:22:33:15 +0100] "GET /category/catno/32 HTTP/1.1" 404 337 "-" "Mozilla/5.0"
144.76.223.13 - - [11/Jan/2018:22:54:22 +0100] "GET / HTTP/1.1" 200 1229 "-" "Mozilla/5.0 (Windows; U; Windows NT 6.1; de; rv:1.9.2.12) Gecko/20101026 Firefox/3.6.12"
5.228.156.227 - - [11/Jan/2018:23:01:36 +0100] "GET / HTTP/1.1" 200 1229 "http://yandex.ru/clck/jsredir?from=yandex.ru%3Bsearch%3Bweb%3B%3B&text=&etext=1663.rPWBjqDHqcqcvf4Udl7BbVOLqU7_gttvr2UMM3TDFJm_-jZJehg9pQUna-bHCHrSiPJJ10CeB71w1qZMDt283g.f152b3a388bddef5e05851a993e4440cfa3cd90d&uuid=&state=_BLhILn4SxNIvvL0W45KSic66uCIg23qh8iRG98qeIXmeppkgUc0YCYBcIrWNUha-mUlBiA3OhY&data=UlNrNmk5WktYejR0eWJFYk1Ldmtxb2syQ0lXUG9tRHRMR18yNVU1OTlWVmhDWUdTR09jekl0a1J3ZFBTSlg5aVoxUnRZMlo1Z3Z5WUZUUzZtckMxb1BWZ0NXam16U1BSb0I4a2JMN3dnUElQTk9zVVlXUnh1UQ&b64e=2&sign=908f8fa2a18a74df576c269e34f9e0ff&keyno=0&cst=AiuY0DBWFJ7IXge4WdYJQe3IrxbPWIv4z5Wtrz6-sL723kpHcRk-0HgU1HqKUZNUMlGZwQuS5Y2cn0T6s6xLfClxE-n-naDtpRZz0Eh1eAu-Zy6TFsrSVfgFrAOsogQ_t_woSn8QtJFG1acJ9Wg1Qsunlml5fDzl&ref=orjY4mGPRjk5boDnW0uvlrrd71vZw9kp5uQozpMtKCXEfKO1imoOE2eQcXRui8U0dmy4hdQiYcRSEp8BGiLLbsJr7OrONzAhPJ6y69ddKj55sPp8n2Ex4ku_b_l2J3IuQ83zL2ylWvo&l10n=ru&cts=1515706528458&mc=6.06064226092" "Mozilla/5.0 (compatible; MSIE 10.0; Windows NT 6.1; Trident/6.0; MDDCJS)"
94.102.49.190 - - [11/Jan/2018:23:14:52 +0100] "GET / HTTP/1.1" 200 1229 "-" "Mozilla/5.0 (Windows NT 6.1) AppleWebKit/537.36 (KHTML, like Gecko) Chrome/41.0.2228.0 Safari/537.36"
94.102.49.190 - - [11/Jan/2018:23:15:00 +0100] "GET /robots.txt HTTP/1.1" 404 315 "-" "-"
94.102.49.190 - - [11/Jan/2018:23:15:11 +0100] "GET /favicon.ico HTTP/1.1" 404 316 "-" "python-requests/2.10.0"
164.132.91.1 - - [11/Jan/2018:23:37:48 +0100] "GET / HTTP/1.1" 200 1229 "-" "Mozilla/5.0 (compatible; MSIE 9.0; Windows NT 6.0) Opera 12.14"
5.101.6.170 - - [11/Jan/2018:23:49:10 +0100] "GET /invoker/readonly HTTP/1.1" 404 321 "-" "Mozilla/5.0 (Windows NT 10.0; Win64; x64) AppleWebKit/537.36 (KHTML, like Gecko) Chrome/52.0.2743.116 Safari/537.36 Edge/15.15063"
5.101.6.170 - - [11/Jan/2018:23:52:55 +0100] "GET /invoker/readonly HTTP/1.1" 404 321 "-" "Mozilla/5.0 (Windows NT 10.0; Win64; x64) AppleWebKit/537.36 (KHTML, like Gecko) Chrome/52.0.2743.116 Safari/537.36 Edge/15.15063"
5.101.6.170 - - [11/Jan/2018:23:53:34 +0100] "GET /invoker/readonly HTTP/1.1" 404 321 "-" "Mozilla/5.0 (Windows NT 10.0; Win64; x64) AppleWebKit/537.36 (KHTML, like Gecko) Chrome/52.0.2743.116 Safari/537.36 Edge/15.15063"
5.101.6.170 - - [12/Jan/2018:00:02:52 +0100] "GET /invoker/readonly HTTP/1.1" 404 321 "-" "Mozilla/5.0 (Windows NT 10.0; Win64; x64) AppleWebKit/537.36 (KHTML, like Gecko) Chrome/52.0.2743.116 Safari/537.36 Edge/15.15063"
