89.204.139.110 - - [23/Jan/2018:18:50:49 +0100] "POST / HTTP/1.1" 200 1229 "-" "Mozilla/5.0 (Windows NT 10.0; WOW64; Trident/7.0; MAARJS; rv:11.0) like Gecko"
141.8.141.131 - - [23/Jan/2018:18:51:22 +0100] "GET /robots.txt HTTP/1.1" 404 323 "-" "Mozilla/5.0 (compatible; YandexBot/3.0; +http://yandex.com/bots)"
141.8.141.131 - - [23/Jan/2018:18:51:26 +0100] "GET /favicon.ico HTTP/1.1" 404 324 "-" "Mozilla/5.0 (compatible; YandexBot/3.0; +http://yandex.com/bots)"
89.204.139.110 - - [23/Jan/2018:18:52:50 +0100] "POST / HTTP/1.1" 200 1229 "-" "Mozilla/5.0 (Windows NT 10.0; WOW64; Trident/7.0; MAARJS; rv:11.0) like Gecko"
89.204.139.110 - - [23/Jan/2018:18:54:51 +0100] "POST / HTTP/1.1" 200 1229 "-" "Mozilla/5.0 (Windows NT 10.0; WOW64; Trident/7.0; MAARJS; rv:11.0) like Gecko"
89.204.139.110 - - [23/Jan/2018:18:56:51 +0100] "POST / HTTP/1.1" 200 1229 "-" "Mozilla/5.0 (Windows NT 10.0; WOW64; Trident/7.0; MAARJS; rv:11.0) like Gecko"
188.138.75.107 - - [23/Jan/2018:18:58:14 +0100] "GET / HTTP/1.1" 200 1229 "-" "Mozilla/5.0 (X11; U; Linux Core i7-4980HQ; de; rv:32.0; compatible; JobboerseBot; http://www.jobboerse.com/bot.htm) Gecko/20100101 Firefox/38.0"
188.138.75.107 - - [23/Jan/2018:18:58:14 +0100] "GET /robots.txt HTTP/1.1" 404 330 "-" "Mozilla/5.0 (X11; U; Linux Core i7-4980HQ; de; rv:32.0; compatible; JobboerseBot; http://www.jobboerse.com/bot.htm) Gecko/20100101 Firefox/38.0"
188.138.75.107 - - [23/Jan/2018:18:58:14 +0100] "GET / HTTP/1.1" 200 1229 "-" "Mozilla/5.0 (X11; U; Linux Core i7-4980HQ; de; rv:32.0; compatible; JobboerseBot; http://www.jobboerse.com/bot.htm) Gecko/20100101 Firefox/38.0"
188.138.75.107 - - [23/Jan/2018:18:58:15 +0100] "GET / HTTP/1.1" 200 1229 "-" "Mozilla/5.0 (X11; U; Linux Core i7-4980HQ; de; rv:32.0; compatible; JobboerseBot; http://www.jobboerse.com/bot.htm) Gecko/20100101 Firefox/38.0"
89.204.139.110 - - [23/Jan/2018:18:58:52 +0100] "POST / HTTP/1.1" 200 1229 "-" "Mozilla/5.0 (Windows NT 10.0; WOW64; Trident/7.0; MAARJS; rv:11.0) like Gecko"
89.204.139.110 - - [23/Jan/2018:19:00:53 +0100] "POST / HTTP/1.1" 200 1229 "-" "Mozilla/5.0 (Windows NT 10.0; WOW64; Trident/7.0; MAARJS; rv:11.0) like Gecko"
89.204.139.110 - - [23/Jan/2018:19:02:53 +0100] "POST / HTTP/1.1" 200 1229 "-" "Mozilla/5.0 (Windows NT 10.0; WOW64; Trident/7.0; MAARJS; rv:11.0) like Gecko"
89.204.139.110 - - [23/Jan/2018:19:04:54 +0100] "POST / HTTP/1.1" 200 1229 "-" "Mozilla/5.0 (Windows NT 10.0; WOW64; Trident/7.0; MAARJS; rv:11.0) like Gecko"
89.204.139.110 - - [23/Jan/2018:19:06:54 +0100] "POST / HTTP/1.1" 200 1229 "-" "Mozilla/5.0 (Windows NT 10.0; WOW64; Trident/7.0; MAARJS; rv:11.0) like Gecko"
66.249.66.143 - - [23/Jan/2018:19:07:41 +0100] "GET /robots.txt HTTP/1.1" 404 332 "-" "Mozilla/5.0 (compatible; Googlebot/2.1; +http://www.google.com/bot.html)"
66.249.66.20 - - [23/Jan/2018:19:07:41 +0100] "GET / HTTP/1.1" 200 1229 "-" "Mozilla/5.0 (compatible; Googlebot/2.1; +http://www.google.com/bot.html)"
89.204.139.110 - - [23/Jan/2018:19:08:55 +0100] "POST / HTTP/1.1" 200 1229 "-" "Mozilla/5.0 (Windows NT 10.0; WOW64; Trident/7.0; MAARJS; rv:11.0) like Gecko"
93.219.139.103 - - [23/Jan/2018:19:09:29 +0100] "GET / HTTP/1.1" 200 1229 "http://m.oberstufenzentrum.de/schulen/friedrich-list-schule" "Mozilla/5.0 (iPhone; CPU iPhone OS 11_2_2 like Mac OS X) AppleWebKit/604.4.7 (KHTML, like Gecko) Version/11.0 Mobile/15C202 Safari/604.1"
93.219.139.103 - - [23/Jan/2018:19:09:36 +0100] "GET / HTTP/1.1" 200 1229 "http://m.oberstufenzentrum.de/schulen/friedrich-list-schule" "Mozilla/5.0 (iPhone; CPU iPhone OS 11_2_2 like Mac OS X) AppleWebKit/604.4.7 (KHTML, like Gecko) Version/11.0 Mobile/15C202 Safari/604.1"
89.204.139.110 - - [23/Jan/2018:19:10:56 +0100] "POST / HTTP/1.1" 200 1229 "-" "Mozilla/5.0 (Windows NT 10.0; WOW64; Trident/7.0; MAARJS; rv:11.0) like Gecko"
89.204.139.110 - - [23/Jan/2018:19:12:57 +0100] "POST / HTTP/1.1" 200 1229 "-" "Mozilla/5.0 (Windows NT 10.0; WOW64; Trident/7.0; MAARJS; rv:11.0) like Gecko"
89.204.139.110 - - [23/Jan/2018:19:14:58 +0100] "POST / HTTP/1.1" 200 1229 "-" "Mozilla/5.0 (Windows NT 10.0; WOW64; Trident/7.0; MAARJS; rv:11.0) like Gecko"
89.204.139.110 - - [23/Jan/2018:19:16:58 +0100] "POST / HTTP/1.1" 200 1229 "-" "Mozilla/5.0 (Windows NT 10.0; WOW64; Trident/7.0; MAARJS; rv:11.0) like Gecko"
89.204.139.110 - - [23/Jan/2018:19:18:58 +0100] "POST / HTTP/1.1" 200 1229 "-" "Mozilla/5.0 (Windows NT 10.0; WOW64; Trident/7.0; MAARJS; rv:11.0) like Gecko"
89.204.139.110 - - [23/Jan/2018:19:20:59 +0100] "POST / HTTP/1.1" 200 1229 "-" "Mozilla/5.0 (Windows NT 10.0; WOW64; Trident/7.0; MAARJS; rv:11.0) like Gecko"
54.36.150.188 - - [23/Jan/2018:19:21:11 +0100] "GET /robots.txt HTTP/1.1" 404 330 "-" "Mozilla/5.0 (compatible; AhrefsBot/5.2; +http://ahrefs.com/robot/)"
54.36.148.26 - - [23/Jan/2018:19:21:11 +0100] "GET / HTTP/1.1" 200 1229 "-" "Mozilla/5.0 (compatible; AhrefsBot/5.2; +http://ahrefs.com/robot/)"
89.204.139.110 - - [23/Jan/2018:19:22:59 +0100] "POST / HTTP/1.1" 200 1229 "-" "Mozilla/5.0 (Windows NT 10.0; WOW64; Trident/7.0; MAARJS; rv:11.0) like Gecko"
66.249.66.205 - - [23/Jan/2018:19:45:34 +0100] "GET / HTTP/1.1" 200 1229 "-" "Mozilla/5.0 (Linux; Android 6.0.1; Nexus 5X Build/MMB29P) AppleWebKit/537.36 (KHTML, like Gecko) Chrome/41.0.2272.96 Mobile Safari/537.36 (compatible; Googlebot/2.1; +http://www.google.com/bot.html)"
66.249.66.216 - - [23/Jan/2018:20:04:32 +0100] "GET /robots.txt HTTP/1.1" 404 318 "-" "Mozilla/5.0 (compatible; Googlebot/2.1; +http://www.google.com/bot.html)"
66.249.66.134 - - [23/Jan/2018:20:04:32 +0100] "GET / HTTP/1.1" 200 1229 "-" "Mozilla/5.0 (compatible; Googlebot/2.1; +http://www.google.com/bot.html)"
159.89.104.157 - - [23/Jan/2018:20:40:41 +0100] "POST /vpnupload.cgi HTTP/1.1" 404 318 "-" "Go-http-client/1.1"
204.79.180.20 - - [23/Jan/2018:21:20:57 +0100] "GET / HTTP/1.1" 200 1229 "-" "Mozilla/5.0 (compatible; MSIE 9.0; Windows NT 6.1; Trident/5.0; Trident/5.0)"
64.246.165.200 - - [23/Jan/2018:21:31:19 +0100] "GET /robots.txt HTTP/1.0" 404 323 "-" "Mozilla/5.0 (Windows; U; Windows NT 5.1; en; rv:1.9.0.13) Gecko/2009073022 Firefox/3.5.2 (.NET CLR 3.5.30729) SurveyBot/2.3 (DomainTools)"
64.246.165.200 - - [23/Jan/2018:21:31:19 +0100] "GET / HTTP/1.1" 200 1229 "http://whois.domaintools.com/hotelkleidung.com" "Mozilla/5.0 (Windows; U; Windows NT 5.1; en; rv:1.9.0.13) Gecko/2009073022 Firefox/3.5.2 (.NET CLR 3.5.30729) SurveyBot/2.3 (DomainTools)"
54.82.7.175 - - [23/Jan/2018:21:41:45 +0100] "GET / HTTP/1.1" 200 1229 "-" "Mozilla/5.0 (Windows NT 6.2;en-US) AppleWebKit/537.32.36 (KHTML, live Gecko) Chrome/56.0.3109.50 Safari/537.32"
141.212.122.128 - - [23/Jan/2018:21:45:50 +0100] "GET / HTTP/1.1" 200 1229 "-" "Mozilla/5.0 zgrab/0.x"
91.200.12.21 - - [23/Jan/2018:22:26:22 +0100] "GET /jquery-file-upload/server/php/ HTTP/1.1" 404 343 "http://www.hotelkleidung.com/jquery-file-upload/server/php/" "Mozilla/5.0 (Windows NT 6.1; WOW64) AppleWebKit/537.36 (KHTML, like Gecko) Chrome/42.0.2311.152 Safari/537.36"
107.170.251.28 - - [23/Jan/2018:22:37:39 +0100] "GET / HTTP/1.1" 200 1229 "-" "Mozilla/5.0 zgrab/0.x"
63.246.129.168 - - [23/Jan/2018:22:38:23 +0100] "HEAD /phpMyAdmin/scripts/setup.php HTTP/1.0" 404 - "-" "Mozilla/5.0"
63.246.129.168 - - [23/Jan/2018:22:38:25 +0100] "HEAD /phpMyAdmin/scripts/setup.php HTTP/1.0" 404 - "-" "Mozilla/5.0"
63.246.129.168 - - [23/Jan/2018:22:38:27 +0100] "HEAD /phpMyAdmin/scripts/setup.php HTTP/1.0" 404 - "-" "Mozilla/5.0"
63.246.129.168 - - [23/Jan/2018:22:38:27 +0100] "HEAD /phpMyAdmin/scripts/setup.php HTTP/1.0" 404 - "-" "Mozilla/5.0"
63.246.129.168 - - [23/Jan/2018:22:38:31 +0100] "HEAD /phpMyAdmin/scripts/setup.php HTTP/1.0" 404 - "-" "Mozilla/5.0"
63.246.129.168 - - [23/Jan/2018:22:38:39 +0100] "HEAD /phpMyAdmin/scripts/setup.php HTTP/1.0" 404 - "-" "Mozilla/5.0"
63.246.129.168 - - [23/Jan/2018:22:38:40 +0100] "HEAD /phpMyAdmin/scripts/setup.php HTTP/1.0" 404 - "-" "Mozilla/5.0"
63.246.129.168 - - [23/Jan/2018:22:38:41 +0100] "HEAD /phpMyAdmin/scripts/setup.php HTTP/1.0" 404 - "-" "Mozilla/5.0"
107.170.251.28 - - [23/Jan/2018:22:38:46 +0100] "GET / HTTP/1.1" 200 1229 "-" "Mozilla/5.0 zgrab/0.x"
107.170.251.28 - - [23/Jan/2018:22:38:53 +0100] "GET / HTTP/1.1" 200 1229 "-" "Mozilla/5.0 zgrab/0.x"
63.246.129.168 - - [23/Jan/2018:22:39:47 +0100] "HEAD /phpMyAdmin/scripts/setup.php HTTP/1.0" 404 - "-" "Mozilla/5.0"
63.246.129.168 - - [23/Jan/2018:22:40:20 +0100] "HEAD /phpMyAdmin/scripts/setup.php HTTP/1.0" 404 - "-" "Mozilla/5.0"
107.170.251.28 - - [23/Jan/2018:22:43:26 +0100] "GET / HTTP/1.1" 200 1229 "-" "Mozilla/5.0 zgrab/0.x"
107.170.251.28 - - [23/Jan/2018:22:43:49 +0100] "GET / HTTP/1.1" 200 1229 "-" "Mozilla/5.0 zgrab/0.x"
107.170.251.28 - - [23/Jan/2018:22:46:03 +0100] "GET / HTTP/1.1" 200 1229 "-" "Mozilla/5.0 zgrab/0.x"
107.170.251.28 - - [23/Jan/2018:22:46:04 +0100] "GET / HTTP/1.1" 200 1229 "-" "Mozilla/5.0 zgrab/0.x"
107.170.251.28 - - [23/Jan/2018:22:47:27 +0100] "GET / HTTP/1.1" 200 1229 "-" "Mozilla/5.0 zgrab/0.x"
107.170.251.28 - - [23/Jan/2018:22:47:59 +0100] "GET / HTTP/1.1" 200 1229 "-" "Mozilla/5.0 zgrab/0.x"
107.170.251.28 - - [23/Jan/2018:22:49:23 +0100] "GET / HTTP/1.1" 200 1229 "-" "Mozilla/5.0 zgrab/0.x"
199.58.86.211 - - [23/Jan/2018:23:05:50 +0100] "GET /robots.txt HTTP/1.1" 404 330 "-" "Mozilla/5.0 (compatible; MJ12bot/v1.4.8; http://mj12bot.com/)"
199.58.86.211 - - [23/Jan/2018:23:05:52 +0100] "GET / HTTP/1.1" 200 1229 "-" "Mozilla/5.0 (compatible; MJ12bot/v1.4.8; http://mj12bot.com/)"
46.229.164.100 - - [23/Jan/2018:23:17:21 +0100] "GET /robots.txt HTTP/1.1" 404 330 "-" "Mozilla/5.0 (compatible; SemrushBot/1.2~bl; +http://www.semrush.com/bot.html)"
182.101.57.125 - - [23/Jan/2018:23:44:07 +0100] "GET / HTTP/1.0" 200 1229 "-" "-"
139.210.157.71 - - [23/Jan/2018:23:54:12 +0100] "GET / HTTP/1.0" 200 1229 "-" "-"
120.36.123.153 - - [23/Jan/2018:23:54:57 +0100] "GET / HTTP/1.1" 200 1229 "-" "Mozilla/5.0 (Windows NT 6.1) AppleWebKit/537.1 (KHTML, like Gecko) Chrome/21.0.1180.89 Safari/537.1"
175.17.195.41 - - [23/Jan/2018:23:58:38 +0100] "GET / HTTP/1.0" 200 1229 "-" "-"
66.249.66.158 - - [24/Jan/2018:00:48:44 +0100] "GET /robots.txt HTTP/1.1" 404 323 "-" "Mozilla/5.0 (compatible; Googlebot/2.1; +http://www.google.com/bot.html)"
66.249.66.27 - - [24/Jan/2018:00:48:44 +0100] "GET / HTTP/1.1" 200 1229 "-" "Mozilla/5.0 (Linux; Android 6.0.1; Nexus 5X Build/MMB29P) AppleWebKit/537.36 (KHTML, like Gecko) Chrome/41.0.2272.96 Mobile Safari/537.36 (compatible; Googlebot/2.1; +http://www.google.com/bot.html)"
179.108.172.215 - - [24/Jan/2018:01:07:41 +0100] "GET / HTTP/1.0" 200 1229 "-" "muhstik/1.0"
179.108.172.229 - - [24/Jan/2018:01:07:41 +0100] "GET / HTTP/1.0" 200 1229 "-" "muhstik/1.0"
179.108.172.228 - - [24/Jan/2018:01:07:41 +0100] "GET / HTTP/1.0" 200 1229 "-" "muhstik/1.0"
179.108.172.219 - - [24/Jan/2018:01:07:41 +0100] "GET / HTTP/1.0" 200 1229 "-" "muhstik/1.0"
179.108.172.207 - - [24/Jan/2018:01:07:41 +0100] "GET / HTTP/1.0" 200 1229 "-" "muhstik/1.0"
179.108.172.239 - - [24/Jan/2018:01:07:41 +0100] "GET / HTTP/1.0" 200 1229 "-" "muhstik/1.0"
179.108.172.222 - - [24/Jan/2018:01:07:42 +0100] "GET / HTTP/1.0" 200 1229 "-" "muhstik/1.0"
179.108.172.230 - - [24/Jan/2018:01:07:42 +0100] "GET / HTTP/1.0" 200 1229 "-" "muhstik/1.0"
179.108.172.225 - - [24/Jan/2018:01:07:42 +0100] "GET / HTTP/1.0" 200 1229 "-" "muhstik/1.0"
179.108.172.223 - - [24/Jan/2018:01:07:42 +0100] "GET / HTTP/1.0" 200 1229 "-" "muhstik/1.0"
179.108.172.215 - - [24/Jan/2018:01:07:52 +0100] "GET /webdav HTTP/1.0" 404 307 "-" "muhstik-scan/1.0"
179.108.172.229 - - [24/Jan/2018:01:07:52 +0100] "GET /webdav HTTP/1.0" 404 307 "-" "muhstik-scan/1.0"
179.108.172.239 - - [24/Jan/2018:01:07:52 +0100] "GET /webdav HTTP/1.0" 404 307 "-" "muhstik-scan/1.0"
179.108.172.228 - - [24/Jan/2018:01:07:52 +0100] "GET /webdav HTTP/1.0" 404 307 "-" "muhstik-scan/1.0"
179.108.172.219 - - [24/Jan/2018:01:07:52 +0100] "GET /webdav HTTP/1.0" 404 307 "-" "muhstik-scan/1.0"
179.108.172.207 - - [24/Jan/2018:01:07:52 +0100] "GET /webdav HTTP/1.0" 404 307 "-" "muhstik-scan/1.0"
179.108.172.222 - - [24/Jan/2018:01:07:52 +0100] "GET /webdav HTTP/1.0" 404 307 "-" "muhstik-scan/1.0"
179.108.172.230 - - [24/Jan/2018:01:07:52 +0100] "GET /webdav HTTP/1.0" 404 307 "-" "muhstik-scan/1.0"
179.108.172.202 - - [24/Jan/2018:01:07:52 +0100] "GET /webdav HTTP/1.0" 404 307 "-" "muhstik-scan/1.0"
179.108.172.223 - - [24/Jan/2018:01:07:53 +0100] "GET /webdav HTTP/1.0" 404 307 "-" "muhstik-scan/1.0"
64.90.40.102 - - [24/Jan/2018:01:07:57 +0100] "GET /wp-admin/setup-config.php?step=1 HTTP/1.1" 404 330 "-" "libwww-perl/6.05"
64.90.40.102 - - [24/Jan/2018:01:07:58 +0100] "GET /wordpress/wp-admin/setup-config.php?step=1 HTTP/1.1" 404 340 "-" "libwww-perl/6.05"
64.90.40.102 - - [24/Jan/2018:01:07:58 +0100] "GET /cms/wp-admin/setup-config.php?step=1 HTTP/1.1" 404 334 "-" "libwww-perl/6.05"
64.90.40.102 - - [24/Jan/2018:01:07:58 +0100] "GET /test/wp-admin/setup-config.php?step=1 HTTP/1.1" 404 335 "-" "libwww-perl/6.05"
64.90.40.102 - - [24/Jan/2018:01:07:59 +0100] "GET /wp/wp-admin/setup-config.php?step=1 HTTP/1.1" 404 333 "-" "libwww-perl/6.05"
179.108.172.215 - - [24/Jan/2018:01:08:33 +0100] "GET / HTTP/1.0" 200 1229 "-" "muhstik-scan"
179.108.172.215 - - [24/Jan/2018:01:08:34 +0100] "GET / HTTP/1.0" 200 1229 "-" "muhstik-scan"
179.108.172.228 - - [24/Jan/2018:01:08:42 +0100] "GET / HTTP/1.0" 200 1229 "-" "muhstik-scan"
179.108.172.239 - - [24/Jan/2018:01:08:42 +0100] "GET / HTTP/1.0" 200 1229 "-" "muhstik-scan"
179.108.172.229 - - [24/Jan/2018:01:08:42 +0100] "GET / HTTP/1.0" 200 1229 "-" "muhstik-scan"
179.108.172.219 - - [24/Jan/2018:01:08:42 +0100] "GET / HTTP/1.0" 200 1229 "-" "muhstik-scan"
179.108.172.207 - - [24/Jan/2018:01:08:43 +0100] "GET / HTTP/1.0" 200 1229 "-" "muhstik-scan"
179.108.172.230 - - [24/Jan/2018:01:08:43 +0100] "GET / HTTP/1.0" 200 1229 "-" "muhstik-scan"
179.108.172.222 - - [24/Jan/2018:01:08:43 +0100] "GET / HTTP/1.0" 200 1229 "-" "muhstik-scan"
179.108.172.225 - - [24/Jan/2018:01:08:43 +0100] "GET / HTTP/1.0" 200 1229 "-" "muhstik-scan"
179.108.172.239 - - [24/Jan/2018:01:08:43 +0100] "GET / HTTP/1.0" 200 1229 "-" "muhstik-scan"
179.108.172.228 - - [24/Jan/2018:01:08:43 +0100] "GET / HTTP/1.0" 200 1229 "-" "muhstik-scan"
179.108.172.229 - - [24/Jan/2018:01:08:43 +0100] "GET / HTTP/1.0" 200 1229 "-" "muhstik-scan"
179.108.172.207 - - [24/Jan/2018:01:08:43 +0100] "GET / HTTP/1.0" 200 1229 "-" "muhstik-scan"
179.108.172.219 - - [24/Jan/2018:01:08:43 +0100] "GET / HTTP/1.0" 200 1229 "-" "muhstik-scan"
179.108.172.223 - - [24/Jan/2018:01:08:43 +0100] "GET / HTTP/1.0" 200 1229 "-" "muhstik-scan"
179.108.172.222 - - [24/Jan/2018:01:08:44 +0100] "GET / HTTP/1.0" 200 1229 "-" "muhstik-scan"
179.108.172.223 - - [24/Jan/2018:01:08:44 +0100] "GET / HTTP/1.0" 200 1229 "-" "muhstik-scan"
179.108.172.225 - - [24/Jan/2018:01:08:44 +0100] "GET / HTTP/1.0" 200 1229 "-" "muhstik-scan"
179.108.172.230 - - [24/Jan/2018:01:08:47 +0100] "GET / HTTP/1.0" 200 1229 "-" "muhstik-scan"
64.90.40.102 - - [24/Jan/2018:01:38:06 +0100] "GET /wordpress/wp-admin/install.php HTTP/1.1" 404 335 "-" "libwww-perl/6.05"
209.126.136.4 - - [24/Jan/2018:01:59:58 +0100] "GET / HTTP/1.1" 200 1229 "-" "Mozilla/5.0 (Windows NT 10.0; Win64; x64) AppleWebKit/537.36 (KHTML, like Gecko) Chrome/57.0.2987.133 Safari/537.36"
66.118.142.100 - - [24/Jan/2018:02:26:38 +0100] "GET /phpmyadmin/scripts/setup.php HTTP/1.0" 404 329 "-" "-"
66.118.142.100 - - [24/Jan/2018:02:26:50 +0100] "GET /phpmyadmin/scripts/setup.php HTTP/1.0" 404 329 "-" "-"
66.118.142.100 - - [24/Jan/2018:02:26:54 +0100] "GET /phpmyadmin/scripts/setup.php HTTP/1.0" 404 329 "-" "-"
66.118.142.100 - - [24/Jan/2018:02:26:56 +0100] "GET /phpmyadmin/scripts/setup.php HTTP/1.0" 404 329 "-" "-"
66.118.142.100 - - [24/Jan/2018:02:26:58 +0100] "GET /phpmyadmin/scripts/setup.php HTTP/1.0" 404 329 "-" "-"
66.118.142.100 - - [24/Jan/2018:02:26:59 +0100] "GET /phpmyadmin/scripts/setup.php HTTP/1.0" 404 329 "-" "-"
66.118.142.100 - - [24/Jan/2018:02:27:00 +0100] "GET /phpmyadmin/scripts/setup.php HTTP/1.0" 404 329 "-" "-"
66.118.142.100 - - [24/Jan/2018:02:27:01 +0100] "GET /phpmyadmin/scripts/setup.php HTTP/1.0" 404 329 "-" "-"
66.118.142.100 - - [24/Jan/2018:02:27:02 +0100] "GET /phpmyadmin/scripts/setup.php HTTP/1.0" 404 329 "-" "-"
66.118.142.100 - - [24/Jan/2018:02:27:10 +0100] "GET /phpmyadmin/scripts/setup.php HTTP/1.0" 404 329 "-" "-"
209.126.136.4 - - [24/Jan/2018:02:46:33 +0100] "GET / HTTP/1.1" 200 1229 "-" "Mozilla/5.0 (Windows NT 10.0; Win64; x64) AppleWebKit/537.36 (KHTML, like Gecko) Chrome/57.0.2987.133 Safari/537.36"
66.249.64.150 - - [24/Jan/2018:03:08:43 +0100] "GET /robots.txt HTTP/1.1" 404 328 "-" "Mozilla/5.0 (compatible; Googlebot/2.1; +http://www.google.com/bot.html)"
66.249.64.152 - - [24/Jan/2018:03:08:44 +0100] "GET / HTTP/1.1" 200 1229 "-" "Mozilla/5.0 (Linux; Android 6.0.1; Nexus 5X Build/MMB29P) AppleWebKit/537.36 (KHTML, like Gecko) Chrome/41.0.2272.96 Mobile Safari/537.36 (compatible; Googlebot/2.1; +http://www.google.com/bot.html)"
209.126.136.4 - - [24/Jan/2018:03:14:46 +0100] "GET / HTTP/1.1" 200 1229 "-" "Mozilla/5.0 (Windows NT 10.0; Win64; x64) AppleWebKit/537.36 (KHTML, like Gecko) Chrome/57.0.2987.133 Safari/537.36"
196.52.43.54 - - [24/Jan/2018:04:17:20 +0100] "GET / HTTP/1.0" 200 1229 "-" "Mozilla/5.0(WindowsNT6.1;rv:31.0)Gecko/20100101Firefox/31.0"
141.212.122.128 - - [24/Jan/2018:05:04:08 +0100] "GET / HTTP/1.1" 200 1229 "-" "Mozilla/5.0 zgrab/0.x"
196.52.43.130 - - [24/Jan/2018:05:49:41 +0100] "GET / HTTP/1.0" 200 1229 "-" "Mozilla/5.0(WindowsNT6.1;rv:31.0)Gecko/20100101Firefox/31.0"
196.52.43.86 - - [24/Jan/2018:06:22:28 +0100] "GET / HTTP/1.0" 200 1229 "-" "Mozilla/5.0(WindowsNT6.1;rv:31.0)Gecko/20100101Firefox/31.0"
107.170.236.98 - - [24/Jan/2018:06:38:44 +0100] "GET / HTTP/1.1" 200 1229 "-" "Mozilla/5.0 zgrab/0.x"
107.170.236.98 - - [24/Jan/2018:06:39:00 +0100] "GET / HTTP/1.1" 200 1229 "-" "Mozilla/5.0 zgrab/0.x"
107.170.236.98 - - [24/Jan/2018:06:40:54 +0100] "GET / HTTP/1.1" 200 1229 "-" "Mozilla/5.0 zgrab/0.x"
107.170.236.98 - - [24/Jan/2018:06:42:53 +0100] "GET / HTTP/1.1" 200 1229 "-" "Mozilla/5.0 zgrab/0.x"
107.170.236.98 - - [24/Jan/2018:06:43:56 +0100] "GET / HTTP/1.1" 200 1229 "-" "Mozilla/5.0 zgrab/0.x"
107.170.236.98 - - [24/Jan/2018:06:44:36 +0100] "GET / HTTP/1.1" 200 1229 "-" "Mozilla/5.0 zgrab/0.x"
115.231.219.12 - - [24/Jan/2018:06:46:08 +0100] "GET /manager/html HTTP/1.1" 404 317 "-" "Mozilla/3.0 (compatible; Indy Library)"
115.231.219.12 - - [24/Jan/2018:06:46:08 +0100] "GET /manager/html HTTP/1.1" 404 317 "-" "Mozilla/3.0 (compatible; Indy Library)"
115.231.219.12 - - [24/Jan/2018:06:46:08 +0100] "GET /manager/html HTTP/1.1" 404 317 "-" "Mozilla/3.0 (compatible; Indy Library)"
115.231.219.12 - - [24/Jan/2018:06:46:08 +0100] "GET /manager/html HTTP/1.1" 404 317 "-" "Mozilla/3.0 (compatible; Indy Library)"
115.231.219.12 - - [24/Jan/2018:06:46:08 +0100] "GET /manager/html HTTP/1.1" 404 317 "-" "Mozilla/3.0 (compatible; Indy Library)"
115.231.219.12 - - [24/Jan/2018:06:46:08 +0100] "GET /manager/html HTTP/1.1" 404 317 "-" "Mozilla/3.0 (compatible; Indy Library)"
115.231.219.12 - - [24/Jan/2018:06:46:09 +0100] "GET /manager/html HTTP/1.1" 404 317 "-" "Mozilla/3.0 (compatible; Indy Library)"
107.170.236.98 - - [24/Jan/2018:06:47:03 +0100] "GET / HTTP/1.1" 200 1229 "-" "Mozilla/5.0 zgrab/0.x"
107.170.236.98 - - [24/Jan/2018:06:47:03 +0100] "GET / HTTP/1.1" 200 1229 "-" "Mozilla/5.0 zgrab/0.x"
107.170.236.98 - - [24/Jan/2018:06:47:13 +0100] "GET / HTTP/1.1" 200 1229 "-" "Mozilla/5.0 zgrab/0.x"
107.170.236.98 - - [24/Jan/2018:06:49:24 +0100] "GET / HTTP/1.1" 200 1229 "-" "Mozilla/5.0 zgrab/0.x"
209.126.136.4 - - [24/Jan/2018:07:19:57 +0100] "GET / HTTP/1.1" 200 1229 "-" "Mozilla/5.0 (Windows NT 10.0; Win64; x64) AppleWebKit/537.36 (KHTML, like Gecko) Chrome/57.0.2987.133 Safari/537.36"
195.202.49.114 - - [24/Jan/2018:09:02:21 +0100] "\x86" 501 316 "-" "-"
195.202.49.114 - - [24/Jan/2018:09:02:21 +0100] "POST / HTTP/1.1" 200 1229 "-" "Mozilla/5.0 (Windows NT 10.0; WOW64; Trident/7.0; rv:11.0) like Gecko"
79.252.115.17 - - [24/Jan/2018:09:03:04 +0100] "GET / HTTP/1.1" 200 1229 "http://www.oberstufenzentrum.de/schulen/friedrich-list-schule" "Mozilla/5.0 (Windows NT 6.1; Win64; x64) AppleWebKit/537.36 (KHTML, like Gecko) Chrome/63.0.3239.132 Safari/537.36"
79.252.115.17 - - [24/Jan/2018:09:03:04 +0100] "GET /favicon.ico HTTP/1.1" 404 331 "http://www.friedrich-list-berlin.de/" "Mozilla/5.0 (Windows NT 6.1; Win64; x64) AppleWebKit/537.36 (KHTML, like Gecko) Chrome/63.0.3239.132 Safari/537.36"
195.202.49.114 - - [24/Jan/2018:09:04:21 +0100] "POST / HTTP/1.1" 200 1229 "-" "Mozilla/5.0 (Windows NT 10.0; WOW64; Trident/7.0; rv:11.0) like Gecko"
195.202.49.114 - - [24/Jan/2018:09:06:21 +0100] "POST / HTTP/1.1" 200 1229 "-" "Mozilla/5.0 (Windows NT 10.0; WOW64; Trident/7.0; rv:11.0) like Gecko"
195.202.49.114 - - [24/Jan/2018:09:08:21 +0100] "POST / HTTP/1.1" 200 1229 "-" "Mozilla/5.0 (Windows NT 10.0; WOW64; Trident/7.0; rv:11.0) like Gecko"
195.202.49.114 - - [24/Jan/2018:09:10:21 +0100] "POST / HTTP/1.1" 200 1229 "-" "Mozilla/5.0 (Windows NT 10.0; WOW64; Trident/7.0; rv:11.0) like Gecko"
195.202.49.114 - - [24/Jan/2018:09:12:21 +0100] "POST / HTTP/1.1" 200 1229 "-" "Mozilla/5.0 (Windows NT 10.0; WOW64; Trident/7.0; rv:11.0) like Gecko"
195.202.49.114 - - [24/Jan/2018:09:14:21 +0100] "POST / HTTP/1.1" 200 1229 "-" "Mozilla/5.0 (Windows NT 10.0; WOW64; Trident/7.0; rv:11.0) like Gecko"
54.144.97.149 - - [24/Jan/2018:09:15:32 +0100] "GET / HTTP/1.1" 200 1229 "-" "Mozilla/5.0 (Windows NT 6.2;en-US) AppleWebKit/537.32.36 (KHTML, live Gecko) Chrome/51.0.3072.109 Safari/537.32"
195.202.49.114 - - [24/Jan/2018:09:16:21 +0100] "POST / HTTP/1.1" 200 1229 "-" "Mozilla/5.0 (Windows NT 10.0; WOW64; Trident/7.0; rv:11.0) like Gecko"
195.202.49.114 - - [24/Jan/2018:09:18:21 +0100] "POST / HTTP/1.1" 200 1229 "-" "Mozilla/5.0 (Windows NT 10.0; WOW64; Trident/7.0; rv:11.0) like Gecko"
209.126.136.4 - - [24/Jan/2018:09:19:14 +0100] "GET / HTTP/1.1" 200 1229 "-" "Mozilla/5.0 (Windows NT 10.0; Win64; x64) AppleWebKit/537.36 (KHTML, like Gecko) Chrome/57.0.2987.133 Safari/537.36"
195.202.49.114 - - [24/Jan/2018:09:20:22 +0100] "POST / HTTP/1.1" 200 1229 "-" "Mozilla/5.0 (Windows NT 10.0; WOW64; Trident/7.0; rv:11.0) like Gecko"
195.202.49.114 - - [24/Jan/2018:09:22:22 +0100] "POST / HTTP/1.1" 200 1229 "-" "Mozilla/5.0 (Windows NT 10.0; WOW64; Trident/7.0; rv:11.0) like Gecko"
195.202.49.114 - - [24/Jan/2018:09:24:22 +0100] "POST / HTTP/1.1" 200 1229 "-" "Mozilla/5.0 (Windows NT 10.0; WOW64; Trident/7.0; rv:11.0) like Gecko"
195.202.49.114 - - [24/Jan/2018:09:26:22 +0100] "POST / HTTP/1.1" 200 1229 "-" "Mozilla/5.0 (Windows NT 10.0; WOW64; Trident/7.0; rv:11.0) like Gecko"
64.90.40.102 - - [24/Jan/2018:09:26:41 +0100] "GET /wordpress/wp-admin/install.php HTTP/1.1" 404 335 "-" "libwww-perl/6.05"
195.202.49.114 - - [24/Jan/2018:09:28:22 +0100] "POST / HTTP/1.1" 200 1229 "-" "Mozilla/5.0 (Windows NT 10.0; WOW64; Trident/7.0; rv:11.0) like Gecko"
195.202.49.114 - - [24/Jan/2018:09:30:22 +0100] "POST / HTTP/1.1" 200 1229 "-" "Mozilla/5.0 (Windows NT 10.0; WOW64; Trident/7.0; rv:11.0) like Gecko"
195.202.49.114 - - [24/Jan/2018:09:32:22 +0100] "POST / HTTP/1.1" 200 1229 "-" "Mozilla/5.0 (Windows NT 10.0; WOW64; Trident/7.0; rv:11.0) like Gecko"
195.202.49.114 - - [24/Jan/2018:09:34:22 +0100] "POST / HTTP/1.1" 200 1229 "-" "Mozilla/5.0 (Windows NT 10.0; WOW64; Trident/7.0; rv:11.0) like Gecko"
195.202.49.114 - - [24/Jan/2018:09:36:22 +0100] "POST / HTTP/1.1" 200 1229 "-" "Mozilla/5.0 (Windows NT 10.0; WOW64; Trident/7.0; rv:11.0) like Gecko"
195.202.49.114 - - [24/Jan/2018:09:38:22 +0100] "POST / HTTP/1.1" 200 1229 "-" "Mozilla/5.0 (Windows NT 10.0; WOW64; Trident/7.0; rv:11.0) like Gecko"
195.202.49.114 - - [24/Jan/2018:09:40:23 +0100] "POST / HTTP/1.1" 200 1229 "-" "Mozilla/5.0 (Windows NT 10.0; WOW64; Trident/7.0; rv:11.0) like Gecko"
209.126.136.4 - - [24/Jan/2018:09:42:16 +0100] "GET / HTTP/1.1" 200 1229 "-" "Mozilla/5.0 (Windows NT 10.0; Win64; x64) AppleWebKit/537.36 (KHTML, like Gecko) Chrome/57.0.2987.133 Safari/537.36"
195.202.49.114 - - [24/Jan/2018:09:42:23 +0100] "POST / HTTP/1.1" 200 1229 "-" "Mozilla/5.0 (Windows NT 10.0; WOW64; Trident/7.0; rv:11.0) like Gecko"
195.202.49.114 - - [24/Jan/2018:09:44:23 +0100] "POST / HTTP/1.1" 200 1229 "-" "Mozilla/5.0 (Windows NT 10.0; WOW64; Trident/7.0; rv:11.0) like Gecko"
13.56.229.65 - - [24/Jan/2018:09:45:04 +0100] "GET / HTTP/1.1" 200 1229 "-" "Mozilla/5.0 (Macintosh; Intel Mac OS X 10_12_6) AppleWebKit/537.36 (KHTML, like Gecko) Chrome/61.0.3163.100 Safari/537.36"
195.202.49.114 - - [24/Jan/2018:09:46:23 +0100] "POST / HTTP/1.1" 200 1229 "-" "Mozilla/5.0 (Windows NT 10.0; WOW64; Trident/7.0; rv:11.0) like Gecko"
66.249.64.150 - - [24/Jan/2018:09:48:13 +0100] "GET /robots.txt HTTP/1.1" 404 318 "-" "Mozilla/5.0 (compatible; Googlebot/2.1; +http://www.google.com/bot.html)"
66.249.64.152 - - [24/Jan/2018:09:48:13 +0100] "GET / HTTP/1.1" 200 1229 "-" "Mozilla/5.0 (Linux; Android 6.0.1; Nexus 5X Build/MMB29P) AppleWebKit/537.36 (KHTML, like Gecko) Chrome/41.0.2272.96 Mobile Safari/537.36 (compatible; Googlebot/2.1; +http://www.google.com/bot.html)"
195.202.49.114 - - [24/Jan/2018:09:48:23 +0100] "POST / HTTP/1.1" 200 1229 "-" "Mozilla/5.0 (Windows NT 10.0; WOW64; Trident/7.0; rv:11.0) like Gecko"
195.202.49.114 - - [24/Jan/2018:09:50:23 +0100] "POST / HTTP/1.1" 200 1229 "-" "Mozilla/5.0 (Windows NT 10.0; WOW64; Trident/7.0; rv:11.0) like Gecko"
195.202.49.114 - - [24/Jan/2018:09:52:23 +0100] "POST / HTTP/1.1" 200 1229 "-" "Mozilla/5.0 (Windows NT 10.0; WOW64; Trident/7.0; rv:11.0) like Gecko"
195.202.49.114 - - [24/Jan/2018:09:54:23 +0100] "POST / HTTP/1.1" 200 1229 "-" "Mozilla/5.0 (Windows NT 10.0; WOW64; Trident/7.0; rv:11.0) like Gecko"
195.202.49.114 - - [24/Jan/2018:09:56:23 +0100] "POST / HTTP/1.1" 200 1229 "-" "Mozilla/5.0 (Windows NT 10.0; WOW64; Trident/7.0; rv:11.0) like Gecko"
195.202.49.114 - - [24/Jan/2018:09:58:23 +0100] "POST / HTTP/1.1" 200 1229 "-" "Mozilla/5.0 (Windows NT 10.0; WOW64; Trident/7.0; rv:11.0) like Gecko"
195.202.49.114 - - [24/Jan/2018:10:00:24 +0100] "POST / HTTP/1.1" 200 1229 "-" "Mozilla/5.0 (Windows NT 10.0; WOW64; Trident/7.0; rv:11.0) like Gecko"
195.202.49.114 - - [24/Jan/2018:10:02:24 +0100] "POST / HTTP/1.1" 200 1229 "-" "Mozilla/5.0 (Windows NT 10.0; WOW64; Trident/7.0; rv:11.0) like Gecko"
195.202.49.114 - - [24/Jan/2018:10:04:24 +0100] "POST / HTTP/1.1" 200 1229 "-" "Mozilla/5.0 (Windows NT 10.0; WOW64; Trident/7.0; rv:11.0) like Gecko"
195.202.49.114 - - [24/Jan/2018:10:06:24 +0100] "POST / HTTP/1.1" 200 1229 "-" "Mozilla/5.0 (Windows NT 10.0; WOW64; Trident/7.0; rv:11.0) like Gecko"
195.202.49.114 - - [24/Jan/2018:10:08:24 +0100] "POST / HTTP/1.1" 200 1229 "-" "Mozilla/5.0 (Windows NT 10.0; WOW64; Trident/7.0; rv:11.0) like Gecko"
195.202.49.114 - - [24/Jan/2018:10:10:24 +0100] "POST / HTTP/1.1" 200 1229 "-" "Mozilla/5.0 (Windows NT 10.0; WOW64; Trident/7.0; rv:11.0) like Gecko"
195.202.49.114 - - [24/Jan/2018:10:12:24 +0100] "POST / HTTP/1.1" 200 1229 "-" "Mozilla/5.0 (Windows NT 10.0; WOW64; Trident/7.0; rv:11.0) like Gecko"
195.202.49.114 - - [24/Jan/2018:10:14:24 +0100] "POST / HTTP/1.1" 200 1229 "-" "Mozilla/5.0 (Windows NT 10.0; WOW64; Trident/7.0; rv:11.0) like Gecko"
195.202.49.114 - - [24/Jan/2018:10:16:24 +0100] "POST / HTTP/1.1" 200 1229 "-" "Mozilla/5.0 (Windows NT 10.0; WOW64; Trident/7.0; rv:11.0) like Gecko"
195.202.49.114 - - [24/Jan/2018:10:18:24 +0100] "POST / HTTP/1.1" 200 1229 "-" "Mozilla/5.0 (Windows NT 10.0; WOW64; Trident/7.0; rv:11.0) like Gecko"
195.202.49.114 - - [24/Jan/2018:10:20:25 +0100] "POST / HTTP/1.1" 200 1229 "-" "Mozilla/5.0 (Windows NT 10.0; WOW64; Trident/7.0; rv:11.0) like Gecko"
60.191.38.78 - - [24/Jan/2018:10:21:38 +0100] "GET / HTTP/1.1" 200 1229 "-" "Mozilla/5.0 (Macintosh; Intel Mac OS X 10.11; rv:47.0) Gecko/20100101 Firefox/47.0"
195.202.49.114 - - [24/Jan/2018:10:22:25 +0100] "POST / HTTP/1.1" 200 1229 "-" "Mozilla/5.0 (Windows NT 10.0; WOW64; Trident/7.0; rv:11.0) like Gecko"
195.202.49.114 - - [24/Jan/2018:10:24:25 +0100] "POST / HTTP/1.1" 200 1229 "-" "Mozilla/5.0 (Windows NT 10.0; WOW64; Trident/7.0; rv:11.0) like Gecko"
195.202.49.114 - - [24/Jan/2018:10:26:25 +0100] "POST / HTTP/1.1" 200 1229 "-" "Mozilla/5.0 (Windows NT 10.0; WOW64; Trident/7.0; rv:11.0) like Gecko"
195.202.49.114 - - [24/Jan/2018:10:28:25 +0100] "POST / HTTP/1.1" 200 1229 "-" "Mozilla/5.0 (Windows NT 10.0; WOW64; Trident/7.0; rv:11.0) like Gecko"
195.202.49.114 - - [24/Jan/2018:10:30:25 +0100] "POST / HTTP/1.1" 200 1229 "-" "Mozilla/5.0 (Windows NT 10.0; WOW64; Trident/7.0; rv:11.0) like Gecko"
195.202.49.114 - - [24/Jan/2018:10:32:25 +0100] "POST / HTTP/1.1" 200 1229 "-" "Mozilla/5.0 (Windows NT 10.0; WOW64; Trident/7.0; rv:11.0) like Gecko"
195.202.49.114 - - [24/Jan/2018:10:34:25 +0100] "POST / HTTP/1.1" 200 1229 "-" "Mozilla/5.0 (Windows NT 10.0; WOW64; Trident/7.0; rv:11.0) like Gecko"
195.202.49.114 - - [24/Jan/2018:10:36:25 +0100] "POST / HTTP/1.1" 200 1229 "-" "Mozilla/5.0 (Windows NT 10.0; WOW64; Trident/7.0; rv:11.0) like Gecko"
94.102.49.190 - - [24/Jan/2018:10:38:07 +0100] "GET / HTTP/1.1" 200 1229 "-" "Mozilla/5.0 (Windows NT 6.1) AppleWebKit/537.36 (KHTML, like Gecko) Chrome/41.0.2228.0 Safari/537.36"
94.102.49.190 - - [24/Jan/2018:10:38:11 +0100] "GET /robots.txt HTTP/1.1" 404 315 "-" "-"
94.102.49.190 - - [24/Jan/2018:10:38:16 +0100] "GET /sitemap.xml HTTP/1.1" 404 316 "-" "-"
94.102.49.190 - - [24/Jan/2018:10:38:21 +0100] "GET /favicon.ico HTTP/1.1" 404 316 "-" "python-requests/2.10.0"
195.202.49.114 - - [24/Jan/2018:10:38:25 +0100] "POST / HTTP/1.1" 200 1229 "-" "Mozilla/5.0 (Windows NT 10.0; WOW64; Trident/7.0; rv:11.0) like Gecko"
195.202.49.114 - - [24/Jan/2018:10:40:26 +0100] "POST / HTTP/1.1" 200 1229 "-" "Mozilla/5.0 (Windows NT 10.0; WOW64; Trident/7.0; rv:11.0) like Gecko"
195.202.49.114 - - [24/Jan/2018:10:42:26 +0100] "POST / HTTP/1.1" 200 1229 "-" "Mozilla/5.0 (Windows NT 10.0; WOW64; Trident/7.0; rv:11.0) like Gecko"
195.202.49.114 - - [24/Jan/2018:10:44:26 +0100] "POST / HTTP/1.1" 200 1229 "-" "Mozilla/5.0 (Windows NT 10.0; WOW64; Trident/7.0; rv:11.0) like Gecko"
195.202.49.114 - - [24/Jan/2018:10:46:26 +0100] "POST / HTTP/1.1" 200 1229 "-" "Mozilla/5.0 (Windows NT 10.0; WOW64; Trident/7.0; rv:11.0) like Gecko"
195.202.49.114 - - [24/Jan/2018:10:48:26 +0100] "POST / HTTP/1.1" 200 1229 "-" "Mozilla/5.0 (Windows NT 10.0; WOW64; Trident/7.0; rv:11.0) like Gecko"
195.202.49.114 - - [24/Jan/2018:10:50:26 +0100] "POST / HTTP/1.1" 200 1229 "-" "Mozilla/5.0 (Windows NT 10.0; WOW64; Trident/7.0; rv:11.0) like Gecko"
195.202.49.114 - - [24/Jan/2018:10:52:26 +0100] "POST / HTTP/1.1" 200 1229 "-" "Mozilla/5.0 (Windows NT 10.0; WOW64; Trident/7.0; rv:11.0) like Gecko"
195.202.49.114 - - [24/Jan/2018:10:54:26 +0100] "POST / HTTP/1.1" 200 1229 "-" "Mozilla/5.0 (Windows NT 10.0; WOW64; Trident/7.0; rv:11.0) like Gecko"
195.202.49.114 - - [24/Jan/2018:10:56:26 +0100] "POST / HTTP/1.1" 200 1229 "-" "Mozilla/5.0 (Windows NT 10.0; WOW64; Trident/7.0; rv:11.0) like Gecko"
195.202.49.114 - - [24/Jan/2018:10:58:26 +0100] "POST / HTTP/1.1" 200 1229 "-" "Mozilla/5.0 (Windows NT 10.0; WOW64; Trident/7.0; rv:11.0) like Gecko"
195.202.49.114 - - [24/Jan/2018:11:00:27 +0100] "POST / HTTP/1.1" 200 1229 "-" "Mozilla/5.0 (Windows NT 10.0; WOW64; Trident/7.0; rv:11.0) like Gecko"
195.202.49.114 - - [24/Jan/2018:11:02:27 +0100] "POST / HTTP/1.1" 200 1229 "-" "Mozilla/5.0 (Windows NT 10.0; WOW64; Trident/7.0; rv:11.0) like Gecko"
195.202.49.114 - - [24/Jan/2018:11:04:27 +0100] "POST / HTTP/1.1" 200 1229 "-" "Mozilla/5.0 (Windows NT 10.0; WOW64; Trident/7.0; rv:11.0) like Gecko"
195.202.49.114 - - [24/Jan/2018:11:06:27 +0100] "POST / HTTP/1.1" 200 1229 "-" "Mozilla/5.0 (Windows NT 10.0; WOW64; Trident/7.0; rv:11.0) like Gecko"
195.202.49.114 - - [24/Jan/2018:11:08:27 +0100] "POST / HTTP/1.1" 200 1229 "-" "Mozilla/5.0 (Windows NT 10.0; WOW64; Trident/7.0; rv:11.0) like Gecko"
209.126.136.4 - - [24/Jan/2018:11:10:11 +0100] "GET / HTTP/1.1" 200 1229 "-" "Mozilla/5.0 (Windows NT 10.0; Win64; x64) AppleWebKit/537.36 (KHTML, like Gecko) Chrome/57.0.2987.133 Safari/537.36"
195.202.49.114 - - [24/Jan/2018:11:10:27 +0100] "POST / HTTP/1.1" 200 1229 "-" "Mozilla/5.0 (Windows NT 10.0; WOW64; Trident/7.0; rv:11.0) like Gecko"
195.202.49.114 - - [24/Jan/2018:11:12:27 +0100] "POST / HTTP/1.1" 200 1229 "-" "Mozilla/5.0 (Windows NT 10.0; WOW64; Trident/7.0; rv:11.0) like Gecko"
186.249.85.21 - - [24/Jan/2018:11:13:58 +0100] "GET / HTTP/1.0" 200 1229 "-" "muhstik/1.0"
186.249.85.21 - - [24/Jan/2018:11:13:59 +0100] "GET / HTTP/1.0" 200 1229 "-" "muhstik/1.0"
186.249.85.21 - - [24/Jan/2018:11:13:59 +0100] "GET / HTTP/1.0" 200 1229 "-" "muhstik/1.0"
186.249.85.21 - - [24/Jan/2018:11:13:59 +0100] "GET / HTTP/1.0" 200 1229 "-" "muhstik/1.0"
186.249.85.21 - - [24/Jan/2018:11:13:59 +0100] "GET / HTTP/1.0" 200 1229 "-" "muhstik/1.0"
186.249.85.21 - - [24/Jan/2018:11:13:59 +0100] "GET / HTTP/1.0" 200 1229 "-" "muhstik/1.0"
186.249.85.21 - - [24/Jan/2018:11:13:59 +0100] "GET / HTTP/1.0" 200 1229 "-" "muhstik/1.0"
186.249.85.21 - - [24/Jan/2018:11:14:00 +0100] "GET / HTTP/1.0" 200 1229 "-" "muhstik/1.0"
186.249.85.21 - - [24/Jan/2018:11:14:02 +0100] "GET / HTTP/1.0" 200 1229 "-" "muhstik/1.0"
186.249.85.21 - - [24/Jan/2018:11:14:02 +0100] "GET / HTTP/1.0" 200 1229 "-" "muhstik/1.0"
186.249.85.21 - - [24/Jan/2018:11:14:09 +0100] "GET /webdav HTTP/1.0" 404 307 "-" "muhstik-scan/1.0"
186.249.85.21 - - [24/Jan/2018:11:14:09 +0100] "GET /webdav HTTP/1.0" 404 307 "-" "muhstik-scan/1.0"
186.249.85.21 - - [24/Jan/2018:11:14:09 +0100] "GET /webdav HTTP/1.0" 404 307 "-" "muhstik-scan/1.0"
186.249.85.21 - - [24/Jan/2018:11:14:09 +0100] "GET /webdav HTTP/1.0" 404 307 "-" "muhstik-scan/1.0"
186.249.85.21 - - [24/Jan/2018:11:14:09 +0100] "GET /webdav HTTP/1.0" 404 307 "-" "muhstik-scan/1.0"
186.249.85.21 - - [24/Jan/2018:11:14:10 +0100] "GET /webdav HTTP/1.0" 404 307 "-" "muhstik-scan/1.0"
186.249.85.21 - - [24/Jan/2018:11:14:10 +0100] "GET /webdav HTTP/1.0" 404 307 "-" "muhstik-scan/1.0"
186.249.85.21 - - [24/Jan/2018:11:14:11 +0100] "GET /webdav HTTP/1.0" 404 307 "-" "muhstik-scan/1.0"
186.249.85.21 - - [24/Jan/2018:11:14:13 +0100] "GET /webdav HTTP/1.0" 404 307 "-" "muhstik-scan/1.0"
186.249.85.21 - - [24/Jan/2018:11:14:13 +0100] "GET /webdav HTTP/1.0" 404 307 "-" "muhstik-scan/1.0"
195.202.49.114 - - [24/Jan/2018:11:14:27 +0100] "POST / HTTP/1.1" 200 1229 "-" "Mozilla/5.0 (Windows NT 10.0; WOW64; Trident/7.0; rv:11.0) like Gecko"
186.249.85.21 - - [24/Jan/2018:11:14:49 +0100] "GET / HTTP/1.0" 200 1229 "-" "muhstik-scan"
186.249.85.21 - - [24/Jan/2018:11:14:50 +0100] "GET / HTTP/1.0" 200 1229 "-" "muhstik-scan"
186.249.85.21 - - [24/Jan/2018:11:14:59 +0100] "GET / HTTP/1.0" 200 1229 "-" "muhstik-scan"
186.249.85.21 - - [24/Jan/2018:11:15:00 +0100] "GET / HTTP/1.0" 200 1229 "-" "muhstik-scan"
186.249.85.21 - - [24/Jan/2018:11:15:00 +0100] "GET / HTTP/1.0" 200 1229 "-" "muhstik-scan"
186.249.85.21 - - [24/Jan/2018:11:15:00 +0100] "GET / HTTP/1.0" 200 1229 "-" "muhstik-scan"
186.249.85.21 - - [24/Jan/2018:11:15:00 +0100] "GET / HTTP/1.0" 200 1229 "-" "muhstik-scan"
186.249.85.21 - - [24/Jan/2018:11:15:00 +0100] "GET / HTTP/1.0" 200 1229 "-" "muhstik-scan"
186.249.85.21 - - [24/Jan/2018:11:15:00 +0100] "GET / HTTP/1.0" 200 1229 "-" "muhstik-scan"
186.249.85.21 - - [24/Jan/2018:11:15:00 +0100] "GET / HTTP/1.0" 200 1229 "-" "muhstik-scan"
186.249.85.21 - - [24/Jan/2018:11:15:00 +0100] "GET / HTTP/1.0" 200 1229 "-" "muhstik-scan"
186.249.85.21 - - [24/Jan/2018:11:15:00 +0100] "GET / HTTP/1.0" 200 1229 "-" "muhstik-scan"
186.249.85.21 - - [24/Jan/2018:11:15:01 +0100] "GET / HTTP/1.0" 200 1229 "-" "muhstik-scan"
186.249.85.21 - - [24/Jan/2018:11:15:02 +0100] "GET / HTTP/1.0" 200 1229 "-" "muhstik-scan"
186.249.85.21 - - [24/Jan/2018:11:15:03 +0100] "GET / HTTP/1.0" 200 1229 "-" "muhstik-scan"
186.249.85.21 - - [24/Jan/2018:11:15:03 +0100] "GET / HTTP/1.0" 200 1229 "-" "muhstik-scan"
186.249.85.21 - - [24/Jan/2018:11:15:03 +0100] "GET / HTTP/1.0" 200 1229 "-" "muhstik-scan"
186.249.85.21 - - [24/Jan/2018:11:15:04 +0100] "GET / HTTP/1.0" 200 1229 "-" "muhstik-scan"
186.249.85.21 - - [24/Jan/2018:11:15:04 +0100] "GET / HTTP/1.0" 200 1229 "-" "muhstik-scan"
186.249.85.21 - - [24/Jan/2018:11:15:04 +0100] "GET / HTTP/1.0" 200 1229 "-" "muhstik-scan"
195.202.49.114 - - [24/Jan/2018:11:16:27 +0100] "POST / HTTP/1.1" 200 1229 "-" "Mozilla/5.0 (Windows NT 10.0; WOW64; Trident/7.0; rv:11.0) like Gecko"
195.202.49.114 - - [24/Jan/2018:11:18:27 +0100] "POST / HTTP/1.1" 200 1229 "-" "Mozilla/5.0 (Windows NT 10.0; WOW64; Trident/7.0; rv:11.0) like Gecko"
195.202.49.114 - - [24/Jan/2018:11:20:28 +0100] "POST / HTTP/1.1" 200 1229 "-" "Mozilla/5.0 (Windows NT 10.0; WOW64; Trident/7.0; rv:11.0) like Gecko"
195.202.49.114 - - [24/Jan/2018:11:22:28 +0100] "POST / HTTP/1.1" 200 1229 "-" "Mozilla/5.0 (Windows NT 10.0; WOW64; Trident/7.0; rv:11.0) like Gecko"
195.202.49.114 - - [24/Jan/2018:11:24:28 +0100] "POST / HTTP/1.1" 200 1229 "-" "Mozilla/5.0 (Windows NT 10.0; WOW64; Trident/7.0; rv:11.0) like Gecko"
195.202.49.114 - - [24/Jan/2018:11:26:28 +0100] "POST / HTTP/1.1" 200 1229 "-" "Mozilla/5.0 (Windows NT 10.0; WOW64; Trident/7.0; rv:11.0) like Gecko"
195.202.49.114 - - [24/Jan/2018:11:28:28 +0100] "POST / HTTP/1.1" 200 1229 "-" "Mozilla/5.0 (Windows NT 10.0; WOW64; Trident/7.0; rv:11.0) like Gecko"
195.202.49.114 - - [24/Jan/2018:11:30:28 +0100] "POST / HTTP/1.1" 200 1229 "-" "Mozilla/5.0 (Windows NT 10.0; WOW64; Trident/7.0; rv:11.0) like Gecko"
195.202.49.114 - - [24/Jan/2018:11:32:28 +0100] "POST / HTTP/1.1" 200 1229 "-" "Mozilla/5.0 (Windows NT 10.0; WOW64; Trident/7.0; rv:11.0) like Gecko"
195.202.49.114 - - [24/Jan/2018:11:34:28 +0100] "POST / HTTP/1.1" 200 1229 "-" "Mozilla/5.0 (Windows NT 10.0; WOW64; Trident/7.0; rv:11.0) like Gecko"
195.202.49.114 - - [24/Jan/2018:11:36:28 +0100] "POST / HTTP/1.1" 200 1229 "-" "Mozilla/5.0 (Windows NT 10.0; WOW64; Trident/7.0; rv:11.0) like Gecko"
195.202.49.114 - - [24/Jan/2018:11:38:28 +0100] "POST / HTTP/1.1" 200 1229 "-" "Mozilla/5.0 (Windows NT 10.0; WOW64; Trident/7.0; rv:11.0) like Gecko"
195.202.49.114 - - [24/Jan/2018:11:40:29 +0100] "POST / HTTP/1.1" 200 1229 "-" "Mozilla/5.0 (Windows NT 10.0; WOW64; Trident/7.0; rv:11.0) like Gecko"
195.202.49.114 - - [24/Jan/2018:11:42:29 +0100] "POST / HTTP/1.1" 200 1229 "-" "Mozilla/5.0 (Windows NT 10.0; WOW64; Trident/7.0; rv:11.0) like Gecko"
195.202.49.114 - - [24/Jan/2018:11:44:29 +0100] "POST / HTTP/1.1" 200 1229 "-" "Mozilla/5.0 (Windows NT 10.0; WOW64; Trident/7.0; rv:11.0) like Gecko"
195.202.49.114 - - [24/Jan/2018:11:46:29 +0100] "POST / HTTP/1.1" 200 1229 "-" "Mozilla/5.0 (Windows NT 10.0; WOW64; Trident/7.0; rv:11.0) like Gecko"
84.147.255.227 - - [24/Jan/2018:11:47:21 +0100] "GET / HTTP/1.1" 200 1229 "https://www.bing.com/" "Mozilla/5.0 (Windows NT 6.1; WOW64; Trident/7.0; rv:11.0) like Gecko"
84.147.255.227 - - [24/Jan/2018:11:47:21 +0100] "GET /favicon.ico HTTP/1.1" 404 331 "-" "Mozilla/5.0 (Windows NT 6.1; Win64; x64; Trident/7.0; rv:11.0) like Gecko"
195.202.49.114 - - [24/Jan/2018:11:48:29 +0100] "POST / HTTP/1.1" 200 1229 "-" "Mozilla/5.0 (Windows NT 10.0; WOW64; Trident/7.0; rv:11.0) like Gecko"
195.202.49.114 - - [24/Jan/2018:11:50:29 +0100] "POST / HTTP/1.1" 200 1229 "-" "Mozilla/5.0 (Windows NT 10.0; WOW64; Trident/7.0; rv:11.0) like Gecko"
195.202.49.114 - - [24/Jan/2018:11:52:29 +0100] "POST / HTTP/1.1" 200 1229 "-" "Mozilla/5.0 (Windows NT 10.0; WOW64; Trident/7.0; rv:11.0) like Gecko"
195.202.49.114 - - [24/Jan/2018:11:54:29 +0100] "POST / HTTP/1.1" 200 1229 "-" "Mozilla/5.0 (Windows NT 10.0; WOW64; Trident/7.0; rv:11.0) like Gecko"
195.202.49.114 - - [24/Jan/2018:11:56:29 +0100] "POST / HTTP/1.1" 200 1229 "-" "Mozilla/5.0 (Windows NT 10.0; WOW64; Trident/7.0; rv:11.0) like Gecko"
195.202.49.114 - - [24/Jan/2018:11:58:29 +0100] "POST / HTTP/1.1" 200 1229 "-" "Mozilla/5.0 (Windows NT 10.0; WOW64; Trident/7.0; rv:11.0) like Gecko"
195.202.49.114 - - [24/Jan/2018:12:00:30 +0100] "POST / HTTP/1.1" 200 1229 "-" "Mozilla/5.0 (Windows NT 10.0; WOW64; Trident/7.0; rv:11.0) like Gecko"
195.202.49.114 - - [24/Jan/2018:12:02:30 +0100] "POST / HTTP/1.1" 200 1229 "-" "Mozilla/5.0 (Windows NT 10.0; WOW64; Trident/7.0; rv:11.0) like Gecko"
195.202.49.114 - - [24/Jan/2018:12:04:30 +0100] "POST / HTTP/1.1" 200 1229 "-" "Mozilla/5.0 (Windows NT 10.0; WOW64; Trident/7.0; rv:11.0) like Gecko"
195.202.49.114 - - [24/Jan/2018:12:06:30 +0100] "POST / HTTP/1.1" 200 1229 "-" "Mozilla/5.0 (Windows NT 10.0; WOW64; Trident/7.0; rv:11.0) like Gecko"
195.202.49.114 - - [24/Jan/2018:12:08:30 +0100] "POST / HTTP/1.1" 200 1229 "-" "Mozilla/5.0 (Windows NT 10.0; WOW64; Trident/7.0; rv:11.0) like Gecko"
195.202.49.114 - - [24/Jan/2018:12:10:30 +0100] "POST / HTTP/1.1" 200 1229 "-" "Mozilla/5.0 (Windows NT 10.0; WOW64; Trident/7.0; rv:11.0) like Gecko"
195.202.49.114 - - [24/Jan/2018:12:12:30 +0100] "POST / HTTP/1.1" 200 1229 "-" "Mozilla/5.0 (Windows NT 10.0; WOW64; Trident/7.0; rv:11.0) like Gecko"
195.202.49.114 - - [24/Jan/2018:12:14:30 +0100] "POST / HTTP/1.1" 200 1229 "-" "Mozilla/5.0 (Windows NT 10.0; WOW64; Trident/7.0; rv:11.0) like Gecko"
113.128.105.250 - - [24/Jan/2018:12:15:40 +0100] "GET / HTTP/1.0" 200 1229 "-" "-"
195.202.49.114 - - [24/Jan/2018:12:16:30 +0100] "POST / HTTP/1.1" 200 1229 "-" "Mozilla/5.0 (Windows NT 10.0; WOW64; Trident/7.0; rv:11.0) like Gecko"
139.210.159.88 - - [24/Jan/2018:12:16:55 +0100] "GET / HTTP/1.0" 200 1229 "-" "-"
195.202.49.114 - - [24/Jan/2018:12:18:30 +0100] "POST / HTTP/1.1" 200 1229 "-" "Mozilla/5.0 (Windows NT 10.0; WOW64; Trident/7.0; rv:11.0) like Gecko"
195.202.49.114 - - [24/Jan/2018:12:20:31 +0100] "POST / HTTP/1.1" 200 1229 "-" "Mozilla/5.0 (Windows NT 10.0; WOW64; Trident/7.0; rv:11.0) like Gecko"
195.202.49.114 - - [24/Jan/2018:12:22:31 +0100] "POST / HTTP/1.1" 200 1229 "-" "Mozilla/5.0 (Windows NT 10.0; WOW64; Trident/7.0; rv:11.0) like Gecko"
195.202.49.114 - - [24/Jan/2018:12:24:31 +0100] "POST / HTTP/1.1" 200 1229 "-" "Mozilla/5.0 (Windows NT 10.0; WOW64; Trident/7.0; rv:11.0) like Gecko"
195.202.49.114 - - [24/Jan/2018:12:26:31 +0100] "POST / HTTP/1.1" 200 1229 "-" "Mozilla/5.0 (Windows NT 10.0; WOW64; Trident/7.0; rv:11.0) like Gecko"
195.202.49.114 - - [24/Jan/2018:12:28:31 +0100] "POST / HTTP/1.1" 200 1229 "-" "Mozilla/5.0 (Windows NT 10.0; WOW64; Trident/7.0; rv:11.0) like Gecko"
157.55.39.137 - - [24/Jan/2018:12:30:15 +0100] "GET / HTTP/1.1" 200 1229 "-" "Mozilla/5.0 (Windows NT 6.1; WOW64) AppleWebKit/534+ (KHTML, like Gecko) BingPreview/1.0b"
195.202.49.114 - - [24/Jan/2018:12:30:31 +0100] "POST / HTTP/1.1" 200 1229 "-" "Mozilla/5.0 (Windows NT 10.0; WOW64; Trident/7.0; rv:11.0) like Gecko"
195.202.49.114 - - [24/Jan/2018:12:32:31 +0100] "POST / HTTP/1.1" 200 1229 "-" "Mozilla/5.0 (Windows NT 10.0; WOW64; Trident/7.0; rv:11.0) like Gecko"
195.202.49.114 - - [24/Jan/2018:12:34:31 +0100] "POST / HTTP/1.1" 200 1229 "-" "Mozilla/5.0 (Windows NT 10.0; WOW64; Trident/7.0; rv:11.0) like Gecko"
195.202.49.114 - - [24/Jan/2018:12:36:31 +0100] "POST / HTTP/1.1" 200 1229 "-" "Mozilla/5.0 (Windows NT 10.0; WOW64; Trident/7.0; rv:11.0) like Gecko"
195.202.49.114 - - [24/Jan/2018:12:38:31 +0100] "POST / HTTP/1.1" 200 1229 "-" "Mozilla/5.0 (Windows NT 10.0; WOW64; Trident/7.0; rv:11.0) like Gecko"
141.212.122.128 - - [24/Jan/2018:12:38:53 +0100] "GET / HTTP/1.1" 200 1229 "-" "Mozilla/5.0 zgrab/0.x"
93.159.230.28 - - [24/Jan/2018:12:39:25 +0100] "GET / HTTP/1.1" 200 1229 "-" "Mozilla/5.0 (Windows NT 6.3; WOW64) AppleWebKit/537.36 (KHTML, like Gecko) Chrome/54.0.2840.71 Safari/537.36"
94.103.204.5 - - [24/Jan/2018:12:39:47 +0100] "GET / HTTP/1.0" 200 1229 "-" "Mozilla/5.0 (compatible; MSIE 9.0; Windows NT 6.1; WOW64; Trident/5.0)"
94.103.204.5 - - [24/Jan/2018:12:39:47 +0100] "GET / HTTP/1.0" 200 1229 "-" "Mozilla/5.0 (compatible; MSIE 9.0; Windows NT 6.1; WOW64; Trident/5.0)"
94.103.204.5 - - [24/Jan/2018:12:39:47 +0100] "GET / HTTP/1.0" 200 1229 "-" "Mozilla/5.0 (compatible; MSIE 9.0; Windows NT 6.1; WOW64; Trident/5.0)"
94.103.204.5 - - [24/Jan/2018:12:39:47 +0100] "GET / HTTP/1.0" 200 1229 "-" "Mozilla/5.0 (compatible; MSIE 9.0; Windows NT 6.1; WOW64; Trident/5.0)"
94.103.204.5 - - [24/Jan/2018:12:39:47 +0100] "GET / HTTP/1.0" 200 1229 "-" "Mozilla/5.0 (compatible; MSIE 9.0; Windows NT 6.1; WOW64; Trident/5.0)"
94.103.204.5 - - [24/Jan/2018:12:39:47 +0100] "GET / HTTP/1.0" 200 1229 "-" "Mozilla/5.0 (compatible; MSIE 9.0; Windows NT 6.1; WOW64; Trident/5.0)"
94.103.204.5 - - [24/Jan/2018:12:39:47 +0100] "GET / HTTP/1.0" 200 1229 "-" "Mozilla/5.0 (compatible; MSIE 9.0; Windows NT 6.1; WOW64; Trident/5.0)"
94.103.204.5 - - [24/Jan/2018:12:39:47 +0100] "GET / HTTP/1.0" 200 1229 "-" "Mozilla/5.0 (compatible; MSIE 9.0; Windows NT 6.1; WOW64; Trident/5.0)"
94.103.204.5 - - [24/Jan/2018:12:39:47 +0100] "GET / HTTP/1.0" 200 1229 "-" "Mozilla/5.0 (compatible; MSIE 9.0; Windows NT 6.1; WOW64; Trident/5.0)"
94.103.204.5 - - [24/Jan/2018:12:39:53 +0100] "GET / HTTP/1.0" 200 1229 "-" "Mozilla/5.0 (compatible; MSIE 9.0; Windows NT 6.1; WOW64; Trident/5.0)"
195.202.49.114 - - [24/Jan/2018:12:40:31 +0100] "POST / HTTP/1.1" 200 1229 "-" "Mozilla/5.0 (Windows NT 10.0; WOW64; Trident/7.0; rv:11.0) like Gecko"
195.202.49.114 - - [24/Jan/2018:12:42:31 +0100] "POST / HTTP/1.1" 200 1229 "-" "Mozilla/5.0 (Windows NT 10.0; WOW64; Trident/7.0; rv:11.0) like Gecko"
195.202.49.114 - - [24/Jan/2018:12:44:32 +0100] "POST / HTTP/1.1" 200 1229 "-" "Mozilla/5.0 (Windows NT 10.0; WOW64; Trident/7.0; rv:11.0) like Gecko"
217.69.143.69 - - [24/Jan/2018:12:46:04 +0100] "GET /robots.txt HTTP/1.0" 404 330 "-" "Mozilla/5.0 (compatible; Linux x86_64; Mail.RU_Bot/Robots/2.0; +http://go.mail.ru/help/robots)"
217.69.143.71 - - [24/Jan/2018:12:46:05 +0100] "GET / HTTP/1.1" 200 1229 "-" "Mozilla/5.0 (compatible; Linux x86_64; Mail.RU_Bot/Robots/2.0; +http://go.mail.ru/help/robots)"
195.202.49.114 - - [24/Jan/2018:12:46:32 +0100] "POST / HTTP/1.1" 200 1229 "-" "Mozilla/5.0 (Windows NT 10.0; WOW64; Trident/7.0; rv:11.0) like Gecko"
195.202.49.114 - - [24/Jan/2018:12:48:32 +0100] "POST / HTTP/1.1" 200 1229 "-" "Mozilla/5.0 (Windows NT 10.0; WOW64; Trident/7.0; rv:11.0) like Gecko"
195.202.49.114 - - [24/Jan/2018:12:50:32 +0100] "POST / HTTP/1.1" 200 1229 "-" "Mozilla/5.0 (Windows NT 10.0; WOW64; Trident/7.0; rv:11.0) like Gecko"
195.202.49.114 - - [24/Jan/2018:12:52:32 +0100] "POST / HTTP/1.1" 200 1229 "-" "Mozilla/5.0 (Windows NT 10.0; WOW64; Trident/7.0; rv:11.0) like Gecko"
195.202.49.114 - - [24/Jan/2018:12:54:32 +0100] "POST / HTTP/1.1" 200 1229 "-" "Mozilla/5.0 (Windows NT 10.0; WOW64; Trident/7.0; rv:11.0) like Gecko"
209.126.136.4 - - [24/Jan/2018:12:55:12 +0100] "GET / HTTP/1.1" 200 1229 "-" "Mozilla/5.0 (Windows NT 10.0; Win64; x64) AppleWebKit/537.36 (KHTML, like Gecko) Chrome/57.0.2987.133 Safari/537.36"
195.202.49.114 - - [24/Jan/2018:12:56:32 +0100] "POST / HTTP/1.1" 200 1229 "-" "Mozilla/5.0 (Windows NT 10.0; WOW64; Trident/7.0; rv:11.0) like Gecko"
195.202.49.114 - - [24/Jan/2018:12:58:32 +0100] "POST / HTTP/1.1" 200 1229 "-" "Mozilla/5.0 (Windows NT 10.0; WOW64; Trident/7.0; rv:11.0) like Gecko"
195.202.49.114 - - [24/Jan/2018:13:00:32 +0100] "POST / HTTP/1.1" 200 1229 "-" "Mozilla/5.0 (Windows NT 10.0; WOW64; Trident/7.0; rv:11.0) like Gecko"
195.202.49.114 - - [24/Jan/2018:13:02:32 +0100] "POST / HTTP/1.1" 200 1229 "-" "Mozilla/5.0 (Windows NT 10.0; WOW64; Trident/7.0; rv:11.0) like Gecko"
195.202.49.114 - - [24/Jan/2018:13:04:32 +0100] "POST / HTTP/1.1" 200 1229 "-" "Mozilla/5.0 (Windows NT 10.0; WOW64; Trident/7.0; rv:11.0) like Gecko"
209.126.136.4 - - [24/Jan/2018:13:06:05 +0100] "GET / HTTP/1.1" 200 1229 "-" "Mozilla/5.0 (Windows NT 10.0; Win64; x64) AppleWebKit/537.36 (KHTML, like Gecko) Chrome/57.0.2987.133 Safari/537.36"
195.202.49.114 - - [24/Jan/2018:13:06:32 +0100] "POST / HTTP/1.1" 200 1229 "-" "Mozilla/5.0 (Windows NT 10.0; WOW64; Trident/7.0; rv:11.0) like Gecko"
195.202.49.114 - - [24/Jan/2018:13:08:33 +0100] "POST / HTTP/1.1" 200 1229 "-" "Mozilla/5.0 (Windows NT 10.0; WOW64; Trident/7.0; rv:11.0) like Gecko"
195.202.49.114 - - [24/Jan/2018:13:10:33 +0100] "POST / HTTP/1.1" 200 1229 "-" "Mozilla/5.0 (Windows NT 10.0; WOW64; Trident/7.0; rv:11.0) like Gecko"
95.18.198.90 - - [24/Jan/2018:13:10:34 +0100] "GET / HTTP/1.1" 200 1229 "-" "Mozilla/5.0 (Windows NT 6.0; rv:52.0) Gecko/20100101 Firefox/52.0"
95.18.198.90 - - [24/Jan/2018:13:10:35 +0100] "GET /favicon.ico HTTP/1.1" 404 331 "-" "Mozilla/5.0 (Windows NT 6.0; rv:52.0) Gecko/20100101 Firefox/52.0"
95.18.198.90 - - [24/Jan/2018:13:10:35 +0100] "GET /favicon.ico HTTP/1.1" 404 331 "-" "Mozilla/5.0 (Windows NT 6.0; rv:52.0) Gecko/20100101 Firefox/52.0"
195.202.49.114 - - [24/Jan/2018:13:12:33 +0100] "POST / HTTP/1.1" 200 1229 "-" "Mozilla/5.0 (Windows NT 10.0; WOW64; Trident/7.0; rv:11.0) like Gecko"
195.202.49.114 - - [24/Jan/2018:13:14:33 +0100] "POST / HTTP/1.1" 200 1229 "-" "Mozilla/5.0 (Windows NT 10.0; WOW64; Trident/7.0; rv:11.0) like Gecko"
195.202.49.114 - - [24/Jan/2018:13:16:33 +0100] "POST / HTTP/1.1" 200 1229 "-" "Mozilla/5.0 (Windows NT 10.0; WOW64; Trident/7.0; rv:11.0) like Gecko"
195.202.49.114 - - [24/Jan/2018:13:18:33 +0100] "POST / HTTP/1.1" 200 1229 "-" "Mozilla/5.0 (Windows NT 10.0; WOW64; Trident/7.0; rv:11.0) like Gecko"
195.202.49.114 - - [24/Jan/2018:13:20:33 +0100] "POST / HTTP/1.1" 200 1229 "-" "Mozilla/5.0 (Windows NT 10.0; WOW64; Trident/7.0; rv:11.0) like Gecko"
195.202.49.114 - - [24/Jan/2018:13:22:33 +0100] "POST / HTTP/1.1" 200 1229 "-" "Mozilla/5.0 (Windows NT 10.0; WOW64; Trident/7.0; rv:11.0) like Gecko"
195.202.49.114 - - [24/Jan/2018:13:24:33 +0100] "POST / HTTP/1.1" 200 1229 "-" "Mozilla/5.0 (Windows NT 10.0; WOW64; Trident/7.0; rv:11.0) like Gecko"
