170.81.82.136 - - [16/Jan/2018:12:37:09 +0100] "GET / HTTP/1.0" 200 1229 "-" "muhstik/1.0"
170.81.82.136 - - [16/Jan/2018:12:37:09 +0100] "GET / HTTP/1.0" 200 1229 "-" "muhstik/1.0"
170.81.82.136 - - [16/Jan/2018:12:37:09 +0100] "GET / HTTP/1.0" 200 1229 "-" "muhstik/1.0"
170.81.82.136 - - [16/Jan/2018:12:37:09 +0100] "GET / HTTP/1.0" 200 1229 "-" "muhstik/1.0"
170.81.82.136 - - [16/Jan/2018:12:37:09 +0100] "GET / HTTP/1.0" 200 1229 "-" "muhstik/1.0"
170.81.82.136 - - [16/Jan/2018:12:37:09 +0100] "GET / HTTP/1.0" 200 1229 "-" "muhstik/1.0"
170.81.82.136 - - [16/Jan/2018:12:37:09 +0100] "GET / HTTP/1.0" 200 1229 "-" "muhstik/1.0"
170.81.82.136 - - [16/Jan/2018:12:37:09 +0100] "GET / HTTP/1.0" 200 1229 "-" "muhstik/1.0"
170.81.82.136 - - [16/Jan/2018:12:37:19 +0100] "GET /webdav HTTP/1.0" 404 307 "-" "muhstik-scan/1.0"
170.81.82.136 - - [16/Jan/2018:12:37:19 +0100] "GET /webdav HTTP/1.0" 404 307 "-" "muhstik-scan/1.0"
170.81.82.136 - - [16/Jan/2018:12:37:19 +0100] "GET /webdav HTTP/1.0" 404 307 "-" "muhstik-scan/1.0"
170.81.82.136 - - [16/Jan/2018:12:37:19 +0100] "GET /webdav HTTP/1.0" 404 307 "-" "muhstik-scan/1.0"
170.81.82.136 - - [16/Jan/2018:12:37:19 +0100] "GET /webdav HTTP/1.0" 404 307 "-" "muhstik-scan/1.0"
170.81.82.136 - - [16/Jan/2018:12:37:20 +0100] "GET /webdav HTTP/1.0" 404 307 "-" "muhstik-scan/1.0"
170.81.82.136 - - [16/Jan/2018:12:37:22 +0100] "GET /webdav HTTP/1.0" 404 307 "-" "muhstik-scan/1.0"
170.81.82.136 - - [16/Jan/2018:12:37:22 +0100] "GET /webdav HTTP/1.0" 404 307 "-" "muhstik-scan/1.0"
170.81.82.136 - - [16/Jan/2018:12:37:22 +0100] "GET /webdav HTTP/1.0" 404 307 "-" "muhstik-scan/1.0"
170.81.82.136 - - [16/Jan/2018:12:37:22 +0100] "GET /webdav HTTP/1.0" 404 307 "-" "muhstik-scan/1.0"
195.88.117.170 - - [16/Jan/2018:12:48:46 +0100] "GET / HTTP/1.1" 200 1229 "-" "Mozilla/5.0 (Windows NT 6.1; WOW64; Trident/7.0; rv:11.0) like Gecko"
52.27.2.86 - - [16/Jan/2018:12:49:57 +0100] "GET / HTTP/1.1" 200 1229 "-" "Mozilla/4.0 (compatible; MSIE 8.0; Windows NT 5.1; Trident/4.0)"
207.244.157.139 - - [16/Jan/2018:13:13:32 +0100] "GET /wp-content/themes/headway-163/style.css HTTP/1.1" 404 352 "http://www.hotelkleidung.com/wp-content/themes/headway-163/style.css" "Mozilla/5.0 (Windows NT 6.1; WOW64) AppleWebKit/537.36 (KHTML, like Gecko) Chrome/42.0.2311.152 Safari/537.36"
139.162.119.197 - - [16/Jan/2018:13:56:24 +0100] "GET / HTTP/1.1" 200 1229 "-" "Mozilla/5.0 (Windows NT 10.0; WOW64) AppleWebKit/537.36 (KHTML, like Gecko) Chrome/50.0.2661.102 Safari/537.36"
139.162.114.70 - - [16/Jan/2018:13:59:17 +0100] "GET / HTTP/1.1" 200 1229 "-" "Mozilla/5.0 (Windows NT 10.0; WOW64) AppleWebKit/537.36 (KHTML, like Gecko) Chrome/50.0.2661.102 Safari/537.36"
66.249.64.2 - - [16/Jan/2018:14:02:37 +0100] "GET /robots.txt HTTP/1.1" 404 330 "-" "Mozilla/5.0 (compatible; Googlebot/2.1; +http://www.google.com/bot.html)"
66.249.64.2 - - [16/Jan/2018:14:02:37 +0100] "GET / HTTP/1.1" 200 1229 "-" "Mozilla/5.0 (compatible; Googlebot/2.1; +http://www.google.com/bot.html)"
163.172.169.150 - - [16/Jan/2018:14:22:26 +0100] "GET / HTTP/1.0" 200 1229 "-" "masscan/1.0 (https://github.com/robertdavidgraham/masscan)"
163.172.169.150 - - [16/Jan/2018:14:23:56 +0100] "GET / HTTP/1.0" 200 1229 "-" "masscan/1.0 (https://github.com/robertdavidgraham/masscan)"
46.229.164.101 - - [16/Jan/2018:14:45:35 +0100] "GET /robots.txt HTTP/1.1" 404 330 "-" "Mozilla/5.0 (compatible; SemrushBot/1.2~bl; +http://www.semrush.com/bot.html)"
141.212.122.144 - - [16/Jan/2018:14:54:23 +0100] "GET / HTTP/1.1" 200 1229 "-" "Mozilla/5.0 zgrab/0.x"
222.186.46.6 - - [16/Jan/2018:15:03:32 +0100] "GET / HTTP/1.1" 200 1229 "-" "Mozilla/4.0 (compatible; MSIE 6.0; Windows NT 5.0)"
222.186.46.6 - - [16/Jan/2018:15:03:32 +0100] "GET / HTTP/1.1" 200 1229 "-" "Mozilla/4.0 (compatible; MSIE 6.0; Windows NT 5.0)"
222.186.46.6 - - [16/Jan/2018:15:03:32 +0100] "GET / HTTP/1.1" 200 1229 "-" "Mozilla/4.0 (compatible; MSIE 6.0; Windows NT 5.0)"
222.186.46.6 - - [16/Jan/2018:15:03:32 +0100] "GET / HTTP/1.1" 200 1229 "-" "Mozilla/4.0 (compatible; MSIE 6.0; Windows NT 5.0)"
222.186.46.6 - - [16/Jan/2018:15:03:32 +0100] "GET / HTTP/1.1" 200 1229 "-" "Mozilla/4.0 (compatible; MSIE 6.0; Windows NT 5.0)"
188.103.187.150 - - [16/Jan/2018:15:12:03 +0100] "GET / HTTP/1.1" 200 1229 "http://www.oberstufenzentrum.de/schulen/friedrich-list-schule" "Mozilla/5.0 (Windows NT 10.0; Win64; x64) AppleWebKit/537.36 (KHTML, like Gecko) Chrome/52.0.2743.116 Safari/537.36 Edge/15.15063"
188.103.187.150 - - [16/Jan/2018:15:12:03 +0100] "GET /favicon.ico HTTP/1.1" 404 331 "-" "Mozilla/5.0 (Windows NT 10.0; Win64; x64) AppleWebKit/537.36 (KHTML, like Gecko) Chrome/52.0.2743.116 Safari/537.36 Edge/15.15063"
207.46.13.204 - - [16/Jan/2018:15:23:40 +0100] "GET /robots.txt HTTP/1.1" 404 330 "-" "Mozilla/5.0 (compatible; bingbot/2.0; +http://www.bing.com/bingbot.htm)"
40.77.167.34 - - [16/Jan/2018:15:23:44 +0100] "GET / HTTP/1.1" 200 1229 "-" "Mozilla/5.0 (compatible; bingbot/2.0; +http://www.bing.com/bingbot.htm)"
188.114.194.49 - - [16/Jan/2018:15:40:28 +0100] "GET / HTTP/1.1" 200 1229 "-" "curl/7.40.0"
188.114.194.49 - - [16/Jan/2018:15:40:28 +0100] "GET / HTTP/1.1" 200 1229 "-" "curl/7.40.0"
188.114.194.49 - - [16/Jan/2018:15:40:28 +0100] "GET / HTTP/1.1" 200 1229 "-" "curl/7.40.0"
188.114.194.49 - - [16/Jan/2018:15:40:28 +0100] "GET / HTTP/1.1" 200 1229 "-" "curl/7.40.0"
188.114.194.49 - - [16/Jan/2018:15:40:28 +0100] "GET / HTTP/1.1" 200 1229 "-" "curl/7.40.0"
188.114.194.49 - - [16/Jan/2018:15:40:28 +0100] "GET / HTTP/1.1" 200 1229 "-" "curl/7.40.0"
188.114.194.49 - - [16/Jan/2018:15:40:28 +0100] "GET / HTTP/1.1" 200 1229 "-" "curl/7.40.0"
188.114.194.49 - - [16/Jan/2018:15:40:28 +0100] "GET / HTTP/1.1" 200 1229 "-" "curl/7.40.0"
188.114.194.49 - - [16/Jan/2018:15:40:28 +0100] "GET / HTTP/1.1" 200 1229 "-" "curl/7.40.0"
188.114.194.49 - - [16/Jan/2018:15:40:28 +0100] "GET / HTTP/1.1" 200 1229 "-" "curl/7.40.0"
222.235.123.209 - - [16/Jan/2018:16:19:59 +0100] "GET / HTTP/1.1" 400 329 "-" "-"
84.185.37.223 - - [16/Jan/2018:16:41:57 +0100] "GET / HTTP/1.1" 200 1229 "http://m.oberstufenzentrum.de/category/berufsfelder/wirtschaft" "Mozilla/5.0 (Linux; Android 7.0; SAMSUNG SM-G950F/XXU1AQJ5 Build/NRD90M) AppleWebKit/537.36 (KHTML, like Gecko) SamsungBrowser/6.2 Chrome/56.0.2924.87 Mobile Safari/537.36"
84.185.37.223 - - [16/Jan/2018:16:41:57 +0100] "GET /favicon.ico HTTP/1.1" 404 331 "http://www.friedrich-list-berlin.de/" "Mozilla/5.0 (Linux; Android 7.0; SAMSUNG SM-G950F/XXU1AQJ5 Build/NRD90M) AppleWebKit/537.36 (KHTML, like Gecko) SamsungBrowser/6.2 Chrome/56.0.2924.87 Mobile Safari/537.36"
139.162.119.197 - - [16/Jan/2018:16:56:40 +0100] "GET / HTTP/1.1" 200 1229 "-" "Mozilla/5.0 (Windows NT 10.0; WOW64) AppleWebKit/537.36 (KHTML, like Gecko) Chrome/50.0.2661.102 Safari/537.36"
210.14.78.91 - - [16/Jan/2018:17:01:08 +0100] "GET / HTTP/1.1" 200 1229 "-" "Mozilla/5.0 zgrab/0.x"
212.91.246.72 - - [16/Jan/2018:17:04:52 +0100] "GET / HTTP/1.1" 200 1229 "-" "Mozilla/5.0 (compatible; PRTG Network Monitor; Windows)"
212.91.246.72 - - [16/Jan/2018:17:05:12 +0100] "GET / HTTP/1.1" 200 1229 "-" "Mozilla/5.0 (compatible; PRTG Network Monitor; Windows)"
172.104.108.109 - - [16/Jan/2018:17:11:04 +0100] "GET / HTTP/1.1" 200 1229 "-" "Mozilla/5.0"
188.103.187.150 - - [16/Jan/2018:17:26:51 +0100] "GET /favicon.ico HTTP/1.1" 404 331 "-" "Mozilla/5.0 (Windows NT 10.0; Win64; x64) AppleWebKit/537.36 (KHTML, like Gecko) Chrome/52.0.2743.116 Safari/537.36 Edge/15.15063"
68.180.228.47 - - [16/Jan/2018:17:33:25 +0100] "GET /robots.txt HTTP/1.1" 404 330 "-" "Mozilla/5.0 (compatible; Yahoo! Slurp; http://help.yahoo.com/help/us/ysearch/slurp)"
68.180.228.47 - - [16/Jan/2018:17:33:26 +0100] "GET / HTTP/1.1" 304 - "-" "Mozilla/5.0 (compatible; Yahoo! Slurp; http://help.yahoo.com/help/us/ysearch/slurp)"
39.121.138.165 - - [16/Jan/2018:17:39:59 +0100] "GET / HTTP/1.1" 400 329 "-" "-"
40.77.167.34 - - [16/Jan/2018:18:13:38 +0100] "GET /robots.txt HTTP/1.1" 404 330 "-" "Mozilla/5.0 (compatible; bingbot/2.0; +http://www.bing.com/bingbot.htm)"
141.212.122.144 - - [16/Jan/2018:18:28:36 +0100] "GET / HTTP/1.1" 200 1229 "-" "Mozilla/5.0 zgrab/0.x"
125.39.222.253 - - [16/Jan/2018:18:34:15 +0100] "CONNECT 212.91.246.84 HTTP/1.1" 400 329 "-" "-"
121.149.55.74 - - [16/Jan/2018:18:35:00 +0100] "GET / HTTP/1.1" 400 329 "-" "-"
104.131.34.145 - - [16/Jan/2018:18:55:36 +0100] "GET /robots.txt HTTP/1.1" 404 330 "-" "Mozilla/5.0 (compatible; spbot/5.0.3; +http://OpenLinkProfiler.org/bot )"
104.131.34.145 - - [16/Jan/2018:18:55:41 +0100] "GET / HTTP/1.1" 200 1229 "-" "Mozilla/5.0 (compatible; spbot/5.0.3; +http://OpenLinkProfiler.org/bot )"
87.173.197.160 - - [16/Jan/2018:19:02:53 +0100] "GET / HTTP/1.1" 200 1229 "http://m.oberstufenzentrum.de/schulen/friedrich-list-schule" "Mozilla/5.0 (Linux; U; Android 4.4.2; de-de; GT-P5210 Build/KOT49H) AppleWebKit/534.30 (KHTML, like Gecko) Version/4.0 Safari/534.30"
87.173.197.160 - - [16/Jan/2018:19:02:54 +0100] "GET /favicon.ico HTTP/1.1" 404 331 "http://www.friedrich-list-berlin.de/" "Mozilla/5.0 (Linux; U; Android 4.4.2; de-de; GT-P5210 Build/KOT49H) AppleWebKit/534.30 (KHTML, like Gecko) Version/4.0 Safari/534.30"
182.138.162.109 - - [16/Jan/2018:19:41:31 +0100] "CONNECT cn.bing.com:443 HTTP/1.1" 405 341 "-" "PycURL/7.43.0 libcurl/7.47.0 GnuTLS/3.4.10 zlib/1.2.8 libidn/1.32 librtmp/2.3"
221.13.12.205 - - [16/Jan/2018:19:41:32 +0100] "GET http://www.123cha.com/ HTTP/1.1" 200 1229 "-" "Mozilla/5.0 (Windows NT 10.0; WOW64) AppleWebKit/537.36 (KHTML, like Gecko) Chrome/45.0.2454.101 Safari/537.36"
121.57.12.254 - - [16/Jan/2018:19:41:32 +0100] "GET http://www.rfa.org/english/ HTTP/1.1" 404 311 "-" "Mozilla/5.0 (Windows NT 10.0; WOW64; rv:45.0) Gecko/20100101 Firefox/45.0"
60.1.132.13 - - [16/Jan/2018:19:41:33 +0100] "CONNECT www.baidu.com:443 HTTP/1.1" 405 343 "-" "PycURL/7.43.0 libcurl/7.47.0 GnuTLS/3.4.10 zlib/1.2.8 libidn/1.32 librtmp/2.3"
175.42.1.111 - - [16/Jan/2018:19:41:35 +0100] "GET http://www.minghui.org/ HTTP/1.1" 200 1229 "-" "Mozilla/5.0 (Windows NT 10.0; WOW64) AppleWebKit/537.36 (KHTML, like Gecko) Chrome/45.0.2454.101 Safari/537.36"
124.88.64.220 - - [16/Jan/2018:19:41:35 +0100] "GET http://www.wujieliulan.com/ HTTP/1.1" 200 1229 "-" "Mozilla/5.0 (Windows NT 10.0; WOW64; rv:45.0) Gecko/20100101 Firefox/45.0"
150.255.83.185 - - [16/Jan/2018:19:41:35 +0100] "CONNECT www.voanews.com:443 HTTP/1.1" 405 345 "-" "PycURL/7.43.0 libcurl/7.47.0 GnuTLS/3.4.10 zlib/1.2.8 libidn/1.32 librtmp/2.3"
125.76.61.231 - - [16/Jan/2018:19:41:38 +0100] "GET http://boxun.com/ HTTP/1.1" 200 1229 "-" "Mozilla/5.0 (Windows NT 6.1) AppleWebKit/537.36 (KHTML, like Gecko) Chrome/50.0.2661.102 Safari/537.36Mozilla/5.0 (Windows NT 6.1; Trident/7.0; rv:11.0) like GeckoMozilla/5.0 (Windows NT 10.0; WOW64; rv:45.0) Gecko/20100101 Firefox/45.0"
172.104.108.109 - - [16/Jan/2018:20:06:42 +0100] "GET / HTTP/1.1" 200 1229 "-" "Mozilla/5.0"
163.172.169.150 - - [16/Jan/2018:20:35:06 +0100] "GET / HTTP/1.0" 200 1229 "-" "masscan/1.0 (https://github.com/robertdavidgraham/masscan)"
164.52.24.140 - - [16/Jan/2018:20:36:24 +0100] "\x16\x03\x01\x01\"\x01" 501 326 "-" "-"
164.52.24.140 - - [16/Jan/2018:20:36:31 +0100] "USER test +iw test :Test Wuz Here" 400 329 "-" "-"
164.52.24.140 - - [16/Jan/2018:20:36:34 +0100] "GET / HTTP/1.1" 200 1229 "-" "Mozilla/5.0 (Windows NT 6.1; WOW64; rv:52.0) Gecko/20100101 Firefox/52.0"
196.52.43.127 - - [16/Jan/2018:20:37:26 +0100] "GET / HTTP/1.0" 200 1229 "-" "Mozilla/5.0(WindowsNT6.1;rv:31.0)Gecko/20100101Firefox/31.0"
163.172.169.150 - - [16/Jan/2018:20:38:24 +0100] "GET / HTTP/1.0" 200 1229 "-" "masscan/1.0 (https://github.com/robertdavidgraham/masscan)"
163.172.169.150 - - [16/Jan/2018:20:38:30 +0100] "GET / HTTP/1.0" 200 1229 "-" "masscan/1.0 (https://github.com/robertdavidgraham/masscan)"
163.172.169.150 - - [16/Jan/2018:20:40:21 +0100] "GET / HTTP/1.0" 200 1229 "-" "masscan/1.0 (https://github.com/robertdavidgraham/masscan)"
188.138.75.88 - - [16/Jan/2018:20:46:46 +0100] "GET / HTTP/1.1" 200 1229 "-" "Mozilla/5.0 (X11; U; Linux Core i7-4980HQ; de; rv:32.0; compatible; JobboerseBot; http://www.jobboerse.com/bot.htm) Gecko/20100101 Firefox/38.0"
188.138.75.88 - - [16/Jan/2018:20:46:47 +0100] "GET /robots.txt HTTP/1.1" 404 330 "-" "Mozilla/5.0 (X11; U; Linux Core i7-4980HQ; de; rv:32.0; compatible; JobboerseBot; http://www.jobboerse.com/bot.htm) Gecko/20100101 Firefox/38.0"
188.138.75.88 - - [16/Jan/2018:20:46:47 +0100] "GET / HTTP/1.1" 200 1229 "-" "Mozilla/5.0 (X11; U; Linux Core i7-4980HQ; de; rv:32.0; compatible; JobboerseBot; http://www.jobboerse.com/bot.htm) Gecko/20100101 Firefox/38.0"
188.138.75.88 - - [16/Jan/2018:20:46:49 +0100] "GET / HTTP/1.1" 200 1229 "-" "Mozilla/5.0 (X11; U; Linux Core i7-4980HQ; de; rv:32.0; compatible; JobboerseBot; http://www.jobboerse.com/bot.htm) Gecko/20100101 Firefox/38.0"
204.79.180.23 - - [16/Jan/2018:21:21:58 +0100] "GET / HTTP/1.1" 200 1229 "-" "Mozilla/5.0 (compatible; MSIE 9.0; Windows NT 6.0; Trident/5.0; Trident/5.0)"
195.22.126.202 - - [16/Jan/2018:21:33:20 +0100] "\x03" 501 316 "-" "-"
164.52.24.140 - - [16/Jan/2018:22:03:14 +0100] "\x16\x03\x01\x01\"\x01" 501 326 "-" "-"
164.52.24.140 - - [16/Jan/2018:22:03:20 +0100] "USER test +iw test :Test Wuz Here" 400 329 "-" "-"
164.52.24.140 - - [16/Jan/2018:22:03:24 +0100] "GET / HTTP/1.1" 200 1229 "-" "Mozilla/5.0 (Windows NT 6.1; WOW64; rv:52.0) Gecko/20100101 Firefox/52.0"
96.91.204.122 - - [16/Jan/2018:22:15:52 +0100] "GET // HTTP/1.1" 200 1229 "-" "() { :;};echo; /bin/bash -c \" echo 2014 | md5sum\""
96.91.204.122 - - [16/Jan/2018:22:15:57 +0100] "GET //cgi-sys/realsignup.cgi HTTP/1.1" 404 327 "-" "() { :;};echo; /bin/bash -c \" echo 2014 | md5sum\""
96.91.204.122 - - [16/Jan/2018:22:16:03 +0100] "GET //cgi-bin/test-cgi HTTP/1.1" 404 321 "-" "() { :;};echo; /bin/bash -c \" echo 2014 | md5sum\""
96.91.204.122 - - [16/Jan/2018:22:16:09 +0100] "GET //cgi-mod/index.cgi HTTP/1.1" 404 322 "-" "() { :;};echo; /bin/bash -c \" echo 2014 | md5sum\""
96.91.204.122 - - [16/Jan/2018:22:16:15 +0100] "GET //phppath/cgi_wrapper HTTP/1.1" 404 324 "-" "() { :;};echo; /bin/bash -c \" echo 2014 | md5sum\""
172.104.108.109 - - [16/Jan/2018:22:17:32 +0100] "GET / HTTP/1.1" 200 1229 "-" "Mozilla/5.0"
195.22.126.202 - - [16/Jan/2018:22:23:24 +0100] "\x03" 501 316 "-" "-"
195.22.126.202 - - [16/Jan/2018:22:23:25 +0100] "\x03" 501 316 "-" "-"
195.22.126.202 - - [16/Jan/2018:22:23:29 +0100] "\x03" 501 316 "-" "-"
195.22.126.202 - - [16/Jan/2018:22:23:29 +0100] "\x03" 501 316 "-" "-"
195.22.126.202 - - [16/Jan/2018:22:23:34 +0100] "\x03" 501 316 "-" "-"
195.22.126.202 - - [16/Jan/2018:22:23:40 +0100] "\x03" 501 316 "-" "-"
195.22.126.202 - - [16/Jan/2018:22:23:56 +0100] "\x03" 501 316 "-" "-"
195.22.126.202 - - [16/Jan/2018:22:23:58 +0100] "\x03" 501 316 "-" "-"
195.22.126.202 - - [16/Jan/2018:22:24:37 +0100] "\x03" 501 316 "-" "-"
141.212.122.144 - - [16/Jan/2018:22:40:56 +0100] "GET / HTTP/1.1" 200 1229 "-" "Mozilla/5.0 zgrab/0.x"
82.159.41.175 - - [16/Jan/2018:23:37:38 +0100] "GET / HTTP/1.1" 200 1229 "-" "Java/1.8.0_144"
164.52.24.140 - - [16/Jan/2018:23:38:07 +0100] "\x16\x03\x01\x01\"\x01" 501 326 "-" "-"
164.52.24.140 - - [16/Jan/2018:23:38:14 +0100] "USER test +iw test :Test Wuz Here" 400 329 "-" "-"
164.52.24.140 - - [16/Jan/2018:23:38:17 +0100] "GET / HTTP/1.1" 200 1229 "-" "Mozilla/5.0 (Windows NT 6.1; WOW64; rv:52.0) Gecko/20100101 Firefox/52.0"
139.162.114.70 - - [16/Jan/2018:23:39:37 +0100] "GET / HTTP/1.1" 200 1229 "-" "Mozilla/5.0 (Windows NT 10.0; WOW64) AppleWebKit/537.36 (KHTML, like Gecko) Chrome/50.0.2661.102 Safari/537.36"
196.52.43.102 - - [16/Jan/2018:23:52:21 +0100] "GET / HTTP/1.0" 200 1229 "-" "Mozilla/5.0(WindowsNT6.1;rv:31.0)Gecko/20100101Firefox/31.0"
139.162.119.197 - - [17/Jan/2018:00:11:59 +0100] "GET / HTTP/1.1" 200 1229 "-" "Mozilla/5.0 (Windows NT 10.0; WOW64) AppleWebKit/537.36 (KHTML, like Gecko) Chrome/50.0.2661.102 Safari/537.36"
85.178.127.62 - - [17/Jan/2018:00:32:23 +0100] "GET / HTTP/1.1" 200 1229 "http://www.oberstufenzentrum.de/schulen/friedrich-list-schule-ehemals-osz-buerowirtschaft-ii" "Mozilla/5.0 (Linux; Android 6.0; E5603 Build/30.2.A.1.21) AppleWebKit/537.36 (KHTML, like Gecko) Chrome/61.0.3163.98 Mobile Safari/537.36"
85.178.127.62 - - [17/Jan/2018:00:32:23 +0100] "GET /favicon.ico HTTP/1.1" 404 331 "http://www.friedrich-list-berlin.de/" "Mozilla/5.0 (Linux; Android 6.0; E5603 Build/30.2.A.1.21) AppleWebKit/537.36 (KHTML, like Gecko) Chrome/61.0.3163.98 Mobile Safari/537.36"
101.109.81.190 - - [17/Jan/2018:00:48:09 +0100] "GET / HTTP/1.0" 200 1229 "-" "muhstik/1.0"
101.109.81.190 - - [17/Jan/2018:00:48:09 +0100] "GET / HTTP/1.0" 200 1229 "-" "muhstik/1.0"
101.109.81.190 - - [17/Jan/2018:00:48:09 +0100] "GET / HTTP/1.0" 200 1229 "-" "muhstik/1.0"
101.109.81.190 - - [17/Jan/2018:00:48:09 +0100] "GET / HTTP/1.0" 200 1229 "-" "muhstik/1.0"
101.109.81.190 - - [17/Jan/2018:00:48:09 +0100] "GET / HTTP/1.0" 200 1229 "-" "muhstik/1.0"
101.109.81.190 - - [17/Jan/2018:00:48:09 +0100] "GET / HTTP/1.0" 200 1229 "-" "muhstik/1.0"
101.109.81.190 - - [17/Jan/2018:00:48:09 +0100] "GET / HTTP/1.0" 200 1229 "-" "muhstik/1.0"
101.109.81.190 - - [17/Jan/2018:00:48:09 +0100] "GET / HTTP/1.0" 200 1229 "-" "muhstik/1.0"
101.109.81.190 - - [17/Jan/2018:00:48:09 +0100] "GET / HTTP/1.0" 200 1229 "-" "muhstik/1.0"
101.109.81.190 - - [17/Jan/2018:00:48:09 +0100] "GET / HTTP/1.0" 200 1229 "-" "muhstik/1.0"
101.109.81.190 - - [17/Jan/2018:00:48:20 +0100] "GET /webdav HTTP/1.0" 404 307 "-" "muhstik-scan/1.0"
101.109.81.190 - - [17/Jan/2018:00:48:20 +0100] "GET /webdav HTTP/1.0" 404 307 "-" "muhstik-scan/1.0"
101.109.81.190 - - [17/Jan/2018:00:48:20 +0100] "GET /webdav HTTP/1.0" 404 307 "-" "muhstik-scan/1.0"
101.109.81.190 - - [17/Jan/2018:00:48:20 +0100] "GET /webdav HTTP/1.0" 404 307 "-" "muhstik-scan/1.0"
101.109.81.190 - - [17/Jan/2018:00:48:20 +0100] "GET /webdav HTTP/1.0" 404 307 "-" "muhstik-scan/1.0"
101.109.81.190 - - [17/Jan/2018:00:48:20 +0100] "GET /webdav HTTP/1.0" 404 307 "-" "muhstik-scan/1.0"
101.109.81.190 - - [17/Jan/2018:00:48:20 +0100] "GET /webdav HTTP/1.0" 404 307 "-" "muhstik-scan/1.0"
101.109.81.190 - - [17/Jan/2018:00:48:20 +0100] "GET /webdav HTTP/1.0" 404 307 "-" "muhstik-scan/1.0"
101.109.81.190 - - [17/Jan/2018:00:48:20 +0100] "GET /webdav HTTP/1.0" 404 307 "-" "muhstik-scan/1.0"
101.109.81.190 - - [17/Jan/2018:00:48:23 +0100] "GET /webdav HTTP/1.0" 404 307 "-" "muhstik-scan/1.0"
163.172.169.150 - - [17/Jan/2018:01:02:59 +0100] "GET / HTTP/1.0" 200 1229 "-" "masscan/1.0 (https://github.com/robertdavidgraham/masscan)"
163.172.169.150 - - [17/Jan/2018:01:03:04 +0100] "GET / HTTP/1.0" 200 1229 "-" "masscan/1.0 (https://github.com/robertdavidgraham/masscan)"
196.52.43.105 - - [17/Jan/2018:01:09:09 +0100] "GET / HTTP/1.0" 200 1229 "-" "Mozilla/5.0(WindowsNT6.1;rv:31.0)Gecko/20100101Firefox/31.0"
139.162.108.53 - - [17/Jan/2018:01:28:32 +0100] "GET / HTTP/1.1" 200 1229 "-" "Mozilla/5.0 (Windows NT 10.0; WOW64) AppleWebKit/537.36 (KHTML, like Gecko) Chrome/50.0.2661.102 Safari/537.36"
117.50.7.159 - - [17/Jan/2018:01:29:56 +0100] "GET / HTTP/1.0" 200 1229 "-" "-"
117.50.7.159 - - [17/Jan/2018:01:30:16 +0100] "GET / HTTP/1.0" 200 1229 "-" "-"
209.126.136.4 - - [17/Jan/2018:01:36:49 +0100] "GET / HTTP/1.1" 200 1229 "-" "Mozilla/5.0 (Windows NT 10.0; Win64; x64) AppleWebKit/537.36 (KHTML, like Gecko) Chrome/57.0.2987.133 Safari/537.36"
117.50.7.159 - - [17/Jan/2018:01:38:12 +0100] "GET / HTTP/1.0" 200 1229 "-" "-"
210.14.78.91 - - [17/Jan/2018:01:45:11 +0100] "GET / HTTP/1.1" 200 1229 "-" "Mozilla/5.0 zgrab/0.x"
117.50.7.159 - - [17/Jan/2018:01:49:39 +0100] "GET / HTTP/1.0" 200 1229 "-" "-"
106.75.85.117 - - [17/Jan/2018:01:55:27 +0100] "GET / HTTP/1.1" 200 1229 "-" "Mozilla/5.0 (Windows NT 6.1) AppleWebKit/537.1 (KHTML, like Gecko) Chrome/21.0.1180.89 Safari/537.1"
164.52.24.140 - - [17/Jan/2018:02:05:56 +0100] "\x16\x03\x01\x01\"\x01" 501 326 "-" "-"
164.52.24.140 - - [17/Jan/2018:02:06:03 +0100] "USER test +iw test :Test Wuz Here" 400 329 "-" "-"
164.52.24.140 - - [17/Jan/2018:02:06:06 +0100] "GET / HTTP/1.1" 200 1229 "-" "Mozilla/5.0 (Windows NT 6.1; WOW64; rv:52.0) Gecko/20100101 Firefox/52.0"
106.75.85.117 - - [17/Jan/2018:02:08:47 +0100] "GET / HTTP/1.1" 200 1229 "-" "Mozilla/5.0 (Windows NT 6.1) AppleWebKit/537.1 (KHTML, like Gecko) Chrome/21.0.1180.89 Safari/537.1"
60.191.38.78 - - [17/Jan/2018:02:44:08 +0100] "GET / HTTP/1.1" 200 1229 "-" "Mozilla/5.0 (Macintosh; Intel Mac OS X 10.11; rv:47.0) Gecko/20100101 Firefox/47.0"
179.208.243.27 - - [17/Jan/2018:03:07:57 +0100] "GET /cgi/common.cgi HTTP/1.1" 404 319 "-" "Wget(linux)"
179.154.106.223 - - [17/Jan/2018:03:07:57 +0100] "GET /cgi/common.cgi HTTP/1.1" 404 319 "-" "Wget(linux)"
179.234.5.239 - - [17/Jan/2018:03:07:57 +0100] "GET /cgi/common.cgi HTTP/1.1" 404 319 "-" "Wget(linux)"
179.209.213.211 - - [17/Jan/2018:03:07:57 +0100] "GET /cgi/common.cgi HTTP/1.1" 404 319 "-" "Wget(linux)"
179.209.213.211 - - [17/Jan/2018:03:07:58 +0100] "GET /cgi/common.cgi HTTP/1.1" 404 319 "-" "Wget(linux)"
179.105.112.111 - - [17/Jan/2018:03:07:58 +0100] "GET /cgi/common.cgi HTTP/1.1" 404 319 "-" "Wget(linux)"
179.209.213.211 - - [17/Jan/2018:03:07:58 +0100] "GET /cgi/common.cgi HTTP/1.1" 404 319 "-" "Wget(linux)"
179.105.112.111 - - [17/Jan/2018:03:07:58 +0100] "GET /cgi/common.cgi HTTP/1.1" 404 319 "-" "Wget(linux)"
179.209.213.211 - - [17/Jan/2018:03:07:58 +0100] "GET /cgi/common.cgi HTTP/1.1" 404 319 "-" "Wget(linux)"
187.38.213.119 - - [17/Jan/2018:03:07:58 +0100] "GET /cgi/common.cgi HTTP/1.1" 404 319 "-" "Wget(linux)"
179.208.243.27 - - [17/Jan/2018:03:08:00 +0100] "GET /stssys.htm HTTP/1.1" 404 315 "-" "Wget(linux)"
179.154.106.223 - - [17/Jan/2018:03:08:00 +0100] "GET /stssys.htm HTTP/1.1" 404 315 "-" "Wget(linux)"
179.234.5.239 - - [17/Jan/2018:03:08:00 +0100] "GET /stssys.htm HTTP/1.1" 404 315 "-" "Wget(linux)"
179.209.213.211 - - [17/Jan/2018:03:08:00 +0100] "GET /stssys.htm HTTP/1.1" 404 315 "-" "Wget(linux)"
179.105.112.111 - - [17/Jan/2018:03:08:01 +0100] "GET /stssys.htm HTTP/1.1" 404 315 "-" "Wget(linux)"
179.209.213.211 - - [17/Jan/2018:03:08:01 +0100] "GET /stssys.htm HTTP/1.1" 404 315 "-" "Wget(linux)"
179.209.213.211 - - [17/Jan/2018:03:08:01 +0100] "GET /stssys.htm HTTP/1.1" 404 315 "-" "Wget(linux)"
179.105.112.111 - - [17/Jan/2018:03:08:01 +0100] "GET /stssys.htm HTTP/1.1" 404 315 "-" "Wget(linux)"
179.209.213.211 - - [17/Jan/2018:03:08:01 +0100] "GET /stssys.htm HTTP/1.1" 404 315 "-" "Wget(linux)"
187.38.213.119 - - [17/Jan/2018:03:08:01 +0100] "GET /stssys.htm HTTP/1.1" 404 315 "-" "Wget(linux)"
179.208.243.27 - - [17/Jan/2018:03:08:03 +0100] "GET / HTTP/1.1" 200 1229 "-" "Wget(linux)"
179.154.106.223 - - [17/Jan/2018:03:08:03 +0100] "GET / HTTP/1.1" 200 1229 "-" "Wget(linux)"
179.234.5.239 - - [17/Jan/2018:03:08:03 +0100] "GET / HTTP/1.1" 200 1229 "-" "Wget(linux)"
179.209.213.211 - - [17/Jan/2018:03:08:03 +0100] "GET / HTTP/1.1" 200 1229 "-" "Wget(linux)"
179.105.112.111 - - [17/Jan/2018:03:08:04 +0100] "GET / HTTP/1.1" 200 1229 "-" "Wget(linux)"
179.209.213.211 - - [17/Jan/2018:03:08:04 +0100] "GET / HTTP/1.1" 200 1229 "-" "Wget(linux)"
179.209.213.211 - - [17/Jan/2018:03:08:04 +0100] "GET / HTTP/1.1" 200 1229 "-" "Wget(linux)"
179.105.112.111 - - [17/Jan/2018:03:08:04 +0100] "GET / HTTP/1.1" 200 1229 "-" "Wget(linux)"
179.209.213.211 - - [17/Jan/2018:03:08:04 +0100] "GET / HTTP/1.1" 200 1229 "-" "Wget(linux)"
187.38.213.119 - - [17/Jan/2018:03:08:04 +0100] "GET / HTTP/1.1" 200 1229 "-" "Wget(linux)"
179.234.5.239 - - [17/Jan/2018:03:08:06 +0100] "POST /command.php HTTP/1.1" 404 316 "-" "Wget(linux)"
179.105.112.111 - - [17/Jan/2018:03:08:07 +0100] "POST /command.php HTTP/1.1" 404 316 "-" "Wget(linux)"
179.209.213.211 - - [17/Jan/2018:03:08:07 +0100] "POST /command.php HTTP/1.1" 404 316 "-" "Wget(linux)"
179.208.243.27 - - [17/Jan/2018:03:08:07 +0100] "POST /command.php HTTP/1.1" 404 316 "-" "Wget(linux)"
179.209.213.211 - - [17/Jan/2018:03:08:07 +0100] "POST /command.php HTTP/1.1" 404 316 "-" "Wget(linux)"
179.154.106.223 - - [17/Jan/2018:03:08:07 +0100] "POST /command.php HTTP/1.1" 404 316 "-" "Wget(linux)"
179.209.213.211 - - [17/Jan/2018:03:08:07 +0100] "POST /command.php HTTP/1.1" 404 316 "-" "Wget(linux)"
179.105.112.111 - - [17/Jan/2018:03:08:07 +0100] "POST /command.php HTTP/1.1" 404 316 "-" "Wget(linux)"
179.209.213.211 - - [17/Jan/2018:03:08:07 +0100] "POST /command.php HTTP/1.1" 404 316 "-" "Wget(linux)"
187.38.213.119 - - [17/Jan/2018:03:08:08 +0100] "POST /command.php HTTP/1.1" 404 316 "-" "Wget(linux)"
209.126.136.4 - - [17/Jan/2018:03:30:25 +0100] "GET / HTTP/1.1" 200 1229 "-" "Mozilla/5.0 (Windows NT 10.0; Win64; x64) AppleWebKit/537.36 (KHTML, like Gecko) Chrome/57.0.2987.133 Safari/537.36"
138.201.36.32 - - [17/Jan/2018:03:44:20 +0100] "GET / HTTP/1.1" 200 1229 "-" "Mozilla/5.0 (Windows; U; Windows NT 6.1; de; rv:1.9.2.12) Gecko/20101026 Firefox/3.6.12"
138.201.36.32 - - [17/Jan/2018:03:44:20 +0100] "GET / HTTP/1.1" 200 1229 "-" "Mozilla/5.0 (Windows; U; Windows NT 6.1; de; rv:1.9.2.12) Gecko/20101026 Firefox/3.6.12"
138.201.36.32 - - [17/Jan/2018:03:44:20 +0100] "GET / HTTP/1.1" 200 1229 "-" "Mozilla/5.0 (Windows; U; Windows NT 6.1; de; rv:1.9.2.12) Gecko/20101026 Firefox/3.6.12"
66.249.93.221 - - [17/Jan/2018:03:44:21 +0100] "GET / HTTP/1.1" 200 1229 "-" "Mozilla/5.0 (Linux; Android 6.0.1; Nexus 5X Build/MMB29P) AppleWebKit/537.36 (KHTML, like Gecko; Google Page Speed Insights) Chrome/41.0.2272.118 Mobile Safari/537.36"
66.249.93.220 - - [17/Jan/2018:03:46:05 +0100] "GET / HTTP/1.1" 200 1229 "-" "Mozilla/5.0 (Linux; Android 6.0.1; Nexus 5 Build/MRA58N) AppleWebKit/537.36(KHTML, like Gecko) Chrome/61.0.3116.0 Mobile Safari/537.36 Chrome-Lighthouse"
66.249.64.4 - - [17/Jan/2018:03:46:12 +0100] "GET /robots.txt HTTP/1.1" 404 330 "-" "Mozilla/5.0 (compatible; Googlebot/2.1; +http://www.google.com/bot.html)"
66.249.89.3 - - [17/Jan/2018:03:46:12 +0100] "GET / HTTP/1.1" 200 1229 "-" "Mozilla/5.0 (Linux; Android 6.0.1; Nexus 5 Build/MRA58N) AppleWebKit/537.36(KHTML, like Gecko) Chrome/61.0.3116.0 Mobile Safari/537.36 Chrome-Lighthouse"
141.212.122.144 - - [17/Jan/2018:04:09:18 +0100] "GET / HTTP/1.1" 200 1229 "-" "Mozilla/5.0 zgrab/0.x"
210.14.78.91 - - [17/Jan/2018:04:28:49 +0100] "GET / HTTP/1.1" 200 1229 "-" "Mozilla/5.0 zgrab/0.x"
80.82.70.234 - - [17/Jan/2018:05:30:30 +0100] "POST /wls-wsat/CoordinatorPortType HTTP/1.1" 404 333 "-" "Memes/1.3.3.7"
80.93.48.204 - - [17/Jan/2018:05:47:51 +0100] "HEAD / HTTP/1.1" 200 - "-" "Mozilla/5.0 zgrab/0.x"
172.104.108.109 - - [17/Jan/2018:06:23:35 +0100] "GET / HTTP/1.1" 200 1229 "-" "Mozilla/5.0"
209.126.136.4 - - [17/Jan/2018:06:39:38 +0100] "GET / HTTP/1.1" 200 1229 "-" "Mozilla/5.0 (Windows NT 10.0; Win64; x64) AppleWebKit/537.36 (KHTML, like Gecko) Chrome/57.0.2987.133 Safari/537.36"
222.186.46.6 - - [17/Jan/2018:06:47:25 +0100] "GET / HTTP/1.1" 200 1229 "-" "Mozilla/4.0 (compatible; MSIE 6.0; Windows NT 5.0)"
222.186.46.6 - - [17/Jan/2018:06:47:25 +0100] "GET / HTTP/1.1" 200 1229 "-" "Mozilla/4.0 (compatible; MSIE 6.0; Windows NT 5.0)"
222.186.46.6 - - [17/Jan/2018:06:47:25 +0100] "GET / HTTP/1.1" 200 1229 "-" "Mozilla/4.0 (compatible; MSIE 6.0; Windows NT 5.0)"
222.186.46.6 - - [17/Jan/2018:06:47:25 +0100] "GET / HTTP/1.1" 200 1229 "-" "Mozilla/4.0 (compatible; MSIE 6.0; Windows NT 5.0)"
222.186.46.6 - - [17/Jan/2018:06:47:28 +0100] "GET / HTTP/1.1" 200 1229 "-" "Mozilla/4.0 (compatible; MSIE 6.0; Windows NT 5.0)"
13.56.229.65 - - [17/Jan/2018:06:57:35 +0100] "GET / HTTP/1.1" 200 1229 "-" "Mozilla/5.0 (Macintosh; Intel Mac OS X 10_12_6) AppleWebKit/537.36 (KHTML, like Gecko) Chrome/61.0.3163.100 Safari/537.36"
209.126.136.4 - - [17/Jan/2018:07:07:01 +0100] "GET / HTTP/1.1" 200 1229 "-" "Mozilla/5.0 (Windows NT 10.0; Win64; x64) AppleWebKit/537.36 (KHTML, like Gecko) Chrome/57.0.2987.133 Safari/537.36"
216.244.66.249 - - [17/Jan/2018:07:15:14 +0100] "GET /robots.txt HTTP/1.1" 404 330 "-" "Mozilla/5.0 (compatible; DotBot/1.1; http://www.opensiteexplorer.org/dotbot, help@moz.com)"
5.9.144.195 - - [17/Jan/2018:07:23:48 +0100] "GET /robots.txt HTTP/1.1" 404 323 "-" "Mozilla/5.0 (compatible; MJ12bot/v1.4.8; http://mj12bot.com/)"
5.9.144.195 - - [17/Jan/2018:07:23:50 +0100] "GET / HTTP/1.1" 200 1229 "-" "Mozilla/5.0 (compatible; MJ12bot/v1.4.8; http://mj12bot.com/)"
104.128.144.131 - - [17/Jan/2018:07:28:40 +0100] "GET / HTTP/1.0" 200 1229 "-" "www.probethenet.com scanner"
104.128.144.131 - - [17/Jan/2018:07:28:40 +0100] "HEAD /redirect.php HTTP/1.0" 404 - "-" "www.probethenet.com scanner"
5.101.6.170 - - [17/Jan/2018:07:49:57 +0100] "GET / HTTP/1.1" 200 1229 "-" "Mozilla/5.0 (Windows NT 10.0; Win64; x64) AppleWebKit/537.36 (KHTML, like Gecko) Chrome/60.0.3112.113 Safari/537.36"
5.101.6.170 - - [17/Jan/2018:07:50:03 +0100] "GET / HTTP/1.1" 200 1229 "-" "Mozilla/5.0 (Windows NT 10.0; Win64; x64) AppleWebKit/537.36 (KHTML, like Gecko) Chrome/60.0.3112.113 Safari/537.36"
5.101.6.170 - - [17/Jan/2018:07:50:03 +0100] "GET / HTTP/1.1" 200 1229 "-" "Mozilla/5.0 (Windows NT 10.0; Win64; x64) AppleWebKit/537.36 (KHTML, like Gecko) Chrome/60.0.3112.113 Safari/537.36"
5.101.6.170 - - [17/Jan/2018:07:50:07 +0100] "GET / HTTP/1.1" 200 1229 "-" "Mozilla/5.0 (Windows NT 10.0; Win64; x64) AppleWebKit/537.36 (KHTML, like Gecko) Chrome/60.0.3112.113 Safari/537.36"
5.101.6.170 - - [17/Jan/2018:07:50:25 +0100] "GET / HTTP/1.1" 200 1229 "-" "Mozilla/5.0 (Windows NT 10.0; Win64; x64) AppleWebKit/537.36 (KHTML, like Gecko) Chrome/60.0.3112.113 Safari/537.36"
209.126.136.4 - - [17/Jan/2018:08:10:08 +0100] "GET / HTTP/1.1" 200 1229 "-" "Mozilla/5.0 (Windows NT 10.0; Win64; x64) AppleWebKit/537.36 (KHTML, like Gecko) Chrome/57.0.2987.133 Safari/537.36"
209.126.136.4 - - [17/Jan/2018:08:23:02 +0100] "GET / HTTP/1.1" 200 1229 "-" "Mozilla/5.0 (Windows NT 10.0; Win64; x64) AppleWebKit/537.36 (KHTML, like Gecko) Chrome/57.0.2987.133 Safari/537.36"
216.244.66.249 - - [17/Jan/2018:08:28:33 +0100] "GET / HTTP/1.1" 200 1229 "-" "Mozilla/5.0 (compatible; DotBot/1.1; http://www.opensiteexplorer.org/dotbot, help@moz.com)"
5.101.6.170 - - [17/Jan/2018:08:30:09 +0100] "GET / HTTP/1.1" 200 1229 "-" "Mozilla/5.0 (Windows NT 10.0; Win64; x64) AppleWebKit/537.36 (KHTML, like Gecko) Chrome/60.0.3112.113 Safari/537.36"
5.101.6.170 - - [17/Jan/2018:08:30:18 +0100] "GET / HTTP/1.1" 200 1229 "-" "Mozilla/5.0 (Windows NT 10.0; Win64; x64) AppleWebKit/537.36 (KHTML, like Gecko) Chrome/60.0.3112.113 Safari/537.36"
5.101.6.170 - - [17/Jan/2018:08:30:18 +0100] "GET / HTTP/1.1" 200 1229 "-" "Mozilla/5.0 (Windows NT 10.0; Win64; x64) AppleWebKit/537.36 (KHTML, like Gecko) Chrome/60.0.3112.113 Safari/537.36"
5.101.6.170 - - [17/Jan/2018:08:30:24 +0100] "GET / HTTP/1.1" 200 1229 "-" "Mozilla/5.0 (Windows NT 10.0; Win64; x64) AppleWebKit/537.36 (KHTML, like Gecko) Chrome/60.0.3112.113 Safari/537.36"
5.101.6.170 - - [17/Jan/2018:08:30:26 +0100] "GET / HTTP/1.1" 200 1229 "-" "Mozilla/5.0 (Windows NT 10.0; Win64; x64) AppleWebKit/537.36 (KHTML, like Gecko) Chrome/60.0.3112.113 Safari/537.36"
172.104.108.109 - - [17/Jan/2018:09:09:23 +0100] "GET / HTTP/1.1" 200 1229 "-" "Mozilla/5.0"
139.162.108.53 - - [17/Jan/2018:09:17:48 +0100] "GET / HTTP/1.1" 200 1229 "-" "Mozilla/5.0 (Windows NT 10.0; WOW64) AppleWebKit/537.36 (KHTML, like Gecko) Chrome/50.0.2661.102 Safari/537.36"
91.58.184.49 - - [17/Jan/2018:09:26:40 +0100] "GET / HTTP/1.1" 200 1229 "http://www.oberstufenzentrum.de/schulen/friedrich-list-schule" "Mozilla/5.0 (Windows NT 6.1; Win64; x64; rv:52.0) Gecko/20100101 Firefox/52.0"
91.58.184.49 - - [17/Jan/2018:09:26:40 +0100] "GET /favicon.ico HTTP/1.1" 404 331 "-" "Mozilla/5.0 (Windows NT 6.1; Win64; x64; rv:52.0) Gecko/20100101 Firefox/52.0"
91.58.184.49 - - [17/Jan/2018:09:26:40 +0100] "GET /favicon.ico HTTP/1.1" 404 331 "-" "Mozilla/5.0 (Windows NT 6.1; Win64; x64; rv:52.0) Gecko/20100101 Firefox/52.0"
209.126.136.4 - - [17/Jan/2018:09:56:34 +0100] "GET / HTTP/1.1" 200 1229 "-" "Mozilla/5.0 (Windows NT 10.0; Win64; x64) AppleWebKit/537.36 (KHTML, like Gecko) Chrome/57.0.2987.133 Safari/537.36"
94.218.2.48 - - [17/Jan/2018:09:57:00 +0100] "O" 501 316 "-" "-"
94.218.2.48 - - [17/Jan/2018:09:57:00 +0100] "POST / HTTP/1.1" 200 1229 "-" "Mozilla/5.0 (Windows NT 6.1; Trident/7.0; rv:11.0) like Gecko"
94.218.2.48 - - [17/Jan/2018:09:59:00 +0100] "POST / HTTP/1.1" 200 1229 "-" "Mozilla/5.0 (Windows NT 6.1; Trident/7.0; rv:11.0) like Gecko"
94.218.2.48 - - [17/Jan/2018:10:01:00 +0100] "POST / HTTP/1.1" 200 1229 "-" "Mozilla/5.0 (Windows NT 6.1; Trident/7.0; rv:11.0) like Gecko"
94.218.2.48 - - [17/Jan/2018:10:03:00 +0100] "POST / HTTP/1.1" 200 1229 "-" "Mozilla/5.0 (Windows NT 6.1; Trident/7.0; rv:11.0) like Gecko"
94.218.2.48 - - [17/Jan/2018:10:05:00 +0100] "POST / HTTP/1.1" 200 1229 "-" "Mozilla/5.0 (Windows NT 6.1; Trident/7.0; rv:11.0) like Gecko"
139.162.114.70 - - [17/Jan/2018:10:06:11 +0100] "GET / HTTP/1.1" 200 1229 "-" "Mozilla/5.0 (Windows NT 10.0; WOW64) AppleWebKit/537.36 (KHTML, like Gecko) Chrome/50.0.2661.102 Safari/537.36"
94.218.2.48 - - [17/Jan/2018:10:07:00 +0100] "POST / HTTP/1.1" 200 1229 "-" "Mozilla/5.0 (Windows NT 6.1; Trident/7.0; rv:11.0) like Gecko"
141.212.122.144 - - [17/Jan/2018:10:07:54 +0100] "GET / HTTP/1.1" 200 1229 "-" "Mozilla/5.0 zgrab/0.x"
94.218.2.48 - - [17/Jan/2018:10:09:00 +0100] "POST / HTTP/1.1" 200 1229 "-" "Mozilla/5.0 (Windows NT 6.1; Trident/7.0; rv:11.0) like Gecko"
94.218.2.48 - - [17/Jan/2018:10:11:00 +0100] "POST / HTTP/1.1" 200 1229 "-" "Mozilla/5.0 (Windows NT 6.1; Trident/7.0; rv:11.0) like Gecko"
94.218.2.48 - - [17/Jan/2018:10:13:00 +0100] "POST / HTTP/1.1" 200 1229 "-" "Mozilla/5.0 (Windows NT 6.1; Trident/7.0; rv:11.0) like Gecko"
94.218.2.48 - - [17/Jan/2018:10:15:01 +0100] "POST / HTTP/1.1" 200 1229 "-" "Mozilla/5.0 (Windows NT 6.1; Trident/7.0; rv:11.0) like Gecko"
172.104.108.109 - - [17/Jan/2018:10:16:31 +0100] "GET / HTTP/1.1" 200 1229 "-" "Mozilla/5.0"
94.218.2.48 - - [17/Jan/2018:10:17:01 +0100] "POST / HTTP/1.1" 200 1229 "-" "Mozilla/5.0 (Windows NT 6.1; Trident/7.0; rv:11.0) like Gecko"
94.218.2.48 - - [17/Jan/2018:10:19:01 +0100] "POST / HTTP/1.1" 200 1229 "-" "Mozilla/5.0 (Windows NT 6.1; Trident/7.0; rv:11.0) like Gecko"
94.218.2.48 - - [17/Jan/2018:10:21:01 +0100] "POST / HTTP/1.1" 200 1229 "-" "Mozilla/5.0 (Windows NT 6.1; Trident/7.0; rv:11.0) like Gecko"
94.218.2.48 - - [17/Jan/2018:10:23:01 +0100] "POST / HTTP/1.1" 200 1229 "-" "Mozilla/5.0 (Windows NT 6.1; Trident/7.0; rv:11.0) like Gecko"
94.218.2.48 - - [17/Jan/2018:10:25:01 +0100] "POST / HTTP/1.1" 200 1229 "-" "Mozilla/5.0 (Windows NT 6.1; Trident/7.0; rv:11.0) like Gecko"
94.218.2.48 - - [17/Jan/2018:10:27:01 +0100] "POST / HTTP/1.1" 200 1229 "-" "Mozilla/5.0 (Windows NT 6.1; Trident/7.0; rv:11.0) like Gecko"
94.218.2.48 - - [17/Jan/2018:10:29:01 +0100] "POST / HTTP/1.1" 200 1229 "-" "Mozilla/5.0 (Windows NT 6.1; Trident/7.0; rv:11.0) like Gecko"
94.218.2.48 - - [17/Jan/2018:10:31:01 +0100] "POST / HTTP/1.1" 200 1229 "-" "Mozilla/5.0 (Windows NT 6.1; Trident/7.0; rv:11.0) like Gecko"
94.218.2.48 - - [17/Jan/2018:10:33:01 +0100] "POST / HTTP/1.1" 200 1229 "-" "Mozilla/5.0 (Windows NT 6.1; Trident/7.0; rv:11.0) like Gecko"
94.218.2.48 - - [17/Jan/2018:10:35:01 +0100] "POST / HTTP/1.1" 200 1229 "-" "Mozilla/5.0 (Windows NT 6.1; Trident/7.0; rv:11.0) like Gecko"
94.218.2.48 - - [17/Jan/2018:10:37:01 +0100] "POST / HTTP/1.1" 200 1229 "-" "Mozilla/5.0 (Windows NT 6.1; Trident/7.0; rv:11.0) like Gecko"
164.52.24.140 - - [17/Jan/2018:10:37:15 +0100] "\x16\x03\x01\x01\"\x01" 501 326 "-" "-"
164.52.24.140 - - [17/Jan/2018:10:37:22 +0100] "USER test +iw test :Test Wuz Here" 400 329 "-" "-"
164.52.24.140 - - [17/Jan/2018:10:37:25 +0100] "GET / HTTP/1.1" 200 1229 "-" "Mozilla/5.0 (Windows NT 6.1; WOW64; rv:52.0) Gecko/20100101 Firefox/52.0"
94.218.2.48 - - [17/Jan/2018:10:39:01 +0100] "POST / HTTP/1.1" 200 1229 "-" "Mozilla/5.0 (Windows NT 6.1; Trident/7.0; rv:11.0) like Gecko"
94.218.2.48 - - [17/Jan/2018:10:41:02 +0100] "POST / HTTP/1.1" 200 1229 "-" "Mozilla/5.0 (Windows NT 6.1; Trident/7.0; rv:11.0) like Gecko"
94.218.2.48 - - [17/Jan/2018:10:43:02 +0100] "POST / HTTP/1.1" 200 1229 "-" "Mozilla/5.0 (Windows NT 6.1; Trident/7.0; rv:11.0) like Gecko"
94.218.2.48 - - [17/Jan/2018:10:45:02 +0100] "POST / HTTP/1.1" 200 1229 "-" "Mozilla/5.0 (Windows NT 6.1; Trident/7.0; rv:11.0) like Gecko"
94.218.2.48 - - [17/Jan/2018:10:47:02 +0100] "POST / HTTP/1.1" 200 1229 "-" "Mozilla/5.0 (Windows NT 6.1; Trident/7.0; rv:11.0) like Gecko"
94.218.2.48 - - [17/Jan/2018:10:49:02 +0100] "POST / HTTP/1.1" 200 1229 "-" "Mozilla/5.0 (Windows NT 6.1; Trident/7.0; rv:11.0) like Gecko"
94.218.2.48 - - [17/Jan/2018:10:51:02 +0100] "POST / HTTP/1.1" 200 1229 "-" "Mozilla/5.0 (Windows NT 6.1; Trident/7.0; rv:11.0) like Gecko"
94.218.2.48 - - [17/Jan/2018:10:53:02 +0100] "POST / HTTP/1.1" 200 1229 "-" "Mozilla/5.0 (Windows NT 6.1; Trident/7.0; rv:11.0) like Gecko"
94.218.2.48 - - [17/Jan/2018:10:55:02 +0100] "POST / HTTP/1.1" 200 1229 "-" "Mozilla/5.0 (Windows NT 6.1; Trident/7.0; rv:11.0) like Gecko"
46.229.164.101 - - [17/Jan/2018:10:55:11 +0100] "GET /robots.txt HTTP/1.1" 404 330 "-" "Mozilla/5.0 (compatible; SemrushBot/1.2~bl; +http://www.semrush.com/bot.html)"
94.218.2.48 - - [17/Jan/2018:10:57:02 +0100] "POST / HTTP/1.1" 200 1229 "-" "Mozilla/5.0 (Windows NT 6.1; Trident/7.0; rv:11.0) like Gecko"
94.218.2.48 - - [17/Jan/2018:10:59:02 +0100] "POST / HTTP/1.1" 200 1229 "-" "Mozilla/5.0 (Windows NT 6.1; Trident/7.0; rv:11.0) like Gecko"
94.218.2.48 - - [17/Jan/2018:11:01:02 +0100] "POST / HTTP/1.1" 200 1229 "-" "Mozilla/5.0 (Windows NT 6.1; Trident/7.0; rv:11.0) like Gecko"
94.218.2.48 - - [17/Jan/2018:11:03:02 +0100] "POST / HTTP/1.1" 200 1229 "-" "Mozilla/5.0 (Windows NT 6.1; Trident/7.0; rv:11.0) like Gecko"
94.218.2.48 - - [17/Jan/2018:11:05:03 +0100] "POST / HTTP/1.1" 200 1229 "-" "Mozilla/5.0 (Windows NT 6.1; Trident/7.0; rv:11.0) like Gecko"
94.218.2.48 - - [17/Jan/2018:11:07:03 +0100] "POST / HTTP/1.1" 200 1229 "-" "Mozilla/5.0 (Windows NT 6.1; Trident/7.0; rv:11.0) like Gecko"
94.218.2.48 - - [17/Jan/2018:11:09:03 +0100] "POST / HTTP/1.1" 200 1229 "-" "Mozilla/5.0 (Windows NT 6.1; Trident/7.0; rv:11.0) like Gecko"
94.218.2.48 - - [17/Jan/2018:11:11:03 +0100] "POST / HTTP/1.1" 200 1229 "-" "Mozilla/5.0 (Windows NT 6.1; Trident/7.0; rv:11.0) like Gecko"
94.218.2.48 - - [17/Jan/2018:11:13:03 +0100] "POST / HTTP/1.1" 200 1229 "-" "Mozilla/5.0 (Windows NT 6.1; Trident/7.0; rv:11.0) like Gecko"
94.218.2.48 - - [17/Jan/2018:11:15:03 +0100] "POST / HTTP/1.1" 200 1229 "-" "Mozilla/5.0 (Windows NT 6.1; Trident/7.0; rv:11.0) like Gecko"
141.212.122.144 - - [17/Jan/2018:11:15:41 +0100] "GET / HTTP/1.1" 200 1229 "-" "Mozilla/5.0 zgrab/0.x"
94.218.2.48 - - [17/Jan/2018:11:17:03 +0100] "POST / HTTP/1.1" 200 1229 "-" "Mozilla/5.0 (Windows NT 6.1; Trident/7.0; rv:11.0) like Gecko"
94.218.2.48 - - [17/Jan/2018:11:19:03 +0100] "POST / HTTP/1.1" 200 1229 "-" "Mozilla/5.0 (Windows NT 6.1; Trident/7.0; rv:11.0) like Gecko"
94.218.2.48 - - [17/Jan/2018:11:21:03 +0100] "POST / HTTP/1.1" 200 1229 "-" "Mozilla/5.0 (Windows NT 6.1; Trident/7.0; rv:11.0) like Gecko"
94.218.2.48 - - [17/Jan/2018:11:23:03 +0100] "POST / HTTP/1.1" 200 1229 "-" "Mozilla/5.0 (Windows NT 6.1; Trident/7.0; rv:11.0) like Gecko"
94.218.2.48 - - [17/Jan/2018:11:25:03 +0100] "POST / HTTP/1.1" 200 1229 "-" "Mozilla/5.0 (Windows NT 6.1; Trident/7.0; rv:11.0) like Gecko"
94.218.2.48 - - [17/Jan/2018:11:27:03 +0100] "POST / HTTP/1.1" 200 1229 "-" "Mozilla/5.0 (Windows NT 6.1; Trident/7.0; rv:11.0) like Gecko"
204.152.218.49 - - [17/Jan/2018:11:29:02 +0100] "GET http://www.proxylists.net/proxyjudge.php HTTP/1.1" 404 324 "-" "PycURL/7.19.5 libcurl/7.38.0 GnuTLS/3.3.8 zlib/1.2.8 libidn/1.29 libssh2/1.4.3 librtmp/2.3"
94.218.2.48 - - [17/Jan/2018:11:29:04 +0100] "POST / HTTP/1.1" 200 1229 "-" "Mozilla/5.0 (Windows NT 6.1; Trident/7.0; rv:11.0) like Gecko"
94.218.2.48 - - [17/Jan/2018:11:31:04 +0100] "POST / HTTP/1.1" 200 1229 "-" "Mozilla/5.0 (Windows NT 6.1; Trident/7.0; rv:11.0) like Gecko"
94.218.2.48 - - [17/Jan/2018:11:33:04 +0100] "POST / HTTP/1.1" 200 1229 "-" "Mozilla/5.0 (Windows NT 6.1; Trident/7.0; rv:11.0) like Gecko"
109.41.194.204 - - [17/Jan/2018:11:34:14 +0100] "GET / HTTP/1.1" 200 1229 "-" "Mozilla/5.0 (Windows NT 10.0; Win64; x64; rv:52.0) Gecko/20100101 Firefox/52.0"
109.41.194.204 - - [17/Jan/2018:11:34:15 +0100] "GET /favicon.ico HTTP/1.1" 404 331 "-" "Mozilla/5.0 (Windows NT 10.0; Win64; x64; rv:52.0) Gecko/20100101 Firefox/52.0"
109.41.194.204 - - [17/Jan/2018:11:34:15 +0100] "GET /favicon.ico HTTP/1.1" 404 331 "-" "Mozilla/5.0 (Windows NT 10.0; Win64; x64; rv:52.0) Gecko/20100101 Firefox/52.0"
94.218.2.48 - - [17/Jan/2018:11:35:04 +0100] "POST / HTTP/1.1" 200 1229 "-" "Mozilla/5.0 (Windows NT 6.1; Trident/7.0; rv:11.0) like Gecko"
94.218.2.48 - - [17/Jan/2018:11:37:04 +0100] "POST / HTTP/1.1" 200 1229 "-" "Mozilla/5.0 (Windows NT 6.1; Trident/7.0; rv:11.0) like Gecko"
94.218.2.48 - - [17/Jan/2018:11:39:04 +0100] "POST / HTTP/1.1" 200 1229 "-" "Mozilla/5.0 (Windows NT 6.1; Trident/7.0; rv:11.0) like Gecko"
94.218.2.48 - - [17/Jan/2018:11:41:04 +0100] "POST / HTTP/1.1" 200 1229 "-" "Mozilla/5.0 (Windows NT 6.1; Trident/7.0; rv:11.0) like Gecko"
94.218.2.48 - - [17/Jan/2018:11:43:04 +0100] "POST / HTTP/1.1" 200 1229 "-" "Mozilla/5.0 (Windows NT 6.1; Trident/7.0; rv:11.0) like Gecko"
94.218.2.48 - - [17/Jan/2018:11:45:04 +0100] "POST / HTTP/1.1" 200 1229 "-" "Mozilla/5.0 (Windows NT 6.1; Trident/7.0; rv:11.0) like Gecko"
94.218.2.48 - - [17/Jan/2018:11:47:04 +0100] "POST / HTTP/1.1" 200 1229 "-" "Mozilla/5.0 (Windows NT 6.1; Trident/7.0; rv:11.0) like Gecko"
94.218.2.48 - - [17/Jan/2018:11:49:04 +0100] "POST / HTTP/1.1" 200 1229 "-" "Mozilla/5.0 (Windows NT 6.1; Trident/7.0; rv:11.0) like Gecko"
69.28.222.84 - - [17/Jan/2018:11:50:09 +0100] "GET / HTTP/1.0" 200 1229 "-" "-"
94.218.2.48 - - [17/Jan/2018:11:51:04 +0100] "POST / HTTP/1.1" 200 1229 "-" "Mozilla/5.0 (Windows NT 6.1; Trident/7.0; rv:11.0) like Gecko"
94.218.2.48 - - [17/Jan/2018:11:53:04 +0100] "POST / HTTP/1.1" 200 1229 "-" "Mozilla/5.0 (Windows NT 6.1; Trident/7.0; rv:11.0) like Gecko"
94.218.2.48 - - [17/Jan/2018:11:55:05 +0100] "POST / HTTP/1.1" 200 1229 "-" "Mozilla/5.0 (Windows NT 6.1; Trident/7.0; rv:11.0) like Gecko"
94.218.2.48 - - [17/Jan/2018:11:57:05 +0100] "POST / HTTP/1.1" 200 1229 "-" "Mozilla/5.0 (Windows NT 6.1; Trident/7.0; rv:11.0) like Gecko"
94.218.2.48 - - [17/Jan/2018:11:59:05 +0100] "POST / HTTP/1.1" 200 1229 "-" "Mozilla/5.0 (Windows NT 6.1; Trident/7.0; rv:11.0) like Gecko"
94.218.2.48 - - [17/Jan/2018:12:01:05 +0100] "POST / HTTP/1.1" 200 1229 "-" "Mozilla/5.0 (Windows NT 6.1; Trident/7.0; rv:11.0) like Gecko"
94.218.2.48 - - [17/Jan/2018:12:03:05 +0100] "POST / HTTP/1.1" 200 1229 "-" "Mozilla/5.0 (Windows NT 6.1; Trident/7.0; rv:11.0) like Gecko"
94.218.2.48 - - [17/Jan/2018:12:05:05 +0100] "POST / HTTP/1.1" 200 1229 "-" "Mozilla/5.0 (Windows NT 6.1; Trident/7.0; rv:11.0) like Gecko"
94.218.2.48 - - [17/Jan/2018:12:07:05 +0100] "POST / HTTP/1.1" 200 1229 "-" "Mozilla/5.0 (Windows NT 6.1; Trident/7.0; rv:11.0) like Gecko"
94.218.2.48 - - [17/Jan/2018:12:09:05 +0100] "POST / HTTP/1.1" 200 1229 "-" "Mozilla/5.0 (Windows NT 6.1; Trident/7.0; rv:11.0) like Gecko"
94.218.2.48 - - [17/Jan/2018:12:11:05 +0100] "POST / HTTP/1.1" 200 1229 "-" "Mozilla/5.0 (Windows NT 6.1; Trident/7.0; rv:11.0) like Gecko"
94.218.2.48 - - [17/Jan/2018:12:13:05 +0100] "POST / HTTP/1.1" 200 1229 "-" "Mozilla/5.0 (Windows NT 6.1; Trident/7.0; rv:11.0) like Gecko"
94.218.2.48 - - [17/Jan/2018:12:15:06 +0100] "POST / HTTP/1.1" 200 1229 "-" "Mozilla/5.0 (Windows NT 6.1; Trident/7.0; rv:11.0) like Gecko"
94.218.2.48 - - [17/Jan/2018:12:17:06 +0100] "POST / HTTP/1.1" 200 1229 "-" "Mozilla/5.0 (Windows NT 6.1; Trident/7.0; rv:11.0) like Gecko"
94.218.2.48 - - [17/Jan/2018:12:19:06 +0100] "POST / HTTP/1.1" 200 1229 "-" "Mozilla/5.0 (Windows NT 6.1; Trident/7.0; rv:11.0) like Gecko"
89.204.139.223 - - [17/Jan/2018:12:21:38 +0100] "GET / HTTP/1.1" 200 1229 "http://www.oberstufenzentrum.de/schulen/friedrich-list-schule-ehemals-osz-buerowirtschaft-ii" "Mozilla/5.0 (Windows NT 6.1; Win64; x64; rv:57.0) Gecko/20100101 Firefox/57.0"
89.204.139.223 - - [17/Jan/2018:12:21:38 +0100] "GET /favicon.ico HTTP/1.1" 404 331 "-" "Mozilla/5.0 (Windows NT 6.1; Win64; x64; rv:57.0) Gecko/20100101 Firefox/57.0"
89.204.139.223 - - [17/Jan/2018:12:21:38 +0100] "GET /favicon.ico HTTP/1.1" 404 331 "-" "Mozilla/5.0 (Windows NT 6.1; Win64; x64; rv:57.0) Gecko/20100101 Firefox/57.0"
94.218.2.48 - - [17/Jan/2018:12:26:28 +0100] "POST / HTTP/1.1" 200 1229 "-" "Mozilla/5.0 (Windows NT 6.1; Trident/7.0; rv:11.0) like Gecko"
94.218.2.48 - - [17/Jan/2018:12:28:28 +0100] "POST / HTTP/1.1" 200 1229 "-" "Mozilla/5.0 (Windows NT 6.1; Trident/7.0; rv:11.0) like Gecko"
94.218.2.48 - - [17/Jan/2018:12:30:28 +0100] "POST / HTTP/1.1" 200 1229 "-" "Mozilla/5.0 (Windows NT 6.1; Trident/7.0; rv:11.0) like Gecko"
94.218.2.48 - - [17/Jan/2018:12:32:29 +0100] "POST / HTTP/1.1" 200 1229 "-" "Mozilla/5.0 (Windows NT 6.1; Trident/7.0; rv:11.0) like Gecko"
94.218.2.48 - - [17/Jan/2018:12:34:29 +0100] "POST / HTTP/1.1" 200 1229 "-" "Mozilla/5.0 (Windows NT 6.1; Trident/7.0; rv:11.0) like Gecko"
94.218.2.48 - - [17/Jan/2018:12:36:29 +0100] "POST / HTTP/1.1" 200 1229 "-" "Mozilla/5.0 (Windows NT 6.1; Trident/7.0; rv:11.0) like Gecko"
94.218.2.48 - - [17/Jan/2018:12:38:29 +0100] "POST / HTTP/1.1" 200 1229 "-" "Mozilla/5.0 (Windows NT 6.1; Trident/7.0; rv:11.0) like Gecko"
60.191.38.78 - - [17/Jan/2018:12:40:11 +0100] "GET / HTTP/1.1" 200 1229 "-" "Mozilla/5.0 (Macintosh; Intel Mac OS X 10.11; rv:47.0) Gecko/20100101 Firefox/47.0"
94.218.2.48 - - [17/Jan/2018:12:40:29 +0100] "POST / HTTP/1.1" 200 1229 "-" "Mozilla/5.0 (Windows NT 6.1; Trident/7.0; rv:11.0) like Gecko"
60.191.38.78 - - [17/Jan/2018:12:40:31 +0100] "GET / HTTP/1.1" 200 1229 "-" "Mozilla/5.0 (Macintosh; Intel Mac OS X 10.11; rv:47.0) Gecko/20100101 Firefox/47.0"
60.191.38.78 - - [17/Jan/2018:12:41:25 +0100] "GET / HTTP/1.1" 200 1229 "-" "Mozilla/5.0 (Macintosh; Intel Mac OS X 10.11; rv:47.0) Gecko/20100101 Firefox/47.0"
60.191.38.78 - - [17/Jan/2018:12:42:18 +0100] "GET / HTTP/1.1" 200 1229 "-" "Mozilla/5.0 (Macintosh; Intel Mac OS X 10.11; rv:47.0) Gecko/20100101 Firefox/47.0"
94.218.2.48 - - [17/Jan/2018:12:42:29 +0100] "POST / HTTP/1.1" 200 1229 "-" "Mozilla/5.0 (Windows NT 6.1; Trident/7.0; rv:11.0) like Gecko"
60.191.38.78 - - [17/Jan/2018:12:42:56 +0100] "GET / HTTP/1.1" 200 1229 "-" "Mozilla/5.0 (Macintosh; Intel Mac OS X 10.11; rv:47.0) Gecko/20100101 Firefox/47.0"
60.191.38.78 - - [17/Jan/2018:12:43:23 +0100] "GET / HTTP/1.1" 200 1229 "-" "Mozilla/5.0 (Macintosh; Intel Mac OS X 10.11; rv:47.0) Gecko/20100101 Firefox/47.0"
94.218.2.48 - - [17/Jan/2018:12:44:30 +0100] "POST / HTTP/1.1" 200 1229 "-" "Mozilla/5.0 (Windows NT 6.1; Trident/7.0; rv:11.0) like Gecko"
60.191.38.78 - - [17/Jan/2018:12:45:05 +0100] "GET / HTTP/1.1" 200 1229 "-" "Mozilla/5.0 (Macintosh; Intel Mac OS X 10.11; rv:47.0) Gecko/20100101 Firefox/47.0"
94.218.2.48 - - [17/Jan/2018:12:46:30 +0100] "POST / HTTP/1.1" 200 1229 "-" "Mozilla/5.0 (Windows NT 6.1; Trident/7.0; rv:11.0) like Gecko"
94.218.2.48 - - [17/Jan/2018:12:48:30 +0100] "POST / HTTP/1.1" 200 1229 "-" "Mozilla/5.0 (Windows NT 6.1; Trident/7.0; rv:11.0) like Gecko"
94.218.2.48 - - [17/Jan/2018:12:50:30 +0100] "POST / HTTP/1.1" 200 1229 "-" "Mozilla/5.0 (Windows NT 6.1; Trident/7.0; rv:11.0) like Gecko"
94.218.2.48 - - [17/Jan/2018:12:52:30 +0100] "POST / HTTP/1.1" 200 1229 "-" "Mozilla/5.0 (Windows NT 6.1; Trident/7.0; rv:11.0) like Gecko"
35.190.154.209 - - [17/Jan/2018:12:54:16 +0100] "HEAD / HTTP/1.1" 200 - "-" "-"
35.190.154.209 - - [17/Jan/2018:12:54:16 +0100] "GET / HTTP/1.1" 200 1229 "-" "-"
94.218.2.48 - - [17/Jan/2018:12:54:30 +0100] "POST / HTTP/1.1" 200 1229 "-" "Mozilla/5.0 (Windows NT 6.1; Trident/7.0; rv:11.0) like Gecko"
94.218.2.48 - - [17/Jan/2018:12:56:30 +0100] "POST / HTTP/1.1" 200 1229 "-" "Mozilla/5.0 (Windows NT 6.1; Trident/7.0; rv:11.0) like Gecko"
82.49.244.136 - - [17/Jan/2018:12:56:46 +0100] "GET / HTTP/1.1" 200 1229 "-" "curl/7.40.0"
82.49.244.136 - - [17/Jan/2018:12:56:46 +0100] "GET / HTTP/1.1" 200 1229 "-" "curl/7.40.0"
82.49.244.136 - - [17/Jan/2018:12:56:46 +0100] "GET / HTTP/1.1" 200 1229 "-" "curl/7.40.0"
82.49.244.136 - - [17/Jan/2018:12:56:46 +0100] "GET / HTTP/1.1" 200 1229 "-" "curl/7.40.0"
82.49.244.136 - - [17/Jan/2018:12:56:46 +0100] "GET / HTTP/1.1" 200 1229 "-" "curl/7.40.0"
82.49.244.136 - - [17/Jan/2018:12:56:46 +0100] "GET / HTTP/1.1" 200 1229 "-" "curl/7.40.0"
82.49.244.136 - - [17/Jan/2018:12:56:46 +0100] "GET / HTTP/1.1" 200 1229 "-" "curl/7.40.0"
82.49.244.136 - - [17/Jan/2018:12:56:46 +0100] "GET / HTTP/1.1" 200 1229 "-" "curl/7.40.0"
82.49.244.136 - - [17/Jan/2018:12:56:46 +0100] "GET / HTTP/1.1" 200 1229 "-" "curl/7.40.0"
82.49.244.136 - - [17/Jan/2018:12:56:46 +0100] "GET / HTTP/1.1" 200 1229 "-" "curl/7.40.0"
94.218.2.48 - - [17/Jan/2018:12:58:31 +0100] "POST / HTTP/1.1" 200 1229 "-" "Mozilla/5.0 (Windows NT 6.1; Trident/7.0; rv:11.0) like Gecko"
94.218.2.48 - - [17/Jan/2018:13:00:31 +0100] "POST / HTTP/1.1" 200 1229 "-" "Mozilla/5.0 (Windows NT 6.1; Trident/7.0; rv:11.0) like Gecko"
94.218.2.48 - - [17/Jan/2018:13:02:31 +0100] "POST / HTTP/1.1" 200 1229 "-" "Mozilla/5.0 (Windows NT 6.1; Trident/7.0; rv:11.0) like Gecko"
94.218.2.48 - - [17/Jan/2018:13:04:31 +0100] "POST / HTTP/1.1" 200 1229 "-" "Mozilla/5.0 (Windows NT 6.1; Trident/7.0; rv:11.0) like Gecko"
94.218.2.48 - - [17/Jan/2018:13:06:31 +0100] "POST / HTTP/1.1" 200 1229 "-" "Mozilla/5.0 (Windows NT 6.1; Trident/7.0; rv:11.0) like Gecko"
94.218.2.48 - - [17/Jan/2018:13:08:31 +0100] "POST / HTTP/1.1" 200 1229 "-" "Mozilla/5.0 (Windows NT 6.1; Trident/7.0; rv:11.0) like Gecko"
