65.55.207.70 - - [11/Dec/2009:08:52:40 +0100] "GET /robots.txt HTTP/1.1" 404 1256 "-" "msnbot/2.0b (+http://search.msn.com/msnbot.htm)"
65.55.207.70 - - [11/Dec/2009:08:56:48 +0100] "GET / HTTP/1.1" 304 - "-" "msnbot/2.0b (+http://search.msn.com/msnbot.htm)"
89.247.225.199 - - [11/Dec/2009:09:36:59 +0100] "GET / HTTP/1.0" 200 1219 "-" "Mozilla/5.0 (Windows; U; Windows NT 5.1; de; rv:1.9.0.3) Gecko/2008092417 Firefox/3.0.3"
89.247.225.199 - - [11/Dec/2009:09:36:59 +0100] "GET /favicon.ico HTTP/1.0" 404 1256 "-" "Mozilla/5.0 (Windows; U; Windows NT 5.1; de; rv:1.9.0.3) Gecko/2008092417 Firefox/3.0.3"
89.247.225.199 - - [11/Dec/2009:09:37:02 +0100] "GET /favicon.ico HTTP/1.0" 404 1256 "-" "Mozilla/5.0 (Windows; U; Windows NT 5.1; de; rv:1.9.0.3) Gecko/2008092417 Firefox/3.0.3"
173.45.107.170 - - [11/Dec/2009:09:38:08 +0100] "GET / HTTP/1.1" 200 1219 "-" "Java/1.6.0_17"
89.247.225.199 - - [11/Dec/2009:09:38:45 +0100] "GET / HTTP/1.0" 304 - "-" "Mozilla/5.0 (Windows; U; Windows NT 5.1; de; rv:1.9.0.3) Gecko/2008092417 Firefox/3.0.3"
89.247.225.199 - - [11/Dec/2009:09:38:48 +0100] "GET /favicon.ico HTTP/1.0" 404 1256 "-" "Mozilla/5.0 (Windows; U; Windows NT 5.1; de; rv:1.9.0.3) Gecko/2008092417 Firefox/3.0.3"
89.247.225.199 - - [11/Dec/2009:09:41:05 +0100] "GET / HTTP/1.0" 200 1219 "-" "Mozilla/5.0 (Windows; U; Windows NT 5.1; de; rv:1.9.0.3) Gecko/2008092417 Firefox/3.0.3"
89.247.225.199 - - [11/Dec/2009:09:41:06 +0100] "GET /favicon.ico HTTP/1.0" 404 1256 "-" "Mozilla/5.0 (Windows; U; Windows NT 5.1; de; rv:1.9.0.3) Gecko/2008092417 Firefox/3.0.3"
89.247.225.199 - - [11/Dec/2009:09:41:09 +0100] "GET /favicon.ico HTTP/1.0" 404 1256 "-" "Mozilla/5.0 (Windows; U; Windows NT 5.1; de; rv:1.9.0.3) Gecko/2008092417 Firefox/3.0.3"
91.37.179.16 - - [11/Dec/2009:09:43:13 +0100] "GET / HTTP/1.1" 200 1219 "http://www.google.de/url?sa=t&source=web&ct=res&cd=6&ved=0CBYQFDAF&url=http%3A%2F%2Fwww.friedrich-list-berlin.de%2F&rct=j&q=oberstufenzentrum+berlin&ei=GQYiS-O6KcGa_QaE3J2-Cg&usg=AFQjCNGsKs3TvBQ4z91zrYvo9_SfKi5nug" "Mozilla/5.0 (Windows; U; Windows NT 5.1; de; rv:1.9.1.5) Gecko/20091102 Firefox/3.5.5 (.NET CLR 3.5.30729)"
91.37.179.16 - - [11/Dec/2009:09:43:13 +0100] "GET /favicon.ico HTTP/1.1" 404 1256 "-" "Mozilla/5.0 (Windows; U; Windows NT 5.1; de; rv:1.9.1.5) Gecko/20091102 Firefox/3.5.5 (.NET CLR 3.5.30729)"
91.37.179.16 - - [11/Dec/2009:09:43:16 +0100] "GET /favicon.ico HTTP/1.1" 404 1256 "-" "Mozilla/5.0 (Windows; U; Windows NT 5.1; de; rv:1.9.1.5) Gecko/20091102 Firefox/3.5.5 (.NET CLR 3.5.30729)"
195.128.18.18 - - [11/Dec/2009:09:54:02 +0100] "GET / HTTP/1.0" 200 1219 "-" "Mozilla/5.0 (compatible; aiHitBot-DS/1.0; +http://www.aihit.com/)"
89.247.225.199 - - [11/Dec/2009:09:56:10 +0100] "GET /favicon.ico HTTP/1.0" 404 1256 "-" "Mozilla/5.0 (Windows; U; Windows NT 5.1; de; rv:1.9.0.14) Gecko/2009082707 Firefox/3.0.14"
89.247.225.199 - - [11/Dec/2009:10:01:24 +0100] "GET /favicon.ico HTTP/1.0" 404 1256 "-" "Mozilla/5.0 (Windows; U; Windows NT 5.1; de; rv:1.9.0.3) Gecko/2008092417 Firefox/3.0.3"
89.247.225.199 - - [11/Dec/2009:10:13:46 +0100] "GET /favicon.ico HTTP/1.0" 404 1256 "-" "Mozilla/5.0 (Windows; U; Windows NT 5.1; de; rv:1.9.0.3) Gecko/2008092417 Firefox/3.0.3"
89.247.225.199 - - [11/Dec/2009:10:37:49 +0100] "GET /favicon.ico HTTP/1.0" 404 1256 "-" "Mozilla/5.0 (Windows; U; Windows NT 5.1; de; rv:1.9.0.3) Gecko/2008092417 Firefox/3.0.3"
195.145.33.210 - - [11/Dec/2009:10:46:32 +0100] "HEAD / HTTP/1.0" 200 - "-" "Xenu Link Sleuth 1.2i"
89.247.225.199 - - [11/Dec/2009:10:50:54 +0100] "GET /favicon.ico HTTP/1.0" 404 1256 "-" "Mozilla/5.0 (Windows; U; Windows NT 5.1; de; rv:1.9.0.3) Gecko/2008092417 Firefox/3.0.3"
84.189.104.198 - - [11/Dec/2009:11:35:47 +0100] "GET / HTTP/1.1" 200 1219 "http://www.bebis.de/themen/schulzeit_vorbei/schulausbildung/adressen/berufsfeld_sozial/print_all" "Mozilla/4.0 (compatible; MSIE 6.0; Windows NT 5.1; SV1; .NET CLR 1.1.4322; .NET CLR 2.0.50727; .NET CLR 3.0.4506.2152; .NET CLR 3.5.30729)"
87.187.2.87 - - [11/Dec/2009:11:49:45 +0100] "GET / HTTP/1.1" 200 1219 "http://www.google.com/url?sa=D&q=http://www.friedrich-list-berlin.de/&usg=AFQjCNEzwJg1Tfw7G3BlVecmK3Kmh_Rohw" "Mozilla/5.0 (Windows; U; Windows NT 5.1; en-US) AppleWebKit/532.0 (KHTML, like Gecko) Chrome/3.0.195.33 Safari/532.0"
87.187.2.87 - - [11/Dec/2009:11:49:45 +0100] "GET /favicon.ico HTTP/1.1" 404 1256 "-" "Mozilla/5.0 (Windows; U; Windows NT 5.1; en-US) AppleWebKit/532.0 (KHTML, like Gecko) Chrome/3.0.195.33 Safari/532.0"
89.247.225.199 - - [11/Dec/2009:11:50:33 +0100] "GET / HTTP/1.0" 200 1219 "-" "Mozilla/5.0 (Windows; U; Windows NT 5.1; de; rv:1.9.0.3) Gecko/2008092417 Firefox/3.0.3"
89.247.225.199 - - [11/Dec/2009:11:50:33 +0100] "GET /favicon.ico HTTP/1.0" 404 1256 "-" "Mozilla/5.0 (Windows; U; Windows NT 5.1; de; rv:1.9.0.3) Gecko/2008092417 Firefox/3.0.3"
89.247.225.199 - - [11/Dec/2009:11:50:36 +0100] "GET /favicon.ico HTTP/1.0" 404 1256 "-" "Mozilla/5.0 (Windows; U; Windows NT 5.1; de; rv:1.9.0.3) Gecko/2008092417 Firefox/3.0.3"
89.247.225.199 - - [11/Dec/2009:11:50:44 +0100] "GET / HTTP/1.0" 304 - "-" "Mozilla/5.0 (Windows; U; Windows NT 5.1; de; rv:1.9.0.3) Gecko/2008092417 Firefox/3.0.3"
89.247.225.199 - - [11/Dec/2009:11:50:47 +0100] "GET /favicon.ico HTTP/1.0" 404 1256 "-" "Mozilla/5.0 (Windows; U; Windows NT 5.1; de; rv:1.9.0.3) Gecko/2008092417 Firefox/3.0.3"
89.247.225.199 - - [11/Dec/2009:11:51:13 +0100] "GET /favicon.ico HTTP/1.0" 404 1256 "-" "Mozilla/5.0 (Windows; U; Windows NT 5.1; de; rv:1.9.0.3) Gecko/2008092417 Firefox/3.0.3"
87.187.2.87 - - [11/Dec/2009:12:21:00 +0100] "GET /favicon.ico HTTP/1.1" 404 1256 "-" "Mozilla/5.0 (Windows; U; Windows NT 5.1; en-US) AppleWebKit/532.0 (KHTML, like Gecko) Chrome/3.0.195.33 Safari/532.0"
89.247.225.199 - - [11/Dec/2009:12:28:49 +0100] "GET / HTTP/1.0" 200 1219 "-" "Mozilla/5.0 (Windows; U; Windows NT 5.1; de; rv:1.9.0.3) Gecko/2008092417 Firefox/3.0.3"
89.247.225.199 - - [11/Dec/2009:12:28:50 +0100] "GET /favicon.ico HTTP/1.0" 404 1256 "-" "Mozilla/5.0 (Windows; U; Windows NT 5.1; de; rv:1.9.0.3) Gecko/2008092417 Firefox/3.0.3"
89.247.225.199 - - [11/Dec/2009:12:28:53 +0100] "GET /favicon.ico HTTP/1.0" 404 1256 "-" "Mozilla/5.0 (Windows; U; Windows NT 5.1; de; rv:1.9.0.3) Gecko/2008092417 Firefox/3.0.3"
89.247.225.199 - - [11/Dec/2009:12:30:17 +0100] "GET /favicon.ico HTTP/1.0" 404 1256 "-" "Mozilla/5.0 (Windows; U; Windows NT 5.1; de; rv:1.9.0.3) Gecko/2008092417 Firefox/3.0.3"
89.247.225.199 - - [11/Dec/2009:12:34:14 +0100] "GET /favicon.ico HTTP/1.0" 404 1256 "-" "Mozilla/5.0 (Windows; U; Windows NT 5.1; de; rv:1.9.0.15) Gecko/2009101601 Firefox/3.0.15"
89.247.225.199 - - [11/Dec/2009:12:35:22 +0100] "GET /favicon.ico HTTP/1.0" 404 1256 "-" "Mozilla/5.0 (Windows; U; Windows NT 5.1; de; rv:1.9.0.3) Gecko/2008092417 Firefox/3.0.3"
89.247.225.199 - - [11/Dec/2009:12:37:57 +0100] "GET /favicon.ico HTTP/1.0" 404 1256 "-" "Mozilla/5.0 (Windows; U; Windows NT 5.1; de; rv:1.9.0.3) Gecko/2008092417 Firefox/3.0.3"
89.247.225.199 - - [11/Dec/2009:12:38:09 +0100] "GET /favicon.ico HTTP/1.0" 404 1256 "-" "Mozilla/5.0 (Windows; U; Windows NT 5.1; de; rv:1.9.0.3) Gecko/2008092417 Firefox/3.0.3"
89.247.225.199 - - [11/Dec/2009:12:38:39 +0100] "GET /favicon.ico HTTP/1.0" 404 1256 "-" "Mozilla/5.0 (Windows; U; Windows NT 5.1; de; rv:1.9.0.3) Gecko/2008092417 Firefox/3.0.3"
87.187.2.87 - - [11/Dec/2009:12:46:03 +0100] "GET /favicon.ico HTTP/1.1" 404 1256 "-" "Mozilla/5.0 (Windows; U; Windows NT 5.1; en-US) AppleWebKit/532.0 (KHTML, like Gecko) Chrome/3.0.195.33 Safari/532.0"
89.247.225.199 - - [11/Dec/2009:12:46:14 +0100] "GET /favicon.ico HTTP/1.0" 404 1256 "-" "Mozilla/5.0 (Windows; U; Windows NT 5.1; de; rv:1.9.0.3) Gecko/2008092417 Firefox/3.0.3"
87.187.2.87 - - [11/Dec/2009:12:49:33 +0100] "GET /favicon.ico HTTP/1.1" 404 1256 "-" "Mozilla/5.0 (Windows; U; Windows NT 5.1; en-US) AppleWebKit/532.0 (KHTML, like Gecko) Chrome/3.0.195.33 Safari/532.0"
89.247.225.199 - - [11/Dec/2009:12:58:41 +0100] "GET /favicon.ico HTTP/1.0" 404 1256 "-" "Mozilla/5.0 (Windows; U; Windows NT 5.1; de; rv:1.9.0.3) Gecko/2008092417 Firefox/3.0.3"
87.218.213.62 - - [11/Dec/2009:13:04:08 +0100] "GET / HTTP/1.1" 200 1219 "-" "Java/1.6.0_16"
67.218.116.162 - - [11/Dec/2009:14:10:36 +0100] "GET /robots.txt HTTP/1.0" 404 1256 "-" "Mozilla/5.0 (Twiceler-0.9 http://www.cuil.com/twiceler/robot.html)"
208.80.193.32 - - [11/Dec/2009:14:21:08 +0100] "GET / HTTP/1.0" 200 1219 "-" "Mozilla/4.0 (compatible; MSIE 5.5; Windows NT 5.0; ADVPLUGIN|K114|03|S131205640|dialno)"
89.247.225.199 - - [11/Dec/2009:14:46:12 +0100] "GET / HTTP/1.0" 200 1219 "-" "Mozilla/5.0 (Windows; U; Windows NT 5.1; de; rv:1.9.0.3) Gecko/2008092417 Firefox/3.0.3"
89.247.225.199 - - [11/Dec/2009:14:46:13 +0100] "GET /favicon.ico HTTP/1.0" 404 1256 "-" "Mozilla/5.0 (Windows; U; Windows NT 5.1; de; rv:1.9.0.3) Gecko/2008092417 Firefox/3.0.3"
89.247.225.199 - - [11/Dec/2009:14:46:16 +0100] "GET /favicon.ico HTTP/1.0" 404 1256 "-" "Mozilla/5.0 (Windows; U; Windows NT 5.1; de; rv:1.9.0.3) Gecko/2008092417 Firefox/3.0.3"
62.89.187.210 - - [11/Dec/2009:20:30:47 +0100] "GET /robots.txt HTTP/1.1" 404 1256 "-" "CligooRobot/1.0"
62.89.187.210 - - [11/Dec/2009:20:30:47 +0100] "GET / HTTP/1.1" 200 1219 "-" "CligooRobot/1.0"
75.101.201.3 - - [12/Dec/2009:03:04:16 +0100] "GET / HTTP/1.0" 200 1219 "-" "Mozilla/5.0 (compatible; NetcraftSurveyAgent/1.0; +info@netcraft.com)"
77.88.27.27 - - [12/Dec/2009:11:09:47 +0100] "GET /robots.txt HTTP/1.1" 404 1256 "-" "Yandex/1.01.001 (compatible; Win16; I)"
65.55.207.69 - - [12/Dec/2009:12:33:12 +0100] "GET /robots.txt HTTP/1.1" 404 1256 "-" "msnbot/2.0b (+http://search.msn.com/msnbot.htm)"
65.55.207.69 - - [12/Dec/2009:12:40:55 +0100] "GET / HTTP/1.1" 304 - "-" "msnbot/2.0b (+http://search.msn.com/msnbot.htm)"
67.218.116.162 - - [12/Dec/2009:14:20:30 +0100] "GET /robots.txt HTTP/1.0" 404 1256 "-" "Mozilla/5.0 (Twiceler-0.9 http://www.cuil.com/twiceler/robot.html)"
87.230.47.8 - - [12/Dec/2009:17:31:28 +0100] "HEAD / HTTP/1.1" 200 - "-" "-"
194.139.55.62 - - [12/Dec/2009:18:25:37 +0100] "GET / HTTP/1.0" 200 1219 "http://www.google.de/search?sourceid=navclient&hl=de&ie=UTF-8&rlz=1T4ADBF_deDE298DE301&q=list" "Mozilla/4.0 (compatible; MSIE 6.0; Windows NT 5.1; SV1; .NET CLR 1.1.4322)"
88.74.27.14 - - [12/Dec/2009:19:21:47 +0100] "GET / HTTP/1.1" 200 1219 "http://www.google.de/search?hl=de&q=oberstufenzentrum+berlin&meta=&aq=f&oq=" "Mozilla/4.0 (compatible; MSIE 8.0; Windows NT 5.1; Trident/4.0; .NET CLR 1.1.4322; .NET CLR 2.0.50727; .NET CLR 3.0.4506.2152; .NET CLR 3.5.30729)"
88.74.27.14 - - [12/Dec/2009:19:21:47 +0100] "GET /favicon.ico HTTP/1.1" 404 1256 "-" "Mozilla/4.0 (compatible; MSIE 8.0; Windows NT 5.1; Trident/4.0; .NET CLR 1.1.4322; .NET CLR 2.0.50727; .NET CLR 3.0.4506.2152; .NET CLR 3.5.30729)"
88.74.27.14 - - [12/Dec/2009:19:21:53 +0100] "GET /favicon.ico HTTP/1.1" 404 1256 "-" "Mozilla/4.0 (compatible; MSIE 8.0; Windows NT 5.1; Trident/4.0; .NET CLR 1.1.4322; .NET CLR 2.0.50727; .NET CLR 3.0.4506.2152; .NET CLR 3.5.30729)"
83.181.74.165 - - [12/Dec/2009:20:44:29 +0100] "GET / HTTP/1.1" 200 1219 "-" "Mozilla/5.0 (Windows; U; Windows NT 5.1; de; rv:1.9.1.5) Gecko/20091102 Firefox/3.5.5"
83.181.74.165 - - [12/Dec/2009:20:44:29 +0100] "GET /favicon.ico HTTP/1.1" 404 1256 "-" "Mozilla/5.0 (Windows; U; Windows NT 5.1; de; rv:1.9.1.5) Gecko/20091102 Firefox/3.5.5"
83.181.74.165 - - [12/Dec/2009:20:44:33 +0100] "GET /favicon.ico HTTP/1.1" 404 1256 "-" "Mozilla/5.0 (Windows; U; Windows NT 5.1; de; rv:1.9.1.5) Gecko/20091102 Firefox/3.5.5"
77.88.27.27 - - [13/Dec/2009:01:35:37 +0100] "GET / HTTP/1.1" 200 1219 "-" "Yandex/1.01.001 (compatible; Win16; I)"
87.230.47.8 - - [13/Dec/2009:02:31:28 +0100] "HEAD / HTTP/1.1" 200 - "-" "-"
208.80.193.32 - - [13/Dec/2009:05:18:00 +0100] "GET / HTTP/1.0" 200 1219 "-" "Mozilla/4.0 (compatible; MSIE 7.0; Windows NT 5.1; SU 2.011; .NET CLR 1.0.3705; .NET CLR 1.1.4322; Media Center PC 4.0)"
173.45.107.170 - - [13/Dec/2009:07:41:01 +0100] "GET / HTTP/1.1" 200 1219 "-" "Java/1.6.0_17"
65.55.106.210 - - [13/Dec/2009:11:47:24 +0100] "GET /robots.txt HTTP/1.1" 404 1256 "-" "msnbot/2.0b (+http://search.msn.com/msnbot.htm)"
65.55.106.210 - - [13/Dec/2009:11:48:40 +0100] "GET / HTTP/1.1" 304 - "-" "msnbot/2.0b (+http://search.msn.com/msnbot.htm)"
95.88.89.255 - - [13/Dec/2009:12:43:20 +0100] "GET / HTTP/1.1" 200 1219 "http://www.google.de/search?client=firefox-a&rls=org.mozilla%3Ade%3Aofficial&channel=s&hl=de&source=hp&q=friedrich+list+schule+Berlin&meta=&btnG=Google-Suche" "Mozilla/5.0 (Windows; U; Windows NT 5.1; de; rv:1.9.0.15) Gecko/2009101601 Firefox/3.0.15 (.NET CLR 3.5.30729)"
95.88.89.255 - - [13/Dec/2009:12:43:20 +0100] "GET /favicon.ico HTTP/1.1" 404 1256 "-" "Mozilla/5.0 (Windows; U; Windows NT 5.1; de; rv:1.9.0.15) Gecko/2009101601 Firefox/3.0.15 (.NET CLR 3.5.30729)"
95.88.89.255 - - [13/Dec/2009:12:43:27 +0100] "GET /favicon.ico HTTP/1.1" 404 1256 "-" "Mozilla/5.0 (Windows; U; Windows NT 5.1; de; rv:1.9.0.15) Gecko/2009101601 Firefox/3.0.15 (.NET CLR 3.5.30729)"
67.218.116.162 - - [13/Dec/2009:14:35:02 +0100] "GET /robots.txt HTTP/1.0" 404 1256 "-" "Mozilla/5.0 (Twiceler-0.9 http://www.cuil.com/twiceler/robot.html)"
91.63.159.235 - - [13/Dec/2009:19:23:17 +0100] "GET / HTTP/1.1" 200 1219 "-" "Mozilla/5.0 (Windows; U; Windows NT 5.1; de; rv:1.9.1.5) Gecko/20091102 Firefox/3.5.5 (.NET CLR 3.5.30729)"
91.63.159.235 - - [13/Dec/2009:19:23:17 +0100] "GET /favicon.ico HTTP/1.1" 404 1256 "-" "Mozilla/5.0 (Windows; U; Windows NT 5.1; de; rv:1.9.1.5) Gecko/20091102 Firefox/3.5.5 (.NET CLR 3.5.30729)"
91.63.159.235 - - [13/Dec/2009:19:23:20 +0100] "GET /favicon.ico HTTP/1.1" 404 1256 "-" "Mozilla/5.0 (Windows; U; Windows NT 5.1; de; rv:1.9.1.5) Gecko/20091102 Firefox/3.5.5 (.NET CLR 3.5.30729)"
188.102.150.136 - - [13/Dec/2009:22:09:53 +0100] "GET / HTTP/1.1" 200 1219 "http://www.berlin.de/sen/bildung/schulverzeichnis_und_portraets/anwendung/Schulportrait.aspx?ID=1113101331" "Mozilla/4.0 (compatible; MSIE 8.0; Windows NT 6.1; Trident/4.0; SLCC2; .NET CLR 2.0.50727; .NET CLR 3.5.30729; .NET CLR 3.0.30729; Media Center PC 6.0; OfficeLiveConnector.1.4; OfficeLivePatch.1.3)"
188.102.150.136 - - [13/Dec/2009:22:09:53 +0100] "GET /favicon.ico HTTP/1.1" 404 1256 "-" "Mozilla/4.0 (compatible; MSIE 8.0; Windows NT 6.1; Trident/4.0; SLCC2; .NET CLR 2.0.50727; .NET CLR 3.5.30729; .NET CLR 3.0.30729; Media Center PC 6.0; OfficeLiveConnector.1.4; OfficeLivePatch.1.3)"
190.166.66.205 - - [13/Dec/2009:22:10:16 +0100] "GET / HTTP/1.1" 200 1219 "-" "Java/1.6.0_04"
188.102.150.136 - - [13/Dec/2009:22:10:57 +0100] "GET /favicon.ico HTTP/1.1" 404 1256 "-" "Mozilla/4.0 (compatible; MSIE 8.0; Windows NT 6.1; Trident/4.0; SLCC2; .NET CLR 2.0.50727; .NET CLR 3.5.30729; .NET CLR 3.0.30729; Media Center PC 6.0; OfficeLiveConnector.1.4; OfficeLivePatch.1.3)"
87.123.68.127 - - [14/Dec/2009:07:39:00 +0100] "GET / HTTP/1.0" 304 - "-" "Mozilla/5.0 (Windows; U; Windows NT 5.1; de; rv:1.9.0.14) Gecko/2009082707 Firefox/3.0.14"
87.123.68.127 - - [14/Dec/2009:07:39:03 +0100] "GET /favicon.ico HTTP/1.0" 404 1256 "-" "Mozilla/5.0 (Windows; U; Windows NT 5.1; de; rv:1.9.0.14) Gecko/2009082707 Firefox/3.0.14"
87.123.68.127 - - [14/Dec/2009:07:46:07 +0100] "GET / HTTP/1.0" 200 1219 "-" "Mozilla/5.0 (Windows; U; Windows NT 5.1; de; rv:1.9.0.14) Gecko/2009082707 Firefox/3.0.14"
87.123.68.127 - - [14/Dec/2009:07:46:07 +0100] "GET /favicon.ico HTTP/1.0" 404 1256 "-" "Mozilla/5.0 (Windows; U; Windows NT 5.1; de; rv:1.9.0.14) Gecko/2009082707 Firefox/3.0.14"
87.123.68.127 - - [14/Dec/2009:07:46:10 +0100] "GET /favicon.ico HTTP/1.0" 404 1256 "-" "Mozilla/5.0 (Windows; U; Windows NT 5.1; de; rv:1.9.0.14) Gecko/2009082707 Firefox/3.0.14"
87.123.68.127 - - [14/Dec/2009:08:08:53 +0100] "GET /favicon.ico HTTP/1.0" 404 1256 "-" "Mozilla/5.0 (Windows; U; Windows NT 5.1; de; rv:1.9.0.14) Gecko/2009082707 Firefox/3.0.14"
87.123.68.127 - - [14/Dec/2009:08:39:04 +0100] "GET / HTTP/1.1" 200 1219 "-" "Mozilla/5.0 (Windows; U; Windows NT 5.1; de; rv:1.9.1.5) Gecko/20091102 Firefox/3.5.5 (.NET CLR 3.5.30729)"
87.123.68.127 - - [14/Dec/2009:08:39:04 +0100] "GET /favicon.ico HTTP/1.1" 404 1256 "-" "Mozilla/5.0 (Windows; U; Windows NT 5.1; de; rv:1.9.1.5) Gecko/20091102 Firefox/3.5.5 (.NET CLR 3.5.30729)"
87.123.68.127 - - [14/Dec/2009:08:39:07 +0100] "GET /favicon.ico HTTP/1.1" 404 1256 "-" "Mozilla/5.0 (Windows; U; Windows NT 5.1; de; rv:1.9.1.5) Gecko/20091102 Firefox/3.5.5 (.NET CLR 3.5.30729)"
87.123.68.127 - - [14/Dec/2009:09:38:44 +0100] "GET / HTTP/1.0" 304 - "-" "Mozilla/5.0 (Windows; U; Windows NT 5.1; de; rv:1.9.0.3) Gecko/2008092417 Firefox/3.0.3"
87.123.68.127 - - [14/Dec/2009:09:38:47 +0100] "GET /favicon.ico HTTP/1.0" 404 1256 "-" "Mozilla/5.0 (Windows; U; Windows NT 5.1; de; rv:1.9.0.3) Gecko/2008092417 Firefox/3.0.3"
87.123.68.127 - - [14/Dec/2009:09:41:41 +0100] "GET / HTTP/1.0" 200 1219 "-" "Mozilla/5.0 (Windows; U; Windows NT 5.1; de; rv:1.9.0.3) Gecko/2008092417 Firefox/3.0.3"
87.123.68.127 - - [14/Dec/2009:09:41:41 +0100] "GET /favicon.ico HTTP/1.0" 404 1256 "-" "Mozilla/5.0 (Windows; U; Windows NT 5.1; de; rv:1.9.0.3) Gecko/2008092417 Firefox/3.0.3"
87.123.68.127 - - [14/Dec/2009:09:41:44 +0100] "GET /favicon.ico HTTP/1.0" 404 1256 "-" "Mozilla/5.0 (Windows; U; Windows NT 5.1; de; rv:1.9.0.3) Gecko/2008092417 Firefox/3.0.3"
87.123.68.127 - - [14/Dec/2009:09:51:15 +0100] "GET /favicon.ico HTTP/1.0" 404 1256 "-" "Mozilla/5.0 (Windows; U; Windows NT 5.1; de; rv:1.9.0.15) Gecko/2009101601 Firefox/3.0.15"
87.123.68.127 - - [14/Dec/2009:10:16:53 +0100] "GET / HTTP/1.0" 304 - "-" "Mozilla/5.0 (Windows; U; Windows NT 5.1; de; rv:1.9.0.3) Gecko/2008092417 Firefox/3.0.3"
87.123.68.127 - - [14/Dec/2009:10:16:56 +0100] "GET /favicon.ico HTTP/1.0" 404 1256 "-" "Mozilla/5.0 (Windows; U; Windows NT 5.1; de; rv:1.9.0.3) Gecko/2008092417 Firefox/3.0.3"
90.186.223.207 - - [14/Dec/2009:10:26:18 +0100] "GET / HTTP/1.1" 200 1219 "http://www.berlin.de/sen/bildung/fort_und_weiterbildung/weiterbildungseinrichtungen/wegweiser_zur_weiterbildung/anwendung/Einrichtungsliste.aspx?Suchbegriff=Fachhochschulreife" "Mozilla/4.0 (compatible; MSIE 7.0; Windows NT 6.0; GTB6.3; SLCC1; .NET CLR 2.0.50727; Media Center PC 5.0; eSobiSubscriber 2.0.4.16; .NET CLR 3.5.30729; .NET CLR 3.0.30618)"
90.186.223.207 - - [14/Dec/2009:10:26:18 +0100] "GET /favicon.ico HTTP/1.1" 404 1256 "-" "Mozilla/4.0 (compatible; MSIE 7.0; Windows NT 6.0; GTB6.3; SLCC1; .NET CLR 2.0.50727; Media Center PC 5.0; eSobiSubscriber 2.0.4.16; .NET CLR 3.5.30729; .NET CLR 3.0.30618)"
79.232.33.25 - - [14/Dec/2009:10:46:07 +0100] "GET / HTTP/1.1" 200 1219 "-" "Mozilla/5.0 (compatible; seexie.com_bot/4.1; +http://www.seexie.com)"
87.123.68.127 - - [14/Dec/2009:10:48:18 +0100] "GET /favicon.ico HTTP/1.0" 404 1256 "-" "Mozilla/5.0 (Windows; U; Windows NT 5.1; de; rv:1.9.0.3) Gecko/2008092417 Firefox/3.0.3"
87.123.68.127 - - [14/Dec/2009:11:15:15 +0100] "GET /favicon.ico HTTP/1.0" 404 1256 "-" "Mozilla/5.0 (Windows; U; Windows NT 5.1; de; rv:1.9.0.3) Gecko/2008092417 Firefox/3.0.3"
87.123.68.127 - - [14/Dec/2009:11:36:49 +0100] "GET / HTTP/1.0" 200 1219 "-" "Mozilla/5.0 (Windows; U; Windows NT 5.1; de; rv:1.9.0.3) Gecko/2008092417 Firefox/3.0.3"
87.123.68.127 - - [14/Dec/2009:11:36:50 +0100] "GET /favicon.ico HTTP/1.0" 404 1256 "-" "Mozilla/5.0 (Windows; U; Windows NT 5.1; de; rv:1.9.0.3) Gecko/2008092417 Firefox/3.0.3"
87.123.68.127 - - [14/Dec/2009:11:36:53 +0100] "GET /favicon.ico HTTP/1.0" 404 1256 "-" "Mozilla/5.0 (Windows; U; Windows NT 5.1; de; rv:1.9.0.3) Gecko/2008092417 Firefox/3.0.3"
213.54.101.11 - - [14/Dec/2009:11:44:46 +0100] "GET / HTTP/1.1" 200 1219 "-" "Mozilla/4.0 (compatible; MSIE 7.0; Windows NT 6.0; SLCC1; .NET CLR 2.0.50727; Media Center PC 5.0; .NET CLR 3.5.30729; .NET CLR 3.0.30618)"
213.54.101.11 - - [14/Dec/2009:11:44:46 +0100] "GET /favicon.ico HTTP/1.1" 404 1256 "-" "Mozilla/4.0 (compatible; MSIE 7.0; Windows NT 6.0; SLCC1; .NET CLR 2.0.50727; Media Center PC 5.0; .NET CLR 3.5.30729; .NET CLR 3.0.30618)"
87.123.68.127 - - [14/Dec/2009:12:04:12 +0100] "GET / HTTP/1.0" 200 1219 "-" "Mozilla/5.0 (Windows; U; Windows NT 5.1; de; rv:1.9.0.15) Gecko/2009101601 Firefox/3.0.15"
87.123.68.127 - - [14/Dec/2009:12:04:12 +0100] "GET /favicon.ico HTTP/1.0" 404 1256 "-" "Mozilla/5.0 (Windows; U; Windows NT 5.1; de; rv:1.9.0.15) Gecko/2009101601 Firefox/3.0.15"
87.123.68.127 - - [14/Dec/2009:12:04:15 +0100] "GET /favicon.ico HTTP/1.0" 404 1256 "-" "Mozilla/5.0 (Windows; U; Windows NT 5.1; de; rv:1.9.0.15) Gecko/2009101601 Firefox/3.0.15"
208.80.193.26 - - [14/Dec/2009:12:04:36 +0100] "GET / HTTP/1.0" 200 1219 "-" "Mozilla/4.0 (compatible; MSIE 6.0; Windows NT 5.1; sv1; .NET CLR 2.0.50727; .NET CLR 3.0.04506.30)"
87.123.68.127 - - [14/Dec/2009:12:05:04 +0100] "GET / HTTP/1.0" 200 1219 "-" "Mozilla/5.0 (Windows; U; Windows NT 5.1; de; rv:1.9.0.15) Gecko/2009101601 Firefox/3.0.15"
87.123.68.127 - - [14/Dec/2009:12:05:04 +0100] "GET /favicon.ico HTTP/1.0" 404 1256 "-" "Mozilla/5.0 (Windows; U; Windows NT 5.1; de; rv:1.9.0.15) Gecko/2009101601 Firefox/3.0.15"
87.123.68.127 - - [14/Dec/2009:12:05:07 +0100] "GET /favicon.ico HTTP/1.0" 404 1256 "-" "Mozilla/5.0 (Windows; U; Windows NT 5.1; de; rv:1.9.0.15) Gecko/2009101601 Firefox/3.0.15"
87.123.68.127 - - [14/Dec/2009:12:33:00 +0100] "GET / HTTP/1.0" 200 1219 "-" "Mozilla/5.0 (Windows; U; Windows NT 5.1; de; rv:1.9.0.15) Gecko/2009101601 Firefox/3.0.15"
87.123.68.127 - - [14/Dec/2009:12:33:00 +0100] "GET /favicon.ico HTTP/1.0" 404 1256 "-" "Mozilla/5.0 (Windows; U; Windows NT 5.1; de; rv:1.9.0.15) Gecko/2009101601 Firefox/3.0.15"
87.123.68.127 - - [14/Dec/2009:12:33:03 +0100] "GET /favicon.ico HTTP/1.0" 404 1256 "-" "Mozilla/5.0 (Windows; U; Windows NT 5.1; de; rv:1.9.0.15) Gecko/2009101601 Firefox/3.0.15"
87.123.68.127 - - [14/Dec/2009:12:47:22 +0100] "GET / HTTP/1.0" 200 1219 "-" "Mozilla/5.0 (Windows; U; Windows NT 5.1; de; rv:1.9.0.15) Gecko/2009101601 Firefox/3.0.15"
87.123.68.127 - - [14/Dec/2009:12:47:22 +0100] "GET /favicon.ico HTTP/1.0" 404 1256 "-" "Mozilla/5.0 (Windows; U; Windows NT 5.1; de; rv:1.9.0.15) Gecko/2009101601 Firefox/3.0.15"
87.123.68.127 - - [14/Dec/2009:12:47:25 +0100] "GET /favicon.ico HTTP/1.0" 404 1256 "-" "Mozilla/5.0 (Windows; U; Windows NT 5.1; de; rv:1.9.0.15) Gecko/2009101601 Firefox/3.0.15"
213.46.81.224 - - [14/Dec/2009:12:47:58 +0100] "GET / HTTP/1.1" 200 1219 "-" "Java/1.6.0"
84.190.186.31 - - [14/Dec/2009:13:13:43 +0100] "GET / HTTP/1.1" 200 1219 "http://www.google.de/search?q=Friedrich+List+Schule+Berlin&ie=utf-8&oe=utf-8&aq=t&rls=org.mozilla:de:official&client=firefox-a" "Mozilla/5.0 (Windows; U; Windows NT 5.1; de; rv:1.9.0.15) Gecko/2009101601 Firefox/3.0.15 (.NET CLR 3.5.30729)"
84.190.186.31 - - [14/Dec/2009:13:13:43 +0100] "GET /favicon.ico HTTP/1.1" 404 1256 "-" "Mozilla/5.0 (Windows; U; Windows NT 5.1; de; rv:1.9.0.15) Gecko/2009101601 Firefox/3.0.15 (.NET CLR 3.5.30729)"
84.190.186.31 - - [14/Dec/2009:13:13:51 +0100] "GET /favicon.ico HTTP/1.1" 404 1256 "-" "Mozilla/5.0 (Windows; U; Windows NT 5.1; de; rv:1.9.0.15) Gecko/2009101601 Firefox/3.0.15 (.NET CLR 3.5.30729)"
89.122.29.80 - - [14/Dec/2009:13:18:15 +0100] "GET / HTTP/1.1" 200 1219 "-" "Java/1.6.0_04"
87.123.68.127 - - [14/Dec/2009:13:32:50 +0100] "GET / HTTP/1.0" 304 - "-" "Mozilla/5.0 (Windows; U; Windows NT 5.1; de; rv:1.9.0.3) Gecko/2008092417 Firefox/3.0.3"
87.123.68.127 - - [14/Dec/2009:13:32:54 +0100] "GET /favicon.ico HTTP/1.0" 404 1256 "-" "Mozilla/5.0 (Windows; U; Windows NT 5.1; de; rv:1.9.0.3) Gecko/2008092417 Firefox/3.0.3"
87.123.68.127 - - [14/Dec/2009:13:34:43 +0100] "GET / HTTP/1.0" 200 1219 "-" "Mozilla/5.0 (Windows; U; Windows NT 5.1; de; rv:1.9.0.15) Gecko/2009101601 Firefox/3.0.15"
87.123.68.127 - - [14/Dec/2009:13:34:44 +0100] "GET /favicon.ico HTTP/1.0" 404 1256 "-" "Mozilla/5.0 (Windows; U; Windows NT 5.1; de; rv:1.9.0.15) Gecko/2009101601 Firefox/3.0.15"
87.123.68.127 - - [14/Dec/2009:13:34:46 +0100] "GET /favicon.ico HTTP/1.0" 404 1256 "-" "Mozilla/5.0 (Windows; U; Windows NT 5.1; de; rv:1.9.0.15) Gecko/2009101601 Firefox/3.0.15"
89.122.29.80 - - [14/Dec/2009:13:40:15 +0100] "GET / HTTP/1.1" 200 1219 "-" "Java/1.6.0_04"
67.218.116.162 - - [14/Dec/2009:14:31:35 +0100] "GET /robots.txt HTTP/1.0" 404 1256 "-" "Mozilla/5.0 (Twiceler-0.9 http://www.cuil.com/twiceler/robot.html)"
65.55.207.137 - - [14/Dec/2009:15:36:50 +0100] "GET /robots.txt HTTP/1.1" 404 1256 "-" "msnbot/2.0b (+http://search.msn.com/msnbot.htm)"
65.55.207.137 - - [14/Dec/2009:15:39:43 +0100] "GET / HTTP/1.1" 304 - "-" "msnbot/2.0b (+http://search.msn.com/msnbot.htm)"
217.245.123.44 - - [14/Dec/2009:17:01:12 +0100] "GET / HTTP/1.1" 304 - "-" "Mozilla/4.0 (compatible; MSIE 7.0; Windows NT 5.1; .NET CLR 1.1.4322)"
89.122.29.80 - - [14/Dec/2009:18:07:15 +0100] "GET / HTTP/1.1" 200 1219 "-" "Java/1.6.0_04"
66.249.65.167 - - [14/Dec/2009:23:41:56 +0100] "GET /robots.txt HTTP/1.1" 404 1256 "-" "Mozilla/5.0 (compatible; Googlebot/2.1; +http://www.google.com/bot.html)"
66.249.65.167 - - [14/Dec/2009:23:41:56 +0100] "GET / HTTP/1.1" 200 1219 "-" "Mozilla/5.0 (compatible; Googlebot/2.1; +http://www.google.com/bot.html)"
82.166.163.11 - - [15/Dec/2009:06:32:00 +0100] "GET / HTTP/1.0" 200 1219 "-" "Mozilla/4.0 (compatible; MSIE 6.0; Windows NT 5.1; Maxthon)"
89.247.199.9 - - [15/Dec/2009:08:08:29 +0100] "GET / HTTP/1.0" 304 - "-" "Mozilla/5.0 (Windows; U; Windows NT 5.1; de; rv:1.9.0.14) Gecko/2009082707 Firefox/3.0.14"
89.247.199.9 - - [15/Dec/2009:08:08:32 +0100] "GET /favicon.ico HTTP/1.0" 404 1256 "-" "Mozilla/5.0 (Windows; U; Windows NT 5.1; de; rv:1.9.0.14) Gecko/2009082707 Firefox/3.0.14"
89.247.199.9 - - [15/Dec/2009:08:20:21 +0100] "GET /favicon.ico HTTP/1.0" 404 1256 "-" "Mozilla/5.0 (Windows; U; Windows NT 5.1; de; rv:1.9.0.14) Gecko/2009082707 Firefox/3.0.14"
91.37.246.217 - - [15/Dec/2009:08:28:09 +0100] "GET / HTTP/1.0" 200 1219 "http://www.google.de/url?sa=t&source=web&ct=res&cd=4&ved=0CBsQFDAD&url=http%3A%2F%2Fwww.friedrich-list-berlin.de%2F&rct=j&q=Friedrich+List+schule&ei=djonS6eGA5nKmgOm0PirDQ&usg=AFQjCNGsKs3TvBQ4z91zrYvo9_SfKi5nug" "Mozilla/5.0 (Windows; U; Windows NT 5.1; de; rv:1.8.1.12) Gecko/20080201 Firefox/2.0.0.12"
91.37.246.217 - - [15/Dec/2009:08:28:10 +0100] "GET /favicon.ico HTTP/1.0" 404 1256 "-" "Mozilla/5.0 (Windows; U; Windows NT 5.1; de; rv:1.8.1.12) Gecko/20080201 Firefox/2.0.0.12"
89.247.199.9 - - [15/Dec/2009:09:17:20 +0100] "GET / HTTP/1.0" 200 1219 "-" "Mozilla/4.0 (compatible; MSIE 6.0; Windows NT 5.1; SV1; DigExt; InfoPath.2)"
89.247.199.9 - - [15/Dec/2009:09:47:09 +0100] "GET / HTTP/1.0" 304 - "-" "Mozilla/5.0 (Windows; U; Windows NT 5.1; de; rv:1.9.0.3) Gecko/2008092417 Firefox/3.0.3"
89.247.199.9 - - [15/Dec/2009:09:47:13 +0100] "GET /favicon.ico HTTP/1.0" 404 1256 "-" "Mozilla/5.0 (Windows; U; Windows NT 5.1; de; rv:1.9.0.3) Gecko/2008092417 Firefox/3.0.3"
89.247.199.9 - - [15/Dec/2009:10:05:54 +0100] "GET / HTTP/1.1" 200 1219 "-" "Mozilla/5.0 (Windows; U; Windows NT 5.1; de; rv:1.9.0.15) Gecko/2009101601 Firefox/3.0.15 (.NET CLR 3.5.30729)"
89.247.199.9 - - [15/Dec/2009:10:05:54 +0100] "GET /favicon.ico HTTP/1.1" 404 1256 "-" "Mozilla/5.0 (Windows; U; Windows NT 5.1; de; rv:1.9.0.15) Gecko/2009101601 Firefox/3.0.15 (.NET CLR 3.5.30729)"
89.247.199.9 - - [15/Dec/2009:10:37:43 +0100] "GET /favicon.ico HTTP/1.0" 404 1256 "-" "Mozilla/5.0 (Windows; U; Windows NT 5.1; de; rv:1.9.0.3) Gecko/2008092417 Firefox/3.0.3"
89.247.199.9 - - [15/Dec/2009:10:44:15 +0100] "GET /favicon.ico HTTP/1.0" 404 1256 "-" "Mozilla/5.0 (Windows; U; Windows NT 5.1; de; rv:1.9.0.3) Gecko/2008092417 Firefox/3.0.3"
89.247.199.9 - - [15/Dec/2009:10:58:02 +0100] "GET /favicon.ico HTTP/1.0" 404 1256 "-" "Mozilla/5.0 (Windows; U; Windows NT 5.1; de; rv:1.9.0.3) Gecko/2008092417 Firefox/3.0.3"
89.247.199.9 - - [15/Dec/2009:11:09:10 +0100] "GET /favicon.ico HTTP/1.0" 404 1256 "-" "Mozilla/5.0 (Windows; U; Windows NT 5.1; de; rv:1.9.0.3) Gecko/2008092417 Firefox/3.0.3"
89.247.199.9 - - [15/Dec/2009:11:09:10 +0100] "GET /favicon.ico HTTP/1.0" 404 1256 "-" "Mozilla/5.0 (Windows; U; Windows NT 5.1; de; rv:1.9.0.3) Gecko/2008092417 Firefox/3.0.3"
89.247.199.9 - - [15/Dec/2009:11:31:44 +0100] "GET / HTTP/1.1" 200 1219 "-" "Mozilla/5.0 (Windows; U; Windows NT 5.1; de; rv:1.9.0.3) Gecko/2008092417 Firefox/3.0.3"
89.247.199.9 - - [15/Dec/2009:11:31:44 +0100] "GET /favicon.ico HTTP/1.1" 404 1256 "-" "Mozilla/5.0 (Windows; U; Windows NT 5.1; de; rv:1.9.0.3) Gecko/2008092417 Firefox/3.0.3"
89.247.199.9 - - [15/Dec/2009:11:31:47 +0100] "GET /favicon.ico HTTP/1.1" 404 1256 "-" "Mozilla/5.0 (Windows; U; Windows NT 5.1; de; rv:1.9.0.3) Gecko/2008092417 Firefox/3.0.3"
89.247.199.9 - - [15/Dec/2009:11:50:29 +0100] "GET /favicon.ico HTTP/1.0" 404 1256 "-" "Mozilla/5.0 (Windows; U; Windows NT 5.1; de; rv:1.9.0.15) Gecko/2009101601 Firefox/3.0.15"
89.247.199.9 - - [15/Dec/2009:11:50:37 +0100] "GET / HTTP/1.0" 304 - "-" "Mozilla/5.0 (Windows; U; Windows NT 5.1; de; rv:1.9.0.3) Gecko/2008092417 Firefox/3.0.3"
89.247.199.9 - - [15/Dec/2009:11:50:40 +0100] "GET /favicon.ico HTTP/1.0" 404 1256 "-" "Mozilla/5.0 (Windows; U; Windows NT 5.1; de; rv:1.9.0.3) Gecko/2008092417 Firefox/3.0.3"
89.247.199.9 - - [15/Dec/2009:11:51:21 +0100] "GET / HTTP/1.0" 200 1219 "-" "Mozilla/5.0 (Windows; U; Windows NT 5.1; de; rv:1.9.0.3) Gecko/2008092417 Firefox/3.0.3"
89.247.199.9 - - [15/Dec/2009:11:51:22 +0100] "GET /favicon.ico HTTP/1.0" 404 1256 "-" "Mozilla/5.0 (Windows; U; Windows NT 5.1; de; rv:1.9.0.3) Gecko/2008092417 Firefox/3.0.3"
89.247.199.9 - - [15/Dec/2009:11:51:25 +0100] "GET /favicon.ico HTTP/1.0" 404 1256 "-" "Mozilla/5.0 (Windows; U; Windows NT 5.1; de; rv:1.9.0.3) Gecko/2008092417 Firefox/3.0.3"
89.247.199.9 - - [15/Dec/2009:11:55:04 +0100] "GET / HTTP/1.0" 200 1219 "-" "Mozilla/5.0 (Windows; U; Windows NT 5.1; de; rv:1.9.0.3) Gecko/2008092417 Firefox/3.0.3"
89.247.199.9 - - [15/Dec/2009:11:55:07 +0100] "GET /favicon.ico HTTP/1.0" 404 1256 "-" "Mozilla/5.0 (Windows; U; Windows NT 5.1; de; rv:1.9.0.3) Gecko/2008092417 Firefox/3.0.3"
89.247.199.9 - - [15/Dec/2009:11:55:08 +0100] "GET /favicon.ico HTTP/1.0" 404 1256 "-" "Mozilla/5.0 (Windows; U; Windows NT 5.1; de; rv:1.9.0.3) Gecko/2008092417 Firefox/3.0.3"
137.226.232.19 - - [15/Dec/2009:12:14:42 +0100] "HEAD / HTTP/1.0" 200 - "http://www.schulweb.de/de/bestatschulweb/liste.html?kategorie=best_at&sprache=®ion=&list_anfang=80&trefferzahlauswahl=16&auswahl_1=&auswahl_2=&auswahl_3=&suchtext=&zeigen2=&sort=wertnummer" "Wget/1.11.3"
87.230.47.8 - - [15/Dec/2009:12:32:42 +0100] "HEAD / HTTP/1.1" 200 - "-" "-"
85.178.196.118 - - [15/Dec/2009:12:34:11 +0100] "GET / HTTP/1.1" 200 1219 "-" "Mozilla/5.0 (Windows; U; Windows NT 5.1; de; rv:1.9.0.15) Gecko/2009101601 ${USR_AGNT} Firefox/3.0.15 (.NET CLR 3.5.30729)"
85.178.196.118 - - [15/Dec/2009:12:34:12 +0100] "GET /favicon.ico HTTP/1.1" 404 1256 "-" "Mozilla/5.0 (Windows; U; Windows NT 5.1; de; rv:1.9.0.15) Gecko/2009101601 ${USR_AGNT} Firefox/3.0.15 (.NET CLR 3.5.30729)"
85.178.196.118 - - [15/Dec/2009:12:34:16 +0100] "GET /favicon.ico HTTP/1.1" 404 1256 "-" "Mozilla/5.0 (Windows; U; Windows NT 5.1; de; rv:1.9.0.15) Gecko/2009101601 ${USR_AGNT} Firefox/3.0.15 (.NET CLR 3.5.30729)"
82.113.106.96 - - [15/Dec/2009:12:52:56 +0100] "GET / HTTP/1.1" 200 1219 "-" "Mozilla/5.0 (Windows; U; Windows NT 6.0; de; rv:1.9.0.15) Gecko/2009101601 Firefox/3.0.15 (.NET CLR 3.5.30729)"
82.113.106.96 - - [15/Dec/2009:12:52:57 +0100] "GET /favicon.ico HTTP/1.1" 404 1256 "-" "Mozilla/5.0 (Windows; U; Windows NT 6.0; de; rv:1.9.0.15) Gecko/2009101601 Firefox/3.0.15 (.NET CLR 3.5.30729)"
62.220.8.130 - - [15/Dec/2009:12:54:00 +0100] "GET / HTTP/1.1" 200 1219 "http://www.google.de/search?client=firefox-a&rls=org.mozilla%3Ade%3Aofficial&channel=s&hl=de&source=hp&q=Friedrich+list+Schule+berlin&meta=&btnG=Google-Suche" "Mozilla/5.0 (Windows; U; Windows NT 5.0; de; rv:1.9.0.11) Gecko/2009060215 Firefox/3.0.11"
62.220.8.130 - - [15/Dec/2009:12:54:01 +0100] "GET /favicon.ico HTTP/1.1" 404 1256 "-" "Mozilla/5.0 (Windows; U; Windows NT 5.0; de; rv:1.9.0.11) Gecko/2009060215 Firefox/3.0.11"
62.220.8.130 - - [15/Dec/2009:12:54:04 +0100] "GET /favicon.ico HTTP/1.1" 404 1256 "-" "Mozilla/5.0 (Windows; U; Windows NT 5.0; de; rv:1.9.0.11) Gecko/2009060215 Firefox/3.0.11"
217.9.40.152 - - [15/Dec/2009:13:10:32 +0100] "GET / HTTP/1.1" 200 1219 "http://www.google.de/search?hl=de&q=kaufm%C3%A4nnische+berufsschule+berlin&meta=&aq=f&oq=" "Mozilla/4.0 (compatible; MSIE 6.0; Windows NT 5.1; SV1; BWB 27012005; .NET CLR 2.0.50727; .NET CLR 3.0.4506.2152; .NET CLR 3.5.30729)"
89.247.199.9 - - [15/Dec/2009:13:10:44 +0100] "GET /favicon.ico HTTP/1.0" 404 1256 "-" "Mozilla/5.0 (Windows; U; Windows NT 5.1; de; rv:1.9.0.3) Gecko/2008092417 Firefox/3.0.3"
89.247.199.9 - - [15/Dec/2009:13:12:40 +0100] "GET / HTTP/1.0" 304 - "-" "Mozilla/5.0 (Windows; U; Windows NT 5.1; de; rv:1.9.0.14) Gecko/2009082707 Firefox/3.0.14"
89.247.199.9 - - [15/Dec/2009:13:12:43 +0100] "GET /favicon.ico HTTP/1.0" 404 1256 "-" "Mozilla/5.0 (Windows; U; Windows NT 5.1; de; rv:1.9.0.14) Gecko/2009082707 Firefox/3.0.14"
89.247.199.9 - - [15/Dec/2009:13:23:40 +0100] "GET / HTTP/1.0" 200 1219 "-" "Mozilla/5.0 (Windows; U; Windows NT 5.1; de; rv:1.9.0.3) Gecko/2008092417 Firefox/3.0.3"
89.247.199.9 - - [15/Dec/2009:13:23:40 +0100] "GET /favicon.ico HTTP/1.0" 404 1256 "-" "Mozilla/5.0 (Windows; U; Windows NT 5.1; de; rv:1.9.0.3) Gecko/2008092417 Firefox/3.0.3"
89.247.199.9 - - [15/Dec/2009:13:23:43 +0100] "GET /favicon.ico HTTP/1.0" 404 1256 "-" "Mozilla/5.0 (Windows; U; Windows NT 5.1; de; rv:1.9.0.3) Gecko/2008092417 Firefox/3.0.3"
82.113.106.96 - - [15/Dec/2009:13:32:18 +0100] "GET / HTTP/1.1" 200 1219 "-" "Mozilla/5.0 (Windows; U; Windows NT 6.0; de; rv:1.9.0.15) Gecko/2009101601 Firefox/3.0.15 (.NET CLR 3.5.30729)"
82.113.106.96 - - [15/Dec/2009:13:32:18 +0100] "GET /favicon.ico HTTP/1.1" 404 1256 "-" "Mozilla/5.0 (Windows; U; Windows NT 6.0; de; rv:1.9.0.15) Gecko/2009101601 Firefox/3.0.15 (.NET CLR 3.5.30729)"
89.247.199.9 - - [15/Dec/2009:13:35:50 +0100] "GET / HTTP/1.0" 304 - "-" "Mozilla/5.0 (Windows; U; Windows NT 5.1; de; rv:1.9.0.3) Gecko/2008092417 Firefox/3.0.3"
89.247.199.9 - - [15/Dec/2009:13:35:53 +0100] "GET /favicon.ico HTTP/1.0" 404 1256 "-" "Mozilla/5.0 (Windows; U; Windows NT 5.1; de; rv:1.9.0.3) Gecko/2008092417 Firefox/3.0.3"
89.247.199.9 - - [15/Dec/2009:13:37:12 +0100] "GET / HTTP/1.0" 200 1219 "-" "Mozilla/5.0 (Windows; U; Windows NT 5.1; de; rv:1.9.0.15) Gecko/2009101601 Firefox/3.0.15"
89.247.199.9 - - [15/Dec/2009:13:37:12 +0100] "GET /favicon.ico HTTP/1.0" 404 1256 "-" "Mozilla/5.0 (Windows; U; Windows NT 5.1; de; rv:1.9.0.15) Gecko/2009101601 Firefox/3.0.15"
89.247.199.9 - - [15/Dec/2009:13:37:15 +0100] "GET /favicon.ico HTTP/1.0" 404 1256 "-" "Mozilla/5.0 (Windows; U; Windows NT 5.1; de; rv:1.9.0.15) Gecko/2009101601 Firefox/3.0.15"
67.218.116.162 - - [15/Dec/2009:13:51:24 +0100] "GET /robots.txt HTTP/1.0" 404 1256 "-" "Mozilla/5.0 (Twiceler-0.9 http://www.cuil.com/twiceler/robot.html)"
89.247.199.9 - - [15/Dec/2009:15:24:13 +0100] "GET /favicon.ico HTTP/1.0" 404 1256 "-" "Mozilla/5.0 (Windows; U; Windows NT 5.1; de; rv:1.9.0.14) Gecko/2009082707 Firefox/3.0.14"
84.139.165.171 - - [15/Dec/2009:15:50:41 +0100] "GET / HTTP/1.1" 200 1219 "http://www.google.de/search?q=oberstufenzentrum+berlin+de&channel=linkdoctor" "Mozilla/4.0 (compatible; MSIE 6.0; Windows NT 5.1; SV1; GTB6.3; .NET CLR 1.1.4322; .NET CLR 2.0.50727; .NET CLR 3.0.4506.2152; .NET CLR 3.5.30729)"
88.131.106.3 - - [15/Dec/2009:17:30:05 +0100] "GET /robots.txt HTTP/1.0" 404 1256 "-" "Speedy Spider (http://www.entireweb.com/about/search_tech/speedy_spider/)"
88.131.106.3 - - [15/Dec/2009:17:30:38 +0100] "GET / HTTP/1.0" 304 - "-" "Speedy Spider (http://www.entireweb.com/about/search_tech/speedy_spider/)"
65.55.207.119 - - [15/Dec/2009:18:47:36 +0100] "GET /robots.txt HTTP/1.1" 404 1256 "-" "msnbot/2.0b (+http://search.msn.com/msnbot.htm)"
65.55.207.119 - - [15/Dec/2009:18:54:39 +0100] "GET / HTTP/1.1" 304 - "-" "msnbot/2.0b (+http://search.msn.com/msnbot.htm)"
208.80.193.54 - - [15/Dec/2009:19:15:09 +0100] "GET / HTTP/1.0" 200 1219 "-" "Mozilla/4.0 (compatible; MSIE 6.0; Windows NT 5.1; SV1; FunWebProducts; .NET CLR 1.0.3705; .NET CLR 1.1.4322; Media Center PC 4.0; ZangoToolbar 4.8.3; yplus 5.1.04b)"
88.131.106.3 - - [15/Dec/2009:20:21:15 +0100] "GET /robots.txt HTTP/1.0" 404 1256 "-" "Speedy Spider (http://www.entireweb.com/about/search_tech/speedy_spider/)"
88.131.106.3 - - [15/Dec/2009:20:21:45 +0100] "GET / HTTP/1.0" 304 - "-" "Speedy Spider (http://www.entireweb.com/about/search_tech/speedy_spider/)"
88.75.222.212 - - [15/Dec/2009:20:49:42 +0100] "GET / HTTP/1.1" 200 1219 "-" "Mozilla/5.0 (Windows; U; Windows NT 5.1; de; rv:1.9.1.5) Gecko/20091102 Firefox/3.5.5 (.NET CLR 3.5.30729)"
88.75.222.212 - - [15/Dec/2009:20:49:42 +0100] "GET /favicon.ico HTTP/1.1" 404 1256 "-" "Mozilla/5.0 (Windows; U; Windows NT 5.1; de; rv:1.9.1.5) Gecko/20091102 Firefox/3.5.5 (.NET CLR 3.5.30729)"
88.75.222.212 - - [15/Dec/2009:20:49:45 +0100] "GET /favicon.ico HTTP/1.1" 404 1256 "-" "Mozilla/5.0 (Windows; U; Windows NT 5.1; de; rv:1.9.1.5) Gecko/20091102 Firefox/3.5.5 (.NET CLR 3.5.30729)"
67.218.116.162 - - [15/Dec/2009:23:35:10 +0100] "GET / HTTP/1.0" 200 1219 "-" "Mozilla/5.0 (Twiceler-0.9 http://www.cuil.com/twiceler/robot.html)"
64.246.165.50 - - [16/Dec/2009:00:16:08 +0100] "GET /robots.txt HTTP/1.0" 404 1256 "-" "Mozilla/5.0 (Windows; U; Windows NT 5.1; en; rv:1.9.0.13) Gecko/2009073022 Firefox/3.5.2 (.NET CLR 3.5.30729) SurveyBot/2.3 (DomainTools)"
64.246.165.50 - - [16/Dec/2009:00:16:09 +0100] "GET / HTTP/1.1" 200 1219 "http://whois.domaintools.com/friedrich-list-berlin.de" "Mozilla/5.0 (Windows; U; Windows NT 5.1; en; rv:1.9.0.13) Gecko/2009073022 Firefox/3.5.2 (.NET CLR 3.5.30729) SurveyBot/2.3 (DomainTools)"
77.186.223.154 - - [16/Dec/2009:00:25:41 +0100] "GET / HTTP/1.1" 200 1219 "-" "Mozilla/5.0 (Macintosh; U; Intel Mac OS X 10.5; de; rv:1.9.0.11) Gecko/2009060214 Firefox/3.0.11"
77.186.223.154 - - [16/Dec/2009:00:25:42 +0100] "GET /favicon.ico HTTP/1.1" 404 1256 "-" "Mozilla/5.0 (Macintosh; U; Intel Mac OS X 10.5; de; rv:1.9.0.11) Gecko/2009060214 Firefox/3.0.11"
77.186.223.154 - - [16/Dec/2009:00:25:50 +0100] "GET /favicon.ico HTTP/1.1" 404 1256 "-" "Mozilla/5.0 (Macintosh; U; Intel Mac OS X 10.5; de; rv:1.9.0.11) Gecko/2009060214 Firefox/3.0.11"
38.105.83.12 - - [16/Dec/2009:03:11:12 +0100] "GET / HTTP/1.1" 200 1219 "-" "Mozilla/4.0 (compatible; MSIE 7.0; Windows NT 5.2)"
67.218.116.162 - - [16/Dec/2009:05:16:36 +0100] "GET /robots.txt HTTP/1.0" 404 1256 "-" "Mozilla/5.0 (Twiceler-0.9 http://www.cuil.com/twiceler/robot.html)"
89.247.230.42 - - [16/Dec/2009:07:51:38 +0100] "GET / HTTP/1.0" 304 - "-" "Mozilla/5.0 (Windows; U; Windows NT 5.1; de; rv:1.9.0.3) Gecko/2008092417 Firefox/3.0.3"
89.247.230.42 - - [16/Dec/2009:07:51:41 +0100] "GET /favicon.ico HTTP/1.0" 404 1256 "-" "Mozilla/5.0 (Windows; U; Windows NT 5.1; de; rv:1.9.0.3) Gecko/2008092417 Firefox/3.0.3"
89.247.230.42 - - [16/Dec/2009:07:57:05 +0100] "GET /favicon.ico HTTP/1.0" 404 1256 "-" "Mozilla/5.0 (Windows; U; Windows NT 5.1; de; rv:1.9.0.15) Gecko/2009101601 Firefox/3.0.15"
89.247.230.42 - - [16/Dec/2009:08:01:04 +0100] "GET /favicon.ico HTTP/1.0" 404 1256 "-" "Mozilla/5.0 (Windows; U; Windows NT 5.1; de; rv:1.9.0.15) Gecko/2009101601 Firefox/3.0.15"
89.247.230.42 - - [16/Dec/2009:08:28:36 +0100] "GET /favicon.ico HTTP/1.0" 404 1256 "-" "Mozilla/5.0 (Windows; U; Windows NT 5.1; de; rv:1.9.0.15) Gecko/2009101601 Firefox/3.0.15"
89.247.230.42 - - [16/Dec/2009:08:46:12 +0100] "GET /favicon.ico HTTP/1.0" 404 1256 "-" "Mozilla/5.0 (Windows; U; Windows NT 5.1; de; rv:1.9.0.15) Gecko/2009101601 Firefox/3.0.15"
77.87.224.98 - - [16/Dec/2009:08:49:49 +0100] "GET / HTTP/1.0" 200 1219 "http://www.berlin.de/sen/bildung/schulverzeichnis_und_portraets/anwendung/Schulportrait.aspx?ID=1113101351" "Mozilla/4.0 (compatible; MSIE 7.0; Windows NT 5.1; .NET CLR 1.1.4322; .NET CLR 2.0.50727)"
77.87.224.98 - - [16/Dec/2009:08:49:49 +0100] "GET /favicon.ico HTTP/1.0" 404 1256 "-" "Mozilla/4.0 (compatible; MSIE 7.0; Windows NT 5.1; .NET CLR 1.1.4322; .NET CLR 2.0.50727)"
89.247.230.42 - - [16/Dec/2009:08:56:23 +0100] "GET /favicon.ico HTTP/1.0" 404 1256 "-" "Mozilla/5.0 (Windows; U; Windows NT 5.1; de; rv:1.9.0.15) Gecko/2009101601 Firefox/3.0.15"
89.247.230.42 - - [16/Dec/2009:09:03:03 +0100] "GET /favicon.ico HTTP/1.0" 404 1256 "-" "Mozilla/5.0 (Windows; U; Windows NT 5.1; de; rv:1.9.0.15) Gecko/2009101601 Firefox/3.0.15"
89.247.230.42 - - [16/Dec/2009:09:04:58 +0100] "GET /favicon.ico HTTP/1.0" 404 1256 "-" "Mozilla/5.0 (Windows; U; Windows NT 5.1; de; rv:1.9.0.15) Gecko/2009101601 Firefox/3.0.15"
89.247.230.42 - - [16/Dec/2009:09:39:35 +0100] "GET / HTTP/1.0" 200 1219 "-" "Mozilla/5.0 (Windows; U; Windows NT 5.1; de; rv:1.9.0.15) Gecko/2009101601 Firefox/3.0.15"
89.247.230.42 - - [16/Dec/2009:09:39:35 +0100] "GET /favicon.ico HTTP/1.0" 404 1256 "-" "Mozilla/5.0 (Windows; U; Windows NT 5.1; de; rv:1.9.0.15) Gecko/2009101601 Firefox/3.0.15"
89.247.230.42 - - [16/Dec/2009:09:39:38 +0100] "GET /favicon.ico HTTP/1.0" 404 1256 "-" "Mozilla/5.0 (Windows; U; Windows NT 5.1; de; rv:1.9.0.15) Gecko/2009101601 Firefox/3.0.15"
89.247.230.42 - - [16/Dec/2009:09:46:14 +0100] "GET / HTTP/1.0" 304 - "-" "Mozilla/5.0 (Windows; U; Windows NT 5.1; de; rv:1.9.0.3) Gecko/2008092417 Firefox/3.0.3"
89.247.230.42 - - [16/Dec/2009:09:46:17 +0100] "GET /favicon.ico HTTP/1.0" 404 1256 "-" "Mozilla/5.0 (Windows; U; Windows NT 5.1; de; rv:1.9.0.3) Gecko/2008092417 Firefox/3.0.3"
89.247.230.42 - - [16/Dec/2009:09:49:23 +0100] "GET /favicon.ico HTTP/1.0" 404 1256 "-" "Mozilla/5.0 (Windows; U; Windows NT 5.1; de; rv:1.9.0.15) Gecko/2009101601 Firefox/3.0.15"
89.247.230.42 - - [16/Dec/2009:09:54:01 +0100] "GET / HTTP/1.0" 200 1219 "-" "Mozilla/5.0 (Windows; U; Windows NT 5.1; de; rv:1.9.0.3) Gecko/2008092417 Firefox/3.0.3"
89.247.230.42 - - [16/Dec/2009:09:54:01 +0100] "GET /favicon.ico HTTP/1.0" 404 1256 "-" "Mozilla/5.0 (Windows; U; Windows NT 5.1; de; rv:1.9.0.3) Gecko/2008092417 Firefox/3.0.3"
89.247.230.42 - - [16/Dec/2009:09:54:04 +0100] "GET /favicon.ico HTTP/1.0" 404 1256 "-" "Mozilla/5.0 (Windows; U; Windows NT 5.1; de; rv:1.9.0.3) Gecko/2008092417 Firefox/3.0.3"
91.37.145.88 - - [16/Dec/2009:11:05:14 +0100] "GET / HTTP/1.1" 200 1219 "http://de.search.yahoo.com/search?p=friedrich-list-berlin.de&fr=greentree_ff1&ei=utf-8&type=867034" "Mozilla/5.0 (Windows; U; Windows NT 5.1; de; rv:1.9.0.13) Gecko/2009073022 YFF3 Firefox/3.0.13 (.NET CLR 3.5.30729)"
91.37.145.88 - - [16/Dec/2009:11:05:16 +0100] "GET /favicon.ico HTTP/1.1" 404 1256 "-" "Mozilla/5.0 (Windows; U; Windows NT 5.1; de; rv:1.9.0.13) Gecko/2009073022 YFF3 Firefox/3.0.13 (.NET CLR 3.5.30729)"
91.37.145.88 - - [16/Dec/2009:11:05:19 +0100] "GET /favicon.ico HTTP/1.1" 404 1256 "-" "Mozilla/5.0 (Windows; U; Windows NT 5.1; de; rv:1.9.0.13) Gecko/2009073022 YFF3 Firefox/3.0.13 (.NET CLR 3.5.30729)"
89.247.230.42 - - [16/Dec/2009:11:18:28 +0100] "GET /favicon.ico HTTP/1.0" 404 1256 "-" "Mozilla/5.0 (Windows; U; Windows NT 5.1; de; rv:1.9.0.14) Gecko/2009082707 Firefox/3.0.14"
89.247.230.42 - - [16/Dec/2009:11:23:54 +0100] "GET / HTTP/1.1" 200 1219 "-" "Mozilla/5.0 (Windows; U; Windows NT 5.1; de; rv:1.8.1.4) Gecko/20070515 Firefox/2.0.0.4 (.NET CLR 3.5.30729)"
89.247.230.42 - - [16/Dec/2009:11:23:54 +0100] "GET /favicon.ico HTTP/1.1" 404 1256 "-" "Mozilla/5.0 (Windows; U; Windows NT 5.1; de; rv:1.8.1.4) Gecko/20070515 Firefox/2.0.0.4 (.NET CLR 3.5.30729)"
89.247.230.42 - - [16/Dec/2009:11:47:33 +0100] "GET / HTTP/1.0" 304 - "-" "Mozilla/5.0 (Windows; U; Windows NT 5.1; de; rv:1.9.0.3) Gecko/2008092417 Firefox/3.0.3"
89.247.230.42 - - [16/Dec/2009:11:49:50 +0100] "GET / HTTP/1.0" 304 - "-" "Mozilla/5.0 (Windows; U; Windows NT 5.1; de; rv:1.9.0.14) Gecko/2009082707 Firefox/3.0.14"
89.247.230.42 - - [16/Dec/2009:11:49:53 +0100] "GET /favicon.ico HTTP/1.0" 404 1256 "-" "Mozilla/5.0 (Windows; U; Windows NT 5.1; de; rv:1.9.0.14) Gecko/2009082707 Firefox/3.0.14"
89.247.230.42 - - [16/Dec/2009:11:51:32 +0100] "GET /favicon.ico HTTP/1.0" 404 1256 "-" "Mozilla/5.0 (Windows; U; Windows NT 5.1; de; rv:1.9.0.14) Gecko/2009082707 Firefox/3.0.14"
89.247.230.42 - - [16/Dec/2009:12:01:22 +0100] "GET /favicon.ico HTTP/1.0" 404 1256 "-" "Mozilla/5.0 (Windows; U; Windows NT 5.1; de; rv:1.9.0.14) Gecko/2009082707 Firefox/3.0.14"
89.247.230.42 - - [16/Dec/2009:12:01:38 +0100] "GET /favicon.ico HTTP/1.0" 404 1256 "-" "Mozilla/5.0 (Windows; U; Windows NT 5.1; de; rv:1.9.0.3) Gecko/2008092417 Firefox/3.0.3"
89.247.230.42 - - [16/Dec/2009:12:03:03 +0100] "GET /favicon.ico HTTP/1.0" 404 1256 "-" "Mozilla/5.0 (Windows; U; Windows NT 5.1; de; rv:1.9.0.15) Gecko/2009101601 Firefox/3.0.15"
89.247.230.42 - - [16/Dec/2009:12:09:26 +0100] "GET /favicon.ico HTTP/1.0" 404 1256 "-" "Mozilla/5.0 (Windows; U; Windows NT 5.1; de; rv:1.9.0.14) Gecko/2009082707 Firefox/3.0.14"
89.247.230.42 - - [16/Dec/2009:12:13:15 +0100] "GET / HTTP/1.0" 200 1219 "-" "Mozilla/5.0 (Windows; U; Windows NT 5.1; de; rv:1.9.1.5) Gecko/20091102 Firefox/3.5.5"
89.247.230.42 - - [16/Dec/2009:12:13:15 +0100] "GET /favicon.ico HTTP/1.0" 404 1256 "-" "Mozilla/5.0 (Windows; U; Windows NT 5.1; de; rv:1.9.1.5) Gecko/20091102 Firefox/3.5.5"
89.247.230.42 - - [16/Dec/2009:12:22:28 +0100] "GET /favicon.ico HTTP/1.0" 404 1256 "-" "Mozilla/5.0 (Windows; U; Windows NT 5.1; de; rv:1.9.0.14) Gecko/2009082707 Firefox/3.0.14"
89.247.230.42 - - [16/Dec/2009:12:24:47 +0100] "GET /favicon.ico HTTP/1.0" 404 1256 "-" "Mozilla/5.0 (Windows; U; Windows NT 5.1; de; rv:1.9.0.14) Gecko/2009082707 Firefox/3.0.14"
89.247.230.42 - - [16/Dec/2009:12:26:32 +0100] "GET /favicon.ico HTTP/1.1" 404 1256 "-" "Mozilla/5.0 (Windows; U; Windows NT 5.1; de; rv:1.9.1.5) Gecko/20091102 Firefox/3.5.5"
89.247.230.42 - - [16/Dec/2009:12:32:59 +0100] "GET /favicon.ico HTTP/1.0" 404 1256 "-" "Mozilla/5.0 (Windows; U; Windows NT 5.1; de; rv:1.9.0.15) Gecko/2009101601 Firefox/3.0.15"
89.247.230.42 - - [16/Dec/2009:12:34:24 +0100] "GET /favicon.ico HTTP/1.0" 404 1256 "-" "Mozilla/5.0 (Windows; U; Windows NT 5.1; de; rv:1.9.0.14) Gecko/2009082707 Firefox/3.0.14"
77.188.47.42 - - [16/Dec/2009:12:37:52 +0100] "GET / HTTP/1.1" 200 1219 "http://www.google.de/search?q=friedrich-list+berlin&ie=utf-8&oe=utf-8&aq=t&rls=org.mozilla:de:official&client=firefox-a" "Mozilla/5.0 (Windows; U; Windows NT 6.1; de; rv:1.9.1.5) Gecko/20091102 Firefox/3.5.5"
77.188.47.42 - - [16/Dec/2009:12:37:52 +0100] "GET /favicon.ico HTTP/1.1" 404 1256 "-" "Mozilla/5.0 (Windows; U; Windows NT 6.1; de; rv:1.9.1.5) Gecko/20091102 Firefox/3.5.5"
89.247.230.42 - - [16/Dec/2009:12:43:35 +0100] "GET /favicon.ico HTTP/1.0" 404 1256 "-" "Mozilla/5.0 (Windows; U; Windows NT 5.1; de; rv:1.9.0.14) Gecko/2009082707 Firefox/3.0.14"
89.247.230.42 - - [16/Dec/2009:12:51:19 +0100] "GET / HTTP/1.0" 200 1219 "-" "Mozilla/5.0 (Windows; U; Windows NT 5.1; de; rv:1.9.0.14) Gecko/2009082707 Firefox/3.0.14"
89.247.230.42 - - [16/Dec/2009:12:51:19 +0100] "GET /favicon.ico HTTP/1.0" 404 1256 "-" "Mozilla/5.0 (Windows; U; Windows NT 5.1; de; rv:1.9.0.14) Gecko/2009082707 Firefox/3.0.14"
89.247.230.42 - - [16/Dec/2009:12:51:22 +0100] "GET /favicon.ico HTTP/1.0" 404 1256 "-" "Mozilla/5.0 (Windows; U; Windows NT 5.1; de; rv:1.9.0.14) Gecko/2009082707 Firefox/3.0.14"
89.247.230.42 - - [16/Dec/2009:12:55:34 +0100] "GET /favicon.ico HTTP/1.0" 404 1256 "-" "Mozilla/5.0 (Windows; U; Windows NT 5.1; de; rv:1.9.0.14) Gecko/2009082707 Firefox/3.0.14"
89.247.230.42 - - [16/Dec/2009:12:55:40 +0100] "GET / HTTP/1.0" 304 - "-" "Mozilla/5.0 (Windows; U; Windows NT 5.1; de; rv:1.9.0.3) Gecko/2008092417 Firefox/3.0.3"
89.247.230.42 - - [16/Dec/2009:12:55:44 +0100] "GET /favicon.ico HTTP/1.0" 404 1256 "-" "Mozilla/5.0 (Windows; U; Windows NT 5.1; de; rv:1.9.0.3) Gecko/2008092417 Firefox/3.0.3"
89.247.230.42 - - [16/Dec/2009:12:56:14 +0100] "GET /favicon.ico HTTP/1.0" 404 1256 "-" "Mozilla/5.0 (Windows; U; Windows NT 5.1; de; rv:1.9.0.3) Gecko/2008092417 Firefox/3.0.3"
89.247.230.42 - - [16/Dec/2009:12:59:04 +0100] "GET /favicon.ico HTTP/1.0" 404 1256 "-" "Mozilla/5.0 (Windows; U; Windows NT 5.1; de; rv:1.9.0.14) Gecko/2009082707 Firefox/3.0.14"
89.247.230.42 - - [16/Dec/2009:13:01:42 +0100] "GET /favicon.ico HTTP/1.0" 404 1256 "-" "Mozilla/5.0 (Windows; U; Windows NT 5.1; de; rv:1.9.0.14) Gecko/2009082707 Firefox/3.0.14"
89.247.230.42 - - [16/Dec/2009:13:05:11 +0100] "GET / HTTP/1.0" 200 1219 "-" "Mozilla/5.0 (Windows; U; Windows NT 5.1; de; rv:1.9.0.15) Gecko/2009101601 Firefox/3.0.15"
89.247.230.42 - - [16/Dec/2009:13:05:12 +0100] "GET /favicon.ico HTTP/1.0" 404 1256 "-" "Mozilla/5.0 (Windows; U; Windows NT 5.1; de; rv:1.9.0.15) Gecko/2009101601 Firefox/3.0.15"
89.247.230.42 - - [16/Dec/2009:13:05:15 +0100] "GET /favicon.ico HTTP/1.0" 404 1256 "-" "Mozilla/5.0 (Windows; U; Windows NT 5.1; de; rv:1.9.0.15) Gecko/2009101601 Firefox/3.0.15"
89.247.230.42 - - [16/Dec/2009:13:34:18 +0100] "GET /favicon.ico HTTP/1.0" 404 1256 "-" "Mozilla/5.0 (Windows; U; Windows NT 5.1; de; rv:1.9.0.3) Gecko/2008092417 Firefox/3.0.3"
89.247.230.42 - - [16/Dec/2009:13:35:07 +0100] "GET / HTTP/1.0" 304 - "-" "Mozilla/5.0 (Windows; U; Windows NT 5.1; de; rv:1.9.0.14) Gecko/2009082707 Firefox/3.0.14"
89.247.230.42 - - [16/Dec/2009:13:35:10 +0100] "GET /favicon.ico HTTP/1.0" 404 1256 "-" "Mozilla/5.0 (Windows; U; Windows NT 5.1; de; rv:1.9.0.14) Gecko/2009082707 Firefox/3.0.14"
89.247.230.42 - - [16/Dec/2009:13:37:49 +0100] "GET / HTTP/1.0" 304 - "-" "Mozilla/5.0 (Windows; U; Windows NT 5.1; de; rv:1.9.0.3) Gecko/2008092417 Firefox/3.0.3"
89.247.230.42 - - [16/Dec/2009:13:37:52 +0100] "GET /favicon.ico HTTP/1.0" 404 1256 "-" "Mozilla/5.0 (Windows; U; Windows NT 5.1; de; rv:1.9.0.3) Gecko/2008092417 Firefox/3.0.3"
