87.178.226.195 - - [05/Mar/2014:14:58:42 +0100] "GET /fls_4_impressum.php HTTP/1.1" 404 1256 "-" "Apache-HttpClient/4.3.1 (java 1.5)"
87.178.226.195 - - [05/Mar/2014:14:58:42 +0100] "GET / HTTP/1.1" 302 - "-" "Apache-HttpClient/4.3.1 (java 1.5)"
87.178.226.195 - - [05/Mar/2014:14:58:42 +0100] "GET /fls_4_kontakt_anmeldung.php HTTP/1.1" 404 1256 "-" "Apache-HttpClient/4.3.1 (java 1.5)"
87.178.226.195 - - [05/Mar/2014:14:58:42 +0100] "GET /fls_4_kontakt_anmeldung.php HTTP/1.1" 404 1256 "-" "Apache-HttpClient/4.3.1 (java 1.5)"
87.178.226.195 - - [05/Mar/2014:14:58:42 +0100] "GET /fls_4_kontakt_anmeldung.php HTTP/1.1" 404 1256 "-" "Apache-HttpClient/4.3.1 (java 1.5)"
87.178.226.195 - - [05/Mar/2014:14:58:42 +0100] "GET / HTTP/1.1" 302 - "-" "Apache-HttpClient/4.3.1 (java 1.5)"
208.115.111.69 - - [05/Mar/2014:15:25:28 +0100] "GET /include.php?path=contentarchive&type=2&letter=Z&catid=0&themeid=0&searchtext=&entries=0&order= HTTP/1.1" 404 1256 "-" "Mozilla/5.0 (compatible; Ezooms/1.0; help@moz.com)"
208.115.113.85 - - [05/Mar/2014:15:38:04 +0100] "GET /robots.txt HTTP/1.1" 404 1256 "-" "Mozilla/5.0 (compatible; Ezooms/1.0; help@moz.com)"
87.123.81.93 - - [05/Mar/2014:17:21:41 +0100] "GET / HTTP/1.1" 302 - "http://www.google.de/url?sa=t&rct=j&q=&esrc=s&source=web&cd=1&ved=0CCwQFjAA&url=http%3A%2F%2Fwww.friedrich-list-berlin.de%2F&ei=-E4XU_uzOdCCyQP--IFA&usg=AFQjCNGsKs3TvBQ4z91zrYvo9_SfKi5nug&bvm=bv.62286460,d.bGE" "Mozilla/5.0 (Windows NT 6.1; WOW64; rv:27.0) Gecko/20100101 Firefox/27.0"
87.123.81.93 - - [05/Mar/2014:17:23:59 +0100] "GET / HTTP/1.1" 302 - "http://www.google.de/url?sa=t&rct=j&q=&esrc=s&source=web&cd=1&ved=0CCwQFjAA&url=http%3A%2F%2Fwww.friedrich-list-berlin.de%2F&ei=bk8XU9XCOqvpywO1h4LIAQ&usg=AFQjCNGsKs3TvBQ4z91zrYvo9_SfKi5nug&bvm=bv.62286460,d.bGE" "Mozilla/5.0 (Windows NT 6.1; WOW64; rv:27.0) Gecko/20100101 Firefox/27.0"
82.94.179.38 - - [05/Mar/2014:17:34:35 +0100] "GET /robots.txt HTTP/1.0" 404 1256 "-" "Mozilla/4.0 (compatible; Vagabondo/4.0/EU; http://webagent.wise-guys.nl/)"
82.94.179.38 - - [05/Mar/2014:17:34:35 +0100] "GET / HTTP/1.1" 302 - "-" "Mozilla/4.0 (compatible; Vagabondo/4.0/EU; http://www.wise-guys.nl/)"
208.115.113.85 - - [05/Mar/2014:17:42:48 +0100] "GET /include.php?path=contentarchive&type=2&letter=Q&catid=0&themeid=0&searchtext=&entries=0&order=title HTTP/1.1" 404 1256 "-" "Mozilla/5.0 (compatible; Ezooms/1.0; help@moz.com)"
208.115.113.85 - - [05/Mar/2014:17:42:52 +0100] "GET /include.php?path=contentarchive&type=2&letter=X&catid=0&themeid=0&searchtext=&entries=0&order= HTTP/1.1" 404 1256 "-" "Mozilla/5.0 (compatible; Ezooms/1.0; help@moz.com)"
84.155.96.242 - - [05/Mar/2014:18:26:56 +0100] "GET / HTTP/1.1" 302 - "http://www.google.de/url?sa=t&rct=j&q=&esrc=s&source=web&cd=1&ved=0CCwQFjAA&url=http%3A%2F%2Fwww.friedrich-list-berlin.de%2F&ei=7F0XU9yYBMjJtQbF_oGACQ&usg=AFQjCNGsKs3TvBQ4z91zrYvo9_SfKi5nug&bvm=bv.62286460,d.Yms" "Mozilla/5.0 (Windows NT 5.1; rv:27.0) Gecko/20100101 Firefox/27.0"
72.0.219.90 - - [05/Mar/2014:20:00:02 +0100] "GET / HTTP/1.1" 302 - "-" "Mozilla/5.0 (Windows; U; Windows NT 6.0; en-US; rv:1.9.2.11) Gecko/20101012 Firefox/3.6.11 GTB7.1 ( .NET CLR 3.5.30729; .NET4.0E)"
66.249.65.96 - - [05/Mar/2014:20:16:24 +0100] "GET /robots.txt HTTP/1.1" 404 1256 "-" "Mozilla/5.0 (compatible; Googlebot/2.1; +http://www.google.com/bot.html)"
66.249.65.96 - - [05/Mar/2014:20:16:24 +0100] "GET / HTTP/1.1" 302 - "http://can.schoolmatefinder.net/redirectSchool.php/Friedrich-List-Schule+(OSZ+Wirtschaftssprachen)/?id=430&country=can" "Mozilla/5.0 (compatible; Googlebot/2.1; +http://www.google.com/bot.html)"
208.115.111.69 - - [05/Mar/2014:21:37:24 +0100] "GET /robots.txt HTTP/1.1" 404 1256 "-" "Mozilla/5.0 (compatible; Ezooms/1.0; help@moz.com)"
66.249.65.36 - - [05/Mar/2014:21:40:41 +0100] "GET /robots.txt HTTP/1.1" 404 1256 "-" "Mozilla/5.0 (compatible; Googlebot/2.1; +http://www.google.com/bot.html)"
66.249.65.232 - - [05/Mar/2014:21:40:41 +0100] "GET /include.php?path=contentarchive&type=2&catid=0&letter=I&entries=0&searchtext=&order=date&nid=21 HTTP/1.1" 404 1256 "-" "Mozilla/5.0 (compatible; Googlebot/2.1; +http://www.google.com/bot.html)"
178.255.215.68 - - [05/Mar/2014:21:42:16 +0100] "GET /robots.txt HTTP/1.1" 404 1256 "-" "Mozilla/5.0 (compatible; Exabot/3.0; +http://www.exabot.com/go/robot)"
178.255.215.68 - - [05/Mar/2014:21:42:16 +0100] "GET / HTTP/1.1" 302 - "-" "Mozilla/5.0 (compatible; Exabot/3.0; +http://www.exabot.com/go/robot)"
208.115.111.69 - - [05/Mar/2014:23:34:48 +0100] "GET /include.php?path=contentarchive&type=2&letter=K&catid=0&themeid=0&searchtext=&entries=0&order=title HTTP/1.1" 404 1256 "-" "Mozilla/5.0 (compatible; Ezooms/1.0; help@moz.com)"
208.115.113.85 - - [05/Mar/2014:23:36:35 +0100] "GET /robots.txt HTTP/1.1" 404 1256 "-" "Mozilla/5.0 (compatible; Ezooms/1.0; help@moz.com)"
208.115.113.85 - - [06/Mar/2014:01:34:33 +0100] "GET /?path=contentarchive&type=2&letter=V&catid=0&themeid=0&searchtext=&entries=0&order= HTTP/1.1" 302 - "-" "Mozilla/5.0 (compatible; Ezooms/1.0; help@moz.com)"
208.115.113.85 - - [06/Mar/2014:01:34:40 +0100] "GET /include.php?path=contentarchive&type=2&letter=0-9&catid=0&themeid=0&searchtext=&entries=0&order=title HTTP/1.1" 404 1256 "-" "Mozilla/5.0 (compatible; Ezooms/1.0; help@moz.com)"
101.226.167.233 - - [06/Mar/2014:01:42:26 +0100] "GET /robots.txt HTTP/1.1" 404 1256 "http://www.friedrich-list-berlin.de/robots.txt" "Mozilla/5.0 (Windows NT 6.1) AppleWebKit/537.1 (KHTML, like Gecko) Chrome/21.0.1180.89 Safari/537.1; 360Spider"
141.8.147.6 - - [06/Mar/2014:01:46:37 +0100] "GET /robots.txt HTTP/1.1" 404 1256 "-" "Mozilla/5.0 (compatible; YandexBot/3.0; +http://yandex.com/bots)"
141.8.147.6 - - [06/Mar/2014:01:46:39 +0100] "GET / HTTP/1.1" 302 - "-" "Mozilla/5.0 (compatible; YandexBot/3.0; +http://yandex.com/bots)"
77.185.161.221 - - [06/Mar/2014:05:11:14 +0100] "GET / HTTP/1.1" 302 - "http://www.google.de/url?sa=t&rct=j&q=friedrich-list-schule%20-%20oberstufenzentrum%20wirtschaftssprachen%20-%20oberstufenzentrum%2C%20berlin&source=web&cd=1&ved=0CC4QFjAA&url=http%3A%2F%2Fwww.friedrich-list-berlin.de%2F&ei=PfUXU4O7L4rMtQaNy4HwBw&usg=AFQjCNGsKs3TvBQ4z91zrYvo9_SfKi5nug&bvm=bv.62577051,d.Yms" "Mozilla/5.0 (Macintosh; Intel Mac OS X 10_6_8) AppleWebKit/534.59.10 (KHTML, like Gecko) Version/5.1.9 Safari/534.59.10"
162.210.196.100 - - [06/Mar/2014:07:10:24 +0100] "GET /robots.txt HTTP/1.0" 404 1256 "-" "Mozilla/5.0 (compatible; MJ12bot/v1.4.4; http://www.majestic12.co.uk/bot.php?+)"
162.210.196.100 - - [06/Mar/2014:07:10:25 +0100] "GET / HTTP/1.0" 302 - "-" "Mozilla/5.0 (compatible; MJ12bot/v1.4.4; http://www.majestic12.co.uk/bot.php?+)"
208.115.113.85 - - [06/Mar/2014:07:33:40 +0100] "GET /robots.txt HTTP/1.1" 404 1256 "-" "Mozilla/5.0 (compatible; Ezooms/1.0; help@moz.com)"
66.249.73.221 - - [06/Mar/2014:07:50:47 +0100] "GET / HTTP/1.1" 302 - "-" "Mozilla/5.0 (compatible; Googlebot/2.1; +http://www.google.com/bot.html)"
144.76.95.232 - - [06/Mar/2014:08:04:02 +0100] "GET /robots.txt HTTP/1.0" 404 1256 "-" "Mozilla/5.0 (compatible; MJ12bot/v1.4.4; http://www.majestic12.co.uk/bot.php?+)"
144.76.95.232 - - [06/Mar/2014:08:04:04 +0100] "GET /?path=contact&mode=suggest&suggest_path=path=download%26contentid=114&nid=13 HTTP/1.0" 302 - "-" "Mozilla/5.0 (compatible; MJ12bot/v1.4.4; http://www.majestic12.co.uk/bot.php?+)"
144.76.95.232 - - [06/Mar/2014:08:05:07 +0100] "GET /?path=contact&mode=suggest&suggest_path=path=download%26contentid=114&nid=19 HTTP/1.0" 302 - "-" "Mozilla/5.0 (compatible; MJ12bot/v1.4.4; http://www.majestic12.co.uk/bot.php?+)"
144.76.95.232 - - [06/Mar/2014:08:05:14 +0100] "GET /?path=contact&mode=suggest&suggest_path=path=download%26contentid=114&nid=21 HTTP/1.0" 302 - "-" "Mozilla/5.0 (compatible; MJ12bot/v1.4.4; http://www.majestic12.co.uk/bot.php?+)"
144.76.95.232 - - [06/Mar/2014:08:05:21 +0100] "GET /?path=contact&mode=suggest&suggest_path=path=download%26contentid=114&nid=32 HTTP/1.0" 302 - "-" "Mozilla/5.0 (compatible; MJ12bot/v1.4.4; http://www.majestic12.co.uk/bot.php?+)"
144.76.95.232 - - [06/Mar/2014:08:05:25 +0100] "GET /?path=contact&mode=suggest&suggest_path=path=download%26contentid=114&nid=4 HTTP/1.0" 302 - "-" "Mozilla/5.0 (compatible; MJ12bot/v1.4.4; http://www.majestic12.co.uk/bot.php?+)"
144.76.95.232 - - [06/Mar/2014:08:05:29 +0100] "GET /?path=contact&mode=suggest&suggest_path=path=download%26contentid=93&nid=13 HTTP/1.0" 302 - "-" "Mozilla/5.0 (compatible; MJ12bot/v1.4.4; http://www.majestic12.co.uk/bot.php?+)"
144.76.95.232 - - [06/Mar/2014:08:06:06 +0100] "GET /?path=contact&mode=suggest&suggest_path=path=download%26contentid=93&nid=19 HTTP/1.0" 302 - "-" "Mozilla/5.0 (compatible; MJ12bot/v1.4.4; http://www.majestic12.co.uk/bot.php?+)"
144.76.95.232 - - [06/Mar/2014:08:06:11 +0100] "GET /?path=contact&mode=suggest&suggest_path=path=download%26contentid=93&nid=21 HTTP/1.0" 302 - "-" "Mozilla/5.0 (compatible; MJ12bot/v1.4.4; http://www.majestic12.co.uk/bot.php?+)"
144.76.95.232 - - [06/Mar/2014:08:06:15 +0100] "GET /?path=contact&mode=suggest&suggest_path=path=download%26contentid=93&nid=32 HTTP/1.0" 302 - "-" "Mozilla/5.0 (compatible; MJ12bot/v1.4.4; http://www.majestic12.co.uk/bot.php?+)"
144.76.95.232 - - [06/Mar/2014:08:06:20 +0100] "GET /?path=contact&mode=suggest&suggest_path=path=download%26contentid=93&nid=4 HTTP/1.0" 302 - "-" "Mozilla/5.0 (compatible; MJ12bot/v1.4.4; http://www.majestic12.co.uk/bot.php?+)"
144.76.95.232 - - [06/Mar/2014:08:06:31 +0100] "GET /?path=content&contentid=114&catid=12&themeid=0 HTTP/1.0" 302 - "-" "Mozilla/5.0 (compatible; MJ12bot/v1.4.4; http://www.majestic12.co.uk/bot.php?+)"
144.76.95.232 - - [06/Mar/2014:08:06:36 +0100] "GET /?path=content&contentid=93&catid=8&themeid=0 HTTP/1.0" 302 - "-" "Mozilla/5.0 (compatible; MJ12bot/v1.4.4; http://www.majestic12.co.uk/bot.php?+)"
92.78.43.236 - - [06/Mar/2014:08:24:32 +0100] "GET / HTTP/1.1" 302 - "http://domino2.berufsschulen.de/db/berufsschulen.nsf/Berlin?OpenView" "Mozilla/5.0 (Windows NT 6.1; WOW64) AppleWebKit/537.36 (KHTML, like Gecko) Chrome/33.0.1750.146 Safari/537.36"
208.115.113.85 - - [06/Mar/2014:09:36:46 +0100] "GET /include.php?path=contentarchive&catid=1&type=3 HTTP/1.1" 404 1256 "-" "Mozilla/5.0 (compatible; Ezooms/1.0; help@moz.com)"
208.115.113.85 - - [06/Mar/2014:09:36:48 +0100] "GET /include.php?path=contentarchive&type=3&letter=D&catid=0&themeid=0&searchtext=&entries=0&order= HTTP/1.1" 404 1256 "-" "Mozilla/5.0 (compatible; Ezooms/1.0; help@moz.com)"
162.243.85.244 - - [06/Mar/2014:10:18:00 +0100] "GET /robots.txt HTTP/1.1" 404 1256 "-" "Mozilla/5.0 (compatible; spbot/4.0.7; +http://OpenLinkProfiler.org/bot )"
162.243.85.244 - - [06/Mar/2014:10:18:05 +0100] "GET / HTTP/1.1" 302 - "-" "Mozilla/5.0 (compatible; spbot/4.0.7; +http://OpenLinkProfiler.org/bot )"
77.185.228.152 - - [06/Mar/2014:11:34:25 +0100] "GET / HTTP/1.1" 302 - "http://www.google.de/url?sa=t&rct=j&q=&esrc=s&source=web&cd=1&sqi=2&ved=0CCwQFjAA&url=http%3A%2F%2Fwww.friedrich-list-berlin.de%2F&ei=B08YU5H5OMXg4QT5i4GQBA&usg=AFQjCNGsKs3TvBQ4z91zrYvo9_SfKi5nug&bvm=bv.62577051,d.Yms" "Mozilla/5.0 (Windows NT 6.0; rv:27.0) Gecko/20100101 Firefox/27.0"
77.185.228.152 - - [06/Mar/2014:11:43:17 +0100] "GET / HTTP/1.1" 302 - "http://www.google.de/url?sa=t&rct=j&q=&esrc=s&source=web&cd=1&sqi=2&ved=0CCwQFjAA&url=http%3A%2F%2Fwww.friedrich-list-berlin.de%2F&ei=GVEYU5yVC-GE4gS_hoGACw&usg=AFQjCNGsKs3TvBQ4z91zrYvo9_SfKi5nug&bvm=bv.62577051,d.Yms" "Mozilla/5.0 (Windows NT 6.0; rv:27.0) Gecko/20100101 Firefox/27.0"
95.91.243.192 - - [06/Mar/2014:11:57:14 +0100] "GET / HTTP/1.0" 302 - "-" "Mozilla/4.0 (compatible; MSIE 8.0; Windows NT 5.1; Trident/4.0; .NET CLR 1.1.4322; .NET CLR 2.0.50727; .NET CLR 3.0.4506.2152; .NET CLR 3.5.30729)"
66.249.65.36 - - [06/Mar/2014:12:18:07 +0100] "GET /robots.txt HTTP/1.1" 404 1256 "-" "Mozilla/5.0 (compatible; Googlebot/2.1; +http://www.google.com/bot.html)"
66.249.65.36 - - [06/Mar/2014:12:18:08 +0100] "GET /include.php?path=contentarchive&type=4&catid=6&letter=I&entries=0&searchtext=&order=date&nid=21 HTTP/1.1" 404 1256 "-" "Mozilla/5.0 (compatible; Googlebot/2.1; +http://www.google.com/bot.html)"
91.37.154.150 - - [06/Mar/2014:13:11:10 +0100] "GET / HTTP/1.0" 302 - "http://maps.google.de/local_url?dq=Friedrich-List-Schule,+Klixstra%C3%9Fe,+Berlin&q=http://www.friedrich-list-berlin.de/&ved=0CBEQ5AQ&sa=X&ei=s2UYU4_2Cee6igaK9oD4Bw&s=ANYYN7lh_X_B4vcWdEx9o3DC9BHyagGorg" "Mozilla/5.0 (Windows NT 5.1; rv:27.0) Gecko/20100101 Firefox/27.0"
46.229.170.197 - - [06/Mar/2014:13:20:44 +0100] "GET / HTTP/1.1" 302 - "-" "Mozilla/5.0 (Windows NT 5.1; rv:2.0b8pre) Gecko/20101127 Firefox/4.0b8pre"
91.143.90.100 - - [06/Mar/2014:14:11:47 +0100] "GET /robots.txt HTTP/1.0" 404 1256 "-" "Mozilla/5.0 (compatible; MJ12bot/v1.4.4; http://www.majestic12.co.uk/bot.php?+)"
91.143.90.100 - - [06/Mar/2014:14:11:49 +0100] "GET /?path=download&contentid=114 HTTP/1.0" 302 - "-" "Mozilla/5.0 (compatible; MJ12bot/v1.4.4; http://www.majestic12.co.uk/bot.php?+)"
91.143.90.100 - - [06/Mar/2014:14:11:58 +0100] "GET /?path=download&contentid=114&catid=12&themeid=0&nid=13 HTTP/1.0" 302 - "-" "Mozilla/5.0 (compatible; MJ12bot/v1.4.4; http://www.majestic12.co.uk/bot.php?+)"
91.143.90.100 - - [06/Mar/2014:14:12:06 +0100] "GET /?path=download&contentid=114&catid=12&themeid=0&nid=19 HTTP/1.0" 302 - "-" "Mozilla/5.0 (compatible; MJ12bot/v1.4.4; http://www.majestic12.co.uk/bot.php?+)"
91.143.90.100 - - [06/Mar/2014:14:12:12 +0100] "GET /?path=download&contentid=114&catid=12&themeid=0&nid=21 HTTP/1.0" 302 - "-" "Mozilla/5.0 (compatible; MJ12bot/v1.4.4; http://www.majestic12.co.uk/bot.php?+)"
91.143.90.100 - - [06/Mar/2014:14:12:26 +0100] "GET /?path=download&contentid=114&catid=12&themeid=0&nid=32 HTTP/1.0" 302 - "-" "Mozilla/5.0 (compatible; MJ12bot/v1.4.4; http://www.majestic12.co.uk/bot.php?+)"
91.143.90.100 - - [06/Mar/2014:14:12:39 +0100] "GET /?path=download&contentid=114&catid=12&themeid=0&nid=4 HTTP/1.0" 302 - "-" "Mozilla/5.0 (compatible; MJ12bot/v1.4.4; http://www.majestic12.co.uk/bot.php?+)"
91.143.90.100 - - [06/Mar/2014:14:12:46 +0100] "GET /?path=download&contentid=114&nid=13 HTTP/1.0" 302 - "-" "Mozilla/5.0 (compatible; MJ12bot/v1.4.4; http://www.majestic12.co.uk/bot.php?+)"
91.143.90.100 - - [06/Mar/2014:14:12:51 +0100] "GET /?path=download&contentid=114&nid=19 HTTP/1.0" 302 - "-" "Mozilla/5.0 (compatible; MJ12bot/v1.4.4; http://www.majestic12.co.uk/bot.php?+)"
91.143.90.100 - - [06/Mar/2014:14:12:58 +0100] "GET /?path=download&contentid=114&nid=21 HTTP/1.0" 302 - "-" "Mozilla/5.0 (compatible; MJ12bot/v1.4.4; http://www.majestic12.co.uk/bot.php?+)"
91.143.90.100 - - [06/Mar/2014:14:13:06 +0100] "GET /?path=download&contentid=114&nid=32 HTTP/1.0" 302 - "-" "Mozilla/5.0 (compatible; MJ12bot/v1.4.4; http://www.majestic12.co.uk/bot.php?+)"
91.143.90.100 - - [06/Mar/2014:14:13:16 +0100] "GET /?path=download&contentid=114&nid=4 HTTP/1.0" 302 - "-" "Mozilla/5.0 (compatible; MJ12bot/v1.4.4; http://www.majestic12.co.uk/bot.php?+)"
91.143.90.100 - - [06/Mar/2014:14:13:24 +0100] "GET /?path=download&contentid=93 HTTP/1.0" 302 - "-" "Mozilla/5.0 (compatible; MJ12bot/v1.4.4; http://www.majestic12.co.uk/bot.php?+)"
91.143.90.100 - - [06/Mar/2014:14:13:35 +0100] "GET /?path=download&contentid=93&catid=8&themeid=0&nid=13 HTTP/1.0" 302 - "-" "Mozilla/5.0 (compatible; MJ12bot/v1.4.4; http://www.majestic12.co.uk/bot.php?+)"
91.143.90.100 - - [06/Mar/2014:14:13:42 +0100] "GET /?path=download&contentid=93&catid=8&themeid=0&nid=19 HTTP/1.0" 302 - "-" "Mozilla/5.0 (compatible; MJ12bot/v1.4.4; http://www.majestic12.co.uk/bot.php?+)"
91.143.90.100 - - [06/Mar/2014:14:13:48 +0100] "GET /?path=download&contentid=93&catid=8&themeid=0&nid=21 HTTP/1.0" 302 - "-" "Mozilla/5.0 (compatible; MJ12bot/v1.4.4; http://www.majestic12.co.uk/bot.php?+)"
91.143.90.100 - - [06/Mar/2014:14:13:57 +0100] "GET /?path=download&contentid=93&catid=8&themeid=0&nid=32 HTTP/1.0" 302 - "-" "Mozilla/5.0 (compatible; MJ12bot/v1.4.4; http://www.majestic12.co.uk/bot.php?+)"
91.143.90.100 - - [06/Mar/2014:14:14:13 +0100] "GET /?path=download&contentid=93&catid=8&themeid=0&nid=4 HTTP/1.0" 302 - "-" "Mozilla/5.0 (compatible; MJ12bot/v1.4.4; http://www.majestic12.co.uk/bot.php?+)"
208.115.113.85 - - [06/Mar/2014:15:36:52 +0100] "GET /robots.txt HTTP/1.1" 404 1256 "-" "Mozilla/5.0 (compatible; Ezooms/1.0; help@moz.com)"
188.138.41.140 - - [06/Mar/2014:15:51:18 +0100] "GET /robots.txt HTTP/1.1" 404 1256 "-" "Mozilla/5.0 (X11; U; Linux i686; de; rv:1.9.0.1; compatible; iCjobs Stellenangebote Jobs; http://www.icjobs.de) Gecko/20100401 iCjobs/3.2.3"
188.138.41.140 - - [06/Mar/2014:15:51:18 +0100] "GET / HTTP/1.1" 302 - "-" "Mozilla/5.0 (X11; U; Linux i686; de; rv:1.9.0.1; compatible; iCjobs Stellenangebote Jobs; http://www.icjobs.de) Gecko/20100401 iCjobs/3.2.3"
188.138.41.140 - - [06/Mar/2014:15:51:18 +0100] "GET / HTTP/1.1" 302 - "-" "Mozilla/5.0 (X11; U; Linux i686; de; rv:1.9.0.1; compatible; iCjobs Stellenangebote Jobs; http://www.icjobs.de) Gecko/20100401 iCjobs/3.2.3"
93.228.70.189 - - [06/Mar/2014:17:22:07 +0100] "GET / HTTP/1.1" 302 - "-" "Mozilla/4.0 (compatible; MSIE 7.0; Windows NT 6.0; WOW64; SLCC1; .NET CLR 2.0.50727; .NET CLR 1.1.4322)"
37.5.59.208 - - [06/Mar/2014:17:27:35 +0100] "GET / HTTP/1.1" 302 - "-" "Mozilla/5.0 (Windows NT 6.1; WOW64; rv:27.0) Gecko/20100101 Firefox/27.0"
208.115.113.85 - - [06/Mar/2014:17:36:35 +0100] "GET /?path=contentarchive&type=2&letter=D&catid=0&themeid=0&searchtext=&entries=0&order= HTTP/1.1" 302 - "-" "Mozilla/5.0 (compatible; Ezooms/1.0; help@moz.com)"
208.115.113.85 - - [06/Mar/2014:17:36:40 +0100] "GET /include.php?path=contentarchive&type=3&letter=C&catid=0&themeid=0&searchtext=&entries=0&order= HTTP/1.1" 404 1256 "-" "Mozilla/5.0 (compatible; Ezooms/1.0; help@moz.com)"
208.115.113.85 - - [06/Mar/2014:17:36:43 +0100] "GET /include.php?path=contentarchive&type=3&letter=F&catid=0&themeid=0&searchtext=&entries=0&order= HTTP/1.1" 404 1256 "-" "Mozilla/5.0 (compatible; Ezooms/1.0; help@moz.com)"
176.9.58.140 - - [06/Mar/2014:18:21:40 +0100] "GET /robots.txt HTTP/1.0" 404 1256 "-" "Mozilla/5.0 (compatible; SEOkicks-Robot; +http://www.seokicks.de/robot.html)"
176.9.58.140 - - [06/Mar/2014:18:21:42 +0100] "GET / HTTP/1.0" 302 - "-" "Mozilla/5.0 (compatible; SEOkicks-Robot; +http://www.seokicks.de/robot.html)"
208.115.113.85 - - [06/Mar/2014:19:39:22 +0100] "GET /robots.txt HTTP/1.1" 404 1256 "-" "Mozilla/5.0 (compatible; Ezooms/1.0; help@moz.com)"
95.91.242.100 - - [06/Mar/2014:20:12:03 +0100] "GET / HTTP/1.1" 302 - "http://www.berlin.de/sen/bildung/schulverzeichnis_und_portraets/anwendung/Schulportrait.aspx?IDSchulzweig=11652" "Mozilla/5.0 (Windows NT 6.3; WOW64; rv:27.0) Gecko/20100101 Firefox/27.0"
101.226.167.204 - - [06/Mar/2014:20:50:45 +0100] "GET /robots.txt HTTP/1.1" 404 1256 "http://www.friedrich-list-berlin.de/robots.txt" "Mozilla/5.0 (Windows NT 6.1) AppleWebKit/537.1 (KHTML, like Gecko) Chrome/21.0.1180.89 Safari/537.1; 360Spider"
208.115.111.69 - - [06/Mar/2014:21:35:28 +0100] "GET /robots.txt HTTP/1.1" 404 1256 "-" "Mozilla/5.0 (compatible; Ezooms/1.0; help@moz.com)"
208.115.113.85 - - [06/Mar/2014:21:39:57 +0100] "GET /include.php?path=contentarchive&type=2&letter=L&catid=0&themeid=0&searchtext=&entries=0&order= HTTP/1.1" 404 1256 "-" "Mozilla/5.0 (compatible; Ezooms/1.0; help@moz.com)"
208.115.113.85 - - [06/Mar/2014:21:40:00 +0100] "GET /include.php?path=contentarchive&type=2&letter=P&catid=0&themeid=0&searchtext=&entries=0&order=title HTTP/1.1" 404 1256 "-" "Mozilla/5.0 (compatible; Ezooms/1.0; help@moz.com)"
208.115.111.69 - - [06/Mar/2014:23:27:47 +0100] "GET /include.php?path=contentarchive&type=2&letter=L&catid=0&themeid=0&searchtext=&entries=0&order=title HTTP/1.1" 404 1256 "-" "Mozilla/5.0 (compatible; Ezooms/1.0; help@moz.com)"
92.226.43.27 - - [07/Mar/2014:00:02:59 +0100] "GET / HTTP/1.1" 302 - "https://www.google.de/" "Mozilla/5.0 (Windows NT 5.1) AppleWebKit/537.36 (KHTML, like Gecko) Chrome/33.0.1750.146 Safari/537.36"
208.115.111.69 - - [07/Mar/2014:01:35:36 +0100] "GET /robots.txt HTTP/1.1" 404 1256 "-" "Mozilla/5.0 (compatible; Ezooms/1.0; help@moz.com)"
193.175.194.33 - - [07/Mar/2014:02:23:04 +0100] "GET / HTTP/1.1" 302 - "-" "Bildungsserver-Linkchecker DBS 0.9 (http://www.bildungsserver.de)"
208.115.111.69 - - [07/Mar/2014:03:21:00 +0100] "GET /include.php?path=content&contentid=76&nid=27 HTTP/1.1" 404 1256 "-" "Mozilla/5.0 (compatible; Ezooms/1.0; help@moz.com)"
208.115.111.69 - - [07/Mar/2014:09:31:57 +0100] "GET /robots.txt HTTP/1.1" 404 1256 "-" "Mozilla/5.0 (compatible; Ezooms/1.0; help@moz.com)"
199.58.86.206 - - [07/Mar/2014:09:49:11 +0100] "GET /robots.txt HTTP/1.0" 404 1256 "-" "Mozilla/5.0 (compatible; MJ12bot/v1.4.4; http://www.majestic12.co.uk/bot.php?+)"
199.58.86.206 - - [07/Mar/2014:09:49:13 +0100] "GET / HTTP/1.0" 302 - "-" "Mozilla/5.0 (compatible; MJ12bot/v1.4.4; http://www.majestic12.co.uk/bot.php?+)"
87.138.100.124 - - [07/Mar/2014:10:35:17 +0100] "GET / HTTP/1.1" 302 - "-" "Mozilla/4.0 (compatible; MSIE 7.0; Windows NT 6.1; WOW64; Trident/7.0; SLCC2; .NET CLR 2.0.50727; .NET CLR 3.5.30729; .NET CLR 3.0.30729; Media Center PC 6.0; MS-RTC LM 8; .NET4.0C; OfficeLiveConnector.1.5; OfficeLivePatch.1.3; .NET4.0E)"
208.115.111.69 - - [07/Mar/2014:11:20:07 +0100] "GET /include.php?path=contentarchive&type=2&letter=F&catid=0&themeid=0&searchtext=&entries=0&order= HTTP/1.1" 404 1256 "-" "Mozilla/5.0 (compatible; Ezooms/1.0; help@moz.com)"
144.76.95.232 - - [07/Mar/2014:12:24:08 +0100] "GET /robots.txt HTTP/1.0" 404 1256 "-" "Mozilla/5.0 (compatible; MJ12bot/v1.4.4; http://www.majestic12.co.uk/bot.php?+)"
144.76.95.232 - - [07/Mar/2014:12:27:55 +0100] "GET /?path=download&contentid=93&nid=32 HTTP/1.0" 302 - "-" "Mozilla/5.0 (compatible; MJ12bot/v1.4.4; http://www.majestic12.co.uk/bot.php?+)"
144.76.95.232 - - [07/Mar/2014:12:28:03 +0100] "GET /?path=download&contentid=93&nid=4 HTTP/1.0" 302 - "-" "Mozilla/5.0 (compatible; MJ12bot/v1.4.4; http://www.majestic12.co.uk/bot.php?+)"
141.8.147.12 - - [07/Mar/2014:12:35:11 +0100] "GET /robots.txt HTTP/1.1" 404 1256 "-" "Mozilla/5.0 (compatible; YandexBot/3.0; +http://yandex.com/bots)"
141.8.147.12 - - [07/Mar/2014:12:35:13 +0100] "GET / HTTP/1.1" 302 - "-" "Mozilla/5.0 (compatible; YandexBot/3.0; +http://yandex.com/bots)"
89.247.45.46 - - [07/Mar/2014:12:38:34 +0100] "GET / HTTP/1.1" 302 - "http://www.google.de/url?sa=t&rct=j&q=&esrc=s&source=web&cd=1&ved=0CC8QFjAA&url=http%3A%2F%2Fwww.friedrich-list-berlin.de%2F&ei=gK8ZU7LKLuHJ4gS1pIG4Aw&usg=AFQjCNGsKs3TvBQ4z91zrYvo9_SfKi5nug&sig2=yg4ZEWS8z1TMmDtWSpVjIQ&bvm=bv.62578216,d.bGE" "Opera/9.80 (Windows NT 6.1; WOW64; Edition Campaign 21) Presto/2.12.388 Version/12.16"
62.226.248.164 - - [07/Mar/2014:13:23:21 +0100] "GET / HTTP/1.1" 302 - "https://www.google.de/" "Mozilla/5.0 (Windows NT 6.1) AppleWebKit/537.36 (KHTML, like Gecko) Chrome/33.0.1750.146 Safari/537.36"
83.143.143.3 - - [07/Mar/2014:13:53:28 +0100] "GET / HTTP/1.1" 302 - "-" "Mozilla/5.0 (X11; Linux x86_64) AppleWebKit/534.34 (KHTML, like Gecko) Qt/4.8.2 Safari/534.34"
31.13.99.116 - - [07/Mar/2014:14:48:54 +0100] "GET / HTTP/1.1" 302 - "-" "facebookexternalhit/1.1 (+http://www.facebook.com/externalhit_uatext.php)"
178.255.215.68 - - [07/Mar/2014:16:13:50 +0100] "GET /robots.txt HTTP/1.1" 404 1256 "-" "Mozilla/5.0 (compatible; Exabot/3.0; +http://www.exabot.com/go/robot)"
178.255.215.68 - - [07/Mar/2014:16:13:50 +0100] "GET / HTTP/1.1" 302 - "-" "Mozilla/5.0 (compatible; Exabot/3.0; +http://www.exabot.com/go/robot)"
178.77.126.55 - - [07/Mar/2014:17:14:31 +0100] "GET /robots.txt HTTP/1.1" 404 1256 "-" "Mozilla/5.0 (compatible; CareerBot/1.1; +http://www.career-x.de/bot.html)"
178.77.126.55 - - [07/Mar/2014:17:14:31 +0100] "GET / HTTP/1.1" 302 - "-" "Mozilla/5.0 (compatible; CareerBot/1.1; +http://www.career-x.de/bot.html)"
148.251.11.147 - - [07/Mar/2014:18:42:34 +0100] "GET /robots.txt HTTP/1.1" 404 1256 "-" "Apache-HttpClient/4.3 (java 1.5)"
148.251.11.147 - - [07/Mar/2014:18:42:34 +0100] "GET / HTTP/1.1" 302 - "-" "Apache-HttpClient/4.3 (java 1.5)"
5.9.42.111 - - [07/Mar/2014:20:27:29 +0100] "GET /robots.txt HTTP/1.1" 404 1256 "-" "Mozilla/5.0 (X11; Ubuntu; Linux x86_64; rv:15.0) Gecko/20100101 Firefox/15.0.1"
5.9.42.111 - - [07/Mar/2014:20:27:29 +0100] "GET / HTTP/1.1" 302 - "-" "Mozilla/5.0 (X11; Ubuntu; Linux x86_64; rv:15.0) Gecko/20100101 Firefox/15.0.1"
95.208.248.101 - - [07/Mar/2014:20:33:41 +0100] "GET / HTTP/1.1" 302 - "-" "Mozilla/5.0 (compatible; MSIE 10.0; Windows NT 6.1; Trident/6.0)"
208.115.111.69 - - [07/Mar/2014:21:44:44 +0100] "GET /robots.txt HTTP/1.1" 404 1256 "-" "Mozilla/5.0 (compatible; Ezooms/1.0; help@moz.com)"
208.115.111.69 - - [07/Mar/2014:23:37:31 +0100] "GET /?path=contentarchive&type=2&letter=G&catid=0&themeid=0&searchtext=&entries=0&order= HTTP/1.1" 302 - "-" "Mozilla/5.0 (compatible; Ezooms/1.0; help@moz.com)"
208.115.111.69 - - [07/Mar/2014:23:37:34 +0100] "GET /include.php?path=contentarchive&type=2&letter=T&catid=0&themeid=0&searchtext=&entries=0&order= HTTP/1.1" 404 1256 "-" "Mozilla/5.0 (compatible; Ezooms/1.0; help@moz.com)"
5.199.136.130 - - [08/Mar/2014:00:13:25 +0100] "GET /robots.txt HTTP/1.1" 404 1256 "-" "Mozilla/5.0 (compatible; waybackarchive.org/1.0; +spider@waybackarchive.org)"
5.199.136.130 - - [08/Mar/2014:00:13:26 +0100] "GET / HTTP/1.1" 302 - "-" "Mozilla/5.0 (compatible; waybackarchive.org/1.0; +spider@waybackarchive.org)"
208.115.111.69 - - [08/Mar/2014:01:32:33 +0100] "GET /robots.txt HTTP/1.1" 404 1256 "-" "Mozilla/5.0 (compatible; Ezooms/1.0; help@moz.com)"
208.115.111.69 - - [08/Mar/2014:03:17:18 +0100] "GET /?path=contentarchive&type=2 HTTP/1.1" 302 - "-" "Mozilla/5.0 (compatible; Ezooms/1.0; help@moz.com)"
66.249.65.232 - - [08/Mar/2014:05:34:09 +0100] "GET /robots.txt HTTP/1.1" 404 1256 "-" "Mozilla/5.0 (compatible; Googlebot/2.1; +http://www.google.com/bot.html)"
66.249.65.4 - - [08/Mar/2014:05:34:10 +0100] "GET /?path=contentarchive&type=2&letter=R&catid=0&themeid=0&searchtext=&entries=0&order=&nid=21 HTTP/1.1" 302 - "-" "Mozilla/5.0 (compatible; Googlebot/2.1; +http://www.google.com/bot.html)"
144.76.41.8 - - [08/Mar/2014:05:35:17 +0100] "GET /robots.txt HTTP/1.0" 404 1256 "-" "Mozilla/5.0 (compatible; MJ12bot/v1.4.4; http://www.majestic12.co.uk/bot.php?+)"
144.76.41.8 - - [08/Mar/2014:05:35:23 +0100] "GET /?&nid=4 HTTP/1.0" 302 - "-" "Mozilla/5.0 (compatible; MJ12bot/v1.4.4; http://www.majestic12.co.uk/bot.php?+)"
144.76.41.8 - - [08/Mar/2014:05:35:36 +0100] "GET /?path=comment&comcat=cont&subid=114&nid=13 HTTP/1.0" 302 - "-" "Mozilla/5.0 (compatible; MJ12bot/v1.4.4; http://www.majestic12.co.uk/bot.php?+)"
144.76.41.8 - - [08/Mar/2014:05:35:46 +0100] "GET /?path=comment&comcat=cont&subid=114&nid=19 HTTP/1.0" 302 - "-" "Mozilla/5.0 (compatible; MJ12bot/v1.4.4; http://www.majestic12.co.uk/bot.php?+)"
144.76.41.8 - - [08/Mar/2014:05:35:56 +0100] "GET /?path=comment&comcat=cont&subid=114&nid=21 HTTP/1.0" 302 - "-" "Mozilla/5.0 (compatible; MJ12bot/v1.4.4; http://www.majestic12.co.uk/bot.php?+)"
144.76.41.8 - - [08/Mar/2014:05:36:05 +0100] "GET /?path=comment&comcat=cont&subid=114&nid=32 HTTP/1.0" 302 - "-" "Mozilla/5.0 (compatible; MJ12bot/v1.4.4; http://www.majestic12.co.uk/bot.php?+)"
144.76.41.8 - - [08/Mar/2014:05:36:13 +0100] "GET /?path=comment&comcat=cont&subid=114&nid=4 HTTP/1.0" 302 - "-" "Mozilla/5.0 (compatible; MJ12bot/v1.4.4; http://www.majestic12.co.uk/bot.php?+)"
144.76.41.8 - - [08/Mar/2014:05:36:26 +0100] "GET /?path=comment&comcat=cont&subid=93&nid=13 HTTP/1.0" 302 - "-" "Mozilla/5.0 (compatible; MJ12bot/v1.4.4; http://www.majestic12.co.uk/bot.php?+)"
144.76.41.8 - - [08/Mar/2014:05:36:33 +0100] "GET /?path=comment&comcat=cont&subid=93&nid=19 HTTP/1.0" 302 - "-" "Mozilla/5.0 (compatible; MJ12bot/v1.4.4; http://www.majestic12.co.uk/bot.php?+)"
144.76.41.8 - - [08/Mar/2014:05:36:48 +0100] "GET /?path=comment&comcat=cont&subid=93&nid=21 HTTP/1.0" 302 - "-" "Mozilla/5.0 (compatible; MJ12bot/v1.4.4; http://www.majestic12.co.uk/bot.php?+)"
144.76.41.8 - - [08/Mar/2014:05:36:55 +0100] "GET /?path=comment&comcat=cont&subid=93&nid=32 HTTP/1.0" 302 - "-" "Mozilla/5.0 (compatible; MJ12bot/v1.4.4; http://www.majestic12.co.uk/bot.php?+)"
144.76.41.8 - - [08/Mar/2014:05:37:08 +0100] "GET /?path=comment&comcat=cont&subid=93&nid=4 HTTP/1.0" 302 - "-" "Mozilla/5.0 (compatible; MJ12bot/v1.4.4; http://www.majestic12.co.uk/bot.php?+)"
144.76.41.8 - - [08/Mar/2014:05:37:13 +0100] "GET /?path=contact&mode=suggest&suggest_path=path=download%26contentid=114 HTTP/1.0" 302 - "-" "Mozilla/5.0 (compatible; MJ12bot/v1.4.4; http://www.majestic12.co.uk/bot.php?+)"
144.76.41.8 - - [08/Mar/2014:05:37:20 +0100] "GET /?path=content&contentid=44 HTTP/1.0" 302 - "-" "Mozilla/5.0 (compatible; MJ12bot/v1.4.4; http://www.majestic12.co.uk/bot.php?+)"
144.76.41.8 - - [08/Mar/2014:05:37:26 +0100] "GET /?path=contentarchive&catid=12&type=4 HTTP/1.0" 302 - "-" "Mozilla/5.0 (compatible; MJ12bot/v1.4.4; http://www.majestic12.co.uk/bot.php?+)"
144.76.41.8 - - [08/Mar/2014:05:37:33 +0100] "GET /?path=download&contentid=114&catid=12&themeid=0 HTTP/1.0" 302 - "-" "Mozilla/5.0 (compatible; MJ12bot/v1.4.4; http://www.majestic12.co.uk/bot.php?+)"
144.76.41.8 - - [08/Mar/2014:05:37:41 +0100] "GET /?path=download&contentid=114&download=go HTTP/1.0" 302 - "-" "Mozilla/5.0 (compatible; MJ12bot/v1.4.4; http://www.majestic12.co.uk/bot.php?+)"
144.76.41.8 - - [08/Mar/2014:05:37:52 +0100] "GET /?path=download&contentid=114&download=go&mirror=1 HTTP/1.0" 302 - "-" "Mozilla/5.0 (compatible; MJ12bot/v1.4.4; http://www.majestic12.co.uk/bot.php?+)"
144.76.41.8 - - [08/Mar/2014:05:37:58 +0100] "GET /?path=faq&catid=2&nid=13 HTTP/1.0" 302 - "-" "Mozilla/5.0 (compatible; MJ12bot/v1.4.4; http://www.majestic12.co.uk/bot.php?+)"
144.76.41.8 - - [08/Mar/2014:05:38:03 +0100] "GET /?path=faq&catid=2&nid=19 HTTP/1.0" 302 - "-" "Mozilla/5.0 (compatible; MJ12bot/v1.4.4; http://www.majestic12.co.uk/bot.php?+)"
144.76.41.8 - - [08/Mar/2014:05:38:11 +0100] "GET /?path=faq&catid=2&nid=21 HTTP/1.0" 302 - "-" "Mozilla/5.0 (compatible; MJ12bot/v1.4.4; http://www.majestic12.co.uk/bot.php?+)"
144.76.41.8 - - [08/Mar/2014:05:38:15 +0100] "GET /?path=faq&catid=2&nid=32 HTTP/1.0" 302 - "-" "Mozilla/5.0 (compatible; MJ12bot/v1.4.4; http://www.majestic12.co.uk/bot.php?+)"
144.76.41.8 - - [08/Mar/2014:05:38:20 +0100] "GET /?path=faq&catid=2&nid=4 HTTP/1.0" 302 - "-" "Mozilla/5.0 (compatible; MJ12bot/v1.4.4; http://www.majestic12.co.uk/bot.php?+)"
144.76.41.8 - - [08/Mar/2014:05:38:23 +0100] "GET /?path=faq&catid=3&nid=13 HTTP/1.0" 302 - "-" "Mozilla/5.0 (compatible; MJ12bot/v1.4.4; http://www.majestic12.co.uk/bot.php?+)"
144.76.41.8 - - [08/Mar/2014:05:38:27 +0100] "GET /?path=faq&catid=3&nid=19 HTTP/1.0" 302 - "-" "Mozilla/5.0 (compatible; MJ12bot/v1.4.4; http://www.majestic12.co.uk/bot.php?+)"
144.76.41.8 - - [08/Mar/2014:05:38:31 +0100] "GET /?path=faq&catid=3&nid=21 HTTP/1.0" 302 - "-" "Mozilla/5.0 (compatible; MJ12bot/v1.4.4; http://www.majestic12.co.uk/bot.php?+)"
144.76.41.8 - - [08/Mar/2014:05:38:36 +0100] "GET /?path=faq&catid=3&nid=32 HTTP/1.0" 302 - "-" "Mozilla/5.0 (compatible; MJ12bot/v1.4.4; http://www.majestic12.co.uk/bot.php?+)"
144.76.41.8 - - [08/Mar/2014:05:38:39 +0100] "GET /?path=faq&catid=3&nid=4 HTTP/1.0" 302 - "-" "Mozilla/5.0 (compatible; MJ12bot/v1.4.4; http://www.majestic12.co.uk/bot.php?+)"
144.76.41.8 - - [08/Mar/2014:05:38:43 +0100] "GET /?path=faq&catid=4&nid=13 HTTP/1.0" 302 - "-" "Mozilla/5.0 (compatible; MJ12bot/v1.4.4; http://www.majestic12.co.uk/bot.php?+)"
144.76.41.8 - - [08/Mar/2014:05:38:47 +0100] "GET /?path=faq&catid=4&nid=19 HTTP/1.0" 302 - "-" "Mozilla/5.0 (compatible; MJ12bot/v1.4.4; http://www.majestic12.co.uk/bot.php?+)"
144.76.41.8 - - [08/Mar/2014:05:38:51 +0100] "GET /?path=faq&catid=4&nid=21 HTTP/1.0" 302 - "-" "Mozilla/5.0 (compatible; MJ12bot/v1.4.4; http://www.majestic12.co.uk/bot.php?+)"
144.76.41.8 - - [08/Mar/2014:05:38:55 +0100] "GET /?path=faq&catid=4&nid=32 HTTP/1.0" 302 - "-" "Mozilla/5.0 (compatible; MJ12bot/v1.4.4; http://www.majestic12.co.uk/bot.php?+)"
144.76.41.8 - - [08/Mar/2014:05:38:58 +0100] "GET /?path=faq&catid=4&nid=4 HTTP/1.0" 302 - "-" "Mozilla/5.0 (compatible; MJ12bot/v1.4.4; http://www.majestic12.co.uk/bot.php?+)"
208.115.113.85 - - [08/Mar/2014:07:36:51 +0100] "GET /robots.txt HTTP/1.1" 404 1256 "-" "Mozilla/5.0 (compatible; Ezooms/1.0; help@moz.com)"
178.255.215.70 - - [08/Mar/2014:09:19:20 +0100] "GET /robots.txt HTTP/1.1" 404 1256 "-" "Mozilla/5.0 (compatible; Exabot/3.0; +http://www.exabot.com/go/robot)"
178.255.215.70 - - [08/Mar/2014:09:19:21 +0100] "GET /?path=contentarchive&type=2&nid=30 HTTP/1.1" 302 - "-" "Mozilla/5.0 (compatible; Exabot/3.0; +http://www.exabot.com/go/robot)"
66.249.65.64 - - [08/Mar/2014:09:38:25 +0100] "GET /robots.txt HTTP/1.1" 404 1256 "-" "Mozilla/5.0 (compatible; Googlebot/2.1; +http://www.google.com/bot.html)"
66.249.73.197 - - [08/Mar/2014:09:38:25 +0100] "GET / HTTP/1.1" 302 - "-" "DoCoMo/2.0 N905i(c100;TB;W24H16) (compatible; Googlebot-Mobile/2.1; +http://www.google.com/bot.html)"
208.115.113.85 - - [08/Mar/2014:09:39:25 +0100] "GET /include.php?path=contentarchive&type=3&letter=Z&catid=0&themeid=0&searchtext=&entries=0&order= HTTP/1.1" 404 1256 "-" "Mozilla/5.0 (compatible; Ezooms/1.0; help@moz.com)"
80.56.121.240 - - [08/Mar/2014:10:21:21 +0100] "GET / HTTP/1.1" 302 - "-" "Java/1.7.0_51"
80.56.121.240 - - [08/Mar/2014:10:21:22 +0100] "GET /fls_1_aktuelles.php HTTP/1.1" 404 1256 "-" "Java/1.7.0_51"
80.56.121.240 - - [08/Mar/2014:10:21:22 +0100] "GET /fls_2_fremdsprachensekr.php HTTP/1.1" 404 1256 "-" "Java/1.7.0_51"
80.56.121.240 - - [08/Mar/2014:10:21:22 +0100] "GET /fls_3_fls_international.php HTTP/1.1" 404 1256 "-" "Java/1.7.0_51"
80.56.121.240 - - [08/Mar/2014:10:21:22 +0100] "GET /fls_4_faq.php HTTP/1.1" 404 1256 "-" "Java/1.7.0_51"
80.56.121.240 - - [08/Mar/2014:10:21:23 +0100] "GET /fls_4_impressum.php HTTP/1.1" 404 1256 "-" "Java/1.7.0_51"
80.56.121.240 - - [08/Mar/2014:10:21:23 +0100] "GET /fls_4_kontakt_anmeldung.php HTTP/1.1" 404 1256 "-" "Java/1.7.0_51"
80.56.121.240 - - [08/Mar/2014:10:21:23 +0100] "GET /index.php HTTP/1.1" 302 - "-" "Java/1.7.0_51"
80.56.121.240 - - [08/Mar/2014:10:21:24 +0100] "GET /index_en.php HTTP/1.1" 404 1256 "-" "Java/1.7.0_51"
80.56.121.240 - - [08/Mar/2014:10:21:24 +0100] "GET /index_fr.php HTTP/1.1" 404 1256 "-" "Java/1.7.0_51"
80.56.121.240 - - [08/Mar/2014:10:21:25 +0100] "GET /index_sp.php HTTP/1.1" 404 1256 "-" "Java/1.7.0_51"
80.56.121.240 - - [08/Mar/2014:10:21:25 +0100] "GET /& HTTP/1.1" 404 1256 "-" "Java/1.7.0_51"
80.56.121.240 - - [08/Mar/2014:10:21:25 +0100] "GET /& HTTP/1.1" 404 1256 "-" "Java/1.7.0_51"
80.56.121.240 - - [08/Mar/2014:10:21:25 +0100] "GET /& HTTP/1.1" 404 1256 "-" "Java/1.7.0_51"
80.56.121.240 - - [08/Mar/2014:10:21:26 +0100] "GET /& HTTP/1.1" 404 1256 "-" "Java/1.7.0_51"
80.56.121.240 - - [08/Mar/2014:10:21:26 +0100] "GET /& HTTP/1.1" 404 1256 "-" "Java/1.7.0_51"
80.56.121.240 - - [08/Mar/2014:10:21:26 +0100] "GET /& HTTP/1.1" 404 1256 "-" "Java/1.7.0_51"
80.56.121.240 - - [08/Mar/2014:10:21:27 +0100] "GET /& HTTP/1.1" 404 1256 "-" "Java/1.7.0_51"
80.56.121.240 - - [08/Mar/2014:10:21:27 +0100] "GET /& HTTP/1.1" 404 1256 "-" "Java/1.7.0_51"
80.56.121.240 - - [08/Mar/2014:10:21:27 +0100] "GET /& HTTP/1.1" 404 1256 "-" "Java/1.7.0_51"
80.56.121.240 - - [08/Mar/2014:10:21:27 +0100] "GET /& HTTP/1.1" 404 1256 "-" "Java/1.7.0_51"
80.56.121.240 - - [08/Mar/2014:10:21:28 +0100] "GET /& HTTP/1.1" 404 1256 "-" "Java/1.7.0_51"
80.56.121.240 - - [08/Mar/2014:10:21:28 +0100] "GET /& HTTP/1.1" 404 1256 "-" "Java/1.7.0_51"
80.56.121.240 - - [08/Mar/2014:10:21:28 +0100] "GET /& HTTP/1.1" 404 1256 "-" "Java/1.7.0_51"
80.56.121.240 - - [08/Mar/2014:10:21:29 +0100] "GET /& HTTP/1.1" 404 1256 "-" "Java/1.7.0_51"
80.56.121.240 - - [08/Mar/2014:10:21:29 +0100] "GET /& HTTP/1.1" 404 1256 "-" "Java/1.7.0_51"
80.56.121.240 - - [08/Mar/2014:10:21:29 +0100] "GET /& HTTP/1.1" 404 1256 "-" "Java/1.7.0_51"
80.56.121.240 - - [08/Mar/2014:10:21:30 +0100] "GET /& HTTP/1.1" 404 1256 "-" "Java/1.7.0_51"
80.56.121.240 - - [08/Mar/2014:10:21:30 +0100] "GET /& HTTP/1.1" 404 1256 "-" "Java/1.7.0_51"
80.56.121.240 - - [08/Mar/2014:10:21:30 +0100] "GET /& HTTP/1.1" 404 1256 "-" "Java/1.7.0_51"
80.56.121.240 - - [08/Mar/2014:10:21:30 +0100] "GET /& HTTP/1.1" 404 1256 "-" "Java/1.7.0_51"
46.37.69.188 - - [08/Mar/2014:10:40:52 +0100] "GET / HTTP/1.1" 302 - "-" "Java/1.4.1_04"
208.115.113.85 - - [08/Mar/2014:11:40:51 +0100] "GET /robots.txt HTTP/1.1" 404 1256 "-" "Mozilla/5.0 (compatible; Ezooms/1.0; help@moz.com)"
157.56.93.72 - - [08/Mar/2014:12:58:10 +0100] "GET /robots.txt HTTP/1.1" 404 1256 "-" "Mozilla/5.0 (compatible; bingbot/2.0; +http://www.bing.com/bingbot.htm)"
64.246.165.50 - - [08/Mar/2014:13:12:55 +0100] "GET /robots.txt HTTP/1.0" 404 1256 "-" "Mozilla/5.0 (Windows; U; Windows NT 5.1; en; rv:1.9.0.13) Gecko/2009073022 Firefox/3.5.2 (.NET CLR 3.5.30729) SurveyBot/2.3 (DomainTools)"
64.246.165.50 - - [08/Mar/2014:13:12:55 +0100] "GET / HTTP/1.1" 302 - "http://whois.domaintools.com/fls-berlin.de" "Mozilla/5.0 (Windows; U; Windows NT 5.1; en; rv:1.9.0.13) Gecko/2009073022 Firefox/3.5.2 (.NET CLR 3.5.30729) SurveyBot/2.3 (DomainTools)"
157.56.93.72 - - [08/Mar/2014:13:21:44 +0100] "GET / HTTP/1.1" 302 - "-" "Mozilla/5.0 (compatible; bingbot/2.0; +http://www.bing.com/bingbot.htm)"
208.115.111.69 - - [08/Mar/2014:13:34:18 +0100] "GET /robots.txt HTTP/1.1" 404 1256 "-" "Mozilla/5.0 (compatible; Ezooms/1.0; help@moz.com)"
208.115.113.85 - - [08/Mar/2014:13:40:03 +0100] "GET /include.php?path=contentarchive&type=2&letter=S&catid=0&themeid=0&searchtext=&entries=0&order=&nid=21 HTTP/1.1" 404 1256 "-" "Mozilla/5.0 (compatible; Ezooms/1.0; help@moz.com)"
148.251.11.134 - - [08/Mar/2014:14:19:32 +0100] "GET /robots.txt HTTP/1.1" 404 1256 "-" "Apache-HttpClient/4.3 (java 1.5)"
148.251.11.134 - - [08/Mar/2014:14:19:32 +0100] "GET / HTTP/1.1" 302 - "-" "Apache-HttpClient/4.3 (java 1.5)"
157.56.93.148 - - [08/Mar/2014:15:12:28 +0100] "GET /robots.txt HTTP/1.1" 404 1256 "-" "Mozilla/5.0 (compatible; bingbot/2.0; +http://www.bing.com/bingbot.htm)"
208.115.111.69 - - [08/Mar/2014:15:24:37 +0100] "GET /include.php?path=contentarchive&type=3&letter=B&catid=0&themeid=0&searchtext=&entries=0&order= HTTP/1.1" 404 1256 "-" "Mozilla/5.0 (compatible; Ezooms/1.0; help@moz.com)"
216.145.17.190 - - [08/Mar/2014:15:36:18 +0100] "GET /robots.txt HTTP/1.0" 404 1256 "-" "Mozilla/5.0 (Windows; U; Windows NT 5.1; en; rv:1.9.0.13) Gecko/2009073022 Firefox/3.5.2 (.NET CLR 3.5.30729) SurveyBot/2.3 (DomainTools)"
216.145.17.190 - - [08/Mar/2014:15:36:18 +0100] "GET / HTTP/1.1" 302 - "http://whois.domaintools.com/friedrich-list-berlin.de" "Mozilla/5.0 (Windows; U; Windows NT 5.1; en; rv:1.9.0.13) Gecko/2009073022 Firefox/3.5.2 (.NET CLR 3.5.30729) SurveyBot/2.3 (DomainTools)"
178.255.215.68 - - [08/Mar/2014:16:20:56 +0100] "GET /robots.txt HTTP/1.1" 404 1256 "-" "Mozilla/5.0 (compatible; Exabot/3.0; +http://www.exabot.com/go/robot)"
178.255.215.68 - - [08/Mar/2014:16:20:56 +0100] "GET / HTTP/1.1" 302 - "-" "Mozilla/5.0 (compatible; Exabot/3.0; +http://www.exabot.com/go/robot)"
157.56.93.148 - - [08/Mar/2014:16:36:56 +0100] "GET /?path=content&contentid=36 HTTP/1.1" 302 - "-" "Mozilla/5.0 (compatible; bingbot/2.0; +http://www.bing.com/bingbot.htm)"
66.249.65.64 - - [08/Mar/2014:17:14:10 +0100] "GET / HTTP/1.1" 302 - "-" "Mozilla/5.0 (compatible; Googlebot/2.1; +http://www.google.com/bot.html)"
208.115.111.69 - - [08/Mar/2014:17:38:03 +0100] "GET /robots.txt HTTP/1.1" 404 1256 "-" "Mozilla/5.0 (compatible; Ezooms/1.0; help@moz.com)"
208.115.111.69 - - [08/Mar/2014:17:38:04 +0100] "GET /robots.txt HTTP/1.1" 404 1256 "-" "Mozilla/5.0 (compatible; Ezooms/1.0; help@moz.com)"
208.115.111.69 - - [08/Mar/2014:17:59:45 +0100] "GET / HTTP/1.1" 302 - "-" "Mozilla/5.0 (compatible; Ezooms/1.0; help@moz.com)"
208.115.111.69 - - [08/Mar/2014:19:25:09 +0100] "GET /include.php?path=contentarchive&type=3&letter=H&catid=0&themeid=0&searchtext=&entries=0&order= HTTP/1.1" 404 1256 "-" "Mozilla/5.0 (compatible; Ezooms/1.0; help@moz.com)"
208.115.113.85 - - [08/Mar/2014:19:40:51 +0100] "GET /robots.txt HTTP/1.1" 404 1256 "-" "Mozilla/5.0 (compatible; Ezooms/1.0; help@moz.com)"
188.138.41.109 - - [08/Mar/2014:21:25:04 +0100] "GET /robots.txt HTTP/1.1" 404 1256 "-" "Mozilla/5.0 (X11; U; Linux i686; de; rv:1.9.0.1; compatible; iCjobs Stellenangebote Jobs; http://www.icjobs.de) Gecko/20100401 iCjobs/3.2.3"
188.138.41.109 - - [08/Mar/2014:21:25:04 +0100] "GET / HTTP/1.1" 302 - "-" "Mozilla/5.0 (X11; U; Linux i686; de; rv:1.9.0.1; compatible; iCjobs Stellenangebote Jobs; http://www.icjobs.de) Gecko/20100401 iCjobs/3.2.3"
188.138.41.109 - - [08/Mar/2014:21:25:04 +0100] "GET / HTTP/1.1" 302 - "-" "Mozilla/5.0 (X11; U; Linux i686; de; rv:1.9.0.1; compatible; iCjobs Stellenangebote Jobs; http://www.icjobs.de) Gecko/20100401 iCjobs/3.2.3"
208.115.113.85 - - [08/Mar/2014:21:40:23 +0100] "GET /include.php?path=contentarchive&type=3&letter=P&catid=0&themeid=0&searchtext=&entries=0&order= HTTP/1.1" 404 1256 "-" "Mozilla/5.0 (compatible; Ezooms/1.0; help@moz.com)"
85.178.135.184 - - [08/Mar/2014:21:57:04 +0100] "GET / HTTP/1.1" 302 - "http://www.google.de/url?sa=t&rct=j&q=&esrc=s&source=web&cd=2&ved=0CDwQFjAB&url=http%3A%2F%2Fwww.friedrich-list-berlin.de%2F&ei=2oMbU6GGPIOatQb1gIH4DQ&usg=AFQjCNGsKs3TvBQ4z91zrYvo9_SfKi5nug&sig2=KqNQFSRHdAuneFKbHnlU2g&bvm=bv.62578216,d.Yms" "Mozilla/5.0 (Windows NT 5.1; rv:27.0) Gecko/20100101 Firefox/27.0"
109.206.176.237 - - [08/Mar/2014:22:16:54 +0100] "GET /fls_4_kontakt_anmeldung.php HTTP/1.1" 404 1256 "-" "Mozilla/5.0 (Windows NT 6.1; WOW64; rv:2.0b6pre) Gecko/20100903 Firefox/4.0b6pre"
178.255.215.70 - - [08/Mar/2014:23:13:03 +0100] "GET / HTTP/1.1" 302 - "-" "Mozilla/5.0 (compatible; Exabot/3.0; +http://www.exabot.com/go/robot)"
178.255.215.70 - - [08/Mar/2014:23:33:13 +0100] "GET /?path=content&contentid=81&nid=2 HTTP/1.1" 302 - "-" "Mozilla/5.0 (compatible; Exabot/3.0; +http://www.exabot.com/go/robot)"
208.115.113.85 - - [08/Mar/2014:23:37:58 +0100] "GET /robots.txt HTTP/1.1" 404 1256 "-" "Mozilla/5.0 (compatible; Ezooms/1.0; help@moz.com)"
46.4.113.114 - - [09/Mar/2014:00:33:21 +0100] "GET /include.php?path=contentarchive&type=2&catid=0&letter=G&entries=0&searchtext=&order=dated HTTP/1.1" 404 1256 "-" "Mozilla/4.0 (compatible; MSIE 6.0; Windows 98; Win 9x4.90)"
208.115.113.85 - - [09/Mar/2014:01:39:20 +0100] "GET /include.php?path=contentarchive&type=2&letter=E&catid=0&themeid=0&searchtext=&entries=0&order=title HTTP/1.1" 404 1256 "-" "Mozilla/5.0 (compatible; Ezooms/1.0; help@moz.com)"
65.55.52.111 - - [09/Mar/2014:02:44:19 +0100] "GET /robots.txt HTTP/1.1" 404 1256 "-" "Mozilla/5.0 (compatible; bingbot/2.0; +http://www.bing.com/bingbot.htm)"
66.249.65.36 - - [09/Mar/2014:02:45:37 +0100] "GET /robots.txt HTTP/1.1" 404 1256 "-" "Mozilla/5.0 (compatible; Googlebot/2.1; +http://www.google.com/bot.html)"
66.249.73.188 - - [09/Mar/2014:02:45:37 +0100] "GET / HTTP/1.1" 302 - "-" "DoCoMo/2.0 N905i(c100;TB;W24H16) (compatible; Googlebot-Mobile/2.1; +http://www.google.com/bot.html)"
208.115.113.85 - - [09/Mar/2014:03:44:35 +0100] "GET /robots.txt HTTP/1.1" 404 1256 "-" "Mozilla/5.0 (compatible; Ezooms/1.0; help@moz.com)"
141.8.147.12 - - [09/Mar/2014:03:57:23 +0100] "GET /robots.txt HTTP/1.1" 404 1256 "-" "Mozilla/5.0 (compatible; YandexBot/3.0; +http://yandex.com/bots)"
100.43.83.132 - - [09/Mar/2014:03:57:25 +0100] "GET / HTTP/1.1" 302 - "-" "Mozilla/5.0 (compatible; YandexBot/3.0; +http://yandex.com/bots)"
66.249.65.32 - - [09/Mar/2014:04:00:14 +0100] "GET /robots.txt HTTP/1.1" 404 1256 "-" "Mozilla/5.0 (compatible; Googlebot/2.1; +http://www.google.com/bot.html)"
65.55.52.111 - - [09/Mar/2014:04:19:05 +0100] "GET /?path=content&contentid=44 HTTP/1.1" 302 - "-" "Mozilla/5.0 (compatible; bingbot/2.0; +http://www.bing.com/bingbot.htm)"
65.55.52.111 - - [09/Mar/2014:04:19:05 +0100] "GET /?path=content&contentid=35 HTTP/1.1" 302 - "-" "Mozilla/5.0 (compatible; bingbot/2.0; +http://www.bing.com/bingbot.htm)"
157.56.93.150 - - [09/Mar/2014:04:23:41 +0100] "GET /robots.txt HTTP/1.1" 404 1256 "-" "Mozilla/5.0 (compatible; bingbot/2.0; +http://www.bing.com/bingbot.htm)"
157.56.93.150 - - [09/Mar/2014:04:41:02 +0100] "GET /?path=start HTTP/1.1" 302 - "-" "Mozilla/5.0 (compatible; bingbot/2.0; +http://www.bing.com/bingbot.htm)"
208.115.113.85 - - [09/Mar/2014:05:48:03 +0100] "GET /include.php?path=contentarchive&type=2&letter=C&catid=0&themeid=0&searchtext=&entries=0&order=title HTTP/1.1" 404 1256 "-" "Mozilla/5.0 (compatible; Ezooms/1.0; help@moz.com)"
208.115.113.85 - - [09/Mar/2014:05:48:05 +0100] "GET /include.php?path=contentarchive&type=3&letter=L&catid=0&themeid=0&searchtext=&entries=0&order= HTTP/1.1" 404 1256 "-" "Mozilla/5.0 (compatible; Ezooms/1.0; help@moz.com)"
162.243.58.140 - - [09/Mar/2014:05:48:43 +0100] "GET /robots.txt HTTP/1.1" 404 1256 "-" "Mozilla/5.0 (compatible; spbot/4.0.7; +http://OpenLinkProfiler.org/bot )"
162.243.58.140 - - [09/Mar/2014:05:48:48 +0100] "GET / HTTP/1.1" 302 - "-" "Mozilla/5.0 (compatible; spbot/4.0.7; +http://OpenLinkProfiler.org/bot )"
162.210.196.97 - - [09/Mar/2014:08:47:08 +0100] "GET /robots.txt HTTP/1.0" 404 1256 "-" "Mozilla/5.0 (compatible; MJ12bot/v1.4.4; http://www.majestic12.co.uk/bot.php?+)"
162.210.196.97 - - [09/Mar/2014:08:47:09 +0100] "GET / HTTP/1.0" 302 - "-" "Mozilla/5.0 (compatible; MJ12bot/v1.4.4; http://www.majestic12.co.uk/bot.php?+)"
208.115.111.69 - - [09/Mar/2014:09:33:46 +0100] "GET /robots.txt HTTP/1.1" 404 1256 "-" "Mozilla/5.0 (compatible; Ezooms/1.0; help@moz.com)"
66.249.65.64 - - [09/Mar/2014:09:38:52 +0100] "GET / HTTP/1.1" 302 - "-" "SAMSUNG-SGH-E250/1.0 Profile/MIDP-2.0 Configuration/CLDC-1.1 UP.Browser/6.2.3.3.c.1.101 (GUI) MMP/2.0 (compatible; Googlebot-Mobile/2.1; +http://www.google.com/bot.html)"
77.168.202.162 - - [09/Mar/2014:09:58:31 +0100] "GET / HTTP/1.1" 302 - "http://angeldonate.com/" "Mozilla/5.0 (compatible; AngelDonate/1.1.1; +http://www.angeldonate.com)"
78.52.70.92 - - [09/Mar/2014:10:29:49 +0100] "GET / HTTP/1.1" 302 - "https://www.google.de/" "Mozilla/5.0 (Windows NT 6.1) AppleWebKit/537.36 (KHTML, like Gecko) Chrome/33.0.1750.146 Safari/537.36"
84.189.255.189 - - [09/Mar/2014:10:31:38 +0100] "GET / HTTP/1.1" 302 - "https://www.google.de/" "Mozilla/5.0 (Windows NT 5.1) AppleWebKit/537.36 (KHTML, like Gecko) Chrome/33.0.1750.146 Safari/537.36"
199.21.99.114 - - [09/Mar/2014:10:43:11 +0100] "GET / HTTP/1.1" 302 - "-" "Mozilla/5.0 (compatible; YandexBot/3.0; +http://yandex.com/bots)"
208.115.111.69 - - [09/Mar/2014:11:21:38 +0100] "GET /include.php?path=contentarchive&type=3&letter=I&catid=0&themeid=0&searchtext=&entries=0&order= HTTP/1.1" 404 1256 "-" "Mozilla/5.0 (compatible; Ezooms/1.0; help@moz.com)"
84.189.255.189 - - [09/Mar/2014:11:26:11 +0100] "GET / HTTP/1.1" 302 - "https://www.google.de/" "Mozilla/5.0 (Windows NT 5.1) AppleWebKit/537.36 (KHTML, like Gecko) Chrome/33.0.1750.146 Safari/537.36"
208.115.113.85 - - [09/Mar/2014:11:36:04 +0100] "GET /robots.txt HTTP/1.1" 404 1256 "-" "Mozilla/5.0 (compatible; Ezooms/1.0; help@moz.com)"
87.160.175.249 - - [09/Mar/2014:12:44:12 +0100] "GET / HTTP/1.1" 302 - "-" "Mozilla/5.0 (Windows NT 5.1; rv:27.0) Gecko/20100101 Firefox/27.0"
141.8.147.12 - - [09/Mar/2014:13:08:58 +0100] "GET / HTTP/1.1" 302 - "-" "Mozilla/5.0 (compatible; YandexBot/3.0; +http://yandex.com/bots)"
208.115.113.85 - - [09/Mar/2014:13:38:31 +0100] "GET /include.php?path=contentarchive&type=2&letter=C&catid=0&themeid=0&searchtext=&entries=0&order= HTTP/1.1" 404 1256 "-" "Mozilla/5.0 (compatible; Ezooms/1.0; help@moz.com)"
208.115.113.85 - - [09/Mar/2014:15:38:25 +0100] "GET /robots.txt HTTP/1.1" 404 1256 "-" "Mozilla/5.0 (compatible; Ezooms/1.0; help@moz.com)"
208.115.113.85 - - [09/Mar/2014:17:40:23 +0100] "GET /include.php?path=content&contentid=47&nid=17 HTTP/1.1" 404 1256 "-" "Mozilla/5.0 (compatible; Ezooms/1.0; help@moz.com)"
208.115.113.85 - - [09/Mar/2014:17:40:26 +0100] "GET /include.php?path=contentarchive&type=2&letter=G&catid=0&themeid=0&searchtext=&entries=0&order=title HTTP/1.1" 404 1256 "-" "Mozilla/5.0 (compatible; Ezooms/1.0; help@moz.com)"
208.115.113.85 - - [09/Mar/2014:19:41:00 +0100] "GET /robots.txt HTTP/1.1" 404 1256 "-" "Mozilla/5.0 (compatible; Ezooms/1.0; help@moz.com)"
88.215.104.249 - - [09/Mar/2014:19:53:41 +0100] "GET / HTTP/1.1" 302 - "http://www.google.de/search?rlz=1Y1XIUG_deDE562DE562&ei=f7ccU92OIs3WsgaZ5oCYCA&q=technikerschule+berlin&oq=technikerschule+berlin&gs_l=mobile-gws-serp.1.0.0l5.105266.108017.0.109219.16.11.0.2.2.6.544.2622.0j5j4j0j1j1.11.0.ekp%2Ckpns%3D1000...0...1.1.37.mobile-gws-serp..10.6.1032.hY8EOm9I7T8" "Mozilla/5.0 (Linux; U; Android 4.3; de-de; GT-I9300 Build/JSS15J) AppleWebKit/534.30 (KHTML, like Gecko) Version/4.0 Mobile Safari/534.30"
208.115.113.85 - - [09/Mar/2014:21:41:51 +0100] "GET /include.php?path=start HTTP/1.1" 404 1256 "-" "Mozilla/5.0 (compatible; Ezooms/1.0; help@moz.com)"
208.115.113.85 - - [09/Mar/2014:23:37:38 +0100] "GET /robots.txt HTTP/1.1" 404 1256 "-" "Mozilla/5.0 (compatible; Ezooms/1.0; help@moz.com)"
157.55.33.39 - - [10/Mar/2014:00:37:05 +0100] "GET /robots.txt HTTP/1.1" 404 1256 "-" "Mozilla/5.0 (compatible; bingbot/2.0; +http://www.bing.com/bingbot.htm)"
157.55.33.39 - - [10/Mar/2014:00:47:01 +0100] "GET / HTTP/1.1" 302 - "-" "Mozilla/5.0 (compatible; bingbot/2.0; +http://www.bing.com/bingbot.htm)"
208.115.111.69 - - [10/Mar/2014:01:32:02 +0100] "GET /robots.txt HTTP/1.1" 404 1256 "-" "Mozilla/5.0 (compatible; Ezooms/1.0; help@moz.com)"
208.115.113.85 - - [10/Mar/2014:01:40:55 +0100] "GET /include.php?path=contentarchive&type=3&letter=A&catid=0&themeid=0&searchtext=&entries=0&order= HTTP/1.1" 404 1256 "-" "Mozilla/5.0 (compatible; Ezooms/1.0; help@moz.com)"
