180.76.15.34 - - [05/Mar/2016:19:44:12 +0100] "GET / HTTP/1.1" 200 3464 "-" "Mozilla/5.0 (compatible; Baiduspider/2.0; +http://www.baidu.com/search/spider.html)"
180.76.15.138 - - [05/Mar/2016:19:45:20 +0100] "GET / HTTP/1.1" 200 3464 "-" "Mozilla/5.0 (compatible; Baiduspider/2.0; +http://www.baidu.com/search/spider.html)"
199.30.25.106 - - [05/Mar/2016:20:32:06 +0100] "GET /img/hg_body.gif HTTP/1.1" 200 1754 "http://www.alle-ziele-spedition.de/exportdokumente/drittlandexporte" "Mozilla/5.0 (Windows NT 6.1; WOW64) AppleWebKit/534+ (KHTML, like Gecko) BingPreview/1.0b"
95.90.224.25 - - [05/Mar/2016:20:41:43 +0100] "GET /pdf/Frachtrecht%20HGB.pdf HTTP/1.1" 200 19672 "https://www.google.de/" "Mozilla/5.0 (iPhone; CPU iPhone OS 9_2_1 like Mac OS X) AppleWebKit/601.1.46 (KHTML, like Gecko) Version/9.0 Mobile/13D15 Safari/601.1"
95.90.224.25 - - [05/Mar/2016:20:42:07 +0100] "GET /apple-touch-icon-120x120-precomposed.png HTTP/1.1" 200 2050 "-" "MobileSafari/601.1 CFNetwork/758.2.8 Darwin/15.0.0"
95.90.224.25 - - [05/Mar/2016:20:42:08 +0100] "GET /apple-touch-icon-120x120.png HTTP/1.1" 200 2050 "-" "MobileSafari/601.1 CFNetwork/758.2.8 Darwin/15.0.0"
95.90.224.25 - - [05/Mar/2016:20:42:08 +0100] "GET /apple-touch-icon.png HTTP/1.1" 200 2050 "-" "MobileSafari/601.1 CFNetwork/758.2.8 Darwin/15.0.0"
95.90.224.25 - - [05/Mar/2016:20:42:08 +0100] "GET /apple-touch-icon.png HTTP/1.1" 200 2050 "-" "MobileSafari/601.1 CFNetwork/758.2.8 Darwin/15.0.0"
46.128.40.221 - - [05/Mar/2016:20:47:51 +0100] "GET /exportdokumente/drittlandexporte HTTP/1.1" 200 7628 "https://www.google.de/" "Mozilla/5.0 (iPhone; CPU iPhone OS 9_2_1 like Mac OS X) AppleWebKit/601.1.46 (KHTML, like Gecko) Version/9.0 Mobile/13D15 Safari/601.1"
46.128.40.221 - - [05/Mar/2016:20:47:51 +0100] "GET /js/curvycorners.src.js HTTP/1.1" 200 60221 "http://www.alle-ziele-spedition.de/exportdokumente/drittlandexporte" "Mozilla/5.0 (iPhone; CPU iPhone OS 9_2_1 like Mac OS X) AppleWebKit/601.1.46 (KHTML, like Gecko) Version/9.0 Mobile/13D15 Safari/601.1"
46.128.40.221 - - [05/Mar/2016:20:47:51 +0100] "GET /css/screen.css HTTP/1.1" 200 13627 "http://www.alle-ziele-spedition.de/exportdokumente/drittlandexporte" "Mozilla/5.0 (iPhone; CPU iPhone OS 9_2_1 like Mac OS X) AppleWebKit/601.1.46 (KHTML, like Gecko) Version/9.0 Mobile/13D15 Safari/601.1"
46.128.40.221 - - [05/Mar/2016:20:47:51 +0100] "GET /css/print.css HTTP/1.1" 200 830 "http://www.alle-ziele-spedition.de/exportdokumente/drittlandexporte" "Mozilla/5.0 (iPhone; CPU iPhone OS 9_2_1 like Mac OS X) AppleWebKit/601.1.46 (KHTML, like Gecko) Version/9.0 Mobile/13D15 Safari/601.1"
46.128.40.221 - - [05/Mar/2016:20:47:52 +0100] "GET /img/hg_body.gif HTTP/1.1" 200 1754 "http://www.alle-ziele-spedition.de/exportdokumente/drittlandexporte" "Mozilla/5.0 (iPhone; CPU iPhone OS 9_2_1 like Mac OS X) AppleWebKit/601.1.46 (KHTML, like Gecko) Version/9.0 Mobile/13D15 Safari/601.1"
46.128.40.221 - - [05/Mar/2016:20:47:52 +0100] "GET /img/head_hg.jpg HTTP/1.1" 200 18629 "http://www.alle-ziele-spedition.de/exportdokumente/drittlandexporte" "Mozilla/5.0 (iPhone; CPU iPhone OS 9_2_1 like Mac OS X) AppleWebKit/601.1.46 (KHTML, like Gecko) Version/9.0 Mobile/13D15 Safari/601.1"
46.128.40.221 - - [05/Mar/2016:20:47:52 +0100] "GET /img/40362199.jpg HTTP/1.1" 200 25594 "http://www.alle-ziele-spedition.de/exportdokumente/drittlandexporte" "Mozilla/5.0 (iPhone; CPU iPhone OS 9_2_1 like Mac OS X) AppleWebKit/601.1.46 (KHTML, like Gecko) Version/9.0 Mobile/13D15 Safari/601.1"
46.128.40.221 - - [05/Mar/2016:20:47:52 +0100] "GET /img/41954271.jpg HTTP/1.1" 200 20594 "http://www.alle-ziele-spedition.de/exportdokumente/drittlandexporte" "Mozilla/5.0 (iPhone; CPU iPhone OS 9_2_1 like Mac OS X) AppleWebKit/601.1.46 (KHTML, like Gecko) Version/9.0 Mobile/13D15 Safari/601.1"
46.128.40.221 - - [05/Mar/2016:20:47:52 +0100] "GET /img/berlin_footer2.gif HTTP/1.1" 200 2795 "http://www.alle-ziele-spedition.de/exportdokumente/drittlandexporte" "Mozilla/5.0 (iPhone; CPU iPhone OS 9_2_1 like Mac OS X) AppleWebKit/601.1.46 (KHTML, like Gecko) Version/9.0 Mobile/13D15 Safari/601.1"
46.128.40.221 - - [05/Mar/2016:20:47:52 +0100] "GET /img/customdeclar.jpg HTTP/1.1" 200 6759 "http://www.alle-ziele-spedition.de/exportdokumente/drittlandexporte" "Mozilla/5.0 (iPhone; CPU iPhone OS 9_2_1 like Mac OS X) AppleWebKit/601.1.46 (KHTML, like Gecko) Version/9.0 Mobile/13D15 Safari/601.1"
46.128.40.221 - - [05/Mar/2016:20:47:52 +0100] "GET /img/42884495.jpg HTTP/1.1" 200 14885 "http://www.alle-ziele-spedition.de/exportdokumente/drittlandexporte" "Mozilla/5.0 (iPhone; CPU iPhone OS 9_2_1 like Mac OS X) AppleWebKit/601.1.46 (KHTML, like Gecko) Version/9.0 Mobile/13D15 Safari/601.1"
66.249.66.115 - - [05/Mar/2016:21:02:57 +0100] "GET /robots.txt HTTP/1.1" 200 2050 "-" "Mozilla/5.0 (compatible; Googlebot/2.1; +http://www.google.com/bot.html)"
66.249.66.117 - - [05/Mar/2016:21:02:58 +0100] "GET / HTTP/1.1" 200 3464 "-" "Mozilla/5.0 (compatible; Googlebot/2.1; +http://www.google.com/bot.html)"
46.128.40.221 - - [05/Mar/2016:21:22:29 +0100] "GET /exportdokumente/drittlandexporte HTTP/1.1" 200 7628 "https://www.google.de/" "Mozilla/5.0 (iPhone; CPU iPhone OS 9_2_1 like Mac OS X) AppleWebKit/601.1.46 (KHTML, like Gecko) Version/9.0 Mobile/13D15 Safari/601.1"
65.182.198.36 - - [05/Mar/2016:22:32:55 +0100] "GET / HTTP/1.1" 200 3464 "-" "Mozilla/5.0 (Windows; U; Windows NT 6.0; en-US; rv:1.9.2.11) Gecko/20101012 Firefox/3.6.11 GTB7.1 ( .NET CLR 3.5.30729; .NET4.0E)"
123.125.71.12 - - [05/Mar/2016:22:44:16 +0100] "GET /robots.txt HTTP/1.1" 200 2050 "-" "Mozilla/5.0 (compatible; Baiduspider/2.0; +http://www.baidu.com/search/spider.html)"
180.76.15.32 - - [05/Mar/2016:23:32:42 +0100] "GET /robots.txt HTTP/1.1" 200 2050 "-" "Mozilla/5.0 (Windows NT 5.1; rv:6.0.2) Gecko/20100101 Firefox/6.0.2"
180.76.15.144 - - [05/Mar/2016:23:46:21 +0100] "GET / HTTP/1.1" 200 3464 "-" "Mozilla/5.0 (compatible; Baiduspider/2.0; +http://www.baidu.com/search/spider.html)"
180.76.15.22 - - [05/Mar/2016:23:47:36 +0100] "GET / HTTP/1.1" 200 3464 "-" "Mozilla/5.0 (compatible; Baiduspider/2.0; +http://www.baidu.com/search/spider.html)"
176.221.125.90 - - [06/Mar/2016:00:22:46 +0100] "GET /img/Colt%2020.11.2011%20Hubi%207.JPG HTTP/1.1" 200 534770 "-" "Mozilla/5.0 (Windows NT 6.1; WOW64; rv:29.0) Gecko/20100101 Firefox/29.0"
62.138.0.25 - - [06/Mar/2016:00:27:04 +0100] "GET /robots.txt HTTP/1.1" 200 2050 "-" "Mozilla/5.0 (compatible; seoscanners.net/1; +spider@seoscanners.net)"
81.0.199.226 - - [06/Mar/2016:00:42:11 +0100] "GET / HTTP/1.1" 200 3464 "-" "Mozilla/5.0 (Macintosh; Intel Mac OS X 10.7; rv:22.0) Gecko/20100101 Firefox/22.0"
66.249.66.115 - - [06/Mar/2016:00:46:04 +0100] "GET /robots.txt HTTP/1.1" 200 2050 "-" "Mozilla/5.0 (compatible; Googlebot/2.1; +http://www.google.com/bot.html)"
66.249.66.117 - - [06/Mar/2016:00:46:05 +0100] "GET /img/captcha/501642d65970270e0eca08b57dba0f68.png HTTP/1.1" 200 2050 "-" "Googlebot-Image/1.0"
180.76.15.149 - - [06/Mar/2016:00:47:17 +0100] "GET / HTTP/1.1" 200 3464 "-" "Mozilla/5.0 (compatible; Baiduspider/2.0; +http://www.baidu.com/search/spider.html)"
180.76.15.140 - - [06/Mar/2016:00:48:31 +0100] "GET / HTTP/1.1" 200 3464 "-" "Mozilla/5.0 (compatible; Baiduspider/2.0; +http://www.baidu.com/search/spider.html)"
180.76.15.151 - - [06/Mar/2016:00:49:02 +0100] "GET /impressum HTTP/1.1" 200 5902 "-" "Mozilla/5.0 (compatible; Baiduspider/2.0; +http://www.baidu.com/search/spider.html)"
40.77.167.104 - - [06/Mar/2016:01:49:00 +0100] "GET /exportdokumente/drittlandexporte HTTP/1.1" 200 7628 "-" "Mozilla/5.0 (iPhone; CPU iPhone OS 7_0 like Mac OS X) AppleWebKit/537.51.1 (KHTML, like Gecko) Version/7.0 Mobile/11A465 Safari/9537.53 (compatible; bingbot/2.0; http://www.bing.com/bingbot.htm)"
87.145.223.123 - - [06/Mar/2016:02:08:38 +0100] "GET / HTTP/1.1" 200 3464 "http://www.bigfinder.de/?c=ws&q=online&v=1" "Mozilla/5.0 (Windows; U; Windows NT 6.0; en-US) AppleWebKit/533.4 (KHTML, like Gecko) Chrome/5.0.375.126 Safari/533.4"
66.249.66.115 - - [06/Mar/2016:03:30:28 +0100] "GET /robots.txt HTTP/1.1" 200 2050 "-" "Mozilla/5.0 (compatible; Googlebot/2.1; +http://www.google.com/bot.html)"
66.249.66.115 - - [06/Mar/2016:03:30:29 +0100] "GET /informationen/spediteur HTTP/1.1" 200 67039 "-" "SAMSUNG-SGH-E250/1.0 Profile/MIDP-2.0 Configuration/CLDC-1.1 UP.Browser/6.2.3.3.c.1.101 (GUI) MMP/2.0 (compatible; Googlebot-Mobile/2.1; +http://www.google.com/bot.html)"
66.249.66.113 - - [06/Mar/2016:03:31:15 +0100] "GET /informationen/spediteur HTTP/1.1" 200 67039 "-" "DoCoMo/2.0 N905i(c100;TB;W24H16) (compatible; Googlebot-Mobile/2.1; +http://www.google.com/bot.html)"
204.79.180.1 - - [06/Mar/2016:04:21:05 +0100] "GET /pdf/Frachtrecht%20HGB.pdf HTTP/1.1" 200 19672 "http://www.bing.com/search?q=Frachtpapiere+Sammelgut&form=MSNH14&sc=8-4&sp=-1&qs=n&sk=" "Mozilla/5.0 (compatible; MSIE 9.0; Windows NT 6.0; Trident/5.0; Trident/5.0)"
68.180.229.166 - - [06/Mar/2016:04:24:23 +0100] "GET /robots.txt HTTP/1.1" 200 2050 "-" "Mozilla/5.0 (compatible; Yahoo! Slurp; http://help.yahoo.com/help/us/ysearch/slurp)"
68.180.229.166 - - [06/Mar/2016:04:24:23 +0100] "GET /privatkunden/seefracht HTTP/1.1" 200 6230 "-" "Mozilla/5.0 (compatible; Yahoo! Slurp; http://help.yahoo.com/help/us/ysearch/slurp)"
84.201.153.7 - - [06/Mar/2016:04:30:44 +0100] "GET /robots.txt HTTP/1.1" 200 2050 "-" "Mozilla/5.0 (compatible; YandexBot/3.0; +http://yandex.com/bots)"
136.243.103.156 - - [06/Mar/2016:04:41:22 +0100] "GET /robots.txt HTTP/1.0" 200 2050 "-" "Mozilla/5.0 (compatible; MJ12bot/v1.4.5; http://www.majestic12.co.uk/bot.php?+)"
136.243.103.156 - - [06/Mar/2016:04:41:25 +0100] "GET /downloads HTTP/1.0" 200 5414 "-" "Mozilla/5.0 (compatible; MJ12bot/v1.4.5; http://www.majestic12.co.uk/bot.php?+)"
136.243.103.156 - - [06/Mar/2016:04:41:26 +0100] "GET /exportdokumente HTTP/1.0" 200 3729 "-" "Mozilla/5.0 (compatible; MJ12bot/v1.4.5; http://www.majestic12.co.uk/bot.php?+)"
136.243.103.156 - - [06/Mar/2016:04:41:28 +0100] "GET /geschaeftskunden HTTP/1.0" 200 4226 "-" "Mozilla/5.0 (compatible; MJ12bot/v1.4.5; http://www.majestic12.co.uk/bot.php?+)"
136.243.103.156 - - [06/Mar/2016:04:41:31 +0100] "GET /impressum HTTP/1.0" 200 5902 "-" "Mozilla/5.0 (compatible; MJ12bot/v1.4.5; http://www.majestic12.co.uk/bot.php?+)"
157.55.39.214 - - [06/Mar/2016:05:16:34 +0100] "GET / HTTP/1.1" 200 3464 "-" "Mozilla/5.0 (compatible; bingbot/2.0; +http://www.bing.com/bingbot.htm)"
66.249.66.115 - - [06/Mar/2016:05:27:06 +0100] "GET /robots.txt HTTP/1.1" 200 2050 "-" "Mozilla/5.0 (compatible; Googlebot/2.1; +http://www.google.com/bot.html)"
62.138.0.25 - - [06/Mar/2016:05:31:09 +0100] "GET /robots.txt HTTP/1.1" 200 2050 "-" "Mozilla/5.0 (compatible; seoscanners.net/1; +spider@seoscanners.net)"
180.76.15.29 - - [06/Mar/2016:05:45:23 +0100] "GET / HTTP/1.1" 200 3464 "-" "Mozilla/5.0 (compatible; Baiduspider/2.0; +http://www.baidu.com/search/spider.html)"
180.76.15.29 - - [06/Mar/2016:05:46:32 +0100] "GET / HTTP/1.1" 200 3464 "-" "Mozilla/5.0 (compatible; Baiduspider/2.0; +http://www.baidu.com/search/spider.html)"
180.76.15.28 - - [06/Mar/2016:06:18:14 +0100] "GET / HTTP/1.1" 200 3464 "-" "Mozilla/5.0 (compatible; Baiduspider/2.0; +http://www.baidu.com/search/spider.html)"
84.201.153.7 - - [06/Mar/2016:07:07:19 +0100] "GET /exportdokumente/drittlandexporte HTTP/1.1" 200 7628 "-" "Mozilla/5.0 (compatible; YandexBot/3.0; +http://yandex.com/bots)"
188.40.95.70 - - [06/Mar/2016:07:16:15 +0100] "GET /robots.txt HTTP/1.0" 200 2050 "-" "Mozilla/5.0 (compatible; MJ12bot/v1.4.5; http://www.majestic12.co.uk/bot.php?+)"
188.40.95.70 - - [06/Mar/2016:07:16:17 +0100] "GET /informationen/sendung HTTP/1.0" 200 7272 "-" "Mozilla/5.0 (compatible; MJ12bot/v1.4.5; http://www.majestic12.co.uk/bot.php?+)"
188.40.95.70 - - [06/Mar/2016:07:16:18 +0100] "GET /unternehmen/philosophie HTTP/1.0" 200 4847 "-" "Mozilla/5.0 (compatible; MJ12bot/v1.4.5; http://www.majestic12.co.uk/bot.php?+)"
188.40.95.70 - - [06/Mar/2016:07:16:20 +0100] "GET /unternehmen/sponsoring HTTP/1.0" 200 4035 "-" "Mozilla/5.0 (compatible; MJ12bot/v1.4.5; http://www.majestic12.co.uk/bot.php?+)"
188.40.95.70 - - [06/Mar/2016:07:16:21 +0100] "GET /unternehmen/wir_ueber_uns HTTP/1.0" 200 5266 "-" "Mozilla/5.0 (compatible; MJ12bot/v1.4.5; http://www.majestic12.co.uk/bot.php?+)"
88.198.230.79 - - [06/Mar/2016:07:56:40 +0100] "GET /robots.txt HTTP/1.0" 200 2050 "-" "Mozilla/5.0 (compatible; MJ12bot/v1.4.5; http://www.majestic12.co.uk/bot.php?+)"
88.198.230.79 - - [06/Mar/2016:07:56:43 +0100] "GET /aktuelles HTTP/1.0" 200 5977 "-" "Mozilla/5.0 (compatible; MJ12bot/v1.4.5; http://www.majestic12.co.uk/bot.php?+)"
88.198.230.79 - - [06/Mar/2016:07:56:45 +0100] "GET /empfehlen HTTP/1.0" 200 6272 "-" "Mozilla/5.0 (compatible; MJ12bot/v1.4.5; http://www.majestic12.co.uk/bot.php?+)"
88.198.230.79 - - [06/Mar/2016:07:56:47 +0100] "GET /informationen HTTP/1.0" 200 4126 "-" "Mozilla/5.0 (compatible; MJ12bot/v1.4.5; http://www.majestic12.co.uk/bot.php?+)"
88.198.230.79 - - [06/Mar/2016:07:56:49 +0100] "GET /kontakt HTTP/1.0" 200 6263 "-" "Mozilla/5.0 (compatible; MJ12bot/v1.4.5; http://www.majestic12.co.uk/bot.php?+)"
88.198.230.79 - - [06/Mar/2016:07:56:52 +0100] "GET /privatkunden HTTP/1.0" 200 3936 "-" "Mozilla/5.0 (compatible; MJ12bot/v1.4.5; http://www.majestic12.co.uk/bot.php?+)"
178.255.215.82 - - [06/Mar/2016:08:01:55 +0100] "GET /robots.txt HTTP/1.1" 200 2050 "-" "Mozilla/5.0 (compatible; Exabot/3.0; +http://www.exabot.com/go/robot)"
178.255.215.82 - - [06/Mar/2016:08:01:56 +0100] "GET /informationen/faq HTTP/1.1" 200 7392 "-" "Mozilla/5.0 (compatible; Exabot/3.0; +http://www.exabot.com/go/robot)"
195.154.200.68 - - [06/Mar/2016:08:08:25 +0100] "GET /robots.txt HTTP/1.0" 200 2050 "-" "Mozilla/5.0 (compatible; MJ12bot/v1.4.5; http://www.majestic12.co.uk/bot.php?+)"
195.154.200.68 - - [06/Mar/2016:08:08:39 +0100] "GET /downloads.cfm HTTP/1.1" 200 2050 "-" "Mozilla/5.0 (compatible; MJ12bot/v1.4.5; http://www.majestic12.co.uk/bot.php?+)"
85.25.210.234 - - [06/Mar/2016:08:51:38 +0100] "GET /robots.txt HTTP/1.1" 200 2050 "-" "Mozilla/5.0 (compatible; seoscanners.net/1; +spider@seoscanners.net)"
66.249.66.117 - - [06/Mar/2016:09:25:38 +0100] "GET /robots.txt HTTP/1.1" 200 2050 "-" "Mozilla/5.0 (compatible; Googlebot/2.1; +http://www.google.com/bot.html)"
66.249.66.113 - - [06/Mar/2016:09:25:38 +0100] "GET /exportdokumente/wertgrenzen HTTP/1.1" 200 5881 "-" "SAMSUNG-SGH-E250/1.0 Profile/MIDP-2.0 Configuration/CLDC-1.1 UP.Browser/6.2.3.3.c.1.101 (GUI) MMP/2.0 (compatible; Googlebot-Mobile/2.1; +http://www.google.com/bot.html)"
180.76.15.136 - - [06/Mar/2016:10:48:57 +0100] "GET / HTTP/1.1" 200 3464 "-" "Mozilla/5.0 (compatible; Baiduspider/2.0; +http://www.baidu.com/search/spider.html)"
180.76.15.156 - - [06/Mar/2016:10:50:17 +0100] "GET / HTTP/1.1" 200 3464 "-" "Mozilla/5.0 (compatible; Baiduspider/2.0; +http://www.baidu.com/search/spider.html)"
5.9.63.149 - - [06/Mar/2016:11:01:13 +0100] "GET /robots.txt HTTP/1.0" 200 2050 "-" "Mozilla/5.0 (compatible; MJ12bot/v1.4.5; http://www.majestic12.co.uk/bot.php?+)"
5.9.63.149 - - [06/Mar/2016:11:01:15 +0100] "GET /sitemap HTTP/1.0" 200 5823 "-" "Mozilla/5.0 (compatible; MJ12bot/v1.4.5; http://www.majestic12.co.uk/bot.php?+)"
5.9.63.149 - - [06/Mar/2016:11:01:16 +0100] "GET /unternehmen HTTP/1.0" 200 3276 "-" "Mozilla/5.0 (compatible; MJ12bot/v1.4.5; http://www.majestic12.co.uk/bot.php?+)"
95.90.227.81 - - [06/Mar/2016:13:23:39 +0100] "GET /exportdokumente/drittlandexporte HTTP/1.1" 200 7628 "https://www.google.de/" "Mozilla/5.0 (Windows NT 6.1; WOW64) AppleWebKit/537.36 (KHTML, like Gecko) Chrome/48.0.2564.116 Safari/537.36"
95.90.227.81 - - [06/Mar/2016:13:23:40 +0100] "GET /css/screen.css HTTP/1.1" 200 13627 "http://www.alle-ziele-spedition.de/exportdokumente/drittlandexporte" "Mozilla/5.0 (Windows NT 6.1; WOW64) AppleWebKit/537.36 (KHTML, like Gecko) Chrome/48.0.2564.116 Safari/537.36"
95.90.227.81 - - [06/Mar/2016:13:23:40 +0100] "GET /css/print.css HTTP/1.1" 200 830 "http://www.alle-ziele-spedition.de/exportdokumente/drittlandexporte" "Mozilla/5.0 (Windows NT 6.1; WOW64) AppleWebKit/537.36 (KHTML, like Gecko) Chrome/48.0.2564.116 Safari/537.36"
95.90.227.81 - - [06/Mar/2016:13:23:40 +0100] "GET /js/curvycorners.src.js HTTP/1.1" 200 60221 "http://www.alle-ziele-spedition.de/exportdokumente/drittlandexporte" "Mozilla/5.0 (Windows NT 6.1; WOW64) AppleWebKit/537.36 (KHTML, like Gecko) Chrome/48.0.2564.116 Safari/537.36"
95.90.227.81 - - [06/Mar/2016:13:23:40 +0100] "GET /img/head_hg.jpg HTTP/1.1" 200 18629 "http://www.alle-ziele-spedition.de/css/screen.css" "Mozilla/5.0 (Windows NT 6.1; WOW64) AppleWebKit/537.36 (KHTML, like Gecko) Chrome/48.0.2564.116 Safari/537.36"
95.90.227.81 - - [06/Mar/2016:13:23:40 +0100] "GET /img/hg_body.gif HTTP/1.1" 200 1754 "http://www.alle-ziele-spedition.de/css/screen.css" "Mozilla/5.0 (Windows NT 6.1; WOW64) AppleWebKit/537.36 (KHTML, like Gecko) Chrome/48.0.2564.116 Safari/537.36"
95.90.227.81 - - [06/Mar/2016:13:23:40 +0100] "GET /img/41954271.jpg HTTP/1.1" 200 20594 "http://www.alle-ziele-spedition.de/css/screen.css" "Mozilla/5.0 (Windows NT 6.1; WOW64) AppleWebKit/537.36 (KHTML, like Gecko) Chrome/48.0.2564.116 Safari/537.36"
95.90.227.81 - - [06/Mar/2016:13:23:40 +0100] "GET /img/40362199.jpg HTTP/1.1" 200 25594 "http://www.alle-ziele-spedition.de/css/screen.css" "Mozilla/5.0 (Windows NT 6.1; WOW64) AppleWebKit/537.36 (KHTML, like Gecko) Chrome/48.0.2564.116 Safari/537.36"
95.90.227.81 - - [06/Mar/2016:13:23:40 +0100] "GET /img/42884495.jpg HTTP/1.1" 200 14885 "http://www.alle-ziele-spedition.de/css/screen.css" "Mozilla/5.0 (Windows NT 6.1; WOW64) AppleWebKit/537.36 (KHTML, like Gecko) Chrome/48.0.2564.116 Safari/537.36"
95.90.227.81 - - [06/Mar/2016:13:23:40 +0100] "GET /img/customdeclar.jpg HTTP/1.1" 200 6759 "http://www.alle-ziele-spedition.de/css/screen.css" "Mozilla/5.0 (Windows NT 6.1; WOW64) AppleWebKit/537.36 (KHTML, like Gecko) Chrome/48.0.2564.116 Safari/537.36"
95.90.227.81 - - [06/Mar/2016:13:23:40 +0100] "GET /img/berlin_footer2.gif HTTP/1.1" 200 2795 "http://www.alle-ziele-spedition.de/css/screen.css" "Mozilla/5.0 (Windows NT 6.1; WOW64) AppleWebKit/537.36 (KHTML, like Gecko) Chrome/48.0.2564.116 Safari/537.36"
95.90.227.81 - - [06/Mar/2016:13:23:41 +0100] "GET /favicon.ico HTTP/1.1" 200 2050 "http://www.alle-ziele-spedition.de/exportdokumente/drittlandexporte" "Mozilla/5.0 (Windows NT 6.1; WOW64) AppleWebKit/537.36 (KHTML, like Gecko) Chrome/48.0.2564.116 Safari/537.36"
95.90.227.81 - - [06/Mar/2016:13:24:10 +0100] "GET / HTTP/1.1" 200 3464 "http://www.alle-ziele-spedition.de/exportdokumente/drittlandexporte" "Mozilla/5.0 (Windows NT 6.1; WOW64) AppleWebKit/537.36 (KHTML, like Gecko) Chrome/48.0.2564.116 Safari/537.36"
95.90.227.81 - - [06/Mar/2016:13:24:11 +0100] "GET /img/7183587b.jpg HTTP/1.1" 200 12190 "http://www.alle-ziele-spedition.de/css/screen.css" "Mozilla/5.0 (Windows NT 6.1; WOW64) AppleWebKit/537.36 (KHTML, like Gecko) Chrome/48.0.2564.116 Safari/537.36"
95.90.227.81 - - [06/Mar/2016:13:24:11 +0100] "GET /img/857034.jpg HTTP/1.1" 200 14613 "http://www.alle-ziele-spedition.de/css/screen.css" "Mozilla/5.0 (Windows NT 6.1; WOW64) AppleWebKit/537.36 (KHTML, like Gecko) Chrome/48.0.2564.116 Safari/537.36"
95.90.227.81 - - [06/Mar/2016:13:24:11 +0100] "GET /img/52814.jpg HTTP/1.1" 200 14378 "http://www.alle-ziele-spedition.de/css/screen.css" "Mozilla/5.0 (Windows NT 6.1; WOW64) AppleWebKit/537.36 (KHTML, like Gecko) Chrome/48.0.2564.116 Safari/537.36"
95.90.227.81 - - [06/Mar/2016:13:24:11 +0100] "GET /img/globus_finger.jpg HTTP/1.1" 200 8787 "http://www.alle-ziele-spedition.de/css/screen.css" "Mozilla/5.0 (Windows NT 6.1; WOW64) AppleWebKit/537.36 (KHTML, like Gecko) Chrome/48.0.2564.116 Safari/537.36"
95.90.227.81 - - [06/Mar/2016:13:24:11 +0100] "GET /img/14351312.jpg HTTP/1.1" 200 16335 "http://www.alle-ziele-spedition.de/css/screen.css" "Mozilla/5.0 (Windows NT 6.1; WOW64) AppleWebKit/537.36 (KHTML, like Gecko) Chrome/48.0.2564.116 Safari/537.36"
95.90.227.81 - - [06/Mar/2016:13:24:11 +0100] "GET /img/9606427.jpg HTTP/1.1" 200 21711 "http://www.alle-ziele-spedition.de/css/screen.css" "Mozilla/5.0 (Windows NT 6.1; WOW64) AppleWebKit/537.36 (KHTML, like Gecko) Chrome/48.0.2564.116 Safari/537.36"
95.90.227.81 - - [06/Mar/2016:13:24:12 +0100] "GET /favicon.ico HTTP/1.1" 200 2050 "http://www.alle-ziele-spedition.de/" "Mozilla/5.0 (Windows NT 6.1; WOW64) AppleWebKit/537.36 (KHTML, like Gecko) Chrome/48.0.2564.116 Safari/537.36"
95.90.227.81 - - [06/Mar/2016:13:24:16 +0100] "GET /exportdokumente/drittlandexporte HTTP/1.1" 200 7628 "https://www.google.de/" "Mozilla/5.0 (Windows NT 6.1; WOW64) AppleWebKit/537.36 (KHTML, like Gecko) Chrome/48.0.2564.116 Safari/537.36"
95.90.227.81 - - [06/Mar/2016:13:24:17 +0100] "GET /favicon.ico HTTP/1.1" 200 2050 "http://www.alle-ziele-spedition.de/exportdokumente/drittlandexporte" "Mozilla/5.0 (Windows NT 6.1; WOW64) AppleWebKit/537.36 (KHTML, like Gecko) Chrome/48.0.2564.116 Safari/537.36"
180.76.15.12 - - [06/Mar/2016:14:41:47 +0100] "GET / HTTP/1.1" 200 3464 "-" "Mozilla/5.0 (compatible; Baiduspider/2.0; +http://www.baidu.com/search/spider.html)"
180.76.15.12 - - [06/Mar/2016:14:42:49 +0100] "GET / HTTP/1.1" 200 3464 "-" "Mozilla/5.0 (compatible; Baiduspider/2.0; +http://www.baidu.com/search/spider.html)"
95.91.203.165 - - [06/Mar/2016:15:35:04 +0100] "GET /pdf/Frachtrecht%20HGB.pdf HTTP/1.1" 200 19672 "https://www.google.de/" "Mozilla/5.0 (iPhone; CPU iPhone OS 9_2_1 like Mac OS X) AppleWebKit/601.1.46 (KHTML, like Gecko) Version/9.0 Mobile/13D15 Safari/601.1"
180.76.15.22 - - [06/Mar/2016:15:40:49 +0100] "GET / HTTP/1.1" 200 3464 "-" "Mozilla/5.0 (compatible; Baiduspider/2.0; +http://www.baidu.com/search/spider.html)"
180.76.15.138 - - [06/Mar/2016:15:41:48 +0100] "GET / HTTP/1.1" 200 3464 "-" "Mozilla/5.0 (compatible; Baiduspider/2.0; +http://www.baidu.com/search/spider.html)"
79.251.244.108 - - [06/Mar/2016:16:09:00 +0100] "GET /exportdokumente/wertgrenzen HTTP/1.1" 200 5881 "https://www.google.de" "Mozilla/5.0 (Windows NT 10.0; WOW64; rv:44.0) Gecko/20100101 Firefox/44.0"
79.251.244.108 - - [06/Mar/2016:16:09:00 +0100] "GET /css/screen.css HTTP/1.1" 200 13627 "http://www.alle-ziele-spedition.de/exportdokumente/wertgrenzen" "Mozilla/5.0 (Windows NT 10.0; WOW64; rv:44.0) Gecko/20100101 Firefox/44.0"
79.251.244.108 - - [06/Mar/2016:16:09:00 +0100] "GET /css/print.css HTTP/1.1" 200 830 "http://www.alle-ziele-spedition.de/exportdokumente/wertgrenzen" "Mozilla/5.0 (Windows NT 10.0; WOW64; rv:44.0) Gecko/20100101 Firefox/44.0"
79.251.244.108 - - [06/Mar/2016:16:09:00 +0100] "GET /js/curvycorners.src.js HTTP/1.1" 200 60221 "http://www.alle-ziele-spedition.de/exportdokumente/wertgrenzen" "Mozilla/5.0 (Windows NT 10.0; WOW64; rv:44.0) Gecko/20100101 Firefox/44.0"
79.251.244.108 - - [06/Mar/2016:16:12:06 +0100] "GET /favicon.ico HTTP/1.1" 200 2050 "-" "Mozilla/5.0 (Windows NT 10.0; WOW64; rv:44.0) Gecko/20100101 Firefox/44.0"
79.251.244.108 - - [06/Mar/2016:16:12:07 +0100] "GET /favicon.ico HTTP/1.1" 200 2050 "-" "Mozilla/5.0 (Windows NT 10.0; WOW64; rv:44.0) Gecko/20100101 Firefox/44.0"
220.181.108.143 - - [06/Mar/2016:16:25:58 +0100] "GET /empfehlen HTTP/1.1" 200 6272 "-" "Mozilla/5.0 (compatible; Baiduspider/2.0; +http://www.baidu.com/search/spider.html)"
188.165.200.217 - - [06/Mar/2016:16:31:17 +0100] "HEAD / HTTP/1.1" 200 - "-" "Mozilla/4.0 (compatible; MSIE 5.01; Windows NT 5.0)"
220.181.108.155 - - [06/Mar/2016:16:59:19 +0100] "GET / HTTP/1.1" 200 3464 "-" "Mozilla/5.0 (compatible; Baiduspider/2.0; +http://www.baidu.com/search/spider.html)"
66.249.66.117 - - [06/Mar/2016:17:43:51 +0100] "GET /robots.txt HTTP/1.1" 200 2050 "-" "Mozilla/5.0 (compatible; Googlebot/2.1; +http://www.google.com/bot.html)"
66.249.66.117 - - [06/Mar/2016:17:43:51 +0100] "GET /exportdokumente/wertgrenzen HTTP/1.1" 200 5881 "-" "DoCoMo/2.0 N905i(c100;TB;W24H16) (compatible; Googlebot-Mobile/2.1; +http://www.google.com/bot.html)"
157.55.39.86 - - [06/Mar/2016:18:03:17 +0100] "GET /informationen/spediteur HTTP/1.1" 200 67039 "-" "Mozilla/5.0 (iPhone; CPU iPhone OS 7_0 like Mac OS X) AppleWebKit/537.51.1 (KHTML, like Gecko) Version/7.0 Mobile/11A465 Safari/9537.53 (compatible; bingbot/2.0; http://www.bing.com/bingbot.htm)"
66.249.66.115 - - [06/Mar/2016:18:05:26 +0100] "GET /pdf/Frachtrecht%20HGB.pdf HTTP/1.1" 304 - "-" "Mozilla/5.0 (compatible; Googlebot/2.1; +http://www.google.com/bot.html)"
157.55.39.86 - - [06/Mar/2016:18:13:35 +0100] "GET /aktuelles HTTP/1.1" 200 5977 "-" "Mozilla/5.0 (compatible; bingbot/2.0; +http://www.bing.com/bingbot.htm)"
69.30.215.118 - - [06/Mar/2016:18:35:40 +0100] "GET /robots.txt HTTP/1.0" 200 2050 "-" "Mozilla/5.0 (compatible; MJ12bot/v1.4.5; http://www.majestic12.co.uk/bot.php?+)"
69.30.215.118 - - [06/Mar/2016:18:35:41 +0100] "GET /exportdokumente/wertgrenzen HTTP/1.0" 200 5881 "-" "Mozilla/5.0 (compatible; MJ12bot/v1.4.5; http://www.majestic12.co.uk/bot.php?+)"
69.30.215.118 - - [06/Mar/2016:18:35:43 +0100] "GET /geschaeftskunden/direkt HTTP/1.0" 200 4250 "-" "Mozilla/5.0 (compatible; MJ12bot/v1.4.5; http://www.majestic12.co.uk/bot.php?+)"
69.30.215.118 - - [06/Mar/2016:18:35:45 +0100] "GET /informationen/spediteur HTTP/1.0" 200 67039 "-" "Mozilla/5.0 (compatible; MJ12bot/v1.4.5; http://www.majestic12.co.uk/bot.php?+)"
157.55.39.86 - - [06/Mar/2016:18:40:46 +0100] "GET /privatkunden HTTP/1.1" 200 3936 "-" "Mozilla/5.0 (compatible; bingbot/2.0; +http://www.bing.com/bingbot.htm)"
157.55.39.214 - - [06/Mar/2016:18:54:06 +0100] "GET /privatkunden/stueckgut HTTP/1.1" 200 4487 "-" "Mozilla/5.0 (compatible; bingbot/2.0; +http://www.bing.com/bingbot.htm)"
123.125.71.74 - - [06/Mar/2016:22:17:16 +0100] "GET /robots.txt HTTP/1.1" 200 2050 "-" "Mozilla/5.0 (compatible; Baiduspider/2.0; +http://www.baidu.com/search/spider.html)"
204.79.180.208 - - [06/Mar/2016:22:53:46 +0100] "GET /pdf/Frachtrecht%20HGB.pdf HTTP/1.1" 200 19672 "http://www.bing.com/search?q=ADSp+Haftung&form=MSNH14&sc=8-4&sp=-1&qs=n&sk=" "Mozilla/5.0 (compatible; MSIE 9.0; Windows NT 6.0; Trident/5.0; Trident/5.0)"
188.110.169.213 - - [06/Mar/2016:23:15:47 +0100] "GET /pdf/Frachtrecht%20HGB.pdf HTTP/1.1" 200 19672 "https://www.google.de/" "Mozilla/5.0 (iPhone; CPU iPhone OS 9_1 like Mac OS X) AppleWebKit/601.1.46 (KHTML, like Gecko) Version/9.0 Mobile/13B143 Safari/601.1"
207.46.13.102 - - [06/Mar/2016:23:46:49 +0100] "GET /informationen/sendung HTTP/1.1" 200 7272 "-" "Mozilla/5.0 (compatible; bingbot/2.0; +http://www.bing.com/bingbot.htm)"
207.46.13.102 - - [06/Mar/2016:23:46:50 +0100] "GET /unternehmen HTTP/1.1" 200 3276 "-" "Mozilla/5.0 (compatible; bingbot/2.0; +http://www.bing.com/bingbot.htm)"
157.55.39.214 - - [06/Mar/2016:23:46:54 +0100] "GET /downloads.cfm HTTP/1.1" 200 2050 "-" "Mozilla/5.0 (compatible; bingbot/2.0; +http://www.bing.com/bingbot.htm)"
157.55.39.86 - - [06/Mar/2016:23:46:59 +0100] "GET /exportdokumente/drittlandexporte HTTP/1.1" 200 7628 "-" "Mozilla/5.0 (compatible; bingbot/2.0; +http://www.bing.com/bingbot.htm)"
157.55.39.86 - - [06/Mar/2016:23:47:00 +0100] "GET /privatkunden HTTP/1.1" 200 3936 "-" "Mozilla/5.0 (compatible; bingbot/2.0; +http://www.bing.com/bingbot.htm)"
157.55.39.86 - - [06/Mar/2016:23:47:01 +0100] "GET /geschaeftskunden HTTP/1.1" 200 4226 "-" "Mozilla/5.0 (compatible; bingbot/2.0; +http://www.bing.com/bingbot.htm)"
157.55.39.86 - - [06/Mar/2016:23:47:01 +0100] "GET /downloads HTTP/1.1" 200 5414 "-" "Mozilla/5.0 (compatible; bingbot/2.0; +http://www.bing.com/bingbot.htm)"
157.55.39.86 - - [06/Mar/2016:23:47:01 +0100] "GET /aktuelles HTTP/1.1" 200 5977 "-" "Mozilla/5.0 (compatible; bingbot/2.0; +http://www.bing.com/bingbot.htm)"
157.55.39.86 - - [06/Mar/2016:23:47:01 +0100] "GET /informationen/spediteur HTTP/1.1" 200 67039 "-" "Mozilla/5.0 (compatible; bingbot/2.0; +http://www.bing.com/bingbot.htm)"
40.77.167.71 - - [06/Mar/2016:23:47:15 +0100] "GET /privatkunden.cfm HTTP/1.1" 200 2050 "-" "Mozilla/5.0 (compatible; bingbot/2.0; +http://www.bing.com/bingbot.htm)"
40.77.167.71 - - [06/Mar/2016:23:47:15 +0100] "GET /informationen.cfm HTTP/1.1" 200 2050 "-" "Mozilla/5.0 (compatible; bingbot/2.0; +http://www.bing.com/bingbot.htm)"
40.77.167.71 - - [06/Mar/2016:23:47:15 +0100] "GET /impressum HTTP/1.1" 200 5902 "-" "Mozilla/5.0 (compatible; bingbot/2.0; +http://www.bing.com/bingbot.htm)"
40.77.167.71 - - [06/Mar/2016:23:47:16 +0100] "GET /geschaeftskunden.cfm HTTP/1.1" 200 2050 "-" "Mozilla/5.0 (compatible; bingbot/2.0; +http://www.bing.com/bingbot.htm)"
40.77.167.71 - - [06/Mar/2016:23:47:16 +0100] "GET /exportdokumente HTTP/1.1" 200 3729 "-" "Mozilla/5.0 (compatible; bingbot/2.0; +http://www.bing.com/bingbot.htm)"
68.180.229.166 - - [06/Mar/2016:23:50:55 +0100] "GET /robots.txt HTTP/1.1" 200 2050 "-" "Mozilla/5.0 (compatible; Yahoo! Slurp; http://help.yahoo.com/help/us/ysearch/slurp)"
68.180.229.166 - - [06/Mar/2016:23:50:55 +0100] "GET /geschaeftskunden HTTP/1.1" 200 4226 "-" "Mozilla/5.0 (compatible; Yahoo! Slurp; http://help.yahoo.com/help/us/ysearch/slurp)"
180.76.15.29 - - [07/Mar/2016:00:47:22 +0100] "GET / HTTP/1.1" 200 3464 "-" "Mozilla/5.0 (compatible; Baiduspider/2.0; +http://www.baidu.com/search/spider.html)"
180.76.15.154 - - [07/Mar/2016:00:48:38 +0100] "GET / HTTP/1.1" 200 3464 "-" "Mozilla/5.0 (compatible; Baiduspider/2.0; +http://www.baidu.com/search/spider.html)"
84.201.153.7 - - [07/Mar/2016:01:58:20 +0100] "GET /robots.txt HTTP/1.1" 200 2050 "-" "Mozilla/5.0 (compatible; YandexBot/3.0; +http://yandex.com/bots)"
141.8.141.132 - - [07/Mar/2016:01:58:25 +0100] "GET /exportdokumente/wertgrenzen HTTP/1.1" 200 5881 "-" "Mozilla/5.0 (compatible; YandexBot/3.0; +http://yandex.com/bots)"
66.249.66.115 - - [07/Mar/2016:02:23:19 +0100] "GET /robots.txt HTTP/1.1" 200 2050 "-" "Mozilla/5.0 (compatible; Googlebot/2.1; +http://www.google.com/bot.html)"
66.249.66.115 - - [07/Mar/2016:02:23:19 +0100] "GET /css/screen.css HTTP/1.1" 200 13627 "http://www.alle-ziele-spedition.de/informationen/spediteur" "Mozilla/5.0 (compatible; Googlebot/2.1; +http://www.google.com/bot.html)"
66.249.66.115 - - [07/Mar/2016:02:23:20 +0100] "GET /css/print.css HTTP/1.1" 200 830 "http://www.alle-ziele-spedition.de/informationen/spediteur" "Mozilla/5.0 (compatible; Googlebot/2.1; +http://www.google.com/bot.html)"
176.9.16.206 - - [07/Mar/2016:02:40:10 +0100] "GET /privatkunden HTTP/1.1" 200 3936 "-" "Mozilla/5.0 (Windows NT 6.1; WOW64) AppleWebKit/537.36 (KHTML, like Gecko) Chrome/47.0.2526.106 Safari/537.36"
188.40.95.70 - - [07/Mar/2016:03:04:06 +0100] "GET /robots.txt HTTP/1.0" 200 2050 "-" "Mozilla/5.0 (compatible; MJ12bot/v1.4.5; http://www.majestic12.co.uk/bot.php?+)"
188.40.95.70 - - [07/Mar/2016:03:04:08 +0100] "GET /geschaeftskunden/stueckgut_national HTTP/1.0" 200 4641 "-" "Mozilla/5.0 (compatible; MJ12bot/v1.4.5; http://www.majestic12.co.uk/bot.php?+)"
188.40.95.70 - - [07/Mar/2016:03:04:09 +0100] "GET /geschaeftskunden/teil_komplettladungen HTTP/1.0" 200 3924 "-" "Mozilla/5.0 (compatible; MJ12bot/v1.4.5; http://www.majestic12.co.uk/bot.php?+)"
66.249.66.117 - - [07/Mar/2016:03:24:25 +0100] "GET /robots.txt HTTP/1.1" 200 2050 "-" "Mozilla/5.0 (compatible; Googlebot/2.1; +http://www.google.com/bot.html)"
66.249.66.115 - - [07/Mar/2016:03:24:25 +0100] "GET / HTTP/1.1" 200 3464 "-" "SAMSUNG-SGH-E250/1.0 Profile/MIDP-2.0 Configuration/CLDC-1.1 UP.Browser/6.2.3.3.c.1.101 (GUI) MMP/2.0 (compatible; Googlebot-Mobile/2.1; +http://www.google.com/bot.html)"
157.55.39.214 - - [07/Mar/2016:03:34:33 +0100] "GET /geschaeftskunden.stueckgut_national.cfm HTTP/1.1" 200 2050 "-" "Mozilla/5.0 (compatible; bingbot/2.0; +http://www.bing.com/bingbot.htm)"
68.180.229.166 - - [07/Mar/2016:03:40:22 +0100] "GET /informationen/faq HTTP/1.1" 200 7392 "-" "Mozilla/5.0 (compatible; Yahoo! Slurp; http://help.yahoo.com/help/us/ysearch/slurp)"
68.180.229.166 - - [07/Mar/2016:03:53:26 +0100] "GET /impressum HTTP/1.1" 200 5902 "-" "Mozilla/5.0 (compatible; Yahoo! Slurp; http://help.yahoo.com/help/us/ysearch/slurp)"
68.180.229.166 - - [07/Mar/2016:04:20:23 +0100] "GET /unternehmen HTTP/1.1" 200 3276 "-" "Mozilla/5.0 (compatible; Yahoo! Slurp; http://help.yahoo.com/help/us/ysearch/slurp)"
66.249.66.113 - - [07/Mar/2016:04:22:43 +0100] "GET / HTTP/1.1" 200 3464 "-" "Mozilla/5.0 (compatible; Googlebot/2.1; +http://www.google.com/bot.html)"
89.204.137.193 - - [07/Mar/2016:04:34:56 +0100] "GET /css/screen.css HTTP/1.1" 200 13627 "http://www.alle-ziele-spedition.de/informationen/spediteur" "Mozilla/5.0 (Linux; Android 4.4.2; de-de; SAMSUNG GT-I9301I Build/KOT49H) AppleWebKit/537.36 (KHTML, like Gecko) Version/1.5 Chrome/28.0.1500.94 Mobile Safari/537.36"
89.204.137.193 - - [07/Mar/2016:04:34:56 +0100] "GET /informationen/spediteur HTTP/1.1" 200 67039 "https://www.google.de/" "Mozilla/5.0 (Linux; Android 4.4.2; de-de; SAMSUNG GT-I9301I Build/KOT49H) AppleWebKit/537.36 (KHTML, like Gecko) Version/1.5 Chrome/28.0.1500.94 Mobile Safari/537.36"
89.204.137.193 - - [07/Mar/2016:04:34:56 +0100] "GET /js/curvycorners.src.js HTTP/1.1" 200 60221 "http://www.alle-ziele-spedition.de/informationen/spediteur" "Mozilla/5.0 (Linux; Android 4.4.2; de-de; SAMSUNG GT-I9301I Build/KOT49H) AppleWebKit/537.36 (KHTML, like Gecko) Version/1.5 Chrome/28.0.1500.94 Mobile Safari/537.36"
89.204.137.193 - - [07/Mar/2016:04:34:57 +0100] "GET /css/print.css HTTP/1.1" 200 830 "http://www.alle-ziele-spedition.de/informationen/spediteur" "Mozilla/5.0 (Linux; Android 4.4.2; de-de; SAMSUNG GT-I9301I Build/KOT49H) AppleWebKit/537.36 (KHTML, like Gecko) Version/1.5 Chrome/28.0.1500.94 Mobile Safari/537.36"
89.204.137.193 - - [07/Mar/2016:04:34:57 +0100] "GET /img/Multiwheels.jpg HTTP/1.1" 200 394656 "http://www.alle-ziele-spedition.de/informationen/spediteur" "Mozilla/5.0 (Linux; Android 4.4.2; de-de; SAMSUNG GT-I9301I Build/KOT49H) AppleWebKit/537.36 (KHTML, like Gecko) Version/1.5 Chrome/28.0.1500.94 Mobile Safari/537.36"
89.204.137.193 - - [07/Mar/2016:04:34:57 +0100] "GET /img/P050222-05.jpg HTTP/1.1" 200 302910 "http://www.alle-ziele-spedition.de/informationen/spediteur" "Mozilla/5.0 (Linux; Android 4.4.2; de-de; SAMSUNG GT-I9301I Build/KOT49H) AppleWebKit/537.36 (KHTML, like Gecko) Version/1.5 Chrome/28.0.1500.94 Mobile Safari/537.36"
89.204.137.193 - - [07/Mar/2016:04:34:57 +0100] "GET /img/Colt%2020.11.2011%20Hubi%205.JPG HTTP/1.1" 200 201415 "http://www.alle-ziele-spedition.de/informationen/spediteur" "Mozilla/5.0 (Linux; Android 4.4.2; de-de; SAMSUNG GT-I9301I Build/KOT49H) AppleWebKit/537.36 (KHTML, like Gecko) Version/1.5 Chrome/28.0.1500.94 Mobile Safari/537.36"
89.204.137.193 - - [07/Mar/2016:04:34:58 +0100] "GET /img/hg_body.gif HTTP/1.1" 200 1754 "http://www.alle-ziele-spedition.de/informationen/spediteur" "Mozilla/5.0 (Linux; Android 4.4.2; de-de; SAMSUNG GT-I9301I Build/KOT49H) AppleWebKit/537.36 (KHTML, like Gecko) Version/1.5 Chrome/28.0.1500.94 Mobile Safari/537.36"
89.204.137.193 - - [07/Mar/2016:04:34:59 +0100] "GET /img/head_hg.jpg HTTP/1.1" 200 18629 "http://www.alle-ziele-spedition.de/informationen/spediteur" "Mozilla/5.0 (Linux; Android 4.4.2; de-de; SAMSUNG GT-I9301I Build/KOT49H) AppleWebKit/537.36 (KHTML, like Gecko) Version/1.5 Chrome/28.0.1500.94 Mobile Safari/537.36"
89.204.137.193 - - [07/Mar/2016:04:34:57 +0100] "GET /img/Colt%2020.11.2011%20Hubi%204.JPG HTTP/1.1" 200 416132 "http://www.alle-ziele-spedition.de/informationen/spediteur" "Mozilla/5.0 (Linux; Android 4.4.2; de-de; SAMSUNG GT-I9301I Build/KOT49H) AppleWebKit/537.36 (KHTML, like Gecko) Version/1.5 Chrome/28.0.1500.94 Mobile Safari/537.36"
89.204.137.193 - - [07/Mar/2016:04:34:59 +0100] "GET /img/7183587b.jpg HTTP/1.1" 200 12190 "http://www.alle-ziele-spedition.de/informationen/spediteur" "Mozilla/5.0 (Linux; Android 4.4.2; de-de; SAMSUNG GT-I9301I Build/KOT49H) AppleWebKit/537.36 (KHTML, like Gecko) Version/1.5 Chrome/28.0.1500.94 Mobile Safari/537.36"
89.204.137.193 - - [07/Mar/2016:04:34:59 +0100] "GET /img/857034.jpg HTTP/1.1" 200 14613 "http://www.alle-ziele-spedition.de/informationen/spediteur" "Mozilla/5.0 (Linux; Android 4.4.2; de-de; SAMSUNG GT-I9301I Build/KOT49H) AppleWebKit/537.36 (KHTML, like Gecko) Version/1.5 Chrome/28.0.1500.94 Mobile Safari/537.36"
89.204.137.193 - - [07/Mar/2016:04:34:59 +0100] "GET /img/52814.jpg HTTP/1.1" 200 14378 "http://www.alle-ziele-spedition.de/informationen/spediteur" "Mozilla/5.0 (Linux; Android 4.4.2; de-de; SAMSUNG GT-I9301I Build/KOT49H) AppleWebKit/537.36 (KHTML, like Gecko) Version/1.5 Chrome/28.0.1500.94 Mobile Safari/537.36"
89.204.137.193 - - [07/Mar/2016:04:35:00 +0100] "GET /img/9606427.jpg HTTP/1.1" 200 21711 "http://www.alle-ziele-spedition.de/informationen/spediteur" "Mozilla/5.0 (Linux; Android 4.4.2; de-de; SAMSUNG GT-I9301I Build/KOT49H) AppleWebKit/537.36 (KHTML, like Gecko) Version/1.5 Chrome/28.0.1500.94 Mobile Safari/537.36"
89.204.137.193 - - [07/Mar/2016:04:35:00 +0100] "GET /img/14351312.jpg HTTP/1.1" 200 16335 "http://www.alle-ziele-spedition.de/informationen/spediteur" "Mozilla/5.0 (Linux; Android 4.4.2; de-de; SAMSUNG GT-I9301I Build/KOT49H) AppleWebKit/537.36 (KHTML, like Gecko) Version/1.5 Chrome/28.0.1500.94 Mobile Safari/537.36"
89.204.137.193 - - [07/Mar/2016:04:34:57 +0100] "GET /img/Colt%2020.11.2011%20Hubi%207.JPG HTTP/1.1" 200 534770 "http://www.alle-ziele-spedition.de/informationen/spediteur" "Mozilla/5.0 (Linux; Android 4.4.2; de-de; SAMSUNG GT-I9301I Build/KOT49H) AppleWebKit/537.36 (KHTML, like Gecko) Version/1.5 Chrome/28.0.1500.94 Mobile Safari/537.36"
89.204.137.193 - - [07/Mar/2016:04:35:02 +0100] "GET /img/berlin_footer2.gif HTTP/1.1" 200 2795 "http://www.alle-ziele-spedition.de/informationen/spediteur" "Mozilla/5.0 (Linux; Android 4.4.2; de-de; SAMSUNG GT-I9301I Build/KOT49H) AppleWebKit/537.36 (KHTML, like Gecko) Version/1.5 Chrome/28.0.1500.94 Mobile Safari/537.36"
89.204.137.193 - - [07/Mar/2016:04:34:57 +0100] "GET /img/geb%20(1).JPG HTTP/1.1" 200 1339655 "http://www.alle-ziele-spedition.de/informationen/spediteur" "Mozilla/5.0 (Linux; Android 4.4.2; de-de; SAMSUNG GT-I9301I Build/KOT49H) AppleWebKit/537.36 (KHTML, like Gecko) Version/1.5 Chrome/28.0.1500.94 Mobile Safari/537.36"
89.204.137.193 - - [07/Mar/2016:04:35:00 +0100] "GET /img/geb%20(6).JPG HTTP/1.1" 200 1292377 "http://www.alle-ziele-spedition.de/informationen/spediteur" "Mozilla/5.0 (Linux; Android 4.4.2; de-de; SAMSUNG GT-I9301I Build/KOT49H) AppleWebKit/537.36 (KHTML, like Gecko) Version/1.5 Chrome/28.0.1500.94 Mobile Safari/537.36"
89.204.137.193 - - [07/Mar/2016:04:34:57 +0100] "GET /img/lieboch2.jpg HTTP/1.1" 200 1644725 "http://www.alle-ziele-spedition.de/informationen/spediteur" "Mozilla/5.0 (Linux; Android 4.4.2; de-de; SAMSUNG GT-I9301I Build/KOT49H) AppleWebKit/537.36 (KHTML, like Gecko) Version/1.5 Chrome/28.0.1500.94 Mobile Safari/537.36"
89.204.137.193 - - [07/Mar/2016:04:34:57 +0100] "GET /img/geb%20(3).JPG HTTP/1.1" 200 2240578 "http://www.alle-ziele-spedition.de/informationen/spediteur" "Mozilla/5.0 (Linux; Android 4.4.2; de-de; SAMSUNG GT-I9301I Build/KOT49H) AppleWebKit/537.36 (KHTML, like Gecko) Version/1.5 Chrome/28.0.1500.94 Mobile Safari/537.36"
89.204.137.193 - - [07/Mar/2016:04:34:57 +0100] "GET /img/lieboch1.jpg HTTP/1.1" 200 2006034 "http://www.alle-ziele-spedition.de/informationen/spediteur" "Mozilla/5.0 (Linux; Android 4.4.2; de-de; SAMSUNG GT-I9301I Build/KOT49H) AppleWebKit/537.36 (KHTML, like Gecko) Version/1.5 Chrome/28.0.1500.94 Mobile Safari/537.36"
89.204.137.193 - - [07/Mar/2016:04:34:57 +0100] "GET /img/geb%20(2).JPG HTTP/1.1" 200 2207352 "http://www.alle-ziele-spedition.de/informationen/spediteur" "Mozilla/5.0 (Linux; Android 4.4.2; de-de; SAMSUNG GT-I9301I Build/KOT49H) AppleWebKit/537.36 (KHTML, like Gecko) Version/1.5 Chrome/28.0.1500.94 Mobile Safari/537.36"
89.204.137.193 - - [07/Mar/2016:04:35:02 +0100] "GET /img/geb%20(8).JPG HTTP/1.1" 200 1353331 "http://www.alle-ziele-spedition.de/informationen/spediteur" "Mozilla/5.0 (Linux; Android 4.4.2; de-de; SAMSUNG GT-I9301I Build/KOT49H) AppleWebKit/537.36 (KHTML, like Gecko) Version/1.5 Chrome/28.0.1500.94 Mobile Safari/537.36"
89.204.137.193 - - [07/Mar/2016:04:34:58 +0100] "GET /img/geb%20(5).JPG HTTP/1.1" 200 1274297 "http://www.alle-ziele-spedition.de/informationen/spediteur" "Mozilla/5.0 (Linux; Android 4.4.2; de-de; SAMSUNG GT-I9301I Build/KOT49H) AppleWebKit/537.36 (KHTML, like Gecko) Version/1.5 Chrome/28.0.1500.94 Mobile Safari/537.36"
89.204.137.193 - - [07/Mar/2016:04:35:02 +0100] "GET /img/geb%20(7).JPG HTTP/1.1" 200 1149007 "http://www.alle-ziele-spedition.de/informationen/spediteur" "Mozilla/5.0 (Linux; Android 4.4.2; de-de; SAMSUNG GT-I9301I Build/KOT49H) AppleWebKit/537.36 (KHTML, like Gecko) Version/1.5 Chrome/28.0.1500.94 Mobile Safari/537.36"
89.204.137.193 - - [07/Mar/2016:04:34:57 +0100] "GET /img/geb%20(4).JPG HTTP/1.1" 200 2732649 "http://www.alle-ziele-spedition.de/informationen/spediteur" "Mozilla/5.0 (Linux; Android 4.4.2; de-de; SAMSUNG GT-I9301I Build/KOT49H) AppleWebKit/537.36 (KHTML, like Gecko) Version/1.5 Chrome/28.0.1500.94 Mobile Safari/537.36"
89.204.137.193 - - [07/Mar/2016:04:35:19 +0100] "GET /favicon.ico HTTP/1.1" 200 2050 "-" "Mozilla/5.0 (Linux; Android 4.4.2; de-de; SAMSUNG GT-I9301I Build/KOT49H) AppleWebKit/537.36 (KHTML, like Gecko) Version/1.5 Chrome/28.0.1500.94 Mobile Safari/537.36"
180.76.15.5 - - [07/Mar/2016:04:44:29 +0100] "GET / HTTP/1.1" 200 3464 "-" "Mozilla/5.0 (compatible; Baiduspider/2.0; +http://www.baidu.com/search/spider.html)"
180.76.15.26 - - [07/Mar/2016:04:45:37 +0100] "GET / HTTP/1.1" 200 3464 "-" "Mozilla/5.0 (compatible; Baiduspider/2.0; +http://www.baidu.com/search/spider.html)"
157.55.39.214 - - [07/Mar/2016:04:49:38 +0100] "GET / HTTP/1.1" 200 3464 "-" "Mozilla/5.0 (iPhone; CPU iPhone OS 7_0 like Mac OS X) AppleWebKit/537.51.1 (KHTML, like Gecko) Version/7.0 Mobile/11A465 Safari/9537.53 (compatible; bingbot/2.0; http://www.bing.com/bingbot.htm)"
40.77.167.71 - - [07/Mar/2016:04:49:51 +0100] "GET /css/screen.css HTTP/1.1" 200 13627 "-" "Mozilla/5.0 (iPhone; CPU iPhone OS 7_0 like Mac OS X) AppleWebKit/537.51.1 (KHTML, like Gecko) Version/7.0 Mobile/11A465 Safari/9537.53 (compatible; bingbot/2.0; +http://www.bing.com/bingbot.htm)"
157.55.39.86 - - [07/Mar/2016:04:50:07 +0100] "GET /css/print.css HTTP/1.1" 200 830 "-" "Mozilla/5.0 (iPhone; CPU iPhone OS 7_0 like Mac OS X) AppleWebKit/537.51.1 (KHTML, like Gecko) Version/7.0 Mobile/11A465 Safari/9537.53 (compatible; bingbot/2.0; +http://www.bing.com/bingbot.htm)"
157.55.39.86 - - [07/Mar/2016:04:50:08 +0100] "GET /js/curvycorners.src.js HTTP/1.1" 200 60221 "-" "Mozilla/5.0 (iPhone; CPU iPhone OS 7_0 like Mac OS X) AppleWebKit/537.51.1 (KHTML, like Gecko) Version/7.0 Mobile/11A465 Safari/9537.53 (compatible; bingbot/2.0; +http://www.bing.com/bingbot.htm)"
123.125.71.75 - - [07/Mar/2016:05:42:46 +0100] "GET /privatkunden HTTP/1.1" 200 3936 "-" "Mozilla/5.0 (compatible; Baiduspider/2.0; +http://www.baidu.com/search/spider.html)"
180.76.15.19 - - [07/Mar/2016:05:45:28 +0100] "GET / HTTP/1.1" 200 3464 "-" "Mozilla/5.0 (compatible; Baiduspider/2.0; +http://www.baidu.com/search/spider.html)"
180.76.15.156 - - [07/Mar/2016:05:46:40 +0100] "GET / HTTP/1.1" 200 3464 "-" "Mozilla/5.0 (compatible; Baiduspider/2.0; +http://www.baidu.com/search/spider.html)"
207.46.13.102 - - [07/Mar/2016:06:53:39 +0100] "GET /pdf/Flyer%20Alle%20Ziele_WEB(0).pdf HTTP/1.1" 200 3377347 "-" "Mozilla/5.0 (compatible; bingbot/2.0; +http://www.bing.com/bingbot.htm)"
157.55.39.86 - - [07/Mar/2016:07:40:50 +0100] "GET /geschaeftskunden HTTP/1.1" 200 4226 "-" "Mozilla/5.0 (compatible; bingbot/2.0; +http://www.bing.com/bingbot.htm)"
157.55.39.86 - - [07/Mar/2016:07:41:10 +0100] "GET /css/print.css HTTP/1.1" 200 830 "-" "Mozilla/5.0 (compatible; bingbot/2.0; +http://www.bing.com/bingbot.htm)"
157.55.39.86 - - [07/Mar/2016:07:41:10 +0100] "GET /js/curvycorners.src.js HTTP/1.1" 200 60221 "-" "Mozilla/5.0 (compatible; bingbot/2.0; +http://www.bing.com/bingbot.htm)"
40.77.167.71 - - [07/Mar/2016:07:41:15 +0100] "GET /css/screen.css HTTP/1.1" 200 13627 "-" "Mozilla/5.0 (compatible; bingbot/2.0; +http://www.bing.com/bingbot.htm)"
84.21.34.167 - - [07/Mar/2016:07:49:39 +0100] "GET /js/curvycorners.src.js HTTP/1.1" 200 60221 "-" "Mozilla/4.0 (compatible;)"
80.53.129.249 - - [07/Mar/2016:08:32:07 +0100] "GET /pdf/Frachtrecht%20HGB.pdf HTTP/1.1" 200 19672 "http://www.google.pl/url?sa=t&rct=j&q=&esrc=s&source=web&cd=1&ved=0ahUKEwiz57iyhq7LAhXKA5oKHV1cBMUQFggbMAA&url=http%3A%2F%2Fwww.alle-ziele-spedition.de%2Fpdf%2FFrachtrecht%2520HGB.pdf&usg=AFQjCNGieebUeIZhe6ski48D10CSiz58dQ&bvm=bv.116274245,d.bGs" "Mozilla/5.0 (Windows NT 6.1; WOW64; Trident/7.0; rv:11.0) like Gecko"
199.30.25.77 - - [07/Mar/2016:08:42:04 +0100] "GET /img/7183587b.jpg HTTP/1.1" 200 12190 "http://www.alle-ziele-spedition.de/geschaeftskunden" "Mozilla/5.0 (Windows NT 6.1; WOW64) AppleWebKit/534+ (KHTML, like Gecko) BingPreview/1.0b"
199.30.25.77 - - [07/Mar/2016:08:42:04 +0100] "GET /img/857034.jpg HTTP/1.1" 200 14613 "http://www.alle-ziele-spedition.de/geschaeftskunden" "Mozilla/5.0 (Windows NT 6.1; WOW64) AppleWebKit/534+ (KHTML, like Gecko) BingPreview/1.0b"
199.30.25.77 - - [07/Mar/2016:08:42:04 +0100] "GET /img/52814.jpg HTTP/1.1" 200 14378 "http://www.alle-ziele-spedition.de/geschaeftskunden" "Mozilla/5.0 (Windows NT 6.1; WOW64) AppleWebKit/534+ (KHTML, like Gecko) BingPreview/1.0b"
199.30.25.77 - - [07/Mar/2016:08:42:04 +0100] "GET /img/hg_body.gif HTTP/1.1" 200 1754 "http://www.alle-ziele-spedition.de/geschaeftskunden" "Mozilla/5.0 (Windows NT 6.1; WOW64) AppleWebKit/534+ (KHTML, like Gecko) BingPreview/1.0b"
199.30.25.77 - - [07/Mar/2016:08:42:04 +0100] "GET /img/9606427.jpg HTTP/1.1" 200 21711 "http://www.alle-ziele-spedition.de/geschaeftskunden" "Mozilla/5.0 (Windows NT 6.1; WOW64) AppleWebKit/534+ (KHTML, like Gecko) BingPreview/1.0b"
199.30.25.77 - - [07/Mar/2016:08:42:05 +0100] "GET /img/14351312.jpg HTTP/1.1" 200 16335 "http://www.alle-ziele-spedition.de/geschaeftskunden" "Mozilla/5.0 (Windows NT 6.1; WOW64) AppleWebKit/534+ (KHTML, like Gecko) BingPreview/1.0b"
134.247.141.90 - - [07/Mar/2016:09:00:14 +0100] "GET /pdf/Frachtrecht%20HGB.pdf HTTP/1.1" 200 19672 "https://www.google.de" "Mozilla/5.0 (Windows NT 5.1; rv:44.0) Gecko/20100101 Firefox/44.0"
217.199.11.73 - - [07/Mar/2016:09:09:35 +0100] "GET /pdf/Frachtrecht%20HGB.pdf HTTP/1.1" 200 19672 "https://www.google.de/" "Mozilla/5.0 (Windows NT 6.1; WOW64) AppleWebKit/537.36 (KHTML, like Gecko) Chrome/48.0.2564.116 Safari/537.36"
217.199.11.73 - - [07/Mar/2016:09:09:35 +0100] "GET /favicon.ico HTTP/1.1" 200 2050 "http://www.alle-ziele-spedition.de/pdf/Frachtrecht%20HGB.pdf" "Mozilla/5.0 (Windows NT 6.1; WOW64) AppleWebKit/537.36 (KHTML, like Gecko) Chrome/48.0.2564.116 Safari/537.36"
109.235.136.244 - - [07/Mar/2016:09:13:56 +0100] "GET /exportdokumente/drittlandexporte HTTP/1.1" 200 7628 "http://www.google.de/url?sa=t&rct=j&q=&esrc=s&frm=1&source=web&cd=1&ved=0ahUKEwjO_v3sj67LAhUhJJoKHeVMDS0QFggiMAA&url=http%3A%2F%2Fwww.alle-ziele-spedition.de%2Fexportdokumente%2Fdrittlandexporte&usg=AFQjCNG9XhRt7vZy957cKs-hEUGPlWZSpQ" "Mozilla/5.0 (compatible; MSIE 10.0; Windows NT 6.1; Trident/6.0)"
109.235.136.244 - - [07/Mar/2016:09:13:57 +0100] "GET /css/screen.css HTTP/1.1" 200 13627 "http://www.alle-ziele-spedition.de/exportdokumente/drittlandexporte" "Mozilla/5.0 (compatible; MSIE 10.0; Windows NT 6.1; Trident/6.0)"
109.235.136.244 - - [07/Mar/2016:09:13:57 +0100] "GET /css/print.css HTTP/1.1" 200 830 "http://www.alle-ziele-spedition.de/exportdokumente/drittlandexporte" "Mozilla/5.0 (compatible; MSIE 10.0; Windows NT 6.1; Trident/6.0)"
109.235.136.244 - - [07/Mar/2016:09:13:57 +0100] "GET /js/curvycorners.src.js HTTP/1.1" 200 60221 "http://www.alle-ziele-spedition.de/exportdokumente/drittlandexporte" "Mozilla/5.0 (compatible; MSIE 10.0; Windows NT 6.1; Trident/6.0)"
109.235.136.244 - - [07/Mar/2016:09:13:57 +0100] "GET /img/hg_body.gif HTTP/1.1" 200 1754 "http://www.alle-ziele-spedition.de/exportdokumente/drittlandexporte" "Mozilla/5.0 (compatible; MSIE 10.0; Windows NT 6.1; Trident/6.0)"
109.235.136.244 - - [07/Mar/2016:09:13:57 +0100] "GET /img/head_hg.jpg HTTP/1.1" 200 18629 "http://www.alle-ziele-spedition.de/exportdokumente/drittlandexporte" "Mozilla/5.0 (compatible; MSIE 10.0; Windows NT 6.1; Trident/6.0)"
109.235.136.244 - - [07/Mar/2016:09:13:57 +0100] "GET /img/berlin_footer2.gif HTTP/1.1" 200 2795 "http://www.alle-ziele-spedition.de/exportdokumente/drittlandexporte" "Mozilla/5.0 (compatible; MSIE 10.0; Windows NT 6.1; Trident/6.0)"
109.235.136.244 - - [07/Mar/2016:09:13:57 +0100] "GET /img/customdeclar.jpg HTTP/1.1" 200 6759 "http://www.alle-ziele-spedition.de/exportdokumente/drittlandexporte" "Mozilla/5.0 (compatible; MSIE 10.0; Windows NT 6.1; Trident/6.0)"
109.235.136.244 - - [07/Mar/2016:09:13:57 +0100] "GET /img/42884495.jpg HTTP/1.1" 200 14885 "http://www.alle-ziele-spedition.de/exportdokumente/drittlandexporte" "Mozilla/5.0 (compatible; MSIE 10.0; Windows NT 6.1; Trident/6.0)"
109.235.136.244 - - [07/Mar/2016:09:13:57 +0100] "GET /img/40362199.jpg HTTP/1.1" 200 25594 "http://www.alle-ziele-spedition.de/exportdokumente/drittlandexporte" "Mozilla/5.0 (compatible; MSIE 10.0; Windows NT 6.1; Trident/6.0)"
109.235.136.244 - - [07/Mar/2016:09:13:57 +0100] "GET /img/41954271.jpg HTTP/1.1" 200 20594 "http://www.alle-ziele-spedition.de/exportdokumente/drittlandexporte" "Mozilla/5.0 (compatible; MSIE 10.0; Windows NT 6.1; Trident/6.0)"
109.235.136.244 - - [07/Mar/2016:09:13:57 +0100] "GET /favicon.ico HTTP/1.1" 200 2050 "-" "Mozilla/5.0 (compatible; MSIE 10.0; Windows NT 6.1; Trident/6.0)"
109.235.136.244 - - [07/Mar/2016:09:14:30 +0100] "GET /kontakt HTTP/1.1" 200 6263 "http://www.alle-ziele-spedition.de/exportdokumente/drittlandexporte" "Mozilla/5.0 (compatible; MSIE 10.0; Windows NT 6.1; Trident/6.0)"
