87.174.82.152 - - [18/Aug/2019:12:12:38 +0200] "GET /img/geb%20(7).JPG HTTP/1.1" 200 1149007 "http://www.alle-ziele-spedition.de/informationen/spediteur" "Mozilla/5.0 (Windows NT 10.0; Win64; x64; rv:68.0) Gecko/20100101 Firefox/68.0"
87.174.82.152 - - [18/Aug/2019:12:12:39 +0200] "GET /img/geb%20(8).JPG HTTP/1.1" 200 1353331 "http://www.alle-ziele-spedition.de/informationen/spediteur" "Mozilla/5.0 (Windows NT 10.0; Win64; x64; rv:68.0) Gecko/20100101 Firefox/68.0"
87.174.82.152 - - [18/Aug/2019:12:12:41 +0200] "GET /img/Colt%2020.11.2011%20Hubi%204.JPG HTTP/1.1" 200 416132 "http://www.alle-ziele-spedition.de/informationen/spediteur" "Mozilla/5.0 (Windows NT 10.0; Win64; x64; rv:68.0) Gecko/20100101 Firefox/68.0"
87.174.82.152 - - [18/Aug/2019:12:12:42 +0200] "GET /img/Colt%2020.11.2011%20Hubi%205.JPG HTTP/1.1" 200 201415 "http://www.alle-ziele-spedition.de/informationen/spediteur" "Mozilla/5.0 (Windows NT 10.0; Win64; x64; rv:68.0) Gecko/20100101 Firefox/68.0"
87.174.82.152 - - [18/Aug/2019:12:12:42 +0200] "GET /img/Colt%2020.11.2011%20Hubi%207.JPG HTTP/1.1" 200 534770 "http://www.alle-ziele-spedition.de/informationen/spediteur" "Mozilla/5.0 (Windows NT 10.0; Win64; x64; rv:68.0) Gecko/20100101 Firefox/68.0"
87.174.82.152 - - [18/Aug/2019:12:12:37 +0200] "GET /img/geb%20(5).JPG HTTP/1.1" 200 1274297 "http://www.alle-ziele-spedition.de/informationen/spediteur" "Mozilla/5.0 (Windows NT 10.0; Win64; x64; rv:68.0) Gecko/20100101 Firefox/68.0"
87.174.82.152 - - [18/Aug/2019:12:12:43 +0200] "GET /img/lieboch1.jpg HTTP/1.1" 200 2006034 "http://www.alle-ziele-spedition.de/informationen/spediteur" "Mozilla/5.0 (Windows NT 10.0; Win64; x64; rv:68.0) Gecko/20100101 Firefox/68.0"
87.174.82.152 - - [18/Aug/2019:12:12:47 +0200] "GET /img/P050222-05.jpg HTTP/1.1" 200 302910 "http://www.alle-ziele-spedition.de/informationen/spediteur" "Mozilla/5.0 (Windows NT 10.0; Win64; x64; rv:68.0) Gecko/20100101 Firefox/68.0"
87.174.82.152 - - [18/Aug/2019:12:12:37 +0200] "GET /img/geb%20(4).JPG HTTP/1.1" 200 2732649 "http://www.alle-ziele-spedition.de/informationen/spediteur" "Mozilla/5.0 (Windows NT 10.0; Win64; x64; rv:68.0) Gecko/20100101 Firefox/68.0"
87.174.82.152 - - [18/Aug/2019:12:12:37 +0200] "GET /img/geb%20(6).JPG HTTP/1.1" 200 1292377 "http://www.alle-ziele-spedition.de/informationen/spediteur" "Mozilla/5.0 (Windows NT 10.0; Win64; x64; rv:68.0) Gecko/20100101 Firefox/68.0"
87.174.82.152 - - [18/Aug/2019:12:12:47 +0200] "GET /img/Multiwheels.jpg HTTP/1.1" 200 394656 "http://www.alle-ziele-spedition.de/informationen/spediteur" "Mozilla/5.0 (Windows NT 10.0; Win64; x64; rv:68.0) Gecko/20100101 Firefox/68.0"
87.174.82.152 - - [18/Aug/2019:12:12:37 +0200] "GET /img/geb%20(3).JPG HTTP/1.1" 200 2240578 "http://www.alle-ziele-spedition.de/informationen/spediteur" "Mozilla/5.0 (Windows NT 10.0; Win64; x64; rv:68.0) Gecko/20100101 Firefox/68.0"
87.174.82.152 - - [18/Aug/2019:12:12:46 +0200] "GET /img/lieboch2.jpg HTTP/1.1" 200 1644725 "http://www.alle-ziele-spedition.de/informationen/spediteur" "Mozilla/5.0 (Windows NT 10.0; Win64; x64; rv:68.0) Gecko/20100101 Firefox/68.0"
87.174.82.152 - - [18/Aug/2019:12:12:37 +0200] "GET /img/geb%20(2).JPG HTTP/1.1" 200 2207352 "http://www.alle-ziele-spedition.de/informationen/spediteur" "Mozilla/5.0 (Windows NT 10.0; Win64; x64; rv:68.0) Gecko/20100101 Firefox/68.0"
91.2.164.234 - - [18/Aug/2019:12:51:56 +0200] "GET /pdf/Frachtrecht%20HGB.pdf HTTP/1.1" 200 19672 "https://www.google.de/" "Mozilla/5.0 (Windows NT 10.0; Win64; x64; rv:68.0) Gecko/20100101 Firefox/68.0"
91.2.164.234 - - [18/Aug/2019:12:51:56 +0200] "GET /favicon.ico HTTP/1.1" 200 8210 "-" "Mozilla/5.0 (Windows NT 10.0; Win64; x64; rv:68.0) Gecko/20100101 Firefox/68.0"
89.204.153.147 - - [18/Aug/2019:13:55:10 +0200] "GET /css/screen.css HTTP/1.1" 200 13636 "http://www.alle-ziele-spedition.de/informationen/spediteur" "Mozilla/5.0 (Linux; Android 9; SM-G950F) AppleWebKit/537.36 (KHTML, like Gecko) Chrome/75.0.3770.101 Mobile Safari/537.36"
89.204.153.147 - - [18/Aug/2019:13:55:10 +0200] "GET /css/print.css HTTP/1.1" 200 830 "http://www.alle-ziele-spedition.de/informationen/spediteur" "Mozilla/5.0 (Linux; Android 9; SM-G950F) AppleWebKit/537.36 (KHTML, like Gecko) Chrome/75.0.3770.101 Mobile Safari/537.36"
89.204.153.147 - - [18/Aug/2019:13:55:10 +0200] "GET /informationen/spediteur HTTP/1.1" 200 111924 "http://www.google.com/" "Mozilla/5.0 (Linux; Android 9; SM-G950F) AppleWebKit/537.36 (KHTML, like Gecko) Chrome/75.0.3770.101 Mobile Safari/537.36"
89.204.153.147 - - [18/Aug/2019:13:55:10 +0200] "GET /js/curvycorners.src.js HTTP/1.1" 200 60221 "http://www.alle-ziele-spedition.de/informationen/spediteur" "Mozilla/5.0 (Linux; Android 9; SM-G950F) AppleWebKit/537.36 (KHTML, like Gecko) Chrome/75.0.3770.101 Mobile Safari/537.36"
89.204.153.147 - - [18/Aug/2019:13:55:11 +0200] "GET /img/geb%20(2).JPG HTTP/1.1" 200 2207352 "http://www.alle-ziele-spedition.de/informationen/spediteur" "Mozilla/5.0 (Linux; Android 9; SM-G950F) AppleWebKit/537.36 (KHTML, like Gecko) Chrome/75.0.3770.101 Mobile Safari/537.36"
89.204.153.147 - - [18/Aug/2019:13:55:12 +0200] "GET /img/geb%20(3).JPG HTTP/1.1" 200 2240578 "http://www.alle-ziele-spedition.de/informationen/spediteur" "Mozilla/5.0 (Linux; Android 9; SM-G950F) AppleWebKit/537.36 (KHTML, like Gecko) Chrome/75.0.3770.101 Mobile Safari/537.36"
89.204.153.147 - - [18/Aug/2019:13:55:13 +0200] "GET /img/7183587b.jpg HTTP/1.1" 200 12190 "http://www.alle-ziele-spedition.de/css/screen.css" "Mozilla/5.0 (Linux; Android 9; SM-G950F) AppleWebKit/537.36 (KHTML, like Gecko) Chrome/75.0.3770.101 Mobile Safari/537.36"
89.204.153.147 - - [18/Aug/2019:13:55:13 +0200] "GET /img/hg_body.gif HTTP/1.1" 200 1754 "http://www.alle-ziele-spedition.de/css/screen.css" "Mozilla/5.0 (Linux; Android 9; SM-G950F) AppleWebKit/537.36 (KHTML, like Gecko) Chrome/75.0.3770.101 Mobile Safari/537.36"
89.204.153.147 - - [18/Aug/2019:13:55:11 +0200] "GET /img/geb%20(1).JPG HTTP/1.1" 200 1339655 "http://www.alle-ziele-spedition.de/informationen/spediteur" "Mozilla/5.0 (Linux; Android 9; SM-G950F) AppleWebKit/537.36 (KHTML, like Gecko) Chrome/75.0.3770.101 Mobile Safari/537.36"
89.204.153.147 - - [18/Aug/2019:13:55:13 +0200] "GET /img/head_hg.jpg HTTP/1.1" 200 18629 "http://www.alle-ziele-spedition.de/css/screen.css" "Mozilla/5.0 (Linux; Android 9; SM-G950F) AppleWebKit/537.36 (KHTML, like Gecko) Chrome/75.0.3770.101 Mobile Safari/537.36"
89.204.153.147 - - [18/Aug/2019:13:55:13 +0200] "GET /img/14351312.jpg HTTP/1.1" 200 16335 "http://www.alle-ziele-spedition.de/css/screen.css" "Mozilla/5.0 (Linux; Android 9; SM-G950F) AppleWebKit/537.36 (KHTML, like Gecko) Chrome/75.0.3770.101 Mobile Safari/537.36"
89.204.153.147 - - [18/Aug/2019:13:55:13 +0200] "GET /img/9606427.jpg HTTP/1.1" 200 21711 "http://www.alle-ziele-spedition.de/css/screen.css" "Mozilla/5.0 (Linux; Android 9; SM-G950F) AppleWebKit/537.36 (KHTML, like Gecko) Chrome/75.0.3770.101 Mobile Safari/537.36"
89.204.153.147 - - [18/Aug/2019:13:55:13 +0200] "GET /img/857034.jpg HTTP/1.1" 200 14613 "http://www.alle-ziele-spedition.de/css/screen.css" "Mozilla/5.0 (Linux; Android 9; SM-G950F) AppleWebKit/537.36 (KHTML, like Gecko) Chrome/75.0.3770.101 Mobile Safari/537.36"
89.204.153.147 - - [18/Aug/2019:13:55:13 +0200] "GET /img/52814.jpg HTTP/1.1" 200 14378 "http://www.alle-ziele-spedition.de/css/screen.css" "Mozilla/5.0 (Linux; Android 9; SM-G950F) AppleWebKit/537.36 (KHTML, like Gecko) Chrome/75.0.3770.101 Mobile Safari/537.36"
89.204.153.147 - - [18/Aug/2019:13:55:12 +0200] "GET /img/geb%20(5).JPG HTTP/1.1" 200 1274297 "http://www.alle-ziele-spedition.de/informationen/spediteur" "Mozilla/5.0 (Linux; Android 9; SM-G950F) AppleWebKit/537.36 (KHTML, like Gecko) Chrome/75.0.3770.101 Mobile Safari/537.36"
89.204.153.147 - - [18/Aug/2019:13:55:14 +0200] "GET /img/Colt%2020.11.2011%20Hubi%204.JPG HTTP/1.1" 200 416132 "http://www.alle-ziele-spedition.de/informationen/spediteur" "Mozilla/5.0 (Linux; Android 9; SM-G950F) AppleWebKit/537.36 (KHTML, like Gecko) Chrome/75.0.3770.101 Mobile Safari/537.36"
89.204.153.147 - - [18/Aug/2019:13:55:14 +0200] "GET /img/Colt%2020.11.2011%20Hubi%205.JPG HTTP/1.1" 200 201415 "http://www.alle-ziele-spedition.de/informationen/spediteur" "Mozilla/5.0 (Linux; Android 9; SM-G950F) AppleWebKit/537.36 (KHTML, like Gecko) Chrome/75.0.3770.101 Mobile Safari/537.36"
89.204.153.147 - - [18/Aug/2019:13:55:12 +0200] "GET /img/geb%20(6).JPG HTTP/1.1" 200 1292377 "http://www.alle-ziele-spedition.de/informationen/spediteur" "Mozilla/5.0 (Linux; Android 9; SM-G950F) AppleWebKit/537.36 (KHTML, like Gecko) Chrome/75.0.3770.101 Mobile Safari/537.36"
89.204.153.147 - - [18/Aug/2019:13:55:14 +0200] "GET /img/Colt%2020.11.2011%20Hubi%207.JPG HTTP/1.1" 200 534770 "http://www.alle-ziele-spedition.de/informationen/spediteur" "Mozilla/5.0 (Linux; Android 9; SM-G950F) AppleWebKit/537.36 (KHTML, like Gecko) Chrome/75.0.3770.101 Mobile Safari/537.36"
89.204.153.147 - - [18/Aug/2019:13:55:14 +0200] "GET /img/lieboch1.jpg HTTP/1.1" 200 2006034 "http://www.alle-ziele-spedition.de/informationen/spediteur" "Mozilla/5.0 (Linux; Android 9; SM-G950F) AppleWebKit/537.36 (KHTML, like Gecko) Chrome/75.0.3770.101 Mobile Safari/537.36"
89.204.153.147 - - [18/Aug/2019:13:55:16 +0200] "GET /img/lieboch2.jpg HTTP/1.1" 200 1644725 "http://www.alle-ziele-spedition.de/informationen/spediteur" "Mozilla/5.0 (Linux; Android 9; SM-G950F) AppleWebKit/537.36 (KHTML, like Gecko) Chrome/75.0.3770.101 Mobile Safari/537.36"
89.204.153.147 - - [18/Aug/2019:13:55:17 +0200] "GET /img/P050222-05.jpg HTTP/1.1" 200 302910 "http://www.alle-ziele-spedition.de/informationen/spediteur" "Mozilla/5.0 (Linux; Android 9; SM-G950F) AppleWebKit/537.36 (KHTML, like Gecko) Chrome/75.0.3770.101 Mobile Safari/537.36"
89.204.153.147 - - [18/Aug/2019:13:55:17 +0200] "GET /img/Multiwheels.jpg HTTP/1.1" 200 394656 "http://www.alle-ziele-spedition.de/informationen/spediteur" "Mozilla/5.0 (Linux; Android 9; SM-G950F) AppleWebKit/537.36 (KHTML, like Gecko) Chrome/75.0.3770.101 Mobile Safari/537.36"
89.204.153.147 - - [18/Aug/2019:13:55:17 +0200] "GET /img/berlin_footer2.gif HTTP/1.1" 200 2795 "http://www.alle-ziele-spedition.de/css/screen.css" "Mozilla/5.0 (Linux; Android 9; SM-G950F) AppleWebKit/537.36 (KHTML, like Gecko) Chrome/75.0.3770.101 Mobile Safari/537.36"
89.204.153.147 - - [18/Aug/2019:13:55:12 +0200] "GET /img/geb%20(7).JPG HTTP/1.1" 200 1149007 "http://www.alle-ziele-spedition.de/informationen/spediteur" "Mozilla/5.0 (Linux; Android 9; SM-G950F) AppleWebKit/537.36 (KHTML, like Gecko) Chrome/75.0.3770.101 Mobile Safari/537.36"
89.204.153.147 - - [18/Aug/2019:13:55:13 +0200] "GET /img/geb%20(8).JPG HTTP/1.1" 200 1353331 "http://www.alle-ziele-spedition.de/informationen/spediteur" "Mozilla/5.0 (Linux; Android 9; SM-G950F) AppleWebKit/537.36 (KHTML, like Gecko) Chrome/75.0.3770.101 Mobile Safari/537.36"
89.204.153.147 - - [18/Aug/2019:13:55:12 +0200] "GET /img/geb%20(4).JPG HTTP/1.1" 200 2732649 "http://www.alle-ziele-spedition.de/informationen/spediteur" "Mozilla/5.0 (Linux; Android 9; SM-G950F) AppleWebKit/537.36 (KHTML, like Gecko) Chrome/75.0.3770.101 Mobile Safari/537.36"
89.204.153.147 - - [18/Aug/2019:13:55:32 +0200] "GET /favicon.ico HTTP/1.1" 200 8210 "http://www.alle-ziele-spedition.de/informationen/spediteur" "Mozilla/5.0 (Linux; Android 9; SM-G950F) AppleWebKit/537.36 (KHTML, like Gecko) Chrome/75.0.3770.101 Mobile Safari/537.36"
66.249.64.175 - - [18/Aug/2019:14:26:01 +0200] "GET /robots.txt HTTP/1.1" 200 8210 "-" "Mozilla/5.0 (compatible; Googlebot/2.1; +http://www.google.com/bot.html)"
66.249.64.173 - - [18/Aug/2019:14:26:02 +0200] "GET /pdf/Frachtrecht%20HGB.pdf HTTP/1.1" 200 19672 "-" "Mozilla/5.0 (Linux; Android 6.0.1; Nexus 5X Build/MMB29P) AppleWebKit/537.36 (KHTML, like Gecko) Chrome/41.0.2272.96 Mobile Safari/537.36 (compatible; Googlebot/2.1; +http://www.google.com/bot.html)"
157.55.39.123 - - [18/Aug/2019:15:23:47 +0200] "GET /privatkunden/seefracht HTTP/1.1" 200 8210 "-" "Mozilla/5.0 (compatible; bingbot/2.0; +http://www.bing.com/bingbot.htm)"
207.46.13.31 - - [18/Aug/2019:15:23:56 +0200] "GET /css/print.css HTTP/1.1" 200 830 "-" "Mozilla/5.0 (compatible; bingbot/2.0; +http://www.bing.com/bingbot.htm)"
207.46.13.31 - - [18/Aug/2019:15:23:57 +0200] "GET /js/curvycorners.src.js HTTP/1.1" 200 60221 "-" "Mozilla/5.0 (compatible; bingbot/2.0; +http://www.bing.com/bingbot.htm)"
62.29.248.140 - - [18/Aug/2019:15:39:33 +0200] "GET /impressum HTTP/1.1" 200 4964 "-" "Mozilla/5.0 (Macintosh; Intel Mac OS X 10_14_5) AppleWebKit/605.1.15 (KHTML, like Gecko) Version/12.1.1 Safari/605.1.15"
62.29.248.140 - - [18/Aug/2019:15:39:33 +0200] "GET /impressum HTTP/1.1" 200 4964 "-" "Mozilla/5.0 (Macintosh; Intel Mac OS X 10_14_5) AppleWebKit/605.1.15 (KHTML, like Gecko) Version/12.1.1 Safari/605.1.15"
62.29.248.140 - - [18/Aug/2019:15:39:33 +0200] "GET /unternehmen HTTP/1.1" 200 3128 "-" "Mozilla/5.0 (Macintosh; Intel Mac OS X 10_14_5) AppleWebKit/605.1.15 (KHTML, like Gecko) Version/12.1.1 Safari/605.1.15"
66.249.64.171 - - [18/Aug/2019:15:40:18 +0200] "GET /robots.txt HTTP/1.1" 200 8210 "-" "Mozilla/5.0 (compatible; Googlebot/2.1; +http://www.google.com/bot.html)"
66.249.64.175 - - [18/Aug/2019:15:40:18 +0200] "GET /informationen/spediteur HTTP/1.1" 200 111924 "-" "Mozilla/5.0 (Linux; Android 6.0.1; Nexus 5X Build/MMB29P) AppleWebKit/537.36 (KHTML, like Gecko) Chrome/41.0.2272.96 Mobile Safari/537.36 (compatible; Googlebot/2.1; +http://www.google.com/bot.html)"
87.159.188.194 - - [18/Aug/2019:15:40:24 +0200] "GET /pdf/Frachtrecht%20HGB.pdf HTTP/1.1" 200 19672 "-" "Mozilla/5.0 (Macintosh; Intel Mac OS X 10_13_2) AppleWebKit/604.4.7 (KHTML, like Gecko)"
87.159.188.194 - - [18/Aug/2019:15:40:25 +0200] "GET /apple-touch-icon-precomposed.png HTTP/1.1" 200 8210 "-" "Safari/13604.4.7.1.3 CFNetwork/893.13.1 Darwin/17.3.0 (x86_64)"
87.159.188.194 - - [18/Aug/2019:15:40:25 +0200] "GET /apple-touch-icon.png HTTP/1.1" 200 8210 "-" "Safari/13604.4.7.1.3 CFNetwork/893.13.1 Darwin/17.3.0 (x86_64)"
87.159.188.194 - - [18/Aug/2019:15:40:26 +0200] "GET /favicon.ico HTTP/1.1" 200 8210 "-" "Safari/13604.4.7.1.3 CFNetwork/893.13.1 Darwin/17.3.0 (x86_64)"
87.159.188.194 - - [18/Aug/2019:15:40:26 +0200] "GET /apple-touch-icon-precomposed.png HTTP/1.1" 200 8210 "-" "Safari/13604.4.7.1.3 CFNetwork/893.13.1 Darwin/17.3.0 (x86_64)"
87.159.188.194 - - [18/Aug/2019:15:40:27 +0200] "GET /apple-touch-icon.png HTTP/1.1" 200 8210 "-" "Safari/13604.4.7.1.3 CFNetwork/893.13.1 Darwin/17.3.0 (x86_64)"
87.159.188.194 - - [18/Aug/2019:15:40:27 +0200] "GET /favicon.ico HTTP/1.1" 200 8210 "-" "Safari/13604.4.7.1.3 CFNetwork/893.13.1 Darwin/17.3.0 (x86_64)"
87.159.188.194 - - [18/Aug/2019:15:40:27 +0200] "GET /pdf/Frachtrecht%20HGB.pdf HTTP/1.1" 200 19672 "-" "\"Mozilla/5.0 (iPhone; CPU iPhone OS 11_0 like Mac OS X) AppleWebKit/604.1.38 (KHTML, like Gecko) Version/11.0 Mobile/15A372 Safari/604.1\""
87.159.188.194 - - [18/Aug/2019:15:40:28 +0200] "GET /apple-touch-icon-precomposed.png HTTP/1.1" 200 8210 "-" "Safari/13604.4.7.1.3 CFNetwork/893.13.1 Darwin/17.3.0 (x86_64)"
87.159.188.194 - - [18/Aug/2019:15:40:28 +0200] "GET /apple-touch-icon.png HTTP/1.1" 200 8210 "-" "Safari/13604.4.7.1.3 CFNetwork/893.13.1 Darwin/17.3.0 (x86_64)"
87.159.188.194 - - [18/Aug/2019:15:40:28 +0200] "GET /favicon.ico HTTP/1.1" 200 8210 "-" "Safari/13604.4.7.1.3 CFNetwork/893.13.1 Darwin/17.3.0 (x86_64)"
87.159.188.194 - - [18/Aug/2019:15:40:28 +0200] "GET /apple-touch-icon-precomposed.png HTTP/1.1" 200 8210 "-" "Safari/13604.4.7.1.3 CFNetwork/893.13.1 Darwin/17.3.0 (x86_64)"
87.159.188.194 - - [18/Aug/2019:15:40:29 +0200] "GET /apple-touch-icon.png HTTP/1.1" 200 8210 "-" "Safari/13604.4.7.1.3 CFNetwork/893.13.1 Darwin/17.3.0 (x86_64)"
87.159.188.194 - - [18/Aug/2019:15:40:29 +0200] "GET /favicon.ico HTTP/1.1" 200 8210 "-" "Safari/13604.4.7.1.3 CFNetwork/893.13.1 Darwin/17.3.0 (x86_64)"
157.55.39.123 - - [18/Aug/2019:16:00:03 +0200] "GET /datenschutz HTTP/1.1" 200 8225 "-" "Mozilla/5.0 (compatible; bingbot/2.0; +http://www.bing.com/bingbot.htm)"
157.55.39.164 - - [18/Aug/2019:16:06:54 +0200] "GET /pdf/Frachtrecht%20HGB.pdf HTTP/1.1" 200 19672 "-" "Mozilla/5.0 (compatible; bingbot/2.0; +http://www.bing.com/bingbot.htm)"
66.249.64.175 - - [18/Aug/2019:16:07:22 +0200] "GET /datenschutz HTTP/1.1" 200 8225 "-" "Mozilla/5.0 (Linux; Android 6.0.1; Nexus 5X Build/MMB29P) AppleWebKit/537.36 (KHTML, like Gecko) Chrome/41.0.2272.96 Mobile Safari/537.36 (compatible; Googlebot/2.1; +http://www.google.com/bot.html)"
157.55.39.164 - - [18/Aug/2019:16:46:07 +0200] "GET /pdf/Frachtrecht%20HGB.pdf HTTP/1.1" 200 19672 "-" "Mozilla/5.0 (compatible; bingbot/2.0; +http://www.bing.com/bingbot.htm)"
35.231.106.134 - - [18/Aug/2019:17:07:48 +0200] "GET /robots.txt HTTP/1.0" 200 8210 "-" "ZoominfoBot (zoominfobot at zoominfo dot com)"
35.231.106.134 - - [18/Aug/2019:17:07:48 +0200] "GET /sitemap HTTP/1.0" 200 5025 "-" "ZoominfoBot (zoominfobot at zoominfo dot com)"
35.231.106.134 - - [18/Aug/2019:17:14:24 +0200] "GET /geschaeftskunden HTTP/1.0" 200 4078 "-" "ZoominfoBot (zoominfobot at zoominfo dot com)"
35.231.106.134 - - [18/Aug/2019:17:16:27 +0200] "GET /unternehmen HTTP/1.0" 200 3128 "-" "ZoominfoBot (zoominfobot at zoominfo dot com)"
35.231.106.134 - - [18/Aug/2019:17:17:08 +0200] "GET /aktuelles HTTP/1.0" 200 8334 "-" "ZoominfoBot (zoominfobot at zoominfo dot com)"
35.231.106.134 - - [18/Aug/2019:17:18:30 +0200] "GET /exportdokumente HTTP/1.0" 200 3581 "-" "ZoominfoBot (zoominfobot at zoominfo dot com)"
35.231.106.134 - - [18/Aug/2019:17:19:41 +0200] "GET /datenschutz HTTP/1.0" 200 8225 "-" "ZoominfoBot (zoominfobot at zoominfo dot com)"
35.231.106.134 - - [18/Aug/2019:17:21:08 +0200] "GET /informationen HTTP/1.0" 200 3978 "-" "ZoominfoBot (zoominfobot at zoominfo dot com)"
35.231.106.134 - - [18/Aug/2019:17:24:30 +0200] "GET /impressum HTTP/1.0" 200 4964 "-" "ZoominfoBot (zoominfobot at zoominfo dot com)"
95.216.96.244 - - [18/Aug/2019:18:04:02 +0200] "GET /robots.txt HTTP/1.1" 200 8210 "-" "Mozilla/5.0 (compatible; SEOkicks; +https://www.seokicks.de/robot.html)"
95.216.96.244 - - [18/Aug/2019:18:04:05 +0200] "GET / HTTP/1.1" 200 3316 "-" "Mozilla/5.0 (compatible; SEOkicks; +https://www.seokicks.de/robot.html)"
95.216.96.244 - - [18/Aug/2019:18:04:06 +0200] "GET /aktuelles HTTP/1.1" 200 8334 "http://www.alle-ziele-spedition.de/robots.txt" "Mozilla/5.0 (compatible; SEOkicks; +https://www.seokicks.de/robot.html)"
95.216.96.244 - - [18/Aug/2019:18:04:09 +0200] "GET /geschaeftskunden HTTP/1.1" 200 4078 "http://www.alle-ziele-spedition.de/robots.txt" "Mozilla/5.0 (compatible; SEOkicks; +https://www.seokicks.de/robot.html)"
95.216.96.244 - - [18/Aug/2019:18:04:10 +0200] "GET /exportdokumente HTTP/1.1" 200 3581 "http://www.alle-ziele-spedition.de/robots.txt" "Mozilla/5.0 (compatible; SEOkicks; +https://www.seokicks.de/robot.html)"
95.216.96.244 - - [18/Aug/2019:18:04:11 +0200] "GET /informationen HTTP/1.1" 200 3978 "http://www.alle-ziele-spedition.de/robots.txt" "Mozilla/5.0 (compatible; SEOkicks; +https://www.seokicks.de/robot.html)"
95.216.96.244 - - [18/Aug/2019:18:04:13 +0200] "GET /downloads HTTP/1.1" 200 5243 "http://www.alle-ziele-spedition.de/robots.txt" "Mozilla/5.0 (compatible; SEOkicks; +https://www.seokicks.de/robot.html)"
95.216.96.244 - - [18/Aug/2019:18:04:14 +0200] "GET /unternehmen HTTP/1.1" 200 3128 "http://www.alle-ziele-spedition.de/robots.txt" "Mozilla/5.0 (compatible; SEOkicks; +https://www.seokicks.de/robot.html)"
95.216.96.244 - - [18/Aug/2019:18:04:16 +0200] "GET /sitemap HTTP/1.1" 200 5025 "http://www.alle-ziele-spedition.de/robots.txt" "Mozilla/5.0 (compatible; SEOkicks; +https://www.seokicks.de/robot.html)"
207.46.13.31 - - [18/Aug/2019:18:16:53 +0200] "GET /img/geb%20(3).JPG HTTP/1.1" 200 2240578 "-" "Mozilla/5.0 (compatible; bingbot/2.0; +http://www.bing.com/bingbot.htm)"
77.20.226.22 - - [18/Aug/2019:18:17:12 +0200] "GET /pdf/Frachtrecht%20HGB.pdf HTTP/1.1" 200 19672 "https://www.ecosia.org/" "Mozilla/5.0 (Windows NT 6.0; rv:52.0) Gecko/20100101 Firefox/52.0"
66.249.64.171 - - [18/Aug/2019:18:28:02 +0200] "GET /robots.txt HTTP/1.1" 200 8210 "-" "Mozilla/5.0 (compatible; Googlebot/2.1; +http://www.google.com/bot.html)"
66.249.64.171 - - [18/Aug/2019:18:28:03 +0200] "GET /exportdokumente/drittlandexporte?&sa=U&ei=SNofVKjoMqne7AbmtoH4Cg&ved=0CEIQFjAH&usg=AFQjCNGNiXClgjCFqXcux-A5Rq-9Pv9c6g HTTP/1.1" 200 7480 "-" "Mozilla/5.0 (Linux; Android 6.0.1; Nexus 5X Build/MMB29P) AppleWebKit/537.36 (KHTML, like Gecko) Chrome/41.0.2272.96 Mobile Safari/537.36 (compatible; Googlebot/2.1; +http://www.google.com/bot.html)"
66.249.64.175 - - [18/Aug/2019:19:08:15 +0200] "GET /exportdokumente/drittlandexporte HTTP/1.1" 200 7480 "-" "Mozilla/5.0 (Linux; Android 6.0.1; Nexus 5X Build/MMB29P) AppleWebKit/537.36 (KHTML, like Gecko) Chrome/41.0.2272.96 Mobile Safari/537.36 (compatible; Googlebot/2.1; +http://www.google.com/bot.html)"
66.249.64.171 - - [18/Aug/2019:19:18:23 +0200] "GET /exportdokumente/wertgrenzen HTTP/1.1" 200 5733 "-" "Mozilla/5.0 (Linux; Android 6.0.1; Nexus 5X Build/MMB29P) AppleWebKit/537.36 (KHTML, like Gecko) Chrome/41.0.2272.96 Mobile Safari/537.36 (compatible; Googlebot/2.1; +http://www.google.com/bot.html)"
66.249.64.175 - - [18/Aug/2019:19:29:37 +0200] "GET /robots.txt HTTP/1.1" 200 8210 "-" "Mozilla/5.0 (compatible; Googlebot/2.1; +http://www.google.com/bot.html)"
66.249.64.171 - - [18/Aug/2019:19:29:37 +0200] "GET /unternehmen/wir_ueber_uns HTTP/1.1" 200 5040 "-" "Mozilla/5.0 (Linux; Android 6.0.1; Nexus 5X Build/MMB29P) AppleWebKit/537.36 (KHTML, like Gecko) Chrome/41.0.2272.96 Mobile Safari/537.36 (compatible; Googlebot/2.1; +http://www.google.com/bot.html)"
213.83.37.145 - - [18/Aug/2019:19:48:46 +0200] "HEAD / HTTP/1.1" 200 - "-" "Mozilla/5.0 (Windows NT 6.1; rv:39.0) Gecko/20180101 Firefox/39.0"
213.83.37.145 - - [18/Aug/2019:19:48:46 +0200] "HEAD / HTTP/1.1" 200 - "-" "Mozilla/5.0 (Windows NT 6.1; rv:39.0) Gecko/20180101 Firefox/39.0"
213.83.37.145 - - [18/Aug/2019:19:48:46 +0200] "HEAD / HTTP/1.1" 200 - "-" "Mozilla/5.0 (Windows NT 6.1; rv:39.0) Gecko/20180101 Firefox/39.0"
213.83.37.145 - - [18/Aug/2019:19:48:47 +0200] "HEAD / HTTP/1.1" 200 - "-" "Mozilla/5.0 (Windows NT 6.1; rv:39.0) Gecko/20180101 Firefox/39.0"
66.249.64.171 - - [18/Aug/2019:19:54:07 +0200] "GET /impressum HTTP/1.1" 200 4964 "-" "Mozilla/5.0 (Linux; Android 6.0.1; Nexus 5X Build/MMB29P) AppleWebKit/537.36 (KHTML, like Gecko) Chrome/41.0.2272.96 Mobile Safari/537.36 (compatible; Googlebot/2.1; +http://www.google.com/bot.html)"
66.249.64.173 - - [18/Aug/2019:20:04:15 +0200] "GET /exportdokumente/drittlandexporte?&sa=U&ei=97weVPzCOYLP7QbO84DwCw&ved=0CEIQFjAH&usg=AFQjCNEjQNFJiZ9IMbB7xK2Nn6lfpk6hRg HTTP/1.1" 200 7480 "-" "Mozilla/5.0 (Linux; Android 6.0.1; Nexus 5X Build/MMB29P) AppleWebKit/537.36 (KHTML, like Gecko) Chrome/41.0.2272.96 Mobile Safari/537.36 (compatible; Googlebot/2.1; +http://www.google.com/bot.html)"
40.77.167.12 - - [18/Aug/2019:20:12:54 +0200] "GET /geschaeftskunden/stueckgut_national HTTP/1.1" 200 4493 "-" "Mozilla/5.0 (compatible; bingbot/2.0; +http://www.bing.com/bingbot.htm)"
40.77.188.172 - - [18/Aug/2019:20:12:57 +0200] "GET /css/print.css HTTP/1.1" 200 830 "http://www.alle-ziele-spedition.de/geschaeftskunden/stueckgut_national" "Mozilla/5.0 (Windows NT 6.1; WOW64) AppleWebKit/534+ (KHTML, like Gecko) BingPreview/1.0b"
66.249.64.173 - - [18/Aug/2019:20:26:13 +0200] "GET /aktuelles HTTP/1.1" 200 8334 "-" "Mozilla/5.0 (Linux; Android 6.0.1; Nexus 5X Build/MMB29P) AppleWebKit/537.36 (KHTML, like Gecko) Chrome/41.0.2272.96 Mobile Safari/537.36 (compatible; Googlebot/2.1; +http://www.google.com/bot.html)"
66.249.64.175 - - [18/Aug/2019:21:58:46 +0200] "GET /robots.txt HTTP/1.1" 200 8210 "-" "Mozilla/5.0 (compatible; Googlebot/2.1; +http://www.google.com/bot.html)"
66.249.64.173 - - [18/Aug/2019:21:58:47 +0200] "GET /downloads HTTP/1.1" 200 5243 "-" "Mozilla/5.0 (Linux; Android 6.0.1; Nexus 5X Build/MMB29P) AppleWebKit/537.36 (KHTML, like Gecko) Chrome/41.0.2272.96 Mobile Safari/537.36 (compatible; Googlebot/2.1; +http://www.google.com/bot.html)"
116.203.40.92 - - [18/Aug/2019:22:02:54 +0200] "GET /informationen/spediteur HTTP/1.0" 200 111924 "-" "Mozilla/5.0 (Windows NT 10.0; Win64; x64; rv:61.0) Gecko/20100101 Firefox/61.0"
66.249.64.171 - - [18/Aug/2019:22:19:04 +0200] "GET /informationen HTTP/1.1" 200 3978 "-" "Mozilla/5.0 (Linux; Android 6.0.1; Nexus 5X Build/MMB29P) AppleWebKit/537.36 (KHTML, like Gecko) Chrome/41.0.2272.96 Mobile Safari/537.36 (compatible; Googlebot/2.1; +http://www.google.com/bot.html)"
46.85.140.82 - - [18/Aug/2019:22:50:16 +0200] "GET / HTTP/1.1" 200 3316 "-" "Mozilla/5.0 (iPhone; CPU iPhone OS 12_4 like Mac OS X) AppleWebKit/605.1.15 (KHTML, like Gecko) Version/12.1.2 Mobile/15E148 Safari/604.1"
46.85.140.82 - - [18/Aug/2019:22:50:16 +0200] "GET /apple-touch-icon-120x120-precomposed.png HTTP/1.1" 200 8210 "-" "MobileSafari/604.1 CFNetwork/978.0.7 Darwin/18.7.0"
46.85.140.82 - - [18/Aug/2019:22:50:17 +0200] "GET /apple-touch-icon-120x120.png HTTP/1.1" 200 8210 "-" "MobileSafari/604.1 CFNetwork/978.0.7 Darwin/18.7.0"
46.85.140.82 - - [18/Aug/2019:22:50:17 +0200] "GET /apple-touch-icon-precomposed.png HTTP/1.1" 200 8210 "-" "MobileSafari/604.1 CFNetwork/978.0.7 Darwin/18.7.0"
46.85.140.82 - - [18/Aug/2019:22:50:17 +0200] "GET /apple-touch-icon.png HTTP/1.1" 200 8210 "-" "MobileSafari/604.1 CFNetwork/978.0.7 Darwin/18.7.0"
46.85.140.82 - - [18/Aug/2019:22:50:17 +0200] "GET /favicon.ico HTTP/1.1" 200 8210 "-" "MobileSafari/604.1 CFNetwork/978.0.7 Darwin/18.7.0"
46.85.140.82 - - [18/Aug/2019:22:50:17 +0200] "GET /apple-touch-icon-120x120-precomposed.png HTTP/1.1" 200 8210 "-" "MobileSafari/604.1 CFNetwork/978.0.7 Darwin/18.7.0"
46.85.140.82 - - [18/Aug/2019:22:50:18 +0200] "GET /apple-touch-icon-120x120.png HTTP/1.1" 200 8210 "-" "MobileSafari/604.1 CFNetwork/978.0.7 Darwin/18.7.0"
46.85.140.82 - - [18/Aug/2019:22:50:18 +0200] "GET /apple-touch-icon-precomposed.png HTTP/1.1" 200 8210 "-" "MobileSafari/604.1 CFNetwork/978.0.7 Darwin/18.7.0"
46.85.140.82 - - [18/Aug/2019:22:50:18 +0200] "GET /apple-touch-icon.png HTTP/1.1" 200 8210 "-" "MobileSafari/604.1 CFNetwork/978.0.7 Darwin/18.7.0"
46.85.140.82 - - [18/Aug/2019:22:50:18 +0200] "GET /favicon.ico HTTP/1.1" 200 8210 "-" "MobileSafari/604.1 CFNetwork/978.0.7 Darwin/18.7.0"
157.55.39.72 - - [18/Aug/2019:23:17:34 +0200] "GET /datenschutz HTTP/1.1" 200 8225 "-" "Mozilla/5.0 (compatible; bingbot/2.0; +http://www.bing.com/bingbot.htm)"
66.249.64.173 - - [18/Aug/2019:23:20:06 +0200] "GET /robots.txt HTTP/1.1" 200 8210 "-" "Mozilla/5.0 (compatible; Googlebot/2.1; +http://www.google.com/bot.html)"
66.249.64.173 - - [18/Aug/2019:23:20:06 +0200] "GET /sitemap HTTP/1.1" 200 5025 "-" "Mozilla/5.0 (Linux; Android 6.0.1; Nexus 5X Build/MMB29P) AppleWebKit/537.36 (KHTML, like Gecko) Chrome/41.0.2272.96 Mobile Safari/537.36 (compatible; Googlebot/2.1; +http://www.google.com/bot.html)"
66.249.64.173 - - [18/Aug/2019:23:50:03 +0200] "GET /pdf/Frachtrecht%20HGB.pdf HTTP/1.1" 200 19672 "-" "Mozilla/5.0 (Linux; Android 6.0.1; Nexus 5X Build/MMB29P) AppleWebKit/537.36 (KHTML, like Gecko) Chrome/41.0.2272.96 Mobile Safari/537.36 (compatible; Googlebot/2.1; +http://www.google.com/bot.html)"
17.58.97.65 - - [19/Aug/2019:00:22:12 +0200] "GET /robots.txt HTTP/1.1" 200 8210 "-" "Mozilla/5.0 (Macintosh; Intel Mac OS X 10_10_1) AppleWebKit/600.2.5 (KHTML, like Gecko) Version/8.0.2 Safari/600.2.5 (Applebot/0.1; +http://www.apple.com/go/applebot)"
17.58.96.45 - - [19/Aug/2019:00:22:14 +0200] "GET /geschaeftskunden HTTP/1.1" 200 4078 "-" "Mozilla/5.0 (Macintosh; Intel Mac OS X 10_10_1) AppleWebKit/600.2.5 (KHTML, like Gecko) Version/8.0.2 Safari/600.2.5 (Applebot/0.1; +http://www.apple.com/go/applebot)"
66.249.64.173 - - [19/Aug/2019:00:31:51 +0200] "GET /robots.txt HTTP/1.1" 200 8210 "-" "Mozilla/5.0 (compatible; Googlebot/2.1; +http://www.google.com/bot.html)"
66.249.64.175 - - [19/Aug/2019:00:31:51 +0200] "GET /favicon.ico HTTP/1.1" 200 8210 "-" "Googlebot-Image/1.0"
207.46.13.8 - - [19/Aug/2019:00:39:30 +0200] "GET /empfehlen HTTP/1.1" 200 8278 "-" "Mozilla/5.0 (iPhone; CPU iPhone OS 7_0 like Mac OS X) AppleWebKit/537.51.1 (KHTML, like Gecko) Version/7.0 Mobile/11A465 Safari/9537.53 (compatible; bingbot/2.0; +http://www.bing.com/bingbot.htm)"
207.46.13.180 - - [19/Aug/2019:00:39:44 +0200] "GET /img/9606427.jpg HTTP/1.1" 200 21711 "-" "Mozilla/5.0 (iPhone; CPU iPhone OS 7_0 like Mac OS X) AppleWebKit/537.51.1 (KHTML, like Gecko) Version/7.0 Mobile/11A465 Safari/9537.53 (compatible; bingbot/2.0; +http://www.bing.com/bingbot.htm)"
40.77.167.55 - - [19/Aug/2019:00:39:48 +0200] "GET /img/14351312.jpg HTTP/1.1" 200 16335 "-" "Mozilla/5.0 (iPhone; CPU iPhone OS 7_0 like Mac OS X) AppleWebKit/537.51.1 (KHTML, like Gecko) Version/7.0 Mobile/11A465 Safari/9537.53 (compatible; bingbot/2.0; +http://www.bing.com/bingbot.htm)"
40.77.167.55 - - [19/Aug/2019:00:39:49 +0200] "GET /img/52814.jpg HTTP/1.1" 200 14378 "-" "Mozilla/5.0 (iPhone; CPU iPhone OS 7_0 like Mac OS X) AppleWebKit/537.51.1 (KHTML, like Gecko) Version/7.0 Mobile/11A465 Safari/9537.53 (compatible; bingbot/2.0; +http://www.bing.com/bingbot.htm)"
40.77.167.55 - - [19/Aug/2019:00:39:49 +0200] "GET /img/head_hg.jpg HTTP/1.1" 200 18629 "-" "Mozilla/5.0 (iPhone; CPU iPhone OS 7_0 like Mac OS X) AppleWebKit/537.51.1 (KHTML, like Gecko) Version/7.0 Mobile/11A465 Safari/9537.53 (compatible; bingbot/2.0; +http://www.bing.com/bingbot.htm)"
40.77.167.55 - - [19/Aug/2019:00:39:49 +0200] "GET /js/jquery-1.7.min.js HTTP/1.1" 200 94019 "-" "Mozilla/5.0 (iPhone; CPU iPhone OS 7_0 like Mac OS X) AppleWebKit/537.51.1 (KHTML, like Gecko) Version/7.0 Mobile/11A465 Safari/9537.53 (compatible; bingbot/2.0; +http://www.bing.com/bingbot.htm)"
207.46.13.8 - - [19/Aug/2019:00:39:54 +0200] "GET /img/7183587b.jpg HTTP/1.1" 200 12190 "-" "Mozilla/5.0 (iPhone; CPU iPhone OS 7_0 like Mac OS X) AppleWebKit/537.51.1 (KHTML, like Gecko) Version/7.0 Mobile/11A465 Safari/9537.53 (compatible; bingbot/2.0; +http://www.bing.com/bingbot.htm)"
207.46.13.8 - - [19/Aug/2019:00:39:54 +0200] "GET /img/berlin_footer2.gif HTTP/1.1" 200 2795 "-" "Mozilla/5.0 (iPhone; CPU iPhone OS 7_0 like Mac OS X) AppleWebKit/537.51.1 (KHTML, like Gecko) Version/7.0 Mobile/11A465 Safari/9537.53 (compatible; bingbot/2.0; +http://www.bing.com/bingbot.htm)"
207.46.13.8 - - [19/Aug/2019:00:39:55 +0200] "GET /img/hg_body.gif HTTP/1.1" 200 1754 "-" "Mozilla/5.0 (iPhone; CPU iPhone OS 7_0 like Mac OS X) AppleWebKit/537.51.1 (KHTML, like Gecko) Version/7.0 Mobile/11A465 Safari/9537.53 (compatible; bingbot/2.0; +http://www.bing.com/bingbot.htm)"
157.55.39.196 - - [19/Aug/2019:00:39:59 +0200] "GET /img/857034.jpg HTTP/1.1" 200 14613 "-" "Mozilla/5.0 (iPhone; CPU iPhone OS 7_0 like Mac OS X) AppleWebKit/537.51.1 (KHTML, like Gecko) Version/7.0 Mobile/11A465 Safari/9537.53 (compatible; bingbot/2.0; +http://www.bing.com/bingbot.htm)"
66.249.64.173 - - [19/Aug/2019:00:40:44 +0200] "GET /informationen/spediteur HTTP/1.1" 200 111924 "-" "Mozilla/5.0 (Linux; Android 6.0.1; Nexus 5X Build/MMB29P) AppleWebKit/537.36 (KHTML, like Gecko) Chrome/41.0.2272.96 Mobile Safari/537.36 (compatible; Googlebot/2.1; +http://www.google.com/bot.html)"
66.249.64.171 - - [19/Aug/2019:00:50:55 +0200] "GET /datenschutz HTTP/1.1" 200 8225 "-" "Mozilla/5.0 (Linux; Android 6.0.1; Nexus 5X Build/MMB29P) AppleWebKit/537.36 (KHTML, like Gecko) Chrome/41.0.2272.96 Mobile Safari/537.36 (compatible; Googlebot/2.1; +http://www.google.com/bot.html)"
17.58.96.45 - - [19/Aug/2019:01:03:26 +0200] "GET /aktuelles HTTP/1.1" 200 8334 "-" "Mozilla/5.0 (Macintosh; Intel Mac OS X 10_10_1) AppleWebKit/600.2.5 (KHTML, like Gecko) Version/8.0.2 Safari/600.2.5 (Applebot/0.1; +http://www.apple.com/go/applebot)"
66.249.64.175 - - [19/Aug/2019:01:03:55 +0200] "GET /favicon.ico HTTP/1.1" 200 8210 "-" "Googlebot-Image/1.0"
40.77.189.84 - - [19/Aug/2019:01:40:47 +0200] "GET /img/hg_body.gif HTTP/1.1" 200 1754 "-" "Mozilla/5.0 (iPhone; CPU iPhone OS 7_0 like Mac OS X) AppleWebKit/537.51.1 (KHTML, like Gecko) Version/7.0 Mobile/11A465 Safari/9537.53 BingPreview/1.0b"
34.74.218.232 - - [19/Aug/2019:02:00:35 +0200] "GET /robots.txt HTTP/1.0" 200 8210 "-" "ZoominfoBot (zoominfobot at zoominfo dot com)"
34.74.218.232 - - [19/Aug/2019:02:00:35 +0200] "GET / HTTP/1.0" 200 3316 "-" "ZoominfoBot (zoominfobot at zoominfo dot com)"
207.46.13.8 - - [19/Aug/2019:02:11:29 +0200] "GET /privatkunden/stueckgut HTTP/1.1" 200 8210 "-" "Mozilla/5.0 (compatible; bingbot/2.0; +http://www.bing.com/bingbot.htm)"
40.77.167.55 - - [19/Aug/2019:02:15:07 +0200] "GET /geschaeftskunden/stueckgut_national HTTP/1.1" 200 4493 "-" "Mozilla/5.0 (iPhone; CPU iPhone OS 7_0 like Mac OS X) AppleWebKit/537.51.1 (KHTML, like Gecko) Version/7.0 Mobile/11A465 Safari/9537.53 (compatible; bingbot/2.0; +http://www.bing.com/bingbot.htm)"
66.249.64.171 - - [19/Aug/2019:03:11:56 +0200] "GET /robots.txt HTTP/1.1" 200 8210 "-" "Mozilla/5.0 (compatible; Googlebot/2.1; +http://www.google.com/bot.html)"
66.249.64.171 - - [19/Aug/2019:03:11:56 +0200] "GET /pdf/Flyer%20Alle%20Ziele_WEB(0).pdf HTTP/1.1" 304 - "-" "Mozilla/5.0 (Linux; Android 6.0.1; Nexus 5X Build/MMB29P) AppleWebKit/537.36 (KHTML, like Gecko) Chrome/41.0.2272.96 Mobile Safari/537.36 (compatible; Googlebot/2.1; +http://www.google.com/bot.html)"
2.205.165.236 - - [19/Aug/2019:03:17:43 +0200] "GET /pdf/Frachtrecht%20HGB.pdf HTTP/1.1" 200 19672 "https://www.google.com/" "Mozilla/5.0 (Macintosh; Intel Mac OS X 10_14_5) AppleWebKit/605.1.15 (KHTML, like Gecko) Version/12.1.1 Safari/605.1.15"
2.205.165.236 - - [19/Aug/2019:03:17:43 +0200] "GET /favicon.ico HTTP/1.1" 200 8210 "http://www.alle-ziele-spedition.de/pdf/Frachtrecht%20HGB.pdf" "Mozilla/5.0 (Macintosh; Intel Mac OS X 10_14_5) AppleWebKit/605.1.15 (KHTML, like Gecko) Version/12.1.1 Safari/605.1.15"
66.249.64.175 - - [19/Aug/2019:03:21:45 +0200] "GET /exportdokumente HTTP/1.1" 200 3581 "-" "Mozilla/5.0 (Linux; Android 6.0.1; Nexus 5X Build/MMB29P) AppleWebKit/537.36 (KHTML, like Gecko) Chrome/41.0.2272.96 Mobile Safari/537.36 (compatible; Googlebot/2.1; +http://www.google.com/bot.html)"
119.29.78.205 - - [19/Aug/2019:03:39:48 +0200] "GET /wordpress/wp-admin/ HTTP/1.1" 200 8210 "-" "-"
66.249.64.175 - - [19/Aug/2019:03:41:46 +0200] "GET /exportdokumente/drittlandexporte HTTP/1.1" 200 7480 "-" "Mozilla/5.0 (Linux; Android 6.0.1; Nexus 5X Build/MMB29P) AppleWebKit/537.36 (KHTML, like Gecko) Chrome/41.0.2272.96 Mobile Safari/537.36 (compatible; Googlebot/2.1; +http://www.google.com/bot.html)"
66.249.64.173 - - [19/Aug/2019:04:21:48 +0200] "GET /robots.txt HTTP/1.1" 200 8210 "-" "Mozilla/5.0 (compatible; Googlebot/2.1; +http://www.google.com/bot.html)"
66.249.64.175 - - [19/Aug/2019:04:21:48 +0200] "GET /exportdokumente/drittlandexporte?&sa=U&ei=SNofVKjoMqne7AbmtoH4Cg&ved=0CEIQFjAH&usg=AFQjCNGNiXClgjCFqXcux-A5Rq-9Pv9c6g HTTP/1.1" 200 7480 "-" "Mozilla/5.0 (Linux; Android 6.0.1; Nexus 5X Build/MMB29P) AppleWebKit/537.36 (KHTML, like Gecko) Chrome/41.0.2272.96 Mobile Safari/537.36 (compatible; Googlebot/2.1; +http://www.google.com/bot.html)"
106.38.241.118 - - [19/Aug/2019:04:22:39 +0200] "GET /robots.txt HTTP/1.1" 200 8210 "-" "Sogou web spider/4.0(+http://www.sogou.com/docs/help/webmasters.htm#07)"
106.38.241.118 - - [19/Aug/2019:04:22:39 +0200] "GET / HTTP/1.1" 200 3316 "-" "Sogou web spider/4.0(+http://www.sogou.com/docs/help/webmasters.htm#07)"
66.249.64.175 - - [19/Aug/2019:04:31:47 +0200] "GET /impressum HTTP/1.1" 200 4964 "-" "Mozilla/5.0 (Linux; Android 6.0.1; Nexus 5X Build/MMB29P) AppleWebKit/537.36 (KHTML, like Gecko) Chrome/41.0.2272.96 Mobile Safari/537.36 (compatible; Googlebot/2.1; +http://www.google.com/bot.html)"
66.249.64.173 - - [19/Aug/2019:04:52:01 +0200] "GET /exportdokumente/wertgrenzen HTTP/1.1" 200 5733 "-" "Mozilla/5.0 (Linux; Android 6.0.1; Nexus 5X Build/MMB29P) AppleWebKit/537.36 (KHTML, like Gecko) Chrome/41.0.2272.96 Mobile Safari/537.36 (compatible; Googlebot/2.1; +http://www.google.com/bot.html)"
66.249.64.173 - - [19/Aug/2019:05:02:10 +0200] "GET /unternehmen/wir_ueber_uns HTTP/1.1" 200 5040 "-" "Mozilla/5.0 (Linux; Android 6.0.1; Nexus 5X Build/MMB29P) AppleWebKit/537.36 (KHTML, like Gecko) Chrome/41.0.2272.96 Mobile Safari/537.36 (compatible; Googlebot/2.1; +http://www.google.com/bot.html)"
66.249.64.173 - - [19/Aug/2019:05:52:38 +0200] "GET /robots.txt HTTP/1.1" 200 8210 "-" "Mozilla/5.0 (compatible; Googlebot/2.1; +http://www.google.com/bot.html)"
66.249.64.175 - - [19/Aug/2019:05:52:38 +0200] "GET /aktuelles HTTP/1.1" 200 8334 "-" "Mozilla/5.0 (Linux; Android 6.0.1; Nexus 5X Build/MMB29P) AppleWebKit/537.36 (KHTML, like Gecko) Chrome/41.0.2272.96 Mobile Safari/537.36 (compatible; Googlebot/2.1; +http://www.google.com/bot.html)"
207.46.13.19 - - [19/Aug/2019:06:00:23 +0200] "GET /informationen/faq HTTP/1.1" 200 7235 "-" "Mozilla/5.0 (compatible; bingbot/2.0; +http://www.bing.com/bingbot.htm)"
65.55.210.229 - - [19/Aug/2019:06:00:25 +0200] "GET /js/curvycorners.src.js HTTP/1.1" 200 60221 "http://www.alle-ziele-spedition.de/informationen/faq" "Mozilla/5.0 (Windows NT 6.1; WOW64) AppleWebKit/534+ (KHTML, like Gecko) BingPreview/1.0b"
65.55.210.229 - - [19/Aug/2019:06:00:25 +0200] "GET /css/screen.css HTTP/1.1" 200 13636 "http://www.alle-ziele-spedition.de/informationen/faq" "Mozilla/5.0 (Windows NT 6.1; WOW64) AppleWebKit/534+ (KHTML, like Gecko) BingPreview/1.0b"
65.55.210.229 - - [19/Aug/2019:06:00:27 +0200] "GET /css/print.css HTTP/1.1" 200 830 "http://www.alle-ziele-spedition.de/informationen/faq" "Mozilla/5.0 (Windows NT 6.1; WOW64) AppleWebKit/534+ (KHTML, like Gecko) BingPreview/1.0b"
66.249.64.171 - - [19/Aug/2019:06:02:56 +0200] "GET /exportdokumente/drittlandexporte?&sa=U&ei=97weVPzCOYLP7QbO84DwCw&ved=0CEIQFjAH&usg=AFQjCNEjQNFJiZ9IMbB7xK2Nn6lfpk6hRg HTTP/1.1" 200 7480 "-" "Mozilla/5.0 (Linux; Android 6.0.1; Nexus 5X Build/MMB29P) AppleWebKit/537.36 (KHTML, like Gecko) Chrome/41.0.2272.96 Mobile Safari/537.36 (compatible; Googlebot/2.1; +http://www.google.com/bot.html)"
40.77.167.98 - - [19/Aug/2019:06:13:27 +0200] "GET /aktuelles HTTP/1.1" 200 8334 "-" "Mozilla/5.0 (compatible; bingbot/2.0; +http://www.bing.com/bingbot.htm)"
34.74.176.61 - - [19/Aug/2019:06:37:49 +0200] "GET /robots.txt HTTP/1.0" 200 8210 "-" "ZoominfoBot (zoominfobot at zoominfo dot com)"
34.74.176.61 - - [19/Aug/2019:06:37:50 +0200] "GET /sitemap HTTP/1.0" 200 5025 "-" "ZoominfoBot (zoominfobot at zoominfo dot com)"
34.74.176.61 - - [19/Aug/2019:06:45:24 +0200] "GET /geschaeftskunden HTTP/1.0" 200 4078 "-" "ZoominfoBot (zoominfobot at zoominfo dot com)"
40.77.167.98 - - [19/Aug/2019:06:45:54 +0200] "GET /downloads HTTP/1.1" 200 5243 "-" "Mozilla/5.0 (iPhone; CPU iPhone OS 7_0 like Mac OS X) AppleWebKit/537.51.1 (KHTML, like Gecko) Version/7.0 Mobile/11A465 Safari/9537.53 (compatible; bingbot/2.0; +http://www.bing.com/bingbot.htm)"
207.46.13.137 - - [19/Aug/2019:06:46:07 +0200] "GET /img/12633631.jpg HTTP/1.1" 200 21529 "-" "Mozilla/5.0 (iPhone; CPU iPhone OS 7_0 like Mac OS X) AppleWebKit/537.51.1 (KHTML, like Gecko) Version/7.0 Mobile/11A465 Safari/9537.53 (compatible; bingbot/2.0; +http://www.bing.com/bingbot.htm)"
207.46.13.137 - - [19/Aug/2019:06:46:08 +0200] "GET /img/39858922.jpg HTTP/1.1" 200 13545 "-" "Mozilla/5.0 (iPhone; CPU iPhone OS 7_0 like Mac OS X) AppleWebKit/537.51.1 (KHTML, like Gecko) Version/7.0 Mobile/11A465 Safari/9537.53 (compatible; bingbot/2.0; +http://www.bing.com/bingbot.htm)"
207.46.13.48 - - [19/Aug/2019:06:46:12 +0200] "GET /img/36092786.jpg HTTP/1.1" 200 7989 "-" "Mozilla/5.0 (iPhone; CPU iPhone OS 7_0 like Mac OS X) AppleWebKit/537.51.1 (KHTML, like Gecko) Version/7.0 Mobile/11A465 Safari/9537.53 (compatible; bingbot/2.0; +http://www.bing.com/bingbot.htm)"
34.74.176.61 - - [19/Aug/2019:06:47:56 +0200] "GET /unternehmen HTTP/1.0" 200 3128 "-" "ZoominfoBot (zoominfobot at zoominfo dot com)"
34.74.176.61 - - [19/Aug/2019:06:48:52 +0200] "GET /aktuelles HTTP/1.0" 200 8334 "-" "ZoominfoBot (zoominfobot at zoominfo dot com)"
34.74.176.61 - - [19/Aug/2019:06:50:24 +0200] "GET /exportdokumente HTTP/1.0" 200 3581 "-" "ZoominfoBot (zoominfobot at zoominfo dot com)"
34.74.176.61 - - [19/Aug/2019:06:51:43 +0200] "GET /datenschutz HTTP/1.0" 200 8225 "-" "ZoominfoBot (zoominfobot at zoominfo dot com)"
34.74.176.61 - - [19/Aug/2019:06:53:23 +0200] "GET /informationen HTTP/1.0" 200 3978 "-" "ZoominfoBot (zoominfobot at zoominfo dot com)"
34.74.176.61 - - [19/Aug/2019:06:56:47 +0200] "GET /impressum HTTP/1.0" 200 4964 "-" "ZoominfoBot (zoominfobot at zoominfo dot com)"
66.249.64.173 - - [19/Aug/2019:07:13:05 +0200] "GET /robots.txt HTTP/1.1" 200 8210 "-" "Mozilla/5.0 (compatible; Googlebot/2.1; +http://www.google.com/bot.html)"
66.249.64.173 - - [19/Aug/2019:07:13:06 +0200] "GET /informationen HTTP/1.1" 200 3978 "-" "Mozilla/5.0 (Linux; Android 6.0.1; Nexus 5X Build/MMB29P) AppleWebKit/537.36 (KHTML, like Gecko) Chrome/41.0.2272.96 Mobile Safari/537.36 (compatible; Googlebot/2.1; +http://www.google.com/bot.html)"
42.236.102.3 - - [19/Aug/2019:07:18:42 +0200] "GET / HTTP/1.1" 200 3316 "http://www.alle-ziele-spedition.de/" "Mozilla/5.0 (Windows NT 6.1; WOW64) AppleWebKit/537.36 (KHTML, like Gecko) Chrome/50.0.2661.102 Safari/537.36; 360Spider"
204.136.206.153 - - [19/Aug/2019:07:21:32 +0200] "GET /exportdokumente/drittlandexporte HTTP/1.1" 200 7480 "http://www.google.de/url?sa=t&rct=j&q=&esrc=s&source=web&cd=10&ved=2ahUKEwja2vGLl47kAhUrheAKHZH-DmwQFjAJegQICBAB&url=http%3A%2F%2Fwww.alle-ziele-spedition.de%2Fexportdokumente%2Fdrittlandexporte&usg=AOvVaw3tTRiz72zfgGTEAY7fWSrO" "Mozilla/5.0 (Windows NT 6.1; WOW64; Trident/7.0; rv:11.0) like Gecko"
204.136.206.153 - - [19/Aug/2019:07:21:32 +0200] "GET /css/print.css HTTP/1.1" 200 830 "http://www.alle-ziele-spedition.de/exportdokumente/drittlandexporte" "Mozilla/5.0 (Windows NT 6.1; WOW64; Trident/7.0; rv:11.0) like Gecko"
204.136.206.153 - - [19/Aug/2019:07:21:32 +0200] "GET /js/curvycorners.src.js HTTP/1.1" 200 60221 "http://www.alle-ziele-spedition.de/exportdokumente/drittlandexporte" "Mozilla/5.0 (Windows NT 6.1; WOW64; Trident/7.0; rv:11.0) like Gecko"
204.136.206.153 - - [19/Aug/2019:07:21:33 +0200] "GET /css/screen.css HTTP/1.1" 200 13636 "http://www.alle-ziele-spedition.de/exportdokumente/drittlandexporte" "Mozilla/5.0 (Windows NT 6.1; WOW64; Trident/7.0; rv:11.0) like Gecko"
204.136.206.153 - - [19/Aug/2019:07:21:33 +0200] "GET /img/hg_body.gif HTTP/1.1" 200 1754 "http://www.alle-ziele-spedition.de/exportdokumente/drittlandexporte" "Mozilla/5.0 (Windows NT 6.1; WOW64; Trident/7.0; rv:11.0) like Gecko"
204.136.206.153 - - [19/Aug/2019:07:21:33 +0200] "GET /img/41954271.jpg HTTP/1.1" 200 20594 "http://www.alle-ziele-spedition.de/exportdokumente/drittlandexporte" "Mozilla/5.0 (Windows NT 6.1; WOW64; Trident/7.0; rv:11.0) like Gecko"
204.136.206.153 - - [19/Aug/2019:07:21:33 +0200] "GET /img/head_hg.jpg HTTP/1.1" 200 18629 "http://www.alle-ziele-spedition.de/exportdokumente/drittlandexporte" "Mozilla/5.0 (Windows NT 6.1; WOW64; Trident/7.0; rv:11.0) like Gecko"
204.136.206.153 - - [19/Aug/2019:07:21:33 +0200] "GET /img/customdeclar.jpg HTTP/1.1" 200 6759 "http://www.alle-ziele-spedition.de/exportdokumente/drittlandexporte" "Mozilla/5.0 (Windows NT 6.1; WOW64; Trident/7.0; rv:11.0) like Gecko"
204.136.206.153 - - [19/Aug/2019:07:21:33 +0200] "GET /img/40362199.jpg HTTP/1.1" 200 25594 "http://www.alle-ziele-spedition.de/exportdokumente/drittlandexporte" "Mozilla/5.0 (Windows NT 6.1; WOW64; Trident/7.0; rv:11.0) like Gecko"
204.136.206.153 - - [19/Aug/2019:07:21:34 +0200] "GET /img/42884495.jpg HTTP/1.1" 200 14885 "http://www.alle-ziele-spedition.de/exportdokumente/drittlandexporte" "Mozilla/5.0 (Windows NT 6.1; WOW64; Trident/7.0; rv:11.0) like Gecko"
204.136.206.153 - - [19/Aug/2019:07:21:34 +0200] "GET /img/berlin_footer2.gif HTTP/1.1" 200 2795 "http://www.alle-ziele-spedition.de/exportdokumente/drittlandexporte" "Mozilla/5.0 (Windows NT 6.1; WOW64; Trident/7.0; rv:11.0) like Gecko"
204.136.206.153 - - [19/Aug/2019:07:21:34 +0200] "GET /favicon.ico HTTP/1.1" 200 8210 "-" "Mozilla/5.0 (Windows NT 6.1; Win64; x64; Trident/7.0; rv:11.0) like Gecko"
66.249.64.173 - - [19/Aug/2019:07:22:56 +0200] "GET /downloads HTTP/1.1" 200 5243 "-" "Mozilla/5.0 (Linux; Android 6.0.1; Nexus 5X Build/MMB29P) AppleWebKit/537.36 (KHTML, like Gecko) Chrome/41.0.2272.96 Mobile Safari/537.36 (compatible; Googlebot/2.1; +http://www.google.com/bot.html)"
80.147.82.60 - - [19/Aug/2019:07:57:45 +0200] "GET /exportdokumente/wertgrenzen HTTP/1.1" 200 5733 "-" "Mozilla/5.0 (Macintosh; Intel Mac OS X 10_11_6) AppleWebKit/605.1.15 (KHTML, like Gecko)"
80.147.82.60 - - [19/Aug/2019:07:57:45 +0200] "GET /apple-touch-icon-precomposed.png HTTP/1.1" 200 8210 "-" "Safari/11605.3.8.1 CFNetwork/760.9 Darwin/15.6.0 (x86_64)"
80.147.82.60 - - [19/Aug/2019:07:57:46 +0200] "GET /apple-touch-icon.png HTTP/1.1" 200 8210 "-" "Safari/11605.3.8.1 CFNetwork/760.9 Darwin/15.6.0 (x86_64)"
80.147.82.60 - - [19/Aug/2019:07:57:46 +0200] "GET /favicon.ico HTTP/1.1" 200 8210 "-" "Safari/11605.3.8.1 CFNetwork/760.9 Darwin/15.6.0 (x86_64)"
80.147.82.60 - - [19/Aug/2019:07:57:46 +0200] "GET /apple-touch-icon-precomposed.png HTTP/1.1" 200 8210 "-" "Safari/11605.3.8.1 CFNetwork/760.9 Darwin/15.6.0 (x86_64)"
80.147.82.60 - - [19/Aug/2019:07:57:46 +0200] "GET /apple-touch-icon.png HTTP/1.1" 200 8210 "-" "Safari/11605.3.8.1 CFNetwork/760.9 Darwin/15.6.0 (x86_64)"
80.147.82.60 - - [19/Aug/2019:07:57:47 +0200] "GET /favicon.ico HTTP/1.1" 200 8210 "-" "Safari/11605.3.8.1 CFNetwork/760.9 Darwin/15.6.0 (x86_64)"
80.147.82.60 - - [19/Aug/2019:07:57:47 +0200] "GET /exportdokumente/wertgrenzen HTTP/1.1" 200 5733 "-" "\"Mozilla/5.0 (iPhone; CPU iPhone OS 11_0 like Mac OS X) AppleWebKit/604.1.38 (KHTML, like Gecko) Version/11.0 Mobile/15A372 Safari/604.1\""
80.147.82.60 - - [19/Aug/2019:07:57:47 +0200] "GET /apple-touch-icon-precomposed.png HTTP/1.1" 200 8210 "-" "Safari/11605.3.8.1 CFNetwork/760.9 Darwin/15.6.0 (x86_64)"
80.147.82.60 - - [19/Aug/2019:07:57:47 +0200] "GET /apple-touch-icon.png HTTP/1.1" 200 8210 "-" "Safari/11605.3.8.1 CFNetwork/760.9 Darwin/15.6.0 (x86_64)"
80.147.82.60 - - [19/Aug/2019:07:57:48 +0200] "GET /favicon.ico HTTP/1.1" 200 8210 "-" "Safari/11605.3.8.1 CFNetwork/760.9 Darwin/15.6.0 (x86_64)"
80.147.82.60 - - [19/Aug/2019:07:57:48 +0200] "GET /apple-touch-icon-precomposed.png HTTP/1.1" 200 8210 "-" "Safari/11605.3.8.1 CFNetwork/760.9 Darwin/15.6.0 (x86_64)"
80.147.82.60 - - [19/Aug/2019:07:57:48 +0200] "GET /apple-touch-icon.png HTTP/1.1" 200 8210 "-" "Safari/11605.3.8.1 CFNetwork/760.9 Darwin/15.6.0 (x86_64)"
80.147.82.60 - - [19/Aug/2019:07:57:48 +0200] "GET /favicon.ico HTTP/1.1" 200 8210 "-" "Safari/11605.3.8.1 CFNetwork/760.9 Darwin/15.6.0 (x86_64)"
46.229.168.132 - - [19/Aug/2019:07:59:56 +0200] "GET /robots.txt HTTP/1.1" 200 8210 "-" "Mozilla/5.0 (compatible; SemrushBot/3~bl; +http://www.semrush.com/bot.html)"
46.229.168.147 - - [19/Aug/2019:07:59:57 +0200] "GET /downloads HTTP/1.1" 200 5243 "-" "Mozilla/5.0 (compatible; SemrushBot/3~bl; +http://www.semrush.com/bot.html)"
80.147.82.60 - - [19/Aug/2019:08:05:08 +0200] "GET / HTTP/1.1" 200 3316 "-" "Mozilla/5.0 (Macintosh; Intel Mac OS X 10_11_6) AppleWebKit/605.1.15 (KHTML, like Gecko) Version/11.1.2 Safari/605.1.15"
80.147.82.60 - - [19/Aug/2019:08:05:08 +0200] "GET /css/screen.css HTTP/1.1" 200 13636 "http://www.alle-ziele-spedition.de/" "Mozilla/5.0 (Macintosh; Intel Mac OS X 10_11_6) AppleWebKit/605.1.15 (KHTML, like Gecko) Version/11.1.2 Safari/605.1.15"
80.147.82.60 - - [19/Aug/2019:08:05:08 +0200] "GET /css/print.css HTTP/1.1" 200 830 "http://www.alle-ziele-spedition.de/" "Mozilla/5.0 (Macintosh; Intel Mac OS X 10_11_6) AppleWebKit/605.1.15 (KHTML, like Gecko) Version/11.1.2 Safari/605.1.15"
80.147.82.60 - - [19/Aug/2019:08:05:08 +0200] "GET /js/curvycorners.src.js HTTP/1.1" 200 60221 "http://www.alle-ziele-spedition.de/" "Mozilla/5.0 (Macintosh; Intel Mac OS X 10_11_6) AppleWebKit/605.1.15 (KHTML, like Gecko) Version/11.1.2 Safari/605.1.15"
37.30.17.116 - - [19/Aug/2019:08:21:41 +0200] "GET /apple-touch-icon-precomposed.png HTTP/1.1" 200 8210 "-" "Mozilla/5.0 (Windows NT 10.0; Win64; x64) AppleWebKit/537.36 (KHTML, like Gecko) Chrome/55.0.2883.87 Safari/537.36 eM Client/7.2.34959.0"
37.30.17.116 - - [19/Aug/2019:08:21:41 +0200] "GET /apple-touch-icon.png HTTP/1.1" 200 8210 "-" "Mozilla/5.0 (Windows NT 10.0; Win64; x64) AppleWebKit/537.36 (KHTML, like Gecko) Chrome/55.0.2883.87 Safari/537.36 eM Client/7.2.34959.0"
37.30.17.116 - - [19/Aug/2019:08:21:42 +0200] "GET /apple-touch-icon-precomposed.png HTTP/1.1" 200 8210 "-" "Mozilla/5.0 (Windows NT 10.0; Win64; x64) AppleWebKit/537.36 (KHTML, like Gecko) Chrome/55.0.2883.87 Safari/537.36 eM Client/7.2.34959.0"
37.30.17.116 - - [19/Aug/2019:08:21:41 +0200] "GET / HTTP/1.1" 200 3316 "-" "Mozilla/5.0 (Windows NT 10.0; Win64; x64) AppleWebKit/537.36 (KHTML, like Gecko) Chrome/55.0.2883.87 Safari/537.36 eM Client/7.2.34959.0"
37.30.17.116 - - [19/Aug/2019:08:21:41 +0200] "GET /favicon.ico HTTP/1.1" 200 8210 "-" "Mozilla/5.0 (Windows NT 10.0; Win64; x64) AppleWebKit/537.36 (KHTML, like Gecko) Chrome/55.0.2883.87 Safari/537.36 eM Client/7.2.34959.0"
37.30.17.116 - - [19/Aug/2019:08:21:42 +0200] "GET /apple-touch-icon.png HTTP/1.1" 200 8210 "-" "Mozilla/5.0 (Windows NT 10.0; Win64; x64) AppleWebKit/537.36 (KHTML, like Gecko) Chrome/55.0.2883.87 Safari/537.36 eM Client/7.2.34959.0"
37.30.17.116 - - [19/Aug/2019:08:21:43 +0200] "GET / HTTP/1.1" 200 3316 "-" "Mozilla/5.0 (Windows NT 10.0; Win64; x64) AppleWebKit/537.36 (KHTML, like Gecko) Chrome/55.0.2883.87 Safari/537.36 eM Client/7.2.34959.0"
37.30.17.116 - - [19/Aug/2019:08:21:43 +0200] "GET /favicon.ico HTTP/1.1" 200 8210 "-" "Mozilla/5.0 (Windows NT 10.0; Win64; x64) AppleWebKit/537.36 (KHTML, like Gecko) Chrome/55.0.2883.87 Safari/537.36 eM Client/7.2.34959.0"
