40.77.188.67 - - [17/Aug/2019:18:49:15 +0200] "GET /css/print.css HTTP/1.1" 200 830 "-" "Mozilla/5.0 (Windows NT 6.1; WOW64) AppleWebKit/534+ (KHTML, like Gecko) BingPreview/1.0b"
70.36.114.122 - - [17/Aug/2019:19:07:43 +0200] "GET / HTTP/1.1" 200 3316 "http://www.alle-ziele-spedition.de/" "Mozilla/5.0 (Windows NT 6.1; WOW64) AppleWebKit/537.36 (KHTML, like Gecko) Chrome/42.0.2311.152 Safari/537.36"
66.249.64.175 - - [17/Aug/2019:19:20:57 +0200] "GET /robots.txt HTTP/1.1" 200 8210 "-" "Mozilla/5.0 (compatible; Googlebot/2.1; +http://www.google.com/bot.html)"
66.249.64.173 - - [17/Aug/2019:19:20:58 +0200] "GET /pdf/Frachtrecht%20HGB.pdf HTTP/1.1" 200 19672 "-" "Mozilla/5.0 (Linux; Android 6.0.1; Nexus 5X Build/MMB29P) AppleWebKit/537.36 (KHTML, like Gecko) Chrome/41.0.2272.96 Mobile Safari/537.36 (compatible; Googlebot/2.1; +http://www.google.com/bot.html)"
80.187.105.85 - - [17/Aug/2019:19:44:28 +0200] "GET / HTTP/1.1" 200 3316 "-" "Mozilla/5.0 (iPhone; CPU iPhone OS 12_4 like Mac OS X) AppleWebKit/605.1.15 (KHTML, like Gecko) Version/12.1.2 Mobile/15E148 Safari/604.1"
80.187.105.85 - - [17/Aug/2019:19:44:29 +0200] "GET /apple-touch-icon-120x120-precomposed.png HTTP/1.1" 200 8210 "-" "MobileSafari/604.1 CFNetwork/978.0.7 Darwin/18.7.0"
80.187.105.85 - - [17/Aug/2019:19:44:29 +0200] "GET /apple-touch-icon-120x120.png HTTP/1.1" 200 8210 "-" "MobileSafari/604.1 CFNetwork/978.0.7 Darwin/18.7.0"
80.187.105.85 - - [17/Aug/2019:19:44:29 +0200] "GET /apple-touch-icon-precomposed.png HTTP/1.1" 200 8210 "-" "MobileSafari/604.1 CFNetwork/978.0.7 Darwin/18.7.0"
80.187.105.85 - - [17/Aug/2019:19:44:30 +0200] "GET /apple-touch-icon.png HTTP/1.1" 200 8210 "-" "MobileSafari/604.1 CFNetwork/978.0.7 Darwin/18.7.0"
80.187.105.85 - - [17/Aug/2019:19:44:30 +0200] "GET /favicon.ico HTTP/1.1" 200 8210 "-" "MobileSafari/604.1 CFNetwork/978.0.7 Darwin/18.7.0"
80.187.105.85 - - [17/Aug/2019:19:44:30 +0200] "GET /apple-touch-icon-120x120-precomposed.png HTTP/1.1" 200 8210 "-" "MobileSafari/604.1 CFNetwork/978.0.7 Darwin/18.7.0"
80.187.105.85 - - [17/Aug/2019:19:44:30 +0200] "GET /apple-touch-icon-120x120.png HTTP/1.1" 200 8210 "-" "MobileSafari/604.1 CFNetwork/978.0.7 Darwin/18.7.0"
80.187.105.85 - - [17/Aug/2019:19:44:31 +0200] "GET /apple-touch-icon-precomposed.png HTTP/1.1" 200 8210 "-" "MobileSafari/604.1 CFNetwork/978.0.7 Darwin/18.7.0"
80.187.105.85 - - [17/Aug/2019:19:44:31 +0200] "GET /apple-touch-icon.png HTTP/1.1" 200 8210 "-" "MobileSafari/604.1 CFNetwork/978.0.7 Darwin/18.7.0"
80.187.105.85 - - [17/Aug/2019:19:44:31 +0200] "GET /favicon.ico HTTP/1.1" 200 8210 "-" "MobileSafari/604.1 CFNetwork/978.0.7 Darwin/18.7.0"
66.249.64.175 - - [17/Aug/2019:20:02:49 +0200] "GET /datenschutz HTTP/1.1" 200 8225 "-" "Mozilla/5.0 (Linux; Android 6.0.1; Nexus 5X Build/MMB29P) AppleWebKit/537.36 (KHTML, like Gecko) Chrome/41.0.2272.96 Mobile Safari/537.36 (compatible; Googlebot/2.1; +http://www.google.com/bot.html)"
107.21.1.8 - - [17/Aug/2019:20:43:26 +0200] "GET / HTTP/1.1" 200 3316 "http://www.alle-ziele-spedition.de/" "Mozilla/5.0 (compatible; DuckDuckGo-Favicons-Bot/1.0; +http://duckduckgo.com)"
107.21.1.8 - - [17/Aug/2019:20:43:27 +0200] "GET /favicon.ico HTTP/1.1" 200 8210 "http://www.alle-ziele-spedition.de/favicon.ico" "Mozilla/5.0 (compatible; DuckDuckGo-Favicons-Bot/1.0; +http://duckduckgo.com)"
13.66.139.0 - - [17/Aug/2019:20:47:29 +0200] "GET /unternehmen HTTP/1.1" 200 3128 "-" "Mozilla/5.0 (compatible; bingbot/2.0; +http://www.bing.com/bingbot.htm)"
87.159.188.194 - - [17/Aug/2019:20:58:53 +0200] "GET /pdf/Frachtrecht%20HGB.pdf HTTP/1.1" 200 19672 "-" "Mozilla/5.0 (Macintosh; Intel Mac OS X 10_13_2) AppleWebKit/604.4.7 (KHTML, like Gecko)"
87.159.188.194 - - [17/Aug/2019:20:58:57 +0200] "GET /apple-touch-icon-precomposed.png HTTP/1.1" 200 8210 "-" "Safari/13604.4.7.1.3 CFNetwork/893.13.1 Darwin/17.3.0 (x86_64)"
87.159.188.194 - - [17/Aug/2019:20:58:57 +0200] "GET /apple-touch-icon.png HTTP/1.1" 200 8210 "-" "Safari/13604.4.7.1.3 CFNetwork/893.13.1 Darwin/17.3.0 (x86_64)"
87.159.188.194 - - [17/Aug/2019:20:58:57 +0200] "GET /favicon.ico HTTP/1.1" 200 8210 "-" "Safari/13604.4.7.1.3 CFNetwork/893.13.1 Darwin/17.3.0 (x86_64)"
87.159.188.194 - - [17/Aug/2019:20:58:58 +0200] "GET /apple-touch-icon-precomposed.png HTTP/1.1" 200 8210 "-" "Safari/13604.4.7.1.3 CFNetwork/893.13.1 Darwin/17.3.0 (x86_64)"
87.159.188.194 - - [17/Aug/2019:20:58:58 +0200] "GET /apple-touch-icon.png HTTP/1.1" 200 8210 "-" "Safari/13604.4.7.1.3 CFNetwork/893.13.1 Darwin/17.3.0 (x86_64)"
87.159.188.194 - - [17/Aug/2019:20:58:58 +0200] "GET /favicon.ico HTTP/1.1" 200 8210 "-" "Safari/13604.4.7.1.3 CFNetwork/893.13.1 Darwin/17.3.0 (x86_64)"
87.159.188.194 - - [17/Aug/2019:20:58:58 +0200] "GET /pdf/Frachtrecht%20HGB.pdf HTTP/1.1" 200 19672 "-" "\"Mozilla/5.0 (iPhone; CPU iPhone OS 11_0 like Mac OS X) AppleWebKit/604.1.38 (KHTML, like Gecko) Version/11.0 Mobile/15A372 Safari/604.1\""
87.159.188.194 - - [17/Aug/2019:20:58:59 +0200] "GET /apple-touch-icon-precomposed.png HTTP/1.1" 200 8210 "-" "Safari/13604.4.7.1.3 CFNetwork/893.13.1 Darwin/17.3.0 (x86_64)"
87.159.188.194 - - [17/Aug/2019:20:58:59 +0200] "GET /apple-touch-icon.png HTTP/1.1" 200 8210 "-" "Safari/13604.4.7.1.3 CFNetwork/893.13.1 Darwin/17.3.0 (x86_64)"
87.159.188.194 - - [17/Aug/2019:20:58:59 +0200] "GET /favicon.ico HTTP/1.1" 200 8210 "-" "Safari/13604.4.7.1.3 CFNetwork/893.13.1 Darwin/17.3.0 (x86_64)"
87.159.188.194 - - [17/Aug/2019:20:58:59 +0200] "GET /apple-touch-icon-precomposed.png HTTP/1.1" 200 8210 "-" "Safari/13604.4.7.1.3 CFNetwork/893.13.1 Darwin/17.3.0 (x86_64)"
87.159.188.194 - - [17/Aug/2019:20:58:59 +0200] "GET /apple-touch-icon.png HTTP/1.1" 200 8210 "-" "Safari/13604.4.7.1.3 CFNetwork/893.13.1 Darwin/17.3.0 (x86_64)"
87.159.188.194 - - [17/Aug/2019:20:59:00 +0200] "GET /favicon.ico HTTP/1.1" 200 8210 "-" "Safari/13604.4.7.1.3 CFNetwork/893.13.1 Darwin/17.3.0 (x86_64)"
66.249.64.173 - - [17/Aug/2019:21:22:05 +0200] "GET /robots.txt HTTP/1.1" 200 8210 "-" "Mozilla/5.0 (compatible; Googlebot/2.1; +http://www.google.com/bot.html)"
66.249.64.173 - - [17/Aug/2019:21:22:05 +0200] "GET /informationen/spediteur HTTP/1.1" 200 111924 "-" "Mozilla/5.0 (Linux; Android 6.0.1; Nexus 5X Build/MMB29P) AppleWebKit/537.36 (KHTML, like Gecko) Chrome/41.0.2272.96 Mobile Safari/537.36 (compatible; Googlebot/2.1; +http://www.google.com/bot.html)"
95.91.244.60 - - [17/Aug/2019:21:26:22 +0200] "GET /informationen/spediteur HTTP/1.1" 200 111924 "https://www.google.com/" "Mozilla/5.0 (Windows NT 10.0; Win64; x64) AppleWebKit/537.36 (KHTML, like Gecko) Chrome/76.0.3809.100 Safari/537.36"
95.91.244.60 - - [17/Aug/2019:21:26:22 +0200] "GET /css/screen.css HTTP/1.1" 200 13636 "http://www.alle-ziele-spedition.de/informationen/spediteur" "Mozilla/5.0 (Windows NT 10.0; Win64; x64) AppleWebKit/537.36 (KHTML, like Gecko) Chrome/76.0.3809.100 Safari/537.36"
95.91.244.60 - - [17/Aug/2019:21:26:22 +0200] "GET /css/print.css HTTP/1.1" 200 830 "http://www.alle-ziele-spedition.de/informationen/spediteur" "Mozilla/5.0 (Windows NT 10.0; Win64; x64) AppleWebKit/537.36 (KHTML, like Gecko) Chrome/76.0.3809.100 Safari/537.36"
95.91.244.60 - - [17/Aug/2019:21:26:22 +0200] "GET /js/curvycorners.src.js HTTP/1.1" 200 60221 "http://www.alle-ziele-spedition.de/informationen/spediteur" "Mozilla/5.0 (Windows NT 10.0; Win64; x64) AppleWebKit/537.36 (KHTML, like Gecko) Chrome/76.0.3809.100 Safari/537.36"
95.91.244.60 - - [17/Aug/2019:21:26:22 +0200] "GET /img/geb%20(1).JPG HTTP/1.1" 200 1339655 "http://www.alle-ziele-spedition.de/informationen/spediteur" "Mozilla/5.0 (Windows NT 10.0; Win64; x64) AppleWebKit/537.36 (KHTML, like Gecko) Chrome/76.0.3809.100 Safari/537.36"
95.91.244.60 - - [17/Aug/2019:21:26:23 +0200] "GET /img/hg_body.gif HTTP/1.1" 200 1754 "http://www.alle-ziele-spedition.de/css/screen.css" "Mozilla/5.0 (Windows NT 10.0; Win64; x64) AppleWebKit/537.36 (KHTML, like Gecko) Chrome/76.0.3809.100 Safari/537.36"
95.91.244.60 - - [17/Aug/2019:21:26:23 +0200] "GET /img/head_hg.jpg HTTP/1.1" 200 18629 "http://www.alle-ziele-spedition.de/css/screen.css" "Mozilla/5.0 (Windows NT 10.0; Win64; x64) AppleWebKit/537.36 (KHTML, like Gecko) Chrome/76.0.3809.100 Safari/537.36"
95.91.244.60 - - [17/Aug/2019:21:26:24 +0200] "GET /img/7183587b.jpg HTTP/1.1" 200 12190 "http://www.alle-ziele-spedition.de/css/screen.css" "Mozilla/5.0 (Windows NT 10.0; Win64; x64) AppleWebKit/537.36 (KHTML, like Gecko) Chrome/76.0.3809.100 Safari/537.36"
95.91.244.60 - - [17/Aug/2019:21:26:24 +0200] "GET /img/52814.jpg HTTP/1.1" 200 14378 "http://www.alle-ziele-spedition.de/css/screen.css" "Mozilla/5.0 (Windows NT 10.0; Win64; x64) AppleWebKit/537.36 (KHTML, like Gecko) Chrome/76.0.3809.100 Safari/537.36"
95.91.244.60 - - [17/Aug/2019:21:26:24 +0200] "GET /img/14351312.jpg HTTP/1.1" 200 16335 "http://www.alle-ziele-spedition.de/css/screen.css" "Mozilla/5.0 (Windows NT 10.0; Win64; x64) AppleWebKit/537.36 (KHTML, like Gecko) Chrome/76.0.3809.100 Safari/537.36"
95.91.244.60 - - [17/Aug/2019:21:26:24 +0200] "GET /img/9606427.jpg HTTP/1.1" 200 21711 "http://www.alle-ziele-spedition.de/css/screen.css" "Mozilla/5.0 (Windows NT 10.0; Win64; x64) AppleWebKit/537.36 (KHTML, like Gecko) Chrome/76.0.3809.100 Safari/537.36"
95.91.244.60 - - [17/Aug/2019:21:26:24 +0200] "GET /img/857034.jpg HTTP/1.1" 200 14613 "http://www.alle-ziele-spedition.de/css/screen.css" "Mozilla/5.0 (Windows NT 10.0; Win64; x64) AppleWebKit/537.36 (KHTML, like Gecko) Chrome/76.0.3809.100 Safari/537.36"
95.91.244.60 - - [17/Aug/2019:21:26:22 +0200] "GET /img/geb%20(2).JPG HTTP/1.1" 200 2207352 "http://www.alle-ziele-spedition.de/informationen/spediteur" "Mozilla/5.0 (Windows NT 10.0; Win64; x64) AppleWebKit/537.36 (KHTML, like Gecko) Chrome/76.0.3809.100 Safari/537.36"
95.91.244.60 - - [17/Aug/2019:21:26:23 +0200] "GET /img/geb%20(3).JPG HTTP/1.1" 200 2240578 "http://www.alle-ziele-spedition.de/informationen/spediteur" "Mozilla/5.0 (Windows NT 10.0; Win64; x64) AppleWebKit/537.36 (KHTML, like Gecko) Chrome/76.0.3809.100 Safari/537.36"
95.91.244.60 - - [17/Aug/2019:21:26:23 +0200] "GET /img/geb%20(6).JPG HTTP/1.1" 200 1292377 "http://www.alle-ziele-spedition.de/informationen/spediteur" "Mozilla/5.0 (Windows NT 10.0; Win64; x64) AppleWebKit/537.36 (KHTML, like Gecko) Chrome/76.0.3809.100 Safari/537.36"
95.91.244.60 - - [17/Aug/2019:21:26:24 +0200] "GET /img/Colt%2020.11.2011%20Hubi%204.JPG HTTP/1.1" 200 416132 "http://www.alle-ziele-spedition.de/informationen/spediteur" "Mozilla/5.0 (Windows NT 10.0; Win64; x64) AppleWebKit/537.36 (KHTML, like Gecko) Chrome/76.0.3809.100 Safari/537.36"
95.91.244.60 - - [17/Aug/2019:21:26:25 +0200] "GET /img/Colt%2020.11.2011%20Hubi%205.JPG HTTP/1.1" 200 201415 "http://www.alle-ziele-spedition.de/informationen/spediteur" "Mozilla/5.0 (Windows NT 10.0; Win64; x64) AppleWebKit/537.36 (KHTML, like Gecko) Chrome/76.0.3809.100 Safari/537.36"
95.91.244.60 - - [17/Aug/2019:21:26:23 +0200] "GET /img/geb%20(5).JPG HTTP/1.1" 200 1274297 "http://www.alle-ziele-spedition.de/informationen/spediteur" "Mozilla/5.0 (Windows NT 10.0; Win64; x64) AppleWebKit/537.36 (KHTML, like Gecko) Chrome/76.0.3809.100 Safari/537.36"
95.91.244.60 - - [17/Aug/2019:21:26:23 +0200] "GET /img/geb%20(4).JPG HTTP/1.1" 200 2732649 "http://www.alle-ziele-spedition.de/informationen/spediteur" "Mozilla/5.0 (Windows NT 10.0; Win64; x64) AppleWebKit/537.36 (KHTML, like Gecko) Chrome/76.0.3809.100 Safari/537.36"
95.91.244.60 - - [17/Aug/2019:21:26:25 +0200] "GET /img/Colt%2020.11.2011%20Hubi%207.JPG HTTP/1.1" 200 534770 "http://www.alle-ziele-spedition.de/informationen/spediteur" "Mozilla/5.0 (Windows NT 10.0; Win64; x64) AppleWebKit/537.36 (KHTML, like Gecko) Chrome/76.0.3809.100 Safari/537.36"
95.91.244.60 - - [17/Aug/2019:21:26:24 +0200] "GET /img/geb%20(7).JPG HTTP/1.1" 200 1149007 "http://www.alle-ziele-spedition.de/informationen/spediteur" "Mozilla/5.0 (Windows NT 10.0; Win64; x64) AppleWebKit/537.36 (KHTML, like Gecko) Chrome/76.0.3809.100 Safari/537.36"
95.91.244.60 - - [17/Aug/2019:21:26:24 +0200] "GET /img/geb%20(8).JPG HTTP/1.1" 200 1353331 "http://www.alle-ziele-spedition.de/informationen/spediteur" "Mozilla/5.0 (Windows NT 10.0; Win64; x64) AppleWebKit/537.36 (KHTML, like Gecko) Chrome/76.0.3809.100 Safari/537.36"
95.91.244.60 - - [17/Aug/2019:21:26:25 +0200] "GET /img/P050222-05.jpg HTTP/1.1" 200 302910 "http://www.alle-ziele-spedition.de/informationen/spediteur" "Mozilla/5.0 (Windows NT 10.0; Win64; x64) AppleWebKit/537.36 (KHTML, like Gecko) Chrome/76.0.3809.100 Safari/537.36"
95.91.244.60 - - [17/Aug/2019:21:26:25 +0200] "GET /img/Multiwheels.jpg HTTP/1.1" 200 394656 "http://www.alle-ziele-spedition.de/informationen/spediteur" "Mozilla/5.0 (Windows NT 10.0; Win64; x64) AppleWebKit/537.36 (KHTML, like Gecko) Chrome/76.0.3809.100 Safari/537.36"
95.91.244.60 - - [17/Aug/2019:21:26:25 +0200] "GET /img/berlin_footer2.gif HTTP/1.1" 200 2795 "http://www.alle-ziele-spedition.de/css/screen.css" "Mozilla/5.0 (Windows NT 10.0; Win64; x64) AppleWebKit/537.36 (KHTML, like Gecko) Chrome/76.0.3809.100 Safari/537.36"
95.91.244.60 - - [17/Aug/2019:21:26:25 +0200] "GET /img/lieboch2.jpg HTTP/1.1" 200 1644725 "http://www.alle-ziele-spedition.de/informationen/spediteur" "Mozilla/5.0 (Windows NT 10.0; Win64; x64) AppleWebKit/537.36 (KHTML, like Gecko) Chrome/76.0.3809.100 Safari/537.36"
95.91.244.60 - - [17/Aug/2019:21:26:25 +0200] "GET /img/lieboch1.jpg HTTP/1.1" 200 2006034 "http://www.alle-ziele-spedition.de/informationen/spediteur" "Mozilla/5.0 (Windows NT 10.0; Win64; x64) AppleWebKit/537.36 (KHTML, like Gecko) Chrome/76.0.3809.100 Safari/537.36"
95.91.244.60 - - [17/Aug/2019:21:26:26 +0200] "GET /favicon.ico HTTP/1.1" 200 8210 "http://www.alle-ziele-spedition.de/informationen/spediteur" "Mozilla/5.0 (Windows NT 10.0; Win64; x64) AppleWebKit/537.36 (KHTML, like Gecko) Chrome/76.0.3809.100 Safari/537.36"
37.115.158.167 - - [17/Aug/2019:21:27:44 +0200] "GET /informationen/ HTTP/1.1" 200 3978 "https://www.youtube.com/channel/UCl1lbLcdSx8cPtCj4QdzC6w" "Mozilla/3.0 (compatible; WebCapture 2.0; Auto; Windows)"
37.115.158.167 - - [17/Aug/2019:21:27:44 +0200] "GET /informationen/ HTTP/1.1" 200 3978 "https://www.youtube.com/channel/UCl1lbLcdSx8cPtCj4QdzC6w" "Mozilla/3.0 (compatible; WebCapture 2.0; Auto; Windows)"
37.115.158.167 - - [17/Aug/2019:21:27:45 +0200] "GET /informationen/ HTTP/1.1" 200 3978 "https://www.youtube.com/channel/UCl1lbLcdSx8cPtCj4QdzC6w" "Mozilla/3.0 (compatible; WebCapture 2.0; Auto; Windows)"
157.55.39.190 - - [17/Aug/2019:21:42:13 +0200] "GET /kontakt HTTP/1.1" 200 8210 "-" "Mozilla/5.0 (compatible; bingbot/2.0; +http://www.bing.com/bingbot.htm)"
35.229.83.0 - - [17/Aug/2019:21:48:31 +0200] "GET /robots.txt HTTP/1.0" 200 8210 "-" "ZoominfoBot (zoominfobot at zoominfo dot com)"
35.229.83.0 - - [17/Aug/2019:21:48:32 +0200] "GET /sitemap HTTP/1.0" 200 5025 "-" "ZoominfoBot (zoominfobot at zoominfo dot com)"
35.229.83.0 - - [17/Aug/2019:21:54:40 +0200] "GET /geschaeftskunden HTTP/1.0" 200 4078 "-" "ZoominfoBot (zoominfobot at zoominfo dot com)"
35.229.83.0 - - [17/Aug/2019:21:56:48 +0200] "GET /unternehmen HTTP/1.0" 200 3128 "-" "ZoominfoBot (zoominfobot at zoominfo dot com)"
35.229.83.0 - - [17/Aug/2019:21:57:29 +0200] "GET /aktuelles HTTP/1.0" 200 8334 "-" "ZoominfoBot (zoominfobot at zoominfo dot com)"
35.229.83.0 - - [17/Aug/2019:21:59:03 +0200] "GET /exportdokumente HTTP/1.0" 200 3581 "-" "ZoominfoBot (zoominfobot at zoominfo dot com)"
157.55.39.182 - - [17/Aug/2019:22:00:11 +0200] "GET /unternehmen HTTP/1.1" 200 3128 "-" "Mozilla/5.0 (compatible; bingbot/2.0; +http://www.bing.com/bingbot.htm)"
35.229.83.0 - - [17/Aug/2019:22:00:39 +0200] "GET /datenschutz HTTP/1.0" 200 8225 "-" "ZoominfoBot (zoominfobot at zoominfo dot com)"
35.229.83.0 - - [17/Aug/2019:22:02:30 +0200] "GET /informationen HTTP/1.0" 200 3978 "-" "ZoominfoBot (zoominfobot at zoominfo dot com)"
35.229.83.0 - - [17/Aug/2019:22:05:37 +0200] "GET /impressum HTTP/1.0" 200 4964 "-" "ZoominfoBot (zoominfobot at zoominfo dot com)"
46.229.168.154 - - [17/Aug/2019:22:08:15 +0200] "GET /robots.txt HTTP/1.1" 200 8210 "-" "Mozilla/5.0 (compatible; SemrushBot/3~bl; +http://www.semrush.com/bot.html)"
46.229.168.138 - - [17/Aug/2019:22:08:16 +0200] "GET /informationen/spediteur HTTP/1.1" 200 111924 "-" "Mozilla/5.0 (compatible; SemrushBot/3~bl; +http://www.semrush.com/bot.html)"
40.77.167.180 - - [17/Aug/2019:22:53:39 +0200] "GET /geschaeftskunden/stueckgut_international HTTP/1.1" 200 4509 "-" "Mozilla/5.0 (compatible; bingbot/2.0; +http://www.bing.com/bingbot.htm)"
93.142.152.48 - - [17/Aug/2019:23:01:21 +0200] "GET /img/Colt%2020.11.2011%20Hubi%204.JPG HTTP/1.1" 200 416132 "https://www.google.com/" "Mozilla/5.0 (Windows NT 6.1; WOW64; rv:68.0) Gecko/20100101 Firefox/68.0"
40.77.167.72 - - [17/Aug/2019:23:19:42 +0200] "GET /img/geb%20(2).JPG HTTP/1.1" 200 2207352 "-" "Mozilla/5.0 (compatible; bingbot/2.0; +http://www.bing.com/bingbot.htm)"
40.77.167.145 - - [17/Aug/2019:23:23:28 +0200] "GET /pdf/Frachtrecht%20HGB.pdf HTTP/1.1" 200 19672 "-" "Mozilla/5.0 (compatible; bingbot/2.0; +http://www.bing.com/bingbot.htm)"
35.231.10.187 - - [17/Aug/2019:23:47:15 +0200] "GET /robots.txt HTTP/1.0" 200 8210 "-" "ZoominfoBot (zoominfobot at zoominfo dot com)"
35.231.10.187 - - [17/Aug/2019:23:47:15 +0200] "GET /sitemap HTTP/1.0" 200 5025 "-" "ZoominfoBot (zoominfobot at zoominfo dot com)"
35.231.10.187 - - [17/Aug/2019:23:52:55 +0200] "GET /geschaeftskunden HTTP/1.0" 200 4078 "-" "ZoominfoBot (zoominfobot at zoominfo dot com)"
35.231.10.187 - - [17/Aug/2019:23:54:58 +0200] "GET /unternehmen HTTP/1.0" 200 3128 "-" "ZoominfoBot (zoominfobot at zoominfo dot com)"
35.231.10.187 - - [17/Aug/2019:23:55:40 +0200] "GET /aktuelles HTTP/1.0" 200 8334 "-" "ZoominfoBot (zoominfobot at zoominfo dot com)"
35.231.10.187 - - [17/Aug/2019:23:56:55 +0200] "GET /exportdokumente HTTP/1.0" 200 3581 "-" "ZoominfoBot (zoominfobot at zoominfo dot com)"
35.231.10.187 - - [17/Aug/2019:23:58:07 +0200] "GET /datenschutz HTTP/1.0" 200 8225 "-" "ZoominfoBot (zoominfobot at zoominfo dot com)"
35.231.10.187 - - [17/Aug/2019:23:59:39 +0200] "GET /informationen HTTP/1.0" 200 3978 "-" "ZoominfoBot (zoominfobot at zoominfo dot com)"
66.249.64.171 - - [18/Aug/2019:00:02:44 +0200] "GET /robots.txt HTTP/1.1" 200 8210 "-" "Mozilla/5.0 (compatible; Googlebot/2.1; +http://www.google.com/bot.html)"
66.249.64.175 - - [18/Aug/2019:00:02:45 +0200] "GET /exportdokumente/drittlandexporte HTTP/1.1" 200 7480 "-" "Mozilla/5.0 (Linux; Android 6.0.1; Nexus 5X Build/MMB29P) AppleWebKit/537.36 (KHTML, like Gecko) Chrome/41.0.2272.96 Mobile Safari/537.36 (compatible; Googlebot/2.1; +http://www.google.com/bot.html)"
35.231.10.187 - - [18/Aug/2019:00:02:55 +0200] "GET /impressum HTTP/1.0" 200 4964 "-" "ZoominfoBot (zoominfobot at zoominfo dot com)"
66.249.64.175 - - [18/Aug/2019:00:22:45 +0200] "GET /exportdokumente/wertgrenzen HTTP/1.1" 200 5733 "-" "Mozilla/5.0 (Linux; Android 6.0.1; Nexus 5X Build/MMB29P) AppleWebKit/537.36 (KHTML, like Gecko) Chrome/41.0.2272.96 Mobile Safari/537.36 (compatible; Googlebot/2.1; +http://www.google.com/bot.html)"
40.77.167.59 - - [18/Aug/2019:00:23:54 +0200] "GET /exportdokumente/drittlandexporte HTTP/1.1" 200 7480 "-" "Mozilla/5.0 (compatible; bingbot/2.0; +http://www.bing.com/bingbot.htm)"
40.77.167.59 - - [18/Aug/2019:00:50:29 +0200] "GET /geschaeftskunden/sondertransporte HTTP/1.1" 200 5064 "-" "Mozilla/5.0 (compatible; bingbot/2.0; +http://www.bing.com/bingbot.htm)"
66.249.64.173 - - [18/Aug/2019:01:02:56 +0200] "GET /robots.txt HTTP/1.1" 200 8210 "-" "Mozilla/5.0 (compatible; Googlebot/2.1; +http://www.google.com/bot.html)"
66.249.64.175 - - [18/Aug/2019:01:02:56 +0200] "GET /geschaeftskunden HTTP/1.1" 200 4078 "-" "Mozilla/5.0 (Linux; Android 6.0.1; Nexus 5X Build/MMB29P) AppleWebKit/537.36 (KHTML, like Gecko) Chrome/41.0.2272.96 Mobile Safari/537.36 (compatible; Googlebot/2.1; +http://www.google.com/bot.html)"
66.249.64.171 - - [18/Aug/2019:01:42:38 +0200] "GET /impressum HTTP/1.1" 200 4964 "-" "Mozilla/5.0 (Linux; Android 6.0.1; Nexus 5X Build/MMB29P) AppleWebKit/537.36 (KHTML, like Gecko) Chrome/41.0.2272.96 Mobile Safari/537.36 (compatible; Googlebot/2.1; +http://www.google.com/bot.html)"
207.46.13.172 - - [18/Aug/2019:01:45:57 +0200] "GET /informationen/faq HTTP/1.1" 200 7235 "-" "Mozilla/5.0 (compatible; bingbot/2.0; +http://www.bing.com/bingbot.htm)"
66.249.64.175 - - [18/Aug/2019:01:52:37 +0200] "GET /unternehmen/wir_ueber_uns HTTP/1.1" 200 5040 "-" "Mozilla/5.0 (Linux; Android 6.0.1; Nexus 5X Build/MMB29P) AppleWebKit/537.36 (KHTML, like Gecko) Chrome/41.0.2272.96 Mobile Safari/537.36 (compatible; Googlebot/2.1; +http://www.google.com/bot.html)"
87.159.188.194 - - [18/Aug/2019:02:05:06 +0200] "GET /pdf/Frachtrecht%20HGB.pdf HTTP/1.1" 200 19672 "-" "Mozilla/5.0 (Macintosh; Intel Mac OS X 10_13_2) AppleWebKit/604.4.7 (KHTML, like Gecko)"
87.159.188.194 - - [18/Aug/2019:02:05:07 +0200] "GET /apple-touch-icon-precomposed.png HTTP/1.1" 200 8210 "-" "Safari/13604.4.7.1.3 CFNetwork/893.13.1 Darwin/17.3.0 (x86_64)"
87.159.188.194 - - [18/Aug/2019:02:05:07 +0200] "GET /apple-touch-icon.png HTTP/1.1" 200 8210 "-" "Safari/13604.4.7.1.3 CFNetwork/893.13.1 Darwin/17.3.0 (x86_64)"
87.159.188.194 - - [18/Aug/2019:02:05:08 +0200] "GET /favicon.ico HTTP/1.1" 200 8210 "-" "Safari/13604.4.7.1.3 CFNetwork/893.13.1 Darwin/17.3.0 (x86_64)"
87.159.188.194 - - [18/Aug/2019:02:05:08 +0200] "GET /apple-touch-icon-precomposed.png HTTP/1.1" 200 8210 "-" "Safari/13604.4.7.1.3 CFNetwork/893.13.1 Darwin/17.3.0 (x86_64)"
87.159.188.194 - - [18/Aug/2019:02:05:08 +0200] "GET /apple-touch-icon.png HTTP/1.1" 200 8210 "-" "Safari/13604.4.7.1.3 CFNetwork/893.13.1 Darwin/17.3.0 (x86_64)"
87.159.188.194 - - [18/Aug/2019:02:05:08 +0200] "GET /favicon.ico HTTP/1.1" 200 8210 "-" "Safari/13604.4.7.1.3 CFNetwork/893.13.1 Darwin/17.3.0 (x86_64)"
87.159.188.194 - - [18/Aug/2019:02:05:08 +0200] "GET /pdf/Frachtrecht%20HGB.pdf HTTP/1.1" 200 19672 "-" "\"Mozilla/5.0 (iPhone; CPU iPhone OS 11_0 like Mac OS X) AppleWebKit/604.1.38 (KHTML, like Gecko) Version/11.0 Mobile/15A372 Safari/604.1\""
87.159.188.194 - - [18/Aug/2019:02:05:09 +0200] "GET /apple-touch-icon-precomposed.png HTTP/1.1" 200 8210 "-" "Safari/13604.4.7.1.3 CFNetwork/893.13.1 Darwin/17.3.0 (x86_64)"
87.159.188.194 - - [18/Aug/2019:02:05:09 +0200] "GET /apple-touch-icon.png HTTP/1.1" 200 8210 "-" "Safari/13604.4.7.1.3 CFNetwork/893.13.1 Darwin/17.3.0 (x86_64)"
87.159.188.194 - - [18/Aug/2019:02:05:09 +0200] "GET /favicon.ico HTTP/1.1" 200 8210 "-" "Safari/13604.4.7.1.3 CFNetwork/893.13.1 Darwin/17.3.0 (x86_64)"
87.159.188.194 - - [18/Aug/2019:02:05:09 +0200] "GET /apple-touch-icon-precomposed.png HTTP/1.1" 200 8210 "-" "Safari/13604.4.7.1.3 CFNetwork/893.13.1 Darwin/17.3.0 (x86_64)"
87.159.188.194 - - [18/Aug/2019:02:05:09 +0200] "GET /apple-touch-icon.png HTTP/1.1" 200 8210 "-" "Safari/13604.4.7.1.3 CFNetwork/893.13.1 Darwin/17.3.0 (x86_64)"
87.159.188.194 - - [18/Aug/2019:02:05:09 +0200] "GET /favicon.ico HTTP/1.1" 200 8210 "-" "Safari/13604.4.7.1.3 CFNetwork/893.13.1 Darwin/17.3.0 (x86_64)"
194.173.174.106 - - [18/Aug/2019:02:05:53 +0200] "HEAD / HTTP/1.1" 200 - "-" "Mozilla/5.0 (Windows NT 6.3; WOW64) AppleWebKit/537.36 (KHTML, like Gecko) Chrome/43.0.2357.134 Safari/537.36"
54.245.159.211 - - [18/Aug/2019:02:15:33 +0200] "GET / HTTP/1.1" 200 3316 "-" "Mozilla/5.0 (Windows NT 6.1; Win64; x64) AppleWebKit/537.36 (KHTML, like Gecko) Chrome/72.0.3626.109 Safari/537.36"
77.182.159.179 - - [18/Aug/2019:02:25:32 +0200] "GET /pdf/Frachtrecht%20HGB.pdf HTTP/1.1" 200 19672 "https://www.google.com/" "Mozilla/5.0 (Windows NT 6.1; Win64; x64) AppleWebKit/537.36 (KHTML, like Gecko) Chrome/76.0.3809.100 Safari/537.36"
77.182.159.179 - - [18/Aug/2019:02:25:32 +0200] "GET /favicon.ico HTTP/1.1" 200 8210 "http://www.alle-ziele-spedition.de/pdf/Frachtrecht%20HGB.pdf" "Mozilla/5.0 (Windows NT 6.1; Win64; x64) AppleWebKit/537.36 (KHTML, like Gecko) Chrome/76.0.3809.100 Safari/537.36"
157.55.39.112 - - [18/Aug/2019:02:27:53 +0200] "GET /transport.cfm HTTP/1.1" 200 8210 "-" "Mozilla/5.0 (compatible; bingbot/2.0; +http://www.bing.com/bingbot.htm)"
157.55.39.112 - - [18/Aug/2019:03:11:58 +0200] "GET /kontakt.cfm HTTP/1.1" 200 8210 "-" "Mozilla/5.0 (compatible; bingbot/2.0; +http://www.bing.com/bingbot.htm)"
66.249.64.171 - - [18/Aug/2019:03:13:44 +0200] "GET /robots.txt HTTP/1.1" 200 8210 "-" "Mozilla/5.0 (compatible; Googlebot/2.1; +http://www.google.com/bot.html)"
66.249.64.171 - - [18/Aug/2019:03:13:45 +0200] "GET /exportdokumente/drittlandexporte?&sa=U&ei=SNofVKjoMqne7AbmtoH4Cg&ved=0CEIQFjAH&usg=AFQjCNGNiXClgjCFqXcux-A5Rq-9Pv9c6g HTTP/1.1" 200 7480 "-" "Mozilla/5.0 (Linux; Android 6.0.1; Nexus 5X Build/MMB29P) AppleWebKit/537.36 (KHTML, like Gecko) Chrome/41.0.2272.96 Mobile Safari/537.36 (compatible; Googlebot/2.1; +http://www.google.com/bot.html)"
213.41.99.6 - - [18/Aug/2019:03:13:46 +0200] "GET /informationen/spediteur HTTP/1.1" 200 111924 "http://www.google.de/url?sa=t&rct=j&q=&esrc=s&source=web&cd=14&ved=2ahUKEwj1wqSYnovkAhXJpYsKHTXJAeQQFjANegQIARAB&url=http%3A%2F%2Fwww.alle-ziele-spedition.de%2Finformationen%2Fspediteur&usg=AOvVaw0aCizrMTk6atsIIvzELttz" "Mozilla/5.0 (Windows NT 6.1; Trident/7.0; rv:11.0) like Gecko"
213.41.99.6 - - [18/Aug/2019:03:13:46 +0200] "GET /css/screen.css HTTP/1.1" 200 13636 "http://www.alle-ziele-spedition.de/informationen/spediteur" "Mozilla/5.0 (Windows NT 6.1; Trident/7.0; rv:11.0) like Gecko"
213.41.99.6 - - [18/Aug/2019:03:13:46 +0200] "GET /css/print.css HTTP/1.1" 200 830 "http://www.alle-ziele-spedition.de/informationen/spediteur" "Mozilla/5.0 (Windows NT 6.1; Trident/7.0; rv:11.0) like Gecko"
213.41.99.6 - - [18/Aug/2019:03:13:46 +0200] "GET /img/geb%20(1).JPG HTTP/1.1" 200 1339655 "http://www.alle-ziele-spedition.de/informationen/spediteur" "Mozilla/5.0 (Windows NT 6.1; Trident/7.0; rv:11.0) like Gecko"
213.41.99.6 - - [18/Aug/2019:03:13:46 +0200] "GET /js/curvycorners.src.js HTTP/1.1" 200 60221 "http://www.alle-ziele-spedition.de/informationen/spediteur" "Mozilla/5.0 (Windows NT 6.1; Trident/7.0; rv:11.0) like Gecko"
213.41.99.6 - - [18/Aug/2019:03:13:47 +0200] "GET /img/hg_body.gif HTTP/1.1" 200 1754 "http://www.alle-ziele-spedition.de/informationen/spediteur" "Mozilla/5.0 (Windows NT 6.1; Trident/7.0; rv:11.0) like Gecko"
213.41.99.6 - - [18/Aug/2019:03:13:47 +0200] "GET /img/head_hg.jpg HTTP/1.1" 200 18629 "http://www.alle-ziele-spedition.de/informationen/spediteur" "Mozilla/5.0 (Windows NT 6.1; Trident/7.0; rv:11.0) like Gecko"
213.41.99.6 - - [18/Aug/2019:03:13:47 +0200] "GET /img/7183587b.jpg HTTP/1.1" 200 12190 "http://www.alle-ziele-spedition.de/informationen/spediteur" "Mozilla/5.0 (Windows NT 6.1; Trident/7.0; rv:11.0) like Gecko"
213.41.99.6 - - [18/Aug/2019:03:13:47 +0200] "GET /img/857034.jpg HTTP/1.1" 200 14613 "http://www.alle-ziele-spedition.de/informationen/spediteur" "Mozilla/5.0 (Windows NT 6.1; Trident/7.0; rv:11.0) like Gecko"
213.41.99.6 - - [18/Aug/2019:03:13:47 +0200] "GET /img/52814.jpg HTTP/1.1" 200 14378 "http://www.alle-ziele-spedition.de/informationen/spediteur" "Mozilla/5.0 (Windows NT 6.1; Trident/7.0; rv:11.0) like Gecko"
213.41.99.6 - - [18/Aug/2019:03:13:47 +0200] "GET /img/9606427.jpg HTTP/1.1" 200 21711 "http://www.alle-ziele-spedition.de/informationen/spediteur" "Mozilla/5.0 (Windows NT 6.1; Trident/7.0; rv:11.0) like Gecko"
213.41.99.6 - - [18/Aug/2019:03:13:47 +0200] "GET /img/14351312.jpg HTTP/1.1" 200 16335 "http://www.alle-ziele-spedition.de/informationen/spediteur" "Mozilla/5.0 (Windows NT 6.1; Trident/7.0; rv:11.0) like Gecko"
213.41.99.6 - - [18/Aug/2019:03:13:47 +0200] "GET /img/berlin_footer2.gif HTTP/1.1" 200 2795 "http://www.alle-ziele-spedition.de/informationen/spediteur" "Mozilla/5.0 (Windows NT 6.1; Trident/7.0; rv:11.0) like Gecko"
213.41.99.6 - - [18/Aug/2019:03:13:47 +0200] "GET /img/geb%20(7).JPG HTTP/1.1" 200 1149007 "http://www.alle-ziele-spedition.de/informationen/spediteur" "Mozilla/5.0 (Windows NT 6.1; Trident/7.0; rv:11.0) like Gecko"
213.41.99.6 - - [18/Aug/2019:03:13:46 +0200] "GET /img/geb%20(5).JPG HTTP/1.1" 200 1274297 "http://www.alle-ziele-spedition.de/informationen/spediteur" "Mozilla/5.0 (Windows NT 6.1; Trident/7.0; rv:11.0) like Gecko"
213.41.99.6 - - [18/Aug/2019:03:13:47 +0200] "GET /img/geb%20(6).JPG HTTP/1.1" 200 1292377 "http://www.alle-ziele-spedition.de/informationen/spediteur" "Mozilla/5.0 (Windows NT 6.1; Trident/7.0; rv:11.0) like Gecko"
213.41.99.6 - - [18/Aug/2019:03:13:46 +0200] "GET /img/geb%20(3).JPG HTTP/1.1" 200 2240578 "http://www.alle-ziele-spedition.de/informationen/spediteur" "Mozilla/5.0 (Windows NT 6.1; Trident/7.0; rv:11.0) like Gecko"
213.41.99.6 - - [18/Aug/2019:03:13:46 +0200] "GET /img/geb%20(2).JPG HTTP/1.1" 200 2207352 "http://www.alle-ziele-spedition.de/informationen/spediteur" "Mozilla/5.0 (Windows NT 6.1; Trident/7.0; rv:11.0) like Gecko"
213.41.99.6 - - [18/Aug/2019:03:13:48 +0200] "GET /img/Colt%2020.11.2011%20Hubi%207.JPG HTTP/1.1" 200 534770 "http://www.alle-ziele-spedition.de/informationen/spediteur" "Mozilla/5.0 (Windows NT 6.1; Trident/7.0; rv:11.0) like Gecko"
213.41.99.6 - - [18/Aug/2019:03:13:47 +0200] "GET /img/geb%20(8).JPG HTTP/1.1" 200 1353331 "http://www.alle-ziele-spedition.de/informationen/spediteur" "Mozilla/5.0 (Windows NT 6.1; Trident/7.0; rv:11.0) like Gecko"
213.41.99.6 - - [18/Aug/2019:03:13:46 +0200] "GET /img/geb%20(4).JPG HTTP/1.1" 200 2732649 "http://www.alle-ziele-spedition.de/informationen/spediteur" "Mozilla/5.0 (Windows NT 6.1; Trident/7.0; rv:11.0) like Gecko"
213.41.99.6 - - [18/Aug/2019:03:13:48 +0200] "GET /img/Colt%2020.11.2011%20Hubi%205.JPG HTTP/1.1" 200 201415 "http://www.alle-ziele-spedition.de/informationen/spediteur" "Mozilla/5.0 (Windows NT 6.1; Trident/7.0; rv:11.0) like Gecko"
213.41.99.6 - - [18/Aug/2019:03:13:48 +0200] "GET /img/P050222-05.jpg HTTP/1.1" 200 302910 "http://www.alle-ziele-spedition.de/informationen/spediteur" "Mozilla/5.0 (Windows NT 6.1; Trident/7.0; rv:11.0) like Gecko"
213.41.99.6 - - [18/Aug/2019:03:13:48 +0200] "GET /img/lieboch1.jpg HTTP/1.1" 200 2006034 "http://www.alle-ziele-spedition.de/informationen/spediteur" "Mozilla/5.0 (Windows NT 6.1; Trident/7.0; rv:11.0) like Gecko"
213.41.99.6 - - [18/Aug/2019:03:13:48 +0200] "GET /img/Colt%2020.11.2011%20Hubi%204.JPG HTTP/1.1" 200 416132 "http://www.alle-ziele-spedition.de/informationen/spediteur" "Mozilla/5.0 (Windows NT 6.1; Trident/7.0; rv:11.0) like Gecko"
213.41.99.6 - - [18/Aug/2019:03:13:49 +0200] "GET /img/Multiwheels.jpg HTTP/1.1" 200 394656 "http://www.alle-ziele-spedition.de/informationen/spediteur" "Mozilla/5.0 (Windows NT 6.1; Trident/7.0; rv:11.0) like Gecko"
213.41.99.6 - - [18/Aug/2019:03:13:48 +0200] "GET /img/lieboch2.jpg HTTP/1.1" 200 1644725 "http://www.alle-ziele-spedition.de/informationen/spediteur" "Mozilla/5.0 (Windows NT 6.1; Trident/7.0; rv:11.0) like Gecko"
213.41.99.6 - - [18/Aug/2019:03:13:49 +0200] "GET /favicon.ico HTTP/1.1" 200 8210 "-" "Mozilla/5.0 (Windows NT 6.1; Trident/7.0; rv:11.0) like Gecko"
213.41.99.6 - - [18/Aug/2019:03:18:51 +0200] "GET /informationen/fotogalerie HTTP/1.1" 200 3411 "http://www.alle-ziele-spedition.de/informationen/spediteur" "Mozilla/5.0 (Windows NT 6.1; Trident/7.0; rv:11.0) like Gecko"
213.41.99.6 - - [18/Aug/2019:03:18:52 +0200] "GET /favicon.ico HTTP/1.1" 200 8210 "-" "Mozilla/5.0 (Windows NT 6.1; Trident/7.0; rv:11.0) like Gecko"
40.77.167.118 - - [18/Aug/2019:03:20:11 +0200] "GET /img/geb%20(3).JPG HTTP/1.1" 200 2240578 "-" "Mozilla/5.0 (compatible; bingbot/2.0; +http://www.bing.com/bingbot.htm)"
207.46.13.172 - - [18/Aug/2019:03:29:50 +0200] "GET /unternehmen/philosophie HTTP/1.1" 200 4699 "-" "Mozilla/5.0 (compatible; bingbot/2.0; +http://www.bing.com/bingbot.htm)"
66.249.64.173 - - [18/Aug/2019:04:34:05 +0200] "GET /robots.txt HTTP/1.1" 200 8210 "-" "Mozilla/5.0 (compatible; Googlebot/2.1; +http://www.google.com/bot.html)"
66.249.64.171 - - [18/Aug/2019:04:34:06 +0200] "GET /datenschutz HTTP/1.1" 200 8225 "-" "Mozilla/5.0 (Linux; Android 6.0.1; Nexus 5X Build/MMB29P) AppleWebKit/537.36 (KHTML, like Gecko) Chrome/41.0.2272.96 Mobile Safari/537.36 (compatible; Googlebot/2.1; +http://www.google.com/bot.html)"
40.77.167.118 - - [18/Aug/2019:04:37:55 +0200] "GET /unternehmen/wir_ueber_uns HTTP/1.1" 200 5040 "-" "Mozilla/5.0 (compatible; bingbot/2.0; +http://www.bing.com/bingbot.htm)"
46.229.168.132 - - [18/Aug/2019:04:40:18 +0200] "GET /robots.txt HTTP/1.1" 200 8210 "-" "Mozilla/5.0 (compatible; SemrushBot/3~bl; +http://www.semrush.com/bot.html)"
46.229.168.144 - - [18/Aug/2019:04:40:19 +0200] "GET /unternehmen/sponsoring/afc_berlin_adler HTTP/1.1" 200 3998 "-" "Mozilla/5.0 (compatible; SemrushBot/3~bl; +http://www.semrush.com/bot.html)"
66.249.64.173 - - [18/Aug/2019:04:44:20 +0200] "GET /pdf/Frachtrecht%20HGB.pdf HTTP/1.1" 200 19672 "-" "Mozilla/5.0 (Linux; Android 6.0.1; Nexus 5X Build/MMB29P) AppleWebKit/537.36 (KHTML, like Gecko) Chrome/41.0.2272.96 Mobile Safari/537.36 (compatible; Googlebot/2.1; +http://www.google.com/bot.html)"
40.77.167.118 - - [18/Aug/2019:04:45:43 +0200] "GET /exportdokumente/drittlandexporte HTTP/1.1" 200 7480 "-" "Mozilla/5.0 (compatible; bingbot/2.0; +http://www.bing.com/bingbot.htm)"
181.197.126.62 - - [18/Aug/2019:04:54:33 +0200] "GET /img/geb%20(6).JPG HTTP/1.1" 200 1292377 "-" "Mozilla/5.0 (Windows NT 6.3; WOW64; Trident/7.0; rv:11.0) like Gecko"
66.249.64.171 - - [18/Aug/2019:05:04:50 +0200] "GET /exportdokumente/drittlandexporte?&sa=U&ei=97weVPzCOYLP7QbO84DwCw&ved=0CEIQFjAH&usg=AFQjCNEjQNFJiZ9IMbB7xK2Nn6lfpk6hRg HTTP/1.1" 200 7480 "-" "Mozilla/5.0 (Linux; Android 6.0.1; Nexus 5X Build/MMB29P) AppleWebKit/537.36 (KHTML, like Gecko) Chrome/41.0.2272.96 Mobile Safari/537.36 (compatible; Googlebot/2.1; +http://www.google.com/bot.html)"
157.55.39.112 - - [18/Aug/2019:05:23:44 +0200] "GET /geschaeftskunden/teil_komplettladungen HTTP/1.1" 200 3776 "-" "Mozilla/5.0 (compatible; bingbot/2.0; +http://www.bing.com/bingbot.htm)"
207.46.13.172 - - [18/Aug/2019:05:27:22 +0200] "GET /exportdokumente/wertgrenzen HTTP/1.1" 200 5733 "-" "Mozilla/5.0 (compatible; bingbot/2.0; +http://www.bing.com/bingbot.htm)"
40.77.167.215 - - [18/Aug/2019:06:18:46 +0200] "GET /pdf/Frachtrecht%20HGB.pdf HTTP/1.1" 200 19672 "-" "Mozilla/5.0 (compatible; bingbot/2.0; +http://www.bing.com/bingbot.htm)"
66.249.64.173 - - [18/Aug/2019:06:34:50 +0200] "GET /robots.txt HTTP/1.1" 200 8210 "-" "Mozilla/5.0 (compatible; Googlebot/2.1; +http://www.google.com/bot.html)"
66.249.64.175 - - [18/Aug/2019:06:34:50 +0200] "GET /informationen/spediteur HTTP/1.1" 200 111924 "-" "Mozilla/5.0 (Linux; Android 6.0.1; Nexus 5X Build/MMB29P) AppleWebKit/537.36 (KHTML, like Gecko) Chrome/41.0.2272.96 Mobile Safari/537.36 (compatible; Googlebot/2.1; +http://www.google.com/bot.html)"
66.249.64.175 - - [18/Aug/2019:06:55:02 +0200] "GET /aktuelles HTTP/1.1" 200 8334 "-" "Mozilla/5.0 (Linux; Android 6.0.1; Nexus 5X Build/MMB29P) AppleWebKit/537.36 (KHTML, like Gecko) Chrome/41.0.2272.96 Mobile Safari/537.36 (compatible; Googlebot/2.1; +http://www.google.com/bot.html)"
66.249.64.171 - - [18/Aug/2019:07:14:39 +0200] "GET /geschaeftskunden/sondertransporte HTTP/1.1" 200 5064 "-" "Mozilla/5.0 (Linux; Android 6.0.1; Nexus 5X Build/MMB29P) AppleWebKit/537.36 (KHTML, like Gecko) Chrome/41.0.2272.96 Mobile Safari/537.36 (compatible; Googlebot/2.1; +http://www.google.com/bot.html)"
13.66.139.0 - - [18/Aug/2019:07:15:50 +0200] "GET /informationen/faq HTTP/1.1" 200 7235 "-" "Mozilla/5.0 (compatible; bingbot/2.0; +http://www.bing.com/bingbot.htm)"
40.77.191.50 - - [18/Aug/2019:07:15:59 +0200] "GET /css/print.css HTTP/1.1" 200 830 "http://www.alle-ziele-spedition.de/informationen/faq" "Mozilla/5.0 (Windows NT 6.1; WOW64) AppleWebKit/534+ (KHTML, like Gecko) BingPreview/1.0b"
87.159.188.194 - - [18/Aug/2019:07:27:13 +0200] "GET /pdf/Frachtrecht%20HGB.pdf HTTP/1.1" 200 19672 "-" "Mozilla/5.0 (Macintosh; Intel Mac OS X 10_13_2) AppleWebKit/604.4.7 (KHTML, like Gecko)"
87.159.188.194 - - [18/Aug/2019:07:27:16 +0200] "GET /apple-touch-icon-precomposed.png HTTP/1.1" 200 8210 "-" "Safari/13604.4.7.1.3 CFNetwork/893.13.1 Darwin/17.3.0 (x86_64)"
87.159.188.194 - - [18/Aug/2019:07:27:20 +0200] "GET /apple-touch-icon.png HTTP/1.1" 200 8210 "-" "Safari/13604.4.7.1.3 CFNetwork/893.13.1 Darwin/17.3.0 (x86_64)"
87.159.188.194 - - [18/Aug/2019:07:27:20 +0200] "GET /favicon.ico HTTP/1.1" 200 8210 "-" "Safari/13604.4.7.1.3 CFNetwork/893.13.1 Darwin/17.3.0 (x86_64)"
87.159.188.194 - - [18/Aug/2019:07:27:20 +0200] "GET /apple-touch-icon-precomposed.png HTTP/1.1" 200 8210 "-" "Safari/13604.4.7.1.3 CFNetwork/893.13.1 Darwin/17.3.0 (x86_64)"
87.159.188.194 - - [18/Aug/2019:07:27:20 +0200] "GET /apple-touch-icon.png HTTP/1.1" 200 8210 "-" "Safari/13604.4.7.1.3 CFNetwork/893.13.1 Darwin/17.3.0 (x86_64)"
87.159.188.194 - - [18/Aug/2019:07:27:21 +0200] "GET /favicon.ico HTTP/1.1" 200 8210 "-" "Safari/13604.4.7.1.3 CFNetwork/893.13.1 Darwin/17.3.0 (x86_64)"
87.159.188.194 - - [18/Aug/2019:07:27:21 +0200] "GET /pdf/Frachtrecht%20HGB.pdf HTTP/1.1" 200 19672 "-" "\"Mozilla/5.0 (iPhone; CPU iPhone OS 11_0 like Mac OS X) AppleWebKit/604.1.38 (KHTML, like Gecko) Version/11.0 Mobile/15A372 Safari/604.1\""
87.159.188.194 - - [18/Aug/2019:07:27:21 +0200] "GET /apple-touch-icon-precomposed.png HTTP/1.1" 200 8210 "-" "Safari/13604.4.7.1.3 CFNetwork/893.13.1 Darwin/17.3.0 (x86_64)"
87.159.188.194 - - [18/Aug/2019:07:27:22 +0200] "GET /apple-touch-icon.png HTTP/1.1" 200 8210 "-" "Safari/13604.4.7.1.3 CFNetwork/893.13.1 Darwin/17.3.0 (x86_64)"
87.159.188.194 - - [18/Aug/2019:07:27:22 +0200] "GET /favicon.ico HTTP/1.1" 200 8210 "-" "Safari/13604.4.7.1.3 CFNetwork/893.13.1 Darwin/17.3.0 (x86_64)"
87.159.188.194 - - [18/Aug/2019:07:27:22 +0200] "GET /apple-touch-icon-precomposed.png HTTP/1.1" 200 8210 "-" "Safari/13604.4.7.1.3 CFNetwork/893.13.1 Darwin/17.3.0 (x86_64)"
87.159.188.194 - - [18/Aug/2019:07:27:22 +0200] "GET /apple-touch-icon.png HTTP/1.1" 200 8210 "-" "Safari/13604.4.7.1.3 CFNetwork/893.13.1 Darwin/17.3.0 (x86_64)"
87.159.188.194 - - [18/Aug/2019:07:27:22 +0200] "GET /favicon.ico HTTP/1.1" 200 8210 "-" "Safari/13604.4.7.1.3 CFNetwork/893.13.1 Darwin/17.3.0 (x86_64)"
54.36.148.255 - - [18/Aug/2019:08:11:59 +0200] "GET /robots.txt HTTP/1.1" 200 8210 "-" "Mozilla/5.0 (compatible; AhrefsBot/6.1; +http://ahrefs.com/robot/)"
54.36.148.11 - - [18/Aug/2019:08:12:00 +0200] "GET /img/geb%20(1).JPG HTTP/1.1" 200 1339655 "-" "Mozilla/5.0 (compatible; AhrefsBot/6.1; +http://ahrefs.com/robot/)"
54.36.150.52 - - [18/Aug/2019:08:58:47 +0200] "GET /geschaeftskunden/teil_komplettladungen HTTP/1.1" 200 3776 "-" "Mozilla/5.0 (compatible; AhrefsBot/6.1; +http://ahrefs.com/robot/)"
66.249.64.173 - - [18/Aug/2019:09:38:57 +0200] "GET /robots.txt HTTP/1.1" 200 8210 "-" "Mozilla/5.0 (compatible; Googlebot/2.1; +http://www.google.com/bot.html)"
66.249.64.175 - - [18/Aug/2019:09:38:58 +0200] "GET /exportdokumente/drittlandexporte HTTP/1.1" 200 7480 "-" "Mozilla/5.0 (Linux; Android 6.0.1; Nexus 5X Build/MMB29P) AppleWebKit/537.36 (KHTML, like Gecko) Chrome/41.0.2272.96 Mobile Safari/537.36 (compatible; Googlebot/2.1; +http://www.google.com/bot.html)"
46.85.140.82 - - [18/Aug/2019:09:42:44 +0200] "GET / HTTP/1.1" 200 3316 "-" "Mozilla/5.0 (iPhone; CPU iPhone OS 12_4 like Mac OS X) AppleWebKit/605.1.15 (KHTML, like Gecko) Version/12.1.2 Mobile/15E148 Safari/604.1"
46.85.140.82 - - [18/Aug/2019:09:42:44 +0200] "GET /apple-touch-icon-120x120-precomposed.png HTTP/1.1" 200 8210 "-" "MobileSafari/604.1 CFNetwork/978.0.7 Darwin/18.7.0"
46.85.140.82 - - [18/Aug/2019:09:42:45 +0200] "GET /apple-touch-icon-120x120.png HTTP/1.1" 200 8210 "-" "MobileSafari/604.1 CFNetwork/978.0.7 Darwin/18.7.0"
46.85.140.82 - - [18/Aug/2019:09:42:45 +0200] "GET /apple-touch-icon-precomposed.png HTTP/1.1" 200 8210 "-" "MobileSafari/604.1 CFNetwork/978.0.7 Darwin/18.7.0"
46.85.140.82 - - [18/Aug/2019:09:42:45 +0200] "GET /apple-touch-icon.png HTTP/1.1" 200 8210 "-" "MobileSafari/604.1 CFNetwork/978.0.7 Darwin/18.7.0"
46.85.140.82 - - [18/Aug/2019:09:42:45 +0200] "GET /favicon.ico HTTP/1.1" 200 8210 "-" "MobileSafari/604.1 CFNetwork/978.0.7 Darwin/18.7.0"
46.85.140.82 - - [18/Aug/2019:09:42:45 +0200] "GET /apple-touch-icon-120x120-precomposed.png HTTP/1.1" 200 8210 "-" "MobileSafari/604.1 CFNetwork/978.0.7 Darwin/18.7.0"
46.85.140.82 - - [18/Aug/2019:09:42:46 +0200] "GET /apple-touch-icon-120x120.png HTTP/1.1" 200 8210 "-" "MobileSafari/604.1 CFNetwork/978.0.7 Darwin/18.7.0"
46.85.140.82 - - [18/Aug/2019:09:42:46 +0200] "GET /apple-touch-icon-precomposed.png HTTP/1.1" 200 8210 "-" "MobileSafari/604.1 CFNetwork/978.0.7 Darwin/18.7.0"
46.85.140.82 - - [18/Aug/2019:09:42:46 +0200] "GET /apple-touch-icon.png HTTP/1.1" 200 8210 "-" "MobileSafari/604.1 CFNetwork/978.0.7 Darwin/18.7.0"
46.85.140.82 - - [18/Aug/2019:09:42:46 +0200] "GET /favicon.ico HTTP/1.1" 200 8210 "-" "MobileSafari/604.1 CFNetwork/978.0.7 Darwin/18.7.0"
207.46.13.37 - - [18/Aug/2019:09:58:40 +0200] "GET /doc/Frachtrecht%20HGB.doc HTTP/1.1" 200 29184 "-" "Mozilla/5.0 (compatible; bingbot/2.0; +http://www.bing.com/bingbot.htm)"
66.249.64.173 - - [18/Aug/2019:10:05:18 +0200] "GET /exportdokumente/wertgrenzen HTTP/1.1" 200 5733 "-" "Mozilla/5.0 (Linux; Android 6.0.1; Nexus 5X Build/MMB29P) AppleWebKit/537.36 (KHTML, like Gecko) Chrome/41.0.2272.96 Mobile Safari/537.36 (compatible; Googlebot/2.1; +http://www.google.com/bot.html)"
66.249.64.175 - - [18/Aug/2019:10:45:22 +0200] "GET /impressum HTTP/1.1" 200 4964 "-" "Mozilla/5.0 (Linux; Android 6.0.1; Nexus 5X Build/MMB29P) AppleWebKit/537.36 (KHTML, like Gecko) Chrome/41.0.2272.96 Mobile Safari/537.36 (compatible; Googlebot/2.1; +http://www.google.com/bot.html)"
66.249.64.175 - - [18/Aug/2019:10:45:22 +0200] "GET /robots.txt HTTP/1.1" 200 8210 "-" "Mozilla/5.0 (compatible; Googlebot/2.1; +http://www.google.com/bot.html)"
66.249.64.171 - - [18/Aug/2019:10:55:19 +0200] "GET /unternehmen/wir_ueber_uns HTTP/1.1" 200 5040 "-" "Mozilla/5.0 (Linux; Android 6.0.1; Nexus 5X Build/MMB29P) AppleWebKit/537.36 (KHTML, like Gecko) Chrome/41.0.2272.96 Mobile Safari/537.36 (compatible; Googlebot/2.1; +http://www.google.com/bot.html)"
34.74.220.87 - - [18/Aug/2019:11:06:48 +0200] "GET /robots.txt HTTP/1.0" 200 8210 "-" "ZoominfoBot (zoominfobot at zoominfo dot com)"
34.74.220.87 - - [18/Aug/2019:11:06:49 +0200] "GET / HTTP/1.0" 200 3316 "-" "ZoominfoBot (zoominfobot at zoominfo dot com)"
157.55.39.183 - - [18/Aug/2019:11:07:47 +0200] "GET /robots.txt HTTP/1.1" 200 8210 "-" "Mozilla/5.0 (compatible; bingbot/2.0; +http://www.bing.com/bingbot.htm)"
40.77.167.128 - - [18/Aug/2019:11:07:49 +0200] "GET /geschaeftskunden/stueckgut_international HTTP/1.1" 200 4509 "-" "Mozilla/5.0 (compatible; bingbot/2.0; +http://www.bing.com/bingbot.htm)"
77.75.77.36 - - [18/Aug/2019:11:17:51 +0200] "GET /robots.txt HTTP/1.1" 200 8210 "-" "Mozilla/5.0 (compatible; SeznamBot/3.2; +http://napoveda.seznam.cz/en/seznambot-intro/)"
77.75.77.36 - - [18/Aug/2019:11:17:53 +0200] "GET / HTTP/1.1" 200 3316 "-" "Mozilla/5.0 (compatible; SeznamBot/3.2; +http://napoveda.seznam.cz/en/seznambot-intro/)"
184.94.240.92 - - [18/Aug/2019:11:47:18 +0200] "GET / HTTP/1.1" 200 3316 "-" "Mozilla/5.0 (Windows NT 10.0; WOW64; rv:53.0) Gecko/20100101 Firefox/53.0"
184.94.240.92 - - [18/Aug/2019:11:47:23 +0200] "GET /sitemap HTTP/1.1" 200 5025 "-" "Mozilla/5.0 (Windows NT 10.0; WOW64; rv:53.0) Gecko/20100101 Firefox/53.0"
184.94.240.92 - - [18/Aug/2019:11:47:29 +0200] "GET /downloads HTTP/1.1" 200 5243 "-" "Mozilla/5.0 (Windows NT 10.0; WOW64; rv:53.0) Gecko/20100101 Firefox/53.0"
162.210.196.130 - - [18/Aug/2019:11:51:24 +0200] "GET /robots.txt HTTP/1.1" 200 8210 "-" "Mozilla/5.0 (compatible; MJ12bot/v1.4.8; http://mj12bot.com/)"
162.210.196.130 - - [18/Aug/2019:11:51:33 +0200] "GET / HTTP/1.1" 200 3316 "-" "Mozilla/5.0 (compatible; MJ12bot/v1.4.8; http://mj12bot.com/)"
66.249.64.171 - - [18/Aug/2019:12:05:23 +0200] "GET /robots.txt HTTP/1.1" 200 8210 "-" "Mozilla/5.0 (compatible; Googlebot/2.1; +http://www.google.com/bot.html)"
66.249.64.171 - - [18/Aug/2019:12:05:23 +0200] "GET /empfehlen HTTP/1.1" 200 8278 "-" "Mozilla/5.0 (Linux; Android 6.0.1; Nexus 5X Build/MMB29P) AppleWebKit/537.36 (KHTML, like Gecko) Chrome/41.0.2272.96 Mobile Safari/537.36 (compatible; Googlebot/2.1; +http://www.google.com/bot.html)"
66.249.64.173 - - [18/Aug/2019:12:05:30 +0200] "GET /js/jquery-1.7.min.js HTTP/1.1" 200 94019 "http://www.alle-ziele-spedition.de/empfehlen" "Mozilla/5.0 (Linux; Android 6.0.1; Nexus 5X Build/MMB29P) AppleWebKit/537.36 (KHTML, like Gecko) Chrome/41.0.2272.96 Mobile Safari/537.36 (compatible; Googlebot/2.1; +http://www.google.com/bot.html)"
87.174.82.152 - - [18/Aug/2019:12:11:22 +0200] "GET / HTTP/1.1" 200 3316 "-" "Mozilla/5.0 (Windows NT 10.0; Win64; x64; rv:68.0) Gecko/20100101 Firefox/68.0"
87.174.82.152 - - [18/Aug/2019:12:11:22 +0200] "GET /css/screen.css HTTP/1.1" 200 13636 "http://www.alle-ziele-spedition.de/" "Mozilla/5.0 (Windows NT 10.0; Win64; x64; rv:68.0) Gecko/20100101 Firefox/68.0"
87.174.82.152 - - [18/Aug/2019:12:11:22 +0200] "GET /css/print.css HTTP/1.1" 200 830 "http://www.alle-ziele-spedition.de/" "Mozilla/5.0 (Windows NT 10.0; Win64; x64; rv:68.0) Gecko/20100101 Firefox/68.0"
87.174.82.152 - - [18/Aug/2019:12:11:22 +0200] "GET /js/curvycorners.src.js HTTP/1.1" 200 60221 "http://www.alle-ziele-spedition.de/" "Mozilla/5.0 (Windows NT 10.0; Win64; x64; rv:68.0) Gecko/20100101 Firefox/68.0"
87.174.82.152 - - [18/Aug/2019:12:11:23 +0200] "GET /img/hg_body.gif HTTP/1.1" 200 1754 "http://www.alle-ziele-spedition.de/css/screen.css" "Mozilla/5.0 (Windows NT 10.0; Win64; x64; rv:68.0) Gecko/20100101 Firefox/68.0"
87.174.82.152 - - [18/Aug/2019:12:11:23 +0200] "GET /img/head_hg.jpg HTTP/1.1" 200 18629 "http://www.alle-ziele-spedition.de/css/screen.css" "Mozilla/5.0 (Windows NT 10.0; Win64; x64; rv:68.0) Gecko/20100101 Firefox/68.0"
87.174.82.152 - - [18/Aug/2019:12:11:23 +0200] "GET /img/7183587b.jpg HTTP/1.1" 200 12190 "http://www.alle-ziele-spedition.de/css/screen.css" "Mozilla/5.0 (Windows NT 10.0; Win64; x64; rv:68.0) Gecko/20100101 Firefox/68.0"
87.174.82.152 - - [18/Aug/2019:12:11:23 +0200] "GET /img/857034.jpg HTTP/1.1" 200 14613 "http://www.alle-ziele-spedition.de/css/screen.css" "Mozilla/5.0 (Windows NT 10.0; Win64; x64; rv:68.0) Gecko/20100101 Firefox/68.0"
87.174.82.152 - - [18/Aug/2019:12:11:23 +0200] "GET /img/52814.jpg HTTP/1.1" 200 14378 "http://www.alle-ziele-spedition.de/css/screen.css" "Mozilla/5.0 (Windows NT 10.0; Win64; x64; rv:68.0) Gecko/20100101 Firefox/68.0"
87.174.82.152 - - [18/Aug/2019:12:11:23 +0200] "GET /img/9606427.jpg HTTP/1.1" 200 21711 "http://www.alle-ziele-spedition.de/css/screen.css" "Mozilla/5.0 (Windows NT 10.0; Win64; x64; rv:68.0) Gecko/20100101 Firefox/68.0"
87.174.82.152 - - [18/Aug/2019:12:11:23 +0200] "GET /favicon.ico HTTP/1.1" 200 8210 "-" "Mozilla/5.0 (Windows NT 10.0; Win64; x64; rv:68.0) Gecko/20100101 Firefox/68.0"
87.174.82.152 - - [18/Aug/2019:12:11:23 +0200] "GET /img/14351312.jpg HTTP/1.1" 200 16335 "http://www.alle-ziele-spedition.de/css/screen.css" "Mozilla/5.0 (Windows NT 10.0; Win64; x64; rv:68.0) Gecko/20100101 Firefox/68.0"
87.174.82.152 - - [18/Aug/2019:12:11:23 +0200] "GET /img/globus_finger.jpg HTTP/1.1" 200 8787 "http://www.alle-ziele-spedition.de/css/screen.css" "Mozilla/5.0 (Windows NT 10.0; Win64; x64; rv:68.0) Gecko/20100101 Firefox/68.0"
87.174.82.152 - - [18/Aug/2019:12:11:23 +0200] "GET /img/berlin_footer2.gif HTTP/1.1" 200 2795 "http://www.alle-ziele-spedition.de/css/screen.css" "Mozilla/5.0 (Windows NT 10.0; Win64; x64; rv:68.0) Gecko/20100101 Firefox/68.0"
87.174.82.152 - - [18/Aug/2019:12:11:35 +0200] "GET /unternehmen HTTP/1.1" 200 3128 "http://www.alle-ziele-spedition.de/" "Mozilla/5.0 (Windows NT 10.0; Win64; x64; rv:68.0) Gecko/20100101 Firefox/68.0"
87.174.82.152 - - [18/Aug/2019:12:11:38 +0200] "GET /unternehmen/wir_ueber_uns HTTP/1.1" 200 5040 "http://www.alle-ziele-spedition.de/unternehmen" "Mozilla/5.0 (Windows NT 10.0; Win64; x64; rv:68.0) Gecko/20100101 Firefox/68.0"
87.174.82.152 - - [18/Aug/2019:12:12:14 +0200] "GET /unternehmen/sponsoring HTTP/1.1" 200 3887 "http://www.alle-ziele-spedition.de/unternehmen/wir_ueber_uns" "Mozilla/5.0 (Windows NT 10.0; Win64; x64; rv:68.0) Gecko/20100101 Firefox/68.0"
87.174.82.152 - - [18/Aug/2019:12:12:18 +0200] "GET /informationen HTTP/1.1" 200 3978 "http://www.alle-ziele-spedition.de/unternehmen/sponsoring" "Mozilla/5.0 (Windows NT 10.0; Win64; x64; rv:68.0) Gecko/20100101 Firefox/68.0"
87.174.82.152 - - [18/Aug/2019:12:12:19 +0200] "GET /img/39858922.jpg HTTP/1.1" 200 13545 "http://www.alle-ziele-spedition.de/css/screen.css" "Mozilla/5.0 (Windows NT 10.0; Win64; x64; rv:68.0) Gecko/20100101 Firefox/68.0"
87.174.82.152 - - [18/Aug/2019:12:12:19 +0200] "GET /img/30891670.jpg HTTP/1.1" 200 6613 "http://www.alle-ziele-spedition.de/css/screen.css" "Mozilla/5.0 (Windows NT 10.0; Win64; x64; rv:68.0) Gecko/20100101 Firefox/68.0"
87.174.82.152 - - [18/Aug/2019:12:12:19 +0200] "GET /img/37796688.jpg HTTP/1.1" 200 19232 "http://www.alle-ziele-spedition.de/css/screen.css" "Mozilla/5.0 (Windows NT 10.0; Win64; x64; rv:68.0) Gecko/20100101 Firefox/68.0"
87.174.82.152 - - [18/Aug/2019:12:12:21 +0200] "GET /aktuelles HTTP/1.1" 200 8334 "http://www.alle-ziele-spedition.de/informationen" "Mozilla/5.0 (Windows NT 10.0; Win64; x64; rv:68.0) Gecko/20100101 Firefox/68.0"
87.174.82.152 - - [18/Aug/2019:12:12:36 +0200] "GET /informationen/spediteur HTTP/1.1" 200 111924 "http://www.alle-ziele-spedition.de/aktuelles" "Mozilla/5.0 (Windows NT 10.0; Win64; x64; rv:68.0) Gecko/20100101 Firefox/68.0"
87.174.82.152 - - [18/Aug/2019:12:12:37 +0200] "GET /img/geb%20(1).JPG HTTP/1.1" 200 1339655 "http://www.alle-ziele-spedition.de/informationen/spediteur" "Mozilla/5.0 (Windows NT 10.0; Win64; x64; rv:68.0) Gecko/20100101 Firefox/68.0"
