173.245.203.236 - - [16/Aug/2019:16:48:30 +0200] "GET / HTTP/1.1" 200 3316 "-" "Mozilla/5.0 (Windows NT 6.1; Win64; x64; rv:52.0) Gecko/20100101 Firefox/52.0"
144.76.168.111 - - [16/Aug/2019:16:49:09 +0200] "GET / HTTP/1.1" 200 3316 "-" "Mozilla/5.0 (Windows; U; Windows NT 6.1; en-US) AppleWebKit/533.19.4 (KHTML, like Gecko) Version/5.0.2 Safari/533.18.5"
144.76.102.243 - - [16/Aug/2019:16:49:16 +0200] "GET / HTTP/1.1" 200 3316 "-" "Mozilla/5.0 (Windows NT 10.0; Win64; x64) AppleWebKit/537.36 (KHTML, like Gecko) Chrome/58.0.3029.110 Safari/537.36 Edge/16.16299"
80.187.96.60 - - [16/Aug/2019:16:59:26 +0200] "GET /pdf/Frachtrecht%20HGB.pdf HTTP/1.1" 200 19672 "https://www.google.com/" "Mozilla/5.0 (iPhone; CPU iPhone OS 12_3_1 like Mac OS X) AppleWebKit/604.1.34 (KHTML, like Gecko) GSA/38.0.172903409 Mobile/16F203 Safari/604.1"
180.76.15.152 - - [16/Aug/2019:17:25:42 +0200] "GET /pdf/Frachtrecht%20HGB.pdf HTTP/1.1" 200 19672 "-" "Mozilla/5.0 (compatible; Baiduspider/2.0; +http://www.baidu.com/search/spider.html)"
35.196.103.41 - - [16/Aug/2019:18:46:49 +0200] "GET /robots.txt HTTP/1.0" 200 8210 "-" "ZoominfoBot (zoominfobot at zoominfo dot com)"
35.196.103.41 - - [16/Aug/2019:18:46:49 +0200] "GET /sitemap HTTP/1.0" 200 5025 "-" "ZoominfoBot (zoominfobot at zoominfo dot com)"
35.196.103.41 - - [16/Aug/2019:18:54:27 +0200] "GET /geschaeftskunden HTTP/1.0" 200 4078 "-" "ZoominfoBot (zoominfobot at zoominfo dot com)"
35.196.103.41 - - [16/Aug/2019:18:56:52 +0200] "GET /unternehmen HTTP/1.0" 200 3128 "-" "ZoominfoBot (zoominfobot at zoominfo dot com)"
35.196.103.41 - - [16/Aug/2019:18:57:37 +0200] "GET /aktuelles HTTP/1.0" 200 8334 "-" "ZoominfoBot (zoominfobot at zoominfo dot com)"
35.196.103.41 - - [16/Aug/2019:18:59:09 +0200] "GET /exportdokumente HTTP/1.0" 200 3581 "-" "ZoominfoBot (zoominfobot at zoominfo dot com)"
35.196.103.41 - - [16/Aug/2019:19:00:31 +0200] "GET /datenschutz HTTP/1.0" 200 8225 "-" "ZoominfoBot (zoominfobot at zoominfo dot com)"
35.196.103.41 - - [16/Aug/2019:19:02:03 +0200] "GET /informationen HTTP/1.0" 200 3978 "-" "ZoominfoBot (zoominfobot at zoominfo dot com)"
35.196.103.41 - - [16/Aug/2019:19:05:31 +0200] "GET /impressum HTTP/1.0" 200 4964 "-" "ZoominfoBot (zoominfobot at zoominfo dot com)"
5.9.145.132 - - [16/Aug/2019:19:11:45 +0200] "GET /impressum HTTP/1.1" 200 4964 "-" "Mozilla/5.0 (Windows NT 10.0; Win64; x64) AppleWebKit/537.36 (KHTML, like Gecko) Chrome/63.0.3239.132 Safari/537.36 OPR/50.0.2762.58"
40.77.189.193 - - [16/Aug/2019:20:31:54 +0200] "GET /js/curvycorners.src.js HTTP/1.1" 200 60221 "http://www.alle-ziele-spedition.de/downloads" "Mozilla/5.0 (Windows NT 6.1; WOW64) AppleWebKit/534+ (KHTML, like Gecko) BingPreview/1.0b"
40.77.189.193 - - [16/Aug/2019:20:31:56 +0200] "GET /css/print.css HTTP/1.1" 200 830 "http://www.alle-ziele-spedition.de/downloads" "Mozilla/5.0 (Windows NT 6.1; WOW64) AppleWebKit/534+ (KHTML, like Gecko) BingPreview/1.0b"
157.55.39.57 - - [16/Aug/2019:20:31:58 +0200] "GET /robots.txt HTTP/1.1" 200 8210 "-" "Mozilla/5.0 (compatible; bingbot/2.0; +http://www.bing.com/bingbot.htm)"
87.159.179.59 - - [16/Aug/2019:20:45:15 +0200] "GET /pdf/Frachtrecht%20HGB.pdf HTTP/1.1" 200 19672 "-" "Mozilla/5.0 (Macintosh; Intel Mac OS X 10_13_2) AppleWebKit/604.4.7 (KHTML, like Gecko)"
87.159.179.59 - - [16/Aug/2019:20:45:20 +0200] "GET /apple-touch-icon-precomposed.png HTTP/1.1" 200 8210 "-" "Safari/13604.4.7.1.3 CFNetwork/893.13.1 Darwin/17.3.0 (x86_64)"
87.159.179.59 - - [16/Aug/2019:20:45:20 +0200] "GET /apple-touch-icon.png HTTP/1.1" 200 8210 "-" "Safari/13604.4.7.1.3 CFNetwork/893.13.1 Darwin/17.3.0 (x86_64)"
87.159.179.59 - - [16/Aug/2019:20:45:20 +0200] "GET /favicon.ico HTTP/1.1" 200 8210 "-" "Safari/13604.4.7.1.3 CFNetwork/893.13.1 Darwin/17.3.0 (x86_64)"
87.159.179.59 - - [16/Aug/2019:20:45:21 +0200] "GET /apple-touch-icon-precomposed.png HTTP/1.1" 200 8210 "-" "Safari/13604.4.7.1.3 CFNetwork/893.13.1 Darwin/17.3.0 (x86_64)"
87.159.179.59 - - [16/Aug/2019:20:45:21 +0200] "GET /apple-touch-icon.png HTTP/1.1" 200 8210 "-" "Safari/13604.4.7.1.3 CFNetwork/893.13.1 Darwin/17.3.0 (x86_64)"
87.159.179.59 - - [16/Aug/2019:20:45:21 +0200] "GET /favicon.ico HTTP/1.1" 200 8210 "-" "Safari/13604.4.7.1.3 CFNetwork/893.13.1 Darwin/17.3.0 (x86_64)"
87.159.179.59 - - [16/Aug/2019:20:45:21 +0200] "GET /pdf/Frachtrecht%20HGB.pdf HTTP/1.1" 200 19672 "-" "\"Mozilla/5.0 (iPhone; CPU iPhone OS 11_0 like Mac OS X) AppleWebKit/604.1.38 (KHTML, like Gecko) Version/11.0 Mobile/15A372 Safari/604.1\""
87.159.179.59 - - [16/Aug/2019:20:45:21 +0200] "GET /apple-touch-icon-precomposed.png HTTP/1.1" 200 8210 "-" "Safari/13604.4.7.1.3 CFNetwork/893.13.1 Darwin/17.3.0 (x86_64)"
87.159.179.59 - - [16/Aug/2019:20:45:21 +0200] "GET /apple-touch-icon.png HTTP/1.1" 200 8210 "-" "Safari/13604.4.7.1.3 CFNetwork/893.13.1 Darwin/17.3.0 (x86_64)"
87.159.179.59 - - [16/Aug/2019:20:45:22 +0200] "GET /favicon.ico HTTP/1.1" 200 8210 "-" "Safari/13604.4.7.1.3 CFNetwork/893.13.1 Darwin/17.3.0 (x86_64)"
87.159.179.59 - - [16/Aug/2019:20:45:22 +0200] "GET /apple-touch-icon-precomposed.png HTTP/1.1" 200 8210 "-" "Safari/13604.4.7.1.3 CFNetwork/893.13.1 Darwin/17.3.0 (x86_64)"
87.159.179.59 - - [16/Aug/2019:20:45:22 +0200] "GET /apple-touch-icon.png HTTP/1.1" 200 8210 "-" "Safari/13604.4.7.1.3 CFNetwork/893.13.1 Darwin/17.3.0 (x86_64)"
87.159.179.59 - - [16/Aug/2019:20:45:22 +0200] "GET /favicon.ico HTTP/1.1" 200 8210 "-" "Safari/13604.4.7.1.3 CFNetwork/893.13.1 Darwin/17.3.0 (x86_64)"
157.55.39.243 - - [16/Aug/2019:21:23:28 +0200] "GET /img/Colt%2020.11.2011%20Hubi%205.JPG HTTP/1.1" 200 201415 "-" "Mozilla/5.0 (compatible; bingbot/2.0; +http://www.bing.com/bingbot.htm)"
207.46.13.111 - - [16/Aug/2019:21:36:00 +0200] "GET /img/geb%20(4).JPG HTTP/1.1" 200 2732649 "-" "Mozilla/5.0 (compatible; bingbot/2.0; +http://www.bing.com/bingbot.htm)"
157.55.39.128 - - [16/Aug/2019:22:30:36 +0200] "GET /pdf/Frachtrecht%20HGB.pdf HTTP/1.1" 200 19672 "-" "Mozilla/5.0 (compatible; bingbot/2.0; +http://www.bing.com/bingbot.htm)"
66.249.79.15 - - [16/Aug/2019:22:45:17 +0200] "GET /robots.txt HTTP/1.1" 200 8210 "-" "Mozilla/5.0 (compatible; Googlebot/2.1; +http://www.google.com/bot.html)"
66.249.64.173 - - [16/Aug/2019:22:45:18 +0200] "GET /pdf/Frachtrecht%20HGB.pdf HTTP/1.1" 200 19672 "-" "Mozilla/5.0 (compatible; Googlebot/2.1; +http://www.google.com/bot.html)"
66.249.64.171 - - [16/Aug/2019:22:45:24 +0200] "GET /favicon.ico HTTP/1.1" 200 8210 "-" "Googlebot-Image/1.0"
66.249.64.173 - - [16/Aug/2019:23:05:09 +0200] "GET /doc/Frachtrecht%20HGB.doc HTTP/1.1" 304 - "-" "Mozilla/5.0 (Linux; Android 6.0.1; Nexus 5X Build/MMB29P) AppleWebKit/537.36 (KHTML, like Gecko) Chrome/41.0.2272.96 Mobile Safari/537.36 (compatible; Googlebot/2.1; +http://www.google.com/bot.html)"
35.231.184.217 - - [16/Aug/2019:23:40:27 +0200] "GET /robots.txt HTTP/1.0" 200 8210 "-" "ZoominfoBot (zoominfobot at zoominfo dot com)"
35.231.184.217 - - [16/Aug/2019:23:40:27 +0200] "GET / HTTP/1.0" 200 3316 "-" "ZoominfoBot (zoominfobot at zoominfo dot com)"
66.249.64.175 - - [17/Aug/2019:01:36:23 +0200] "GET /robots.txt HTTP/1.1" 200 8210 "-" "Mozilla/5.0 (compatible; Googlebot/2.1; +http://www.google.com/bot.html)"
66.249.64.171 - - [17/Aug/2019:01:36:24 +0200] "GET /pdf/Frachtrecht%20HGB.pdf HTTP/1.1" 200 19672 "-" "Mozilla/5.0 (Linux; Android 6.0.1; Nexus 5X Build/MMB29P) AppleWebKit/537.36 (KHTML, like Gecko) Chrome/41.0.2272.96 Mobile Safari/537.36 (compatible; Googlebot/2.1; +http://www.google.com/bot.html)"
40.77.167.116 - - [17/Aug/2019:01:49:13 +0200] "GET /informationen/faq HTTP/1.1" 200 7235 "-" "Mozilla/5.0 (compatible; bingbot/2.0; +http://www.bing.com/bingbot.htm)"
34.73.192.252 - - [17/Aug/2019:02:13:14 +0200] "GET /robots.txt HTTP/1.0" 200 8210 "-" "ZoominfoBot (zoominfobot at zoominfo dot com)"
34.73.192.252 - - [17/Aug/2019:02:13:14 +0200] "GET / HTTP/1.0" 200 3316 "-" "ZoominfoBot (zoominfobot at zoominfo dot com)"
5.9.94.207 - - [17/Aug/2019:02:34:17 +0200] "GET / HTTP/1.1" 200 3316 "-" "Mozilla/5.0 (compatible; MSIE 10.0; Windows NT 6.1; WOW64; Trident/6.0)"
148.251.237.246 - - [17/Aug/2019:02:34:32 +0200] "GET / HTTP/1.1" 200 3316 "-" "Mozilla/5.0 (Macintosh; Intel Mac OS X 1084) AppleWebKit/536.28.10 (KHTML like Gecko) Version/6.0.3 Safari/536.28.10"
5.9.145.132 - - [17/Aug/2019:02:34:46 +0200] "GET / HTTP/1.1" 200 3316 "-" "Mozilla/5.0 (Windows; U; Windows NT 6.1; en-US) AppleWebKit/533.19.4 (KHTML, like Gecko) Version/5.0.2 Safari/533.18.5"
46.229.168.131 - - [17/Aug/2019:02:43:17 +0200] "GET /robots.txt HTTP/1.1" 200 8210 "-" "Mozilla/5.0 (compatible; SemrushBot/3~bl; +http://www.semrush.com/bot.html)"
46.229.168.162 - - [17/Aug/2019:02:43:17 +0200] "GET /geschaeftskunden/stueckgut_national HTTP/1.1" 200 4493 "-" "Mozilla/5.0 (compatible; SemrushBot/3~bl; +http://www.semrush.com/bot.html)"
66.249.64.171 - - [17/Aug/2019:03:46:48 +0200] "GET /robots.txt HTTP/1.1" 200 8210 "-" "Mozilla/5.0 (compatible; Googlebot/2.1; +http://www.google.com/bot.html)"
66.249.64.171 - - [17/Aug/2019:03:46:48 +0200] "GET /exportdokumente/drittlandexporte HTTP/1.1" 200 7480 "-" "Mozilla/5.0 (Linux; Android 6.0.1; Nexus 5X Build/MMB29P) AppleWebKit/537.36 (KHTML, like Gecko) Chrome/41.0.2272.96 Mobile Safari/537.36 (compatible; Googlebot/2.1; +http://www.google.com/bot.html)"
66.249.64.175 - - [17/Aug/2019:03:57:34 +0200] "GET /informationen/spediteur HTTP/1.1" 200 111924 "-" "Mozilla/5.0 (Linux; Android 6.0.1; Nexus 5X Build/MMB29P) AppleWebKit/537.36 (KHTML, like Gecko) Chrome/41.0.2272.96 Mobile Safari/537.36 (compatible; Googlebot/2.1; +http://www.google.com/bot.html)"
84.134.60.38 - - [17/Aug/2019:05:18:02 +0200] "GET /img/P050222-05.jpg HTTP/1.1" 200 302910 "https://www.google.com/" "Mozilla/5.0 (Windows NT 6.1; Win64; x64) AppleWebKit/537.36 (KHTML, like Gecko) Chrome/76.0.3809.100 Safari/537.36"
84.134.60.38 - - [17/Aug/2019:05:21:43 +0200] "GET /img/lieboch1.jpg HTTP/1.1" 200 2006034 "https://www.google.com/" "Mozilla/5.0 (Windows NT 6.1; Win64; x64) AppleWebKit/537.36 (KHTML, like Gecko) Chrome/76.0.3809.100 Safari/537.36"
66.249.64.175 - - [17/Aug/2019:05:37:34 +0200] "GET /robots.txt HTTP/1.1" 200 8210 "-" "Mozilla/5.0 (compatible; Googlebot/2.1; +http://www.google.com/bot.html)"
66.249.64.173 - - [17/Aug/2019:05:37:34 +0200] "GET /exportdokumente/wertgrenzen HTTP/1.1" 200 5733 "-" "Mozilla/5.0 (Linux; Android 6.0.1; Nexus 5X Build/MMB29P) AppleWebKit/537.36 (KHTML, like Gecko) Chrome/41.0.2272.96 Mobile Safari/537.36 (compatible; Googlebot/2.1; +http://www.google.com/bot.html)"
157.55.39.89 - - [17/Aug/2019:06:38:09 +0200] "GET /unternehmen HTTP/1.1" 200 3128 "-" "Mozilla/5.0 (iPhone; CPU iPhone OS 7_0 like Mac OS X) AppleWebKit/537.51.1 (KHTML, like Gecko) Version/7.0 Mobile/11A465 Safari/9537.53 (compatible; bingbot/2.0; +http://www.bing.com/bingbot.htm)"
157.55.39.83 - - [17/Aug/2019:06:38:38 +0200] "GET /css/print.css HTTP/1.1" 200 830 "-" "Mozilla/5.0 (iPhone; CPU iPhone OS 7_0 like Mac OS X) AppleWebKit/537.51.1 (KHTML, like Gecko) Version/7.0 Mobile/11A465 Safari/9537.53 (compatible; bingbot/2.0; +http://www.bing.com/bingbot.htm)"
157.55.39.83 - - [17/Aug/2019:06:38:38 +0200] "GET /img/9606427.jpg HTTP/1.1" 200 21711 "-" "Mozilla/5.0 (iPhone; CPU iPhone OS 7_0 like Mac OS X) AppleWebKit/537.51.1 (KHTML, like Gecko) Version/7.0 Mobile/11A465 Safari/9537.53 (compatible; bingbot/2.0; +http://www.bing.com/bingbot.htm)"
157.55.39.83 - - [17/Aug/2019:06:38:39 +0200] "GET /js/curvycorners.src.js HTTP/1.1" 200 60221 "-" "Mozilla/5.0 (iPhone; CPU iPhone OS 7_0 like Mac OS X) AppleWebKit/537.51.1 (KHTML, like Gecko) Version/7.0 Mobile/11A465 Safari/9537.53 (compatible; bingbot/2.0; +http://www.bing.com/bingbot.htm)"
157.55.39.89 - - [17/Aug/2019:06:38:42 +0200] "GET /img/857034.jpg HTTP/1.1" 200 14613 "-" "Mozilla/5.0 (iPhone; CPU iPhone OS 7_0 like Mac OS X) AppleWebKit/537.51.1 (KHTML, like Gecko) Version/7.0 Mobile/11A465 Safari/9537.53 (compatible; bingbot/2.0; +http://www.bing.com/bingbot.htm)"
157.55.39.125 - - [17/Aug/2019:06:38:48 +0200] "GET /img/14351312.jpg HTTP/1.1" 200 16335 "-" "Mozilla/5.0 (iPhone; CPU iPhone OS 7_0 like Mac OS X) AppleWebKit/537.51.1 (KHTML, like Gecko) Version/7.0 Mobile/11A465 Safari/9537.53 (compatible; bingbot/2.0; +http://www.bing.com/bingbot.htm)"
157.55.39.125 - - [17/Aug/2019:06:38:48 +0200] "GET /img/52814.jpg HTTP/1.1" 200 14378 "-" "Mozilla/5.0 (iPhone; CPU iPhone OS 7_0 like Mac OS X) AppleWebKit/537.51.1 (KHTML, like Gecko) Version/7.0 Mobile/11A465 Safari/9537.53 (compatible; bingbot/2.0; +http://www.bing.com/bingbot.htm)"
157.55.39.125 - - [17/Aug/2019:06:38:49 +0200] "GET /img/head_hg.jpg HTTP/1.1" 200 18629 "-" "Mozilla/5.0 (iPhone; CPU iPhone OS 7_0 like Mac OS X) AppleWebKit/537.51.1 (KHTML, like Gecko) Version/7.0 Mobile/11A465 Safari/9537.53 (compatible; bingbot/2.0; +http://www.bing.com/bingbot.htm)"
207.46.13.189 - - [17/Aug/2019:06:38:55 +0200] "GET /img/7183587b.jpg HTTP/1.1" 200 12190 "-" "Mozilla/5.0 (iPhone; CPU iPhone OS 7_0 like Mac OS X) AppleWebKit/537.51.1 (KHTML, like Gecko) Version/7.0 Mobile/11A465 Safari/9537.53 (compatible; bingbot/2.0; +http://www.bing.com/bingbot.htm)"
207.46.13.189 - - [17/Aug/2019:06:38:56 +0200] "GET /img/berlin_footer2.gif HTTP/1.1" 200 2795 "-" "Mozilla/5.0 (iPhone; CPU iPhone OS 7_0 like Mac OS X) AppleWebKit/537.51.1 (KHTML, like Gecko) Version/7.0 Mobile/11A465 Safari/9537.53 (compatible; bingbot/2.0; +http://www.bing.com/bingbot.htm)"
207.46.13.189 - - [17/Aug/2019:06:38:56 +0200] "GET /img/hg_body.gif HTTP/1.1" 200 1754 "-" "Mozilla/5.0 (iPhone; CPU iPhone OS 7_0 like Mac OS X) AppleWebKit/537.51.1 (KHTML, like Gecko) Version/7.0 Mobile/11A465 Safari/9537.53 (compatible; bingbot/2.0; +http://www.bing.com/bingbot.htm)"
66.249.64.173 - - [17/Aug/2019:06:47:40 +0200] "GET /impressum HTTP/1.1" 200 4964 "-" "Mozilla/5.0 (Linux; Android 6.0.1; Nexus 5X Build/MMB29P) AppleWebKit/537.36 (KHTML, like Gecko) Chrome/41.0.2272.96 Mobile Safari/537.36 (compatible; Googlebot/2.1; +http://www.google.com/bot.html)"
66.249.64.171 - - [17/Aug/2019:06:47:40 +0200] "GET /robots.txt HTTP/1.1" 200 8210 "-" "Mozilla/5.0 (compatible; Googlebot/2.1; +http://www.google.com/bot.html)"
207.46.13.189 - - [17/Aug/2019:06:55:17 +0200] "GET / HTTP/1.1" 200 3316 "-" "Mozilla/5.0 (compatible; bingbot/2.0; +http://www.bing.com/bingbot.htm)"
66.249.64.171 - - [17/Aug/2019:06:57:44 +0200] "GET /aktuelles HTTP/1.1" 200 8334 "-" "Mozilla/5.0 (Linux; Android 6.0.1; Nexus 5X Build/MMB29P) AppleWebKit/537.36 (KHTML, like Gecko) Chrome/41.0.2272.96 Mobile Safari/537.36 (compatible; Googlebot/2.1; +http://www.google.com/bot.html)"
66.249.64.171 - - [17/Aug/2019:07:07:41 +0200] "GET /unternehmen/wir_ueber_uns HTTP/1.1" 200 5040 "-" "Mozilla/5.0 (Linux; Android 6.0.1; Nexus 5X Build/MMB29P) AppleWebKit/537.36 (KHTML, like Gecko) Chrome/41.0.2272.96 Mobile Safari/537.36 (compatible; Googlebot/2.1; +http://www.google.com/bot.html)"
35.231.153.251 - - [17/Aug/2019:07:10:16 +0200] "GET /robots.txt HTTP/1.0" 200 8210 "-" "ZoominfoBot (zoominfobot at zoominfo dot com)"
35.231.153.251 - - [17/Aug/2019:07:10:16 +0200] "GET /sitemap HTTP/1.0" 200 5025 "-" "ZoominfoBot (zoominfobot at zoominfo dot com)"
35.231.153.251 - - [17/Aug/2019:07:15:53 +0200] "GET /geschaeftskunden HTTP/1.0" 200 4078 "-" "ZoominfoBot (zoominfobot at zoominfo dot com)"
35.231.153.251 - - [17/Aug/2019:07:17:36 +0200] "GET /unternehmen HTTP/1.0" 200 3128 "-" "ZoominfoBot (zoominfobot at zoominfo dot com)"
35.231.153.251 - - [17/Aug/2019:07:18:16 +0200] "GET /aktuelles HTTP/1.0" 200 8334 "-" "ZoominfoBot (zoominfobot at zoominfo dot com)"
35.231.153.251 - - [17/Aug/2019:07:19:38 +0200] "GET /exportdokumente HTTP/1.0" 200 3581 "-" "ZoominfoBot (zoominfobot at zoominfo dot com)"
35.231.153.251 - - [17/Aug/2019:07:20:48 +0200] "GET /datenschutz HTTP/1.0" 200 8225 "-" "ZoominfoBot (zoominfobot at zoominfo dot com)"
35.231.153.251 - - [17/Aug/2019:07:22:21 +0200] "GET /informationen HTTP/1.0" 200 3978 "-" "ZoominfoBot (zoominfobot at zoominfo dot com)"
35.231.153.251 - - [17/Aug/2019:07:25:31 +0200] "GET /impressum HTTP/1.0" 200 4964 "-" "ZoominfoBot (zoominfobot at zoominfo dot com)"
157.55.39.83 - - [17/Aug/2019:07:26:38 +0200] "GET /aktuelles HTTP/1.1" 200 8334 "-" "Mozilla/5.0 (compatible; bingbot/2.0; +http://www.bing.com/bingbot.htm)"
40.77.190.124 - - [17/Aug/2019:07:39:38 +0200] "GET /img/hg_body.gif HTTP/1.1" 200 1754 "-" "Mozilla/5.0 (iPhone; CPU iPhone OS 7_0 like Mac OS X) AppleWebKit/537.51.1 (KHTML, like Gecko) Version/7.0 Mobile/11A465 Safari/9537.53 BingPreview/1.0b"
157.55.39.89 - - [17/Aug/2019:07:57:55 +0200] "GET /pdf/Frachtrecht%20HGB.pdf HTTP/1.1" 200 19672 "-" "Mozilla/5.0 (compatible; bingbot/2.0; +http://www.bing.com/bingbot.htm)"
66.249.64.175 - - [17/Aug/2019:08:18:26 +0200] "GET /robots.txt HTTP/1.1" 200 8210 "-" "Mozilla/5.0 (compatible; Googlebot/2.1; +http://www.google.com/bot.html)"
66.249.64.175 - - [17/Aug/2019:08:18:26 +0200] "GET /downloads HTTP/1.1" 200 5243 "-" "Mozilla/5.0 (Linux; Android 6.0.1; Nexus 5X Build/MMB29P) AppleWebKit/537.36 (KHTML, like Gecko) Chrome/41.0.2272.96 Mobile Safari/537.36 (compatible; Googlebot/2.1; +http://www.google.com/bot.html)"
141.8.189.150 - - [17/Aug/2019:09:03:05 +0200] "GET /robots.txt HTTP/1.1" 200 8210 "-" "Mozilla/5.0 (compatible; YandexBot/3.0; +http://yandex.com/bots)"
141.8.189.150 - - [17/Aug/2019:09:03:09 +0200] "GET / HTTP/1.1" 200 3316 "-" "Mozilla/5.0 (compatible; YandexBot/3.0; +http://yandex.com/bots)"
108.59.8.70 - - [17/Aug/2019:09:05:39 +0200] "GET /robots.txt HTTP/1.1" 200 8210 "-" "Mozilla/5.0 (compatible; MJ12bot/v1.4.8; http://mj12bot.com/)"
108.59.8.70 - - [17/Aug/2019:09:05:44 +0200] "GET / HTTP/1.1" 200 3316 "-" "Mozilla/5.0 (compatible; MJ12bot/v1.4.8; http://mj12bot.com/)"
80.187.105.85 - - [17/Aug/2019:09:17:44 +0200] "GET / HTTP/1.1" 200 3316 "-" "Mozilla/5.0 (iPhone; CPU iPhone OS 12_4 like Mac OS X) AppleWebKit/605.1.15 (KHTML, like Gecko) Version/12.1.2 Mobile/15E148 Safari/604.1"
80.187.105.85 - - [17/Aug/2019:09:17:44 +0200] "GET /apple-touch-icon-120x120-precomposed.png HTTP/1.1" 200 8210 "-" "MobileSafari/604.1 CFNetwork/978.0.7 Darwin/18.7.0"
80.187.105.85 - - [17/Aug/2019:09:17:45 +0200] "GET /apple-touch-icon-120x120.png HTTP/1.1" 200 8210 "-" "MobileSafari/604.1 CFNetwork/978.0.7 Darwin/18.7.0"
80.187.105.85 - - [17/Aug/2019:09:17:45 +0200] "GET /apple-touch-icon-precomposed.png HTTP/1.1" 200 8210 "-" "MobileSafari/604.1 CFNetwork/978.0.7 Darwin/18.7.0"
80.187.105.85 - - [17/Aug/2019:09:17:45 +0200] "GET /apple-touch-icon.png HTTP/1.1" 200 8210 "-" "MobileSafari/604.1 CFNetwork/978.0.7 Darwin/18.7.0"
80.187.105.85 - - [17/Aug/2019:09:17:45 +0200] "GET /favicon.ico HTTP/1.1" 200 8210 "-" "MobileSafari/604.1 CFNetwork/978.0.7 Darwin/18.7.0"
80.187.105.85 - - [17/Aug/2019:09:17:46 +0200] "GET /apple-touch-icon-120x120-precomposed.png HTTP/1.1" 200 8210 "-" "MobileSafari/604.1 CFNetwork/978.0.7 Darwin/18.7.0"
80.187.105.85 - - [17/Aug/2019:09:17:46 +0200] "GET /apple-touch-icon-120x120.png HTTP/1.1" 200 8210 "-" "MobileSafari/604.1 CFNetwork/978.0.7 Darwin/18.7.0"
80.187.105.85 - - [17/Aug/2019:09:17:46 +0200] "GET /apple-touch-icon-precomposed.png HTTP/1.1" 200 8210 "-" "MobileSafari/604.1 CFNetwork/978.0.7 Darwin/18.7.0"
80.187.105.85 - - [17/Aug/2019:09:17:46 +0200] "GET /apple-touch-icon.png HTTP/1.1" 200 8210 "-" "MobileSafari/604.1 CFNetwork/978.0.7 Darwin/18.7.0"
80.187.105.85 - - [17/Aug/2019:09:17:46 +0200] "GET /favicon.ico HTTP/1.1" 200 8210 "-" "MobileSafari/604.1 CFNetwork/978.0.7 Darwin/18.7.0"
157.55.39.83 - - [17/Aug/2019:09:50:31 +0200] "GET /unternehmen/wir_ueber_uns HTTP/1.1" 200 5040 "-" "Mozilla/5.0 (compatible; bingbot/2.0; +http://www.bing.com/bingbot.htm)"
87.159.188.194 - - [17/Aug/2019:09:54:38 +0200] "GET /pdf/Frachtrecht%20HGB.pdf HTTP/1.1" 200 19672 "-" "Mozilla/5.0 (Macintosh; Intel Mac OS X 10_13_2) AppleWebKit/604.4.7 (KHTML, like Gecko)"
87.159.188.194 - - [17/Aug/2019:09:54:38 +0200] "GET /apple-touch-icon-precomposed.png HTTP/1.1" 200 8210 "-" "Safari/13604.4.7.1.3 CFNetwork/893.13.1 Darwin/17.3.0 (x86_64)"
87.159.188.194 - - [17/Aug/2019:09:54:39 +0200] "GET /apple-touch-icon.png HTTP/1.1" 200 8210 "-" "Safari/13604.4.7.1.3 CFNetwork/893.13.1 Darwin/17.3.0 (x86_64)"
87.159.188.194 - - [17/Aug/2019:09:54:39 +0200] "GET /favicon.ico HTTP/1.1" 200 8210 "-" "Safari/13604.4.7.1.3 CFNetwork/893.13.1 Darwin/17.3.0 (x86_64)"
87.159.188.194 - - [17/Aug/2019:09:54:39 +0200] "GET /apple-touch-icon-precomposed.png HTTP/1.1" 200 8210 "-" "Safari/13604.4.7.1.3 CFNetwork/893.13.1 Darwin/17.3.0 (x86_64)"
87.159.188.194 - - [17/Aug/2019:09:54:39 +0200] "GET /apple-touch-icon.png HTTP/1.1" 200 8210 "-" "Safari/13604.4.7.1.3 CFNetwork/893.13.1 Darwin/17.3.0 (x86_64)"
87.159.188.194 - - [17/Aug/2019:09:54:40 +0200] "GET /favicon.ico HTTP/1.1" 200 8210 "-" "Safari/13604.4.7.1.3 CFNetwork/893.13.1 Darwin/17.3.0 (x86_64)"
87.159.188.194 - - [17/Aug/2019:09:54:40 +0200] "GET /pdf/Frachtrecht%20HGB.pdf HTTP/1.1" 200 19672 "-" "\"Mozilla/5.0 (iPhone; CPU iPhone OS 11_0 like Mac OS X) AppleWebKit/604.1.38 (KHTML, like Gecko) Version/11.0 Mobile/15A372 Safari/604.1\""
87.159.188.194 - - [17/Aug/2019:09:54:40 +0200] "GET /apple-touch-icon-precomposed.png HTTP/1.1" 200 8210 "-" "Safari/13604.4.7.1.3 CFNetwork/893.13.1 Darwin/17.3.0 (x86_64)"
87.159.188.194 - - [17/Aug/2019:09:54:40 +0200] "GET /apple-touch-icon.png HTTP/1.1" 200 8210 "-" "Safari/13604.4.7.1.3 CFNetwork/893.13.1 Darwin/17.3.0 (x86_64)"
87.159.188.194 - - [17/Aug/2019:09:54:40 +0200] "GET /favicon.ico HTTP/1.1" 200 8210 "-" "Safari/13604.4.7.1.3 CFNetwork/893.13.1 Darwin/17.3.0 (x86_64)"
87.159.188.194 - - [17/Aug/2019:09:54:41 +0200] "GET /apple-touch-icon-precomposed.png HTTP/1.1" 200 8210 "-" "Safari/13604.4.7.1.3 CFNetwork/893.13.1 Darwin/17.3.0 (x86_64)"
87.159.188.194 - - [17/Aug/2019:09:54:41 +0200] "GET /apple-touch-icon.png HTTP/1.1" 200 8210 "-" "Safari/13604.4.7.1.3 CFNetwork/893.13.1 Darwin/17.3.0 (x86_64)"
87.159.188.194 - - [17/Aug/2019:09:54:41 +0200] "GET /favicon.ico HTTP/1.1" 200 8210 "-" "Safari/13604.4.7.1.3 CFNetwork/893.13.1 Darwin/17.3.0 (x86_64)"
66.249.64.171 - - [17/Aug/2019:10:28:52 +0200] "GET /robots.txt HTTP/1.1" 200 8210 "-" "Mozilla/5.0 (compatible; Googlebot/2.1; +http://www.google.com/bot.html)"
66.249.64.175 - - [17/Aug/2019:10:28:53 +0200] "GET /pdf/Frachtrecht%20HGB.pdf HTTP/1.1" 200 19672 "-" "Mozilla/5.0 (Linux; Android 6.0.1; Nexus 5X Build/MMB29P) AppleWebKit/537.36 (KHTML, like Gecko) Chrome/41.0.2272.96 Mobile Safari/537.36 (compatible; Googlebot/2.1; +http://www.google.com/bot.html)"
46.229.168.148 - - [17/Aug/2019:10:34:10 +0200] "GET /robots.txt HTTP/1.1" 200 8210 "-" "Mozilla/5.0 (compatible; SemrushBot/3~bl; +http://www.semrush.com/bot.html)"
46.229.168.153 - - [17/Aug/2019:10:34:10 +0200] "GET /unternehmen/sponsoring HTTP/1.1" 200 3887 "-" "Mozilla/5.0 (compatible; SemrushBot/3~bl; +http://www.semrush.com/bot.html)"
46.229.168.132 - - [17/Aug/2019:10:41:06 +0200] "GET /exportdokumente/drittlandexporte HTTP/1.1" 200 7480 "-" "Mozilla/5.0 (compatible; SemrushBot/3~bl; +http://www.semrush.com/bot.html)"
141.8.189.150 - - [17/Aug/2019:10:54:04 +0200] "GET /img/captcha/37a9b07dc9371e21d98526afe3ca0396.png HTTP/1.1" 200 8210 "-" "Mozilla/5.0 (compatible; YandexImages/3.0; +http://yandex.com/bots)"
66.249.64.173 - - [17/Aug/2019:10:58:50 +0200] "GET /datenschutz HTTP/1.1" 200 8225 "-" "Mozilla/5.0 (Linux; Android 6.0.1; Nexus 5X Build/MMB29P) AppleWebKit/537.36 (KHTML, like Gecko) Chrome/41.0.2272.96 Mobile Safari/537.36 (compatible; Googlebot/2.1; +http://www.google.com/bot.html)"
66.249.64.175 - - [17/Aug/2019:11:28:50 +0200] "GET /pdf/Frachtrecht%20HGB.pdf HTTP/1.1" 200 19672 "-" "Mozilla/5.0 (Linux; Android 6.0.1; Nexus 5X Build/MMB29P) AppleWebKit/537.36 (KHTML, like Gecko) Chrome/41.0.2272.96 Mobile Safari/537.36 (compatible; Googlebot/2.1; +http://www.google.com/bot.html)"
66.249.64.173 - - [17/Aug/2019:11:28:55 +0200] "GET /favicon.ico HTTP/1.1" 200 8210 "-" "Googlebot-Image/1.0"
66.249.64.171 - - [17/Aug/2019:11:28:55 +0200] "GET /robots.txt HTTP/1.1" 200 8210 "-" "Mozilla/5.0 (compatible; Googlebot/2.1; +http://www.google.com/bot.html)"
157.55.39.83 - - [17/Aug/2019:11:47:36 +0200] "GET /aktuelles HTTP/1.1" 200 8334 "-" "Mozilla/5.0 (compatible; bingbot/2.0; +http://www.bing.com/bingbot.htm)"
157.55.39.83 - - [17/Aug/2019:11:52:06 +0200] "GET /informationen/spediteur HTTP/1.1" 200 111924 "-" "Mozilla/5.0 (compatible; bingbot/2.0; +http://www.bing.com/bingbot.htm)"
84.173.68.88 - - [17/Aug/2019:12:28:47 +0200] "GET / HTTP/1.1" 200 3316 "https://www.google.de/" "Mozilla/5.0 (Windows NT 10.0; Win64; x64) AppleWebKit/537.36 (KHTML, like Gecko) Chrome/64.0.3282.140 Safari/537.36 Edge/17.17134"
84.173.68.88 - - [17/Aug/2019:12:28:48 +0200] "GET /js/curvycorners.src.js HTTP/1.1" 200 60221 "http://www.alle-ziele-spedition.de/" "Mozilla/5.0 (Windows NT 10.0; Win64; x64) AppleWebKit/537.36 (KHTML, like Gecko) Chrome/64.0.3282.140 Safari/537.36 Edge/17.17134"
84.173.68.88 - - [17/Aug/2019:12:28:48 +0200] "GET /css/screen.css HTTP/1.1" 200 13636 "http://www.alle-ziele-spedition.de/" "Mozilla/5.0 (Windows NT 10.0; Win64; x64) AppleWebKit/537.36 (KHTML, like Gecko) Chrome/64.0.3282.140 Safari/537.36 Edge/17.17134"
84.173.68.88 - - [17/Aug/2019:12:28:48 +0200] "GET /css/print.css HTTP/1.1" 200 830 "http://www.alle-ziele-spedition.de/" "Mozilla/5.0 (Windows NT 10.0; Win64; x64) AppleWebKit/537.36 (KHTML, like Gecko) Chrome/64.0.3282.140 Safari/537.36 Edge/17.17134"
84.173.68.88 - - [17/Aug/2019:12:28:48 +0200] "GET /img/hg_body.gif HTTP/1.1" 200 1754 "http://www.alle-ziele-spedition.de/" "Mozilla/5.0 (Windows NT 10.0; Win64; x64) AppleWebKit/537.36 (KHTML, like Gecko) Chrome/64.0.3282.140 Safari/537.36 Edge/17.17134"
84.173.68.88 - - [17/Aug/2019:12:28:48 +0200] "GET /img/14351312.jpg HTTP/1.1" 200 16335 "http://www.alle-ziele-spedition.de/" "Mozilla/5.0 (Windows NT 10.0; Win64; x64) AppleWebKit/537.36 (KHTML, like Gecko) Chrome/64.0.3282.140 Safari/537.36 Edge/17.17134"
84.173.68.88 - - [17/Aug/2019:12:28:48 +0200] "GET /img/globus_finger.jpg HTTP/1.1" 200 8787 "http://www.alle-ziele-spedition.de/" "Mozilla/5.0 (Windows NT 10.0; Win64; x64) AppleWebKit/537.36 (KHTML, like Gecko) Chrome/64.0.3282.140 Safari/537.36 Edge/17.17134"
84.173.68.88 - - [17/Aug/2019:12:28:48 +0200] "GET /img/berlin_footer2.gif HTTP/1.1" 200 2795 "http://www.alle-ziele-spedition.de/" "Mozilla/5.0 (Windows NT 10.0; Win64; x64) AppleWebKit/537.36 (KHTML, like Gecko) Chrome/64.0.3282.140 Safari/537.36 Edge/17.17134"
84.173.68.88 - - [17/Aug/2019:12:28:48 +0200] "GET /img/9606427.jpg HTTP/1.1" 200 21711 "http://www.alle-ziele-spedition.de/" "Mozilla/5.0 (Windows NT 10.0; Win64; x64) AppleWebKit/537.36 (KHTML, like Gecko) Chrome/64.0.3282.140 Safari/537.36 Edge/17.17134"
84.173.68.88 - - [17/Aug/2019:12:28:48 +0200] "GET /img/52814.jpg HTTP/1.1" 200 14378 "http://www.alle-ziele-spedition.de/" "Mozilla/5.0 (Windows NT 10.0; Win64; x64) AppleWebKit/537.36 (KHTML, like Gecko) Chrome/64.0.3282.140 Safari/537.36 Edge/17.17134"
84.173.68.88 - - [17/Aug/2019:12:28:48 +0200] "GET /img/857034.jpg HTTP/1.1" 200 14613 "http://www.alle-ziele-spedition.de/" "Mozilla/5.0 (Windows NT 10.0; Win64; x64) AppleWebKit/537.36 (KHTML, like Gecko) Chrome/64.0.3282.140 Safari/537.36 Edge/17.17134"
84.173.68.88 - - [17/Aug/2019:12:28:48 +0200] "GET /img/7183587b.jpg HTTP/1.1" 200 12190 "http://www.alle-ziele-spedition.de/" "Mozilla/5.0 (Windows NT 10.0; Win64; x64) AppleWebKit/537.36 (KHTML, like Gecko) Chrome/64.0.3282.140 Safari/537.36 Edge/17.17134"
84.173.68.88 - - [17/Aug/2019:12:28:48 +0200] "GET /img/head_hg.jpg HTTP/1.1" 200 18629 "http://www.alle-ziele-spedition.de/" "Mozilla/5.0 (Windows NT 10.0; Win64; x64) AppleWebKit/537.36 (KHTML, like Gecko) Chrome/64.0.3282.140 Safari/537.36 Edge/17.17134"
84.173.68.88 - - [17/Aug/2019:12:28:48 +0200] "GET /favicon.ico HTTP/1.1" 200 8210 "-" "Mozilla/5.0 (Windows NT 10.0; Win64; x64) AppleWebKit/537.36 (KHTML, like Gecko) Chrome/64.0.3282.140 Safari/537.36 Edge/17.17134"
66.249.64.175 - - [17/Aug/2019:12:28:55 +0200] "GET /informationen/spediteur HTTP/1.1" 200 111924 "-" "Mozilla/5.0 (Linux; Android 6.0.1; Nexus 5X Build/MMB29P) AppleWebKit/537.36 (KHTML, like Gecko) Chrome/41.0.2272.96 Mobile Safari/537.36 (compatible; Googlebot/2.1; +http://www.google.com/bot.html)"
46.114.33.170 - - [17/Aug/2019:14:19:15 +0200] "GET / HTTP/1.1" 200 3316 "https://www.google.com/" "Mozilla/5.0 (Linux; Android 9; SM-G960F) AppleWebKit/537.36 (KHTML, like Gecko) Chrome/76.0.3809.89 Mobile Safari/537.36"
46.114.33.170 - - [17/Aug/2019:14:19:15 +0200] "GET /css/screen.css HTTP/1.1" 200 13636 "http://www.alle-ziele-spedition.de/" "Mozilla/5.0 (Linux; Android 9; SM-G960F) AppleWebKit/537.36 (KHTML, like Gecko) Chrome/76.0.3809.89 Mobile Safari/537.36"
46.114.33.170 - - [17/Aug/2019:14:19:15 +0200] "GET /css/print.css HTTP/1.1" 200 830 "http://www.alle-ziele-spedition.de/" "Mozilla/5.0 (Linux; Android 9; SM-G960F) AppleWebKit/537.36 (KHTML, like Gecko) Chrome/76.0.3809.89 Mobile Safari/537.36"
46.114.33.170 - - [17/Aug/2019:14:19:15 +0200] "GET /js/curvycorners.src.js HTTP/1.1" 200 60221 "http://www.alle-ziele-spedition.de/" "Mozilla/5.0 (Linux; Android 9; SM-G960F) AppleWebKit/537.36 (KHTML, like Gecko) Chrome/76.0.3809.89 Mobile Safari/537.36"
46.114.33.170 - - [17/Aug/2019:14:19:15 +0200] "GET /img/hg_body.gif HTTP/1.1" 200 1754 "http://www.alle-ziele-spedition.de/css/screen.css" "Mozilla/5.0 (Linux; Android 9; SM-G960F) AppleWebKit/537.36 (KHTML, like Gecko) Chrome/76.0.3809.89 Mobile Safari/537.36"
46.114.33.170 - - [17/Aug/2019:14:19:15 +0200] "GET /img/head_hg.jpg HTTP/1.1" 200 18629 "http://www.alle-ziele-spedition.de/css/screen.css" "Mozilla/5.0 (Linux; Android 9; SM-G960F) AppleWebKit/537.36 (KHTML, like Gecko) Chrome/76.0.3809.89 Mobile Safari/537.36"
46.114.33.170 - - [17/Aug/2019:14:19:15 +0200] "GET /img/7183587b.jpg HTTP/1.1" 200 12190 "http://www.alle-ziele-spedition.de/css/screen.css" "Mozilla/5.0 (Linux; Android 9; SM-G960F) AppleWebKit/537.36 (KHTML, like Gecko) Chrome/76.0.3809.89 Mobile Safari/537.36"
46.114.33.170 - - [17/Aug/2019:14:19:16 +0200] "GET /img/globus_finger.jpg HTTP/1.1" 200 8787 "http://www.alle-ziele-spedition.de/css/screen.css" "Mozilla/5.0 (Linux; Android 9; SM-G960F) AppleWebKit/537.36 (KHTML, like Gecko) Chrome/76.0.3809.89 Mobile Safari/537.36"
46.114.33.170 - - [17/Aug/2019:14:19:16 +0200] "GET /img/14351312.jpg HTTP/1.1" 200 16335 "http://www.alle-ziele-spedition.de/css/screen.css" "Mozilla/5.0 (Linux; Android 9; SM-G960F) AppleWebKit/537.36 (KHTML, like Gecko) Chrome/76.0.3809.89 Mobile Safari/537.36"
46.114.33.170 - - [17/Aug/2019:14:19:16 +0200] "GET /img/berlin_footer2.gif HTTP/1.1" 200 2795 "http://www.alle-ziele-spedition.de/css/screen.css" "Mozilla/5.0 (Linux; Android 9; SM-G960F) AppleWebKit/537.36 (KHTML, like Gecko) Chrome/76.0.3809.89 Mobile Safari/537.36"
46.114.33.170 - - [17/Aug/2019:14:19:16 +0200] "GET /img/857034.jpg HTTP/1.1" 200 14613 "http://www.alle-ziele-spedition.de/css/screen.css" "Mozilla/5.0 (Linux; Android 9; SM-G960F) AppleWebKit/537.36 (KHTML, like Gecko) Chrome/76.0.3809.89 Mobile Safari/537.36"
46.114.33.170 - - [17/Aug/2019:14:19:16 +0200] "GET /img/9606427.jpg HTTP/1.1" 200 21711 "http://www.alle-ziele-spedition.de/css/screen.css" "Mozilla/5.0 (Linux; Android 9; SM-G960F) AppleWebKit/537.36 (KHTML, like Gecko) Chrome/76.0.3809.89 Mobile Safari/537.36"
46.114.33.170 - - [17/Aug/2019:14:19:16 +0200] "GET /img/52814.jpg HTTP/1.1" 200 14378 "http://www.alle-ziele-spedition.de/css/screen.css" "Mozilla/5.0 (Linux; Android 9; SM-G960F) AppleWebKit/537.36 (KHTML, like Gecko) Chrome/76.0.3809.89 Mobile Safari/537.36"
46.114.33.170 - - [17/Aug/2019:14:19:16 +0200] "GET /favicon.ico HTTP/1.1" 200 8210 "http://www.alle-ziele-spedition.de/" "Mozilla/5.0 (Linux; Android 9; SM-G960F) AppleWebKit/537.36 (KHTML, like Gecko) Chrome/76.0.3809.89 Mobile Safari/537.36"
46.114.33.170 - - [17/Aug/2019:14:19:32 +0200] "GET /aktuelles HTTP/1.1" 200 8334 "http://www.alle-ziele-spedition.de/" "Mozilla/5.0 (Linux; Android 9; SM-G960F) AppleWebKit/537.36 (KHTML, like Gecko) Chrome/76.0.3809.89 Mobile Safari/537.36"
46.114.33.170 - - [17/Aug/2019:14:19:33 +0200] "GET /favicon.ico HTTP/1.1" 200 8210 "http://www.alle-ziele-spedition.de/aktuelles" "Mozilla/5.0 (Linux; Android 9; SM-G960F) AppleWebKit/537.36 (KHTML, like Gecko) Chrome/76.0.3809.89 Mobile Safari/537.36"
46.114.33.170 - - [17/Aug/2019:14:19:47 +0200] "GET / HTTP/1.1" 200 3316 "https://www.google.com/" "Mozilla/5.0 (Linux; Android 9; SM-G960F) AppleWebKit/537.36 (KHTML, like Gecko) Chrome/76.0.3809.89 Mobile Safari/537.36"
46.114.33.170 - - [17/Aug/2019:14:19:48 +0200] "GET /favicon.ico HTTP/1.1" 200 8210 "http://www.alle-ziele-spedition.de/" "Mozilla/5.0 (Linux; Android 9; SM-G960F) AppleWebKit/537.36 (KHTML, like Gecko) Chrome/76.0.3809.89 Mobile Safari/537.36"
207.46.13.241 - - [17/Aug/2019:14:41:25 +0200] "GET /geschaeftskunden HTTP/1.1" 200 4078 "-" "Mozilla/5.0 (compatible; bingbot/2.0; +http://www.bing.com/bingbot.htm)"
65.55.210.142 - - [17/Aug/2019:14:41:26 +0200] "GET /css/screen.css HTTP/1.1" 200 13636 "http://www.alle-ziele-spedition.de/geschaeftskunden" "Mozilla/5.0 (Windows NT 6.1; WOW64) AppleWebKit/534+ (KHTML, like Gecko) BingPreview/1.0b"
65.55.210.142 - - [17/Aug/2019:14:41:26 +0200] "GET /js/curvycorners.src.js HTTP/1.1" 200 60221 "http://www.alle-ziele-spedition.de/geschaeftskunden" "Mozilla/5.0 (Windows NT 6.1; WOW64) AppleWebKit/534+ (KHTML, like Gecko) BingPreview/1.0b"
65.55.210.142 - - [17/Aug/2019:14:41:27 +0200] "GET /css/print.css HTTP/1.1" 200 830 "http://www.alle-ziele-spedition.de/geschaeftskunden" "Mozilla/5.0 (Windows NT 6.1; WOW64) AppleWebKit/534+ (KHTML, like Gecko) BingPreview/1.0b"
66.249.64.173 - - [17/Aug/2019:14:59:11 +0200] "GET /robots.txt HTTP/1.1" 200 8210 "-" "Mozilla/5.0 (compatible; Googlebot/2.1; +http://www.google.com/bot.html)"
66.249.64.175 - - [17/Aug/2019:14:59:12 +0200] "GET /exportdokumente/drittlandexporte HTTP/1.1" 200 7480 "-" "Mozilla/5.0 (Linux; Android 6.0.1; Nexus 5X Build/MMB29P) AppleWebKit/537.36 (KHTML, like Gecko) Chrome/41.0.2272.96 Mobile Safari/537.36 (compatible; Googlebot/2.1; +http://www.google.com/bot.html)"
66.249.64.171 - - [17/Aug/2019:14:59:18 +0200] "GET /css/screen.css HTTP/1.1" 200 13636 "http://www.alle-ziele-spedition.de/exportdokumente/drittlandexporte" "Mozilla/5.0 (Linux; Android 6.0.1; Nexus 5X Build/MMB29P) AppleWebKit/537.36 (KHTML, like Gecko) Chrome/41.0.2272.96 Mobile Safari/537.36 (compatible; Googlebot/2.1; +http://www.google.com/bot.html)"
66.249.64.171 - - [17/Aug/2019:15:09:21 +0200] "GET /exportdokumente/wertgrenzen HTTP/1.1" 200 5733 "-" "Mozilla/5.0 (Linux; Android 6.0.1; Nexus 5X Build/MMB29P) AppleWebKit/537.36 (KHTML, like Gecko) Chrome/41.0.2272.96 Mobile Safari/537.36 (compatible; Googlebot/2.1; +http://www.google.com/bot.html)"
178.7.166.248 - - [17/Aug/2019:15:09:37 +0200] "GET /pdf/Frachtrecht%20HGB.pdf HTTP/1.1" 200 19672 "https://www.google.de/" "Mozilla/5.0 (iPhone; CPU iPhone OS 11_4_1 like Mac OS X) AppleWebKit/605.1.15 (KHTML, like Gecko) Version/11.0 Mobile/15E148 Safari/604.1"
87.159.188.194 - - [17/Aug/2019:15:36:01 +0200] "GET /pdf/Frachtrecht%20HGB.pdf HTTP/1.1" 200 19672 "-" "Mozilla/5.0 (Macintosh; Intel Mac OS X 10_13_2) AppleWebKit/604.4.7 (KHTML, like Gecko)"
87.159.188.194 - - [17/Aug/2019:15:36:03 +0200] "GET /apple-touch-icon-precomposed.png HTTP/1.1" 200 8210 "-" "Safari/13604.4.7.1.3 CFNetwork/893.13.1 Darwin/17.3.0 (x86_64)"
87.159.188.194 - - [17/Aug/2019:15:36:04 +0200] "GET /apple-touch-icon.png HTTP/1.1" 200 8210 "-" "Safari/13604.4.7.1.3 CFNetwork/893.13.1 Darwin/17.3.0 (x86_64)"
87.159.188.194 - - [17/Aug/2019:15:36:04 +0200] "GET /favicon.ico HTTP/1.1" 200 8210 "-" "Safari/13604.4.7.1.3 CFNetwork/893.13.1 Darwin/17.3.0 (x86_64)"
87.159.188.194 - - [17/Aug/2019:15:36:04 +0200] "GET /apple-touch-icon-precomposed.png HTTP/1.1" 200 8210 "-" "Safari/13604.4.7.1.3 CFNetwork/893.13.1 Darwin/17.3.0 (x86_64)"
87.159.188.194 - - [17/Aug/2019:15:36:04 +0200] "GET /apple-touch-icon.png HTTP/1.1" 200 8210 "-" "Safari/13604.4.7.1.3 CFNetwork/893.13.1 Darwin/17.3.0 (x86_64)"
87.159.188.194 - - [17/Aug/2019:15:36:04 +0200] "GET /favicon.ico HTTP/1.1" 200 8210 "-" "Safari/13604.4.7.1.3 CFNetwork/893.13.1 Darwin/17.3.0 (x86_64)"
87.159.188.194 - - [17/Aug/2019:15:36:05 +0200] "GET /pdf/Frachtrecht%20HGB.pdf HTTP/1.1" 200 19672 "-" "\"Mozilla/5.0 (iPhone; CPU iPhone OS 11_0 like Mac OS X) AppleWebKit/604.1.38 (KHTML, like Gecko) Version/11.0 Mobile/15A372 Safari/604.1\""
87.159.188.194 - - [17/Aug/2019:15:36:05 +0200] "GET /apple-touch-icon-precomposed.png HTTP/1.1" 200 8210 "-" "Safari/13604.4.7.1.3 CFNetwork/893.13.1 Darwin/17.3.0 (x86_64)"
87.159.188.194 - - [17/Aug/2019:15:36:05 +0200] "GET /apple-touch-icon.png HTTP/1.1" 200 8210 "-" "Safari/13604.4.7.1.3 CFNetwork/893.13.1 Darwin/17.3.0 (x86_64)"
87.159.188.194 - - [17/Aug/2019:15:36:05 +0200] "GET /favicon.ico HTTP/1.1" 200 8210 "-" "Safari/13604.4.7.1.3 CFNetwork/893.13.1 Darwin/17.3.0 (x86_64)"
87.159.188.194 - - [17/Aug/2019:15:36:05 +0200] "GET /apple-touch-icon-precomposed.png HTTP/1.1" 200 8210 "-" "Safari/13604.4.7.1.3 CFNetwork/893.13.1 Darwin/17.3.0 (x86_64)"
87.159.188.194 - - [17/Aug/2019:15:36:06 +0200] "GET /apple-touch-icon.png HTTP/1.1" 200 8210 "-" "Safari/13604.4.7.1.3 CFNetwork/893.13.1 Darwin/17.3.0 (x86_64)"
87.159.188.194 - - [17/Aug/2019:15:36:06 +0200] "GET /favicon.ico HTTP/1.1" 200 8210 "-" "Safari/13604.4.7.1.3 CFNetwork/893.13.1 Darwin/17.3.0 (x86_64)"
37.5.248.200 - - [17/Aug/2019:15:40:28 +0200] "GET /css/screen.css HTTP/1.1" 200 13636 "http://www.alle-ziele-spedition.de/informationen/spediteur" "Mozilla/5.0 (Macintosh; Intel Mac OS X 10_13_6) AppleWebKit/537.36 (KHTML, like Gecko) Chrome/76.0.3809.100 Safari/537.36"
37.5.248.200 - - [17/Aug/2019:15:40:28 +0200] "GET /js/curvycorners.src.js HTTP/1.1" 200 60221 "http://www.alle-ziele-spedition.de/informationen/spediteur" "Mozilla/5.0 (Macintosh; Intel Mac OS X 10_13_6) AppleWebKit/537.36 (KHTML, like Gecko) Chrome/76.0.3809.100 Safari/537.36"
37.5.248.200 - - [17/Aug/2019:15:40:28 +0200] "GET /css/print.css HTTP/1.1" 200 830 "http://www.alle-ziele-spedition.de/informationen/spediteur" "Mozilla/5.0 (Macintosh; Intel Mac OS X 10_13_6) AppleWebKit/537.36 (KHTML, like Gecko) Chrome/76.0.3809.100 Safari/537.36"
37.5.248.200 - - [17/Aug/2019:15:40:28 +0200] "GET /informationen/spediteur HTTP/1.1" 200 111924 "https://www.google.com/" "Mozilla/5.0 (Macintosh; Intel Mac OS X 10_13_6) AppleWebKit/537.36 (KHTML, like Gecko) Chrome/76.0.3809.100 Safari/537.36"
37.5.248.200 - - [17/Aug/2019:15:40:29 +0200] "GET /img/geb%20(1).JPG HTTP/1.1" 200 1339655 "http://www.alle-ziele-spedition.de/informationen/spediteur" "Mozilla/5.0 (Macintosh; Intel Mac OS X 10_13_6) AppleWebKit/537.36 (KHTML, like Gecko) Chrome/76.0.3809.100 Safari/537.36"
37.5.248.200 - - [17/Aug/2019:15:40:29 +0200] "GET /img/geb%20(5).JPG HTTP/1.1" 200 1274297 "http://www.alle-ziele-spedition.de/informationen/spediteur" "Mozilla/5.0 (Macintosh; Intel Mac OS X 10_13_6) AppleWebKit/537.36 (KHTML, like Gecko) Chrome/76.0.3809.100 Safari/537.36"
37.5.248.200 - - [17/Aug/2019:15:40:31 +0200] "GET /img/52814.jpg HTTP/1.1" 200 14378 "http://www.alle-ziele-spedition.de/css/screen.css" "Mozilla/5.0 (Macintosh; Intel Mac OS X 10_13_6) AppleWebKit/537.36 (KHTML, like Gecko) Chrome/76.0.3809.100 Safari/537.36"
37.5.248.200 - - [17/Aug/2019:15:40:31 +0200] "GET /img/857034.jpg HTTP/1.1" 200 14613 "http://www.alle-ziele-spedition.de/css/screen.css" "Mozilla/5.0 (Macintosh; Intel Mac OS X 10_13_6) AppleWebKit/537.36 (KHTML, like Gecko) Chrome/76.0.3809.100 Safari/537.36"
37.5.248.200 - - [17/Aug/2019:15:40:31 +0200] "GET /img/head_hg.jpg HTTP/1.1" 200 18629 "http://www.alle-ziele-spedition.de/css/screen.css" "Mozilla/5.0 (Macintosh; Intel Mac OS X 10_13_6) AppleWebKit/537.36 (KHTML, like Gecko) Chrome/76.0.3809.100 Safari/537.36"
37.5.248.200 - - [17/Aug/2019:15:40:29 +0200] "GET /img/geb%20(6).JPG HTTP/1.1" 200 1292377 "http://www.alle-ziele-spedition.de/informationen/spediteur" "Mozilla/5.0 (Macintosh; Intel Mac OS X 10_13_6) AppleWebKit/537.36 (KHTML, like Gecko) Chrome/76.0.3809.100 Safari/537.36"
37.5.248.200 - - [17/Aug/2019:15:40:31 +0200] "GET /img/14351312.jpg HTTP/1.1" 200 16335 "http://www.alle-ziele-spedition.de/css/screen.css" "Mozilla/5.0 (Macintosh; Intel Mac OS X 10_13_6) AppleWebKit/537.36 (KHTML, like Gecko) Chrome/76.0.3809.100 Safari/537.36"
37.5.248.200 - - [17/Aug/2019:15:40:31 +0200] "GET /img/9606427.jpg HTTP/1.1" 200 21711 "http://www.alle-ziele-spedition.de/css/screen.css" "Mozilla/5.0 (Macintosh; Intel Mac OS X 10_13_6) AppleWebKit/537.36 (KHTML, like Gecko) Chrome/76.0.3809.100 Safari/537.36"
37.5.248.200 - - [17/Aug/2019:15:40:31 +0200] "GET /img/hg_body.gif HTTP/1.1" 200 1754 "http://www.alle-ziele-spedition.de/css/screen.css" "Mozilla/5.0 (Macintosh; Intel Mac OS X 10_13_6) AppleWebKit/537.36 (KHTML, like Gecko) Chrome/76.0.3809.100 Safari/537.36"
37.5.248.200 - - [17/Aug/2019:15:40:31 +0200] "GET /img/7183587b.jpg HTTP/1.1" 200 12190 "http://www.alle-ziele-spedition.de/css/screen.css" "Mozilla/5.0 (Macintosh; Intel Mac OS X 10_13_6) AppleWebKit/537.36 (KHTML, like Gecko) Chrome/76.0.3809.100 Safari/537.36"
37.5.248.200 - - [17/Aug/2019:15:40:29 +0200] "GET /img/geb%20(2).JPG HTTP/1.1" 200 2207352 "http://www.alle-ziele-spedition.de/informationen/spediteur" "Mozilla/5.0 (Macintosh; Intel Mac OS X 10_13_6) AppleWebKit/537.36 (KHTML, like Gecko) Chrome/76.0.3809.100 Safari/537.36"
37.5.248.200 - - [17/Aug/2019:15:40:31 +0200] "GET /img/Colt%2020.11.2011%20Hubi%204.JPG HTTP/1.1" 200 416132 "http://www.alle-ziele-spedition.de/informationen/spediteur" "Mozilla/5.0 (Macintosh; Intel Mac OS X 10_13_6) AppleWebKit/537.36 (KHTML, like Gecko) Chrome/76.0.3809.100 Safari/537.36"
37.5.248.200 - - [17/Aug/2019:15:40:31 +0200] "GET /img/Colt%2020.11.2011%20Hubi%205.JPG HTTP/1.1" 200 201415 "http://www.alle-ziele-spedition.de/informationen/spediteur" "Mozilla/5.0 (Macintosh; Intel Mac OS X 10_13_6) AppleWebKit/537.36 (KHTML, like Gecko) Chrome/76.0.3809.100 Safari/537.36"
37.5.248.200 - - [17/Aug/2019:15:40:29 +0200] "GET /img/geb%20(4).JPG HTTP/1.1" 200 2732649 "http://www.alle-ziele-spedition.de/informationen/spediteur" "Mozilla/5.0 (Macintosh; Intel Mac OS X 10_13_6) AppleWebKit/537.36 (KHTML, like Gecko) Chrome/76.0.3809.100 Safari/537.36"
37.5.248.200 - - [17/Aug/2019:15:40:29 +0200] "GET /img/geb%20(3).JPG HTTP/1.1" 200 2240578 "http://www.alle-ziele-spedition.de/informationen/spediteur" "Mozilla/5.0 (Macintosh; Intel Mac OS X 10_13_6) AppleWebKit/537.36 (KHTML, like Gecko) Chrome/76.0.3809.100 Safari/537.36"
37.5.248.200 - - [17/Aug/2019:15:40:31 +0200] "GET /img/geb%20(7).JPG HTTP/1.1" 200 1149007 "http://www.alle-ziele-spedition.de/informationen/spediteur" "Mozilla/5.0 (Macintosh; Intel Mac OS X 10_13_6) AppleWebKit/537.36 (KHTML, like Gecko) Chrome/76.0.3809.100 Safari/537.36"
37.5.248.200 - - [17/Aug/2019:15:40:31 +0200] "GET /img/Colt%2020.11.2011%20Hubi%207.JPG HTTP/1.1" 200 534770 "http://www.alle-ziele-spedition.de/informationen/spediteur" "Mozilla/5.0 (Macintosh; Intel Mac OS X 10_13_6) AppleWebKit/537.36 (KHTML, like Gecko) Chrome/76.0.3809.100 Safari/537.36"
37.5.248.200 - - [17/Aug/2019:15:40:32 +0200] "GET /img/P050222-05.jpg HTTP/1.1" 200 302910 "http://www.alle-ziele-spedition.de/informationen/spediteur" "Mozilla/5.0 (Macintosh; Intel Mac OS X 10_13_6) AppleWebKit/537.36 (KHTML, like Gecko) Chrome/76.0.3809.100 Safari/537.36"
37.5.248.200 - - [17/Aug/2019:15:40:32 +0200] "GET /img/Multiwheels.jpg HTTP/1.1" 200 394656 "http://www.alle-ziele-spedition.de/informationen/spediteur" "Mozilla/5.0 (Macintosh; Intel Mac OS X 10_13_6) AppleWebKit/537.36 (KHTML, like Gecko) Chrome/76.0.3809.100 Safari/537.36"
37.5.248.200 - - [17/Aug/2019:15:40:32 +0200] "GET /img/berlin_footer2.gif HTTP/1.1" 200 2795 "http://www.alle-ziele-spedition.de/css/screen.css" "Mozilla/5.0 (Macintosh; Intel Mac OS X 10_13_6) AppleWebKit/537.36 (KHTML, like Gecko) Chrome/76.0.3809.100 Safari/537.36"
37.5.248.200 - - [17/Aug/2019:15:40:31 +0200] "GET /img/geb%20(8).JPG HTTP/1.1" 200 1353331 "http://www.alle-ziele-spedition.de/informationen/spediteur" "Mozilla/5.0 (Macintosh; Intel Mac OS X 10_13_6) AppleWebKit/537.36 (KHTML, like Gecko) Chrome/76.0.3809.100 Safari/537.36"
37.5.248.200 - - [17/Aug/2019:15:40:32 +0200] "GET /img/lieboch2.jpg HTTP/1.1" 200 1644725 "http://www.alle-ziele-spedition.de/informationen/spediteur" "Mozilla/5.0 (Macintosh; Intel Mac OS X 10_13_6) AppleWebKit/537.36 (KHTML, like Gecko) Chrome/76.0.3809.100 Safari/537.36"
37.5.248.200 - - [17/Aug/2019:15:40:32 +0200] "GET /img/lieboch1.jpg HTTP/1.1" 200 2006034 "http://www.alle-ziele-spedition.de/informationen/spediteur" "Mozilla/5.0 (Macintosh; Intel Mac OS X 10_13_6) AppleWebKit/537.36 (KHTML, like Gecko) Chrome/76.0.3809.100 Safari/537.36"
37.5.248.200 - - [17/Aug/2019:15:40:33 +0200] "GET /favicon.ico HTTP/1.1" 200 8210 "http://www.alle-ziele-spedition.de/informationen/spediteur" "Mozilla/5.0 (Macintosh; Intel Mac OS X 10_13_6) AppleWebKit/537.36 (KHTML, like Gecko) Chrome/76.0.3809.100 Safari/537.36"
207.46.13.241 - - [17/Aug/2019:15:50:11 +0200] "GET /img/Colt%2020.11.2011%20Hubi%204.JPG HTTP/1.1" 200 416132 "-" "Mozilla/5.0 (compatible; bingbot/2.0; +http://www.bing.com/bingbot.htm)"
109.102.226.187 - - [17/Aug/2019:16:07:32 +0200] "GET / HTTP/1.1" 200 3316 "-" "Mozilla/5.0 (compatible& Googlebot/2.1& +http://www.google.com/bot.html)"
109.102.226.187 - - [17/Aug/2019:16:07:33 +0200] "GET / HTTP/1.1" 200 3316 "-" "Mozilla/5.0 (Linux; U; Android 4.0.3; ko-kr; LG-L160L Build/IML74K) AppleWebkit/534.30 (KHTML, like Gecko) Version/4.0 Mobile Safari/534.30"
66.249.64.171 - - [17/Aug/2019:16:30:02 +0200] "GET /robots.txt HTTP/1.1" 200 8210 "-" "Mozilla/5.0 (compatible; Googlebot/2.1; +http://www.google.com/bot.html)"
66.249.64.175 - - [17/Aug/2019:16:30:02 +0200] "GET /unternehmen/wir_ueber_uns HTTP/1.1" 200 5040 "-" "Mozilla/5.0 (Linux; Android 6.0.1; Nexus 5X Build/MMB29P) AppleWebKit/537.36 (KHTML, like Gecko) Chrome/41.0.2272.96 Mobile Safari/537.36 (compatible; Googlebot/2.1; +http://www.google.com/bot.html)"
66.249.64.171 - - [17/Aug/2019:16:30:05 +0200] "GET /css/screen.css HTTP/1.1" 200 13636 "http://www.alle-ziele-spedition.de/unternehmen/wir_ueber_uns" "Mozilla/5.0 (Linux; Android 6.0.1; Nexus 5X Build/MMB29P) AppleWebKit/537.36 (KHTML, like Gecko) Chrome/41.0.2272.96 Mobile Safari/537.36 (compatible; Googlebot/2.1; +http://www.google.com/bot.html)"
66.249.64.175 - - [17/Aug/2019:17:00:18 +0200] "GET /impressum HTTP/1.1" 200 4964 "-" "Mozilla/5.0 (Linux; Android 6.0.1; Nexus 5X Build/MMB29P) AppleWebKit/537.36 (KHTML, like Gecko) Chrome/41.0.2272.96 Mobile Safari/537.36 (compatible; Googlebot/2.1; +http://www.google.com/bot.html)"
66.249.64.171 - - [17/Aug/2019:17:10:02 +0200] "GET /exportdokumente/drittlandexporte?&sa=U&ei=SNofVKjoMqne7AbmtoH4Cg&ved=0CEIQFjAH&usg=AFQjCNGNiXClgjCFqXcux-A5Rq-9Pv9c6g HTTP/1.1" 200 7480 "-" "Mozilla/5.0 (Linux; Android 6.0.1; Nexus 5X Build/MMB29P) AppleWebKit/537.36 (KHTML, like Gecko) Chrome/41.0.2272.96 Mobile Safari/537.36 (compatible; Googlebot/2.1; +http://www.google.com/bot.html)"
46.229.168.140 - - [17/Aug/2019:17:24:38 +0200] "GET /robots.txt HTTP/1.1" 200 8210 "-" "Mozilla/5.0 (compatible; SemrushBot/3~bl; +http://www.semrush.com/bot.html)"
46.229.168.149 - - [17/Aug/2019:17:24:39 +0200] "GET /datenschutz HTTP/1.1" 200 8225 "-" "Mozilla/5.0 (compatible; SemrushBot/3~bl; +http://www.semrush.com/bot.html)"
88.99.27.172 - - [17/Aug/2019:17:26:13 +0200] "GET /impressum HTTP/1.1" 200 4964 "-" "Mozilla/5.0 (Macintosh; Intel Mac OS X 10_12_6) AppleWebKit/537.36 (KHTML, like Gecko) Chrome/63.0.3239.132 Safari/537.36"
66.249.64.175 - - [17/Aug/2019:17:41:01 +0200] "GET /robots.txt HTTP/1.1" 200 8210 "-" "Mozilla/5.0 (compatible; Googlebot/2.1; +http://www.google.com/bot.html)"
66.249.64.175 - - [17/Aug/2019:17:41:01 +0200] "GET /exportdokumente/drittlandexporte?&sa=U&ei=97weVPzCOYLP7QbO84DwCw&ved=0CEIQFjAH&usg=AFQjCNEjQNFJiZ9IMbB7xK2Nn6lfpk6hRg HTTP/1.1" 200 7480 "-" "Mozilla/5.0 (Linux; Android 6.0.1; Nexus 5X Build/MMB29P) AppleWebKit/537.36 (KHTML, like Gecko) Chrome/41.0.2272.96 Mobile Safari/537.36 (compatible; Googlebot/2.1; +http://www.google.com/bot.html)"
66.249.64.171 - - [17/Aug/2019:17:51:00 +0200] "GET /aktuelles HTTP/1.1" 200 8334 "-" "Mozilla/5.0 (Linux; Android 6.0.1; Nexus 5X Build/MMB29P) AppleWebKit/537.36 (KHTML, like Gecko) Chrome/41.0.2272.96 Mobile Safari/537.36 (compatible; Googlebot/2.1; +http://www.google.com/bot.html)"
194.173.174.106 - - [17/Aug/2019:18:00:43 +0200] "HEAD / HTTP/1.1" 200 - "-" "Mozilla/5.0 (Windows NT 6.3; WOW64) AppleWebKit/537.36 (KHTML, like Gecko) Chrome/43.0.2357.134 Safari/537.36"
34.221.119.0 - - [17/Aug/2019:18:04:52 +0200] "GET / HTTP/1.1" 200 3316 "-" "Mozilla/5.0 (Windows NT 6.1; Win64; x64) AppleWebKit/537.36 (KHTML, like Gecko) Chrome/72.0.3626.109 Safari/537.36"
35.185.12.219 - - [17/Aug/2019:18:38:52 +0200] "GET /robots.txt HTTP/1.0" 200 8210 "-" "ZoominfoBot (zoominfobot at zoominfo dot com)"
35.185.12.219 - - [17/Aug/2019:18:38:53 +0200] "GET / HTTP/1.0" 200 3316 "-" "ZoominfoBot (zoominfobot at zoominfo dot com)"
13.66.139.1 - - [17/Aug/2019:18:49:04 +0200] "GET /robots.txt HTTP/1.1" 200 8210 "-" "Mozilla/5.0 (compatible; bingbot/2.0; +http://www.bing.com/bingbot.htm)"
13.66.139.0 - - [17/Aug/2019:18:49:11 +0200] "GET /privatkunden HTTP/1.1" 200 8210 "-" "Mozilla/5.0 (compatible; bingbot/2.0; +http://www.bing.com/bingbot.htm)"
40.77.191.73 - - [17/Aug/2019:18:49:13 +0200] "GET /js/curvycorners.src.js HTTP/1.1" 200 60221 "-" "Mozilla/5.0 (Windows NT 6.1; WOW64) AppleWebKit/534+ (KHTML, like Gecko) BingPreview/1.0b"
