208.80.194.48 - - [01/Nov/2010:11:27:04 +0100] "GET / HTTP/1.0" 404 - "-" "Mozilla/4.0 (compatible; MSIE 7.0; America Online Browser 1.1; rev1.2; Windows NT 5.1; FunWebProducts; .NET CLR 1.0.3705; .NET CLR 1.1.4322; Media Center PC 3.1; SpamBlockerUtility 4.7.5; IEMB3; IEMB3)"
209.51.162.220 - - [02/Nov/2010:11:48:46 +0100] "GET /robots.txt HTTP/1.1" 404 - "-" "ShopWiki/1.0 ( +http://www.shopwiki.com/wiki/Help:Bot)"
209.51.162.219 - - [02/Nov/2010:14:49:41 +0100] "GET /robots.txt HTTP/1.1" 404 - "-" "ShopWiki/1.0 ( +http://www.shopwiki.com/wiki/Help:Bot)"
208.115.111.249 - - [02/Nov/2010:17:53:24 +0100] "GET /robots.txt HTTP/1.1" 404 - "-" "Mozilla/5.0 (compatible; DotBot/1.1; http://www.dotnetdotcom.org/, crawler@dotnetdotcom.org)"
67.152.29.130 - - [02/Nov/2010:18:46:49 +0100] "GET /robots.txt HTTP/1.1" 404 - "-" "ShopWiki/1.0 ( +http://www.shopwiki.com/wiki/Help:Bot)"
208.115.111.249 - - [02/Nov/2010:22:31:59 +0100] "GET /livezilla/%5C HTTP/1.1" 404 - "-" "Mozilla/5.0 (compatible; DotBot/1.1; http://www.dotnetdotcom.org/, crawler@dotnetdotcom.org)"
208.115.111.249 - - [02/Nov/2010:22:32:04 +0100] "GET /livezilla/livezilla.php HTTP/1.1" 200 89940 "-" "Mozilla/5.0 (compatible; DotBot/1.1; http://www.dotnetdotcom.org/, crawler@dotnetdotcom.org)"
208.80.194.47 - - [03/Nov/2010:10:41:40 +0100] "GET / HTTP/1.0" 404 - "-" "Mozilla/4.0 (compatible; MSIE 6.0; Windows NT 5.1; {D5E7FCD6-31E4-4574-BCA0-7211A936CC44}; SV1; .NET CLR 1.1.4322)"
65.55.3.134 - - [03/Nov/2010:13:14:50 +0100] "GET /robots.txt HTTP/1.1" 404 - "-" "msnbot/2.0b (+http://search.msn.com/msnbot.htm)._"
65.55.3.134 - - [03/Nov/2010:13:14:50 +0100] "GET / HTTP/1.1" 404 - "-" "msnbot/2.0b (+http://search.msn.com/msnbot.htm)._"
8.11.2.10 - - [04/Nov/2010:04:34:13 +0100] "GET /robots.txt HTTP/1.1" 404 - "-" "ShopWiki/1.0 ( +http://www.shopwiki.com/wiki/Help:Bot)"
65.52.110.68 - - [04/Nov/2010:05:12:52 +0100] "GET /robots.txt HTTP/1.1" 404 - "-" "Mozilla/5.0 (compatible; bingbot/2.0; +http://www.bing.com/bingbot.htm)"
65.52.110.68 - - [04/Nov/2010:05:27:39 +0100] "GET /livezilla/livezilla.php?template=lz_chat_frame.3.2.login.1.0& HTTP/1.1" 200 3689 "-" "Mozilla/5.0 (compatible; bingbot/2.0; +http://www.bing.com/bingbot.htm)"
65.52.110.68 - - [04/Nov/2010:05:27:39 +0100] "GET /livezilla/livezilla.php HTTP/1.1" 200 89940 "-" "Mozilla/5.0 (compatible; bingbot/2.0; +http://www.bing.com/bingbot.htm)"
209.51.162.220 - - [04/Nov/2010:13:45:54 +0100] "GET /robots.txt HTTP/1.1" 404 - "-" "ShopWiki/1.0 ( +http://www.shopwiki.com/wiki/Help:Bot)"
188.111.28.106 - - [05/Nov/2010:01:17:26 +0100] "GET / HTTP/1.1" 404 - "-" "Java/1.6.0_21"
208.80.194.36 - - [05/Nov/2010:09:08:11 +0100] "GET / HTTP/1.0" 404 - "-" "Mozilla/4.0 (compatible; MSIE 7.0; Windows NT 5.1; IEMB3; .NET CLR 1.0.3705; .NET CLR 1.1.4322; Media Center PC 4.0; .NET CLR 2.0.50727; IEMB3; IEMB3)"
66.249.65.76 - - [05/Nov/2010:15:08:55 +0100] "GET /robots.txt HTTP/1.1" 404 - "-" "Googlebot-Image/1.0"
66.249.65.76 - - [05/Nov/2010:15:08:55 +0100] "GET /livezilla/images/button_fav.gif HTTP/1.1" 200 1344 "-" "Googlebot-Image/1.0"
66.249.65.76 - - [05/Nov/2010:19:01:55 +0100] "GET /livezilla/images/button_close.gif HTTP/1.1" 200 1239 "-" "Googlebot-Image/1.0"
66.249.65.76 - - [05/Nov/2010:23:01:55 +0100] "GET /livezilla/images/lz_header.gif HTTP/1.1" 200 7285 "-" "Googlebot-Image/1.0"
67.152.29.130 - - [05/Nov/2010:23:27:54 +0100] "GET /robots.txt HTTP/1.1" 404 - "-" "ShopWiki/1.0 ( +http://www.shopwiki.com/wiki/Help:Bot)"
66.249.65.76 - - [06/Nov/2010:03:01:55 +0100] "GET /livezilla/images/carrier_logo.gif HTTP/1.1" 404 - "-" "Googlebot-Image/1.0"
66.249.65.76 - - [06/Nov/2010:07:01:55 +0100] "GET /robots.txt HTTP/1.1" 404 - "-" "Googlebot-Image/1.0"
66.249.65.76 - - [06/Nov/2010:07:01:55 +0100] "GET /livezilla/intern_images/nopic.jpg HTTP/1.1" 200 3599 "-" "Googlebot-Image/1.0"
209.51.162.219 - - [06/Nov/2010:15:15:21 +0100] "GET /robots.txt HTTP/1.1" 404 - "-" "ShopWiki/1.0 ( +http://www.shopwiki.com/wiki/Help:Bot)"
67.195.115.30 - - [07/Nov/2010:04:31:34 +0100] "GET /robots.txt HTTP/1.0" 404 - "-" "Mozilla/5.0 (compatible; Yahoo! Slurp; http://help.yahoo.com/help/us/ysearch/slurp)"
67.195.115.30 - - [07/Nov/2010:04:31:35 +0100] "GET /livezilla/livezilla.php HTTP/1.0" 200 89940 "-" "Mozilla/5.0 (compatible; Yahoo! Slurp/3.0; http://help.yahoo.com/help/us/ysearch/slurp)"
67.195.115.30 - - [07/Nov/2010:04:31:37 +0100] "GET /livezilla/templates/nojava.html HTTP/1.0" 200 1088 "-" "Mozilla/5.0 (compatible; Yahoo! Slurp/3.0; http://help.yahoo.com/help/us/ysearch/slurp)"
208.80.194.29 - - [07/Nov/2010:10:41:41 +0100] "GET / HTTP/1.0" 404 - "-" "Mozilla/4.0 (compatible; MSIE 6.0; Windows NT 5.1; {107E3F8B-EF2E-8E15-1714-B1C139608A04}; acc=marketingsector; SV1)"
8.11.2.10 - - [08/Nov/2010:00:05:41 +0100] "GET /robots.txt HTTP/1.1" 404 - "-" "ShopWiki/1.0 ( +http://www.shopwiki.com/wiki/Help:Bot)"
8.11.2.10 - - [08/Nov/2010:03:50:19 +0100] "GET /robots.txt HTTP/1.1" 404 - "-" "ShopWiki/1.0 ( +http://www.shopwiki.com/wiki/Help:Bot)"
209.51.162.220 - - [08/Nov/2010:07:09:15 +0100] "GET /robots.txt HTTP/1.1" 404 - "-" "ShopWiki/1.0 ( +http://www.shopwiki.com/wiki/Help:Bot)"
65.55.3.134 - - [08/Nov/2010:08:57:24 +0100] "GET /robots.txt HTTP/1.1" 404 - "-" "msnbot/2.0b (+http://search.msn.com/msnbot.htm)._"
65.55.3.134 - - [08/Nov/2010:08:57:24 +0100] "GET / HTTP/1.1" 404 - "-" "msnbot/2.0b (+http://search.msn.com/msnbot.htm)._"
8.11.2.10 - - [08/Nov/2010:10:31:33 +0100] "GET /robots.txt HTTP/1.1" 404 - "-" "ShopWiki/1.0 ( +http://www.shopwiki.com/wiki/Help:Bot)"
207.46.13.49 - - [09/Nov/2010:09:24:20 +0100] "GET /robots.txt HTTP/1.1" 404 - "-" "Mozilla/5.0 (compatible; bingbot/2.0; +http://www.bing.com/bingbot.htm)"
207.46.13.49 - - [09/Nov/2010:09:27:04 +0100] "GET /livezilla/livezilla.php?template=lz_chat_frame.3.2.login& HTTP/1.1" 200 1105 "-" "Mozilla/5.0 (compatible; bingbot/2.0; +http://www.bing.com/bingbot.htm)"
207.46.13.49 - - [09/Nov/2010:09:27:04 +0100] "GET /livezilla/livezilla.php HTTP/1.1" 200 89940 "-" "Mozilla/5.0 (compatible; bingbot/2.0; +http://www.bing.com/bingbot.htm)"
208.80.194.26 - - [09/Nov/2010:12:25:40 +0100] "GET / HTTP/1.0" 404 - "-" "Mozilla/4.0 (compatible; MSIE 7.0; Windows NT 5.1; YPC 3.2.0; (R1 1.3; yplus 5.1.04b); .NET CLR 1.1.4322)"
208.80.194.29 - - [11/Nov/2010:10:15:31 +0100] "GET / HTTP/1.0" 404 - "-" "Mozilla/4.0 (compatible; MSIE 6.0; Windows 98; BTinternet V8.4; H010818; YPC 3.2.0; yplus 5.3.04b)"
209.51.162.219 - - [11/Nov/2010:10:15:56 +0100] "GET /robots.txt HTTP/1.1" 404 - "-" "ShopWiki/1.0 ( +http://www.shopwiki.com/wiki/Help:Bot)"
209.51.162.220 - - [11/Nov/2010:13:19:26 +0100] "GET /robots.txt HTTP/1.1" 404 - "-" "ShopWiki/1.0 ( +http://www.shopwiki.com/wiki/Help:Bot)"
66.249.67.242 - - [12/Nov/2010:06:04:25 +0100] "GET /robots.txt HTTP/1.1" 404 - "-" "Mozilla/5.0 (compatible; Googlebot/2.1; +http://www.google.com/bot.html)"
66.249.67.242 - - [12/Nov/2010:06:04:25 +0100] "GET /livezilla/livezilla.php?template=lz_chat_frame.5.1 HTTP/1.1" 200 345 "-" "Mozilla/5.0 (compatible; Googlebot/2.1; +http://www.google.com/bot.html)"
66.249.67.242 - - [12/Nov/2010:06:12:04 +0100] "GET /livezilla/livezilla.php?template=lz_chat_frame.3.0 HTTP/1.1" 200 321 "-" "Mozilla/5.0 (compatible; Googlebot/2.1; +http://www.google.com/bot.html)"
66.249.67.242 - - [12/Nov/2010:07:28:57 +0100] "GET /livezilla/livezilla.php?template=lz_chat_frame.3.3 HTTP/1.1" 200 321 "-" "Mozilla/5.0 (compatible; Googlebot/2.1; +http://www.google.com/bot.html)"
66.249.67.242 - - [12/Nov/2010:07:59:43 +0100] "GET /livezilla/livezilla.php?template=lz_chat_frame.1.1& HTTP/1.1" 200 2385 "-" "Mozilla/5.0 (compatible; Googlebot/2.1; +http://www.google.com/bot.html)"
66.249.67.242 - - [12/Nov/2010:08:15:05 +0100] "GET /livezilla/livezilla.php?template=lz_chat_frame.3.2.login& HTTP/1.1" 200 1105 "-" "Mozilla/5.0 (compatible; Googlebot/2.1; +http://www.google.com/bot.html)"
95.25.221.139 - - [12/Nov/2010:10:41:47 +0100] "GET /livezilla/livezilla.php HTTP/1.1" 200 91658 "http://yandex.ru/yandsearch?text=chat.f-m-shop.de" "Mozilla/4.0 (compatible; MSIE 6.0; Windows NT 5.1; SV1)"
95.26.89.1 - - [12/Nov/2010:10:41:48 +0100] "GET /livezilla/templates/style.css HTTP/1.1" 200 9496 "http://chat.f-m-shop.de/livezilla/livezilla.php" "Mozilla/4.0 (compatible; MSIE 6.0; Windows NT 5.1; SV1)"
95.24.100.176 - - [12/Nov/2010:10:41:48 +0100] "GET /livezilla/livezilla.php?template=lz_chat_frame.2.2 HTTP/1.1" 200 345 "http://chat.f-m-shop.de/livezilla/livezilla.php" "Mozilla/4.0 (compatible; MSIE 6.0; Windows NT 5.1; SV1)"
95.26.89.132 - - [12/Nov/2010:10:41:48 +0100] "GET /livezilla/livezilla.php?template=lz_chat_frame.5.1 HTTP/1.1" 200 345 "http://chat.f-m-shop.de/livezilla/livezilla.php" "Mozilla/4.0 (compatible; MSIE 6.0; Windows NT 5.1; SV1)"
95.25.221.139 - - [12/Nov/2010:10:41:49 +0100] "GET /livezilla/livezilla.php?template=lz_chat_frame.3.3 HTTP/1.1" 200 321 "http://chat.f-m-shop.de/livezilla/livezilla.php" "Mozilla/4.0 (compatible; MSIE 6.0; Windows NT 5.1; SV1)"
89.178.110.193 - - [12/Nov/2010:10:41:49 +0100] "GET /livezilla/livezilla.php?template=lz_chat_frame.0.1 HTTP/1.1" 200 343 "http://chat.f-m-shop.de/livezilla/livezilla.php" "Mozilla/4.0 (compatible; MSIE 6.0; Windows NT 5.1; SV1)"
95.25.161.185 - - [12/Nov/2010:10:41:49 +0100] "GET /livezilla/livezilla.php?template=lz_chat_frame.2.0 HTTP/1.1" 200 344 "http://chat.f-m-shop.de/livezilla/livezilla.php" "Mozilla/4.0 (compatible; MSIE 6.0; Windows NT 5.1; SV1)"
95.26.89.1 - - [12/Nov/2010:10:41:49 +0100] "GET /livezilla/livezilla.php?template=lz_chat_frame.0.2 HTTP/1.1" 200 321 "http://chat.f-m-shop.de/livezilla/livezilla.php" "Mozilla/4.0 (compatible; MSIE 6.0; Windows NT 5.1; SV1)"
95.27.236.182 - - [12/Nov/2010:10:41:49 +0100] "GET /livezilla/livezilla.php?template=lz_chat_frame.0.0 HTTP/1.1" 200 338 "http://chat.f-m-shop.de/livezilla/livezilla.php" "Mozilla/4.0 (compatible; MSIE 6.0; Windows NT 5.1; SV1)"
95.24.100.176 - - [12/Nov/2010:10:41:50 +0100] "GET /livezilla/templates/style.css HTTP/1.1" 200 9496 "http://chat.f-m-shop.de/livezilla/livezilla.php?template=lz_chat_frame.3.3" "Mozilla/4.0 (compatible; MSIE 6.0; Windows NT 5.1; SV1)"
95.27.236.182 - - [12/Nov/2010:10:41:50 +0100] "GET /livezilla/templates/style.css HTTP/1.1" 200 9496 "http://chat.f-m-shop.de/livezilla/livezilla.php?template=lz_chat_frame.0.1" "Mozilla/4.0 (compatible; MSIE 6.0; Windows NT 5.1; SV1)"
95.25.116.34 - - [12/Nov/2010:10:41:49 +0100] "GET /livezilla/livezilla.php?template=lz_chat_frame.1.2 HTTP/1.1" 200 345 "http://chat.f-m-shop.de/livezilla/livezilla.php" "Mozilla/4.0 (compatible; MSIE 6.0; Windows NT 5.1; SV1)"
95.25.11.36 - - [12/Nov/2010:10:41:49 +0100] "GET /livezilla/livezilla.php?template=lz_chat_frame.1.1& HTTP/1.1" 200 2458 "http://chat.f-m-shop.de/livezilla/livezilla.php" "Mozilla/4.0 (compatible; MSIE 6.0; Windows NT 5.1; SV1)"
95.26.89.132 - - [12/Nov/2010:10:41:50 +0100] "GET /livezilla/templates/style.css HTTP/1.1" 200 9496 "http://chat.f-m-shop.de/livezilla/livezilla.php?template=lz_chat_frame.0.0" "Mozilla/4.0 (compatible; MSIE 6.0; Windows NT 5.1; SV1)"
95.27.1.42 - - [12/Nov/2010:10:41:50 +0100] "GET /livezilla/templates/style.css HTTP/1.1" 200 9496 "http://chat.f-m-shop.de/livezilla/livezilla.php?template=lz_chat_frame.2.0" "Mozilla/4.0 (compatible; MSIE 6.0; Windows NT 5.1; SV1)"
95.26.89.132 - - [12/Nov/2010:10:41:50 +0100] "GET /livezilla/templates/style.css HTTP/1.1" 200 9496 "http://chat.f-m-shop.de/livezilla/livezilla.php?template=lz_chat_frame.1.2" "Mozilla/4.0 (compatible; MSIE 6.0; Windows NT 5.1; SV1)"
95.25.221.139 - - [12/Nov/2010:10:41:49 +0100] "GET /livezilla/livezilla.php?template=lz_chat_frame.1.0 HTTP/1.1" 200 344 "http://chat.f-m-shop.de/livezilla/livezilla.php" "Mozilla/4.0 (compatible; MSIE 6.0; Windows NT 5.1; SV1)"
95.27.131.247 - - [12/Nov/2010:10:41:50 +0100] "GET /livezilla/images/lz_rep_bg.gif HTTP/1.1" 200 320 "http://chat.f-m-shop.de/livezilla/livezilla.php?template=lz_chat_frame.1.1&" "Mozilla/4.0 (compatible; MSIE 6.0; Windows NT 5.1; SV1)"
95.26.89.132 - - [12/Nov/2010:10:41:50 +0100] "GET /livezilla/images/icon_typing.gif HTTP/1.1" 200 1106 "http://chat.f-m-shop.de/livezilla/livezilla.php?template=lz_chat_frame.1.1&" "Mozilla/4.0 (compatible; MSIE 6.0; Windows NT 5.1; SV1)"
95.26.89.1 - - [12/Nov/2010:10:41:50 +0100] "GET /livezilla/images/icon_vcard.gif HTTP/1.1" 200 559 "http://chat.f-m-shop.de/livezilla/livezilla.php?template=lz_chat_frame.1.1&" "Mozilla/4.0 (compatible; MSIE 6.0; Windows NT 5.1; SV1)"
95.26.34.243 - - [12/Nov/2010:10:41:50 +0100] "GET /livezilla/images/lz_rep_bg_left.gif HTTP/1.1" 200 593 "http://chat.f-m-shop.de/livezilla/livezilla.php?template=lz_chat_frame.1.1&" "Mozilla/4.0 (compatible; MSIE 6.0; Windows NT 5.1; SV1)"
95.25.116.34 - - [12/Nov/2010:10:41:50 +0100] "GET /livezilla/intern_images/nopic.jpg HTTP/1.1" 200 3599 "http://chat.f-m-shop.de/livezilla/livezilla.php?template=lz_chat_frame.1.1&" "Mozilla/4.0 (compatible; MSIE 6.0; Windows NT 5.1; SV1)"
95.24.100.176 - - [12/Nov/2010:10:41:50 +0100] "GET /livezilla/images/lz_header.gif HTTP/1.1" 200 7285 "http://chat.f-m-shop.de/livezilla/livezilla.php?template=lz_chat_frame.1.1&" "Mozilla/4.0 (compatible; MSIE 6.0; Windows NT 5.1; SV1)"
95.26.89.132 - - [12/Nov/2010:10:41:50 +0100] "GET /livezilla/images/lz_rep_bg_right.gif HTTP/1.1" 200 590 "http://chat.f-m-shop.de/livezilla/livezilla.php?template=lz_chat_frame.1.1&" "Mozilla/4.0 (compatible; MSIE 6.0; Windows NT 5.1; SV1)"
95.25.116.34 - - [12/Nov/2010:10:41:50 +0100] "GET /livezilla/templates/style.css HTTP/1.1" 200 9496 "http://chat.f-m-shop.de/livezilla/livezilla.php?template=lz_chat_frame.1.0" "Mozilla/4.0 (compatible; MSIE 6.0; Windows NT 5.1; SV1)"
95.26.89.1 - - [12/Nov/2010:10:41:49 +0100] "GET /livezilla/livezilla.php?template=lz_chat_frame.3.0 HTTP/1.1" 200 321 "http://chat.f-m-shop.de/livezilla/livezilla.php" "Mozilla/4.0 (compatible; MSIE 6.0; Windows NT 5.1; SV1)"
95.26.89.132 - - [12/Nov/2010:10:41:50 +0100] "GET /livezilla/templates/style.css HTTP/1.1" 200 9496 "http://chat.f-m-shop.de/livezilla/livezilla.php?template=lz_chat_frame.3.0" "Mozilla/4.0 (compatible; MSIE 6.0; Windows NT 5.1; SV1)"
8.11.2.9 - - [12/Nov/2010:14:30:26 +0100] "GET /robots.txt HTTP/1.1" 404 - "-" "ShopWiki/1.0 ( +http://www.shopwiki.com/wiki/Help:Bot)"
8.11.2.9 - - [12/Nov/2010:17:34:29 +0100] "GET /robots.txt HTTP/1.1" 404 - "-" "ShopWiki/1.0 ( +http://www.shopwiki.com/wiki/Help:Bot)"
209.51.162.219 - - [12/Nov/2010:21:52:19 +0100] "GET /robots.txt HTTP/1.1" 404 - "-" "ShopWiki/1.0 ( +http://www.shopwiki.com/wiki/Help:Bot)"
208.80.194.33 - - [13/Nov/2010:10:20:38 +0100] "GET / HTTP/1.0" 404 - "-" "Mozilla/4.0 (compatible; MSIE 7.0; Windows NT 5.1; {DDA9DDE5-9505-4405-B1E1-1E29684E2885}; .NET CLR 1.1.4322; FDM)"
209.51.162.220 - - [14/Nov/2010:03:05:22 +0100] "GET /robots.txt HTTP/1.1" 404 - "-" "ShopWiki/1.0 ( +http://www.shopwiki.com/wiki/Help:Bot)"
209.51.162.220 - - [14/Nov/2010:06:16:33 +0100] "GET /robots.txt HTTP/1.1" 404 - "-" "ShopWiki/1.0 ( +http://www.shopwiki.com/wiki/Help:Bot)"
66.249.65.114 - - [14/Nov/2010:06:43:09 +0100] "GET /robots.txt HTTP/1.1" 404 - "-" "Mozilla/5.0 (compatible; Googlebot/2.1; +http://www.google.com/bot.html)"
66.249.65.114 - - [14/Nov/2010:06:43:09 +0100] "GET /livezilla/livezilla.php?template=lz_chat_frame.0.2 HTTP/1.1" 200 321 "-" "Mozilla/5.0 (compatible; Googlebot/2.1; +http://www.google.com/bot.html)"
207.46.204.243 - - [14/Nov/2010:11:52:56 +0100] "GET /robots.txt HTTP/1.1" 404 - "-" "Mozilla/5.0 (compatible; bingbot/2.0; +http://www.bing.com/bingbot.htm)"
207.46.204.243 - - [14/Nov/2010:12:11:17 +0100] "GET /livezilla/livezilla.php?template=lz_chat_frame.3.2.login.1.0& HTTP/1.1" 200 3689 "-" "Mozilla/5.0 (compatible; bingbot/2.0; +http://www.bing.com/bingbot.htm)"
207.46.204.243 - - [14/Nov/2010:12:11:17 +0100] "GET /livezilla/livezilla.php HTTP/1.1" 200 89940 "-" "Mozilla/5.0 (compatible; bingbot/2.0; +http://www.bing.com/bingbot.htm)"
66.249.71.210 - - [15/Nov/2010:09:01:36 +0100] "GET /robots.txt HTTP/1.1" 404 - "-" "Mozilla/5.0 (compatible; Googlebot/2.1; +http://www.google.com/bot.html)"
66.249.71.210 - - [15/Nov/2010:09:01:36 +0100] "GET /livezilla/server.php?request=track&output=jscript&nse= HTTP/1.1" 200 26976 "-" "Mozilla/5.0 (compatible; Googlebot/2.1; +http://www.google.com/bot.html)"
208.80.194.26 - - [15/Nov/2010:10:44:28 +0100] "GET / HTTP/1.0" 404 - "-" "Mozilla/4.0 (compatible; MSIE 6.0; Windows NT 5.1; acc=ventura5; (ventura5); (none); FunWebProducts; .NET CLR 1.0.3705)"
67.152.29.130 - - [16/Nov/2010:02:27:01 +0100] "GET /robots.txt HTTP/1.1" 404 - "-" "ShopWiki/1.0 ( +http://www.shopwiki.com/wiki/Help:Bot)"
8.11.2.10 - - [16/Nov/2010:05:11:31 +0100] "GET /livezilla/livezilla.php HTTP/1.1" 200 90096 "-" "ShopWiki/1.0 ( +http://www.shopwiki.com/wiki/Help:Bot)"
8.11.2.10 - - [16/Nov/2010:05:11:32 +0100] "GET /livezilla/templates/style.css HTTP/1.1" 200 9496 "-" "ShopWiki/1.0 ( +http://www.shopwiki.com/wiki/Help:Bot)"
67.152.29.130 - - [16/Nov/2010:05:15:24 +0100] "GET /livezilla/livezilla.php?template=lz_chat_frame.0.0 HTTP/1.1" 200 338 "-" "ShopWiki/1.0 ( +http://www.shopwiki.com/wiki/Help:Bot)"
67.152.29.130 - - [16/Nov/2010:05:15:25 +0100] "GET /livezilla/livezilla.php?template=lz_chat_frame.0.1 HTTP/1.1" 200 343 "-" "ShopWiki/1.0 ( +http://www.shopwiki.com/wiki/Help:Bot)"
67.152.29.130 - - [16/Nov/2010:05:15:28 +0100] "GET /livezilla/livezilla.php?template=lz_chat_frame.0.2 HTTP/1.1" 200 321 "-" "ShopWiki/1.0 ( +http://www.shopwiki.com/wiki/Help:Bot)"
67.152.29.130 - - [16/Nov/2010:05:15:29 +0100] "GET /livezilla/livezilla.php?template=lz_chat_frame.1.0 HTTP/1.1" 200 344 "-" "ShopWiki/1.0 ( +http://www.shopwiki.com/wiki/Help:Bot)"
67.152.29.130 - - [16/Nov/2010:05:15:30 +0100] "GET /livezilla/livezilla.php?template=lz_chat_frame.2.0 HTTP/1.1" 200 344 "-" "ShopWiki/1.0 ( +http://www.shopwiki.com/wiki/Help:Bot)"
67.152.29.130 - - [16/Nov/2010:05:15:31 +0100] "GET /livezilla/livezilla.php?template=lz_chat_frame.1.1& HTTP/1.1" 200 2407 "-" "ShopWiki/1.0 ( +http://www.shopwiki.com/wiki/Help:Bot)"
67.152.29.130 - - [16/Nov/2010:05:15:32 +0100] "GET /livezilla/livezilla.php?template=lz_chat_frame.3.2.login& HTTP/1.1" 200 1105 "-" "ShopWiki/1.0 ( +http://www.shopwiki.com/wiki/Help:Bot)"
67.152.29.130 - - [16/Nov/2010:05:15:33 +0100] "GET /livezilla/livezilla.php?template=lz_chat_frame.4.1 HTTP/1.1" 200 578 "-" "ShopWiki/1.0 ( +http://www.shopwiki.com/wiki/Help:Bot)"
67.152.29.130 - - [16/Nov/2010:05:15:34 +0100] "GET /livezilla/livezilla.php?template=lz_chat_frame.1.2 HTTP/1.1" 200 345 "-" "ShopWiki/1.0 ( +http://www.shopwiki.com/wiki/Help:Bot)"
67.152.29.130 - - [16/Nov/2010:05:15:35 +0100] "GET /livezilla/livezilla.php?template=lz_chat_frame.2.2 HTTP/1.1" 200 345 "-" "ShopWiki/1.0 ( +http://www.shopwiki.com/wiki/Help:Bot)"
67.152.29.130 - - [16/Nov/2010:05:15:36 +0100] "GET /livezilla/livezilla.php?template=lz_chat_frame.3.0 HTTP/1.1" 200 321 "-" "ShopWiki/1.0 ( +http://www.shopwiki.com/wiki/Help:Bot)"
67.152.29.130 - - [16/Nov/2010:05:15:37 +0100] "GET /livezilla/livezilla.php?template=lz_chat_frame.5.1 HTTP/1.1" 200 345 "-" "ShopWiki/1.0 ( +http://www.shopwiki.com/wiki/Help:Bot)"
67.152.29.130 - - [16/Nov/2010:05:15:38 +0100] "GET /livezilla/livezilla.php?template=lz_chat_frame.3.3 HTTP/1.1" 200 321 "-" "ShopWiki/1.0 ( +http://www.shopwiki.com/wiki/Help:Bot)"
67.195.115.30 - - [16/Nov/2010:06:22:17 +0100] "GET /robots.txt HTTP/1.0" 404 - "-" "Mozilla/5.0 (compatible; Yahoo! Slurp; http://help.yahoo.com/help/us/ysearch/slurp)"
67.195.115.30 - - [16/Nov/2010:06:22:17 +0100] "GET /livezilla/livezilla.php HTTP/1.0" 200 89940 "-" "Mozilla/5.0 (compatible; Yahoo! Slurp; http://help.yahoo.com/help/us/ysearch/slurp)"
67.195.115.30 - - [16/Nov/2010:06:22:19 +0100] "GET /livezilla/templates/nojava.html HTTP/1.0" 200 1088 "-" "Mozilla/5.0 (compatible; Yahoo! Slurp; http://help.yahoo.com/help/us/ysearch/slurp)"
67.195.115.30 - - [16/Nov/2010:10:28:14 +0100] "GET /robots.txt HTTP/1.0" 404 - "-" "Mozilla/5.0 (compatible; Yahoo! Slurp; http://help.yahoo.com/help/us/ysearch/slurp)"
67.195.115.30 - - [16/Nov/2010:10:28:14 +0100] "GET / HTTP/1.0" 404 - "-" "Mozilla/5.0 (compatible; Yahoo! Slurp; http://help.yahoo.com/help/us/ysearch/slurp)"
8.11.2.10 - - [16/Nov/2010:10:58:26 +0100] "GET /robots.txt HTTP/1.1" 404 - "-" "ShopWiki/1.0 ( +http://www.shopwiki.com/wiki/Help:Bot)"
209.51.162.219 - - [16/Nov/2010:13:59:51 +0100] "GET /robots.txt HTTP/1.1" 404 - "-" "ShopWiki/1.0 ( +http://www.shopwiki.com/wiki/Help:Bot)"
8.11.2.9 - - [16/Nov/2010:17:04:57 +0100] "GET /robots.txt HTTP/1.1" 404 - "-" "ShopWiki/1.0 ( +http://www.shopwiki.com/wiki/Help:Bot)"
66.249.65.114 - - [17/Nov/2010:02:39:48 +0100] "GET /robots.txt HTTP/1.1" 404 - "-" "Mozilla/5.0 (compatible; Googlebot/2.1; +http://www.google.com/bot.html)"
66.249.65.114 - - [17/Nov/2010:02:39:48 +0100] "GET /livezilla/server.php?request=track&output=jscript&nse= HTTP/1.1" 200 26976 "-" "Mozilla/5.0 (compatible; Googlebot/2.1; +http://www.google.com/bot.html)"
208.80.194.30 - - [17/Nov/2010:05:33:08 +0100] "GET / HTTP/1.0" 404 - "-" "Mozilla/4.0 (compatible; MSIE 6.0; Windows NT 5.1; FunWebProducts; iebar; acc=; acc=none; .NET CLR 1.1.4322)"
2.37.40.58 - - [17/Nov/2010:23:14:04 +0100] "GET / HTTP/1.1" 404 - "-" "Java/1.4.1_04"
65.55.3.134 - - [18/Nov/2010:03:21:13 +0100] "GET /robots.txt HTTP/1.1" 404 - "-" "msnbot/2.0b (+http://search.msn.com/msnbot.htm)._"
65.55.3.134 - - [18/Nov/2010:03:21:13 +0100] "GET / HTTP/1.1" 404 - "-" "msnbot/2.0b (+http://search.msn.com/msnbot.htm)._"
66.249.65.114 - - [18/Nov/2010:03:34:39 +0100] "GET /robots.txt HTTP/1.1" 404 - "-" "Mozilla/5.0 (compatible; Googlebot/2.1; +http://www.google.com/bot.html)"
66.249.65.114 - - [18/Nov/2010:03:34:39 +0100] "GET /livezilla/livezilla.php HTTP/1.1" 200 89940 "-" "Mozilla/5.0 (compatible; Googlebot/2.1; +http://www.google.com/bot.html)"
208.80.194.26 - - [18/Nov/2010:19:10:02 +0100] "GET / HTTP/1.0" 404 - "-" "Mozilla/4.0 (compatible; MSIE 7.0; Windows NT 5.1; FunWebProducts; acc=none; (none); .NET CLR 1.1.4322)"
209.51.162.220 - - [19/Nov/2010:04:48:41 +0100] "GET /robots.txt HTTP/1.1" 404 - "-" "ShopWiki/1.0 ( +http://www.shopwiki.com/wiki/Help:Bot)"
95.108.151.244 - - [19/Nov/2010:11:19:06 +0100] "GET /robots.txt HTTP/1.1" 404 - "-" "Mozilla/5.0 (compatible; YandexBot/3.0; MirrorDetector; +http://yandex.com/bots)"
95.108.151.244 - - [19/Nov/2010:11:19:07 +0100] "GET / HTTP/1.1" 404 - "-" "Mozilla/5.0 (compatible; YandexBot/3.0; MirrorDetector; +http://yandex.com/bots)"
95.108.151.244 - - [19/Nov/2010:11:19:08 +0100] "GET / HTTP/1.1" 404 - "-" "Mozilla/5.0 (compatible; YandexBot/3.0; MirrorDetector; +http://yandex.com/bots)"
207.46.204.188 - - [19/Nov/2010:13:59:08 +0100] "GET /robots.txt HTTP/1.1" 404 - "-" "Mozilla/5.0 (compatible; bingbot/2.0; +http://www.bing.com/bingbot.htm)"
207.46.204.188 - - [19/Nov/2010:14:05:57 +0100] "GET /livezilla/livezilla.php?template=lz_chat_frame.3.2.login& HTTP/1.1" 200 1105 "-" "Mozilla/5.0 (compatible; bingbot/2.0; +http://www.bing.com/bingbot.htm)"
207.46.204.188 - - [19/Nov/2010:14:05:57 +0100] "GET /livezilla/livezilla.php HTTP/1.1" 200 89940 "-" "Mozilla/5.0 (compatible; bingbot/2.0; +http://www.bing.com/bingbot.htm)"
67.152.29.130 - - [20/Nov/2010:06:26:24 +0100] "GET /robots.txt HTTP/1.1" 404 - "-" "ShopWiki/1.0 ( +http://www.shopwiki.com/wiki/Help:Bot)"
208.80.194.26 - - [20/Nov/2010:08:57:31 +0100] "GET / HTTP/1.0" 404 - "-" "Mozilla/4.0 (compatible; MSIE 7.0; AOL 9.0; Windows NT 5.1; FunWebProducts; SpamBlockerUtility 4.8.0; ImageShack Toolbar 4.0.6)"
209.51.162.220 - - [20/Nov/2010:11:25:00 +0100] "GET /robots.txt HTTP/1.1" 404 - "-" "ShopWiki/1.0 ( +http://www.shopwiki.com/wiki/Help:Bot)"
209.51.162.220 - - [21/Nov/2010:04:07:55 +0100] "GET /robots.txt HTTP/1.1" 404 - "-" "ShopWiki/1.0 ( +http://www.shopwiki.com/wiki/Help:Bot)"
209.51.162.219 - - [21/Nov/2010:08:32:02 +0100] "GET /robots.txt HTTP/1.1" 404 - "-" "ShopWiki/1.0 ( +http://www.shopwiki.com/wiki/Help:Bot)"
90.21.68.12 - - [21/Nov/2010:20:39:50 +0100] "GET /livezilla/livezilla.php HTTP/1.1" 200 90128 "http://www.f-m-shop.de/seiten/prod_detail_neuer.cfm?name=LCD%2061cm%20(24%22)%20EIZO%20FS%20SX2462WH%20%20schwarz&artnr=A%20%2029702&nav=2&kat=MONT24&kat_her=&p_sort=&b_sort=ASC" "Mozilla/5.0 (Windows; U; Windows NT 6.1; fr; rv:1.9.2.12) Gecko/20101026 Firefox/3.6.12"
90.21.68.12 - - [21/Nov/2010:20:39:51 +0100] "GET /livezilla/templates/style.css HTTP/1.1" 200 9496 "http://chat.f-m-shop.de/livezilla/livezilla.php" "Mozilla/5.0 (Windows; U; Windows NT 6.1; fr; rv:1.9.2.12) Gecko/20101026 Firefox/3.6.12"
90.21.68.12 - - [21/Nov/2010:20:39:51 +0100] "GET /livezilla/livezilla.php?template=lz_chat_frame.1.1& HTTP/1.1" 200 2432 "http://chat.f-m-shop.de/livezilla/livezilla.php" "Mozilla/5.0 (Windows; U; Windows NT 6.1; fr; rv:1.9.2.12) Gecko/20101026 Firefox/3.6.12"
90.21.68.12 - - [21/Nov/2010:20:39:51 +0100] "GET /livezilla/livezilla.php?template=lz_chat_frame.0.0 HTTP/1.1" 200 338 "http://chat.f-m-shop.de/livezilla/livezilla.php" "Mozilla/5.0 (Windows; U; Windows NT 6.1; fr; rv:1.9.2.12) Gecko/20101026 Firefox/3.6.12"
90.21.68.12 - - [21/Nov/2010:20:39:51 +0100] "GET /livezilla/livezilla.php?template=lz_chat_frame.0.2 HTTP/1.1" 200 321 "http://chat.f-m-shop.de/livezilla/livezilla.php" "Mozilla/5.0 (Windows; U; Windows NT 6.1; fr; rv:1.9.2.12) Gecko/20101026 Firefox/3.6.12"
90.21.68.12 - - [21/Nov/2010:20:39:52 +0100] "GET /livezilla/livezilla.php?template=lz_chat_frame.4.1 HTTP/1.1" 200 578 "http://chat.f-m-shop.de/livezilla/livezilla.php" "Mozilla/5.0 (Windows; U; Windows NT 6.1; fr; rv:1.9.2.12) Gecko/20101026 Firefox/3.6.12"
90.21.68.12 - - [21/Nov/2010:20:39:52 +0100] "GET /livezilla/livezilla.php?template=lz_chat_frame.1.2 HTTP/1.1" 200 345 "http://chat.f-m-shop.de/livezilla/livezilla.php" "Mozilla/5.0 (Windows; U; Windows NT 6.1; fr; rv:1.9.2.12) Gecko/20101026 Firefox/3.6.12"
90.21.68.12 - - [21/Nov/2010:20:39:52 +0100] "GET /livezilla/livezilla.php?template=lz_chat_frame.3.2.login& HTTP/1.1" 200 1105 "http://chat.f-m-shop.de/livezilla/livezilla.php" "Mozilla/5.0 (Windows; U; Windows NT 6.1; fr; rv:1.9.2.12) Gecko/20101026 Firefox/3.6.12"
90.21.68.12 - - [21/Nov/2010:20:39:52 +0100] "GET /livezilla/livezilla.php?template=lz_chat_frame.2.0 HTTP/1.1" 200 344 "http://chat.f-m-shop.de/livezilla/livezilla.php" "Mozilla/5.0 (Windows; U; Windows NT 6.1; fr; rv:1.9.2.12) Gecko/20101026 Firefox/3.6.12"
90.21.68.12 - - [21/Nov/2010:20:39:52 +0100] "GET /livezilla/livezilla.php?template=lz_chat_frame.3.3 HTTP/1.1" 200 321 "http://chat.f-m-shop.de/livezilla/livezilla.php" "Mozilla/5.0 (Windows; U; Windows NT 6.1; fr; rv:1.9.2.12) Gecko/20101026 Firefox/3.6.12"
90.21.68.12 - - [21/Nov/2010:20:39:52 +0100] "GET /livezilla/livezilla.php?template=lz_chat_frame.2.2 HTTP/1.1" 200 345 "http://chat.f-m-shop.de/livezilla/livezilla.php" "Mozilla/5.0 (Windows; U; Windows NT 6.1; fr; rv:1.9.2.12) Gecko/20101026 Firefox/3.6.12"
90.21.68.12 - - [21/Nov/2010:20:39:52 +0100] "GET /livezilla/livezilla.php?template=lz_chat_frame.3.0 HTTP/1.1" 200 321 "http://chat.f-m-shop.de/livezilla/livezilla.php" "Mozilla/5.0 (Windows; U; Windows NT 6.1; fr; rv:1.9.2.12) Gecko/20101026 Firefox/3.6.12"
90.21.68.12 - - [21/Nov/2010:20:39:52 +0100] "GET /livezilla/livezilla.php?template=lz_chat_frame.5.1 HTTP/1.1" 200 345 "http://chat.f-m-shop.de/livezilla/livezilla.php" "Mozilla/5.0 (Windows; U; Windows NT 6.1; fr; rv:1.9.2.12) Gecko/20101026 Firefox/3.6.12"
90.21.68.12 - - [21/Nov/2010:20:39:53 +0100] "GET /livezilla/images/icon_vcard.gif HTTP/1.1" 200 559 "http://chat.f-m-shop.de/livezilla/livezilla.php?template=lz_chat_frame.1.1&" "Mozilla/5.0 (Windows; U; Windows NT 6.1; fr; rv:1.9.2.12) Gecko/20101026 Firefox/3.6.12"
90.21.68.12 - - [21/Nov/2010:20:39:53 +0100] "GET /livezilla/images/icon_typing.gif HTTP/1.1" 200 1106 "http://chat.f-m-shop.de/livezilla/livezilla.php?template=lz_chat_frame.1.1&" "Mozilla/5.0 (Windows; U; Windows NT 6.1; fr; rv:1.9.2.12) Gecko/20101026 Firefox/3.6.12"
90.21.68.12 - - [21/Nov/2010:20:39:53 +0100] "GET /livezilla/livezilla.php?template=lz_chat_frame.3.2.login.0.0 HTTP/1.1" 200 1402 "http://chat.f-m-shop.de/livezilla/livezilla.php?template=lz_chat_frame.3.2.login&" "Mozilla/5.0 (Windows; U; Windows NT 6.1; fr; rv:1.9.2.12) Gecko/20101026 Firefox/3.6.12"
90.21.68.12 - - [21/Nov/2010:20:39:53 +0100] "GET /livezilla/livezilla.php?template=lz_chat_frame.3.2.login.2.0 HTTP/1.1" 200 361 "http://chat.f-m-shop.de/livezilla/livezilla.php?template=lz_chat_frame.3.2.login&" "Mozilla/5.0 (Windows; U; Windows NT 6.1; fr; rv:1.9.2.12) Gecko/20101026 Firefox/3.6.12"
90.21.68.12 - - [21/Nov/2010:20:39:53 +0100] "GET /livezilla/images/lz_header.gif HTTP/1.1" 200 7285 "http://chat.f-m-shop.de/livezilla/livezilla.php?template=lz_chat_frame.1.1&" "Mozilla/5.0 (Windows; U; Windows NT 6.1; fr; rv:1.9.2.12) Gecko/20101026 Firefox/3.6.12"
90.21.68.12 - - [21/Nov/2010:20:39:53 +0100] "GET /livezilla/images/carrier_logo.gif HTTP/1.1" 404 - "http://chat.f-m-shop.de/livezilla/livezilla.php?template=lz_chat_frame.1.1&" "Mozilla/5.0 (Windows; U; Windows NT 6.1; fr; rv:1.9.2.12) Gecko/20101026 Firefox/3.6.12"
90.21.68.12 - - [21/Nov/2010:20:39:53 +0100] "GET /livezilla/livezilla.php?template=lz_chat_frame.3.2.login.1.0& HTTP/1.1" 200 3688 "http://chat.f-m-shop.de/livezilla/livezilla.php?template=lz_chat_frame.3.2.login&" "Mozilla/5.0 (Windows; U; Windows NT 6.1; fr; rv:1.9.2.12) Gecko/20101026 Firefox/3.6.12"
90.21.68.12 - - [21/Nov/2010:20:39:53 +0100] "GET /livezilla/images/chat_bg_navigation_left.gif HTTP/1.1" 200 1078 "http://chat.f-m-shop.de/livezilla/livezilla.php?template=lz_chat_frame.3.2.login.0.0" "Mozilla/5.0 (Windows; U; Windows NT 6.1; fr; rv:1.9.2.12) Gecko/20101026 Firefox/3.6.12"
90.21.68.12 - - [21/Nov/2010:20:39:53 +0100] "GET /livezilla/images/chat_bg_navigation_dev.gif HTTP/1.1" 200 367 "http://chat.f-m-shop.de/livezilla/livezilla.php?template=lz_chat_frame.3.2.login.0.0" "Mozilla/5.0 (Windows; U; Windows NT 6.1; fr; rv:1.9.2.12) Gecko/20101026 Firefox/3.6.12"
90.21.68.12 - - [21/Nov/2010:20:39:53 +0100] "GET /livezilla/intern_images/nopic.jpg HTTP/1.1" 200 3599 "http://chat.f-m-shop.de/livezilla/livezilla.php?template=lz_chat_frame.1.1&" "Mozilla/5.0 (Windows; U; Windows NT 6.1; fr; rv:1.9.2.12) Gecko/20101026 Firefox/3.6.12"
90.21.68.12 - - [21/Nov/2010:20:39:54 +0100] "GET /livezilla/images/chat_bg_navigation_right.gif HTTP/1.1" 200 675 "http://chat.f-m-shop.de/livezilla/livezilla.php?template=lz_chat_frame.3.2.login.0.0" "Mozilla/5.0 (Windows; U; Windows NT 6.1; fr; rv:1.9.2.12) Gecko/20101026 Firefox/3.6.12"
90.21.68.12 - - [21/Nov/2010:20:39:54 +0100] "GET /livezilla/images/icon_info.gif HTTP/1.1" 200 1703 "http://chat.f-m-shop.de/livezilla/livezilla.php?template=lz_chat_frame.3.2.login.1.0&" "Mozilla/5.0 (Windows; U; Windows NT 6.1; fr; rv:1.9.2.12) Gecko/20101026 Firefox/3.6.12"
90.21.68.12 - - [21/Nov/2010:20:39:52 +0100] "GET /livezilla/livezilla.php?template=lz_chat_frame.0.1 HTTP/1.1" 200 343 "http://chat.f-m-shop.de/livezilla/livezilla.php" "Mozilla/5.0 (Windows; U; Windows NT 6.1; fr; rv:1.9.2.12) Gecko/20101026 Firefox/3.6.12"
90.21.68.12 - - [21/Nov/2010:20:39:53 +0100] "GET /livezilla/images/favicon.ico HTTP/1.1" 200 43302 "-" "Mozilla/5.0 (Windows; U; Windows NT 6.1; fr; rv:1.9.2.12) Gecko/20101026 Firefox/3.6.12"
90.21.68.12 - - [21/Nov/2010:20:39:52 +0100] "GET /livezilla/livezilla.php?template=lz_chat_frame.1.0 HTTP/1.1" 200 344 "http://chat.f-m-shop.de/livezilla/livezilla.php" "Mozilla/5.0 (Windows; U; Windows NT 6.1; fr; rv:1.9.2.12) Gecko/20101026 Firefox/3.6.12"
90.21.68.12 - - [21/Nov/2010:20:39:54 +0100] "GET /livezilla/images/lz_rep_bg_left.gif HTTP/1.1" 200 593 "http://chat.f-m-shop.de/livezilla/livezilla.php?template=lz_chat_frame.1.1&" "Mozilla/5.0 (Windows; U; Windows NT 6.1; fr; rv:1.9.2.12) Gecko/20101026 Firefox/3.6.12"
90.21.68.12 - - [21/Nov/2010:20:39:54 +0100] "GET /livezilla/images/lz_rep_bg.gif HTTP/1.1" 200 320 "http://chat.f-m-shop.de/livezilla/livezilla.php?template=lz_chat_frame.1.1&" "Mozilla/5.0 (Windows; U; Windows NT 6.1; fr; rv:1.9.2.12) Gecko/20101026 Firefox/3.6.12"
90.21.68.12 - - [21/Nov/2010:20:39:54 +0100] "GET /livezilla/images/lz_rep_bg_right.gif HTTP/1.1" 200 590 "http://chat.f-m-shop.de/livezilla/livezilla.php?template=lz_chat_frame.1.1&" "Mozilla/5.0 (Windows; U; Windows NT 6.1; fr; rv:1.9.2.12) Gecko/20101026 Firefox/3.6.12"
90.21.68.12 - - [21/Nov/2010:20:39:54 +0100] "GET /livezilla/images/chat_bg_footer.gif HTTP/1.1" 200 194 "http://chat.f-m-shop.de/livezilla/templates/style.css" "Mozilla/5.0 (Windows; U; Windows NT 6.1; fr; rv:1.9.2.12) Gecko/20101026 Firefox/3.6.12"
90.21.68.12 - - [21/Nov/2010:20:39:54 +0100] "GET /livezilla/images/button_fav.gif HTTP/1.1" 200 1344 "http://chat.f-m-shop.de/livezilla/livezilla.php?template=lz_chat_frame.3.2.login.0.0" "Mozilla/5.0 (Windows; U; Windows NT 6.1; fr; rv:1.9.2.12) Gecko/20101026 Firefox/3.6.12"
90.21.68.12 - - [21/Nov/2010:20:39:54 +0100] "GET /livezilla/images/button_close.gif HTTP/1.1" 200 1239 "http://chat.f-m-shop.de/livezilla/livezilla.php?template=lz_chat_frame.3.2.login.0.0" "Mozilla/5.0 (Windows; U; Windows NT 6.1; fr; rv:1.9.2.12) Gecko/20101026 Firefox/3.6.12"
90.21.68.12 - - [21/Nov/2010:20:39:54 +0100] "GET /livezilla/images/chat_bg_navigation.gif HTTP/1.1" 200 258 "http://chat.f-m-shop.de/livezilla/templates/style.css" "Mozilla/5.0 (Windows; U; Windows NT 6.1; fr; rv:1.9.2.12) Gecko/20101026 Firefox/3.6.12"
90.21.68.12 - - [21/Nov/2010:20:39:54 +0100] "GET /livezilla/images/chat_bg_footer_top.gif HTTP/1.1" 200 858 "http://chat.f-m-shop.de/livezilla/templates/style.css" "Mozilla/5.0 (Windows; U; Windows NT 6.1; fr; rv:1.9.2.12) Gecko/20101026 Firefox/3.6.12"
90.21.68.12 - - [21/Nov/2010:20:39:54 +0100] "GET /livezilla/images/icon_network.gif HTTP/1.1" 200 354 "http://chat.f-m-shop.de/livezilla/livezilla.php?template=lz_chat_frame.3.2.login.1.0&" "Mozilla/5.0 (Windows; U; Windows NT 6.1; fr; rv:1.9.2.12) Gecko/20101026 Firefox/3.6.12"
90.21.68.12 - - [21/Nov/2010:20:39:54 +0100] "GET /livezilla/images/lz_button.gif HTTP/1.1" 200 838 "http://chat.f-m-shop.de/livezilla/templates/style.css" "Mozilla/5.0 (Windows; U; Windows NT 6.1; fr; rv:1.9.2.12) Gecko/20101026 Firefox/3.6.12"
90.21.68.12 - - [21/Nov/2010:20:39:54 +0100] "GET /livezilla/images/chat_bg_navigation_sub.gif HTTP/1.1" 200 76 "http://chat.f-m-shop.de/livezilla/templates/style.css" "Mozilla/5.0 (Windows; U; Windows NT 6.1; fr; rv:1.9.2.12) Gecko/20101026 Firefox/3.6.12"
90.21.68.12 - - [21/Nov/2010:20:39:54 +0100] "GET /livezilla/templates/nojava.html HTTP/1.1" 200 1088 "-" "Mozilla/5.0 (Windows; U; Windows NT 6.1; fr; rv:1.9.2.12) Gecko/20101026 Firefox/3.6.12"
90.21.68.12 - - [21/Nov/2010:20:39:54 +0100] "GET /favicon.ico HTTP/1.1" 404 - "-" "Mozilla/5.0 (Windows; U; Windows NT 6.1; fr; rv:1.9.2.12) Gecko/20101026 Firefox/3.6.12"
90.21.68.12 - - [21/Nov/2010:20:39:54 +0100] "GET /favicon.ico HTTP/1.1" 404 - "-" "Mozilla/5.0 (Windows; U; Windows NT 6.1; fr; rv:1.9.2.12) Gecko/20101026 Firefox/3.6.12"
90.21.68.12 - - [21/Nov/2010:20:39:57 +0100] "GET /favicon.ico HTTP/1.1" 404 - "-" "Mozilla/5.0 (Windows; U; Windows NT 6.1; fr; rv:1.9.2.12) Gecko/20101026 Firefox/3.6.12"
208.80.194.29 - - [21/Nov/2010:23:46:43 +0100] "GET / HTTP/1.0" 404 - "-" "Mozilla/4.0 (compatible; MSIE 7.0; Windows NT 5.1; Comcast Install 1.0; .NET CLR 1.0.3705; .NET CLR 1.1.4322; Media Center PC 4.0; .NET CLR 2.0.50727; Comcast; Comcast)"
65.55.3.134 - - [22/Nov/2010:17:23:11 +0100] "GET /robots.txt HTTP/1.1" 404 - "-" "msnbot/2.0b (+http://search.msn.com/msnbot.htm)._"
65.55.3.134 - - [22/Nov/2010:17:23:11 +0100] "GET / HTTP/1.1" 404 - "-" "msnbot/2.0b (+http://search.msn.com/msnbot.htm)._"
67.152.29.130 - - [23/Nov/2010:07:42:06 +0100] "GET /robots.txt HTTP/1.1" 404 - "-" "ShopWiki/1.0 ( +http://www.shopwiki.com/wiki/Help:Bot)"
90.163.117.111 - - [23/Nov/2010:08:59:32 +0100] "GET / HTTP/1.1" 404 - "-" "Java/1.6.0_22"
209.51.162.220 - - [23/Nov/2010:13:06:59 +0100] "GET /robots.txt HTTP/1.1" 404 - "-" "ShopWiki/1.0 ( +http://www.shopwiki.com/wiki/Help:Bot)"
67.195.115.30 - - [23/Nov/2010:13:50:38 +0100] "GET /robots.txt HTTP/1.0" 404 - "-" "Mozilla/5.0 (compatible; Yahoo! Slurp; http://help.yahoo.com/help/us/ysearch/slurp)"
67.195.115.30 - - [23/Nov/2010:13:50:38 +0100] "GET /livezilla/livezilla.php HTTP/1.0" 200 89940 "-" "Mozilla/5.0 (compatible; Yahoo! Slurp; http://help.yahoo.com/help/us/ysearch/slurp)"
67.195.115.30 - - [23/Nov/2010:13:50:40 +0100] "GET /livezilla/templates/nojava.html HTTP/1.0" 200 1088 "-" "Mozilla/5.0 (compatible; Yahoo! Slurp; http://help.yahoo.com/help/us/ysearch/slurp)"
208.80.194.27 - - [23/Nov/2010:14:09:06 +0100] "GET / HTTP/1.0" 404 - "-" "Mozilla/4.0 (compatible; MSIE 6.0; Windows NT 5.0; sbcydsl 3.12; yie6; .NET CLR 1.1.4322; .NET CLR 2.0.50727)"
67.152.29.130 - - [23/Nov/2010:16:12:23 +0100] "GET /robots.txt HTTP/1.1" 404 - "-" "ShopWiki/1.0 ( +http://www.shopwiki.com/wiki/Help:Bot)"
66.249.65.114 - - [24/Nov/2010:06:18:44 +0100] "GET /robots.txt HTTP/1.1" 404 - "-" "Mozilla/5.0 (compatible; Googlebot/2.1; +http://www.google.com/bot.html)"
66.249.65.114 - - [24/Nov/2010:06:18:44 +0100] "GET /livezilla/livezilla.php?template=lz_chat_frame.2.2 HTTP/1.1" 200 345 "-" "Mozilla/5.0 (compatible; Googlebot/2.1; +http://www.google.com/bot.html)"
66.249.65.114 - - [24/Nov/2010:06:24:12 +0100] "GET /livezilla/livezilla.php?template=lz_chat_frame.0.1 HTTP/1.1" 200 343 "-" "Mozilla/5.0 (compatible; Googlebot/2.1; +http://www.google.com/bot.html)"
66.249.65.114 - - [24/Nov/2010:06:38:49 +0100] "GET /livezilla/livezilla.php?template=lz_chat_frame.0.0 HTTP/1.1" 200 338 "-" "Mozilla/5.0 (compatible; Googlebot/2.1; +http://www.google.com/bot.html)"
66.249.65.114 - - [24/Nov/2010:06:42:28 +0100] "GET /livezilla/livezilla.php?template=lz_chat_frame.1.2 HTTP/1.1" 200 345 "-" "Mozilla/5.0 (compatible; Googlebot/2.1; +http://www.google.com/bot.html)"
66.249.65.114 - - [24/Nov/2010:06:47:56 +0100] "GET /livezilla/livezilla.php?template=lz_chat_frame.2.0 HTTP/1.1" 200 344 "-" "Mozilla/5.0 (compatible; Googlebot/2.1; +http://www.google.com/bot.html)"
66.249.65.114 - - [24/Nov/2010:07:13:30 +0100] "GET /livezilla/livezilla.php?template=lz_chat_frame.3.2.login.1.0& HTTP/1.1" 200 3689 "-" "Mozilla/5.0 (compatible; Googlebot/2.1; +http://www.google.com/bot.html)"
66.249.65.114 - - [24/Nov/2010:08:02:48 +0100] "GET /livezilla/livezilla.php?template=lz_chat_frame.3.2.login.0.0 HTTP/1.1" 200 1384 "-" "Mozilla/5.0 (compatible; Googlebot/2.1; +http://www.google.com/bot.html)"
66.249.65.114 - - [24/Nov/2010:08:28:21 +0100] "GET /livezilla/livezilla.php?template=lz_chat_frame.5.1 HTTP/1.1" 200 345 "-" "Mozilla/5.0 (compatible; Googlebot/2.1; +http://www.google.com/bot.html)"
66.249.65.114 - - [24/Nov/2010:11:23:38 +0100] "GET /livezilla/livezilla.php?template=lz_chat_frame.3.0 HTTP/1.1" 200 321 "-" "Mozilla/5.0 (compatible; Googlebot/2.1; +http://www.google.com/bot.html)"
207.46.13.146 - - [24/Nov/2010:13:57:58 +0100] "GET /robots.txt HTTP/1.1" 404 - "-" "Mozilla/5.0 (compatible; bingbot/2.0; +http://www.bing.com/bingbot.htm)"
207.46.13.146 - - [24/Nov/2010:14:01:19 +0100] "GET /livezilla/livezilla.php?template=lz_chat_frame.3.2.login.1.0& HTTP/1.1" 200 3689 "-" "Mozilla/5.0 (compatible; bingbot/2.0; +http://www.bing.com/bingbot.htm)"
207.46.13.146 - - [24/Nov/2010:14:01:19 +0100] "GET /livezilla/livezilla.php HTTP/1.1" 200 89940 "-" "Mozilla/5.0 (compatible; bingbot/2.0; +http://www.bing.com/bingbot.htm)"
208.80.194.26 - - [25/Nov/2010:03:19:14 +0100] "GET / HTTP/1.0" 404 - "-" "Mozilla/4.0 (compatible; MSIE 7.0; America Online Browser 1.1; Windows NT 5.1; FunWebProducts; .NET CLR 1.0.3705; Media Center PC 2.8)"
209.51.162.220 - - [25/Nov/2010:05:31:49 +0100] "GET /robots.txt HTTP/1.1" 404 - "-" "ShopWiki/1.0 ( +http://www.shopwiki.com/wiki/Help:Bot)"
8.11.2.9 - - [25/Nov/2010:14:46:26 +0100] "GET /robots.txt HTTP/1.1" 404 - "-" "ShopWiki/1.0 ( +http://www.shopwiki.com/wiki/Help:Bot)"
8.11.2.10 - - [25/Nov/2010:19:18:48 +0100] "GET /robots.txt HTTP/1.1" 404 - "-" "ShopWiki/1.0 ( +http://www.shopwiki.com/wiki/Help:Bot)"
209.51.162.220 - - [25/Nov/2010:22:21:11 +0100] "GET /robots.txt HTTP/1.1" 404 - "-" "ShopWiki/1.0 ( +http://www.shopwiki.com/wiki/Help:Bot)"
209.51.162.220 - - [26/Nov/2010:14:12:22 +0100] "GET /robots.txt HTTP/1.1" 404 - "-" "ShopWiki/1.0 ( +http://www.shopwiki.com/wiki/Help:Bot)"
208.80.194.29 - - [26/Nov/2010:16:15:32 +0100] "GET / HTTP/1.0" 404 - "-" "Mozilla/4.0 (compatible; MSIE 6.0; Windows NT 5.1; SV1; .NET CLR 1.0.3705; .NET CLR 1.1.4322; IEMB3)"
209.51.162.220 - - [26/Nov/2010:17:12:32 +0100] "GET /robots.txt HTTP/1.1" 404 - "-" "ShopWiki/1.0 ( +http://www.shopwiki.com/wiki/Help:Bot)"
208.115.111.249 - - [26/Nov/2010:17:18:32 +0100] "GET /robots.txt HTTP/1.1" 404 - "-" "Mozilla/5.0 (compatible; DotBot/1.1; http://www.dotnetdotcom.org/, crawler@dotnetdotcom.org)"
208.115.111.249 - - [26/Nov/2010:21:46:02 +0100] "GET /livezilla/%5C HTTP/1.1" 404 - "-" "Mozilla/5.0 (compatible; DotBot/1.1; http://www.dotnetdotcom.org/, crawler@dotnetdotcom.org)"
208.115.111.249 - - [26/Nov/2010:21:46:07 +0100] "GET /livezilla/livezilla.php HTTP/1.1" 200 89940 "-" "Mozilla/5.0 (compatible; DotBot/1.1; http://www.dotnetdotcom.org/, crawler@dotnetdotcom.org)"
66.249.71.210 - - [27/Nov/2010:05:59:30 +0100] "GET /robots.txt HTTP/1.1" 404 - "-" "Mozilla/5.0 (compatible; Googlebot/2.1; +http://www.google.com/bot.html)"
66.249.71.210 - - [27/Nov/2010:05:59:30 +0100] "GET /livezilla/server.php?request=track&output=jscript&nse= HTTP/1.1" 200 26976 "-" "Mozilla/5.0 (compatible; Googlebot/2.1; +http://www.google.com/bot.html)"
65.55.3.134 - - [27/Nov/2010:08:26:28 +0100] "GET /robots.txt HTTP/1.1" 404 - "-" "msnbot/2.0b (+http://search.msn.com/msnbot.htm)._"
65.55.3.134 - - [27/Nov/2010:08:26:28 +0100] "GET / HTTP/1.1" 404 - "-" "msnbot/2.0b (+http://search.msn.com/msnbot.htm)._"
208.80.194.36 - - [28/Nov/2010:04:53:36 +0100] "GET / HTTP/1.0" 404 - "-" "Mozilla/4.0 (compatible; MSIE 6.0; America Online Browser 1.1; Windows NT 5.1; SV1; .NET CLR 1.1.4322; ImageShack Toolbar 3.0.3)"
207.46.13.133 - - [29/Nov/2010:16:07:05 +0100] "GET /robots.txt HTTP/1.1" 404 - "-" "Mozilla/5.0 (compatible; bingbot/2.0; +http://www.bing.com/bingbot.htm)"
207.46.13.133 - - [29/Nov/2010:16:15:22 +0100] "GET /livezilla/livezilla.php?template=lz_chat_frame.3.2.login& HTTP/1.1" 200 1105 "-" "Mozilla/5.0 (compatible; bingbot/2.0; +http://www.bing.com/bingbot.htm)"
207.46.13.133 - - [29/Nov/2010:16:15:22 +0100] "GET /livezilla/livezilla.php HTTP/1.1" 200 89940 "-" "Mozilla/5.0 (compatible; bingbot/2.0; +http://www.bing.com/bingbot.htm)"
208.80.194.29 - - [29/Nov/2010:17:35:09 +0100] "GET / HTTP/1.0" 404 - "-" "Mozilla/4.0 (compatible; MSIE 6.0; Windows NT 5.1; SV1; PACE_DOMAIN; .NET CLR 1.1.4322; InfoPath.1; .NET CLR 2.0.50727)"
209.51.162.219 - - [30/Nov/2010:06:38:22 +0100] "GET /robots.txt HTTP/1.1" 404 - "-" "ShopWiki/1.0 ( +http://www.shopwiki.com/wiki/Help:Bot)"
209.51.162.220 - - [30/Nov/2010:12:30:20 +0100] "GET /robots.txt HTTP/1.1" 404 - "-" "ShopWiki/1.0 ( +http://www.shopwiki.com/wiki/Help:Bot)"
8.11.2.9 - - [30/Nov/2010:18:00:42 +0100] "GET /robots.txt HTTP/1.1" 404 - "-" "ShopWiki/1.0 ( +http://www.shopwiki.com/wiki/Help:Bot)"