157.56.92.151 - - [08/Nov/2013:21:38:22 +0100] "GET /robots.txt HTTP/1.1" 404 - "-" "Mozilla/5.0 (compatible; bingbot/2.0; +http://www.bing.com/bingbot.htm)"
157.56.92.151 - - [08/Nov/2013:21:40:38 +0100] "GET /impressum.php HTTP/1.1" 200 7923 "-" "Mozilla/5.0 (compatible; bingbot/2.0; +http://www.bing.com/bingbot.htm)"
216.145.17.190 - - [08/Nov/2013:23:10:38 +0100] "GET /robots.txt HTTP/1.0" 404 - "-" "Mozilla/5.0 (Windows; U; Windows NT 5.1; en; rv:1.9.0.13) Gecko/2009073022 Firefox/3.5.2 (.NET CLR 3.5.30729) SurveyBot/2.3 (DomainTools)"
216.145.17.190 - - [08/Nov/2013:23:10:38 +0100] "GET / HTTP/1.1" 200 6700 "http://whois.domaintools.com/groeger-bauaufzuege.de" "Mozilla/5.0 (Windows; U; Windows NT 5.1; en; rv:1.9.0.13) Gecko/2009073022 Firefox/3.5.2 (.NET CLR 3.5.30729) SurveyBot/2.3 (DomainTools)"
66.249.78.76 - - [09/Nov/2013:01:44:27 +0100] "GET /img/Newsletter_Groeger_2013-06.png HTTP/1.1" 200 23068 "-" "Googlebot-Image/1.0"
157.55.33.22 - - [09/Nov/2013:02:21:08 +0100] "GET /robots.txt HTTP/1.1" 404 - "-" "Mozilla/5.0 (compatible; bingbot/2.0; +http://www.bing.com/bingbot.htm)"
157.55.33.22 - - [09/Nov/2013:02:21:36 +0100] "GET / HTTP/1.1" 200 6700 "-" "Mozilla/5.0 (compatible; bingbot/2.0; +http://www.bing.com/bingbot.htm)"
157.55.33.22 - - [09/Nov/2013:03:12:03 +0100] "GET / HTTP/1.1" 200 6700 "-" "Mozilla/5.0 (compatible; bingbot/2.0; +http://www.bing.com/bingbot.htm)"
66.249.78.76 - - [09/Nov/2013:03:15:19 +0100] "GET /aktuelles.php HTTP/1.1" 200 12088 "-" "Mozilla/5.0 (iPhone; CPU iPhone OS 6_0 like Mac OS X) AppleWebKit/536.26 (KHTML, like Gecko) Version/6.0 Mobile/10A5376e Safari/8536.25 (compatible; Googlebot-Mobile/2.1; +http://www.google.com/bot.html)"
74.117.180.23 - - [09/Nov/2013:03:25:01 +0100] "HEAD /download/Newsletter_Groeger_11-06_Innung.pdf HTTP/1.1" 200 - "-" "Mozilla/4.0 (compatible; MSIE 8.0; Windows NT 5.1; Trident/4.0; .NET CLR 2.0.50727)"
74.117.180.23 - - [09/Nov/2013:03:25:09 +0100] "HEAD /download/Newsletter-Groeger-Dachdecker-2011-04.pdf HTTP/1.1" 200 - "-" "Mozilla/4.0 (compatible; MSIE 8.0; Windows NT 5.1; Trident/4.0; .NET CLR 2.0.50727)"
74.117.180.23 - - [09/Nov/2013:03:25:27 +0100] "HEAD /download/Groeger-Newsletter-Dachdecker11.pdf HTTP/1.1" 200 - "-" "Mozilla/4.0 (compatible; MSIE 8.0; Windows NT 5.1; Trident/4.0; .NET CLR 2.0.50727)"
66.249.78.76 - - [09/Nov/2013:05:05:25 +0100] "GET /img/groeger_wartung.jpg HTTP/1.1" 304 - "-" "Googlebot-Image/1.0"
141.8.147.12 - - [09/Nov/2013:05:55:27 +0100] "GET /robots.txt HTTP/1.1" 404 - "-" "Mozilla/5.0 (compatible; YandexBot/3.0; +http://yandex.com/bots)"
208.115.111.73 - - [09/Nov/2013:06:22:40 +0100] "GET /robots.txt HTTP/1.1" 404 - "-" "Mozilla/5.0 (compatible; Ezooms/1.0; ezooms.bot@gmail.com)"
208.115.111.73 - - [09/Nov/2013:08:12:22 +0100] "GET /leistungen.php HTTP/1.1" 200 8067 "-" "Mozilla/5.0 (compatible; Ezooms/1.0; ezooms.bot@gmail.com)"
157.55.34.171 - - [09/Nov/2013:08:45:13 +0100] "GET /robots.txt HTTP/1.1" 404 - "-" "Mozilla/5.0 (compatible; bingbot/2.0; +http://www.bing.com/bingbot.htm)"
157.55.34.171 - - [09/Nov/2013:08:48:47 +0100] "GET /angebote.php HTTP/1.1" 200 8546 "-" "Mozilla/5.0 (compatible; bingbot/2.0; +http://www.bing.com/bingbot.htm)"
66.249.78.76 - - [09/Nov/2013:09:42:00 +0100] "GET /robots.txt HTTP/1.1" 404 - "-" "Mozilla/5.0 (compatible; Googlebot/2.1; +http://www.google.com/bot.html)"
66.249.78.76 - - [09/Nov/2013:09:42:00 +0100] "GET /img/groeger_aluschweissen.jpg HTTP/1.1" 304 - "-" "Googlebot-Image/1.0"
66.249.78.76 - - [09/Nov/2013:10:50:22 +0100] "GET /img/geda_maxi.jpg HTTP/1.1" 304 - "-" "Googlebot-Image/1.0"
157.56.93.150 - - [09/Nov/2013:11:22:14 +0100] "GET / HTTP/1.1" 200 6700 "-" "Mozilla/5.0 (compatible; bingbot/2.0; +http://www.bing.com/bingbot.htm)"
157.56.93.150 - - [09/Nov/2013:11:22:14 +0100] "GET / HTTP/1.1" 200 6700 "-" "Mozilla/5.0 (compatible; bingbot/2.0; +http://www.bing.com/bingbot.htm)"
141.8.147.12 - - [09/Nov/2013:11:50:11 +0100] "GET /index.php HTTP/1.1" 200 6700 "-" "Mozilla/5.0 (compatible; YandexBot/3.0; +http://yandex.com/bots)"
66.249.78.76 - - [09/Nov/2013:11:58:37 +0100] "GET /img/groeger_wartung.jpg HTTP/1.1" 304 - "-" "Googlebot-Image/1.0"
66.249.75.88 - - [09/Nov/2013:13:34:04 +0100] "GET /img/boecker_junior-hd18.jpg HTTP/1.1" 304 - "-" "Googlebot-Image/1.0"
66.249.75.88 - - [09/Nov/2013:15:31:42 +0100] "GET /gebrauchtmaschinen.php HTTP/1.1" 200 6333 "-" "DoCoMo/2.0 N905i(c100;TB;W24H16) (compatible; Googlebot-Mobile/2.1; +http://www.google.com/bot.html)"
157.55.35.36 - - [09/Nov/2013:16:54:48 +0100] "GET /robots.txt HTTP/1.1" 404 - "-" "Mozilla/5.0 (compatible; bingbot/2.0; +http://www.bing.com/bingbot.htm)"
157.55.35.36 - - [09/Nov/2013:17:30:06 +0100] "GET /kontakt.php HTTP/1.1" 200 6950 "-" "Mozilla/5.0 (compatible; bingbot/2.0; +http://www.bing.com/bingbot.htm)"
199.30.24.138 - - [09/Nov/2013:17:30:09 +0100] "GET /css/groeger.css HTTP/1.1" 200 5467 "http://www.groeger-bauaufzuege.de/kontakt.php" "Mozilla/5.0 (Windows NT 6.1; WOW64) AppleWebKit/534+ (KHTML, like Gecko) BingPreview/1.0b"
157.55.35.36 - - [09/Nov/2013:17:30:42 +0100] "GET /img/grauverlauf.png HTTP/1.1" 200 3242 "-" "Mozilla/5.0 (compatible; bingbot/2.0; +http://www.bing.com/bingbot.htm)"
157.55.35.36 - - [09/Nov/2013:17:30:42 +0100] "GET /img/logo_groeger.gif HTTP/1.1" 200 3605 "-" "Mozilla/5.0 (compatible; bingbot/2.0; +http://www.bing.com/bingbot.htm)"
157.55.33.86 - - [09/Nov/2013:17:31:02 +0100] "GET /swfobject.js HTTP/1.1" 200 6880 "-" "Mozilla/5.0 (compatible; bingbot/2.0; +http://www.bing.com/bingbot.htm)"
157.55.33.86 - - [09/Nov/2013:17:31:02 +0100] "GET /fancybox/jquery.fancybox-1.3.4.css HTTP/1.1" 200 8494 "-" "Mozilla/5.0 (compatible; bingbot/2.0; +http://www.bing.com/bingbot.htm)"
157.55.32.55 - - [09/Nov/2013:17:31:22 +0100] "GET /fancybox/jquery.fancybox-1.3.4.pack.js HTTP/1.1" 200 15624 "-" "Mozilla/5.0 (compatible; bingbot/2.0; +http://www.bing.com/bingbot.htm)"
157.55.32.55 - - [09/Nov/2013:17:31:22 +0100] "GET /jquery-1.4.3.min.js HTTP/1.1" 200 77746 "-" "Mozilla/5.0 (compatible; bingbot/2.0; +http://www.bing.com/bingbot.htm)"
157.55.32.55 - - [09/Nov/2013:17:31:23 +0100] "GET /jquery.cross-slide.js HTTP/1.1" 200 11724 "-" "Mozilla/5.0 (compatible; bingbot/2.0; +http://www.bing.com/bingbot.htm)"
91.224.226.196 - - [09/Nov/2013:17:56:20 +0100] "GET /jquery-1.4.3.min.js HTTP/1.1" 304 - "-" "Mozilla/4.0 (compatible;)"
199.30.24.138 - - [09/Nov/2013:18:31:24 +0100] "GET /img/bild_1.jpg HTTP/1.1" 200 44440 "http://www.groeger-bauaufzuege.de/kontakt.php" "Mozilla/5.0 (Windows NT 6.1; WOW64) AppleWebKit/534+ (KHTML, like Gecko) BingPreview/1.0b"
199.30.24.138 - - [09/Nov/2013:18:31:24 +0100] "GET /img/bild_2.jpg HTTP/1.1" 200 53191 "http://www.groeger-bauaufzuege.de/kontakt.php" "Mozilla/5.0 (Windows NT 6.1; WOW64) AppleWebKit/534+ (KHTML, like Gecko) BingPreview/1.0b"
199.30.24.138 - - [09/Nov/2013:18:31:24 +0100] "GET /img/bild_4.jpg HTTP/1.1" 200 45325 "http://www.groeger-bauaufzuege.de/kontakt.php" "Mozilla/5.0 (Windows NT 6.1; WOW64) AppleWebKit/534+ (KHTML, like Gecko) BingPreview/1.0b"
199.30.24.138 - - [09/Nov/2013:18:31:27 +0100] "GET /img/bild_3.jpg HTTP/1.1" 200 57915 "http://www.groeger-bauaufzuege.de/kontakt.php" "Mozilla/5.0 (Windows NT 6.1; WOW64) AppleWebKit/534+ (KHTML, like Gecko) BingPreview/1.0b"
157.55.33.84 - - [09/Nov/2013:19:52:32 +0100] "GET /robots.txt HTTP/1.1" 404 - "-" "Mozilla/5.0 (compatible; bingbot/2.0; +http://www.bing.com/bingbot.htm)"
157.55.33.84 - - [09/Nov/2013:20:24:45 +0100] "GET / HTTP/1.1" 200 6700 "-" "Mozilla/5.0 (compatible; bingbot/2.0; +http://www.bing.com/bingbot.htm)"
65.55.24.243 - - [09/Nov/2013:21:31:00 +0100] "GET /robots.txt HTTP/1.1" 404 - "-" "Mozilla/5.0 (compatible; bingbot/2.0; +http://www.bing.com/bingbot.htm)"
38.111.147.84 - - [09/Nov/2013:21:46:34 +0100] "GET /robots.txt HTTP/1.0" 404 - "-" "TurnitinBot/2.1 (http://www.turnitin.com/robot/crawlerinfo.html)"
38.111.147.84 - - [09/Nov/2013:21:46:56 +0100] "GET /download/Newsletter_Groeger_2012-11.pdf HTTP/1.0" 304 - "-" "TurnitinBot/2.1 (http://www.turnitin.com/robot/crawlerinfo.html)"
38.111.147.84 - - [09/Nov/2013:21:47:34 +0100] "GET /download/Newsletter_Groeger_2012-09.pdf HTTP/1.0" 304 - "-" "TurnitinBot/2.1 (http://www.turnitin.com/robot/crawlerinfo.html)"
38.111.147.84 - - [09/Nov/2013:21:48:08 +0100] "GET /download/Newsletter_Groeger_2012-06.pdf HTTP/1.0" 304 - "-" "TurnitinBot/2.1 (http://www.turnitin.com/robot/crawlerinfo.html)"
38.111.147.84 - - [09/Nov/2013:21:48:41 +0100] "GET /download/Newsletter_Groeger_11-06_Innung.pdf HTTP/1.0" 304 - "-" "TurnitinBot/2.1 (http://www.turnitin.com/robot/crawlerinfo.html)"
38.111.147.84 - - [09/Nov/2013:21:49:15 +0100] "GET /download/Newsletter-Groeger-Dachdecker-2011-04.pdf HTTP/1.0" 304 - "-" "TurnitinBot/2.1 (http://www.turnitin.com/robot/crawlerinfo.html)"
38.111.147.84 - - [09/Nov/2013:21:49:53 +0100] "GET /download/Groeger-Newsletter-Dachdecker11.pdf HTTP/1.0" 304 - "-" "TurnitinBot/2.1 (http://www.turnitin.com/robot/crawlerinfo.html)"
38.111.147.84 - - [09/Nov/2013:21:50:28 +0100] "GET /download/Lift_D.pdf HTTP/1.0" 304 - "-" "TurnitinBot/2.1 (http://www.turnitin.com/robot/crawlerinfo.html)"
38.111.147.84 - - [09/Nov/2013:21:51:02 +0100] "GET /download/Geda-Zubehoer.pdf HTTP/1.0" 304 - "-" "TurnitinBot/2.1 (http://www.turnitin.com/robot/crawlerinfo.html)"
38.111.147.84 - - [09/Nov/2013:21:51:37 +0100] "GET /download/Newsletter_Groeger_2013-04.pdf HTTP/1.0" 304 - "-" "TurnitinBot/2.1 (http://www.turnitin.com/robot/crawlerinfo.html)"
38.111.147.84 - - [09/Nov/2013:21:52:12 +0100] "GET /download/Newsletter_Groeger_2013-06.pdf HTTP/1.0" 304 - "-" "TurnitinBot/2.1 (http://www.turnitin.com/robot/crawlerinfo.html)"
93.193.146.246 - - [09/Nov/2013:21:58:29 +0100] "GET /download/Newsletter_Groeger_11-06_Innung.pdf HTTP/1.1" 200 422119 "http://www.google.de/url?sa=t&rct=j&q=b%C3%B6cker%20hd31k&source=web&cd=11&ved=0CDAQFjAAOAo&url=http%3A%2F%2Fwww.groeger-bauaufzuege.de%2Fdownload%2FNewsletter_Groeger_11-06_Innung.pdf&ei=haF-Uqv2D6L-4QTekYC4Dw&usg=AFQjCNEfuinCCRyydnIblcQ8R1Vgz1boPA&sig2=Kk-c4xTgpWI-FO_s8o-I8g&bvm=bv.56146854,d.Yms" "Mozilla/5.0 (iPad; CPU OS 5_1_1 like Mac OS X) AppleWebKit/534.46 (KHTML, like Gecko) Version/5.1 Mobile/9B206 Safari/7534.48.3"
65.55.24.243 - - [09/Nov/2013:22:12:32 +0100] "GET / HTTP/1.1" 200 6700 "-" "Mozilla/5.0 (compatible; bingbot/2.0; +http://www.bing.com/bingbot.htm)"
208.115.111.73 - - [09/Nov/2013:22:20:28 +0100] "GET /robots.txt HTTP/1.1" 404 - "-" "Mozilla/5.0 (compatible; Ezooms/1.0; ezooms.bot@gmail.com)"
66.249.73.166 - - [09/Nov/2013:22:23:09 +0100] "GET /robots.txt HTTP/1.1" 404 - "-" "Mozilla/5.0 (compatible; Googlebot/2.1; +http://www.google.com/bot.html)"
66.249.73.166 - - [09/Nov/2013:22:23:09 +0100] "GET /impressum.php HTTP/1.1" 200 7923 "-" "Mozilla/5.0 (iPhone; CPU iPhone OS 6_0 like Mac OS X) AppleWebKit/536.26 (KHTML, like Gecko) Version/6.0 Mobile/10A5376e Safari/8536.25 (compatible; Googlebot-Mobile/2.1; +http://www.google.com/bot.html)"
66.249.73.166 - - [09/Nov/2013:23:19:44 +0100] "GET /css/groeger.css HTTP/1.1" 200 5467 "-" "Mozilla/5.0 (compatible; Googlebot/2.1; +http://www.google.com/bot.html)"
66.249.73.166 - - [09/Nov/2013:23:19:45 +0100] "GET /fancybox/jquery.fancybox-1.3.4.css HTTP/1.1" 200 8494 "-" "Mozilla/5.0 (compatible; Googlebot/2.1; +http://www.google.com/bot.html)"
66.249.73.166 - - [09/Nov/2013:23:37:06 +0100] "GET /img/1.DeutscheGeruestbaumesse-4.jpg HTTP/1.1" 304 - "-" "Googlebot-Image/1.0"
208.115.111.73 - - [10/Nov/2013:00:07:42 +0100] "GET /verkauf.php HTTP/1.1" 200 6643 "-" "Mozilla/5.0 (compatible; Ezooms/1.0; ezooms.bot@gmail.com)"
66.249.73.166 - - [10/Nov/2013:00:52:07 +0100] "GET /img/Geda_500_ZZP_im_Einsatz.jpg HTTP/1.1" 304 - "-" "Googlebot-Image/1.0"
5.10.83.95 - - [10/Nov/2013:01:01:14 +0100] "GET /img/groeger_wartung.jpg HTTP/1.1" 200 15313 "-" "Mozilla/5.0 (compatible; AhrefsBot/5.0; +http://ahrefs.com/robot/)"
5.10.83.90 - - [10/Nov/2013:03:36:43 +0100] "GET /aktuelles.php HTTP/1.1" 200 12088 "-" "Mozilla/5.0 (compatible; AhrefsBot/5.0; +http://ahrefs.com/robot/)"
5.10.83.23 - - [10/Nov/2013:04:43:29 +0100] "GET /vermietung.php HTTP/1.1" 200 6428 "-" "Mozilla/5.0 (compatible; AhrefsBot/5.0; +http://ahrefs.com/robot/)"
66.249.73.166 - - [10/Nov/2013:04:47:21 +0100] "GET /img/aktionsschwein.jpg HTTP/1.1" 304 - "-" "Googlebot-Image/1.0"
66.249.73.166 - - [10/Nov/2013:04:54:20 +0100] "GET / HTTP/1.1" 200 6700 "-" "Mozilla/5.0 (iPhone; CPU iPhone OS 6_0 like Mac OS X) AppleWebKit/536.26 (KHTML, like Gecko) Version/6.0 Mobile/10A5376e Safari/8536.25 (compatible; Googlebot-Mobile/2.1; +http://www.google.com/bot.html)"
66.249.73.166 - - [10/Nov/2013:05:45:34 +0100] "GET /link/20130401 HTTP/1.1" 302 - "-" "Mozilla/5.0 (compatible; Googlebot/2.1; +http://www.google.com/bot.html)"
66.249.73.166 - - [10/Nov/2013:05:45:34 +0100] "GET /download/Boecker_Angebot_AHK_Easyline.pdf HTTP/1.1" 200 454854 "-" "Mozilla/5.0 (compatible; Googlebot/2.1; +http://www.google.com/bot.html)"
141.8.147.12 - - [10/Nov/2013:05:57:59 +0100] "GET /robots.txt HTTP/1.1" 404 - "-" "Mozilla/5.0 (compatible; YandexBot/3.0; +http://yandex.com/bots)"
141.8.147.12 - - [10/Nov/2013:06:23:14 +0100] "GET / HTTP/1.1" 200 6700 "-" "Mozilla/5.0 (compatible; YandexBot/3.0; +http://yandex.com/bots)"
5.10.83.19 - - [10/Nov/2013:06:53:23 +0100] "GET /verkauf.php HTTP/1.1" 200 6643 "-" "Mozilla/5.0 (compatible; AhrefsBot/5.0; +http://ahrefs.com/robot/)"
157.55.35.90 - - [10/Nov/2013:08:49:43 +0100] "GET /robots.txt HTTP/1.1" 404 - "-" "Mozilla/5.0 (compatible; bingbot/2.0; +http://www.bing.com/bingbot.htm)"
157.55.35.90 - - [10/Nov/2013:08:57:09 +0100] "GET / HTTP/1.1" 200 6700 "-" "Mozilla/5.0 (compatible; bingbot/2.0; +http://www.bing.com/bingbot.htm)"
66.249.73.166 - - [10/Nov/2013:10:28:41 +0100] "GET /robots.txt HTTP/1.1" 404 - "-" "Mozilla/5.0 (compatible; Googlebot/2.1; +http://www.google.com/bot.html)"
66.249.73.166 - - [10/Nov/2013:10:28:41 +0100] "GET /img/Newsletter_Groeger_2013-09.jpg HTTP/1.1" 304 - "-" "Googlebot-Image/1.0"
66.249.73.166 - - [10/Nov/2013:10:34:25 +0100] "GET /angebote.php HTTP/1.1" 200 8546 "-" "Mozilla/5.0 (iPhone; CPU iPhone OS 6_0 like Mac OS X) AppleWebKit/536.26 (KHTML, like Gecko) Version/6.0 Mobile/10A5376e Safari/8536.25 (compatible; Googlebot-Mobile/2.1; +http://www.google.com/bot.html)"
66.249.73.166 - - [10/Nov/2013:10:54:11 +0100] "GET / HTTP/1.1" 200 6700 "-" "Mozilla/5.0 (compatible; Googlebot/2.1; +http://www.google.com/bot.html)"
66.249.73.166 - - [10/Nov/2013:10:58:51 +0100] "GET /img/aktionsschwein.jpg HTTP/1.1" 304 - "-" "Googlebot-Image/1.0"
66.249.73.166 - - [10/Nov/2013:12:07:39 +0100] "GET /download/Newsletter_Groeger_2012-09.pdf HTTP/1.1" 200 492501 "-" "Mozilla/5.0 (compatible; Googlebot/2.1; +http://www.google.com/bot.html)"
141.8.147.12 - - [10/Nov/2013:12:39:02 +0100] "GET /index.php HTTP/1.1" 200 6700 "-" "Mozilla/5.0 (compatible; YandexBot/3.0; +http://yandex.com/bots)"
5.10.83.15 - - [10/Nov/2013:12:41:02 +0100] "GET /angebote.php HTTP/1.1" 200 8546 "-" "Mozilla/5.0 (compatible; AhrefsBot/5.0; +http://ahrefs.com/robot/)"
5.10.83.55 - - [10/Nov/2013:15:14:32 +0100] "GET /impressum.php HTTP/1.1" 200 7923 "-" "Mozilla/5.0 (compatible; AhrefsBot/5.0; +http://ahrefs.com/robot/)"
5.10.83.90 - - [10/Nov/2013:16:52:55 +0100] "GET /img/groeger_aluschweissen.jpg HTTP/1.1" 200 12289 "-" "Mozilla/5.0 (compatible; AhrefsBot/5.0; +http://ahrefs.com/robot/)"
66.249.78.76 - - [10/Nov/2013:17:44:56 +0100] "GET /robots.txt HTTP/1.1" 404 - "-" "Mozilla/5.0 (compatible; Googlebot/2.1; +http://www.google.com/bot.html)"
66.249.78.76 - - [10/Nov/2013:17:44:56 +0100] "GET / HTTP/1.1" 200 6700 "-" "Mozilla/5.0 (compatible; Googlebot/2.1; +http://www.google.com/bot.html)"
46.5.104.145 - - [10/Nov/2013:17:47:09 +0100] "GET / HTTP/1.1" 200 6700 "http://www.google.de/?source=mog&gl=de" "Opera/9.80 (Android; Opera Mini/7.0.29952/27.2020; U; de) Presto/2.8.119 Version/11.10"
46.5.104.145 - - [10/Nov/2013:17:47:09 +0100] "GET / HTTP/1.1" 200 6700 "http://www.google.de/?source=mog&gl=de" "Opera/9.80 (Android; Opera Mini/7.0.29952/27.2020; U; de) Presto/2.8.119 Version/11.10"
46.5.104.145 - - [10/Nov/2013:17:47:09 +0100] "GET / HTTP/1.1" 200 6700 "http://www.google.de/?source=mog&gl=de" "Opera/9.80 (Android; Opera Mini/7.0.29952/27.2020; U; de) Presto/2.8.119 Version/11.10"
46.5.104.145 - - [10/Nov/2013:17:47:10 +0100] "GET /impressum.php HTTP/1.1" 200 7923 "http://www.google.de" "Mozilla/5.0 Gecko/2008092417 Firefox/3.0.3"
46.5.104.145 - - [10/Nov/2013:17:47:12 +0100] "GET /kontakt.php HTTP/1.1" 200 6950 "http://www.google.de" "Mozilla/5.0 (X11; U; Linux x86_64; en-US; rv:1.9.2.16pre) Gecko/20110310 Ubuntu/10.10 (maverick) Namoroka/3.6.16pre"
46.5.104.145 - - [10/Nov/2013:17:47:12 +0100] "GET /index.php HTTP/1.1" 200 6700 "http://www.google.de" "Mozilla/5.0 (Windows; U; Windows NT 5.1; de; rv:1.8.1.6) Gecko/20070725 Firefox/2.0.0.5"
46.5.104.145 - - [10/Nov/2013:17:47:13 +0100] "GET / HTTP/1.1" 200 6700 "http://www.google.de" "Mozilla/4.0 (compatible; MSIE 6.0; Windows NT 5.1; ru) Opera 8.50"
50.17.64.101 - - [10/Nov/2013:18:16:53 +0100] "GET / HTTP/1.0" 200 6700 "-" "Mozilla/5.0 (compatible; NetcraftSurveyAgent/1.0; +info@netcraft.com)"
66.249.78.76 - - [10/Nov/2013:19:00:10 +0100] "GET /robots.txt HTTP/1.1" 404 - "-" "Mozilla/5.0 (compatible; Googlebot/2.1; +http://www.google.com/bot.html)"
66.249.78.76 - - [10/Nov/2013:19:00:10 +0100] "GET /download/Newsletter_Groeger_2013-09.pdf HTTP/1.1" 304 - "-" "Mozilla/5.0 (iPhone; CPU iPhone OS 6_0 like Mac OS X) AppleWebKit/536.26 (KHTML, like Gecko) Version/6.0 Mobile/10A5376e Safari/8536.25 (compatible; Googlebot-Mobile/2.1; +http://www.google.com/bot.html)"
5.10.83.10 - - [10/Nov/2013:20:29:21 +0100] "GET /gebrauchtmaschinen.php HTTP/1.1" 200 6333 "-" "Mozilla/5.0 (compatible; AhrefsBot/5.0; +http://ahrefs.com/robot/)"
157.55.33.25 - - [10/Nov/2013:20:36:14 +0100] "GET /robots.txt HTTP/1.1" 404 - "-" "Mozilla/5.0 (compatible; bingbot/2.0; +http://www.bing.com/bingbot.htm)"
5.10.83.18 - - [10/Nov/2013:20:52:45 +0100] "GET /img/boecker_junior-hd18.jpg HTTP/1.1" 200 14822 "-" "Mozilla/5.0 (compatible; AhrefsBot/5.0; +http://ahrefs.com/robot/)"
157.55.33.25 - - [10/Nov/2013:21:30:53 +0100] "GET / HTTP/1.1" 200 6700 "-" "Mozilla/5.0 (compatible; bingbot/2.0; +http://www.bing.com/bingbot.htm)"
5.10.83.43 - - [10/Nov/2013:22:02:07 +0100] "GET /leistungen.php HTTP/1.1" 200 8067 "-" "Mozilla/5.0 (compatible; AhrefsBot/5.0; +http://ahrefs.com/robot/)"
66.249.78.76 - - [10/Nov/2013:22:59:41 +0100] "GET /download/Newsletter_Groeger_2013-09.pdf HTTP/1.1" 304 - "-" "Mozilla/5.0 (iPhone; CPU iPhone OS 6_0 like Mac OS X) AppleWebKit/536.26 (KHTML, like Gecko) Version/6.0 Mobile/10A5376e Safari/8536.25 (compatible; Googlebot-Mobile/2.1; +http://www.google.com/bot.html)"
66.249.78.76 - - [11/Nov/2013:01:55:23 +0100] "GET /aktuelles.php HTTP/1.1" 200 12088 "-" "Mozilla/5.0 (iPhone; CPU iPhone OS 6_0 like Mac OS X) AppleWebKit/536.26 (KHTML, like Gecko) Version/6.0 Mobile/10A5376e Safari/8536.25 (compatible; Googlebot-Mobile/2.1; +http://www.google.com/bot.html)"
66.249.78.76 - - [11/Nov/2013:01:56:46 +0100] "GET /fancybox/jquery.fancybox-1.3.4.css HTTP/1.1" 200 8494 "-" "Mozilla/5.0 (compatible; Googlebot/2.1; +http://www.google.com/bot.html)"
66.249.78.76 - - [11/Nov/2013:01:56:46 +0100] "GET /css/groeger.css HTTP/1.1" 200 5467 "-" "Mozilla/5.0 (compatible; Googlebot/2.1; +http://www.google.com/bot.html)"
66.249.78.76 - - [11/Nov/2013:06:44:20 +0100] "GET /aktuelles.php HTTP/1.1" 200 12088 "-" "Mozilla/5.0 (compatible; Googlebot/2.1; +http://www.google.com/bot.html)"
91.22.187.231 - - [11/Nov/2013:07:38:09 +0100] "GET / HTTP/1.1" 200 6700 "http://www.google.de/search?nord=1&site=webhp&source=hp&ei=v3qAUoiSA8HStAaytoDYDg&q=gr%C3%B6ger+baumaschinen&oq=gr%C3%B6ger+ba&gs_l=mobile-gws-hp.1.1.0l4j0i22i30.10626.16995.0.20991.10.7.0.3.3.0.325.1667.0j3j3j1.7.0....0...1c.1.31.mobile-gws-hp..0.10.1779.O5RjjBEOsbg" "Mozilla/5.0 (iPhone; CPU iPhone OS 7_0_3 like Mac OS X) AppleWebKit/537.51.1 (KHTML, like Gecko) Version/7.0 Mobile/11B511 Safari/9537.53"
91.22.187.231 - - [11/Nov/2013:07:38:09 +0100] "GET /css/groeger.css HTTP/1.1" 200 5467 "http://www.groeger-bauaufzuege.de/" "Mozilla/5.0 (iPhone; CPU iPhone OS 7_0_3 like Mac OS X) AppleWebKit/537.51.1 (KHTML, like Gecko) Version/7.0 Mobile/11B511 Safari/9537.53"
91.22.187.231 - - [11/Nov/2013:07:38:09 +0100] "GET /fancybox/jquery.fancybox-1.3.4.css HTTP/1.1" 200 8494 "http://www.groeger-bauaufzuege.de/" "Mozilla/5.0 (iPhone; CPU iPhone OS 7_0_3 like Mac OS X) AppleWebKit/537.51.1 (KHTML, like Gecko) Version/7.0 Mobile/11B511 Safari/9537.53"
91.22.187.231 - - [11/Nov/2013:07:38:09 +0100] "GET /swfobject.js HTTP/1.1" 200 6880 "http://www.groeger-bauaufzuege.de/" "Mozilla/5.0 (iPhone; CPU iPhone OS 7_0_3 like Mac OS X) AppleWebKit/537.51.1 (KHTML, like Gecko) Version/7.0 Mobile/11B511 Safari/9537.53"
91.22.187.231 - - [11/Nov/2013:07:38:09 +0100] "GET /fancybox/jquery.fancybox-1.3.4.pack.js HTTP/1.1" 200 15624 "http://www.groeger-bauaufzuege.de/" "Mozilla/5.0 (iPhone; CPU iPhone OS 7_0_3 like Mac OS X) AppleWebKit/537.51.1 (KHTML, like Gecko) Version/7.0 Mobile/11B511 Safari/9537.53"
91.22.187.231 - - [11/Nov/2013:07:38:09 +0100] "GET /jquery.cross-slide.js HTTP/1.1" 200 11724 "http://www.groeger-bauaufzuege.de/" "Mozilla/5.0 (iPhone; CPU iPhone OS 7_0_3 like Mac OS X) AppleWebKit/537.51.1 (KHTML, like Gecko) Version/7.0 Mobile/11B511 Safari/9537.53"
91.22.187.231 - - [11/Nov/2013:07:38:09 +0100] "GET /jquery-1.4.3.min.js HTTP/1.1" 200 77746 "http://www.groeger-bauaufzuege.de/" "Mozilla/5.0 (iPhone; CPU iPhone OS 7_0_3 like Mac OS X) AppleWebKit/537.51.1 (KHTML, like Gecko) Version/7.0 Mobile/11B511 Safari/9537.53"
91.22.187.231 - - [11/Nov/2013:07:38:10 +0100] "GET /img/logo_groeger.gif HTTP/1.1" 200 3605 "http://www.groeger-bauaufzuege.de/" "Mozilla/5.0 (iPhone; CPU iPhone OS 7_0_3 like Mac OS X) AppleWebKit/537.51.1 (KHTML, like Gecko) Version/7.0 Mobile/11B511 Safari/9537.53"
91.22.187.231 - - [11/Nov/2013:07:38:10 +0100] "GET /img/bild_1.jpg HTTP/1.1" 200 44440 "http://www.groeger-bauaufzuege.de/" "Mozilla/5.0 (iPhone; CPU iPhone OS 7_0_3 like Mac OS X) AppleWebKit/537.51.1 (KHTML, like Gecko) Version/7.0 Mobile/11B511 Safari/9537.53"
91.22.187.231 - - [11/Nov/2013:07:38:10 +0100] "GET /img/pfeil.png HTTP/1.1" 200 840 "http://www.groeger-bauaufzuege.de/" "Mozilla/5.0 (iPhone; CPU iPhone OS 7_0_3 like Mac OS X) AppleWebKit/537.51.1 (KHTML, like Gecko) Version/7.0 Mobile/11B511 Safari/9537.53"
91.22.187.231 - - [11/Nov/2013:07:38:10 +0100] "GET /img/grauverlauf.png HTTP/1.1" 200 3242 "http://www.groeger-bauaufzuege.de/" "Mozilla/5.0 (iPhone; CPU iPhone OS 7_0_3 like Mac OS X) AppleWebKit/537.51.1 (KHTML, like Gecko) Version/7.0 Mobile/11B511 Safari/9537.53"
91.22.187.231 - - [11/Nov/2013:07:38:10 +0100] "GET /img/bild_2.jpg HTTP/1.1" 200 53191 "http://www.groeger-bauaufzuege.de/" "Mozilla/5.0 (iPhone; CPU iPhone OS 7_0_3 like Mac OS X) AppleWebKit/537.51.1 (KHTML, like Gecko) Version/7.0 Mobile/11B511 Safari/9537.53"
91.22.187.231 - - [11/Nov/2013:07:38:10 +0100] "GET /img/groeger_web.jpg HTTP/1.1" 200 10877 "http://www.groeger-bauaufzuege.de/" "Mozilla/5.0 (iPhone; CPU iPhone OS 7_0_3 like Mac OS X) AppleWebKit/537.51.1 (KHTML, like Gecko) Version/7.0 Mobile/11B511 Safari/9537.53"
91.22.187.231 - - [11/Nov/2013:07:38:10 +0100] "GET /img/bild_3.jpg HTTP/1.1" 200 57915 "http://www.groeger-bauaufzuege.de/" "Mozilla/5.0 (iPhone; CPU iPhone OS 7_0_3 like Mac OS X) AppleWebKit/537.51.1 (KHTML, like Gecko) Version/7.0 Mobile/11B511 Safari/9537.53"
91.22.187.231 - - [11/Nov/2013:07:38:10 +0100] "GET /img/bild_4.jpg HTTP/1.1" 200 45325 "http://www.groeger-bauaufzuege.de/" "Mozilla/5.0 (iPhone; CPU iPhone OS 7_0_3 like Mac OS X) AppleWebKit/537.51.1 (KHTML, like Gecko) Version/7.0 Mobile/11B511 Safari/9537.53"
91.22.187.231 - - [11/Nov/2013:07:38:18 +0100] "GET /kontakt.php HTTP/1.1" 200 6950 "http://www.groeger-bauaufzuege.de/" "Mozilla/5.0 (iPhone; CPU iPhone OS 7_0_3 like Mac OS X) AppleWebKit/537.51.1 (KHTML, like Gecko) Version/7.0 Mobile/11B511 Safari/9537.53"
157.55.33.253 - - [11/Nov/2013:07:45:33 +0100] "GET /robots.txt HTTP/1.1" 404 - "-" "Mozilla/5.0 (compatible; bingbot/2.0; +http://www.bing.com/bingbot.htm)"
157.55.33.253 - - [11/Nov/2013:07:50:16 +0100] "GET / HTTP/1.1" 200 6700 "-" "Mozilla/5.0 (compatible; bingbot/2.0; +http://www.bing.com/bingbot.htm)"
66.249.78.76 - - [11/Nov/2013:07:52:42 +0100] "GET /robots.txt HTTP/1.1" 404 - "-" "Mozilla/5.0 (compatible; Googlebot/2.1; +http://www.google.com/bot.html)"
66.249.78.76 - - [11/Nov/2013:07:52:42 +0100] "GET /angebote.php HTTP/1.1" 200 8546 "-" "Mozilla/5.0 (compatible; Googlebot/2.1; +http://www.google.com/bot.html)"
66.249.78.76 - - [11/Nov/2013:09:05:38 +0100] "GET /link/20130604 HTTP/1.1" 302 - "-" "Mozilla/5.0 (compatible; Googlebot/2.1; +http://www.google.com/bot.html)"
66.249.78.76 - - [11/Nov/2013:09:05:39 +0100] "GET /download/Boecker_Autokrane.pdf HTTP/1.1" 200 1994740 "-" "Mozilla/5.0 (compatible; Googlebot/2.1; +http://www.google.com/bot.html)"
66.249.78.76 - - [11/Nov/2013:09:10:11 +0100] "GET /download/Lift_D.pdf HTTP/1.1" 304 - "-" "Mozilla/5.0 (compatible; Googlebot/2.1; +http://www.google.com/bot.html)"
66.249.78.76 - - [11/Nov/2013:09:26:59 +0100] "GET / HTTP/1.1" 200 6700 "-" "Mozilla/5.0 (iPhone; CPU iPhone OS 6_0 like Mac OS X) AppleWebKit/536.26 (KHTML, like Gecko) Version/6.0 Mobile/10A5376e Safari/8536.25 (compatible; Googlebot-Mobile/2.1; +http://www.google.com/bot.html)"
5.10.83.18 - - [11/Nov/2013:09:28:39 +0100] "GET / HTTP/1.1" 200 6700 "-" "Mozilla/5.0 (compatible; AhrefsBot/5.0; +http://ahrefs.com/robot/)"
66.249.78.76 - - [11/Nov/2013:09:42:06 +0100] "GET /impressum.php HTTP/1.1" 200 7923 "-" "Mozilla/5.0 (compatible; Googlebot/2.1; +http://www.google.com/bot.html)"
66.249.78.76 - - [11/Nov/2013:10:00:20 +0100] "GET /download/Newsletter_Groeger_2013-09.pdf HTTP/1.1" 304 - "-" "Mozilla/5.0 (compatible; Googlebot/2.1; +http://www.google.com/bot.html)"
66.249.78.76 - - [11/Nov/2013:10:14:00 +0100] "GET /leistungen.php HTTP/1.1" 200 8067 "-" "Mozilla/5.0 (compatible; Googlebot/2.1; +http://www.google.com/bot.html)"
66.249.78.76 - - [11/Nov/2013:10:31:17 +0100] "GET /kontakt.php HTTP/1.1" 200 6950 "-" "Mozilla/5.0 (iPhone; CPU iPhone OS 6_0 like Mac OS X) AppleWebKit/536.26 (KHTML, like Gecko) Version/6.0 Mobile/10A5376e Safari/8536.25 (compatible; Googlebot-Mobile/2.1; +http://www.google.com/bot.html)"
66.249.78.76 - - [11/Nov/2013:10:55:01 +0100] "GET /unternehmen.php HTTP/1.1" 200 7130 "-" "Mozilla/5.0 (compatible; Googlebot/2.1; +http://www.google.com/bot.html)"
46.115.123.127 - - [11/Nov/2013:11:01:08 +0100] "GET / HTTP/1.1" 200 6700 "-" "Mozilla/5.0 (iPhone; CPU iPhone OS 6_1_3 like Mac OS X) AppleWebKit/536.26 (KHTML, like Gecko) Version/6.0 Mobile/10B329 Safari/8536.25"
66.249.78.76 - - [11/Nov/2013:11:08:42 +0100] "GET /download/Newsletter_Groeger_11-06_Innung.pdf HTTP/1.1" 304 - "-" "Mozilla/5.0 (compatible; Googlebot/2.1; +http://www.google.com/bot.html)"
66.249.78.76 - - [11/Nov/2013:11:17:49 +0100] "GET /download/Boecker_Angebote_Easyline.pdf HTTP/1.1" 304 - "-" "Mozilla/5.0 (compatible; Googlebot/2.1; +http://www.google.com/bot.html)"
79.227.190.13 - - [11/Nov/2013:11:34:17 +0100] "GET /link/20130604 HTTP/1.1" 302 - "http://suche.t-online.de/fast-cgi/tsc?q=+autokran+ak35%2F3000+sps+b%C3%B6cker+gebraucht&tstmp=1384165668235&adtest=&mandant=toi&dia=suche&context=internet-tab&ptl=std&start=0&num=10&cr=&sb=top" "Mozilla/4.0 (compatible; MSIE 8.0; Windows NT 5.1; Trident/4.0; .NET CLR 2.0.50727; .NET CLR 3.0.4506.2152; .NET CLR 3.5.30729; InfoPath.1; AskTbAVR-4/5.15.18.37268)"
79.227.190.13 - - [11/Nov/2013:11:34:17 +0100] "GET /download/Boecker_Autokrane.pdf HTTP/1.1" 200 1994740 "http://suche.t-online.de/fast-cgi/tsc?q=+autokran+ak35%2F3000+sps+b%C3%B6cker+gebraucht&tstmp=1384165668235&adtest=&mandant=toi&dia=suche&context=internet-tab&ptl=std&start=0&num=10&cr=&sb=top" "Mozilla/4.0 (compatible; MSIE 8.0; Windows NT 5.1; Trident/4.0; .NET CLR 2.0.50727; .NET CLR 3.0.4506.2152; .NET CLR 3.5.30729; InfoPath.1; AskTbAVR-4/5.15.18.37268)"
79.227.190.13 - - [11/Nov/2013:11:34:25 +0100] "GET /link/20130604 HTTP/1.1" 302 - "http://suche.t-online.de/fast-cgi/tsc?q=+autokran+ak35%2F3000+sps+b%C3%B6cker+gebraucht&tstmp=1384165668235&adtest=&mandant=toi&dia=suche&context=internet-tab&ptl=std&start=0&num=10&cr=&sb=top" "Mozilla/4.0 (compatible; MSIE 8.0; Windows NT 5.1; Trident/4.0; .NET CLR 2.0.50727; .NET CLR 3.0.4506.2152; .NET CLR 3.5.30729; InfoPath.1; AskTbAVR-4/5.15.18.37268)"
79.227.190.13 - - [11/Nov/2013:11:34:25 +0100] "GET /download/Boecker_Autokrane.pdf HTTP/1.1" 304 - "http://suche.t-online.de/fast-cgi/tsc?q=+autokran+ak35%2F3000+sps+b%C3%B6cker+gebraucht&tstmp=1384165668235&adtest=&mandant=toi&dia=suche&context=internet-tab&ptl=std&start=0&num=10&cr=&sb=top" "Mozilla/4.0 (compatible; MSIE 8.0; Windows NT 5.1; Trident/4.0; .NET CLR 2.0.50727; .NET CLR 3.0.4506.2152; .NET CLR 3.5.30729; InfoPath.1; AskTbAVR-4/5.15.18.37268)"
66.249.78.76 - - [11/Nov/2013:11:49:43 +0100] "GET /link/20130402 HTTP/1.1" 302 - "-" "Mozilla/5.0 (compatible; Googlebot/2.1; +http://www.google.com/bot.html)"
66.249.78.76 - - [11/Nov/2013:11:49:44 +0100] "GET /download/Boecker_Angebot_JuniorHD18_EasyLine.pdf HTTP/1.1" 200 202821 "-" "Mozilla/5.0 (compatible; Googlebot/2.1; +http://www.google.com/bot.html)"
66.249.78.76 - - [11/Nov/2013:12:07:57 +0100] "GET /vermietung.php HTTP/1.1" 200 6428 "-" "Mozilla/5.0 (compatible; Googlebot/2.1; +http://www.google.com/bot.html)"
66.249.78.76 - - [11/Nov/2013:12:39:51 +0100] "GET /download/Newsletter_Groeger_2013-06.pdf HTTP/1.1" 304 - "-" "Mozilla/5.0 (compatible; Googlebot/2.1; +http://www.google.com/bot.html)"
89.204.130.124 - - [11/Nov/2013:13:02:44 +0100] "GET / HTTP/1.1" 200 6700 "https://www.google.de/" "Mozilla/5.0 (iPhone; CPU iPhone OS 7_0_3 like Mac OS X) AppleWebKit/537.51.1 (KHTML, like Gecko) Version/7.0 Mobile/11B511 Safari/9537.53"
89.204.130.124 - - [11/Nov/2013:13:02:45 +0100] "GET /css/groeger.css HTTP/1.1" 200 5467 "http://www.groeger-bauaufzuege.de/" "Mozilla/5.0 (iPhone; CPU iPhone OS 7_0_3 like Mac OS X) AppleWebKit/537.51.1 (KHTML, like Gecko) Version/7.0 Mobile/11B511 Safari/9537.53"
89.204.130.124 - - [11/Nov/2013:13:02:45 +0100] "GET /fancybox/jquery.fancybox-1.3.4.css HTTP/1.1" 200 8494 "http://www.groeger-bauaufzuege.de/" "Mozilla/5.0 (iPhone; CPU iPhone OS 7_0_3 like Mac OS X) AppleWebKit/537.51.1 (KHTML, like Gecko) Version/7.0 Mobile/11B511 Safari/9537.53"
89.204.130.124 - - [11/Nov/2013:13:02:45 +0100] "GET /swfobject.js HTTP/1.1" 200 6880 "http://www.groeger-bauaufzuege.de/" "Mozilla/5.0 (iPhone; CPU iPhone OS 7_0_3 like Mac OS X) AppleWebKit/537.51.1 (KHTML, like Gecko) Version/7.0 Mobile/11B511 Safari/9537.53"
89.204.130.124 - - [11/Nov/2013:13:02:45 +0100] "GET /fancybox/jquery.fancybox-1.3.4.pack.js HTTP/1.1" 200 15624 "http://www.groeger-bauaufzuege.de/" "Mozilla/5.0 (iPhone; CPU iPhone OS 7_0_3 like Mac OS X) AppleWebKit/537.51.1 (KHTML, like Gecko) Version/7.0 Mobile/11B511 Safari/9537.53"
89.204.130.124 - - [11/Nov/2013:13:02:45 +0100] "GET /jquery.cross-slide.js HTTP/1.1" 200 11724 "http://www.groeger-bauaufzuege.de/" "Mozilla/5.0 (iPhone; CPU iPhone OS 7_0_3 like Mac OS X) AppleWebKit/537.51.1 (KHTML, like Gecko) Version/7.0 Mobile/11B511 Safari/9537.53"
89.204.130.124 - - [11/Nov/2013:13:02:45 +0100] "GET /jquery-1.4.3.min.js HTTP/1.1" 200 77746 "http://www.groeger-bauaufzuege.de/" "Mozilla/5.0 (iPhone; CPU iPhone OS 7_0_3 like Mac OS X) AppleWebKit/537.51.1 (KHTML, like Gecko) Version/7.0 Mobile/11B511 Safari/9537.53"
89.204.130.124 - - [11/Nov/2013:13:02:46 +0100] "GET /img/logo_groeger.gif HTTP/1.1" 200 3605 "http://www.groeger-bauaufzuege.de/" "Mozilla/5.0 (iPhone; CPU iPhone OS 7_0_3 like Mac OS X) AppleWebKit/537.51.1 (KHTML, like Gecko) Version/7.0 Mobile/11B511 Safari/9537.53"
89.204.130.124 - - [11/Nov/2013:13:02:46 +0100] "GET /img/bild_1.jpg HTTP/1.1" 200 44440 "http://www.groeger-bauaufzuege.de/" "Mozilla/5.0 (iPhone; CPU iPhone OS 7_0_3 like Mac OS X) AppleWebKit/537.51.1 (KHTML, like Gecko) Version/7.0 Mobile/11B511 Safari/9537.53"
89.204.130.124 - - [11/Nov/2013:13:02:46 +0100] "GET /img/pfeil.png HTTP/1.1" 200 840 "http://www.groeger-bauaufzuege.de/" "Mozilla/5.0 (iPhone; CPU iPhone OS 7_0_3 like Mac OS X) AppleWebKit/537.51.1 (KHTML, like Gecko) Version/7.0 Mobile/11B511 Safari/9537.53"
89.204.130.124 - - [11/Nov/2013:13:02:46 +0100] "GET /img/grauverlauf.png HTTP/1.1" 200 3242 "http://www.groeger-bauaufzuege.de/" "Mozilla/5.0 (iPhone; CPU iPhone OS 7_0_3 like Mac OS X) AppleWebKit/537.51.1 (KHTML, like Gecko) Version/7.0 Mobile/11B511 Safari/9537.53"
89.204.130.124 - - [11/Nov/2013:13:02:46 +0100] "GET /img/groeger_web.jpg HTTP/1.1" 200 10877 "http://www.groeger-bauaufzuege.de/" "Mozilla/5.0 (iPhone; CPU iPhone OS 7_0_3 like Mac OS X) AppleWebKit/537.51.1 (KHTML, like Gecko) Version/7.0 Mobile/11B511 Safari/9537.53"
89.204.130.124 - - [11/Nov/2013:13:02:46 +0100] "GET /img/bild_2.jpg HTTP/1.1" 200 53191 "http://www.groeger-bauaufzuege.de/" "Mozilla/5.0 (iPhone; CPU iPhone OS 7_0_3 like Mac OS X) AppleWebKit/537.51.1 (KHTML, like Gecko) Version/7.0 Mobile/11B511 Safari/9537.53"
89.204.130.124 - - [11/Nov/2013:13:02:46 +0100] "GET /img/bild_4.jpg HTTP/1.1" 200 45325 "http://www.groeger-bauaufzuege.de/" "Mozilla/5.0 (iPhone; CPU iPhone OS 7_0_3 like Mac OS X) AppleWebKit/537.51.1 (KHTML, like Gecko) Version/7.0 Mobile/11B511 Safari/9537.53"
89.204.130.124 - - [11/Nov/2013:13:02:46 +0100] "GET /img/bild_3.jpg HTTP/1.1" 200 57915 "http://www.groeger-bauaufzuege.de/" "Mozilla/5.0 (iPhone; CPU iPhone OS 7_0_3 like Mac OS X) AppleWebKit/537.51.1 (KHTML, like Gecko) Version/7.0 Mobile/11B511 Safari/9537.53"
89.204.130.124 - - [11/Nov/2013:13:03:05 +0100] "GET /index.php HTTP/1.1" 200 6700 "http://www.groeger-bauaufzuege.de/" "Mozilla/5.0 (iPhone; CPU iPhone OS 7_0_3 like Mac OS X) AppleWebKit/537.51.1 (KHTML, like Gecko) Version/7.0 Mobile/11B511 Safari/9537.53"
89.204.130.124 - - [11/Nov/2013:13:03:12 +0100] "GET /impressum.php HTTP/1.1" 200 7923 "http://www.groeger-bauaufzuege.de/index.php" "Mozilla/5.0 (iPhone; CPU iPhone OS 7_0_3 like Mac OS X) AppleWebKit/537.51.1 (KHTML, like Gecko) Version/7.0 Mobile/11B511 Safari/9537.53"
66.249.78.76 - - [11/Nov/2013:13:11:46 +0100] "GET /gebrauchtmaschinen.php HTTP/1.1" 200 6333 "-" "Mozilla/5.0 (compatible; Googlebot/2.1; +http://www.google.com/bot.html)"
5.10.83.35 - - [11/Nov/2013:13:30:08 +0100] "GET /img/12042013641.jpg HTTP/1.1" 200 116307 "-" "Mozilla/5.0 (compatible; AhrefsBot/5.0; +http://ahrefs.com/robot/)"
66.249.78.76 - - [11/Nov/2013:14:21:43 +0100] "GET /robots.txt HTTP/1.1" 404 - "-" "Mozilla/5.0 (compatible; Googlebot/2.1; +http://www.google.com/bot.html)"
66.249.78.76 - - [11/Nov/2013:14:21:43 +0100] "GET /angebote.php HTTP/1.1" 200 8546 "-" "Mozilla/5.0 (iPhone; CPU iPhone OS 6_0 like Mac OS X) AppleWebKit/536.26 (KHTML, like Gecko) Version/6.0 Mobile/10A5376e Safari/8536.25 (compatible; Googlebot-Mobile/2.1; +http://www.google.com/bot.html)"
66.249.78.76 - - [11/Nov/2013:14:31:26 +0100] "GET /aktuelles.php HTTP/1.1" 200 12088 "-" "Mozilla/5.0 (compatible; Googlebot/2.1; +http://www.google.com/bot.html)"
178.255.215.70 - - [11/Nov/2013:15:05:12 +0100] "GET /robots.txt HTTP/1.1" 404 - "-" "Mozilla/5.0 (compatible; Exabot/3.0; +http://www.exabot.com/go/robot)"
178.255.215.70 - - [11/Nov/2013:15:05:12 +0100] "GET / HTTP/1.1" 200 6700 "-" "Mozilla/5.0 (compatible; Exabot/3.0; +http://www.exabot.com/go/robot)"
80.187.111.112 - - [11/Nov/2013:15:05:18 +0100] "GET /kontakt.php HTTP/1.1" 200 6950 "-" "Mozilla/5.0 (iPhone; CPU iPhone OS 7_0_3 like Mac OS X) AppleWebKit/537.51.1 (KHTML, like Gecko) Version/7.0 Mobile/11B511 Safari/9537.53"
80.187.111.112 - - [11/Nov/2013:15:05:19 +0100] "GET /img/logo_groeger.gif HTTP/1.1" 200 3605 "http://www.groeger-bauaufzuege.de/kontakt.php" "Mozilla/5.0 (iPhone; CPU iPhone OS 7_0_3 like Mac OS X) AppleWebKit/537.51.1 (KHTML, like Gecko) Version/7.0 Mobile/11B511 Safari/9537.53"
80.187.111.112 - - [11/Nov/2013:15:05:19 +0100] "GET /img/bild_1.jpg HTTP/1.1" 200 44440 "http://www.groeger-bauaufzuege.de/kontakt.php" "Mozilla/5.0 (iPhone; CPU iPhone OS 7_0_3 like Mac OS X) AppleWebKit/537.51.1 (KHTML, like Gecko) Version/7.0 Mobile/11B511 Safari/9537.53"
79.250.51.189 - - [11/Nov/2013:15:06:01 +0100] "GET /impressum.php HTTP/1.1" 200 7923 "http://www.google.de/url?sa=t&rct=j&q=&esrc=s&source=web&cd=1&ved=0CEIQFjAA&url=http%3A%2F%2Fwww.groeger-bauaufzuege.de%2Fimpressum.php&ei=y-OAUqW_BoS0tAaUlYCICQ&usg=AFQjCNHg-vcMt3k4C5hr_6vEWa5QLbuJEw&bvm=bv.56146854,d.Yms" "Mozilla/5.0 (Windows NT 6.1; WOW64; rv:24.0) Gecko/20100101 Firefox/24.0"
79.250.51.189 - - [11/Nov/2013:15:06:01 +0100] "GET /css/groeger.css HTTP/1.1" 200 5467 "http://www.groeger-bauaufzuege.de/impressum.php" "Mozilla/5.0 (Windows NT 6.1; WOW64; rv:24.0) Gecko/20100101 Firefox/24.0"
79.250.51.189 - - [11/Nov/2013:15:06:01 +0100] "GET /swfobject.js HTTP/1.1" 200 6880 "http://www.groeger-bauaufzuege.de/impressum.php" "Mozilla/5.0 (Windows NT 6.1; WOW64; rv:24.0) Gecko/20100101 Firefox/24.0"
79.250.51.189 - - [11/Nov/2013:15:06:01 +0100] "GET /fancybox/jquery.fancybox-1.3.4.css HTTP/1.1" 200 8494 "http://www.groeger-bauaufzuege.de/impressum.php" "Mozilla/5.0 (Windows NT 6.1; WOW64; rv:24.0) Gecko/20100101 Firefox/24.0"
79.250.51.189 - - [11/Nov/2013:15:06:01 +0100] "GET /img/favicon.gif HTTP/1.1" 200 119 "-" "Mozilla/5.0 (Windows NT 6.1; WOW64; rv:24.0) Gecko/20100101 Firefox/24.0"
79.250.51.189 - - [11/Nov/2013:15:06:01 +0100] "GET /jquery-1.4.3.min.js HTTP/1.1" 200 77746 "http://www.groeger-bauaufzuege.de/impressum.php" "Mozilla/5.0 (Windows NT 6.1; WOW64; rv:24.0) Gecko/20100101 Firefox/24.0"
79.250.51.189 - - [11/Nov/2013:15:06:02 +0100] "GET /jquery.cross-slide.js HTTP/1.1" 200 11724 "http://www.groeger-bauaufzuege.de/impressum.php" "Mozilla/5.0 (Windows NT 6.1; WOW64; rv:24.0) Gecko/20100101 Firefox/24.0"
79.250.51.189 - - [11/Nov/2013:15:06:02 +0100] "GET /fancybox/jquery.fancybox-1.3.4.pack.js HTTP/1.1" 200 15624 "http://www.groeger-bauaufzuege.de/impressum.php" "Mozilla/5.0 (Windows NT 6.1; WOW64; rv:24.0) Gecko/20100101 Firefox/24.0"
79.250.51.189 - - [11/Nov/2013:15:06:02 +0100] "GET /img/logo_groeger.gif HTTP/1.1" 200 3605 "http://www.groeger-bauaufzuege.de/impressum.php" "Mozilla/5.0 (Windows NT 6.1; WOW64; rv:24.0) Gecko/20100101 Firefox/24.0"
79.250.51.189 - - [11/Nov/2013:15:06:02 +0100] "GET /img/grauverlauf.png HTTP/1.1" 200 3242 "http://www.groeger-bauaufzuege.de/css/groeger.css" "Mozilla/5.0 (Windows NT 6.1; WOW64; rv:24.0) Gecko/20100101 Firefox/24.0"
79.250.51.189 - - [11/Nov/2013:15:06:02 +0100] "GET /img/bild_1.jpg HTTP/1.1" 200 44440 "http://www.groeger-bauaufzuege.de/impressum.php" "Mozilla/5.0 (Windows NT 6.1; WOW64; rv:24.0) Gecko/20100101 Firefox/24.0"
79.250.51.189 - - [11/Nov/2013:15:06:02 +0100] "GET /img/bild_2.jpg HTTP/1.1" 200 53191 "http://www.groeger-bauaufzuege.de/impressum.php" "Mozilla/5.0 (Windows NT 6.1; WOW64; rv:24.0) Gecko/20100101 Firefox/24.0"
79.250.51.189 - - [11/Nov/2013:15:06:02 +0100] "GET /img/bild_3.jpg HTTP/1.1" 200 57915 "http://www.groeger-bauaufzuege.de/impressum.php" "Mozilla/5.0 (Windows NT 6.1; WOW64; rv:24.0) Gecko/20100101 Firefox/24.0"
79.250.51.189 - - [11/Nov/2013:15:06:02 +0100] "GET /img/bild_4.jpg HTTP/1.1" 200 45325 "http://www.groeger-bauaufzuege.de/impressum.php" "Mozilla/5.0 (Windows NT 6.1; WOW64; rv:24.0) Gecko/20100101 Firefox/24.0"
5.10.83.55 - - [11/Nov/2013:15:16:45 +0100] "GET /img/DSC01494.jpg HTTP/1.1" 200 141092 "-" "Mozilla/5.0 (compatible; AhrefsBot/5.0; +http://ahrefs.com/robot/)"
5.10.83.43 - - [11/Nov/2013:15:43:06 +0100] "GET /index.php HTTP/1.1" 200 6700 "-" "Mozilla/5.0 (compatible; AhrefsBot/5.0; +http://ahrefs.com/robot/)"
157.55.35.109 - - [11/Nov/2013:15:52:56 +0100] "GET /robots.txt HTTP/1.1" 404 - "-" "Mozilla/5.0 (compatible; bingbot/2.0; +http://www.bing.com/bingbot.htm)"
157.55.35.109 - - [11/Nov/2013:15:53:22 +0100] "GET /unternehmen.php HTTP/1.1" 200 7130 "-" "Mozilla/5.0 (compatible; bingbot/2.0; +http://www.bing.com/bingbot.htm)"
66.249.78.76 - - [11/Nov/2013:16:12:15 +0100] "GET /angebote.php HTTP/1.1" 200 8546 "-" "Mozilla/5.0 (compatible; Googlebot/2.1; +http://www.google.com/bot.html)"
5.10.83.27 - - [11/Nov/2013:16:28:06 +0100] "GET /unternehmen.php HTTP/1.1" 200 7130 "-" "Mozilla/5.0 (compatible; AhrefsBot/5.0; +http://ahrefs.com/robot/)"
66.249.78.76 - - [11/Nov/2013:17:38:40 +0100] "GET /link/20130604 HTTP/1.1" 302 - "-" "Mozilla/5.0 (compatible; Googlebot/2.1; +http://www.google.com/bot.html)"
66.249.78.76 - - [11/Nov/2013:17:38:41 +0100] "GET /download/Boecker_Autokrane.pdf HTTP/1.1" 200 1994740 "-" "Mozilla/5.0 (compatible; Googlebot/2.1; +http://www.google.com/bot.html)"
66.249.78.76 - - [11/Nov/2013:19:08:19 +0100] "GET / HTTP/1.1" 200 6700 "-" "SAMSUNG-SGH-E250/1.0 Profile/MIDP-2.0 Configuration/CLDC-1.1 UP.Browser/6.2.3.3.c.1.101 (GUI) MMP/2.0 (compatible; Googlebot-Mobile/2.1; +http://www.google.com/bot.html)"
79.211.221.8 - - [11/Nov/2013:20:01:33 +0100] "GET / HTTP/1.1" 200 6700 "http://www.google.de/url?sa=t&rct=j&q=&esrc=s&source=web&cd=11&sqi=2&ved=0CGMQFjAK&url=http%3A%2F%2Fwww.groeger-bauaufzuege.de%2F&ei=7CiBUsSbB8aktAb7pYDwAg&usg=AFQjCNFBXgtaJQ5GEULKJBrc_pmJTjvlmQ&bvm=bv.56146854,d.Yms" "Mozilla/5.0 (Windows NT 6.1; rv:14.0) Gecko/20100101 Firefox/14.0.1"
79.211.221.8 - - [11/Nov/2013:20:01:34 +0100] "GET /swfobject.js HTTP/1.1" 200 6880 "http://www.groeger-bauaufzuege.de/" "Mozilla/5.0 (Windows NT 6.1; rv:14.0) Gecko/20100101 Firefox/14.0.1"
79.211.221.8 - - [11/Nov/2013:20:01:34 +0100] "GET /css/groeger.css HTTP/1.1" 200 5467 "http://www.groeger-bauaufzuege.de/" "Mozilla/5.0 (Windows NT 6.1; rv:14.0) Gecko/20100101 Firefox/14.0.1"
79.211.221.8 - - [11/Nov/2013:20:01:34 +0100] "GET /img/logo_groeger.gif HTTP/1.1" 200 3605 "http://www.groeger-bauaufzuege.de/" "Mozilla/5.0 (Windows NT 6.1; rv:14.0) Gecko/20100101 Firefox/14.0.1"
79.211.221.8 - - [11/Nov/2013:20:01:34 +0100] "GET /jquery.cross-slide.js HTTP/1.1" 200 11724 "http://www.groeger-bauaufzuege.de/" "Mozilla/5.0 (Windows NT 6.1; rv:14.0) Gecko/20100101 Firefox/14.0.1"
79.211.221.8 - - [11/Nov/2013:20:01:34 +0100] "GET /fancybox/jquery.fancybox-1.3.4.css HTTP/1.1" 200 8494 "http://www.groeger-bauaufzuege.de/" "Mozilla/5.0 (Windows NT 6.1; rv:14.0) Gecko/20100101 Firefox/14.0.1"
79.211.221.8 - - [11/Nov/2013:20:01:34 +0100] "GET /fancybox/jquery.fancybox-1.3.4.pack.js HTTP/1.1" 200 15624 "http://www.groeger-bauaufzuege.de/" "Mozilla/5.0 (Windows NT 6.1; rv:14.0) Gecko/20100101 Firefox/14.0.1"
79.211.221.8 - - [11/Nov/2013:20:01:34 +0100] "GET /img/favicon.gif HTTP/1.1" 200 119 "-" "Mozilla/5.0 (Windows NT 6.1; rv:14.0) Gecko/20100101 Firefox/14.0.1"
79.211.221.8 - - [11/Nov/2013:20:01:34 +0100] "GET /img/pfeil.png HTTP/1.1" 200 840 "http://www.groeger-bauaufzuege.de/" "Mozilla/5.0 (Windows NT 6.1; rv:14.0) Gecko/20100101 Firefox/14.0.1"
79.211.221.8 - - [11/Nov/2013:20:01:34 +0100] "GET /img/bild_1.jpg HTTP/1.1" 200 44440 "http://www.groeger-bauaufzuege.de/" "Mozilla/5.0 (Windows NT 6.1; rv:14.0) Gecko/20100101 Firefox/14.0.1"
79.211.221.8 - - [11/Nov/2013:20:01:34 +0100] "GET /jquery-1.4.3.min.js HTTP/1.1" 200 77746 "http://www.groeger-bauaufzuege.de/" "Mozilla/5.0 (Windows NT 6.1; rv:14.0) Gecko/20100101 Firefox/14.0.1"
79.211.221.8 - - [11/Nov/2013:20:01:34 +0100] "GET /img/grauverlauf.png HTTP/1.1" 200 3242 "http://www.groeger-bauaufzuege.de/css/groeger.css" "Mozilla/5.0 (Windows NT 6.1; rv:14.0) Gecko/20100101 Firefox/14.0.1"
79.211.221.8 - - [11/Nov/2013:20:01:34 +0100] "GET /img/groeger_web.jpg HTTP/1.1" 200 10877 "http://www.groeger-bauaufzuege.de/css/groeger.css" "Mozilla/5.0 (Windows NT 6.1; rv:14.0) Gecko/20100101 Firefox/14.0.1"
79.211.221.8 - - [11/Nov/2013:20:01:34 +0100] "GET /img/bild_2.jpg HTTP/1.1" 200 53191 "http://www.groeger-bauaufzuege.de/" "Mozilla/5.0 (Windows NT 6.1; rv:14.0) Gecko/20100101 Firefox/14.0.1"
79.211.221.8 - - [11/Nov/2013:20:01:34 +0100] "GET /img/bild_4.jpg HTTP/1.1" 200 45325 "http://www.groeger-bauaufzuege.de/" "Mozilla/5.0 (Windows NT 6.1; rv:14.0) Gecko/20100101 Firefox/14.0.1"
79.211.221.8 - - [11/Nov/2013:20:01:34 +0100] "GET /img/bild_3.jpg HTTP/1.1" 200 57915 "http://www.groeger-bauaufzuege.de/" "Mozilla/5.0 (Windows NT 6.1; rv:14.0) Gecko/20100101 Firefox/14.0.1"
79.211.221.8 - - [11/Nov/2013:20:01:55 +0100] "GET /leistungen.php HTTP/1.1" 200 8067 "http://www.groeger-bauaufzuege.de/" "Mozilla/5.0 (Windows NT 6.1; rv:14.0) Gecko/20100101 Firefox/14.0.1"
79.211.221.8 - - [11/Nov/2013:20:01:59 +0100] "GET /img/groeger_wartung.jpg HTTP/1.1" 200 15313 "http://www.groeger-bauaufzuege.de/leistungen.php" "Mozilla/5.0 (Windows NT 6.1; rv:14.0) Gecko/20100101 Firefox/14.0.1"
79.211.221.8 - - [11/Nov/2013:20:01:59 +0100] "GET /img/boecker_junior-hd18.jpg HTTP/1.1" 200 14822 "http://www.groeger-bauaufzuege.de/leistungen.php" "Mozilla/5.0 (Windows NT 6.1; rv:14.0) Gecko/20100101 Firefox/14.0.1"
79.211.221.8 - - [11/Nov/2013:20:01:59 +0100] "GET /img/geda_maxi.jpg HTTP/1.1" 200 12151 "http://www.groeger-bauaufzuege.de/leistungen.php" "Mozilla/5.0 (Windows NT 6.1; rv:14.0) Gecko/20100101 Firefox/14.0.1"
79.211.221.8 - - [11/Nov/2013:20:01:59 +0100] "GET /img/groeger_aluschweissen.jpg HTTP/1.1" 200 12289 "http://www.groeger-bauaufzuege.de/leistungen.php" "Mozilla/5.0 (Windows NT 6.1; rv:14.0) Gecko/20100101 Firefox/14.0.1"
79.211.221.8 - - [11/Nov/2013:20:02:37 +0100] "GET /favicon.ico HTTP/1.1" 404 - "-" "Mozilla/5.0 (Windows NT 6.1; rv:14.0) Gecko/20100101 Firefox/14.0.1"
79.211.221.8 - - [11/Nov/2013:20:02:37 +0100] "GET /favicon.ico HTTP/1.1" 404 - "-" "Mozilla/5.0 (Windows NT 6.1; rv:14.0) Gecko/20100101 Firefox/14.0.1"
83.133.125.202 - - [12/Nov/2013:01:27:31 +0100] "GET / HTTP/1.1" 200 6051 "http://www.sumaja.de/?such_wert=groeger" "Mozilla/4.0 (compatible; MSIE 7.0; Windows NT 6.0; GTB6; SLCC1; .NET CLR 2.0.50727; Media Center PC 5.0; eSobiSubscriber 2.0.4.16; .NET CLR 3.5.30729; .NET CLR 3.0.30729; .NET4.0C)"
157.55.33.29 - - [12/Nov/2013:01:46:12 +0100] "GET /robots.txt HTTP/1.1" 404 - "-" "Mozilla/5.0 (compatible; bingbot/2.0; +http://www.bing.com/bingbot.htm)"
157.55.33.29 - - [12/Nov/2013:01:46:56 +0100] "GET / HTTP/1.1" 200 6700 "-" "Mozilla/5.0 (compatible; bingbot/2.0; +http://www.bing.com/bingbot.htm)"
66.249.78.76 - - [12/Nov/2013:03:00:20 +0100] "GET /robots.txt HTTP/1.1" 404 - "-" "Mozilla/5.0 (compatible; Googlebot/2.1; +http://www.google.com/bot.html)"
66.249.78.76 - - [12/Nov/2013:03:00:20 +0100] "GET /aktuelles.php HTTP/1.1" 200 12088 "-" "Mozilla/5.0 (iPhone; CPU iPhone OS 6_0 like Mac OS X) AppleWebKit/536.26 (KHTML, like Gecko) Version/6.0 Mobile/10A5376e Safari/8536.25 (compatible; Googlebot-Mobile/2.1; +http://www.google.com/bot.html)"
66.249.78.76 - - [12/Nov/2013:03:08:01 +0100] "GET /css/groeger.css HTTP/1.1" 200 5467 "-" "Mozilla/5.0 (compatible; Googlebot/2.1; +http://www.google.com/bot.html)"
157.55.33.29 - - [12/Nov/2013:12:20:46 +0100] "GET /impressum.php HTTP/1.0" 200 7923 "-" "Mozilla/5.0 (compatible; bingbot/2.0; +http://www.bing.com/bingbot.htm)"
157.55.33.29 - - [12/Nov/2013:12:20:46 +0100] "GET / HTTP/1.0" 200 6700 "-" "Mozilla/5.0 (compatible; bingbot/2.0; +http://www.bing.com/bingbot.htm)"
199.30.24.157 - - [12/Nov/2013:12:20:48 +0100] "GET /css/groeger.css HTTP/1.1" 200 5467 "http://www.groeger-bauaufzuege.de/impressum.php" "Mozilla/5.0 (Windows NT 6.1; WOW64) AppleWebKit/534+ (KHTML, like Gecko) BingPreview/1.0b"
157.55.33.106 - - [12/Nov/2013:12:20:58 +0100] "GET /robots.txt HTTP/1.1" 404 - "-" "Mozilla/5.0 (compatible; bingbot/2.0; +http://www.bing.com/bingbot.htm)"
157.55.33.106 - - [12/Nov/2013:12:21:26 +0100] "GET /fancybox/jquery.fancybox-1.3.4.css HTTP/1.1" 200 8494 "-" "Mozilla/5.0 (compatible; bingbot/2.0; +http://www.bing.com/bingbot.htm)"
157.55.33.106 - - [12/Nov/2013:12:21:26 +0100] "GET /swfobject.js HTTP/1.1" 200 6880 "-" "Mozilla/5.0 (compatible; bingbot/2.0; +http://www.bing.com/bingbot.htm)"
157.55.33.107 - - [12/Nov/2013:12:21:47 +0100] "GET /fancybox/jquery.fancybox-1.3.4.pack.js HTTP/1.1" 200 15624 "-" "Mozilla/5.0 (compatible; bingbot/2.0; +http://www.bing.com/bingbot.htm)"
157.55.33.107 - - [12/Nov/2013:12:21:48 +0100] "GET /jquery-1.4.3.min.js HTTP/1.1" 200 77746 "-" "Mozilla/5.0 (compatible; bingbot/2.0; +http://www.bing.com/bingbot.htm)"
157.55.33.107 - - [12/Nov/2013:12:21:49 +0100] "GET /jquery.cross-slide.js HTTP/1.1" 200 11724 "-" "Mozilla/5.0 (compatible; bingbot/2.0; +http://www.bing.com/bingbot.htm)"
2.171.21.77 - - [12/Nov/2013:12:50:19 +0100] "GET /kontakt.php HTTP/1.1" 200 6950 "http://www.google.de/url?sa=t&rct=j&q=&esrc=s&frm=1&source=web&cd=1&ved=0CC8QFjAA&url=http%3A%2F%2Fwww.groeger-bauaufzuege.de%2Fkontakt.php&ei=dBaCUvK4O4bKsgb9nYHADw&usg=AFQjCNHDVrcsUtKeFmiq0WZyos2ucumfmQ&bvm=bv.56146854,d.Yms" "Mozilla/5.0 (compatible; MSIE 10.0; Windows NT 6.1; WOW64; Trident/6.0)"
2.171.21.77 - - [12/Nov/2013:12:50:20 +0100] "GET /css/groeger.css HTTP/1.1" 200 5467 "http://www.groeger-bauaufzuege.de/kontakt.php" "Mozilla/5.0 (compatible; MSIE 10.0; Windows NT 6.1; WOW64; Trident/6.0)"
2.171.21.77 - - [12/Nov/2013:12:50:20 +0100] "GET /swfobject.js HTTP/1.1" 200 6880 "http://www.groeger-bauaufzuege.de/kontakt.php" "Mozilla/5.0 (compatible; MSIE 10.0; Windows NT 6.1; WOW64; Trident/6.0)"
2.171.21.77 - - [12/Nov/2013:12:50:20 +0100] "GET /jquery.cross-slide.js HTTP/1.1" 200 11724 "http://www.groeger-bauaufzuege.de/kontakt.php" "Mozilla/5.0 (compatible; MSIE 10.0; Windows NT 6.1; WOW64; Trident/6.0)"
2.171.21.77 - - [12/Nov/2013:12:50:20 +0100] "GET /fancybox/jquery.fancybox-1.3.4.pack.js HTTP/1.1" 200 15624 "http://www.groeger-bauaufzuege.de/kontakt.php" "Mozilla/5.0 (compatible; MSIE 10.0; Windows NT 6.1; WOW64; Trident/6.0)"
