87.172.224.169 - - [01/Nov/2017:19:12:15 +0100] "GET /cds/glockenspiel2_k.jpg HTTP/1.1" 200 5265 "http://www.morusverlag.de/cds/index.html" "Mozilla/5.0 (Windows NT 10.0; WOW64) AppleWebKit/537.36 (KHTML, like Gecko) Chrome/61.0.3163.100 Safari/537.36"
87.172.224.169 - - [01/Nov/2017:19:12:15 +0100] "GET /cds/lumina_k.jpg HTTP/1.1" 200 6053 "http://www.morusverlag.de/cds/index.html" "Mozilla/5.0 (Windows NT 10.0; WOW64) AppleWebKit/537.36 (KHTML, like Gecko) Chrome/61.0.3163.100 Safari/537.36"
87.172.224.169 - - [01/Nov/2017:19:12:15 +0100] "GET /cds/astazi_k.jpg HTTP/1.1" 200 6049 "http://www.morusverlag.de/cds/index.html" "Mozilla/5.0 (Windows NT 10.0; WOW64) AppleWebKit/537.36 (KHTML, like Gecko) Chrome/61.0.3163.100 Safari/537.36"
87.172.224.169 - - [01/Nov/2017:19:12:25 +0100] "GET /cds/simplaydata/playerconfig.xml?nocache=1509559520413.12 HTTP/1.1" 200 149 "http://www.morusverlag.de/cds/hymnos_akathistos.html" "Mozilla/5.0 (Windows NT 10.0; WOW64) AppleWebKit/537.36 (KHTML, like Gecko) Chrome/61.0.3163.100 Safari/537.36"
87.172.224.169 - - [01/Nov/2017:19:12:25 +0100] "GET /cds/simplaydata/controlconfig.xml?nocache=1509559520392.12 HTTP/1.1" 200 121 "http://www.morusverlag.de/cds/hymnos_akathistos.html" "Mozilla/5.0 (Windows NT 10.0; WOW64) AppleWebKit/537.36 (KHTML, like Gecko) Chrome/61.0.3163.100 Safari/537.36"
87.172.224.169 - - [01/Nov/2017:19:12:25 +0100] "GET /cds/simplaydata/playerconfig.xml?nocache=1509559520446.12 HTTP/1.1" 200 149 "http://www.morusverlag.de/cds/hymnos_akathistos.html" "Mozilla/5.0 (Windows NT 10.0; WOW64) AppleWebKit/537.36 (KHTML, like Gecko) Chrome/61.0.3163.100 Safari/537.36"
87.172.224.169 - - [01/Nov/2017:19:12:25 +0100] "GET /cds/simplaydata/playerskins/default/skin.xml?nocache=1509559520592.12 HTTP/1.1" 200 649 "http://www.morusverlag.de/cds/hymnos_akathistos.html" "Mozilla/5.0 (Windows NT 10.0; WOW64) AppleWebKit/537.36 (KHTML, like Gecko) Chrome/61.0.3163.100 Safari/537.36"
87.172.224.169 - - [01/Nov/2017:19:12:25 +0100] "GET /cds/simplaydata/playerskins/default/skin.xml?nocache=1509559520671.12 HTTP/1.1" 200 649 "http://www.morusverlag.de/cds/hymnos_akathistos.html" "Mozilla/5.0 (Windows NT 10.0; WOW64) AppleWebKit/537.36 (KHTML, like Gecko) Chrome/61.0.3163.100 Safari/537.36"
87.172.224.169 - - [01/Nov/2017:19:12:34 +0100] "GET /cds/simplaydata/controlconfig.xml?nocache=1509559529678.12 HTTP/1.1" 200 121 "http://www.morusverlag.de/cds/hymnos_akathistos.html" "Mozilla/5.0 (Windows NT 10.0; WOW64) AppleWebKit/537.36 (KHTML, like Gecko) Chrome/61.0.3163.100 Safari/537.36"
87.172.224.169 - - [01/Nov/2017:19:12:46 +0100] "GET /cds/simplaydata/controlconfig.xml?nocache=1509559541865.12 HTTP/1.1" 200 121 "http://www.morusverlag.de/cds/hymnos_akathistos.html" "Mozilla/5.0 (Windows NT 10.0; WOW64) AppleWebKit/537.36 (KHTML, like Gecko) Chrome/61.0.3163.100 Safari/537.36"
87.172.224.169 - - [01/Nov/2017:19:12:55 +0100] "GET /kontakt/index.html HTTP/1.1" 200 2896 "http://www.morusverlag.de/cds/hymnos_akathistos.html" "Mozilla/5.0 (Windows NT 10.0; WOW64) AppleWebKit/537.36 (KHTML, like Gecko) Chrome/61.0.3163.100 Safari/537.36"
87.172.224.169 - - [01/Nov/2017:19:17:07 +0100] "GET /cds/simplaydata/playerconfig.xml?nocache=1509559802729.56 HTTP/1.1" 200 149 "http://www.morusverlag.de/cds/hymnos_akathistos.html" "Mozilla/5.0 (Windows NT 10.0; WOW64) AppleWebKit/537.36 (KHTML, like Gecko) Chrome/61.0.3163.100 Safari/537.36"
87.172.224.169 - - [01/Nov/2017:19:17:07 +0100] "GET /cds/simplaydata/controlconfig.xml?nocache=1509559802683.57 HTTP/1.1" 200 121 "http://www.morusverlag.de/cds/hymnos_akathistos.html" "Mozilla/5.0 (Windows NT 10.0; WOW64) AppleWebKit/537.36 (KHTML, like Gecko) Chrome/61.0.3163.100 Safari/537.36"
87.172.224.169 - - [01/Nov/2017:19:17:07 +0100] "GET /cds/simplaydata/playerconfig.xml?nocache=1509559802734.56 HTTP/1.1" 200 149 "http://www.morusverlag.de/cds/hymnos_akathistos.html" "Mozilla/5.0 (Windows NT 10.0; WOW64) AppleWebKit/537.36 (KHTML, like Gecko) Chrome/61.0.3163.100 Safari/537.36"
87.172.224.169 - - [01/Nov/2017:19:17:07 +0100] "GET /cds/simplaydata/playerskins/default/skin.xml?nocache=1509559802899.56 HTTP/1.1" 200 649 "http://www.morusverlag.de/cds/hymnos_akathistos.html" "Mozilla/5.0 (Windows NT 10.0; WOW64) AppleWebKit/537.36 (KHTML, like Gecko) Chrome/61.0.3163.100 Safari/537.36"
87.172.224.169 - - [01/Nov/2017:19:17:11 +0100] "GET /buecher/veroeffentlichungsliste.html HTTP/1.1" 200 129779 "http://www.morusverlag.de/cds/hymnos_akathistos.html" "Mozilla/5.0 (Windows NT 10.0; WOW64) AppleWebKit/537.36 (KHTML, like Gecko) Chrome/61.0.3163.100 Safari/537.36"
87.172.224.169 - - [01/Nov/2017:19:17:18 +0100] "GET /cds/simplaydata/controlconfig.xml?nocache=1509559813818.57 HTTP/1.1" 200 121 "http://www.morusverlag.de/cds/hymnos_akathistos.html" "Mozilla/5.0 (Windows NT 10.0; WOW64) AppleWebKit/537.36 (KHTML, like Gecko) Chrome/61.0.3163.100 Safari/537.36"
87.172.224.169 - - [01/Nov/2017:19:17:18 +0100] "GET /cds/simplaydata/playerconfig.xml?nocache=1509559813845.57 HTTP/1.1" 200 149 "http://www.morusverlag.de/cds/hymnos_akathistos.html" "Mozilla/5.0 (Windows NT 10.0; WOW64) AppleWebKit/537.36 (KHTML, like Gecko) Chrome/61.0.3163.100 Safari/537.36"
87.172.224.169 - - [01/Nov/2017:19:17:18 +0100] "GET /cds/simplaydata/playerconfig.xml?nocache=1509559813869.56 HTTP/1.1" 200 149 "http://www.morusverlag.de/cds/hymnos_akathistos.html" "Mozilla/5.0 (Windows NT 10.0; WOW64) AppleWebKit/537.36 (KHTML, like Gecko) Chrome/61.0.3163.100 Safari/537.36"
87.172.224.169 - - [01/Nov/2017:19:17:19 +0100] "GET /cds/simplaydata/playerskins/default/skin.xml?nocache=1509559813984.56 HTTP/1.1" 200 649 "http://www.morusverlag.de/cds/hymnos_akathistos.html" "Mozilla/5.0 (Windows NT 10.0; WOW64) AppleWebKit/537.36 (KHTML, like Gecko) Chrome/61.0.3163.100 Safari/537.36"
87.172.224.169 - - [01/Nov/2017:19:17:19 +0100] "GET /cds/simplaydata/playerskins/default/skin.xml?nocache=1509559814356.56 HTTP/1.1" 200 649 "http://www.morusverlag.de/cds/hymnos_akathistos.html" "Mozilla/5.0 (Windows NT 10.0; WOW64) AppleWebKit/537.36 (KHTML, like Gecko) Chrome/61.0.3163.100 Safari/537.36"
87.172.224.169 - - [01/Nov/2017:19:17:59 +0100] "GET /cds/simplaydata/playerconfig.xml?nocache=1509559854391.57 HTTP/1.1" 200 149 "http://www.morusverlag.de/cds/hymnos_akathistos.html" "Mozilla/5.0 (Windows NT 10.0; WOW64) AppleWebKit/537.36 (KHTML, like Gecko) Chrome/61.0.3163.100 Safari/537.36"
87.172.224.169 - - [01/Nov/2017:19:17:59 +0100] "GET /cds/simplaydata/controlconfig.xml?nocache=1509559854359.57 HTTP/1.1" 200 121 "http://www.morusverlag.de/cds/hymnos_akathistos.html" "Mozilla/5.0 (Windows NT 10.0; WOW64) AppleWebKit/537.36 (KHTML, like Gecko) Chrome/61.0.3163.100 Safari/537.36"
87.172.224.169 - - [01/Nov/2017:19:17:59 +0100] "GET /cds/simplaydata/playerconfig.xml?nocache=1509559854420.57 HTTP/1.1" 200 149 "http://www.morusverlag.de/cds/hymnos_akathistos.html" "Mozilla/5.0 (Windows NT 10.0; WOW64) AppleWebKit/537.36 (KHTML, like Gecko) Chrome/61.0.3163.100 Safari/537.36"
87.172.224.169 - - [01/Nov/2017:19:17:59 +0100] "GET /cds/simplaydata/playerskins/default/skin.xml?nocache=1509559854562.57 HTTP/1.1" 200 649 "http://www.morusverlag.de/cds/hymnos_akathistos.html" "Mozilla/5.0 (Windows NT 10.0; WOW64) AppleWebKit/537.36 (KHTML, like Gecko) Chrome/61.0.3163.100 Safari/537.36"
87.172.224.169 - - [01/Nov/2017:19:17:59 +0100] "GET /cds/simplaydata/playerskins/default/skin.xml?nocache=1509559854672.56 HTTP/1.1" 200 649 "http://www.morusverlag.de/cds/hymnos_akathistos.html" "Mozilla/5.0 (Windows NT 10.0; WOW64) AppleWebKit/537.36 (KHTML, like Gecko) Chrome/61.0.3163.100 Safari/537.36"
87.172.224.169 - - [01/Nov/2017:19:18:02 +0100] "GET /cds/simplaydata/controlconfig.xml?nocache=1509559857636.56 HTTP/1.1" 200 121 "http://www.morusverlag.de/cds/hymnos_akathistos.html" "Mozilla/5.0 (Windows NT 10.0; WOW64) AppleWebKit/537.36 (KHTML, like Gecko) Chrome/61.0.3163.100 Safari/537.36"
157.55.39.10 - - [01/Nov/2017:19:30:47 +0100] "GET /contentflow/ContentFlowAddOn_white.js HTTP/1.1" 200 471 "-" "Mozilla/5.0 (compatible; bingbot/2.0; +http://www.bing.com/bingbot.htm)"
40.77.167.14 - - [01/Nov/2017:19:30:47 +0100] "GET /contentflow/mycontentflow.css HTTP/1.1" 404 2381 "-" "Mozilla/5.0 (compatible; bingbot/2.0; +http://www.bing.com/bingbot.htm)"
207.46.13.156 - - [01/Nov/2017:19:30:52 +0100] "GET /contentflow/contentflow.css HTTP/1.1" 200 3109 "-" "Mozilla/5.0 (compatible; bingbot/2.0; +http://www.bing.com/bingbot.htm)"
5.9.112.6 - - [01/Nov/2017:19:41:50 +0100] "GET /sonderthemen/oekt_extra1.pdf HTTP/1.1" 200 1849015 "-" "Mozilla/5.0 (Windows NT 6.1; WOW64; rv:18.0) Gecko/20100101 Firefox/18.0"
148.251.75.46 - - [01/Nov/2017:19:42:04 +0100] "GET /sonderthemen/oekt_extra1.pdf HTTP/1.1" 200 1849015 "-" "Mozilla/5.0 (Macintosh; U; Intel Mac OS X 10_5_8; zh-cn) AppleWebKit/533.18.1 (KHTML, like Gecko) Version/5.0.2 Safari/533.18.5"
77.75.79.101 - - [01/Nov/2017:19:47:03 +0100] "GET /robots.txt HTTP/1.1" 200 100 "-" "Mozilla/5.0 (compatible; SeznamBot/3.2; +http://napoveda.seznam.cz/en/seznambot-intro/)"
77.75.79.101 - - [01/Nov/2017:19:47:04 +0100] "GET /sonderthemen/oekz2003_s01.pdf HTTP/1.1" 304 - "-" "Mozilla/5.0 (compatible; SeznamBot/3.2; +http://napoveda.seznam.cz/en/seznambot-intro/)"
77.2.176.90 - - [01/Nov/2017:20:27:58 +0100] "GET /wp-login.php HTTP/1.1" 404 2381 "-" "Mozilla/5.0 (Windows NT 6.1; WOW64; rv:40.0) Gecko/20100101 Firefox/40.1"
77.2.176.90 - - [01/Nov/2017:20:27:58 +0100] "GET / HTTP/1.1" 200 9360 "-" "Mozilla/5.0 (Windows NT 6.1; WOW64; rv:40.0) Gecko/20100101 Firefox/40.1"
5.9.145.132 - - [01/Nov/2017:20:45:08 +0100] "GET /sonderthemen/sk2000.pdf HTTP/1.1" 200 2925489 "-" "Mozilla/5.0 (Macintosh; Intel Mac OS X 10_6_8) AppleWebKit/534.58.2 (KHTML, like Gecko) Version/5.1.8 Safari/534.58.2"
144.76.153.198 - - [01/Nov/2017:20:49:13 +0100] "GET /sonderthemen/sk2001.pdf HTTP/1.1" 200 3098589 "-" "Mozilla/5.0 (Windows NT 5.0; rv:21.0) Gecko/20100101 Firefox/21.0"
69.64.40.177 - - [01/Nov/2017:21:14:22 +0100] "GET /buecher/gesichter/10.jpg HTTP/1.1" 200 7686 "-" "Googlebot-Image/1.0"
207.46.13.156 - - [01/Nov/2017:21:22:01 +0100] "GET / HTTP/1.1" 200 9360 "-" "Mozilla/5.0 (compatible; bingbot/2.0; +http://www.bing.com/bingbot.htm)"
139.162.113.195 - - [01/Nov/2017:21:28:01 +0100] "GET / HTTP/1.1" 200 9360 "-" "Mozilla/5.0 (Windows NT 6.1; WOW64; rv:31.0) Gecko/20100101 Firefox/31.0"
77.220.213.173 - - [01/Nov/2017:21:56:33 +0100] "HEAD / HTTP/1.1" 200 - "http://zhivotnue.ru/index_ru.php?cat=dikie_zhivotnue&ind=12" "Mozilla/5.0 (compatible; MSIE6.00; Windows 2007)"
178.159.39.237 - - [01/Nov/2017:21:56:33 +0100] "HEAD / HTTP/1.1" 200 - "https://kvazar.top/Zhivotnye-i-rasteniya/birds/" "Mozilla/4.0 (compatible; MSIE6.00; Windows 2006)"
185.154.13.6 - - [01/Nov/2017:21:56:34 +0100] "HEAD / HTTP/1.1" 200 - "http://tokshow.online/category/filmi/multfilmi/" "Mozilla/5.0 (compatible; MSIE6.00; Windows 2004)"
178.159.43.212 - - [01/Nov/2017:21:56:34 +0100] "HEAD / HTTP/1.1" 200 - "https://xn----7sbabm1ahc4b2aqff.su/%D0%B2%D0%B0%D0%B3%D0%BE%D0%BD%D0%BA%D0%B0-%D1%88%D1%82%D0%B8%D0%BB%D1%8C-%D0%B8%D0%B7-%D1%81%D0%BE%D1%81%D0%BD%D1%8B/" "Mozilla/4.0 (compatible; MSIE4.00; Windows 2004)"
77.75.78.166 - - [01/Nov/2017:22:03:24 +0100] "GET /robots.txt HTTP/1.1" 200 100 "-" "Mozilla/5.0 (compatible; SeznamBot/3.2; +http://napoveda.seznam.cz/en/seznambot-intro/)"
77.75.78.166 - - [01/Nov/2017:22:03:24 +0100] "GET /sonderthemen/pro_zei.jpg HTTP/1.1" 304 - "-" "Mozilla/5.0 (compatible; SeznamBot/3.2; +http://napoveda.seznam.cz/en/seznambot-intro/)"
66.249.64.209 - - [01/Nov/2017:22:06:27 +0100] "GET /cds/lumina.html HTTP/1.1" 200 9000 "-" "Mozilla/5.0 (compatible; Googlebot/2.1; +http://www.google.com/bot.html)"
185.209.20.147 - - [01/Nov/2017:22:10:39 +0100] "HEAD / HTTP/1.1" 200 - "https://kgb.ua/42-izgotovlenie-kovrov-i-pufov-iz-pomponov.html" "Mozilla/5.0 (compatible; MSIE2.00; Windows 2007)"
194.87.236.223 - - [01/Nov/2017:22:31:11 +0100] "HEAD / HTTP/1.1" 200 - "http://filmyjako.com/movie/harry-potter-a-kamen-mudrcu-2001/similar/" "Mozilla/4.0 (compatible; MSIE2.00; Windows 2003)"
195.133.145.199 - - [01/Nov/2017:22:31:11 +0100] "HEAD / HTTP/1.1" 200 - "http://filmsimili.com/list/film-sul-carcere/" "Mozilla/2.0 (compatible; MSIE4.00; Windows 2004)"
195.133.201.163 - - [01/Nov/2017:22:31:11 +0100] "HEAD / HTTP/1.1" 200 - "https://infosphere.top/%D0%A1%D0%BF%D0%B8%D1%81%D0%BA%D0%B8-%D1%81%D0%B5%D1%80%D0%B8%D0%B0%D0%BB%D0%BE%D0%B2/%D0%BF%D0%BE%D1%85%D0%BE%D0%B6%D0%B8%D0%B5/%D0%98%D0%B3%D1%80%D0%B0-%D0%BF%D1%80%D0%B5%D1%81%D1%82%D0%BE%D0%BB%D0%BE%D0%B2-5542/" "Mozilla/8.0 (compatible; MSIE6.00; Windows 2004)"
193.124.131.168 - - [01/Nov/2017:22:31:11 +0100] "HEAD / HTTP/1.1" 200 - "http://gta-sa-iluha.ru/" "Mozilla/6.0 (compatible; MSIE7.00; Windows 2009)"
194.87.94.251 - - [01/Nov/2017:22:31:11 +0100] "HEAD / HTTP/1.1" 200 - "http://filmypodobnedo.com/list/filmy-o-przygodzie/" "Mozilla/5.0 (compatible; MSIE2.00; Windows 2008)"
195.133.147.6 - - [01/Nov/2017:22:43:22 +0100] "HEAD / HTTP/1.1" 200 - "https://deroelwechsel.de/motorenoel/BMW/X5/E70_2006-2013" "Mozilla/8.0 (compatible; MSIE2.00; Windows 2004)"
185.125.219.134 - - [01/Nov/2017:22:51:39 +0100] "HEAD / HTTP/1.1" 200 - "http://sugarwaxing.se/erbjudanden-2/" "Mozilla/2.0 (compatible; MSIE4.00; Windows 2005)"
185.5.249.185 - - [01/Nov/2017:22:51:39 +0100] "HEAD / HTTP/1.1" 200 - "http://miss-saint-petersburg.ru" "Mozilla/7.0 (compatible; MSIE3.00; Windows 2003)"
193.124.190.64 - - [01/Nov/2017:22:51:40 +0100] "HEAD / HTTP/1.1" 200 - "http://mech-mufta.ru/category/zubchatye-mufty" "Mozilla/4.0 (compatible; MSIE4.00; Windows 2009)"
193.124.176.156 - - [01/Nov/2017:22:51:41 +0100] "HEAD / HTTP/1.1" 200 - "https://ecokremator.ru/p263442471-kremator-krn-eco5.html" "Mozilla/5.0 (compatible; MSIE2.00; Windows 2007)"
193.124.179.180 - - [01/Nov/2017:22:51:41 +0100] "HEAD / HTTP/1.1" 200 - "https://xn--90ascm.xn--80asehdb/shop" "Mozilla/2.0 (compatible; MSIE4.00; Windows 2007)"
194.67.210.77 - - [01/Nov/2017:22:51:42 +0100] "HEAD / HTTP/1.1" 200 - "http://mifepriston.net/clauses/dlya-chego-prinimayut-prearat-mizoprostol-saytotek/" "Mozilla/3.0 (compatible; MSIE5.00; Windows 2006)"
5.9.94.207 - - [01/Nov/2017:22:52:55 +0100] "GET /sonderthemen/oekt_extra3.pdf HTTP/1.1" 200 2109745 "-" "Mozilla/5.0 (Macintosh; Intel Mac OS X 107) AppleWebKit/534.48.3 (KHTML like Gecko) Version/5.1 Safari/534.48.3"
194.87.103.12 - - [01/Nov/2017:22:54:19 +0100] "HEAD / HTTP/1.1" 200 - "http://medicaltranslate.ru/otzyvy/" "Mozilla/3.0 (compatible; MSIE5.00; Windows 2009)"
40.77.167.14 - - [01/Nov/2017:23:20:01 +0100] "GET /sonderthemen/oeaz2001.pdf HTTP/1.1" 200 4496626 "-" "Mozilla/5.0 (iPhone; CPU iPhone OS 7_0 like Mac OS X) AppleWebKit/537.51.1 (KHTML, like Gecko) Version/7.0 Mobile/11A465 Safari/9537.53 (compatible; bingbot/2.0; +http://www.bing.com/bingbot.htm)"
136.243.17.161 - - [01/Nov/2017:23:25:56 +0100] "GET /sonderthemen/oekt_extra3.pdf HTTP/1.1" 200 2109745 "-" "Mozilla/5.0 (Macintosh; Intel Mac OS X 10_7_5) AppleWebKit/537.31 (KHTML, like Gecko) Chrome/26.0.1410.65 Safari/537.31"
144.76.153.198 - - [01/Nov/2017:23:55:50 +0100] "GET /sonderthemen/sk2002.pdf HTTP/1.1" 200 2628923 "-" "Mozilla/5.0 (Macintosh; Intel Mac OS X 10.8; rv:21.0) Gecko/20100101 Firefox/21.0"
185.158.152.57 - - [01/Nov/2017:23:57:14 +0100] "HEAD / HTTP/1.1" 200 - "http://tesla-band.ru" "Mozilla/6.0 (compatible; MSIE7.00; Windows 2007)"
78.46.156.169 - - [02/Nov/2017:00:08:43 +0100] "GET /buecher/diskussion.html HTTP/1.1" 200 9925 "-" "Mozilla/5.0 (X11; Ubuntu; Linux armv7l; rv:17.0) Gecko/20100101 Firefox/17.0"
77.75.76.168 - - [02/Nov/2017:00:12:21 +0100] "GET /robots.txt HTTP/1.1" 200 100 "-" "Mozilla/5.0 (compatible; SeznamBot/3.2; +http://napoveda.seznam.cz/en/seznambot-intro/)"
77.75.76.168 - - [02/Nov/2017:00:12:22 +0100] "GET /cds/ignatius.jpg HTTP/1.1" 304 - "-" "Mozilla/5.0 (compatible; SeznamBot/3.2; +http://napoveda.seznam.cz/en/seznambot-intro/)"
66.249.64.209 - - [02/Nov/2017:00:30:25 +0100] "GET /jahrbuch/index.html HTTP/1.1" 200 3956 "-" "Mozilla/5.0 (compatible; Googlebot/2.1; +http://www.google.com/bot.html)"
144.76.153.198 - - [02/Nov/2017:01:50:30 +0100] "GET /sonderthemen/oeaz2002.pdf HTTP/1.1" 200 3161455 "-" "Mozilla/5.0 (Windows NT 6.1; WOW64; rv:11.0) Gecko Firefox/11.0"
78.46.156.169 - - [02/Nov/2017:01:50:34 +0100] "GET /sonderthemen/sk2002.pdf HTTP/1.1" 200 2628923 "-" "Mozilla/5.0 (Windows NT 5.1) AppleWebKit/537.31 (KHTML, like Gecko) Chrome/26.0.1410.43 Safari/537.31"
51.255.65.57 - - [02/Nov/2017:02:23:45 +0100] "GET / HTTP/1.1" 200 9360 "-" "Mozilla/5.0 (compatible; AhrefsBot/5.2; +http://ahrefs.com/robot/)"
66.249.64.211 - - [02/Nov/2017:02:27:09 +0100] "GET /robots.txt HTTP/1.1" 200 100 "-" "Mozilla/5.0 (compatible; Googlebot/2.1; +http://www.google.com/bot.html)"
66.249.64.213 - - [02/Nov/2017:02:27:09 +0100] "GET /leserreisen HTTP/1.1" 404 2381 "-" "Mozilla/5.0 (Linux; Android 6.0.1; Nexus 5X Build/MMB29P) AppleWebKit/537.36 (KHTML, like Gecko) Chrome/41.0.2272.96 Mobile Safari/537.36 (compatible; Googlebot/2.1; +http://www.google.com/bot.html)"
217.69.133.192 - - [02/Nov/2017:02:27:55 +0100] "GET /robots.txt HTTP/1.0" 200 100 "-" "Mozilla/5.0 (compatible; Linux x86_64; Mail.RU_Bot/2.0; +http://go.mail.ru/help/robots)"
217.69.133.192 - - [02/Nov/2017:02:27:56 +0100] "GET /sonderthemen/sk2000.pdf HTTP/1.1" 200 2925489 "-" "Mozilla/5.0 (compatible; Linux x86_64; Mail.RU_Bot/2.0; +http://go.mail.ru/help/robots)"
164.132.161.9 - - [02/Nov/2017:02:43:32 +0100] "GET /buecher/rezensionen_leiblichkeit_und_zeitlichkeit.html HTTP/1.1" 200 8821 "-" "Mozilla/5.0 (compatible; AhrefsBot/5.2; +http://ahrefs.com/robot/)"
46.229.164.102 - - [02/Nov/2017:02:54:09 +0100] "GET /robots.txt HTTP/1.1" 200 100 "-" "Mozilla/5.0 (compatible; SemrushBot/1.2~bl; +http://www.semrush.com/bot.html)"
66.249.64.211 - - [02/Nov/2017:02:54:25 +0100] "GET /sonderthemen/sk2004.pdf HTTP/1.1" 200 1967215 "-" "Mozilla/5.0 (compatible; Googlebot/2.1; +http://www.google.com/bot.html)"
66.249.64.211 - - [02/Nov/2017:03:03:42 +0100] "GET /buecher/gesichter/07.jpg HTTP/1.1" 304 - "-" "Googlebot-Image/1.0"
5.9.17.118 - - [02/Nov/2017:03:19:48 +0100] "GET /sonderthemen/oekz2003.pdf HTTP/1.1" 200 4017017 "-" "Mozilla/5.0 (Windows NT 6.2; WOW64) AppleWebKit/537.31 (KHTML, like Gecko) Chrome/26.0.1410.58 Safari/537.31"
193.1.218.163 - - [02/Nov/2017:04:04:56 +0100] "HEAD / HTTP/1.1" 200 - "-" "Java/1.6.0_23"
68.180.229.103 - - [02/Nov/2017:04:36:33 +0100] "GET /robots.txt HTTP/1.1" 200 100 "-" "Mozilla/5.0 (compatible; Yahoo! Slurp; http://help.yahoo.com/help/us/ysearch/slurp)"
164.132.161.12 - - [02/Nov/2017:04:36:33 +0100] "GET /buecher/rezensionen_psalmen.html HTTP/1.1" 200 6787 "-" "Mozilla/5.0 (compatible; AhrefsBot/5.2; +http://ahrefs.com/robot/)"
68.180.229.103 - - [02/Nov/2017:04:36:33 +0100] "GET /jahrbuch/bestellung.php HTTP/1.1" 200 10316 "-" "Mozilla/5.0 (compatible; Yahoo! Slurp; http://help.yahoo.com/help/us/ysearch/slurp)"
185.154.13.6 - - [02/Nov/2017:04:50:13 +0100] "HEAD / HTTP/1.1" 200 - "http://stroycity.pro/prays-listyi/" "Mozilla/4.0 (compatible; MSIE3.00; Windows 2004)"
77.220.213.173 - - [02/Nov/2017:04:50:13 +0100] "HEAD / HTTP/1.1" 200 - "http://gta-sa-iluha.ru/" "Mozilla/8.0 (compatible; MSIE6.00; Windows 2002)"
185.209.20.147 - - [02/Nov/2017:04:50:14 +0100] "HEAD / HTTP/1.1" 200 - "https://kvazar.top/Tovary/office/" "Mozilla/6.0 (compatible; MSIE7.00; Windows 2008)"
178.159.39.237 - - [02/Nov/2017:04:50:14 +0100] "HEAD / HTTP/1.1" 200 - "https://xn----7sbabm1ahc4b2aqff.su/%D0%BA%D0%BE%D0%BD%D1%82%D0%B0%D0%BA%D1%82%D1%8B/" "Mozilla/6.0 (compatible; MSIE4.00; Windows 2009)"
178.159.43.212 - - [02/Nov/2017:04:50:14 +0100] "HEAD / HTTP/1.1" 200 - "http://tokshow.online/" "Mozilla/5.0 (compatible; MSIE7.00; Windows 2009)"
5.9.145.132 - - [02/Nov/2017:04:51:06 +0100] "GET /sonderthemen/oekt_extra2.pdf HTTP/1.1" 200 1939949 "-" "Mozilla/5.0 (Macintosh; Intel Mac OS X 1084) AppleWebKit/536.28.10 (KHTML like Gecko) Version/6.0.3 Safari/536.28.10"
185.23.226.114 - - [02/Nov/2017:04:57:35 +0100] "GET /wp-login.php HTTP/1.1" 404 2381 "-" "Mozilla/5.0 (Windows NT 6.1; WOW64; rv:40.0) Gecko/20100101 Firefox/40.1"
185.23.226.114 - - [02/Nov/2017:04:57:35 +0100] "GET / HTTP/1.1" 200 9360 "-" "Mozilla/5.0 (Windows NT 6.1; WOW64; rv:40.0) Gecko/20100101 Firefox/40.1"
195.133.145.199 - - [02/Nov/2017:05:06:06 +0100] "HEAD / HTTP/1.1" 200 - "http://filmsimili.com/list/film-su-unisola-deserta/" "Mozilla/5.0 (compatible; MSIE3.00; Windows 2004)"
194.87.236.223 - - [02/Nov/2017:05:06:06 +0100] "HEAD / HTTP/1.1" 200 - "http://filmyjako.com/movie/prci-prci-prcicky-1999/similar/" "Mozilla/5.0 (compatible; MSIE6.00; Windows 2009)"
195.133.201.163 - - [02/Nov/2017:05:06:06 +0100] "HEAD / HTTP/1.1" 200 - "https://infosphere.top/%D0%A1%D0%BF%D0%B8%D1%81%D0%BA%D0%B8-%D1%84%D0%B8%D0%BB%D1%8C%D0%BC%D0%BE%D0%B2/%D0%BF%D0%BE%D1%85%D0%BE%D0%B6%D0%B8%D0%B5/%D0%9E%D1%82%D0%BE%D1%80%D0%B2%D0%B0-20512/" "Mozilla/2.0 (compatible; MSIE7.00; Windows 2009)"
194.87.103.12 - - [02/Nov/2017:05:06:07 +0100] "HEAD / HTTP/1.1" 200 - "https://deroelwechsel.de/motorenoel/Subaru/FORESTER/3_2008-2011" "Mozilla/2.0 (compatible; MSIE2.00; Windows 2004)"
193.124.131.168 - - [02/Nov/2017:05:06:07 +0100] "HEAD / HTTP/1.1" 200 - "http://zhivotnue.ru/index_ru.php?cat=zhivotnue_krasnoi_knigi&obl=krasnui_volk&ind=10" "Mozilla/6.0 (compatible; MSIE6.00; Windows 2003)"
194.87.94.251 - - [02/Nov/2017:05:06:07 +0100] "HEAD / HTTP/1.1" 200 - "http://filmypodobnedo.com/list/filmy-kotorye-stoit-posmotret/" "Mozilla/3.0 (compatible; MSIE7.00; Windows 2007)"
195.133.147.6 - - [02/Nov/2017:05:06:08 +0100] "HEAD / HTTP/1.1" 200 - "http://medicaltranslate.ru/primery-perevodov/" "Mozilla/2.0 (compatible; MSIE6.00; Windows 2006)"
193.124.179.180 - - [02/Nov/2017:05:13:57 +0100] "HEAD / HTTP/1.1" 200 - "https://xn--90ascm.xn--80asehdb/shop/folder/gazobeton-d300" "Mozilla/6.0 (compatible; MSIE4.00; Windows 2006)"
193.124.190.64 - - [02/Nov/2017:05:13:58 +0100] "HEAD / HTTP/1.1" 200 - "https://ecokremator.ru/p263545218-insinerator-insiner-eco.html" "Mozilla/2.0 (compatible; MSIE2.00; Windows 2009)"
185.125.219.134 - - [02/Nov/2017:05:13:58 +0100] "HEAD / HTTP/1.1" 200 - "http://mech-mufta.ru/category/pnevmaticheskie-mufty" "Mozilla/6.0 (compatible; MSIE5.00; Windows 2003)"
193.124.176.156 - - [02/Nov/2017:05:13:58 +0100] "HEAD / HTTP/1.1" 200 - "https://rosextruder.ru/p273928464-maslopress-pshu-maslyachok.html" "Mozilla/4.0 (compatible; MSIE3.00; Windows 2009)"
185.5.249.185 - - [02/Nov/2017:05:13:58 +0100] "HEAD / HTTP/1.1" 200 - "http://prostoacc.com/index.php?route=product/category&path=77" "Mozilla/8.0 (compatible; MSIE6.00; Windows 2008)"
194.67.210.77 - - [02/Nov/2017:05:13:59 +0100] "HEAD / HTTP/1.1" 200 - "https://kgb.ua/30-mylovarenie-doma-pervyy-opyt.html" "Mozilla/5.0 (compatible; MSIE6.00; Windows 2003)"
66.249.64.213 - - [02/Nov/2017:05:18:25 +0100] "GET /sonderthemen/az2003.pdf HTTP/1.1" 200 4864675 "-" "Mozilla/5.0 (compatible; Googlebot/2.1; +http://www.google.com/bot.html)"
185.158.152.57 - - [02/Nov/2017:05:32:55 +0100] "HEAD / HTTP/1.1" 200 - "http://tesla-band.ru" "Mozilla/4.0 (compatible; MSIE5.00; Windows 2006)"
157.55.39.10 - - [02/Nov/2017:05:57:34 +0100] "GET /kontakt/index.html HTTP/1.1" 304 - "-" "Mozilla/5.0 (compatible; bingbot/2.0; +http://www.bing.com/bingbot.htm)"
5.200.47.53 - - [02/Nov/2017:06:03:07 +0100] "HEAD / HTTP/1.1" 200 - "http://xn----7sbacgfr2anc9aaenjgjdpeig.xn--p1ai/index.html" "Mozilla/3.0 (compatible; MSIE5.00; Windows 2006)"
148.251.75.46 - - [02/Nov/2017:07:10:16 +0100] "GET /sonderthemen/oeaz2001.pdf HTTP/1.1" 200 4496626 "-" "Mozilla/5.0 (Windows NT 6.1; rv:12.0) Gecko/20120403211507 Firefox/12.0"
217.23.12.239 - - [02/Nov/2017:07:10:02 +0100] "GET /sonderthemen/oeaz2001.pdf HTTP/1.1" 200 4496626 "-" "Mozilla/5.0 (Windows NT 6.1; WOW64; rv:21.0) Gecko/20130330 Firefox/21.0"
185.93.182.148 - - [02/Nov/2017:07:10:38 +0100] "GET /sonderthemen/oeaz2001.pdf HTTP/1.1" 200 4496626 "-" "Mozilla/5.0 (Macintosh; Intel Mac OS X 10.8; rv:21.0) Gecko/20100101 Firefox/21.0"
207.46.13.171 - - [02/Nov/2017:07:34:44 +0100] "GET /cds/ignatius.html HTTP/1.1" 200 6576 "-" "Mozilla/5.0 (iPhone; CPU iPhone OS 7_0 like Mac OS X) AppleWebKit/537.51.1 (KHTML, like Gecko) Version/7.0 Mobile/11A465 Safari/9537.53 (compatible; bingbot/2.0; +http://www.bing.com/bingbot.htm)"
207.46.13.9 - - [02/Nov/2017:07:39:40 +0100] "GET /jahrbuch/index.html HTTP/1.1" 200 3956 "-" "Mozilla/5.0 (iPhone; CPU iPhone OS 7_0 like Mac OS X) AppleWebKit/537.51.1 (KHTML, like Gecko) Version/7.0 Mobile/11A465 Safari/9537.53 (compatible; bingbot/2.0; +http://www.bing.com/bingbot.htm)"
207.46.13.171 - - [02/Nov/2017:07:39:49 +0100] "GET /main.css HTTP/1.1" 200 1439 "-" "Mozilla/5.0 (iPhone; CPU iPhone OS 7_0 like Mac OS X) AppleWebKit/537.51.1 (KHTML, like Gecko) Version/7.0 Mobile/11A465 Safari/9537.53 (compatible; bingbot/2.0; +http://www.bing.com/bingbot.htm)"
207.46.13.9 - - [02/Nov/2017:09:05:00 +0100] "GET /robots.txt HTTP/1.1" 200 100 "-" "Mozilla/5.0 (compatible; bingbot/2.0; +http://www.bing.com/bingbot.htm)"
207.46.13.156 - - [02/Nov/2017:09:05:10 +0100] "GET /cds/simplay_player.swf?audiofile=der_mensch.mp3 HTTP/1.1" 200 6377 "-" "Mozilla/5.0 (iPhone; CPU iPhone OS 7_0 like Mac OS X) AppleWebKit/537.51.1 (KHTML, like Gecko) Version/7.0 Mobile/11A465 Safari/9537.53 (compatible; bingbot/2.0; +http://www.bing.com/bingbot.htm)"
207.46.13.9 - - [02/Nov/2017:09:05:10 +0100] "GET /m.gif HTTP/1.1" 200 95 "-" "Mozilla/5.0 (iPhone; CPU iPhone OS 7_0 like Mac OS X) AppleWebKit/537.51.1 (KHTML, like Gecko) Version/7.0 Mobile/11A465 Safari/9537.53 (compatible; bingbot/2.0; +http://www.bing.com/bingbot.htm)"
207.46.13.9 - - [02/Nov/2017:09:05:11 +0100] "GET /strich.gif HTTP/1.1" 200 45 "-" "Mozilla/5.0 (iPhone; CPU iPhone OS 7_0 like Mac OS X) AppleWebKit/537.51.1 (KHTML, like Gecko) Version/7.0 Mobile/11A465 Safari/9537.53 (compatible; bingbot/2.0; +http://www.bing.com/bingbot.htm)"
157.55.39.10 - - [02/Nov/2017:09:05:15 +0100] "GET /cds/ignatius.jpg HTTP/1.1" 200 18712 "-" "Mozilla/5.0 (iPhone; CPU iPhone OS 7_0 like Mac OS X) AppleWebKit/537.51.1 (KHTML, like Gecko) Version/7.0 Mobile/11A465 Safari/9537.53 (compatible; bingbot/2.0; +http://www.bing.com/bingbot.htm)"
157.55.39.10 - - [02/Nov/2017:09:05:15 +0100] "GET /logo_g.gif HTTP/1.1" 200 1301 "-" "Mozilla/5.0 (iPhone; CPU iPhone OS 7_0 like Mac OS X) AppleWebKit/537.51.1 (KHTML, like Gecko) Version/7.0 Mobile/11A465 Safari/9537.53 (compatible; bingbot/2.0; +http://www.bing.com/bingbot.htm)"
157.55.39.10 - - [02/Nov/2017:09:05:16 +0100] "GET /pf.gif HTTP/1.1" 200 62 "-" "Mozilla/5.0 (iPhone; CPU iPhone OS 7_0 like Mac OS X) AppleWebKit/537.51.1 (KHTML, like Gecko) Version/7.0 Mobile/11A465 Safari/9537.53 (compatible; bingbot/2.0; +http://www.bing.com/bingbot.htm)"
77.247.181.162 - - [02/Nov/2017:09:05:48 +0100] "GET /utility/convert/index.php HTTP/1.1" 404 2381 "-" "Mozilla/5.0 (Windows NT 10.0; Win64; x64) AppleWebKit/537.36 (KHTML, like Gecko) Chrome/56.0.2924.87 Safari/537.36"
185.154.13.6 - - [02/Nov/2017:09:34:13 +0100] "HEAD / HTTP/1.1" 200 - "http://stroycity.pro/uslugi/eelitnyiy-remont-kvartir/" "Mozilla/2.0 (compatible; MSIE2.00; Windows 2002)"
77.220.213.173 - - [02/Nov/2017:09:34:13 +0100] "HEAD / HTTP/1.1" 200 - "http://gta-sa-iluha.ru/" "Mozilla/6.0 (compatible; MSIE5.00; Windows 2008)"
178.159.43.212 - - [02/Nov/2017:09:34:15 +0100] "HEAD / HTTP/1.1" 200 - "http://tokshow.online/category/filmi/melodrama/" "Mozilla/3.0 (compatible; MSIE5.00; Windows 2009)"
178.159.39.237 - - [02/Nov/2017:09:34:17 +0100] "HEAD / HTTP/1.1" 200 - "https://xn----7sbabm1ahc4b2aqff.su/%D0%B2%D0%B0%D0%B3%D0%BE%D0%BD%D0%BA%D0%B0-%D1%88%D1%82%D0%B8%D0%BB%D1%8C-%D1%8D%D0%BA%D1%81%D1%82%D1%80%D0%B0-13%D1%85100/" "Mozilla/8.0 (compatible; MSIE3.00; Windows 2004)"
185.209.20.147 - - [02/Nov/2017:09:37:55 +0100] "HEAD / HTTP/1.1" 200 - "https://kvazar.top/Biznes/offers/" "Mozilla/2.0 (compatible; MSIE2.00; Windows 2002)"
207.46.13.156 - - [02/Nov/2017:09:56:40 +0100] "GET / HTTP/1.1" 200 9360 "-" "Mozilla/5.0 (compatible; bingbot/2.0; +http://www.bing.com/bingbot.htm)"
199.58.86.211 - - [02/Nov/2017:10:06:04 +0100] "GET /robots.txt HTTP/1.1" 200 100 "-" "Mozilla/5.0 (compatible; MJ12bot/v1.4.8; http://mj12bot.com/)"
199.58.86.211 - - [02/Nov/2017:10:06:06 +0100] "GET / HTTP/1.1" 200 9360 "-" "Mozilla/5.0 (compatible; MJ12bot/v1.4.8; http://mj12bot.com/)"
199.30.25.48 - - [02/Nov/2017:10:06:16 +0100] "GET /main.css HTTP/1.1" 200 1439 "-" "Mozilla/5.0 (iPhone; CPU iPhone OS 7_0 like Mac OS X) AppleWebKit/537.51.1 (KHTML, like Gecko) Version/7.0 Mobile/11A465 Safari/9537.53 BingPreview/1.0b"
199.30.25.48 - - [02/Nov/2017:10:06:18 +0100] "GET /cds/simplay_control.swf HTTP/1.1" 200 1243 "-" "Mozilla/5.0 (iPhone; CPU iPhone OS 7_0 like Mac OS X) AppleWebKit/537.51.1 (KHTML, like Gecko) Version/7.0 Mobile/11A465 Safari/9537.53 BingPreview/1.0b"
93.198.103.183 - - [02/Nov/2017:10:06:17 +0100] "GET /sonderthemen/oeaz2001.pdf HTTP/1.1" 206 40178 "https://www.google.de/" "Mozilla/5.0 (Windows NT 6.1; rv:56.0) Gecko/20100101 Firefox/56.0"
199.30.25.48 - - [02/Nov/2017:10:06:18 +0100] "GET /cds/simplaydata/controlconfig.xml?nocache=1509538316232 HTTP/1.1" 200 121 "-" "Mozilla/5.0 (iPhone; CPU iPhone OS 7_0 like Mac OS X) AppleWebKit/537.51.1 (KHTML, like Gecko) Version/7.0 Mobile/11A465 Safari/9537.53 BingPreview/1.0b"
199.30.25.48 - - [02/Nov/2017:10:06:19 +0100] "GET /cds/simplaydata/playerconfig.xml?nocache=1509538316457 HTTP/1.1" 200 149 "-" "Mozilla/5.0 (iPhone; CPU iPhone OS 7_0 like Mac OS X) AppleWebKit/537.51.1 (KHTML, like Gecko) Version/7.0 Mobile/11A465 Safari/9537.53 BingPreview/1.0b"
93.198.103.183 - - [02/Nov/2017:10:06:18 +0100] "GET /sonderthemen/oeaz2001.pdf HTTP/1.1" 206 65536 "https://www.google.de/" "Mozilla/5.0 (Windows NT 6.1; rv:56.0) Gecko/20100101 Firefox/56.0"
93.198.103.183 - - [02/Nov/2017:10:06:17 +0100] "GET /sonderthemen/oeaz2001.pdf HTTP/1.1" 206 65536 "https://www.google.de/" "Mozilla/5.0 (Windows NT 6.1; rv:56.0) Gecko/20100101 Firefox/56.0"
199.30.25.48 - - [02/Nov/2017:10:06:19 +0100] "GET /cds/simplaydata/controlskins/default/skin.xml HTTP/1.1" 200 349 "-" "Mozilla/5.0 (iPhone; CPU iPhone OS 7_0 like Mac OS X) AppleWebKit/537.51.1 (KHTML, like Gecko) Version/7.0 Mobile/11A465 Safari/9537.53 BingPreview/1.0b"
199.30.25.48 - - [02/Nov/2017:10:06:19 +0100] "GET /cds/simplaydata/playerskins/default/skin.xml?nocache=1509538317215 HTTP/1.1" 200 649 "-" "Mozilla/5.0 (iPhone; CPU iPhone OS 7_0 like Mac OS X) AppleWebKit/537.51.1 (KHTML, like Gecko) Version/7.0 Mobile/11A465 Safari/9537.53 BingPreview/1.0b"
199.30.25.48 - - [02/Nov/2017:10:06:20 +0100] "GET /cds/simplaydata/controlskins/default/background.jpg HTTP/1.1" 200 772 "-" "Mozilla/5.0 (iPhone; CPU iPhone OS 7_0 like Mac OS X) AppleWebKit/537.51.1 (KHTML, like Gecko) Version/7.0 Mobile/11A465 Safari/9537.53 BingPreview/1.0b"
199.30.25.48 - - [02/Nov/2017:10:06:20 +0100] "GET /cds/simplaydata/playerskins/default/background.jpg HTTP/1.1" 200 340 "-" "Mozilla/5.0 (iPhone; CPU iPhone OS 7_0 like Mac OS X) AppleWebKit/537.51.1 (KHTML, like Gecko) Version/7.0 Mobile/11A465 Safari/9537.53 BingPreview/1.0b"
93.198.103.183 - - [02/Nov/2017:10:06:20 +0100] "GET /sonderthemen/oeaz2001.pdf HTTP/1.1" 206 65536 "https://www.google.de/" "Mozilla/5.0 (Windows NT 6.1; rv:56.0) Gecko/20100101 Firefox/56.0"
199.30.25.48 - - [02/Nov/2017:10:06:21 +0100] "GET /cds/simplaydata/controlskins/default/handle.jpg HTTP/1.1" 200 387 "-" "Mozilla/5.0 (iPhone; CPU iPhone OS 7_0 like Mac OS X) AppleWebKit/537.51.1 (KHTML, like Gecko) Version/7.0 Mobile/11A465 Safari/9537.53 BingPreview/1.0b"
199.30.25.48 - - [02/Nov/2017:10:06:21 +0100] "GET /cds/simplaydata/playerskins/default/play_up.jpg HTTP/1.1" 200 643 "-" "Mozilla/5.0 (iPhone; CPU iPhone OS 7_0 like Mac OS X) AppleWebKit/537.51.1 (KHTML, like Gecko) Version/7.0 Mobile/11A465 Safari/9537.53 BingPreview/1.0b"
199.30.25.48 - - [02/Nov/2017:10:06:21 +0100] "GET /cds/simplaydata/controlskins/default/on.jpg HTTP/1.1" 200 986 "-" "Mozilla/5.0 (iPhone; CPU iPhone OS 7_0 like Mac OS X) AppleWebKit/537.51.1 (KHTML, like Gecko) Version/7.0 Mobile/11A465 Safari/9537.53 BingPreview/1.0b"
199.30.25.48 - - [02/Nov/2017:10:06:22 +0100] "GET /cds/simplaydata/playerskins/default/play_over.jpg HTTP/1.1" 200 986 "-" "Mozilla/5.0 (iPhone; CPU iPhone OS 7_0 like Mac OS X) AppleWebKit/537.51.1 (KHTML, like Gecko) Version/7.0 Mobile/11A465 Safari/9537.53 BingPreview/1.0b"
199.30.25.48 - - [02/Nov/2017:10:06:23 +0100] "GET /cds/simplaydata/controlskins/default/off.jpg HTTP/1.1" 200 608 "-" "Mozilla/5.0 (iPhone; CPU iPhone OS 7_0 like Mac OS X) AppleWebKit/537.51.1 (KHTML, like Gecko) Version/7.0 Mobile/11A465 Safari/9537.53 BingPreview/1.0b"
199.30.25.48 - - [02/Nov/2017:10:06:23 +0100] "GET /cds/simplaydata/playerskins/default/play_down.jpg HTTP/1.1" 200 972 "-" "Mozilla/5.0 (iPhone; CPU iPhone OS 7_0 like Mac OS X) AppleWebKit/537.51.1 (KHTML, like Gecko) Version/7.0 Mobile/11A465 Safari/9537.53 BingPreview/1.0b"
199.30.25.48 - - [02/Nov/2017:10:06:23 +0100] "GET /cds/simplaydata/controlconfig.xml?nocache=1509538318043 HTTP/1.1" 200 121 "-" "Mozilla/5.0 (iPhone; CPU iPhone OS 7_0 like Mac OS X) AppleWebKit/537.51.1 (KHTML, like Gecko) Version/7.0 Mobile/11A465 Safari/9537.53 BingPreview/1.0b"
199.30.25.48 - - [02/Nov/2017:10:06:24 +0100] "GET /cds/simplaydata/playerskins/default/pause_up.jpg HTTP/1.1" 200 649 "-" "Mozilla/5.0 (iPhone; CPU iPhone OS 7_0 like Mac OS X) AppleWebKit/537.51.1 (KHTML, like Gecko) Version/7.0 Mobile/11A465 Safari/9537.53 BingPreview/1.0b"
199.30.25.48 - - [02/Nov/2017:10:06:24 +0100] "GET /cds/simplaydata/playerskins/default/pause_over.jpg HTTP/1.1" 200 988 "-" "Mozilla/5.0 (iPhone; CPU iPhone OS 7_0 like Mac OS X) AppleWebKit/537.51.1 (KHTML, like Gecko) Version/7.0 Mobile/11A465 Safari/9537.53 BingPreview/1.0b"
199.30.25.48 - - [02/Nov/2017:10:06:25 +0100] "GET /cds/simplaydata/playerskins/default/pause_down.jpg HTTP/1.1" 200 939 "-" "Mozilla/5.0 (iPhone; CPU iPhone OS 7_0 like Mac OS X) AppleWebKit/537.51.1 (KHTML, like Gecko) Version/7.0 Mobile/11A465 Safari/9537.53 BingPreview/1.0b"
93.198.103.183 - - [02/Nov/2017:10:06:25 +0100] "GET /sonderthemen/oeaz2001.pdf HTTP/1.1" 206 65536 "https://www.google.de/" "Mozilla/5.0 (Windows NT 6.1; rv:56.0) Gecko/20100101 Firefox/56.0"
93.198.103.183 - - [02/Nov/2017:10:06:26 +0100] "GET /sonderthemen/oeaz2001.pdf HTTP/1.1" 206 65536 "https://www.google.de/" "Mozilla/5.0 (Windows NT 6.1; rv:56.0) Gecko/20100101 Firefox/56.0"
93.198.103.183 - - [02/Nov/2017:10:06:26 +0100] "GET /sonderthemen/oeaz2001.pdf HTTP/1.1" 206 65536 "https://www.google.de/" "Mozilla/5.0 (Windows NT 6.1; rv:56.0) Gecko/20100101 Firefox/56.0"
93.198.103.183 - - [02/Nov/2017:10:06:26 +0100] "GET /sonderthemen/oeaz2001.pdf HTTP/1.1" 206 65536 "https://www.google.de/" "Mozilla/5.0 (Windows NT 6.1; rv:56.0) Gecko/20100101 Firefox/56.0"
93.198.103.183 - - [02/Nov/2017:10:06:26 +0100] "GET /sonderthemen/oeaz2001.pdf HTTP/1.1" 206 65536 "https://www.google.de/" "Mozilla/5.0 (Windows NT 6.1; rv:56.0) Gecko/20100101 Firefox/56.0"
93.198.103.183 - - [02/Nov/2017:10:06:27 +0100] "GET /sonderthemen/oeaz2001.pdf HTTP/1.1" 206 65536 "https://www.google.de/" "Mozilla/5.0 (Windows NT 6.1; rv:56.0) Gecko/20100101 Firefox/56.0"
93.198.103.183 - - [02/Nov/2017:10:06:28 +0100] "GET /sonderthemen/oeaz2001.pdf HTTP/1.1" 206 65536 "https://www.google.de/" "Mozilla/5.0 (Windows NT 6.1; rv:56.0) Gecko/20100101 Firefox/56.0"
93.198.103.183 - - [02/Nov/2017:10:06:27 +0100] "GET /sonderthemen/oeaz2001.pdf HTTP/1.1" 206 65536 "https://www.google.de/" "Mozilla/5.0 (Windows NT 6.1; rv:56.0) Gecko/20100101 Firefox/56.0"
93.198.103.183 - - [02/Nov/2017:10:06:28 +0100] "GET /sonderthemen/oeaz2001.pdf HTTP/1.1" 206 65536 "https://www.google.de/" "Mozilla/5.0 (Windows NT 6.1; rv:56.0) Gecko/20100101 Firefox/56.0"
93.198.103.183 - - [02/Nov/2017:10:06:28 +0100] "GET /sonderthemen/oeaz2001.pdf HTTP/1.1" 206 65536 "https://www.google.de/" "Mozilla/5.0 (Windows NT 6.1; rv:56.0) Gecko/20100101 Firefox/56.0"
93.198.103.183 - - [02/Nov/2017:10:06:29 +0100] "GET /sonderthemen/oeaz2001.pdf HTTP/1.1" 206 65536 "https://www.google.de/" "Mozilla/5.0 (Windows NT 6.1; rv:56.0) Gecko/20100101 Firefox/56.0"
93.198.103.183 - - [02/Nov/2017:10:06:29 +0100] "GET /sonderthemen/oeaz2001.pdf HTTP/1.1" 206 65536 "https://www.google.de/" "Mozilla/5.0 (Windows NT 6.1; rv:56.0) Gecko/20100101 Firefox/56.0"
93.198.103.183 - - [02/Nov/2017:10:06:29 +0100] "GET /sonderthemen/oeaz2001.pdf HTTP/1.1" 206 65536 "https://www.google.de/" "Mozilla/5.0 (Windows NT 6.1; rv:56.0) Gecko/20100101 Firefox/56.0"
93.198.103.183 - - [02/Nov/2017:10:06:33 +0100] "GET /sonderthemen/oeaz2001.pdf HTTP/1.1" 206 65536 "https://www.google.de/" "Mozilla/5.0 (Windows NT 6.1; rv:56.0) Gecko/20100101 Firefox/56.0"
93.198.103.183 - - [02/Nov/2017:10:06:33 +0100] "GET /sonderthemen/oeaz2001.pdf HTTP/1.1" 206 65536 "https://www.google.de/" "Mozilla/5.0 (Windows NT 6.1; rv:56.0) Gecko/20100101 Firefox/56.0"
93.198.103.183 - - [02/Nov/2017:10:06:33 +0100] "GET /sonderthemen/oeaz2001.pdf HTTP/1.1" 206 65536 "https://www.google.de/" "Mozilla/5.0 (Windows NT 6.1; rv:56.0) Gecko/20100101 Firefox/56.0"
93.198.103.183 - - [02/Nov/2017:10:06:34 +0100] "GET /sonderthemen/oeaz2001.pdf HTTP/1.1" 206 65536 "https://www.google.de/" "Mozilla/5.0 (Windows NT 6.1; rv:56.0) Gecko/20100101 Firefox/56.0"
93.198.103.183 - - [02/Nov/2017:10:06:37 +0100] "GET /sonderthemen/oeaz2001.pdf HTTP/1.1" 206 65536 "https://www.google.de/" "Mozilla/5.0 (Windows NT 6.1; rv:56.0) Gecko/20100101 Firefox/56.0"
93.198.103.183 - - [02/Nov/2017:10:06:37 +0100] "GET /sonderthemen/oeaz2001.pdf HTTP/1.1" 206 65536 "https://www.google.de/" "Mozilla/5.0 (Windows NT 6.1; rv:56.0) Gecko/20100101 Firefox/56.0"
93.198.103.183 - - [02/Nov/2017:10:06:15 +0100] "GET /sonderthemen/oeaz2001.pdf HTTP/1.1" 200 4496626 "https://www.google.de/" "Mozilla/5.0 (Windows NT 6.1; rv:56.0) Gecko/20100101 Firefox/56.0"
93.198.103.183 - - [02/Nov/2017:10:06:38 +0100] "GET /favicon.ico HTTP/1.1" 200 4286 "-" "Mozilla/5.0 (Windows NT 6.1; rv:56.0) Gecko/20100101 Firefox/56.0"
2.247.249.7 - - [02/Nov/2017:10:23:47 +0100] "GET /sonderthemen/az2000.pdf HTTP/1.1" 200 2253581 "https://www.google.de/" "Mozilla/5.0 (iPhone; CPU iPhone OS 11_0_3 like Mac OS X) AppleWebKit/604.1.34 (KHTML, like Gecko) GSA/38.0.172903409 Mobile/15A432 Safari/604.1"
194.87.236.223 - - [02/Nov/2017:10:32:50 +0100] "HEAD / HTTP/1.1" 200 - "http://filmyjako.com/movie/prci-prci-prcicky-1999/similar/" "Mozilla/5.0 (compatible; MSIE4.00; Windows 2006)"
195.133.201.163 - - [02/Nov/2017:10:32:50 +0100] "HEAD / HTTP/1.1" 200 - "https://infosphere.top/%D0%A1%D0%BF%D0%B8%D1%81%D0%BA%D0%B8-%D1%84%D0%B8%D0%BB%D1%8C%D0%BC%D0%BE%D0%B2/%D0%BF%D0%BE%D1%85%D0%BE%D0%B6%D0%B8%D0%B5/%D0%9D%D0%B5%D1%80%D0%B2-2790/" "Mozilla/5.0 (compatible; MSIE2.00; Windows 2005)"
193.124.131.168 - - [02/Nov/2017:10:32:50 +0100] "HEAD / HTTP/1.1" 200 - "http://zhivotnue.ru/index_ru.php?cat=dikie_zhivotnue&ind=6" "Mozilla/8.0 (compatible; MSIE7.00; Windows 2003)"
195.133.145.199 - - [02/Nov/2017:10:32:50 +0100] "HEAD / HTTP/1.1" 200 - "http://filmsimili.com/list/film-su-vichingo/" "Mozilla/6.0 (compatible; MSIE3.00; Windows 2003)"
194.87.94.251 - - [02/Nov/2017:10:32:51 +0100] "HEAD / HTTP/1.1" 200 - "http://filmypodobnedo.com/list/filmy-o-wilkolakach/" "Mozilla/3.0 (compatible; MSIE4.00; Windows 2002)"
185.5.249.185 - - [02/Nov/2017:10:32:52 +0100] "HEAD / HTTP/1.1" 200 - "http://prostoacc.com/" "Mozilla/7.0 (compatible; MSIE6.00; Windows 2002)"
193.124.179.180 - - [02/Nov/2017:10:32:52 +0100] "HEAD / HTTP/1.1" 200 - "https://xn--90ascm.xn--80asehdb/shop" "Mozilla/5.0 (compatible; MSIE7.00; Windows 2009)"
193.124.190.64 - - [02/Nov/2017:10:32:52 +0100] "HEAD / HTTP/1.1" 200 - "https://ecokremator.ru/p263442557-kremator-100-eco8.html" "Mozilla/3.0 (compatible; MSIE7.00; Windows 2009)"
194.67.210.77 - - [02/Nov/2017:10:32:52 +0100] "HEAD / HTTP/1.1" 200 - "https://kgb.ua/65-12-mifov-o-zdorovom-obraze-zhizni.html" "Mozilla/3.0 (compatible; MSIE7.00; Windows 2007)"
193.124.176.156 - - [02/Nov/2017:10:32:53 +0100] "HEAD / HTTP/1.1" 200 - "https://rosextruder.ru/p274002059-granulyatory-kombikormov-opila.html" "Mozilla/3.0 (compatible; MSIE7.00; Windows 2004)"
185.125.219.134 - - [02/Nov/2017:10:32:53 +0100] "HEAD / HTTP/1.1" 200 - "http://mech-mufta.ru/katalogi" "Mozilla/2.0 (compatible; MSIE3.00; Windows 2003)"
194.87.103.12 - - [02/Nov/2017:10:32:53 +0100] "HEAD / HTTP/1.1" 200 - "https://deroelwechsel.de/motorenoel/Jeep/COMPASS/1_2011-2013" "Mozilla/4.0 (compatible; MSIE7.00; Windows 2008)"
195.133.147.6 - - [02/Nov/2017:10:32:53 +0100] "HEAD / HTTP/1.1" 200 - "http://medicaltranslate.ru/otzyvy/" "Mozilla/5.0 (compatible; MSIE2.00; Windows 2003)"
5.200.47.53 - - [02/Nov/2017:11:03:02 +0100] "HEAD / HTTP/1.1" 200 - "http://xn----7sbacgfr2anc9aaenjgjdpeig.xn--p1ai/index.html" "Mozilla/8.0 (compatible; MSIE2.00; Windows 2006)"
185.158.152.57 - - [02/Nov/2017:11:03:02 +0100] "HEAD / HTTP/1.1" 200 - "http://tesla-band.ru" "Mozilla/7.0 (compatible; MSIE5.00; Windows 2003)"
46.3.204.197 - - [02/Nov/2017:11:04:00 +0100] "GET /sonderthemen/oeaz2002.pdf HTTP/1.1" 200 3161455 "http://www.morusverlag.de/sonderthemen/oeaz2002.pdf" "Mozilla/5.0 (compatible; Googlebot/2.1; +http://www.google.com/bot.html)"
144.76.153.198 - - [02/Nov/2017:11:22:23 +0100] "GET /buecher/index.html HTTP/1.1" 200 25885 "-" "Mozilla/5.0 (Windows NT 6.1; rv:12.0) Gecko/20120403211507 Firefox/12.0"
148.251.75.46 - - [02/Nov/2017:11:29:35 +0100] "GET /sonderthemen/oeaz2002.pdf HTTP/1.1" 200 3161455 "-" "Mozilla/5.0 (Windows NT 6.1; WOW64) AppleWebKit/537.36 (KHTML, like Gecko) Chrome/27.0.1453.93 Safari/537.36"
194.187.171.16 - - [02/Nov/2017:11:41:20 +0100] "GET /favicon.ico HTTP/1.1" 200 4286 "https://www.qwant.com/" "Qwantify/1.0"
68.180.229.103 - - [02/Nov/2017:11:42:36 +0100] "GET /robots.txt HTTP/1.1" 200 100 "-" "Mozilla/5.0 (compatible; Yahoo! Slurp; http://help.yahoo.com/help/us/ysearch/slurp)"
68.180.229.103 - - [02/Nov/2017:11:42:36 +0100] "GET /buecher/rezensionen_engel.html HTTP/1.1" 200 6598 "-" "Mozilla/5.0 (compatible; Yahoo! Slurp; http://help.yahoo.com/help/us/ysearch/slurp)"
5.9.145.132 - - [02/Nov/2017:11:43:20 +0100] "GET /sonderthemen/oekt_extra3.pdf HTTP/1.1" 200 2109745 "-" "Mozilla/5.0 (X11; Ubuntu; Linux x86_64; rv:14.0) Gecko/20100101 Firefox/14.0.1"
157.55.39.10 - - [02/Nov/2017:11:56:16 +0100] "GET /kontakt/index.html HTTP/1.1" 200 2896 "-" "Mozilla/5.0 (iPhone; CPU iPhone OS 7_0 like Mac OS X) AppleWebKit/537.51.1 (KHTML, like Gecko) Version/7.0 Mobile/11A465 Safari/9537.53 (compatible; bingbot/2.0; +http://www.bing.com/bingbot.htm)"
5.9.106.81 - - [02/Nov/2017:11:56:38 +0100] "GET /sonderthemen/az1999.pdf HTTP/1.1" 200 1842982 "-" "Mozilla/5.0 (Macintosh; Intel Mac OS X 10_6_8) AppleWebKit/534.59.8 (KHTML, like Gecko) Version/5.1.9 Safari/534.59.8"
5.9.94.207 - - [02/Nov/2017:11:56:38 +0100] "GET /sonderthemen/oeaz2001.pdf HTTP/1.1" 200 4496626 "-" "Mozilla/5.0 (Windows NT 5.0; rv:21.0) Gecko/20100101 Firefox/21.0"
207.46.13.9 - - [02/Nov/2017:12:15:54 +0100] "GET /sonderthemen/az2000.pdf HTTP/1.1" 200 2253581 "-" "Mozilla/5.0 (iPhone; CPU iPhone OS 7_0 like Mac OS X) AppleWebKit/537.51.1 (KHTML, like Gecko) Version/7.0 Mobile/11A465 Safari/9537.53 (compatible; bingbot/2.0; +http://www.bing.com/bingbot.htm)"
141.15.28.32 - - [02/Nov/2017:12:32:46 +0100] "GET /sonderthemen/sk2001.pdf HTTP/1.1" 200 3098589 "https://www.google.de" "Mozilla/5.0 (Windows NT 6.1; WOW64; rv:45.0) Gecko/20100101 Firefox/45.0"
136.243.17.161 - - [02/Nov/2017:12:42:32 +0100] "GET /sonderthemen/az1999.pdf HTTP/1.1" 200 1842982 "-" "Mozilla/5.0 (Windows NT 6.1; de;rv:12.0) Gecko/20120403211507 Firefox/12.0"
207.46.13.156 - - [02/Nov/2017:12:48:54 +0100] "GET /cds/hymnos_akathistos.html HTTP/1.1" 200 11061 "-" "Mozilla/5.0 (compatible; bingbot/2.0; +http://www.bing.com/bingbot.htm)"
207.46.13.156 - - [02/Nov/2017:13:38:09 +0100] "GET /cds/rosarium.html HTTP/1.1" 200 6680 "-" "Mozilla/5.0 (iPhone; CPU iPhone OS 7_0 like Mac OS X) AppleWebKit/537.51.1 (KHTML, like Gecko) Version/7.0 Mobile/11A465 Safari/9537.53 (compatible; bingbot/2.0; +http://www.bing.com/bingbot.htm)"
207.46.13.171 - - [02/Nov/2017:14:06:21 +0100] "GET /sonderthemen/oekt_extra1.pdf HTTP/1.1" 200 1849015 "-" "Mozilla/5.0 (iPhone; CPU iPhone OS 7_0 like Mac OS X) AppleWebKit/537.51.1 (KHTML, like Gecko) Version/7.0 Mobile/11A465 Safari/9537.53 (compatible; bingbot/2.0; +http://www.bing.com/bingbot.htm)"
207.46.13.156 - - [02/Nov/2017:14:12:14 +0100] "GET / HTTP/1.1" 200 9360 "-" "Mozilla/5.0 (compatible; bingbot/2.0; +http://www.bing.com/bingbot.htm)"
136.243.17.161 - - [02/Nov/2017:14:15:10 +0100] "GET /sonderthemen/oeaz2001.pdf HTTP/1.1" 200 4496626 "-" "Mozilla/5.0 (compatible; MSIE 10.0; Windows NT 6.1; Trident/5.0)"
93.213.35.150 - - [02/Nov/2017:14:37:37 +0100] "GET /buecher/rezensionen_ignatius.html HTTP/1.1" 200 8182 "https://www.google.de/" "Mozilla/5.0 (Windows NT 6.1; Win64; x64) AppleWebKit/537.36 (KHTML, like Gecko) Chrome/61.0.3163.100 Safari/537.36"
93.213.35.150 - - [02/Nov/2017:14:37:37 +0100] "GET /main.css HTTP/1.1" 200 1439 "http://www.morusverlag.de/buecher/rezensionen_ignatius.html" "Mozilla/5.0 (Windows NT 6.1; Win64; x64) AppleWebKit/537.36 (KHTML, like Gecko) Chrome/61.0.3163.100 Safari/537.36"
93.213.35.150 - - [02/Nov/2017:14:37:37 +0100] "GET /logo_g.gif HTTP/1.1" 200 1301 "http://www.morusverlag.de/buecher/rezensionen_ignatius.html" "Mozilla/5.0 (Windows NT 6.1; Win64; x64) AppleWebKit/537.36 (KHTML, like Gecko) Chrome/61.0.3163.100 Safari/537.36"
93.213.35.150 - - [02/Nov/2017:14:37:37 +0100] "GET /mv_g.gif HTTP/1.1" 200 4070 "http://www.morusverlag.de/buecher/rezensionen_ignatius.html" "Mozilla/5.0 (Windows NT 6.1; Win64; x64) AppleWebKit/537.36 (KHTML, like Gecko) Chrome/61.0.3163.100 Safari/537.36"
93.213.35.150 - - [02/Nov/2017:14:37:37 +0100] "GET /pf.gif HTTP/1.1" 200 62 "http://www.morusverlag.de/buecher/rezensionen_ignatius.html" "Mozilla/5.0 (Windows NT 6.1; Win64; x64) AppleWebKit/537.36 (KHTML, like Gecko) Chrome/61.0.3163.100 Safari/537.36"
93.213.35.150 - - [02/Nov/2017:14:37:37 +0100] "GET /cds/ignatius_k.jpg HTTP/1.1" 200 3965 "http://www.morusverlag.de/buecher/rezensionen_ignatius.html" "Mozilla/5.0 (Windows NT 6.1; Win64; x64) AppleWebKit/537.36 (KHTML, like Gecko) Chrome/61.0.3163.100 Safari/537.36"
93.213.35.150 - - [02/Nov/2017:14:37:37 +0100] "GET /m.gif HTTP/1.1" 200 95 "http://www.morusverlag.de/buecher/rezensionen_ignatius.html" "Mozilla/5.0 (Windows NT 6.1; Win64; x64) AppleWebKit/537.36 (KHTML, like Gecko) Chrome/61.0.3163.100 Safari/537.36"
93.213.35.150 - - [02/Nov/2017:14:37:37 +0100] "GET /strich.gif HTTP/1.1" 200 45 "http://www.morusverlag.de/buecher/rezensionen_ignatius.html" "Mozilla/5.0 (Windows NT 6.1; Win64; x64) AppleWebKit/537.36 (KHTML, like Gecko) Chrome/61.0.3163.100 Safari/537.36"
93.213.35.150 - - [02/Nov/2017:14:37:37 +0100] "GET /favicon.ico HTTP/1.1" 200 4286 "http://www.morusverlag.de/buecher/rezensionen_ignatius.html" "Mozilla/5.0 (Windows NT 6.1; Win64; x64) AppleWebKit/537.36 (KHTML, like Gecko) Chrome/61.0.3163.100 Safari/537.36"
180.76.15.19 - - [02/Nov/2017:15:17:30 +0100] "GET /sonderthemen/oekt_extra1.pdf HTTP/1.1" 200 1849015 "-" "Mozilla/5.0 (compatible; Baiduspider/2.0; +http://www.baidu.com/search/spider.html)"
207.46.13.9 - - [02/Nov/2017:15:17:34 +0100] "GET /cds/simplay_player.swf?audiofile=avemaria.mp3 HTTP/1.1" 200 6377 "-" "Mozilla/5.0 (iPhone; CPU iPhone OS 7_0 like Mac OS X) AppleWebKit/537.51.1 (KHTML, like Gecko) Version/7.0 Mobile/11A465 Safari/9537.53 (compatible; bingbot/2.0; +http://www.bing.com/bingbot.htm)"
207.46.13.9 - - [02/Nov/2017:15:17:35 +0100] "GET /mv_g.gif HTTP/1.1" 200 4070 "-" "Mozilla/5.0 (iPhone; CPU iPhone OS 7_0 like Mac OS X) AppleWebKit/537.51.1 (KHTML, like Gecko) Version/7.0 Mobile/11A465 Safari/9537.53 (compatible; bingbot/2.0; +http://www.bing.com/bingbot.htm)"
207.46.13.156 - - [02/Nov/2017:15:17:36 +0100] "GET /cds/rosarium.jpg HTTP/1.1" 200 21032 "-" "Mozilla/5.0 (iPhone; CPU iPhone OS 7_0 like Mac OS X) AppleWebKit/537.51.1 (KHTML, like Gecko) Version/7.0 Mobile/11A465 Safari/9537.53 (compatible; bingbot/2.0; +http://www.bing.com/bingbot.htm)"
84.131.94.141 - - [02/Nov/2017:15:48:14 +0100] "GET /gotteslob/gotteslob_alle.jpg HTTP/1.1" 200 24560 "https://www.bing.com/" "Mozilla/5.0 (Windows NT 10.0; Win64; x64) AppleWebKit/537.36 (KHTML, like Gecko) Chrome/52.0.2743.116 Safari/537.36 Edge/15.15063"
65.55.210.14 - - [02/Nov/2017:16:19:02 +0100] "GET /cds/simplaydata/playerconfig.xml?nocache=1509126045471 HTTP/1.1" 200 149 "-" "Mozilla/5.0 (iPhone; CPU iPhone OS 7_0 like Mac OS X) AppleWebKit/537.51.1 (KHTML, like Gecko) Version/7.0 Mobile/11A465 Safari/9537.53 BingPreview/1.0b"
65.55.210.14 - - [02/Nov/2017:16:19:03 +0100] "GET /cds/simplaydata/controlconfig.xml?nocache=1509126046011 HTTP/1.1" 200 121 "-" "Mozilla/5.0 (iPhone; CPU iPhone OS 7_0 like Mac OS X) AppleWebKit/537.51.1 (KHTML, like Gecko) Version/7.0 Mobile/11A465 Safari/9537.53 BingPreview/1.0b"
65.55.210.14 - - [02/Nov/2017:16:19:04 +0100] "GET /cds/simplaydata/playerskins/default/skin.xml?nocache=1509126047478 HTTP/1.1" 200 649 "-" "Mozilla/5.0 (iPhone; CPU iPhone OS 7_0 like Mac OS X) AppleWebKit/537.51.1 (KHTML, like Gecko) Version/7.0 Mobile/11A465 Safari/9537.53 BingPreview/1.0b"
65.55.210.14 - - [02/Nov/2017:16:19:06 +0100] "GET /cds/simplaydata/playerskins/default/play_over.jpg HTTP/1.1" 200 986 "-" "Mozilla/5.0 (iPhone; CPU iPhone OS 7_0 like Mac OS X) AppleWebKit/537.51.1 (KHTML, like Gecko) Version/7.0 Mobile/11A465 Safari/9537.53 BingPreview/1.0b"
46.229.168.65 - - [02/Nov/2017:16:44:33 +0100] "GET /buecher/index.html HTTP/1.1" 200 25885 "-" "Mozilla/5.0 (compatible; SemrushBot/1.2~bl; +http://www.semrush.com/bot.html)"
