77.75.77.109 - - [07/Nov/2017:17:33:55 +0100] "GET /robots.txt HTTP/1.1" 200 100 "-" "Mozilla/5.0 (compatible; SeznamBot/3.2; +http://napoveda.seznam.cz/en/seznambot-intro/)"
77.75.77.109 - - [07/Nov/2017:17:33:55 +0100] "GET /buecher/rezensionen.html HTTP/1.1" 304 - "-" "Mozilla/5.0 (compatible; SeznamBot/3.2; +http://napoveda.seznam.cz/en/seznambot-intro/)"
157.55.39.19 - - [07/Nov/2017:17:55:33 +0100] "GET /sonderthemen/oekt_extra1.pdf HTTP/1.1" 200 1849015 "-" "Mozilla/5.0 (compatible; bingbot/2.0; +http://www.bing.com/bingbot.htm)"
157.55.39.185 - - [07/Nov/2017:18:52:40 +0100] "GET /buecher/veroeffentlichungsliste.html HTTP/1.1" 200 129779 "-" "Mozilla/5.0 (iPhone; CPU iPhone OS 7_0 like Mac OS X) AppleWebKit/537.51.1 (KHTML, like Gecko) Version/7.0 Mobile/11A465 Safari/9537.53 (compatible; bingbot/2.0; +http://www.bing.com/bingbot.htm)"
157.55.39.185 - - [07/Nov/2017:19:01:02 +0100] "GET /logo_g.gif HTTP/1.1" 200 1301 "-" "Mozilla/5.0 (iPhone; CPU iPhone OS 7_0 like Mac OS X) AppleWebKit/537.51.1 (KHTML, like Gecko) Version/7.0 Mobile/11A465 Safari/9537.53 (compatible; bingbot/2.0; +http://www.bing.com/bingbot.htm)"
157.55.39.185 - - [07/Nov/2017:19:01:02 +0100] "GET /pf.gif HTTP/1.1" 200 62 "-" "Mozilla/5.0 (iPhone; CPU iPhone OS 7_0 like Mac OS X) AppleWebKit/537.51.1 (KHTML, like Gecko) Version/7.0 Mobile/11A465 Safari/9537.53 (compatible; bingbot/2.0; +http://www.bing.com/bingbot.htm)"
40.77.167.125 - - [07/Nov/2017:19:01:06 +0100] "GET /mv_g.gif HTTP/1.1" 200 4070 "-" "Mozilla/5.0 (iPhone; CPU iPhone OS 7_0 like Mac OS X) AppleWebKit/537.51.1 (KHTML, like Gecko) Version/7.0 Mobile/11A465 Safari/9537.53 (compatible; bingbot/2.0; +http://www.bing.com/bingbot.htm)"
40.77.167.125 - - [07/Nov/2017:19:01:07 +0100] "GET /strich.gif HTTP/1.1" 200 45 "-" "Mozilla/5.0 (iPhone; CPU iPhone OS 7_0 like Mac OS X) AppleWebKit/537.51.1 (KHTML, like Gecko) Version/7.0 Mobile/11A465 Safari/9537.53 (compatible; bingbot/2.0; +http://www.bing.com/bingbot.htm)"
40.77.167.125 - - [07/Nov/2017:19:20:45 +0100] "GET /robots.txt HTTP/1.1" 200 100 "-" "Mozilla/5.0 (compatible; bingbot/2.0; +http://www.bing.com/bingbot.htm)"
87.250.233.65 - - [07/Nov/2017:19:47:01 +0100] "GET /robots.txt HTTP/1.1" 200 100 "-" "Mozilla/5.0 (compatible; YandexBot/3.0; +http://yandex.com/bots)"
87.250.233.65 - - [07/Nov/2017:19:47:05 +0100] "GET /cds/hymnos_akathistos.html HTTP/1.1" 200 11061 "-" "Mozilla/5.0 (compatible; YandexBot/3.0; +http://yandex.com/bots)"
148.251.54.44 - - [07/Nov/2017:19:52:44 +0100] "GET /sonderthemen/sk2000.pdf HTTP/1.1" 200 2925489 "-" "Mozilla/5.0 (Windows NT 6.2; rv:16.0) Gecko/20100101 Firefox/16.0"
101.236.2.2 - - [07/Nov/2017:19:56:56 +0100] "GET / HTTP/1.1" 200 9360 "-" "-"
101.236.2.2 - - [07/Nov/2017:19:56:57 +0100] "GET /xmlrpc.php HTTP/1.1" 404 2381 "-" "-"
101.236.2.2 - - [07/Nov/2017:19:56:58 +0100] "HEAD /wp-login.php HTTP/1.1" 404 - "-" "-"
40.77.178.222 - - [07/Nov/2017:20:02:04 +0100] "GET /buecher/chateaubriand.jpg HTTP/1.1" 200 2272 "-" "Mozilla/5.0 (iPhone; CPU iPhone OS 7_0 like Mac OS X) AppleWebKit/537.51.1 (KHTML, like Gecko) Version/7.0 Mobile/11A465 Safari/9537.53 BingPreview/1.0b"
40.77.178.222 - - [07/Nov/2017:20:02:04 +0100] "GET /buecher/schenuit.jpg HTTP/1.1" 200 2024 "-" "Mozilla/5.0 (iPhone; CPU iPhone OS 7_0 like Mac OS X) AppleWebKit/537.51.1 (KHTML, like Gecko) Version/7.0 Mobile/11A465 Safari/9537.53 BingPreview/1.0b"
40.77.178.222 - - [07/Nov/2017:20:02:05 +0100] "GET /m.gif HTTP/1.1" 200 95 "-" "Mozilla/5.0 (iPhone; CPU iPhone OS 7_0 like Mac OS X) AppleWebKit/537.51.1 (KHTML, like Gecko) Version/7.0 Mobile/11A465 Safari/9537.53 BingPreview/1.0b"
5.9.94.207 - - [07/Nov/2017:20:24:16 +0100] "GET /sonderthemen/oekt_extra2.pdf HTTP/1.1" 200 1939949 "-" "Mozilla/5.0 (X11; Ubuntu; Linux i686; rv:14.0) Gecko/20100101 Firefox/14.0.1"
157.55.39.19 - - [07/Nov/2017:21:18:59 +0100] "GET /buecher/rezensionen_krise_zum_heil.html HTTP/1.1" 200 9828 "-" "Mozilla/5.0 (iPhone; CPU iPhone OS 7_0 like Mac OS X) AppleWebKit/537.51.1 (KHTML, like Gecko) Version/7.0 Mobile/11A465 Safari/9537.53 (compatible; bingbot/2.0; +http://www.bing.com/bingbot.htm)"
114.115.190.4 - - [07/Nov/2017:21:31:12 +0100] "GET /robots.txt HTTP/1.0" 200 100 "-" "nutch-1.4/Nutch-1.4"
114.115.190.4 - - [07/Nov/2017:21:31:12 +0100] "GET / HTTP/1.0" 200 9360 "-" "nutch-1.4/Nutch-1.4"
144.76.223.13 - - [07/Nov/2017:21:33:31 +0100] "GET / HTTP/1.1" 200 9360 "-" "Mozilla/5.0 (Windows; U; Windows NT 6.1; de; rv:1.9.2.12) Gecko/20101026 Firefox/3.6.12"
46.229.168.72 - - [07/Nov/2017:21:44:21 +0100] "GET /buecher/rezensionen_le_saulchoir.html HTTP/1.1" 200 34009 "-" "Mozilla/5.0 (compatible; SemrushBot/1.2~bl; +http://www.semrush.com/bot.html)"
46.229.168.72 - - [07/Nov/2017:21:44:45 +0100] "GET /buecher/rezensionen_le_saulchoir.html HTTP/1.1" 200 34009 "-" "Mozilla/5.0 (compatible; SemrushBot/1.2~bl; +http://www.semrush.com/bot.html)"
46.229.168.77 - - [07/Nov/2017:21:44:46 +0100] "GET /buecher/rezensionen_psalmen.html HTTP/1.1" 200 6787 "-" "Mozilla/5.0 (compatible; SemrushBot/1.2~bl; +http://www.semrush.com/bot.html)"
46.229.168.80 - - [07/Nov/2017:21:44:53 +0100] "GET /jahrbuch/titelseiten/index.html HTTP/1.1" 200 6735 "-" "Mozilla/5.0 (compatible; SemrushBot/1.2~bl; +http://www.semrush.com/bot.html)"
46.229.168.72 - - [07/Nov/2017:21:45:02 +0100] "GET /buecher/rezensionen_le_saulchoir.html HTTP/1.1" 200 34009 "-" "Mozilla/5.0 (compatible; SemrushBot/1.2~bl; +http://www.semrush.com/bot.html)"
46.229.168.73 - - [07/Nov/2017:21:45:25 +0100] "GET /jahrbuch/index.html HTTP/1.1" 200 3956 "-" "Mozilla/5.0 (compatible; SemrushBot/1.2~bl; +http://www.semrush.com/bot.html)"
46.229.168.66 - - [07/Nov/2017:21:45:32 +0100] "GET /sonderthemen/presse.html HTTP/1.1" 200 5772 "-" "Mozilla/5.0 (compatible; SemrushBot/1.2~bl; +http://www.semrush.com/bot.html)"
46.229.168.73 - - [07/Nov/2017:21:45:34 +0100] "GET /jahrbuch/index.html HTTP/1.1" 200 3956 "-" "Mozilla/5.0 (compatible; SemrushBot/1.2~bl; +http://www.semrush.com/bot.html)"
46.229.168.73 - - [07/Nov/2017:21:45:54 +0100] "GET /cds/astazi.html HTTP/1.1" 200 8453 "-" "Mozilla/5.0 (compatible; SemrushBot/1.2~bl; +http://www.semrush.com/bot.html)"
46.229.168.80 - - [07/Nov/2017:21:46:02 +0100] "GET /sonderthemen/archiv.html HTTP/1.1" 200 6959 "-" "Mozilla/5.0 (compatible; SemrushBot/1.2~bl; +http://www.semrush.com/bot.html)"
46.229.168.77 - - [07/Nov/2017:21:46:37 +0100] "GET /buecher/rezensionen_krise_zum_heil.html HTTP/1.1" 200 9828 "-" "Mozilla/5.0 (compatible; SemrushBot/1.2~bl; +http://www.semrush.com/bot.html)"
46.229.168.77 - - [07/Nov/2017:21:46:37 +0100] "GET /buecher/rezensionen_krise_zum_heil.html HTTP/1.1" 200 9828 "-" "Mozilla/5.0 (compatible; SemrushBot/1.2~bl; +http://www.semrush.com/bot.html)"
207.46.13.156 - - [07/Nov/2017:21:59:01 +0100] "GET /sonderthemen/az2003.pdf HTTP/1.1" 200 4864675 "-" "Mozilla/5.0 (iPhone; CPU iPhone OS 7_0 like Mac OS X) AppleWebKit/537.51.1 (KHTML, like Gecko) Version/7.0 Mobile/11A465 Safari/9537.53 (compatible; bingbot/2.0; +http://www.bing.com/bingbot.htm)"
217.73.208.148 - - [07/Nov/2017:22:01:15 +0100] "GET /robots.txt HTTP/1.0" 200 100 "-" "istellabot/t.1.13"
217.73.208.148 - - [07/Nov/2017:22:01:15 +0100] "GET / HTTP/1.0" 200 9360 "-" "istellabot/t.1.13"
5.9.145.132 - - [07/Nov/2017:22:17:38 +0100] "GET /sonderthemen/oekt_extra2.pdf HTTP/1.1" 200 1939949 "-" "Mozilla/5.0 (Macintosh; Intel Mac OS X 10_5_8) AppleWebKit/534.50.2 (KHTML, like Gecko) Version/5.0.6 Safari/533.22.3"
138.201.30.66 - - [07/Nov/2017:22:29:23 +0100] "GET /robots.txt HTTP/1.0" 200 100 "-" "Mozilla/5.0 (compatible; SEOkicks-Robot; +http://www.seokicks.de/robot.html)"
138.201.30.66 - - [07/Nov/2017:22:29:24 +0100] "GET / HTTP/1.0" 200 9360 "-" "Mozilla/5.0 (compatible; SEOkicks-Robot; +http://www.seokicks.de/robot.html)"
138.201.30.66 - - [07/Nov/2017:22:29:26 +0100] "GET /main.css HTTP/1.0" 200 1439 "http://www.morusverlag.de/" "Mozilla/5.0 (compatible; SEOkicks-Robot; +http://www.seokicks.de/robot.html)"
138.201.30.66 - - [07/Nov/2017:22:29:27 +0100] "GET /buecher/index.html HTTP/1.0" 200 25885 "http://www.morusverlag.de/" "Mozilla/5.0 (compatible; SEOkicks-Robot; +http://www.seokicks.de/robot.html)"
138.201.30.66 - - [07/Nov/2017:22:29:28 +0100] "GET /contentflow/contentflow.js HTTP/1.0" 200 42064 "http://www.morusverlag.de/buecher/index.html" "Mozilla/5.0 (compatible; SEOkicks-Robot; +http://www.seokicks.de/robot.html)"
138.201.30.66 - - [07/Nov/2017:22:29:29 +0100] "GET /cds/index.html HTTP/1.0" 200 7987 "http://www.morusverlag.de/" "Mozilla/5.0 (compatible; SEOkicks-Robot; +http://www.seokicks.de/robot.html)"
138.201.30.66 - - [07/Nov/2017:22:29:30 +0100] "GET /gotteslob/index.html HTTP/1.0" 200 2770 "http://www.morusverlag.de/" "Mozilla/5.0 (compatible; SEOkicks-Robot; +http://www.seokicks.de/robot.html)"
138.201.30.66 - - [07/Nov/2017:22:29:32 +0100] "GET /jahrbuch/index.html HTTP/1.0" 200 3956 "http://www.morusverlag.de/" "Mozilla/5.0 (compatible; SEOkicks-Robot; +http://www.seokicks.de/robot.html)"
138.201.30.66 - - [07/Nov/2017:22:29:33 +0100] "GET /sonderthemen/index.html HTTP/1.0" 200 7102 "http://www.morusverlag.de/" "Mozilla/5.0 (compatible; SEOkicks-Robot; +http://www.seokicks.de/robot.html)"
157.55.39.19 - - [07/Nov/2017:23:09:37 +0100] "GET /buecher/gesichter/06.jpg HTTP/1.1" 200 8732 "-" "Mozilla/5.0 (compatible; bingbot/2.0; +http://www.bing.com/bingbot.htm)"
79.207.23.247 - - [07/Nov/2017:23:16:31 +0100] "GET /main.css HTTP/1.1" 200 1439 "http://www.morusverlag.de/buecher/rezensionen_chateaubriand.html" "Mozilla/5.0 (Windows NT 6.1; Win64; x64; rv:56.0) Gecko/20100101 Firefox/56.0"
79.207.23.247 - - [07/Nov/2017:23:16:31 +0100] "GET /pf.gif HTTP/1.1" 200 62 "http://www.morusverlag.de/buecher/rezensionen_chateaubriand.html" "Mozilla/5.0 (Windows NT 6.1; Win64; x64; rv:56.0) Gecko/20100101 Firefox/56.0"
79.207.23.247 - - [07/Nov/2017:23:16:31 +0100] "GET /logo_g.gif HTTP/1.1" 200 1301 "http://www.morusverlag.de/buecher/rezensionen_chateaubriand.html" "Mozilla/5.0 (Windows NT 6.1; Win64; x64; rv:56.0) Gecko/20100101 Firefox/56.0"
79.207.23.247 - - [07/Nov/2017:23:16:31 +0100] "GET /mv_g.gif HTTP/1.1" 200 4070 "http://www.morusverlag.de/buecher/rezensionen_chateaubriand.html" "Mozilla/5.0 (Windows NT 6.1; Win64; x64; rv:56.0) Gecko/20100101 Firefox/56.0"
79.207.23.247 - - [07/Nov/2017:23:16:31 +0100] "GET /strich.gif HTTP/1.1" 200 45 "http://www.morusverlag.de/buecher/rezensionen_chateaubriand.html" "Mozilla/5.0 (Windows NT 6.1; Win64; x64; rv:56.0) Gecko/20100101 Firefox/56.0"
79.207.23.247 - - [07/Nov/2017:23:16:31 +0100] "GET /buecher/chateaubriand.jpg HTTP/1.1" 200 2272 "http://www.morusverlag.de/buecher/rezensionen_chateaubriand.html" "Mozilla/5.0 (Windows NT 6.1; Win64; x64; rv:56.0) Gecko/20100101 Firefox/56.0"
79.207.23.247 - - [07/Nov/2017:23:16:31 +0100] "GET /buecher/rezensionen_chateaubriand.html HTTP/1.1" 200 47317 "https://www.google.de/" "Mozilla/5.0 (Windows NT 6.1; Win64; x64; rv:56.0) Gecko/20100101 Firefox/56.0"
79.207.23.247 - - [07/Nov/2017:23:16:32 +0100] "GET /buecher/schenuit.jpg HTTP/1.1" 200 2024 "http://www.morusverlag.de/buecher/rezensionen_chateaubriand.html" "Mozilla/5.0 (Windows NT 6.1; Win64; x64; rv:56.0) Gecko/20100101 Firefox/56.0"
79.207.23.247 - - [07/Nov/2017:23:16:32 +0100] "GET /m.gif HTTP/1.1" 200 95 "http://www.morusverlag.de/buecher/rezensionen_chateaubriand.html" "Mozilla/5.0 (Windows NT 6.1; Win64; x64; rv:56.0) Gecko/20100101 Firefox/56.0"
79.207.23.247 - - [07/Nov/2017:23:16:32 +0100] "GET /favicon.ico HTTP/1.1" 200 4286 "-" "Mozilla/5.0 (Windows NT 6.1; Win64; x64; rv:56.0) Gecko/20100101 Firefox/56.0"
157.55.39.19 - - [07/Nov/2017:23:23:33 +0100] "GET /cds/ignatius.html HTTP/1.1" 200 6576 "-" "Mozilla/5.0 (iPhone; CPU iPhone OS 7_0 like Mac OS X) AppleWebKit/537.51.1 (KHTML, like Gecko) Version/7.0 Mobile/11A465 Safari/9537.53 (compatible; bingbot/2.0; +http://www.bing.com/bingbot.htm)"
77.75.79.54 - - [07/Nov/2017:23:25:39 +0100] "GET /robots.txt HTTP/1.1" 200 100 "-" "Mozilla/5.0 (compatible; SeznamBot/3.2; +http://napoveda.seznam.cz/en/seznambot-intro/)"
77.75.79.54 - - [07/Nov/2017:23:25:39 +0100] "GET /buecher/gesichter/20.jpg HTTP/1.1" 304 - "-" "Mozilla/5.0 (compatible; SeznamBot/3.2; +http://napoveda.seznam.cz/en/seznambot-intro/)"
66.249.64.211 - - [08/Nov/2017:00:26:52 +0100] "GET /robots.txt HTTP/1.1" 200 100 "-" "Mozilla/5.0 (compatible; Googlebot/2.1; +http://www.google.com/bot.html)"
66.249.64.213 - - [08/Nov/2017:00:26:52 +0100] "GET /main.css HTTP/1.1" 200 1439 "http://www.morusverlag.de/buecher/bestellung.php" "Mozilla/5.0 (compatible; Googlebot/2.1; +http://www.google.com/bot.html)"
77.75.77.95 - - [08/Nov/2017:00:30:33 +0100] "GET /robots.txt HTTP/1.1" 200 100 "-" "Mozilla/5.0 (compatible; SeznamBot/3.2; +http://napoveda.seznam.cz/en/seznambot-intro/)"
77.75.77.95 - - [08/Nov/2017:00:30:33 +0100] "GET /sonderthemen/index.html HTTP/1.1" 304 - "-" "Mozilla/5.0 (compatible; SeznamBot/3.2; +http://napoveda.seznam.cz/en/seznambot-intro/)"
40.77.167.125 - - [08/Nov/2017:00:37:31 +0100] "GET /jahrbuch/index.html HTTP/1.1" 200 3956 "-" "Mozilla/5.0 (iPhone; CPU iPhone OS 7_0 like Mac OS X) AppleWebKit/537.51.1 (KHTML, like Gecko) Version/7.0 Mobile/11A465 Safari/9537.53 (compatible; bingbot/2.0; +http://www.bing.com/bingbot.htm)"
217.69.133.31 - - [08/Nov/2017:00:49:15 +0100] "GET /robots.txt HTTP/1.0" 200 100 "-" "Mozilla/5.0 (compatible; Linux x86_64; Mail.RU_Bot/2.0; +http://go.mail.ru/help/robots)"
217.69.133.30 - - [08/Nov/2017:00:49:16 +0100] "GET /gotteslob/gotteslob_alle.jpg HTTP/1.1" 200 24560 "-" "Mozilla/5.0 (compatible; Linux x86_64; Mail.RU_Bot/2.0; +http://go.mail.ru/help/robots)"
157.55.39.185 - - [08/Nov/2017:00:55:42 +0100] "GET /cds/glockenspiel2.html HTTP/1.1" 200 9831 "-" "Mozilla/5.0 (iPhone; CPU iPhone OS 7_0 like Mac OS X) AppleWebKit/537.51.1 (KHTML, like Gecko) Version/7.0 Mobile/11A465 Safari/9537.53 (compatible; bingbot/2.0; +http://www.bing.com/bingbot.htm)"
199.30.24.105 - - [08/Nov/2017:01:10:40 +0100] "GET /logo_g.gif HTTP/1.1" 200 1301 "-" "Mozilla/5.0 (iPhone; CPU iPhone OS 7_0 like Mac OS X) AppleWebKit/537.51.1 (KHTML, like Gecko) Version/7.0 Mobile/11A465 Safari/9537.53 BingPreview/1.0b"
65.55.210.132 - - [08/Nov/2017:01:10:41 +0100] "GET /mv_g.gif HTTP/1.1" 200 4070 "-" "Mozilla/5.0 (iPhone; CPU iPhone OS 7_0 like Mac OS X) AppleWebKit/537.51.1 (KHTML, like Gecko) Version/7.0 Mobile/11A465 Safari/9537.53 BingPreview/1.0b"
199.30.24.105 - - [08/Nov/2017:01:10:42 +0100] "GET /pf.gif HTTP/1.1" 200 62 "-" "Mozilla/5.0 (iPhone; CPU iPhone OS 7_0 like Mac OS X) AppleWebKit/537.51.1 (KHTML, like Gecko) Version/7.0 Mobile/11A465 Safari/9537.53 BingPreview/1.0b"
199.30.24.94 - - [08/Nov/2017:01:10:43 +0100] "GET /buecher/krise_zum_heil.jpg HTTP/1.1" 200 1930 "-" "Mozilla/5.0 (iPhone; CPU iPhone OS 7_0 like Mac OS X) AppleWebKit/537.51.1 (KHTML, like Gecko) Version/7.0 Mobile/11A465 Safari/9537.53 BingPreview/1.0b"
199.30.24.70 - - [08/Nov/2017:01:10:44 +0100] "GET /m.gif HTTP/1.1" 200 95 "-" "Mozilla/5.0 (iPhone; CPU iPhone OS 7_0 like Mac OS X) AppleWebKit/537.51.1 (KHTML, like Gecko) Version/7.0 Mobile/11A465 Safari/9537.53 BingPreview/1.0b"
199.30.24.239 - - [08/Nov/2017:01:10:45 +0100] "GET /strich.gif HTTP/1.1" 200 45 "-" "Mozilla/5.0 (iPhone; CPU iPhone OS 7_0 like Mac OS X) AppleWebKit/537.51.1 (KHTML, like Gecko) Version/7.0 Mobile/11A465 Safari/9537.53 BingPreview/1.0b"
207.46.13.156 - - [08/Nov/2017:01:25:37 +0100] "GET / HTTP/1.1" 200 9360 "-" "Mozilla/5.0 (compatible; bingbot/2.0; +http://www.bing.com/bingbot.htm)"
77.75.76.162 - - [08/Nov/2017:01:27:10 +0100] "GET /robots.txt HTTP/1.1" 200 100 "-" "Mozilla/5.0 (compatible; SeznamBot/3.2; +http://napoveda.seznam.cz/en/seznambot-intro/)"
77.75.76.162 - - [08/Nov/2017:01:27:10 +0100] "GET /buecher/gesichter/25.jpg HTTP/1.1" 304 - "-" "Mozilla/5.0 (compatible; SeznamBot/3.2; +http://napoveda.seznam.cz/en/seznambot-intro/)"
178.217.187.39 - - [08/Nov/2017:01:57:07 +0100] "GET /utility/convert/index.php HTTP/1.1" 404 2381 "-" "Mozilla/5.0 (Windows NT 10.0; Win64; x64) AppleWebKit/537.36 (KHTML, like Gecko) Chrome/56.0.2924.87 Safari/537.36"
199.30.25.148 - - [08/Nov/2017:02:03:33 +0100] "GET /sonderthemen/az2003.pdf HTTP/1.1" 200 4864675 "-" "Mozilla/5.0 (iPhone; CPU iPhone OS 7_0 like Mac OS X) AppleWebKit/537.51.1 (KHTML, like Gecko) Version/7.0 Mobile/11A465 Safari/9537.53 BingPreview/1.0b"
157.55.39.19 - - [08/Nov/2017:02:06:04 +0100] "GET /buecher/gesichter/22.jpg HTTP/1.1" 200 8837 "-" "Mozilla/5.0 (compatible; bingbot/2.0; +http://www.bing.com/bingbot.htm)"
157.55.39.185 - - [08/Nov/2017:02:15:57 +0100] "GET /kontakt/index.html HTTP/1.1" 200 2896 "-" "Mozilla/5.0 (iPhone; CPU iPhone OS 7_0 like Mac OS X) AppleWebKit/537.51.1 (KHTML, like Gecko) Version/7.0 Mobile/11A465 Safari/9537.53 (compatible; bingbot/2.0; +http://www.bing.com/bingbot.htm)"
66.249.64.209 - - [08/Nov/2017:02:16:38 +0100] "GET /sonderthemen/akademieprogramm/04/pro_zei_04_s15.pdf HTTP/1.1" 404 2381 "-" "Mozilla/5.0 (compatible; Googlebot/2.1; +http://www.google.com/bot.html)"
77.220.213.173 - - [08/Nov/2017:02:30:07 +0100] "HEAD / HTTP/1.1" 200 - "https://termoshop.com.ua/termosy" "Mozilla/5.0 (compatible; MSIE5.00; Windows 2007)"
185.154.13.6 - - [08/Nov/2017:02:30:08 +0100] "HEAD / HTTP/1.1" 200 - "http://avto-zapchasti.in.ua/daewoo" "Mozilla/4.0 (compatible; MSIE5.00; Windows 2004)"
178.159.39.237 - - [08/Nov/2017:02:30:08 +0100] "HEAD / HTTP/1.1" 200 - "http://blogforlady.com/deti/kak-pravilno-vybrat-detskoe-avtokreslo" "Mozilla/4.0 (compatible; MSIE5.00; Windows 2008)"
185.209.20.147 - - [08/Nov/2017:02:30:08 +0100] "HEAD / HTTP/1.1" 200 - "http://miss-saint-petersburg.ru/#contact-us" "Mozilla/8.0 (compatible; MSIE6.00; Windows 2009)"
178.159.43.212 - - [08/Nov/2017:02:30:08 +0100] "HEAD / HTTP/1.1" 200 - "https://webalex.pro/blog/administrirovanie-sajta.html" "Mozilla/2.0 (compatible; MSIE2.00; Windows 2007)"
157.55.39.185 - - [08/Nov/2017:02:39:50 +0100] "GET /cds/ignatius.jpg HTTP/1.1" 200 18712 "-" "Mozilla/5.0 (iPhone; CPU iPhone OS 7_0 like Mac OS X) AppleWebKit/537.51.1 (KHTML, like Gecko) Version/7.0 Mobile/11A465 Safari/9537.53 (compatible; bingbot/2.0; +http://www.bing.com/bingbot.htm)"
207.46.13.156 - - [08/Nov/2017:02:40:04 +0100] "GET /cds/simplay_player.swf?audiofile=der_mensch.mp3 HTTP/1.1" 200 6377 "-" "Mozilla/5.0 (iPhone; CPU iPhone OS 7_0 like Mac OS X) AppleWebKit/537.51.1 (KHTML, like Gecko) Version/7.0 Mobile/11A465 Safari/9537.53 (compatible; bingbot/2.0; +http://www.bing.com/bingbot.htm)"
207.46.13.156 - - [08/Nov/2017:02:41:58 +0100] "GET / HTTP/1.1" 200 9360 "-" "Mozilla/5.0 (iPhone; CPU iPhone OS 7_0 like Mac OS X) AppleWebKit/537.51.1 (KHTML, like Gecko) Version/7.0 Mobile/11A465 Safari/9537.53 (compatible; bingbot/2.0; +http://www.bing.com/bingbot.htm)"
194.87.236.223 - - [08/Nov/2017:02:45:34 +0100] "HEAD / HTTP/1.1" 200 - "https://lehome.ru/katalog/stylia/taburet-flexform-kuka/" "Mozilla/4.0 (compatible; MSIE7.00; Windows 2003)"
195.133.201.163 - - [08/Nov/2017:02:45:35 +0100] "HEAD / HTTP/1.1" 200 - "https://www.spokiy.com/ritualnyj-shatjor.html" "Mozilla/8.0 (compatible; MSIE2.00; Windows 2009)"
194.87.103.12 - - [08/Nov/2017:02:45:35 +0100] "HEAD / HTTP/1.1" 200 - "https://pamjatnik.com.ua/shjedjevry-mirovoj-arkhitjektury/164-vjersal" "Mozilla/2.0 (compatible; MSIE3.00; Windows 2008)"
194.87.94.251 - - [08/Nov/2017:02:45:35 +0100] "HEAD / HTTP/1.1" 200 - "https://www.probenzo.com.ua/minitraktor/kupit-minitraktor/dongfeng-404-dhl-%D0%BE%D1%82%D0%B7%D1%8B%D0%B2%D1%8B-%D0%BA%D1%83%D0%BF%D0%B8%D1%82%D1%8C" "Mozilla/3.0 (compatible; MSIE5.00; Windows 2004)"
195.133.145.199 - - [08/Nov/2017:02:45:35 +0100] "HEAD / HTTP/1.1" 200 - "https://www.yourprivatebankers.com/metody-investirovaniya/" "Mozilla/7.0 (compatible; MSIE2.00; Windows 2005)"
195.133.147.6 - - [08/Nov/2017:02:50:07 +0100] "HEAD / HTTP/1.1" 200 - "https://carivka.com.ua/news/78-andreevskie-vechernitzy.html" "Mozilla/3.0 (compatible; MSIE2.00; Windows 2003)"
40.77.167.125 - - [08/Nov/2017:03:06:01 +0100] "GET /cds/index.html HTTP/1.1" 200 7987 "-" "Mozilla/5.0 (iPhone; CPU iPhone OS 7_0 like Mac OS X) AppleWebKit/537.51.1 (KHTML, like Gecko) Version/7.0 Mobile/11A465 Safari/9537.53 (compatible; bingbot/2.0; +http://www.bing.com/bingbot.htm)"
77.75.79.95 - - [08/Nov/2017:03:10:49 +0100] "GET /robots.txt HTTP/1.1" 200 100 "-" "Mozilla/5.0 (compatible; SeznamBot/3.2; +http://napoveda.seznam.cz/en/seznambot-intro/)"
77.75.79.95 - - [08/Nov/2017:03:10:50 +0100] "GET /buecher/gesichter/21.jpg HTTP/1.1" 304 - "-" "Mozilla/5.0 (compatible; SeznamBot/3.2; +http://napoveda.seznam.cz/en/seznambot-intro/)"
40.77.167.125 - - [08/Nov/2017:03:32:03 +0100] "GET /sonderthemen/az2000.pdf HTTP/1.1" 200 2253581 "-" "Mozilla/5.0 (iPhone; CPU iPhone OS 7_0 like Mac OS X) AppleWebKit/537.51.1 (KHTML, like Gecko) Version/7.0 Mobile/11A465 Safari/9537.53 (compatible; bingbot/2.0; +http://www.bing.com/bingbot.htm)"
77.75.76.163 - - [08/Nov/2017:03:48:27 +0100] "GET /robots.txt HTTP/1.1" 200 100 "-" "Mozilla/5.0 (compatible; SeznamBot/3.2; +http://napoveda.seznam.cz/en/seznambot-intro/)"
77.75.76.163 - - [08/Nov/2017:03:48:28 +0100] "GET /buecher/rezensionen_preysing.html HTTP/1.1" 304 - "-" "Mozilla/5.0 (compatible; SeznamBot/3.2; +http://napoveda.seznam.cz/en/seznambot-intro/)"
157.55.39.185 - - [08/Nov/2017:03:58:51 +0100] "GET /cds/simplay_player.swf?audiofile=glockenspiel2.mp3 HTTP/1.1" 200 6377 "-" "Mozilla/5.0 (iPhone; CPU iPhone OS 7_0 like Mac OS X) AppleWebKit/537.51.1 (KHTML, like Gecko) Version/7.0 Mobile/11A465 Safari/9537.53 (compatible; bingbot/2.0; +http://www.bing.com/bingbot.htm)"
193.1.218.163 - - [08/Nov/2017:03:59:58 +0100] "HEAD / HTTP/1.1" 200 - "-" "Java/1.6.0_23"
40.77.167.125 - - [08/Nov/2017:04:03:58 +0100] "GET /gotteslob/index.html HTTP/1.1" 200 2770 "-" "Mozilla/5.0 (iPhone; CPU iPhone OS 7_0 like Mac OS X) AppleWebKit/537.51.1 (KHTML, like Gecko) Version/7.0 Mobile/11A465 Safari/9537.53 (compatible; bingbot/2.0; +http://www.bing.com/bingbot.htm)"
207.46.13.156 - - [08/Nov/2017:04:14:08 +0100] "GET /buecher/gesichter/29.jpg HTTP/1.1" 200 9282 "-" "Mozilla/5.0 (compatible; bingbot/2.0; +http://www.bing.com/bingbot.htm)"
207.46.13.156 - - [08/Nov/2017:04:46:06 +0100] "GET /cds/rosarium.html HTTP/1.1" 200 6680 "-" "Mozilla/5.0 (iPhone; CPU iPhone OS 7_0 like Mac OS X) AppleWebKit/537.51.1 (KHTML, like Gecko) Version/7.0 Mobile/11A465 Safari/9537.53 (compatible; bingbot/2.0; +http://www.bing.com/bingbot.htm)"
93.160.60.32 - - [08/Nov/2017:04:50:43 +0100] "GET / HTTP/1.1" 200 9360 "-" "Mozilla/4.0 (compatible; MSIE 7.0; Windows NT 5.0) Match by Siteimprove.com"
40.77.177.120 - - [08/Nov/2017:04:59:58 +0100] "GET /cds/simplay_control.swf HTTP/1.1" 200 1243 "-" "Mozilla/5.0 (iPhone; CPU iPhone OS 7_0 like Mac OS X) AppleWebKit/537.51.1 (KHTML, like Gecko) Version/7.0 Mobile/11A465 Safari/9537.53 BingPreview/1.0b"
40.77.177.120 - - [08/Nov/2017:05:00:02 +0100] "GET /cds/simplaydata/controlconfig.xml?nocache=1510113183422 HTTP/1.1" 200 121 "-" "Mozilla/5.0 (iPhone; CPU iPhone OS 7_0 like Mac OS X) AppleWebKit/537.51.1 (KHTML, like Gecko) Version/7.0 Mobile/11A465 Safari/9537.53 BingPreview/1.0b"
148.251.54.44 - - [08/Nov/2017:05:04:32 +0100] "GET /sonderthemen/oekt_extra1.pdf HTTP/1.1" 200 1849015 "-" "Mozilla/5.0 (Windows NT 6.1; rv:21.0) Gecko/20100101 Firefox/21.0"
40.77.167.125 - - [08/Nov/2017:05:10:39 +0100] "GET /buecher/gesichter/15.jpg HTTP/1.1" 200 7253 "-" "Mozilla/5.0 (compatible; bingbot/2.0; +http://www.bing.com/bingbot.htm)"
40.77.167.125 - - [08/Nov/2017:05:50:07 +0100] "GET /buecher/gesichter/02.jpg HTTP/1.1" 200 9266 "-" "Mozilla/5.0 (compatible; bingbot/2.0; +http://www.bing.com/bingbot.htm)"
157.55.39.19 - - [08/Nov/2017:05:56:23 +0100] "GET /sonderthemen/sk2000.pdf HTTP/1.1" 200 2925489 "-" "Mozilla/5.0 (iPhone; CPU iPhone OS 7_0 like Mac OS X) AppleWebKit/537.51.1 (KHTML, like Gecko) Version/7.0 Mobile/11A465 Safari/9537.53 (compatible; bingbot/2.0; +http://www.bing.com/bingbot.htm)"
207.46.13.156 - - [08/Nov/2017:06:03:00 +0100] "GET /gotteslob/ HTTP/1.1" 200 2770 "-" "Mozilla/5.0 (compatible; bingbot/2.0; +http://www.bing.com/bingbot.htm)"
77.75.76.161 - - [08/Nov/2017:06:14:02 +0100] "GET /robots.txt HTTP/1.1" 200 100 "-" "Mozilla/5.0 (compatible; SeznamBot/3.2; +http://napoveda.seznam.cz/en/seznambot-intro/)"
77.75.76.161 - - [08/Nov/2017:06:14:03 +0100] "GET /buecher/index.html HTTP/1.1" 304 - "-" "Mozilla/5.0 (compatible; SeznamBot/3.2; +http://napoveda.seznam.cz/en/seznambot-intro/)"
40.77.167.125 - - [08/Nov/2017:06:28:14 +0100] "GET /sonderthemen/sk2002.pdf HTTP/1.1" 200 2628923 "-" "Mozilla/5.0 (iPhone; CPU iPhone OS 7_0 like Mac OS X) AppleWebKit/537.51.1 (KHTML, like Gecko) Version/7.0 Mobile/11A465 Safari/9537.53 (compatible; bingbot/2.0; +http://www.bing.com/bingbot.htm)"
40.77.167.125 - - [08/Nov/2017:06:34:20 +0100] "GET /buecher/gesichter/13.jpg HTTP/1.1" 200 8373 "-" "Mozilla/5.0 (compatible; bingbot/2.0; +http://www.bing.com/bingbot.htm)"
193.124.190.64 - - [08/Nov/2017:07:41:59 +0100] "HEAD / HTTP/1.1" 200 - "https://postimvse.ru" "Mozilla/8.0 (compatible; MSIE6.00; Windows 2005)"
77.220.213.173 - - [08/Nov/2017:07:48:22 +0100] "HEAD / HTTP/1.1" 200 - "https://termoshop.com.ua/termosy" "Mozilla/8.0 (compatible; MSIE5.00; Windows 2008)"
178.159.39.237 - - [08/Nov/2017:07:48:23 +0100] "HEAD / HTTP/1.1" 200 - "http://blogforlady.com/uyutnyj-dom/kakoj-kuxonnyj-kombajn-vybrat" "Mozilla/8.0 (compatible; MSIE7.00; Windows 2004)"
185.154.13.6 - - [08/Nov/2017:07:48:23 +0100] "HEAD / HTTP/1.1" 200 - "http://avto-zapchasti.in.ua/CHRYSLER-802" "Mozilla/4.0 (compatible; MSIE2.00; Windows 2005)"
185.209.20.147 - - [08/Nov/2017:07:48:24 +0100] "HEAD / HTTP/1.1" 200 - "http://miss-saint-petersburg.ru/#vopros" "Mozilla/6.0 (compatible; MSIE7.00; Windows 2003)"
178.159.43.212 - - [08/Nov/2017:07:48:25 +0100] "HEAD / HTTP/1.1" 200 - "https://webalex.pro/blog.html" "Mozilla/8.0 (compatible; MSIE5.00; Windows 2004)"
5.9.94.207 - - [08/Nov/2017:07:55:00 +0100] "GET /sonderthemen/oekz2003.pdf HTTP/1.1" 200 4017017 "-" "Mozilla/5.0 (Macintosh; Intel Mac OS X 10_8_3) AppleWebKit/537.36 (KHTML, like Gecko) Chrome/27.0.1453.93 Safari/537.36"
148.251.54.44 - - [08/Nov/2017:07:55:00 +0100] "GET /sonderthemen/az2003.pdf HTTP/1.1" 200 4864675 "-" "Mozilla/5.0 (Macintosh; U; Intel Mac OS X 10_5_8; zh-cn) AppleWebKit/533.18.1 (KHTML, like Gecko) Version/5.0.2 Safari/533.18.5"
193.124.176.156 - - [08/Nov/2017:08:02:49 +0100] "HEAD / HTTP/1.1" 200 - "http://svenska.spb.ru/finskie-shvedy/den-shvedskoj-kultury.html" "Mozilla/8.0 (compatible; MSIE2.00; Windows 2007)"
194.67.210.77 - - [08/Nov/2017:08:02:50 +0100] "HEAD / HTTP/1.1" 200 - "http://stroycity.pro/uslugi/remont-kvartir-pod-klyuch/" "Mozilla/5.0 (compatible; MSIE7.00; Windows 2009)"
185.5.249.185 - - [08/Nov/2017:08:02:50 +0100] "HEAD / HTTP/1.1" 200 - "https://optimatum.ru/analiz-brenda" "Mozilla/7.0 (compatible; MSIE5.00; Windows 2003)"
144.76.153.198 - - [08/Nov/2017:08:33:25 +0100] "GET /buecher/ HTTP/1.1" 200 25885 "-" "Mozilla/5.0 (Windows NT 6.1; rv:21.0) Gecko/20130401 Firefox/21.0"
5.9.112.6 - - [08/Nov/2017:08:33:25 +0100] "GET /buecher/index.html HTTP/1.1" 200 25885 "-" "Mozilla/5.0 (Windows NT 5.1; rv:11.0) Gecko Firefox/11.0"
157.55.39.185 - - [08/Nov/2017:08:36:56 +0100] "GET /buecher/gesichter/27.jpg HTTP/1.1" 200 8110 "-" "Mozilla/5.0 (compatible; bingbot/2.0; +http://www.bing.com/bingbot.htm)"
194.87.236.223 - - [08/Nov/2017:08:43:50 +0100] "HEAD / HTTP/1.1" 200 - "https://lehome.ru/katalog/kashpo/vederko/" "Mozilla/2.0 (compatible; MSIE2.00; Windows 2002)"
195.133.145.199 - - [08/Nov/2017:08:43:50 +0100] "HEAD / HTTP/1.1" 200 - "https://www.yourprivatebankers.com/stavki-ipoteke-shvejtsarii/" "Mozilla/4.0 (compatible; MSIE3.00; Windows 2009)"
195.133.201.163 - - [08/Nov/2017:08:43:50 +0100] "HEAD / HTTP/1.1" 200 - "https://www.spokiy.com/poleznaya-informatsiya/107-kolumbarij-v-kieve.html" "Mozilla/4.0 (compatible; MSIE4.00; Windows 2005)"
194.87.94.251 - - [08/Nov/2017:08:43:51 +0100] "HEAD / HTTP/1.1" 200 - "https://www.probenzo.com.ua/mototehnika/motocikly/enduro-mototsiklyi/viper-v250l-%D0%BE%D1%82%D0%B7%D1%8B%D0%B2%D1%8B-%D0%BA%D1%83%D0%BF%D0%B8%D1%82%D1%8C" "Mozilla/3.0 (compatible; MSIE7.00; Windows 2006)"
195.133.147.6 - - [08/Nov/2017:08:43:52 +0100] "HEAD / HTTP/1.1" 200 - "https://carivka.com.ua/corporative/svadba.html" "Mozilla/3.0 (compatible; MSIE3.00; Windows 2002)"
194.87.103.12 - - [08/Nov/2017:08:44:17 +0100] "HEAD / HTTP/1.1" 200 - "https://pamjatnik.com.ua/o-granite/176-maslavskoje-mestorozhdenije-granita" "Mozilla/6.0 (compatible; MSIE6.00; Windows 2008)"
148.251.54.44 - - [08/Nov/2017:09:28:48 +0100] "GET /sonderthemen/az2000.pdf HTTP/1.1" 200 2253581 "-" "Mozilla/5.0 (X11; Linux i686; rv:21.0) Gecko/20100101 Firefox/21.0"
40.77.167.125 - - [08/Nov/2017:09:28:53 +0100] "GET /sonderthemen/sk2002.pdf HTTP/1.1" 200 2628923 "-" "Mozilla/5.0 (iPhone; CPU iPhone OS 7_0 like Mac OS X) AppleWebKit/537.51.1 (KHTML, like Gecko) Version/7.0 Mobile/11A465 Safari/9537.53 (compatible; bingbot/2.0; +http://www.bing.com/bingbot.htm)"
5.196.87.47 - - [08/Nov/2017:09:42:00 +0100] "GET /robots.txt HTTP/1.1" 200 100 "-" "Mozilla/5.0 (compatible; AhrefsBot/5.2; +http://ahrefs.com/robot/)"
51.255.65.19 - - [08/Nov/2017:09:42:00 +0100] "GET /buecher/rezensionen_nicht_auf_sand_gebaut.html HTTP/1.1" 200 6594 "-" "Mozilla/5.0 (compatible; AhrefsBot/5.2; +http://ahrefs.com/robot/)"
40.77.167.125 - - [08/Nov/2017:10:05:25 +0100] "GET /sonderthemen/oekt_extra3.pdf HTTP/1.1" 200 2109745 "-" "Mozilla/5.0 (iPhone; CPU iPhone OS 7_0 like Mac OS X) AppleWebKit/537.51.1 (KHTML, like Gecko) Version/7.0 Mobile/11A465 Safari/9537.53 (compatible; bingbot/2.0; +http://www.bing.com/bingbot.htm)"
199.30.25.63 - - [08/Nov/2017:10:29:55 +0100] "GET /sonderthemen/sk2002.pdf HTTP/1.1" 200 2628923 "-" "Mozilla/5.0 (iPhone; CPU iPhone OS 7_0 like Mac OS X) AppleWebKit/537.51.1 (KHTML, like Gecko) Version/7.0 Mobile/11A465 Safari/9537.53 BingPreview/1.0b"
207.46.13.156 - - [08/Nov/2017:10:57:21 +0100] "GET /sonderthemen/sk2001.pdf HTTP/1.1" 200 3098589 "-" "Mozilla/5.0 (iPhone; CPU iPhone OS 7_0 like Mac OS X) AppleWebKit/537.51.1 (KHTML, like Gecko) Version/7.0 Mobile/11A465 Safari/9537.53 (compatible; bingbot/2.0; +http://www.bing.com/bingbot.htm)"
180.76.15.159 - - [08/Nov/2017:11:16:01 +0100] "GET /buecher/rezension_gesichter_u_geschichten.pdf HTTP/1.1" 200 223287 "-" "Mozilla/5.0 (compatible; Baiduspider/2.0; +http://www.baidu.com/search/spider.html)"
148.251.75.46 - - [08/Nov/2017:11:31:42 +0100] "GET /sonderthemen/oekt_extra3.pdf HTTP/1.1" 200 2109745 "-" "Mozilla/5.0 (Macintosh; Intel Mac OS X 10_5_8) AppleWebKit/534.50.2 (KHTML, like Gecko) Version/5.0.6 Safari/533.22.3"
89.204.139.45 - - [08/Nov/2017:11:38:45 +0100] "GET / HTTP/1.1" 200 9360 "-" "Mozilla/5.0 (Linux; Android 6.0.1; SM-J510FN Build/MMB29M) AppleWebKit/537.36 (KHTML, like Gecko) Chrome/62.0.3202.84 Mobile Safari/537.36"
89.204.139.45 - - [08/Nov/2017:11:38:46 +0100] "GET /main.css HTTP/1.1" 200 1439 "http://www.morusverlag.de/" "Mozilla/5.0 (Linux; Android 6.0.1; SM-J510FN Build/MMB29M) AppleWebKit/537.36 (KHTML, like Gecko) Chrome/62.0.3202.84 Mobile Safari/537.36"
89.204.139.45 - - [08/Nov/2017:11:38:46 +0100] "GET /logo_g.gif HTTP/1.1" 200 1301 "http://www.morusverlag.de/" "Mozilla/5.0 (Linux; Android 6.0.1; SM-J510FN Build/MMB29M) AppleWebKit/537.36 (KHTML, like Gecko) Chrome/62.0.3202.84 Mobile Safari/537.36"
89.204.139.45 - - [08/Nov/2017:11:38:46 +0100] "GET /mv_g.gif HTTP/1.1" 200 4070 "http://www.morusverlag.de/" "Mozilla/5.0 (Linux; Android 6.0.1; SM-J510FN Build/MMB29M) AppleWebKit/537.36 (KHTML, like Gecko) Chrome/62.0.3202.84 Mobile Safari/537.36"
89.204.139.45 - - [08/Nov/2017:11:38:46 +0100] "GET /mv_gr_w.gif HTTP/1.1" 200 2005 "http://www.morusverlag.de/" "Mozilla/5.0 (Linux; Android 6.0.1; SM-J510FN Build/MMB29M) AppleWebKit/537.36 (KHTML, like Gecko) Chrome/62.0.3202.84 Mobile Safari/537.36"
89.204.139.45 - - [08/Nov/2017:11:38:46 +0100] "GET /jahrbuch_k.jpg HTTP/1.1" 200 3719 "http://www.morusverlag.de/" "Mozilla/5.0 (Linux; Android 6.0.1; SM-J510FN Build/MMB29M) AppleWebKit/537.36 (KHTML, like Gecko) Chrome/62.0.3202.84 Mobile Safari/537.36"
89.204.139.45 - - [08/Nov/2017:11:38:46 +0100] "GET /pf.gif HTTP/1.1" 200 62 "http://www.morusverlag.de/" "Mozilla/5.0 (Linux; Android 6.0.1; SM-J510FN Build/MMB29M) AppleWebKit/537.36 (KHTML, like Gecko) Chrome/62.0.3202.84 Mobile Safari/537.36"
89.204.139.45 - - [08/Nov/2017:11:38:46 +0100] "GET /buecher/gesichter.jpg HTTP/1.1" 200 7271 "http://www.morusverlag.de/" "Mozilla/5.0 (Linux; Android 6.0.1; SM-J510FN Build/MMB29M) AppleWebKit/537.36 (KHTML, like Gecko) Chrome/62.0.3202.84 Mobile Safari/537.36"
89.204.139.45 - - [08/Nov/2017:11:38:46 +0100] "GET /cds/rosarium_k.jpg HTTP/1.1" 200 3972 "http://www.morusverlag.de/" "Mozilla/5.0 (Linux; Android 6.0.1; SM-J510FN Build/MMB29M) AppleWebKit/537.36 (KHTML, like Gecko) Chrome/62.0.3202.84 Mobile Safari/537.36"
89.204.139.45 - - [08/Nov/2017:11:38:46 +0100] "GET /strich.gif HTTP/1.1" 200 45 "http://www.morusverlag.de/" "Mozilla/5.0 (Linux; Android 6.0.1; SM-J510FN Build/MMB29M) AppleWebKit/537.36 (KHTML, like Gecko) Chrome/62.0.3202.84 Mobile Safari/537.36"
89.204.139.45 - - [08/Nov/2017:11:38:46 +0100] "GET /buecher/engel.jpg HTTP/1.1" 200 5414 "http://www.morusverlag.de/" "Mozilla/5.0 (Linux; Android 6.0.1; SM-J510FN Build/MMB29M) AppleWebKit/537.36 (KHTML, like Gecko) Chrome/62.0.3202.84 Mobile Safari/537.36"
89.204.139.45 - - [08/Nov/2017:11:38:46 +0100] "GET /gotteslob.jpg HTTP/1.1" 200 9390 "http://www.morusverlag.de/" "Mozilla/5.0 (Linux; Android 6.0.1; SM-J510FN Build/MMB29M) AppleWebKit/537.36 (KHTML, like Gecko) Chrome/62.0.3202.84 Mobile Safari/537.36"
89.204.139.45 - - [08/Nov/2017:11:38:46 +0100] "GET /buecher/chateaubriand.jpg HTTP/1.1" 200 2272 "http://www.morusverlag.de/" "Mozilla/5.0 (Linux; Android 6.0.1; SM-J510FN Build/MMB29M) AppleWebKit/537.36 (KHTML, like Gecko) Chrome/62.0.3202.84 Mobile Safari/537.36"
89.204.139.45 - - [08/Nov/2017:11:38:46 +0100] "GET /cds/ignatius_k.jpg HTTP/1.1" 200 3965 "http://www.morusverlag.de/" "Mozilla/5.0 (Linux; Android 6.0.1; SM-J510FN Build/MMB29M) AppleWebKit/537.36 (KHTML, like Gecko) Chrome/62.0.3202.84 Mobile Safari/537.36"
89.204.139.45 - - [08/Nov/2017:11:38:46 +0100] "GET /cds/hymnos_k.jpg HTTP/1.1" 200 4986 "http://www.morusverlag.de/" "Mozilla/5.0 (Linux; Android 6.0.1; SM-J510FN Build/MMB29M) AppleWebKit/537.36 (KHTML, like Gecko) Chrome/62.0.3202.84 Mobile Safari/537.36"
89.204.139.45 - - [08/Nov/2017:11:38:46 +0100] "GET /cds/astazi_k.jpg HTTP/1.1" 200 6049 "http://www.morusverlag.de/" "Mozilla/5.0 (Linux; Android 6.0.1; SM-J510FN Build/MMB29M) AppleWebKit/537.36 (KHTML, like Gecko) Chrome/62.0.3202.84 Mobile Safari/537.36"
89.204.139.45 - - [08/Nov/2017:11:38:46 +0100] "GET /buch_k.jpg HTTP/1.1" 200 4591 "http://www.morusverlag.de/" "Mozilla/5.0 (Linux; Android 6.0.1; SM-J510FN Build/MMB29M) AppleWebKit/537.36 (KHTML, like Gecko) Chrome/62.0.3202.84 Mobile Safari/537.36"
89.204.139.45 - - [08/Nov/2017:11:38:46 +0100] "GET /favicon.ico HTTP/1.1" 200 4286 "http://www.morusverlag.de/" "Mozilla/5.0 (Linux; Android 6.0.1; SM-J510FN Build/MMB29M) AppleWebKit/537.36 (KHTML, like Gecko) Chrome/62.0.3202.84 Mobile Safari/537.36"
207.46.13.156 - - [08/Nov/2017:11:45:26 +0100] "GET /sonderthemen/oekz2003.pdf HTTP/1.1" 200 4017017 "-" "Mozilla/5.0 (iPhone; CPU iPhone OS 7_0 like Mac OS X) AppleWebKit/537.51.1 (KHTML, like Gecko) Version/7.0 Mobile/11A465 Safari/9537.53 (compatible; bingbot/2.0; +http://www.bing.com/bingbot.htm)"
77.187.83.181 - - [08/Nov/2017:11:47:46 +0100] "GET /impressum.html HTTP/1.1" 200 2808 "-" "Mozilla/5.0 (Windows NT 10.0; Win64; x64; rv:52.0) Gecko/20100101 Firefox/52.0"
77.187.83.181 - - [08/Nov/2017:11:47:46 +0100] "GET /main.css HTTP/1.1" 200 1439 "http://www.morusverlag.de/impressum.html" "Mozilla/5.0 (Windows NT 10.0; Win64; x64; rv:52.0) Gecko/20100101 Firefox/52.0"
77.187.83.181 - - [08/Nov/2017:11:47:46 +0100] "GET /logo_g.gif HTTP/1.1" 200 1301 "http://www.morusverlag.de/impressum.html" "Mozilla/5.0 (Windows NT 10.0; Win64; x64; rv:52.0) Gecko/20100101 Firefox/52.0"
77.187.83.181 - - [08/Nov/2017:11:47:46 +0100] "GET /mv_g.gif HTTP/1.1" 200 4070 "http://www.morusverlag.de/impressum.html" "Mozilla/5.0 (Windows NT 10.0; Win64; x64; rv:52.0) Gecko/20100101 Firefox/52.0"
77.187.83.181 - - [08/Nov/2017:11:47:46 +0100] "GET /strich.gif HTTP/1.1" 200 45 "http://www.morusverlag.de/impressum.html" "Mozilla/5.0 (Windows NT 10.0; Win64; x64; rv:52.0) Gecko/20100101 Firefox/52.0"
77.187.83.181 - - [08/Nov/2017:11:47:46 +0100] "GET /favicon.ico HTTP/1.1" 200 4286 "-" "Mozilla/5.0 (Windows NT 10.0; Win64; x64; rv:52.0) Gecko/20100101 Firefox/52.0"
69.30.210.242 - - [08/Nov/2017:11:54:49 +0100] "GET /robots.txt HTTP/1.1" 200 100 "-" "Mozilla/5.0 (compatible; MJ12bot/v1.4.7; http://mj12bot.com/)"
69.30.210.242 - - [08/Nov/2017:11:55:15 +0100] "GET /buecher/ HTTP/1.1" 200 25885 "-" "Mozilla/5.0 (compatible; MJ12bot/v1.4.7; http://mj12bot.com/)"
157.55.39.185 - - [08/Nov/2017:12:18:14 +0100] "GET /sonderthemen/presse.html HTTP/1.1" 304 - "-" "Mozilla/5.0 (compatible; bingbot/2.0; +http://www.bing.com/bingbot.htm)"
199.58.86.211 - - [08/Nov/2017:12:51:43 +0100] "GET /robots.txt HTTP/1.1" 200 100 "-" "Mozilla/5.0 (compatible; MJ12bot/v1.4.8; http://mj12bot.com/)"
199.58.86.211 - - [08/Nov/2017:12:51:50 +0100] "GET / HTTP/1.1" 200 9360 "-" "Mozilla/5.0 (compatible; MJ12bot/v1.4.8; http://mj12bot.com/)"
40.77.167.125 - - [08/Nov/2017:13:16:05 +0100] "GET /sonderthemen/oekt_extra3.pdf HTTP/1.1" 200 2109745 "-" "Mozilla/5.0 (iPhone; CPU iPhone OS 7_0 like Mac OS X) AppleWebKit/537.51.1 (KHTML, like Gecko) Version/7.0 Mobile/11A465 Safari/9537.53 (compatible; bingbot/2.0; +http://www.bing.com/bingbot.htm)"
207.46.13.156 - - [08/Nov/2017:13:19:20 +0100] "GET / HTTP/1.1" 200 9360 "-" "Mozilla/5.0 (compatible; bingbot/2.0; +http://www.bing.com/bingbot.htm)"
89.204.137.184 - - [08/Nov/2017:13:19:43 +0100] "GET /buecher/ HTTP/1.1" 200 25885 "-" "Mozilla/5.0 (Linux; U; Android 4.2.2; de-de; GT-I8200N Build/JDQ39) AppleWebKit/534.30 (KHTML, like Gecko) Version/4.0 Mobile Safari/534.30"
89.204.137.184 - - [08/Nov/2017:13:19:52 +0100] "GET /main.css HTTP/1.1" 200 1439 "http://www.morusverlag.de/buecher/" "Mozilla/5.0 (Linux; U; Android 4.2.2; de-de; GT-I8200N Build/JDQ39) AppleWebKit/534.30 (KHTML, like Gecko) Version/4.0 Mobile Safari/534.30"
89.204.137.184 - - [08/Nov/2017:13:19:52 +0100] "GET /contentflow/contentflow.js HTTP/1.1" 200 42064 "http://www.morusverlag.de/buecher/" "Mozilla/5.0 (Linux; U; Android 4.2.2; de-de; GT-I8200N Build/JDQ39) AppleWebKit/534.30 (KHTML, like Gecko) Version/4.0 Mobile Safari/534.30"
89.204.137.184 - - [08/Nov/2017:13:19:53 +0100] "GET /contentflow/contentflow.css HTTP/1.1" 200 3109 "http://www.morusverlag.de/buecher/" "Mozilla/5.0 (Linux; U; Android 4.2.2; de-de; GT-I8200N Build/JDQ39) AppleWebKit/534.30 (KHTML, like Gecko) Version/4.0 Mobile Safari/534.30"
89.204.137.184 - - [08/Nov/2017:13:19:53 +0100] "GET /contentflow/mycontentflow.css HTTP/1.1" 404 2381 "http://www.morusverlag.de/buecher/" "Mozilla/5.0 (Linux; U; Android 4.2.2; de-de; GT-I8200N Build/JDQ39) AppleWebKit/534.30 (KHTML, like Gecko) Version/4.0 Mobile Safari/534.30"
89.204.137.184 - - [08/Nov/2017:13:19:53 +0100] "GET /contentflow/ContentFlowAddOn_white.js HTTP/1.1" 200 471 "http://www.morusverlag.de/buecher/" "Mozilla/5.0 (Linux; U; Android 4.2.2; de-de; GT-I8200N Build/JDQ39) AppleWebKit/534.30 (KHTML, like Gecko) Version/4.0 Mobile Safari/534.30"
89.204.137.184 - - [08/Nov/2017:13:19:53 +0100] "GET /contentflow/ContentFlowAddOn_white.css HTTP/1.1" 200 3174 "http://www.morusverlag.de/buecher/" "Mozilla/5.0 (Linux; U; Android 4.2.2; de-de; GT-I8200N Build/JDQ39) AppleWebKit/534.30 (KHTML, like Gecko) Version/4.0 Mobile Safari/534.30"
89.204.137.184 - - [08/Nov/2017:13:19:54 +0100] "GET /logo_g.gif HTTP/1.1" 200 1301 "http://www.morusverlag.de/buecher/" "Mozilla/5.0 (Linux; U; Android 4.2.2; de-de; GT-I8200N Build/JDQ39) AppleWebKit/534.30 (KHTML, like Gecko) Version/4.0 Mobile Safari/534.30"
89.204.137.184 - - [08/Nov/2017:13:19:54 +0100] "GET /mv_g.gif HTTP/1.1" 200 4070 "http://www.morusverlag.de/buecher/" "Mozilla/5.0 (Linux; U; Android 4.2.2; de-de; GT-I8200N Build/JDQ39) AppleWebKit/534.30 (KHTML, like Gecko) Version/4.0 Mobile Safari/534.30"
89.204.137.184 - - [08/Nov/2017:13:19:54 +0100] "GET /strich.gif HTTP/1.1" 200 45 "http://www.morusverlag.de/buecher/" "Mozilla/5.0 (Linux; U; Android 4.2.2; de-de; GT-I8200N Build/JDQ39) AppleWebKit/534.30 (KHTML, like Gecko) Version/4.0 Mobile Safari/534.30"
89.204.137.184 - - [08/Nov/2017:13:19:54 +0100] "GET /m.gif HTTP/1.1" 200 95 "http://www.morusverlag.de/buecher/" "Mozilla/5.0 (Linux; U; Android 4.2.2; de-de; GT-I8200N Build/JDQ39) AppleWebKit/534.30 (KHTML, like Gecko) Version/4.0 Mobile Safari/534.30"
89.204.137.184 - - [08/Nov/2017:13:19:54 +0100] "GET /pf.gif HTTP/1.1" 200 62 "http://www.morusverlag.de/buecher/" "Mozilla/5.0 (Linux; U; Android 4.2.2; de-de; GT-I8200N Build/JDQ39) AppleWebKit/534.30 (KHTML, like Gecko) Version/4.0 Mobile Safari/534.30"
89.204.137.184 - - [08/Nov/2017:13:19:54 +0100] "GET /buecher/gesichter.jpg HTTP/1.1" 200 7271 "http://www.morusverlag.de/buecher/" "Mozilla/5.0 (Linux; U; Android 4.2.2; de-de; GT-I8200N Build/JDQ39) AppleWebKit/534.30 (KHTML, like Gecko) Version/4.0 Mobile Safari/534.30"
89.204.137.184 - - [08/Nov/2017:13:19:54 +0100] "GET /contentflow/img/loader.gif HTTP/1.1" 200 8238 "http://www.morusverlag.de/buecher/" "Mozilla/5.0 (Linux; U; Android 4.2.2; de-de; GT-I8200N Build/JDQ39) AppleWebKit/534.30 (KHTML, like Gecko) Version/4.0 Mobile Safari/534.30"
89.204.137.184 - - [08/Nov/2017:13:19:54 +0100] "GET /buecher/gesichter/01.jpg HTTP/1.1" 200 7981 "http://www.morusverlag.de/buecher/" "Mozilla/5.0 (Linux; U; Android 4.2.2; de-de; GT-I8200N Build/JDQ39) AppleWebKit/534.30 (KHTML, like Gecko) Version/4.0 Mobile Safari/534.30"
89.204.137.184 - - [08/Nov/2017:13:19:54 +0100] "GET /buecher/gesichter/02.jpg HTTP/1.1" 200 9266 "http://www.morusverlag.de/buecher/" "Mozilla/5.0 (Linux; U; Android 4.2.2; de-de; GT-I8200N Build/JDQ39) AppleWebKit/534.30 (KHTML, like Gecko) Version/4.0 Mobile Safari/534.30"
89.204.137.184 - - [08/Nov/2017:13:19:54 +0100] "GET /buecher/gesichter/03.jpg HTTP/1.1" 200 10026 "http://www.morusverlag.de/buecher/" "Mozilla/5.0 (Linux; U; Android 4.2.2; de-de; GT-I8200N Build/JDQ39) AppleWebKit/534.30 (KHTML, like Gecko) Version/4.0 Mobile Safari/534.30"
89.204.137.184 - - [08/Nov/2017:13:19:54 +0100] "GET /buecher/gesichter/04.jpg HTTP/1.1" 200 7078 "http://www.morusverlag.de/buecher/" "Mozilla/5.0 (Linux; U; Android 4.2.2; de-de; GT-I8200N Build/JDQ39) AppleWebKit/534.30 (KHTML, like Gecko) Version/4.0 Mobile Safari/534.30"
89.204.137.184 - - [08/Nov/2017:13:19:54 +0100] "GET /buecher/gesichter/05.jpg HTTP/1.1" 200 8981 "http://www.morusverlag.de/buecher/" "Mozilla/5.0 (Linux; U; Android 4.2.2; de-de; GT-I8200N Build/JDQ39) AppleWebKit/534.30 (KHTML, like Gecko) Version/4.0 Mobile Safari/534.30"
89.204.137.184 - - [08/Nov/2017:13:19:54 +0100] "GET /buecher/gesichter/15.jpg HTTP/1.1" 200 7253 "http://www.morusverlag.de/buecher/" "Mozilla/5.0 (Linux; U; Android 4.2.2; de-de; GT-I8200N Build/JDQ39) AppleWebKit/534.30 (KHTML, like Gecko) Version/4.0 Mobile Safari/534.30"
89.204.137.184 - - [08/Nov/2017:13:19:54 +0100] "GET /buecher/gesichter/16.jpg HTTP/1.1" 200 8367 "http://www.morusverlag.de/buecher/" "Mozilla/5.0 (Linux; U; Android 4.2.2; de-de; GT-I8200N Build/JDQ39) AppleWebKit/534.30 (KHTML, like Gecko) Version/4.0 Mobile Safari/534.30"
89.204.137.184 - - [08/Nov/2017:13:19:54 +0100] "GET /buecher/gesichter/17.jpg HTTP/1.1" 200 7587 "http://www.morusverlag.de/buecher/" "Mozilla/5.0 (Linux; U; Android 4.2.2; de-de; GT-I8200N Build/JDQ39) AppleWebKit/534.30 (KHTML, like Gecko) Version/4.0 Mobile Safari/534.30"
89.204.137.184 - - [08/Nov/2017:13:19:54 +0100] "GET /buecher/gesichter/18.jpg HTTP/1.1" 200 8757 "http://www.morusverlag.de/buecher/" "Mozilla/5.0 (Linux; U; Android 4.2.2; de-de; GT-I8200N Build/JDQ39) AppleWebKit/534.30 (KHTML, like Gecko) Version/4.0 Mobile Safari/534.30"
89.204.137.184 - - [08/Nov/2017:13:19:54 +0100] "GET /buecher/gesichter/19.jpg HTTP/1.1" 200 8281 "http://www.morusverlag.de/buecher/" "Mozilla/5.0 (Linux; U; Android 4.2.2; de-de; GT-I8200N Build/JDQ39) AppleWebKit/534.30 (KHTML, like Gecko) Version/4.0 Mobile Safari/534.30"
89.204.137.184 - - [08/Nov/2017:13:19:54 +0100] "GET /buecher/gesichter/20.jpg HTTP/1.1" 200 8785 "http://www.morusverlag.de/buecher/" "Mozilla/5.0 (Linux; U; Android 4.2.2; de-de; GT-I8200N Build/JDQ39) AppleWebKit/534.30 (KHTML, like Gecko) Version/4.0 Mobile Safari/534.30"
89.204.137.184 - - [08/Nov/2017:13:19:54 +0100] "GET /buecher/gesichter/21.jpg HTTP/1.1" 200 7433 "http://www.morusverlag.de/buecher/" "Mozilla/5.0 (Linux; U; Android 4.2.2; de-de; GT-I8200N Build/JDQ39) AppleWebKit/534.30 (KHTML, like Gecko) Version/4.0 Mobile Safari/534.30"
89.204.137.184 - - [08/Nov/2017:13:19:54 +0100] "GET /buecher/gesichter/22.jpg HTTP/1.1" 200 8837 "http://www.morusverlag.de/buecher/" "Mozilla/5.0 (Linux; U; Android 4.2.2; de-de; GT-I8200N Build/JDQ39) AppleWebKit/534.30 (KHTML, like Gecko) Version/4.0 Mobile Safari/534.30"
89.204.137.184 - - [08/Nov/2017:13:19:54 +0100] "GET /buecher/gesichter/23.jpg HTTP/1.1" 200 8706 "http://www.morusverlag.de/buecher/" "Mozilla/5.0 (Linux; U; Android 4.2.2; de-de; GT-I8200N Build/JDQ39) AppleWebKit/534.30 (KHTML, like Gecko) Version/4.0 Mobile Safari/534.30"
89.204.137.184 - - [08/Nov/2017:13:19:54 +0100] "GET /buecher/gesichter/24.jpg HTTP/1.1" 200 8021 "http://www.morusverlag.de/buecher/" "Mozilla/5.0 (Linux; U; Android 4.2.2; de-de; GT-I8200N Build/JDQ39) AppleWebKit/534.30 (KHTML, like Gecko) Version/4.0 Mobile Safari/534.30"
89.204.137.184 - - [08/Nov/2017:13:19:54 +0100] "GET /buecher/gesichter/25.jpg HTTP/1.1" 200 7280 "http://www.morusverlag.de/buecher/" "Mozilla/5.0 (Linux; U; Android 4.2.2; de-de; GT-I8200N Build/JDQ39) AppleWebKit/534.30 (KHTML, like Gecko) Version/4.0 Mobile Safari/534.30"
89.204.137.184 - - [08/Nov/2017:13:19:54 +0100] "GET /buecher/gesichter/06.jpg HTTP/1.1" 200 8732 "http://www.morusverlag.de/buecher/" "Mozilla/5.0 (Linux; U; Android 4.2.2; de-de; GT-I8200N Build/JDQ39) AppleWebKit/534.30 (KHTML, like Gecko) Version/4.0 Mobile Safari/534.30"
89.204.137.184 - - [08/Nov/2017:13:19:54 +0100] "GET /buecher/gesichter/26.jpg HTTP/1.1" 200 8027 "http://www.morusverlag.de/buecher/" "Mozilla/5.0 (Linux; U; Android 4.2.2; de-de; GT-I8200N Build/JDQ39) AppleWebKit/534.30 (KHTML, like Gecko) Version/4.0 Mobile Safari/534.30"
89.204.137.184 - - [08/Nov/2017:13:19:54 +0100] "GET /buecher/gesichter/27.jpg HTTP/1.1" 200 8110 "http://www.morusverlag.de/buecher/" "Mozilla/5.0 (Linux; U; Android 4.2.2; de-de; GT-I8200N Build/JDQ39) AppleWebKit/534.30 (KHTML, like Gecko) Version/4.0 Mobile Safari/534.30"
89.204.137.184 - - [08/Nov/2017:13:19:54 +0100] "GET /buecher/gesichter/28.jpg HTTP/1.1" 200 7684 "http://www.morusverlag.de/buecher/" "Mozilla/5.0 (Linux; U; Android 4.2.2; de-de; GT-I8200N Build/JDQ39) AppleWebKit/534.30 (KHTML, like Gecko) Version/4.0 Mobile Safari/534.30"
89.204.137.184 - - [08/Nov/2017:13:19:54 +0100] "GET /buecher/gesichter/29.jpg HTTP/1.1" 200 9282 "http://www.morusverlag.de/buecher/" "Mozilla/5.0 (Linux; U; Android 4.2.2; de-de; GT-I8200N Build/JDQ39) AppleWebKit/534.30 (KHTML, like Gecko) Version/4.0 Mobile Safari/534.30"
89.204.137.184 - - [08/Nov/2017:13:19:54 +0100] "GET /buecher/gesichter/30.jpg HTTP/1.1" 200 8702 "http://www.morusverlag.de/buecher/" "Mozilla/5.0 (Linux; U; Android 4.2.2; de-de; GT-I8200N Build/JDQ39) AppleWebKit/534.30 (KHTML, like Gecko) Version/4.0 Mobile Safari/534.30"
89.204.137.184 - - [08/Nov/2017:13:19:54 +0100] "GET /buecher/gesichter/31.jpg HTTP/1.1" 200 8424 "http://www.morusverlag.de/buecher/" "Mozilla/5.0 (Linux; U; Android 4.2.2; de-de; GT-I8200N Build/JDQ39) AppleWebKit/534.30 (KHTML, like Gecko) Version/4.0 Mobile Safari/534.30"
89.204.137.184 - - [08/Nov/2017:13:19:54 +0100] "GET /buecher/gesichter/32.jpg HTTP/1.1" 200 8010 "http://www.morusverlag.de/buecher/" "Mozilla/5.0 (Linux; U; Android 4.2.2; de-de; GT-I8200N Build/JDQ39) AppleWebKit/534.30 (KHTML, like Gecko) Version/4.0 Mobile Safari/534.30"
89.204.137.184 - - [08/Nov/2017:13:19:54 +0100] "GET /contentflow/img/scrollbar_white.png HTTP/1.1" 200 82 "http://www.morusverlag.de/buecher/" "Mozilla/5.0 (Linux; U; Android 4.2.2; de-de; GT-I8200N Build/JDQ39) AppleWebKit/534.30 (KHTML, like Gecko) Version/4.0 Mobile Safari/534.30"
89.204.137.184 - - [08/Nov/2017:13:19:55 +0100] "GET /contentflow/img/slider_white.png HTTP/1.1" 200 178 "http://www.morusverlag.de/buecher/" "Mozilla/5.0 (Linux; U; Android 4.2.2; de-de; GT-I8200N Build/JDQ39) AppleWebKit/534.30 (KHTML, like Gecko) Version/4.0 Mobile Safari/534.30"
89.204.137.184 - - [08/Nov/2017:13:19:55 +0100] "GET /buecher/mein_atem.jpg HTTP/1.1" 200 4118 "http://www.morusverlag.de/buecher/" "Mozilla/5.0 (Linux; U; Android 4.2.2; de-de; GT-I8200N Build/JDQ39) AppleWebKit/534.30 (KHTML, like Gecko) Version/4.0 Mobile Safari/534.30"
89.204.137.184 - - [08/Nov/2017:13:19:55 +0100] "GET /buecher/chateaubriand.jpg HTTP/1.1" 200 2272 "http://www.morusverlag.de/buecher/" "Mozilla/5.0 (Linux; U; Android 4.2.2; de-de; GT-I8200N Build/JDQ39) AppleWebKit/534.30 (KHTML, like Gecko) Version/4.0 Mobile Safari/534.30"
89.204.137.184 - - [08/Nov/2017:13:19:55 +0100] "GET /buecher/engel.jpg HTTP/1.1" 200 5414 "http://www.morusverlag.de/buecher/" "Mozilla/5.0 (Linux; U; Android 4.2.2; de-de; GT-I8200N Build/JDQ39) AppleWebKit/534.30 (KHTML, like Gecko) Version/4.0 Mobile Safari/534.30"
