157.55.39.10 - - [01/Nov/2017:00:16:55 +0100] "GET /buecher/gesichter/05.jpg HTTP/1.1" 200 8981 "-" "Mozilla/5.0 (compatible; bingbot/2.0; +http://www.bing.com/bingbot.htm)"
5.9.106.81 - - [01/Nov/2017:00:27:55 +0100] "GET /sonderthemen/sk2000.pdf HTTP/1.1" 200 2925489 "-" "Mozilla/5.0 (compatible; MSIE 10.0; Windows NT 6.1; Trident/6.0)"
144.76.153.198 - - [01/Nov/2017:00:27:55 +0100] "GET /sonderthemen/az2000.pdf HTTP/1.1" 200 2253581 "-" "Mozilla/5.0 (compatible; MSIE 10.0; Windows NT 6.1; Trident/4.0; InfoPath.2; SV1; .NET CLR 2.0.50727; WOW64)"
5.9.106.81 - - [01/Nov/2017:00:28:22 +0100] "GET /sonderthemen/oekt_extra3.pdf HTTP/1.1" 200 2109745 "-" "Mozilla/5.0 (X11; Ubuntu; Linux x86_64; rv:21.0) Gecko/20130331 Firefox/21.0"
199.30.24.104 - - [01/Nov/2017:00:36:32 +0100] "GET /main.css HTTP/1.1" 200 1439 "-" "Mozilla/5.0 (iPhone; CPU iPhone OS 7_0 like Mac OS X) AppleWebKit/537.51.1 (KHTML, like Gecko) Version/7.0 Mobile/11A465 Safari/9537.53 BingPreview/1.0b"
65.55.210.183 - - [01/Nov/2017:00:36:32 +0100] "GET /logo_g.gif HTTP/1.1" 200 1301 "-" "Mozilla/5.0 (iPhone; CPU iPhone OS 7_0 like Mac OS X) AppleWebKit/537.51.1 (KHTML, like Gecko) Version/7.0 Mobile/11A465 Safari/9537.53 BingPreview/1.0b"
199.30.25.167 - - [01/Nov/2017:00:36:33 +0100] "GET /pf.gif HTTP/1.1" 200 62 "-" "Mozilla/5.0 (iPhone; CPU iPhone OS 7_0 like Mac OS X) AppleWebKit/537.51.1 (KHTML, like Gecko) Version/7.0 Mobile/11A465 Safari/9537.53 BingPreview/1.0b"
199.30.24.24 - - [01/Nov/2017:00:36:34 +0100] "GET /strich.gif HTTP/1.1" 200 45 "-" "Mozilla/5.0 (iPhone; CPU iPhone OS 7_0 like Mac OS X) AppleWebKit/537.51.1 (KHTML, like Gecko) Version/7.0 Mobile/11A465 Safari/9537.53 BingPreview/1.0b"
188.103.18.178 - - [01/Nov/2017:00:40:29 +0100] "GET /buecher/rezensionen_chateaubriand.html HTTP/1.1" 200 47317 "-" "Mozilla/5.0 (Macintosh; Intel Mac OS X 10_10_3) AppleWebKit/537.36 (KHTML, like Gecko) Chrome/41.0.2272.89 Safari/537.36"
188.102.55.49 - - [01/Nov/2017:00:40:30 +0100] "GET /index.html HTTP/1.1" 200 9360 "-" "Mozilla/5.0 (Macintosh; Intel Mac OS X 10_10_3) AppleWebKit/537.36 (KHTML, like Gecko) Chrome/41.0.2272.89 Safari/537.36"
188.100.67.119 - - [01/Nov/2017:00:40:30 +0100] "GET /kontakt/index.html HTTP/1.1" 200 2896 "-" "Mozilla/5.0 (Macintosh; Intel Mac OS X 10_10_3) AppleWebKit/537.36 (KHTML, like Gecko) Chrome/41.0.2272.89 Safari/537.36"
188.103.18.178 - - [01/Nov/2017:00:40:30 +0100] "GET /buecher/index.html HTTP/1.1" 200 25885 "-" "Mozilla/5.0 (Macintosh; Intel Mac OS X 10_10_3) AppleWebKit/537.36 (KHTML, like Gecko) Chrome/41.0.2272.89 Safari/537.36"
94.223.86.76 - - [01/Nov/2017:00:40:30 +0100] "GET /impressum.html HTTP/1.1" 200 2808 "-" "Mozilla/5.0 (Macintosh; Intel Mac OS X 10_10_3) AppleWebKit/537.36 (KHTML, like Gecko) Chrome/41.0.2272.89 Safari/537.36"
94.134.153.248 - - [01/Nov/2017:00:40:30 +0100] "GET /gotteslob/index.html HTTP/1.1" 200 2770 "-" "Mozilla/5.0 (Macintosh; Intel Mac OS X 10_10_3) AppleWebKit/537.36 (KHTML, like Gecko) Chrome/41.0.2272.89 Safari/537.36"
62.158.23.23 - - [01/Nov/2017:00:40:30 +0100] "GET /buecher/veroeffentlichungsliste.html HTTP/1.1" 200 129779 "-" "Mozilla/5.0 (Macintosh; Intel Mac OS X 10_10_3) AppleWebKit/537.36 (KHTML, like Gecko) Chrome/41.0.2272.89 Safari/537.36"
188.103.18.178 - - [01/Nov/2017:00:40:32 +0100] "GET /jahrbuch/index.html HTTP/1.1" 200 3956 "-" "Mozilla/5.0 (Macintosh; Intel Mac OS X 10_10_3) AppleWebKit/537.36 (KHTML, like Gecko) Chrome/41.0.2272.89 Safari/537.36"
188.100.67.119 - - [01/Nov/2017:00:40:32 +0100] "GET /cds/index.html HTTP/1.1" 200 7987 "-" "Mozilla/5.0 (Macintosh; Intel Mac OS X 10_10_3) AppleWebKit/537.36 (KHTML, like Gecko) Chrome/41.0.2272.89 Safari/537.36"
62.158.23.23 - - [01/Nov/2017:00:40:34 +0100] "GET /sonderthemen/index.html HTTP/1.1" 200 7102 "-" "Mozilla/5.0 (Macintosh; Intel Mac OS X 10_10_3) AppleWebKit/537.36 (KHTML, like Gecko) Chrome/41.0.2272.89 Safari/537.36"
87.122.99.246 - - [01/Nov/2017:00:40:36 +0100] "GET /buecher/rezensionen.html HTTP/1.1" 200 6964 "-" "Mozilla/5.0 (Macintosh; Intel Mac OS X 10_10_3) AppleWebKit/537.36 (KHTML, like Gecko) Chrome/41.0.2272.89 Safari/537.36"
144.76.153.198 - - [01/Nov/2017:00:41:02 +0100] "GET /buecher/ HTTP/1.1" 200 25885 "-" "Mozilla/5.0 (Macintosh; Intel Mac OS X 107) AppleWebKit/534.48.3 (KHTML like Gecko) Version/5.1 Safari/534.48.3"
207.46.13.156 - - [01/Nov/2017:00:43:18 +0100] "GET /gotteslob/ HTTP/1.1" 200 2770 "-" "Mozilla/5.0 (compatible; bingbot/2.0; +http://www.bing.com/bingbot.htm)"
66.249.64.209 - - [01/Nov/2017:01:05:08 +0100] "GET /robots.txt HTTP/1.1" 200 100 "-" "Mozilla/5.0 (compatible; Googlebot/2.1; +http://www.google.com/bot.html)"
66.249.64.209 - - [01/Nov/2017:01:05:09 +0100] "GET /main.css HTTP/1.1" 200 1439 "http://www.morusverlag.de/buecher/rezensionen.html" "Mozilla/5.0 (compatible; Googlebot/2.1; +http://www.google.com/bot.html)"
40.77.167.14 - - [01/Nov/2017:01:30:00 +0100] "GET /buecher/der_neunte_tag.jpg HTTP/1.1" 200 6411 "-" "Mozilla/5.0 (compatible; bingbot/2.0; +http://www.bing.com/bingbot.htm)"
207.46.13.156 - - [01/Nov/2017:01:37:59 +0100] "GET /buecher/gesichter/25.jpg HTTP/1.1" 200 7280 "-" "Mozilla/5.0 (compatible; bingbot/2.0; +http://www.bing.com/bingbot.htm)"
5.9.145.132 - - [01/Nov/2017:01:45:07 +0100] "GET /sonderthemen/oekt_extra3.pdf HTTP/1.1" 200 2109745 "-" "Mozilla/5.0 (Windows NT 6.1) AppleWebKit/537.36 (KHTML, like Gecko) Chrome/27.0.1453.93 Safari/537.36"
136.243.17.161 - - [01/Nov/2017:01:45:07 +0100] "GET /sonderthemen/oekt_extra2.pdf HTTP/1.1" 200 1939949 "-" "Mozilla/5.0 (X11; U; Linux i686; en-US; rv:1.9.1.16) Gecko/20120421 Firefox/11.0"
85.10.203.84 - - [01/Nov/2017:02:39:50 +0100] "HEAD / HTTP/1.1" 200 - "-" "GT::WWW/1.025"
5.9.145.132 - - [01/Nov/2017:03:06:13 +0100] "GET /cds/ignatius.html HTTP/1.1" 200 6576 "-" "Mozilla/5.0 (Windows NT 6.1; WOW64) AppleWebKit/537.11 (KHTML, like Gecko) Chrome/23.0.1271.97 Safari/537.11"
207.46.13.156 - - [01/Nov/2017:03:15:43 +0100] "GET /buecher/gesichter/07.jpg HTTP/1.1" 200 7301 "-" "Mozilla/5.0 (compatible; bingbot/2.0; +http://www.bing.com/bingbot.htm)"
207.46.13.156 - - [01/Nov/2017:03:57:41 +0100] "GET /buecher/gesichter/23.jpg HTTP/1.1" 200 8706 "-" "Mozilla/5.0 (compatible; bingbot/2.0; +http://www.bing.com/bingbot.htm)"
193.1.218.163 - - [01/Nov/2017:03:58:42 +0100] "HEAD / HTTP/1.1" 200 - "-" "Java/1.6.0_23"
40.77.167.14 - - [01/Nov/2017:04:30:54 +0100] "GET /buecher/gesichter/31.jpg HTTP/1.1" 200 8424 "-" "Mozilla/5.0 (compatible; bingbot/2.0; +http://www.bing.com/bingbot.htm)"
157.55.39.10 - - [01/Nov/2017:04:32:03 +0100] "GET /buecher/gesichter/12.jpg HTTP/1.1" 200 6460 "-" "Mozilla/5.0 (compatible; bingbot/2.0; +http://www.bing.com/bingbot.htm)"
207.46.13.182 - - [01/Nov/2017:04:44:04 +0100] "GET /buecher/rezensionen.html HTTP/1.1" 200 6964 "-" "Mozilla/5.0 (compatible; bingbot/2.0; +http://www.bing.com/bingbot.htm)"
77.220.213.173 - - [01/Nov/2017:04:55:39 +0100] "HEAD / HTTP/1.1" 200 - "http://gta-sa-iluha.ru/" "Mozilla/7.0 (compatible; MSIE4.00; Windows 2007)"
185.154.13.6 - - [01/Nov/2017:04:55:39 +0100] "HEAD / HTTP/1.1" 200 - "http://stroycity.pro/uslugi/remont-chastnogo-doma/" "Mozilla/7.0 (compatible; MSIE3.00; Windows 2003)"
178.159.39.237 - - [01/Nov/2017:04:55:39 +0100] "HEAD / HTTP/1.1" 200 - "http://miss-saint-petersburg.ru/#contact-us" "Mozilla/8.0 (compatible; MSIE7.00; Windows 2008)"
178.159.43.212 - - [01/Nov/2017:04:55:39 +0100] "HEAD / HTTP/1.1" 200 - "http://tokshow.online/category/filmi/istoricheskie/" "Mozilla/4.0 (compatible; MSIE4.00; Windows 2006)"
185.209.20.147 - - [01/Nov/2017:04:55:40 +0100] "HEAD / HTTP/1.1" 200 - "https://ecokremator.ru/n207928-tsikly-raboty-krematorov.html" "Mozilla/7.0 (compatible; MSIE5.00; Windows 2009)"
157.55.39.10 - - [01/Nov/2017:04:56:23 +0100] "GET /buecher/gesichter/12.jpg HTTP/1.1" 200 6460 "-" "Mozilla/5.0 (compatible; bingbot/2.0; +http://www.bing.com/bingbot.htm)"
194.87.236.223 - - [01/Nov/2017:05:08:32 +0100] "HEAD / HTTP/1.1" 200 - "https://infosphere.top/%D0%A1%D0%BF%D0%B8%D1%81%D0%BA%D0%B8-%D1%81%D0%B5%D1%80%D0%B8%D0%B0%D0%BB%D0%BE%D0%B2/%D0%BF%D0%BE%D1%85%D0%BE%D0%B6%D0%B8%D0%B5/%D0%98%D0%B3%D1%80%D0%B0-%D0%BF%D1%80%D0%B5%D1%81%D1%82%D0%BE%D0%BB%D0%BE%D0%B2-5542/" "Mozilla/5.0 (compatible; MSIE3.00; Windows 2002)"
195.133.145.199 - - [01/Nov/2017:05:08:32 +0100] "HEAD / HTTP/1.1" 200 - "http://filmypodobnedo.com/list/filmy-o-sharks/" "Mozilla/5.0 (compatible; MSIE3.00; Windows 2008)"
195.133.201.163 - - [01/Nov/2017:05:08:32 +0100] "HEAD / HTTP/1.1" 200 - "http://filmyjako.com/movie/divoska-2008/similar/" "Mozilla/8.0 (compatible; MSIE3.00; Windows 2005)"
193.124.131.168 - - [01/Nov/2017:05:08:33 +0100] "HEAD / HTTP/1.1" 200 - "http://zhivotnue.ru/index_ru.php?cat=pticu&ind=1" "Mozilla/5.0 (compatible; MSIE6.00; Windows 2009)"
194.87.94.251 - - [01/Nov/2017:05:08:33 +0100] "HEAD / HTTP/1.1" 200 - "http://filmsimili.com/list/film-sulla-boxe/" "Mozilla/3.0 (compatible; MSIE4.00; Windows 2007)"
194.87.103.12 - - [01/Nov/2017:05:08:33 +0100] "HEAD / HTTP/1.1" 200 - "https://deroelwechsel.de/motorenoel/Renault/TWINGO/1_1993-2003" "Mozilla/6.0 (compatible; MSIE3.00; Windows 2007)"
195.133.147.6 - - [01/Nov/2017:05:08:34 +0100] "HEAD / HTTP/1.1" 200 - "http://medicaltranslate.ru/stoimost/" "Mozilla/4.0 (compatible; MSIE5.00; Windows 2008)"
193.124.190.64 - - [01/Nov/2017:05:19:43 +0100] "HEAD / HTTP/1.1" 200 - "http://xn----7sbacgfr2anc9aaenjgjdpeig.xn--p1ai/index.html" "Mozilla/6.0 (compatible; MSIE2.00; Windows 2008)"
194.67.210.77 - - [01/Nov/2017:05:19:43 +0100] "HEAD / HTTP/1.1" 200 - "http://mech-mufta.ru/katalogi" "Mozilla/3.0 (compatible; MSIE3.00; Windows 2007)"
193.124.176.156 - - [01/Nov/2017:05:19:43 +0100] "HEAD / HTTP/1.1" 200 - "http://tesla-band.ru" "Mozilla/2.0 (compatible; MSIE3.00; Windows 2003)"
185.5.249.185 - - [01/Nov/2017:05:19:44 +0100] "HEAD / HTTP/1.1" 200 - "https://xn--90ascm.xn--80asehdb/shop/folder/instrument-dlya-raboty-s-gazobetonom" "Mozilla/6.0 (compatible; MSIE7.00; Windows 2009)"
193.124.179.180 - - [01/Nov/2017:05:19:44 +0100] "HEAD / HTTP/1.1" 200 - "https://kvazar.top/Stroi-materialy/" "Mozilla/4.0 (compatible; MSIE6.00; Windows 2007)"
185.125.219.134 - - [01/Nov/2017:05:19:45 +0100] "HEAD / HTTP/1.1" 200 - "https://xn----7sbabm1ahc4b2aqff.su/%D0%BF%D0%B8%D0%BB%D0%BE%D0%BC%D0%B0%D1%82%D0%B5%D1%80%D0%B8%D0%B0%D0%BB%D1%8B/" "Mozilla/3.0 (compatible; MSIE3.00; Windows 2005)"
207.46.13.156 - - [01/Nov/2017:05:45:51 +0100] "GET /buecher/gesichter/32.jpg HTTP/1.1" 200 8010 "-" "Mozilla/5.0 (compatible; bingbot/2.0; +http://www.bing.com/bingbot.htm)"
207.46.13.156 - - [01/Nov/2017:06:05:14 +0100] "GET /buecher/gesichter/16.jpg HTTP/1.1" 200 8367 "-" "Mozilla/5.0 (compatible; bingbot/2.0; +http://www.bing.com/bingbot.htm)"
157.55.39.10 - - [01/Nov/2017:06:38:23 +0100] "GET /buecher/gesichter/14.jpg HTTP/1.1" 200 7847 "-" "Mozilla/5.0 (compatible; bingbot/2.0; +http://www.bing.com/bingbot.htm)"
84.200.57.15 - - [01/Nov/2017:06:41:23 +0100] "GET / HTTP/1.1" 200 9360 "-" "Mozilla/5.0 (Windows NT 6.1; WOW64) AppleWebKit/535.2 (KHTML, like Gecko) Chrome/15.0.874.102 Safari/535.2"
185.101.157.142 - - [01/Nov/2017:06:41:24 +0100] "GET / HTTP/1.1" 200 9360 "http://www.google.de/?source=mog&gl=de" "Mozilla/5.0 (Windows NT 6.1; WOW64) AppleWebKit/535.2 (KHTML, like Gecko) Chrome/15.0.874.102 Safari/535.2"
185.101.157.142 - - [01/Nov/2017:06:41:24 +0100] "GET / HTTP/1.1" 200 9360 "http://www.google.de/?source=mog&gl=de" "Mozilla/5.0 (Windows NT 6.1; WOW64) AppleWebKit/535.2 (KHTML, like Gecko) Chrome/15.0.874.102 Safari/535.2"
185.101.157.142 - - [01/Nov/2017:06:41:24 +0100] "GET / HTTP/1.1" 200 9360 "http://www.google.de/?source=mog&gl=de" "Mozilla/5.0 (Windows NT 6.1; WOW64) AppleWebKit/535.2 (KHTML, like Gecko) Chrome/15.0.874.102 Safari/535.2"
185.101.157.142 - - [01/Nov/2017:06:41:24 +0100] "GET /impressum.html HTTP/1.1" 200 2808 "http://www.morusverlag.de/" "Mozilla/5.0 (Macintosh; U; Intel Mac OS X 10_6_4; en-US) AppleWebKit/534.3 (KHTML, like Gecko) Chrome/6.0.464.0 Safari/534.3"
185.101.157.142 - - [01/Nov/2017:06:41:25 +0100] "GET /kontakt/index.html HTTP/1.1" 200 2896 "http://www.morusverlag.de/" "Mozilla/5.0 (Windows; U; Windows NT 5.1; en-US; rv:1.8.1.16) Gecko/20080702 SeaMonkey/1.1.11"
185.101.157.142 - - [01/Nov/2017:06:41:25 +0100] "GET / HTTP/1.1" 200 9360 "http://www.morusverlag.de/" "Mozilla/5.0 (X11; U; Linux i686; de; rv:1.9.0.19) Gecko/2010040119 Ubuntu/8.04 (hardy) Firefox/3.0.15"
185.101.157.142 - - [01/Nov/2017:06:41:30 +0100] "GET / HTTP/1.1" 200 9360 "http://www.google.de" "Mozilla/5.0 (Windows NT 6.1; WOW64; rv:13.0) Gecko/20100101 Firefox/13.0.1"
207.46.13.156 - - [01/Nov/2017:06:45:12 +0100] "GET / HTTP/1.1" 200 9360 "-" "Mozilla/5.0 (compatible; bingbot/2.0; +http://www.bing.com/bingbot.htm)"
136.243.17.161 - - [01/Nov/2017:06:49:29 +0100] "GET /buecher/rezensionen_chateaubriand.html HTTP/1.1" 200 47317 "-" "Mozilla/5.0 (Windows NT 6.1; rv:21.0) Gecko/20130401 Firefox/21.0"
148.251.75.46 - - [01/Nov/2017:06:51:32 +0100] "GET /sonderthemen/oekt_extra3.pdf HTTP/1.1" 200 2109745 "-" "Mozilla/5.0 (Windows NT 5.1) AppleWebKit/537.36 (KHTML, like Gecko) Chrome/27.0.1453.93 Safari/537.36"
207.46.13.156 - - [01/Nov/2017:06:59:55 +0100] "GET /sonderthemen/sk2001.pdf HTTP/1.1" 200 3098589 "-" "Mozilla/5.0 (compatible; bingbot/2.0; +http://www.bing.com/bingbot.htm)"
207.46.13.156 - - [01/Nov/2017:07:01:01 +0100] "GET /sonderthemen/sk2001.pdf HTTP/1.1" 200 3098589 "-" "Mozilla/5.0 (compatible; bingbot/2.0; +http://www.bing.com/bingbot.htm)"
5.9.106.81 - - [01/Nov/2017:07:03:49 +0100] "GET /sonderthemen/sk2000.pdf HTTP/1.1" 200 2925489 "-" "Mozilla/5.0 (Windows NT 6.1; WOW64; rv:21.0) Gecko/20130330 Firefox/21.0"
94.134.147.206 - - [01/Nov/2017:07:04:27 +0100] "GET /cds/rosarium.html HTTP/1.1" 200 6680 "-" "Mozilla/5.0 (Macintosh; Intel Mac OS X 10_10_3) AppleWebKit/537.36 (KHTML, like Gecko) Chrome/41.0.2272.89 Safari/537.36"
207.46.13.182 - - [01/Nov/2017:07:34:10 +0100] "GET /buecher/rezensionen_krise_zum_heil.html HTTP/1.1" 200 9828 "-" "Mozilla/5.0 (iPhone; CPU iPhone OS 7_0 like Mac OS X) AppleWebKit/537.51.1 (KHTML, like Gecko) Version/7.0 Mobile/11A465 Safari/9537.53 (compatible; bingbot/2.0; +http://www.bing.com/bingbot.htm)"
157.55.39.10 - - [01/Nov/2017:07:46:38 +0100] "GET /buecher/gesichter/03.jpg HTTP/1.1" 200 10026 "-" "Mozilla/5.0 (compatible; bingbot/2.0; +http://www.bing.com/bingbot.htm)"
207.46.13.156 - - [01/Nov/2017:07:52:57 +0100] "GET /buecher/gesichter/01.jpg HTTP/1.1" 200 7981 "-" "Mozilla/5.0 (compatible; bingbot/2.0; +http://www.bing.com/bingbot.htm)"
17.142.155.163 - - [01/Nov/2017:08:21:02 +0100] "GET /robots.txt HTTP/1.1" 200 100 "-" "Mozilla/5.0 (Macintosh; Intel Mac OS X 10_10_1) AppleWebKit/600.2.5 (KHTML, like Gecko) Version/8.0.2 Safari/600.2.5 (Applebot/0.1; +http://www.apple.com/go/applebot)"
17.142.155.163 - - [01/Nov/2017:08:21:02 +0100] "GET /cds/hymnos_akathistos.html HTTP/1.1" 200 11061 "-" "Mozilla/5.0 (Macintosh; Intel Mac OS X 10_10_1) AppleWebKit/600.2.5 (KHTML, like Gecko) Version/8.0.2 Safari/600.2.5 (Applebot/0.1; +http://www.apple.com/go/applebot)"
162.210.196.98 - - [01/Nov/2017:08:27:05 +0100] "GET /robots.txt HTTP/1.1" 200 100 "-" "Mozilla/5.0 (compatible; MJ12bot/v1.4.8; http://mj12bot.com/)"
162.210.196.98 - - [01/Nov/2017:08:27:07 +0100] "GET / HTTP/1.1" 200 9360 "-" "Mozilla/5.0 (compatible; MJ12bot/v1.4.8; http://mj12bot.com/)"
157.55.39.10 - - [01/Nov/2017:09:10:50 +0100] "GET /buecher/gesichter/18.jpg HTTP/1.1" 200 8757 "-" "Mozilla/5.0 (compatible; bingbot/2.0; +http://www.bing.com/bingbot.htm)"
185.154.13.6 - - [01/Nov/2017:09:43:23 +0100] "HEAD / HTTP/1.1" 200 - "http://stroycity.pro/uslugi/remont-chastnogo-doma/" "Mozilla/3.0 (compatible; MSIE5.00; Windows 2005)"
178.159.39.237 - - [01/Nov/2017:09:43:24 +0100] "HEAD / HTTP/1.1" 200 - "http://miss-saint-petersburg.ru" "Mozilla/2.0 (compatible; MSIE4.00; Windows 2009)"
178.159.43.212 - - [01/Nov/2017:09:43:24 +0100] "HEAD / HTTP/1.1" 200 - "http://tokshow.online/category/seriali/" "Mozilla/2.0 (compatible; MSIE3.00; Windows 2009)"
77.220.213.173 - - [01/Nov/2017:09:43:28 +0100] "HEAD / HTTP/1.1" 200 - "http://gta-sa-iluha.ru/" "Mozilla/3.0 (compatible; MSIE4.00; Windows 2009)"
151.80.31.150 - - [01/Nov/2017:09:44:31 +0100] "GET /buecher/diskussion.html HTTP/1.1" 200 9925 "-" "Mozilla/5.0 (compatible; AhrefsBot/5.2; +http://ahrefs.com/robot/)"
217.69.133.59 - - [01/Nov/2017:09:45:32 +0100] "GET /robots.txt HTTP/1.0" 200 100 "-" "Mozilla/5.0 (compatible; Linux x86_64; Mail.RU_Bot/2.0; +http://go.mail.ru/help/robots)"
217.69.133.30 - - [01/Nov/2017:09:45:34 +0100] "GET /sonderthemen/oekt_extra3.pdf HTTP/1.1" 200 2109745 "-" "Mozilla/5.0 (compatible; Linux x86_64; Mail.RU_Bot/2.0; +http://go.mail.ru/help/robots)"
185.209.20.147 - - [01/Nov/2017:09:45:42 +0100] "HEAD / HTTP/1.1" 200 - "https://ecokremator.ru/p263442546-kremator-100-eco6.html" "Mozilla/8.0 (compatible; MSIE2.00; Windows 2008)"
157.55.39.10 - - [01/Nov/2017:09:51:02 +0100] "GET /cds/lumina.html HTTP/1.1" 200 9000 "-" "Mozilla/5.0 (iPhone; CPU iPhone OS 7_0 like Mac OS X) AppleWebKit/537.51.1 (KHTML, like Gecko) Version/7.0 Mobile/11A465 Safari/9537.53 (compatible; bingbot/2.0; +http://www.bing.com/bingbot.htm)"
207.46.13.156 - - [01/Nov/2017:09:55:54 +0100] "GET /cds/simplay_control.swf HTTP/1.1" 200 1243 "-" "Mozilla/5.0 (iPhone; CPU iPhone OS 7_0 like Mac OS X) AppleWebKit/537.51.1 (KHTML, like Gecko) Version/7.0 Mobile/11A465 Safari/9537.53 (compatible; bingbot/2.0; +http://www.bing.com/bingbot.htm)"
207.46.13.156 - - [01/Nov/2017:09:55:54 +0100] "GET /cds/simplay_player.swf?audiofile=lumina.mp3 HTTP/1.1" 200 6377 "-" "Mozilla/5.0 (iPhone; CPU iPhone OS 7_0 like Mac OS X) AppleWebKit/537.51.1 (KHTML, like Gecko) Version/7.0 Mobile/11A465 Safari/9537.53 (compatible; bingbot/2.0; +http://www.bing.com/bingbot.htm)"
207.46.13.156 - - [01/Nov/2017:10:02:36 +0100] "GET / HTTP/1.1" 200 9360 "-" "Mozilla/5.0 (iPhone; CPU iPhone OS 7_0 like Mac OS X) AppleWebKit/537.51.1 (KHTML, like Gecko) Version/7.0 Mobile/11A465 Safari/9537.53 (compatible; bingbot/2.0; +http://www.bing.com/bingbot.htm)"
199.30.25.228 - - [01/Nov/2017:10:03:15 +0100] "GET /main.css HTTP/1.1" 200 1439 "-" "Mozilla/5.0 (iPhone; CPU iPhone OS 7_0 like Mac OS X) AppleWebKit/537.51.1 (KHTML, like Gecko) Version/7.0 Mobile/11A465 Safari/9537.53 BingPreview/1.0b"
199.30.24.81 - - [01/Nov/2017:10:03:16 +0100] "GET /mv_gr_w.gif HTTP/1.1" 200 2005 "-" "Mozilla/5.0 (iPhone; CPU iPhone OS 7_0 like Mac OS X) AppleWebKit/537.51.1 (KHTML, like Gecko) Version/7.0 Mobile/11A465 Safari/9537.53 BingPreview/1.0b"
199.30.24.81 - - [01/Nov/2017:10:03:16 +0100] "GET /jahrbuch_k.jpg HTTP/1.1" 200 3719 "-" "Mozilla/5.0 (iPhone; CPU iPhone OS 7_0 like Mac OS X) AppleWebKit/537.51.1 (KHTML, like Gecko) Version/7.0 Mobile/11A465 Safari/9537.53 BingPreview/1.0b"
65.55.210.40 - - [01/Nov/2017:10:03:17 +0100] "GET /pf.gif HTTP/1.1" 200 62 "-" "Mozilla/5.0 (iPhone; CPU iPhone OS 7_0 like Mac OS X) AppleWebKit/537.51.1 (KHTML, like Gecko) Version/7.0 Mobile/11A465 Safari/9537.53 BingPreview/1.0b"
65.55.210.56 - - [01/Nov/2017:10:03:18 +0100] "GET /buecher/gesichter.jpg HTTP/1.1" 200 7271 "-" "Mozilla/5.0 (iPhone; CPU iPhone OS 7_0 like Mac OS X) AppleWebKit/537.51.1 (KHTML, like Gecko) Version/7.0 Mobile/11A465 Safari/9537.53 BingPreview/1.0b"
65.55.210.2 - - [01/Nov/2017:10:03:19 +0100] "GET /cds/rosarium_k.jpg HTTP/1.1" 200 3972 "-" "Mozilla/5.0 (iPhone; CPU iPhone OS 7_0 like Mac OS X) AppleWebKit/537.51.1 (KHTML, like Gecko) Version/7.0 Mobile/11A465 Safari/9537.53 BingPreview/1.0b"
199.30.24.246 - - [01/Nov/2017:10:03:20 +0100] "GET /cds/ignatius_k.jpg HTTP/1.1" 200 3965 "-" "Mozilla/5.0 (iPhone; CPU iPhone OS 7_0 like Mac OS X) AppleWebKit/537.51.1 (KHTML, like Gecko) Version/7.0 Mobile/11A465 Safari/9537.53 BingPreview/1.0b"
65.55.210.70 - - [01/Nov/2017:10:03:21 +0100] "GET /cds/hymnos_k.jpg HTTP/1.1" 200 4986 "-" "Mozilla/5.0 (iPhone; CPU iPhone OS 7_0 like Mac OS X) AppleWebKit/537.51.1 (KHTML, like Gecko) Version/7.0 Mobile/11A465 Safari/9537.53 BingPreview/1.0b"
65.55.210.131 - - [01/Nov/2017:10:03:21 +0100] "GET /cds/astazi_k.jpg HTTP/1.1" 200 6049 "-" "Mozilla/5.0 (iPhone; CPU iPhone OS 7_0 like Mac OS X) AppleWebKit/537.51.1 (KHTML, like Gecko) Version/7.0 Mobile/11A465 Safari/9537.53 BingPreview/1.0b"
199.30.24.55 - - [01/Nov/2017:10:03:22 +0100] "GET /gotteslob.jpg HTTP/1.1" 200 9390 "-" "Mozilla/5.0 (iPhone; CPU iPhone OS 7_0 like Mac OS X) AppleWebKit/537.51.1 (KHTML, like Gecko) Version/7.0 Mobile/11A465 Safari/9537.53 BingPreview/1.0b"
199.30.25.228 - - [01/Nov/2017:10:03:23 +0100] "GET /buecher/engel.jpg HTTP/1.1" 200 5414 "-" "Mozilla/5.0 (iPhone; CPU iPhone OS 7_0 like Mac OS X) AppleWebKit/537.51.1 (KHTML, like Gecko) Version/7.0 Mobile/11A465 Safari/9537.53 BingPreview/1.0b"
199.30.24.81 - - [01/Nov/2017:10:03:23 +0100] "GET /buecher/chateaubriand.jpg HTTP/1.1" 200 2272 "-" "Mozilla/5.0 (iPhone; CPU iPhone OS 7_0 like Mac OS X) AppleWebKit/537.51.1 (KHTML, like Gecko) Version/7.0 Mobile/11A465 Safari/9537.53 BingPreview/1.0b"
199.30.24.46 - - [01/Nov/2017:10:03:24 +0100] "GET /buch_k.jpg HTTP/1.1" 200 4591 "-" "Mozilla/5.0 (iPhone; CPU iPhone OS 7_0 like Mac OS X) AppleWebKit/537.51.1 (KHTML, like Gecko) Version/7.0 Mobile/11A465 Safari/9537.53 BingPreview/1.0b"
40.77.167.14 - - [01/Nov/2017:10:04:24 +0100] "GET /buecher/gesichter/20.jpg HTTP/1.1" 200 8785 "-" "Mozilla/5.0 (compatible; bingbot/2.0; +http://www.bing.com/bingbot.htm)"
194.87.236.223 - - [01/Nov/2017:10:31:18 +0100] "HEAD / HTTP/1.1" 200 - "https://infosphere.top/%D0%A1%D0%BF%D0%B8%D1%81%D0%BA%D0%B8-%D1%81%D0%B5%D1%80%D0%B8%D0%B0%D0%BB%D0%BE%D0%B2/%D0%BF%D0%BE%D1%85%D0%BE%D0%B6%D0%B8%D0%B5/%D0%98%D0%B3%D1%80%D0%B0-%D0%BF%D1%80%D0%B5%D1%81%D1%82%D0%BE%D0%BB%D0%BE%D0%B2-5542/" "Mozilla/2.0 (compatible; MSIE7.00; Windows 2008)"
195.133.201.163 - - [01/Nov/2017:10:31:19 +0100] "HEAD / HTTP/1.1" 200 - "http://filmyjako.com/movie/nejdel-i-jizda-the-longest-ride-2015/similar/" "Mozilla/7.0 (compatible; MSIE7.00; Windows 2008)"
193.124.131.168 - - [01/Nov/2017:10:31:19 +0100] "HEAD / HTTP/1.1" 200 - "http://zhivotnue.ru/index_ru.php?cat=rubu&ind=1" "Mozilla/2.0 (compatible; MSIE6.00; Windows 2007)"
195.133.145.199 - - [01/Nov/2017:10:31:19 +0100] "HEAD / HTTP/1.1" 200 - "http://filmypodobnedo.com/list/filmy-o-zbiornikach/" "Mozilla/6.0 (compatible; MSIE7.00; Windows 2008)"
194.87.94.251 - - [01/Nov/2017:10:31:19 +0100] "HEAD / HTTP/1.1" 200 - "http://filmsimili.com/list/film-su-uragani-tornado/" "Mozilla/4.0 (compatible; MSIE5.00; Windows 2004)"
195.133.147.6 - - [01/Nov/2017:10:31:20 +0100] "HEAD / HTTP/1.1" 200 - "http://medicaltranslate.ru/otpravit-dokumenty/" "Mozilla/7.0 (compatible; MSIE7.00; Windows 2005)"
193.124.190.64 - - [01/Nov/2017:10:31:32 +0100] "HEAD / HTTP/1.1" 200 - "http://xn----7sbacgfr2anc9aaenjgjdpeig.xn--p1ai/index.html" "Mozilla/2.0 (compatible; MSIE6.00; Windows 2007)"
194.67.210.77 - - [01/Nov/2017:10:31:32 +0100] "HEAD / HTTP/1.1" 200 - "http://mech-mufta.ru/category/elastichnye-mufty" "Mozilla/6.0 (compatible; MSIE7.00; Windows 2004)"
185.125.219.134 - - [01/Nov/2017:10:31:32 +0100] "HEAD / HTTP/1.1" 200 - "https://xn----7sbabm1ahc4b2aqff.su/%D0%B0%D0%BD%D0%B3%D0%B0%D1%80%D1%81%D0%BA%D0%B0%D1%8F-%D1%81%D0%BE%D1%81%D0%BD%D0%B0-%D0%B2%D0%B0%D0%B3%D0%BE%D0%BD%D0%BA%D0%B0-%D1%88%D1%82%D0%B8%D0%BB%D1%8C/" "Mozilla/3.0 (compatible; MSIE2.00; Windows 2005)"
193.124.176.156 - - [01/Nov/2017:10:31:32 +0100] "HEAD / HTTP/1.1" 200 - "http://tesla-band.ru" "Mozilla/8.0 (compatible; MSIE6.00; Windows 2002)"
185.5.249.185 - - [01/Nov/2017:10:31:33 +0100] "HEAD / HTTP/1.1" 200 - "https://xn--90ascm.xn--80asehdb/shop/folder/gazobeton-hh" "Mozilla/6.0 (compatible; MSIE2.00; Windows 2003)"
194.87.103.12 - - [01/Nov/2017:10:36:02 +0100] "HEAD / HTTP/1.1" 200 - "https://deroelwechsel.de/impressum" "Mozilla/6.0 (compatible; MSIE2.00; Windows 2007)"
193.124.179.180 - - [01/Nov/2017:10:39:48 +0100] "HEAD / HTTP/1.1" 200 - "https://kvazar.top/articles/Interesnoe-i-poznavatelnoe/" "Mozilla/8.0 (compatible; MSIE2.00; Windows 2008)"
199.30.24.173 - - [01/Nov/2017:10:56:52 +0100] "GET /cds/simplaydata/playerconfig.xml?nocache=1509529784438 HTTP/1.1" 200 149 "http://www.morusverlag.de/cds/simplay_player.swf?audiofile=lumina.mp3" "Mozilla/5.0 (iPhone; CPU iPhone OS 7_0 like Mac OS X) AppleWebKit/537.51.1 (KHTML, like Gecko) Version/7.0 Mobile/11A465 Safari/9537.53 BingPreview/1.0b"
199.30.24.173 - - [01/Nov/2017:10:56:52 +0100] "GET /cds/simplaydata/controlconfig.xml?nocache=1509529784420 HTTP/1.1" 200 121 "http://www.morusverlag.de/cds/simplay_control.swf" "Mozilla/5.0 (iPhone; CPU iPhone OS 7_0 like Mac OS X) AppleWebKit/537.51.1 (KHTML, like Gecko) Version/7.0 Mobile/11A465 Safari/9537.53 BingPreview/1.0b"
199.30.24.173 - - [01/Nov/2017:10:56:52 +0100] "GET /cds/simplaydata/playerskins/default/skin.xml?nocache=1509529785148 HTTP/1.1" 200 649 "http://www.morusverlag.de/cds/simplay_player.swf?audiofile=lumina.mp3" "Mozilla/5.0 (iPhone; CPU iPhone OS 7_0 like Mac OS X) AppleWebKit/537.51.1 (KHTML, like Gecko) Version/7.0 Mobile/11A465 Safari/9537.53 BingPreview/1.0b"
199.30.24.173 - - [01/Nov/2017:10:56:52 +0100] "GET /cds/simplaydata/controlskins/default/skin.xml HTTP/1.1" 200 349 "http://www.morusverlag.de/cds/simplay_control.swf" "Mozilla/5.0 (iPhone; CPU iPhone OS 7_0 like Mac OS X) AppleWebKit/537.51.1 (KHTML, like Gecko) Version/7.0 Mobile/11A465 Safari/9537.53 BingPreview/1.0b"
199.30.24.173 - - [01/Nov/2017:10:56:52 +0100] "GET /cds/simplaydata/controlconfig.xml?nocache=1509529785534 HTTP/1.1" 200 121 "http://www.morusverlag.de/cds/simplay_control.swf" "Mozilla/5.0 (iPhone; CPU iPhone OS 7_0 like Mac OS X) AppleWebKit/537.51.1 (KHTML, like Gecko) Version/7.0 Mobile/11A465 Safari/9537.53 BingPreview/1.0b"
5.9.145.132 - - [01/Nov/2017:11:10:28 +0100] "GET /buecher/rezensionen_preysing.html HTTP/1.1" 200 9502 "-" "Mozilla/5.0 (Macintosh; Intel Mac OS X 10.8; rv:21.0) Gecko/20100101 Firefox/21.0"
66.249.64.209 - - [01/Nov/2017:11:25:27 +0100] "GET /contentflow/contentflow.css HTTP/1.1" 200 3109 "http://www.morusverlag.de/buecher/index.html" "Mozilla/5.0 (compatible; Googlebot/2.1; +http://www.google.com/bot.html)"
66.249.64.213 - - [01/Nov/2017:11:25:28 +0100] "GET /contentflow/mycontentflow.css HTTP/1.1" 404 2381 "http://www.morusverlag.de/buecher/index.html" "Mozilla/5.0 (compatible; Googlebot/2.1; +http://www.google.com/bot.html)"
66.249.64.213 - - [01/Nov/2017:11:25:30 +0100] "GET /contentflow/ContentFlowAddOn_white.css HTTP/1.1" 200 3174 "http://www.morusverlag.de/buecher/index.html" "Mozilla/5.0 (compatible; Googlebot/2.1; +http://www.google.com/bot.html)"
180.76.15.143 - - [01/Nov/2017:11:38:34 +0100] "GET /sonderthemen/sk2001.pdf HTTP/1.1" 200 3098589 "-" "Mozilla/5.0 (compatible; Baiduspider/2.0; +http://www.baidu.com/search/spider.html)"
66.249.64.209 - - [01/Nov/2017:11:55:25 +0100] "GET /sonderthemen/sk2000.pdf HTTP/1.1" 200 2925489 "-" "Mozilla/5.0 (compatible; Googlebot/2.1; +http://www.google.com/bot.html)"
207.46.13.182 - - [01/Nov/2017:12:11:31 +0100] "GET /buecher/gesichter/17.jpg HTTP/1.1" 200 7587 "-" "Mozilla/5.0 (compatible; bingbot/2.0; +http://www.bing.com/bingbot.htm)"
188.110.81.7 - - [01/Nov/2017:12:48:01 +0100] "GET /favicon.ico HTTP/1.1" 200 4286 "-" "Mozilla/5.0 (Windows NT 6.1; Win64; x64; rv:56.0) Gecko/20100101 Firefox/56.0"
40.77.167.14 - - [01/Nov/2017:13:29:00 +0100] "GET /buecher/gesichter/08.jpg HTTP/1.1" 200 10437 "-" "Mozilla/5.0 (compatible; bingbot/2.0; +http://www.bing.com/bingbot.htm)"
79.119.229.48 - - [01/Nov/2017:13:56:16 +0100] "GET /wp-login.php HTTP/1.1" 404 2381 "-" "Mozilla/5.0 (Windows NT 6.1; WOW64; rv:40.0) Gecko/20100101 Firefox/40.1"
79.119.229.48 - - [01/Nov/2017:13:56:16 +0100] "GET / HTTP/1.1" 200 9360 "-" "Mozilla/5.0 (Windows NT 6.1; WOW64; rv:40.0) Gecko/20100101 Firefox/40.1"
207.46.13.156 - - [01/Nov/2017:14:10:48 +0100] "GET /buecher/gesichter/10.jpg HTTP/1.1" 200 7686 "-" "Mozilla/5.0 (compatible; bingbot/2.0; +http://www.bing.com/bingbot.htm)"
78.46.156.169 - - [01/Nov/2017:14:37:59 +0100] "GET /cds/hymnos_akathistos.html HTTP/1.1" 200 11061 "-" "Mozilla/5.0 (Windows NT 5.1) AppleWebKit/537.36 (KHTML, like Gecko) Chrome/27.0.1453.94 Safari/537.36"
83.143.240.9 - - [01/Nov/2017:14:38:01 +0100] "GET /cds/glockenspiel1.html HTTP/1.1" 200 9736 "-" "Mozilla/5.0 (Windows NT 6.1; WOW64) AppleWebKit/537.36 (KHTML, like Gecko) Chrome/43.0.2357.134 Safari/537.36"
78.46.156.169 - - [01/Nov/2017:14:38:13 +0100] "GET /cds/glockenspiel1.html HTTP/1.1" 200 9736 "-" "Mozilla/5.0 (Windows NT 5.1; rv:12.0) Gecko/20120403211507 Firefox/12.0"
207.46.13.182 - - [01/Nov/2017:15:24:48 +0100] "GET /buecher/gesichter/28.jpg HTTP/1.1" 200 7684 "-" "Mozilla/5.0 (compatible; bingbot/2.0; +http://www.bing.com/bingbot.htm)"
144.76.153.198 - - [01/Nov/2017:16:31:41 +0100] "GET /sonderthemen/oeaz2001.pdf HTTP/1.1" 200 4496626 "-" "Mozilla/5.0 (Windows; U; Windows NT 6.1; en-US) AppleWebKit/533.19.4 (KHTML, like Gecko) Version/5.0.2 Safari/533.18.5"
157.55.39.10 - - [01/Nov/2017:16:54:38 +0100] "GET /buecher/rezensionen_engel.html HTTP/1.1" 200 6598 "-" "Mozilla/5.0 (compatible; bingbot/2.0; +http://www.bing.com/bingbot.htm)"
188.100.67.119 - - [01/Nov/2017:17:13:25 +0100] "GET / HTTP/1.1" 200 9360 "-" "Mozilla/5.0 (Macintosh; Intel Mac OS X 10_10_3) AppleWebKit/537.36 (KHTML, like Gecko) Chrome/41.0.2272.89 Safari/537.36"
207.46.13.156 - - [01/Nov/2017:17:22:00 +0100] "GET /sonderthemen/oeaz2002.pdf HTTP/1.1" 200 3161455 "-" "Mozilla/5.0 (iPhone; CPU iPhone OS 7_0 like Mac OS X) AppleWebKit/537.51.1 (KHTML, like Gecko) Version/7.0 Mobile/11A465 Safari/9537.53 (compatible; bingbot/2.0; +http://www.bing.com/bingbot.htm)"
207.46.13.156 - - [01/Nov/2017:17:22:25 +0100] "GET /sonderthemen/oeaz2002.pdf HTTP/1.1" 200 3161455 "-" "Mozilla/5.0 (iPhone; CPU iPhone OS 7_0 like Mac OS X) AppleWebKit/537.51.1 (KHTML, like Gecko) Version/7.0 Mobile/11A465 Safari/9537.53 (compatible; bingbot/2.0; +http://www.bing.com/bingbot.htm)"
77.220.213.173 - - [01/Nov/2017:17:30:30 +0100] "HEAD / HTTP/1.1" 200 - "http://zhivotnue.ru/index_ru.php?cat=dikie_zhivotnue&ind=15" "Mozilla/3.0 (compatible; MSIE6.00; Windows 2002)"
185.154.13.6 - - [01/Nov/2017:17:30:30 +0100] "HEAD / HTTP/1.1" 200 - "http://tokshow.online/category/filmi/istoricheskie/" "Mozilla/7.0 (compatible; MSIE4.00; Windows 2003)"
178.159.39.237 - - [01/Nov/2017:17:30:31 +0100] "HEAD / HTTP/1.1" 200 - "https://kvazar.top/Uslugi/predlozhenie-uslug/Perevozka-dostavka/" "Mozilla/7.0 (compatible; MSIE6.00; Windows 2005)"
178.159.43.212 - - [01/Nov/2017:17:30:31 +0100] "HEAD / HTTP/1.1" 200 - "https://xn----7sbabm1ahc4b2aqff.su/%D0%B0%D0%BD%D0%B3%D0%B0%D1%80%D1%81%D0%BA%D0%B0%D1%8F-%D1%81%D0%BE%D1%81%D0%BD%D0%B0-%D0%B2%D0%B0%D0%B3%D0%BE%D0%BD%D0%BA%D0%B0-%D1%88%D1%82%D0%B8%D0%BB%D1%8C/" "Mozilla/2.0 (compatible; MSIE3.00; Windows 2005)"
185.209.20.147 - - [01/Nov/2017:17:37:51 +0100] "HEAD / HTTP/1.1" 200 - "https://kgb.ua/44-sekretnyy-rucheynik.html" "Mozilla/3.0 (compatible; MSIE3.00; Windows 2004)"
93.160.60.32 - - [01/Nov/2017:17:38:12 +0100] "GET / HTTP/1.1" 200 9360 "-" "Mozilla/4.0 (compatible; MSIE 7.0; Windows NT 5.0) Match by Siteimprove.com"
194.87.236.223 - - [01/Nov/2017:17:40:45 +0100] "HEAD / HTTP/1.1" 200 - "http://filmyjako.com/movie/pocatek-2010/similar/" "Mozilla/3.0 (compatible; MSIE6.00; Windows 2004)"
195.133.145.199 - - [01/Nov/2017:17:40:45 +0100] "HEAD / HTTP/1.1" 200 - "http://filmsimili.com/list/film-sulla-guerra/" "Mozilla/5.0 (compatible; MSIE2.00; Windows 2007)"
195.133.201.163 - - [01/Nov/2017:17:40:45 +0100] "HEAD / HTTP/1.1" 200 - "https://infosphere.top/%D1%82%D0%B5%D0%B3/%D0%92%D1%8B%D0%B6%D0%B8%D0%B2%D0%B0%D0%BD%D0%B8%D0%B5-20/" "Mozilla/4.0 (compatible; MSIE5.00; Windows 2002)"
193.124.131.168 - - [01/Nov/2017:17:43:27 +0100] "HEAD / HTTP/1.1" 200 - "http://gta-sa-iluha.ru/" "Mozilla/8.0 (compatible; MSIE3.00; Windows 2007)"
194.87.94.251 - - [01/Nov/2017:17:43:41 +0100] "HEAD / HTTP/1.1" 200 - "http://filmypodobnedo.com/list/filmy-o-epidemii-i-wirusow/" "Mozilla/4.0 (compatible; MSIE4.00; Windows 2003)"
195.133.147.6 - - [01/Nov/2017:17:48:14 +0100] "HEAD / HTTP/1.1" 200 - "https://deroelwechsel.de/motorenoel/Mercedes-Benz/G_CLASS/W460_1979-1992" "Mozilla/7.0 (compatible; MSIE4.00; Windows 2008)"
185.125.219.134 - - [01/Nov/2017:17:56:56 +0100] "HEAD / HTTP/1.1" 200 - "http://sugarwaxing.se/galleria/" "Mozilla/5.0 (compatible; MSIE7.00; Windows 2007)"
193.124.176.156 - - [01/Nov/2017:17:56:56 +0100] "HEAD / HTTP/1.1" 200 - "https://ecokremator.ru/p264723584-krematory-krn-200.html" "Mozilla/7.0 (compatible; MSIE6.00; Windows 2004)"
194.67.210.77 - - [01/Nov/2017:17:56:57 +0100] "HEAD / HTTP/1.1" 200 - "http://mifepriston.net/clauses/mify-o-medikamentoznom-aborte/" "Mozilla/4.0 (compatible; MSIE6.00; Windows 2006)"
185.5.249.185 - - [01/Nov/2017:17:56:57 +0100] "HEAD / HTTP/1.1" 200 - "http://miss-saint-petersburg.ru/#contact-us" "Mozilla/3.0 (compatible; MSIE7.00; Windows 2005)"
193.124.179.180 - - [01/Nov/2017:17:56:57 +0100] "HEAD / HTTP/1.1" 200 - "https://xn--90ascm.xn--80asehdb/shop/product/gazobeton-aeroc-ecoterm-d400-200-400" "Mozilla/4.0 (compatible; MSIE3.00; Windows 2006)"
193.124.190.64 - - [01/Nov/2017:17:57:10 +0100] "HEAD / HTTP/1.1" 200 - "http://mech-mufta.ru/katalogi" "Mozilla/3.0 (compatible; MSIE5.00; Windows 2006)"
194.87.103.12 - - [01/Nov/2017:18:04:39 +0100] "HEAD / HTTP/1.1" 200 - "http://medicaltranslate.ru/stoimost/" "Mozilla/3.0 (compatible; MSIE2.00; Windows 2007)"
207.46.13.156 - - [01/Nov/2017:18:28:37 +0100] "GET /buecher/ HTTP/1.1" 200 25885 "-" "Mozilla/5.0 (compatible; bingbot/2.0; +http://www.bing.com/bingbot.htm)"
40.77.167.14 - - [01/Nov/2017:18:28:57 +0100] "GET /buecher/gesichter/02.jpg HTTP/1.1" 200 9266 "-" "Mozilla/5.0 (compatible; bingbot/2.0; +http://www.bing.com/bingbot.htm)"
40.77.167.14 - - [01/Nov/2017:18:28:57 +0100] "GET /buecher/gesichter/04.jpg HTTP/1.1" 200 7078 "-" "Mozilla/5.0 (compatible; bingbot/2.0; +http://www.bing.com/bingbot.htm)"
40.77.167.14 - - [01/Nov/2017:18:28:57 +0100] "GET /buecher/gesichter/08.jpg HTTP/1.1" 200 10437 "-" "Mozilla/5.0 (compatible; bingbot/2.0; +http://www.bing.com/bingbot.htm)"
40.77.167.14 - - [01/Nov/2017:18:28:57 +0100] "GET /buecher/gesichter/13.jpg HTTP/1.1" 200 8373 "-" "Mozilla/5.0 (compatible; bingbot/2.0; +http://www.bing.com/bingbot.htm)"
40.77.167.14 - - [01/Nov/2017:18:28:57 +0100] "GET /buecher/gesichter/15.jpg HTTP/1.1" 200 7253 "-" "Mozilla/5.0 (compatible; bingbot/2.0; +http://www.bing.com/bingbot.htm)"
207.46.13.156 - - [01/Nov/2017:18:28:58 +0100] "GET /buecher/gesichter/01.jpg HTTP/1.1" 200 7981 "-" "Mozilla/5.0 (compatible; bingbot/2.0; +http://www.bing.com/bingbot.htm)"
40.77.167.14 - - [01/Nov/2017:18:28:58 +0100] "GET /buecher/gesichter/19.jpg HTTP/1.1" 200 8281 "-" "Mozilla/5.0 (compatible; bingbot/2.0; +http://www.bing.com/bingbot.htm)"
40.77.167.14 - - [01/Nov/2017:18:28:58 +0100] "GET /buecher/gesichter/20.jpg HTTP/1.1" 200 8785 "-" "Mozilla/5.0 (compatible; bingbot/2.0; +http://www.bing.com/bingbot.htm)"
207.46.13.156 - - [01/Nov/2017:18:28:58 +0100] "GET /buecher/gesichter/07.jpg HTTP/1.1" 200 7301 "-" "Mozilla/5.0 (compatible; bingbot/2.0; +http://www.bing.com/bingbot.htm)"
207.46.13.156 - - [01/Nov/2017:18:28:58 +0100] "GET /buecher/gesichter/10.jpg HTTP/1.1" 200 7686 "-" "Mozilla/5.0 (compatible; bingbot/2.0; +http://www.bing.com/bingbot.htm)"
207.46.13.156 - - [01/Nov/2017:18:28:59 +0100] "GET /buecher/gesichter/16.jpg HTTP/1.1" 200 8367 "-" "Mozilla/5.0 (compatible; bingbot/2.0; +http://www.bing.com/bingbot.htm)"
207.46.13.156 - - [01/Nov/2017:18:28:59 +0100] "GET /buecher/gesichter/23.jpg HTTP/1.1" 200 8706 "-" "Mozilla/5.0 (compatible; bingbot/2.0; +http://www.bing.com/bingbot.htm)"
207.46.13.156 - - [01/Nov/2017:18:28:59 +0100] "GET /buecher/gesichter/25.jpg HTTP/1.1" 200 7280 "-" "Mozilla/5.0 (compatible; bingbot/2.0; +http://www.bing.com/bingbot.htm)"
207.46.13.156 - - [01/Nov/2017:18:28:59 +0100] "GET /buecher/gesichter/29.jpg HTTP/1.1" 200 9282 "-" "Mozilla/5.0 (compatible; bingbot/2.0; +http://www.bing.com/bingbot.htm)"
207.46.13.156 - - [01/Nov/2017:18:29:00 +0100] "GET /buecher/gesichter/32.jpg HTTP/1.1" 200 8010 "-" "Mozilla/5.0 (compatible; bingbot/2.0; +http://www.bing.com/bingbot.htm)"
207.46.13.156 - - [01/Nov/2017:18:29:00 +0100] "GET /contentflow/contentflow.js HTTP/1.1" 200 42064 "-" "Mozilla/5.0 (compatible; bingbot/2.0; +http://www.bing.com/bingbot.htm)"
157.55.39.10 - - [01/Nov/2017:18:29:03 +0100] "GET /buecher/gesichter.jpg HTTP/1.1" 200 7271 "-" "Mozilla/5.0 (compatible; bingbot/2.0; +http://www.bing.com/bingbot.htm)"
157.55.39.10 - - [01/Nov/2017:18:29:03 +0100] "GET /buecher/gesichter/03.jpg HTTP/1.1" 200 10026 "-" "Mozilla/5.0 (compatible; bingbot/2.0; +http://www.bing.com/bingbot.htm)"
157.55.39.10 - - [01/Nov/2017:18:29:04 +0100] "GET /buecher/gesichter/05.jpg HTTP/1.1" 200 8981 "-" "Mozilla/5.0 (compatible; bingbot/2.0; +http://www.bing.com/bingbot.htm)"
157.55.39.10 - - [01/Nov/2017:18:29:04 +0100] "GET /buecher/gesichter/09.jpg HTTP/1.1" 200 9739 "-" "Mozilla/5.0 (compatible; bingbot/2.0; +http://www.bing.com/bingbot.htm)"
157.55.39.10 - - [01/Nov/2017:18:29:04 +0100] "GET /buecher/gesichter/12.jpg HTTP/1.1" 200 6460 "-" "Mozilla/5.0 (compatible; bingbot/2.0; +http://www.bing.com/bingbot.htm)"
157.55.39.10 - - [01/Nov/2017:18:29:05 +0100] "GET /buecher/gesichter/14.jpg HTTP/1.1" 200 7847 "-" "Mozilla/5.0 (compatible; bingbot/2.0; +http://www.bing.com/bingbot.htm)"
157.55.39.10 - - [01/Nov/2017:18:29:05 +0100] "GET /buecher/gesichter/18.jpg HTTP/1.1" 200 8757 "-" "Mozilla/5.0 (compatible; bingbot/2.0; +http://www.bing.com/bingbot.htm)"
157.55.39.10 - - [01/Nov/2017:18:29:05 +0100] "GET /buecher/gesichter/21.jpg HTTP/1.1" 200 7433 "-" "Mozilla/5.0 (compatible; bingbot/2.0; +http://www.bing.com/bingbot.htm)"
157.55.39.10 - - [01/Nov/2017:18:29:05 +0100] "GET /buecher/gesichter/27.jpg HTTP/1.1" 200 8110 "-" "Mozilla/5.0 (compatible; bingbot/2.0; +http://www.bing.com/bingbot.htm)"
157.55.39.10 - - [01/Nov/2017:18:29:05 +0100] "GET /buecher/gesichter/30.jpg HTTP/1.1" 200 8702 "-" "Mozilla/5.0 (compatible; bingbot/2.0; +http://www.bing.com/bingbot.htm)"
40.77.167.14 - - [01/Nov/2017:18:29:11 +0100] "GET /buecher/gesichter/26.jpg HTTP/1.1" 200 8027 "-" "Mozilla/5.0 (compatible; bingbot/2.0; +http://www.bing.com/bingbot.htm)"
40.77.167.14 - - [01/Nov/2017:18:29:12 +0100] "GET /buecher/gesichter/31.jpg HTTP/1.1" 200 8424 "-" "Mozilla/5.0 (compatible; bingbot/2.0; +http://www.bing.com/bingbot.htm)"
207.46.13.182 - - [01/Nov/2017:18:29:19 +0100] "GET /buecher/gesichter/06.jpg HTTP/1.1" 200 8732 "-" "Mozilla/5.0 (compatible; bingbot/2.0; +http://www.bing.com/bingbot.htm)"
207.46.13.182 - - [01/Nov/2017:18:29:19 +0100] "GET /buecher/gesichter/11.jpg HTTP/1.1" 200 6175 "-" "Mozilla/5.0 (compatible; bingbot/2.0; +http://www.bing.com/bingbot.htm)"
207.46.13.182 - - [01/Nov/2017:18:29:19 +0100] "GET /buecher/gesichter/17.jpg HTTP/1.1" 200 7587 "-" "Mozilla/5.0 (compatible; bingbot/2.0; +http://www.bing.com/bingbot.htm)"
207.46.13.182 - - [01/Nov/2017:18:29:19 +0100] "GET /buecher/gesichter/22.jpg HTTP/1.1" 200 8837 "-" "Mozilla/5.0 (compatible; bingbot/2.0; +http://www.bing.com/bingbot.htm)"
207.46.13.182 - - [01/Nov/2017:18:29:19 +0100] "GET /buecher/gesichter/24.jpg HTTP/1.1" 200 8021 "-" "Mozilla/5.0 (compatible; bingbot/2.0; +http://www.bing.com/bingbot.htm)"
207.46.13.182 - - [01/Nov/2017:18:29:19 +0100] "GET /buecher/gesichter/28.jpg HTTP/1.1" 200 7684 "-" "Mozilla/5.0 (compatible; bingbot/2.0; +http://www.bing.com/bingbot.htm)"
78.109.23.1 - - [01/Nov/2017:18:50:47 +0100] "GET /utility/convert/index.php HTTP/1.1" 404 2381 "-" "Mozilla/5.0 (Windows NT 10.0; Win64; x64) AppleWebKit/537.36 (KHTML, like Gecko) Chrome/56.0.2924.87 Safari/537.36"
5.9.112.6 - - [01/Nov/2017:18:58:11 +0100] "GET /sonderthemen/oekt_extra1.pdf HTTP/1.1" 200 1849015 "-" "Mozilla/5.0 (Windows NT 6.0; rv:14.0) Gecko/20100101 Firefox/14.0.1"
185.158.152.57 - - [01/Nov/2017:19:04:35 +0100] "HEAD / HTTP/1.1" 200 - "http://tesla-band.ru" "Mozilla/2.0 (compatible; MSIE2.00; Windows 2004)"
144.76.153.198 - - [01/Nov/2017:19:05:15 +0100] "GET /sonderthemen/sk2000.pdf HTTP/1.1" 200 2925489 "-" "Mozilla/5.0 (Windows NT 6.1; rv:12.0) Gecko/20120403211507 Firefox/12.0"
87.172.224.169 - - [01/Nov/2017:19:11:58 +0100] "GET /cds/hymnos_akathistos.html HTTP/1.1" 200 11061 "-" "Mozilla/5.0 (Windows NT 10.0; WOW64) AppleWebKit/537.36 (KHTML, like Gecko) Chrome/61.0.3163.100 Safari/537.36"
87.172.224.169 - - [01/Nov/2017:19:11:58 +0100] "GET /main.css HTTP/1.1" 200 1439 "http://www.morusverlag.de/cds/hymnos_akathistos.html" "Mozilla/5.0 (Windows NT 10.0; WOW64) AppleWebKit/537.36 (KHTML, like Gecko) Chrome/61.0.3163.100 Safari/537.36"
87.172.224.169 - - [01/Nov/2017:19:11:58 +0100] "GET /logo_g.gif HTTP/1.1" 200 1301 "http://www.morusverlag.de/cds/hymnos_akathistos.html" "Mozilla/5.0 (Windows NT 10.0; WOW64) AppleWebKit/537.36 (KHTML, like Gecko) Chrome/61.0.3163.100 Safari/537.36"
87.172.224.169 - - [01/Nov/2017:19:11:58 +0100] "GET /mv_g.gif HTTP/1.1" 200 4070 "http://www.morusverlag.de/cds/hymnos_akathistos.html" "Mozilla/5.0 (Windows NT 10.0; WOW64) AppleWebKit/537.36 (KHTML, like Gecko) Chrome/61.0.3163.100 Safari/537.36"
87.172.224.169 - - [01/Nov/2017:19:11:58 +0100] "GET /m.gif HTTP/1.1" 200 95 "http://www.morusverlag.de/cds/hymnos_akathistos.html" "Mozilla/5.0 (Windows NT 10.0; WOW64) AppleWebKit/537.36 (KHTML, like Gecko) Chrome/61.0.3163.100 Safari/537.36"
87.172.224.169 - - [01/Nov/2017:19:11:58 +0100] "GET /pf.gif HTTP/1.1" 200 62 "http://www.morusverlag.de/cds/hymnos_akathistos.html" "Mozilla/5.0 (Windows NT 10.0; WOW64) AppleWebKit/537.36 (KHTML, like Gecko) Chrome/61.0.3163.100 Safari/537.36"
87.172.224.169 - - [01/Nov/2017:19:11:58 +0100] "GET /cds/hymnos.jpg HTTP/1.1" 200 27752 "http://www.morusverlag.de/cds/hymnos_akathistos.html" "Mozilla/5.0 (Windows NT 10.0; WOW64) AppleWebKit/537.36 (KHTML, like Gecko) Chrome/61.0.3163.100 Safari/537.36"
87.172.224.169 - - [01/Nov/2017:19:11:58 +0100] "GET /strich.gif HTTP/1.1" 200 45 "http://www.morusverlag.de/cds/hymnos_akathistos.html" "Mozilla/5.0 (Windows NT 10.0; WOW64) AppleWebKit/537.36 (KHTML, like Gecko) Chrome/61.0.3163.100 Safari/537.36"
87.172.224.169 - - [01/Nov/2017:19:11:59 +0100] "GET /cds/simplay_control.swf HTTP/1.1" 200 1243 "http://www.morusverlag.de/cds/hymnos_akathistos.html" "Mozilla/5.0 (Windows NT 10.0; WOW64) AppleWebKit/537.36 (KHTML, like Gecko) Chrome/61.0.3163.100 Safari/537.36"
87.172.224.169 - - [01/Nov/2017:19:11:59 +0100] "GET /cds/simplay_player.swf?audiofile=hymnos1.mp3 HTTP/1.1" 200 6377 "http://www.morusverlag.de/cds/hymnos_akathistos.html" "Mozilla/5.0 (Windows NT 10.0; WOW64) AppleWebKit/537.36 (KHTML, like Gecko) Chrome/61.0.3163.100 Safari/537.36"
87.172.224.169 - - [01/Nov/2017:19:11:59 +0100] "GET /cds/simplay_player.swf?audiofile=hymnos2.mp3 HTTP/1.1" 200 6377 "http://www.morusverlag.de/cds/hymnos_akathistos.html" "Mozilla/5.0 (Windows NT 10.0; WOW64) AppleWebKit/537.36 (KHTML, like Gecko) Chrome/61.0.3163.100 Safari/537.36"
87.172.224.169 - - [01/Nov/2017:19:11:59 +0100] "GET /cds/hymnos_heft.jpg HTTP/1.1" 200 8653 "http://www.morusverlag.de/cds/hymnos_akathistos.html" "Mozilla/5.0 (Windows NT 10.0; WOW64) AppleWebKit/537.36 (KHTML, like Gecko) Chrome/61.0.3163.100 Safari/537.36"
87.172.224.169 - - [01/Nov/2017:19:12:00 +0100] "GET /cds/simplaydata/playerconfig.xml?nocache=1509559494975.12 HTTP/1.1" 200 149 "http://www.morusverlag.de/cds/hymnos_akathistos.html" "Mozilla/5.0 (Windows NT 10.0; WOW64) AppleWebKit/537.36 (KHTML, like Gecko) Chrome/61.0.3163.100 Safari/537.36"
87.172.224.169 - - [01/Nov/2017:19:12:00 +0100] "GET /cds/simplaydata/controlconfig.xml?nocache=1509559494923.12 HTTP/1.1" 200 121 "http://www.morusverlag.de/cds/hymnos_akathistos.html" "Mozilla/5.0 (Windows NT 10.0; WOW64) AppleWebKit/537.36 (KHTML, like Gecko) Chrome/61.0.3163.100 Safari/537.36"
87.172.224.169 - - [01/Nov/2017:19:12:00 +0100] "GET /cds/simplaydata/playerconfig.xml?nocache=1509559495123.12 HTTP/1.1" 200 149 "http://www.morusverlag.de/cds/hymnos_akathistos.html" "Mozilla/5.0 (Windows NT 10.0; WOW64) AppleWebKit/537.36 (KHTML, like Gecko) Chrome/61.0.3163.100 Safari/537.36"
87.172.224.169 - - [01/Nov/2017:19:12:00 +0100] "GET /cds/simplaydata/playerskins/default/skin.xml?nocache=1509559495263.12 HTTP/1.1" 200 649 "http://www.morusverlag.de/cds/hymnos_akathistos.html" "Mozilla/5.0 (Windows NT 10.0; WOW64) AppleWebKit/537.36 (KHTML, like Gecko) Chrome/61.0.3163.100 Safari/537.36"
87.172.224.169 - - [01/Nov/2017:19:12:00 +0100] "GET /cds/simplaydata/controlskins/default/skin.xml HTTP/1.1" 200 349 "http://www.morusverlag.de/cds/hymnos_akathistos.html" "Mozilla/5.0 (Windows NT 10.0; WOW64) AppleWebKit/537.36 (KHTML, like Gecko) Chrome/61.0.3163.100 Safari/537.36"
87.172.224.169 - - [01/Nov/2017:19:12:00 +0100] "GET /favicon.ico HTTP/1.1" 200 4286 "http://www.morusverlag.de/cds/hymnos_akathistos.html" "Mozilla/5.0 (Windows NT 10.0; WOW64) AppleWebKit/537.36 (KHTML, like Gecko) Chrome/61.0.3163.100 Safari/537.36"
87.172.224.169 - - [01/Nov/2017:19:12:00 +0100] "GET /cds/simplaydata/playerskins/default/skin.xml?nocache=1509559495600.12 HTTP/1.1" 200 649 "http://www.morusverlag.de/cds/hymnos_akathistos.html" "Mozilla/5.0 (Windows NT 10.0; WOW64) AppleWebKit/537.36 (KHTML, like Gecko) Chrome/61.0.3163.100 Safari/537.36"
87.172.224.169 - - [01/Nov/2017:19:12:00 +0100] "GET /cds/simplaydata/controlskins/default/background.jpg HTTP/1.1" 200 772 "http://www.morusverlag.de/cds/hymnos_akathistos.html" "Mozilla/5.0 (Windows NT 10.0; WOW64) AppleWebKit/537.36 (KHTML, like Gecko) Chrome/61.0.3163.100 Safari/537.36"
87.172.224.169 - - [01/Nov/2017:19:12:00 +0100] "GET /cds/simplaydata/controlskins/default/handle.jpg HTTP/1.1" 200 387 "http://www.morusverlag.de/cds/hymnos_akathistos.html" "Mozilla/5.0 (Windows NT 10.0; WOW64) AppleWebKit/537.36 (KHTML, like Gecko) Chrome/61.0.3163.100 Safari/537.36"
87.172.224.169 - - [01/Nov/2017:19:12:00 +0100] "GET /cds/simplaydata/controlskins/default/on.jpg HTTP/1.1" 200 986 "http://www.morusverlag.de/cds/hymnos_akathistos.html" "Mozilla/5.0 (Windows NT 10.0; WOW64) AppleWebKit/537.36 (KHTML, like Gecko) Chrome/61.0.3163.100 Safari/537.36"
87.172.224.169 - - [01/Nov/2017:19:12:00 +0100] "GET /cds/simplaydata/controlskins/default/off.jpg HTTP/1.1" 200 608 "http://www.morusverlag.de/cds/hymnos_akathistos.html" "Mozilla/5.0 (Windows NT 10.0; WOW64) AppleWebKit/537.36 (KHTML, like Gecko) Chrome/61.0.3163.100 Safari/537.36"
87.172.224.169 - - [01/Nov/2017:19:12:00 +0100] "GET /cds/simplaydata/playerskins/default/background.jpg HTTP/1.1" 200 340 "http://www.morusverlag.de/cds/hymnos_akathistos.html" "Mozilla/5.0 (Windows NT 10.0; WOW64) AppleWebKit/537.36 (KHTML, like Gecko) Chrome/61.0.3163.100 Safari/537.36"
87.172.224.169 - - [01/Nov/2017:19:12:00 +0100] "GET /cds/simplaydata/playerskins/default/play_up.jpg HTTP/1.1" 200 643 "http://www.morusverlag.de/cds/hymnos_akathistos.html" "Mozilla/5.0 (Windows NT 10.0; WOW64) AppleWebKit/537.36 (KHTML, like Gecko) Chrome/61.0.3163.100 Safari/537.36"
87.172.224.169 - - [01/Nov/2017:19:12:00 +0100] "GET /cds/simplaydata/playerskins/default/play_over.jpg HTTP/1.1" 200 986 "http://www.morusverlag.de/cds/hymnos_akathistos.html" "Mozilla/5.0 (Windows NT 10.0; WOW64) AppleWebKit/537.36 (KHTML, like Gecko) Chrome/61.0.3163.100 Safari/537.36"
87.172.224.169 - - [01/Nov/2017:19:12:00 +0100] "GET /cds/simplaydata/playerskins/default/play_down.jpg HTTP/1.1" 200 972 "http://www.morusverlag.de/cds/hymnos_akathistos.html" "Mozilla/5.0 (Windows NT 10.0; WOW64) AppleWebKit/537.36 (KHTML, like Gecko) Chrome/61.0.3163.100 Safari/537.36"
87.172.224.169 - - [01/Nov/2017:19:12:00 +0100] "GET /cds/simplaydata/playerskins/default/pause_up.jpg HTTP/1.1" 200 649 "http://www.morusverlag.de/cds/hymnos_akathistos.html" "Mozilla/5.0 (Windows NT 10.0; WOW64) AppleWebKit/537.36 (KHTML, like Gecko) Chrome/61.0.3163.100 Safari/537.36"
87.172.224.169 - - [01/Nov/2017:19:12:00 +0100] "GET /cds/simplaydata/playerskins/default/pause_over.jpg HTTP/1.1" 200 988 "http://www.morusverlag.de/cds/hymnos_akathistos.html" "Mozilla/5.0 (Windows NT 10.0; WOW64) AppleWebKit/537.36 (KHTML, like Gecko) Chrome/61.0.3163.100 Safari/537.36"
87.172.224.169 - - [01/Nov/2017:19:12:00 +0100] "GET /cds/simplaydata/playerskins/default/pause_down.jpg HTTP/1.1" 200 939 "http://www.morusverlag.de/cds/hymnos_akathistos.html" "Mozilla/5.0 (Windows NT 10.0; WOW64) AppleWebKit/537.36 (KHTML, like Gecko) Chrome/61.0.3163.100 Safari/537.36"
87.172.224.169 - - [01/Nov/2017:19:12:14 +0100] "GET /cds/index.html HTTP/1.1" 200 7987 "http://www.morusverlag.de/cds/hymnos_akathistos.html" "Mozilla/5.0 (Windows NT 10.0; WOW64) AppleWebKit/537.36 (KHTML, like Gecko) Chrome/61.0.3163.100 Safari/537.36"
87.172.224.169 - - [01/Nov/2017:19:12:15 +0100] "GET /cds/ignatius_k.jpg HTTP/1.1" 200 3965 "http://www.morusverlag.de/cds/index.html" "Mozilla/5.0 (Windows NT 10.0; WOW64) AppleWebKit/537.36 (KHTML, like Gecko) Chrome/61.0.3163.100 Safari/537.36"
87.172.224.169 - - [01/Nov/2017:19:12:15 +0100] "GET /cds/rosarium_k.jpg HTTP/1.1" 200 3972 "http://www.morusverlag.de/cds/index.html" "Mozilla/5.0 (Windows NT 10.0; WOW64) AppleWebKit/537.36 (KHTML, like Gecko) Chrome/61.0.3163.100 Safari/537.36"
87.172.224.169 - - [01/Nov/2017:19:12:15 +0100] "GET /cds/hymnos_k.jpg HTTP/1.1" 200 4986 "http://www.morusverlag.de/cds/index.html" "Mozilla/5.0 (Windows NT 10.0; WOW64) AppleWebKit/537.36 (KHTML, like Gecko) Chrome/61.0.3163.100 Safari/537.36"
87.172.224.169 - - [01/Nov/2017:19:12:15 +0100] "GET /cds/glockenspiel1_k.jpg HTTP/1.1" 200 5641 "http://www.morusverlag.de/cds/index.html" "Mozilla/5.0 (Windows NT 10.0; WOW64) AppleWebKit/537.36 (KHTML, like Gecko) Chrome/61.0.3163.100 Safari/537.36"
