83.133.125.202 - - [12/Apr/2012:05:18:10 +0200] "GET / HTTP/1.1" 200 12977 "http://www.sumaja.de/?such_wert=professionelle" "Mozilla/4.0 (compatible; MSIE 7.0; Windows NT 6.0; GTB6; SLCC1; .NET CLR 2.0.50727; Media Center PC 5.0; eSobiSubscriber 2.0.4.16; .NET CLR 3.5.30729; .NET CLR 3.0.30729; .NET4.0C)"
141.105.120.152 - - [12/Apr/2012:06:24:30 +0200] "GET /robots.txt HTTP/1.0" 200 24 "-" "Mozilla/5.0 (compatible; OpenindexDeepSpider/Nutch-1.5-dev; +http://www.openindex.io/en/webmasters/spider.html)"
141.105.120.152 - - [12/Apr/2012:06:24:30 +0200] "GET / HTTP/1.0" 304 - "-" "Mozilla/5.0 (compatible; OpenindexDeepSpider/Nutch-1.5-dev; +http://www.openindex.io/en/webmasters/spider.html)"
87.189.125.200 - - [12/Apr/2012:08:50:43 +0200] "GET / HTTP/1.1" 200 12977 "-" "Mozilla/5.0 (Windows; U; Windows NT 5.1; de; rv:1.9.0.10) Gecko/2009042316 Firefox/3.0.10"
87.189.125.200 - - [12/Apr/2012:08:50:45 +0200] "GET /teledienst.html HTTP/1.1" 200 4588 "-" "Mozilla/5.0 (Windows; U; Windows NT 5.1; de; rv:1.9.0.10) Gecko/2009042316 Firefox/3.0.10"
87.189.125.200 - - [12/Apr/2012:08:50:48 +0200] "GET /teledienst.html HTTP/1.1" 200 4588 "-" "Java/1.6.0_22"
91.65.70.140 - - [12/Apr/2012:12:19:00 +0200] "GET / HTTP/1.1" 200 12977 "http://unimatrix.intranet.kzv-berlin.de/suuche/praxis.php?nr=2696" "Mozilla/5.0 (Windows NT 5.1; rv:10.0.3) Gecko/20120330 Firefox/10.0.3"
91.65.70.140 - - [12/Apr/2012:12:19:00 +0200] "GET /opensite.js HTTP/1.1" 200 1125 "http://www.zahnarztpraxis-berlin-pankow.de/" "Mozilla/5.0 (Windows NT 5.1; rv:10.0.3) Gecko/20120330 Firefox/10.0.3"
91.65.70.140 - - [12/Apr/2012:12:19:00 +0200] "GET /flashopen.js HTTP/1.1" 200 604 "http://www.zahnarztpraxis-berlin-pankow.de/" "Mozilla/5.0 (Windows NT 5.1; rv:10.0.3) Gecko/20120330 Firefox/10.0.3"
91.65.70.140 - - [12/Apr/2012:12:19:00 +0200] "GET /favicon.ico HTTP/1.1" 200 2550 "-" "Mozilla/5.0 (Windows NT 5.1; rv:10.0.3) Gecko/20120330 Firefox/10.0.3"
91.65.70.140 - - [12/Apr/2012:12:19:02 +0200] "GET /hattke.swf HTTP/1.1" 200 12042 "http://www.zahnarztpraxis-berlin-pankow.de/" "Mozilla/5.0 (Windows NT 5.1; rv:10.0.3) Gecko/20120330 Firefox/10.0.3"
91.65.70.140 - - [12/Apr/2012:12:19:02 +0200] "GET /diashow.swf HTTP/1.1" 200 311957 "-" "Mozilla/5.0 (Windows NT 5.1; rv:10.0.3) Gecko/20120330 Firefox/10.0.3"
93.219.191.90 - - [12/Apr/2012:12:24:17 +0200] "GET / HTTP/1.1" 200 12977 "-" "Mozilla/5.0 (Windows NT 6.1; WOW64; rv:2.0.1) Gecko/20100101 Firefox/4.0.1"
93.219.191.90 - - [12/Apr/2012:12:24:17 +0200] "GET /opensite.js HTTP/1.1" 200 1125 "http://www.zahnarztpraxis-berlin-pankow.de/" "Mozilla/5.0 (Windows NT 6.1; WOW64; rv:2.0.1) Gecko/20100101 Firefox/4.0.1"
93.219.191.90 - - [12/Apr/2012:12:24:17 +0200] "GET /flashopen.js HTTP/1.1" 200 604 "http://www.zahnarztpraxis-berlin-pankow.de/" "Mozilla/5.0 (Windows NT 6.1; WOW64; rv:2.0.1) Gecko/20100101 Firefox/4.0.1"
93.219.191.90 - - [12/Apr/2012:12:24:17 +0200] "GET /favicon.ico HTTP/1.1" 200 2550 "-" "Mozilla/5.0 (Windows NT 6.1; WOW64; rv:2.0.1) Gecko/20100101 Firefox/4.0.1"
93.219.191.90 - - [12/Apr/2012:12:24:18 +0200] "GET /hattke.swf HTTP/1.1" 200 12042 "http://www.zahnarztpraxis-berlin-pankow.de/" "Mozilla/5.0 (Windows NT 6.1; WOW64; rv:2.0.1) Gecko/20100101 Firefox/4.0.1"
93.219.191.90 - - [12/Apr/2012:12:24:18 +0200] "GET /diashow.swf HTTP/1.1" 200 311957 "-" "Mozilla/5.0 (Windows NT 6.1; WOW64; rv:2.0.1) Gecko/20100101 Firefox/4.0.1"
91.213.91.28 - - [12/Apr/2012:15:17:50 +0200] "GET /robots.txt HTTP/1.0" 200 24 "-" "mahonie, neofonie search:robot/search:robot/0.0.1 (This is the MIA Bot - crawling for mia research project. If you feel unhappy and do not want to be visited by our crawler send an email to spider@neofonie.de; http://spider.neofonie.de; spider@neofonie.de)"
91.213.91.28 - - [12/Apr/2012:15:17:50 +0200] "GET / HTTP/1.0" 200 12977 "-" "mahonie, neofonie search:robot/search:robot/0.0.1 (This is the MIA Bot - crawling for mia research project. If you feel unhappy and do not want to be visited by our crawler send an email to spider@neofonie.de; http://spider.neofonie.de; spider@neofonie.de)"
78.140.185.32 - - [12/Apr/2012:21:25:09 +0200] "GET / HTTP/1.1" 200 12977 "-" "Mozilla/5.0 (X11; U; Linux x86_64; en-US; rv:1.9.2.16) Gecko/20110323 Ubuntu/10.10 (maverick) Firefox/3.6.16"
176.9.139.112 - - [13/Apr/2012:02:07:33 +0200] "GET /robots.txt HTTP/1.1" 200 24 "-" "Mozilla/5.0 (compatible; SISTRIX Crawler; http://crawler.sistrix.net/)"
176.9.139.112 - - [13/Apr/2012:02:07:33 +0200] "GET / HTTP/1.1" 200 12977 "-" "Mozilla/5.0 (compatible; SISTRIX Crawler; http://crawler.sistrix.net/)"
176.9.139.112 - - [13/Apr/2012:02:07:33 +0200] "GET /teledienst.html HTTP/1.1" 200 4588 "-" "Mozilla/5.0 (compatible; SISTRIX Crawler; http://crawler.sistrix.net/)"
208.115.113.90 - - [13/Apr/2012:07:31:47 +0200] "GET /robots.txt HTTP/1.1" 200 24 "-" "Mozilla/5.0 (compatible; Ezooms/1.0; ezooms.bot@gmail.com)"
208.115.113.90 - - [13/Apr/2012:07:46:20 +0200] "GET / HTTP/1.1" 200 12977 "-" "Mozilla/5.0 (compatible; Ezooms/1.0; ezooms.bot@gmail.com)"
188.118.79.193 - - [13/Apr/2012:12:53:51 +0200] "GET /robots.txt HTTP/1.0" 200 24 "-" "Pangalactic Gargleblaster/Nutch-1.2 (Very intoxicating; http://circuitbomb.com; DigitalMail)"
188.118.79.193 - - [13/Apr/2012:12:53:51 +0200] "GET / HTTP/1.0" 200 12977 "-" "Pangalactic Gargleblaster/Nutch-1.2 (Very intoxicating; http://circuitbomb.com; DigitalMail)"
46.137.155.223 - - [13/Apr/2012:15:47:01 +0200] "GET / HTTP/1.1" 200 12977 "-" "Mozilla/5.0 (X11; Ubuntu; Linux x86_64; rv:11.0) Gecko/20100101 Firefox/11.0"
180.76.5.177 - - [13/Apr/2012:16:38:59 +0200] "GET /robots.txt HTTP/1.1" 200 24 "-" "Mozilla/5.0 (Windows NT 5.1; rv:6.0.2) Gecko/20100101 Firefox/6.0.2"
66.249.71.116 - - [13/Apr/2012:17:14:36 +0200] "GET /robots.txt HTTP/1.1" 200 24 "-" "Mozilla/5.0 (compatible; Googlebot/2.1; +http://www.google.com/bot.html)"
66.249.66.115 - - [13/Apr/2012:17:14:37 +0200] "GET /sitemap.xml HTTP/1.1" 200 796 "-" "Mozilla/5.0 (compatible; Googlebot/2.1; +http://www.google.com/bot.html)"
207.46.13.208 - - [13/Apr/2012:19:01:34 +0200] "GET /robots.txt HTTP/1.1" 200 24 "-" "Mozilla/5.0 (compatible; bingbot/2.0; +http://www.bing.com/bingbot.htm)"
207.46.13.208 - - [13/Apr/2012:19:02:36 +0200] "GET / HTTP/1.1" 304 - "-" "Mozilla/5.0 (compatible; bingbot/2.0; +http://www.bing.com/bingbot.htm)"
85.214.201.220 - - [13/Apr/2012:19:22:53 +0200] "GET /teledienst.html HTTP/1.1" 200 4588 "-" "i-market-bot"
85.214.201.220 - - [13/Apr/2012:19:22:53 +0200] "GET /teledienst.html HTTP/1.1" 200 4588 "-" "i-market-bot"
85.214.201.220 - - [13/Apr/2012:19:22:53 +0200] "GET /teledienst.html HTTP/1.1" 200 4588 "-" "i-market-bot"
85.214.201.220 - - [13/Apr/2012:19:22:53 +0200] "GET /teledienst.html HTTP/1.1" 200 4588 "-" "i-market-bot"
85.214.201.220 - - [13/Apr/2012:19:22:53 +0200] "GET /teledienst.html HTTP/1.1" 200 4588 "-" "i-market-bot"
85.214.201.220 - - [13/Apr/2012:19:22:53 +0200] "GET /teledienst.html HTTP/1.1" 200 4588 "-" "i-market-bot"
85.178.219.99 - - [13/Apr/2012:19:34:38 +0200] "GET / HTTP/1.1" 200 12977 "http://www.gelbeseiten.de/yp/122/subscriberlist_pageAction.yp?sessionDataString=H4sIAAAAAAAAAFWOW0vDQBCFf00et8xtswnzZIO3B1EUFHyR3WRrIiXWTVCbX-p8qLdSBgTmH8w0HbdiIBAGDElojzGRqcZUBH4itI0YMJkYh5i4ooSgXdBHTawzjMG2HaY5ZXz68%2FLO03u-p0fPb9WJxLWrLh1zFth1Elp4dxiskfwYOa4pBj1Zx8F6foU9trh0Q6M3OpHwf8DRGOo-p-poO2DQT6ydzc2-p0LGUTr8trSwJoO6RV4JoodYF9Ww5KXSFpV6H5Me2j3qDYEtCqMnpLTpB0DuypPcGtTmhCv774fNduEYfCSvWJ4MFNfC76jKwyc8AuOIK9QcMzP3aYAEAAA-e-e" "Mozilla/5.0 (compatible; MSIE 9.0; Windows NT 6.1; WOW64; Trident/5.0)"
85.178.219.99 - - [13/Apr/2012:19:34:40 +0200] "GET / HTTP/1.1" 206 10391 "http://www.gelbeseiten.de/yp/122/subscriberlist_pageAction.yp?sessionDataString=H4sIAAAAAAAAAFWOW0vDQBCFf00et8xtswnzZIO3B1EUFHyR3WRrIiXWTVCbX-p8qLdSBgTmH8w0HbdiIBAGDElojzGRqcZUBH4itI0YMJkYh5i4ooSgXdBHTawzjMG2HaY5ZXz68%2FLO03u-p0fPb9WJxLWrLh1zFth1Elp4dxiskfwYOa4pBj1Zx8F6foU9trh0Q6M3OpHwf8DRGOo-p-poO2DQT6ydzc2-p0LGUTr8trSwJoO6RV4JoodYF9Ww5KXSFpV6H5Me2j3qDYEtCqMnpLTpB0DuypPcGtTmhCv774fNduEYfCSvWJ4MFNfC76jKwyc8AuOIK9QcMzP3aYAEAAA-e-e" "Mozilla/5.0 (compatible; MSIE 9.0; Windows NT 6.1; WOW64; Trident/5.0)"
88.134.66.236 - - [13/Apr/2012:20:36:44 +0200] "GET /robots.txt HTTP/1.0" 200 24 "-" "Mozilla/5.0 (compatible; MJ12bot/v1.4.2; http://www.majestic12.co.uk/bot.php?+)"
88.134.66.236 - - [13/Apr/2012:20:36:45 +0200] "GET / HTTP/1.1" 200 12977 "-" "Mozilla/5.0 (compatible; MJ12bot/v1.4.2; http://www.majestic12.co.uk/bot.php?+)"
91.213.91.41 - - [13/Apr/2012:20:44:22 +0200] "GET /robots.txt HTTP/1.0" 200 24 "-" "mahonie, neofonie search:robot/search:robot/0.0.1 (This is the MIA Bot - crawling for mia research project. If you feel unhappy and do not want to be visited by our crawler send an email to spider@neofonie.de; http://spider.neofonie.de; spider@neofonie.de)"
91.213.91.41 - - [13/Apr/2012:20:44:22 +0200] "GET / HTTP/1.0" 200 12977 "-" "mahonie, neofonie search:robot/search:robot/0.0.1 (This is the MIA Bot - crawling for mia research project. If you feel unhappy and do not want to be visited by our crawler send an email to spider@neofonie.de; http://spider.neofonie.de; spider@neofonie.de)"
88.73.67.48 - - [13/Apr/2012:21:23:33 +0200] "GET / HTTP/1.1" 200 12977 "http://www.med-kolleg.de/arzt/zahnarzt/10460.html" "Mozilla/5.0 (Windows NT 6.1; WOW64; rv:11.0) Gecko/20100101 Firefox/11.0"
88.73.67.48 - - [13/Apr/2012:21:23:34 +0200] "GET /opensite.js HTTP/1.1" 200 1125 "http://www.zahnarztpraxis-berlin-pankow.de/" "Mozilla/5.0 (Windows NT 6.1; WOW64; rv:11.0) Gecko/20100101 Firefox/11.0"
88.73.67.48 - - [13/Apr/2012:21:23:34 +0200] "GET /flashopen.js HTTP/1.1" 200 604 "http://www.zahnarztpraxis-berlin-pankow.de/" "Mozilla/5.0 (Windows NT 6.1; WOW64; rv:11.0) Gecko/20100101 Firefox/11.0"
88.73.67.48 - - [13/Apr/2012:21:23:34 +0200] "GET /favicon.ico HTTP/1.1" 200 2550 "-" "Mozilla/5.0 (Windows NT 6.1; WOW64; rv:11.0) Gecko/20100101 Firefox/11.0"
88.73.67.48 - - [13/Apr/2012:21:23:34 +0200] "GET /hattke.swf HTTP/1.1" 200 12042 "http://www.zahnarztpraxis-berlin-pankow.de/" "Mozilla/5.0 (Windows NT 6.1; WOW64; rv:11.0) Gecko/20100101 Firefox/11.0"
88.73.67.48 - - [13/Apr/2012:21:23:34 +0200] "GET /diashow.swf HTTP/1.1" 200 311957 "-" "Mozilla/5.0 (Windows NT 6.1; WOW64; rv:11.0) Gecko/20100101 Firefox/11.0"
180.76.5.58 - - [14/Apr/2012:14:22:44 +0200] "GET /robots.txt HTTP/1.1" 200 24 "-" "Mozilla/5.0 (Windows NT 5.1; rv:6.0.2) Gecko/20100101 Firefox/6.0.2"
178.0.22.141 - - [14/Apr/2012:14:40:46 +0200] "GET / HTTP/1.1" 200 12977 "http://www.gelbeseiten.de/yp/122/search.yp?sessionDataString=H4sIAAAAAAAAAEWHsQ5CIQxFv8aRpC3wCumubzSa6GhIKdHNAIt%2FL04O5557kJi1tFpda8oumHmXOPFvihqozxldRg-pxURRCyZ-p3hAMdxyx9DntNW3G6Pv4tafZSbVjp-ppTpUHaQM8hlvRvIfYkXDTfYQsZIIF%2FqK9f0hwAAAA-e-e&at=yp&kindOfSearch=tradesearch&subject=Zahnarzt&location=Berlin&x=0&y=0&distance=-1&execute=Suchen&suggest_choose=on&rz=122" "Mozilla/5.0 (Windows; U; Windows NT 5.1; en-US; rv:1.9.2.10) Gecko/20100914 Firefox/3.6.8;MEGAUPLOAD 1.0 (.NET CLR 3.5.30729)"
67.195.115.51 - - [14/Apr/2012:15:46:39 +0200] "GET /robots.txt HTTP/1.0" 200 24 "-" "Mozilla/5.0 (compatible; Yahoo! Slurp; http://help.yahoo.com/help/us/ysearch/slurp)"
67.195.115.51 - - [14/Apr/2012:15:46:40 +0200] "GET /robots.txt HTTP/1.0" 200 24 "-" "Mozilla/5.0 (compatible; Yahoo! Slurp; http://help.yahoo.com/help/us/ysearch/slurp)"
67.195.115.51 - - [14/Apr/2012:15:46:40 +0200] "GET / HTTP/1.0" 200 12977 "-" "Mozilla/5.0 (compatible; Yahoo! Slurp; http://help.yahoo.com/help/us/ysearch/slurp)"
217.69.134.91 - - [14/Apr/2012:16:18:07 +0200] "GET / HTTP/1.0" 200 12977 "-" "Mozilla/5.0 (compatible; Mail.RU/2.0)"
207.46.13.208 - - [14/Apr/2012:16:48:57 +0200] "GET /robots.txt HTTP/1.1" 200 24 "-" "Mozilla/5.0 (compatible; bingbot/2.0; +http://www.bing.com/bingbot.htm)"
207.46.13.208 - - [14/Apr/2012:16:49:39 +0200] "GET / HTTP/1.1" 200 12977 "-" "Mozilla/5.0 (compatible; bingbot/2.0; +http://www.bing.com/bingbot.htm)"
213.186.127.12 - - [14/Apr/2012:17:33:24 +0200] "GET /teledienst.html HTTP/1.1" 200 4588 "-" "Mozilla/5.0 (compatible; AhrefsBot/2.0; +http://ahrefs.com/robot/)"
46.4.95.140 - - [15/Apr/2012:02:20:20 +0200] "GET /robots.txt HTTP/1.0" 200 24 "-" "Mozilla/5.0 (compatible; SEOkicks-Robot +http://www.seokicks.de/robot.html)"
46.4.95.140 - - [15/Apr/2012:02:20:23 +0200] "GET / HTTP/1.0" 200 12977 "-" "Mozilla/5.0 (compatible; SEOkicks-Robot +http://www.seokicks.de/robot.html)"
46.4.95.140 - - [15/Apr/2012:02:20:27 +0200] "GET /favicon.ico HTTP/1.0" 200 2550 "http://www.zahnarztpraxis-berlin-pankow.de/" "Mozilla/5.0 (compatible; SEOkicks-Robot +http://www.seokicks.de/robot.html)"
46.4.95.140 - - [15/Apr/2012:02:20:30 +0200] "GET /opensite.js HTTP/1.0" 200 1125 "http://www.zahnarztpraxis-berlin-pankow.de/" "Mozilla/5.0 (compatible; SEOkicks-Robot +http://www.seokicks.de/robot.html)"
46.4.95.140 - - [15/Apr/2012:02:20:34 +0200] "GET /flashopen.js HTTP/1.0" 200 604 "http://www.zahnarztpraxis-berlin-pankow.de/" "Mozilla/5.0 (compatible; SEOkicks-Robot +http://www.seokicks.de/robot.html)"
46.4.95.140 - - [15/Apr/2012:02:20:37 +0200] "GET /teledienst.html HTTP/1.0" 200 4588 "http://www.zahnarztpraxis-berlin-pankow.de/" "Mozilla/5.0 (compatible; SEOkicks-Robot +http://www.seokicks.de/robot.html)"
66.249.71.116 - - [15/Apr/2012:02:27:54 +0200] "GET /robots.txt HTTP/1.1" 200 24 "-" "Mozilla/5.0 (compatible; Googlebot/2.1; +http://www.google.com/bot.html)"
66.249.71.116 - - [15/Apr/2012:02:27:54 +0200] "GET /callback.html HTTP/1.1" 200 3272 "-" "Mozilla/5.0 (compatible; Googlebot/2.1; +http://www.google.com/bot.html)"
207.46.13.208 - - [15/Apr/2012:06:19:45 +0200] "GET /robots.txt HTTP/1.1" 200 24 "-" "Mozilla/5.0 (compatible; bingbot/2.0; +http://www.bing.com/bingbot.htm)"
207.46.13.208 - - [15/Apr/2012:06:20:38 +0200] "GET / HTTP/1.1" 200 12977 "-" "Mozilla/5.0 (compatible; bingbot/2.0; +http://www.bing.com/bingbot.htm)"
46.4.64.137 - - [15/Apr/2012:08:32:00 +0200] "GET / HTTP/1.1" 200 12977 "http://siterater.de/zahnarztpraxis-berlin-pankow.de" "Mozilla/5.0 (X11; U; Linux; en-US) AppleWebKit/532.4 (KHTML, like Gecko) Qt/4.6.3 Safari/532.4"
2.202.250.79 - - [15/Apr/2012:09:32:35 +0200] "GET / HTTP/1.1" 200 12977 "http://www.dasverzeichnis.info/eintrag/319-Berlin/1000126/41660/Zahn%E4rzte+Roumiana+und+Reyk+Hattke/" "Mozilla/5.0 (Windows NT 6.0) AppleWebKit/535.19 (KHTML, like Gecko) Chrome/18.0.1025.152 Safari/535.19"
2.202.250.79 - - [15/Apr/2012:09:32:36 +0200] "GET /opensite.js HTTP/1.1" 200 1125 "http://www.zahnarztpraxis-berlin-pankow.de/" "Mozilla/5.0 (Windows NT 6.0) AppleWebKit/535.19 (KHTML, like Gecko) Chrome/18.0.1025.152 Safari/535.19"
2.202.250.79 - - [15/Apr/2012:09:32:36 +0200] "GET /flashopen.js HTTP/1.1" 200 604 "http://www.zahnarztpraxis-berlin-pankow.de/" "Mozilla/5.0 (Windows NT 6.0) AppleWebKit/535.19 (KHTML, like Gecko) Chrome/18.0.1025.152 Safari/535.19"
2.202.250.79 - - [15/Apr/2012:09:32:36 +0200] "GET /hattke.swf HTTP/1.1" 200 12042 "http://www.zahnarztpraxis-berlin-pankow.de/" "Mozilla/5.0 (Windows NT 6.0) AppleWebKit/535.19 (KHTML, like Gecko) Chrome/18.0.1025.152 Safari/535.19"
2.202.250.79 - - [15/Apr/2012:09:32:36 +0200] "GET /favicon.ico HTTP/1.1" 200 2550 "-" "Mozilla/5.0 (Windows NT 6.0) AppleWebKit/535.19 (KHTML, like Gecko) Chrome/18.0.1025.152 Safari/535.19"
2.202.250.79 - - [15/Apr/2012:09:32:37 +0200] "GET /diashow.swf HTTP/1.1" 200 311957 "http://www.zahnarztpraxis-berlin-pankow.de/hattke.swf" "Mozilla/5.0 (Windows NT 6.0) AppleWebKit/535.19 (KHTML, like Gecko) Chrome/18.0.1025.152 Safari/535.19"
2.202.250.79 - - [15/Apr/2012:09:33:11 +0200] "GET / HTTP/1.1" 304 - "-" "Mozilla/5.0 (Windows NT 6.0) AppleWebKit/535.19 (KHTML, like Gecko) Chrome/18.0.1025.152 Safari/535.19"
95.108.128.242 - - [15/Apr/2012:12:30:56 +0200] "GET /robots.txt HTTP/1.1" 200 24 "-" "Mozilla/5.0 (compatible; YandexBot/3.0; +http://yandex.com/bots)"
66.249.66.115 - - [15/Apr/2012:14:43:11 +0200] "GET /robots.txt HTTP/1.1" 200 24 "-" "Mozilla/5.0 (compatible; Googlebot/2.1; +http://www.google.com/bot.html)"
66.249.66.115 - - [15/Apr/2012:14:43:11 +0200] "GET / HTTP/1.1" 200 12977 "-" "SAMSUNG-SGH-E250/1.0 Profile/MIDP-2.0 Configuration/CLDC-1.1 UP.Browser/6.2.3.3.c.1.101 (GUI) MMP/2.0 (compatible; Googlebot-Mobile/2.1; +http://www.google.com/bot.html)"
87.142.102.119 - - [15/Apr/2012:14:47:51 +0200] "GET / HTTP/1.1" 200 12977 "http://www.google.de/url?sa=t&rct=j&q=dr%20hattke%20berlin&source=web&cd=1&ved=0CCcQFjAA&url=http%3A%2F%2Fwww.zahnarztpraxis-berlin-pankow.de%2F&ei=Z8OKT5aGOM3KtAbE273oAg&usg=AFQjCNGhU0LSIXKAU9N4d8DNsS8g6WKbiA" "Mozilla/5.0 (Windows NT 6.1; rv:11.0) Gecko/20100101 Firefox/11.0"
87.142.102.119 - - [15/Apr/2012:14:47:51 +0200] "GET /opensite.js HTTP/1.1" 200 1125 "http://www.zahnarztpraxis-berlin-pankow.de/" "Mozilla/5.0 (Windows NT 6.1; rv:11.0) Gecko/20100101 Firefox/11.0"
87.142.102.119 - - [15/Apr/2012:14:47:51 +0200] "GET /favicon.ico HTTP/1.1" 200 2550 "-" "Mozilla/5.0 (Windows NT 6.1; rv:11.0) Gecko/20100101 Firefox/11.0"
87.142.102.119 - - [15/Apr/2012:14:47:51 +0200] "GET /flashopen.js HTTP/1.1" 200 604 "http://www.zahnarztpraxis-berlin-pankow.de/" "Mozilla/5.0 (Windows NT 6.1; rv:11.0) Gecko/20100101 Firefox/11.0"
87.142.102.119 - - [15/Apr/2012:14:47:54 +0200] "GET /hattke.swf HTTP/1.1" 200 12042 "http://www.zahnarztpraxis-berlin-pankow.de/" "Mozilla/5.0 (Windows NT 6.1; rv:11.0) Gecko/20100101 Firefox/11.0"
87.142.102.119 - - [15/Apr/2012:14:47:54 +0200] "GET /diashow.swf HTTP/1.1" 200 311957 "-" "Mozilla/5.0 (Windows NT 6.1; rv:11.0) Gecko/20100101 Firefox/11.0"
66.249.66.115 - - [15/Apr/2012:15:12:19 +0200] "GET /callback.html HTTP/1.1" 304 - "-" "Mozilla/5.0 (compatible; Googlebot/2.1; +http://www.google.com/bot.html)"
66.249.66.115 - - [15/Apr/2012:16:31:23 +0200] "GET /robots.txt HTTP/1.1" 200 24 "-" "Mozilla/5.0 (compatible; Googlebot/2.1; +http://www.google.com/bot.html)"
66.249.66.115 - - [15/Apr/2012:16:31:23 +0200] "GET /hattke.swf HTTP/1.1" 200 12042 "-" "Mozilla/5.0 (compatible; Googlebot/2.1; +http://www.google.com/bot.html)"
95.108.128.242 - - [15/Apr/2012:18:15:09 +0200] "GET / HTTP/1.1" 200 12977 "-" "Mozilla/5.0 (compatible; YandexBot/3.0; +http://yandex.com/bots)"
91.121.70.86 - - [15/Apr/2012:20:03:01 +0200] "HEAD / HTTP/1.1" 200 - "-" "Cuasar/1.0 (+http://www.cuasar.com)"
87.123.109.13 - - [15/Apr/2012:20:22:09 +0200] "GET / HTTP/1.1" 200 12977 "-" "Mozilla/5.0 (Macintosh; Intel Mac OS X 10_7_3) AppleWebKit/534.53.11 (KHTML, like Gecko) Version/5.1.3 Safari/534.53.10"
87.123.109.13 - - [15/Apr/2012:20:22:09 +0200] "GET /opensite.js HTTP/1.1" 200 1125 "http://www.zahnarztpraxis-berlin-pankow.de/" "Mozilla/5.0 (Macintosh; Intel Mac OS X 10_7_3) AppleWebKit/534.53.11 (KHTML, like Gecko) Version/5.1.3 Safari/534.53.10"
87.123.109.13 - - [15/Apr/2012:20:22:09 +0200] "GET /flashopen.js HTTP/1.1" 200 604 "http://www.zahnarztpraxis-berlin-pankow.de/" "Mozilla/5.0 (Macintosh; Intel Mac OS X 10_7_3) AppleWebKit/534.53.11 (KHTML, like Gecko) Version/5.1.3 Safari/534.53.10"
87.123.109.13 - - [15/Apr/2012:20:22:09 +0200] "GET /favicon.ico HTTP/1.1" 200 2550 "http://www.zahnarztpraxis-berlin-pankow.de/" "Mozilla/5.0 (Macintosh; Intel Mac OS X 10_7_3) AppleWebKit/534.53.11 (KHTML, like Gecko) Version/5.1.3 Safari/534.53.10"
87.123.109.13 - - [15/Apr/2012:20:22:28 +0200] "GET /hattke.swf HTTP/1.1" 200 12042 "http://www.zahnarztpraxis-berlin-pankow.de/" "Mozilla/5.0 (Macintosh; Intel Mac OS X 10_7_3) AppleWebKit/534.53.11 (KHTML, like Gecko) Version/5.1.3 Safari/534.53.10"
87.123.109.13 - - [15/Apr/2012:20:22:29 +0200] "GET /diashow.swf HTTP/1.1" 200 311957 "http://www.zahnarztpraxis-berlin-pankow.de/" "Mozilla/5.0 (Macintosh; Intel Mac OS X 10_7_3) AppleWebKit/534.53.11 (KHTML, like Gecko) Version/5.1.3 Safari/534.53.10"
217.69.134.91 - - [16/Apr/2012:00:13:50 +0200] "GET /sitemap.xml HTTP/1.0" 200 796 "-" "Mozilla/5.0 (compatible; Mail.RU/2.0)"
217.69.134.91 - - [16/Apr/2012:00:13:52 +0200] "GET /robots.txt HTTP/1.0" 200 24 "-" "Mozilla/5.0 (compatible; Mail.RU/2.0)"
188.174.218.19 - - [16/Apr/2012:01:15:24 +0200] "GET / HTTP/1.1" 200 12977 "http://www.filepoint.de" "Mozilla/5.0 (Windows; U; Windows NT 5.1; de; rv:1.9.1.8) Gecko/20100202 Firefox/3.5.8"
71.251.207.250 - - [16/Apr/2012:03:12:21 +0200] "GET /robots.txt HTTP/1.0" 200 24 "-" "Applied-Technologies-Inc-Spider/Nutch-1.4"
71.251.207.250 - - [16/Apr/2012:03:12:21 +0200] "GET / HTTP/1.0" 200 12977 "-" "Applied-Technologies-Inc-Spider/Nutch-1.4"
176.9.18.37 - - [16/Apr/2012:07:25:15 +0200] "GET / HTTP/1.1" 200 12977 "-" "PEAR HTTP_Request class ( http://pear.php.net/ )"
64.125.222.50 - - [16/Apr/2012:07:57:43 +0200] "GET /robots.txt HTTP/1.1" 200 24 "-" "Mozilla/5.0 (compatible; 008/0.83; http://www.80legs.com/webcrawler.html;) Gecko/2008032620"
108.206.232.161 - - [16/Apr/2012:08:01:13 +0200] "GET / HTTP/1.1" 200 12977 "-" "Mozilla/5.0 (compatible; 008/0.83; http://www.80legs.com/webcrawler.html) Gecko/2008032620"
108.206.232.161 - - [16/Apr/2012:08:01:16 +0200] "GET / HTTP/1.1" 200 12977 "-" "Mozilla/5.0 (compatible; 008/0.83; http://www.80legs.com/webcrawler.html) Gecko/2008032620"
84.125.204.149 - - [16/Apr/2012:08:06:32 +0200] "GET /favicon.ico HTTP/1.1" 200 2550 "-" "Mozilla/5.0 (compatible; 008/0.83; http://www.80legs.com/webcrawler.html) Gecko/2008032620"
84.125.204.149 - - [16/Apr/2012:08:06:33 +0200] "GET /teledienst.html HTTP/1.1" 200 4588 "-" "Mozilla/5.0 (compatible; 008/0.83; http://www.80legs.com/webcrawler.html) Gecko/2008032620"
193.47.80.37 - - [16/Apr/2012:10:41:02 +0200] "GET /robots.txt HTTP/1.1" 200 24 "-" "Mozilla/5.0 (compatible; Exabot/3.0; +http://www.exabot.com/go/robot)"
193.47.80.37 - - [16/Apr/2012:10:41:02 +0200] "GET / HTTP/1.1" 304 - "-" "Mozilla/5.0 (compatible; Exabot/3.0; +http://www.exabot.com/go/robot)"
66.249.66.115 - - [16/Apr/2012:12:20:08 +0200] "GET /robots.txt HTTP/1.1" 200 24 "-" "Mozilla/5.0 (compatible; Googlebot/2.1; +http://www.google.com/bot.html)"
66.249.66.115 - - [16/Apr/2012:12:20:08 +0200] "GET /intro.html HTTP/1.1" 200 5170 "-" "Mozilla/5.0 (compatible; Googlebot/2.1; +http://www.google.com/bot.html)"
158.181.67.95 - - [16/Apr/2012:12:30:40 +0200] "GET / HTTP/1.1" 200 12977 "http://www.gelbeseiten.de/yp/122//subscriberlist_search.yp?sessionDataString=H4sIAAAAAAAAAFVOy07DMBD8mhxd7dprO9GcaMXrgEAgceCC7MQhQVUoTgS0X4-pFqCh72hnNi62QSIxRUWu8EsOsak2iekvJ9b30NjQq2tZQTR20hqn0xbyEvMxpXFIBlw%2FPfxjNfgf3FIapOpd8KERYp7wdJ0iRpvyS4jTO23E-pWv9RqJccujSnkNsBHZe6xRjj8P4b8spMx8MbY0eG8MGNtyz4ZG%2FEeXxZvbJaiLFnsxJmSw0OjLPDyawrwnXMYWqHhBsm68Q67y1u2QsT7gj3irE5sVTmJyCUv%2FIbPGquBb6Iem3FO2IuQ78BMH1vhVABAAA-e&at=yp&kindOfSearch=tradesearch&subject=Zahn%E4rzte&location=Berlin+Bezirk+Pankow&x=39&y=13&distance=-1&execute=Suchen&sort=branche&sort=branche&suggest_choose=on¬iceName=Name+des+Merkzettels¬iceTargetUrl=http%3A%2F%2Fwww.gelbeseiten.de%2Fyp%2F122%2Fmeinegelbeseiten%2FajaxSpeicherMerkzettel.yp%3FsessionDataString%3DH4sIAAAAAAAAAFVOy07DMBD8mhxd7dprO9GcaMXrgEAgceCC7MQhQVUoTgS0X4-pFqCh72hnNi62QSIxRUWu8EsOsak2iekvJ9b30NjQq2tZQTR20hqn0xbyEvMxpXFIBlw%2FPfxjNfgf3FIapOpd8KERYp7wdJ0iRpvyS4jTO23E-pWv9RqJccujSnkNsBHZe6xRjj8P4b8spMx8MbY0eG8MGNtyz4ZG%2FEeXxZvbJaiLFnsxJmSw0OjLPDyawrwnXMYWqHhBsm68Q67y1u2QsT7gj3irE5sVTmJyCUv%2FIbPGquBb6Iem3FO2IuQ78BMH1vhVABAAA-e" "Mozilla/5.0 (Windows NT 5.1; rv:11.0) Gecko/20100101 Firefox/11.0"
64.246.165.150 - - [16/Apr/2012:14:55:26 +0200] "GET /robots.txt HTTP/1.0" 200 24 "-" "Mozilla/5.0 (Windows; U; Windows NT 5.1; en; rv:1.9.0.13) Gecko/2009073022 Firefox/3.5.2 (.NET CLR 3.5.30729) SurveyBot/2.3 (DomainTools)"
64.246.165.150 - - [16/Apr/2012:14:55:26 +0200] "GET / HTTP/1.1" 200 12977 "http://whois.domaintools.com/zahnarztpraxis-berlin-pankow.de" "Mozilla/5.0 (Windows; U; Windows NT 5.1; en; rv:1.9.0.13) Gecko/2009073022 Firefox/3.5.2 (.NET CLR 3.5.30729) SurveyBot/2.3 (DomainTools)"
84.155.146.237 - - [16/Apr/2012:16:42:31 +0200] "GET / HTTP/1.1" 200 12977 "http://www.google.de/url?sa=t&rct=j&q=&esrc=s&frm=1&source=web&cd=11&ved=0CH4QFjAAOAo&url=http%3A%2F%2Fwww.zahnarztpraxis-berlin-pankow.de%2F&ei=0S-MT4HfH4LVtAagsenzCw&usg=AFQjCNGhU0LSIXKAU9N4d8DNsS8g6WKbiA&sig2=ks881RQuLYBfRZIg7wXQRg" "Mozilla/4.0 (compatible; MSIE 7.0; Windows NT 5.1; Trident/4.0; GTB7.3; .NET CLR 2.0.50727; .NET CLR 3.0.4506.2152; .NET CLR 3.5.30729)"
84.155.146.237 - - [16/Apr/2012:16:42:31 +0200] "GET /opensite.js HTTP/1.1" 200 1125 "http://www.zahnarztpraxis-berlin-pankow.de/" "Mozilla/4.0 (compatible; MSIE 7.0; Windows NT 5.1; Trident/4.0; GTB7.3; .NET CLR 2.0.50727; .NET CLR 3.0.4506.2152; .NET CLR 3.5.30729)"
84.155.146.237 - - [16/Apr/2012:16:42:31 +0200] "GET /flashopen.js HTTP/1.1" 200 604 "http://www.zahnarztpraxis-berlin-pankow.de/" "Mozilla/4.0 (compatible; MSIE 7.0; Windows NT 5.1; Trident/4.0; GTB7.3; .NET CLR 2.0.50727; .NET CLR 3.0.4506.2152; .NET CLR 3.5.30729)"
84.155.146.237 - - [16/Apr/2012:16:42:31 +0200] "GET /hattke.swf HTTP/1.1" 200 12042 "http://www.zahnarztpraxis-berlin-pankow.de/" "Mozilla/4.0 (compatible; MSIE 7.0; Windows NT 5.1; Trident/4.0; GTB7.3; .NET CLR 2.0.50727; .NET CLR 3.0.4506.2152; .NET CLR 3.5.30729)"
84.155.146.237 - - [16/Apr/2012:16:42:32 +0200] "GET /favicon.ico HTTP/1.1" 200 2550 "-" "Mozilla/4.0 (compatible; MSIE 8.0; Windows NT 5.1; Trident/4.0; GTB7.3; .NET CLR 2.0.50727; .NET CLR 3.0.4506.2152; .NET CLR 3.5.30729)"
84.155.146.237 - - [16/Apr/2012:16:42:32 +0200] "GET /diashow.swf HTTP/1.1" 200 311957 "http://www.zahnarztpraxis-berlin-pankow.de/hattke.swf" "Mozilla/4.0 (compatible; MSIE 7.0; Windows NT 5.1; Trident/4.0; GTB7.3; .NET CLR 2.0.50727; .NET CLR 3.0.4506.2152; .NET CLR 3.5.30729)"
83.6.139.195 - - [16/Apr/2012:17:28:00 +0200] "GET /robots.txt HTTP/1.1" 200 24 "-" "Java/1.6.0_24"
83.133.125.202 - - [16/Apr/2012:19:36:40 +0200] "GET / HTTP/1.1" 200 12977 "http://www.sumaja.de/?such_wert=berlin" "T-Online Browser"
95.108.128.242 - - [16/Apr/2012:21:24:51 +0200] "GET /robots.txt HTTP/1.1" 200 24 "-" "Mozilla/5.0 (compatible; YandexBot/3.0; +http://yandex.com/bots)"
76.72.167.162 - - [16/Apr/2012:22:13:07 +0200] "GET /robots.txt HTTP/1.0" 200 24 "-" "Mozilla/5.0 (compatible; MJ12bot/v1.4.2; http://www.majestic12.co.uk/bot.php?+)"
76.72.167.162 - - [16/Apr/2012:22:13:09 +0200] "GET / HTTP/1.0" 200 12977 "-" "Mozilla/5.0 (compatible; MJ12bot/v1.4.2; http://www.majestic12.co.uk/bot.php?+)"
207.46.13.208 - - [16/Apr/2012:22:56:26 +0200] "GET /robots.txt HTTP/1.1" 200 24 "-" "Mozilla/5.0 (compatible; bingbot/2.0; +http://www.bing.com/bingbot.htm)"
207.46.13.208 - - [16/Apr/2012:22:57:17 +0200] "GET / HTTP/1.1" 304 - "-" "Mozilla/5.0 (compatible; bingbot/2.0; +http://www.bing.com/bingbot.htm)"
71.251.207.250 - - [16/Apr/2012:23:54:45 +0200] "GET /robots.txt HTTP/1.0" 200 24 "-" "Applied-Technologies-Inc-Spider/Nutch-1.4"
71.251.207.250 - - [16/Apr/2012:23:54:45 +0200] "GET / HTTP/1.0" 200 12977 "-" "Applied-Technologies-Inc-Spider/Nutch-1.4"
77.73.139.136 - - [17/Apr/2012:04:09:44 +0200] "GET /robots.txt HTTP/1.1" 200 24 "-" "Mozilla/5.0 (compatible; 008/0.83; http://www.80legs.com/webcrawler.html;) Gecko/2008032620"
77.73.139.136 - - [17/Apr/2012:04:09:45 +0200] "GET / HTTP/1.1" 200 12977 "-" "Mozilla/5.0 (compatible; 008/0.83; http://www.80legs.com/webcrawler.html) Gecko/2008032620"
95.108.128.242 - - [17/Apr/2012:08:48:18 +0200] "GET / HTTP/1.1" 200 12977 "-" "Mozilla/5.0 (compatible; YandexBot/3.0; +http://yandex.com/bots)"
94.23.225.68 - - [17/Apr/2012:10:28:05 +0200] "GET / HTTP/1.1" 200 12977 "-" "Mozilla/5.0 (X11; Linux i686; rv:6.0) Gecko/20100101 Firefox/6.0"
66.249.71.116 - - [17/Apr/2012:15:15:46 +0200] "GET /robots.txt HTTP/1.1" 200 24 "-" "Mozilla/5.0 (compatible; Googlebot/2.1; +http://www.google.com/bot.html)"
66.249.71.116 - - [17/Apr/2012:15:15:46 +0200] "GET / HTTP/1.1" 200 12977 "-" "DoCoMo/2.0 N905i(c100;TB;W24H16) (compatible; Googlebot-Mobile/2.1; +http://www.google.com/bot.html)"
87.142.110.138 - - [17/Apr/2012:15:35:07 +0200] "GET / HTTP/1.1" 200 12977 "http://www.google.de/url?sa=t&rct=j&q=zahnarztpraxen%20berlin&source=web&cd=42&ved=0CGwQFjABOCg&url=http%3A%2F%2Fwww.zahnarztpraxis-berlin-pankow.de%2F&ei=UXGNT82gA8zFtAbo6PztCQ&usg=AFQjCNGhU0LSIXKAU9N4d8DNsS8g6WKbiA" "Mozilla/4.0 (compatible; MSIE 8.0; Windows NT 6.1; Trident/4.0; SLCC2; .NET CLR 2.0.50727; .NET CLR 3.5.30729; .NET CLR 3.0.30729; Media Center PC 6.0; .NET4.0C)"
87.142.110.138 - - [17/Apr/2012:15:35:07 +0200] "GET /opensite.js HTTP/1.1" 200 1125 "http://www.zahnarztpraxis-berlin-pankow.de/" "Mozilla/4.0 (compatible; MSIE 8.0; Windows NT 6.1; Trident/4.0; SLCC2; .NET CLR 2.0.50727; .NET CLR 3.5.30729; .NET CLR 3.0.30729; Media Center PC 6.0; .NET4.0C)"
87.142.110.138 - - [17/Apr/2012:15:35:07 +0200] "GET /flashopen.js HTTP/1.1" 200 604 "http://www.zahnarztpraxis-berlin-pankow.de/" "Mozilla/4.0 (compatible; MSIE 8.0; Windows NT 6.1; Trident/4.0; SLCC2; .NET CLR 2.0.50727; .NET CLR 3.5.30729; .NET CLR 3.0.30729; Media Center PC 6.0; .NET4.0C)"
87.142.110.138 - - [17/Apr/2012:15:35:07 +0200] "GET /hattke.swf HTTP/1.1" 200 12042 "http://www.zahnarztpraxis-berlin-pankow.de/" "Mozilla/4.0 (compatible; MSIE 8.0; Windows NT 6.1; Trident/4.0; SLCC2; .NET CLR 2.0.50727; .NET CLR 3.5.30729; .NET CLR 3.0.30729; Media Center PC 6.0; .NET4.0C)"
87.142.110.138 - - [17/Apr/2012:15:35:07 +0200] "GET /favicon.ico HTTP/1.1" 200 2550 "-" "Mozilla/4.0 (compatible; MSIE 8.0; Windows NT 6.1; Trident/4.0; SLCC2; .NET CLR 2.0.50727; .NET CLR 3.5.30729; .NET CLR 3.0.30729; Media Center PC 6.0; .NET4.0C)"
87.142.110.138 - - [17/Apr/2012:15:35:07 +0200] "GET /diashow.swf HTTP/1.1" 200 311957 "http://www.zahnarztpraxis-berlin-pankow.de/hattke.swf" "Mozilla/4.0 (compatible; MSIE 8.0; Windows NT 6.1; Trident/4.0; SLCC2; .NET CLR 2.0.50727; .NET CLR 3.5.30729; .NET CLR 3.0.30729; Media Center PC 6.0; .NET4.0C)"
213.186.127.12 - - [17/Apr/2012:17:41:04 +0200] "GET /robots.txt HTTP/1.1" 200 24 "-" "Mozilla/5.0 (compatible; AhrefsBot/2.0; +http://ahrefs.com/robot/)"
87.149.165.222 - - [17/Apr/2012:17:52:16 +0200] "GET / HTTP/1.1" 200 12977 "-" "Mozilla/5.0 (compatible; MSIE 9.0; Windows NT 6.1; Trident/5.0)"
87.149.165.222 - - [17/Apr/2012:17:52:16 +0200] "GET /opensite.js HTTP/1.1" 200 1125 "http://www.zahnarztpraxis-berlin-pankow.de/" "Mozilla/5.0 (compatible; MSIE 9.0; Windows NT 6.1; Trident/5.0)"
87.149.165.222 - - [17/Apr/2012:17:52:17 +0200] "GET /flashopen.js HTTP/1.1" 200 604 "http://www.zahnarztpraxis-berlin-pankow.de/" "Mozilla/5.0 (compatible; MSIE 9.0; Windows NT 6.1; Trident/5.0)"
87.149.165.222 - - [17/Apr/2012:17:52:17 +0200] "GET /hattke.swf HTTP/1.1" 200 12042 "http://www.zahnarztpraxis-berlin-pankow.de/" "Mozilla/5.0 (compatible; MSIE 9.0; Windows NT 6.1; Trident/5.0)"
87.149.165.222 - - [17/Apr/2012:17:52:17 +0200] "GET /favicon.ico HTTP/1.1" 200 2550 "-" "Mozilla/5.0 (compatible; MSIE 9.0; Windows NT 6.1; Trident/5.0)"
87.149.165.222 - - [17/Apr/2012:17:52:17 +0200] "GET /diashow.swf HTTP/1.1" 200 311957 "http://www.zahnarztpraxis-berlin-pankow.de/hattke.swf" "Mozilla/5.0 (compatible; MSIE 9.0; Windows NT 6.1; Trident/5.0)"
88.131.106.22 - - [17/Apr/2012:18:29:27 +0200] "GET /robots.txt HTTP/1.0" 200 24 "-" "Mozilla/5.0 (Windows; U; Windows NT 5.1; en-US) Speedy Spider (http://www.entireweb.com/about/search_tech/speedy_spider/)"
88.131.106.22 - - [17/Apr/2012:18:29:27 +0200] "GET /teledienst.html HTTP/1.0" 200 4588 "-" "Mozilla/5.0 (Windows; U; Windows NT 5.1; en-US) Speedy Spider (http://www.entireweb.com/about/search_tech/speedy_spider/)"
176.9.145.55 - - [17/Apr/2012:18:49:48 +0200] "GET / HTTP/1.1" 200 12977 "-" "Mozilla/4.0 (compatible; MSIE 6.0; Windows NT 5.1)"
208.115.111.74 - - [17/Apr/2012:23:24:55 +0200] "GET /robots.txt HTTP/1.1" 200 24 "-" "Mozilla/5.0 (compatible; Ezooms/1.0; ezooms.bot@gmail.com)"
208.115.111.74 - - [18/Apr/2012:00:40:59 +0200] "GET /teledienst.html HTTP/1.1" 200 4588 "-" "Mozilla/5.0 (compatible; Ezooms/1.0; ezooms.bot@gmail.com)"
69.28.58.80 - - [18/Apr/2012:05:01:39 +0200] "GET /robots.txt HTTP/1.0" 200 24 "-" "nutch-1.4/Nutch-1.4"
69.28.58.80 - - [18/Apr/2012:05:01:39 +0200] "GET / HTTP/1.0" 200 12977 "-" "nutch-1.4/Nutch-1.4"
69.28.58.72 - - [18/Apr/2012:05:50:29 +0200] "GET /robots.txt HTTP/1.0" 200 24 "-" "nutch-1.4/Nutch-1.4"
69.28.58.72 - - [18/Apr/2012:05:50:30 +0200] "GET / HTTP/1.0" 200 12977 "-" "nutch-1.4/Nutch-1.4"
98.139.241.248 - - [18/Apr/2012:10:42:19 +0200] "GET / HTTP/1.1" 200 12977 "-" "Mozilla/5.0 (iPhone; U; CPU iPhone OS 4_3_3 like Mac OS X; de-de) AppleWebKit/533.17.9 (KHTML, like Gecko) Version/5.0.2 Mobile/8J2 Safari/6533.18.5"
98.139.241.248 - - [18/Apr/2012:10:42:19 +0200] "GET /favicon.ico HTTP/1.1" 200 2550 "-" "Mozilla/5.0 (iPhone; U; CPU iPhone OS 4_3_3 like Mac OS X; de-de) AppleWebKit/533.17.9 (KHTML, like Gecko) Version/5.0.2 Mobile/8J2 Safari/6533.18.5"
121.97.254.34 - - [18/Apr/2012:14:21:26 +0200] "GET /robots.txt HTTP/1.0" 200 24 "-" "fetch/Nutch-1.2 (TCGfetch; http://fetch.thecyberguardian.com; TCGEmail)"
121.97.254.34 - - [18/Apr/2012:14:21:27 +0200] "GET / HTTP/1.0" 200 12977 "-" "fetch/Nutch-1.2 (TCGfetch; http://fetch.thecyberguardian.com; TCGEmail)"
91.213.91.41 - - [18/Apr/2012:18:33:27 +0200] "GET /robots.txt HTTP/1.0" 200 24 "-" "mahonie, neofonie search:robot/search:robot/0.0.1 (This is the MIA Bot - crawling for mia research project. If you feel unhappy and do not want to be visited by our crawler send an email to spider@neofonie.de; http://spider.neofonie.de; spider@neofonie.de)"
91.213.91.41 - - [18/Apr/2012:18:33:27 +0200] "GET / HTTP/1.0" 200 12977 "-" "mahonie, neofonie search:robot/search:robot/0.0.1 (This is the MIA Bot - crawling for mia research project. If you feel unhappy and do not want to be visited by our crawler send an email to spider@neofonie.de; http://spider.neofonie.de; spider@neofonie.de)"
46.137.155.223 - - [18/Apr/2012:19:55:01 +0200] "GET / HTTP/1.1" 200 12977 "-" "Mozilla/5.0 (X11; Ubuntu; Linux x86_64; rv:11.0) Gecko/20100101 Firefox/11.0"
91.22.174.229 - - [18/Apr/2012:21:40:15 +0200] "GET / HTTP/1.1" 200 12977 "http://www.med-kolleg.de/arzt/zahnarzt/10460.html" "Mozilla/5.0 (compatible; MSIE 9.0; Windows NT 6.1; Trident/5.0; MAAU; MAAU)"
91.22.174.229 - - [18/Apr/2012:21:40:15 +0200] "GET /opensite.js HTTP/1.1" 200 1125 "http://www.zahnarztpraxis-berlin-pankow.de/" "Mozilla/5.0 (compatible; MSIE 9.0; Windows NT 6.1; Trident/5.0; MAAU; MAAU)"
91.22.174.229 - - [18/Apr/2012:21:40:15 +0200] "GET /flashopen.js HTTP/1.1" 200 604 "http://www.zahnarztpraxis-berlin-pankow.de/" "Mozilla/5.0 (compatible; MSIE 9.0; Windows NT 6.1; Trident/5.0; MAAU; MAAU)"
91.22.174.229 - - [18/Apr/2012:21:40:15 +0200] "GET /opensite.js HTTP/1.1" 200 1125 "http://www.zahnarztpraxis-berlin-pankow.de/" "Mozilla/5.0 (compatible; MSIE 9.0; Windows NT 6.1; Trident/5.0; MAAU; MAAU)"
91.22.174.229 - - [18/Apr/2012:21:40:15 +0200] "GET /flashopen.js HTTP/1.1" 200 604 "http://www.zahnarztpraxis-berlin-pankow.de/" "Mozilla/5.0 (compatible; MSIE 9.0; Windows NT 6.1; Trident/5.0; MAAU; MAAU)"
91.22.174.229 - - [18/Apr/2012:21:40:15 +0200] "GET /hattke.swf HTTP/1.1" 200 12042 "http://www.zahnarztpraxis-berlin-pankow.de/" "Mozilla/5.0 (compatible; MSIE 9.0; Windows NT 6.1; Trident/5.0; MAAU; MAAU)"
91.22.174.229 - - [18/Apr/2012:21:40:16 +0200] "GET /favicon.ico HTTP/1.1" 200 2550 "-" "Mozilla/5.0 (compatible; MSIE 9.0; Windows NT 6.1; Trident/5.0; MAAU; MAAU)"
91.22.174.229 - - [18/Apr/2012:21:40:16 +0200] "GET /diashow.swf HTTP/1.1" 200 311957 "http://www.zahnarztpraxis-berlin-pankow.de/hattke.swf" "Mozilla/5.0 (compatible; MSIE 9.0; Windows NT 6.1; Trident/5.0; MAAU; MAAU)"
121.97.254.34 - - [19/Apr/2012:03:30:22 +0200] "GET /robots.txt HTTP/1.0" 200 24 "-" "fetch/Nutch-1.2 (TCGfetch; http://fetch.thecyberguardian.com; TCGEmail)"
121.97.254.34 - - [19/Apr/2012:03:30:23 +0200] "GET / HTTP/1.0" 200 12977 "-" "fetch/Nutch-1.2 (TCGfetch; http://fetch.thecyberguardian.com; TCGEmail)"
121.97.254.34 - - [19/Apr/2012:06:58:29 +0200] "GET /opensite.js HTTP/1.0" 200 1125 "-" "fetch/Nutch-1.2 (TCGfetch; http://fetch.thecyberguardian.com; TCGEmail)"
121.97.254.34 - - [19/Apr/2012:07:12:26 +0200] "GET /flashopen.js HTTP/1.0" 200 604 "-" "fetch/Nutch-1.2 (TCGfetch; http://fetch.thecyberguardian.com; TCGEmail)"
94.223.135.138 - - [19/Apr/2012:08:17:54 +0200] "GET / HTTP/1.1" 200 12977 "http://maps.google.de/maps?hl=de&q=zahnarzt+wilhelmsruh+berlin&bav=on.2,or.r_gc.r_pw.r_cp.r_qf.,cf.osb&biw=1280&bih=659&um=1&ie=UTF-8&ei=wKyPT9WPBYvxsga-hOiLBA&sa=X&oi=mode_link&ct=mode&cd=3&ved=0CGUQ_AUoAg" "Mozilla/5.0 (Windows NT 6.1; WOW64) AppleWebKit/535.19 (KHTML, like Gecko) Chrome/18.0.1025.162 Safari/535.19"
94.223.135.138 - - [19/Apr/2012:08:17:54 +0200] "GET /opensite.js HTTP/1.1" 200 1125 "http://www.zahnarztpraxis-berlin-pankow.de/" "Mozilla/5.0 (Windows NT 6.1; WOW64) AppleWebKit/535.19 (KHTML, like Gecko) Chrome/18.0.1025.162 Safari/535.19"
94.223.135.138 - - [19/Apr/2012:08:17:54 +0200] "GET /flashopen.js HTTP/1.1" 200 604 "http://www.zahnarztpraxis-berlin-pankow.de/" "Mozilla/5.0 (Windows NT 6.1; WOW64) AppleWebKit/535.19 (KHTML, like Gecko) Chrome/18.0.1025.162 Safari/535.19"
94.223.135.138 - - [19/Apr/2012:08:17:54 +0200] "GET /hattke.swf HTTP/1.1" 200 12042 "http://www.zahnarztpraxis-berlin-pankow.de/" "Mozilla/5.0 (Windows NT 6.1; WOW64) AppleWebKit/535.19 (KHTML, like Gecko) Chrome/18.0.1025.162 Safari/535.19"
94.223.135.138 - - [19/Apr/2012:08:17:54 +0200] "GET /favicon.ico HTTP/1.1" 200 2550 "-" "Mozilla/5.0 (Windows NT 6.1; WOW64) AppleWebKit/535.19 (KHTML, like Gecko) Chrome/18.0.1025.162 Safari/535.19"
94.223.135.138 - - [19/Apr/2012:08:17:55 +0200] "GET /diashow.swf HTTP/1.1" 200 311957 "http://www.zahnarztpraxis-berlin-pankow.de/hattke.swf" "Mozilla/5.0 (Windows NT 6.1; WOW64) AppleWebKit/535.19 (KHTML, like Gecko) Chrome/18.0.1025.162 Safari/535.19"
66.249.72.165 - - [19/Apr/2012:08:31:48 +0200] "GET /robots.txt HTTP/1.1" 200 24 "-" "Mozilla/5.0 (compatible; Googlebot/2.1; +http://www.google.com/bot.html)"
66.249.72.165 - - [19/Apr/2012:08:31:48 +0200] "GET / HTTP/1.1" 304 - "-" "Mozilla/5.0 (compatible; Googlebot/2.1; +http://www.google.com/bot.html)"
199.19.249.196 - - [19/Apr/2012:09:41:53 +0200] "GET / HTTP/1.1" 200 12977 "-" "Mozilla/4.0 (compatible; MSIE 7.0; Windows NT 5.1; InfoPath.1; .NET CLR 2.0.50727; .NET CLR 1.1.4322; MS-RTC LM 8; .NET CLR 3.0.4506.2152; .NET CLR 3.5.30729)"
159.245.16.100 - - [19/Apr/2012:09:41:54 +0200] "GET / HTTP/1.1" 200 12977 "http://www.google.de/search?hl=de&source=hp&q=Zahnarzt+Reyk+Hattke+13158+berlin&gbv=2&oq=Zahnarzt+Reyk+Hattke+13158+berlin&aq=f&aqi=&aql=&gs_nf=1&gs_l=hp.3...1953.8265.0.8562.14.14.0.13.0.0.172.172.0j1.1.0.bsoTaaF4LVU" "Mozilla/4.0 (compatible; MSIE 6.0; Windows NT 5.1; SV1; .NET CLR 1.1.4322; .NET CLR 2.0.50727; .NET CLR 3.0.4506.2152; .NET CLR 3.5.30729; MS-RTC LM 8)"
159.245.16.100 - - [19/Apr/2012:09:41:54 +0200] "GET /opensite.js HTTP/1.1" 200 1125 "http://www.zahnarztpraxis-berlin-pankow.de/" "Mozilla/4.0 (compatible; MSIE 6.0; Windows NT 5.1; SV1; .NET CLR 1.1.4322; .NET CLR 2.0.50727; .NET CLR 3.0.4506.2152; .NET CLR 3.5.30729; MS-RTC LM 8)"
159.245.16.100 - - [19/Apr/2012:09:41:55 +0200] "GET /flashopen.js HTTP/1.1" 200 604 "http://www.zahnarztpraxis-berlin-pankow.de/" "Mozilla/4.0 (compatible; MSIE 6.0; Windows NT 5.1; SV1; .NET CLR 1.1.4322; .NET CLR 2.0.50727; .NET CLR 3.0.4506.2152; .NET CLR 3.5.30729; MS-RTC LM 8)"
159.245.16.100 - - [19/Apr/2012:09:41:55 +0200] "GET /hattke.swf HTTP/1.1" 200 12042 "http://www.zahnarztpraxis-berlin-pankow.de/" "Mozilla/4.0 (compatible; MSIE 6.0; Windows NT 5.1; SV1; .NET CLR 1.1.4322; .NET CLR 2.0.50727; .NET CLR 3.0.4506.2152; .NET CLR 3.5.30729; MS-RTC LM 8)"
159.245.16.100 - - [19/Apr/2012:09:41:56 +0200] "GET /diashow.swf HTTP/1.1" 200 311957 "http://www.zahnarztpraxis-berlin-pankow.de/hattke.swf" "Mozilla/4.0 (compatible; MSIE 6.0; Windows NT 5.1; SV1; .NET CLR 1.1.4322; .NET CLR 2.0.50727; .NET CLR 3.0.4506.2152; .NET CLR 3.5.30729; MS-RTC LM 8)"
71.251.207.250 - - [19/Apr/2012:12:29:02 +0200] "GET /robots.txt HTTP/1.0" 200 24 "-" "Applied-Technologies-Inc-Spider/Nutch-1.4"
71.251.207.250 - - [19/Apr/2012:12:29:03 +0200] "GET / HTTP/1.0" 200 12977 "-" "Applied-Technologies-Inc-Spider/Nutch-1.4"
123.125.71.98 - - [19/Apr/2012:13:36:28 +0200] "GET /robots.txt HTTP/1.1" 200 24 "-" "Mozilla/5.0 (compatible; Baiduspider/2.0; +http://www.baidu.com/search/spider.html)"
46.137.155.223 - - [19/Apr/2012:15:47:30 +0200] "GET / HTTP/1.1" 200 12977 "-" "Mozilla/5.0 (X11; Ubuntu; Linux x86_64; rv:11.0) Gecko/20100101 Firefox/11.0"
207.46.13.208 - - [19/Apr/2012:16:23:13 +0200] "GET /robots.txt HTTP/1.1" 200 24 "-" "Mozilla/5.0 (compatible; bingbot/2.0; +http://www.bing.com/bingbot.htm)"
207.46.13.208 - - [19/Apr/2012:16:24:08 +0200] "GET / HTTP/1.1" 304 - "-" "Mozilla/5.0 (compatible; bingbot/2.0; +http://www.bing.com/bingbot.htm)"
121.97.254.34 - - [19/Apr/2012:19:04:01 +0200] "GET /robots.txt HTTP/1.0" 200 24 "-" "fetch/Nutch-1.2 (TCGfetch; http://fetch.thecyberguardian.com; TCGEmail)"
121.97.254.34 - - [19/Apr/2012:19:04:02 +0200] "GET / HTTP/1.0" 200 12977 "-" "fetch/Nutch-1.2 (TCGfetch; http://fetch.thecyberguardian.com; TCGEmail)"
64.121.56.246 - - [19/Apr/2012:19:47:29 +0200] "HEAD / HTTP/1.1" 200 - "-" "Mozilla/5.0 (compatible; pmoz.info ODP link checker; +http://pmoz.info/doc/botinfo.htm)"
121.97.254.34 - - [19/Apr/2012:20:25:03 +0200] "GET /opensite.js HTTP/1.0" 200 1125 "-" "fetch/Nutch-1.2 (TCGfetch; http://fetch.thecyberguardian.com; TCGEmail)"
121.97.254.34 - - [19/Apr/2012:20:30:56 +0200] "GET /flashopen.js HTTP/1.0" 200 604 "-" "fetch/Nutch-1.2 (TCGfetch; http://fetch.thecyberguardian.com; TCGEmail)"
95.108.128.242 - - [19/Apr/2012:23:41:07 +0200] "GET /robots.txt HTTP/1.1" 200 24 "-" "Mozilla/5.0 (compatible; YandexBot/3.0; +http://yandex.com/bots)"
207.46.13.208 - - [20/Apr/2012:03:54:03 +0200] "GET /robots.txt HTTP/1.1" 200 24 "-" "Mozilla/5.0 (compatible; bingbot/2.0; +http://www.bing.com/bingbot.htm)"
207.46.13.208 - - [20/Apr/2012:03:54:37 +0200] "GET / HTTP/1.1" 304 - "-" "Mozilla/5.0 (compatible; bingbot/2.0; +http://www.bing.com/bingbot.htm)"
95.108.128.242 - - [20/Apr/2012:04:11:55 +0200] "GET /teledienst.html HTTP/1.1" 304 - "-" "Mozilla/5.0 (compatible; YandexBot/3.0; +http://yandex.com/bots)"
176.9.155.226 - - [20/Apr/2012:06:24:05 +0200] "GET /robots.txt HTTP/1.1" 200 24 "-" "Mozilla/5.0 (compatible; SISTRIX Crawler; http://crawler.sistrix.net/)"
176.9.155.226 - - [20/Apr/2012:06:24:05 +0200] "GET / HTTP/1.1" 200 12977 "-" "Mozilla/5.0 (compatible; SISTRIX Crawler; http://crawler.sistrix.net/)"
176.9.155.226 - - [20/Apr/2012:06:24:05 +0200] "GET /teledienst.html HTTP/1.1" 200 4588 "-" "Mozilla/5.0 (compatible; SISTRIX Crawler; http://crawler.sistrix.net/)"
66.249.72.165 - - [20/Apr/2012:06:34:57 +0200] "GET /robots.txt HTTP/1.1" 200 24 "-" "Mozilla/5.0 (compatible; Googlebot/2.1; +http://www.google.com/bot.html)"
66.249.66.115 - - [20/Apr/2012:06:34:57 +0200] "GET / HTTP/1.1" 304 - "-" "Mozilla/5.0 (iPhone; U; CPU iPhone OS 4_1 like Mac OS X; en-us) AppleWebKit/532.9 (KHTML, like Gecko) Version/4.0.5 Mobile/8B117 Safari/6531.22.7 (compatible; Googlebot-Mobile/2.1; +http://www.google.com/bot.html)"
217.69.134.91 - - [20/Apr/2012:07:27:31 +0200] "GET /robots.txt HTTP/1.0" 200 24 "-" "Mozilla/5.0 (compatible; Mail.RU/2.0)"
217.69.134.91 - - [20/Apr/2012:07:27:32 +0200] "GET /sitemap.xml HTTP/1.0" 200 796 "-" "Mozilla/5.0 (compatible; Mail.RU/2.0)"
83.149.126.98 - - [20/Apr/2012:07:45:36 +0200] "GET /robots.txt HTTP/1.0" 200 24 "-" "Mozilla/5.0 (compatible; MJ12bot/v1.4.3; http://www.majestic12.co.uk/bot.php?+)"
83.149.126.98 - - [20/Apr/2012:07:45:38 +0200] "GET / HTTP/1.0" 200 12977 "-" "Mozilla/5.0 (compatible; MJ12bot/v1.4.3; http://www.majestic12.co.uk/bot.php?+)"
83.149.126.98 - - [20/Apr/2012:07:45:43 +0200] "GET / HTTP/1.0" 200 12977 "-" "Mozilla/5.0 (compatible; MJ12bot/v1.4.3; http://www.majestic12.co.uk/bot.php?+)"
87.169.229.31 - - [20/Apr/2012:09:01:13 +0200] "GET / HTTP/1.1" 200 12977 "-" "Mozilla/5.0 (Windows; U; Windows NT 5.1; de; rv:1.9.0.10) Gecko/2009042316 Firefox/3.0.10"
87.169.229.31 - - [20/Apr/2012:09:01:15 +0200] "GET /teledienst.html HTTP/1.1" 200 4588 "-" "Mozilla/5.0 (Windows; U; Windows NT 5.1; de; rv:1.9.0.10) Gecko/2009042316 Firefox/3.0.10"
87.169.229.31 - - [20/Apr/2012:09:01:18 +0200] "GET /teledienst.html HTTP/1.1" 200 4588 "-" "Java/1.6.0_22"
123.125.71.43 - - [20/Apr/2012:10:33:42 +0200] "GET /robots.txt HTTP/1.1" 200 24 "-" "Mozilla/5.0 (compatible; Baiduspider/2.0; +http://www.baidu.com/search/spider.html)"
85.176.170.17 - - [20/Apr/2012:11:21:20 +0200] "GET / HTTP/1.1" 200 12977 "-" "Mozilla/4.0 (compatible; MSIE 8.0; Windows NT 4.1; MS-RTC LM 8; MEGAUPLOAD 7.4.30; Maxthon)"
85.176.170.17 - - [20/Apr/2012:11:21:21 +0200] "GET / HTTP/1.1" 200 12977 "http://www.zahnarztpraxis-berlin-pankow.de" "Mozilla/4.0 (compatible; MSIE 8.0; Windows NT 4.1; MS-RTC LM 8; MEGAUPLOAD 7.4.30; Maxthon)"
85.176.170.17 - - [20/Apr/2012:11:21:21 +0200] "GET / HTTP/1.1" 200 12977 "-" "Mozilla/4.0 (compatible; MSIE 9.0; Windows NT 4.1; Alexa Toolbar; MSN Optimized)"
176.9.4.58 - - [20/Apr/2012:14:52:45 +0200] "GET /robots.txt HTTP/1.1" 200 24 "-" "Mozilla/5.0 (compatible; WebmasterCoffee/0.7; +http://webmastercoffee.com/about)"
176.9.4.58 - - [20/Apr/2012:14:52:45 +0200] "GET / HTTP/1.1" 200 12977 "http://webmastercoffee.com/site/www.zahnarztpraxis-berlin-pankow.de" "Mozilla/5.0 (compatible; WebmasterCoffee/0.7; +http://webmastercoffee.com/about)"
83.133.125.202 - - [20/Apr/2012:16:55:58 +0200] "GET / HTTP/1.1" 200 12977 "http://www.sumaja.de/" "Mozilla/4.0 (compatible; MSIE 9.0; Windows NT 5.1)"
83.133.125.202 - - [20/Apr/2012:16:55:58 +0200] "GET / HTTP/1.0" 200 12977 "-" "-"
83.133.125.202 - - [20/Apr/2012:16:55:58 +0200] "GET / HTTP/1.0" 200 12977 "-" "-"
82.207.175.40 - - [20/Apr/2012:20:25:06 +0200] "GET / HTTP/1.1" 200 12977 "-" "Mozilla/5.0 (Windows; U; Windows NT 5.1; en-US; rv:1.8.1.1) Gecko/20061204 Firefox/2.0.0.1"
123.125.71.27 - - [20/Apr/2012:22:06:59 +0200] "GET / HTTP/1.1" 200 12977 "-" "Mozilla/5.0 (compatible; Baiduspider/2.0; +http://www.baidu.com/search/spider.html)"
207.46.13.208 - - [20/Apr/2012:22:45:12 +0200] "GET /robots.txt HTTP/1.1" 200 24 "-" "Mozilla/5.0 (compatible; bingbot/2.0; +http://www.bing.com/bingbot.htm)"
207.46.13.208 - - [20/Apr/2012:22:46:13 +0200] "GET / HTTP/1.1" 304 - "-" "Mozilla/5.0 (compatible; bingbot/2.0; +http://www.bing.com/bingbot.htm)"
78.55.192.5 - - [20/Apr/2012:23:31:51 +0200] "GET / HTTP/1.1" 200 12977 "-" "Mozilla/5.0 (Windows NT 5.1; rv:11.0) Gecko/20100101 Firefox/11.0"
78.55.192.5 - - [20/Apr/2012:23:31:51 +0200] "GET /favicon.ico HTTP/1.1" 200 2550 "-" "Mozilla/5.0 (Windows NT 5.1; rv:11.0) Gecko/20100101 Firefox/11.0"
78.55.192.5 - - [20/Apr/2012:23:32:09 +0200] "GET /opensite.js HTTP/1.1" 200 1125 "http://www.zahnarztpraxis-berlin-pankow.de/" "Mozilla/5.0 (Windows NT 5.1; rv:11.0) Gecko/20100101 Firefox/11.0"
78.55.192.5 - - [20/Apr/2012:23:32:10 +0200] "GET /flashopen.js HTTP/1.1" 200 604 "http://www.zahnarztpraxis-berlin-pankow.de/" "Mozilla/5.0 (Windows NT 5.1; rv:11.0) Gecko/20100101 Firefox/11.0"
78.55.192.5 - - [20/Apr/2012:23:32:14 +0200] "GET /hattke.swf HTTP/1.1" 200 12042 "http://www.zahnarztpraxis-berlin-pankow.de/" "Mozilla/5.0 (Windows NT 5.1; rv:11.0) Gecko/20100101 Firefox/11.0"
78.55.192.5 - - [20/Apr/2012:23:32:14 +0200] "GET /diashow.swf HTTP/1.1" 200 311957 "-" "Mozilla/5.0 (Windows NT 5.1; rv:11.0) Gecko/20100101 Firefox/11.0"
78.55.192.5 - - [20/Apr/2012:23:32:45 +0200] "GET /teledienst.html HTTP/1.1" 200 4588 "http://www.zahnarztpraxis-berlin-pankow.de/" "Mozilla/5.0 (Windows NT 5.1; rv:11.0) Gecko/20100101 Firefox/11.0"
123.125.71.79 - - [21/Apr/2012:15:44:53 +0200] "GET /robots.txt HTTP/1.1" 200 24 "-" "Mozilla/5.0 (compatible; Baiduspider/2.0; +http://www.baidu.com/search/spider.html)"
95.108.128.242 - - [21/Apr/2012:18:23:42 +0200] "GET /robots.txt HTTP/1.1" 200 24 "-" "Mozilla/5.0 (compatible; YandexBot/3.0; +http://yandex.com/bots)"
95.108.128.242 - - [21/Apr/2012:23:29:03 +0200] "GET / HTTP/1.1" 200 12977 "-" "Mozilla/5.0 (compatible; YandexBot/3.0; +http://yandex.com/bots)"
74.125.158.87 - - [22/Apr/2012:08:01:54 +0200] "GET /favicon.ico HTTP/1.1" 200 2550 "-" "-"
87.189.125.19 - - [22/Apr/2012:08:35:27 +0200] "GET / HTTP/1.1" 200 12977 "-" "Mozilla/5.0 (Windows; U; Windows NT 5.1; de; rv:1.9.0.10) Gecko/2009042316 Firefox/3.0.10"
123.125.71.35 - - [22/Apr/2012:08:56:40 +0200] "GET /robots.txt HTTP/1.1" 200 24 "-" "Mozilla/5.0 (compatible; Baiduspider/2.0; +http://www.baidu.com/search/spider.html)"
87.189.125.19 - - [22/Apr/2012:09:53:41 +0200] "GET /teledienst.html HTTP/1.1" 200 4588 "-" "Mozilla/5.0 (Windows; U; Windows NT 5.1; de; rv:1.9.0.10) Gecko/2009042316 Firefox/3.0.10"
87.189.125.19 - - [22/Apr/2012:09:54:20 +0200] "GET /teledienst.html HTTP/1.1" 200 4588 "-" "Java/1.6.0_22"
46.4.95.140 - - [22/Apr/2012:09:56:59 +0200] "GET /robots.txt HTTP/1.0" 200 24 "-" "Mozilla/5.0 (compatible; SEOkicks-Robot +http://www.seokicks.de/robot.html)"
46.4.95.140 - - [22/Apr/2012:09:57:01 +0200] "GET / HTTP/1.0" 200 12977 "-" "Mozilla/5.0 (compatible; SEOkicks-Robot +http://www.seokicks.de/robot.html)"
46.4.95.140 - - [22/Apr/2012:09:57:04 +0200] "GET /favicon.ico HTTP/1.0" 200 2550 "http://www.zahnarztpraxis-berlin-pankow.de/" "Mozilla/5.0 (compatible; SEOkicks-Robot +http://www.seokicks.de/robot.html)"
46.4.95.140 - - [22/Apr/2012:09:57:07 +0200] "GET /opensite.js HTTP/1.0" 200 1125 "http://www.zahnarztpraxis-berlin-pankow.de/" "Mozilla/5.0 (compatible; SEOkicks-Robot +http://www.seokicks.de/robot.html)"
46.4.95.140 - - [22/Apr/2012:09:57:11 +0200] "GET /flashopen.js HTTP/1.0" 200 604 "http://www.zahnarztpraxis-berlin-pankow.de/" "Mozilla/5.0 (compatible; SEOkicks-Robot +http://www.seokicks.de/robot.html)"
46.4.95.140 - - [22/Apr/2012:09:57:14 +0200] "GET /teledienst.html HTTP/1.0" 200 4588 "http://www.zahnarztpraxis-berlin-pankow.de/" "Mozilla/5.0 (compatible; SEOkicks-Robot +http://www.seokicks.de/robot.html)"
