5.9.37.146 - - [17/Dec/2012:01:15:53 +0100] "GET / HTTP/1.1" 200 12977 "-" "Mozilla/5.0 (compatible; MSIE 9.0; Windows NT 6.1; Win64; x64; Trident/5.0; MALC)"
157.55.32.146 - - [17/Dec/2012:01:22:19 +0100] "GET /robots.txt HTTP/1.1" 200 24 "-" "Mozilla/5.0 (compatible; bingbot/2.0; +http://www.bing.com/bingbot.htm)"
157.55.32.146 - - [17/Dec/2012:01:24:10 +0100] "GET /intro.html HTTP/1.1" 200 5170 "-" "Mozilla/5.0 (compatible; bingbot/2.0; +http://www.bing.com/bingbot.htm)"
157.55.32.105 - - [17/Dec/2012:01:31:13 +0100] "GET /hattke.swf HTTP/1.1" 200 12042 "-" "Mozilla/5.0 (compatible; bingbot/2.0; +http://www.bing.com/bingbot.htm)"
65.55.217.56 - - [17/Dec/2012:01:41:45 +0100] "GET /opensite.js HTTP/1.1" 200 1125 "http://www.zahnarztpraxis-berlin-pankow.de/intro.html" "Mozilla/5.0 (Windows NT 6.1; WOW64) AppleWebKit/534+ (KHTML, like Gecko) BingPreview/1.0b"
65.55.217.56 - - [17/Dec/2012:01:41:45 +0100] "GET /hattke.swf HTTP/1.1" 200 12042 "http://www.zahnarztpraxis-berlin-pankow.de/hattke.swf" "Mozilla/5.0 (Windows NT 6.1; WOW64) AppleWebKit/534+ (KHTML, like Gecko) BingPreview/1.0b"
65.55.217.56 - - [17/Dec/2012:01:41:46 +0100] "GET /diashow.swf HTTP/1.1" 200 311957 "http://www.zahnarztpraxis-berlin-pankow.de/hattke.swf" "Mozilla/5.0 (Windows NT 6.1; WOW64) AppleWebKit/534+ (KHTML, like Gecko) BingPreview/1.0b"
157.56.229.190 - - [17/Dec/2012:01:59:40 +0100] "GET / HTTP/1.1" 200 12977 "-" "Mozilla/5.0 (compatible; bingbot/2.0; +http://www.bing.com/bingbot.htm)"
157.55.33.84 - - [17/Dec/2012:12:27:23 +0100] "GET /robots.txt HTTP/1.1" 200 24 "-" "Mozilla/5.0 (compatible; bingbot/2.0; +http://www.bing.com/bingbot.htm)"
157.55.33.84 - - [17/Dec/2012:12:29:18 +0100] "GET /teledienst.html HTTP/1.1" 304 - "-" "Mozilla/5.0 (compatible; bingbot/2.0; +http://www.bing.com/bingbot.htm)"
50.136.243.177 - - [17/Dec/2012:18:16:14 +0100] "GET / HTTP/1.1" 200 12977 "-" "Mozilla/5.0 (Windows; U; Windows NT 5.1; en; rv:1.9.0.17) Gecko/2009122116 Firefox/3.0.17"
178.255.215.65 - - [17/Dec/2012:20:16:58 +0100] "GET /robots.txt HTTP/1.1" 200 24 "-" "Mozilla/5.0 (compatible; Exabot/3.0; +http://www.exabot.com/go/robot)"
178.255.215.65 - - [17/Dec/2012:20:16:58 +0100] "GET / HTTP/1.1" 304 - "-" "Mozilla/5.0 (compatible; Exabot/3.0; +http://www.exabot.com/go/robot)"
157.56.229.190 - - [17/Dec/2012:22:42:42 +0100] "GET /robots.txt HTTP/1.1" 200 24 "-" "Mozilla/5.0 (compatible; bingbot/2.0; +http://www.bing.com/bingbot.htm)"
157.56.229.190 - - [17/Dec/2012:22:44:21 +0100] "GET / HTTP/1.1" 200 12977 "-" "Mozilla/5.0 (compatible; bingbot/2.0; +http://www.bing.com/bingbot.htm)"
157.55.33.84 - - [17/Dec/2012:23:08:25 +0100] "GET /teledienst.html HTTP/1.1" 200 4588 "-" "Mozilla/5.0 (compatible; bingbot/2.0; +http://www.bing.com/bingbot.htm)"
173.199.120.43 - - [18/Dec/2012:00:40:06 +0100] "GET / HTTP/1.1" 200 12977 "-" "Mozilla/5.0 (compatible; AhrefsBot/4.0; +http://ahrefs.com/robot/)"
54.243.1.44 - - [18/Dec/2012:00:46:28 +0100] "GET / HTTP/1.0" 200 12977 "http://www.eatree.com" "-"
173.199.120.43 - - [18/Dec/2012:02:43:16 +0100] "GET /teledienst.html HTTP/1.1" 200 4588 "-" "Mozilla/5.0 (compatible; AhrefsBot/4.0; +http://ahrefs.com/robot/)"
66.249.76.173 - - [18/Dec/2012:08:12:26 +0100] "GET /robots.txt HTTP/1.1" 200 24 "-" "Mozilla/5.0 (compatible; Googlebot/2.1; +http://www.google.com/bot.html)"
66.249.76.173 - - [18/Dec/2012:08:12:26 +0100] "GET /diashow.swf HTTP/1.1" 200 311957 "-" "Mozilla/5.0 (compatible; Googlebot/2.1; +http://www.google.com/bot.html)"
5.9.72.234 - - [18/Dec/2012:10:56:40 +0100] "HEAD / HTTP/1.1" 200 - "-" "Mozilla/5.0 (Windows; I; Windows NT 5.1; ru; rv:1.9.2.13) Gecko/20100101 Firefox/4.0"
5.9.72.234 - - [18/Dec/2012:10:56:40 +0100] "GET / HTTP/1.0" 200 12977 "-" "-"
173.199.116.171 - - [18/Dec/2012:11:21:42 +0100] "GET / HTTP/1.1" 200 12977 "-" "Mozilla/5.0 (compatible; AhrefsBot/4.0; +http://ahrefs.com/robot/)"
188.40.82.78 - - [18/Dec/2012:12:57:05 +0100] "HEAD / HTTP/1.1" 200 - "-" "LWP::Simple/5.835 libwww-perl/5.836"
188.40.82.78 - - [18/Dec/2012:12:57:05 +0100] "GET / HTTP/1.1" 200 12977 "-" "LWP::Simple/5.835 libwww-perl/5.836"
188.40.82.78 - - [18/Dec/2012:13:04:55 +0100] "HEAD / HTTP/1.1" 200 - "-" "Mozilla/5.0 (X11; Ubuntu; Linux x86_64; rv:17.0) Gecko/20100101 Firefox/17.0"
188.40.82.78 - - [18/Dec/2012:13:04:55 +0100] "GET / HTTP/1.1" 200 12977 "-" "Mozilla/5.0 (X11; Ubuntu; Linux x86_64; rv:17.0) Gecko/20100101 Firefox/17.0"
93.219.132.220 - - [18/Dec/2012:14:23:51 +0100] "GET / HTTP/1.1" 200 12977 "http://maps.google.de/maps?hl=de&gs_rn=1&gs_ri=hp&cp=25&gs_id=2g&xhr=t&bav=on.2,or.r_gc.r_pw.r_qf.&bvm=bv.1355534169,d.Yms&bpcl=40096503&biw=1366&bih=681&um=1&ie=UTF-8&q=zahnarzt+berlin+wilhelmsruh&fb=1&gl=de&hq=zahnarzt&hnear=0x47a853a96da325ef:0x2621204758153a21,Wilhelmsruh&sa=X&ei=wGzQUJykBIiF4gT0voDoBg&sqi=2&ved=0CMMBELYD" "Mozilla/5.0 (Windows NT 6.0) AppleWebKit/537.11 (KHTML, like Gecko) Chrome/23.0.1271.97 Safari/537.11"
93.219.132.220 - - [18/Dec/2012:14:23:51 +0100] "GET /opensite.js HTTP/1.1" 200 1125 "http://www.zahnarztpraxis-berlin-pankow.de/" "Mozilla/5.0 (Windows NT 6.0) AppleWebKit/537.11 (KHTML, like Gecko) Chrome/23.0.1271.97 Safari/537.11"
93.219.132.220 - - [18/Dec/2012:14:23:51 +0100] "GET /flashopen.js HTTP/1.1" 200 604 "http://www.zahnarztpraxis-berlin-pankow.de/" "Mozilla/5.0 (Windows NT 6.0) AppleWebKit/537.11 (KHTML, like Gecko) Chrome/23.0.1271.97 Safari/537.11"
93.219.132.220 - - [18/Dec/2012:14:23:51 +0100] "GET /hattke.swf HTTP/1.1" 200 12042 "http://www.zahnarztpraxis-berlin-pankow.de/" "Mozilla/5.0 (Windows NT 6.0) AppleWebKit/537.11 (KHTML, like Gecko) Chrome/23.0.1271.97 Safari/537.11"
93.219.132.220 - - [18/Dec/2012:14:23:51 +0100] "GET /favicon.ico HTTP/1.1" 200 2550 "-" "Mozilla/5.0 (Windows NT 6.0) AppleWebKit/537.11 (KHTML, like Gecko) Chrome/23.0.1271.97 Safari/537.11"
93.219.132.220 - - [18/Dec/2012:14:23:52 +0100] "GET /diashow.swf HTTP/1.1" 200 311957 "http://www.zahnarztpraxis-berlin-pankow.de/" "Mozilla/5.0 (Windows NT 6.0) AppleWebKit/537.11 (KHTML, like Gecko) Chrome/23.0.1271.97 Safari/537.11"
66.249.76.173 - - [18/Dec/2012:14:38:43 +0100] "GET /index_alt.html HTTP/1.1" 200 2254 "-" "Mozilla/5.0 (compatible; Googlebot/2.1; +http://www.google.com/bot.html)"
66.249.76.173 - - [18/Dec/2012:15:46:36 +0100] "GET / HTTP/1.1" 200 12977 "-" "Mozilla/5.0 (compatible; Googlebot/2.1; +http://www.google.com/bot.html)"
88.190.13.201 - - [18/Dec/2012:18:51:28 +0100] "GET /robots.txt HTTP/1.0" 200 24 "-" "Mozilla/5.0 (compatible; MJ12bot/v1.4.3; http://www.majestic12.co.uk/bot.php?+)"
88.190.13.201 - - [18/Dec/2012:18:51:30 +0100] "GET /teledienst.html HTTP/1.1" 200 4588 "-" "Mozilla/5.0 (compatible; MJ12bot/v1.4.3; http://www.majestic12.co.uk/bot.php?+)"
184.73.173.42 - - [18/Dec/2012:22:01:32 +0100] "GET / HTTP/1.1" 200 12977 "-" "Mozilla/5.0 (iPhone; CPU iPhone OS 6_0_1 like Mac OS X) AppleWebKit/536.26 (KHTML, like Gecko) Version/6.0 Mobile/10A523 Safari/8536.25"
184.73.173.42 - - [18/Dec/2012:22:01:33 +0100] "GET /opensite.js HTTP/1.1" 200 1125 "http://www.zahnarztpraxis-berlin-pankow.de/" "Mozilla/5.0 (iPhone; CPU iPhone OS 6_0_1 like Mac OS X) AppleWebKit/536.26 (KHTML, like Gecko) Version/6.0 Mobile/10A523 Safari/8536.25"
23.21.180.32 - - [18/Dec/2012:22:01:34 +0100] "GET /flashopen.js HTTP/1.1" 200 604 "http://www.zahnarztpraxis-berlin-pankow.de/" "Mozilla/5.0 (iPhone; CPU iPhone OS 6_0_1 like Mac OS X) AppleWebKit/536.26 (KHTML, like Gecko) Version/6.0 Mobile/10A523 Safari/8536.25"
93.219.48.54 - - [18/Dec/2012:23:53:22 +0100] "GET /hattke.swf HTTP/1.1" 200 12042 "-" "curl/7.19.7 (universal-apple-darwin10.0) libcurl/7.19.7 OpenSSL/0.9.8r zlib/1.2.3"
173.199.116.171 - - [19/Dec/2012:02:20:07 +0100] "GET /teledienst.html HTTP/1.1" 200 4588 "-" "Mozilla/5.0 (compatible; AhrefsBot/4.0; +http://ahrefs.com/robot/)"
157.56.229.190 - - [19/Dec/2012:04:35:41 +0100] "GET /robots.txt HTTP/1.1" 200 24 "-" "Mozilla/5.0 (compatible; bingbot/2.0; +http://www.bing.com/bingbot.htm)"
157.56.229.190 - - [19/Dec/2012:04:37:16 +0100] "GET / HTTP/1.1" 304 - "-" "Mozilla/5.0 (compatible; bingbot/2.0; +http://www.bing.com/bingbot.htm)"
77.78.109.73 - - [19/Dec/2012:06:49:20 +0100] "GET / HTTP/1.1" 200 12977 "http://www.pagesinventory.com/domain/www.zahnarztpraxis-berlin-pankow.de.html" "Mozilla/5.0 (Windows; U; Windows NT 5.1; cs; rv:1.9.0.11) Gecko/2009060215 Firefox/3.0.11"
150.70.75.163 - - [19/Dec/2012:13:11:10 +0100] "GET / HTTP/1.0" 200 12977 "-" "Mozilla/4.0 (compatible; MSIE 6.0; Windows NT 5.1)"
150.70.75.163 - - [19/Dec/2012:13:32:40 +0100] "GET /flashopen.js HTTP/1.0" 200 604 "-" "Mozilla/4.0 (compatible; MSIE 6.0; Windows NT 5.1)"
150.70.75.163 - - [19/Dec/2012:13:32:40 +0100] "GET /opensite.js HTTP/1.0" 200 1125 "-" "Mozilla/4.0 (compatible; MSIE 6.0; Windows NT 5.1)"
91.64.20.27 - - [19/Dec/2012:17:09:54 +0100] "GET / HTTP/1.1" 200 12977 "http://www.google.de/url?sa=t&rct=j&q=zahnarzt%2013158%20berlin&source=web&cd=5&ved=0CGMQFjAE&url=http%3A%2F%2Fwww.zahnarztpraxis-berlin-pankow.de%2F&ei=iOTRUMCbM4_Oswar-oDgCg&usg=AFQjCNGhU0LSIXKAU9N4d8DNsS8g6WKbiA" "Mozilla/5.0 (compatible; MSIE 9.0; Windows NT 6.1; WOW64; Trident/5.0)"
91.64.20.27 - - [19/Dec/2012:17:09:54 +0100] "GET /opensite.js HTTP/1.1" 200 1125 "http://www.zahnarztpraxis-berlin-pankow.de/" "Mozilla/5.0 (compatible; MSIE 9.0; Windows NT 6.1; WOW64; Trident/5.0)"
91.64.20.27 - - [19/Dec/2012:17:09:54 +0100] "GET /flashopen.js HTTP/1.1" 200 604 "http://www.zahnarztpraxis-berlin-pankow.de/" "Mozilla/5.0 (compatible; MSIE 9.0; Windows NT 6.1; WOW64; Trident/5.0)"
91.64.20.27 - - [19/Dec/2012:17:09:54 +0100] "GET /hattke.swf HTTP/1.1" 200 12042 "http://www.zahnarztpraxis-berlin-pankow.de/" "Mozilla/5.0 (compatible; MSIE 9.0; Windows NT 6.1; WOW64; Trident/5.0)"
91.64.20.27 - - [19/Dec/2012:17:09:54 +0100] "GET /favicon.ico HTTP/1.1" 200 2550 "-" "Mozilla/5.0 (compatible; MSIE 9.0; Windows NT 6.1; WOW64; Trident/5.0)"
91.64.20.27 - - [19/Dec/2012:17:09:55 +0100] "GET /diashow.swf HTTP/1.1" 200 311957 "http://www.zahnarztpraxis-berlin-pankow.de/hattke.swf" "Mozilla/5.0 (compatible; MSIE 9.0; Windows NT 6.1; WOW64; Trident/5.0)"
91.64.20.27 - - [19/Dec/2012:17:16:41 +0100] "GET /plan.swf HTTP/1.1" 200 27838 "http://www.zahnarztpraxis-berlin-pankow.de/diashow.swf" "Mozilla/5.0 (compatible; MSIE 9.0; Windows NT 6.1; WOW64; Trident/5.0)"
173.199.119.11 - - [19/Dec/2012:20:06:21 +0100] "GET /robots.txt HTTP/1.1" 200 24 "-" "Mozilla/5.0 (compatible; AhrefsBot/4.0; +http://ahrefs.com/robot/)"
91.64.26.130 - - [19/Dec/2012:20:27:28 +0100] "GET /intro.html HTTP/1.1" 200 5170 "http://www.google.de/url?sa=t&rct=j&q=&esrc=s&source=web&cd=2&ved=0CEAQjBAwAQ&url=http%3A%2F%2Fwww.zahnarztpraxis-berlin-pankow.de%2Fintro.html&ei=9BTSUPXJONHYsgaA_oCwBg&usg=AFQjCNFyIP-APaGkBUHn0zTmoUtkP72mRA&bvm=bv.1355534169,d.Yms" "Mozilla/5.0 (Windows NT 5.1; rv:17.0) Gecko/20100101 Firefox/17.0"
91.64.26.130 - - [19/Dec/2012:20:27:28 +0100] "GET /opensite.js HTTP/1.1" 200 1125 "http://www.zahnarztpraxis-berlin-pankow.de/intro.html" "Mozilla/5.0 (Windows NT 5.1; rv:17.0) Gecko/20100101 Firefox/17.0"
91.64.26.130 - - [19/Dec/2012:20:27:28 +0100] "GET /favicon.ico HTTP/1.1" 200 2550 "-" "Mozilla/5.0 (Windows NT 5.1; rv:17.0) Gecko/20100101 Firefox/17.0"
91.64.26.130 - - [19/Dec/2012:20:27:28 +0100] "GET /hattke.swf HTTP/1.1" 200 12042 "http://www.zahnarztpraxis-berlin-pankow.de/intro.html" "Mozilla/5.0 (Windows NT 5.1; rv:17.0) Gecko/20100101 Firefox/17.0"
91.64.26.130 - - [19/Dec/2012:20:27:28 +0100] "GET /diashow.swf HTTP/1.1" 200 311957 "http://www.zahnarztpraxis-berlin-pankow.de/hattke.swf" "Mozilla/5.0 (Windows NT 5.1; rv:17.0) Gecko/20100101 Firefox/17.0"
141.8.147.1 - - [20/Dec/2012:00:10:52 +0100] "GET /robots.txt HTTP/1.1" 200 24 "-" "Mozilla/5.0 (compatible; YandexBot/3.0; +http://yandex.com/bots)"
69.50.193.115 - - [20/Dec/2012:00:41:17 +0100] "GET / HTTP/1.1" 200 12977 "http://www.pageglimpse.com/zahnarztpraxis-berlin-pankow.de" "Mozilla/4.0 (compatible; MSIE 8.0; Windows NT 6.0; WOW64; Trident/4.0; SLCC1; PageGlimpse.com)"
157.56.229.190 - - [20/Dec/2012:01:54:11 +0100] "GET /robots.txt HTTP/1.1" 200 24 "-" "Mozilla/5.0 (compatible; bingbot/2.0; +http://www.bing.com/bingbot.htm)"
157.56.229.190 - - [20/Dec/2012:01:55:56 +0100] "GET / HTTP/1.1" 200 12977 "-" "Mozilla/5.0 (compatible; bingbot/2.0; +http://www.bing.com/bingbot.htm)"
54.243.1.44 - - [20/Dec/2012:02:39:24 +0100] "GET / HTTP/1.0" 200 12977 "http://www.eatree.com" "-"
157.55.32.105 - - [20/Dec/2012:02:58:06 +0100] "GET /robots.txt HTTP/1.1" 200 24 "-" "Mozilla/5.0 (compatible; bingbot/2.0; +http://www.bing.com/bingbot.htm)"
157.55.32.105 - - [20/Dec/2012:02:59:48 +0100] "GET /flashopen.js HTTP/1.1" 200 604 "-" "Mozilla/5.0 (compatible; bingbot/2.0; +http://www.bing.com/bingbot.htm)"
94.23.220.161 - - [20/Dec/2012:03:38:30 +0100] "GET /intro.html HTTP/1.1" 200 5170 "-" "Mozilla/5.0 (X11; Linux i686; rv:6.0) Gecko/20100101 Firefox/6.0"
178.33.122.74 - - [20/Dec/2012:03:38:30 +0100] "GET /index_alt.html HTTP/1.1" 200 2254 "-" "Mozilla/5.0 (X11; Linux i686; rv:6.0) Gecko/20100101 Firefox/6.0"
217.69.133.70 - - [20/Dec/2012:06:30:24 +0100] "GET /robots.txt HTTP/1.0" 200 24 "-" "Mozilla/5.0 (compatible; Mail.RU_Bot/2.0; +http://go.mail.ru/help/robots)"
176.9.50.103 - - [20/Dec/2012:07:46:39 +0100] "GET /robots.txt HTTP/1.1" 200 24 "-" "Mozilla/5.0 (compatible; SISTRIX Crawler; http://crawler.sistrix.net/)"
176.9.50.103 - - [20/Dec/2012:07:46:39 +0100] "GET / HTTP/1.1" 200 12977 "-" "Mozilla/5.0 (compatible; SISTRIX Crawler; http://crawler.sistrix.net/)"
176.9.50.103 - - [20/Dec/2012:07:46:39 +0100] "GET /teledienst.html HTTP/1.1" 200 4588 "-" "Mozilla/5.0 (compatible; SISTRIX Crawler; http://crawler.sistrix.net/)"
83.133.125.202 - - [20/Dec/2012:08:12:15 +0100] "GET / HTTP/1.1" 200 12977 "http://www.sumaja.de/?such_wert=professionelle" "Mozilla/5.0 (Windows; U; Windows NT 6.0; en-US) AppleWebKit/533.4 (KHTML, like Gecko) Chrome/5.0.375.126 Safari/533.4"
141.8.147.1 - - [20/Dec/2012:08:32:02 +0100] "GET / HTTP/1.1" 200 12977 "-" "Mozilla/5.0 (compatible; YandexBot/3.0; +http://yandex.com/bots)"
208.115.111.74 - - [20/Dec/2012:10:15:39 +0100] "GET /robots.txt HTTP/1.1" 200 24 "-" "Mozilla/5.0 (compatible; Ezooms/1.0; ezooms.bot@gmail.com)"
208.115.111.74 - - [20/Dec/2012:10:54:40 +0100] "GET / HTTP/1.1" 200 12977 "-" "Mozilla/5.0 (compatible; Ezooms/1.0; ezooms.bot@gmail.com)"
66.249.76.173 - - [20/Dec/2012:15:26:38 +0100] "GET /robots.txt HTTP/1.1" 200 24 "-" "Mozilla/5.0 (compatible; Googlebot/2.1; +http://www.google.com/bot.html)"
66.249.78.173 - - [20/Dec/2012:15:26:38 +0100] "GET /sitemap.xml HTTP/1.1" 200 796 "-" "Mozilla/5.0 (compatible; Googlebot/2.1; +http://www.google.com/bot.html)"
173.199.114.163 - - [20/Dec/2012:17:34:24 +0100] "GET /teledienst.html HTTP/1.1" 200 4588 "-" "Mozilla/5.0 (compatible; AhrefsBot/4.0; +http://ahrefs.com/robot/)"
173.199.114.163 - - [20/Dec/2012:22:31:41 +0100] "GET / HTTP/1.1" 200 12977 "-" "Mozilla/5.0 (compatible; AhrefsBot/4.0; +http://ahrefs.com/robot/)"
66.249.78.173 - - [20/Dec/2012:22:34:00 +0100] "GET / HTTP/1.1" 200 12977 "-" "Mozilla/5.0 (compatible; Googlebot/2.1; +http://www.google.com/bot.html)"
66.249.76.173 - - [21/Dec/2012:01:23:56 +0100] "GET / HTTP/1.1" 200 12977 "-" "DoCoMo/2.0 N905i(c100;TB;W24H16) (compatible; Googlebot-Mobile/2.1; +http://www.google.com/bot.html)"
54.243.1.44 - - [21/Dec/2012:04:13:15 +0100] "GET / HTTP/1.0" 200 12977 "http://www.eatree.com" "Mozilla/5.0 (compatible; MSIE 9.0; Windows NT 6.1; Trident/5.0)"
141.8.147.1 - - [21/Dec/2012:06:36:20 +0100] "GET /robots.txt HTTP/1.1" 200 24 "-" "Mozilla/5.0 (compatible; YandexBot/3.0; +http://yandex.com/bots)"
207.241.226.66 - - [21/Dec/2012:12:07:17 +0100] "GET /robots.txt HTTP/1.1" 200 24 "-" "ia_archiver(OS-Wayback)"
207.241.226.106 - - [21/Dec/2012:12:07:18 +0100] "GET /robots.txt HTTP/1.1" 200 24 "-" "ia_archiver(OS-Wayback)"
141.8.147.1 - - [21/Dec/2012:12:26:37 +0100] "GET / HTTP/1.1" 200 12977 "-" "Mozilla/5.0 (compatible; YandexBot/3.0; +http://yandex.com/bots)"
83.133.125.202 - - [21/Dec/2012:13:09:58 +0100] "GET / HTTP/1.1" 200 12977 "http://www.bigfinder.de/home-11.html" "Mozilla/4.0 (compatible; MSIE 8.0; Windows NT 6.0; Trident/4.0; GTB0.0; SLCC1; .NET CLR 2.0.50727; Media Center PC 5.0; .NET CLR 3.5.30729; .NET CLR 3.0.30729; .NET4.0C)"
88.75.71.92 - - [21/Dec/2012:13:15:31 +0100] "GET /intro.html HTTP/1.1" 200 5170 "http://www.google.de/url?sa=t&rct=j&q=hauptstr.%2020%2013158%20berlin&source=web&cd=2&ved=0CDkQFjAB&url=http%3A%2F%2Fwww.zahnarztpraxis-berlin-pankow.de%2Fintro.html&ei=nlLUUIf1C4rDtAaZx4HYCg&usg=AFQjCNFyIP-APaGkBUHn0zTmoUtkP72mRA&bvm=bv.1355534169,d.Yms" "Mozilla/5.0 (Macintosh; Intel Mac OS X 10_5_8) AppleWebKit/534.50.2 (KHTML, like Gecko) Version/5.0.6 Safari/533.22.3"
88.75.71.92 - - [21/Dec/2012:13:15:31 +0100] "GET /opensite.js HTTP/1.1" 200 1125 "http://www.zahnarztpraxis-berlin-pankow.de/intro.html" "Mozilla/5.0 (Macintosh; Intel Mac OS X 10_5_8) AppleWebKit/534.50.2 (KHTML, like Gecko) Version/5.0.6 Safari/533.22.3"
88.75.71.92 - - [21/Dec/2012:13:15:31 +0100] "GET /favicon.ico HTTP/1.1" 200 2550 "http://www.zahnarztpraxis-berlin-pankow.de/intro.html" "Mozilla/5.0 (Macintosh; Intel Mac OS X 10_5_8) AppleWebKit/534.50.2 (KHTML, like Gecko) Version/5.0.6 Safari/533.22.3"
88.75.71.92 - - [21/Dec/2012:13:15:31 +0100] "GET /hattke.swf HTTP/1.1" 200 12042 "http://www.zahnarztpraxis-berlin-pankow.de/intro.html" "Mozilla/5.0 (Macintosh; Intel Mac OS X 10_5_8) AppleWebKit/534.50.2 (KHTML, like Gecko) Version/5.0.6 Safari/533.22.3"
88.75.71.92 - - [21/Dec/2012:13:15:47 +0100] "GET /diashow.swf HTTP/1.1" 200 311957 "http://www.zahnarztpraxis-berlin-pankow.de/intro.html" "Mozilla/5.0 (Macintosh; Intel Mac OS X 10_5_8) AppleWebKit/534.50.2 (KHTML, like Gecko) Version/5.0.6 Safari/533.22.3"
88.75.71.92 - - [21/Dec/2012:13:49:12 +0100] "GET /intro.html HTTP/1.1" 200 5170 "http://www.google.de/url?sa=t&rct=j&q=hauptstr.%2020%2013158%20berlin&source=web&cd=2&ved=0CDkQFjAB&url=http%3A%2F%2Fwww.zahnarztpraxis-berlin-pankow.de%2Fintro.html&ei=nlLUUIf1C4rDtAaZx4HYCg&usg=AFQjCNFyIP-APaGkBUHn0zTmoUtkP72mRA&bvm=bv.1355534169,d.Yms" "Mozilla/5.0 (Macintosh; Intel Mac OS X 10_5_8) AppleWebKit/534.50.2 (KHTML, like Gecko) Version/5.0.6 Safari/533.22.3"
88.75.71.92 - - [21/Dec/2012:13:49:13 +0100] "GET /opensite.js HTTP/1.1" 304 - "http://www.zahnarztpraxis-berlin-pankow.de/intro.html" "Mozilla/5.0 (Macintosh; Intel Mac OS X 10_5_8) AppleWebKit/534.50.2 (KHTML, like Gecko) Version/5.0.6 Safari/533.22.3"
88.75.71.92 - - [21/Dec/2012:13:49:13 +0100] "GET /diashow.swf HTTP/1.1" 200 311957 "http://www.zahnarztpraxis-berlin-pankow.de/intro.html" "Mozilla/5.0 (Macintosh; Intel Mac OS X 10_5_8) AppleWebKit/534.50.2 (KHTML, like Gecko) Version/5.0.6 Safari/533.22.3"
141.20.145.101 - - [21/Dec/2012:19:16:38 +0100] "GET / HTTP/1.1" 200 12977 "-" "Mozilla/5.0 (Windows NT 5.1; rv:14.0) Gecko/20100101 Firefox/14.0.1"
141.20.145.101 - - [21/Dec/2012:19:16:38 +0100] "GET /opensite.js HTTP/1.1" 200 1125 "http://www.zahnarztpraxis-berlin-pankow.de/" "Mozilla/5.0 (Windows NT 5.1; rv:14.0) Gecko/20100101 Firefox/14.0.1"
141.20.145.101 - - [21/Dec/2012:19:16:38 +0100] "GET /favicon.ico HTTP/1.1" 200 2550 "-" "Mozilla/5.0 (Windows NT 5.1; rv:14.0) Gecko/20100101 Firefox/14.0.1"
141.20.145.101 - - [21/Dec/2012:19:16:38 +0100] "GET /flashopen.js HTTP/1.1" 200 604 "http://www.zahnarztpraxis-berlin-pankow.de/" "Mozilla/5.0 (Windows NT 5.1; rv:14.0) Gecko/20100101 Firefox/14.0.1"
141.20.145.101 - - [21/Dec/2012:19:16:38 +0100] "GET /hattke.swf HTTP/1.1" 200 12042 "http://www.zahnarztpraxis-berlin-pankow.de/" "Mozilla/5.0 (Windows NT 5.1; rv:14.0) Gecko/20100101 Firefox/14.0.1"
141.20.145.101 - - [21/Dec/2012:19:16:38 +0100] "GET /diashow.swf HTTP/1.1" 200 311957 "http://www.zahnarztpraxis-berlin-pankow.de/hattke.swf" "Mozilla/5.0 (Windows NT 5.1; rv:14.0) Gecko/20100101 Firefox/14.0.1"
208.115.113.90 - - [21/Dec/2012:20:35:15 +0100] "GET /robots.txt HTTP/1.1" 200 24 "-" "Mozilla/5.0 (compatible; Ezooms/1.0; ezooms.bot@gmail.com)"
208.115.113.90 - - [21/Dec/2012:22:40:01 +0100] "GET /teledienst.html HTTP/1.1" 200 4588 "-" "Mozilla/5.0 (compatible; Ezooms/1.0; ezooms.bot@gmail.com)"
66.249.78.173 - - [21/Dec/2012:23:46:47 +0100] "GET /robots.txt HTTP/1.1" 200 24 "-" "Mozilla/5.0 (compatible; Googlebot/2.1; +http://www.google.com/bot.html)"
66.249.78.173 - - [21/Dec/2012:23:46:47 +0100] "GET /intro.html HTTP/1.1" 304 - "-" "Mozilla/5.0 (compatible; Googlebot/2.1; +http://www.google.com/bot.html)"
199.189.87.151 - - [22/Dec/2012:00:53:56 +0100] "GET / HTTP/1.1" 200 12977 "-" "Mozilla/4.0 (compatible; MSIE 6.0; Windows 98; Win 9x4.90)"
38.99.82.195 - - [22/Dec/2012:01:11:52 +0100] "GET /robots.txt HTTP/1.0" 200 24 "-" "Mozilla/4.0 (compatible; MSIE 7.0b; Windows NT 6.0)"
38.99.82.195 - - [22/Dec/2012:01:11:57 +0100] "GET / HTTP/1.0" 200 12977 "-" "Mozilla/4.0 (compatible; MSIE 7.0b; Windows NT 6.0)"
199.58.86.206 - - [22/Dec/2012:03:55:52 +0100] "GET /robots.txt HTTP/1.0" 200 24 "-" "Mozilla/5.0 (compatible; MJ12bot/v1.4.3; http://www.majestic12.co.uk/bot.php?+)"
199.58.86.206 - - [22/Dec/2012:03:55:53 +0100] "GET / HTTP/1.0" 200 12977 "-" "Mozilla/5.0 (compatible; MJ12bot/v1.4.3; http://www.majestic12.co.uk/bot.php?+)"
66.249.78.173 - - [22/Dec/2012:07:44:50 +0100] "GET /robots.txt HTTP/1.1" 200 24 "-" "Mozilla/5.0 (compatible; Googlebot/2.1; +http://www.google.com/bot.html)"
66.249.78.173 - - [22/Dec/2012:07:44:50 +0100] "GET / HTTP/1.1" 304 - "-" "Mozilla/5.0 (compatible; Googlebot/2.1; +http://www.google.com/bot.html)"
93.72.126.193 - - [22/Dec/2012:16:56:10 +0100] "GET /robots.txt HTTP/1.1" 200 24 "-" "Mozilla/5.0 (compatible; 008/0.83; http://www.80legs.com/webcrawler.html;) Gecko/2008032620"
93.72.126.193 - - [22/Dec/2012:16:56:11 +0100] "GET / HTTP/1.1" 200 12977 "-" "Mozilla/5.0 (compatible; 008/0.85; http://www.80legs.com/webcrawler.html) Gecko/2008032620"
173.199.120.99 - - [22/Dec/2012:17:44:28 +0100] "GET / HTTP/1.1" 200 12977 "-" "Mozilla/5.0 (compatible; AhrefsBot/4.0; +http://ahrefs.com/robot/)"
91.236.176.2 - - [22/Dec/2012:18:08:02 +0100] "GET /robots.txt HTTP/1.1" 200 24 "-" "Mozilla/5.0 (compatible; 008/0.83; http://www.80legs.com/webcrawler.html;) Gecko/2008032620"
91.236.176.2 - - [22/Dec/2012:18:08:03 +0100] "GET /teledienst.html HTTP/1.1" 200 4588 "-" "Mozilla/5.0 (compatible; 008/0.85; http://www.80legs.com/webcrawler.html) Gecko/2008032620"
91.224.168.3 - - [22/Dec/2012:18:08:09 +0100] "GET /robots.txt HTTP/1.1" 200 24 "-" "Mozilla/5.0 (compatible; 008/0.83; http://www.80legs.com/webcrawler.html;) Gecko/2008032620"
91.224.168.3 - - [22/Dec/2012:18:08:09 +0100] "GET /teledienst.html HTTP/1.1" 200 4588 "-" "Mozilla/5.0 (compatible; 008/0.85; http://www.80legs.com/webcrawler.html) Gecko/2008032620"
66.249.78.173 - - [23/Dec/2012:01:28:34 +0100] "GET /robots.txt HTTP/1.1" 200 24 "-" "Mozilla/5.0 (compatible; Googlebot/2.1; +http://www.google.com/bot.html)"
66.249.78.173 - - [23/Dec/2012:01:28:34 +0100] "GET / HTTP/1.1" 200 12977 "-" "Mozilla/5.0 (iPhone; U; CPU iPhone OS 4_1 like Mac OS X; en-us) AppleWebKit/532.9 (KHTML, like Gecko) Version/4.0.5 Mobile/8B117 Safari/6531.22.7 (compatible; Googlebot-Mobile/2.1; +http://www.google.com/bot.html)"
157.55.32.93 - - [23/Dec/2012:07:18:01 +0100] "GET /robots.txt HTTP/1.1" 200 24 "-" "Mozilla/5.0 (compatible; bingbot/2.0; +http://www.bing.com/bingbot.htm)"
157.55.32.93 - - [23/Dec/2012:07:19:44 +0100] "GET / HTTP/1.1" 200 12977 "-" "Mozilla/5.0 (compatible; bingbot/2.0; +http://www.bing.com/bingbot.htm)"
65.55.52.119 - - [23/Dec/2012:07:29:43 +0100] "GET /opensite.js HTTP/1.1" 200 1125 "-" "Mozilla/5.0 (compatible; bingbot/2.0; +http://www.bing.com/bingbot.htm)"
157.55.32.105 - - [23/Dec/2012:07:30:13 +0100] "GET /flashopen.js HTTP/1.1" 200 604 "-" "Mozilla/5.0 (compatible; bingbot/2.0; +http://www.bing.com/bingbot.htm)"
173.199.120.99 - - [23/Dec/2012:08:39:55 +0100] "GET /teledienst.html HTTP/1.1" 200 4588 "-" "Mozilla/5.0 (compatible; AhrefsBot/4.0; +http://ahrefs.com/robot/)"
5.9.6.231 - - [23/Dec/2012:11:04:06 +0100] "GET / HTTP/1.1" 200 12977 "-" "Mozilla/5.0 (Windows NT 6.1; rv:8.0) Gecko/20100101 Firefox/8.0"
5.9.6.231 - - [23/Dec/2012:11:04:08 +0100] "GET / HTTP/1.1" 200 12977 "-" "Mozilla/5.0 (iPhone; U; CPU iPhone OS 3_0 like Mac OS X; en-us) AppleWebKit/528.18 (KHTML, like Gecko) Version/4.0 Mobile/7A341 Safari/528.16"
5.9.6.231 - - [23/Dec/2012:11:04:09 +0100] "GET / HTTP/1.1" 200 12977 "-" "Mozilla/5.0 (Windows NT 6.1; rv:8.0) Gecko/20100101 Firefox/8.0"
209.190.1.134 - - [23/Dec/2012:17:55:00 +0100] "GET / HTTP/1.1" 200 12977 "-" "Mozilla/5.0 (compatible; MSIE 8.0; Windows NT 5.1) KomodiaBot/1.0"
209.190.1.131 - - [23/Dec/2012:17:58:10 +0100] "GET /teledienst.html HTTP/1.1" 200 4588 "-" "Mozilla/5.0 (compatible; MSIE 8.0; Windows NT 5.1) KomodiaBot/1.0"
46.119.124.93 - - [23/Dec/2012:18:38:34 +0100] "GET /robots.txt HTTP/1.0" 200 24 "-" "Mozilla/5.0 (compatible; MJ12bot/v1.4.3; http://www.majestic12.co.uk/bot.php?+)"
46.119.124.93 - - [23/Dec/2012:18:38:36 +0100] "GET /teledienst.html HTTP/1.1" 200 4588 "-" "Mozilla/5.0 (compatible; MJ12bot/v1.4.3; http://www.majestic12.co.uk/bot.php?+)"
141.8.147.1 - - [23/Dec/2012:23:42:09 +0100] "GET /robots.txt HTTP/1.1" 200 24 "-" "Mozilla/5.0 (compatible; YandexBot/3.0; +http://yandex.com/bots)"
141.8.147.1 - - [24/Dec/2012:04:23:59 +0100] "GET / HTTP/1.1" 200 12977 "-" "Mozilla/5.0 (compatible; YandexBot/3.0; +http://yandex.com/bots)"
141.8.147.1 - - [24/Dec/2012:04:42:52 +0100] "GET / HTTP/1.1" 200 12977 "-" "Mozilla/5.0 (compatible; YandexBot/3.0; +http://yandex.com/bots)"
66.249.78.173 - - [24/Dec/2012:05:16:40 +0100] "GET /robots.txt HTTP/1.1" 200 24 "-" "Mozilla/5.0 (compatible; Googlebot/2.1; +http://www.google.com/bot.html)"
66.249.78.173 - - [24/Dec/2012:05:16:40 +0100] "GET / HTTP/1.1" 200 12977 "-" "SAMSUNG-SGH-E250/1.0 Profile/MIDP-2.0 Configuration/CLDC-1.1 UP.Browser/6.2.3.3.c.1.101 (GUI) MMP/2.0 (compatible; Googlebot-Mobile/2.1; +http://www.google.com/bot.html)"
41.218.211.87 - - [24/Dec/2012:09:29:56 +0100] "GET / HTTP/1.1" 200 12977 "http://www.google.com/url?sa=t&rct=j&q=hattke%20reyk%2C%20roumiana&source=web&cd=4&cad=rja&sqi=2&ved=0CEcQFjAD&url=http%3A%2F%2Fwww.zahnarztpraxis-berlin-pankow.de%2F&ei=2hHYULbWJ4XLtAbsgoDoCw&usg=AFQjCNGhU0LSIXKAU9N4d8DNsS8g6WKbiA&bvm=bv.1355534169,d.Yms" "Mozilla/5.0 (Windows NT 6.1; rv:16.0) Gecko/20100101 Firefox/16.0"
41.218.211.87 - - [24/Dec/2012:09:30:04 +0100] "GET /opensite.js HTTP/1.1" 200 1125 "http://www.zahnarztpraxis-berlin-pankow.de/" "Mozilla/5.0 (Windows NT 6.1; rv:16.0) Gecko/20100101 Firefox/16.0"
41.218.211.87 - - [24/Dec/2012:09:30:05 +0100] "GET /flashopen.js HTTP/1.1" 200 604 "http://www.zahnarztpraxis-berlin-pankow.de/" "Mozilla/5.0 (Windows NT 6.1; rv:16.0) Gecko/20100101 Firefox/16.0"
41.218.211.87 - - [24/Dec/2012:09:30:05 +0100] "GET /favicon.ico HTTP/1.1" 200 2550 "-" "Mozilla/5.0 (Windows NT 6.1; rv:16.0) Gecko/20100101 Firefox/16.0"
41.218.211.87 - - [24/Dec/2012:09:30:06 +0100] "GET /hattke.swf HTTP/1.1" 200 12042 "http://www.zahnarztpraxis-berlin-pankow.de/" "Mozilla/5.0 (Windows NT 6.1; rv:16.0) Gecko/20100101 Firefox/16.0"
41.218.211.87 - - [24/Dec/2012:09:30:55 +0100] "GET /callback.html HTTP/1.1" 200 3272 "http://www.zahnarztpraxis-berlin-pankow.de/" "Mozilla/5.0 (Windows NT 6.1; rv:16.0) Gecko/20100101 Firefox/16.0"
41.218.211.87 - - [24/Dec/2012:09:30:57 +0100] "GET /clear.gif HTTP/1.1" 200 230 "http://www.zahnarztpraxis-berlin-pankow.de/callback.html" "Mozilla/5.0 (Windows NT 6.1; rv:16.0) Gecko/20100101 Firefox/16.0"
41.218.211.87 - - [24/Dec/2012:09:30:58 +0100] "GET /send.gif HTTP/1.1" 200 265 "http://www.zahnarztpraxis-berlin-pankow.de/callback.html" "Mozilla/5.0 (Windows NT 6.1; rv:16.0) Gecko/20100101 Firefox/16.0"
41.218.211.87 - - [24/Dec/2012:09:30:10 +0100] "GET /diashow.swf HTTP/1.1" 200 311957 "http://www.zahnarztpraxis-berlin-pankow.de/hattke.swf" "Mozilla/5.0 (Windows NT 6.1; rv:16.0) Gecko/20100101 Firefox/16.0"
222.73.230.237 - - [24/Dec/2012:12:14:22 +0100] "GET /robots.txt HTTP/1.0" 200 24 "-" "My Nutch Spider/Nutch-1.6"
222.73.230.237 - - [24/Dec/2012:12:14:24 +0100] "GET / HTTP/1.0" 200 12977 "-" "My Nutch Spider/Nutch-1.6"
67.221.59.195 - - [24/Dec/2012:12:56:09 +0100] "GET / HTTP/1.1" 200 12977 "-" "Mozilla/4.0"
67.221.59.195 - - [24/Dec/2012:12:56:09 +0100] "GET /opensite.js HTTP/1.1" 200 1125 "http://www.zahnarztpraxis-berlin-pankow.de/" "Mozilla/4.0"
67.221.59.195 - - [24/Dec/2012:12:56:09 +0100] "GET /flashopen.js HTTP/1.1" 200 604 "http://www.zahnarztpraxis-berlin-pankow.de/" "Mozilla/4.0"
66.249.76.173 - - [24/Dec/2012:15:18:33 +0100] "GET /robots.txt HTTP/1.1" 200 24 "-" "Mozilla/5.0 (compatible; Googlebot/2.1; +http://www.google.com/bot.html)"
66.249.78.173 - - [24/Dec/2012:15:18:33 +0100] "GET / HTTP/1.1" 200 12977 "-" "Mozilla/5.0 (compatible; Googlebot/2.1; +http://www.google.com/bot.html)"
66.249.78.173 - - [24/Dec/2012:15:22:43 +0100] "GET /flashopen.js HTTP/1.1" 200 604 "-" "Mozilla/5.0 (compatible; Googlebot/2.1; +http://www.google.com/bot.html)"
66.249.76.173 - - [24/Dec/2012:15:22:44 +0100] "GET /opensite.js HTTP/1.1" 200 1125 "-" "Mozilla/5.0 (compatible; Googlebot/2.1; +http://www.google.com/bot.html)"
107.22.83.58 - - [24/Dec/2012:16:55:09 +0100] "GET /robots.txt HTTP/1.1" 200 24 "-" "Open Web Indexer (+http://www.icedteapowered.com/openweb/)"
107.22.83.58 - - [24/Dec/2012:16:55:09 +0100] "GET / HTTP/1.1" 200 12977 "-" "Open Web Indexer (+http://www.icedteapowered.com/openweb/)"
83.133.125.202 - - [24/Dec/2012:18:17:33 +0100] "GET / HTTP/1.1" 200 12977 "http://www.sumaja.de/?such_wert=professionelle" "Mozilla/4.0 (compatible; MSIE 8.0; Windows NT 6.1; Trident/4.0; SLCC2; .NET CLR 2.0.50727; .NET CLR 3.5.30729; .NET CLR 3.0.30729; Media Center PC 6.0)"
173.199.114.139 - - [24/Dec/2012:21:23:55 +0100] "GET / HTTP/1.1" 200 12977 "-" "Mozilla/5.0 (compatible; AhrefsBot/4.0; +http://ahrefs.com/robot/)"
173.199.114.139 - - [25/Dec/2012:00:19:02 +0100] "GET /teledienst.html HTTP/1.1" 200 4588 "-" "Mozilla/5.0 (compatible; AhrefsBot/4.0; +http://ahrefs.com/robot/)"
176.9.245.132 - - [25/Dec/2012:07:22:29 +0100] "GET / HTTP/1.1" 200 12977 "http://warezman.org" "Mozilla/5.0 (Windows; I; Windows NT 5.1; ru; rv:1.9.2.13) Gecko/20100101 Firefox/4.0"
176.9.245.132 - - [25/Dec/2012:07:22:29 +0100] "GET /forum HTTP/1.1" 404 1256 "http://warezman.org" "Mozilla/5.0 (Windows; I; Windows NT 5.1; ru; rv:1.9.2.13) Gecko/20100101 Firefox/4.0"
66.249.78.173 - - [25/Dec/2012:14:37:30 +0100] "GET /robots.txt HTTP/1.1" 200 24 "-" "Mozilla/5.0 (compatible; Googlebot/2.1; +http://www.google.com/bot.html)"
66.249.75.173 - - [25/Dec/2012:14:37:30 +0100] "GET /teledienst.html HTTP/1.1" 200 4588 "-" "DoCoMo/2.0 N905i(c100;TB;W24H16) (compatible; Googlebot-Mobile/2.1; +http://www.google.com/bot.html)"
178.33.122.74 - - [25/Dec/2012:18:34:33 +0100] "GET / HTTP/1.1" 200 12977 "-" "Mozilla/5.0 (X11; Linux i686; rv:6.0) Gecko/20100101 Firefox/6.0"
66.249.75.173 - - [25/Dec/2012:19:05:42 +0100] "GET /favicon.ico HTTP/1.1" 200 2550 "-" "Googlebot-Image/1.0"
88.74.32.63 - - [25/Dec/2012:20:10:58 +0100] "GET / HTTP/1.1" 200 12977 "http://www.google.de/url?sa=t&rct=j&q=zahnarzt+wilhelmsruh&source=web&cd=10&cad=rja&ved=0CKcBEBYwCQ&url=http%3A%2F%2Fwww.zahnarztpraxis-berlin-pankow.de%2F&ei=KvrZUMOzEdDJswapv4DgDg&usg=AFQjCNGhU0LSIXKAU9N4d8DNsS8g6WKbiA" "Mozilla/5.0 (Windows NT 6.0; rv:17.0) Gecko/20100101 Firefox/17.0"
88.74.32.63 - - [25/Dec/2012:20:10:59 +0100] "GET /opensite.js HTTP/1.1" 200 1125 "http://www.zahnarztpraxis-berlin-pankow.de/" "Mozilla/5.0 (Windows NT 6.0; rv:17.0) Gecko/20100101 Firefox/17.0"
88.74.32.63 - - [25/Dec/2012:20:10:59 +0100] "GET /flashopen.js HTTP/1.1" 200 604 "http://www.zahnarztpraxis-berlin-pankow.de/" "Mozilla/5.0 (Windows NT 6.0; rv:17.0) Gecko/20100101 Firefox/17.0"
88.74.32.63 - - [25/Dec/2012:20:10:59 +0100] "GET /favicon.ico HTTP/1.1" 200 2550 "-" "Mozilla/5.0 (Windows NT 6.0; rv:17.0) Gecko/20100101 Firefox/17.0"
88.74.32.63 - - [25/Dec/2012:20:11:00 +0100] "GET /hattke.swf HTTP/1.1" 200 12042 "http://www.zahnarztpraxis-berlin-pankow.de/" "Mozilla/5.0 (Windows NT 6.0; rv:17.0) Gecko/20100101 Firefox/17.0"
88.74.32.63 - - [25/Dec/2012:20:11:01 +0100] "GET /diashow.swf HTTP/1.1" 200 311957 "http://www.zahnarztpraxis-berlin-pankow.de/hattke.swf" "Mozilla/5.0 (Windows NT 6.0; rv:17.0) Gecko/20100101 Firefox/17.0"
141.8.147.1 - - [25/Dec/2012:23:53:12 +0100] "GET /robots.txt HTTP/1.1" 200 24 "-" "Mozilla/5.0 (compatible; YandexBot/3.0; +http://yandex.com/bots)"
173.199.114.75 - - [26/Dec/2012:04:00:41 +0100] "GET / HTTP/1.1" 200 12977 "-" "Mozilla/5.0 (compatible; AhrefsBot/4.0; +http://ahrefs.com/robot/)"
173.199.114.75 - - [26/Dec/2012:04:55:29 +0100] "GET /teledienst.html HTTP/1.1" 200 4588 "-" "Mozilla/5.0 (compatible; AhrefsBot/4.0; +http://ahrefs.com/robot/)"
141.8.147.1 - - [26/Dec/2012:07:11:04 +0100] "GET / HTTP/1.1" 200 12977 "-" "Mozilla/5.0 (compatible; YandexBot/3.0; +http://yandex.com/bots)"
141.8.147.1 - - [26/Dec/2012:11:58:04 +0100] "GET /robots.txt HTTP/1.1" 200 24 "-" "Mozilla/5.0 (compatible; YandexBot/3.0; +http://yandex.com/bots)"
217.69.133.70 - - [26/Dec/2012:13:34:12 +0100] "GET /robots.txt HTTP/1.0" 200 24 "-" "Mozilla/5.0 (compatible; Mail.RU_Bot/2.0; +http://go.mail.ru/help/robots)"
141.8.147.1 - - [26/Dec/2012:14:26:51 +0100] "GET / HTTP/1.1" 200 12977 "-" "Mozilla/5.0 (compatible; YandexBot/3.0; +http://yandex.com/bots)"
157.55.32.93 - - [26/Dec/2012:15:14:46 +0100] "GET /robots.txt HTTP/1.1" 200 24 "-" "Mozilla/5.0 (compatible; bingbot/2.0; +http://www.bing.com/bingbot.htm)"
157.55.32.93 - - [26/Dec/2012:15:16:44 +0100] "GET / HTTP/1.1" 200 12977 "-" "Mozilla/5.0 (compatible; bingbot/2.0; +http://www.bing.com/bingbot.htm)"
157.55.32.105 - - [26/Dec/2012:15:19:09 +0100] "GET /flashopen.js HTTP/1.1" 200 604 "-" "Mozilla/5.0 (compatible; bingbot/2.0; +http://www.bing.com/bingbot.htm)"
66.249.78.173 - - [26/Dec/2012:20:41:12 +0100] "GET /robots.txt HTTP/1.1" 200 24 "-" "Mozilla/5.0 (compatible; Googlebot/2.1; +http://www.google.com/bot.html)"
66.249.78.173 - - [26/Dec/2012:20:41:12 +0100] "GET / HTTP/1.1" 200 12977 "-" "Mozilla/5.0 (compatible; Googlebot/2.1; +http://www.google.com/bot.html)"
92.231.222.250 - - [27/Dec/2012:00:22:30 +0100] "GET / HTTP/1.1" 200 12977 "http://www.kzv-berlin.de/fuer-patienten/zahnarztsuche.html?tx_dsckzvzahnarzt%5Baction%5D=evalStandort&tx_dsckzvzahnarzt%5Bumkreis%5D=5&tx_dsckzvzahnarzt%5Badresse%5D=13156%20Berlin%2C%20Schillerstra%C3%9Fe&tx_dsckzvzahnarzt%5Blat%5D=52.5911&tx_dsckzvzahnarzt%5Blng%5D=13.40647&tx_dsckzvzahnarzt%5Bfachgebiet%5D=aza&tx_dsckzvzahnarzt%5Bcount%5D=10&tx_dsckzvzahnarzt%5Bstart%5D=50" "Mozilla/5.0 (compatible; MSIE 9.0; Windows NT 6.0; Trident/5.0; tb-webde/1.7.0)"
92.231.222.250 - - [27/Dec/2012:00:22:31 +0100] "GET /opensite.js HTTP/1.1" 200 1125 "http://www.zahnarztpraxis-berlin-pankow.de/" "Mozilla/5.0 (compatible; MSIE 9.0; Windows NT 6.0; Trident/5.0; tb-webde/1.7.0)"
92.231.222.250 - - [27/Dec/2012:00:22:31 +0100] "GET /flashopen.js HTTP/1.1" 200 604 "http://www.zahnarztpraxis-berlin-pankow.de/" "Mozilla/5.0 (compatible; MSIE 9.0; Windows NT 6.0; Trident/5.0; tb-webde/1.7.0)"
92.231.222.250 - - [27/Dec/2012:00:22:31 +0100] "GET /opensite.js HTTP/1.1" 200 1125 "http://www.zahnarztpraxis-berlin-pankow.de/" "Mozilla/5.0 (compatible; MSIE 9.0; Windows NT 6.0; Trident/5.0; tb-webde/1.7.0)"
92.231.222.250 - - [27/Dec/2012:00:22:31 +0100] "GET /hattke.swf HTTP/1.1" 200 12042 "http://www.zahnarztpraxis-berlin-pankow.de/" "Mozilla/5.0 (compatible; MSIE 9.0; Windows NT 6.0; Trident/5.0; tb-webde/1.7.0)"
92.231.222.250 - - [27/Dec/2012:00:22:31 +0100] "GET /favicon.ico HTTP/1.1" 200 2550 "-" "Mozilla/5.0 (compatible; MSIE 9.0; Windows NT 6.0; Trident/5.0; tb-webde/1.7.0)"
92.231.222.250 - - [27/Dec/2012:00:22:31 +0100] "GET /diashow.swf HTTP/1.1" 200 311957 "http://www.zahnarztpraxis-berlin-pankow.de/hattke.swf" "Mozilla/5.0 (compatible; MSIE 9.0; Windows NT 6.0; Trident/5.0; tb-webde/1.7.0)"
141.8.147.1 - - [27/Dec/2012:00:33:18 +0100] "GET /robots.txt HTTP/1.1" 200 24 "-" "Mozilla/5.0 (compatible; YandexBot/3.0; +http://yandex.com/bots)"
64.56.64.136 - - [27/Dec/2012:02:28:12 +0100] "GET /robots.txt HTTP/1.0" 200 24 "-" "Mozilla/5.0 (compatible; MJ12bot/v1.4.3; http://www.majestic12.co.uk/bot.php?+)"
64.56.64.136 - - [27/Dec/2012:02:28:16 +0100] "GET /teledienst.html HTTP/1.0" 200 4588 "-" "Mozilla/5.0 (compatible; MJ12bot/v1.4.3; http://www.majestic12.co.uk/bot.php?+)"
209.249.197.2 - - [27/Dec/2012:02:48:47 +0100] "GET / HTTP/1.1" 200 12977 "-" "Mozilla/5.0 (Windows NT 6.1; WOW64) AppleWebKit/537.4 (KHTML, like Gecko) Chrome/22.0.1229.94 Safari/537.4"
141.8.147.1 - - [27/Dec/2012:03:36:58 +0100] "GET / HTTP/1.1" 200 12977 "-" "Mozilla/5.0 (compatible; YandexBot/3.0; +http://yandex.com/bots)"
173.199.119.11 - - [27/Dec/2012:04:00:14 +0100] "GET /robots.txt HTTP/1.1" 200 24 "-" "Mozilla/5.0 (compatible; AhrefsBot/4.0; +http://ahrefs.com/robot/)"
46.115.85.124 - - [27/Dec/2012:06:07:34 +0100] "GET / HTTP/1.1" 200 12977 "http://www.kzv-berlin.de/fuer-patienten/zahnarztsuche.html?tx_dsckzvzahnarzt%5Baction%5D=evalStandort&tx_dsckzvzahnarzt%5Bfachgebiet%5D=aza&tx_dsckzvzahnarzt%5Badresse%5D=Heegerm%C3%BChler+Weg+36&tx_dsckzvzahnarzt%5Bumkreis%5D=1" "Mozilla/5.0 (iPad; CPU OS 6_0_1 like Mac OS X) AppleWebKit/536.26 (KHTML, like Gecko) Version/6.0 Mobile/10A523 Safari/8536.25"
46.115.85.124 - - [27/Dec/2012:06:07:36 +0100] "GET /opensite.js HTTP/1.1" 200 1125 "http://www.zahnarztpraxis-berlin-pankow.de/" "Mozilla/5.0 (iPad; CPU OS 6_0_1 like Mac OS X) AppleWebKit/536.26 (KHTML, like Gecko) Version/6.0 Mobile/10A523 Safari/8536.25"
46.115.85.124 - - [27/Dec/2012:06:07:40 +0100] "GET /flashopen.js HTTP/1.1" 200 604 "http://www.zahnarztpraxis-berlin-pankow.de/" "Mozilla/5.0 (iPad; CPU OS 6_0_1 like Mac OS X) AppleWebKit/536.26 (KHTML, like Gecko) Version/6.0 Mobile/10A523 Safari/8536.25"
78.53.205.120 - - [27/Dec/2012:08:57:28 +0100] "GET / HTTP/1.1" 200 12977 "http://www.google.de/search?q=zahnarztpraxis+berlin&hl=de&gbv=2&prmd=ivnsm&ei=Iv3bUImTD86LhQeh14CABg&start=20&sa=N" "Mozilla/5.0 (Macintosh; U; Intel Mac OS X 10_4_11; de-de) AppleWebKit/533.19.4 (KHTML, like Gecko) Version/4.1.3 Safari/533.19.4"
78.53.205.120 - - [27/Dec/2012:08:57:28 +0100] "GET /opensite.js HTTP/1.1" 200 1125 "http://www.zahnarztpraxis-berlin-pankow.de/" "Mozilla/5.0 (Macintosh; U; Intel Mac OS X 10_4_11; de-de) AppleWebKit/533.19.4 (KHTML, like Gecko) Version/4.1.3 Safari/533.19.4"
78.53.205.120 - - [27/Dec/2012:08:57:29 +0100] "GET /flashopen.js HTTP/1.1" 200 604 "http://www.zahnarztpraxis-berlin-pankow.de/" "Mozilla/5.0 (Macintosh; U; Intel Mac OS X 10_4_11; de-de) AppleWebKit/533.19.4 (KHTML, like Gecko) Version/4.1.3 Safari/533.19.4"
78.53.205.120 - - [27/Dec/2012:08:57:29 +0100] "GET /hattke.swf HTTP/1.1" 200 12042 "http://www.zahnarztpraxis-berlin-pankow.de/" "Mozilla/5.0 (Macintosh; U; Intel Mac OS X 10_4_11; de-de) AppleWebKit/533.19.4 (KHTML, like Gecko) Version/4.1.3 Safari/533.19.4"
78.53.205.120 - - [27/Dec/2012:08:57:29 +0100] "GET /favicon.ico HTTP/1.1" 200 2550 "http://www.zahnarztpraxis-berlin-pankow.de/" "Mozilla/5.0 (Macintosh; U; Intel Mac OS X 10_4_11; de-de) AppleWebKit/533.19.4 (KHTML, like Gecko) Version/4.1.3 Safari/533.19.4"
78.53.205.120 - - [27/Dec/2012:08:57:29 +0100] "GET /diashow.swf HTTP/1.1" 200 311957 "http://www.zahnarztpraxis-berlin-pankow.de/" "Mozilla/5.0 (Macintosh; U; Intel Mac OS X 10_4_11; de-de) AppleWebKit/533.19.4 (KHTML, like Gecko) Version/4.1.3 Safari/533.19.4"
173.199.115.99 - - [27/Dec/2012:09:27:05 +0100] "GET / HTTP/1.1" 200 12977 "-" "Mozilla/5.0 (compatible; AhrefsBot/4.0; +http://ahrefs.com/robot/)"
173.199.115.99 - - [27/Dec/2012:09:36:43 +0100] "GET /teledienst.html HTTP/1.1" 200 4588 "-" "Mozilla/5.0 (compatible; AhrefsBot/4.0; +http://ahrefs.com/robot/)"
178.0.213.154 - - [27/Dec/2012:15:08:57 +0100] "GET / HTTP/1.1" 200 12977 "http://www.kzv-berlin.de/fuer-patienten/zahnarztsuche.html?tx_dsckzvzahnarzt%5Baction%5D=evalStandort&tx_dsckzvzahnarzt%5Bfachgebiet%5D=all&tx_dsckzvzahnarzt%5Badresse%5D=Garibaldistrasse.+&tx_dsckzvzahnarzt%5Bumkreis%5D=1" "Mozilla/5.0 (iPad; CPU OS 5_1_1 like Mac OS X) AppleWebKit/534.46 (KHTML, like Gecko) Version/5.1 Mobile/9B206 Safari/7534.48.3"
178.0.213.154 - - [27/Dec/2012:15:08:57 +0100] "GET /opensite.js HTTP/1.1" 200 1125 "http://www.zahnarztpraxis-berlin-pankow.de/" "Mozilla/5.0 (iPad; CPU OS 5_1_1 like Mac OS X) AppleWebKit/534.46 (KHTML, like Gecko) Version/5.1 Mobile/9B206 Safari/7534.48.3"
178.0.213.154 - - [27/Dec/2012:15:08:57 +0100] "GET /flashopen.js HTTP/1.1" 200 604 "http://www.zahnarztpraxis-berlin-pankow.de/" "Mozilla/5.0 (iPad; CPU OS 5_1_1 like Mac OS X) AppleWebKit/534.46 (KHTML, like Gecko) Version/5.1 Mobile/9B206 Safari/7534.48.3"
87.152.42.164 - - [27/Dec/2012:16:23:25 +0100] "GET / HTTP/1.1" 200 12977 "-" "Mozilla/5.0 (Macintosh; Intel Mac OS X 10_6_8) AppleWebKit/534.57.2 (KHTML, like Gecko) Version/5.1.7 Safari/534.57.2"
87.152.42.164 - - [27/Dec/2012:16:23:25 +0100] "GET /opensite.js HTTP/1.1" 200 1125 "http://www.zahnarztpraxis-berlin-pankow.de/" "Mozilla/5.0 (Macintosh; Intel Mac OS X 10_6_8) AppleWebKit/534.57.2 (KHTML, like Gecko) Version/5.1.7 Safari/534.57.2"
87.152.42.164 - - [27/Dec/2012:16:23:25 +0100] "GET /flashopen.js HTTP/1.1" 200 604 "http://www.zahnarztpraxis-berlin-pankow.de/" "Mozilla/5.0 (Macintosh; Intel Mac OS X 10_6_8) AppleWebKit/534.57.2 (KHTML, like Gecko) Version/5.1.7 Safari/534.57.2"
87.152.42.164 - - [27/Dec/2012:16:23:25 +0100] "GET /hattke.swf HTTP/1.1" 200 12042 "http://www.zahnarztpraxis-berlin-pankow.de/" "Mozilla/5.0 (Macintosh; Intel Mac OS X 10_6_8) AppleWebKit/534.57.2 (KHTML, like Gecko) Version/5.1.7 Safari/534.57.2"
87.152.42.164 - - [27/Dec/2012:16:23:25 +0100] "GET /favicon.ico HTTP/1.1" 200 2550 "http://www.zahnarztpraxis-berlin-pankow.de/" "Mozilla/5.0 (Macintosh; Intel Mac OS X 10_6_8) AppleWebKit/534.57.2 (KHTML, like Gecko) Version/5.1.7 Safari/534.57.2"
87.152.42.164 - - [27/Dec/2012:16:23:26 +0100] "GET /diashow.swf HTTP/1.1" 200 311957 "http://www.zahnarztpraxis-berlin-pankow.de/" "Mozilla/5.0 (Macintosh; Intel Mac OS X 10_6_8) AppleWebKit/534.57.2 (KHTML, like Gecko) Version/5.1.7 Safari/534.57.2"
157.55.33.18 - - [27/Dec/2012:23:56:24 +0100] "GET /robots.txt HTTP/1.1" 200 24 "-" "Mozilla/5.0 (compatible; bingbot/2.0; +http://www.bing.com/bingbot.htm)"
157.55.33.18 - - [27/Dec/2012:23:58:12 +0100] "GET /teledienst.html HTTP/1.1" 200 4588 "-" "Mozilla/5.0 (compatible; bingbot/2.0; +http://www.bing.com/bingbot.htm)"
157.55.32.93 - - [28/Dec/2012:00:36:31 +0100] "GET /robots.txt HTTP/1.1" 200 24 "-" "Mozilla/5.0 (compatible; bingbot/2.0; +http://www.bing.com/bingbot.htm)"
157.55.32.93 - - [28/Dec/2012:00:38:09 +0100] "GET / HTTP/1.1" 200 12977 "-" "Mozilla/5.0 (compatible; bingbot/2.0; +http://www.bing.com/bingbot.htm)"
50.136.243.177 - - [28/Dec/2012:00:56:40 +0100] "GET / HTTP/1.1" 200 12977 "-" "Mozilla/5.0 (Windows; U; Windows NT 5.1; en; rv:1.9.0.17) Gecko/2009122116 Firefox/3.0.17"
178.255.215.65 - - [28/Dec/2012:01:29:54 +0100] "GET /robots.txt HTTP/1.1" 200 24 "-" "Mozilla/5.0 (compatible; Exabot/3.0; +http://www.exabot.com/go/robot)"
178.255.215.65 - - [28/Dec/2012:01:29:54 +0100] "GET /teledienst.html HTTP/1.1" 304 - "-" "Mozilla/5.0 (compatible; Exabot/3.0; +http://www.exabot.com/go/robot)"
157.55.33.18 - - [28/Dec/2012:02:00:14 +0100] "GET /robots.txt HTTP/1.1" 200 24 "-" "Mozilla/5.0 (compatible; bingbot/2.0; +http://www.bing.com/bingbot.htm)"
157.55.33.18 - - [28/Dec/2012:02:02:09 +0100] "GET /teledienst.html HTTP/1.1" 200 4588 "-" "Mozilla/5.0 (compatible; bingbot/2.0; +http://www.bing.com/bingbot.htm)"
194.153.113.12 - - [28/Dec/2012:02:11:28 +0100] "GET /robots.txt HTTP/1.1" 200 24 "-" "Mozilla/5.0 (compatible; oBot/2.3.1; +http://filterdb.iss.net/crawler/)"
194.153.113.12 - - [28/Dec/2012:02:11:28 +0100] "GET / HTTP/1.1" 200 12977 "-" "Mozilla/5.0 (compatible; oBot/2.3.1; +http://filterdb.iss.net/crawler/)"
194.153.113.12 - - [28/Dec/2012:02:11:28 +0100] "GET /callback.html HTTP/1.1" 200 3272 "-" "Mozilla/5.0 (compatible; oBot/2.3.1; +http://filterdb.iss.net/crawler/)"
194.153.113.12 - - [28/Dec/2012:02:11:28 +0100] "GET /clear.gif HTTP/1.1" 200 230 "-" "Mozilla/5.0 (compatible; oBot/2.3.1; +http://filterdb.iss.net/crawler/)"
194.153.113.12 - - [28/Dec/2012:02:11:28 +0100] "GET /teledienst.html HTTP/1.1" 200 4588 "-" "Mozilla/5.0 (compatible; oBot/2.3.1; +http://filterdb.iss.net/crawler/)"
141.8.147.1 - - [28/Dec/2012:04:44:58 +0100] "GET /robots.txt HTTP/1.1" 200 24 "-" "Mozilla/5.0 (compatible; YandexBot/3.0; +http://yandex.com/bots)"
77.185.10.18 - - [28/Dec/2012:06:56:06 +0100] "GET / HTTP/1.1" 200 12977 "http://maps.google.de/maps?oe=utf-8&rls=org.mozilla:de:official&client=firefox-a&um=1&ie=UTF-8&q=reyk+hattke+zahnarzt&fb=1&gl=de&hq=reyk+hattke+zahnarzt&hnear=0x47a84e373f035901:0x42120465b5e3b70,Berlin&cid=0,0,1463652652855643375&sa=X&ei=DzTdUPnaO8GZtQaGiYHADA&ved=0CJIBEPwSMAA" "Mozilla/5.0 (Windows NT 6.1; rv:17.0) Gecko/20100101 Firefox/17.0"
77.185.10.18 - - [28/Dec/2012:06:56:06 +0100] "GET /opensite.js HTTP/1.1" 200 1125 "http://www.zahnarztpraxis-berlin-pankow.de/" "Mozilla/5.0 (Windows NT 6.1; rv:17.0) Gecko/20100101 Firefox/17.0"
77.185.10.18 - - [28/Dec/2012:06:56:06 +0100] "GET /favicon.ico HTTP/1.1" 200 2550 "-" "Mozilla/5.0 (Windows NT 6.1; rv:17.0) Gecko/20100101 Firefox/17.0"
77.185.10.18 - - [28/Dec/2012:06:56:06 +0100] "GET /flashopen.js HTTP/1.1" 200 604 "http://www.zahnarztpraxis-berlin-pankow.de/" "Mozilla/5.0 (Windows NT 6.1; rv:17.0) Gecko/20100101 Firefox/17.0"
77.185.10.18 - - [28/Dec/2012:06:56:06 +0100] "GET /hattke.swf HTTP/1.1" 200 12042 "http://www.zahnarztpraxis-berlin-pankow.de/" "Mozilla/5.0 (Windows NT 6.1; rv:17.0) Gecko/20100101 Firefox/17.0"
77.185.10.18 - - [28/Dec/2012:06:56:07 +0100] "GET /diashow.swf HTTP/1.1" 200 311957 "http://www.zahnarztpraxis-berlin-pankow.de/hattke.swf" "Mozilla/5.0 (Windows NT 6.1; rv:17.0) Gecko/20100101 Firefox/17.0"
77.185.10.18 - - [28/Dec/2012:06:59:49 +0100] "GET /plan.swf HTTP/1.1" 200 27838 "http://www.zahnarztpraxis-berlin-pankow.de/hattke.swf" "Mozilla/5.0 (Windows NT 6.1; rv:17.0) Gecko/20100101 Firefox/17.0"
141.8.147.1 - - [28/Dec/2012:13:30:25 +0100] "GET / HTTP/1.1" 200 12977 "-" "Mozilla/5.0 (compatible; YandexBot/3.0; +http://yandex.com/bots)"
92.229.200.231 - - [28/Dec/2012:15:27:05 +0100] "GET / HTTP/1.1" 200 12977 "http://www.google.de/url?sa=t&rct=j&q=reyk%20hattke%20zahnarzt&source=web&cd=1&ved=0CDMQFjAA&url=http%3A%2F%2Fwww.zahnarztpraxis-berlin-pankow.de%2F&ei=8KvdUK3NIIjOtAaQ34G4Ag&usg=AFQjCNGhU0LSIXKAU9N4d8DNsS8g6WKbiA&bvm=bv.1355534169,d.Yms" "Mozilla/5.0 (Windows NT 6.1; rv:15.0) Gecko/20100101 Firefox/15.0.1"
92.229.200.231 - - [28/Dec/2012:15:27:05 +0100] "GET /opensite.js HTTP/1.1" 200 1125 "http://www.zahnarztpraxis-berlin-pankow.de/" "Mozilla/5.0 (Windows NT 6.1; rv:15.0) Gecko/20100101 Firefox/15.0.1"
92.229.200.231 - - [28/Dec/2012:15:27:05 +0100] "GET /favicon.ico HTTP/1.1" 200 2550 "-" "Mozilla/5.0 (Windows NT 6.1; rv:15.0) Gecko/20100101 Firefox/15.0.1"
92.229.200.231 - - [28/Dec/2012:15:27:05 +0100] "GET /flashopen.js HTTP/1.1" 200 604 "http://www.zahnarztpraxis-berlin-pankow.de/" "Mozilla/5.0 (Windows NT 6.1; rv:15.0) Gecko/20100101 Firefox/15.0.1"
92.229.200.231 - - [28/Dec/2012:15:27:08 +0100] "GET /hattke.swf HTTP/1.1" 200 12042 "http://www.zahnarztpraxis-berlin-pankow.de/" "Mozilla/5.0 (Windows NT 6.1; rv:15.0) Gecko/20100101 Firefox/15.0.1"
92.229.200.231 - - [28/Dec/2012:15:27:08 +0100] "GET /diashow.swf HTTP/1.1" 200 311957 "http://www.zahnarztpraxis-berlin-pankow.de/hattke.swf" "Mozilla/5.0 (Windows NT 6.1; rv:15.0) Gecko/20100101 Firefox/15.0.1"
92.229.200.231 - - [28/Dec/2012:15:28:06 +0100] "GET /callback.html HTTP/1.1" 200 3272 "http://www.zahnarztpraxis-berlin-pankow.de/" "Mozilla/5.0 (Windows NT 6.1; rv:15.0) Gecko/20100101 Firefox/15.0.1"
92.229.200.231 - - [28/Dec/2012:15:28:06 +0100] "GET /clear.gif HTTP/1.1" 200 230 "http://www.zahnarztpraxis-berlin-pankow.de/callback.html" "Mozilla/5.0 (Windows NT 6.1; rv:15.0) Gecko/20100101 Firefox/15.0.1"
92.229.200.231 - - [28/Dec/2012:15:28:06 +0100] "GET /send.gif HTTP/1.1" 200 265 "http://www.zahnarztpraxis-berlin-pankow.de/callback.html" "Mozilla/5.0 (Windows NT 6.1; rv:15.0) Gecko/20100101 Firefox/15.0.1"
92.229.200.231 - - [28/Dec/2012:15:28:24 +0100] "GET /plan.swf HTTP/1.1" 200 27838 "http://www.zahnarztpraxis-berlin-pankow.de/hattke.swf" "Mozilla/5.0 (Windows NT 6.1; rv:15.0) Gecko/20100101 Firefox/15.0.1"
206.253.226.23 - - [28/Dec/2012:16:53:08 +0100] "GET / HTTP/1.1" 200 12977 "-" "Mozilla/5.0 (compatible; oBot/2.3.1; +http://filterdb.iss.net/crawler/)"
141.8.147.1 - - [28/Dec/2012:18:55:20 +0100] "GET /robots.txt HTTP/1.1" 200 24 "-" "Mozilla/5.0 (compatible; YandexBot/3.0; +http://yandex.com/bots)"
141.8.147.1 - - [28/Dec/2012:23:28:44 +0100] "GET / HTTP/1.1" 200 12977 "-" "Mozilla/5.0 (compatible; YandexBot/3.0; +http://yandex.com/bots)"
173.199.116.179 - - [29/Dec/2012:02:52:06 +0100] "GET / HTTP/1.1" 200 12977 "-" "Mozilla/5.0 (compatible; AhrefsBot/4.0; +http://ahrefs.com/robot/)"
184.154.48.82 - - [29/Dec/2012:04:24:35 +0100] "GET /robots.txt HTTP/1.0" 200 24 "-" "Mozilla/5.0 (compatible; MJ12bot/v1.4.3; http://www.majestic12.co.uk/bot.php?+)"
184.154.48.82 - - [29/Dec/2012:04:24:37 +0100] "GET / HTTP/1.0" 200 12977 "-" "Mozilla/5.0 (compatible; MJ12bot/v1.4.3; http://www.majestic12.co.uk/bot.php?+)"
213.73.96.24 - - [29/Dec/2012:06:59:00 +0100] "GET / HTTP/1.1" 200 12977 "-" "Mozilla/4.0 (compatible; MSIE 7.0; Windows NT 6.1; WOW64; Trident/5.0; SLCC2; .NET CLR 2.0.50727; .NET4.0C; .NET4.0E; .NET CLR 3.5.30729; .NET CLR 3.0.30729)"
