178.154.179.250 - - [01/Dec/2012:00:38:27 +0100] "GET / HTTP/1.1" 200 12977 "-" "Mozilla/5.0 (compatible; YandexBot/3.0; +http://yandex.com/bots)"
66.249.73.245 - - [01/Dec/2012:02:40:44 +0100] "GET /robots.txt HTTP/1.1" 200 24 "-" "Mozilla/5.0 (compatible; Googlebot/2.1; +http://www.google.com/bot.html)"
66.249.73.245 - - [01/Dec/2012:02:40:44 +0100] "GET / HTTP/1.1" 200 12977 "-" "Mozilla/5.0 (compatible; Googlebot/2.1; +http://www.google.com/bot.html)"
157.55.33.50 - - [01/Dec/2012:12:05:44 +0100] "GET /robots.txt HTTP/1.1" 200 24 "-" "Mozilla/5.0 (compatible; bingbot/2.0; +http://www.bing.com/bingbot.htm)"
157.55.33.50 - - [01/Dec/2012:12:13:08 +0100] "GET / HTTP/1.1" 200 12977 "-" "Mozilla/5.0 (compatible; bingbot/2.0; +http://www.bing.com/bingbot.htm)"
157.55.33.50 - - [01/Dec/2012:12:46:52 +0100] "GET / HTTP/1.1" 200 12977 "-" "Mozilla/5.0 (compatible; bingbot/2.0; +http://www.bing.com/bingbot.htm)"
157.55.33.50 - - [01/Dec/2012:13:15:01 +0100] "GET /robots.txt HTTP/1.1" 200 24 "-" "Mozilla/5.0 (compatible; bingbot/2.0; +http://www.bing.com/bingbot.htm)"
157.55.33.50 - - [01/Dec/2012:13:25:40 +0100] "GET / HTTP/1.1" 200 12977 "-" "Mozilla/5.0 (compatible; bingbot/2.0; +http://www.bing.com/bingbot.htm)"
66.249.73.245 - - [01/Dec/2012:13:39:34 +0100] "GET /sitemap.xml HTTP/1.1" 200 796 "-" "Mozilla/5.0 (compatible; Googlebot/2.1; +http://www.google.com/bot.html)"
216.145.11.94 - - [02/Dec/2012:00:20:16 +0100] "GET /robots.txt HTTP/1.0" 200 24 "-" "Mozilla/5.0 (Windows; U; Windows NT 5.1; en; rv:1.9.0.13) Gecko/2009073022 Firefox/3.5.2 (.NET CLR 3.5.30729) SurveyBot/2.3 (DomainTools)"
216.145.11.94 - - [02/Dec/2012:00:20:17 +0100] "GET / HTTP/1.1" 200 12977 "http://whois.domaintools.com/zahnarztpraxis-berlin-pankow.de" "Mozilla/5.0 (Windows; U; Windows NT 5.1; en; rv:1.9.0.13) Gecko/2009073022 Firefox/3.5.2 (.NET CLR 3.5.30729) SurveyBot/2.3 (DomainTools)"
213.144.235.197 - - [02/Dec/2012:03:06:16 +0100] "GET / HTTP/1.0" 200 12977 "-" "Mozilla/5.0 (Windows; U; Windows NT 5.1; en-US) AppleWebKit/532.2 (KHTML, like Gecko) Chrome/4.0 Safari/532.2"
84.246.18.49 - - [02/Dec/2012:03:06:17 +0100] "GET /opensite.js HTTP/1.0" 200 1125 "-" "Mozilla/5.0 (Windows; U; Windows NT 5.2; rv:1.9.2) Gecko/20100101 Firefox/3.6"
89.146.18.202 - - [02/Dec/2012:03:06:17 +0100] "GET /flashopen.js HTTP/1.0" 200 604 "-" "Opera/9.64 (Windows NT 5.1; U; en) Presto/2.1.1,"
213.144.233.254 - - [02/Dec/2012:03:07:08 +0100] "GET /opensite.js HTTP/1.0" 200 1125 "-" "Opera/9.70 (Linux i686 ; U; ; en) Presto/2.2.1,"
84.246.18.34 - - [02/Dec/2012:03:07:08 +0100] "GET /flashopen.js HTTP/1.0" 200 604 "-" "Opera/9.70 (Linux i686 ; U; ; en) Presto/2.2.1,"
89.146.18.234 - - [02/Dec/2012:03:07:26 +0100] "GET /flashopen.js HTTP/1.0" 200 604 "-" "Mozilla/5.0 (X11; U; Linux x86_64; cs-CZ; rv:1.9.1.7) Gecko/20100106 Ubuntu/9.10 (karmic) Firefox/3.5,"
84.246.18.36 - - [02/Dec/2012:03:07:26 +0100] "GET /opensite.js HTTP/1.0" 200 1125 "-" "BlackBerry8700/4.1.0 Profile/MIDP-2.0 Configuration/CLDC-1.1"
213.144.235.198 - - [02/Dec/2012:03:09:12 +0100] "GET /favicon.ico HTTP/1.0" 200 2550 "-" "Mozilla/4.0 (compatible; MSIE 8.0; Windows NT 6.1; WOW64; Trident/4.0; SLCC2; InfoPath.2),"
84.246.18.36 - - [02/Dec/2012:03:18:34 +0100] "GET /opensite.js HTTP/1.0" 200 1125 "-" "Mozilla/5.0 (Android 3.2; en-us) AppleWebKit/1.1 (KHTML, like Gecko) Version/4.0 Mobile Safari/534.1"
84.246.18.36 - - [02/Dec/2012:03:18:36 +0100] "GET /opensite.js HTTP/1.0" 200 1125 "-" "Mozilla/5.0 (Android 2.1; en-us) AppleWebKit/1.1 (KHTML, like Gecko) Version/4.0 Mobile Safari/533.1"
213.144.233.254 - - [02/Dec/2012:03:37:48 +0100] "GET /opensite.js HTTP/1.0" 200 1125 "-" "Mozilla/5.0 (Android 3.2; en-us) AppleWebKit/1.1 (KHTML, like Gecko) Version/4.0 Mobile Safari/534.1"
213.144.233.254 - - [02/Dec/2012:03:38:53 +0100] "GET /opensite.js HTTP/1.0" 200 1125 "-" "Mozilla/4.0 (compatible; MSIE 7.0; Windows NT 6.0; WOW64; SLCC1;),"
84.246.18.34 - - [02/Dec/2012:03:38:53 +0100] "GET /flashopen.js HTTP/1.0" 200 604 "-" "Mozilla/5.0 (Windows; U; Windows NT 5.2; rv:1.9.2) Gecko/20100101 Firefox/3.6"
89.146.18.202 - - [02/Dec/2012:03:39:40 +0100] "GET /flashopen.js HTTP/1.0" 200 604 "-" "Mozilla/5.0 (Android 2.1; en-us) AppleWebKit/1.1 (KHTML, like Gecko) Version/4.0 Mobile Safari/533.1"
84.246.18.49 - - [02/Dec/2012:03:42:59 +0100] "GET /opensite.js HTTP/1.0" 200 1125 "-" "Mozilla/5.0 (Macintosh; U; Intel Mac OS X 10.6; en-US; rv:1.9.1.6) Gecko/20091201 Firefox/3.5,"
89.146.18.202 - - [02/Dec/2012:03:42:59 +0100] "GET /flashopen.js HTTP/1.0" 200 604 "-" "Mozilla/5.0 (Windows; U; Windows NT 6.1; en-US) AppleWebKit/532.9 (KHTML, like Gecko) Chrome/5.0 Safari/532.9"
84.246.18.34 - - [02/Dec/2012:03:42:59 +0100] "GET /flashopen.js HTTP/1.0" 200 604 "-" "Opera/9.64 (Windows NT 5.1; U; en) Presto/2.1.1,"
84.246.18.49 - - [02/Dec/2012:03:43:24 +0100] "GET /opensite.js HTTP/1.0" 200 1125 "-" "BlackBerry8700/4.1.0 Profile/MIDP-2.0 Configuration/CLDC-1.1"
89.146.18.202 - - [02/Dec/2012:03:43:24 +0100] "GET /flashopen.js HTTP/1.0" 200 604 "-" "Mozilla/5.0 (Macintosh; U; Intel Mac OS X 10.6; en-US; rv:1.9.1.6) Gecko/20091201 Firefox/3.5,"
213.144.233.254 - - [02/Dec/2012:03:43:24 +0100] "GET /opensite.js HTTP/1.0" 200 1125 "-" "Opera/9.64 (Windows NT 5.1; U; en) Presto/2.1.1,"
84.246.18.34 - - [02/Dec/2012:03:43:24 +0100] "GET /flashopen.js HTTP/1.0" 200 604 "-" "Mozilla/5.0 (iPhone; U; CPU like Mac OS X; en) AppleWebKit/420+ (KHTML, like Gecko) Version/3.0 Mobile/1A543a Safari/419.3"
89.146.18.202 - - [02/Dec/2012:03:53:57 +0100] "GET /flashopen.js HTTP/1.0" 200 604 "-" "Mozilla/5.0 (Android 3.2; en-us) AppleWebKit/1.1 (KHTML, like Gecko) Version/4.0 Mobile Safari/534.1"
173.252.100.114 - - [02/Dec/2012:03:58:48 +0100] "GET / HTTP/1.1" 304 - "-" "facebookexternalhit/1.1 (+http://www.facebook.com/externalhit_uatext.php)"
46.4.120.2 - - [02/Dec/2012:05:11:18 +0100] "GET / HTTP/1.0" 200 12977 "-" "-"
46.4.120.2 - - [02/Dec/2012:05:11:18 +0100] "GET / HTTP/1.0" 200 12977 "-" "-"
213.186.127.10 - - [02/Dec/2012:06:45:37 +0100] "GET /teledienst.html HTTP/1.1" 200 4588 "-" "Mozilla/5.0 (compatible; AhrefsBot/3.1; +http://ahrefs.com/robot/)"
83.133.125.202 - - [02/Dec/2012:12:06:55 +0100] "GET / HTTP/1.1" 200 12977 "http://www.sumaja.de/?such_wert=professionelle" "Mozilla/5.0 (Windows; U; Windows NT 6.1; de; rv:1.9.2.8) Gecko/20100722 Firefox/3.6.8 GTB7.1"
66.249.73.245 - - [02/Dec/2012:12:15:07 +0100] "GET /robots.txt HTTP/1.1" 200 24 "-" "Mozilla/5.0 (compatible; Googlebot/2.1; +http://www.google.com/bot.html)"
66.249.73.245 - - [02/Dec/2012:12:15:07 +0100] "GET / HTTP/1.1" 200 12977 "-" "Mozilla/5.0 (compatible; Googlebot/2.1; +http://www.google.com/bot.html)"
66.249.73.245 - - [02/Dec/2012:12:53:51 +0100] "GET /index_alt.html HTTP/1.1" 200 2254 "-" "Mozilla/5.0 (compatible; Googlebot/2.1; +http://www.google.com/bot.html)"
178.255.215.65 - - [02/Dec/2012:13:39:41 +0100] "GET /robots.txt HTTP/1.1" 200 24 "-" "Mozilla/5.0 (compatible; Exabot/3.0; +http://www.exabot.com/go/robot)"
178.255.215.65 - - [02/Dec/2012:13:39:41 +0100] "GET / HTTP/1.1" 304 - "-" "Mozilla/5.0 (compatible; Exabot/3.0; +http://www.exabot.com/go/robot)"
66.249.73.245 - - [02/Dec/2012:22:39:44 +0100] "GET /teledienst.html HTTP/1.1" 304 - "-" "Mozilla/5.0 (compatible; Googlebot/2.1; +http://www.google.com/bot.html)"
66.249.73.245 - - [02/Dec/2012:23:01:10 +0100] "GET /callback.html HTTP/1.1" 304 - "-" "Mozilla/5.0 (compatible; Googlebot/2.1; +http://www.google.com/bot.html)"
213.186.119.134 - - [03/Dec/2012:00:45:48 +0100] "GET / HTTP/1.1" 200 12977 "-" "Mozilla/5.0 (compatible; AhrefsBot/3.1; +http://ahrefs.com/robot/)"
66.249.73.245 - - [03/Dec/2012:03:01:49 +0100] "GET / HTTP/1.1" 200 12977 "-" "SAMSUNG-SGH-E250/1.0 Profile/MIDP-2.0 Configuration/CLDC-1.1 UP.Browser/6.2.3.3.c.1.101 (GUI) MMP/2.0 (compatible; Googlebot-Mobile/2.1; +http://www.google.com/bot.html)"
80.68.161.22 - - [03/Dec/2012:07:26:35 +0100] "GET / HTTP/1.1" 200 12977 "http://www.google.de/url?sa=t&rct=j&q=zahnarzt%20hattke&source=web&cd=1&sqi=2&ved=0CC0QFjAA&url=http%3A%2F%2Fwww.zahnarztpraxis-berlin-pankow.de%2F&ei=sUW8UKWAI8WS0QWmzoCwAg&usg=AFQjCNGhU0LSIXKAU9N4d8DNsS8g6WKbiA" "Mozilla/4.0 (compatible; MSIE 8.0; Windows NT 5.1; Trident/4.0; .NET CLR 1.1.4322; .NET CLR 2.0.50727; .NET CLR 3.0.04506.30; .NET CLR 3.0.4506.2152; .NET CLR 3.5.30729; .NET4.0C; .NET4.0E)"
80.68.161.22 - - [03/Dec/2012:07:26:35 +0100] "GET /opensite.js HTTP/1.1" 200 1125 "http://www.zahnarztpraxis-berlin-pankow.de/" "Mozilla/4.0 (compatible; MSIE 8.0; Windows NT 5.1; Trident/4.0; .NET CLR 1.1.4322; .NET CLR 2.0.50727; .NET CLR 3.0.04506.30; .NET CLR 3.0.4506.2152; .NET CLR 3.5.30729; .NET4.0C; .NET4.0E)"
80.68.161.22 - - [03/Dec/2012:07:26:36 +0100] "GET /flashopen.js HTTP/1.1" 200 604 "http://www.zahnarztpraxis-berlin-pankow.de/" "Mozilla/4.0 (compatible; MSIE 8.0; Windows NT 5.1; Trident/4.0; .NET CLR 1.1.4322; .NET CLR 2.0.50727; .NET CLR 3.0.04506.30; .NET CLR 3.0.4506.2152; .NET CLR 3.5.30729; .NET4.0C; .NET4.0E)"
80.68.161.22 - - [03/Dec/2012:07:26:36 +0100] "GET /hattke.swf HTTP/1.1" 200 12042 "http://www.zahnarztpraxis-berlin-pankow.de/" "Mozilla/4.0 (compatible; MSIE 8.0; Windows NT 5.1; Trident/4.0; .NET CLR 1.1.4322; .NET CLR 2.0.50727; .NET CLR 3.0.04506.30; .NET CLR 3.0.4506.2152; .NET CLR 3.5.30729; .NET4.0C; .NET4.0E)"
80.68.161.22 - - [03/Dec/2012:07:26:36 +0100] "GET /favicon.ico HTTP/1.1" 200 2550 "-" "Mozilla/4.0 (compatible; MSIE 8.0; Windows NT 5.1; Trident/4.0; .NET CLR 1.1.4322; .NET CLR 2.0.50727; .NET CLR 3.0.04506.30; .NET CLR 3.0.4506.2152; .NET CLR 3.5.30729; .NET4.0C; .NET4.0E)"
80.68.161.22 - - [03/Dec/2012:07:26:36 +0100] "GET /diashow.swf HTTP/1.1" 200 311957 "http://www.zahnarztpraxis-berlin-pankow.de/hattke.swf" "Mozilla/4.0 (compatible; MSIE 8.0; Windows NT 5.1; Trident/4.0; .NET CLR 1.1.4322; .NET CLR 2.0.50727; .NET CLR 3.0.04506.30; .NET CLR 3.0.4506.2152; .NET CLR 3.5.30729; .NET4.0C; .NET4.0E)"
66.249.73.245 - - [03/Dec/2012:08:04:36 +0100] "GET / HTTP/1.1" 200 12977 "-" "Mozilla/5.0 (iPhone; U; CPU iPhone OS 4_1 like Mac OS X; en-us) AppleWebKit/532.9 (KHTML, like Gecko) Version/4.0.5 Mobile/8B117 Safari/6531.22.7 (compatible; Googlebot-Mobile/2.1; +http://www.google.com/bot.html)"
83.133.125.202 - - [03/Dec/2012:11:58:46 +0100] "GET / HTTP/1.1" 200 12977 "http://www.bigfinder.de/home-11.html" "Mozilla/4.0 (compatible; MSIE 8.0; Windows NT 5.1; Trident/4.0; FBSMTWB; ATC/1.0; .NET CLR 1.1.4322; ATC/1.0; .NET CLR 2.0.50727; .NET CLR 3.0.4506.2152; .NET CLR 3.5.30729)"
178.154.179.250 - - [03/Dec/2012:12:29:14 +0100] "GET /robots.txt HTTP/1.1" 200 24 "-" "Mozilla/5.0 (compatible; YandexBot/3.0; +http://yandex.com/bots)"
83.236.208.203 - - [03/Dec/2012:13:27:37 +0100] "GET / HTTP/1.1" 200 12977 "http://www.google.de/url?sa=t&rct=j&q=&esrc=s&source=web&cd=1&ved=0CDsQFjAA&url=http%3A%2F%2Fwww.zahnarztpraxis-berlin-pankow.de%2F&ei=RZq8UKHULITssgbs64DwDg&usg=AFQjCNGhU0LSIXKAU9N4d8DNsS8g6WKbiA" "Mozilla/5.0 (Windows NT 6.1; rv:17.0) Gecko/20100101 Firefox/17.0"
83.236.208.203 - - [03/Dec/2012:13:27:37 +0100] "GET /opensite.js HTTP/1.1" 200 1125 "http://www.zahnarztpraxis-berlin-pankow.de/" "Mozilla/5.0 (Windows NT 6.1; rv:17.0) Gecko/20100101 Firefox/17.0"
83.236.208.203 - - [03/Dec/2012:13:27:37 +0100] "GET /favicon.ico HTTP/1.1" 200 2550 "-" "Mozilla/5.0 (Windows NT 6.1; rv:17.0) Gecko/20100101 Firefox/17.0"
83.236.208.203 - - [03/Dec/2012:13:27:37 +0100] "GET /flashopen.js HTTP/1.1" 200 604 "http://www.zahnarztpraxis-berlin-pankow.de/" "Mozilla/5.0 (Windows NT 6.1; rv:17.0) Gecko/20100101 Firefox/17.0"
83.236.208.203 - - [03/Dec/2012:13:27:37 +0100] "GET /hattke.swf HTTP/1.1" 200 12042 "http://www.zahnarztpraxis-berlin-pankow.de/" "Mozilla/5.0 (Windows NT 6.1; rv:17.0) Gecko/20100101 Firefox/17.0"
83.236.208.203 - - [03/Dec/2012:13:27:37 +0100] "GET /diashow.swf HTTP/1.1" 200 311957 "http://www.zahnarztpraxis-berlin-pankow.de/hattke.swf" "Mozilla/5.0 (Windows NT 6.1; rv:17.0) Gecko/20100101 Firefox/17.0"
178.154.179.250 - - [03/Dec/2012:13:45:15 +0100] "GET / HTTP/1.1" 200 12977 "-" "Mozilla/5.0 (compatible; YandexBot/3.0; +http://yandex.com/bots)"
94.23.220.161 - - [03/Dec/2012:16:54:31 +0100] "GET / HTTP/1.1" 200 12977 "-" "Mozilla/5.0 (X11; Linux i686; rv:6.0) Gecko/20100101 Firefox/6.0"
176.9.48.201 - - [03/Dec/2012:17:44:57 +0100] "GET /robots.txt HTTP/1.1" 200 24 "-" "Mozilla/5.0 (X11; Ubuntu; Linux x86_64; rv:15.0) Gecko/20100101 Firefox/15.0.1"
176.9.48.201 - - [03/Dec/2012:17:44:57 +0100] "GET / HTTP/1.1" 200 12977 "-" "Mozilla/5.0 (X11; Ubuntu; Linux x86_64; rv:15.0) Gecko/20100101 Firefox/15.0.1"
176.9.48.201 - - [03/Dec/2012:17:45:00 +0100] "GET /teledienst.html HTTP/1.1" 200 4588 "-" "Mozilla/5.0 (X11; Ubuntu; Linux x86_64; rv:15.0) Gecko/20100101 Firefox/15.0.1"
157.55.33.50 - - [03/Dec/2012:20:16:55 +0100] "GET /robots.txt HTTP/1.1" 200 24 "-" "Mozilla/5.0 (compatible; bingbot/2.0; +http://www.bing.com/bingbot.htm)"
157.55.33.50 - - [03/Dec/2012:20:20:22 +0100] "GET / HTTP/1.1" 200 12977 "-" "Mozilla/5.0 (compatible; bingbot/2.0; +http://www.bing.com/bingbot.htm)"
178.255.215.65 - - [03/Dec/2012:21:40:24 +0100] "GET /robots.txt HTTP/1.1" 200 24 "-" "Mozilla/5.0 (compatible; Exabot/3.0; +http://www.exabot.com/go/robot)"
178.255.215.65 - - [03/Dec/2012:21:40:24 +0100] "GET / HTTP/1.1" 304 - "-" "Mozilla/5.0 (compatible; Exabot/3.0; +http://www.exabot.com/go/robot)"
217.69.133.70 - - [03/Dec/2012:22:39:08 +0100] "GET /robots.txt HTTP/1.0" 200 24 "-" "Mozilla/5.0 (compatible; Mail.RU_Bot/2.0)"
66.249.73.245 - - [04/Dec/2012:03:19:48 +0100] "GET /robots.txt HTTP/1.1" 200 24 "-" "Mozilla/5.0 (compatible; Googlebot/2.1; +http://www.google.com/bot.html)"
66.249.73.245 - - [04/Dec/2012:03:19:48 +0100] "GET / HTTP/1.1" 200 12977 "-" "DoCoMo/2.0 N905i(c100;TB;W24H16) (compatible; Googlebot-Mobile/2.1; +http://www.google.com/bot.html)"
173.199.115.171 - - [04/Dec/2012:03:38:31 +0100] "GET /teledienst.html HTTP/1.1" 200 4588 "-" "Mozilla/5.0 (compatible; AhrefsBot/4.0; +http://ahrefs.com/robot/)"
84.139.89.48 - - [04/Dec/2012:09:45:44 +0100] "GET / HTTP/1.1" 200 12977 "http://www.google.de/url?sa=t&rct=j&q=&esrc=s&source=web&cd=4&sqi=2&ved=0CF4QFjAD&url=http%3A%2F%2Fwww.zahnarztpraxis-berlin-pankow.de%2F&ei=jbe9UNX1BsHWtAbP_YCwCQ&usg=AFQjCNGhU0LSIXKAU9N4d8DNsS8g6WKbiA&sig2=1utbAlvVTD0iNm2KIefSAA" "Mozilla/5.0 (Windows NT 5.1; rv:16.0) Gecko/20100101 Firefox/16.0"
84.139.89.48 - - [04/Dec/2012:09:45:44 +0100] "GET /opensite.js HTTP/1.1" 200 1125 "http://www.zahnarztpraxis-berlin-pankow.de/" "Mozilla/5.0 (Windows NT 5.1; rv:16.0) Gecko/20100101 Firefox/16.0"
84.139.89.48 - - [04/Dec/2012:09:45:45 +0100] "GET /flashopen.js HTTP/1.1" 200 604 "http://www.zahnarztpraxis-berlin-pankow.de/" "Mozilla/5.0 (Windows NT 5.1; rv:16.0) Gecko/20100101 Firefox/16.0"
84.139.89.48 - - [04/Dec/2012:09:45:46 +0100] "GET /hattke.swf HTTP/1.1" 200 12042 "http://www.zahnarztpraxis-berlin-pankow.de/" "Mozilla/5.0 (Windows NT 5.1; rv:16.0) Gecko/20100101 Firefox/16.0"
84.139.89.48 - - [04/Dec/2012:09:45:48 +0100] "GET /favicon.ico HTTP/1.1" 200 2550 "-" "Mozilla/5.0 (Windows NT 5.1; rv:16.0) Gecko/20100101 Firefox/16.0"
84.139.89.48 - - [04/Dec/2012:09:45:49 +0100] "GET /diashow.swf HTTP/1.1" 200 311957 "http://www.zahnarztpraxis-berlin-pankow.de/hattke.swf" "Mozilla/5.0 (Windows NT 5.1; rv:16.0) Gecko/20100101 Firefox/16.0"
216.55.186.172 - - [04/Dec/2012:10:20:59 +0100] "GET / HTTP/1.1" 200 12977 "-" "Mozilla/5.0 (compatible; MSIE 9.0; Windows NT 6.1; WOW64; Trident/5.0)"
216.55.186.172 - - [04/Dec/2012:10:21:00 +0100] "GET /opensite.js HTTP/1.1" 200 1125 "http://www.zahnarztpraxis-berlin-pankow.de/" "Mozilla/5.0 (compatible; MSIE 9.0; Windows NT 6.1; WOW64; Trident/5.0)"
216.55.186.172 - - [04/Dec/2012:10:21:00 +0100] "GET /flashopen.js HTTP/1.1" 200 604 "http://www.zahnarztpraxis-berlin-pankow.de/" "Mozilla/5.0 (compatible; MSIE 9.0; Windows NT 6.1; WOW64; Trident/5.0)"
216.55.186.172 - - [04/Dec/2012:10:21:00 +0100] "GET /hattke.swf HTTP/1.1" 200 12042 "http://www.zahnarztpraxis-berlin-pankow.de/" "Mozilla/5.0 (compatible; MSIE 9.0; Windows NT 6.1; WOW64; Trident/5.0)"
216.55.186.172 - - [04/Dec/2012:10:21:01 +0100] "GET /diashow.swf HTTP/1.1" 200 311957 "http://www.zahnarztpraxis-berlin-pankow.de/hattke.swf" "Mozilla/5.0 (compatible; MSIE 9.0; Windows NT 6.1; WOW64; Trident/5.0)"
87.187.32.87 - - [04/Dec/2012:13:12:29 +0100] "GET / HTTP/1.1" 200 12977 "-" "Mozilla/5.0 (Windows NT 5.1; rv:16.0) Gecko/20100101 Firefox/16.0"
87.187.32.87 - - [04/Dec/2012:13:12:30 +0100] "GET /opensite.js HTTP/1.1" 200 1125 "http://www.zahnarztpraxis-berlin-pankow.de/" "Mozilla/5.0 (Windows NT 5.1; rv:16.0) Gecko/20100101 Firefox/16.0"
87.187.32.87 - - [04/Dec/2012:13:12:30 +0100] "GET /flashopen.js HTTP/1.1" 200 604 "http://www.zahnarztpraxis-berlin-pankow.de/" "Mozilla/5.0 (Windows NT 5.1; rv:16.0) Gecko/20100101 Firefox/16.0"
87.187.32.87 - - [04/Dec/2012:13:12:30 +0100] "GET /favicon.ico HTTP/1.1" 200 2550 "-" "Mozilla/5.0 (Windows NT 5.1; rv:16.0) Gecko/20100101 Firefox/16.0"
87.187.32.87 - - [04/Dec/2012:13:12:30 +0100] "GET /hattke.swf HTTP/1.1" 200 12042 "http://www.zahnarztpraxis-berlin-pankow.de/" "Mozilla/5.0 (Windows NT 5.1; rv:16.0) Gecko/20100101 Firefox/16.0"
87.187.32.87 - - [04/Dec/2012:13:12:30 +0100] "GET /diashow.swf HTTP/1.1" 200 311957 "http://www.zahnarztpraxis-berlin-pankow.de/hattke.swf" "Mozilla/5.0 (Windows NT 5.1; rv:16.0) Gecko/20100101 Firefox/16.0"
217.7.191.229 - - [04/Dec/2012:13:12:34 +0100] "GET / HTTP/1.1" 200 12977 "http://www.google.de/url?sa=t&rct=j&q=zahnartzt%20praxis-berlin-pankow&source=web&cd=1&ved=0CEcQFjAA&url=http%3A%2F%2Fwww.zahnarztpraxis-berlin-pankow.de%2F&ei=r-i9ULqDPafm4QT2pYGQCQ&usg=AFQjCNGhU0LSIXKAU9N4d8DNsS8g6WKbiA&cad=rja" "Mozilla/5.0 (Windows NT 6.1; WOW64; rv:16.0) Gecko/20100101 Firefox/16.0"
217.7.191.229 - - [04/Dec/2012:13:12:34 +0100] "GET /opensite.js HTTP/1.1" 200 1125 "http://www.zahnarztpraxis-berlin-pankow.de/" "Mozilla/5.0 (Windows NT 6.1; WOW64; rv:16.0) Gecko/20100101 Firefox/16.0"
217.7.191.229 - - [04/Dec/2012:13:12:34 +0100] "GET /favicon.ico HTTP/1.1" 200 2550 "-" "Mozilla/5.0 (Windows NT 6.1; WOW64; rv:16.0) Gecko/20100101 Firefox/16.0"
217.7.191.229 - - [04/Dec/2012:13:12:35 +0100] "GET /flashopen.js HTTP/1.1" 200 604 "http://www.zahnarztpraxis-berlin-pankow.de/" "Mozilla/5.0 (Windows NT 6.1; WOW64; rv:16.0) Gecko/20100101 Firefox/16.0"
217.7.191.229 - - [04/Dec/2012:13:12:35 +0100] "GET /hattke.swf HTTP/1.1" 200 12042 "http://www.zahnarztpraxis-berlin-pankow.de/" "Mozilla/5.0 (Windows NT 6.1; WOW64; rv:16.0) Gecko/20100101 Firefox/16.0"
217.7.191.229 - - [04/Dec/2012:13:12:35 +0100] "GET /diashow.swf HTTP/1.1" 200 311957 "http://www.zahnarztpraxis-berlin-pankow.de/hattke.swf" "Mozilla/5.0 (Windows NT 6.1; WOW64; rv:16.0) Gecko/20100101 Firefox/16.0"
192.108.72.125 - - [04/Dec/2012:14:00:44 +0100] "GET / HTTP/1.1" 200 12977 "http://www.google.de/url?sa=t&rct=j&q=zahnarzt+hattke&source=web&cd=1&ved=0CC4QFjAA&url=http%3A%2F%2Fwww.zahnarztpraxis-berlin-pankow.de%2F&ei=-fO9UObdIMWn4gT-9YCoBg&usg=AFQjCNGhU0LSIXKAU9N4d8DNsS8g6WKbiA" "Mozilla/5.0 (Windows NT 5.1) AppleWebKit/537.1 (KHTML, like Gecko) Chrome/21.0.1180.60 Safari/537.1 CoolNovo/2.0.4.16"
192.108.72.125 - - [04/Dec/2012:14:00:44 +0100] "GET /opensite.js HTTP/1.1" 200 1125 "http://www.zahnarztpraxis-berlin-pankow.de/" "Mozilla/5.0 (Windows NT 5.1) AppleWebKit/537.1 (KHTML, like Gecko) Chrome/21.0.1180.60 Safari/537.1 CoolNovo/2.0.4.16"
192.108.72.125 - - [04/Dec/2012:14:00:44 +0100] "GET /flashopen.js HTTP/1.1" 200 604 "http://www.zahnarztpraxis-berlin-pankow.de/" "Mozilla/5.0 (Windows NT 5.1) AppleWebKit/537.1 (KHTML, like Gecko) Chrome/21.0.1180.60 Safari/537.1 CoolNovo/2.0.4.16"
192.108.72.125 - - [04/Dec/2012:14:00:44 +0100] "GET /favicon.ico HTTP/1.1" 200 2550 "-" "Mozilla/5.0 (Windows NT 5.1) AppleWebKit/537.1 (KHTML, like Gecko) Chrome/21.0.1180.60 Safari/537.1 CoolNovo/2.0.4.16"
192.108.72.125 - - [04/Dec/2012:14:00:45 +0100] "GET /hattke.swf HTTP/1.1" 200 12042 "http://www.zahnarztpraxis-berlin-pankow.de/" "Mozilla/5.0 (Windows NT 5.1) AppleWebKit/537.1 (KHTML, like Gecko) Chrome/21.0.1180.60 Safari/537.1 CoolNovo/2.0.4.16"
192.108.72.125 - - [04/Dec/2012:14:00:45 +0100] "GET /diashow.swf HTTP/1.1" 200 311957 "http://www.zahnarztpraxis-berlin-pankow.de/" "Mozilla/5.0 (Windows NT 5.1) AppleWebKit/537.1 (KHTML, like Gecko) Chrome/21.0.1180.60 Safari/537.1 CoolNovo/2.0.4.16"
157.55.33.50 - - [04/Dec/2012:14:21:21 +0100] "GET /robots.txt HTTP/1.1" 200 24 "-" "Mozilla/5.0 (compatible; bingbot/2.0; +http://www.bing.com/bingbot.htm)"
157.55.33.50 - - [04/Dec/2012:14:23:18 +0100] "GET / HTTP/1.1" 200 12977 "-" "Mozilla/5.0 (compatible; bingbot/2.0; +http://www.bing.com/bingbot.htm)"
217.235.239.221 - - [04/Dec/2012:19:05:58 +0100] "GET /plan.swf HTTP/1.1" 200 27838 "http://www.zahnarztpraxis-berlin-pankow.de/hattke.swf" "Mozilla/5.0 (Windows NT 5.1; rv:16.0) Gecko/20100101 Firefox/16.0"
85.25.110.104 - - [04/Dec/2012:20:32:59 +0100] "GET / HTTP/1.1" 200 12977 "-" "Mozilla/4.0 (compatible; MSIE 6.0; Windows 98; Win 9x4.90)"
173.199.119.11 - - [04/Dec/2012:21:14:42 +0100] "GET /robots.txt HTTP/1.1" 200 24 "-" "Mozilla/5.0 (compatible; AhrefsBot/4.0; +http://ahrefs.com/robot/)"
66.249.73.245 - - [04/Dec/2012:21:49:27 +0100] "GET / HTTP/1.1" 200 12977 "-" "Mozilla/5.0 (compatible; Googlebot/2.1; +http://www.google.com/bot.html)"
66.249.73.245 - - [04/Dec/2012:21:52:45 +0100] "GET /opensite.js HTTP/1.1" 200 1125 "-" "Mozilla/5.0 (compatible; Googlebot/2.1; +http://www.google.com/bot.html)"
66.249.73.245 - - [04/Dec/2012:21:52:46 +0100] "GET /flashopen.js HTTP/1.1" 200 604 "-" "Mozilla/5.0 (compatible; Googlebot/2.1; +http://www.google.com/bot.html)"
94.23.225.68 - - [04/Dec/2012:22:25:02 +0100] "GET / HTTP/1.1" 200 12977 "-" "Mozilla/5.0 (X11; Linux i686; rv:6.0) Gecko/20100101 Firefox/6.0"
92.229.55.240 - - [05/Dec/2012:00:15:03 +0100] "GET / HTTP/1.1" 200 12977 "http://www.google.de/search?hl=de&client=ms-android-samsung&tbo=d&source=android-launcher-widget&v=133247963&q=hattke+zahnarzt+berlin&oq=hattke+Zahnarzt&gs_l=mobile-gws-serp.1.0.0j0i10i30j0i5i30j0i8i30l2.415193.429741.0.433433.20.20.0.0.0.0.604.4127.3j7j6j1j1j1.19.0...0.0...1ac.1.RKwJbaJKmac" "Mozilla/5.0 (Linux; U; Android 2.3.6; de-de; GT-I8160P Build/GINGERBREAD) AppleWebKit/533.1 (KHTML, like Gecko) Version/4.0 Mobile Safari/533.1"
92.229.55.240 - - [05/Dec/2012:00:15:03 +0100] "GET /opensite.js HTTP/1.1" 200 1125 "http://www.zahnarztpraxis-berlin-pankow.de/" "Mozilla/5.0 (Linux; U; Android 2.3.6; de-de; GT-I8160P Build/GINGERBREAD) AppleWebKit/533.1 (KHTML, like Gecko) Version/4.0 Mobile Safari/533.1"
92.229.55.240 - - [05/Dec/2012:00:15:03 +0100] "GET /flashopen.js HTTP/1.1" 200 604 "http://www.zahnarztpraxis-berlin-pankow.de/" "Mozilla/5.0 (Linux; U; Android 2.3.6; de-de; GT-I8160P Build/GINGERBREAD) AppleWebKit/533.1 (KHTML, like Gecko) Version/4.0 Mobile Safari/533.1"
92.229.55.240 - - [05/Dec/2012:00:15:03 +0100] "GET /favicon.ico HTTP/1.1" 200 2550 "http://www.zahnarztpraxis-berlin-pankow.de/" "Mozilla/5.0 (Linux; U; Android 2.3.6; de-de; GT-I8160P Build/GINGERBREAD) AppleWebKit/533.1 (KHTML, like Gecko) Version/4.0 Mobile Safari/533.1"
188.165.195.156 - - [05/Dec/2012:02:33:40 +0100] "HEAD / HTTP/1.1" 200 - "-" "Mozilla/4.0 (compatible; MSIE 5.01; Windows NT 5.0)"
208.115.111.74 - - [05/Dec/2012:06:24:32 +0100] "GET /robots.txt HTTP/1.1" 200 24 "-" "Mozilla/5.0 (compatible; Ezooms/1.0; ezooms.bot@gmail.com)"
208.115.111.74 - - [05/Dec/2012:06:54:01 +0100] "GET / HTTP/1.1" 200 12977 "-" "Mozilla/5.0 (compatible; Ezooms/1.0; ezooms.bot@gmail.com)"
66.249.73.245 - - [05/Dec/2012:15:30:56 +0100] "GET /robots.txt HTTP/1.1" 200 24 "-" "Mozilla/5.0 (compatible; Googlebot/2.1; +http://www.google.com/bot.html)"
72.14.199.217 - - [05/Dec/2012:15:30:56 +0100] "GET /google6cbc7c57957fae22.html HTTP/1.1" 200 - "-" "Google-Site-Verification/1.0"
72.14.199.217 - - [05/Dec/2012:15:35:33 +0100] "GET /noexist_6cbc7c57957fae22.html HTTP/1.1" 404 1256 "-" "Google-Site-Verification/1.0"
109.45.0.20 - - [05/Dec/2012:15:36:02 +0100] "GET / HTTP/1.1" 200 12977 "http://www.google.de/search?q=zahn+hattke&ie=UTF-8&oe=UTF-8&hl=de&client=safari" "Mozilla/5.0 (iPhone; CPU iPhone OS 5_1_1 like Mac OS X) AppleWebKit/534.46 (KHTML, like Gecko) Version/5.1 Mobile/9B208 Safari/7534.48.3"
109.45.0.20 - - [05/Dec/2012:15:36:02 +0100] "GET /opensite.js HTTP/1.1" 200 1125 "http://www.zahnarztpraxis-berlin-pankow.de/" "Mozilla/5.0 (iPhone; CPU iPhone OS 5_1_1 like Mac OS X) AppleWebKit/534.46 (KHTML, like Gecko) Version/5.1 Mobile/9B208 Safari/7534.48.3"
109.45.0.20 - - [05/Dec/2012:15:36:02 +0100] "GET /flashopen.js HTTP/1.1" 200 604 "http://www.zahnarztpraxis-berlin-pankow.de/" "Mozilla/5.0 (iPhone; CPU iPhone OS 5_1_1 like Mac OS X) AppleWebKit/534.46 (KHTML, like Gecko) Version/5.1 Mobile/9B208 Safari/7534.48.3"
109.45.0.20 - - [05/Dec/2012:15:36:05 +0100] "GET /hattke.swf HTTP/1.1" 200 12042 "http://1.2.3.50/jsi/index.php?gid=1" "Mozilla/5.0 (iPhone; CPU iPhone OS 5_1_1 like Mac OS X) AppleWebKit/534.46 (KHTML, like Gecko) Version/5.1 Mobile/9B208 Safari/7534.48.3"
176.9.48.201 - - [05/Dec/2012:15:56:31 +0100] "GET /robots.txt HTTP/1.1" 200 24 "-" "Mozilla/5.0 (X11; Ubuntu; Linux x86_64; rv:15.0) Gecko/20100101 Firefox/15.0.1"
176.9.48.201 - - [05/Dec/2012:15:56:31 +0100] "GET / HTTP/1.1" 200 12977 "-" "Mozilla/5.0 (X11; Ubuntu; Linux x86_64; rv:15.0) Gecko/20100101 Firefox/15.0.1"
176.9.48.201 - - [05/Dec/2012:15:56:34 +0100] "GET /teledienst.html HTTP/1.1" 200 4588 "-" "Mozilla/5.0 (X11; Ubuntu; Linux x86_64; rv:15.0) Gecko/20100101 Firefox/15.0.1"
87.187.62.215 - - [05/Dec/2012:18:25:23 +0100] "GET / HTTP/1.1" 200 12977 "http://www.google.de/url?sa=t&rct=j&q=zahnarzt%20hattke&source=web&cd=1&ved=0CC0QFjAA&url=http%3A%2F%2Fwww.zahnarztpraxis-berlin-pankow.de%2F&ei=gYO_UIWUB8nOswaKiIDACw&usg=AFQjCNGhU0LSIXKAU9N4d8DNsS8g6WKbiA" "Mozilla/4.0 (compatible; MSIE 8.0; Windows NT 5.1; Trident/4.0)"
87.187.62.215 - - [05/Dec/2012:18:25:23 +0100] "GET /opensite.js HTTP/1.1" 200 1125 "http://www.zahnarztpraxis-berlin-pankow.de/" "Mozilla/4.0 (compatible; MSIE 8.0; Windows NT 5.1; Trident/4.0)"
87.187.62.215 - - [05/Dec/2012:18:25:23 +0100] "GET /flashopen.js HTTP/1.1" 200 604 "http://www.zahnarztpraxis-berlin-pankow.de/" "Mozilla/4.0 (compatible; MSIE 8.0; Windows NT 5.1; Trident/4.0)"
87.187.62.215 - - [05/Dec/2012:18:25:23 +0100] "GET /hattke.swf HTTP/1.1" 200 12042 "http://www.zahnarztpraxis-berlin-pankow.de/" "Mozilla/4.0 (compatible; MSIE 8.0; Windows NT 5.1; Trident/4.0)"
87.187.62.215 - - [05/Dec/2012:18:25:24 +0100] "GET /favicon.ico HTTP/1.1" 200 2550 "-" "Mozilla/4.0 (compatible; MSIE 8.0; Windows NT 5.1; Trident/4.0)"
87.187.62.215 - - [05/Dec/2012:18:25:24 +0100] "GET /diashow.swf HTTP/1.1" 200 311957 "http://www.zahnarztpraxis-berlin-pankow.de/hattke.swf" "Mozilla/4.0 (compatible; MSIE 8.0; Windows NT 5.1; Trident/4.0)"
87.187.62.215 - - [05/Dec/2012:19:14:52 +0100] "GET / HTTP/1.1" 304 - "-" "Mozilla/4.0 (compatible; MSIE 8.0; Windows NT 5.1; Trident/4.0; .NET CLR 2.0.50727; .NET CLR 3.0.04506.648; .NET CLR 3.5.21022)"
87.187.62.215 - - [05/Dec/2012:19:14:52 +0100] "GET /opensite.js HTTP/1.1" 304 - "http://www.zahnarztpraxis-berlin-pankow.de/" "Mozilla/4.0 (compatible; MSIE 8.0; Windows NT 5.1; Trident/4.0; .NET CLR 2.0.50727; .NET CLR 3.0.04506.648; .NET CLR 3.5.21022)"
87.187.62.215 - - [05/Dec/2012:19:14:52 +0100] "GET /flashopen.js HTTP/1.1" 304 - "http://www.zahnarztpraxis-berlin-pankow.de/" "Mozilla/4.0 (compatible; MSIE 8.0; Windows NT 5.1; Trident/4.0; .NET CLR 2.0.50727; .NET CLR 3.0.04506.648; .NET CLR 3.5.21022)"
87.187.62.215 - - [05/Dec/2012:19:14:52 +0100] "GET /hattke.swf HTTP/1.1" 304 - "http://www.zahnarztpraxis-berlin-pankow.de/" "Mozilla/4.0 (compatible; MSIE 8.0; Windows NT 5.1; Trident/4.0; .NET CLR 2.0.50727; .NET CLR 3.0.04506.648; .NET CLR 3.5.21022)"
87.187.62.215 - - [05/Dec/2012:19:14:52 +0100] "GET /diashow.swf HTTP/1.1" 304 - "http://www.zahnarztpraxis-berlin-pankow.de/hattke.swf" "Mozilla/4.0 (compatible; MSIE 8.0; Windows NT 5.1; Trident/4.0; .NET CLR 2.0.50727; .NET CLR 3.0.04506.648; .NET CLR 3.5.21022)"
87.187.62.215 - - [05/Dec/2012:19:18:23 +0100] "GET /plan.swf HTTP/1.1" 200 27838 "http://www.zahnarztpraxis-berlin-pankow.de/diashow.swf" "Mozilla/4.0 (compatible; MSIE 8.0; Windows NT 5.1; Trident/4.0; .NET CLR 2.0.50727; .NET CLR 3.0.04506.648; .NET CLR 3.5.21022)"
87.187.62.215 - - [05/Dec/2012:19:18:47 +0100] "GET / HTTP/1.1" 304 - "-" "Mozilla/4.0 (compatible; MSIE 8.0; Windows NT 5.1; Trident/4.0; .NET CLR 2.0.50727; .NET CLR 3.0.04506.648; .NET CLR 3.5.21022)"
87.187.62.215 - - [05/Dec/2012:19:18:47 +0100] "GET /opensite.js HTTP/1.1" 304 - "http://www.zahnarztpraxis-berlin-pankow.de/" "Mozilla/4.0 (compatible; MSIE 8.0; Windows NT 5.1; Trident/4.0; .NET CLR 2.0.50727; .NET CLR 3.0.04506.648; .NET CLR 3.5.21022)"
87.187.62.215 - - [05/Dec/2012:19:18:47 +0100] "GET /flashopen.js HTTP/1.1" 304 - "http://www.zahnarztpraxis-berlin-pankow.de/" "Mozilla/4.0 (compatible; MSIE 8.0; Windows NT 5.1; Trident/4.0; .NET CLR 2.0.50727; .NET CLR 3.0.04506.648; .NET CLR 3.5.21022)"
87.187.62.215 - - [05/Dec/2012:19:18:52 +0100] "GET /teledienst.html HTTP/1.1" 200 4588 "-" "Mozilla/4.0 (compatible; MSIE 8.0; Windows NT 5.1; Trident/4.0; .NET CLR 2.0.50727; .NET CLR 3.0.04506.648; .NET CLR 3.5.21022)"
87.187.62.215 - - [05/Dec/2012:19:18:52 +0100] "GET /opensite.js HTTP/1.1" 304 - "http://www.zahnarztpraxis-berlin-pankow.de/teledienst.html" "Mozilla/4.0 (compatible; MSIE 8.0; Windows NT 5.1; Trident/4.0; .NET CLR 2.0.50727; .NET CLR 3.0.04506.648; .NET CLR 3.5.21022)"
46.4.95.140 - - [05/Dec/2012:20:04:40 +0100] "GET /robots.txt HTTP/1.0" 200 24 "-" "Mozilla/5.0 (compatible; SEOkicks-Robot +http://www.seokicks.de/robot.html)"
46.4.95.140 - - [05/Dec/2012:20:04:44 +0100] "GET / HTTP/1.0" 200 12977 "-" "Mozilla/5.0 (compatible; SEOkicks-Robot +http://www.seokicks.de/robot.html)"
46.4.95.140 - - [05/Dec/2012:20:04:48 +0100] "GET /favicon.ico HTTP/1.0" 200 2550 "http://www.zahnarztpraxis-berlin-pankow.de/" "Mozilla/5.0 (compatible; SEOkicks-Robot +http://www.seokicks.de/robot.html)"
46.4.95.140 - - [05/Dec/2012:20:04:51 +0100] "GET /opensite.js HTTP/1.0" 200 1125 "http://www.zahnarztpraxis-berlin-pankow.de/" "Mozilla/5.0 (compatible; SEOkicks-Robot +http://www.seokicks.de/robot.html)"
46.4.95.140 - - [05/Dec/2012:20:04:54 +0100] "GET /flashopen.js HTTP/1.0" 200 604 "http://www.zahnarztpraxis-berlin-pankow.de/" "Mozilla/5.0 (compatible; SEOkicks-Robot +http://www.seokicks.de/robot.html)"
46.4.95.140 - - [05/Dec/2012:20:04:58 +0100] "GET /teledienst.html HTTP/1.0" 200 4588 "http://www.zahnarztpraxis-berlin-pankow.de/" "Mozilla/5.0 (compatible; SEOkicks-Robot +http://www.seokicks.de/robot.html)"
180.76.5.144 - - [05/Dec/2012:21:35:31 +0100] "GET /robots.txt HTTP/1.1" 200 24 "-" "Mozilla/5.0 (Windows NT 5.1; rv:6.0.2) Gecko/20100101 Firefox/6.0.2"
65.52.111.222 - - [05/Dec/2012:22:21:41 +0100] "GET / HTTP/1.1" 200 12977 "-" "Mozilla/4.0 (compatible; MSIE 7.0; Windows NT 5.1; SLCC1; .NET CLR 1.1.4322; .NET CLR 2.0.40607; .NET CLR 3.0.04506.648)"
65.52.111.222 - - [05/Dec/2012:22:21:46 +0100] "GET /opensite.js HTTP/1.1" 200 1125 "http://www.zahnarztpraxis-berlin-pankow.de/" "Mozilla/4.0 (compatible; MSIE 7.0; Windows NT 5.1; SLCC1; .NET CLR 1.1.4322; .NET CLR 2.0.40607; .NET CLR 3.0.04506.648)"
65.52.111.222 - - [05/Dec/2012:22:21:46 +0100] "GET /flashopen.js HTTP/1.1" 200 604 "http://www.zahnarztpraxis-berlin-pankow.de/" "Mozilla/4.0 (compatible; MSIE 7.0; Windows NT 5.1; SLCC1; .NET CLR 1.1.4322; .NET CLR 2.0.40607; .NET CLR 3.0.04506.648)"
65.52.111.222 - - [05/Dec/2012:22:21:49 +0100] "GET /hattke.swf HTTP/1.1" 200 12042 "http://www.zahnarztpraxis-berlin-pankow.de/" "Mozilla/4.0 (compatible; MSIE 7.0; Windows NT 5.1; SLCC1; .NET CLR 1.1.4322; .NET CLR 2.0.40607; .NET CLR 3.0.04506.648)"
65.52.111.222 - - [05/Dec/2012:22:21:51 +0100] "GET /diashow.swf HTTP/1.1" 200 311957 "http://www.zahnarztpraxis-berlin-pankow.de/hattke.swf" "Mozilla/4.0 (compatible; MSIE 7.0; Windows NT 5.1; SLCC1; .NET CLR 1.1.4322; .NET CLR 2.0.40607; .NET CLR 3.0.04506.648)"
46.119.126.70 - - [06/Dec/2012:06:38:25 +0100] "GET /robots.txt HTTP/1.0" 200 24 "-" "Mozilla/5.0 (compatible; MJ12bot/v1.4.3; http://www.majestic12.co.uk/bot.php?+)"
46.119.126.70 - - [06/Dec/2012:06:38:27 +0100] "GET /teledienst.html HTTP/1.1" 200 4588 "-" "Mozilla/5.0 (compatible; MJ12bot/v1.4.3; http://www.majestic12.co.uk/bot.php?+)"
5.9.127.154 - - [06/Dec/2012:08:27:09 +0100] "GET /robots.txt HTTP/1.1" 200 24 "-" "Mozilla/5.0 (compatible; SISTRIX Crawler; http://crawler.sistrix.net/)"
5.9.127.154 - - [06/Dec/2012:08:27:09 +0100] "GET / HTTP/1.1" 200 12977 "-" "Mozilla/5.0 (compatible; SISTRIX Crawler; http://crawler.sistrix.net/)"
5.9.127.154 - - [06/Dec/2012:08:27:09 +0100] "GET /teledienst.html HTTP/1.1" 200 4588 "-" "Mozilla/5.0 (compatible; SISTRIX Crawler; http://crawler.sistrix.net/)"
74.125.184.17 - - [06/Dec/2012:15:42:06 +0100] "GET /favicon.ico HTTP/1.1" 200 2550 "-" "AppEngine-Google; (+http://code.google.com/appengine; appid: s~getfavicon27)"
178.154.179.250 - - [06/Dec/2012:16:25:28 +0100] "GET /robots.txt HTTP/1.1" 200 24 "-" "Mozilla/5.0 (compatible; YandexBot/3.0; +http://yandex.com/bots)"
178.154.179.250 - - [06/Dec/2012:16:50:06 +0100] "GET / HTTP/1.1" 200 12977 "-" "Mozilla/5.0 (compatible; YandexBot/3.0; +http://yandex.com/bots)"
157.55.33.50 - - [06/Dec/2012:17:36:20 +0100] "GET /robots.txt HTTP/1.1" 200 24 "-" "Mozilla/5.0 (compatible; bingbot/2.0; +http://www.bing.com/bingbot.htm)"
157.55.33.50 - - [06/Dec/2012:17:44:43 +0100] "GET / HTTP/1.1" 304 - "-" "Mozilla/5.0 (compatible; bingbot/2.0; +http://www.bing.com/bingbot.htm)"
94.23.225.68 - - [06/Dec/2012:18:47:20 +0100] "GET / HTTP/1.1" 200 12977 "-" "Mozilla/5.0 (X11; Linux i686; rv:6.0) Gecko/20100101 Firefox/6.0"
66.249.76.173 - - [06/Dec/2012:19:37:23 +0100] "GET /robots.txt HTTP/1.1" 200 24 "-" "Mozilla/5.0 (compatible; Googlebot/2.1; +http://www.google.com/bot.html)"
66.249.76.173 - - [06/Dec/2012:19:37:23 +0100] "GET /intro.html HTTP/1.1" 304 - "-" "Mozilla/5.0 (compatible; Googlebot/2.1; +http://www.google.com/bot.html)"
208.115.113.90 - - [06/Dec/2012:20:27:59 +0100] "GET /robots.txt HTTP/1.1" 200 24 "-" "Mozilla/5.0 (compatible; Ezooms/1.0; ezooms.bot@gmail.com)"
93.219.190.122 - - [06/Dec/2012:20:53:52 +0100] "GET / HTTP/1.1" 200 12977 "http://onlinestreet.de/13113-zahnaerzte-roumiana-und-reyk-hattke" "Mozilla/5.0 (Windows NT 6.1; WOW64; rv:16.0) Gecko/20100101 Firefox/16.0"
93.219.190.122 - - [06/Dec/2012:20:53:52 +0100] "GET /opensite.js HTTP/1.1" 200 1125 "http://www.zahnarztpraxis-berlin-pankow.de/" "Mozilla/5.0 (Windows NT 6.1; WOW64; rv:16.0) Gecko/20100101 Firefox/16.0"
93.219.190.122 - - [06/Dec/2012:20:53:52 +0100] "GET /flashopen.js HTTP/1.1" 200 604 "http://www.zahnarztpraxis-berlin-pankow.de/" "Mozilla/5.0 (Windows NT 6.1; WOW64; rv:16.0) Gecko/20100101 Firefox/16.0"
93.219.190.122 - - [06/Dec/2012:20:53:52 +0100] "GET /favicon.ico HTTP/1.1" 200 2550 "-" "Mozilla/5.0 (Windows NT 6.1; WOW64; rv:16.0) Gecko/20100101 Firefox/16.0"
93.219.190.122 - - [06/Dec/2012:20:53:52 +0100] "GET /hattke.swf HTTP/1.1" 200 12042 "http://www.zahnarztpraxis-berlin-pankow.de/" "Mozilla/5.0 (Windows NT 6.1; WOW64; rv:16.0) Gecko/20100101 Firefox/16.0"
93.219.190.122 - - [06/Dec/2012:20:53:52 +0100] "GET /diashow.swf HTTP/1.1" 200 311957 "http://www.zahnarztpraxis-berlin-pankow.de/hattke.swf" "Mozilla/5.0 (Windows NT 6.1; WOW64; rv:16.0) Gecko/20100101 Firefox/16.0"
37.9.53.31 - - [06/Dec/2012:21:15:31 +0100] "GET / HTTP/1.1" 200 12977 "-" "Mozilla/5.0 (Windows; U; Windows NT 5.1; en-US; rv:1.9.0.4) Gecko/2008102920 Firefox/3.0.4"
37.9.53.31 - - [06/Dec/2012:21:15:32 +0100] "GET /openx/www/admin/index.php HTTP/1.1" 404 1256 "-" "Mozilla/5.0 (Windows; U; Windows NT 5.1; en-US; rv:1.9.0.4) Gecko/2008102920 Firefox/3.0.4"
37.9.53.31 - - [06/Dec/2012:21:15:32 +0100] "GET /ox/www/admin/index.php HTTP/1.1" 404 1256 "-" "Mozilla/5.0 (Windows; U; Windows NT 5.1; en-US; rv:1.9.0.4) Gecko/2008102920 Firefox/3.0.4"
37.9.53.31 - - [06/Dec/2012:21:15:32 +0100] "GET /ads/www/admin/index.php HTTP/1.1" 404 1256 "-" "Mozilla/5.0 (Windows; U; Windows NT 5.1; en-US; rv:1.9.0.4) Gecko/2008102920 Firefox/3.0.4"
37.9.53.31 - - [06/Dec/2012:21:15:32 +0100] "GET /adv/www/admin/index.php HTTP/1.1" 404 1256 "-" "Mozilla/5.0 (Windows; U; Windows NT 5.1; en-US; rv:1.9.0.4) Gecko/2008102920 Firefox/3.0.4"
37.9.53.31 - - [06/Dec/2012:21:15:32 +0100] "GET /adx/www/admin/index.php HTTP/1.1" 404 1256 "-" "Mozilla/5.0 (Windows; U; Windows NT 5.1; en-US; rv:1.9.0.4) Gecko/2008102920 Firefox/3.0.4"
37.9.53.31 - - [06/Dec/2012:21:15:32 +0100] "GET /adserver/www/admin/index.php HTTP/1.1" 404 1256 "-" "Mozilla/5.0 (Windows; U; Windows NT 5.1; en-US; rv:1.9.0.4) Gecko/2008102920 Firefox/3.0.4"
37.9.53.31 - - [06/Dec/2012:21:15:32 +0100] "GET /openads/www/admin/index.php HTTP/1.1" 404 1256 "-" "Mozilla/5.0 (Windows; U; Windows NT 5.1; en-US; rv:1.9.0.4) Gecko/2008102920 Firefox/3.0.4"
37.9.53.31 - - [06/Dec/2012:21:15:32 +0100] "GET /phpads/www/admin/index.php HTTP/1.1" 404 1256 "-" "Mozilla/5.0 (Windows; U; Windows NT 5.1; en-US; rv:1.9.0.4) Gecko/2008102920 Firefox/3.0.4"
37.9.53.31 - - [06/Dec/2012:21:15:33 +0100] "GET /phpadsnew/www/admin/index.php HTTP/1.1" 404 1256 "-" "Mozilla/5.0 (Windows; U; Windows NT 5.1; en-US; rv:1.9.0.4) Gecko/2008102920 Firefox/3.0.4"
208.115.113.90 - - [06/Dec/2012:22:53:47 +0100] "GET /teledienst.html HTTP/1.1" 200 4588 "-" "Mozilla/5.0 (compatible; Ezooms/1.0; ezooms.bot@gmail.com)"
94.23.225.68 - - [06/Dec/2012:23:06:46 +0100] "GET / HTTP/1.1" 200 12977 "-" "Mozilla/5.0 (X11; Linux i686; rv:6.0) Gecko/20100101 Firefox/6.0"
178.154.179.250 - - [06/Dec/2012:23:48:39 +0100] "GET / HTTP/1.1" 200 12977 "-" "Mozilla/5.0 (compatible; YandexBot/3.0; +http://yandex.com/bots)"
66.249.76.173 - - [07/Dec/2012:02:10:23 +0100] "GET / HTTP/1.1" 304 - "-" "Mozilla/5.0 (compatible; Googlebot/2.1; +http://www.google.com/bot.html)"
85.179.12.149 - - [07/Dec/2012:07:49:30 +0100] "GET / HTTP/1.1" 200 12977 "http://www.google.de/url?sa=t&rct=j&q=&esrc=s&source=web&cd=1&ved=0CEoQFjAA&url=http%3A%2F%2Fwww.zahnarztpraxis-berlin-pankow.de%2F&ei=YZHBUOiRH4HWtQat0YGoCw&usg=AFQjCNGhU0LSIXKAU9N4d8DNsS8g6WKbiA" "Mozilla/5.0 (Windows NT 6.0; rv:17.0) Gecko/20100101 Firefox/17.0"
85.179.12.149 - - [07/Dec/2012:07:49:30 +0100] "GET /opensite.js HTTP/1.1" 200 1125 "http://www.zahnarztpraxis-berlin-pankow.de/" "Mozilla/5.0 (Windows NT 6.0; rv:17.0) Gecko/20100101 Firefox/17.0"
85.179.12.149 - - [07/Dec/2012:07:49:30 +0100] "GET /favicon.ico HTTP/1.1" 200 2550 "-" "Mozilla/5.0 (Windows NT 6.0; rv:17.0) Gecko/20100101 Firefox/17.0"
85.179.12.149 - - [07/Dec/2012:07:49:30 +0100] "GET /flashopen.js HTTP/1.1" 200 604 "http://www.zahnarztpraxis-berlin-pankow.de/" "Mozilla/5.0 (Windows NT 6.0; rv:17.0) Gecko/20100101 Firefox/17.0"
85.179.12.149 - - [07/Dec/2012:07:49:30 +0100] "GET /hattke.swf HTTP/1.1" 200 12042 "http://www.zahnarztpraxis-berlin-pankow.de/" "Mozilla/5.0 (Windows NT 6.0; rv:17.0) Gecko/20100101 Firefox/17.0"
85.179.12.149 - - [07/Dec/2012:07:49:31 +0100] "GET /diashow.swf HTTP/1.1" 200 311957 "http://www.zahnarztpraxis-berlin-pankow.de/hattke.swf" "Mozilla/5.0 (Windows NT 6.0; rv:17.0) Gecko/20100101 Firefox/17.0"
85.176.111.41 - - [07/Dec/2012:10:12:32 +0100] "HEAD /robots.txt HTTP/1.1" 206 - "-" "Toplistbot"
85.176.111.41 - - [07/Dec/2012:10:12:32 +0100] "GET /robots.txt HTTP/1.1" 206 24 "-" "Toplistbot"
85.176.111.41 - - [07/Dec/2012:10:12:32 +0100] "GET / HTTP/1.1" 206 12977 "-" "Toplistbot"
85.176.111.41 - - [07/Dec/2012:10:12:33 +0100] "GET /teledienst.html HTTP/1.1" 206 4588 "-" "Toplistbot"
93.219.176.73 - - [07/Dec/2012:13:13:00 +0100] "GET / HTTP/1.1" 200 12977 "http://www.med-kolleg.de/arzt/zahnarzt/10460.html" "Opera/9.80 (Windows NT 6.1) Presto/2.12.388 Version/12.11"
93.219.176.73 - - [07/Dec/2012:13:13:00 +0100] "GET /favicon.ico HTTP/1.1" 200 2550 "http://www.zahnarztpraxis-berlin-pankow.de/" "Opera/9.80 (Windows NT 6.1) Presto/2.12.388 Version/12.11"
93.219.176.73 - - [07/Dec/2012:13:13:00 +0100] "GET /opensite.js HTTP/1.1" 200 1125 "http://www.zahnarztpraxis-berlin-pankow.de/" "Opera/9.80 (Windows NT 6.1) Presto/2.12.388 Version/12.11"
93.219.176.73 - - [07/Dec/2012:13:13:00 +0100] "GET /flashopen.js HTTP/1.1" 200 604 "http://www.zahnarztpraxis-berlin-pankow.de/" "Opera/9.80 (Windows NT 6.1) Presto/2.12.388 Version/12.11"
93.219.176.73 - - [07/Dec/2012:13:13:00 +0100] "GET /hattke.swf HTTP/1.1" 200 12042 "http://www.zahnarztpraxis-berlin-pankow.de/" "Opera/9.80 (Windows NT 6.1) Presto/2.12.388 Version/12.11"
93.219.176.73 - - [07/Dec/2012:13:13:01 +0100] "GET /diashow.swf HTTP/1.1" 200 311957 "http://www.zahnarztpraxis-berlin-pankow.de/hattke.swf" "Opera/9.80 (Windows NT 6.1) Presto/2.12.388 Version/12.11"
176.9.48.201 - - [07/Dec/2012:14:28:27 +0100] "GET /robots.txt HTTP/1.1" 200 24 "-" "Mozilla/5.0 (X11; Ubuntu; Linux x86_64; rv:15.0) Gecko/20100101 Firefox/15.0.1"
176.9.48.201 - - [07/Dec/2012:14:28:28 +0100] "GET / HTTP/1.1" 200 12977 "-" "Mozilla/5.0 (X11; Ubuntu; Linux x86_64; rv:15.0) Gecko/20100101 Firefox/15.0.1"
176.9.48.201 - - [07/Dec/2012:14:28:31 +0100] "GET /teledienst.html HTTP/1.1" 200 4588 "-" "Mozilla/5.0 (X11; Ubuntu; Linux x86_64; rv:15.0) Gecko/20100101 Firefox/15.0.1"
157.55.33.50 - - [07/Dec/2012:17:03:24 +0100] "GET /robots.txt HTTP/1.1" 200 24 "-" "Mozilla/5.0 (compatible; bingbot/2.0; +http://www.bing.com/bingbot.htm)"
157.55.33.50 - - [07/Dec/2012:17:10:03 +0100] "GET / HTTP/1.1" 304 - "-" "Mozilla/5.0 (compatible; bingbot/2.0; +http://www.bing.com/bingbot.htm)"
94.222.246.193 - - [07/Dec/2012:17:16:15 +0100] "GET / HTTP/1.1" 200 12977 "http://www.kzv-berlin.de/fuer-patienten/zahnarztsuche.html?tx_dsckzvzahnarzt%5Baction%5D=evalStandort&tx_dsckzvzahnarzt%5Bumkreis%5D=5&tx_dsckzvzahnarzt%5Badresse%5D=wilhelmsruher%20damm&tx_dsckzvzahnarzt%5Blat%5D=52.59712&tx_dsckzvzahnarzt%5Blng%5D=13.35396&tx_dsckzvzahnarzt%5Bfachgebiet%5D=aza&tx_dsckzvzahnarzt%5Bcount%5D=10&tx_dsckzvzahnarzt%5Bstart%5D=20" "Mozilla/5.0 (Windows NT 5.1; rv:16.0) Gecko/20100101 Firefox/16.0"
94.222.246.193 - - [07/Dec/2012:17:16:15 +0100] "GET /opensite.js HTTP/1.1" 200 1125 "http://www.zahnarztpraxis-berlin-pankow.de/" "Mozilla/5.0 (Windows NT 5.1; rv:16.0) Gecko/20100101 Firefox/16.0"
94.222.246.193 - - [07/Dec/2012:17:16:15 +0100] "GET /favicon.ico HTTP/1.1" 200 2550 "-" "Mozilla/5.0 (Windows NT 5.1; rv:16.0) Gecko/20100101 Firefox/16.0"
94.222.246.193 - - [07/Dec/2012:17:16:15 +0100] "GET /flashopen.js HTTP/1.1" 200 604 "http://www.zahnarztpraxis-berlin-pankow.de/" "Mozilla/5.0 (Windows NT 5.1; rv:16.0) Gecko/20100101 Firefox/16.0"
94.222.246.193 - - [07/Dec/2012:17:16:15 +0100] "GET /hattke.swf HTTP/1.1" 200 12042 "http://www.zahnarztpraxis-berlin-pankow.de/" "Mozilla/5.0 (Windows NT 5.1; rv:16.0) Gecko/20100101 Firefox/16.0"
94.222.246.193 - - [07/Dec/2012:17:16:16 +0100] "GET /diashow.swf HTTP/1.1" 200 311957 "http://www.zahnarztpraxis-berlin-pankow.de/hattke.swf" "Mozilla/5.0 (Windows NT 5.1; rv:16.0) Gecko/20100101 Firefox/16.0"
85.8.28.206 - - [07/Dec/2012:19:40:38 +0100] "GET /robots.txt HTTP/1.0" 200 24 "-" "Mozilla/5.0 (compatible; MJ12bot/v1.4.3; http://www.majestic12.co.uk/bot.php?+)"
85.8.28.206 - - [07/Dec/2012:19:40:40 +0100] "GET / HTTP/1.1" 200 12977 "-" "Mozilla/5.0 (compatible; MJ12bot/v1.4.3; http://www.majestic12.co.uk/bot.php?+)"
180.76.5.49 - - [08/Dec/2012:01:13:37 +0100] "GET /robots.txt HTTP/1.1" 200 24 "-" "Mozilla/5.0 (Windows NT 5.1; rv:6.0.2) Gecko/20100101 Firefox/6.0.2"
64.125.222.50 - - [08/Dec/2012:10:10:10 +0100] "GET /robots.txt HTTP/1.1" 200 24 "-" "Mozilla/5.0 (compatible; 008/0.83; http://www.80legs.com/webcrawler.html;) Gecko/2008032620"
95.169.144.14 - - [08/Dec/2012:10:11:14 +0100] "GET / HTTP/1.1" 200 12977 "-" "Mozilla/5.0 (compatible; 008/0.85; http://www.80legs.com/webcrawler.html) Gecko/2008032620"
95.169.144.14 - - [08/Dec/2012:10:11:18 +0100] "GET / HTTP/1.1" 200 12977 "-" "Mozilla/5.0 (compatible; 008/0.85; http://www.80legs.com/webcrawler.html) Gecko/2008032620"
188.134.119.226 - - [08/Dec/2012:10:11:21 +0100] "GET / HTTP/1.1" 200 12977 "-" "Mozilla/5.0 (compatible; 008/0.85; http://www.80legs.com/webcrawler.html) Gecko/2008032620"
188.134.119.226 - - [08/Dec/2012:10:11:22 +0100] "GET / HTTP/1.1" 200 12977 "-" "Mozilla/5.0 (compatible; 008/0.85; http://www.80legs.com/webcrawler.html) Gecko/2008032620"
176.117.192.32 - - [08/Dec/2012:12:41:42 +0100] "GET /robots.txt HTTP/1.1" 200 24 "-" "Mozilla/5.0 (compatible; 008/0.83; http://www.80legs.com/webcrawler.html;) Gecko/2008032620"
176.117.192.32 - - [08/Dec/2012:12:41:42 +0100] "GET /teledienst.html HTTP/1.1" 200 4588 "-" "Mozilla/5.0 (compatible; 008/0.85; http://www.80legs.com/webcrawler.html) Gecko/2008032620"
212.86.250.180 - - [08/Dec/2012:12:41:57 +0100] "GET /robots.txt HTTP/1.1" 200 24 "-" "Mozilla/5.0 (compatible; 008/0.83; http://www.80legs.com/webcrawler.html;) Gecko/2008032620"
212.86.250.180 - - [08/Dec/2012:12:41:57 +0100] "GET /teledienst.html HTTP/1.1" 200 4588 "-" "Mozilla/5.0 (compatible; 008/0.85; http://www.80legs.com/webcrawler.html) Gecko/2008032620"
92.252.171.57 - - [08/Dec/2012:12:41:59 +0100] "GET /robots.txt HTTP/1.1" 200 24 "-" "Mozilla/5.0 (compatible; 008/0.83; http://www.80legs.com/webcrawler.html;) Gecko/2008032620"
92.252.171.57 - - [08/Dec/2012:12:41:59 +0100] "GET /teledienst.html HTTP/1.1" 200 4588 "-" "Mozilla/5.0 (compatible; 008/0.85; http://www.80legs.com/webcrawler.html) Gecko/2008032620"
91.224.160.35 - - [08/Dec/2012:16:37:28 +0100] "HEAD //wp-admin/ HTTP/1.0" 404 - "-" "Mozilla/5.0 (Windows NT 6.1; WOW64) AppleWebKit/535.19 (KHTML, like Gecko) Chrome/18.0.1025.162 Safari/535.19"
91.224.160.35 - - [08/Dec/2012:16:37:28 +0100] "GET //administrator/index.php HTTP/1.0" 404 1256 "http://www.welcarekingston.org.uk//administrator/index.php" "Mozilla/5.0 (Windows NT 6.1; WOW64) AppleWebKit/535.19 (KHTML, like Gecko) Chrome/18.0.1025.162 Safari/535.19"
213.23.45.198 - - [08/Dec/2012:17:52:10 +0100] "HEAD / HTTP/1.1" 200 - "-" "Mozilla/4.0 (compatible; MSIE 5.5; Windows NT 4.0)"
130.149.225.166 - - [08/Dec/2012:18:30:02 +0100] "GET /robots.txt HTTP/1.0" 200 24 "-" "MIA DEV/search:robot/0.0.1 (MIA Bot for research project MIA (www.MIA-marktplatz.de); http://spider.neofonie.de; spider-l@neofonie.de)"
130.149.225.146 - - [08/Dec/2012:18:30:02 +0100] "GET / HTTP/1.0" 200 12977 "-" "MIA DEV/search:robot/0.0.1 (MIA Bot for research project MIA (www.MIA-marktplatz.de); http://spider.neofonie.de; spider-l@neofonie.de)"
66.249.73.245 - - [08/Dec/2012:18:40:29 +0100] "GET /robots.txt HTTP/1.1" 200 24 "-" "Mozilla/5.0 (compatible; Googlebot/2.1; +http://www.google.com/bot.html)"
66.249.73.245 - - [08/Dec/2012:18:40:29 +0100] "GET / HTTP/1.1" 200 12977 "-" "SAMSUNG-SGH-E250/1.0 Profile/MIDP-2.0 Configuration/CLDC-1.1 UP.Browser/6.2.3.3.c.1.101 (GUI) MMP/2.0 (compatible; Googlebot-Mobile/2.1; +http://www.google.com/bot.html)"
180.76.5.185 - - [08/Dec/2012:21:47:04 +0100] "GET /robots.txt HTTP/1.1" 200 24 "-" "Mozilla/5.0 (Windows NT 5.1; rv:6.0.2) Gecko/20100101 Firefox/6.0.2"
176.9.48.201 - - [09/Dec/2012:03:46:21 +0100] "GET /robots.txt HTTP/1.1" 200 24 "-" "Mozilla/5.0 (X11; Ubuntu; Linux x86_64; rv:15.0) Gecko/20100101 Firefox/15.0.1"
176.9.48.201 - - [09/Dec/2012:03:46:21 +0100] "GET / HTTP/1.1" 200 12977 "-" "Mozilla/5.0 (X11; Ubuntu; Linux x86_64; rv:15.0) Gecko/20100101 Firefox/15.0.1"
176.9.48.201 - - [09/Dec/2012:03:46:23 +0100] "GET /teledienst.html HTTP/1.1" 200 4588 "-" "Mozilla/5.0 (X11; Ubuntu; Linux x86_64; rv:15.0) Gecko/20100101 Firefox/15.0.1"
173.199.114.139 - - [09/Dec/2012:06:49:51 +0100] "GET / HTTP/1.1" 200 12977 "-" "Mozilla/5.0 (compatible; AhrefsBot/4.0; +http://ahrefs.com/robot/)"
66.249.75.173 - - [09/Dec/2012:13:01:31 +0100] "GET /robots.txt HTTP/1.1" 200 24 "-" "Mozilla/5.0 (compatible; Googlebot/2.1; +http://www.google.com/bot.html)"
66.249.75.173 - - [09/Dec/2012:13:01:31 +0100] "GET / HTTP/1.1" 200 12977 "-" "Mozilla/5.0 (compatible; Googlebot/2.1; +http://www.google.com/bot.html)"
92.225.160.41 - - [09/Dec/2012:17:39:53 +0100] "GET / HTTP/1.1" 200 12977 "http://nz.yhs4.search.yahoo.com/yhs/search?p=zahnarztpraxis+berlin&fr=altavista&fr2=sfp&iscqry=" "Mozilla/5.0 (Windows NT 6.0; rv:17.0) Gecko/20100101 Firefox/17.0"
92.225.160.41 - - [09/Dec/2012:17:39:53 +0100] "GET /opensite.js HTTP/1.1" 200 1125 "http://www.zahnarztpraxis-berlin-pankow.de/" "Mozilla/5.0 (Windows NT 6.0; rv:17.0) Gecko/20100101 Firefox/17.0"
92.225.160.41 - - [09/Dec/2012:17:39:53 +0100] "GET /flashopen.js HTTP/1.1" 200 604 "http://www.zahnarztpraxis-berlin-pankow.de/" "Mozilla/5.0 (Windows NT 6.0; rv:17.0) Gecko/20100101 Firefox/17.0"
92.225.160.41 - - [09/Dec/2012:17:39:53 +0100] "GET /favicon.ico HTTP/1.1" 200 2550 "-" "Mozilla/5.0 (Windows NT 6.0; rv:17.0) Gecko/20100101 Firefox/17.0"
92.225.160.41 - - [09/Dec/2012:17:39:53 +0100] "GET /hattke.swf HTTP/1.1" 200 12042 "http://www.zahnarztpraxis-berlin-pankow.de/" "Mozilla/5.0 (Windows NT 6.0; rv:17.0) Gecko/20100101 Firefox/17.0"
92.225.160.41 - - [09/Dec/2012:17:39:54 +0100] "GET /diashow.swf HTTP/1.1" 200 311957 "http://www.zahnarztpraxis-berlin-pankow.de/hattke.swf" "Mozilla/5.0 (Windows NT 6.0; rv:17.0) Gecko/20100101 Firefox/17.0"
94.23.220.161 - - [09/Dec/2012:20:16:02 +0100] "GET / HTTP/1.1" 200 12977 "-" "Mozilla/5.0 (X11; Linux i686; rv:6.0) Gecko/20100101 Firefox/6.0"
85.178.68.132 - - [09/Dec/2012:20:51:27 +0100] "GET / HTTP/1.1" 200 12977 "-" "Mozilla/5.0 (Windows NT 6.1; WOW64; rv:17.0) Gecko/20100101 Firefox/17.0"
85.178.68.132 - - [09/Dec/2012:20:51:27 +0100] "GET /opensite.js HTTP/1.1" 200 1125 "http://www.zahnarztpraxis-berlin-pankow.de/" "Mozilla/5.0 (Windows NT 6.1; WOW64; rv:17.0) Gecko/20100101 Firefox/17.0"
