87.164.207.49 - - [03/Aug/2011:08:10:07 +0200] "GET /media/catalog/product/cache/2/small_image/170x/9df78eab33525d08d6e5fb8d27136e95/8/1/8100_ecocleanplus_5w30_1l.jpg HTTP/1.1" 200 7951 "http://www.markenoele.de/motul-schmierstoffe.html?p=2" "Mozilla/5.0 (Windows NT 5.1; rv:5.0) Gecko/20100101 Firefox/5.0"
87.164.207.49 - - [03/Aug/2011:08:10:07 +0200] "GET /media/catalog/product/cache/2/small_image/170x/9df78eab33525d08d6e5fb8d27136e95/8/1/8100_ecoclean_5w30_5l.jpg HTTP/1.1" 200 8617 "http://www.markenoele.de/motul-schmierstoffe.html?p=2" "Mozilla/5.0 (Windows NT 5.1; rv:5.0) Gecko/20100101 Firefox/5.0"
87.164.207.49 - - [03/Aug/2011:08:10:07 +0200] "GET /media/catalog/product/cache/2/small_image/170x/9df78eab33525d08d6e5fb8d27136e95/8/1/8100_ecocleanplus_5w30_5l.jpg HTTP/1.1" 200 8771 "http://www.markenoele.de/motul-schmierstoffe.html?p=2" "Mozilla/5.0 (Windows NT 5.1; rv:5.0) Gecko/20100101 Firefox/5.0"
87.164.207.49 - - [03/Aug/2011:08:10:07 +0200] "GET /media/catalog/product/cache/2/small_image/170x/9df78eab33525d08d6e5fb8d27136e95/s/p/specific_llab025_5w30_1l.jpg HTTP/1.1" 200 7404 "http://www.markenoele.de/motul-schmierstoffe.html?p=2" "Mozilla/5.0 (Windows NT 5.1; rv:5.0) Gecko/20100101 Firefox/5.0"
87.164.207.49 - - [03/Aug/2011:08:10:19 +0200] "GET /motul-schmierstoffe.html?p=3 HTTP/1.1" 200 50211 "http://www.markenoele.de/motul-schmierstoffe.html?p=2" "Mozilla/5.0 (Windows NT 5.1; rv:5.0) Gecko/20100101 Firefox/5.0"
87.164.207.49 - - [03/Aug/2011:08:10:22 +0200] "GET /media/catalog/product/cache/2/small_image/170x/9df78eab33525d08d6e5fb8d27136e95/s/p/specific_llab025_5w30_5l.jpg HTTP/1.1" 200 8347 "http://www.markenoele.de/motul-schmierstoffe.html?p=3" "Mozilla/5.0 (Windows NT 5.1; rv:5.0) Gecko/20100101 Firefox/5.0"
87.164.207.49 - - [03/Aug/2011:08:10:22 +0200] "GET /media/catalog/product/cache/2/small_image/170x/9df78eab33525d08d6e5fb8d27136e95/s/p/specific_504-00_507-00_5w30_1l.jpg HTTP/1.1" 200 7662 "http://www.markenoele.de/motul-schmierstoffe.html?p=3" "Mozilla/5.0 (Windows NT 5.1; rv:5.0) Gecko/20100101 Firefox/5.0"
87.164.207.49 - - [03/Aug/2011:08:10:22 +0200] "GET /media/catalog/product/cache/2/small_image/170x/9df78eab33525d08d6e5fb8d27136e95/s/p/specific_229.51_1l.jpg HTTP/1.1" 200 7869 "http://www.markenoele.de/motul-schmierstoffe.html?p=3" "Mozilla/5.0 (Windows NT 5.1; rv:5.0) Gecko/20100101 Firefox/5.0"
87.164.207.49 - - [03/Aug/2011:08:10:22 +0200] "GET /media/catalog/product/cache/2/small_image/170x/9df78eab33525d08d6e5fb8d27136e95/s/p/specific_506-01_0w30_1l.jpg HTTP/1.1" 200 7425 "http://www.markenoele.de/motul-schmierstoffe.html?p=3" "Mozilla/5.0 (Windows NT 5.1; rv:5.0) Gecko/20100101 Firefox/5.0"
87.164.207.49 - - [03/Aug/2011:08:10:22 +0200] "GET /media/catalog/product/cache/2/small_image/170x/9df78eab33525d08d6e5fb8d27136e95/s/p/specific_504-00_507-00_5w30_5l.jpg HTTP/1.1" 200 9251 "http://www.markenoele.de/motul-schmierstoffe.html?p=3" "Mozilla/5.0 (Windows NT 5.1; rv:5.0) Gecko/20100101 Firefox/5.0"
87.164.207.49 - - [03/Aug/2011:08:10:22 +0200] "GET /media/catalog/product/cache/2/small_image/170x/9df78eab33525d08d6e5fb8d27136e95/s/p/specific_504-00_507-00_5w30_5l_1.jpg HTTP/1.1" 200 9251 "http://www.markenoele.de/motul-schmierstoffe.html?p=3" "Mozilla/5.0 (Windows NT 5.1; rv:5.0) Gecko/20100101 Firefox/5.0"
87.164.207.49 - - [03/Aug/2011:08:10:23 +0200] "GET /media/catalog/product/cache/2/small_image/170x/9df78eab33525d08d6e5fb8d27136e95/8/1/8100_xlite_0w30_1l.jpg HTTP/1.1" 200 7990 "http://www.markenoele.de/motul-schmierstoffe.html?p=3" "Mozilla/5.0 (Windows NT 5.1; rv:5.0) Gecko/20100101 Firefox/5.0"
87.164.207.49 - - [03/Aug/2011:08:10:23 +0200] "GET /media/catalog/product/cache/2/small_image/170x/9df78eab33525d08d6e5fb8d27136e95/8/1/8100_xlite_0w30_5l.jpg HTTP/1.1" 200 8560 "http://www.markenoele.de/motul-schmierstoffe.html?p=3" "Mozilla/5.0 (Windows NT 5.1; rv:5.0) Gecko/20100101 Firefox/5.0"
87.164.207.49 - - [03/Aug/2011:08:10:23 +0200] "GET /media/catalog/product/cache/2/small_image/170x/9df78eab33525d08d6e5fb8d27136e95/g/e/gearbox_1l.jpg HTTP/1.1" 200 5824 "http://www.markenoele.de/motul-schmierstoffe.html?p=3" "Mozilla/5.0 (Windows NT 5.1; rv:5.0) Gecko/20100101 Firefox/5.0"
87.164.207.49 - - [03/Aug/2011:08:10:38 +0200] "GET /motul-schmierstoffe.html?p=4 HTTP/1.1" 200 50766 "http://www.markenoele.de/motul-schmierstoffe.html?p=3" "Mozilla/5.0 (Windows NT 5.1; rv:5.0) Gecko/20100101 Firefox/5.0"
87.164.207.49 - - [03/Aug/2011:08:10:41 +0200] "GET /media/catalog/product/cache/2/small_image/170x/9df78eab33525d08d6e5fb8d27136e95/5/1/5100_10w40_1l_2.jpg HTTP/1.1" 200 7274 "http://www.markenoele.de/motul-schmierstoffe.html?p=4" "Mozilla/5.0 (Windows NT 5.1; rv:5.0) Gecko/20100101 Firefox/5.0"
87.164.207.49 - - [03/Aug/2011:08:10:41 +0200] "GET /media/catalog/product/cache/2/small_image/170x/9df78eab33525d08d6e5fb8d27136e95/g/e/gear_comp_75w140_3d_hd.jpg HTTP/1.1" 200 6492 "http://www.markenoele.de/motul-schmierstoffe.html?p=4" "Mozilla/5.0 (Windows NT 5.1; rv:5.0) Gecko/20100101 Firefox/5.0"
87.164.207.49 - - [03/Aug/2011:08:10:41 +0200] "GET /media/catalog/product/cache/2/small_image/170x/9df78eab33525d08d6e5fb8d27136e95/3/0/3000_20w50_1l.jpg HTTP/1.1" 200 7432 "http://www.markenoele.de/motul-schmierstoffe.html?p=4" "Mozilla/5.0 (Windows NT 5.1; rv:5.0) Gecko/20100101 Firefox/5.0"
87.164.207.49 - - [03/Aug/2011:08:10:41 +0200] "GET /media/catalog/product/cache/2/small_image/170x/9df78eab33525d08d6e5fb8d27136e95/3/0/3000_20w50_4l.jpg HTTP/1.1" 200 8696 "http://www.markenoele.de/motul-schmierstoffe.html?p=4" "Mozilla/5.0 (Windows NT 5.1; rv:5.0) Gecko/20100101 Firefox/5.0"
87.164.207.49 - - [03/Aug/2011:08:10:41 +0200] "GET /media/catalog/product/cache/2/small_image/170x/9df78eab33525d08d6e5fb8d27136e95/5/1/5100_15w50_1l.jpg HTTP/1.1" 200 7358 "http://www.markenoele.de/motul-schmierstoffe.html?p=4" "Mozilla/5.0 (Windows NT 5.1; rv:5.0) Gecko/20100101 Firefox/5.0"
87.164.207.49 - - [03/Aug/2011:08:10:42 +0200] "GET /media/catalog/product/cache/2/small_image/170x/9df78eab33525d08d6e5fb8d27136e95/5/1/5100_15w50_4l_1.jpg HTTP/1.1" 200 8378 "http://www.markenoele.de/motul-schmierstoffe.html?p=4" "Mozilla/5.0 (Windows NT 5.1; rv:5.0) Gecko/20100101 Firefox/5.0"
87.164.207.49 - - [03/Aug/2011:08:10:42 +0200] "GET /media/catalog/product/cache/2/small_image/170x/9df78eab33525d08d6e5fb8d27136e95/5/1/5100_10w40_4l_1.jpg HTTP/1.1" 200 8381 "http://www.markenoele.de/motul-schmierstoffe.html?p=4" "Mozilla/5.0 (Windows NT 5.1; rv:5.0) Gecko/20100101 Firefox/5.0"
87.164.207.49 - - [03/Aug/2011:08:10:42 +0200] "GET /media/catalog/product/cache/2/small_image/170x/9df78eab33525d08d6e5fb8d27136e95/7/1/7100_20w50_1l_1.jpg HTTP/1.1" 200 7819 "http://www.markenoele.de/motul-schmierstoffe.html?p=4" "Mozilla/5.0 (Windows NT 5.1; rv:5.0) Gecko/20100101 Firefox/5.0"
87.164.207.49 - - [03/Aug/2011:08:10:42 +0200] "GET /media/catalog/product/cache/2/small_image/170x/9df78eab33525d08d6e5fb8d27136e95/7/1/7100_20w50_4l_1.jpg HTTP/1.1" 200 8866 "http://www.markenoele.de/motul-schmierstoffe.html?p=4" "Mozilla/5.0 (Windows NT 5.1; rv:5.0) Gecko/20100101 Firefox/5.0"
87.164.207.49 - - [03/Aug/2011:08:11:04 +0200] "GET /motul-schmierstoffe.html?p=5 HTTP/1.1" 200 50942 "http://www.markenoele.de/motul-schmierstoffe.html?p=4" "Mozilla/5.0 (Windows NT 5.1; rv:5.0) Gecko/20100101 Firefox/5.0"
87.164.207.49 - - [03/Aug/2011:08:11:07 +0200] "GET /media/catalog/product/cache/2/small_image/170x/9df78eab33525d08d6e5fb8d27136e95/5/1/510-2t_1l_1.jpg HTTP/1.1" 200 6903 "http://www.markenoele.de/motul-schmierstoffe.html?p=5" "Mozilla/5.0 (Windows NT 5.1; rv:5.0) Gecko/20100101 Firefox/5.0"
87.164.207.49 - - [03/Aug/2011:08:11:07 +0200] "GET /media/catalog/product/cache/2/small_image/170x/9df78eab33525d08d6e5fb8d27136e95/7/1/7100_10w60_1l_1.jpg HTTP/1.1" 200 7955 "http://www.markenoele.de/motul-schmierstoffe.html?p=5" "Mozilla/5.0 (Windows NT 5.1; rv:5.0) Gecko/20100101 Firefox/5.0"
87.164.207.49 - - [03/Aug/2011:08:11:07 +0200] "GET /media/catalog/product/cache/2/small_image/170x/9df78eab33525d08d6e5fb8d27136e95/7/1/7100_10w60_4l_1.jpg HTTP/1.1" 200 8976 "http://www.markenoele.de/motul-schmierstoffe.html?p=5" "Mozilla/5.0 (Windows NT 5.1; rv:5.0) Gecko/20100101 Firefox/5.0"
87.164.207.49 - - [03/Aug/2011:08:11:07 +0200] "GET /media/catalog/product/cache/2/small_image/170x/9df78eab33525d08d6e5fb8d27136e95/7/1/7100_10w40_1l_2.jpg HTTP/1.1" 200 7852 "http://www.markenoele.de/motul-schmierstoffe.html?p=5" "Mozilla/5.0 (Windows NT 5.1; rv:5.0) Gecko/20100101 Firefox/5.0"
87.164.207.49 - - [03/Aug/2011:08:11:07 +0200] "GET /media/catalog/product/cache/2/small_image/170x/9df78eab33525d08d6e5fb8d27136e95/7/1/7100_10w40_4l.jpg HTTP/1.1" 200 8917 "http://www.markenoele.de/motul-schmierstoffe.html?p=5" "Mozilla/5.0 (Windows NT 5.1; rv:5.0) Gecko/20100101 Firefox/5.0"
87.164.207.49 - - [03/Aug/2011:08:11:07 +0200] "GET /media/catalog/product/cache/2/small_image/170x/9df78eab33525d08d6e5fb8d27136e95/1/0/100-2t_1l_1.jpg HTTP/1.1" 200 7128 "http://www.markenoele.de/motul-schmierstoffe.html?p=5" "Mozilla/5.0 (Windows NT 5.1; rv:5.0) Gecko/20100101 Firefox/5.0"
87.164.207.49 - - [03/Aug/2011:08:11:07 +0200] "GET /media/catalog/product/cache/2/small_image/170x/9df78eab33525d08d6e5fb8d27136e95/7/1/710-2t_1l_1.jpg HTTP/1.1" 200 7545 "http://www.markenoele.de/motul-schmierstoffe.html?p=5" "Mozilla/5.0 (Windows NT 5.1; rv:5.0) Gecko/20100101 Firefox/5.0"
87.164.207.49 - - [03/Aug/2011:08:11:08 +0200] "GET /media/catalog/product/cache/2/small_image/170x/9df78eab33525d08d6e5fb8d27136e95/s/c/scooter_expert_2t_1l_front_1.jpg HTTP/1.1" 200 9603 "http://www.markenoele.de/motul-schmierstoffe.html?p=5" "Mozilla/5.0 (Windows NT 5.1; rv:5.0) Gecko/20100101 Firefox/5.0"
87.164.207.49 - - [03/Aug/2011:08:11:08 +0200] "GET /media/catalog/product/cache/2/small_image/170x/9df78eab33525d08d6e5fb8d27136e95/s/c/scooter_power_2t_1l_front_1.jpg HTTP/1.1" 200 9954 "http://www.markenoele.de/motul-schmierstoffe.html?p=5" "Mozilla/5.0 (Windows NT 5.1; rv:5.0) Gecko/20100101 Firefox/5.0"
87.164.207.49 - - [03/Aug/2011:08:11:14 +0200] "GET /motul-schmierstoffe/motul-7100-4t-55.html HTTP/1.1" 200 31360 "http://www.markenoele.de/motul-schmierstoffe.html?p=5" "Mozilla/5.0 (Windows NT 5.1; rv:5.0) Gecko/20100101 Firefox/5.0"
87.164.207.49 - - [03/Aug/2011:08:11:16 +0200] "GET /js/calendar/calendar-win2k-1.css HTTP/1.1" 200 5986 "http://www.markenoele.de/motul-schmierstoffe/motul-7100-4t-55.html" "Mozilla/5.0 (Windows NT 5.1; rv:5.0) Gecko/20100101 Firefox/5.0"
87.164.207.49 - - [03/Aug/2011:08:11:16 +0200] "GET /skin/frontend/base/default/css/baseprice.css HTTP/1.1" 404 1256 "http://www.markenoele.de/motul-schmierstoffe/motul-7100-4t-55.html" "Mozilla/5.0 (Windows NT 5.1; rv:5.0) Gecko/20100101 Firefox/5.0"
87.164.207.49 - - [03/Aug/2011:08:11:16 +0200] "GET /skin/frontend/esso/standard/css/jqzoom.css HTTP/1.1" 200 1051 "http://www.markenoele.de/motul-schmierstoffe/motul-7100-4t-55.html" "Mozilla/5.0 (Windows NT 5.1; rv:5.0) Gecko/20100101 Firefox/5.0"
87.164.207.49 - - [03/Aug/2011:08:11:16 +0200] "GET /js/varien/product.js HTTP/1.1" 200 23531 "http://www.markenoele.de/motul-schmierstoffe/motul-7100-4t-55.html" "Mozilla/5.0 (Windows NT 5.1; rv:5.0) Gecko/20100101 Firefox/5.0"
87.164.207.49 - - [03/Aug/2011:08:11:17 +0200] "GET /js/calendar/calendar-setup.js HTTP/1.1" 200 4986 "http://www.markenoele.de/motul-schmierstoffe/motul-7100-4t-55.html" "Mozilla/5.0 (Windows NT 5.1; rv:5.0) Gecko/20100101 Firefox/5.0"
87.164.207.49 - - [03/Aug/2011:08:11:17 +0200] "GET /skin/frontend/esso/standard/js/jquery.jqzoom.js HTTP/1.1" 200 5131 "http://www.markenoele.de/motul-schmierstoffe/motul-7100-4t-55.html" "Mozilla/5.0 (Windows NT 5.1; rv:5.0) Gecko/20100101 Firefox/5.0"
87.164.207.49 - - [03/Aug/2011:08:11:17 +0200] "GET /skin/frontend/esso/standard/js/effects.core.js HTTP/1.1" 200 19170 "http://www.markenoele.de/motul-schmierstoffe/motul-7100-4t-55.html" "Mozilla/5.0 (Windows NT 5.1; rv:5.0) Gecko/20100101 Firefox/5.0"
87.164.207.49 - - [03/Aug/2011:08:11:17 +0200] "GET /skin/frontend/esso/standard/js/effects.scale.js HTTP/1.1" 200 7057 "http://www.markenoele.de/motul-schmierstoffe/motul-7100-4t-55.html" "Mozilla/5.0 (Windows NT 5.1; rv:5.0) Gecko/20100101 Firefox/5.0"
87.164.207.49 - - [03/Aug/2011:08:11:17 +0200] "GET /media/catalog/product/cache/2/thumbnail2/250x250/9df78eab33525d08d6e5fb8d27136e95/7/1/7100_10w40_1l_2.jpg HTTP/1.1" 200 13900 "http://www.markenoele.de/motul-schmierstoffe/motul-7100-4t-55.html" "Mozilla/5.0 (Windows NT 5.1; rv:5.0) Gecko/20100101 Firefox/5.0"
87.164.207.49 - - [03/Aug/2011:08:11:16 +0200] "GET /js/calendar/calendar.js HTTP/1.1" 200 53130 "http://www.markenoele.de/motul-schmierstoffe/motul-7100-4t-55.html" "Mozilla/5.0 (Windows NT 5.1; rv:5.0) Gecko/20100101 Firefox/5.0"
87.164.207.49 - - [03/Aug/2011:08:11:17 +0200] "GET /skin/frontend/esso/standard/js/jquery-1.3.2.min.js HTTP/1.1" 200 57254 "http://www.markenoele.de/motul-schmierstoffe/motul-7100-4t-55.html" "Mozilla/5.0 (Windows NT 5.1; rv:5.0) Gecko/20100101 Firefox/5.0"
87.164.207.49 - - [03/Aug/2011:08:11:19 +0200] "GET /skin/frontend/esso/standard/images/bkg_tabs.gif HTTP/1.1" 200 151 "http://www.markenoele.de/skin/frontend/esso/standard/css/styles.css" "Mozilla/5.0 (Windows NT 5.1; rv:5.0) Gecko/20100101 Firefox/5.0"
87.164.207.49 - - [03/Aug/2011:08:11:31 +0200] "GET /skin/frontend/esso/standard/images/jqzoon_lens.png HTTP/1.1" 404 1256 "http://www.markenoele.de/skin/frontend/esso/standard/css/jqzoom.css" "Mozilla/5.0 (Windows NT 5.1; rv:5.0) Gecko/20100101 Firefox/5.0"
87.164.207.49 - - [03/Aug/2011:08:11:19 +0200] "GET /media/catalog/product/7/1/7100_10w40_1l_2.jpg HTTP/1.1" 200 3085775 "http://www.markenoele.de/motul-schmierstoffe/motul-7100-4t-55.html" "Mozilla/5.0 (Windows NT 5.1; rv:5.0) Gecko/20100101 Firefox/5.0"
95.172.68.148 - - [03/Aug/2011:08:11:32 +0200] "GET / HTTP/1.1" 302 - "http://www.google.de/search?hl=de&source=hp&biw=1260&bih=893&q=motul+wash+%26+wax&oq=motul+wash&aq=0&aqi=g3g-v5&aql=&gs_sm=c&gs_upl=860l3187l0l5062l10l9l0l2l2l0l203l952l1.5.1l7l0" "Mozilla/4.0 (compatible; MSIE 7.0; Windows NT 5.1; .NET CLR 2.0.50727; .NET CLR 3.0.04506.30; .NET CLR 3.0.04506.648; .NET CLR 3.5.21022; apetito Gruppe; apetito Gruppe)"
87.164.207.49 - - [03/Aug/2011:08:11:33 +0200] "GET /motul-schmierstoffe.html?p=5 HTTP/1.1" 200 50942 "http://www.markenoele.de/motul-schmierstoffe.html?p=4" "Mozilla/5.0 (Windows NT 5.1; rv:5.0) Gecko/20100101 Firefox/5.0"
95.172.68.148 - - [03/Aug/2011:08:11:34 +0200] "GET / HTTP/1.1" 200 33356 "http://www.google.de/search?hl=de&source=hp&biw=1260&bih=893&q=motul+wash+%26+wax&oq=motul+wash&aq=0&aqi=g3g-v5&aql=&gs_sm=c&gs_upl=860l3187l0l5062l10l9l0l2l2l0l203l952l1.5.1l7l0" "Mozilla/4.0 (compatible; MSIE 7.0; Windows NT 5.1; .NET CLR 2.0.50727; .NET CLR 3.0.04506.30; .NET CLR 3.0.04506.648; .NET CLR 3.5.21022; apetito Gruppe; apetito Gruppe)"
95.172.68.148 - - [03/Aug/2011:08:11:37 +0200] "GET /skin/frontend/esso/standard/css/widgets.css HTTP/1.1" 200 4369 "http://www.markenoele.de/" "Mozilla/4.0 (compatible; MSIE 7.0; Windows NT 5.1; .NET CLR 2.0.50727; .NET CLR 3.0.04506.30; .NET CLR 3.0.04506.648; .NET CLR 3.5.21022; apetito Gruppe; apetito Gruppe)"
95.172.68.148 - - [03/Aug/2011:08:11:37 +0200] "GET /skin/frontend/esso/standard/css/print.css HTTP/1.1" 200 1580 "http://www.markenoele.de/" "Mozilla/4.0 (compatible; MSIE 7.0; Windows NT 5.1; .NET CLR 2.0.50727; .NET CLR 3.0.04506.30; .NET CLR 3.0.04506.648; .NET CLR 3.5.21022; apetito Gruppe; apetito Gruppe)"
95.172.68.148 - - [03/Aug/2011:08:11:37 +0200] "GET /skin/frontend/esso/standard/css/styles.css HTTP/1.1" 200 79554 "http://www.markenoele.de/" "Mozilla/4.0 (compatible; MSIE 7.0; Windows NT 5.1; .NET CLR 2.0.50727; .NET CLR 3.0.04506.30; .NET CLR 3.0.04506.648; .NET CLR 3.5.21022; apetito Gruppe; apetito Gruppe)"
95.172.68.148 - - [03/Aug/2011:08:11:37 +0200] "GET /js/prototype/prototype.js HTTP/1.1" 200 129960 "http://www.markenoele.de/" "Mozilla/4.0 (compatible; MSIE 7.0; Windows NT 5.1; .NET CLR 2.0.50727; .NET CLR 3.0.04506.30; .NET CLR 3.0.04506.648; .NET CLR 3.5.21022; apetito Gruppe; apetito Gruppe)"
95.172.68.148 - - [03/Aug/2011:08:11:37 +0200] "GET /js/prototype/validation.js HTTP/1.1" 200 34677 "http://www.markenoele.de/" "Mozilla/4.0 (compatible; MSIE 7.0; Windows NT 5.1; .NET CLR 2.0.50727; .NET CLR 3.0.04506.30; .NET CLR 3.0.04506.648; .NET CLR 3.5.21022; apetito Gruppe; apetito Gruppe)"
95.172.68.148 - - [03/Aug/2011:08:11:37 +0200] "GET /js/scriptaculous/builder.js HTTP/1.1" 200 4744 "http://www.markenoele.de/" "Mozilla/4.0 (compatible; MSIE 7.0; Windows NT 5.1; .NET CLR 2.0.50727; .NET CLR 3.0.04506.30; .NET CLR 3.0.04506.648; .NET CLR 3.5.21022; apetito Gruppe; apetito Gruppe)"
95.172.68.148 - - [03/Aug/2011:08:11:37 +0200] "GET /js/scriptaculous/effects.js HTTP/1.1" 200 38745 "http://www.markenoele.de/" "Mozilla/4.0 (compatible; MSIE 7.0; Windows NT 5.1; .NET CLR 2.0.50727; .NET CLR 3.0.04506.30; .NET CLR 3.0.04506.648; .NET CLR 3.5.21022; apetito Gruppe; apetito Gruppe)"
95.172.68.148 - - [03/Aug/2011:08:11:38 +0200] "GET /js/scriptaculous/dragdrop.js HTTP/1.1" 200 31192 "http://www.markenoele.de/" "Mozilla/4.0 (compatible; MSIE 7.0; Windows NT 5.1; .NET CLR 2.0.50727; .NET CLR 3.0.04506.30; .NET CLR 3.0.04506.648; .NET CLR 3.5.21022; apetito Gruppe; apetito Gruppe)"
95.172.68.148 - - [03/Aug/2011:08:11:38 +0200] "GET /js/scriptaculous/controls.js HTTP/1.1" 200 34797 "http://www.markenoele.de/" "Mozilla/4.0 (compatible; MSIE 7.0; Windows NT 5.1; .NET CLR 2.0.50727; .NET CLR 3.0.04506.30; .NET CLR 3.0.04506.648; .NET CLR 3.5.21022; apetito Gruppe; apetito Gruppe)"
95.172.68.148 - - [03/Aug/2011:08:11:38 +0200] "GET /js/scriptaculous/slider.js HTTP/1.1" 200 10331 "http://www.markenoele.de/" "Mozilla/4.0 (compatible; MSIE 7.0; Windows NT 5.1; .NET CLR 2.0.50727; .NET CLR 3.0.04506.30; .NET CLR 3.0.04506.648; .NET CLR 3.5.21022; apetito Gruppe; apetito Gruppe)"
95.172.68.148 - - [03/Aug/2011:08:11:38 +0200] "GET /js/varien/js.js HTTP/1.1" 200 16581 "http://www.markenoele.de/" "Mozilla/4.0 (compatible; MSIE 7.0; Windows NT 5.1; .NET CLR 2.0.50727; .NET CLR 3.0.04506.30; .NET CLR 3.0.04506.648; .NET CLR 3.5.21022; apetito Gruppe; apetito Gruppe)"
95.172.68.148 - - [03/Aug/2011:08:11:38 +0200] "GET /js/varien/form.js HTTP/1.1" 200 11714 "http://www.markenoele.de/" "Mozilla/4.0 (compatible; MSIE 7.0; Windows NT 5.1; .NET CLR 2.0.50727; .NET CLR 3.0.04506.30; .NET CLR 3.0.04506.648; .NET CLR 3.5.21022; apetito Gruppe; apetito Gruppe)"
95.172.68.148 - - [03/Aug/2011:08:11:38 +0200] "GET /js/varien/menu.js HTTP/1.1" 200 4426 "http://www.markenoele.de/" "Mozilla/4.0 (compatible; MSIE 7.0; Windows NT 5.1; .NET CLR 2.0.50727; .NET CLR 3.0.04506.30; .NET CLR 3.0.04506.648; .NET CLR 3.5.21022; apetito Gruppe; apetito Gruppe)"
95.172.68.148 - - [03/Aug/2011:08:11:38 +0200] "GET /js/mage/translate.js HTTP/1.1" 200 1597 "http://www.markenoele.de/" "Mozilla/4.0 (compatible; MSIE 7.0; Windows NT 5.1; .NET CLR 2.0.50727; .NET CLR 3.0.04506.30; .NET CLR 3.0.04506.648; .NET CLR 3.5.21022; apetito Gruppe; apetito Gruppe)"
95.172.68.148 - - [03/Aug/2011:08:11:38 +0200] "GET /js/mage/cookies.js HTTP/1.1" 200 2615 "http://www.markenoele.de/" "Mozilla/4.0 (compatible; MSIE 7.0; Windows NT 5.1; .NET CLR 2.0.50727; .NET CLR 3.0.04506.30; .NET CLR 3.0.04506.648; .NET CLR 3.5.21022; apetito Gruppe; apetito Gruppe)"
95.172.68.148 - - [03/Aug/2011:08:11:38 +0200] "GET /skin/frontend/esso/standard/css/styles-ie.css HTTP/1.1" 200 4778 "http://www.markenoele.de/" "Mozilla/4.0 (compatible; MSIE 7.0; Windows NT 5.1; .NET CLR 2.0.50727; .NET CLR 3.0.04506.30; .NET CLR 3.0.04506.648; .NET CLR 3.5.21022; apetito Gruppe; apetito Gruppe)"
95.172.68.148 - - [03/Aug/2011:08:11:38 +0200] "GET /skin/frontend/esso/standard/images/logo.png HTTP/1.1" 200 27553 "http://www.markenoele.de/" "Mozilla/4.0 (compatible; MSIE 7.0; Windows NT 5.1; .NET CLR 2.0.50727; .NET CLR 3.0.04506.30; .NET CLR 3.0.04506.648; .NET CLR 3.5.21022; apetito Gruppe; apetito Gruppe)"
95.172.68.148 - - [03/Aug/2011:08:11:38 +0200] "GET /skin/frontend/esso/standard/images/icon_lupe_sm.png HTTP/1.1" 200 1235 "http://www.markenoele.de/" "Mozilla/4.0 (compatible; MSIE 7.0; Windows NT 5.1; .NET CLR 2.0.50727; .NET CLR 3.0.04506.30; .NET CLR 3.0.04506.648; .NET CLR 3.5.21022; apetito Gruppe; apetito Gruppe)"
95.172.68.148 - - [03/Aug/2011:08:11:38 +0200] "GET /skin/frontend/esso/standard/images/tropf-sm.png HTTP/1.1" 200 1179 "http://www.markenoele.de/" "Mozilla/4.0 (compatible; MSIE 7.0; Windows NT 5.1; .NET CLR 2.0.50727; .NET CLR 3.0.04506.30; .NET CLR 3.0.04506.648; .NET CLR 3.5.21022; apetito Gruppe; apetito Gruppe)"
95.172.68.148 - - [03/Aug/2011:08:11:38 +0200] "GET /skin/frontend/esso/standard/images/akt-art-sm.png HTTP/1.1" 200 1091 "http://www.markenoele.de/" "Mozilla/4.0 (compatible; MSIE 7.0; Windows NT 5.1; .NET CLR 2.0.50727; .NET CLR 3.0.04506.30; .NET CLR 3.0.04506.648; .NET CLR 3.5.21022; apetito Gruppe; apetito Gruppe)"
95.172.68.148 - - [03/Aug/2011:08:11:38 +0200] "GET /media/catalog/product/cache/2/small_image/85x/9df78eab33525d08d6e5fb8d27136e95/7/1/7100_10w60_4l_1.jpg HTTP/1.1" 200 3385 "http://www.markenoele.de/" "Mozilla/4.0 (compatible; MSIE 7.0; Windows NT 5.1; .NET CLR 2.0.50727; .NET CLR 3.0.04506.30; .NET CLR 3.0.04506.648; .NET CLR 3.5.21022; apetito Gruppe; apetito Gruppe)"
95.172.68.148 - - [03/Aug/2011:08:11:38 +0200] "GET /media/catalog/product/cache/2/small_image/85x/9df78eab33525d08d6e5fb8d27136e95/s/a/sae_20w50_hd.jpg HTTP/1.1" 200 3047 "http://www.markenoele.de/" "Mozilla/4.0 (compatible; MSIE 7.0; Windows NT 5.1; .NET CLR 2.0.50727; .NET CLR 3.0.04506.30; .NET CLR 3.0.04506.648; .NET CLR 3.5.21022; apetito Gruppe; apetito Gruppe)"
95.172.68.148 - - [03/Aug/2011:08:11:38 +0200] "GET /media/catalog/product/cache/2/small_image/85x/9df78eab33525d08d6e5fb8d27136e95/8/1/818916.jpg HTTP/1.1" 200 2333 "http://www.markenoele.de/" "Mozilla/4.0 (compatible; MSIE 7.0; Windows NT 5.1; .NET CLR 2.0.50727; .NET CLR 3.0.04506.30; .NET CLR 3.0.04506.648; .NET CLR 3.5.21022; apetito Gruppe; apetito Gruppe)"
95.172.68.148 - - [03/Aug/2011:08:11:38 +0200] "GET /media/catalog/product/cache/2/small_image/85x/9df78eab33525d08d6e5fb8d27136e95/7/1/710-2t_1l_1.jpg HTTP/1.1" 200 3144 "http://www.markenoele.de/" "Mozilla/4.0 (compatible; MSIE 7.0; Windows NT 5.1; .NET CLR 2.0.50727; .NET CLR 3.0.04506.30; .NET CLR 3.0.04506.648; .NET CLR 3.5.21022; apetito Gruppe; apetito Gruppe)"
95.172.68.148 - - [03/Aug/2011:08:11:38 +0200] "GET /media/catalog/product/cache/2/small_image/85x/9df78eab33525d08d6e5fb8d27136e95/o/u/outboard-tech-4t-10w40-5l.jpg HTTP/1.1" 200 3317 "http://www.markenoele.de/" "Mozilla/4.0 (compatible; MSIE 7.0; Windows NT 5.1; .NET CLR 2.0.50727; .NET CLR 3.0.04506.30; .NET CLR 3.0.04506.648; .NET CLR 3.5.21022; apetito Gruppe; apetito Gruppe)"
95.172.68.148 - - [03/Aug/2011:08:11:38 +0200] "GET /media/catalog/product/cache/2/small_image/85x/9df78eab33525d08d6e5fb8d27136e95/e/z/ez_clean2.jpg HTTP/1.1" 200 3480 "http://www.markenoele.de/" "Mozilla/4.0 (compatible; MSIE 7.0; Windows NT 5.1; .NET CLR 2.0.50727; .NET CLR 3.0.04506.30; .NET CLR 3.0.04506.648; .NET CLR 3.5.21022; apetito Gruppe; apetito Gruppe)"
95.172.68.148 - - [03/Aug/2011:08:11:38 +0200] "GET /skin/frontend/esso/standard/images/search_arrow_right.png HTTP/1.1" 200 662 "http://www.markenoele.de/" "Mozilla/4.0 (compatible; MSIE 7.0; Windows NT 5.1; .NET CLR 2.0.50727; .NET CLR 3.0.04506.30; .NET CLR 3.0.04506.648; .NET CLR 3.5.21022; apetito Gruppe; apetito Gruppe)"
95.172.68.148 - - [03/Aug/2011:08:11:38 +0200] "GET /skin/frontend/esso/standard/images/motul_pflege_teaser.png HTTP/1.1" 200 15151 "http://www.markenoele.de/" "Mozilla/4.0 (compatible; MSIE 7.0; Windows NT 5.1; .NET CLR 2.0.50727; .NET CLR 3.0.04506.30; .NET CLR 3.0.04506.648; .NET CLR 3.5.21022; apetito Gruppe; apetito Gruppe)"
95.172.68.148 - - [03/Aug/2011:08:11:38 +0200] "GET /skin/frontend/esso/standard/images/siegel.gif HTTP/1.1" 200 3150 "http://www.markenoele.de/" "Mozilla/4.0 (compatible; MSIE 7.0; Windows NT 5.1; .NET CLR 2.0.50727; .NET CLR 3.0.04506.30; .NET CLR 3.0.04506.648; .NET CLR 3.5.21022; apetito Gruppe; apetito Gruppe)"
95.172.68.148 - - [03/Aug/2011:08:11:38 +0200] "GET /skin/frontend/esso/standard/images/bg_yellow.jpg HTTP/1.1" 200 22020 "http://www.markenoele.de/" "Mozilla/4.0 (compatible; MSIE 7.0; Windows NT 5.1; .NET CLR 2.0.50727; .NET CLR 3.0.04506.30; .NET CLR 3.0.04506.648; .NET CLR 3.5.21022; apetito Gruppe; apetito Gruppe)"
95.172.68.148 - - [03/Aug/2011:08:11:38 +0200] "GET /skin/frontend/esso/standard/images/bkg_btn.png HTTP/1.1" 200 890 "http://www.markenoele.de/" "Mozilla/4.0 (compatible; MSIE 7.0; Windows NT 5.1; .NET CLR 2.0.50727; .NET CLR 3.0.04506.30; .NET CLR 3.0.04506.648; .NET CLR 3.5.21022; apetito Gruppe; apetito Gruppe)"
95.172.68.148 - - [03/Aug/2011:08:11:39 +0200] "GET /skin/frontend/esso/standard/images/bkg_pipe1.gif HTTP/1.1" 200 44 "http://www.markenoele.de/" "Mozilla/4.0 (compatible; MSIE 7.0; Windows NT 5.1; .NET CLR 2.0.50727; .NET CLR 3.0.04506.30; .NET CLR 3.0.04506.648; .NET CLR 3.5.21022; apetito Gruppe; apetito Gruppe)"
87.164.207.49 - - [03/Aug/2011:08:11:33 +0200] "GET /media/catalog/product/7/1/7100_10w40_1l_2.jpg HTTP/1.1" 206 1994793 "http://www.markenoele.de/motul-schmierstoffe/motul-7100-4t-55.html" "Mozilla/5.0 (Windows NT 5.1; rv:5.0) Gecko/20100101 Firefox/5.0"
87.164.207.49 - - [03/Aug/2011:08:11:47 +0200] "GET /motul-schmierstoffe.html?p=6 HTTP/1.1" 200 50992 "http://www.markenoele.de/motul-schmierstoffe.html?p=5" "Mozilla/5.0 (Windows NT 5.1; rv:5.0) Gecko/20100101 Firefox/5.0"
95.172.68.148 - - [03/Aug/2011:08:11:48 +0200] "GET /wash-wax.html HTTP/1.1" 200 30556 "http://www.markenoele.de/" "Mozilla/4.0 (compatible; MSIE 7.0; Windows NT 5.1; .NET CLR 2.0.50727; .NET CLR 3.0.04506.30; .NET CLR 3.0.04506.648; .NET CLR 3.5.21022; apetito Gruppe; apetito Gruppe)"
95.172.68.148 - - [03/Aug/2011:08:11:52 +0200] "GET /js/calendar/calendar-win2k-1.css HTTP/1.1" 200 5986 "http://www.markenoele.de/wash-wax.html" "Mozilla/4.0 (compatible; MSIE 7.0; Windows NT 5.1; .NET CLR 2.0.50727; .NET CLR 3.0.04506.30; .NET CLR 3.0.04506.648; .NET CLR 3.5.21022; apetito Gruppe; apetito Gruppe)"
95.172.68.148 - - [03/Aug/2011:08:11:52 +0200] "GET /skin/frontend/base/default/css/baseprice.css HTTP/1.1" 404 1256 "http://www.markenoele.de/wash-wax.html" "Mozilla/4.0 (compatible; MSIE 7.0; Windows NT 5.1; .NET CLR 2.0.50727; .NET CLR 3.0.04506.30; .NET CLR 3.0.04506.648; .NET CLR 3.5.21022; apetito Gruppe; apetito Gruppe)"
95.172.68.148 - - [03/Aug/2011:08:11:52 +0200] "GET /skin/frontend/esso/standard/css/jqzoom.css HTTP/1.1" 200 1051 "http://www.markenoele.de/wash-wax.html" "Mozilla/4.0 (compatible; MSIE 7.0; Windows NT 5.1; .NET CLR 2.0.50727; .NET CLR 3.0.04506.30; .NET CLR 3.0.04506.648; .NET CLR 3.5.21022; apetito Gruppe; apetito Gruppe)"
95.172.68.148 - - [03/Aug/2011:08:11:52 +0200] "GET /js/varien/product.js HTTP/1.1" 200 23531 "http://www.markenoele.de/wash-wax.html" "Mozilla/4.0 (compatible; MSIE 7.0; Windows NT 5.1; .NET CLR 2.0.50727; .NET CLR 3.0.04506.30; .NET CLR 3.0.04506.648; .NET CLR 3.5.21022; apetito Gruppe; apetito Gruppe)"
95.172.68.148 - - [03/Aug/2011:08:11:52 +0200] "GET /js/calendar/calendar.js HTTP/1.1" 200 53130 "http://www.markenoele.de/wash-wax.html" "Mozilla/4.0 (compatible; MSIE 7.0; Windows NT 5.1; .NET CLR 2.0.50727; .NET CLR 3.0.04506.30; .NET CLR 3.0.04506.648; .NET CLR 3.5.21022; apetito Gruppe; apetito Gruppe)"
87.164.207.49 - - [03/Aug/2011:08:11:52 +0200] "GET /media/catalog/product/cache/2/small_image/170x/9df78eab33525d08d6e5fb8d27136e95/s/a/sae_20w50_hd.jpg HTTP/1.1" 200 7583 "http://www.markenoele.de/motul-schmierstoffe.html?p=6" "Mozilla/5.0 (Windows NT 5.1; rv:5.0) Gecko/20100101 Firefox/5.0"
87.164.207.49 - - [03/Aug/2011:08:11:52 +0200] "GET /media/catalog/product/cache/2/small_image/170x/9df78eab33525d08d6e5fb8d27136e95/q/u/quad_1l_bd.jpg HTTP/1.1" 200 7964 "http://www.markenoele.de/motul-schmierstoffe.html?p=6" "Mozilla/5.0 (Windows NT 5.1; rv:5.0) Gecko/20100101 Firefox/5.0"
95.172.68.148 - - [03/Aug/2011:08:11:52 +0200] "GET /js/calendar/calendar-setup.js HTTP/1.1" 200 4986 "http://www.markenoele.de/wash-wax.html" "Mozilla/4.0 (compatible; MSIE 7.0; Windows NT 5.1; .NET CLR 2.0.50727; .NET CLR 3.0.04506.30; .NET CLR 3.0.04506.648; .NET CLR 3.5.21022; apetito Gruppe; apetito Gruppe)"
95.172.68.148 - - [03/Aug/2011:08:11:52 +0200] "GET /skin/frontend/esso/standard/js/jquery-1.3.2.min.js HTTP/1.1" 200 57254 "http://www.markenoele.de/wash-wax.html" "Mozilla/4.0 (compatible; MSIE 7.0; Windows NT 5.1; .NET CLR 2.0.50727; .NET CLR 3.0.04506.30; .NET CLR 3.0.04506.648; .NET CLR 3.5.21022; apetito Gruppe; apetito Gruppe)"
87.164.207.49 - - [03/Aug/2011:08:11:52 +0200] "GET /media/catalog/product/cache/2/small_image/170x/9df78eab33525d08d6e5fb8d27136e95/q/u/quad_4l_bd.jpg HTTP/1.1" 200 9026 "http://www.markenoele.de/motul-schmierstoffe.html?p=6" "Mozilla/5.0 (Windows NT 5.1; rv:5.0) Gecko/20100101 Firefox/5.0"
87.164.207.49 - - [03/Aug/2011:08:11:52 +0200] "GET /media/catalog/product/cache/2/small_image/170x/9df78eab33525d08d6e5fb8d27136e95/s/a/sae_50_hd.jpg HTTP/1.1" 200 7709 "http://www.markenoele.de/motul-schmierstoffe.html?p=6" "Mozilla/5.0 (Windows NT 5.1; rv:5.0) Gecko/20100101 Firefox/5.0"
95.172.68.148 - - [03/Aug/2011:08:11:52 +0200] "GET /skin/frontend/esso/standard/js/jquery.jqzoom.js HTTP/1.1" 200 5131 "http://www.markenoele.de/wash-wax.html" "Mozilla/4.0 (compatible; MSIE 7.0; Windows NT 5.1; .NET CLR 2.0.50727; .NET CLR 3.0.04506.30; .NET CLR 3.0.04506.648; .NET CLR 3.5.21022; apetito Gruppe; apetito Gruppe)"
87.164.207.49 - - [03/Aug/2011:08:11:52 +0200] "GET /media/catalog/product/cache/2/small_image/170x/9df78eab33525d08d6e5fb8d27136e95/3/0/300v_chrono_10w40.jpg HTTP/1.1" 200 10802 "http://www.markenoele.de/motul-schmierstoffe.html?p=6" "Mozilla/5.0 (Windows NT 5.1; rv:5.0) Gecko/20100101 Firefox/5.0"
95.172.68.148 - - [03/Aug/2011:08:11:52 +0200] "GET /skin/frontend/esso/standard/js/effects.core.js HTTP/1.1" 200 19170 "http://www.markenoele.de/wash-wax.html" "Mozilla/4.0 (compatible; MSIE 7.0; Windows NT 5.1; .NET CLR 2.0.50727; .NET CLR 3.0.04506.30; .NET CLR 3.0.04506.648; .NET CLR 3.5.21022; apetito Gruppe; apetito Gruppe)"
87.164.207.49 - - [03/Aug/2011:08:11:52 +0200] "GET /media/catalog/product/cache/2/small_image/170x/9df78eab33525d08d6e5fb8d27136e95/3/0/300v_competition_15w50.jpg HTTP/1.1" 200 10714 "http://www.markenoele.de/motul-schmierstoffe.html?p=6" "Mozilla/5.0 (Windows NT 5.1; rv:5.0) Gecko/20100101 Firefox/5.0"
87.164.207.49 - - [03/Aug/2011:08:11:52 +0200] "GET /media/catalog/product/cache/2/small_image/170x/9df78eab33525d08d6e5fb8d27136e95/3/0/300v_competition_15w50_1.jpg HTTP/1.1" 200 10714 "http://www.markenoele.de/motul-schmierstoffe.html?p=6" "Mozilla/5.0 (Windows NT 5.1; rv:5.0) Gecko/20100101 Firefox/5.0"
95.172.68.148 - - [03/Aug/2011:08:11:53 +0200] "GET /skin/frontend/esso/standard/js/effects.scale.js HTTP/1.1" 200 7057 "http://www.markenoele.de/wash-wax.html" "Mozilla/4.0 (compatible; MSIE 7.0; Windows NT 5.1; .NET CLR 2.0.50727; .NET CLR 3.0.04506.30; .NET CLR 3.0.04506.648; .NET CLR 3.5.21022; apetito Gruppe; apetito Gruppe)"
95.172.68.148 - - [03/Aug/2011:08:11:53 +0200] "GET /skin/frontend/esso/standard/images/bkg_tabs.gif HTTP/1.1" 200 151 "http://www.markenoele.de/wash-wax.html" "Mozilla/4.0 (compatible; MSIE 7.0; Windows NT 5.1; .NET CLR 2.0.50727; .NET CLR 3.0.04506.30; .NET CLR 3.0.04506.648; .NET CLR 3.5.21022; apetito Gruppe; apetito Gruppe)"
95.172.68.148 - - [03/Aug/2011:08:11:53 +0200] "GET /media/catalog/product/cache/2/thumbnail2/250x250/9df78eab33525d08d6e5fb8d27136e95/8/1/818916.jpg HTTP/1.1" 200 8645 "http://www.markenoele.de/wash-wax.html" "Mozilla/4.0 (compatible; MSIE 7.0; Windows NT 5.1; .NET CLR 2.0.50727; .NET CLR 3.0.04506.30; .NET CLR 3.0.04506.648; .NET CLR 3.5.21022; apetito Gruppe; apetito Gruppe)"
95.172.68.148 - - [03/Aug/2011:08:11:53 +0200] "GET /media/catalog/product/8/1/818916.jpg HTTP/1.1" 200 89230 "http://www.markenoele.de/wash-wax.html" "Mozilla/4.0 (compatible; MSIE 7.0; Windows NT 5.1; .NET CLR 2.0.50727; .NET CLR 3.0.04506.30; .NET CLR 3.0.04506.648; .NET CLR 3.5.21022; apetito Gruppe; apetito Gruppe)"
87.164.207.49 - - [03/Aug/2011:08:11:53 +0200] "GET /media/catalog/product/cache/2/small_image/170x/9df78eab33525d08d6e5fb8d27136e95/3/0/300v_le_mans_20w60.jpg HTTP/1.1" 200 10566 "http://www.markenoele.de/motul-schmierstoffe.html?p=6" "Mozilla/5.0 (Windows NT 5.1; rv:5.0) Gecko/20100101 Firefox/5.0"
87.164.207.49 - - [03/Aug/2011:08:11:53 +0200] "GET /media/catalog/product/cache/2/small_image/170x/9df78eab33525d08d6e5fb8d27136e95/3/0/300v_high_rpm_0w20.jpg HTTP/1.1" 200 10594 "http://www.markenoele.de/motul-schmierstoffe.html?p=6" "Mozilla/5.0 (Windows NT 5.1; rv:5.0) Gecko/20100101 Firefox/5.0"
95.172.68.148 - - [03/Aug/2011:08:11:53 +0200] "GET /skin/frontend/esso/standard/favicon.ico HTTP/1.1" 200 3638 "-" "Mozilla/4.0 (compatible; MSIE 7.0; Windows NT 5.1; .NET CLR 2.0.50727; .NET CLR 3.0.04506.30; .NET CLR 3.0.04506.648; .NET CLR 3.5.21022; apetito Gruppe; apetito Gruppe)"
95.172.68.148 - - [03/Aug/2011:08:12:07 +0200] "GET /skin/frontend/esso/standard/images/jqzoon_lens.png HTTP/1.1" 404 1256 "http://www.markenoele.de/wash-wax.html" "Mozilla/4.0 (compatible; MSIE 7.0; Windows NT 5.1; .NET CLR 2.0.50727; .NET CLR 3.0.04506.30; .NET CLR 3.0.04506.648; .NET CLR 3.5.21022; apetito Gruppe; apetito Gruppe)"
95.172.68.148 - - [03/Aug/2011:08:12:12 +0200] "GET /skin/frontend/esso/standard/images/jqzoon_lens.png HTTP/1.1" 404 1256 "http://www.markenoele.de/wash-wax.html" "Mozilla/4.0 (compatible; MSIE 7.0; Windows NT 5.1; .NET CLR 2.0.50727; .NET CLR 3.0.04506.30; .NET CLR 3.0.04506.648; .NET CLR 3.5.21022; apetito Gruppe; apetito Gruppe)"
95.172.68.148 - - [03/Aug/2011:08:12:14 +0200] "GET / HTTP/1.1" 200 33356 "http://www.google.de/search?hl=de&source=hp&biw=1260&bih=893&q=motul+wash+%26+wax&oq=motul+wash&aq=0&aqi=g3g-v5&aql=&gs_sm=c&gs_upl=860l3187l0l5062l10l9l0l2l2l0l203l952l1.5.1l7l0" "Mozilla/4.0 (compatible; MSIE 7.0; Windows NT 5.1; .NET CLR 2.0.50727; .NET CLR 3.0.04506.30; .NET CLR 3.0.04506.648; .NET CLR 3.5.21022; apetito Gruppe; apetito Gruppe)"
123.125.71.96 - - [03/Aug/2011:08:33:47 +0200] "GET / HTTP/1.1" 200 33356 "-" "Mozilla/5.0 (compatible; Baiduspider/2.0; +http://www.baidu.com/search/spider.html)"
216.145.14.142 - - [03/Aug/2011:08:34:05 +0200] "GET /robots.txt HTTP/1.0" 200 918 "-" "Mozilla/5.0 (Windows; U; Windows NT 5.1; en; rv:1.9.0.13) Gecko/2009073022 Firefox/3.5.2 (.NET CLR 3.5.30729) SurveyBot/2.3 (DomainTools)"
216.145.14.142 - - [03/Aug/2011:08:34:05 +0200] "GET / HTTP/1.1" 200 33356 "http://whois.domaintools.com/markenoele.de" "Mozilla/5.0 (Windows; U; Windows NT 5.1; en; rv:1.9.0.13) Gecko/2009073022 Firefox/3.5.2 (.NET CLR 3.5.30729) SurveyBot/2.3 (DomainTools)"
66.249.72.162 - - [03/Aug/2011:08:34:57 +0200] "GET /motul-8100-x-clean-c3-5l.html HTTP/1.1" 200 31046 "-" "Mozilla/5.0 (compatible; Googlebot/2.1; +http://www.google.com/bot.html)"
64.246.165.10 - - [03/Aug/2011:08:36:34 +0200] "GET /robots.txt HTTP/1.0" 200 918 "-" "Mozilla/5.0 (Windows; U; Windows NT 5.1; en; rv:1.9.0.13) Gecko/2009073022 Firefox/3.5.2 (.NET CLR 3.5.30729) SurveyBot/2.3 (DomainTools)"
64.246.165.10 - - [03/Aug/2011:08:36:35 +0200] "GET / HTTP/1.1" 302 - "http://whois.domaintools.com/markenoele.com" "Mozilla/5.0 (Windows; U; Windows NT 5.1; en; rv:1.9.0.13) Gecko/2009073022 Firefox/3.5.2 (.NET CLR 3.5.30729) SurveyBot/2.3 (DomainTools)"
64.246.165.10 - - [03/Aug/2011:08:36:36 +0200] "GET / HTTP/1.1" 200 33356 "http://whois.domaintools.com/markenoele.com" "Mozilla/5.0 (Windows; U; Windows NT 5.1; en; rv:1.9.0.13) Gecko/2009073022 Firefox/3.5.2 (.NET CLR 3.5.30729) SurveyBot/2.3 (DomainTools)"
139.18.2.209 - - [03/Aug/2011:08:39:47 +0200] "GET /lieferung HTTP/1.1" 200 23904 "-" "findlinks/2.0.1 (+http://wortschatz.uni-leipzig.de/findlinks/)"
139.18.2.209 - - [03/Aug/2011:08:39:48 +0200] "GET /lieferung HTTP/1.1" 200 23904 "-" "findlinks/2.0.1 (+http://wortschatz.uni-leipzig.de/findlinks/)"
139.18.13.202 - - [03/Aug/2011:08:43:04 +0200] "GET /widerruf/ HTTP/1.1" 200 25472 "-" "findlinks/2.1.3 (+http://wortschatz.uni-leipzig.de/findlinks/)"
139.18.13.202 - - [03/Aug/2011:08:43:06 +0200] "GET /widerruf/ HTTP/1.1" 200 25472 "-" "findlinks/2.1.3 (+http://wortschatz.uni-leipzig.de/findlinks/)"
77.20.40.169 - - [03/Aug/2011:08:59:02 +0200] "GET /review/product/list/id/50/ HTTP/1.1" 200 24842 "-" "findlinks/2.0.2 (+http://wortschatz.uni-leipzig.de/findlinks/)"
77.20.40.169 - - [03/Aug/2011:08:59:05 +0200] "GET /review/product/list/id/50/ HTTP/1.1" 200 24842 "-" "findlinks/2.0.2 (+http://wortschatz.uni-leipzig.de/findlinks/)"
66.249.72.162 - - [03/Aug/2011:09:04:33 +0200] "GET /motul-specific-506-01-506-00-503-00.html HTTP/1.1" 200 30375 "-" "Mozilla/5.0 (compatible; Googlebot/2.1; +http://www.google.com/bot.html)"
67.195.115.84 - - [03/Aug/2011:09:25:43 +0200] "GET /robots.txt HTTP/1.0" 200 918 "-" "Mozilla/5.0 (compatible; Yahoo! Slurp; http://help.yahoo.com/help/us/ysearch/slurp)"
67.195.115.84 - - [03/Aug/2011:09:25:43 +0200] "GET / HTTP/1.0" 200 33356 "-" "Mozilla/5.0 (compatible; Yahoo! Slurp; http://help.yahoo.com/help/us/ysearch/slurp)"
67.195.115.84 - - [03/Aug/2011:09:30:29 +0200] "GET /motul_pflegeberater/ HTTP/1.0" 200 21816 "-" "Mozilla/5.0 (compatible; Yahoo! Slurp; http://help.yahoo.com/help/us/ysearch/slurp)"
192.168.10.26 - - [03/Aug/2011:09:31:58 +0200] "GET /index.php/admin/sales_order/index/key/bb9cd8b667759b0f8819c623b3c45484/ HTTP/1.1" 200 3327 "-" "Mozilla/5.0 (Windows NT 6.1; rv:5.0) Gecko/20100101 Firefox/5.0"
192.168.10.26 - - [03/Aug/2011:09:32:01 +0200] "POST /index.php/admin/sales_order/index/key/bb9cd8b667759b0f8819c623b3c45484/ HTTP/1.1" 302 - "http://www.markenoele.de/index.php/admin/sales_order/index/key/bb9cd8b667759b0f8819c623b3c45484/" "Mozilla/5.0 (Windows NT 6.1; rv:5.0) Gecko/20100101 Firefox/5.0"
192.168.10.26 - - [03/Aug/2011:09:32:05 +0200] "GET /index.php/admin/sales_order/index/key/0af79aee88c2e2efdecb5b91071e96cd/ HTTP/1.1" 200 115834 "http://www.markenoele.de/index.php/admin/sales_order/index/key/bb9cd8b667759b0f8819c623b3c45484/" "Mozilla/5.0 (Windows NT 6.1; rv:5.0) Gecko/20100101 Firefox/5.0"
192.168.10.26 - - [03/Aug/2011:09:32:32 +0200] "GET /index.php/admin/catalog_product/index/key/3f90b5713625ea6c4dc3d9ad162ebe77/ HTTP/1.1" 200 124418 "http://www.markenoele.de/index.php/admin/sales_order/index/key/0af79aee88c2e2efdecb5b91071e96cd/" "Mozilla/5.0 (Windows NT 6.1; rv:5.0) Gecko/20100101 Firefox/5.0"
192.168.10.26 - - [03/Aug/2011:09:32:35 +0200] "GET /skin/adminhtml/default/default/images/fam_package.gif HTTP/1.1" 200 1054 "http://www.markenoele.de/skin/adminhtml/default/default/boxes.css" "Mozilla/5.0 (Windows NT 6.1; rv:5.0) Gecko/20100101 Firefox/5.0"
80.153.167.142 - - [03/Aug/2011:09:32:42 +0200] "GET /functions/index.php HTTP/1.1" 200 1833 "-" "Mozilla/4.0 (compatible; MSIE 8.0; Windows NT 5.1; Trident/4.0; GTB7.1; .NET CLR 1.1.4322)"
192.168.10.26 - - [03/Aug/2011:09:32:41 +0200] "POST /index.php/admin/catalog_product/grid/key/8c390185f48a90f861f22faa4139cdc8/product_filter/c2t1PTgzNjc0MSZwcmljZSU1QmN1cnJlbmN5JTVEPUVVUg==/?ajax=true&isAjax=true HTTP/1.1" 200 12497 "http://www.markenoele.de/index.php/admin/catalog_product/index/key/3f90b5713625ea6c4dc3d9ad162ebe77/" "Mozilla/5.0 (Windows NT 6.1; rv:5.0) Gecko/20100101 Firefox/5.0"
80.153.167.142 - - [03/Aug/2011:09:32:50 +0200] "POST /functions/index.php HTTP/1.1" 302 2148 "http://www.markenoele.de/functions/index.php" "Mozilla/4.0 (compatible; MSIE 8.0; Windows NT 5.1; Trident/4.0; GTB7.1; .NET CLR 1.1.4322)"
80.153.167.142 - - [03/Aug/2011:09:32:50 +0200] "GET /functions/abrechnung.php HTTP/1.1" 200 79816 "http://www.markenoele.de/functions/index.php" "Mozilla/4.0 (compatible; MSIE 8.0; Windows NT 5.1; Trident/4.0; GTB7.1; .NET CLR 1.1.4322)"
80.153.167.142 - - [03/Aug/2011:09:32:53 +0200] "GET /functions/bestandsliste.php HTTP/1.1" 200 33317 "http://www.markenoele.de/functions/abrechnung.php" "Mozilla/4.0 (compatible; MSIE 8.0; Windows NT 5.1; Trident/4.0; GTB7.1; .NET CLR 1.1.4322)"
192.168.10.26 - - [03/Aug/2011:09:32:56 +0200] "POST /index.php/admin/catalog_product/grid/key/8c390185f48a90f861f22faa4139cdc8/product_filter/c2t1PTgzNjc0MSZwcmljZSU1QmN1cnJlbmN5JTVEPUVVUg==/sort/entity_id/dir/asc/?ajax=true&isAjax=true HTTP/1.1" 200 12497 "http://www.markenoele.de/index.php/admin/catalog_product/index/key/3f90b5713625ea6c4dc3d9ad162ebe77/" "Mozilla/5.0 (Windows NT 6.1; rv:5.0) Gecko/20100101 Firefox/5.0"
192.168.10.26 - - [03/Aug/2011:09:32:58 +0200] "GET /skin/adminhtml/default/default/images/grid_sort_asc.gif HTTP/1.1" 200 105 "http://www.markenoele.de/skin/adminhtml/default/default/boxes.css" "Mozilla/5.0 (Windows NT 6.1; rv:5.0) Gecko/20100101 Firefox/5.0"
80.153.167.142 - - [03/Aug/2011:09:33:00 +0200] "GET /functions/bestandsliste.php?sortierung=Bestand&richtung= HTTP/1.1" 200 33346 "http://www.markenoele.de/functions/bestandsliste.php" "Mozilla/4.0 (compatible; MSIE 8.0; Windows NT 5.1; Trident/4.0; GTB7.1; .NET CLR 1.1.4322)"
192.168.10.26 - - [03/Aug/2011:09:33:01 +0200] "GET /index.php/admin/catalog_product/index/key/3f90b5713625ea6c4dc3d9ad162ebe77/ HTTP/1.1" 200 67725 "http://www.markenoele.de/index.php/admin/catalog_product/index/key/3f90b5713625ea6c4dc3d9ad162ebe77/" "Mozilla/5.0 (Windows NT 6.1; rv:5.0) Gecko/20100101 Firefox/5.0"
80.152.196.104 - - [03/Aug/2011:09:33:16 +0200] "GET / HTTP/1.1" 302 - "http://www.google.de/aclk?sa=l&ai=CgCbnufk4TvL5FYGehQff48DYBa3BsMMB_em97RSthP2-RwgAEAEoAlCer6GNAWCV0qqCtAegAcfRhPgDyAEBqQJm-fqVZ8m3PqoEE0_QzGT9L2pKYp1BxhBBEXzZD1k&sig=AOD64_0Z6bp5tgC9SojSXPVPynNvT1h_hQ&ved=0CDQQ0Qw&adurl=http://www.motulshop.de&rct=j&q=motul%20motor%C3%B6l" "Mozilla/5.0 (Windows NT 5.1; rv:5.0.1) Gecko/20100101 Firefox/5.0.1"
192.168.10.26 - - [03/Aug/2011:09:33:17 +0200] "POST /index.php/admin/catalog_product/grid/key/8c390185f48a90f861f22faa4139cdc8/product_filter/c2t1PTEwMTQwNyZwcmljZSU1QmN1cnJlbmN5JTVEPUVVUg==/?ajax=true&isAjax=true HTTP/1.1" 200 15157 "http://www.markenoele.de/index.php/admin/catalog_product/index/key/3f90b5713625ea6c4dc3d9ad162ebe77/" "Mozilla/5.0 (Windows NT 6.1; rv:5.0) Gecko/20100101 Firefox/5.0"
80.152.196.104 - - [03/Aug/2011:09:33:18 +0200] "GET / HTTP/1.1" 200 33356 "http://www.google.de/aclk?sa=l&ai=CgCbnufk4TvL5FYGehQff48DYBa3BsMMB_em97RSthP2-RwgAEAEoAlCer6GNAWCV0qqCtAegAcfRhPgDyAEBqQJm-fqVZ8m3PqoEE0_QzGT9L2pKYp1BxhBBEXzZD1k&sig=AOD64_0Z6bp5tgC9SojSXPVPynNvT1h_hQ&ved=0CDQQ0Qw&adurl=http://www.motulshop.de&rct=j&q=motul%20motor%C3%B6l" "Mozilla/5.0 (Windows NT 5.1; rv:5.0.1) Gecko/20100101 Firefox/5.0.1"
80.152.196.104 - - [03/Aug/2011:09:33:21 +0200] "GET /skin/frontend/esso/standard/css/widgets.css HTTP/1.1" 200 4369 "http://www.markenoele.de/" "Mozilla/5.0 (Windows NT 5.1; rv:5.0.1) Gecko/20100101 Firefox/5.0.1"
80.152.196.104 - - [03/Aug/2011:09:33:21 +0200] "GET /skin/frontend/esso/standard/css/print.css HTTP/1.1" 200 1580 "http://www.markenoele.de/" "Mozilla/5.0 (Windows NT 5.1; rv:5.0.1) Gecko/20100101 Firefox/5.0.1"
80.152.196.104 - - [03/Aug/2011:09:33:21 +0200] "GET /js/scriptaculous/builder.js HTTP/1.1" 200 4744 "http://www.markenoele.de/" "Mozilla/5.0 (Windows NT 5.1; rv:5.0.1) Gecko/20100101 Firefox/5.0.1"
80.152.196.104 - - [03/Aug/2011:09:33:21 +0200] "GET /js/scriptaculous/dragdrop.js HTTP/1.1" 200 31192 "http://www.markenoele.de/" "Mozilla/5.0 (Windows NT 5.1; rv:5.0.1) Gecko/20100101 Firefox/5.0.1"
80.152.196.104 - - [03/Aug/2011:09:33:21 +0200] "GET /js/scriptaculous/controls.js HTTP/1.1" 200 34797 "http://www.markenoele.de/" "Mozilla/5.0 (Windows NT 5.1; rv:5.0.1) Gecko/20100101 Firefox/5.0.1"
80.152.196.104 - - [03/Aug/2011:09:33:22 +0200] "GET /js/scriptaculous/slider.js HTTP/1.1" 200 10331 "http://www.markenoele.de/" "Mozilla/5.0 (Windows NT 5.1; rv:5.0.1) Gecko/20100101 Firefox/5.0.1"
80.152.196.104 - - [03/Aug/2011:09:33:21 +0200] "GET /js/prototype/validation.js HTTP/1.1" 200 34677 "http://www.markenoele.de/" "Mozilla/5.0 (Windows NT 5.1; rv:5.0.1) Gecko/20100101 Firefox/5.0.1"
80.152.196.104 - - [03/Aug/2011:09:33:21 +0200] "GET /skin/frontend/esso/standard/css/styles.css HTTP/1.1" 200 79554 "http://www.markenoele.de/" "Mozilla/5.0 (Windows NT 5.1; rv:5.0.1) Gecko/20100101 Firefox/5.0.1"
80.152.196.104 - - [03/Aug/2011:09:33:21 +0200] "GET /js/scriptaculous/effects.js HTTP/1.1" 200 38745 "http://www.markenoele.de/" "Mozilla/5.0 (Windows NT 5.1; rv:5.0.1) Gecko/20100101 Firefox/5.0.1"
80.152.196.104 - - [03/Aug/2011:09:33:21 +0200] "GET /js/prototype/prototype.js HTTP/1.1" 200 129960 "http://www.markenoele.de/" "Mozilla/5.0 (Windows NT 5.1; rv:5.0.1) Gecko/20100101 Firefox/5.0.1"
80.152.196.104 - - [03/Aug/2011:09:33:22 +0200] "GET /js/varien/js.js HTTP/1.1" 200 16581 "http://www.markenoele.de/" "Mozilla/5.0 (Windows NT 5.1; rv:5.0.1) Gecko/20100101 Firefox/5.0.1"
80.152.196.104 - - [03/Aug/2011:09:33:22 +0200] "GET /js/varien/form.js HTTP/1.1" 200 11714 "http://www.markenoele.de/" "Mozilla/5.0 (Windows NT 5.1; rv:5.0.1) Gecko/20100101 Firefox/5.0.1"
80.152.196.104 - - [03/Aug/2011:09:33:22 +0200] "GET /js/varien/menu.js HTTP/1.1" 200 4426 "http://www.markenoele.de/" "Mozilla/5.0 (Windows NT 5.1; rv:5.0.1) Gecko/20100101 Firefox/5.0.1"
80.152.196.104 - - [03/Aug/2011:09:33:22 +0200] "GET /js/mage/translate.js HTTP/1.1" 200 1597 "http://www.markenoele.de/" "Mozilla/5.0 (Windows NT 5.1; rv:5.0.1) Gecko/20100101 Firefox/5.0.1"
80.152.196.104 - - [03/Aug/2011:09:33:22 +0200] "GET /js/mage/cookies.js HTTP/1.1" 200 2615 "http://www.markenoele.de/" "Mozilla/5.0 (Windows NT 5.1; rv:5.0.1) Gecko/20100101 Firefox/5.0.1"
80.152.196.104 - - [03/Aug/2011:09:33:22 +0200] "GET /skin/frontend/esso/standard/images/logo.png HTTP/1.1" 200 27553 "http://www.markenoele.de/" "Mozilla/5.0 (Windows NT 5.1; rv:5.0.1) Gecko/20100101 Firefox/5.0.1"
80.152.196.104 - - [03/Aug/2011:09:33:22 +0200] "GET /skin/frontend/esso/standard/images/icon_lupe_sm.png HTTP/1.1" 200 1235 "http://www.markenoele.de/" "Mozilla/5.0 (Windows NT 5.1; rv:5.0.1) Gecko/20100101 Firefox/5.0.1"
80.152.196.104 - - [03/Aug/2011:09:33:22 +0200] "GET /skin/frontend/esso/standard/images/tropf-sm.png HTTP/1.1" 200 1179 "http://www.markenoele.de/" "Mozilla/5.0 (Windows NT 5.1; rv:5.0.1) Gecko/20100101 Firefox/5.0.1"
80.152.196.104 - - [03/Aug/2011:09:33:22 +0200] "GET /skin/frontend/esso/standard/images/akt-art-sm.png HTTP/1.1" 200 1091 "http://www.markenoele.de/" "Mozilla/5.0 (Windows NT 5.1; rv:5.0.1) Gecko/20100101 Firefox/5.0.1"
80.152.196.104 - - [03/Aug/2011:09:33:22 +0200] "GET /media/catalog/product/cache/2/small_image/85x/9df78eab33525d08d6e5fb8d27136e95/7/1/7100_10w60_4l_1.jpg HTTP/1.1" 200 3385 "http://www.markenoele.de/" "Mozilla/5.0 (Windows NT 5.1; rv:5.0.1) Gecko/20100101 Firefox/5.0.1"
80.152.196.104 - - [03/Aug/2011:09:33:22 +0200] "GET /media/catalog/product/cache/2/small_image/85x/9df78eab33525d08d6e5fb8d27136e95/s/a/sae_20w50_hd.jpg HTTP/1.1" 200 3047 "http://www.markenoele.de/" "Mozilla/5.0 (Windows NT 5.1; rv:5.0.1) Gecko/20100101 Firefox/5.0.1"
80.152.196.104 - - [03/Aug/2011:09:33:22 +0200] "GET /media/catalog/product/cache/2/small_image/85x/9df78eab33525d08d6e5fb8d27136e95/8/1/818916.jpg HTTP/1.1" 200 2333 "http://www.markenoele.de/" "Mozilla/5.0 (Windows NT 5.1; rv:5.0.1) Gecko/20100101 Firefox/5.0.1"
80.152.196.104 - - [03/Aug/2011:09:33:22 +0200] "GET /media/catalog/product/cache/2/small_image/85x/9df78eab33525d08d6e5fb8d27136e95/7/1/710-2t_1l_1.jpg HTTP/1.1" 200 3144 "http://www.markenoele.de/" "Mozilla/5.0 (Windows NT 5.1; rv:5.0.1) Gecko/20100101 Firefox/5.0.1"
80.152.196.104 - - [03/Aug/2011:09:33:22 +0200] "GET /media/catalog/product/cache/2/small_image/85x/9df78eab33525d08d6e5fb8d27136e95/o/u/outboard-tech-4t-10w40-5l.jpg HTTP/1.1" 200 3317 "http://www.markenoele.de/" "Mozilla/5.0 (Windows NT 5.1; rv:5.0.1) Gecko/20100101 Firefox/5.0.1"
80.152.196.104 - - [03/Aug/2011:09:33:22 +0200] "GET /media/catalog/product/cache/2/small_image/85x/9df78eab33525d08d6e5fb8d27136e95/e/z/ez_clean2.jpg HTTP/1.1" 200 3480 "http://www.markenoele.de/" "Mozilla/5.0 (Windows NT 5.1; rv:5.0.1) Gecko/20100101 Firefox/5.0.1"
80.152.196.104 - - [03/Aug/2011:09:33:22 +0200] "GET /skin/frontend/esso/standard/images/motul_pflege_teaser.png HTTP/1.1" 200 15151 "http://www.markenoele.de/" "Mozilla/5.0 (Windows NT 5.1; rv:5.0.1) Gecko/20100101 Firefox/5.0.1"
80.152.196.104 - - [03/Aug/2011:09:33:22 +0200] "GET /skin/frontend/esso/standard/images/siegel.gif HTTP/1.1" 200 3150 "http://www.markenoele.de/" "Mozilla/5.0 (Windows NT 5.1; rv:5.0.1) Gecko/20100101 Firefox/5.0.1"
80.152.196.104 - - [03/Aug/2011:09:33:22 +0200] "GET /skin/frontend/esso/standard/favicon.ico HTTP/1.1" 200 3638 "-" "Mozilla/5.0 (Windows NT 5.1; rv:5.0.1) Gecko/20100101 Firefox/5.0.1"
80.152.196.104 - - [03/Aug/2011:09:33:23 +0200] "GET /skin/frontend/esso/standard/images/search_arrow_right.png HTTP/1.1" 200 662 "http://www.markenoele.de/" "Mozilla/5.0 (Windows NT 5.1; rv:5.0.1) Gecko/20100101 Firefox/5.0.1"
80.152.196.104 - - [03/Aug/2011:09:33:23 +0200] "GET /skin/frontend/esso/standard/images/bkg_btn.png HTTP/1.1" 200 890 "http://www.markenoele.de/skin/frontend/esso/standard/css/styles.css" "Mozilla/5.0 (Windows NT 5.1; rv:5.0.1) Gecko/20100101 Firefox/5.0.1"
80.152.196.104 - - [03/Aug/2011:09:33:23 +0200] "GET /skin/frontend/esso/standard/images/bg_yellow.jpg HTTP/1.1" 200 22020 "http://www.markenoele.de/" "Mozilla/5.0 (Windows NT 5.1; rv:5.0.1) Gecko/20100101 Firefox/5.0.1"
80.152.196.104 - - [03/Aug/2011:09:33:23 +0200] "GET /skin/frontend/esso/standard/images/bkg_pipe1.gif HTTP/1.1" 200 44 "http://www.markenoele.de/skin/frontend/esso/standard/css/styles.css" "Mozilla/5.0 (Windows NT 5.1; rv:5.0.1) Gecko/20100101 Firefox/5.0.1"
