192.168.10.43 - - [03/Aug/2011:10:39:07 +0200] "GET /functions/sammelpruefung.php HTTP/1.1" 200 3458 "http://www.markenoele.de/functions/abrechnung.php" "Mozilla/5.0 (Windows NT 5.1; rv:5.0) Gecko/20100101 Firefox/5.0"
192.168.10.43 - - [03/Aug/2011:10:39:11 +0200] "GET /functions/sammelpruefung_detail.php?nr=294 HTTP/1.1" 200 5010 "http://www.markenoele.de/functions/sammelpruefung.php" "Mozilla/5.0 (Windows NT 5.1; rv:5.0) Gecko/20100101 Firefox/5.0"
208.115.111.247 - - [03/Aug/2011:10:39:09 +0200] "GET /motul-schmierstoffe/garten/motorenol-2-takt/bio-2t.html HTTP/1.1" 200 32277 "-" "Mozilla/5.0 (compatible; DotBot/1.1; http://www.dotnetdotcom.org/, crawler@dotnetdotcom.org)"
208.115.111.247 - - [03/Aug/2011:10:39:14 +0200] "GET /motul-schmierstoffe/garten/motorenol-2-takt/garden-2t.html HTTP/1.1" 200 32079 "-" "Mozilla/5.0 (compatible; DotBot/1.1; http://www.dotnetdotcom.org/, crawler@dotnetdotcom.org)"
208.115.111.247 - - [03/Aug/2011:10:39:20 +0200] "GET /motul-schmierstoffe/garten/motorenol-4-takt/garden-4t-159.html HTTP/1.1" 200 32238 "-" "Mozilla/5.0 (compatible; DotBot/1.1; http://www.dotnetdotcom.org/, crawler@dotnetdotcom.org)"
192.168.10.43 - - [03/Aug/2011:10:39:24 +0200] "POST /functions/sammelpruefung_detail.php?nr=294 HTTP/1.1" 200 5133 "http://www.markenoele.de/functions/sammelpruefung_detail.php?nr=294" "Mozilla/5.0 (Windows NT 5.1; rv:5.0) Gecko/20100101 Firefox/5.0"
208.115.111.247 - - [03/Aug/2011:10:39:26 +0200] "GET /motul-schmierstoffe/garten/motorenol-4-takt/garden-4t-160.html HTTP/1.1" 200 32236 "-" "Mozilla/5.0 (compatible; DotBot/1.1; http://www.dotnetdotcom.org/, crawler@dotnetdotcom.org)"
208.115.111.247 - - [03/Aug/2011:10:39:31 +0200] "GET /motul-schmierstoffe/garten/motorenol-4-takt/garden-4t.html HTTP/1.1" 200 32429 "-" "Mozilla/5.0 (compatible; DotBot/1.1; http://www.dotnetdotcom.org/, crawler@dotnetdotcom.org)"
192.168.10.43 - - [03/Aug/2011:10:39:37 +0200] "GET /functions/sammelpruefung.php HTTP/1.1" 200 3458 "http://www.markenoele.de/functions/sammelpruefung_detail.php?nr=294" "Mozilla/5.0 (Windows NT 5.1; rv:5.0) Gecko/20100101 Firefox/5.0"
208.115.111.247 - - [03/Aug/2011:10:39:36 +0200] "GET /motul-schmierstoffe/motorsport/auto/motul-300v-competition-68.html HTTP/1.1" 200 32914 "-" "Mozilla/5.0 (compatible; DotBot/1.1; http://www.dotnetdotcom.org/, crawler@dotnetdotcom.org)"
192.168.10.43 - - [03/Aug/2011:10:39:40 +0200] "GET /functions/sammelpruefung.php HTTP/1.1" 200 3458 "http://www.markenoele.de/functions/sammelpruefung.php" "Mozilla/5.0 (Windows NT 5.1; rv:5.0) Gecko/20100101 Firefox/5.0"
208.115.111.247 - - [03/Aug/2011:10:39:42 +0200] "GET /motul-schmierstoffe/motorsport/auto/motul-gear-ff-competition.html HTTP/1.1" 200 32048 "-" "Mozilla/5.0 (compatible; DotBot/1.1; http://www.dotnetdotcom.org/, crawler@dotnetdotcom.org)"
192.168.10.43 - - [03/Aug/2011:10:39:46 +0200] "GET /functions/sammelpruefung.php?tracking_283=&submit=Eintragen&tracking_294=111196920092 HTTP/1.1" 200 3470 "http://www.markenoele.de/functions/sammelpruefung.php" "Mozilla/5.0 (Windows NT 5.1; rv:5.0) Gecko/20100101 Firefox/5.0"
80.153.167.142 - - [03/Aug/2011:10:44:14 +0200] "GET /functions/bestandsliste.php?sortierung=Bestand&richtung=DESC HTTP/1.1" 200 33351 "http://www.markenoele.de/functions/bestandsliste.php?sortierung=Bestand&richtung=ASC" "Mozilla/4.0 (compatible; MSIE 8.0; Windows NT 5.1; Trident/4.0; GTB7.1; .NET CLR 1.1.4322)"
80.153.167.142 - - [03/Aug/2011:10:44:28 +0200] "GET /functions/bestandsliste.php?sortierung=Bestand&richtung=ASC HTTP/1.1" 200 33346 "http://www.markenoele.de/functions/bestandsliste.php?sortierung=Bestand&richtung=DESC" "Mozilla/4.0 (compatible; MSIE 8.0; Windows NT 5.1; Trident/4.0; GTB7.1; .NET CLR 1.1.4322)"
80.153.167.142 - - [03/Aug/2011:10:44:31 +0200] "GET /functions/bestandsliste.php?sortierung=Erwartung&richtung=ASC HTTP/1.1" 200 33348 "http://www.markenoele.de/functions/bestandsliste.php?sortierung=Bestand&richtung=ASC" "Mozilla/4.0 (compatible; MSIE 8.0; Windows NT 5.1; Trident/4.0; GTB7.1; .NET CLR 1.1.4322)"
80.153.167.142 - - [03/Aug/2011:10:44:36 +0200] "GET /functions/bestandsliste.php?sortierung=Erwartung&richtung=DESC HTTP/1.1" 200 33353 "http://www.markenoele.de/functions/bestandsliste.php?sortierung=Erwartung&richtung=ASC" "Mozilla/4.0 (compatible; MSIE 8.0; Windows NT 5.1; Trident/4.0; GTB7.1; .NET CLR 1.1.4322)"
66.249.72.162 - - [03/Aug/2011:10:44:39 +0200] "GET /outboard-tech-4t-83.html HTTP/1.1" 200 30594 "-" "Mozilla/5.0 (compatible; Googlebot/2.1; +http://www.google.com/bot.html)"
95.108.158.134 - - [03/Aug/2011:10:58:05 +0200] "GET /robots.txt HTTP/1.1" 200 918 "-" "Mozilla/5.0 (compatible; YandexBot/3.0; +http://yandex.com/bots)"
95.108.158.134 - - [03/Aug/2011:10:58:07 +0200] "GET /contacts/ HTTP/1.1" 200 19316 "-" "Mozilla/5.0 (compatible; YandexBot/3.0; +http://yandex.com/bots)"
38.99.97.187 - - [03/Aug/2011:11:04:52 +0200] "GET /robots.txt HTTP/1.1" 200 918 "-" "Mozilla/5.0 (compatible; ScoutJet; +http://www.scoutjet.com/)"
38.99.97.187 - - [03/Aug/2011:11:04:53 +0200] "GET /agb/ HTTP/1.1" 200 27788 "-" "Mozilla/5.0 (compatible; ScoutJet; +http://www.scoutjet.com/)"
38.99.97.187 - - [03/Aug/2011:11:04:58 +0200] "GET /altoelentsorgung/ HTTP/1.1" 200 22097 "-" "Mozilla/5.0 (compatible; ScoutJet; +http://www.scoutjet.com/)"
38.99.97.187 - - [03/Aug/2011:11:05:05 +0200] "GET /bestellung/ HTTP/1.1" 200 24094 "-" "Mozilla/5.0 (compatible; ScoutJet; +http://www.scoutjet.com/)"
38.99.97.187 - - [03/Aug/2011:11:05:10 +0200] "GET /datenschutz/ HTTP/1.1" 200 27727 "-" "Mozilla/5.0 (compatible; ScoutJet; +http://www.scoutjet.com/)"
38.99.97.187 - - [03/Aug/2011:11:05:16 +0200] "GET /esso-heizoel.html HTTP/1.1" 200 24222 "-" "Mozilla/5.0 (compatible; ScoutJet; +http://www.scoutjet.com/)"
38.99.97.187 - - [03/Aug/2011:11:05:21 +0200] "GET /angebote-des-monats/ HTTP/1.1" 200 82487 "-" "Mozilla/5.0 (compatible; ScoutJet; +http://www.scoutjet.com/)"
38.99.97.187 - - [03/Aug/2011:11:05:29 +0200] "GET /contacts/ HTTP/1.1" 200 19316 "-" "Mozilla/5.0 (compatible; ScoutJet; +http://www.scoutjet.com/)"
38.99.97.187 - - [03/Aug/2011:11:05:35 +0200] "GET /aschenbecher.html HTTP/1.1" 200 29519 "-" "Mozilla/5.0 (compatible; ScoutJet; +http://www.scoutjet.com/)"
38.99.97.187 - - [03/Aug/2011:11:05:39 +0200] "GET /garden-2t-hi-tech.html HTTP/1.1" 200 30123 "-" "Mozilla/5.0 (compatible; ScoutJet; +http://www.scoutjet.com/)"
38.99.97.187 - - [03/Aug/2011:11:05:43 +0200] "GET /motul-pflegeprodukte.html HTTP/1.1" 200 48434 "-" "Mozilla/5.0 (compatible; ScoutJet; +http://www.scoutjet.com/)"
38.99.97.187 - - [03/Aug/2011:11:05:49 +0200] "GET /zahlung/ HTTP/1.1" 200 24446 "-" "Mozilla/5.0 (compatible; ScoutJet; +http://www.scoutjet.com/)"
38.99.97.187 - - [03/Aug/2011:11:05:55 +0200] "GET /motul-fanshop-artikel.html HTTP/1.1" 200 47528 "-" "Mozilla/5.0 (compatible; ScoutJet; +http://www.scoutjet.com/)"
38.99.97.187 - - [03/Aug/2011:11:06:00 +0200] "GET /esso-diesel.html HTTP/1.1" 200 24115 "-" "Mozilla/5.0 (compatible; ScoutJet; +http://www.scoutjet.com/)"
38.99.97.187 - - [03/Aug/2011:11:06:03 +0200] "GET /lieferung HTTP/1.1" 200 23904 "-" "Mozilla/5.0 (compatible; ScoutJet; +http://www.scoutjet.com/)"
38.99.97.187 - - [03/Aug/2011:11:06:06 +0200] "GET /motul-quad-4t-63.html HTTP/1.1" 200 30023 "-" "Mozilla/5.0 (compatible; ScoutJet; +http://www.scoutjet.com/)"
38.99.97.187 - - [03/Aug/2011:11:06:10 +0200] "GET /motul-zusatzstoffe.html HTTP/1.1" 200 43981 "-" "Mozilla/5.0 (compatible; ScoutJet; +http://www.scoutjet.com/)"
38.99.97.187 - - [03/Aug/2011:11:06:15 +0200] "GET /lieferung/ HTTP/1.1" 200 23905 "-" "Mozilla/5.0 (compatible; ScoutJet; +http://www.scoutjet.com/)"
38.99.97.187 - - [03/Aug/2011:11:06:18 +0200] "GET /motul-schmierstoffe.html HTTP/1.1" 200 49762 "-" "Mozilla/5.0 (compatible; ScoutJet; +http://www.scoutjet.com/)"
38.99.97.187 - - [03/Aug/2011:11:06:24 +0200] "GET /motul-8100-x-clean-c3-5l-177.html HTTP/1.1" 200 30314 "-" "Mozilla/5.0 (compatible; ScoutJet; +http://www.scoutjet.com/)"
38.99.97.187 - - [03/Aug/2011:11:06:29 +0200] "GET /e-z-clean.html HTTP/1.1" 200 30226 "-" "Mozilla/5.0 (compatible; ScoutJet; +http://www.scoutjet.com/)"
38.99.97.187 - - [03/Aug/2011:11:06:36 +0200] "GET /motul-710-2t.html HTTP/1.1" 200 30304 "-" "Mozilla/5.0 (compatible; ScoutJet; +http://www.scoutjet.com/)"
38.99.97.187 - - [03/Aug/2011:11:06:42 +0200] "GET /motul-7100-4t-54.html HTTP/1.1" 200 30387 "-" "Mozilla/5.0 (compatible; ScoutJet; +http://www.scoutjet.com/)"
38.99.97.187 - - [03/Aug/2011:11:06:46 +0200] "GET /motul-classic-motor-oil-65.html HTTP/1.1" 200 30086 "-" "Mozilla/5.0 (compatible; ScoutJet; +http://www.scoutjet.com/)"
38.99.97.187 - - [03/Aug/2011:11:06:51 +0200] "GET /outboard-tech-4t-83.html HTTP/1.1" 200 30594 "-" "Mozilla/5.0 (compatible; ScoutJet; +http://www.scoutjet.com/)"
38.99.97.187 - - [03/Aug/2011:11:06:55 +0200] "GET /wash-wax.html HTTP/1.1" 200 30556 "-" "Mozilla/5.0 (compatible; ScoutJet; +http://www.scoutjet.com/)"
216.113.169.235 - - [03/Aug/2011:11:09:29 +0200] "GET / HTTP/1.1" 302 - "-" "-"
216.113.169.235 - - [03/Aug/2011:11:09:30 +0200] "GET / HTTP/1.1" 200 33356 "http://www.motulshop.de" "-"
216.113.169.235 - - [03/Aug/2011:11:09:33 +0200] "GET / HTTP/1.1" 302 - "-" "-"
216.113.169.235 - - [03/Aug/2011:11:09:34 +0200] "GET / HTTP/1.1" 200 33356 "http://www.motulshop.de" "-"
66.249.72.162 - - [03/Aug/2011:11:11:03 +0200] "GET /fork-oil-medium.html HTTP/1.1" 200 29559 "-" "Mozilla/5.0 (compatible; Googlebot/2.1; +http://www.google.com/bot.html)"
192.168.10.26 - - [03/Aug/2011:11:12:33 +0200] "GET /index.php/admin/catalog_product/index/key/3f90b5713625ea6c4dc3d9ad162ebe77/ HTTP/1.1" 200 70385 "http://www.markenoele.de/index.php/admin/dashboard/index/key/23b73b5a4612f12f8e405e99b27d30af/" "Mozilla/5.0 (Windows NT 6.1; rv:5.0) Gecko/20100101 Firefox/5.0"
192.168.10.26 - - [03/Aug/2011:11:13:35 +0200] "POST /index.php/admin/catalog_product/grid/key/8c390185f48a90f861f22faa4139cdc8/product_filter/c2t1PTEwMjk5NiZwcmljZSU1QmN1cnJlbmN5JTVEPUVVUg==/?ajax=true&isAjax=true HTTP/1.1" 200 12497 "http://www.markenoele.de/index.php/admin/catalog_product/index/key/3f90b5713625ea6c4dc3d9ad162ebe77/" "Mozilla/5.0 (Windows NT 6.1; rv:5.0) Gecko/20100101 Firefox/5.0"
66.249.72.162 - - [03/Aug/2011:11:13:41 +0200] "GET /motul-snowpower-2t-4l.html HTTP/1.1" 200 30027 "-" "Mozilla/5.0 (compatible; Googlebot/2.1; +http://www.google.com/bot.html)"
192.168.10.26 - - [03/Aug/2011:11:14:05 +0200] "POST /index.php/admin/catalog_product/grid/key/8c390185f48a90f861f22faa4139cdc8/product_filter//?ajax=true&isAjax=true HTTP/1.1" 200 68913 "http://www.markenoele.de/index.php/admin/catalog_product/index/key/3f90b5713625ea6c4dc3d9ad162ebe77/" "Mozilla/5.0 (Windows NT 6.1; rv:5.0) Gecko/20100101 Firefox/5.0"
192.168.10.26 - - [03/Aug/2011:11:14:08 +0200] "POST /index.php/admin/catalog_product/grid/key/8c390185f48a90f861f22faa4139cdc8/product_filter/cHJpY2UlNUJjdXJyZW5jeSU1RD1FVVI=/?ajax=true&isAjax=true HTTP/1.1" 200 68913 "http://www.markenoele.de/index.php/admin/catalog_product/index/key/3f90b5713625ea6c4dc3d9ad162ebe77/" "Mozilla/5.0 (Windows NT 6.1; rv:5.0) Gecko/20100101 Firefox/5.0"
192.168.10.26 - - [03/Aug/2011:11:14:17 +0200] "POST /index.php/admin/catalog_product/grid/key/8c390185f48a90f861f22faa4139cdc8/product_filter/bmFtZT13YXgmcHJpY2UlNUJjdXJyZW5jeSU1RD1FVVI=/?ajax=true&isAjax=true HTTP/1.1" 200 15162 "http://www.markenoele.de/index.php/admin/catalog_product/index/key/3f90b5713625ea6c4dc3d9ad162ebe77/" "Mozilla/5.0 (Windows NT 6.1; rv:5.0) Gecko/20100101 Firefox/5.0"
192.168.10.26 - - [03/Aug/2011:11:14:32 +0200] "GET /index.php/admin/catalog_product/edit/id/112/key/a142d66a424ec3ac0fe61d9feadb5e8b/ HTTP/1.1" 200 147255 "http://www.markenoele.de/index.php/admin/catalog_product/index/key/3f90b5713625ea6c4dc3d9ad162ebe77/" "Mozilla/5.0 (Windows NT 6.1; rv:5.0) Gecko/20100101 Firefox/5.0"
192.168.10.26 - - [03/Aug/2011:11:14:51 +0200] "POST /index.php/admin/catalog_product/validate/id/112/key/c39bf7444291b6c7188fc4dcfe998ba3/?isAjax=true HTTP/1.1" 200 15 "http://www.markenoele.de/index.php/admin/catalog_product/edit/id/112/key/a142d66a424ec3ac0fe61d9feadb5e8b/" "Mozilla/5.0 (Windows NT 6.1; rv:5.0) Gecko/20100101 Firefox/5.0"
192.168.10.26 - - [03/Aug/2011:11:15:00 +0200] "GET /index.php/admin/catalog_product/index/key/3f90b5713625ea6c4dc3d9ad162ebe77/ HTTP/1.1" 200 70619 "http://www.markenoele.de/index.php/admin/catalog_product/edit/id/112/key/a142d66a424ec3ac0fe61d9feadb5e8b/" "Mozilla/5.0 (Windows NT 6.1; rv:5.0) Gecko/20100101 Firefox/5.0"
192.168.10.26 - - [03/Aug/2011:11:14:53 +0200] "POST /index.php/admin/catalog_product/save/id/112/key/55b32fe0b1550e8a3b66009766490f02/ HTTP/1.1" 302 - "http://www.markenoele.de/index.php/admin/catalog_product/edit/id/112/key/a142d66a424ec3ac0fe61d9feadb5e8b/" "Mozilla/5.0 (Windows NT 6.1; rv:5.0) Gecko/20100101 Firefox/5.0"
192.168.10.26 - - [03/Aug/2011:11:17:07 +0200] "GET /index.php/admin/sales_order/index/key/0af79aee88c2e2efdecb5b91071e96cd/ HTTP/1.1" 200 115834 "http://www.markenoele.de/index.php/admin/catalog_product/index/key/3f90b5713625ea6c4dc3d9ad162ebe77/" "Mozilla/5.0 (Windows NT 6.1; rv:5.0) Gecko/20100101 Firefox/5.0"
192.168.10.26 - - [03/Aug/2011:11:18:55 +0200] "GET /index.php/admin/sales_order/view/order_id/294/key/cf222342046771eac4e53611c41440d0/ HTTP/1.1" 200 108236 "http://www.markenoele.de/index.php/admin/sales_order/index/key/0af79aee88c2e2efdecb5b91071e96cd/" "Mozilla/5.0 (Windows NT 6.1; rv:5.0) Gecko/20100101 Firefox/5.0"
192.168.10.26 - - [03/Aug/2011:11:19:02 +0200] "GET /index.php/admin/sales_order_shipment/start/order_id/294/key/3f8d46f584263a31e7e2a09cc0f87920/ HTTP/1.1" 302 - "http://www.markenoele.de/index.php/admin/sales_order/view/order_id/294/key/cf222342046771eac4e53611c41440d0/" "Mozilla/5.0 (Windows NT 6.1; rv:5.0) Gecko/20100101 Firefox/5.0"
192.168.10.26 - - [03/Aug/2011:11:19:04 +0200] "GET /index.php/admin/sales_order_shipment/new/order_id/294/key/75c4e9154c9320476acab46babfb20cc/ HTTP/1.1" 200 65874 "http://www.markenoele.de/index.php/admin/sales_order/view/order_id/294/key/cf222342046771eac4e53611c41440d0/" "Mozilla/5.0 (Windows NT 6.1; rv:5.0) Gecko/20100101 Firefox/5.0"
66.249.72.162 - - [03/Aug/2011:11:19:09 +0200] "GET /motul-fanshop-artikel/aufkleber.html HTTP/1.1" 200 46777 "-" "Mozilla/5.0 (compatible; Googlebot/2.1; +http://www.google.com/bot.html)"
192.168.10.26 - - [03/Aug/2011:11:19:20 +0200] "POST /index.php/admin/sales_order_shipment/save/order_id/294/key/953a857e2140fa20bada4d2d2df0ce04/ HTTP/1.1" 302 - "http://www.markenoele.de/index.php/admin/sales_order_shipment/new/order_id/294/key/75c4e9154c9320476acab46babfb20cc/" "Mozilla/5.0 (Windows NT 6.1; rv:5.0) Gecko/20100101 Firefox/5.0"
66.249.72.162 - - [03/Aug/2011:11:19:22 +0200] "GET /motul-schmierstoffe/marine/motorenol-4-takt/powerjet-4t.html HTTP/1.1" 200 32020 "-" "Mozilla/5.0 (compatible; Googlebot/2.1; +http://www.google.com/bot.html)"
192.168.10.26 - - [03/Aug/2011:11:19:24 +0200] "GET /index.php/admin/sales_order/view/order_id/294/key/cf222342046771eac4e53611c41440d0/ HTTP/1.1" 200 110003 "http://www.markenoele.de/index.php/admin/sales_order_shipment/new/order_id/294/key/75c4e9154c9320476acab46babfb20cc/" "Mozilla/5.0 (Windows NT 6.1; rv:5.0) Gecko/20100101 Firefox/5.0"
66.249.72.162 - - [03/Aug/2011:11:19:34 +0200] "GET /motul-schmierstoffe/oldtimer/motul-classic-motor-oil.html HTTP/1.1" 200 31382 "-" "Mozilla/5.0 (compatible; Googlebot/2.1; +http://www.google.com/bot.html)"
192.168.10.26 - - [03/Aug/2011:11:19:44 +0200] "GET /index.php/admin/sales_order_invoice/start/order_id/294/key/329144f4151e1966f5a73a414870f2f3/ HTTP/1.1" 302 - "http://www.markenoele.de/index.php/admin/sales_order/view/order_id/294/key/cf222342046771eac4e53611c41440d0/" "Mozilla/5.0 (Windows NT 6.1; rv:5.0) Gecko/20100101 Firefox/5.0"
192.168.10.26 - - [03/Aug/2011:11:19:45 +0200] "GET /index.php/admin/sales_order_invoice/new/order_id/294/key/23069815b980a93537a0c0ee74223819/ HTTP/1.1" 200 74346 "http://www.markenoele.de/index.php/admin/sales_order/view/order_id/294/key/cf222342046771eac4e53611c41440d0/" "Mozilla/5.0 (Windows NT 6.1; rv:5.0) Gecko/20100101 Firefox/5.0"
66.249.72.162 - - [03/Aug/2011:11:19:54 +0200] "GET /motul-schmierstoffe/motul-motorrad/motorenol/motul-5100-4t.html HTTP/1.1" 200 32202 "-" "Mozilla/5.0 (compatible; Googlebot/2.1; +http://www.google.com/bot.html)"
66.249.72.162 - - [03/Aug/2011:11:20:03 +0200] "GET /motul-schmierstoffe/motul-autoschmierstoffe/motul-auto-motorenoel.html HTTP/1.1" 200 53717 "-" "Mozilla/5.0 (compatible; Googlebot/2.1; +http://www.google.com/bot.html)"
192.168.10.26 - - [03/Aug/2011:11:23:43 +0200] "POST /index.php/admin/sales_order_invoice/save/order_id/294/key/834631cc1375d9ce4bcdf701f8482e59/ HTTP/1.1" 302 - "http://www.markenoele.de/index.php/admin/sales_order_invoice/new/order_id/294/key/23069815b980a93537a0c0ee74223819/" "Mozilla/5.0 (Windows NT 6.1; rv:5.0) Gecko/20100101 Firefox/5.0"
192.168.10.26 - - [03/Aug/2011:11:23:49 +0200] "GET /index.php/admin/sales_order/view/order_id/294/key/cf222342046771eac4e53611c41440d0/ HTTP/1.1" 200 111530 "http://www.markenoele.de/index.php/admin/sales_order_invoice/new/order_id/294/key/23069815b980a93537a0c0ee74223819/" "Mozilla/5.0 (Windows NT 6.1; rv:5.0) Gecko/20100101 Firefox/5.0"
192.168.10.26 - - [03/Aug/2011:11:23:57 +0200] "GET /index.php/admin/sales_order_invoice/view/invoice_id/250/order_id/294/key/b624f1f8fa14e5ba807f53c6296eb55a/ HTTP/1.1" 200 65235 "http://www.markenoele.de/index.php/admin/sales_order/view/order_id/294/key/cf222342046771eac4e53611c41440d0/" "Mozilla/5.0 (Windows NT 6.1; rv:5.0) Gecko/20100101 Firefox/5.0"
192.168.10.26 - - [03/Aug/2011:11:24:01 +0200] "GET /index.php/admin/sales_order_invoice/print/invoice_id/250/key/7660335f7cf3cd07ea0ef90c6647f0dc/ HTTP/1.1" 200 31043 "http://www.markenoele.de/index.php/admin/sales_order_invoice/view/invoice_id/250/order_id/294/key/b624f1f8fa14e5ba807f53c6296eb55a/" "Mozilla/5.0 (Windows NT 6.1; rv:5.0) Gecko/20100101 Firefox/5.0"
192.168.10.26 - - [03/Aug/2011:11:31:08 +0200] "GET /index.php/admin/index/logout/key/9e1322ace2829c4013f71f6dd4886b54/ HTTP/1.1" 302 - "http://www.markenoele.de/index.php/admin/sales_order_invoice/view/invoice_id/250/order_id/294/key/b624f1f8fa14e5ba807f53c6296eb55a/" "Mozilla/5.0 (Windows NT 6.1; rv:5.0) Gecko/20100101 Firefox/5.0"
192.168.10.26 - - [03/Aug/2011:11:31:09 +0200] "GET /index.php/admin/index/index/key/b5beef371f9ad5cfd336a573faa8d777/ HTTP/1.1" 200 3420 "http://www.markenoele.de/index.php/admin/sales_order_invoice/view/invoice_id/250/order_id/294/key/b624f1f8fa14e5ba807f53c6296eb55a/" "Mozilla/5.0 (Windows NT 6.1; rv:5.0) Gecko/20100101 Firefox/5.0"
66.249.72.162 - - [03/Aug/2011:11:35:35 +0200] "GET /classic-aufkleber.html HTTP/1.1" 200 29206 "-" "Mozilla/5.0 (compatible; Googlebot/2.1; +http://www.google.com/bot.html)"
192.168.10.44 - - [03/Aug/2011:11:43:24 +0200] "GET /index.php/admin/dashboard/index/key/337af749a698078adbac238342f2706f/ HTTP/1.1" 200 3327 "http://www.markenoele.de/index.php/admin/customer/edit/id/102/key/5d6011b585d1a79b0037ee08763e12a2/" "Mozilla/5.0 (Windows; U; Windows NT 6.1; de; rv:1.9.2.18) Gecko/20110614 Firefox/3.6.18"
192.168.10.44 - - [03/Aug/2011:11:43:27 +0200] "GET /skin/adminhtml/default/default/reset.css HTTP/1.1" 200 2762 "http://www.markenoele.de/index.php/admin/dashboard/index/key/337af749a698078adbac238342f2706f/" "Mozilla/5.0 (Windows; U; Windows NT 6.1; de; rv:1.9.2.18) Gecko/20110614 Firefox/3.6.18"
192.168.10.44 - - [03/Aug/2011:11:43:27 +0200] "GET /js/lib/ccard.js HTTP/1.1" 200 747 "http://www.markenoele.de/index.php/admin/dashboard/index/key/337af749a698078adbac238342f2706f/" "Mozilla/5.0 (Windows; U; Windows NT 6.1; de; rv:1.9.2.18) Gecko/20110614 Firefox/3.6.18"
192.168.10.44 - - [03/Aug/2011:11:43:27 +0200] "GET /skin/adminhtml/default/default/boxes.css HTTP/1.1" 200 71583 "http://www.markenoele.de/index.php/admin/dashboard/index/key/337af749a698078adbac238342f2706f/" "Mozilla/5.0 (Windows; U; Windows NT 6.1; de; rv:1.9.2.18) Gecko/20110614 Firefox/3.6.18"
192.168.10.44 - - [03/Aug/2011:11:43:29 +0200] "GET /js/prototype/validation.js HTTP/1.1" 200 34677 "http://www.markenoele.de/index.php/admin/dashboard/index/key/337af749a698078adbac238342f2706f/" "Mozilla/5.0 (Windows; U; Windows NT 6.1; de; rv:1.9.2.18) Gecko/20110614 Firefox/3.6.18"
192.168.10.44 - - [03/Aug/2011:11:43:29 +0200] "GET /js/prototype/prototype.js HTTP/1.1" 200 129960 "http://www.markenoele.de/index.php/admin/dashboard/index/key/337af749a698078adbac238342f2706f/" "Mozilla/5.0 (Windows; U; Windows NT 6.1; de; rv:1.9.2.18) Gecko/20110614 Firefox/3.6.18"
192.168.10.44 - - [03/Aug/2011:11:43:29 +0200] "GET /skin/adminhtml/default/default/favicon.ico HTTP/1.1" 200 1150 "-" "Mozilla/5.0 (Windows; U; Windows NT 6.1; de; rv:1.9.2.18) Gecko/20110614 Firefox/3.6.18"
192.168.10.44 - - [03/Aug/2011:11:43:29 +0200] "GET /js/mage/adminhtml/form.js HTTP/1.1" 200 15544 "http://www.markenoele.de/index.php/admin/dashboard/index/key/337af749a698078adbac238342f2706f/" "Mozilla/5.0 (Windows; U; Windows NT 6.1; de; rv:1.9.2.18) Gecko/20110614 Firefox/3.6.18"
192.168.10.44 - - [03/Aug/2011:11:43:34 +0200] "GET /skin/adminhtml/default/default/images/login_logo.gif HTTP/1.1" 200 816 "http://www.markenoele.de/skin/adminhtml/default/default/boxes.css" "Mozilla/5.0 (Windows; U; Windows NT 6.1; de; rv:1.9.2.18) Gecko/20110614 Firefox/3.6.18"
192.168.10.44 - - [03/Aug/2011:11:43:34 +0200] "GET /skin/adminhtml/default/default/images/login_box_bg.jpg HTTP/1.1" 200 23561 "http://www.markenoele.de/skin/adminhtml/default/default/boxes.css" "Mozilla/5.0 (Windows; U; Windows NT 6.1; de; rv:1.9.2.18) Gecko/20110614 Firefox/3.6.18"
192.168.10.44 - - [03/Aug/2011:11:43:34 +0200] "GET /skin/adminhtml/default/default/images/btn_bg.gif HTTP/1.1" 200 148 "http://www.markenoele.de/skin/adminhtml/default/default/boxes.css" "Mozilla/5.0 (Windows; U; Windows NT 6.1; de; rv:1.9.2.18) Gecko/20110614 Firefox/3.6.18"
192.168.10.44 - - [03/Aug/2011:11:43:34 +0200] "GET /skin/adminhtml/default/default/images/login_box_legal_bg.gif HTTP/1.1" 200 884 "http://www.markenoele.de/skin/adminhtml/default/default/boxes.css" "Mozilla/5.0 (Windows; U; Windows NT 6.1; de; rv:1.9.2.18) Gecko/20110614 Firefox/3.6.18"
192.168.10.44 - - [03/Aug/2011:11:43:34 +0200] "GET /skin/adminhtml/default/default/images/login_box_bottom.jpg HTTP/1.1" 200 1259 "http://www.markenoele.de/skin/adminhtml/default/default/boxes.css" "Mozilla/5.0 (Windows; U; Windows NT 6.1; de; rv:1.9.2.18) Gecko/20110614 Firefox/3.6.18"
66.249.72.162 - - [03/Aug/2011:11:44:38 +0200] "GET /poloshirt-sw-damen.html HTTP/1.1" 200 36372 "-" "Mozilla/5.0 (compatible; Googlebot/2.1; +http://www.google.com/bot.html)"
65.52.110.45 - - [03/Aug/2011:11:51:17 +0200] "GET /robots.txt HTTP/1.1" 200 918 "-" "Mozilla/5.0 (compatible; bingbot/2.0; +http://www.bing.com/bingbot.htm)"
65.52.110.45 - - [03/Aug/2011:11:51:59 +0200] "GET /motul-schmierstoffe/scooter/motul-scooter-power-2t.html HTTP/1.1" 200 31750 "-" "Mozilla/5.0 (compatible; bingbot/2.0; +http://www.bing.com/bingbot.htm)"
66.249.72.162 - - [03/Aug/2011:11:54:01 +0200] "GET /motocool-factory-line.html HTTP/1.1" 200 29635 "-" "Mozilla/5.0 (compatible; Googlebot/2.1; +http://www.google.com/bot.html)"
84.167.172.166 - - [03/Aug/2011:11:58:14 +0200] "GET / HTTP/1.1" 302 - "http://www.google.de/aclk?sa=l&ai=Cyw74sBs5Trj4Hob_sgaiqcX6CK3BsMMB_em97RS97Pu-RwgAEAEgtlRQnq-hjQFglYKQgqAHoAHH0YT4A8gBAakCBLTm7AHYtz6qBBNP0J9AW9_bO6R7zOKRLlrdtZZSgAWQTg&sig=AOD64_2TZpt71OKR6hvXfM8lx3h2D9-lCg&ved=0CDgQ0Qw&adurl=http://www.motulshop.de&rct=j&q=motul%20%C3%B6l" "Mozilla/5.0 (Windows NT 5.1; rv:5.0) Gecko/20100101 Firefox/5.0"
84.167.172.166 - - [03/Aug/2011:11:58:15 +0200] "GET / HTTP/1.1" 200 33356 "http://www.google.de/aclk?sa=l&ai=Cyw74sBs5Trj4Hob_sgaiqcX6CK3BsMMB_em97RS97Pu-RwgAEAEgtlRQnq-hjQFglYKQgqAHoAHH0YT4A8gBAakCBLTm7AHYtz6qBBNP0J9AW9_bO6R7zOKRLlrdtZZSgAWQTg&sig=AOD64_2TZpt71OKR6hvXfM8lx3h2D9-lCg&ved=0CDgQ0Qw&adurl=http://www.motulshop.de&rct=j&q=motul%20%C3%B6l" "Mozilla/5.0 (Windows NT 5.1; rv:5.0) Gecko/20100101 Firefox/5.0"
84.167.172.166 - - [03/Aug/2011:11:58:18 +0200] "GET /skin/frontend/esso/standard/css/widgets.css HTTP/1.1" 200 4369 "http://www.markenoele.de/" "Mozilla/5.0 (Windows NT 5.1; rv:5.0) Gecko/20100101 Firefox/5.0"
84.167.172.166 - - [03/Aug/2011:11:58:18 +0200] "GET /skin/frontend/esso/standard/css/print.css HTTP/1.1" 200 1580 "http://www.markenoele.de/" "Mozilla/5.0 (Windows NT 5.1; rv:5.0) Gecko/20100101 Firefox/5.0"
84.167.172.166 - - [03/Aug/2011:11:58:18 +0200] "GET /js/scriptaculous/builder.js HTTP/1.1" 200 4744 "http://www.markenoele.de/" "Mozilla/5.0 (Windows NT 5.1; rv:5.0) Gecko/20100101 Firefox/5.0"
84.167.172.166 - - [03/Aug/2011:11:58:18 +0200] "GET /js/scriptaculous/effects.js HTTP/1.1" 200 38745 "http://www.markenoele.de/" "Mozilla/5.0 (Windows NT 5.1; rv:5.0) Gecko/20100101 Firefox/5.0"
84.167.172.166 - - [03/Aug/2011:11:58:18 +0200] "GET /js/scriptaculous/dragdrop.js HTTP/1.1" 200 31192 "http://www.markenoele.de/" "Mozilla/5.0 (Windows NT 5.1; rv:5.0) Gecko/20100101 Firefox/5.0"
84.167.172.166 - - [03/Aug/2011:11:58:18 +0200] "GET /js/scriptaculous/controls.js HTTP/1.1" 200 34797 "http://www.markenoele.de/" "Mozilla/5.0 (Windows NT 5.1; rv:5.0) Gecko/20100101 Firefox/5.0"
84.167.172.166 - - [03/Aug/2011:11:58:18 +0200] "GET /js/scriptaculous/slider.js HTTP/1.1" 200 10331 "http://www.markenoele.de/" "Mozilla/5.0 (Windows NT 5.1; rv:5.0) Gecko/20100101 Firefox/5.0"
84.167.172.166 - - [03/Aug/2011:11:58:18 +0200] "GET /js/varien/js.js HTTP/1.1" 200 16581 "http://www.markenoele.de/" "Mozilla/5.0 (Windows NT 5.1; rv:5.0) Gecko/20100101 Firefox/5.0"
84.167.172.166 - - [03/Aug/2011:11:58:18 +0200] "GET /js/prototype/validation.js HTTP/1.1" 200 34677 "http://www.markenoele.de/" "Mozilla/5.0 (Windows NT 5.1; rv:5.0) Gecko/20100101 Firefox/5.0"
84.167.172.166 - - [03/Aug/2011:11:58:18 +0200] "GET /skin/frontend/esso/standard/css/styles.css HTTP/1.1" 200 79554 "http://www.markenoele.de/" "Mozilla/5.0 (Windows NT 5.1; rv:5.0) Gecko/20100101 Firefox/5.0"
84.167.172.166 - - [03/Aug/2011:11:58:18 +0200] "GET /js/varien/form.js HTTP/1.1" 200 11714 "http://www.markenoele.de/" "Mozilla/5.0 (Windows NT 5.1; rv:5.0) Gecko/20100101 Firefox/5.0"
84.167.172.166 - - [03/Aug/2011:11:58:18 +0200] "GET /js/prototype/prototype.js HTTP/1.1" 200 129960 "http://www.markenoele.de/" "Mozilla/5.0 (Windows NT 5.1; rv:5.0) Gecko/20100101 Firefox/5.0"
84.167.172.166 - - [03/Aug/2011:11:58:19 +0200] "GET /js/varien/menu.js HTTP/1.1" 200 4426 "http://www.markenoele.de/" "Mozilla/5.0 (Windows NT 5.1; rv:5.0) Gecko/20100101 Firefox/5.0"
84.167.172.166 - - [03/Aug/2011:11:58:19 +0200] "GET /js/mage/translate.js HTTP/1.1" 200 1597 "http://www.markenoele.de/" "Mozilla/5.0 (Windows NT 5.1; rv:5.0) Gecko/20100101 Firefox/5.0"
84.167.172.166 - - [03/Aug/2011:11:58:19 +0200] "GET /js/mage/cookies.js HTTP/1.1" 200 2615 "http://www.markenoele.de/" "Mozilla/5.0 (Windows NT 5.1; rv:5.0) Gecko/20100101 Firefox/5.0"
84.167.172.166 - - [03/Aug/2011:11:58:19 +0200] "GET /skin/frontend/esso/standard/images/logo.png HTTP/1.1" 200 27553 "http://www.markenoele.de/" "Mozilla/5.0 (Windows NT 5.1; rv:5.0) Gecko/20100101 Firefox/5.0"
84.167.172.166 - - [03/Aug/2011:11:58:19 +0200] "GET /skin/frontend/esso/standard/images/icon_lupe_sm.png HTTP/1.1" 200 1235 "http://www.markenoele.de/" "Mozilla/5.0 (Windows NT 5.1; rv:5.0) Gecko/20100101 Firefox/5.0"
84.167.172.166 - - [03/Aug/2011:11:58:19 +0200] "GET /skin/frontend/esso/standard/images/tropf-sm.png HTTP/1.1" 200 1179 "http://www.markenoele.de/" "Mozilla/5.0 (Windows NT 5.1; rv:5.0) Gecko/20100101 Firefox/5.0"
84.167.172.166 - - [03/Aug/2011:11:58:19 +0200] "GET /skin/frontend/esso/standard/images/akt-art-sm.png HTTP/1.1" 200 1091 "http://www.markenoele.de/" "Mozilla/5.0 (Windows NT 5.1; rv:5.0) Gecko/20100101 Firefox/5.0"
84.167.172.166 - - [03/Aug/2011:11:58:19 +0200] "GET /media/catalog/product/cache/2/small_image/85x/9df78eab33525d08d6e5fb8d27136e95/e/z/ez_clean2.jpg HTTP/1.1" 200 3480 "http://www.markenoele.de/" "Mozilla/5.0 (Windows NT 5.1; rv:5.0) Gecko/20100101 Firefox/5.0"
84.167.172.166 - - [03/Aug/2011:11:58:19 +0200] "GET /media/catalog/product/cache/2/small_image/85x/9df78eab33525d08d6e5fb8d27136e95/7/1/7100_10w60_4l_1.jpg HTTP/1.1" 200 3385 "http://www.markenoele.de/" "Mozilla/5.0 (Windows NT 5.1; rv:5.0) Gecko/20100101 Firefox/5.0"
84.167.172.166 - - [03/Aug/2011:11:58:19 +0200] "GET /media/catalog/product/cache/2/small_image/85x/9df78eab33525d08d6e5fb8d27136e95/s/a/sae_20w50_hd.jpg HTTP/1.1" 200 3047 "http://www.markenoele.de/" "Mozilla/5.0 (Windows NT 5.1; rv:5.0) Gecko/20100101 Firefox/5.0"
84.167.172.166 - - [03/Aug/2011:11:58:19 +0200] "GET /media/catalog/product/cache/2/small_image/85x/9df78eab33525d08d6e5fb8d27136e95/8/1/818916.jpg HTTP/1.1" 200 2333 "http://www.markenoele.de/" "Mozilla/5.0 (Windows NT 5.1; rv:5.0) Gecko/20100101 Firefox/5.0"
84.167.172.166 - - [03/Aug/2011:11:58:19 +0200] "GET /media/catalog/product/cache/2/small_image/85x/9df78eab33525d08d6e5fb8d27136e95/7/1/710-2t_1l_1.jpg HTTP/1.1" 200 3144 "http://www.markenoele.de/" "Mozilla/5.0 (Windows NT 5.1; rv:5.0) Gecko/20100101 Firefox/5.0"
84.167.172.166 - - [03/Aug/2011:11:58:19 +0200] "GET /media/catalog/product/cache/2/small_image/85x/9df78eab33525d08d6e5fb8d27136e95/o/u/outboard-tech-4t-10w40-5l.jpg HTTP/1.1" 200 3317 "http://www.markenoele.de/" "Mozilla/5.0 (Windows NT 5.1; rv:5.0) Gecko/20100101 Firefox/5.0"
84.167.172.166 - - [03/Aug/2011:11:58:19 +0200] "GET /skin/frontend/esso/standard/images/motul_pflege_teaser.png HTTP/1.1" 200 15151 "http://www.markenoele.de/" "Mozilla/5.0 (Windows NT 5.1; rv:5.0) Gecko/20100101 Firefox/5.0"
84.167.172.166 - - [03/Aug/2011:11:58:19 +0200] "GET /skin/frontend/esso/standard/images/siegel.gif HTTP/1.1" 200 3150 "http://www.markenoele.de/" "Mozilla/5.0 (Windows NT 5.1; rv:5.0) Gecko/20100101 Firefox/5.0"
84.167.172.166 - - [03/Aug/2011:11:58:19 +0200] "GET /skin/frontend/esso/standard/favicon.ico HTTP/1.1" 200 3638 "-" "Mozilla/5.0 (Windows NT 5.1; rv:5.0) Gecko/20100101 Firefox/5.0"
84.167.172.166 - - [03/Aug/2011:11:58:20 +0200] "GET /skin/frontend/esso/standard/images/search_arrow_right.png HTTP/1.1" 200 662 "http://www.markenoele.de/" "Mozilla/5.0 (Windows NT 5.1; rv:5.0) Gecko/20100101 Firefox/5.0"
84.167.172.166 - - [03/Aug/2011:11:58:20 +0200] "GET /skin/frontend/esso/standard/images/bkg_btn.png HTTP/1.1" 200 890 "http://www.markenoele.de/skin/frontend/esso/standard/css/styles.css" "Mozilla/5.0 (Windows NT 5.1; rv:5.0) Gecko/20100101 Firefox/5.0"
84.167.172.166 - - [03/Aug/2011:11:58:20 +0200] "GET /skin/frontend/esso/standard/images/bg_yellow.jpg HTTP/1.1" 200 22020 "http://www.markenoele.de/" "Mozilla/5.0 (Windows NT 5.1; rv:5.0) Gecko/20100101 Firefox/5.0"
84.167.172.166 - - [03/Aug/2011:11:58:20 +0200] "GET /skin/frontend/esso/standard/images/bkg_pipe1.gif HTTP/1.1" 200 44 "http://www.markenoele.de/skin/frontend/esso/standard/css/styles.css" "Mozilla/5.0 (Windows NT 5.1; rv:5.0) Gecko/20100101 Firefox/5.0"
84.167.172.166 - - [03/Aug/2011:11:58:23 +0200] "GET /motul-schmierstoffe.html HTTP/1.1" 200 49762 "http://www.markenoele.de/" "Mozilla/5.0 (Windows NT 5.1; rv:5.0) Gecko/20100101 Firefox/5.0"
84.167.172.166 - - [03/Aug/2011:11:58:25 +0200] "GET /skin/frontend/esso/standard/images/i_pager-next.gif HTTP/1.1" 200 158 "http://www.markenoele.de/motul-schmierstoffe.html" "Mozilla/5.0 (Windows NT 5.1; rv:5.0) Gecko/20100101 Firefox/5.0"
84.167.172.166 - - [03/Aug/2011:11:58:25 +0200] "GET /skin/frontend/esso/standard/images/i_asc_arrow.gif HTTP/1.1" 200 115 "http://www.markenoele.de/motul-schmierstoffe.html" "Mozilla/5.0 (Windows NT 5.1; rv:5.0) Gecko/20100101 Firefox/5.0"
84.167.172.166 - - [03/Aug/2011:11:58:25 +0200] "GET /media/catalog/product/cache/2/small_image/170x/9df78eab33525d08d6e5fb8d27136e95/4/1/4100_power-15w50_5l.jpg HTTP/1.1" 200 8384 "http://www.markenoele.de/motul-schmierstoffe.html" "Mozilla/5.0 (Windows NT 5.1; rv:5.0) Gecko/20100101 Firefox/5.0"
84.167.172.166 - - [03/Aug/2011:11:58:25 +0200] "GET /media/catalog/product/cache/2/small_image/170x/9df78eab33525d08d6e5fb8d27136e95/4/1/4100_power_15w50_1l.jpg HTTP/1.1" 200 7710 "http://www.markenoele.de/motul-schmierstoffe.html" "Mozilla/5.0 (Windows NT 5.1; rv:5.0) Gecko/20100101 Firefox/5.0"
84.167.172.166 - - [03/Aug/2011:11:58:25 +0200] "GET /media/catalog/product/cache/2/small_image/170x/9df78eab33525d08d6e5fb8d27136e95/6/1/6100_synergieplus_10w40_1l.jpg HTTP/1.1" 200 7991 "http://www.markenoele.de/motul-schmierstoffe.html" "Mozilla/5.0 (Windows NT 5.1; rv:5.0) Gecko/20100101 Firefox/5.0"
84.167.172.166 - - [03/Aug/2011:11:58:26 +0200] "GET /media/catalog/product/cache/2/small_image/170x/9df78eab33525d08d6e5fb8d27136e95/6/1/6100_synergieplus_10w40_5l.jpg HTTP/1.1" 200 8701 "http://www.markenoele.de/motul-schmierstoffe.html" "Mozilla/5.0 (Windows NT 5.1; rv:5.0) Gecko/20100101 Firefox/5.0"
84.167.172.166 - - [03/Aug/2011:11:58:26 +0200] "GET /media/catalog/product/cache/2/small_image/170x/9df78eab33525d08d6e5fb8d27136e95/8/1/8100_x-cess_5w40_1l.jpg HTTP/1.1" 200 7747 "http://www.markenoele.de/motul-schmierstoffe.html" "Mozilla/5.0 (Windows NT 5.1; rv:5.0) Gecko/20100101 Firefox/5.0"
84.167.172.166 - - [03/Aug/2011:11:58:26 +0200] "GET /media/catalog/product/cache/2/small_image/170x/9df78eab33525d08d6e5fb8d27136e95/8/1/8100_x-cess_5w40_5l.jpg HTTP/1.1" 200 8326 "http://www.markenoele.de/motul-schmierstoffe.html" "Mozilla/5.0 (Windows NT 5.1; rv:5.0) Gecko/20100101 Firefox/5.0"
84.167.172.166 - - [03/Aug/2011:11:58:26 +0200] "GET /media/catalog/product/cache/2/small_image/170x/9df78eab33525d08d6e5fb8d27136e95/8/1/8100_xclean_5w40_1l.jpg HTTP/1.1" 200 7941 "http://www.markenoele.de/motul-schmierstoffe.html" "Mozilla/5.0 (Windows NT 5.1; rv:5.0) Gecko/20100101 Firefox/5.0"
84.167.172.166 - - [03/Aug/2011:11:58:26 +0200] "GET /media/catalog/product/cache/2/small_image/170x/9df78eab33525d08d6e5fb8d27136e95/8/1/8100_xclean_5w40_5l.jpg HTTP/1.1" 200 8644 "http://www.markenoele.de/motul-schmierstoffe.html" "Mozilla/5.0 (Windows NT 5.1; rv:5.0) Gecko/20100101 Firefox/5.0"
84.167.172.166 - - [03/Aug/2011:11:58:26 +0200] "GET /media/catalog/product/cache/2/small_image/170x/9df78eab33525d08d6e5fb8d27136e95/s/p/specific_cng_lpg_1l.jpg HTTP/1.1" 200 8019 "http://www.markenoele.de/motul-schmierstoffe.html" "Mozilla/5.0 (Windows NT 5.1; rv:5.0) Gecko/20100101 Firefox/5.0"
84.167.172.166 - - [03/Aug/2011:11:58:26 +0200] "GET /skin/frontend/esso/standard/images/bkg_toolbar.gif HTTP/1.1" 200 154 "http://www.markenoele.de/skin/frontend/esso/standard/css/styles.css" "Mozilla/5.0 (Windows NT 5.1; rv:5.0) Gecko/20100101 Firefox/5.0"
84.167.172.166 - - [03/Aug/2011:11:58:34 +0200] "GET /motul-schmierstoffe/motul-autoschmierstoffe.html HTTP/1.1" 200 51887 "http://www.markenoele.de/motul-schmierstoffe.html" "Mozilla/5.0 (Windows NT 5.1; rv:5.0) Gecko/20100101 Firefox/5.0"
84.167.172.166 - - [03/Aug/2011:11:58:40 +0200] "GET /motul-schmierstoffe/motul-autoschmierstoffe/motul-auto-motorenoel.html HTTP/1.1" 200 53717 "http://www.markenoele.de/motul-schmierstoffe/motul-autoschmierstoffe.html" "Mozilla/5.0 (Windows NT 5.1; rv:5.0) Gecko/20100101 Firefox/5.0"
84.167.172.166 - - [03/Aug/2011:11:58:50 +0200] "GET /motul-schmierstoffe/motul-autoschmierstoffe/motul-auto-motorenoel.html?dir=asc&order=viskositaet HTTP/1.1" 200 54109 "http://www.markenoele.de/motul-schmierstoffe/motul-autoschmierstoffe/motul-auto-motorenoel.html" "Mozilla/5.0 (Windows NT 5.1; rv:5.0) Gecko/20100101 Firefox/5.0"
84.167.172.166 - - [03/Aug/2011:11:58:52 +0200] "GET /media/catalog/product/cache/2/small_image/170x/9df78eab33525d08d6e5fb8d27136e95/8/1/8100_xlite_0w30_5l.jpg HTTP/1.1" 200 8560 "http://www.markenoele.de/motul-schmierstoffe/motul-autoschmierstoffe/motul-auto-motorenoel.html?dir=asc&order=viskositaet" "Mozilla/5.0 (Windows NT 5.1; rv:5.0) Gecko/20100101 Firefox/5.0"
84.167.172.166 - - [03/Aug/2011:11:58:52 +0200] "GET /media/catalog/product/cache/2/small_image/170x/9df78eab33525d08d6e5fb8d27136e95/s/p/specific_504-00_507-00_5w30_5l_1.jpg HTTP/1.1" 200 9251 "http://www.markenoele.de/motul-schmierstoffe/motul-autoschmierstoffe/motul-auto-motorenoel.html?dir=asc&order=viskositaet" "Mozilla/5.0 (Windows NT 5.1; rv:5.0) Gecko/20100101 Firefox/5.0"
84.167.172.166 - - [03/Aug/2011:11:58:52 +0200] "GET /media/catalog/product/cache/2/small_image/170x/9df78eab33525d08d6e5fb8d27136e95/8/1/8100_xlite_0w30_1l.jpg HTTP/1.1" 200 7990 "http://www.markenoele.de/motul-schmierstoffe/motul-autoschmierstoffe/motul-auto-motorenoel.html?dir=asc&order=viskositaet" "Mozilla/5.0 (Windows NT 5.1; rv:5.0) Gecko/20100101 Firefox/5.0"
84.167.172.166 - - [03/Aug/2011:11:58:52 +0200] "GET /media/catalog/product/cache/2/small_image/170x/9df78eab33525d08d6e5fb8d27136e95/8/1/8100_ecocleanplus_5w30_1l.jpg HTTP/1.1" 200 7951 "http://www.markenoele.de/motul-schmierstoffe/motul-autoschmierstoffe/motul-auto-motorenoel.html?dir=asc&order=viskositaet" "Mozilla/5.0 (Windows NT 5.1; rv:5.0) Gecko/20100101 Firefox/5.0"
84.167.172.166 - - [03/Aug/2011:11:58:52 +0200] "GET /media/catalog/product/cache/2/small_image/170x/9df78eab33525d08d6e5fb8d27136e95/s/p/specific_506-01_0w30_1l.jpg HTTP/1.1" 200 7425 "http://www.markenoele.de/motul-schmierstoffe/motul-autoschmierstoffe/motul-auto-motorenoel.html?dir=asc&order=viskositaet" "Mozilla/5.0 (Windows NT 5.1; rv:5.0) Gecko/20100101 Firefox/5.0"
84.167.172.166 - - [03/Aug/2011:12:00:40 +0200] "GET /motul-schmierstoffe/motul-autoschmierstoffe/motul-auto-motorenoel/motul-6100-synergie-5l.html HTTP/1.1" 200 32395 "http://www.markenoele.de/motul-schmierstoffe/motul-autoschmierstoffe/motul-auto-motorenoel.html?dir=asc&order=viskositaet" "Mozilla/5.0 (Windows NT 5.1; rv:5.0) Gecko/20100101 Firefox/5.0"
84.167.172.166 - - [03/Aug/2011:12:00:42 +0200] "GET /js/calendar/calendar-win2k-1.css HTTP/1.1" 200 5986 "http://www.markenoele.de/motul-schmierstoffe/motul-autoschmierstoffe/motul-auto-motorenoel/motul-6100-synergie-5l.html" "Mozilla/5.0 (Windows NT 5.1; rv:5.0) Gecko/20100101 Firefox/5.0"
84.167.172.166 - - [03/Aug/2011:12:00:42 +0200] "GET /skin/frontend/base/default/css/baseprice.css HTTP/1.1" 404 1256 "http://www.markenoele.de/motul-schmierstoffe/motul-autoschmierstoffe/motul-auto-motorenoel/motul-6100-synergie-5l.html" "Mozilla/5.0 (Windows NT 5.1; rv:5.0) Gecko/20100101 Firefox/5.0"
84.167.172.166 - - [03/Aug/2011:12:00:42 +0200] "GET /skin/frontend/esso/standard/css/jqzoom.css HTTP/1.1" 200 1051 "http://www.markenoele.de/motul-schmierstoffe/motul-autoschmierstoffe/motul-auto-motorenoel/motul-6100-synergie-5l.html" "Mozilla/5.0 (Windows NT 5.1; rv:5.0) Gecko/20100101 Firefox/5.0"
84.167.172.166 - - [03/Aug/2011:12:00:42 +0200] "GET /js/varien/product.js HTTP/1.1" 200 23531 "http://www.markenoele.de/motul-schmierstoffe/motul-autoschmierstoffe/motul-auto-motorenoel/motul-6100-synergie-5l.html" "Mozilla/5.0 (Windows NT 5.1; rv:5.0) Gecko/20100101 Firefox/5.0"
84.167.172.166 - - [03/Aug/2011:12:00:42 +0200] "GET /js/calendar/calendar-setup.js HTTP/1.1" 200 4986 "http://www.markenoele.de/motul-schmierstoffe/motul-autoschmierstoffe/motul-auto-motorenoel/motul-6100-synergie-5l.html" "Mozilla/5.0 (Windows NT 5.1; rv:5.0) Gecko/20100101 Firefox/5.0"
84.167.172.166 - - [03/Aug/2011:12:00:42 +0200] "GET /skin/frontend/esso/standard/js/jquery.jqzoom.js HTTP/1.1" 200 5131 "http://www.markenoele.de/motul-schmierstoffe/motul-autoschmierstoffe/motul-auto-motorenoel/motul-6100-synergie-5l.html" "Mozilla/5.0 (Windows NT 5.1; rv:5.0) Gecko/20100101 Firefox/5.0"
84.167.172.166 - - [03/Aug/2011:12:00:43 +0200] "GET /skin/frontend/esso/standard/js/effects.core.js HTTP/1.1" 200 19170 "http://www.markenoele.de/motul-schmierstoffe/motul-autoschmierstoffe/motul-auto-motorenoel/motul-6100-synergie-5l.html" "Mozilla/5.0 (Windows NT 5.1; rv:5.0) Gecko/20100101 Firefox/5.0"
84.167.172.166 - - [03/Aug/2011:12:00:43 +0200] "GET /skin/frontend/esso/standard/js/effects.scale.js HTTP/1.1" 200 7057 "http://www.markenoele.de/motul-schmierstoffe/motul-autoschmierstoffe/motul-auto-motorenoel/motul-6100-synergie-5l.html" "Mozilla/5.0 (Windows NT 5.1; rv:5.0) Gecko/20100101 Firefox/5.0"
84.167.172.166 - - [03/Aug/2011:12:00:43 +0200] "GET /media/catalog/product/cache/2/thumbnail2/250x250/9df78eab33525d08d6e5fb8d27136e95/6/1/6100_synergieplus_10w40_5l.jpg HTTP/1.1" 200 15332 "http://www.markenoele.de/motul-schmierstoffe/motul-autoschmierstoffe/motul-auto-motorenoel/motul-6100-synergie-5l.html" "Mozilla/5.0 (Windows NT 5.1; rv:5.0) Gecko/20100101 Firefox/5.0"
84.167.172.166 - - [03/Aug/2011:12:00:42 +0200] "GET /js/calendar/calendar.js HTTP/1.1" 200 53130 "http://www.markenoele.de/motul-schmierstoffe/motul-autoschmierstoffe/motul-auto-motorenoel/motul-6100-synergie-5l.html" "Mozilla/5.0 (Windows NT 5.1; rv:5.0) Gecko/20100101 Firefox/5.0"
84.167.172.166 - - [03/Aug/2011:12:00:42 +0200] "GET /skin/frontend/esso/standard/js/jquery-1.3.2.min.js HTTP/1.1" 200 57254 "http://www.markenoele.de/motul-schmierstoffe/motul-autoschmierstoffe/motul-auto-motorenoel/motul-6100-synergie-5l.html" "Mozilla/5.0 (Windows NT 5.1; rv:5.0) Gecko/20100101 Firefox/5.0"
84.167.172.166 - - [03/Aug/2011:12:00:44 +0200] "GET /skin/frontend/esso/standard/images/bkg_tabs.gif HTTP/1.1" 200 151 "http://www.markenoele.de/skin/frontend/esso/standard/css/styles.css" "Mozilla/5.0 (Windows NT 5.1; rv:5.0) Gecko/20100101 Firefox/5.0"
84.167.172.166 - - [03/Aug/2011:12:00:44 +0200] "GET /skin/frontend/esso/standard/images/jqzoon_lens.png HTTP/1.1" 404 1256 "http://www.markenoele.de/skin/frontend/esso/standard/css/jqzoom.css" "Mozilla/5.0 (Windows NT 5.1; rv:5.0) Gecko/20100101 Firefox/5.0"
84.167.172.166 - - [03/Aug/2011:12:00:44 +0200] "GET /media/catalog/product/6/1/6100_synergieplus_10w40_5l.jpg HTTP/1.1" 200 3075210 "http://www.markenoele.de/motul-schmierstoffe/motul-autoschmierstoffe/motul-auto-motorenoel/motul-6100-synergie-5l.html" "Mozilla/5.0 (Windows NT 5.1; rv:5.0) Gecko/20100101 Firefox/5.0"
84.167.172.166 - - [03/Aug/2011:12:01:00 +0200] "GET /motul-schmierstoffe/motul-autoschmierstoffe/motul-auto-motorenoel.html?dir=asc&order=viskositaet HTTP/1.1" 200 54109 "http://www.markenoele.de/motul-schmierstoffe/motul-autoschmierstoffe/motul-auto-motorenoel.html" "Mozilla/5.0 (Windows NT 5.1; rv:5.0) Gecko/20100101 Firefox/5.0"
84.167.172.166 - - [03/Aug/2011:12:01:25 +0200] "GET /lieferung/ HTTP/1.1" 200 23905 "http://www.markenoele.de/motul-schmierstoffe/motul-autoschmierstoffe/motul-auto-motorenoel.html?dir=asc&order=viskositaet" "Mozilla/5.0 (Windows NT 5.1; rv:5.0) Gecko/20100101 Firefox/5.0"
84.167.172.166 - - [03/Aug/2011:12:01:48 +0200] "GET /motul-schmierstoffe/motul-autoschmierstoffe/motul-auto-motorenoel.html?dir=asc&order=viskositaet HTTP/1.1" 200 54109 "http://www.markenoele.de/motul-schmierstoffe/motul-autoschmierstoffe/motul-auto-motorenoel.html" "Mozilla/5.0 (Windows NT 5.1; rv:5.0) Gecko/20100101 Firefox/5.0"
84.167.172.166 - - [03/Aug/2011:12:01:56 +0200] "GET /motul-schmierstoffe/motul-autoschmierstoffe/motul-auto-motorenoel/motul-6100-synergie-5l.html HTTP/1.1" 200 32395 "http://www.markenoele.de/motul-schmierstoffe/motul-autoschmierstoffe/motul-auto-motorenoel.html?dir=asc&order=viskositaet" "Mozilla/5.0 (Windows NT 5.1; rv:5.0) Gecko/20100101 Firefox/5.0"
84.167.172.166 - - [03/Aug/2011:12:01:59 +0200] "GET /skin/frontend/base/default/css/baseprice.css HTTP/1.1" 404 1256 "http://www.markenoele.de/motul-schmierstoffe/motul-autoschmierstoffe/motul-auto-motorenoel/motul-6100-synergie-5l.html" "Mozilla/5.0 (Windows NT 5.1; rv:5.0) Gecko/20100101 Firefox/5.0"
84.167.172.166 - - [03/Aug/2011:12:02:18 +0200] "GET /skin/frontend/esso/standard/images/jqzoon_lens.png HTTP/1.1" 404 1256 "http://www.markenoele.de/skin/frontend/esso/standard/css/jqzoom.css" "Mozilla/5.0 (Windows NT 5.1; rv:5.0) Gecko/20100101 Firefox/5.0"
84.167.172.166 - - [03/Aug/2011:12:02:24 +0200] "GET /esso-diesel.html HTTP/1.1" 200 24115 "http://www.markenoele.de/motul-schmierstoffe/motul-autoschmierstoffe/motul-auto-motorenoel/motul-6100-synergie-5l.html" "Mozilla/5.0 (Windows NT 5.1; rv:5.0) Gecko/20100101 Firefox/5.0"
84.167.172.166 - - [03/Aug/2011:12:02:26 +0200] "GET /media/cms/lkw_esso.jpg HTTP/1.1" 200 3781 "http://www.markenoele.de/esso-diesel.html" "Mozilla/5.0 (Windows NT 5.1; rv:5.0) Gecko/20100101 Firefox/5.0"
174.129.237.157 - - [03/Aug/2011:12:04:13 +0200] "GET /robots.txt HTTP/1.0" 200 918 "-" "ia_archiver (+http://www.alexa.com/site/help/webmasters; crawler@alexa.com)"
174.129.237.157 - - [03/Aug/2011:12:04:13 +0200] "GET /motul-specific-229-51.html HTTP/1.0" 200 30201 "-" "ia_archiver (+http://www.alexa.com/site/help/webmasters; crawler@alexa.com)"
66.249.72.162 - - [03/Aug/2011:12:05:20 +0200] "GET /poloshirt-sw-herren-1.html HTTP/1.1" 200 35750 "-" "Mozilla/5.0 (compatible; Googlebot/2.1; +http://www.google.com/bot.html)"
66.249.72.162 - - [03/Aug/2011:12:08:34 +0200] "GET /motul-schmierstoffe/motul-motorrad/motorenol/motul-7100-4t-53.html HTTP/1.1" 200 32357 "-" "Mozilla/5.0 (compatible; Googlebot/2.1; +http://www.google.com/bot.html)"
208.115.111.71 - - [03/Aug/2011:12:16:12 +0200] "GET /robots.txt HTTP/1.1" 200 918 "-" "Mozilla/5.0 (compatible; Ezooms/1.0; ezooms.bot@gmail.com)"
208.115.111.71 - - [03/Aug/2011:12:31:29 +0200] "GET / HTTP/1.1" 200 33356 "-" "Mozilla/5.0 (compatible; Ezooms/1.0; ezooms.bot@gmail.com)"
194.8.213.52 - - [03/Aug/2011:12:34:57 +0200] "GET / HTTP/1.0" 200 33356 "http://www.google.de/search?client=safari&rls=en&q=motul+shop&oe=UTF-8&redir_esc=&um=1&hl=de&biw=1718&bih=1002&ie=UTF-8&sa=N&tab=iw" "Mozilla/5.0 (Macintosh; U; Intel Mac OS X 10_5_8; de-de) AppleWebKit/533.21.1 (KHTML, like Gecko) Version/5.0.5 Safari/533.21.1"
194.8.213.52 - - [03/Aug/2011:12:34:59 +0200] "GET /skin/frontend/esso/standard/css/widgets.css HTTP/1.0" 200 4369 "http://www.markenoele.de/" "Mozilla/5.0 (Macintosh; U; Intel Mac OS X 10_5_8; de-de) AppleWebKit/533.21.1 (KHTML, like Gecko) Version/5.0.5 Safari/533.21.1"
194.8.213.52 - - [03/Aug/2011:12:34:59 +0200] "GET /skin/frontend/esso/standard/css/print.css HTTP/1.0" 200 1580 "http://www.markenoele.de/" "Mozilla/5.0 (Macintosh; U; Intel Mac OS X 10_5_8; de-de) AppleWebKit/533.21.1 (KHTML, like Gecko) Version/5.0.5 Safari/533.21.1"
194.8.213.52 - - [03/Aug/2011:12:34:59 +0200] "GET /js/scriptaculous/builder.js HTTP/1.0" 200 4744 "http://www.markenoele.de/" "Mozilla/5.0 (Macintosh; U; Intel Mac OS X 10_5_8; de-de) AppleWebKit/533.21.1 (KHTML, like Gecko) Version/5.0.5 Safari/533.21.1"
194.8.213.52 - - [03/Aug/2011:12:34:59 +0200] "GET /skin/frontend/esso/standard/css/styles.css HTTP/1.0" 200 79554 "http://www.markenoele.de/" "Mozilla/5.0 (Macintosh; U; Intel Mac OS X 10_5_8; de-de) AppleWebKit/533.21.1 (KHTML, like Gecko) Version/5.0.5 Safari/533.21.1"
194.8.213.52 - - [03/Aug/2011:12:34:59 +0200] "GET /js/prototype/prototype.js HTTP/1.0" 200 129960 "http://www.markenoele.de/" "Mozilla/5.0 (Macintosh; U; Intel Mac OS X 10_5_8; de-de) AppleWebKit/533.21.1 (KHTML, like Gecko) Version/5.0.5 Safari/533.21.1"
194.8.213.52 - - [03/Aug/2011:12:34:59 +0200] "GET /js/prototype/validation.js HTTP/1.0" 200 34677 "http://www.markenoele.de/" "Mozilla/5.0 (Macintosh; U; Intel Mac OS X 10_5_8; de-de) AppleWebKit/533.21.1 (KHTML, like Gecko) Version/5.0.5 Safari/533.21.1"
194.8.213.52 - - [03/Aug/2011:12:34:59 +0200] "GET /js/scriptaculous/effects.js HTTP/1.0" 200 38745 "http://www.markenoele.de/" "Mozilla/5.0 (Macintosh; U; Intel Mac OS X 10_5_8; de-de) AppleWebKit/533.21.1 (KHTML, like Gecko) Version/5.0.5 Safari/533.21.1"
194.8.213.52 - - [03/Aug/2011:12:34:59 +0200] "GET /js/scriptaculous/dragdrop.js HTTP/1.0" 200 31192 "http://www.markenoele.de/" "Mozilla/5.0 (Macintosh; U; Intel Mac OS X 10_5_8; de-de) AppleWebKit/533.21.1 (KHTML, like Gecko) Version/5.0.5 Safari/533.21.1"
194.8.213.52 - - [03/Aug/2011:12:34:59 +0200] "GET /js/scriptaculous/controls.js HTTP/1.0" 200 34797 "http://www.markenoele.de/" "Mozilla/5.0 (Macintosh; U; Intel Mac OS X 10_5_8; de-de) AppleWebKit/533.21.1 (KHTML, like Gecko) Version/5.0.5 Safari/533.21.1"
194.8.213.52 - - [03/Aug/2011:12:34:59 +0200] "GET /js/scriptaculous/slider.js HTTP/1.0" 200 10331 "http://www.markenoele.de/" "Mozilla/5.0 (Macintosh; U; Intel Mac OS X 10_5_8; de-de) AppleWebKit/533.21.1 (KHTML, like Gecko) Version/5.0.5 Safari/533.21.1"
194.8.213.52 - - [03/Aug/2011:12:34:59 +0200] "GET /js/varien/js.js HTTP/1.0" 200 16581 "http://www.markenoele.de/" "Mozilla/5.0 (Macintosh; U; Intel Mac OS X 10_5_8; de-de) AppleWebKit/533.21.1 (KHTML, like Gecko) Version/5.0.5 Safari/533.21.1"
194.8.213.52 - - [03/Aug/2011:12:35:00 +0200] "GET /js/varien/form.js HTTP/1.0" 200 11714 "http://www.markenoele.de/" "Mozilla/5.0 (Macintosh; U; Intel Mac OS X 10_5_8; de-de) AppleWebKit/533.21.1 (KHTML, like Gecko) Version/5.0.5 Safari/533.21.1"
194.8.213.52 - - [03/Aug/2011:12:35:00 +0200] "GET /js/varien/menu.js HTTP/1.0" 200 4426 "http://www.markenoele.de/" "Mozilla/5.0 (Macintosh; U; Intel Mac OS X 10_5_8; de-de) AppleWebKit/533.21.1 (KHTML, like Gecko) Version/5.0.5 Safari/533.21.1"
194.8.213.52 - - [03/Aug/2011:12:35:00 +0200] "GET /js/mage/translate.js HTTP/1.0" 200 1597 "http://www.markenoele.de/" "Mozilla/5.0 (Macintosh; U; Intel Mac OS X 10_5_8; de-de) AppleWebKit/533.21.1 (KHTML, like Gecko) Version/5.0.5 Safari/533.21.1"
194.8.213.52 - - [03/Aug/2011:12:35:00 +0200] "GET /js/mage/cookies.js HTTP/1.0" 200 2615 "http://www.markenoele.de/" "Mozilla/5.0 (Macintosh; U; Intel Mac OS X 10_5_8; de-de) AppleWebKit/533.21.1 (KHTML, like Gecko) Version/5.0.5 Safari/533.21.1"
194.8.213.52 - - [03/Aug/2011:12:35:00 +0200] "GET /skin/frontend/esso/standard/images/tropf-sm.png HTTP/1.0" 200 1179 "http://www.markenoele.de/" "Mozilla/5.0 (Macintosh; U; Intel Mac OS X 10_5_8; de-de) AppleWebKit/533.21.1 (KHTML, like Gecko) Version/5.0.5 Safari/533.21.1"
