87.157.177.200 - - [22/Aug/2013:13:33:49 +0200] "GET /back.jpg HTTP/1.1" 404 1256 "http://www.dialyse-waldbronn.de/" "Mozilla/5.0 (Windows NT 5.1; rv:23.0) Gecko/20100101 Firefox/23.0"
87.157.177.200 - - [22/Aug/2013:13:33:49 +0200] "GET /index.swf HTTP/1.1" 200 8893 "http://www.dialyse-waldbronn.de/" "Mozilla/5.0 (Windows NT 5.1; rv:23.0) Gecko/20100101 Firefox/23.0"
87.157.177.200 - - [22/Aug/2013:13:33:50 +0200] "GET /favicon.ico HTTP/1.1" 404 1256 "-" "Mozilla/5.0 (Windows NT 5.1; rv:23.0) Gecko/20100101 Firefox/23.0"
87.157.177.200 - - [22/Aug/2013:13:33:50 +0200] "GET /favicon.ico HTTP/1.1" 404 1256 "-" "Mozilla/5.0 (Windows NT 5.1; rv:23.0) Gecko/20100101 Firefox/23.0"
87.157.177.200 - - [22/Aug/2013:13:33:55 +0200] "GET /00themen00.html HTTP/1.1" 200 2236 "http://www.dialyse-waldbronn.de/" "Mozilla/5.0 (Windows NT 5.1; rv:23.0) Gecko/20100101 Firefox/23.0"
87.157.177.200 - - [22/Aug/2013:13:33:56 +0200] "GET /AC_RunActiveContent.js HTTP/1.1" 200 8029 "http://www.dialyse-waldbronn.de/00themen00.html" "Mozilla/5.0 (Windows NT 5.1; rv:23.0) Gecko/20100101 Firefox/23.0"
87.157.177.200 - - [22/Aug/2013:13:33:56 +0200] "GET /00themen00.swf HTTP/1.1" 200 12608 "http://www.dialyse-waldbronn.de/00themen00.html" "Mozilla/5.0 (Windows NT 5.1; rv:23.0) Gecko/20100101 Firefox/23.0"
87.157.177.200 - - [22/Aug/2013:13:33:58 +0200] "GET /03.html HTTP/1.1" 200 2012 "http://www.dialyse-waldbronn.de/00themen00.html" "Mozilla/5.0 (Windows NT 5.1; rv:23.0) Gecko/20100101 Firefox/23.0"
87.157.177.200 - - [22/Aug/2013:13:33:58 +0200] "GET /AC_RunActiveContent.js HTTP/1.1" 200 8029 "http://www.dialyse-waldbronn.de/03.html" "Mozilla/5.0 (Windows NT 5.1; rv:23.0) Gecko/20100101 Firefox/23.0"
87.157.177.200 - - [22/Aug/2013:13:33:59 +0200] "GET /03.swf HTTP/1.1" 200 79366 "http://www.dialyse-waldbronn.de/03.html" "Mozilla/5.0 (Windows NT 5.1; rv:23.0) Gecko/20100101 Firefox/23.0"
87.157.177.200 - - [22/Aug/2013:13:34:04 +0200] "GET /00themen00.swf HTTP/1.1" 200 12608 "http://www.dialyse-waldbronn.de/00themen00.html" "Mozilla/5.0 (Windows NT 5.1; rv:23.0) Gecko/20100101 Firefox/23.0"
87.157.177.200 - - [22/Aug/2013:13:34:06 +0200] "GET /01.html HTTP/1.1" 200 1988 "http://www.dialyse-waldbronn.de/00themen00.html" "Mozilla/5.0 (Windows NT 5.1; rv:23.0) Gecko/20100101 Firefox/23.0"
87.157.177.200 - - [22/Aug/2013:13:34:06 +0200] "GET /AC_RunActiveContent.js HTTP/1.1" 200 8029 "http://www.dialyse-waldbronn.de/01.html" "Mozilla/5.0 (Windows NT 5.1; rv:23.0) Gecko/20100101 Firefox/23.0"
87.157.177.200 - - [22/Aug/2013:13:34:06 +0200] "GET /01.swf HTTP/1.1" 200 36918 "http://www.dialyse-waldbronn.de/01.html" "Mozilla/5.0 (Windows NT 5.1; rv:23.0) Gecko/20100101 Firefox/23.0"
87.157.177.200 - - [22/Aug/2013:13:34:10 +0200] "GET /00themen00.swf HTTP/1.1" 200 12608 "http://www.dialyse-waldbronn.de/00themen00.html" "Mozilla/5.0 (Windows NT 5.1; rv:23.0) Gecko/20100101 Firefox/23.0"
87.157.177.200 - - [22/Aug/2013:13:34:13 +0200] "GET /index.swf HTTP/1.1" 200 8893 "http://www.dialyse-waldbronn.de/" "Mozilla/5.0 (Windows NT 5.1; rv:23.0) Gecko/20100101 Firefox/23.0"
66.249.78.134 - - [22/Aug/2013:15:14:27 +0200] "GET /robots.txt HTTP/1.1" 404 1256 "-" "Mozilla/5.0 (compatible; Googlebot/2.1; +http://www.google.com/bot.html)"
66.249.75.125 - - [22/Aug/2013:15:14:27 +0200] "GET / HTTP/1.1" 200 4014 "-" "DoCoMo/2.0 N905i(c100;TB;W24H16) (compatible; Googlebot-Mobile/2.1; +http://www.google.com/bot.html)"
66.249.78.134 - - [22/Aug/2013:20:55:52 +0200] "GET /robots.txt HTTP/1.1" 404 1256 "-" "Mozilla/5.0 (compatible; Googlebot/2.1; +http://www.google.com/bot.html)"
66.249.78.134 - - [22/Aug/2013:20:55:52 +0200] "GET /09a.html HTTP/1.1" 200 2065 "-" "Mozilla/5.0 (compatible; Googlebot/2.1; +http://www.google.com/bot.html)"
79.227.189.73 - - [22/Aug/2013:21:56:32 +0200] "GET / HTTP/1.1" 200 4014 "http://www.google.de/url?sa=t&rct=j&q=dialyse%20waldbronn&source=web&cd=1&ved=0CDEQFjAA&url=http%3A%2F%2Fwww.dialyse-waldbronn.de%2F&ei=q2wWUuQFoejhBIGUgcgP&usg=AFQjCNHEX_ZQroPS8hwDzjOxqVHmV6iDWw&bvm=bv.51156542,d.bGE" "Mozilla/5.0 (compatible; MSIE 10.0; Windows NT 6.1; WOW64; Trident/6.0; tb-webde/2.3.0)"
79.227.189.73 - - [22/Aug/2013:21:56:33 +0200] "GET /back.jpg HTTP/1.1" 404 1256 "http://www.dialyse-waldbronn.de/" "Mozilla/5.0 (compatible; MSIE 10.0; Windows NT 6.1; WOW64; Trident/6.0; tb-webde/2.3.0)"
79.227.189.73 - - [22/Aug/2013:21:56:33 +0200] "HEAD /index.swf HTTP/1.1" 200 - "-" "contype"
79.227.189.73 - - [22/Aug/2013:21:56:33 +0200] "GET /index.swf HTTP/1.1" 200 8893 "http://www.dialyse-waldbronn.de/" "Mozilla/5.0 (compatible; MSIE 10.0; Windows NT 6.1; WOW64; Trident/6.0; tb-webde/2.3.0)"
79.227.189.73 - - [22/Aug/2013:21:56:33 +0200] "GET /favicon.ico HTTP/1.1" 404 1256 "-" "Mozilla/5.0 (compatible; MSIE 10.0; Windows NT 6.1; Win64; x64; Trident/6.0; tb-webde/2.3.0)"
79.227.189.73 - - [22/Aug/2013:21:56:41 +0200] "GET /00themen00.html HTTP/1.1" 200 2236 "http://www.dialyse-waldbronn.de/index.swf" "Mozilla/5.0 (compatible; MSIE 10.0; Windows NT 6.1; WOW64; Trident/6.0; tb-webde/2.3.0)"
79.227.189.73 - - [22/Aug/2013:21:56:41 +0200] "GET /AC_RunActiveContent.js HTTP/1.1" 200 8029 "http://www.dialyse-waldbronn.de/index.swf" "Mozilla/5.0 (compatible; MSIE 10.0; Windows NT 6.1; WOW64; Trident/6.0; tb-webde/2.3.0)"
79.227.189.73 - - [22/Aug/2013:21:56:41 +0200] "GET /00themen00.swf HTTP/1.1" 200 12608 "http://www.dialyse-waldbronn.de/00themen00.html" "Mozilla/5.0 (compatible; MSIE 10.0; Windows NT 6.1; WOW64; Trident/6.0; tb-webde/2.3.0)"
79.227.189.73 - - [22/Aug/2013:21:56:41 +0200] "GET /favicon.ico HTTP/1.1" 404 1256 "-" "Mozilla/5.0 (compatible; MSIE 10.0; Windows NT 6.1; Win64; x64; Trident/6.0; tb-webde/2.3.0)"
79.227.189.73 - - [22/Aug/2013:21:56:44 +0200] "GET /01.html HTTP/1.1" 200 1988 "http://www.dialyse-waldbronn.de/00themen00.swf" "Mozilla/5.0 (compatible; MSIE 10.0; Windows NT 6.1; WOW64; Trident/6.0; tb-webde/2.3.0)"
79.227.189.73 - - [22/Aug/2013:21:56:44 +0200] "GET /01.swf HTTP/1.1" 200 36918 "http://www.dialyse-waldbronn.de/01.html" "Mozilla/5.0 (compatible; MSIE 10.0; Windows NT 6.1; WOW64; Trident/6.0; tb-webde/2.3.0)"
79.227.189.73 - - [22/Aug/2013:21:58:13 +0200] "GET /02.html HTTP/1.1" 200 1988 "http://www.dialyse-waldbronn.de/00themen00.swf" "Mozilla/5.0 (compatible; MSIE 10.0; Windows NT 6.1; WOW64; Trident/6.0; tb-webde/2.3.0)"
79.227.189.73 - - [22/Aug/2013:21:58:14 +0200] "GET /02.swf HTTP/1.1" 200 19509 "http://www.dialyse-waldbronn.de/02.html" "Mozilla/5.0 (compatible; MSIE 10.0; Windows NT 6.1; WOW64; Trident/6.0; tb-webde/2.3.0)"
79.227.189.73 - - [22/Aug/2013:22:00:09 +0200] "GET /03.html HTTP/1.1" 200 2012 "http://www.dialyse-waldbronn.de/00themen00.swf" "Mozilla/5.0 (compatible; MSIE 10.0; Windows NT 6.1; WOW64; Trident/6.0; tb-webde/2.3.0)"
79.227.189.73 - - [22/Aug/2013:22:00:09 +0200] "GET /03.swf HTTP/1.1" 200 79366 "http://www.dialyse-waldbronn.de/03.html" "Mozilla/5.0 (compatible; MSIE 10.0; Windows NT 6.1; WOW64; Trident/6.0; tb-webde/2.3.0)"
79.227.189.73 - - [22/Aug/2013:22:00:35 +0200] "GET /03b.html HTTP/1.1" 200 2020 "http://www.dialyse-waldbronn.de/03.swf" "Mozilla/5.0 (compatible; MSIE 10.0; Windows NT 6.1; WOW64; Trident/6.0; tb-webde/2.3.0)"
79.227.189.73 - - [22/Aug/2013:22:00:35 +0200] "GET /03b.swf HTTP/1.1" 200 198225 "http://www.dialyse-waldbronn.de/03b.html" "Mozilla/5.0 (compatible; MSIE 10.0; Windows NT 6.1; WOW64; Trident/6.0; tb-webde/2.3.0)"
79.227.189.73 - - [22/Aug/2013:22:01:25 +0200] "GET /04.html HTTP/1.1" 200 1988 "http://www.dialyse-waldbronn.de/00themen00.swf" "Mozilla/5.0 (compatible; MSIE 10.0; Windows NT 6.1; WOW64; Trident/6.0; tb-webde/2.3.0)"
79.227.189.73 - - [22/Aug/2013:22:01:26 +0200] "GET /04.swf HTTP/1.1" 200 20526 "http://www.dialyse-waldbronn.de/04.html" "Mozilla/5.0 (compatible; MSIE 10.0; Windows NT 6.1; WOW64; Trident/6.0; tb-webde/2.3.0)"
79.227.189.73 - - [22/Aug/2013:22:01:46 +0200] "GET /05.html HTTP/1.1" 200 1988 "http://www.dialyse-waldbronn.de/00themen00.swf" "Mozilla/5.0 (compatible; MSIE 10.0; Windows NT 6.1; WOW64; Trident/6.0; tb-webde/2.3.0)"
79.227.189.73 - - [22/Aug/2013:22:01:47 +0200] "GET /05.swf HTTP/1.1" 200 44441 "http://www.dialyse-waldbronn.de/05.html" "Mozilla/5.0 (compatible; MSIE 10.0; Windows NT 6.1; WOW64; Trident/6.0; tb-webde/2.3.0)"
79.227.189.73 - - [22/Aug/2013:22:02:31 +0200] "GET /06.html HTTP/1.1" 200 1988 "http://www.dialyse-waldbronn.de/00themen00.swf" "Mozilla/5.0 (compatible; MSIE 10.0; Windows NT 6.1; WOW64; Trident/6.0; tb-webde/2.3.0)"
79.227.189.73 - - [22/Aug/2013:22:02:31 +0200] "GET /06.swf HTTP/1.1" 200 18307 "http://www.dialyse-waldbronn.de/06.html" "Mozilla/5.0 (compatible; MSIE 10.0; Windows NT 6.1; WOW64; Trident/6.0; tb-webde/2.3.0)"
79.227.189.73 - - [22/Aug/2013:22:02:44 +0200] "GET /07.html HTTP/1.1" 200 2372 "http://www.dialyse-waldbronn.de/00themen00.swf" "Mozilla/5.0 (compatible; MSIE 10.0; Windows NT 6.1; WOW64; Trident/6.0; tb-webde/2.3.0)"
79.227.189.73 - - [22/Aug/2013:22:02:44 +0200] "GET /07.swf HTTP/1.1" 200 22237 "http://www.dialyse-waldbronn.de/07.html" "Mozilla/5.0 (compatible; MSIE 10.0; Windows NT 6.1; WOW64; Trident/6.0; tb-webde/2.3.0)"
79.227.189.73 - - [22/Aug/2013:22:32:34 +0200] "GET /08.html HTTP/1.1" 200 2068 "http://www.dialyse-waldbronn.de/00themen00.swf" "Mozilla/5.0 (compatible; MSIE 10.0; Windows NT 6.1; WOW64; Trident/6.0; tb-webde/2.3.0)"
79.227.189.73 - - [22/Aug/2013:22:32:34 +0200] "GET /08.swf HTTP/1.1" 200 22102 "http://www.dialyse-waldbronn.de/08.html" "Mozilla/5.0 (compatible; MSIE 10.0; Windows NT 6.1; WOW64; Trident/6.0; tb-webde/2.3.0)"
79.227.189.73 - - [22/Aug/2013:22:32:54 +0200] "GET /04waldbronn.html HTTP/1.1" 200 2092 "http://www.dialyse-waldbronn.de/08.swf" "Mozilla/5.0 (compatible; MSIE 10.0; Windows NT 6.1; WOW64; Trident/6.0; tb-webde/2.3.0)"
79.227.189.73 - - [22/Aug/2013:22:32:54 +0200] "GET /04waldbronn.html HTTP/1.1" 200 2092 "http://www.dialyse-waldbronn.de/08.swf" "Mozilla/5.0 (compatible; MSIE 10.0; Windows NT 6.1; WOW64; Trident/6.0; tb-webde/2.3.0)"
79.227.189.73 - - [22/Aug/2013:22:32:55 +0200] "GET /04waldbronn.swf HTTP/1.1" 200 20798 "http://www.dialyse-waldbronn.de/04waldbronn.html" "Mozilla/5.0 (compatible; MSIE 10.0; Windows NT 6.1; WOW64; Trident/6.0; tb-webde/2.3.0)"
79.227.189.73 - - [22/Aug/2013:22:33:04 +0200] "GET /09.html HTTP/1.1" 200 2140 "http://www.dialyse-waldbronn.de/00themen00.swf" "Mozilla/5.0 (compatible; MSIE 10.0; Windows NT 6.1; WOW64; Trident/6.0; tb-webde/2.3.0)"
79.227.189.73 - - [22/Aug/2013:22:33:04 +0200] "GET /09.html HTTP/1.1" 200 2140 "http://www.dialyse-waldbronn.de/00themen00.swf" "Mozilla/5.0 (compatible; MSIE 10.0; Windows NT 6.1; WOW64; Trident/6.0; tb-webde/2.3.0)"
79.227.189.73 - - [22/Aug/2013:22:33:04 +0200] "GET /09.swf HTTP/1.1" 200 23193 "http://www.dialyse-waldbronn.de/09.html" "Mozilla/5.0 (compatible; MSIE 10.0; Windows NT 6.1; WOW64; Trident/6.0; tb-webde/2.3.0)"
66.249.78.134 - - [23/Aug/2013:01:46:45 +0200] "GET / HTTP/1.1" 200 4014 "-" "Mozilla/5.0 (iPhone; U; CPU iPhone OS 4_1 like Mac OS X; en-us) AppleWebKit/532.9 (KHTML, like Gecko) Version/4.0.5 Mobile/8B117 Safari/6531.22.7 (compatible; Googlebot-Mobile/2.1; +http://www.google.com/bot.html)"
83.133.125.202 - - [23/Aug/2013:09:44:37 +0200] "GET / HTTP/1.1" 200 4014 "http://www.sumaja.de/?such_wert=dialyse" "Mozilla/5.0 (Windows; U; Windows NT 6.0; en-US) AppleWebKit/533.4 (KHTML, like Gecko) Chrome/5.0.375.126 Safari/533.4"
66.249.72.125 - - [23/Aug/2013:13:38:37 +0200] "GET /robots.txt HTTP/1.1" 404 1256 "-" "Mozilla/5.0 (compatible; Googlebot/2.1; +http://www.google.com/bot.html)"
66.249.72.125 - - [23/Aug/2013:13:38:37 +0200] "GET /03.html HTTP/1.1" 304 - "-" "Mozilla/5.0 (iPhone; U; CPU iPhone OS 4_1 like Mac OS X; en-us) AppleWebKit/532.9 (KHTML, like Gecko) Version/4.0.5 Mobile/8B117 Safari/6531.22.7 (compatible; Googlebot-Mobile/2.1; +http://www.google.com/bot.html)"
157.56.92.165 - - [23/Aug/2013:15:21:51 +0200] "GET /robots.txt HTTP/1.1" 404 1256 "-" "Mozilla/5.0 (compatible; bingbot/2.0; +http://www.bing.com/bingbot.htm)"
157.56.92.165 - - [23/Aug/2013:15:22:31 +0200] "GET / HTTP/1.1" 200 4014 "-" "Mozilla/5.0 (compatible; bingbot/2.0; +http://www.bing.com/bingbot.htm)"
141.8.147.12 - - [23/Aug/2013:16:22:33 +0200] "GET /robots.txt HTTP/1.1" 404 1256 "-" "Mozilla/5.0 (compatible; YandexBot/3.0; +http://yandex.com/bots)"
141.8.147.12 - - [23/Aug/2013:17:12:54 +0200] "GET /02.html HTTP/1.1" 200 1988 "-" "Mozilla/5.0 (compatible; YandexBot/3.0; +http://yandex.com/bots)"
178.163.170.46 - - [23/Aug/2013:17:19:40 +0200] "GET / HTTP/1.1" 200 4014 "http://yandex.ru/clck/jsredir?from=yandex.by%3Byandsearch%3Bweb%3B%3B&text=Waldbronn-Busenbach%2CYou%20Tube&state=AiuY0DBWFJ4ePaEse6rgeAjgs2pI3DW99KUdgowt9XujWdVUNG4aJsiKKwuRhdiIJi8cO-BlLP2pFtSbOVnjDPY_u1uZVmcHpl1Wj_AKtKSQKhSqW5HYbo3sllS4Yu7i-AqBQ0DEIgxjfQCgRwXyhRvuBfxlUMDo3UrghHeyMQlm0IK1CYMH5-t_6dVBNxT4&data=UlNrNmk5WktYejR0eWJFYk1LdmtxdVlRNjBNZkxVN0NhVU5acVhZOG1wMHhkTzBIZVl4cDRKX2JqSU5pV0pGUG5HNVJuV2o3bjVSX2RWdGRRNVB5Q0RfVVdjb1o1UERzQ0wxd3g4LUNTMWlZSmhzRWwyZ0FYUQ&b64e=2&sign=c9a0eae7602195e0f442b441afa7a953&keyno=0&l10n=ru&mc=5.699099043258112" "Mozilla/5.0 (Windows NT 6.1; WOW64) AppleWebKit/537.36 (KHTML, like Gecko) Chrome/28.0.1500.95 Safari/537.36"
178.163.170.46 - - [23/Aug/2013:17:19:41 +0200] "GET /back.jpg HTTP/1.1" 404 1256 "http://www.dialyse-waldbronn.de/" "Mozilla/5.0 (Windows NT 6.1; WOW64) AppleWebKit/537.36 (KHTML, like Gecko) Chrome/28.0.1500.95 Safari/537.36"
178.163.170.46 - - [23/Aug/2013:17:19:41 +0200] "GET /index.swf HTTP/1.1" 200 8893 "http://www.dialyse-waldbronn.de/" "Mozilla/5.0 (Windows NT 6.1; WOW64) AppleWebKit/537.36 (KHTML, like Gecko) Chrome/28.0.1500.95 Safari/537.36"
178.163.170.46 - - [23/Aug/2013:17:19:46 +0200] "GET /favicon.ico HTTP/1.1" 404 1256 "-" "Mozilla/5.0 (Windows NT 6.1; WOW64) AppleWebKit/537.36 (KHTML, like Gecko) Chrome/28.0.1500.95 Safari/537.36"
178.163.170.46 - - [23/Aug/2013:17:20:33 +0200] "GET /00themen00.html HTTP/1.1" 200 2236 "http://www.dialyse-waldbronn.de/" "Mozilla/5.0 (Windows NT 6.1; WOW64) AppleWebKit/537.36 (KHTML, like Gecko) Chrome/28.0.1500.95 Safari/537.36"
178.163.170.46 - - [23/Aug/2013:17:20:34 +0200] "GET /AC_RunActiveContent.js HTTP/1.1" 200 8029 "http://www.dialyse-waldbronn.de/00themen00.html" "Mozilla/5.0 (Windows NT 6.1; WOW64) AppleWebKit/537.36 (KHTML, like Gecko) Chrome/28.0.1500.95 Safari/537.36"
178.163.170.46 - - [23/Aug/2013:17:20:35 +0200] "GET /00themen00.swf HTTP/1.1" 200 12608 "http://www.dialyse-waldbronn.de/00themen00.html" "Mozilla/5.0 (Windows NT 6.1; WOW64) AppleWebKit/537.36 (KHTML, like Gecko) Chrome/28.0.1500.95 Safari/537.36"
178.163.170.46 - - [23/Aug/2013:17:20:35 +0200] "GET /favicon.ico HTTP/1.1" 404 1256 "-" "Mozilla/5.0 (Windows NT 6.1; WOW64) AppleWebKit/537.36 (KHTML, like Gecko) Chrome/28.0.1500.95 Safari/537.36"
178.163.170.46 - - [23/Aug/2013:17:21:05 +0200] "GET /favicon.ico HTTP/1.1" 404 1256 "-" "Mozilla/5.0 (Windows NT 6.1; WOW64) AppleWebKit/537.36 (KHTML, like Gecko) Chrome/28.0.1500.95 Safari/537.36"
178.163.170.46 - - [23/Aug/2013:17:21:05 +0200] "GET /back.jpg HTTP/1.1" 404 1256 "http://www.dialyse-waldbronn.de/" "Mozilla/5.0 (Windows NT 6.1; WOW64) AppleWebKit/537.36 (KHTML, like Gecko) Chrome/28.0.1500.95 Safari/537.36"
178.163.170.46 - - [23/Aug/2013:17:21:10 +0200] "GET /favicon.ico HTTP/1.1" 404 1256 "-" "Mozilla/5.0 (Windows NT 6.1; WOW64) AppleWebKit/537.36 (KHTML, like Gecko) Chrome/28.0.1500.95 Safari/537.36"
141.8.147.12 - - [23/Aug/2013:17:51:10 +0200] "GET /06.html HTTP/1.1" 200 1988 "-" "Mozilla/5.0 (compatible; YandexBot/3.0; +http://yandex.com/bots)"
141.8.147.12 - - [23/Aug/2013:18:31:28 +0200] "GET /07.html HTTP/1.1" 200 2372 "-" "Mozilla/5.0 (compatible; YandexBot/3.0; +http://yandex.com/bots)"
144.76.42.76 - - [23/Aug/2013:19:25:58 +0200] "GET /robots.txt HTTP/1.1" 404 1256 "-" "Java/1.7.0_25"
141.8.147.12 - - [23/Aug/2013:19:25:59 +0200] "GET /04.html HTTP/1.1" 200 1988 "-" "Mozilla/5.0 (compatible; YandexBot/3.0; +http://yandex.com/bots)"
141.8.147.12 - - [23/Aug/2013:20:52:32 +0200] "GET /01.html HTTP/1.1" 200 1988 "-" "Mozilla/5.0 (compatible; YandexBot/3.0; +http://yandex.com/bots)"
141.8.147.12 - - [23/Aug/2013:21:03:18 +0200] "GET /08.html HTTP/1.1" 200 2068 "-" "Mozilla/5.0 (compatible; YandexBot/3.0; +http://yandex.com/bots)"
141.8.147.12 - - [23/Aug/2013:21:03:22 +0200] "GET /05.html HTTP/1.1" 200 1988 "-" "Mozilla/5.0 (compatible; YandexBot/3.0; +http://yandex.com/bots)"
141.8.147.12 - - [23/Aug/2013:21:07:39 +0200] "GET /09.html HTTP/1.1" 200 2140 "-" "Mozilla/5.0 (compatible; YandexBot/3.0; +http://yandex.com/bots)"
141.8.147.12 - - [23/Aug/2013:21:10:45 +0200] "GET /03.html HTTP/1.1" 200 2012 "-" "Mozilla/5.0 (compatible; YandexBot/3.0; +http://yandex.com/bots)"
95.208.193.32 - - [23/Aug/2013:21:48:24 +0200] "GET /09a.html HTTP/1.1" 200 2065 "https://www.google.de/" "Mozilla/5.0 (Linux; U; Android 4.1.2; de-de; GT-I9300 Build/JZO54K) AppleWebKit/534.30 (KHTML, like Gecko) Version/4.0 Mobile Safari/534.30"
95.208.193.32 - - [23/Aug/2013:21:48:24 +0200] "GET /AC_RunActiveContent.js HTTP/1.1" 200 8029 "http://www.dialyse-waldbronn.de/09a.html" "Mozilla/5.0 (Linux; U; Android 4.1.2; de-de; GT-I9300 Build/JZO54K) AppleWebKit/534.30 (KHTML, like Gecko) Version/4.0 Mobile Safari/534.30"
95.208.193.32 - - [23/Aug/2013:21:48:24 +0200] "GET /favicon.ico HTTP/1.1" 404 1256 "http://www.dialyse-waldbronn.de/09a.html" "Mozilla/5.0 (Linux; U; Android 4.1.2; de-de; GT-I9300 Build/JZO54K) AppleWebKit/534.30 (KHTML, like Gecko) Version/4.0 Mobile Safari/534.30"
141.8.147.12 - - [23/Aug/2013:22:03:26 +0200] "GET /00themen00.swf HTTP/1.1" 200 12608 "-" "Mozilla/5.0 (compatible; YandexBot/3.0; +http://yandex.com/bots)"
141.8.147.12 - - [23/Aug/2013:22:25:57 +0200] "GET /03b.html HTTP/1.1" 200 2020 "-" "Mozilla/5.0 (compatible; YandexBot/3.0; +http://yandex.com/bots)"
141.8.147.12 - - [23/Aug/2013:22:34:33 +0200] "GET /07.swf HTTP/1.1" 200 22237 "-" "Mozilla/5.0 (compatible; YandexBot/3.0; +http://yandex.com/bots)"
141.8.147.12 - - [23/Aug/2013:22:39:37 +0200] "GET /09a.html HTTP/1.1" 200 2065 "-" "Mozilla/5.0 (compatible; YandexBot/3.0; +http://yandex.com/bots)"
141.8.147.12 - - [23/Aug/2013:22:52:01 +0200] "GET /09.swf HTTP/1.1" 200 23193 "-" "Mozilla/5.0 (compatible; YandexBot/3.0; +http://yandex.com/bots)"
141.8.147.12 - - [23/Aug/2013:22:53:19 +0200] "GET /04waldbronn.html HTTP/1.1" 200 2092 "-" "Mozilla/5.0 (compatible; YandexBot/3.0; +http://yandex.com/bots)"
141.8.147.12 - - [23/Aug/2013:22:54:52 +0200] "GET /04waldbronn.swf HTTP/1.1" 200 20798 "-" "Mozilla/5.0 (compatible; YandexBot/3.0; +http://yandex.com/bots)"
66.249.72.125 - - [24/Aug/2013:02:07:42 +0200] "GET /robots.txt HTTP/1.1" 404 1256 "-" "Mozilla/5.0 (compatible; Googlebot/2.1; +http://www.google.com/bot.html)"
66.249.72.125 - - [24/Aug/2013:02:07:42 +0200] "GET /09a.html HTTP/1.1" 304 - "-" "Mozilla/5.0 (iPhone; U; CPU iPhone OS 4_1 like Mac OS X; en-us) AppleWebKit/532.9 (KHTML, like Gecko) Version/4.0.5 Mobile/8B117 Safari/6531.22.7 (compatible; Googlebot-Mobile/2.1; +http://www.google.com/bot.html)"
157.55.35.48 - - [24/Aug/2013:02:39:29 +0200] "GET /robots.txt HTTP/1.1" 404 1256 "-" "Mozilla/5.0 (compatible; bingbot/2.0; +http://www.bing.com/bingbot.htm)"
157.55.35.48 - - [24/Aug/2013:02:39:56 +0200] "GET / HTTP/1.1" 200 4014 "-" "Mozilla/5.0 (compatible; bingbot/2.0; +http://www.bing.com/bingbot.htm)"
66.249.72.125 - - [24/Aug/2013:04:21:27 +0200] "GET / HTTP/1.1" 200 4014 "-" "Mozilla/5.0 (compatible; Googlebot/2.1; +http://www.google.com/bot.html)"
141.8.147.12 - - [24/Aug/2013:04:34:10 +0200] "GET /robots.txt HTTP/1.1" 404 1256 "-" "Mozilla/5.0 (compatible; YandexBot/3.0; +http://yandex.com/bots)"
141.8.147.12 - - [24/Aug/2013:04:57:13 +0200] "GET / HTTP/1.1" 200 4014 "-" "Mozilla/5.0 (compatible; YandexBot/3.0; +http://yandex.com/bots)"
141.8.147.12 - - [24/Aug/2013:04:57:15 +0200] "GET /index.swf HTTP/1.1" 200 8893 "-" "Mozilla/5.0 (compatible; YandexBot/3.0; +http://yandex.com/bots)"
157.55.33.88 - - [24/Aug/2013:08:19:14 +0200] "GET /robots.txt HTTP/1.1" 404 1256 "-" "Mozilla/5.0 (compatible; bingbot/2.0; +http://www.bing.com/bingbot.htm)"
157.55.33.88 - - [24/Aug/2013:08:19:40 +0200] "GET / HTTP/1.1" 200 4014 "-" "Mozilla/5.0 (compatible; bingbot/2.0; +http://www.bing.com/bingbot.htm)"
66.249.72.125 - - [24/Aug/2013:14:23:45 +0200] "GET /robots.txt HTTP/1.1" 404 1256 "-" "Mozilla/5.0 (compatible; Googlebot/2.1; +http://www.google.com/bot.html)"
66.249.72.125 - - [24/Aug/2013:14:23:45 +0200] "GET / HTTP/1.1" 200 4014 "-" "Mozilla/5.0 (iPhone; U; CPU iPhone OS 4_1 like Mac OS X; en-us) AppleWebKit/532.9 (KHTML, like Gecko) Version/4.0.5 Mobile/8B117 Safari/6531.22.7 (compatible; Googlebot-Mobile/2.1; +http://www.google.com/bot.html)"
66.249.78.134 - - [24/Aug/2013:15:42:12 +0200] "GET /apple-touch-icon-precomposed.png HTTP/1.1" 404 1256 "-" "Googlebot-Image/1.0"
141.8.147.12 - - [24/Aug/2013:16:35:29 +0200] "GET /robots.txt HTTP/1.1" 404 1256 "-" "Mozilla/5.0 (compatible; YandexBot/3.0; +http://yandex.com/bots)"
66.249.78.134 - - [24/Aug/2013:17:00:20 +0200] "GET / HTTP/1.1" 200 4014 "-" "SAMSUNG-SGH-E250/1.0 Profile/MIDP-2.0 Configuration/CLDC-1.1 UP.Browser/6.2.3.3.c.1.101 (GUI) MMP/2.0 (compatible; Googlebot-Mobile/2.1; +http://www.google.com/bot.html)"
66.249.78.134 - - [24/Aug/2013:17:28:16 +0200] "GET /00themen00.html HTTP/1.1" 304 - "-" "Mozilla/5.0 (iPhone; U; CPU iPhone OS 4_1 like Mac OS X; en-us) AppleWebKit/532.9 (KHTML, like Gecko) Version/4.0.5 Mobile/8B117 Safari/6531.22.7 (compatible; Googlebot-Mobile/2.1; +http://www.google.com/bot.html)"
141.8.147.12 - - [24/Aug/2013:20:20:03 +0200] "GET /01.swf HTTP/1.1" 200 36918 "-" "Mozilla/5.0 (compatible; YandexBot/3.0; +http://yandex.com/bots)"
141.8.147.12 - - [24/Aug/2013:21:18:31 +0200] "GET /05.swf HTTP/1.1" 200 44441 "-" "Mozilla/5.0 (compatible; YandexBot/3.0; +http://yandex.com/bots)"
141.8.147.12 - - [24/Aug/2013:22:11:45 +0200] "GET /03.swf HTTP/1.1" 200 79366 "-" "Mozilla/5.0 (compatible; YandexBot/3.0; +http://yandex.com/bots)"
141.8.147.12 - - [24/Aug/2013:22:11:47 +0200] "GET /06.swf HTTP/1.1" 200 18307 "-" "Mozilla/5.0 (compatible; YandexBot/3.0; +http://yandex.com/bots)"
141.8.147.12 - - [24/Aug/2013:22:11:49 +0200] "GET /04.swf HTTP/1.1" 200 20526 "-" "Mozilla/5.0 (compatible; YandexBot/3.0; +http://yandex.com/bots)"
141.8.147.12 - - [24/Aug/2013:22:11:52 +0200] "GET /index.swf HTTP/1.1" 200 8893 "-" "Mozilla/5.0 (compatible; YandexBot/3.0; +http://yandex.com/bots)"
157.55.33.88 - - [24/Aug/2013:22:52:35 +0200] "GET /robots.txt HTTP/1.1" 404 1256 "-" "Mozilla/5.0 (compatible; bingbot/2.0; +http://www.bing.com/bingbot.htm)"
157.55.33.88 - - [24/Aug/2013:22:54:22 +0200] "GET / HTTP/1.1" 200 4014 "-" "Mozilla/5.0 (compatible; bingbot/2.0; +http://www.bing.com/bingbot.htm)"
66.249.78.134 - - [25/Aug/2013:03:03:18 +0200] "GET /robots.txt HTTP/1.1" 404 1256 "-" "Mozilla/5.0 (compatible; Googlebot/2.1; +http://www.google.com/bot.html)"
66.249.78.134 - - [25/Aug/2013:03:03:18 +0200] "GET /index.swf HTTP/1.1" 200 8893 "-" "Mozilla/5.0 (iPhone; U; CPU iPhone OS 4_1 like Mac OS X; en-us) AppleWebKit/532.9 (KHTML, like Gecko) Version/4.0.5 Mobile/8B117 Safari/6531.22.7 (compatible; Googlebot-Mobile/2.1; +http://www.google.com/bot.html)"
141.8.147.12 - - [25/Aug/2013:04:37:04 +0200] "GET /robots.txt HTTP/1.1" 404 1256 "-" "Mozilla/5.0 (compatible; YandexBot/3.0; +http://yandex.com/bots)"
141.8.147.12 - - [25/Aug/2013:07:52:22 +0200] "GET /03b.swf HTTP/1.1" 200 198225 "-" "Mozilla/5.0 (compatible; YandexBot/3.0; +http://yandex.com/bots)"
88.198.24.173 - - [25/Aug/2013:08:21:17 +0200] "GET /robots.txt HTTP/1.1" 404 1256 "-" "ssearch_bot (sSearch Crawler; http://www.semantissimo.de)"
88.198.24.173 - - [25/Aug/2013:08:21:18 +0200] "GET / HTTP/1.1" 200 4014 "-" "ssearch_bot (sSearch Crawler; http://www.semantissimo.de)"
157.55.33.88 - - [25/Aug/2013:09:40:53 +0200] "GET /robots.txt HTTP/1.1" 404 1256 "-" "Mozilla/5.0 (compatible; bingbot/2.0; +http://www.bing.com/bingbot.htm)"
157.55.33.88 - - [25/Aug/2013:09:41:39 +0200] "GET / HTTP/1.1" 200 4014 "-" "Mozilla/5.0 (compatible; bingbot/2.0; +http://www.bing.com/bingbot.htm)"
66.249.78.134 - - [25/Aug/2013:12:12:42 +0200] "GET /apple-touch-icon.png HTTP/1.1" 404 1256 "-" "Googlebot-Image/1.0"
91.45.191.224 - - [25/Aug/2013:12:42:25 +0200] "GET / HTTP/1.1" 200 4014 "http://www.google.de/url?sa=t&rct=j&q=&esrc=s&source=web&cd=1&ved=0CDEQFjAA&url=http%3A%2F%2Fwww.dialyse-waldbronn.de%2F&ei=N98ZUpnIMu774QTL54DYDw&v6u=https%3A%2F%2Fs-v6exp1-ds.metric.gstatic.com%2Fgen_204%3Fip%3D91.45.191.224%26ts%3D1377427256184139%26auth%3Dnzpugumy6bdcrvphlis5vcjfsjlklsqi%26rndm%3D0.11727053170953206&v6s=2&v6t=1419&usg=AFQjCNHEX_ZQroPS8hwDzjOxqVHmV6iDWw&bvm=bv.51156542,d.bGE" "Mozilla/5.0 (Windows NT 6.2; WOW64; rv:23.0) Gecko/20100101 Firefox/23.0"
91.45.191.224 - - [25/Aug/2013:12:42:25 +0200] "GET /index.swf HTTP/1.1" 200 8893 "http://www.dialyse-waldbronn.de/" "Mozilla/5.0 (Windows NT 6.2; WOW64; rv:23.0) Gecko/20100101 Firefox/23.0"
91.45.191.224 - - [25/Aug/2013:12:42:25 +0200] "GET /back.jpg HTTP/1.1" 404 1256 "http://www.dialyse-waldbronn.de/" "Mozilla/5.0 (Windows NT 6.2; WOW64; rv:23.0) Gecko/20100101 Firefox/23.0"
91.45.191.224 - - [25/Aug/2013:12:42:25 +0200] "GET /favicon.ico HTTP/1.1" 404 1256 "-" "Mozilla/5.0 (Windows NT 6.2; WOW64; rv:23.0) Gecko/20100101 Firefox/23.0"
91.45.191.224 - - [25/Aug/2013:12:46:17 +0200] "GET /index.swf HTTP/1.1" 200 8893 "http://www.dialyse-waldbronn.de/" "Mozilla/5.0 (Windows NT 6.2; WOW64; rv:23.0) Gecko/20100101 Firefox/23.0"
91.45.191.224 - - [25/Aug/2013:12:46:17 +0200] "GET /back.jpg HTTP/1.1" 404 1256 "http://www.dialyse-waldbronn.de/" "Mozilla/5.0 (Windows NT 6.2; WOW64; rv:23.0) Gecko/20100101 Firefox/23.0"
66.249.78.134 - - [25/Aug/2013:13:21:18 +0200] "GET /09a.html HTTP/1.1" 304 - "-" "Mozilla/5.0 (iPhone; U; CPU iPhone OS 4_1 like Mac OS X; en-us) AppleWebKit/532.9 (KHTML, like Gecko) Version/4.0.5 Mobile/8B117 Safari/6531.22.7 (compatible; Googlebot-Mobile/2.1; +http://www.google.com/bot.html)"
66.249.78.134 - - [25/Aug/2013:13:44:38 +0200] "GET /favicon.ico HTTP/1.1" 404 1256 "-" "Googlebot-Image/1.0"
217.84.127.136 - - [25/Aug/2013:14:19:56 +0200] "GET /00themen00.html HTTP/1.1" 200 2236 "-" "Mozilla/5.0 (Macintosh; Intel Mac OS X 10_8_4) AppleWebKit/536.30.1 (KHTML, like Gecko) Version/6.0.5 Safari/536.30.1"
217.84.127.136 - - [25/Aug/2013:14:19:56 +0200] "GET /AC_RunActiveContent.js HTTP/1.1" 200 8029 "http://www.dialyse-waldbronn.de/00themen00.html" "Mozilla/5.0 (Macintosh; Intel Mac OS X 10_8_4) AppleWebKit/536.30.1 (KHTML, like Gecko) Version/6.0.5 Safari/536.30.1"
157.55.33.88 - - [25/Aug/2013:19:39:07 +0200] "GET /robots.txt HTTP/1.1" 404 1256 "-" "Mozilla/5.0 (compatible; bingbot/2.0; +http://www.bing.com/bingbot.htm)"
157.55.33.88 - - [25/Aug/2013:19:39:36 +0200] "GET / HTTP/1.1" 200 4014 "-" "Mozilla/5.0 (compatible; bingbot/2.0; +http://www.bing.com/bingbot.htm)"
157.56.93.60 - - [25/Aug/2013:21:29:26 +0200] "GET /robots.txt HTTP/1.1" 404 1256 "-" "Mozilla/5.0 (compatible; bingbot/2.0; +http://www.bing.com/bingbot.htm)"
157.56.93.60 - - [25/Aug/2013:21:30:13 +0200] "GET / HTTP/1.1" 200 4014 "-" "Mozilla/5.0 (compatible; bingbot/2.0; +http://www.bing.com/bingbot.htm)"
66.249.78.134 - - [26/Aug/2013:01:53:41 +0200] "GET /robots.txt HTTP/1.1" 404 1256 "-" "Mozilla/5.0 (compatible; Googlebot/2.1; +http://www.google.com/bot.html)"
66.249.78.134 - - [26/Aug/2013:01:53:41 +0200] "GET / HTTP/1.1" 200 4014 "-" "Mozilla/5.0 (iPhone; U; CPU iPhone OS 4_1 like Mac OS X; en-us) AppleWebKit/532.9 (KHTML, like Gecko) Version/4.0.5 Mobile/8B117 Safari/6531.22.7 (compatible; Googlebot-Mobile/2.1; +http://www.google.com/bot.html)"
66.249.78.134 - - [26/Aug/2013:03:50:58 +0200] "GET /09a.html HTTP/1.1" 304 - "-" "Mozilla/5.0 (compatible; Googlebot/2.1; +http://www.google.com/bot.html)"
66.249.78.134 - - [26/Aug/2013:06:59:42 +0200] "GET /09.html HTTP/1.1" 200 2140 "-" "Mozilla/5.0 (compatible; Googlebot/2.1; +http://www.google.com/bot.html)"
157.56.93.60 - - [26/Aug/2013:09:01:32 +0200] "GET /robots.txt HTTP/1.1" 404 1256 "-" "Mozilla/5.0 (compatible; bingbot/2.0; +http://www.bing.com/bingbot.htm)"
157.56.93.60 - - [26/Aug/2013:09:02:05 +0200] "GET / HTTP/1.1" 200 4014 "-" "Mozilla/5.0 (compatible; bingbot/2.0; +http://www.bing.com/bingbot.htm)"
66.249.78.134 - - [26/Aug/2013:11:15:02 +0200] "GET /robots.txt HTTP/1.1" 404 1256 "-" "Mozilla/5.0 (compatible; Googlebot/2.1; +http://www.google.com/bot.html)"
66.249.78.134 - - [26/Aug/2013:11:15:02 +0200] "GET /04waldbronn.html HTTP/1.1" 304 - "-" "Mozilla/5.0 (compatible; Googlebot/2.1; +http://www.google.com/bot.html)"
66.249.78.134 - - [26/Aug/2013:12:33:35 +0200] "GET /01.html HTTP/1.1" 304 - "-" "Mozilla/5.0 (compatible; Googlebot/2.1; +http://www.google.com/bot.html)"
66.249.78.134 - - [26/Aug/2013:13:12:52 +0200] "GET /04.swf HTTP/1.1" 200 20526 "-" "Mozilla/5.0 (compatible; Googlebot/2.1; +http://www.google.com/bot.html)"
66.249.78.134 - - [26/Aug/2013:13:47:04 +0200] "GET /00themen00.html HTTP/1.1" 200 2236 "-" "Mozilla/5.0 (iPhone; U; CPU iPhone OS 4_1 like Mac OS X; en-us) AppleWebKit/532.9 (KHTML, like Gecko) Version/4.0.5 Mobile/8B117 Safari/6531.22.7 (compatible; Googlebot-Mobile/2.1; +http://www.google.com/bot.html)"
66.249.78.134 - - [26/Aug/2013:15:04:10 +0200] "GET /03b.swf HTTP/1.1" 200 198225 "-" "Mozilla/5.0 (compatible; Googlebot/2.1; +http://www.google.com/bot.html)"
66.249.78.134 - - [26/Aug/2013:15:30:21 +0200] "GET /09a.swf HTTP/1.1" 200 19689 "-" "Mozilla/5.0 (compatible; Googlebot/2.1; +http://www.google.com/bot.html)"
66.249.78.134 - - [26/Aug/2013:16:16:11 +0200] "GET /04waldbronn.swf HTTP/1.1" 200 20798 "-" "Mozilla/5.0 (compatible; Googlebot/2.1; +http://www.google.com/bot.html)"
66.249.75.125 - - [26/Aug/2013:17:28:11 +0200] "GET / HTTP/1.1" 200 4014 "-" "Mozilla/5.0 (compatible; Googlebot/2.1; +http://www.google.com/bot.html)"
157.55.32.236 - - [26/Aug/2013:20:54:28 +0200] "GET /robots.txt HTTP/1.1" 404 1256 "-" "Mozilla/5.0 (compatible; bingbot/2.0; +http://www.bing.com/bingbot.htm)"
157.55.32.236 - - [26/Aug/2013:20:55:38 +0200] "GET / HTTP/1.1" 200 4014 "-" "Mozilla/5.0 (compatible; bingbot/2.0; +http://www.bing.com/bingbot.htm)"
157.55.32.236 - - [26/Aug/2013:21:25:38 +0200] "GET / HTTP/1.1" 200 4014 "-" "Mozilla/5.0 (compatible; bingbot/2.0; +http://www.bing.com/bingbot.htm)"
66.249.78.134 - - [27/Aug/2013:01:02:56 +0200] "GET /robots.txt HTTP/1.1" 404 1256 "-" "Mozilla/5.0 (compatible; Googlebot/2.1; +http://www.google.com/bot.html)"
66.249.78.134 - - [27/Aug/2013:03:02:34 +0200] "GET / HTTP/1.1" 200 4014 "-" "Mozilla/5.0 (iPhone; U; CPU iPhone OS 4_1 like Mac OS X; en-us) AppleWebKit/532.9 (KHTML, like Gecko) Version/4.0.5 Mobile/8B117 Safari/6531.22.7 (compatible; Googlebot-Mobile/2.1; +http://www.google.com/bot.html)"
46.4.27.145 - - [27/Aug/2013:09:04:16 +0200] "GET / HTTP/1.1" 200 4014 "" "Mozilla/5.0 (Windows NT 6.1; WOW64; rv:18.0) Gecko/20100101 Firefox/18.0"
46.4.27.145 - - [27/Aug/2013:09:04:16 +0200] "GET / HTTP/1.1" 200 4014 "-" "Mozilla/5.0 (Windows NT 6.1; WOW64; rv:18.0) Gecko/20100101 Firefox/18.0"
46.4.27.145 - - [27/Aug/2013:09:04:16 +0200] "GET /back.jpg HTTP/1.1" 404 1256 "http://www.dialyse-waldbronn.de/" "Mozilla/5.0 (Windows NT 6.1; WOW64; rv:18.0) Gecko/20100101 Firefox/18.0"
141.8.147.12 - - [27/Aug/2013:12:33:55 +0200] "GET /robots.txt HTTP/1.1" 404 1256 "-" "Mozilla/5.0 (compatible; YandexBot/3.0; +http://yandex.com/bots)"
83.133.125.202 - - [27/Aug/2013:15:55:18 +0200] "GET / HTTP/1.1" 200 4014 "http://www.sumaja.de/?such_wert=karlsruhe" "Mozilla/4.0 (compatible; MSIE 8.0; Windows NT 5.1; Trident/4.0; FBSMTWB; ATC/1.0; .NET CLR 1.1.4322; ATC/1.0; .NET CLR 2.0.50727; .NET CLR 3.0.4506.2152; .NET CLR 3.5.30729)"
141.8.147.12 - - [27/Aug/2013:16:20:28 +0200] "GET /03b.swf HTTP/1.1" 200 198225 "-" "Mozilla/5.0 (compatible; YandexBot/3.0; +http://yandex.com/bots)"
157.55.32.98 - - [27/Aug/2013:19:13:02 +0200] "GET /robots.txt HTTP/1.1" 404 1256 "-" "Mozilla/5.0 (compatible; bingbot/2.0; +http://www.bing.com/bingbot.htm)"
157.55.32.98 - - [27/Aug/2013:19:17:25 +0200] "GET / HTTP/1.1" 200 4014 "-" "Mozilla/5.0 (compatible; bingbot/2.0; +http://www.bing.com/bingbot.htm)"
64.246.165.180 - - [27/Aug/2013:21:24:14 +0200] "GET /robots.txt HTTP/1.0" 404 1256 "-" "Mozilla/5.0 (Windows; U; Windows NT 5.1; en; rv:1.9.0.13) Gecko/2009073022 Firefox/3.5.2 (.NET CLR 3.5.30729) SurveyBot/2.3 (DomainTools)"
64.246.165.180 - - [27/Aug/2013:21:24:14 +0200] "GET / HTTP/1.1" 200 4014 "http://whois.domaintools.com/dialyse-waldbronn.de" "Mozilla/5.0 (Windows; U; Windows NT 5.1; en; rv:1.9.0.13) Gecko/2009073022 Firefox/3.5.2 (.NET CLR 3.5.30729) SurveyBot/2.3 (DomainTools)"
141.8.147.12 - - [28/Aug/2013:00:32:29 +0200] "GET /robots.txt HTTP/1.1" 404 1256 "-" "Mozilla/5.0 (compatible; YandexBot/3.0; +http://yandex.com/bots)"
141.8.147.12 - - [28/Aug/2013:00:34:32 +0200] "GET / HTTP/1.1" 200 4014 "-" "Mozilla/5.0 (compatible; YandexBot/3.0; +http://yandex.com/bots)"
141.8.147.12 - - [28/Aug/2013:00:34:34 +0200] "GET /index.swf HTTP/1.1" 200 8893 "-" "Mozilla/5.0 (compatible; YandexBot/3.0; +http://yandex.com/bots)"
66.249.78.134 - - [28/Aug/2013:02:02:24 +0200] "GET /robots.txt HTTP/1.1" 404 1256 "-" "Mozilla/5.0 (compatible; Googlebot/2.1; +http://www.google.com/bot.html)"
66.249.78.134 - - [28/Aug/2013:02:02:24 +0200] "GET /09.html HTTP/1.1" 200 2140 "-" "Mozilla/5.0 (iPhone; U; CPU iPhone OS 4_1 like Mac OS X; en-us) AppleWebKit/532.9 (KHTML, like Gecko) Version/4.0.5 Mobile/8B117 Safari/6531.22.7 (compatible; Googlebot-Mobile/2.1; +http://www.google.com/bot.html)"
66.249.78.134 - - [28/Aug/2013:04:07:23 +0200] "GET /09.html HTTP/1.1" 200 2140 "-" "SAMSUNG-SGH-E250/1.0 Profile/MIDP-2.0 Configuration/CLDC-1.1 UP.Browser/6.2.3.3.c.1.101 (GUI) MMP/2.0 (compatible; Googlebot-Mobile/2.1; +http://www.google.com/bot.html)"
66.249.74.217 - - [28/Aug/2013:05:13:50 +0200] "GET /09.html HTTP/1.1" 200 2140 "-" "DoCoMo/2.0 N905i(c100;TB;W24H16) (compatible; Googlebot-Mobile/2.1; +http://www.google.com/bot.html)"
66.249.78.134 - - [28/Aug/2013:05:42:40 +0200] "GET /apple-touch-icon-precomposed.png HTTP/1.1" 404 1256 "-" "Googlebot-Image/1.0"
66.249.78.134 - - [28/Aug/2013:13:08:40 +0200] "GET /robots.txt HTTP/1.1" 404 1256 "-" "Mozilla/5.0 (compatible; Googlebot/2.1; +http://www.google.com/bot.html)"
66.249.78.134 - - [28/Aug/2013:13:08:40 +0200] "GET /03.html HTTP/1.1" 304 - "-" "Mozilla/5.0 (iPhone; U; CPU iPhone OS 4_1 like Mac OS X; en-us) AppleWebKit/532.9 (KHTML, like Gecko) Version/4.0.5 Mobile/8B117 Safari/6531.22.7 (compatible; Googlebot-Mobile/2.1; +http://www.google.com/bot.html)"
87.148.209.239 - - [28/Aug/2013:14:38:15 +0200] "GET / HTTP/1.1" 200 4014 "http://suche.web.de/web?origin=tb_lasttab_ff&currPath=starthp&currSrc=tb_lasttab_ff&q=dialysen+schwarzwald" "Mozilla/5.0 (Windows NT 6.1; WOW64; rv:23.0) Gecko/20100101 Firefox/23.0"
87.148.209.239 - - [28/Aug/2013:14:38:15 +0200] "GET /back.jpg HTTP/1.1" 404 1256 "http://www.dialyse-waldbronn.de/" "Mozilla/5.0 (Windows NT 6.1; WOW64; rv:23.0) Gecko/20100101 Firefox/23.0"
87.148.209.239 - - [28/Aug/2013:14:38:15 +0200] "GET /index.swf HTTP/1.1" 200 8893 "http://www.dialyse-waldbronn.de/" "Mozilla/5.0 (Windows NT 6.1; WOW64; rv:23.0) Gecko/20100101 Firefox/23.0"
87.148.209.239 - - [28/Aug/2013:14:38:16 +0200] "GET /favicon.ico HTTP/1.1" 404 1256 "-" "Mozilla/5.0 (Windows NT 6.1; WOW64; rv:23.0) Gecko/20100101 Firefox/23.0"
87.148.209.239 - - [28/Aug/2013:14:38:16 +0200] "GET /favicon.ico HTTP/1.1" 404 1256 "-" "Mozilla/5.0 (Windows NT 6.1; WOW64; rv:23.0) Gecko/20100101 Firefox/23.0"
87.148.209.239 - - [28/Aug/2013:14:38:20 +0200] "GET /00themen00.html HTTP/1.1" 200 2236 "http://www.dialyse-waldbronn.de/" "Mozilla/5.0 (Windows NT 6.1; WOW64; rv:23.0) Gecko/20100101 Firefox/23.0"
87.148.209.239 - - [28/Aug/2013:14:38:21 +0200] "GET /AC_RunActiveContent.js HTTP/1.1" 200 8029 "http://www.dialyse-waldbronn.de/00themen00.html" "Mozilla/5.0 (Windows NT 6.1; WOW64; rv:23.0) Gecko/20100101 Firefox/23.0"
87.148.209.239 - - [28/Aug/2013:14:38:21 +0200] "GET /00themen00.swf HTTP/1.1" 200 12608 "http://www.dialyse-waldbronn.de/00themen00.html" "Mozilla/5.0 (Windows NT 6.1; WOW64; rv:23.0) Gecko/20100101 Firefox/23.0"
87.148.209.239 - - [28/Aug/2013:14:38:25 +0200] "GET /04.html HTTP/1.1" 200 1988 "http://www.dialyse-waldbronn.de/00themen00.html" "Mozilla/5.0 (Windows NT 6.1; WOW64; rv:23.0) Gecko/20100101 Firefox/23.0"
87.148.209.239 - - [28/Aug/2013:14:38:25 +0200] "GET /04.swf HTTP/1.1" 200 20526 "http://www.dialyse-waldbronn.de/04.html" "Mozilla/5.0 (Windows NT 6.1; WOW64; rv:23.0) Gecko/20100101 Firefox/23.0"
91.89.161.239 - - [28/Aug/2013:17:33:31 +0200] "GET /09a.html HTTP/1.1" 200 2065 "http://www.google.de/url?sa=t&rct=j&q=dr.%20menzinger%20waldbronn&source=web&cd=3&cad=rja&ved=0CEAQFjAC&url=http%3A%2F%2Fwww.dialyse-waldbronn.de%2F09a.html&ei=HhgeUqKJNMWD4gTZsIHADA&usg=AFQjCNG6uMrHKx5duZ5AcMzcLXwByavrQg&bvm=bv.51156542,d.bGE" "Mozilla/4.0 (compatible; MSIE 8.0; Windows NT 5.1; Trident/4.0; InfoPath.1; .NET CLR 2.0.50727; .NET CLR 3.0.04506.30; .NET CLR 3.0.4506.2152; .NET CLR 3.5.30729; AskTbAVR-IDW/5.15.26.45268)"
91.89.161.239 - - [28/Aug/2013:17:33:31 +0200] "GET /AC_RunActiveContent.js HTTP/1.1" 200 8029 "http://www.dialyse-waldbronn.de/09a.html" "Mozilla/4.0 (compatible; MSIE 8.0; Windows NT 5.1; Trident/4.0; InfoPath.1; .NET CLR 2.0.50727; .NET CLR 3.0.04506.30; .NET CLR 3.0.4506.2152; .NET CLR 3.5.30729; AskTbAVR-IDW/5.15.26.45268)"
91.89.161.239 - - [28/Aug/2013:17:33:31 +0200] "GET /09a.swf HTTP/1.1" 200 19689 "http://www.dialyse-waldbronn.de/09a.html" "Mozilla/4.0 (compatible; MSIE 8.0; Windows NT 5.1; Trident/4.0; InfoPath.1; .NET CLR 2.0.50727; .NET CLR 3.0.04506.30; .NET CLR 3.0.4506.2152; .NET CLR 3.5.30729; AskTbAVR-IDW/5.15.26.45268)"
91.89.161.239 - - [28/Aug/2013:17:33:32 +0200] "GET /favicon.ico HTTP/1.1" 404 1256 "-" "Mozilla/4.0 (compatible; MSIE 8.0; Windows NT 5.1; Trident/4.0; InfoPath.1; .NET CLR 2.0.50727; .NET CLR 3.0.04506.30; .NET CLR 3.0.4506.2152; .NET CLR 3.5.30729; AskTbAVR-IDW/5.15.26.45268)"
91.89.161.239 - - [28/Aug/2013:17:33:42 +0200] "GET /09.html HTTP/1.1" 200 2140 "http://www.dialyse-waldbronn.de/09a.swf" "Mozilla/4.0 (compatible; MSIE 8.0; Windows NT 5.1; Trident/4.0; InfoPath.1; .NET CLR 2.0.50727; .NET CLR 3.0.04506.30; .NET CLR 3.0.4506.2152; .NET CLR 3.5.30729; AskTbAVR-IDW/5.15.26.45268)"
91.89.161.239 - - [28/Aug/2013:17:33:42 +0200] "GET /09.swf HTTP/1.1" 200 23193 "http://www.dialyse-waldbronn.de/09.html" "Mozilla/4.0 (compatible; MSIE 8.0; Windows NT 5.1; Trident/4.0; InfoPath.1; .NET CLR 2.0.50727; .NET CLR 3.0.04506.30; .NET CLR 3.0.4506.2152; .NET CLR 3.5.30729; AskTbAVR-IDW/5.15.26.45268)"
91.89.161.239 - - [28/Aug/2013:17:33:42 +0200] "GET /favicon.ico HTTP/1.1" 404 1256 "-" "Mozilla/4.0 (compatible; MSIE 8.0; Windows NT 5.1; Trident/4.0; InfoPath.1; .NET CLR 2.0.50727; .NET CLR 3.0.04506.30; .NET CLR 3.0.4506.2152; .NET CLR 3.5.30729; AskTbAVR-IDW/5.15.26.45268)"
91.89.161.239 - - [28/Aug/2013:17:33:52 +0200] "GET /00themen00.html HTTP/1.1" 200 2236 "http://www.dialyse-waldbronn.de/09.swf" "Mozilla/4.0 (compatible; MSIE 8.0; Windows NT 5.1; Trident/4.0; InfoPath.1; .NET CLR 2.0.50727; .NET CLR 3.0.04506.30; .NET CLR 3.0.4506.2152; .NET CLR 3.5.30729; AskTbAVR-IDW/5.15.26.45268)"
91.89.161.239 - - [28/Aug/2013:17:33:53 +0200] "GET /00themen00.swf HTTP/1.1" 200 12608 "http://www.dialyse-waldbronn.de/00themen00.html" "Mozilla/4.0 (compatible; MSIE 8.0; Windows NT 5.1; Trident/4.0; InfoPath.1; .NET CLR 2.0.50727; .NET CLR 3.0.04506.30; .NET CLR 3.0.4506.2152; .NET CLR 3.5.30729; AskTbAVR-IDW/5.15.26.45268)"
91.89.161.239 - - [28/Aug/2013:17:33:55 +0200] "GET /01.html HTTP/1.1" 200 1988 "http://www.dialyse-waldbronn.de/00themen00.swf" "Mozilla/4.0 (compatible; MSIE 8.0; Windows NT 5.1; Trident/4.0; InfoPath.1; .NET CLR 2.0.50727; .NET CLR 3.0.04506.30; .NET CLR 3.0.4506.2152; .NET CLR 3.5.30729; AskTbAVR-IDW/5.15.26.45268)"
91.89.161.239 - - [28/Aug/2013:17:33:55 +0200] "GET /01.swf HTTP/1.1" 200 36918 "http://www.dialyse-waldbronn.de/01.html" "Mozilla/4.0 (compatible; MSIE 8.0; Windows NT 5.1; Trident/4.0; InfoPath.1; .NET CLR 2.0.50727; .NET CLR 3.0.04506.30; .NET CLR 3.0.4506.2152; .NET CLR 3.5.30729; AskTbAVR-IDW/5.15.26.45268)"
91.89.161.239 - - [28/Aug/2013:17:34:05 +0200] "GET /03.html HTTP/1.1" 200 2012 "http://www.dialyse-waldbronn.de/00themen00.swf" "Mozilla/4.0 (compatible; MSIE 8.0; Windows NT 5.1; Trident/4.0; InfoPath.1; .NET CLR 2.0.50727; .NET CLR 3.0.04506.30; .NET CLR 3.0.4506.2152; .NET CLR 3.5.30729; AskTbAVR-IDW/5.15.26.45268)"
91.89.161.239 - - [28/Aug/2013:17:34:06 +0200] "GET /03.swf HTTP/1.1" 200 79366 "http://www.dialyse-waldbronn.de/03.html" "Mozilla/4.0 (compatible; MSIE 8.0; Windows NT 5.1; Trident/4.0; InfoPath.1; .NET CLR 2.0.50727; .NET CLR 3.0.04506.30; .NET CLR 3.0.4506.2152; .NET CLR 3.5.30729; AskTbAVR-IDW/5.15.26.45268)"
91.89.161.239 - - [28/Aug/2013:17:34:26 +0200] "GET /02.html HTTP/1.1" 200 1988 "http://www.dialyse-waldbronn.de/00themen00.swf" "Mozilla/4.0 (compatible; MSIE 8.0; Windows NT 5.1; Trident/4.0; InfoPath.1; .NET CLR 2.0.50727; .NET CLR 3.0.04506.30; .NET CLR 3.0.4506.2152; .NET CLR 3.5.30729; AskTbAVR-IDW/5.15.26.45268)"
91.89.161.239 - - [28/Aug/2013:17:34:26 +0200] "GET /02.swf HTTP/1.1" 200 19509 "http://www.dialyse-waldbronn.de/02.html" "Mozilla/4.0 (compatible; MSIE 8.0; Windows NT 5.1; Trident/4.0; InfoPath.1; .NET CLR 2.0.50727; .NET CLR 3.0.04506.30; .NET CLR 3.0.4506.2152; .NET CLR 3.5.30729; AskTbAVR-IDW/5.15.26.45268)"
91.89.161.239 - - [28/Aug/2013:17:34:40 +0200] "GET /08.html HTTP/1.1" 200 2068 "http://www.dialyse-waldbronn.de/00themen00.swf" "Mozilla/4.0 (compatible; MSIE 8.0; Windows NT 5.1; Trident/4.0; InfoPath.1; .NET CLR 2.0.50727; .NET CLR 3.0.04506.30; .NET CLR 3.0.4506.2152; .NET CLR 3.5.30729; AskTbAVR-IDW/5.15.26.45268)"
91.89.161.239 - - [28/Aug/2013:17:34:41 +0200] "GET /08.swf HTTP/1.1" 200 22102 "http://www.dialyse-waldbronn.de/08.html" "Mozilla/4.0 (compatible; MSIE 8.0; Windows NT 5.1; Trident/4.0; InfoPath.1; .NET CLR 2.0.50727; .NET CLR 3.0.04506.30; .NET CLR 3.0.4506.2152; .NET CLR 3.5.30729; AskTbAVR-IDW/5.15.26.45268)"
157.56.93.186 - - [28/Aug/2013:21:20:13 +0200] "GET /robots.txt HTTP/1.1" 404 1256 "-" "Mozilla/5.0 (compatible; bingbot/2.0; +http://www.bing.com/bingbot.htm)"
157.56.93.186 - - [28/Aug/2013:21:21:02 +0200] "GET / HTTP/1.1" 200 4014 "-" "Mozilla/5.0 (compatible; bingbot/2.0; +http://www.bing.com/bingbot.htm)"
66.249.78.134 - - [29/Aug/2013:00:53:01 +0200] "GET /robots.txt HTTP/1.1" 404 1256 "-" "Mozilla/5.0 (compatible; Googlebot/2.1; +http://www.google.com/bot.html)"
66.249.78.134 - - [29/Aug/2013:00:53:01 +0200] "GET / HTTP/1.1" 200 4014 "-" "Mozilla/5.0 (iPhone; U; CPU iPhone OS 4_1 like Mac OS X; en-us) AppleWebKit/532.9 (KHTML, like Gecko) Version/4.0.5 Mobile/8B117 Safari/6531.22.7 (compatible; Googlebot-Mobile/2.1; +http://www.google.com/bot.html)"
66.249.78.134 - - [29/Aug/2013:01:25:12 +0200] "GET /09a.html HTTP/1.1" 304 - "-" "Mozilla/5.0 (iPhone; U; CPU iPhone OS 4_1 like Mac OS X; en-us) AppleWebKit/532.9 (KHTML, like Gecko) Version/4.0.5 Mobile/8B117 Safari/6531.22.7 (compatible; Googlebot-Mobile/2.1; +http://www.google.com/bot.html)"
141.8.147.12 - - [29/Aug/2013:08:15:48 +0200] "GET /robots.txt HTTP/1.1" 404 1256 "-" "Mozilla/5.0 (compatible; YandexBot/3.0; +http://yandex.com/bots)"
141.8.147.12 - - [29/Aug/2013:08:41:52 +0200] "GET /03.html HTTP/1.1" 304 - "-" "Mozilla/5.0 (compatible; YandexBot/3.0; +http://yandex.com/bots)"
141.8.147.12 - - [29/Aug/2013:08:55:28 +0200] "GET /00themen00.html HTTP/1.1" 200 2236 "-" "Mozilla/5.0 (compatible; YandexBot/3.0; +http://yandex.com/bots)"
141.8.147.12 - - [29/Aug/2013:09:08:30 +0200] "GET /09.html HTTP/1.1" 304 - "-" "Mozilla/5.0 (compatible; YandexBot/3.0; +http://yandex.com/bots)"
141.8.147.12 - - [29/Aug/2013:09:15:25 +0200] "GET /04.html HTTP/1.1" 304 - "-" "Mozilla/5.0 (compatible; YandexBot/3.0; +http://yandex.com/bots)"
141.8.147.12 - - [29/Aug/2013:09:17:00 +0200] "GET /01.html HTTP/1.1" 304 - "-" "Mozilla/5.0 (compatible; YandexBot/3.0; +http://yandex.com/bots)"
141.8.147.12 - - [29/Aug/2013:09:20:56 +0200] "GET /08.html HTTP/1.1" 304 - "-" "Mozilla/5.0 (compatible; YandexBot/3.0; +http://yandex.com/bots)"
141.8.147.12 - - [29/Aug/2013:09:41:18 +0200] "GET /05.html HTTP/1.1" 304 - "-" "Mozilla/5.0 (compatible; YandexBot/3.0; +http://yandex.com/bots)"
141.8.147.12 - - [29/Aug/2013:09:52:30 +0200] "GET /02.html HTTP/1.1" 304 - "-" "Mozilla/5.0 (compatible; YandexBot/3.0; +http://yandex.com/bots)"
141.8.147.12 - - [29/Aug/2013:10:02:11 +0200] "GET /06.html HTTP/1.1" 304 - "-" "Mozilla/5.0 (compatible; YandexBot/3.0; +http://yandex.com/bots)"
141.8.147.12 - - [29/Aug/2013:10:02:38 +0200] "GET /07.html HTTP/1.1" 304 - "-" "Mozilla/5.0 (compatible; YandexBot/3.0; +http://yandex.com/bots)"
217.233.133.107 - - [29/Aug/2013:10:05:02 +0200] "GET /09a.html HTTP/1.1" 200 2065 "https://www.google.de/" "Mozilla/5.0 (Windows NT 6.1) AppleWebKit/537.36 (KHTML, like Gecko) Chrome/29.0.1547.57 Safari/537.36"
217.233.133.107 - - [29/Aug/2013:10:05:02 +0200] "GET /AC_RunActiveContent.js HTTP/1.1" 200 8029 "http://www.dialyse-waldbronn.de/09a.html" "Mozilla/5.0 (Windows NT 6.1) AppleWebKit/537.36 (KHTML, like Gecko) Chrome/29.0.1547.57 Safari/537.36"
217.233.133.107 - - [29/Aug/2013:10:05:03 +0200] "GET /09a.swf HTTP/1.1" 200 19689 "http://www.dialyse-waldbronn.de/09a.html" "Mozilla/5.0 (Windows NT 6.1) AppleWebKit/537.36 (KHTML, like Gecko) Chrome/29.0.1547.57 Safari/537.36"
217.233.133.107 - - [29/Aug/2013:10:05:03 +0200] "GET /favicon.ico HTTP/1.1" 404 1256 "-" "Mozilla/5.0 (Windows NT 6.1) AppleWebKit/537.36 (KHTML, like Gecko) Chrome/29.0.1547.57 Safari/537.36"
217.233.133.107 - - [29/Aug/2013:10:05:59 +0200] "GET /00themen00.html HTTP/1.1" 200 2236 "http://www.dialyse-waldbronn.de/09a.html" "Mozilla/5.0 (Windows NT 6.1) AppleWebKit/537.36 (KHTML, like Gecko) Chrome/29.0.1547.57 Safari/537.36"
217.233.133.107 - - [29/Aug/2013:10:05:59 +0200] "GET /00themen00.swf HTTP/1.1" 200 12608 "http://www.dialyse-waldbronn.de/00themen00.html" "Mozilla/5.0 (Windows NT 6.1) AppleWebKit/537.36 (KHTML, like Gecko) Chrome/29.0.1547.57 Safari/537.36"
217.233.133.107 - - [29/Aug/2013:10:06:03 +0200] "GET /01.html HTTP/1.1" 200 1988 "http://www.dialyse-waldbronn.de/00themen00.html" "Mozilla/5.0 (Windows NT 6.1) AppleWebKit/537.36 (KHTML, like Gecko) Chrome/29.0.1547.57 Safari/537.36"
217.233.133.107 - - [29/Aug/2013:10:06:03 +0200] "GET /01.swf HTTP/1.1" 200 36918 "http://www.dialyse-waldbronn.de/01.html" "Mozilla/5.0 (Windows NT 6.1) AppleWebKit/537.36 (KHTML, like Gecko) Chrome/29.0.1547.57 Safari/537.36"
217.233.133.107 - - [29/Aug/2013:10:06:36 +0200] "GET /02.html HTTP/1.1" 200 1988 "http://www.dialyse-waldbronn.de/00themen00.html" "Mozilla/5.0 (Windows NT 6.1) AppleWebKit/537.36 (KHTML, like Gecko) Chrome/29.0.1547.57 Safari/537.36"
217.233.133.107 - - [29/Aug/2013:10:06:36 +0200] "GET /02.swf HTTP/1.1" 200 19509 "http://www.dialyse-waldbronn.de/02.html" "Mozilla/5.0 (Windows NT 6.1) AppleWebKit/537.36 (KHTML, like Gecko) Chrome/29.0.1547.57 Safari/537.36"
217.233.133.107 - - [29/Aug/2013:10:07:12 +0200] "GET /03.html HTTP/1.1" 200 2012 "http://www.dialyse-waldbronn.de/00themen00.html" "Mozilla/5.0 (Windows NT 6.1) AppleWebKit/537.36 (KHTML, like Gecko) Chrome/29.0.1547.57 Safari/537.36"
217.233.133.107 - - [29/Aug/2013:10:07:13 +0200] "GET /03.swf HTTP/1.1" 200 79366 "http://www.dialyse-waldbronn.de/03.html" "Mozilla/5.0 (Windows NT 6.1) AppleWebKit/537.36 (KHTML, like Gecko) Chrome/29.0.1547.57 Safari/537.36"
217.233.133.107 - - [29/Aug/2013:10:07:25 +0200] "GET /03b.html HTTP/1.1" 200 2020 "http://www.dialyse-waldbronn.de/03.html" "Mozilla/5.0 (Windows NT 6.1) AppleWebKit/537.36 (KHTML, like Gecko) Chrome/29.0.1547.57 Safari/537.36"
217.233.133.107 - - [29/Aug/2013:10:07:25 +0200] "GET /03b.swf HTTP/1.1" 200 198225 "http://www.dialyse-waldbronn.de/03b.html" "Mozilla/5.0 (Windows NT 6.1) AppleWebKit/537.36 (KHTML, like Gecko) Chrome/29.0.1547.57 Safari/537.36"
217.233.133.107 - - [29/Aug/2013:10:07:45 +0200] "GET /04.html HTTP/1.1" 200 1988 "http://www.dialyse-waldbronn.de/00themen00.html" "Mozilla/5.0 (Windows NT 6.1) AppleWebKit/537.36 (KHTML, like Gecko) Chrome/29.0.1547.57 Safari/537.36"
217.233.133.107 - - [29/Aug/2013:10:07:45 +0200] "GET /04.swf HTTP/1.1" 200 20526 "http://www.dialyse-waldbronn.de/04.html" "Mozilla/5.0 (Windows NT 6.1) AppleWebKit/537.36 (KHTML, like Gecko) Chrome/29.0.1547.57 Safari/537.36"
217.233.133.107 - - [29/Aug/2013:10:08:13 +0200] "GET /05.html HTTP/1.1" 200 1988 "http://www.dialyse-waldbronn.de/00themen00.html" "Mozilla/5.0 (Windows NT 6.1) AppleWebKit/537.36 (KHTML, like Gecko) Chrome/29.0.1547.57 Safari/537.36"
217.233.133.107 - - [29/Aug/2013:10:08:13 +0200] "GET /05.swf HTTP/1.1" 200 44441 "http://www.dialyse-waldbronn.de/05.html" "Mozilla/5.0 (Windows NT 6.1) AppleWebKit/537.36 (KHTML, like Gecko) Chrome/29.0.1547.57 Safari/537.36"
217.233.133.107 - - [29/Aug/2013:10:08:39 +0200] "GET /06.html HTTP/1.1" 200 1988 "http://www.dialyse-waldbronn.de/00themen00.html" "Mozilla/5.0 (Windows NT 6.1) AppleWebKit/537.36 (KHTML, like Gecko) Chrome/29.0.1547.57 Safari/537.36"
217.233.133.107 - - [29/Aug/2013:10:08:40 +0200] "GET /06.swf HTTP/1.1" 200 18307 "http://www.dialyse-waldbronn.de/06.html" "Mozilla/5.0 (Windows NT 6.1) AppleWebKit/537.36 (KHTML, like Gecko) Chrome/29.0.1547.57 Safari/537.36"
217.233.133.107 - - [29/Aug/2013:10:08:58 +0200] "GET /07.html HTTP/1.1" 200 2372 "http://www.dialyse-waldbronn.de/00themen00.html" "Mozilla/5.0 (Windows NT 6.1) AppleWebKit/537.36 (KHTML, like Gecko) Chrome/29.0.1547.57 Safari/537.36"
