78.52.170.83 - - [07/Nov/2013:15:55:57 +0100] "GET /images/header_index_980x185.png HTTP/1.1" 200 211631 "http://www.straman.de/" "Mozilla/5.0 (Windows NT 6.1; WOW64; rv:25.0) Gecko/20100101 Firefox/25.0"
78.52.170.83 - - [07/Nov/2013:15:55:57 +0100] "GET /templates/gk_penguinmail/images/style3/glow.jpg HTTP/1.1" 200 18301 "http://www.straman.de/templates/gk_penguinmail/css/style3.css" "Mozilla/5.0 (Windows NT 6.1; WOW64; rv:25.0) Gecko/20100101 Firefox/25.0"
78.52.170.83 - - [07/Nov/2013:15:55:57 +0100] "GET /templates/gk_penguinmail/images/style3/menu_sprite.png HTTP/1.1" 200 450 "http://www.straman.de/templates/gk_penguinmail/css/override.css" "Mozilla/5.0 (Windows NT 6.1; WOW64; rv:25.0) Gecko/20100101 Firefox/25.0"
78.52.170.83 - - [07/Nov/2013:15:55:57 +0100] "GET /templates/gk_penguinmail/images/menu_sprite.png HTTP/1.1" 404 2467 "http://www.straman.de/templates/gk_penguinmail/css/override.css" "Mozilla/5.0 (Windows NT 6.1; WOW64; rv:25.0) Gecko/20100101 Firefox/25.0"
78.52.170.83 - - [07/Nov/2013:15:56:15 +0100] "GET /unternehmen/imagevideo-straman.html HTTP/1.1" 200 17521 "http://www.straman.de/" "Mozilla/5.0 (Windows NT 6.1; WOW64; rv:25.0) Gecko/20100101 Firefox/25.0"
78.52.170.83 - - [07/Nov/2013:15:56:15 +0100] "GET /templates/gk_penguinmail/images/emailButton.png HTTP/1.1" 200 365 "http://www.straman.de/unternehmen/imagevideo-straman.html" "Mozilla/5.0 (Windows NT 6.1; WOW64; rv:25.0) Gecko/20100101 Firefox/25.0"
78.52.170.83 - - [07/Nov/2013:15:56:15 +0100] "GET /templates/gk_penguinmail/images/pdf_button.png HTTP/1.1" 200 500 "http://www.straman.de/unternehmen/imagevideo-straman.html" "Mozilla/5.0 (Windows NT 6.1; WOW64; rv:25.0) Gecko/20100101 Firefox/25.0"
78.52.170.83 - - [07/Nov/2013:15:56:15 +0100] "GET /templates/gk_penguinmail/images/printButton.png HTTP/1.1" 200 442 "http://www.straman.de/unternehmen/imagevideo-straman.html" "Mozilla/5.0 (Windows NT 6.1; WOW64; rv:25.0) Gecko/20100101 Firefox/25.0"
78.52.170.83 - - [07/Nov/2013:15:56:15 +0100] "GET /templates/gk_penguinmail/images/toolsFont.png HTTP/1.1" 200 467 "http://www.straman.de/templates/gk_penguinmail/css/template.css" "Mozilla/5.0 (Windows NT 6.1; WOW64; rv:25.0) Gecko/20100101 Firefox/25.0"
78.52.170.83 - - [07/Nov/2013:15:56:15 +0100] "GET /templates/gk_penguinmail/images/menu_sprite.png HTTP/1.1" 404 2467 "http://www.straman.de/templates/gk_penguinmail/css/override.css" "Mozilla/5.0 (Windows NT 6.1; WOW64; rv:25.0) Gecko/20100101 Firefox/25.0"
78.52.170.83 - - [07/Nov/2013:15:57:51 +0100] "GET /servicebereiche/winterdienst.html HTTP/1.1" 200 20520 "http://www.straman.de/" "Mozilla/5.0 (Windows NT 6.1; WOW64; rv:25.0) Gecko/20100101 Firefox/25.0"
78.52.170.83 - - [07/Nov/2013:15:57:51 +0100] "GET /templates/gk_penguinmail/css/template_winterdienst.css HTTP/1.1" 200 109 "http://www.straman.de/servicebereiche/winterdienst.html" "Mozilla/5.0 (Windows NT 6.1; WOW64; rv:25.0) Gecko/20100101 Firefox/25.0"
78.52.170.83 - - [07/Nov/2013:15:57:51 +0100] "GET /images/header_orange.png HTTP/1.1" 200 36919 "http://www.straman.de/servicebereiche/winterdienst.html" "Mozilla/5.0 (Windows NT 6.1; WOW64; rv:25.0) Gecko/20100101 Firefox/25.0"
78.52.170.83 - - [07/Nov/2013:15:57:51 +0100] "GET /images/winterdienst_001.jpg HTTP/1.1" 200 107331 "http://www.straman.de/servicebereiche/winterdienst.html" "Mozilla/5.0 (Windows NT 6.1; WOW64; rv:25.0) Gecko/20100101 Firefox/25.0"
78.52.170.83 - - [07/Nov/2013:15:57:52 +0100] "GET /templates/gk_penguinmail/images/grau2.jpg HTTP/1.1" 200 25139 "http://www.straman.de/templates/gk_penguinmail/css/template_winterdienst.css" "Mozilla/5.0 (Windows NT 6.1; WOW64; rv:25.0) Gecko/20100101 Firefox/25.0"
78.52.170.83 - - [07/Nov/2013:15:57:52 +0100] "GET /templates/gk_penguinmail/images/menu_sprite.png HTTP/1.1" 404 2467 "http://www.straman.de/templates/gk_penguinmail/css/override.css" "Mozilla/5.0 (Windows NT 6.1; WOW64; rv:25.0) Gecko/20100101 Firefox/25.0"
78.52.170.83 - - [07/Nov/2013:15:58:06 +0100] "GET /kontakt.html HTTP/1.1" 200 18533 "http://www.straman.de/servicebereiche/winterdienst.html" "Mozilla/5.0 (Windows NT 6.1; WOW64; rv:25.0) Gecko/20100101 Firefox/25.0"
78.52.170.83 - - [07/Nov/2013:15:58:06 +0100] "GET /templates/gk_penguinmail/css/template_unterseiten.css HTTP/1.1" 200 115 "http://www.straman.de/kontakt.html" "Mozilla/5.0 (Windows NT 6.1; WOW64; rv:25.0) Gecko/20100101 Firefox/25.0"
78.52.170.83 - - [07/Nov/2013:15:58:06 +0100] "GET /images/header3.png HTTP/1.1" 200 29760 "http://www.straman.de/kontakt.html" "Mozilla/5.0 (Windows NT 6.1; WOW64; rv:25.0) Gecko/20100101 Firefox/25.0"
78.52.170.83 - - [07/Nov/2013:15:58:06 +0100] "GET /templates/gk_penguinmail/images/button.png HTTP/1.1" 200 87 "http://www.straman.de/templates/gk_penguinmail/css/joomla.css" "Mozilla/5.0 (Windows NT 6.1; WOW64; rv:25.0) Gecko/20100101 Firefox/25.0"
78.52.170.83 - - [07/Nov/2013:15:58:06 +0100] "GET /templates/gk_penguinmail/images/menu_sprite.png HTTP/1.1" 404 2467 "http://www.straman.de/templates/gk_penguinmail/css/override.css" "Mozilla/5.0 (Windows NT 6.1; WOW64; rv:25.0) Gecko/20100101 Firefox/25.0"
78.52.170.83 - - [07/Nov/2013:15:58:27 +0100] "GET /referenzen.html HTTP/1.1" 200 375967 "http://www.straman.de/kontakt.html" "Mozilla/5.0 (Windows NT 6.1; WOW64; rv:25.0) Gecko/20100101 Firefox/25.0"
78.52.170.83 - - [07/Nov/2013:15:58:28 +0100] "GET /templates/gk_penguinmail/images/menu_sprite.png HTTP/1.1" 404 2467 "http://www.straman.de/templates/gk_penguinmail/css/override.css" "Mozilla/5.0 (Windows NT 6.1; WOW64; rv:25.0) Gecko/20100101 Firefox/25.0"
78.52.170.83 - - [07/Nov/2013:15:58:28 +0100] "GET /images/banner_besch_728x90.jpg HTTP/1.1" 200 634555 "http://www.straman.de/referenzen.html" "Mozilla/5.0 (Windows NT 6.1; WOW64; rv:25.0) Gecko/20100101 Firefox/25.0"
78.52.170.83 - - [07/Nov/2013:15:58:38 +0100] "GET / HTTP/1.1" 200 18407 "http://www.straman.de/referenzen.html" "Mozilla/5.0 (Windows NT 6.1; WOW64; rv:25.0) Gecko/20100101 Firefox/25.0"
78.52.170.83 - - [07/Nov/2013:15:58:38 +0100] "GET /templates/gk_penguinmail/images/menu_sprite.png HTTP/1.1" 404 2467 "http://www.straman.de/templates/gk_penguinmail/css/override.css" "Mozilla/5.0 (Windows NT 6.1; WOW64; rv:25.0) Gecko/20100101 Firefox/25.0"
78.52.170.83 - - [07/Nov/2013:15:59:00 +0100] "GET /index.php?option=com_forme&fid=2&Itemid=65 HTTP/1.1" 200 21124 "http://www.straman.de/" "Mozilla/5.0 (Windows NT 6.1; WOW64; rv:25.0) Gecko/20100101 Firefox/25.0"
78.52.170.83 - - [07/Nov/2013:15:59:00 +0100] "GET /index.php?option=com_forme&func=captcha HTTP/1.1" 200 1214 "http://www.straman.de/index.php?option=com_forme&fid=2&Itemid=65" "Mozilla/5.0 (Windows NT 6.1; WOW64; rv:25.0) Gecko/20100101 Firefox/25.0"
78.52.170.83 - - [07/Nov/2013:15:59:01 +0100] "GET /templates/gk_penguinmail/images/menu_sprite.png HTTP/1.1" 404 2467 "http://www.straman.de/templates/gk_penguinmail/css/override.css" "Mozilla/5.0 (Windows NT 6.1; WOW64; rv:25.0) Gecko/20100101 Firefox/25.0"
208.115.113.87 - - [07/Nov/2013:15:59:49 +0100] "GET /robots.txt HTTP/1.1" 200 304 "-" "Mozilla/5.0 (compatible; Ezooms/1.0; ezooms.bot@gmail.com)"
78.52.170.83 - - [07/Nov/2013:16:01:50 +0100] "POST /component/forme/?fid=2 HTTP/1.1" 303 - "http://www.straman.de/index.php?option=com_forme&fid=2&Itemid=65" "Mozilla/5.0 (Windows NT 6.1; WOW64; rv:25.0) Gecko/20100101 Firefox/25.0"
78.52.170.83 - - [07/Nov/2013:16:01:50 +0100] "GET /component/forme/?fid=2 HTTP/1.1" 200 21437 "http://www.straman.de/index.php?option=com_forme&fid=2&Itemid=65" "Mozilla/5.0 (Windows NT 6.1; WOW64; rv:25.0) Gecko/20100101 Firefox/25.0"
78.52.170.83 - - [07/Nov/2013:16:01:51 +0100] "GET /templates/gk_penguinmail/images/menu_sprite.png HTTP/1.1" 404 2467 "http://www.straman.de/templates/gk_penguinmail/css/override.css" "Mozilla/5.0 (Windows NT 6.1; WOW64; rv:25.0) Gecko/20100101 Firefox/25.0"
78.52.170.83 - - [07/Nov/2013:16:01:51 +0100] "GET /index.php?option=com_forme&func=captcha HTTP/1.1" 200 1342 "http://www.straman.de/component/forme/?fid=2" "Mozilla/5.0 (Windows NT 6.1; WOW64; rv:25.0) Gecko/20100101 Firefox/25.0"
78.52.170.83 - - [07/Nov/2013:16:06:30 +0100] "POST /component/forme/?fid=2 HTTP/1.1" 303 - "http://www.straman.de/component/forme/?fid=2" "Mozilla/5.0 (Windows NT 6.1; WOW64; rv:25.0) Gecko/20100101 Firefox/25.0"
78.52.170.83 - - [07/Nov/2013:16:06:30 +0100] "GET /component/forme/?func=thankyou&did=b9f2f7e2480220da6aefff75898289da HTTP/1.1" 200 15133 "http://www.straman.de/component/forme/?fid=2" "Mozilla/5.0 (Windows NT 6.1; WOW64; rv:25.0) Gecko/20100101 Firefox/25.0"
78.52.170.83 - - [07/Nov/2013:16:06:31 +0100] "GET /templates/gk_penguinmail/images/menu_sprite.png HTTP/1.1" 404 2467 "http://www.straman.de/templates/gk_penguinmail/css/override.css" "Mozilla/5.0 (Windows NT 6.1; WOW64; rv:25.0) Gecko/20100101 Firefox/25.0"
78.52.170.83 - - [07/Nov/2013:16:06:35 +0100] "GET /component/forme/?fid=2 HTTP/1.1" 200 21131 "http://www.straman.de/component/forme/?func=thankyou&did=b9f2f7e2480220da6aefff75898289da" "Mozilla/5.0 (Windows NT 6.1; WOW64; rv:25.0) Gecko/20100101 Firefox/25.0"
78.52.170.83 - - [07/Nov/2013:16:06:36 +0100] "GET /templates/gk_penguinmail/images/menu_sprite.png HTTP/1.1" 404 2467 "http://www.straman.de/templates/gk_penguinmail/css/override.css" "Mozilla/5.0 (Windows NT 6.1; WOW64; rv:25.0) Gecko/20100101 Firefox/25.0"
78.52.170.83 - - [07/Nov/2013:16:06:36 +0100] "GET /index.php?option=com_forme&func=captcha HTTP/1.1" 200 1403 "http://www.straman.de/component/forme/?fid=2" "Mozilla/5.0 (Windows NT 6.1; WOW64; rv:25.0) Gecko/20100101 Firefox/25.0"
199.30.16.12 - - [07/Nov/2013:16:38:04 +0100] "GET /robots.txt HTTP/1.1" 200 304 "-" "msnbot-media/1.1 (+http://search.msn.com/msnbot.htm)"
157.55.35.78 - - [07/Nov/2013:16:53:35 +0100] "GET /robots.txt HTTP/1.1" 200 304 "-" "Mozilla/5.0 (compatible; bingbot/2.0; +http://www.bing.com/bingbot.htm)"
157.55.35.78 - - [07/Nov/2013:16:54:34 +0100] "GET / HTTP/1.1" 200 18411 "-" "Mozilla/5.0 (compatible; bingbot/2.0; +http://www.bing.com/bingbot.htm)"
157.55.32.86 - - [07/Nov/2013:17:07:33 +0100] "GET /component/mailto/?tmpl=component&link=a0f90e3f2e376ffb85cf3950f8f5ab75a77cab80 HTTP/1.1" 200 2687 "-" "Mozilla/5.0 (compatible; bingbot/2.0; +http://www.bing.com/bingbot.htm)"
217.86.205.174 - - [07/Nov/2013:17:21:04 +0100] "GET / HTTP/1.1" 200 18377 "-" "Mozilla/5.0 (compatible; MSIE 10.0; Windows NT 6.1; WOW64; Trident/6.0)"
217.86.205.174 - - [07/Nov/2013:17:21:06 +0100] "GET /images/header_index_980x185.png HTTP/1.1" 304 - "http://www.straman.de/" "Mozilla/5.0 (compatible; MSIE 10.0; Windows NT 6.1; WOW64; Trident/6.0)"
217.86.205.174 - - [07/Nov/2013:17:21:08 +0100] "GET /templates/gk_penguinmail/images/menu_sprite.png HTTP/1.1" 404 2467 "http://www.straman.de/" "Mozilla/5.0 (compatible; MSIE 10.0; Windows NT 6.1; WOW64; Trident/6.0)"
217.86.205.174 - - [07/Nov/2013:17:22:51 +0100] "GET /unternehmen/impressum.html HTTP/1.1" 200 22617 "http://www.straman.de/" "Mozilla/5.0 (compatible; MSIE 10.0; Windows NT 6.1; WOW64; Trident/6.0)"
217.86.205.174 - - [07/Nov/2013:17:22:52 +0100] "GET /templates/gk_penguinmail/css/template_unterseiten.css HTTP/1.1" 304 - "http://www.straman.de/unternehmen/impressum.html" "Mozilla/5.0 (compatible; MSIE 10.0; Windows NT 6.1; WOW64; Trident/6.0)"
217.86.205.174 - - [07/Nov/2013:17:22:52 +0100] "GET /images/header3.png HTTP/1.1" 304 - "http://www.straman.de/unternehmen/impressum.html" "Mozilla/5.0 (compatible; MSIE 10.0; Windows NT 6.1; WOW64; Trident/6.0)"
217.86.205.174 - - [07/Nov/2013:17:22:52 +0100] "GET /templates/gk_penguinmail/images/menu_sprite.png HTTP/1.1" 404 2467 "http://www.straman.de/unternehmen/impressum.html" "Mozilla/5.0 (compatible; MSIE 10.0; Windows NT 6.1; WOW64; Trident/6.0)"
217.86.205.174 - - [07/Nov/2013:17:25:18 +0100] "GET /referenzen.html HTTP/1.1" 200 375937 "http://www.straman.de/unternehmen/impressum.html" "Mozilla/5.0 (compatible; MSIE 10.0; Windows NT 6.1; WOW64; Trident/6.0)"
217.86.205.174 - - [07/Nov/2013:17:25:19 +0100] "GET /templates/gk_penguinmail/images/menu_sprite.png HTTP/1.1" 404 2467 "http://www.straman.de/referenzen.html" "Mozilla/5.0 (compatible; MSIE 10.0; Windows NT 6.1; WOW64; Trident/6.0)"
217.86.205.174 - - [07/Nov/2013:17:25:22 +0100] "GET /servicebereiche/gruenanlagenpflege.html HTTP/1.1" 200 21868 "http://www.straman.de/referenzen.html" "Mozilla/5.0 (compatible; MSIE 10.0; Windows NT 6.1; WOW64; Trident/6.0)"
217.86.205.174 - - [07/Nov/2013:17:25:22 +0100] "GET /images/header_orange.png HTTP/1.1" 304 - "http://www.straman.de/servicebereiche/gruenanlagenpflege.html" "Mozilla/5.0 (compatible; MSIE 10.0; Windows NT 6.1; WOW64; Trident/6.0)"
217.86.205.174 - - [07/Nov/2013:17:25:23 +0100] "GET /templates/gk_penguinmail/images/menu_sprite.png HTTP/1.1" 404 2467 "http://www.straman.de/servicebereiche/gruenanlagenpflege.html" "Mozilla/5.0 (compatible; MSIE 10.0; Windows NT 6.1; WOW64; Trident/6.0)"
217.86.205.174 - - [07/Nov/2013:17:25:30 +0100] "GET / HTTP/1.1" 200 18377 "http://www.straman.de/servicebereiche/gruenanlagenpflege.html" "Mozilla/5.0 (compatible; MSIE 10.0; Windows NT 6.1; WOW64; Trident/6.0)"
217.86.205.174 - - [07/Nov/2013:17:25:31 +0100] "GET /templates/gk_penguinmail/images/menu_sprite.png HTTP/1.1" 404 2467 "http://www.straman.de/" "Mozilla/5.0 (compatible; MSIE 10.0; Windows NT 6.1; WOW64; Trident/6.0)"
217.86.205.174 - - [07/Nov/2013:17:27:05 +0100] "GET /unternehmen/standorte.html HTTP/1.1" 200 19081 "http://www.straman.de/" "Mozilla/5.0 (compatible; MSIE 10.0; Windows NT 6.1; WOW64; Trident/6.0)"
217.86.205.174 - - [07/Nov/2013:17:27:06 +0100] "GET /templates/gk_penguinmail/images/menu_sprite.png HTTP/1.1" 404 2467 "http://www.straman.de/unternehmen/standorte.html" "Mozilla/5.0 (compatible; MSIE 10.0; Windows NT 6.1; WOW64; Trident/6.0)"
217.86.205.174 - - [07/Nov/2013:17:27:10 +0100] "GET /favicon.ico HTTP/1.1" 404 2467 "-" "Mozilla/5.0 (compatible; MSIE 10.0; Windows NT 6.1; Win64; x64; Trident/6.0)"
217.86.205.174 - - [07/Nov/2013:17:27:38 +0100] "GET /news.html HTTP/1.1" 200 33090 "http://www.straman.de/unternehmen/standorte.html" "Mozilla/5.0 (compatible; MSIE 10.0; Windows NT 6.1; WOW64; Trident/6.0)"
217.86.205.174 - - [07/Nov/2013:17:27:39 +0100] "GET /templates/gk_penguinmail/images/menu_sprite.png HTTP/1.1" 404 2467 "http://www.straman.de/news.html" "Mozilla/5.0 (compatible; MSIE 10.0; Windows NT 6.1; WOW64; Trident/6.0)"
217.86.205.174 - - [07/Nov/2013:17:27:38 +0100] "GET /images/TdoT.jpg HTTP/1.1" 200 345518 "http://www.straman.de/news.html" "Mozilla/5.0 (compatible; MSIE 10.0; Windows NT 6.1; WOW64; Trident/6.0)"
217.86.205.174 - - [07/Nov/2013:17:28:06 +0100] "GET /templates/gk_penguinmail/images/menu_sprite.png HTTP/1.1" 404 2467 "http://www.straman.de/unternehmen/standorte.html" "Mozilla/5.0 (compatible; MSIE 10.0; Windows NT 6.1; WOW64; Trident/6.0)"
217.86.205.174 - - [07/Nov/2013:17:28:12 +0100] "GET /downloadbereich.html HTTP/1.1" 200 17860 "http://www.straman.de/unternehmen/standorte.html" "Mozilla/5.0 (compatible; MSIE 10.0; Windows NT 6.1; WOW64; Trident/6.0)"
217.86.205.174 - - [07/Nov/2013:17:28:12 +0100] "GET /templates/gk_penguinmail/images/menu_sprite.png HTTP/1.1" 404 2467 "http://www.straman.de/downloadbereich.html" "Mozilla/5.0 (compatible; MSIE 10.0; Windows NT 6.1; WOW64; Trident/6.0)"
217.86.205.174 - - [07/Nov/2013:17:28:39 +0100] "GET / HTTP/1.1" 200 18377 "http://www.straman.de/downloadbereich.html" "Mozilla/5.0 (compatible; MSIE 10.0; Windows NT 6.1; WOW64; Trident/6.0)"
217.86.205.174 - - [07/Nov/2013:17:28:39 +0100] "GET /templates/gk_penguinmail/images/menu_sprite.png HTTP/1.1" 404 2467 "http://www.straman.de/" "Mozilla/5.0 (compatible; MSIE 10.0; Windows NT 6.1; WOW64; Trident/6.0)"
217.86.205.174 - - [07/Nov/2013:17:30:12 +0100] "GET / HTTP/1.1" 200 18377 "-" "Mozilla/5.0 (compatible; MSIE 10.0; Windows NT 6.1; WOW64; Trident/6.0)"
217.86.205.174 - - [07/Nov/2013:17:30:12 +0100] "GET /templates/gk_penguinmail/images/menu_sprite.png HTTP/1.1" 404 2467 "http://www.straman.de/" "Mozilla/5.0 (compatible; MSIE 10.0; Windows NT 6.1; WOW64; Trident/6.0)"
217.86.205.174 - - [07/Nov/2013:17:30:31 +0100] "GET /servicebereiche/gruenanlagenpflege.html HTTP/1.1" 200 21868 "http://www.straman.de/" "Mozilla/5.0 (compatible; MSIE 10.0; Windows NT 6.1; WOW64; Trident/6.0)"
217.86.205.174 - - [07/Nov/2013:17:30:32 +0100] "GET /templates/gk_penguinmail/images/menu_sprite.png HTTP/1.1" 404 2467 "http://www.straman.de/servicebereiche/gruenanlagenpflege.html" "Mozilla/5.0 (compatible; MSIE 10.0; Windows NT 6.1; WOW64; Trident/6.0)"
217.86.205.174 - - [07/Nov/2013:17:30:45 +0100] "GET / HTTP/1.1" 200 18377 "http://www.straman.de/servicebereiche/gruenanlagenpflege.html" "Mozilla/5.0 (compatible; MSIE 10.0; Windows NT 6.1; WOW64; Trident/6.0)"
217.86.205.174 - - [07/Nov/2013:17:30:45 +0100] "GET /templates/gk_penguinmail/images/menu_sprite.png HTTP/1.1" 404 2467 "http://www.straman.de/" "Mozilla/5.0 (compatible; MSIE 10.0; Windows NT 6.1; WOW64; Trident/6.0)"
217.86.205.174 - - [07/Nov/2013:17:30:49 +0100] "GET /servicebereiche/strassenreinigung.html HTTP/1.1" 200 20821 "http://www.straman.de/" "Mozilla/5.0 (compatible; MSIE 10.0; Windows NT 6.1; WOW64; Trident/6.0)"
217.86.205.174 - - [07/Nov/2013:17:30:50 +0100] "GET /templates/gk_penguinmail/images/menu_sprite.png HTTP/1.1" 404 2467 "http://www.straman.de/servicebereiche/strassenreinigung.html" "Mozilla/5.0 (compatible; MSIE 10.0; Windows NT 6.1; WOW64; Trident/6.0)"
217.86.205.174 - - [07/Nov/2013:17:30:53 +0100] "GET /servicebereiche/gruenanlagenpflege.html HTTP/1.1" 200 21868 "http://www.straman.de/servicebereiche/strassenreinigung.html" "Mozilla/5.0 (compatible; MSIE 10.0; Windows NT 6.1; WOW64; Trident/6.0)"
217.86.205.174 - - [07/Nov/2013:17:30:54 +0100] "GET /templates/gk_penguinmail/images/menu_sprite.png HTTP/1.1" 404 2467 "http://www.straman.de/servicebereiche/gruenanlagenpflege.html" "Mozilla/5.0 (compatible; MSIE 10.0; Windows NT 6.1; WOW64; Trident/6.0)"
217.86.205.174 - - [07/Nov/2013:17:31:01 +0100] "GET /servicebereiche/uebersichtgebaeudemanagement.html HTTP/1.1" 200 19740 "http://www.straman.de/servicebereiche/gruenanlagenpflege.html" "Mozilla/5.0 (compatible; MSIE 10.0; Windows NT 6.1; WOW64; Trident/6.0)"
217.86.205.174 - - [07/Nov/2013:17:31:02 +0100] "GET /templates/gk_penguinmail/images/menu_sprite.png HTTP/1.1" 404 2467 "http://www.straman.de/servicebereiche/uebersichtgebaeudemanagement.html" "Mozilla/5.0 (compatible; MSIE 10.0; Windows NT 6.1; WOW64; Trident/6.0)"
217.86.205.174 - - [07/Nov/2013:17:31:39 +0100] "GET /servicebereiche/uebersichtgebaeudemanagement.html HTTP/1.1" 200 19740 "http://www.straman.de/servicebereiche/uebersichtgebaeudemanagement.html" "Mozilla/5.0 (compatible; MSIE 10.0; Windows NT 6.1; WOW64; Trident/6.0)"
217.86.205.174 - - [07/Nov/2013:17:31:39 +0100] "GET /templates/gk_penguinmail/images/menu_sprite.png HTTP/1.1" 404 2467 "http://www.straman.de/servicebereiche/uebersichtgebaeudemanagement.html" "Mozilla/5.0 (compatible; MSIE 10.0; Windows NT 6.1; WOW64; Trident/6.0)"
217.86.205.174 - - [07/Nov/2013:17:31:43 +0100] "GET /servicebereiche/gruenanlagenpflege.html HTTP/1.1" 200 21868 "http://www.straman.de/servicebereiche/uebersichtgebaeudemanagement.html" "Mozilla/5.0 (compatible; MSIE 10.0; Windows NT 6.1; WOW64; Trident/6.0)"
217.86.205.174 - - [07/Nov/2013:17:31:43 +0100] "GET /templates/gk_penguinmail/images/menu_sprite.png HTTP/1.1" 404 2467 "http://www.straman.de/servicebereiche/gruenanlagenpflege.html" "Mozilla/5.0 (compatible; MSIE 10.0; Windows NT 6.1; WOW64; Trident/6.0)"
217.86.205.174 - - [07/Nov/2013:17:31:45 +0100] "GET /servicebereiche/winterdienst.html HTTP/1.1" 200 20490 "http://www.straman.de/servicebereiche/gruenanlagenpflege.html" "Mozilla/5.0 (compatible; MSIE 10.0; Windows NT 6.1; WOW64; Trident/6.0)"
217.86.205.174 - - [07/Nov/2013:17:31:46 +0100] "GET /templates/gk_penguinmail/images/menu_sprite.png HTTP/1.1" 404 2467 "http://www.straman.de/servicebereiche/winterdienst.html" "Mozilla/5.0 (compatible; MSIE 10.0; Windows NT 6.1; WOW64; Trident/6.0)"
217.86.205.174 - - [07/Nov/2013:17:31:49 +0100] "GET /servicebereiche/strassenreinigung.html HTTP/1.1" 200 20821 "http://www.straman.de/servicebereiche/winterdienst.html" "Mozilla/5.0 (compatible; MSIE 10.0; Windows NT 6.1; WOW64; Trident/6.0)"
217.86.205.174 - - [07/Nov/2013:17:31:50 +0100] "GET /templates/gk_penguinmail/images/menu_sprite.png HTTP/1.1" 404 2467 "http://www.straman.de/servicebereiche/strassenreinigung.html" "Mozilla/5.0 (compatible; MSIE 10.0; Windows NT 6.1; WOW64; Trident/6.0)"
217.86.205.174 - - [07/Nov/2013:17:31:52 +0100] "GET /servicebereiche/uebersichtgebaeudemanagement.html HTTP/1.1" 200 19740 "http://www.straman.de/servicebereiche/strassenreinigung.html" "Mozilla/5.0 (compatible; MSIE 10.0; Windows NT 6.1; WOW64; Trident/6.0)"
217.86.205.174 - - [07/Nov/2013:17:31:53 +0100] "GET /templates/gk_penguinmail/images/menu_sprite.png HTTP/1.1" 404 2467 "http://www.straman.de/servicebereiche/uebersichtgebaeudemanagement.html" "Mozilla/5.0 (compatible; MSIE 10.0; Windows NT 6.1; WOW64; Trident/6.0)"
217.86.205.174 - - [07/Nov/2013:17:31:59 +0100] "GET /referenzen.html HTTP/1.1" 200 375937 "http://www.straman.de/servicebereiche/uebersichtgebaeudemanagement.html" "Mozilla/5.0 (compatible; MSIE 10.0; Windows NT 6.1; WOW64; Trident/6.0)"
217.86.205.174 - - [07/Nov/2013:17:32:01 +0100] "GET /templates/gk_penguinmail/images/menu_sprite.png HTTP/1.1" 404 2467 "http://www.straman.de/referenzen.html" "Mozilla/5.0 (compatible; MSIE 10.0; Windows NT 6.1; WOW64; Trident/6.0)"
88.150.204.68 - - [07/Nov/2013:17:35:01 +0100] "GET / HTTP/1.1" 200 19559 "-" "-"
88.150.204.68 - - [07/Nov/2013:17:35:02 +0100] "GET / HTTP/1.1" 200 19559 "-" "-"
208.115.113.87 - - [07/Nov/2013:18:01:52 +0100] "GET /servicebereiche/uebersichtgebaeudemanagement/gebaeudemanagement.html HTTP/1.1" 200 19520 "-" "Mozilla/5.0 (compatible; Ezooms/1.0; ezooms.bot@gmail.com)"
93.219.141.109 - - [07/Nov/2013:18:10:37 +0100] "GET / HTTP/1.1" 200 18407 "-" "Mozilla/5.0 (Windows; U; Windows NT 6.0; de; rv:1.9.2.3) Gecko/20100401 Firefox/3.6.3 ( .NET CLR 3.5.30729)"
80.150.162.202 - - [07/Nov/2013:18:13:30 +0100] "GET /unternehmen/impressum.html HTTP/1.1" 200 22617 "http://www.google.de/url?sa=t&rct=j&q=&esrc=s&frm=1&source=web&cd=3&ved=0CD4QFjAC&url=http%3A%2F%2Fwww.straman.de%2Funternehmen%2Fimpressum.html&ei=1cl7UuygG6Xv4gSN2oGwDw&usg=AFQjCNEQ6WIfxQJaHcb8W97z5-S8mcbsPA" "Mozilla/5.0 (compatible; MSIE 10.0; Windows NT 6.1; WOW64; Trident/6.0)"
80.150.162.202 - - [07/Nov/2013:18:13:30 +0100] "GET /templates/system/css/system.css HTTP/1.1" 200 1385 "http://www.straman.de/unternehmen/impressum.html" "Mozilla/5.0 (compatible; MSIE 10.0; Windows NT 6.1; WOW64; Trident/6.0)"
80.150.162.202 - - [07/Nov/2013:18:13:30 +0100] "GET /templates/system/css/general.css HTTP/1.1" 200 2777 "http://www.straman.de/unternehmen/impressum.html" "Mozilla/5.0 (compatible; MSIE 10.0; Windows NT 6.1; WOW64; Trident/6.0)"
80.150.162.202 - - [07/Nov/2013:18:13:30 +0100] "GET /templates/gk_penguinmail/css/template.css HTTP/1.1" 200 9192 "http://www.straman.de/unternehmen/impressum.html" "Mozilla/5.0 (compatible; MSIE 10.0; Windows NT 6.1; WOW64; Trident/6.0)"
80.150.162.202 - - [07/Nov/2013:18:13:30 +0100] "GET /templates/gk_penguinmail/css/layout.css HTTP/1.1" 200 1684 "http://www.straman.de/unternehmen/impressum.html" "Mozilla/5.0 (compatible; MSIE 10.0; Windows NT 6.1; WOW64; Trident/6.0)"
80.150.162.202 - - [07/Nov/2013:18:13:30 +0100] "GET /templates/gk_penguinmail/css/addons.css HTTP/1.1" 200 2644 "http://www.straman.de/unternehmen/impressum.html" "Mozilla/5.0 (compatible; MSIE 10.0; Windows NT 6.1; WOW64; Trident/6.0)"
80.150.162.202 - - [07/Nov/2013:18:13:30 +0100] "GET /templates/gk_penguinmail/css/joomla.css HTTP/1.1" 200 14242 "http://www.straman.de/unternehmen/impressum.html" "Mozilla/5.0 (compatible; MSIE 10.0; Windows NT 6.1; WOW64; Trident/6.0)"
80.150.162.202 - - [07/Nov/2013:18:13:30 +0100] "GET /templates/gk_penguinmail/css/gk_stuff.css HTTP/1.1" 200 12799 "http://www.straman.de/unternehmen/impressum.html" "Mozilla/5.0 (compatible; MSIE 10.0; Windows NT 6.1; WOW64; Trident/6.0)"
80.150.162.202 - - [07/Nov/2013:18:13:30 +0100] "GET /templates/gk_penguinmail/css/typo.css HTTP/1.1" 200 15356 "http://www.straman.de/unternehmen/impressum.html" "Mozilla/5.0 (compatible; MSIE 10.0; Windows NT 6.1; WOW64; Trident/6.0)"
80.150.162.202 - - [07/Nov/2013:18:13:30 +0100] "GET /templates/gk_penguinmail/css/css3_style3.css HTTP/1.1" 200 2980 "http://www.straman.de/unternehmen/impressum.html" "Mozilla/5.0 (compatible; MSIE 10.0; Windows NT 6.1; WOW64; Trident/6.0)"
80.150.162.202 - - [07/Nov/2013:18:13:30 +0100] "GET /templates/gk_penguinmail/css/style3.css HTTP/1.1" 200 13892 "http://www.straman.de/unternehmen/impressum.html" "Mozilla/5.0 (compatible; MSIE 10.0; Windows NT 6.1; WOW64; Trident/6.0)"
80.150.162.202 - - [07/Nov/2013:18:13:30 +0100] "GET /templates/gk_penguinmail/css/override.css HTTP/1.1" 200 3916 "http://www.straman.de/unternehmen/impressum.html" "Mozilla/5.0 (compatible; MSIE 10.0; Windows NT 6.1; WOW64; Trident/6.0)"
80.150.162.202 - - [07/Nov/2013:18:13:30 +0100] "GET /templates/gk_penguinmail/js/domready_fix.js HTTP/1.1" 200 1340 "http://www.straman.de/unternehmen/impressum.html" "Mozilla/5.0 (compatible; MSIE 10.0; Windows NT 6.1; WOW64; Trident/6.0)"
80.150.162.202 - - [07/Nov/2013:18:13:30 +0100] "GET /templates/gk_penguinmail/js/gk.script.js HTTP/1.1" 200 4585 "http://www.straman.de/unternehmen/impressum.html" "Mozilla/5.0 (compatible; MSIE 10.0; Windows NT 6.1; WOW64; Trident/6.0)"
80.150.162.202 - - [07/Nov/2013:18:13:31 +0100] "GET /media/system/js/caption.js HTTP/1.1" 200 1963 "http://www.straman.de/unternehmen/impressum.html" "Mozilla/5.0 (compatible; MSIE 10.0; Windows NT 6.1; WOW64; Trident/6.0)"
80.150.162.202 - - [07/Nov/2013:18:13:31 +0100] "GET /templates/gk_penguinmail/css/menu/mega.css HTTP/1.1" 200 4575 "http://www.straman.de/unternehmen/impressum.html" "Mozilla/5.0 (compatible; MSIE 10.0; Windows NT 6.1; WOW64; Trident/6.0)"
80.150.162.202 - - [07/Nov/2013:18:13:31 +0100] "GET /templates/gk_penguinmail/js/menu/mega.js HTTP/1.1" 200 12974 "http://www.straman.de/unternehmen/impressum.html" "Mozilla/5.0 (compatible; MSIE 10.0; Windows NT 6.1; WOW64; Trident/6.0)"
80.150.162.202 - - [07/Nov/2013:18:13:31 +0100] "GET /templates/gk_penguinmail/fonts/PT-Seans/stylesheet.css HTTP/1.1" 200 2445 "http://www.straman.de/unternehmen/impressum.html" "Mozilla/5.0 (compatible; MSIE 10.0; Windows NT 6.1; WOW64; Trident/6.0)"
80.150.162.202 - - [07/Nov/2013:18:13:31 +0100] "GET /templates/gk_penguinmail/css/template_unterseiten.css HTTP/1.1" 200 115 "http://www.straman.de/unternehmen/impressum.html" "Mozilla/5.0 (compatible; MSIE 10.0; Windows NT 6.1; WOW64; Trident/6.0)"
80.150.162.202 - - [07/Nov/2013:18:13:31 +0100] "GET /images/header3.png HTTP/1.1" 200 29760 "http://www.straman.de/unternehmen/impressum.html" "Mozilla/5.0 (compatible; MSIE 10.0; Windows NT 6.1; WOW64; Trident/6.0)"
80.150.162.202 - - [07/Nov/2013:18:13:31 +0100] "GET /templates/gk_penguinmail/images/printButton.png HTTP/1.1" 200 442 "http://www.straman.de/unternehmen/impressum.html" "Mozilla/5.0 (compatible; MSIE 10.0; Windows NT 6.1; WOW64; Trident/6.0)"
80.150.162.202 - - [07/Nov/2013:18:13:31 +0100] "GET /templates/gk_penguinmail/images/emailButton.png HTTP/1.1" 200 365 "http://www.straman.de/unternehmen/impressum.html" "Mozilla/5.0 (compatible; MSIE 10.0; Windows NT 6.1; WOW64; Trident/6.0)"
80.150.162.202 - - [07/Nov/2013:18:13:30 +0100] "GET /media/system/js/mootools.js HTTP/1.1" 200 74434 "http://www.straman.de/unternehmen/impressum.html" "Mozilla/5.0 (compatible; MSIE 10.0; Windows NT 6.1; WOW64; Trident/6.0)"
80.150.162.202 - - [07/Nov/2013:18:13:31 +0100] "GET /templates/gk_penguinmail/images/style3/menu_sprite.png HTTP/1.1" 200 450 "http://www.straman.de/unternehmen/impressum.html" "Mozilla/5.0 (compatible; MSIE 10.0; Windows NT 6.1; WOW64; Trident/6.0)"
80.150.162.202 - - [07/Nov/2013:18:13:31 +0100] "GET /templates/gk_penguinmail/images/style3/glow.jpg HTTP/1.1" 200 18301 "http://www.straman.de/unternehmen/impressum.html" "Mozilla/5.0 (compatible; MSIE 10.0; Windows NT 6.1; WOW64; Trident/6.0)"
80.150.162.202 - - [07/Nov/2013:18:13:31 +0100] "GET /templates/gk_penguinmail/images/toolsFont.png HTTP/1.1" 200 467 "http://www.straman.de/unternehmen/impressum.html" "Mozilla/5.0 (compatible; MSIE 10.0; Windows NT 6.1; WOW64; Trident/6.0)"
80.150.162.202 - - [07/Nov/2013:18:13:31 +0100] "GET /templates/gk_penguinmail/images/logo.png HTTP/1.1" 200 6608 "http://www.straman.de/unternehmen/impressum.html" "Mozilla/5.0 (compatible; MSIE 10.0; Windows NT 6.1; WOW64; Trident/6.0)"
80.150.162.202 - - [07/Nov/2013:18:13:31 +0100] "GET /templates/gk_penguinmail/images/menu_sprite.png HTTP/1.1" 404 2467 "http://www.straman.de/unternehmen/impressum.html" "Mozilla/5.0 (compatible; MSIE 10.0; Windows NT 6.1; WOW64; Trident/6.0)"
80.150.162.202 - - [07/Nov/2013:18:13:31 +0100] "GET /templates/gk_penguinmail/favicon.ico HTTP/1.1" 200 5686 "-" "Mozilla/5.0 (compatible; MSIE 10.0; Windows NT 6.1; Win64; x64; Trident/6.0)"
93.219.141.109 - - [07/Nov/2013:19:19:04 +0100] "GET /servicebereiche/gruenanlagenpflege/privatgartenpflege.html HTTP/1.1" 200 21120 "-" "Mozilla/5.0 (Windows; U; Windows NT 6.0; de; rv:1.9.2.3) Gecko/20100401 Firefox/3.6.3 ( .NET CLR 3.5.30729)"
93.219.141.109 - - [07/Nov/2013:19:33:58 +0100] "GET /servicebereiche/winterdienst.html HTTP/1.1" 200 20520 "-" "Mozilla/5.0 (Windows; U; Windows NT 6.0; de; rv:1.9.2.3) Gecko/20100401 Firefox/3.6.3 ( .NET CLR 3.5.30729)"
78.178.180.71 - - [07/Nov/2013:19:34:22 +0100] "GET /index.php?option=com_jce&task=plugin&plugin=imgmanager&file=imgmanager HTTP/1.1" 404 2467 "-" "-"
93.219.141.109 - - [07/Nov/2013:19:40:22 +0100] "GET /unternehmen/partner.html HTTP/1.1" 200 19258 "-" "Mozilla/5.0 (Windows; U; Windows NT 6.0; de; rv:1.9.2.3) Gecko/20100401 Firefox/3.6.3 ( .NET CLR 3.5.30729)"
93.219.141.109 - - [07/Nov/2013:19:49:37 +0100] "GET /unternehmen/impressum.html HTTP/1.1" 200 22647 "-" "Mozilla/5.0 (Windows; U; Windows NT 6.0; de; rv:1.9.2.3) Gecko/20100401 Firefox/3.6.3 ( .NET CLR 3.5.30729)"
93.219.141.109 - - [07/Nov/2013:19:59:53 +0100] "GET /servicebereiche/strassenreinigung.html HTTP/1.1" 200 20851 "-" "Mozilla/5.0 (Windows; U; Windows NT 6.0; de; rv:1.9.2.3) Gecko/20100401 Firefox/3.6.3 ( .NET CLR 3.5.30729)"
93.219.141.109 - - [07/Nov/2013:20:02:26 +0100] "GET /index.php?option=com_forme&fid=2&Itemid=65 HTTP/1.1" 200 21124 "-" "Mozilla/5.0 (Windows; U; Windows NT 6.0; de; rv:1.9.2.3) Gecko/20100401 Firefox/3.6.3 ( .NET CLR 3.5.30729)"
194.31.225.222 - - [07/Nov/2013:20:20:39 +0100] "GET /templates/gk_penguinmail/css/template_unterseiten.css HTTP/1.1" 304 - "-" "Mozilla/4.0 (compatible;)"
93.219.141.109 - - [07/Nov/2013:20:28:00 +0100] "GET /servicebereiche/uebersichtgebaeudemanagement/infrastr-gebaeudemanagement.html HTTP/1.1" 200 19449 "-" "Mozilla/5.0 (Windows; U; Windows NT 6.0; de; rv:1.9.2.3) Gecko/20100401 Firefox/3.6.3 ( .NET CLR 3.5.30729)"
141.8.147.12 - - [07/Nov/2013:20:35:22 +0100] "GET /robots.txt HTTP/1.1" 200 304 "-" "Mozilla/5.0 (compatible; YandexBot/3.0; +http://yandex.com/bots)"
66.249.78.60 - - [07/Nov/2013:20:35:59 +0100] "GET /robots.txt HTTP/1.1" 200 304 "-" "Mozilla/5.0 (compatible; Googlebot/2.1; +http://www.google.com/bot.html)"
66.249.78.60 - - [07/Nov/2013:20:35:59 +0100] "GET /servicebereiche/winterdienst/gewerbliche-kunden/58.html HTTP/1.1" 200 19173 "-" "Mozilla/5.0 (compatible; Googlebot/2.1; +http://www.google.com/bot.html)"
207.172.209.16 - - [07/Nov/2013:20:36:18 +0100] "GET /index.php HTTP/1.1" 200 18425 "-" "Mozilla/5.0 (Windows NT 6.1; WOW64; rv:15.0) Gecko/20100101 Firefox/15.0.1"
157.55.35.41 - - [07/Nov/2013:20:39:10 +0100] "GET /robots.txt HTTP/1.1" 200 304 "-" "Mozilla/5.0 (compatible; bingbot/2.0; +http://www.bing.com/bingbot.htm)"
157.55.35.41 - - [07/Nov/2013:20:45:02 +0100] "GET /servicebereiche/gruenanlagenpflege.html?tmpl=component&print=1&page= HTTP/1.1" 200 6192 "-" "Mozilla/5.0 (compatible; bingbot/2.0; +http://www.bing.com/bingbot.htm)"
93.219.141.109 - - [07/Nov/2013:21:02:19 +0100] "GET /kontakt.html HTTP/1.1" 200 18533 "-" "Mozilla/5.0 (Windows; U; Windows NT 6.0; de; rv:1.9.2.3) Gecko/20100401 Firefox/3.6.3 ( .NET CLR 3.5.30729)"
93.219.141.109 - - [07/Nov/2013:21:13:47 +0100] "GET /servicebereiche/winterdienst/privatkunden.html HTTP/1.1" 200 23304 "-" "Mozilla/5.0 (Windows; U; Windows NT 6.0; de; rv:1.9.2.3) Gecko/20100401 Firefox/3.6.3 ( .NET CLR 3.5.30729)"
66.249.78.60 - - [07/Nov/2013:21:13:48 +0100] "GET /component/content/article/34-garten-und-landschaftsbau/73-privatgartenpflege.html HTTP/1.1" 200 11749 "-" "Mozilla/5.0 (iPhone; CPU iPhone OS 6_0 like Mac OS X) AppleWebKit/536.26 (KHTML, like Gecko) Version/6.0 Mobile/10A5376e Safari/8536.25 (compatible; Googlebot-Mobile/2.1; +http://www.google.com/bot.html)"
199.30.16.12 - - [07/Nov/2013:21:16:05 +0100] "GET /robots.txt HTTP/1.1" 200 304 "-" "msnbot-media/1.1 (+http://search.msn.com/msnbot.htm)"
83.233.207.74 - - [07/Nov/2013:21:24:58 +0100] "GET / HTTP/1.1" 200 18411 "-" "Mozilla/4.0 (CMS Crawler: http://www.cmscrawler.com)"
93.219.141.109 - - [07/Nov/2013:21:30:32 +0100] "GET /servicebereiche/gruenanlagenpflege.html HTTP/1.1" 200 21898 "-" "Mozilla/5.0 (Windows; U; Windows NT 6.0; de; rv:1.9.2.3) Gecko/20100401 Firefox/3.6.3 ( .NET CLR 3.5.30729)"
93.219.141.109 - - [07/Nov/2013:21:46:20 +0100] "GET /servicebereiche/uebersichtgebaeudemanagement/gebaeudemanagement.html HTTP/1.1" 200 19516 "-" "Mozilla/5.0 (Windows; U; Windows NT 6.0; de; rv:1.9.2.3) Gecko/20100401 Firefox/3.6.3 ( .NET CLR 3.5.30729)"
66.249.78.60 - - [07/Nov/2013:21:49:49 +0100] "GET /servicebereiche/winterdienst/gewerbliche-kunden.html HTTP/1.1" 200 14466 "-" "Mozilla/5.0 (iPhone; CPU iPhone OS 6_0 like Mac OS X) AppleWebKit/536.26 (KHTML, like Gecko) Version/6.0 Mobile/10A5376e Safari/8536.25 (compatible; Googlebot-Mobile/2.1; +http://www.google.com/bot.html)"
93.219.141.109 - - [07/Nov/2013:21:51:01 +0100] "GET /referenzen.html HTTP/1.1" 200 375967 "-" "Mozilla/5.0 (Windows; U; Windows NT 6.0; de; rv:1.9.2.3) Gecko/20100401 Firefox/3.6.3 ( .NET CLR 3.5.30729)"
66.249.78.60 - - [07/Nov/2013:22:19:23 +0100] "GET /servicebereiche/uebersichtgebaeudemanagement/infrastr-gebaeudemanagement/58.html HTTP/1.1" 200 19499 "-" "Mozilla/5.0 (compatible; Googlebot/2.1; +http://www.google.com/bot.html)"
93.219.141.109 - - [07/Nov/2013:22:20:46 +0100] "GET /index.php HTTP/1.1" 200 18425 "-" "Mozilla/5.0 (Windows; U; Windows NT 6.0; de; rv:1.9.2.3) Gecko/20100401 Firefox/3.6.3 ( .NET CLR 3.5.30729)"
66.249.78.60 - - [07/Nov/2013:22:22:29 +0100] "GET / HTTP/1.1" 200 18411 "-" "Mozilla/5.0 (compatible; Googlebot/2.1; +http://www.google.com/bot.html)"
93.219.141.109 - - [07/Nov/2013:22:29:58 +0100] "GET /downloadbereich.html HTTP/1.1" 200 17890 "-" "Mozilla/5.0 (Windows; U; Windows NT 6.0; de; rv:1.9.2.3) Gecko/20100401 Firefox/3.6.3 ( .NET CLR 3.5.30729)"
93.219.141.109 - - [07/Nov/2013:22:44:16 +0100] "GET /servicebereiche/uebersichtgebaeudemanagement.html HTTP/1.1" 200 19770 "-" "Mozilla/5.0 (Windows; U; Windows NT 6.0; de; rv:1.9.2.3) Gecko/20100401 Firefox/3.6.3 ( .NET CLR 3.5.30729)"
65.55.52.117 - - [07/Nov/2013:22:47:01 +0100] "GET /robots.txt HTTP/1.1" 200 304 "-" "Mozilla/5.0 (compatible; bingbot/2.0; +http://www.bing.com/bingbot.htm)"
93.219.141.109 - - [07/Nov/2013:22:54:02 +0100] "GET /index.php?option=com_user&view=login HTTP/1.1" 200 19663 "-" "Mozilla/5.0 (Windows; U; Windows NT 6.0; de; rv:1.9.2.3) Gecko/20100401 Firefox/3.6.3 ( .NET CLR 3.5.30729)"
93.219.141.109 - - [07/Nov/2013:22:57:11 +0100] "GET /servicebereiche/winterdienst/gewerbliche-kunden.html HTTP/1.1" 200 23143 "-" "Mozilla/5.0 (Windows; U; Windows NT 6.0; de; rv:1.9.2.3) Gecko/20100401 Firefox/3.6.3 ( .NET CLR 3.5.30729)"
93.219.141.109 - - [07/Nov/2013:23:00:29 +0100] "GET /unternehmen/imagevideo-straman.html HTTP/1.1" 200 17521 "-" "Mozilla/5.0 (Windows; U; Windows NT 6.0; de; rv:1.9.2.3) Gecko/20100401 Firefox/3.6.3 ( .NET CLR 3.5.30729)"
93.219.141.109 - - [07/Nov/2013:23:02:36 +0100] "GET /unternehmen/standorte.html HTTP/1.1" 200 19111 "-" "Mozilla/5.0 (Windows; U; Windows NT 6.0; de; rv:1.9.2.3) Gecko/20100401 Firefox/3.6.3 ( .NET CLR 3.5.30729)"
66.249.78.60 - - [07/Nov/2013:23:04:12 +0100] "GET /servicebereiche/gruenanlagenpflege/gewerbegruenpflege/58.html HTTP/1.1" 200 19219 "-" "Mozilla/5.0 (compatible; Googlebot/2.1; +http://www.google.com/bot.html)"
66.249.78.60 - - [07/Nov/2013:23:22:45 +0100] "GET /news.html?start=5 HTTP/1.1" 200 18976 "-" "Mozilla/5.0 (compatible; Googlebot/2.1; +http://www.google.com/bot.html)"
65.55.52.117 - - [07/Nov/2013:23:29:53 +0100] "GET /news.html HTTP/1.1" 200 33124 "-" "Mozilla/5.0 (compatible; bingbot/2.0; +http://www.bing.com/bingbot.htm)"
93.219.141.109 - - [07/Nov/2013:23:37:42 +0100] "GET /unternehmen/historie.html HTTP/1.1" 200 408748 "-" "Mozilla/5.0 (Windows; U; Windows NT 6.0; de; rv:1.9.2.3) Gecko/20100401 Firefox/3.6.3 ( .NET CLR 3.5.30729)"
93.219.141.109 - - [07/Nov/2013:23:45:21 +0100] "GET /component/content/article/58.html HTTP/1.1" 200 17982 "-" "Mozilla/5.0 (Windows; U; Windows NT 6.0; de; rv:1.9.2.3) Gecko/20100401 Firefox/3.6.3 ( .NET CLR 3.5.30729)"
66.249.78.60 - - [07/Nov/2013:23:53:39 +0100] "GET /imagevideo-straman.html HTTP/1.1" 200 17273 "-" "Mozilla/5.0 (compatible; Googlebot/2.1; +http://www.google.com/bot.html)"
93.219.141.109 - - [07/Nov/2013:23:57:01 +0100] "GET /news.html HTTP/1.1" 200 33120 "-" "Mozilla/5.0 (Windows; U; Windows NT 6.0; de; rv:1.9.2.3) Gecko/20100401 Firefox/3.6.3 ( .NET CLR 3.5.30729)"
93.219.141.109 - - [07/Nov/2013:23:59:48 +0100] "GET /unternehmen/jobs.html HTTP/1.1" 200 22581 "-" "Mozilla/5.0 (Windows; U; Windows NT 6.0; de; rv:1.9.2.3) Gecko/20100401 Firefox/3.6.3 ( .NET CLR 3.5.30729)"
66.249.78.60 - - [08/Nov/2013:00:02:20 +0100] "GET /servicebereiche/uebersichtgebaeudemanagement.html HTTP/1.1" 200 11105 "-" "Mozilla/5.0 (iPhone; CPU iPhone OS 6_0 like Mac OS X) AppleWebKit/536.26 (KHTML, like Gecko) Version/6.0 Mobile/10A5376e Safari/8536.25 (compatible; Googlebot-Mobile/2.1; +http://www.google.com/bot.html)"
95.91.243.141 - - [08/Nov/2013:00:05:16 +0100] "GET / HTTP/1.1" 200 18377 "-" "Mozilla/5.0 (compatible; MSIE 10.0; Windows NT 6.1; WOW64; Trident/6.0)"
95.91.243.141 - - [08/Nov/2013:00:05:16 +0100] "GET /templates/gk_penguinmail/css/addons.css HTTP/1.1" 200 2644 "http://www.straman.de/" "Mozilla/5.0 (compatible; MSIE 10.0; Windows NT 6.1; WOW64; Trident/6.0)"
95.91.243.141 - - [08/Nov/2013:00:05:16 +0100] "GET /templates/gk_penguinmail/css/template.css HTTP/1.1" 200 9192 "http://www.straman.de/" "Mozilla/5.0 (compatible; MSIE 10.0; Windows NT 6.1; WOW64; Trident/6.0)"
95.91.243.141 - - [08/Nov/2013:00:05:16 +0100] "GET /templates/system/css/general.css HTTP/1.1" 200 2777 "http://www.straman.de/" "Mozilla/5.0 (compatible; MSIE 10.0; Windows NT 6.1; WOW64; Trident/6.0)"
95.91.243.141 - - [08/Nov/2013:00:05:16 +0100] "GET /templates/system/css/system.css HTTP/1.1" 200 1385 "http://www.straman.de/" "Mozilla/5.0 (compatible; MSIE 10.0; Windows NT 6.1; WOW64; Trident/6.0)"
95.91.243.141 - - [08/Nov/2013:00:05:16 +0100] "GET /templates/gk_penguinmail/css/layout.css HTTP/1.1" 200 1684 "http://www.straman.de/" "Mozilla/5.0 (compatible; MSIE 10.0; Windows NT 6.1; WOW64; Trident/6.0)"
95.91.243.141 - - [08/Nov/2013:00:05:16 +0100] "GET /templates/gk_penguinmail/css/joomla.css HTTP/1.1" 200 14242 "http://www.straman.de/" "Mozilla/5.0 (compatible; MSIE 10.0; Windows NT 6.1; WOW64; Trident/6.0)"
95.91.243.141 - - [08/Nov/2013:00:05:16 +0100] "GET /templates/gk_penguinmail/css/gk_stuff.css HTTP/1.1" 200 12799 "http://www.straman.de/" "Mozilla/5.0 (compatible; MSIE 10.0; Windows NT 6.1; WOW64; Trident/6.0)"
95.91.243.141 - - [08/Nov/2013:00:05:16 +0100] "GET /templates/gk_penguinmail/css/typo.css HTTP/1.1" 200 15356 "http://www.straman.de/" "Mozilla/5.0 (compatible; MSIE 10.0; Windows NT 6.1; WOW64; Trident/6.0)"
95.91.243.141 - - [08/Nov/2013:00:05:16 +0100] "GET /templates/gk_penguinmail/css/css3_style3.css HTTP/1.1" 200 2980 "http://www.straman.de/" "Mozilla/5.0 (compatible; MSIE 10.0; Windows NT 6.1; WOW64; Trident/6.0)"
95.91.243.141 - - [08/Nov/2013:00:05:16 +0100] "GET /templates/gk_penguinmail/css/style3.css HTTP/1.1" 200 13892 "http://www.straman.de/" "Mozilla/5.0 (compatible; MSIE 10.0; Windows NT 6.1; WOW64; Trident/6.0)"
95.91.243.141 - - [08/Nov/2013:00:05:16 +0100] "GET /templates/gk_penguinmail/css/override.css HTTP/1.1" 200 3916 "http://www.straman.de/" "Mozilla/5.0 (compatible; MSIE 10.0; Windows NT 6.1; WOW64; Trident/6.0)"
95.91.243.141 - - [08/Nov/2013:00:05:16 +0100] "GET /templates/gk_penguinmail/js/domready_fix.js HTTP/1.1" 200 1340 "http://www.straman.de/" "Mozilla/5.0 (compatible; MSIE 10.0; Windows NT 6.1; WOW64; Trident/6.0)"
95.91.243.141 - - [08/Nov/2013:00:05:16 +0100] "GET /media/system/js/caption.js HTTP/1.1" 200 1963 "http://www.straman.de/" "Mozilla/5.0 (compatible; MSIE 10.0; Windows NT 6.1; WOW64; Trident/6.0)"
95.91.243.141 - - [08/Nov/2013:00:05:16 +0100] "GET /templates/gk_penguinmail/js/gk.script.js HTTP/1.1" 200 4585 "http://www.straman.de/" "Mozilla/5.0 (compatible; MSIE 10.0; Windows NT 6.1; WOW64; Trident/6.0)"
95.91.243.141 - - [08/Nov/2013:00:05:17 +0100] "GET /templates/gk_penguinmail/css/menu/mega.css HTTP/1.1" 200 4575 "http://www.straman.de/" "Mozilla/5.0 (compatible; MSIE 10.0; Windows NT 6.1; WOW64; Trident/6.0)"
95.91.243.141 - - [08/Nov/2013:00:05:17 +0100] "GET /templates/gk_penguinmail/js/menu/mega.js HTTP/1.1" 200 12974 "http://www.straman.de/" "Mozilla/5.0 (compatible; MSIE 10.0; Windows NT 6.1; WOW64; Trident/6.0)"
95.91.243.141 - - [08/Nov/2013:00:05:17 +0100] "GET /templates/gk_penguinmail/fonts/PT-Seans/stylesheet.css HTTP/1.1" 200 2445 "http://www.straman.de/" "Mozilla/5.0 (compatible; MSIE 10.0; Windows NT 6.1; WOW64; Trident/6.0)"
95.91.243.141 - - [08/Nov/2013:00:05:17 +0100] "GET /images/kontaktformular.jpg HTTP/1.1" 200 42791 "http://www.straman.de/" "Mozilla/5.0 (compatible; MSIE 10.0; Windows NT 6.1; WOW64; Trident/6.0)"
95.91.243.141 - - [08/Nov/2013:00:05:16 +0100] "GET /media/system/js/mootools.js HTTP/1.1" 200 74434 "http://www.straman.de/" "Mozilla/5.0 (compatible; MSIE 10.0; Windows NT 6.1; WOW64; Trident/6.0)"
95.91.243.141 - - [08/Nov/2013:00:05:17 +0100] "GET /templates/gk_penguinmail/images/style3/menu_sprite.png HTTP/1.1" 200 450 "http://www.straman.de/" "Mozilla/5.0 (compatible; MSIE 10.0; Windows NT 6.1; WOW64; Trident/6.0)"
95.91.243.141 - - [08/Nov/2013:00:05:17 +0100] "GET /templates/gk_penguinmail/images/style3/glow.jpg HTTP/1.1" 200 18301 "http://www.straman.de/" "Mozilla/5.0 (compatible; MSIE 10.0; Windows NT 6.1; WOW64; Trident/6.0)"
95.91.243.141 - - [08/Nov/2013:00:05:17 +0100] "GET /templates/gk_penguinmail/images/logo.png HTTP/1.1" 200 6608 "http://www.straman.de/" "Mozilla/5.0 (compatible; MSIE 10.0; Windows NT 6.1; WOW64; Trident/6.0)"
95.91.243.141 - - [08/Nov/2013:00:05:17 +0100] "GET /templates/gk_penguinmail/images/menu_sprite.png HTTP/1.1" 404 2467 "http://www.straman.de/" "Mozilla/5.0 (compatible; MSIE 10.0; Windows NT 6.1; WOW64; Trident/6.0)"
95.91.243.141 - - [08/Nov/2013:00:05:17 +0100] "GET /images/header_index_980x185.png HTTP/1.1" 200 211631 "http://www.straman.de/" "Mozilla/5.0 (compatible; MSIE 10.0; Windows NT 6.1; WOW64; Trident/6.0)"
95.91.243.141 - - [08/Nov/2013:00:05:18 +0100] "GET /templates/gk_penguinmail/favicon.ico HTTP/1.1" 200 5686 "-" "Mozilla/5.0 (compatible; MSIE 10.0; Windows NT 6.1; Win64; x64; Trident/6.0)"
95.91.243.141 - - [08/Nov/2013:00:05:33 +0100] "GET /unternehmen/jobs.html HTTP/1.1" 200 22551 "http://www.straman.de/" "Mozilla/5.0 (compatible; MSIE 10.0; Windows NT 6.1; WOW64; Trident/6.0)"
95.91.243.141 - - [08/Nov/2013:00:05:34 +0100] "GET /templates/gk_penguinmail/css/template_unterseiten.css HTTP/1.1" 200 115 "http://www.straman.de/unternehmen/jobs.html" "Mozilla/5.0 (compatible; MSIE 10.0; Windows NT 6.1; WOW64; Trident/6.0)"
95.91.243.141 - - [08/Nov/2013:00:05:34 +0100] "GET /images/header3.png HTTP/1.1" 200 29760 "http://www.straman.de/unternehmen/jobs.html" "Mozilla/5.0 (compatible; MSIE 10.0; Windows NT 6.1; WOW64; Trident/6.0)"
95.91.243.141 - - [08/Nov/2013:00:05:34 +0100] "GET /templates/gk_penguinmail/images/emailButton.png HTTP/1.1" 200 365 "http://www.straman.de/unternehmen/jobs.html" "Mozilla/5.0 (compatible; MSIE 10.0; Windows NT 6.1; WOW64; Trident/6.0)"
95.91.243.141 - - [08/Nov/2013:00:05:34 +0100] "GET /templates/gk_penguinmail/images/printButton.png HTTP/1.1" 200 442 "http://www.straman.de/unternehmen/jobs.html" "Mozilla/5.0 (compatible; MSIE 10.0; Windows NT 6.1; WOW64; Trident/6.0)"
95.91.243.141 - - [08/Nov/2013:00:05:35 +0100] "GET /templates/gk_penguinmail/images/toolsFont.png HTTP/1.1" 200 467 "http://www.straman.de/unternehmen/jobs.html" "Mozilla/5.0 (compatible; MSIE 10.0; Windows NT 6.1; WOW64; Trident/6.0)"
95.91.243.141 - - [08/Nov/2013:00:05:35 +0100] "GET /templates/gk_penguinmail/images/menu_sprite.png HTTP/1.1" 404 2467 "http://www.straman.de/unternehmen/jobs.html" "Mozilla/5.0 (compatible; MSIE 10.0; Windows NT 6.1; WOW64; Trident/6.0)"
157.55.33.110 - - [08/Nov/2013:00:09:18 +0100] "GET /robots.txt HTTP/1.1" 200 304 "-" "Mozilla/5.0 (compatible; bingbot/2.0; +http://www.bing.com/bingbot.htm)"
93.219.141.109 - - [08/Nov/2013:00:10:03 +0100] "GET /servicebereiche/gruenanlagenpflege/gewerbegruenpflege.html HTTP/1.1" 200 21389 "-" "Mozilla/5.0 (Windows; U; Windows NT 6.0; de; rv:1.9.2.3) Gecko/20100401 Firefox/3.6.3 ( .NET CLR 3.5.30729)"
157.55.33.110 - - [08/Nov/2013:00:16:52 +0100] "GET /undefined/ HTTP/1.1" 404 2467 "-" "Mozilla/5.0 (compatible; bingbot/2.0; +http://www.bing.com/bingbot.htm)"
77.12.37.214 - - [08/Nov/2013:00:28:22 +0100] "GET / HTTP/1.1" 200 18408 "http://www.google.de/aclk?sa=L&ai=CGgwT7yB8UoGoN5D5wQOoo4HYBumv--cFmdy5goMBuI2nBwgAEAIgyZiiCygDUPPkhIj7_____wFglfrwgYwHyAEBqQIXydAR9na2PqoEJk_QGdbdA-iLpP5OkttQCo5jTMwYx2zETTlfKcChI6gPJ_TA_JzygAWQToAHmY3zQZAHAw&sig=AOD64_2WqCyvBrseq_jB15xeacUrKoi3tQ&rct=j&q=Pflegedienste+Berlin+Wedding&ved=0CDcQ0Qw&adurl=http://www.straman.de" "Mozilla/5.0 (Windows NT 6.1) AppleWebKit/537.36 (KHTML, like Gecko) Chrome/30.0.1599.101 Safari/537.36"
77.12.37.214 - - [08/Nov/2013:00:28:23 +0100] "GET /templates/system/css/system.css HTTP/1.1" 200 1385 "http://www.straman.de/" "Mozilla/5.0 (Windows NT 6.1) AppleWebKit/537.36 (KHTML, like Gecko) Chrome/30.0.1599.101 Safari/537.36"
77.12.37.214 - - [08/Nov/2013:00:28:23 +0100] "GET /templates/system/css/general.css HTTP/1.1" 200 2777 "http://www.straman.de/" "Mozilla/5.0 (Windows NT 6.1) AppleWebKit/537.36 (KHTML, like Gecko) Chrome/30.0.1599.101 Safari/537.36"
77.12.37.214 - - [08/Nov/2013:00:28:23 +0100] "GET /templates/gk_penguinmail/css/addons.css HTTP/1.1" 200 2644 "http://www.straman.de/" "Mozilla/5.0 (Windows NT 6.1) AppleWebKit/537.36 (KHTML, like Gecko) Chrome/30.0.1599.101 Safari/537.36"
77.12.37.214 - - [08/Nov/2013:00:28:23 +0100] "GET /templates/gk_penguinmail/css/layout.css HTTP/1.1" 200 1684 "http://www.straman.de/" "Mozilla/5.0 (Windows NT 6.1) AppleWebKit/537.36 (KHTML, like Gecko) Chrome/30.0.1599.101 Safari/537.36"
77.12.37.214 - - [08/Nov/2013:00:28:23 +0100] "GET /templates/gk_penguinmail/css/template.css HTTP/1.1" 200 9192 "http://www.straman.de/" "Mozilla/5.0 (Windows NT 6.1) AppleWebKit/537.36 (KHTML, like Gecko) Chrome/30.0.1599.101 Safari/537.36"
77.12.37.214 - - [08/Nov/2013:00:28:23 +0100] "GET /templates/gk_penguinmail/css/joomla.css HTTP/1.1" 200 14242 "http://www.straman.de/" "Mozilla/5.0 (Windows NT 6.1) AppleWebKit/537.36 (KHTML, like Gecko) Chrome/30.0.1599.101 Safari/537.36"
77.12.37.214 - - [08/Nov/2013:00:28:23 +0100] "GET /templates/gk_penguinmail/css/gk_stuff.css HTTP/1.1" 200 12799 "http://www.straman.de/" "Mozilla/5.0 (Windows NT 6.1) AppleWebKit/537.36 (KHTML, like Gecko) Chrome/30.0.1599.101 Safari/537.36"
77.12.37.214 - - [08/Nov/2013:00:28:23 +0100] "GET /templates/gk_penguinmail/css/typo.css HTTP/1.1" 200 15356 "http://www.straman.de/" "Mozilla/5.0 (Windows NT 6.1) AppleWebKit/537.36 (KHTML, like Gecko) Chrome/30.0.1599.101 Safari/537.36"
77.12.37.214 - - [08/Nov/2013:00:28:23 +0100] "GET /templates/gk_penguinmail/css/css3_style3.css HTTP/1.1" 200 2980 "http://www.straman.de/" "Mozilla/5.0 (Windows NT 6.1) AppleWebKit/537.36 (KHTML, like Gecko) Chrome/30.0.1599.101 Safari/537.36"
77.12.37.214 - - [08/Nov/2013:00:28:23 +0100] "GET /templates/gk_penguinmail/css/style3.css HTTP/1.1" 200 13892 "http://www.straman.de/" "Mozilla/5.0 (Windows NT 6.1) AppleWebKit/537.36 (KHTML, like Gecko) Chrome/30.0.1599.101 Safari/537.36"
77.12.37.214 - - [08/Nov/2013:00:28:23 +0100] "GET /templates/gk_penguinmail/css/override.css HTTP/1.1" 200 3916 "http://www.straman.de/" "Mozilla/5.0 (Windows NT 6.1) AppleWebKit/537.36 (KHTML, like Gecko) Chrome/30.0.1599.101 Safari/537.36"
77.12.37.214 - - [08/Nov/2013:00:28:23 +0100] "GET /templates/gk_penguinmail/css/menu/mega.css HTTP/1.1" 200 4575 "http://www.straman.de/" "Mozilla/5.0 (Windows NT 6.1) AppleWebKit/537.36 (KHTML, like Gecko) Chrome/30.0.1599.101 Safari/537.36"
77.12.37.214 - - [08/Nov/2013:00:28:23 +0100] "GET /templates/gk_penguinmail/fonts/PT-Seans/stylesheet.css HTTP/1.1" 200 2445 "http://www.straman.de/" "Mozilla/5.0 (Windows NT 6.1) AppleWebKit/537.36 (KHTML, like Gecko) Chrome/30.0.1599.101 Safari/537.36"
77.12.37.214 - - [08/Nov/2013:00:28:23 +0100] "GET /templates/gk_penguinmail/js/domready_fix.js HTTP/1.1" 200 1340 "http://www.straman.de/" "Mozilla/5.0 (Windows NT 6.1) AppleWebKit/537.36 (KHTML, like Gecko) Chrome/30.0.1599.101 Safari/537.36"
77.12.37.214 - - [08/Nov/2013:00:28:23 +0100] "GET /media/system/js/caption.js HTTP/1.1" 200 1963 "http://www.straman.de/" "Mozilla/5.0 (Windows NT 6.1) AppleWebKit/537.36 (KHTML, like Gecko) Chrome/30.0.1599.101 Safari/537.36"
