66.249.78.60 - - [03/Nov/2013:04:03:28 +0100] "GET /servicebereiche/winterdienst/gewerbliche-kunden.html HTTP/1.1" 200 14466 "-" "Mozilla/5.0 (iPhone; CPU iPhone OS 6_0 like Mac OS X) AppleWebKit/536.26 (KHTML, like Gecko) Version/6.0 Mobile/10A5376e Safari/8536.25 (compatible; Googlebot-Mobile/2.1; +http://www.google.com/bot.html)"
194.31.113.12 - - [03/Nov/2013:04:04:19 +0100] "GET /templates/gk_penguinmail/css/gk_stuff.css HTTP/1.1" 304 - "-" "Mozilla/4.0 (compatible;)"
208.115.113.87 - - [03/Nov/2013:04:04:41 +0100] "GET /robots.txt HTTP/1.1" 200 304 "-" "Mozilla/5.0 (compatible; Ezooms/1.0; ezooms.bot@gmail.com)"
157.55.34.177 - - [03/Nov/2013:04:26:14 +0100] "GET / HTTP/1.1" 200 18411 "-" "Mozilla/5.0 (compatible; bingbot/2.0; +http://www.bing.com/bingbot.htm)"
84.128.164.197 - - [03/Nov/2013:04:40:57 +0100] "GET /unternehmen/imagevideo-straman/58.html HTTP/1.1" 200 18579 "-" "Mozilla/5.0 (Windows; U; Windows NT 6.0; de; rv:1.9.2.3) Gecko/20100401 Firefox/3.6.3 ( .NET CLR 3.5.30729)"
84.128.164.197 - - [03/Nov/2013:04:43:41 +0100] "GET /unternehmen/historie/58.html HTTP/1.1" 200 19061 "-" "Mozilla/5.0 (Windows; U; Windows NT 6.0; de; rv:1.9.2.3) Gecko/20100401 Firefox/3.6.3 ( .NET CLR 3.5.30729)"
194.31.113.12 - - [03/Nov/2013:04:50:59 +0100] "GET /templates/gk_penguinmail/images/style3/menu_sprite.png HTTP/1.1" 304 - "-" "Mozilla/4.0 (compatible;)"
157.56.92.156 - - [03/Nov/2013:05:00:57 +0100] "GET /news.html HTTP/1.1" 200 33124 "-" "Mozilla/5.0 (compatible; bingbot/2.0; +http://www.bing.com/bingbot.htm)"
194.31.113.12 - - [03/Nov/2013:05:01:19 +0100] "GET /templates/gk_penguinmail/fonts/PT-Seans/PTC55F-webfont.eot HTTP/1.1" 304 - "-" "Mozilla/4.0 (compatible;)"
199.19.249.196 - - [03/Nov/2013:05:01:19 +0100] "GET /templates/gk_penguinmail/fonts/PT-Seans/PTC55F-webfont.eot HTTP/1.1" 200 27716 "-" "Mozilla/4.0 (compatible; MSIE 7.0; Windows NT 5.1; InfoPath.1; .NET CLR 2.0.50727; .NET CLR 1.1.4322; MS-RTC LM 8; .NET CLR 3.0.4506.2152; .NET CLR 3.5.30729)"
79.216.115.252 - - [03/Nov/2013:05:12:02 +0100] "GET / HTTP/1.1" 200 18407 "http://www.google.de/aclk?sa=L&ai=COgdHt8p1Ut2TBsvz7Qbi6IHoBumv--cFmdy5goMBtIf_DQgAEAIoA1Dz5ISI-_____8BYJX68IGMB8gBAakCjpEUI1eitj6qBCJP0G1nD10L3NV6Tu4W92Ul22Ug7TU7BjEVPYtk_nXmhz5-gAeZjfNBkAcD&sig=AOD64_1LG8Ji2yGA2GSGbqn4e2-uEa6EyA&rct=j&q=rasensamen&ved=0CDoQ0Qw&adurl=http://www.straman.de" "Mozilla/5.0 (Windows NT 6.0; rv:2.0.1) Gecko/20100101 Firefox/4.0.1"
79.216.115.252 - - [03/Nov/2013:05:12:03 +0100] "GET /templates/system/css/system.css HTTP/1.1" 200 1385 "http://www.straman.de/" "Mozilla/5.0 (Windows NT 6.0; rv:2.0.1) Gecko/20100101 Firefox/4.0.1"
79.216.115.252 - - [03/Nov/2013:05:12:03 +0100] "GET /templates/system/css/general.css HTTP/1.1" 200 2777 "http://www.straman.de/" "Mozilla/5.0 (Windows NT 6.0; rv:2.0.1) Gecko/20100101 Firefox/4.0.1"
79.216.115.252 - - [03/Nov/2013:05:12:03 +0100] "GET /templates/gk_penguinmail/css/addons.css HTTP/1.1" 200 2644 "http://www.straman.de/" "Mozilla/5.0 (Windows NT 6.0; rv:2.0.1) Gecko/20100101 Firefox/4.0.1"
79.216.115.252 - - [03/Nov/2013:05:12:03 +0100] "GET /templates/gk_penguinmail/css/layout.css HTTP/1.1" 200 1684 "http://www.straman.de/" "Mozilla/5.0 (Windows NT 6.0; rv:2.0.1) Gecko/20100101 Firefox/4.0.1"
79.216.115.252 - - [03/Nov/2013:05:12:03 +0100] "GET /templates/gk_penguinmail/css/template.css HTTP/1.1" 200 9192 "http://www.straman.de/" "Mozilla/5.0 (Windows NT 6.0; rv:2.0.1) Gecko/20100101 Firefox/4.0.1"
79.216.115.252 - - [03/Nov/2013:05:12:03 +0100] "GET /templates/gk_penguinmail/css/joomla.css HTTP/1.1" 200 14242 "http://www.straman.de/" "Mozilla/5.0 (Windows NT 6.0; rv:2.0.1) Gecko/20100101 Firefox/4.0.1"
79.216.115.252 - - [03/Nov/2013:05:12:03 +0100] "GET /templates/gk_penguinmail/css/gk_stuff.css HTTP/1.1" 200 12799 "http://www.straman.de/" "Mozilla/5.0 (Windows NT 6.0; rv:2.0.1) Gecko/20100101 Firefox/4.0.1"
79.216.115.252 - - [03/Nov/2013:05:12:03 +0100] "GET /templates/gk_penguinmail/css/typo.css HTTP/1.1" 200 15356 "http://www.straman.de/" "Mozilla/5.0 (Windows NT 6.0; rv:2.0.1) Gecko/20100101 Firefox/4.0.1"
79.216.115.252 - - [03/Nov/2013:05:12:03 +0100] "GET /templates/gk_penguinmail/css/style3.css HTTP/1.1" 200 13892 "http://www.straman.de/" "Mozilla/5.0 (Windows NT 6.0; rv:2.0.1) Gecko/20100101 Firefox/4.0.1"
79.216.115.252 - - [03/Nov/2013:05:12:03 +0100] "GET /templates/gk_penguinmail/css/css3_style3.css HTTP/1.1" 200 2980 "http://www.straman.de/" "Mozilla/5.0 (Windows NT 6.0; rv:2.0.1) Gecko/20100101 Firefox/4.0.1"
79.216.115.252 - - [03/Nov/2013:05:12:03 +0100] "GET /templates/gk_penguinmail/css/override.css HTTP/1.1" 200 3916 "http://www.straman.de/" "Mozilla/5.0 (Windows NT 6.0; rv:2.0.1) Gecko/20100101 Firefox/4.0.1"
79.216.115.252 - - [03/Nov/2013:05:12:03 +0100] "GET /templates/gk_penguinmail/js/domready_fix.js HTTP/1.1" 200 1340 "http://www.straman.de/" "Mozilla/5.0 (Windows NT 6.0; rv:2.0.1) Gecko/20100101 Firefox/4.0.1"
79.216.115.252 - - [03/Nov/2013:05:12:03 +0100] "GET /media/system/js/caption.js HTTP/1.1" 200 1963 "http://www.straman.de/" "Mozilla/5.0 (Windows NT 6.0; rv:2.0.1) Gecko/20100101 Firefox/4.0.1"
79.216.115.252 - - [03/Nov/2013:05:12:03 +0100] "GET /templates/gk_penguinmail/js/gk.script.js HTTP/1.1" 200 4585 "http://www.straman.de/" "Mozilla/5.0 (Windows NT 6.0; rv:2.0.1) Gecko/20100101 Firefox/4.0.1"
79.216.115.252 - - [03/Nov/2013:05:12:04 +0100] "GET /templates/gk_penguinmail/css/menu/mega.css HTTP/1.1" 200 4575 "http://www.straman.de/" "Mozilla/5.0 (Windows NT 6.0; rv:2.0.1) Gecko/20100101 Firefox/4.0.1"
79.216.115.252 - - [03/Nov/2013:05:12:04 +0100] "GET /templates/gk_penguinmail/js/menu/mega.js HTTP/1.1" 200 12974 "http://www.straman.de/" "Mozilla/5.0 (Windows NT 6.0; rv:2.0.1) Gecko/20100101 Firefox/4.0.1"
79.216.115.252 - - [03/Nov/2013:05:12:04 +0100] "GET /templates/gk_penguinmail/fonts/PT-Seans/stylesheet.css HTTP/1.1" 200 2445 "http://www.straman.de/" "Mozilla/5.0 (Windows NT 6.0; rv:2.0.1) Gecko/20100101 Firefox/4.0.1"
79.216.115.252 - - [03/Nov/2013:05:12:04 +0100] "GET /images/kontaktformular.jpg HTTP/1.1" 200 42791 "http://www.straman.de/" "Mozilla/5.0 (Windows NT 6.0; rv:2.0.1) Gecko/20100101 Firefox/4.0.1"
79.216.115.252 - - [03/Nov/2013:05:12:04 +0100] "GET /templates/gk_penguinmail/favicon.ico HTTP/1.1" 200 5686 "-" "Mozilla/5.0 (Windows NT 6.0; rv:2.0.1) Gecko/20100101 Firefox/4.0.1"
79.216.115.252 - - [03/Nov/2013:05:12:03 +0100] "GET /media/system/js/mootools.js HTTP/1.1" 200 74434 "http://www.straman.de/" "Mozilla/5.0 (Windows NT 6.0; rv:2.0.1) Gecko/20100101 Firefox/4.0.1"
79.216.115.252 - - [03/Nov/2013:05:12:04 +0100] "GET /images/header_index_980x185.png HTTP/1.1" 200 211631 "http://www.straman.de/" "Mozilla/5.0 (Windows NT 6.0; rv:2.0.1) Gecko/20100101 Firefox/4.0.1"
79.216.115.252 - - [03/Nov/2013:05:12:06 +0100] "GET /templates/gk_penguinmail/images/style3/glow.jpg HTTP/1.1" 200 18301 "http://www.straman.de/templates/gk_penguinmail/css/style3.css" "Mozilla/5.0 (Windows NT 6.0; rv:2.0.1) Gecko/20100101 Firefox/4.0.1"
79.216.115.252 - - [03/Nov/2013:05:12:06 +0100] "GET /templates/gk_penguinmail/images/style3/menu_sprite.png HTTP/1.1" 200 450 "http://www.straman.de/templates/gk_penguinmail/css/override.css" "Mozilla/5.0 (Windows NT 6.0; rv:2.0.1) Gecko/20100101 Firefox/4.0.1"
79.216.115.252 - - [03/Nov/2013:05:12:07 +0100] "GET /templates/gk_penguinmail/images/menu_sprite.png HTTP/1.1" 404 2467 "http://www.straman.de/templates/gk_penguinmail/css/override.css" "Mozilla/5.0 (Windows NT 6.0; rv:2.0.1) Gecko/20100101 Firefox/4.0.1"
5.10.83.14 - - [03/Nov/2013:05:19:24 +0100] "GET /servicebereiche/winterdienst/gewerbliche-kunden.html HTTP/1.1" 200 23147 "-" "Mozilla/5.0 (compatible; AhrefsBot/5.0; +http://ahrefs.com/robot/)"
194.31.113.12 - - [03/Nov/2013:05:20:52 +0100] "GET /templates/gk_penguinmail/css/template.css HTTP/1.1" 304 - "-" "Mozilla/4.0 (compatible;)"
194.31.113.12 - - [03/Nov/2013:05:43:58 +0100] "GET /templates/gk_penguinmail/js/menu/mega.js HTTP/1.1" 304 - "-" "Mozilla/4.0 (compatible;)"
194.31.113.12 - - [03/Nov/2013:05:44:12 +0100] "GET /templates/gk_penguinmail/fonts/PT-Seans/PTC75F-webfont.eot HTTP/1.1" 304 - "-" "Mozilla/4.0 (compatible;)"
199.19.249.196 - - [03/Nov/2013:05:44:12 +0100] "GET /templates/gk_penguinmail/fonts/PT-Seans/PTC75F-webfont.eot HTTP/1.1" 200 26512 "-" "Mozilla/4.0 (compatible; MSIE 7.0; Windows NT 5.1; InfoPath.1; .NET CLR 2.0.50727; .NET CLR 1.1.4322; MS-RTC LM 8; .NET CLR 3.0.4506.2152; .NET CLR 3.5.30729)"
77.188.106.144 - - [03/Nov/2013:05:50:13 +0100] "GET / HTTP/1.1" 200 18377 "http://www.google.de/aclk?sa=L&ai=CAGpbvNV1Uv0W1PfBA-bygNAC6a_75wWZ3LmCgwGqwOAGCAAQASgDUPPkhIj7_____wFglfrwgYwHyAEBqQKOkRQjV6K2PqoEJk_Q1SnwajxiizRFKQz_9PpTC1X3avY1O_iOA24escsjH_QpUL6DugUTCKnozaTox7oCFQvPmAodcXIAZMoFAIAHmY3zQZAHAw&ei=u9V1UumeO4ue4wTx5IGgBg&sig=AOD64_2ZBr8Iph9g98mv5IelGjseFNZE0Q&rct=j&frm=1&q=gro%C3%9Fe+b%C3%A4ume+kaufen&sqi=2&ved=0CDAQ0Qw&adurl=http://www.straman.de" "Mozilla/5.0 (compatible; MSIE 10.0; Windows NT 6.2; WOW64; Trident/6.0; Touch; MALNJS)"
77.188.106.144 - - [03/Nov/2013:05:50:13 +0100] "GET /templates/system/css/system.css HTTP/1.1" 200 1385 "http://www.straman.de/" "Mozilla/5.0 (compatible; MSIE 10.0; Windows NT 6.2; WOW64; Trident/6.0; Touch; MALNJS)"
77.188.106.144 - - [03/Nov/2013:05:50:13 +0100] "GET /templates/system/css/general.css HTTP/1.1" 200 2777 "http://www.straman.de/" "Mozilla/5.0 (compatible; MSIE 10.0; Windows NT 6.2; WOW64; Trident/6.0; Touch; MALNJS)"
77.188.106.144 - - [03/Nov/2013:05:50:13 +0100] "GET /templates/gk_penguinmail/css/addons.css HTTP/1.1" 200 2644 "http://www.straman.de/" "Mozilla/5.0 (compatible; MSIE 10.0; Windows NT 6.2; WOW64; Trident/6.0; Touch; MALNJS)"
77.188.106.144 - - [03/Nov/2013:05:50:13 +0100] "GET /templates/gk_penguinmail/css/layout.css HTTP/1.1" 200 1684 "http://www.straman.de/" "Mozilla/5.0 (compatible; MSIE 10.0; Windows NT 6.2; WOW64; Trident/6.0; Touch; MALNJS)"
77.188.106.144 - - [03/Nov/2013:05:50:13 +0100] "GET /templates/gk_penguinmail/css/template.css HTTP/1.1" 200 9192 "http://www.straman.de/" "Mozilla/5.0 (compatible; MSIE 10.0; Windows NT 6.2; WOW64; Trident/6.0; Touch; MALNJS)"
77.188.106.144 - - [03/Nov/2013:05:50:13 +0100] "GET /templates/gk_penguinmail/css/joomla.css HTTP/1.1" 200 14242 "http://www.straman.de/" "Mozilla/5.0 (compatible; MSIE 10.0; Windows NT 6.2; WOW64; Trident/6.0; Touch; MALNJS)"
77.188.106.144 - - [03/Nov/2013:05:50:13 +0100] "GET /templates/gk_penguinmail/css/gk_stuff.css HTTP/1.1" 200 12799 "http://www.straman.de/" "Mozilla/5.0 (compatible; MSIE 10.0; Windows NT 6.2; WOW64; Trident/6.0; Touch; MALNJS)"
77.188.106.144 - - [03/Nov/2013:05:50:13 +0100] "GET /templates/gk_penguinmail/css/typo.css HTTP/1.1" 200 15356 "http://www.straman.de/" "Mozilla/5.0 (compatible; MSIE 10.0; Windows NT 6.2; WOW64; Trident/6.0; Touch; MALNJS)"
77.188.106.144 - - [03/Nov/2013:05:50:13 +0100] "GET /templates/gk_penguinmail/css/css3_style3.css HTTP/1.1" 200 2980 "http://www.straman.de/" "Mozilla/5.0 (compatible; MSIE 10.0; Windows NT 6.2; WOW64; Trident/6.0; Touch; MALNJS)"
77.188.106.144 - - [03/Nov/2013:05:50:13 +0100] "GET /templates/gk_penguinmail/css/style3.css HTTP/1.1" 200 13892 "http://www.straman.de/" "Mozilla/5.0 (compatible; MSIE 10.0; Windows NT 6.2; WOW64; Trident/6.0; Touch; MALNJS)"
77.188.106.144 - - [03/Nov/2013:05:50:13 +0100] "GET /templates/gk_penguinmail/css/override.css HTTP/1.1" 200 3916 "http://www.straman.de/" "Mozilla/5.0 (compatible; MSIE 10.0; Windows NT 6.2; WOW64; Trident/6.0; Touch; MALNJS)"
77.188.106.144 - - [03/Nov/2013:05:50:13 +0100] "GET /media/system/js/mootools.js HTTP/1.1" 200 74434 "http://www.straman.de/" "Mozilla/5.0 (compatible; MSIE 10.0; Windows NT 6.2; WOW64; Trident/6.0; Touch; MALNJS)"
77.188.106.144 - - [03/Nov/2013:05:50:13 +0100] "GET /templates/gk_penguinmail/js/domready_fix.js HTTP/1.1" 200 1340 "http://www.straman.de/" "Mozilla/5.0 (compatible; MSIE 10.0; Windows NT 6.2; WOW64; Trident/6.0; Touch; MALNJS)"
77.188.106.144 - - [03/Nov/2013:05:50:13 +0100] "GET /templates/gk_penguinmail/js/gk.script.js HTTP/1.1" 200 4585 "http://www.straman.de/" "Mozilla/5.0 (compatible; MSIE 10.0; Windows NT 6.2; WOW64; Trident/6.0; Touch; MALNJS)"
77.188.106.144 - - [03/Nov/2013:05:50:13 +0100] "GET /templates/gk_penguinmail/css/menu/mega.css HTTP/1.1" 200 4575 "http://www.straman.de/" "Mozilla/5.0 (compatible; MSIE 10.0; Windows NT 6.2; WOW64; Trident/6.0; Touch; MALNJS)"
77.188.106.144 - - [03/Nov/2013:05:50:13 +0100] "GET /templates/gk_penguinmail/js/menu/mega.js HTTP/1.1" 200 12974 "http://www.straman.de/" "Mozilla/5.0 (compatible; MSIE 10.0; Windows NT 6.2; WOW64; Trident/6.0; Touch; MALNJS)"
77.188.106.144 - - [03/Nov/2013:05:50:13 +0100] "GET /templates/gk_penguinmail/fonts/PT-Seans/stylesheet.css HTTP/1.1" 200 2445 "http://www.straman.de/" "Mozilla/5.0 (compatible; MSIE 10.0; Windows NT 6.2; WOW64; Trident/6.0; Touch; MALNJS)"
77.188.106.144 - - [03/Nov/2013:05:50:13 +0100] "GET /media/system/js/caption.js HTTP/1.1" 200 1963 "http://www.straman.de/" "Mozilla/5.0 (compatible; MSIE 10.0; Windows NT 6.2; WOW64; Trident/6.0; Touch; MALNJS)"
77.188.106.144 - - [03/Nov/2013:05:50:13 +0100] "GET /images/kontaktformular.jpg HTTP/1.1" 200 42791 "http://www.straman.de/" "Mozilla/5.0 (compatible; MSIE 10.0; Windows NT 6.2; WOW64; Trident/6.0; Touch; MALNJS)"
77.188.106.144 - - [03/Nov/2013:05:50:14 +0100] "GET /templates/gk_penguinmail/images/style3/menu_sprite.png HTTP/1.1" 200 450 "http://www.straman.de/" "Mozilla/5.0 (compatible; MSIE 10.0; Windows NT 6.2; WOW64; Trident/6.0; Touch; MALNJS)"
77.188.106.144 - - [03/Nov/2013:05:50:14 +0100] "GET /templates/gk_penguinmail/images/style3/glow.jpg HTTP/1.1" 200 18301 "http://www.straman.de/" "Mozilla/5.0 (compatible; MSIE 10.0; Windows NT 6.2; WOW64; Trident/6.0; Touch; MALNJS)"
77.188.106.144 - - [03/Nov/2013:05:50:14 +0100] "GET /templates/gk_penguinmail/images/logo.png HTTP/1.1" 200 6608 "http://www.straman.de/" "Mozilla/5.0 (compatible; MSIE 10.0; Windows NT 6.2; WOW64; Trident/6.0; Touch; MALNJS)"
77.188.106.144 - - [03/Nov/2013:05:50:13 +0100] "GET /images/header_index_980x185.png HTTP/1.1" 200 211631 "http://www.straman.de/" "Mozilla/5.0 (compatible; MSIE 10.0; Windows NT 6.2; WOW64; Trident/6.0; Touch; MALNJS)"
77.188.106.144 - - [03/Nov/2013:05:50:14 +0100] "GET /templates/gk_penguinmail/images/menu_sprite.png HTTP/1.1" 404 2467 "http://www.straman.de/" "Mozilla/5.0 (compatible; MSIE 10.0; Windows NT 6.2; WOW64; Trident/6.0; Touch; MALNJS)"
77.188.106.144 - - [03/Nov/2013:05:50:15 +0100] "GET /templates/gk_penguinmail/favicon.ico HTTP/1.1" 200 5686 "-" "Mozilla/5.0 (compatible; MSIE 10.0; Windows NT 6.2; Win64; x64; Trident/6.0; Touch; MALNJS)"
194.31.113.12 - - [03/Nov/2013:05:53:41 +0100] "GET /templates/gk_penguinmail/css/layout.css HTTP/1.1" 304 - "-" "Mozilla/4.0 (compatible;)"
194.127.5.164 - - [03/Nov/2013:05:54:33 +0100] "GET /media/system/js/caption.js HTTP/1.1" 304 - "-" "Mozilla/4.0 (compatible;)"
194.31.113.12 - - [03/Nov/2013:05:54:53 +0100] "GET /templates/gk_penguinmail/css/typo.css HTTP/1.1" 304 - "-" "Mozilla/4.0 (compatible;)"
157.56.93.52 - - [03/Nov/2013:05:59:23 +0100] "GET /robots.txt HTTP/1.1" 200 304 "-" "Mozilla/5.0 (compatible; bingbot/2.0; +http://www.bing.com/bingbot.htm)"
208.115.113.87 - - [03/Nov/2013:06:03:44 +0100] "GET /component/mailto/?tmpl=component&link=2a87d82565abba294ed17a9b5faa7b8e009079f8 HTTP/1.1" 200 2687 "-" "Mozilla/5.0 (compatible; Ezooms/1.0; ezooms.bot@gmail.com)"
208.115.111.71 - - [03/Nov/2013:06:06:14 +0100] "GET /robots.txt HTTP/1.1" 200 304 "-" "Mozilla/5.0 (compatible; Ezooms/1.0; ezooms.bot@gmail.com)"
5.10.83.28 - - [03/Nov/2013:06:20:05 +0100] "GET /unternehmen/standorte/58.html HTTP/1.1" 200 19070 "-" "Mozilla/5.0 (compatible; AhrefsBot/5.0; +http://ahrefs.com/robot/)"
157.56.93.52 - - [03/Nov/2013:06:21:22 +0100] "GET /news.html HTTP/1.1" 200 33124 "-" "Mozilla/5.0 (compatible; bingbot/2.0; +http://www.bing.com/bingbot.htm)"
194.31.113.12 - - [03/Nov/2013:06:21:28 +0100] "GET /templates/system/css/system.css HTTP/1.1" 304 - "-" "Mozilla/4.0 (compatible;)"
157.56.229.246 - - [03/Nov/2013:06:24:08 +0100] "GET / HTTP/1.1" 200 18411 "-" "Mozilla/5.0 (compatible; bingbot/2.0; +http://www.bing.com/bingbot.htm)"
194.31.113.12 - - [03/Nov/2013:06:24:27 +0100] "GET /templates/gk_penguinmail/js/domready_fix.js HTTP/1.1" 304 - "-" "Mozilla/4.0 (compatible;)"
194.31.113.12 - - [03/Nov/2013:06:31:46 +0100] "GET /templates/gk_penguinmail/css/override.css HTTP/1.1" 304 - "-" "Mozilla/4.0 (compatible;)"
194.31.113.12 - - [03/Nov/2013:06:32:17 +0100] "GET /templates/gk_penguinmail/images/style3/glow.jpg HTTP/1.1" 304 - "-" "Mozilla/4.0 (compatible;)"
157.56.93.52 - - [03/Nov/2013:06:34:34 +0100] "GET /news.html HTTP/1.1" 200 33124 "-" "Mozilla/5.0 (compatible; bingbot/2.0; +http://www.bing.com/bingbot.htm)"
194.31.113.12 - - [03/Nov/2013:06:37:22 +0100] "GET /templates/gk_penguinmail/css/joomla.css HTTP/1.1" 304 - "-" "Mozilla/4.0 (compatible;)"
5.10.83.54 - - [03/Nov/2013:06:41:04 +0100] "GET /index.php HTTP/1.1" 200 18429 "-" "Mozilla/5.0 (compatible; AhrefsBot/5.0; +http://ahrefs.com/robot/)"
194.31.113.12 - - [03/Nov/2013:06:50:10 +0100] "GET /templates/gk_penguinmail/images/logo.png HTTP/1.1" 304 - "-" "Mozilla/4.0 (compatible;)"
157.56.93.52 - - [03/Nov/2013:07:03:53 +0100] "GET /news.html HTTP/1.1" 200 33124 "-" "Mozilla/5.0 (compatible; bingbot/2.0; +http://www.bing.com/bingbot.htm)"
194.31.113.12 - - [03/Nov/2013:07:03:59 +0100] "GET /templates/gk_penguinmail/fonts/PT-Seans/PTS56F-webfont.eot HTTP/1.1" 304 - "-" "Mozilla/4.0 (compatible;)"
199.19.249.196 - - [03/Nov/2013:07:03:59 +0100] "GET /templates/gk_penguinmail/fonts/PT-Seans/PTS56F-webfont.eot HTTP/1.1" 200 30512 "-" "Mozilla/4.0 (compatible; MSIE 7.0; Windows NT 5.1; InfoPath.1; .NET CLR 2.0.50727; .NET CLR 1.1.4322; MS-RTC LM 8; .NET CLR 3.0.4506.2152; .NET CLR 3.5.30729)"
194.31.113.12 - - [03/Nov/2013:07:11:38 +0100] "GET /templates/gk_penguinmail/css/addons.css HTTP/1.1" 304 - "-" "Mozilla/4.0 (compatible;)"
5.10.83.28 - - [03/Nov/2013:07:24:38 +0100] "GET /servicebereiche/uebersichtgebaeudemanagement/58.html HTTP/1.1" 200 18973 "-" "Mozilla/5.0 (compatible; AhrefsBot/5.0; +http://ahrefs.com/robot/)"
194.31.113.12 - - [03/Nov/2013:07:26:06 +0100] "GET /templates/gk_penguinmail/css/menu/mega.css HTTP/1.1" 304 - "-" "Mozilla/4.0 (compatible;)"
66.249.78.60 - - [03/Nov/2013:07:30:48 +0100] "GET / HTTP/1.1" 200 8922 "-" "Mozilla/5.0 (iPhone; CPU iPhone OS 6_0 like Mac OS X) AppleWebKit/536.26 (KHTML, like Gecko) Version/6.0 Mobile/10A5376e Safari/8536.25 (compatible; Googlebot-Mobile/2.1; +http://www.google.com/bot.html)"
194.31.113.12 - - [03/Nov/2013:07:39:37 +0100] "GET /templates/gk_penguinmail/css/ie8.css HTTP/1.1" 304 - "-" "Mozilla/4.0 (compatible;)"
157.56.93.52 - - [03/Nov/2013:07:42:35 +0100] "GET /news.html HTTP/1.1" 200 33124 "-" "Mozilla/5.0 (compatible; bingbot/2.0; +http://www.bing.com/bingbot.htm)"
194.31.113.12 - - [03/Nov/2013:07:46:54 +0100] "GET /templates/gk_penguinmail/fonts/PT-Seans/PTS76F-webfont.eot HTTP/1.1" 304 - "-" "Mozilla/4.0 (compatible;)"
199.19.249.196 - - [03/Nov/2013:07:46:54 +0100] "GET /templates/gk_penguinmail/fonts/PT-Seans/PTS76F-webfont.eot HTTP/1.1" 200 29352 "-" "Mozilla/4.0 (compatible; MSIE 7.0; Windows NT 5.1; InfoPath.1; .NET CLR 2.0.50727; .NET CLR 1.1.4322; MS-RTC LM 8; .NET CLR 3.0.4506.2152; .NET CLR 3.5.30729)"
217.225.172.237 - - [03/Nov/2013:07:48:33 +0100] "GET / HTTP/1.1" 200 18407 "http://m.bigfinder.de/?c=ws&q=startseite&v=1" "Mozilla/5.0 (Macintosh; U; Intel Mac OS X 10.6; de-DE; rv:1.9.2.8) Gecko/20100722 Firefox/3.6.8"
5.10.83.98 - - [03/Nov/2013:07:50:12 +0100] "GET /news.html?start=5 HTTP/1.1" 200 18976 "-" "Mozilla/5.0 (compatible; AhrefsBot/5.0; +http://ahrefs.com/robot/)"
194.31.113.12 - - [03/Nov/2013:08:01:51 +0100] "GET /media/system/js/caption.js HTTP/1.1" 304 - "-" "Mozilla/4.0 (compatible;)"
208.115.111.71 - - [03/Nov/2013:08:03:53 +0100] "GET /servicebereiche/gebaeudemanagement.html HTTP/1.1" 404 2467 "-" "Mozilla/5.0 (compatible; Ezooms/1.0; ezooms.bot@gmail.com)"
157.56.93.52 - - [03/Nov/2013:08:13:11 +0100] "GET /news.html HTTP/1.1" 200 33124 "-" "Mozilla/5.0 (compatible; bingbot/2.0; +http://www.bing.com/bingbot.htm)"
157.56.229.246 - - [03/Nov/2013:08:14:53 +0100] "GET / HTTP/1.1" 200 18411 "-" "Mozilla/5.0 (compatible; bingbot/2.0; +http://www.bing.com/bingbot.htm)"
194.31.113.12 - - [03/Nov/2013:08:15:07 +0100] "GET /templates/gk_penguinmail/js/gk.script.js HTTP/1.1" 304 - "-" "Mozilla/4.0 (compatible;)"
66.249.74.108 - - [03/Nov/2013:08:17:24 +0100] "GET / HTTP/1.1" 200 5615 "-" "DoCoMo/2.0 N905i(c100;TB;W24H16) (compatible; Googlebot-Mobile/2.1; +http://www.google.com/bot.html)"
194.31.113.12 - - [03/Nov/2013:08:17:48 +0100] "GET /templates/gk_penguinmail/css/css3_style3.css HTTP/1.1" 304 - "-" "Mozilla/4.0 (compatible;)"
194.31.113.12 - - [03/Nov/2013:08:23:15 +0100] "GET /templates/gk_penguinmail/fonts/PT-Seans/stylesheet.css HTTP/1.1" 304 - "-" "Mozilla/4.0 (compatible;)"
194.31.113.12 - - [03/Nov/2013:08:23:39 +0100] "GET /templates/gk_penguinmail/images/toolsFont.png HTTP/1.1" 304 - "-" "Mozilla/4.0 (compatible;)"
5.10.83.28 - - [03/Nov/2013:08:24:20 +0100] "GET /servicebereiche/winterdienst/privatkunden.html HTTP/1.1" 200 23308 "-" "Mozilla/5.0 (compatible; AhrefsBot/5.0; +http://ahrefs.com/robot/)"
194.31.113.12 - - [03/Nov/2013:08:34:59 +0100] "GET /templates/system/css/general.css HTTP/1.1" 304 - "-" "Mozilla/4.0 (compatible;)"
157.56.93.52 - - [03/Nov/2013:08:35:34 +0100] "GET /news.html HTTP/1.1" 200 33124 "-" "Mozilla/5.0 (compatible; bingbot/2.0; +http://www.bing.com/bingbot.htm)"
194.127.5.164 - - [03/Nov/2013:08:51:51 +0100] "GET /templates/gk_penguinmail/css/ie8.css HTTP/1.1" 304 - "-" "Mozilla/4.0 (compatible;)"
5.10.83.44 - - [03/Nov/2013:08:52:59 +0100] "GET /servicebereiche/strassenreinigung/58.html HTTP/1.1" 200 19125 "-" "Mozilla/5.0 (compatible; AhrefsBot/5.0; +http://ahrefs.com/robot/)"
65.55.24.215 - - [03/Nov/2013:09:06:30 +0100] "GET /seiten/straman_impr.htm HTTP/1.1" 404 2467 "-" "Mozilla/5.0 (compatible; bingbot/2.0; +http://www.bing.com/bingbot.htm)"
157.56.93.52 - - [03/Nov/2013:09:07:18 +0100] "GET /news.html HTTP/1.1" 200 33124 "-" "Mozilla/5.0 (compatible; bingbot/2.0; +http://www.bing.com/bingbot.htm)"
5.10.83.54 - - [03/Nov/2013:09:22:21 +0100] "GET /referenzen.html HTTP/1.1" 200 375971 "-" "Mozilla/5.0 (compatible; AhrefsBot/5.0; +http://ahrefs.com/robot/)"
5.10.83.18 - - [03/Nov/2013:09:28:13 +0100] "GET /component/content/article/34-garten-und-landschaftsbau/73-privatgartenpflege.html HTTP/1.1" 200 20029 "-" "Mozilla/5.0 (compatible; AhrefsBot/5.0; +http://ahrefs.com/robot/)"
84.19.190.55 - - [03/Nov/2013:09:28:35 +0100] "GET /robots.txt HTTP/1.1" 200 304 "-" "Mozilla/5.0 (compatible; UnisterBot; crawler@unister.de)"
84.19.190.55 - - [03/Nov/2013:09:28:35 +0100] "GET /servicebereiche/winterdienst/gewerbliche-kunden/ HTTP/1.1" 200 23139 "-" "Mozilla/5.0 (compatible; UnisterBot; crawler@unister.de)"
84.19.190.55 - - [03/Nov/2013:09:37:41 +0100] "GET /component/user/ HTTP/1.1" 200 15115 "-" "Mozilla/5.0 (compatible; UnisterBot; crawler@unister.de)"
157.56.93.52 - - [03/Nov/2013:09:43:08 +0100] "GET /news.html HTTP/1.1" 200 33124 "-" "Mozilla/5.0 (compatible; bingbot/2.0; +http://www.bing.com/bingbot.htm)"
5.10.83.14 - - [03/Nov/2013:09:43:15 +0100] "GET /Privatkunden HTTP/1.1" 404 2467 "-" "Mozilla/5.0 (compatible; AhrefsBot/5.0; +http://ahrefs.com/robot/)"
5.10.83.28 - - [03/Nov/2013:09:49:01 +0100] "GET /index.php?option=com_user&view=login HTTP/1.1" 200 19667 "-" "Mozilla/5.0 (compatible; AhrefsBot/5.0; +http://ahrefs.com/robot/)"
208.115.111.71 - - [03/Nov/2013:10:05:46 +0100] "GET /robots.txt HTTP/1.1" 200 304 "-" "Mozilla/5.0 (compatible; Ezooms/1.0; ezooms.bot@gmail.com)"
157.56.93.52 - - [03/Nov/2013:10:12:12 +0100] "GET /news.html HTTP/1.1" 200 33124 "-" "Mozilla/5.0 (compatible; bingbot/2.0; +http://www.bing.com/bingbot.htm)"
84.19.190.55 - - [03/Nov/2013:10:12:53 +0100] "GET /servicebereiche/gruenanlagenpflege/gewerbegruenpflege/ HTTP/1.1" 200 21385 "-" "Mozilla/5.0 (compatible; UnisterBot; crawler@unister.de)"
84.19.190.55 - - [03/Nov/2013:10:18:54 +0100] "GET /servicebereiche/winterdienst/privatkunden/ HTTP/1.1" 200 23300 "-" "Mozilla/5.0 (compatible; UnisterBot; crawler@unister.de)"
84.19.190.55 - - [03/Nov/2013:10:23:51 +0100] "GET /servicebereiche/uebersichtgebaeudemanagement/infrastr-gebaeudemanagement/ HTTP/1.1" 200 19445 "-" "Mozilla/5.0 (compatible; UnisterBot; crawler@unister.de)"
84.19.190.55 - - [03/Nov/2013:10:28:15 +0100] "GET /imagevideo-straman/58.html HTTP/1.1" 200 18343 "-" "Mozilla/5.0 (compatible; UnisterBot; crawler@unister.de)"
93.219.178.228 - - [03/Nov/2013:10:28:33 +0100] "GET /component/content/46.html HTTP/1.1" 500 2511 "-" "Mozilla/5.0 (Windows; U; Windows NT 6.0; de; rv:1.9.2.3) Gecko/20100401 Firefox/3.6.3 ( .NET CLR 3.5.30729)"
5.10.83.85 - - [03/Nov/2013:10:28:35 +0100] "GET /servicebereiche/uebersichtgebaeudemanagement/gebaeudemanagement.html HTTP/1.1" 200 19520 "-" "Mozilla/5.0 (compatible; AhrefsBot/5.0; +http://ahrefs.com/robot/)"
84.19.190.55 - - [03/Nov/2013:10:32:39 +0100] "GET /servicebereiche/uebersichtgebaeudemanagement/gebaeudemanagement/ HTTP/1.1" 200 19512 "-" "Mozilla/5.0 (compatible; UnisterBot; crawler@unister.de)"
157.56.93.52 - - [03/Nov/2013:10:33:35 +0100] "GET /news.html HTTP/1.1" 200 33124 "-" "Mozilla/5.0 (compatible; bingbot/2.0; +http://www.bing.com/bingbot.htm)"
157.56.93.52 - - [03/Nov/2013:10:33:36 +0100] "GET /unternehmen/standorte.html HTTP/1.1" 200 19115 "-" "Mozilla/5.0 (compatible; bingbot/2.0; +http://www.bing.com/bingbot.htm)"
157.55.32.103 - - [03/Nov/2013:10:33:38 +0100] "GET /robots.txt HTTP/1.1" 200 304 "-" "Mozilla/5.0 (compatible; bingbot/2.0; +http://www.bing.com/bingbot.htm)"
5.10.83.44 - - [03/Nov/2013:10:52:17 +0100] "GET /servicebereiche/gruenanlagenpflege/privatgartenpflege/58.html HTTP/1.1" 200 19219 "-" "Mozilla/5.0 (compatible; AhrefsBot/5.0; +http://ahrefs.com/robot/)"
5.10.83.98 - - [03/Nov/2013:10:53:17 +0100] "GET /news/58.html HTTP/1.1" 200 19313 "-" "Mozilla/5.0 (compatible; AhrefsBot/5.0; +http://ahrefs.com/robot/)"
84.19.190.55 - - [03/Nov/2013:11:17:54 +0100] "GET /servicebereiche/gruenanlagenpflege/privatgartenpflege/ HTTP/1.1" 200 21116 "-" "Mozilla/5.0 (compatible; UnisterBot; crawler@unister.de)"
5.10.83.24 - - [03/Nov/2013:11:28:48 +0100] "GET /component/user/reset.html HTTP/1.1" 200 15952 "-" "Mozilla/5.0 (compatible; AhrefsBot/5.0; +http://ahrefs.com/robot/)"
5.10.83.72 - - [03/Nov/2013:11:47:38 +0100] "GET /servicebereiche/strassenreinigung.html HTTP/1.1" 200 20855 "-" "Mozilla/5.0 (compatible; AhrefsBot/5.0; +http://ahrefs.com/robot/)"
5.10.83.44 - - [03/Nov/2013:11:51:46 +0100] "GET /servicebereiche/uebersichtgebaeudemanagement.html HTTP/1.1" 200 19774 "-" "Mozilla/5.0 (compatible; AhrefsBot/5.0; +http://ahrefs.com/robot/)"
217.225.172.237 - - [03/Nov/2013:12:00:05 +0100] "GET / HTTP/1.1" 200 18411 "http://www.bigfinder.de/?c=ws&q=online&v=1" "T-Online Browser"
208.115.111.71 - - [03/Nov/2013:12:01:58 +0100] "GET /component/mailto/?tmpl=component&link=a53efb5a67f5df9dcca758661903ba9993be8a00 HTTP/1.1" 200 2687 "-" "Mozilla/5.0 (compatible; Ezooms/1.0; ezooms.bot@gmail.com)"
5.10.83.54 - - [03/Nov/2013:12:04:16 +0100] "GET /component/content/article/35-winterdienst/76-winterdienstfuerprivatkunden.html HTTP/1.1" 200 22289 "-" "Mozilla/5.0 (compatible; AhrefsBot/5.0; +http://ahrefs.com/robot/)"
66.249.78.60 - - [03/Nov/2013:12:17:57 +0100] "GET /servicebereiche/gruenanlagenpflege/privatgartenpflege.html HTTP/1.1" 200 12437 "-" "Mozilla/5.0 (iPhone; CPU iPhone OS 6_0 like Mac OS X) AppleWebKit/536.26 (KHTML, like Gecko) Version/6.0 Mobile/10A5376e Safari/8536.25 (compatible; Googlebot-Mobile/2.1; +http://www.google.com/bot.html)"
5.10.83.47 - - [03/Nov/2013:12:18:58 +0100] "GET /unternehmen/partner/58.html HTTP/1.1" 200 19060 "-" "Mozilla/5.0 (compatible; AhrefsBot/5.0; +http://ahrefs.com/robot/)"
157.56.93.52 - - [03/Nov/2013:12:30:30 +0100] "GET /unternehmen/imagevideo-straman/58-sitemap.html?tmpl=component&print=1&page= HTTP/1.1" 200 3733 "-" "Mozilla/5.0 (compatible; bingbot/2.0; +http://www.bing.com/bingbot.htm)"
66.249.78.60 - - [03/Nov/2013:12:39:45 +0100] "GET /servicebereiche/gruenanlagenpflege/gewerbegruenpflege.html HTTP/1.1" 200 12706 "-" "Mozilla/5.0 (iPhone; CPU iPhone OS 6_0 like Mac OS X) AppleWebKit/536.26 (KHTML, like Gecko) Version/6.0 Mobile/10A5376e Safari/8536.25 (compatible; Googlebot-Mobile/2.1; +http://www.google.com/bot.html)"
194.31.225.222 - - [03/Nov/2013:12:41:11 +0100] "GET /templates/gk_penguinmail/images/printButton.png HTTP/1.1" 304 - "-" "Mozilla/4.0 (compatible;)"
194.31.225.222 - - [03/Nov/2013:13:04:56 +0100] "GET /templates/gk_penguinmail/images/emailButton.png HTTP/1.1" 304 - "-" "Mozilla/4.0 (compatible;)"
46.115.69.72 - - [03/Nov/2013:13:22:55 +0100] "GET /templates/system/css/system.css HTTP/1.1" 200 1385 "http://www.straman.de/servicebereiche/winterdienst.html" "Mozilla/5.0 (Windows NT 6.1; WOW64; rv:25.0) Gecko/20100101 Firefox/25.0"
46.115.69.72 - - [03/Nov/2013:13:22:55 +0100] "GET /templates/system/css/general.css HTTP/1.1" 200 2777 "http://www.straman.de/servicebereiche/winterdienst.html" "Mozilla/5.0 (Windows NT 6.1; WOW64; rv:25.0) Gecko/20100101 Firefox/25.0"
46.115.69.72 - - [03/Nov/2013:13:22:56 +0100] "GET /templates/gk_penguinmail/css/addons.css HTTP/1.1" 200 2644 "http://www.straman.de/servicebereiche/winterdienst.html" "Mozilla/5.0 (Windows NT 6.1; WOW64; rv:25.0) Gecko/20100101 Firefox/25.0"
46.115.69.72 - - [03/Nov/2013:13:22:56 +0100] "GET /templates/gk_penguinmail/css/layout.css HTTP/1.1" 200 1684 "http://www.straman.de/servicebereiche/winterdienst.html" "Mozilla/5.0 (Windows NT 6.1; WOW64; rv:25.0) Gecko/20100101 Firefox/25.0"
46.115.69.72 - - [03/Nov/2013:13:22:56 +0100] "GET /templates/gk_penguinmail/css/template.css HTTP/1.1" 200 9192 "http://www.straman.de/servicebereiche/winterdienst.html" "Mozilla/5.0 (Windows NT 6.1; WOW64; rv:25.0) Gecko/20100101 Firefox/25.0"
46.115.69.72 - - [03/Nov/2013:13:22:54 +0100] "GET /servicebereiche/winterdienst.html HTTP/1.1" 200 20520 "http://www.google.de/url?sa=t&rct=j&q=&esrc=s&source=web&cd=4&ved=0CEAQjBAwAw&url=http%3A%2F%2Fwww.straman.de%2Fservicebereiche%2Fwinterdienst.html&ei=D0B2UsmMGs7Rsga2qICABg&usg=AFQjCNHkrZNr9_bIHOnPEJjmBNFMawUmPw&bvm=bv.55819444,d.Yms" "Mozilla/5.0 (Windows NT 6.1; WOW64; rv:25.0) Gecko/20100101 Firefox/25.0"
46.115.69.72 - - [03/Nov/2013:13:22:57 +0100] "GET /templates/gk_penguinmail/css/joomla.css HTTP/1.1" 200 14242 "http://www.straman.de/servicebereiche/winterdienst.html" "Mozilla/5.0 (Windows NT 6.1; WOW64; rv:25.0) Gecko/20100101 Firefox/25.0"
46.115.69.72 - - [03/Nov/2013:13:22:57 +0100] "GET /templates/gk_penguinmail/css/gk_stuff.css HTTP/1.1" 200 12799 "http://www.straman.de/servicebereiche/winterdienst.html" "Mozilla/5.0 (Windows NT 6.1; WOW64; rv:25.0) Gecko/20100101 Firefox/25.0"
46.115.69.72 - - [03/Nov/2013:13:22:57 +0100] "GET /templates/gk_penguinmail/css/typo.css HTTP/1.1" 200 15356 "http://www.straman.de/servicebereiche/winterdienst.html" "Mozilla/5.0 (Windows NT 6.1; WOW64; rv:25.0) Gecko/20100101 Firefox/25.0"
46.115.69.72 - - [03/Nov/2013:13:22:58 +0100] "GET /templates/gk_penguinmail/css/css3_style3.css HTTP/1.1" 200 2980 "http://www.straman.de/servicebereiche/winterdienst.html" "Mozilla/5.0 (Windows NT 6.1; WOW64; rv:25.0) Gecko/20100101 Firefox/25.0"
46.115.69.72 - - [03/Nov/2013:13:22:58 +0100] "GET /templates/gk_penguinmail/css/style3.css HTTP/1.1" 200 13892 "http://www.straman.de/servicebereiche/winterdienst.html" "Mozilla/5.0 (Windows NT 6.1; WOW64; rv:25.0) Gecko/20100101 Firefox/25.0"
46.115.69.72 - - [03/Nov/2013:13:22:58 +0100] "GET /templates/gk_penguinmail/css/override.css HTTP/1.1" 200 3916 "http://www.straman.de/servicebereiche/winterdienst.html" "Mozilla/5.0 (Windows NT 6.1; WOW64; rv:25.0) Gecko/20100101 Firefox/25.0"
46.115.69.72 - - [03/Nov/2013:13:23:02 +0100] "GET /templates/gk_penguinmail/js/domready_fix.js HTTP/1.1" 200 1340 "http://www.straman.de/servicebereiche/winterdienst.html" "Mozilla/5.0 (Windows NT 6.1; WOW64; rv:25.0) Gecko/20100101 Firefox/25.0"
46.115.69.72 - - [03/Nov/2013:13:23:02 +0100] "GET /media/system/js/caption.js HTTP/1.1" 200 1963 "http://www.straman.de/servicebereiche/winterdienst.html" "Mozilla/5.0 (Windows NT 6.1; WOW64; rv:25.0) Gecko/20100101 Firefox/25.0"
46.115.69.72 - - [03/Nov/2013:13:23:03 +0100] "GET /templates/gk_penguinmail/js/gk.script.js HTTP/1.1" 200 4585 "http://www.straman.de/servicebereiche/winterdienst.html" "Mozilla/5.0 (Windows NT 6.1; WOW64; rv:25.0) Gecko/20100101 Firefox/25.0"
46.115.69.72 - - [03/Nov/2013:13:23:03 +0100] "GET /templates/gk_penguinmail/css/menu/mega.css HTTP/1.1" 200 4575 "http://www.straman.de/servicebereiche/winterdienst.html" "Mozilla/5.0 (Windows NT 6.1; WOW64; rv:25.0) Gecko/20100101 Firefox/25.0"
46.115.69.72 - - [03/Nov/2013:13:23:03 +0100] "GET /templates/gk_penguinmail/js/menu/mega.js HTTP/1.1" 200 12974 "http://www.straman.de/servicebereiche/winterdienst.html" "Mozilla/5.0 (Windows NT 6.1; WOW64; rv:25.0) Gecko/20100101 Firefox/25.0"
46.115.69.72 - - [03/Nov/2013:13:23:03 +0100] "GET /templates/gk_penguinmail/fonts/PT-Seans/stylesheet.css HTTP/1.1" 200 2445 "http://www.straman.de/servicebereiche/winterdienst.html" "Mozilla/5.0 (Windows NT 6.1; WOW64; rv:25.0) Gecko/20100101 Firefox/25.0"
46.115.69.72 - - [03/Nov/2013:13:23:03 +0100] "GET /templates/gk_penguinmail/css/template_winterdienst.css HTTP/1.1" 200 109 "http://www.straman.de/servicebereiche/winterdienst.html" "Mozilla/5.0 (Windows NT 6.1; WOW64; rv:25.0) Gecko/20100101 Firefox/25.0"
46.115.69.72 - - [03/Nov/2013:13:23:03 +0100] "GET /templates/gk_penguinmail/favicon.ico HTTP/1.1" 200 5686 "-" "Mozilla/5.0 (Windows NT 6.1; WOW64; rv:25.0) Gecko/20100101 Firefox/25.0"
46.115.69.72 - - [03/Nov/2013:13:22:59 +0100] "GET /media/system/js/mootools.js HTTP/1.1" 200 74434 "http://www.straman.de/servicebereiche/winterdienst.html" "Mozilla/5.0 (Windows NT 6.1; WOW64; rv:25.0) Gecko/20100101 Firefox/25.0"
46.115.69.72 - - [03/Nov/2013:13:23:04 +0100] "GET /templates/gk_penguinmail/images/emailButton.png HTTP/1.1" 200 365 "http://www.straman.de/servicebereiche/winterdienst.html" "Mozilla/5.0 (Windows NT 6.1; WOW64; rv:25.0) Gecko/20100101 Firefox/25.0"
46.115.69.72 - - [03/Nov/2013:13:23:04 +0100] "GET /templates/gk_penguinmail/images/printButton.png HTTP/1.1" 200 442 "http://www.straman.de/servicebereiche/winterdienst.html" "Mozilla/5.0 (Windows NT 6.1; WOW64; rv:25.0) Gecko/20100101 Firefox/25.0"
46.115.69.72 - - [03/Nov/2013:13:23:04 +0100] "GET /templates/gk_penguinmail/images/grau2.jpg HTTP/1.1" 200 25139 "http://www.straman.de/templates/gk_penguinmail/css/template_winterdienst.css" "Mozilla/5.0 (Windows NT 6.1; WOW64; rv:25.0) Gecko/20100101 Firefox/25.0"
46.115.69.72 - - [03/Nov/2013:13:23:04 +0100] "GET /templates/gk_penguinmail/images/style3/menu_sprite.png HTTP/1.1" 200 450 "http://www.straman.de/templates/gk_penguinmail/css/override.css" "Mozilla/5.0 (Windows NT 6.1; WOW64; rv:25.0) Gecko/20100101 Firefox/25.0"
46.115.69.72 - - [03/Nov/2013:13:23:04 +0100] "GET /images/header_orange.png HTTP/1.1" 200 36919 "http://www.straman.de/servicebereiche/winterdienst.html" "Mozilla/5.0 (Windows NT 6.1; WOW64; rv:25.0) Gecko/20100101 Firefox/25.0"
46.115.69.72 - - [03/Nov/2013:13:23:04 +0100] "GET /images/winterdienst_001.jpg HTTP/1.1" 200 107331 "http://www.straman.de/servicebereiche/winterdienst.html" "Mozilla/5.0 (Windows NT 6.1; WOW64; rv:25.0) Gecko/20100101 Firefox/25.0"
46.115.69.72 - - [03/Nov/2013:13:23:04 +0100] "GET /templates/gk_penguinmail/images/toolsFont.png HTTP/1.1" 200 467 "http://www.straman.de/templates/gk_penguinmail/css/template.css" "Mozilla/5.0 (Windows NT 6.1; WOW64; rv:25.0) Gecko/20100101 Firefox/25.0"
46.115.69.72 - - [03/Nov/2013:13:23:04 +0100] "GET /templates/gk_penguinmail/images/menu_sprite.png HTTP/1.1" 404 2467 "http://www.straman.de/templates/gk_penguinmail/css/override.css" "Mozilla/5.0 (Windows NT 6.1; WOW64; rv:25.0) Gecko/20100101 Firefox/25.0"
46.115.69.72 - - [03/Nov/2013:13:23:17 +0100] "GET /Privatkunden HTTP/1.1" 404 2467 "http://www.straman.de/servicebereiche/winterdienst.html" "Mozilla/5.0 (Windows NT 6.1; WOW64; rv:25.0) Gecko/20100101 Firefox/25.0"
46.115.69.72 - - [03/Nov/2013:13:23:18 +0100] "GET /templates/gk_penguinmail/css/system/error.css HTTP/1.1" 200 2291 "http://www.straman.de/Privatkunden" "Mozilla/5.0 (Windows NT 6.1; WOW64; rv:25.0) Gecko/20100101 Firefox/25.0"
46.115.69.72 - - [03/Nov/2013:13:23:18 +0100] "GET /templates/gk_penguinmail/images/logo2.png HTTP/1.1" 200 3054 "http://www.straman.de/templates/gk_penguinmail/css/system/error.css" "Mozilla/5.0 (Windows NT 6.1; WOW64; rv:25.0) Gecko/20100101 Firefox/25.0"
46.115.69.72 - - [03/Nov/2013:13:23:18 +0100] "GET /favicon.ico HTTP/1.1" 404 2467 "-" "Mozilla/5.0 (Windows NT 6.1; WOW64; rv:25.0) Gecko/20100101 Firefox/25.0"
46.115.69.72 - - [03/Nov/2013:13:23:18 +0100] "GET /favicon.ico HTTP/1.1" 404 2467 "-" "Mozilla/5.0 (Windows NT 6.1; WOW64; rv:25.0) Gecko/20100101 Firefox/25.0"
46.115.69.72 - - [03/Nov/2013:13:23:32 +0100] "GET /templates/gk_penguinmail/images/menu_sprite.png HTTP/1.1" 404 2467 "http://www.straman.de/templates/gk_penguinmail/css/override.css" "Mozilla/5.0 (Windows NT 6.1; WOW64; rv:25.0) Gecko/20100101 Firefox/25.0"
46.115.69.72 - - [03/Nov/2013:13:25:07 +0100] "GET /templates/gk_penguinmail/css/template_unterseiten.css HTTP/1.1" 200 115 "http://www.straman.de/servicebereiche/winterdienst/gewerbliche-kunden.html" "Mozilla/5.0 (Windows NT 6.1; WOW64; rv:25.0) Gecko/20100101 Firefox/25.0"
46.115.69.72 - - [03/Nov/2013:13:25:06 +0100] "GET /servicebereiche/winterdienst/gewerbliche-kunden.html HTTP/1.1" 200 23143 "http://www.straman.de/servicebereiche/winterdienst.html" "Mozilla/5.0 (Windows NT 6.1; WOW64; rv:25.0) Gecko/20100101 Firefox/25.0"
46.115.69.72 - - [03/Nov/2013:13:25:07 +0100] "GET /templates/gk_penguinmail/images/style3/glow.jpg HTTP/1.1" 200 18301 "http://www.straman.de/templates/gk_penguinmail/css/template_unterseiten.css" "Mozilla/5.0 (Windows NT 6.1; WOW64; rv:25.0) Gecko/20100101 Firefox/25.0"
46.115.69.72 - - [03/Nov/2013:13:25:07 +0100] "GET /templates/gk_penguinmail/images/pdf_button.png HTTP/1.1" 200 500 "http://www.straman.de/servicebereiche/winterdienst/gewerbliche-kunden.html" "Mozilla/5.0 (Windows NT 6.1; WOW64; rv:25.0) Gecko/20100101 Firefox/25.0"
46.115.69.72 - - [03/Nov/2013:13:25:07 +0100] "GET /templates/gk_penguinmail/images/menu_sprite.png HTTP/1.1" 404 2467 "http://www.straman.de/templates/gk_penguinmail/css/override.css" "Mozilla/5.0 (Windows NT 6.1; WOW64; rv:25.0) Gecko/20100101 Firefox/25.0"
46.115.69.72 - - [03/Nov/2013:13:25:19 +0100] "GET /templates/gk_penguinmail/images/menu_sprite.png HTTP/1.1" 404 2467 "http://www.straman.de/templates/gk_penguinmail/css/override.css" "Mozilla/5.0 (Windows NT 6.1; WOW64; rv:25.0) Gecko/20100101 Firefox/25.0"
46.115.69.72 - - [03/Nov/2013:13:25:23 +0100] "GET /unternehmen/jobs.html HTTP/1.1" 200 22581 "http://www.google.de/url?sa=t&rct=j&q=&esrc=s&source=web&cd=5&ved=0CEgQjBAwBA&url=http%3A%2F%2Fwww.straman.de%2Funternehmen%2Fjobs.html&ei=D0B2UsmMGs7Rsga2qICABg&usg=AFQjCNHi7zJ6feNkvRQSZDyGADm0jy2WxA&bvm=bv.55819444,d.Yms" "Mozilla/5.0 (Windows NT 6.1; WOW64; rv:25.0) Gecko/20100101 Firefox/25.0"
46.115.69.72 - - [03/Nov/2013:13:25:23 +0100] "GET /images/header3.png HTTP/1.1" 200 29760 "http://www.straman.de/unternehmen/jobs.html" "Mozilla/5.0 (Windows NT 6.1; WOW64; rv:25.0) Gecko/20100101 Firefox/25.0"
46.115.69.72 - - [03/Nov/2013:13:25:23 +0100] "GET /templates/gk_penguinmail/images/menu_sprite.png HTTP/1.1" 404 2467 "http://www.straman.de/templates/gk_penguinmail/css/override.css" "Mozilla/5.0 (Windows NT 6.1; WOW64; rv:25.0) Gecko/20100101 Firefox/25.0"
5.10.83.24 - - [03/Nov/2013:13:28:12 +0100] "GET /servicebereiche/winterdienst/58.html HTTP/1.1" 200 19063 "-" "Mozilla/5.0 (compatible; AhrefsBot/5.0; +http://ahrefs.com/robot/)"
66.249.78.60 - - [03/Nov/2013:13:58:58 +0100] "GET /robots.txt HTTP/1.1" 200 304 "-" "Mozilla/5.0 (compatible; Googlebot/2.1; +http://www.google.com/bot.html)"
66.249.78.60 - - [03/Nov/2013:13:58:58 +0100] "GET /servicebereiche/winterdienst/privatkunden.html HTTP/1.1" 200 14633 "-" "Mozilla/5.0 (iPhone; CPU iPhone OS 6_0 like Mac OS X) AppleWebKit/536.26 (KHTML, like Gecko) Version/6.0 Mobile/10A5376e Safari/8536.25 (compatible; Googlebot-Mobile/2.1; +http://www.google.com/bot.html)"
208.115.111.71 - - [03/Nov/2013:14:09:37 +0100] "GET /robots.txt HTTP/1.1" 200 304 "-" "Mozilla/5.0 (compatible; Ezooms/1.0; ezooms.bot@gmail.com)"
66.249.78.60 - - [03/Nov/2013:14:44:29 +0100] "GET /unternehmen/imagevideo-straman.html HTTP/1.1" 200 9226 "-" "Mozilla/5.0 (iPhone; CPU iPhone OS 6_0 like Mac OS X) AppleWebKit/536.26 (KHTML, like Gecko) Version/6.0 Mobile/10A5376e Safari/8536.25 (compatible; Googlebot-Mobile/2.1; +http://www.google.com/bot.html)"
88.78.96.92 - - [03/Nov/2013:14:46:47 +0100] "GET / HTTP/1.1" 200 5615 "-" "Java/1.6.0_22"
88.78.96.92 - - [03/Nov/2013:14:46:47 +0100] "GET /. HTTP/1.1" 200 5617 "-" "Java/1.6.0_22"
88.78.96.92 - - [03/Nov/2013:14:46:48 +0100] "GET /downloadbereich.html HTTP/1.1" 200 7145 "-" "Java/1.6.0_22"
88.78.96.92 - - [03/Nov/2013:14:46:48 +0100] "GET /index.php?format=feed&type=atom HTTP/1.1" 200 521 "-" "Java/1.6.0_22"
88.78.96.92 - - [03/Nov/2013:14:46:49 +0100] "GET /kontakt.html HTTP/1.1" 200 7773 "-" "Java/1.6.0_22"
88.78.96.92 - - [03/Nov/2013:14:46:49 +0100] "GET /news.html HTTP/1.1" 200 22381 "-" "Java/1.6.0_22"
88.78.96.92 - - [03/Nov/2013:14:46:50 +0100] "GET /referenzen.html HTTP/1.1" 200 364679 "-" "Java/1.6.0_22"
88.78.96.92 - - [03/Nov/2013:14:46:53 +0100] "GET /news.feed?type=atom HTTP/1.1" 200 26445 "-" "Java/1.6.0_22"
88.78.96.92 - - [03/Nov/2013:14:46:53 +0100] "GET /news.feed?type=rss HTTP/1.1" 200 12858 "-" "Java/1.6.0_22"
88.78.96.92 - - [03/Nov/2013:14:46:54 +0100] "GET /?ui=desktop HTTP/1.1" 200 5626 "-" "Java/1.6.0_22"
88.78.96.92 - - [03/Nov/2013:14:46:54 +0100] "GET /images/karte-standorte.png HTTP/1.1" 200 62546 "-" "Java/1.6.0_22"
88.78.96.92 - - [03/Nov/2013:14:46:55 +0100] "GET /news/60-ihr-komplettdienstleister-rund-um-die-immobilie.html HTTP/1.1" 200 9232 "-" "Java/1.6.0_22"
88.78.96.92 - - [03/Nov/2013:14:46:55 +0100] "GET /news/61-wir-begruessen-sie-auf-den-seiten-von-straman-ihren-komplettdienstleister-rund-um-die-immobilie.html?tmpl=component&print=1&layout=default&page= HTTP/1.1" 200 7752 "-" "Java/1.6.0_22"
88.78.96.92 - - [03/Nov/2013:14:46:56 +0100] "GET /news/62-alles-neu-macht-der-mai.html?tmpl=component&print=1&layout=default&page= HTTP/1.1" 200 4016 "-" "Java/1.6.0_22"
88.78.96.92 - - [03/Nov/2013:14:46:56 +0100] "GET /news/64-internetseite-relaunched.html?tmpl=component&print=1&layout=default&page= HTTP/1.1" 200 2669 "-" "Java/1.6.0_22"
88.78.96.92 - - [03/Nov/2013:14:46:56 +0100] "GET /news/67-video.html?tmpl=component&print=1&layout=default&page= HTTP/1.1" 200 2523 "-" "Java/1.6.0_22"
88.78.96.92 - - [03/Nov/2013:14:46:57 +0100] "GET /news/78-todt.html?tmpl=component&print=1&layout=default&page= HTTP/1.1" 200 3634 "-" "Java/1.6.0_22"
88.78.96.92 - - [03/Nov/2013:14:46:57 +0100] "GET /component/user/login.html HTTP/1.1" 200 9758 "-" "Java/1.6.0_22"
88.78.96.92 - - [03/Nov/2013:14:46:58 +0100] "GET /images/M_images/pdf_button.png HTTP/1.1" 200 582 "-" "Java/1.6.0_22"
88.78.96.92 - - [03/Nov/2013:14:46:58 +0100] "GET /component/user/register.html HTTP/1.1" 200 7154 "-" "Java/1.6.0_22"
88.78.96.92 - - [03/Nov/2013:14:46:58 +0100] "GET /component/user/reset.html HTTP/1.1" 200 6027 "-" "Java/1.6.0_22"
88.78.96.92 - - [03/Nov/2013:14:46:58 +0100] "GET /media/system/js/caption.js HTTP/1.1" 200 1963 "-" "Java/1.6.0_22"
88.78.96.92 - - [03/Nov/2013:14:46:59 +0100] "GET /media/system/js/mootools.js HTTP/1.1" 200 74434 "-" "Java/1.6.0_22"
88.78.96.92 - - [03/Nov/2013:14:46:59 +0100] "GET /component/mailto/?tmpl=component&link=2343f1e43209db7cdb1141eecc20370554e33032 HTTP/1.1" 200 2687 "-" "Java/1.6.0_22"
88.78.96.92 - - [03/Nov/2013:14:47:00 +0100] "GET /component/mailto HTTP/1.1" 403 2456 "-" "Java/1.6.0_22"
88.78.96.92 - - [03/Nov/2013:14:47:00 +0100] "GET /templates/gk_penguinmail/images/emailButton.png HTTP/1.1" 200 365 "-" "Java/1.6.0_22"
88.78.96.92 - - [03/Nov/2013:14:47:00 +0100] "GET /templates/gk_penguinmail/images/pdf_button.png HTTP/1.1" 200 500 "-" "Java/1.6.0_22"
88.78.96.92 - - [03/Nov/2013:14:47:00 +0100] "GET /templates/gk_penguinmail/images/printButton.png HTTP/1.1" 200 442 "-" "Java/1.6.0_22"
88.78.96.92 - - [03/Nov/2013:14:47:00 +0100] "GET /media/system/js/validate.js HTTP/1.1" 200 4246 "-" "Java/1.6.0_22"
88.78.96.92 - - [03/Nov/2013:14:47:01 +0100] "GET /media/system/js/)return null;if(el.htmlElement)return Garbage.collect(el);if([ HTTP/1.1" 404 2467 "-" "Java/1.6.0_22"
88.78.96.92 - - [03/Nov/2013:14:47:01 +0100] "GET /media/system/js/};function $defined(obj){return(obj!=undefined);};function $type(obj){if(!$defined(obj))return false;if(obj.htmlElement)return HTTP/1.1" 404 2467 "-" "Java/1.6.0_22"
88.78.96.92 - - [03/Nov/2013:14:47:01 +0100] "GET /components/com_mailto/assets/close-x.png HTTP/1.1" 200 162 "-" "Java/1.6.0_22"
88.78.96.92 - - [03/Nov/2013:14:47:01 +0100] "GET //www.youtube-nocookie.com/embed/7Ur3wXB3ImA HTTP/1.1" 404 2467 "-" "Java/1.6.0_22"
88.78.96.92 - - [03/Nov/2013:14:47:02 +0100] "GET /https://maps.google.de/maps?oe=utf-8&client=firefox-a&q=Alt-Zepernick+2&ie=UTF8&hq=&hnear=Alt+Zepernick+2,+Zepernick+16341+Panketal&gl=de&t=m&z=14&ll=52.651416,13.541275&output=embed HTTP/1.1" 404 2467 "-" "Java/1.6.0_22"
88.78.96.92 - - [03/Nov/2013:14:47:02 +0100] "GET /media/system/js/'+src+' HTTP/1.1" 404 2467 "-" "Java/1.6.0_22"
88.78.96.92 - - [03/Nov/2013:14:47:02 +0100] "GET ///www.youtube-nocookie.com/embed/7Ur3wXB3ImA HTTP/1.1" 404 2467 "-" "Java/1.6.0_22"
88.78.96.92 - - [03/Nov/2013:14:47:03 +0100] "GET /news/https://maps.google.de/maps?oe=utf-8&client=firefox-a&q=Alt-Zepernick+2&ie=UTF8&hq=&hnear=Alt+Zepernick+2,+Zepernick+16341+Panketal&gl=de&t=m&z=14&ll=52.651416,13.541275&output=embed HTTP/1.1" 404 2467 "-" "Java/1.6.0_22"
5.10.83.72 - - [03/Nov/2013:14:47:25 +0100] "GET /unternehmen/standorte.html HTTP/1.1" 200 19115 "-" "Mozilla/5.0 (compatible; AhrefsBot/5.0; +http://ahrefs.com/robot/)"
66.249.78.60 - - [03/Nov/2013:15:30:08 +0100] "GET /unternehmen/historie.html HTTP/1.1" 200 399618 "-" "Mozilla/5.0 (iPhone; CPU iPhone OS 6_0 like Mac OS X) AppleWebKit/536.26 (KHTML, like Gecko) Version/6.0 Mobile/10A5376e Safari/8536.25 (compatible; Googlebot-Mobile/2.1; +http://www.google.com/bot.html)"
66.249.78.60 - - [03/Nov/2013:15:31:41 +0100] "GET / HTTP/1.1" 200 18411 "-" "Mozilla/5.0 (compatible; Googlebot/2.1; +http://www.google.com/bot.html)"
5.10.83.24 - - [03/Nov/2013:15:47:02 +0100] "GET /unternehmen/partner.html HTTP/1.1" 200 19262 "-" "Mozilla/5.0 (compatible; AhrefsBot/5.0; +http://ahrefs.com/robot/)"
164.61.223.12 - - [03/Nov/2013:15:57:52 +0100] "GET /images/header_neu.png HTTP/1.1" 304 - "-" "Mozilla/4.0 (compatible;)"
208.115.113.87 - - [03/Nov/2013:16:02:44 +0100] "GET /robots.txt HTTP/1.1" 200 304 "-" "Mozilla/5.0 (compatible; Ezooms/1.0; ezooms.bot@gmail.com)"
208.115.111.71 - - [03/Nov/2013:16:03:24 +0100] "GET /component/mailto/?tmpl=component&link=fcdbae1f04f84c0b90da1200899b1a5c8c97ead8 HTTP/1.1" 200 2687 "-" "Mozilla/5.0 (compatible; Ezooms/1.0; ezooms.bot@gmail.com)"
208.115.111.71 - - [03/Nov/2013:16:03:32 +0100] "GET /servicebereiche/infrastr-gebaeudemanagement.html HTTP/1.1" 404 2467 "-" "Mozilla/5.0 (compatible; Ezooms/1.0; ezooms.bot@gmail.com)"
93.196.251.205 - - [03/Nov/2013:16:14:28 +0100] "GET /servicebereiche/gruenanlagenpflege.html HTTP/1.1" 200 21898 "http://www.google.de/url?sa=t&rct=j&q=&esrc=s&source=web&cd=4&ved=0CEgQFjAD&url=http%3A%2F%2Fwww.straman.de%2Fservicebereiche%2Fgruenanlagenpflege.html&ei=SWh2UvHjH8aTtAaf84DQBA&usg=AFQjCNE2zClHJ_OB6Ic-E6S7C5CD5yTLfA&sig2=TFDxO-E4KgEiQT58LRHqug&bvm=bv.55819444,d.Yms" "Mozilla/5.0 (Windows NT 5.1; rv:25.0) Gecko/20100101 Firefox/25.0"
93.196.251.205 - - [03/Nov/2013:16:14:28 +0100] "GET /templates/system/css/system.css HTTP/1.1" 200 1385 "http://www.straman.de/servicebereiche/gruenanlagenpflege.html" "Mozilla/5.0 (Windows NT 5.1; rv:25.0) Gecko/20100101 Firefox/25.0"
93.196.251.205 - - [03/Nov/2013:16:14:28 +0100] "GET /templates/system/css/general.css HTTP/1.1" 200 2777 "http://www.straman.de/servicebereiche/gruenanlagenpflege.html" "Mozilla/5.0 (Windows NT 5.1; rv:25.0) Gecko/20100101 Firefox/25.0"
93.196.251.205 - - [03/Nov/2013:16:14:28 +0100] "GET /templates/gk_penguinmail/css/addons.css HTTP/1.1" 200 2644 "http://www.straman.de/servicebereiche/gruenanlagenpflege.html" "Mozilla/5.0 (Windows NT 5.1; rv:25.0) Gecko/20100101 Firefox/25.0"
93.196.251.205 - - [03/Nov/2013:16:14:28 +0100] "GET /templates/gk_penguinmail/css/layout.css HTTP/1.1" 200 1684 "http://www.straman.de/servicebereiche/gruenanlagenpflege.html" "Mozilla/5.0 (Windows NT 5.1; rv:25.0) Gecko/20100101 Firefox/25.0"
93.196.251.205 - - [03/Nov/2013:16:14:28 +0100] "GET /templates/gk_penguinmail/css/template.css HTTP/1.1" 200 9192 "http://www.straman.de/servicebereiche/gruenanlagenpflege.html" "Mozilla/5.0 (Windows NT 5.1; rv:25.0) Gecko/20100101 Firefox/25.0"
93.196.251.205 - - [03/Nov/2013:16:14:28 +0100] "GET /templates/gk_penguinmail/css/joomla.css HTTP/1.1" 200 14242 "http://www.straman.de/servicebereiche/gruenanlagenpflege.html" "Mozilla/5.0 (Windows NT 5.1; rv:25.0) Gecko/20100101 Firefox/25.0"
93.196.251.205 - - [03/Nov/2013:16:14:28 +0100] "GET /templates/gk_penguinmail/css/gk_stuff.css HTTP/1.1" 200 12799 "http://www.straman.de/servicebereiche/gruenanlagenpflege.html" "Mozilla/5.0 (Windows NT 5.1; rv:25.0) Gecko/20100101 Firefox/25.0"
