194.29.240.16 - - [04/Nov/2013:14:26:59 +0100] "GET /templates/gk_penguinmail/css/menu/mega.css HTTP/1.1" 304 - "-" "Mozilla/4.0 (compatible; MSIE 7.0; Windows NT 5.1; Trident/4.0; .NET CLR 2.0.50727; .NET CLR 3.0.4506.2152; .NET CLR 3.5.30729; .NET4.0C; .NET4.0E; MSOffice 12)"
194.29.240.16 - - [04/Nov/2013:14:26:59 +0100] "GET /templates/gk_penguinmail/fonts/PT-Seans/stylesheet.css HTTP/1.1" 304 - "-" "Mozilla/4.0 (compatible; MSIE 7.0; Windows NT 5.1; Trident/4.0; .NET CLR 2.0.50727; .NET CLR 3.0.4506.2152; .NET CLR 3.5.30729; .NET4.0C; .NET4.0E; MSOffice 12)"
193.100.62.29 - - [04/Nov/2013:14:37:29 +0100] "GET /templates/gk_penguinmail/images/style3/typography/bullet_squ1_color.png HTTP/1.1" 304 - "-" "Mozilla/4.0 (compatible;)"
193.100.62.29 - - [04/Nov/2013:14:38:03 +0100] "GET /media/system/js/caption.js HTTP/1.1" 304 - "-" "Mozilla/4.0 (compatible;)"
157.56.92.157 - - [04/Nov/2013:14:40:59 +0100] "GET /robots.txt HTTP/1.1" 200 304 "-" "Mozilla/5.0 (compatible; bingbot/2.0; +http://www.bing.com/bingbot.htm)"
157.56.92.157 - - [04/Nov/2013:14:42:20 +0100] "GET /servicebereiche/gebaeudemanagement.html HTTP/1.1" 404 2467 "-" "Mozilla/5.0 (compatible; bingbot/2.0; +http://www.bing.com/bingbot.htm)"
193.100.62.29 - - [04/Nov/2013:14:50:25 +0100] "GET /templates/gk_penguinmail/js/gk.script.js HTTP/1.1" 304 - "-" "Mozilla/4.0 (compatible;)"
66.249.78.60 - - [04/Nov/2013:14:52:49 +0100] "GET /referenzen.html HTTP/1.1" 200 366318 "-" "Mozilla/5.0 (iPhone; CPU iPhone OS 6_0 like Mac OS X) AppleWebKit/536.26 (KHTML, like Gecko) Version/6.0 Mobile/10A5376e Safari/8536.25 (compatible; Googlebot-Mobile/2.1; +http://www.google.com/bot.html)"
193.100.62.29 - - [04/Nov/2013:14:57:51 +0100] "GET /templates/gk_penguinmail/css/css3_style3.css HTTP/1.1" 304 - "-" "Mozilla/4.0 (compatible;)"
93.219.150.133 - - [04/Nov/2013:14:58:20 +0100] "GET /unternehmen/historie.html HTTP/1.1" 200 408748 "-" "Mozilla/5.0 (Windows; U; Windows NT 6.0; de; rv:1.9.2.3) Gecko/20100401 Firefox/3.6.3 ( .NET CLR 3.5.30729)"
193.100.62.29 - - [04/Nov/2013:15:01:26 +0100] "GET /templates/gk_penguinmail/fonts/PT-Seans/stylesheet.css HTTP/1.1" 304 - "-" "Mozilla/4.0 (compatible;)"
193.100.62.29 - - [04/Nov/2013:15:01:32 +0100] "GET /templates/gk_penguinmail/images/toolsFont.png HTTP/1.1" 304 - "-" "Mozilla/4.0 (compatible;)"
93.219.150.133 - - [04/Nov/2013:15:06:00 +0100] "GET /component/content/article/58.html HTTP/1.1" 200 17982 "-" "Mozilla/5.0 (Windows; U; Windows NT 6.0; de; rv:1.9.2.3) Gecko/20100401 Firefox/3.6.3 ( .NET CLR 3.5.30729)"
5.10.83.75 - - [04/Nov/2013:15:08:08 +0100] "GET /news/62-alles-neu-macht-der-mai.html HTTP/1.1" 200 19675 "-" "Mozilla/5.0 (compatible; AhrefsBot/5.0; +http://ahrefs.com/robot/)"
193.100.62.29 - - [04/Nov/2013:15:11:49 +0100] "GET /templates/system/css/general.css HTTP/1.1" 304 - "-" "Mozilla/4.0 (compatible;)"
5.10.83.24 - - [04/Nov/2013:15:14:22 +0100] "GET /downloadbereich.html HTTP/1.1" 200 17894 "-" "Mozilla/5.0 (compatible; AhrefsBot/5.0; +http://ahrefs.com/robot/)"
5.10.83.54 - - [04/Nov/2013:15:17:12 +0100] "GET /servicebereiche/gruenanlagenpflege.html HTTP/1.1" 200 21902 "-" "Mozilla/5.0 (compatible; AhrefsBot/5.0; +http://ahrefs.com/robot/)"
93.219.150.133 - - [04/Nov/2013:15:17:34 +0100] "GET /news.html HTTP/1.1" 200 33120 "-" "Mozilla/5.0 (Windows; U; Windows NT 6.0; de; rv:1.9.2.3) Gecko/20100401 Firefox/3.6.3 ( .NET CLR 3.5.30729)"
93.219.150.133 - - [04/Nov/2013:15:20:29 +0100] "GET /unternehmen/jobs.html HTTP/1.1" 200 22581 "-" "Mozilla/5.0 (Windows; U; Windows NT 6.0; de; rv:1.9.2.3) Gecko/20100401 Firefox/3.6.3 ( .NET CLR 3.5.30729)"
193.100.62.29 - - [04/Nov/2013:15:21:26 +0100] "GET /templates/gk_penguinmail/favicon.ico HTTP/1.1" 304 - "-" "Mozilla/4.0 (compatible;)"
213.23.3.36 - - [04/Nov/2013:15:28:05 +0100] "GET / HTTP/1.1" 200 18377 "-" "Mozilla/5.0 (compatible; MSIE 9.0; Windows NT 6.1; WOW64; Trident/5.0)"
213.23.3.36 - - [04/Nov/2013:15:28:05 +0100] "GET /templates/system/css/system.css HTTP/1.1" 200 1385 "http://www.straman.de/" "Mozilla/5.0 (compatible; MSIE 9.0; Windows NT 6.1; WOW64; Trident/5.0)"
213.23.3.36 - - [04/Nov/2013:15:28:05 +0100] "GET /templates/system/css/general.css HTTP/1.1" 200 2777 "http://www.straman.de/" "Mozilla/5.0 (compatible; MSIE 9.0; Windows NT 6.1; WOW64; Trident/5.0)"
213.23.3.36 - - [04/Nov/2013:15:28:05 +0100] "GET /templates/gk_penguinmail/css/layout.css HTTP/1.1" 200 1684 "http://www.straman.de/" "Mozilla/5.0 (compatible; MSIE 9.0; Windows NT 6.1; WOW64; Trident/5.0)"
213.23.3.36 - - [04/Nov/2013:15:28:05 +0100] "GET /templates/gk_penguinmail/css/css3_style3.css HTTP/1.1" 200 2980 "http://www.straman.de/" "Mozilla/5.0 (compatible; MSIE 9.0; Windows NT 6.1; WOW64; Trident/5.0)"
213.23.3.36 - - [04/Nov/2013:15:28:05 +0100] "GET /templates/gk_penguinmail/css/override.css HTTP/1.1" 200 3916 "http://www.straman.de/" "Mozilla/5.0 (compatible; MSIE 9.0; Windows NT 6.1; WOW64; Trident/5.0)"
213.23.3.36 - - [04/Nov/2013:15:28:05 +0100] "GET /templates/gk_penguinmail/css/joomla.css HTTP/1.1" 200 14242 "http://www.straman.de/" "Mozilla/5.0 (compatible; MSIE 9.0; Windows NT 6.1; WOW64; Trident/5.0)"
213.23.3.36 - - [04/Nov/2013:15:28:05 +0100] "GET /templates/gk_penguinmail/css/style3.css HTTP/1.1" 200 13892 "http://www.straman.de/" "Mozilla/5.0 (compatible; MSIE 9.0; Windows NT 6.1; WOW64; Trident/5.0)"
213.23.3.36 - - [04/Nov/2013:15:28:05 +0100] "GET /templates/gk_penguinmail/js/domready_fix.js HTTP/1.1" 200 1340 "http://www.straman.de/" "Mozilla/5.0 (compatible; MSIE 9.0; Windows NT 6.1; WOW64; Trident/5.0)"
213.23.3.36 - - [04/Nov/2013:15:28:05 +0100] "GET /media/system/js/caption.js HTTP/1.1" 200 1963 "http://www.straman.de/" "Mozilla/5.0 (compatible; MSIE 9.0; Windows NT 6.1; WOW64; Trident/5.0)"
213.23.3.36 - - [04/Nov/2013:15:28:05 +0100] "GET /templates/gk_penguinmail/js/gk.script.js HTTP/1.1" 200 4585 "http://www.straman.de/" "Mozilla/5.0 (compatible; MSIE 9.0; Windows NT 6.1; WOW64; Trident/5.0)"
213.23.3.36 - - [04/Nov/2013:15:28:05 +0100] "GET /templates/gk_penguinmail/css/menu/mega.css HTTP/1.1" 200 4575 "http://www.straman.de/" "Mozilla/5.0 (compatible; MSIE 9.0; Windows NT 6.1; WOW64; Trident/5.0)"
213.23.3.36 - - [04/Nov/2013:15:28:05 +0100] "GET /templates/gk_penguinmail/fonts/PT-Seans/stylesheet.css HTTP/1.1" 200 2445 "http://www.straman.de/" "Mozilla/5.0 (compatible; MSIE 9.0; Windows NT 6.1; WOW64; Trident/5.0)"
213.23.3.36 - - [04/Nov/2013:15:28:06 +0100] "GET /templates/gk_penguinmail/js/menu/mega.js HTTP/1.1" 200 12974 "http://www.straman.de/" "Mozilla/5.0 (compatible; MSIE 9.0; Windows NT 6.1; WOW64; Trident/5.0)"
213.23.3.36 - - [04/Nov/2013:15:28:06 +0100] "GET /templates/gk_penguinmail/css/gk_stuff.css HTTP/1.1" 200 12799 "http://www.straman.de/" "Mozilla/5.0 (compatible; MSIE 9.0; Windows NT 6.1; WOW64; Trident/5.0)"
213.23.3.36 - - [04/Nov/2013:15:28:06 +0100] "GET /images/kontaktformular.jpg HTTP/1.1" 200 42791 "http://www.straman.de/" "Mozilla/5.0 (compatible; MSIE 9.0; Windows NT 6.1; WOW64; Trident/5.0)"
213.23.3.36 - - [04/Nov/2013:15:28:05 +0100] "GET /images/header_index_980x185.png HTTP/1.1" 200 211631 "http://www.straman.de/" "Mozilla/5.0 (compatible; MSIE 9.0; Windows NT 6.1; WOW64; Trident/5.0)"
213.23.3.36 - - [04/Nov/2013:15:28:07 +0100] "GET /templates/gk_penguinmail/css/template.css HTTP/1.1" 200 9192 "http://www.straman.de/" "Mozilla/5.0 (compatible; MSIE 9.0; Windows NT 6.1; WOW64; Trident/5.0)"
213.23.3.36 - - [04/Nov/2013:15:28:07 +0100] "GET /templates/gk_penguinmail/css/typo.css HTTP/1.1" 200 15356 "http://www.straman.de/" "Mozilla/5.0 (compatible; MSIE 9.0; Windows NT 6.1; WOW64; Trident/5.0)"
213.23.3.36 - - [04/Nov/2013:15:28:08 +0100] "GET /templates/gk_penguinmail/css/addons.css HTTP/1.1" 200 2644 "http://www.straman.de/" "Mozilla/5.0 (compatible; MSIE 9.0; Windows NT 6.1; WOW64; Trident/5.0)"
213.23.3.36 - - [04/Nov/2013:15:28:08 +0100] "GET /media/system/js/mootools.js HTTP/1.1" 200 74434 "http://www.straman.de/" "Mozilla/5.0 (compatible; MSIE 9.0; Windows NT 6.1; WOW64; Trident/5.0)"
213.23.3.36 - - [04/Nov/2013:15:28:08 +0100] "GET /templates/gk_penguinmail/images/style3/glow.jpg HTTP/1.1" 200 18301 "http://www.straman.de/" "Mozilla/5.0 (compatible; MSIE 9.0; Windows NT 6.1; WOW64; Trident/5.0)"
213.23.3.36 - - [04/Nov/2013:15:28:08 +0100] "GET /templates/gk_penguinmail/images/style3/menu_sprite.png HTTP/1.1" 200 450 "http://www.straman.de/" "Mozilla/5.0 (compatible; MSIE 9.0; Windows NT 6.1; WOW64; Trident/5.0)"
213.23.3.36 - - [04/Nov/2013:15:28:08 +0100] "GET /templates/gk_penguinmail/images/menu_sprite.png HTTP/1.1" 404 2467 "http://www.straman.de/" "Mozilla/5.0 (compatible; MSIE 9.0; Windows NT 6.1; WOW64; Trident/5.0)"
213.23.3.36 - - [04/Nov/2013:15:28:09 +0100] "GET /templates/gk_penguinmail/images/logo.png HTTP/1.1" 200 6608 "http://www.straman.de/" "Mozilla/5.0 (compatible; MSIE 9.0; Windows NT 6.1; WOW64; Trident/5.0)"
213.23.3.36 - - [04/Nov/2013:15:28:11 +0100] "GET /templates/gk_penguinmail/favicon.ico HTTP/1.1" 200 5686 "-" "Mozilla/5.0 (compatible; MSIE 9.0; Windows NT 6.1; WOW64; Trident/5.0)"
213.23.3.36 - - [04/Nov/2013:15:28:17 +0100] "GET /servicebereiche/gruenanlagenpflege.html HTTP/1.1" 200 21868 "http://www.straman.de/" "Mozilla/5.0 (compatible; MSIE 9.0; Windows NT 6.1; WOW64; Trident/5.0)"
213.23.3.36 - - [04/Nov/2013:15:28:18 +0100] "GET /templates/gk_penguinmail/css/template_gruenanlage.css HTTP/1.1" 200 114 "http://www.straman.de/servicebereiche/gruenanlagenpflege.html" "Mozilla/5.0 (compatible; MSIE 9.0; Windows NT 6.1; WOW64; Trident/5.0)"
213.23.3.36 - - [04/Nov/2013:15:28:18 +0100] "GET /templates/gk_penguinmail/images/gruen1.png HTTP/1.1" 200 65374 "http://www.straman.de/servicebereiche/gruenanlagenpflege.html" "Mozilla/5.0 (compatible; MSIE 9.0; Windows NT 6.1; WOW64; Trident/5.0)"
213.23.3.36 - - [04/Nov/2013:15:28:18 +0100] "GET /templates/gk_penguinmail/images/emailButton.png HTTP/1.1" 200 365 "http://www.straman.de/servicebereiche/gruenanlagenpflege.html" "Mozilla/5.0 (compatible; MSIE 9.0; Windows NT 6.1; WOW64; Trident/5.0)"
213.23.3.36 - - [04/Nov/2013:15:28:18 +0100] "GET /templates/gk_penguinmail/images/printButton.png HTTP/1.1" 200 442 "http://www.straman.de/servicebereiche/gruenanlagenpflege.html" "Mozilla/5.0 (compatible; MSIE 9.0; Windows NT 6.1; WOW64; Trident/5.0)"
213.23.3.36 - - [04/Nov/2013:15:28:18 +0100] "GET /images/galabau_001.jpg HTTP/1.1" 200 110927 "http://www.straman.de/servicebereiche/gruenanlagenpflege.html" "Mozilla/5.0 (compatible; MSIE 9.0; Windows NT 6.1; WOW64; Trident/5.0)"
213.23.3.36 - - [04/Nov/2013:15:28:18 +0100] "GET /templates/gk_penguinmail/images/toolsFont.png HTTP/1.1" 200 467 "http://www.straman.de/servicebereiche/gruenanlagenpflege.html" "Mozilla/5.0 (compatible; MSIE 9.0; Windows NT 6.1; WOW64; Trident/5.0)"
213.23.3.36 - - [04/Nov/2013:15:28:18 +0100] "GET /templates/gk_penguinmail/images/menu_sprite.png HTTP/1.1" 404 2467 "http://www.straman.de/servicebereiche/gruenanlagenpflege.html" "Mozilla/5.0 (compatible; MSIE 9.0; Windows NT 6.1; WOW64; Trident/5.0)"
213.23.3.36 - - [04/Nov/2013:15:28:18 +0100] "GET /images/header_orange.png HTTP/1.1" 200 36919 "http://www.straman.de/servicebereiche/gruenanlagenpflege.html" "Mozilla/5.0 (compatible; MSIE 9.0; Windows NT 6.1; WOW64; Trident/5.0)"
178.255.215.64 - - [04/Nov/2013:15:28:44 +0100] "GET /robots.txt HTTP/1.1" 200 304 "-" "Mozilla/5.0 (compatible; Exabot/3.0; +http://www.exabot.com/go/robot)"
178.255.215.64 - - [04/Nov/2013:15:28:44 +0100] "GET /servicebereiche/gruenanlagenpflege/privatgartenpflege.html HTTP/1.1" 200 21124 "-" "Mozilla/5.0 (compatible; Exabot/3.0; +http://www.exabot.com/go/robot)"
93.219.150.133 - - [04/Nov/2013:15:30:41 +0100] "GET /servicebereiche/gruenanlagenpflege/gewerbegruenpflege.html HTTP/1.1" 200 21389 "-" "Mozilla/5.0 (Windows; U; Windows NT 6.0; de; rv:1.9.2.3) Gecko/20100401 Firefox/3.6.3 ( .NET CLR 3.5.30729)"
193.100.62.29 - - [04/Nov/2013:15:40:07 +0100] "GET /media/system/js/mootools.js HTTP/1.1" 304 - "-" "Mozilla/4.0 (compatible;)"
5.10.83.24 - - [04/Nov/2013:15:47:42 +0100] "GET /component/content/46.html HTTP/1.1" 500 2511 "-" "Mozilla/5.0 (compatible; AhrefsBot/5.0; +http://ahrefs.com/robot/)"
93.219.150.133 - - [04/Nov/2013:15:56:19 +0100] "GET /servicebereiche/uebersichtgebaeudemanagement/infrastr-gebaeudemanagement/58.html HTTP/1.1" 200 19495 "-" "Mozilla/5.0 (Windows; U; Windows NT 6.0; de; rv:1.9.2.3) Gecko/20100401 Firefox/3.6.3 ( .NET CLR 3.5.30729)"
93.219.150.133 - - [04/Nov/2013:16:04:04 +0100] "GET /unternehmen/partner/58.html HTTP/1.1" 200 19056 "-" "Mozilla/5.0 (Windows; U; Windows NT 6.0; de; rv:1.9.2.3) Gecko/20100401 Firefox/3.6.3 ( .NET CLR 3.5.30729)"
193.100.62.29 - - [04/Nov/2013:16:05:05 +0100] "GET /images/winterdienst_001.jpg HTTP/1.1" 304 - "-" "Mozilla/4.0 (compatible;)"
208.115.111.71 - - [04/Nov/2013:16:05:43 +0100] "GET /component/user/reset.html HTTP/1.1" 200 15952 "-" "Mozilla/5.0 (compatible; Ezooms/1.0; ezooms.bot@gmail.com)"
193.100.62.29 - - [04/Nov/2013:16:10:43 +0100] "GET /templates/gk_penguinmail/css/menu/mega.css HTTP/1.1" 304 - "-" "Mozilla/4.0 (compatible;)"
93.219.150.133 - - [04/Nov/2013:16:13:31 +0100] "GET /servicebereiche/gruenanlagenpflege/58.html HTTP/1.1" 200 19136 "-" "Mozilla/5.0 (Windows; U; Windows NT 6.0; de; rv:1.9.2.3) Gecko/20100401 Firefox/3.6.3 ( .NET CLR 3.5.30729)"
62.156.190.44 - - [04/Nov/2013:16:15:33 +0100] "GET / HTTP/1.1" 200 18377 "http://www.google.de/url?sa=t&rct=j&q=&esrc=s&frm=1&source=web&cd=1&ved=0CC8QFjAA&url=http%3A%2F%2Fwww.straman.de%2F&ei=E7p3UtabD-G47AbpyIDQDA&usg=AFQjCNEpeUQQKOp_93iUUo8XSnpqrpjMzA&bvm=bv.55819444,d.bGE" "Mozilla/5.0 (compatible; MSIE 9.0; Windows NT 6.1; WOW64; Trident/5.0)"
62.156.190.44 - - [04/Nov/2013:16:15:34 +0100] "GET /templates/system/css/system.css HTTP/1.1" 200 1385 "http://www.straman.de/" "Mozilla/5.0 (compatible; MSIE 9.0; Windows NT 6.1; WOW64; Trident/5.0)"
62.156.190.44 - - [04/Nov/2013:16:15:34 +0100] "GET /templates/system/css/general.css HTTP/1.1" 200 2777 "http://www.straman.de/" "Mozilla/5.0 (compatible; MSIE 9.0; Windows NT 6.1; WOW64; Trident/5.0)"
62.156.190.44 - - [04/Nov/2013:16:15:34 +0100] "GET /templates/gk_penguinmail/css/addons.css HTTP/1.1" 200 2644 "http://www.straman.de/" "Mozilla/5.0 (compatible; MSIE 9.0; Windows NT 6.1; WOW64; Trident/5.0)"
62.156.190.44 - - [04/Nov/2013:16:15:34 +0100] "GET /templates/gk_penguinmail/css/template.css HTTP/1.1" 200 9192 "http://www.straman.de/" "Mozilla/5.0 (compatible; MSIE 9.0; Windows NT 6.1; WOW64; Trident/5.0)"
62.156.190.44 - - [04/Nov/2013:16:15:34 +0100] "GET /templates/gk_penguinmail/css/style3.css HTTP/1.1" 200 13892 "http://www.straman.de/" "Mozilla/5.0 (compatible; MSIE 9.0; Windows NT 6.1; WOW64; Trident/5.0)"
62.156.190.44 - - [04/Nov/2013:16:15:34 +0100] "GET /templates/gk_penguinmail/css/layout.css HTTP/1.1" 200 1684 "http://www.straman.de/" "Mozilla/5.0 (compatible; MSIE 9.0; Windows NT 6.1; WOW64; Trident/5.0)"
62.156.190.44 - - [04/Nov/2013:16:15:34 +0100] "GET /templates/gk_penguinmail/css/css3_style3.css HTTP/1.1" 200 2980 "http://www.straman.de/" "Mozilla/5.0 (compatible; MSIE 9.0; Windows NT 6.1; WOW64; Trident/5.0)"
62.156.190.44 - - [04/Nov/2013:16:15:34 +0100] "GET /templates/gk_penguinmail/css/joomla.css HTTP/1.1" 200 14242 "http://www.straman.de/" "Mozilla/5.0 (compatible; MSIE 9.0; Windows NT 6.1; WOW64; Trident/5.0)"
62.156.190.44 - - [04/Nov/2013:16:15:34 +0100] "GET /templates/gk_penguinmail/css/typo.css HTTP/1.1" 200 15356 "http://www.straman.de/" "Mozilla/5.0 (compatible; MSIE 9.0; Windows NT 6.1; WOW64; Trident/5.0)"
62.156.190.44 - - [04/Nov/2013:16:15:34 +0100] "GET /templates/gk_penguinmail/css/gk_stuff.css HTTP/1.1" 200 12799 "http://www.straman.de/" "Mozilla/5.0 (compatible; MSIE 9.0; Windows NT 6.1; WOW64; Trident/5.0)"
62.156.190.44 - - [04/Nov/2013:16:15:34 +0100] "GET /templates/gk_penguinmail/css/override.css HTTP/1.1" 200 3916 "http://www.straman.de/" "Mozilla/5.0 (compatible; MSIE 9.0; Windows NT 6.1; WOW64; Trident/5.0)"
62.156.190.44 - - [04/Nov/2013:16:15:34 +0100] "GET /templates/gk_penguinmail/js/domready_fix.js HTTP/1.1" 200 1340 "http://www.straman.de/" "Mozilla/5.0 (compatible; MSIE 9.0; Windows NT 6.1; WOW64; Trident/5.0)"
62.156.190.44 - - [04/Nov/2013:16:15:34 +0100] "GET /media/system/js/caption.js HTTP/1.1" 200 1963 "http://www.straman.de/" "Mozilla/5.0 (compatible; MSIE 9.0; Windows NT 6.1; WOW64; Trident/5.0)"
62.156.190.44 - - [04/Nov/2013:16:15:34 +0100] "GET /media/system/js/mootools.js HTTP/1.1" 200 74434 "http://www.straman.de/" "Mozilla/5.0 (compatible; MSIE 9.0; Windows NT 6.1; WOW64; Trident/5.0)"
62.156.190.44 - - [04/Nov/2013:16:15:34 +0100] "GET /templates/gk_penguinmail/js/gk.script.js HTTP/1.1" 200 4585 "http://www.straman.de/" "Mozilla/5.0 (compatible; MSIE 9.0; Windows NT 6.1; WOW64; Trident/5.0)"
62.156.190.44 - - [04/Nov/2013:16:15:34 +0100] "GET /templates/gk_penguinmail/css/menu/mega.css HTTP/1.1" 200 4575 "http://www.straman.de/" "Mozilla/5.0 (compatible; MSIE 9.0; Windows NT 6.1; WOW64; Trident/5.0)"
62.156.190.44 - - [04/Nov/2013:16:15:34 +0100] "GET /templates/gk_penguinmail/js/menu/mega.js HTTP/1.1" 200 12974 "http://www.straman.de/" "Mozilla/5.0 (compatible; MSIE 9.0; Windows NT 6.1; WOW64; Trident/5.0)"
62.156.190.44 - - [04/Nov/2013:16:15:34 +0100] "GET /templates/gk_penguinmail/fonts/PT-Seans/stylesheet.css HTTP/1.1" 200 2445 "http://www.straman.de/" "Mozilla/5.0 (compatible; MSIE 9.0; Windows NT 6.1; WOW64; Trident/5.0)"
62.156.190.44 - - [04/Nov/2013:16:15:34 +0100] "GET /images/kontaktformular.jpg HTTP/1.1" 200 42791 "http://www.straman.de/" "Mozilla/5.0 (compatible; MSIE 9.0; Windows NT 6.1; WOW64; Trident/5.0)"
62.156.190.44 - - [04/Nov/2013:16:15:34 +0100] "GET /images/header_index_980x185.png HTTP/1.1" 200 211631 "http://www.straman.de/" "Mozilla/5.0 (compatible; MSIE 9.0; Windows NT 6.1; WOW64; Trident/5.0)"
62.156.190.44 - - [04/Nov/2013:16:15:35 +0100] "GET /templates/gk_penguinmail/images/style3/menu_sprite.png HTTP/1.1" 200 450 "http://www.straman.de/" "Mozilla/5.0 (compatible; MSIE 9.0; Windows NT 6.1; WOW64; Trident/5.0)"
62.156.190.44 - - [04/Nov/2013:16:15:35 +0100] "GET /templates/gk_penguinmail/images/style3/glow.jpg HTTP/1.1" 200 18301 "http://www.straman.de/" "Mozilla/5.0 (compatible; MSIE 9.0; Windows NT 6.1; WOW64; Trident/5.0)"
62.156.190.44 - - [04/Nov/2013:16:15:35 +0100] "GET /templates/gk_penguinmail/images/logo.png HTTP/1.1" 200 6608 "http://www.straman.de/" "Mozilla/5.0 (compatible; MSIE 9.0; Windows NT 6.1; WOW64; Trident/5.0)"
62.156.190.44 - - [04/Nov/2013:16:15:35 +0100] "GET /templates/gk_penguinmail/images/menu_sprite.png HTTP/1.1" 404 2467 "http://www.straman.de/" "Mozilla/5.0 (compatible; MSIE 9.0; Windows NT 6.1; WOW64; Trident/5.0)"
62.156.190.44 - - [04/Nov/2013:16:15:37 +0100] "GET /templates/gk_penguinmail/favicon.ico HTTP/1.1" 200 5686 "-" "Mozilla/5.0 (compatible; MSIE 9.0; Windows NT 6.1; WOW64; Trident/5.0)"
62.156.190.44 - - [04/Nov/2013:16:15:41 +0100] "GET /kontakt.html HTTP/1.1" 200 18503 "http://www.straman.de/" "Mozilla/5.0 (compatible; MSIE 9.0; Windows NT 6.1; WOW64; Trident/5.0)"
62.156.190.44 - - [04/Nov/2013:16:15:42 +0100] "GET /templates/gk_penguinmail/css/template_unterseiten.css HTTP/1.1" 200 115 "http://www.straman.de/kontakt.html" "Mozilla/5.0 (compatible; MSIE 9.0; Windows NT 6.1; WOW64; Trident/5.0)"
62.156.190.44 - - [04/Nov/2013:16:15:42 +0100] "GET /images/header3.png HTTP/1.1" 200 29760 "http://www.straman.de/kontakt.html" "Mozilla/5.0 (compatible; MSIE 9.0; Windows NT 6.1; WOW64; Trident/5.0)"
62.156.190.44 - - [04/Nov/2013:16:15:42 +0100] "GET /templates/gk_penguinmail/images/button.png HTTP/1.1" 200 87 "http://www.straman.de/kontakt.html" "Mozilla/5.0 (compatible; MSIE 9.0; Windows NT 6.1; WOW64; Trident/5.0)"
62.156.190.44 - - [04/Nov/2013:16:15:42 +0100] "GET /templates/gk_penguinmail/images/toolsFont.png HTTP/1.1" 200 467 "http://www.straman.de/kontakt.html" "Mozilla/5.0 (compatible; MSIE 9.0; Windows NT 6.1; WOW64; Trident/5.0)"
62.156.190.44 - - [04/Nov/2013:16:15:42 +0100] "GET /templates/gk_penguinmail/images/menu_sprite.png HTTP/1.1" 404 2467 "http://www.straman.de/kontakt.html" "Mozilla/5.0 (compatible; MSIE 9.0; Windows NT 6.1; WOW64; Trident/5.0)"
62.156.190.44 - - [04/Nov/2013:16:15:47 +0100] "GET /unternehmen/impressum.html HTTP/1.1" 200 22617 "http://www.straman.de/kontakt.html" "Mozilla/5.0 (compatible; MSIE 9.0; Windows NT 6.1; WOW64; Trident/5.0)"
62.156.190.44 - - [04/Nov/2013:16:15:47 +0100] "GET /templates/gk_penguinmail/images/emailButton.png HTTP/1.1" 200 365 "http://www.straman.de/unternehmen/impressum.html" "Mozilla/5.0 (compatible; MSIE 9.0; Windows NT 6.1; WOW64; Trident/5.0)"
62.156.190.44 - - [04/Nov/2013:16:15:47 +0100] "GET /templates/gk_penguinmail/images/printButton.png HTTP/1.1" 200 442 "http://www.straman.de/unternehmen/impressum.html" "Mozilla/5.0 (compatible; MSIE 9.0; Windows NT 6.1; WOW64; Trident/5.0)"
62.156.190.44 - - [04/Nov/2013:16:15:47 +0100] "GET /templates/gk_penguinmail/images/menu_sprite.png HTTP/1.1" 404 2467 "http://www.straman.de/unternehmen/impressum.html" "Mozilla/5.0 (compatible; MSIE 9.0; Windows NT 6.1; WOW64; Trident/5.0)"
93.219.150.133 - - [04/Nov/2013:16:19:10 +0100] "GET /component/mailto/?tmpl=component&link=97f89dec8d3a90a06eaee75083ae45b303687cff HTTP/1.1" 200 2687 "-" "Mozilla/5.0 (Windows; U; Windows NT 6.0; de; rv:1.9.2.3) Gecko/20100401 Firefox/3.6.3 ( .NET CLR 3.5.30729)"
93.219.150.133 - - [04/Nov/2013:16:36:02 +0100] "GET /servicebereiche/winterdienst/gewerbliche-kunden/58.html HTTP/1.1" 200 19169 "-" "Mozilla/5.0 (Windows; U; Windows NT 6.0; de; rv:1.9.2.3) Gecko/20100401 Firefox/3.6.3 ( .NET CLR 3.5.30729)"
93.219.150.133 - - [04/Nov/2013:16:48:10 +0100] "GET /servicebereiche/uebersichtgebaeudemanagement/gebaeudemanagement/58.html HTTP/1.1" 200 19456 "-" "Mozilla/5.0 (Windows; U; Windows NT 6.0; de; rv:1.9.2.3) Gecko/20100401 Firefox/3.6.3 ( .NET CLR 3.5.30729)"
193.100.62.29 - - [04/Nov/2013:16:48:18 +0100] "GET /templates/gk_penguinmail/css/style3.css HTTP/1.1" 304 - "-" "Mozilla/4.0 (compatible;)"
79.194.42.6 - - [04/Nov/2013:16:48:42 +0100] "GET /unternehmen/impressum.html HTTP/1.1" 200 22648 "https://www.google.de/" "Mozilla/5.0 (Windows NT 5.1) AppleWebKit/537.36 (KHTML, like Gecko) Chrome/30.0.1599.101 Safari/537.36"
66.249.78.60 - - [04/Nov/2013:16:49:46 +0100] "GET /servicebereiche/uebersichtgebaeudemanagement/gebaeudemanagement.html HTTP/1.1" 200 10334 "-" "Mozilla/5.0 (iPhone; CPU iPhone OS 6_0 like Mac OS X) AppleWebKit/536.26 (KHTML, like Gecko) Version/6.0 Mobile/10A5376e Safari/8536.25 (compatible; Googlebot-Mobile/2.1; +http://www.google.com/bot.html)"
93.219.150.133 - - [04/Nov/2013:16:53:53 +0100] "GET /servicebereiche/winterdienst/privatkunden/58.html HTTP/1.1" 200 19139 "-" "Mozilla/5.0 (Windows; U; Windows NT 6.0; de; rv:1.9.2.3) Gecko/20100401 Firefox/3.6.3 ( .NET CLR 3.5.30729)"
93.219.150.133 - - [04/Nov/2013:16:55:16 +0100] "GET /servicebereiche/gruenanlagenpflege/privatgartenpflege/58.html HTTP/1.1" 200 19215 "-" "Mozilla/5.0 (Windows; U; Windows NT 6.0; de; rv:1.9.2.3) Gecko/20100401 Firefox/3.6.3 ( .NET CLR 3.5.30729)"
93.219.150.133 - - [04/Nov/2013:17:00:12 +0100] "GET /downloadbereich/58.html HTTP/1.1" 200 18856 "-" "Mozilla/5.0 (Windows; U; Windows NT 6.0; de; rv:1.9.2.3) Gecko/20100401 Firefox/3.6.3 ( .NET CLR 3.5.30729)"
93.219.150.133 - - [04/Nov/2013:17:07:55 +0100] "GET /component/forme/?fid=2 HTTP/1.1" 200 21131 "-" "Mozilla/5.0 (Windows; U; Windows NT 6.0; de; rv:1.9.2.3) Gecko/20100401 Firefox/3.6.3 ( .NET CLR 3.5.30729)"
93.219.150.133 - - [04/Nov/2013:17:09:03 +0100] "GET /servicebereiche/winterdienst/58.html HTTP/1.1" 200 19059 "-" "Mozilla/5.0 (Windows; U; Windows NT 6.0; de; rv:1.9.2.3) Gecko/20100401 Firefox/3.6.3 ( .NET CLR 3.5.30729)"
65.55.52.89 - - [04/Nov/2013:17:10:24 +0100] "GET /robots.txt HTTP/1.1" 200 304 "-" "Mozilla/5.0 (compatible; bingbot/2.0; +http://www.bing.com/bingbot.htm)"
93.219.150.133 - - [04/Nov/2013:17:12:09 +0100] "GET /unternehmen/jobs/58.html HTTP/1.1" 200 19041 "-" "Mozilla/5.0 (Windows; U; Windows NT 6.0; de; rv:1.9.2.3) Gecko/20100401 Firefox/3.6.3 ( .NET CLR 3.5.30729)"
65.55.52.89 - - [04/Nov/2013:17:15:32 +0100] "GET /servicebereiche/winterdienst/gewerbliche-kunden.html HTTP/1.1" 200 23147 "-" "Mozilla/5.0 (compatible; bingbot/2.0; +http://www.bing.com/bingbot.htm)"
93.219.150.133 - - [04/Nov/2013:17:15:33 +0100] "GET /servicebereiche/strassenreinigung/58.html HTTP/1.1" 200 19121 "-" "Mozilla/5.0 (Windows; U; Windows NT 6.0; de; rv:1.9.2.3) Gecko/20100401 Firefox/3.6.3 ( .NET CLR 3.5.30729)"
93.219.150.133 - - [04/Nov/2013:17:20:08 +0100] "GET /unternehmen/standorte/58.html HTTP/1.1" 200 19066 "-" "Mozilla/5.0 (Windows; U; Windows NT 6.0; de; rv:1.9.2.3) Gecko/20100401 Firefox/3.6.3 ( .NET CLR 3.5.30729)"
193.100.62.29 - - [04/Nov/2013:17:21:47 +0100] "GET /templates/gk_penguinmail/css/gk_stuff.css HTTP/1.1" 304 - "-" "Mozilla/4.0 (compatible;)"
217.86.205.174 - - [04/Nov/2013:17:22:52 +0100] "GET / HTTP/1.1" 200 18377 "http://www.google.de/url?sa=t&rct=j&q=&esrc=s&frm=1&source=web&cd=1&ved=0CC8QFjAA&url=http%3A%2F%2Fwww.straman.de%2F&ei=2cl3UsOgBMOctAaniICwCg&usg=AFQjCNEpeUQQKOp_93iUUo8XSnpqrpjMzA" "Mozilla/5.0 (compatible; MSIE 10.0; Windows NT 6.1; WOW64; Trident/6.0; NP06)"
217.86.205.174 - - [04/Nov/2013:17:22:53 +0100] "GET /templates/gk_penguinmail/css/template.css HTTP/1.1" 304 - "http://www.straman.de/" "Mozilla/5.0 (compatible; MSIE 10.0; Windows NT 6.1; WOW64; Trident/6.0; NP06)"
217.86.205.174 - - [04/Nov/2013:17:22:53 +0100] "GET /templates/gk_penguinmail/css/css3_style3.css HTTP/1.1" 304 - "http://www.straman.de/" "Mozilla/5.0 (compatible; MSIE 10.0; Windows NT 6.1; WOW64; Trident/6.0; NP06)"
217.86.205.174 - - [04/Nov/2013:17:22:53 +0100] "GET /templates/gk_penguinmail/css/override.css HTTP/1.1" 304 - "http://www.straman.de/" "Mozilla/5.0 (compatible; MSIE 10.0; Windows NT 6.1; WOW64; Trident/6.0; NP06)"
217.86.205.174 - - [04/Nov/2013:17:22:53 +0100] "GET /templates/gk_penguinmail/images/style3/menu_sprite.png HTTP/1.1" 200 450 "http://www.straman.de/" "Mozilla/5.0 (compatible; MSIE 10.0; Windows NT 6.1; WOW64; Trident/6.0; NP06)"
217.86.205.174 - - [04/Nov/2013:17:22:53 +0100] "GET /templates/gk_penguinmail/images/style3/glow.jpg HTTP/1.1" 200 18301 "http://www.straman.de/" "Mozilla/5.0 (compatible; MSIE 10.0; Windows NT 6.1; WOW64; Trident/6.0; NP06)"
217.86.205.174 - - [04/Nov/2013:17:22:53 +0100] "GET /templates/gk_penguinmail/images/logo.png HTTP/1.1" 200 6608 "http://www.straman.de/" "Mozilla/5.0 (compatible; MSIE 10.0; Windows NT 6.1; WOW64; Trident/6.0; NP06)"
217.86.205.174 - - [04/Nov/2013:17:22:53 +0100] "GET /images/kontaktformular.jpg HTTP/1.1" 200 42791 "http://www.straman.de/" "Mozilla/5.0 (compatible; MSIE 10.0; Windows NT 6.1; WOW64; Trident/6.0; NP06)"
217.86.205.174 - - [04/Nov/2013:17:22:53 +0100] "GET /templates/gk_penguinmail/images/menu_sprite.png HTTP/1.1" 404 2467 "http://www.straman.de/" "Mozilla/5.0 (compatible; MSIE 10.0; Windows NT 6.1; WOW64; Trident/6.0; NP06)"
217.86.205.174 - - [04/Nov/2013:17:22:53 +0100] "GET /images/header_index_980x185.png HTTP/1.1" 200 211631 "http://www.straman.de/" "Mozilla/5.0 (compatible; MSIE 10.0; Windows NT 6.1; WOW64; Trident/6.0; NP06)"
217.86.205.174 - - [04/Nov/2013:17:22:54 +0100] "GET /templates/gk_penguinmail/favicon.ico HTTP/1.1" 200 5686 "-" "Mozilla/5.0 (compatible; MSIE 10.0; Windows NT 6.1; Win64; x64; Trident/6.0; NP06)"
217.86.205.174 - - [04/Nov/2013:17:23:13 +0100] "GET / HTTP/1.1" 200 18377 "http://www.google.de/url?sa=t&rct=j&q=&esrc=s&frm=1&source=web&cd=1&ved=0CC8QFjAA&url=http%3A%2F%2Fwww.straman.de%2F&ei=2cl3UsOgBMOctAaniICwCg&usg=AFQjCNEpeUQQKOp_93iUUo8XSnpqrpjMzA" "Mozilla/5.0 (compatible; MSIE 10.0; Windows NT 6.1; WOW64; Trident/6.0; NP06)"
217.86.205.174 - - [04/Nov/2013:17:23:13 +0100] "GET /templates/gk_penguinmail/images/menu_sprite.png HTTP/1.1" 404 2467 "http://www.straman.de/" "Mozilla/5.0 (compatible; MSIE 10.0; Windows NT 6.1; WOW64; Trident/6.0; NP06)"
193.100.62.29 - - [04/Nov/2013:17:27:46 +0100] "GET /templates/gk_penguinmail/images/button.png HTTP/1.1" 304 - "-" "Mozilla/4.0 (compatible;)"
5.10.83.27 - - [04/Nov/2013:17:32:00 +0100] "GET /component/mailto/?tmpl=component HTTP/1.1" 403 2456 "-" "Mozilla/5.0 (compatible; AhrefsBot/5.0; +http://ahrefs.com/robot/)"
93.219.150.133 - - [04/Nov/2013:17:32:40 +0100] "GET /unternehmen/impressum/58.html HTTP/1.1" 200 19066 "-" "Mozilla/5.0 (Windows; U; Windows NT 6.0; de; rv:1.9.2.3) Gecko/20100401 Firefox/3.6.3 ( .NET CLR 3.5.30729)"
93.219.150.133 - - [04/Nov/2013:17:43:01 +0100] "GET /kontakt.html?fid=1 HTTP/1.1" 200 18539 "-" "Mozilla/5.0 (Windows; U; Windows NT 6.0; de; rv:1.9.2.3) Gecko/20100401 Firefox/3.6.3 ( .NET CLR 3.5.30729)"
5.10.83.98 - - [04/Nov/2013:17:53:16 +0100] "GET /component/user/register.html HTTP/1.1" 200 17079 "-" "Mozilla/5.0 (compatible; AhrefsBot/5.0; +http://ahrefs.com/robot/)"
93.219.150.133 - - [04/Nov/2013:17:57:40 +0100] "GET /servicebereiche/uebersichtgebaeudemanagement/58.html HTTP/1.1" 200 18969 "-" "Mozilla/5.0 (Windows; U; Windows NT 6.0; de; rv:1.9.2.3) Gecko/20100401 Firefox/3.6.3 ( .NET CLR 3.5.30729)"
217.231.160.191 - - [04/Nov/2013:18:01:27 +0100] "GET /templates/system/css/system.css HTTP/1.1" 200 1385 "http://www.straman.de/servicebereiche/winterdienst.html" "Mozilla/5.0 (compatible; MSIE 10.0; Windows NT 6.1; WOW64; Trident/6.0)"
217.231.160.191 - - [04/Nov/2013:18:01:28 +0100] "GET /templates/system/css/general.css HTTP/1.1" 200 2777 "http://www.straman.de/servicebereiche/winterdienst.html" "Mozilla/5.0 (compatible; MSIE 10.0; Windows NT 6.1; WOW64; Trident/6.0)"
217.231.160.191 - - [04/Nov/2013:18:01:28 +0100] "GET /templates/gk_penguinmail/css/addons.css HTTP/1.1" 200 2644 "http://www.straman.de/servicebereiche/winterdienst.html" "Mozilla/5.0 (compatible; MSIE 10.0; Windows NT 6.1; WOW64; Trident/6.0)"
217.231.160.191 - - [04/Nov/2013:18:01:28 +0100] "GET /templates/gk_penguinmail/css/layout.css HTTP/1.1" 200 1684 "http://www.straman.de/servicebereiche/winterdienst.html" "Mozilla/5.0 (compatible; MSIE 10.0; Windows NT 6.1; WOW64; Trident/6.0)"
217.231.160.191 - - [04/Nov/2013:18:01:28 +0100] "GET /templates/gk_penguinmail/css/template.css HTTP/1.1" 200 9192 "http://www.straman.de/servicebereiche/winterdienst.html" "Mozilla/5.0 (compatible; MSIE 10.0; Windows NT 6.1; WOW64; Trident/6.0)"
217.231.160.191 - - [04/Nov/2013:18:01:28 +0100] "GET /templates/gk_penguinmail/css/joomla.css HTTP/1.1" 200 14242 "http://www.straman.de/servicebereiche/winterdienst.html" "Mozilla/5.0 (compatible; MSIE 10.0; Windows NT 6.1; WOW64; Trident/6.0)"
217.231.160.191 - - [04/Nov/2013:18:01:27 +0100] "GET /servicebereiche/winterdienst.html HTTP/1.1" 200 20490 "http://de.aolsearch.com/search?q=winterdienst+firmen&s_chn=7&s_pt=aolsem&v_t=aolsem&s_cs=2816933498313926762&s_it=bot_relsearch" "Mozilla/5.0 (compatible; MSIE 10.0; Windows NT 6.1; WOW64; Trident/6.0)"
217.231.160.191 - - [04/Nov/2013:18:01:28 +0100] "GET /templates/gk_penguinmail/css/gk_stuff.css HTTP/1.1" 200 12799 "http://www.straman.de/servicebereiche/winterdienst.html" "Mozilla/5.0 (compatible; MSIE 10.0; Windows NT 6.1; WOW64; Trident/6.0)"
217.231.160.191 - - [04/Nov/2013:18:01:28 +0100] "GET /templates/gk_penguinmail/css/typo.css HTTP/1.1" 200 15356 "http://www.straman.de/servicebereiche/winterdienst.html" "Mozilla/5.0 (compatible; MSIE 10.0; Windows NT 6.1; WOW64; Trident/6.0)"
217.231.160.191 - - [04/Nov/2013:18:01:28 +0100] "GET /templates/gk_penguinmail/css/css3_style3.css HTTP/1.1" 200 2980 "http://www.straman.de/servicebereiche/winterdienst.html" "Mozilla/5.0 (compatible; MSIE 10.0; Windows NT 6.1; WOW64; Trident/6.0)"
217.231.160.191 - - [04/Nov/2013:18:01:29 +0100] "GET /templates/gk_penguinmail/css/style3.css HTTP/1.1" 200 13892 "http://www.straman.de/servicebereiche/winterdienst.html" "Mozilla/5.0 (compatible; MSIE 10.0; Windows NT 6.1; WOW64; Trident/6.0)"
217.231.160.191 - - [04/Nov/2013:18:01:29 +0100] "GET /templates/gk_penguinmail/css/override.css HTTP/1.1" 200 3916 "http://www.straman.de/servicebereiche/winterdienst.html" "Mozilla/5.0 (compatible; MSIE 10.0; Windows NT 6.1; WOW64; Trident/6.0)"
217.231.160.191 - - [04/Nov/2013:18:01:29 +0100] "GET /templates/gk_penguinmail/js/domready_fix.js HTTP/1.1" 200 1340 "http://www.straman.de/servicebereiche/winterdienst.html" "Mozilla/5.0 (compatible; MSIE 10.0; Windows NT 6.1; WOW64; Trident/6.0)"
217.231.160.191 - - [04/Nov/2013:18:01:29 +0100] "GET /media/system/js/caption.js HTTP/1.1" 200 1963 "http://www.straman.de/servicebereiche/winterdienst.html" "Mozilla/5.0 (compatible; MSIE 10.0; Windows NT 6.1; WOW64; Trident/6.0)"
217.231.160.191 - - [04/Nov/2013:18:01:30 +0100] "GET /templates/gk_penguinmail/js/gk.script.js HTTP/1.1" 200 4585 "http://www.straman.de/servicebereiche/winterdienst.html" "Mozilla/5.0 (compatible; MSIE 10.0; Windows NT 6.1; WOW64; Trident/6.0)"
217.231.160.191 - - [04/Nov/2013:18:01:30 +0100] "GET /templates/gk_penguinmail/css/menu/mega.css HTTP/1.1" 200 4575 "http://www.straman.de/servicebereiche/winterdienst.html" "Mozilla/5.0 (compatible; MSIE 10.0; Windows NT 6.1; WOW64; Trident/6.0)"
217.231.160.191 - - [04/Nov/2013:18:01:30 +0100] "GET /templates/gk_penguinmail/js/menu/mega.js HTTP/1.1" 200 12974 "http://www.straman.de/servicebereiche/winterdienst.html" "Mozilla/5.0 (compatible; MSIE 10.0; Windows NT 6.1; WOW64; Trident/6.0)"
217.231.160.191 - - [04/Nov/2013:18:01:30 +0100] "GET /templates/gk_penguinmail/fonts/PT-Seans/stylesheet.css HTTP/1.1" 200 2445 "http://www.straman.de/servicebereiche/winterdienst.html" "Mozilla/5.0 (compatible; MSIE 10.0; Windows NT 6.1; WOW64; Trident/6.0)"
217.231.160.191 - - [04/Nov/2013:18:01:30 +0100] "GET /templates/gk_penguinmail/css/template_winterdienst.css HTTP/1.1" 200 109 "http://www.straman.de/servicebereiche/winterdienst.html" "Mozilla/5.0 (compatible; MSIE 10.0; Windows NT 6.1; WOW64; Trident/6.0)"
217.231.160.191 - - [04/Nov/2013:18:01:30 +0100] "GET /templates/gk_penguinmail/images/emailButton.png HTTP/1.1" 200 365 "http://www.straman.de/servicebereiche/winterdienst.html" "Mozilla/5.0 (compatible; MSIE 10.0; Windows NT 6.1; WOW64; Trident/6.0)"
217.231.160.191 - - [04/Nov/2013:18:01:31 +0100] "GET /templates/gk_penguinmail/images/printButton.png HTTP/1.1" 200 442 "http://www.straman.de/servicebereiche/winterdienst.html" "Mozilla/5.0 (compatible; MSIE 10.0; Windows NT 6.1; WOW64; Trident/6.0)"
217.231.160.191 - - [04/Nov/2013:18:01:30 +0100] "GET /images/header_orange.png HTTP/1.1" 200 36919 "http://www.straman.de/servicebereiche/winterdienst.html" "Mozilla/5.0 (compatible; MSIE 10.0; Windows NT 6.1; WOW64; Trident/6.0)"
217.231.160.191 - - [04/Nov/2013:18:01:29 +0100] "GET /media/system/js/mootools.js HTTP/1.1" 200 74434 "http://www.straman.de/servicebereiche/winterdienst.html" "Mozilla/5.0 (compatible; MSIE 10.0; Windows NT 6.1; WOW64; Trident/6.0)"
217.231.160.191 - - [04/Nov/2013:18:01:31 +0100] "GET /images/winterdienst_001.jpg HTTP/1.1" 200 107331 "http://www.straman.de/servicebereiche/winterdienst.html" "Mozilla/5.0 (compatible; MSIE 10.0; Windows NT 6.1; WOW64; Trident/6.0)"
217.231.160.191 - - [04/Nov/2013:18:01:36 +0100] "GET /templates/gk_penguinmail/images/style3/menu_sprite.png HTTP/1.1" 200 450 "http://www.straman.de/servicebereiche/winterdienst.html" "Mozilla/5.0 (compatible; MSIE 10.0; Windows NT 6.1; WOW64; Trident/6.0)"
217.231.160.191 - - [04/Nov/2013:18:01:36 +0100] "GET /templates/gk_penguinmail/images/grau2.jpg HTTP/1.1" 200 25139 "http://www.straman.de/servicebereiche/winterdienst.html" "Mozilla/5.0 (compatible; MSIE 10.0; Windows NT 6.1; WOW64; Trident/6.0)"
217.231.160.191 - - [04/Nov/2013:18:01:36 +0100] "GET /templates/gk_penguinmail/images/logo.png HTTP/1.1" 200 6608 "http://www.straman.de/servicebereiche/winterdienst.html" "Mozilla/5.0 (compatible; MSIE 10.0; Windows NT 6.1; WOW64; Trident/6.0)"
217.231.160.191 - - [04/Nov/2013:18:01:36 +0100] "GET /templates/gk_penguinmail/images/toolsFont.png HTTP/1.1" 200 467 "http://www.straman.de/servicebereiche/winterdienst.html" "Mozilla/5.0 (compatible; MSIE 10.0; Windows NT 6.1; WOW64; Trident/6.0)"
217.231.160.191 - - [04/Nov/2013:18:01:36 +0100] "GET /templates/gk_penguinmail/images/menu_sprite.png HTTP/1.1" 404 2467 "http://www.straman.de/servicebereiche/winterdienst.html" "Mozilla/5.0 (compatible; MSIE 10.0; Windows NT 6.1; WOW64; Trident/6.0)"
217.231.160.191 - - [04/Nov/2013:18:01:38 +0100] "GET /templates/gk_penguinmail/favicon.ico HTTP/1.1" 200 5686 "-" "Mozilla/5.0 (compatible; MSIE 10.0; Windows NT 6.1; Win64; x64; Trident/6.0)"
217.231.160.191 - - [04/Nov/2013:18:01:48 +0100] "GET /templates/gk_penguinmail/css/template_unterseiten.css HTTP/1.1" 200 115 "http://www.straman.de/unternehmen/impressum.html" "Mozilla/5.0 (compatible; MSIE 10.0; Windows NT 6.1; WOW64; Trident/6.0)"
217.231.160.191 - - [04/Nov/2013:18:01:47 +0100] "GET /unternehmen/impressum.html HTTP/1.1" 200 22617 "http://www.straman.de/servicebereiche/winterdienst.html" "Mozilla/5.0 (compatible; MSIE 10.0; Windows NT 6.1; WOW64; Trident/6.0)"
217.231.160.191 - - [04/Nov/2013:18:01:48 +0100] "GET /templates/gk_penguinmail/images/style3/glow.jpg HTTP/1.1" 200 18301 "http://www.straman.de/unternehmen/impressum.html" "Mozilla/5.0 (compatible; MSIE 10.0; Windows NT 6.1; WOW64; Trident/6.0)"
217.231.160.191 - - [04/Nov/2013:18:01:48 +0100] "GET /images/header3.png HTTP/1.1" 200 29760 "http://www.straman.de/unternehmen/impressum.html" "Mozilla/5.0 (compatible; MSIE 10.0; Windows NT 6.1; WOW64; Trident/6.0)"
217.231.160.191 - - [04/Nov/2013:18:01:48 +0100] "GET /templates/gk_penguinmail/images/menu_sprite.png HTTP/1.1" 404 2467 "http://www.straman.de/unternehmen/impressum.html" "Mozilla/5.0 (compatible; MSIE 10.0; Windows NT 6.1; WOW64; Trident/6.0)"
217.231.160.191 - - [04/Nov/2013:18:01:51 +0100] "GET /templates/gk_penguinmail/images/menu_sprite.png HTTP/1.1" 404 2467 "http://www.straman.de/servicebereiche/winterdienst.html" "Mozilla/5.0 (compatible; MSIE 10.0; Windows NT 6.1; WOW64; Trident/6.0)"
208.115.111.71 - - [04/Nov/2013:18:07:41 +0100] "GET /robots.txt HTTP/1.1" 200 304 "-" "Mozilla/5.0 (compatible; Ezooms/1.0; ezooms.bot@gmail.com)"
93.219.150.133 - - [04/Nov/2013:18:10:33 +0100] "GET /news/58.html HTTP/1.1" 200 19309 "-" "Mozilla/5.0 (Windows; U; Windows NT 6.0; de; rv:1.9.2.3) Gecko/20100401 Firefox/3.6.3 ( .NET CLR 3.5.30729)"
193.100.62.29 - - [04/Nov/2013:18:13:33 +0100] "GET /templates/gk_penguinmail/images/style3/menu_sprite.png HTTP/1.1" 304 - "-" "Mozilla/4.0 (compatible;)"
66.249.78.60 - - [04/Nov/2013:18:17:16 +0100] "GET /component/mailto/?tmpl=component&link=97f89dec8d3a90a06eaee75083ae45b303687cff HTTP/1.1" 200 2687 "-" "Mozilla/5.0 (compatible; Googlebot/2.1; +http://www.google.com/bot.html)"
93.219.150.133 - - [04/Nov/2013:18:19:26 +0100] "GET /component/mailto/?tmpl=component&link=4d090a7d0dad0ed1b40abd9c35a75b7faac292cb HTTP/1.1" 200 2687 "-" "Mozilla/5.0 (Windows; U; Windows NT 6.0; de; rv:1.9.2.3) Gecko/20100401 Firefox/3.6.3 ( .NET CLR 3.5.30729)"
193.100.62.29 - - [04/Nov/2013:18:37:39 +0100] "GET /templates/gk_penguinmail/css/template.css HTTP/1.1" 304 - "-" "Mozilla/4.0 (compatible;)"
93.219.150.133 - - [04/Nov/2013:18:54:47 +0100] "GET /referenzen/58.html HTTP/1.1" 200 19388 "-" "Mozilla/5.0 (Windows; U; Windows NT 6.0; de; rv:1.9.2.3) Gecko/20100401 Firefox/3.6.3 ( .NET CLR 3.5.30729)"
5.10.83.47 - - [04/Nov/2013:18:57:14 +0100] "GET /news/78-todt.html HTTP/1.1" 200 19294 "-" "Mozilla/5.0 (compatible; AhrefsBot/5.0; +http://ahrefs.com/robot/)"
5.10.83.14 - - [04/Nov/2013:18:58:14 +0100] "GET /component/content/article/34-garten-und-landschaftsbau/74-gewerbegruenpflege.html HTTP/1.1" 200 20298 "-" "Mozilla/5.0 (compatible; AhrefsBot/5.0; +http://ahrefs.com/robot/)"
193.100.62.29 - - [04/Nov/2013:18:59:38 +0100] "GET /templates/gk_penguinmail/js/menu/mega.js HTTP/1.1" 304 - "-" "Mozilla/4.0 (compatible;)"
93.219.150.133 - - [04/Nov/2013:19:02:31 +0100] "GET /component/mailto/?tmpl=component&link=fcdbae1f04f84c0b90da1200899b1a5c8c97ead8 HTTP/1.1" 200 2687 "-" "Mozilla/5.0 (Windows; U; Windows NT 6.0; de; rv:1.9.2.3) Gecko/20100401 Firefox/3.6.3 ( .NET CLR 3.5.30729)"
193.100.62.29 - - [04/Nov/2013:19:08:56 +0100] "GET /templates/gk_penguinmail/css/layout.css HTTP/1.1" 304 - "-" "Mozilla/4.0 (compatible;)"
193.100.62.29 - - [04/Nov/2013:19:10:09 +0100] "GET /templates/gk_penguinmail/css/typo.css HTTP/1.1" 304 - "-" "Mozilla/4.0 (compatible;)"
93.219.150.133 - - [04/Nov/2013:19:15:04 +0100] "GET /servicebereiche/gruenanlagenpflege/gewerbegruenpflege/58.html HTTP/1.1" 200 19215 "-" "Mozilla/5.0 (Windows; U; Windows NT 6.0; de; rv:1.9.2.3) Gecko/20100401 Firefox/3.6.3 ( .NET CLR 3.5.30729)"
157.55.33.33 - - [04/Nov/2013:19:18:53 +0100] "GET /robots.txt HTTP/1.1" 200 304 "-" "Mozilla/5.0 (compatible; bingbot/2.0; +http://www.bing.com/bingbot.htm)"
93.219.150.133 - - [04/Nov/2013:19:25:54 +0100] "GET /unternehmen/imagevideo-straman/58.html HTTP/1.1" 200 18579 "-" "Mozilla/5.0 (Windows; U; Windows NT 6.0; de; rv:1.9.2.3) Gecko/20100401 Firefox/3.6.3 ( .NET CLR 3.5.30729)"
93.219.150.133 - - [04/Nov/2013:19:29:38 +0100] "GET /unternehmen/historie/58.html HTTP/1.1" 200 19061 "-" "Mozilla/5.0 (Windows; U; Windows NT 6.0; de; rv:1.9.2.3) Gecko/20100401 Firefox/3.6.3 ( .NET CLR 3.5.30729)"
157.55.33.33 - - [04/Nov/2013:19:30:02 +0100] "GET /servicebereiche/uebersichtgebaeudemanagement/gebaeudemanagement.html HTTP/1.1" 200 19520 "-" "Mozilla/5.0 (compatible; bingbot/2.0; +http://www.bing.com/bingbot.htm)"
193.100.62.29 - - [04/Nov/2013:19:37:00 +0100] "GET /templates/system/css/system.css HTTP/1.1" 304 - "-" "Mozilla/4.0 (compatible;)"
193.100.62.29 - - [04/Nov/2013:19:41:14 +0100] "GET /templates/gk_penguinmail/js/domready_fix.js HTTP/1.1" 304 - "-" "Mozilla/4.0 (compatible;)"
193.100.62.29 - - [04/Nov/2013:19:47:53 +0100] "GET /templates/gk_penguinmail/images/printButton.png HTTP/1.1" 304 - "-" "Mozilla/4.0 (compatible;)"
193.100.62.29 - - [04/Nov/2013:19:57:29 +0100] "GET /templates/gk_penguinmail/css/joomla.css HTTP/1.1" 304 - "-" "Mozilla/4.0 (compatible;)"
157.55.33.33 - - [04/Nov/2013:20:00:09 +0100] "GET /news/61-wir-begruessen-sie-auf-den-seiten-von-straman-ihren-komplettdienstleister-rund-um-die-immobilie.pdf HTTP/1.1" 200 536562 "-" "Mozilla/5.0 (compatible; bingbot/2.0; +http://www.bing.com/bingbot.htm)"
208.115.111.71 - - [04/Nov/2013:20:05:12 +0100] "GET /downloadbereich/58.html HTTP/1.1" 200 18860 "-" "Mozilla/5.0 (compatible; Ezooms/1.0; ezooms.bot@gmail.com)"
193.100.62.29 - - [04/Nov/2013:20:06:47 +0100] "GET /templates/gk_penguinmail/images/logo.png HTTP/1.1" 304 - "-" "Mozilla/4.0 (compatible;)"
193.100.62.29 - - [04/Nov/2013:20:10:33 +0100] "GET /images/winterdienst_002.jpg HTTP/1.1" 304 - "-" "Mozilla/4.0 (compatible;)"
193.100.62.29 - - [04/Nov/2013:20:11:08 +0100] "GET /templates/gk_penguinmail/images/emailButton.png HTTP/1.1" 304 - "-" "Mozilla/4.0 (compatible;)"
193.100.62.29 - - [04/Nov/2013:20:27:37 +0100] "GET /templates/gk_penguinmail/css/addons.css HTTP/1.1" 304 - "-" "Mozilla/4.0 (compatible;)"
66.249.85.153 - - [04/Nov/2013:21:21:03 +0100] "GET / HTTP/1.1" 200 18377 "http://www.google.de/url?sa=t&rct=j&q=&esrc=s&source=web&cd=1&ved=0CFMQFjAG&url=http%3A%2F%2Fwww.straman.de%2F&ei=gwF4UoLMBsXXsQO2ew&usg=AFQjCNEpeUQQKOp_93iUUo8XSnpqrpjMzA" "Mozilla/4.0 (compatible; MSIE 7.0; Windows NT 5.1; .NET CLR 1.1.4322; .NET CLR 2.0.50727; .NET CLR 3.0.4506.2152; .NET CLR 3.5.30729; .NET4.0C; .NET4.0E)"
66.249.85.153 - - [04/Nov/2013:21:21:05 +0100] "GET /templates/system/css/general.css HTTP/1.1" 200 2777 "http://www.straman.de/" "Mozilla/4.0 (compatible; MSIE 7.0; Windows NT 5.1; .NET CLR 1.1.4322; .NET CLR 2.0.50727; .NET CLR 3.0.4506.2152; .NET CLR 3.5.30729; .NET4.0C; .NET4.0E)"
66.249.85.153 - - [04/Nov/2013:21:21:06 +0100] "GET /templates/system/css/system.css HTTP/1.1" 200 1385 "http://www.straman.de/" "Mozilla/4.0 (compatible; MSIE 7.0; Windows NT 5.1; .NET CLR 1.1.4322; .NET CLR 2.0.50727; .NET CLR 3.0.4506.2152; .NET CLR 3.5.30729; .NET4.0C; .NET4.0E)"
66.249.85.153 - - [04/Nov/2013:21:21:06 +0100] "GET /templates/gk_penguinmail/css/addons.css HTTP/1.1" 200 2644 "http://www.straman.de/" "Mozilla/4.0 (compatible; MSIE 7.0; Windows NT 5.1; .NET CLR 1.1.4322; .NET CLR 2.0.50727; .NET CLR 3.0.4506.2152; .NET CLR 3.5.30729; .NET4.0C; .NET4.0E)"
66.249.85.153 - - [04/Nov/2013:21:21:06 +0100] "GET /templates/gk_penguinmail/css/layout.css HTTP/1.1" 200 1684 "http://www.straman.de/" "Mozilla/4.0 (compatible; MSIE 7.0; Windows NT 5.1; .NET CLR 1.1.4322; .NET CLR 2.0.50727; .NET CLR 3.0.4506.2152; .NET CLR 3.5.30729; .NET4.0C; .NET4.0E)"
66.249.85.153 - - [04/Nov/2013:21:21:06 +0100] "GET /templates/gk_penguinmail/css/template.css HTTP/1.1" 200 9192 "http://www.straman.de/" "Mozilla/4.0 (compatible; MSIE 7.0; Windows NT 5.1; .NET CLR 1.1.4322; .NET CLR 2.0.50727; .NET CLR 3.0.4506.2152; .NET CLR 3.5.30729; .NET4.0C; .NET4.0E)"
66.249.85.153 - - [04/Nov/2013:21:21:06 +0100] "GET /templates/gk_penguinmail/css/joomla.css HTTP/1.1" 200 14242 "http://www.straman.de/" "Mozilla/4.0 (compatible; MSIE 7.0; Windows NT 5.1; .NET CLR 1.1.4322; .NET CLR 2.0.50727; .NET CLR 3.0.4506.2152; .NET CLR 3.5.30729; .NET4.0C; .NET4.0E)"
66.249.85.153 - - [04/Nov/2013:21:21:06 +0100] "GET /templates/gk_penguinmail/css/typo.css HTTP/1.1" 200 15356 "http://www.straman.de/" "Mozilla/4.0 (compatible; MSIE 7.0; Windows NT 5.1; .NET CLR 1.1.4322; .NET CLR 2.0.50727; .NET CLR 3.0.4506.2152; .NET CLR 3.5.30729; .NET4.0C; .NET4.0E)"
66.249.85.153 - - [04/Nov/2013:21:21:07 +0100] "GET /templates/gk_penguinmail/css/gk_stuff.css HTTP/1.1" 200 12799 "http://www.straman.de/" "Mozilla/4.0 (compatible; MSIE 7.0; Windows NT 5.1; .NET CLR 1.1.4322; .NET CLR 2.0.50727; .NET CLR 3.0.4506.2152; .NET CLR 3.5.30729; .NET4.0C; .NET4.0E)"
66.249.85.153 - - [04/Nov/2013:21:21:07 +0100] "GET /templates/gk_penguinmail/css/css3_style3.css HTTP/1.1" 200 2980 "http://www.straman.de/" "Mozilla/4.0 (compatible; MSIE 7.0; Windows NT 5.1; .NET CLR 1.1.4322; .NET CLR 2.0.50727; .NET CLR 3.0.4506.2152; .NET CLR 3.5.30729; .NET4.0C; .NET4.0E)"
66.249.85.153 - - [04/Nov/2013:21:21:07 +0100] "GET /templates/gk_penguinmail/css/style3.css HTTP/1.1" 200 13892 "http://www.straman.de/" "Mozilla/4.0 (compatible; MSIE 7.0; Windows NT 5.1; .NET CLR 1.1.4322; .NET CLR 2.0.50727; .NET CLR 3.0.4506.2152; .NET CLR 3.5.30729; .NET4.0C; .NET4.0E)"
66.249.85.153 - - [04/Nov/2013:21:21:07 +0100] "GET /templates/gk_penguinmail/css/override.css HTTP/1.1" 200 3916 "http://www.straman.de/" "Mozilla/4.0 (compatible; MSIE 7.0; Windows NT 5.1; .NET CLR 1.1.4322; .NET CLR 2.0.50727; .NET CLR 3.0.4506.2152; .NET CLR 3.5.30729; .NET4.0C; .NET4.0E)"
66.249.85.153 - - [04/Nov/2013:21:21:07 +0100] "GET /media/system/js/mootools.js HTTP/1.1" 200 74434 "http://www.straman.de/" "Mozilla/4.0 (compatible; MSIE 7.0; Windows NT 5.1; .NET CLR 1.1.4322; .NET CLR 2.0.50727; .NET CLR 3.0.4506.2152; .NET CLR 3.5.30729; .NET4.0C; .NET4.0E)"
66.249.85.153 - - [04/Nov/2013:21:21:09 +0100] "GET /templates/gk_penguinmail/js/domready_fix.js HTTP/1.1" 200 1340 "http://www.straman.de/" "Mozilla/4.0 (compatible; MSIE 7.0; Windows NT 5.1; .NET CLR 1.1.4322; .NET CLR 2.0.50727; .NET CLR 3.0.4506.2152; .NET CLR 3.5.30729; .NET4.0C; .NET4.0E)"
66.249.85.153 - - [04/Nov/2013:21:21:09 +0100] "GET /media/system/js/caption.js HTTP/1.1" 200 1963 "http://www.straman.de/" "Mozilla/4.0 (compatible; MSIE 7.0; Windows NT 5.1; .NET CLR 1.1.4322; .NET CLR 2.0.50727; .NET CLR 3.0.4506.2152; .NET CLR 3.5.30729; .NET4.0C; .NET4.0E)"
66.249.85.153 - - [04/Nov/2013:21:21:09 +0100] "GET /templates/gk_penguinmail/js/gk.script.js HTTP/1.1" 200 4585 "http://www.straman.de/" "Mozilla/4.0 (compatible; MSIE 7.0; Windows NT 5.1; .NET CLR 1.1.4322; .NET CLR 2.0.50727; .NET CLR 3.0.4506.2152; .NET CLR 3.5.30729; .NET4.0C; .NET4.0E)"
66.249.85.153 - - [04/Nov/2013:21:21:09 +0100] "GET /templates/gk_penguinmail/css/ie.css HTTP/1.1" 200 1973 "http://www.straman.de/" "Mozilla/4.0 (compatible; MSIE 7.0; Windows NT 5.1; .NET CLR 1.1.4322; .NET CLR 2.0.50727; .NET CLR 3.0.4506.2152; .NET CLR 3.5.30729; .NET4.0C; .NET4.0E)"
66.249.85.153 - - [04/Nov/2013:21:21:10 +0100] "GET /templates/gk_penguinmail/css/menu/mega.css HTTP/1.1" 200 4575 "http://www.straman.de/" "Mozilla/4.0 (compatible; MSIE 7.0; Windows NT 5.1; .NET CLR 1.1.4322; .NET CLR 2.0.50727; .NET CLR 3.0.4506.2152; .NET CLR 3.5.30729; .NET4.0C; .NET4.0E)"
66.249.85.153 - - [04/Nov/2013:21:21:10 +0100] "GET /templates/gk_penguinmail/js/menu/mega.js HTTP/1.1" 200 12974 "http://www.straman.de/" "Mozilla/4.0 (compatible; MSIE 7.0; Windows NT 5.1; .NET CLR 1.1.4322; .NET CLR 2.0.50727; .NET CLR 3.0.4506.2152; .NET CLR 3.5.30729; .NET4.0C; .NET4.0E)"
66.249.85.153 - - [04/Nov/2013:21:21:10 +0100] "GET /templates/gk_penguinmail/fonts/PT-Seans/stylesheet.css HTTP/1.1" 200 2445 "http://www.straman.de/" "Mozilla/4.0 (compatible; MSIE 7.0; Windows NT 5.1; .NET CLR 1.1.4322; .NET CLR 2.0.50727; .NET CLR 3.0.4506.2152; .NET CLR 3.5.30729; .NET4.0C; .NET4.0E)"
66.249.85.153 - - [04/Nov/2013:21:21:11 +0100] "GET /templates/gk_penguinmail/images/style3/glow.jpg HTTP/1.1" 200 18301 "http://www.straman.de/" "Mozilla/4.0 (compatible; MSIE 7.0; Windows NT 5.1; .NET CLR 1.1.4322; .NET CLR 2.0.50727; .NET CLR 3.0.4506.2152; .NET CLR 3.5.30729; .NET4.0C; .NET4.0E)"
66.249.85.153 - - [04/Nov/2013:21:21:11 +0100] "GET /templates/gk_penguinmail/images/style3/menu_sprite.png HTTP/1.1" 200 450 "http://www.straman.de/" "Mozilla/4.0 (compatible; MSIE 7.0; Windows NT 5.1; .NET CLR 1.1.4322; .NET CLR 2.0.50727; .NET CLR 3.0.4506.2152; .NET CLR 3.5.30729; .NET4.0C; .NET4.0E)"
