77.12.37.214 - - [08/Nov/2013:00:28:23 +0100] "GET /templates/gk_penguinmail/js/gk.script.js HTTP/1.1" 200 4585 "http://www.straman.de/" "Mozilla/5.0 (Windows NT 6.1) AppleWebKit/537.36 (KHTML, like Gecko) Chrome/30.0.1599.101 Safari/537.36"
77.12.37.214 - - [08/Nov/2013:00:28:23 +0100] "GET /templates/gk_penguinmail/js/menu/mega.js HTTP/1.1" 200 12974 "http://www.straman.de/" "Mozilla/5.0 (Windows NT 6.1) AppleWebKit/537.36 (KHTML, like Gecko) Chrome/30.0.1599.101 Safari/537.36"
77.12.37.214 - - [08/Nov/2013:00:28:23 +0100] "GET /media/system/js/mootools.js HTTP/1.1" 200 74434 "http://www.straman.de/" "Mozilla/5.0 (Windows NT 6.1) AppleWebKit/537.36 (KHTML, like Gecko) Chrome/30.0.1599.101 Safari/537.36"
77.12.37.214 - - [08/Nov/2013:00:28:23 +0100] "GET /images/header_index_980x185.png HTTP/1.1" 200 211631 "http://www.straman.de/" "Mozilla/5.0 (Windows NT 6.1) AppleWebKit/537.36 (KHTML, like Gecko) Chrome/30.0.1599.101 Safari/537.36"
77.12.37.214 - - [08/Nov/2013:00:28:23 +0100] "GET /images/kontaktformular.jpg HTTP/1.1" 200 42791 "http://www.straman.de/" "Mozilla/5.0 (Windows NT 6.1) AppleWebKit/537.36 (KHTML, like Gecko) Chrome/30.0.1599.101 Safari/537.36"
77.12.37.214 - - [08/Nov/2013:00:28:23 +0100] "GET /templates/gk_penguinmail/images/style3/menu_sprite.png HTTP/1.1" 200 450 "http://www.straman.de/" "Mozilla/5.0 (Windows NT 6.1) AppleWebKit/537.36 (KHTML, like Gecko) Chrome/30.0.1599.101 Safari/537.36"
77.12.37.214 - - [08/Nov/2013:00:28:23 +0100] "GET /templates/gk_penguinmail/images/style3/glow.jpg HTTP/1.1" 200 18301 "http://www.straman.de/" "Mozilla/5.0 (Windows NT 6.1) AppleWebKit/537.36 (KHTML, like Gecko) Chrome/30.0.1599.101 Safari/537.36"
77.12.37.214 - - [08/Nov/2013:00:28:24 +0100] "GET /templates/gk_penguinmail/images/logo.png HTTP/1.1" 200 6608 "http://www.straman.de/" "Mozilla/5.0 (Windows NT 6.1) AppleWebKit/537.36 (KHTML, like Gecko) Chrome/30.0.1599.101 Safari/537.36"
77.12.37.214 - - [08/Nov/2013:00:28:24 +0100] "GET /templates/gk_penguinmail/images/menu_sprite.png HTTP/1.1" 404 2467 "http://www.straman.de/" "Mozilla/5.0 (Windows NT 6.1) AppleWebKit/537.36 (KHTML, like Gecko) Chrome/30.0.1599.101 Safari/537.36"
77.12.37.214 - - [08/Nov/2013:00:28:29 +0100] "GET /templates/gk_penguinmail/favicon.ico HTTP/1.1" 200 5686 "-" "Mozilla/5.0 (Windows NT 6.1) AppleWebKit/537.36 (KHTML, like Gecko) Chrome/30.0.1599.101 Safari/537.36"
66.249.78.60 - - [08/Nov/2013:00:30:45 +0100] "GET /unternehmen/impressum/58.html HTTP/1.1" 200 19070 "-" "Mozilla/5.0 (compatible; Googlebot/2.1; +http://www.google.com/bot.html)"
93.219.141.109 - - [08/Nov/2013:00:35:39 +0100] "GET /servicebereiche/uebersichtgebaeudemanagement/infrastr-gebaeudemanagement/58.html HTTP/1.1" 200 19495 "-" "Mozilla/5.0 (Windows; U; Windows NT 6.0; de; rv:1.9.2.3) Gecko/20100401 Firefox/3.6.3 ( .NET CLR 3.5.30729)"
92.78.43.115 - - [08/Nov/2013:00:35:44 +0100] "GET / HTTP/1.1" 200 18407 "http://www.google.de/aclk?sa=L&ai=CZsfoXyJ8Uqf1Mc30wQPOmoDYCOmv--cFmdy5goMBmuH3CwgDEAIgtlQoAlDz5ISI-_____8BYJX68IGMB8gBAakCLyG6NkiHtj6qBCZP0LlRvba2JJuBpomzbld2Co4ahuGSkHDrVgdoKov8YCO9TFLztIAFkE6AB5mN80GQBwM&sig=AOD64_2dudB5VusuclxpoApbgD2Z6YC--A&rct=j&q=lightning+broom+dienstleistungen&ved=0CIABENEM&adurl=http://www.straman.de" "Mozilla/5.0 (Windows NT 6.1; WOW64; rv:25.0) Gecko/20100101 Firefox/25.0"
92.78.43.115 - - [08/Nov/2013:00:35:44 +0100] "GET /templates/system/css/system.css HTTP/1.1" 200 1385 "http://www.straman.de/" "Mozilla/5.0 (Windows NT 6.1; WOW64; rv:25.0) Gecko/20100101 Firefox/25.0"
92.78.43.115 - - [08/Nov/2013:00:35:44 +0100] "GET /templates/system/css/general.css HTTP/1.1" 200 2777 "http://www.straman.de/" "Mozilla/5.0 (Windows NT 6.1; WOW64; rv:25.0) Gecko/20100101 Firefox/25.0"
92.78.43.115 - - [08/Nov/2013:00:35:44 +0100] "GET /templates/gk_penguinmail/css/addons.css HTTP/1.1" 200 2644 "http://www.straman.de/" "Mozilla/5.0 (Windows NT 6.1; WOW64; rv:25.0) Gecko/20100101 Firefox/25.0"
92.78.43.115 - - [08/Nov/2013:00:35:44 +0100] "GET /templates/gk_penguinmail/css/layout.css HTTP/1.1" 200 1684 "http://www.straman.de/" "Mozilla/5.0 (Windows NT 6.1; WOW64; rv:25.0) Gecko/20100101 Firefox/25.0"
92.78.43.115 - - [08/Nov/2013:00:35:44 +0100] "GET /templates/gk_penguinmail/css/template.css HTTP/1.1" 200 9192 "http://www.straman.de/" "Mozilla/5.0 (Windows NT 6.1; WOW64; rv:25.0) Gecko/20100101 Firefox/25.0"
92.78.43.115 - - [08/Nov/2013:00:35:44 +0100] "GET /templates/gk_penguinmail/css/joomla.css HTTP/1.1" 200 14242 "http://www.straman.de/" "Mozilla/5.0 (Windows NT 6.1; WOW64; rv:25.0) Gecko/20100101 Firefox/25.0"
92.78.43.115 - - [08/Nov/2013:00:35:44 +0100] "GET /templates/gk_penguinmail/css/gk_stuff.css HTTP/1.1" 200 12799 "http://www.straman.de/" "Mozilla/5.0 (Windows NT 6.1; WOW64; rv:25.0) Gecko/20100101 Firefox/25.0"
92.78.43.115 - - [08/Nov/2013:00:35:44 +0100] "GET /templates/gk_penguinmail/css/typo.css HTTP/1.1" 200 15356 "http://www.straman.de/" "Mozilla/5.0 (Windows NT 6.1; WOW64; rv:25.0) Gecko/20100101 Firefox/25.0"
92.78.43.115 - - [08/Nov/2013:00:35:44 +0100] "GET /templates/gk_penguinmail/css/css3_style3.css HTTP/1.1" 200 2980 "http://www.straman.de/" "Mozilla/5.0 (Windows NT 6.1; WOW64; rv:25.0) Gecko/20100101 Firefox/25.0"
92.78.43.115 - - [08/Nov/2013:00:35:44 +0100] "GET /templates/gk_penguinmail/css/style3.css HTTP/1.1" 200 13892 "http://www.straman.de/" "Mozilla/5.0 (Windows NT 6.1; WOW64; rv:25.0) Gecko/20100101 Firefox/25.0"
92.78.43.115 - - [08/Nov/2013:00:35:44 +0100] "GET /templates/gk_penguinmail/css/override.css HTTP/1.1" 200 3916 "http://www.straman.de/" "Mozilla/5.0 (Windows NT 6.1; WOW64; rv:25.0) Gecko/20100101 Firefox/25.0"
92.78.43.115 - - [08/Nov/2013:00:35:44 +0100] "GET /templates/gk_penguinmail/js/domready_fix.js HTTP/1.1" 200 1340 "http://www.straman.de/" "Mozilla/5.0 (Windows NT 6.1; WOW64; rv:25.0) Gecko/20100101 Firefox/25.0"
92.78.43.115 - - [08/Nov/2013:00:35:44 +0100] "GET /media/system/js/caption.js HTTP/1.1" 200 1963 "http://www.straman.de/" "Mozilla/5.0 (Windows NT 6.1; WOW64; rv:25.0) Gecko/20100101 Firefox/25.0"
92.78.43.115 - - [08/Nov/2013:00:35:44 +0100] "GET /templates/gk_penguinmail/css/menu/mega.css HTTP/1.1" 200 4575 "http://www.straman.de/" "Mozilla/5.0 (Windows NT 6.1; WOW64; rv:25.0) Gecko/20100101 Firefox/25.0"
92.78.43.115 - - [08/Nov/2013:00:35:44 +0100] "GET /templates/gk_penguinmail/js/gk.script.js HTTP/1.1" 200 4585 "http://www.straman.de/" "Mozilla/5.0 (Windows NT 6.1; WOW64; rv:25.0) Gecko/20100101 Firefox/25.0"
92.78.43.115 - - [08/Nov/2013:00:35:44 +0100] "GET /templates/gk_penguinmail/js/menu/mega.js HTTP/1.1" 200 12974 "http://www.straman.de/" "Mozilla/5.0 (Windows NT 6.1; WOW64; rv:25.0) Gecko/20100101 Firefox/25.0"
92.78.43.115 - - [08/Nov/2013:00:35:44 +0100] "GET /templates/gk_penguinmail/fonts/PT-Seans/stylesheet.css HTTP/1.1" 200 2445 "http://www.straman.de/" "Mozilla/5.0 (Windows NT 6.1; WOW64; rv:25.0) Gecko/20100101 Firefox/25.0"
92.78.43.115 - - [08/Nov/2013:00:35:44 +0100] "GET /templates/gk_penguinmail/favicon.ico HTTP/1.1" 200 5686 "-" "Mozilla/5.0 (Windows NT 6.1; WOW64; rv:25.0) Gecko/20100101 Firefox/25.0"
92.78.43.115 - - [08/Nov/2013:00:35:44 +0100] "GET /media/system/js/mootools.js HTTP/1.1" 200 74434 "http://www.straman.de/" "Mozilla/5.0 (Windows NT 6.1; WOW64; rv:25.0) Gecko/20100101 Firefox/25.0"
92.78.43.115 - - [08/Nov/2013:00:35:44 +0100] "GET /images/kontaktformular.jpg HTTP/1.1" 200 42791 "http://www.straman.de/" "Mozilla/5.0 (Windows NT 6.1; WOW64; rv:25.0) Gecko/20100101 Firefox/25.0"
92.78.43.115 - - [08/Nov/2013:00:35:44 +0100] "GET /templates/gk_penguinmail/images/style3/glow.jpg HTTP/1.1" 200 18301 "http://www.straman.de/templates/gk_penguinmail/css/style3.css" "Mozilla/5.0 (Windows NT 6.1; WOW64; rv:25.0) Gecko/20100101 Firefox/25.0"
92.78.43.115 - - [08/Nov/2013:00:35:44 +0100] "GET /templates/gk_penguinmail/images/style3/menu_sprite.png HTTP/1.1" 200 450 "http://www.straman.de/templates/gk_penguinmail/css/override.css" "Mozilla/5.0 (Windows NT 6.1; WOW64; rv:25.0) Gecko/20100101 Firefox/25.0"
92.78.43.115 - - [08/Nov/2013:00:35:44 +0100] "GET /images/header_index_980x185.png HTTP/1.1" 200 211631 "http://www.straman.de/" "Mozilla/5.0 (Windows NT 6.1; WOW64; rv:25.0) Gecko/20100101 Firefox/25.0"
92.78.43.115 - - [08/Nov/2013:00:35:46 +0100] "GET /templates/gk_penguinmail/images/menu_sprite.png HTTP/1.1" 404 2467 "http://www.straman.de/templates/gk_penguinmail/css/override.css" "Mozilla/5.0 (Windows NT 6.1; WOW64; rv:25.0) Gecko/20100101 Firefox/25.0"
92.78.43.115 - - [08/Nov/2013:00:36:14 +0100] "GET /servicebereiche/strassenreinigung.html HTTP/1.1" 200 20851 "http://www.straman.de/" "Mozilla/5.0 (Windows NT 6.1; WOW64; rv:25.0) Gecko/20100101 Firefox/25.0"
92.78.43.115 - - [08/Nov/2013:00:36:15 +0100] "GET /templates/gk_penguinmail/css/template_unterseiten.css HTTP/1.1" 200 115 "http://www.straman.de/servicebereiche/strassenreinigung.html" "Mozilla/5.0 (Windows NT 6.1; WOW64; rv:25.0) Gecko/20100101 Firefox/25.0"
92.78.43.115 - - [08/Nov/2013:00:36:15 +0100] "GET /images/header_orange.png HTTP/1.1" 200 36919 "http://www.straman.de/servicebereiche/strassenreinigung.html" "Mozilla/5.0 (Windows NT 6.1; WOW64; rv:25.0) Gecko/20100101 Firefox/25.0"
92.78.43.115 - - [08/Nov/2013:00:36:15 +0100] "GET /templates/gk_penguinmail/images/emailButton.png HTTP/1.1" 200 365 "http://www.straman.de/servicebereiche/strassenreinigung.html" "Mozilla/5.0 (Windows NT 6.1; WOW64; rv:25.0) Gecko/20100101 Firefox/25.0"
92.78.43.115 - - [08/Nov/2013:00:36:15 +0100] "GET /templates/gk_penguinmail/images/printButton.png HTTP/1.1" 200 442 "http://www.straman.de/servicebereiche/strassenreinigung.html" "Mozilla/5.0 (Windows NT 6.1; WOW64; rv:25.0) Gecko/20100101 Firefox/25.0"
92.78.43.115 - - [08/Nov/2013:00:36:15 +0100] "GET /templates/gk_penguinmail/images/style3/typography/bullet_squ1_color.png HTTP/1.1" 200 149 "http://www.straman.de/templates/gk_penguinmail/css/style3.css" "Mozilla/5.0 (Windows NT 6.1; WOW64; rv:25.0) Gecko/20100101 Firefox/25.0"
92.78.43.115 - - [08/Nov/2013:00:36:15 +0100] "GET /templates/gk_penguinmail/images/toolsFont.png HTTP/1.1" 200 467 "http://www.straman.de/templates/gk_penguinmail/css/template.css" "Mozilla/5.0 (Windows NT 6.1; WOW64; rv:25.0) Gecko/20100101 Firefox/25.0"
92.78.43.115 - - [08/Nov/2013:00:36:15 +0100] "GET /templates/gk_penguinmail/images/menu_sprite.png HTTP/1.1" 404 2467 "http://www.straman.de/templates/gk_penguinmail/css/override.css" "Mozilla/5.0 (Windows NT 6.1; WOW64; rv:25.0) Gecko/20100101 Firefox/25.0"
92.78.43.115 - - [08/Nov/2013:00:36:15 +0100] "GET /images/strarein_001.jpg HTTP/1.1" 200 180942 "http://www.straman.de/servicebereiche/strassenreinigung.html" "Mozilla/5.0 (Windows NT 6.1; WOW64; rv:25.0) Gecko/20100101 Firefox/25.0"
92.78.43.115 - - [08/Nov/2013:00:36:15 +0100] "GET /images/strarein_002.jpg HTTP/1.1" 200 195679 "http://www.straman.de/servicebereiche/strassenreinigung.html" "Mozilla/5.0 (Windows NT 6.1; WOW64; rv:25.0) Gecko/20100101 Firefox/25.0"
92.78.43.115 - - [08/Nov/2013:00:36:46 +0100] "GET /unternehmen/jobs.html HTTP/1.1" 200 22581 "http://www.straman.de/servicebereiche/strassenreinigung.html" "Mozilla/5.0 (Windows NT 6.1; WOW64; rv:25.0) Gecko/20100101 Firefox/25.0"
92.78.43.115 - - [08/Nov/2013:00:36:46 +0100] "GET /images/header3.png HTTP/1.1" 200 29760 "http://www.straman.de/unternehmen/jobs.html" "Mozilla/5.0 (Windows NT 6.1; WOW64; rv:25.0) Gecko/20100101 Firefox/25.0"
92.78.43.115 - - [08/Nov/2013:00:36:47 +0100] "GET /templates/gk_penguinmail/images/menu_sprite.png HTTP/1.1" 404 2467 "http://www.straman.de/templates/gk_penguinmail/css/override.css" "Mozilla/5.0 (Windows NT 6.1; WOW64; rv:25.0) Gecko/20100101 Firefox/25.0"
141.8.147.12 - - [08/Nov/2013:00:45:24 +0100] "GET / HTTP/1.1" 200 18411 "-" "Mozilla/5.0 (compatible; YandexBot/3.0; +http://yandex.com/bots)"
93.219.141.109 - - [08/Nov/2013:00:47:22 +0100] "GET /unternehmen/partner/58.html HTTP/1.1" 200 19056 "-" "Mozilla/5.0 (Windows; U; Windows NT 6.0; de; rv:1.9.2.3) Gecko/20100401 Firefox/3.6.3 ( .NET CLR 3.5.30729)"
93.219.141.109 - - [08/Nov/2013:00:54:23 +0100] "GET /servicebereiche/gruenanlagenpflege/58.html HTTP/1.1" 200 19136 "-" "Mozilla/5.0 (Windows; U; Windows NT 6.0; de; rv:1.9.2.3) Gecko/20100401 Firefox/3.6.3 ( .NET CLR 3.5.30729)"
93.219.141.109 - - [08/Nov/2013:00:58:32 +0100] "GET /component/mailto/?tmpl=component&link=97f89dec8d3a90a06eaee75083ae45b303687cff HTTP/1.1" 200 2687 "-" "Mozilla/5.0 (Windows; U; Windows NT 6.0; de; rv:1.9.2.3) Gecko/20100401 Firefox/3.6.3 ( .NET CLR 3.5.30729)"
91.61.80.68 - - [08/Nov/2013:01:08:26 +0100] "GET /unternehmen/jobs.html HTTP/1.1" 200 22581 "-" "Mozilla/5.0 (Windows NT 6.1; Win64; x64; rv:22.0) Gecko/20130328 Firefox/22.0"
66.249.78.60 - - [08/Nov/2013:01:10:55 +0100] "GET /news/64-internetseite-relaunched.html HTTP/1.1" 200 18336 "-" "Mozilla/5.0 (compatible; Googlebot/2.1; +http://www.google.com/bot.html)"
93.219.141.109 - - [08/Nov/2013:01:15:17 +0100] "GET /servicebereiche/winterdienst/gewerbliche-kunden/58.html HTTP/1.1" 200 19169 "-" "Mozilla/5.0 (Windows; U; Windows NT 6.0; de; rv:1.9.2.3) Gecko/20100401 Firefox/3.6.3 ( .NET CLR 3.5.30729)"
66.249.78.60 - - [08/Nov/2013:01:22:49 +0100] "GET /news/67-video.html HTTP/1.1" 200 18157 "-" "Mozilla/5.0 (compatible; Googlebot/2.1; +http://www.google.com/bot.html)"
157.55.35.98 - - [08/Nov/2013:01:25:34 +0100] "GET /robots.txt HTTP/1.1" 200 304 "-" "Mozilla/5.0 (compatible; bingbot/2.0; +http://www.bing.com/bingbot.htm)"
66.249.78.60 - - [08/Nov/2013:01:26:23 +0100] "GET /servicebereiche/gruenanlagenpflege/privatgartenpflege/58.html HTTP/1.1" 200 19219 "-" "Mozilla/5.0 (compatible; Googlebot/2.1; +http://www.google.com/bot.html)"
93.219.141.109 - - [08/Nov/2013:01:27:33 +0100] "GET /servicebereiche/uebersichtgebaeudemanagement/gebaeudemanagement/58.html HTTP/1.1" 200 19456 "-" "Mozilla/5.0 (Windows; U; Windows NT 6.0; de; rv:1.9.2.3) Gecko/20100401 Firefox/3.6.3 ( .NET CLR 3.5.30729)"
66.249.78.60 - - [08/Nov/2013:01:29:28 +0100] "GET /servicebereiche/uebersichtgebaeudemanagement/58.html HTTP/1.1" 200 18973 "-" "Mozilla/5.0 (compatible; Googlebot/2.1; +http://www.google.com/bot.html)"
66.249.78.60 - - [08/Nov/2013:01:30:21 +0100] "GET /news/78-todt.html HTTP/1.1" 200 19294 "-" "Mozilla/5.0 (compatible; Googlebot/2.1; +http://www.google.com/bot.html)"
93.219.141.109 - - [08/Nov/2013:01:33:13 +0100] "GET /servicebereiche/winterdienst/privatkunden/58.html HTTP/1.1" 200 19139 "-" "Mozilla/5.0 (Windows; U; Windows NT 6.0; de; rv:1.9.2.3) Gecko/20100401 Firefox/3.6.3 ( .NET CLR 3.5.30729)"
93.219.141.109 - - [08/Nov/2013:01:34:36 +0100] "GET /servicebereiche/gruenanlagenpflege/privatgartenpflege/58.html HTTP/1.1" 200 19215 "-" "Mozilla/5.0 (Windows; U; Windows NT 6.0; de; rv:1.9.2.3) Gecko/20100401 Firefox/3.6.3 ( .NET CLR 3.5.30729)"
93.219.141.109 - - [08/Nov/2013:01:39:32 +0100] "GET /downloadbereich/58.html HTTP/1.1" 200 18856 "-" "Mozilla/5.0 (Windows; U; Windows NT 6.0; de; rv:1.9.2.3) Gecko/20100401 Firefox/3.6.3 ( .NET CLR 3.5.30729)"
93.219.141.109 - - [08/Nov/2013:01:47:14 +0100] "GET /component/forme/?fid=2 HTTP/1.1" 200 21131 "-" "Mozilla/5.0 (Windows; U; Windows NT 6.0; de; rv:1.9.2.3) Gecko/20100401 Firefox/3.6.3 ( .NET CLR 3.5.30729)"
157.55.35.98 - - [08/Nov/2013:01:47:51 +0100] "GET / HTTP/1.1" 200 18411 "-" "Mozilla/5.0 (compatible; bingbot/2.0; +http://www.bing.com/bingbot.htm)"
93.219.141.109 - - [08/Nov/2013:01:48:26 +0100] "GET /servicebereiche/winterdienst/58.html HTTP/1.1" 200 19059 "-" "Mozilla/5.0 (Windows; U; Windows NT 6.0; de; rv:1.9.2.3) Gecko/20100401 Firefox/3.6.3 ( .NET CLR 3.5.30729)"
93.219.141.109 - - [08/Nov/2013:01:51:24 +0100] "GET /unternehmen/jobs/58.html HTTP/1.1" 200 19041 "-" "Mozilla/5.0 (Windows; U; Windows NT 6.0; de; rv:1.9.2.3) Gecko/20100401 Firefox/3.6.3 ( .NET CLR 3.5.30729)"
93.219.141.109 - - [08/Nov/2013:01:54:53 +0100] "GET /servicebereiche/strassenreinigung/58.html HTTP/1.1" 200 19121 "-" "Mozilla/5.0 (Windows; U; Windows NT 6.0; de; rv:1.9.2.3) Gecko/20100401 Firefox/3.6.3 ( .NET CLR 3.5.30729)"
93.219.141.109 - - [08/Nov/2013:01:59:28 +0100] "GET /unternehmen/standorte/58.html HTTP/1.1" 200 19066 "-" "Mozilla/5.0 (Windows; U; Windows NT 6.0; de; rv:1.9.2.3) Gecko/20100401 Firefox/3.6.3 ( .NET CLR 3.5.30729)"
194.6.239.30 - - [08/Nov/2013:02:01:08 +0100] "GET / HTTP/1.1" 200 18377 "http://www.google.de/aclk?sa=L&ai=CfCdshjd8Uuu0BrCW0wXGlIC4BOmv--cF8Ya5goMBr9nIEQgAEAIoA1Dz5ISI-_____8BYJWCgICQB8gBAakCLyG6NkiHtj6qBCZP0LPa2hfLTjNcibniIZSwb26bIYy9L-NaKBjj74K2ww-z-KZnToAHmY3zQZAHAw&sig=AOD64_3kKR0jrHKgVihCsKpkCRs0UAfGaA&rct=j&frm=1&q=hausmeisterstellen+im+%C3%B6ffentlichen+dienst&ved=0CDUQ0Qw&adurl=http://www.straman.de" "Mozilla/5.0 (compatible; MSIE 10.0; Windows NT 6.1; Trident/6.0)"
194.6.239.30 - - [08/Nov/2013:02:01:09 +0100] "GET /templates/system/css/system.css HTTP/1.1" 200 1385 "http://www.straman.de/" "Mozilla/5.0 (compatible; MSIE 10.0; Windows NT 6.1; Trident/6.0)"
194.6.239.30 - - [08/Nov/2013:02:01:09 +0100] "GET /templates/system/css/general.css HTTP/1.1" 200 2777 "http://www.straman.de/" "Mozilla/5.0 (compatible; MSIE 10.0; Windows NT 6.1; Trident/6.0)"
194.6.239.30 - - [08/Nov/2013:02:01:09 +0100] "GET /templates/gk_penguinmail/css/layout.css HTTP/1.1" 200 1684 "http://www.straman.de/" "Mozilla/5.0 (compatible; MSIE 10.0; Windows NT 6.1; Trident/6.0)"
194.6.239.30 - - [08/Nov/2013:02:01:09 +0100] "GET /templates/gk_penguinmail/css/addons.css HTTP/1.1" 200 2644 "http://www.straman.de/" "Mozilla/5.0 (compatible; MSIE 10.0; Windows NT 6.1; Trident/6.0)"
194.6.239.30 - - [08/Nov/2013:02:01:09 +0100] "GET /templates/gk_penguinmail/css/template.css HTTP/1.1" 200 9192 "http://www.straman.de/" "Mozilla/5.0 (compatible; MSIE 10.0; Windows NT 6.1; Trident/6.0)"
194.6.239.30 - - [08/Nov/2013:02:01:09 +0100] "GET /templates/gk_penguinmail/css/joomla.css HTTP/1.1" 200 14242 "http://www.straman.de/" "Mozilla/5.0 (compatible; MSIE 10.0; Windows NT 6.1; Trident/6.0)"
194.6.239.30 - - [08/Nov/2013:02:01:09 +0100] "GET /templates/gk_penguinmail/css/gk_stuff.css HTTP/1.1" 200 12799 "http://www.straman.de/" "Mozilla/5.0 (compatible; MSIE 10.0; Windows NT 6.1; Trident/6.0)"
194.6.239.30 - - [08/Nov/2013:02:01:09 +0100] "GET /templates/gk_penguinmail/css/typo.css HTTP/1.1" 200 15356 "http://www.straman.de/" "Mozilla/5.0 (compatible; MSIE 10.0; Windows NT 6.1; Trident/6.0)"
194.6.239.30 - - [08/Nov/2013:02:01:09 +0100] "GET /templates/gk_penguinmail/css/css3_style3.css HTTP/1.1" 200 2980 "http://www.straman.de/" "Mozilla/5.0 (compatible; MSIE 10.0; Windows NT 6.1; Trident/6.0)"
194.6.239.30 - - [08/Nov/2013:02:01:09 +0100] "GET /templates/gk_penguinmail/css/style3.css HTTP/1.1" 200 13892 "http://www.straman.de/" "Mozilla/5.0 (compatible; MSIE 10.0; Windows NT 6.1; Trident/6.0)"
194.6.239.30 - - [08/Nov/2013:02:01:09 +0100] "GET /templates/gk_penguinmail/css/override.css HTTP/1.1" 200 3916 "http://www.straman.de/" "Mozilla/5.0 (compatible; MSIE 10.0; Windows NT 6.1; Trident/6.0)"
194.6.239.30 - - [08/Nov/2013:02:01:09 +0100] "GET /templates/gk_penguinmail/js/domready_fix.js HTTP/1.1" 200 1340 "http://www.straman.de/" "Mozilla/5.0 (compatible; MSIE 10.0; Windows NT 6.1; Trident/6.0)"
194.6.239.30 - - [08/Nov/2013:02:01:09 +0100] "GET /media/system/js/caption.js HTTP/1.1" 200 1963 "http://www.straman.de/" "Mozilla/5.0 (compatible; MSIE 10.0; Windows NT 6.1; Trident/6.0)"
194.6.239.30 - - [08/Nov/2013:02:01:09 +0100] "GET /templates/gk_penguinmail/js/gk.script.js HTTP/1.1" 200 4585 "http://www.straman.de/" "Mozilla/5.0 (compatible; MSIE 10.0; Windows NT 6.1; Trident/6.0)"
194.6.239.30 - - [08/Nov/2013:02:01:09 +0100] "GET /templates/gk_penguinmail/css/menu/mega.css HTTP/1.1" 200 4575 "http://www.straman.de/" "Mozilla/5.0 (compatible; MSIE 10.0; Windows NT 6.1; Trident/6.0)"
194.6.239.30 - - [08/Nov/2013:02:01:09 +0100] "GET /templates/gk_penguinmail/js/menu/mega.js HTTP/1.1" 200 12974 "http://www.straman.de/" "Mozilla/5.0 (compatible; MSIE 10.0; Windows NT 6.1; Trident/6.0)"
194.6.239.30 - - [08/Nov/2013:02:01:09 +0100] "GET /templates/gk_penguinmail/fonts/PT-Seans/stylesheet.css HTTP/1.1" 200 2445 "http://www.straman.de/" "Mozilla/5.0 (compatible; MSIE 10.0; Windows NT 6.1; Trident/6.0)"
194.6.239.30 - - [08/Nov/2013:02:01:09 +0100] "GET /media/system/js/mootools.js HTTP/1.1" 200 74434 "http://www.straman.de/" "Mozilla/5.0 (compatible; MSIE 10.0; Windows NT 6.1; Trident/6.0)"
194.6.239.30 - - [08/Nov/2013:02:01:09 +0100] "GET /images/kontaktformular.jpg HTTP/1.1" 200 42791 "http://www.straman.de/" "Mozilla/5.0 (compatible; MSIE 10.0; Windows NT 6.1; Trident/6.0)"
194.6.239.30 - - [08/Nov/2013:02:01:09 +0100] "GET /templates/gk_penguinmail/images/style3/menu_sprite.png HTTP/1.1" 200 450 "http://www.straman.de/" "Mozilla/5.0 (compatible; MSIE 10.0; Windows NT 6.1; Trident/6.0)"
194.6.239.30 - - [08/Nov/2013:02:01:09 +0100] "GET /templates/gk_penguinmail/images/style3/glow.jpg HTTP/1.1" 200 18301 "http://www.straman.de/" "Mozilla/5.0 (compatible; MSIE 10.0; Windows NT 6.1; Trident/6.0)"
194.6.239.30 - - [08/Nov/2013:02:01:09 +0100] "GET /templates/gk_penguinmail/images/logo.png HTTP/1.1" 200 6608 "http://www.straman.de/" "Mozilla/5.0 (compatible; MSIE 10.0; Windows NT 6.1; Trident/6.0)"
194.6.239.30 - - [08/Nov/2013:02:01:09 +0100] "GET /images/header_index_980x185.png HTTP/1.1" 200 211631 "http://www.straman.de/" "Mozilla/5.0 (compatible; MSIE 10.0; Windows NT 6.1; Trident/6.0)"
194.6.239.30 - - [08/Nov/2013:02:01:09 +0100] "GET /templates/gk_penguinmail/images/menu_sprite.png HTTP/1.1" 404 2467 "http://www.straman.de/" "Mozilla/5.0 (compatible; MSIE 10.0; Windows NT 6.1; Trident/6.0)"
194.6.239.30 - - [08/Nov/2013:02:01:10 +0100] "GET /templates/gk_penguinmail/favicon.ico HTTP/1.1" 200 5686 "-" "Mozilla/5.0 (compatible; MSIE 10.0; Windows NT 6.1; Trident/6.0)"
93.219.141.109 - - [08/Nov/2013:02:12:00 +0100] "GET /unternehmen/impressum/58.html HTTP/1.1" 200 19066 "-" "Mozilla/5.0 (Windows; U; Windows NT 6.0; de; rv:1.9.2.3) Gecko/20100401 Firefox/3.6.3 ( .NET CLR 3.5.30729)"
93.219.141.109 - - [08/Nov/2013:02:22:22 +0100] "GET /kontakt.html?fid=1 HTTP/1.1" 200 18539 "-" "Mozilla/5.0 (Windows; U; Windows NT 6.0; de; rv:1.9.2.3) Gecko/20100401 Firefox/3.6.3 ( .NET CLR 3.5.30729)"
66.249.78.60 - - [08/Nov/2013:02:32:50 +0100] "GET /unternehmen/standorte/58.html HTTP/1.1" 200 19070 "-" "Mozilla/5.0 (compatible; Googlebot/2.1; +http://www.google.com/bot.html)"
87.189.98.189 - - [08/Nov/2013:02:36:02 +0100] "GET / HTTP/1.1" 200 18407 "http://www.google.de/aclk?sa=L&ai=CTGCVRT98UsLbJeeX0wXHnIGIDOmv--cF8Ya5goMBrfXCCAgAEAIgtlQoA1Dz5ISI-_____8BYJX68IGMB8gBAakCLyG6NkiHtj6qBCRP0INS1eWP8_p0Yl7rtXMP-8rI0R81yx0okBQJn8_oY5rIwX6ABZBOgAeZjfNBkAcD&sig=AOD64_31PMTwdrHVzphLZQwXc2Z7Lj2QTw&rct=j&q=berlin+putz+job&ved=0CDkQ0Qw&adurl=http://www.straman.de" "Mozilla/5.0 (Windows NT 5.1; rv:23.0) Gecko/20100101 Firefox/23.0"
87.189.98.189 - - [08/Nov/2013:02:36:02 +0100] "GET /templates/system/css/system.css HTTP/1.1" 200 1385 "http://www.straman.de/" "Mozilla/5.0 (Windows NT 5.1; rv:23.0) Gecko/20100101 Firefox/23.0"
87.189.98.189 - - [08/Nov/2013:02:36:02 +0100] "GET /templates/system/css/general.css HTTP/1.1" 200 2777 "http://www.straman.de/" "Mozilla/5.0 (Windows NT 5.1; rv:23.0) Gecko/20100101 Firefox/23.0"
87.189.98.189 - - [08/Nov/2013:02:36:02 +0100] "GET /templates/gk_penguinmail/css/addons.css HTTP/1.1" 200 2644 "http://www.straman.de/" "Mozilla/5.0 (Windows NT 5.1; rv:23.0) Gecko/20100101 Firefox/23.0"
87.189.98.189 - - [08/Nov/2013:02:36:02 +0100] "GET /templates/gk_penguinmail/css/layout.css HTTP/1.1" 200 1684 "http://www.straman.de/" "Mozilla/5.0 (Windows NT 5.1; rv:23.0) Gecko/20100101 Firefox/23.0"
87.189.98.189 - - [08/Nov/2013:02:36:02 +0100] "GET /templates/gk_penguinmail/css/template.css HTTP/1.1" 200 9192 "http://www.straman.de/" "Mozilla/5.0 (Windows NT 5.1; rv:23.0) Gecko/20100101 Firefox/23.0"
87.189.98.189 - - [08/Nov/2013:02:36:02 +0100] "GET /templates/gk_penguinmail/css/joomla.css HTTP/1.1" 200 14242 "http://www.straman.de/" "Mozilla/5.0 (Windows NT 5.1; rv:23.0) Gecko/20100101 Firefox/23.0"
87.189.98.189 - - [08/Nov/2013:02:36:02 +0100] "GET /templates/gk_penguinmail/css/gk_stuff.css HTTP/1.1" 200 12799 "http://www.straman.de/" "Mozilla/5.0 (Windows NT 5.1; rv:23.0) Gecko/20100101 Firefox/23.0"
87.189.98.189 - - [08/Nov/2013:02:36:02 +0100] "GET /templates/gk_penguinmail/css/typo.css HTTP/1.1" 200 15356 "http://www.straman.de/" "Mozilla/5.0 (Windows NT 5.1; rv:23.0) Gecko/20100101 Firefox/23.0"
87.189.98.189 - - [08/Nov/2013:02:36:02 +0100] "GET /templates/gk_penguinmail/css/style3.css HTTP/1.1" 200 13892 "http://www.straman.de/" "Mozilla/5.0 (Windows NT 5.1; rv:23.0) Gecko/20100101 Firefox/23.0"
87.189.98.189 - - [08/Nov/2013:02:36:02 +0100] "GET /templates/gk_penguinmail/css/css3_style3.css HTTP/1.1" 200 2980 "http://www.straman.de/" "Mozilla/5.0 (Windows NT 5.1; rv:23.0) Gecko/20100101 Firefox/23.0"
87.189.98.189 - - [08/Nov/2013:02:36:02 +0100] "GET /templates/gk_penguinmail/css/override.css HTTP/1.1" 200 3916 "http://www.straman.de/" "Mozilla/5.0 (Windows NT 5.1; rv:23.0) Gecko/20100101 Firefox/23.0"
87.189.98.189 - - [08/Nov/2013:02:36:02 +0100] "GET /templates/gk_penguinmail/js/domready_fix.js HTTP/1.1" 200 1340 "http://www.straman.de/" "Mozilla/5.0 (Windows NT 5.1; rv:23.0) Gecko/20100101 Firefox/23.0"
87.189.98.189 - - [08/Nov/2013:02:36:02 +0100] "GET /media/system/js/caption.js HTTP/1.1" 200 1963 "http://www.straman.de/" "Mozilla/5.0 (Windows NT 5.1; rv:23.0) Gecko/20100101 Firefox/23.0"
87.189.98.189 - - [08/Nov/2013:02:36:02 +0100] "GET /templates/gk_penguinmail/js/gk.script.js HTTP/1.1" 200 4585 "http://www.straman.de/" "Mozilla/5.0 (Windows NT 5.1; rv:23.0) Gecko/20100101 Firefox/23.0"
87.189.98.189 - - [08/Nov/2013:02:36:02 +0100] "GET /templates/gk_penguinmail/css/menu/mega.css HTTP/1.1" 200 4575 "http://www.straman.de/" "Mozilla/5.0 (Windows NT 5.1; rv:23.0) Gecko/20100101 Firefox/23.0"
87.189.98.189 - - [08/Nov/2013:02:36:02 +0100] "GET /templates/gk_penguinmail/js/menu/mega.js HTTP/1.1" 200 12974 "http://www.straman.de/" "Mozilla/5.0 (Windows NT 5.1; rv:23.0) Gecko/20100101 Firefox/23.0"
87.189.98.189 - - [08/Nov/2013:02:36:02 +0100] "GET /templates/gk_penguinmail/fonts/PT-Seans/stylesheet.css HTTP/1.1" 200 2445 "http://www.straman.de/" "Mozilla/5.0 (Windows NT 5.1; rv:23.0) Gecko/20100101 Firefox/23.0"
87.189.98.189 - - [08/Nov/2013:02:36:02 +0100] "GET /media/system/js/mootools.js HTTP/1.1" 200 74434 "http://www.straman.de/" "Mozilla/5.0 (Windows NT 5.1; rv:23.0) Gecko/20100101 Firefox/23.0"
87.189.98.189 - - [08/Nov/2013:02:36:03 +0100] "GET /templates/gk_penguinmail/favicon.ico HTTP/1.1" 200 5686 "-" "Mozilla/5.0 (Windows NT 5.1; rv:23.0) Gecko/20100101 Firefox/23.0"
87.189.98.189 - - [08/Nov/2013:02:36:03 +0100] "GET /images/kontaktformular.jpg HTTP/1.1" 200 42791 "http://www.straman.de/" "Mozilla/5.0 (Windows NT 5.1; rv:23.0) Gecko/20100101 Firefox/23.0"
87.189.98.189 - - [08/Nov/2013:02:36:03 +0100] "GET /images/header_index_980x185.png HTTP/1.1" 200 211631 "http://www.straman.de/" "Mozilla/5.0 (Windows NT 5.1; rv:23.0) Gecko/20100101 Firefox/23.0"
87.189.98.189 - - [08/Nov/2013:02:36:03 +0100] "GET /templates/gk_penguinmail/images/style3/glow.jpg HTTP/1.1" 200 18301 "http://www.straman.de/templates/gk_penguinmail/css/style3.css" "Mozilla/5.0 (Windows NT 5.1; rv:23.0) Gecko/20100101 Firefox/23.0"
87.189.98.189 - - [08/Nov/2013:02:36:03 +0100] "GET /templates/gk_penguinmail/images/style3/menu_sprite.png HTTP/1.1" 200 450 "http://www.straman.de/templates/gk_penguinmail/css/override.css" "Mozilla/5.0 (Windows NT 5.1; rv:23.0) Gecko/20100101 Firefox/23.0"
87.189.98.189 - - [08/Nov/2013:02:36:03 +0100] "GET /templates/gk_penguinmail/images/menu_sprite.png HTTP/1.1" 404 2467 "http://www.straman.de/templates/gk_penguinmail/css/override.css" "Mozilla/5.0 (Windows NT 5.1; rv:23.0) Gecko/20100101 Firefox/23.0"
87.189.98.189 - - [08/Nov/2013:02:36:11 +0100] "GET /servicebereiche/uebersichtgebaeudemanagement.html HTTP/1.1" 200 19770 "http://www.straman.de/" "Mozilla/5.0 (Windows NT 5.1; rv:23.0) Gecko/20100101 Firefox/23.0"
87.189.98.189 - - [08/Nov/2013:02:36:12 +0100] "GET /templates/gk_penguinmail/css/template_unterseiten.css HTTP/1.1" 200 115 "http://www.straman.de/servicebereiche/uebersichtgebaeudemanagement.html" "Mozilla/5.0 (Windows NT 5.1; rv:23.0) Gecko/20100101 Firefox/23.0"
87.189.98.189 - - [08/Nov/2013:02:36:12 +0100] "GET /images/header3.png HTTP/1.1" 200 29760 "http://www.straman.de/servicebereiche/uebersichtgebaeudemanagement.html" "Mozilla/5.0 (Windows NT 5.1; rv:23.0) Gecko/20100101 Firefox/23.0"
87.189.98.189 - - [08/Nov/2013:02:36:12 +0100] "GET /templates/gk_penguinmail/images/emailButton.png HTTP/1.1" 200 365 "http://www.straman.de/servicebereiche/uebersichtgebaeudemanagement.html" "Mozilla/5.0 (Windows NT 5.1; rv:23.0) Gecko/20100101 Firefox/23.0"
87.189.98.189 - - [08/Nov/2013:02:36:12 +0100] "GET /templates/gk_penguinmail/images/printButton.png HTTP/1.1" 200 442 "http://www.straman.de/servicebereiche/uebersichtgebaeudemanagement.html" "Mozilla/5.0 (Windows NT 5.1; rv:23.0) Gecko/20100101 Firefox/23.0"
87.189.98.189 - - [08/Nov/2013:02:36:12 +0100] "GET /templates/gk_penguinmail/images/pdf_button.png HTTP/1.1" 200 500 "http://www.straman.de/servicebereiche/uebersichtgebaeudemanagement.html" "Mozilla/5.0 (Windows NT 5.1; rv:23.0) Gecko/20100101 Firefox/23.0"
87.189.98.189 - - [08/Nov/2013:02:36:12 +0100] "GET /templates/gk_penguinmail/images/toolsFont.png HTTP/1.1" 200 467 "http://www.straman.de/templates/gk_penguinmail/css/template.css" "Mozilla/5.0 (Windows NT 5.1; rv:23.0) Gecko/20100101 Firefox/23.0"
87.189.98.189 - - [08/Nov/2013:02:36:12 +0100] "GET /templates/gk_penguinmail/images/menu_sprite.png HTTP/1.1" 404 2467 "http://www.straman.de/templates/gk_penguinmail/css/override.css" "Mozilla/5.0 (Windows NT 5.1; rv:23.0) Gecko/20100101 Firefox/23.0"
87.189.98.189 - - [08/Nov/2013:02:36:20 +0100] "GET /servicebereiche/uebersichtgebaeudemanagement/gebaeudemanagement.html HTTP/1.1" 200 19516 "http://www.straman.de/servicebereiche/uebersichtgebaeudemanagement.html" "Mozilla/5.0 (Windows NT 5.1; rv:23.0) Gecko/20100101 Firefox/23.0"
87.189.98.189 - - [08/Nov/2013:02:36:21 +0100] "GET /templates/gk_penguinmail/css/template_tgm.css HTTP/1.1" 200 109 "http://www.straman.de/servicebereiche/uebersichtgebaeudemanagement/gebaeudemanagement.html" "Mozilla/5.0 (Windows NT 5.1; rv:23.0) Gecko/20100101 Firefox/23.0"
87.189.98.189 - - [08/Nov/2013:02:36:21 +0100] "GET /images/header_orange.png HTTP/1.1" 200 36919 "http://www.straman.de/servicebereiche/uebersichtgebaeudemanagement/gebaeudemanagement.html" "Mozilla/5.0 (Windows NT 5.1; rv:23.0) Gecko/20100101 Firefox/23.0"
87.189.98.189 - - [08/Nov/2013:02:36:21 +0100] "GET /images/tgm_001.jpg HTTP/1.1" 200 73001 "http://www.straman.de/servicebereiche/uebersichtgebaeudemanagement/gebaeudemanagement.html" "Mozilla/5.0 (Windows NT 5.1; rv:23.0) Gecko/20100101 Firefox/23.0"
87.189.98.189 - - [08/Nov/2013:02:36:21 +0100] "GET /templates/gk_penguinmail/images/grau1.jpg HTTP/1.1" 200 32162 "http://www.straman.de/templates/gk_penguinmail/css/template_tgm.css" "Mozilla/5.0 (Windows NT 5.1; rv:23.0) Gecko/20100101 Firefox/23.0"
87.189.98.189 - - [08/Nov/2013:02:36:21 +0100] "GET /templates/gk_penguinmail/images/menu_sprite.png HTTP/1.1" 404 2467 "http://www.straman.de/templates/gk_penguinmail/css/override.css" "Mozilla/5.0 (Windows NT 5.1; rv:23.0) Gecko/20100101 Firefox/23.0"
87.189.98.189 - - [08/Nov/2013:02:36:33 +0100] "GET /kontakt.html HTTP/1.1" 200 18533 "http://www.straman.de/servicebereiche/uebersichtgebaeudemanagement/gebaeudemanagement.html" "Mozilla/5.0 (Windows NT 5.1; rv:23.0) Gecko/20100101 Firefox/23.0"
87.189.98.189 - - [08/Nov/2013:02:36:34 +0100] "GET /templates/gk_penguinmail/images/button.png HTTP/1.1" 200 87 "http://www.straman.de/templates/gk_penguinmail/css/joomla.css" "Mozilla/5.0 (Windows NT 5.1; rv:23.0) Gecko/20100101 Firefox/23.0"
87.189.98.189 - - [08/Nov/2013:02:36:34 +0100] "GET /templates/gk_penguinmail/images/menu_sprite.png HTTP/1.1" 404 2467 "http://www.straman.de/templates/gk_penguinmail/css/override.css" "Mozilla/5.0 (Windows NT 5.1; rv:23.0) Gecko/20100101 Firefox/23.0"
93.219.141.109 - - [08/Nov/2013:02:37:06 +0100] "GET /servicebereiche/uebersichtgebaeudemanagement/58.html HTTP/1.1" 200 18969 "-" "Mozilla/5.0 (Windows; U; Windows NT 6.0; de; rv:1.9.2.3) Gecko/20100401 Firefox/3.6.3 ( .NET CLR 3.5.30729)"
66.249.78.60 - - [08/Nov/2013:02:38:50 +0100] "GET /servicebereiche/uebersichtgebaeudemanagement/infrastr-gebaeudemanagement.html HTTP/1.1" 200 10258 "-" "Mozilla/5.0 (iPhone; CPU iPhone OS 6_0 like Mac OS X) AppleWebKit/536.26 (KHTML, like Gecko) Version/6.0 Mobile/10A5376e Safari/8536.25 (compatible; Googlebot-Mobile/2.1; +http://www.google.com/bot.html)"
87.189.98.189 - - [08/Nov/2013:02:39:27 +0100] "POST /kontakt.html?fid=1 HTTP/1.1" 303 - "http://www.straman.de/kontakt.html" "Mozilla/5.0 (Windows NT 5.1; rv:23.0) Gecko/20100101 Firefox/23.0"
87.189.98.189 - - [08/Nov/2013:02:39:27 +0100] "GET /kontakt.html?func=thankyou&did=330a45f1c5da691a88ab3696f653a98d HTTP/1.1" 200 16403 "http://www.straman.de/kontakt.html" "Mozilla/5.0 (Windows NT 5.1; rv:23.0) Gecko/20100101 Firefox/23.0"
87.189.98.189 - - [08/Nov/2013:02:39:28 +0100] "GET /templates/gk_penguinmail/images/menu_sprite.png HTTP/1.1" 404 2467 "http://www.straman.de/templates/gk_penguinmail/css/override.css" "Mozilla/5.0 (Windows NT 5.1; rv:23.0) Gecko/20100101 Firefox/23.0"
66.249.78.60 - - [08/Nov/2013:02:48:17 +0100] "GET /component/user/register.html HTTP/1.1" 200 17079 "-" "Mozilla/5.0 (compatible; Googlebot/2.1; +http://www.google.com/bot.html)"
66.249.78.60 - - [08/Nov/2013:02:49:50 +0100] "GET /component/user/login.html HTTP/1.1" 200 19683 "-" "Mozilla/5.0 (compatible; Googlebot/2.1; +http://www.google.com/bot.html)"
93.219.141.109 - - [08/Nov/2013:02:49:54 +0100] "GET /news/58.html HTTP/1.1" 200 19309 "-" "Mozilla/5.0 (Windows; U; Windows NT 6.0; de; rv:1.9.2.3) Gecko/20100401 Firefox/3.6.3 ( .NET CLR 3.5.30729)"
66.249.78.60 - - [08/Nov/2013:02:51:22 +0100] "GET /servicebereiche/uebersichtgebaeudemanagement/gebaeudemanagement/58.html HTTP/1.1" 200 19460 "-" "Mozilla/5.0 (compatible; Googlebot/2.1; +http://www.google.com/bot.html)"
66.249.78.60 - - [08/Nov/2013:02:52:55 +0100] "GET /servicebereiche/winterdienst/privatkunden/58.html HTTP/1.1" 200 19143 "-" "Mozilla/5.0 (compatible; Googlebot/2.1; +http://www.google.com/bot.html)"
66.249.78.60 - - [08/Nov/2013:02:54:28 +0100] "GET /component/user/reset.html HTTP/1.1" 200 15952 "-" "Mozilla/5.0 (compatible; Googlebot/2.1; +http://www.google.com/bot.html)"
66.249.78.60 - - [08/Nov/2013:02:56:01 +0100] "GET /servicebereiche/gruenanlagenpflege/58.html HTTP/1.1" 200 19140 "-" "Mozilla/5.0 (compatible; Googlebot/2.1; +http://www.google.com/bot.html)"
66.249.78.60 - - [08/Nov/2013:02:57:33 +0100] "GET /component/content/article/68.html HTTP/1.1" 200 16947 "-" "Mozilla/5.0 (compatible; Googlebot/2.1; +http://www.google.com/bot.html)"
93.219.141.109 - - [08/Nov/2013:02:58:45 +0100] "GET /component/mailto/?tmpl=component&link=4d090a7d0dad0ed1b40abd9c35a75b7faac292cb HTTP/1.1" 200 2687 "-" "Mozilla/5.0 (Windows; U; Windows NT 6.0; de; rv:1.9.2.3) Gecko/20100401 Firefox/3.6.3 ( .NET CLR 3.5.30729)"
66.249.78.60 - - [08/Nov/2013:02:59:07 +0100] "GET /unternehmen/imagevideo-straman/58.html HTTP/1.1" 200 18583 "-" "Mozilla/5.0 (compatible; Googlebot/2.1; +http://www.google.com/bot.html)"
66.249.78.60 - - [08/Nov/2013:03:00:39 +0100] "GET /component/content/article/34-garten-und-landschaftsbau/74-gewerbegruenpflege.html HTTP/1.1" 200 20298 "-" "Mozilla/5.0 (compatible; Googlebot/2.1; +http://www.google.com/bot.html)"
66.249.78.60 - - [08/Nov/2013:03:02:11 +0100] "GET /imagevideo-straman/58.html HTTP/1.1" 200 18343 "-" "Mozilla/5.0 (compatible; Googlebot/2.1; +http://www.google.com/bot.html)"
66.249.78.60 - - [08/Nov/2013:03:05:19 +0100] "GET /servicebereiche/strassenreinigung/58.html HTTP/1.1" 200 19125 "-" "Mozilla/5.0 (compatible; Googlebot/2.1; +http://www.google.com/bot.html)"
66.249.78.60 - - [08/Nov/2013:03:05:59 +0100] "GET /referenzen/58.html HTTP/1.1" 200 19392 "-" "Mozilla/5.0 (compatible; Googlebot/2.1; +http://www.google.com/bot.html)"
66.249.78.60 - - [08/Nov/2013:03:06:50 +0100] "GET /news/62-alles-neu-macht-der-mai.html HTTP/1.1" 200 19675 "-" "Mozilla/5.0 (compatible; Googlebot/2.1; +http://www.google.com/bot.html)"
80.134.88.101 - - [08/Nov/2013:03:07:13 +0100] "GET / HTTP/1.1" 200 18408 "http://www.google.de/aclk?sa=L&ai=CeP4Ok0J8Uo-hN7OQ0wWNpoDIDOmv--cF8Ya5goMBrfXCCBABKAhQ8-SEiPv_____AWCV-vCBjAfIAQGpAuFDRAv7f7Y-qgQkT9BHFOICUHDn_3KNN59bZodcgeuqdLhtxiCNSIu_KKHeTZrogAeZjfNBkAcC&num=1&sig=AOD64_3yF4wFnxxQbugAZ4vSG5Dp3KvFrw&rct=j&q=minijob+f%C3%BCr+reinigung+in+berlin&ved=0CIoBENEM&adurl=http://www.straman.de" "Opera/9.80 (Macintosh; Intel Mac OS X 10.8.2) Presto/2.12.388 Version/12.12"
80.134.88.101 - - [08/Nov/2013:03:07:13 +0100] "GET /templates/system/css/system.css HTTP/1.1" 200 1385 "http://www.straman.de/" "Opera/9.80 (Macintosh; Intel Mac OS X 10.8.2) Presto/2.12.388 Version/12.12"
80.134.88.101 - - [08/Nov/2013:03:07:13 +0100] "GET /templates/system/css/general.css HTTP/1.1" 200 2777 "http://www.straman.de/" "Opera/9.80 (Macintosh; Intel Mac OS X 10.8.2) Presto/2.12.388 Version/12.12"
80.134.88.101 - - [08/Nov/2013:03:07:13 +0100] "GET /templates/gk_penguinmail/css/addons.css HTTP/1.1" 200 2644 "http://www.straman.de/" "Opera/9.80 (Macintosh; Intel Mac OS X 10.8.2) Presto/2.12.388 Version/12.12"
80.134.88.101 - - [08/Nov/2013:03:07:13 +0100] "GET /templates/gk_penguinmail/css/layout.css HTTP/1.1" 200 1684 "http://www.straman.de/" "Opera/9.80 (Macintosh; Intel Mac OS X 10.8.2) Presto/2.12.388 Version/12.12"
80.134.88.101 - - [08/Nov/2013:03:07:13 +0100] "GET /templates/gk_penguinmail/css/gk_stuff.css HTTP/1.1" 200 12799 "http://www.straman.de/" "Opera/9.80 (Macintosh; Intel Mac OS X 10.8.2) Presto/2.12.388 Version/12.12"
80.134.88.101 - - [08/Nov/2013:03:07:13 +0100] "GET /templates/gk_penguinmail/css/template.css HTTP/1.1" 200 9192 "http://www.straman.de/" "Opera/9.80 (Macintosh; Intel Mac OS X 10.8.2) Presto/2.12.388 Version/12.12"
80.134.88.101 - - [08/Nov/2013:03:07:13 +0100] "GET /templates/gk_penguinmail/css/joomla.css HTTP/1.1" 200 14242 "http://www.straman.de/" "Opera/9.80 (Macintosh; Intel Mac OS X 10.8.2) Presto/2.12.388 Version/12.12"
80.134.88.101 - - [08/Nov/2013:03:07:13 +0100] "GET /templates/gk_penguinmail/css/typo.css HTTP/1.1" 200 15356 "http://www.straman.de/" "Opera/9.80 (Macintosh; Intel Mac OS X 10.8.2) Presto/2.12.388 Version/12.12"
80.134.88.101 - - [08/Nov/2013:03:07:13 +0100] "GET /templates/gk_penguinmail/css/css3_style3.css HTTP/1.1" 200 2980 "http://www.straman.de/" "Opera/9.80 (Macintosh; Intel Mac OS X 10.8.2) Presto/2.12.388 Version/12.12"
80.134.88.101 - - [08/Nov/2013:03:07:13 +0100] "GET /templates/gk_penguinmail/css/style3.css HTTP/1.1" 200 13892 "http://www.straman.de/" "Opera/9.80 (Macintosh; Intel Mac OS X 10.8.2) Presto/2.12.388 Version/12.12"
80.134.88.101 - - [08/Nov/2013:03:07:13 +0100] "GET /templates/gk_penguinmail/css/override.css HTTP/1.1" 200 3916 "http://www.straman.de/" "Opera/9.80 (Macintosh; Intel Mac OS X 10.8.2) Presto/2.12.388 Version/12.12"
80.134.88.101 - - [08/Nov/2013:03:07:13 +0100] "GET /templates/gk_penguinmail/css/menu/mega.css HTTP/1.1" 200 4575 "http://www.straman.de/" "Opera/9.80 (Macintosh; Intel Mac OS X 10.8.2) Presto/2.12.388 Version/12.12"
80.134.88.101 - - [08/Nov/2013:03:07:13 +0100] "GET /templates/gk_penguinmail/fonts/PT-Seans/stylesheet.css HTTP/1.1" 200 2445 "http://www.straman.de/" "Opera/9.80 (Macintosh; Intel Mac OS X 10.8.2) Presto/2.12.388 Version/12.12"
80.134.88.101 - - [08/Nov/2013:03:07:13 +0100] "GET /templates/gk_penguinmail/js/domready_fix.js HTTP/1.1" 200 1340 "http://www.straman.de/" "Opera/9.80 (Macintosh; Intel Mac OS X 10.8.2) Presto/2.12.388 Version/12.12"
80.134.88.101 - - [08/Nov/2013:03:07:13 +0100] "GET /media/system/js/caption.js HTTP/1.1" 200 1963 "http://www.straman.de/" "Opera/9.80 (Macintosh; Intel Mac OS X 10.8.2) Presto/2.12.388 Version/12.12"
80.134.88.101 - - [08/Nov/2013:03:07:14 +0100] "GET /templates/gk_penguinmail/js/gk.script.js HTTP/1.1" 200 4585 "http://www.straman.de/" "Opera/9.80 (Macintosh; Intel Mac OS X 10.8.2) Presto/2.12.388 Version/12.12"
80.134.88.101 - - [08/Nov/2013:03:07:14 +0100] "GET /templates/gk_penguinmail/js/menu/mega.js HTTP/1.1" 200 12974 "http://www.straman.de/" "Opera/9.80 (Macintosh; Intel Mac OS X 10.8.2) Presto/2.12.388 Version/12.12"
80.134.88.101 - - [08/Nov/2013:03:07:13 +0100] "GET /media/system/js/mootools.js HTTP/1.1" 200 74434 "http://www.straman.de/" "Opera/9.80 (Macintosh; Intel Mac OS X 10.8.2) Presto/2.12.388 Version/12.12"
80.134.88.101 - - [08/Nov/2013:03:07:14 +0100] "GET /images/header_index_980x185.png HTTP/1.1" 200 211631 "http://www.straman.de/" "Opera/9.80 (Macintosh; Intel Mac OS X 10.8.2) Presto/2.12.388 Version/12.12"
80.134.88.101 - - [08/Nov/2013:03:07:14 +0100] "GET /images/kontaktformular.jpg HTTP/1.1" 200 42791 "http://www.straman.de/" "Opera/9.80 (Macintosh; Intel Mac OS X 10.8.2) Presto/2.12.388 Version/12.12"
80.134.88.101 - - [08/Nov/2013:03:07:14 +0100] "GET /templates/gk_penguinmail/images/style3/glow.jpg HTTP/1.1" 200 18301 "http://www.straman.de/" "Opera/9.80 (Macintosh; Intel Mac OS X 10.8.2) Presto/2.12.388 Version/12.12"
80.134.88.101 - - [08/Nov/2013:03:07:14 +0100] "GET /templates/gk_penguinmail/images/style3/menu_sprite.png HTTP/1.1" 200 450 "http://www.straman.de/" "Opera/9.80 (Macintosh; Intel Mac OS X 10.8.2) Presto/2.12.388 Version/12.12"
80.134.88.101 - - [08/Nov/2013:03:07:14 +0100] "GET /templates/gk_penguinmail/images/logo.png HTTP/1.1" 200 6608 "http://www.straman.de/" "Opera/9.80 (Macintosh; Intel Mac OS X 10.8.2) Presto/2.12.388 Version/12.12"
80.134.88.101 - - [08/Nov/2013:03:07:14 +0100] "GET /templates/gk_penguinmail/images/menu_sprite.png HTTP/1.1" 404 2467 "http://www.straman.de/" "Opera/9.80 (Macintosh; Intel Mac OS X 10.8.2) Presto/2.12.388 Version/12.12"
80.134.88.101 - - [08/Nov/2013:03:07:16 +0100] "GET /templates/gk_penguinmail/favicon.ico HTTP/1.1" 200 5686 "-" "Opera/9.80 (Macintosh; Intel Mac OS X 10.8.2) Presto/2.12.388 Version/12.12"
66.249.78.60 - - [08/Nov/2013:03:08:22 +0100] "GET /component/content/frontpage.html HTTP/1.1" 200 15368 "-" "Mozilla/5.0 (compatible; Googlebot/2.1; +http://www.google.com/bot.html)"
66.249.78.60 - - [08/Nov/2013:03:10:02 +0100] "GET /news/58.html HTTP/1.1" 200 19313 "-" "Mozilla/5.0 (compatible; Googlebot/2.1; +http://www.google.com/bot.html)"
66.249.78.60 - - [08/Nov/2013:03:11:28 +0100] "GET /downloadbereich/58.html HTTP/1.1" 200 18860 "-" "Mozilla/5.0 (compatible; Googlebot/2.1; +http://www.google.com/bot.html)"
66.249.78.60 - - [08/Nov/2013:03:13:01 +0100] "GET /unternehmen/historie/58.html HTTP/1.1" 200 19065 "-" "Mozilla/5.0 (compatible; Googlebot/2.1; +http://www.google.com/bot.html)"
66.249.78.60 - - [08/Nov/2013:03:14:33 +0100] "GET /unternehmen/partner/58.html HTTP/1.1" 200 19060 "-" "Mozilla/5.0 (compatible; Googlebot/2.1; +http://www.google.com/bot.html)"
66.249.78.60 - - [08/Nov/2013:03:16:06 +0100] "GET /unternehmen/jobs/58.html HTTP/1.1" 200 19045 "-" "Mozilla/5.0 (compatible; Googlebot/2.1; +http://www.google.com/bot.html)"
66.249.78.60 - - [08/Nov/2013:03:17:39 +0100] "GET /servicebereiche/winterdienst/58.html HTTP/1.1" 200 19063 "-" "Mozilla/5.0 (compatible; Googlebot/2.1; +http://www.google.com/bot.html)"
72.14.199.137 - - [08/Nov/2013:03:21:44 +0100] "GET / HTTP/1.1" 200 8922 "-" "AdsBot-Google-Mobile (+http://www.google.com/mobile/adsbot.html) Mozilla (iPhone; U; CPU iPhone OS 3 0 like Mac OS X) AppleWebKit (KHTML, like Gecko) Mobile Safari"
72.14.199.137 - - [08/Nov/2013:03:21:55 +0100] "GET /templates/gk_penguinmail/css/gk_stuff.css HTTP/1.1" 200 12799 "-" "AdsBot-Google (+http://www.google.com/adsbot.html)"
72.14.199.137 - - [08/Nov/2013:03:21:56 +0100] "GET /templates/gk_penguinmail/css/css3_style3.css HTTP/1.1" 200 2980 "-" "AdsBot-Google (+http://www.google.com/adsbot.html)"
72.14.199.137 - - [08/Nov/2013:03:21:56 +0100] "GET /templates/gk_penguinmail/css/style3.css HTTP/1.1" 200 13892 "-" "AdsBot-Google (+http://www.google.com/adsbot.html)"
72.14.199.137 - - [08/Nov/2013:03:21:56 +0100] "GET /templates/gk_penguinmail/js/menu/mega.js HTTP/1.1" 200 12974 "-" "AdsBot-Google (+http://www.google.com/adsbot.html)"
72.14.199.137 - - [08/Nov/2013:03:21:57 +0100] "GET /images/header_index_980x185.png HTTP/1.1" 200 211631 "-" "AdsBot-Google (+http://www.google.com/adsbot.html)"
72.14.199.137 - - [08/Nov/2013:03:21:57 +0100] "GET /templates/gk_penguinmail/css/template.css HTTP/1.1" 200 9192 "-" "AdsBot-Google (+http://www.google.com/adsbot.html)"
72.14.199.137 - - [08/Nov/2013:03:21:58 +0100] "GET /media/system/js/mootools.js HTTP/1.1" 200 74434 "-" "AdsBot-Google (+http://www.google.com/adsbot.html)"
72.14.199.137 - - [08/Nov/2013:03:21:58 +0100] "GET /templates/gk_penguinmail/css/joomla.css HTTP/1.1" 200 14242 "-" "AdsBot-Google (+http://www.google.com/adsbot.html)"
72.14.199.137 - - [08/Nov/2013:03:21:59 +0100] "GET /templates/gk_penguinmail/fonts/PT-Seans/stylesheet.css HTTP/1.1" 200 2445 "-" "AdsBot-Google (+http://www.google.com/adsbot.html)"
72.14.199.137 - - [08/Nov/2013:03:21:59 +0100] "GET /images/kontaktformular.jpg HTTP/1.1" 200 42791 "-" "AdsBot-Google (+http://www.google.com/adsbot.html)"
72.14.199.137 - - [08/Nov/2013:03:22:00 +0100] "GET /templates/gk_penguinmail/css/typo.css HTTP/1.1" 200 15356 "-" "AdsBot-Google (+http://www.google.com/adsbot.html)"
72.14.199.137 - - [08/Nov/2013:03:22:00 +0100] "GET /templates/gk_penguinmail/css/layout.css HTTP/1.1" 200 1684 "-" "AdsBot-Google (+http://www.google.com/adsbot.html)"
72.14.199.137 - - [08/Nov/2013:03:22:01 +0100] "GET /templates/system/css/system.css HTTP/1.1" 200 1385 "-" "AdsBot-Google (+http://www.google.com/adsbot.html)"
72.14.199.137 - - [08/Nov/2013:03:22:01 +0100] "GET /media/system/js/caption.js HTTP/1.1" 200 1963 "-" "AdsBot-Google (+http://www.google.com/adsbot.html)"
72.14.199.137 - - [08/Nov/2013:03:22:02 +0100] "GET /templates/gk_penguinmail/css/addons.css HTTP/1.1" 200 2644 "-" "AdsBot-Google (+http://www.google.com/adsbot.html)"
72.14.199.137 - - [08/Nov/2013:03:22:02 +0100] "GET /templates/gk_penguinmail/js/gk.script.js HTTP/1.1" 200 4585 "-" "AdsBot-Google (+http://www.google.com/adsbot.html)"
72.14.199.137 - - [08/Nov/2013:03:22:03 +0100] "GET /templates/gk_penguinmail/css/menu/mega.css HTTP/1.1" 200 4575 "-" "AdsBot-Google (+http://www.google.com/adsbot.html)"
72.14.199.137 - - [08/Nov/2013:03:22:03 +0100] "GET /templates/system/css/general.css HTTP/1.1" 200 2777 "-" "AdsBot-Google (+http://www.google.com/adsbot.html)"
72.14.199.137 - - [08/Nov/2013:03:22:04 +0100] "GET /templates/gk_penguinmail/js/domready_fix.js HTTP/1.1" 200 1340 "-" "AdsBot-Google (+http://www.google.com/adsbot.html)"
72.14.199.137 - - [08/Nov/2013:03:22:04 +0100] "GET /templates/gk_penguinmail/css/override.css HTTP/1.1" 200 3916 "-" "AdsBot-Google (+http://www.google.com/adsbot.html)"
72.14.199.137 - - [08/Nov/2013:03:22:07 +0100] "GET /templates/gk_penguinmail/css/handheld/iphone.css HTTP/1.1" 200 5360 "-" "AdsBot-Google-Mobile (+http://www.google.com/mobile/adsbot.html) Mozilla (iPhone; U; CPU iPhone OS 3 0 like Mac OS X) AppleWebKit (KHTML, like Gecko) Mobile Safari"
72.14.199.137 - - [08/Nov/2013:03:22:07 +0100] "GET /media/system/js/mootools.js HTTP/1.1" 200 74434 "-" "AdsBot-Google-Mobile (+http://www.google.com/mobile/adsbot.html) Mozilla (iPhone; U; CPU iPhone OS 3 0 like Mac OS X) AppleWebKit (KHTML, like Gecko) Mobile Safari"
72.14.199.137 - - [08/Nov/2013:03:22:08 +0100] "GET /media/system/js/caption.js HTTP/1.1" 200 1963 "-" "AdsBot-Google-Mobile (+http://www.google.com/mobile/adsbot.html) Mozilla (iPhone; U; CPU iPhone OS 3 0 like Mac OS X) AppleWebKit (KHTML, like Gecko) Mobile Safari"
72.14.199.137 - - [08/Nov/2013:03:22:08 +0100] "GET /templates/gk_penguinmail/css/template.css HTTP/1.1" 200 9192 "-" "AdsBot-Google-Mobile (+http://www.google.com/mobile/adsbot.html) Mozilla (iPhone; U; CPU iPhone OS 3 0 like Mac OS X) AppleWebKit (KHTML, like Gecko) Mobile Safari"
72.14.199.137 - - [08/Nov/2013:03:22:09 +0100] "GET /templates/gk_penguinmail/js/iphone.js HTTP/1.1" 200 5379 "-" "AdsBot-Google-Mobile (+http://www.google.com/mobile/adsbot.html) Mozilla (iPhone; U; CPU iPhone OS 3 0 like Mac OS X) AppleWebKit (KHTML, like Gecko) Mobile Safari"
66.249.78.60 - - [08/Nov/2013:03:43:49 +0100] "GET /index.php HTTP/1.1" 200 18429 "-" "Mozilla/5.0 (compatible; Googlebot/2.1; +http://www.google.com/bot.html)"
157.56.93.103 - - [08/Nov/2013:03:49:24 +0100] "GET /unternehmen/impressum.html HTTP/1.1" 200 22651 "-" "Mozilla/5.0 (compatible; bingbot/2.0; +http://www.bing.com/bingbot.htm)"
199.30.25.178 - - [08/Nov/2013:03:49:40 +0100] "GET /templates/gk_penguinmail/css/gk_stuff.css HTTP/1.1" 200 12799 "http://www.straman.de/unternehmen/impressum.html" "Mozilla/5.0 (Windows NT 6.1; WOW64) AppleWebKit/534+ (KHTML, like Gecko) BingPreview/1.0b"
157.55.35.98 - - [08/Nov/2013:03:49:58 +0100] "GET /robots.txt HTTP/1.1" 200 304 "-" "Mozilla/5.0 (compatible; bingbot/2.0; +http://www.bing.com/bingbot.htm)"
66.249.81.60 - - [08/Nov/2013:04:02:53 +0100] "GET / HTTP/1.1" 200 18377 "http://www.google.de/url?sa=t&rct=j&q=&esrc=s&source=web&cd=1&ved=0CEMQFjAF&url=http%3A%2F%2Fwww.straman.de%2F&ei=EVR8UoXrJ5OZ4ATBtAE&usg=AFQjCNEpeUQQKOp_93iUUo8XSnpqrpjMzA" "Mozilla/4.0 (compatible; MSIE 7.0b; Windows NT 6.0)"
66.249.81.60 - - [08/Nov/2013:04:02:53 +0100] "GET /templates/system/css/general.css HTTP/1.1" 200 2777 "http://www.straman.de/" "Mozilla/4.0 (compatible; MSIE 7.0b; Windows NT 6.0)"
66.249.81.60 - - [08/Nov/2013:04:02:53 +0100] "GET /templates/system/css/system.css HTTP/1.1" 200 1385 "http://www.straman.de/" "Mozilla/4.0 (compatible; MSIE 7.0b; Windows NT 6.0)"
