84.128.175.206 - - [03/Mar/2014:21:06:01 +0100] "GET /unternehmen/imagevideo-straman.html HTTP/1.1" 200 17521 "-" "Mozilla/5.0 (Windows; U; Windows NT 6.0; de; rv:1.9.2.3) Gecko/20100401 Firefox/3.6.3 ( .NET CLR 3.5.30729)"
84.128.175.206 - - [03/Mar/2014:21:08:16 +0100] "GET /unternehmen/standorte.html HTTP/1.1" 200 19108 "-" "Mozilla/5.0 (Windows; U; Windows NT 6.0; de; rv:1.9.2.3) Gecko/20100401 Firefox/3.6.3 ( .NET CLR 3.5.30729)"
157.55.32.190 - - [03/Mar/2014:21:10:49 +0100] "GET /unternehmen/imagevideo-straman.html HTTP/1.1" 200 17525 "-" "Mozilla/5.0 (compatible; bingbot/2.0; +http://www.bing.com/bingbot.htm)"
194.31.113.12 - - [03/Mar/2014:21:33:13 +0100] "GET /templates/gk_penguinmail/js/gk.script.js HTTP/1.1" 304 - "-" "Mozilla/4.0 (compatible;)"
66.249.65.216 - - [03/Mar/2014:21:36:42 +0100] "GET /referenzen.html HTTP/1.1" 200 364679 "-" "SAMSUNG-SGH-E250/1.0 Profile/MIDP-2.0 Configuration/CLDC-1.1 UP.Browser/6.2.3.3.c.1.101 (GUI) MMP/2.0 (compatible; Googlebot-Mobile/2.1; +http://www.google.com/bot.html)"
72.14.199.137 - - [03/Mar/2014:21:36:54 +0100] "GET / HTTP/1.1" 200 8922 "-" "AdsBot-Google-Mobile (+http://www.google.com/mobile/adsbot.html) Mozilla (iPhone; U; CPU iPhone OS 3 0 like Mac OS X) AppleWebKit (KHTML, like Gecko) Mobile Safari"
72.14.199.137 - - [03/Mar/2014:21:37:32 +0100] "GET /images/header_index_980x185.png HTTP/1.1" 200 211631 "-" "AdsBot-Google (+http://www.google.com/adsbot.html)"
72.14.199.137 - - [03/Mar/2014:21:37:33 +0100] "GET /images/stories/privatgartenpflege.jpg HTTP/1.1" 200 42117 "-" "AdsBot-Google (+http://www.google.com/adsbot.html)"
72.14.199.137 - - [03/Mar/2014:21:37:33 +0100] "GET /media/system/js/mootools.js HTTP/1.1" 200 74434 "-" "AdsBot-Google (+http://www.google.com/adsbot.html)"
72.14.199.137 - - [03/Mar/2014:21:37:33 +0100] "GET /media/system/js/mootools.js HTTP/1.1" 200 74434 "-" "AdsBot-Google-Mobile (+http://www.google.com/mobile/adsbot.html) Mozilla (iPhone; U; CPU iPhone OS 3 0 like Mac OS X) AppleWebKit (KHTML, like Gecko) Mobile Safari"
72.14.199.137 - - [03/Mar/2014:21:37:34 +0100] "GET /images/stories/herbst%20klein.jpg HTTP/1.1" 200 65143 "-" "AdsBot-Google (+http://www.google.com/adsbot.html)"
72.14.199.137 - - [03/Mar/2014:21:37:34 +0100] "GET /images/stories/infrastrukturelles%20gebudemanagement%20.jpg HTTP/1.1" 200 51391 "-" "AdsBot-Google (+http://www.google.com/adsbot.html)"
72.14.199.137 - - [03/Mar/2014:21:37:35 +0100] "GET /images/stories/winterdienst%20klein.jpg HTTP/1.1" 200 49727 "-" "AdsBot-Google (+http://www.google.com/adsbot.html)"
72.14.199.137 - - [03/Mar/2014:21:37:35 +0100] "GET /images/kontaktformular.jpg HTTP/1.1" 200 42791 "-" "AdsBot-Google (+http://www.google.com/adsbot.html)"
84.128.175.206 - - [03/Mar/2014:21:43:24 +0100] "GET /unternehmen/historie.html HTTP/1.1" 200 408748 "-" "Mozilla/5.0 (Windows; U; Windows NT 6.0; de; rv:1.9.2.3) Gecko/20100401 Firefox/3.6.3 ( .NET CLR 3.5.30729)"
5.199.136.130 - - [03/Mar/2014:21:46:27 +0100] "GET /robots.txt HTTP/1.1" 200 304 "-" "Mozilla/5.0 (compatible; waybackarchive.org/1.0; +spider@waybackarchive.org)"
84.128.175.206 - - [03/Mar/2014:21:50:53 +0100] "GET /component/content/article/58.html HTTP/1.1" 200 17982 "-" "Mozilla/5.0 (Windows; U; Windows NT 6.0; de; rv:1.9.2.3) Gecko/20100401 Firefox/3.6.3 ( .NET CLR 3.5.30729)"
84.128.175.206 - - [03/Mar/2014:22:02:36 +0100] "GET /news.html HTTP/1.1" 200 33120 "-" "Mozilla/5.0 (Windows; U; Windows NT 6.0; de; rv:1.9.2.3) Gecko/20100401 Firefox/3.6.3 ( .NET CLR 3.5.30729)"
157.55.32.190 - - [03/Mar/2014:22:03:01 +0100] "GET /unternehmen/impressum.html HTTP/1.1" 200 22638 "-" "Mozilla/5.0 (compatible; bingbot/2.0; +http://www.bing.com/bingbot.htm)"
83.233.207.74 - - [03/Mar/2014:22:04:38 +0100] "GET / HTTP/1.1" 200 17937 "-" "Mozilla/4.0 (CMS Crawler: http://www.cmscrawler.com)"
84.128.175.206 - - [03/Mar/2014:22:05:30 +0100] "GET /unternehmen/jobs.html HTTP/1.1" 200 22581 "-" "Mozilla/5.0 (Windows; U; Windows NT 6.0; de; rv:1.9.2.3) Gecko/20100401 Firefox/3.6.3 ( .NET CLR 3.5.30729)"
66.249.65.184 - - [03/Mar/2014:22:05:56 +0100] "GET /news/78-todt.html HTTP/1.1" 200 10190 "-" "Mozilla/5.0 (iPhone; CPU iPhone OS 6_0 like Mac OS X) AppleWebKit/536.26 (KHTML, like Gecko) Version/6.0 Mobile/10A5376e Safari/8536.25 (compatible; Googlebot/2.1; +http://www.google.com/bot.html)"
208.115.111.71 - - [03/Mar/2014:22:10:24 +0100] "GET /robots.txt HTTP/1.1" 200 304 "-" "Mozilla/5.0 (compatible; Ezooms/1.0; help@moz.com)"
84.128.175.206 - - [03/Mar/2014:22:15:44 +0100] "GET /servicebereiche/gruenanlagenpflege/gewerbegruenpflege.html HTTP/1.1" 200 21389 "-" "Mozilla/5.0 (Windows; U; Windows NT 6.0; de; rv:1.9.2.3) Gecko/20100401 Firefox/3.6.3 ( .NET CLR 3.5.30729)"
194.31.113.12 - - [03/Mar/2014:22:22:02 +0100] "GET /media/system/js/mootools.js HTTP/1.1" 304 - "-" "Mozilla/4.0 (compatible;)"
5.199.136.130 - - [03/Mar/2014:22:31:33 +0100] "GET /component/content/46.html HTTP/1.1" 500 2511 "-" "Mozilla/5.0 (compatible; waybackarchive.org/1.0; +spider@waybackarchive.org)"
84.128.175.206 - - [03/Mar/2014:22:41:18 +0100] "GET /servicebereiche/uebersichtgebaeudemanagement/infrastr-gebaeudemanagement/58.html HTTP/1.1" 200 19495 "-" "Mozilla/5.0 (Windows; U; Windows NT 6.0; de; rv:1.9.2.3) Gecko/20100401 Firefox/3.6.3 ( .NET CLR 3.5.30729)"
84.128.175.206 - - [03/Mar/2014:22:49:06 +0100] "GET /unternehmen/partner/58.html HTTP/1.1" 200 19056 "-" "Mozilla/5.0 (Windows; U; Windows NT 6.0; de; rv:1.9.2.3) Gecko/20100401 Firefox/3.6.3 ( .NET CLR 3.5.30729)"
84.128.175.206 - - [03/Mar/2014:22:58:32 +0100] "GET /servicebereiche/gruenanlagenpflege/58.html HTTP/1.1" 200 19136 "-" "Mozilla/5.0 (Windows; U; Windows NT 6.0; de; rv:1.9.2.3) Gecko/20100401 Firefox/3.6.3 ( .NET CLR 3.5.30729)"
84.128.175.206 - - [03/Mar/2014:23:04:12 +0100] "GET /component/mailto/?tmpl=component&link=97f89dec8d3a90a06eaee75083ae45b303687cff HTTP/1.1" 200 2687 "-" "Mozilla/5.0 (Windows; U; Windows NT 6.0; de; rv:1.9.2.3) Gecko/20100401 Firefox/3.6.3 ( .NET CLR 3.5.30729)"
144.76.42.76 - - [03/Mar/2014:23:19:54 +0100] "GET / HTTP/1.1" 200 17934 "-" "Mozilla/5.0 (Macintosh; Intel Mac OS X 10_8_2) AppleWebKit/537.17 (KHTML, like Gecko) Chrome/24.0.1312.52 Safari/537.17"
144.76.42.76 - - [03/Mar/2014:23:19:56 +0100] "GET /http://www.straman.de/ HTTP/1.1" 404 2467 "-" "Mozilla/5.0 (Macintosh; Intel Mac OS X 10_8_2) AppleWebKit/537.17 (KHTML, like Gecko) Chrome/24.0.1312.52 Safari/537.17"
144.76.42.76 - - [03/Mar/2014:23:19:57 +0100] "GET /news.html HTTP/1.1" 200 33121 "-" "Mozilla/5.0 (Macintosh; Intel Mac OS X 10_8_2) AppleWebKit/537.17 (KHTML, like Gecko) Chrome/24.0.1312.52 Safari/537.17"
84.128.175.206 - - [03/Mar/2014:23:21:00 +0100] "GET /servicebereiche/winterdienst/gewerbliche-kunden/58.html HTTP/1.1" 200 19169 "-" "Mozilla/5.0 (Windows; U; Windows NT 6.0; de; rv:1.9.2.3) Gecko/20100401 Firefox/3.6.3 ( .NET CLR 3.5.30729)"
5.10.83.78 - - [03/Mar/2014:23:24:08 +0100] "GET /servicebereiche/gruenanlagenpflege/58.html HTTP/1.1" 200 19140 "-" "Mozilla/5.0 (compatible; AhrefsBot/5.0; +http://ahrefs.com/robot/)"
84.128.175.206 - - [03/Mar/2014:23:33:12 +0100] "GET /servicebereiche/uebersichtgebaeudemanagement/gebaeudemanagement/58.html HTTP/1.1" 200 19456 "-" "Mozilla/5.0 (Windows; U; Windows NT 6.0; de; rv:1.9.2.3) Gecko/20100401 Firefox/3.6.3 ( .NET CLR 3.5.30729)"
208.115.111.71 - - [03/Mar/2014:23:35:05 +0100] "GET /component/mailto/?tmpl=component&link=97f89dec8d3a90a06eaee75083ae45b303687cff HTTP/1.1" 200 2687 "-" "Mozilla/5.0 (compatible; Ezooms/1.0; help@moz.com)"
84.128.175.206 - - [03/Mar/2014:23:38:53 +0100] "GET /servicebereiche/winterdienst/privatkunden/58.html HTTP/1.1" 200 19139 "-" "Mozilla/5.0 (Windows; U; Windows NT 6.0; de; rv:1.9.2.3) Gecko/20100401 Firefox/3.6.3 ( .NET CLR 3.5.30729)"
84.128.175.206 - - [03/Mar/2014:23:40:18 +0100] "GET /servicebereiche/gruenanlagenpflege/privatgartenpflege/58.html HTTP/1.1" 200 19215 "-" "Mozilla/5.0 (Windows; U; Windows NT 6.0; de; rv:1.9.2.3) Gecko/20100401 Firefox/3.6.3 ( .NET CLR 3.5.30729)"
84.128.175.206 - - [03/Mar/2014:23:45:14 +0100] "GET /downloadbereich/58.html HTTP/1.1" 200 18856 "-" "Mozilla/5.0 (Windows; U; Windows NT 6.0; de; rv:1.9.2.3) Gecko/20100401 Firefox/3.6.3 ( .NET CLR 3.5.30729)"
84.128.175.206 - - [03/Mar/2014:23:52:56 +0100] "GET /component/forme/?fid=2 HTTP/1.1" 200 21131 "-" "Mozilla/5.0 (Windows; U; Windows NT 6.0; de; rv:1.9.2.3) Gecko/20100401 Firefox/3.6.3 ( .NET CLR 3.5.30729)"
84.128.175.206 - - [03/Mar/2014:23:54:06 +0100] "GET /servicebereiche/winterdienst/58.html HTTP/1.1" 200 19059 "-" "Mozilla/5.0 (Windows; U; Windows NT 6.0; de; rv:1.9.2.3) Gecko/20100401 Firefox/3.6.3 ( .NET CLR 3.5.30729)"
66.249.65.184 - - [03/Mar/2014:23:54:15 +0100] "GET /servicebereiche/uebersichtgebaeudemanagement/gebaeudemanagement.html HTTP/1.1" 200 10334 "-" "Mozilla/5.0 (iPhone; CPU iPhone OS 6_0 like Mac OS X) AppleWebKit/536.26 (KHTML, like Gecko) Version/6.0 Mobile/10A5376e Safari/8536.25 (compatible; Googlebot/2.1; +http://www.google.com/bot.html)"
84.128.175.206 - - [03/Mar/2014:23:57:07 +0100] "GET /unternehmen/jobs/58.html HTTP/1.1" 200 19041 "-" "Mozilla/5.0 (Windows; U; Windows NT 6.0; de; rv:1.9.2.3) Gecko/20100401 Firefox/3.6.3 ( .NET CLR 3.5.30729)"
84.128.175.206 - - [04/Mar/2014:00:00:34 +0100] "GET /servicebereiche/strassenreinigung/58.html HTTP/1.1" 200 19121 "-" "Mozilla/5.0 (Windows; U; Windows NT 6.0; de; rv:1.9.2.3) Gecko/20100401 Firefox/3.6.3 ( .NET CLR 3.5.30729)"
84.128.175.206 - - [04/Mar/2014:00:05:18 +0100] "GET /unternehmen/standorte/58.html HTTP/1.1" 200 19066 "-" "Mozilla/5.0 (Windows; U; Windows NT 6.0; de; rv:1.9.2.3) Gecko/20100401 Firefox/3.6.3 ( .NET CLR 3.5.30729)"
208.115.113.87 - - [04/Mar/2014:00:09:45 +0100] "GET /robots.txt HTTP/1.1" 200 304 "-" "Mozilla/5.0 (compatible; Ezooms/1.0; help@moz.com)"
62.157.44.180 - - [04/Mar/2014:00:17:37 +0100] "GET / HTTP/1.1" 200 17933 "http://www.google.de/aclk?sa=L&ai=Cf33UFw0VU8W4LYWljAbjmoHQAumv--cFmdy5goMBqsDgBggAEAEgtlRQ8-SEiPv_____AWCV-vCBjAfIAQGpAlNJhFFHCrc-qgQnT9DvCFVF_YdG-V-AlrUWK1NY3fIXEpVZ6nprhjyTAeEiS10ooSOJgAWQTrgGAYAHmY3zQZAHAg&sig=AOD64_2FKbhQ_7h70xVWoUN9gBvrw7VcQQ&rct=j&q=brauchen+b%C3%A4ume+sonne?&ved=0CDMQ0Qw&adurl=http://www.straman.de" "Mozilla/5.0 (Macintosh; Intel Mac OS X 10.6; rv:24.0) Gecko/20100101 Firefox/24.0"
62.157.44.180 - - [04/Mar/2014:00:17:38 +0100] "GET /templates/gk_penguinmail/css/template.css HTTP/1.1" 200 9192 "http://www.straman.de/" "Mozilla/5.0 (Macintosh; Intel Mac OS X 10.6; rv:24.0) Gecko/20100101 Firefox/24.0"
62.157.44.180 - - [04/Mar/2014:00:17:38 +0100] "GET /templates/gk_penguinmail/css/layout.css HTTP/1.1" 200 1684 "http://www.straman.de/" "Mozilla/5.0 (Macintosh; Intel Mac OS X 10.6; rv:24.0) Gecko/20100101 Firefox/24.0"
62.157.44.180 - - [04/Mar/2014:00:17:38 +0100] "GET /templates/gk_penguinmail/css/addons.css HTTP/1.1" 200 2644 "http://www.straman.de/" "Mozilla/5.0 (Macintosh; Intel Mac OS X 10.6; rv:24.0) Gecko/20100101 Firefox/24.0"
62.157.44.180 - - [04/Mar/2014:00:17:38 +0100] "GET /templates/system/css/general.css HTTP/1.1" 200 2777 "http://www.straman.de/" "Mozilla/5.0 (Macintosh; Intel Mac OS X 10.6; rv:24.0) Gecko/20100101 Firefox/24.0"
62.157.44.180 - - [04/Mar/2014:00:17:38 +0100] "GET /templates/system/css/system.css HTTP/1.1" 200 1385 "http://www.straman.de/" "Mozilla/5.0 (Macintosh; Intel Mac OS X 10.6; rv:24.0) Gecko/20100101 Firefox/24.0"
62.157.44.180 - - [04/Mar/2014:00:17:38 +0100] "GET /templates/gk_penguinmail/css/joomla.css HTTP/1.1" 200 14242 "http://www.straman.de/" "Mozilla/5.0 (Macintosh; Intel Mac OS X 10.6; rv:24.0) Gecko/20100101 Firefox/24.0"
62.157.44.180 - - [04/Mar/2014:00:17:38 +0100] "GET /templates/gk_penguinmail/css/gk_stuff.css HTTP/1.1" 200 12799 "http://www.straman.de/" "Mozilla/5.0 (Macintosh; Intel Mac OS X 10.6; rv:24.0) Gecko/20100101 Firefox/24.0"
62.157.44.180 - - [04/Mar/2014:00:17:38 +0100] "GET /templates/gk_penguinmail/css/typo.css HTTP/1.1" 200 15356 "http://www.straman.de/" "Mozilla/5.0 (Macintosh; Intel Mac OS X 10.6; rv:24.0) Gecko/20100101 Firefox/24.0"
62.157.44.180 - - [04/Mar/2014:00:17:38 +0100] "GET /templates/gk_penguinmail/css/css3_style3.css HTTP/1.1" 200 2980 "http://www.straman.de/" "Mozilla/5.0 (Macintosh; Intel Mac OS X 10.6; rv:24.0) Gecko/20100101 Firefox/24.0"
62.157.44.180 - - [04/Mar/2014:00:17:38 +0100] "GET /templates/gk_penguinmail/css/style3.css HTTP/1.1" 200 13892 "http://www.straman.de/" "Mozilla/5.0 (Macintosh; Intel Mac OS X 10.6; rv:24.0) Gecko/20100101 Firefox/24.0"
62.157.44.180 - - [04/Mar/2014:00:17:38 +0100] "GET /templates/gk_penguinmail/css/override.css HTTP/1.1" 200 3916 "http://www.straman.de/" "Mozilla/5.0 (Macintosh; Intel Mac OS X 10.6; rv:24.0) Gecko/20100101 Firefox/24.0"
62.157.44.180 - - [04/Mar/2014:00:17:38 +0100] "GET /templates/gk_penguinmail/js/domready_fix.js HTTP/1.1" 200 1340 "http://www.straman.de/" "Mozilla/5.0 (Macintosh; Intel Mac OS X 10.6; rv:24.0) Gecko/20100101 Firefox/24.0"
62.157.44.180 - - [04/Mar/2014:00:17:38 +0100] "GET /media/system/js/caption.js HTTP/1.1" 200 1963 "http://www.straman.de/" "Mozilla/5.0 (Macintosh; Intel Mac OS X 10.6; rv:24.0) Gecko/20100101 Firefox/24.0"
62.157.44.180 - - [04/Mar/2014:00:17:38 +0100] "GET /templates/gk_penguinmail/js/gk.script.js HTTP/1.1" 200 4585 "http://www.straman.de/" "Mozilla/5.0 (Macintosh; Intel Mac OS X 10.6; rv:24.0) Gecko/20100101 Firefox/24.0"
62.157.44.180 - - [04/Mar/2014:00:17:38 +0100] "GET /templates/gk_penguinmail/css/menu/mega.css HTTP/1.1" 200 4575 "http://www.straman.de/" "Mozilla/5.0 (Macintosh; Intel Mac OS X 10.6; rv:24.0) Gecko/20100101 Firefox/24.0"
62.157.44.180 - - [04/Mar/2014:00:17:38 +0100] "GET /templates/gk_penguinmail/js/menu/mega.js HTTP/1.1" 200 12974 "http://www.straman.de/" "Mozilla/5.0 (Macintosh; Intel Mac OS X 10.6; rv:24.0) Gecko/20100101 Firefox/24.0"
62.157.44.180 - - [04/Mar/2014:00:17:38 +0100] "GET /templates/gk_penguinmail/fonts/PT-Seans/stylesheet.css HTTP/1.1" 200 2445 "http://www.straman.de/" "Mozilla/5.0 (Macintosh; Intel Mac OS X 10.6; rv:24.0) Gecko/20100101 Firefox/24.0"
62.157.44.180 - - [04/Mar/2014:00:17:38 +0100] "GET /media/system/js/mootools.js HTTP/1.1" 200 74434 "http://www.straman.de/" "Mozilla/5.0 (Macintosh; Intel Mac OS X 10.6; rv:24.0) Gecko/20100101 Firefox/24.0"
62.157.44.180 - - [04/Mar/2014:00:17:39 +0100] "GET /images/stories/privatgartenpflege.jpg HTTP/1.1" 200 42117 "http://www.straman.de/" "Mozilla/5.0 (Macintosh; Intel Mac OS X 10.6; rv:24.0) Gecko/20100101 Firefox/24.0"
62.157.44.180 - - [04/Mar/2014:00:17:39 +0100] "GET /images/stories/infrastrukturelles%20gebudemanagement%20.jpg HTTP/1.1" 200 51391 "http://www.straman.de/" "Mozilla/5.0 (Macintosh; Intel Mac OS X 10.6; rv:24.0) Gecko/20100101 Firefox/24.0"
62.157.44.180 - - [04/Mar/2014:00:17:39 +0100] "GET /images/stories/winterdienst%20klein.jpg HTTP/1.1" 200 49727 "http://www.straman.de/" "Mozilla/5.0 (Macintosh; Intel Mac OS X 10.6; rv:24.0) Gecko/20100101 Firefox/24.0"
62.157.44.180 - - [04/Mar/2014:00:17:39 +0100] "GET /images/stories/herbst%20klein.jpg HTTP/1.1" 200 65143 "http://www.straman.de/" "Mozilla/5.0 (Macintosh; Intel Mac OS X 10.6; rv:24.0) Gecko/20100101 Firefox/24.0"
62.157.44.180 - - [04/Mar/2014:00:17:39 +0100] "GET /images/header_index_980x185.png HTTP/1.1" 200 211631 "http://www.straman.de/" "Mozilla/5.0 (Macintosh; Intel Mac OS X 10.6; rv:24.0) Gecko/20100101 Firefox/24.0"
62.157.44.180 - - [04/Mar/2014:00:17:39 +0100] "GET /templates/gk_penguinmail/favicon.ico HTTP/1.1" 200 5686 "-" "Mozilla/5.0 (Macintosh; Intel Mac OS X 10.6; rv:24.0) Gecko/20100101 Firefox/24.0"
62.157.44.180 - - [04/Mar/2014:00:17:39 +0100] "GET /images/kontaktformular.jpg HTTP/1.1" 200 42791 "http://www.straman.de/" "Mozilla/5.0 (Macintosh; Intel Mac OS X 10.6; rv:24.0) Gecko/20100101 Firefox/24.0"
62.157.44.180 - - [04/Mar/2014:00:17:39 +0100] "GET /templates/gk_penguinmail/images/style3/menu_sprite.png HTTP/1.1" 200 450 "http://www.straman.de/templates/gk_penguinmail/css/override.css" "Mozilla/5.0 (Macintosh; Intel Mac OS X 10.6; rv:24.0) Gecko/20100101 Firefox/24.0"
62.157.44.180 - - [04/Mar/2014:00:17:39 +0100] "GET /templates/gk_penguinmail/images/style3/glow.jpg HTTP/1.1" 200 18301 "http://www.straman.de/templates/gk_penguinmail/css/style3.css" "Mozilla/5.0 (Macintosh; Intel Mac OS X 10.6; rv:24.0) Gecko/20100101 Firefox/24.0"
62.157.44.180 - - [04/Mar/2014:00:17:39 +0100] "GET /templates/gk_penguinmail/images/menu_sprite.png HTTP/1.1" 404 2467 "http://www.straman.de/templates/gk_penguinmail/css/override.css" "Mozilla/5.0 (Macintosh; Intel Mac OS X 10.6; rv:24.0) Gecko/20100101 Firefox/24.0"
84.128.175.206 - - [04/Mar/2014:00:17:44 +0100] "GET /unternehmen/impressum/58.html HTTP/1.1" 200 19066 "-" "Mozilla/5.0 (Windows; U; Windows NT 6.0; de; rv:1.9.2.3) Gecko/20100401 Firefox/3.6.3 ( .NET CLR 3.5.30729)"
79.215.68.149 - - [04/Mar/2014:00:24:59 +0100] "GET / HTTP/1.1" 200 17933 "http://www.google.de/aclk?sa=L&ai=C1l_9vA4VU7KpHYiJjAbfrILYD-mv--cFmdy5goMBtq3KBQgAEAEgtlQoAlDz5ISI-_____8BYJX68IGMB8gBAakCU0mEUUcKtz6qBCRP0HM5HNDt3t_pOTO4InUDOEsIpsAoKFlxWmEe0LO_u5o219qABZBOgAeZjfNBkAcD&sig=AOD64_1uwHju4RwufH29Wov1hBG63kU5ug&rct=j&q=sichtschutzpallisade+kaufen&ved=0CDIQ0Qw&adurl=http://www.straman.de" "Mozilla/5.0 (Windows NT 6.1; WOW64; rv:27.0) Gecko/20100101 Firefox/27.0"
79.215.68.149 - - [04/Mar/2014:00:24:59 +0100] "GET /templates/system/css/system.css HTTP/1.1" 200 1385 "http://www.straman.de/" "Mozilla/5.0 (Windows NT 6.1; WOW64; rv:27.0) Gecko/20100101 Firefox/27.0"
79.215.68.149 - - [04/Mar/2014:00:24:59 +0100] "GET /templates/system/css/general.css HTTP/1.1" 200 2777 "http://www.straman.de/" "Mozilla/5.0 (Windows NT 6.1; WOW64; rv:27.0) Gecko/20100101 Firefox/27.0"
79.215.68.149 - - [04/Mar/2014:00:24:59 +0100] "GET /templates/gk_penguinmail/css/addons.css HTTP/1.1" 200 2644 "http://www.straman.de/" "Mozilla/5.0 (Windows NT 6.1; WOW64; rv:27.0) Gecko/20100101 Firefox/27.0"
79.215.68.149 - - [04/Mar/2014:00:24:59 +0100] "GET /templates/gk_penguinmail/css/layout.css HTTP/1.1" 200 1684 "http://www.straman.de/" "Mozilla/5.0 (Windows NT 6.1; WOW64; rv:27.0) Gecko/20100101 Firefox/27.0"
79.215.68.149 - - [04/Mar/2014:00:24:59 +0100] "GET /templates/gk_penguinmail/css/template.css HTTP/1.1" 200 9192 "http://www.straman.de/" "Mozilla/5.0 (Windows NT 6.1; WOW64; rv:27.0) Gecko/20100101 Firefox/27.0"
79.215.68.149 - - [04/Mar/2014:00:24:59 +0100] "GET /templates/gk_penguinmail/css/joomla.css HTTP/1.1" 200 14242 "http://www.straman.de/" "Mozilla/5.0 (Windows NT 6.1; WOW64; rv:27.0) Gecko/20100101 Firefox/27.0"
79.215.68.149 - - [04/Mar/2014:00:24:59 +0100] "GET /templates/gk_penguinmail/css/gk_stuff.css HTTP/1.1" 200 12799 "http://www.straman.de/" "Mozilla/5.0 (Windows NT 6.1; WOW64; rv:27.0) Gecko/20100101 Firefox/27.0"
79.215.68.149 - - [04/Mar/2014:00:24:59 +0100] "GET /templates/gk_penguinmail/css/typo.css HTTP/1.1" 200 15356 "http://www.straman.de/" "Mozilla/5.0 (Windows NT 6.1; WOW64; rv:27.0) Gecko/20100101 Firefox/27.0"
79.215.68.149 - - [04/Mar/2014:00:24:59 +0100] "GET /templates/gk_penguinmail/css/css3_style3.css HTTP/1.1" 200 2980 "http://www.straman.de/" "Mozilla/5.0 (Windows NT 6.1; WOW64; rv:27.0) Gecko/20100101 Firefox/27.0"
79.215.68.149 - - [04/Mar/2014:00:24:59 +0100] "GET /templates/gk_penguinmail/css/style3.css HTTP/1.1" 200 13892 "http://www.straman.de/" "Mozilla/5.0 (Windows NT 6.1; WOW64; rv:27.0) Gecko/20100101 Firefox/27.0"
79.215.68.149 - - [04/Mar/2014:00:24:59 +0100] "GET /templates/gk_penguinmail/css/override.css HTTP/1.1" 200 3916 "http://www.straman.de/" "Mozilla/5.0 (Windows NT 6.1; WOW64; rv:27.0) Gecko/20100101 Firefox/27.0"
79.215.68.149 - - [04/Mar/2014:00:24:59 +0100] "GET /templates/gk_penguinmail/js/domready_fix.js HTTP/1.1" 200 1340 "http://www.straman.de/" "Mozilla/5.0 (Windows NT 6.1; WOW64; rv:27.0) Gecko/20100101 Firefox/27.0"
79.215.68.149 - - [04/Mar/2014:00:24:59 +0100] "GET /media/system/js/caption.js HTTP/1.1" 200 1963 "http://www.straman.de/" "Mozilla/5.0 (Windows NT 6.1; WOW64; rv:27.0) Gecko/20100101 Firefox/27.0"
79.215.68.149 - - [04/Mar/2014:00:24:59 +0100] "GET /templates/gk_penguinmail/js/gk.script.js HTTP/1.1" 200 4585 "http://www.straman.de/" "Mozilla/5.0 (Windows NT 6.1; WOW64; rv:27.0) Gecko/20100101 Firefox/27.0"
79.215.68.149 - - [04/Mar/2014:00:24:59 +0100] "GET /templates/gk_penguinmail/css/menu/mega.css HTTP/1.1" 200 4575 "http://www.straman.de/" "Mozilla/5.0 (Windows NT 6.1; WOW64; rv:27.0) Gecko/20100101 Firefox/27.0"
79.215.68.149 - - [04/Mar/2014:00:24:59 +0100] "GET /templates/gk_penguinmail/js/menu/mega.js HTTP/1.1" 200 12974 "http://www.straman.de/" "Mozilla/5.0 (Windows NT 6.1; WOW64; rv:27.0) Gecko/20100101 Firefox/27.0"
79.215.68.149 - - [04/Mar/2014:00:24:59 +0100] "GET /templates/gk_penguinmail/fonts/PT-Seans/stylesheet.css HTTP/1.1" 200 2445 "http://www.straman.de/" "Mozilla/5.0 (Windows NT 6.1; WOW64; rv:27.0) Gecko/20100101 Firefox/27.0"
79.215.68.149 - - [04/Mar/2014:00:24:59 +0100] "GET /templates/gk_penguinmail/favicon.ico HTTP/1.1" 200 5686 "-" "Mozilla/5.0 (Windows NT 6.1; WOW64; rv:27.0) Gecko/20100101 Firefox/27.0"
79.215.68.149 - - [04/Mar/2014:00:24:59 +0100] "GET /media/system/js/mootools.js HTTP/1.1" 200 74434 "http://www.straman.de/" "Mozilla/5.0 (Windows NT 6.1; WOW64; rv:27.0) Gecko/20100101 Firefox/27.0"
79.215.68.149 - - [04/Mar/2014:00:24:59 +0100] "GET /images/stories/privatgartenpflege.jpg HTTP/1.1" 200 42117 "http://www.straman.de/" "Mozilla/5.0 (Windows NT 6.1; WOW64; rv:27.0) Gecko/20100101 Firefox/27.0"
79.215.68.149 - - [04/Mar/2014:00:24:59 +0100] "GET /images/kontaktformular.jpg HTTP/1.1" 200 42791 "http://www.straman.de/" "Mozilla/5.0 (Windows NT 6.1; WOW64; rv:27.0) Gecko/20100101 Firefox/27.0"
79.215.68.149 - - [04/Mar/2014:00:24:59 +0100] "GET /images/stories/herbst%20klein.jpg HTTP/1.1" 200 65143 "http://www.straman.de/" "Mozilla/5.0 (Windows NT 6.1; WOW64; rv:27.0) Gecko/20100101 Firefox/27.0"
79.215.68.149 - - [04/Mar/2014:00:24:59 +0100] "GET /images/stories/winterdienst%20klein.jpg HTTP/1.1" 200 49727 "http://www.straman.de/" "Mozilla/5.0 (Windows NT 6.1; WOW64; rv:27.0) Gecko/20100101 Firefox/27.0"
79.215.68.149 - - [04/Mar/2014:00:24:59 +0100] "GET /templates/gk_penguinmail/images/style3/glow.jpg HTTP/1.1" 200 18301 "http://www.straman.de/templates/gk_penguinmail/css/style3.css" "Mozilla/5.0 (Windows NT 6.1; WOW64; rv:27.0) Gecko/20100101 Firefox/27.0"
79.215.68.149 - - [04/Mar/2014:00:24:59 +0100] "GET /templates/gk_penguinmail/images/style3/menu_sprite.png HTTP/1.1" 200 450 "http://www.straman.de/templates/gk_penguinmail/css/override.css" "Mozilla/5.0 (Windows NT 6.1; WOW64; rv:27.0) Gecko/20100101 Firefox/27.0"
79.215.68.149 - - [04/Mar/2014:00:24:59 +0100] "GET /images/stories/infrastrukturelles%20gebudemanagement%20.jpg HTTP/1.1" 200 51391 "http://www.straman.de/" "Mozilla/5.0 (Windows NT 6.1; WOW64; rv:27.0) Gecko/20100101 Firefox/27.0"
79.215.68.149 - - [04/Mar/2014:00:24:59 +0100] "GET /images/header_index_980x185.png HTTP/1.1" 200 211631 "http://www.straman.de/" "Mozilla/5.0 (Windows NT 6.1; WOW64; rv:27.0) Gecko/20100101 Firefox/27.0"
79.215.68.149 - - [04/Mar/2014:00:24:59 +0100] "GET /templates/gk_penguinmail/images/menu_sprite.png HTTP/1.1" 404 2467 "http://www.straman.de/templates/gk_penguinmail/css/override.css" "Mozilla/5.0 (Windows NT 6.1; WOW64; rv:27.0) Gecko/20100101 Firefox/27.0"
66.249.73.160 - - [04/Mar/2014:00:26:47 +0100] "GET / HTTP/1.1" 200 17937 "-" "Mozilla/5.0 (compatible; Googlebot/2.1; +http://www.google.com/bot.html)"
84.128.175.206 - - [04/Mar/2014:00:28:06 +0100] "GET /kontakt.html?fid=1 HTTP/1.1" 200 18539 "-" "Mozilla/5.0 (Windows; U; Windows NT 6.0; de; rv:1.9.2.3) Gecko/20100401 Firefox/3.6.3 ( .NET CLR 3.5.30729)"
84.128.175.206 - - [04/Mar/2014:00:42:42 +0100] "GET /servicebereiche/uebersichtgebaeudemanagement/58.html HTTP/1.1" 200 18969 "-" "Mozilla/5.0 (Windows; U; Windows NT 6.0; de; rv:1.9.2.3) Gecko/20100401 Firefox/3.6.3 ( .NET CLR 3.5.30729)"
194.31.113.12 - - [04/Mar/2014:00:49:48 +0100] "GET /templates/gk_penguinmail/images/style3/menu_sprite.png HTTP/1.1" 304 - "-" "Mozilla/4.0 (compatible;)"
84.128.175.206 - - [04/Mar/2014:00:55:36 +0100] "GET /news/58.html HTTP/1.1" 200 19309 "-" "Mozilla/5.0 (Windows; U; Windows NT 6.0; de; rv:1.9.2.3) Gecko/20100401 Firefox/3.6.3 ( .NET CLR 3.5.30729)"
188.194.134.142 - - [04/Mar/2014:00:59:42 +0100] "GET / HTTP/1.1" 200 17934 "http://www.google.de/aclk?sa=L&ai=C0OKQxhYVU82dLuOojAbhwYKgDemv--cF8Ya5goMBue3DCBAFILlUKAZQ8-SEiPv_____AWCV-vCBjAfIAQGpAnVmctopF7c-qgQkT9Bjxx-F3h8kDm6GfeNgeuf0-ShCuevkYoEqaMx2eLcfHJnDgAWQToAHmY3zQZAHAg&num=5&sig=AOD64_3UHIQXpi42nlfhMZN2lWgBvy00CQ&rct=j&q=geb%C3%A4udedienste+schwarz+-weiss+gmbh+utube&ved=0CGYQ0Qw&adurl=http://www.straman.de" "Mozilla/5.0 (Macintosh; Intel Mac OS X 10_9_1) AppleWebKit/537.73.11 (KHTML, like Gecko) Version/7.0.1 Safari/537.73.11"
188.194.134.142 - - [04/Mar/2014:00:59:42 +0100] "GET /templates/gk_penguinmail/css/template.css HTTP/1.1" 200 9192 "http://www.straman.de/" "Mozilla/5.0 (Macintosh; Intel Mac OS X 10_9_1) AppleWebKit/537.73.11 (KHTML, like Gecko) Version/7.0.1 Safari/537.73.11"
188.194.134.142 - - [04/Mar/2014:00:59:42 +0100] "GET /templates/system/css/general.css HTTP/1.1" 200 2777 "http://www.straman.de/" "Mozilla/5.0 (Macintosh; Intel Mac OS X 10_9_1) AppleWebKit/537.73.11 (KHTML, like Gecko) Version/7.0.1 Safari/537.73.11"
188.194.134.142 - - [04/Mar/2014:00:59:42 +0100] "GET /templates/system/css/system.css HTTP/1.1" 200 1385 "http://www.straman.de/" "Mozilla/5.0 (Macintosh; Intel Mac OS X 10_9_1) AppleWebKit/537.73.11 (KHTML, like Gecko) Version/7.0.1 Safari/537.73.11"
188.194.134.142 - - [04/Mar/2014:00:59:42 +0100] "GET /templates/gk_penguinmail/css/addons.css HTTP/1.1" 200 2644 "http://www.straman.de/" "Mozilla/5.0 (Macintosh; Intel Mac OS X 10_9_1) AppleWebKit/537.73.11 (KHTML, like Gecko) Version/7.0.1 Safari/537.73.11"
188.194.134.142 - - [04/Mar/2014:00:59:42 +0100] "GET /templates/gk_penguinmail/css/layout.css HTTP/1.1" 200 1684 "http://www.straman.de/" "Mozilla/5.0 (Macintosh; Intel Mac OS X 10_9_1) AppleWebKit/537.73.11 (KHTML, like Gecko) Version/7.0.1 Safari/537.73.11"
188.194.134.142 - - [04/Mar/2014:00:59:42 +0100] "GET /templates/gk_penguinmail/css/joomla.css HTTP/1.1" 200 14242 "http://www.straman.de/" "Mozilla/5.0 (Macintosh; Intel Mac OS X 10_9_1) AppleWebKit/537.73.11 (KHTML, like Gecko) Version/7.0.1 Safari/537.73.11"
188.194.134.142 - - [04/Mar/2014:00:59:42 +0100] "GET /templates/gk_penguinmail/css/gk_stuff.css HTTP/1.1" 200 12799 "http://www.straman.de/" "Mozilla/5.0 (Macintosh; Intel Mac OS X 10_9_1) AppleWebKit/537.73.11 (KHTML, like Gecko) Version/7.0.1 Safari/537.73.11"
188.194.134.142 - - [04/Mar/2014:00:59:42 +0100] "GET /templates/gk_penguinmail/css/typo.css HTTP/1.1" 200 15356 "http://www.straman.de/" "Mozilla/5.0 (Macintosh; Intel Mac OS X 10_9_1) AppleWebKit/537.73.11 (KHTML, like Gecko) Version/7.0.1 Safari/537.73.11"
188.194.134.142 - - [04/Mar/2014:00:59:42 +0100] "GET /templates/gk_penguinmail/css/css3_style3.css HTTP/1.1" 200 2980 "http://www.straman.de/" "Mozilla/5.0 (Macintosh; Intel Mac OS X 10_9_1) AppleWebKit/537.73.11 (KHTML, like Gecko) Version/7.0.1 Safari/537.73.11"
188.194.134.142 - - [04/Mar/2014:00:59:42 +0100] "GET /templates/gk_penguinmail/css/override.css HTTP/1.1" 200 3916 "http://www.straman.de/" "Mozilla/5.0 (Macintosh; Intel Mac OS X 10_9_1) AppleWebKit/537.73.11 (KHTML, like Gecko) Version/7.0.1 Safari/537.73.11"
188.194.134.142 - - [04/Mar/2014:00:59:42 +0100] "GET /templates/gk_penguinmail/css/style3.css HTTP/1.1" 200 13892 "http://www.straman.de/" "Mozilla/5.0 (Macintosh; Intel Mac OS X 10_9_1) AppleWebKit/537.73.11 (KHTML, like Gecko) Version/7.0.1 Safari/537.73.11"
188.194.134.142 - - [04/Mar/2014:00:59:43 +0100] "GET /templates/gk_penguinmail/js/domready_fix.js HTTP/1.1" 200 1340 "http://www.straman.de/" "Mozilla/5.0 (Macintosh; Intel Mac OS X 10_9_1) AppleWebKit/537.73.11 (KHTML, like Gecko) Version/7.0.1 Safari/537.73.11"
188.194.134.142 - - [04/Mar/2014:00:59:43 +0100] "GET /templates/gk_penguinmail/js/gk.script.js HTTP/1.1" 200 4585 "http://www.straman.de/" "Mozilla/5.0 (Macintosh; Intel Mac OS X 10_9_1) AppleWebKit/537.73.11 (KHTML, like Gecko) Version/7.0.1 Safari/537.73.11"
188.194.134.142 - - [04/Mar/2014:00:59:43 +0100] "GET /media/system/js/caption.js HTTP/1.1" 200 1963 "http://www.straman.de/" "Mozilla/5.0 (Macintosh; Intel Mac OS X 10_9_1) AppleWebKit/537.73.11 (KHTML, like Gecko) Version/7.0.1 Safari/537.73.11"
188.194.134.142 - - [04/Mar/2014:00:59:43 +0100] "GET /templates/gk_penguinmail/css/menu/mega.css HTTP/1.1" 200 4575 "http://www.straman.de/" "Mozilla/5.0 (Macintosh; Intel Mac OS X 10_9_1) AppleWebKit/537.73.11 (KHTML, like Gecko) Version/7.0.1 Safari/537.73.11"
188.194.134.142 - - [04/Mar/2014:00:59:43 +0100] "GET /templates/gk_penguinmail/js/menu/mega.js HTTP/1.1" 200 12974 "http://www.straman.de/" "Mozilla/5.0 (Macintosh; Intel Mac OS X 10_9_1) AppleWebKit/537.73.11 (KHTML, like Gecko) Version/7.0.1 Safari/537.73.11"
188.194.134.142 - - [04/Mar/2014:00:59:43 +0100] "GET /templates/gk_penguinmail/fonts/PT-Seans/stylesheet.css HTTP/1.1" 200 2445 "http://www.straman.de/" "Mozilla/5.0 (Macintosh; Intel Mac OS X 10_9_1) AppleWebKit/537.73.11 (KHTML, like Gecko) Version/7.0.1 Safari/537.73.11"
188.194.134.142 - - [04/Mar/2014:00:59:42 +0100] "GET /media/system/js/mootools.js HTTP/1.1" 200 74434 "http://www.straman.de/" "Mozilla/5.0 (Macintosh; Intel Mac OS X 10_9_1) AppleWebKit/537.73.11 (KHTML, like Gecko) Version/7.0.1 Safari/537.73.11"
188.194.134.142 - - [04/Mar/2014:00:59:43 +0100] "GET /templates/gk_penguinmail/images/style3/glow.jpg HTTP/1.1" 200 18301 "http://www.straman.de/" "Mozilla/5.0 (Macintosh; Intel Mac OS X 10_9_1) AppleWebKit/537.73.11 (KHTML, like Gecko) Version/7.0.1 Safari/537.73.11"
188.194.134.142 - - [04/Mar/2014:00:59:43 +0100] "GET /templates/gk_penguinmail/images/style3/menu_sprite.png HTTP/1.1" 200 450 "http://www.straman.de/" "Mozilla/5.0 (Macintosh; Intel Mac OS X 10_9_1) AppleWebKit/537.73.11 (KHTML, like Gecko) Version/7.0.1 Safari/537.73.11"
188.194.134.142 - - [04/Mar/2014:00:59:43 +0100] "GET /images/stories/privatgartenpflege.jpg HTTP/1.1" 200 42117 "http://www.straman.de/" "Mozilla/5.0 (Macintosh; Intel Mac OS X 10_9_1) AppleWebKit/537.73.11 (KHTML, like Gecko) Version/7.0.1 Safari/537.73.11"
188.194.134.142 - - [04/Mar/2014:00:59:43 +0100] "GET /images/stories/herbst%20klein.jpg HTTP/1.1" 200 65143 "http://www.straman.de/" "Mozilla/5.0 (Macintosh; Intel Mac OS X 10_9_1) AppleWebKit/537.73.11 (KHTML, like Gecko) Version/7.0.1 Safari/537.73.11"
188.194.134.142 - - [04/Mar/2014:00:59:43 +0100] "GET /images/stories/infrastrukturelles%20gebudemanagement%20.jpg HTTP/1.1" 200 51391 "http://www.straman.de/" "Mozilla/5.0 (Macintosh; Intel Mac OS X 10_9_1) AppleWebKit/537.73.11 (KHTML, like Gecko) Version/7.0.1 Safari/537.73.11"
188.194.134.142 - - [04/Mar/2014:00:59:43 +0100] "GET /images/stories/winterdienst%20klein.jpg HTTP/1.1" 200 49727 "http://www.straman.de/" "Mozilla/5.0 (Macintosh; Intel Mac OS X 10_9_1) AppleWebKit/537.73.11 (KHTML, like Gecko) Version/7.0.1 Safari/537.73.11"
188.194.134.142 - - [04/Mar/2014:00:59:43 +0100] "GET /images/kontaktformular.jpg HTTP/1.1" 200 42791 "http://www.straman.de/" "Mozilla/5.0 (Macintosh; Intel Mac OS X 10_9_1) AppleWebKit/537.73.11 (KHTML, like Gecko) Version/7.0.1 Safari/537.73.11"
188.194.134.142 - - [04/Mar/2014:00:59:43 +0100] "GET /templates/gk_penguinmail/images/menu_sprite.png HTTP/1.1" 404 2467 "http://www.straman.de/" "Mozilla/5.0 (Macintosh; Intel Mac OS X 10_9_1) AppleWebKit/537.73.11 (KHTML, like Gecko) Version/7.0.1 Safari/537.73.11"
188.194.134.142 - - [04/Mar/2014:00:59:43 +0100] "GET /templates/gk_penguinmail/images/logo.png HTTP/1.1" 200 6608 "http://www.straman.de/" "Mozilla/5.0 (Macintosh; Intel Mac OS X 10_9_1) AppleWebKit/537.73.11 (KHTML, like Gecko) Version/7.0.1 Safari/537.73.11"
188.194.134.142 - - [04/Mar/2014:00:59:43 +0100] "GET /images/header_index_980x185.png HTTP/1.1" 200 211631 "http://www.straman.de/" "Mozilla/5.0 (Macintosh; Intel Mac OS X 10_9_1) AppleWebKit/537.73.11 (KHTML, like Gecko) Version/7.0.1 Safari/537.73.11"
84.128.175.206 - - [04/Mar/2014:01:04:28 +0100] "GET /component/mailto/?tmpl=component&link=4d090a7d0dad0ed1b40abd9c35a75b7faac292cb HTTP/1.1" 200 2687 "-" "Mozilla/5.0 (Windows; U; Windows NT 6.0; de; rv:1.9.2.3) Gecko/20100401 Firefox/3.6.3 ( .NET CLR 3.5.30729)"
157.55.32.190 - - [04/Mar/2014:01:10:25 +0100] "GET /robots.txt HTTP/1.1" 200 304 "-" "Mozilla/5.0 (compatible; bingbot/2.0; +http://www.bing.com/bingbot.htm)"
157.55.32.190 - - [04/Mar/2014:01:16:58 +0100] "GET /servicebereiche/gruenanlagenpflege/privatgartenpflege.html HTTP/1.1" 200 21124 "-" "Mozilla/5.0 (compatible; bingbot/2.0; +http://www.bing.com/bingbot.htm)"
66.249.65.184 - - [04/Mar/2014:01:20:51 +0100] "GET /servicebereiche/winterdienst/privatkunden.html HTTP/1.1" 200 14633 "-" "Mozilla/5.0 (iPhone; CPU iPhone OS 6_0 like Mac OS X) AppleWebKit/536.26 (KHTML, like Gecko) Version/6.0 Mobile/10A5376e Safari/8536.25 (compatible; Googlebot/2.1; +http://www.google.com/bot.html)"
84.128.175.206 - - [04/Mar/2014:01:39:45 +0100] "GET /referenzen/58.html HTTP/1.1" 200 19388 "-" "Mozilla/5.0 (Windows; U; Windows NT 6.0; de; rv:1.9.2.3) Gecko/20100401 Firefox/3.6.3 ( .NET CLR 3.5.30729)"
84.128.175.206 - - [04/Mar/2014:01:47:27 +0100] "GET /component/mailto/?tmpl=component&link=fcdbae1f04f84c0b90da1200899b1a5c8c97ead8 HTTP/1.1" 200 2687 "-" "Mozilla/5.0 (Windows; U; Windows NT 6.0; de; rv:1.9.2.3) Gecko/20100401 Firefox/3.6.3 ( .NET CLR 3.5.30729)"
84.128.175.206 - - [04/Mar/2014:02:00:04 +0100] "GET /servicebereiche/gruenanlagenpflege/gewerbegruenpflege/58.html HTTP/1.1" 200 19215 "-" "Mozilla/5.0 (Windows; U; Windows NT 6.0; de; rv:1.9.2.3) Gecko/20100401 Firefox/3.6.3 ( .NET CLR 3.5.30729)"
208.115.111.71 - - [04/Mar/2014:02:07:11 +0100] "GET /robots.txt HTTP/1.1" 200 304 "-" "Mozilla/5.0 (compatible; Ezooms/1.0; help@moz.com)"
208.115.113.87 - - [04/Mar/2014:02:09:47 +0100] "GET /component/content/article/58.html HTTP/1.1" 200 17986 "-" "Mozilla/5.0 (compatible; Ezooms/1.0; help@moz.com)"
84.128.175.206 - - [04/Mar/2014:02:11:08 +0100] "GET /unternehmen/imagevideo-straman/58.html HTTP/1.1" 200 18579 "-" "Mozilla/5.0 (Windows; U; Windows NT 6.0; de; rv:1.9.2.3) Gecko/20100401 Firefox/3.6.3 ( .NET CLR 3.5.30729)"
84.128.175.206 - - [04/Mar/2014:02:14:36 +0100] "GET /unternehmen/historie/58.html HTTP/1.1" 200 19061 "-" "Mozilla/5.0 (Windows; U; Windows NT 6.0; de; rv:1.9.2.3) Gecko/20100401 Firefox/3.6.3 ( .NET CLR 3.5.30729)"
89.247.120.31 - - [04/Mar/2014:02:33:37 +0100] "GET / HTTP/1.1" 200 5615 "-" "Mozilla/5.0 (Android; Tablet; rv:27.0) Gecko/27.0 Firefox/27.0"
89.247.120.31 - - [04/Mar/2014:02:33:37 +0100] "GET /templates/gk_penguinmail/css/handheld/handheld.css HTTP/1.1" 200 3827 "http://www.straman.de/" "Mozilla/5.0 (Android; Tablet; rv:27.0) Gecko/27.0 Firefox/27.0"
89.247.120.31 - - [04/Mar/2014:02:33:37 +0100] "GET /media/system/js/mootools.js HTTP/1.1" 200 74434 "http://www.straman.de/" "Mozilla/5.0 (Android; Tablet; rv:27.0) Gecko/27.0 Firefox/27.0"
89.247.120.31 - - [04/Mar/2014:02:33:37 +0100] "GET /media/system/js/caption.js HTTP/1.1" 200 1963 "http://www.straman.de/" "Mozilla/5.0 (Android; Tablet; rv:27.0) Gecko/27.0 Firefox/27.0"
89.247.120.31 - - [04/Mar/2014:02:33:37 +0100] "GET /templates/gk_penguinmail/css/template.css HTTP/1.1" 200 9192 "http://www.straman.de/" "Mozilla/5.0 (Android; Tablet; rv:27.0) Gecko/27.0 Firefox/27.0"
89.247.120.31 - - [04/Mar/2014:02:33:38 +0100] "GET /templates/gk_penguinmail/favicon.ico HTTP/1.1" 200 5686 "-" "Mozilla/5.0 (Android; Tablet; rv:27.0) Gecko/27.0 Firefox/27.0"
89.247.120.31 - - [04/Mar/2014:02:33:48 +0100] "GET /component/user/login.html HTTP/1.1" 200 9758 "http://www.straman.de/" "Mozilla/5.0 (Android; Tablet; rv:27.0) Gecko/27.0 Firefox/27.0"
89.247.120.31 - - [04/Mar/2014:02:33:48 +0100] "GET /media/system/js/validate.js HTTP/1.1" 200 4246 "http://www.straman.de/component/user/login.html" "Mozilla/5.0 (Android; Tablet; rv:27.0) Gecko/27.0 Firefox/27.0"
89.247.120.31 - - [04/Mar/2014:02:33:48 +0100] "GET /templates/gk_penguinmail/images/logo.png HTTP/1.1" 200 6608 "http://www.straman.de/templates/gk_penguinmail/css/handheld/handheld.css" "Mozilla/5.0 (Android; Tablet; rv:27.0) Gecko/27.0 Firefox/27.0"
89.247.120.31 - - [04/Mar/2014:02:34:09 +0100] "GET / HTTP/1.1" 200 5615 "-" "Mozilla/5.0 (Android; Tablet; rv:27.0) Gecko/27.0 Firefox/27.0"
66.249.65.227 - - [04/Mar/2014:03:10:27 +0100] "GET /unternehmen/impressum.html HTTP/1.1" 200 13498 "-" "Mozilla/5.0 (iPhone; CPU iPhone OS 6_0 like Mac OS X) AppleWebKit/536.26 (KHTML, like Gecko) Version/6.0 Mobile/10A5376e Safari/8536.25 (compatible; Googlebot/2.1; +http://www.google.com/bot.html)"
66.249.65.227 - - [04/Mar/2014:03:16:07 +0100] "GET /unternehmen/historie.html HTTP/1.1" 200 399618 "-" "Mozilla/5.0 (iPhone; CPU iPhone OS 6_0 like Mac OS X) AppleWebKit/536.26 (KHTML, like Gecko) Version/6.0 Mobile/10A5376e Safari/8536.25 (compatible; Googlebot/2.1; +http://www.google.com/bot.html)"
92.226.244.244 - - [04/Mar/2014:05:05:37 +0100] "GET / HTTP/1.1" 200 17934 "http://www.google.de/aclk?sa=L&ai=CeIhADFEVU_OZNsmEjAal-oKgCumv--cF8Ya5goMB48GKBggAEAIoAlDz5ISI-_____8BYJXar4K4B8gBAakCnj-KzvsFtz6qBCZP0LLGq0mNa4znnXOyNSWZH7j7Fv5X6jPVtNV_ZQWzOLcWfsR7HIAHmY3zQZAHAw&sig=AOD64_2yIIbTuW7PzRS2hdmMuprxWFDS8A&rct=j&q=25348+Gl%C3%BCckstadt+Immobilien+kauf&ved=0CDoQ0Qw&adurl=http://www.straman.de" "Mozilla/5.0 (Windows NT 6.1; WOW64) AppleWebKit/537.36 (KHTML, like Gecko) Chrome/31.0.1650.63 Safari/537.36"
92.226.244.244 - - [04/Mar/2014:05:05:38 +0100] "GET /templates/system/css/system.css HTTP/1.1" 200 1385 "http://www.straman.de/" "Mozilla/5.0 (Windows NT 6.1; WOW64) AppleWebKit/537.36 (KHTML, like Gecko) Chrome/31.0.1650.63 Safari/537.36"
92.226.244.244 - - [04/Mar/2014:05:05:38 +0100] "GET /templates/system/css/general.css HTTP/1.1" 200 2777 "http://www.straman.de/" "Mozilla/5.0 (Windows NT 6.1; WOW64) AppleWebKit/537.36 (KHTML, like Gecko) Chrome/31.0.1650.63 Safari/537.36"
92.226.244.244 - - [04/Mar/2014:05:05:38 +0100] "GET /templates/gk_penguinmail/css/addons.css HTTP/1.1" 200 2644 "http://www.straman.de/" "Mozilla/5.0 (Windows NT 6.1; WOW64) AppleWebKit/537.36 (KHTML, like Gecko) Chrome/31.0.1650.63 Safari/537.36"
92.226.244.244 - - [04/Mar/2014:05:05:38 +0100] "GET /templates/gk_penguinmail/css/gk_stuff.css HTTP/1.1" 200 12799 "http://www.straman.de/" "Mozilla/5.0 (Windows NT 6.1; WOW64) AppleWebKit/537.36 (KHTML, like Gecko) Chrome/31.0.1650.63 Safari/537.36"
92.226.244.244 - - [04/Mar/2014:05:05:38 +0100] "GET /templates/gk_penguinmail/css/layout.css HTTP/1.1" 200 1684 "http://www.straman.de/" "Mozilla/5.0 (Windows NT 6.1; WOW64) AppleWebKit/537.36 (KHTML, like Gecko) Chrome/31.0.1650.63 Safari/537.36"
92.226.244.244 - - [04/Mar/2014:05:05:38 +0100] "GET /templates/gk_penguinmail/css/template.css HTTP/1.1" 200 9192 "http://www.straman.de/" "Mozilla/5.0 (Windows NT 6.1; WOW64) AppleWebKit/537.36 (KHTML, like Gecko) Chrome/31.0.1650.63 Safari/537.36"
92.226.244.244 - - [04/Mar/2014:05:05:38 +0100] "GET /templates/gk_penguinmail/css/typo.css HTTP/1.1" 200 15356 "http://www.straman.de/" "Mozilla/5.0 (Windows NT 6.1; WOW64) AppleWebKit/537.36 (KHTML, like Gecko) Chrome/31.0.1650.63 Safari/537.36"
92.226.244.244 - - [04/Mar/2014:05:05:38 +0100] "GET /templates/gk_penguinmail/css/joomla.css HTTP/1.1" 200 14242 "http://www.straman.de/" "Mozilla/5.0 (Windows NT 6.1; WOW64) AppleWebKit/537.36 (KHTML, like Gecko) Chrome/31.0.1650.63 Safari/537.36"
92.226.244.244 - - [04/Mar/2014:05:05:38 +0100] "GET /templates/gk_penguinmail/css/css3_style3.css HTTP/1.1" 200 2980 "http://www.straman.de/" "Mozilla/5.0 (Windows NT 6.1; WOW64) AppleWebKit/537.36 (KHTML, like Gecko) Chrome/31.0.1650.63 Safari/537.36"
92.226.244.244 - - [04/Mar/2014:05:05:38 +0100] "GET /templates/gk_penguinmail/css/style3.css HTTP/1.1" 200 13892 "http://www.straman.de/" "Mozilla/5.0 (Windows NT 6.1; WOW64) AppleWebKit/537.36 (KHTML, like Gecko) Chrome/31.0.1650.63 Safari/537.36"
92.226.244.244 - - [04/Mar/2014:05:05:38 +0100] "GET /templates/gk_penguinmail/css/override.css HTTP/1.1" 200 3916 "http://www.straman.de/" "Mozilla/5.0 (Windows NT 6.1; WOW64) AppleWebKit/537.36 (KHTML, like Gecko) Chrome/31.0.1650.63 Safari/537.36"
92.226.244.244 - - [04/Mar/2014:05:05:38 +0100] "GET /templates/gk_penguinmail/css/menu/mega.css HTTP/1.1" 200 4575 "http://www.straman.de/" "Mozilla/5.0 (Windows NT 6.1; WOW64) AppleWebKit/537.36 (KHTML, like Gecko) Chrome/31.0.1650.63 Safari/537.36"
92.226.244.244 - - [04/Mar/2014:05:05:38 +0100] "GET /templates/gk_penguinmail/fonts/PT-Seans/stylesheet.css HTTP/1.1" 200 2445 "http://www.straman.de/" "Mozilla/5.0 (Windows NT 6.1; WOW64) AppleWebKit/537.36 (KHTML, like Gecko) Chrome/31.0.1650.63 Safari/537.36"
92.226.244.244 - - [04/Mar/2014:05:05:38 +0100] "GET /templates/gk_penguinmail/js/domready_fix.js HTTP/1.1" 200 1340 "http://www.straman.de/" "Mozilla/5.0 (Windows NT 6.1; WOW64) AppleWebKit/537.36 (KHTML, like Gecko) Chrome/31.0.1650.63 Safari/537.36"
92.226.244.244 - - [04/Mar/2014:05:05:38 +0100] "GET /media/system/js/caption.js HTTP/1.1" 200 1963 "http://www.straman.de/" "Mozilla/5.0 (Windows NT 6.1; WOW64) AppleWebKit/537.36 (KHTML, like Gecko) Chrome/31.0.1650.63 Safari/537.36"
92.226.244.244 - - [04/Mar/2014:05:05:38 +0100] "GET /templates/gk_penguinmail/js/gk.script.js HTTP/1.1" 200 4585 "http://www.straman.de/" "Mozilla/5.0 (Windows NT 6.1; WOW64) AppleWebKit/537.36 (KHTML, like Gecko) Chrome/31.0.1650.63 Safari/537.36"
92.226.244.244 - - [04/Mar/2014:05:05:38 +0100] "GET /templates/gk_penguinmail/js/menu/mega.js HTTP/1.1" 200 12974 "http://www.straman.de/" "Mozilla/5.0 (Windows NT 6.1; WOW64) AppleWebKit/537.36 (KHTML, like Gecko) Chrome/31.0.1650.63 Safari/537.36"
92.226.244.244 - - [04/Mar/2014:05:05:38 +0100] "GET /media/system/js/mootools.js HTTP/1.1" 200 74434 "http://www.straman.de/" "Mozilla/5.0 (Windows NT 6.1; WOW64) AppleWebKit/537.36 (KHTML, like Gecko) Chrome/31.0.1650.63 Safari/537.36"
92.226.244.244 - - [04/Mar/2014:05:05:38 +0100] "GET /images/header_index_980x185.png HTTP/1.1" 200 211631 "http://www.straman.de/" "Mozilla/5.0 (Windows NT 6.1; WOW64) AppleWebKit/537.36 (KHTML, like Gecko) Chrome/31.0.1650.63 Safari/537.36"
92.226.244.244 - - [04/Mar/2014:05:05:38 +0100] "GET /images/stories/privatgartenpflege.jpg HTTP/1.1" 200 42117 "http://www.straman.de/" "Mozilla/5.0 (Windows NT 6.1; WOW64) AppleWebKit/537.36 (KHTML, like Gecko) Chrome/31.0.1650.63 Safari/537.36"
92.226.244.244 - - [04/Mar/2014:05:05:38 +0100] "GET /templates/gk_penguinmail/images/style3/glow.jpg HTTP/1.1" 200 18301 "http://www.straman.de/" "Mozilla/5.0 (Windows NT 6.1; WOW64) AppleWebKit/537.36 (KHTML, like Gecko) Chrome/31.0.1650.63 Safari/537.36"
92.226.244.244 - - [04/Mar/2014:05:05:38 +0100] "GET /images/stories/winterdienst%20klein.jpg HTTP/1.1" 200 49727 "http://www.straman.de/" "Mozilla/5.0 (Windows NT 6.1; WOW64) AppleWebKit/537.36 (KHTML, like Gecko) Chrome/31.0.1650.63 Safari/537.36"
92.226.244.244 - - [04/Mar/2014:05:05:38 +0100] "GET /images/stories/infrastrukturelles%20gebudemanagement%20.jpg HTTP/1.1" 200 51391 "http://www.straman.de/" "Mozilla/5.0 (Windows NT 6.1; WOW64) AppleWebKit/537.36 (KHTML, like Gecko) Chrome/31.0.1650.63 Safari/537.36"
92.226.244.244 - - [04/Mar/2014:05:05:38 +0100] "GET /templates/gk_penguinmail/images/style3/menu_sprite.png HTTP/1.1" 200 450 "http://www.straman.de/" "Mozilla/5.0 (Windows NT 6.1; WOW64) AppleWebKit/537.36 (KHTML, like Gecko) Chrome/31.0.1650.63 Safari/537.36"
92.226.244.244 - - [04/Mar/2014:05:05:38 +0100] "GET /images/stories/herbst%20klein.jpg HTTP/1.1" 200 65143 "http://www.straman.de/" "Mozilla/5.0 (Windows NT 6.1; WOW64) AppleWebKit/537.36 (KHTML, like Gecko) Chrome/31.0.1650.63 Safari/537.36"
92.226.244.244 - - [04/Mar/2014:05:05:38 +0100] "GET /templates/gk_penguinmail/images/logo.png HTTP/1.1" 200 6608 "http://www.straman.de/" "Mozilla/5.0 (Windows NT 6.1; WOW64) AppleWebKit/537.36 (KHTML, like Gecko) Chrome/31.0.1650.63 Safari/537.36"
92.226.244.244 - - [04/Mar/2014:05:05:38 +0100] "GET /images/kontaktformular.jpg HTTP/1.1" 200 42791 "http://www.straman.de/" "Mozilla/5.0 (Windows NT 6.1; WOW64) AppleWebKit/537.36 (KHTML, like Gecko) Chrome/31.0.1650.63 Safari/537.36"
92.226.244.244 - - [04/Mar/2014:05:05:38 +0100] "GET /templates/gk_penguinmail/images/menu_sprite.png HTTP/1.1" 404 2467 "http://www.straman.de/" "Mozilla/5.0 (Windows NT 6.1; WOW64) AppleWebKit/537.36 (KHTML, like Gecko) Chrome/31.0.1650.63 Safari/537.36"
54.211.1.18 - - [04/Mar/2014:05:05:41 +0100] "GET /robots.txt HTTP/1.1" 200 304 "-" "Mozilla/5.0 (compatible; proximic; +http://www.proximic.com/info/spider.php)"
31.41.216.107 - - [04/Mar/2014:05:06:08 +0100] "GET / HTTP/1.0" 200 17933 "http://www.straman.de/" "Mozilla/5.0 (Windows NT 6.1; WOW64; rv:17.0) Gecko/17.0 Firefox/17.0"
31.41.216.107 - - [04/Mar/2014:05:06:08 +0100] "GET /index.php HTTP/1.0" 200 17951 "http://www.straman.de/index.php" "Mozilla/5.0 (Windows NT 6.1; WOW64; rv:17.0) Gecko/17.0 Firefox/17.0"
84.191.25.199 - - [04/Mar/2014:05:58:01 +0100] "GET / HTTP/1.1" 200 17903 "http://www.google.de/aclk?sa=L&ai=C-KkvLl0VU9TbDKmOjAbXq4L4C-mv--cFmdy5goMBmuH3CwgDEAFQ8-SEiPv_____AWCV-vCBjAfIAQGpAp4_is77Bbc-qgQmT9DngY21aLd7-GoxID47oVqAmD1wIG70EjnGbz9ZAiTb1D5Mpj2AB5mN80GQBwM&sig=AOD64_2iPGVHEM99fi3z0B6TVeiOKtEYhw&rct=j&frm=1&q=deutsche+tgs+dienstleistungs+gmbh&ved=0CHgQ0Qw&adurl=http://www.straman.de" "Mozilla/4.0 (compatible; MSIE 8.0; Windows NT 5.1; Trident/4.0; Media Center PC 3.0; .NET CLR 1.0.3705; .NET CLR 1.1.4322; .NET CLR 2.0.50727; .NET CLR 3.0.4506.2152; .NET CLR 3.5.30729)"
84.191.25.199 - - [04/Mar/2014:05:58:01 +0100] "GET /templates/system/css/system.css HTTP/1.1" 200 1385 "http://www.straman.de/" "Mozilla/4.0 (compatible; MSIE 8.0; Windows NT 5.1; Trident/4.0; Media Center PC 3.0; .NET CLR 1.0.3705; .NET CLR 1.1.4322; .NET CLR 2.0.50727; .NET CLR 3.0.4506.2152; .NET CLR 3.5.30729)"
84.191.25.199 - - [04/Mar/2014:05:58:01 +0100] "GET /templates/gk_penguinmail/css/addons.css HTTP/1.1" 200 2644 "http://www.straman.de/" "Mozilla/4.0 (compatible; MSIE 8.0; Windows NT 5.1; Trident/4.0; Media Center PC 3.0; .NET CLR 1.0.3705; .NET CLR 1.1.4322; .NET CLR 2.0.50727; .NET CLR 3.0.4506.2152; .NET CLR 3.5.30729)"
84.191.25.199 - - [04/Mar/2014:05:58:02 +0100] "GET /templates/gk_penguinmail/css/layout.css HTTP/1.1" 200 1684 "http://www.straman.de/" "Mozilla/4.0 (compatible; MSIE 8.0; Windows NT 5.1; Trident/4.0; Media Center PC 3.0; .NET CLR 1.0.3705; .NET CLR 1.1.4322; .NET CLR 2.0.50727; .NET CLR 3.0.4506.2152; .NET CLR 3.5.30729)"
84.191.25.199 - - [04/Mar/2014:05:58:02 +0100] "GET /templates/system/css/general.css HTTP/1.1" 200 2777 "http://www.straman.de/" "Mozilla/4.0 (compatible; MSIE 8.0; Windows NT 5.1; Trident/4.0; Media Center PC 3.0; .NET CLR 1.0.3705; .NET CLR 1.1.4322; .NET CLR 2.0.50727; .NET CLR 3.0.4506.2152; .NET CLR 3.5.30729)"
84.191.25.199 - - [04/Mar/2014:05:58:02 +0100] "GET /templates/gk_penguinmail/css/joomla.css HTTP/1.1" 200 14242 "http://www.straman.de/" "Mozilla/4.0 (compatible; MSIE 8.0; Windows NT 5.1; Trident/4.0; Media Center PC 3.0; .NET CLR 1.0.3705; .NET CLR 1.1.4322; .NET CLR 2.0.50727; .NET CLR 3.0.4506.2152; .NET CLR 3.5.30729)"
84.191.25.199 - - [04/Mar/2014:05:58:02 +0100] "GET /templates/gk_penguinmail/css/template.css HTTP/1.1" 200 9192 "http://www.straman.de/" "Mozilla/4.0 (compatible; MSIE 8.0; Windows NT 5.1; Trident/4.0; Media Center PC 3.0; .NET CLR 1.0.3705; .NET CLR 1.1.4322; .NET CLR 2.0.50727; .NET CLR 3.0.4506.2152; .NET CLR 3.5.30729)"
84.191.25.199 - - [04/Mar/2014:05:58:02 +0100] "GET /templates/gk_penguinmail/css/typo.css HTTP/1.1" 200 15356 "http://www.straman.de/" "Mozilla/4.0 (compatible; MSIE 8.0; Windows NT 5.1; Trident/4.0; Media Center PC 3.0; .NET CLR 1.0.3705; .NET CLR 1.1.4322; .NET CLR 2.0.50727; .NET CLR 3.0.4506.2152; .NET CLR 3.5.30729)"
84.191.25.199 - - [04/Mar/2014:05:58:02 +0100] "GET /templates/gk_penguinmail/css/gk_stuff.css HTTP/1.1" 200 12799 "http://www.straman.de/" "Mozilla/4.0 (compatible; MSIE 8.0; Windows NT 5.1; Trident/4.0; Media Center PC 3.0; .NET CLR 1.0.3705; .NET CLR 1.1.4322; .NET CLR 2.0.50727; .NET CLR 3.0.4506.2152; .NET CLR 3.5.30729)"
84.191.25.199 - - [04/Mar/2014:05:58:02 +0100] "GET /templates/gk_penguinmail/css/css3_style3.css HTTP/1.1" 200 2980 "http://www.straman.de/" "Mozilla/4.0 (compatible; MSIE 8.0; Windows NT 5.1; Trident/4.0; Media Center PC 3.0; .NET CLR 1.0.3705; .NET CLR 1.1.4322; .NET CLR 2.0.50727; .NET CLR 3.0.4506.2152; .NET CLR 3.5.30729)"
84.191.25.199 - - [04/Mar/2014:05:58:02 +0100] "GET /templates/gk_penguinmail/css/style3.css HTTP/1.1" 200 13892 "http://www.straman.de/" "Mozilla/4.0 (compatible; MSIE 8.0; Windows NT 5.1; Trident/4.0; Media Center PC 3.0; .NET CLR 1.0.3705; .NET CLR 1.1.4322; .NET CLR 2.0.50727; .NET CLR 3.0.4506.2152; .NET CLR 3.5.30729)"
84.191.25.199 - - [04/Mar/2014:05:58:02 +0100] "GET /templates/gk_penguinmail/css/override.css HTTP/1.1" 200 3916 "http://www.straman.de/" "Mozilla/4.0 (compatible; MSIE 8.0; Windows NT 5.1; Trident/4.0; Media Center PC 3.0; .NET CLR 1.0.3705; .NET CLR 1.1.4322; .NET CLR 2.0.50727; .NET CLR 3.0.4506.2152; .NET CLR 3.5.30729)"
84.191.25.199 - - [04/Mar/2014:05:58:02 +0100] "GET /templates/gk_penguinmail/js/gk.script.js HTTP/1.1" 200 4585 "http://www.straman.de/" "Mozilla/4.0 (compatible; MSIE 8.0; Windows NT 5.1; Trident/4.0; Media Center PC 3.0; .NET CLR 1.0.3705; .NET CLR 1.1.4322; .NET CLR 2.0.50727; .NET CLR 3.0.4506.2152; .NET CLR 3.5.30729)"
