66.249.75.49 - - [12/Mar/2013:04:30:04 +0100] "GET /lexikon.php?cs_go=3&cs_id=79 HTTP/1.1" 200 8001 "-" "Mozilla/5.0 (compatible; Googlebot/2.1; +http://www.google.com/bot.html)"
141.8.147.12 - - [12/Mar/2013:04:34:31 +0100] "GET /robots.txt HTTP/1.1" 200 177 "-" "Mozilla/5.0 (compatible; YandexBot/3.0; +http://yandex.com/bots)"
208.115.111.75 - - [12/Mar/2013:04:37:56 +0100] "GET /news.php?cs_go=archiv&cs_id=3830&cs_search= HTTP/1.1" 200 13501 "-" "Mozilla/5.0 (compatible; Ezooms/1.0; ezooms.bot@gmail.com)"
208.115.111.75 - - [12/Mar/2013:04:37:59 +0100] "GET /news.php?cs_go=archiv&cs_id=3879&cs_search= HTTP/1.1" 200 11074 "-" "Mozilla/5.0 (compatible; Ezooms/1.0; ezooms.bot@gmail.com)"
208.115.113.91 - - [12/Mar/2013:04:42:44 +0100] "GET /robots.txt HTTP/1.1" 200 177 "-" "Mozilla/5.0 (compatible; Ezooms/1.0; ezooms.bot@gmail.com)"
66.249.78.46 - - [12/Mar/2013:05:21:38 +0100] "GET /news.php?cs_go=archiv&cs_id=3318&cs_search= HTTP/1.1" 200 9846 "-" "Mozilla/5.0 (compatible; Googlebot/2.1; +http://www.google.com/bot.html)"
141.8.147.12 - - [12/Mar/2013:05:53:45 +0100] "GET /index.php HTTP/1.1" 200 12124 "-" "Mozilla/5.0 (compatible; YandexBot/3.0; +http://yandex.com/bots)"
66.249.78.46 - - [12/Mar/2013:06:18:46 +0100] "GET /news.php?cs_go=archiv&cs_id=2857 HTTP/1.1" 200 11566 "-" "Mozilla/5.0 (compatible; Googlebot/2.1; +http://www.google.com/bot.html)"
208.115.113.91 - - [12/Mar/2013:06:47:18 +0100] "GET /news.php?cs_go=archiv&cs_id=3821&cs_search= HTTP/1.1" 200 11007 "-" "Mozilla/5.0 (compatible; Ezooms/1.0; ezooms.bot@gmail.com)"
208.115.113.91 - - [12/Mar/2013:06:47:21 +0100] "GET /news.php?cs_go=archiv&cs_id=3875&cs_search= HTTP/1.1" 200 12259 "-" "Mozilla/5.0 (compatible; Ezooms/1.0; ezooms.bot@gmail.com)"
141.8.147.12 - - [12/Mar/2013:07:12:53 +0100] "GET /news.php?cs_go=archiv HTTP/1.1" 200 22193 "-" "Mozilla/5.0 (compatible; YandexBot/3.0; +http://yandex.com/bots)"
94.23.225.68 - - [12/Mar/2013:07:12:55 +0100] "GET /impressum.php HTTP/1.1" 200 8582 "-" "Mozilla/5.0 (X11; Linux i686; rv:6.0) Gecko/20100101 Firefox/6.0"
66.249.78.46 - - [12/Mar/2013:07:17:11 +0100] "GET /content/encyclopedia/images/1_023.jpg HTTP/1.1" 404 - "-" "Googlebot-Image/1.0"
66.249.78.46 - - [12/Mar/2013:07:27:48 +0100] "GET /news.php?cs_go=archiv&cs_startpos=520 HTTP/1.1" 200 8125 "-" "Mozilla/5.0 (compatible; Googlebot/2.1; +http://www.google.com/bot.html)"
157.55.32.117 - - [12/Mar/2013:07:33:59 +0100] "GET /robots.txt HTTP/1.1" 200 177 "-" "Mozilla/5.0 (compatible; bingbot/2.0; +http://www.bing.com/bingbot.htm)"
157.55.32.117 - - [12/Mar/2013:07:35:19 +0100] "GET / HTTP/1.1" 200 12129 "-" "Mozilla/5.0 (compatible; bingbot/2.0; +http://www.bing.com/bingbot.htm)"
66.249.78.46 - - [12/Mar/2013:07:36:58 +0100] "GET /news.php?cs_go=archiv&cs_id=2774&cs_search= HTTP/1.1" 200 10621 "-" "Mozilla/5.0 (compatible; Googlebot/2.1; +http://www.google.com/bot.html)"
62.235.218.36 - - [12/Mar/2013:08:03:20 +0100] "GET / HTTP/1.1" 200 8715 "-" "Java/1.6.0_23"
66.249.78.46 - - [12/Mar/2013:08:06:56 +0100] "GET /news.php?cs_go=archiv&cs_id=2907 HTTP/1.1" 200 10014 "-" "Mozilla/5.0 (compatible; Googlebot/2.1; +http://www.google.com/bot.html)"
157.55.32.99 - - [12/Mar/2013:08:09:20 +0100] "GET /wunschpreis.php HTTP/1.1" 200 12084 "-" "Mozilla/5.0 (compatible; bingbot/2.0; +http://www.bing.com/bingbot.htm)"
84.38.65.176 - - [12/Mar/2013:08:25:27 +0100] "GET / HTTP/1.0" 200 1519 "http://www.backlink-webkatalog.de/" "Mozilla/5.0 (Windows; U; Windows NT 6.0; en-US) AppleWebKit/533.4 (KHTML, like Gecko) Chrome/5.0.375.126 Safari/533.4"
141.8.147.12 - - [12/Mar/2013:08:39:25 +0100] "GET /news.php HTTP/1.1" 200 22235 "-" "Mozilla/5.0 (compatible; YandexBot/3.0; +http://yandex.com/bots)"
66.249.78.46 - - [12/Mar/2013:08:39:45 +0100] "GET / HTTP/1.1" 200 12129 "-" "SAMSUNG-SGH-E250/1.0 Profile/MIDP-2.0 Configuration/CLDC-1.1 UP.Browser/6.2.3.3.c.1.101 (GUI) MMP/2.0 (compatible; Googlebot-Mobile/2.1; +http://www.google.com/bot.html)"
208.115.113.91 - - [12/Mar/2013:08:46:09 +0100] "GET /robots.txt HTTP/1.1" 200 177 "-" "Mozilla/5.0 (compatible; Ezooms/1.0; ezooms.bot@gmail.com)"
66.249.78.46 - - [12/Mar/2013:08:59:28 +0100] "GET /news.php?cs_go=archiv&cs_id=3742 HTTP/1.1" 200 12415 "-" "Mozilla/5.0 (compatible; Googlebot/2.1; +http://www.google.com/bot.html)"
66.249.75.49 - - [12/Mar/2013:09:57:27 +0100] "GET /news.php HTTP/1.1" 200 22314 "-" "Mozilla/5.0 (iPhone; U; CPU iPhone OS 4_1 like Mac OS X; en-us) AppleWebKit/532.9 (KHTML, like Gecko) Version/4.0.5 Mobile/8B117 Safari/6531.22.7 (compatible; Googlebot-Mobile/2.1; +http://www.google.com/bot.html)"
66.249.78.46 - - [12/Mar/2013:10:05:34 +0100] "GET /news.php?cs_go=archiv&cs_id=2753&cs_search= HTTP/1.1" 200 9932 "-" "Mozilla/5.0 (compatible; Googlebot/2.1; +http://www.google.com/bot.html)"
66.249.78.46 - - [12/Mar/2013:10:08:17 +0100] "GET /lexikon.php?cs_go=3&cs_id=129 HTTP/1.1" 200 8647 "-" "Mozilla/5.0 (compatible; Googlebot/2.1; +http://www.google.com/bot.html)"
141.8.147.12 - - [12/Mar/2013:10:19:18 +0100] "GET / HTTP/1.1" 200 12166 "-" "Mozilla/5.0 (compatible; YandexBot/3.0; MirrorDetector; +http://yandex.com/bots)"
141.8.147.12 - - [12/Mar/2013:10:19:26 +0100] "GET / HTTP/1.1" 200 12166 "-" "Mozilla/5.0 (compatible; YandexBot/3.0; MirrorDetector; +http://yandex.com/bots)"
66.249.78.46 - - [12/Mar/2013:10:22:01 +0100] "GET /news.php?cs_go=archiv&cs_id=3283&cs_search= HTTP/1.1" 200 12986 "-" "Mozilla/5.0 (compatible; Googlebot/2.1; +http://www.google.com/bot.html)"
66.249.78.46 - - [12/Mar/2013:10:26:38 +0100] "GET /lexikon.php?cs_go=3&cs_id=215 HTTP/1.1" 200 8641 "-" "Mozilla/5.0 (compatible; Googlebot/2.1; +http://www.google.com/bot.html)"
66.249.78.46 - - [12/Mar/2013:10:35:46 +0100] "GET /lexikon.php?cs_go=3&cs_id=51 HTTP/1.1" 200 8711 "-" "Mozilla/5.0 (compatible; Googlebot/2.1; +http://www.google.com/bot.html)"
93.219.56.90 - - [12/Mar/2013:10:52:17 +0100] "GET /optiplus.php HTTP/1.1" 200 11100 "http://www.google.de/url?sa=t&rct=j&q=mink%20heiz%C3%B6l&source=web&cd=2&sqi=2&ved=0CEAQFjAB&url=http%3A%2F%2Fwww.mink-gmbh.de%2Foptiplus.php&ei=xfo-UbutHZDdsgaJhYHgDQ&usg=AFQjCNEouGCMmLgK9iGVLaDNxyZZMZ_YPQ&bvm=bv.43287494,d.Yms" "Mozilla/5.0 (Windows NT 6.0; rv:19.0) Gecko/20100101 Firefox/19.0"
93.219.56.90 - - [12/Mar/2013:10:52:17 +0100] "GET /style.css HTTP/1.1" 200 8418 "http://www.mink-gmbh.de/optiplus.php" "Mozilla/5.0 (Windows NT 6.0; rv:19.0) Gecko/20100101 Firefox/19.0"
93.219.56.90 - - [12/Mar/2013:10:52:17 +0100] "GET /modul.css HTTP/1.1" 200 35038 "http://www.mink-gmbh.de/optiplus.php" "Mozilla/5.0 (Windows NT 6.0; rv:19.0) Gecko/20100101 Firefox/19.0"
93.219.56.90 - - [12/Mar/2013:10:52:17 +0100] "GET /images/mail.jpg HTTP/1.1" 200 11165 "http://www.mink-gmbh.de/optiplus.php" "Mozilla/5.0 (Windows NT 6.0; rv:19.0) Gecko/20100101 Firefox/19.0"
93.219.56.90 - - [12/Mar/2013:10:52:17 +0100] "GET /images/Optiseite.jpg HTTP/1.1" 200 32107 "http://www.mink-gmbh.de/optiplus.php" "Mozilla/5.0 (Windows NT 6.0; rv:19.0) Gecko/20100101 Firefox/19.0"
93.219.56.90 - - [12/Mar/2013:10:52:17 +0100] "GET /images/kwk.gif HTTP/1.1" 200 6403 "http://www.mink-gmbh.de/optiplus.php" "Mozilla/5.0 (Windows NT 6.0; rv:19.0) Gecko/20100101 Firefox/19.0"
93.219.56.90 - - [12/Mar/2013:10:52:17 +0100] "GET /images/wunschpreis.jpg HTTP/1.1" 200 16767 "http://www.mink-gmbh.de/optiplus.php" "Mozilla/5.0 (Windows NT 6.0; rv:19.0) Gecko/20100101 Firefox/19.0"
93.219.56.90 - - [12/Mar/2013:10:52:17 +0100] "GET /images/logos.jpg HTTP/1.1" 200 15002 "http://www.mink-gmbh.de/optiplus.php" "Mozilla/5.0 (Windows NT 6.0; rv:19.0) Gecko/20100101 Firefox/19.0"
93.219.56.90 - - [12/Mar/2013:10:52:17 +0100] "GET /favicon.ico HTTP/1.1" 200 3638 "-" "Mozilla/5.0 (Windows NT 6.0; rv:19.0) Gecko/20100101 Firefox/19.0"
93.219.56.90 - - [12/Mar/2013:10:52:17 +0100] "GET /images/freecall.jpg HTTP/1.1" 200 39195 "http://www.mink-gmbh.de/optiplus.php" "Mozilla/5.0 (Windows NT 6.0; rv:19.0) Gecko/20100101 Firefox/19.0"
93.219.56.90 - - [12/Mar/2013:10:52:17 +0100] "GET /images/optiplus.jpg HTTP/1.1" 200 37436 "http://www.mink-gmbh.de/optiplus.php" "Mozilla/5.0 (Windows NT 6.0; rv:19.0) Gecko/20100101 Firefox/19.0"
93.219.56.90 - - [12/Mar/2013:10:52:18 +0100] "GET /images/bg.jpg HTTP/1.1" 200 345 "http://www.mink-gmbh.de/style.css" "Mozilla/5.0 (Windows NT 6.0; rv:19.0) Gecko/20100101 Firefox/19.0"
93.219.56.90 - - [12/Mar/2013:10:52:18 +0100] "GET /images/close.png HTTP/1.1" 200 703 "http://www.mink-gmbh.de/optiplus.php" "Mozilla/5.0 (Windows NT 6.0; rv:19.0) Gecko/20100101 Firefox/19.0"
93.219.56.90 - - [12/Mar/2013:10:52:18 +0100] "GET /images/newsletter_bg.jpg HTTP/1.1" 200 33610 "http://www.mink-gmbh.de/optiplus.php" "Mozilla/5.0 (Windows NT 6.0; rv:19.0) Gecko/20100101 Firefox/19.0"
93.219.56.90 - - [12/Mar/2013:10:52:18 +0100] "GET /images/newsletter.png HTTP/1.1" 200 14619 "http://www.mink-gmbh.de/style.css" "Mozilla/5.0 (Windows NT 6.0; rv:19.0) Gecko/20100101 Firefox/19.0"
93.219.56.90 - - [12/Mar/2013:10:52:18 +0100] "GET /images/wrapperbg.jpg HTTP/1.1" 200 27465 "http://www.mink-gmbh.de/style.css" "Mozilla/5.0 (Windows NT 6.0; rv:19.0) Gecko/20100101 Firefox/19.0"
93.219.56.90 - - [12/Mar/2013:10:52:18 +0100] "GET /images/header.jpg HTTP/1.1" 200 24413 "http://www.mink-gmbh.de/style.css" "Mozilla/5.0 (Windows NT 6.0; rv:19.0) Gecko/20100101 Firefox/19.0"
93.219.56.90 - - [12/Mar/2013:10:52:18 +0100] "GET /images/navibg.png HTTP/1.1" 200 2803 "http://www.mink-gmbh.de/style.css" "Mozilla/5.0 (Windows NT 6.0; rv:19.0) Gecko/20100101 Firefox/19.0"
93.219.56.90 - - [12/Mar/2013:10:52:18 +0100] "GET /images/footerbg.jpg HTTP/1.1" 200 2184 "http://www.mink-gmbh.de/style.css" "Mozilla/5.0 (Windows NT 6.0; rv:19.0) Gecko/20100101 Firefox/19.0"
208.115.113.91 - - [12/Mar/2013:10:53:04 +0100] "GET /diesel.php HTTP/1.1" 200 10639 "-" "Mozilla/5.0 (compatible; Ezooms/1.0; ezooms.bot@gmail.com)"
208.115.113.91 - - [12/Mar/2013:10:53:12 +0100] "GET /news.php?cs_go=archiv&cs_id=3679&cs_search= HTTP/1.1" 200 13679 "-" "Mozilla/5.0 (compatible; Ezooms/1.0; ezooms.bot@gmail.com)"
66.249.78.46 - - [12/Mar/2013:10:54:09 +0100] "GET /lexikon.php?cs_go=3&cs_id=157 HTTP/1.1" 200 8378 "-" "Mozilla/5.0 (compatible; Googlebot/2.1; +http://www.google.com/bot.html)"
66.249.78.46 - - [12/Mar/2013:10:58:44 +0100] "GET /lexikon.php?cs_go=3&cs_id=203 HTTP/1.1" 200 8810 "-" "Mozilla/5.0 (compatible; Googlebot/2.1; +http://www.google.com/bot.html)"
66.249.78.46 - - [12/Mar/2013:11:12:30 +0100] "GET /lexikon.php?cs_go=3&cs_id=33 HTTP/1.1" 200 8757 "-" "Mozilla/5.0 (compatible; Googlebot/2.1; +http://www.google.com/bot.html)"
66.249.75.49 - - [12/Mar/2013:11:17:05 +0100] "GET /lexikon.php?cs_go=3&cs_id=190 HTTP/1.1" 200 8477 "-" "Mozilla/5.0 (compatible; Googlebot/2.1; +http://www.google.com/bot.html)"
66.249.78.46 - - [12/Mar/2013:11:23:57 +0100] "GET / HTTP/1.1" 200 12166 "-" "Mozilla/5.0 (compatible; Googlebot/2.1; +http://www.google.com/bot.html)"
66.249.75.49 - - [12/Mar/2013:11:35:46 +0100] "GET /rueckrufservice.php HTTP/1.1" 200 10770 "-" "Mozilla/5.0 (iPhone; U; CPU iPhone OS 4_1 like Mac OS X; en-us) AppleWebKit/532.9 (KHTML, like Gecko) Version/4.0.5 Mobile/8B117 Safari/6531.22.7 (compatible; Googlebot-Mobile/2.1; +http://www.google.com/bot.html)"
66.249.78.46 - - [12/Mar/2013:11:44:39 +0100] "GET /kwk.php?cs_go=3 HTTP/1.1" 200 10285 "-" "Mozilla/5.0 (compatible; Googlebot/2.1; +http://www.google.com/bot.html)"
66.249.78.46 - - [12/Mar/2013:11:44:50 +0100] "GET /news.php?cs_go=archiv&cs_id=3705&cs_search= HTTP/1.1" 200 9813 "-" "Mozilla/5.0 (compatible; Googlebot/2.1; +http://www.google.com/bot.html)"
66.249.78.46 - - [12/Mar/2013:12:00:21 +0100] "GET /lexikon.php?cs_go=3&cs_id=3 HTTP/1.1" 200 8485 "-" "Mozilla/5.0 (compatible; Googlebot/2.1; +http://www.google.com/bot.html)"
66.249.78.46 - - [12/Mar/2013:12:06:39 +0100] "GET /ansprechpartner.php HTTP/1.1" 404 - "-" "Mozilla/5.0 (compatible; Googlebot/2.1; +http://www.google.com/bot.html)"
66.249.78.46 - - [12/Mar/2013:12:12:04 +0100] "GET /lexikon.php?cs_go=3&cs_id=62 HTTP/1.1" 200 8568 "-" "Mozilla/5.0 (compatible; Googlebot/2.1; +http://www.google.com/bot.html)"
66.249.78.46 - - [12/Mar/2013:12:21:14 +0100] "GET /lexikon.php?cs_go=3&cs_id=81 HTTP/1.1" 200 8420 "-" "Mozilla/5.0 (compatible; Googlebot/2.1; +http://www.google.com/bot.html)"
123.125.71.25 - - [12/Mar/2013:12:28:40 +0100] "GET / HTTP/1.1" 200 8752 "-" "Mozilla/5.0 (compatible; Baiduspider/2.0; +http://www.baidu.com/search/spider.html)"
220.181.108.97 - - [12/Mar/2013:12:29:09 +0100] "GET / HTTP/1.1" 200 12166 "-" "Mozilla/5.0 (compatible; Baiduspider/2.0; +http://www.baidu.com/search/spider.html)"
66.249.78.46 - - [12/Mar/2013:12:31:25 +0100] "GET /news.php?cs_go=archiv&cs_id=4003 HTTP/1.1" 200 10298 "-" "Mozilla/5.0 (compatible; Googlebot/2.1; +http://www.google.com/bot.html)"
66.249.78.46 - - [12/Mar/2013:12:31:25 +0100] "GET /news.php?cs_go=archiv&cs_id=3999 HTTP/1.1" 200 11756 "-" "Mozilla/5.0 (compatible; Googlebot/2.1; +http://www.google.com/bot.html)"
66.249.78.46 - - [12/Mar/2013:12:35:01 +0100] "GET /news.php?cs_go=archiv&cs_id=4001 HTTP/1.1" 200 11958 "-" "Mozilla/5.0 (compatible; Googlebot/2.1; +http://www.google.com/bot.html)"
65.36.241.79 - - [12/Mar/2013:12:47:03 +0100] "HEAD / HTTP/1.1" 200 - "-" "InternetSeer.com"
80.153.167.142 - - [12/Mar/2013:13:06:48 +0100] "GET / HTTP/1.1" 200 12166 "http://www.google.de/url?sa=t&rct=j&q=mink&source=web&cd=4&ved=0CEYQFjAD&url=http%3A%2F%2Fwww.mink-gmbh.de%2F&ei=Tho_Uf-zIsb3sgbG64GwDA&usg=AFQjCNFHX4Iglls9oo-KYXTmDUV_5KOVIg&bvm=bv.43287494,d.Yms" "Mozilla/5.0 (compatible; MSIE 9.0; Windows NT 6.1; WOW64; Trident/5.0)"
80.153.167.142 - - [12/Mar/2013:13:06:49 +0100] "GET /style.css HTTP/1.1" 200 8418 "http://www.mink-gmbh.de/" "Mozilla/5.0 (compatible; MSIE 9.0; Windows NT 6.1; WOW64; Trident/5.0)"
80.153.167.142 - - [12/Mar/2013:13:06:49 +0100] "GET /modul.css HTTP/1.1" 200 35038 "http://www.mink-gmbh.de/" "Mozilla/5.0 (compatible; MSIE 9.0; Windows NT 6.1; WOW64; Trident/5.0)"
80.153.167.142 - - [12/Mar/2013:13:06:49 +0100] "GET /images/mail.jpg HTTP/1.1" 200 11165 "http://www.mink-gmbh.de/" "Mozilla/5.0 (compatible; MSIE 9.0; Windows NT 6.1; WOW64; Trident/5.0)"
80.153.167.142 - - [12/Mar/2013:13:06:49 +0100] "GET /js_contentserver24_greybox/gb_styles.css HTTP/1.1" 200 2302 "http://www.mink-gmbh.de/" "Mozilla/5.0 (compatible; MSIE 9.0; Windows NT 6.1; WOW64; Trident/5.0)"
80.153.167.142 - - [12/Mar/2013:13:06:49 +0100] "GET /js_contentserver24_greybox/AJS_fx.js HTTP/1.1" 200 3192 "http://www.mink-gmbh.de/" "Mozilla/5.0 (compatible; MSIE 9.0; Windows NT 6.1; WOW64; Trident/5.0)"
80.153.167.142 - - [12/Mar/2013:13:06:49 +0100] "GET /images/kwk.gif HTTP/1.1" 200 6403 "http://www.mink-gmbh.de/" "Mozilla/5.0 (compatible; MSIE 9.0; Windows NT 6.1; WOW64; Trident/5.0)"
80.153.167.142 - - [12/Mar/2013:13:06:49 +0100] "GET /images/wunschpreis.jpg HTTP/1.1" 200 16767 "http://www.mink-gmbh.de/" "Mozilla/5.0 (compatible; MSIE 9.0; Windows NT 6.1; WOW64; Trident/5.0)"
80.153.167.142 - - [12/Mar/2013:13:06:49 +0100] "GET /images/logos.jpg HTTP/1.1" 200 15002 "http://www.mink-gmbh.de/" "Mozilla/5.0 (compatible; MSIE 9.0; Windows NT 6.1; WOW64; Trident/5.0)"
80.153.167.142 - - [12/Mar/2013:13:06:49 +0100] "GET /js_contentserver24_greybox/AJS.js HTTP/1.1" 200 10396 "http://www.mink-gmbh.de/" "Mozilla/5.0 (compatible; MSIE 9.0; Windows NT 6.1; WOW64; Trident/5.0)"
80.153.167.142 - - [12/Mar/2013:13:06:49 +0100] "GET /js_contentserver24_greybox/gb_scripts.js HTTP/1.1" 200 11913 "http://www.mink-gmbh.de/" "Mozilla/5.0 (compatible; MSIE 9.0; Windows NT 6.1; WOW64; Trident/5.0)"
80.153.167.142 - - [12/Mar/2013:13:06:49 +0100] "GET /images/freecall.jpg HTTP/1.1" 200 39195 "http://www.mink-gmbh.de/" "Mozilla/5.0 (compatible; MSIE 9.0; Windows NT 6.1; WOW64; Trident/5.0)"
80.153.167.142 - - [12/Mar/2013:13:06:49 +0100] "GET /images/tkw.jpg HTTP/1.1" 200 64031 "http://www.mink-gmbh.de/" "Mozilla/5.0 (compatible; MSIE 9.0; Windows NT 6.1; WOW64; Trident/5.0)"
80.153.167.142 - - [12/Mar/2013:13:06:49 +0100] "GET /images/bg.jpg HTTP/1.1" 200 345 "http://www.mink-gmbh.de/" "Mozilla/5.0 (compatible; MSIE 9.0; Windows NT 6.1; WOW64; Trident/5.0)"
80.153.167.142 - - [12/Mar/2013:13:06:49 +0100] "GET /js_contentserver24_greybox/w_close.gif HTTP/1.1" 200 74 "http://www.mink-gmbh.de/" "Mozilla/5.0 (compatible; MSIE 9.0; Windows NT 6.1; WOW64; Trident/5.0)"
80.153.167.142 - - [12/Mar/2013:13:06:49 +0100] "GET /images/newsletter_bg.jpg HTTP/1.1" 200 33610 "http://www.mink-gmbh.de/" "Mozilla/5.0 (compatible; MSIE 9.0; Windows NT 6.1; WOW64; Trident/5.0)"
80.153.167.142 - - [12/Mar/2013:13:06:49 +0100] "GET /images/navibg.png HTTP/1.1" 200 2803 "http://www.mink-gmbh.de/" "Mozilla/5.0 (compatible; MSIE 9.0; Windows NT 6.1; WOW64; Trident/5.0)"
80.153.167.142 - - [12/Mar/2013:13:06:49 +0100] "GET /images/wrapperbg.jpg HTTP/1.1" 200 27465 "http://www.mink-gmbh.de/" "Mozilla/5.0 (compatible; MSIE 9.0; Windows NT 6.1; WOW64; Trident/5.0)"
80.153.167.142 - - [12/Mar/2013:13:06:49 +0100] "GET /images/close.png HTTP/1.1" 200 703 "http://www.mink-gmbh.de/" "Mozilla/5.0 (compatible; MSIE 9.0; Windows NT 6.1; WOW64; Trident/5.0)"
80.153.167.142 - - [12/Mar/2013:13:06:49 +0100] "GET /images/newsletter.png HTTP/1.1" 200 14619 "http://www.mink-gmbh.de/" "Mozilla/5.0 (compatible; MSIE 9.0; Windows NT 6.1; WOW64; Trident/5.0)"
80.153.167.142 - - [12/Mar/2013:13:06:49 +0100] "GET /images/header.jpg HTTP/1.1" 200 24413 "http://www.mink-gmbh.de/" "Mozilla/5.0 (compatible; MSIE 9.0; Windows NT 6.1; WOW64; Trident/5.0)"
80.153.167.142 - - [12/Mar/2013:13:06:49 +0100] "GET /images/fallend.png HTTP/1.1" 200 713 "http://www.mink-gmbh.de/" "Mozilla/5.0 (compatible; MSIE 9.0; Windows NT 6.1; WOW64; Trident/5.0)"
80.153.167.142 - - [12/Mar/2013:13:06:49 +0100] "GET /images/steigend.png HTTP/1.1" 200 688 "http://www.mink-gmbh.de/" "Mozilla/5.0 (compatible; MSIE 9.0; Windows NT 6.1; WOW64; Trident/5.0)"
80.153.167.142 - - [12/Mar/2013:13:06:49 +0100] "GET /images/mobil.jpg HTTP/1.1" 200 25293 "http://www.mink-gmbh.de/" "Mozilla/5.0 (compatible; MSIE 9.0; Windows NT 6.1; WOW64; Trident/5.0)"
80.153.167.142 - - [12/Mar/2013:13:06:49 +0100] "GET /images/newsletter.jpg HTTP/1.1" 200 13130 "http://www.mink-gmbh.de/" "Mozilla/5.0 (compatible; MSIE 9.0; Windows NT 6.1; WOW64; Trident/5.0)"
80.153.167.142 - - [12/Mar/2013:13:06:49 +0100] "GET /images/footerbg.jpg HTTP/1.1" 200 2184 "http://www.mink-gmbh.de/" "Mozilla/5.0 (compatible; MSIE 9.0; Windows NT 6.1; WOW64; Trident/5.0)"
80.153.167.142 - - [12/Mar/2013:13:06:49 +0100] "GET /js_contentserver24_greybox/header_bg.gif HTTP/1.1" 200 1188 "http://www.mink-gmbh.de/" "Mozilla/5.0 (compatible; MSIE 9.0; Windows NT 6.1; WOW64; Trident/5.0)"
80.153.167.142 - - [12/Mar/2013:13:06:49 +0100] "GET /js_contentserver24_greybox/loader_frame.html?s=0 HTTP/1.1" 200 2084 "http://www.mink-gmbh.de/" "Mozilla/5.0 (compatible; MSIE 9.0; Windows NT 6.1; WOW64; Trident/5.0)"
80.153.167.142 - - [12/Mar/2013:13:06:49 +0100] "GET /js_contentserver24_greybox/indicator.gif HTTP/1.1" 200 8238 "http://www.mink-gmbh.de/js_contentserver24_greybox/loader_frame.html?s=0" "Mozilla/5.0 (compatible; MSIE 9.0; Windows NT 6.1; WOW64; Trident/5.0)"
80.153.167.142 - - [12/Mar/2013:13:06:50 +0100] "GET /js_contentserver24_greybox/g_close.gif HTTP/1.1" 200 541 "http://www.mink-gmbh.de/" "Mozilla/5.0 (compatible; MSIE 9.0; Windows NT 6.1; WOW64; Trident/5.0)"
80.153.167.142 - - [12/Mar/2013:13:07:34 +0100] "GET /preisanfrage.php HTTP/1.1" 200 10647 "http://www.mink-gmbh.de/" "Mozilla/5.0 (compatible; MSIE 9.0; Windows NT 6.1; WOW64; Trident/5.0)"
66.249.78.46 - - [12/Mar/2013:13:20:49 +0100] "GET /news.php?cs_go=archiv&cs_id=3702&cs_search= HTTP/1.1" 200 10044 "-" "Mozilla/5.0 (compatible; Googlebot/2.1; +http://www.google.com/bot.html)"
66.249.78.46 - - [12/Mar/2013:13:21:50 +0100] "GET /preisanfrage.php HTTP/1.1" 200 10734 "-" "SAMSUNG-SGH-E250/1.0 Profile/MIDP-2.0 Configuration/CLDC-1.1 UP.Browser/6.2.3.3.c.1.101 (GUI) MMP/2.0 (compatible; Googlebot-Mobile/2.1; +http://www.google.com/bot.html)"
123.125.71.48 - - [12/Mar/2013:13:25:25 +0100] "GET /robots.txt HTTP/1.1" 200 177 "-" "Mozilla/5.0 (Windows NT 5.1; rv:6.0.2) Gecko/20100101 Firefox/6.0.2"
66.249.78.46 - - [12/Mar/2013:13:30:04 +0100] "GET /robots.txt HTTP/1.1" 200 177 "-" "Mozilla/5.0 (compatible; Googlebot/2.1; +http://www.google.com/bot.html)"
66.249.78.46 - - [12/Mar/2013:13:30:04 +0100] "GET /lexikon.php?cs_go=3&cs_id=4 HTTP/1.1" 200 8189 "-" "Mozilla/5.0 (compatible; Googlebot/2.1; +http://www.google.com/bot.html)"
64.125.222.50 - - [12/Mar/2013:13:32:47 +0100] "GET /robots.txt HTTP/1.1" 200 177 "-" "Mozilla/5.0 (compatible; 008/0.83; http://www.80legs.com/webcrawler.html;) Gecko/2008032620"
95.66.162.180 - - [12/Mar/2013:13:33:15 +0100] "GET / HTTP/1.1" 200 12166 "-" "Mozilla/5.0 (compatible; 008/0.85; http://www.80legs.com/webcrawler.html) Gecko/2008032620"
95.66.162.180 - - [12/Mar/2013:13:33:16 +0100] "GET / HTTP/1.1" 200 12166 "-" "Mozilla/5.0 (compatible; 008/0.85; http://www.80legs.com/webcrawler.html) Gecko/2008032620"
95.66.162.180 - - [12/Mar/2013:13:33:18 +0100] "GET / HTTP/1.1" 200 12166 "-" "Mozilla/5.0 (compatible; 008/0.85; http://www.80legs.com/webcrawler.html) Gecko/2008032620"
78.36.3.243 - - [12/Mar/2013:13:33:18 +0100] "GET / HTTP/1.1" 200 12166 "-" "Mozilla/5.0 (compatible; 008/0.85; http://www.80legs.com/webcrawler.html) Gecko/2008032620"
95.66.162.180 - - [12/Mar/2013:13:33:19 +0100] "GET / HTTP/1.1" 200 12166 "-" "Mozilla/5.0 (compatible; 008/0.85; http://www.80legs.com/webcrawler.html) Gecko/2008032620"
95.66.162.180 - - [12/Mar/2013:13:33:20 +0100] "GET / HTTP/1.1" 200 12166 "-" "Mozilla/5.0 (compatible; 008/0.85; http://www.80legs.com/webcrawler.html) Gecko/2008032620"
78.36.3.243 - - [12/Mar/2013:13:33:20 +0100] "GET / HTTP/1.1" 200 12166 "-" "Mozilla/5.0 (compatible; 008/0.85; http://www.80legs.com/webcrawler.html) Gecko/2008032620"
95.66.162.180 - - [12/Mar/2013:13:33:21 +0100] "GET / HTTP/1.1" 200 12166 "-" "Mozilla/5.0 (compatible; 008/0.85; http://www.80legs.com/webcrawler.html) Gecko/2008032620"
78.36.3.243 - - [12/Mar/2013:13:33:21 +0100] "GET / HTTP/1.1" 200 12166 "-" "Mozilla/5.0 (compatible; 008/0.85; http://www.80legs.com/webcrawler.html) Gecko/2008032620"
78.36.3.243 - - [12/Mar/2013:13:33:22 +0100] "GET / HTTP/1.1" 200 12166 "-" "Mozilla/5.0 (compatible; 008/0.85; http://www.80legs.com/webcrawler.html) Gecko/2008032620"
78.36.3.243 - - [12/Mar/2013:13:33:23 +0100] "GET / HTTP/1.1" 200 12166 "-" "Mozilla/5.0 (compatible; 008/0.85; http://www.80legs.com/webcrawler.html) Gecko/2008032620"
78.36.3.243 - - [12/Mar/2013:13:33:25 +0100] "GET / HTTP/1.1" 200 12166 "-" "Mozilla/5.0 (compatible; 008/0.85; http://www.80legs.com/webcrawler.html) Gecko/2008032620"
95.66.162.180 - - [12/Mar/2013:13:33:25 +0100] "GET / HTTP/1.1" 200 12166 "-" "Mozilla/5.0 (compatible; 008/0.85; http://www.80legs.com/webcrawler.html) Gecko/2008032620"
95.66.162.180 - - [12/Mar/2013:13:33:27 +0100] "GET / HTTP/1.1" 200 12166 "-" "Mozilla/5.0 (compatible; 008/0.85; http://www.80legs.com/webcrawler.html) Gecko/2008032620"
95.66.162.180 - - [12/Mar/2013:13:33:28 +0100] "GET / HTTP/1.1" 200 12166 "-" "Mozilla/5.0 (compatible; 008/0.85; http://www.80legs.com/webcrawler.html) Gecko/2008032620"
95.66.162.180 - - [12/Mar/2013:13:33:29 +0100] "GET / HTTP/1.1" 200 12166 "-" "Mozilla/5.0 (compatible; 008/0.85; http://www.80legs.com/webcrawler.html) Gecko/2008032620"
95.66.162.180 - - [12/Mar/2013:13:33:30 +0100] "GET / HTTP/1.1" 200 12164 "-" "Mozilla/5.0 (compatible; 008/0.85; http://www.80legs.com/webcrawler.html) Gecko/2008032620"
93.178.240.203 - - [12/Mar/2013:13:33:31 +0100] "GET / HTTP/1.1" 200 12164 "-" "Mozilla/5.0 (compatible; 008/0.85; http://www.80legs.com/webcrawler.html) Gecko/2008032620"
95.66.162.180 - - [12/Mar/2013:13:33:31 +0100] "GET / HTTP/1.1" 200 12164 "-" "Mozilla/5.0 (compatible; 008/0.85; http://www.80legs.com/webcrawler.html) Gecko/2008032620"
93.178.240.203 - - [12/Mar/2013:13:33:32 +0100] "GET / HTTP/1.1" 200 12164 "-" "Mozilla/5.0 (compatible; 008/0.85; http://www.80legs.com/webcrawler.html) Gecko/2008032620"
93.178.240.203 - - [12/Mar/2013:13:33:33 +0100] "GET / HTTP/1.1" 200 12164 "-" "Mozilla/5.0 (compatible; 008/0.85; http://www.80legs.com/webcrawler.html) Gecko/2008032620"
203.215.119.156 - - [12/Mar/2013:13:33:52 +0100] "GET / HTTP/1.1" 200 12164 "-" "Mozilla/5.0 (compatible; 008/0.85; http://www.80legs.com/webcrawler.html) Gecko/2008032620"
203.215.119.156 - - [12/Mar/2013:13:34:01 +0100] "GET / HTTP/1.1" 200 12164 "-" "Mozilla/5.0 (compatible; 008/0.85; http://www.80legs.com/webcrawler.html) Gecko/2008032620"
203.215.119.156 - - [12/Mar/2013:13:34:10 +0100] "GET / HTTP/1.1" 200 12164 "-" "Mozilla/5.0 (compatible; 008/0.85; http://www.80legs.com/webcrawler.html) Gecko/2008032620"
203.215.119.156 - - [12/Mar/2013:13:34:34 +0100] "GET / HTTP/1.1" 200 12164 "-" "Mozilla/5.0 (compatible; 008/0.85; http://www.80legs.com/webcrawler.html) Gecko/2008032620"
66.249.78.46 - - [12/Mar/2013:13:42:20 +0100] "GET /news.php?cs_go=archiv&cs_id=3708&cs_search= HTTP/1.1" 200 15548 "-" "Mozilla/5.0 (compatible; Googlebot/2.1; +http://www.google.com/bot.html)"
157.55.32.117 - - [12/Mar/2013:13:56:23 +0100] "GET /robots.txt HTTP/1.1" 200 177 "-" "Mozilla/5.0 (compatible; bingbot/2.0; +http://www.bing.com/bingbot.htm)"
157.55.32.117 - - [12/Mar/2013:13:58:20 +0100] "GET / HTTP/1.1" 200 12164 "-" "Mozilla/5.0 (compatible; bingbot/2.0; +http://www.bing.com/bingbot.htm)"
78.26.249.27 - - [12/Mar/2013:14:04:29 +0100] "GET /rueckrufservice.php HTTP/1.1" 200 10770 "-" "Mozilla/5.0 (compatible; 008/0.85; http://www.80legs.com/webcrawler.html) Gecko/2008032620"
66.249.78.46 - - [12/Mar/2013:14:04:47 +0100] "GET /news.php?cs_go=archiv&cs_id=3720&cs_search= HTTP/1.1" 200 13450 "-" "Mozilla/5.0 (compatible; Googlebot/2.1; +http://www.google.com/bot.html)"
89.109.1.160 - - [12/Mar/2013:14:05:29 +0100] "GET /rueckrufservice.php HTTP/1.1" 200 10770 "-" "Mozilla/5.0 (compatible; 008/0.85; http://www.80legs.com/webcrawler.html) Gecko/2008032620"
93.190.202.51 - - [12/Mar/2013:14:07:54 +0100] "GET /newsletter.php HTTP/1.1" 200 8928 "-" "Mozilla/5.0 (compatible; 008/0.85; http://www.80legs.com/webcrawler.html) Gecko/2008032620"
46.39.34.162 - - [12/Mar/2013:14:08:40 +0100] "GET /newsletter.php HTTP/1.1" 200 8928 "-" "Mozilla/5.0 (compatible; 008/0.85; http://www.80legs.com/webcrawler.html) Gecko/2008032620"
91.225.143.101 - - [12/Mar/2013:14:16:07 +0100] "GET /rueckrufservice.php HTTP/1.1" 200 10770 "-" "Mozilla/5.0 (compatible; 008/0.85; http://www.80legs.com/webcrawler.html) Gecko/2008032620"
37.229.225.51 - - [12/Mar/2013:14:17:36 +0100] "GET /impressum.php HTTP/1.1" 200 8582 "-" "Mozilla/5.0 (compatible; 008/0.85; http://www.80legs.com/webcrawler.html) Gecko/2008032620"
195.112.102.130 - - [12/Mar/2013:14:19:46 +0100] "GET /news.php HTTP/1.1" 200 22342 "-" "Mozilla/5.0 (compatible; 008/0.85; http://www.80legs.com/webcrawler.html) Gecko/2008032620"
85.115.248.46 - - [12/Mar/2013:14:21:29 +0100] "GET /index.php HTTP/1.1" 200 12164 "-" "Mozilla/5.0 (compatible; 008/0.85; http://www.80legs.com/webcrawler.html) Gecko/2008032620"
89.105.237.131 - - [12/Mar/2013:14:24:56 +0100] "GET /kwk.php HTTP/1.1" 200 10884 "-" "Mozilla/5.0 (compatible; 008/0.85; http://www.80legs.com/webcrawler.html) Gecko/2008032620"
188.168.215.54 - - [12/Mar/2013:14:25:37 +0100] "GET /agb.php HTTP/1.1" 200 19709 "-" "Mozilla/5.0 (compatible; 008/0.85; http://www.80legs.com/webcrawler.html) Gecko/2008032620"
91.210.120.91 - - [12/Mar/2013:14:25:44 +0100] "GET /agb.php HTTP/1.1" 200 19709 "-" "Mozilla/5.0 (compatible; 008/0.85; http://www.80legs.com/webcrawler.html) Gecko/2008032620"
62.122.66.243 - - [12/Mar/2013:14:25:57 +0100] "GET /agb.php HTTP/1.1" 200 19709 "-" "Mozilla/5.0 (compatible; 008/0.85; http://www.80legs.com/webcrawler.html) Gecko/2008032620"
95.106.135.6 - - [12/Mar/2013:14:28:22 +0100] "GET /news.php?cs_go=archiv&cs_id=4001 HTTP/1.1" 200 11958 "-" "Mozilla/5.0 (compatible; 008/0.85; http://www.80legs.com/webcrawler.html) Gecko/2008032620"
95.106.135.6 - - [12/Mar/2013:14:28:36 +0100] "GET /news.php?cs_go=archiv&cs_id=4001 HTTP/1.1" 200 11958 "-" "Mozilla/5.0 (compatible; 008/0.85; http://www.80legs.com/webcrawler.html) Gecko/2008032620"
94.231.180.174 - - [12/Mar/2013:14:31:35 +0100] "GET /jobs.php HTTP/1.1" 200 7200 "-" "Mozilla/5.0 (compatible; 008/0.85; http://www.80legs.com/webcrawler.html) Gecko/2008032620"
80.66.145.198 - - [12/Mar/2013:14:31:49 +0100] "GET /jobs.php HTTP/1.1" 200 7200 "-" "Mozilla/5.0 (compatible; 008/0.85; http://www.80legs.com/webcrawler.html) Gecko/2008032620"
200.120.139.80 - - [12/Mar/2013:14:35:23 +0100] "GET /kontakt.php HTTP/1.1" 200 9198 "-" "Mozilla/5.0 (compatible; 008/0.85; http://www.80legs.com/webcrawler.html) Gecko/2008032620"
46.72.15.249 - - [12/Mar/2013:14:35:38 +0100] "GET /kontakt.php HTTP/1.1" 200 9198 "-" "Mozilla/5.0 (compatible; 008/0.85; http://www.80legs.com/webcrawler.html) Gecko/2008032620"
86.62.120.34 - - [12/Mar/2013:14:37:43 +0100] "GET /news.php?cs_go=archiv&cs_id=4002 HTTP/1.1" 200 13539 "-" "Mozilla/5.0 (compatible; 008/0.85; http://www.80legs.com/webcrawler.html) Gecko/2008032620"
93.77.17.150 - - [12/Mar/2013:14:38:03 +0100] "GET /news.php?cs_go=archiv&cs_id=4002 HTTP/1.1" 200 13539 "-" "Mozilla/5.0 (compatible; 008/0.85; http://www.80legs.com/webcrawler.html) Gecko/2008032620"
31.135.76.158 - - [12/Mar/2013:14:38:49 +0100] "GET /news.php?cs_go=archiv&cs_id=3999 HTTP/1.1" 200 11756 "-" "Mozilla/5.0 (compatible; 008/0.85; http://www.80legs.com/webcrawler.html) Gecko/2008032620"
128.75.249.107 - - [12/Mar/2013:14:40:12 +0100] "GET /optiplus.php HTTP/1.1" 200 11100 "-" "Mozilla/5.0 (compatible; 008/0.85; http://www.80legs.com/webcrawler.html) Gecko/2008032620"
5.178.28.125 - - [12/Mar/2013:14:40:35 +0100] "GET /optiplus.php HTTP/1.1" 200 11100 "-" "Mozilla/5.0 (compatible; 008/0.85; http://www.80legs.com/webcrawler.html) Gecko/2008032620"
78.61.226.182 - - [12/Mar/2013:14:40:44 +0100] "GET /optiplus.php HTTP/1.1" 200 11100 "-" "Mozilla/5.0 (compatible; 008/0.85; http://www.80legs.com/webcrawler.html) Gecko/2008032620"
91.235.178.161 - - [12/Mar/2013:14:41:03 +0100] "GET /optiplus.php HTTP/1.1" 200 11100 "-" "Mozilla/5.0 (compatible; 008/0.85; http://www.80legs.com/webcrawler.html) Gecko/2008032620"
109.86.210.75 - - [12/Mar/2013:14:41:05 +0100] "GET /preisanfrage.php HTTP/1.1" 200 10734 "-" "Mozilla/5.0 (compatible; 008/0.85; http://www.80legs.com/webcrawler.html) Gecko/2008032620"
195.70.206.157 - - [12/Mar/2013:14:42:49 +0100] "GET /news.php?cs_go=archiv HTTP/1.1" 200 22342 "-" "Mozilla/5.0 (compatible; 008/0.85; http://www.80legs.com/webcrawler.html) Gecko/2008032620"
80.70.236.77 - - [12/Mar/2013:14:45:25 +0100] "GET /news.php?cs_go=archiv&cs_id=4002 HTTP/1.1" 200 13539 "-" "Mozilla/5.0 (compatible; 008/0.85; http://www.80legs.com/webcrawler.html) Gecko/2008032620"
31.135.76.158 - - [12/Mar/2013:14:45:44 +0100] "GET /news.php?cs_go=archiv&cs_id=4003 HTTP/1.1" 200 10298 "-" "Mozilla/5.0 (compatible; 008/0.85; http://www.80legs.com/webcrawler.html) Gecko/2008032620"
31.135.76.158 - - [12/Mar/2013:14:45:47 +0100] "GET /standard.php HTTP/1.1" 200 9218 "-" "Mozilla/5.0 (compatible; 008/0.85; http://www.80legs.com/webcrawler.html) Gecko/2008032620"
31.135.76.158 - - [12/Mar/2013:14:45:48 +0100] "GET /wunschpreis.php HTTP/1.1" 200 12084 "-" "Mozilla/5.0 (compatible; 008/0.85; http://www.80legs.com/webcrawler.html) Gecko/2008032620"
188.232.205.139 - - [12/Mar/2013:14:50:22 +0100] "GET /newsletter.php HTTP/1.1" 200 8928 "-" "Mozilla/5.0 (compatible; 008/0.85; http://www.80legs.com/webcrawler.html) Gecko/2008032620"
92.243.181.64 - - [12/Mar/2013:14:50:31 +0100] "GET /newsletter.php HTTP/1.1" 200 8928 "-" "Mozilla/5.0 (compatible; 008/0.85; http://www.80legs.com/webcrawler.html) Gecko/2008032620"
88.201.240.253 - - [12/Mar/2013:14:51:24 +0100] "GET /news.php?cs_go=archiv&cs_id=4005 HTTP/1.1" 200 13603 "-" "Mozilla/5.0 (compatible; 008/0.85; http://www.80legs.com/webcrawler.html) Gecko/2008032620"
195.160.164.25 - - [12/Mar/2013:14:51:37 +0100] "GET /news.php?cs_go=archiv&cs_id=4005 HTTP/1.1" 200 13603 "-" "Mozilla/5.0 (compatible; 008/0.85; http://www.80legs.com/webcrawler.html) Gecko/2008032620"
91.204.148.65 - - [12/Mar/2013:15:04:47 +0100] "GET /newsletter.php HTTP/1.1" 200 8928 "-" "Mozilla/5.0 (compatible; 008/0.85; http://www.80legs.com/webcrawler.html) Gecko/2008032620"
37.57.54.84 - - [12/Mar/2013:15:05:25 +0100] "GET /newsletter.php HTTP/1.1" 200 8928 "-" "Mozilla/5.0 (compatible; 008/0.85; http://www.80legs.com/webcrawler.html) Gecko/2008032620"
193.150.96.1 - - [12/Mar/2013:15:05:45 +0100] "GET /newsletter.php HTTP/1.1" 200 8928 "-" "Mozilla/5.0 (compatible; 008/0.85; http://www.80legs.com/webcrawler.html) Gecko/2008032620"
66.249.78.46 - - [12/Mar/2013:15:19:01 +0100] "GET /lexikon.php?cs_go=3&cs_id=13 HTTP/1.1" 200 8062 "-" "Mozilla/5.0 (compatible; Googlebot/2.1; +http://www.google.com/bot.html)"
85.178.220.188 - - [12/Mar/2013:15:19:35 +0100] "GET /style.css HTTP/1.1" 200 8418 "http://www.mink-gmbh.de/" "Mozilla/5.0 (Windows NT 6.1; WOW64; rv:19.0) Gecko/20100101 Firefox/19.0"
85.178.220.188 - - [12/Mar/2013:15:19:35 +0100] "GET /modul.css HTTP/1.1" 200 35038 "http://www.mink-gmbh.de/" "Mozilla/5.0 (Windows NT 6.1; WOW64; rv:19.0) Gecko/20100101 Firefox/19.0"
85.178.220.188 - - [12/Mar/2013:15:19:35 +0100] "GET /favicon.ico HTTP/1.1" 200 3638 "-" "Mozilla/5.0 (Windows NT 6.1; WOW64; rv:19.0) Gecko/20100101 Firefox/19.0"
85.178.220.188 - - [12/Mar/2013:15:19:35 +0100] "GET /js_contentserver24_greybox/gb_styles.css HTTP/1.1" 200 2302 "http://www.mink-gmbh.de/" "Mozilla/5.0 (Windows NT 6.1; WOW64; rv:19.0) Gecko/20100101 Firefox/19.0"
85.178.220.188 - - [12/Mar/2013:15:19:35 +0100] "GET /js_contentserver24_greybox/AJS.js HTTP/1.1" 200 10396 "http://www.mink-gmbh.de/" "Mozilla/5.0 (Windows NT 6.1; WOW64; rv:19.0) Gecko/20100101 Firefox/19.0"
85.178.220.188 - - [12/Mar/2013:15:19:35 +0100] "GET /js_contentserver24_greybox/AJS_fx.js HTTP/1.1" 200 3192 "http://www.mink-gmbh.de/" "Mozilla/5.0 (Windows NT 6.1; WOW64; rv:19.0) Gecko/20100101 Firefox/19.0"
85.178.220.188 - - [12/Mar/2013:15:19:35 +0100] "GET /js_contentserver24_greybox/gb_scripts.js HTTP/1.1" 200 11913 "http://www.mink-gmbh.de/" "Mozilla/5.0 (Windows NT 6.1; WOW64; rv:19.0) Gecko/20100101 Firefox/19.0"
85.178.220.188 - - [12/Mar/2013:15:19:35 +0100] "GET / HTTP/1.1" 200 12164 "http://adresse.gelbeseiten.de/1056603930/energie---und---service-sued-ost-berlin---und---mink-gmbh/berlin/mariendorf" "Mozilla/5.0 (Windows NT 6.1; WOW64; rv:19.0) Gecko/20100101 Firefox/19.0"
85.178.220.188 - - [12/Mar/2013:15:19:35 +0100] "GET /images/freecall.jpg HTTP/1.1" 200 39195 "http://www.mink-gmbh.de/" "Mozilla/5.0 (Windows NT 6.1; WOW64; rv:19.0) Gecko/20100101 Firefox/19.0"
85.178.220.188 - - [12/Mar/2013:15:19:35 +0100] "GET /images/kwk.gif HTTP/1.1" 200 6403 "http://www.mink-gmbh.de/" "Mozilla/5.0 (Windows NT 6.1; WOW64; rv:19.0) Gecko/20100101 Firefox/19.0"
85.178.220.188 - - [12/Mar/2013:15:19:35 +0100] "GET /images/mail.jpg HTTP/1.1" 200 11165 "http://www.mink-gmbh.de/" "Mozilla/5.0 (Windows NT 6.1; WOW64; rv:19.0) Gecko/20100101 Firefox/19.0"
85.178.220.188 - - [12/Mar/2013:15:19:35 +0100] "GET /images/wunschpreis.jpg HTTP/1.1" 200 16767 "http://www.mink-gmbh.de/" "Mozilla/5.0 (Windows NT 6.1; WOW64; rv:19.0) Gecko/20100101 Firefox/19.0"
85.178.220.188 - - [12/Mar/2013:15:19:35 +0100] "GET /images/logos.jpg HTTP/1.1" 200 15002 "http://www.mink-gmbh.de/" "Mozilla/5.0 (Windows NT 6.1; WOW64; rv:19.0) Gecko/20100101 Firefox/19.0"
85.178.220.188 - - [12/Mar/2013:15:19:35 +0100] "GET /images/tkw.jpg HTTP/1.1" 200 64031 "http://www.mink-gmbh.de/" "Mozilla/5.0 (Windows NT 6.1; WOW64; rv:19.0) Gecko/20100101 Firefox/19.0"
85.178.220.188 - - [12/Mar/2013:15:19:35 +0100] "GET /images/bg.jpg HTTP/1.1" 200 345 "http://www.mink-gmbh.de/style.css" "Mozilla/5.0 (Windows NT 6.1; WOW64; rv:19.0) Gecko/20100101 Firefox/19.0"
85.178.220.188 - - [12/Mar/2013:15:19:36 +0100] "GET /js_contentserver24_greybox/w_close.gif HTTP/1.1" 200 74 "http://www.mink-gmbh.de/" "Mozilla/5.0 (Windows NT 6.1; WOW64; rv:19.0) Gecko/20100101 Firefox/19.0"
85.178.220.188 - - [12/Mar/2013:15:19:36 +0100] "GET /images/close.png HTTP/1.1" 200 703 "http://www.mink-gmbh.de/" "Mozilla/5.0 (Windows NT 6.1; WOW64; rv:19.0) Gecko/20100101 Firefox/19.0"
85.178.220.188 - - [12/Mar/2013:15:19:36 +0100] "GET /images/newsletter_bg.jpg HTTP/1.1" 200 33610 "http://www.mink-gmbh.de/" "Mozilla/5.0 (Windows NT 6.1; WOW64; rv:19.0) Gecko/20100101 Firefox/19.0"
85.178.220.188 - - [12/Mar/2013:15:19:36 +0100] "GET /images/newsletter.png HTTP/1.1" 200 14619 "http://www.mink-gmbh.de/style.css" "Mozilla/5.0 (Windows NT 6.1; WOW64; rv:19.0) Gecko/20100101 Firefox/19.0"
85.178.220.188 - - [12/Mar/2013:15:19:36 +0100] "GET /images/wrapperbg.jpg HTTP/1.1" 200 27465 "http://www.mink-gmbh.de/style.css" "Mozilla/5.0 (Windows NT 6.1; WOW64; rv:19.0) Gecko/20100101 Firefox/19.0"
85.178.220.188 - - [12/Mar/2013:15:19:36 +0100] "GET /images/header.jpg HTTP/1.1" 200 24413 "http://www.mink-gmbh.de/style.css" "Mozilla/5.0 (Windows NT 6.1; WOW64; rv:19.0) Gecko/20100101 Firefox/19.0"
85.178.220.188 - - [12/Mar/2013:15:19:36 +0100] "GET /images/navibg.png HTTP/1.1" 200 2803 "http://www.mink-gmbh.de/style.css" "Mozilla/5.0 (Windows NT 6.1; WOW64; rv:19.0) Gecko/20100101 Firefox/19.0"
85.178.220.188 - - [12/Mar/2013:15:19:36 +0100] "GET /images/fallend.png HTTP/1.1" 200 713 "http://www.mink-gmbh.de/modul.css" "Mozilla/5.0 (Windows NT 6.1; WOW64; rv:19.0) Gecko/20100101 Firefox/19.0"
85.178.220.188 - - [12/Mar/2013:15:19:36 +0100] "GET /images/steigend.png HTTP/1.1" 200 688 "http://www.mink-gmbh.de/modul.css" "Mozilla/5.0 (Windows NT 6.1; WOW64; rv:19.0) Gecko/20100101 Firefox/19.0"
85.178.220.188 - - [12/Mar/2013:15:19:36 +0100] "GET /images/mobil.jpg HTTP/1.1" 200 25293 "http://www.mink-gmbh.de/style.css" "Mozilla/5.0 (Windows NT 6.1; WOW64; rv:19.0) Gecko/20100101 Firefox/19.0"
85.178.220.188 - - [12/Mar/2013:15:19:36 +0100] "GET /images/newsletter.jpg HTTP/1.1" 200 13130 "http://www.mink-gmbh.de/style.css" "Mozilla/5.0 (Windows NT 6.1; WOW64; rv:19.0) Gecko/20100101 Firefox/19.0"
85.178.220.188 - - [12/Mar/2013:15:19:36 +0100] "GET /images/footerbg.jpg HTTP/1.1" 200 2184 "http://www.mink-gmbh.de/style.css" "Mozilla/5.0 (Windows NT 6.1; WOW64; rv:19.0) Gecko/20100101 Firefox/19.0"
85.178.220.188 - - [12/Mar/2013:15:19:36 +0100] "GET /js_contentserver24_greybox/loader_frame.html?s=0 HTTP/1.1" 200 2084 "http://www.mink-gmbh.de/" "Mozilla/5.0 (Windows NT 6.1; WOW64; rv:19.0) Gecko/20100101 Firefox/19.0"
85.178.220.188 - - [12/Mar/2013:15:19:36 +0100] "GET /js_contentserver24_greybox/header_bg.gif HTTP/1.1" 200 1188 "http://www.mink-gmbh.de/" "Mozilla/5.0 (Windows NT 6.1; WOW64; rv:19.0) Gecko/20100101 Firefox/19.0"
85.178.220.188 - - [12/Mar/2013:15:19:36 +0100] "GET /js_contentserver24_greybox/indicator.gif HTTP/1.1" 200 8238 "http://www.mink-gmbh.de/js_contentserver24_greybox/loader_frame.html?s=0" "Mozilla/5.0 (Windows NT 6.1; WOW64; rv:19.0) Gecko/20100101 Firefox/19.0"
85.178.220.188 - - [12/Mar/2013:15:19:37 +0100] "GET /js_contentserver24_greybox/g_close.gif HTTP/1.1" 200 541 "http://www.mink-gmbh.de/" "Mozilla/5.0 (Windows NT 6.1; WOW64; rv:19.0) Gecko/20100101 Firefox/19.0"
85.173.184.15 - - [12/Mar/2013:15:28:45 +0100] "GET /news.php?cs_go=archiv&cs_id=4001&cs_search= HTTP/1.1" 200 11958 "-" "Mozilla/5.0 (compatible; 008/0.85; http://www.80legs.com/webcrawler.html) Gecko/2008032620"
109.248.153.248 - - [12/Mar/2013:15:29:23 +0100] "GET /news.php?cs_go=archiv&cs_startpos=20 HTTP/1.1" 200 22347 "-" "Mozilla/5.0 (compatible; 008/0.85; http://www.80legs.com/webcrawler.html) Gecko/2008032620"
176.214.75.238 - - [12/Mar/2013:15:32:57 +0100] "GET /news.php?cs_go=archiv&cs_id=3998&cs_search= HTTP/1.1" 200 11828 "-" "Mozilla/5.0 (compatible; 008/0.85; http://www.80legs.com/webcrawler.html) Gecko/2008032620"
201.239.203.219 - - [12/Mar/2013:15:34:04 +0100] "GET /foerdermittel.php HTTP/1.1" 200 12908 "-" "Mozilla/5.0 (compatible; 008/0.85; http://www.80legs.com/webcrawler.html) Gecko/2008032620"
201.239.203.219 - - [12/Mar/2013:15:34:07 +0100] "GET /news.php?cs_go=archiv&cs_id=3997&cs_search= HTTP/1.1" 200 11960 "-" "Mozilla/5.0 (compatible; 008/0.85; http://www.80legs.com/webcrawler.html) Gecko/2008032620"
195.216.210.22 - - [12/Mar/2013:15:34:50 +0100] "GET /kwk.php?cs_go=2 HTTP/1.1" 200 11855 "-" "Mozilla/5.0 (compatible; 008/0.85; http://www.80legs.com/webcrawler.html) Gecko/2008032620"
92.242.112.130 - - [12/Mar/2013:15:36:07 +0100] "GET /news.php?cs_go=archiv&cs_id=4005&cs_search= HTTP/1.1" 200 13603 "-" "Mozilla/5.0 (compatible; 008/0.85; http://www.80legs.com/webcrawler.html) Gecko/2008032620"
66.249.75.49 - - [12/Mar/2013:15:40:45 +0100] "GET /kontakt.php HTTP/1.1" 200 9198 "-" "Mozilla/5.0 (iPhone; U; CPU iPhone OS 4_1 like Mac OS X; en-us) AppleWebKit/532.9 (KHTML, like Gecko) Version/4.0.5 Mobile/8B117 Safari/6531.22.7 (compatible; Googlebot-Mobile/2.1; +http://www.google.com/bot.html)"
66.249.78.46 - - [12/Mar/2013:15:45:59 +0100] "GET /lexikon.php?cs_go=3&cs_id=18 HTTP/1.1" 200 8004 "-" "Mozilla/5.0 (compatible; Googlebot/2.1; +http://www.google.com/bot.html)"
66.249.78.46 - - [12/Mar/2013:16:10:44 +0100] "GET /lexikon.php?cs_go=3&cs_id=107 HTTP/1.1" 200 8389 "-" "Mozilla/5.0 (compatible; Googlebot/2.1; +http://www.google.com/bot.html)"
66.249.78.46 - - [12/Mar/2013:16:13:46 +0100] "GET /news.php?cs_go=archiv&cs_id=3717&cs_search= HTTP/1.1" 200 9809 "-" "Mozilla/5.0 (compatible; Googlebot/2.1; +http://www.google.com/bot.html)"
66.249.78.46 - - [12/Mar/2013:16:21:46 +0100] "GET /news.php HTTP/1.1" 200 22342 "-" "Mozilla/5.0 (compatible; Googlebot/2.1; +http://www.google.com/bot.html)"
66.249.78.46 - - [12/Mar/2013:16:34:14 +0100] "GET /news.php?cs_go=archiv&cs_id=3722&cs_search= HTTP/1.1" 200 9737 "-" "Mozilla/5.0 (compatible; Googlebot/2.1; +http://www.google.com/bot.html)"
66.249.78.46 - - [12/Mar/2013:16:35:07 +0100] "GET /news.php?cs_go=archiv&cs_id=3397&cs_search= HTTP/1.1" 200 13343 "-" "Mozilla/5.0 (compatible; Googlebot/2.1; +http://www.google.com/bot.html)"
66.249.78.46 - - [12/Mar/2013:16:37:45 +0100] "GET /news.php?cs_go=archiv&cs_id=4005&cs_search= HTTP/1.1" 200 13603 "-" "Mozilla/5.0 (compatible; Googlebot/2.1; +http://www.google.com/bot.html)"
66.249.78.46 - - [12/Mar/2013:16:46:14 +0100] "GET /kwk.php HTTP/1.1" 200 10884 "-" "Mozilla/5.0 (compatible; Googlebot/2.1; +http://www.google.com/bot.html)"
66.249.78.46 - - [12/Mar/2013:16:55:14 +0100] "GET /news.php?cs_go=archiv&cs_id=3707&cs_search= HTTP/1.1" 200 13473 "-" "Mozilla/5.0 (compatible; Googlebot/2.1; +http://www.google.com/bot.html)"
188.92.75.244 - - [12/Mar/2013:17:11:51 +0100] "GET /news.php?cs_go=archiv&cs_id=2863 HTTP/1.0" 200 12071 "http://www.mink-gmbh.de/news.php?cs_go=archiv&cs_id=2863" "Opera/9.80 (Windows NT 6.1; Edition Yx) Presto/2.12.388 Version/12.10"
66.249.78.46 - - [12/Mar/2013:17:24:55 +0100] "GET /news.php?cs_go=archiv&cs_id=3709&cs_search= HTTP/1.1" 200 11955 "-" "Mozilla/5.0 (compatible; Googlebot/2.1; +http://www.google.com/bot.html)"
66.249.75.49 - - [12/Mar/2013:18:02:40 +0100] "GET /news.php?cs_go=archiv HTTP/1.1" 200 22342 "-" "DoCoMo/2.0 N905i(c100;TB;W24H16) (compatible; Googlebot-Mobile/2.1; +http://www.google.com/bot.html)"
66.249.78.46 - - [12/Mar/2013:18:20:19 +0100] "GET /lexikon.php?cs_go=3&cs_id=189 HTTP/1.1" 200 8225 "-" "Mozilla/5.0 (compatible; Googlebot/2.1; +http://www.google.com/bot.html)"
66.249.78.46 - - [12/Mar/2013:18:38:49 +0100] "GET /lexikon.php?cs_go=3&cs_id=220 HTTP/1.1" 200 8023 "-" "Mozilla/5.0 (compatible; Googlebot/2.1; +http://www.google.com/bot.html)"
66.249.78.46 - - [12/Mar/2013:18:46:12 +0100] "GET /news.php?cs_go=archiv&cs_id=3047 HTTP/1.1" 200 9989 "-" "Mozilla/5.0 (compatible; Googlebot/2.1; +http://www.google.com/bot.html)"
66.249.75.49 - - [12/Mar/2013:18:53:37 +0100] "GET /lexikon.php?cs_go=3&cs_id=128 HTTP/1.1" 200 8493 "-" "Mozilla/5.0 (compatible; Googlebot/2.1; +http://www.google.com/bot.html)"
66.249.78.46 - - [12/Mar/2013:18:57:20 +0100] "GET /lexikon.php?cs_go=3&cs_id=141 HTTP/1.1" 200 8876 "-" "Mozilla/5.0 (compatible; Googlebot/2.1; +http://www.google.com/bot.html)"
66.249.78.46 - - [12/Mar/2013:19:01:02 +0100] "GET /lexikon.php?cs_go=3&cs_id=146 HTTP/1.1" 200 8617 "-" "Mozilla/5.0 (compatible; Googlebot/2.1; +http://www.google.com/bot.html)"
66.249.78.46 - - [12/Mar/2013:19:12:06 +0100] "GET /lexikon.php?cs_go=3&cs_id=167 HTTP/1.1" 200 8004 "-" "Mozilla/5.0 (compatible; Googlebot/2.1; +http://www.google.com/bot.html)"
66.249.78.46 - - [12/Mar/2013:19:19:32 +0100] "GET /lexikon.php?cs_go=3&cs_id=75 HTTP/1.1" 200 8596 "-" "Mozilla/5.0 (compatible; Googlebot/2.1; +http://www.google.com/bot.html)"
66.249.78.46 - - [12/Mar/2013:19:34:19 +0100] "GET /lexikon.php?cs_go=3&cs_id=172 HTTP/1.1" 200 8406 "-" "Mozilla/5.0 (compatible; Googlebot/2.1; +http://www.google.com/bot.html)"
65.36.241.79 - - [12/Mar/2013:19:34:41 +0100] "HEAD / HTTP/1.1" 200 - "-" "InternetSeer.com"
66.249.78.46 - - [12/Mar/2013:19:37:46 +0100] "GET /news.php?cs_go=archiv&cs_id=3899 HTTP/1.1" 200 10242 "-" "SAMSUNG-SGH-E250/1.0 Profile/MIDP-2.0 Configuration/CLDC-1.1 UP.Browser/6.2.3.3.c.1.101 (GUI) MMP/2.0 (compatible; Googlebot-Mobile/2.1; +http://www.google.com/bot.html)"
66.249.78.46 - - [12/Mar/2013:19:41:42 +0100] "GET /lexikon.php?cs_go=3&cs_id=70 HTTP/1.1" 200 8361 "-" "Mozilla/5.0 (compatible; Googlebot/2.1; +http://www.google.com/bot.html)"
66.249.78.46 - - [12/Mar/2013:19:45:26 +0100] "GET /lexikon.php?cs_go=3&cs_id=148 HTTP/1.1" 200 8520 "-" "Mozilla/5.0 (compatible; Googlebot/2.1; +http://www.google.com/bot.html)"
66.249.78.46 - - [12/Mar/2013:19:49:07 +0100] "GET /lexikon.php?cs_go=3&cs_id=175 HTTP/1.1" 200 8183 "-" "Mozilla/5.0 (compatible; Googlebot/2.1; +http://www.google.com/bot.html)"
157.55.32.117 - - [12/Mar/2013:19:49:37 +0100] "GET /robots.txt HTTP/1.1" 200 177 "-" "Mozilla/5.0 (compatible; bingbot/2.0; +http://www.bing.com/bingbot.htm)"
157.55.32.117 - - [12/Mar/2013:19:51:24 +0100] "GET / HTTP/1.1" 200 12164 "-" "Mozilla/5.0 (compatible; bingbot/2.0; +http://www.bing.com/bingbot.htm)"
218.213.137.15 - - [12/Mar/2013:19:51:37 +0100] "GET /robots.txt HTTP/1.1" 200 177 "-" "DoCoMo/2.0 P900i(c100;TB;W24H11) (compatible; ichiro/mobile goo;+http://search.goo.ne.jp/option/use/sub4/sub4-1/)"
218.213.137.15 - - [12/Mar/2013:19:51:44 +0100] "GET / HTTP/1.1" 200 12164 "-" "DoCoMo/2.0 P900i(c100;TB;W24H11) (compatible; ichiro/mobile goo;+http://search.goo.ne.jp/option/use/sub4/sub4-1/)"
66.249.78.46 - - [12/Mar/2013:19:52:48 +0100] "GET /lexikon.php?cs_go=3&cs_id=176 HTTP/1.1" 200 8287 "-" "Mozilla/5.0 (compatible; Googlebot/2.1; +http://www.google.com/bot.html)"
66.249.75.49 - - [12/Mar/2013:20:07:37 +0100] "GET /lexikon.php?cs_go=3&cs_id=177 HTTP/1.1" 200 7984 "-" "Mozilla/5.0 (compatible; Googlebot/2.1; +http://www.google.com/bot.html)"
66.249.78.46 - - [12/Mar/2013:20:11:19 +0100] "GET /lexikon.php?cs_go=3&cs_id=24 HTTP/1.1" 200 8034 "-" "Mozilla/5.0 (compatible; Googlebot/2.1; +http://www.google.com/bot.html)"
66.249.78.46 - - [12/Mar/2013:20:15:00 +0100] "GET /lexikon.php?cs_go=3&cs_id=27 HTTP/1.1" 200 8477 "-" "Mozilla/5.0 (compatible; Googlebot/2.1; +http://www.google.com/bot.html)"
66.249.78.46 - - [12/Mar/2013:20:22:25 +0100] "GET /lexikon.php?cs_go=3&cs_id=182 HTTP/1.1" 200 8410 "-" "Mozilla/5.0 (compatible; Googlebot/2.1; +http://www.google.com/bot.html)"
66.249.78.46 - - [12/Mar/2013:20:23:06 +0100] "GET /news.php?cs_go=archiv&cs_id=3290&cs_search= HTTP/1.1" 200 13375 "-" "Mozilla/5.0 (compatible; Googlebot/2.1; +http://www.google.com/bot.html)"
66.249.78.46 - - [12/Mar/2013:20:26:05 +0100] "GET /lexikon.php?cs_go=3&cs_id=106 HTTP/1.1" 200 8460 "-" "Mozilla/5.0 (compatible; Googlebot/2.1; +http://www.google.com/bot.html)"
66.249.75.49 - - [12/Mar/2013:20:33:31 +0100] "GET /lexikon.php?cs_go=3&cs_id=32 HTTP/1.1" 200 8149 "-" "Mozilla/5.0 (compatible; Googlebot/2.1; +http://www.google.com/bot.html)"
66.249.78.46 - - [12/Mar/2013:20:40:55 +0100] "GET /news.php?cs_go=archiv&cs_id=2922&cs_search= HTTP/1.1" 200 9852 "-" "Mozilla/5.0 (compatible; Googlebot/2.1; +http://www.google.com/bot.html)"
65.55.213.244 - - [12/Mar/2013:20:43:28 +0100] "GET /trafficbasedsspsitemap.xml HTTP/1.1" 404 - "-" "Mozilla/5.0 (compatible; bingbot/2.0; +http://www.bing.com/bingbot.htm) SitemapProbe"
66.249.75.49 - - [12/Mar/2013:20:44:37 +0100] "GET /news.php?cs_go=archiv&cs_id=2890&cs_search= HTTP/1.1" 200 10173 "-" "Mozilla/5.0 (compatible; Googlebot/2.1; +http://www.google.com/bot.html)"
66.249.75.49 - - [12/Mar/2013:20:48:17 +0100] "GET /news.php?cs_go=archiv&cs_id=3081&cs_search= HTTP/1.1" 200 13925 "-" "Mozilla/5.0 (compatible; Googlebot/2.1; +http://www.google.com/bot.html)"
66.249.78.46 - - [12/Mar/2013:20:52:01 +0100] "GET /news.php?cs_go=archiv&cs_id=2841 HTTP/1.1" 200 13538 "-" "Mozilla/5.0 (compatible; Googlebot/2.1; +http://www.google.com/bot.html)"
66.249.78.46 - - [12/Mar/2013:20:55:41 +0100] "GET /news.php?cs_go=archiv&cs_id=3119&cs_search= HTTP/1.1" 200 9999 "-" "Mozilla/5.0 (compatible; Googlebot/2.1; +http://www.google.com/bot.html)"
66.249.78.46 - - [12/Mar/2013:20:59:23 +0100] "GET /news.php?cs_go=archiv&cs_id=2801&cs_search= HTTP/1.1" 200 10117 "-" "Mozilla/5.0 (compatible; Googlebot/2.1; +http://www.google.com/bot.html)"
66.249.78.46 - - [12/Mar/2013:21:03:07 +0100] "GET /news.php?cs_go=archiv&cs_id=2809&cs_search= HTTP/1.1" 200 10046 "-" "Mozilla/5.0 (compatible; Googlebot/2.1; +http://www.google.com/bot.html)"
66.249.78.46 - - [12/Mar/2013:21:10:31 +0100] "GET /news.php?cs_go=archiv&cs_id=3180&cs_search= HTTP/1.1" 200 13449 "-" "Mozilla/5.0 (compatible; Googlebot/2.1; +http://www.google.com/bot.html)"
