85.25.71.152 - - [04/Mar/2013:22:56:30 +0100] "GET /news.php?cs_go=archiv&cs_id=3776&cs_search= HTTP/1.1" 200 13316 "-" "Mozilla/5.0 (X11; U; Linux i686; de; rv:1.9.0.1; compatible; iCjobs Stellenangebote Jobs; http://www.icjobs.de) Gecko/20100401 iCjobs/3.2.3"
85.25.71.152 - - [04/Mar/2013:22:56:32 +0100] "GET /news.php?cs_go=archiv&cs_id=3714&cs_search= HTTP/1.1" 200 11499 "-" "Mozilla/5.0 (X11; U; Linux i686; de; rv:1.9.0.1; compatible; iCjobs Stellenangebote Jobs; http://www.icjobs.de) Gecko/20100401 iCjobs/3.2.3"
85.25.71.152 - - [04/Mar/2013:22:56:36 +0100] "GET /news.php?cs_go=archiv&cs_id=3775&cs_search= HTTP/1.1" 200 9780 "-" "Mozilla/5.0 (X11; U; Linux i686; de; rv:1.9.0.1; compatible; iCjobs Stellenangebote Jobs; http://www.icjobs.de) Gecko/20100401 iCjobs/3.2.3"
85.25.71.152 - - [04/Mar/2013:22:56:39 +0100] "GET /news.php?cs_go=archiv&cs_id=3726&cs_search= HTTP/1.1" 200 11963 "-" "Mozilla/5.0 (X11; U; Linux i686; de; rv:1.9.0.1; compatible; iCjobs Stellenangebote Jobs; http://www.icjobs.de) Gecko/20100401 iCjobs/3.2.3"
85.25.71.152 - - [04/Mar/2013:22:56:43 +0100] "GET /news.php?cs_go=archiv&cs_id=3719&cs_search= HTTP/1.1" 200 11631 "-" "Mozilla/5.0 (X11; U; Linux i686; de; rv:1.9.0.1; compatible; iCjobs Stellenangebote Jobs; http://www.icjobs.de) Gecko/20100401 iCjobs/3.2.3"
85.25.71.152 - - [04/Mar/2013:22:56:48 +0100] "GET /news.php?cs_go=archiv&cs_id=3774&cs_search= HTTP/1.1" 200 13602 "-" "Mozilla/5.0 (X11; U; Linux i686; de; rv:1.9.0.1; compatible; iCjobs Stellenangebote Jobs; http://www.icjobs.de) Gecko/20100401 iCjobs/3.2.3"
85.25.71.152 - - [04/Mar/2013:22:56:51 +0100] "GET /news.php?cs_go=archiv&cs_id=3697&cs_search= HTTP/1.1" 200 11546 "-" "Mozilla/5.0 (X11; U; Linux i686; de; rv:1.9.0.1; compatible; iCjobs Stellenangebote Jobs; http://www.icjobs.de) Gecko/20100401 iCjobs/3.2.3"
85.25.71.152 - - [04/Mar/2013:22:56:54 +0100] "GET /news.php?cs_go=archiv&cs_id=3773&cs_search= HTTP/1.1" 200 9797 "-" "Mozilla/5.0 (X11; U; Linux i686; de; rv:1.9.0.1; compatible; iCjobs Stellenangebote Jobs; http://www.icjobs.de) Gecko/20100401 iCjobs/3.2.3"
85.25.71.152 - - [04/Mar/2013:22:56:58 +0100] "GET /news.php?cs_go=archiv&cs_id=3772&cs_search= HTTP/1.1" 200 13409 "-" "Mozilla/5.0 (X11; U; Linux i686; de; rv:1.9.0.1; compatible; iCjobs Stellenangebote Jobs; http://www.icjobs.de) Gecko/20100401 iCjobs/3.2.3"
85.25.71.152 - - [04/Mar/2013:22:57:03 +0100] "GET /news.php?cs_go=archiv&cs_startpos=220 HTTP/1.1" 200 22611 "-" "Mozilla/5.0 (X11; U; Linux i686; de; rv:1.9.0.1; compatible; iCjobs Stellenangebote Jobs; http://www.icjobs.de) Gecko/20100401 iCjobs/3.2.3"
85.25.71.152 - - [04/Mar/2013:22:57:10 +0100] "GET /news.php?cs_go=archiv&cs_id=3771&cs_search= HTTP/1.1" 200 9781 "-" "Mozilla/5.0 (X11; U; Linux i686; de; rv:1.9.0.1; compatible; iCjobs Stellenangebote Jobs; http://www.icjobs.de) Gecko/20100401 iCjobs/3.2.3"
85.25.71.152 - - [04/Mar/2013:22:57:14 +0100] "GET /news.php?cs_go=archiv&cs_id=3769&cs_search= HTTP/1.1" 200 10169 "-" "Mozilla/5.0 (X11; U; Linux i686; de; rv:1.9.0.1; compatible; iCjobs Stellenangebote Jobs; http://www.icjobs.de) Gecko/20100401 iCjobs/3.2.3"
85.25.71.152 - - [04/Mar/2013:22:57:17 +0100] "GET /news.php?cs_go=archiv&cs_id=3768&cs_search= HTTP/1.1" 200 10133 "-" "Mozilla/5.0 (X11; U; Linux i686; de; rv:1.9.0.1; compatible; iCjobs Stellenangebote Jobs; http://www.icjobs.de) Gecko/20100401 iCjobs/3.2.3"
85.25.71.152 - - [04/Mar/2013:22:57:21 +0100] "GET /news.php?cs_go=archiv&cs_id=3766&cs_search= HTTP/1.1" 200 13405 "-" "Mozilla/5.0 (X11; U; Linux i686; de; rv:1.9.0.1; compatible; iCjobs Stellenangebote Jobs; http://www.icjobs.de) Gecko/20100401 iCjobs/3.2.3"
85.25.71.152 - - [04/Mar/2013:22:57:24 +0100] "GET /news.php?cs_go=archiv&cs_id=3756&cs_search= HTTP/1.1" 200 13414 "-" "Mozilla/5.0 (X11; U; Linux i686; de; rv:1.9.0.1; compatible; iCjobs Stellenangebote Jobs; http://www.icjobs.de) Gecko/20100401 iCjobs/3.2.3"
85.25.71.152 - - [04/Mar/2013:22:57:29 +0100] "GET /news.php?cs_go=archiv&cs_id=3763&cs_search= HTTP/1.1" 200 9796 "-" "Mozilla/5.0 (X11; U; Linux i686; de; rv:1.9.0.1; compatible; iCjobs Stellenangebote Jobs; http://www.icjobs.de) Gecko/20100401 iCjobs/3.2.3"
85.25.71.152 - - [04/Mar/2013:22:57:32 +0100] "GET /news.php?cs_go=archiv&cs_id=3762&cs_search= HTTP/1.1" 200 13553 "-" "Mozilla/5.0 (X11; U; Linux i686; de; rv:1.9.0.1; compatible; iCjobs Stellenangebote Jobs; http://www.icjobs.de) Gecko/20100401 iCjobs/3.2.3"
85.25.71.152 - - [04/Mar/2013:22:57:36 +0100] "GET /news.php?cs_go=archiv&cs_id=3713&cs_search= HTTP/1.1" 200 16005 "-" "Mozilla/5.0 (X11; U; Linux i686; de; rv:1.9.0.1; compatible; iCjobs Stellenangebote Jobs; http://www.icjobs.de) Gecko/20100401 iCjobs/3.2.3"
85.25.71.152 - - [04/Mar/2013:22:57:43 +0100] "GET /news.php?cs_go=archiv&cs_id=3760&cs_search= HTTP/1.1" 200 9798 "-" "Mozilla/5.0 (X11; U; Linux i686; de; rv:1.9.0.1; compatible; iCjobs Stellenangebote Jobs; http://www.icjobs.de) Gecko/20100401 iCjobs/3.2.3"
85.25.71.152 - - [04/Mar/2013:22:57:46 +0100] "GET /news.php?cs_go=archiv&cs_id=3759&cs_search= HTTP/1.1" 200 13315 "-" "Mozilla/5.0 (X11; U; Linux i686; de; rv:1.9.0.1; compatible; iCjobs Stellenangebote Jobs; http://www.icjobs.de) Gecko/20100401 iCjobs/3.2.3"
85.25.71.152 - - [04/Mar/2013:22:57:51 +0100] "GET /news.php?cs_go=archiv&cs_startpos=230 HTTP/1.1" 200 11435 "-" "Mozilla/5.0 (X11; U; Linux i686; de; rv:1.9.0.1; compatible; iCjobs Stellenangebote Jobs; http://www.icjobs.de) Gecko/20100401 iCjobs/3.2.3"
85.25.71.152 - - [04/Mar/2013:22:57:55 +0100] "GET /news.php?cs_go=archiv&cs_id=3753&cs_search= HTTP/1.1" 200 13767 "-" "Mozilla/5.0 (X11; U; Linux i686; de; rv:1.9.0.1; compatible; iCjobs Stellenangebote Jobs; http://www.icjobs.de) Gecko/20100401 iCjobs/3.2.3"
85.25.71.152 - - [04/Mar/2013:22:57:59 +0100] "GET /news.php?cs_go=archiv&cs_id=3757&cs_search= HTTP/1.1" 200 10012 "-" "Mozilla/5.0 (X11; U; Linux i686; de; rv:1.9.0.1; compatible; iCjobs Stellenangebote Jobs; http://www.icjobs.de) Gecko/20100401 iCjobs/3.2.3"
85.25.71.152 - - [04/Mar/2013:22:58:02 +0100] "GET /news.php?cs_go=archiv&cs_id=3984 HTTP/1.1" 200 13114 "-" "Mozilla/5.0 (X11; U; Linux i686; de; rv:1.9.0.1; compatible; iCjobs Stellenangebote Jobs; http://www.icjobs.de) Gecko/20100401 iCjobs/3.2.3"
85.25.71.152 - - [04/Mar/2013:22:58:03 +0100] "GET /news.php?cs_go=archiv&cs_id=3983 HTTP/1.1" 200 9909 "-" "Mozilla/5.0 (X11; U; Linux i686; de; rv:1.9.0.1; compatible; iCjobs Stellenangebote Jobs; http://www.icjobs.de) Gecko/20100401 iCjobs/3.2.3"
85.25.71.152 - - [04/Mar/2013:22:58:03 +0100] "GET /news.php?cs_go=archiv&cs_id=3982 HTTP/1.1" 200 13363 "-" "Mozilla/5.0 (X11; U; Linux i686; de; rv:1.9.0.1; compatible; iCjobs Stellenangebote Jobs; http://www.icjobs.de) Gecko/20100401 iCjobs/3.2.3"
85.25.71.152 - - [04/Mar/2013:22:58:04 +0100] "GET /news.php?cs_go=archiv&cs_id=3981 HTTP/1.1" 200 12195 "-" "Mozilla/5.0 (X11; U; Linux i686; de; rv:1.9.0.1; compatible; iCjobs Stellenangebote Jobs; http://www.icjobs.de) Gecko/20100401 iCjobs/3.2.3"
85.25.71.152 - - [04/Mar/2013:22:58:04 +0100] "GET /news.php?cs_go=archiv HTTP/1.1" 200 21898 "-" "Mozilla/5.0 (X11; U; Linux i686; de; rv:1.9.0.1; compatible; iCjobs Stellenangebote Jobs; http://www.icjobs.de) Gecko/20100401 iCjobs/3.2.3"
85.25.71.152 - - [04/Mar/2013:22:58:05 +0100] "GET /rueckrufservice.php HTTP/1.1" 200 10683 "-" "Mozilla/5.0 (X11; U; Linux i686; de; rv:1.9.0.1; compatible; iCjobs Stellenangebote Jobs; http://www.icjobs.de) Gecko/20100401 iCjobs/3.2.3"
85.25.71.152 - - [04/Mar/2013:22:58:09 +0100] "GET /kwk.php HTTP/1.1" 200 10797 "-" "Mozilla/5.0 (X11; U; Linux i686; de; rv:1.9.0.1; compatible; iCjobs Stellenangebote Jobs; http://www.icjobs.de) Gecko/20100401 iCjobs/3.2.3"
85.25.71.152 - - [04/Mar/2013:22:58:13 +0100] "GET /optiplus.php HTTP/1.1" 200 11013 "-" "Mozilla/5.0 (X11; U; Linux i686; de; rv:1.9.0.1; compatible; iCjobs Stellenangebote Jobs; http://www.icjobs.de) Gecko/20100401 iCjobs/3.2.3"
85.25.71.152 - - [04/Mar/2013:22:58:14 +0100] "GET /agb.php HTTP/1.1" 200 19622 "-" "Mozilla/5.0 (X11; U; Linux i686; de; rv:1.9.0.1; compatible; iCjobs Stellenangebote Jobs; http://www.icjobs.de) Gecko/20100401 iCjobs/3.2.3"
85.25.71.152 - - [04/Mar/2013:23:05:06 +0100] "GET /images/RAL_Guetezeichen_Energiehandel.pdf HTTP/1.1" 200 288367 "-" "Mozilla/5.0 (X11; U; Linux i686; de; rv:1.9.0.1; compatible; iCjobs Stellenangebote Jobs; http://www.icjobs.de) Gecko/20100401 iCjobs/3.2.3"
85.25.71.152 - - [04/Mar/2013:23:05:15 +0100] "GET /.php HTTP/1.1" 404 - "-" "Mozilla/5.0 (X11; U; Linux i686; de; rv:1.9.0.1; compatible; iCjobs Stellenangebote Jobs; http://www.icjobs.de) Gecko/20100401 iCjobs/3.2.3"
85.25.71.152 - - [04/Mar/2013:23:05:15 +0100] "GET /diesel.php HTTP/1.1" 200 10552 "-" "Mozilla/5.0 (X11; U; Linux i686; de; rv:1.9.0.1; compatible; iCjobs Stellenangebote Jobs; http://www.icjobs.de) Gecko/20100401 iCjobs/3.2.3"
85.25.71.152 - - [04/Mar/2013:23:05:18 +0100] "GET /additive.php HTTP/1.1" 200 8285 "-" "Mozilla/5.0 (X11; U; Linux i686; de; rv:1.9.0.1; compatible; iCjobs Stellenangebote Jobs; http://www.icjobs.de) Gecko/20100401 iCjobs/3.2.3"
85.25.71.152 - - [04/Mar/2013:23:05:20 +0100] "GET /energiesparcheck.php HTTP/1.1" 200 13494 "-" "Mozilla/5.0 (X11; U; Linux i686; de; rv:1.9.0.1; compatible; iCjobs Stellenangebote Jobs; http://www.icjobs.de) Gecko/20100401 iCjobs/3.2.3"
85.25.71.152 - - [04/Mar/2013:23:05:25 +0100] "GET /foerdermittel.php HTTP/1.1" 200 12821 "-" "Mozilla/5.0 (X11; U; Linux i686; de; rv:1.9.0.1; compatible; iCjobs Stellenangebote Jobs; http://www.icjobs.de) Gecko/20100401 iCjobs/3.2.3"
85.25.71.152 - - [04/Mar/2013:23:05:28 +0100] "GET /modernisierung.php HTTP/1.1" 200 11491 "-" "Mozilla/5.0 (X11; U; Linux i686; de; rv:1.9.0.1; compatible; iCjobs Stellenangebote Jobs; http://www.icjobs.de) Gecko/20100401 iCjobs/3.2.3"
85.25.71.152 - - [04/Mar/2013:23:05:31 +0100] "GET /edl.php HTTP/1.1" 200 10714 "-" "Mozilla/5.0 (X11; U; Linux i686; de; rv:1.9.0.1; compatible; iCjobs Stellenangebote Jobs; http://www.icjobs.de) Gecko/20100401 iCjobs/3.2.3"
85.25.71.152 - - [04/Mar/2013:23:05:34 +0100] "GET /kwk.php?cs_go=1 HTTP/1.1" 200 10797 "-" "Mozilla/5.0 (X11; U; Linux i686; de; rv:1.9.0.1; compatible; iCjobs Stellenangebote Jobs; http://www.icjobs.de) Gecko/20100401 iCjobs/3.2.3"
85.25.71.152 - - [04/Mar/2013:23:05:34 +0100] "GET /kwk.php?cs_go=2 HTTP/1.1" 200 11768 "-" "Mozilla/5.0 (X11; U; Linux i686; de; rv:1.9.0.1; compatible; iCjobs Stellenangebote Jobs; http://www.icjobs.de) Gecko/20100401 iCjobs/3.2.3"
85.25.71.152 - - [04/Mar/2013:23:05:37 +0100] "GET /kwk.php?cs_go=3 HTTP/1.1" 200 10198 "-" "Mozilla/5.0 (X11; U; Linux i686; de; rv:1.9.0.1; compatible; iCjobs Stellenangebote Jobs; http://www.icjobs.de) Gecko/20100401 iCjobs/3.2.3"
85.25.71.152 - - [04/Mar/2013:23:05:40 +0100] "GET /kwk.php?cs_go=4 HTTP/1.1" 200 10168 "-" "Mozilla/5.0 (X11; U; Linux i686; de; rv:1.9.0.1; compatible; iCjobs Stellenangebote Jobs; http://www.icjobs.de) Gecko/20100401 iCjobs/3.2.3"
85.25.71.152 - - [04/Mar/2013:23:05:44 +0100] "GET /modernisierung.php?cs_gp_go=plus HTTP/1.1" 200 11491 "-" "Mozilla/5.0 (X11; U; Linux i686; de; rv:1.9.0.1; compatible; iCjobs Stellenangebote Jobs; http://www.icjobs.de) Gecko/20100401 iCjobs/3.2.3"
85.25.71.152 - - [04/Mar/2013:23:05:44 +0100] "GET /modernisierung.php?cs_gp_go=description HTTP/1.1" 200 10684 "-" "Mozilla/5.0 (X11; U; Linux i686; de; rv:1.9.0.1; compatible; iCjobs Stellenangebote Jobs; http://www.icjobs.de) Gecko/20100401 iCjobs/3.2.3"
85.25.71.152 - - [04/Mar/2013:23:05:46 +0100] "GET /modernisierung.php?cs_gp_go=coupon HTTP/1.1" 200 10105 "-" "Mozilla/5.0 (X11; U; Linux i686; de; rv:1.9.0.1; compatible; iCjobs Stellenangebote Jobs; http://www.icjobs.de) Gecko/20100401 iCjobs/3.2.3"
85.25.71.152 - - [04/Mar/2013:23:05:49 +0100] "GET /ansprechpartner.php HTTP/1.1" 404 - "-" "Mozilla/5.0 (X11; U; Linux i686; de; rv:1.9.0.1; compatible; iCjobs Stellenangebote Jobs; http://www.icjobs.de) Gecko/20100401 iCjobs/3.2.3"
66.249.78.46 - - [04/Mar/2013:23:13:38 +0100] "GET /news.php?cs_go=archiv&cs_id=3968&cs_search= HTTP/1.1" 200 12267 "-" "SAMSUNG-SGH-E250/1.0 Profile/MIDP-2.0 Configuration/CLDC-1.1 UP.Browser/6.2.3.3.c.1.101 (GUI) MMP/2.0 (compatible; Googlebot-Mobile/2.1; +http://www.google.com/bot.html)"
85.25.154.14 - - [04/Mar/2013:23:36:20 +0100] "GET /edl.php HTTP/1.1" 200 10801 "-" "Mozilla/4.0 (compatible; MSIE 6.0; Windows 98; Win 9x4.90)"
173.199.115.59 - - [04/Mar/2013:23:37:47 +0100] "GET /news.php?cs_go=archiv&cs_id=3982&cs_search= HTTP/1.1" 200 13450 "-" "Mozilla/5.0 (compatible; AhrefsBot/4.0; +http://ahrefs.com/robot/)"
65.36.241.79 - - [04/Mar/2013:23:54:23 +0100] "HEAD / HTTP/1.1" 200 - "-" "InternetSeer.com"
208.115.113.91 - - [05/Mar/2013:00:45:04 +0100] "GET /robots.txt HTTP/1.1" 200 177 "-" "Mozilla/5.0 (compatible; Ezooms/1.0; ezooms.bot@gmail.com)"
81.30.151.218 - - [05/Mar/2013:00:48:01 +0100] "GET /robots.txt HTTP/1.1" 200 177 "-" "Pixray-Seeker/2.0 (Pixray-Seeker; +http://www.pixray.com/pixraybot; +crawler@pixray.com)"
81.30.151.218 - - [05/Mar/2013:00:48:01 +0100] "GET /news.php?cs_go=archiv&cs_id=1810&cs_search= HTTP/1.1" 200 7887 "-" "Pixray-Seeker/2.0 (Pixray-Seeker; +http://www.pixray.com/pixraybot; +crawler@pixray.com)"
157.55.34.168 - - [05/Mar/2013:01:20:32 +0100] "GET /robots.txt HTTP/1.1" 200 177 "-" "Mozilla/5.0 (compatible; bingbot/2.0; +http://www.bing.com/bingbot.htm)"
157.55.34.168 - - [05/Mar/2013:01:23:12 +0100] "GET / HTTP/1.1" 200 15309 "-" "Mozilla/5.0 (compatible; bingbot/2.0; +http://www.bing.com/bingbot.htm)"
81.30.151.218 - - [05/Mar/2013:01:27:24 +0100] "GET /news.php?cs_go=archiv&cs_id=1760&cs_search= HTTP/1.1" 200 7887 "-" "Pixray-Seeker/2.0 (Pixray-Seeker; +http://www.pixray.com/pixraybot; +crawler@pixray.com)"
66.249.75.46 - - [05/Mar/2013:01:37:06 +0100] "GET /news.php?cs_go=archiv&cs_id=3968&cs_search= HTTP/1.1" 200 12267 "-" "DoCoMo/2.0 N905i(c100;TB;W24H16) (compatible; Googlebot-Mobile/2.1; +http://www.google.com/bot.html)"
216.145.11.94 - - [05/Mar/2013:01:41:45 +0100] "GET /robots.txt HTTP/1.0" 200 177 "-" "Mozilla/5.0 (Windows; U; Windows NT 5.1; en; rv:1.9.0.13) Gecko/2009073022 Firefox/3.5.2 (.NET CLR 3.5.30729) SurveyBot/2.3 (DomainTools)"
216.145.11.94 - - [05/Mar/2013:01:41:46 +0100] "GET / HTTP/1.1" 200 15309 "http://whois.domaintools.com/mink-gmbh.de" "Mozilla/5.0 (Windows; U; Windows NT 5.1; en; rv:1.9.0.13) Gecko/2009073022 Firefox/3.5.2 (.NET CLR 3.5.30729) SurveyBot/2.3 (DomainTools)"
66.249.78.46 - - [05/Mar/2013:02:22:41 +0100] "GET /style.css HTTP/1.1" 200 8418 "http://www.mink-gmbh.de/news.php?cs_go=archiv&cs_id=3849&cs_search=" "Mozilla/5.0 (compatible; Googlebot/2.1; +http://www.google.com/bot.html)"
66.249.78.46 - - [05/Mar/2013:02:22:41 +0100] "GET /modul.css HTTP/1.1" 200 35038 "http://www.mink-gmbh.de/news.php?cs_go=archiv&cs_id=3849&cs_search=" "Mozilla/5.0 (compatible; Googlebot/2.1; +http://www.google.com/bot.html)"
204.12.214.170 - - [05/Mar/2013:02:40:23 +0100] "GET /robots.txt HTTP/1.0" 200 177 "-" "Mozilla/5.0 (compatible; MJ12bot/v1.4.3; http://www.majestic12.co.uk/bot.php?+)"
204.12.214.170 - - [05/Mar/2013:02:40:24 +0100] "GET /news.php?cs_go=archiv&cs_id=3983 HTTP/1.0" 200 9996 "-" "Mozilla/5.0 (compatible; MJ12bot/v1.4.3; http://www.majestic12.co.uk/bot.php?+)"
157.55.34.168 - - [05/Mar/2013:02:46:13 +0100] "GET /robots.txt HTTP/1.1" 200 177 "-" "Mozilla/5.0 (compatible; bingbot/2.0; +http://www.bing.com/bingbot.htm)"
157.55.34.168 - - [05/Mar/2013:02:48:44 +0100] "GET / HTTP/1.1" 200 15309 "-" "Mozilla/5.0 (compatible; bingbot/2.0; +http://www.bing.com/bingbot.htm)"
178.255.215.64 - - [05/Mar/2013:02:49:33 +0100] "GET /robots.txt HTTP/1.1" 200 177 "-" "Mozilla/5.0 (compatible; Exabot/3.0; +http://www.exabot.com/go/robot)"
178.255.215.64 - - [05/Mar/2013:02:49:33 +0100] "GET / HTTP/1.1" 200 15309 "-" "Mozilla/5.0 (compatible; Exabot/3.0; +http://www.exabot.com/go/robot)"
81.30.151.218 - - [05/Mar/2013:02:52:16 +0100] "GET /news.php?cs_go=archiv&cs_id=2015&cs_search= HTTP/1.1" 200 7887 "-" "Pixray-Seeker/2.0 (Pixray-Seeker; +http://www.pixray.com/pixraybot; +crawler@pixray.com)"
208.115.113.91 - - [05/Mar/2013:02:52:52 +0100] "GET /news.php?cs_go=archiv&cs_id=3933&cs_search= HTTP/1.1" 200 11219 "-" "Mozilla/5.0 (compatible; Ezooms/1.0; ezooms.bot@gmail.com)"
66.249.78.46 - - [05/Mar/2013:02:59:13 +0100] "GET /standard.php HTTP/1.1" 200 9218 "-" "Mozilla/5.0 (iPhone; U; CPU iPhone OS 4_1 like Mac OS X; en-us) AppleWebKit/532.9 (KHTML, like Gecko) Version/4.0.5 Mobile/8B117 Safari/6531.22.7 (compatible; Googlebot-Mobile/2.1; +http://www.google.com/bot.html)"
81.30.151.218 - - [05/Mar/2013:03:41:57 +0100] "GET /news.php?cs_go=archiv&cs_id=2334&cs_search= HTTP/1.1" 200 7887 "-" "Pixray-Seeker/2.0 (Pixray-Seeker; +http://www.pixray.com/pixraybot; +crawler@pixray.com)"
66.249.78.46 - - [05/Mar/2013:03:55:52 +0100] "GET /preisanfrage.php HTTP/1.1" 200 10734 "-" "Mozilla/5.0 (compatible; Googlebot/2.1; +http://www.google.com/bot.html)"
66.249.78.46 - - [05/Mar/2013:04:35:04 +0100] "GET /news.php?cs_go=archiv&cs_startpos=20 HTTP/1.1" 200 22411 "-" "Mozilla/5.0 (compatible; Googlebot/2.1; +http://www.google.com/bot.html)"
80.56.217.20 - - [05/Mar/2013:04:52:19 +0100] "GET / HTTP/1.1" 200 15309 "-" "Java/1.7.0_13"
80.56.217.20 - - [05/Mar/2013:04:52:25 +0100] "GET /agb.php HTTP/1.1" 200 19709 "-" "Java/1.7.0_13"
80.56.217.20 - - [05/Mar/2013:04:52:26 +0100] "GET /impressum.php HTTP/1.1" 200 8582 "-" "Java/1.7.0_13"
80.56.217.20 - - [05/Mar/2013:04:52:26 +0100] "GET /index.php HTTP/1.1" 200 15309 "-" "Java/1.7.0_13"
80.56.217.20 - - [05/Mar/2013:04:52:27 +0100] "GET /jobs.php HTTP/1.1" 200 10090 "-" "Java/1.7.0_13"
80.56.217.20 - - [05/Mar/2013:04:52:27 +0100] "GET /kontakt.php HTTP/1.1" 200 9198 "-" "Java/1.7.0_13"
80.56.217.20 - - [05/Mar/2013:04:52:27 +0100] "GET /kwk.php HTTP/1.1" 200 10884 "-" "Java/1.7.0_13"
80.56.217.20 - - [05/Mar/2013:04:52:28 +0100] "GET /news.php HTTP/1.1" 200 21985 "-" "Java/1.7.0_13"
80.56.217.20 - - [05/Mar/2013:04:52:28 +0100] "GET /newsletter.php HTTP/1.1" 200 8928 "-" "Java/1.7.0_13"
80.56.217.20 - - [05/Mar/2013:04:52:29 +0100] "GET /optiplus.php HTTP/1.1" 200 11100 "-" "Java/1.7.0_13"
80.56.217.20 - - [05/Mar/2013:04:52:29 +0100] "GET /preisanfrage.php HTTP/1.1" 200 10734 "-" "Java/1.7.0_13"
80.56.217.20 - - [05/Mar/2013:04:52:29 +0100] "GET /rueckrufservice.php HTTP/1.1" 200 10770 "-" "Java/1.7.0_13"
80.56.217.20 - - [05/Mar/2013:04:52:30 +0100] "GET /standard.php HTTP/1.1" 200 9218 "-" "Java/1.7.0_13"
80.56.217.20 - - [05/Mar/2013:04:52:30 +0100] "GET /wunschpreis.php HTTP/1.1" 200 12084 "-" "Java/1.7.0_13"
80.56.217.20 - - [05/Mar/2013:04:52:30 +0100] "GET /edl.php HTTP/1.1" 200 10801 "-" "Java/1.7.0_13"
80.56.217.20 - - [05/Mar/2013:04:52:31 +0100] "GET /energiesparcheck.php HTTP/1.1" 200 13581 "-" "Java/1.7.0_13"
80.56.217.20 - - [05/Mar/2013:04:52:31 +0100] "GET /faq.php HTTP/1.1" 200 184037 "-" "Java/1.7.0_13"
80.56.217.20 - - [05/Mar/2013:04:52:35 +0100] "GET /foerdermittel.php HTTP/1.1" 200 12908 "-" "Java/1.7.0_13"
80.56.217.20 - - [05/Mar/2013:04:52:35 +0100] "GET /lexikon.php HTTP/1.1" 200 10523 "-" "Java/1.7.0_13"
80.56.217.20 - - [05/Mar/2013:04:52:35 +0100] "GET /modernisierung.php HTTP/1.1" 200 11578 "-" "Java/1.7.0_13"
80.56.217.20 - - [05/Mar/2013:04:52:36 +0100] "GET /.php HTTP/1.1" 404 - "-" "Java/1.7.0_13"
80.56.217.20 - - [05/Mar/2013:04:52:36 +0100] "GET /additive.php HTTP/1.1" 200 8372 "-" "Java/1.7.0_13"
80.56.217.20 - - [05/Mar/2013:04:52:36 +0100] "GET /diesel.php HTTP/1.1" 200 10639 "-" "Java/1.7.0_13"
80.56.217.20 - - [05/Mar/2013:04:52:39 +0100] "GET /js_contentserver24_greybox/AJS.js HTTP/1.1" 200 10396 "-" "Java/1.7.0_13"
80.56.217.20 - - [05/Mar/2013:04:52:39 +0100] "GET /js_contentserver24_greybox/AJS_fx.js HTTP/1.1" 200 3192 "-" "Java/1.7.0_13"
80.56.217.20 - - [05/Mar/2013:04:52:39 +0100] "GET /js_contentserver24_greybox/gb_scripts.js HTTP/1.1" 200 11913 "-" "Java/1.7.0_13"
80.56.217.20 - - [05/Mar/2013:04:52:39 +0100] "GET /js_contentserver24_greybox/loader_frame.html HTTP/1.1" 200 2084 "-" "Java/1.7.0_13"
80.56.217.20 - - [05/Mar/2013:04:52:39 +0100] "GET /js_contentserver24_greybox/' + gb_url + ' HTTP/1.1" 404 - "-" "Java/1.7.0_13"
80.56.217.20 - - [05/Mar/2013:04:52:39 +0100] "GET /"http://www.brennstoffboerse.de/index.php?go=fluessiggas_pruefung" HTTP/1.1" 404 - "-" "Java/1.7.0_13"
80.56.217.20 - - [05/Mar/2013:04:52:39 +0100] "GET /news.php?cs_go=archiv HTTP/1.1" 200 21985 "-" "Java/1.7.0_13"
80.56.217.20 - - [05/Mar/2013:04:52:40 +0100] "GET /lexikon.php?cs_go=2&cs_char=a HTTP/1.1" 200 9803 "-" "Java/1.7.0_13"
80.56.217.20 - - [05/Mar/2013:04:52:41 +0100] "GET /modernisierung.php?cs_gp_go=coupon HTTP/1.1" 200 10192 "-" "Java/1.7.0_13"
80.56.217.20 - - [05/Mar/2013:04:52:41 +0100] "GET /news.php?cs_go=archiv&cs_id=3981 HTTP/1.1" 200 21985 "-" "Java/1.7.0_13"
65.36.241.79 - - [05/Mar/2013:05:11:46 +0100] "HEAD / HTTP/1.1" 200 - "-" "InternetSeer.com"
66.249.78.46 - - [05/Mar/2013:05:22:42 +0100] "GET /news.php?cs_go=archiv&cs_startpos=210 HTTP/1.1" 200 22547 "-" "Mozilla/5.0 (compatible; Googlebot/2.1; +http://www.google.com/bot.html)"
66.249.78.46 - - [05/Mar/2013:05:29:30 +0100] "GET /news.php?cs_go=archiv&cs_id=2742&cs_search= HTTP/1.1" 200 11170 "-" "Mozilla/5.0 (compatible; Googlebot/2.1; +http://www.google.com/bot.html)"
66.249.78.46 - - [05/Mar/2013:05:36:25 +0100] "GET /news.php?cs_go=archiv&cs_id=3244&cs_search= HTTP/1.1" 200 12315 "-" "Mozilla/5.0 (compatible; Googlebot/2.1; +http://www.google.com/bot.html)"
141.8.147.12 - - [05/Mar/2013:06:15:05 +0100] "GET /robots.txt HTTP/1.1" 200 177 "-" "Mozilla/5.0 (compatible; YandexBot/3.0; +http://yandex.com/bots)"
66.249.78.46 - - [05/Mar/2013:06:24:21 +0100] "GET /news.php?cs_go=archiv&cs_id=3335&cs_search= HTTP/1.1" 200 11767 "-" "Mozilla/5.0 (compatible; Googlebot/2.1; +http://www.google.com/bot.html)"
81.30.151.218 - - [05/Mar/2013:06:29:31 +0100] "GET /news.php?cs_go=archiv&cs_startpos=1350 HTTP/1.1" 200 8126 "-" "Pixray-Seeker/2.0 (Pixray-Seeker; +http://www.pixray.com/pixraybot; +crawler@pixray.com)"
66.249.78.46 - - [05/Mar/2013:06:44:59 +0100] "GET /news.php?cs_go=archiv&cs_id=2831&cs_search= HTTP/1.1" 200 14319 "-" "Mozilla/5.0 (compatible; Googlebot/2.1; +http://www.google.com/bot.html)"
66.249.78.46 - - [05/Mar/2013:06:51:50 +0100] "GET /lexikon.php?cs_go=3&cs_id=137 HTTP/1.1" 200 9326 "-" "Mozilla/5.0 (compatible; Googlebot/2.1; +http://www.google.com/bot.html)"
141.8.147.12 - - [05/Mar/2013:07:57:49 +0100] "GET /news.php?cs_go=archiv&cs_id=3979 HTTP/1.1" 200 13500 "-" "Mozilla/5.0 (compatible; YandexBot/3.0; +http://yandex.com/bots)"
81.30.151.218 - - [05/Mar/2013:07:58:26 +0100] "GET /news.php?cs_go=archiv&cs_startpos=591 HTTP/1.1" 200 8125 "-" "Pixray-Seeker/2.0 (Pixray-Seeker; +http://www.pixray.com/pixraybot; +crawler@pixray.com)"
66.249.78.46 - - [05/Mar/2013:08:00:01 +0100] "GET /news.php?cs_go=archiv&cs_id=2931 HTTP/1.1" 200 11457 "-" "Mozilla/5.0 (compatible; Googlebot/2.1; +http://www.google.com/bot.html)"
95.128.200.200 - - [05/Mar/2013:08:06:47 +0100] "GET / HTTP/1.1" 200 15309 "-" "Mozilla/5.0 (Windows NT 6.1; rv:12.0) Gecko/20120403211507 Firefox/12.0"
141.8.147.12 - - [05/Mar/2013:08:58:56 +0100] "GET /news.php?cs_go=archiv&cs_id=3773&cs_search= HTTP/1.1" 200 9884 "-" "Mozilla/5.0 (compatible; YandexBot/3.0; +http://yandex.com/bots)"
85.179.35.9 - - [05/Mar/2013:09:34:05 +0100] "GET /style.css HTTP/1.1" 200 8418 "http://www.mink-gmbh.de/news.php" "Mozilla/5.0 (Windows NT 5.1; rv:19.0) Gecko/20100101 Firefox/19.0"
85.179.35.9 - - [05/Mar/2013:09:34:05 +0100] "GET /news.php HTTP/1.1" 200 21985 "http://www.google.de/url?sa=t&rct=j&q=&esrc=s&source=web&cd=2&ved=0CD0QFjAB&url=http%3A%2F%2Fwww.mink-gmbh.de%2Fnews.php&ei=5K01UfqtL43DPI6pgMgJ&usg=AFQjCNEzOPe83oFVszVe0VK1VeyQYToXyw&bvm=bv.43148975,d.ZWU" "Mozilla/5.0 (Windows NT 5.1; rv:19.0) Gecko/20100101 Firefox/19.0"
85.179.35.9 - - [05/Mar/2013:09:34:05 +0100] "GET /modul.css HTTP/1.1" 200 35038 "http://www.mink-gmbh.de/news.php" "Mozilla/5.0 (Windows NT 5.1; rv:19.0) Gecko/20100101 Firefox/19.0"
85.179.35.9 - - [05/Mar/2013:09:34:05 +0100] "GET /favicon.ico HTTP/1.1" 200 3638 "-" "Mozilla/5.0 (Windows NT 5.1; rv:19.0) Gecko/20100101 Firefox/19.0"
85.179.35.9 - - [05/Mar/2013:09:34:06 +0100] "GET /images/freecall.jpg HTTP/1.1" 200 39195 "http://www.mink-gmbh.de/news.php" "Mozilla/5.0 (Windows NT 5.1; rv:19.0) Gecko/20100101 Firefox/19.0"
85.179.35.9 - - [05/Mar/2013:09:34:06 +0100] "GET /images/mail.jpg HTTP/1.1" 200 11165 "http://www.mink-gmbh.de/news.php" "Mozilla/5.0 (Windows NT 5.1; rv:19.0) Gecko/20100101 Firefox/19.0"
85.179.35.9 - - [05/Mar/2013:09:34:06 +0100] "GET /images/kwk.gif HTTP/1.1" 200 6403 "http://www.mink-gmbh.de/news.php" "Mozilla/5.0 (Windows NT 5.1; rv:19.0) Gecko/20100101 Firefox/19.0"
85.179.35.9 - - [05/Mar/2013:09:34:06 +0100] "GET /images/wunschpreis.jpg HTTP/1.1" 200 16767 "http://www.mink-gmbh.de/news.php" "Mozilla/5.0 (Windows NT 5.1; rv:19.0) Gecko/20100101 Firefox/19.0"
85.179.35.9 - - [05/Mar/2013:09:34:06 +0100] "GET /images/logos.jpg HTTP/1.1" 200 15002 "http://www.mink-gmbh.de/news.php" "Mozilla/5.0 (Windows NT 5.1; rv:19.0) Gecko/20100101 Firefox/19.0"
85.179.35.9 - - [05/Mar/2013:09:34:07 +0100] "GET /images/bg.jpg HTTP/1.1" 200 345 "http://www.mink-gmbh.de/style.css" "Mozilla/5.0 (Windows NT 5.1; rv:19.0) Gecko/20100101 Firefox/19.0"
85.179.35.9 - - [05/Mar/2013:09:34:07 +0100] "GET /images/close.png HTTP/1.1" 200 703 "http://www.mink-gmbh.de/news.php" "Mozilla/5.0 (Windows NT 5.1; rv:19.0) Gecko/20100101 Firefox/19.0"
85.179.35.9 - - [05/Mar/2013:09:34:07 +0100] "GET /images/newsletter_bg.jpg HTTP/1.1" 200 33610 "http://www.mink-gmbh.de/news.php" "Mozilla/5.0 (Windows NT 5.1; rv:19.0) Gecko/20100101 Firefox/19.0"
85.179.35.9 - - [05/Mar/2013:09:34:07 +0100] "GET /images/newsletter.png HTTP/1.1" 200 14619 "http://www.mink-gmbh.de/style.css" "Mozilla/5.0 (Windows NT 5.1; rv:19.0) Gecko/20100101 Firefox/19.0"
85.179.35.9 - - [05/Mar/2013:09:34:07 +0100] "GET /images/wrapperbg.jpg HTTP/1.1" 200 27465 "http://www.mink-gmbh.de/style.css" "Mozilla/5.0 (Windows NT 5.1; rv:19.0) Gecko/20100101 Firefox/19.0"
85.179.35.9 - - [05/Mar/2013:09:34:07 +0100] "GET /images/header.jpg HTTP/1.1" 200 24413 "http://www.mink-gmbh.de/style.css" "Mozilla/5.0 (Windows NT 5.1; rv:19.0) Gecko/20100101 Firefox/19.0"
85.179.35.9 - - [05/Mar/2013:09:34:07 +0100] "GET /images/navibg.png HTTP/1.1" 200 2803 "http://www.mink-gmbh.de/style.css" "Mozilla/5.0 (Windows NT 5.1; rv:19.0) Gecko/20100101 Firefox/19.0"
85.179.35.9 - - [05/Mar/2013:09:34:07 +0100] "GET /images/footerbg.jpg HTTP/1.1" 200 2184 "http://www.mink-gmbh.de/style.css" "Mozilla/5.0 (Windows NT 5.1; rv:19.0) Gecko/20100101 Firefox/19.0"
85.179.35.9 - - [05/Mar/2013:09:34:49 +0100] "GET /preisanfrage.php HTTP/1.1" 200 10647 "http://www.mink-gmbh.de/news.php" "Mozilla/5.0 (Windows NT 5.1; rv:19.0) Gecko/20100101 Firefox/19.0"
85.179.35.9 - - [05/Mar/2013:09:35:29 +0100] "GET /news.php HTTP/1.1" 200 21898 "http://www.google.de/url?sa=t&rct=j&q=&esrc=s&source=web&cd=2&ved=0CD0QFjAB&url=http%3A%2F%2Fwww.mink-gmbh.de%2Fnews.php&ei=5K01UfqtL43DPI6pgMgJ&usg=AFQjCNEzOPe83oFVszVe0VK1VeyQYToXyw&bvm=bv.43148975,d.ZWU" "Mozilla/5.0 (Windows NT 5.1; rv:19.0) Gecko/20100101 Firefox/19.0"
85.179.35.9 - - [05/Mar/2013:09:35:38 +0100] "GET /news.php?cs_go=archiv&cs_id=3984&cs_search= HTTP/1.1" 200 13114 "http://www.mink-gmbh.de/news.php" "Mozilla/5.0 (Windows NT 5.1; rv:19.0) Gecko/20100101 Firefox/19.0"
157.55.34.168 - - [05/Mar/2013:09:40:05 +0100] "GET /robots.txt HTTP/1.1" 200 177 "-" "Mozilla/5.0 (compatible; bingbot/2.0; +http://www.bing.com/bingbot.htm)"
157.55.34.168 - - [05/Mar/2013:09:41:31 +0100] "GET / HTTP/1.1" 200 15309 "-" "Mozilla/5.0 (compatible; bingbot/2.0; +http://www.bing.com/bingbot.htm)"
173.199.115.59 - - [05/Mar/2013:09:57:24 +0100] "GET /lexikon.php?cs_go=3&cs_id=43 HTTP/1.1" 200 8005 "-" "Mozilla/5.0 (compatible; AhrefsBot/4.0; +http://ahrefs.com/robot/)"
62.181.145.141 - - [05/Mar/2013:09:57:33 +0100] "GET /js_contentserver24_greybox/gb_scripts.js HTTP/1.1" 200 11913 "http://www.mink-gmbh.de/" "Mozilla/4.0 (compatible; MSIE 8.0; Windows NT 5.1; Trident/4.0; .NET CLR 1.1.4322; .NET CLR 2.0.50727; .NET CLR 3.0.04506.648; .NET CLR 3.5.21022; .NET CLR 3.0.4506.2152; .NET CLR 3.5.30729; .NET4.0C; .NET4.0E; LBB;FAT;LBV;s093a522;mittel)"
62.181.145.141 - - [05/Mar/2013:09:57:33 +0100] "GET /js_contentserver24_greybox/AJS_fx.js HTTP/1.1" 200 3192 "http://www.mink-gmbh.de/" "Mozilla/4.0 (compatible; MSIE 8.0; Windows NT 5.1; Trident/4.0; .NET CLR 1.1.4322; .NET CLR 2.0.50727; .NET CLR 3.0.04506.648; .NET CLR 3.5.21022; .NET CLR 3.0.4506.2152; .NET CLR 3.5.30729; .NET4.0C; .NET4.0E; LBB;FAT;LBV;s093a522;mittel)"
62.181.145.141 - - [05/Mar/2013:09:57:33 +0100] "GET /js_contentserver24_greybox/AJS.js HTTP/1.1" 200 10396 "http://www.mink-gmbh.de/" "Mozilla/4.0 (compatible; MSIE 8.0; Windows NT 5.1; Trident/4.0; .NET CLR 1.1.4322; .NET CLR 2.0.50727; .NET CLR 3.0.04506.648; .NET CLR 3.5.21022; .NET CLR 3.0.4506.2152; .NET CLR 3.5.30729; .NET4.0C; .NET4.0E; LBB;FAT;LBV;s093a522;mittel)"
62.181.145.141 - - [05/Mar/2013:09:57:33 +0100] "GET /js_contentserver24_greybox/gb_styles.css HTTP/1.1" 200 2302 "http://www.mink-gmbh.de/" "Mozilla/4.0 (compatible; MSIE 8.0; Windows NT 5.1; Trident/4.0; .NET CLR 1.1.4322; .NET CLR 2.0.50727; .NET CLR 3.0.04506.648; .NET CLR 3.5.21022; .NET CLR 3.0.4506.2152; .NET CLR 3.5.30729; .NET4.0C; .NET4.0E; LBB;FAT;LBV;s093a522;mittel)"
62.181.145.141 - - [05/Mar/2013:09:57:34 +0100] "GET /images/tkw.jpg HTTP/1.1" 200 64031 "http://www.mink-gmbh.de/" "Mozilla/4.0 (compatible; MSIE 8.0; Windows NT 5.1; Trident/4.0; .NET CLR 1.1.4322; .NET CLR 2.0.50727; .NET CLR 3.0.04506.648; .NET CLR 3.5.21022; .NET CLR 3.0.4506.2152; .NET CLR 3.5.30729; .NET4.0C; .NET4.0E; LBB;FAT;LBV;s093a522;mittel)"
62.181.145.141 - - [05/Mar/2013:09:57:33 +0100] "GET / HTTP/1.1" 200 15341 "http://www.google.de/url?sa=t&rct=j&q=mink%20heiz%C3%B6l&source=web&cd=1&sqi=2&ved=0CDAQFjAA&url=http%3A%2F%2Fwww.mink-gmbh.de%2F&ei=YLM1UZ2eM8XOsgbj24C4Aw&usg=AFQjCNFHX4Iglls9oo-KYXTmDUV_5KOVIg&bvm=bv.43148975,d.Yms" "Mozilla/4.0 (compatible; MSIE 8.0; Windows NT 5.1; Trident/4.0; .NET CLR 1.1.4322; .NET CLR 2.0.50727; .NET CLR 3.0.04506.648; .NET CLR 3.5.21022; .NET CLR 3.0.4506.2152; .NET CLR 3.5.30729; .NET4.0C; .NET4.0E; LBB;FAT;LBV;s093a522;mittel)"
62.181.145.141 - - [05/Mar/2013:09:57:34 +0100] "GET /images/mail.jpg HTTP/1.1" 200 11165 "http://www.mink-gmbh.de/" "Mozilla/4.0 (compatible; MSIE 8.0; Windows NT 5.1; Trident/4.0; .NET CLR 1.1.4322; .NET CLR 2.0.50727; .NET CLR 3.0.04506.648; .NET CLR 3.5.21022; .NET CLR 3.0.4506.2152; .NET CLR 3.5.30729; .NET4.0C; .NET4.0E; LBB;FAT;LBV;s093a522;mittel)"
62.181.145.141 - - [05/Mar/2013:09:57:34 +0100] "GET /images/freecall.jpg HTTP/1.1" 200 39195 "http://www.mink-gmbh.de/" "Mozilla/4.0 (compatible; MSIE 8.0; Windows NT 5.1; Trident/4.0; .NET CLR 1.1.4322; .NET CLR 2.0.50727; .NET CLR 3.0.04506.648; .NET CLR 3.5.21022; .NET CLR 3.0.4506.2152; .NET CLR 3.5.30729; .NET4.0C; .NET4.0E; LBB;FAT;LBV;s093a522;mittel)"
62.181.145.141 - - [05/Mar/2013:09:57:34 +0100] "GET /images/logos.jpg HTTP/1.1" 200 15002 "http://www.mink-gmbh.de/" "Mozilla/4.0 (compatible; MSIE 8.0; Windows NT 5.1; Trident/4.0; .NET CLR 1.1.4322; .NET CLR 2.0.50727; .NET CLR 3.0.04506.648; .NET CLR 3.5.21022; .NET CLR 3.0.4506.2152; .NET CLR 3.5.30729; .NET4.0C; .NET4.0E; LBB;FAT;LBV;s093a522;mittel)"
62.181.145.141 - - [05/Mar/2013:09:57:34 +0100] "GET /images/wunschpreis.jpg HTTP/1.1" 200 16767 "http://www.mink-gmbh.de/" "Mozilla/4.0 (compatible; MSIE 8.0; Windows NT 5.1; Trident/4.0; .NET CLR 1.1.4322; .NET CLR 2.0.50727; .NET CLR 3.0.04506.648; .NET CLR 3.5.21022; .NET CLR 3.0.4506.2152; .NET CLR 3.5.30729; .NET4.0C; .NET4.0E; LBB;FAT;LBV;s093a522;mittel)"
62.181.145.141 - - [05/Mar/2013:09:57:34 +0100] "GET /images/kwk.gif HTTP/1.1" 200 6403 "http://www.mink-gmbh.de/" "Mozilla/4.0 (compatible; MSIE 8.0; Windows NT 5.1; Trident/4.0; .NET CLR 1.1.4322; .NET CLR 2.0.50727; .NET CLR 3.0.04506.648; .NET CLR 3.5.21022; .NET CLR 3.0.4506.2152; .NET CLR 3.5.30729; .NET4.0C; .NET4.0E; LBB;FAT;LBV;s093a522;mittel)"
62.181.145.141 - - [05/Mar/2013:09:57:34 +0100] "GET /modul.css HTTP/1.1" 200 35038 "http://www.mink-gmbh.de/" "Mozilla/4.0 (compatible; MSIE 8.0; Windows NT 5.1; Trident/4.0; .NET CLR 1.1.4322; .NET CLR 2.0.50727; .NET CLR 3.0.04506.648; .NET CLR 3.5.21022; .NET CLR 3.0.4506.2152; .NET CLR 3.5.30729; .NET4.0C; .NET4.0E; LBB;FAT;LBV;s093a522;mittel)"
62.181.145.141 - - [05/Mar/2013:09:57:34 +0100] "GET /style.css HTTP/1.1" 200 8418 "http://www.mink-gmbh.de/" "Mozilla/4.0 (compatible; MSIE 8.0; Windows NT 5.1; Trident/4.0; .NET CLR 1.1.4322; .NET CLR 2.0.50727; .NET CLR 3.0.04506.648; .NET CLR 3.5.21022; .NET CLR 3.0.4506.2152; .NET CLR 3.5.30729; .NET4.0C; .NET4.0E; LBB;FAT;LBV;s093a522;mittel)"
62.181.145.141 - - [05/Mar/2013:09:57:34 +0100] "GET /images/bg.jpg HTTP/1.1" 200 345 "http://www.mink-gmbh.de/" "Mozilla/4.0 (compatible; MSIE 8.0; Windows NT 5.1; Trident/4.0; .NET CLR 1.1.4322; .NET CLR 2.0.50727; .NET CLR 3.0.04506.648; .NET CLR 3.5.21022; .NET CLR 3.0.4506.2152; .NET CLR 3.5.30729; .NET4.0C; .NET4.0E; LBB;FAT;LBV;s093a522;mittel)"
62.181.145.141 - - [05/Mar/2013:09:57:34 +0100] "GET /js_contentserver24_greybox/w_close.gif HTTP/1.1" 200 74 "http://www.mink-gmbh.de/" "Mozilla/4.0 (compatible; MSIE 8.0; Windows NT 5.1; Trident/4.0; .NET CLR 1.1.4322; .NET CLR 2.0.50727; .NET CLR 3.0.04506.648; .NET CLR 3.5.21022; .NET CLR 3.0.4506.2152; .NET CLR 3.5.30729; .NET4.0C; .NET4.0E; LBB;FAT;LBV;s093a522;mittel)"
62.181.145.141 - - [05/Mar/2013:09:57:34 +0100] "GET /images/newsletter_bg.jpg HTTP/1.1" 200 33610 "http://www.mink-gmbh.de/" "Mozilla/4.0 (compatible; MSIE 8.0; Windows NT 5.1; Trident/4.0; .NET CLR 1.1.4322; .NET CLR 2.0.50727; .NET CLR 3.0.04506.648; .NET CLR 3.5.21022; .NET CLR 3.0.4506.2152; .NET CLR 3.5.30729; .NET4.0C; .NET4.0E; LBB;FAT;LBV;s093a522;mittel)"
62.181.145.141 - - [05/Mar/2013:09:57:34 +0100] "GET /images/wrapperbg.jpg HTTP/1.1" 200 27465 "http://www.mink-gmbh.de/" "Mozilla/4.0 (compatible; MSIE 8.0; Windows NT 5.1; Trident/4.0; .NET CLR 1.1.4322; .NET CLR 2.0.50727; .NET CLR 3.0.04506.648; .NET CLR 3.5.21022; .NET CLR 3.0.4506.2152; .NET CLR 3.5.30729; .NET4.0C; .NET4.0E; LBB;FAT;LBV;s093a522;mittel)"
62.181.145.141 - - [05/Mar/2013:09:57:34 +0100] "GET /images/navibg.png HTTP/1.1" 200 2803 "http://www.mink-gmbh.de/" "Mozilla/4.0 (compatible; MSIE 8.0; Windows NT 5.1; Trident/4.0; .NET CLR 1.1.4322; .NET CLR 2.0.50727; .NET CLR 3.0.04506.648; .NET CLR 3.5.21022; .NET CLR 3.0.4506.2152; .NET CLR 3.5.30729; .NET4.0C; .NET4.0E; LBB;FAT;LBV;s093a522;mittel)"
62.181.145.141 - - [05/Mar/2013:09:57:34 +0100] "GET /images/close.png HTTP/1.1" 200 703 "http://www.mink-gmbh.de/" "Mozilla/4.0 (compatible; MSIE 8.0; Windows NT 5.1; Trident/4.0; .NET CLR 1.1.4322; .NET CLR 2.0.50727; .NET CLR 3.0.04506.648; .NET CLR 3.5.21022; .NET CLR 3.0.4506.2152; .NET CLR 3.5.30729; .NET4.0C; .NET4.0E; LBB;FAT;LBV;s093a522;mittel)"
62.181.145.141 - - [05/Mar/2013:09:57:35 +0100] "GET /images/newsletter.png HTTP/1.1" 200 14619 "http://www.mink-gmbh.de/" "Mozilla/4.0 (compatible; MSIE 8.0; Windows NT 5.1; Trident/4.0; .NET CLR 1.1.4322; .NET CLR 2.0.50727; .NET CLR 3.0.04506.648; .NET CLR 3.5.21022; .NET CLR 3.0.4506.2152; .NET CLR 3.5.30729; .NET4.0C; .NET4.0E; LBB;FAT;LBV;s093a522;mittel)"
62.181.145.141 - - [05/Mar/2013:09:57:35 +0100] "GET /images/header.jpg HTTP/1.1" 200 24413 "http://www.mink-gmbh.de/" "Mozilla/4.0 (compatible; MSIE 8.0; Windows NT 5.1; Trident/4.0; .NET CLR 1.1.4322; .NET CLR 2.0.50727; .NET CLR 3.0.04506.648; .NET CLR 3.5.21022; .NET CLR 3.0.4506.2152; .NET CLR 3.5.30729; .NET4.0C; .NET4.0E; LBB;FAT;LBV;s093a522;mittel)"
62.181.145.141 - - [05/Mar/2013:09:57:35 +0100] "GET /images/steigend.png HTTP/1.1" 200 688 "http://www.mink-gmbh.de/" "Mozilla/4.0 (compatible; MSIE 8.0; Windows NT 5.1; Trident/4.0; .NET CLR 1.1.4322; .NET CLR 2.0.50727; .NET CLR 3.0.04506.648; .NET CLR 3.5.21022; .NET CLR 3.0.4506.2152; .NET CLR 3.5.30729; .NET4.0C; .NET4.0E; LBB;FAT;LBV;s093a522;mittel)"
62.181.145.141 - - [05/Mar/2013:09:57:35 +0100] "GET /images/fallend.png HTTP/1.1" 200 713 "http://www.mink-gmbh.de/" "Mozilla/4.0 (compatible; MSIE 8.0; Windows NT 5.1; Trident/4.0; .NET CLR 1.1.4322; .NET CLR 2.0.50727; .NET CLR 3.0.04506.648; .NET CLR 3.5.21022; .NET CLR 3.0.4506.2152; .NET CLR 3.5.30729; .NET4.0C; .NET4.0E; LBB;FAT;LBV;s093a522;mittel)"
62.181.145.141 - - [05/Mar/2013:09:57:35 +0100] "GET /js_contentserver24_greybox/header_bg.gif HTTP/1.1" 200 1188 "http://www.mink-gmbh.de/" "Mozilla/4.0 (compatible; MSIE 8.0; Windows NT 5.1; Trident/4.0; .NET CLR 1.1.4322; .NET CLR 2.0.50727; .NET CLR 3.0.04506.648; .NET CLR 3.5.21022; .NET CLR 3.0.4506.2152; .NET CLR 3.5.30729; .NET4.0C; .NET4.0E; LBB;FAT;LBV;s093a522;mittel)"
62.181.145.141 - - [05/Mar/2013:09:57:35 +0100] "GET /images/mobil.jpg HTTP/1.1" 200 25293 "http://www.mink-gmbh.de/" "Mozilla/4.0 (compatible; MSIE 8.0; Windows NT 5.1; Trident/4.0; .NET CLR 1.1.4322; .NET CLR 2.0.50727; .NET CLR 3.0.04506.648; .NET CLR 3.5.21022; .NET CLR 3.0.4506.2152; .NET CLR 3.5.30729; .NET4.0C; .NET4.0E; LBB;FAT;LBV;s093a522;mittel)"
62.181.145.141 - - [05/Mar/2013:09:57:35 +0100] "GET /images/newsletter.jpg HTTP/1.1" 200 13130 "http://www.mink-gmbh.de/" "Mozilla/4.0 (compatible; MSIE 8.0; Windows NT 5.1; Trident/4.0; .NET CLR 1.1.4322; .NET CLR 2.0.50727; .NET CLR 3.0.04506.648; .NET CLR 3.5.21022; .NET CLR 3.0.4506.2152; .NET CLR 3.5.30729; .NET4.0C; .NET4.0E; LBB;FAT;LBV;s093a522;mittel)"
62.181.145.141 - - [05/Mar/2013:09:57:35 +0100] "GET /images/footerbg.jpg HTTP/1.1" 200 2184 "http://www.mink-gmbh.de/" "Mozilla/4.0 (compatible; MSIE 8.0; Windows NT 5.1; Trident/4.0; .NET CLR 1.1.4322; .NET CLR 2.0.50727; .NET CLR 3.0.04506.648; .NET CLR 3.5.21022; .NET CLR 3.0.4506.2152; .NET CLR 3.5.30729; .NET4.0C; .NET4.0E; LBB;FAT;LBV;s093a522;mittel)"
62.181.145.141 - - [05/Mar/2013:09:57:35 +0100] "GET /js_contentserver24_greybox/loader_frame.html?s=0 HTTP/1.1" 200 2084 "http://www.mink-gmbh.de/" "Mozilla/4.0 (compatible; MSIE 8.0; Windows NT 5.1; Trident/4.0; .NET CLR 1.1.4322; .NET CLR 2.0.50727; .NET CLR 3.0.04506.648; .NET CLR 3.5.21022; .NET CLR 3.0.4506.2152; .NET CLR 3.5.30729; .NET4.0C; .NET4.0E; LBB;FAT;LBV;s093a522;mittel)"
62.181.145.141 - - [05/Mar/2013:09:57:35 +0100] "GET /js_contentserver24_greybox/indicator.gif HTTP/1.1" 200 8238 "http://www.mink-gmbh.de/js_contentserver24_greybox/loader_frame.html?s=0" "Mozilla/4.0 (compatible; MSIE 8.0; Windows NT 5.1; Trident/4.0; .NET CLR 1.1.4322; .NET CLR 2.0.50727; .NET CLR 3.0.04506.648; .NET CLR 3.5.21022; .NET CLR 3.0.4506.2152; .NET CLR 3.5.30729; .NET4.0C; .NET4.0E; LBB;FAT;LBV;s093a522;mittel)"
62.181.145.141 - - [05/Mar/2013:09:57:35 +0100] "GET /favicon.ico HTTP/1.1" 200 3638 "-" "Mozilla/4.0 (compatible; MSIE 8.0; Windows NT 5.1; Trident/4.0; .NET CLR 1.1.4322; .NET CLR 2.0.50727; .NET CLR 3.0.04506.648; .NET CLR 3.5.21022; .NET CLR 3.0.4506.2152; .NET CLR 3.5.30729; .NET4.0C; .NET4.0E; LBB;FAT;LBV;s093a522;mittel)"
62.181.145.141 - - [05/Mar/2013:09:57:35 +0100] "GET /js_contentserver24_greybox/g_close.gif HTTP/1.1" 200 541 "http://www.mink-gmbh.de/" "Mozilla/4.0 (compatible; MSIE 8.0; Windows NT 5.1; Trident/4.0; .NET CLR 1.1.4322; .NET CLR 2.0.50727; .NET CLR 3.0.04506.648; .NET CLR 3.5.21022; .NET CLR 3.0.4506.2152; .NET CLR 3.5.30729; .NET4.0C; .NET4.0E; LBB;FAT;LBV;s093a522;mittel)"
139.18.2.209 - - [05/Mar/2013:10:16:03 +0100] "GET /news.php?cs_go=archiv&cs_startpos=0 HTTP/1.1" 200 6992 "-" "findlinks/2.6 (+http://wortschatz.uni-leipzig.de/findlinks/)"
139.18.2.209 - - [05/Mar/2013:10:16:03 +0100] "GET /news.php?cs_go=archiv&cs_startpos=0 HTTP/1.1" 200 21876 "-" "findlinks/2.6 (+http://wortschatz.uni-leipzig.de/findlinks/)"
208.115.111.75 - - [05/Mar/2013:10:37:17 +0100] "GET /robots.txt HTTP/1.1" 200 177 "-" "Mozilla/5.0 (compatible; Ezooms/1.0; ezooms.bot@gmail.com)"
141.8.147.12 - - [05/Mar/2013:10:50:29 +0100] "GET /news.php?cs_go=archiv&cs_id=3976&cs_search= HTTP/1.1" 200 13514 "-" "Mozilla/5.0 (compatible; YandexBot/3.0; +http://yandex.com/bots)"
173.199.115.59 - - [05/Mar/2013:11:03:07 +0100] "GET /lexikon.php?cs_go=3&cs_id=65 HTTP/1.1" 200 8606 "-" "Mozilla/5.0 (compatible; AhrefsBot/4.0; +http://ahrefs.com/robot/)"
80.153.167.142 - - [05/Mar/2013:11:29:58 +0100] "GET / HTTP/1.1" 200 15341 "-" "Mozilla/5.0 (compatible; MSIE 9.0; Windows NT 6.1; WOW64; Trident/5.0)"
80.153.167.142 - - [05/Mar/2013:11:29:59 +0100] "GET /style.css HTTP/1.1" 200 8418 "http://www.mink-gmbh.de/" "Mozilla/5.0 (compatible; MSIE 9.0; Windows NT 6.1; WOW64; Trident/5.0)"
80.153.167.142 - - [05/Mar/2013:11:29:59 +0100] "GET /modul.css HTTP/1.1" 200 35038 "http://www.mink-gmbh.de/" "Mozilla/5.0 (compatible; MSIE 9.0; Windows NT 6.1; WOW64; Trident/5.0)"
80.153.167.142 - - [05/Mar/2013:11:30:00 +0100] "GET /js_contentserver24_greybox/gb_scripts.js HTTP/1.1" 200 11913 "http://www.mink-gmbh.de/" "Mozilla/5.0 (compatible; MSIE 9.0; Windows NT 6.1; WOW64; Trident/5.0)"
80.153.167.142 - - [05/Mar/2013:11:30:00 +0100] "GET /js_contentserver24_greybox/gb_styles.css HTTP/1.1" 200 2302 "http://www.mink-gmbh.de/" "Mozilla/5.0 (compatible; MSIE 9.0; Windows NT 6.1; WOW64; Trident/5.0)"
80.153.167.142 - - [05/Mar/2013:11:30:00 +0100] "GET /js_contentserver24_greybox/AJS_fx.js HTTP/1.1" 200 3192 "http://www.mink-gmbh.de/" "Mozilla/5.0 (compatible; MSIE 9.0; Windows NT 6.1; WOW64; Trident/5.0)"
80.153.167.142 - - [05/Mar/2013:11:30:00 +0100] "GET /js_contentserver24_greybox/AJS.js HTTP/1.1" 200 10396 "http://www.mink-gmbh.de/" "Mozilla/5.0 (compatible; MSIE 9.0; Windows NT 6.1; WOW64; Trident/5.0)"
80.153.167.142 - - [05/Mar/2013:11:30:00 +0100] "GET /images/freecall.jpg HTTP/1.1" 200 39195 "http://www.mink-gmbh.de/" "Mozilla/5.0 (compatible; MSIE 9.0; Windows NT 6.1; WOW64; Trident/5.0)"
80.153.167.142 - - [05/Mar/2013:11:30:00 +0100] "GET /images/mail.jpg HTTP/1.1" 200 11165 "http://www.mink-gmbh.de/" "Mozilla/5.0 (compatible; MSIE 9.0; Windows NT 6.1; WOW64; Trident/5.0)"
80.153.167.142 - - [05/Mar/2013:11:30:00 +0100] "GET /images/kwk.gif HTTP/1.1" 200 6403 "http://www.mink-gmbh.de/" "Mozilla/5.0 (compatible; MSIE 9.0; Windows NT 6.1; WOW64; Trident/5.0)"
80.153.167.142 - - [05/Mar/2013:11:30:00 +0100] "GET /images/wunschpreis.jpg HTTP/1.1" 200 16767 "http://www.mink-gmbh.de/" "Mozilla/5.0 (compatible; MSIE 9.0; Windows NT 6.1; WOW64; Trident/5.0)"
80.153.167.142 - - [05/Mar/2013:11:30:00 +0100] "GET /images/logos.jpg HTTP/1.1" 200 15002 "http://www.mink-gmbh.de/" "Mozilla/5.0 (compatible; MSIE 9.0; Windows NT 6.1; WOW64; Trident/5.0)"
80.153.167.142 - - [05/Mar/2013:11:30:00 +0100] "GET /images/tkw.jpg HTTP/1.1" 200 64031 "http://www.mink-gmbh.de/" "Mozilla/5.0 (compatible; MSIE 9.0; Windows NT 6.1; WOW64; Trident/5.0)"
80.153.167.142 - - [05/Mar/2013:11:30:02 +0100] "GET /images/bg.jpg HTTP/1.1" 200 345 "http://www.mink-gmbh.de/" "Mozilla/5.0 (compatible; MSIE 9.0; Windows NT 6.1; WOW64; Trident/5.0)"
80.153.167.142 - - [05/Mar/2013:11:30:02 +0100] "GET /js_contentserver24_greybox/w_close.gif HTTP/1.1" 200 74 "http://www.mink-gmbh.de/" "Mozilla/5.0 (compatible; MSIE 9.0; Windows NT 6.1; WOW64; Trident/5.0)"
80.153.167.142 - - [05/Mar/2013:11:30:02 +0100] "GET /images/newsletter_bg.jpg HTTP/1.1" 200 33610 "http://www.mink-gmbh.de/" "Mozilla/5.0 (compatible; MSIE 9.0; Windows NT 6.1; WOW64; Trident/5.0)"
80.153.167.142 - - [05/Mar/2013:11:30:02 +0100] "GET /images/wrapperbg.jpg HTTP/1.1" 200 27465 "http://www.mink-gmbh.de/" "Mozilla/5.0 (compatible; MSIE 9.0; Windows NT 6.1; WOW64; Trident/5.0)"
80.153.167.142 - - [05/Mar/2013:11:30:02 +0100] "GET /images/navibg.png HTTP/1.1" 200 2803 "http://www.mink-gmbh.de/" "Mozilla/5.0 (compatible; MSIE 9.0; Windows NT 6.1; WOW64; Trident/5.0)"
80.153.167.142 - - [05/Mar/2013:11:30:02 +0100] "GET /images/close.png HTTP/1.1" 200 703 "http://www.mink-gmbh.de/" "Mozilla/5.0 (compatible; MSIE 9.0; Windows NT 6.1; WOW64; Trident/5.0)"
80.153.167.142 - - [05/Mar/2013:11:30:02 +0100] "GET /images/newsletter.png HTTP/1.1" 200 14619 "http://www.mink-gmbh.de/" "Mozilla/5.0 (compatible; MSIE 9.0; Windows NT 6.1; WOW64; Trident/5.0)"
80.153.167.142 - - [05/Mar/2013:11:30:02 +0100] "GET /images/header.jpg HTTP/1.1" 200 24413 "http://www.mink-gmbh.de/" "Mozilla/5.0 (compatible; MSIE 9.0; Windows NT 6.1; WOW64; Trident/5.0)"
80.153.167.142 - - [05/Mar/2013:11:30:02 +0100] "GET /js_contentserver24_greybox/loader_frame.html?s=0 HTTP/1.1" 200 2084 "http://www.mink-gmbh.de/" "Mozilla/5.0 (compatible; MSIE 9.0; Windows NT 6.1; WOW64; Trident/5.0)"
80.153.167.142 - - [05/Mar/2013:11:30:03 +0100] "GET /images/steigend.png HTTP/1.1" 200 688 "http://www.mink-gmbh.de/" "Mozilla/5.0 (compatible; MSIE 9.0; Windows NT 6.1; WOW64; Trident/5.0)"
80.153.167.142 - - [05/Mar/2013:11:30:03 +0100] "GET /images/fallend.png HTTP/1.1" 200 713 "http://www.mink-gmbh.de/" "Mozilla/5.0 (compatible; MSIE 9.0; Windows NT 6.1; WOW64; Trident/5.0)"
80.153.167.142 - - [05/Mar/2013:11:30:03 +0100] "GET /images/mobil.jpg HTTP/1.1" 200 25293 "http://www.mink-gmbh.de/" "Mozilla/5.0 (compatible; MSIE 9.0; Windows NT 6.1; WOW64; Trident/5.0)"
80.153.167.142 - - [05/Mar/2013:11:30:03 +0100] "GET /images/newsletter.jpg HTTP/1.1" 200 13130 "http://www.mink-gmbh.de/" "Mozilla/5.0 (compatible; MSIE 9.0; Windows NT 6.1; WOW64; Trident/5.0)"
80.153.167.142 - - [05/Mar/2013:11:30:03 +0100] "GET /images/footerbg.jpg HTTP/1.1" 200 2184 "http://www.mink-gmbh.de/" "Mozilla/5.0 (compatible; MSIE 9.0; Windows NT 6.1; WOW64; Trident/5.0)"
80.153.167.142 - - [05/Mar/2013:11:30:03 +0100] "GET /js_contentserver24_greybox/header_bg.gif HTTP/1.1" 200 1188 "http://www.mink-gmbh.de/" "Mozilla/5.0 (compatible; MSIE 9.0; Windows NT 6.1; WOW64; Trident/5.0)"
80.153.167.142 - - [05/Mar/2013:11:30:03 +0100] "GET /js_contentserver24_greybox/indicator.gif HTTP/1.1" 200 8238 "http://www.mink-gmbh.de/js_contentserver24_greybox/loader_frame.html?s=0" "Mozilla/5.0 (compatible; MSIE 9.0; Windows NT 6.1; WOW64; Trident/5.0)"
80.153.167.142 - - [05/Mar/2013:11:30:04 +0100] "GET /js_contentserver24_greybox/g_close.gif HTTP/1.1" 200 541 "http://www.mink-gmbh.de/" "Mozilla/5.0 (compatible; MSIE 9.0; Windows NT 6.1; WOW64; Trident/5.0)"
80.153.167.142 - - [05/Mar/2013:11:30:04 +0100] "GET /favicon.ico HTTP/1.1" 200 3638 "-" "Mozilla/5.0 (compatible; MSIE 9.0; Windows NT 6.1; WOW64; Trident/5.0)"
80.153.167.142 - - [05/Mar/2013:11:30:30 +0100] "GET /news.php HTTP/1.1" 200 21876 "http://www.mink-gmbh.de/" "Mozilla/5.0 (compatible; MSIE 9.0; Windows NT 6.1; WOW64; Trident/5.0)"
173.199.115.59 - - [05/Mar/2013:11:30:31 +0100] "GET /lexikon.php?cs_go=3&cs_id=208 HTTP/1.1" 200 8357 "-" "Mozilla/5.0 (compatible; AhrefsBot/4.0; +http://ahrefs.com/robot/)"
80.153.167.142 - - [05/Mar/2013:11:30:34 +0100] "GET /kontakt.php HTTP/1.1" 200 9111 "http://www.mink-gmbh.de/news.php" "Mozilla/5.0 (compatible; MSIE 9.0; Windows NT 6.1; WOW64; Trident/5.0)"
80.153.167.142 - - [05/Mar/2013:11:30:37 +0100] "GET /jobs.php HTTP/1.1" 200 10003 "http://www.mink-gmbh.de/kontakt.php" "Mozilla/5.0 (compatible; MSIE 9.0; Windows NT 6.1; WOW64; Trident/5.0)"
80.153.167.142 - - [05/Mar/2013:11:32:08 +0100] "GET /impressum.php HTTP/1.1" 200 8495 "http://www.mink-gmbh.de/jobs.php" "Mozilla/5.0 (compatible; MSIE 9.0; Windows NT 6.1; WOW64; Trident/5.0)"
130.83.167.153 - - [05/Mar/2013:11:38:55 +0100] "GET /lexikon.php HTTP/1.1" 200 7008 "-" "findlinks/2.6 (+http://wortschatz.uni-leipzig.de/findlinks/)"
130.83.167.153 - - [05/Mar/2013:11:38:55 +0100] "GET /lexikon.php HTTP/1.1" 200 10436 "-" "findlinks/2.6 (+http://wortschatz.uni-leipzig.de/findlinks/)"
173.199.115.59 - - [05/Mar/2013:11:45:55 +0100] "GET /lexikon.php?cs_go=3&cs_id=170 HTTP/1.1" 200 9424 "-" "Mozilla/5.0 (compatible; AhrefsBot/4.0; +http://ahrefs.com/robot/)"
173.199.115.59 - - [05/Mar/2013:11:52:28 +0100] "GET /news.php?cs_go=archiv&cs_id=3977&cs_search= HTTP/1.1" 200 9950 "-" "Mozilla/5.0 (compatible; AhrefsBot/4.0; +http://ahrefs.com/robot/)"
173.199.115.59 - - [05/Mar/2013:12:29:37 +0100] "GET /lexikon.php?cs_go=3&cs_id=77 HTTP/1.1" 200 8672 "-" "Mozilla/5.0 (compatible; AhrefsBot/4.0; +http://ahrefs.com/robot/)"
208.115.111.75 - - [05/Mar/2013:12:36:27 +0100] "GET /news.php?cs_go=archiv&cs_id=3934&cs_search= HTTP/1.1" 200 13333 "-" "Mozilla/5.0 (compatible; Ezooms/1.0; ezooms.bot@gmail.com)"
141.8.147.12 - - [05/Mar/2013:12:37:58 +0100] "GET / HTTP/1.1" 200 15323 "-" "Mozilla/5.0 (compatible; YandexBot/3.0; +http://yandex.com/bots)"
65.36.241.79 - - [05/Mar/2013:12:41:40 +0100] "HEAD / HTTP/1.1" 200 - "-" "InternetSeer.com"
173.199.115.59 - - [05/Mar/2013:12:54:00 +0100] "GET /lexikon.php?cs_go=3&cs_id=233 HTTP/1.1" 200 9000 "-" "Mozilla/5.0 (compatible; AhrefsBot/4.0; +http://ahrefs.com/robot/)"
66.249.78.46 - - [05/Mar/2013:12:57:13 +0100] "GET / HTTP/1.1" 200 15323 "-" "Mozilla/5.0 (compatible; Googlebot/2.1; +http://www.google.com/bot.html)"
66.249.78.46 - - [05/Mar/2013:13:26:40 +0100] "GET /news.php?cs_go=archiv&cs_id=3985 HTTP/1.1" 200 9745 "-" "Mozilla/5.0 (compatible; Googlebot/2.1; +http://www.google.com/bot.html)"
66.249.78.46 - - [05/Mar/2013:13:26:41 +0100] "GET /news.php?cs_go=archiv&cs_id=3986 HTTP/1.1" 200 13658 "-" "Mozilla/5.0 (compatible; Googlebot/2.1; +http://www.google.com/bot.html)"
141.8.147.12 - - [05/Mar/2013:14:25:25 +0100] "GET /index.php HTTP/1.1" 200 15308 "-" "Mozilla/5.0 (compatible; YandexBot/3.0; +http://yandex.com/bots)"
208.115.111.75 - - [05/Mar/2013:14:38:42 +0100] "GET /robots.txt HTTP/1.1" 200 177 "-" "Mozilla/5.0 (compatible; Ezooms/1.0; ezooms.bot@gmail.com)"
173.199.115.59 - - [05/Mar/2013:15:03:25 +0100] "GET /news.php?cs_go=archiv&cs_id=3979&cs_search= HTTP/1.1" 200 13500 "-" "Mozilla/5.0 (compatible; AhrefsBot/4.0; +http://ahrefs.com/robot/)"
