85.25.71.152 - - [01/Mar/2013:13:37:25 +0100] "GET /news.php?cs_go=archiv&cs_id=3726&cs_search= HTTP/1.1" 200 11963 "-" "Mozilla/5.0 (X11; U; Linux i686; de; rv:1.9.0.1; compatible; iCjobs Stellenangebote Jobs; http://www.icjobs.de) Gecko/20100401 iCjobs/3.2.3"
85.25.71.152 - - [01/Mar/2013:13:37:30 +0100] "GET /news.php?cs_go=archiv&cs_id=3719&cs_search= HTTP/1.1" 200 11631 "-" "Mozilla/5.0 (X11; U; Linux i686; de; rv:1.9.0.1; compatible; iCjobs Stellenangebote Jobs; http://www.icjobs.de) Gecko/20100401 iCjobs/3.2.3"
85.25.71.152 - - [01/Mar/2013:13:37:37 +0100] "GET /news.php?cs_go=archiv&cs_id=3774&cs_search= HTTP/1.1" 200 13602 "-" "Mozilla/5.0 (X11; U; Linux i686; de; rv:1.9.0.1; compatible; iCjobs Stellenangebote Jobs; http://www.icjobs.de) Gecko/20100401 iCjobs/3.2.3"
85.25.71.152 - - [01/Mar/2013:13:37:40 +0100] "GET /news.php?cs_go=archiv&cs_id=3697&cs_search= HTTP/1.1" 200 11546 "-" "Mozilla/5.0 (X11; U; Linux i686; de; rv:1.9.0.1; compatible; iCjobs Stellenangebote Jobs; http://www.icjobs.de) Gecko/20100401 iCjobs/3.2.3"
85.25.71.152 - - [01/Mar/2013:13:37:45 +0100] "GET /news.php?cs_go=archiv&cs_id=3773&cs_search= HTTP/1.1" 200 9797 "-" "Mozilla/5.0 (X11; U; Linux i686; de; rv:1.9.0.1; compatible; iCjobs Stellenangebote Jobs; http://www.icjobs.de) Gecko/20100401 iCjobs/3.2.3"
85.25.71.152 - - [01/Mar/2013:13:37:50 +0100] "GET /news.php?cs_go=archiv&cs_id=3772&cs_search= HTTP/1.1" 200 13409 "-" "Mozilla/5.0 (X11; U; Linux i686; de; rv:1.9.0.1; compatible; iCjobs Stellenangebote Jobs; http://www.icjobs.de) Gecko/20100401 iCjobs/3.2.3"
85.25.71.152 - - [01/Mar/2013:13:37:54 +0100] "GET /news.php?cs_go=archiv&cs_id=3771&cs_search= HTTP/1.1" 200 9781 "-" "Mozilla/5.0 (X11; U; Linux i686; de; rv:1.9.0.1; compatible; iCjobs Stellenangebote Jobs; http://www.icjobs.de) Gecko/20100401 iCjobs/3.2.3"
85.25.71.152 - - [01/Mar/2013:13:37:58 +0100] "GET /news.php?cs_go=archiv&cs_id=3769&cs_search= HTTP/1.1" 200 10169 "-" "Mozilla/5.0 (X11; U; Linux i686; de; rv:1.9.0.1; compatible; iCjobs Stellenangebote Jobs; http://www.icjobs.de) Gecko/20100401 iCjobs/3.2.3"
85.25.71.152 - - [01/Mar/2013:13:38:03 +0100] "GET /news.php?cs_go=archiv&cs_id=3768&cs_search= HTTP/1.1" 200 10133 "-" "Mozilla/5.0 (X11; U; Linux i686; de; rv:1.9.0.1; compatible; iCjobs Stellenangebote Jobs; http://www.icjobs.de) Gecko/20100401 iCjobs/3.2.3"
85.25.71.152 - - [01/Mar/2013:13:38:07 +0100] "GET /news.php?cs_go=archiv&cs_id=3766&cs_search= HTTP/1.1" 200 13405 "-" "Mozilla/5.0 (X11; U; Linux i686; de; rv:1.9.0.1; compatible; iCjobs Stellenangebote Jobs; http://www.icjobs.de) Gecko/20100401 iCjobs/3.2.3"
85.25.71.152 - - [01/Mar/2013:13:38:11 +0100] "GET /news.php?cs_go=archiv&cs_startpos=220 HTTP/1.1" 200 22714 "-" "Mozilla/5.0 (X11; U; Linux i686; de; rv:1.9.0.1; compatible; iCjobs Stellenangebote Jobs; http://www.icjobs.de) Gecko/20100401 iCjobs/3.2.3"
85.25.71.152 - - [01/Mar/2013:13:38:21 +0100] "GET /news.php?cs_go=archiv&cs_id=3756&cs_search= HTTP/1.1" 200 13414 "-" "Mozilla/5.0 (X11; U; Linux i686; de; rv:1.9.0.1; compatible; iCjobs Stellenangebote Jobs; http://www.icjobs.de) Gecko/20100401 iCjobs/3.2.3"
85.25.71.152 - - [01/Mar/2013:13:38:27 +0100] "GET /news.php?cs_go=archiv&cs_id=3763&cs_search= HTTP/1.1" 200 9796 "-" "Mozilla/5.0 (X11; U; Linux i686; de; rv:1.9.0.1; compatible; iCjobs Stellenangebote Jobs; http://www.icjobs.de) Gecko/20100401 iCjobs/3.2.3"
85.25.71.152 - - [01/Mar/2013:13:38:30 +0100] "GET /news.php?cs_go=archiv&cs_id=3762&cs_search= HTTP/1.1" 200 13553 "-" "Mozilla/5.0 (X11; U; Linux i686; de; rv:1.9.0.1; compatible; iCjobs Stellenangebote Jobs; http://www.icjobs.de) Gecko/20100401 iCjobs/3.2.3"
85.25.71.152 - - [01/Mar/2013:13:38:34 +0100] "GET /news.php?cs_go=archiv&cs_id=3713&cs_search= HTTP/1.1" 200 16005 "-" "Mozilla/5.0 (X11; U; Linux i686; de; rv:1.9.0.1; compatible; iCjobs Stellenangebote Jobs; http://www.icjobs.de) Gecko/20100401 iCjobs/3.2.3"
85.25.71.152 - - [01/Mar/2013:13:38:40 +0100] "GET /news.php?cs_go=archiv&cs_id=3760&cs_search= HTTP/1.1" 200 9798 "-" "Mozilla/5.0 (X11; U; Linux i686; de; rv:1.9.0.1; compatible; iCjobs Stellenangebote Jobs; http://www.icjobs.de) Gecko/20100401 iCjobs/3.2.3"
85.25.71.152 - - [01/Mar/2013:13:38:43 +0100] "GET /news.php?cs_go=archiv&cs_id=3759&cs_search= HTTP/1.1" 200 13315 "-" "Mozilla/5.0 (X11; U; Linux i686; de; rv:1.9.0.1; compatible; iCjobs Stellenangebote Jobs; http://www.icjobs.de) Gecko/20100401 iCjobs/3.2.3"
85.25.71.152 - - [01/Mar/2013:13:38:48 +0100] "GET /news.php?cs_go=archiv&cs_id=3753&cs_search= HTTP/1.1" 200 13767 "-" "Mozilla/5.0 (X11; U; Linux i686; de; rv:1.9.0.1; compatible; iCjobs Stellenangebote Jobs; http://www.icjobs.de) Gecko/20100401 iCjobs/3.2.3"
85.25.71.152 - - [01/Mar/2013:13:38:52 +0100] "GET /news.php?cs_go=archiv&cs_id=3757&cs_search= HTTP/1.1" 200 10012 "-" "Mozilla/5.0 (X11; U; Linux i686; de; rv:1.9.0.1; compatible; iCjobs Stellenangebote Jobs; http://www.icjobs.de) Gecko/20100401 iCjobs/3.2.3"
85.25.71.152 - - [01/Mar/2013:13:38:56 +0100] "GET /news.php?cs_go=archiv&cs_id=3738&cs_search= HTTP/1.1" 200 11421 "-" "Mozilla/5.0 (X11; U; Linux i686; de; rv:1.9.0.1; compatible; iCjobs Stellenangebote Jobs; http://www.icjobs.de) Gecko/20100401 iCjobs/3.2.3"
85.25.71.152 - - [01/Mar/2013:13:39:01 +0100] "GET /news.php?cs_go=archiv&cs_id=3718&cs_search= HTTP/1.1" 200 11422 "-" "Mozilla/5.0 (X11; U; Linux i686; de; rv:1.9.0.1; compatible; iCjobs Stellenangebote Jobs; http://www.icjobs.de) Gecko/20100401 iCjobs/3.2.3"
85.25.71.152 - - [01/Mar/2013:13:39:08 +0100] "GET /news.php?cs_go=archiv&cs_startpos=230 HTTP/1.1" 200 12763 "-" "Mozilla/5.0 (X11; U; Linux i686; de; rv:1.9.0.1; compatible; iCjobs Stellenangebote Jobs; http://www.icjobs.de) Gecko/20100401 iCjobs/3.2.3"
85.25.71.152 - - [01/Mar/2013:13:39:13 +0100] "GET /news.php?cs_go=archiv&cs_id=3754&cs_search= HTTP/1.1" 200 13593 "-" "Mozilla/5.0 (X11; U; Linux i686; de; rv:1.9.0.1; compatible; iCjobs Stellenangebote Jobs; http://www.icjobs.de) Gecko/20100401 iCjobs/3.2.3"
85.25.71.152 - - [01/Mar/2013:13:39:18 +0100] "GET /news.php?cs_go=archiv&cs_id=3731&cs_search= HTTP/1.1" 200 13767 "-" "Mozilla/5.0 (X11; U; Linux i686; de; rv:1.9.0.1; compatible; iCjobs Stellenangebote Jobs; http://www.icjobs.de) Gecko/20100401 iCjobs/3.2.3"
85.25.71.152 - - [01/Mar/2013:13:39:23 +0100] "GET /news.php?cs_go=archiv&cs_id=3751&cs_search= HTTP/1.1" 200 9741 "-" "Mozilla/5.0 (X11; U; Linux i686; de; rv:1.9.0.1; compatible; iCjobs Stellenangebote Jobs; http://www.icjobs.de) Gecko/20100401 iCjobs/3.2.3"
85.25.71.152 - - [01/Mar/2013:13:39:27 +0100] "GET /news.php?cs_go=archiv&cs_id=3980 HTTP/1.1" 200 9850 "-" "Mozilla/5.0 (X11; U; Linux i686; de; rv:1.9.0.1; compatible; iCjobs Stellenangebote Jobs; http://www.icjobs.de) Gecko/20100401 iCjobs/3.2.3"
85.25.71.152 - - [01/Mar/2013:13:39:27 +0100] "GET /news.php?cs_go=archiv&cs_id=3979 HTTP/1.1" 200 13413 "-" "Mozilla/5.0 (X11; U; Linux i686; de; rv:1.9.0.1; compatible; iCjobs Stellenangebote Jobs; http://www.icjobs.de) Gecko/20100401 iCjobs/3.2.3"
85.25.71.152 - - [01/Mar/2013:13:39:28 +0100] "GET /news.php?cs_go=archiv&cs_id=3978 HTTP/1.1" 200 10066 "-" "Mozilla/5.0 (X11; U; Linux i686; de; rv:1.9.0.1; compatible; iCjobs Stellenangebote Jobs; http://www.icjobs.de) Gecko/20100401 iCjobs/3.2.3"
85.25.71.152 - - [01/Mar/2013:13:39:28 +0100] "GET /news.php?cs_go=archiv&cs_id=3977 HTTP/1.1" 200 9863 "-" "Mozilla/5.0 (X11; U; Linux i686; de; rv:1.9.0.1; compatible; iCjobs Stellenangebote Jobs; http://www.icjobs.de) Gecko/20100401 iCjobs/3.2.3"
85.25.71.152 - - [01/Mar/2013:13:39:29 +0100] "GET /news.php?cs_go=archiv HTTP/1.1" 200 21877 "-" "Mozilla/5.0 (X11; U; Linux i686; de; rv:1.9.0.1; compatible; iCjobs Stellenangebote Jobs; http://www.icjobs.de) Gecko/20100401 iCjobs/3.2.3"
85.25.71.152 - - [01/Mar/2013:13:39:30 +0100] "GET /rueckrufservice.php HTTP/1.1" 200 10683 "-" "Mozilla/5.0 (X11; U; Linux i686; de; rv:1.9.0.1; compatible; iCjobs Stellenangebote Jobs; http://www.icjobs.de) Gecko/20100401 iCjobs/3.2.3"
85.25.71.152 - - [01/Mar/2013:13:39:36 +0100] "GET /kwk.php HTTP/1.1" 200 10797 "-" "Mozilla/5.0 (X11; U; Linux i686; de; rv:1.9.0.1; compatible; iCjobs Stellenangebote Jobs; http://www.icjobs.de) Gecko/20100401 iCjobs/3.2.3"
85.25.71.152 - - [01/Mar/2013:13:39:39 +0100] "GET /optiplus.php HTTP/1.1" 200 11013 "-" "Mozilla/5.0 (X11; U; Linux i686; de; rv:1.9.0.1; compatible; iCjobs Stellenangebote Jobs; http://www.icjobs.de) Gecko/20100401 iCjobs/3.2.3"
85.25.71.152 - - [01/Mar/2013:13:39:50 +0100] "GET /agb.php HTTP/1.1" 200 19622 "-" "Mozilla/5.0 (X11; U; Linux i686; de; rv:1.9.0.1; compatible; iCjobs Stellenangebote Jobs; http://www.icjobs.de) Gecko/20100401 iCjobs/3.2.3"
85.25.71.152 - - [01/Mar/2013:13:44:24 +0100] "GET /images/RAL_Guetezeichen_Energiehandel.pdf HTTP/1.1" 200 288367 "-" "Mozilla/5.0 (X11; U; Linux i686; de; rv:1.9.0.1; compatible; iCjobs Stellenangebote Jobs; http://www.icjobs.de) Gecko/20100401 iCjobs/3.2.3"
85.25.71.152 - - [01/Mar/2013:13:44:32 +0100] "GET /.php HTTP/1.1" 404 - "-" "Mozilla/5.0 (X11; U; Linux i686; de; rv:1.9.0.1; compatible; iCjobs Stellenangebote Jobs; http://www.icjobs.de) Gecko/20100401 iCjobs/3.2.3"
85.25.71.152 - - [01/Mar/2013:13:44:32 +0100] "GET /diesel.php HTTP/1.1" 200 10552 "-" "Mozilla/5.0 (X11; U; Linux i686; de; rv:1.9.0.1; compatible; iCjobs Stellenangebote Jobs; http://www.icjobs.de) Gecko/20100401 iCjobs/3.2.3"
85.25.71.152 - - [01/Mar/2013:13:44:35 +0100] "GET /additive.php HTTP/1.1" 200 8285 "-" "Mozilla/5.0 (X11; U; Linux i686; de; rv:1.9.0.1; compatible; iCjobs Stellenangebote Jobs; http://www.icjobs.de) Gecko/20100401 iCjobs/3.2.3"
85.25.71.152 - - [01/Mar/2013:13:44:39 +0100] "GET /energiesparcheck.php HTTP/1.1" 200 13494 "-" "Mozilla/5.0 (X11; U; Linux i686; de; rv:1.9.0.1; compatible; iCjobs Stellenangebote Jobs; http://www.icjobs.de) Gecko/20100401 iCjobs/3.2.3"
85.25.71.152 - - [01/Mar/2013:13:44:42 +0100] "GET /foerdermittel.php HTTP/1.1" 200 12821 "-" "Mozilla/5.0 (X11; U; Linux i686; de; rv:1.9.0.1; compatible; iCjobs Stellenangebote Jobs; http://www.icjobs.de) Gecko/20100401 iCjobs/3.2.3"
85.25.71.152 - - [01/Mar/2013:13:44:45 +0100] "GET /modernisierung.php HTTP/1.1" 200 11491 "-" "Mozilla/5.0 (X11; U; Linux i686; de; rv:1.9.0.1; compatible; iCjobs Stellenangebote Jobs; http://www.icjobs.de) Gecko/20100401 iCjobs/3.2.3"
85.25.71.152 - - [01/Mar/2013:13:44:51 +0100] "GET /edl.php HTTP/1.1" 200 10714 "-" "Mozilla/5.0 (X11; U; Linux i686; de; rv:1.9.0.1; compatible; iCjobs Stellenangebote Jobs; http://www.icjobs.de) Gecko/20100401 iCjobs/3.2.3"
85.25.71.152 - - [01/Mar/2013:13:44:54 +0100] "GET /kwk.php?cs_go=1 HTTP/1.1" 200 10797 "-" "Mozilla/5.0 (X11; U; Linux i686; de; rv:1.9.0.1; compatible; iCjobs Stellenangebote Jobs; http://www.icjobs.de) Gecko/20100401 iCjobs/3.2.3"
85.25.71.152 - - [01/Mar/2013:13:44:54 +0100] "GET /kwk.php?cs_go=2 HTTP/1.1" 200 11768 "-" "Mozilla/5.0 (X11; U; Linux i686; de; rv:1.9.0.1; compatible; iCjobs Stellenangebote Jobs; http://www.icjobs.de) Gecko/20100401 iCjobs/3.2.3"
85.25.71.152 - - [01/Mar/2013:13:44:58 +0100] "GET /kwk.php?cs_go=3 HTTP/1.1" 200 10198 "-" "Mozilla/5.0 (X11; U; Linux i686; de; rv:1.9.0.1; compatible; iCjobs Stellenangebote Jobs; http://www.icjobs.de) Gecko/20100401 iCjobs/3.2.3"
85.25.71.152 - - [01/Mar/2013:13:45:01 +0100] "GET /kwk.php?cs_go=4 HTTP/1.1" 200 10168 "-" "Mozilla/5.0 (X11; U; Linux i686; de; rv:1.9.0.1; compatible; iCjobs Stellenangebote Jobs; http://www.icjobs.de) Gecko/20100401 iCjobs/3.2.3"
85.25.71.152 - - [01/Mar/2013:13:45:05 +0100] "GET /modernisierung.php?cs_gp_go=plus HTTP/1.1" 200 11491 "-" "Mozilla/5.0 (X11; U; Linux i686; de; rv:1.9.0.1; compatible; iCjobs Stellenangebote Jobs; http://www.icjobs.de) Gecko/20100401 iCjobs/3.2.3"
85.25.71.152 - - [01/Mar/2013:13:45:05 +0100] "GET /modernisierung.php?cs_gp_go=description HTTP/1.1" 200 10684 "-" "Mozilla/5.0 (X11; U; Linux i686; de; rv:1.9.0.1; compatible; iCjobs Stellenangebote Jobs; http://www.icjobs.de) Gecko/20100401 iCjobs/3.2.3"
85.25.71.152 - - [01/Mar/2013:13:45:09 +0100] "GET /modernisierung.php?cs_gp_go=coupon HTTP/1.1" 200 10105 "-" "Mozilla/5.0 (X11; U; Linux i686; de; rv:1.9.0.1; compatible; iCjobs Stellenangebote Jobs; http://www.icjobs.de) Gecko/20100401 iCjobs/3.2.3"
85.25.71.152 - - [01/Mar/2013:13:45:13 +0100] "GET /ansprechpartner.php HTTP/1.1" 404 - "-" "Mozilla/5.0 (X11; U; Linux i686; de; rv:1.9.0.1; compatible; iCjobs Stellenangebote Jobs; http://www.icjobs.de) Gecko/20100401 iCjobs/3.2.3"
66.249.73.109 - - [01/Mar/2013:13:53:15 +0100] "GET /robots.txt HTTP/1.1" 200 177 "-" "Mozilla/5.0 (compatible; Googlebot/2.1; +http://www.google.com/bot.html)"
66.249.73.109 - - [01/Mar/2013:13:53:15 +0100] "GET /lexikon.php?cs_go=3&cs_id=144 HTTP/1.1" 200 9851 "-" "Mozilla/5.0 (compatible; Googlebot/2.1; +http://www.google.com/bot.html)"
66.249.73.109 - - [01/Mar/2013:14:04:47 +0100] "GET /news.php?cs_go=archiv&cs_id=2715&cs_search= HTTP/1.1" 200 15854 "-" "Mozilla/5.0 (compatible; Googlebot/2.1; +http://www.google.com/bot.html)"
141.8.147.12 - - [01/Mar/2013:14:10:51 +0100] "GET /lexikon.php?cs_go=3&cs_id=192 HTTP/1.1" 200 8407 "-" "Mozilla/5.0 (compatible; YandexBot/3.0; +http://yandex.com/bots)"
66.249.73.109 - - [01/Mar/2013:14:16:09 +0100] "GET /news.php?cs_go=archiv&cs_id=2939&cs_search= HTTP/1.1" 200 13759 "-" "Mozilla/5.0 (compatible; Googlebot/2.1; +http://www.google.com/bot.html)"
66.249.73.109 - - [01/Mar/2013:14:32:14 +0100] "GET /news.php HTTP/1.1" 200 21955 "-" "SAMSUNG-SGH-E250/1.0 Profile/MIDP-2.0 Configuration/CLDC-1.1 UP.Browser/6.2.3.3.c.1.101 (GUI) MMP/2.0 (compatible; Googlebot-Mobile/2.1; +http://www.google.com/bot.html)"
92.206.255.178 - - [01/Mar/2013:14:35:13 +0100] "GET /robots.txt HTTP/1.0" 200 177 "-" "Mozilla/5.0 (compatible; MJ12bot/v1.4.3; http://www.majestic12.co.uk/bot.php?+)"
92.206.255.178 - - [01/Mar/2013:14:35:16 +0100] "GET /Heizoel-Berlin.htm HTTP/1.1" 404 - "-" "Mozilla/5.0 (compatible; MJ12bot/v1.4.3; http://www.majestic12.co.uk/bot.php?+)"
92.206.255.178 - - [01/Mar/2013:14:35:18 +0100] "GET /seiten/datenschutz.php HTTP/1.1" 404 - "-" "Mozilla/5.0 (compatible; MJ12bot/v1.4.3; http://www.majestic12.co.uk/bot.php?+)"
92.206.255.178 - - [01/Mar/2013:14:35:20 +0100] "GET /seiten/kontakt.php HTTP/1.1" 404 - "-" "Mozilla/5.0 (compatible; MJ12bot/v1.4.3; http://www.majestic12.co.uk/bot.php?+)"
92.206.255.178 - - [01/Mar/2013:14:35:22 +0100] "GET /seiten/produkte_hzoel.php HTTP/1.1" 404 - "-" "Mozilla/5.0 (compatible; MJ12bot/v1.4.3; http://www.majestic12.co.uk/bot.php?+)"
66.249.73.109 - - [01/Mar/2013:14:39:19 +0100] "GET /news.php?cs_go=archiv&cs_id=2938 HTTP/1.1" 200 10952 "-" "Mozilla/5.0 (compatible; Googlebot/2.1; +http://www.google.com/bot.html)"
208.115.111.75 - - [01/Mar/2013:14:41:11 +0100] "GET /robots.txt HTTP/1.1" 200 177 "-" "Mozilla/5.0 (compatible; Ezooms/1.0; ezooms.bot@gmail.com)"
95.211.139.1 - - [01/Mar/2013:14:52:55 +0100] "GET /robots.txt HTTP/1.0" 200 177 "-" "Mozilla/5.0 (compatible; AcoonBot/4.11.1; +http://www.acoon.de/robot.asp)"
95.211.139.1 - - [01/Mar/2013:14:52:55 +0100] "GET /news.php?cs_go=archiv&cs_id=3709&cs_search= HTTP/1.0" 200 11955 "-" "Mozilla/5.0 (compatible; AcoonBot/4.11.1; +http://www.acoon.de/robot.asp)"
141.8.147.12 - - [01/Mar/2013:15:00:27 +0100] "GET /lexikon.php?cs_go=3&cs_id=155 HTTP/1.1" 200 7999 "-" "Mozilla/5.0 (compatible; YandexBot/3.0; +http://yandex.com/bots)"
66.249.73.109 - - [01/Mar/2013:15:29:48 +0100] "GET /kwk.php?cs_go=2 HTTP/1.1" 200 11855 "-" "Mozilla/5.0 (compatible; Googlebot/2.1; +http://www.google.com/bot.html)"
65.36.241.79 - - [01/Mar/2013:15:33:32 +0100] "HEAD / HTTP/1.1" 200 - "-" "InternetSeer.com"
141.8.147.12 - - [01/Mar/2013:15:42:06 +0100] "GET /lexikon.php?cs_go=2&cs_char=q HTTP/1.1" 200 8162 "-" "Mozilla/5.0 (compatible; YandexBot/3.0; +http://yandex.com/bots)"
66.249.73.109 - - [01/Mar/2013:15:50:01 +0100] "GET /news.php HTTP/1.1" 200 21961 "-" "DoCoMo/2.0 N905i(c100;TB;W24H16) (compatible; Googlebot-Mobile/2.1; +http://www.google.com/bot.html)"
141.8.147.12 - - [01/Mar/2013:15:52:06 +0100] "GET /lexikon.php?cs_go=2&cs_char=x HTTP/1.1" 200 8582 "-" "Mozilla/5.0 (compatible; YandexBot/3.0; +http://yandex.com/bots)"
66.249.73.109 - - [01/Mar/2013:15:59:28 +0100] "GET /news.php?cs_go=archiv&cs_id=3924&cs_search= HTTP/1.1" 200 10176 "-" "SAMSUNG-SGH-E250/1.0 Profile/MIDP-2.0 Configuration/CLDC-1.1 UP.Browser/6.2.3.3.c.1.101 (GUI) MMP/2.0 (compatible; Googlebot-Mobile/2.1; +http://www.google.com/bot.html)"
141.8.147.12 - - [01/Mar/2013:16:00:12 +0100] "GET /lexikon.php?cs_go=3&cs_id=219 HTTP/1.1" 200 7995 "-" "Mozilla/5.0 (compatible; YandexBot/3.0; +http://yandex.com/bots)"
208.115.111.75 - - [01/Mar/2013:16:41:16 +0100] "GET /news.php?cs_go=archiv&cs_id=3876&cs_search= HTTP/1.1" 200 13610 "-" "Mozilla/5.0 (compatible; Ezooms/1.0; ezooms.bot@gmail.com)"
141.8.147.12 - - [01/Mar/2013:16:48:50 +0100] "GET /lexikon.php?cs_go=3&cs_id=191 HTTP/1.1" 200 9362 "-" "Mozilla/5.0 (compatible; YandexBot/3.0; +http://yandex.com/bots)"
66.249.73.109 - - [01/Mar/2013:17:26:13 +0100] "GET /news.php?cs_go=archiv&cs_id=3817 HTTP/1.1" 200 9820 "-" "DoCoMo/2.0 N905i(c100;TB;W24H16) (compatible; Googlebot-Mobile/2.1; +http://www.google.com/bot.html)"
141.8.147.12 - - [01/Mar/2013:17:52:42 +0100] "GET /lexikon.php?cs_go=3&cs_id=143 HTTP/1.1" 200 9298 "-" "Mozilla/5.0 (compatible; YandexBot/3.0; +http://yandex.com/bots)"
141.8.147.12 - - [01/Mar/2013:18:26:19 +0100] "GET /lexikon.php?cs_go=3&cs_id=105 HTTP/1.1" 200 8408 "-" "Mozilla/5.0 (compatible; YandexBot/3.0; +http://yandex.com/bots)"
123.125.71.50 - - [01/Mar/2013:18:36:55 +0100] "GET / HTTP/1.1" 200 7822 "-" "Mozilla/5.0 (compatible; Baiduspider/2.0; +http://www.baidu.com/search/spider.html)"
220.181.108.122 - - [01/Mar/2013:18:37:27 +0100] "GET / HTTP/1.1" 200 10169 "-" "Mozilla/5.0 (compatible; Baiduspider/2.0; +http://www.baidu.com/search/spider.html)"
208.115.111.75 - - [01/Mar/2013:18:42:54 +0100] "GET /robots.txt HTTP/1.1" 200 177 "-" "Mozilla/5.0 (compatible; Ezooms/1.0; ezooms.bot@gmail.com)"
158.255.213.231 - - [01/Mar/2013:18:46:12 +0100] "GET /robots.txt HTTP/1.0" 200 177 "-" "Mozilla/5.0 (compatible; MJ12bot/v1.4.3; http://www.majestic12.co.uk/bot.php?+)"
158.255.213.231 - - [01/Mar/2013:18:46:16 +0100] "GET /agb.php HTTP/1.0" 200 19709 "-" "Mozilla/5.0 (compatible; MJ12bot/v1.4.3; http://www.majestic12.co.uk/bot.php?+)"
158.255.213.231 - - [01/Mar/2013:18:46:19 +0100] "GET /news.php?cs_go=archiv&cs_id=2678 HTTP/1.0" 200 7887 "-" "Mozilla/5.0 (compatible; MJ12bot/v1.4.3; http://www.majestic12.co.uk/bot.php?+)"
158.255.213.231 - - [01/Mar/2013:18:46:26 +0100] "GET /news.php?cs_go=archiv&cs_id=2679 HTTP/1.0" 200 7887 "-" "Mozilla/5.0 (compatible; MJ12bot/v1.4.3; http://www.majestic12.co.uk/bot.php?+)"
158.255.213.231 - - [01/Mar/2013:18:46:30 +0100] "GET /news.php?cs_go=archiv&cs_id=2680 HTTP/1.0" 200 7887 "-" "Mozilla/5.0 (compatible; MJ12bot/v1.4.3; http://www.majestic12.co.uk/bot.php?+)"
158.255.213.231 - - [01/Mar/2013:18:46:35 +0100] "GET /news.php?cs_go=archiv&cs_id=2681 HTTP/1.0" 200 7887 "-" "Mozilla/5.0 (compatible; MJ12bot/v1.4.3; http://www.majestic12.co.uk/bot.php?+)"
158.255.213.231 - - [01/Mar/2013:18:46:37 +0100] "GET /news.php?cs_go=archiv&cs_id=2682 HTTP/1.0" 200 7887 "-" "Mozilla/5.0 (compatible; MJ12bot/v1.4.3; http://www.majestic12.co.uk/bot.php?+)"
158.255.213.231 - - [01/Mar/2013:18:46:41 +0100] "GET /news.php?cs_go=archiv&cs_id=2683 HTTP/1.0" 200 7887 "-" "Mozilla/5.0 (compatible; MJ12bot/v1.4.3; http://www.majestic12.co.uk/bot.php?+)"
158.255.213.231 - - [01/Mar/2013:18:46:47 +0100] "GET /news.php?cs_go=archiv&cs_id=2684 HTTP/1.0" 200 7887 "-" "Mozilla/5.0 (compatible; MJ12bot/v1.4.3; http://www.majestic12.co.uk/bot.php?+)"
158.255.213.231 - - [01/Mar/2013:18:46:50 +0100] "GET /news.php?cs_go=archiv&cs_id=2685 HTTP/1.0" 200 7887 "-" "Mozilla/5.0 (compatible; MJ12bot/v1.4.3; http://www.majestic12.co.uk/bot.php?+)"
158.255.213.231 - - [01/Mar/2013:18:46:53 +0100] "GET /news.php?cs_go=archiv&cs_id=2686 HTTP/1.0" 200 7887 "-" "Mozilla/5.0 (compatible; MJ12bot/v1.4.3; http://www.majestic12.co.uk/bot.php?+)"
158.255.213.231 - - [01/Mar/2013:18:46:57 +0100] "GET /news.php?cs_go=archiv&cs_id=2687 HTTP/1.0" 200 7887 "-" "Mozilla/5.0 (compatible; MJ12bot/v1.4.3; http://www.majestic12.co.uk/bot.php?+)"
158.255.213.231 - - [01/Mar/2013:18:47:03 +0100] "GET /news.php?cs_go=archiv&cs_id=2688 HTTP/1.0" 200 7887 "-" "Mozilla/5.0 (compatible; MJ12bot/v1.4.3; http://www.majestic12.co.uk/bot.php?+)"
158.255.213.231 - - [01/Mar/2013:18:47:07 +0100] "GET /news.php?cs_go=archiv&cs_id=2689 HTTP/1.0" 200 7887 "-" "Mozilla/5.0 (compatible; MJ12bot/v1.4.3; http://www.majestic12.co.uk/bot.php?+)"
158.255.213.231 - - [01/Mar/2013:18:47:10 +0100] "GET /news.php?cs_go=archiv&cs_id=2690 HTTP/1.0" 200 7887 "-" "Mozilla/5.0 (compatible; MJ12bot/v1.4.3; http://www.majestic12.co.uk/bot.php?+)"
158.255.213.231 - - [01/Mar/2013:18:47:12 +0100] "GET /news.php?cs_go=archiv&cs_id=2691 HTTP/1.0" 200 7887 "-" "Mozilla/5.0 (compatible; MJ12bot/v1.4.3; http://www.majestic12.co.uk/bot.php?+)"
141.8.147.12 - - [01/Mar/2013:19:27:15 +0100] "GET /lexikon.php?cs_go=3&cs_id=108 HTTP/1.1" 200 9616 "-" "Mozilla/5.0 (compatible; YandexBot/3.0; +http://yandex.com/bots)"
123.125.71.47 - - [01/Mar/2013:19:32:24 +0100] "GET / HTTP/1.1" 200 7822 "-" "Mozilla/5.0 (compatible; Baiduspider/2.0; +http://www.baidu.com/search/spider.html)"
220.181.108.112 - - [01/Mar/2013:19:32:54 +0100] "GET / HTTP/1.1" 200 8626 "-" "Mozilla/5.0 (compatible; Baiduspider/2.0; +http://www.baidu.com/search/spider.html)"
82.94.176.164 - - [01/Mar/2013:19:44:00 +0100] "GET /jobs.php HTTP/1.1" 200 10090 "-" "Mozilla/4.0 (compatible; MSIE 5.5; Windows NT)"
82.128.253.85 - - [01/Mar/2013:20:06:06 +0100] "GET /robots.txt HTTP/1.0" 200 177 "-" "Mozilla/5.0 (compatible; MJ12bot/v1.4.3; http://www.majestic12.co.uk/bot.php?+)"
82.128.253.85 - - [01/Mar/2013:20:06:07 +0100] "GET / HTTP/1.0" 200 15262 "-" "Mozilla/5.0 (compatible; MJ12bot/v1.4.3; http://www.majestic12.co.uk/bot.php?+)"
141.8.147.12 - - [01/Mar/2013:20:21:19 +0100] "GET /news.php?cs_go=archiv&cs_id=3548&cs_search= HTTP/1.1" 200 9873 "-" "Mozilla/5.0 (compatible; YandexBot/3.0; +http://yandex.com/bots)"
208.115.111.75 - - [01/Mar/2013:20:39:22 +0100] "GET /news.php?cs_go=archiv&cs_startpos=20 HTTP/1.1" 200 22406 "-" "Mozilla/5.0 (compatible; Ezooms/1.0; ezooms.bot@gmail.com)"
65.36.241.79 - - [01/Mar/2013:20:40:32 +0100] "HEAD / HTTP/1.1" 200 - "-" "InternetSeer.com"
208.115.113.91 - - [01/Mar/2013:20:42:15 +0100] "GET /robots.txt HTTP/1.1" 200 177 "-" "Mozilla/5.0 (compatible; Ezooms/1.0; ezooms.bot@gmail.com)"
141.8.147.12 - - [01/Mar/2013:21:00:10 +0100] "GET /robots.txt HTTP/1.1" 200 177 "-" "Mozilla/5.0 (compatible; YandexBot/3.0; +http://yandex.com/bots)"
66.249.73.109 - - [01/Mar/2013:21:05:19 +0100] "GET /news.php?cs_go=archiv&cs_id=3965&cs_search= HTTP/1.1" 200 13089 "-" "SAMSUNG-SGH-E250/1.0 Profile/MIDP-2.0 Configuration/CLDC-1.1 UP.Browser/6.2.3.3.c.1.101 (GUI) MMP/2.0 (compatible; Googlebot-Mobile/2.1; +http://www.google.com/bot.html)"
141.8.147.12 - - [01/Mar/2013:21:17:45 +0100] "GET /lexikon.php?cs_go=3&cs_id=107 HTTP/1.1" 200 8389 "-" "Mozilla/5.0 (compatible; YandexBot/3.0; +http://yandex.com/bots)"
141.8.147.12 - - [01/Mar/2013:21:35:31 +0100] "GET /news.php?cs_go=archiv&cs_id=3604&cs_search= HTTP/1.1" 200 9768 "-" "Mozilla/5.0 (compatible; YandexBot/3.0; +http://yandex.com/bots)"
141.8.147.12 - - [01/Mar/2013:21:53:16 +0100] "GET /lexikon.php?cs_go=3&cs_id=201 HTTP/1.1" 200 8794 "-" "Mozilla/5.0 (compatible; YandexBot/3.0; +http://yandex.com/bots)"
178.0.151.26 - - [01/Mar/2013:21:53:17 +0100] "GET /style.css HTTP/1.1" 200 8418 "http://www.mink-gmbh.de/" "Mozilla/5.0 (Windows NT 5.1; rv:14.0) Gecko/20100101 Firefox/14.0.1"
178.0.151.26 - - [01/Mar/2013:21:53:17 +0100] "GET /favicon.ico HTTP/1.1" 200 3638 "-" "Mozilla/5.0 (Windows NT 5.1; rv:14.0) Gecko/20100101 Firefox/14.0.1"
178.0.151.26 - - [01/Mar/2013:21:53:17 +0100] "GET /js_contentserver24_greybox/gb_styles.css HTTP/1.1" 200 2302 "http://www.mink-gmbh.de/" "Mozilla/5.0 (Windows NT 5.1; rv:14.0) Gecko/20100101 Firefox/14.0.1"
178.0.151.26 - - [01/Mar/2013:21:53:17 +0100] "GET /js_contentserver24_greybox/AJS.js HTTP/1.1" 200 10396 "http://www.mink-gmbh.de/" "Mozilla/5.0 (Windows NT 5.1; rv:14.0) Gecko/20100101 Firefox/14.0.1"
178.0.151.26 - - [01/Mar/2013:21:53:17 +0100] "GET /js_contentserver24_greybox/AJS_fx.js HTTP/1.1" 200 3192 "http://www.mink-gmbh.de/" "Mozilla/5.0 (Windows NT 5.1; rv:14.0) Gecko/20100101 Firefox/14.0.1"
178.0.151.26 - - [01/Mar/2013:21:53:17 +0100] "GET /js_contentserver24_greybox/gb_scripts.js HTTP/1.1" 200 11913 "http://www.mink-gmbh.de/" "Mozilla/5.0 (Windows NT 5.1; rv:14.0) Gecko/20100101 Firefox/14.0.1"
178.0.151.26 - - [01/Mar/2013:21:53:17 +0100] "GET /modul.css HTTP/1.1" 200 35038 "http://www.mink-gmbh.de/" "Mozilla/5.0 (Windows NT 5.1; rv:14.0) Gecko/20100101 Firefox/14.0.1"
178.0.151.26 - - [01/Mar/2013:21:53:17 +0100] "GET /images/bg.jpg HTTP/1.1" 200 345 "http://www.mink-gmbh.de/style.css" "Mozilla/5.0 (Windows NT 5.1; rv:14.0) Gecko/20100101 Firefox/14.0.1"
178.0.151.26 - - [01/Mar/2013:21:53:17 +0100] "GET /js_contentserver24_greybox/w_close.gif HTTP/1.1" 200 74 "http://www.mink-gmbh.de/" "Mozilla/5.0 (Windows NT 5.1; rv:14.0) Gecko/20100101 Firefox/14.0.1"
178.0.151.26 - - [01/Mar/2013:21:53:18 +0100] "GET /images/close.png HTTP/1.1" 200 703 "http://www.mink-gmbh.de/" "Mozilla/5.0 (Windows NT 5.1; rv:14.0) Gecko/20100101 Firefox/14.0.1"
178.0.151.26 - - [01/Mar/2013:21:53:18 +0100] "GET /images/newsletter_bg.jpg HTTP/1.1" 200 33610 "http://www.mink-gmbh.de/" "Mozilla/5.0 (Windows NT 5.1; rv:14.0) Gecko/20100101 Firefox/14.0.1"
178.0.151.26 - - [01/Mar/2013:21:53:18 +0100] "GET /images/newsletter.png HTTP/1.1" 200 14619 "http://www.mink-gmbh.de/style.css" "Mozilla/5.0 (Windows NT 5.1; rv:14.0) Gecko/20100101 Firefox/14.0.1"
178.0.151.26 - - [01/Mar/2013:21:53:18 +0100] "GET /images/wrapperbg.jpg HTTP/1.1" 200 27465 "http://www.mink-gmbh.de/style.css" "Mozilla/5.0 (Windows NT 5.1; rv:14.0) Gecko/20100101 Firefox/14.0.1"
178.0.151.26 - - [01/Mar/2013:21:53:18 +0100] "GET /images/header.jpg HTTP/1.1" 200 24413 "http://www.mink-gmbh.de/style.css" "Mozilla/5.0 (Windows NT 5.1; rv:14.0) Gecko/20100101 Firefox/14.0.1"
178.0.151.26 - - [01/Mar/2013:21:53:17 +0100] "GET / HTTP/1.1" 200 15262 "http://www.google.de/url?sa=t&rct=j&q=&esrc=s&source=web&cd=20&ved=0CIABEBYwCTgK&url=http%3A%2F%2Fwww.mink-gmbh.de%2F&ei=7xQxUYGdLIaN4ASr74B4&usg=AFQjCNFHX4Iglls9oo-KYXTmDUV_5KOVIg" "Mozilla/5.0 (Windows NT 5.1; rv:14.0) Gecko/20100101 Firefox/14.0.1"
178.0.151.26 - - [01/Mar/2013:21:53:17 +0100] "GET /images/tkw.jpg HTTP/1.1" 200 64031 "http://www.mink-gmbh.de/" "Mozilla/5.0 (Windows NT 5.1; rv:14.0) Gecko/20100101 Firefox/14.0.1"
178.0.151.26 - - [01/Mar/2013:21:53:18 +0100] "GET /images/navibg.png HTTP/1.1" 200 2803 "http://www.mink-gmbh.de/style.css" "Mozilla/5.0 (Windows NT 5.1; rv:14.0) Gecko/20100101 Firefox/14.0.1"
178.0.151.26 - - [01/Mar/2013:21:53:18 +0100] "GET /images/steigend.png HTTP/1.1" 200 688 "http://www.mink-gmbh.de/modul.css" "Mozilla/5.0 (Windows NT 5.1; rv:14.0) Gecko/20100101 Firefox/14.0.1"
178.0.151.26 - - [01/Mar/2013:21:53:18 +0100] "GET /images/fallend.png HTTP/1.1" 200 713 "http://www.mink-gmbh.de/modul.css" "Mozilla/5.0 (Windows NT 5.1; rv:14.0) Gecko/20100101 Firefox/14.0.1"
178.0.151.26 - - [01/Mar/2013:21:53:18 +0100] "GET /images/mobil.jpg HTTP/1.1" 200 25293 "http://www.mink-gmbh.de/style.css" "Mozilla/5.0 (Windows NT 5.1; rv:14.0) Gecko/20100101 Firefox/14.0.1"
178.0.151.26 - - [01/Mar/2013:21:53:18 +0100] "GET /images/newsletter.jpg HTTP/1.1" 200 13130 "http://www.mink-gmbh.de/style.css" "Mozilla/5.0 (Windows NT 5.1; rv:14.0) Gecko/20100101 Firefox/14.0.1"
178.0.151.26 - - [01/Mar/2013:21:53:18 +0100] "GET /images/freecall.jpg HTTP/1.1" 200 39195 "http://www.mink-gmbh.de/" "Mozilla/5.0 (Windows NT 5.1; rv:14.0) Gecko/20100101 Firefox/14.0.1"
178.0.151.26 - - [01/Mar/2013:21:53:18 +0100] "GET /images/mail.jpg HTTP/1.1" 200 11165 "http://www.mink-gmbh.de/" "Mozilla/5.0 (Windows NT 5.1; rv:14.0) Gecko/20100101 Firefox/14.0.1"
178.0.151.26 - - [01/Mar/2013:21:53:18 +0100] "GET /images/kwk.gif HTTP/1.1" 200 6403 "http://www.mink-gmbh.de/" "Mozilla/5.0 (Windows NT 5.1; rv:14.0) Gecko/20100101 Firefox/14.0.1"
178.0.151.26 - - [01/Mar/2013:21:53:18 +0100] "GET /images/wunschpreis.jpg HTTP/1.1" 200 16767 "http://www.mink-gmbh.de/" "Mozilla/5.0 (Windows NT 5.1; rv:14.0) Gecko/20100101 Firefox/14.0.1"
178.0.151.26 - - [01/Mar/2013:21:53:18 +0100] "GET /images/logos.jpg HTTP/1.1" 200 15002 "http://www.mink-gmbh.de/" "Mozilla/5.0 (Windows NT 5.1; rv:14.0) Gecko/20100101 Firefox/14.0.1"
178.0.151.26 - - [01/Mar/2013:21:53:18 +0100] "GET /images/footerbg.jpg HTTP/1.1" 200 2184 "http://www.mink-gmbh.de/style.css" "Mozilla/5.0 (Windows NT 5.1; rv:14.0) Gecko/20100101 Firefox/14.0.1"
178.0.151.26 - - [01/Mar/2013:21:53:19 +0100] "GET /js_contentserver24_greybox/loader_frame.html?s=0 HTTP/1.1" 200 2084 "http://www.mink-gmbh.de/" "Mozilla/5.0 (Windows NT 5.1; rv:14.0) Gecko/20100101 Firefox/14.0.1"
178.0.151.26 - - [01/Mar/2013:21:53:19 +0100] "GET /js_contentserver24_greybox/header_bg.gif HTTP/1.1" 200 1188 "http://www.mink-gmbh.de/" "Mozilla/5.0 (Windows NT 5.1; rv:14.0) Gecko/20100101 Firefox/14.0.1"
178.0.151.26 - - [01/Mar/2013:21:53:20 +0100] "GET /js_contentserver24_greybox/indicator.gif HTTP/1.1" 200 8238 "http://www.mink-gmbh.de/js_contentserver24_greybox/loader_frame.html?s=0" "Mozilla/5.0 (Windows NT 5.1; rv:14.0) Gecko/20100101 Firefox/14.0.1"
178.0.151.26 - - [01/Mar/2013:21:53:21 +0100] "GET /js_contentserver24_greybox/g_close.gif HTTP/1.1" 200 541 "http://www.mink-gmbh.de/" "Mozilla/5.0 (Windows NT 5.1; rv:14.0) Gecko/20100101 Firefox/14.0.1"
178.0.151.26 - - [01/Mar/2013:21:54:16 +0100] "GET /preisanfrage.php HTTP/1.1" 200 10647 "http://www.mink-gmbh.de/" "Mozilla/5.0 (Windows NT 5.1; rv:14.0) Gecko/20100101 Firefox/14.0.1"
173.199.116.195 - - [01/Mar/2013:22:09:48 +0100] "GET /lexikon.php?cs_go=3&cs_id=126 HTTP/1.1" 200 8362 "-" "Mozilla/5.0 (compatible; AhrefsBot/4.0; +http://ahrefs.com/robot/)"
141.8.147.12 - - [01/Mar/2013:22:10:15 +0100] "GET /lexikon.php?cs_go=3&cs_id=158 HTTP/1.1" 200 8354 "-" "Mozilla/5.0 (compatible; YandexBot/3.0; +http://yandex.com/bots)"
123.125.71.115 - - [01/Mar/2013:22:21:43 +0100] "GET /js_contentserver24_greybox/gb_styles.css HTTP/1.1" 200 2302 "-" "Mozilla/5.0 (compatible; Baiduspider/2.0; +http://www.baidu.com/search/spider.html)"
141.8.147.12 - - [01/Mar/2013:22:27:14 +0100] "GET /lexikon.php?cs_go=3&cs_id=132 HTTP/1.1" 200 7986 "-" "Mozilla/5.0 (compatible; YandexBot/3.0; +http://yandex.com/bots)"
141.8.147.12 - - [01/Mar/2013:22:33:36 +0100] "GET /lexikon.php?cs_go=3&cs_id=223 HTTP/1.1" 200 7991 "-" "Mozilla/5.0 (compatible; YandexBot/3.0; +http://yandex.com/bots)"
208.115.111.75 - - [01/Mar/2013:22:42:11 +0100] "GET /robots.txt HTTP/1.1" 200 177 "-" "Mozilla/5.0 (compatible; Ezooms/1.0; ezooms.bot@gmail.com)"
208.115.113.91 - - [01/Mar/2013:22:52:43 +0100] "GET /news.php?cs_go=archiv&cs_startpos=60 HTTP/1.1" 200 22950 "-" "Mozilla/5.0 (compatible; Ezooms/1.0; ezooms.bot@gmail.com)"
141.8.147.12 - - [01/Mar/2013:23:07:46 +0100] "GET /lexikon.php?cs_go=3&cs_id=204 HTTP/1.1" 200 8006 "-" "Mozilla/5.0 (compatible; YandexBot/3.0; +http://yandex.com/bots)"
66.249.73.109 - - [01/Mar/2013:23:20:05 +0100] "GET / HTTP/1.1" 200 15262 "-" "Mozilla/5.0 (iPhone; U; CPU iPhone OS 4_1 like Mac OS X; en-us) AppleWebKit/532.9 (KHTML, like Gecko) Version/4.0.5 Mobile/8B117 Safari/6531.22.7 (compatible; Googlebot-Mobile/2.1; +http://www.google.com/bot.html)"
66.249.73.109 - - [01/Mar/2013:23:25:49 +0100] "GET /js_contentserver24_greybox/gb_styles.css HTTP/1.1" 200 2302 "-" "Mozilla/5.0 (compatible; Googlebot/2.1; +http://www.google.com/bot.html)"
141.8.147.12 - - [01/Mar/2013:23:41:59 +0100] "GET /lexikon.php?cs_go=3&cs_id=125 HTTP/1.1" 200 8979 "-" "Mozilla/5.0 (compatible; YandexBot/3.0; +http://yandex.com/bots)"
66.249.73.109 - - [01/Mar/2013:23:50:42 +0100] "GET /news.php?cs_go=archiv&cs_id=3965&cs_search= HTTP/1.1" 200 13089 "-" "DoCoMo/2.0 N905i(c100;TB;W24H16) (compatible; Googlebot-Mobile/2.1; +http://www.google.com/bot.html)"
95.211.139.1 - - [01/Mar/2013:23:53:46 +0100] "GET /robots.txt HTTP/1.0" 200 177 "-" "Mozilla/5.0 (compatible; AcoonBot/4.11.1; +http://www.acoon.de/robot.asp)"
95.211.139.1 - - [01/Mar/2013:23:53:47 +0100] "GET /.php HTTP/1.0" 404 - "-" "Mozilla/5.0 (compatible; AcoonBot/4.11.1; +http://www.acoon.de/robot.asp)"
173.199.116.195 - - [02/Mar/2013:00:10:28 +0100] "GET /lexikon.php?cs_go=3&cs_id=138 HTTP/1.1" 200 8904 "-" "Mozilla/5.0 (compatible; AhrefsBot/4.0; +http://ahrefs.com/robot/)"
141.8.147.12 - - [02/Mar/2013:00:16:15 +0100] "GET /lexikon.php?cs_go=3&cs_id=197 HTTP/1.1" 200 7995 "-" "Mozilla/5.0 (compatible; YandexBot/3.0; +http://yandex.com/bots)"
139.18.2.209 - - [02/Mar/2013:00:34:50 +0100] "GET /news.php?cs_go=archiv&cs_id=3721&cs_search= HTTP/1.1" 200 6993 "-" "findlinks/2.6 (+http://wortschatz.uni-leipzig.de/findlinks/)"
139.18.2.209 - - [02/Mar/2013:00:34:50 +0100] "GET /news.php?cs_go=archiv&cs_id=3721&cs_search= HTTP/1.1" 200 10971 "-" "findlinks/2.6 (+http://wortschatz.uni-leipzig.de/findlinks/)"
208.115.111.75 - - [02/Mar/2013:00:36:13 +0100] "GET /lexikon.php?cs_go=2&cs_char=v HTTP/1.1" 200 9117 "-" "Mozilla/5.0 (compatible; Ezooms/1.0; ezooms.bot@gmail.com)"
208.115.111.75 - - [02/Mar/2013:00:36:15 +0100] "GET /news.php?cs_go=archiv&cs_id=3887&cs_search= HTTP/1.1" 200 16034 "-" "Mozilla/5.0 (compatible; Ezooms/1.0; ezooms.bot@gmail.com)"
208.115.111.75 - - [02/Mar/2013:00:36:17 +0100] "GET /news.php?cs_go=archiv&cs_id=3909 HTTP/1.1" 200 13486 "-" "Mozilla/5.0 (compatible; Ezooms/1.0; ezooms.bot@gmail.com)"
208.115.111.75 - - [02/Mar/2013:00:36:20 +0100] "GET /preisanfrage.php HTTP/1.1" 200 10734 "-" "Mozilla/5.0 (compatible; Ezooms/1.0; ezooms.bot@gmail.com)"
141.8.147.12 - - [02/Mar/2013:00:50:28 +0100] "GET /lexikon.php?cs_go=3&cs_id=104 HTTP/1.1" 200 8474 "-" "Mozilla/5.0 (compatible; YandexBot/3.0; +http://yandex.com/bots)"
173.199.116.195 - - [02/Mar/2013:01:00:35 +0100] "GET /lexikon.php?cs_go=2&cs_char=o HTTP/1.1" 200 9261 "-" "Mozilla/5.0 (compatible; AhrefsBot/4.0; +http://ahrefs.com/robot/)"
157.55.34.171 - - [02/Mar/2013:01:10:31 +0100] "GET /robots.txt HTTP/1.1" 200 177 "-" "Mozilla/5.0 (compatible; bingbot/2.0; +http://www.bing.com/bingbot.htm)"
157.55.34.171 - - [02/Mar/2013:01:12:00 +0100] "GET / HTTP/1.1" 200 15262 "-" "Mozilla/5.0 (compatible; bingbot/2.0; +http://www.bing.com/bingbot.htm)"
5.9.7.208 - - [02/Mar/2013:01:12:29 +0100] "GET /robots.txt HTTP/1.0" 200 177 "-" "Mozilla/5.0 (compatible; MJ12bot/v1.4.3; http://www.majestic12.co.uk/bot.php?+)"
5.9.7.208 - - [02/Mar/2013:01:12:42 +0100] "GET /news.php?cs_go=archiv&cs_id=3979 HTTP/1.0" 200 13500 "-" "Mozilla/5.0 (compatible; MJ12bot/v1.4.3; http://www.majestic12.co.uk/bot.php?+)"
5.9.7.208 - - [02/Mar/2013:01:12:58 +0100] "GET /news.php?cs_go=archiv&cs_id=3980 HTTP/1.0" 200 9937 "-" "Mozilla/5.0 (compatible; MJ12bot/v1.4.3; http://www.majestic12.co.uk/bot.php?+)"
5.9.7.208 - - [02/Mar/2013:01:13:07 +0100] "GET /news.php?cs_go=archiv&cs_id=3981 HTTP/1.0" 200 12282 "-" "Mozilla/5.0 (compatible; MJ12bot/v1.4.3; http://www.majestic12.co.uk/bot.php?+)"
141.8.147.12 - - [02/Mar/2013:01:24:22 +0100] "GET /lexikon.php?cs_go=3&cs_id=182 HTTP/1.1" 200 8410 "-" "Mozilla/5.0 (compatible; YandexBot/3.0; +http://yandex.com/bots)"
141.8.147.12 - - [02/Mar/2013:01:46:43 +0100] "GET /lexikon.php?cs_go=2&cs_char=h HTTP/1.1" 200 8800 "-" "Mozilla/5.0 (compatible; YandexBot/3.0; +http://yandex.com/bots)"
173.199.116.195 - - [02/Mar/2013:01:55:25 +0100] "GET /news.php?cs_go=archiv&cs_id=3972 HTTP/1.1" 200 11825 "-" "Mozilla/5.0 (compatible; AhrefsBot/4.0; +http://ahrefs.com/robot/)"
130.83.167.153 - - [02/Mar/2013:02:11:43 +0100] "GET /news.php?cs_go=archiv&cs_startpos=30 HTTP/1.1" 200 6992 "-" "findlinks/2.6 (+http://wortschatz.uni-leipzig.de/findlinks/)"
130.83.167.153 - - [02/Mar/2013:02:11:43 +0100] "GET /news.php?cs_go=archiv&cs_startpos=30 HTTP/1.1" 200 22408 "-" "findlinks/2.6 (+http://wortschatz.uni-leipzig.de/findlinks/)"
141.8.147.12 - - [02/Mar/2013:02:31:39 +0100] "GET /lexikon.php?cs_go=3&cs_id=199 HTTP/1.1" 200 7993 "-" "Mozilla/5.0 (compatible; YandexBot/3.0; +http://yandex.com/bots)"
208.115.111.75 - - [02/Mar/2013:02:41:33 +0100] "GET /robots.txt HTTP/1.1" 200 177 "-" "Mozilla/5.0 (compatible; Ezooms/1.0; ezooms.bot@gmail.com)"
173.199.116.195 - - [02/Mar/2013:03:07:04 +0100] "GET /lexikon.php?cs_go=3&cs_id=6 HTTP/1.1" 200 8165 "-" "Mozilla/5.0 (compatible; AhrefsBot/4.0; +http://ahrefs.com/robot/)"
65.36.241.79 - - [02/Mar/2013:03:11:00 +0100] "HEAD / HTTP/1.1" 200 - "-" "InternetSeer.com"
141.8.147.12 - - [02/Mar/2013:03:16:37 +0100] "GET /lexikon.php?cs_go=3&cs_id=101 HTTP/1.1" 200 10216 "-" "Mozilla/5.0 (compatible; YandexBot/3.0; +http://yandex.com/bots)"
141.8.147.12 - - [02/Mar/2013:03:52:55 +0100] "GET /lexikon.php?cs_go=3&cs_id=190 HTTP/1.1" 200 8477 "-" "Mozilla/5.0 (compatible; YandexBot/3.0; +http://yandex.com/bots)"
188.138.110.90 - - [02/Mar/2013:04:00:40 +0100] "GET /additive.php HTTP/1.1" 200 8372 "-" "Mozilla/4.0 (compatible; MSIE 6.0; Windows 98; Win 9x4.90)"
141.8.147.12 - - [02/Mar/2013:04:25:48 +0100] "GET /lexikon.php?cs_go=3&cs_id=180 HTTP/1.1" 200 9077 "-" "Mozilla/5.0 (compatible; YandexBot/3.0; +http://yandex.com/bots)"
208.115.111.75 - - [02/Mar/2013:04:37:49 +0100] "GET /lexikon.php?cs_go=2&cs_char=t HTTP/1.1" 200 8962 "-" "Mozilla/5.0 (compatible; Ezooms/1.0; ezooms.bot@gmail.com)"
208.115.111.75 - - [02/Mar/2013:04:37:53 +0100] "GET /modernisierung.php HTTP/1.1" 200 11578 "-" "Mozilla/5.0 (compatible; Ezooms/1.0; ezooms.bot@gmail.com)"
141.8.147.12 - - [02/Mar/2013:05:02:04 +0100] "GET /lexikon.php?cs_go=3&cs_id=30 HTTP/1.1" 200 7997 "-" "Mozilla/5.0 (compatible; YandexBot/3.0; +http://yandex.com/bots)"
66.249.73.109 - - [02/Mar/2013:05:05:15 +0100] "GET / HTTP/1.1" 200 15262 "-" "Mozilla/5.0 (compatible; Googlebot/2.1; +http://www.google.com/bot.html)"
66.249.73.109 - - [02/Mar/2013:05:16:11 +0100] "GET /style.css HTTP/1.1" 200 8418 "-" "Mozilla/5.0 (compatible; Googlebot/2.1; +http://www.google.com/bot.html)"
66.249.73.109 - - [02/Mar/2013:05:16:12 +0100] "GET /news.php?cs_go=archiv&cs_id=3981 HTTP/1.1" 200 12282 "-" "Mozilla/5.0 (compatible; Googlebot/2.1; +http://www.google.com/bot.html)"
66.249.73.109 - - [02/Mar/2013:05:16:13 +0100] "GET /modul.css HTTP/1.1" 200 35038 "-" "Mozilla/5.0 (compatible; Googlebot/2.1; +http://www.google.com/bot.html)"
66.249.73.109 - - [02/Mar/2013:05:22:21 +0100] "GET /news.php?cs_go=archiv&cs_id=3982 HTTP/1.1" 200 13450 "-" "Mozilla/5.0 (compatible; Googlebot/2.1; +http://www.google.com/bot.html)"
66.249.73.109 - - [02/Mar/2013:05:25:05 +0100] "GET /news.php?cs_go=archiv&cs_id=3979 HTTP/1.1" 200 13500 "-" "Mozilla/5.0 (compatible; Googlebot/2.1; +http://www.google.com/bot.html)"
66.249.73.109 - - [02/Mar/2013:05:34:49 +0100] "GET /news.php?cs_go=archiv&cs_id=3980 HTTP/1.1" 200 9937 "-" "Mozilla/5.0 (compatible; Googlebot/2.1; +http://www.google.com/bot.html)"
141.8.147.12 - - [02/Mar/2013:05:37:43 +0100] "GET /news.php?cs_go=archiv&cs_id=3705&cs_search= HTTP/1.1" 200 9813 "-" "Mozilla/5.0 (compatible; YandexBot/3.0; +http://yandex.com/bots)"
173.199.116.195 - - [02/Mar/2013:06:00:09 +0100] "GET /news.php?cs_go=archiv&cs_id=3822&cs_search= HTTP/1.1" 200 13619 "-" "Mozilla/5.0 (compatible; AhrefsBot/4.0; +http://ahrefs.com/robot/)"
141.8.147.12 - - [02/Mar/2013:06:13:18 +0100] "GET /lexikon.php?cs_go=3&cs_id=113 HTTP/1.1" 200 8176 "-" "Mozilla/5.0 (compatible; YandexBot/3.0; +http://yandex.com/bots)"
66.249.73.109 - - [02/Mar/2013:06:33:27 +0100] "GET /lexikon.php?cs_go=3&cs_id=108 HTTP/1.1" 200 9616 "-" "Mozilla/5.0 (compatible; Googlebot/2.1; +http://www.google.com/bot.html)"
208.115.111.75 - - [02/Mar/2013:06:43:16 +0100] "GET /robots.txt HTTP/1.1" 200 177 "-" "Mozilla/5.0 (compatible; Ezooms/1.0; ezooms.bot@gmail.com)"
66.249.73.109 - - [02/Mar/2013:06:46:03 +0100] "GET /lexikon.php?cs_go=3&cs_id=115 HTTP/1.1" 200 9602 "-" "Mozilla/5.0 (compatible; Googlebot/2.1; +http://www.google.com/bot.html)"
173.199.116.195 - - [02/Mar/2013:06:46:20 +0100] "GET /lexikon.php?cs_go=2&cs_char=l HTTP/1.1" 200 8773 "-" "Mozilla/5.0 (compatible; AhrefsBot/4.0; +http://ahrefs.com/robot/)"
141.8.147.12 - - [02/Mar/2013:06:48:31 +0100] "GET /lexikon.php?cs_go=2&cs_char=c HTTP/1.1" 200 8836 "-" "Mozilla/5.0 (compatible; YandexBot/3.0; +http://yandex.com/bots)"
173.199.116.195 - - [02/Mar/2013:06:59:55 +0100] "GET /lexikon.php?cs_go=3&cs_id=131 HTTP/1.1" 200 8378 "-" "Mozilla/5.0 (compatible; AhrefsBot/4.0; +http://ahrefs.com/robot/)"
173.199.116.195 - - [02/Mar/2013:07:06:57 +0100] "GET /lexikon.php?cs_go=3&cs_id=146 HTTP/1.1" 200 8617 "-" "Mozilla/5.0 (compatible; AhrefsBot/4.0; +http://ahrefs.com/robot/)"
173.199.116.195 - - [02/Mar/2013:07:23:36 +0100] "GET /lexikon.php?cs_go=3&cs_id=66 HTTP/1.1" 200 7999 "-" "Mozilla/5.0 (compatible; AhrefsBot/4.0; +http://ahrefs.com/robot/)"
141.8.147.12 - - [02/Mar/2013:07:24:15 +0100] "GET /news.php?cs_go=archiv&cs_id=3529&cs_search= HTTP/1.1" 200 9913 "-" "Mozilla/5.0 (compatible; YandexBot/3.0; +http://yandex.com/bots)"
130.83.167.153 - - [02/Mar/2013:07:41:10 +0100] "GET /edl.php HTTP/1.1" 200 7046 "-" "findlinks/2.6 (+http://wortschatz.uni-leipzig.de/findlinks/)"
130.83.167.153 - - [02/Mar/2013:07:41:10 +0100] "GET /edl.php HTTP/1.1" 200 10714 "-" "findlinks/2.6 (+http://wortschatz.uni-leipzig.de/findlinks/)"
123.125.71.85 - - [02/Mar/2013:07:41:16 +0100] "GET /optiplus.php HTTP/1.1" 200 11100 "-" "Mozilla/5.0 (compatible; Baiduspider/2.0; +http://www.baidu.com/search/spider.html)"
66.249.73.109 - - [02/Mar/2013:07:57:25 +0100] "GET /preisanfrage.php HTTP/1.1" 200 10734 "-" "Mozilla/5.0 (iPhone; U; CPU iPhone OS 4_1 like Mac OS X; en-us) AppleWebKit/532.9 (KHTML, like Gecko) Version/4.0.5 Mobile/8B117 Safari/6531.22.7 (compatible; Googlebot-Mobile/2.1; +http://www.google.com/bot.html)"
141.8.147.12 - - [02/Mar/2013:07:59:29 +0100] "GET /news.php?cs_go=archiv&cs_id=3593&cs_search= HTTP/1.1" 200 10732 "-" "Mozilla/5.0 (compatible; YandexBot/3.0; +http://yandex.com/bots)"
95.211.139.1 - - [02/Mar/2013:08:06:40 +0100] "GET /news.php?cs_go=archiv&cs_id=3713&cs_search= HTTP/1.0" 200 16092 "-" "Mozilla/5.0 (compatible; AcoonBot/4.11.1; +http://www.acoon.de/robot.asp)"
65.36.241.79 - - [02/Mar/2013:08:13:20 +0100] "HEAD / HTTP/1.1" 200 - "-" "InternetSeer.com"
46.229.167.149 - - [02/Mar/2013:08:13:52 +0100] "GET / HTTP/1.1" 200 15262 "-" "Zend_Http_Client"
46.229.167.149 - - [02/Mar/2013:08:13:54 +0100] "GET / HTTP/1.1" 200 15262 "-" "Mozilla/5.0 (Windows; Windows NT 5.1; es-ES; rv:1.9.2a1pre) Gecko/20090402 Firefox/3.6a1pre"
173.199.116.195 - - [02/Mar/2013:08:26:22 +0100] "GET /lexikon.php?cs_go=2&cs_char=y HTTP/1.1" 200 8582 "-" "Mozilla/5.0 (compatible; AhrefsBot/4.0; +http://ahrefs.com/robot/)"
208.115.111.75 - - [02/Mar/2013:08:31:41 +0100] "GET /lexikon.php?cs_go=2&cs_char=r HTTP/1.1" 200 9732 "-" "Mozilla/5.0 (compatible; Ezooms/1.0; ezooms.bot@gmail.com)"
141.8.147.12 - - [02/Mar/2013:08:35:34 +0100] "GET /news.php?cs_go=archiv&cs_id=3843&cs_search= HTTP/1.1" 200 10535 "-" "Mozilla/5.0 (compatible; YandexBot/3.0; +http://yandex.com/bots)"
173.199.116.195 - - [02/Mar/2013:08:37:46 +0100] "GET /impressum.php HTTP/1.1" 200 8582 "-" "Mozilla/5.0 (compatible; AhrefsBot/4.0; +http://ahrefs.com/robot/)"
66.249.73.109 - - [02/Mar/2013:08:39:28 +0100] "GET /news.php?cs_go=archiv&cs_id=3933 HTTP/1.1" 200 11219 "-" "Mozilla/5.0 (compatible; Googlebot/2.1; +http://www.google.com/bot.html)"
208.115.113.91 - - [02/Mar/2013:08:41:54 +0100] "GET /robots.txt HTTP/1.1" 200 177 "-" "Mozilla/5.0 (compatible; Ezooms/1.0; ezooms.bot@gmail.com)"
95.211.139.1 - - [02/Mar/2013:08:56:35 +0100] "GET /news.php?cs_go=archiv&cs_id=3956&cs_search= HTTP/1.0" 200 13189 "-" "Mozilla/5.0 (compatible; AcoonBot/4.11.1; +http://www.acoon.de/robot.asp)"
173.199.116.195 - - [02/Mar/2013:09:08:05 +0100] "GET /lexikon.php?cs_go=2&cs_char=t HTTP/1.1" 200 8962 "-" "Mozilla/5.0 (compatible; AhrefsBot/4.0; +http://ahrefs.com/robot/)"
141.8.147.12 - - [02/Mar/2013:09:17:17 +0100] "GET /robots.txt HTTP/1.1" 200 177 "-" "Mozilla/5.0 (compatible; YandexBot/3.0; +http://yandex.com/bots)"
173.199.116.195 - - [02/Mar/2013:09:46:36 +0100] "GET /lexikon.php?cs_go=3&cs_id=128 HTTP/1.1" 200 8493 "-" "Mozilla/5.0 (compatible; AhrefsBot/4.0; +http://ahrefs.com/robot/)"
66.249.73.109 - - [02/Mar/2013:09:48:46 +0100] "GET /jobs.php HTTP/1.1" 200 10090 "-" "Mozilla/5.0 (compatible; Googlebot/2.1; +http://www.google.com/bot.html)"
141.8.147.12 - - [02/Mar/2013:09:49:46 +0100] "GET / HTTP/1.1" 200 15262 "-" "Mozilla/5.0 (compatible; YandexBot/3.0; +http://yandex.com/bots)"
123.125.71.16 - - [02/Mar/2013:09:55:54 +0100] "GET /images/mail.jpg HTTP/1.1" 200 11165 "http://image.baidu.com/i?ct=503316480&z=0&tn=baiduimagedetail" "Baiduspider-image+(+http://www.baidu.com/search/spider.htm)"
66.249.73.109 - - [02/Mar/2013:10:01:36 +0100] "GET / HTTP/1.1" 200 15262 "-" "SAMSUNG-SGH-E250/1.0 Profile/MIDP-2.0 Configuration/CLDC-1.1 UP.Browser/6.2.3.3.c.1.101 (GUI) MMP/2.0 (compatible; Googlebot-Mobile/2.1; +http://www.google.com/bot.html)"
141.8.147.12 - - [02/Mar/2013:10:18:46 +0100] "GET /index.php HTTP/1.1" 200 15262 "-" "Mozilla/5.0 (compatible; YandexBot/3.0; +http://yandex.com/bots)"
208.115.111.75 - - [02/Mar/2013:10:40:34 +0100] "GET /robots.txt HTTP/1.1" 200 177 "-" "Mozilla/5.0 (compatible; Ezooms/1.0; ezooms.bot@gmail.com)"
141.8.147.12 - - [02/Mar/2013:10:44:49 +0100] "GET /news.php HTTP/1.1" 200 21961 "-" "Mozilla/5.0 (compatible; YandexBot/3.0; +http://yandex.com/bots)"
173.199.116.195 - - [02/Mar/2013:10:45:26 +0100] "GET /lexikon.php?cs_go=2&cs_char=q HTTP/1.1" 200 8162 "-" "Mozilla/5.0 (compatible; AhrefsBot/4.0; +http://ahrefs.com/robot/)"
208.115.113.91 - - [02/Mar/2013:10:51:49 +0100] "GET /news.php?cs_go=archiv&cs_id=3666&cs_search= HTTP/1.1" 200 13510 "-" "Mozilla/5.0 (compatible; Ezooms/1.0; ezooms.bot@gmail.com)"
208.115.113.91 - - [02/Mar/2013:10:51:54 +0100] "GET /news.php?cs_go=archiv&cs_id=3867&cs_search= HTTP/1.1" 200 11887 "-" "Mozilla/5.0 (compatible; Ezooms/1.0; ezooms.bot@gmail.com)"
173.199.116.195 - - [02/Mar/2013:11:03:59 +0100] "GET /news.php?cs_go=archiv&cs_id=3968 HTTP/1.1" 200 12267 "-" "Mozilla/5.0 (compatible; AhrefsBot/4.0; +http://ahrefs.com/robot/)"
141.8.147.12 - - [02/Mar/2013:11:08:57 +0100] "GET /news.php?cs_go=archiv&cs_id=3590&cs_search= HTTP/1.1" 200 9799 "-" "Mozilla/5.0 (compatible; YandexBot/3.0; +http://yandex.com/bots)"
77.20.152.200 - - [02/Mar/2013:11:19:51 +0100] "GET /preisanfrage.php HTTP/1.1" 200 10734 "-" "findlinks/2.0.2 (+http://wortschatz.uni-leipzig.de/findlinks/)"
77.20.152.200 - - [02/Mar/2013:11:19:53 +0100] "GET /preisanfrage.php HTTP/1.1" 200 10647 "-" "findlinks/2.0.2 (+http://wortschatz.uni-leipzig.de/findlinks/)"
141.8.147.12 - - [02/Mar/2013:11:32:58 +0100] "GET /news.php?cs_go=archiv&cs_id=3493&cs_search= HTTP/1.1" 200 9847 "-" "Mozilla/5.0 (compatible; YandexBot/3.0; +http://yandex.com/bots)"
141.8.147.12 - - [02/Mar/2013:11:55:51 +0100] "GET /news.php?cs_go=archiv&cs_id=3499&cs_search= HTTP/1.1" 200 9866 "-" "Mozilla/5.0 (compatible; YandexBot/3.0; +http://yandex.com/bots)"
173.199.116.195 - - [02/Mar/2013:12:13:21 +0100] "GET /news.php?cs_go=archiv&cs_id=3717&cs_search= HTTP/1.1" 200 9809 "-" "Mozilla/5.0 (compatible; AhrefsBot/4.0; +http://ahrefs.com/robot/)"
91.66.98.187 - - [02/Mar/2013:12:19:43 +0100] "GET /modul.css HTTP/1.1" 200 35038 "http://www.mink-gmbh.de/" "Mozilla/5.0 (Macintosh; U; PPC Mac OS X 10.5; de; rv:1.9.2.28) Gecko/20120306 Firefox/3.6.28"
91.66.98.187 - - [02/Mar/2013:12:19:43 +0100] "GET /style.css HTTP/1.1" 200 8418 "http://www.mink-gmbh.de/" "Mozilla/5.0 (Macintosh; U; PPC Mac OS X 10.5; de; rv:1.9.2.28) Gecko/20120306 Firefox/3.6.28"
91.66.98.187 - - [02/Mar/2013:12:19:43 +0100] "GET /favicon.ico HTTP/1.1" 200 3638 "-" "Mozilla/5.0 (Macintosh; U; PPC Mac OS X 10.5; de; rv:1.9.2.28) Gecko/20120306 Firefox/3.6.28"
91.66.98.187 - - [02/Mar/2013:12:19:44 +0100] "GET /js_contentserver24_greybox/AJS.js HTTP/1.1" 200 10396 "http://www.mink-gmbh.de/" "Mozilla/5.0 (Macintosh; U; PPC Mac OS X 10.5; de; rv:1.9.2.28) Gecko/20120306 Firefox/3.6.28"
91.66.98.187 - - [02/Mar/2013:12:19:44 +0100] "GET /js_contentserver24_greybox/gb_styles.css HTTP/1.1" 200 2302 "http://www.mink-gmbh.de/" "Mozilla/5.0 (Macintosh; U; PPC Mac OS X 10.5; de; rv:1.9.2.28) Gecko/20120306 Firefox/3.6.28"
91.66.98.187 - - [02/Mar/2013:12:19:44 +0100] "GET /js_contentserver24_greybox/AJS_fx.js HTTP/1.1" 200 3192 "http://www.mink-gmbh.de/" "Mozilla/5.0 (Macintosh; U; PPC Mac OS X 10.5; de; rv:1.9.2.28) Gecko/20120306 Firefox/3.6.28"
91.66.98.187 - - [02/Mar/2013:12:19:44 +0100] "GET /js_contentserver24_greybox/gb_scripts.js HTTP/1.1" 200 11913 "http://www.mink-gmbh.de/" "Mozilla/5.0 (Macintosh; U; PPC Mac OS X 10.5; de; rv:1.9.2.28) Gecko/20120306 Firefox/3.6.28"
91.66.98.187 - - [02/Mar/2013:12:19:44 +0100] "GET /images/bg.jpg HTTP/1.1" 200 345 "http://www.mink-gmbh.de/style.css" "Mozilla/5.0 (Macintosh; U; PPC Mac OS X 10.5; de; rv:1.9.2.28) Gecko/20120306 Firefox/3.6.28"
91.66.98.187 - - [02/Mar/2013:12:19:44 +0100] "GET /images/tkw.jpg HTTP/1.1" 200 64031 "http://www.mink-gmbh.de/" "Mozilla/5.0 (Macintosh; U; PPC Mac OS X 10.5; de; rv:1.9.2.28) Gecko/20120306 Firefox/3.6.28"
91.66.98.187 - - [02/Mar/2013:12:19:44 +0100] "GET /js_contentserver24_greybox/w_close.gif HTTP/1.1" 200 74 "http://www.mink-gmbh.de/" "Mozilla/5.0 (Macintosh; U; PPC Mac OS X 10.5; de; rv:1.9.2.28) Gecko/20120306 Firefox/3.6.28"
