195.212.29.168 - - [08/Mar/2013:11:22:10 +0100] "GET /images/newsletter.jpg HTTP/1.1" 200 13130 "http://www.mink-gmbh.de/" "Mozilla/4.0 (compatible; MSIE 8.0; Windows NT 6.1; WOW64; Trident/4.0; SLCC2; .NET CLR 2.0.50727; .NET CLR 3.5.30729; .NET CLR 3.0.30729; Media Center PC 6.0; .NET4.0C)"
195.212.29.168 - - [08/Mar/2013:11:22:10 +0100] "GET /js_contentserver24_greybox/w_close.gif HTTP/1.1" 200 74 "http://www.mink-gmbh.de/" "Mozilla/4.0 (compatible; MSIE 8.0; Windows NT 6.1; WOW64; Trident/4.0; SLCC2; .NET CLR 2.0.50727; .NET CLR 3.5.30729; .NET CLR 3.0.30729; Media Center PC 6.0; .NET4.0C)"
195.212.29.168 - - [08/Mar/2013:11:22:10 +0100] "GET /images/tkw.jpg HTTP/1.1" 200 64031 "http://www.mink-gmbh.de/" "Mozilla/4.0 (compatible; MSIE 8.0; Windows NT 6.1; WOW64; Trident/4.0; SLCC2; .NET CLR 2.0.50727; .NET CLR 3.5.30729; .NET CLR 3.0.30729; Media Center PC 6.0; .NET4.0C)"
195.212.29.168 - - [08/Mar/2013:11:22:11 +0100] "GET /images/newsletter_bg.jpg HTTP/1.1" 200 33610 "http://www.mink-gmbh.de/" "Mozilla/4.0 (compatible; MSIE 8.0; Windows NT 6.1; WOW64; Trident/4.0; SLCC2; .NET CLR 2.0.50727; .NET CLR 3.5.30729; .NET CLR 3.0.30729; Media Center PC 6.0; .NET4.0C)"
195.212.29.168 - - [08/Mar/2013:11:22:11 +0100] "GET /images/navibg.png HTTP/1.1" 200 2803 "http://www.mink-gmbh.de/" "Mozilla/4.0 (compatible; MSIE 8.0; Windows NT 6.1; WOW64; Trident/4.0; SLCC2; .NET CLR 2.0.50727; .NET CLR 3.5.30729; .NET CLR 3.0.30729; Media Center PC 6.0; .NET4.0C)"
195.212.29.168 - - [08/Mar/2013:11:22:11 +0100] "GET /images/close.png HTTP/1.1" 200 703 "http://www.mink-gmbh.de/" "Mozilla/4.0 (compatible; MSIE 8.0; Windows NT 6.1; WOW64; Trident/4.0; SLCC2; .NET CLR 2.0.50727; .NET CLR 3.5.30729; .NET CLR 3.0.30729; Media Center PC 6.0; .NET4.0C)"
195.212.29.168 - - [08/Mar/2013:11:22:11 +0100] "GET /images/freecall.jpg HTTP/1.1" 200 39195 "http://www.mink-gmbh.de/" "Mozilla/4.0 (compatible; MSIE 8.0; Windows NT 6.1; WOW64; Trident/4.0; SLCC2; .NET CLR 2.0.50727; .NET CLR 3.5.30729; .NET CLR 3.0.30729; Media Center PC 6.0; .NET4.0C)"
195.212.29.168 - - [08/Mar/2013:11:22:11 +0100] "GET /js_contentserver24_greybox/header_bg.gif HTTP/1.1" 200 1188 "http://www.mink-gmbh.de/" "Mozilla/4.0 (compatible; MSIE 8.0; Windows NT 6.1; WOW64; Trident/4.0; SLCC2; .NET CLR 2.0.50727; .NET CLR 3.5.30729; .NET CLR 3.0.30729; Media Center PC 6.0; .NET4.0C)"
195.212.29.168 - - [08/Mar/2013:11:22:11 +0100] "GET /images/footerbg.jpg HTTP/1.1" 200 2184 "http://www.mink-gmbh.de/" "Mozilla/4.0 (compatible; MSIE 8.0; Windows NT 6.1; WOW64; Trident/4.0; SLCC2; .NET CLR 2.0.50727; .NET CLR 3.5.30729; .NET CLR 3.0.30729; Media Center PC 6.0; .NET4.0C)"
195.212.29.168 - - [08/Mar/2013:11:22:12 +0100] "GET /images/logos.jpg HTTP/1.1" 200 15002 "http://www.mink-gmbh.de/" "Mozilla/4.0 (compatible; MSIE 8.0; Windows NT 6.1; WOW64; Trident/4.0; SLCC2; .NET CLR 2.0.50727; .NET CLR 3.5.30729; .NET CLR 3.0.30729; Media Center PC 6.0; .NET4.0C)"
195.212.29.168 - - [08/Mar/2013:11:22:12 +0100] "GET /images/kwk.gif HTTP/1.1" 200 6403 "http://www.mink-gmbh.de/" "Mozilla/4.0 (compatible; MSIE 8.0; Windows NT 6.1; WOW64; Trident/4.0; SLCC2; .NET CLR 2.0.50727; .NET CLR 3.5.30729; .NET CLR 3.0.30729; Media Center PC 6.0; .NET4.0C)"
195.212.29.168 - - [08/Mar/2013:11:22:12 +0100] "GET /images/wunschpreis.jpg HTTP/1.1" 200 16767 "http://www.mink-gmbh.de/" "Mozilla/4.0 (compatible; MSIE 8.0; Windows NT 6.1; WOW64; Trident/4.0; SLCC2; .NET CLR 2.0.50727; .NET CLR 3.5.30729; .NET CLR 3.0.30729; Media Center PC 6.0; .NET4.0C)"
195.212.29.168 - - [08/Mar/2013:11:22:12 +0100] "GET /images/mail.jpg HTTP/1.1" 200 11165 "http://www.mink-gmbh.de/" "Mozilla/4.0 (compatible; MSIE 8.0; Windows NT 6.1; WOW64; Trident/4.0; SLCC2; .NET CLR 2.0.50727; .NET CLR 3.5.30729; .NET CLR 3.0.30729; Media Center PC 6.0; .NET4.0C)"
195.212.29.168 - - [08/Mar/2013:11:22:12 +0100] "GET /js_contentserver24_greybox/indicator.gif HTTP/1.1" 200 8238 "http://www.mink-gmbh.de/js_contentserver24_greybox/loader_frame.html?s=0" "Mozilla/4.0 (compatible; MSIE 8.0; Windows NT 6.1; WOW64; Trident/4.0; SLCC2; .NET CLR 2.0.50727; .NET CLR 3.5.30729; .NET CLR 3.0.30729; Media Center PC 6.0; .NET4.0C)"
195.212.29.168 - - [08/Mar/2013:11:22:12 +0100] "GET /js_contentserver24_greybox/g_close.gif HTTP/1.1" 200 541 "http://www.mink-gmbh.de/" "Mozilla/4.0 (compatible; MSIE 8.0; Windows NT 6.1; WOW64; Trident/4.0; SLCC2; .NET CLR 2.0.50727; .NET CLR 3.5.30729; .NET CLR 3.0.30729; Media Center PC 6.0; .NET4.0C)"
81.30.151.218 - - [08/Mar/2013:11:23:13 +0100] "GET /news.php?cs_go=archiv&cs_id=3028&cs_search= HTTP/1.1" 200 12789 "-" "Pixray-Seeker/2.0 (Pixray-Seeker; +http://www.pixray.com/pixraybot; +crawler@pixray.com)"
66.249.76.49 - - [08/Mar/2013:11:25:47 +0100] "GET /news.php?cs_go=archiv&cs_id=2844 HTTP/1.1" 200 10776 "-" "Mozilla/5.0 (compatible; Googlebot/2.1; +http://www.google.com/bot.html)"
141.8.147.12 - - [08/Mar/2013:11:30:27 +0100] "GET /news.php?cs_go=archiv&cs_id=3825&cs_search= HTTP/1.1" 200 11336 "-" "Mozilla/5.0 (compatible; YandexBot/3.0; +http://yandex.com/bots)"
81.30.151.218 - - [08/Mar/2013:11:32:02 +0100] "GET /news.php?cs_go=archiv&cs_id=2586&cs_search= HTTP/1.1" 200 7887 "-" "Pixray-Seeker/2.0 (Pixray-Seeker; +http://www.pixray.com/pixraybot; +crawler@pixray.com)"
81.30.151.218 - - [08/Mar/2013:11:35:26 +0100] "GET /news.php?cs_go=archiv&cs_id=1994&cs_search= HTTP/1.1" 200 7887 "-" "Pixray-Seeker/2.0 (Pixray-Seeker; +http://www.pixray.com/pixraybot; +crawler@pixray.com)"
81.30.151.218 - - [08/Mar/2013:11:35:34 +0100] "GET /news.php?cs_go=archiv&cs_id=2442&cs_search= HTTP/1.1" 200 7887 "-" "Pixray-Seeker/2.0 (Pixray-Seeker; +http://www.pixray.com/pixraybot; +crawler@pixray.com)"
66.249.76.49 - - [08/Mar/2013:11:38:33 +0100] "GET /lexikon.php?cs_go=3&cs_id=88 HTTP/1.1" 200 8816 "-" "Mozilla/5.0 (compatible; Googlebot/2.1; +http://www.google.com/bot.html)"
66.249.76.49 - - [08/Mar/2013:11:38:35 +0100] "GET /kwk.php HTTP/1.1" 200 10884 "-" "Mozilla/5.0 (iPhone; U; CPU iPhone OS 4_1 like Mac OS X; en-us) AppleWebKit/532.9 (KHTML, like Gecko) Version/4.0.5 Mobile/8B117 Safari/6531.22.7 (compatible; Googlebot-Mobile/2.1; +http://www.google.com/bot.html)"
66.249.76.49 - - [08/Mar/2013:11:46:46 +0100] "GET /style.css HTTP/1.1" 200 8418 "-" "Mozilla/5.0 (compatible; Googlebot/2.1; +http://www.google.com/bot.html)"
81.30.151.218 - - [08/Mar/2013:11:48:18 +0100] "GET /news.php?cs_go=archiv&cs_id=2227&cs_search= HTTP/1.1" 200 7887 "-" "Pixray-Seeker/2.0 (Pixray-Seeker; +http://www.pixray.com/pixraybot; +crawler@pixray.com)"
81.30.151.218 - - [08/Mar/2013:11:57:12 +0100] "GET /news.php?cs_go=archiv&cs_id=2540&cs_search= HTTP/1.1" 200 7887 "-" "Pixray-Seeker/2.0 (Pixray-Seeker; +http://www.pixray.com/pixraybot; +crawler@pixray.com)"
81.30.151.218 - - [08/Mar/2013:12:04:17 +0100] "GET /lexikon.php?cs_go=3&cs_id=7 HTTP/1.1" 200 8498 "-" "Pixray-Seeker/2.0 (Pixray-Seeker; +http://www.pixray.com/pixraybot; +crawler@pixray.com)"
66.249.76.49 - - [08/Mar/2013:12:11:34 +0100] "GET /modul.css HTTP/1.1" 200 35038 "-" "Mozilla/5.0 (compatible; Googlebot/2.1; +http://www.google.com/bot.html)"
81.30.151.218 - - [08/Mar/2013:12:23:28 +0100] "GET /news.php?cs_go=archiv&cs_id=2399&cs_search= HTTP/1.1" 200 7887 "-" "Pixray-Seeker/2.0 (Pixray-Seeker; +http://www.pixray.com/pixraybot; +crawler@pixray.com)"
81.30.151.218 - - [08/Mar/2013:12:23:30 +0100] "GET /news.php?cs_go=archiv&cs_id=1725&cs_search= HTTP/1.1" 200 7887 "-" "Pixray-Seeker/2.0 (Pixray-Seeker; +http://www.pixray.com/pixraybot; +crawler@pixray.com)"
81.30.151.218 - - [08/Mar/2013:12:34:33 +0100] "GET /news.php?cs_go=archiv&cs_id=2414&cs_search= HTTP/1.1" 200 7887 "-" "Pixray-Seeker/2.0 (Pixray-Seeker; +http://www.pixray.com/pixraybot; +crawler@pixray.com)"
81.30.151.218 - - [08/Mar/2013:12:35:08 +0100] "GET /news.php?cs_go=archiv&cs_id=2747&cs_search= HTTP/1.1" 200 9948 "-" "Pixray-Seeker/2.0 (Pixray-Seeker; +http://www.pixray.com/pixraybot; +crawler@pixray.com)"
208.115.113.91 - - [08/Mar/2013:12:39:32 +0100] "GET /robots.txt HTTP/1.1" 200 177 "-" "Mozilla/5.0 (compatible; Ezooms/1.0; ezooms.bot@gmail.com)"
83.140.95.36 - - [08/Mar/2013:12:42:53 +0100] "GET /news.php?cs_go=archiv&cs_id=3780 HTTP/1.0" 200 12947 "-" "Mozilla/5.0 (compatible; Googlebot/2.1; +http://www.google.com/bot.html)"
81.30.151.218 - - [08/Mar/2013:12:46:52 +0100] "GET /news.php?cs_go=archiv&cs_id=2372&cs_search= HTTP/1.1" 200 7887 "-" "Pixray-Seeker/2.0 (Pixray-Seeker; +http://www.pixray.com/pixraybot; +crawler@pixray.com)"
199.19.249.196 - - [08/Mar/2013:12:49:59 +0100] "GET / HTTP/1.1" 200 15327 "-" "Mozilla/4.0 (compatible; MSIE 7.0; Windows NT 5.1; InfoPath.1; .NET CLR 2.0.50727; .NET CLR 1.1.4322; MS-RTC LM 8; .NET CLR 3.0.4506.2152; .NET CLR 3.5.30729)"
141.138.208.112 - - [08/Mar/2013:12:49:59 +0100] "GET / HTTP/1.0" 200 15327 "-" "Mozilla/5.0 (Windows NT 5.1; rv:6.0) Gecko/20100101 Firefox/10.0.2"
8.21.4.254 - - [08/Mar/2013:12:50:01 +0100] "GET / HTTP/1.1" 200 15327 "-" "Mozilla/4.0 (compatible; MSIE 7.0; Windows NT 5.1; InfoPath.1; .NET CLR 2.0.50727; .NET CLR 1.1.4322; MS-RTC LM 8; .NET CLR 3.0.4506.2152; .NET CLR 3.5.30729)"
81.30.151.218 - - [08/Mar/2013:12:57:20 +0100] "GET /news.php?cs_go=archiv&cs_id=2051&cs_search= HTTP/1.1" 200 7887 "-" "Pixray-Seeker/2.0 (Pixray-Seeker; +http://www.pixray.com/pixraybot; +crawler@pixray.com)"
81.30.151.218 - - [08/Mar/2013:13:03:51 +0100] "GET /lexikon.php?cs_go=3&cs_id=8 HTTP/1.1" 200 9227 "-" "Pixray-Seeker/2.0 (Pixray-Seeker; +http://www.pixray.com/pixraybot; +crawler@pixray.com)"
81.30.151.218 - - [08/Mar/2013:13:32:45 +0100] "GET /news.php?cs_go=archiv&cs_id=2488&cs_search= HTTP/1.1" 200 7887 "-" "Pixray-Seeker/2.0 (Pixray-Seeker; +http://www.pixray.com/pixraybot; +crawler@pixray.com)"
130.83.167.153 - - [08/Mar/2013:13:37:56 +0100] "GET /foerdermittel.php HTTP/1.1" 200 7008 "-" "findlinks/2.6 (+http://wortschatz.uni-leipzig.de/findlinks/)"
130.83.167.153 - - [08/Mar/2013:13:37:56 +0100] "GET /foerdermittel.php HTTP/1.1" 200 12821 "-" "findlinks/2.6 (+http://wortschatz.uni-leipzig.de/findlinks/)"
81.30.151.218 - - [08/Mar/2013:13:46:14 +0100] "GET /news.php?cs_go=archiv&cs_id=3620&cs_search= HTTP/1.1" 200 11765 "-" "Pixray-Seeker/2.0 (Pixray-Seeker; +http://www.pixray.com/pixraybot; +crawler@pixray.com)"
81.30.151.218 - - [08/Mar/2013:13:49:25 +0100] "GET /news.php?cs_go=archiv&cs_id=3502&cs_search= HTTP/1.1" 200 10261 "-" "Pixray-Seeker/2.0 (Pixray-Seeker; +http://www.pixray.com/pixraybot; +crawler@pixray.com)"
66.249.76.49 - - [08/Mar/2013:13:55:50 +0100] "GET /lexikon.php?cs_go=3&cs_id=222 HTTP/1.1" 200 9623 "-" "Mozilla/5.0 (compatible; Googlebot/2.1; +http://www.google.com/bot.html)"
81.30.151.218 - - [08/Mar/2013:13:56:44 +0100] "GET /news.php?cs_go=archiv&cs_id=3500&cs_search= HTTP/1.1" 200 13320 "-" "Pixray-Seeker/2.0 (Pixray-Seeker; +http://www.pixray.com/pixraybot; +crawler@pixray.com)"
66.249.76.49 - - [08/Mar/2013:14:10:09 +0100] "GET /news.php?cs_go=archiv HTTP/1.1" 200 22001 "-" "SAMSUNG-SGH-E250/1.0 Profile/MIDP-2.0 Configuration/CLDC-1.1 UP.Browser/6.2.3.3.c.1.101 (GUI) MMP/2.0 (compatible; Googlebot-Mobile/2.1; +http://www.google.com/bot.html)"
66.249.76.49 - - [08/Mar/2013:14:11:35 +0100] "GET /news.php?cs_go=archiv&cs_id=3610 HTTP/1.1" 200 13435 "-" "Mozilla/5.0 (compatible; Googlebot/2.1; +http://www.google.com/bot.html)"
208.115.111.75 - - [08/Mar/2013:14:39:28 +0100] "GET /robots.txt HTTP/1.1" 200 177 "-" "Mozilla/5.0 (compatible; Ezooms/1.0; ezooms.bot@gmail.com)"
208.115.113.91 - - [08/Mar/2013:14:52:51 +0100] "GET /news.php?cs_go=archiv&cs_startpos=30 HTTP/1.1" 200 22501 "-" "Mozilla/5.0 (compatible; Ezooms/1.0; ezooms.bot@gmail.com)"
141.8.147.12 - - [08/Mar/2013:15:29:57 +0100] "GET /robots.txt HTTP/1.1" 200 177 "-" "Mozilla/5.0 (compatible; YandexBot/3.0; +http://yandex.com/bots)"
141.8.147.12 - - [08/Mar/2013:15:55:53 +0100] "GET /newsletter.php HTTP/1.1" 200 8928 "-" "Mozilla/5.0 (compatible; YandexBot/3.0; +http://yandex.com/bots)"
65.36.241.79 - - [08/Mar/2013:16:13:43 +0100] "HEAD / HTTP/1.1" 200 - "-" "InternetSeer.com"
66.249.76.49 - - [08/Mar/2013:16:25:15 +0100] "GET /news.php?cs_go=archiv&cs_id=3823 HTTP/1.1" 200 11538 "-" "Mozilla/5.0 (compatible; Googlebot/2.1; +http://www.google.com/bot.html)"
208.115.111.75 - - [08/Mar/2013:16:36:31 +0100] "GET /news.php?cs_go=archiv&cs_startpos=200 HTTP/1.1" 200 22365 "-" "Mozilla/5.0 (compatible; Ezooms/1.0; ezooms.bot@gmail.com)"
157.55.32.145 - - [08/Mar/2013:16:53:39 +0100] "GET /robots.txt HTTP/1.1" 200 177 "-" "Mozilla/5.0 (compatible; bingbot/2.0; +http://www.bing.com/bingbot.htm)"
157.55.32.145 - - [08/Mar/2013:16:54:49 +0100] "GET / HTTP/1.1" 200 15324 "-" "Mozilla/5.0 (compatible; bingbot/2.0; +http://www.bing.com/bingbot.htm)"
141.8.147.12 - - [08/Mar/2013:17:08:11 +0100] "GET /news.php HTTP/1.1" 200 22001 "-" "Mozilla/5.0 (compatible; YandexBot/3.0; +http://yandex.com/bots)"
141.8.147.12 - - [08/Mar/2013:17:30:23 +0100] "GET /index.php HTTP/1.1" 200 15324 "-" "Mozilla/5.0 (compatible; YandexBot/3.0; +http://yandex.com/bots)"
123.125.71.78 - - [08/Mar/2013:17:40:40 +0100] "GET / HTTP/1.1" 200 15324 "-" "Mozilla/5.0 (compatible; Baiduspider/2.0; +http://www.baidu.com/search/spider.html)"
178.77.126.55 - - [08/Mar/2013:17:40:44 +0100] "GET /robots.txt HTTP/1.1" 200 177 "-" "Mozilla/5.0 (compatible; CareerBot/1.1; +http://www.career-x.de/bot.html)"
178.77.126.55 - - [08/Mar/2013:17:40:44 +0100] "GET / HTTP/1.1" 200 15324 "-" "Mozilla/5.0 (compatible; CareerBot/1.1; +http://www.career-x.de/bot.html)"
178.77.126.55 - - [08/Mar/2013:17:40:45 +0100] "GET /news.php?cs_go=archiv&cs_id=3991 HTTP/1.1" 200 9864 "-" "Mozilla/5.0 (compatible; CareerBot/1.1; +http://www.career-x.de/bot.html)"
66.249.76.49 - - [08/Mar/2013:18:15:43 +0100] "GET /robots.txt HTTP/1.1" 200 177 "-" "Mozilla/5.0 (compatible; Googlebot/2.1; +http://www.google.com/bot.html)"
66.249.76.49 - - [08/Mar/2013:18:15:43 +0100] "GET /news.php?cs_go=archiv HTTP/1.1" 200 22001 "-" "DoCoMo/2.0 N905i(c100;TB;W24H16) (compatible; Googlebot-Mobile/2.1; +http://www.google.com/bot.html)"
208.115.111.75 - - [08/Mar/2013:18:39:46 +0100] "GET /robots.txt HTTP/1.1" 200 177 "-" "Mozilla/5.0 (compatible; Ezooms/1.0; ezooms.bot@gmail.com)"
157.55.32.145 - - [08/Mar/2013:18:51:14 +0100] "GET /robots.txt HTTP/1.1" 200 177 "-" "Mozilla/5.0 (compatible; bingbot/2.0; +http://www.bing.com/bingbot.htm)"
157.55.32.145 - - [08/Mar/2013:18:53:21 +0100] "GET / HTTP/1.1" 200 15324 "-" "Mozilla/5.0 (compatible; bingbot/2.0; +http://www.bing.com/bingbot.htm)"
66.249.76.49 - - [08/Mar/2013:19:00:19 +0100] "GET /news.php HTTP/1.1" 200 22001 "-" "Mozilla/5.0 (compatible; Googlebot/2.1; +http://www.google.com/bot.html)"
66.249.76.49 - - [08/Mar/2013:19:06:54 +0100] "GET /news.php?cs_go=archiv&cs_id=3993&cs_search= HTTP/1.1" 200 13136 "-" "Mozilla/5.0 (compatible; Googlebot/2.1; +http://www.google.com/bot.html)"
66.249.76.49 - - [08/Mar/2013:19:06:55 +0100] "GET /news.php?cs_go=archiv&cs_id=3994&cs_search= HTTP/1.1" 200 10108 "-" "Mozilla/5.0 (compatible; Googlebot/2.1; +http://www.google.com/bot.html)"
82.94.176.164 - - [08/Mar/2013:19:48:11 +0100] "GET /jobs.php HTTP/1.1" 200 10090 "-" "Mozilla/4.0 (compatible; MSIE 5.5; Windows NT)"
208.115.111.75 - - [08/Mar/2013:20:38:57 +0100] "GET /news.php?cs_go=archiv&cs_id=3834&cs_search= HTTP/1.1" 200 12694 "-" "Mozilla/5.0 (compatible; Ezooms/1.0; ezooms.bot@gmail.com)"
208.115.113.91 - - [08/Mar/2013:20:42:08 +0100] "GET /robots.txt HTTP/1.1" 200 177 "-" "Mozilla/5.0 (compatible; Ezooms/1.0; ezooms.bot@gmail.com)"
66.249.76.49 - - [08/Mar/2013:21:19:02 +0100] "GET /news.php?cs_go=archiv&cs_id=3937&cs_search= HTTP/1.1" 200 13324 "-" "SAMSUNG-SGH-E250/1.0 Profile/MIDP-2.0 Configuration/CLDC-1.1 UP.Browser/6.2.3.3.c.1.101 (GUI) MMP/2.0 (compatible; Googlebot-Mobile/2.1; +http://www.google.com/bot.html)"
65.36.241.79 - - [08/Mar/2013:21:20:26 +0100] "HEAD / HTTP/1.1" 200 - "-" "InternetSeer.com"
123.125.71.27 - - [08/Mar/2013:21:30:25 +0100] "GET / HTTP/1.1" 200 6434 "-" "Mozilla/5.0 (compatible; Baiduspider/2.0; +http://www.baidu.com/search/spider.html)"
220.181.108.87 - - [08/Mar/2013:21:30:52 +0100] "GET / HTTP/1.1" 200 8689 "-" "Mozilla/5.0 (compatible; Baiduspider/2.0; +http://www.baidu.com/search/spider.html)"
66.249.76.49 - - [08/Mar/2013:21:49:39 +0100] "GET /news.php?cs_go=archiv&cs_id=3941 HTTP/1.1" 200 9804 "-" "DoCoMo/2.0 N905i(c100;TB;W24H16) (compatible; Googlebot-Mobile/2.1; +http://www.google.com/bot.html)"
66.249.76.49 - - [08/Mar/2013:22:10:52 +0100] "GET / HTTP/1.1" 200 15324 "-" "Mozilla/5.0 (compatible; Googlebot/2.1; +http://www.google.com/bot.html)"
123.125.71.25 - - [08/Mar/2013:22:31:09 +0100] "GET / HTTP/1.1" 200 6434 "-" "Mozilla/5.0 (compatible; Baiduspider/2.0; +http://www.baidu.com/search/spider.html)"
220.181.108.103 - - [08/Mar/2013:22:31:38 +0100] "GET / HTTP/1.1" 200 1519 "-" "Mozilla/5.0 (compatible; Baiduspider/2.0; +http://www.baidu.com/search/spider.html)"
208.115.113.91 - - [08/Mar/2013:22:49:38 +0100] "GET /news.php?cs_go=archiv&cs_id=3838&cs_search= HTTP/1.1" 200 12156 "-" "Mozilla/5.0 (compatible; Ezooms/1.0; ezooms.bot@gmail.com)"
66.249.76.49 - - [08/Mar/2013:23:07:10 +0100] "GET /news.php?cs_go=archiv&cs_id=3958 HTTP/1.1" 200 10223 "-" "Mozilla/5.0 (compatible; Googlebot/2.1; +http://www.google.com/bot.html)"
66.249.76.49 - - [08/Mar/2013:23:52:24 +0100] "GET /news.php?cs_go=archiv&cs_id=3954 HTTP/1.1" 200 12431 "-" "Mozilla/5.0 (compatible; Googlebot/2.1; +http://www.google.com/bot.html)"
54.235.32.153 - - [09/Mar/2013:00:10:33 +0100] "GET / HTTP/1.0" 200 15324 "-" "Mozilla/5.0 (compatible; NetcraftSurveyAgent/1.0; +info@netcraft.com)"
66.249.76.49 - - [09/Mar/2013:00:24:41 +0100] "GET /optiplus.php HTTP/1.1" 200 11100 "-" "Mozilla/5.0 (compatible; Googlebot/2.1; +http://www.google.com/bot.html)"
208.115.113.91 - - [09/Mar/2013:00:46:52 +0100] "GET /robots.txt HTTP/1.1" 200 177 "-" "Mozilla/5.0 (compatible; Ezooms/1.0; ezooms.bot@gmail.com)"
66.249.76.49 - - [09/Mar/2013:00:54:00 +0100] "GET /news.php?cs_go=archiv&cs_id=3961&cs_search= HTTP/1.1" 200 10076 "-" "SAMSUNG-SGH-E250/1.0 Profile/MIDP-2.0 Configuration/CLDC-1.1 UP.Browser/6.2.3.3.c.1.101 (GUI) MMP/2.0 (compatible; Googlebot-Mobile/2.1; +http://www.google.com/bot.html)"
66.249.76.49 - - [09/Mar/2013:01:17:22 +0100] "GET /news.php?cs_go=archiv&cs_startpos=520 HTTP/1.1" 200 8125 "-" "Mozilla/5.0 (compatible; Googlebot/2.1; +http://www.google.com/bot.html)"
123.125.71.34 - - [09/Mar/2013:01:30:11 +0100] "GET / HTTP/1.1" 200 6434 "-" "Mozilla/5.0 (compatible; Baiduspider/2.0; +http://www.baidu.com/search/spider.html)"
220.181.108.121 - - [09/Mar/2013:01:30:38 +0100] "GET / HTTP/1.1" 200 7819 "-" "Mozilla/5.0 (compatible; Baiduspider/2.0; +http://www.baidu.com/search/spider.html)"
66.249.76.49 - - [09/Mar/2013:01:42:05 +0100] "GET /news.php?cs_go=archiv&cs_id=3470 HTTP/1.1" 200 9949 "-" "Mozilla/5.0 (compatible; Googlebot/2.1; +http://www.google.com/bot.html)"
141.8.147.12 - - [09/Mar/2013:01:53:25 +0100] "GET / HTTP/1.1" 200 15324 "-" "Mozilla/5.0 (compatible; YandexBot/3.0; +http://yandex.com/bots)"
66.249.76.49 - - [09/Mar/2013:02:06:14 +0100] "GET /kwk.php?cs_go=2 HTTP/1.1" 200 11855 "-" "DoCoMo/2.0 N905i(c100;TB;W24H16) (compatible; Googlebot-Mobile/2.1; +http://www.google.com/bot.html)"
194.7.35.200 - - [09/Mar/2013:02:19:07 +0100] "GET / HTTP/1.1" 200 15324 "-" "Mozilla/5.0 (Windows NT 6.1; WOW64) AppleWebKit/536.6 (KHTML, like Gecko) Chrome/20.0.1092.0 Safari/536.6"
194.7.35.200 - - [09/Mar/2013:02:19:12 +0100] "GET /agb.php HTTP/1.1" 200 19709 "-" "Mozilla/5.0 (Windows NT 6.1; WOW64) AppleWebKit/536.6 (KHTML, like Gecko) Chrome/20.0.1092.0 Safari/536.6"
194.7.35.200 - - [09/Mar/2013:02:19:12 +0100] "GET /impressum.php HTTP/1.1" 200 8582 "-" "Mozilla/5.0 (Windows NT 6.1; WOW64) AppleWebKit/536.6 (KHTML, like Gecko) Chrome/20.0.1092.0 Safari/536.6"
194.7.35.200 - - [09/Mar/2013:02:19:13 +0100] "GET /index.php HTTP/1.1" 200 15324 "-" "Mozilla/5.0 (Windows NT 6.1; WOW64) AppleWebKit/536.6 (KHTML, like Gecko) Chrome/20.0.1092.0 Safari/536.6"
194.7.35.200 - - [09/Mar/2013:02:19:13 +0100] "GET /jobs.php HTTP/1.1" 200 10090 "-" "Mozilla/5.0 (Windows NT 6.1; WOW64) AppleWebKit/536.6 (KHTML, like Gecko) Chrome/20.0.1092.0 Safari/536.6"
194.7.35.200 - - [09/Mar/2013:02:19:14 +0100] "GET /kontakt.php HTTP/1.1" 200 9198 "-" "Mozilla/5.0 (Windows NT 6.1; WOW64) AppleWebKit/536.6 (KHTML, like Gecko) Chrome/20.0.1092.0 Safari/536.6"
194.7.35.200 - - [09/Mar/2013:02:19:14 +0100] "GET /kwk.php HTTP/1.1" 200 10884 "-" "Mozilla/5.0 (Windows NT 6.1; WOW64) AppleWebKit/536.6 (KHTML, like Gecko) Chrome/20.0.1092.0 Safari/536.6"
194.7.35.200 - - [09/Mar/2013:02:19:14 +0100] "GET /news.php HTTP/1.1" 200 22001 "-" "Mozilla/5.0 (Windows NT 6.1; WOW64) AppleWebKit/536.6 (KHTML, like Gecko) Chrome/20.0.1092.0 Safari/536.6"
194.7.35.200 - - [09/Mar/2013:02:19:14 +0100] "GET /news.php?cs_go=archiv HTTP/1.1" 200 22001 "-" "Mozilla/5.0 (Windows NT 6.1; WOW64) AppleWebKit/536.6 (KHTML, like Gecko) Chrome/20.0.1092.0 Safari/536.6"
194.7.35.200 - - [09/Mar/2013:02:19:15 +0100] "GET /news.php?cs_go=archiv&cs_id=3991 HTTP/1.1" 200 22001 "-" "Mozilla/5.0 (Windows NT 6.1; WOW64) AppleWebKit/536.6 (KHTML, like Gecko) Chrome/20.0.1092.0 Safari/536.6"
194.7.35.200 - - [09/Mar/2013:02:19:15 +0100] "GET /news.php?cs_go=archiv&cs_id=3992 HTTP/1.1" 200 22001 "-" "Mozilla/5.0 (Windows NT 6.1; WOW64) AppleWebKit/536.6 (KHTML, like Gecko) Chrome/20.0.1092.0 Safari/536.6"
194.7.35.200 - - [09/Mar/2013:02:19:16 +0100] "GET /news.php?cs_go=archiv&cs_id=3993 HTTP/1.1" 200 22001 "-" "Mozilla/5.0 (Windows NT 6.1; WOW64) AppleWebKit/536.6 (KHTML, like Gecko) Chrome/20.0.1092.0 Safari/536.6"
194.7.35.200 - - [09/Mar/2013:02:19:16 +0100] "GET /news.php?cs_go=archiv&cs_id=3994 HTTP/1.1" 200 22001 "-" "Mozilla/5.0 (Windows NT 6.1; WOW64) AppleWebKit/536.6 (KHTML, like Gecko) Chrome/20.0.1092.0 Safari/536.6"
194.7.35.200 - - [09/Mar/2013:02:19:16 +0100] "GET /newsletter.php HTTP/1.1" 200 8928 "-" "Mozilla/5.0 (Windows NT 6.1; WOW64) AppleWebKit/536.6 (KHTML, like Gecko) Chrome/20.0.1092.0 Safari/536.6"
194.7.35.200 - - [09/Mar/2013:02:19:16 +0100] "GET /optiplus.php HTTP/1.1" 200 11100 "-" "Mozilla/5.0 (Windows NT 6.1; WOW64) AppleWebKit/536.6 (KHTML, like Gecko) Chrome/20.0.1092.0 Safari/536.6"
194.7.35.200 - - [09/Mar/2013:02:19:17 +0100] "GET /preisanfrage.php HTTP/1.1" 200 10734 "-" "Mozilla/5.0 (Windows NT 6.1; WOW64) AppleWebKit/536.6 (KHTML, like Gecko) Chrome/20.0.1092.0 Safari/536.6"
194.7.35.200 - - [09/Mar/2013:02:19:17 +0100] "GET /rueckrufservice.php HTTP/1.1" 200 10770 "-" "Mozilla/5.0 (Windows NT 6.1; WOW64) AppleWebKit/536.6 (KHTML, like Gecko) Chrome/20.0.1092.0 Safari/536.6"
194.7.35.200 - - [09/Mar/2013:02:19:17 +0100] "GET /standard.php HTTP/1.1" 200 9218 "-" "Mozilla/5.0 (Windows NT 6.1; WOW64) AppleWebKit/536.6 (KHTML, like Gecko) Chrome/20.0.1092.0 Safari/536.6"
194.7.35.200 - - [09/Mar/2013:02:19:17 +0100] "GET /wunschpreis.php HTTP/1.1" 200 12084 "-" "Mozilla/5.0 (Windows NT 6.1; WOW64) AppleWebKit/536.6 (KHTML, like Gecko) Chrome/20.0.1092.0 Safari/536.6"
194.7.35.200 - - [09/Mar/2013:02:19:18 +0100] "GET / HTTP/1.1" 200 15324 "-" "Mozilla/5.0 (Windows NT 6.1; WOW64) AppleWebKit/536.6 (KHTML, like Gecko) Chrome/20.0.1092.0 Safari/536.6"
194.7.35.200 - - [09/Mar/2013:02:19:18 +0100] "GET / HTTP/1.1" 200 15324 "-" "Mozilla/4.0 (compatible: MSIE 7.0; Windows Phone OS 7.0; Trident/3.1; IEMobile/7.0; HTC; 7 Trophy)"
208.115.111.75 - - [09/Mar/2013:02:43:00 +0100] "GET /robots.txt HTTP/1.1" 200 177 "-" "Mozilla/5.0 (compatible; Ezooms/1.0; ezooms.bot@gmail.com)"
208.115.113.91 - - [09/Mar/2013:02:50:15 +0100] "GET /foerdermittel.php HTTP/1.1" 200 12908 "-" "Mozilla/5.0 (compatible; Ezooms/1.0; ezooms.bot@gmail.com)"
66.249.76.49 - - [09/Mar/2013:03:19:03 +0100] "GET /news.php?cs_go=archiv&cs_id=3079&cs_search= HTTP/1.1" 200 9828 "-" "Mozilla/5.0 (compatible; Googlebot/2.1; +http://www.google.com/bot.html)"
141.8.147.12 - - [09/Mar/2013:03:22:54 +0100] "GET /robots.txt HTTP/1.1" 200 177 "-" "Mozilla/5.0 (compatible; YandexBot/3.0; +http://yandex.com/bots)"
66.249.76.49 - - [09/Mar/2013:03:29:22 +0100] "GET /news.php?cs_go=archiv&cs_id=2883&cs_search= HTTP/1.1" 200 13456 "-" "Mozilla/5.0 (compatible; Googlebot/2.1; +http://www.google.com/bot.html)"
66.249.76.49 - - [09/Mar/2013:03:49:15 +0100] "GET /news.php?cs_go=archiv HTTP/1.1" 200 22001 "-" "Mozilla/5.0 (iPhone; U; CPU iPhone OS 4_1 like Mac OS X; en-us) AppleWebKit/532.9 (KHTML, like Gecko) Version/4.0.5 Mobile/8B117 Safari/6531.22.7 (compatible; Googlebot-Mobile/2.1; +http://www.google.com/bot.html)"
65.36.241.79 - - [09/Mar/2013:03:55:31 +0100] "HEAD / HTTP/1.1" 200 - "-" "InternetSeer.com"
66.249.76.49 - - [09/Mar/2013:04:00:26 +0100] "GET /news.php?cs_go=archiv&cs_id=2882&cs_search= HTTP/1.1" 200 10260 "-" "Mozilla/5.0 (compatible; Googlebot/2.1; +http://www.google.com/bot.html)"
66.249.76.49 - - [09/Mar/2013:04:10:50 +0100] "GET /news.php?cs_go=archiv&cs_id=2876&cs_search= HTTP/1.1" 200 10176 "-" "Mozilla/5.0 (compatible; Googlebot/2.1; +http://www.google.com/bot.html)"
81.30.151.218 - - [09/Mar/2013:04:14:24 +0100] "GET /lexikon.php?cs_go=3&cs_id=69 HTTP/1.1" 200 10107 "-" "Pixray-Seeker/2.0 (Pixray-Seeker; +http://www.pixray.com/pixraybot; +crawler@pixray.com)"
81.30.151.218 - - [09/Mar/2013:04:22:28 +0100] "GET /news.php?cs_go=archiv&cs_id=1679&cs_search= HTTP/1.1" 200 7887 "-" "Pixray-Seeker/2.0 (Pixray-Seeker; +http://www.pixray.com/pixraybot; +crawler@pixray.com)"
81.30.151.218 - - [09/Mar/2013:04:22:48 +0100] "GET /news.php?cs_go=archiv&cs_id=3657&cs_search= HTTP/1.1" 200 13330 "-" "Pixray-Seeker/2.0 (Pixray-Seeker; +http://www.pixray.com/pixraybot; +crawler@pixray.com)"
81.30.151.218 - - [09/Mar/2013:04:33:04 +0100] "GET /news.php?cs_go=archiv&cs_id=3511&cs_search= HTTP/1.1" 200 11721 "-" "Pixray-Seeker/2.0 (Pixray-Seeker; +http://www.pixray.com/pixraybot; +crawler@pixray.com)"
208.115.111.75 - - [09/Mar/2013:04:37:37 +0100] "GET /news.php?cs_go=archiv&cs_id=3861 HTTP/1.1" 200 13777 "-" "Mozilla/5.0 (compatible; Ezooms/1.0; ezooms.bot@gmail.com)"
208.115.113.91 - - [09/Mar/2013:04:40:26 +0100] "GET /robots.txt HTTP/1.1" 200 177 "-" "Mozilla/5.0 (compatible; Ezooms/1.0; ezooms.bot@gmail.com)"
123.125.71.42 - - [09/Mar/2013:04:49:31 +0100] "GET /images/kwk.gif HTTP/1.1" 200 6403 "http://image.baidu.com/i?ct=503316480&z=0&tn=baiduimagedetail" "Baiduspider-image+(+http://www.baidu.com/search/spider.htm)"
141.8.147.12 - - [09/Mar/2013:04:53:05 +0100] "GET /news.php?cs_go=archiv&cs_id=3983&cs_search= HTTP/1.1" 200 9996 "-" "Mozilla/5.0 (compatible; YandexBot/3.0; +http://yandex.com/bots)"
66.249.76.49 - - [09/Mar/2013:04:53:06 +0100] "GET /news.php?cs_go=archiv&cs_id=2982&cs_search= HTTP/1.1" 200 11561 "-" "Mozilla/5.0 (compatible; Googlebot/2.1; +http://www.google.com/bot.html)"
141.8.147.12 - - [09/Mar/2013:05:09:46 +0100] "GET /news.php?cs_go=archiv&cs_id=3984 HTTP/1.1" 200 13201 "-" "Mozilla/5.0 (compatible; YandexBot/3.0; +http://yandex.com/bots)"
81.30.151.218 - - [09/Mar/2013:05:13:15 +0100] "GET /news.php?cs_go=archiv&cs_id=3165&cs_search= HTTP/1.1" 200 9963 "-" "Pixray-Seeker/2.0 (Pixray-Seeker; +http://www.pixray.com/pixraybot; +crawler@pixray.com)"
141.8.147.12 - - [09/Mar/2013:05:20:47 +0100] "GET /images/tkw.jpg HTTP/1.1" 304 - "-" "Mozilla/5.0 (compatible; YandexImages/3.0; +http://yandex.com/bots)"
66.249.76.49 - - [09/Mar/2013:05:31:04 +0100] "GET /news.php?cs_go=archiv&cs_id=3178 HTTP/1.1" 200 9850 "-" "Mozilla/5.0 (compatible; Googlebot/2.1; +http://www.google.com/bot.html)"
66.249.76.49 - - [09/Mar/2013:05:53:02 +0100] "GET /news.php?cs_go=archiv&cs_id=3797&cs_search= HTTP/1.1" 200 9938 "-" "Mozilla/5.0 (compatible; Googlebot/2.1; +http://www.google.com/bot.html)"
81.30.151.218 - - [09/Mar/2013:06:02:56 +0100] "GET /news.php?cs_go=archiv&cs_startpos=341 HTTP/1.1" 200 8125 "-" "Pixray-Seeker/2.0 (Pixray-Seeker; +http://www.pixray.com/pixraybot; +crawler@pixray.com)"
66.249.76.49 - - [09/Mar/2013:06:03:40 +0100] "GET /news.php?cs_go=archiv&cs_id=3052&cs_search= HTTP/1.1" 200 9829 "-" "Mozilla/5.0 (compatible; Googlebot/2.1; +http://www.google.com/bot.html)"
66.249.76.49 - - [09/Mar/2013:06:15:23 +0100] "GET /lexikon.php?cs_go=3&cs_id=17 HTTP/1.1" 200 8461 "-" "Mozilla/5.0 (compatible; Googlebot/2.1; +http://www.google.com/bot.html)"
66.249.76.49 - - [09/Mar/2013:06:17:15 +0100] "GET /news.php?cs_go=archiv&cs_id=2815&cs_search= HTTP/1.1" 200 10099 "-" "Mozilla/5.0 (compatible; Googlebot/2.1; +http://www.google.com/bot.html)"
81.30.151.218 - - [09/Mar/2013:06:17:32 +0100] "GET /news.php?cs_go=archiv&cs_startpos=530 HTTP/1.1" 200 8125 "-" "Pixray-Seeker/2.0 (Pixray-Seeker; +http://www.pixray.com/pixraybot; +crawler@pixray.com)"
141.8.147.12 - - [09/Mar/2013:06:18:15 +0100] "GET /news.php?cs_go=archiv&cs_id=3774&cs_search= HTTP/1.1" 200 13689 "-" "Mozilla/5.0 (compatible; YandexBot/3.0; +http://yandex.com/bots)"
157.55.33.100 - - [09/Mar/2013:06:21:09 +0100] "GET /robots.txt HTTP/1.1" 200 177 "-" "Mozilla/5.0 (compatible; bingbot/2.0; +http://www.bing.com/bingbot.htm)"
81.30.151.218 - - [09/Mar/2013:06:22:40 +0100] "GET /news.php?cs_go=archiv&cs_startpos=220 HTTP/1.1" 200 20821 "-" "Pixray-Seeker/2.0 (Pixray-Seeker; +http://www.pixray.com/pixraybot; +crawler@pixray.com)"
157.55.33.100 - - [09/Mar/2013:06:23:02 +0100] "GET /impressum.php HTTP/1.1" 200 8582 "-" "Mozilla/5.0 (compatible; bingbot/2.0; +http://www.bing.com/bingbot.htm)"
66.249.76.49 - - [09/Mar/2013:06:37:56 +0100] "GET /news.php?cs_go=archiv&cs_id=2946 HTTP/1.1" 200 15482 "-" "Mozilla/5.0 (compatible; Googlebot/2.1; +http://www.google.com/bot.html)"
81.30.151.218 - - [09/Mar/2013:06:45:45 +0100] "GET /news.php?cs_go=archiv&cs_startpos=611 HTTP/1.1" 200 8125 "-" "Pixray-Seeker/2.0 (Pixray-Seeker; +http://www.pixray.com/pixraybot; +crawler@pixray.com)"
208.115.113.91 - - [09/Mar/2013:06:49:14 +0100] "GET /modernisierung.php?cs_gp_go=description HTTP/1.1" 200 10771 "-" "Mozilla/5.0 (compatible; Ezooms/1.0; ezooms.bot@gmail.com)"
66.249.76.49 - - [09/Mar/2013:06:55:03 +0100] "GET /news.php?cs_go=archiv&cs_id=3540 HTTP/1.1" 200 9904 "-" "Mozilla/5.0 (compatible; Googlebot/2.1; +http://www.google.com/bot.html)"
66.249.76.49 - - [09/Mar/2013:07:00:46 +0100] "GET /news.php?cs_go=archiv&cs_id=2911 HTTP/1.1" 200 13845 "-" "Mozilla/5.0 (compatible; Googlebot/2.1; +http://www.google.com/bot.html)"
81.30.151.218 - - [09/Mar/2013:07:14:59 +0100] "GET /news.php?cs_go=archiv&cs_id=2226&cs_search= HTTP/1.1" 200 7887 "-" "Pixray-Seeker/2.0 (Pixray-Seeker; +http://www.pixray.com/pixraybot; +crawler@pixray.com)"
66.249.76.49 - - [09/Mar/2013:07:18:10 +0100] "GET /news.php?cs_go=archiv&cs_id=3415&cs_search= HTTP/1.1" 200 13355 "-" "Mozilla/5.0 (compatible; Googlebot/2.1; +http://www.google.com/bot.html)"
81.30.151.218 - - [09/Mar/2013:07:21:44 +0100] "GET /news.php?cs_go=archiv&cs_startpos=100 HTTP/1.1" 200 22848 "-" "Pixray-Seeker/2.0 (Pixray-Seeker; +http://www.pixray.com/pixraybot; +crawler@pixray.com)"
91.66.166.227 - - [09/Mar/2013:07:23:44 +0100] "GET / HTTP/1.1" 200 15324 "http://adresse.gelbeseiten.de/1056603930/energie---und---service-sued-ost-berlin---und---mink-gmbh/berlin/mariendorf" "Mozilla/5.0 (Windows NT 6.1; rv:19.0) Gecko/20100101 Firefox/19.0"
91.66.166.227 - - [09/Mar/2013:07:23:48 +0100] "GET /style.css HTTP/1.1" 200 8418 "http://www.mink-gmbh.de/" "Mozilla/5.0 (Windows NT 6.1; rv:19.0) Gecko/20100101 Firefox/19.0"
91.66.166.227 - - [09/Mar/2013:07:23:48 +0100] "GET /js_contentserver24_greybox/gb_styles.css HTTP/1.1" 200 2302 "http://www.mink-gmbh.de/" "Mozilla/5.0 (Windows NT 6.1; rv:19.0) Gecko/20100101 Firefox/19.0"
91.66.166.227 - - [09/Mar/2013:07:23:48 +0100] "GET /js_contentserver24_greybox/AJS_fx.js HTTP/1.1" 200 3192 "http://www.mink-gmbh.de/" "Mozilla/5.0 (Windows NT 6.1; rv:19.0) Gecko/20100101 Firefox/19.0"
91.66.166.227 - - [09/Mar/2013:07:23:48 +0100] "GET /js_contentserver24_greybox/AJS.js HTTP/1.1" 200 10396 "http://www.mink-gmbh.de/" "Mozilla/5.0 (Windows NT 6.1; rv:19.0) Gecko/20100101 Firefox/19.0"
91.66.166.227 - - [09/Mar/2013:07:23:48 +0100] "GET /js_contentserver24_greybox/gb_scripts.js HTTP/1.1" 200 11913 "http://www.mink-gmbh.de/" "Mozilla/5.0 (Windows NT 6.1; rv:19.0) Gecko/20100101 Firefox/19.0"
91.66.166.227 - - [09/Mar/2013:07:23:48 +0100] "GET /images/mail.jpg HTTP/1.1" 200 11165 "http://www.mink-gmbh.de/" "Mozilla/5.0 (Windows NT 6.1; rv:19.0) Gecko/20100101 Firefox/19.0"
91.66.166.227 - - [09/Mar/2013:07:23:48 +0100] "GET /images/kwk.gif HTTP/1.1" 200 6403 "http://www.mink-gmbh.de/" "Mozilla/5.0 (Windows NT 6.1; rv:19.0) Gecko/20100101 Firefox/19.0"
91.66.166.227 - - [09/Mar/2013:07:23:48 +0100] "GET /images/wunschpreis.jpg HTTP/1.1" 200 16767 "http://www.mink-gmbh.de/" "Mozilla/5.0 (Windows NT 6.1; rv:19.0) Gecko/20100101 Firefox/19.0"
91.66.166.227 - - [09/Mar/2013:07:23:48 +0100] "GET /favicon.ico HTTP/1.1" 200 3638 "-" "Mozilla/5.0 (Windows NT 6.1; rv:19.0) Gecko/20100101 Firefox/19.0"
91.66.166.227 - - [09/Mar/2013:07:23:48 +0100] "GET /images/logos.jpg HTTP/1.1" 200 15002 "http://www.mink-gmbh.de/" "Mozilla/5.0 (Windows NT 6.1; rv:19.0) Gecko/20100101 Firefox/19.0"
91.66.166.227 - - [09/Mar/2013:07:23:48 +0100] "GET /images/freecall.jpg HTTP/1.1" 200 39195 "http://www.mink-gmbh.de/" "Mozilla/5.0 (Windows NT 6.1; rv:19.0) Gecko/20100101 Firefox/19.0"
91.66.166.227 - - [09/Mar/2013:07:23:48 +0100] "GET /modul.css HTTP/1.1" 200 35038 "http://www.mink-gmbh.de/" "Mozilla/5.0 (Windows NT 6.1; rv:19.0) Gecko/20100101 Firefox/19.0"
91.66.166.227 - - [09/Mar/2013:07:23:48 +0100] "GET /images/tkw.jpg HTTP/1.1" 200 64031 "http://www.mink-gmbh.de/" "Mozilla/5.0 (Windows NT 6.1; rv:19.0) Gecko/20100101 Firefox/19.0"
91.66.166.227 - - [09/Mar/2013:07:23:49 +0100] "GET /images/bg.jpg HTTP/1.1" 200 345 "http://www.mink-gmbh.de/style.css" "Mozilla/5.0 (Windows NT 6.1; rv:19.0) Gecko/20100101 Firefox/19.0"
91.66.166.227 - - [09/Mar/2013:07:23:49 +0100] "GET /js_contentserver24_greybox/w_close.gif HTTP/1.1" 200 74 "http://www.mink-gmbh.de/" "Mozilla/5.0 (Windows NT 6.1; rv:19.0) Gecko/20100101 Firefox/19.0"
91.66.166.227 - - [09/Mar/2013:07:23:49 +0100] "GET /images/close.png HTTP/1.1" 200 703 "http://www.mink-gmbh.de/" "Mozilla/5.0 (Windows NT 6.1; rv:19.0) Gecko/20100101 Firefox/19.0"
91.66.166.227 - - [09/Mar/2013:07:23:49 +0100] "GET /images/newsletter_bg.jpg HTTP/1.1" 200 33610 "http://www.mink-gmbh.de/" "Mozilla/5.0 (Windows NT 6.1; rv:19.0) Gecko/20100101 Firefox/19.0"
91.66.166.227 - - [09/Mar/2013:07:23:49 +0100] "GET /images/newsletter.png HTTP/1.1" 200 14619 "http://www.mink-gmbh.de/style.css" "Mozilla/5.0 (Windows NT 6.1; rv:19.0) Gecko/20100101 Firefox/19.0"
91.66.166.227 - - [09/Mar/2013:07:23:49 +0100] "GET /images/wrapperbg.jpg HTTP/1.1" 200 27465 "http://www.mink-gmbh.de/style.css" "Mozilla/5.0 (Windows NT 6.1; rv:19.0) Gecko/20100101 Firefox/19.0"
91.66.166.227 - - [09/Mar/2013:07:23:49 +0100] "GET /images/header.jpg HTTP/1.1" 200 24413 "http://www.mink-gmbh.de/style.css" "Mozilla/5.0 (Windows NT 6.1; rv:19.0) Gecko/20100101 Firefox/19.0"
91.66.166.227 - - [09/Mar/2013:07:23:49 +0100] "GET /images/navibg.png HTTP/1.1" 200 2803 "http://www.mink-gmbh.de/style.css" "Mozilla/5.0 (Windows NT 6.1; rv:19.0) Gecko/20100101 Firefox/19.0"
91.66.166.227 - - [09/Mar/2013:07:23:49 +0100] "GET /images/steigend.png HTTP/1.1" 200 688 "http://www.mink-gmbh.de/modul.css" "Mozilla/5.0 (Windows NT 6.1; rv:19.0) Gecko/20100101 Firefox/19.0"
91.66.166.227 - - [09/Mar/2013:07:23:49 +0100] "GET /images/fallend.png HTTP/1.1" 200 713 "http://www.mink-gmbh.de/modul.css" "Mozilla/5.0 (Windows NT 6.1; rv:19.0) Gecko/20100101 Firefox/19.0"
91.66.166.227 - - [09/Mar/2013:07:23:49 +0100] "GET /images/mobil.jpg HTTP/1.1" 200 25293 "http://www.mink-gmbh.de/style.css" "Mozilla/5.0 (Windows NT 6.1; rv:19.0) Gecko/20100101 Firefox/19.0"
91.66.166.227 - - [09/Mar/2013:07:23:49 +0100] "GET /images/newsletter.jpg HTTP/1.1" 200 13130 "http://www.mink-gmbh.de/style.css" "Mozilla/5.0 (Windows NT 6.1; rv:19.0) Gecko/20100101 Firefox/19.0"
91.66.166.227 - - [09/Mar/2013:07:23:49 +0100] "GET /images/footerbg.jpg HTTP/1.1" 200 2184 "http://www.mink-gmbh.de/style.css" "Mozilla/5.0 (Windows NT 6.1; rv:19.0) Gecko/20100101 Firefox/19.0"
91.66.166.227 - - [09/Mar/2013:07:23:49 +0100] "GET /js_contentserver24_greybox/loader_frame.html?s=0 HTTP/1.1" 200 2084 "http://www.mink-gmbh.de/" "Mozilla/5.0 (Windows NT 6.1; rv:19.0) Gecko/20100101 Firefox/19.0"
91.66.166.227 - - [09/Mar/2013:07:23:49 +0100] "GET /js_contentserver24_greybox/header_bg.gif HTTP/1.1" 200 1188 "http://www.mink-gmbh.de/" "Mozilla/5.0 (Windows NT 6.1; rv:19.0) Gecko/20100101 Firefox/19.0"
91.66.166.227 - - [09/Mar/2013:07:23:49 +0100] "GET /js_contentserver24_greybox/indicator.gif HTTP/1.1" 200 8238 "http://www.mink-gmbh.de/js_contentserver24_greybox/loader_frame.html?s=0" "Mozilla/5.0 (Windows NT 6.1; rv:19.0) Gecko/20100101 Firefox/19.0"
91.66.166.227 - - [09/Mar/2013:07:23:50 +0100] "GET /js_contentserver24_greybox/g_close.gif HTTP/1.1" 200 541 "http://www.mink-gmbh.de/" "Mozilla/5.0 (Windows NT 6.1; rv:19.0) Gecko/20100101 Firefox/19.0"
66.249.76.49 - - [09/Mar/2013:07:24:05 +0100] "GET /lexikon.php?cs_go=3&cs_id=232 HTTP/1.1" 200 7973 "-" "Mozilla/5.0 (compatible; Googlebot/2.1; +http://www.google.com/bot.html)"
91.66.166.227 - - [09/Mar/2013:07:24:43 +0100] "GET /kontakt.php HTTP/1.1" 200 9111 "http://www.mink-gmbh.de/" "Mozilla/5.0 (Windows NT 6.1; rv:19.0) Gecko/20100101 Firefox/19.0"
91.66.166.227 - - [09/Mar/2013:07:25:01 +0100] "GET /preisanfrage.php HTTP/1.1" 200 10647 "http://www.mink-gmbh.de/kontakt.php" "Mozilla/5.0 (Windows NT 6.1; rv:19.0) Gecko/20100101 Firefox/19.0"
91.66.166.227 - - [09/Mar/2013:07:25:07 +0100] "GET /standard.php HTTP/1.1" 200 9131 "http://www.mink-gmbh.de/preisanfrage.php" "Mozilla/5.0 (Windows NT 6.1; rv:19.0) Gecko/20100101 Firefox/19.0"
91.66.166.227 - - [09/Mar/2013:07:25:34 +0100] "GET /index.php HTTP/1.1" 200 14583 "http://www.mink-gmbh.de/standard.php" "Mozilla/5.0 (Windows NT 6.1; rv:19.0) Gecko/20100101 Firefox/19.0"
81.30.151.218 - - [09/Mar/2013:07:33:24 +0100] "GET /news.php?cs_go=archiv&cs_id=2176&cs_search= HTTP/1.1" 200 7887 "-" "Pixray-Seeker/2.0 (Pixray-Seeker; +http://www.pixray.com/pixraybot; +crawler@pixray.com)"
66.249.76.49 - - [09/Mar/2013:07:41:39 +0100] "GET /news.php?cs_go=archiv&cs_id=2755&cs_search= HTTP/1.1" 200 17602 "-" "Mozilla/5.0 (compatible; Googlebot/2.1; +http://www.google.com/bot.html)"
66.249.76.49 - - [09/Mar/2013:07:47:30 +0100] "GET /news.php?cs_go=archiv&cs_id=2830&cs_search= HTTP/1.1" 200 12909 "-" "Mozilla/5.0 (compatible; Googlebot/2.1; +http://www.google.com/bot.html)"
66.249.76.49 - - [09/Mar/2013:07:53:22 +0100] "GET /news.php?cs_go=archiv&cs_id=3117&cs_search= HTTP/1.1" 200 12721 "-" "Mozilla/5.0 (compatible; Googlebot/2.1; +http://www.google.com/bot.html)"
123.125.71.69 - - [09/Mar/2013:07:54:04 +0100] "GET / HTTP/1.1" 200 15324 "-" "Mozilla/5.0 (compatible; Baiduspider/2.0; +http://www.baidu.com/search/spider.html)"
66.249.76.49 - - [09/Mar/2013:07:59:14 +0100] "GET /news.php?cs_go=archiv&cs_id=3459 HTTP/1.1" 200 12440 "-" "Mozilla/5.0 (compatible; Googlebot/2.1; +http://www.google.com/bot.html)"
81.30.151.218 - - [09/Mar/2013:08:01:41 +0100] "GET /news.php?cs_go=archiv&cs_id=1771&cs_search= HTTP/1.1" 200 7887 "-" "Pixray-Seeker/2.0 (Pixray-Seeker; +http://www.pixray.com/pixraybot; +crawler@pixray.com)"
141.8.147.12 - - [09/Mar/2013:08:02:20 +0100] "GET /news.php?cs_go=archiv&cs_startpos=230 HTTP/1.1" 200 8585 "-" "Mozilla/5.0 (compatible; YandexBot/3.0; +http://yandex.com/bots)"
66.249.76.49 - - [09/Mar/2013:08:10:57 +0100] "GET /lexikon.php?cs_go=3&cs_id=52 HTTP/1.1" 200 8753 "-" "Mozilla/5.0 (compatible; Googlebot/2.1; +http://www.google.com/bot.html)"
66.249.76.49 - - [09/Mar/2013:08:16:50 +0100] "GET /lexikon.php?cs_go=3&cs_id=73 HTTP/1.1" 200 9627 "-" "Mozilla/5.0 (compatible; Googlebot/2.1; +http://www.google.com/bot.html)"
81.30.151.218 - - [09/Mar/2013:08:28:31 +0100] "GET /news.php?cs_go=archiv&cs_id=1702&cs_search= HTTP/1.1" 200 7887 "-" "Pixray-Seeker/2.0 (Pixray-Seeker; +http://www.pixray.com/pixraybot; +crawler@pixray.com)"
81.30.151.218 - - [09/Mar/2013:08:35:46 +0100] "GET /news.php?cs_go=archiv&cs_startpos=770 HTTP/1.1" 200 8125 "-" "Pixray-Seeker/2.0 (Pixray-Seeker; +http://www.pixray.com/pixraybot; +crawler@pixray.com)"
81.30.151.218 - - [09/Mar/2013:08:35:55 +0100] "GET /news.php?cs_go=archiv&cs_id=2213&cs_search= HTTP/1.1" 200 7887 "-" "Pixray-Seeker/2.0 (Pixray-Seeker; +http://www.pixray.com/pixraybot; +crawler@pixray.com)"
66.249.76.49 - - [09/Mar/2013:08:40:35 +0100] "GET /news.php?cs_go=archiv&cs_id=3792 HTTP/1.1" 200 13473 "-" "Mozilla/5.0 (compatible; Googlebot/2.1; +http://www.google.com/bot.html)"
81.30.151.218 - - [09/Mar/2013:08:42:11 +0100] "GET /news.php?cs_go=archiv&cs_id=3412&cs_search= HTTP/1.1" 200 9866 "-" "Pixray-Seeker/2.0 (Pixray-Seeker; +http://www.pixray.com/pixraybot; +crawler@pixray.com)"
208.115.113.91 - - [09/Mar/2013:08:42:21 +0100] "GET /robots.txt HTTP/1.1" 200 177 "-" "Mozilla/5.0 (compatible; Ezooms/1.0; ezooms.bot@gmail.com)"
81.30.151.218 - - [09/Mar/2013:08:45:59 +0100] "GET /news.php?cs_go=archiv&cs_id=1652&cs_search= HTTP/1.1" 200 7887 "-" "Pixray-Seeker/2.0 (Pixray-Seeker; +http://www.pixray.com/pixraybot; +crawler@pixray.com)"
65.36.241.79 - - [09/Mar/2013:08:48:26 +0100] "HEAD / HTTP/1.1" 200 - "-" "InternetSeer.com"
66.249.76.49 - - [09/Mar/2013:08:58:42 +0100] "GET /news.php?cs_go=archiv&cs_id=3514&cs_search= HTTP/1.1" 200 14386 "-" "Mozilla/5.0 (compatible; Googlebot/2.1; +http://www.google.com/bot.html)"
81.30.151.218 - - [09/Mar/2013:09:01:52 +0100] "GET /lexikon.php?cs_go=3&cs_id=231 HTTP/1.1" 200 8371 "-" "Pixray-Seeker/2.0 (Pixray-Seeker; +http://www.pixray.com/pixraybot; +crawler@pixray.com)"
81.30.151.218 - - [09/Mar/2013:09:05:23 +0100] "GET /news.php?cs_go=archiv&cs_id=3274&cs_search= HTTP/1.1" 200 9977 "-" "Pixray-Seeker/2.0 (Pixray-Seeker; +http://www.pixray.com/pixraybot; +crawler@pixray.com)"
82.193.235.130 - - [09/Mar/2013:09:12:03 +0100] "GET /style.css HTTP/1.1" 200 8418 "http://www.mink-gmbh.de/" "Mozilla/4.0 (compatible; MSIE 7.0; Windows NT 5.1; .NET CLR 1.1.4322; .NET CLR 2.0.50727; .NET CLR 3.0.4506.2152; .NET CLR 3.5.30729)"
82.193.235.130 - - [09/Mar/2013:09:12:03 +0100] "GET /modul.css HTTP/1.1" 200 35038 "http://www.mink-gmbh.de/" "Mozilla/4.0 (compatible; MSIE 7.0; Windows NT 5.1; .NET CLR 1.1.4322; .NET CLR 2.0.50727; .NET CLR 3.0.4506.2152; .NET CLR 3.5.30729)"
82.193.235.130 - - [09/Mar/2013:09:12:02 +0100] "GET / HTTP/1.1" 200 15324 "-" "Mozilla/4.0 (compatible; MSIE 7.0; Windows NT 5.1; .NET CLR 1.1.4322; .NET CLR 2.0.50727; .NET CLR 3.0.4506.2152; .NET CLR 3.5.30729)"
82.193.235.130 - - [09/Mar/2013:09:12:03 +0100] "GET /images/bg.jpg HTTP/1.1" 200 345 "http://www.mink-gmbh.de/" "Mozilla/4.0 (compatible; MSIE 7.0; Windows NT 5.1; .NET CLR 1.1.4322; .NET CLR 2.0.50727; .NET CLR 3.0.4506.2152; .NET CLR 3.5.30729)"
82.193.235.130 - - [09/Mar/2013:09:12:03 +0100] "GET /js_contentserver24_greybox/AJS.js HTTP/1.1" 200 10396 "http://www.mink-gmbh.de/" "Mozilla/4.0 (compatible; MSIE 7.0; Windows NT 5.1; .NET CLR 1.1.4322; .NET CLR 2.0.50727; .NET CLR 3.0.4506.2152; .NET CLR 3.5.30729)"
82.193.235.130 - - [09/Mar/2013:09:12:03 +0100] "GET /js_contentserver24_greybox/gb_styles.css HTTP/1.1" 200 2302 "http://www.mink-gmbh.de/" "Mozilla/4.0 (compatible; MSIE 7.0; Windows NT 5.1; .NET CLR 1.1.4322; .NET CLR 2.0.50727; .NET CLR 3.0.4506.2152; .NET CLR 3.5.30729)"
82.193.235.130 - - [09/Mar/2013:09:12:03 +0100] "GET /js_contentserver24_greybox/AJS_fx.js HTTP/1.1" 200 3192 "http://www.mink-gmbh.de/" "Mozilla/4.0 (compatible; MSIE 7.0; Windows NT 5.1; .NET CLR 1.1.4322; .NET CLR 2.0.50727; .NET CLR 3.0.4506.2152; .NET CLR 3.5.30729)"
82.193.235.130 - - [09/Mar/2013:09:12:04 +0100] "GET /js_contentserver24_greybox/gb_scripts.js HTTP/1.1" 200 11913 "http://www.mink-gmbh.de/" "Mozilla/4.0 (compatible; MSIE 7.0; Windows NT 5.1; .NET CLR 1.1.4322; .NET CLR 2.0.50727; .NET CLR 3.0.4506.2152; .NET CLR 3.5.30729)"
82.193.235.130 - - [09/Mar/2013:09:12:04 +0100] "GET /js_contentserver24_greybox/w_close.gif HTTP/1.1" 200 74 "http://www.mink-gmbh.de/" "Mozilla/4.0 (compatible; MSIE 7.0; Windows NT 5.1; .NET CLR 1.1.4322; .NET CLR 2.0.50727; .NET CLR 3.0.4506.2152; .NET CLR 3.5.30729)"
82.193.235.130 - - [09/Mar/2013:09:12:04 +0100] "GET /js_contentserver24_greybox/header_bg.gif HTTP/1.1" 200 1188 "http://www.mink-gmbh.de/" "Mozilla/4.0 (compatible; MSIE 7.0; Windows NT 5.1; .NET CLR 1.1.4322; .NET CLR 2.0.50727; .NET CLR 3.0.4506.2152; .NET CLR 3.5.30729)"
82.193.235.130 - - [09/Mar/2013:09:12:04 +0100] "GET /images/newsletter_bg.jpg HTTP/1.1" 200 33610 "http://www.mink-gmbh.de/" "Mozilla/4.0 (compatible; MSIE 7.0; Windows NT 5.1; .NET CLR 1.1.4322; .NET CLR 2.0.50727; .NET CLR 3.0.4506.2152; .NET CLR 3.5.30729)"
82.193.235.130 - - [09/Mar/2013:09:12:04 +0100] "GET /images/tkw.jpg HTTP/1.1" 200 64031 "http://www.mink-gmbh.de/" "Mozilla/4.0 (compatible; MSIE 7.0; Windows NT 5.1; .NET CLR 1.1.4322; .NET CLR 2.0.50727; .NET CLR 3.0.4506.2152; .NET CLR 3.5.30729)"
82.193.235.130 - - [09/Mar/2013:09:12:04 +0100] "GET /images/navibg.png HTTP/1.1" 200 2803 "http://www.mink-gmbh.de/" "Mozilla/4.0 (compatible; MSIE 7.0; Windows NT 5.1; .NET CLR 1.1.4322; .NET CLR 2.0.50727; .NET CLR 3.0.4506.2152; .NET CLR 3.5.30729)"
82.193.235.130 - - [09/Mar/2013:09:12:04 +0100] "GET /images/freecall.jpg HTTP/1.1" 200 39195 "http://www.mink-gmbh.de/" "Mozilla/4.0 (compatible; MSIE 7.0; Windows NT 5.1; .NET CLR 1.1.4322; .NET CLR 2.0.50727; .NET CLR 3.0.4506.2152; .NET CLR 3.5.30729)"
82.193.235.130 - - [09/Mar/2013:09:12:04 +0100] "GET /images/wrapperbg.jpg HTTP/1.1" 200 27465 "http://www.mink-gmbh.de/" "Mozilla/4.0 (compatible; MSIE 7.0; Windows NT 5.1; .NET CLR 1.1.4322; .NET CLR 2.0.50727; .NET CLR 3.0.4506.2152; .NET CLR 3.5.30729)"
82.193.235.130 - - [09/Mar/2013:09:12:04 +0100] "GET /js_contentserver24_greybox/loader_frame.html?s=0 HTTP/1.1" 200 2084 "http://www.mink-gmbh.de/" "Mozilla/4.0 (compatible; MSIE 7.0; Windows NT 5.1; .NET CLR 1.1.4322; .NET CLR 2.0.50727; .NET CLR 3.0.4506.2152; .NET CLR 3.5.30729)"
82.193.235.130 - - [09/Mar/2013:09:12:04 +0100] "GET /images/header.jpg HTTP/1.1" 200 24413 "http://www.mink-gmbh.de/" "Mozilla/4.0 (compatible; MSIE 7.0; Windows NT 5.1; .NET CLR 1.1.4322; .NET CLR 2.0.50727; .NET CLR 3.0.4506.2152; .NET CLR 3.5.30729)"
82.193.235.130 - - [09/Mar/2013:09:12:04 +0100] "GET /images/mail.jpg HTTP/1.1" 200 11165 "http://www.mink-gmbh.de/" "Mozilla/4.0 (compatible; MSIE 7.0; Windows NT 5.1; .NET CLR 1.1.4322; .NET CLR 2.0.50727; .NET CLR 3.0.4506.2152; .NET CLR 3.5.30729)"
82.193.235.130 - - [09/Mar/2013:09:12:04 +0100] "GET /images/kwk.gif HTTP/1.1" 200 6403 "http://www.mink-gmbh.de/" "Mozilla/4.0 (compatible; MSIE 7.0; Windows NT 5.1; .NET CLR 1.1.4322; .NET CLR 2.0.50727; .NET CLR 3.0.4506.2152; .NET CLR 3.5.30729)"
82.193.235.130 - - [09/Mar/2013:09:12:04 +0100] "GET /images/wunschpreis.jpg HTTP/1.1" 200 16767 "http://www.mink-gmbh.de/" "Mozilla/4.0 (compatible; MSIE 7.0; Windows NT 5.1; .NET CLR 1.1.4322; .NET CLR 2.0.50727; .NET CLR 3.0.4506.2152; .NET CLR 3.5.30729)"
82.193.235.130 - - [09/Mar/2013:09:12:04 +0100] "GET /images/logos.jpg HTTP/1.1" 200 15002 "http://www.mink-gmbh.de/" "Mozilla/4.0 (compatible; MSIE 7.0; Windows NT 5.1; .NET CLR 1.1.4322; .NET CLR 2.0.50727; .NET CLR 3.0.4506.2152; .NET CLR 3.5.30729)"
82.193.235.130 - - [09/Mar/2013:09:12:04 +0100] "GET /images/fallend.png HTTP/1.1" 200 713 "http://www.mink-gmbh.de/" "Mozilla/4.0 (compatible; MSIE 7.0; Windows NT 5.1; .NET CLR 1.1.4322; .NET CLR 2.0.50727; .NET CLR 3.0.4506.2152; .NET CLR 3.5.30729)"
82.193.235.130 - - [09/Mar/2013:09:12:04 +0100] "GET /images/steigend.png HTTP/1.1" 200 688 "http://www.mink-gmbh.de/" "Mozilla/4.0 (compatible; MSIE 7.0; Windows NT 5.1; .NET CLR 1.1.4322; .NET CLR 2.0.50727; .NET CLR 3.0.4506.2152; .NET CLR 3.5.30729)"
82.193.235.130 - - [09/Mar/2013:09:12:04 +0100] "GET /images/mobil.jpg HTTP/1.1" 200 25293 "http://www.mink-gmbh.de/" "Mozilla/4.0 (compatible; MSIE 7.0; Windows NT 5.1; .NET CLR 1.1.4322; .NET CLR 2.0.50727; .NET CLR 3.0.4506.2152; .NET CLR 3.5.30729)"
82.193.235.130 - - [09/Mar/2013:09:12:04 +0100] "GET /images/newsletter.jpg HTTP/1.1" 200 13130 "http://www.mink-gmbh.de/" "Mozilla/4.0 (compatible; MSIE 7.0; Windows NT 5.1; .NET CLR 1.1.4322; .NET CLR 2.0.50727; .NET CLR 3.0.4506.2152; .NET CLR 3.5.30729)"
82.193.235.130 - - [09/Mar/2013:09:12:04 +0100] "GET /images/close.png HTTP/1.1" 200 703 "http://www.mink-gmbh.de/" "Mozilla/4.0 (compatible; MSIE 7.0; Windows NT 5.1; .NET CLR 1.1.4322; .NET CLR 2.0.50727; .NET CLR 3.0.4506.2152; .NET CLR 3.5.30729)"
82.193.235.130 - - [09/Mar/2013:09:12:04 +0100] "GET /images/newsletter.png HTTP/1.1" 200 14619 "http://www.mink-gmbh.de/" "Mozilla/4.0 (compatible; MSIE 7.0; Windows NT 5.1; .NET CLR 1.1.4322; .NET CLR 2.0.50727; .NET CLR 3.0.4506.2152; .NET CLR 3.5.30729)"
82.193.235.130 - - [09/Mar/2013:09:12:04 +0100] "GET /images/footerbg.jpg HTTP/1.1" 200 2184 "http://www.mink-gmbh.de/" "Mozilla/4.0 (compatible; MSIE 7.0; Windows NT 5.1; .NET CLR 1.1.4322; .NET CLR 2.0.50727; .NET CLR 3.0.4506.2152; .NET CLR 3.5.30729)"
82.193.235.130 - - [09/Mar/2013:09:12:04 +0100] "GET /js_contentserver24_greybox/indicator.gif HTTP/1.1" 200 8238 "http://www.mink-gmbh.de/js_contentserver24_greybox/loader_frame.html?s=0" "Mozilla/4.0 (compatible; MSIE 7.0; Windows NT 5.1; .NET CLR 1.1.4322; .NET CLR 2.0.50727; .NET CLR 3.0.4506.2152; .NET CLR 3.5.30729)"
82.193.235.130 - - [09/Mar/2013:09:12:05 +0100] "GET /favicon.ico HTTP/1.1" 200 3638 "-" "Mozilla/4.0 (compatible; MSIE 7.0; Windows NT 5.1; .NET CLR 1.1.4322; .NET CLR 2.0.50727; .NET CLR 3.0.4506.2152; .NET CLR 3.5.30729)"
