66.249.76.49 - - [09/Mar/2013:20:41:55 +0100] "GET /lexikon.php?cs_go=3&cs_id=59 HTTP/1.1" 200 8709 "-" "Mozilla/5.0 (compatible; Googlebot/2.1; +http://www.google.com/bot.html)"
81.30.151.218 - - [09/Mar/2013:20:49:04 +0100] "GET /news.php?cs_go=archiv&cs_id=2464&cs_search= HTTP/1.1" 200 7887 "-" "Pixray-Seeker/2.0 (Pixray-Seeker; +http://www.pixray.com/pixraybot; +crawler@pixray.com)"
81.30.151.218 - - [09/Mar/2013:20:58:47 +0100] "GET /news.php?cs_go=archiv&cs_id=2521&cs_search= HTTP/1.1" 200 7887 "-" "Pixray-Seeker/2.0 (Pixray-Seeker; +http://www.pixray.com/pixraybot; +crawler@pixray.com)"
89.246.171.186 - - [09/Mar/2013:21:10:44 +0100] "GET / HTTP/1.1" 200 15327 "-" "Mozilla/5.0 (Windows NT 5.1; rv:19.0) Gecko/20100101 Firefox/19.0"
89.246.171.186 - - [09/Mar/2013:21:10:46 +0100] "GET / HTTP/1.1" 200 14586 "-" "Mozilla/5.0 (Windows NT 5.1; rv:19.0) Gecko/20100101 Firefox/19.0"
81.30.151.218 - - [09/Mar/2013:21:13:11 +0100] "GET /jobs.php HTTP/1.1" 200 10090 "-" "Pixray-Seeker/2.0 (Pixray-Seeker; +http://www.pixray.com/pixraybot; +crawler@pixray.com)"
81.30.151.218 - - [09/Mar/2013:21:13:16 +0100] "GET /news.php?cs_go=archiv&cs_startpos=10 HTTP/1.1" 200 22276 "-" "Pixray-Seeker/2.0 (Pixray-Seeker; +http://www.pixray.com/pixraybot; +crawler@pixray.com)"
66.249.76.49 - - [09/Mar/2013:21:15:23 +0100] "GET /news.php?cs_go=archiv&cs_id=3483 HTTP/1.1" 200 9913 "-" "Mozilla/5.0 (compatible; Googlebot/2.1; +http://www.google.com/bot.html)"
173.199.120.35 - - [09/Mar/2013:21:26:01 +0100] "GET /lexikon.php?cs_go=3&cs_id=60 HTTP/1.1" 200 8500 "-" "Mozilla/5.0 (compatible; AhrefsBot/4.0; +http://ahrefs.com/robot/)"
81.30.151.218 - - [09/Mar/2013:21:28:35 +0100] "GET /news.php?cs_go=archiv&cs_id=2589&cs_search= HTTP/1.1" 200 7887 "-" "Pixray-Seeker/2.0 (Pixray-Seeker; +http://www.pixray.com/pixraybot; +crawler@pixray.com)"
81.30.151.218 - - [09/Mar/2013:21:33:41 +0100] "GET /news.php?cs_go=archiv&cs_id=1926&cs_search= HTTP/1.1" 200 7887 "-" "Pixray-Seeker/2.0 (Pixray-Seeker; +http://www.pixray.com/pixraybot; +crawler@pixray.com)"
81.30.151.218 - - [09/Mar/2013:21:36:06 +0100] "GET /news.php?cs_go=archiv&cs_id=3593&cs_search= HTTP/1.1" 200 10732 "-" "Pixray-Seeker/2.0 (Pixray-Seeker; +http://www.pixray.com/pixraybot; +crawler@pixray.com)"
81.30.151.218 - - [09/Mar/2013:21:43:38 +0100] "GET /news.php?cs_go=archiv&cs_id=2322&cs_search= HTTP/1.1" 200 7887 "-" "Pixray-Seeker/2.0 (Pixray-Seeker; +http://www.pixray.com/pixraybot; +crawler@pixray.com)"
81.30.151.218 - - [09/Mar/2013:21:43:50 +0100] "GET /news.php?cs_go=archiv&cs_id=2104&cs_search= HTTP/1.1" 200 7887 "-" "Pixray-Seeker/2.0 (Pixray-Seeker; +http://www.pixray.com/pixraybot; +crawler@pixray.com)"
81.30.151.218 - - [09/Mar/2013:21:43:54 +0100] "GET /news.php?cs_go=archiv&cs_id=2686&cs_search= HTTP/1.1" 200 7887 "-" "Pixray-Seeker/2.0 (Pixray-Seeker; +http://www.pixray.com/pixraybot; +crawler@pixray.com)"
81.30.151.218 - - [09/Mar/2013:22:06:25 +0100] "GET /lexikon.php?cs_go=3&cs_id=150 HTTP/1.1" 200 8218 "-" "Pixray-Seeker/2.0 (Pixray-Seeker; +http://www.pixray.com/pixraybot; +crawler@pixray.com)"
81.30.151.218 - - [09/Mar/2013:22:15:54 +0100] "GET /news.php?cs_go=archiv&cs_id=2826&cs_search= HTTP/1.1" 200 9957 "-" "Pixray-Seeker/2.0 (Pixray-Seeker; +http://www.pixray.com/pixraybot; +crawler@pixray.com)"
81.30.151.218 - - [09/Mar/2013:22:17:47 +0100] "GET /news.php?cs_go=archiv&cs_id=3579&cs_search= HTTP/1.1" 200 10208 "-" "Pixray-Seeker/2.0 (Pixray-Seeker; +http://www.pixray.com/pixraybot; +crawler@pixray.com)"
81.30.151.218 - - [09/Mar/2013:22:19:31 +0100] "GET /news.php?cs_go=archiv&cs_id=1689&cs_search= HTTP/1.1" 200 7887 "-" "Pixray-Seeker/2.0 (Pixray-Seeker; +http://www.pixray.com/pixraybot; +crawler@pixray.com)"
81.30.151.218 - - [09/Mar/2013:22:31:12 +0100] "GET /news.php?cs_go=archiv&cs_id=3992&cs_search= HTTP/1.1" 200 12626 "-" "Pixray-Seeker/2.0 (Pixray-Seeker; +http://www.pixray.com/pixraybot; +crawler@pixray.com)"
81.30.151.218 - - [09/Mar/2013:22:33:52 +0100] "GET /news.php?cs_go=archiv&cs_id=2499&cs_search= HTTP/1.1" 200 7887 "-" "Pixray-Seeker/2.0 (Pixray-Seeker; +http://www.pixray.com/pixraybot; +crawler@pixray.com)"
81.30.151.218 - - [09/Mar/2013:22:38:23 +0100] "GET /news.php?cs_go=archiv&cs_id=2186&cs_search= HTTP/1.1" 200 7887 "-" "Pixray-Seeker/2.0 (Pixray-Seeker; +http://www.pixray.com/pixraybot; +crawler@pixray.com)"
208.115.113.91 - - [09/Mar/2013:22:43:18 +0100] "GET /news.php?cs_go=archiv&cs_id=3859 HTTP/1.1" 200 13128 "-" "Mozilla/5.0 (compatible; Ezooms/1.0; ezooms.bot@gmail.com)"
139.18.2.209 - - [09/Mar/2013:22:44:03 +0100] "GET /robots.txt HTTP/1.1" 200 177 "-" "findlinks/2.6 (+http://wortschatz.uni-leipzig.de/findlinks/)"
66.249.76.49 - - [09/Mar/2013:22:47:39 +0100] "GET /news.php HTTP/1.1" 200 22001 "-" "Mozilla/5.0 (iPhone; U; CPU iPhone OS 4_1 like Mac OS X; en-us) AppleWebKit/532.9 (KHTML, like Gecko) Version/4.0.5 Mobile/8B117 Safari/6531.22.7 (compatible; Googlebot-Mobile/2.1; +http://www.google.com/bot.html)"
81.30.151.218 - - [09/Mar/2013:23:03:11 +0100] "GET /news.php?cs_go=archiv&cs_id=2423&cs_search= HTTP/1.1" 200 7887 "-" "Pixray-Seeker/2.0 (Pixray-Seeker; +http://www.pixray.com/pixraybot; +crawler@pixray.com)"
81.30.151.218 - - [09/Mar/2013:23:16:09 +0100] "GET /news.php?cs_go=archiv&cs_id=2194&cs_search= HTTP/1.1" 200 7887 "-" "Pixray-Seeker/2.0 (Pixray-Seeker; +http://www.pixray.com/pixraybot; +crawler@pixray.com)"
81.30.151.218 - - [09/Mar/2013:23:25:47 +0100] "GET /news.php?cs_go=archiv&cs_id=3984&cs_search= HTTP/1.1" 200 13201 "-" "Pixray-Seeker/2.0 (Pixray-Seeker; +http://www.pixray.com/pixraybot; +crawler@pixray.com)"
220.181.108.97 - - [09/Mar/2013:23:32:52 +0100] "GET / HTTP/1.1" 200 7822 "-" "Mozilla/5.0 (compatible; Baiduspider/2.0; +http://www.baidu.com/search/spider.html)"
123.125.71.50 - - [09/Mar/2013:23:34:02 +0100] "GET / HTTP/1.1" 200 6437 "-" "Mozilla/5.0 (compatible; Baiduspider/2.0; +http://www.baidu.com/search/spider.html)"
66.249.76.49 - - [09/Mar/2013:23:35:55 +0100] "GET /news.php?cs_go=archiv&cs_id=3993&cs_search= HTTP/1.1" 200 13136 "-" "Mozilla/5.0 (compatible; Googlebot/2.1; +http://www.google.com/bot.html)"
66.249.76.49 - - [09/Mar/2013:23:54:40 +0100] "GET /news.php?cs_go=archiv&cs_startpos=20 HTTP/1.1" 200 22442 "-" "SAMSUNG-SGH-E250/1.0 Profile/MIDP-2.0 Configuration/CLDC-1.1 UP.Browser/6.2.3.3.c.1.101 (GUI) MMP/2.0 (compatible; Googlebot-Mobile/2.1; +http://www.google.com/bot.html)"
81.30.151.218 - - [09/Mar/2013:23:55:53 +0100] "GET /news.php?cs_go=archiv&cs_id=3011&cs_search= HTTP/1.1" 200 10124 "-" "Pixray-Seeker/2.0 (Pixray-Seeker; +http://www.pixray.com/pixraybot; +crawler@pixray.com)"
66.249.76.49 - - [09/Mar/2013:23:55:54 +0100] "GET /news.php?cs_go=archiv&cs_id=3994&cs_search= HTTP/1.1" 200 10108 "-" "Mozilla/5.0 (compatible; Googlebot/2.1; +http://www.google.com/bot.html)"
173.199.120.35 - - [10/Mar/2013:00:41:34 +0100] "GET /news.php?cs_go=archiv&cs_startpos=70 HTTP/1.1" 200 22869 "-" "Mozilla/5.0 (compatible; AhrefsBot/4.0; +http://ahrefs.com/robot/)"
173.199.120.35 - - [10/Mar/2013:00:42:43 +0100] "GET /lexikon.php?cs_go=3&cs_id=143 HTTP/1.1" 200 9298 "-" "Mozilla/5.0 (compatible; AhrefsBot/4.0; +http://ahrefs.com/robot/)"
173.199.120.35 - - [10/Mar/2013:00:48:52 +0100] "GET /lexikon.php?cs_go=3&cs_id=166 HTTP/1.1" 200 9191 "-" "Mozilla/5.0 (compatible; AhrefsBot/4.0; +http://ahrefs.com/robot/)"
199.30.16.11 - - [10/Mar/2013:02:07:33 +0100] "GET /robots.txt HTTP/1.1" 200 177 "-" "msnbot-media/1.1 (+http://search.msn.com/msnbot.htm)"
199.30.16.11 - - [10/Mar/2013:02:07:33 +0100] "GET /images/logos.jpg HTTP/1.1" 200 15002 "-" "msnbot-media/1.1 (+http://search.msn.com/msnbot.htm)"
130.83.167.153 - - [10/Mar/2013:02:27:00 +0100] "GET /news.php?cs_go=archiv&cs_id=3849&cs_search= HTTP/1.1" 200 6992 "-" "findlinks/2.6 (+http://wortschatz.uni-leipzig.de/findlinks/)"
130.83.167.153 - - [10/Mar/2013:02:27:02 +0100] "GET /news.php?cs_go=archiv&cs_id=3849&cs_search= HTTP/1.1" 200 12906 "-" "findlinks/2.6 (+http://wortschatz.uni-leipzig.de/findlinks/)"
173.199.120.35 - - [10/Mar/2013:02:29:35 +0100] "GET /news.php?cs_go=archiv&cs_id=3919&cs_search= HTTP/1.1" 200 13282 "-" "Mozilla/5.0 (compatible; AhrefsBot/4.0; +http://ahrefs.com/robot/)"
65.36.241.79 - - [10/Mar/2013:03:04:22 +0100] "HEAD / HTTP/1.1" 200 - "-" "InternetSeer.com"
91.61.81.13 - - [10/Mar/2013:03:16:15 +0100] "GET /jobs.php HTTP/1.1" 200 10090 "-" "Mozilla/5.0 /Windows; U; Windows NT 6.1; de; rv:1.9.1.5) Gecko/20091102 Firefox/3.5.5"
91.61.81.13 - - [10/Mar/2013:03:35:43 +0100] "GET /jobs.php HTTP/1.1" 200 10090 "-" "Mozilla/5.0 /Windows; U; Windows NT 6.1; de; rv:1.9.1.5) Gecko/20091102 Firefox/3.5.5"
66.249.76.49 - - [10/Mar/2013:03:42:06 +0100] "GET /news.php?cs_go=archiv&cs_id=2925&cs_search= HTTP/1.1" 200 9800 "-" "Mozilla/5.0 (compatible; Googlebot/2.1; +http://www.google.com/bot.html)"
66.249.76.49 - - [10/Mar/2013:04:12:54 +0100] "GET /news.php?cs_go=archiv&cs_id=3281 HTTP/1.1" 200 10240 "-" "Mozilla/5.0 (compatible; Googlebot/2.1; +http://www.google.com/bot.html)"
204.12.208.218 - - [10/Mar/2013:04:14:46 +0100] "GET /robots.txt HTTP/1.0" 200 177 "-" "Mozilla/5.0 (compatible; MJ12bot/v1.4.3; http://www.majestic12.co.uk/bot.php?+)"
204.12.208.218 - - [10/Mar/2013:04:14:47 +0100] "GET /news.php?cs_go=archiv&cs_id=3993 HTTP/1.0" 200 13136 "-" "Mozilla/5.0 (compatible; MJ12bot/v1.4.3; http://www.majestic12.co.uk/bot.php?+)"
66.249.76.49 - - [10/Mar/2013:04:20:56 +0100] "GET / HTTP/1.1" 200 15327 "-" "Mozilla/5.0 (compatible; Googlebot/2.1; +http://www.google.com/bot.html)"
157.55.32.117 - - [10/Mar/2013:04:31:35 +0100] "GET /robots.txt HTTP/1.1" 200 177 "-" "Mozilla/5.0 (compatible; bingbot/2.0; +http://www.bing.com/bingbot.htm)"
157.55.32.117 - - [10/Mar/2013:04:34:14 +0100] "GET / HTTP/1.1" 200 15327 "-" "Mozilla/5.0 (compatible; bingbot/2.0; +http://www.bing.com/bingbot.htm)"
173.199.120.35 - - [10/Mar/2013:04:52:47 +0100] "GET /lexikon.php?cs_go=3&cs_id=80 HTTP/1.1" 200 8403 "-" "Mozilla/5.0 (compatible; AhrefsBot/4.0; +http://ahrefs.com/robot/)"
66.249.76.49 - - [10/Mar/2013:05:14:23 +0100] "GET /news.php?cs_go=archiv&cs_id=3031 HTTP/1.1" 200 10884 "-" "Mozilla/5.0 (compatible; Googlebot/2.1; +http://www.google.com/bot.html)"
141.8.147.12 - - [10/Mar/2013:05:31:46 +0100] "GET /robots.txt HTTP/1.1" 200 177 "-" "Mozilla/5.0 (compatible; YandexBot/3.0; +http://yandex.com/bots)"
123.125.71.108 - - [10/Mar/2013:05:32:24 +0100] "GET /robots.txt HTTP/1.1" 200 177 "-" "Mozilla/5.0 (Windows NT 5.1; rv:6.0.2) Gecko/20100101 Firefox/6.0.2"
173.199.120.35 - - [10/Mar/2013:05:56:07 +0100] "GET /lexikon.php?cs_go=3&cs_id=74 HTTP/1.1" 200 8669 "-" "Mozilla/5.0 (compatible; AhrefsBot/4.0; +http://ahrefs.com/robot/)"
66.249.76.49 - - [10/Mar/2013:06:06:07 +0100] "GET /news.php?cs_go=archiv&cs_id=2745&cs_search= HTTP/1.1" 200 12410 "-" "Mozilla/5.0 (compatible; Googlebot/2.1; +http://www.google.com/bot.html)"
66.249.76.49 - - [10/Mar/2013:06:20:26 +0100] "GET /newsletter.php HTTP/1.1" 200 8928 "-" "Mozilla/5.0 (compatible; Googlebot/2.1; +http://www.google.com/bot.html)"
66.249.76.49 - - [10/Mar/2013:06:25:08 +0100] "GET /news.php?cs_go=archiv&cs_id=3821 HTTP/1.1" 200 11007 "-" "Mozilla/5.0 (compatible; Googlebot/2.1; +http://www.google.com/bot.html)"
66.249.76.49 - - [10/Mar/2013:06:44:18 +0100] "GET /news.php?cs_go=archiv&cs_id=3876&cs_search= HTTP/1.1" 200 13610 "-" "Mozilla/5.0 (compatible; Googlebot/2.1; +http://www.google.com/bot.html)"
66.249.76.49 - - [10/Mar/2013:06:45:43 +0100] "GET /lexikon.php?cs_go=3&cs_id=17 HTTP/1.1" 200 8461 "-" "Mozilla/5.0 (compatible; Googlebot/2.1; +http://www.google.com/bot.html)"
66.249.76.49 - - [10/Mar/2013:06:53:51 +0100] "GET /news.php?cs_go=archiv&cs_id=2924 HTTP/1.1" 200 13769 "-" "Mozilla/5.0 (compatible; Googlebot/2.1; +http://www.google.com/bot.html)"
66.249.76.49 - - [10/Mar/2013:07:03:24 +0100] "GET /news.php?cs_go=archiv&cs_id=3679 HTTP/1.1" 200 13679 "-" "Mozilla/5.0 (compatible; Googlebot/2.1; +http://www.google.com/bot.html)"
173.199.120.35 - - [10/Mar/2013:07:06:44 +0100] "GET /lexikon.php?cs_go=3&cs_id=82 HTTP/1.1" 200 8389 "-" "Mozilla/5.0 (compatible; AhrefsBot/4.0; +http://ahrefs.com/robot/)"
66.249.76.49 - - [10/Mar/2013:07:08:11 +0100] "GET /news.php?cs_go=archiv&cs_id=3860 HTTP/1.1" 200 10981 "-" "Mozilla/5.0 (compatible; Googlebot/2.1; +http://www.google.com/bot.html)"
66.249.76.49 - - [10/Mar/2013:07:12:51 +0100] "GET /news.php?cs_go=archiv&cs_id=3779&cs_search= HTTP/1.1" 200 9890 "-" "Mozilla/5.0 (compatible; Googlebot/2.1; +http://www.google.com/bot.html)"
66.249.76.49 - - [10/Mar/2013:07:14:00 +0100] "GET /modul.css HTTP/1.1" 200 35038 "http://www.mink-gmbh.de/newsletter.php" "Mozilla/5.0 (compatible; Googlebot/2.1; +http://www.google.com/bot.html)"
66.249.76.49 - - [10/Mar/2013:07:14:01 +0100] "GET /style.css HTTP/1.1" 200 8418 "http://www.mink-gmbh.de/newsletter.php" "Mozilla/5.0 (compatible; Googlebot/2.1; +http://www.google.com/bot.html)"
66.249.76.49 - - [10/Mar/2013:07:27:10 +0100] "GET /news.php?cs_go=archiv&cs_id=3859 HTTP/1.1" 200 13128 "-" "Mozilla/5.0 (compatible; Googlebot/2.1; +http://www.google.com/bot.html)"
66.249.76.49 - - [10/Mar/2013:07:36:49 +0100] "GET /news.php?cs_go=archiv&cs_startpos=230 HTTP/1.1" 200 8585 "-" "Mozilla/5.0 (compatible; Googlebot/2.1; +http://www.google.com/bot.html)"
66.249.76.49 - - [10/Mar/2013:07:41:29 +0100] "GET /news.php?cs_go=archiv&cs_id=3228&cs_search= HTTP/1.1" 200 13395 "-" "Mozilla/5.0 (compatible; Googlebot/2.1; +http://www.google.com/bot.html)"
66.249.76.49 - - [10/Mar/2013:07:44:03 +0100] "GET /lexikon.php?cs_go=3&cs_id=232 HTTP/1.1" 200 7973 "-" "Mozilla/5.0 (compatible; Googlebot/2.1; +http://www.google.com/bot.html)"
130.83.167.153 - - [10/Mar/2013:07:54:37 +0100] "GET /news.php?cs_go=archiv&cs_startpos=10 HTTP/1.1" 200 6992 "-" "findlinks/2.6 (+http://wortschatz.uni-leipzig.de/findlinks/)"
130.83.167.153 - - [10/Mar/2013:07:54:38 +0100] "GET /news.php?cs_go=archiv&cs_startpos=10 HTTP/1.1" 200 22189 "-" "findlinks/2.6 (+http://wortschatz.uni-leipzig.de/findlinks/)"
66.249.76.49 - - [10/Mar/2013:08:00:42 +0100] "GET /news.php?cs_go=archiv&cs_id=2968&cs_search= HTTP/1.1" 200 10939 "-" "Mozilla/5.0 (compatible; Googlebot/2.1; +http://www.google.com/bot.html)"
65.36.241.79 - - [10/Mar/2013:08:05:33 +0100] "HEAD / HTTP/1.1" 200 - "-" "InternetSeer.com"
66.249.76.49 - - [10/Mar/2013:08:10:15 +0100] "GET /news.php?cs_go=archiv&cs_id=3708&cs_search= HTTP/1.1" 200 15548 "-" "Mozilla/5.0 (compatible; Googlebot/2.1; +http://www.google.com/bot.html)"
66.249.76.49 - - [10/Mar/2013:08:34:08 +0100] "GET /lexikon.php?cs_go=3&cs_id=86 HTTP/1.1" 200 8253 "-" "Mozilla/5.0 (compatible; Googlebot/2.1; +http://www.google.com/bot.html)"
141.8.147.12 - - [10/Mar/2013:08:43:45 +0100] "GET /news.php?cs_go=archiv&cs_startpos=640 HTTP/1.1" 200 8125 "-" "Mozilla/5.0 (compatible; YandexBot/3.0; +http://yandex.com/bots)"
199.30.16.11 - - [10/Mar/2013:09:02:36 +0100] "GET /robots.txt HTTP/1.1" 200 177 "-" "msnbot-media/1.1 (+http://search.msn.com/msnbot.htm)"
199.30.16.11 - - [10/Mar/2013:09:02:37 +0100] "GET /images/logos.jpg HTTP/1.1" 200 15002 "-" "msnbot-media/1.1 (+http://search.msn.com/msnbot.htm)"
66.249.76.49 - - [10/Mar/2013:09:02:47 +0100] "GET /news.php?cs_go=archiv&cs_id=3837 HTTP/1.1" 200 11870 "-" "Mozilla/5.0 (compatible; Googlebot/2.1; +http://www.google.com/bot.html)"
66.249.76.49 - - [10/Mar/2013:09:12:21 +0100] "GET /news.php?cs_go=archiv&cs_startpos=1570 HTTP/1.1" 200 8126 "-" "Mozilla/5.0 (compatible; Googlebot/2.1; +http://www.google.com/bot.html)"
66.249.76.49 - - [10/Mar/2013:09:17:07 +0100] "GET /news.php?cs_go=archiv&cs_id=3110 HTTP/1.1" 200 13463 "-" "Mozilla/5.0 (compatible; Googlebot/2.1; +http://www.google.com/bot.html)"
66.249.76.49 - - [10/Mar/2013:09:25:24 +0100] "GET /news.php?cs_go=archiv&cs_id=3844 HTTP/1.1" 200 13387 "-" "Mozilla/5.0 (compatible; Googlebot/2.1; +http://www.google.com/bot.html)"
66.249.76.49 - - [10/Mar/2013:09:30:25 +0100] "GET /news.php?cs_go=archiv&cs_id=3826 HTTP/1.1" 200 9931 "-" "Mozilla/5.0 (compatible; Googlebot/2.1; +http://www.google.com/bot.html)"
66.249.76.49 - - [10/Mar/2013:09:33:17 +0100] "GET /diesel.php HTTP/1.1" 200 10639 "-" "Mozilla/5.0 (compatible; Googlebot/2.1; +http://www.google.com/bot.html)"
66.249.76.49 - - [10/Mar/2013:09:36:19 +0100] "GET /news.php?cs_go=archiv&cs_id=3116 HTTP/1.1" 200 9948 "-" "Mozilla/5.0 (compatible; Googlebot/2.1; +http://www.google.com/bot.html)"
66.249.76.49 - - [10/Mar/2013:09:51:14 +0100] "GET /news.php?cs_go=archiv&cs_id=2999&cs_search= HTTP/1.1" 200 12164 "-" "Mozilla/5.0 (compatible; Googlebot/2.1; +http://www.google.com/bot.html)"
66.249.76.49 - - [10/Mar/2013:09:57:40 +0100] "GET /news.php?cs_go=archiv&cs_id=3343&cs_search= HTTP/1.1" 200 16242 "-" "Mozilla/5.0 (compatible; Googlebot/2.1; +http://www.google.com/bot.html)"
66.249.76.49 - - [10/Mar/2013:10:01:03 +0100] "GET /modernisierung.php?cs_gp_go=coupon HTTP/1.1" 200 10192 "-" "Mozilla/5.0 (compatible; Googlebot/2.1; +http://www.google.com/bot.html)"
66.249.76.49 - - [10/Mar/2013:10:04:37 +0100] "GET /lexikon.php?cs_go=3&cs_id=121 HTTP/1.1" 200 8373 "-" "Mozilla/5.0 (compatible; Googlebot/2.1; +http://www.google.com/bot.html)"
66.249.76.49 - - [10/Mar/2013:10:08:23 +0100] "GET /news.php?cs_go=archiv&cs_id=3726 HTTP/1.1" 200 12050 "-" "Mozilla/5.0 (compatible; Googlebot/2.1; +http://www.google.com/bot.html)"
66.249.76.49 - - [10/Mar/2013:10:12:26 +0100] "GET /news.php?cs_go=archiv&cs_startpos=240 HTTP/1.1" 200 8493 "-" "Mozilla/5.0 (compatible; Googlebot/2.1; +http://www.google.com/bot.html)"
130.83.167.153 - - [10/Mar/2013:10:29:54 +0100] "GET /news.php?cs_go=archiv&cs_id=3852&cs_search= HTTP/1.1" 200 6992 "-" "findlinks/2.6 (+http://wortschatz.uni-leipzig.de/findlinks/)"
130.83.167.153 - - [10/Mar/2013:10:29:54 +0100] "GET /news.php?cs_go=archiv&cs_id=3852&cs_search= HTTP/1.1" 200 13418 "-" "findlinks/2.6 (+http://wortschatz.uni-leipzig.de/findlinks/)"
208.115.111.75 - - [10/Mar/2013:10:40:22 +0100] "GET /robots.txt HTTP/1.1" 200 177 "-" "Mozilla/5.0 (compatible; Ezooms/1.0; ezooms.bot@gmail.com)"
141.8.147.12 - - [10/Mar/2013:11:24:42 +0100] "GET /kwk.php HTTP/1.1" 200 10884 "-" "Mozilla/5.0 (compatible; YandexBot/3.0; +http://yandex.com/bots)"
141.8.147.12 - - [10/Mar/2013:11:34:24 +0100] "GET /news.php?cs_go=archiv&cs_startpos=670 HTTP/1.1" 200 8125 "-" "Mozilla/5.0 (compatible; YandexBot/3.0; +http://yandex.com/bots)"
66.249.76.49 - - [10/Mar/2013:11:54:11 +0100] "GET /agb.php HTTP/1.1" 200 19709 "-" "Mozilla/5.0 (iPhone; U; CPU iPhone OS 4_1 like Mac OS X; en-us) AppleWebKit/532.9 (KHTML, like Gecko) Version/4.0.5 Mobile/8B117 Safari/6531.22.7 (compatible; Googlebot-Mobile/2.1; +http://www.google.com/bot.html)"
208.115.111.75 - - [10/Mar/2013:12:35:16 +0100] "GET /agb.php HTTP/1.1" 200 19709 "-" "Mozilla/5.0 (compatible; Ezooms/1.0; ezooms.bot@gmail.com)"
81.30.151.218 - - [10/Mar/2013:13:06:28 +0100] "GET /news.php?cs_go=archiv&cs_startpos=1461 HTTP/1.1" 200 8126 "-" "Pixray-Seeker/2.0 (Pixray-Seeker; +http://www.pixray.com/pixraybot; +crawler@pixray.com)"
65.36.241.79 - - [10/Mar/2013:13:09:09 +0100] "HEAD / HTTP/1.1" 200 - "-" "InternetSeer.com"
81.30.151.218 - - [10/Mar/2013:13:09:43 +0100] "GET /lexikon.php?cs_go=3&cs_id=72 HTTP/1.1" 200 9400 "-" "Pixray-Seeker/2.0 (Pixray-Seeker; +http://www.pixray.com/pixraybot; +crawler@pixray.com)"
81.30.151.218 - - [10/Mar/2013:13:20:34 +0100] "GET /lexikon.php?cs_go=3&cs_id=151 HTTP/1.1" 200 8683 "-" "Pixray-Seeker/2.0 (Pixray-Seeker; +http://www.pixray.com/pixraybot; +crawler@pixray.com)"
81.30.151.218 - - [10/Mar/2013:13:55:09 +0100] "GET /robots.txt HTTP/1.1" 200 177 "-" "Pixray-Seeker/2.0 (Pixray-Seeker; +http://www.pixray.com/pixraybot; +crawler@pixray.com)"
81.30.151.218 - - [10/Mar/2013:13:55:09 +0100] "GET /news.php?cs_go=archiv&cs_id=3983&cs_search= HTTP/1.1" 200 9996 "-" "Pixray-Seeker/2.0 (Pixray-Seeker; +http://www.pixray.com/pixraybot; +crawler@pixray.com)"
81.30.151.218 - - [10/Mar/2013:14:04:48 +0100] "GET /news.php?cs_go=archiv&cs_id=2137&cs_search= HTTP/1.1" 200 7887 "-" "Pixray-Seeker/2.0 (Pixray-Seeker; +http://www.pixray.com/pixraybot; +crawler@pixray.com)"
81.30.151.218 - - [10/Mar/2013:14:05:14 +0100] "GET /news.php?cs_go=archiv&cs_id=3365&cs_search= HTTP/1.1" 200 13733 "-" "Pixray-Seeker/2.0 (Pixray-Seeker; +http://www.pixray.com/pixraybot; +crawler@pixray.com)"
81.30.151.218 - - [10/Mar/2013:14:13:49 +0100] "GET /news.php?cs_go=archiv&cs_id=3046&cs_search= HTTP/1.1" 200 14067 "-" "Pixray-Seeker/2.0 (Pixray-Seeker; +http://www.pixray.com/pixraybot; +crawler@pixray.com)"
81.30.151.218 - - [10/Mar/2013:14:15:12 +0100] "GET /news.php?cs_go=archiv&cs_id=2274&cs_search= HTTP/1.1" 200 7887 "-" "Pixray-Seeker/2.0 (Pixray-Seeker; +http://www.pixray.com/pixraybot; +crawler@pixray.com)"
66.249.76.49 - - [10/Mar/2013:14:19:19 +0100] "GET /optiplus.php HTTP/1.1" 200 11100 "-" "SAMSUNG-SGH-E250/1.0 Profile/MIDP-2.0 Configuration/CLDC-1.1 UP.Browser/6.2.3.3.c.1.101 (GUI) MMP/2.0 (compatible; Googlebot-Mobile/2.1; +http://www.google.com/bot.html)"
81.30.151.218 - - [10/Mar/2013:14:34:50 +0100] "GET /news.php?cs_go=archiv&cs_startpos=991 HTTP/1.1" 200 8125 "-" "Pixray-Seeker/2.0 (Pixray-Seeker; +http://www.pixray.com/pixraybot; +crawler@pixray.com)"
81.30.151.218 - - [10/Mar/2013:14:40:44 +0100] "GET /news.php?cs_go=archiv&cs_id=2522&cs_search= HTTP/1.1" 200 7887 "-" "Pixray-Seeker/2.0 (Pixray-Seeker; +http://www.pixray.com/pixraybot; +crawler@pixray.com)"
208.115.111.75 - - [10/Mar/2013:14:42:27 +0100] "GET /robots.txt HTTP/1.1" 200 177 "-" "Mozilla/5.0 (compatible; Ezooms/1.0; ezooms.bot@gmail.com)"
81.30.151.218 - - [10/Mar/2013:14:45:23 +0100] "GET /news.php?cs_go=archiv&cs_id=2324&cs_search= HTTP/1.1" 200 7887 "-" "Pixray-Seeker/2.0 (Pixray-Seeker; +http://www.pixray.com/pixraybot; +crawler@pixray.com)"
81.30.151.218 - - [10/Mar/2013:14:45:53 +0100] "GET /news.php?cs_go=archiv&cs_startpos=920 HTTP/1.1" 200 8125 "-" "Pixray-Seeker/2.0 (Pixray-Seeker; +http://www.pixray.com/pixraybot; +crawler@pixray.com)"
81.30.151.218 - - [10/Mar/2013:15:00:12 +0100] "GET /news.php?cs_go=archiv&cs_id=2508&cs_search= HTTP/1.1" 200 7887 "-" "Pixray-Seeker/2.0 (Pixray-Seeker; +http://www.pixray.com/pixraybot; +crawler@pixray.com)"
208.115.111.75 - - [10/Mar/2013:15:03:11 +0100] "GET /news.php?cs_go=archiv&cs_id=3982 HTTP/1.1" 200 13450 "-" "Mozilla/5.0 (compatible; Ezooms/1.0; ezooms.bot@gmail.com)"
81.30.151.218 - - [10/Mar/2013:15:14:43 +0100] "GET /news.php?cs_go=archiv&cs_startpos=650 HTTP/1.1" 200 8125 "-" "Pixray-Seeker/2.0 (Pixray-Seeker; +http://www.pixray.com/pixraybot; +crawler@pixray.com)"
81.30.151.218 - - [10/Mar/2013:15:31:30 +0100] "GET /news.php?cs_go=archiv&cs_id=3304&cs_search= HTTP/1.1" 200 13531 "-" "Pixray-Seeker/2.0 (Pixray-Seeker; +http://www.pixray.com/pixraybot; +crawler@pixray.com)"
157.55.32.117 - - [10/Mar/2013:15:32:24 +0100] "GET /robots.txt HTTP/1.1" 200 177 "-" "Mozilla/5.0 (compatible; bingbot/2.0; +http://www.bing.com/bingbot.htm)"
157.55.32.117 - - [10/Mar/2013:15:34:23 +0100] "GET / HTTP/1.1" 200 15327 "-" "Mozilla/5.0 (compatible; bingbot/2.0; +http://www.bing.com/bingbot.htm)"
81.30.151.218 - - [10/Mar/2013:15:44:33 +0100] "GET /news.php?cs_go=archiv&cs_id=3685&cs_search= HTTP/1.1" 200 9918 "-" "Pixray-Seeker/2.0 (Pixray-Seeker; +http://www.pixray.com/pixraybot; +crawler@pixray.com)"
81.30.151.218 - - [10/Mar/2013:15:46:46 +0100] "GET /news.php?cs_go=archiv&cs_id=2775&cs_search= HTTP/1.1" 200 10324 "-" "Pixray-Seeker/2.0 (Pixray-Seeker; +http://www.pixray.com/pixraybot; +crawler@pixray.com)"
81.30.151.218 - - [10/Mar/2013:15:49:33 +0100] "GET /news.php?cs_go=archiv&cs_id=2285&cs_search= HTTP/1.1" 200 7887 "-" "Pixray-Seeker/2.0 (Pixray-Seeker; +http://www.pixray.com/pixraybot; +crawler@pixray.com)"
81.30.151.218 - - [10/Mar/2013:15:55:05 +0100] "GET /news.php?cs_go=archiv&cs_id=3067&cs_search= HTTP/1.1" 200 13559 "-" "Pixray-Seeker/2.0 (Pixray-Seeker; +http://www.pixray.com/pixraybot; +crawler@pixray.com)"
182.118.20.213 - - [10/Mar/2013:16:07:36 +0100] "GET /news.php?cs_go=archiv&cs_id=3946 HTTP/1.1" 200 10004 "http://www.mink-gmbh.de/news.php?cs_go=archiv&cs_id=3946" "Mozilla/5.0 (Windows; U; Windows NT 5.1; zh-CN; rv:1.8.0.11) Gecko/20070312 Firefox/1.5.0.11; 360Spider"
182.118.20.214 - - [10/Mar/2013:16:07:36 +0100] "GET /modernisierung.php?cs_gp_go=plus HTTP/1.1" 200 11578 "http://www.mink-gmbh.de/modernisierung.php?cs_gp_go=plus" "Mozilla/5.0 (Windows; U; Windows NT 5.1; zh-CN; rv:1.8.0.11) Gecko/20070312 Firefox/1.5.0.11; 360Spider"
81.30.151.218 - - [10/Mar/2013:16:07:46 +0100] "GET /news.php?cs_go=archiv&cs_id=2203&cs_search= HTTP/1.1" 200 7887 "-" "Pixray-Seeker/2.0 (Pixray-Seeker; +http://www.pixray.com/pixraybot; +crawler@pixray.com)"
182.118.20.201 - - [10/Mar/2013:16:08:10 +0100] "GET /news.php?cs_go=archiv&cs_id=3953 HTTP/1.1" 200 12014 "http://www.mink-gmbh.de/news.php?cs_go=archiv&cs_id=3953" "Mozilla/5.0 (Windows; U; Windows NT 5.1; zh-CN; rv:1.8.0.11) Gecko/20070312 Firefox/1.5.0.11; 360Spider"
182.118.20.201 - - [10/Mar/2013:16:08:10 +0100] "GET /news.php?cs_go=archiv&cs_id=3984 HTTP/1.1" 200 13201 "http://www.mink-gmbh.de/news.php?cs_go=archiv&cs_id=3984" "Mozilla/5.0 (Windows; U; Windows NT 5.1; zh-CN; rv:1.8.0.11) Gecko/20070312 Firefox/1.5.0.11; 360Spider"
182.118.20.214 - - [10/Mar/2013:16:08:41 +0100] "GET /news.php?cs_go=archiv&cs_id=3986 HTTP/1.1" 200 13658 "http://www.mink-gmbh.de/news.php?cs_go=archiv&cs_id=3986" "Mozilla/5.0 (Windows; U; Windows NT 5.1; zh-CN; rv:1.8.0.11) Gecko/20070312 Firefox/1.5.0.11; 360Spider"
182.118.22.202 - - [10/Mar/2013:16:11:31 +0100] "GET /news.php?cs_go=archiv&cs_id=3988 HTTP/1.1" 200 10101 "http://www.mink-gmbh.de/news.php?cs_go=archiv&cs_id=3988" "Mozilla/5.0 (Windows; U; Windows NT 5.1; zh-CN; rv:1.8.0.11) Gecko/20070312 Firefox/1.5.0.11; 360Spider"
182.118.22.205 - - [10/Mar/2013:16:11:31 +0100] "GET /news.php?cs_go=archiv&cs_id=3987 HTTP/1.1" 200 13023 "http://www.mink-gmbh.de/news.php?cs_go=archiv&cs_id=3987" "Mozilla/5.0 (Windows; U; Windows NT 5.1; zh-CN; rv:1.8.0.11) Gecko/20070312 Firefox/1.5.0.11; 360Spider"
182.118.22.205 - - [10/Mar/2013:16:12:11 +0100] "GET /news.php?cs_go=archiv&cs_id=3990 HTTP/1.1" 200 13261 "http://www.mink-gmbh.de/news.php?cs_go=archiv&cs_id=3990" "Mozilla/5.0 (Windows; U; Windows NT 5.1; zh-CN; rv:1.8.0.11) Gecko/20070312 Firefox/1.5.0.11; 360Spider"
182.118.22.205 - - [10/Mar/2013:16:12:14 +0100] "GET /news.php?cs_go=archiv&cs_id=3985 HTTP/1.1" 200 9745 "http://www.mink-gmbh.de/news.php?cs_go=archiv&cs_id=3985" "Mozilla/5.0 (Windows; U; Windows NT 5.1; zh-CN; rv:1.8.0.11) Gecko/20070312 Firefox/1.5.0.11; 360Spider"
182.118.22.216 - - [10/Mar/2013:16:12:34 +0100] "GET /news.php?cs_go=archiv&cs_id=3989 HTTP/1.1" 200 12025 "http://www.mink-gmbh.de/news.php?cs_go=archiv&cs_id=3989" "Mozilla/5.0 (Windows; U; Windows NT 5.1; zh-CN; rv:1.8.0.11) Gecko/20070312 Firefox/1.5.0.11; 360Spider"
182.118.22.204 - - [10/Mar/2013:16:12:45 +0100] "GET /modernisierung.php?cs_gp_go=coupon HTTP/1.1" 200 10192 "http://www.mink-gmbh.de/modernisierung.php?cs_gp_go=coupon" "Mozilla/5.0 (Windows; U; Windows NT 5.1; zh-CN; rv:1.8.0.11) Gecko/20070312 Firefox/1.5.0.11; 360Spider"
182.118.22.203 - - [10/Mar/2013:16:12:45 +0100] "GET /news.php?cs_go=archiv&cs_id=3950 HTTP/1.1" 200 12010 "http://www.mink-gmbh.de/news.php?cs_go=archiv&cs_id=3950" "Mozilla/5.0 (Windows; U; Windows NT 5.1; zh-CN; rv:1.8.0.11) Gecko/20070312 Firefox/1.5.0.11; 360Spider"
182.118.22.202 - - [10/Mar/2013:16:13:12 +0100] "GET /modernisierung.php?cs_gp_go=description HTTP/1.1" 200 10771 "http://www.mink-gmbh.de/modernisierung.php?cs_gp_go=description" "Mozilla/5.0 (Windows; U; Windows NT 5.1; zh-CN; rv:1.8.0.11) Gecko/20070312 Firefox/1.5.0.11; 360Spider"
182.118.22.205 - - [10/Mar/2013:16:13:12 +0100] "GET /news.php?cs_go=archiv&cs_id=3951 HTTP/1.1" 200 13501 "http://www.mink-gmbh.de/news.php?cs_go=archiv&cs_id=3951" "Mozilla/5.0 (Windows; U; Windows NT 5.1; zh-CN; rv:1.8.0.11) Gecko/20070312 Firefox/1.5.0.11; 360Spider"
182.118.22.202 - - [10/Mar/2013:16:13:46 +0100] "GET /news.php?cs_go=archiv&cs_id=3991 HTTP/1.1" 200 9951 "http://www.mink-gmbh.de/news.php?cs_go=archiv&cs_id=3991" "Mozilla/5.0 (Windows; U; Windows NT 5.1; zh-CN; rv:1.8.0.11) Gecko/20070312 Firefox/1.5.0.11; 360Spider"
182.118.22.201 - - [10/Mar/2013:16:13:49 +0100] "GET /news.php?cs_go=archiv&cs_id=3992 HTTP/1.1" 200 12626 "http://www.mink-gmbh.de/news.php?cs_go=archiv&cs_id=3992" "Mozilla/5.0 (Windows; U; Windows NT 5.1; zh-CN; rv:1.8.0.11) Gecko/20070312 Firefox/1.5.0.11; 360Spider"
81.30.151.218 - - [10/Mar/2013:16:16:35 +0100] "GET /news.php?cs_go=archiv&cs_id=2710&cs_search= HTTP/1.1" 200 7887 "-" "Pixray-Seeker/2.0 (Pixray-Seeker; +http://www.pixray.com/pixraybot; +crawler@pixray.com)"
182.118.20.229 - - [10/Mar/2013:16:17:09 +0100] "GET /news.php?cs_go=archiv&cs_id=3993 HTTP/1.1" 200 13136 "http://www.mink-gmbh.de/news.php?cs_go=archiv&cs_id=3993" "Mozilla/5.0 (Windows; U; Windows NT 5.1; zh-CN; rv:1.8.0.11) Gecko/20070312 Firefox/1.5.0.11; 360Spider"
81.30.151.218 - - [10/Mar/2013:16:31:15 +0100] "GET /news.php?cs_go=archiv&cs_id=2962&cs_search= HTTP/1.1" 200 11377 "-" "Pixray-Seeker/2.0 (Pixray-Seeker; +http://www.pixray.com/pixraybot; +crawler@pixray.com)"
81.30.151.218 - - [10/Mar/2013:16:40:28 +0100] "GET /news.php?cs_go=archiv&cs_id=2730&cs_search= HTTP/1.1" 200 12416 "-" "Pixray-Seeker/2.0 (Pixray-Seeker; +http://www.pixray.com/pixraybot; +crawler@pixray.com)"
208.115.113.91 - - [10/Mar/2013:16:41:12 +0100] "GET /robots.txt HTTP/1.1" 200 177 "-" "Mozilla/5.0 (compatible; Ezooms/1.0; ezooms.bot@gmail.com)"
66.249.76.49 - - [10/Mar/2013:16:45:07 +0100] "GET /news.php HTTP/1.1" 200 22001 "-" "DoCoMo/2.0 N905i(c100;TB;W24H16) (compatible; Googlebot-Mobile/2.1; +http://www.google.com/bot.html)"
81.30.151.218 - - [10/Mar/2013:16:45:21 +0100] "GET /news.php?cs_go=archiv&cs_id=2523&cs_search= HTTP/1.1" 200 7887 "-" "Pixray-Seeker/2.0 (Pixray-Seeker; +http://www.pixray.com/pixraybot; +crawler@pixray.com)"
81.30.151.218 - - [10/Mar/2013:16:57:45 +0100] "GET /news.php?cs_go=archiv&cs_id=2459&cs_search= HTTP/1.1" 200 7887 "-" "Pixray-Seeker/2.0 (Pixray-Seeker; +http://www.pixray.com/pixraybot; +crawler@pixray.com)"
81.30.151.218 - - [10/Mar/2013:16:59:10 +0100] "GET /robots.txt HTTP/1.1" 200 177 "-" "Pixray-Seeker/2.0 (Pixray-Seeker; +http://www.pixray.com/pixraybot; +crawler@pixray.com)"
81.30.151.218 - - [10/Mar/2013:16:59:10 +0100] "GET /news.php?cs_go=archiv&cs_id=1747&cs_search= HTTP/1.1" 200 7887 "-" "Pixray-Seeker/2.0 (Pixray-Seeker; +http://www.pixray.com/pixraybot; +crawler@pixray.com)"
81.30.151.218 - - [10/Mar/2013:17:09:24 +0100] "GET /news.php?cs_go=archiv&cs_id=2543&cs_search= HTTP/1.1" 200 7887 "-" "Pixray-Seeker/2.0 (Pixray-Seeker; +http://www.pixray.com/pixraybot; +crawler@pixray.com)"
81.30.151.218 - - [10/Mar/2013:17:18:31 +0100] "GET /news.php?cs_go=archiv&cs_id=2411&cs_search= HTTP/1.1" 200 7887 "-" "Pixray-Seeker/2.0 (Pixray-Seeker; +http://www.pixray.com/pixraybot; +crawler@pixray.com)"
173.199.120.35 - - [10/Mar/2013:17:22:24 +0100] "GET /news.php?cs_go=archiv&cs_id=3916&cs_search= HTTP/1.1" 200 11199 "-" "Mozilla/5.0 (compatible; AhrefsBot/4.0; +http://ahrefs.com/robot/)"
81.144.138.34 - - [10/Mar/2013:17:30:11 +0100] "GET /robots.txt HTTP/1.1" 200 177 "-" "Wotbox/2.01 (+http://www.wotbox.com/bot/)"
81.144.138.34 - - [10/Mar/2013:17:30:22 +0100] "GET / HTTP/1.1" 200 15327 "-" "Wotbox/2.01 (+http://www.wotbox.com/bot/)"
81.144.138.34 - - [10/Mar/2013:17:30:33 +0100] "GET /newsletter.php HTTP/1.1" 200 8928 "-" "Wotbox/2.01 (+http://www.wotbox.com/bot/)"
81.144.138.34 - - [10/Mar/2013:17:30:43 +0100] "GET /index.php HTTP/1.1" 200 15327 "-" "Wotbox/2.01 (+http://www.wotbox.com/bot/)"
81.144.138.34 - - [10/Mar/2013:17:30:51 +0100] "GET /standard.php HTTP/1.1" 200 9218 "-" "Wotbox/2.01 (+http://www.wotbox.com/bot/)"
81.144.138.34 - - [10/Mar/2013:17:30:56 +0100] "GET /wunschpreis.php HTTP/1.1" 200 12084 "-" "Wotbox/2.01 (+http://www.wotbox.com/bot/)"
81.144.138.34 - - [10/Mar/2013:17:31:02 +0100] "GET /preisanfrage.php HTTP/1.1" 200 10734 "-" "Wotbox/2.01 (+http://www.wotbox.com/bot/)"
81.144.138.34 - - [10/Mar/2013:17:31:08 +0100] "GET /news.php HTTP/1.1" 200 22001 "-" "Wotbox/2.01 (+http://www.wotbox.com/bot/)"
81.144.138.34 - - [10/Mar/2013:17:31:18 +0100] "GET /kontakt.php HTTP/1.1" 200 9198 "-" "Wotbox/2.01 (+http://www.wotbox.com/bot/)"
81.144.138.34 - - [10/Mar/2013:17:31:28 +0100] "GET /jobs.php HTTP/1.1" 200 10090 "-" "Wotbox/2.01 (+http://www.wotbox.com/bot/)"
81.144.138.34 - - [10/Mar/2013:17:31:34 +0100] "GET /impressum.php HTTP/1.1" 200 8582 "-" "Wotbox/2.01 (+http://www.wotbox.com/bot/)"
81.144.138.34 - - [10/Mar/2013:17:31:43 +0100] "GET /news.php?cs_go=archiv&cs_id=3994 HTTP/1.1" 200 10108 "-" "Wotbox/2.01 (+http://www.wotbox.com/bot/)"
81.30.151.218 - - [10/Mar/2013:17:31:47 +0100] "GET /news.php?cs_go=archiv&cs_startpos=890 HTTP/1.1" 200 8125 "-" "Pixray-Seeker/2.0 (Pixray-Seeker; +http://www.pixray.com/pixraybot; +crawler@pixray.com)"
81.144.138.34 - - [10/Mar/2013:17:31:50 +0100] "GET /news.php?cs_go=archiv&cs_id=3993 HTTP/1.1" 200 13136 "-" "Wotbox/2.01 (+http://www.wotbox.com/bot/)"
81.144.138.34 - - [10/Mar/2013:17:31:59 +0100] "GET /news.php?cs_go=archiv&cs_id=3992 HTTP/1.1" 200 12626 "-" "Wotbox/2.01 (+http://www.wotbox.com/bot/)"
81.144.138.34 - - [10/Mar/2013:17:32:04 +0100] "GET /news.php?cs_go=archiv&cs_id=3991 HTTP/1.1" 200 9951 "-" "Wotbox/2.01 (+http://www.wotbox.com/bot/)"
81.144.138.34 - - [10/Mar/2013:17:32:10 +0100] "GET /news.php?cs_go=archiv HTTP/1.1" 200 22001 "-" "Wotbox/2.01 (+http://www.wotbox.com/bot/)"
81.144.138.34 - - [10/Mar/2013:17:32:20 +0100] "GET /rueckrufservice.php HTTP/1.1" 200 10770 "-" "Wotbox/2.01 (+http://www.wotbox.com/bot/)"
81.144.138.34 - - [10/Mar/2013:17:32:28 +0100] "GET /kwk.php HTTP/1.1" 200 10884 "-" "Wotbox/2.01 (+http://www.wotbox.com/bot/)"
81.144.138.34 - - [10/Mar/2013:17:32:38 +0100] "GET /optiplus.php HTTP/1.1" 200 11100 "-" "Wotbox/2.01 (+http://www.wotbox.com/bot/)"
81.144.138.34 - - [10/Mar/2013:17:32:46 +0100] "GET /agb.php HTTP/1.1" 200 19709 "-" "Wotbox/2.01 (+http://www.wotbox.com/bot/)"
81.144.138.34 - - [10/Mar/2013:17:32:54 +0100] "GET /faq.php HTTP/1.1" 200 184037 "-" "Wotbox/2.01 (+http://www.wotbox.com/bot/)"
81.144.138.34 - - [10/Mar/2013:17:33:04 +0100] "GET /lexikon.php HTTP/1.1" 200 10523 "-" "Wotbox/2.01 (+http://www.wotbox.com/bot/)"
81.30.151.218 - - [10/Mar/2013:17:33:05 +0100] "GET /news.php?cs_go=archiv&cs_id=2286&cs_search= HTTP/1.1" 200 7887 "-" "Pixray-Seeker/2.0 (Pixray-Seeker; +http://www.pixray.com/pixraybot; +crawler@pixray.com)"
81.144.138.34 - - [10/Mar/2013:17:33:11 +0100] "GET /energiesparcheck.php HTTP/1.1" 200 13581 "-" "Wotbox/2.01 (+http://www.wotbox.com/bot/)"
81.144.138.34 - - [10/Mar/2013:17:33:20 +0100] "GET /foerdermittel.php HTTP/1.1" 200 12908 "-" "Wotbox/2.01 (+http://www.wotbox.com/bot/)"
81.144.138.34 - - [10/Mar/2013:17:33:27 +0100] "GET /modernisierung.php HTTP/1.1" 200 11578 "-" "Wotbox/2.01 (+http://www.wotbox.com/bot/)"
81.144.138.34 - - [10/Mar/2013:17:33:36 +0100] "GET /edl.php HTTP/1.1" 200 10801 "-" "Wotbox/2.01 (+http://www.wotbox.com/bot/)"
81.144.138.34 - - [10/Mar/2013:17:33:44 +0100] "GET /.php HTTP/1.1" 404 - "-" "Wotbox/2.01 (+http://www.wotbox.com/bot/)"
81.144.138.34 - - [10/Mar/2013:17:33:52 +0100] "GET /diesel.php HTTP/1.1" 200 10639 "-" "Wotbox/2.01 (+http://www.wotbox.com/bot/)"
81.144.138.34 - - [10/Mar/2013:17:33:57 +0100] "GET /additive.php HTTP/1.1" 200 8372 "-" "Wotbox/2.01 (+http://www.wotbox.com/bot/)"
81.144.138.34 - - [10/Mar/2013:17:34:05 +0100] "GET /news.php?cs_go=archiv&cs_id=3994&cs_search= HTTP/1.1" 200 10108 "-" "Wotbox/2.01 (+http://www.wotbox.com/bot/)"
81.144.138.34 - - [10/Mar/2013:17:34:13 +0100] "GET /news.php?cs_go=archiv&cs_id=3993&cs_search= HTTP/1.1" 200 13136 "-" "Wotbox/2.01 (+http://www.wotbox.com/bot/)"
81.144.138.34 - - [10/Mar/2013:17:34:22 +0100] "GET /news.php?cs_go=archiv&cs_id=3992&cs_search= HTTP/1.1" 200 12626 "-" "Wotbox/2.01 (+http://www.wotbox.com/bot/)"
81.144.138.34 - - [10/Mar/2013:17:34:30 +0100] "GET /news.php?cs_go=archiv&cs_id=3991&cs_search= HTTP/1.1" 200 9951 "-" "Wotbox/2.01 (+http://www.wotbox.com/bot/)"
81.144.138.34 - - [10/Mar/2013:17:34:38 +0100] "GET /news.php?cs_go=archiv&cs_id=3990&cs_search= HTTP/1.1" 200 13261 "-" "Wotbox/2.01 (+http://www.wotbox.com/bot/)"
81.144.138.34 - - [10/Mar/2013:17:34:46 +0100] "GET /news.php?cs_go=archiv&cs_id=3989&cs_search= HTTP/1.1" 200 12025 "-" "Wotbox/2.01 (+http://www.wotbox.com/bot/)"
81.144.138.34 - - [10/Mar/2013:17:34:56 +0100] "GET /news.php?cs_go=archiv&cs_id=3988&cs_search= HTTP/1.1" 200 10101 "-" "Wotbox/2.01 (+http://www.wotbox.com/bot/)"
81.144.138.34 - - [10/Mar/2013:17:35:04 +0100] "GET /news.php?cs_go=archiv&cs_id=3987&cs_search= HTTP/1.1" 200 13023 "-" "Wotbox/2.01 (+http://www.wotbox.com/bot/)"
81.144.138.34 - - [10/Mar/2013:17:35:14 +0100] "GET /news.php?cs_go=archiv&cs_id=3986&cs_search= HTTP/1.1" 200 13658 "-" "Wotbox/2.01 (+http://www.wotbox.com/bot/)"
81.144.138.34 - - [10/Mar/2013:17:35:22 +0100] "GET /news.php?cs_go=archiv&cs_id=3985&cs_search= HTTP/1.1" 200 9745 "-" "Wotbox/2.01 (+http://www.wotbox.com/bot/)"
81.144.138.34 - - [10/Mar/2013:17:35:29 +0100] "GET /news.php?cs_go=archiv&cs_startpos=0 HTTP/1.1" 200 22001 "-" "Wotbox/2.01 (+http://www.wotbox.com/bot/)"
81.144.138.34 - - [10/Mar/2013:17:35:35 +0100] "GET /news.php?cs_go=archiv&cs_startpos=10 HTTP/1.1" 200 22276 "-" "Wotbox/2.01 (+http://www.wotbox.com/bot/)"
81.144.138.34 - - [10/Mar/2013:17:35:42 +0100] "GET /news.php?cs_go=archiv&cs_startpos=20 HTTP/1.1" 200 22442 "-" "Wotbox/2.01 (+http://www.wotbox.com/bot/)"
81.144.138.34 - - [10/Mar/2013:17:35:51 +0100] "GET /news.php?cs_go=archiv&cs_startpos=30 HTTP/1.1" 200 22501 "-" "Wotbox/2.01 (+http://www.wotbox.com/bot/)"
81.144.138.34 - - [10/Mar/2013:17:35:59 +0100] "GET /news.php?cs_go=archiv&cs_startpos=40 HTTP/1.1" 200 22664 "-" "Wotbox/2.01 (+http://www.wotbox.com/bot/)"
81.144.138.34 - - [10/Mar/2013:17:36:06 +0100] "GET /news.php?cs_go=archiv&cs_startpos=50 HTTP/1.1" 200 22634 "-" "Wotbox/2.01 (+http://www.wotbox.com/bot/)"
81.144.138.34 - - [10/Mar/2013:17:36:14 +0100] "GET /news.php?cs_go=archiv&cs_startpos=220 HTTP/1.1" 200 15397 "-" "Wotbox/2.01 (+http://www.wotbox.com/bot/)"
81.144.138.34 - - [10/Mar/2013:17:36:23 +0100] "GET /kwk.php?cs_go=1 HTTP/1.1" 200 10884 "-" "Wotbox/2.01 (+http://www.wotbox.com/bot/)"
81.144.138.34 - - [10/Mar/2013:17:36:29 +0100] "GET /kwk.php?cs_go=2 HTTP/1.1" 200 11855 "-" "Wotbox/2.01 (+http://www.wotbox.com/bot/)"
81.144.138.34 - - [10/Mar/2013:17:36:38 +0100] "GET /kwk.php?cs_go=3 HTTP/1.1" 200 10285 "-" "Wotbox/2.01 (+http://www.wotbox.com/bot/)"
81.144.138.34 - - [10/Mar/2013:17:36:44 +0100] "GET /kwk.php?cs_go=4 HTTP/1.1" 200 10255 "-" "Wotbox/2.01 (+http://www.wotbox.com/bot/)"
81.144.138.34 - - [10/Mar/2013:17:36:50 +0100] "GET /lexikon.php?cs_go=2&cs_char=a HTTP/1.1" 200 9803 "-" "Wotbox/2.01 (+http://www.wotbox.com/bot/)"
81.144.138.34 - - [10/Mar/2013:17:36:55 +0100] "GET /lexikon.php?cs_go=2&cs_char=b HTTP/1.1" 200 9730 "-" "Wotbox/2.01 (+http://www.wotbox.com/bot/)"
81.144.138.34 - - [10/Mar/2013:17:37:04 +0100] "GET /lexikon.php?cs_go=2&cs_char=c HTTP/1.1" 200 8836 "-" "Wotbox/2.01 (+http://www.wotbox.com/bot/)"
81.144.138.34 - - [10/Mar/2013:17:37:11 +0100] "GET /lexikon.php?cs_go=2&cs_char=d HTTP/1.1" 200 9421 "-" "Wotbox/2.01 (+http://www.wotbox.com/bot/)"
81.144.138.34 - - [10/Mar/2013:17:37:16 +0100] "GET /lexikon.php?cs_go=2&cs_char=e HTTP/1.1" 200 9079 "-" "Wotbox/2.01 (+http://www.wotbox.com/bot/)"
81.144.138.34 - - [10/Mar/2013:17:37:22 +0100] "GET /lexikon.php?cs_go=2&cs_char=f HTTP/1.1" 200 9595 "-" "Wotbox/2.01 (+http://www.wotbox.com/bot/)"
81.144.138.34 - - [10/Mar/2013:17:37:28 +0100] "GET /lexikon.php?cs_go=2&cs_char=g HTTP/1.1" 200 9126 "-" "Wotbox/2.01 (+http://www.wotbox.com/bot/)"
81.144.138.34 - - [10/Mar/2013:17:37:34 +0100] "GET /lexikon.php?cs_go=2&cs_char=h HTTP/1.1" 200 8800 "-" "Wotbox/2.01 (+http://www.wotbox.com/bot/)"
81.144.138.34 - - [10/Mar/2013:17:37:40 +0100] "GET /lexikon.php?cs_go=2&cs_char=i HTTP/1.1" 200 8402 "-" "Wotbox/2.01 (+http://www.wotbox.com/bot/)"
81.144.138.34 - - [10/Mar/2013:17:37:50 +0100] "GET /lexikon.php?cs_go=2&cs_char=j HTTP/1.1" 200 8582 "-" "Wotbox/2.01 (+http://www.wotbox.com/bot/)"
81.144.138.34 - - [10/Mar/2013:17:37:58 +0100] "GET /lexikon.php?cs_go=2&cs_char=k HTTP/1.1" 200 9879 "-" "Wotbox/2.01 (+http://www.wotbox.com/bot/)"
81.144.138.34 - - [10/Mar/2013:17:38:06 +0100] "GET /lexikon.php?cs_go=2&cs_char=l HTTP/1.1" 200 8773 "-" "Wotbox/2.01 (+http://www.wotbox.com/bot/)"
81.144.138.34 - - [10/Mar/2013:17:38:14 +0100] "GET /lexikon.php?cs_go=2&cs_char=m HTTP/1.1" 200 9073 "-" "Wotbox/2.01 (+http://www.wotbox.com/bot/)"
81.144.138.34 - - [10/Mar/2013:17:38:19 +0100] "GET /lexikon.php?cs_go=2&cs_char=n HTTP/1.1" 200 8578 "-" "Wotbox/2.01 (+http://www.wotbox.com/bot/)"
81.144.138.34 - - [10/Mar/2013:17:38:29 +0100] "GET /lexikon.php?cs_go=2&cs_char=o HTTP/1.1" 200 9261 "-" "Wotbox/2.01 (+http://www.wotbox.com/bot/)"
81.144.138.34 - - [10/Mar/2013:17:38:37 +0100] "GET /lexikon.php?cs_go=2&cs_char=p HTTP/1.1" 200 9166 "-" "Wotbox/2.01 (+http://www.wotbox.com/bot/)"
81.144.138.34 - - [10/Mar/2013:17:38:45 +0100] "GET /lexikon.php?cs_go=2&cs_char=q HTTP/1.1" 200 8162 "-" "Wotbox/2.01 (+http://www.wotbox.com/bot/)"
81.30.151.218 - - [10/Mar/2013:17:41:52 +0100] "GET /news.php?cs_go=archiv&cs_startpos=891 HTTP/1.1" 200 8125 "-" "Pixray-Seeker/2.0 (Pixray-Seeker; +http://www.pixray.com/pixraybot; +crawler@pixray.com)"
146.52.210.42 - - [10/Mar/2013:17:47:58 +0100] "GET /modernisierung.php?cs_gp_go=description HTTP/1.1" 200 7013 "-" "findlinks/2.0.2 (+http://wortschatz.uni-leipzig.de/findlinks/)"
146.52.210.42 - - [10/Mar/2013:17:47:58 +0100] "GET /modernisierung.php?cs_gp_go=description HTTP/1.1" 200 10684 "-" "findlinks/2.0.2 (+http://wortschatz.uni-leipzig.de/findlinks/)"
66.249.76.49 - - [10/Mar/2013:17:51:35 +0100] "GET /news.php?cs_go=archiv&cs_id=3888 HTTP/1.1" 200 13349 "-" "DoCoMo/2.0 N905i(c100;TB;W24H16) (compatible; Googlebot-Mobile/2.1; +http://www.google.com/bot.html)"
81.30.151.218 - - [10/Mar/2013:18:04:58 +0100] "GET /news.php?cs_go=archiv&cs_id=2174&cs_search= HTTP/1.1" 200 7887 "-" "Pixray-Seeker/2.0 (Pixray-Seeker; +http://www.pixray.com/pixraybot; +crawler@pixray.com)"
81.30.151.218 - - [10/Mar/2013:18:11:29 +0100] "GET /robots.txt HTTP/1.1" 200 177 "-" "Pixray-Seeker/2.0 (Pixray-Seeker; +http://www.pixray.com/pixraybot; +crawler@pixray.com)"
81.30.151.218 - - [10/Mar/2013:18:11:29 +0100] "GET /lexikon.php?cs_go=3&cs_id=209 HTTP/1.1" 200 8296 "-" "Pixray-Seeker/2.0 (Pixray-Seeker; +http://www.pixray.com/pixraybot; +crawler@pixray.com)"
81.30.151.218 - - [10/Mar/2013:18:20:44 +0100] "GET /news.php?cs_go=archiv&cs_id=2022&cs_search= HTTP/1.1" 200 7887 "-" "Pixray-Seeker/2.0 (Pixray-Seeker; +http://www.pixray.com/pixraybot; +crawler@pixray.com)"
81.30.151.218 - - [10/Mar/2013:18:34:36 +0100] "GET /news.php?cs_go=archiv&cs_id=1698&cs_search= HTTP/1.1" 200 7887 "-" "Pixray-Seeker/2.0 (Pixray-Seeker; +http://www.pixray.com/pixraybot; +crawler@pixray.com)"
208.115.111.75 - - [10/Mar/2013:18:41:37 +0100] "GET /robots.txt HTTP/1.1" 200 177 "-" "Mozilla/5.0 (compatible; Ezooms/1.0; ezooms.bot@gmail.com)"
65.36.241.79 - - [10/Mar/2013:18:43:09 +0100] "HEAD / HTTP/1.1" 200 - "-" "InternetSeer.com"
208.115.113.91 - - [10/Mar/2013:18:49:39 +0100] "GET /news.php?cs_go=archiv&cs_id=3926&cs_search= HTTP/1.1" 200 13063 "-" "Mozilla/5.0 (compatible; Ezooms/1.0; ezooms.bot@gmail.com)"
81.30.151.218 - - [10/Mar/2013:18:50:45 +0100] "GET /news.php?cs_go=archiv&cs_id=1630&cs_search= HTTP/1.1" 200 7887 "-" "Pixray-Seeker/2.0 (Pixray-Seeker; +http://www.pixray.com/pixraybot; +crawler@pixray.com)"
208.115.111.75 - - [10/Mar/2013:19:03:09 +0100] "GET /news.php?cs_go=archiv&cs_id=3980 HTTP/1.1" 200 9937 "-" "Mozilla/5.0 (compatible; Ezooms/1.0; ezooms.bot@gmail.com)"
81.30.151.218 - - [10/Mar/2013:19:03:35 +0100] "GET /news.php?cs_go=archiv&cs_id=1768&cs_search= HTTP/1.1" 200 7887 "-" "Pixray-Seeker/2.0 (Pixray-Seeker; +http://www.pixray.com/pixraybot; +crawler@pixray.com)"
81.30.151.218 - - [10/Mar/2013:19:14:12 +0100] "GET /robots.txt HTTP/1.1" 200 177 "-" "Pixray-Seeker/2.0 (Pixray-Seeker; +http://www.pixray.com/pixraybot; +crawler@pixray.com)"
81.30.151.218 - - [10/Mar/2013:19:14:12 +0100] "GET /news.php?cs_go=archiv&cs_id=3889&cs_search= HTTP/1.1" 200 9808 "-" "Pixray-Seeker/2.0 (Pixray-Seeker; +http://www.pixray.com/pixraybot; +crawler@pixray.com)"
81.30.151.218 - - [10/Mar/2013:19:14:15 +0100] "GET /news.php?cs_go=archiv&cs_id=1650&cs_search= HTTP/1.1" 200 7887 "-" "Pixray-Seeker/2.0 (Pixray-Seeker; +http://www.pixray.com/pixraybot; +crawler@pixray.com)"
139.18.2.209 - - [10/Mar/2013:19:28:43 +0100] "GET /faq.php HTTP/1.1" 200 7019 "-" "findlinks/2.6 (+http://wortschatz.uni-leipzig.de/findlinks/)"
139.18.2.209 - - [10/Mar/2013:19:28:43 +0100] "GET /faq.php HTTP/1.1" 200 174900 "-" "findlinks/2.6 (+http://wortschatz.uni-leipzig.de/findlinks/)"
81.30.151.218 - - [10/Mar/2013:19:37:20 +0100] "GET /news.php?cs_go=archiv&cs_id=1636&cs_search= HTTP/1.1" 200 7887 "-" "Pixray-Seeker/2.0 (Pixray-Seeker; +http://www.pixray.com/pixraybot; +crawler@pixray.com)"
82.94.176.164 - - [10/Mar/2013:19:39:53 +0100] "GET /jobs.php HTTP/1.1" 200 10090 "-" "Mozilla/4.0 (compatible; MSIE 5.5; Windows NT)"
66.249.76.49 - - [10/Mar/2013:19:43:13 +0100] "GET /robots.txt HTTP/1.1" 200 177 "-" "Mozilla/5.0 (compatible; Googlebot/2.1; +http://www.google.com/bot.html)"
66.249.76.49 - - [10/Mar/2013:19:43:13 +0100] "GET /news.php?cs_go=archiv&cs_id=3967 HTTP/1.1" 200 10406 "-" "Mozilla/5.0 (compatible; Googlebot/2.1; +http://www.google.com/bot.html)"
81.30.151.218 - - [10/Mar/2013:19:45:12 +0100] "GET /lexikon.php?cs_go=3&cs_id=135 HTTP/1.1" 200 9197 "-" "Pixray-Seeker/2.0 (Pixray-Seeker; +http://www.pixray.com/pixraybot; +crawler@pixray.com)"
81.30.151.218 - - [10/Mar/2013:19:48:37 +0100] "GET /news.php?cs_go=archiv&cs_id=2345&cs_search= HTTP/1.1" 200 7887 "-" "Pixray-Seeker/2.0 (Pixray-Seeker; +http://www.pixray.com/pixraybot; +crawler@pixray.com)"
81.30.151.218 - - [10/Mar/2013:19:53:59 +0100] "GET /news.php?cs_go=archiv&cs_id=3180&cs_search= HTTP/1.1" 200 13449 "-" "Pixray-Seeker/2.0 (Pixray-Seeker; +http://www.pixray.com/pixraybot; +crawler@pixray.com)"
81.30.151.218 - - [10/Mar/2013:20:00:29 +0100] "GET /lexikon.php?cs_go=2&cs_char=y HTTP/1.1" 200 8582 "-" "Pixray-Seeker/2.0 (Pixray-Seeker; +http://www.pixray.com/pixraybot; +crawler@pixray.com)"
81.30.151.218 - - [10/Mar/2013:20:08:38 +0100] "GET /lexikon.php?cs_go=2&cs_char=i HTTP/1.1" 200 8402 "-" "Pixray-Seeker/2.0 (Pixray-Seeker; +http://www.pixray.com/pixraybot; +crawler@pixray.com)"
66.249.76.49 - - [10/Mar/2013:20:29:13 +0100] "GET /news.php?cs_go=archiv HTTP/1.1" 200 22001 "-" "Mozilla/5.0 (compatible; Googlebot/2.1; +http://www.google.com/bot.html)"
66.249.76.49 - - [10/Mar/2013:20:37:33 +0100] "GET /news.php?cs_go=archiv&cs_id=3988&cs_search= HTTP/1.1" 200 10101 "-" "Mozilla/5.0 (compatible; Googlebot/2.1; +http://www.google.com/bot.html)"
81.30.151.218 - - [10/Mar/2013:20:46:34 +0100] "GET /news.php?cs_go=archiv&cs_id=3813&cs_search= HTTP/1.1" 200 10259 "-" "Pixray-Seeker/2.0 (Pixray-Seeker; +http://www.pixray.com/pixraybot; +crawler@pixray.com)"
81.30.151.218 - - [10/Mar/2013:20:54:00 +0100] "GET /news.php?cs_go=archiv&cs_startpos=701 HTTP/1.1" 200 8125 "-" "Pixray-Seeker/2.0 (Pixray-Seeker; +http://www.pixray.com/pixraybot; +crawler@pixray.com)"
81.30.151.218 - - [10/Mar/2013:20:54:50 +0100] "GET /news.php?cs_go=archiv&cs_id=3776&cs_search= HTTP/1.1" 200 13403 "-" "Pixray-Seeker/2.0 (Pixray-Seeker; +http://www.pixray.com/pixraybot; +crawler@pixray.com)"
66.249.76.49 - - [10/Mar/2013:21:05:36 +0100] "GET /news.php?cs_go=archiv&cs_startpos=520 HTTP/1.1" 200 8125 "-" "Mozilla/5.0 (compatible; Googlebot/2.1; +http://www.google.com/bot.html)"
66.249.76.49 - - [10/Mar/2013:21:08:12 +0100] "GET /news.php?cs_go=archiv&cs_startpos=10 HTTP/1.1" 200 22276 "-" "SAMSUNG-SGH-E250/1.0 Profile/MIDP-2.0 Configuration/CLDC-1.1 UP.Browser/6.2.3.3.c.1.101 (GUI) MMP/2.0 (compatible; Googlebot-Mobile/2.1; +http://www.google.com/bot.html)"
5.9.107.48 - - [10/Mar/2013:21:12:03 +0100] "GET /robots.txt HTTP/1.0" 200 177 "-" "Mozilla/5.0 (compatible; MJ12bot/v1.4.3; http://www.majestic12.co.uk/bot.php?+)"
5.9.107.48 - - [10/Mar/2013:21:12:05 +0100] "GET / HTTP/1.0" 200 15327 "-" "Mozilla/5.0 (compatible; MJ12bot/v1.4.3; http://www.majestic12.co.uk/bot.php?+)"
81.30.151.218 - - [10/Mar/2013:21:18:50 +0100] "GET /news.php?cs_go=archiv&cs_id=1807&cs_search= HTTP/1.1" 200 7887 "-" "Pixray-Seeker/2.0 (Pixray-Seeker; +http://www.pixray.com/pixraybot; +crawler@pixray.com)"
81.30.151.218 - - [10/Mar/2013:21:19:21 +0100] "GET /news.php?cs_go=archiv&cs_startpos=431 HTTP/1.1" 200 8125 "-" "Pixray-Seeker/2.0 (Pixray-Seeker; +http://www.pixray.com/pixraybot; +crawler@pixray.com)"
173.199.120.35 - - [10/Mar/2013:21:31:38 +0100] "GET /lexikon.php?cs_go=3&cs_id=86 HTTP/1.1" 200 8253 "-" "Mozilla/5.0 (compatible; AhrefsBot/4.0; +http://ahrefs.com/robot/)"
81.30.151.218 - - [10/Mar/2013:21:55:02 +0100] "GET /modernisierung.php?cs_gp_go=coupon HTTP/1.1" 200 10192 "-" "Pixray-Seeker/2.0 (Pixray-Seeker; +http://www.pixray.com/pixraybot; +crawler@pixray.com)"
81.30.151.218 - - [10/Mar/2013:21:55:10 +0100] "GET /news.php?cs_go=archiv&cs_id=1686&cs_search= HTTP/1.1" 200 7887 "-" "Pixray-Seeker/2.0 (Pixray-Seeker; +http://www.pixray.com/pixraybot; +crawler@pixray.com)"
204.12.208.234 - - [10/Mar/2013:21:55:37 +0100] "GET /robots.txt HTTP/1.0" 200 177 "-" "Mozilla/5.0 (compatible; MJ12bot/v1.4.3; http://www.majestic12.co.uk/bot.php?+)"
204.12.208.234 - - [10/Mar/2013:21:55:39 +0100] "GET /agb.php HTTP/1.0" 200 19709 "-" "Mozilla/5.0 (compatible; MJ12bot/v1.4.3; http://www.majestic12.co.uk/bot.php?+)"
