82.193.235.130 - - [09/Mar/2013:09:12:05 +0100] "GET /js_contentserver24_greybox/g_close.gif HTTP/1.1" 200 541 "http://www.mink-gmbh.de/" "Mozilla/4.0 (compatible; MSIE 7.0; Windows NT 5.1; .NET CLR 1.1.4322; .NET CLR 2.0.50727; .NET CLR 3.0.4506.2152; .NET CLR 3.5.30729)"
82.193.235.130 - - [09/Mar/2013:09:12:13 +0100] "GET /kontakt.php HTTP/1.1" 200 9111 "http://www.mink-gmbh.de/" "Mozilla/4.0 (compatible; MSIE 7.0; Windows NT 5.1; .NET CLR 1.1.4322; .NET CLR 2.0.50727; .NET CLR 3.0.4506.2152; .NET CLR 3.5.30729)"
82.193.235.130 - - [09/Mar/2013:09:12:18 +0100] "GET / HTTP/1.1" 200 14583 "-" "Mozilla/4.0 (compatible; MSIE 7.0; Windows NT 5.1; .NET CLR 1.1.4322; .NET CLR 2.0.50727; .NET CLR 3.0.4506.2152; .NET CLR 3.5.30729)"
81.30.151.218 - - [09/Mar/2013:09:12:55 +0100] "GET /news.php?cs_go=archiv&cs_id=1880&cs_search= HTTP/1.1" 200 7887 "-" "Pixray-Seeker/2.0 (Pixray-Seeker; +http://www.pixray.com/pixraybot; +crawler@pixray.com)"
82.193.235.130 - - [09/Mar/2013:09:14:04 +0100] "GET /style.css HTTP/1.1" 304 - "http://www.mink-gmbh.de/" "Mozilla/4.0 (compatible; MSIE 7.0; Windows NT 5.1; .NET CLR 1.1.4322; .NET CLR 2.0.50727; .NET CLR 3.0.4506.2152; .NET CLR 3.5.30729)"
82.193.235.130 - - [09/Mar/2013:09:14:04 +0100] "GET /modul.css HTTP/1.1" 304 - "http://www.mink-gmbh.de/" "Mozilla/4.0 (compatible; MSIE 7.0; Windows NT 5.1; .NET CLR 1.1.4322; .NET CLR 2.0.50727; .NET CLR 3.0.4506.2152; .NET CLR 3.5.30729)"
82.193.235.130 - - [09/Mar/2013:09:14:05 +0100] "GET /images/bg.jpg HTTP/1.1" 304 - "http://www.mink-gmbh.de/" "Mozilla/4.0 (compatible; MSIE 7.0; Windows NT 5.1; .NET CLR 1.1.4322; .NET CLR 2.0.50727; .NET CLR 3.0.4506.2152; .NET CLR 3.5.30729)"
82.193.235.130 - - [09/Mar/2013:09:14:05 +0100] "GET /js_contentserver24_greybox/gb_styles.css HTTP/1.1" 304 - "http://www.mink-gmbh.de/" "Mozilla/4.0 (compatible; MSIE 7.0; Windows NT 5.1; .NET CLR 1.1.4322; .NET CLR 2.0.50727; .NET CLR 3.0.4506.2152; .NET CLR 3.5.30729)"
82.193.235.130 - - [09/Mar/2013:09:14:05 +0100] "GET /js_contentserver24_greybox/AJS.js HTTP/1.1" 304 - "http://www.mink-gmbh.de/" "Mozilla/4.0 (compatible; MSIE 7.0; Windows NT 5.1; .NET CLR 1.1.4322; .NET CLR 2.0.50727; .NET CLR 3.0.4506.2152; .NET CLR 3.5.30729)"
82.193.235.130 - - [09/Mar/2013:09:14:05 +0100] "GET /js_contentserver24_greybox/AJS_fx.js HTTP/1.1" 304 - "http://www.mink-gmbh.de/" "Mozilla/4.0 (compatible; MSIE 7.0; Windows NT 5.1; .NET CLR 1.1.4322; .NET CLR 2.0.50727; .NET CLR 3.0.4506.2152; .NET CLR 3.5.30729)"
82.193.235.130 - - [09/Mar/2013:09:14:05 +0100] "GET /js_contentserver24_greybox/gb_scripts.js HTTP/1.1" 304 - "http://www.mink-gmbh.de/" "Mozilla/4.0 (compatible; MSIE 7.0; Windows NT 5.1; .NET CLR 1.1.4322; .NET CLR 2.0.50727; .NET CLR 3.0.4506.2152; .NET CLR 3.5.30729)"
82.193.235.130 - - [09/Mar/2013:09:14:05 +0100] "GET /js_contentserver24_greybox/w_close.gif HTTP/1.1" 304 - "http://www.mink-gmbh.de/" "Mozilla/4.0 (compatible; MSIE 7.0; Windows NT 5.1; .NET CLR 1.1.4322; .NET CLR 2.0.50727; .NET CLR 3.0.4506.2152; .NET CLR 3.5.30729)"
82.193.235.130 - - [09/Mar/2013:09:14:04 +0100] "GET / HTTP/1.1" 200 15324 "-" "Mozilla/4.0 (compatible; MSIE 7.0; Windows NT 5.1; .NET CLR 1.1.4322; .NET CLR 2.0.50727; .NET CLR 3.0.4506.2152; .NET CLR 3.5.30729)"
82.193.235.130 - - [09/Mar/2013:09:14:05 +0100] "GET /js_contentserver24_greybox/header_bg.gif HTTP/1.1" 304 - "http://www.mink-gmbh.de/" "Mozilla/4.0 (compatible; MSIE 7.0; Windows NT 5.1; .NET CLR 1.1.4322; .NET CLR 2.0.50727; .NET CLR 3.0.4506.2152; .NET CLR 3.5.30729)"
82.193.235.130 - - [09/Mar/2013:09:14:05 +0100] "GET /images/tkw.jpg HTTP/1.1" 304 - "http://www.mink-gmbh.de/" "Mozilla/4.0 (compatible; MSIE 7.0; Windows NT 5.1; .NET CLR 1.1.4322; .NET CLR 2.0.50727; .NET CLR 3.0.4506.2152; .NET CLR 3.5.30729)"
82.193.235.130 - - [09/Mar/2013:09:14:05 +0100] "GET /images/newsletter_bg.jpg HTTP/1.1" 304 - "http://www.mink-gmbh.de/" "Mozilla/4.0 (compatible; MSIE 7.0; Windows NT 5.1; .NET CLR 1.1.4322; .NET CLR 2.0.50727; .NET CLR 3.0.4506.2152; .NET CLR 3.5.30729)"
82.193.235.130 - - [09/Mar/2013:09:14:05 +0100] "GET /images/wrapperbg.jpg HTTP/1.1" 304 - "http://www.mink-gmbh.de/" "Mozilla/4.0 (compatible; MSIE 7.0; Windows NT 5.1; .NET CLR 1.1.4322; .NET CLR 2.0.50727; .NET CLR 3.0.4506.2152; .NET CLR 3.5.30729)"
82.193.235.130 - - [09/Mar/2013:09:14:05 +0100] "GET /images/header.jpg HTTP/1.1" 304 - "http://www.mink-gmbh.de/" "Mozilla/4.0 (compatible; MSIE 7.0; Windows NT 5.1; .NET CLR 1.1.4322; .NET CLR 2.0.50727; .NET CLR 3.0.4506.2152; .NET CLR 3.5.30729)"
82.193.235.130 - - [09/Mar/2013:09:14:05 +0100] "GET /images/steigend.png HTTP/1.1" 304 - "http://www.mink-gmbh.de/" "Mozilla/4.0 (compatible; MSIE 7.0; Windows NT 5.1; .NET CLR 1.1.4322; .NET CLR 2.0.50727; .NET CLR 3.0.4506.2152; .NET CLR 3.5.30729)"
82.193.235.130 - - [09/Mar/2013:09:14:05 +0100] "GET /images/navibg.png HTTP/1.1" 304 - "http://www.mink-gmbh.de/" "Mozilla/4.0 (compatible; MSIE 7.0; Windows NT 5.1; .NET CLR 1.1.4322; .NET CLR 2.0.50727; .NET CLR 3.0.4506.2152; .NET CLR 3.5.30729)"
82.193.235.130 - - [09/Mar/2013:09:14:05 +0100] "GET /images/fallend.png HTTP/1.1" 304 - "http://www.mink-gmbh.de/" "Mozilla/4.0 (compatible; MSIE 7.0; Windows NT 5.1; .NET CLR 1.1.4322; .NET CLR 2.0.50727; .NET CLR 3.0.4506.2152; .NET CLR 3.5.30729)"
82.193.235.130 - - [09/Mar/2013:09:14:05 +0100] "GET /images/mobil.jpg HTTP/1.1" 304 - "http://www.mink-gmbh.de/" "Mozilla/4.0 (compatible; MSIE 7.0; Windows NT 5.1; .NET CLR 1.1.4322; .NET CLR 2.0.50727; .NET CLR 3.0.4506.2152; .NET CLR 3.5.30729)"
82.193.235.130 - - [09/Mar/2013:09:14:05 +0100] "GET /images/newsletter.jpg HTTP/1.1" 304 - "http://www.mink-gmbh.de/" "Mozilla/4.0 (compatible; MSIE 7.0; Windows NT 5.1; .NET CLR 1.1.4322; .NET CLR 2.0.50727; .NET CLR 3.0.4506.2152; .NET CLR 3.5.30729)"
82.193.235.130 - - [09/Mar/2013:09:14:05 +0100] "GET /images/close.png HTTP/1.1" 304 - "http://www.mink-gmbh.de/" "Mozilla/4.0 (compatible; MSIE 7.0; Windows NT 5.1; .NET CLR 1.1.4322; .NET CLR 2.0.50727; .NET CLR 3.0.4506.2152; .NET CLR 3.5.30729)"
82.193.235.130 - - [09/Mar/2013:09:14:05 +0100] "GET /images/newsletter.png HTTP/1.1" 304 - "http://www.mink-gmbh.de/" "Mozilla/4.0 (compatible; MSIE 7.0; Windows NT 5.1; .NET CLR 1.1.4322; .NET CLR 2.0.50727; .NET CLR 3.0.4506.2152; .NET CLR 3.5.30729)"
82.193.235.130 - - [09/Mar/2013:09:14:05 +0100] "GET /images/freecall.jpg HTTP/1.1" 304 - "http://www.mink-gmbh.de/" "Mozilla/4.0 (compatible; MSIE 7.0; Windows NT 5.1; .NET CLR 1.1.4322; .NET CLR 2.0.50727; .NET CLR 3.0.4506.2152; .NET CLR 3.5.30729)"
82.193.235.130 - - [09/Mar/2013:09:14:05 +0100] "GET /images/mail.jpg HTTP/1.1" 304 - "http://www.mink-gmbh.de/" "Mozilla/4.0 (compatible; MSIE 7.0; Windows NT 5.1; .NET CLR 1.1.4322; .NET CLR 2.0.50727; .NET CLR 3.0.4506.2152; .NET CLR 3.5.30729)"
82.193.235.130 - - [09/Mar/2013:09:14:05 +0100] "GET /js_contentserver24_greybox/loader_frame.html?s=0 HTTP/1.1" 304 - "http://www.mink-gmbh.de/" "Mozilla/4.0 (compatible; MSIE 7.0; Windows NT 5.1; .NET CLR 1.1.4322; .NET CLR 2.0.50727; .NET CLR 3.0.4506.2152; .NET CLR 3.5.30729)"
82.193.235.130 - - [09/Mar/2013:09:14:05 +0100] "GET /images/kwk.gif HTTP/1.1" 304 - "http://www.mink-gmbh.de/" "Mozilla/4.0 (compatible; MSIE 7.0; Windows NT 5.1; .NET CLR 1.1.4322; .NET CLR 2.0.50727; .NET CLR 3.0.4506.2152; .NET CLR 3.5.30729)"
82.193.235.130 - - [09/Mar/2013:09:14:05 +0100] "GET /images/wunschpreis.jpg HTTP/1.1" 304 - "http://www.mink-gmbh.de/" "Mozilla/4.0 (compatible; MSIE 7.0; Windows NT 5.1; .NET CLR 1.1.4322; .NET CLR 2.0.50727; .NET CLR 3.0.4506.2152; .NET CLR 3.5.30729)"
82.193.235.130 - - [09/Mar/2013:09:14:05 +0100] "GET /images/logos.jpg HTTP/1.1" 304 - "http://www.mink-gmbh.de/" "Mozilla/4.0 (compatible; MSIE 7.0; Windows NT 5.1; .NET CLR 1.1.4322; .NET CLR 2.0.50727; .NET CLR 3.0.4506.2152; .NET CLR 3.5.30729)"
82.193.235.130 - - [09/Mar/2013:09:14:05 +0100] "GET /images/footerbg.jpg HTTP/1.1" 304 - "http://www.mink-gmbh.de/" "Mozilla/4.0 (compatible; MSIE 7.0; Windows NT 5.1; .NET CLR 1.1.4322; .NET CLR 2.0.50727; .NET CLR 3.0.4506.2152; .NET CLR 3.5.30729)"
82.193.235.130 - - [09/Mar/2013:09:14:05 +0100] "GET /js_contentserver24_greybox/indicator.gif HTTP/1.1" 304 - "http://www.mink-gmbh.de/js_contentserver24_greybox/loader_frame.html?s=0" "Mozilla/4.0 (compatible; MSIE 7.0; Windows NT 5.1; .NET CLR 1.1.4322; .NET CLR 2.0.50727; .NET CLR 3.0.4506.2152; .NET CLR 3.5.30729)"
82.193.235.130 - - [09/Mar/2013:09:14:06 +0100] "GET /js_contentserver24_greybox/g_close.gif HTTP/1.1" 304 - "http://www.mink-gmbh.de/" "Mozilla/4.0 (compatible; MSIE 7.0; Windows NT 5.1; .NET CLR 1.1.4322; .NET CLR 2.0.50727; .NET CLR 3.0.4506.2152; .NET CLR 3.5.30729)"
93.214.245.89 - - [09/Mar/2013:09:17:16 +0100] "GET /style.css HTTP/1.1" 200 8418 "http://www.mink-gmbh.de/" "Mozilla/5.0 (Windows NT 6.0) AppleWebKit/537.22 (KHTML, like Gecko) Chrome/25.0.1364.152 Safari/537.22"
93.214.245.89 - - [09/Mar/2013:09:17:16 +0100] "GET /js_contentserver24_greybox/gb_styles.css HTTP/1.1" 200 2302 "http://www.mink-gmbh.de/" "Mozilla/5.0 (Windows NT 6.0) AppleWebKit/537.22 (KHTML, like Gecko) Chrome/25.0.1364.152 Safari/537.22"
93.214.245.89 - - [09/Mar/2013:09:17:16 +0100] "GET /js_contentserver24_greybox/AJS.js HTTP/1.1" 200 10396 "http://www.mink-gmbh.de/" "Mozilla/5.0 (Windows NT 6.0) AppleWebKit/537.22 (KHTML, like Gecko) Chrome/25.0.1364.152 Safari/537.22"
93.214.245.89 - - [09/Mar/2013:09:17:16 +0100] "GET /js_contentserver24_greybox/AJS_fx.js HTTP/1.1" 200 3192 "http://www.mink-gmbh.de/" "Mozilla/5.0 (Windows NT 6.0) AppleWebKit/537.22 (KHTML, like Gecko) Chrome/25.0.1364.152 Safari/537.22"
93.214.245.89 - - [09/Mar/2013:09:17:16 +0100] "GET /js_contentserver24_greybox/gb_scripts.js HTTP/1.1" 200 11913 "http://www.mink-gmbh.de/" "Mozilla/5.0 (Windows NT 6.0) AppleWebKit/537.22 (KHTML, like Gecko) Chrome/25.0.1364.152 Safari/537.22"
93.214.245.89 - - [09/Mar/2013:09:17:16 +0100] "GET /modul.css HTTP/1.1" 200 35038 "http://www.mink-gmbh.de/" "Mozilla/5.0 (Windows NT 6.0) AppleWebKit/537.22 (KHTML, like Gecko) Chrome/25.0.1364.152 Safari/537.22"
93.214.245.89 - - [09/Mar/2013:09:17:16 +0100] "GET /images/bg.jpg HTTP/1.1" 200 345 "http://www.mink-gmbh.de/" "Mozilla/5.0 (Windows NT 6.0) AppleWebKit/537.22 (KHTML, like Gecko) Chrome/25.0.1364.152 Safari/537.22"
93.214.245.89 - - [09/Mar/2013:09:17:16 +0100] "GET /images/newsletter.png HTTP/1.1" 200 14619 "http://www.mink-gmbh.de/" "Mozilla/5.0 (Windows NT 6.0) AppleWebKit/537.22 (KHTML, like Gecko) Chrome/25.0.1364.152 Safari/537.22"
93.214.245.89 - - [09/Mar/2013:09:17:16 +0100] "GET /js_contentserver24_greybox/w_close.gif HTTP/1.1" 200 74 "http://www.mink-gmbh.de/" "Mozilla/5.0 (Windows NT 6.0) AppleWebKit/537.22 (KHTML, like Gecko) Chrome/25.0.1364.152 Safari/537.22"
93.214.245.89 - - [09/Mar/2013:09:17:16 +0100] "GET /images/close.png HTTP/1.1" 200 703 "http://www.mink-gmbh.de/" "Mozilla/5.0 (Windows NT 6.0) AppleWebKit/537.22 (KHTML, like Gecko) Chrome/25.0.1364.152 Safari/537.22"
93.214.245.89 - - [09/Mar/2013:09:17:16 +0100] "GET /images/newsletter_bg.jpg HTTP/1.1" 200 33610 "http://www.mink-gmbh.de/" "Mozilla/5.0 (Windows NT 6.0) AppleWebKit/537.22 (KHTML, like Gecko) Chrome/25.0.1364.152 Safari/537.22"
93.214.245.89 - - [09/Mar/2013:09:17:16 +0100] "GET /images/wrapperbg.jpg HTTP/1.1" 200 27465 "http://www.mink-gmbh.de/" "Mozilla/5.0 (Windows NT 6.0) AppleWebKit/537.22 (KHTML, like Gecko) Chrome/25.0.1364.152 Safari/537.22"
93.214.245.89 - - [09/Mar/2013:09:17:16 +0100] "GET /images/navibg.png HTTP/1.1" 200 2803 "http://www.mink-gmbh.de/" "Mozilla/5.0 (Windows NT 6.0) AppleWebKit/537.22 (KHTML, like Gecko) Chrome/25.0.1364.152 Safari/537.22"
93.214.245.89 - - [09/Mar/2013:09:17:16 +0100] "GET /images/header.jpg HTTP/1.1" 200 24413 "http://www.mink-gmbh.de/" "Mozilla/5.0 (Windows NT 6.0) AppleWebKit/537.22 (KHTML, like Gecko) Chrome/25.0.1364.152 Safari/537.22"
93.214.245.89 - - [09/Mar/2013:09:17:16 +0100] "GET /images/steigend.png HTTP/1.1" 200 688 "http://www.mink-gmbh.de/" "Mozilla/5.0 (Windows NT 6.0) AppleWebKit/537.22 (KHTML, like Gecko) Chrome/25.0.1364.152 Safari/537.22"
93.214.245.89 - - [09/Mar/2013:09:17:16 +0100] "GET /images/fallend.png HTTP/1.1" 200 713 "http://www.mink-gmbh.de/" "Mozilla/5.0 (Windows NT 6.0) AppleWebKit/537.22 (KHTML, like Gecko) Chrome/25.0.1364.152 Safari/537.22"
93.214.245.89 - - [09/Mar/2013:09:17:16 +0100] "GET /images/mobil.jpg HTTP/1.1" 200 25293 "http://www.mink-gmbh.de/" "Mozilla/5.0 (Windows NT 6.0) AppleWebKit/537.22 (KHTML, like Gecko) Chrome/25.0.1364.152 Safari/537.22"
93.214.245.89 - - [09/Mar/2013:09:17:16 +0100] "GET /images/newsletter.jpg HTTP/1.1" 200 13130 "http://www.mink-gmbh.de/" "Mozilla/5.0 (Windows NT 6.0) AppleWebKit/537.22 (KHTML, like Gecko) Chrome/25.0.1364.152 Safari/537.22"
93.214.245.89 - - [09/Mar/2013:09:17:16 +0100] "GET /images/tkw.jpg HTTP/1.1" 200 64031 "http://www.mink-gmbh.de/" "Mozilla/5.0 (Windows NT 6.0) AppleWebKit/537.22 (KHTML, like Gecko) Chrome/25.0.1364.152 Safari/537.22"
93.214.245.89 - - [09/Mar/2013:09:17:16 +0100] "GET / HTTP/1.1" 200 15324 "-" "Mozilla/5.0 (Windows NT 6.0) AppleWebKit/537.22 (KHTML, like Gecko) Chrome/25.0.1364.152 Safari/537.22"
93.214.245.89 - - [09/Mar/2013:09:17:17 +0100] "GET /images/freecall.jpg HTTP/1.1" 200 39195 "http://www.mink-gmbh.de/" "Mozilla/5.0 (Windows NT 6.0) AppleWebKit/537.22 (KHTML, like Gecko) Chrome/25.0.1364.152 Safari/537.22"
93.214.245.89 - - [09/Mar/2013:09:17:17 +0100] "GET /images/mail.jpg HTTP/1.1" 200 11165 "http://www.mink-gmbh.de/" "Mozilla/5.0 (Windows NT 6.0) AppleWebKit/537.22 (KHTML, like Gecko) Chrome/25.0.1364.152 Safari/537.22"
93.214.245.89 - - [09/Mar/2013:09:17:17 +0100] "GET /images/kwk.gif HTTP/1.1" 200 6403 "http://www.mink-gmbh.de/" "Mozilla/5.0 (Windows NT 6.0) AppleWebKit/537.22 (KHTML, like Gecko) Chrome/25.0.1364.152 Safari/537.22"
93.214.245.89 - - [09/Mar/2013:09:17:17 +0100] "GET /images/wunschpreis.jpg HTTP/1.1" 200 16767 "http://www.mink-gmbh.de/" "Mozilla/5.0 (Windows NT 6.0) AppleWebKit/537.22 (KHTML, like Gecko) Chrome/25.0.1364.152 Safari/537.22"
93.214.245.89 - - [09/Mar/2013:09:17:17 +0100] "GET /images/logos.jpg HTTP/1.1" 200 15002 "http://www.mink-gmbh.de/" "Mozilla/5.0 (Windows NT 6.0) AppleWebKit/537.22 (KHTML, like Gecko) Chrome/25.0.1364.152 Safari/537.22"
93.214.245.89 - - [09/Mar/2013:09:17:17 +0100] "GET /images/footerbg.jpg HTTP/1.1" 200 2184 "http://www.mink-gmbh.de/" "Mozilla/5.0 (Windows NT 6.0) AppleWebKit/537.22 (KHTML, like Gecko) Chrome/25.0.1364.152 Safari/537.22"
93.214.245.89 - - [09/Mar/2013:09:17:17 +0100] "GET /js_contentserver24_greybox/loader_frame.html?s=0 HTTP/1.1" 200 2084 "http://www.mink-gmbh.de/" "Mozilla/5.0 (Windows NT 6.0) AppleWebKit/537.22 (KHTML, like Gecko) Chrome/25.0.1364.152 Safari/537.22"
93.214.245.89 - - [09/Mar/2013:09:17:17 +0100] "GET /js_contentserver24_greybox/header_bg.gif HTTP/1.1" 200 1188 "http://www.mink-gmbh.de/" "Mozilla/5.0 (Windows NT 6.0) AppleWebKit/537.22 (KHTML, like Gecko) Chrome/25.0.1364.152 Safari/537.22"
93.214.245.89 - - [09/Mar/2013:09:17:17 +0100] "GET /js_contentserver24_greybox/indicator.gif HTTP/1.1" 200 8238 "http://www.mink-gmbh.de/js_contentserver24_greybox/loader_frame.html?s=0" "Mozilla/5.0 (Windows NT 6.0) AppleWebKit/537.22 (KHTML, like Gecko) Chrome/25.0.1364.152 Safari/537.22"
93.214.245.89 - - [09/Mar/2013:09:17:17 +0100] "GET /js_contentserver24_greybox/g_close.gif HTTP/1.1" 200 541 "http://www.mink-gmbh.de/" "Mozilla/5.0 (Windows NT 6.0) AppleWebKit/537.22 (KHTML, like Gecko) Chrome/25.0.1364.152 Safari/537.22"
93.214.245.89 - - [09/Mar/2013:09:17:17 +0100] "GET /favicon.ico HTTP/1.1" 200 3638 "-" "Mozilla/5.0 (Windows NT 6.0) AppleWebKit/537.22 (KHTML, like Gecko) Chrome/25.0.1364.152 Safari/537.22"
93.214.245.89 - - [09/Mar/2013:09:18:01 +0100] "GET /kontakt.php HTTP/1.1" 200 9111 "http://www.mink-gmbh.de/" "Mozilla/5.0 (Windows NT 6.0) AppleWebKit/537.22 (KHTML, like Gecko) Chrome/25.0.1364.152 Safari/537.22"
93.214.245.89 - - [09/Mar/2013:09:23:16 +0100] "POST /kontakt.php HTTP/1.1" 200 7235 "http://www.mink-gmbh.de/kontakt.php" "Mozilla/5.0 (Windows NT 6.0) AppleWebKit/537.22 (KHTML, like Gecko) Chrome/25.0.1364.152 Safari/537.22"
81.30.151.218 - - [09/Mar/2013:09:28:24 +0100] "GET /robots.txt HTTP/1.1" 200 177 "-" "Pixray-Seeker/2.0 (Pixray-Seeker; +http://www.pixray.com/pixraybot; +crawler@pixray.com)"
81.30.151.218 - - [09/Mar/2013:09:28:24 +0100] "GET /news.php?cs_go=archiv&cs_id=2295&cs_search= HTTP/1.1" 200 7887 "-" "Pixray-Seeker/2.0 (Pixray-Seeker; +http://www.pixray.com/pixraybot; +crawler@pixray.com)"
81.30.151.218 - - [09/Mar/2013:09:29:00 +0100] "GET /news.php?cs_go=archiv&cs_startpos=581 HTTP/1.1" 200 8125 "-" "Pixray-Seeker/2.0 (Pixray-Seeker; +http://www.pixray.com/pixraybot; +crawler@pixray.com)"
81.30.151.218 - - [09/Mar/2013:09:32:29 +0100] "GET /lexikon.php?cs_go=3&cs_id=193 HTTP/1.1" 200 8007 "-" "Pixray-Seeker/2.0 (Pixray-Seeker; +http://www.pixray.com/pixraybot; +crawler@pixray.com)"
66.249.76.49 - - [09/Mar/2013:09:40:40 +0100] "GET /news.php?cs_go=archiv&cs_startpos=160 HTTP/1.1" 200 22921 "-" "Mozilla/5.0 (compatible; Googlebot/2.1; +http://www.google.com/bot.html)"
81.30.151.218 - - [09/Mar/2013:09:45:12 +0100] "GET /lexikon.php?cs_go=3&cs_id=166 HTTP/1.1" 200 9191 "-" "Pixray-Seeker/2.0 (Pixray-Seeker; +http://www.pixray.com/pixraybot; +crawler@pixray.com)"
81.30.151.218 - - [09/Mar/2013:09:45:13 +0100] "GET /news.php?cs_go=archiv&cs_startpos=1421 HTTP/1.1" 200 8126 "-" "Pixray-Seeker/2.0 (Pixray-Seeker; +http://www.pixray.com/pixraybot; +crawler@pixray.com)"
81.30.151.218 - - [09/Mar/2013:09:53:06 +0100] "GET /news.php?cs_go=archiv&cs_id=2532&cs_search= HTTP/1.1" 200 7887 "-" "Pixray-Seeker/2.0 (Pixray-Seeker; +http://www.pixray.com/pixraybot; +crawler@pixray.com)"
66.249.76.49 - - [09/Mar/2013:09:59:47 +0100] "GET /news.php?cs_go=archiv&cs_id=3361&cs_search= HTTP/1.1" 200 13441 "-" "Mozilla/5.0 (compatible; Googlebot/2.1; +http://www.google.com/bot.html)"
199.30.20.21 - - [09/Mar/2013:10:06:40 +0100] "GET /robots.txt HTTP/1.1" 200 177 "-" "msnbot-media/1.1 (+http://search.msn.com/msnbot.htm)"
199.30.20.21 - - [09/Mar/2013:10:06:40 +0100] "GET /images/Optiseite.jpg HTTP/1.1" 200 32107 "-" "msnbot-media/1.1 (+http://search.msn.com/msnbot.htm)"
81.30.151.218 - - [09/Mar/2013:10:08:15 +0100] "GET /news.php?cs_go=archiv&cs_startpos=1070 HTTP/1.1" 200 8126 "-" "Pixray-Seeker/2.0 (Pixray-Seeker; +http://www.pixray.com/pixraybot; +crawler@pixray.com)"
81.30.151.218 - - [09/Mar/2013:10:09:59 +0100] "GET /news.php?cs_go=archiv&cs_startpos=951 HTTP/1.1" 200 8125 "-" "Pixray-Seeker/2.0 (Pixray-Seeker; +http://www.pixray.com/pixraybot; +crawler@pixray.com)"
66.249.76.49 - - [09/Mar/2013:10:12:41 +0100] "GET /news.php?cs_go=archiv&cs_startpos=11 HTTP/1.1" 200 22256 "-" "Mozilla/5.0 (compatible; Googlebot/2.1; +http://www.google.com/bot.html)"
81.30.151.218 - - [09/Mar/2013:10:24:46 +0100] "GET /news.php?cs_go=archiv&cs_id=2200&cs_search= HTTP/1.1" 200 7887 "-" "Pixray-Seeker/2.0 (Pixray-Seeker; +http://www.pixray.com/pixraybot; +crawler@pixray.com)"
81.30.151.218 - - [09/Mar/2013:10:31:50 +0100] "GET /news.php?cs_go=archiv&cs_startpos=870 HTTP/1.1" 200 8125 "-" "Pixray-Seeker/2.0 (Pixray-Seeker; +http://www.pixray.com/pixraybot; +crawler@pixray.com)"
66.249.76.49 - - [09/Mar/2013:10:32:17 +0100] "GET /news.php?cs_go=archiv&cs_id=3834 HTTP/1.1" 200 12694 "-" "Mozilla/5.0 (compatible; Googlebot/2.1; +http://www.google.com/bot.html)"
66.249.76.49 - - [09/Mar/2013:10:39:04 +0100] "GET /news.php?cs_go=archiv&cs_id=3301&cs_search= HTTP/1.1" 200 12773 "-" "Mozilla/5.0 (compatible; Googlebot/2.1; +http://www.google.com/bot.html)"
81.30.151.218 - - [09/Mar/2013:10:39:53 +0100] "GET /news.php?cs_go=archiv&cs_id=3070&cs_search= HTTP/1.1" 200 13734 "-" "Pixray-Seeker/2.0 (Pixray-Seeker; +http://www.pixray.com/pixraybot; +crawler@pixray.com)"
208.115.113.91 - - [09/Mar/2013:10:49:45 +0100] "GET /kwk.php HTTP/1.1" 200 10884 "-" "Mozilla/5.0 (compatible; Ezooms/1.0; ezooms.bot@gmail.com)"
123.125.71.19 - - [09/Mar/2013:10:51:44 +0100] "GET /robots.txt HTTP/1.1" 200 177 "-" "Mozilla/5.0 (Windows NT 5.1; rv:6.0.2) Gecko/20100101 Firefox/6.0.2"
81.30.151.218 - - [09/Mar/2013:10:56:59 +0100] "GET /news.php?cs_go=archiv&cs_id=3692 HTTP/1.1" 200 9857 "-" "Pixray-Seeker/2.0 (Pixray-Seeker; +http://www.pixray.com/pixraybot; +crawler@pixray.com)"
81.30.151.218 - - [09/Mar/2013:11:11:08 +0100] "GET /news.php?cs_go=archiv&cs_id=3532&cs_search= HTTP/1.1" 200 11710 "-" "Pixray-Seeker/2.0 (Pixray-Seeker; +http://www.pixray.com/pixraybot; +crawler@pixray.com)"
81.30.151.218 - - [09/Mar/2013:11:21:53 +0100] "GET /news.php?cs_go=archiv&cs_id=3471&cs_search= HTTP/1.1" 200 10175 "-" "Pixray-Seeker/2.0 (Pixray-Seeker; +http://www.pixray.com/pixraybot; +crawler@pixray.com)"
81.30.151.218 - - [09/Mar/2013:11:49:42 +0100] "GET /robots.txt HTTP/1.1" 200 177 "-" "Pixray-Seeker/2.0 (Pixray-Seeker; +http://www.pixray.com/pixraybot; +crawler@pixray.com)"
81.30.151.218 - - [09/Mar/2013:11:49:42 +0100] "GET /news.php?cs_go=archiv&cs_id=3284&cs_search= HTTP/1.1" 200 13781 "-" "Pixray-Seeker/2.0 (Pixray-Seeker; +http://www.pixray.com/pixraybot; +crawler@pixray.com)"
220.181.108.165 - - [09/Mar/2013:11:50:57 +0100] "GET /images/logos.jpg HTTP/1.1" 200 15002 "http://image.baidu.com/i?ct=503316480&z=0&tn=baiduimagedetail" "Baiduspider-image+(+http://www.baidu.com/search/spider.htm)"
81.30.151.218 - - [09/Mar/2013:11:52:35 +0100] "GET /news.php?cs_go=archiv&cs_id=3001&cs_search= HTTP/1.1" 200 11294 "-" "Pixray-Seeker/2.0 (Pixray-Seeker; +http://www.pixray.com/pixraybot; +crawler@pixray.com)"
81.30.151.218 - - [09/Mar/2013:11:53:33 +0100] "GET /lexikon.php?cs_go=3&cs_id=116 HTTP/1.1" 200 9366 "-" "Pixray-Seeker/2.0 (Pixray-Seeker; +http://www.pixray.com/pixraybot; +crawler@pixray.com)"
81.30.151.218 - - [09/Mar/2013:11:55:01 +0100] "GET /news.php?cs_go=archiv&cs_id=3295&cs_search= HTTP/1.1" 200 13533 "-" "Pixray-Seeker/2.0 (Pixray-Seeker; +http://www.pixray.com/pixraybot; +crawler@pixray.com)"
81.30.151.218 - - [09/Mar/2013:12:04:30 +0100] "GET /news.php?cs_go=archiv&cs_id=2864&cs_search= HTTP/1.1" 200 10211 "-" "Pixray-Seeker/2.0 (Pixray-Seeker; +http://www.pixray.com/pixraybot; +crawler@pixray.com)"
81.30.151.218 - - [09/Mar/2013:12:29:09 +0100] "GET /lexikon.php?cs_go=3&cs_id=170 HTTP/1.1" 200 9424 "-" "Pixray-Seeker/2.0 (Pixray-Seeker; +http://www.pixray.com/pixraybot; +crawler@pixray.com)"
81.30.151.218 - - [09/Mar/2013:12:31:42 +0100] "GET /lexikon.php?cs_go=2&cs_char=h HTTP/1.1" 200 8800 "-" "Pixray-Seeker/2.0 (Pixray-Seeker; +http://www.pixray.com/pixraybot; +crawler@pixray.com)"
37.140.141.34 - - [09/Mar/2013:12:33:01 +0100] "GET /robots.txt HTTP/1.1" 200 177 "-" "Mozilla/5.0 (compatible; YandexImages/3.0; +http://yandex.com/bots)"
208.115.113.91 - - [09/Mar/2013:12:38:27 +0100] "GET /robots.txt HTTP/1.1" 200 177 "-" "Mozilla/5.0 (compatible; Ezooms/1.0; ezooms.bot@gmail.com)"
66.249.76.49 - - [09/Mar/2013:12:40:29 +0100] "GET / HTTP/1.1" 200 15324 "-" "DoCoMo/2.0 N905i(c100;TB;W24H16) (compatible; Googlebot-Mobile/2.1; +http://www.google.com/bot.html)"
81.30.151.218 - - [09/Mar/2013:12:41:05 +0100] "GET /news.php?cs_go=archiv&cs_id=2760&cs_search= HTTP/1.1" 200 11131 "-" "Pixray-Seeker/2.0 (Pixray-Seeker; +http://www.pixray.com/pixraybot; +crawler@pixray.com)"
81.30.151.218 - - [09/Mar/2013:12:58:23 +0100] "GET /lexikon.php?cs_go=3&cs_id=214 HTTP/1.1" 200 8139 "-" "Pixray-Seeker/2.0 (Pixray-Seeker; +http://www.pixray.com/pixraybot; +crawler@pixray.com)"
141.8.147.12 - - [09/Mar/2013:13:01:20 +0100] "GET /images/RAL_Guetezeichen_Energiehandel.pdf HTTP/1.1" 200 288367 "-" "Mozilla/5.0 (compatible; YandexBot/3.0; +http://yandex.com/bots)"
81.30.151.218 - - [09/Mar/2013:13:04:11 +0100] "GET /news.php?cs_go=archiv&cs_id=2559&cs_search= HTTP/1.1" 200 7887 "-" "Pixray-Seeker/2.0 (Pixray-Seeker; +http://www.pixray.com/pixraybot; +crawler@pixray.com)"
81.30.151.218 - - [09/Mar/2013:13:05:42 +0100] "GET /lexikon.php?cs_go=3&cs_id=161 HTTP/1.1" 200 8023 "-" "Pixray-Seeker/2.0 (Pixray-Seeker; +http://www.pixray.com/pixraybot; +crawler@pixray.com)"
81.30.151.218 - - [09/Mar/2013:13:24:57 +0100] "GET /news.php?cs_go=archiv&cs_id=2750&cs_search= HTTP/1.1" 200 13712 "-" "Pixray-Seeker/2.0 (Pixray-Seeker; +http://www.pixray.com/pixraybot; +crawler@pixray.com)"
38.229.70.44 - - [09/Mar/2013:13:27:43 +0100] "GET / HTTP/1.0" 200 15327 "-" "Mozilla/5.0 (Windows NT 6.1; WOW64; rv:18.0) Gecko/20100101 Firefox/18.0"
182.118.20.216 - - [09/Mar/2013:13:36:25 +0100] "GET /news.php?cs_go=archiv&cs_id=3743 HTTP/1.1" 200 10811 "http://www.mink-gmbh.de/news.php?cs_go=archiv&cs_id=3743" "Mozilla/5.0 (Windows; U; Windows NT 5.1; zh-CN; rv:1.8.0.11) Gecko/20070312 Firefox/1.5.0.11; 360Spider"
182.118.20.217 - - [09/Mar/2013:13:36:25 +0100] "GET /agb.php HTTP/1.1" 200 19709 "http://www.mink-gmbh.de/agb.php" "Mozilla/5.0 (Windows; U; Windows NT 5.1; zh-CN; rv:1.8.0.11) Gecko/20070312 Firefox/1.5.0.11; 360Spider"
182.118.20.219 - - [09/Mar/2013:13:36:31 +0100] "GET /kontakt.php HTTP/1.1" 200 9198 "http://www.mink-gmbh.de/kontakt.php" "Mozilla/5.0 (Windows; U; Windows NT 5.1; zh-CN; rv:1.8.0.11) Gecko/20070312 Firefox/1.5.0.11; 360Spider"
182.118.20.216 - - [09/Mar/2013:13:36:31 +0100] "GET /news.php?cs_go=archiv&cs_id=3742 HTTP/1.1" 200 12415 "http://www.mink-gmbh.de/news.php?cs_go=archiv&cs_id=3742" "Mozilla/5.0 (Windows; U; Windows NT 5.1; zh-CN; rv:1.8.0.11) Gecko/20070312 Firefox/1.5.0.11; 360Spider"
182.118.20.218 - - [09/Mar/2013:13:36:40 +0100] "GET /news.php?cs_go=archiv&cs_id=3741 HTTP/1.1" 200 16831 "http://www.mink-gmbh.de/news.php?cs_go=archiv&cs_id=3741" "Mozilla/5.0 (Windows; U; Windows NT 5.1; zh-CN; rv:1.8.0.11) Gecko/20070312 Firefox/1.5.0.11; 360Spider"
81.30.151.218 - - [09/Mar/2013:13:38:40 +0100] "GET /news.php?cs_go=archiv&cs_id=3988&cs_search= HTTP/1.1" 200 10101 "-" "Pixray-Seeker/2.0 (Pixray-Seeker; +http://www.pixray.com/pixraybot; +crawler@pixray.com)"
81.30.151.218 - - [09/Mar/2013:13:39:53 +0100] "GET /lexikon.php?cs_go=3&cs_id=133 HTTP/1.1" 200 8732 "-" "Pixray-Seeker/2.0 (Pixray-Seeker; +http://www.pixray.com/pixraybot; +crawler@pixray.com)"
182.118.20.211 - - [09/Mar/2013:13:41:17 +0100] "GET /news.php?cs_go=archiv HTTP/1.1" 200 22001 "http://www.mink-gmbh.de/news.php?cs_go=archiv" "Mozilla/5.0 (Windows; U; Windows NT 5.1; zh-CN; rv:1.8.0.11) Gecko/20070312 Firefox/1.5.0.11; 360Spider"
182.118.25.225 - - [09/Mar/2013:13:41:56 +0100] "GET /standard.php HTTP/1.1" 200 9218 "http://www.mink-gmbh.de/standard.php" "Mozilla/5.0 (Windows; U; Windows NT 5.1; zh-CN; rv:1.8.0.11) Gecko/20070312 Firefox/1.5.0.11; 360Spider"
182.118.25.221 - - [09/Mar/2013:13:41:56 +0100] "GET /wunschpreis.php HTTP/1.1" 200 12084 "http://www.mink-gmbh.de/wunschpreis.php" "Mozilla/5.0 (Windows; U; Windows NT 5.1; zh-CN; rv:1.8.0.11) Gecko/20070312 Firefox/1.5.0.11; 360Spider"
182.118.25.223 - - [09/Mar/2013:13:41:56 +0100] "GET /news.php?cs_go=archiv&cs_id=3872 HTTP/1.1" 200 9923 "http://www.mink-gmbh.de/news.php?cs_go=archiv&cs_id=3872" "Mozilla/5.0 (Windows; U; Windows NT 5.1; zh-CN; rv:1.8.0.11) Gecko/20070312 Firefox/1.5.0.11; 360Spider"
182.118.25.224 - - [09/Mar/2013:13:41:56 +0100] "GET /jobs.php HTTP/1.1" 200 10090 "http://www.mink-gmbh.de/jobs.php" "Mozilla/5.0 (Windows; U; Windows NT 5.1; zh-CN; rv:1.8.0.11) Gecko/20070312 Firefox/1.5.0.11; 360Spider"
182.118.25.223 - - [09/Mar/2013:13:41:56 +0100] "GET /news.php HTTP/1.1" 200 22001 "http://www.mink-gmbh.de/news.php" "Mozilla/5.0 (Windows; U; Windows NT 5.1; zh-CN; rv:1.8.0.11) Gecko/20070312 Firefox/1.5.0.11; 360Spider"
182.118.25.223 - - [09/Mar/2013:13:42:03 +0100] "GET /impressum.php HTTP/1.1" 200 8582 "http://www.mink-gmbh.de/impressum.php" "Mozilla/5.0 (Windows; U; Windows NT 5.1; zh-CN; rv:1.8.0.11) Gecko/20070312 Firefox/1.5.0.11; 360Spider"
182.118.25.222 - - [09/Mar/2013:13:42:03 +0100] "GET /rueckrufservice.php HTTP/1.1" 200 10770 "http://www.mink-gmbh.de/rueckrufservice.php" "Mozilla/5.0 (Windows; U; Windows NT 5.1; zh-CN; rv:1.8.0.11) Gecko/20070312 Firefox/1.5.0.11; 360Spider"
182.118.25.222 - - [09/Mar/2013:13:42:09 +0100] "GET /kwk.php HTTP/1.1" 200 10884 "http://www.mink-gmbh.de/kwk.php" "Mozilla/5.0 (Windows; U; Windows NT 5.1; zh-CN; rv:1.8.0.11) Gecko/20070312 Firefox/1.5.0.11; 360Spider"
182.118.25.225 - - [09/Mar/2013:13:42:09 +0100] "GET /preisanfrage.php HTTP/1.1" 200 10734 "http://www.mink-gmbh.de/preisanfrage.php" "Mozilla/5.0 (Windows; U; Windows NT 5.1; zh-CN; rv:1.8.0.11) Gecko/20070312 Firefox/1.5.0.11; 360Spider"
182.118.25.225 - - [09/Mar/2013:13:42:19 +0100] "GET /optiplus.php HTTP/1.1" 200 11100 "http://www.mink-gmbh.de/optiplus.php" "Mozilla/5.0 (Windows; U; Windows NT 5.1; zh-CN; rv:1.8.0.11) Gecko/20070312 Firefox/1.5.0.11; 360Spider"
101.226.166.207 - - [09/Mar/2013:13:46:24 +0100] "GET /news.php?cs_go=archiv&cs_id=3871 HTTP/1.1" 200 13455 "http://www.mink-gmbh.de/news.php?cs_go=archiv&cs_id=3871" "Mozilla/4.0 (compatible; MSIE 8.0; Windows NT 6.1; Trident/4.0; SLCC2; .NET CLR 2.0.50727; .NET CLR 3.5.30729; .NET CLR 3.0.30729; Media Center PC 6.0; MDDR; .NET4.0C; .NET4.0E; .NET CLR 1.1.4322; Tablet PC 2.0); 360Spider"
101.226.166.210 - - [09/Mar/2013:13:46:24 +0100] "GET /news.php?cs_go=archiv&cs_id=3868 HTTP/1.1" 200 11820 "http://www.mink-gmbh.de/news.php?cs_go=archiv&cs_id=3868" "Mozilla/4.0 (compatible; MSIE 8.0; Windows NT 6.1; Trident/4.0; SLCC2; .NET CLR 2.0.50727; .NET CLR 3.5.30729; .NET CLR 3.0.30729; Media Center PC 6.0; MDDR; .NET4.0C; .NET4.0E; .NET CLR 1.1.4322; Tablet PC 2.0); 360Spider"
101.226.166.208 - - [09/Mar/2013:13:46:24 +0100] "GET /news.php?cs_go=archiv&cs_id=3869 HTTP/1.1" 200 9386 "http://www.mink-gmbh.de/news.php?cs_go=archiv&cs_id=3869" "Mozilla/4.0 (compatible; MSIE 8.0; Windows NT 6.1; Trident/4.0; SLCC2; .NET CLR 2.0.50727; .NET CLR 3.5.30729; .NET CLR 3.0.30729; Media Center PC 6.0; MDDR; .NET4.0C; .NET4.0E; .NET CLR 1.1.4322; Tablet PC 2.0); 360Spider"
101.226.166.205 - - [09/Mar/2013:13:46:32 +0100] "GET /news.php?cs_go=archiv&cs_id=3744 HTTP/1.1" 200 12197 "http://www.mink-gmbh.de/news.php?cs_go=archiv&cs_id=3744" "Mozilla/4.0 (compatible; MSIE 8.0; Windows NT 6.1; Trident/4.0; SLCC2; .NET CLR 2.0.50727; .NET CLR 3.5.30729; .NET CLR 3.0.30729; Media Center PC 6.0; MDDR; .NET4.0C; .NET4.0E; .NET CLR 1.1.4322; Tablet PC 2.0); 360Spider"
182.118.20.202 - - [09/Mar/2013:13:47:04 +0100] "GET /newsletter.php HTTP/1.1" 200 8928 "http://www.mink-gmbh.de/newsletter.php" "Mozilla/5.0 (Windows; U; Windows NT 5.1; zh-CN; rv:1.8.0.11) Gecko/20070312 Firefox/1.5.0.11; 360Spider"
66.249.76.49 - - [09/Mar/2013:13:47:16 +0100] "GET /kontakt.php HTTP/1.1" 200 9198 "-" "SAMSUNG-SGH-E250/1.0 Profile/MIDP-2.0 Configuration/CLDC-1.1 UP.Browser/6.2.3.3.c.1.101 (GUI) MMP/2.0 (compatible; Googlebot-Mobile/2.1; +http://www.google.com/bot.html)"
81.30.151.218 - - [09/Mar/2013:14:01:12 +0100] "GET /news.php?cs_go=archiv&cs_startpos=491 HTTP/1.1" 200 8125 "-" "Pixray-Seeker/2.0 (Pixray-Seeker; +http://www.pixray.com/pixraybot; +crawler@pixray.com)"
81.30.151.218 - - [09/Mar/2013:14:01:33 +0100] "GET /news.php?cs_go=archiv&cs_id=1884&cs_search= HTTP/1.1" 200 7887 "-" "Pixray-Seeker/2.0 (Pixray-Seeker; +http://www.pixray.com/pixraybot; +crawler@pixray.com)"
81.30.151.218 - - [09/Mar/2013:14:08:18 +0100] "GET /news.php?cs_go=archiv&cs_id=2050&cs_search= HTTP/1.1" 200 7887 "-" "Pixray-Seeker/2.0 (Pixray-Seeker; +http://www.pixray.com/pixraybot; +crawler@pixray.com)"
81.30.151.218 - - [09/Mar/2013:14:17:37 +0100] "GET /news.php?cs_go=archiv&cs_id=3985&cs_search= HTTP/1.1" 200 9745 "-" "Pixray-Seeker/2.0 (Pixray-Seeker; +http://www.pixray.com/pixraybot; +crawler@pixray.com)"
66.249.76.49 - - [09/Mar/2013:14:27:06 +0100] "GET /news.php?cs_go=archiv&cs_id=2728 HTTP/1.1" 200 11530 "-" "Mozilla/5.0 (compatible; Googlebot/2.1; +http://www.google.com/bot.html)"
81.30.151.218 - - [09/Mar/2013:14:31:02 +0100] "GET /news.php?cs_go=archiv&cs_id=2021&cs_search= HTTP/1.1" 200 7887 "-" "Pixray-Seeker/2.0 (Pixray-Seeker; +http://www.pixray.com/pixraybot; +crawler@pixray.com)"
81.30.151.218 - - [09/Mar/2013:14:38:32 +0100] "GET /news.php?cs_go=archiv&cs_id=2100&cs_search= HTTP/1.1" 200 7887 "-" "Pixray-Seeker/2.0 (Pixray-Seeker; +http://www.pixray.com/pixraybot; +crawler@pixray.com)"
81.30.151.218 - - [09/Mar/2013:14:48:35 +0100] "GET /news.php?cs_go=archiv&cs_startpos=1091 HTTP/1.1" 200 8126 "-" "Pixray-Seeker/2.0 (Pixray-Seeker; +http://www.pixray.com/pixraybot; +crawler@pixray.com)"
81.30.151.218 - - [09/Mar/2013:14:51:46 +0100] "GET /news.php?cs_go=archiv&cs_id=3993&cs_search= HTTP/1.1" 200 13136 "-" "Pixray-Seeker/2.0 (Pixray-Seeker; +http://www.pixray.com/pixraybot; +crawler@pixray.com)"
208.115.113.91 - - [09/Mar/2013:14:52:07 +0100] "GET /news.php?cs_go=archiv&cs_id=3883&cs_search= HTTP/1.1" 200 10345 "-" "Mozilla/5.0 (compatible; Ezooms/1.0; ezooms.bot@gmail.com)"
208.115.113.91 - - [09/Mar/2013:14:52:17 +0100] "GET /news.php?cs_go=archiv&cs_id=3925&cs_search= HTTP/1.1" 200 10052 "-" "Mozilla/5.0 (compatible; Ezooms/1.0; ezooms.bot@gmail.com)"
81.30.151.218 - - [09/Mar/2013:14:54:36 +0100] "GET /news.php?cs_go=archiv&cs_startpos=1250 HTTP/1.1" 200 8126 "-" "Pixray-Seeker/2.0 (Pixray-Seeker; +http://www.pixray.com/pixraybot; +crawler@pixray.com)"
8.28.16.254 - - [09/Mar/2013:15:00:09 +0100] "GET / HTTP/1.1" 200 5524 "-" "Mozilla/4.0 (compatible;)"
81.30.151.218 - - [09/Mar/2013:15:22:22 +0100] "GET /news.php?cs_go=archiv&cs_id=2276&cs_search= HTTP/1.1" 200 7887 "-" "Pixray-Seeker/2.0 (Pixray-Seeker; +http://www.pixray.com/pixraybot; +crawler@pixray.com)"
81.30.151.218 - - [09/Mar/2013:15:22:54 +0100] "GET /robots.txt HTTP/1.1" 200 177 "-" "Pixray-Seeker/2.0 (Pixray-Seeker; +http://www.pixray.com/pixraybot; +crawler@pixray.com)"
81.30.151.218 - - [09/Mar/2013:15:22:54 +0100] "GET /news.php?cs_go=archiv&cs_startpos=1061 HTTP/1.1" 200 8126 "-" "Pixray-Seeker/2.0 (Pixray-Seeker; +http://www.pixray.com/pixraybot; +crawler@pixray.com)"
81.30.151.218 - - [09/Mar/2013:15:26:56 +0100] "GET /news.php?cs_go=archiv&cs_id=2058&cs_search= HTTP/1.1" 200 7887 "-" "Pixray-Seeker/2.0 (Pixray-Seeker; +http://www.pixray.com/pixraybot; +crawler@pixray.com)"
65.36.241.79 - - [09/Mar/2013:15:31:00 +0100] "HEAD / HTTP/1.1" 200 - "-" "InternetSeer.com"
123.125.71.51 - - [09/Mar/2013:15:32:08 +0100] "GET / HTTP/1.1" 200 13350 "-" "Mozilla/5.0 (compatible; Baiduspider/2.0; +http://www.baidu.com/search/spider.html)"
220.181.108.80 - - [09/Mar/2013:15:32:11 +0100] "GET / HTTP/1.1" 200 10235 "-" "Mozilla/5.0 (compatible; Baiduspider/2.0; +http://www.baidu.com/search/spider.html)"
81.30.151.218 - - [09/Mar/2013:15:35:44 +0100] "GET /news.php?cs_go=archiv&cs_id=2724&cs_search= HTTP/1.1" 200 13865 "-" "Pixray-Seeker/2.0 (Pixray-Seeker; +http://www.pixray.com/pixraybot; +crawler@pixray.com)"
66.249.76.49 - - [09/Mar/2013:15:44:26 +0100] "GET /kwk.php HTTP/1.1" 200 10884 "-" "DoCoMo/2.0 N905i(c100;TB;W24H16) (compatible; Googlebot-Mobile/2.1; +http://www.google.com/bot.html)"
81.30.151.218 - - [09/Mar/2013:15:50:20 +0100] "GET /news.php?cs_go=archiv&cs_id=2326&cs_search= HTTP/1.1" 200 7887 "-" "Pixray-Seeker/2.0 (Pixray-Seeker; +http://www.pixray.com/pixraybot; +crawler@pixray.com)"
81.30.151.218 - - [09/Mar/2013:15:59:13 +0100] "GET /news.php?cs_go=archiv&cs_id=2556&cs_search= HTTP/1.1" 200 7887 "-" "Pixray-Seeker/2.0 (Pixray-Seeker; +http://www.pixray.com/pixraybot; +crawler@pixray.com)"
81.30.151.218 - - [09/Mar/2013:16:00:44 +0100] "GET /news.php?cs_go=archiv&cs_id=1680&cs_search= HTTP/1.1" 200 7887 "-" "Pixray-Seeker/2.0 (Pixray-Seeker; +http://www.pixray.com/pixraybot; +crawler@pixray.com)"
66.249.76.49 - - [09/Mar/2013:16:07:30 +0100] "GET /news.php?cs_go=archiv&cs_id=2960&cs_search= HTTP/1.1" 200 9774 "-" "Mozilla/5.0 (compatible; Googlebot/2.1; +http://www.google.com/bot.html)"
81.30.151.218 - - [09/Mar/2013:16:13:28 +0100] "GET /news.php?cs_go=archiv&cs_id=2856&cs_search= HTTP/1.1" 200 9932 "-" "Pixray-Seeker/2.0 (Pixray-Seeker; +http://www.pixray.com/pixraybot; +crawler@pixray.com)"
66.249.76.49 - - [09/Mar/2013:16:14:27 +0100] "GET / HTTP/1.1" 200 15327 "-" "Mozilla/5.0 (iPhone; U; CPU iPhone OS 4_1 like Mac OS X; en-us) AppleWebKit/532.9 (KHTML, like Gecko) Version/4.0.5 Mobile/8B117 Safari/6531.22.7 (compatible; Googlebot-Mobile/2.1; +http://www.google.com/bot.html)"
66.249.76.49 - - [09/Mar/2013:16:17:20 +0100] "GET /js_contentserver24_greybox/gb_styles.css HTTP/1.1" 200 2302 "-" "Mozilla/5.0 (compatible; Googlebot/2.1; +http://www.google.com/bot.html)"
81.30.151.218 - - [09/Mar/2013:16:26:37 +0100] "GET /news.php?cs_go=archiv&cs_id=2667&cs_search= HTTP/1.1" 200 7887 "-" "Pixray-Seeker/2.0 (Pixray-Seeker; +http://www.pixray.com/pixraybot; +crawler@pixray.com)"
157.55.32.117 - - [09/Mar/2013:16:32:58 +0100] "GET /robots.txt HTTP/1.1" 200 177 "-" "Mozilla/5.0 (compatible; bingbot/2.0; +http://www.bing.com/bingbot.htm)"
157.55.32.117 - - [09/Mar/2013:16:34:36 +0100] "GET / HTTP/1.1" 200 15327 "-" "Mozilla/5.0 (compatible; bingbot/2.0; +http://www.bing.com/bingbot.htm)"
81.30.151.218 - - [09/Mar/2013:16:35:43 +0100] "GET /lexikon.php?cs_go=3&cs_id=20 HTTP/1.1" 200 8978 "-" "Pixray-Seeker/2.0 (Pixray-Seeker; +http://www.pixray.com/pixraybot; +crawler@pixray.com)"
81.30.151.218 - - [09/Mar/2013:16:38:02 +0100] "GET /robots.txt HTTP/1.1" 200 177 "-" "Pixray-Seeker/2.0 (Pixray-Seeker; +http://www.pixray.com/pixraybot; +crawler@pixray.com)"
81.30.151.218 - - [09/Mar/2013:16:38:02 +0100] "GET /news.php?cs_go=archiv&cs_id=2424&cs_search= HTTP/1.1" 200 7887 "-" "Pixray-Seeker/2.0 (Pixray-Seeker; +http://www.pixray.com/pixraybot; +crawler@pixray.com)"
66.249.76.49 - - [09/Mar/2013:16:41:00 +0100] "GET /lexikon.php?cs_go=3&cs_id=117 HTTP/1.1" 200 8369 "-" "Mozilla/5.0 (compatible; Googlebot/2.1; +http://www.google.com/bot.html)"
81.30.151.218 - - [09/Mar/2013:16:44:57 +0100] "GET /news.php?cs_go=archiv&cs_id=2362&cs_search= HTTP/1.1" 200 7887 "-" "Pixray-Seeker/2.0 (Pixray-Seeker; +http://www.pixray.com/pixraybot; +crawler@pixray.com)"
141.8.147.12 - - [09/Mar/2013:16:55:42 +0100] "GET /robots.txt HTTP/1.1" 200 177 "-" "Mozilla/5.0 (compatible; YandexBot/3.0; +http://yandex.com/bots)"
141.8.147.12 - - [09/Mar/2013:16:56:01 +0100] "GET / HTTP/1.1" 200 15327 "-" "Mozilla/5.0 (compatible; YandexBot/3.0; MirrorDetector; +http://yandex.com/bots)"
141.8.147.12 - - [09/Mar/2013:16:57:47 +0100] "GET / HTTP/1.1" 200 15327 "-" "Mozilla/5.0 (compatible; YandexBot/3.0; MirrorDetector; +http://yandex.com/bots)"
81.30.151.218 - - [09/Mar/2013:17:02:24 +0100] "GET /lexikon.php?cs_go=3&cs_id=174 HTTP/1.1" 200 8713 "-" "Pixray-Seeker/2.0 (Pixray-Seeker; +http://www.pixray.com/pixraybot; +crawler@pixray.com)"
81.30.151.218 - - [09/Mar/2013:17:08:41 +0100] "GET /news.php?cs_go=archiv&cs_id=1795&cs_search= HTTP/1.1" 200 7887 "-" "Pixray-Seeker/2.0 (Pixray-Seeker; +http://www.pixray.com/pixraybot; +crawler@pixray.com)"
81.30.151.218 - - [09/Mar/2013:17:14:54 +0100] "GET /news.php?cs_go=archiv&cs_id=3551&cs_search= HTTP/1.1" 200 9802 "-" "Pixray-Seeker/2.0 (Pixray-Seeker; +http://www.pixray.com/pixraybot; +crawler@pixray.com)"
66.249.76.49 - - [09/Mar/2013:17:21:09 +0100] "GET /news.php?cs_go=archiv&cs_id=2807 HTTP/1.1" 200 13552 "-" "Mozilla/5.0 (compatible; Googlebot/2.1; +http://www.google.com/bot.html)"
81.30.151.218 - - [09/Mar/2013:17:23:51 +0100] "GET /news.php?cs_go=archiv&cs_id=3101&cs_search= HTTP/1.1" 200 9863 "-" "Pixray-Seeker/2.0 (Pixray-Seeker; +http://www.pixray.com/pixraybot; +crawler@pixray.com)"
66.249.76.49 - - [09/Mar/2013:17:27:49 +0100] "GET /news.php?cs_go=archiv&cs_id=3398&cs_search= HTTP/1.1" 200 9833 "-" "Mozilla/5.0 (compatible; Googlebot/2.1; +http://www.google.com/bot.html)"
81.30.151.218 - - [09/Mar/2013:17:32:49 +0100] "GET /news.php?cs_go=archiv&cs_id=2135&cs_search= HTTP/1.1" 200 7887 "-" "Pixray-Seeker/2.0 (Pixray-Seeker; +http://www.pixray.com/pixraybot; +crawler@pixray.com)"
81.30.151.218 - - [09/Mar/2013:17:37:15 +0100] "GET /news.php?cs_go=archiv&cs_id=2736&cs_search= HTTP/1.1" 200 13908 "-" "Pixray-Seeker/2.0 (Pixray-Seeker; +http://www.pixray.com/pixraybot; +crawler@pixray.com)"
66.249.76.49 - - [09/Mar/2013:17:41:14 +0100] "GET /lexikon.php?cs_go=2&cs_char=k HTTP/1.1" 200 9879 "-" "Mozilla/5.0 (compatible; Googlebot/2.1; +http://www.google.com/bot.html)"
66.249.76.49 - - [09/Mar/2013:18:01:18 +0100] "GET /lexikon.php?cs_go=2&cs_char=b HTTP/1.1" 200 9730 "-" "Mozilla/5.0 (compatible; Googlebot/2.1; +http://www.google.com/bot.html)"
66.249.76.49 - - [09/Mar/2013:18:06:31 +0100] "GET /kwk.php?cs_go=3 HTTP/1.1" 200 10285 "-" "DoCoMo/2.0 N905i(c100;TB;W24H16) (compatible; Googlebot-Mobile/2.1; +http://www.google.com/bot.html)"
66.249.76.49 - - [09/Mar/2013:18:27:28 +0100] "GET /robots.txt HTTP/1.1" 200 177 "-" "Mozilla/5.0 (compatible; Googlebot/2.1; +http://www.google.com/bot.html)"
81.30.151.218 - - [09/Mar/2013:18:30:26 +0100] "GET /news.php?cs_go=archiv&cs_startpos=820 HTTP/1.1" 200 8125 "-" "Pixray-Seeker/2.0 (Pixray-Seeker; +http://www.pixray.com/pixraybot; +crawler@pixray.com)"
81.30.151.218 - - [09/Mar/2013:18:33:14 +0100] "GET /lexikon.php?cs_go=3&cs_id=74 HTTP/1.1" 200 8669 "-" "Pixray-Seeker/2.0 (Pixray-Seeker; +http://www.pixray.com/pixraybot; +crawler@pixray.com)"
66.249.76.49 - - [09/Mar/2013:18:34:45 +0100] "GET /lexikon.php?cs_go=2&cs_char=s HTTP/1.1" 200 10068 "-" "Mozilla/5.0 (compatible; Googlebot/2.1; +http://www.google.com/bot.html)"
81.30.151.218 - - [09/Mar/2013:18:39:20 +0100] "GET /lexikon.php?cs_go=3&cs_id=127 HTTP/1.1" 200 10078 "-" "Pixray-Seeker/2.0 (Pixray-Seeker; +http://www.pixray.com/pixraybot; +crawler@pixray.com)"
81.30.151.218 - - [09/Mar/2013:18:39:34 +0100] "GET /news.php?cs_go=archiv&cs_id=1696&cs_search= HTTP/1.1" 200 7887 "-" "Pixray-Seeker/2.0 (Pixray-Seeker; +http://www.pixray.com/pixraybot; +crawler@pixray.com)"
208.115.111.75 - - [09/Mar/2013:18:40:08 +0100] "GET /robots.txt HTTP/1.1" 200 177 "-" "Mozilla/5.0 (compatible; Ezooms/1.0; ezooms.bot@gmail.com)"
66.249.76.49 - - [09/Mar/2013:18:41:29 +0100] "GET /lexikon.php?cs_go=3&cs_id=213 HTTP/1.1" 200 8492 "-" "Mozilla/5.0 (compatible; Googlebot/2.1; +http://www.google.com/bot.html)"
66.249.76.49 - - [09/Mar/2013:18:51:05 +0100] "GET /news.php?cs_go=archiv&cs_id=3897 HTTP/1.1" 200 13535 "-" "SAMSUNG-SGH-E250/1.0 Profile/MIDP-2.0 Configuration/CLDC-1.1 UP.Browser/6.2.3.3.c.1.101 (GUI) MMP/2.0 (compatible; Googlebot-Mobile/2.1; +http://www.google.com/bot.html)"
81.30.151.218 - - [09/Mar/2013:18:52:17 +0100] "GET /news.php?cs_go=archiv&cs_id=1649&cs_search= HTTP/1.1" 200 7887 "-" "Pixray-Seeker/2.0 (Pixray-Seeker; +http://www.pixray.com/pixraybot; +crawler@pixray.com)"
178.255.215.64 - - [09/Mar/2013:18:55:26 +0100] "GET /robots.txt HTTP/1.1" 200 177 "-" "Mozilla/5.0 (compatible; Exabot/3.0; +http://www.exabot.com/go/robot)"
178.255.215.64 - - [09/Mar/2013:18:55:26 +0100] "GET /rueckrufservice.php HTTP/1.1" 200 10770 "-" "Mozilla/5.0 (compatible; Exabot/3.0; +http://www.exabot.com/go/robot)"
81.30.151.218 - - [09/Mar/2013:19:02:55 +0100] "GET /news.php?cs_go=archiv&cs_id=1746&cs_search= HTTP/1.1" 200 7887 "-" "Pixray-Seeker/2.0 (Pixray-Seeker; +http://www.pixray.com/pixraybot; +crawler@pixray.com)"
173.199.120.35 - - [09/Mar/2013:19:03:16 +0100] "GET /news.php?cs_go=archiv&cs_startpos=100 HTTP/1.1" 200 22848 "-" "Mozilla/5.0 (compatible; AhrefsBot/4.0; +http://ahrefs.com/robot/)"
81.30.151.218 - - [09/Mar/2013:19:06:53 +0100] "GET /news.php?cs_go=archiv&cs_startpos=190 HTTP/1.1" 200 22771 "-" "Pixray-Seeker/2.0 (Pixray-Seeker; +http://www.pixray.com/pixraybot; +crawler@pixray.com)"
66.249.76.49 - - [09/Mar/2013:19:08:13 +0100] "GET /lexikon.php?cs_go=3&cs_id=120 HTTP/1.1" 200 8517 "-" "Mozilla/5.0 (compatible; Googlebot/2.1; +http://www.google.com/bot.html)"
81.30.151.218 - - [09/Mar/2013:19:11:22 +0100] "GET /lexikon.php?cs_go=3&cs_id=41 HTTP/1.1" 200 8353 "-" "Pixray-Seeker/2.0 (Pixray-Seeker; +http://www.pixray.com/pixraybot; +crawler@pixray.com)"
66.249.76.49 - - [09/Mar/2013:19:14:54 +0100] "GET /lexikon.php?cs_go=3&cs_id=38 HTTP/1.1" 200 8135 "-" "Mozilla/5.0 (compatible; Googlebot/2.1; +http://www.google.com/bot.html)"
81.30.151.218 - - [09/Mar/2013:19:25:02 +0100] "GET /news.php?cs_go=archiv&cs_id=1933&cs_search= HTTP/1.1" 200 7887 "-" "Pixray-Seeker/2.0 (Pixray-Seeker; +http://www.pixray.com/pixraybot; +crawler@pixray.com)"
81.30.151.218 - - [09/Mar/2013:19:26:43 +0100] "GET /news.php?cs_go=archiv&cs_startpos=460 HTTP/1.1" 200 8125 "-" "Pixray-Seeker/2.0 (Pixray-Seeker; +http://www.pixray.com/pixraybot; +crawler@pixray.com)"
66.249.76.49 - - [09/Mar/2013:19:28:20 +0100] "GET /lexikon.php?cs_go=3&cs_id=216 HTTP/1.1" 200 8120 "-" "Mozilla/5.0 (compatible; Googlebot/2.1; +http://www.google.com/bot.html)"
66.249.76.49 - - [09/Mar/2013:19:28:32 +0100] "GET /news.php?cs_go=archiv&cs_id=3858 HTTP/1.1" 200 12466 "-" "DoCoMo/2.0 N905i(c100;TB;W24H16) (compatible; Googlebot-Mobile/2.1; +http://www.google.com/bot.html)"
37.140.141.34 - - [09/Mar/2013:19:30:33 +0100] "GET /images/tkw.jpg HTTP/1.1" 304 - "-" "Mozilla/5.0 (compatible; YandexImages/3.0; +http://yandex.com/bots)"
66.249.76.49 - - [09/Mar/2013:19:35:00 +0100] "GET /lexikon.php?cs_go=3&cs_id=87 HTTP/1.1" 200 8341 "-" "Mozilla/5.0 (compatible; Googlebot/2.1; +http://www.google.com/bot.html)"
82.94.176.164 - - [09/Mar/2013:19:39:50 +0100] "GET /jobs.php HTTP/1.1" 200 10090 "-" "Mozilla/4.0 (compatible; MSIE 5.5; Windows NT)"
66.249.76.49 - - [09/Mar/2013:19:41:43 +0100] "GET /lexikon.php?cs_go=3&cs_id=63 HTTP/1.1" 200 8362 "-" "Mozilla/5.0 (compatible; Googlebot/2.1; +http://www.google.com/bot.html)"
173.199.120.35 - - [09/Mar/2013:19:47:45 +0100] "GET /news.php?cs_go=archiv&cs_startpos=220 HTTP/1.1" 200 16800 "-" "Mozilla/5.0 (compatible; AhrefsBot/4.0; +http://ahrefs.com/robot/)"
66.249.76.49 - - [09/Mar/2013:19:48:24 +0100] "GET /lexikon.php?cs_go=3&cs_id=166 HTTP/1.1" 200 9191 "-" "Mozilla/5.0 (compatible; Googlebot/2.1; +http://www.google.com/bot.html)"
81.30.151.218 - - [09/Mar/2013:19:53:35 +0100] "GET /news.php?cs_go=archiv&cs_startpos=541 HTTP/1.1" 200 8125 "-" "Pixray-Seeker/2.0 (Pixray-Seeker; +http://www.pixray.com/pixraybot; +crawler@pixray.com)"
66.249.76.49 - - [09/Mar/2013:19:55:07 +0100] "GET /lexikon.php?cs_go=3&cs_id=55 HTTP/1.1" 200 8019 "-" "Mozilla/5.0 (compatible; Googlebot/2.1; +http://www.google.com/bot.html)"
81.30.151.218 - - [09/Mar/2013:19:55:59 +0100] "GET /lexikon.php?cs_go=3&cs_id=168 HTTP/1.1" 200 9138 "-" "Pixray-Seeker/2.0 (Pixray-Seeker; +http://www.pixray.com/pixraybot; +crawler@pixray.com)"
81.30.151.218 - - [09/Mar/2013:20:01:11 +0100] "GET /news.php?cs_go=archiv&cs_id=2140&cs_search= HTTP/1.1" 200 7887 "-" "Pixray-Seeker/2.0 (Pixray-Seeker; +http://www.pixray.com/pixraybot; +crawler@pixray.com)"
66.249.76.49 - - [09/Mar/2013:20:01:46 +0100] "GET /lexikon.php?cs_go=2&cs_char=n HTTP/1.1" 200 8578 "-" "Mozilla/5.0 (compatible; Googlebot/2.1; +http://www.google.com/bot.html)"
66.249.76.49 - - [09/Mar/2013:20:08:30 +0100] "GET /lexikon.php?cs_go=2&cs_char=i HTTP/1.1" 200 8402 "-" "Mozilla/5.0 (compatible; Googlebot/2.1; +http://www.google.com/bot.html)"
81.30.151.218 - - [09/Mar/2013:20:10:19 +0100] "GET /robots.txt HTTP/1.1" 200 177 "-" "Pixray-Seeker/2.0 (Pixray-Seeker; +http://www.pixray.com/pixraybot; +crawler@pixray.com)"
81.30.151.218 - - [09/Mar/2013:20:10:19 +0100] "GET /news.php?cs_go=archiv&cs_startpos=730 HTTP/1.1" 200 8125 "-" "Pixray-Seeker/2.0 (Pixray-Seeker; +http://www.pixray.com/pixraybot; +crawler@pixray.com)"
173.199.120.35 - - [09/Mar/2013:20:13:00 +0100] "GET /lexikon.php?cs_go=3&cs_id=54 HTTP/1.1" 200 8004 "-" "Mozilla/5.0 (compatible; AhrefsBot/4.0; +http://ahrefs.com/robot/)"
66.249.76.49 - - [09/Mar/2013:20:15:09 +0100] "GET /lexikon.php?cs_go=3&cs_id=191 HTTP/1.1" 200 9362 "-" "Mozilla/5.0 (compatible; Googlebot/2.1; +http://www.google.com/bot.html)"
173.199.120.35 - - [09/Mar/2013:20:19:37 +0100] "GET /lexikon.php?cs_go=3&cs_id=25 HTTP/1.1" 200 8404 "-" "Mozilla/5.0 (compatible; AhrefsBot/4.0; +http://ahrefs.com/robot/)"
81.30.151.218 - - [09/Mar/2013:20:20:06 +0100] "GET /news.php?cs_go=archiv&cs_id=2651&cs_search= HTTP/1.1" 200 7887 "-" "Pixray-Seeker/2.0 (Pixray-Seeker; +http://www.pixray.com/pixraybot; +crawler@pixray.com)"
66.249.76.49 - - [09/Mar/2013:20:21:51 +0100] "GET /lexikon.php?cs_go=3&cs_id=192 HTTP/1.1" 200 8407 "-" "Mozilla/5.0 (compatible; Googlebot/2.1; +http://www.google.com/bot.html)"
81.30.151.218 - - [09/Mar/2013:20:23:39 +0100] "GET /lexikon.php?cs_go=3&cs_id=14 HTTP/1.1" 200 8545 "-" "Pixray-Seeker/2.0 (Pixray-Seeker; +http://www.pixray.com/pixraybot; +crawler@pixray.com)"
208.115.111.75 - - [09/Mar/2013:20:28:10 +0100] "GET /edl.php HTTP/1.1" 200 10801 "-" "Mozilla/5.0 (compatible; Ezooms/1.0; ezooms.bot@gmail.com)"
66.249.76.49 - - [09/Mar/2013:20:28:35 +0100] "GET /lexikon.php?cs_go=3&cs_id=200 HTTP/1.1" 200 10000 "-" "Mozilla/5.0 (compatible; Googlebot/2.1; +http://www.google.com/bot.html)"
65.36.241.79 - - [09/Mar/2013:20:32:57 +0100] "HEAD / HTTP/1.1" 200 - "-" "InternetSeer.com"
81.30.151.218 - - [09/Mar/2013:20:33:23 +0100] "GET /news.php?cs_go=archiv&cs_id=2471&cs_search= HTTP/1.1" 200 7887 "-" "Pixray-Seeker/2.0 (Pixray-Seeker; +http://www.pixray.com/pixraybot; +crawler@pixray.com)"
81.30.151.218 - - [09/Mar/2013:20:33:55 +0100] "GET /lexikon.php?cs_go=2&cs_char=o HTTP/1.1" 200 9261 "-" "Pixray-Seeker/2.0 (Pixray-Seeker; +http://www.pixray.com/pixraybot; +crawler@pixray.com)"
66.249.76.49 - - [09/Mar/2013:20:35:14 +0100] "GET /lexikon.php?cs_go=3&cs_id=7 HTTP/1.1" 200 8498 "-" "Mozilla/5.0 (compatible; Googlebot/2.1; +http://www.google.com/bot.html)"
81.30.151.218 - - [09/Mar/2013:20:35:32 +0100] "GET /news.php?cs_go=archiv&cs_startpos=811 HTTP/1.1" 200 8125 "-" "Pixray-Seeker/2.0 (Pixray-Seeker; +http://www.pixray.com/pixraybot; +crawler@pixray.com)"
208.115.113.91 - - [09/Mar/2013:20:39:03 +0100] "GET /robots.txt HTTP/1.1" 200 177 "-" "Mozilla/5.0 (compatible; Ezooms/1.0; ezooms.bot@gmail.com)"
