204.12.208.234 - - [10/Mar/2013:21:55:40 +0100] "GET /news.php?cs_go=archiv&cs_id=2678 HTTP/1.0" 200 7887 "-" "Mozilla/5.0 (compatible; MJ12bot/v1.4.3; http://www.majestic12.co.uk/bot.php?+)"
204.12.208.234 - - [10/Mar/2013:21:55:42 +0100] "GET /news.php?cs_go=archiv&cs_id=2679 HTTP/1.0" 200 7887 "-" "Mozilla/5.0 (compatible; MJ12bot/v1.4.3; http://www.majestic12.co.uk/bot.php?+)"
204.12.208.234 - - [10/Mar/2013:21:55:44 +0100] "GET /news.php?cs_go=archiv&cs_id=2680 HTTP/1.0" 200 7887 "-" "Mozilla/5.0 (compatible; MJ12bot/v1.4.3; http://www.majestic12.co.uk/bot.php?+)"
204.12.208.234 - - [10/Mar/2013:21:55:46 +0100] "GET /news.php?cs_go=archiv&cs_id=2681 HTTP/1.0" 200 7887 "-" "Mozilla/5.0 (compatible; MJ12bot/v1.4.3; http://www.majestic12.co.uk/bot.php?+)"
204.12.208.234 - - [10/Mar/2013:21:55:47 +0100] "GET /news.php?cs_go=archiv&cs_id=2682 HTTP/1.0" 200 7887 "-" "Mozilla/5.0 (compatible; MJ12bot/v1.4.3; http://www.majestic12.co.uk/bot.php?+)"
204.12.208.234 - - [10/Mar/2013:21:55:49 +0100] "GET /news.php?cs_go=archiv&cs_id=2683 HTTP/1.0" 200 7887 "-" "Mozilla/5.0 (compatible; MJ12bot/v1.4.3; http://www.majestic12.co.uk/bot.php?+)"
204.12.208.234 - - [10/Mar/2013:21:55:51 +0100] "GET /news.php?cs_go=archiv&cs_id=2684 HTTP/1.0" 200 7887 "-" "Mozilla/5.0 (compatible; MJ12bot/v1.4.3; http://www.majestic12.co.uk/bot.php?+)"
204.12.208.234 - - [10/Mar/2013:21:55:52 +0100] "GET /news.php?cs_go=archiv&cs_id=2685 HTTP/1.0" 200 7887 "-" "Mozilla/5.0 (compatible; MJ12bot/v1.4.3; http://www.majestic12.co.uk/bot.php?+)"
204.12.208.234 - - [10/Mar/2013:21:55:54 +0100] "GET /news.php?cs_go=archiv&cs_id=2686 HTTP/1.0" 200 7887 "-" "Mozilla/5.0 (compatible; MJ12bot/v1.4.3; http://www.majestic12.co.uk/bot.php?+)"
204.12.208.234 - - [10/Mar/2013:21:55:56 +0100] "GET /news.php?cs_go=archiv&cs_id=2687 HTTP/1.0" 200 7887 "-" "Mozilla/5.0 (compatible; MJ12bot/v1.4.3; http://www.majestic12.co.uk/bot.php?+)"
204.12.208.234 - - [10/Mar/2013:21:55:59 +0100] "GET /news.php?cs_go=archiv&cs_id=2688 HTTP/1.0" 200 7887 "-" "Mozilla/5.0 (compatible; MJ12bot/v1.4.3; http://www.majestic12.co.uk/bot.php?+)"
204.12.208.234 - - [10/Mar/2013:21:56:01 +0100] "GET /news.php?cs_go=archiv&cs_id=2689 HTTP/1.0" 200 7887 "-" "Mozilla/5.0 (compatible; MJ12bot/v1.4.3; http://www.majestic12.co.uk/bot.php?+)"
204.12.208.234 - - [10/Mar/2013:21:56:03 +0100] "GET /news.php?cs_go=archiv&cs_id=2690 HTTP/1.0" 200 7887 "-" "Mozilla/5.0 (compatible; MJ12bot/v1.4.3; http://www.majestic12.co.uk/bot.php?+)"
204.12.208.234 - - [10/Mar/2013:21:56:05 +0100] "GET /news.php?cs_go=archiv&cs_id=2691 HTTP/1.0" 200 7887 "-" "Mozilla/5.0 (compatible; MJ12bot/v1.4.3; http://www.majestic12.co.uk/bot.php?+)"
81.30.151.218 - - [10/Mar/2013:22:07:02 +0100] "GET /lexikon.php?cs_go=2&cs_char=s HTTP/1.1" 200 10068 "-" "Pixray-Seeker/2.0 (Pixray-Seeker; +http://www.pixray.com/pixraybot; +crawler@pixray.com)"
81.30.151.218 - - [10/Mar/2013:22:09:53 +0100] "GET /news.php?cs_go=archiv&cs_startpos=1130 HTTP/1.1" 200 8126 "-" "Pixray-Seeker/2.0 (Pixray-Seeker; +http://www.pixray.com/pixraybot; +crawler@pixray.com)"
81.30.151.218 - - [10/Mar/2013:22:17:35 +0100] "GET /news.php?cs_go=archiv&cs_id=3477&cs_search= HTTP/1.1" 200 9938 "-" "Pixray-Seeker/2.0 (Pixray-Seeker; +http://www.pixray.com/pixraybot; +crawler@pixray.com)"
66.249.76.49 - - [10/Mar/2013:22:24:32 +0100] "GET /news.php?cs_go=archiv&cs_id=3045 HTTP/1.1" 200 10062 "-" "Mozilla/5.0 (compatible; Googlebot/2.1; +http://www.google.com/bot.html)"
81.30.151.218 - - [10/Mar/2013:22:30:16 +0100] "GET /lexikon.php?cs_go=2&cs_char=j HTTP/1.1" 200 8582 "-" "Pixray-Seeker/2.0 (Pixray-Seeker; +http://www.pixray.com/pixraybot; +crawler@pixray.com)"
123.125.71.22 - - [10/Mar/2013:22:34:36 +0100] "GET / HTTP/1.1" 200 6437 "-" "Mozilla/5.0 (compatible; Baiduspider/2.0; +http://www.baidu.com/search/spider.html)"
220.181.108.111 - - [10/Mar/2013:22:35:11 +0100] "GET / HTTP/1.1" 200 7833 "-" "Mozilla/5.0 (compatible; Baiduspider/2.0; +http://www.baidu.com/search/spider.html)"
66.249.76.49 - - [10/Mar/2013:22:35:39 +0100] "GET /news.php?cs_go=archiv&cs_id=3090&cs_search= HTTP/1.1" 200 13531 "-" "Mozilla/5.0 (compatible; Googlebot/2.1; +http://www.google.com/bot.html)"
66.249.76.49 - - [10/Mar/2013:22:43:08 +0100] "GET /news.php?cs_go=archiv&cs_id=3261&cs_search= HTTP/1.1" 200 9839 "-" "Mozilla/5.0 (compatible; Googlebot/2.1; +http://www.google.com/bot.html)"
81.30.151.218 - - [10/Mar/2013:22:55:53 +0100] "GET /lexikon.php?cs_go=3&cs_id=136 HTTP/1.1" 200 7990 "-" "Pixray-Seeker/2.0 (Pixray-Seeker; +http://www.pixray.com/pixraybot; +crawler@pixray.com)"
81.30.151.218 - - [10/Mar/2013:23:02:12 +0100] "GET /news.php?cs_go=archiv&cs_id=3714&cs_search= HTTP/1.1" 200 11586 "-" "Pixray-Seeker/2.0 (Pixray-Seeker; +http://www.pixray.com/pixraybot; +crawler@pixray.com)"
66.249.76.49 - - [10/Mar/2013:23:05:28 +0100] "GET /news.php?cs_go=archiv HTTP/1.1" 200 22001 "-" "Mozilla/5.0 (iPhone; U; CPU iPhone OS 4_1 like Mac OS X; en-us) AppleWebKit/532.9 (KHTML, like Gecko) Version/4.0.5 Mobile/8B117 Safari/6531.22.7 (compatible; Googlebot-Mobile/2.1; +http://www.google.com/bot.html)"
81.30.151.218 - - [10/Mar/2013:23:06:08 +0100] "GET /news.php?cs_go=archiv&cs_id=3040&cs_search= HTTP/1.1" 200 13503 "-" "Pixray-Seeker/2.0 (Pixray-Seeker; +http://www.pixray.com/pixraybot; +crawler@pixray.com)"
66.249.76.49 - - [10/Mar/2013:23:20:42 +0100] "GET /lexikon.php?cs_go=3&cs_id=132 HTTP/1.1" 200 7986 "-" "Mozilla/5.0 (compatible; Googlebot/2.1; +http://www.google.com/bot.html)"
66.249.76.49 - - [10/Mar/2013:23:24:28 +0100] "GET /news.php?cs_go=archiv&cs_id=2950 HTTP/1.1" 200 12529 "-" "Mozilla/5.0 (compatible; Googlebot/2.1; +http://www.google.com/bot.html)"
81.30.151.218 - - [10/Mar/2013:23:24:43 +0100] "GET /news.php?cs_go=archiv&cs_id=3978&cs_search= HTTP/1.1" 200 10153 "-" "Pixray-Seeker/2.0 (Pixray-Seeker; +http://www.pixray.com/pixraybot; +crawler@pixray.com)"
88.73.88.54 - - [10/Mar/2013:23:26:42 +0100] "GET /style.css HTTP/1.1" 200 8418 "http://www.mink-gmbh.de/" "Mozilla/5.0 (Windows NT 5.1; rv:19.0) Gecko/20100101 Firefox/19.0"
88.73.88.54 - - [10/Mar/2013:23:26:42 +0100] "GET /favicon.ico HTTP/1.1" 200 3638 "-" "Mozilla/5.0 (Windows NT 5.1; rv:19.0) Gecko/20100101 Firefox/19.0"
88.73.88.54 - - [10/Mar/2013:23:26:42 +0100] "GET /js_contentserver24_greybox/gb_styles.css HTTP/1.1" 200 2302 "http://www.mink-gmbh.de/" "Mozilla/5.0 (Windows NT 5.1; rv:19.0) Gecko/20100101 Firefox/19.0"
88.73.88.54 - - [10/Mar/2013:23:26:42 +0100] "GET /js_contentserver24_greybox/AJS.js HTTP/1.1" 200 10396 "http://www.mink-gmbh.de/" "Mozilla/5.0 (Windows NT 5.1; rv:19.0) Gecko/20100101 Firefox/19.0"
88.73.88.54 - - [10/Mar/2013:23:26:42 +0100] "GET /js_contentserver24_greybox/AJS_fx.js HTTP/1.1" 200 3192 "http://www.mink-gmbh.de/" "Mozilla/5.0 (Windows NT 5.1; rv:19.0) Gecko/20100101 Firefox/19.0"
88.73.88.54 - - [10/Mar/2013:23:26:42 +0100] "GET /modul.css HTTP/1.1" 200 35038 "http://www.mink-gmbh.de/" "Mozilla/5.0 (Windows NT 5.1; rv:19.0) Gecko/20100101 Firefox/19.0"
88.73.88.54 - - [10/Mar/2013:23:26:42 +0100] "GET /js_contentserver24_greybox/gb_scripts.js HTTP/1.1" 200 11913 "http://www.mink-gmbh.de/" "Mozilla/5.0 (Windows NT 5.1; rv:19.0) Gecko/20100101 Firefox/19.0"
88.73.88.54 - - [10/Mar/2013:23:26:43 +0100] "GET /images/bg.jpg HTTP/1.1" 200 345 "http://www.mink-gmbh.de/style.css" "Mozilla/5.0 (Windows NT 5.1; rv:19.0) Gecko/20100101 Firefox/19.0"
88.73.88.54 - - [10/Mar/2013:23:26:43 +0100] "GET /js_contentserver24_greybox/w_close.gif HTTP/1.1" 200 74 "http://www.mink-gmbh.de/" "Mozilla/5.0 (Windows NT 5.1; rv:19.0) Gecko/20100101 Firefox/19.0"
88.73.88.54 - - [10/Mar/2013:23:26:43 +0100] "GET /images/close.png HTTP/1.1" 200 703 "http://www.mink-gmbh.de/" "Mozilla/5.0 (Windows NT 5.1; rv:19.0) Gecko/20100101 Firefox/19.0"
88.73.88.54 - - [10/Mar/2013:23:26:43 +0100] "GET /images/newsletter.png HTTP/1.1" 200 14619 "http://www.mink-gmbh.de/style.css" "Mozilla/5.0 (Windows NT 5.1; rv:19.0) Gecko/20100101 Firefox/19.0"
88.73.88.54 - - [10/Mar/2013:23:26:42 +0100] "GET / HTTP/1.1" 200 15327 "http://www.klicktel.de/branchen/kohlen-und-brennstoffe-berlin-3303040-42106319.html" "Mozilla/5.0 (Windows NT 5.1; rv:19.0) Gecko/20100101 Firefox/19.0"
88.73.88.54 - - [10/Mar/2013:23:26:43 +0100] "GET /images/navibg.png HTTP/1.1" 200 2803 "http://www.mink-gmbh.de/style.css" "Mozilla/5.0 (Windows NT 5.1; rv:19.0) Gecko/20100101 Firefox/19.0"
88.73.88.54 - - [10/Mar/2013:23:26:43 +0100] "GET /images/tkw.jpg HTTP/1.1" 200 64031 "http://www.mink-gmbh.de/" "Mozilla/5.0 (Windows NT 5.1; rv:19.0) Gecko/20100101 Firefox/19.0"
88.73.88.54 - - [10/Mar/2013:23:26:43 +0100] "GET /images/wrapperbg.jpg HTTP/1.1" 200 27465 "http://www.mink-gmbh.de/style.css" "Mozilla/5.0 (Windows NT 5.1; rv:19.0) Gecko/20100101 Firefox/19.0"
88.73.88.54 - - [10/Mar/2013:23:26:43 +0100] "GET /images/newsletter_bg.jpg HTTP/1.1" 200 33610 "http://www.mink-gmbh.de/" "Mozilla/5.0 (Windows NT 5.1; rv:19.0) Gecko/20100101 Firefox/19.0"
88.73.88.54 - - [10/Mar/2013:23:26:43 +0100] "GET /images/header.jpg HTTP/1.1" 200 24413 "http://www.mink-gmbh.de/style.css" "Mozilla/5.0 (Windows NT 5.1; rv:19.0) Gecko/20100101 Firefox/19.0"
88.73.88.54 - - [10/Mar/2013:23:26:43 +0100] "GET /images/steigend.png HTTP/1.1" 200 688 "http://www.mink-gmbh.de/modul.css" "Mozilla/5.0 (Windows NT 5.1; rv:19.0) Gecko/20100101 Firefox/19.0"
88.73.88.54 - - [10/Mar/2013:23:26:43 +0100] "GET /images/fallend.png HTTP/1.1" 200 713 "http://www.mink-gmbh.de/modul.css" "Mozilla/5.0 (Windows NT 5.1; rv:19.0) Gecko/20100101 Firefox/19.0"
88.73.88.54 - - [10/Mar/2013:23:26:43 +0100] "GET /images/mobil.jpg HTTP/1.1" 200 25293 "http://www.mink-gmbh.de/style.css" "Mozilla/5.0 (Windows NT 5.1; rv:19.0) Gecko/20100101 Firefox/19.0"
88.73.88.54 - - [10/Mar/2013:23:26:43 +0100] "GET /images/newsletter.jpg HTTP/1.1" 200 13130 "http://www.mink-gmbh.de/style.css" "Mozilla/5.0 (Windows NT 5.1; rv:19.0) Gecko/20100101 Firefox/19.0"
88.73.88.54 - - [10/Mar/2013:23:26:43 +0100] "GET /images/freecall.jpg HTTP/1.1" 200 39195 "http://www.mink-gmbh.de/" "Mozilla/5.0 (Windows NT 5.1; rv:19.0) Gecko/20100101 Firefox/19.0"
88.73.88.54 - - [10/Mar/2013:23:26:43 +0100] "GET /images/mail.jpg HTTP/1.1" 200 11165 "http://www.mink-gmbh.de/" "Mozilla/5.0 (Windows NT 5.1; rv:19.0) Gecko/20100101 Firefox/19.0"
88.73.88.54 - - [10/Mar/2013:23:26:43 +0100] "GET /images/kwk.gif HTTP/1.1" 200 6403 "http://www.mink-gmbh.de/" "Mozilla/5.0 (Windows NT 5.1; rv:19.0) Gecko/20100101 Firefox/19.0"
88.73.88.54 - - [10/Mar/2013:23:26:43 +0100] "GET /images/logos.jpg HTTP/1.1" 200 15002 "http://www.mink-gmbh.de/" "Mozilla/5.0 (Windows NT 5.1; rv:19.0) Gecko/20100101 Firefox/19.0"
88.73.88.54 - - [10/Mar/2013:23:26:43 +0100] "GET /images/wunschpreis.jpg HTTP/1.1" 200 16767 "http://www.mink-gmbh.de/" "Mozilla/5.0 (Windows NT 5.1; rv:19.0) Gecko/20100101 Firefox/19.0"
88.73.88.54 - - [10/Mar/2013:23:26:43 +0100] "GET /images/footerbg.jpg HTTP/1.1" 200 2184 "http://www.mink-gmbh.de/style.css" "Mozilla/5.0 (Windows NT 5.1; rv:19.0) Gecko/20100101 Firefox/19.0"
88.73.88.54 - - [10/Mar/2013:23:26:43 +0100] "GET /js_contentserver24_greybox/loader_frame.html?s=0 HTTP/1.1" 200 2084 "http://www.mink-gmbh.de/" "Mozilla/5.0 (Windows NT 5.1; rv:19.0) Gecko/20100101 Firefox/19.0"
88.73.88.54 - - [10/Mar/2013:23:26:43 +0100] "GET /js_contentserver24_greybox/header_bg.gif HTTP/1.1" 200 1188 "http://www.mink-gmbh.de/" "Mozilla/5.0 (Windows NT 5.1; rv:19.0) Gecko/20100101 Firefox/19.0"
88.73.88.54 - - [10/Mar/2013:23:26:43 +0100] "GET /js_contentserver24_greybox/indicator.gif HTTP/1.1" 200 8238 "http://www.mink-gmbh.de/js_contentserver24_greybox/loader_frame.html?s=0" "Mozilla/5.0 (Windows NT 5.1; rv:19.0) Gecko/20100101 Firefox/19.0"
88.73.88.54 - - [10/Mar/2013:23:26:44 +0100] "GET /js_contentserver24_greybox/g_close.gif HTTP/1.1" 200 541 "http://www.mink-gmbh.de/" "Mozilla/5.0 (Windows NT 5.1; rv:19.0) Gecko/20100101 Firefox/19.0"
88.73.88.54 - - [10/Mar/2013:23:26:48 +0100] "GET /standard.php HTTP/1.1" 200 9131 "http://www.mink-gmbh.de/" "Mozilla/5.0 (Windows NT 5.1; rv:19.0) Gecko/20100101 Firefox/19.0"
88.73.88.54 - - [10/Mar/2013:23:27:00 +0100] "GET /preisanfrage.php HTTP/1.1" 200 10647 "http://www.mink-gmbh.de/standard.php" "Mozilla/5.0 (Windows NT 5.1; rv:19.0) Gecko/20100101 Firefox/19.0"
88.73.88.54 - - [10/Mar/2013:23:27:02 +0100] "GET /wunschpreis.php HTTP/1.1" 200 11997 "http://www.mink-gmbh.de/preisanfrage.php" "Mozilla/5.0 (Windows NT 5.1; rv:19.0) Gecko/20100101 Firefox/19.0"
66.249.76.49 - - [10/Mar/2013:23:28:18 +0100] "GET /lexikon.php?cs_go=3&cs_id=136 HTTP/1.1" 200 7990 "-" "Mozilla/5.0 (compatible; Googlebot/2.1; +http://www.google.com/bot.html)"
66.249.76.49 - - [10/Mar/2013:23:35:59 +0100] "GET /lexikon.php?cs_go=3&cs_id=103 HTTP/1.1" 200 9239 "-" "Mozilla/5.0 (compatible; Googlebot/2.1; +http://www.google.com/bot.html)"
65.36.241.79 - - [10/Mar/2013:23:37:59 +0100] "HEAD / HTTP/1.1" 200 - "-" "InternetSeer.com"
81.30.151.218 - - [10/Mar/2013:23:39:02 +0100] "GET /news.php?cs_go=archiv&cs_id=2584&cs_search= HTTP/1.1" 200 7887 "-" "Pixray-Seeker/2.0 (Pixray-Seeker; +http://www.pixray.com/pixraybot; +crawler@pixray.com)"
66.249.76.49 - - [10/Mar/2013:23:39:50 +0100] "GET /lexikon.php?cs_go=3&cs_id=110 HTTP/1.1" 200 8703 "-" "Mozilla/5.0 (compatible; Googlebot/2.1; +http://www.google.com/bot.html)"
66.249.76.49 - - [10/Mar/2013:23:43:48 +0100] "GET /news.php?cs_go=archiv&cs_id=2860 HTTP/1.1" 200 12624 "-" "Mozilla/5.0 (compatible; Googlebot/2.1; +http://www.google.com/bot.html)"
66.249.76.49 - - [10/Mar/2013:23:51:31 +0100] "GET /news.php?cs_go=archiv&cs_id=3135&cs_search= HTTP/1.1" 200 13325 "-" "Mozilla/5.0 (compatible; Googlebot/2.1; +http://www.google.com/bot.html)"
81.30.151.218 - - [10/Mar/2013:23:53:07 +0100] "GET /news.php?cs_go=archiv&cs_id=2315&cs_search= HTTP/1.1" 200 7887 "-" "Pixray-Seeker/2.0 (Pixray-Seeker; +http://www.pixray.com/pixraybot; +crawler@pixray.com)"
66.249.76.49 - - [10/Mar/2013:23:55:22 +0100] "GET /news.php?cs_go=archiv&cs_id=3393&cs_search= HTTP/1.1" 200 9864 "-" "Mozilla/5.0 (compatible; Googlebot/2.1; +http://www.google.com/bot.html)"
81.30.151.218 - - [11/Mar/2013:00:02:52 +0100] "GET /news.php?cs_go=archiv&cs_id=2032&cs_search= HTTP/1.1" 200 7887 "-" "Pixray-Seeker/2.0 (Pixray-Seeker; +http://www.pixray.com/pixraybot; +crawler@pixray.com)"
66.249.76.49 - - [11/Mar/2013:00:03:13 +0100] "GET /news.php?cs_go=archiv&cs_id=2918&cs_search= HTTP/1.1" 200 13531 "-" "Mozilla/5.0 (compatible; Googlebot/2.1; +http://www.google.com/bot.html)"
66.249.76.49 - - [11/Mar/2013:00:07:07 +0100] "GET /news.php?cs_go=archiv&cs_id=3260&cs_search= HTTP/1.1" 200 13435 "-" "Mozilla/5.0 (compatible; Googlebot/2.1; +http://www.google.com/bot.html)"
66.249.76.49 - - [11/Mar/2013:00:11:04 +0100] "GET /lexikon.php?cs_go=3&cs_id=79 HTTP/1.1" 200 8001 "-" "Mozilla/5.0 (compatible; Googlebot/2.1; +http://www.google.com/bot.html)"
66.249.76.49 - - [11/Mar/2013:00:15:04 +0100] "GET /lexikon.php?cs_go=3&cs_id=223 HTTP/1.1" 200 7991 "-" "Mozilla/5.0 (compatible; Googlebot/2.1; +http://www.google.com/bot.html)"
130.83.167.153 - - [11/Mar/2013:00:18:25 +0100] "GET /rueckrufservice.php HTTP/1.1" 200 8122 "-" "findlinks/2.6 (+http://wortschatz.uni-leipzig.de/findlinks/)"
130.83.167.153 - - [11/Mar/2013:00:18:26 +0100] "GET /rueckrufservice.php HTTP/1.1" 200 10683 "-" "findlinks/2.6 (+http://wortschatz.uni-leipzig.de/findlinks/)"
66.249.76.49 - - [11/Mar/2013:00:19:00 +0100] "GET /lexikon.php?cs_go=3&cs_id=221 HTTP/1.1" 200 8017 "-" "Mozilla/5.0 (compatible; Googlebot/2.1; +http://www.google.com/bot.html)"
66.249.76.49 - - [11/Mar/2013:00:23:00 +0100] "GET /lexikon.php?cs_go=3&cs_id=56 HTTP/1.1" 200 8006 "-" "Mozilla/5.0 (compatible; Googlebot/2.1; +http://www.google.com/bot.html)"
66.249.76.49 - - [11/Mar/2013:00:23:07 +0100] "GET /lexikon.php?cs_go=3&cs_id=117 HTTP/1.1" 200 8369 "-" "Mozilla/5.0 (compatible; Googlebot/2.1; +http://www.google.com/bot.html)"
66.249.76.49 - - [11/Mar/2013:00:27:02 +0100] "GET /lexikon.php?cs_go=3&cs_id=218 HTTP/1.1" 200 8016 "-" "Mozilla/5.0 (compatible; Googlebot/2.1; +http://www.google.com/bot.html)"
178.77.126.55 - - [11/Mar/2013:00:28:12 +0100] "GET /robots.txt HTTP/1.1" 200 177 "-" "Mozilla/5.0 (compatible; CareerBot/1.1; +http://www.career-x.de/bot.html)"
178.77.126.55 - - [11/Mar/2013:00:28:12 +0100] "GET / HTTP/1.1" 200 15327 "-" "Mozilla/5.0 (compatible; CareerBot/1.1; +http://www.career-x.de/bot.html)"
178.77.126.55 - - [11/Mar/2013:00:28:13 +0100] "GET /news.php?cs_go=archiv&cs_id=3991 HTTP/1.1" 200 9864 "-" "Mozilla/5.0 (compatible; CareerBot/1.1; +http://www.career-x.de/bot.html)"
66.249.76.49 - - [11/Mar/2013:00:30:26 +0100] "GET /news.php?cs_go=archiv&cs_id=3989&cs_search= HTTP/1.1" 200 12025 "-" "DoCoMo/2.0 N905i(c100;TB;W24H16) (compatible; Googlebot-Mobile/2.1; +http://www.google.com/bot.html)"
66.249.76.49 - - [11/Mar/2013:00:31:04 +0100] "GET /lexikon.php?cs_go=2&cs_char=c HTTP/1.1" 200 8836 "-" "Mozilla/5.0 (compatible; Googlebot/2.1; +http://www.google.com/bot.html)"
66.249.76.49 - - [11/Mar/2013:00:35:07 +0100] "GET /lexikon.php?cs_go=2&cs_char=d HTTP/1.1" 200 9421 "-" "Mozilla/5.0 (compatible; Googlebot/2.1; +http://www.google.com/bot.html)"
81.30.151.218 - - [11/Mar/2013:00:37:57 +0100] "GET /news.php?cs_go=archiv&cs_id=3979&cs_search= HTTP/1.1" 200 13500 "-" "Pixray-Seeker/2.0 (Pixray-Seeker; +http://www.pixray.com/pixraybot; +crawler@pixray.com)"
66.249.76.49 - - [11/Mar/2013:00:39:09 +0100] "GET /lexikon.php?cs_go=2&cs_char=o HTTP/1.1" 200 9261 "-" "Mozilla/5.0 (compatible; Googlebot/2.1; +http://www.google.com/bot.html)"
81.30.151.218 - - [11/Mar/2013:00:42:04 +0100] "GET /news.php?cs_go=archiv&cs_id=1741&cs_search= HTTP/1.1" 200 7887 "-" "Pixray-Seeker/2.0 (Pixray-Seeker; +http://www.pixray.com/pixraybot; +crawler@pixray.com)"
66.249.76.49 - - [11/Mar/2013:00:43:11 +0100] "GET /lexikon.php?cs_go=2&cs_char=g HTTP/1.1" 200 9126 "-" "Mozilla/5.0 (compatible; Googlebot/2.1; +http://www.google.com/bot.html)"
81.30.151.218 - - [11/Mar/2013:00:49:36 +0100] "GET /news.php?cs_go=archiv&cs_id=1791&cs_search= HTTP/1.1" 200 7887 "-" "Pixray-Seeker/2.0 (Pixray-Seeker; +http://www.pixray.com/pixraybot; +crawler@pixray.com)"
66.249.76.49 - - [11/Mar/2013:00:55:15 +0100] "GET /lexikon.php?cs_go=2&cs_char=f HTTP/1.1" 200 9595 "-" "Mozilla/5.0 (compatible; Googlebot/2.1; +http://www.google.com/bot.html)"
81.30.151.218 - - [11/Mar/2013:00:59:47 +0100] "GET /lexikon.php?cs_go=3&cs_id=213 HTTP/1.1" 200 8492 "-" "Pixray-Seeker/2.0 (Pixray-Seeker; +http://www.pixray.com/pixraybot; +crawler@pixray.com)"
66.249.76.49 - - [11/Mar/2013:01:03:20 +0100] "GET /lexikon.php?cs_go=2&cs_char=p HTTP/1.1" 200 9166 "-" "Mozilla/5.0 (compatible; Googlebot/2.1; +http://www.google.com/bot.html)"
81.30.151.218 - - [11/Mar/2013:01:05:30 +0100] "GET /news.php?cs_go=archiv&cs_startpos=520 HTTP/1.1" 200 8125 "-" "Pixray-Seeker/2.0 (Pixray-Seeker; +http://www.pixray.com/pixraybot; +crawler@pixray.com)"
81.30.151.218 - - [11/Mar/2013:01:06:11 +0100] "GET /lexikon.php?cs_go=3&cs_id=187 HTTP/1.1" 200 8503 "-" "Pixray-Seeker/2.0 (Pixray-Seeker; +http://www.pixray.com/pixraybot; +crawler@pixray.com)"
66.249.76.49 - - [11/Mar/2013:01:07:22 +0100] "GET /lexikon.php?cs_go=2&cs_char=l HTTP/1.1" 200 8773 "-" "Mozilla/5.0 (compatible; Googlebot/2.1; +http://www.google.com/bot.html)"
81.30.151.218 - - [11/Mar/2013:01:12:02 +0100] "GET /lexikon.php?cs_go=3&cs_id=117 HTTP/1.1" 200 8369 "-" "Pixray-Seeker/2.0 (Pixray-Seeker; +http://www.pixray.com/pixraybot; +crawler@pixray.com)"
66.249.76.49 - - [11/Mar/2013:01:15:34 +0100] "GET /lexikon.php?cs_go=2&cs_char=t HTTP/1.1" 200 8962 "-" "Mozilla/5.0 (compatible; Googlebot/2.1; +http://www.google.com/bot.html)"
66.249.76.49 - - [11/Mar/2013:01:19:43 +0100] "GET /lexikon.php?cs_go=3&cs_id=183 HTTP/1.1" 200 8564 "-" "Mozilla/5.0 (compatible; Googlebot/2.1; +http://www.google.com/bot.html)"
66.249.76.49 - - [11/Mar/2013:01:20:01 +0100] "GET /lexikon.php?cs_go=3&cs_id=234 HTTP/1.1" 200 8726 "-" "Mozilla/5.0 (compatible; Googlebot/2.1; +http://www.google.com/bot.html)"
66.249.76.49 - - [11/Mar/2013:01:24:03 +0100] "GET /news.php?cs_go=archiv&cs_id=3184&cs_search= HTTP/1.1" 200 13547 "-" "Mozilla/5.0 (compatible; Googlebot/2.1; +http://www.google.com/bot.html)"
81.30.151.218 - - [11/Mar/2013:01:27:25 +0100] "GET /lexikon.php?cs_go=3&cs_id=33 HTTP/1.1" 200 8757 "-" "Pixray-Seeker/2.0 (Pixray-Seeker; +http://www.pixray.com/pixraybot; +crawler@pixray.com)"
81.30.151.218 - - [11/Mar/2013:01:34:47 +0100] "GET /news.php?cs_go=archiv&cs_id=3740&cs_search= HTTP/1.1" 200 12081 "-" "Pixray-Seeker/2.0 (Pixray-Seeker; +http://www.pixray.com/pixraybot; +crawler@pixray.com)"
173.199.120.35 - - [11/Mar/2013:01:35:59 +0100] "GET /lexikon.php?cs_go=2 HTTP/1.1" 200 8582 "-" "Mozilla/5.0 (compatible; AhrefsBot/4.0; +http://ahrefs.com/robot/)"
66.249.76.49 - - [11/Mar/2013:01:36:20 +0100] "GET /lexikon.php?cs_go=3&cs_id=187 HTTP/1.1" 200 8503 "-" "Mozilla/5.0 (compatible; Googlebot/2.1; +http://www.google.com/bot.html)"
81.30.151.218 - - [11/Mar/2013:01:38:35 +0100] "GET /robots.txt HTTP/1.1" 200 177 "-" "Pixray-Seeker/2.0 (Pixray-Seeker; +http://www.pixray.com/pixraybot; +crawler@pixray.com)"
81.30.151.218 - - [11/Mar/2013:01:38:35 +0100] "GET /lexikon.php?cs_go=3&cs_id=105 HTTP/1.1" 200 8408 "-" "Pixray-Seeker/2.0 (Pixray-Seeker; +http://www.pixray.com/pixraybot; +crawler@pixray.com)"
66.249.76.49 - - [11/Mar/2013:01:40:36 +0100] "GET /news.php?cs_go=archiv&cs_id=2857 HTTP/1.1" 200 11566 "-" "Mozilla/5.0 (compatible; Googlebot/2.1; +http://www.google.com/bot.html)"
173.199.120.35 - - [11/Mar/2013:01:41:17 +0100] "GET /kwk.php HTTP/1.1" 200 10884 "-" "Mozilla/5.0 (compatible; AhrefsBot/4.0; +http://ahrefs.com/robot/)"
81.30.151.218 - - [11/Mar/2013:01:44:29 +0100] "GET /lexikon.php?cs_go=3&cs_id=6 HTTP/1.1" 200 8165 "-" "Pixray-Seeker/2.0 (Pixray-Seeker; +http://www.pixray.com/pixraybot; +crawler@pixray.com)"
66.249.76.49 - - [11/Mar/2013:01:44:49 +0100] "GET /news.php?cs_go=archiv&cs_id=2784&cs_search= HTTP/1.1" 200 10033 "-" "Mozilla/5.0 (compatible; Googlebot/2.1; +http://www.google.com/bot.html)"
81.30.151.218 - - [11/Mar/2013:01:44:54 +0100] "GET /lexikon.php?cs_go=2&cs_char=z HTTP/1.1" 200 8261 "-" "Pixray-Seeker/2.0 (Pixray-Seeker; +http://www.pixray.com/pixraybot; +crawler@pixray.com)"
173.199.120.35 - - [11/Mar/2013:01:53:21 +0100] "GET /news.php?cs_go=archiv&cs_id=3917&cs_search= HTTP/1.1" 200 13453 "-" "Mozilla/5.0 (compatible; AhrefsBot/4.0; +http://ahrefs.com/robot/)"
81.30.151.218 - - [11/Mar/2013:01:57:14 +0100] "GET /lexikon.php?cs_go=2&cs_char=k HTTP/1.1" 200 9879 "-" "Pixray-Seeker/2.0 (Pixray-Seeker; +http://www.pixray.com/pixraybot; +crawler@pixray.com)"
66.249.76.49 - - [11/Mar/2013:01:57:35 +0100] "GET /news.php?cs_go=archiv&cs_id=2858 HTTP/1.1" 200 14189 "-" "Mozilla/5.0 (compatible; Googlebot/2.1; +http://www.google.com/bot.html)"
66.249.76.49 - - [11/Mar/2013:02:06:07 +0100] "GET /news.php?cs_go=archiv&cs_id=2804&cs_search= HTTP/1.1" 200 14076 "-" "Mozilla/5.0 (compatible; Googlebot/2.1; +http://www.google.com/bot.html)"
81.30.151.218 - - [11/Mar/2013:02:07:15 +0100] "GET /news.php?cs_go=archiv&cs_id=3892&cs_search= HTTP/1.1" 200 11775 "-" "Pixray-Seeker/2.0 (Pixray-Seeker; +http://www.pixray.com/pixraybot; +crawler@pixray.com)"
173.199.120.35 - - [11/Mar/2013:02:14:58 +0100] "GET /modernisierung.php?cs_gp_go=description HTTP/1.1" 200 10771 "-" "Mozilla/5.0 (compatible; AhrefsBot/4.0; +http://ahrefs.com/robot/)"
66.249.76.49 - - [11/Mar/2013:02:19:01 +0100] "GET /news.php?cs_go=archiv&cs_id=2907 HTTP/1.1" 200 10014 "-" "Mozilla/5.0 (compatible; Googlebot/2.1; +http://www.google.com/bot.html)"
81.30.151.218 - - [11/Mar/2013:02:30:27 +0100] "GET /lexikon.php?cs_go=3&cs_id=60 HTTP/1.1" 200 8500 "-" "Pixray-Seeker/2.0 (Pixray-Seeker; +http://www.pixray.com/pixraybot; +crawler@pixray.com)"
81.30.151.218 - - [11/Mar/2013:02:35:00 +0100] "GET /lexikon.php?cs_go=3&cs_id=79 HTTP/1.1" 200 8001 "-" "Pixray-Seeker/2.0 (Pixray-Seeker; +http://www.pixray.com/pixraybot; +crawler@pixray.com)"
81.30.151.218 - - [11/Mar/2013:02:35:11 +0100] "GET /news.php?cs_go=archiv&cs_id=1661&cs_search= HTTP/1.1" 200 7887 "-" "Pixray-Seeker/2.0 (Pixray-Seeker; +http://www.pixray.com/pixraybot; +crawler@pixray.com)"
208.115.111.75 - - [11/Mar/2013:02:43:30 +0100] "GET /robots.txt HTTP/1.1" 200 177 "-" "Mozilla/5.0 (compatible; Ezooms/1.0; ezooms.bot@gmail.com)"
173.199.120.35 - - [11/Mar/2013:02:51:40 +0100] "GET /news.php?cs_go=archiv&cs_id=3921&cs_search= HTTP/1.1" 200 10242 "-" "Mozilla/5.0 (compatible; AhrefsBot/4.0; +http://ahrefs.com/robot/)"
66.249.76.49 - - [11/Mar/2013:02:53:27 +0100] "GET /lexikon.php HTTP/1.1" 200 10523 "-" "Mozilla/5.0 (compatible; Googlebot/2.1; +http://www.google.com/bot.html)"
66.249.76.49 - - [11/Mar/2013:02:59:15 +0100] "GET /news.php?cs_go=archiv&cs_id=3979 HTTP/1.1" 200 13500 "-" "SAMSUNG-SGH-E250/1.0 Profile/MIDP-2.0 Configuration/CLDC-1.1 UP.Browser/6.2.3.3.c.1.101 (GUI) MMP/2.0 (compatible; Googlebot-Mobile/2.1; +http://www.google.com/bot.html)"
66.249.76.49 - - [11/Mar/2013:03:06:21 +0100] "GET /news.php?cs_go=archiv&cs_id=3186&cs_search= HTTP/1.1" 200 9826 "-" "Mozilla/5.0 (compatible; Googlebot/2.1; +http://www.google.com/bot.html)"
81.30.151.218 - - [11/Mar/2013:03:04:15 +0100] "GET /news.php?cs_go=archiv&cs_id=1781&cs_search= HTTP/1.1" 200 7887 "-" "Pixray-Seeker/2.0 (Pixray-Seeker; +http://www.pixray.com/pixraybot; +crawler@pixray.com)"
81.30.151.218 - - [11/Mar/2013:03:08:38 +0100] "GET /news.php?cs_go=archiv&cs_id=3078&cs_search= HTTP/1.1" 200 13505 "-" "Pixray-Seeker/2.0 (Pixray-Seeker; +http://www.pixray.com/pixraybot; +crawler@pixray.com)"
81.30.151.218 - - [11/Mar/2013:03:25:35 +0100] "GET /news.php?cs_go=archiv&cs_id=2038&cs_search= HTTP/1.1" 200 7887 "-" "Pixray-Seeker/2.0 (Pixray-Seeker; +http://www.pixray.com/pixraybot; +crawler@pixray.com)"
81.30.151.218 - - [11/Mar/2013:03:27:07 +0100] "GET /robots.txt HTTP/1.1" 200 177 "-" "Pixray-Seeker/2.0 (Pixray-Seeker; +http://www.pixray.com/pixraybot; +crawler@pixray.com)"
81.30.151.218 - - [11/Mar/2013:03:27:07 +0100] "GET /news.php?cs_go=archiv&cs_id=1817&cs_search= HTTP/1.1" 200 7887 "-" "Pixray-Seeker/2.0 (Pixray-Seeker; +http://www.pixray.com/pixraybot; +crawler@pixray.com)"
157.55.32.117 - - [11/Mar/2013:03:27:17 +0100] "GET /robots.txt HTTP/1.1" 200 177 "-" "Mozilla/5.0 (compatible; bingbot/2.0; +http://www.bing.com/bingbot.htm)"
157.55.32.117 - - [11/Mar/2013:03:28:34 +0100] "GET / HTTP/1.1" 200 15327 "-" "Mozilla/5.0 (compatible; bingbot/2.0; +http://www.bing.com/bingbot.htm)"
157.55.32.117 - - [11/Mar/2013:03:28:34 +0100] "GET / HTTP/1.1" 200 15327 "-" "Mozilla/5.0 (compatible; bingbot/2.0; +http://www.bing.com/bingbot.htm)"
81.30.151.218 - - [11/Mar/2013:03:40:57 +0100] "GET /robots.txt HTTP/1.1" 200 177 "-" "Pixray-Seeker/2.0 (Pixray-Seeker; +http://www.pixray.com/pixraybot; +crawler@pixray.com)"
81.30.151.218 - - [11/Mar/2013:03:40:57 +0100] "GET /news.php?cs_go=archiv&cs_id=2489&cs_search= HTTP/1.1" 200 7887 "-" "Pixray-Seeker/2.0 (Pixray-Seeker; +http://www.pixray.com/pixraybot; +crawler@pixray.com)"
66.249.76.49 - - [11/Mar/2013:03:49:53 +0100] "GET /news.php?cs_go=archiv&cs_id=3331&cs_search= HTTP/1.1" 200 9808 "-" "Mozilla/5.0 (compatible; Googlebot/2.1; +http://www.google.com/bot.html)"
81.30.151.218 - - [11/Mar/2013:03:52:50 +0100] "GET /news.php?cs_go=archiv&cs_id=2741&cs_search= HTTP/1.1" 200 14094 "-" "Pixray-Seeker/2.0 (Pixray-Seeker; +http://www.pixray.com/pixraybot; +crawler@pixray.com)"
81.30.151.218 - - [11/Mar/2013:04:04:20 +0100] "GET /news.php?cs_go=archiv&cs_id=2726&cs_search= HTTP/1.1" 200 10273 "-" "Pixray-Seeker/2.0 (Pixray-Seeker; +http://www.pixray.com/pixraybot; +crawler@pixray.com)"
81.30.151.218 - - [11/Mar/2013:04:06:35 +0100] "GET /news.php?cs_go=archiv&cs_id=2235&cs_search= HTTP/1.1" 200 7887 "-" "Pixray-Seeker/2.0 (Pixray-Seeker; +http://www.pixray.com/pixraybot; +crawler@pixray.com)"
81.30.151.218 - - [11/Mar/2013:04:24:31 +0100] "GET /news.php?cs_go=archiv&cs_id=3451&cs_search= HTTP/1.1" 200 9850 "-" "Pixray-Seeker/2.0 (Pixray-Seeker; +http://www.pixray.com/pixraybot; +crawler@pixray.com)"
81.30.151.218 - - [11/Mar/2013:04:25:15 +0100] "GET /news.php?cs_go=archiv&cs_id=2185&cs_search= HTTP/1.1" 200 7887 "-" "Pixray-Seeker/2.0 (Pixray-Seeker; +http://www.pixray.com/pixraybot; +crawler@pixray.com)"
208.115.111.75 - - [11/Mar/2013:04:39:32 +0100] "GET /news.php?cs_go=archiv&cs_startpos=210 HTTP/1.1" 200 22516 "-" "Mozilla/5.0 (compatible; Ezooms/1.0; ezooms.bot@gmail.com)"
208.115.113.91 - - [11/Mar/2013:04:40:54 +0100] "GET /robots.txt HTTP/1.1" 200 177 "-" "Mozilla/5.0 (compatible; Ezooms/1.0; ezooms.bot@gmail.com)"
130.83.167.153 - - [11/Mar/2013:04:41:46 +0100] "GET /energiesparcheck.php HTTP/1.1" 200 7013 "-" "findlinks/2.6 (+http://wortschatz.uni-leipzig.de/findlinks/)"
130.83.167.153 - - [11/Mar/2013:04:41:50 +0100] "GET /energiesparcheck.php HTTP/1.1" 200 13494 "-" "findlinks/2.6 (+http://wortschatz.uni-leipzig.de/findlinks/)"
66.249.76.49 - - [11/Mar/2013:04:45:01 +0100] "GET /additive.php HTTP/1.1" 200 8372 "-" "Mozilla/5.0 (compatible; Googlebot/2.1; +http://www.google.com/bot.html)"
81.30.151.218 - - [11/Mar/2013:04:46:23 +0100] "GET /news.php?cs_go=archiv&cs_id=2223&cs_search= HTTP/1.1" 200 7887 "-" "Pixray-Seeker/2.0 (Pixray-Seeker; +http://www.pixray.com/pixraybot; +crawler@pixray.com)"
81.30.151.218 - - [11/Mar/2013:04:50:40 +0100] "GET /news.php?cs_go=archiv&cs_id=3501&cs_search= HTTP/1.1" 200 9880 "-" "Pixray-Seeker/2.0 (Pixray-Seeker; +http://www.pixray.com/pixraybot; +crawler@pixray.com)"
81.30.151.218 - - [11/Mar/2013:04:54:37 +0100] "GET /news.php?cs_go=archiv&cs_id=3885&cs_search= HTTP/1.1" 200 13537 "-" "Pixray-Seeker/2.0 (Pixray-Seeker; +http://www.pixray.com/pixraybot; +crawler@pixray.com)"
81.30.151.218 - - [11/Mar/2013:05:21:01 +0100] "GET /news.php?cs_go=archiv&cs_id=3569&cs_search= HTTP/1.1" 200 13706 "-" "Pixray-Seeker/2.0 (Pixray-Seeker; +http://www.pixray.com/pixraybot; +crawler@pixray.com)"
81.30.151.218 - - [11/Mar/2013:05:24:49 +0100] "GET /news.php?cs_go=archiv&cs_id=2847&cs_search= HTTP/1.1" 200 11118 "-" "Pixray-Seeker/2.0 (Pixray-Seeker; +http://www.pixray.com/pixraybot; +crawler@pixray.com)"
173.199.120.35 - - [11/Mar/2013:05:28:35 +0100] "GET /\"http://www.brennstoffboerse.de/index.php?go=fluessiggas_pruefung\" HTTP/1.1" 404 - "-" "Mozilla/5.0 (compatible; AhrefsBot/4.0; +http://ahrefs.com/robot/)"
66.249.76.49 - - [11/Mar/2013:05:30:08 +0100] "GET /news.php?cs_go=archiv&cs_id=3641 HTTP/1.1" 200 10079 "-" "Mozilla/5.0 (compatible; Googlebot/2.1; +http://www.google.com/bot.html)"
66.249.76.49 - - [11/Mar/2013:05:35:23 +0100] "GET /news.php?cs_go=archiv&cs_id=3030&cs_search= HTTP/1.1" 200 12501 "-" "Mozilla/5.0 (compatible; Googlebot/2.1; +http://www.google.com/bot.html)"
81.30.151.218 - - [11/Mar/2013:05:40:52 +0100] "GET /news.php?cs_go=archiv&cs_id=3116&cs_search= HTTP/1.1" 200 9948 "-" "Pixray-Seeker/2.0 (Pixray-Seeker; +http://www.pixray.com/pixraybot; +crawler@pixray.com)"
66.249.76.49 - - [11/Mar/2013:05:42:59 +0100] "GET / HTTP/1.1" 200 15327 "-" "Mozilla/5.0 (compatible; Googlebot/2.1; +http://www.google.com/bot.html)"
81.30.151.218 - - [11/Mar/2013:06:11:52 +0100] "GET /news.php?cs_go=archiv&cs_id=3622&cs_search= HTTP/1.1" 200 11727 "-" "Pixray-Seeker/2.0 (Pixray-Seeker; +http://www.pixray.com/pixraybot; +crawler@pixray.com)"
199.30.16.39 - - [11/Mar/2013:06:17:19 +0100] "GET /robots.txt HTTP/1.1" 200 177 "-" "msnbot-media/1.1 (+http://search.msn.com/msnbot.htm)"
199.30.16.39 - - [11/Mar/2013:06:17:20 +0100] "GET /images/freecall.jpg HTTP/1.1" 200 39195 "-" "msnbot-media/1.1 (+http://search.msn.com/msnbot.htm)"
81.30.151.218 - - [11/Mar/2013:06:18:02 +0100] "GET /lexikon.php?cs_go=3&cs_id=73 HTTP/1.1" 200 9627 "-" "Pixray-Seeker/2.0 (Pixray-Seeker; +http://www.pixray.com/pixraybot; +crawler@pixray.com)"
81.30.151.218 - - [11/Mar/2013:06:18:17 +0100] "GET /news.php?cs_go=archiv&cs_id=3981&cs_search= HTTP/1.1" 200 12282 "-" "Pixray-Seeker/2.0 (Pixray-Seeker; +http://www.pixray.com/pixraybot; +crawler@pixray.com)"
66.249.76.49 - - [11/Mar/2013:06:19:20 +0100] "GET /news.php?cs_go=archiv&cs_id=2749&cs_search= HTTP/1.1" 200 12562 "-" "Mozilla/5.0 (compatible; Googlebot/2.1; +http://www.google.com/bot.html)"
65.36.241.79 - - [11/Mar/2013:06:21:17 +0100] "HEAD / HTTP/1.1" 200 - "-" "InternetSeer.com"
66.249.76.49 - - [11/Mar/2013:06:25:07 +0100] "GET /news.php?cs_go=archiv&cs_id=3710 HTTP/1.1" 200 14235 "-" "Mozilla/5.0 (compatible; Googlebot/2.1; +http://www.google.com/bot.html)"
66.249.76.49 - - [11/Mar/2013:06:30:52 +0100] "GET /lexikon.php?cs_go=3&cs_id=19 HTTP/1.1" 200 9902 "-" "Mozilla/5.0 (compatible; Googlebot/2.1; +http://www.google.com/bot.html)"
66.249.76.49 - - [11/Mar/2013:06:36:39 +0100] "GET /news.php?cs_go=archiv&cs_id=3900 HTTP/1.1" 200 13356 "-" "Mozilla/5.0 (compatible; Googlebot/2.1; +http://www.google.com/bot.html)"
208.115.111.75 - - [11/Mar/2013:06:39:52 +0100] "GET /robots.txt HTTP/1.1" 200 177 "-" "Mozilla/5.0 (compatible; Ezooms/1.0; ezooms.bot@gmail.com)"
81.30.151.218 - - [11/Mar/2013:06:41:02 +0100] "GET /news.php?cs_go=archiv&cs_id=3982&cs_search= HTTP/1.1" 200 13450 "-" "Pixray-Seeker/2.0 (Pixray-Seeker; +http://www.pixray.com/pixraybot; +crawler@pixray.com)"
66.249.76.49 - - [11/Mar/2013:06:48:09 +0100] "GET /news.php?cs_go=archiv&cs_id=3725 HTTP/1.1" 200 13804 "-" "Mozilla/5.0 (compatible; Googlebot/2.1; +http://www.google.com/bot.html)"
208.115.113.91 - - [11/Mar/2013:06:51:50 +0100] "GET /news.php?cs_go=archiv&cs_id=3928&cs_search= HTTP/1.1" 200 9891 "-" "Mozilla/5.0 (compatible; Ezooms/1.0; ezooms.bot@gmail.com)"
66.249.76.49 - - [11/Mar/2013:06:59:42 +0100] "GET /kwk.php?cs_go=3 HTTP/1.1" 200 10285 "-" "Mozilla/5.0 (compatible; Googlebot/2.1; +http://www.google.com/bot.html)"
81.30.151.218 - - [11/Mar/2013:07:04:13 +0100] "GET /news.php?cs_go=archiv&cs_id=2461&cs_search= HTTP/1.1" 200 7887 "-" "Pixray-Seeker/2.0 (Pixray-Seeker; +http://www.pixray.com/pixraybot; +crawler@pixray.com)"
66.249.76.49 - - [11/Mar/2013:07:05:27 +0100] "GET /news.php?cs_go=archiv&cs_id=2910&cs_search= HTTP/1.1" 200 10783 "-" "Mozilla/5.0 (compatible; Googlebot/2.1; +http://www.google.com/bot.html)"
81.30.151.218 - - [11/Mar/2013:07:13:38 +0100] "GET /robots.txt HTTP/1.1" 200 177 "-" "Pixray-Seeker/2.0 (Pixray-Seeker; +http://www.pixray.com/pixraybot; +crawler@pixray.com)"
81.30.151.218 - - [11/Mar/2013:07:13:38 +0100] "GET /news.php?cs_go=archiv&cs_id=1750&cs_search= HTTP/1.1" 200 7887 "-" "Pixray-Seeker/2.0 (Pixray-Seeker; +http://www.pixray.com/pixraybot; +crawler@pixray.com)"
66.249.76.49 - - [11/Mar/2013:07:14:01 +0100] "GET /ansprechpartner.php HTTP/1.1" 404 - "-" "Mozilla/5.0 (compatible; Googlebot/2.1; +http://www.google.com/bot.html)"
85.178.20.30 - - [11/Mar/2013:07:17:53 +0100] "GET /style.css HTTP/1.1" 200 8418 "http://www.mink-gmbh.de/" "Mozilla/5.0 (iPad; CPU OS 6_1 like Mac OS X) AppleWebKit/536.26 (KHTML, like Gecko) Version/6.0 Mobile/10B141 Safari/8536.25"
85.178.20.30 - - [11/Mar/2013:07:17:53 +0100] "GET /modul.css HTTP/1.1" 200 35038 "http://www.mink-gmbh.de/" "Mozilla/5.0 (iPad; CPU OS 6_1 like Mac OS X) AppleWebKit/536.26 (KHTML, like Gecko) Version/6.0 Mobile/10B141 Safari/8536.25"
85.178.20.30 - - [11/Mar/2013:07:17:53 +0100] "GET /js_contentserver24_greybox/gb_styles.css HTTP/1.1" 200 2302 "http://www.mink-gmbh.de/" "Mozilla/5.0 (iPad; CPU OS 6_1 like Mac OS X) AppleWebKit/536.26 (KHTML, like Gecko) Version/6.0 Mobile/10B141 Safari/8536.25"
85.178.20.30 - - [11/Mar/2013:07:17:53 +0100] "GET / HTTP/1.1" 200 15327 "-" "Mozilla/5.0 (iPad; CPU OS 6_1 like Mac OS X) AppleWebKit/536.26 (KHTML, like Gecko) Version/6.0 Mobile/10B141 Safari/8536.25"
85.178.20.30 - - [11/Mar/2013:07:17:54 +0100] "GET /js_contentserver24_greybox/AJS.js HTTP/1.1" 200 10396 "http://www.mink-gmbh.de/" "Mozilla/5.0 (iPad; CPU OS 6_1 like Mac OS X) AppleWebKit/536.26 (KHTML, like Gecko) Version/6.0 Mobile/10B141 Safari/8536.25"
85.178.20.30 - - [11/Mar/2013:07:17:54 +0100] "GET /js_contentserver24_greybox/AJS_fx.js HTTP/1.1" 200 3192 "http://www.mink-gmbh.de/" "Mozilla/5.0 (iPad; CPU OS 6_1 like Mac OS X) AppleWebKit/536.26 (KHTML, like Gecko) Version/6.0 Mobile/10B141 Safari/8536.25"
85.178.20.30 - - [11/Mar/2013:07:17:54 +0100] "GET /js_contentserver24_greybox/gb_scripts.js HTTP/1.1" 200 11913 "http://www.mink-gmbh.de/" "Mozilla/5.0 (iPad; CPU OS 6_1 like Mac OS X) AppleWebKit/536.26 (KHTML, like Gecko) Version/6.0 Mobile/10B141 Safari/8536.25"
85.178.20.30 - - [11/Mar/2013:07:17:54 +0100] "GET /images/bg.jpg HTTP/1.1" 200 345 "http://www.mink-gmbh.de/" "Mozilla/5.0 (iPad; CPU OS 6_1 like Mac OS X) AppleWebKit/536.26 (KHTML, like Gecko) Version/6.0 Mobile/10B141 Safari/8536.25"
85.178.20.30 - - [11/Mar/2013:07:17:54 +0100] "GET /images/tkw.jpg HTTP/1.1" 200 64031 "http://www.mink-gmbh.de/" "Mozilla/5.0 (iPad; CPU OS 6_1 like Mac OS X) AppleWebKit/536.26 (KHTML, like Gecko) Version/6.0 Mobile/10B141 Safari/8536.25"
85.178.20.30 - - [11/Mar/2013:07:17:54 +0100] "GET /images/freecall.jpg HTTP/1.1" 200 39195 "http://www.mink-gmbh.de/" "Mozilla/5.0 (iPad; CPU OS 6_1 like Mac OS X) AppleWebKit/536.26 (KHTML, like Gecko) Version/6.0 Mobile/10B141 Safari/8536.25"
85.178.20.30 - - [11/Mar/2013:07:17:54 +0100] "GET /images/mail.jpg HTTP/1.1" 200 11165 "http://www.mink-gmbh.de/" "Mozilla/5.0 (iPad; CPU OS 6_1 like Mac OS X) AppleWebKit/536.26 (KHTML, like Gecko) Version/6.0 Mobile/10B141 Safari/8536.25"
85.178.20.30 - - [11/Mar/2013:07:17:54 +0100] "GET /images/logos.jpg HTTP/1.1" 200 15002 "http://www.mink-gmbh.de/" "Mozilla/5.0 (iPad; CPU OS 6_1 like Mac OS X) AppleWebKit/536.26 (KHTML, like Gecko) Version/6.0 Mobile/10B141 Safari/8536.25"
85.178.20.30 - - [11/Mar/2013:07:17:54 +0100] "GET /js_contentserver24_greybox/w_close.gif HTTP/1.1" 200 74 "http://www.mink-gmbh.de/" "Mozilla/5.0 (iPad; CPU OS 6_1 like Mac OS X) AppleWebKit/536.26 (KHTML, like Gecko) Version/6.0 Mobile/10B141 Safari/8536.25"
85.178.20.30 - - [11/Mar/2013:07:17:54 +0100] "GET /images/close.png HTTP/1.1" 200 703 "http://www.mink-gmbh.de/" "Mozilla/5.0 (iPad; CPU OS 6_1 like Mac OS X) AppleWebKit/536.26 (KHTML, like Gecko) Version/6.0 Mobile/10B141 Safari/8536.25"
85.178.20.30 - - [11/Mar/2013:07:17:54 +0100] "GET /images/header.jpg HTTP/1.1" 200 24413 "http://www.mink-gmbh.de/" "Mozilla/5.0 (iPad; CPU OS 6_1 like Mac OS X) AppleWebKit/536.26 (KHTML, like Gecko) Version/6.0 Mobile/10B141 Safari/8536.25"
85.178.20.30 - - [11/Mar/2013:07:17:54 +0100] "GET /images/navibg.png HTTP/1.1" 200 2803 "http://www.mink-gmbh.de/" "Mozilla/5.0 (iPad; CPU OS 6_1 like Mac OS X) AppleWebKit/536.26 (KHTML, like Gecko) Version/6.0 Mobile/10B141 Safari/8536.25"
85.178.20.30 - - [11/Mar/2013:07:17:54 +0100] "GET /images/newsletter.jpg HTTP/1.1" 200 13130 "http://www.mink-gmbh.de/" "Mozilla/5.0 (iPad; CPU OS 6_1 like Mac OS X) AppleWebKit/536.26 (KHTML, like Gecko) Version/6.0 Mobile/10B141 Safari/8536.25"
85.178.20.30 - - [11/Mar/2013:07:17:54 +0100] "GET /images/kwk.gif HTTP/1.1" 200 6403 "http://www.mink-gmbh.de/" "Mozilla/5.0 (iPad; CPU OS 6_1 like Mac OS X) AppleWebKit/536.26 (KHTML, like Gecko) Version/6.0 Mobile/10B141 Safari/8536.25"
85.178.20.30 - - [11/Mar/2013:07:17:54 +0100] "GET /images/wunschpreis.jpg HTTP/1.1" 200 16767 "http://www.mink-gmbh.de/" "Mozilla/5.0 (iPad; CPU OS 6_1 like Mac OS X) AppleWebKit/536.26 (KHTML, like Gecko) Version/6.0 Mobile/10B141 Safari/8536.25"
85.178.20.30 - - [11/Mar/2013:07:17:54 +0100] "GET /images/newsletter.png HTTP/1.1" 200 14619 "http://www.mink-gmbh.de/" "Mozilla/5.0 (iPad; CPU OS 6_1 like Mac OS X) AppleWebKit/536.26 (KHTML, like Gecko) Version/6.0 Mobile/10B141 Safari/8536.25"
85.178.20.30 - - [11/Mar/2013:07:17:54 +0100] "GET /images/steigend.png HTTP/1.1" 200 688 "http://www.mink-gmbh.de/" "Mozilla/5.0 (iPad; CPU OS 6_1 like Mac OS X) AppleWebKit/536.26 (KHTML, like Gecko) Version/6.0 Mobile/10B141 Safari/8536.25"
85.178.20.30 - - [11/Mar/2013:07:17:54 +0100] "GET /images/newsletter_bg.jpg HTTP/1.1" 200 33610 "http://www.mink-gmbh.de/" "Mozilla/5.0 (iPad; CPU OS 6_1 like Mac OS X) AppleWebKit/536.26 (KHTML, like Gecko) Version/6.0 Mobile/10B141 Safari/8536.25"
85.178.20.30 - - [11/Mar/2013:07:17:54 +0100] "GET /images/footerbg.jpg HTTP/1.1" 200 2184 "http://www.mink-gmbh.de/" "Mozilla/5.0 (iPad; CPU OS 6_1 like Mac OS X) AppleWebKit/536.26 (KHTML, like Gecko) Version/6.0 Mobile/10B141 Safari/8536.25"
85.178.20.30 - - [11/Mar/2013:07:17:54 +0100] "GET /js_contentserver24_greybox/loader_frame.html?s=0 HTTP/1.1" 200 2084 "http://www.mink-gmbh.de/" "Mozilla/5.0 (iPad; CPU OS 6_1 like Mac OS X) AppleWebKit/536.26 (KHTML, like Gecko) Version/6.0 Mobile/10B141 Safari/8536.25"
85.178.20.30 - - [11/Mar/2013:07:17:54 +0100] "GET /js_contentserver24_greybox/header_bg.gif HTTP/1.1" 200 1188 "http://www.mink-gmbh.de/" "Mozilla/5.0 (iPad; CPU OS 6_1 like Mac OS X) AppleWebKit/536.26 (KHTML, like Gecko) Version/6.0 Mobile/10B141 Safari/8536.25"
85.178.20.30 - - [11/Mar/2013:07:17:54 +0100] "GET /images/wrapperbg.jpg HTTP/1.1" 200 27465 "http://www.mink-gmbh.de/" "Mozilla/5.0 (iPad; CPU OS 6_1 like Mac OS X) AppleWebKit/536.26 (KHTML, like Gecko) Version/6.0 Mobile/10B141 Safari/8536.25"
85.178.20.30 - - [11/Mar/2013:07:17:54 +0100] "GET /images/mobil.jpg HTTP/1.1" 200 25293 "http://www.mink-gmbh.de/" "Mozilla/5.0 (iPad; CPU OS 6_1 like Mac OS X) AppleWebKit/536.26 (KHTML, like Gecko) Version/6.0 Mobile/10B141 Safari/8536.25"
85.178.20.30 - - [11/Mar/2013:07:17:54 +0100] "GET /js_contentserver24_greybox/indicator.gif HTTP/1.1" 200 8238 "http://www.mink-gmbh.de/js_contentserver24_greybox/loader_frame.html?s=0" "Mozilla/5.0 (iPad; CPU OS 6_1 like Mac OS X) AppleWebKit/536.26 (KHTML, like Gecko) Version/6.0 Mobile/10B141 Safari/8536.25"
85.178.20.30 - - [11/Mar/2013:07:17:55 +0100] "GET /images/fallend.png HTTP/1.1" 200 713 "http://www.mink-gmbh.de/" "Mozilla/5.0 (iPad; CPU OS 6_1 like Mac OS X) AppleWebKit/536.26 (KHTML, like Gecko) Version/6.0 Mobile/10B141 Safari/8536.25"
85.178.20.30 - - [11/Mar/2013:07:17:55 +0100] "GET /js_contentserver24_greybox/g_close.gif HTTP/1.1" 200 541 "http://www.mink-gmbh.de/" "Mozilla/5.0 (iPad; CPU OS 6_1 like Mac OS X) AppleWebKit/536.26 (KHTML, like Gecko) Version/6.0 Mobile/10B141 Safari/8536.25"
173.199.120.35 - - [11/Mar/2013:07:18:07 +0100] "GET /lexikon.php?cs_go=3&cs_id=129 HTTP/1.1" 200 8647 "-" "Mozilla/5.0 (compatible; AhrefsBot/4.0; +http://ahrefs.com/robot/)"
139.18.2.209 - - [11/Mar/2013:07:18:38 +0100] "GET /news.php HTTP/1.1" 200 6992 "-" "findlinks/2.6 (+http://wortschatz.uni-leipzig.de/findlinks/)"
139.18.2.209 - - [11/Mar/2013:07:18:38 +0100] "GET /news.php HTTP/1.1" 200 21914 "-" "findlinks/2.6 (+http://wortschatz.uni-leipzig.de/findlinks/)"
85.178.20.30 - - [11/Mar/2013:07:19:02 +0100] "GET /news.php?cs_go=archiv&cs_id=3993 HTTP/1.1" 200 13049 "http://www.mink-gmbh.de/" "Mozilla/5.0 (iPad; CPU OS 6_1 like Mac OS X) AppleWebKit/536.26 (KHTML, like Gecko) Version/6.0 Mobile/10B141 Safari/8536.25"
173.199.120.35 - - [11/Mar/2013:07:19:25 +0100] "GET /news.php?cs_go=archiv&cs_id=3915&cs_search= HTTP/1.1" 200 10203 "-" "Mozilla/5.0 (compatible; AhrefsBot/4.0; +http://ahrefs.com/robot/)"
66.249.76.49 - - [11/Mar/2013:07:23:26 +0100] "GET /news.php?cs_go=archiv&cs_id=3460 HTTP/1.1" 200 13326 "-" "Mozilla/5.0 (compatible; Googlebot/2.1; +http://www.google.com/bot.html)"
213.30.207.238 - - [11/Mar/2013:07:23:29 +0100] "GET / HTTP/1.1" 200 15327 "http://www.google.de/url?sa=t&rct=j&q=&esrc=s&source=web&cd=6&ved=0CFIQFjAF&url=http%3A%2F%2Fwww.mink-gmbh.de%2F&ei=73c9UfU9yc61BvnUgPAB&usg=AFQjCNFHX4Iglls9oo-KYXTmDUV_5KOVIg&bvm=bv.43287494,d.Yms" "Mozilla/5.0 (Windows NT 6.1; WOW64; rv:19.0) Gecko/20100101 Firefox/19.0"
213.30.207.238 - - [11/Mar/2013:07:23:32 +0100] "GET /style.css HTTP/1.1" 200 8418 "http://www.mink-gmbh.de/" "Mozilla/5.0 (Windows NT 6.1; WOW64; rv:19.0) Gecko/20100101 Firefox/19.0"
213.30.207.238 - - [11/Mar/2013:07:23:32 +0100] "GET /js_contentserver24_greybox/AJS.js HTTP/1.1" 200 10396 "http://www.mink-gmbh.de/" "Mozilla/5.0 (Windows NT 6.1; WOW64; rv:19.0) Gecko/20100101 Firefox/19.0"
213.30.207.238 - - [11/Mar/2013:07:23:32 +0100] "GET /js_contentserver24_greybox/gb_styles.css HTTP/1.1" 200 2302 "http://www.mink-gmbh.de/" "Mozilla/5.0 (Windows NT 6.1; WOW64; rv:19.0) Gecko/20100101 Firefox/19.0"
213.30.207.238 - - [11/Mar/2013:07:23:32 +0100] "GET /js_contentserver24_greybox/AJS_fx.js HTTP/1.1" 200 3192 "http://www.mink-gmbh.de/" "Mozilla/5.0 (Windows NT 6.1; WOW64; rv:19.0) Gecko/20100101 Firefox/19.0"
213.30.207.238 - - [11/Mar/2013:07:23:32 +0100] "GET /js_contentserver24_greybox/gb_scripts.js HTTP/1.1" 200 11913 "http://www.mink-gmbh.de/" "Mozilla/5.0 (Windows NT 6.1; WOW64; rv:19.0) Gecko/20100101 Firefox/19.0"
213.30.207.238 - - [11/Mar/2013:07:23:32 +0100] "GET /images/mail.jpg HTTP/1.1" 200 11165 "http://www.mink-gmbh.de/" "Mozilla/5.0 (Windows NT 6.1; WOW64; rv:19.0) Gecko/20100101 Firefox/19.0"
213.30.207.238 - - [11/Mar/2013:07:23:32 +0100] "GET /images/kwk.gif HTTP/1.1" 200 6403 "http://www.mink-gmbh.de/" "Mozilla/5.0 (Windows NT 6.1; WOW64; rv:19.0) Gecko/20100101 Firefox/19.0"
213.30.207.238 - - [11/Mar/2013:07:23:32 +0100] "GET /images/wunschpreis.jpg HTTP/1.1" 200 16767 "http://www.mink-gmbh.de/" "Mozilla/5.0 (Windows NT 6.1; WOW64; rv:19.0) Gecko/20100101 Firefox/19.0"
213.30.207.238 - - [11/Mar/2013:07:23:32 +0100] "GET /images/logos.jpg HTTP/1.1" 200 15002 "http://www.mink-gmbh.de/" "Mozilla/5.0 (Windows NT 6.1; WOW64; rv:19.0) Gecko/20100101 Firefox/19.0"
213.30.207.238 - - [11/Mar/2013:07:23:32 +0100] "GET /modul.css HTTP/1.1" 200 35038 "http://www.mink-gmbh.de/" "Mozilla/5.0 (Windows NT 6.1; WOW64; rv:19.0) Gecko/20100101 Firefox/19.0"
213.30.207.238 - - [11/Mar/2013:07:23:32 +0100] "GET /favicon.ico HTTP/1.1" 200 3638 "-" "Mozilla/5.0 (Windows NT 6.1; WOW64; rv:19.0) Gecko/20100101 Firefox/19.0"
213.30.207.238 - - [11/Mar/2013:07:23:32 +0100] "GET /images/tkw.jpg HTTP/1.1" 200 64031 "http://www.mink-gmbh.de/" "Mozilla/5.0 (Windows NT 6.1; WOW64; rv:19.0) Gecko/20100101 Firefox/19.0"
213.30.207.238 - - [11/Mar/2013:07:23:32 +0100] "GET /images/freecall.jpg HTTP/1.1" 200 39195 "http://www.mink-gmbh.de/" "Mozilla/5.0 (Windows NT 6.1; WOW64; rv:19.0) Gecko/20100101 Firefox/19.0"
213.30.207.238 - - [11/Mar/2013:07:23:41 +0100] "GET /images/bg.jpg HTTP/1.1" 200 345 "http://www.mink-gmbh.de/style.css" "Mozilla/5.0 (Windows NT 6.1; WOW64; rv:19.0) Gecko/20100101 Firefox/19.0"
213.30.207.238 - - [11/Mar/2013:07:23:42 +0100] "GET /images/newsletter_bg.jpg HTTP/1.1" 200 33610 "http://www.mink-gmbh.de/" "Mozilla/5.0 (Windows NT 6.1; WOW64; rv:19.0) Gecko/20100101 Firefox/19.0"
213.30.207.238 - - [11/Mar/2013:07:23:42 +0100] "GET /js_contentserver24_greybox/w_close.gif HTTP/1.1" 200 74 "http://www.mink-gmbh.de/" "Mozilla/5.0 (Windows NT 6.1; WOW64; rv:19.0) Gecko/20100101 Firefox/19.0"
213.30.207.238 - - [11/Mar/2013:07:23:42 +0100] "GET /images/newsletter.png HTTP/1.1" 200 14619 "http://www.mink-gmbh.de/style.css" "Mozilla/5.0 (Windows NT 6.1; WOW64; rv:19.0) Gecko/20100101 Firefox/19.0"
213.30.207.238 - - [11/Mar/2013:07:23:42 +0100] "GET /images/header.jpg HTTP/1.1" 200 24413 "http://www.mink-gmbh.de/style.css" "Mozilla/5.0 (Windows NT 6.1; WOW64; rv:19.0) Gecko/20100101 Firefox/19.0"
213.30.207.238 - - [11/Mar/2013:07:23:42 +0100] "GET /images/close.png HTTP/1.1" 200 703 "http://www.mink-gmbh.de/" "Mozilla/5.0 (Windows NT 6.1; WOW64; rv:19.0) Gecko/20100101 Firefox/19.0"
213.30.207.238 - - [11/Mar/2013:07:23:42 +0100] "GET /images/wrapperbg.jpg HTTP/1.1" 200 27465 "http://www.mink-gmbh.de/style.css" "Mozilla/5.0 (Windows NT 6.1; WOW64; rv:19.0) Gecko/20100101 Firefox/19.0"
213.30.207.238 - - [11/Mar/2013:07:23:42 +0100] "GET /images/navibg.png HTTP/1.1" 200 2803 "http://www.mink-gmbh.de/style.css" "Mozilla/5.0 (Windows NT 6.1; WOW64; rv:19.0) Gecko/20100101 Firefox/19.0"
213.30.207.238 - - [11/Mar/2013:07:23:42 +0100] "GET /images/fallend.png HTTP/1.1" 200 713 "http://www.mink-gmbh.de/modul.css" "Mozilla/5.0 (Windows NT 6.1; WOW64; rv:19.0) Gecko/20100101 Firefox/19.0"
213.30.207.238 - - [11/Mar/2013:07:23:42 +0100] "GET /images/steigend.png HTTP/1.1" 200 688 "http://www.mink-gmbh.de/modul.css" "Mozilla/5.0 (Windows NT 6.1; WOW64; rv:19.0) Gecko/20100101 Firefox/19.0"
213.30.207.238 - - [11/Mar/2013:07:23:42 +0100] "GET /images/mobil.jpg HTTP/1.1" 200 25293 "http://www.mink-gmbh.de/style.css" "Mozilla/5.0 (Windows NT 6.1; WOW64; rv:19.0) Gecko/20100101 Firefox/19.0"
213.30.207.238 - - [11/Mar/2013:07:23:42 +0100] "GET /images/newsletter.jpg HTTP/1.1" 200 13130 "http://www.mink-gmbh.de/style.css" "Mozilla/5.0 (Windows NT 6.1; WOW64; rv:19.0) Gecko/20100101 Firefox/19.0"
213.30.207.238 - - [11/Mar/2013:07:23:42 +0100] "GET /images/footerbg.jpg HTTP/1.1" 200 2184 "http://www.mink-gmbh.de/style.css" "Mozilla/5.0 (Windows NT 6.1; WOW64; rv:19.0) Gecko/20100101 Firefox/19.0"
213.30.207.238 - - [11/Mar/2013:07:23:42 +0100] "GET /js_contentserver24_greybox/header_bg.gif HTTP/1.1" 200 1188 "http://www.mink-gmbh.de/" "Mozilla/5.0 (Windows NT 6.1; WOW64; rv:19.0) Gecko/20100101 Firefox/19.0"
213.30.207.238 - - [11/Mar/2013:07:23:42 +0100] "GET /js_contentserver24_greybox/loader_frame.html?s=0 HTTP/1.1" 200 2084 "http://www.mink-gmbh.de/" "Mozilla/5.0 (Windows NT 6.1; WOW64; rv:19.0) Gecko/20100101 Firefox/19.0"
213.30.207.238 - - [11/Mar/2013:07:23:42 +0100] "GET /js_contentserver24_greybox/indicator.gif HTTP/1.1" 200 8238 "http://www.mink-gmbh.de/js_contentserver24_greybox/loader_frame.html?s=0" "Mozilla/5.0 (Windows NT 6.1; WOW64; rv:19.0) Gecko/20100101 Firefox/19.0"
213.30.207.238 - - [11/Mar/2013:07:23:46 +0100] "GET /js_contentserver24_greybox/g_close.gif HTTP/1.1" 200 541 "http://www.mink-gmbh.de/" "Mozilla/5.0 (Windows NT 6.1; WOW64; rv:19.0) Gecko/20100101 Firefox/19.0"
