195.42.102.21 - - [13/Mar/2013:13:01:59 +0100] "GET /lexikon.php?cs_go=3&cs_id=202 HTTP/1.1" 200 8519 "-" "Mozilla/5.0 (compatible; WBSearchBot/1.1; +http://www.warebay.com/bot.html)"
195.42.102.21 - - [13/Mar/2013:13:02:03 +0100] "GET /lexikon.php?cs_go=3&cs_id=220 HTTP/1.1" 200 8023 "-" "Mozilla/5.0 (compatible; WBSearchBot/1.1; +http://www.warebay.com/bot.html)"
195.42.102.21 - - [13/Mar/2013:13:02:07 +0100] "GET /lexikon.php?cs_go=3&cs_id=109 HTTP/1.1" 200 9501 "-" "Mozilla/5.0 (compatible; WBSearchBot/1.1; +http://www.warebay.com/bot.html)"
195.42.102.21 - - [13/Mar/2013:13:02:09 +0100] "GET /lexikon.php?cs_go=3&cs_id=111 HTTP/1.1" 200 8057 "-" "Mozilla/5.0 (compatible; WBSearchBot/1.1; +http://www.warebay.com/bot.html)"
195.42.102.21 - - [13/Mar/2013:13:02:13 +0100] "GET /lexikon.php?cs_go=3&cs_id=129 HTTP/1.1" 200 8647 "-" "Mozilla/5.0 (compatible; WBSearchBot/1.1; +http://www.warebay.com/bot.html)"
195.42.102.21 - - [13/Mar/2013:13:02:16 +0100] "GET /lexikon.php?cs_go=3&cs_id=203 HTTP/1.1" 200 8810 "-" "Mozilla/5.0 (compatible; WBSearchBot/1.1; +http://www.warebay.com/bot.html)"
195.42.102.21 - - [13/Mar/2013:13:02:20 +0100] "GET /lexikon.php?cs_go=3&cs_id=10 HTTP/1.1" 200 8557 "-" "Mozilla/5.0 (compatible; WBSearchBot/1.1; +http://www.warebay.com/bot.html)"
195.42.102.21 - - [13/Mar/2013:13:02:23 +0100] "GET /lexikon.php?cs_go=3&cs_id=119 HTTP/1.1" 200 8142 "-" "Mozilla/5.0 (compatible; WBSearchBot/1.1; +http://www.warebay.com/bot.html)"
195.42.102.21 - - [13/Mar/2013:13:02:26 +0100] "GET /lexikon.php?cs_go=3&cs_id=107 HTTP/1.1" 200 8389 "-" "Mozilla/5.0 (compatible; WBSearchBot/1.1; +http://www.warebay.com/bot.html)"
195.42.102.21 - - [13/Mar/2013:13:02:29 +0100] "GET /lexikon.php?cs_go=3&cs_id=98 HTTP/1.1" 200 8415 "-" "Mozilla/5.0 (compatible; WBSearchBot/1.1; +http://www.warebay.com/bot.html)"
195.42.102.21 - - [13/Mar/2013:13:02:33 +0100] "GET /lexikon.php?cs_go=3&cs_id=75 HTTP/1.1" 200 8596 "-" "Mozilla/5.0 (compatible; WBSearchBot/1.1; +http://www.warebay.com/bot.html)"
50.22.199.170 - - [13/Mar/2013:13:04:59 +0100] "GET /robots.txt HTTP/1.1" 200 177 "-" "Mozilla/5.0 (compatible; SiteExplorer/1.0b; +http://siteexplorer.info/)"
50.22.199.170 - - [13/Mar/2013:13:05:01 +0100] "GET / HTTP/1.1" 200 12093 "-" "Mozilla/5.0 (compatible; SiteExplorer/1.0b; +http://siteexplorer.info/)"
65.36.241.79 - - [13/Mar/2013:13:14:34 +0100] "HEAD / HTTP/1.1" 200 - "-" "InternetSeer.com"
88.130.217.49 - - [13/Mar/2013:13:20:09 +0100] "GET /style.css HTTP/1.1" 200 8418 "http://www.mink-gmbh.de/" "Mozilla/5.0 (Windows NT 6.0) AppleWebKit/537.22 (KHTML, like Gecko) Chrome/25.0.1364.97 Safari/537.22"
88.130.217.49 - - [13/Mar/2013:13:20:09 +0100] "GET /js_contentserver24_greybox/gb_styles.css HTTP/1.1" 200 2302 "http://www.mink-gmbh.de/" "Mozilla/5.0 (Windows NT 6.0) AppleWebKit/537.22 (KHTML, like Gecko) Chrome/25.0.1364.97 Safari/537.22"
88.130.217.49 - - [13/Mar/2013:13:20:09 +0100] "GET /js_contentserver24_greybox/AJS.js HTTP/1.1" 200 10396 "http://www.mink-gmbh.de/" "Mozilla/5.0 (Windows NT 6.0) AppleWebKit/537.22 (KHTML, like Gecko) Chrome/25.0.1364.97 Safari/537.22"
88.130.217.49 - - [13/Mar/2013:13:20:09 +0100] "GET /js_contentserver24_greybox/AJS_fx.js HTTP/1.1" 200 3192 "http://www.mink-gmbh.de/" "Mozilla/5.0 (Windows NT 6.0) AppleWebKit/537.22 (KHTML, like Gecko) Chrome/25.0.1364.97 Safari/537.22"
88.130.217.49 - - [13/Mar/2013:13:20:09 +0100] "GET /js_contentserver24_greybox/gb_scripts.js HTTP/1.1" 200 11913 "http://www.mink-gmbh.de/" "Mozilla/5.0 (Windows NT 6.0) AppleWebKit/537.22 (KHTML, like Gecko) Chrome/25.0.1364.97 Safari/537.22"
88.130.217.49 - - [13/Mar/2013:13:20:09 +0100] "GET / HTTP/1.1" 200 12093 "http://www.google.de/url?sa=f&rct=j&url=http://www.mink-gmbh.de/&q=mink+heizoel+gernsbach&ei=3m5AUYiTOojMswaT7ICQDg&usg=AFQjCNFxgJiIvWFWDK9rVl4T87Tx8BJK8w" "Mozilla/5.0 (Windows NT 6.0) AppleWebKit/537.22 (KHTML, like Gecko) Chrome/25.0.1364.97 Safari/537.22"
88.130.217.49 - - [13/Mar/2013:13:20:09 +0100] "GET /modul.css HTTP/1.1" 200 35038 "http://www.mink-gmbh.de/" "Mozilla/5.0 (Windows NT 6.0) AppleWebKit/537.22 (KHTML, like Gecko) Chrome/25.0.1364.97 Safari/537.22"
88.130.217.49 - - [13/Mar/2013:13:20:10 +0100] "GET /images/bg.jpg HTTP/1.1" 200 345 "http://www.mink-gmbh.de/" "Mozilla/5.0 (Windows NT 6.0) AppleWebKit/537.22 (KHTML, like Gecko) Chrome/25.0.1364.97 Safari/537.22"
88.130.217.49 - - [13/Mar/2013:13:20:10 +0100] "GET /images/mail.jpg HTTP/1.1" 200 11165 "http://www.mink-gmbh.de/" "Mozilla/5.0 (Windows NT 6.0) AppleWebKit/537.22 (KHTML, like Gecko) Chrome/25.0.1364.97 Safari/537.22"
88.130.217.49 - - [13/Mar/2013:13:20:10 +0100] "GET /images/kwk.gif HTTP/1.1" 200 6403 "http://www.mink-gmbh.de/" "Mozilla/5.0 (Windows NT 6.0) AppleWebKit/537.22 (KHTML, like Gecko) Chrome/25.0.1364.97 Safari/537.22"
88.130.217.49 - - [13/Mar/2013:13:20:10 +0100] "GET /images/wunschpreis.jpg HTTP/1.1" 200 16767 "http://www.mink-gmbh.de/" "Mozilla/5.0 (Windows NT 6.0) AppleWebKit/537.22 (KHTML, like Gecko) Chrome/25.0.1364.97 Safari/537.22"
88.130.217.49 - - [13/Mar/2013:13:20:10 +0100] "GET /images/logos.jpg HTTP/1.1" 200 15002 "http://www.mink-gmbh.de/" "Mozilla/5.0 (Windows NT 6.0) AppleWebKit/537.22 (KHTML, like Gecko) Chrome/25.0.1364.97 Safari/537.22"
88.130.217.49 - - [13/Mar/2013:13:20:10 +0100] "GET /js_contentserver24_greybox/w_close.gif HTTP/1.1" 200 74 "http://www.mink-gmbh.de/" "Mozilla/5.0 (Windows NT 6.0) AppleWebKit/537.22 (KHTML, like Gecko) Chrome/25.0.1364.97 Safari/537.22"
88.130.217.49 - - [13/Mar/2013:13:20:10 +0100] "GET /images/tkw.jpg HTTP/1.1" 200 64031 "http://www.mink-gmbh.de/" "Mozilla/5.0 (Windows NT 6.0) AppleWebKit/537.22 (KHTML, like Gecko) Chrome/25.0.1364.97 Safari/537.22"
88.130.217.49 - - [13/Mar/2013:13:20:10 +0100] "GET /images/freecall.jpg HTTP/1.1" 200 39195 "http://www.mink-gmbh.de/" "Mozilla/5.0 (Windows NT 6.0) AppleWebKit/537.22 (KHTML, like Gecko) Chrome/25.0.1364.97 Safari/537.22"
88.130.217.49 - - [13/Mar/2013:13:20:11 +0100] "GET /images/close.png HTTP/1.1" 200 703 "http://www.mink-gmbh.de/" "Mozilla/5.0 (Windows NT 6.0) AppleWebKit/537.22 (KHTML, like Gecko) Chrome/25.0.1364.97 Safari/537.22"
88.130.217.49 - - [13/Mar/2013:13:20:11 +0100] "GET /images/newsletter_bg.jpg HTTP/1.1" 200 33610 "http://www.mink-gmbh.de/" "Mozilla/5.0 (Windows NT 6.0) AppleWebKit/537.22 (KHTML, like Gecko) Chrome/25.0.1364.97 Safari/537.22"
88.130.217.49 - - [13/Mar/2013:13:20:11 +0100] "GET /images/newsletter.png HTTP/1.1" 200 14619 "http://www.mink-gmbh.de/" "Mozilla/5.0 (Windows NT 6.0) AppleWebKit/537.22 (KHTML, like Gecko) Chrome/25.0.1364.97 Safari/537.22"
88.130.217.49 - - [13/Mar/2013:13:20:11 +0100] "GET /images/header.jpg HTTP/1.1" 200 24413 "http://www.mink-gmbh.de/" "Mozilla/5.0 (Windows NT 6.0) AppleWebKit/537.22 (KHTML, like Gecko) Chrome/25.0.1364.97 Safari/537.22"
88.130.217.49 - - [13/Mar/2013:13:20:11 +0100] "GET /images/navibg.png HTTP/1.1" 200 2803 "http://www.mink-gmbh.de/" "Mozilla/5.0 (Windows NT 6.0) AppleWebKit/537.22 (KHTML, like Gecko) Chrome/25.0.1364.97 Safari/537.22"
88.130.217.49 - - [13/Mar/2013:13:20:11 +0100] "GET /images/fallend.png HTTP/1.1" 200 713 "http://www.mink-gmbh.de/" "Mozilla/5.0 (Windows NT 6.0) AppleWebKit/537.22 (KHTML, like Gecko) Chrome/25.0.1364.97 Safari/537.22"
88.130.217.49 - - [13/Mar/2013:13:20:11 +0100] "GET /images/steigend.png HTTP/1.1" 200 688 "http://www.mink-gmbh.de/" "Mozilla/5.0 (Windows NT 6.0) AppleWebKit/537.22 (KHTML, like Gecko) Chrome/25.0.1364.97 Safari/537.22"
88.130.217.49 - - [13/Mar/2013:13:20:11 +0100] "GET /images/mobil.jpg HTTP/1.1" 200 25293 "http://www.mink-gmbh.de/" "Mozilla/5.0 (Windows NT 6.0) AppleWebKit/537.22 (KHTML, like Gecko) Chrome/25.0.1364.97 Safari/537.22"
88.130.217.49 - - [13/Mar/2013:13:20:11 +0100] "GET /images/newsletter.jpg HTTP/1.1" 200 13130 "http://www.mink-gmbh.de/" "Mozilla/5.0 (Windows NT 6.0) AppleWebKit/537.22 (KHTML, like Gecko) Chrome/25.0.1364.97 Safari/537.22"
88.130.217.49 - - [13/Mar/2013:13:20:11 +0100] "GET /images/footerbg.jpg HTTP/1.1" 200 2184 "http://www.mink-gmbh.de/" "Mozilla/5.0 (Windows NT 6.0) AppleWebKit/537.22 (KHTML, like Gecko) Chrome/25.0.1364.97 Safari/537.22"
88.130.217.49 - - [13/Mar/2013:13:20:11 +0100] "GET /images/wrapperbg.jpg HTTP/1.1" 200 27465 "http://www.mink-gmbh.de/" "Mozilla/5.0 (Windows NT 6.0) AppleWebKit/537.22 (KHTML, like Gecko) Chrome/25.0.1364.97 Safari/537.22"
88.130.217.49 - - [13/Mar/2013:13:20:12 +0100] "GET /js_contentserver24_greybox/header_bg.gif HTTP/1.1" 200 1188 "http://www.mink-gmbh.de/" "Mozilla/5.0 (Windows NT 6.0) AppleWebKit/537.22 (KHTML, like Gecko) Chrome/25.0.1364.97 Safari/537.22"
88.130.217.49 - - [13/Mar/2013:13:20:12 +0100] "GET /js_contentserver24_greybox/g_close.gif HTTP/1.1" 200 541 "http://www.mink-gmbh.de/" "Mozilla/5.0 (Windows NT 6.0) AppleWebKit/537.22 (KHTML, like Gecko) Chrome/25.0.1364.97 Safari/537.22"
88.130.217.49 - - [13/Mar/2013:13:20:12 +0100] "GET /js_contentserver24_greybox/indicator.gif HTTP/1.1" 200 8238 "http://www.mink-gmbh.de/" "Mozilla/5.0 (Windows NT 6.0) AppleWebKit/537.22 (KHTML, like Gecko) Chrome/25.0.1364.97 Safari/537.22"
88.130.217.49 - - [13/Mar/2013:13:20:12 +0100] "GET /favicon.ico HTTP/1.1" 200 3638 "-" "Mozilla/5.0 (Windows NT 6.0) AppleWebKit/537.22 (KHTML, like Gecko) Chrome/25.0.1364.97 Safari/537.22"
88.130.217.49 - - [13/Mar/2013:13:20:12 +0100] "GET /js_contentserver24_greybox/loader_frame.html?s=0 HTTP/1.1" 200 2084 "http://www.mink-gmbh.de/" "Mozilla/5.0 (Windows NT 6.0) AppleWebKit/537.22 (KHTML, like Gecko) Chrome/25.0.1364.97 Safari/537.22"
178.77.126.55 - - [13/Mar/2013:13:49:33 +0100] "GET /robots.txt HTTP/1.1" 200 177 "-" "Mozilla/5.0 (compatible; CareerBot/1.1; +http://www.career-x.de/bot.html)"
178.77.126.55 - - [13/Mar/2013:13:49:33 +0100] "GET / HTTP/1.1" 200 12131 "-" "Mozilla/5.0 (compatible; CareerBot/1.1; +http://www.career-x.de/bot.html)"
178.77.126.55 - - [13/Mar/2013:13:49:34 +0100] "GET /news.php?cs_go=archiv&cs_id=4000 HTTP/1.1" 200 9906 "-" "Mozilla/5.0 (compatible; CareerBot/1.1; +http://www.career-x.de/bot.html)"
178.77.126.55 - - [13/Mar/2013:13:49:34 +0100] "GET /news.php?cs_go=archiv&cs_id=4006 HTTP/1.1" 200 11249 "-" "Mozilla/5.0 (compatible; CareerBot/1.1; +http://www.career-x.de/bot.html)"
208.115.111.75 - - [13/Mar/2013:14:46:23 +0100] "GET /robots.txt HTTP/1.1" 200 177 "-" "Mozilla/5.0 (compatible; Ezooms/1.0; ezooms.bot@gmail.com)"
188.99.163.246 - - [13/Mar/2013:15:04:38 +0100] "GET /optiplus.php HTTP/1.1" 200 11100 "http://www.google.de/search?hl=de&redir_esc=&client=ms-android-samsung&source=android-launcher-widget&rlz=1Y2ECZH_deDE521DE521&v=141400000&qsubts=1363183432668&action=devloc&q=opti+plus+additiv" "Mozilla/5.0 (Linux; U; Android 4.0.4; de-de; GT-N7000 Build/IMM76D) AppleWebKit/534.30 (KHTML, like Gecko) Version/4.0 Mobile Safari/534.30"
188.99.163.246 - - [13/Mar/2013:15:04:38 +0100] "GET /style.css HTTP/1.1" 200 8418 "http://www.mink-gmbh.de/optiplus.php" "Mozilla/5.0 (Linux; U; Android 4.0.4; de-de; GT-N7000 Build/IMM76D) AppleWebKit/534.30 (KHTML, like Gecko) Version/4.0 Mobile Safari/534.30"
188.99.163.246 - - [13/Mar/2013:15:04:38 +0100] "GET /modul.css HTTP/1.1" 200 35038 "http://www.mink-gmbh.de/optiplus.php" "Mozilla/5.0 (Linux; U; Android 4.0.4; de-de; GT-N7000 Build/IMM76D) AppleWebKit/534.30 (KHTML, like Gecko) Version/4.0 Mobile Safari/534.30"
188.99.163.246 - - [13/Mar/2013:15:04:39 +0100] "GET /images/bg.jpg HTTP/1.1" 200 345 "http://www.mink-gmbh.de/optiplus.php" "Mozilla/5.0 (Linux; U; Android 4.0.4; de-de; GT-N7000 Build/IMM76D) AppleWebKit/534.30 (KHTML, like Gecko) Version/4.0 Mobile Safari/534.30"
188.99.163.246 - - [13/Mar/2013:15:04:39 +0100] "GET /images/close.png HTTP/1.1" 200 703 "http://www.mink-gmbh.de/optiplus.php" "Mozilla/5.0 (Linux; U; Android 4.0.4; de-de; GT-N7000 Build/IMM76D) AppleWebKit/534.30 (KHTML, like Gecko) Version/4.0 Mobile Safari/534.30"
188.99.163.246 - - [13/Mar/2013:15:04:39 +0100] "GET /images/newsletter_bg.jpg HTTP/1.1" 200 33610 "http://www.mink-gmbh.de/optiplus.php" "Mozilla/5.0 (Linux; U; Android 4.0.4; de-de; GT-N7000 Build/IMM76D) AppleWebKit/534.30 (KHTML, like Gecko) Version/4.0 Mobile Safari/534.30"
188.99.163.246 - - [13/Mar/2013:15:04:39 +0100] "GET /images/newsletter.png HTTP/1.1" 200 14619 "http://www.mink-gmbh.de/optiplus.php" "Mozilla/5.0 (Linux; U; Android 4.0.4; de-de; GT-N7000 Build/IMM76D) AppleWebKit/534.30 (KHTML, like Gecko) Version/4.0 Mobile Safari/534.30"
188.99.163.246 - - [13/Mar/2013:15:04:39 +0100] "GET /images/navibg.png HTTP/1.1" 200 2803 "http://www.mink-gmbh.de/optiplus.php" "Mozilla/5.0 (Linux; U; Android 4.0.4; de-de; GT-N7000 Build/IMM76D) AppleWebKit/534.30 (KHTML, like Gecko) Version/4.0 Mobile Safari/534.30"
188.99.163.246 - - [13/Mar/2013:15:04:39 +0100] "GET /images/wrapperbg.jpg HTTP/1.1" 200 27465 "http://www.mink-gmbh.de/optiplus.php" "Mozilla/5.0 (Linux; U; Android 4.0.4; de-de; GT-N7000 Build/IMM76D) AppleWebKit/534.30 (KHTML, like Gecko) Version/4.0 Mobile Safari/534.30"
188.99.163.246 - - [13/Mar/2013:15:04:39 +0100] "GET /images/header.jpg HTTP/1.1" 200 24413 "http://www.mink-gmbh.de/optiplus.php" "Mozilla/5.0 (Linux; U; Android 4.0.4; de-de; GT-N7000 Build/IMM76D) AppleWebKit/534.30 (KHTML, like Gecko) Version/4.0 Mobile Safari/534.30"
188.99.163.246 - - [13/Mar/2013:15:04:39 +0100] "GET /images/Optiseite.jpg HTTP/1.1" 200 32107 "http://www.mink-gmbh.de/optiplus.php" "Mozilla/5.0 (Linux; U; Android 4.0.4; de-de; GT-N7000 Build/IMM76D) AppleWebKit/534.30 (KHTML, like Gecko) Version/4.0 Mobile Safari/534.30"
188.99.163.246 - - [13/Mar/2013:15:04:40 +0100] "GET /images/optiplus.jpg HTTP/1.1" 200 37436 "http://www.mink-gmbh.de/optiplus.php" "Mozilla/5.0 (Linux; U; Android 4.0.4; de-de; GT-N7000 Build/IMM76D) AppleWebKit/534.30 (KHTML, like Gecko) Version/4.0 Mobile Safari/534.30"
188.99.163.246 - - [13/Mar/2013:15:04:40 +0100] "GET /images/freecall.jpg HTTP/1.1" 200 39195 "http://www.mink-gmbh.de/optiplus.php" "Mozilla/5.0 (Linux; U; Android 4.0.4; de-de; GT-N7000 Build/IMM76D) AppleWebKit/534.30 (KHTML, like Gecko) Version/4.0 Mobile Safari/534.30"
188.99.163.246 - - [13/Mar/2013:15:04:41 +0100] "GET /images/mail.jpg HTTP/1.1" 200 11165 "http://www.mink-gmbh.de/optiplus.php" "Mozilla/5.0 (Linux; U; Android 4.0.4; de-de; GT-N7000 Build/IMM76D) AppleWebKit/534.30 (KHTML, like Gecko) Version/4.0 Mobile Safari/534.30"
188.99.163.246 - - [13/Mar/2013:15:04:41 +0100] "GET /images/kwk.gif HTTP/1.1" 200 6403 "http://www.mink-gmbh.de/optiplus.php" "Mozilla/5.0 (Linux; U; Android 4.0.4; de-de; GT-N7000 Build/IMM76D) AppleWebKit/534.30 (KHTML, like Gecko) Version/4.0 Mobile Safari/534.30"
188.99.163.246 - - [13/Mar/2013:15:04:42 +0100] "GET /images/wunschpreis.jpg HTTP/1.1" 200 16767 "http://www.mink-gmbh.de/optiplus.php" "Mozilla/5.0 (Linux; U; Android 4.0.4; de-de; GT-N7000 Build/IMM76D) AppleWebKit/534.30 (KHTML, like Gecko) Version/4.0 Mobile Safari/534.30"
188.99.163.246 - - [13/Mar/2013:15:04:42 +0100] "GET /images/logos.jpg HTTP/1.1" 200 15002 "http://www.mink-gmbh.de/optiplus.php" "Mozilla/5.0 (Linux; U; Android 4.0.4; de-de; GT-N7000 Build/IMM76D) AppleWebKit/534.30 (KHTML, like Gecko) Version/4.0 Mobile Safari/534.30"
188.99.163.246 - - [13/Mar/2013:15:04:42 +0100] "GET /images/footerbg.jpg HTTP/1.1" 200 2184 "http://www.mink-gmbh.de/optiplus.php" "Mozilla/5.0 (Linux; U; Android 4.0.4; de-de; GT-N7000 Build/IMM76D) AppleWebKit/534.30 (KHTML, like Gecko) Version/4.0 Mobile Safari/534.30"
188.99.163.246 - - [13/Mar/2013:15:04:42 +0100] "GET /favicon.ico HTTP/1.1" 200 3638 "http://www.mink-gmbh.de/optiplus.php" "Mozilla/5.0 (Linux; U; Android 4.0.4; de-de; GT-N7000 Build/IMM76D) AppleWebKit/534.30 (KHTML, like Gecko) Version/4.0 Mobile Safari/534.30"
66.249.76.49 - - [13/Mar/2013:15:33:59 +0100] "GET /robots.txt HTTP/1.1" 200 177 "-" "Mozilla/5.0 (compatible; Googlebot/2.1; +http://www.google.com/bot.html)"
66.249.76.49 - - [13/Mar/2013:15:33:59 +0100] "GET /agb.php HTTP/1.1" 200 19709 "-" "DoCoMo/2.0 N905i(c100;TB;W24H16) (compatible; Googlebot-Mobile/2.1; +http://www.google.com/bot.html)"
130.83.167.153 - - [13/Mar/2013:15:51:19 +0100] "GET /news.php?cs_go=archiv&cs_id=3854&cs_search= HTTP/1.1" 200 6993 "-" "findlinks/2.6 (+http://wortschatz.uni-leipzig.de/findlinks/)"
130.83.167.153 - - [13/Mar/2013:15:51:19 +0100] "GET /news.php?cs_go=archiv&cs_id=3854&cs_search= HTTP/1.1" 200 10156 "-" "findlinks/2.6 (+http://wortschatz.uni-leipzig.de/findlinks/)"
66.249.76.49 - - [13/Mar/2013:16:30:42 +0100] "GET /news.php?cs_go=archiv&cs_id=3825&cs_search= HTTP/1.1" 200 11336 "-" "Mozilla/5.0 (compatible; Googlebot/2.1; +http://www.google.com/bot.html)"
208.115.111.75 - - [13/Mar/2013:16:32:14 +0100] "GET /news.php?cs_go=archiv&cs_id=3932&cs_search= HTTP/1.1" 200 9861 "-" "Mozilla/5.0 (compatible; Ezooms/1.0; ezooms.bot@gmail.com)"
66.249.76.49 - - [13/Mar/2013:16:39:47 +0100] "GET /news.php?cs_go=archiv&cs_id=3712&cs_search= HTTP/1.1" 200 13072 "-" "Mozilla/5.0 (compatible; Googlebot/2.1; +http://www.google.com/bot.html)"
66.249.76.49 - - [13/Mar/2013:16:58:02 +0100] "GET /news.php?cs_go=archiv&cs_id=3728&cs_search= HTTP/1.1" 200 9808 "-" "Mozilla/5.0 (compatible; Googlebot/2.1; +http://www.google.com/bot.html)"
157.56.93.230 - - [13/Mar/2013:17:26:46 +0100] "GET /robots.txt HTTP/1.1" 200 177 "-" "Mozilla/5.0 (compatible; bingbot/2.0; +http://www.bing.com/bingbot.htm)"
157.56.93.230 - - [13/Mar/2013:17:30:15 +0100] "GET /news.php?cs_go=archiv&cs_id=3986 HTTP/1.1" 200 13658 "-" "Mozilla/5.0 (compatible; bingbot/2.0; +http://www.bing.com/bingbot.htm)"
66.249.76.49 - - [13/Mar/2013:17:43:34 +0100] "GET /news.php?cs_go=archiv&cs_id=2933&cs_search= HTTP/1.1" 200 9926 "-" "Mozilla/5.0 (compatible; Googlebot/2.1; +http://www.google.com/bot.html)"
139.18.2.209 - - [13/Mar/2013:17:45:34 +0100] "GET /news.php?cs_go=archiv&cs_id=3846&cs_search= HTTP/1.1" 200 6993 "-" "findlinks/2.6 (+http://wortschatz.uni-leipzig.de/findlinks/)"
139.18.2.209 - - [13/Mar/2013:17:45:34 +0100] "GET /news.php?cs_go=archiv&cs_id=3846&cs_search= HTTP/1.1" 200 11338 "-" "findlinks/2.6 (+http://wortschatz.uni-leipzig.de/findlinks/)"
139.18.2.209 - - [13/Mar/2013:17:51:14 +0100] "GET /lexikon.php HTTP/1.1" 200 7008 "-" "findlinks/2.6 (+http://wortschatz.uni-leipzig.de/findlinks/)"
139.18.2.209 - - [13/Mar/2013:17:51:14 +0100] "GET /lexikon.php HTTP/1.1" 200 10436 "-" "findlinks/2.6 (+http://wortschatz.uni-leipzig.de/findlinks/)"
66.249.76.49 - - [13/Mar/2013:18:15:59 +0100] "GET /news.php?cs_go=archiv HTTP/1.1" 200 22227 "-" "SAMSUNG-SGH-E250/1.0 Profile/MIDP-2.0 Configuration/CLDC-1.1 UP.Browser/6.2.3.3.c.1.101 (GUI) MMP/2.0 (compatible; Googlebot-Mobile/2.1; +http://www.google.com/bot.html)"
178.255.215.64 - - [13/Mar/2013:18:16:33 +0100] "GET /news.php?cs_go=archiv&cs_id=2918 HTTP/1.1" 200 13531 "-" "Mozilla/5.0 (compatible; Exabot/3.0; +http://www.exabot.com/go/robot)"
66.249.76.49 - - [13/Mar/2013:18:29:08 +0100] "GET /news.php?cs_go=archiv&cs_id=2893&cs_search= HTTP/1.1" 200 10007 "-" "Mozilla/5.0 (compatible; Googlebot/2.1; +http://www.google.com/bot.html)"
66.249.76.49 - - [13/Mar/2013:18:38:15 +0100] "GET /news.php?cs_go=archiv&cs_id=2995&cs_search= HTTP/1.1" 200 9914 "-" "Mozilla/5.0 (compatible; Googlebot/2.1; +http://www.google.com/bot.html)"
208.115.111.75 - - [13/Mar/2013:18:46:51 +0100] "GET /robots.txt HTTP/1.1" 200 177 "-" "Mozilla/5.0 (compatible; Ezooms/1.0; ezooms.bot@gmail.com)"
66.249.76.49 - - [13/Mar/2013:18:47:23 +0100] "GET /news.php?cs_go=archiv&cs_id=2973&cs_search= HTTP/1.1" 200 9720 "-" "Mozilla/5.0 (compatible; Googlebot/2.1; +http://www.google.com/bot.html)"
65.36.241.79 - - [13/Mar/2013:18:58:08 +0100] "HEAD / HTTP/1.1" 200 - "-" "InternetSeer.com"
66.249.76.49 - - [13/Mar/2013:19:05:40 +0100] "GET /news.php?cs_go=archiv&cs_id=3033 HTTP/1.1" 200 13579 "-" "Mozilla/5.0 (compatible; Googlebot/2.1; +http://www.google.com/bot.html)"
173.199.115.43 - - [13/Mar/2013:19:22:37 +0100] "GET /lexikon.php?cs_go=3&cs_id=55 HTTP/1.1" 200 8019 "-" "Mozilla/5.0 (compatible; AhrefsBot/4.0; +http://ahrefs.com/robot/)"
66.249.76.49 - - [13/Mar/2013:19:51:09 +0100] "GET /news.php?cs_go=archiv&cs_id=2828&cs_search= HTTP/1.1" 200 13783 "-" "Mozilla/5.0 (compatible; Googlebot/2.1; +http://www.google.com/bot.html)"
157.55.32.117 - - [13/Mar/2013:19:54:24 +0100] "GET /robots.txt HTTP/1.1" 200 177 "-" "Mozilla/5.0 (compatible; bingbot/2.0; +http://www.bing.com/bingbot.htm)"
157.55.32.117 - - [13/Mar/2013:19:56:10 +0100] "GET / HTTP/1.1" 200 12131 "-" "Mozilla/5.0 (compatible; bingbot/2.0; +http://www.bing.com/bingbot.htm)"
66.249.76.49 - - [13/Mar/2013:20:23:18 +0100] "GET /news.php?cs_go=archiv&cs_id=3895 HTTP/1.1" 200 12543 "-" "SAMSUNG-SGH-E250/1.0 Profile/MIDP-2.0 Configuration/CLDC-1.1 UP.Browser/6.2.3.3.c.1.101 (GUI) MMP/2.0 (compatible; Googlebot-Mobile/2.1; +http://www.google.com/bot.html)"
208.115.111.75 - - [13/Mar/2013:20:28:27 +0100] "GET /lexikon.php HTTP/1.1" 200 10523 "-" "Mozilla/5.0 (compatible; Ezooms/1.0; ezooms.bot@gmail.com)"
123.125.71.40 - - [13/Mar/2013:20:33:04 +0100] "GET / HTTP/1.1" 200 6437 "-" "Mozilla/5.0 (compatible; Baiduspider/2.0; +http://www.baidu.com/search/spider.html)"
220.181.108.118 - - [13/Mar/2013:20:33:39 +0100] "GET / HTTP/1.1" 200 8717 "-" "Mozilla/5.0 (compatible; Baiduspider/2.0; +http://www.baidu.com/search/spider.html)"
66.249.76.49 - - [13/Mar/2013:20:36:30 +0100] "GET /news.php?cs_go=archiv&cs_id=2991&cs_search= HTTP/1.1" 200 9829 "-" "Mozilla/5.0 (compatible; Googlebot/2.1; +http://www.google.com/bot.html)"
173.199.115.43 - - [13/Mar/2013:21:00:18 +0100] "GET /lexikon.php?cs_go=3&cs_id=113 HTTP/1.1" 200 8176 "-" "Mozilla/5.0 (compatible; AhrefsBot/4.0; +http://ahrefs.com/robot/)"
66.249.76.49 - - [13/Mar/2013:21:06:12 +0100] "GET /news.php?cs_go=archiv&cs_id=2922&cs_search= HTTP/1.1" 200 9852 "-" "Mozilla/5.0 (compatible; Googlebot/2.1; +http://www.google.com/bot.html)"
204.12.226.2 - - [13/Mar/2013:21:33:11 +0100] "GET /robots.txt HTTP/1.0" 200 177 "-" "Mozilla/5.0 (compatible; MJ12bot/v1.4.3; http://www.majestic12.co.uk/bot.php?+)"
204.12.226.2 - - [13/Mar/2013:21:33:13 +0100] "GET / HTTP/1.0" 200 12131 "-" "Mozilla/5.0 (compatible; MJ12bot/v1.4.3; http://www.majestic12.co.uk/bot.php?+)"
173.199.115.43 - - [13/Mar/2013:21:49:51 +0100] "GET /lexikon.php?cs_go=3&cs_id=105 HTTP/1.1" 200 8408 "-" "Mozilla/5.0 (compatible; AhrefsBot/4.0; +http://ahrefs.com/robot/)"
66.249.76.49 - - [13/Mar/2013:21:55:15 +0100] "GET /news.php?cs_go=archiv&cs_id=3238&cs_search= HTTP/1.1" 200 9857 "-" "Mozilla/5.0 (compatible; Googlebot/2.1; +http://www.google.com/bot.html)"
66.249.76.49 - - [13/Mar/2013:22:24:24 +0100] "GET / HTTP/1.1" 200 12131 "-" "Mozilla/5.0 (iPhone; U; CPU iPhone OS 4_1 like Mac OS X; en-us) AppleWebKit/532.9 (KHTML, like Gecko) Version/4.0.5 Mobile/8B117 Safari/6531.22.7 (compatible; Googlebot-Mobile/2.1; +http://www.google.com/bot.html)"
66.249.76.49 - - [13/Mar/2013:22:26:55 +0100] "GET /js_contentserver24_greybox/gb_styles.css HTTP/1.1" 200 2302 "-" "Mozilla/5.0 (compatible; Googlebot/2.1; +http://www.google.com/bot.html)"
173.199.115.43 - - [13/Mar/2013:22:29:51 +0100] "GET /news.php?cs_go=archiv&cs_startpos=740 HTTP/1.1" 200 8125 "-" "Mozilla/5.0 (compatible; AhrefsBot/4.0; +http://ahrefs.com/robot/)"
208.115.111.75 - - [13/Mar/2013:22:46:54 +0100] "GET /robots.txt HTTP/1.1" 200 177 "-" "Mozilla/5.0 (compatible; Ezooms/1.0; ezooms.bot@gmail.com)"
173.199.115.43 - - [13/Mar/2013:22:48:40 +0100] "GET /foerdermittel.php HTTP/1.1" 200 12908 "-" "Mozilla/5.0 (compatible; AhrefsBot/4.0; +http://ahrefs.com/robot/)"
69.30.238.162 - - [13/Mar/2013:23:00:50 +0100] "GET /robots.txt HTTP/1.0" 200 177 "-" "Mozilla/5.0 (compatible; MJ12bot/v1.4.3; http://www.majestic12.co.uk/bot.php?+)"
69.30.238.162 - - [13/Mar/2013:23:00:52 +0100] "GET /agb.php HTTP/1.0" 200 19709 "-" "Mozilla/5.0 (compatible; MJ12bot/v1.4.3; http://www.majestic12.co.uk/bot.php?+)"
69.30.238.162 - - [13/Mar/2013:23:00:54 +0100] "GET /news.php?cs_go=archiv&cs_id=2678 HTTP/1.0" 200 7887 "-" "Mozilla/5.0 (compatible; MJ12bot/v1.4.3; http://www.majestic12.co.uk/bot.php?+)"
69.30.238.162 - - [13/Mar/2013:23:01:01 +0100] "GET /news.php?cs_go=archiv&cs_id=2679 HTTP/1.0" 200 7887 "-" "Mozilla/5.0 (compatible; MJ12bot/v1.4.3; http://www.majestic12.co.uk/bot.php?+)"
69.30.238.162 - - [13/Mar/2013:23:01:03 +0100] "GET /news.php?cs_go=archiv&cs_id=2680 HTTP/1.0" 200 7887 "-" "Mozilla/5.0 (compatible; MJ12bot/v1.4.3; http://www.majestic12.co.uk/bot.php?+)"
69.30.238.162 - - [13/Mar/2013:23:01:05 +0100] "GET /news.php?cs_go=archiv&cs_id=2681 HTTP/1.0" 200 7887 "-" "Mozilla/5.0 (compatible; MJ12bot/v1.4.3; http://www.majestic12.co.uk/bot.php?+)"
69.30.238.162 - - [13/Mar/2013:23:01:07 +0100] "GET /news.php?cs_go=archiv&cs_id=2682 HTTP/1.0" 200 7887 "-" "Mozilla/5.0 (compatible; MJ12bot/v1.4.3; http://www.majestic12.co.uk/bot.php?+)"
69.30.238.162 - - [13/Mar/2013:23:01:09 +0100] "GET /news.php?cs_go=archiv&cs_id=2683 HTTP/1.0" 200 7887 "-" "Mozilla/5.0 (compatible; MJ12bot/v1.4.3; http://www.majestic12.co.uk/bot.php?+)"
69.30.238.162 - - [13/Mar/2013:23:01:11 +0100] "GET /news.php?cs_go=archiv&cs_id=2684 HTTP/1.0" 200 7887 "-" "Mozilla/5.0 (compatible; MJ12bot/v1.4.3; http://www.majestic12.co.uk/bot.php?+)"
69.30.238.162 - - [13/Mar/2013:23:01:13 +0100] "GET /news.php?cs_go=archiv&cs_id=2685 HTTP/1.0" 200 7887 "-" "Mozilla/5.0 (compatible; MJ12bot/v1.4.3; http://www.majestic12.co.uk/bot.php?+)"
69.30.238.162 - - [13/Mar/2013:23:01:15 +0100] "GET /news.php?cs_go=archiv&cs_id=2686 HTTP/1.0" 200 7887 "-" "Mozilla/5.0 (compatible; MJ12bot/v1.4.3; http://www.majestic12.co.uk/bot.php?+)"
69.30.238.162 - - [13/Mar/2013:23:01:17 +0100] "GET /news.php?cs_go=archiv&cs_id=2687 HTTP/1.0" 200 7887 "-" "Mozilla/5.0 (compatible; MJ12bot/v1.4.3; http://www.majestic12.co.uk/bot.php?+)"
69.30.238.162 - - [13/Mar/2013:23:01:20 +0100] "GET /news.php?cs_go=archiv&cs_id=2688 HTTP/1.0" 200 7887 "-" "Mozilla/5.0 (compatible; MJ12bot/v1.4.3; http://www.majestic12.co.uk/bot.php?+)"
69.30.238.162 - - [13/Mar/2013:23:01:22 +0100] "GET /news.php?cs_go=archiv&cs_id=2689 HTTP/1.0" 200 7887 "-" "Mozilla/5.0 (compatible; MJ12bot/v1.4.3; http://www.majestic12.co.uk/bot.php?+)"
69.30.238.162 - - [13/Mar/2013:23:01:25 +0100] "GET /news.php?cs_go=archiv&cs_id=2690 HTTP/1.0" 200 7887 "-" "Mozilla/5.0 (compatible; MJ12bot/v1.4.3; http://www.majestic12.co.uk/bot.php?+)"
69.30.238.162 - - [13/Mar/2013:23:01:27 +0100] "GET /news.php?cs_go=archiv&cs_id=2691 HTTP/1.0" 200 7887 "-" "Mozilla/5.0 (compatible; MJ12bot/v1.4.3; http://www.majestic12.co.uk/bot.php?+)"
66.249.76.49 - - [13/Mar/2013:23:05:00 +0100] "GET /news.php?cs_go=archiv&cs_id=2967&cs_search= HTTP/1.1" 200 11290 "-" "Mozilla/5.0 (compatible; Googlebot/2.1; +http://www.google.com/bot.html)"
65.36.241.79 - - [14/Mar/2013:00:00:03 +0100] "HEAD / HTTP/1.1" 200 - "-" "InternetSeer.com"
173.199.115.43 - - [14/Mar/2013:00:00:13 +0100] "GET /.php HTTP/1.1" 404 - "-" "Mozilla/5.0 (compatible; AhrefsBot/4.0; +http://ahrefs.com/robot/)"
173.199.115.43 - - [14/Mar/2013:00:10:02 +0100] "GET /lexikon.php?cs_go=3&cs_id=87 HTTP/1.1" 200 8341 "-" "Mozilla/5.0 (compatible; AhrefsBot/4.0; +http://ahrefs.com/robot/)"
66.249.76.49 - - [14/Mar/2013:00:11:10 +0100] "GET /news.php?cs_go=archiv&cs_id=3982 HTTP/1.1" 200 13450 "-" "SAMSUNG-SGH-E250/1.0 Profile/MIDP-2.0 Configuration/CLDC-1.1 UP.Browser/6.2.3.3.c.1.101 (GUI) MMP/2.0 (compatible; Googlebot-Mobile/2.1; +http://www.google.com/bot.html)"
157.56.92.150 - - [14/Mar/2013:00:22:04 +0100] "GET /robots.txt HTTP/1.1" 200 177 "-" "Mozilla/5.0 (compatible; bingbot/2.0; +http://www.bing.com/bingbot.htm)"
157.56.92.150 - - [14/Mar/2013:00:24:14 +0100] "GET /news.php?cs_go=archiv&cs_id=3988 HTTP/1.1" 200 10101 "-" "Mozilla/5.0 (compatible; bingbot/2.0; +http://www.bing.com/bingbot.htm)"
173.199.115.43 - - [14/Mar/2013:00:40:45 +0100] "GET /lexikon.php?cs_go=3&cs_id=99 HTTP/1.1" 200 9500 "-" "Mozilla/5.0 (compatible; AhrefsBot/4.0; +http://ahrefs.com/robot/)"
208.115.111.75 - - [14/Mar/2013:00:43:32 +0100] "GET /news.php?cs_go=archiv&cs_startpos=221 HTTP/1.1" 200 20911 "-" "Mozilla/5.0 (compatible; Ezooms/1.0; ezooms.bot@gmail.com)"
66.249.76.49 - - [14/Mar/2013:00:52:46 +0100] "GET /energiesparcheck.php HTTP/1.1" 200 13581 "-" "DoCoMo/2.0 N905i(c100;TB;W24H16) (compatible; Googlebot-Mobile/2.1; +http://www.google.com/bot.html)"
65.55.215.47 - - [14/Mar/2013:02:29:50 +0100] "GET /robots.txt HTTP/1.1" 200 177 "-" "msnbot-media/1.1 (+http://search.msn.com/msnbot.htm)"
65.55.215.47 - - [14/Mar/2013:02:29:50 +0100] "GET /images/tkw.jpg HTTP/1.1" 200 64031 "-" "msnbot-media/1.1 (+http://search.msn.com/msnbot.htm)"
173.199.115.43 - - [14/Mar/2013:02:32:35 +0100] "GET /jobs.php HTTP/1.1" 200 7200 "-" "Mozilla/5.0 (compatible; AhrefsBot/4.0; +http://ahrefs.com/robot/)"
66.249.76.49 - - [14/Mar/2013:02:36:12 +0100] "GET /news.php HTTP/1.1" 200 22227 "-" "Mozilla/5.0 (iPhone; U; CPU iPhone OS 4_1 like Mac OS X; en-us) AppleWebKit/532.9 (KHTML, like Gecko) Version/4.0.5 Mobile/8B117 Safari/6531.22.7 (compatible; Googlebot-Mobile/2.1; +http://www.google.com/bot.html)"
173.199.115.43 - - [14/Mar/2013:02:40:58 +0100] "GET /lexikon.php?cs_go=2&cs_char=r HTTP/1.1" 200 9732 "-" "Mozilla/5.0 (compatible; AhrefsBot/4.0; +http://ahrefs.com/robot/)"
173.252.100.2 - - [14/Mar/2013:02:42:31 +0100] "GET /news.php?cs_go=archiv&cs_id=3972 HTTP/1.1" 200 11825 "-" "facebookexternalhit/1.1 (+http://www.facebook.com/externalhit_uatext.php)"
173.252.100.2 - - [14/Mar/2013:02:42:33 +0100] "HEAD /images/logos.jpg HTTP/1.1" 206 - "-" "facebookexternalhit/1.1 (+http://www.facebook.com/externalhit_uatext.php)"
173.252.100.5 - - [14/Mar/2013:02:42:33 +0100] "HEAD /images/mail.jpg HTTP/1.1" 206 - "-" "facebookexternalhit/1.1 (+http://www.facebook.com/externalhit_uatext.php)"
173.252.100.5 - - [14/Mar/2013:02:42:33 +0100] "HEAD /images/freecall.jpg HTTP/1.1" 206 - "-" "facebookexternalhit/1.1 (+http://www.facebook.com/externalhit_uatext.php)"
173.252.100.116 - - [14/Mar/2013:02:42:33 +0100] "HEAD /images/wunschpreis.jpg HTTP/1.1" 206 - "-" "facebookexternalhit/1.1 (+http://www.facebook.com/externalhit_uatext.php)"
173.252.100.116 - - [14/Mar/2013:02:42:33 +0100] "HEAD /images/kwk.gif HTTP/1.1" 206 - "-" "facebookexternalhit/1.1 (+http://www.facebook.com/externalhit_uatext.php)"
173.252.103.0 - - [14/Mar/2013:02:42:34 +0100] "GET /images/logos.jpg HTTP/1.1" 206 15002 "-" "facebookexternalhit/1.1 (+http://www.facebook.com/externalhit_uatext.php)"
173.252.103.3 - - [14/Mar/2013:02:42:34 +0100] "GET /images/kwk.gif HTTP/1.1" 206 6403 "-" "facebookexternalhit/1.1 (+http://www.facebook.com/externalhit_uatext.php)"
173.252.103.1 - - [14/Mar/2013:02:42:34 +0100] "GET /images/mail.jpg HTTP/1.1" 206 11165 "-" "facebookexternalhit/1.1 (+http://www.facebook.com/externalhit_uatext.php)"
173.252.103.4 - - [14/Mar/2013:02:42:34 +0100] "GET /images/wunschpreis.jpg HTTP/1.1" 206 16767 "-" "facebookexternalhit/1.1 (+http://www.facebook.com/externalhit_uatext.php)"
173.252.103.1 - - [14/Mar/2013:02:42:34 +0100] "GET /images/freecall.jpg HTTP/1.1" 206 39195 "-" "facebookexternalhit/1.1 (+http://www.facebook.com/externalhit_uatext.php)"
208.115.111.75 - - [14/Mar/2013:02:46:42 +0100] "GET /robots.txt HTTP/1.1" 200 177 "-" "Mozilla/5.0 (compatible; Ezooms/1.0; ezooms.bot@gmail.com)"
173.199.115.43 - - [14/Mar/2013:02:56:23 +0100] "GET /lexikon.php?cs_go=3&cs_id=79 HTTP/1.1" 200 8001 "-" "Mozilla/5.0 (compatible; AhrefsBot/4.0; +http://ahrefs.com/robot/)"
66.249.76.49 - - [14/Mar/2013:03:41:11 +0100] "GET /style.css HTTP/1.1" 200 8418 "-" "Mozilla/5.0 (compatible; Googlebot/2.1; +http://www.google.com/bot.html)"
66.249.76.49 - - [14/Mar/2013:03:41:11 +0100] "GET /modul.css HTTP/1.1" 200 35038 "-" "Mozilla/5.0 (compatible; Googlebot/2.1; +http://www.google.com/bot.html)"
173.199.115.43 - - [14/Mar/2013:03:44:03 +0100] "GET /lexikon.php?cs_go=3&cs_id=127 HTTP/1.1" 200 10078 "-" "Mozilla/5.0 (compatible; AhrefsBot/4.0; +http://ahrefs.com/robot/)"
157.56.92.150 - - [14/Mar/2013:03:55:35 +0100] "GET /robots.txt HTTP/1.1" 200 177 "-" "Mozilla/5.0 (compatible; bingbot/2.0; +http://www.bing.com/bingbot.htm)"
157.56.92.150 - - [14/Mar/2013:03:57:46 +0100] "GET /news.php?cs_go=archiv&cs_id=3988 HTTP/1.1" 200 10101 "-" "Mozilla/5.0 (compatible; bingbot/2.0; +http://www.bing.com/bingbot.htm)"
173.199.115.43 - - [14/Mar/2013:04:15:42 +0100] "GET /lexikon.php?cs_go=3&cs_id=11 HTTP/1.1" 200 8171 "-" "Mozilla/5.0 (compatible; AhrefsBot/4.0; +http://ahrefs.com/robot/)"
208.115.111.75 - - [14/Mar/2013:04:43:50 +0100] "GET /impressum.php HTTP/1.1" 200 8582 "-" "Mozilla/5.0 (compatible; Ezooms/1.0; ezooms.bot@gmail.com)"
208.115.111.75 - - [14/Mar/2013:04:43:53 +0100] "GET /news.php?cs_go=archiv&cs_startpos=80 HTTP/1.1" 200 22945 "-" "Mozilla/5.0 (compatible; Ezooms/1.0; ezooms.bot@gmail.com)"
208.115.113.91 - - [14/Mar/2013:04:48:42 +0100] "GET /robots.txt HTTP/1.1" 200 177 "-" "Mozilla/5.0 (compatible; Ezooms/1.0; ezooms.bot@gmail.com)"
123.125.71.47 - - [14/Mar/2013:05:10:39 +0100] "GET /robots.txt HTTP/1.1" 200 177 "-" "Mozilla/5.0 (Windows NT 5.1; rv:6.0.2) Gecko/20100101 Firefox/6.0.2"
173.199.118.171 - - [14/Mar/2013:05:19:50 +0100] "GET /robots.txt HTTP/1.1" 200 177 "-" "Mozilla/5.0 (compatible; AhrefsBot/4.0; +http://ahrefs.com/robot/)"
204.12.226.2 - - [14/Mar/2013:05:27:59 +0100] "GET /robots.txt HTTP/1.0" 200 177 "-" "Mozilla/5.0 (compatible; MJ12bot/v1.4.3; http://www.majestic12.co.uk/bot.php?+)"
204.12.226.2 - - [14/Mar/2013:05:28:00 +0100] "GET /news.php?cs_go=archiv&cs_id=4000 HTTP/1.0" 200 9993 "-" "Mozilla/5.0 (compatible; MJ12bot/v1.4.3; http://www.majestic12.co.uk/bot.php?+)"
204.12.226.2 - - [14/Mar/2013:05:28:03 +0100] "GET /news.php?cs_go=archiv&cs_id=4006 HTTP/1.0" 200 11336 "-" "Mozilla/5.0 (compatible; MJ12bot/v1.4.3; http://www.majestic12.co.uk/bot.php?+)"
204.12.226.2 - - [14/Mar/2013:05:28:05 +0100] "GET /news.php?cs_go=archiv&cs_id=4009 HTTP/1.0" 200 10380 "-" "Mozilla/5.0 (compatible; MJ12bot/v1.4.3; http://www.majestic12.co.uk/bot.php?+)"
66.249.76.49 - - [14/Mar/2013:05:29:31 +0100] "GET / HTTP/1.1" 200 12131 "-" "Mozilla/5.0 (compatible; Googlebot/2.1; +http://www.google.com/bot.html)"
66.249.76.49 - - [14/Mar/2013:05:33:27 +0100] "GET /news.php?cs_go=archiv&cs_id=4009 HTTP/1.1" 200 10380 "-" "Mozilla/5.0 (compatible; Googlebot/2.1; +http://www.google.com/bot.html)"
66.249.76.49 - - [14/Mar/2013:05:35:05 +0100] "GET /news.php?cs_go=archiv&cs_id=4010 HTTP/1.1" 200 13554 "-" "Mozilla/5.0 (compatible; Googlebot/2.1; +http://www.google.com/bot.html)"
66.249.76.49 - - [14/Mar/2013:05:38:49 +0100] "GET /news.php?cs_go=archiv&cs_id=4000 HTTP/1.1" 200 9993 "-" "Mozilla/5.0 (compatible; Googlebot/2.1; +http://www.google.com/bot.html)"
66.249.76.49 - - [14/Mar/2013:05:40:32 +0100] "GET /news.php?cs_go=archiv&cs_id=4006 HTTP/1.1" 200 11336 "-" "Mozilla/5.0 (compatible; Googlebot/2.1; +http://www.google.com/bot.html)"
66.249.76.49 - - [14/Mar/2013:05:43:13 +0100] "GET /news.php?cs_go=archiv&cs_id=2953&cs_search= HTTP/1.1" 200 9948 "-" "Mozilla/5.0 (compatible; Googlebot/2.1; +http://www.google.com/bot.html)"
173.199.115.43 - - [14/Mar/2013:05:48:29 +0100] "GET /lexikon.php?cs_go=3&cs_id=120 HTTP/1.1" 200 8517 "-" "Mozilla/5.0 (compatible; AhrefsBot/4.0; +http://ahrefs.com/robot/)"
176.9.139.112 - - [14/Mar/2013:05:58:15 +0100] "GET /robots.txt HTTP/1.1" 200 177 "-" "Mozilla/5.0 (compatible; SISTRIX Crawler; http://crawler.sistrix.net/)"
176.9.139.112 - - [14/Mar/2013:05:58:15 +0100] "GET / HTTP/1.1" 200 12131 "-" "Mozilla/5.0 (compatible; SISTRIX Crawler; http://crawler.sistrix.net/)"
176.9.139.112 - - [14/Mar/2013:05:58:16 +0100] "GET /rueckrufservice.php HTTP/1.1" 200 10770 "-" "Mozilla/5.0 (compatible; SISTRIX Crawler; http://crawler.sistrix.net/)"
176.9.139.112 - - [14/Mar/2013:05:58:16 +0100] "GET /newsletter.php HTTP/1.1" 200 8928 "-" "Mozilla/5.0 (compatible; SISTRIX Crawler; http://crawler.sistrix.net/)"
176.9.139.112 - - [14/Mar/2013:05:58:16 +0100] "GET /kontakt.php HTTP/1.1" 200 9198 "-" "Mozilla/5.0 (compatible; SISTRIX Crawler; http://crawler.sistrix.net/)"
176.9.139.112 - - [14/Mar/2013:05:58:17 +0100] "GET /news.php HTTP/1.1" 200 22227 "-" "Mozilla/5.0 (compatible; SISTRIX Crawler; http://crawler.sistrix.net/)"
176.9.139.112 - - [14/Mar/2013:05:58:17 +0100] "GET /kwk.php HTTP/1.1" 200 10884 "-" "Mozilla/5.0 (compatible; SISTRIX Crawler; http://crawler.sistrix.net/)"
176.9.139.112 - - [14/Mar/2013:05:58:17 +0100] "GET /preisanfrage.php HTTP/1.1" 200 10734 "-" "Mozilla/5.0 (compatible; SISTRIX Crawler; http://crawler.sistrix.net/)"
176.9.139.112 - - [14/Mar/2013:05:58:18 +0100] "GET /jobs.php HTTP/1.1" 200 7200 "-" "Mozilla/5.0 (compatible; SISTRIX Crawler; http://crawler.sistrix.net/)"
176.9.139.112 - - [14/Mar/2013:05:58:18 +0100] "GET /standard.php HTTP/1.1" 200 9218 "-" "Mozilla/5.0 (compatible; SISTRIX Crawler; http://crawler.sistrix.net/)"
176.9.139.112 - - [14/Mar/2013:05:58:18 +0100] "GET /optiplus.php HTTP/1.1" 200 11100 "-" "Mozilla/5.0 (compatible; SISTRIX Crawler; http://crawler.sistrix.net/)"
176.9.139.112 - - [14/Mar/2013:05:58:18 +0100] "GET /impressum.php HTTP/1.1" 200 8582 "-" "Mozilla/5.0 (compatible; SISTRIX Crawler; http://crawler.sistrix.net/)"
176.9.139.112 - - [14/Mar/2013:05:58:19 +0100] "GET /wunschpreis.php HTTP/1.1" 200 12084 "-" "Mozilla/5.0 (compatible; SISTRIX Crawler; http://crawler.sistrix.net/)"
176.9.139.112 - - [14/Mar/2013:05:58:19 +0100] "GET /agb.php HTTP/1.1" 200 19709 "-" "Mozilla/5.0 (compatible; SISTRIX Crawler; http://crawler.sistrix.net/)"
176.9.139.112 - - [14/Mar/2013:05:58:19 +0100] "GET /index.php HTTP/1.1" 200 12131 "-" "Mozilla/5.0 (compatible; SISTRIX Crawler; http://crawler.sistrix.net/)"
176.9.139.112 - - [14/Mar/2013:05:58:20 +0100] "GET /news.php?cs_go=archiv&cs_id=4009 HTTP/1.1" 200 10380 "-" "Mozilla/5.0 (compatible; SISTRIX Crawler; http://crawler.sistrix.net/)"
176.9.139.112 - - [14/Mar/2013:05:58:20 +0100] "GET /news.php?cs_go=archiv&cs_id=4006 HTTP/1.1" 200 11336 "-" "Mozilla/5.0 (compatible; SISTRIX Crawler; http://crawler.sistrix.net/)"
176.9.139.112 - - [14/Mar/2013:05:58:21 +0100] "GET /news.php?cs_go=archiv&cs_id=4000 HTTP/1.1" 200 9993 "-" "Mozilla/5.0 (compatible; SISTRIX Crawler; http://crawler.sistrix.net/)"
176.9.139.112 - - [14/Mar/2013:05:58:21 +0100] "GET /news.php?cs_go=archiv HTTP/1.1" 200 22227 "-" "Mozilla/5.0 (compatible; SISTRIX Crawler; http://crawler.sistrix.net/)"
176.9.139.112 - - [14/Mar/2013:05:58:21 +0100] "GET /news.php?cs_go=archiv&cs_id=4010 HTTP/1.1" 200 13554 "-" "Mozilla/5.0 (compatible; SISTRIX Crawler; http://crawler.sistrix.net/)"
176.9.139.112 - - [14/Mar/2013:05:58:22 +0100] "GET /additive.php HTTP/1.1" 200 8372 "-" "Mozilla/5.0 (compatible; SISTRIX Crawler; http://crawler.sistrix.net/)"
176.9.139.112 - - [14/Mar/2013:05:58:22 +0100] "GET /lexikon.php HTTP/1.1" 200 10523 "-" "Mozilla/5.0 (compatible; SISTRIX Crawler; http://crawler.sistrix.net/)"
176.9.139.112 - - [14/Mar/2013:05:58:22 +0100] "GET /faq.php HTTP/1.1" 200 184037 "-" "Mozilla/5.0 (compatible; SISTRIX Crawler; http://crawler.sistrix.net/)"
176.9.139.112 - - [14/Mar/2013:05:58:23 +0100] "GET /modernisierung.php HTTP/1.1" 200 11578 "-" "Mozilla/5.0 (compatible; SISTRIX Crawler; http://crawler.sistrix.net/)"
176.9.139.112 - - [14/Mar/2013:05:58:24 +0100] "GET /edl.php HTTP/1.1" 200 10801 "-" "Mozilla/5.0 (compatible; SISTRIX Crawler; http://crawler.sistrix.net/)"
176.9.139.112 - - [14/Mar/2013:05:58:24 +0100] "GET /diesel.php HTTP/1.1" 200 10639 "-" "Mozilla/5.0 (compatible; SISTRIX Crawler; http://crawler.sistrix.net/)"
176.9.139.112 - - [14/Mar/2013:05:58:24 +0100] "GET /foerdermittel.php HTTP/1.1" 200 12908 "-" "Mozilla/5.0 (compatible; SISTRIX Crawler; http://crawler.sistrix.net/)"
176.9.139.112 - - [14/Mar/2013:05:58:24 +0100] "GET /.php HTTP/1.1" 404 - "-" "Mozilla/5.0 (compatible; SISTRIX Crawler; http://crawler.sistrix.net/)"
176.9.139.112 - - [14/Mar/2013:05:58:24 +0100] "GET /energiesparcheck.php HTTP/1.1" 200 13581 "-" "Mozilla/5.0 (compatible; SISTRIX Crawler; http://crawler.sistrix.net/)"
176.9.139.112 - - [14/Mar/2013:05:58:25 +0100] "GET /news.php?cs_go=archiv&cs_id=4009&cs_search= HTTP/1.1" 200 10380 "-" "Mozilla/5.0 (compatible; SISTRIX Crawler; http://crawler.sistrix.net/)"
176.9.139.112 - - [14/Mar/2013:05:58:25 +0100] "GET /news.php?cs_go=archiv&cs_id=3998&cs_search= HTTP/1.1" 200 11828 "-" "Mozilla/5.0 (compatible; SISTRIX Crawler; http://crawler.sistrix.net/)"
176.9.139.112 - - [14/Mar/2013:05:58:25 +0100] "GET /news.php?cs_go=archiv&cs_startpos=0 HTTP/1.1" 200 22227 "-" "Mozilla/5.0 (compatible; SISTRIX Crawler; http://crawler.sistrix.net/)"
176.9.139.112 - - [14/Mar/2013:05:58:26 +0100] "GET /news.php?cs_go=archiv&cs_id=3999&cs_search= HTTP/1.1" 200 11756 "-" "Mozilla/5.0 (compatible; SISTRIX Crawler; http://crawler.sistrix.net/)"
176.9.139.112 - - [14/Mar/2013:05:58:26 +0100] "GET /news.php?cs_go=archiv&cs_id=4005&cs_search= HTTP/1.1" 200 13603 "-" "Mozilla/5.0 (compatible; SISTRIX Crawler; http://crawler.sistrix.net/)"
176.9.139.112 - - [14/Mar/2013:05:58:26 +0100] "GET /news.php?cs_go=archiv&cs_startpos=20 HTTP/1.1" 200 22300 "-" "Mozilla/5.0 (compatible; SISTRIX Crawler; http://crawler.sistrix.net/)"
176.9.139.112 - - [14/Mar/2013:05:58:27 +0100] "GET /news.php?cs_go=archiv&cs_startpos=221 HTTP/1.1" 200 20911 "-" "Mozilla/5.0 (compatible; SISTRIX Crawler; http://crawler.sistrix.net/)"
176.9.139.112 - - [14/Mar/2013:05:58:27 +0100] "GET /news.php?cs_go=archiv&cs_startpos=30 HTTP/1.1" 200 22467 "-" "Mozilla/5.0 (compatible; SISTRIX Crawler; http://crawler.sistrix.net/)"
176.9.139.112 - - [14/Mar/2013:05:58:28 +0100] "GET /news.php?cs_go=archiv&cs_id=4006&cs_search= HTTP/1.1" 200 11336 "-" "Mozilla/5.0 (compatible; SISTRIX Crawler; http://crawler.sistrix.net/)"
176.9.139.112 - - [14/Mar/2013:05:58:28 +0100] "GET /news.php?cs_go=archiv&cs_startpos=50 HTTP/1.1" 200 22728 "-" "Mozilla/5.0 (compatible; SISTRIX Crawler; http://crawler.sistrix.net/)"
176.9.139.112 - - [14/Mar/2013:05:58:28 +0100] "GET /news.php?cs_go=archiv&cs_id=4002&cs_search= HTTP/1.1" 200 13539 "-" "Mozilla/5.0 (compatible; SISTRIX Crawler; http://crawler.sistrix.net/)"
176.9.139.112 - - [14/Mar/2013:05:58:29 +0100] "GET /news.php?cs_go=archiv&cs_id=4001&cs_search= HTTP/1.1" 200 11958 "-" "Mozilla/5.0 (compatible; SISTRIX Crawler; http://crawler.sistrix.net/)"
176.9.139.112 - - [14/Mar/2013:05:58:29 +0100] "GET /news.php?cs_go=archiv&cs_id=4003&cs_search= HTTP/1.1" 200 10298 "-" "Mozilla/5.0 (compatible; SISTRIX Crawler; http://crawler.sistrix.net/)"
176.9.139.112 - - [14/Mar/2013:05:58:29 +0100] "GET /news.php?cs_go=archiv&cs_id=4000&cs_search= HTTP/1.1" 200 9993 "-" "Mozilla/5.0 (compatible; SISTRIX Crawler; http://crawler.sistrix.net/)"
176.9.139.112 - - [14/Mar/2013:05:58:30 +0100] "GET /news.php?cs_go=archiv&cs_id=4010&cs_search= HTTP/1.1" 200 13554 "-" "Mozilla/5.0 (compatible; SISTRIX Crawler; http://crawler.sistrix.net/)"
176.9.139.112 - - [14/Mar/2013:05:58:30 +0100] "GET /news.php?cs_go=archiv&cs_startpos=10 HTTP/1.1" 200 22487 "-" "Mozilla/5.0 (compatible; SISTRIX Crawler; http://crawler.sistrix.net/)"
176.9.139.112 - - [14/Mar/2013:05:58:30 +0100] "GET /news.php?cs_go=archiv&cs_startpos=40 HTTP/1.1" 200 22691 "-" "Mozilla/5.0 (compatible; SISTRIX Crawler; http://crawler.sistrix.net/)"
176.9.139.112 - - [14/Mar/2013:05:58:31 +0100] "GET /news.php?cs_go=archiv&cs_startpos=80 HTTP/1.1" 200 22945 "-" "Mozilla/5.0 (compatible; SISTRIX Crawler; http://crawler.sistrix.net/)"
176.9.139.112 - - [14/Mar/2013:05:58:31 +0100] "GET /lexikon.php?cs_go=2&cs_char=b HTTP/1.1" 200 9730 "-" "Mozilla/5.0 (compatible; SISTRIX Crawler; http://crawler.sistrix.net/)"
176.9.139.112 - - [14/Mar/2013:05:58:31 +0100] "GET /news.php?cs_go=archiv&cs_id=3969&cs_search= HTTP/1.1" 200 13916 "-" "Mozilla/5.0 (compatible; SISTRIX Crawler; http://crawler.sistrix.net/)"
176.9.139.112 - - [14/Mar/2013:05:58:32 +0100] "GET /lexikon.php?cs_go=2&cs_char=c HTTP/1.1" 200 8836 "-" "Mozilla/5.0 (compatible; SISTRIX Crawler; http://crawler.sistrix.net/)"
176.9.139.112 - - [14/Mar/2013:05:58:32 +0100] "GET /news.php?cs_go=archiv&cs_id=3970&cs_search= HTTP/1.1" 200 10345 "-" "Mozilla/5.0 (compatible; SISTRIX Crawler; http://crawler.sistrix.net/)"
176.9.139.112 - - [14/Mar/2013:05:58:32 +0100] "GET /lexikon.php?cs_go=2&cs_char=d HTTP/1.1" 200 9421 "-" "Mozilla/5.0 (compatible; SISTRIX Crawler; http://crawler.sistrix.net/)"
176.9.139.112 - - [14/Mar/2013:05:58:32 +0100] "GET /news.php?cs_go=archiv&cs_id=3972&cs_search= HTTP/1.1" 200 11825 "-" "Mozilla/5.0 (compatible; SISTRIX Crawler; http://crawler.sistrix.net/)"
176.9.139.112 - - [14/Mar/2013:05:58:33 +0100] "GET /lexikon.php?cs_go=2&cs_char=m HTTP/1.1" 200 9073 "-" "Mozilla/5.0 (compatible; SISTRIX Crawler; http://crawler.sistrix.net/)"
176.9.139.112 - - [14/Mar/2013:05:58:33 +0100] "GET /news.php?cs_go=archiv&cs_id=3995&cs_search= HTTP/1.1" 200 10427 "-" "Mozilla/5.0 (compatible; SISTRIX Crawler; http://crawler.sistrix.net/)"
176.9.139.112 - - [14/Mar/2013:05:58:33 +0100] "GET /news.php?cs_go=archiv&cs_id=3792&cs_search= HTTP/1.1" 200 13473 "-" "Mozilla/5.0 (compatible; SISTRIX Crawler; http://crawler.sistrix.net/)"
176.9.139.112 - - [14/Mar/2013:05:58:34 +0100] "GET /news.php?cs_go=archiv&cs_id=3950&cs_search= HTTP/1.1" 200 12010 "-" "Mozilla/5.0 (compatible; SISTRIX Crawler; http://crawler.sistrix.net/)"
176.9.139.112 - - [14/Mar/2013:05:58:34 +0100] "GET /lexikon.php?cs_go=2&cs_char=z HTTP/1.1" 200 8261 "-" "Mozilla/5.0 (compatible; SISTRIX Crawler; http://crawler.sistrix.net/)"
176.9.139.112 - - [14/Mar/2013:05:58:34 +0100] "GET /news.php?cs_go=archiv&cs_id=3951&cs_search= HTTP/1.1" 200 13501 "-" "Mozilla/5.0 (compatible; SISTRIX Crawler; http://crawler.sistrix.net/)"
176.9.139.112 - - [14/Mar/2013:05:58:34 +0100] "GET /lexikon.php?cs_go=2&cs_char=i HTTP/1.1" 200 8402 "-" "Mozilla/5.0 (compatible; SISTRIX Crawler; http://crawler.sistrix.net/)"
176.9.139.112 - - [14/Mar/2013:05:58:35 +0100] "GET /news.php?cs_go=archiv&cs_id=3988&cs_search= HTTP/1.1" 200 10101 "-" "Mozilla/5.0 (compatible; SISTRIX Crawler; http://crawler.sistrix.net/)"
176.9.139.112 - - [14/Mar/2013:05:58:35 +0100] "GET /news.php?cs_go=archiv&cs_id=3987&cs_search= HTTP/1.1" 200 13023 "-" "Mozilla/5.0 (compatible; SISTRIX Crawler; http://crawler.sistrix.net/)"
176.9.139.112 - - [14/Mar/2013:05:58:35 +0100] "GET /news.php?cs_go=archiv&cs_id=3974&cs_search= HTTP/1.1" 200 9976 "-" "Mozilla/5.0 (compatible; SISTRIX Crawler; http://crawler.sistrix.net/)"
176.9.139.112 - - [14/Mar/2013:05:58:36 +0100] "GET /lexikon.php?cs_go=2&cs_char=v HTTP/1.1" 200 9117 "-" "Mozilla/5.0 (compatible; SISTRIX Crawler; http://crawler.sistrix.net/)"
176.9.139.112 - - [14/Mar/2013:05:58:36 +0100] "GET /news.php?cs_go=archiv&cs_id=3992&cs_search= HTTP/1.1" 200 12626 "-" "Mozilla/5.0 (compatible; SISTRIX Crawler; http://crawler.sistrix.net/)"
176.9.139.112 - - [14/Mar/2013:05:58:36 +0100] "GET /news.php?cs_go=archiv&cs_id=3789&cs_search= HTTP/1.1" 200 9858 "-" "Mozilla/5.0 (compatible; SISTRIX Crawler; http://crawler.sistrix.net/)"
176.9.139.112 - - [14/Mar/2013:05:58:36 +0100] "GET /news.php?cs_go=archiv&cs_startpos=190 HTTP/1.1" 200 22312 "-" "Mozilla/5.0 (compatible; SISTRIX Crawler; http://crawler.sistrix.net/)"
176.9.139.112 - - [14/Mar/2013:05:58:37 +0100] "GET /lexikon.php?cs_go=2&cs_char=p HTTP/1.1" 200 9166 "-" "Mozilla/5.0 (compatible; SISTRIX Crawler; http://crawler.sistrix.net/)"
176.9.139.112 - - [14/Mar/2013:05:58:37 +0100] "GET /news.php?cs_go=archiv&cs_id=3996&cs_search= HTTP/1.1" 200 11642 "-" "Mozilla/5.0 (compatible; SISTRIX Crawler; http://crawler.sistrix.net/)"
176.9.139.112 - - [14/Mar/2013:05:58:37 +0100] "GET /news.php?cs_go=archiv&cs_id=3793&cs_search= HTTP/1.1" 200 9899 "-" "Mozilla/5.0 (compatible; SISTRIX Crawler; http://crawler.sistrix.net/)"
176.9.139.112 - - [14/Mar/2013:05:58:38 +0100] "GET /news.php?cs_go=archiv&cs_id=3966&cs_search= HTTP/1.1" 200 13715 "-" "Mozilla/5.0 (compatible; SISTRIX Crawler; http://crawler.sistrix.net/)"
176.9.139.112 - - [14/Mar/2013:05:58:38 +0100] "GET /news.php?cs_go=archiv&cs_id=3985&cs_search= HTTP/1.1" 200 9745 "-" "Mozilla/5.0 (compatible; SISTRIX Crawler; http://crawler.sistrix.net/)"
176.9.139.112 - - [14/Mar/2013:05:58:38 +0100] "GET /news.php?cs_go=archiv&cs_startpos=210 HTTP/1.1" 200 22365 "-" "Mozilla/5.0 (compatible; SISTRIX Crawler; http://crawler.sistrix.net/)"
176.9.139.112 - - [14/Mar/2013:05:58:39 +0100] "GET /lexikon.php?cs_go=2&cs_char=t HTTP/1.1" 200 8962 "-" "Mozilla/5.0 (compatible; SISTRIX Crawler; http://crawler.sistrix.net/)"
176.9.139.112 - - [14/Mar/2013:05:58:39 +0100] "GET /news.php?cs_go=archiv&cs_id=3973&cs_search= HTTP/1.1" 200 13506 "-" "Mozilla/5.0 (compatible; SISTRIX Crawler; http://crawler.sistrix.net/)"
176.9.139.112 - - [14/Mar/2013:05:58:39 +0100] "GET /lexikon.php?cs_go=2&cs_char=n HTTP/1.1" 200 8578 "-" "Mozilla/5.0 (compatible; SISTRIX Crawler; http://crawler.sistrix.net/)"
176.9.139.112 - - [14/Mar/2013:05:58:40 +0100] "GET /news.php?cs_go=archiv&cs_id=3997&cs_search= HTTP/1.1" 200 11960 "-" "Mozilla/5.0 (compatible; SISTRIX Crawler; http://crawler.sistrix.net/)"
176.9.139.112 - - [14/Mar/2013:05:58:40 +0100] "GET /news.php?cs_go=archiv&cs_id=3978&cs_search= HTTP/1.1" 200 10153 "-" "Mozilla/5.0 (compatible; SISTRIX Crawler; http://crawler.sistrix.net/)"
176.9.139.112 - - [14/Mar/2013:05:58:40 +0100] "GET /news.php?cs_go=archiv&cs_id=3965&cs_search= HTTP/1.1" 200 13089 "-" "Mozilla/5.0 (compatible; SISTRIX Crawler; http://crawler.sistrix.net/)"
176.9.139.112 - - [14/Mar/2013:05:58:40 +0100] "GET /modernisierung.php?cs_gp_go=coupon HTTP/1.1" 200 10192 "-" "Mozilla/5.0 (compatible; SISTRIX Crawler; http://crawler.sistrix.net/)"
176.9.139.112 - - [14/Mar/2013:05:58:41 +0100] "GET /news.php?cs_go=archiv&cs_startpos=211 HTTP/1.1" 200 22245 "-" "Mozilla/5.0 (compatible; SISTRIX Crawler; http://crawler.sistrix.net/)"
