79.201.100.155 - - [03/Mar/2013:17:36:01 +0100] "GET /images/wunschpreis.jpg HTTP/1.1" 200 16767 "http://www.mink-gmbh.de/" "Mozilla/5.0 (compatible; MSIE 9.0; Windows NT 6.1; WOW64; Trident/5.0)"
79.201.100.155 - - [03/Mar/2013:17:36:01 +0100] "GET /images/logos.jpg HTTP/1.1" 200 15002 "http://www.mink-gmbh.de/" "Mozilla/5.0 (compatible; MSIE 9.0; Windows NT 6.1; WOW64; Trident/5.0)"
79.201.100.155 - - [03/Mar/2013:17:36:01 +0100] "GET /images/footerbg.jpg HTTP/1.1" 200 2184 "http://www.mink-gmbh.de/" "Mozilla/5.0 (compatible; MSIE 9.0; Windows NT 6.1; WOW64; Trident/5.0)"
79.201.100.155 - - [03/Mar/2013:17:36:01 +0100] "GET /images/freecall.jpg HTTP/1.1" 200 39195 "http://www.mink-gmbh.de/" "Mozilla/5.0 (compatible; MSIE 9.0; Windows NT 6.1; WOW64; Trident/5.0)"
79.201.100.155 - - [03/Mar/2013:17:36:01 +0100] "GET /js_contentserver24_greybox/loader_frame.html?s=0 HTTP/1.1" 200 2084 "http://www.mink-gmbh.de/" "Mozilla/5.0 (compatible; MSIE 9.0; Windows NT 6.1; WOW64; Trident/5.0)"
79.201.100.155 - - [03/Mar/2013:17:36:01 +0100] "GET /js_contentserver24_greybox/indicator.gif HTTP/1.1" 200 8238 "http://www.mink-gmbh.de/js_contentserver24_greybox/loader_frame.html?s=0" "Mozilla/5.0 (compatible; MSIE 9.0; Windows NT 6.1; WOW64; Trident/5.0)"
79.201.100.155 - - [03/Mar/2013:17:36:02 +0100] "GET /js_contentserver24_greybox/g_close.gif HTTP/1.1" 200 541 "http://www.mink-gmbh.de/" "Mozilla/5.0 (compatible; MSIE 9.0; Windows NT 6.1; WOW64; Trident/5.0)"
79.201.100.155 - - [03/Mar/2013:17:36:02 +0100] "GET /favicon.ico HTTP/1.1" 200 3638 "-" "Mozilla/5.0 (compatible; MSIE 9.0; Windows NT 6.1; WOW64; Trident/5.0)"
79.201.100.155 - - [03/Mar/2013:17:36:28 +0100] "GET /news.php?cs_go=archiv&cs_id=3982 HTTP/1.1" 200 13363 "http://www.mink-gmbh.de/" "Mozilla/5.0 (compatible; MSIE 9.0; Windows NT 6.1; WOW64; Trident/5.0)"
79.201.100.155 - - [03/Mar/2013:17:37:39 +0100] "GET /kontakt.php HTTP/1.1" 200 9111 "http://www.mink-gmbh.de/news.php?cs_go=archiv&cs_id=3982" "Mozilla/5.0 (compatible; MSIE 9.0; Windows NT 6.1; WOW64; Trident/5.0)"
79.201.100.155 - - [03/Mar/2013:17:37:57 +0100] "GET /index.php HTTP/1.1" 200 14521 "http://www.mink-gmbh.de/kontakt.php" "Mozilla/5.0 (compatible; MSIE 9.0; Windows NT 6.1; WOW64; Trident/5.0)"
195.93.60.41 - - [03/Mar/2013:17:49:00 +0100] "GET /style.css HTTP/1.1" 200 8418 "http://www.mink-gmbh.de/" "Mozilla/5.0 (compatible; MSIE 9.0; AOL 9.0; AOLBuild 4327.5201; Windows NT 6.1; WOW64; Trident/5.0)"
195.93.60.7 - - [03/Mar/2013:17:49:00 +0100] "GET /modul.css HTTP/1.1" 200 35038 "http://www.mink-gmbh.de/" "Mozilla/5.0 (compatible; MSIE 9.0; AOL 9.0; AOLBuild 4327.5201; Windows NT 6.1; WOW64; Trident/5.0)"
195.93.60.6 - - [03/Mar/2013:17:49:00 +0100] "GET /js_contentserver24_greybox/gb_styles.css HTTP/1.1" 200 2302 "http://www.mink-gmbh.de/" "Mozilla/5.0 (compatible; MSIE 9.0; AOL 9.0; AOLBuild 4327.5201; Windows NT 6.1; WOW64; Trident/5.0)"
195.93.60.40 - - [03/Mar/2013:17:49:01 +0100] "GET /js_contentserver24_greybox/gb_scripts.js HTTP/1.1" 200 11913 "http://www.mink-gmbh.de/" "Mozilla/5.0 (compatible; MSIE 9.0; AOL 9.0; AOLBuild 4327.5201; Windows NT 6.1; WOW64; Trident/5.0)"
195.93.60.8 - - [03/Mar/2013:17:49:00 +0100] "GET / HTTP/1.1" 200 15262 "http://suche.aol.de/aol/search?s_it=topsearchbox.search&v_t=aolde-homePage50&q=mink+heiz%C3%B6l+berlin" "Mozilla/5.0 (compatible; MSIE 9.0; AOL 9.0; AOLBuild 4327.5201; Windows NT 6.1; WOW64; Trident/5.0)"
195.93.60.5 - - [03/Mar/2013:17:49:01 +0100] "GET /js_contentserver24_greybox/AJS_fx.js HTTP/1.1" 200 3192 "http://www.mink-gmbh.de/" "Mozilla/5.0 (compatible; MSIE 9.0; AOL 9.0; AOLBuild 4327.5201; Windows NT 6.1; WOW64; Trident/5.0)"
195.93.60.8 - - [03/Mar/2013:17:49:01 +0100] "GET /js_contentserver24_greybox/AJS.js HTTP/1.1" 200 10396 "http://www.mink-gmbh.de/" "Mozilla/5.0 (compatible; MSIE 9.0; AOL 9.0; AOLBuild 4327.5201; Windows NT 6.1; WOW64; Trident/5.0)"
195.93.60.35 - - [03/Mar/2013:17:49:01 +0100] "GET /images/tkw.jpg HTTP/1.1" 200 64031 "http://www.mink-gmbh.de/" "Mozilla/5.0 (compatible; MSIE 9.0; AOL 9.0; AOLBuild 4327.5201; Windows NT 6.1; WOW64; Trident/5.0)"
195.93.60.34 - - [03/Mar/2013:17:49:01 +0100] "GET /images/bg.jpg HTTP/1.1" 200 345 "http://www.mink-gmbh.de/" "Mozilla/5.0 (compatible; MSIE 9.0; AOL 9.0; AOLBuild 4327.5201; Windows NT 6.1; WOW64; Trident/5.0)"
195.93.60.3 - - [03/Mar/2013:17:49:01 +0100] "GET /js_contentserver24_greybox/w_close.gif HTTP/1.1" 200 74 "http://www.mink-gmbh.de/" "Mozilla/5.0 (compatible; MSIE 9.0; AOL 9.0; AOLBuild 4327.5201; Windows NT 6.1; WOW64; Trident/5.0)"
195.93.60.7 - - [03/Mar/2013:17:49:01 +0100] "GET /images/newsletter_bg.jpg HTTP/1.1" 200 33610 "http://www.mink-gmbh.de/" "Mozilla/5.0 (compatible; MSIE 9.0; AOL 9.0; AOLBuild 4327.5201; Windows NT 6.1; WOW64; Trident/5.0)"
195.93.60.8 - - [03/Mar/2013:17:49:01 +0100] "GET /js_contentserver24_greybox/header_bg.gif HTTP/1.1" 200 1188 "http://www.mink-gmbh.de/" "Mozilla/5.0 (compatible; MSIE 9.0; AOL 9.0; AOLBuild 4327.5201; Windows NT 6.1; WOW64; Trident/5.0)"
195.93.60.42 - - [03/Mar/2013:17:49:01 +0100] "GET /images/wrapperbg.jpg HTTP/1.1" 200 27465 "http://www.mink-gmbh.de/" "Mozilla/5.0 (compatible; MSIE 9.0; AOL 9.0; AOLBuild 4327.5201; Windows NT 6.1; WOW64; Trident/5.0)"
195.93.60.7 - - [03/Mar/2013:17:49:01 +0100] "GET /images/header.jpg HTTP/1.1" 200 24413 "http://www.mink-gmbh.de/" "Mozilla/5.0 (compatible; MSIE 9.0; AOL 9.0; AOLBuild 4327.5201; Windows NT 6.1; WOW64; Trident/5.0)"
195.93.60.42 - - [03/Mar/2013:17:49:01 +0100] "GET /images/fallend.png HTTP/1.1" 200 713 "http://www.mink-gmbh.de/" "Mozilla/5.0 (compatible; MSIE 9.0; AOL 9.0; AOLBuild 4327.5201; Windows NT 6.1; WOW64; Trident/5.0)"
195.93.60.5 - - [03/Mar/2013:17:49:01 +0100] "GET /images/steigend.png HTTP/1.1" 200 688 "http://www.mink-gmbh.de/" "Mozilla/5.0 (compatible; MSIE 9.0; AOL 9.0; AOLBuild 4327.5201; Windows NT 6.1; WOW64; Trident/5.0)"
195.93.60.39 - - [03/Mar/2013:17:49:02 +0100] "GET /images/navibg.png HTTP/1.1" 200 2803 "http://www.mink-gmbh.de/" "Mozilla/5.0 (compatible; MSIE 9.0; AOL 9.0; AOLBuild 4327.5201; Windows NT 6.1; WOW64; Trident/5.0)"
195.93.60.9 - - [03/Mar/2013:17:49:02 +0100] "GET /images/close.png HTTP/1.1" 200 703 "http://www.mink-gmbh.de/" "Mozilla/5.0 (compatible; MSIE 9.0; AOL 9.0; AOLBuild 4327.5201; Windows NT 6.1; WOW64; Trident/5.0)"
195.93.60.42 - - [03/Mar/2013:17:49:02 +0100] "GET /images/freecall.jpg HTTP/1.1" 200 39195 "http://www.mink-gmbh.de/" "Mozilla/5.0 (compatible; MSIE 9.0; AOL 9.0; AOLBuild 4327.5201; Windows NT 6.1; WOW64; Trident/5.0)"
195.93.60.37 - - [03/Mar/2013:17:49:02 +0100] "GET /images/newsletter.png HTTP/1.1" 200 14619 "http://www.mink-gmbh.de/" "Mozilla/5.0 (compatible; MSIE 9.0; AOL 9.0; AOLBuild 4327.5201; Windows NT 6.1; WOW64; Trident/5.0)"
195.93.60.35 - - [03/Mar/2013:17:49:02 +0100] "GET /images/kwk.gif HTTP/1.1" 200 6403 "http://www.mink-gmbh.de/" "Mozilla/5.0 (compatible; MSIE 9.0; AOL 9.0; AOLBuild 4327.5201; Windows NT 6.1; WOW64; Trident/5.0)"
195.93.60.2 - - [03/Mar/2013:17:49:02 +0100] "GET /images/mobil.jpg HTTP/1.1" 200 25293 "http://www.mink-gmbh.de/" "Mozilla/5.0 (compatible; MSIE 9.0; AOL 9.0; AOLBuild 4327.5201; Windows NT 6.1; WOW64; Trident/5.0)"
195.93.60.33 - - [03/Mar/2013:17:49:03 +0100] "GET /images/newsletter.jpg HTTP/1.1" 200 13130 "http://www.mink-gmbh.de/" "Mozilla/5.0 (compatible; MSIE 9.0; AOL 9.0; AOLBuild 4327.5201; Windows NT 6.1; WOW64; Trident/5.0)"
195.93.60.10 - - [03/Mar/2013:17:49:03 +0100] "GET /images/mail.jpg HTTP/1.1" 200 11165 "http://www.mink-gmbh.de/" "Mozilla/5.0 (compatible; MSIE 9.0; AOL 9.0; AOLBuild 4327.5201; Windows NT 6.1; WOW64; Trident/5.0)"
195.93.60.42 - - [03/Mar/2013:17:49:03 +0100] "GET /images/footerbg.jpg HTTP/1.1" 200 2184 "http://www.mink-gmbh.de/" "Mozilla/5.0 (compatible; MSIE 9.0; AOL 9.0; AOLBuild 4327.5201; Windows NT 6.1; WOW64; Trident/5.0)"
195.93.60.1 - - [03/Mar/2013:17:49:03 +0100] "GET /images/wunschpreis.jpg HTTP/1.1" 200 16767 "http://www.mink-gmbh.de/" "Mozilla/5.0 (compatible; MSIE 9.0; AOL 9.0; AOLBuild 4327.5201; Windows NT 6.1; WOW64; Trident/5.0)"
195.93.60.41 - - [03/Mar/2013:17:49:03 +0100] "GET /images/logos.jpg HTTP/1.1" 200 15002 "http://www.mink-gmbh.de/" "Mozilla/5.0 (compatible; MSIE 9.0; AOL 9.0; AOLBuild 4327.5201; Windows NT 6.1; WOW64; Trident/5.0)"
91.65.234.192 - - [03/Mar/2013:17:49:03 +0100] "GET /images/logos.jpg HTTP/1.1" 200 15002 "http://www.mink-gmbh.de/" "Mozilla/5.0 (compatible; MSIE 9.0; AOL 9.0; AOLBuild 4327.5201; Windows NT 6.1; WOW64; Trident/5.0)"
195.93.60.40 - - [03/Mar/2013:17:49:03 +0100] "GET /js_contentserver24_greybox/loader_frame.html?s=0 HTTP/1.1" 200 2084 "http://www.mink-gmbh.de/" "Mozilla/5.0 (compatible; MSIE 9.0; AOL 9.0; AOLBuild 4327.5201; Windows NT 6.1; WOW64; Trident/5.0)"
195.93.60.34 - - [03/Mar/2013:17:49:03 +0100] "GET /js_contentserver24_greybox/indicator.gif HTTP/1.1" 200 8238 "http://www.mink-gmbh.de/js_contentserver24_greybox/loader_frame.html?s=0" "Mozilla/5.0 (compatible; MSIE 9.0; AOL 9.0; AOLBuild 4327.5201; Windows NT 6.1; WOW64; Trident/5.0)"
195.93.60.7 - - [03/Mar/2013:17:49:04 +0100] "GET /js_contentserver24_greybox/g_close.gif HTTP/1.1" 200 541 "http://www.mink-gmbh.de/" "Mozilla/5.0 (compatible; MSIE 9.0; AOL 9.0; AOLBuild 4327.5201; Windows NT 6.1; WOW64; Trident/5.0)"
195.93.60.10 - - [03/Mar/2013:17:49:05 +0100] "GET /jobs.php HTTP/1.1" 200 10003 "http://www.mink-gmbh.de/" "Mozilla/5.0 (compatible; MSIE 9.0; AOL 9.0; AOLBuild 4327.5201; Windows NT 6.1; WOW64; Trident/5.0)"
173.199.116.195 - - [03/Mar/2013:18:05:03 +0100] "GET /news.php?cs_go=archiv&cs_id=3740&cs_search= HTTP/1.1" 200 12081 "-" "Mozilla/5.0 (compatible; AhrefsBot/4.0; +http://ahrefs.com/robot/)"
141.8.147.12 - - [03/Mar/2013:18:08:48 +0100] "GET /lexikon.php?cs_go=3&cs_id=233 HTTP/1.1" 200 9000 "-" "Mozilla/5.0 (compatible; YandexBot/3.0; +http://yandex.com/bots)"
66.249.78.46 - - [03/Mar/2013:18:23:30 +0100] "GET /news.php?cs_go=archiv&cs_id=3628 HTTP/1.1" 200 10018 "-" "Mozilla/5.0 (compatible; Googlebot/2.1; +http://www.google.com/bot.html)"
66.249.78.46 - - [03/Mar/2013:18:31:00 +0100] "GET /news.php?cs_go=archiv&cs_startpos=0 HTTP/1.1" 200 21961 "-" "SAMSUNG-SGH-E250/1.0 Profile/MIDP-2.0 Configuration/CLDC-1.1 UP.Browser/6.2.3.3.c.1.101 (GUI) MMP/2.0 (compatible; Googlebot-Mobile/2.1; +http://www.google.com/bot.html)"
208.115.111.75 - - [03/Mar/2013:18:42:56 +0100] "GET /robots.txt HTTP/1.1" 200 177 "-" "Mozilla/5.0 (compatible; Ezooms/1.0; ezooms.bot@gmail.com)"
141.8.147.12 - - [03/Mar/2013:18:47:59 +0100] "GET /news.php?cs_go=archiv&cs_id=3929&cs_search= HTTP/1.1" 200 12403 "-" "Mozilla/5.0 (compatible; YandexBot/3.0; +http://yandex.com/bots)"
208.115.111.75 - - [03/Mar/2013:19:01:45 +0100] "GET / HTTP/1.1" 200 15262 "-" "Mozilla/5.0 (compatible; Ezooms/1.0; ezooms.bot@gmail.com)"
66.249.78.46 - - [03/Mar/2013:19:09:21 +0100] "GET /impressum.php HTTP/1.1" 200 8582 "-" "Mozilla/5.0 (compatible; Googlebot/2.1; +http://www.google.com/bot.html)"
65.36.241.79 - - [03/Mar/2013:19:11:33 +0100] "HEAD / HTTP/1.1" 200 - "-" "InternetSeer.com"
66.249.78.46 - - [03/Mar/2013:19:15:24 +0100] "GET /style.css HTTP/1.1" 200 8418 "-" "Mozilla/5.0 (compatible; Googlebot/2.1; +http://www.google.com/bot.html)"
66.249.78.46 - - [03/Mar/2013:19:15:24 +0100] "GET /modul.css HTTP/1.1" 200 35038 "-" "Mozilla/5.0 (compatible; Googlebot/2.1; +http://www.google.com/bot.html)"
141.8.147.12 - - [03/Mar/2013:19:26:42 +0100] "GET /news.php?cs_go=archiv&cs_id=3938 HTTP/1.1" 200 9838 "-" "Mozilla/5.0 (compatible; YandexBot/3.0; +http://yandex.com/bots)"
82.94.176.164 - - [03/Mar/2013:19:28:45 +0100] "GET /jobs.php HTTP/1.1" 200 10090 "-" "Mozilla/4.0 (compatible; MSIE 5.5; Windows NT)"
130.83.167.153 - - [03/Mar/2013:19:36:21 +0100] "GET /news.php?cs_go=archiv&cs_id=3832&cs_search= HTTP/1.1" 200 7784 "-" "findlinks/2.6 (+http://wortschatz.uni-leipzig.de/findlinks/)"
130.83.167.153 - - [03/Mar/2013:19:36:21 +0100] "GET /news.php?cs_go=archiv&cs_id=3832&cs_search= HTTP/1.1" 200 9763 "-" "findlinks/2.6 (+http://wortschatz.uni-leipzig.de/findlinks/)"
173.199.115.59 - - [03/Mar/2013:19:52:13 +0100] "GET /lexikon.php?cs_go=3&cs_id=21 HTTP/1.1" 200 9070 "-" "Mozilla/5.0 (compatible; AhrefsBot/4.0; +http://ahrefs.com/robot/)"
66.249.75.46 - - [03/Mar/2013:19:57:47 +0100] "GET /news.php?cs_go=archiv&cs_id=3885 HTTP/1.1" 200 13537 "-" "DoCoMo/2.0 N905i(c100;TB;W24H16) (compatible; Googlebot-Mobile/2.1; +http://www.google.com/bot.html)"
141.8.147.12 - - [03/Mar/2013:20:05:33 +0100] "GET / HTTP/1.1" 200 15262 "-" "Mozilla/5.0 (compatible; YandexBot/3.0; +http://yandex.com/bots)"
173.199.115.59 - - [03/Mar/2013:20:06:31 +0100] "GET /news.php?cs_go=archiv&cs_id=3607&cs_search= HTTP/1.1" 200 13322 "-" "Mozilla/5.0 (compatible; AhrefsBot/4.0; +http://ahrefs.com/robot/)"
91.65.233.227 - - [03/Mar/2013:20:23:16 +0100] "GET /style.css HTTP/1.1" 200 8418 "http://www.mink-gmbh.de/" "Mozilla/5.0 (compatible; MSIE 9.0; Windows NT 6.0; Trident/5.0; tb-webde/2.1.0)"
91.65.233.227 - - [03/Mar/2013:20:23:16 +0100] "GET /js_contentserver24_greybox/gb_scripts.js HTTP/1.1" 200 11913 "http://www.mink-gmbh.de/" "Mozilla/5.0 (compatible; MSIE 9.0; Windows NT 6.0; Trident/5.0; tb-webde/2.1.0)"
91.65.233.227 - - [03/Mar/2013:20:23:16 +0100] "GET /js_contentserver24_greybox/AJS_fx.js HTTP/1.1" 200 3192 "http://www.mink-gmbh.de/" "Mozilla/5.0 (compatible; MSIE 9.0; Windows NT 6.0; Trident/5.0; tb-webde/2.1.0)"
91.65.233.227 - - [03/Mar/2013:20:23:16 +0100] "GET /js_contentserver24_greybox/gb_styles.css HTTP/1.1" 200 2302 "http://www.mink-gmbh.de/" "Mozilla/5.0 (compatible; MSIE 9.0; Windows NT 6.0; Trident/5.0; tb-webde/2.1.0)"
91.65.233.227 - - [03/Mar/2013:20:23:16 +0100] "GET /js_contentserver24_greybox/AJS.js HTTP/1.1" 200 10396 "http://www.mink-gmbh.de/" "Mozilla/5.0 (compatible; MSIE 9.0; Windows NT 6.0; Trident/5.0; tb-webde/2.1.0)"
91.65.233.227 - - [03/Mar/2013:20:23:16 +0100] "GET /modul.css HTTP/1.1" 200 35038 "http://www.mink-gmbh.de/" "Mozilla/5.0 (compatible; MSIE 9.0; Windows NT 6.0; Trident/5.0; tb-webde/2.1.0)"
91.65.233.227 - - [03/Mar/2013:20:23:16 +0100] "GET / HTTP/1.1" 200 15262 "http://www.google.de/url?sa=t&rct=j&q=mink&source=web&cd=4&ved=0CEYQFjAD&url=http%3A%2F%2Fwww.mink-gmbh.de%2F&ei=dqIzUZDOKMKItQab8oGIBQ&usg=AFQjCNFHX4Iglls9oo-KYXTmDUV_5KOVIg&bvm=bv.43148975,d.Yms" "Mozilla/5.0 (compatible; MSIE 9.0; Windows NT 6.0; Trident/5.0; tb-webde/2.1.0)"
91.65.233.227 - - [03/Mar/2013:20:23:17 +0100] "GET /images/bg.jpg HTTP/1.1" 200 345 "http://www.mink-gmbh.de/" "Mozilla/5.0 (compatible; MSIE 9.0; Windows NT 6.0; Trident/5.0; tb-webde/2.1.0)"
91.65.233.227 - - [03/Mar/2013:20:23:17 +0100] "GET /js_contentserver24_greybox/w_close.gif HTTP/1.1" 200 74 "http://www.mink-gmbh.de/" "Mozilla/5.0 (compatible; MSIE 9.0; Windows NT 6.0; Trident/5.0; tb-webde/2.1.0)"
91.65.233.227 - - [03/Mar/2013:20:23:17 +0100] "GET /images/newsletter_bg.jpg HTTP/1.1" 200 33610 "http://www.mink-gmbh.de/" "Mozilla/5.0 (compatible; MSIE 9.0; Windows NT 6.0; Trident/5.0; tb-webde/2.1.0)"
91.65.233.227 - - [03/Mar/2013:20:23:17 +0100] "GET /images/wrapperbg.jpg HTTP/1.1" 200 27465 "http://www.mink-gmbh.de/" "Mozilla/5.0 (compatible; MSIE 9.0; Windows NT 6.0; Trident/5.0; tb-webde/2.1.0)"
91.65.233.227 - - [03/Mar/2013:20:23:17 +0100] "GET /images/navibg.png HTTP/1.1" 200 2803 "http://www.mink-gmbh.de/" "Mozilla/5.0 (compatible; MSIE 9.0; Windows NT 6.0; Trident/5.0; tb-webde/2.1.0)"
91.65.233.227 - - [03/Mar/2013:20:23:17 +0100] "GET /images/newsletter.png HTTP/1.1" 200 14619 "http://www.mink-gmbh.de/" "Mozilla/5.0 (compatible; MSIE 9.0; Windows NT 6.0; Trident/5.0; tb-webde/2.1.0)"
91.65.233.227 - - [03/Mar/2013:20:23:17 +0100] "GET /images/close.png HTTP/1.1" 200 703 "http://www.mink-gmbh.de/" "Mozilla/5.0 (compatible; MSIE 9.0; Windows NT 6.0; Trident/5.0; tb-webde/2.1.0)"
91.65.233.227 - - [03/Mar/2013:20:23:17 +0100] "GET /images/header.jpg HTTP/1.1" 200 24413 "http://www.mink-gmbh.de/" "Mozilla/5.0 (compatible; MSIE 9.0; Windows NT 6.0; Trident/5.0; tb-webde/2.1.0)"
91.65.233.227 - - [03/Mar/2013:20:23:17 +0100] "GET /images/tkw.jpg HTTP/1.1" 200 64031 "http://www.mink-gmbh.de/" "Mozilla/5.0 (compatible; MSIE 9.0; Windows NT 6.0; Trident/5.0; tb-webde/2.1.0)"
91.65.233.227 - - [03/Mar/2013:20:23:17 +0100] "GET /images/fallend.png HTTP/1.1" 200 713 "http://www.mink-gmbh.de/" "Mozilla/5.0 (compatible; MSIE 9.0; Windows NT 6.0; Trident/5.0; tb-webde/2.1.0)"
91.65.233.227 - - [03/Mar/2013:20:23:17 +0100] "GET /js_contentserver24_greybox/loader_frame.html?s=0 HTTP/1.1" 200 2084 "http://www.mink-gmbh.de/" "Mozilla/5.0 (compatible; MSIE 9.0; Windows NT 6.0; Trident/5.0; tb-webde/2.1.0)"
91.65.233.227 - - [03/Mar/2013:20:23:17 +0100] "GET /images/steigend.png HTTP/1.1" 200 688 "http://www.mink-gmbh.de/" "Mozilla/5.0 (compatible; MSIE 9.0; Windows NT 6.0; Trident/5.0; tb-webde/2.1.0)"
91.65.233.227 - - [03/Mar/2013:20:23:17 +0100] "GET /images/mobil.jpg HTTP/1.1" 200 25293 "http://www.mink-gmbh.de/" "Mozilla/5.0 (compatible; MSIE 9.0; Windows NT 6.0; Trident/5.0; tb-webde/2.1.0)"
91.65.233.227 - - [03/Mar/2013:20:23:17 +0100] "GET /images/newsletter.jpg HTTP/1.1" 200 13130 "http://www.mink-gmbh.de/" "Mozilla/5.0 (compatible; MSIE 9.0; Windows NT 6.0; Trident/5.0; tb-webde/2.1.0)"
91.65.233.227 - - [03/Mar/2013:20:23:17 +0100] "GET /images/freecall.jpg HTTP/1.1" 200 39195 "http://www.mink-gmbh.de/" "Mozilla/5.0 (compatible; MSIE 9.0; Windows NT 6.0; Trident/5.0; tb-webde/2.1.0)"
91.65.233.227 - - [03/Mar/2013:20:23:17 +0100] "GET /images/mail.jpg HTTP/1.1" 200 11165 "http://www.mink-gmbh.de/" "Mozilla/5.0 (compatible; MSIE 9.0; Windows NT 6.0; Trident/5.0; tb-webde/2.1.0)"
91.65.233.227 - - [03/Mar/2013:20:23:17 +0100] "GET /images/wunschpreis.jpg HTTP/1.1" 200 16767 "http://www.mink-gmbh.de/" "Mozilla/5.0 (compatible; MSIE 9.0; Windows NT 6.0; Trident/5.0; tb-webde/2.1.0)"
91.65.233.227 - - [03/Mar/2013:20:23:17 +0100] "GET /images/kwk.gif HTTP/1.1" 200 6403 "http://www.mink-gmbh.de/" "Mozilla/5.0 (compatible; MSIE 9.0; Windows NT 6.0; Trident/5.0; tb-webde/2.1.0)"
91.65.233.227 - - [03/Mar/2013:20:23:17 +0100] "GET /images/footerbg.jpg HTTP/1.1" 200 2184 "http://www.mink-gmbh.de/" "Mozilla/5.0 (compatible; MSIE 9.0; Windows NT 6.0; Trident/5.0; tb-webde/2.1.0)"
91.65.233.227 - - [03/Mar/2013:20:23:17 +0100] "GET /images/logos.jpg HTTP/1.1" 200 15002 "http://www.mink-gmbh.de/" "Mozilla/5.0 (compatible; MSIE 9.0; Windows NT 6.0; Trident/5.0; tb-webde/2.1.0)"
91.65.233.227 - - [03/Mar/2013:20:23:17 +0100] "GET /js_contentserver24_greybox/header_bg.gif HTTP/1.1" 200 1188 "http://www.mink-gmbh.de/" "Mozilla/5.0 (compatible; MSIE 9.0; Windows NT 6.0; Trident/5.0; tb-webde/2.1.0)"
91.65.233.227 - - [03/Mar/2013:20:23:17 +0100] "GET /js_contentserver24_greybox/indicator.gif HTTP/1.1" 200 8238 "http://www.mink-gmbh.de/js_contentserver24_greybox/loader_frame.html?s=0" "Mozilla/5.0 (compatible; MSIE 9.0; Windows NT 6.0; Trident/5.0; tb-webde/2.1.0)"
91.65.233.227 - - [03/Mar/2013:20:23:18 +0100] "GET /js_contentserver24_greybox/g_close.gif HTTP/1.1" 200 541 "http://www.mink-gmbh.de/" "Mozilla/5.0 (compatible; MSIE 9.0; Windows NT 6.0; Trident/5.0; tb-webde/2.1.0)"
91.65.233.227 - - [03/Mar/2013:20:23:18 +0100] "GET /favicon.ico HTTP/1.1" 200 3638 "-" "Mozilla/5.0 (compatible; MSIE 9.0; Windows NT 6.0; Trident/5.0; tb-webde/2.1.0)"
91.65.233.227 - - [03/Mar/2013:20:30:00 +0100] "GET /news.php?cs_go=archiv&cs_id=3982 HTTP/1.1" 200 13363 "http://www.mink-gmbh.de/" "Mozilla/5.0 (compatible; MSIE 9.0; Windows NT 6.0; Trident/5.0; tb-webde/2.1.0)"
91.65.233.227 - - [03/Mar/2013:20:33:44 +0100] "GET /preisanfrage.php HTTP/1.1" 200 10647 "http://www.mink-gmbh.de/news.php?cs_go=archiv&cs_id=3982" "Mozilla/5.0 (compatible; MSIE 9.0; Windows NT 6.0; Trident/5.0; tb-webde/2.1.0)"
208.115.111.75 - - [03/Mar/2013:20:36:01 +0100] "GET /news.php?cs_go=archiv&cs_startpos=190 HTTP/1.1" 200 22633 "-" "Mozilla/5.0 (compatible; Ezooms/1.0; ezooms.bot@gmail.com)"
91.65.233.227 - - [03/Mar/2013:20:43:54 +0100] "POST /preisanfrage.php HTTP/1.1" 200 7299 "http://www.mink-gmbh.de/preisanfrage.php" "Mozilla/5.0 (compatible; MSIE 9.0; Windows NT 6.0; Trident/5.0; tb-webde/2.1.0)"
91.65.233.227 - - [03/Mar/2013:20:44:03 +0100] "GET /wunschpreis.php HTTP/1.1" 200 11997 "http://www.mink-gmbh.de/preisanfrage.php" "Mozilla/5.0 (compatible; MSIE 9.0; Windows NT 6.0; Trident/5.0; tb-webde/2.1.0)"
91.65.233.227 - - [03/Mar/2013:20:44:30 +0100] "GET /standard.php HTTP/1.1" 200 9131 "http://www.mink-gmbh.de/wunschpreis.php" "Mozilla/5.0 (compatible; MSIE 9.0; Windows NT 6.0; Trident/5.0; tb-webde/2.1.0)"
91.65.233.227 - - [03/Mar/2013:20:44:43 +0100] "GET /.php HTTP/1.1" 404 - "http://www.mink-gmbh.de/standard.php" "Mozilla/5.0 (compatible; MSIE 9.0; Windows NT 6.0; Trident/5.0; tb-webde/2.1.0)"
91.65.233.227 - - [03/Mar/2013:20:44:47 +0100] "GET /wunschpreis.php HTTP/1.1" 200 11997 "http://www.mink-gmbh.de/preisanfrage.php" "Mozilla/5.0 (compatible; MSIE 9.0; Windows NT 6.0; Trident/5.0; tb-webde/2.1.0)"
141.8.147.12 - - [03/Mar/2013:20:44:54 +0100] "GET /news.php HTTP/1.1" 200 21961 "-" "Mozilla/5.0 (compatible; YandexBot/3.0; +http://yandex.com/bots)"
91.65.233.227 - - [03/Mar/2013:20:45:06 +0100] "GET /favicon.ico HTTP/1.1" 200 3638 "-" "Mozilla/5.0 (compatible; MSIE 9.0; Windows NT 6.0; Trident/5.0; tb-webde/2.1.0)"
91.65.233.227 - - [03/Mar/2013:20:45:54 +0100] "GET /wunschpreis.php HTTP/1.1" 200 11997 "-" "Mozilla/5.0 (compatible; MSIE 9.0; Windows NT 6.0; Trident/5.0; tb-webde/2.1.0)"
173.199.115.59 - - [03/Mar/2013:21:03:26 +0100] "GET /lexikon.php?cs_go=3&cs_id=24 HTTP/1.1" 200 8034 "-" "Mozilla/5.0 (compatible; AhrefsBot/4.0; +http://ahrefs.com/robot/)"
66.249.78.46 - - [03/Mar/2013:21:15:05 +0100] "GET /news.php?cs_go=archiv&cs_id=3970 HTTP/1.1" 200 10345 "-" "SAMSUNG-SGH-E250/1.0 Profile/MIDP-2.0 Configuration/CLDC-1.1 UP.Browser/6.2.3.3.c.1.101 (GUI) MMP/2.0 (compatible; Googlebot-Mobile/2.1; +http://www.google.com/bot.html)"
123.125.71.57 - - [03/Mar/2013:21:30:45 +0100] "GET / HTTP/1.1" 200 6437 "-" "Mozilla/5.0 (compatible; Baiduspider/2.0; +http://www.baidu.com/search/spider.html)"
220.181.108.115 - - [03/Mar/2013:21:31:08 +0100] "GET / HTTP/1.1" 200 15262 "-" "Mozilla/5.0 (compatible; Baiduspider/2.0; +http://www.baidu.com/search/spider.html)"
141.8.147.12 - - [03/Mar/2013:21:38:08 +0100] "GET /index.php HTTP/1.1" 200 15262 "-" "Mozilla/5.0 (compatible; YandexBot/3.0; +http://yandex.com/bots)"
208.115.111.75 - - [03/Mar/2013:22:40:26 +0100] "GET /robots.txt HTTP/1.1" 200 177 "-" "Mozilla/5.0 (compatible; Ezooms/1.0; ezooms.bot@gmail.com)"
141.8.147.12 - - [03/Mar/2013:22:42:36 +0100] "GET /robots.txt HTTP/1.1" 200 177 "-" "Mozilla/5.0 (compatible; YandexBot/3.0; +http://yandex.com/bots)"
123.125.71.111 - - [03/Mar/2013:23:44:59 +0100] "GET /js_contentserver24_greybox/AJS_fx.js HTTP/1.1" 200 3192 "-" "Mozilla/5.0 (compatible; Baiduspider/2.0; +http://www.baidu.com/search/spider.html)"
66.249.78.46 - - [04/Mar/2013:00:06:16 +0100] "GET /news.php?cs_go=archiv&cs_id=3510&cs_search= HTTP/1.1" 200 10260 "-" "Mozilla/5.0 (compatible; Googlebot/2.1; +http://www.google.com/bot.html)"
173.199.115.59 - - [04/Mar/2013:00:07:37 +0100] "GET /lexikon.php?cs_go=3&cs_id=40 HTTP/1.1" 200 12171 "-" "Mozilla/5.0 (compatible; AhrefsBot/4.0; +http://ahrefs.com/robot/)"
65.36.241.79 - - [04/Mar/2013:00:13:29 +0100] "HEAD / HTTP/1.1" 200 - "-" "InternetSeer.com"
208.115.111.75 - - [04/Mar/2013:00:34:39 +0100] "GET /news.php?cs_go=archiv&cs_id=3667&cs_search= HTTP/1.1" 200 10048 "-" "Mozilla/5.0 (compatible; Ezooms/1.0; ezooms.bot@gmail.com)"
157.55.34.168 - - [04/Mar/2013:01:05:55 +0100] "GET /robots.txt HTTP/1.1" 200 177 "-" "Mozilla/5.0 (compatible; bingbot/2.0; +http://www.bing.com/bingbot.htm)"
157.55.34.168 - - [04/Mar/2013:01:07:01 +0100] "GET / HTTP/1.1" 200 15261 "-" "Mozilla/5.0 (compatible; bingbot/2.0; +http://www.bing.com/bingbot.htm)"
66.249.78.46 - - [04/Mar/2013:01:08:03 +0100] "GET /lexikon.php?cs_go=3&cs_id=89 HTTP/1.1" 200 8395 "-" "Mozilla/5.0 (compatible; Googlebot/2.1; +http://www.google.com/bot.html)"
66.249.75.46 - - [04/Mar/2013:01:45:13 +0100] "GET /news.php?cs_go=archiv&cs_id=3970 HTTP/1.1" 200 10345 "-" "DoCoMo/2.0 N905i(c100;TB;W24H16) (compatible; Googlebot-Mobile/2.1; +http://www.google.com/bot.html)"
66.249.78.46 - - [04/Mar/2013:02:09:50 +0100] "GET /lexikon.php?cs_go=3&cs_id=15 HTTP/1.1" 200 8036 "-" "Mozilla/5.0 (compatible; Googlebot/2.1; +http://www.google.com/bot.html)"
130.83.167.153 - - [04/Mar/2013:02:11:42 +0100] "GET /standard.php HTTP/1.1" 200 7148 "-" "findlinks/2.6 (+http://wortschatz.uni-leipzig.de/findlinks/)"
130.83.167.153 - - [04/Mar/2013:02:11:42 +0100] "GET /standard.php HTTP/1.1" 200 9131 "-" "findlinks/2.6 (+http://wortschatz.uni-leipzig.de/findlinks/)"
173.199.115.59 - - [04/Mar/2013:02:16:23 +0100] "GET /jobs.php HTTP/1.1" 200 10090 "-" "Mozilla/5.0 (compatible; AhrefsBot/4.0; +http://ahrefs.com/robot/)"
66.249.78.46 - - [04/Mar/2013:02:44:11 +0100] "GET /news.php?cs_go=archiv&cs_id=3452 HTTP/1.1" 200 10175 "-" "Mozilla/5.0 (compatible; Googlebot/2.1; +http://www.google.com/bot.html)"
173.199.115.59 - - [04/Mar/2013:03:05:24 +0100] "GET /lexikon.php?cs_go=3&cs_id=69 HTTP/1.1" 200 10107 "-" "Mozilla/5.0 (compatible; AhrefsBot/4.0; +http://ahrefs.com/robot/)"
173.199.115.59 - - [04/Mar/2013:03:15:49 +0100] "GET /news.php?cs_go=archiv HTTP/1.1" 200 21961 "-" "Mozilla/5.0 (compatible; AhrefsBot/4.0; +http://ahrefs.com/robot/)"
188.118.176.68 - - [04/Mar/2013:03:20:09 +0100] "GET / HTTP/1.1" 200 15261 "-" "Mozilla/4.0 (compatible; MSIE 5.01; Windows NT 5.0)"
66.249.78.46 - - [04/Mar/2013:03:25:21 +0100] "GET /news.php?cs_go=archiv&cs_id=3454 HTTP/1.1" 200 13612 "-" "Mozilla/5.0 (compatible; Googlebot/2.1; +http://www.google.com/bot.html)"
66.249.78.46 - - [04/Mar/2013:03:32:14 +0100] "GET /lexikon.php?cs_go=3&cs_id=131 HTTP/1.1" 200 8378 "-" "Mozilla/5.0 (compatible; Googlebot/2.1; +http://www.google.com/bot.html)"
173.199.115.59 - - [04/Mar/2013:03:59:53 +0100] "GET /lexikon.php?cs_go=3&cs_id=39 HTTP/1.1" 200 8357 "-" "Mozilla/5.0 (compatible; AhrefsBot/4.0; +http://ahrefs.com/robot/)"
173.199.115.59 - - [04/Mar/2013:04:07:10 +0100] "GET /lexikon.php?cs_go=3&cs_id=84 HTTP/1.1" 200 8355 "-" "Mozilla/5.0 (compatible; AhrefsBot/4.0; +http://ahrefs.com/robot/)"
173.199.115.59 - - [04/Mar/2013:04:37:39 +0100] "GET /news.php?cs_go=archiv&cs_id=3981&cs_search= HTTP/1.1" 200 12282 "-" "Mozilla/5.0 (compatible; AhrefsBot/4.0; +http://ahrefs.com/robot/)"
208.115.113.91 - - [04/Mar/2013:04:45:55 +0100] "GET /robots.txt HTTP/1.1" 200 177 "-" "Mozilla/5.0 (compatible; Ezooms/1.0; ezooms.bot@gmail.com)"
5.9.7.208 - - [04/Mar/2013:04:57:12 +0100] "GET /robots.txt HTTP/1.0" 200 177 "-" "Mozilla/5.0 (compatible; MJ12bot/v1.4.3; http://www.majestic12.co.uk/bot.php?+)"
5.9.7.208 - - [04/Mar/2013:04:57:20 +0100] "GET /news.php?cs_go=archiv&cs_id=3982 HTTP/1.0" 200 13450 "-" "Mozilla/5.0 (compatible; MJ12bot/v1.4.3; http://www.majestic12.co.uk/bot.php?+)"
173.199.115.59 - - [04/Mar/2013:05:24:26 +0100] "GET /lexikon.php?cs_go=3&cs_id=172 HTTP/1.1" 200 8406 "-" "Mozilla/5.0 (compatible; AhrefsBot/4.0; +http://ahrefs.com/robot/)"
141.8.147.12 - - [04/Mar/2013:05:32:58 +0100] "GET / HTTP/1.1" 200 15261 "-" "Mozilla/5.0 (compatible; YandexBot/3.0; MirrorDetector; +http://yandex.com/bots)"
141.8.147.12 - - [04/Mar/2013:05:33:04 +0100] "GET / HTTP/1.1" 200 15261 "-" "Mozilla/5.0 (compatible; YandexBot/3.0; MirrorDetector; +http://yandex.com/bots)"
65.36.241.79 - - [04/Mar/2013:05:42:43 +0100] "HEAD / HTTP/1.1" 200 - "-" "InternetSeer.com"
66.249.78.46 - - [04/Mar/2013:06:00:17 +0100] "GET / HTTP/1.1" 200 15261 "-" "Mozilla/5.0 (iPhone; U; CPU iPhone OS 4_1 like Mac OS X; en-us) AppleWebKit/532.9 (KHTML, like Gecko) Version/4.0.5 Mobile/8B117 Safari/6531.22.7 (compatible; Googlebot-Mobile/2.1; +http://www.google.com/bot.html)"
66.249.75.46 - - [04/Mar/2013:06:07:26 +0100] "GET /js_contentserver24_greybox/gb_styles.css HTTP/1.1" 200 2302 "-" "Mozilla/5.0 (compatible; Googlebot/2.1; +http://www.google.com/bot.html)"
66.249.78.46 - - [04/Mar/2013:06:10:07 +0100] "GET /news.php HTTP/1.1" 200 21961 "-" "Mozilla/5.0 (compatible; Googlebot/2.1; +http://www.google.com/bot.html)"
66.249.78.46 - - [04/Mar/2013:06:18:25 +0100] "GET /news.php?cs_go=archiv&cs_id=3978&cs_search= HTTP/1.1" 200 10153 "-" "Mozilla/5.0 (compatible; Googlebot/2.1; +http://www.google.com/bot.html)"
66.249.75.46 - - [04/Mar/2013:06:18:26 +0100] "GET /news.php?cs_go=archiv&cs_id=3977&cs_search= HTTP/1.1" 200 9950 "-" "Mozilla/5.0 (compatible; Googlebot/2.1; +http://www.google.com/bot.html)"
173.199.115.59 - - [04/Mar/2013:06:26:07 +0100] "GET /lexikon.php?cs_go=3&cs_id=44 HTTP/1.1" 200 8005 "-" "Mozilla/5.0 (compatible; AhrefsBot/4.0; +http://ahrefs.com/robot/)"
66.249.78.46 - - [04/Mar/2013:06:32:41 +0100] "GET /lexikon.php?cs_go=2&cs_char=a HTTP/1.1" 200 9803 "-" "Mozilla/5.0 (compatible; Googlebot/2.1; +http://www.google.com/bot.html)"
66.249.78.46 - - [04/Mar/2013:06:33:24 +0100] "GET /news.php?cs_go=archiv&cs_id=2864 HTTP/1.1" 200 10211 "-" "Mozilla/5.0 (compatible; Googlebot/2.1; +http://www.google.com/bot.html)"
66.249.78.46 - - [04/Mar/2013:06:47:49 +0100] "GET /wunschpreis.php HTTP/1.1" 200 12084 "-" "Mozilla/5.0 (iPhone; U; CPU iPhone OS 4_1 like Mac OS X; en-us) AppleWebKit/532.9 (KHTML, like Gecko) Version/4.0.5 Mobile/8B117 Safari/6531.22.7 (compatible; Googlebot-Mobile/2.1; +http://www.google.com/bot.html)"
208.115.113.91 - - [04/Mar/2013:06:49:04 +0100] "GET /news.php?cs_go=archiv&cs_id=3668&cs_search= HTTP/1.1" 200 11365 "-" "Mozilla/5.0 (compatible; Ezooms/1.0; ezooms.bot@gmail.com)"
208.115.113.91 - - [04/Mar/2013:06:49:08 +0100] "GET /news.php?cs_go=archiv&cs_id=3827&cs_search= HTTP/1.1" 200 12637 "-" "Mozilla/5.0 (compatible; Ezooms/1.0; ezooms.bot@gmail.com)"
123.125.71.39 - - [04/Mar/2013:07:23:48 +0100] "GET /robots.txt HTTP/1.1" 200 177 "-" "Mozilla/5.0 (Windows NT 5.1; rv:6.0.2) Gecko/20100101 Firefox/6.0.2"
66.249.78.46 - - [04/Mar/2013:08:20:37 +0100] "GET /optiplus.php HTTP/1.1" 200 11100 "-" "Mozilla/5.0 (compatible; Googlebot/2.1; +http://www.google.com/bot.html)"
173.199.115.59 - - [04/Mar/2013:08:22:19 +0100] "GET /lexikon.php?cs_go=3&cs_id=204 HTTP/1.1" 200 8006 "-" "Mozilla/5.0 (compatible; AhrefsBot/4.0; +http://ahrefs.com/robot/)"
66.249.78.46 - - [04/Mar/2013:08:22:35 +0100] "GET /.php HTTP/1.1" 404 - "-" "Mozilla/5.0 (compatible; Googlebot/2.1; +http://www.google.com/bot.html)"
66.249.75.46 - - [04/Mar/2013:08:27:35 +0100] "GET /news.php?cs_go=archiv&cs_id=3938 HTTP/1.1" 200 9838 "-" "Mozilla/5.0 (compatible; Googlebot/2.1; +http://www.google.com/bot.html)"
80.152.226.15 - - [04/Mar/2013:09:15:04 +0100] "GET /style.css HTTP/1.1" 200 8418 "http://www.mink-gmbh.de/" "Mozilla/5.0 (compatible; MSIE 9.0; Windows NT 6.1; Trident/5.0)"
80.152.226.15 - - [04/Mar/2013:09:15:04 +0100] "GET /modul.css HTTP/1.1" 200 35038 "http://www.mink-gmbh.de/" "Mozilla/5.0 (compatible; MSIE 9.0; Windows NT 6.1; Trident/5.0)"
80.152.226.15 - - [04/Mar/2013:09:15:04 +0100] "GET /js_contentserver24_greybox/gb_styles.css HTTP/1.1" 200 2302 "http://www.mink-gmbh.de/" "Mozilla/5.0 (compatible; MSIE 9.0; Windows NT 6.1; Trident/5.0)"
80.152.226.15 - - [04/Mar/2013:09:15:04 +0100] "GET /js_contentserver24_greybox/AJS.js HTTP/1.1" 200 10396 "http://www.mink-gmbh.de/" "Mozilla/5.0 (compatible; MSIE 9.0; Windows NT 6.1; Trident/5.0)"
80.152.226.15 - - [04/Mar/2013:09:15:04 +0100] "GET /js_contentserver24_greybox/AJS_fx.js HTTP/1.1" 200 3192 "http://www.mink-gmbh.de/" "Mozilla/5.0 (compatible; MSIE 9.0; Windows NT 6.1; Trident/5.0)"
80.152.226.15 - - [04/Mar/2013:09:15:04 +0100] "GET /js_contentserver24_greybox/gb_scripts.js HTTP/1.1" 200 11913 "http://www.mink-gmbh.de/" "Mozilla/5.0 (compatible; MSIE 9.0; Windows NT 6.1; Trident/5.0)"
80.152.226.15 - - [04/Mar/2013:09:15:04 +0100] "GET /images/tkw.jpg HTTP/1.1" 200 64031 "http://www.mink-gmbh.de/" "Mozilla/5.0 (compatible; MSIE 9.0; Windows NT 6.1; Trident/5.0)"
80.152.226.15 - - [04/Mar/2013:09:15:04 +0100] "GET /images/bg.jpg HTTP/1.1" 200 345 "http://www.mink-gmbh.de/" "Mozilla/5.0 (compatible; MSIE 9.0; Windows NT 6.1; Trident/5.0)"
80.152.226.15 - - [04/Mar/2013:09:15:05 +0100] "GET /js_contentserver24_greybox/w_close.gif HTTP/1.1" 200 74 "http://www.mink-gmbh.de/" "Mozilla/5.0 (compatible; MSIE 9.0; Windows NT 6.1; Trident/5.0)"
80.152.226.15 - - [04/Mar/2013:09:15:05 +0100] "GET /images/navibg.png HTTP/1.1" 200 2803 "http://www.mink-gmbh.de/" "Mozilla/5.0 (compatible; MSIE 9.0; Windows NT 6.1; Trident/5.0)"
80.152.226.15 - - [04/Mar/2013:09:15:05 +0100] "GET /images/newsletter.jpg HTTP/1.1" 200 13130 "http://www.mink-gmbh.de/" "Mozilla/5.0 (compatible; MSIE 9.0; Windows NT 6.1; Trident/5.0)"
80.152.226.15 - - [04/Mar/2013:09:15:05 +0100] "GET /js_contentserver24_greybox/header_bg.gif HTTP/1.1" 200 1188 "http://www.mink-gmbh.de/" "Mozilla/5.0 (compatible; MSIE 9.0; Windows NT 6.1; Trident/5.0)"
80.152.226.15 - - [04/Mar/2013:09:15:05 +0100] "GET /images/steigend.png HTTP/1.1" 200 688 "http://www.mink-gmbh.de/" "Mozilla/5.0 (compatible; MSIE 9.0; Windows NT 6.1; Trident/5.0)"
80.152.226.15 - - [04/Mar/2013:09:15:05 +0100] "GET /images/fallend.png HTTP/1.1" 200 713 "http://www.mink-gmbh.de/" "Mozilla/5.0 (compatible; MSIE 9.0; Windows NT 6.1; Trident/5.0)"
80.152.226.15 - - [04/Mar/2013:09:15:05 +0100] "GET /images/close.png HTTP/1.1" 200 703 "http://www.mink-gmbh.de/" "Mozilla/5.0 (compatible; MSIE 9.0; Windows NT 6.1; Trident/5.0)"
80.152.226.15 - - [04/Mar/2013:09:15:04 +0100] "GET / HTTP/1.1" 200 15261 "http://www.google.de/url?sa=t&rct=j&q=mink%20berlin%20heiz%C3%B6l&source=web&cd=1&ved=0CEgQFjAA&url=http%3A%2F%2Fwww.mink-gmbh.de%2F&ei=oFc0UbuHDKO34ATa4IE4&usg=AFQjCNFHX4Iglls9oo-KYXTmDUV_5KOVIg&bvm=bv.43148975,d.Yms" "Mozilla/5.0 (compatible; MSIE 9.0; Windows NT 6.1; Trident/5.0)"
80.152.226.15 - - [04/Mar/2013:09:15:05 +0100] "GET /images/newsletter_bg.jpg HTTP/1.1" 200 33610 "http://www.mink-gmbh.de/" "Mozilla/5.0 (compatible; MSIE 9.0; Windows NT 6.1; Trident/5.0)"
80.152.226.15 - - [04/Mar/2013:09:15:05 +0100] "GET /images/wrapperbg.jpg HTTP/1.1" 200 27465 "http://www.mink-gmbh.de/" "Mozilla/5.0 (compatible; MSIE 9.0; Windows NT 6.1; Trident/5.0)"
80.152.226.15 - - [04/Mar/2013:09:15:05 +0100] "GET /images/mail.jpg HTTP/1.1" 200 11165 "http://www.mink-gmbh.de/" "Mozilla/5.0 (compatible; MSIE 9.0; Windows NT 6.1; Trident/5.0)"
80.152.226.15 - - [04/Mar/2013:09:15:05 +0100] "GET /images/kwk.gif HTTP/1.1" 200 6403 "http://www.mink-gmbh.de/" "Mozilla/5.0 (compatible; MSIE 9.0; Windows NT 6.1; Trident/5.0)"
80.152.226.15 - - [04/Mar/2013:09:15:05 +0100] "GET /images/logos.jpg HTTP/1.1" 200 15002 "http://www.mink-gmbh.de/" "Mozilla/5.0 (compatible; MSIE 9.0; Windows NT 6.1; Trident/5.0)"
80.152.226.15 - - [04/Mar/2013:09:15:05 +0100] "GET /images/header.jpg HTTP/1.1" 200 24413 "http://www.mink-gmbh.de/" "Mozilla/5.0 (compatible; MSIE 9.0; Windows NT 6.1; Trident/5.0)"
80.152.226.15 - - [04/Mar/2013:09:15:05 +0100] "GET /images/footerbg.jpg HTTP/1.1" 200 2184 "http://www.mink-gmbh.de/" "Mozilla/5.0 (compatible; MSIE 9.0; Windows NT 6.1; Trident/5.0)"
80.152.226.15 - - [04/Mar/2013:09:15:05 +0100] "GET /images/freecall.jpg HTTP/1.1" 200 39195 "http://www.mink-gmbh.de/" "Mozilla/5.0 (compatible; MSIE 9.0; Windows NT 6.1; Trident/5.0)"
80.152.226.15 - - [04/Mar/2013:09:15:05 +0100] "GET /images/wunschpreis.jpg HTTP/1.1" 200 16767 "http://www.mink-gmbh.de/" "Mozilla/5.0 (compatible; MSIE 9.0; Windows NT 6.1; Trident/5.0)"
80.152.226.15 - - [04/Mar/2013:09:15:05 +0100] "GET /js_contentserver24_greybox/loader_frame.html?s=0 HTTP/1.1" 200 2084 "http://www.mink-gmbh.de/" "Mozilla/5.0 (compatible; MSIE 9.0; Windows NT 6.1; Trident/5.0)"
80.152.226.15 - - [04/Mar/2013:09:15:05 +0100] "GET /js_contentserver24_greybox/indicator.gif HTTP/1.1" 200 8238 "http://www.mink-gmbh.de/js_contentserver24_greybox/loader_frame.html?s=0" "Mozilla/5.0 (compatible; MSIE 9.0; Windows NT 6.1; Trident/5.0)"
80.152.226.15 - - [04/Mar/2013:09:15:05 +0100] "GET /images/newsletter.png HTTP/1.1" 200 14619 "http://www.mink-gmbh.de/" "Mozilla/5.0 (compatible; MSIE 9.0; Windows NT 6.1; Trident/5.0)"
80.152.226.15 - - [04/Mar/2013:09:15:05 +0100] "GET /images/mobil.jpg HTTP/1.1" 200 25293 "http://www.mink-gmbh.de/" "Mozilla/5.0 (compatible; MSIE 9.0; Windows NT 6.1; Trident/5.0)"
80.152.226.15 - - [04/Mar/2013:09:15:05 +0100] "GET /js_contentserver24_greybox/g_close.gif HTTP/1.1" 200 541 "http://www.mink-gmbh.de/" "Mozilla/5.0 (compatible; MSIE 9.0; Windows NT 6.1; Trident/5.0)"
80.152.226.15 - - [04/Mar/2013:09:15:06 +0100] "GET /favicon.ico HTTP/1.1" 200 3638 "-" "Mozilla/5.0 (compatible; MSIE 9.0; Windows NT 6.1; Trident/5.0)"
80.152.226.15 - - [04/Mar/2013:09:15:21 +0100] "GET /kontakt.php HTTP/1.1" 200 9111 "http://www.mink-gmbh.de/" "Mozilla/5.0 (compatible; MSIE 9.0; Windows NT 6.1; Trident/5.0)"
62.157.57.57 - - [04/Mar/2013:09:40:54 +0100] "GET /faq.php HTTP/1.1" 200 184037 "-" "Mozilla/5.0 (Windows; U; Windows NT 6.1; en-US; rv:1.9.2.2) Gecko/20100316 Firefox/3.6.2"
77.12.36.212 - - [04/Mar/2013:09:43:04 +0100] "GET /newsletter.php HTTP/1.1" 200 8928 "-" "Mozilla/5.0 (Windows; U; Windows NT 5.1; de; rv:1.9.0.10) Gecko/2009042316 Firefox/3.0.10"
77.12.36.212 - - [04/Mar/2013:09:43:10 +0100] "GET /index.php HTTP/1.1" 200 15261 "-" "Mozilla/5.0 (Windows; U; Windows NT 6.1; en-US; rv:1.9.2.2) Gecko/20100316 Firefox/3.6.2"
62.157.57.57 - - [04/Mar/2013:09:43:13 +0100] "GET /standard.php HTTP/1.1" 200 9218 "-" "Mozilla/5.0 (X11; U; Linux x86_64; en-US; rv:1.9.0.19) Gecko/2010102809 Iceweasel/3.0.6 (Debian-3.0.6-3)"
92.225.44.162 - - [04/Mar/2013:09:43:23 +0100] "GET /preisanfrage.php HTTP/1.1" 200 10734 "-" "Mozilla/5.0 (Windows; U; Windows NT 6.1; en-US; rv:1.9.2.2) Gecko/20100316 Firefox/3.6.2"
92.78.243.100 - - [04/Mar/2013:09:43:24 +0100] "GET /news.php HTTP/1.1" 200 21961 "-" "Mozilla/5.0 (X11; U; Linux x86_64; en-US; rv:1.9.0.19) Gecko/2010102809 Iceweasel/3.0.6 (Debian-3.0.6-3)"
92.225.44.162 - - [04/Mar/2013:09:43:27 +0100] "GET /wunschpreis.php HTTP/1.1" 200 12084 "-" "Mozilla/5.0 (X11; U; Linux x86_64; en-US; rv:1.9.0.19) Gecko/2010102809 Iceweasel/3.0.6 (Debian-3.0.6-3)"
77.12.36.212 - - [04/Mar/2013:09:43:33 +0100] "GET /energiesparcheck.php HTTP/1.1" 200 13581 "-" "Mozilla/5.0 (X11; U; Linux x86_64; en-US; rv:1.9.0.19) Gecko/2010102809 Iceweasel/3.0.6 (Debian-3.0.6-3)"
62.157.57.57 - - [04/Mar/2013:09:43:37 +0100] "GET /foerdermittel.php HTTP/1.1" 200 12908 "-" "Mozilla/5.0 (Windows; U; Windows NT 6.1; en-US; rv:1.9.2.2) Gecko/20100316 Firefox/3.6.2"
62.157.57.57 - - [04/Mar/2013:09:43:39 +0100] "GET /modernisierung.php HTTP/1.1" 200 11578 "-" "Mozilla/5.0 (Windows; U; Windows NT 6.1; en-US; rv:1.9.2.2) Gecko/20100316 Firefox/3.6.2"
91.23.16.206 - - [04/Mar/2013:09:43:39 +0100] "GET /jobs.php HTTP/1.1" 200 10090 "-" "Mozilla/5.0 (Windows; U; Windows NT 6.1; en-US; rv:1.9.2.2) Gecko/20100316 Firefox/3.6.2"
77.12.36.212 - - [04/Mar/2013:09:43:46 +0100] "GET /lexikon.php HTTP/1.1" 200 10523 "-" "Mozilla/5.0 (X11; U; Linux x86_64; en-US; rv:1.9.0.19) Gecko/2010102809 Iceweasel/3.0.6 (Debian-3.0.6-3)"
79.247.126.148 - - [04/Mar/2013:09:43:53 +0100] "GET /impressum.php HTTP/1.1" 200 8582 "-" "Mozilla/5.0 (Windows; U; Windows NT 6.1; en-US; rv:1.9.2.2) Gecko/20100316 Firefox/3.6.2"
62.157.57.57 - - [04/Mar/2013:09:43:54 +0100] "GET /kontakt.php HTTP/1.1" 200 9198 "-" "Mozilla/5.0 (X11; U; Linux x86_64; en-US; rv:1.9.0.19) Gecko/2010102809 Iceweasel/3.0.6 (Debian-3.0.6-3)"
199.30.16.77 - - [04/Mar/2013:09:57:12 +0100] "GET /trafficbasedsspsitemap.xml HTTP/1.1" 404 - "-" "Mozilla/5.0 (compatible; bingbot/2.0; +http://www.bing.com/bingbot.htm) SitemapProbe"
66.249.78.46 - - [04/Mar/2013:09:58:25 +0100] "GET /agb.php HTTP/1.1" 200 19709 "-" "Mozilla/5.0 (compatible; Googlebot/2.1; +http://www.google.com/bot.html)"
173.199.115.59 - - [04/Mar/2013:10:09:46 +0100] "GET /lexikon.php?cs_go=3&cs_id=93 HTTP/1.1" 200 7993 "-" "Mozilla/5.0 (compatible; AhrefsBot/4.0; +http://ahrefs.com/robot/)"
173.199.115.59 - - [04/Mar/2013:10:52:44 +0100] "GET /lexikon.php?cs_go=3&cs_id=178 HTTP/1.1" 200 8473 "-" "Mozilla/5.0 (compatible; AhrefsBot/4.0; +http://ahrefs.com/robot/)"
141.8.147.12 - - [04/Mar/2013:11:15:27 +0100] "GET /robots.txt HTTP/1.1" 200 177 "-" "Mozilla/5.0 (compatible; YandexBot/3.0; +http://yandex.com/bots)"
66.249.78.46 - - [04/Mar/2013:11:21:42 +0100] "GET /news.php?cs_go=archiv&cs_id=3529&cs_search= HTTP/1.1" 200 9913 "-" "Mozilla/5.0 (compatible; Googlebot/2.1; +http://www.google.com/bot.html)"
217.89.69.227 - - [04/Mar/2013:11:27:39 +0100] "GET /news.php?cs_go=archiv&cs_startpos=50 HTTP/1.1" 200 23020 "http://www.google.de/url?sa=t&rct=j&q=durchschnittlicher%20heiz%C3%B6lpreis%20von%20januar%20bis%20dezember%202012&source=web&cd=13&ved=0CDwQFjACOAo&url=http%3A%2F%2Fwww.mink-gmbh.de%2Fnews.php%3Fcs_go%3Darchiv%26cs_startpos%3D50&ei=sHY0UYrKBeOI4ASSloC4Bw&usg=AFQjCNF1wmLYGfl7RfGVbG14Ut_daM09EA" "Mozilla/5.0 (Windows NT 5.1; rv:11.0) Gecko/20100101 Firefox/11.0"
217.89.69.227 - - [04/Mar/2013:11:27:39 +0100] "GET /style.css HTTP/1.1" 200 8418 "http://www.mink-gmbh.de/news.php?cs_go=archiv&cs_startpos=50" "Mozilla/5.0 (Windows NT 5.1; rv:11.0) Gecko/20100101 Firefox/11.0"
217.89.69.227 - - [04/Mar/2013:11:27:40 +0100] "GET /images/freecall.jpg HTTP/1.1" 200 39195 "http://www.mink-gmbh.de/news.php?cs_go=archiv&cs_startpos=50" "Mozilla/5.0 (Windows NT 5.1; rv:11.0) Gecko/20100101 Firefox/11.0"
217.89.69.227 - - [04/Mar/2013:11:27:39 +0100] "GET /modul.css HTTP/1.1" 200 35038 "http://www.mink-gmbh.de/news.php?cs_go=archiv&cs_startpos=50" "Mozilla/5.0 (Windows NT 5.1; rv:11.0) Gecko/20100101 Firefox/11.0"
217.89.69.227 - - [04/Mar/2013:11:27:40 +0100] "GET /images/mail.jpg HTTP/1.1" 200 11165 "http://www.mink-gmbh.de/news.php?cs_go=archiv&cs_startpos=50" "Mozilla/5.0 (Windows NT 5.1; rv:11.0) Gecko/20100101 Firefox/11.0"
217.89.69.227 - - [04/Mar/2013:11:27:40 +0100] "GET /images/kwk.gif HTTP/1.1" 200 6403 "http://www.mink-gmbh.de/news.php?cs_go=archiv&cs_startpos=50" "Mozilla/5.0 (Windows NT 5.1; rv:11.0) Gecko/20100101 Firefox/11.0"
217.89.69.227 - - [04/Mar/2013:11:27:40 +0100] "GET /favicon.ico HTTP/1.1" 200 3638 "-" "Mozilla/5.0 (Windows NT 5.1; rv:11.0) Gecko/20100101 Firefox/11.0"
217.89.69.227 - - [04/Mar/2013:11:27:40 +0100] "GET /images/wunschpreis.jpg HTTP/1.1" 200 16767 "http://www.mink-gmbh.de/news.php?cs_go=archiv&cs_startpos=50" "Mozilla/5.0 (Windows NT 5.1; rv:11.0) Gecko/20100101 Firefox/11.0"
217.89.69.227 - - [04/Mar/2013:11:27:40 +0100] "GET /images/logos.jpg HTTP/1.1" 200 15002 "http://www.mink-gmbh.de/news.php?cs_go=archiv&cs_startpos=50" "Mozilla/5.0 (Windows NT 5.1; rv:11.0) Gecko/20100101 Firefox/11.0"
217.89.69.227 - - [04/Mar/2013:11:27:40 +0100] "GET /images/bg.jpg HTTP/1.1" 200 345 "http://www.mink-gmbh.de/style.css" "Mozilla/5.0 (Windows NT 5.1; rv:11.0) Gecko/20100101 Firefox/11.0"
217.89.69.227 - - [04/Mar/2013:11:27:40 +0100] "GET /images/close.png HTTP/1.1" 200 703 "http://www.mink-gmbh.de/news.php?cs_go=archiv&cs_startpos=50" "Mozilla/5.0 (Windows NT 5.1; rv:11.0) Gecko/20100101 Firefox/11.0"
217.89.69.227 - - [04/Mar/2013:11:27:40 +0100] "GET /images/newsletter.png HTTP/1.1" 200 14619 "http://www.mink-gmbh.de/style.css" "Mozilla/5.0 (Windows NT 5.1; rv:11.0) Gecko/20100101 Firefox/11.0"
217.89.69.227 - - [04/Mar/2013:11:27:40 +0100] "GET /images/navibg.png HTTP/1.1" 200 2803 "http://www.mink-gmbh.de/style.css" "Mozilla/5.0 (Windows NT 5.1; rv:11.0) Gecko/20100101 Firefox/11.0"
217.89.69.227 - - [04/Mar/2013:11:27:40 +0100] "GET /images/footerbg.jpg HTTP/1.1" 200 2184 "http://www.mink-gmbh.de/style.css" "Mozilla/5.0 (Windows NT 5.1; rv:11.0) Gecko/20100101 Firefox/11.0"
217.89.69.227 - - [04/Mar/2013:11:27:40 +0100] "GET /images/newsletter_bg.jpg HTTP/1.1" 200 33610 "http://www.mink-gmbh.de/news.php?cs_go=archiv&cs_startpos=50" "Mozilla/5.0 (Windows NT 5.1; rv:11.0) Gecko/20100101 Firefox/11.0"
217.89.69.227 - - [04/Mar/2013:11:27:40 +0100] "GET /images/header.jpg HTTP/1.1" 200 24413 "http://www.mink-gmbh.de/style.css" "Mozilla/5.0 (Windows NT 5.1; rv:11.0) Gecko/20100101 Firefox/11.0"
217.89.69.227 - - [04/Mar/2013:11:27:40 +0100] "GET /images/wrapperbg.jpg HTTP/1.1" 200 27465 "http://www.mink-gmbh.de/style.css" "Mozilla/5.0 (Windows NT 5.1; rv:11.0) Gecko/20100101 Firefox/11.0"
188.162.14.123 - - [04/Mar/2013:11:44:14 +0100] "GET /style.css HTTP/1.1" 200 8418 "http://www.mink-gmbh.de/" "Mozilla/5.0 (Windows NT 6.2; WOW64) AppleWebKit/537.22 (KHTML, like Gecko) Chrome/25.0.1364.97 Safari/537.22"
188.162.14.123 - - [04/Mar/2013:11:44:13 +0100] "GET / HTTP/1.1" 200 15286 "https://www.google.ru/" "Mozilla/5.0 (Windows NT 6.2; WOW64) AppleWebKit/537.22 (KHTML, like Gecko) Chrome/25.0.1364.97 Safari/537.22"
188.162.14.123 - - [04/Mar/2013:11:44:14 +0100] "GET /js_contentserver24_greybox/gb_styles.css HTTP/1.1" 200 2302 "http://www.mink-gmbh.de/" "Mozilla/5.0 (Windows NT 6.2; WOW64) AppleWebKit/537.22 (KHTML, like Gecko) Chrome/25.0.1364.97 Safari/537.22"
188.162.14.123 - - [04/Mar/2013:11:44:14 +0100] "GET /js_contentserver24_greybox/AJS.js HTTP/1.1" 200 10396 "http://www.mink-gmbh.de/" "Mozilla/5.0 (Windows NT 6.2; WOW64) AppleWebKit/537.22 (KHTML, like Gecko) Chrome/25.0.1364.97 Safari/537.22"
188.162.14.123 - - [04/Mar/2013:11:44:14 +0100] "GET /js_contentserver24_greybox/AJS_fx.js HTTP/1.1" 200 3192 "http://www.mink-gmbh.de/" "Mozilla/5.0 (Windows NT 6.2; WOW64) AppleWebKit/537.22 (KHTML, like Gecko) Chrome/25.0.1364.97 Safari/537.22"
188.162.14.123 - - [04/Mar/2013:11:44:14 +0100] "GET /js_contentserver24_greybox/gb_scripts.js HTTP/1.1" 200 11913 "http://www.mink-gmbh.de/" "Mozilla/5.0 (Windows NT 6.2; WOW64) AppleWebKit/537.22 (KHTML, like Gecko) Chrome/25.0.1364.97 Safari/537.22"
188.162.14.123 - - [04/Mar/2013:11:44:14 +0100] "GET /modul.css HTTP/1.1" 200 35038 "http://www.mink-gmbh.de/" "Mozilla/5.0 (Windows NT 6.2; WOW64) AppleWebKit/537.22 (KHTML, like Gecko) Chrome/25.0.1364.97 Safari/537.22"
188.162.14.123 - - [04/Mar/2013:11:44:16 +0100] "GET /images/bg.jpg HTTP/1.1" 200 345 "http://www.mink-gmbh.de/" "Mozilla/5.0 (Windows NT 6.2; WOW64) AppleWebKit/537.22 (KHTML, like Gecko) Chrome/25.0.1364.97 Safari/537.22"
188.162.14.123 - - [04/Mar/2013:11:44:17 +0100] "GET /js_contentserver24_greybox/w_close.gif HTTP/1.1" 200 74 "http://www.mink-gmbh.de/" "Mozilla/5.0 (Windows NT 6.2; WOW64) AppleWebKit/537.22 (KHTML, like Gecko) Chrome/25.0.1364.97 Safari/537.22"
188.162.14.123 - - [04/Mar/2013:11:44:17 +0100] "GET /images/close.png HTTP/1.1" 200 703 "http://www.mink-gmbh.de/" "Mozilla/5.0 (Windows NT 6.2; WOW64) AppleWebKit/537.22 (KHTML, like Gecko) Chrome/25.0.1364.97 Safari/537.22"
188.162.14.123 - - [04/Mar/2013:11:44:17 +0100] "GET /images/newsletter.png HTTP/1.1" 200 14619 "http://www.mink-gmbh.de/" "Mozilla/5.0 (Windows NT 6.2; WOW64) AppleWebKit/537.22 (KHTML, like Gecko) Chrome/25.0.1364.97 Safari/537.22"
188.162.14.123 - - [04/Mar/2013:11:44:17 +0100] "GET /js_contentserver24_greybox/loader_frame.html?s=0 HTTP/1.1" 200 2084 "http://www.mink-gmbh.de/" "Mozilla/5.0 (Windows NT 6.2; WOW64) AppleWebKit/537.22 (KHTML, like Gecko) Chrome/25.0.1364.97 Safari/537.22"
188.162.14.123 - - [04/Mar/2013:11:44:17 +0100] "GET /images/navibg.png HTTP/1.1" 200 2803 "http://www.mink-gmbh.de/" "Mozilla/5.0 (Windows NT 6.2; WOW64) AppleWebKit/537.22 (KHTML, like Gecko) Chrome/25.0.1364.97 Safari/537.22"
188.162.14.123 - - [04/Mar/2013:11:44:17 +0100] "GET /images/fallend.png HTTP/1.1" 200 713 "http://www.mink-gmbh.de/" "Mozilla/5.0 (Windows NT 6.2; WOW64) AppleWebKit/537.22 (KHTML, like Gecko) Chrome/25.0.1364.97 Safari/537.22"
188.162.14.123 - - [04/Mar/2013:11:44:17 +0100] "GET /images/steigend.png HTTP/1.1" 200 688 "http://www.mink-gmbh.de/" "Mozilla/5.0 (Windows NT 6.2; WOW64) AppleWebKit/537.22 (KHTML, like Gecko) Chrome/25.0.1364.97 Safari/537.22"
188.162.14.123 - - [04/Mar/2013:11:44:17 +0100] "GET /images/header.jpg HTTP/1.1" 200 24413 "http://www.mink-gmbh.de/" "Mozilla/5.0 (Windows NT 6.2; WOW64) AppleWebKit/537.22 (KHTML, like Gecko) Chrome/25.0.1364.97 Safari/537.22"
188.162.14.123 - - [04/Mar/2013:11:44:17 +0100] "GET /images/newsletter.jpg HTTP/1.1" 200 13130 "http://www.mink-gmbh.de/" "Mozilla/5.0 (Windows NT 6.2; WOW64) AppleWebKit/537.22 (KHTML, like Gecko) Chrome/25.0.1364.97 Safari/537.22"
188.162.14.123 - - [04/Mar/2013:11:44:17 +0100] "GET /images/wrapperbg.jpg HTTP/1.1" 200 27465 "http://www.mink-gmbh.de/" "Mozilla/5.0 (Windows NT 6.2; WOW64) AppleWebKit/537.22 (KHTML, like Gecko) Chrome/25.0.1364.97 Safari/537.22"
188.162.14.123 - - [04/Mar/2013:11:44:17 +0100] "GET /images/freecall.jpg HTTP/1.1" 200 39195 "http://www.mink-gmbh.de/" "Mozilla/5.0 (Windows NT 6.2; WOW64) AppleWebKit/537.22 (KHTML, like Gecko) Chrome/25.0.1364.97 Safari/537.22"
188.162.14.123 - - [04/Mar/2013:11:44:17 +0100] "GET /images/newsletter_bg.jpg HTTP/1.1" 200 33610 "http://www.mink-gmbh.de/" "Mozilla/5.0 (Windows NT 6.2; WOW64) AppleWebKit/537.22 (KHTML, like Gecko) Chrome/25.0.1364.97 Safari/537.22"
188.162.14.123 - - [04/Mar/2013:11:44:18 +0100] "GET /images/mail.jpg HTTP/1.1" 200 11165 "http://www.mink-gmbh.de/" "Mozilla/5.0 (Windows NT 6.2; WOW64) AppleWebKit/537.22 (KHTML, like Gecko) Chrome/25.0.1364.97 Safari/537.22"
188.162.14.123 - - [04/Mar/2013:11:44:17 +0100] "GET /images/tkw.jpg HTTP/1.1" 200 64031 "http://www.mink-gmbh.de/" "Mozilla/5.0 (Windows NT 6.2; WOW64) AppleWebKit/537.22 (KHTML, like Gecko) Chrome/25.0.1364.97 Safari/537.22"
188.162.14.123 - - [04/Mar/2013:11:44:17 +0100] "GET /images/mobil.jpg HTTP/1.1" 200 25293 "http://www.mink-gmbh.de/" "Mozilla/5.0 (Windows NT 6.2; WOW64) AppleWebKit/537.22 (KHTML, like Gecko) Chrome/25.0.1364.97 Safari/537.22"
