66.249.76.46 - - [01/Mar/2013:00:06:21 +0100] "GET /news.php?cs_go=archiv&cs_id=3942 HTTP/1.1" 200 12754 "-" "DoCoMo/2.0 N905i(c100;TB;W24H16) (compatible; Googlebot-Mobile/2.1; +http://www.google.com/bot.html)"
208.115.113.91 - - [01/Mar/2013:00:43:28 +0100] "GET /robots.txt HTTP/1.1" 200 177 "-" "Mozilla/5.0 (compatible; Ezooms/1.0; ezooms.bot@gmail.com)"
66.249.76.46 - - [01/Mar/2013:00:43:27 +0100] "GET /news.php?cs_go=archiv&cs_startpos=110 HTTP/1.1" 200 22727 "-" "Mozilla/5.0 (compatible; Googlebot/2.1; +http://www.google.com/bot.html)"
66.249.76.46 - - [01/Mar/2013:01:18:10 +0100] "GET /news.php?cs_go=archiv&cs_id=2763&cs_search= HTTP/1.1" 200 13023 "-" "Mozilla/5.0 (compatible; Googlebot/2.1; +http://www.google.com/bot.html)"
66.249.76.46 - - [01/Mar/2013:01:44:15 +0100] "GET /style.css HTTP/1.1" 200 8418 "-" "Mozilla/5.0 (compatible; Googlebot/2.1; +http://www.google.com/bot.html)"
66.249.76.46 - - [01/Mar/2013:01:44:15 +0100] "GET /modul.css HTTP/1.1" 200 35038 "-" "Mozilla/5.0 (compatible; Googlebot/2.1; +http://www.google.com/bot.html)"
95.211.139.1 - - [01/Mar/2013:01:52:22 +0100] "GET /news.php?cs_go=archiv&cs_id=3710&cs_search= HTTP/1.0" 200 14235 "-" "Mozilla/5.0 (compatible; AcoonBot/4.11.1; +http://www.acoon.de/robot.asp)"
66.249.76.46 - - [01/Mar/2013:01:58:40 +0100] "GET /news.php?cs_go=archiv&cs_id=3711&cs_search= HTTP/1.1" 200 11150 "-" "Mozilla/5.0 (compatible; Googlebot/2.1; +http://www.google.com/bot.html)"
66.249.76.46 - - [01/Mar/2013:02:10:14 +0100] "GET /news.php?cs_go=archiv&cs_id=3146&cs_search= HTTP/1.1" 200 14166 "-" "Mozilla/5.0 (compatible; Googlebot/2.1; +http://www.google.com/bot.html)"
81.30.151.218 - - [01/Mar/2013:02:12:16 +0100] "GET /news.php?cs_go=archiv&cs_id=3146&cs_search= HTTP/1.1" 200 14166 "-" "Pixray-Seeker/2.0 (Pixray-Seeker; +http://www.pixray.com/pixraybot; +crawler@pixray.com)"
66.249.76.46 - - [01/Mar/2013:02:27:38 +0100] "GET /news.php?cs_go=archiv&cs_id=3322 HTTP/1.1" 200 11582 "-" "Mozilla/5.0 (compatible; Googlebot/2.1; +http://www.google.com/bot.html)"
66.249.76.46 - - [01/Mar/2013:02:33:22 +0100] "GET /news.php?cs_go=archiv&cs_id=3465&cs_search= HTTP/1.1" 200 9863 "-" "Mozilla/5.0 (compatible; Googlebot/2.1; +http://www.google.com/bot.html)"
208.115.111.75 - - [01/Mar/2013:02:43:03 +0100] "GET /robots.txt HTTP/1.1" 200 177 "-" "Mozilla/5.0 (compatible; Ezooms/1.0; ezooms.bot@gmail.com)"
208.115.113.91 - - [01/Mar/2013:02:50:54 +0100] "GET /news.php?cs_go=archiv&cs_startpos=110 HTTP/1.1" 200 22727 "-" "Mozilla/5.0 (compatible; Ezooms/1.0; ezooms.bot@gmail.com)"
141.8.147.12 - - [01/Mar/2013:03:06:01 +0100] "GET /lexikon.php?cs_go=3&cs_id=54 HTTP/1.1" 200 8004 "-" "Mozilla/5.0 (compatible; YandexBot/3.0; +http://yandex.com/bots)"
141.8.147.12 - - [01/Mar/2013:03:10:30 +0100] "GET /news.php?cs_go=archiv&cs_id=3579&cs_search= HTTP/1.1" 200 10208 "-" "Mozilla/5.0 (compatible; YandexBot/3.0; +http://yandex.com/bots)"
95.211.139.1 - - [01/Mar/2013:03:20:20 +0100] "GET /news.php?cs_go=archiv&cs_id=3955&cs_search= HTTP/1.0" 200 11270 "-" "Mozilla/5.0 (compatible; AcoonBot/4.11.1; +http://www.acoon.de/robot.asp)"
66.249.76.46 - - [01/Mar/2013:03:25:14 +0100] "GET /lexikon.php?cs_go=3&cs_id=155 HTTP/1.1" 200 7999 "-" "Mozilla/5.0 (compatible; Googlebot/2.1; +http://www.google.com/bot.html)"
95.211.139.1 - - [01/Mar/2013:03:42:30 +0100] "GET /lexikon.php?cs_go=2&cs_char=f HTTP/1.0" 200 9595 "-" "Mozilla/5.0 (compatible; AcoonBot/4.11.1; +http://www.acoon.de/robot.asp)"
141.8.147.12 - - [01/Mar/2013:03:43:17 +0100] "GET /lexikon.php?cs_go=3&cs_id=66 HTTP/1.1" 200 7999 "-" "Mozilla/5.0 (compatible; YandexBot/3.0; +http://yandex.com/bots)"
130.83.167.153 - - [01/Mar/2013:03:47:10 +0100] "GET /news.php?cs_go=archiv&cs_startpos=750 HTTP/1.1" 200 6059 "-" "findlinks/2.6 (+http://wortschatz.uni-leipzig.de/findlinks/)"
130.83.167.153 - - [01/Mar/2013:03:47:10 +0100] "GET /news.php?cs_go=archiv&cs_startpos=750 HTTP/1.1" 200 8038 "-" "findlinks/2.6 (+http://wortschatz.uni-leipzig.de/findlinks/)"
66.249.76.46 - - [01/Mar/2013:03:47:26 +0100] "GET /lexikon.php?cs_go=3&cs_id=29 HTTP/1.1" 200 8354 "-" "Mozilla/5.0 (compatible; Googlebot/2.1; +http://www.google.com/bot.html)"
65.36.241.79 - - [01/Mar/2013:03:52:35 +0100] "HEAD / HTTP/1.1" 200 - "-" "InternetSeer.com"
81.30.151.218 - - [01/Mar/2013:04:11:14 +0100] "GET /news.php?cs_go=archiv&cs_id=2758 HTTP/1.1" 200 10036 "-" "Pixray-Seeker/2.0 (Pixray-Seeker; +http://www.pixray.com/pixraybot; +crawler@pixray.com)"
61.135.190.223 - - [01/Mar/2013:04:21:45 +0100] "GET / HTTP/1.1" 200 15289 "http://www.baidu.com/s?wd=MinkGmbH-Startseite" "Mozilla/5.0 (Windows; U; Windows NT 5.1; zh-CN; rv:1.9.2.15) Gecko/20110303 Firefox/3.6.15"
61.135.190.223 - - [01/Mar/2013:04:21:51 +0100] "GET /js_contentserver24_greybox/AJS.js HTTP/1.1" 200 10396 "http://www.mink-gmbh.de/" "Mozilla/5.0 (Windows; U; Windows NT 5.1; zh-CN; rv:1.9.2.15) Gecko/20110303 Firefox/3.6.15"
61.135.190.223 - - [01/Mar/2013:04:21:52 +0100] "GET /js_contentserver24_greybox/AJS_fx.js HTTP/1.1" 200 3192 "http://www.mink-gmbh.de/" "Mozilla/5.0 (Windows; U; Windows NT 5.1; zh-CN; rv:1.9.2.15) Gecko/20110303 Firefox/3.6.15"
61.135.190.223 - - [01/Mar/2013:04:21:53 +0100] "GET /js_contentserver24_greybox/gb_scripts.js HTTP/1.1" 200 11913 "http://www.mink-gmbh.de/" "Mozilla/5.0 (Windows; U; Windows NT 5.1; zh-CN; rv:1.9.2.15) Gecko/20110303 Firefox/3.6.15"
141.8.147.12 - - [01/Mar/2013:04:22:54 +0100] "GET /lexikon.php?cs_go=3&cs_id=103 HTTP/1.1" 200 9239 "-" "Mozilla/5.0 (compatible; YandexBot/3.0; +http://yandex.com/bots)"
66.249.76.46 - - [01/Mar/2013:04:32:10 +0100] "GET /news.php?cs_go=archiv&cs_id=3746 HTTP/1.1" 200 10256 "-" "Mozilla/5.0 (compatible; Googlebot/2.1; +http://www.google.com/bot.html)"
208.115.111.75 - - [01/Mar/2013:04:40:10 +0100] "GET /modernisierung.php?cs_gp_go=coupon HTTP/1.1" 200 10192 "-" "Mozilla/5.0 (compatible; Ezooms/1.0; ezooms.bot@gmail.com)"
208.115.111.75 - - [01/Mar/2013:04:40:13 +0100] "GET /news.php?cs_go=archiv&cs_id=3929&cs_search= HTTP/1.1" 200 12403 "-" "Mozilla/5.0 (compatible; Ezooms/1.0; ezooms.bot@gmail.com)"
208.115.113.91 - - [01/Mar/2013:04:45:46 +0100] "GET /robots.txt HTTP/1.1" 200 177 "-" "Mozilla/5.0 (compatible; Ezooms/1.0; ezooms.bot@gmail.com)"
141.8.147.12 - - [01/Mar/2013:04:52:18 +0100] "GET /lexikon.php?cs_go=3&cs_id=183 HTTP/1.1" 200 8564 "-" "Mozilla/5.0 (compatible; YandexBot/3.0; +http://yandex.com/bots)"
66.249.76.46 - - [01/Mar/2013:04:54:06 +0100] "GET /news.php?cs_go=archiv&cs_id=2888&cs_search= HTTP/1.1" 200 10987 "-" "Mozilla/5.0 (compatible; Googlebot/2.1; +http://www.google.com/bot.html)"
141.8.147.12 - - [01/Mar/2013:05:35:03 +0100] "GET /lexikon.php?cs_go=3&cs_id=187 HTTP/1.1" 200 8503 "-" "Mozilla/5.0 (compatible; YandexBot/3.0; +http://yandex.com/bots)"
81.30.151.218 - - [01/Mar/2013:05:47:34 +0100] "GET /news.php?cs_go=archiv&cs_id=2608&cs_search= HTTP/1.1" 200 7887 "-" "Pixray-Seeker/2.0 (Pixray-Seeker; +http://www.pixray.com/pixraybot; +crawler@pixray.com)"
66.249.76.46 - - [01/Mar/2013:05:47:35 +0100] "GET /news.php?cs_go=archiv&cs_id=2948 HTTP/1.1" 200 13835 "-" "Mozilla/5.0 (compatible; Googlebot/2.1; +http://www.google.com/bot.html)"
141.8.147.12 - - [01/Mar/2013:06:13:06 +0100] "GET / HTTP/1.1" 200 15289 "-" "Mozilla/5.0 (compatible; YandexBot/3.0; +http://yandex.com/bots)"
130.83.167.153 - - [01/Mar/2013:06:28:41 +0100] "GET /lexikon.php HTTP/1.1" 200 7008 "-" "findlinks/2.6 (+http://wortschatz.uni-leipzig.de/findlinks/)"
130.83.167.153 - - [01/Mar/2013:06:28:41 +0100] "GET /lexikon.php HTTP/1.1" 200 10436 "-" "findlinks/2.6 (+http://wortschatz.uni-leipzig.de/findlinks/)"
141.8.147.12 - - [01/Mar/2013:06:54:34 +0100] "GET /lexikon.php?cs_go=3&cs_id=100 HTTP/1.1" 200 8700 "-" "Mozilla/5.0 (compatible; YandexBot/3.0; +http://yandex.com/bots)"
208.115.113.91 - - [01/Mar/2013:06:58:12 +0100] "GET /news.php?cs_go=archiv&cs_id=3884&cs_search= HTTP/1.1" 200 11209 "-" "Mozilla/5.0 (compatible; Ezooms/1.0; ezooms.bot@gmail.com)"
81.30.151.218 - - [01/Mar/2013:07:03:08 +0100] "GET /news.php?cs_go=archiv&cs_id=2253&cs_search= HTTP/1.1" 200 7887 "-" "Pixray-Seeker/2.0 (Pixray-Seeker; +http://www.pixray.com/pixraybot; +crawler@pixray.com)"
95.211.139.1 - - [01/Mar/2013:07:08:37 +0100] "GET /news.php?cs_go=archiv&cs_id=3957&cs_search= HTTP/1.0" 200 10662 "-" "Mozilla/5.0 (compatible; AcoonBot/4.11.1; +http://www.acoon.de/robot.asp)"
217.69.133.67 - - [01/Mar/2013:07:25:34 +0100] "GET /robots.txt HTTP/1.0" 200 177 "-" "Mozilla/5.0 (compatible; Mail.RU_Bot/2.0; +http://go.mail.ru/help/robots)"
141.8.147.12 - - [01/Mar/2013:07:46:44 +0100] "GET /lexikon.php?cs_go=3&cs_id=186 HTTP/1.1" 200 8239 "-" "Mozilla/5.0 (compatible; YandexBot/3.0; +http://yandex.com/bots)"
157.55.34.179 - - [01/Mar/2013:08:05:10 +0100] "GET /robots.txt HTTP/1.1" 200 177 "-" "Mozilla/5.0 (compatible; bingbot/2.0; +http://www.bing.com/bingbot.htm)"
157.55.34.179 - - [01/Mar/2013:08:07:13 +0100] "GET /index.php HTTP/1.1" 200 15289 "-" "Mozilla/5.0 (compatible; bingbot/2.0; +http://www.bing.com/bingbot.htm)"
157.55.32.84 - - [01/Mar/2013:08:08:02 +0100] "GET /images/RAL_Guetezeichen_Energiehandel.pdf HTTP/1.1" 200 288367 "-" "Mozilla/5.0 (compatible; bingbot/2.0; +http://www.bing.com/bingbot.htm)"
66.249.76.46 - - [01/Mar/2013:08:08:44 +0100] "GET /jobs.php HTTP/1.1" 200 10090 "-" "Mozilla/5.0 (iPhone; U; CPU iPhone OS 4_1 like Mac OS X; en-us) AppleWebKit/532.9 (KHTML, like Gecko) Version/4.0.5 Mobile/8B117 Safari/6531.22.7 (compatible; Googlebot-Mobile/2.1; +http://www.google.com/bot.html)"
141.8.147.12 - - [01/Mar/2013:08:32:18 +0100] "GET /robots.txt HTTP/1.1" 200 177 "-" "Mozilla/5.0 (compatible; YandexBot/3.0; +http://yandex.com/bots)"
81.30.151.218 - - [01/Mar/2013:08:38:38 +0100] "GET /news.php?cs_go=archiv&cs_id=1797&cs_search= HTTP/1.1" 200 7887 "-" "Pixray-Seeker/2.0 (Pixray-Seeker; +http://www.pixray.com/pixraybot; +crawler@pixray.com)"
65.36.241.79 - - [01/Mar/2013:09:07:18 +0100] "HEAD / HTTP/1.1" 200 - "-" "InternetSeer.com"
141.8.147.12 - - [01/Mar/2013:09:21:23 +0100] "GET /lexikon.php?cs_go=3&cs_id=117 HTTP/1.1" 200 8369 "-" "Mozilla/5.0 (compatible; YandexBot/3.0; +http://yandex.com/bots)"
141.8.147.12 - - [01/Mar/2013:09:21:27 +0100] "GET /news.php?cs_go=archiv&cs_id=3558&cs_search= HTTP/1.1" 200 11730 "-" "Mozilla/5.0 (compatible; YandexBot/3.0; +http://yandex.com/bots)"
81.30.151.218 - - [01/Mar/2013:09:24:22 +0100] "GET /lexikon.php?cs_go=3&cs_id=87 HTTP/1.1" 200 8341 "-" "Pixray-Seeker/2.0 (Pixray-Seeker; +http://www.pixray.com/pixraybot; +crawler@pixray.com)"
141.8.147.12 - - [01/Mar/2013:09:43:34 +0100] "GET /lexikon.php?cs_go=3&cs_id=220 HTTP/1.1" 200 8023 "-" "Mozilla/5.0 (compatible; YandexBot/3.0; +http://yandex.com/bots)"
141.8.147.12 - - [01/Mar/2013:09:56:02 +0100] "GET /lexikon.php?cs_go=3&cs_id=114 HTTP/1.1" 200 8684 "-" "Mozilla/5.0 (compatible; YandexBot/3.0; +http://yandex.com/bots)"
178.12.219.33 - - [01/Mar/2013:09:56:18 +0100] "GET / HTTP/1.1" 200 15289 "http://aristo-verwaltung.biz/links.htm" "Mozilla/5.0 (Windows NT 6.1; WOW64; rv:19.0) Gecko/20100101 Firefox/19.0"
178.12.219.33 - - [01/Mar/2013:09:56:21 +0100] "GET /js_contentserver24_greybox/loader_frame.html?s=0 HTTP/1.1" 304 - "http://www.mink-gmbh.de/" "Mozilla/5.0 (Windows NT 6.1; WOW64; rv:19.0) Gecko/20100101 Firefox/19.0"
178.12.219.33 - - [01/Mar/2013:09:56:31 +0100] "GET /modernisierung.php HTTP/1.1" 200 11491 "http://my.contentserver24.de/content.php?key=8cbfc89c6095570b423d&cs_mid=22&cs_go=popupcontent" "Mozilla/5.0 (Windows NT 6.1; WOW64; rv:19.0) Gecko/20100101 Firefox/19.0"
66.249.76.46 - - [01/Mar/2013:10:01:26 +0100] "GET /news.php?cs_go=archiv&cs_id=3645&cs_search= HTTP/1.1" 200 10048 "-" "Mozilla/5.0 (compatible; Googlebot/2.1; +http://www.google.com/bot.html)"
130.83.167.153 - - [01/Mar/2013:10:03:46 +0100] "GET /rueckrufservice.php HTTP/1.1" 200 8704 "-" "findlinks/2.6 (+http://wortschatz.uni-leipzig.de/findlinks/)"
130.83.167.153 - - [01/Mar/2013:10:03:46 +0100] "GET /rueckrufservice.php HTTP/1.1" 200 10683 "-" "findlinks/2.6 (+http://wortschatz.uni-leipzig.de/findlinks/)"
81.30.151.218 - - [01/Mar/2013:10:09:24 +0100] "GET /lexikon.php HTTP/1.1" 200 10523 "-" "Pixray-Seeker/2.0 (Pixray-Seeker; +http://www.pixray.com/pixraybot; +crawler@pixray.com)"
95.211.139.1 - - [01/Mar/2013:10:19:40 +0100] "GET /news.php?cs_go=archiv&cs_startpos=160 HTTP/1.0" 200 22628 "-" "Mozilla/5.0 (compatible; AcoonBot/4.11.1; +http://www.acoon.de/robot.asp)"
141.8.147.12 - - [01/Mar/2013:10:21:03 +0100] "GET /lexikon.php?cs_go=3&cs_id=189 HTTP/1.1" 200 8225 "-" "Mozilla/5.0 (compatible; YandexBot/3.0; +http://yandex.com/bots)"
141.8.147.12 - - [01/Mar/2013:10:35:53 +0100] "GET /lexikon.php?cs_go=3&cs_id=203 HTTP/1.1" 200 8810 "-" "Mozilla/5.0 (compatible; YandexBot/3.0; +http://yandex.com/bots)"
217.7.103.4 - - [01/Mar/2013:10:38:08 +0100] "GET /style.css HTTP/1.1" 200 8418 "http://www.mink-gmbh.de/" "Mozilla/5.0 (Windows NT 5.1; rv:15.0) Gecko/20100101 Firefox/15.0.1"
217.7.103.4 - - [01/Mar/2013:10:38:08 +0100] "GET /favicon.ico HTTP/1.1" 200 3638 "-" "Mozilla/5.0 (Windows NT 5.1; rv:15.0) Gecko/20100101 Firefox/15.0.1"
217.7.103.4 - - [01/Mar/2013:10:38:08 +0100] "GET /js_contentserver24_greybox/AJS.js HTTP/1.1" 200 10396 "http://www.mink-gmbh.de/" "Mozilla/5.0 (Windows NT 5.1; rv:15.0) Gecko/20100101 Firefox/15.0.1"
217.7.103.4 - - [01/Mar/2013:10:38:08 +0100] "GET /js_contentserver24_greybox/gb_styles.css HTTP/1.1" 200 2302 "http://www.mink-gmbh.de/" "Mozilla/5.0 (Windows NT 5.1; rv:15.0) Gecko/20100101 Firefox/15.0.1"
217.7.103.4 - - [01/Mar/2013:10:38:08 +0100] "GET /modul.css HTTP/1.1" 200 35038 "http://www.mink-gmbh.de/" "Mozilla/5.0 (Windows NT 5.1; rv:15.0) Gecko/20100101 Firefox/15.0.1"
217.7.103.4 - - [01/Mar/2013:10:38:08 +0100] "GET /js_contentserver24_greybox/AJS_fx.js HTTP/1.1" 200 3192 "http://www.mink-gmbh.de/" "Mozilla/5.0 (Windows NT 5.1; rv:15.0) Gecko/20100101 Firefox/15.0.1"
217.7.103.4 - - [01/Mar/2013:10:38:08 +0100] "GET /js_contentserver24_greybox/gb_scripts.js HTTP/1.1" 200 11913 "http://www.mink-gmbh.de/" "Mozilla/5.0 (Windows NT 5.1; rv:15.0) Gecko/20100101 Firefox/15.0.1"
217.7.103.4 - - [01/Mar/2013:10:38:09 +0100] "GET /images/tkw.jpg HTTP/1.1" 200 64031 "http://www.mink-gmbh.de/" "Mozilla/5.0 (Windows NT 5.1; rv:15.0) Gecko/20100101 Firefox/15.0.1"
217.7.103.4 - - [01/Mar/2013:10:38:08 +0100] "GET / HTTP/1.1" 200 15271 "http://www.google.de/url?sa=t&rct=j&q=&esrc=s&source=web&cd=1&ved=0CDAQFjAA&url=http%3A%2F%2Fwww.mink-gmbh.de%2F&ei=ynYwUa-8GYnBtAask4HQAg&usg=AFQjCNFHX4Iglls9oo-KYXTmDUV_5KOVIg&bvm=bv.43148975,d.Yms" "Mozilla/5.0 (Windows NT 5.1; rv:15.0) Gecko/20100101 Firefox/15.0.1"
217.7.103.4 - - [01/Mar/2013:10:38:09 +0100] "GET /images/kwk.gif HTTP/1.1" 200 6403 "http://www.mink-gmbh.de/" "Mozilla/5.0 (Windows NT 5.1; rv:15.0) Gecko/20100101 Firefox/15.0.1"
217.7.103.4 - - [01/Mar/2013:10:38:09 +0100] "GET /images/logos.jpg HTTP/1.1" 200 15002 "http://www.mink-gmbh.de/" "Mozilla/5.0 (Windows NT 5.1; rv:15.0) Gecko/20100101 Firefox/15.0.1"
217.7.103.4 - - [01/Mar/2013:10:38:09 +0100] "GET /images/mail.jpg HTTP/1.1" 200 11165 "http://www.mink-gmbh.de/" "Mozilla/5.0 (Windows NT 5.1; rv:15.0) Gecko/20100101 Firefox/15.0.1"
217.7.103.4 - - [01/Mar/2013:10:38:09 +0100] "GET /images/freecall.jpg HTTP/1.1" 200 39195 "http://www.mink-gmbh.de/" "Mozilla/5.0 (Windows NT 5.1; rv:15.0) Gecko/20100101 Firefox/15.0.1"
217.7.103.4 - - [01/Mar/2013:10:38:09 +0100] "GET /images/wunschpreis.jpg HTTP/1.1" 200 16767 "http://www.mink-gmbh.de/" "Mozilla/5.0 (Windows NT 5.1; rv:15.0) Gecko/20100101 Firefox/15.0.1"
217.7.103.4 - - [01/Mar/2013:10:38:18 +0100] "GET /images/bg.jpg HTTP/1.1" 200 345 "http://www.mink-gmbh.de/style.css" "Mozilla/5.0 (Windows NT 5.1; rv:15.0) Gecko/20100101 Firefox/15.0.1"
217.7.103.4 - - [01/Mar/2013:10:38:18 +0100] "GET /js_contentserver24_greybox/w_close.gif HTTP/1.1" 200 74 "http://www.mink-gmbh.de/" "Mozilla/5.0 (Windows NT 5.1; rv:15.0) Gecko/20100101 Firefox/15.0.1"
217.7.103.4 - - [01/Mar/2013:10:38:18 +0100] "GET /images/newsletter_bg.jpg HTTP/1.1" 200 33610 "http://www.mink-gmbh.de/" "Mozilla/5.0 (Windows NT 5.1; rv:15.0) Gecko/20100101 Firefox/15.0.1"
217.7.103.4 - - [01/Mar/2013:10:38:18 +0100] "GET /images/close.png HTTP/1.1" 200 703 "http://www.mink-gmbh.de/" "Mozilla/5.0 (Windows NT 5.1; rv:15.0) Gecko/20100101 Firefox/15.0.1"
217.7.103.4 - - [01/Mar/2013:10:38:18 +0100] "GET /images/newsletter.png HTTP/1.1" 200 14619 "http://www.mink-gmbh.de/style.css" "Mozilla/5.0 (Windows NT 5.1; rv:15.0) Gecko/20100101 Firefox/15.0.1"
217.7.103.4 - - [01/Mar/2013:10:38:18 +0100] "GET /images/navibg.png HTTP/1.1" 200 2803 "http://www.mink-gmbh.de/style.css" "Mozilla/5.0 (Windows NT 5.1; rv:15.0) Gecko/20100101 Firefox/15.0.1"
217.7.103.4 - - [01/Mar/2013:10:38:18 +0100] "GET /images/header.jpg HTTP/1.1" 200 24413 "http://www.mink-gmbh.de/style.css" "Mozilla/5.0 (Windows NT 5.1; rv:15.0) Gecko/20100101 Firefox/15.0.1"
217.7.103.4 - - [01/Mar/2013:10:38:18 +0100] "GET /images/wrapperbg.jpg HTTP/1.1" 200 27465 "http://www.mink-gmbh.de/style.css" "Mozilla/5.0 (Windows NT 5.1; rv:15.0) Gecko/20100101 Firefox/15.0.1"
217.7.103.4 - - [01/Mar/2013:10:38:18 +0100] "GET /images/fallend.png HTTP/1.1" 200 713 "http://www.mink-gmbh.de/modul.css" "Mozilla/5.0 (Windows NT 5.1; rv:15.0) Gecko/20100101 Firefox/15.0.1"
217.7.103.4 - - [01/Mar/2013:10:38:18 +0100] "GET /images/mobil.jpg HTTP/1.1" 200 25293 "http://www.mink-gmbh.de/style.css" "Mozilla/5.0 (Windows NT 5.1; rv:15.0) Gecko/20100101 Firefox/15.0.1"
217.7.103.4 - - [01/Mar/2013:10:38:18 +0100] "GET /images/newsletter.jpg HTTP/1.1" 200 13130 "http://www.mink-gmbh.de/style.css" "Mozilla/5.0 (Windows NT 5.1; rv:15.0) Gecko/20100101 Firefox/15.0.1"
217.7.103.4 - - [01/Mar/2013:10:38:18 +0100] "GET /images/footerbg.jpg HTTP/1.1" 200 2184 "http://www.mink-gmbh.de/style.css" "Mozilla/5.0 (Windows NT 5.1; rv:15.0) Gecko/20100101 Firefox/15.0.1"
217.7.103.4 - - [01/Mar/2013:10:38:18 +0100] "GET /js_contentserver24_greybox/loader_frame.html?s=0 HTTP/1.1" 200 2084 "http://www.mink-gmbh.de/" "Mozilla/5.0 (Windows NT 5.1; rv:15.0) Gecko/20100101 Firefox/15.0.1"
217.7.103.4 - - [01/Mar/2013:10:38:18 +0100] "GET /js_contentserver24_greybox/header_bg.gif HTTP/1.1" 200 1188 "http://www.mink-gmbh.de/" "Mozilla/5.0 (Windows NT 5.1; rv:15.0) Gecko/20100101 Firefox/15.0.1"
217.7.103.4 - - [01/Mar/2013:10:38:18 +0100] "GET /js_contentserver24_greybox/indicator.gif HTTP/1.1" 200 8238 "http://www.mink-gmbh.de/js_contentserver24_greybox/loader_frame.html?s=0" "Mozilla/5.0 (Windows NT 5.1; rv:15.0) Gecko/20100101 Firefox/15.0.1"
217.7.103.4 - - [01/Mar/2013:10:38:20 +0100] "GET /js_contentserver24_greybox/g_close.gif HTTP/1.1" 200 541 "http://www.mink-gmbh.de/" "Mozilla/5.0 (Windows NT 5.1; rv:15.0) Gecko/20100101 Firefox/15.0.1"
217.7.103.4 - - [01/Mar/2013:10:38:22 +0100] "GET /impressum.php HTTP/1.1" 200 8495 "http://www.mink-gmbh.de/" "Mozilla/5.0 (Windows NT 5.1; rv:15.0) Gecko/20100101 Firefox/15.0.1"
123.125.71.106 - - [01/Mar/2013:10:50:07 +0100] "GET /optiplus.php HTTP/1.1" 200 11100 "-" "Mozilla/5.0 (compatible; Baiduspider/2.0; +http://www.baidu.com/search/spider.html)"
91.65.234.192 - - [01/Mar/2013:10:53:51 +0100] "GET /style.css HTTP/1.1" 200 8418 "http://www.mink-gmbh.de/" "Mozilla/5.0 (iPad; CPU OS 6_1_2 like Mac OS X) AppleWebKit/536.26 (KHTML, like Gecko) Mobile/10B146"
91.65.234.192 - - [01/Mar/2013:10:53:51 +0100] "GET /modul.css HTTP/1.1" 200 35038 "http://www.mink-gmbh.de/" "Mozilla/5.0 (iPad; CPU OS 6_1_2 like Mac OS X) AppleWebKit/536.26 (KHTML, like Gecko) Mobile/10B146"
91.65.234.192 - - [01/Mar/2013:10:53:51 +0100] "GET /js_contentserver24_greybox/gb_styles.css HTTP/1.1" 200 2302 "http://www.mink-gmbh.de/" "Mozilla/5.0 (iPad; CPU OS 6_1_2 like Mac OS X) AppleWebKit/536.26 (KHTML, like Gecko) Mobile/10B146"
91.65.234.192 - - [01/Mar/2013:10:53:51 +0100] "GET / HTTP/1.1" 200 15271 "http://www.google.de/url?sa=t&rct=j&q=mink%20heiz%C3%B6l&source=web&cd=1&ved=0CDgQFjAA&url=http%3A%2F%2Fwww.mink-gmbh.de%2F&ei=aHowUbP0KsGJtAaj-ICIAw&usg=AFQjCNFHX4Iglls9oo-KYXTmDUV_5KOVIg" "Mozilla/5.0 (iPad; CPU OS 6_1_2 like Mac OS X) AppleWebKit/536.26 (KHTML, like Gecko) Mobile/10B146"
91.65.234.192 - - [01/Mar/2013:10:53:52 +0100] "GET /js_contentserver24_greybox/AJS.js HTTP/1.1" 200 10396 "http://www.mink-gmbh.de/" "Mozilla/5.0 (iPad; CPU OS 6_1_2 like Mac OS X) AppleWebKit/536.26 (KHTML, like Gecko) Mobile/10B146"
91.65.234.192 - - [01/Mar/2013:10:53:52 +0100] "GET /js_contentserver24_greybox/AJS_fx.js HTTP/1.1" 200 3192 "http://www.mink-gmbh.de/" "Mozilla/5.0 (iPad; CPU OS 6_1_2 like Mac OS X) AppleWebKit/536.26 (KHTML, like Gecko) Mobile/10B146"
91.65.234.192 - - [01/Mar/2013:10:53:52 +0100] "GET /js_contentserver24_greybox/gb_scripts.js HTTP/1.1" 200 11913 "http://www.mink-gmbh.de/" "Mozilla/5.0 (iPad; CPU OS 6_1_2 like Mac OS X) AppleWebKit/536.26 (KHTML, like Gecko) Mobile/10B146"
91.65.234.192 - - [01/Mar/2013:10:53:52 +0100] "GET /images/tkw.jpg HTTP/1.1" 200 64031 "http://www.mink-gmbh.de/" "Mozilla/5.0 (iPad; CPU OS 6_1_2 like Mac OS X) AppleWebKit/536.26 (KHTML, like Gecko) Mobile/10B146"
91.65.234.192 - - [01/Mar/2013:10:53:52 +0100] "GET /images/bg.jpg HTTP/1.1" 200 345 "http://www.mink-gmbh.de/" "Mozilla/5.0 (iPad; CPU OS 6_1_2 like Mac OS X) AppleWebKit/536.26 (KHTML, like Gecko) Mobile/10B146"
91.65.234.192 - - [01/Mar/2013:10:53:52 +0100] "GET /images/freecall.jpg HTTP/1.1" 200 39195 "http://www.mink-gmbh.de/" "Mozilla/5.0 (iPad; CPU OS 6_1_2 like Mac OS X) AppleWebKit/536.26 (KHTML, like Gecko) Mobile/10B146"
91.65.234.192 - - [01/Mar/2013:10:53:52 +0100] "GET /images/mail.jpg HTTP/1.1" 200 11165 "http://www.mink-gmbh.de/" "Mozilla/5.0 (iPad; CPU OS 6_1_2 like Mac OS X) AppleWebKit/536.26 (KHTML, like Gecko) Mobile/10B146"
91.65.234.192 - - [01/Mar/2013:10:53:52 +0100] "GET /images/logos.jpg HTTP/1.1" 200 15002 "http://www.mink-gmbh.de/" "Mozilla/5.0 (iPad; CPU OS 6_1_2 like Mac OS X) AppleWebKit/536.26 (KHTML, like Gecko) Mobile/10B146"
91.65.234.192 - - [01/Mar/2013:10:53:52 +0100] "GET /images/kwk.gif HTTP/1.1" 200 6403 "http://www.mink-gmbh.de/" "Mozilla/5.0 (iPad; CPU OS 6_1_2 like Mac OS X) AppleWebKit/536.26 (KHTML, like Gecko) Mobile/10B146"
91.65.234.192 - - [01/Mar/2013:10:53:52 +0100] "GET /js_contentserver24_greybox/w_close.gif HTTP/1.1" 200 74 "http://www.mink-gmbh.de/" "Mozilla/5.0 (iPad; CPU OS 6_1_2 like Mac OS X) AppleWebKit/536.26 (KHTML, like Gecko) Mobile/10B146"
91.65.234.192 - - [01/Mar/2013:10:53:52 +0100] "GET /images/close.png HTTP/1.1" 200 703 "http://www.mink-gmbh.de/" "Mozilla/5.0 (iPad; CPU OS 6_1_2 like Mac OS X) AppleWebKit/536.26 (KHTML, like Gecko) Mobile/10B146"
91.65.234.192 - - [01/Mar/2013:10:53:52 +0100] "GET /images/newsletter_bg.jpg HTTP/1.1" 200 33610 "http://www.mink-gmbh.de/" "Mozilla/5.0 (iPad; CPU OS 6_1_2 like Mac OS X) AppleWebKit/536.26 (KHTML, like Gecko) Mobile/10B146"
91.65.234.192 - - [01/Mar/2013:10:53:52 +0100] "GET /images/wunschpreis.jpg HTTP/1.1" 200 16767 "http://www.mink-gmbh.de/" "Mozilla/5.0 (iPad; CPU OS 6_1_2 like Mac OS X) AppleWebKit/536.26 (KHTML, like Gecko) Mobile/10B146"
91.65.234.192 - - [01/Mar/2013:10:53:52 +0100] "GET /images/newsletter.png HTTP/1.1" 200 14619 "http://www.mink-gmbh.de/" "Mozilla/5.0 (iPad; CPU OS 6_1_2 like Mac OS X) AppleWebKit/536.26 (KHTML, like Gecko) Mobile/10B146"
91.65.234.192 - - [01/Mar/2013:10:53:52 +0100] "GET /images/wrapperbg.jpg HTTP/1.1" 200 27465 "http://www.mink-gmbh.de/" "Mozilla/5.0 (iPad; CPU OS 6_1_2 like Mac OS X) AppleWebKit/536.26 (KHTML, like Gecko) Mobile/10B146"
91.65.234.192 - - [01/Mar/2013:10:53:52 +0100] "GET /images/header.jpg HTTP/1.1" 200 24413 "http://www.mink-gmbh.de/" "Mozilla/5.0 (iPad; CPU OS 6_1_2 like Mac OS X) AppleWebKit/536.26 (KHTML, like Gecko) Mobile/10B146"
91.65.234.192 - - [01/Mar/2013:10:53:52 +0100] "GET /images/fallend.png HTTP/1.1" 200 713 "http://www.mink-gmbh.de/" "Mozilla/5.0 (iPad; CPU OS 6_1_2 like Mac OS X) AppleWebKit/536.26 (KHTML, like Gecko) Mobile/10B146"
91.65.234.192 - - [01/Mar/2013:10:53:52 +0100] "GET /images/mobil.jpg HTTP/1.1" 200 25293 "http://www.mink-gmbh.de/" "Mozilla/5.0 (iPad; CPU OS 6_1_2 like Mac OS X) AppleWebKit/536.26 (KHTML, like Gecko) Mobile/10B146"
91.65.234.192 - - [01/Mar/2013:10:53:52 +0100] "GET /images/newsletter.jpg HTTP/1.1" 200 13130 "http://www.mink-gmbh.de/" "Mozilla/5.0 (iPad; CPU OS 6_1_2 like Mac OS X) AppleWebKit/536.26 (KHTML, like Gecko) Mobile/10B146"
91.65.234.192 - - [01/Mar/2013:10:53:52 +0100] "GET /images/navibg.png HTTP/1.1" 200 2803 "http://www.mink-gmbh.de/" "Mozilla/5.0 (iPad; CPU OS 6_1_2 like Mac OS X) AppleWebKit/536.26 (KHTML, like Gecko) Mobile/10B146"
91.65.234.192 - - [01/Mar/2013:10:53:53 +0100] "GET /images/footerbg.jpg HTTP/1.1" 200 2184 "http://www.mink-gmbh.de/" "Mozilla/5.0 (iPad; CPU OS 6_1_2 like Mac OS X) AppleWebKit/536.26 (KHTML, like Gecko) Mobile/10B146"
91.65.234.192 - - [01/Mar/2013:10:53:53 +0100] "GET /js_contentserver24_greybox/header_bg.gif HTTP/1.1" 200 1188 "http://www.mink-gmbh.de/" "Mozilla/5.0 (iPad; CPU OS 6_1_2 like Mac OS X) AppleWebKit/536.26 (KHTML, like Gecko) Mobile/10B146"
91.65.234.192 - - [01/Mar/2013:10:53:53 +0100] "GET /js_contentserver24_greybox/loader_frame.html?s=0 HTTP/1.1" 200 2084 "http://www.mink-gmbh.de/" "Mozilla/5.0 (iPad; CPU OS 6_1_2 like Mac OS X) AppleWebKit/536.26 (KHTML, like Gecko) Mobile/10B146"
91.65.234.192 - - [01/Mar/2013:10:53:53 +0100] "GET /js_contentserver24_greybox/g_close.gif HTTP/1.1" 200 541 "http://www.mink-gmbh.de/" "Mozilla/5.0 (iPad; CPU OS 6_1_2 like Mac OS X) AppleWebKit/536.26 (KHTML, like Gecko) Mobile/10B146"
91.65.234.192 - - [01/Mar/2013:10:53:53 +0100] "GET /js_contentserver24_greybox/indicator.gif HTTP/1.1" 200 8238 "http://www.mink-gmbh.de/" "Mozilla/5.0 (iPad; CPU OS 6_1_2 like Mac OS X) AppleWebKit/536.26 (KHTML, like Gecko) Mobile/10B146"
91.65.234.192 - - [01/Mar/2013:10:54:14 +0100] "GET /standard.php HTTP/1.1" 200 9131 "http://www.mink-gmbh.de/" "Mozilla/5.0 (iPad; CPU OS 6_1_2 like Mac OS X) AppleWebKit/536.26 (KHTML, like Gecko) Mobile/10B146"
91.65.234.192 - - [01/Mar/2013:10:54:23 +0100] "GET /preisanfrage.php HTTP/1.1" 200 10647 "http://www.mink-gmbh.de/standard.php" "Mozilla/5.0 (iPad; CPU OS 6_1_2 like Mac OS X) AppleWebKit/536.26 (KHTML, like Gecko) Mobile/10B146"
91.65.234.192 - - [01/Mar/2013:10:54:30 +0100] "GET /standard.php HTTP/1.1" 200 9131 "http://www.mink-gmbh.de/preisanfrage.php" "Mozilla/5.0 (iPad; CPU OS 6_1_2 like Mac OS X) AppleWebKit/536.26 (KHTML, like Gecko) Mobile/10B146"
91.65.234.192 - - [01/Mar/2013:10:54:36 +0100] "GET /jobs.php HTTP/1.1" 200 10003 "http://www.mink-gmbh.de/standard.php" "Mozilla/5.0 (iPad; CPU OS 6_1_2 like Mac OS X) AppleWebKit/536.26 (KHTML, like Gecko) Mobile/10B146"
91.65.234.192 - - [01/Mar/2013:10:56:16 +0100] "GET /optiplus.php HTTP/1.1" 200 11013 "http://www.mink-gmbh.de/standard.php" "Mozilla/5.0 (iPad; CPU OS 6_1_2 like Mac OS X) AppleWebKit/536.26 (KHTML, like Gecko) Mobile/10B146"
91.65.234.192 - - [01/Mar/2013:10:56:16 +0100] "GET /images/Optiseite.jpg HTTP/1.1" 200 32107 "http://www.mink-gmbh.de/optiplus.php" "Mozilla/5.0 (iPad; CPU OS 6_1_2 like Mac OS X) AppleWebKit/536.26 (KHTML, like Gecko) Mobile/10B146"
91.65.234.192 - - [01/Mar/2013:10:56:16 +0100] "GET /images/optiplus.jpg HTTP/1.1" 200 37436 "http://www.mink-gmbh.de/optiplus.php" "Mozilla/5.0 (iPad; CPU OS 6_1_2 like Mac OS X) AppleWebKit/536.26 (KHTML, like Gecko) Mobile/10B146"
91.65.234.192 - - [01/Mar/2013:10:56:39 +0100] "GET /additive.php HTTP/1.1" 200 8285 "http://www.mink-gmbh.de/optiplus.php" "Mozilla/5.0 (iPad; CPU OS 6_1_2 like Mac OS X) AppleWebKit/536.26 (KHTML, like Gecko) Mobile/10B146"
91.65.234.192 - - [01/Mar/2013:10:57:05 +0100] "GET /index.php HTTP/1.1" 200 14530 "http://www.mink-gmbh.de/optiplus.php" "Mozilla/5.0 (iPad; CPU OS 6_1_2 like Mac OS X) AppleWebKit/536.26 (KHTML, like Gecko) Mobile/10B146"
91.65.234.192 - - [01/Mar/2013:10:57:15 +0100] "GET /kontakt.php HTTP/1.1" 200 9111 "http://www.mink-gmbh.de/index.php" "Mozilla/5.0 (iPad; CPU OS 6_1_2 like Mac OS X) AppleWebKit/536.26 (KHTML, like Gecko) Mobile/10B146"
91.65.234.192 - - [01/Mar/2013:10:57:27 +0100] "GET /impressum.php HTTP/1.1" 200 8495 "http://www.mink-gmbh.de/kontakt.php" "Mozilla/5.0 (iPad; CPU OS 6_1_2 like Mac OS X) AppleWebKit/536.26 (KHTML, like Gecko) Mobile/10B146"
141.8.147.12 - - [01/Mar/2013:10:59:30 +0100] "GET /news.php?cs_go=archiv&cs_startpos=210 HTTP/1.1" 200 22560 "-" "Mozilla/5.0 (compatible; YandexBot/3.0; +http://yandex.com/bots)"
91.65.234.192 - - [01/Mar/2013:11:02:42 +0100] "GET /jobs.php HTTP/1.1" 200 10003 "http://www.mink-gmbh.de/index.php" "Mozilla/5.0 (iPad; CPU OS 6_1_2 like Mac OS X) AppleWebKit/536.26 (KHTML, like Gecko) Mobile/10B146"
157.55.34.171 - - [01/Mar/2013:11:04:24 +0100] "GET /robots.txt HTTP/1.1" 200 177 "-" "Mozilla/5.0 (compatible; bingbot/2.0; +http://www.bing.com/bingbot.htm)"
157.55.34.171 - - [01/Mar/2013:11:06:24 +0100] "GET / HTTP/1.1" 200 15271 "-" "Mozilla/5.0 (compatible; bingbot/2.0; +http://www.bing.com/bingbot.htm)"
91.65.234.192 - - [01/Mar/2013:11:08:28 +0100] "GET /index.php HTTP/1.1" 200 14530 "http://www.mink-gmbh.de/jobs.php" "Mozilla/5.0 (iPad; CPU OS 6_1_2 like Mac OS X) AppleWebKit/536.26 (KHTML, like Gecko) Mobile/10B146"
91.65.234.192 - - [01/Mar/2013:11:08:43 +0100] "GET /impressum.php HTTP/1.1" 200 8495 "http://www.mink-gmbh.de/index.php" "Mozilla/5.0 (iPad; CPU OS 6_1_2 like Mac OS X) AppleWebKit/536.26 (KHTML, like Gecko) Mobile/10B146"
91.65.234.192 - - [01/Mar/2013:11:08:58 +0100] "GET /standard.php HTTP/1.1" 200 9131 "http://www.mink-gmbh.de/impressum.php" "Mozilla/5.0 (iPad; CPU OS 6_1_2 like Mac OS X) AppleWebKit/536.26 (KHTML, like Gecko) Mobile/10B146"
91.65.234.192 - - [01/Mar/2013:11:09:10 +0100] "GET /wunschpreis.php HTTP/1.1" 200 11997 "http://www.mink-gmbh.de/standard.php" "Mozilla/5.0 (iPad; CPU OS 6_1_2 like Mac OS X) AppleWebKit/536.26 (KHTML, like Gecko) Mobile/10B146"
91.65.234.192 - - [01/Mar/2013:11:09:14 +0100] "GET /preisanfrage.php HTTP/1.1" 200 10647 "http://www.mink-gmbh.de/wunschpreis.php" "Mozilla/5.0 (iPad; CPU OS 6_1_2 like Mac OS X) AppleWebKit/536.26 (KHTML, like Gecko) Mobile/10B146"
91.65.234.192 - - [01/Mar/2013:11:12:18 +0100] "GET /impressum.php HTTP/1.1" 200 8495 "http://www.mink-gmbh.de/index.php" "Mozilla/5.0 (iPad; CPU OS 6_1_2 like Mac OS X) AppleWebKit/536.26 (KHTML, like Gecko) Mobile/10B146"
91.65.234.192 - - [01/Mar/2013:11:12:40 +0100] "GET /index.php HTTP/1.1" 200 14530 "http://www.mink-gmbh.de/impressum.php" "Mozilla/5.0 (iPad; CPU OS 6_1_2 like Mac OS X) AppleWebKit/536.26 (KHTML, like Gecko) Mobile/10B146"
141.8.147.12 - - [01/Mar/2013:11:12:43 +0100] "GET /lexikon.php?cs_go=2&cs_char=a HTTP/1.1" 200 9803 "-" "Mozilla/5.0 (compatible; YandexBot/3.0; +http://yandex.com/bots)"
91.65.234.192 - - [01/Mar/2013:11:12:46 +0100] "GET /kontakt.php HTTP/1.1" 200 9111 "http://www.mink-gmbh.de/index.php" "Mozilla/5.0 (iPad; CPU OS 6_1_2 like Mac OS X) AppleWebKit/536.26 (KHTML, like Gecko) Mobile/10B146"
91.65.234.192 - - [01/Mar/2013:11:12:53 +0100] "GET /kontakt.php HTTP/1.1" 200 9111 "http://www.mink-gmbh.de/index.php" "Mozilla/5.0 (iPad; CPU OS 6_1_2 like Mac OS X) AppleWebKit/536.26 (KHTML, like Gecko) Mobile/10B146"
91.65.234.192 - - [01/Mar/2013:11:13:17 +0100] "GET /index.php HTTP/1.1" 200 14530 "http://www.mink-gmbh.de/jobs.php" "Mozilla/5.0 (iPad; CPU OS 6_1_2 like Mac OS X) AppleWebKit/536.26 (KHTML, like Gecko) Mobile/10B146"
66.249.76.46 - - [01/Mar/2013:11:35:50 +0100] "GET /lexikon.php?cs_go=3&cs_id=21 HTTP/1.1" 200 9070 "-" "Mozilla/5.0 (compatible; Googlebot/2.1; +http://www.google.com/bot.html)"
141.8.147.12 - - [01/Mar/2013:11:45:46 +0100] "GET /news.php?cs_go=archiv&cs_id=3720&cs_search= HTTP/1.1" 200 13450 "-" "Mozilla/5.0 (compatible; YandexBot/3.0; +http://yandex.com/bots)"
77.20.152.200 - - [01/Mar/2013:11:46:39 +0100] "GET /news.php?cs_go=archiv&cs_startpos=190 HTTP/1.1" 200 22645 "-" "findlinks/2.0.2 (+http://wortschatz.uni-leipzig.de/findlinks/)"
77.20.152.200 - - [01/Mar/2013:11:46:40 +0100] "GET /news.php?cs_go=archiv&cs_startpos=190 HTTP/1.1" 200 22558 "-" "findlinks/2.0.2 (+http://wortschatz.uni-leipzig.de/findlinks/)"
66.249.76.46 - - [01/Mar/2013:11:58:46 +0100] "GET /lexikon.php?cs_go=3&cs_id=156 HTTP/1.1" 200 8721 "-" "Mozilla/5.0 (compatible; Googlebot/2.1; +http://www.google.com/bot.html)"
95.211.139.1 - - [01/Mar/2013:12:06:19 +0100] "GET /lexikon.php?cs_go=2&cs_char=i HTTP/1.0" 200 8402 "-" "Mozilla/5.0 (compatible; AcoonBot/4.11.1; +http://www.acoon.de/robot.asp)"
141.8.147.12 - - [01/Mar/2013:12:10:05 +0100] "GET /lexikon.php?cs_go=3&cs_id=175 HTTP/1.1" 200 8183 "-" "Mozilla/5.0 (compatible; YandexBot/3.0; +http://yandex.com/bots)"
66.249.76.46 - - [01/Mar/2013:12:10:21 +0100] "GET /lexikon.php?cs_go=3&cs_id=158 HTTP/1.1" 200 8354 "-" "Mozilla/5.0 (compatible; Googlebot/2.1; +http://www.google.com/bot.html)"
66.249.76.46 - - [01/Mar/2013:12:21:39 +0100] "GET /news.php?cs_go=archiv&cs_id=3029&cs_search= HTTP/1.1" 200 12064 "-" "Mozilla/5.0 (compatible; Googlebot/2.1; +http://www.google.com/bot.html)"
212.185.22.5 - - [01/Mar/2013:12:23:19 +0100] "GET /style.css HTTP/1.1" 200 8418 "http://www.mink-gmbh.de/kwk.php" "Mozilla/5.0 (Windows NT 5.1; rv:8.0.1) Gecko/20100101 Firefox/8.0.1"
212.185.22.5 - - [01/Mar/2013:12:23:19 +0100] "GET /modul.css HTTP/1.1" 200 35038 "http://www.mink-gmbh.de/kwk.php" "Mozilla/5.0 (Windows NT 5.1; rv:8.0.1) Gecko/20100101 Firefox/8.0.1"
212.185.22.5 - - [01/Mar/2013:12:23:19 +0100] "GET /kwk.php HTTP/1.1" 200 10884 "http://www.google.de/imgres?q=funktionsprinzip+kraft+w%C3%A4rme+kopplung&hl=de&client=firefox-a&hs=9OP&sa=X&rls=org.mozilla:de:official&biw=1920&bih=889&tbm=isch&tbnid=EVjRGk6A0JBfUM:&imgrefurl=http://www.mink-gmbh.de/kwk.php&docid=MqZDvABwz2W_DM&imgurl=http://my.contentserver24.de/content/oelkwk/images/funktionsprinzipklein.jpg&w=300&h=201&ei=_I4wUeInx9i0BraZgcgM&zoom=1&iact=hc&vpx=4&vpy=512&dur=142&hovh=160&hovw=240&tx=108&ty=54&sig=103323256259712285244&page=2&tbnh=143&tbnw=215&start=45&ndsp=55&ved=1t:429,r:54,s:0,i:248" "Mozilla/5.0 (Windows NT 5.1; rv:8.0.1) Gecko/20100101 Firefox/8.0.1"
212.185.22.5 - - [01/Mar/2013:12:23:19 +0100] "GET /images/freecall.jpg HTTP/1.1" 200 39195 "http://www.mink-gmbh.de/kwk.php" "Mozilla/5.0 (Windows NT 5.1; rv:8.0.1) Gecko/20100101 Firefox/8.0.1"
212.185.22.5 - - [01/Mar/2013:12:23:19 +0100] "GET /images/kwk.gif HTTP/1.1" 200 6403 "http://www.mink-gmbh.de/kwk.php" "Mozilla/5.0 (Windows NT 5.1; rv:8.0.1) Gecko/20100101 Firefox/8.0.1"
212.185.22.5 - - [01/Mar/2013:12:23:19 +0100] "GET /images/mail.jpg HTTP/1.1" 200 11165 "http://www.mink-gmbh.de/kwk.php" "Mozilla/5.0 (Windows NT 5.1; rv:8.0.1) Gecko/20100101 Firefox/8.0.1"
212.185.22.5 - - [01/Mar/2013:12:23:19 +0100] "GET /images/wunschpreis.jpg HTTP/1.1" 200 16767 "http://www.mink-gmbh.de/kwk.php" "Mozilla/5.0 (Windows NT 5.1; rv:8.0.1) Gecko/20100101 Firefox/8.0.1"
212.185.22.5 - - [01/Mar/2013:12:23:19 +0100] "GET /images/logos.jpg HTTP/1.1" 200 15002 "http://www.mink-gmbh.de/kwk.php" "Mozilla/5.0 (Windows NT 5.1; rv:8.0.1) Gecko/20100101 Firefox/8.0.1"
66.249.76.46 - - [01/Mar/2013:12:44:30 +0100] "GET /news.php?cs_go=archiv&cs_id=3310 HTTP/1.1" 200 12968 "-" "Mozilla/5.0 (compatible; Googlebot/2.1; +http://www.google.com/bot.html)"
157.55.34.171 - - [01/Mar/2013:12:44:36 +0100] "GET /robots.txt HTTP/1.1" 200 177 "-" "Mozilla/5.0 (compatible; bingbot/2.0; +http://www.bing.com/bingbot.htm)"
157.55.34.171 - - [01/Mar/2013:12:46:19 +0100] "GET / HTTP/1.1" 200 15271 "-" "Mozilla/5.0 (compatible; bingbot/2.0; +http://www.bing.com/bingbot.htm)"
141.8.147.12 - - [01/Mar/2013:12:48:03 +0100] "GET /lexikon.php?cs_go=3&cs_id=110 HTTP/1.1" 200 8703 "-" "Mozilla/5.0 (compatible; YandexBot/3.0; +http://yandex.com/bots)"
66.249.76.46 - - [01/Mar/2013:12:56:03 +0100] "GET /news.php?cs_go=archiv&cs_id=3727 HTTP/1.1" 200 9667 "-" "Mozilla/5.0 (compatible; Googlebot/2.1; +http://www.google.com/bot.html)"
141.8.147.12 - - [01/Mar/2013:13:10:38 +0100] "GET /lexikon.php?cs_go=3&cs_id=142 HTTP/1.1" 200 8581 "-" "Mozilla/5.0 (compatible; YandexBot/3.0; +http://yandex.com/bots)"
85.25.71.152 - - [01/Mar/2013:13:17:08 +0100] "GET /robots.txt HTTP/1.1" 200 177 "-" "Mozilla/5.0 (X11; U; Linux i686; de; rv:1.9.0.1; compatible; iCjobs Stellenangebote Jobs; http://www.icjobs.de) Gecko/20100401 iCjobs/3.2.3"
85.25.71.152 - - [01/Mar/2013:13:17:08 +0100] "GET / HTTP/1.1" 200 15268 "-" "Mozilla/5.0 (X11; U; Linux i686; de; rv:1.9.0.1; compatible; iCjobs Stellenangebote Jobs; http://www.icjobs.de) Gecko/20100401 iCjobs/3.2.3"
85.25.71.152 - - [01/Mar/2013:13:17:10 +0100] "GET / HTTP/1.1" 200 14527 "-" "Mozilla/5.0 (X11; U; Linux i686; de; rv:1.9.0.1; compatible; iCjobs Stellenangebote Jobs; http://www.icjobs.de) Gecko/20100401 iCjobs/3.2.3"
85.25.71.152 - - [01/Mar/2013:13:17:19 +0100] "GET /jobs.php HTTP/1.1" 200 10003 "-" "Mozilla/5.0 (X11; U; Linux i686; de; rv:1.9.0.1; compatible; iCjobs Stellenangebote Jobs; http://www.icjobs.de) Gecko/20100401 iCjobs/3.2.3"
85.25.71.152 - - [01/Mar/2013:13:17:20 +0100] "GET /style.css HTTP/1.1" 200 8418 "-" "Mozilla/5.0 (X11; U; Linux i686; de; rv:1.9.0.1; compatible; iCjobs Stellenangebote Jobs; http://www.icjobs.de) Gecko/20100401 iCjobs/3.2.3"
85.25.71.152 - - [01/Mar/2013:13:17:20 +0100] "GET /modul.css HTTP/1.1" 200 35038 "-" "Mozilla/5.0 (X11; U; Linux i686; de; rv:1.9.0.1; compatible; iCjobs Stellenangebote Jobs; http://www.icjobs.de) Gecko/20100401 iCjobs/3.2.3"
85.25.71.152 - - [01/Mar/2013:13:17:35 +0100] "GET /kontakt.php HTTP/1.1" 200 9111 "-" "Mozilla/5.0 (X11; U; Linux i686; de; rv:1.9.0.1; compatible; iCjobs Stellenangebote Jobs; http://www.icjobs.de) Gecko/20100401 iCjobs/3.2.3"
85.25.71.152 - - [01/Mar/2013:13:17:39 +0100] "GET /index.php HTTP/1.1" 200 14527 "-" "Mozilla/5.0 (X11; U; Linux i686; de; rv:1.9.0.1; compatible; iCjobs Stellenangebote Jobs; http://www.icjobs.de) Gecko/20100401 iCjobs/3.2.3"
85.25.71.152 - - [01/Mar/2013:13:17:40 +0100] "GET /standard.php HTTP/1.1" 200 9131 "-" "Mozilla/5.0 (X11; U; Linux i686; de; rv:1.9.0.1; compatible; iCjobs Stellenangebote Jobs; http://www.icjobs.de) Gecko/20100401 iCjobs/3.2.3"
85.25.71.152 - - [01/Mar/2013:13:17:44 +0100] "GET /wunschpreis.php HTTP/1.1" 200 11997 "-" "Mozilla/5.0 (X11; U; Linux i686; de; rv:1.9.0.1; compatible; iCjobs Stellenangebote Jobs; http://www.icjobs.de) Gecko/20100401 iCjobs/3.2.3"
85.25.71.152 - - [01/Mar/2013:13:17:49 +0100] "GET /preisanfrage.php HTTP/1.1" 200 10647 "-" "Mozilla/5.0 (X11; U; Linux i686; de; rv:1.9.0.1; compatible; iCjobs Stellenangebote Jobs; http://www.icjobs.de) Gecko/20100401 iCjobs/3.2.3"
85.25.71.152 - - [01/Mar/2013:13:17:55 +0100] "GET /news.php HTTP/1.1" 200 21877 "-" "Mozilla/5.0 (X11; U; Linux i686; de; rv:1.9.0.1; compatible; iCjobs Stellenangebote Jobs; http://www.icjobs.de) Gecko/20100401 iCjobs/3.2.3"
130.83.167.153 - - [01/Mar/2013:13:17:59 +0100] "GET /energiesparcheck.php HTTP/1.1" 200 7025 "-" "findlinks/2.6 (+http://wortschatz.uni-leipzig.de/findlinks/)"
130.83.167.153 - - [01/Mar/2013:13:17:59 +0100] "GET /energiesparcheck.php HTTP/1.1" 200 13494 "-" "findlinks/2.6 (+http://wortschatz.uni-leipzig.de/findlinks/)"
85.25.71.152 - - [01/Mar/2013:13:18:03 +0100] "GET /news.php?cs_go=archiv&cs_id=3980&cs_search= HTTP/1.1" 200 9850 "-" "Mozilla/5.0 (X11; U; Linux i686; de; rv:1.9.0.1; compatible; iCjobs Stellenangebote Jobs; http://www.icjobs.de) Gecko/20100401 iCjobs/3.2.3"
85.25.71.152 - - [01/Mar/2013:13:18:07 +0100] "GET /news.php?cs_go=archiv&cs_id=3979&cs_search= HTTP/1.1" 200 13413 "-" "Mozilla/5.0 (X11; U; Linux i686; de; rv:1.9.0.1; compatible; iCjobs Stellenangebote Jobs; http://www.icjobs.de) Gecko/20100401 iCjobs/3.2.3"
85.25.71.152 - - [01/Mar/2013:13:18:12 +0100] "GET /news.php?cs_go=archiv&cs_id=3978&cs_search= HTTP/1.1" 200 10066 "-" "Mozilla/5.0 (X11; U; Linux i686; de; rv:1.9.0.1; compatible; iCjobs Stellenangebote Jobs; http://www.icjobs.de) Gecko/20100401 iCjobs/3.2.3"
85.25.71.152 - - [01/Mar/2013:13:18:16 +0100] "GET /news.php?cs_go=archiv&cs_id=3977&cs_search= HTTP/1.1" 200 9863 "-" "Mozilla/5.0 (X11; U; Linux i686; de; rv:1.9.0.1; compatible; iCjobs Stellenangebote Jobs; http://www.icjobs.de) Gecko/20100401 iCjobs/3.2.3"
85.25.71.152 - - [01/Mar/2013:13:18:20 +0100] "GET /news.php?cs_go=archiv&cs_id=3976&cs_search= HTTP/1.1" 200 13427 "-" "Mozilla/5.0 (X11; U; Linux i686; de; rv:1.9.0.1; compatible; iCjobs Stellenangebote Jobs; http://www.icjobs.de) Gecko/20100401 iCjobs/3.2.3"
85.25.71.152 - - [01/Mar/2013:13:18:25 +0100] "GET /news.php?cs_go=archiv&cs_id=3975&cs_search= HTTP/1.1" 200 10747 "-" "Mozilla/5.0 (X11; U; Linux i686; de; rv:1.9.0.1; compatible; iCjobs Stellenangebote Jobs; http://www.icjobs.de) Gecko/20100401 iCjobs/3.2.3"
85.25.71.152 - - [01/Mar/2013:13:18:30 +0100] "GET /news.php?cs_go=archiv&cs_id=3974&cs_search= HTTP/1.1" 200 9889 "-" "Mozilla/5.0 (X11; U; Linux i686; de; rv:1.9.0.1; compatible; iCjobs Stellenangebote Jobs; http://www.icjobs.de) Gecko/20100401 iCjobs/3.2.3"
85.25.71.152 - - [01/Mar/2013:13:18:36 +0100] "GET /news.php?cs_go=archiv&cs_id=3973&cs_search= HTTP/1.1" 200 13419 "-" "Mozilla/5.0 (X11; U; Linux i686; de; rv:1.9.0.1; compatible; iCjobs Stellenangebote Jobs; http://www.icjobs.de) Gecko/20100401 iCjobs/3.2.3"
85.25.71.152 - - [01/Mar/2013:13:18:41 +0100] "GET /news.php?cs_go=archiv&cs_id=3972&cs_search= HTTP/1.1" 200 11738 "-" "Mozilla/5.0 (X11; U; Linux i686; de; rv:1.9.0.1; compatible; iCjobs Stellenangebote Jobs; http://www.icjobs.de) Gecko/20100401 iCjobs/3.2.3"
85.25.71.152 - - [01/Mar/2013:13:18:46 +0100] "GET /news.php?cs_go=archiv&cs_id=3971&cs_search= HTTP/1.1" 200 9689 "-" "Mozilla/5.0 (X11; U; Linux i686; de; rv:1.9.0.1; compatible; iCjobs Stellenangebote Jobs; http://www.icjobs.de) Gecko/20100401 iCjobs/3.2.3"
85.25.71.152 - - [01/Mar/2013:13:18:49 +0100] "GET /news.php?cs_go=archiv&cs_startpos=10 HTTP/1.1" 200 22357 "-" "Mozilla/5.0 (X11; U; Linux i686; de; rv:1.9.0.1; compatible; iCjobs Stellenangebote Jobs; http://www.icjobs.de) Gecko/20100401 iCjobs/3.2.3"
85.25.71.152 - - [01/Mar/2013:13:19:04 +0100] "GET /news.php?cs_go=archiv&cs_id=3962&cs_search= HTTP/1.1" 200 11482 "-" "Mozilla/5.0 (X11; U; Linux i686; de; rv:1.9.0.1; compatible; iCjobs Stellenangebote Jobs; http://www.icjobs.de) Gecko/20100401 iCjobs/3.2.3"
85.25.71.152 - - [01/Mar/2013:13:19:08 +0100] "GET /news.php?cs_go=archiv&cs_id=3968&cs_search= HTTP/1.1" 200 12180 "-" "Mozilla/5.0 (X11; U; Linux i686; de; rv:1.9.0.1; compatible; iCjobs Stellenangebote Jobs; http://www.icjobs.de) Gecko/20100401 iCjobs/3.2.3"
85.25.71.152 - - [01/Mar/2013:13:19:20 +0100] "GET /news.php?cs_go=archiv&cs_id=3970&cs_search= HTTP/1.1" 200 10258 "-" "Mozilla/5.0 (X11; U; Linux i686; de; rv:1.9.0.1; compatible; iCjobs Stellenangebote Jobs; http://www.icjobs.de) Gecko/20100401 iCjobs/3.2.3"
85.25.71.152 - - [01/Mar/2013:13:19:24 +0100] "GET /news.php?cs_go=archiv&cs_id=3969&cs_search= HTTP/1.1" 200 13829 "-" "Mozilla/5.0 (X11; U; Linux i686; de; rv:1.9.0.1; compatible; iCjobs Stellenangebote Jobs; http://www.icjobs.de) Gecko/20100401 iCjobs/3.2.3"
85.25.71.152 - - [01/Mar/2013:13:19:27 +0100] "GET /news.php?cs_go=archiv&cs_id=3965&cs_search= HTTP/1.1" 200 13002 "-" "Mozilla/5.0 (X11; U; Linux i686; de; rv:1.9.0.1; compatible; iCjobs Stellenangebote Jobs; http://www.icjobs.de) Gecko/20100401 iCjobs/3.2.3"
85.25.71.152 - - [01/Mar/2013:13:19:32 +0100] "GET /news.php?cs_go=archiv&cs_id=3964&cs_search= HTTP/1.1" 200 12036 "-" "Mozilla/5.0 (X11; U; Linux i686; de; rv:1.9.0.1; compatible; iCjobs Stellenangebote Jobs; http://www.icjobs.de) Gecko/20100401 iCjobs/3.2.3"
85.25.71.152 - - [01/Mar/2013:13:19:38 +0100] "GET /news.php?cs_go=archiv&cs_id=3963&cs_search= HTTP/1.1" 200 10036 "-" "Mozilla/5.0 (X11; U; Linux i686; de; rv:1.9.0.1; compatible; iCjobs Stellenangebote Jobs; http://www.icjobs.de) Gecko/20100401 iCjobs/3.2.3"
85.25.71.152 - - [01/Mar/2013:13:19:43 +0100] "GET /news.php?cs_go=archiv&cs_id=3967&cs_search= HTTP/1.1" 200 10319 "-" "Mozilla/5.0 (X11; U; Linux i686; de; rv:1.9.0.1; compatible; iCjobs Stellenangebote Jobs; http://www.icjobs.de) Gecko/20100401 iCjobs/3.2.3"
85.25.71.152 - - [01/Mar/2013:13:19:47 +0100] "GET /news.php?cs_go=archiv&cs_id=3966&cs_search= HTTP/1.1" 200 13628 "-" "Mozilla/5.0 (X11; U; Linux i686; de; rv:1.9.0.1; compatible; iCjobs Stellenangebote Jobs; http://www.icjobs.de) Gecko/20100401 iCjobs/3.2.3"
85.25.71.152 - - [01/Mar/2013:13:19:52 +0100] "GET /news.php?cs_go=archiv&cs_id=3961&cs_search= HTTP/1.1" 200 9989 "-" "Mozilla/5.0 (X11; U; Linux i686; de; rv:1.9.0.1; compatible; iCjobs Stellenangebote Jobs; http://www.icjobs.de) Gecko/20100401 iCjobs/3.2.3"
85.25.71.152 - - [01/Mar/2013:13:19:56 +0100] "GET /news.php?cs_go=archiv&cs_startpos=20 HTTP/1.1" 200 22283 "-" "Mozilla/5.0 (X11; U; Linux i686; de; rv:1.9.0.1; compatible; iCjobs Stellenangebote Jobs; http://www.icjobs.de) Gecko/20100401 iCjobs/3.2.3"
85.25.71.152 - - [01/Mar/2013:13:20:06 +0100] "GET /news.php?cs_go=archiv&cs_id=3959&cs_search= HTTP/1.1" 200 10614 "-" "Mozilla/5.0 (X11; U; Linux i686; de; rv:1.9.0.1; compatible; iCjobs Stellenangebote Jobs; http://www.icjobs.de) Gecko/20100401 iCjobs/3.2.3"
85.25.71.152 - - [01/Mar/2013:13:20:11 +0100] "GET /news.php?cs_go=archiv&cs_id=3957&cs_search= HTTP/1.1" 200 10575 "-" "Mozilla/5.0 (X11; U; Linux i686; de; rv:1.9.0.1; compatible; iCjobs Stellenangebote Jobs; http://www.icjobs.de) Gecko/20100401 iCjobs/3.2.3"
85.25.71.152 - - [01/Mar/2013:13:20:14 +0100] "GET /news.php?cs_go=archiv&cs_id=3954&cs_search= HTTP/1.1" 200 12344 "-" "Mozilla/5.0 (X11; U; Linux i686; de; rv:1.9.0.1; compatible; iCjobs Stellenangebote Jobs; http://www.icjobs.de) Gecko/20100401 iCjobs/3.2.3"
85.25.71.152 - - [01/Mar/2013:13:20:19 +0100] "GET /news.php?cs_go=archiv&cs_id=3958&cs_search= HTTP/1.1" 200 10136 "-" "Mozilla/5.0 (X11; U; Linux i686; de; rv:1.9.0.1; compatible; iCjobs Stellenangebote Jobs; http://www.icjobs.de) Gecko/20100401 iCjobs/3.2.3"
85.25.71.152 - - [01/Mar/2013:13:20:23 +0100] "GET /news.php?cs_go=archiv&cs_id=3956&cs_search= HTTP/1.1" 200 13102 "-" "Mozilla/5.0 (X11; U; Linux i686; de; rv:1.9.0.1; compatible; iCjobs Stellenangebote Jobs; http://www.icjobs.de) Gecko/20100401 iCjobs/3.2.3"
85.25.71.152 - - [01/Mar/2013:13:20:29 +0100] "GET /news.php?cs_go=archiv&cs_id=3955&cs_search= HTTP/1.1" 200 11183 "-" "Mozilla/5.0 (X11; U; Linux i686; de; rv:1.9.0.1; compatible; iCjobs Stellenangebote Jobs; http://www.icjobs.de) Gecko/20100401 iCjobs/3.2.3"
85.25.71.152 - - [01/Mar/2013:13:20:34 +0100] "GET /news.php?cs_go=archiv&cs_id=3953&cs_search= HTTP/1.1" 200 11927 "-" "Mozilla/5.0 (X11; U; Linux i686; de; rv:1.9.0.1; compatible; iCjobs Stellenangebote Jobs; http://www.icjobs.de) Gecko/20100401 iCjobs/3.2.3"
85.25.71.152 - - [01/Mar/2013:13:20:39 +0100] "GET /news.php?cs_go=archiv&cs_id=3952&cs_search= HTTP/1.1" 200 11016 "-" "Mozilla/5.0 (X11; U; Linux i686; de; rv:1.9.0.1; compatible; iCjobs Stellenangebote Jobs; http://www.icjobs.de) Gecko/20100401 iCjobs/3.2.3"
85.25.71.152 - - [01/Mar/2013:13:20:44 +0100] "GET /news.php?cs_go=archiv&cs_id=3951&cs_search= HTTP/1.1" 200 13414 "-" "Mozilla/5.0 (X11; U; Linux i686; de; rv:1.9.0.1; compatible; iCjobs Stellenangebote Jobs; http://www.icjobs.de) Gecko/20100401 iCjobs/3.2.3"
85.25.71.152 - - [01/Mar/2013:13:20:47 +0100] "GET /news.php?cs_go=archiv&cs_id=3950&cs_search= HTTP/1.1" 200 11923 "-" "Mozilla/5.0 (X11; U; Linux i686; de; rv:1.9.0.1; compatible; iCjobs Stellenangebote Jobs; http://www.icjobs.de) Gecko/20100401 iCjobs/3.2.3"
85.25.71.152 - - [01/Mar/2013:13:20:53 +0100] "GET /news.php?cs_go=archiv&cs_startpos=30 HTTP/1.1" 200 22458 "-" "Mozilla/5.0 (X11; U; Linux i686; de; rv:1.9.0.1; compatible; iCjobs Stellenangebote Jobs; http://www.icjobs.de) Gecko/20100401 iCjobs/3.2.3"
85.25.71.152 - - [01/Mar/2013:13:21:02 +0100] "GET /news.php?cs_go=archiv&cs_id=3949&cs_search= HTTP/1.1" 200 9826 "-" "Mozilla/5.0 (X11; U; Linux i686; de; rv:1.9.0.1; compatible; iCjobs Stellenangebote Jobs; http://www.icjobs.de) Gecko/20100401 iCjobs/3.2.3"
85.25.71.152 - - [01/Mar/2013:13:21:07 +0100] "GET /news.php?cs_go=archiv&cs_id=3948&cs_search= HTTP/1.1" 200 10830 "-" "Mozilla/5.0 (X11; U; Linux i686; de; rv:1.9.0.1; compatible; iCjobs Stellenangebote Jobs; http://www.icjobs.de) Gecko/20100401 iCjobs/3.2.3"
85.25.71.152 - - [01/Mar/2013:13:21:09 +0100] "GET /news.php?cs_go=archiv&cs_id=3947&cs_search= HTTP/1.1" 200 13341 "-" "Mozilla/5.0 (X11; U; Linux i686; de; rv:1.9.0.1; compatible; iCjobs Stellenangebote Jobs; http://www.icjobs.de) Gecko/20100401 iCjobs/3.2.3"
85.25.71.152 - - [01/Mar/2013:13:21:14 +0100] "GET /news.php?cs_go=archiv&cs_id=3946&cs_search= HTTP/1.1" 200 9917 "-" "Mozilla/5.0 (X11; U; Linux i686; de; rv:1.9.0.1; compatible; iCjobs Stellenangebote Jobs; http://www.icjobs.de) Gecko/20100401 iCjobs/3.2.3"
85.25.71.152 - - [01/Mar/2013:13:21:16 +0100] "GET /news.php?cs_go=archiv&cs_id=3945&cs_search= HTTP/1.1" 200 9959 "-" "Mozilla/5.0 (X11; U; Linux i686; de; rv:1.9.0.1; compatible; iCjobs Stellenangebote Jobs; http://www.icjobs.de) Gecko/20100401 iCjobs/3.2.3"
85.25.71.152 - - [01/Mar/2013:13:21:23 +0100] "GET /news.php?cs_go=archiv&cs_id=3944&cs_search= HTTP/1.1" 200 13562 "-" "Mozilla/5.0 (X11; U; Linux i686; de; rv:1.9.0.1; compatible; iCjobs Stellenangebote Jobs; http://www.icjobs.de) Gecko/20100401 iCjobs/3.2.3"
85.25.71.152 - - [01/Mar/2013:13:21:29 +0100] "GET /news.php?cs_go=archiv&cs_id=3943&cs_search= HTTP/1.1" 200 12762 "-" "Mozilla/5.0 (X11; U; Linux i686; de; rv:1.9.0.1; compatible; iCjobs Stellenangebote Jobs; http://www.icjobs.de) Gecko/20100401 iCjobs/3.2.3"
85.25.71.152 - - [01/Mar/2013:13:21:34 +0100] "GET /news.php?cs_go=archiv&cs_id=3942&cs_search= HTTP/1.1" 200 12667 "-" "Mozilla/5.0 (X11; U; Linux i686; de; rv:1.9.0.1; compatible; iCjobs Stellenangebote Jobs; http://www.icjobs.de) Gecko/20100401 iCjobs/3.2.3"
