83.60.127.42 - - [16/Mar/2013:05:17:04 +0100] "GET / HTTP/1.1" 200 12131 "-" "Java/1.7.0_13"
83.60.127.42 - - [16/Mar/2013:05:17:09 +0100] "GET /agb.php HTTP/1.1" 200 19709 "-" "Java/1.7.0_13"
83.60.127.42 - - [16/Mar/2013:05:17:10 +0100] "GET /impressum.php HTTP/1.1" 200 8582 "-" "Java/1.7.0_13"
83.60.127.42 - - [16/Mar/2013:05:17:10 +0100] "GET /index.php HTTP/1.1" 200 12131 "-" "Java/1.7.0_13"
83.60.127.42 - - [16/Mar/2013:05:17:11 +0100] "GET /jobs.php HTTP/1.1" 200 7200 "-" "Java/1.7.0_13"
83.60.127.42 - - [16/Mar/2013:05:17:11 +0100] "GET /kontakt.php HTTP/1.1" 200 9198 "-" "Java/1.7.0_13"
83.60.127.42 - - [16/Mar/2013:05:17:12 +0100] "GET /kwk.php HTTP/1.1" 200 10884 "-" "Java/1.7.0_13"
83.60.127.42 - - [16/Mar/2013:05:17:12 +0100] "GET /news.php HTTP/1.1" 200 22248 "-" "Java/1.7.0_13"
83.60.127.42 - - [16/Mar/2013:05:17:13 +0100] "GET /newsletter.php HTTP/1.1" 200 8928 "-" "Java/1.7.0_13"
83.60.127.42 - - [16/Mar/2013:05:17:13 +0100] "GET /optiplus.php HTTP/1.1" 200 11100 "-" "Java/1.7.0_13"
83.60.127.42 - - [16/Mar/2013:05:17:13 +0100] "GET /preisanfrage.php HTTP/1.1" 200 10734 "-" "Java/1.7.0_13"
83.60.127.42 - - [16/Mar/2013:05:17:14 +0100] "GET /rueckrufservice.php HTTP/1.1" 200 10770 "-" "Java/1.7.0_13"
83.60.127.42 - - [16/Mar/2013:05:17:14 +0100] "GET /standard.php HTTP/1.1" 200 9218 "-" "Java/1.7.0_13"
83.60.127.42 - - [16/Mar/2013:05:17:15 +0100] "GET /wunschpreis.php HTTP/1.1" 200 12084 "-" "Java/1.7.0_13"
83.60.127.42 - - [16/Mar/2013:05:17:15 +0100] "GET /edl.php HTTP/1.1" 200 10801 "-" "Java/1.7.0_13"
83.60.127.42 - - [16/Mar/2013:05:17:16 +0100] "GET /energiesparcheck.php HTTP/1.1" 200 13581 "-" "Java/1.7.0_13"
83.60.127.42 - - [16/Mar/2013:05:17:16 +0100] "GET /faq.php HTTP/1.1" 200 184037 "-" "Java/1.7.0_13"
83.60.127.42 - - [16/Mar/2013:05:17:18 +0100] "GET /foerdermittel.php HTTP/1.1" 200 12908 "-" "Java/1.7.0_13"
83.60.127.42 - - [16/Mar/2013:05:17:19 +0100] "GET /lexikon.php HTTP/1.1" 200 10523 "-" "Java/1.7.0_13"
83.60.127.42 - - [16/Mar/2013:05:17:19 +0100] "GET /modernisierung.php HTTP/1.1" 200 11578 "-" "Java/1.7.0_13"
83.60.127.42 - - [16/Mar/2013:05:17:20 +0100] "GET /.php HTTP/1.1" 404 - "-" "Java/1.7.0_13"
83.60.127.42 - - [16/Mar/2013:05:17:20 +0100] "GET /additive.php HTTP/1.1" 200 8372 "-" "Java/1.7.0_13"
83.60.127.42 - - [16/Mar/2013:05:17:20 +0100] "GET /diesel.php HTTP/1.1" 200 10639 "-" "Java/1.7.0_13"
83.60.127.42 - - [16/Mar/2013:05:17:23 +0100] "GET /js_contentserver24_greybox/AJS.js HTTP/1.1" 200 10396 "-" "Java/1.7.0_13"
83.60.127.42 - - [16/Mar/2013:05:17:24 +0100] "GET /js_contentserver24_greybox/AJS_fx.js HTTP/1.1" 200 3192 "-" "Java/1.7.0_13"
83.60.127.42 - - [16/Mar/2013:05:17:24 +0100] "GET /js_contentserver24_greybox/gb_scripts.js HTTP/1.1" 200 11913 "-" "Java/1.7.0_13"
83.60.127.42 - - [16/Mar/2013:05:17:24 +0100] "GET /js_contentserver24_greybox/loader_frame.html HTTP/1.1" 200 2084 "-" "Java/1.7.0_13"
199.30.16.39 - - [16/Mar/2013:05:51:38 +0100] "GET /robots.txt HTTP/1.1" 200 177 "-" "msnbot-media/1.1 (+http://search.msn.com/msnbot.htm)"
199.30.16.39 - - [16/Mar/2013:05:51:39 +0100] "GET /images/freecall.jpg HTTP/1.1" 200 39195 "-" "msnbot-media/1.1 (+http://search.msn.com/msnbot.htm)"
157.55.32.117 - - [16/Mar/2013:06:11:14 +0100] "GET /robots.txt HTTP/1.1" 200 177 "-" "Mozilla/5.0 (compatible; bingbot/2.0; +http://www.bing.com/bingbot.htm)"
157.55.32.117 - - [16/Mar/2013:06:12:55 +0100] "GET / HTTP/1.1" 200 12131 "-" "Mozilla/5.0 (compatible; bingbot/2.0; +http://www.bing.com/bingbot.htm)"
157.55.32.117 - - [16/Mar/2013:06:12:54 +0100] "GET / HTTP/1.1" 200 12131 "-" "Mozilla/5.0 (compatible; bingbot/2.0; +http://www.bing.com/bingbot.htm)"
66.249.78.46 - - [16/Mar/2013:06:24:12 +0100] "GET / HTTP/1.1" 200 12131 "-" "Mozilla/5.0 (compatible; Googlebot/2.1; +http://www.google.com/bot.html)"
85.13.131.53 - - [16/Mar/2013:07:11:28 +0100] "GET / HTTP/1.0" 200 6440 "-" "-"
85.13.131.53 - - [16/Mar/2013:07:11:28 +0100] "GET / HTTP/1.0" 200 3409 "-" "-"
173.208.180.58 - - [16/Mar/2013:07:36:55 +0100] "GET /robots.txt HTTP/1.0" 200 177 "-" "Mozilla/5.0 (compatible; MJ12bot/v1.4.3; http://www.majestic12.co.uk/bot.php?+)"
173.208.180.58 - - [16/Mar/2013:07:36:56 +0100] "GET /news.php?cs_go=archiv&cs_id=4010 HTTP/1.0" 200 13554 "-" "Mozilla/5.0 (compatible; MJ12bot/v1.4.3; http://www.majestic12.co.uk/bot.php?+)"
65.36.241.79 - - [16/Mar/2013:08:31:11 +0100] "HEAD / HTTP/1.1" 200 - "-" "InternetSeer.com"
82.192.74.177 - - [16/Mar/2013:08:41:48 +0100] "GET / HTTP/1.1" 200 12107 "-" "Mozilla/5.0 (compatible; Dataprovider Site Explorer; http://www.dataprovider.com/)"
82.192.74.177 - - [16/Mar/2013:08:41:56 +0100] "GET /robots.txt HTTP/1.1" 200 177 "-" "Mozilla/5.0 (compatible; Dataprovider Site Explorer; http://www.dataprovider.com/)"
82.192.74.177 - - [16/Mar/2013:08:41:57 +0100] "GET /sitemap.xml HTTP/1.1" 404 - "-" "Mozilla/5.0 (compatible; Dataprovider Site Explorer; http://www.dataprovider.com/)"
82.192.74.177 - - [16/Mar/2013:08:41:57 +0100] "GET / HTTP/1.1" 200 11366 "-" "Mozilla/5.0 (compatible; Dataprovider Site Explorer; http://www.dataprovider.com/)"
82.192.74.177 - - [16/Mar/2013:08:42:16 +0100] "GET /standard.php HTTP/1.1" 200 9131 "-" "Mozilla/5.0 (compatible; Dataprovider Site Explorer; http://www.dataprovider.com/)"
82.192.74.177 - - [16/Mar/2013:08:42:36 +0100] "GET /rueckrufservice.php HTTP/1.1" 200 10683 "-" "Mozilla/5.0 (compatible; Dataprovider Site Explorer; http://www.dataprovider.com/)"
82.192.74.177 - - [16/Mar/2013:08:42:53 +0100] "GET /agb.php HTTP/1.1" 200 19622 "-" "Mozilla/5.0 (compatible; Dataprovider Site Explorer; http://www.dataprovider.com/)"
82.192.74.177 - - [16/Mar/2013:08:43:06 +0100] "GET /news.php?cs_go=archiv&cs_id=4021 HTTP/1.1" 200 13885 "-" "Mozilla/5.0 (compatible; Dataprovider Site Explorer; http://www.dataprovider.com/)"
82.192.74.177 - - [16/Mar/2013:08:43:14 +0100] "GET /news.php?cs_go=archiv&cs_id=4017 HTTP/1.1" 200 11511 "-" "Mozilla/5.0 (compatible; Dataprovider Site Explorer; http://www.dataprovider.com/)"
82.192.74.177 - - [16/Mar/2013:08:43:26 +0100] "GET /news.php?cs_go=archiv&cs_id=4018 HTTP/1.1" 200 11370 "-" "Mozilla/5.0 (compatible; Dataprovider Site Explorer; http://www.dataprovider.com/)"
82.192.74.177 - - [16/Mar/2013:08:43:34 +0100] "GET /faq.php HTTP/1.1" 200 183950 "-" "Mozilla/5.0 (compatible; Dataprovider Site Explorer; http://www.dataprovider.com/)"
208.115.113.91 - - [16/Mar/2013:08:44:34 +0100] "GET /robots.txt HTTP/1.1" 200 177 "-" "Mozilla/5.0 (compatible; Ezooms/1.0; ezooms.bot@gmail.com)"
82.192.74.177 - - [16/Mar/2013:08:44:41 +0100] "GET /optiplus.php HTTP/1.1" 200 11013 "-" "Mozilla/5.0 (compatible; Dataprovider Site Explorer; http://www.dataprovider.com/)"
66.249.76.49 - - [16/Mar/2013:09:49:16 +0100] "GET /news.php?cs_go=archiv&cs_id=3735&cs_search= HTTP/1.1" 200 12153 "-" "Mozilla/5.0 (compatible; Googlebot/2.1; +http://www.google.com/bot.html)"
199.30.16.11 - - [16/Mar/2013:09:53:57 +0100] "GET /robots.txt HTTP/1.1" 200 177 "-" "msnbot-media/1.1 (+http://search.msn.com/msnbot.htm)"
199.30.16.11 - - [16/Mar/2013:09:53:57 +0100] "GET /images/logos.jpg HTTP/1.1" 200 15002 "-" "msnbot-media/1.1 (+http://search.msn.com/msnbot.htm)"
66.249.78.46 - - [16/Mar/2013:10:04:52 +0100] "GET /news.php?cs_go=archiv&cs_id=3793&cs_search= HTTP/1.1" 200 9899 "-" "Mozilla/5.0 (compatible; Googlebot/2.1; +http://www.google.com/bot.html)"
66.249.78.46 - - [16/Mar/2013:10:15:16 +0100] "GET /lexikon.php?cs_go=3&cs_id=198 HTTP/1.1" 200 9022 "-" "Mozilla/5.0 (compatible; Googlebot/2.1; +http://www.google.com/bot.html)"
66.249.78.46 - - [16/Mar/2013:10:20:29 +0100] "GET /news.php?cs_go=archiv&cs_id=3519 HTTP/1.1" 200 11809 "-" "Mozilla/5.0 (compatible; Googlebot/2.1; +http://www.google.com/bot.html)"
208.115.113.91 - - [16/Mar/2013:10:47:48 +0100] "GET /news.php?cs_go=archiv&cs_startpos=110 HTTP/1.1" 200 22932 "-" "Mozilla/5.0 (compatible; Ezooms/1.0; ezooms.bot@gmail.com)"
66.249.78.46 - - [16/Mar/2013:10:57:16 +0100] "GET /news.php?cs_go=archiv&cs_id=3001 HTTP/1.1" 200 11294 "-" "Mozilla/5.0 (compatible; Googlebot/2.1; +http://www.google.com/bot.html)"
173.199.120.35 - - [16/Mar/2013:11:11:00 +0100] "GET /lexikon.php?cs_go=3&cs_id=194 HTTP/1.1" 200 8012 "-" "Mozilla/5.0 (compatible; AhrefsBot/4.0; +http://ahrefs.com/robot/)"
199.30.16.39 - - [16/Mar/2013:11:23:34 +0100] "GET /robots.txt HTTP/1.1" 200 177 "-" "msnbot-media/1.1 (+http://search.msn.com/msnbot.htm)"
199.30.16.39 - - [16/Mar/2013:11:23:34 +0100] "GET /images/freecall.jpg HTTP/1.1" 200 39195 "-" "msnbot-media/1.1 (+http://search.msn.com/msnbot.htm)"
66.249.78.46 - - [16/Mar/2013:11:23:43 +0100] "GET /news.php?cs_go=archiv&cs_id=3309&cs_search= HTTP/1.1" 200 9928 "-" "Mozilla/5.0 (compatible; Googlebot/2.1; +http://www.google.com/bot.html)"
66.249.76.49 - - [16/Mar/2013:11:29:00 +0100] "GET /lexikon.php?cs_go=2&cs_char=e HTTP/1.1" 200 9079 "-" "Mozilla/5.0 (compatible; Googlebot/2.1; +http://www.google.com/bot.html)"
173.199.120.35 - - [16/Mar/2013:11:38:09 +0100] "GET /lexikon.php?cs_go=3&cs_id=150 HTTP/1.1" 200 8218 "-" "Mozilla/5.0 (compatible; AhrefsBot/4.0; +http://ahrefs.com/robot/)"
66.249.76.49 - - [16/Mar/2013:11:45:05 +0100] "GET /lexikon.php?cs_go=2&cs_char=h HTTP/1.1" 200 8800 "-" "Mozilla/5.0 (compatible; Googlebot/2.1; +http://www.google.com/bot.html)"
66.249.78.46 - - [16/Mar/2013:11:55:45 +0100] "GET /news.php?cs_go=archiv&cs_id=2769&cs_search= HTTP/1.1" 200 10295 "-" "Mozilla/5.0 (compatible; Googlebot/2.1; +http://www.google.com/bot.html)"
66.249.78.46 - - [16/Mar/2013:12:01:03 +0100] "GET /lexikon.php?cs_go=3&cs_id=233 HTTP/1.1" 200 9000 "-" "Mozilla/5.0 (compatible; Googlebot/2.1; +http://www.google.com/bot.html)"
66.249.78.46 - - [16/Mar/2013:12:11:37 +0100] "GET /news.php?cs_go=archiv&cs_id=2832&cs_search= HTTP/1.1" 200 10009 "-" "Mozilla/5.0 (compatible; Googlebot/2.1; +http://www.google.com/bot.html)"
66.249.76.49 - - [16/Mar/2013:12:26:03 +0100] "GET /jobs.php HTTP/1.1" 200 7200 "-" "DoCoMo/2.0 N905i(c100;TB;W24H16) (compatible; Googlebot-Mobile/2.1; +http://www.google.com/bot.html)"
66.249.78.46 - - [16/Mar/2013:12:32:46 +0100] "GET /news.php?cs_go=archiv&cs_id=2838 HTTP/1.1" 200 9980 "-" "Mozilla/5.0 (compatible; Googlebot/2.1; +http://www.google.com/bot.html)"
66.249.78.46 - - [16/Mar/2013:12:38:04 +0100] "GET /news.php?cs_go=archiv&cs_id=3034 HTTP/1.1" 200 12856 "-" "Mozilla/5.0 (compatible; Googlebot/2.1; +http://www.google.com/bot.html)"
208.115.113.91 - - [16/Mar/2013:12:41:54 +0100] "GET /robots.txt HTTP/1.1" 200 177 "-" "Mozilla/5.0 (compatible; Ezooms/1.0; ezooms.bot@gmail.com)"
173.199.120.35 - - [16/Mar/2013:12:46:32 +0100] "GET /lexikon.php?cs_go=3&cs_id=187 HTTP/1.1" 200 8503 "-" "Mozilla/5.0 (compatible; AhrefsBot/4.0; +http://ahrefs.com/robot/)"
66.249.76.49 - - [16/Mar/2013:12:48:38 +0100] "GET /news.php?cs_go=archiv&cs_id=3156 HTTP/1.1" 200 13521 "-" "Mozilla/5.0 (compatible; Googlebot/2.1; +http://www.google.com/bot.html)"
66.249.78.46 - - [16/Mar/2013:12:50:57 +0100] "GET /news.php?cs_go=archiv&cs_id=3929 HTTP/1.1" 200 12403 "-" "Mozilla/5.0 (iPhone; U; CPU iPhone OS 4_1 like Mac OS X; en-us) AppleWebKit/532.9 (KHTML, like Gecko) Version/4.0.5 Mobile/8B117 Safari/6531.22.7 (compatible; Googlebot-Mobile/2.1; +http://www.google.com/bot.html)"
66.249.78.46 - - [16/Mar/2013:12:59:13 +0100] "GET /lexikon.php?cs_go=3&cs_id=188 HTTP/1.1" 200 8004 "-" "Mozilla/5.0 (compatible; Googlebot/2.1; +http://www.google.com/bot.html)"
173.199.120.35 - - [16/Mar/2013:13:30:21 +0100] "GET /lexikon.php?cs_go=3&cs_id=163 HTTP/1.1" 200 8230 "-" "Mozilla/5.0 (compatible; AhrefsBot/4.0; +http://ahrefs.com/robot/)"
141.8.147.12 - - [16/Mar/2013:14:36:33 +0100] "GET /robots.txt HTTP/1.1" 200 177 "-" "Mozilla/5.0 (compatible; YandexBot/3.0; +http://yandex.com/bots)"
208.115.111.75 - - [16/Mar/2013:14:45:01 +0100] "GET /robots.txt HTTP/1.1" 200 177 "-" "Mozilla/5.0 (compatible; Ezooms/1.0; ezooms.bot@gmail.com)"
178.77.126.55 - - [16/Mar/2013:14:50:34 +0100] "GET /robots.txt HTTP/1.1" 200 177 "-" "Mozilla/5.0 (compatible; CareerBot/1.1; +http://www.career-x.de/bot.html)"
178.77.126.55 - - [16/Mar/2013:14:50:34 +0100] "GET / HTTP/1.1" 200 12104 "-" "Mozilla/5.0 (compatible; CareerBot/1.1; +http://www.career-x.de/bot.html)"
178.77.126.55 - - [16/Mar/2013:14:50:35 +0100] "GET /news.php?cs_go=archiv&cs_id=4018 HTTP/1.1" 200 11370 "-" "Mozilla/5.0 (compatible; CareerBot/1.1; +http://www.career-x.de/bot.html)"
208.115.113.91 - - [16/Mar/2013:14:51:53 +0100] "GET /news.php?cs_go=archiv&cs_id=3884&cs_search= HTTP/1.1" 200 11209 "-" "Mozilla/5.0 (compatible; Ezooms/1.0; ezooms.bot@gmail.com)"
65.36.241.79 - - [16/Mar/2013:15:24:10 +0100] "HEAD / HTTP/1.1" 200 - "-" "InternetSeer.com"
173.199.120.35 - - [16/Mar/2013:15:36:05 +0100] "GET /lexikon.php?cs_go=3&cs_id=161 HTTP/1.1" 200 8023 "-" "Mozilla/5.0 (compatible; AhrefsBot/4.0; +http://ahrefs.com/robot/)"
173.199.120.35 - - [16/Mar/2013:15:44:10 +0100] "GET /lexikon.php?cs_go=3&cs_id=18 HTTP/1.1" 200 8004 "-" "Mozilla/5.0 (compatible; AhrefsBot/4.0; +http://ahrefs.com/robot/)"
66.249.78.46 - - [16/Mar/2013:16:10:18 +0100] "GET /wunschpreis.php HTTP/1.1" 200 12084 "-" "SAMSUNG-SGH-E250/1.0 Profile/MIDP-2.0 Configuration/CLDC-1.1 UP.Browser/6.2.3.3.c.1.101 (GUI) MMP/2.0 (compatible; Googlebot-Mobile/2.1; +http://www.google.com/bot.html)"
66.249.76.49 - - [16/Mar/2013:16:19:33 +0100] "GET /news.php?cs_go=archiv&cs_id=3965&cs_search= HTTP/1.1" 200 13089 "-" "DoCoMo/2.0 N905i(c100;TB;W24H16) (compatible; Googlebot-Mobile/2.1; +http://www.google.com/bot.html)"
141.8.147.12 - - [16/Mar/2013:16:37:03 +0100] "GET /news.php?cs_go=archiv&cs_id=3771&cs_search= HTTP/1.1" 200 9868 "-" "Mozilla/5.0 (compatible; YandexBot/3.0; +http://yandex.com/bots)"
208.115.111.75 - - [16/Mar/2013:16:39:29 +0100] "GET /news.php?cs_go=archiv&cs_id=3876&cs_search= HTTP/1.1" 200 13610 "-" "Mozilla/5.0 (compatible; Ezooms/1.0; ezooms.bot@gmail.com)"
208.115.111.75 - - [16/Mar/2013:16:39:33 +0100] "GET /news.php?cs_go=archiv&cs_startpos=230 HTTP/1.1" 200 11247 "-" "Mozilla/5.0 (compatible; Ezooms/1.0; ezooms.bot@gmail.com)"
157.56.92.175 - - [16/Mar/2013:17:18:46 +0100] "GET /robots.txt HTTP/1.1" 200 177 "-" "Mozilla/5.0 (compatible; bingbot/2.0; +http://www.bing.com/bingbot.htm)"
157.56.92.175 - - [16/Mar/2013:17:21:30 +0100] "GET /news.php?cs_go=archiv&cs_id=3991&cs_search= HTTP/1.1" 200 9951 "-" "Mozilla/5.0 (compatible; bingbot/2.0; +http://www.bing.com/bingbot.htm)"
157.56.92.175 - - [16/Mar/2013:17:21:30 +0100] "GET /news.php?cs_go=archiv&cs_id=3993&cs_search= HTTP/1.1" 200 13136 "-" "Mozilla/5.0 (compatible; bingbot/2.0; +http://www.bing.com/bingbot.htm)"
157.56.92.175 - - [16/Mar/2013:17:21:32 +0100] "GET /news.php?cs_go=archiv&cs_id=3994&cs_search= HTTP/1.1" 200 10108 "-" "Mozilla/5.0 (compatible; bingbot/2.0; +http://www.bing.com/bingbot.htm)"
157.56.92.146 - - [16/Mar/2013:17:21:33 +0100] "GET /news.php?cs_go=archiv&cs_id=3993 HTTP/1.1" 200 13136 "-" "Mozilla/5.0 (compatible; bingbot/2.0; +http://www.bing.com/bingbot.htm)"
157.56.92.175 - - [16/Mar/2013:17:21:32 +0100] "GET /news.php?cs_go=archiv&cs_id=4002&cs_search= HTTP/1.1" 200 13539 "-" "Mozilla/5.0 (compatible; bingbot/2.0; +http://www.bing.com/bingbot.htm)"
157.56.92.146 - - [16/Mar/2013:17:21:33 +0100] "GET /news.php?cs_go=archiv&cs_id=3998&cs_search= HTTP/1.1" 200 11828 "-" "Mozilla/5.0 (compatible; bingbot/2.0; +http://www.bing.com/bingbot.htm)"
66.249.76.49 - - [16/Mar/2013:17:26:38 +0100] "GET /robots.txt HTTP/1.1" 200 177 "-" "Mozilla/5.0 (compatible; Googlebot/2.1; +http://www.google.com/bot.html)"
66.249.78.46 - - [16/Mar/2013:17:26:38 +0100] "GET /style.css HTTP/1.1" 200 8418 "-" "Mozilla/5.0 (compatible; Googlebot/2.1; +http://www.google.com/bot.html)"
66.249.78.46 - - [16/Mar/2013:17:26:39 +0100] "GET /modul.css HTTP/1.1" 200 35038 "-" "Mozilla/5.0 (compatible; Googlebot/2.1; +http://www.google.com/bot.html)"
66.249.78.46 - - [16/Mar/2013:17:26:39 +0100] "GET /js_contentserver24_greybox/gb_styles.css HTTP/1.1" 200 2302 "-" "Mozilla/5.0 (compatible; Googlebot/2.1; +http://www.google.com/bot.html)"
157.56.92.150 - - [16/Mar/2013:17:35:31 +0100] "GET /modernisierung.php?cs_gp_go=coupon HTTP/1.1" 200 10192 "-" "Mozilla/5.0 (compatible; bingbot/2.0; +http://www.bing.com/bingbot.htm)"
157.56.92.150 - - [16/Mar/2013:17:35:31 +0100] "GET /lexikon.php?cs_go=2&cs_char=y HTTP/1.1" 200 8582 "-" "Mozilla/5.0 (compatible; bingbot/2.0; +http://www.bing.com/bingbot.htm)"
65.55.52.89 - - [16/Mar/2013:17:36:00 +0100] "GET /news.php?cs_go=archiv&cs_id=3995&cs_search= HTTP/1.1" 200 10427 "-" "Mozilla/5.0 (compatible; bingbot/2.0; +http://www.bing.com/bingbot.htm)"
65.55.52.89 - - [16/Mar/2013:17:36:00 +0100] "GET /news.php?cs_go=archiv&cs_id=3992&cs_search= HTTP/1.1" 200 12626 "-" "Mozilla/5.0 (compatible; bingbot/2.0; +http://www.bing.com/bingbot.htm)"
65.55.52.89 - - [16/Mar/2013:17:36:02 +0100] "GET /modernisierung.php?cs_gp_go=description HTTP/1.1" 200 10771 "-" "Mozilla/5.0 (compatible; bingbot/2.0; +http://www.bing.com/bingbot.htm)"
65.55.52.89 - - [16/Mar/2013:17:36:02 +0100] "GET /news.php?cs_go=archiv&cs_id=3996&cs_search= HTTP/1.1" 200 11642 "-" "Mozilla/5.0 (compatible; bingbot/2.0; +http://www.bing.com/bingbot.htm)"
65.55.52.89 - - [16/Mar/2013:17:36:03 +0100] "GET /modernisierung.php?cs_gp_go=plus HTTP/1.1" 200 11578 "-" "Mozilla/5.0 (compatible; bingbot/2.0; +http://www.bing.com/bingbot.htm)"
173.199.120.35 - - [16/Mar/2013:17:47:05 +0100] "GET /lexikon.php?cs_go=3&cs_id=192 HTTP/1.1" 200 8407 "-" "Mozilla/5.0 (compatible; AhrefsBot/4.0; +http://ahrefs.com/robot/)"
157.56.92.147 - - [16/Mar/2013:17:49:31 +0100] "GET /news.php?cs_go=archiv&cs_id=3991 HTTP/1.1" 200 9951 "-" "Mozilla/5.0 (compatible; bingbot/2.0; +http://www.bing.com/bingbot.htm)"
157.56.92.147 - - [16/Mar/2013:17:49:31 +0100] "GET /news.php?cs_go=archiv&cs_id=3990&cs_search= HTTP/1.1" 200 13261 "-" "Mozilla/5.0 (compatible; bingbot/2.0; +http://www.bing.com/bingbot.htm)"
157.56.92.147 - - [16/Mar/2013:17:49:37 +0100] "GET /news.php?cs_go=archiv&cs_id=3997 HTTP/1.1" 200 11960 "-" "Mozilla/5.0 (compatible; bingbot/2.0; +http://www.bing.com/bingbot.htm)"
157.56.92.147 - - [16/Mar/2013:17:49:37 +0100] "GET /news.php?cs_go=archiv&cs_id=4001 HTTP/1.1" 200 11958 "-" "Mozilla/5.0 (compatible; bingbot/2.0; +http://www.bing.com/bingbot.htm)"
157.56.92.157 - - [16/Mar/2013:17:51:00 +0100] "GET /news.php?cs_go=archiv&cs_id=3996 HTTP/1.1" 200 11642 "-" "Mozilla/5.0 (compatible; bingbot/2.0; +http://www.bing.com/bingbot.htm)"
157.56.92.157 - - [16/Mar/2013:17:51:00 +0100] "GET /news.php?cs_go=archiv&cs_id=3997&cs_search= HTTP/1.1" 200 11960 "-" "Mozilla/5.0 (compatible; bingbot/2.0; +http://www.bing.com/bingbot.htm)"
157.56.92.157 - - [16/Mar/2013:17:51:02 +0100] "GET /news.php?cs_go=archiv&cs_startpos=220 HTTP/1.1" 200 22389 "-" "Mozilla/5.0 (compatible; bingbot/2.0; +http://www.bing.com/bingbot.htm)"
157.55.32.111 - - [16/Mar/2013:18:01:30 +0100] "GET /news.php?cs_go=archiv&cs_id=4003 HTTP/1.1" 200 10298 "-" "Mozilla/5.0 (compatible; bingbot/2.0; +http://www.bing.com/bingbot.htm)"
157.55.32.111 - - [16/Mar/2013:18:01:30 +0100] "GET /lexikon.php?cs_go=2&cs_char=r HTTP/1.1" 200 9732 "-" "Mozilla/5.0 (compatible; bingbot/2.0; +http://www.bing.com/bingbot.htm)"
157.55.32.111 - - [16/Mar/2013:18:01:32 +0100] "GET /lexikon.php?cs_go=3&cs_id=159 HTTP/1.1" 200 9759 "-" "Mozilla/5.0 (compatible; bingbot/2.0; +http://www.bing.com/bingbot.htm)"
157.55.32.111 - - [16/Mar/2013:18:01:32 +0100] "GET /lexikon.php?cs_go=2&cs_char=s HTTP/1.1" 200 10068 "-" "Mozilla/5.0 (compatible; bingbot/2.0; +http://www.bing.com/bingbot.htm)"
157.55.32.111 - - [16/Mar/2013:18:01:33 +0100] "GET /news.php?cs_go=archiv HTTP/1.1" 200 22156 "-" "Mozilla/5.0 (compatible; bingbot/2.0; +http://www.bing.com/bingbot.htm)"
157.55.33.79 - - [16/Mar/2013:18:02:58 +0100] "GET /impressum.php HTTP/1.1" 200 8582 "-" "Mozilla/5.0 (compatible; bingbot/2.0; +http://www.bing.com/bingbot.htm)"
157.55.33.79 - - [16/Mar/2013:18:02:58 +0100] "GET /faq.php HTTP/1.1" 200 184037 "-" "Mozilla/5.0 (compatible; bingbot/2.0; +http://www.bing.com/bingbot.htm)"
157.55.33.79 - - [16/Mar/2013:18:03:00 +0100] "GET /news.php?cs_go=archiv&cs_id=3992 HTTP/1.1" 200 12626 "-" "Mozilla/5.0 (compatible; bingbot/2.0; +http://www.bing.com/bingbot.htm)"
157.55.33.79 - - [16/Mar/2013:18:03:07 +0100] "GET /news.php?cs_go=archiv&cs_id=3998 HTTP/1.1" 200 11828 "-" "Mozilla/5.0 (compatible; bingbot/2.0; +http://www.bing.com/bingbot.htm)"
157.55.33.79 - - [16/Mar/2013:18:03:08 +0100] "GET /news.php?cs_go=archiv&cs_id=3999 HTTP/1.1" 200 11756 "-" "Mozilla/5.0 (compatible; bingbot/2.0; +http://www.bing.com/bingbot.htm)"
157.55.33.79 - - [16/Mar/2013:18:03:08 +0100] "GET /news.php?cs_go=archiv&cs_id=4005 HTTP/1.1" 200 13603 "-" "Mozilla/5.0 (compatible; bingbot/2.0; +http://www.bing.com/bingbot.htm)"
157.55.32.117 - - [16/Mar/2013:18:13:29 +0100] "GET / HTTP/1.1" 200 12104 "-" "Mozilla/5.0 (compatible; bingbot/2.0; +http://www.bing.com/bingbot.htm)"
157.55.32.117 - - [16/Mar/2013:18:13:29 +0100] "GET / HTTP/1.1" 200 12104 "-" "Mozilla/5.0 (compatible; bingbot/2.0; +http://www.bing.com/bingbot.htm)"
157.55.32.117 - - [16/Mar/2013:18:13:33 +0100] "GET /news.php?cs_go=archiv&cs_id=3994 HTTP/1.1" 200 10108 "-" "Mozilla/5.0 (compatible; bingbot/2.0; +http://www.bing.com/bingbot.htm)"
157.55.32.117 - - [16/Mar/2013:18:13:33 +0100] "GET /news.php?cs_go=archiv&cs_id=4002 HTTP/1.1" 200 13539 "-" "Mozilla/5.0 (compatible; bingbot/2.0; +http://www.bing.com/bingbot.htm)"
157.55.32.117 - - [16/Mar/2013:18:13:34 +0100] "GET / HTTP/1.1" 200 12104 "-" "Mozilla/5.0 (compatible; bingbot/2.0; +http://www.bing.com/bingbot.htm)"
66.249.76.49 - - [16/Mar/2013:18:25:34 +0100] "GET / HTTP/1.1" 200 12104 "-" "Mozilla/5.0 (compatible; Googlebot/2.1; +http://www.google.com/bot.html)"
141.8.147.12 - - [16/Mar/2013:18:40:48 +0100] "GET /news.php?cs_go=archiv&cs_id=3985&cs_search= HTTP/1.1" 200 9745 "-" "Mozilla/5.0 (compatible; YandexBot/3.0; +http://yandex.com/bots)"
208.115.111.75 - - [16/Mar/2013:18:42:15 +0100] "GET /robots.txt HTTP/1.1" 200 177 "-" "Mozilla/5.0 (compatible; Ezooms/1.0; ezooms.bot@gmail.com)"
66.249.78.46 - - [16/Mar/2013:19:21:08 +0100] "GET /news.php?cs_go=archiv&cs_id=4018 HTTP/1.1" 200 11457 "-" "Mozilla/5.0 (compatible; Googlebot/2.1; +http://www.google.com/bot.html)"
173.199.120.35 - - [16/Mar/2013:19:31:56 +0100] "GET /lexikon.php?cs_go=3&cs_id=188 HTTP/1.1" 200 8004 "-" "Mozilla/5.0 (compatible; AhrefsBot/4.0; +http://ahrefs.com/robot/)"
65.36.241.79 - - [16/Mar/2013:19:56:57 +0100] "HEAD / HTTP/1.1" 200 - "-" "InternetSeer.com"
66.249.76.49 - - [16/Mar/2013:20:25:25 +0100] "GET /lexikon.php HTTP/1.1" 200 10523 "-" "DoCoMo/2.0 N905i(c100;TB;W24H16) (compatible; Googlebot-Mobile/2.1; +http://www.google.com/bot.html)"
66.249.76.49 - - [16/Mar/2013:20:34:23 +0100] "GET /news.php?cs_go=archiv&cs_startpos=0 HTTP/1.1" 200 22156 "-" "SAMSUNG-SGH-E250/1.0 Profile/MIDP-2.0 Configuration/CLDC-1.1 UP.Browser/6.2.3.3.c.1.101 (GUI) MMP/2.0 (compatible; Googlebot-Mobile/2.1; +http://www.google.com/bot.html)"
208.115.111.75 - - [16/Mar/2013:20:38:27 +0100] "GET /lexikon.php?cs_go=2&cs_char=x HTTP/1.1" 200 8582 "-" "Mozilla/5.0 (compatible; Ezooms/1.0; ezooms.bot@gmail.com)"
208.115.111.75 - - [16/Mar/2013:20:38:31 +0100] "GET /news.php?cs_go=archiv&cs_startpos=20 HTTP/1.1" 200 22537 "-" "Mozilla/5.0 (compatible; Ezooms/1.0; ezooms.bot@gmail.com)"
141.8.147.12 - - [16/Mar/2013:20:38:50 +0100] "GET /index.php HTTP/1.1" 200 12104 "-" "Mozilla/5.0 (compatible; YandexBot/3.0; +http://yandex.com/bots)"
208.115.113.91 - - [16/Mar/2013:20:41:03 +0100] "GET /robots.txt HTTP/1.1" 200 177 "-" "Mozilla/5.0 (compatible; Ezooms/1.0; ezooms.bot@gmail.com)"
173.199.120.35 - - [16/Mar/2013:21:15:51 +0100] "GET /lexikon.php?cs_go=3&cs_id=155 HTTP/1.1" 200 7999 "-" "Mozilla/5.0 (compatible; AhrefsBot/4.0; +http://ahrefs.com/robot/)"
173.199.120.35 - - [16/Mar/2013:21:30:37 +0100] "GET /lexikon.php?cs_go=3&cs_id=182 HTTP/1.1" 200 8410 "-" "Mozilla/5.0 (compatible; AhrefsBot/4.0; +http://ahrefs.com/robot/)"
139.18.2.209 - - [16/Mar/2013:21:33:33 +0100] "GET /edl.php HTTP/1.1" 200 8735 "-" "findlinks/2.6 (+http://wortschatz.uni-leipzig.de/findlinks/)"
139.18.2.209 - - [16/Mar/2013:21:33:33 +0100] "GET /edl.php HTTP/1.1" 200 10714 "-" "findlinks/2.6 (+http://wortschatz.uni-leipzig.de/findlinks/)"
66.249.76.49 - - [16/Mar/2013:21:43:03 +0100] "GET /jobs.php HTTP/1.1" 200 7200 "-" "Mozilla/5.0 (iPhone; U; CPU iPhone OS 4_1 like Mac OS X; en-us) AppleWebKit/532.9 (KHTML, like Gecko) Version/4.0.5 Mobile/8B117 Safari/6531.22.7 (compatible; Googlebot-Mobile/2.1; +http://www.google.com/bot.html)"
204.12.214.170 - - [16/Mar/2013:22:02:21 +0100] "GET /robots.txt HTTP/1.0" 200 177 "-" "Mozilla/5.0 (compatible; MJ12bot/v1.4.3; http://www.majestic12.co.uk/bot.php?+)"
204.12.214.170 - - [16/Mar/2013:22:02:22 +0100] "GET / HTTP/1.0" 200 12104 "-" "Mozilla/5.0 (compatible; MJ12bot/v1.4.3; http://www.majestic12.co.uk/bot.php?+)"
141.8.147.12 - - [16/Mar/2013:22:29:05 +0100] "GET / HTTP/1.1" 200 12104 "-" "Mozilla/5.0 (compatible; YandexBot/3.0; +http://yandex.com/bots)"
66.249.78.46 - - [16/Mar/2013:22:36:14 +0100] "GET /news.php?cs_go=archiv&cs_id=3921&cs_search= HTTP/1.1" 200 10242 "-" "Mozilla/5.0 (compatible; Googlebot/2.1; +http://www.google.com/bot.html)"
208.115.111.75 - - [16/Mar/2013:22:39:19 +0100] "GET /robots.txt HTTP/1.1" 200 177 "-" "Mozilla/5.0 (compatible; Ezooms/1.0; ezooms.bot@gmail.com)"
208.115.113.91 - - [16/Mar/2013:22:51:56 +0100] "GET /news.php?cs_go=archiv&cs_id=3975&cs_search= HTTP/1.1" 200 10834 "-" "Mozilla/5.0 (compatible; Ezooms/1.0; ezooms.bot@gmail.com)"
130.83.167.153 - - [16/Mar/2013:23:15:11 +0100] "GET /wunschpreis.php HTTP/1.1" 200 5178 "-" "findlinks/2.6 (+http://wortschatz.uni-leipzig.de/findlinks/)"
130.83.167.153 - - [16/Mar/2013:23:15:12 +0100] "GET /wunschpreis.php HTTP/1.1" 200 11997 "-" "findlinks/2.6 (+http://wortschatz.uni-leipzig.de/findlinks/)"
141.8.147.12 - - [16/Mar/2013:23:22:49 +0100] "GET /news.php HTTP/1.1" 200 22156 "-" "Mozilla/5.0 (compatible; YandexBot/3.0; +http://yandex.com/bots)"
66.249.78.46 - - [16/Mar/2013:23:30:15 +0100] "GET /news.php?cs_go=archiv&cs_startpos=230 HTTP/1.1" 200 11247 "-" "SAMSUNG-SGH-E250/1.0 Profile/MIDP-2.0 Configuration/CLDC-1.1 UP.Browser/6.2.3.3.c.1.101 (GUI) MMP/2.0 (compatible; Googlebot-Mobile/2.1; +http://www.google.com/bot.html)"
123.125.71.55 - - [16/Mar/2013:23:32:12 +0100] "GET / HTTP/1.1" 200 6437 "-" "Mozilla/5.0 (compatible; Baiduspider/2.0; +http://www.baidu.com/search/spider.html)"
220.181.108.105 - - [16/Mar/2013:23:32:45 +0100] "GET / HTTP/1.1" 200 7822 "-" "Mozilla/5.0 (compatible; Baiduspider/2.0; +http://www.baidu.com/search/spider.html)"
80.202.147.218 - - [16/Mar/2013:23:48:23 +0100] "GET /robots.txt HTTP/1.0" 200 177 "-" "Mozilla/5.0 (compatible; MJ12bot/v1.4.3; http://www.majestic12.co.uk/bot.php?+)"
80.202.147.218 - - [16/Mar/2013:23:48:25 +0100] "GET /agb.php HTTP/1.0" 200 19709 "-" "Mozilla/5.0 (compatible; MJ12bot/v1.4.3; http://www.majestic12.co.uk/bot.php?+)"
80.202.147.218 - - [16/Mar/2013:23:48:26 +0100] "GET /news.php?cs_go=archiv&cs_id=2678 HTTP/1.0" 200 7887 "-" "Mozilla/5.0 (compatible; MJ12bot/v1.4.3; http://www.majestic12.co.uk/bot.php?+)"
80.202.147.218 - - [16/Mar/2013:23:48:30 +0100] "GET /news.php?cs_go=archiv&cs_id=2679 HTTP/1.0" 200 7887 "-" "Mozilla/5.0 (compatible; MJ12bot/v1.4.3; http://www.majestic12.co.uk/bot.php?+)"
80.202.147.218 - - [16/Mar/2013:23:48:32 +0100] "GET /news.php?cs_go=archiv&cs_id=2680 HTTP/1.0" 200 7887 "-" "Mozilla/5.0 (compatible; MJ12bot/v1.4.3; http://www.majestic12.co.uk/bot.php?+)"
80.202.147.218 - - [16/Mar/2013:23:48:34 +0100] "GET /news.php?cs_go=archiv&cs_id=2681 HTTP/1.0" 200 7887 "-" "Mozilla/5.0 (compatible; MJ12bot/v1.4.3; http://www.majestic12.co.uk/bot.php?+)"
80.202.147.218 - - [16/Mar/2013:23:48:37 +0100] "GET /news.php?cs_go=archiv&cs_id=2682 HTTP/1.0" 200 7887 "-" "Mozilla/5.0 (compatible; MJ12bot/v1.4.3; http://www.majestic12.co.uk/bot.php?+)"
80.202.147.218 - - [16/Mar/2013:23:48:40 +0100] "GET /news.php?cs_go=archiv&cs_id=2683 HTTP/1.0" 200 7887 "-" "Mozilla/5.0 (compatible; MJ12bot/v1.4.3; http://www.majestic12.co.uk/bot.php?+)"
80.202.147.218 - - [16/Mar/2013:23:48:42 +0100] "GET /news.php?cs_go=archiv&cs_id=2684 HTTP/1.0" 200 7887 "-" "Mozilla/5.0 (compatible; MJ12bot/v1.4.3; http://www.majestic12.co.uk/bot.php?+)"
80.202.147.218 - - [16/Mar/2013:23:48:44 +0100] "GET /news.php?cs_go=archiv&cs_id=2685 HTTP/1.0" 200 7887 "-" "Mozilla/5.0 (compatible; MJ12bot/v1.4.3; http://www.majestic12.co.uk/bot.php?+)"
80.202.147.218 - - [16/Mar/2013:23:48:47 +0100] "GET /news.php?cs_go=archiv&cs_id=2686 HTTP/1.0" 200 7887 "-" "Mozilla/5.0 (compatible; MJ12bot/v1.4.3; http://www.majestic12.co.uk/bot.php?+)"
80.202.147.218 - - [16/Mar/2013:23:48:49 +0100] "GET /news.php?cs_go=archiv&cs_id=2687 HTTP/1.0" 200 7887 "-" "Mozilla/5.0 (compatible; MJ12bot/v1.4.3; http://www.majestic12.co.uk/bot.php?+)"
80.202.147.218 - - [16/Mar/2013:23:48:51 +0100] "GET /news.php?cs_go=archiv&cs_id=2688 HTTP/1.0" 200 7887 "-" "Mozilla/5.0 (compatible; MJ12bot/v1.4.3; http://www.majestic12.co.uk/bot.php?+)"
80.202.147.218 - - [16/Mar/2013:23:48:54 +0100] "GET /news.php?cs_go=archiv&cs_id=2689 HTTP/1.0" 200 7887 "-" "Mozilla/5.0 (compatible; MJ12bot/v1.4.3; http://www.majestic12.co.uk/bot.php?+)"
80.202.147.218 - - [16/Mar/2013:23:48:56 +0100] "GET /news.php?cs_go=archiv&cs_id=2690 HTTP/1.0" 200 7887 "-" "Mozilla/5.0 (compatible; MJ12bot/v1.4.3; http://www.majestic12.co.uk/bot.php?+)"
80.202.147.218 - - [16/Mar/2013:23:48:58 +0100] "GET /news.php?cs_go=archiv&cs_id=2691 HTTP/1.0" 200 7887 "-" "Mozilla/5.0 (compatible; MJ12bot/v1.4.3; http://www.majestic12.co.uk/bot.php?+)"
139.18.2.209 - - [17/Mar/2013:00:25:33 +0100] "GET /modernisierung.php HTTP/1.1" 200 7013 "-" "findlinks/2.6 (+http://wortschatz.uni-leipzig.de/findlinks/)"
139.18.2.209 - - [17/Mar/2013:00:25:33 +0100] "GET /modernisierung.php HTTP/1.1" 200 11491 "-" "findlinks/2.6 (+http://wortschatz.uni-leipzig.de/findlinks/)"
208.115.111.75 - - [17/Mar/2013:00:37:18 +0100] "GET /news.php?cs_go=archiv&cs_id=3887&cs_search= HTTP/1.1" 200 16034 "-" "Mozilla/5.0 (compatible; Ezooms/1.0; ezooms.bot@gmail.com)"
208.115.111.75 - - [17/Mar/2013:00:37:21 +0100] "GET /news.php?cs_go=archiv&cs_id=3909 HTTP/1.1" 200 13486 "-" "Mozilla/5.0 (compatible; Ezooms/1.0; ezooms.bot@gmail.com)"
208.115.111.75 - - [17/Mar/2013:00:37:24 +0100] "GET /preisanfrage.php HTTP/1.1" 200 10734 "-" "Mozilla/5.0 (compatible; Ezooms/1.0; ezooms.bot@gmail.com)"
173.199.120.35 - - [17/Mar/2013:00:45:39 +0100] "GET /lexikon.php?cs_go=3&cs_id=174 HTTP/1.1" 200 8713 "-" "Mozilla/5.0 (compatible; AhrefsBot/4.0; +http://ahrefs.com/robot/)"
173.199.120.35 - - [17/Mar/2013:00:48:25 +0100] "GET /lexikon.php?cs_go=3&cs_id=193 HTTP/1.1" 200 8007 "-" "Mozilla/5.0 (compatible; AhrefsBot/4.0; +http://ahrefs.com/robot/)"
80.241.208.27 - - [17/Mar/2013:00:55:04 +0100] "GET / HTTP/1.1" 200 12104 "-" "Mozilla/5.0 (Windows; U; Windows NT 5.1; en-US; rv:1.9.1.3) Gecko/20090824 Firefox/3.5.3 GTB5"
66.249.78.46 - - [17/Mar/2013:01:02:59 +0100] "GET /lexikon.php?cs_go=3&cs_id=171 HTTP/1.1" 200 8008 "-" "Mozilla/5.0 (compatible; Googlebot/2.1; +http://www.google.com/bot.html)"
173.199.120.35 - - [17/Mar/2013:01:24:53 +0100] "GET /lexikon.php?cs_go=3&cs_id=110 HTTP/1.1" 200 8703 "-" "Mozilla/5.0 (compatible; AhrefsBot/4.0; +http://ahrefs.com/robot/)"
66.249.78.46 - - [17/Mar/2013:01:52:54 +0100] "GET /news.php?cs_go=archiv&cs_id=3287&cs_search= HTTP/1.1" 200 13377 "-" "Mozilla/5.0 (compatible; Googlebot/2.1; +http://www.google.com/bot.html)"
66.249.78.46 - - [17/Mar/2013:01:54:36 +0100] "GET /lexikon.php?cs_go=2&cs_char=v HTTP/1.1" 200 9117 "-" "Mozilla/5.0 (compatible; Googlebot/2.1; +http://www.google.com/bot.html)"
66.249.78.46 - - [17/Mar/2013:01:59:20 +0100] "GET /news.php?cs_go=archiv&cs_id=3311 HTTP/1.1" 200 13501 "-" "Mozilla/5.0 (compatible; Googlebot/2.1; +http://www.google.com/bot.html)"
173.199.120.35 - - [17/Mar/2013:02:07:36 +0100] "GET /lexikon.php?cs_go=3&cs_id=173 HTTP/1.1" 200 8661 "-" "Mozilla/5.0 (compatible; AhrefsBot/4.0; +http://ahrefs.com/robot/)"
66.249.78.46 - - [17/Mar/2013:02:25:25 +0100] "GET /lexikon.php?cs_go=2&cs_char=m HTTP/1.1" 200 9073 "-" "Mozilla/5.0 (compatible; Googlebot/2.1; +http://www.google.com/bot.html)"
65.36.241.79 - - [17/Mar/2013:02:31:41 +0100] "HEAD / HTTP/1.1" 200 - "-" "InternetSeer.com"
66.249.76.49 - - [17/Mar/2013:02:38:55 +0100] "GET /news.php?cs_go=archiv&cs_id=2964 HTTP/1.1" 200 13564 "-" "Mozilla/5.0 (compatible; Googlebot/2.1; +http://www.google.com/bot.html)"
208.115.111.75 - - [17/Mar/2013:02:41:20 +0100] "GET /robots.txt HTTP/1.1" 200 177 "-" "Mozilla/5.0 (compatible; Ezooms/1.0; ezooms.bot@gmail.com)"
66.249.78.46 - - [17/Mar/2013:02:45:41 +0100] "GET /news.php?cs_go=archiv&cs_id=3004 HTTP/1.1" 200 11454 "-" "Mozilla/5.0 (compatible; Googlebot/2.1; +http://www.google.com/bot.html)"
66.249.78.46 - - [17/Mar/2013:02:52:24 +0100] "GET /news.php?cs_go=archiv&cs_startpos=191 HTTP/1.1" 200 22690 "-" "Mozilla/5.0 (compatible; Googlebot/2.1; +http://www.google.com/bot.html)"
66.249.78.46 - - [17/Mar/2013:03:20:01 +0100] "GET /news.php?cs_go=archiv&cs_id=3756&cs_search= HTTP/1.1" 200 13501 "-" "Mozilla/5.0 (compatible; Googlebot/2.1; +http://www.google.com/bot.html)"
66.249.78.46 - - [17/Mar/2013:03:47:36 +0100] "GET /news.php?cs_go=archiv&cs_id=3073&cs_search= HTTP/1.1" 200 14082 "-" "Mozilla/5.0 (compatible; Googlebot/2.1; +http://www.google.com/bot.html)"
66.249.76.49 - - [17/Mar/2013:03:54:24 +0100] "GET /news.php?cs_go=archiv&cs_id=3025 HTTP/1.1" 200 9827 "-" "Mozilla/5.0 (compatible; Googlebot/2.1; +http://www.google.com/bot.html)"
66.249.78.46 - - [17/Mar/2013:04:01:17 +0100] "GET /news.php?cs_go=archiv&cs_id=2988&cs_search= HTTP/1.1" 200 10086 "-" "Mozilla/5.0 (compatible; Googlebot/2.1; +http://www.google.com/bot.html)"
204.12.208.218 - - [17/Mar/2013:04:08:12 +0100] "GET /robots.txt HTTP/1.0" 200 177 "-" "Mozilla/5.0 (compatible; MJ12bot/v1.4.3; http://www.majestic12.co.uk/bot.php?+)"
204.12.208.218 - - [17/Mar/2013:04:08:13 +0100] "GET /news.php?cs_go=archiv&cs_id=4016 HTTP/1.0" 200 10123 "-" "Mozilla/5.0 (compatible; MJ12bot/v1.4.3; http://www.majestic12.co.uk/bot.php?+)"
204.12.208.218 - - [17/Mar/2013:04:08:16 +0100] "GET /news.php?cs_go=archiv&cs_id=4017 HTTP/1.0" 200 11598 "-" "Mozilla/5.0 (compatible; MJ12bot/v1.4.3; http://www.majestic12.co.uk/bot.php?+)"
204.12.208.218 - - [17/Mar/2013:04:08:19 +0100] "GET /news.php?cs_go=archiv&cs_id=4018 HTTP/1.0" 200 11457 "-" "Mozilla/5.0 (compatible; MJ12bot/v1.4.3; http://www.majestic12.co.uk/bot.php?+)"
66.249.78.46 - - [17/Mar/2013:04:15:05 +0100] "GET /news.php?cs_go=archiv&cs_id=2748&cs_search= HTTP/1.1" 200 11746 "-" "Mozilla/5.0 (compatible; Googlebot/2.1; +http://www.google.com/bot.html)"
66.249.78.46 - - [17/Mar/2013:04:22:03 +0100] "GET /news.php?cs_go=archiv&cs_id=2750 HTTP/1.1" 200 13712 "-" "Mozilla/5.0 (compatible; Googlebot/2.1; +http://www.google.com/bot.html)"
66.249.78.46 - - [17/Mar/2013:04:28:49 +0100] "GET /news.php?cs_go=archiv&cs_id=2932 HTTP/1.1" 200 13435 "-" "Mozilla/5.0 (compatible; Googlebot/2.1; +http://www.google.com/bot.html)"
208.115.111.75 - - [17/Mar/2013:04:39:57 +0100] "GET /lexikon.php?cs_go=2&cs_char=t HTTP/1.1" 200 8962 "-" "Mozilla/5.0 (compatible; Ezooms/1.0; ezooms.bot@gmail.com)"
208.115.111.75 - - [17/Mar/2013:04:40:00 +0100] "GET /modernisierung.php HTTP/1.1" 200 11578 "-" "Mozilla/5.0 (compatible; Ezooms/1.0; ezooms.bot@gmail.com)"
66.249.78.46 - - [17/Mar/2013:04:42:35 +0100] "GET /news.php?cs_go=archiv&cs_id=2886&cs_search= HTTP/1.1" 200 10341 "-" "Mozilla/5.0 (compatible; Googlebot/2.1; +http://www.google.com/bot.html)"
208.115.113.91 - - [17/Mar/2013:04:44:05 +0100] "GET /robots.txt HTTP/1.1" 200 177 "-" "Mozilla/5.0 (compatible; Ezooms/1.0; ezooms.bot@gmail.com)"
66.249.78.46 - - [17/Mar/2013:04:56:27 +0100] "GET /news.php?cs_go=archiv&cs_id=3140&cs_search= HTTP/1.1" 200 11552 "-" "Mozilla/5.0 (compatible; Googlebot/2.1; +http://www.google.com/bot.html)"
66.249.78.46 - - [17/Mar/2013:05:17:02 +0100] "GET /news.php?cs_go=archiv&cs_id=3020 HTTP/1.1" 200 14068 "-" "Mozilla/5.0 (compatible; Googlebot/2.1; +http://www.google.com/bot.html)"
66.249.78.46 - - [17/Mar/2013:05:31:07 +0100] "GET /modernisierung.php?cs_gp_go=description HTTP/1.1" 200 10771 "-" "Mozilla/5.0 (compatible; Googlebot/2.1; +http://www.google.com/bot.html)"
66.249.78.46 - - [17/Mar/2013:05:38:14 +0100] "GET /news.php?cs_go=archiv&cs_id=3696 HTTP/1.1" 200 13480 "-" "Mozilla/5.0 (compatible; Googlebot/2.1; +http://www.google.com/bot.html)"
66.249.78.46 - - [17/Mar/2013:05:45:45 +0100] "GET /news.php?cs_go=archiv&cs_id=3888 HTTP/1.1" 200 13349 "-" "Mozilla/5.0 (compatible; Googlebot/2.1; +http://www.google.com/bot.html)"
66.249.78.46 - - [17/Mar/2013:06:00:44 +0100] "GET /news.php?cs_go=archiv&cs_startpos=221 HTTP/1.1" 200 22365 "-" "Mozilla/5.0 (compatible; Googlebot/2.1; +http://www.google.com/bot.html)"
66.249.78.46 - - [17/Mar/2013:06:24:31 +0100] "GET / HTTP/1.1" 200 12104 "-" "Mozilla/5.0 (compatible; Googlebot/2.1; +http://www.google.com/bot.html)"
157.55.32.117 - - [17/Mar/2013:06:34:48 +0100] "GET /robots.txt HTTP/1.1" 200 177 "-" "Mozilla/5.0 (compatible; bingbot/2.0; +http://www.bing.com/bingbot.htm)"
157.55.32.117 - - [17/Mar/2013:06:36:36 +0100] "GET / HTTP/1.1" 200 12104 "-" "Mozilla/5.0 (compatible; bingbot/2.0; +http://www.bing.com/bingbot.htm)"
173.199.120.35 - - [17/Mar/2013:06:39:53 +0100] "GET /lexikon.php?cs_go=3&cs_id=14 HTTP/1.1" 200 8545 "-" "Mozilla/5.0 (compatible; AhrefsBot/4.0; +http://ahrefs.com/robot/)"
173.199.120.35 - - [17/Mar/2013:06:42:33 +0100] "GET /lexikon.php?cs_go=3&cs_id=16 HTTP/1.1" 200 8903 "-" "Mozilla/5.0 (compatible; AhrefsBot/4.0; +http://ahrefs.com/robot/)"
208.115.113.91 - - [17/Mar/2013:06:54:04 +0100] "GET /news.php?cs_go=archiv&cs_startpos=60 HTTP/1.1" 200 22659 "-" "Mozilla/5.0 (compatible; Ezooms/1.0; ezooms.bot@gmail.com)"
139.18.2.209 - - [17/Mar/2013:07:12:19 +0100] "GET /index.php HTTP/1.1" 200 1519 "-" "findlinks/2.6 (+http://wortschatz.uni-leipzig.de/findlinks/)"
139.18.2.209 - - [17/Mar/2013:07:12:20 +0100] "GET /index.php HTTP/1.1" 200 12104 "-" "findlinks/2.6 (+http://wortschatz.uni-leipzig.de/findlinks/)"
173.199.120.35 - - [17/Mar/2013:07:28:43 +0100] "GET /lexikon.php?cs_go=2&cs_char=p HTTP/1.1" 200 9166 "-" "Mozilla/5.0 (compatible; AhrefsBot/4.0; +http://ahrefs.com/robot/)"
65.36.241.79 - - [17/Mar/2013:07:30:02 +0100] "HEAD / HTTP/1.1" 200 - "-" "InternetSeer.com"
61.135.190.223 - - [17/Mar/2013:07:40:56 +0100] "GET / HTTP/1.1" 200 12104 "http://www.baidu.com/s?wd=MinkGmbH-Startseite" "Mozilla/5.0 (Windows; U; Windows NT 5.1; zh-CN; rv:1.9.2.15) Gecko/20110303 Firefox/3.6.15"
61.135.190.223 - - [17/Mar/2013:07:41:11 +0100] "GET /js_contentserver24_greybox/AJS.js HTTP/1.1" 200 10396 "http://www.mink-gmbh.de/" "Mozilla/5.0 (Windows; U; Windows NT 5.1; zh-CN; rv:1.9.2.15) Gecko/20110303 Firefox/3.6.15"
61.135.190.223 - - [17/Mar/2013:07:41:12 +0100] "GET /js_contentserver24_greybox/AJS_fx.js HTTP/1.1" 200 3192 "http://www.mink-gmbh.de/" "Mozilla/5.0 (Windows; U; Windows NT 5.1; zh-CN; rv:1.9.2.15) Gecko/20110303 Firefox/3.6.15"
61.135.190.223 - - [17/Mar/2013:07:41:12 +0100] "GET /js_contentserver24_greybox/gb_scripts.js HTTP/1.1" 200 11913 "http://www.mink-gmbh.de/" "Mozilla/5.0 (Windows; U; Windows NT 5.1; zh-CN; rv:1.9.2.15) Gecko/20110303 Firefox/3.6.15"
173.199.120.35 - - [17/Mar/2013:08:01:33 +0100] "GET /lexikon.php?cs_go=3&cs_id=167 HTTP/1.1" 200 8004 "-" "Mozilla/5.0 (compatible; AhrefsBot/4.0; +http://ahrefs.com/robot/)"
66.249.78.46 - - [17/Mar/2013:08:05:29 +0100] "GET /news.php?cs_go=archiv&cs_id=2854&cs_search= HTTP/1.1" 200 14468 "-" "Mozilla/5.0 (compatible; Googlebot/2.1; +http://www.google.com/bot.html)"
37.140.141.34 - - [17/Mar/2013:08:21:33 +0100] "GET /robots.txt HTTP/1.1" 200 177 "-" "Mozilla/5.0 (compatible; YandexImages/3.0; +http://yandex.com/bots)"
66.249.78.46 - - [17/Mar/2013:08:47:11 +0100] "GET /news.php?cs_go=archiv&cs_id=3845 HTTP/1.1" 200 9850 "-" "Mozilla/5.0 (compatible; Googlebot/2.1; +http://www.google.com/bot.html)"
173.199.120.35 - - [17/Mar/2013:09:12:15 +0100] "GET /lexikon.php?cs_go=3&cs_id=186 HTTP/1.1" 200 8239 "-" "Mozilla/5.0 (compatible; AhrefsBot/4.0; +http://ahrefs.com/robot/)"
141.8.147.12 - - [17/Mar/2013:09:16:44 +0100] "GET /robots.txt HTTP/1.1" 200 177 "-" "Mozilla/5.0 (compatible; YandexBot/3.0; +http://yandex.com/bots)"
66.249.78.46 - - [17/Mar/2013:09:21:15 +0100] "GET /news.php?cs_go=archiv&cs_id=3843 HTTP/1.1" 200 10535 "-" "Mozilla/5.0 (compatible; Googlebot/2.1; +http://www.google.com/bot.html)"
220.181.108.95 - - [17/Mar/2013:09:31:48 +0100] "GET / HTTP/1.1" 200 7822 "-" "Mozilla/5.0 (compatible; Baiduspider/2.0; +http://www.baidu.com/search/spider.html)"
123.125.71.30 - - [17/Mar/2013:09:32:19 +0100] "GET / HTTP/1.1" 200 7822 "-" "Mozilla/5.0 (compatible; Baiduspider/2.0; +http://www.baidu.com/search/spider.html)"
66.249.76.49 - - [17/Mar/2013:09:49:53 +0100] "GET /news.php?cs_go=archiv&cs_id=3411&cs_search= HTTP/1.1" 200 13619 "-" "Mozilla/5.0 (compatible; Googlebot/2.1; +http://www.google.com/bot.html)"
66.249.78.46 - - [17/Mar/2013:09:50:12 +0100] "GET /news.php?cs_go=archiv&cs_id=3813 HTTP/1.1" 200 10259 "-" "Mozilla/5.0 (compatible; Googlebot/2.1; +http://www.google.com/bot.html)"
173.199.120.35 - - [17/Mar/2013:10:17:57 +0100] "GET /lexikon.php?cs_go=3&cs_id=17 HTTP/1.1" 200 8461 "-" "Mozilla/5.0 (compatible; AhrefsBot/4.0; +http://ahrefs.com/robot/)"
141.8.147.12 - - [17/Mar/2013:10:44:51 +0100] "GET /news.php?cs_go=archiv&cs_startpos=680 HTTP/1.1" 200 8125 "-" "Mozilla/5.0 (compatible; YandexBot/3.0; +http://yandex.com/bots)"
173.199.120.35 - - [17/Mar/2013:11:17:17 +0100] "GET /lexikon.php?cs_go=3&cs_id=76 HTTP/1.1" 200 8523 "-" "Mozilla/5.0 (compatible; AhrefsBot/4.0; +http://ahrefs.com/robot/)"
66.249.78.46 - - [17/Mar/2013:11:22:40 +0100] "GET /news.php?cs_go=archiv&cs_id=3220 HTTP/1.1" 200 12759 "-" "Mozilla/5.0 (compatible; Googlebot/2.1; +http://www.google.com/bot.html)"
66.249.78.46 - - [17/Mar/2013:11:34:49 +0100] "GET /news.php?cs_go=archiv&cs_id=3308&cs_search= HTTP/1.1" 200 13470 "-" "Mozilla/5.0 (compatible; Googlebot/2.1; +http://www.google.com/bot.html)"
66.249.78.46 - - [17/Mar/2013:11:38:55 +0100] "GET /news.php?cs_go=archiv&cs_id=3063 HTTP/1.1" 200 13139 "-" "Mozilla/5.0 (compatible; Googlebot/2.1; +http://www.google.com/bot.html)"
141.8.147.12 - - [17/Mar/2013:11:42:53 +0100] "GET /news.php?cs_go=archiv&cs_startpos=720 HTTP/1.1" 200 8125 "-" "Mozilla/5.0 (compatible; YandexBot/3.0; +http://yandex.com/bots)"
141.8.147.12 - - [17/Mar/2013:11:42:55 +0100] "GET /images/wunschpreis.jpg HTTP/1.1" 304 - "-" "Mozilla/5.0 (compatible; YandexImages/3.0; +http://yandex.com/bots)"
188.138.110.107 - - [17/Mar/2013:11:50:38 +0100] "GET /preisanfrage.php HTTP/1.1" 200 10734 "-" "Mozilla/4.0 (compatible; MSIE 6.0; Windows 98; Win 9x4.90)"
66.249.78.46 - - [17/Mar/2013:12:03:38 +0100] "GET /news.php?cs_go=archiv&cs_id=3019&cs_search= HTTP/1.1" 200 11437 "-" "Mozilla/5.0 (compatible; Googlebot/2.1; +http://www.google.com/bot.html)"
173.199.120.35 - - [17/Mar/2013:12:15:26 +0100] "GET /modernisierung.php?cs_gp_go=coupon HTTP/1.1" 200 10192 "-" "Mozilla/5.0 (compatible; AhrefsBot/4.0; +http://ahrefs.com/robot/)"
66.249.78.46 - - [17/Mar/2013:12:36:58 +0100] "GET /news.php?cs_go=archiv&cs_id=3321 HTTP/1.1" 200 9837 "-" "Mozilla/5.0 (compatible; Googlebot/2.1; +http://www.google.com/bot.html)"
139.18.2.209 - - [17/Mar/2013:12:57:08 +0100] "GET /energiesparcheck.php HTTP/1.1" 200 7013 "-" "findlinks/2.6 (+http://wortschatz.uni-leipzig.de/findlinks/)"
139.18.2.209 - - [17/Mar/2013:12:57:09 +0100] "GET /energiesparcheck.php HTTP/1.1" 200 13494 "-" "findlinks/2.6 (+http://wortschatz.uni-leipzig.de/findlinks/)"
139.18.2.209 - - [17/Mar/2013:13:07:15 +0100] "GET /news.php?cs_go=archiv&cs_startpos=0 HTTP/1.1" 200 6992 "-" "findlinks/2.6 (+http://wortschatz.uni-leipzig.de/findlinks/)"
139.18.2.209 - - [17/Mar/2013:13:07:15 +0100] "GET /news.php?cs_go=archiv&cs_startpos=0 HTTP/1.1" 200 21953 "-" "findlinks/2.6 (+http://wortschatz.uni-leipzig.de/findlinks/)"
141.8.147.12 - - [17/Mar/2013:13:22:21 +0100] "GET /news.php?cs_go=archiv&cs_startpos=770 HTTP/1.1" 200 8125 "-" "Mozilla/5.0 (compatible; YandexBot/3.0; +http://yandex.com/bots)"
173.199.120.35 - - [17/Mar/2013:13:25:44 +0100] "GET /lexikon.php?cs_go=3&cs_id=145 HTTP/1.1" 200 8910 "-" "Mozilla/5.0 (compatible; AhrefsBot/4.0; +http://ahrefs.com/robot/)"
66.249.78.46 - - [17/Mar/2013:13:54:02 +0100] "GET /news.php HTTP/1.1" 200 22040 "-" "Mozilla/5.0 (compatible; Googlebot/2.1; +http://www.google.com/bot.html)"
66.249.78.46 - - [17/Mar/2013:14:04:47 +0100] "GET /news.php?cs_go=archiv&cs_id=4019&cs_search= HTTP/1.1" 200 11628 "-" "Mozilla/5.0 (compatible; Googlebot/2.1; +http://www.google.com/bot.html)"
66.249.78.46 - - [17/Mar/2013:14:05:34 +0100] "GET /images/RAL_Guetezeichen_Energiehandel.pdf HTTP/1.1" 200 288367 "-" "SAMSUNG-SGH-E250/1.0 Profile/MIDP-2.0 Configuration/CLDC-1.1 UP.Browser/6.2.3.3.c.1.101 (GUI) MMP/2.0 (compatible; Googlebot-Mobile/2.1; +http://www.google.com/bot.html)"
65.36.241.79 - - [17/Mar/2013:14:09:37 +0100] "HEAD / HTTP/1.1" 200 - "-" "InternetSeer.com"
208.115.111.75 - - [17/Mar/2013:14:45:43 +0100] "GET /robots.txt HTTP/1.1" 200 177 "-" "Mozilla/5.0 (compatible; Ezooms/1.0; ezooms.bot@gmail.com)"
173.199.120.35 - - [17/Mar/2013:14:48:01 +0100] "GET /lexikon.php?cs_go=3&cs_id=139 HTTP/1.1" 200 8194 "-" "Mozilla/5.0 (compatible; AhrefsBot/4.0; +http://ahrefs.com/robot/)"
141.8.147.12 - - [17/Mar/2013:14:56:27 +0100] "GET /news.php?cs_go=archiv&cs_startpos=730 HTTP/1.1" 200 8125 "-" "Mozilla/5.0 (compatible; YandexBot/3.0; +http://yandex.com/bots)"
66.249.78.46 - - [17/Mar/2013:15:29:26 +0100] "GET /news.php?cs_go=archiv&cs_startpos=250 HTTP/1.1" 200 8493 "-" "Mozilla/5.0 (compatible; Googlebot/2.1; +http://www.google.com/bot.html)"
66.249.78.46 - - [17/Mar/2013:15:43:18 +0100] "GET /robots.txt HTTP/1.1" 200 177 "-" "Mozilla/5.0 (compatible; Googlebot/2.1; +http://www.google.com/bot.html)"
66.249.78.46 - - [17/Mar/2013:15:43:18 +0100] "GET /news.php?cs_go=archiv&cs_id=3890 HTTP/1.1" 200 11275 "-" "Mozilla/5.0 (compatible; Googlebot/2.1; +http://www.google.com/bot.html)"
66.249.78.46 - - [17/Mar/2013:15:48:01 +0100] "GET /news.php?cs_go=archiv&cs_id=3892 HTTP/1.1" 200 11775 "-" "Mozilla/5.0 (compatible; Googlebot/2.1; +http://www.google.com/bot.html)"
66.249.75.49 - - [17/Mar/2013:15:51:52 +0100] "GET /optiplus.php HTTP/1.1" 200 11100 "-" "DoCoMo/2.0 N905i(c100;TB;W24H16) (compatible; Googlebot-Mobile/2.1; +http://www.google.com/bot.html)"
66.249.78.46 - - [17/Mar/2013:15:54:50 +0100] "GET /news.php?cs_go=archiv&cs_id=2838 HTTP/1.1" 200 9980 "-" "Mozilla/5.0 (compatible; Googlebot/2.1; +http://www.google.com/bot.html)"
66.249.78.46 - - [17/Mar/2013:16:06:27 +0100] "GET /news.php?cs_go=archiv&cs_id=3893 HTTP/1.1" 200 13565 "-" "Mozilla/5.0 (compatible; Googlebot/2.1; +http://www.google.com/bot.html)"
66.249.75.49 - - [17/Mar/2013:16:30:21 +0100] "GET /news.php?cs_go=archiv&cs_id=3974 HTTP/1.1" 200 9976 "-" "Mozilla/5.0 (compatible; Googlebot/2.1; +http://www.google.com/bot.html)"
123.125.71.31 - - [17/Mar/2013:16:31:06 +0100] "GET / HTTP/1.1" 200 8692 "-" "Mozilla/5.0 (compatible; Baiduspider/2.0; +http://www.baidu.com/search/spider.html)"
141.8.147.12 - - [17/Mar/2013:16:31:08 +0100] "GET /news.php?cs_go=archiv&cs_id=4003&cs_search= HTTP/1.1" 200 10298 "-" "Mozilla/5.0 (compatible; YandexBot/3.0; +http://yandex.com/bots)"
220.181.108.93 - - [17/Mar/2013:16:31:38 +0100] "GET / HTTP/1.1" 200 12106 "-" "Mozilla/5.0 (compatible; Baiduspider/2.0; +http://www.baidu.com/search/spider.html)"
66.249.78.46 - - [17/Mar/2013:16:40:06 +0100] "GET / HTTP/1.1" 200 12106 "-" "Mozilla/5.0 (compatible; Googlebot/2.1; +http://www.google.com/bot.html)"
208.115.111.75 - - [17/Mar/2013:16:41:35 +0100] "GET /news.php?cs_go=archiv&cs_id=3931&cs_search= HTTP/1.1" 200 13536 "-" "Mozilla/5.0 (compatible; Ezooms/1.0; ezooms.bot@gmail.com)"
208.115.113.91 - - [17/Mar/2013:16:42:10 +0100] "GET /robots.txt HTTP/1.1" 200 177 "-" "Mozilla/5.0 (compatible; Ezooms/1.0; ezooms.bot@gmail.com)"
66.249.78.46 - - [17/Mar/2013:16:55:30 +0100] "GET /jobs.php HTTP/1.1" 200 7200 "-" "Mozilla/5.0 (compatible; Googlebot/2.1; +http://www.google.com/bot.html)"
141.8.147.12 - - [17/Mar/2013:17:40:05 +0100] "GET /news.php?cs_go=archiv&cs_id=3985&cs_search= HTTP/1.1" 200 9745 "-" "Mozilla/5.0 (compatible; YandexBot/3.0; +http://yandex.com/bots)"
66.249.78.46 - - [17/Mar/2013:17:42:43 +0100] "GET /news.php?cs_go=archiv&cs_id=3684 HTTP/1.1" 200 13518 "-" "Mozilla/5.0 (compatible; Googlebot/2.1; +http://www.google.com/bot.html)"
66.249.78.46 - - [17/Mar/2013:17:52:59 +0100] "GET /news.php?cs_go=archiv&cs_id=3790 HTTP/1.1" 200 10256 "-" "Mozilla/5.0 (compatible; Googlebot/2.1; +http://www.google.com/bot.html)"
66.249.78.46 - - [17/Mar/2013:17:58:00 +0100] "GET /news.php?cs_go=archiv&cs_id=3789 HTTP/1.1" 200 9858 "-" "Mozilla/5.0 (compatible; Googlebot/2.1; +http://www.google.com/bot.html)"
66.249.78.46 - - [17/Mar/2013:18:08:23 +0100] "GET /news.php?cs_go=archiv&cs_id=3881 HTTP/1.1" 200 11720 "-" "Mozilla/5.0 (compatible; Googlebot/2.1; +http://www.google.com/bot.html)"
66.249.78.46 - - [17/Mar/2013:18:11:38 +0100] "GET /news.php?cs_go=archiv&cs_id=3880 HTTP/1.1" 200 13538 "-" "Mozilla/5.0 (compatible; Googlebot/2.1; +http://www.google.com/bot.html)"
173.199.120.35 - - [17/Mar/2013:18:13:51 +0100] "GET /lexikon.php?cs_go=3&cs_id=180 HTTP/1.1" 200 9077 "-" "Mozilla/5.0 (compatible; AhrefsBot/4.0; +http://ahrefs.com/robot/)"
66.249.75.49 - - [17/Mar/2013:18:26:28 +0100] "GET /news.php?cs_go=archiv&cs_id=3970 HTTP/1.1" 200 10345 "-" "DoCoMo/2.0 N905i(c100;TB;W24H16) (compatible; Googlebot-Mobile/2.1; +http://www.google.com/bot.html)"
