81.30.151.218 - - [06/Mar/2013:22:20:18 +0100] "GET /lexikon.php?cs_go=3&cs_id=121 HTTP/1.1" 200 8373 "-" "Pixray-Seeker/2.0 (Pixray-Seeker; +http://www.pixray.com/pixraybot; +crawler@pixray.com)"
81.30.151.218 - - [06/Mar/2013:22:28:51 +0100] "GET /news.php?cs_go=archiv&cs_id=2016&cs_search= HTTP/1.1" 200 7887 "-" "Pixray-Seeker/2.0 (Pixray-Seeker; +http://www.pixray.com/pixraybot; +crawler@pixray.com)"
81.30.151.218 - - [06/Mar/2013:22:30:02 +0100] "GET /news.php?cs_go=archiv&cs_id=1637&cs_search= HTTP/1.1" 200 7887 "-" "Pixray-Seeker/2.0 (Pixray-Seeker; +http://www.pixray.com/pixraybot; +crawler@pixray.com)"
81.30.151.218 - - [06/Mar/2013:22:31:57 +0100] "GET /lexikon.php?cs_go=2&cs_char=g HTTP/1.1" 200 9126 "-" "Pixray-Seeker/2.0 (Pixray-Seeker; +http://www.pixray.com/pixraybot; +crawler@pixray.com)"
81.30.151.218 - - [06/Mar/2013:22:38:43 +0100] "GET /news.php?cs_go=archiv&cs_id=2106&cs_search= HTTP/1.1" 200 7887 "-" "Pixray-Seeker/2.0 (Pixray-Seeker; +http://www.pixray.com/pixraybot; +crawler@pixray.com)"
208.115.111.75 - - [06/Mar/2013:22:41:19 +0100] "GET /robots.txt HTTP/1.1" 200 177 "-" "Mozilla/5.0 (compatible; Ezooms/1.0; ezooms.bot@gmail.com)"
81.30.151.218 - - [06/Mar/2013:22:44:33 +0100] "GET /news.php?cs_go=archiv&cs_id=1867&cs_search= HTTP/1.1" 200 7887 "-" "Pixray-Seeker/2.0 (Pixray-Seeker; +http://www.pixray.com/pixraybot; +crawler@pixray.com)"
66.249.76.46 - - [06/Mar/2013:22:46:39 +0100] "GET /news.php?cs_go=archiv&cs_id=3959&cs_search= HTTP/1.1" 200 10701 "-" "SAMSUNG-SGH-E250/1.0 Profile/MIDP-2.0 Configuration/CLDC-1.1 UP.Browser/6.2.3.3.c.1.101 (GUI) MMP/2.0 (compatible; Googlebot-Mobile/2.1; +http://www.google.com/bot.html)"
81.30.151.218 - - [06/Mar/2013:22:50:49 +0100] "GET /news.php?cs_go=archiv&cs_id=1735&cs_search= HTTP/1.1" 200 7887 "-" "Pixray-Seeker/2.0 (Pixray-Seeker; +http://www.pixray.com/pixraybot; +crawler@pixray.com)"
208.115.113.91 - - [06/Mar/2013:22:52:16 +0100] "GET /.php HTTP/1.1" 404 - "-" "Mozilla/5.0 (compatible; Ezooms/1.0; ezooms.bot@gmail.com)"
208.115.113.91 - - [06/Mar/2013:22:52:21 +0100] "GET /rueckrufservice.php HTTP/1.1" 200 10770 "-" "Mozilla/5.0 (compatible; Ezooms/1.0; ezooms.bot@gmail.com)"
81.30.151.218 - - [06/Mar/2013:22:59:50 +0100] "GET /news.php?cs_go=archiv&cs_id=1717&cs_search= HTTP/1.1" 200 7887 "-" "Pixray-Seeker/2.0 (Pixray-Seeker; +http://www.pixray.com/pixraybot; +crawler@pixray.com)"
66.249.76.46 - - [06/Mar/2013:23:05:59 +0100] "GET /images/tkw.jpg HTTP/1.1" 200 64031 "-" "Googlebot-Image/1.0"
81.30.151.218 - - [06/Mar/2013:23:20:42 +0100] "GET /news.php?cs_go=archiv&cs_id=1687&cs_search= HTTP/1.1" 200 7887 "-" "Pixray-Seeker/2.0 (Pixray-Seeker; +http://www.pixray.com/pixraybot; +crawler@pixray.com)"
81.30.151.218 - - [06/Mar/2013:23:23:18 +0100] "GET /news.php?cs_go=archiv&cs_id=2030&cs_search= HTTP/1.1" 200 7887 "-" "Pixray-Seeker/2.0 (Pixray-Seeker; +http://www.pixray.com/pixraybot; +crawler@pixray.com)"
81.30.151.218 - - [06/Mar/2013:23:24:08 +0100] "GET /news.php?cs_go=archiv&cs_id=1651&cs_search= HTTP/1.1" 200 7887 "-" "Pixray-Seeker/2.0 (Pixray-Seeker; +http://www.pixray.com/pixraybot; +crawler@pixray.com)"
173.199.119.27 - - [06/Mar/2013:23:48:22 +0100] "GET /lexikon.php?cs_go=3&cs_id=38 HTTP/1.1" 200 8135 "-" "Mozilla/5.0 (compatible; AhrefsBot/4.0; +http://ahrefs.com/robot/)"
81.30.151.218 - - [06/Mar/2013:23:51:33 +0100] "GET /news.php?cs_go=archiv&cs_id=1737&cs_search= HTTP/1.1" 200 7887 "-" "Pixray-Seeker/2.0 (Pixray-Seeker; +http://www.pixray.com/pixraybot; +crawler@pixray.com)"
81.30.151.218 - - [07/Mar/2013:00:01:54 +0100] "GET /robots.txt HTTP/1.1" 200 177 "-" "Pixray-Seeker/2.0 (Pixray-Seeker; +http://www.pixray.com/pixraybot; +crawler@pixray.com)"
81.30.151.218 - - [07/Mar/2013:00:01:56 +0100] "GET /news.php?cs_go=archiv&cs_id=2704&cs_search= HTTP/1.1" 200 7887 "-" "Pixray-Seeker/2.0 (Pixray-Seeker; +http://www.pixray.com/pixraybot; +crawler@pixray.com)"
81.30.151.218 - - [07/Mar/2013:00:01:54 +0100] "GET /news.php?cs_go=archiv&cs_id=2309&cs_search= HTTP/1.1" 200 7887 "-" "Pixray-Seeker/2.0 (Pixray-Seeker; +http://www.pixray.com/pixraybot; +crawler@pixray.com)"
81.30.151.218 - - [07/Mar/2013:00:07:47 +0100] "GET /news.php?cs_go=archiv&cs_id=1796&cs_search= HTTP/1.1" 200 7887 "-" "Pixray-Seeker/2.0 (Pixray-Seeker; +http://www.pixray.com/pixraybot; +crawler@pixray.com)"
65.36.241.79 - - [07/Mar/2013:00:12:20 +0100] "HEAD / HTTP/1.1" 200 - "-" "InternetSeer.com"
81.30.151.218 - - [07/Mar/2013:00:17:34 +0100] "GET /news.php?cs_go=archiv&cs_id=2011&cs_search= HTTP/1.1" 200 7887 "-" "Pixray-Seeker/2.0 (Pixray-Seeker; +http://www.pixray.com/pixraybot; +crawler@pixray.com)"
66.249.76.46 - - [07/Mar/2013:00:24:39 +0100] "GET / HTTP/1.1" 200 15333 "-" "Mozilla/5.0 (compatible; Googlebot/2.1; +http://www.google.com/bot.html)"
81.30.151.218 - - [07/Mar/2013:00:28:10 +0100] "GET /news.php?cs_go=archiv&cs_id=2323&cs_search= HTTP/1.1" 200 7887 "-" "Pixray-Seeker/2.0 (Pixray-Seeker; +http://www.pixray.com/pixraybot; +crawler@pixray.com)"
81.30.151.218 - - [07/Mar/2013:00:28:11 +0100] "GET /news.php?cs_go=archiv&cs_id=2973&cs_search= HTTP/1.1" 200 9720 "-" "Pixray-Seeker/2.0 (Pixray-Seeker; +http://www.pixray.com/pixraybot; +crawler@pixray.com)"
208.115.111.75 - - [07/Mar/2013:00:33:28 +0100] "GET /news.php?cs_go=archiv&cs_id=3874&cs_search= HTTP/1.1" 200 12941 "-" "Mozilla/5.0 (compatible; Ezooms/1.0; ezooms.bot@gmail.com)"
81.30.151.218 - - [07/Mar/2013:00:34:55 +0100] "GET /news.php?cs_go=archiv&cs_id=2225&cs_search= HTTP/1.1" 200 7887 "-" "Pixray-Seeker/2.0 (Pixray-Seeker; +http://www.pixray.com/pixraybot; +crawler@pixray.com)"
208.115.113.91 - - [07/Mar/2013:00:41:04 +0100] "GET /robots.txt HTTP/1.1" 200 177 "-" "Mozilla/5.0 (compatible; Ezooms/1.0; ezooms.bot@gmail.com)"
66.249.76.46 - - [07/Mar/2013:00:42:26 +0100] "GET /impressum.php HTTP/1.1" 200 8582 "-" "Mozilla/5.0 (iPhone; U; CPU iPhone OS 4_1 like Mac OS X; en-us) AppleWebKit/532.9 (KHTML, like Gecko) Version/4.0.5 Mobile/8B117 Safari/6531.22.7 (compatible; Googlebot-Mobile/2.1; +http://www.google.com/bot.html)"
81.30.151.218 - - [07/Mar/2013:00:48:26 +0100] "GET /news.php?cs_go=archiv&cs_id=2448&cs_search= HTTP/1.1" 200 7887 "-" "Pixray-Seeker/2.0 (Pixray-Seeker; +http://www.pixray.com/pixraybot; +crawler@pixray.com)"
81.30.151.218 - - [07/Mar/2013:00:51:38 +0100] "GET /news.php?cs_go=archiv&cs_id=2412&cs_search= HTTP/1.1" 200 7887 "-" "Pixray-Seeker/2.0 (Pixray-Seeker; +http://www.pixray.com/pixraybot; +crawler@pixray.com)"
81.30.151.218 - - [07/Mar/2013:00:59:13 +0100] "GET /news.php?cs_go=archiv&cs_id=3060&cs_search= HTTP/1.1" 200 13727 "-" "Pixray-Seeker/2.0 (Pixray-Seeker; +http://www.pixray.com/pixraybot; +crawler@pixray.com)"
81.30.151.218 - - [07/Mar/2013:01:17:47 +0100] "GET /news.php?cs_go=archiv&cs_id=2462&cs_search= HTTP/1.1" 200 7887 "-" "Pixray-Seeker/2.0 (Pixray-Seeker; +http://www.pixray.com/pixraybot; +crawler@pixray.com)"
173.199.119.27 - - [07/Mar/2013:01:21:23 +0100] "GET /news.php?cs_go=archiv&cs_id=3975&cs_search= HTTP/1.1" 200 10834 "-" "Mozilla/5.0 (compatible; AhrefsBot/4.0; +http://ahrefs.com/robot/)"
81.30.151.218 - - [07/Mar/2013:01:36:32 +0100] "GET /lexikon.php?cs_go=3&cs_id=114 HTTP/1.1" 200 8684 "-" "Pixray-Seeker/2.0 (Pixray-Seeker; +http://www.pixray.com/pixraybot; +crawler@pixray.com)"
81.30.151.218 - - [07/Mar/2013:01:46:48 +0100] "GET /news.php?cs_go=archiv&cs_id=3166&cs_search= HTTP/1.1" 200 13667 "-" "Pixray-Seeker/2.0 (Pixray-Seeker; +http://www.pixray.com/pixraybot; +crawler@pixray.com)"
81.30.151.218 - - [07/Mar/2013:02:12:59 +0100] "GET /lexikon.php?cs_go=3&cs_id=141 HTTP/1.1" 200 8876 "-" "Pixray-Seeker/2.0 (Pixray-Seeker; +http://www.pixray.com/pixraybot; +crawler@pixray.com)"
81.30.151.218 - - [07/Mar/2013:02:21:13 +0100] "GET /news.php?cs_go=archiv&cs_id=3223&cs_search= HTTP/1.1" 200 13503 "-" "Pixray-Seeker/2.0 (Pixray-Seeker; +http://www.pixray.com/pixraybot; +crawler@pixray.com)"
81.30.151.218 - - [07/Mar/2013:02:42:29 +0100] "GET /news.php?cs_go=archiv&cs_id=3497&cs_search= HTTP/1.1" 200 13297 "-" "Pixray-Seeker/2.0 (Pixray-Seeker; +http://www.pixray.com/pixraybot; +crawler@pixray.com)"
81.30.151.218 - - [07/Mar/2013:02:47:02 +0100] "GET /news.php?cs_go=archiv&cs_startpos=1510 HTTP/1.1" 200 8126 "-" "Pixray-Seeker/2.0 (Pixray-Seeker; +http://www.pixray.com/pixraybot; +crawler@pixray.com)"
208.115.113.91 - - [07/Mar/2013:02:50:32 +0100] "GET /kwk.php?cs_go=2 HTTP/1.1" 200 11855 "-" "Mozilla/5.0 (compatible; Ezooms/1.0; ezooms.bot@gmail.com)"
208.115.113.91 - - [07/Mar/2013:02:50:35 +0100] "GET /lexikon.php?cs_go=2&cs_char=k HTTP/1.1" 200 9879 "-" "Mozilla/5.0 (compatible; Ezooms/1.0; ezooms.bot@gmail.com)"
208.115.113.91 - - [07/Mar/2013:02:50:38 +0100] "GET /news.php?cs_go=archiv&cs_id=3881&cs_search= HTTP/1.1" 200 11720 "-" "Mozilla/5.0 (compatible; Ezooms/1.0; ezooms.bot@gmail.com)"
81.30.151.218 - - [07/Mar/2013:02:55:16 +0100] "GET /news.php?cs_go=archiv&cs_id=1820&cs_search= HTTP/1.1" 200 7887 "-" "Pixray-Seeker/2.0 (Pixray-Seeker; +http://www.pixray.com/pixraybot; +crawler@pixray.com)"
173.199.119.27 - - [07/Mar/2013:02:58:36 +0100] "GET /news.php?cs_go=archiv&cs_id=3971 HTTP/1.1" 200 9776 "-" "Mozilla/5.0 (compatible; AhrefsBot/4.0; +http://ahrefs.com/robot/)"
81.30.151.218 - - [07/Mar/2013:03:06:07 +0100] "GET /robots.txt HTTP/1.1" 200 177 "-" "Pixray-Seeker/2.0 (Pixray-Seeker; +http://www.pixray.com/pixraybot; +crawler@pixray.com)"
81.30.151.218 - - [07/Mar/2013:03:06:07 +0100] "GET /news.php?cs_go=archiv&cs_id=2794&cs_search= HTTP/1.1" 200 13711 "-" "Pixray-Seeker/2.0 (Pixray-Seeker; +http://www.pixray.com/pixraybot; +crawler@pixray.com)"
141.8.147.12 - - [07/Mar/2013:03:08:32 +0100] "GET /news.php?cs_go=archiv&cs_startpos=680 HTTP/1.1" 200 8125 "-" "Mozilla/5.0 (compatible; YandexBot/3.0; +http://yandex.com/bots)"
81.30.151.218 - - [07/Mar/2013:03:12:22 +0100] "GET /lexikon.php?cs_go=3&cs_id=148 HTTP/1.1" 200 8520 "-" "Pixray-Seeker/2.0 (Pixray-Seeker; +http://www.pixray.com/pixraybot; +crawler@pixray.com)"
66.249.76.46 - - [07/Mar/2013:03:21:29 +0100] "GET /news.php?cs_go=archiv&cs_id=3741&cs_search= HTTP/1.1" 200 16831 "-" "Mozilla/5.0 (compatible; Googlebot/2.1; +http://www.google.com/bot.html)"
81.30.151.218 - - [07/Mar/2013:03:28:42 +0100] "GET /news.php?cs_go=archiv&cs_id=3691 HTTP/1.1" 200 13607 "-" "Pixray-Seeker/2.0 (Pixray-Seeker; +http://www.pixray.com/pixraybot; +crawler@pixray.com)"
81.30.151.218 - - [07/Mar/2013:03:28:53 +0100] "GET /news.php?cs_go=archiv&cs_id=2025&cs_search= HTTP/1.1" 200 7887 "-" "Pixray-Seeker/2.0 (Pixray-Seeker; +http://www.pixray.com/pixraybot; +crawler@pixray.com)"
66.249.76.46 - - [07/Mar/2013:03:30:03 +0100] "GET /news.php?cs_go=archiv&cs_id=3743&cs_search= HTTP/1.1" 200 10811 "-" "Mozilla/5.0 (compatible; Googlebot/2.1; +http://www.google.com/bot.html)"
81.30.151.218 - - [07/Mar/2013:03:35:19 +0100] "GET /news.php?cs_go=archiv&cs_startpos=481 HTTP/1.1" 200 8125 "-" "Pixray-Seeker/2.0 (Pixray-Seeker; +http://www.pixray.com/pixraybot; +crawler@pixray.com)"
173.199.118.171 - - [07/Mar/2013:03:35:36 +0100] "GET /robots.txt HTTP/1.1" 200 177 "-" "Mozilla/5.0 (compatible; AhrefsBot/4.0; +http://ahrefs.com/robot/)"
81.30.151.218 - - [07/Mar/2013:03:38:33 +0100] "GET /news.php?cs_go=archiv&cs_startpos=420 HTTP/1.1" 200 8125 "-" "Pixray-Seeker/2.0 (Pixray-Seeker; +http://www.pixray.com/pixraybot; +crawler@pixray.com)"
66.249.76.46 - - [07/Mar/2013:03:42:18 +0100] "GET /news.php?cs_go=archiv&cs_id=3964&cs_search= HTTP/1.1" 200 12123 "-" "DoCoMo/2.0 N905i(c100;TB;W24H16) (compatible; Googlebot-Mobile/2.1; +http://www.google.com/bot.html)"
173.199.119.27 - - [07/Mar/2013:03:42:34 +0100] "GET /lexikon.php?cs_go=3&cs_id=31 HTTP/1.1" 200 8002 "-" "Mozilla/5.0 (compatible; AhrefsBot/4.0; +http://ahrefs.com/robot/)"
66.249.76.46 - - [07/Mar/2013:04:01:43 +0100] "GET /kwk.php?cs_go=1 HTTP/1.1" 200 7504 "-" "Mozilla/5.0 (compatible; Googlebot/2.1; +http://www.google.com/bot.html)"
66.249.76.46 - - [07/Mar/2013:04:08:18 +0100] "GET /kwk.php?cs_go=1 HTTP/1.1" 200 10884 "-" "Mozilla/5.0 (compatible; Googlebot/2.1; +http://www.google.com/bot.html)"
81.30.151.218 - - [07/Mar/2013:04:08:20 +0100] "GET /news.php?cs_go=archiv&cs_id=2305&cs_search= HTTP/1.1" 200 7887 "-" "Pixray-Seeker/2.0 (Pixray-Seeker; +http://www.pixray.com/pixraybot; +crawler@pixray.com)"
81.30.151.218 - - [07/Mar/2013:04:29:12 +0100] "GET /news.php?cs_go=archiv&cs_id=3687&cs_search= HTTP/1.1" 200 13333 "-" "Pixray-Seeker/2.0 (Pixray-Seeker; +http://www.pixray.com/pixraybot; +crawler@pixray.com)"
81.30.151.218 - - [07/Mar/2013:04:30:00 +0100] "GET /news.php?cs_go=archiv&cs_id=3077&cs_search= HTTP/1.1" 200 9940 "-" "Pixray-Seeker/2.0 (Pixray-Seeker; +http://www.pixray.com/pixraybot; +crawler@pixray.com)"
173.199.119.27 - - [07/Mar/2013:04:33:13 +0100] "GET /lexikon.php?cs_go=3&cs_id=225 HTTP/1.1" 200 8216 "-" "Mozilla/5.0 (compatible; AhrefsBot/4.0; +http://ahrefs.com/robot/)"
81.30.151.218 - - [07/Mar/2013:04:36:40 +0100] "GET /news.php?cs_go=archiv&cs_id=2922&cs_search= HTTP/1.1" 200 9852 "-" "Pixray-Seeker/2.0 (Pixray-Seeker; +http://www.pixray.com/pixraybot; +crawler@pixray.com)"
141.8.147.12 - - [07/Mar/2013:04:37:03 +0100] "GET /news.php?cs_go=archiv&cs_startpos=710 HTTP/1.1" 200 8125 "-" "Mozilla/5.0 (compatible; YandexBot/3.0; +http://yandex.com/bots)"
208.115.113.91 - - [07/Mar/2013:04:46:11 +0100] "GET /robots.txt HTTP/1.1" 200 177 "-" "Mozilla/5.0 (compatible; Ezooms/1.0; ezooms.bot@gmail.com)"
66.249.76.46 - - [07/Mar/2013:04:56:49 +0100] "GET /news.php?cs_go=archiv&cs_startpos=520 HTTP/1.1" 200 8125 "-" "Mozilla/5.0 (compatible; Googlebot/2.1; +http://www.google.com/bot.html)"
81.30.151.218 - - [07/Mar/2013:05:03:31 +0100] "GET /news.php?cs_go=archiv&cs_id=2765&cs_search= HTTP/1.1" 200 10218 "-" "Pixray-Seeker/2.0 (Pixray-Seeker; +http://www.pixray.com/pixraybot; +crawler@pixray.com)"
81.30.151.218 - - [07/Mar/2013:05:12:30 +0100] "GET /news.php?cs_go=archiv&cs_startpos=720 HTTP/1.1" 200 8125 "-" "Pixray-Seeker/2.0 (Pixray-Seeker; +http://www.pixray.com/pixraybot; +crawler@pixray.com)"
65.36.241.79 - - [07/Mar/2013:05:36:22 +0100] "HEAD / HTTP/1.1" 200 - "-" "InternetSeer.com"
66.249.76.46 - - [07/Mar/2013:05:40:15 +0100] "GET /news.php?cs_go=archiv&cs_id=2850&cs_search= HTTP/1.1" 200 13590 "-" "Mozilla/5.0 (compatible; Googlebot/2.1; +http://www.google.com/bot.html)"
176.9.139.112 - - [07/Mar/2013:05:47:36 +0100] "GET /robots.txt HTTP/1.1" 200 177 "-" "Mozilla/5.0 (compatible; SISTRIX Crawler; http://crawler.sistrix.net/)"
176.9.139.112 - - [07/Mar/2013:05:47:37 +0100] "GET / HTTP/1.1" 200 15333 "-" "Mozilla/5.0 (compatible; SISTRIX Crawler; http://crawler.sistrix.net/)"
176.9.139.112 - - [07/Mar/2013:05:47:37 +0100] "GET /rueckrufservice.php HTTP/1.1" 200 10770 "-" "Mozilla/5.0 (compatible; SISTRIX Crawler; http://crawler.sistrix.net/)"
176.9.139.112 - - [07/Mar/2013:05:47:38 +0100] "GET /newsletter.php HTTP/1.1" 200 8928 "-" "Mozilla/5.0 (compatible; SISTRIX Crawler; http://crawler.sistrix.net/)"
176.9.139.112 - - [07/Mar/2013:05:47:38 +0100] "GET /kontakt.php HTTP/1.1" 200 9198 "-" "Mozilla/5.0 (compatible; SISTRIX Crawler; http://crawler.sistrix.net/)"
176.9.139.112 - - [07/Mar/2013:05:47:38 +0100] "GET /news.php HTTP/1.1" 200 22013 "-" "Mozilla/5.0 (compatible; SISTRIX Crawler; http://crawler.sistrix.net/)"
176.9.139.112 - - [07/Mar/2013:05:47:39 +0100] "GET /kwk.php HTTP/1.1" 200 10884 "-" "Mozilla/5.0 (compatible; SISTRIX Crawler; http://crawler.sistrix.net/)"
176.9.139.112 - - [07/Mar/2013:05:47:39 +0100] "GET /preisanfrage.php HTTP/1.1" 200 10734 "-" "Mozilla/5.0 (compatible; SISTRIX Crawler; http://crawler.sistrix.net/)"
176.9.139.112 - - [07/Mar/2013:05:47:39 +0100] "GET /jobs.php HTTP/1.1" 200 10090 "-" "Mozilla/5.0 (compatible; SISTRIX Crawler; http://crawler.sistrix.net/)"
176.9.139.112 - - [07/Mar/2013:05:47:40 +0100] "GET /standard.php HTTP/1.1" 200 9218 "-" "Mozilla/5.0 (compatible; SISTRIX Crawler; http://crawler.sistrix.net/)"
176.9.139.112 - - [07/Mar/2013:05:47:40 +0100] "GET /optiplus.php HTTP/1.1" 200 11100 "-" "Mozilla/5.0 (compatible; SISTRIX Crawler; http://crawler.sistrix.net/)"
176.9.139.112 - - [07/Mar/2013:05:47:40 +0100] "GET /impressum.php HTTP/1.1" 200 8582 "-" "Mozilla/5.0 (compatible; SISTRIX Crawler; http://crawler.sistrix.net/)"
176.9.139.112 - - [07/Mar/2013:05:47:40 +0100] "GET /wunschpreis.php HTTP/1.1" 200 12084 "-" "Mozilla/5.0 (compatible; SISTRIX Crawler; http://crawler.sistrix.net/)"
176.9.139.112 - - [07/Mar/2013:05:47:41 +0100] "GET /agb.php HTTP/1.1" 200 19709 "-" "Mozilla/5.0 (compatible; SISTRIX Crawler; http://crawler.sistrix.net/)"
176.9.139.112 - - [07/Mar/2013:05:47:41 +0100] "GET /index.php HTTP/1.1" 200 15333 "-" "Mozilla/5.0 (compatible; SISTRIX Crawler; http://crawler.sistrix.net/)"
176.9.139.112 - - [07/Mar/2013:05:47:42 +0100] "GET /news.php?cs_go=archiv&cs_id=3987 HTTP/1.1" 200 13023 "-" "Mozilla/5.0 (compatible; SISTRIX Crawler; http://crawler.sistrix.net/)"
176.9.139.112 - - [07/Mar/2013:05:47:42 +0100] "GET /news.php?cs_go=archiv&cs_id=3989 HTTP/1.1" 200 12025 "-" "Mozilla/5.0 (compatible; SISTRIX Crawler; http://crawler.sistrix.net/)"
176.9.139.112 - - [07/Mar/2013:05:47:42 +0100] "GET /news.php?cs_go=archiv&cs_id=3988 HTTP/1.1" 200 10101 "-" "Mozilla/5.0 (compatible; SISTRIX Crawler; http://crawler.sistrix.net/)"
176.9.139.112 - - [07/Mar/2013:05:47:42 +0100] "GET /news.php?cs_go=archiv HTTP/1.1" 200 22013 "-" "Mozilla/5.0 (compatible; SISTRIX Crawler; http://crawler.sistrix.net/)"
176.9.139.112 - - [07/Mar/2013:05:47:43 +0100] "GET /news.php?cs_go=archiv&cs_id=3990 HTTP/1.1" 200 13261 "-" "Mozilla/5.0 (compatible; SISTRIX Crawler; http://crawler.sistrix.net/)"
176.9.139.112 - - [07/Mar/2013:05:47:43 +0100] "GET /additive.php HTTP/1.1" 200 8372 "-" "Mozilla/5.0 (compatible; SISTRIX Crawler; http://crawler.sistrix.net/)"
176.9.139.112 - - [07/Mar/2013:05:47:43 +0100] "GET /lexikon.php HTTP/1.1" 200 10523 "-" "Mozilla/5.0 (compatible; SISTRIX Crawler; http://crawler.sistrix.net/)"
176.9.139.112 - - [07/Mar/2013:05:47:44 +0100] "GET /faq.php HTTP/1.1" 200 184037 "-" "Mozilla/5.0 (compatible; SISTRIX Crawler; http://crawler.sistrix.net/)"
176.9.139.112 - - [07/Mar/2013:05:47:44 +0100] "GET /modernisierung.php HTTP/1.1" 200 11578 "-" "Mozilla/5.0 (compatible; SISTRIX Crawler; http://crawler.sistrix.net/)"
176.9.139.112 - - [07/Mar/2013:05:47:45 +0100] "GET /edl.php HTTP/1.1" 200 10801 "-" "Mozilla/5.0 (compatible; SISTRIX Crawler; http://crawler.sistrix.net/)"
176.9.139.112 - - [07/Mar/2013:05:47:45 +0100] "GET /diesel.php HTTP/1.1" 200 10639 "-" "Mozilla/5.0 (compatible; SISTRIX Crawler; http://crawler.sistrix.net/)"
176.9.139.112 - - [07/Mar/2013:05:47:45 +0100] "GET /foerdermittel.php HTTP/1.1" 200 12908 "-" "Mozilla/5.0 (compatible; SISTRIX Crawler; http://crawler.sistrix.net/)"
176.9.139.112 - - [07/Mar/2013:05:47:45 +0100] "GET /.php HTTP/1.1" 404 - "-" "Mozilla/5.0 (compatible; SISTRIX Crawler; http://crawler.sistrix.net/)"
176.9.139.112 - - [07/Mar/2013:05:47:45 +0100] "GET /energiesparcheck.php HTTP/1.1" 200 13581 "-" "Mozilla/5.0 (compatible; SISTRIX Crawler; http://crawler.sistrix.net/)"
176.9.139.112 - - [07/Mar/2013:05:47:46 +0100] "GET /news.php?cs_go=archiv&cs_id=3987&cs_search= HTTP/1.1" 200 13023 "-" "Mozilla/5.0 (compatible; SISTRIX Crawler; http://crawler.sistrix.net/)"
176.9.139.112 - - [07/Mar/2013:05:47:46 +0100] "GET /news.php?cs_go=archiv&cs_id=3981&cs_search= HTTP/1.1" 200 12282 "-" "Mozilla/5.0 (compatible; SISTRIX Crawler; http://crawler.sistrix.net/)"
176.9.139.112 - - [07/Mar/2013:05:47:46 +0100] "GET /news.php?cs_go=archiv&cs_startpos=0 HTTP/1.1" 200 22013 "-" "Mozilla/5.0 (compatible; SISTRIX Crawler; http://crawler.sistrix.net/)"
176.9.139.112 - - [07/Mar/2013:05:47:47 +0100] "GET /news.php?cs_go=archiv&cs_id=3984&cs_search= HTTP/1.1" 200 13201 "-" "Mozilla/5.0 (compatible; SISTRIX Crawler; http://crawler.sistrix.net/)"
176.9.139.112 - - [07/Mar/2013:05:47:47 +0100] "GET /news.php?cs_go=archiv&cs_id=3986&cs_search= HTTP/1.1" 200 13658 "-" "Mozilla/5.0 (compatible; SISTRIX Crawler; http://crawler.sistrix.net/)"
176.9.139.112 - - [07/Mar/2013:05:47:47 +0100] "GET /news.php?cs_go=archiv&cs_startpos=20 HTTP/1.1" 200 22535 "-" "Mozilla/5.0 (compatible; SISTRIX Crawler; http://crawler.sistrix.net/)"
176.9.139.112 - - [07/Mar/2013:05:47:48 +0100] "GET /news.php?cs_go=archiv&cs_startpos=230 HTTP/1.1" 200 11500 "-" "Mozilla/5.0 (compatible; SISTRIX Crawler; http://crawler.sistrix.net/)"
176.9.139.112 - - [07/Mar/2013:05:47:48 +0100] "GET /news.php?cs_go=archiv&cs_startpos=30 HTTP/1.1" 200 22460 "-" "Mozilla/5.0 (compatible; SISTRIX Crawler; http://crawler.sistrix.net/)"
176.9.139.112 - - [07/Mar/2013:05:47:48 +0100] "GET /news.php?cs_go=archiv&cs_id=3989&cs_search= HTTP/1.1" 200 12025 "-" "Mozilla/5.0 (compatible; SISTRIX Crawler; http://crawler.sistrix.net/)"
176.9.139.112 - - [07/Mar/2013:05:47:49 +0100] "GET /news.php?cs_go=archiv&cs_startpos=50 HTTP/1.1" 200 22742 "-" "Mozilla/5.0 (compatible; SISTRIX Crawler; http://crawler.sistrix.net/)"
176.9.139.112 - - [07/Mar/2013:05:47:49 +0100] "GET /news.php?cs_go=archiv&cs_id=3982&cs_search= HTTP/1.1" 200 13450 "-" "Mozilla/5.0 (compatible; SISTRIX Crawler; http://crawler.sistrix.net/)"
176.9.139.112 - - [07/Mar/2013:05:47:49 +0100] "GET /news.php?cs_go=archiv&cs_id=3985&cs_search= HTTP/1.1" 200 9745 "-" "Mozilla/5.0 (compatible; SISTRIX Crawler; http://crawler.sistrix.net/)"
176.9.139.112 - - [07/Mar/2013:05:47:49 +0100] "GET /news.php?cs_go=archiv&cs_id=3983&cs_search= HTTP/1.1" 200 9996 "-" "Mozilla/5.0 (compatible; SISTRIX Crawler; http://crawler.sistrix.net/)"
176.9.139.112 - - [07/Mar/2013:05:47:50 +0100] "GET /news.php?cs_go=archiv&cs_id=3988&cs_search= HTTP/1.1" 200 10101 "-" "Mozilla/5.0 (compatible; SISTRIX Crawler; http://crawler.sistrix.net/)"
176.9.139.112 - - [07/Mar/2013:05:47:50 +0100] "GET /news.php?cs_go=archiv&cs_id=3990&cs_search= HTTP/1.1" 200 13261 "-" "Mozilla/5.0 (compatible; SISTRIX Crawler; http://crawler.sistrix.net/)"
176.9.139.112 - - [07/Mar/2013:05:47:50 +0100] "GET /news.php?cs_go=archiv&cs_startpos=10 HTTP/1.1" 200 22255 "-" "Mozilla/5.0 (compatible; SISTRIX Crawler; http://crawler.sistrix.net/)"
176.9.139.112 - - [07/Mar/2013:05:47:51 +0100] "GET /news.php?cs_go=archiv&cs_startpos=40 HTTP/1.1" 200 22636 "-" "Mozilla/5.0 (compatible; SISTRIX Crawler; http://crawler.sistrix.net/)"
176.9.139.112 - - [07/Mar/2013:05:47:51 +0100] "GET /news.php?cs_go=archiv&cs_id=3937&cs_search= HTTP/1.1" 200 13324 "-" "Mozilla/5.0 (compatible; SISTRIX Crawler; http://crawler.sistrix.net/)"
176.9.139.112 - - [07/Mar/2013:05:47:51 +0100] "GET /lexikon.php?cs_go=2&cs_char=b HTTP/1.1" 200 9730 "-" "Mozilla/5.0 (compatible; SISTRIX Crawler; http://crawler.sistrix.net/)"
176.9.139.112 - - [07/Mar/2013:05:47:52 +0100] "GET /news.php?cs_go=archiv&cs_id=3939&cs_search= HTTP/1.1" 200 10245 "-" "Mozilla/5.0 (compatible; SISTRIX Crawler; http://crawler.sistrix.net/)"
176.9.139.112 - - [07/Mar/2013:05:47:52 +0100] "GET /lexikon.php?cs_go=2&cs_char=d HTTP/1.1" 200 9421 "-" "Mozilla/5.0 (compatible; SISTRIX Crawler; http://crawler.sistrix.net/)"
176.9.139.112 - - [07/Mar/2013:05:47:52 +0100] "GET /news.php?cs_go=archiv&cs_id=3936&cs_search= HTTP/1.1" 200 12048 "-" "Mozilla/5.0 (compatible; SISTRIX Crawler; http://crawler.sistrix.net/)"
176.9.139.112 - - [07/Mar/2013:05:47:52 +0100] "GET /lexikon.php?cs_go=2&cs_char=y HTTP/1.1" 200 8582 "-" "Mozilla/5.0 (compatible; SISTRIX Crawler; http://crawler.sistrix.net/)"
176.9.139.112 - - [07/Mar/2013:05:47:53 +0100] "GET /news.php?cs_go=archiv&cs_id=3947&cs_search= HTTP/1.1" 200 13428 "-" "Mozilla/5.0 (compatible; SISTRIX Crawler; http://crawler.sistrix.net/)"
176.9.139.112 - - [07/Mar/2013:05:47:53 +0100] "GET /news.php?cs_go=archiv&cs_startpos=60 HTTP/1.1" 200 23050 "-" "Mozilla/5.0 (compatible; SISTRIX Crawler; http://crawler.sistrix.net/)"
176.9.139.112 - - [07/Mar/2013:05:47:53 +0100] "GET /news.php?cs_go=archiv&cs_id=3976&cs_search= HTTP/1.1" 200 13514 "-" "Mozilla/5.0 (compatible; SISTRIX Crawler; http://crawler.sistrix.net/)"
176.9.139.112 - - [07/Mar/2013:05:47:54 +0100] "GET /lexikon.php?cs_go=2&cs_char=q HTTP/1.1" 200 8162 "-" "Mozilla/5.0 (compatible; SISTRIX Crawler; http://crawler.sistrix.net/)"
176.9.139.112 - - [07/Mar/2013:05:47:54 +0100] "GET /news.php?cs_go=archiv&cs_id=3958&cs_search= HTTP/1.1" 200 10223 "-" "Mozilla/5.0 (compatible; SISTRIX Crawler; http://crawler.sistrix.net/)"
176.9.139.112 - - [07/Mar/2013:05:47:54 +0100] "GET /lexikon.php?cs_go=2&cs_char=l HTTP/1.1" 200 8773 "-" "Mozilla/5.0 (compatible; SISTRIX Crawler; http://crawler.sistrix.net/)"
176.9.139.112 - - [07/Mar/2013:05:47:55 +0100] "GET /news.php?cs_go=archiv&cs_id=3957&cs_search= HTTP/1.1" 200 10662 "-" "Mozilla/5.0 (compatible; SISTRIX Crawler; http://crawler.sistrix.net/)"
176.9.139.112 - - [07/Mar/2013:05:47:55 +0100] "GET /news.php?cs_go=archiv&cs_id=3962&cs_search= HTTP/1.1" 200 11569 "-" "Mozilla/5.0 (compatible; SISTRIX Crawler; http://crawler.sistrix.net/)"
176.9.139.112 - - [07/Mar/2013:05:47:55 +0100] "GET /news.php?cs_go=archiv&cs_startpos=100 HTTP/1.1" 200 22734 "-" "Mozilla/5.0 (compatible; SISTRIX Crawler; http://crawler.sistrix.net/)"
176.9.139.112 - - [07/Mar/2013:05:47:55 +0100] "GET /news.php?cs_go=archiv&cs_startpos=220 HTTP/1.1" 200 22468 "-" "Mozilla/5.0 (compatible; SISTRIX Crawler; http://crawler.sistrix.net/)"
176.9.139.112 - - [07/Mar/2013:05:47:56 +0100] "GET /news.php?cs_go=archiv&cs_startpos=190 HTTP/1.1" 200 22645 "-" "Mozilla/5.0 (compatible; SISTRIX Crawler; http://crawler.sistrix.net/)"
176.9.139.112 - - [07/Mar/2013:05:47:56 +0100] "GET /lexikon.php?cs_go=2&cs_char=e HTTP/1.1" 200 9079 "-" "Mozilla/5.0 (compatible; SISTRIX Crawler; http://crawler.sistrix.net/)"
176.9.139.112 - - [07/Mar/2013:05:47:57 +0100] "GET /news.php?cs_go=archiv&cs_id=3935&cs_search= HTTP/1.1" 200 9902 "-" "Mozilla/5.0 (compatible; SISTRIX Crawler; http://crawler.sistrix.net/)"
176.9.139.112 - - [07/Mar/2013:05:47:57 +0100] "GET /lexikon.php?cs_go=2&cs_char=n HTTP/1.1" 200 8578 "-" "Mozilla/5.0 (compatible; SISTRIX Crawler; http://crawler.sistrix.net/)"
176.9.139.112 - - [07/Mar/2013:05:47:57 +0100] "GET /news.php?cs_go=archiv&cs_startpos=210 HTTP/1.1" 200 22617 "-" "Mozilla/5.0 (compatible; SISTRIX Crawler; http://crawler.sistrix.net/)"
176.9.139.112 - - [07/Mar/2013:05:47:57 +0100] "GET /lexikon.php?cs_go=2&cs_char=w HTTP/1.1" 200 8587 "-" "Mozilla/5.0 (compatible; SISTRIX Crawler; http://crawler.sistrix.net/)"
176.9.139.112 - - [07/Mar/2013:05:47:58 +0100] "GET /news.php?cs_go=archiv&cs_startpos=90 HTTP/1.1" 200 22912 "-" "Mozilla/5.0 (compatible; SISTRIX Crawler; http://crawler.sistrix.net/)"
176.9.139.112 - - [07/Mar/2013:05:47:58 +0100] "GET /lexikon.php?cs_go=2&cs_char=x HTTP/1.1" 200 8582 "-" "Mozilla/5.0 (compatible; SISTRIX Crawler; http://crawler.sistrix.net/)"
176.9.139.112 - - [07/Mar/2013:05:47:58 +0100] "GET /news.php?cs_go=archiv&cs_id=3946&cs_search= HTTP/1.1" 200 10004 "-" "Mozilla/5.0 (compatible; SISTRIX Crawler; http://crawler.sistrix.net/)"
176.9.139.112 - - [07/Mar/2013:05:47:59 +0100] "GET /news.php?cs_go=archiv&cs_id=3763&cs_search= HTTP/1.1" 200 9883 "-" "Mozilla/5.0 (compatible; SISTRIX Crawler; http://crawler.sistrix.net/)"
176.9.139.112 - - [07/Mar/2013:05:47:59 +0100] "GET /news.php?cs_go=archiv&cs_id=3975&cs_search= HTTP/1.1" 200 10834 "-" "Mozilla/5.0 (compatible; SISTRIX Crawler; http://crawler.sistrix.net/)"
176.9.139.112 - - [07/Mar/2013:05:47:59 +0100] "GET /lexikon.php?cs_go=2&cs_char=o HTTP/1.1" 200 9261 "-" "Mozilla/5.0 (compatible; SISTRIX Crawler; http://crawler.sistrix.net/)"
176.9.139.112 - - [07/Mar/2013:05:48:00 +0100] "GET /news.php?cs_go=archiv&cs_startpos=200 HTTP/1.1" 200 22553 "-" "Mozilla/5.0 (compatible; SISTRIX Crawler; http://crawler.sistrix.net/)"
176.9.139.112 - - [07/Mar/2013:05:48:00 +0100] "GET /news.php?cs_go=archiv&cs_id=3966&cs_search= HTTP/1.1" 200 13715 "-" "Mozilla/5.0 (compatible; SISTRIX Crawler; http://crawler.sistrix.net/)"
176.9.139.112 - - [07/Mar/2013:05:48:00 +0100] "GET /news.php?cs_go=archiv&cs_id=3980&cs_search= HTTP/1.1" 200 9937 "-" "Mozilla/5.0 (compatible; SISTRIX Crawler; http://crawler.sistrix.net/)"
176.9.139.112 - - [07/Mar/2013:05:48:00 +0100] "GET /modernisierung.php?cs_gp_go=plus HTTP/1.1" 200 11578 "-" "Mozilla/5.0 (compatible; SISTRIX Crawler; http://crawler.sistrix.net/)"
176.9.139.112 - - [07/Mar/2013:05:48:01 +0100] "GET /news.php?cs_go=archiv&cs_id=3945&cs_search= HTTP/1.1" 200 10046 "-" "Mozilla/5.0 (compatible; SISTRIX Crawler; http://crawler.sistrix.net/)"
176.9.139.112 - - [07/Mar/2013:05:48:01 +0100] "GET /news.php?cs_go=archiv&cs_id=3961&cs_search= HTTP/1.1" 200 10076 "-" "Mozilla/5.0 (compatible; SISTRIX Crawler; http://crawler.sistrix.net/)"
176.9.139.112 - - [07/Mar/2013:05:48:01 +0100] "GET /news.php?cs_go=archiv&cs_id=3977&cs_search= HTTP/1.1" 200 9950 "-" "Mozilla/5.0 (compatible; SISTRIX Crawler; http://crawler.sistrix.net/)"
176.9.139.112 - - [07/Mar/2013:05:48:01 +0100] "GET /lexikon.php?cs_go=2&cs_char=u HTTP/1.1" 200 8744 "-" "Mozilla/5.0 (compatible; SISTRIX Crawler; http://crawler.sistrix.net/)"
176.9.139.112 - - [07/Mar/2013:05:48:02 +0100] "GET /news.php?cs_go=archiv&cs_id=3956&cs_search= HTTP/1.1" 200 13189 "-" "Mozilla/5.0 (compatible; SISTRIX Crawler; http://crawler.sistrix.net/)"
176.9.139.112 - - [07/Mar/2013:05:48:02 +0100] "GET /news.php?cs_go=archiv&cs_id=3970&cs_search= HTTP/1.1" 200 10345 "-" "Mozilla/5.0 (compatible; SISTRIX Crawler; http://crawler.sistrix.net/)"
176.9.139.112 - - [07/Mar/2013:05:48:02 +0100] "GET /news.php?cs_go=archiv&cs_id=3942&cs_search= HTTP/1.1" 200 12754 "-" "Mozilla/5.0 (compatible; SISTRIX Crawler; http://crawler.sistrix.net/)"
176.9.139.112 - - [07/Mar/2013:05:48:03 +0100] "GET /news.php?cs_go=archiv&cs_id=3965&cs_search= HTTP/1.1" 200 13089 "-" "Mozilla/5.0 (compatible; SISTRIX Crawler; http://crawler.sistrix.net/)"
176.9.139.112 - - [07/Mar/2013:05:48:03 +0100] "GET /news.php?cs_go=archiv&cs_id=3971&cs_search= HTTP/1.1" 200 9776 "-" "Mozilla/5.0 (compatible; SISTRIX Crawler; http://crawler.sistrix.net/)"
176.9.139.112 - - [07/Mar/2013:05:48:03 +0100] "GET /lexikon.php?cs_go=2&cs_char=r HTTP/1.1" 200 9732 "-" "Mozilla/5.0 (compatible; SISTRIX Crawler; http://crawler.sistrix.net/)"
176.9.139.112 - - [07/Mar/2013:05:48:03 +0100] "GET /news.php?cs_go=archiv&cs_id=3952&cs_search= HTTP/1.1" 200 11103 "-" "Mozilla/5.0 (compatible; SISTRIX Crawler; http://crawler.sistrix.net/)"
176.9.139.112 - - [07/Mar/2013:05:48:04 +0100] "GET /news.php?cs_go=archiv&cs_id=3969&cs_search= HTTP/1.1" 200 13916 "-" "Mozilla/5.0 (compatible; SISTRIX Crawler; http://crawler.sistrix.net/)"
176.9.139.112 - - [07/Mar/2013:05:48:04 +0100] "GET /news.php?cs_go=archiv&cs_id=3943&cs_search= HTTP/1.1" 200 12849 "-" "Mozilla/5.0 (compatible; SISTRIX Crawler; http://crawler.sistrix.net/)"
176.9.139.112 - - [07/Mar/2013:05:48:04 +0100] "GET /news.php?cs_go=archiv&cs_id=3967&cs_search= HTTP/1.1" 200 10406 "-" "Mozilla/5.0 (compatible; SISTRIX Crawler; http://crawler.sistrix.net/)"
176.9.139.112 - - [07/Mar/2013:05:48:04 +0100] "GET /news.php?cs_go=archiv&cs_id=3979&cs_search= HTTP/1.1" 200 13500 "-" "Mozilla/5.0 (compatible; SISTRIX Crawler; http://crawler.sistrix.net/)"
176.9.139.112 - - [07/Mar/2013:05:48:05 +0100] "GET /lexikon.php?cs_go=2&cs_char=f HTTP/1.1" 200 9595 "-" "Mozilla/5.0 (compatible; SISTRIX Crawler; http://crawler.sistrix.net/)"
176.9.139.112 - - [07/Mar/2013:05:48:05 +0100] "GET /news.php?cs_go=archiv&cs_id=3931&cs_search= HTTP/1.1" 200 13536 "-" "Mozilla/5.0 (compatible; SISTRIX Crawler; http://crawler.sistrix.net/)"
176.9.139.112 - - [07/Mar/2013:05:48:05 +0100] "GET /lexikon.php?cs_go=2&cs_char=v HTTP/1.1" 200 9117 "-" "Mozilla/5.0 (compatible; SISTRIX Crawler; http://crawler.sistrix.net/)"
176.9.139.112 - - [07/Mar/2013:05:48:05 +0100] "GET /news.php?cs_go=archiv&cs_id=3930&cs_search= HTTP/1.1" 200 10743 "-" "Mozilla/5.0 (compatible; SISTRIX Crawler; http://crawler.sistrix.net/)"
176.9.139.112 - - [07/Mar/2013:05:48:06 +0100] "GET /lexikon.php?cs_go=2&cs_char=k HTTP/1.1" 200 9879 "-" "Mozilla/5.0 (compatible; SISTRIX Crawler; http://crawler.sistrix.net/)"
176.9.139.112 - - [07/Mar/2013:05:48:06 +0100] "GET /news.php?cs_go=archiv&cs_id=3951&cs_search= HTTP/1.1" 200 13501 "-" "Mozilla/5.0 (compatible; SISTRIX Crawler; http://crawler.sistrix.net/)"
176.9.139.112 - - [07/Mar/2013:05:48:06 +0100] "GET /modernisierung.php?cs_gp_go=coupon HTTP/1.1" 200 10192 "-" "Mozilla/5.0 (compatible; SISTRIX Crawler; http://crawler.sistrix.net/)"
176.9.139.112 - - [07/Mar/2013:05:48:07 +0100] "GET /news.php?cs_go=archiv&cs_id=3940&cs_search= HTTP/1.1" 200 9881 "-" "Mozilla/5.0 (compatible; SISTRIX Crawler; http://crawler.sistrix.net/)"
176.9.139.112 - - [07/Mar/2013:05:48:07 +0100] "GET /modernisierung.php?cs_gp_go=description HTTP/1.1" 200 10771 "-" "Mozilla/5.0 (compatible; SISTRIX Crawler; http://crawler.sistrix.net/)"
176.9.139.112 - - [07/Mar/2013:05:48:07 +0100] "GET /news.php?cs_go=archiv&cs_id=3944&cs_search= HTTP/1.1" 200 13649 "-" "Mozilla/5.0 (compatible; SISTRIX Crawler; http://crawler.sistrix.net/)"
176.9.139.112 - - [07/Mar/2013:05:48:07 +0100] "GET /lexikon.php?cs_go=2&cs_char=m HTTP/1.1" 200 9073 "-" "Mozilla/5.0 (compatible; SISTRIX Crawler; http://crawler.sistrix.net/)"
176.9.139.112 - - [07/Mar/2013:05:48:08 +0100] "GET /news.php?cs_go=archiv&cs_id=3959&cs_search= HTTP/1.1" 200 10701 "-" "Mozilla/5.0 (compatible; SISTRIX Crawler; http://crawler.sistrix.net/)"
176.9.139.112 - - [07/Mar/2013:05:48:08 +0100] "GET /news.php?cs_go=archiv&cs_id=3756&cs_search= HTTP/1.1" 200 13501 "-" "Mozilla/5.0 (compatible; SISTRIX Crawler; http://crawler.sistrix.net/)"
176.9.139.112 - - [07/Mar/2013:05:48:08 +0100] "GET /news.php?cs_go=archiv&cs_id=3974&cs_search= HTTP/1.1" 200 9976 "-" "Mozilla/5.0 (compatible; SISTRIX Crawler; http://crawler.sistrix.net/)"
176.9.139.112 - - [07/Mar/2013:05:48:08 +0100] "GET /lexikon.php?cs_go=2&cs_char=i HTTP/1.1" 200 8402 "-" "Mozilla/5.0 (compatible; SISTRIX Crawler; http://crawler.sistrix.net/)"
176.9.139.112 - - [07/Mar/2013:05:48:09 +0100] "GET /news.php?cs_go=archiv&cs_id=3934&cs_search= HTTP/1.1" 200 13333 "-" "Mozilla/5.0 (compatible; SISTRIX Crawler; http://crawler.sistrix.net/)"
176.9.139.112 - - [07/Mar/2013:05:48:09 +0100] "GET /lexikon.php?cs_go=2&cs_char=z HTTP/1.1" 200 8261 "-" "Mozilla/5.0 (compatible; SISTRIX Crawler; http://crawler.sistrix.net/)"
176.9.139.112 - - [07/Mar/2013:05:48:09 +0100] "GET /news.php?cs_go=archiv&cs_id=3948&cs_search= HTTP/1.1" 200 10917 "-" "Mozilla/5.0 (compatible; SISTRIX Crawler; http://crawler.sistrix.net/)"
176.9.139.112 - - [07/Mar/2013:05:48:10 +0100] "GET /"http:/www.brennstoffboerse.de/index.php?go=fluessiggas_pruefung" HTTP/1.1" 404 - "-" "Mozilla/5.0 (compatible; SISTRIX Crawler; http://crawler.sistrix.net/)"
176.9.139.112 - - [07/Mar/2013:05:48:10 +0100] "GET /news.php?cs_go=archiv&cs_id=3949&cs_search= HTTP/1.1" 200 9913 "-" "Mozilla/5.0 (compatible; SISTRIX Crawler; http://crawler.sistrix.net/)"
176.9.139.112 - - [07/Mar/2013:05:48:10 +0100] "GET /news.php?cs_go=archiv&cs_id=3963&cs_search= HTTP/1.1" 200 10123 "-" "Mozilla/5.0 (compatible; SISTRIX Crawler; http://crawler.sistrix.net/)"
176.9.139.112 - - [07/Mar/2013:05:48:10 +0100] "GET /news.php?cs_go=archiv&cs_id=3978&cs_search= HTTP/1.1" 200 10153 "-" "Mozilla/5.0 (compatible; SISTRIX Crawler; http://crawler.sistrix.net/)"
176.9.139.112 - - [07/Mar/2013:05:48:10 +0100] "GET /lexikon.php?cs_go=2&cs_char=s HTTP/1.1" 200 10068 "-" "Mozilla/5.0 (compatible; SISTRIX Crawler; http://crawler.sistrix.net/)"
176.9.139.112 - - [07/Mar/2013:05:48:11 +0100] "GET /news.php?cs_go=archiv&cs_id=3953&cs_search= HTTP/1.1" 200 12014 "-" "Mozilla/5.0 (compatible; SISTRIX Crawler; http://crawler.sistrix.net/)"
176.9.139.112 - - [07/Mar/2013:05:48:11 +0100] "GET /news.php?cs_go=archiv&cs_id=3968&cs_search= HTTP/1.1" 200 12267 "-" "Mozilla/5.0 (compatible; SISTRIX Crawler; http://crawler.sistrix.net/)"
176.9.139.112 - - [07/Mar/2013:05:48:11 +0100] "GET /news.php?cs_go=archiv&cs_id=3941&cs_search= HTTP/1.1" 200 9804 "-" "Mozilla/5.0 (compatible; SISTRIX Crawler; http://crawler.sistrix.net/)"
176.9.139.112 - - [07/Mar/2013:05:48:12 +0100] "GET /lexikon.php?cs_go=2&cs_char=h HTTP/1.1" 200 8800 "-" "Mozilla/5.0 (compatible; SISTRIX Crawler; http://crawler.sistrix.net/)"
176.9.139.112 - - [07/Mar/2013:05:48:12 +0100] "GET /news.php?cs_go=archiv&cs_id=3933&cs_search= HTTP/1.1" 200 11219 "-" "Mozilla/5.0 (compatible; SISTRIX Crawler; http://crawler.sistrix.net/)"
176.9.139.112 - - [07/Mar/2013:05:48:12 +0100] "GET /lexikon.php?cs_go=2&cs_char=j HTTP/1.1" 200 8582 "-" "Mozilla/5.0 (compatible; SISTRIX Crawler; http://crawler.sistrix.net/)"
176.9.139.112 - - [07/Mar/2013:05:48:12 +0100] "GET /news.php?cs_go=archiv&cs_id=3950&cs_search= HTTP/1.1" 200 12010 "-" "Mozilla/5.0 (compatible; SISTRIX Crawler; http://crawler.sistrix.net/)"
176.9.139.112 - - [07/Mar/2013:05:48:13 +0100] "GET /lexikon.php?cs_go=2&cs_char=g HTTP/1.1" 200 9126 "-" "Mozilla/5.0 (compatible; SISTRIX Crawler; http://crawler.sistrix.net/)"
176.9.139.112 - - [07/Mar/2013:05:48:13 +0100] "GET /news.php?cs_go=archiv&cs_id=3932&cs_search= HTTP/1.1" 200 9861 "-" "Mozilla/5.0 (compatible; SISTRIX Crawler; http://crawler.sistrix.net/)"
176.9.139.112 - - [07/Mar/2013:05:48:13 +0100] "GET /lexikon.php?cs_go=2&cs_char=p HTTP/1.1" 200 9166 "-" "Mozilla/5.0 (compatible; SISTRIX Crawler; http://crawler.sistrix.net/)"
176.9.139.112 - - [07/Mar/2013:05:48:13 +0100] "GET /news.php?cs_go=archiv&cs_id=3954&cs_search= HTTP/1.1" 200 12431 "-" "Mozilla/5.0 (compatible; SISTRIX Crawler; http://crawler.sistrix.net/)"
176.9.139.112 - - [07/Mar/2013:05:48:14 +0100] "GET /lexikon.php?cs_go=2&cs_char=c HTTP/1.1" 200 8836 "-" "Mozilla/5.0 (compatible; SISTRIX Crawler; http://crawler.sistrix.net/)"
176.9.139.112 - - [07/Mar/2013:05:48:14 +0100] "GET /news.php?cs_go=archiv&cs_startpos=80 HTTP/1.1" 200 23005 "-" "Mozilla/5.0 (compatible; SISTRIX Crawler; http://crawler.sistrix.net/)"
176.9.139.112 - - [07/Mar/2013:05:48:14 +0100] "GET /news.php?cs_go=archiv&cs_startpos=70 HTTP/1.1" 200 22847 "-" "Mozilla/5.0 (compatible; SISTRIX Crawler; http://crawler.sistrix.net/)"
176.9.139.112 - - [07/Mar/2013:05:48:15 +0100] "GET /news.php?cs_go=archiv&cs_id=3973&cs_search= HTTP/1.1" 200 13506 "-" "Mozilla/5.0 (compatible; SISTRIX Crawler; http://crawler.sistrix.net/)"
176.9.139.112 - - [07/Mar/2013:05:48:15 +0100] "GET /lexikon.php?cs_go=2&cs_char=a HTTP/1.1" 200 9803 "-" "Mozilla/5.0 (compatible; SISTRIX Crawler; http://crawler.sistrix.net/)"
176.9.139.112 - - [07/Mar/2013:05:48:15 +0100] "GET /news.php?cs_go=archiv&cs_id=3938&cs_search= HTTP/1.1" 200 9838 "-" "Mozilla/5.0 (compatible; SISTRIX Crawler; http://crawler.sistrix.net/)"
176.9.139.112 - - [07/Mar/2013:05:48:16 +0100] "GET /news.php?cs_go=archiv&cs_id=3964&cs_search= HTTP/1.1" 200 12123 "-" "Mozilla/5.0 (compatible; SISTRIX Crawler; http://crawler.sistrix.net/)"
176.9.139.112 - - [07/Mar/2013:05:48:16 +0100] "GET /news.php?cs_go=archiv&cs_id=3972&cs_search= HTTP/1.1" 200 11825 "-" "Mozilla/5.0 (compatible; SISTRIX Crawler; http://crawler.sistrix.net/)"
176.9.139.112 - - [07/Mar/2013:05:48:16 +0100] "GET /lexikon.php?cs_go=2&cs_char=t HTTP/1.1" 200 8962 "-" "Mozilla/5.0 (compatible; SISTRIX Crawler; http://crawler.sistrix.net/)"
176.9.139.112 - - [07/Mar/2013:05:48:16 +0100] "GET /news.php?cs_go=archiv&cs_id=3955&cs_search= HTTP/1.1" 200 11270 "-" "Mozilla/5.0 (compatible; SISTRIX Crawler; http://crawler.sistrix.net/)"
176.9.139.112 - - [07/Mar/2013:05:48:17 +0100] "GET /news.php?cs_go=archiv&cs_startpos=180 HTTP/1.1" 200 22697 "-" "Mozilla/5.0 (compatible; SISTRIX Crawler; http://crawler.sistrix.net/)"
176.9.139.112 - - [07/Mar/2013:05:48:17 +0100] "GET /lexikon.php?cs_go=3&cs_id=183 HTTP/1.1" 200 8564 "-" "Mozilla/5.0 (compatible; SISTRIX Crawler; http://crawler.sistrix.net/)"
176.9.139.112 - - [07/Mar/2013:05:48:17 +0100] "GET /lexikon.php?cs_go=3&cs_id=24 HTTP/1.1" 200 8034 "-" "Mozilla/5.0 (compatible; SISTRIX Crawler; http://crawler.sistrix.net/)"
176.9.139.112 - - [07/Mar/2013:05:48:17 +0100] "GET /lexikon.php?cs_go=3&cs_id=185 HTTP/1.1" 200 8346 "-" "Mozilla/5.0 (compatible; SISTRIX Crawler; http://crawler.sistrix.net/)"
176.9.139.112 - - [07/Mar/2013:05:48:18 +0100] "GET /lexikon.php?cs_go=3&cs_id=28 HTTP/1.1" 200 8312 "-" "Mozilla/5.0 (compatible; SISTRIX Crawler; http://crawler.sistrix.net/)"
176.9.139.112 - - [07/Mar/2013:05:48:18 +0100] "GET /lexikon.php?cs_go=3&cs_id=98 HTTP/1.1" 200 8415 "-" "Mozilla/5.0 (compatible; SISTRIX Crawler; http://crawler.sistrix.net/)"
176.9.139.112 - - [07/Mar/2013:05:48:18 +0100] "GET /lexikon.php?cs_go=3&cs_id=23 HTTP/1.1" 200 9321 "-" "Mozilla/5.0 (compatible; SISTRIX Crawler; http://crawler.sistrix.net/)"
176.9.139.112 - - [07/Mar/2013:05:48:18 +0100] "GET /lexikon.php?cs_go=3&cs_id=184 HTTP/1.1" 200 7998 "-" "Mozilla/5.0 (compatible; SISTRIX Crawler; http://crawler.sistrix.net/)"
176.9.139.112 - - [07/Mar/2013:05:48:19 +0100] "GET /lexikon.php?cs_go=3&cs_id=47 HTTP/1.1" 200 11159 "-" "Mozilla/5.0 (compatible; SISTRIX Crawler; http://crawler.sistrix.net/)"
176.9.139.112 - - [07/Mar/2013:05:48:19 +0100] "GET /lexikon.php?cs_go=3&cs_id=190 HTTP/1.1" 200 8477 "-" "Mozilla/5.0 (compatible; SISTRIX Crawler; http://crawler.sistrix.net/)"
176.9.139.112 - - [07/Mar/2013:05:48:19 +0100] "GET /lexikon.php?cs_go=3&cs_id=26 HTTP/1.1" 200 10808 "-" "Mozilla/5.0 (compatible; SISTRIX Crawler; http://crawler.sistrix.net/)"
176.9.139.112 - - [07/Mar/2013:05:48:20 +0100] "GET /lexikon.php?cs_go=3&cs_id=187 HTTP/1.1" 200 8503 "-" "Mozilla/5.0 (compatible; SISTRIX Crawler; http://crawler.sistrix.net/)"
176.9.139.112 - - [07/Mar/2013:05:48:20 +0100] "GET /lexikon.php?cs_go=3&cs_id=34 HTTP/1.1" 200 8366 "-" "Mozilla/5.0 (compatible; SISTRIX Crawler; http://crawler.sistrix.net/)"
176.9.139.112 - - [07/Mar/2013:05:48:20 +0100] "GET /lexikon.php?cs_go=3&cs_id=131 HTTP/1.1" 200 8378 "-" "Mozilla/5.0 (compatible; SISTRIX Crawler; http://crawler.sistrix.net/)"
176.9.139.112 - - [07/Mar/2013:05:48:20 +0100] "GET /lexikon.php?cs_go=3&cs_id=48 HTTP/1.1" 200 9410 "-" "Mozilla/5.0 (compatible; SISTRIX Crawler; http://crawler.sistrix.net/)"
176.9.139.112 - - [07/Mar/2013:05:48:21 +0100] "GET /lexikon.php?cs_go=3&cs_id=233 HTTP/1.1" 200 9000 "-" "Mozilla/5.0 (compatible; SISTRIX Crawler; http://crawler.sistrix.net/)"
176.9.139.112 - - [07/Mar/2013:05:48:21 +0100] "GET /lexikon.php?cs_go=3&cs_id=45 HTTP/1.1" 200 7998 "-" "Mozilla/5.0 (compatible; SISTRIX Crawler; http://crawler.sistrix.net/)"
176.9.139.112 - - [07/Mar/2013:05:48:21 +0100] "GET /lexikon.php?cs_go=3&cs_id=132 HTTP/1.1" 200 7986 "-" "Mozilla/5.0 (compatible; SISTRIX Crawler; http://crawler.sistrix.net/)"
176.9.139.112 - - [07/Mar/2013:05:48:21 +0100] "GET /lexikon.php?cs_go=3&cs_id=29 HTTP/1.1" 200 8354 "-" "Mozilla/5.0 (compatible; SISTRIX Crawler; http://crawler.sistrix.net/)"
176.9.139.112 - - [07/Mar/2013:05:48:22 +0100] "GET /lexikon.php?cs_go=3&cs_id=125 HTTP/1.1" 200 8979 "-" "Mozilla/5.0 (compatible; SISTRIX Crawler; http://crawler.sistrix.net/)"
176.9.139.112 - - [07/Mar/2013:05:48:22 +0100] "GET /news.php?cs_go=archiv&cs_id=3920&cs_search= HTTP/1.1" 200 11734 "-" "Mozilla/5.0 (compatible; SISTRIX Crawler; http://crawler.sistrix.net/)"
176.9.139.112 - - [07/Mar/2013:05:48:22 +0100] "GET /lexikon.php?cs_go=3&cs_id=197 HTTP/1.1" 200 7995 "-" "Mozilla/5.0 (compatible; SISTRIX Crawler; http://crawler.sistrix.net/)"
176.9.139.112 - - [07/Mar/2013:05:48:22 +0100] "GET /lexikon.php?cs_go=3&cs_id=43 HTTP/1.1" 200 8005 "-" "Mozilla/5.0 (compatible; SISTRIX Crawler; http://crawler.sistrix.net/)"
176.9.139.112 - - [07/Mar/2013:05:48:23 +0100] "GET /lexikon.php?cs_go=3&cs_id=135 HTTP/1.1" 200 9197 "-" "Mozilla/5.0 (compatible; SISTRIX Crawler; http://crawler.sistrix.net/)"
176.9.139.112 - - [07/Mar/2013:05:48:23 +0100] "GET /lexikon.php?cs_go=3&cs_id=44 HTTP/1.1" 200 8005 "-" "Mozilla/5.0 (compatible; SISTRIX Crawler; http://crawler.sistrix.net/)"
176.9.139.112 - - [07/Mar/2013:05:48:23 +0100] "GET /lexikon.php?cs_go=3&cs_id=133 HTTP/1.1" 200 8732 "-" "Mozilla/5.0 (compatible; SISTRIX Crawler; http://crawler.sistrix.net/)"
176.9.139.112 - - [07/Mar/2013:05:48:23 +0100] "GET /lexikon.php?cs_go=3&cs_id=53 HTTP/1.1" 200 8179 "-" "Mozilla/5.0 (compatible; SISTRIX Crawler; http://crawler.sistrix.net/)"
176.9.139.112 - - [07/Mar/2013:05:48:24 +0100] "GET /lexikon.php?cs_go=3&cs_id=94 HTTP/1.1" 200 8478 "-" "Mozilla/5.0 (compatible; SISTRIX Crawler; http://crawler.sistrix.net/)"
176.9.139.112 - - [07/Mar/2013:05:48:24 +0100] "GET /lexikon.php?cs_go=3&cs_id=33 HTTP/1.1" 200 8757 "-" "Mozilla/5.0 (compatible; SISTRIX Crawler; http://crawler.sistrix.net/)"
176.9.139.112 - - [07/Mar/2013:05:48:24 +0100] "GET /lexikon.php?cs_go=3&cs_id=130 HTTP/1.1" 200 8236 "-" "Mozilla/5.0 (compatible; SISTRIX Crawler; http://crawler.sistrix.net/)"
176.9.139.112 - - [07/Mar/2013:05:48:24 +0100] "GET /news.php?cs_go=archiv&cs_id=3929&cs_search= HTTP/1.1" 200 12403 "-" "Mozilla/5.0 (compatible; SISTRIX Crawler; http://crawler.sistrix.net/)"
176.9.139.112 - - [07/Mar/2013:05:48:25 +0100] "GET /lexikon.php?cs_go=3&cs_id=95 HTTP/1.1" 200 8734 "-" "Mozilla/5.0 (compatible; SISTRIX Crawler; http://crawler.sistrix.net/)"
176.9.139.112 - - [07/Mar/2013:05:48:25 +0100] "GET /news.php?cs_go=archiv&cs_id=3922&cs_search= HTTP/1.1" 200 13536 "-" "Mozilla/5.0 (compatible; SISTRIX Crawler; http://crawler.sistrix.net/)"
176.9.139.112 - - [07/Mar/2013:05:48:25 +0100] "GET /lexikon.php?cs_go=3&cs_id=195 HTTP/1.1" 200 9007 "-" "Mozilla/5.0 (compatible; SISTRIX Crawler; http://crawler.sistrix.net/)"
176.9.139.112 - - [07/Mar/2013:05:48:26 +0100] "GET /lexikon.php?cs_go=3&cs_id=166 HTTP/1.1" 200 9191 "-" "Mozilla/5.0 (compatible; SISTRIX Crawler; http://crawler.sistrix.net/)"
176.9.139.112 - - [07/Mar/2013:05:48:26 +0100] "GET /lexikon.php?cs_go=3&cs_id=124 HTTP/1.1" 200 8491 "-" "Mozilla/5.0 (compatible; SISTRIX Crawler; http://crawler.sistrix.net/)"
176.9.139.112 - - [07/Mar/2013:05:48:26 +0100] "GET /lexikon.php?cs_go=3&cs_id=46 HTTP/1.1" 200 8005 "-" "Mozilla/5.0 (compatible; SISTRIX Crawler; http://crawler.sistrix.net/)"
176.9.139.112 - - [07/Mar/2013:05:48:26 +0100] "GET /lexikon.php?cs_go=3&cs_id=189 HTTP/1.1" 200 8225 "-" "Mozilla/5.0 (compatible; SISTRIX Crawler; http://crawler.sistrix.net/)"
176.9.139.112 - - [07/Mar/2013:05:48:27 +0100] "GET /lexikon.php?cs_go=3&cs_id=121 HTTP/1.1" 200 8373 "-" "Mozilla/5.0 (compatible; SISTRIX Crawler; http://crawler.sistrix.net/)"
176.9.139.112 - - [07/Mar/2013:05:48:27 +0100] "GET /lexikon.php?cs_go=3&cs_id=215 HTTP/1.1" 200 8641 "-" "Mozilla/5.0 (compatible; SISTRIX Crawler; http://crawler.sistrix.net/)"
176.9.139.112 - - [07/Mar/2013:05:48:27 +0100] "GET /news.php?cs_go=archiv&cs_startpos=160 HTTP/1.1" 200 22801 "-" "Mozilla/5.0 (compatible; SISTRIX Crawler; http://crawler.sistrix.net/)"
176.9.139.112 - - [07/Mar/2013:05:48:28 +0100] "GET /lexikon.php?cs_go=3&cs_id=82 HTTP/1.1" 200 8389 "-" "Mozilla/5.0 (compatible; SISTRIX Crawler; http://crawler.sistrix.net/)"
176.9.139.112 - - [07/Mar/2013:05:48:28 +0100] "GET /lexikon.php?cs_go=3&cs_id=61 HTTP/1.1" 200 8792 "-" "Mozilla/5.0 (compatible; SISTRIX Crawler; http://crawler.sistrix.net/)"
176.9.139.112 - - [07/Mar/2013:05:48:28 +0100] "GET /lexikon.php?cs_go=3&cs_id=16 HTTP/1.1" 200 8903 "-" "Mozilla/5.0 (compatible; SISTRIX Crawler; http://crawler.sistrix.net/)"
176.9.139.112 - - [07/Mar/2013:05:48:28 +0100] "GET /news.php?cs_go=archiv&cs_id=3925&cs_search= HTTP/1.1" 200 10052 "-" "Mozilla/5.0 (compatible; SISTRIX Crawler; http://crawler.sistrix.net/)"
176.9.139.112 - - [07/Mar/2013:05:48:29 +0100] "GET /lexikon.php?cs_go=3&cs_id=192 HTTP/1.1" 200 8407 "-" "Mozilla/5.0 (compatible; SISTRIX Crawler; http://crawler.sistrix.net/)"
176.9.139.112 - - [07/Mar/2013:05:48:29 +0100] "GET /news.php?cs_go=archiv&cs_id=3892&cs_search= HTTP/1.1" 200 11775 "-" "Mozilla/5.0 (compatible; SISTRIX Crawler; http://crawler.sistrix.net/)"
176.9.139.112 - - [07/Mar/2013:05:48:29 +0100] "GET /lexikon.php?cs_go=3&cs_id=234 HTTP/1.1" 200 8726 "-" "Mozilla/5.0 (compatible; SISTRIX Crawler; http://crawler.sistrix.net/)"
176.9.139.112 - - [07/Mar/2013:05:48:29 +0100] "GET /lexikon.php?cs_go=3&cs_id=210 HTTP/1.1" 200 9541 "-" "Mozilla/5.0 (compatible; SISTRIX Crawler; http://crawler.sistrix.net/)"
176.9.139.112 - - [07/Mar/2013:05:48:30 +0100] "GET /news.php?cs_go=archiv&cs_id=3901&cs_search= HTTP/1.1" 200 9798 "-" "Mozilla/5.0 (compatible; SISTRIX Crawler; http://crawler.sistrix.net/)"
176.9.139.112 - - [07/Mar/2013:05:48:30 +0100] "GET /news.php?cs_go=archiv&cs_id=3882&cs_search= HTTP/1.1" 200 9842 "-" "Mozilla/5.0 (compatible; SISTRIX Crawler; http://crawler.sistrix.net/)"
176.9.139.112 - - [07/Mar/2013:05:48:30 +0100] "GET /lexikon.php?cs_go=3&cs_id=69 HTTP/1.1" 200 10107 "-" "Mozilla/5.0 (compatible; SISTRIX Crawler; http://crawler.sistrix.net/)"
176.9.139.112 - - [07/Mar/2013:05:48:30 +0100] "GET /lexikon.php?cs_go=3&cs_id=119 HTTP/1.1" 200 8142 "-" "Mozilla/5.0 (compatible; SISTRIX Crawler; http://crawler.sistrix.net/)"
176.9.139.112 - - [07/Mar/2013:05:48:31 +0100] "GET /lexikon.php?cs_go=3&cs_id=78 HTTP/1.1" 200 8258 "-" "Mozilla/5.0 (compatible; SISTRIX Crawler; http://crawler.sistrix.net/)"
176.9.139.112 - - [07/Mar/2013:05:48:31 +0100] "GET /news.php?cs_go=archiv&cs_startpos=110 HTTP/1.1" 200 22757 "-" "Mozilla/5.0 (compatible; SISTRIX Crawler; http://crawler.sistrix.net/)"
176.9.139.112 - - [07/Mar/2013:05:48:31 +0100] "GET /lexikon.php?cs_go=3&cs_id=196 HTTP/1.1" 200 8291 "-" "Mozilla/5.0 (compatible; SISTRIX Crawler; http://crawler.sistrix.net/)"
176.9.139.112 - - [07/Mar/2013:05:48:32 +0100] "GET /news.php?cs_go=archiv&cs_id=3798&cs_search= HTTP/1.1" 200 13086 "-" "Mozilla/5.0 (compatible; SISTRIX Crawler; http://crawler.sistrix.net/)"
