66.249.78.46 - - [12/Mar/2013:21:11:31 +0100] "GET /news.php?cs_go=archiv&cs_id=2936&cs_search= HTTP/1.1" 200 9829 "-" "Mozilla/5.0 (compatible; Googlebot/2.1; +http://www.google.com/bot.html)"
66.249.78.46 - - [12/Mar/2013:21:14:12 +0100] "GET /news.php?cs_go=archiv&cs_id=2726&cs_search= HTTP/1.1" 200 10273 "-" "Mozilla/5.0 (compatible; Googlebot/2.1; +http://www.google.com/bot.html)"
66.249.78.46 - - [12/Mar/2013:21:17:55 +0100] "GET /news.php?cs_go=archiv&cs_id=2744&cs_search= HTTP/1.1" 200 9983 "-" "Mozilla/5.0 (compatible; Googlebot/2.1; +http://www.google.com/bot.html)"
139.18.2.209 - - [12/Mar/2013:21:20:44 +0100] "GET /robots.txt HTTP/1.1" 200 177 "-" "findlinks/2.6 (+http://wortschatz.uni-leipzig.de/findlinks/)"
66.249.78.46 - - [12/Mar/2013:21:25:17 +0100] "GET /news.php?cs_go=archiv&cs_id=3381&cs_search= HTTP/1.1" 200 9878 "-" "Mozilla/5.0 (compatible; Googlebot/2.1; +http://www.google.com/bot.html)"
195.93.60.8 - - [12/Mar/2013:21:38:36 +0100] "GET / HTTP/1.1" 200 12164 "http://suche.aol.de/aol/search?enabled_terms=&s_it=aolde-homePage50&q=mink+heiz%C3%B6l" "Mozilla/5.0 (compatible; MSIE 9.0; AOL 9.0; AOLBuild 4327.5201; Windows NT 6.1; WOW64; Trident/5.0)"
195.93.60.10 - - [12/Mar/2013:21:38:44 +0100] "GET /jobs.php HTTP/1.1" 200 7113 "http://www.mink-gmbh.de/" "Mozilla/5.0 (compatible; MSIE 9.0; AOL 9.0; AOLBuild 4327.5201; Windows NT 6.1; WOW64; Trident/5.0)"
195.93.60.10 - - [12/Mar/2013:21:38:48 +0100] "GET /jobs.php HTTP/1.1" 200 7113 "http://www.mink-gmbh.de/jobs.php" "Mozilla/5.0 (compatible; MSIE 9.0; AOL 9.0; AOLBuild 4327.5201; Windows NT 6.1; WOW64; Trident/5.0)"
195.93.60.8 - - [12/Mar/2013:21:38:55 +0100] "GET / HTTP/1.1" 200 11423 "http://suche.aol.de/aol/search?enabled_terms=&s_it=aolde-homePage50&q=mink+heiz%C3%B6l" "Mozilla/5.0 (compatible; MSIE 9.0; AOL 9.0; AOLBuild 4327.5201; Windows NT 6.1; WOW64; Trident/5.0)"
195.93.60.10 - - [12/Mar/2013:21:38:59 +0100] "GET /jobs.php HTTP/1.1" 200 7113 "http://www.mink-gmbh.de/" "Mozilla/5.0 (compatible; MSIE 9.0; AOL 9.0; AOLBuild 4327.5201; Windows NT 6.1; WOW64; Trident/5.0)"
195.93.60.8 - - [12/Mar/2013:21:39:25 +0100] "GET / HTTP/1.1" 200 11423 "http://suche.aol.de/aol/search?enabled_terms=&s_it=aolde-homePage50&q=mink+heiz%C3%B6l" "Mozilla/5.0 (compatible; MSIE 9.0; AOL 9.0; AOLBuild 4327.5201; Windows NT 6.1; WOW64; Trident/5.0)"
195.93.60.10 - - [12/Mar/2013:21:39:32 +0100] "GET /jobs.php HTTP/1.1" 200 7113 "http://www.mink-gmbh.de/" "Mozilla/5.0 (compatible; MSIE 9.0; AOL 9.0; AOLBuild 4327.5201; Windows NT 6.1; WOW64; Trident/5.0)"
195.93.60.39 - - [12/Mar/2013:21:39:44 +0100] "GET /index.php HTTP/1.1" 200 11423 "http://www.mink-gmbh.de/jobs.php" "Mozilla/5.0 (compatible; MSIE 9.0; AOL 9.0; AOLBuild 4327.5201; Windows NT 6.1; WOW64; Trident/5.0)"
195.93.60.10 - - [12/Mar/2013:21:39:56 +0100] "GET /jobs.php HTTP/1.1" 200 7113 "http://www.mink-gmbh.de/index.php" "Mozilla/5.0 (compatible; MSIE 9.0; AOL 9.0; AOLBuild 4327.5201; Windows NT 6.1; WOW64; Trident/5.0)"
66.249.78.46 - - [12/Mar/2013:21:40:06 +0100] "GET /lexikon.php?cs_go=3&cs_id=28 HTTP/1.1" 200 8312 "-" "Mozilla/5.0 (compatible; Googlebot/2.1; +http://www.google.com/bot.html)"
195.93.60.39 - - [12/Mar/2013:21:40:21 +0100] "GET /index.php HTTP/1.1" 200 11423 "http://www.mink-gmbh.de/jobs.php" "Mozilla/5.0 (compatible; MSIE 9.0; AOL 9.0; AOLBuild 4327.5201; Windows NT 6.1; WOW64; Trident/5.0)"
195.93.60.5 - - [12/Mar/2013:21:40:42 +0100] "GET /kontakt.php HTTP/1.1" 200 9111 "http://www.mink-gmbh.de/index.php" "Mozilla/5.0 (compatible; MSIE 9.0; AOL 9.0; AOLBuild 4327.5201; Windows NT 6.1; WOW64; Trident/5.0)"
195.93.60.10 - - [12/Mar/2013:21:40:54 +0100] "GET /jobs.php HTTP/1.1" 200 7113 "http://www.mink-gmbh.de/kontakt.php" "Mozilla/5.0 (compatible; MSIE 9.0; AOL 9.0; AOLBuild 4327.5201; Windows NT 6.1; WOW64; Trident/5.0)"
195.93.60.8 - - [12/Mar/2013:21:41:22 +0100] "GET / HTTP/1.1" 200 11423 "http://www.branchen-info.net/firma_im_web-367396.html" "Mozilla/5.0 (compatible; MSIE 9.0; AOL 9.0; AOLBuild 4327.5201; Windows NT 6.1; WOW64; Trident/5.0)"
195.93.60.10 - - [12/Mar/2013:21:41:24 +0100] "GET /jobs.php HTTP/1.1" 200 7113 "http://www.mink-gmbh.de/" "Mozilla/5.0 (compatible; MSIE 9.0; AOL 9.0; AOLBuild 4327.5201; Windows NT 6.1; WOW64; Trident/5.0)"
195.93.60.5 - - [12/Mar/2013:21:42:28 +0100] "GET /kontakt.php HTTP/1.1" 200 9111 "http://www.mink-gmbh.de/jobs.php" "Mozilla/5.0 (compatible; MSIE 9.0; AOL 9.0; AOLBuild 4327.5201; Windows NT 6.1; WOW64; Trident/5.0)"
195.93.60.40 - - [12/Mar/2013:21:42:33 +0100] "GET /impressum.php HTTP/1.1" 200 8495 "http://www.mink-gmbh.de/kontakt.php" "Mozilla/5.0 (compatible; MSIE 9.0; AOL 9.0; AOLBuild 4327.5201; Windows NT 6.1; WOW64; Trident/5.0)"
195.93.60.8 - - [12/Mar/2013:21:44:05 +0100] "GET / HTTP/1.1" 200 11423 "http://suche.aol.de/aol/search?enabled_terms=&s_it=aolde-homePage50&q=mink+heiz%C3%B6l" "Mozilla/5.0 (compatible; MSIE 9.0; AOL 9.0; AOLBuild 4327.5201; Windows NT 6.1; WOW64; Trident/5.0)"
195.93.60.10 - - [12/Mar/2013:21:44:08 +0100] "GET /jobs.php HTTP/1.1" 200 7113 "http://www.mink-gmbh.de/" "Mozilla/5.0 (compatible; MSIE 9.0; AOL 9.0; AOLBuild 4327.5201; Windows NT 6.1; WOW64; Trident/5.0)"
66.249.78.46 - - [12/Mar/2013:21:51:11 +0100] "GET /lexikon.php?cs_go=3&cs_id=168 HTTP/1.1" 200 9138 "-" "Mozilla/5.0 (compatible; Googlebot/2.1; +http://www.google.com/bot.html)"
195.93.60.8 - - [12/Mar/2013:21:54:49 +0100] "GET / HTTP/1.1" 200 11423 "http://web2.cylex.de/reviews/viewcompanywebsite.aspx?firmaName=herbert-mink-gmbh&companyId=5251604" "Mozilla/5.0 (compatible; MSIE 9.0; AOL 9.0; AOLBuild 4327.5201; Windows NT 6.1; WOW64; Trident/5.0)"
66.249.78.46 - - [12/Mar/2013:21:54:54 +0100] "GET /lexikon.php?cs_go=3&cs_id=74 HTTP/1.1" 200 8669 "-" "Mozilla/5.0 (compatible; Googlebot/2.1; +http://www.google.com/bot.html)"
195.93.60.10 - - [12/Mar/2013:21:54:55 +0100] "GET /jobs.php HTTP/1.1" 200 7113 "http://www.mink-gmbh.de/" "Mozilla/5.0 (compatible; MSIE 9.0; AOL 9.0; AOLBuild 4327.5201; Windows NT 6.1; WOW64; Trident/5.0)"
195.93.60.5 - - [12/Mar/2013:21:55:25 +0100] "GET /kontakt.php HTTP/1.1" 200 9111 "http://www.mink-gmbh.de/jobs.php" "Mozilla/5.0 (compatible; MSIE 9.0; AOL 9.0; AOLBuild 4327.5201; Windows NT 6.1; WOW64; Trident/5.0)"
195.93.60.10 - - [12/Mar/2013:21:55:43 +0100] "GET /jobs.php HTTP/1.1" 200 7113 "http://www.mink-gmbh.de/kontakt.php" "Mozilla/5.0 (compatible; MSIE 9.0; AOL 9.0; AOLBuild 4327.5201; Windows NT 6.1; WOW64; Trident/5.0)"
195.93.60.40 - - [12/Mar/2013:21:55:54 +0100] "GET /impressum.php HTTP/1.1" 200 8495 "http://www.mink-gmbh.de/jobs.php" "Mozilla/5.0 (compatible; MSIE 9.0; AOL 9.0; AOLBuild 4327.5201; Windows NT 6.1; WOW64; Trident/5.0)"
195.93.60.8 - - [12/Mar/2013:21:59:11 +0100] "GET / HTTP/1.1" 200 11423 "http://suche.aol.de/aol/search?enabled_terms=&s_it=aolde-homePage50&q=mink+heiz%C3%B6l" "Mozilla/5.0 (compatible; MSIE 9.0; AOL 9.0; AOLBuild 4327.5201; Windows NT 6.1; WOW64; Trident/5.0)"
195.93.60.10 - - [12/Mar/2013:21:59:14 +0100] "GET /jobs.php HTTP/1.1" 200 7113 "http://www.mink-gmbh.de/" "Mozilla/5.0 (compatible; MSIE 9.0; AOL 9.0; AOLBuild 4327.5201; Windows NT 6.1; WOW64; Trident/5.0)"
195.93.60.39 - - [12/Mar/2013:22:00:10 +0100] "GET /index.php HTTP/1.1" 200 11423 "http://www.mink-gmbh.de/jobs.php" "Mozilla/5.0 (compatible; MSIE 9.0; AOL 9.0; AOLBuild 4327.5201; Windows NT 6.1; WOW64; Trident/5.0)"
195.93.60.10 - - [12/Mar/2013:22:01:04 +0100] "GET /jobs.php HTTP/1.1" 200 7113 "http://www.mink-gmbh.de/index.php" "Mozilla/5.0 (compatible; MSIE 9.0; AOL 9.0; AOLBuild 4327.5201; Windows NT 6.1; WOW64; Trident/5.0)"
91.66.234.255 - - [12/Mar/2013:22:01:46 +0100] "GET /style.css HTTP/1.1" 200 8418 "http://www.mink-gmbh.de/" "Mozilla/5.0 (compatible; MSIE 9.0; Windows NT 6.1; WOW64; Trident/5.0)"
91.66.234.255 - - [12/Mar/2013:22:01:47 +0100] "GET /js_contentserver24_greybox/gb_styles.css HTTP/1.1" 200 2302 "http://www.mink-gmbh.de/" "Mozilla/5.0 (compatible; MSIE 9.0; Windows NT 6.1; WOW64; Trident/5.0)"
91.66.234.255 - - [12/Mar/2013:22:01:47 +0100] "GET /js_contentserver24_greybox/AJS_fx.js HTTP/1.1" 200 3192 "http://www.mink-gmbh.de/" "Mozilla/5.0 (compatible; MSIE 9.0; Windows NT 6.1; WOW64; Trident/5.0)"
91.66.234.255 - - [12/Mar/2013:22:01:47 +0100] "GET /js_contentserver24_greybox/AJS.js HTTP/1.1" 200 10396 "http://www.mink-gmbh.de/" "Mozilla/5.0 (compatible; MSIE 9.0; Windows NT 6.1; WOW64; Trident/5.0)"
91.66.234.255 - - [12/Mar/2013:22:01:47 +0100] "GET /js_contentserver24_greybox/gb_scripts.js HTTP/1.1" 200 11913 "http://www.mink-gmbh.de/" "Mozilla/5.0 (compatible; MSIE 9.0; Windows NT 6.1; WOW64; Trident/5.0)"
91.66.234.255 - - [12/Mar/2013:22:01:46 +0100] "GET /modul.css HTTP/1.1" 200 35038 "http://www.mink-gmbh.de/" "Mozilla/5.0 (compatible; MSIE 9.0; Windows NT 6.1; WOW64; Trident/5.0)"
91.66.234.255 - - [12/Mar/2013:22:01:46 +0100] "GET / HTTP/1.1" 200 12164 "http://www.google.de/url?sa=t&rct=j&q=herbert%20mink%20heiz%C3%B6l&source=web&cd=1&ved=0CDAQFjAA&url=http%3A%2F%2Fwww.mink-gmbh.de%2F&ei=qZc_UYXKK8j5sgbUzYD4Ag&usg=AFQjCNFHX4Iglls9oo-KYXTmDUV_5KOVIg&bvm=bv.43287494,d.Yms" "Mozilla/5.0 (compatible; MSIE 9.0; Windows NT 6.1; WOW64; Trident/5.0)"
91.66.234.255 - - [12/Mar/2013:22:01:47 +0100] "GET /images/mail.jpg HTTP/1.1" 200 11165 "http://www.mink-gmbh.de/" "Mozilla/5.0 (compatible; MSIE 9.0; Windows NT 6.1; WOW64; Trident/5.0)"
91.66.234.255 - - [12/Mar/2013:22:01:47 +0100] "GET /images/logos.jpg HTTP/1.1" 200 15002 "http://www.mink-gmbh.de/" "Mozilla/5.0 (compatible; MSIE 9.0; Windows NT 6.1; WOW64; Trident/5.0)"
91.66.234.255 - - [12/Mar/2013:22:01:47 +0100] "GET /images/kwk.gif HTTP/1.1" 200 6403 "http://www.mink-gmbh.de/" "Mozilla/5.0 (compatible; MSIE 9.0; Windows NT 6.1; WOW64; Trident/5.0)"
91.66.234.255 - - [12/Mar/2013:22:01:47 +0100] "GET /images/wunschpreis.jpg HTTP/1.1" 200 16767 "http://www.mink-gmbh.de/" "Mozilla/5.0 (compatible; MSIE 9.0; Windows NT 6.1; WOW64; Trident/5.0)"
91.66.234.255 - - [12/Mar/2013:22:01:47 +0100] "GET /images/bg.jpg HTTP/1.1" 200 345 "http://www.mink-gmbh.de/" "Mozilla/5.0 (compatible; MSIE 9.0; Windows NT 6.1; WOW64; Trident/5.0)"
91.66.234.255 - - [12/Mar/2013:22:01:47 +0100] "GET /js_contentserver24_greybox/w_close.gif HTTP/1.1" 200 74 "http://www.mink-gmbh.de/" "Mozilla/5.0 (compatible; MSIE 9.0; Windows NT 6.1; WOW64; Trident/5.0)"
91.66.234.255 - - [12/Mar/2013:22:01:47 +0100] "GET /images/wrapperbg.jpg HTTP/1.1" 200 27465 "http://www.mink-gmbh.de/" "Mozilla/5.0 (compatible; MSIE 9.0; Windows NT 6.1; WOW64; Trident/5.0)"
91.66.234.255 - - [12/Mar/2013:22:01:47 +0100] "GET /images/newsletter_bg.jpg HTTP/1.1" 200 33610 "http://www.mink-gmbh.de/" "Mozilla/5.0 (compatible; MSIE 9.0; Windows NT 6.1; WOW64; Trident/5.0)"
91.66.234.255 - - [12/Mar/2013:22:01:47 +0100] "GET /images/close.png HTTP/1.1" 200 703 "http://www.mink-gmbh.de/" "Mozilla/5.0 (compatible; MSIE 9.0; Windows NT 6.1; WOW64; Trident/5.0)"
91.66.234.255 - - [12/Mar/2013:22:01:47 +0100] "GET /images/navibg.png HTTP/1.1" 200 2803 "http://www.mink-gmbh.de/" "Mozilla/5.0 (compatible; MSIE 9.0; Windows NT 6.1; WOW64; Trident/5.0)"
91.66.234.255 - - [12/Mar/2013:22:01:47 +0100] "GET /images/tkw.jpg HTTP/1.1" 200 64031 "http://www.mink-gmbh.de/" "Mozilla/5.0 (compatible; MSIE 9.0; Windows NT 6.1; WOW64; Trident/5.0)"
91.66.234.255 - - [12/Mar/2013:22:01:47 +0100] "GET /images/header.jpg HTTP/1.1" 200 24413 "http://www.mink-gmbh.de/" "Mozilla/5.0 (compatible; MSIE 9.0; Windows NT 6.1; WOW64; Trident/5.0)"
91.66.234.255 - - [12/Mar/2013:22:01:47 +0100] "GET /images/fallend.png HTTP/1.1" 200 713 "http://www.mink-gmbh.de/" "Mozilla/5.0 (compatible; MSIE 9.0; Windows NT 6.1; WOW64; Trident/5.0)"
91.66.234.255 - - [12/Mar/2013:22:01:47 +0100] "GET /images/freecall.jpg HTTP/1.1" 200 39195 "http://www.mink-gmbh.de/" "Mozilla/5.0 (compatible; MSIE 9.0; Windows NT 6.1; WOW64; Trident/5.0)"
91.66.234.255 - - [12/Mar/2013:22:01:47 +0100] "GET /images/steigend.png HTTP/1.1" 200 688 "http://www.mink-gmbh.de/" "Mozilla/5.0 (compatible; MSIE 9.0; Windows NT 6.1; WOW64; Trident/5.0)"
91.66.234.255 - - [12/Mar/2013:22:01:47 +0100] "GET /images/mobil.jpg HTTP/1.1" 200 25293 "http://www.mink-gmbh.de/" "Mozilla/5.0 (compatible; MSIE 9.0; Windows NT 6.1; WOW64; Trident/5.0)"
91.66.234.255 - - [12/Mar/2013:22:01:47 +0100] "GET /images/newsletter.jpg HTTP/1.1" 200 13130 "http://www.mink-gmbh.de/" "Mozilla/5.0 (compatible; MSIE 9.0; Windows NT 6.1; WOW64; Trident/5.0)"
91.66.234.255 - - [12/Mar/2013:22:01:47 +0100] "GET /images/footerbg.jpg HTTP/1.1" 200 2184 "http://www.mink-gmbh.de/" "Mozilla/5.0 (compatible; MSIE 9.0; Windows NT 6.1; WOW64; Trident/5.0)"
91.66.234.255 - - [12/Mar/2013:22:01:47 +0100] "GET /images/newsletter.png HTTP/1.1" 200 14619 "http://www.mink-gmbh.de/" "Mozilla/5.0 (compatible; MSIE 9.0; Windows NT 6.1; WOW64; Trident/5.0)"
91.66.234.255 - - [12/Mar/2013:22:01:47 +0100] "GET /js_contentserver24_greybox/header_bg.gif HTTP/1.1" 200 1188 "http://www.mink-gmbh.de/" "Mozilla/5.0 (compatible; MSIE 9.0; Windows NT 6.1; WOW64; Trident/5.0)"
91.66.234.255 - - [12/Mar/2013:22:01:47 +0100] "GET /js_contentserver24_greybox/loader_frame.html?s=0 HTTP/1.1" 200 2084 "http://www.mink-gmbh.de/" "Mozilla/5.0 (compatible; MSIE 9.0; Windows NT 6.1; WOW64; Trident/5.0)"
91.66.234.255 - - [12/Mar/2013:22:01:47 +0100] "GET /js_contentserver24_greybox/indicator.gif HTTP/1.1" 200 8238 "http://www.mink-gmbh.de/js_contentserver24_greybox/loader_frame.html?s=0" "Mozilla/5.0 (compatible; MSIE 9.0; Windows NT 6.1; WOW64; Trident/5.0)"
91.66.234.255 - - [12/Mar/2013:22:01:48 +0100] "GET /js_contentserver24_greybox/g_close.gif HTTP/1.1" 200 541 "http://www.mink-gmbh.de/" "Mozilla/5.0 (compatible; MSIE 9.0; Windows NT 6.1; WOW64; Trident/5.0)"
91.66.234.255 - - [12/Mar/2013:22:01:48 +0100] "GET /favicon.ico HTTP/1.1" 200 3638 "-" "Mozilla/5.0 (compatible; MSIE 9.0; Windows NT 6.1; WOW64; Trident/5.0)"
91.66.234.255 - - [12/Mar/2013:22:01:50 +0100] "GET /jobs.php HTTP/1.1" 200 7113 "http://www.mink-gmbh.de/" "Mozilla/5.0 (compatible; MSIE 9.0; Windows NT 6.1; WOW64; Trident/5.0)"
91.66.234.255 - - [12/Mar/2013:22:01:59 +0100] "GET /impressum.php HTTP/1.1" 200 8495 "http://www.mink-gmbh.de/jobs.php" "Mozilla/5.0 (compatible; MSIE 9.0; Windows NT 6.1; WOW64; Trident/5.0)"
91.66.234.255 - - [12/Mar/2013:22:02:13 +0100] "GET /kontakt.php HTTP/1.1" 200 9111 "http://www.mink-gmbh.de/impressum.php" "Mozilla/5.0 (compatible; MSIE 9.0; Windows NT 6.1; WOW64; Trident/5.0)"
66.249.78.46 - - [12/Mar/2013:22:06:00 +0100] "GET /news.php?cs_go=archiv&cs_id=3275&cs_search= HTTP/1.1" 200 11350 "-" "Mozilla/5.0 (compatible; Googlebot/2.1; +http://www.google.com/bot.html)"
66.249.78.46 - - [12/Mar/2013:22:20:48 +0100] "GET /news.php?cs_go=archiv&cs_id=3312&cs_search= HTTP/1.1" 200 9837 "-" "Mozilla/5.0 (compatible; Googlebot/2.1; +http://www.google.com/bot.html)"
66.249.78.46 - - [12/Mar/2013:22:28:28 +0100] "GET /news.php?cs_go=archiv&cs_id=3868 HTTP/1.1" 200 11820 "-" "Mozilla/5.0 (compatible; Googlebot/2.1; +http://www.google.com/bot.html)"
66.249.78.46 - - [12/Mar/2013:22:36:28 +0100] "GET /news.php?cs_go=archiv&cs_id=3815 HTTP/1.1" 200 13195 "-" "Mozilla/5.0 (compatible; Googlebot/2.1; +http://www.google.com/bot.html)"
91.23.46.51 - - [12/Mar/2013:23:06:53 +0100] "GET /modul.css HTTP/1.1" 200 35038 "http://www.mink-gmbh.de/" "Mozilla/5.0 (Macintosh; Intel Mac OS X 10_8_2) AppleWebKit/536.26.17 (KHTML, like Gecko) Version/6.0.2 Safari/536.26.17"
91.23.46.51 - - [12/Mar/2013:23:06:53 +0100] "GET /style.css HTTP/1.1" 200 8418 "http://www.mink-gmbh.de/" "Mozilla/5.0 (Macintosh; Intel Mac OS X 10_8_2) AppleWebKit/536.26.17 (KHTML, like Gecko) Version/6.0.2 Safari/536.26.17"
91.23.46.51 - - [12/Mar/2013:23:06:53 +0100] "GET /js_contentserver24_greybox/gb_scripts.js HTTP/1.1" 200 11913 "http://www.mink-gmbh.de/" "Mozilla/5.0 (Macintosh; Intel Mac OS X 10_8_2) AppleWebKit/536.26.17 (KHTML, like Gecko) Version/6.0.2 Safari/536.26.17"
91.23.46.51 - - [12/Mar/2013:23:06:53 +0100] "GET /js_contentserver24_greybox/AJS.js HTTP/1.1" 200 10396 "http://www.mink-gmbh.de/" "Mozilla/5.0 (Macintosh; Intel Mac OS X 10_8_2) AppleWebKit/536.26.17 (KHTML, like Gecko) Version/6.0.2 Safari/536.26.17"
91.23.46.51 - - [12/Mar/2013:23:06:53 +0100] "GET /js_contentserver24_greybox/AJS_fx.js HTTP/1.1" 200 3192 "http://www.mink-gmbh.de/" "Mozilla/5.0 (Macintosh; Intel Mac OS X 10_8_2) AppleWebKit/536.26.17 (KHTML, like Gecko) Version/6.0.2 Safari/536.26.17"
91.23.46.51 - - [12/Mar/2013:23:06:53 +0100] "GET /js_contentserver24_greybox/gb_styles.css HTTP/1.1" 200 2302 "http://www.mink-gmbh.de/" "Mozilla/5.0 (Macintosh; Intel Mac OS X 10_8_2) AppleWebKit/536.26.17 (KHTML, like Gecko) Version/6.0.2 Safari/536.26.17"
91.23.46.51 - - [12/Mar/2013:23:06:52 +0100] "GET / HTTP/1.1" 200 12164 "http://www.google.de/url?sa=t&rct=j&q=&esrc=s&source=web&cd=3&ved=0CEMQFjAC&url=http%3A%2F%2Fwww.mink-gmbh.de%2F&ei=7KY_UbudMMSm4ATbxoEo&usg=AFQjCNFHX4Iglls9oo-KYXTmDUV_5KOVIg&bvm=bv.43287494,d.bGE" "Mozilla/5.0 (Macintosh; Intel Mac OS X 10_8_2) AppleWebKit/536.26.17 (KHTML, like Gecko) Version/6.0.2 Safari/536.26.17"
91.23.46.51 - - [12/Mar/2013:23:06:53 +0100] "GET /js_contentserver24_greybox/w_close.gif HTTP/1.1" 200 74 "http://www.mink-gmbh.de/" "Mozilla/5.0 (Macintosh; Intel Mac OS X 10_8_2) AppleWebKit/536.26.17 (KHTML, like Gecko) Version/6.0.2 Safari/536.26.17"
91.23.46.51 - - [12/Mar/2013:23:06:53 +0100] "GET /images/newsletter.png HTTP/1.1" 200 14619 "http://www.mink-gmbh.de/" "Mozilla/5.0 (Macintosh; Intel Mac OS X 10_8_2) AppleWebKit/536.26.17 (KHTML, like Gecko) Version/6.0.2 Safari/536.26.17"
91.23.46.51 - - [12/Mar/2013:23:06:53 +0100] "GET /images/bg.jpg HTTP/1.1" 200 345 "http://www.mink-gmbh.de/" "Mozilla/5.0 (Macintosh; Intel Mac OS X 10_8_2) AppleWebKit/536.26.17 (KHTML, like Gecko) Version/6.0.2 Safari/536.26.17"
91.23.46.51 - - [12/Mar/2013:23:06:53 +0100] "GET /images/newsletter_bg.jpg HTTP/1.1" 200 33610 "http://www.mink-gmbh.de/" "Mozilla/5.0 (Macintosh; Intel Mac OS X 10_8_2) AppleWebKit/536.26.17 (KHTML, like Gecko) Version/6.0.2 Safari/536.26.17"
91.23.46.51 - - [12/Mar/2013:23:06:53 +0100] "GET /images/close.png HTTP/1.1" 200 703 "http://www.mink-gmbh.de/" "Mozilla/5.0 (Macintosh; Intel Mac OS X 10_8_2) AppleWebKit/536.26.17 (KHTML, like Gecko) Version/6.0.2 Safari/536.26.17"
91.23.46.51 - - [12/Mar/2013:23:06:53 +0100] "GET /images/header.jpg HTTP/1.1" 200 24413 "http://www.mink-gmbh.de/" "Mozilla/5.0 (Macintosh; Intel Mac OS X 10_8_2) AppleWebKit/536.26.17 (KHTML, like Gecko) Version/6.0.2 Safari/536.26.17"
91.23.46.51 - - [12/Mar/2013:23:06:53 +0100] "GET /images/fallend.png HTTP/1.1" 200 713 "http://www.mink-gmbh.de/" "Mozilla/5.0 (Macintosh; Intel Mac OS X 10_8_2) AppleWebKit/536.26.17 (KHTML, like Gecko) Version/6.0.2 Safari/536.26.17"
91.23.46.51 - - [12/Mar/2013:23:06:53 +0100] "GET /images/navibg.png HTTP/1.1" 200 2803 "http://www.mink-gmbh.de/" "Mozilla/5.0 (Macintosh; Intel Mac OS X 10_8_2) AppleWebKit/536.26.17 (KHTML, like Gecko) Version/6.0.2 Safari/536.26.17"
91.23.46.51 - - [12/Mar/2013:23:06:53 +0100] "GET /images/wrapperbg.jpg HTTP/1.1" 200 27465 "http://www.mink-gmbh.de/" "Mozilla/5.0 (Macintosh; Intel Mac OS X 10_8_2) AppleWebKit/536.26.17 (KHTML, like Gecko) Version/6.0.2 Safari/536.26.17"
91.23.46.51 - - [12/Mar/2013:23:06:53 +0100] "GET /images/tkw.jpg HTTP/1.1" 200 64031 "http://www.mink-gmbh.de/" "Mozilla/5.0 (Macintosh; Intel Mac OS X 10_8_2) AppleWebKit/536.26.17 (KHTML, like Gecko) Version/6.0.2 Safari/536.26.17"
91.23.46.51 - - [12/Mar/2013:23:06:53 +0100] "GET /images/steigend.png HTTP/1.1" 200 688 "http://www.mink-gmbh.de/" "Mozilla/5.0 (Macintosh; Intel Mac OS X 10_8_2) AppleWebKit/536.26.17 (KHTML, like Gecko) Version/6.0.2 Safari/536.26.17"
91.23.46.51 - - [12/Mar/2013:23:06:53 +0100] "GET /images/mobil.jpg HTTP/1.1" 200 25293 "http://www.mink-gmbh.de/" "Mozilla/5.0 (Macintosh; Intel Mac OS X 10_8_2) AppleWebKit/536.26.17 (KHTML, like Gecko) Version/6.0.2 Safari/536.26.17"
91.23.46.51 - - [12/Mar/2013:23:06:53 +0100] "GET /images/newsletter.jpg HTTP/1.1" 200 13130 "http://www.mink-gmbh.de/" "Mozilla/5.0 (Macintosh; Intel Mac OS X 10_8_2) AppleWebKit/536.26.17 (KHTML, like Gecko) Version/6.0.2 Safari/536.26.17"
91.23.46.51 - - [12/Mar/2013:23:06:53 +0100] "GET /images/mail.jpg HTTP/1.1" 200 11165 "http://www.mink-gmbh.de/" "Mozilla/5.0 (Macintosh; Intel Mac OS X 10_8_2) AppleWebKit/536.26.17 (KHTML, like Gecko) Version/6.0.2 Safari/536.26.17"
91.23.46.51 - - [12/Mar/2013:23:06:54 +0100] "GET /images/freecall.jpg HTTP/1.1" 200 39195 "http://www.mink-gmbh.de/" "Mozilla/5.0 (Macintosh; Intel Mac OS X 10_8_2) AppleWebKit/536.26.17 (KHTML, like Gecko) Version/6.0.2 Safari/536.26.17"
91.23.46.51 - - [12/Mar/2013:23:06:54 +0100] "GET /js_contentserver24_greybox/loader_frame.html?s=0 HTTP/1.1" 200 2084 "http://www.mink-gmbh.de/" "Mozilla/5.0 (Macintosh; Intel Mac OS X 10_8_2) AppleWebKit/536.26.17 (KHTML, like Gecko) Version/6.0.2 Safari/536.26.17"
91.23.46.51 - - [12/Mar/2013:23:06:54 +0100] "GET /images/kwk.gif HTTP/1.1" 200 6403 "http://www.mink-gmbh.de/" "Mozilla/5.0 (Macintosh; Intel Mac OS X 10_8_2) AppleWebKit/536.26.17 (KHTML, like Gecko) Version/6.0.2 Safari/536.26.17"
91.23.46.51 - - [12/Mar/2013:23:06:54 +0100] "GET /images/wunschpreis.jpg HTTP/1.1" 200 16767 "http://www.mink-gmbh.de/" "Mozilla/5.0 (Macintosh; Intel Mac OS X 10_8_2) AppleWebKit/536.26.17 (KHTML, like Gecko) Version/6.0.2 Safari/536.26.17"
91.23.46.51 - - [12/Mar/2013:23:06:54 +0100] "GET /images/logos.jpg HTTP/1.1" 200 15002 "http://www.mink-gmbh.de/" "Mozilla/5.0 (Macintosh; Intel Mac OS X 10_8_2) AppleWebKit/536.26.17 (KHTML, like Gecko) Version/6.0.2 Safari/536.26.17"
91.23.46.51 - - [12/Mar/2013:23:06:54 +0100] "GET /js_contentserver24_greybox/header_bg.gif HTTP/1.1" 200 1188 "http://www.mink-gmbh.de/" "Mozilla/5.0 (Macintosh; Intel Mac OS X 10_8_2) AppleWebKit/536.26.17 (KHTML, like Gecko) Version/6.0.2 Safari/536.26.17"
91.23.46.51 - - [12/Mar/2013:23:06:54 +0100] "GET /js_contentserver24_greybox/indicator.gif HTTP/1.1" 200 8238 "http://www.mink-gmbh.de/js_contentserver24_greybox/loader_frame.html?s=0" "Mozilla/5.0 (Macintosh; Intel Mac OS X 10_8_2) AppleWebKit/536.26.17 (KHTML, like Gecko) Version/6.0.2 Safari/536.26.17"
91.23.46.51 - - [12/Mar/2013:23:06:54 +0100] "GET /images/footerbg.jpg HTTP/1.1" 200 2184 "http://www.mink-gmbh.de/" "Mozilla/5.0 (Macintosh; Intel Mac OS X 10_8_2) AppleWebKit/536.26.17 (KHTML, like Gecko) Version/6.0.2 Safari/536.26.17"
91.23.46.51 - - [12/Mar/2013:23:06:54 +0100] "GET /js_contentserver24_greybox/g_close.gif HTTP/1.1" 200 541 "http://www.mink-gmbh.de/" "Mozilla/5.0 (Macintosh; Intel Mac OS X 10_8_2) AppleWebKit/536.26.17 (KHTML, like Gecko) Version/6.0.2 Safari/536.26.17"
91.23.46.51 - - [12/Mar/2013:23:06:55 +0100] "GET /favicon.ico HTTP/1.1" 200 3638 "http://www.mink-gmbh.de/" "Mozilla/5.0 (Macintosh; Intel Mac OS X 10_8_2) AppleWebKit/536.26.17 (KHTML, like Gecko) Version/6.0.2 Safari/536.26.17"
91.23.46.51 - - [12/Mar/2013:23:07:03 +0100] "GET /preisanfrage.php HTTP/1.1" 200 10647 "http://www.mink-gmbh.de/" "Mozilla/5.0 (Macintosh; Intel Mac OS X 10_8_2) AppleWebKit/536.26.17 (KHTML, like Gecko) Version/6.0.2 Safari/536.26.17"
66.249.78.46 - - [12/Mar/2013:23:07:05 +0100] "GET /news.php?cs_go=archiv&cs_id=3122 HTTP/1.1" 200 10151 "-" "Mozilla/5.0 (compatible; Googlebot/2.1; +http://www.google.com/bot.html)"
91.23.46.51 - - [12/Mar/2013:23:07:07 +0100] "GET /standard.php HTTP/1.1" 200 9131 "http://www.mink-gmbh.de/preisanfrage.php" "Mozilla/5.0 (Macintosh; Intel Mac OS X 10_8_2) AppleWebKit/536.26.17 (KHTML, like Gecko) Version/6.0.2 Safari/536.26.17"
91.23.46.51 - - [12/Mar/2013:23:07:17 +0100] "GET /optiplus.php HTTP/1.1" 200 11013 "http://www.mink-gmbh.de/standard.php" "Mozilla/5.0 (Macintosh; Intel Mac OS X 10_8_2) AppleWebKit/536.26.17 (KHTML, like Gecko) Version/6.0.2 Safari/536.26.17"
91.23.46.51 - - [12/Mar/2013:23:07:17 +0100] "GET /images/optiplus.jpg HTTP/1.1" 200 37436 "http://www.mink-gmbh.de/optiplus.php" "Mozilla/5.0 (Macintosh; Intel Mac OS X 10_8_2) AppleWebKit/536.26.17 (KHTML, like Gecko) Version/6.0.2 Safari/536.26.17"
91.23.46.51 - - [12/Mar/2013:23:07:17 +0100] "GET /images/Optiseite.jpg HTTP/1.1" 200 32107 "http://www.mink-gmbh.de/optiplus.php" "Mozilla/5.0 (Macintosh; Intel Mac OS X 10_8_2) AppleWebKit/536.26.17 (KHTML, like Gecko) Version/6.0.2 Safari/536.26.17"
91.23.46.51 - - [12/Mar/2013:23:07:25 +0100] "GET /preisanfrage.php HTTP/1.1" 200 10647 "http://www.mink-gmbh.de/optiplus.php" "Mozilla/5.0 (Macintosh; Intel Mac OS X 10_8_2) AppleWebKit/536.26.17 (KHTML, like Gecko) Version/6.0.2 Safari/536.26.17"
91.23.46.51 - - [12/Mar/2013:23:07:46 +0100] "GET /kontakt.php HTTP/1.1" 200 9111 "http://www.mink-gmbh.de/preisanfrage.php" "Mozilla/5.0 (Macintosh; Intel Mac OS X 10_8_2) AppleWebKit/536.26.17 (KHTML, like Gecko) Version/6.0.2 Safari/536.26.17"
91.23.46.51 - - [12/Mar/2013:23:07:52 +0100] "GET /index.php HTTP/1.1" 200 11423 "http://www.mink-gmbh.de/kontakt.php" "Mozilla/5.0 (Macintosh; Intel Mac OS X 10_8_2) AppleWebKit/536.26.17 (KHTML, like Gecko) Version/6.0.2 Safari/536.26.17"
91.23.46.51 - - [12/Mar/2013:23:08:23 +0100] "GET /standard.php HTTP/1.1" 200 9131 "http://www.mink-gmbh.de/index.php" "Mozilla/5.0 (Macintosh; Intel Mac OS X 10_8_2) AppleWebKit/536.26.17 (KHTML, like Gecko) Version/6.0.2 Safari/536.26.17"
91.23.46.51 - - [12/Mar/2013:23:08:34 +0100] "GET /optiplus.php HTTP/1.1" 200 11013 "http://www.mink-gmbh.de/standard.php" "Mozilla/5.0 (Macintosh; Intel Mac OS X 10_8_2) AppleWebKit/536.26.17 (KHTML, like Gecko) Version/6.0.2 Safari/536.26.17"
66.249.78.46 - - [12/Mar/2013:23:15:43 +0100] "GET /news.php?cs_go=archiv&cs_id=3981 HTTP/1.1" 200 12282 "-" "SAMSUNG-SGH-E250/1.0 Profile/MIDP-2.0 Configuration/CLDC-1.1 UP.Browser/6.2.3.3.c.1.101 (GUI) MMP/2.0 (compatible; Googlebot-Mobile/2.1; +http://www.google.com/bot.html)"
66.249.78.46 - - [12/Mar/2013:23:23:53 +0100] "GET /news.php?cs_go=archiv&cs_id=3351&cs_search= HTTP/1.1" 200 13344 "-" "Mozilla/5.0 (compatible; Googlebot/2.1; +http://www.google.com/bot.html)"
77.78.109.71 - - [13/Mar/2013:00:08:54 +0100] "GET /robots.txt HTTP/1.1" 200 177 "-" "PagesInventory (robot http://www.pagesinvenotry.com)"
77.78.109.71 - - [13/Mar/2013:00:08:54 +0100] "GET / HTTP/1.1" 200 12164 "-" "PagesInventory (robot +http://www.pagesinventory.com)"
66.249.78.46 - - [13/Mar/2013:00:10:34 +0100] "GET /news.php?cs_go=archiv&cs_id=3334&cs_search= HTTP/1.1" 200 10005 "-" "Mozilla/5.0 (compatible; Googlebot/2.1; +http://www.google.com/bot.html)"
23.22.131.19 - - [13/Mar/2013:00:41:17 +0100] "GET / HTTP/1.0" 200 12164 "http://www.go-profitclicking.com" "-"
66.249.78.46 - - [13/Mar/2013:00:47:13 +0100] "GET /index.php HTTP/1.1" 200 12164 "-" "Mozilla/5.0 (compatible; Googlebot/2.1; +http://www.google.com/bot.html)"
66.249.75.49 - - [13/Mar/2013:00:47:36 +0100] "GET /edl.php HTTP/1.1" 200 10801 "-" "DoCoMo/2.0 N905i(c100;TB;W24H16) (compatible; Googlebot-Mobile/2.1; +http://www.google.com/bot.html)"
66.249.78.46 - - [13/Mar/2013:01:27:14 +0100] "GET /news.php?cs_go=archiv&cs_id=3885 HTTP/1.1" 200 13537 "-" "Mozilla/5.0 (compatible; Googlebot/2.1; +http://www.google.com/bot.html)"
66.249.78.46 - - [13/Mar/2013:01:30:37 +0100] "GET /news.php?cs_go=archiv&cs_id=3895 HTTP/1.1" 200 12543 "-" "Mozilla/5.0 (compatible; Googlebot/2.1; +http://www.google.com/bot.html)"
65.36.241.79 - - [13/Mar/2013:01:35:54 +0100] "HEAD / HTTP/1.1" 200 - "-" "InternetSeer.com"
217.69.133.67 - - [13/Mar/2013:01:38:56 +0100] "GET /robots.txt HTTP/1.0" 200 177 "-" "Mozilla/5.0 (compatible; Mail.RU_Bot/2.0; +http://go.mail.ru/help/robots)"
66.249.75.49 - - [13/Mar/2013:01:47:18 +0100] "GET /news.php?cs_go=archiv&cs_id=2782 HTTP/1.1" 200 12128 "-" "Mozilla/5.0 (compatible; Googlebot/2.1; +http://www.google.com/bot.html)"
66.249.78.46 - - [13/Mar/2013:02:07:18 +0100] "GET /news.php?cs_go=archiv&cs_id=3898 HTTP/1.1" 200 9937 "-" "Mozilla/5.0 (compatible; Googlebot/2.1; +http://www.google.com/bot.html)"
66.249.78.46 - - [13/Mar/2013:02:20:35 +0100] "GET /news.php?cs_go=archiv&cs_id=3854 HTTP/1.1" 200 10243 "-" "Mozilla/5.0 (compatible; Googlebot/2.1; +http://www.google.com/bot.html)"
157.55.32.117 - - [13/Mar/2013:02:21:41 +0100] "GET /robots.txt HTTP/1.1" 200 177 "-" "Mozilla/5.0 (compatible; bingbot/2.0; +http://www.bing.com/bingbot.htm)"
157.55.32.117 - - [13/Mar/2013:02:23:30 +0100] "GET / HTTP/1.1" 200 12164 "-" "Mozilla/5.0 (compatible; bingbot/2.0; +http://www.bing.com/bingbot.htm)"
66.249.78.46 - - [13/Mar/2013:02:23:59 +0100] "GET /news.php?cs_go=archiv&cs_id=3639 HTTP/1.1" 200 13649 "-" "Mozilla/5.0 (compatible; Googlebot/2.1; +http://www.google.com/bot.html)"
66.249.78.46 - - [13/Mar/2013:02:37:20 +0100] "GET /news.php?cs_go=archiv&cs_id=3093&cs_search= HTTP/1.1" 200 12358 "-" "Mozilla/5.0 (compatible; Googlebot/2.1; +http://www.google.com/bot.html)"
66.249.78.46 - - [13/Mar/2013:02:43:56 +0100] "GET /news.php?cs_go=archiv&cs_id=3855 HTTP/1.1" 200 13423 "-" "Mozilla/5.0 (compatible; Googlebot/2.1; +http://www.google.com/bot.html)"
66.249.78.46 - - [13/Mar/2013:02:47:21 +0100] "GET /news.php?cs_go=archiv&cs_id=3647 HTTP/1.1" 200 13379 "-" "Mozilla/5.0 (compatible; Googlebot/2.1; +http://www.google.com/bot.html)"
66.249.78.46 - - [13/Mar/2013:02:48:54 +0100] "GET /style.css HTTP/1.1" 200 8418 "http://www.mink-gmbh.de/lexikon.php?cs_go=3&cs_id=168" "Mozilla/5.0 (compatible; Googlebot/2.1; +http://www.google.com/bot.html)"
66.249.78.46 - - [13/Mar/2013:02:48:54 +0100] "GET /modul.css HTTP/1.1" 200 35038 "http://www.mink-gmbh.de/lexikon.php?cs_go=3&cs_id=168" "Mozilla/5.0 (compatible; Googlebot/2.1; +http://www.google.com/bot.html)"
66.249.78.46 - - [13/Mar/2013:02:50:41 +0100] "GET /news.php?cs_go=archiv&cs_id=3621 HTTP/1.1" 200 13052 "-" "Mozilla/5.0 (compatible; Googlebot/2.1; +http://www.google.com/bot.html)"
66.249.78.46 - - [13/Mar/2013:03:00:41 +0100] "GET /news.php?cs_go=archiv&cs_id=3907 HTTP/1.1" 200 9791 "-" "Mozilla/5.0 (compatible; Googlebot/2.1; +http://www.google.com/bot.html)"
66.249.78.46 - - [13/Mar/2013:03:04:01 +0100] "GET /news.php?cs_go=archiv&cs_id=3872 HTTP/1.1" 200 9923 "-" "Mozilla/5.0 (compatible; Googlebot/2.1; +http://www.google.com/bot.html)"
66.249.78.46 - - [13/Mar/2013:03:11:05 +0100] "GET /news.php?cs_go=archiv&cs_id=3873 HTTP/1.1" 200 11629 "-" "Mozilla/5.0 (compatible; Googlebot/2.1; +http://www.google.com/bot.html)"
157.56.92.175 - - [13/Mar/2013:03:11:10 +0100] "GET /robots.txt HTTP/1.1" 200 177 "-" "Mozilla/5.0 (compatible; bingbot/2.0; +http://www.bing.com/bingbot.htm)"
157.56.92.175 - - [13/Mar/2013:03:12:59 +0100] "GET /news.php HTTP/1.1" 200 22342 "-" "Mozilla/5.0 (compatible; bingbot/2.0; +http://www.bing.com/bingbot.htm)"
66.249.78.46 - - [13/Mar/2013:03:17:39 +0100] "GET /news.php?cs_go=archiv&cs_id=3094&cs_search= HTTP/1.1" 200 10446 "-" "Mozilla/5.0 (compatible; Googlebot/2.1; +http://www.google.com/bot.html)"
66.249.78.46 - - [13/Mar/2013:03:27:23 +0100] "GET /news.php?cs_go=archiv&cs_id=3784 HTTP/1.1" 200 13694 "-" "Mozilla/5.0 (compatible; Googlebot/2.1; +http://www.google.com/bot.html)"
66.249.78.46 - - [13/Mar/2013:03:37:22 +0100] "GET /news.php?cs_go=archiv&cs_id=3678 HTTP/1.1" 200 11627 "-" "Mozilla/5.0 (compatible; Googlebot/2.1; +http://www.google.com/bot.html)"
66.249.78.46 - - [13/Mar/2013:03:46:34 +0100] "GET /news.php?cs_go=archiv&cs_id=3206&cs_search= HTTP/1.1" 200 12944 "-" "Mozilla/5.0 (compatible; Googlebot/2.1; +http://www.google.com/bot.html)"
66.249.78.46 - - [13/Mar/2013:03:58:12 +0100] "GET /news.php?cs_go=archiv&cs_id=2759&cs_search= HTTP/1.1" 200 12231 "-" "Mozilla/5.0 (compatible; Googlebot/2.1; +http://www.google.com/bot.html)"
66.249.78.46 - - [13/Mar/2013:04:00:13 +0100] "GET /news.php?cs_go=archiv&cs_id=3719 HTTP/1.1" 200 11718 "-" "Mozilla/5.0 (compatible; Googlebot/2.1; +http://www.google.com/bot.html)"
66.249.78.46 - - [13/Mar/2013:04:02:15 +0100] "GET /news.php?cs_go=archiv&cs_id=2797&cs_search= HTTP/1.1" 200 16622 "-" "Mozilla/5.0 (compatible; Googlebot/2.1; +http://www.google.com/bot.html)"
66.249.78.46 - - [13/Mar/2013:04:08:33 +0100] "GET /news.php?cs_go=archiv&cs_id=3887 HTTP/1.1" 200 16034 "-" "Mozilla/5.0 (compatible; Googlebot/2.1; +http://www.google.com/bot.html)"
66.249.75.49 - - [13/Mar/2013:04:15:20 +0100] "GET /news.php?cs_go=archiv&cs_id=3780&cs_search= HTTP/1.1" 200 12947 "-" "Mozilla/5.0 (compatible; Googlebot/2.1; +http://www.google.com/bot.html)"
146.52.210.42 - - [13/Mar/2013:04:23:29 +0100] "GET /jobs.php HTTP/1.1" 200 7200 "-" "findlinks/2.0.2 (+http://wortschatz.uni-leipzig.de/findlinks/)"
146.52.210.42 - - [13/Mar/2013:04:23:30 +0100] "GET /jobs.php HTTP/1.1" 200 7113 "-" "findlinks/2.0.2 (+http://wortschatz.uni-leipzig.de/findlinks/)"
66.249.78.46 - - [13/Mar/2013:04:25:25 +0100] "GET /news.php?cs_go=archiv HTTP/1.1" 200 22342 "-" "Mozilla/5.0 (compatible; Googlebot/2.1; +http://www.google.com/bot.html)"
208.115.113.91 - - [13/Mar/2013:04:47:55 +0100] "GET /robots.txt HTTP/1.1" 200 177 "-" "Mozilla/5.0 (compatible; Ezooms/1.0; ezooms.bot@gmail.com)"
94.23.23.127 - - [13/Mar/2013:05:45:45 +0100] "GET /robots.txt HTTP/1.0" 200 177 "-" "Mozilla/5.0 (compatible; MJ12bot/v1.4.3; http://www.majestic12.co.uk/bot.php?+)"
94.23.23.127 - - [13/Mar/2013:05:45:50 +0100] "GET /news.php?cs_go=archiv&cs_id=3994 HTTP/1.0" 200 10108 "-" "Mozilla/5.0 (compatible; MJ12bot/v1.4.3; http://www.majestic12.co.uk/bot.php?+)"
130.83.167.153 - - [13/Mar/2013:06:27:59 +0100] "GET /modernisierung.php HTTP/1.1" 200 7013 "-" "findlinks/2.6 (+http://wortschatz.uni-leipzig.de/findlinks/)"
130.83.167.153 - - [13/Mar/2013:06:27:59 +0100] "GET /modernisierung.php HTTP/1.1" 200 11491 "-" "findlinks/2.6 (+http://wortschatz.uni-leipzig.de/findlinks/)"
208.115.113.91 - - [13/Mar/2013:06:38:38 +0100] "GET /news.php?cs_go=archiv&cs_id=3759&cs_search= HTTP/1.1" 200 13402 "-" "Mozilla/5.0 (compatible; Ezooms/1.0; ezooms.bot@gmail.com)"
208.115.113.91 - - [13/Mar/2013:06:38:51 +0100] "GET /news.php?cs_go=archiv&cs_id=3930&cs_search= HTTP/1.1" 200 10743 "-" "Mozilla/5.0 (compatible; Ezooms/1.0; ezooms.bot@gmail.com)"
208.115.113.91 - - [13/Mar/2013:06:38:52 +0100] "GET /news.php?cs_go=archiv&cs_startpos=0 HTTP/1.1" 200 22342 "-" "Mozilla/5.0 (compatible; Ezooms/1.0; ezooms.bot@gmail.com)"
77.78.109.73 - - [13/Mar/2013:06:46:39 +0100] "GET / HTTP/1.1" 200 12164 "http://www.pagesinventory.com/domain/www.mink-gmbh.de.html" "Mozilla/5.0 (Windows; U; Windows NT 5.1; cs; rv:1.9.0.11) Gecko/2009060215 Firefox/3.0.11"
178.255.215.64 - - [13/Mar/2013:07:04:01 +0100] "GET /robots.txt HTTP/1.1" 200 177 "-" "Mozilla/5.0 (compatible; Exabot/3.0; +http://www.exabot.com/go/robot)"
178.255.215.64 - - [13/Mar/2013:07:04:01 +0100] "GET / HTTP/1.1" 200 12164 "-" "Mozilla/5.0 (compatible; Exabot/3.0; +http://www.exabot.com/go/robot)"
65.36.241.79 - - [13/Mar/2013:07:13:40 +0100] "HEAD / HTTP/1.1" 200 - "-" "InternetSeer.com"
173.199.115.43 - - [13/Mar/2013:07:20:42 +0100] "GET /lexikon.php?cs_go=2&cs_char=j HTTP/1.1" 200 8582 "-" "Mozilla/5.0 (compatible; AhrefsBot/4.0; +http://ahrefs.com/robot/)"
66.249.78.46 - - [13/Mar/2013:07:24:38 +0100] "GET /news.php?cs_go=archiv&cs_id=2723&cs_search= HTTP/1.1" 200 14260 "-" "Mozilla/5.0 (compatible; Googlebot/2.1; +http://www.google.com/bot.html)"
66.249.78.46 - - [13/Mar/2013:07:43:20 +0100] "GET /news.php?cs_go=archiv&cs_id=2740&cs_search= HTTP/1.1" 200 9987 "-" "Mozilla/5.0 (compatible; Googlebot/2.1; +http://www.google.com/bot.html)"
157.55.32.117 - - [13/Mar/2013:07:52:35 +0100] "GET /robots.txt HTTP/1.1" 200 177 "-" "Mozilla/5.0 (compatible; bingbot/2.0; +http://www.bing.com/bingbot.htm)"
157.55.32.117 - - [13/Mar/2013:07:55:02 +0100] "GET / HTTP/1.1" 200 12144 "-" "Mozilla/5.0 (compatible; bingbot/2.0; +http://www.bing.com/bingbot.htm)"
66.249.78.46 - - [13/Mar/2013:07:58:47 +0100] "GET /news.php?cs_go=archiv&cs_id=3650 HTTP/1.1" 200 13362 "-" "Mozilla/5.0 (compatible; Googlebot/2.1; +http://www.google.com/bot.html)"
173.199.115.43 - - [13/Mar/2013:08:04:37 +0100] "GET /lexikon.php?cs_go=3&cs_id=1 HTTP/1.1" 200 8557 "-" "Mozilla/5.0 (compatible; AhrefsBot/4.0; +http://ahrefs.com/robot/)"
208.115.113.91 - - [13/Mar/2013:08:48:54 +0100] "GET /robots.txt HTTP/1.1" 200 177 "-" "Mozilla/5.0 (compatible; Ezooms/1.0; ezooms.bot@gmail.com)"
173.199.115.43 - - [13/Mar/2013:09:07:35 +0100] "GET /lexikon.php?cs_go=3&cs_id=102 HTTP/1.1" 200 7990 "-" "Mozilla/5.0 (compatible; AhrefsBot/4.0; +http://ahrefs.com/robot/)"
173.199.115.43 - - [13/Mar/2013:09:26:02 +0100] "GET /lexikon.php?cs_go=3&cs_id=137 HTTP/1.1" 200 9326 "-" "Mozilla/5.0 (compatible; AhrefsBot/4.0; +http://ahrefs.com/robot/)"
173.199.115.43 - - [13/Mar/2013:09:37:05 +0100] "GET /lexikon.php?cs_go=3&cs_id=75 HTTP/1.1" 200 8596 "-" "Mozilla/5.0 (compatible; AhrefsBot/4.0; +http://ahrefs.com/robot/)"
173.199.115.43 - - [13/Mar/2013:10:04:31 +0100] "GET /news.php?cs_go=archiv&cs_id=3980&cs_search= HTTP/1.1" 200 9937 "-" "Mozilla/5.0 (compatible; AhrefsBot/4.0; +http://ahrefs.com/robot/)"
173.199.115.43 - - [13/Mar/2013:10:06:52 +0100] "GET /standard.php HTTP/1.1" 200 9218 "-" "Mozilla/5.0 (compatible; AhrefsBot/4.0; +http://ahrefs.com/robot/)"
88.65.177.35 - - [13/Mar/2013:10:14:16 +0100] "GET / HTTP/1.1" 200 12093 "http://www.google.de/url?sa=t&rct=j&q=mink%20heiz%C3%B6l&source=web&cd=1&ved=0CDoQFjAA&url=http%3A%2F%2Fwww.mink-gmbh.de%2F&ei=T0NAUdeKC8fasgbB2ICYBw&usg=AFQjCNFHX4Iglls9oo-KYXTmDUV_5KOVIg&bvm=bv.43287494,d.Yms" "Mozilla/4.0 (compatible; MSIE 8.0; Windows NT 5.1; Trident/4.0; .NET CLR 1.1.4322; .NET CLR 2.0.50727; .NET CLR 3.0.04506.30; .NET CLR 3.0.4506.2152; .NET CLR 3.5.30729; OfficeLiveConnector.1.5; OfficeLivePatch.1.3; AskTbAVR-3/5.15.4.23930)"
88.65.177.35 - - [13/Mar/2013:10:14:17 +0100] "GET /style.css HTTP/1.1" 200 8418 "http://www.mink-gmbh.de/" "Mozilla/4.0 (compatible; MSIE 8.0; Windows NT 5.1; Trident/4.0; .NET CLR 1.1.4322; .NET CLR 2.0.50727; .NET CLR 3.0.04506.30; .NET CLR 3.0.4506.2152; .NET CLR 3.5.30729; OfficeLiveConnector.1.5; OfficeLivePatch.1.3; AskTbAVR-3/5.15.4.23930)"
88.65.177.35 - - [13/Mar/2013:10:14:17 +0100] "GET /js_contentserver24_greybox/gb_scripts.js HTTP/1.1" 200 11913 "http://www.mink-gmbh.de/" "Mozilla/4.0 (compatible; MSIE 8.0; Windows NT 5.1; Trident/4.0; .NET CLR 1.1.4322; .NET CLR 2.0.50727; .NET CLR 3.0.04506.30; .NET CLR 3.0.4506.2152; .NET CLR 3.5.30729; OfficeLiveConnector.1.5; OfficeLivePatch.1.3; AskTbAVR-3/5.15.4.23930)"
88.65.177.35 - - [13/Mar/2013:10:14:17 +0100] "GET /modul.css HTTP/1.1" 200 35038 "http://www.mink-gmbh.de/" "Mozilla/4.0 (compatible; MSIE 8.0; Windows NT 5.1; Trident/4.0; .NET CLR 1.1.4322; .NET CLR 2.0.50727; .NET CLR 3.0.04506.30; .NET CLR 3.0.4506.2152; .NET CLR 3.5.30729; OfficeLiveConnector.1.5; OfficeLivePatch.1.3; AskTbAVR-3/5.15.4.23930)"
88.65.177.35 - - [13/Mar/2013:10:14:17 +0100] "GET /js_contentserver24_greybox/AJS.js HTTP/1.1" 200 10396 "http://www.mink-gmbh.de/" "Mozilla/4.0 (compatible; MSIE 8.0; Windows NT 5.1; Trident/4.0; .NET CLR 1.1.4322; .NET CLR 2.0.50727; .NET CLR 3.0.04506.30; .NET CLR 3.0.4506.2152; .NET CLR 3.5.30729; OfficeLiveConnector.1.5; OfficeLivePatch.1.3; AskTbAVR-3/5.15.4.23930)"
88.65.177.35 - - [13/Mar/2013:10:14:17 +0100] "GET /js_contentserver24_greybox/AJS_fx.js HTTP/1.1" 200 3192 "http://www.mink-gmbh.de/" "Mozilla/4.0 (compatible; MSIE 8.0; Windows NT 5.1; Trident/4.0; .NET CLR 1.1.4322; .NET CLR 2.0.50727; .NET CLR 3.0.04506.30; .NET CLR 3.0.4506.2152; .NET CLR 3.5.30729; OfficeLiveConnector.1.5; OfficeLivePatch.1.3; AskTbAVR-3/5.15.4.23930)"
88.65.177.35 - - [13/Mar/2013:10:14:17 +0100] "GET /js_contentserver24_greybox/gb_styles.css HTTP/1.1" 200 2302 "http://www.mink-gmbh.de/" "Mozilla/4.0 (compatible; MSIE 8.0; Windows NT 5.1; Trident/4.0; .NET CLR 1.1.4322; .NET CLR 2.0.50727; .NET CLR 3.0.04506.30; .NET CLR 3.0.4506.2152; .NET CLR 3.5.30729; OfficeLiveConnector.1.5; OfficeLivePatch.1.3; AskTbAVR-3/5.15.4.23930)"
88.65.177.35 - - [13/Mar/2013:10:14:17 +0100] "GET /images/bg.jpg HTTP/1.1" 200 345 "http://www.mink-gmbh.de/" "Mozilla/4.0 (compatible; MSIE 8.0; Windows NT 5.1; Trident/4.0; .NET CLR 1.1.4322; .NET CLR 2.0.50727; .NET CLR 3.0.04506.30; .NET CLR 3.0.4506.2152; .NET CLR 3.5.30729; OfficeLiveConnector.1.5; OfficeLivePatch.1.3; AskTbAVR-3/5.15.4.23930)"
88.65.177.35 - - [13/Mar/2013:10:14:17 +0100] "GET /js_contentserver24_greybox/w_close.gif HTTP/1.1" 200 74 "http://www.mink-gmbh.de/" "Mozilla/4.0 (compatible; MSIE 8.0; Windows NT 5.1; Trident/4.0; .NET CLR 1.1.4322; .NET CLR 2.0.50727; .NET CLR 3.0.04506.30; .NET CLR 3.0.4506.2152; .NET CLR 3.5.30729; OfficeLiveConnector.1.5; OfficeLivePatch.1.3; AskTbAVR-3/5.15.4.23930)"
88.65.177.35 - - [13/Mar/2013:10:14:17 +0100] "GET /images/tkw.jpg HTTP/1.1" 200 64031 "http://www.mink-gmbh.de/" "Mozilla/4.0 (compatible; MSIE 8.0; Windows NT 5.1; Trident/4.0; .NET CLR 1.1.4322; .NET CLR 2.0.50727; .NET CLR 3.0.04506.30; .NET CLR 3.0.4506.2152; .NET CLR 3.5.30729; OfficeLiveConnector.1.5; OfficeLivePatch.1.3; AskTbAVR-3/5.15.4.23930)"
88.65.177.35 - - [13/Mar/2013:10:14:17 +0100] "GET /images/newsletter_bg.jpg HTTP/1.1" 200 33610 "http://www.mink-gmbh.de/" "Mozilla/4.0 (compatible; MSIE 8.0; Windows NT 5.1; Trident/4.0; .NET CLR 1.1.4322; .NET CLR 2.0.50727; .NET CLR 3.0.04506.30; .NET CLR 3.0.4506.2152; .NET CLR 3.5.30729; OfficeLiveConnector.1.5; OfficeLivePatch.1.3; AskTbAVR-3/5.15.4.23930)"
88.65.177.35 - - [13/Mar/2013:10:14:17 +0100] "GET /images/navibg.png HTTP/1.1" 200 2803 "http://www.mink-gmbh.de/" "Mozilla/4.0 (compatible; MSIE 8.0; Windows NT 5.1; Trident/4.0; .NET CLR 1.1.4322; .NET CLR 2.0.50727; .NET CLR 3.0.04506.30; .NET CLR 3.0.4506.2152; .NET CLR 3.5.30729; OfficeLiveConnector.1.5; OfficeLivePatch.1.3; AskTbAVR-3/5.15.4.23930)"
88.65.177.35 - - [13/Mar/2013:10:14:17 +0100] "GET /images/mail.jpg HTTP/1.1" 200 11165 "http://www.mink-gmbh.de/" "Mozilla/4.0 (compatible; MSIE 8.0; Windows NT 5.1; Trident/4.0; .NET CLR 1.1.4322; .NET CLR 2.0.50727; .NET CLR 3.0.04506.30; .NET CLR 3.0.4506.2152; .NET CLR 3.5.30729; OfficeLiveConnector.1.5; OfficeLivePatch.1.3; AskTbAVR-3/5.15.4.23930)"
88.65.177.35 - - [13/Mar/2013:10:14:17 +0100] "GET /images/wrapperbg.jpg HTTP/1.1" 200 27465 "http://www.mink-gmbh.de/" "Mozilla/4.0 (compatible; MSIE 8.0; Windows NT 5.1; Trident/4.0; .NET CLR 1.1.4322; .NET CLR 2.0.50727; .NET CLR 3.0.04506.30; .NET CLR 3.0.4506.2152; .NET CLR 3.5.30729; OfficeLiveConnector.1.5; OfficeLivePatch.1.3; AskTbAVR-3/5.15.4.23930)"
88.65.177.35 - - [13/Mar/2013:10:14:17 +0100] "GET /images/wunschpreis.jpg HTTP/1.1" 200 16767 "http://www.mink-gmbh.de/" "Mozilla/4.0 (compatible; MSIE 8.0; Windows NT 5.1; Trident/4.0; .NET CLR 1.1.4322; .NET CLR 2.0.50727; .NET CLR 3.0.04506.30; .NET CLR 3.0.4506.2152; .NET CLR 3.5.30729; OfficeLiveConnector.1.5; OfficeLivePatch.1.3; AskTbAVR-3/5.15.4.23930)"
88.65.177.35 - - [13/Mar/2013:10:14:17 +0100] "GET /images/kwk.gif HTTP/1.1" 200 6403 "http://www.mink-gmbh.de/" "Mozilla/4.0 (compatible; MSIE 8.0; Windows NT 5.1; Trident/4.0; .NET CLR 1.1.4322; .NET CLR 2.0.50727; .NET CLR 3.0.04506.30; .NET CLR 3.0.4506.2152; .NET CLR 3.5.30729; OfficeLiveConnector.1.5; OfficeLivePatch.1.3; AskTbAVR-3/5.15.4.23930)"
88.65.177.35 - - [13/Mar/2013:10:14:17 +0100] "GET /images/freecall.jpg HTTP/1.1" 200 39195 "http://www.mink-gmbh.de/" "Mozilla/4.0 (compatible; MSIE 8.0; Windows NT 5.1; Trident/4.0; .NET CLR 1.1.4322; .NET CLR 2.0.50727; .NET CLR 3.0.04506.30; .NET CLR 3.0.4506.2152; .NET CLR 3.5.30729; OfficeLiveConnector.1.5; OfficeLivePatch.1.3; AskTbAVR-3/5.15.4.23930)"
88.65.177.35 - - [13/Mar/2013:10:14:17 +0100] "GET /images/logos.jpg HTTP/1.1" 200 15002 "http://www.mink-gmbh.de/" "Mozilla/4.0 (compatible; MSIE 8.0; Windows NT 5.1; Trident/4.0; .NET CLR 1.1.4322; .NET CLR 2.0.50727; .NET CLR 3.0.04506.30; .NET CLR 3.0.4506.2152; .NET CLR 3.5.30729; OfficeLiveConnector.1.5; OfficeLivePatch.1.3; AskTbAVR-3/5.15.4.23930)"
88.65.177.35 - - [13/Mar/2013:10:14:17 +0100] "GET /images/close.png HTTP/1.1" 200 703 "http://www.mink-gmbh.de/" "Mozilla/4.0 (compatible; MSIE 8.0; Windows NT 5.1; Trident/4.0; .NET CLR 1.1.4322; .NET CLR 2.0.50727; .NET CLR 3.0.04506.30; .NET CLR 3.0.4506.2152; .NET CLR 3.5.30729; OfficeLiveConnector.1.5; OfficeLivePatch.1.3; AskTbAVR-3/5.15.4.23930)"
88.65.177.35 - - [13/Mar/2013:10:14:17 +0100] "GET /images/newsletter.png HTTP/1.1" 200 14619 "http://www.mink-gmbh.de/" "Mozilla/4.0 (compatible; MSIE 8.0; Windows NT 5.1; Trident/4.0; .NET CLR 1.1.4322; .NET CLR 2.0.50727; .NET CLR 3.0.04506.30; .NET CLR 3.0.4506.2152; .NET CLR 3.5.30729; OfficeLiveConnector.1.5; OfficeLivePatch.1.3; AskTbAVR-3/5.15.4.23930)"
88.65.177.35 - - [13/Mar/2013:10:14:17 +0100] "GET /images/header.jpg HTTP/1.1" 200 24413 "http://www.mink-gmbh.de/" "Mozilla/4.0 (compatible; MSIE 8.0; Windows NT 5.1; Trident/4.0; .NET CLR 1.1.4322; .NET CLR 2.0.50727; .NET CLR 3.0.04506.30; .NET CLR 3.0.4506.2152; .NET CLR 3.5.30729; OfficeLiveConnector.1.5; OfficeLivePatch.1.3; AskTbAVR-3/5.15.4.23930)"
88.65.177.35 - - [13/Mar/2013:10:14:17 +0100] "GET /js_contentserver24_greybox/loader_frame.html?s=0 HTTP/1.1" 200 2084 "http://www.mink-gmbh.de/" "Mozilla/4.0 (compatible; MSIE 8.0; Windows NT 5.1; Trident/4.0; .NET CLR 1.1.4322; .NET CLR 2.0.50727; .NET CLR 3.0.04506.30; .NET CLR 3.0.4506.2152; .NET CLR 3.5.30729; OfficeLiveConnector.1.5; OfficeLivePatch.1.3; AskTbAVR-3/5.15.4.23930)"
88.65.177.35 - - [13/Mar/2013:10:14:17 +0100] "GET /images/fallend.png HTTP/1.1" 200 713 "http://www.mink-gmbh.de/" "Mozilla/4.0 (compatible; MSIE 8.0; Windows NT 5.1; Trident/4.0; .NET CLR 1.1.4322; .NET CLR 2.0.50727; .NET CLR 3.0.04506.30; .NET CLR 3.0.4506.2152; .NET CLR 3.5.30729; OfficeLiveConnector.1.5; OfficeLivePatch.1.3; AskTbAVR-3/5.15.4.23930)"
88.65.177.35 - - [13/Mar/2013:10:14:17 +0100] "GET /images/steigend.png HTTP/1.1" 200 688 "http://www.mink-gmbh.de/" "Mozilla/4.0 (compatible; MSIE 8.0; Windows NT 5.1; Trident/4.0; .NET CLR 1.1.4322; .NET CLR 2.0.50727; .NET CLR 3.0.04506.30; .NET CLR 3.0.4506.2152; .NET CLR 3.5.30729; OfficeLiveConnector.1.5; OfficeLivePatch.1.3; AskTbAVR-3/5.15.4.23930)"
88.65.177.35 - - [13/Mar/2013:10:14:17 +0100] "GET /images/mobil.jpg HTTP/1.1" 200 25293 "http://www.mink-gmbh.de/" "Mozilla/4.0 (compatible; MSIE 8.0; Windows NT 5.1; Trident/4.0; .NET CLR 1.1.4322; .NET CLR 2.0.50727; .NET CLR 3.0.04506.30; .NET CLR 3.0.4506.2152; .NET CLR 3.5.30729; OfficeLiveConnector.1.5; OfficeLivePatch.1.3; AskTbAVR-3/5.15.4.23930)"
88.65.177.35 - - [13/Mar/2013:10:14:18 +0100] "GET /images/footerbg.jpg HTTP/1.1" 200 2184 "http://www.mink-gmbh.de/" "Mozilla/4.0 (compatible; MSIE 8.0; Windows NT 5.1; Trident/4.0; .NET CLR 1.1.4322; .NET CLR 2.0.50727; .NET CLR 3.0.04506.30; .NET CLR 3.0.4506.2152; .NET CLR 3.5.30729; OfficeLiveConnector.1.5; OfficeLivePatch.1.3; AskTbAVR-3/5.15.4.23930)"
88.65.177.35 - - [13/Mar/2013:10:14:18 +0100] "GET /images/newsletter.jpg HTTP/1.1" 200 13130 "http://www.mink-gmbh.de/" "Mozilla/4.0 (compatible; MSIE 8.0; Windows NT 5.1; Trident/4.0; .NET CLR 1.1.4322; .NET CLR 2.0.50727; .NET CLR 3.0.04506.30; .NET CLR 3.0.4506.2152; .NET CLR 3.5.30729; OfficeLiveConnector.1.5; OfficeLivePatch.1.3; AskTbAVR-3/5.15.4.23930)"
88.65.177.35 - - [13/Mar/2013:10:14:18 +0100] "GET /js_contentserver24_greybox/header_bg.gif HTTP/1.1" 200 1188 "http://www.mink-gmbh.de/" "Mozilla/4.0 (compatible; MSIE 8.0; Windows NT 5.1; Trident/4.0; .NET CLR 1.1.4322; .NET CLR 2.0.50727; .NET CLR 3.0.04506.30; .NET CLR 3.0.4506.2152; .NET CLR 3.5.30729; OfficeLiveConnector.1.5; OfficeLivePatch.1.3; AskTbAVR-3/5.15.4.23930)"
88.65.177.35 - - [13/Mar/2013:10:14:18 +0100] "GET /js_contentserver24_greybox/indicator.gif HTTP/1.1" 200 8238 "http://www.mink-gmbh.de/js_contentserver24_greybox/loader_frame.html?s=0" "Mozilla/4.0 (compatible; MSIE 8.0; Windows NT 5.1; Trident/4.0; .NET CLR 1.1.4322; .NET CLR 2.0.50727; .NET CLR 3.0.04506.30; .NET CLR 3.0.4506.2152; .NET CLR 3.5.30729; OfficeLiveConnector.1.5; OfficeLivePatch.1.3; AskTbAVR-3/5.15.4.23930)"
88.65.177.35 - - [13/Mar/2013:10:14:18 +0100] "GET /js_contentserver24_greybox/g_close.gif HTTP/1.1" 200 541 "http://www.mink-gmbh.de/" "Mozilla/4.0 (compatible; MSIE 8.0; Windows NT 5.1; Trident/4.0; .NET CLR 1.1.4322; .NET CLR 2.0.50727; .NET CLR 3.0.04506.30; .NET CLR 3.0.4506.2152; .NET CLR 3.5.30729; OfficeLiveConnector.1.5; OfficeLivePatch.1.3; AskTbAVR-3/5.15.4.23930)"
88.65.177.35 - - [13/Mar/2013:10:14:18 +0100] "GET /favicon.ico HTTP/1.1" 200 3638 "-" "Mozilla/4.0 (compatible; MSIE 8.0; Windows NT 5.1; Trident/4.0; .NET CLR 1.1.4322; .NET CLR 2.0.50727; .NET CLR 3.0.04506.30; .NET CLR 3.0.4506.2152; .NET CLR 3.5.30729; OfficeLiveConnector.1.5; OfficeLivePatch.1.3; AskTbAVR-3/5.15.4.23930)"
88.65.177.35 - - [13/Mar/2013:10:15:16 +0100] "GET /news.php?cs_go=archiv&cs_id=4000 HTTP/1.1" 200 9906 "http://www.mink-gmbh.de/" "Mozilla/4.0 (compatible; MSIE 8.0; Windows NT 5.1; Trident/4.0; .NET CLR 1.1.4322; .NET CLR 2.0.50727; .NET CLR 3.0.04506.30; .NET CLR 3.0.4506.2152; .NET CLR 3.5.30729; OfficeLiveConnector.1.5; OfficeLivePatch.1.3; AskTbAVR-3/5.15.4.23930)"
208.115.113.91 - - [13/Mar/2013:10:36:33 +0100] "GET /news.php?cs_go=archiv&cs_id=3971&cs_search= HTTP/1.1" 200 9776 "-" "Mozilla/5.0 (compatible; Ezooms/1.0; ezooms.bot@gmail.com)"
208.115.111.75 - - [13/Mar/2013:10:47:33 +0100] "GET /robots.txt HTTP/1.1" 200 177 "-" "Mozilla/5.0 (compatible; Ezooms/1.0; ezooms.bot@gmail.com)"
130.83.167.153 - - [13/Mar/2013:10:51:34 +0100] "GET /kontakt.php HTTP/1.1" 200 6430 "-" "findlinks/2.6 (+http://wortschatz.uni-leipzig.de/findlinks/)"
130.83.167.153 - - [13/Mar/2013:10:51:34 +0100] "GET /kontakt.php HTTP/1.1" 200 9111 "-" "findlinks/2.6 (+http://wortschatz.uni-leipzig.de/findlinks/)"
123.125.71.55 - - [13/Mar/2013:12:03:30 +0100] "GET /robots.txt HTTP/1.1" 200 177 "-" "Mozilla/5.0 (Windows NT 5.1; rv:6.0.2) Gecko/20100101 Firefox/6.0.2"
