208.115.111.75 - - [06/Mar/2013:10:41:32 +0100] "GET /robots.txt HTTP/1.1" 200 177 "-" "Mozilla/5.0 (compatible; Ezooms/1.0; ezooms.bot@gmail.com)"
173.199.119.27 - - [06/Mar/2013:10:49:38 +0100] "GET /lexikon.php?cs_go=3&cs_id=209 HTTP/1.1" 200 8296 "-" "Mozilla/5.0 (compatible; AhrefsBot/4.0; +http://ahrefs.com/robot/)"
81.30.151.218 - - [06/Mar/2013:10:58:53 +0100] "GET /news.php?cs_go=archiv&cs_id=3339&cs_search= HTTP/1.1" 200 13531 "-" "Pixray-Seeker/2.0 (Pixray-Seeker; +http://www.pixray.com/pixraybot; +crawler@pixray.com)"
81.30.151.218 - - [06/Mar/2013:11:04:45 +0100] "GET /news.php?cs_go=archiv&cs_startpos=1530 HTTP/1.1" 200 8126 "-" "Pixray-Seeker/2.0 (Pixray-Seeker; +http://www.pixray.com/pixraybot; +crawler@pixray.com)"
81.30.151.218 - - [06/Mar/2013:11:16:47 +0100] "GET /robots.txt HTTP/1.1" 200 177 "-" "Pixray-Seeker/2.0 (Pixray-Seeker; +http://www.pixray.com/pixraybot; +crawler@pixray.com)"
81.30.151.218 - - [06/Mar/2013:11:16:47 +0100] "GET /news.php?cs_go=archiv&cs_id=1805&cs_search= HTTP/1.1" 200 7887 "-" "Pixray-Seeker/2.0 (Pixray-Seeker; +http://www.pixray.com/pixraybot; +crawler@pixray.com)"
81.30.151.218 - - [06/Mar/2013:11:17:42 +0100] "GET /news.php?cs_go=archiv&cs_startpos=1020 HTTP/1.1" 200 8126 "-" "Pixray-Seeker/2.0 (Pixray-Seeker; +http://www.pixray.com/pixraybot; +crawler@pixray.com)"
157.55.34.168 - - [06/Mar/2013:11:18:27 +0100] "GET /robots.txt HTTP/1.1" 200 177 "-" "Mozilla/5.0 (compatible; bingbot/2.0; +http://www.bing.com/bingbot.htm)"
81.30.151.218 - - [06/Mar/2013:11:18:38 +0100] "GET /news.php?cs_go=archiv&cs_id=2234&cs_search= HTTP/1.1" 200 7887 "-" "Pixray-Seeker/2.0 (Pixray-Seeker; +http://www.pixray.com/pixraybot; +crawler@pixray.com)"
157.55.34.168 - - [06/Mar/2013:11:21:08 +0100] "GET / HTTP/1.1" 200 15306 "-" "Mozilla/5.0 (compatible; bingbot/2.0; +http://www.bing.com/bingbot.htm)"
157.55.34.168 - - [06/Mar/2013:11:21:08 +0100] "GET / HTTP/1.1" 200 15306 "-" "Mozilla/5.0 (compatible; bingbot/2.0; +http://www.bing.com/bingbot.htm)"
81.30.151.218 - - [06/Mar/2013:11:25:18 +0100] "GET /news.php?cs_go=archiv&cs_startpos=960 HTTP/1.1" 200 8125 "-" "Pixray-Seeker/2.0 (Pixray-Seeker; +http://www.pixray.com/pixraybot; +crawler@pixray.com)"
81.30.151.218 - - [06/Mar/2013:11:28:55 +0100] "GET /news.php?cs_go=archiv&cs_id=2275&cs_search= HTTP/1.1" 200 7887 "-" "Pixray-Seeker/2.0 (Pixray-Seeker; +http://www.pixray.com/pixraybot; +crawler@pixray.com)"
66.249.76.46 - - [06/Mar/2013:11:38:23 +0100] "GET /images/RAL_Guetezeichen_Energiehandel.pdf HTTP/1.1" 304 - "-" "Mozilla/5.0 (iPhone; U; CPU iPhone OS 4_1 like Mac OS X; en-us) AppleWebKit/532.9 (KHTML, like Gecko) Version/4.0.5 Mobile/8B117 Safari/6531.22.7 (compatible; Googlebot-Mobile/2.1; +http://www.google.com/bot.html)"
66.249.76.46 - - [06/Mar/2013:11:39:28 +0100] "GET /news.php?cs_go=archiv&cs_id=3303&cs_search= HTTP/1.1" 200 10421 "-" "Mozilla/5.0 (compatible; Googlebot/2.1; +http://www.google.com/bot.html)"
81.30.151.218 - - [06/Mar/2013:11:48:55 +0100] "GET /news.php?cs_go=archiv&cs_id=2255&cs_search= HTTP/1.1" 200 7887 "-" "Pixray-Seeker/2.0 (Pixray-Seeker; +http://www.pixray.com/pixraybot; +crawler@pixray.com)"
65.36.241.79 - - [06/Mar/2013:11:50:38 +0100] "HEAD / HTTP/1.1" 200 - "-" "InternetSeer.com"
81.30.151.218 - - [06/Mar/2013:12:04:00 +0100] "GET /news.php?cs_go=archiv&cs_id=2369&cs_search= HTTP/1.1" 200 7887 "-" "Pixray-Seeker/2.0 (Pixray-Seeker; +http://www.pixray.com/pixraybot; +crawler@pixray.com)"
81.30.151.218 - - [06/Mar/2013:12:04:20 +0100] "GET /news.php?cs_go=archiv&cs_id=2530&cs_search= HTTP/1.1" 200 7887 "-" "Pixray-Seeker/2.0 (Pixray-Seeker; +http://www.pixray.com/pixraybot; +crawler@pixray.com)"
173.199.119.27 - - [06/Mar/2013:12:12:40 +0100] "GET /lexikon.php?cs_go=3&cs_id=29 HTTP/1.1" 200 8354 "-" "Mozilla/5.0 (compatible; AhrefsBot/4.0; +http://ahrefs.com/robot/)"
66.249.76.46 - - [06/Mar/2013:12:22:59 +0100] "GET /news.php?cs_go=archiv&cs_id=3194&cs_search= HTTP/1.1" 200 13330 "-" "Mozilla/5.0 (compatible; Googlebot/2.1; +http://www.google.com/bot.html)"
66.249.76.46 - - [06/Mar/2013:12:24:17 +0100] "GET / HTTP/1.1" 200 15306 "-" "Mozilla/5.0 (compatible; Googlebot/2.1; +http://www.google.com/bot.html)"
81.30.151.218 - - [06/Mar/2013:12:28:19 +0100] "GET /news.php?cs_go=archiv&cs_id=2949&cs_search= HTTP/1.1" 200 11520 "-" "Pixray-Seeker/2.0 (Pixray-Seeker; +http://www.pixray.com/pixraybot; +crawler@pixray.com)"
81.30.151.218 - - [06/Mar/2013:12:30:10 +0100] "GET /lexikon.php?cs_go=3&cs_id=109 HTTP/1.1" 200 9501 "-" "Pixray-Seeker/2.0 (Pixray-Seeker; +http://www.pixray.com/pixraybot; +crawler@pixray.com)"
208.115.111.75 - - [06/Mar/2013:12:35:57 +0100] "GET /news.php?cs_go=archiv&cs_startpos=130 HTTP/1.1" 200 22847 "-" "Mozilla/5.0 (compatible; Ezooms/1.0; ezooms.bot@gmail.com)"
208.115.113.91 - - [06/Mar/2013:12:45:04 +0100] "GET /robots.txt HTTP/1.1" 200 177 "-" "Mozilla/5.0 (compatible; Ezooms/1.0; ezooms.bot@gmail.com)"
173.199.119.27 - - [06/Mar/2013:12:46:03 +0100] "GET /lexikon.php?cs_go=3&cs_id=165 HTTP/1.1" 200 8286 "-" "Mozilla/5.0 (compatible; AhrefsBot/4.0; +http://ahrefs.com/robot/)"
157.55.32.87 - - [06/Mar/2013:12:50:05 +0100] "GET /robots.txt HTTP/1.1" 200 177 "-" "Mozilla/5.0 (compatible; bingbot/2.0; +http://www.bing.com/bingbot.htm)"
157.55.32.87 - - [06/Mar/2013:12:51:41 +0100] "GET /index.php HTTP/1.1" 200 15300 "-" "Mozilla/5.0 (compatible; bingbot/2.0; +http://www.bing.com/bingbot.htm)"
81.30.151.218 - - [06/Mar/2013:12:55:19 +0100] "GET /news.php?cs_go=archiv&cs_id=1845&cs_search= HTTP/1.1" 200 7887 "-" "Pixray-Seeker/2.0 (Pixray-Seeker; +http://www.pixray.com/pixraybot; +crawler@pixray.com)"
81.30.151.218 - - [06/Mar/2013:12:57:18 +0100] "GET /news.php?cs_go=archiv&cs_id=2963&cs_search= HTTP/1.1" 200 11138 "-" "Pixray-Seeker/2.0 (Pixray-Seeker; +http://www.pixray.com/pixraybot; +crawler@pixray.com)"
81.30.151.218 - - [06/Mar/2013:12:59:02 +0100] "GET /lexikon.php?cs_go=3&cs_id=62 HTTP/1.1" 200 8568 "-" "Pixray-Seeker/2.0 (Pixray-Seeker; +http://www.pixray.com/pixraybot; +crawler@pixray.com)"
81.30.151.218 - - [06/Mar/2013:13:03:28 +0100] "GET /news.php?cs_go=archiv&cs_id=3186&cs_search= HTTP/1.1" 200 9826 "-" "Pixray-Seeker/2.0 (Pixray-Seeker; +http://www.pixray.com/pixraybot; +crawler@pixray.com)"
66.249.76.46 - - [06/Mar/2013:13:06:35 +0100] "GET /lexikon.php?cs_go=3&cs_id=159 HTTP/1.1" 200 9759 "-" "Mozilla/5.0 (compatible; Googlebot/2.1; +http://www.google.com/bot.html)"
173.199.119.27 - - [06/Mar/2013:13:06:35 +0100] "GET /lexikon.php?cs_go=3&cs_id=53 HTTP/1.1" 200 8179 "-" "Mozilla/5.0 (compatible; AhrefsBot/4.0; +http://ahrefs.com/robot/)"
139.18.2.209 - - [06/Mar/2013:13:14:52 +0100] "GET /newsletter.php HTTP/1.1" 200 6868 "-" "findlinks/2.6 (+http://wortschatz.uni-leipzig.de/findlinks/)"
139.18.2.209 - - [06/Mar/2013:13:14:52 +0100] "GET /newsletter.php HTTP/1.1" 200 8841 "-" "findlinks/2.6 (+http://wortschatz.uni-leipzig.de/findlinks/)"
81.30.151.218 - - [06/Mar/2013:13:20:07 +0100] "GET /lexikon.php?cs_go=3&cs_id=190 HTTP/1.1" 200 8477 "-" "Pixray-Seeker/2.0 (Pixray-Seeker; +http://www.pixray.com/pixraybot; +crawler@pixray.com)"
81.30.151.218 - - [06/Mar/2013:13:22:39 +0100] "GET /news.php?cs_go=archiv&cs_id=3610&cs_search= HTTP/1.1" 200 13435 "-" "Pixray-Seeker/2.0 (Pixray-Seeker; +http://www.pixray.com/pixraybot; +crawler@pixray.com)"
66.249.76.46 - - [06/Mar/2013:13:23:10 +0100] "GET /news.php?cs_go=archiv&cs_id=3988 HTTP/1.1" 200 10101 "-" "Mozilla/5.0 (compatible; Googlebot/2.1; +http://www.google.com/bot.html)"
81.30.151.218 - - [06/Mar/2013:13:27:50 +0100] "GET /lexikon.php?cs_go=3&cs_id=35 HTTP/1.1" 200 8410 "-" "Pixray-Seeker/2.0 (Pixray-Seeker; +http://www.pixray.com/pixraybot; +crawler@pixray.com)"
81.30.151.218 - - [06/Mar/2013:13:38:48 +0100] "GET /news.php?cs_go=archiv&cs_startpos=970 HTTP/1.1" 200 8125 "-" "Pixray-Seeker/2.0 (Pixray-Seeker; +http://www.pixray.com/pixraybot; +crawler@pixray.com)"
141.8.147.12 - - [06/Mar/2013:13:39:05 +0100] "GET /news.php?cs_go=archiv&cs_id=3979 HTTP/1.1" 200 13500 "-" "Mozilla/5.0 (compatible; YandexBot/3.0; +http://yandex.com/bots)"
141.8.147.12 - - [06/Mar/2013:13:39:08 +0100] "GET / HTTP/1.1" 200 15333 "-" "Mozilla/5.0 (compatible; YandexBot/3.0; MirrorDetector; +http://yandex.com/bots)"
141.8.147.12 - - [06/Mar/2013:13:39:13 +0100] "GET /news.php?cs_go=archiv&cs_id=3976&cs_search= HTTP/1.1" 200 13514 "-" "Mozilla/5.0 (compatible; YandexBot/3.0; +http://yandex.com/bots)"
141.8.147.12 - - [06/Mar/2013:13:39:15 +0100] "GET / HTTP/1.1" 200 15333 "-" "Mozilla/5.0 (compatible; YandexBot/3.0; MirrorDetector; +http://yandex.com/bots)"
141.8.147.12 - - [06/Mar/2013:13:41:25 +0100] "GET / HTTP/1.1" 200 15333 "-" "Mozilla/5.0 (compatible; YandexBot/3.0; MirrorDetector; +http://yandex.com/bots)"
141.8.147.12 - - [06/Mar/2013:13:41:29 +0100] "GET / HTTP/1.1" 200 15333 "-" "Mozilla/5.0 (compatible; YandexBot/3.0; MirrorDetector; +http://yandex.com/bots)"
130.83.167.153 - - [06/Mar/2013:13:44:41 +0100] "GET /kwk.php HTTP/1.1" 200 5767 "-" "findlinks/2.6 (+http://wortschatz.uni-leipzig.de/findlinks/)"
130.83.167.153 - - [06/Mar/2013:13:44:41 +0100] "GET /kwk.php HTTP/1.1" 200 10797 "-" "findlinks/2.6 (+http://wortschatz.uni-leipzig.de/findlinks/)"
66.249.76.46 - - [06/Mar/2013:13:50:14 +0100] "GET /news.php?cs_go=archiv&cs_id=3734 HTTP/1.1" 200 11470 "-" "Mozilla/5.0 (compatible; Googlebot/2.1; +http://www.google.com/bot.html)"
81.30.151.218 - - [06/Mar/2013:14:15:03 +0100] "GET /news.php?cs_go=archiv&cs_startpos=781 HTTP/1.1" 200 8125 "-" "Pixray-Seeker/2.0 (Pixray-Seeker; +http://www.pixray.com/pixraybot; +crawler@pixray.com)"
81.30.151.218 - - [06/Mar/2013:14:37:00 +0100] "GET /news.php?cs_go=archiv&cs_id=2156&cs_search= HTTP/1.1" 200 7887 "-" "Pixray-Seeker/2.0 (Pixray-Seeker; +http://www.pixray.com/pixraybot; +crawler@pixray.com)"
81.30.151.218 - - [06/Mar/2013:14:48:19 +0100] "GET /news.php?cs_go=archiv&cs_startpos=1351 HTTP/1.1" 200 8126 "-" "Pixray-Seeker/2.0 (Pixray-Seeker; +http://www.pixray.com/pixraybot; +crawler@pixray.com)"
173.199.119.27 - - [06/Mar/2013:14:51:51 +0100] "GET /lexikon.php?cs_go=3&cs_id=153 HTTP/1.1" 200 8749 "-" "Mozilla/5.0 (compatible; AhrefsBot/4.0; +http://ahrefs.com/robot/)"
85.179.187.60 - - [06/Mar/2013:14:55:34 +0100] "GET /style.css HTTP/1.1" 200 8418 "http://www.mink-gmbh.de/" "Mozilla/5.0 (Windows NT 6.1; WOW64; rv:12.0) Gecko/20100101 Firefox/12.0"
85.179.187.60 - - [06/Mar/2013:14:55:34 +0100] "GET /modul.css HTTP/1.1" 200 35038 "http://www.mink-gmbh.de/" "Mozilla/5.0 (Windows NT 6.1; WOW64; rv:12.0) Gecko/20100101 Firefox/12.0"
85.179.187.60 - - [06/Mar/2013:14:55:34 +0100] "GET /favicon.ico HTTP/1.1" 200 3638 "-" "Mozilla/5.0 (Windows NT 6.1; WOW64; rv:12.0) Gecko/20100101 Firefox/12.0"
85.179.187.60 - - [06/Mar/2013:14:55:34 +0100] "GET /js_contentserver24_greybox/gb_styles.css HTTP/1.1" 200 2302 "http://www.mink-gmbh.de/" "Mozilla/5.0 (Windows NT 6.1; WOW64; rv:12.0) Gecko/20100101 Firefox/12.0"
85.179.187.60 - - [06/Mar/2013:14:55:34 +0100] "GET /js_contentserver24_greybox/AJS.js HTTP/1.1" 200 10396 "http://www.mink-gmbh.de/" "Mozilla/5.0 (Windows NT 6.1; WOW64; rv:12.0) Gecko/20100101 Firefox/12.0"
85.179.187.60 - - [06/Mar/2013:14:55:35 +0100] "GET /js_contentserver24_greybox/AJS_fx.js HTTP/1.1" 200 3192 "http://www.mink-gmbh.de/" "Mozilla/5.0 (Windows NT 6.1; WOW64; rv:12.0) Gecko/20100101 Firefox/12.0"
85.179.187.60 - - [06/Mar/2013:14:55:35 +0100] "GET /js_contentserver24_greybox/gb_scripts.js HTTP/1.1" 200 11913 "http://www.mink-gmbh.de/" "Mozilla/5.0 (Windows NT 6.1; WOW64; rv:12.0) Gecko/20100101 Firefox/12.0"
85.179.187.60 - - [06/Mar/2013:14:55:35 +0100] "GET /images/bg.jpg HTTP/1.1" 200 345 "http://www.mink-gmbh.de/style.css" "Mozilla/5.0 (Windows NT 6.1; WOW64; rv:12.0) Gecko/20100101 Firefox/12.0"
85.179.187.60 - - [06/Mar/2013:14:55:35 +0100] "GET /js_contentserver24_greybox/w_close.gif HTTP/1.1" 200 74 "http://www.mink-gmbh.de/" "Mozilla/5.0 (Windows NT 6.1; WOW64; rv:12.0) Gecko/20100101 Firefox/12.0"
85.179.187.60 - - [06/Mar/2013:14:55:35 +0100] "GET /images/close.png HTTP/1.1" 200 703 "http://www.mink-gmbh.de/" "Mozilla/5.0 (Windows NT 6.1; WOW64; rv:12.0) Gecko/20100101 Firefox/12.0"
85.179.187.60 - - [06/Mar/2013:14:55:35 +0100] "GET /images/newsletter_bg.jpg HTTP/1.1" 200 33610 "http://www.mink-gmbh.de/" "Mozilla/5.0 (Windows NT 6.1; WOW64; rv:12.0) Gecko/20100101 Firefox/12.0"
85.179.187.60 - - [06/Mar/2013:14:55:35 +0100] "GET /images/newsletter.png HTTP/1.1" 200 14619 "http://www.mink-gmbh.de/style.css" "Mozilla/5.0 (Windows NT 6.1; WOW64; rv:12.0) Gecko/20100101 Firefox/12.0"
85.179.187.60 - - [06/Mar/2013:14:55:35 +0100] "GET /images/wrapperbg.jpg HTTP/1.1" 200 27465 "http://www.mink-gmbh.de/style.css" "Mozilla/5.0 (Windows NT 6.1; WOW64; rv:12.0) Gecko/20100101 Firefox/12.0"
85.179.187.60 - - [06/Mar/2013:14:55:35 +0100] "GET /images/header.jpg HTTP/1.1" 200 24413 "http://www.mink-gmbh.de/style.css" "Mozilla/5.0 (Windows NT 6.1; WOW64; rv:12.0) Gecko/20100101 Firefox/12.0"
85.179.187.60 - - [06/Mar/2013:14:55:35 +0100] "GET /images/navibg.png HTTP/1.1" 200 2803 "http://www.mink-gmbh.de/style.css" "Mozilla/5.0 (Windows NT 6.1; WOW64; rv:12.0) Gecko/20100101 Firefox/12.0"
85.179.187.60 - - [06/Mar/2013:14:55:35 +0100] "GET /images/steigend.png HTTP/1.1" 200 688 "http://www.mink-gmbh.de/modul.css" "Mozilla/5.0 (Windows NT 6.1; WOW64; rv:12.0) Gecko/20100101 Firefox/12.0"
85.179.187.60 - - [06/Mar/2013:14:55:35 +0100] "GET /images/fallend.png HTTP/1.1" 200 713 "http://www.mink-gmbh.de/modul.css" "Mozilla/5.0 (Windows NT 6.1; WOW64; rv:12.0) Gecko/20100101 Firefox/12.0"
85.179.187.60 - - [06/Mar/2013:14:55:35 +0100] "GET /images/mobil.jpg HTTP/1.1" 200 25293 "http://www.mink-gmbh.de/style.css" "Mozilla/5.0 (Windows NT 6.1; WOW64; rv:12.0) Gecko/20100101 Firefox/12.0"
85.179.187.60 - - [06/Mar/2013:14:55:34 +0100] "GET / HTTP/1.1" 200 15333 "http://maps.google.de/maps?hl=de&gs_rn=5&gs_ri=psy-ab&cp=6&gs_id=s2&xhr=t&bav=on.2,or.r_gc.r_pw.r_qf.&bvm=bv.43287494,d.Yms&biw=1227&bih=577&um=1&ie=UTF-8&q=mink+heiz%C3%B6l&fb=1&gl=de&hq=mink+heiz%C3%B6l&hnear=0x47a84e373f035901:0x42120465b5e3b70,Berlin&iwloc=lyrftr:transit,0x47a84546db03b225:0x501666086e020b00&sa=X&ei=uEk3UarCBobbswbM2IGwCg&sqi=2&ved=0CLABELEFMAA" "Mozilla/5.0 (Windows NT 6.1; WOW64; rv:12.0) Gecko/20100101 Firefox/12.0"
85.179.187.60 - - [06/Mar/2013:14:55:35 +0100] "GET /images/newsletter.jpg HTTP/1.1" 200 13130 "http://www.mink-gmbh.de/style.css" "Mozilla/5.0 (Windows NT 6.1; WOW64; rv:12.0) Gecko/20100101 Firefox/12.0"
85.179.187.60 - - [06/Mar/2013:14:55:35 +0100] "GET /images/tkw.jpg HTTP/1.1" 200 64031 "http://www.mink-gmbh.de/" "Mozilla/5.0 (Windows NT 6.1; WOW64; rv:12.0) Gecko/20100101 Firefox/12.0"
85.179.187.60 - - [06/Mar/2013:14:55:35 +0100] "GET /js_contentserver24_greybox/loader_frame.html?s=0 HTTP/1.1" 200 2084 "http://www.mink-gmbh.de/" "Mozilla/5.0 (Windows NT 6.1; WOW64; rv:12.0) Gecko/20100101 Firefox/12.0"
85.179.187.60 - - [06/Mar/2013:14:55:35 +0100] "GET /js_contentserver24_greybox/header_bg.gif HTTP/1.1" 200 1188 "http://www.mink-gmbh.de/" "Mozilla/5.0 (Windows NT 6.1; WOW64; rv:12.0) Gecko/20100101 Firefox/12.0"
85.179.187.60 - - [06/Mar/2013:14:55:35 +0100] "GET /images/freecall.jpg HTTP/1.1" 200 39195 "http://www.mink-gmbh.de/" "Mozilla/5.0 (Windows NT 6.1; WOW64; rv:12.0) Gecko/20100101 Firefox/12.0"
85.179.187.60 - - [06/Mar/2013:14:55:35 +0100] "GET /images/mail.jpg HTTP/1.1" 200 11165 "http://www.mink-gmbh.de/" "Mozilla/5.0 (Windows NT 6.1; WOW64; rv:12.0) Gecko/20100101 Firefox/12.0"
85.179.187.60 - - [06/Mar/2013:14:55:35 +0100] "GET /images/kwk.gif HTTP/1.1" 200 6403 "http://www.mink-gmbh.de/" "Mozilla/5.0 (Windows NT 6.1; WOW64; rv:12.0) Gecko/20100101 Firefox/12.0"
85.179.187.60 - - [06/Mar/2013:14:55:35 +0100] "GET /images/wunschpreis.jpg HTTP/1.1" 200 16767 "http://www.mink-gmbh.de/" "Mozilla/5.0 (Windows NT 6.1; WOW64; rv:12.0) Gecko/20100101 Firefox/12.0"
85.179.187.60 - - [06/Mar/2013:14:55:35 +0100] "GET /images/logos.jpg HTTP/1.1" 200 15002 "http://www.mink-gmbh.de/" "Mozilla/5.0 (Windows NT 6.1; WOW64; rv:12.0) Gecko/20100101 Firefox/12.0"
85.179.187.60 - - [06/Mar/2013:14:55:35 +0100] "GET /images/footerbg.jpg HTTP/1.1" 200 2184 "http://www.mink-gmbh.de/style.css" "Mozilla/5.0 (Windows NT 6.1; WOW64; rv:12.0) Gecko/20100101 Firefox/12.0"
85.179.187.60 - - [06/Mar/2013:14:55:36 +0100] "GET /js_contentserver24_greybox/indicator.gif HTTP/1.1" 200 8238 "http://www.mink-gmbh.de/js_contentserver24_greybox/loader_frame.html?s=0" "Mozilla/5.0 (Windows NT 6.1; WOW64; rv:12.0) Gecko/20100101 Firefox/12.0"
85.179.187.60 - - [06/Mar/2013:14:55:38 +0100] "GET /js_contentserver24_greybox/g_close.gif HTTP/1.1" 200 541 "http://www.mink-gmbh.de/" "Mozilla/5.0 (Windows NT 6.1; WOW64; rv:12.0) Gecko/20100101 Firefox/12.0"
208.115.113.91 - - [06/Mar/2013:14:58:12 +0100] "GET /kwk.php?cs_go=4 HTTP/1.1" 200 10255 "-" "Mozilla/5.0 (compatible; Ezooms/1.0; ezooms.bot@gmail.com)"
208.115.113.91 - - [06/Mar/2013:14:58:15 +0100] "GET /lexikon.php?cs_go=2&cs_char=q HTTP/1.1" 200 8162 "-" "Mozilla/5.0 (compatible; Ezooms/1.0; ezooms.bot@gmail.com)"
208.115.113.91 - - [06/Mar/2013:14:58:17 +0100] "GET /news.php?cs_go=archiv&cs_startpos=170 HTTP/1.1" 200 22628 "-" "Mozilla/5.0 (compatible; Ezooms/1.0; ezooms.bot@gmail.com)"
85.179.187.60 - - [06/Mar/2013:14:58:36 +0100] "GET /preisanfrage.php HTTP/1.1" 200 10647 "http://www.mink-gmbh.de/" "Mozilla/5.0 (Windows NT 6.1; WOW64; rv:12.0) Gecko/20100101 Firefox/12.0"
85.179.187.60 - - [06/Mar/2013:14:59:30 +0100] "GET / HTTP/1.1" 200 14592 "http://maps.google.de/maps?hl=de&gs_rn=5&gs_ri=psy-ab&cp=6&gs_id=s2&xhr=t&bav=on.2,or.r_gc.r_pw.r_qf.&bvm=bv.43287494,d.Yms&biw=1227&bih=577&um=1&ie=UTF-8&q=mink+heiz%C3%B6l&fb=1&gl=de&hq=mink+heiz%C3%B6l&hnear=0x47a84e373f035901:0x42120465b5e3b70,Berlin&iwloc=lyrftr:transit,0x47a84546db03b225:0x501666086e020b00&sa=X&ei=uEk3UarCBobbswbM2IGwCg&sqi=2&ved=0CLABELEFMAA" "Mozilla/5.0 (Windows NT 6.1; WOW64; rv:12.0) Gecko/20100101 Firefox/12.0"
81.30.151.218 - - [06/Mar/2013:15:02:18 +0100] "GET /news.php?cs_go=archiv&cs_startpos=601 HTTP/1.1" 200 8125 "-" "Pixray-Seeker/2.0 (Pixray-Seeker; +http://www.pixray.com/pixraybot; +crawler@pixray.com)"
81.30.151.218 - - [06/Mar/2013:15:15:55 +0100] "GET /news.php?cs_go=archiv&cs_id=3656&cs_search= HTTP/1.1" 200 11181 "-" "Pixray-Seeker/2.0 (Pixray-Seeker; +http://www.pixray.com/pixraybot; +crawler@pixray.com)"
81.30.151.218 - - [06/Mar/2013:15:18:45 +0100] "GET /news.php?cs_go=archiv&cs_id=2469&cs_search= HTTP/1.1" 200 7887 "-" "Pixray-Seeker/2.0 (Pixray-Seeker; +http://www.pixray.com/pixraybot; +crawler@pixray.com)"
173.199.119.27 - - [06/Mar/2013:15:41:23 +0100] "GET /lexikon.php?cs_go=3&cs_id=175 HTTP/1.1" 200 8183 "-" "Mozilla/5.0 (compatible; AhrefsBot/4.0; +http://ahrefs.com/robot/)"
81.30.151.218 - - [06/Mar/2013:15:45:04 +0100] "GET /news.php?cs_go=archiv&cs_id=3469&cs_search= HTTP/1.1" 200 13440 "-" "Pixray-Seeker/2.0 (Pixray-Seeker; +http://www.pixray.com/pixraybot; +crawler@pixray.com)"
81.30.151.218 - - [06/Mar/2013:15:49:19 +0100] "GET /news.php?cs_go=archiv&cs_id=3611&cs_search= HTTP/1.1" 200 9737 "-" "Pixray-Seeker/2.0 (Pixray-Seeker; +http://www.pixray.com/pixraybot; +crawler@pixray.com)"
81.30.151.218 - - [06/Mar/2013:15:58:44 +0100] "GET /news.php?cs_go=archiv&cs_id=3338&cs_search= HTTP/1.1" 200 9807 "-" "Pixray-Seeker/2.0 (Pixray-Seeker; +http://www.pixray.com/pixraybot; +crawler@pixray.com)"
81.30.151.218 - - [06/Mar/2013:16:02:57 +0100] "GET /news.php?cs_go=archiv&cs_id=3105&cs_search= HTTP/1.1" 200 11668 "-" "Pixray-Seeker/2.0 (Pixray-Seeker; +http://www.pixray.com/pixraybot; +crawler@pixray.com)"
85.25.120.73 - - [06/Mar/2013:16:04:38 +0100] "GET / HTTP/1.1" 200 15333 "-" "Mozilla/5.0 (X11; U; Linux i686; en-US; rv:1.9.0.1) Gecko/2008070206 Firefox/3.0.1"
85.25.120.73 - - [06/Mar/2013:16:04:39 +0100] "GET /seiten/kontakt.php HTTP/1.1" 404 - "-" "Mozilla/5.0 (X11; U; Linux i686; en-US; rv:1.9.0.1) Gecko/2008070206 Firefox/3.0.1"
81.30.151.218 - - [06/Mar/2013:16:06:59 +0100] "GET /news.php?cs_go=archiv&cs_id=2670&cs_search= HTTP/1.1" 200 7887 "-" "Pixray-Seeker/2.0 (Pixray-Seeker; +http://www.pixray.com/pixraybot; +crawler@pixray.com)"
173.199.119.27 - - [06/Mar/2013:16:09:59 +0100] "GET /lexikon.php?cs_go=3&cs_id=19 HTTP/1.1" 200 9902 "-" "Mozilla/5.0 (compatible; AhrefsBot/4.0; +http://ahrefs.com/robot/)"
173.199.119.27 - - [06/Mar/2013:16:18:53 +0100] "GET /lexikon.php?cs_go=3&cs_id=228 HTTP/1.1" 200 9244 "-" "Mozilla/5.0 (compatible; AhrefsBot/4.0; +http://ahrefs.com/robot/)"
66.249.76.46 - - [06/Mar/2013:16:31:01 +0100] "GET /robots.txt HTTP/1.1" 200 177 "-" "Mozilla/5.0 (compatible; Googlebot/2.1; +http://www.google.com/bot.html)"
66.249.76.46 - - [06/Mar/2013:16:31:01 +0100] "GET /impressum.php HTTP/1.1" 200 8582 "-" "SAMSUNG-SGH-E250/1.0 Profile/MIDP-2.0 Configuration/CLDC-1.1 UP.Browser/6.2.3.3.c.1.101 (GUI) MMP/2.0 (compatible; Googlebot-Mobile/2.1; +http://www.google.com/bot.html)"
173.199.119.27 - - [06/Mar/2013:16:35:07 +0100] "GET /lexikon.php?cs_go=3&cs_id=216 HTTP/1.1" 200 8120 "-" "Mozilla/5.0 (compatible; AhrefsBot/4.0; +http://ahrefs.com/robot/)"
173.199.119.27 - - [06/Mar/2013:16:40:38 +0100] "GET /news.php?cs_go=archiv&cs_id=3974&cs_search= HTTP/1.1" 200 9976 "-" "Mozilla/5.0 (compatible; AhrefsBot/4.0; +http://ahrefs.com/robot/)"
81.30.151.218 - - [06/Mar/2013:16:44:54 +0100] "GET /news.php?cs_go=archiv&cs_id=3381&cs_search= HTTP/1.1" 200 9878 "-" "Pixray-Seeker/2.0 (Pixray-Seeker; +http://www.pixray.com/pixraybot; +crawler@pixray.com)"
81.30.151.218 - - [06/Mar/2013:16:55:38 +0100] "GET /news.php?cs_go=archiv&cs_id=2836&cs_search= HTTP/1.1" 200 10776 "-" "Pixray-Seeker/2.0 (Pixray-Seeker; +http://www.pixray.com/pixraybot; +crawler@pixray.com)"
65.36.241.79 - - [06/Mar/2013:16:57:03 +0100] "HEAD / HTTP/1.1" 200 - "-" "InternetSeer.com"
81.30.151.218 - - [06/Mar/2013:16:59:34 +0100] "GET /news.php?cs_go=archiv&cs_id=2945&cs_search= HTTP/1.1" 200 12154 "-" "Pixray-Seeker/2.0 (Pixray-Seeker; +http://www.pixray.com/pixraybot; +crawler@pixray.com)"
66.249.76.46 - - [06/Mar/2013:17:11:09 +0100] "GET /news.php?cs_go=archiv&cs_id=3720&cs_search= HTTP/1.1" 200 13450 "-" "Mozilla/5.0 (compatible; Googlebot/2.1; +http://www.google.com/bot.html)"
81.30.151.218 - - [06/Mar/2013:17:11:43 +0100] "GET /news.php?cs_go=archiv&cs_id=2814&cs_search= HTTP/1.1" 200 13608 "-" "Pixray-Seeker/2.0 (Pixray-Seeker; +http://www.pixray.com/pixraybot; +crawler@pixray.com)"
173.199.119.27 - - [06/Mar/2013:17:15:13 +0100] "GET /lexikon.php?cs_go=3&cs_id=219 HTTP/1.1" 200 7995 "-" "Mozilla/5.0 (compatible; AhrefsBot/4.0; +http://ahrefs.com/robot/)"
81.30.151.218 - - [06/Mar/2013:17:20:30 +0100] "GET /news.php?cs_go=archiv&cs_id=3499&cs_search= HTTP/1.1" 200 9866 "-" "Pixray-Seeker/2.0 (Pixray-Seeker; +http://www.pixray.com/pixraybot; +crawler@pixray.com)"
81.30.151.218 - - [06/Mar/2013:17:30:44 +0100] "GET /news.php?cs_go=archiv&cs_startpos=1140 HTTP/1.1" 200 8126 "-" "Pixray-Seeker/2.0 (Pixray-Seeker; +http://www.pixray.com/pixraybot; +crawler@pixray.com)"
81.30.151.218 - - [06/Mar/2013:17:30:45 +0100] "GET /news.php?cs_go=archiv&cs_id=2389&cs_search= HTTP/1.1" 200 7887 "-" "Pixray-Seeker/2.0 (Pixray-Seeker; +http://www.pixray.com/pixraybot; +crawler@pixray.com)"
92.231.108.2 - - [06/Mar/2013:17:40:36 +0100] "GET / HTTP/1.1" 200 15333 "https://www.google.de/" "Mozilla/5.0 (Windows NT 6.1; WOW64) AppleWebKit/537.22 (KHTML, like Gecko) Chrome/25.0.1364.152 Safari/537.22"
92.231.108.2 - - [06/Mar/2013:17:40:37 +0100] "GET /style.css HTTP/1.1" 200 8418 "http://www.mink-gmbh.de/" "Mozilla/5.0 (Windows NT 6.1; WOW64) AppleWebKit/537.22 (KHTML, like Gecko) Chrome/25.0.1364.152 Safari/537.22"
92.231.108.2 - - [06/Mar/2013:17:40:37 +0100] "GET /js_contentserver24_greybox/gb_styles.css HTTP/1.1" 200 2302 "http://www.mink-gmbh.de/" "Mozilla/5.0 (Windows NT 6.1; WOW64) AppleWebKit/537.22 (KHTML, like Gecko) Chrome/25.0.1364.152 Safari/537.22"
92.231.108.2 - - [06/Mar/2013:17:40:37 +0100] "GET /js_contentserver24_greybox/AJS.js HTTP/1.1" 200 10396 "http://www.mink-gmbh.de/" "Mozilla/5.0 (Windows NT 6.1; WOW64) AppleWebKit/537.22 (KHTML, like Gecko) Chrome/25.0.1364.152 Safari/537.22"
92.231.108.2 - - [06/Mar/2013:17:40:37 +0100] "GET /js_contentserver24_greybox/AJS_fx.js HTTP/1.1" 200 3192 "http://www.mink-gmbh.de/" "Mozilla/5.0 (Windows NT 6.1; WOW64) AppleWebKit/537.22 (KHTML, like Gecko) Chrome/25.0.1364.152 Safari/537.22"
92.231.108.2 - - [06/Mar/2013:17:40:37 +0100] "GET /js_contentserver24_greybox/gb_scripts.js HTTP/1.1" 200 11913 "http://www.mink-gmbh.de/" "Mozilla/5.0 (Windows NT 6.1; WOW64) AppleWebKit/537.22 (KHTML, like Gecko) Chrome/25.0.1364.152 Safari/537.22"
92.231.108.2 - - [06/Mar/2013:17:40:37 +0100] "GET /modul.css HTTP/1.1" 200 35038 "http://www.mink-gmbh.de/" "Mozilla/5.0 (Windows NT 6.1; WOW64) AppleWebKit/537.22 (KHTML, like Gecko) Chrome/25.0.1364.152 Safari/537.22"
92.231.108.2 - - [06/Mar/2013:17:40:38 +0100] "GET /images/bg.jpg HTTP/1.1" 200 345 "http://www.mink-gmbh.de/" "Mozilla/5.0 (Windows NT 6.1; WOW64) AppleWebKit/537.22 (KHTML, like Gecko) Chrome/25.0.1364.152 Safari/537.22"
92.231.108.2 - - [06/Mar/2013:17:40:38 +0100] "GET /images/mail.jpg HTTP/1.1" 200 11165 "http://www.mink-gmbh.de/" "Mozilla/5.0 (Windows NT 6.1; WOW64) AppleWebKit/537.22 (KHTML, like Gecko) Chrome/25.0.1364.152 Safari/537.22"
92.231.108.2 - - [06/Mar/2013:17:40:38 +0100] "GET /images/kwk.gif HTTP/1.1" 200 6403 "http://www.mink-gmbh.de/" "Mozilla/5.0 (Windows NT 6.1; WOW64) AppleWebKit/537.22 (KHTML, like Gecko) Chrome/25.0.1364.152 Safari/537.22"
92.231.108.2 - - [06/Mar/2013:17:40:38 +0100] "GET /images/wunschpreis.jpg HTTP/1.1" 200 16767 "http://www.mink-gmbh.de/" "Mozilla/5.0 (Windows NT 6.1; WOW64) AppleWebKit/537.22 (KHTML, like Gecko) Chrome/25.0.1364.152 Safari/537.22"
92.231.108.2 - - [06/Mar/2013:17:40:38 +0100] "GET /images/logos.jpg HTTP/1.1" 200 15002 "http://www.mink-gmbh.de/" "Mozilla/5.0 (Windows NT 6.1; WOW64) AppleWebKit/537.22 (KHTML, like Gecko) Chrome/25.0.1364.152 Safari/537.22"
92.231.108.2 - - [06/Mar/2013:17:40:38 +0100] "GET /js_contentserver24_greybox/w_close.gif HTTP/1.1" 200 74 "http://www.mink-gmbh.de/" "Mozilla/5.0 (Windows NT 6.1; WOW64) AppleWebKit/537.22 (KHTML, like Gecko) Chrome/25.0.1364.152 Safari/537.22"
92.231.108.2 - - [06/Mar/2013:17:40:38 +0100] "GET /images/close.png HTTP/1.1" 200 703 "http://www.mink-gmbh.de/" "Mozilla/5.0 (Windows NT 6.1; WOW64) AppleWebKit/537.22 (KHTML, like Gecko) Chrome/25.0.1364.152 Safari/537.22"
92.231.108.2 - - [06/Mar/2013:17:40:38 +0100] "GET /images/newsletter_bg.jpg HTTP/1.1" 200 33610 "http://www.mink-gmbh.de/" "Mozilla/5.0 (Windows NT 6.1; WOW64) AppleWebKit/537.22 (KHTML, like Gecko) Chrome/25.0.1364.152 Safari/537.22"
92.231.108.2 - - [06/Mar/2013:17:40:38 +0100] "GET /images/newsletter.png HTTP/1.1" 200 14619 "http://www.mink-gmbh.de/" "Mozilla/5.0 (Windows NT 6.1; WOW64) AppleWebKit/537.22 (KHTML, like Gecko) Chrome/25.0.1364.152 Safari/537.22"
92.231.108.2 - - [06/Mar/2013:17:40:38 +0100] "GET /images/wrapperbg.jpg HTTP/1.1" 200 27465 "http://www.mink-gmbh.de/" "Mozilla/5.0 (Windows NT 6.1; WOW64) AppleWebKit/537.22 (KHTML, like Gecko) Chrome/25.0.1364.152 Safari/537.22"
92.231.108.2 - - [06/Mar/2013:17:40:38 +0100] "GET /images/header.jpg HTTP/1.1" 200 24413 "http://www.mink-gmbh.de/" "Mozilla/5.0 (Windows NT 6.1; WOW64) AppleWebKit/537.22 (KHTML, like Gecko) Chrome/25.0.1364.152 Safari/537.22"
92.231.108.2 - - [06/Mar/2013:17:40:38 +0100] "GET /images/freecall.jpg HTTP/1.1" 200 39195 "http://www.mink-gmbh.de/" "Mozilla/5.0 (Windows NT 6.1; WOW64) AppleWebKit/537.22 (KHTML, like Gecko) Chrome/25.0.1364.152 Safari/537.22"
92.231.108.2 - - [06/Mar/2013:17:40:38 +0100] "GET /images/tkw.jpg HTTP/1.1" 200 64031 "http://www.mink-gmbh.de/" "Mozilla/5.0 (Windows NT 6.1; WOW64) AppleWebKit/537.22 (KHTML, like Gecko) Chrome/25.0.1364.152 Safari/537.22"
92.231.108.2 - - [06/Mar/2013:17:40:38 +0100] "GET /images/navibg.png HTTP/1.1" 200 2803 "http://www.mink-gmbh.de/" "Mozilla/5.0 (Windows NT 6.1; WOW64) AppleWebKit/537.22 (KHTML, like Gecko) Chrome/25.0.1364.152 Safari/537.22"
92.231.108.2 - - [06/Mar/2013:17:40:38 +0100] "GET /images/steigend.png HTTP/1.1" 200 688 "http://www.mink-gmbh.de/" "Mozilla/5.0 (Windows NT 6.1; WOW64) AppleWebKit/537.22 (KHTML, like Gecko) Chrome/25.0.1364.152 Safari/537.22"
92.231.108.2 - - [06/Mar/2013:17:40:38 +0100] "GET /images/fallend.png HTTP/1.1" 200 713 "http://www.mink-gmbh.de/" "Mozilla/5.0 (Windows NT 6.1; WOW64) AppleWebKit/537.22 (KHTML, like Gecko) Chrome/25.0.1364.152 Safari/537.22"
92.231.108.2 - - [06/Mar/2013:17:40:38 +0100] "GET /images/mobil.jpg HTTP/1.1" 200 25293 "http://www.mink-gmbh.de/" "Mozilla/5.0 (Windows NT 6.1; WOW64) AppleWebKit/537.22 (KHTML, like Gecko) Chrome/25.0.1364.152 Safari/537.22"
92.231.108.2 - - [06/Mar/2013:17:40:38 +0100] "GET /images/newsletter.jpg HTTP/1.1" 200 13130 "http://www.mink-gmbh.de/" "Mozilla/5.0 (Windows NT 6.1; WOW64) AppleWebKit/537.22 (KHTML, like Gecko) Chrome/25.0.1364.152 Safari/537.22"
92.231.108.2 - - [06/Mar/2013:17:40:38 +0100] "GET /images/footerbg.jpg HTTP/1.1" 200 2184 "http://www.mink-gmbh.de/" "Mozilla/5.0 (Windows NT 6.1; WOW64) AppleWebKit/537.22 (KHTML, like Gecko) Chrome/25.0.1364.152 Safari/537.22"
92.231.108.2 - - [06/Mar/2013:17:40:38 +0100] "GET /js_contentserver24_greybox/header_bg.gif HTTP/1.1" 200 1188 "http://www.mink-gmbh.de/" "Mozilla/5.0 (Windows NT 6.1; WOW64) AppleWebKit/537.22 (KHTML, like Gecko) Chrome/25.0.1364.152 Safari/537.22"
92.231.108.2 - - [06/Mar/2013:17:40:38 +0100] "GET /js_contentserver24_greybox/g_close.gif HTTP/1.1" 200 541 "http://www.mink-gmbh.de/" "Mozilla/5.0 (Windows NT 6.1; WOW64) AppleWebKit/537.22 (KHTML, like Gecko) Chrome/25.0.1364.152 Safari/537.22"
92.231.108.2 - - [06/Mar/2013:17:40:38 +0100] "GET /js_contentserver24_greybox/indicator.gif HTTP/1.1" 200 8238 "http://www.mink-gmbh.de/" "Mozilla/5.0 (Windows NT 6.1; WOW64) AppleWebKit/537.22 (KHTML, like Gecko) Chrome/25.0.1364.152 Safari/537.22"
92.231.108.2 - - [06/Mar/2013:17:40:38 +0100] "GET /favicon.ico HTTP/1.1" 200 3638 "-" "Mozilla/5.0 (Windows NT 6.1; WOW64) AppleWebKit/537.22 (KHTML, like Gecko) Chrome/25.0.1364.152 Safari/537.22"
92.231.108.2 - - [06/Mar/2013:17:40:40 +0100] "GET /js_contentserver24_greybox/loader_frame.html?s=0 HTTP/1.1" 200 2084 "http://www.mink-gmbh.de/" "Mozilla/5.0 (Windows NT 6.1; WOW64) AppleWebKit/537.22 (KHTML, like Gecko) Chrome/25.0.1364.152 Safari/537.22"
92.231.108.2 - - [06/Mar/2013:17:40:45 +0100] "GET /jobs.php HTTP/1.1" 200 10003 "http://www.mink-gmbh.de/" "Mozilla/5.0 (Windows NT 6.1; WOW64) AppleWebKit/537.22 (KHTML, like Gecko) Chrome/25.0.1364.152 Safari/537.22"
92.231.108.2 - - [06/Mar/2013:17:40:50 +0100] "GET / HTTP/1.1" 200 14592 "https://www.google.de/" "Mozilla/5.0 (Windows NT 6.1; WOW64) AppleWebKit/537.22 (KHTML, like Gecko) Chrome/25.0.1364.152 Safari/537.22"
92.231.108.2 - - [06/Mar/2013:17:40:52 +0100] "GET / HTTP/1.1" 200 14592 "https://www.google.de/" "Mozilla/5.0 (Windows NT 6.1; WOW64) AppleWebKit/537.22 (KHTML, like Gecko) Chrome/25.0.1364.152 Safari/537.22"
81.30.151.218 - - [06/Mar/2013:17:41:48 +0100] "GET /news.php?cs_go=archiv&cs_id=2599&cs_search= HTTP/1.1" 200 7887 "-" "Pixray-Seeker/2.0 (Pixray-Seeker; +http://www.pixray.com/pixraybot; +crawler@pixray.com)"
81.30.151.218 - - [06/Mar/2013:17:41:59 +0100] "GET /news.php?cs_go=archiv&cs_id=2627&cs_search= HTTP/1.1" 200 7887 "-" "Pixray-Seeker/2.0 (Pixray-Seeker; +http://www.pixray.com/pixraybot; +crawler@pixray.com)"
66.249.76.46 - - [06/Mar/2013:17:46:48 +0100] "GET /news.php?cs_go=archiv HTTP/1.1" 200 22013 "-" "Mozilla/5.0 (compatible; Googlebot/2.1; +http://www.google.com/bot.html)"
66.249.76.46 - - [06/Mar/2013:17:52:19 +0100] "GET /news.php?cs_go=archiv&cs_id=3341&cs_search= HTTP/1.1" 200 13351 "-" "Mozilla/5.0 (compatible; Googlebot/2.1; +http://www.google.com/bot.html)"
81.30.151.218 - - [06/Mar/2013:17:53:11 +0100] "GET /news.php?cs_go=archiv&cs_id=2517&cs_search= HTTP/1.1" 200 7887 "-" "Pixray-Seeker/2.0 (Pixray-Seeker; +http://www.pixray.com/pixraybot; +crawler@pixray.com)"
66.249.76.46 - - [06/Mar/2013:17:56:33 +0100] "GET /news.php?cs_go=archiv&cs_id=3990&cs_search= HTTP/1.1" 200 13261 "-" "Mozilla/5.0 (compatible; Googlebot/2.1; +http://www.google.com/bot.html)"
66.249.76.46 - - [06/Mar/2013:17:56:33 +0100] "GET /news.php?cs_go=archiv&cs_id=3989&cs_search= HTTP/1.1" 200 12025 "-" "Mozilla/5.0 (compatible; Googlebot/2.1; +http://www.google.com/bot.html)"
141.8.147.12 - - [06/Mar/2013:18:00:09 +0100] "GET /robots.txt HTTP/1.1" 200 177 "-" "Mozilla/5.0 (compatible; YandexBot/3.0; +http://yandex.com/bots)"
141.8.147.12 - - [06/Mar/2013:18:00:11 +0100] "GET / HTTP/1.1" 200 15333 "-" "Mozilla/5.0 (compatible; YandexBot/3.0; MirrorDetector; +http://yandex.com/bots)"
141.8.147.12 - - [06/Mar/2013:18:00:18 +0100] "GET / HTTP/1.1" 200 15333 "-" "Mozilla/5.0 (compatible; YandexBot/3.0; MirrorDetector; +http://yandex.com/bots)"
81.30.151.218 - - [06/Mar/2013:18:00:38 +0100] "GET /robots.txt HTTP/1.1" 200 177 "-" "Pixray-Seeker/2.0 (Pixray-Seeker; +http://www.pixray.com/pixraybot; +crawler@pixray.com)"
81.30.151.218 - - [06/Mar/2013:18:00:38 +0100] "GET /news.php?cs_go=archiv&cs_startpos=381 HTTP/1.1" 200 8125 "-" "Pixray-Seeker/2.0 (Pixray-Seeker; +http://www.pixray.com/pixraybot; +crawler@pixray.com)"
66.249.76.46 - - [06/Mar/2013:18:03:19 +0100] "GET /news.php?cs_go=archiv&cs_id=3069&cs_search= HTTP/1.1" 200 9826 "-" "Mozilla/5.0 (compatible; Googlebot/2.1; +http://www.google.com/bot.html)"
141.8.147.12 - - [06/Mar/2013:18:04:44 +0100] "GET /jobs.php HTTP/1.1" 200 10090 "-" "Mozilla/5.0 (compatible; YandexBot/3.0; +http://yandex.com/bots)"
66.249.76.46 - - [06/Mar/2013:18:05:02 +0100] "GET /news.php?cs_go=archiv&cs_id=3926 HTTP/1.1" 200 13063 "-" "SAMSUNG-SGH-E250/1.0 Profile/MIDP-2.0 Configuration/CLDC-1.1 UP.Browser/6.2.3.3.c.1.101 (GUI) MMP/2.0 (compatible; Googlebot-Mobile/2.1; +http://www.google.com/bot.html)"
173.199.119.27 - - [06/Mar/2013:18:14:58 +0100] "GET /lexikon.php?cs_go=3&cs_id=158 HTTP/1.1" 200 8354 "-" "Mozilla/5.0 (compatible; AhrefsBot/4.0; +http://ahrefs.com/robot/)"
81.30.151.218 - - [06/Mar/2013:18:18:33 +0100] "GET /news.php?cs_go=archiv&cs_id=2294&cs_search= HTTP/1.1" 200 7887 "-" "Pixray-Seeker/2.0 (Pixray-Seeker; +http://www.pixray.com/pixraybot; +crawler@pixray.com)"
157.55.34.168 - - [06/Mar/2013:18:34:20 +0100] "GET /robots.txt HTTP/1.1" 200 177 "-" "Mozilla/5.0 (compatible; bingbot/2.0; +http://www.bing.com/bingbot.htm)"
157.55.34.168 - - [06/Mar/2013:18:35:45 +0100] "GET / HTTP/1.1" 200 15333 "-" "Mozilla/5.0 (compatible; bingbot/2.0; +http://www.bing.com/bingbot.htm)"
173.199.119.27 - - [06/Mar/2013:18:41:04 +0100] "GET /news.php?cs_go=archiv&cs_startpos=230 HTTP/1.1" 200 11500 "-" "Mozilla/5.0 (compatible; AhrefsBot/4.0; +http://ahrefs.com/robot/)"
66.249.76.46 - - [06/Mar/2013:18:41:52 +0100] "GET /news.php?cs_go=archiv&cs_id=3142&cs_search= HTTP/1.1" 200 11392 "-" "Mozilla/5.0 (compatible; Googlebot/2.1; +http://www.google.com/bot.html)"
81.30.151.218 - - [06/Mar/2013:18:43:27 +0100] "GET /news.php?cs_go=archiv&cs_id=3606&cs_search= HTTP/1.1" 200 11890 "-" "Pixray-Seeker/2.0 (Pixray-Seeker; +http://www.pixray.com/pixraybot; +crawler@pixray.com)"
81.30.151.218 - - [06/Mar/2013:18:44:20 +0100] "GET /news.php?cs_go=archiv&cs_id=2343&cs_search= HTTP/1.1" 200 7887 "-" "Pixray-Seeker/2.0 (Pixray-Seeker; +http://www.pixray.com/pixraybot; +crawler@pixray.com)"
81.30.151.218 - - [06/Mar/2013:18:46:11 +0100] "GET /lexikon.php?cs_go=3&cs_id=1 HTTP/1.1" 200 8557 "-" "Pixray-Seeker/2.0 (Pixray-Seeker; +http://www.pixray.com/pixraybot; +crawler@pixray.com)"
85.25.120.73 - - [06/Mar/2013:19:01:01 +0100] "GET / HTTP/1.1" 200 14592 "-" "Mozilla/5.0 (X11; U; Linux i686; en-US; rv:1.9.0.1) Gecko/2008070206 Firefox/3.0.1"
85.25.120.73 - - [06/Mar/2013:19:01:02 +0100] "GET /seiten/kontakt.php HTTP/1.1" 404 - "-" "Mozilla/5.0 (X11; U; Linux i686; en-US; rv:1.9.0.1) Gecko/2008070206 Firefox/3.0.1"
81.30.151.218 - - [06/Mar/2013:19:02:13 +0100] "GET /news.php?cs_go=archiv&cs_id=1943&cs_search= HTTP/1.1" 200 7887 "-" "Pixray-Seeker/2.0 (Pixray-Seeker; +http://www.pixray.com/pixraybot; +crawler@pixray.com)"
81.30.151.218 - - [06/Mar/2013:19:02:17 +0100] "GET /news.php?cs_go=archiv&cs_startpos=921 HTTP/1.1" 200 8125 "-" "Pixray-Seeker/2.0 (Pixray-Seeker; +http://www.pixray.com/pixraybot; +crawler@pixray.com)"
66.249.76.46 - - [06/Mar/2013:19:09:38 +0100] "GET /news.php?cs_go=archiv&cs_id=2719&cs_search= HTTP/1.1" 200 10362 "-" "Mozilla/5.0 (compatible; Googlebot/2.1; +http://www.google.com/bot.html)"
141.8.147.12 - - [06/Mar/2013:19:34:29 +0100] "GET /news.php?cs_go=archiv&cs_startpos=730 HTTP/1.1" 200 8125 "-" "Mozilla/5.0 (compatible; YandexBot/3.0; +http://yandex.com/bots)"
81.30.151.218 - - [06/Mar/2013:19:36:53 +0100] "GET /news.php?cs_go=archiv&cs_id=1905&cs_search= HTTP/1.1" 200 7887 "-" "Pixray-Seeker/2.0 (Pixray-Seeker; +http://www.pixray.com/pixraybot; +crawler@pixray.com)"
82.94.176.164 - - [06/Mar/2013:19:42:13 +0100] "GET /jobs.php HTTP/1.1" 200 10090 "-" "Mozilla/4.0 (compatible; MSIE 5.5; Windows NT)"
81.30.151.218 - - [06/Mar/2013:20:04:17 +0100] "GET /news.php?cs_go=archiv&cs_id=3637&cs_search= HTTP/1.1" 200 9674 "-" "Pixray-Seeker/2.0 (Pixray-Seeker; +http://www.pixray.com/pixraybot; +crawler@pixray.com)"
81.30.151.218 - - [06/Mar/2013:20:10:45 +0100] "GET /news.php?cs_go=archiv&cs_id=2124&cs_search= HTTP/1.1" 200 7887 "-" "Pixray-Seeker/2.0 (Pixray-Seeker; +http://www.pixray.com/pixraybot; +crawler@pixray.com)"
81.30.151.218 - - [06/Mar/2013:20:19:08 +0100] "GET /news.php?cs_go=archiv&cs_id=2354&cs_search= HTTP/1.1" 200 7887 "-" "Pixray-Seeker/2.0 (Pixray-Seeker; +http://www.pixray.com/pixraybot; +crawler@pixray.com)"
81.30.151.218 - - [06/Mar/2013:20:23:48 +0100] "GET /news.php?cs_go=archiv&cs_id=2126&cs_search= HTTP/1.1" 200 7887 "-" "Pixray-Seeker/2.0 (Pixray-Seeker; +http://www.pixray.com/pixraybot; +crawler@pixray.com)"
80.64.98.42 - - [06/Mar/2013:20:26:38 +0100] "GET /style.css HTTP/1.1" 200 8418 "http://www.mink-gmbh.de/" "Mozilla/5.0 (Windows NT 6.0) AppleWebKit/537.22 (KHTML, like Gecko) Chrome/25.0.1364.152 Safari/537.22"
80.64.98.42 - - [06/Mar/2013:20:26:38 +0100] "GET /js_contentserver24_greybox/gb_styles.css HTTP/1.1" 200 2302 "http://www.mink-gmbh.de/" "Mozilla/5.0 (Windows NT 6.0) AppleWebKit/537.22 (KHTML, like Gecko) Chrome/25.0.1364.152 Safari/537.22"
80.64.98.42 - - [06/Mar/2013:20:26:38 +0100] "GET /modul.css HTTP/1.1" 200 35038 "http://www.mink-gmbh.de/" "Mozilla/5.0 (Windows NT 6.0) AppleWebKit/537.22 (KHTML, like Gecko) Chrome/25.0.1364.152 Safari/537.22"
80.64.98.42 - - [06/Mar/2013:20:26:38 +0100] "GET /js_contentserver24_greybox/AJS_fx.js HTTP/1.1" 200 3192 "http://www.mink-gmbh.de/" "Mozilla/5.0 (Windows NT 6.0) AppleWebKit/537.22 (KHTML, like Gecko) Chrome/25.0.1364.152 Safari/537.22"
80.64.98.42 - - [06/Mar/2013:20:26:38 +0100] "GET /js_contentserver24_greybox/AJS.js HTTP/1.1" 200 10396 "http://www.mink-gmbh.de/" "Mozilla/5.0 (Windows NT 6.0) AppleWebKit/537.22 (KHTML, like Gecko) Chrome/25.0.1364.152 Safari/537.22"
80.64.98.42 - - [06/Mar/2013:20:26:38 +0100] "GET /js_contentserver24_greybox/gb_scripts.js HTTP/1.1" 200 11913 "http://www.mink-gmbh.de/" "Mozilla/5.0 (Windows NT 6.0) AppleWebKit/537.22 (KHTML, like Gecko) Chrome/25.0.1364.152 Safari/537.22"
80.64.98.42 - - [06/Mar/2013:20:26:38 +0100] "GET / HTTP/1.1" 200 15333 "http://www.google.de/url?sa=t&rct=j&q=esso%20heiz%C3%B6l%20berlin&source=web&cd=4&sqi=2&ved=0CFkQFjAD&url=http%3A%2F%2Fwww.mink-gmbh.de%2F&ei=kZY3UdSrL83HswabkIHYAQ&usg=AFQjCNFHX4Iglls9oo-KYXTmDUV_5KOVIg&cad=rjt" "Mozilla/5.0 (Windows NT 6.0) AppleWebKit/537.22 (KHTML, like Gecko) Chrome/25.0.1364.152 Safari/537.22"
80.64.98.42 - - [06/Mar/2013:20:26:38 +0100] "GET /images/bg.jpg HTTP/1.1" 200 345 "http://www.mink-gmbh.de/" "Mozilla/5.0 (Windows NT 6.0) AppleWebKit/537.22 (KHTML, like Gecko) Chrome/25.0.1364.152 Safari/537.22"
80.64.98.42 - - [06/Mar/2013:20:26:38 +0100] "GET /js_contentserver24_greybox/w_close.gif HTTP/1.1" 200 74 "http://www.mink-gmbh.de/" "Mozilla/5.0 (Windows NT 6.0) AppleWebKit/537.22 (KHTML, like Gecko) Chrome/25.0.1364.152 Safari/537.22"
80.64.98.42 - - [06/Mar/2013:20:26:38 +0100] "GET /images/close.png HTTP/1.1" 200 703 "http://www.mink-gmbh.de/" "Mozilla/5.0 (Windows NT 6.0) AppleWebKit/537.22 (KHTML, like Gecko) Chrome/25.0.1364.152 Safari/537.22"
80.64.98.42 - - [06/Mar/2013:20:26:39 +0100] "GET /images/newsletter.png HTTP/1.1" 200 14619 "http://www.mink-gmbh.de/" "Mozilla/5.0 (Windows NT 6.0) AppleWebKit/537.22 (KHTML, like Gecko) Chrome/25.0.1364.152 Safari/537.22"
80.64.98.42 - - [06/Mar/2013:20:26:39 +0100] "GET /images/wrapperbg.jpg HTTP/1.1" 200 27465 "http://www.mink-gmbh.de/" "Mozilla/5.0 (Windows NT 6.0) AppleWebKit/537.22 (KHTML, like Gecko) Chrome/25.0.1364.152 Safari/537.22"
80.64.98.42 - - [06/Mar/2013:20:26:38 +0100] "GET /images/tkw.jpg HTTP/1.1" 200 64031 "http://www.mink-gmbh.de/" "Mozilla/5.0 (Windows NT 6.0) AppleWebKit/537.22 (KHTML, like Gecko) Chrome/25.0.1364.152 Safari/537.22"
80.64.98.42 - - [06/Mar/2013:20:26:38 +0100] "GET /images/newsletter_bg.jpg HTTP/1.1" 200 33610 "http://www.mink-gmbh.de/" "Mozilla/5.0 (Windows NT 6.0) AppleWebKit/537.22 (KHTML, like Gecko) Chrome/25.0.1364.152 Safari/537.22"
80.64.98.42 - - [06/Mar/2013:20:26:39 +0100] "GET /images/header.jpg HTTP/1.1" 200 24413 "http://www.mink-gmbh.de/" "Mozilla/5.0 (Windows NT 6.0) AppleWebKit/537.22 (KHTML, like Gecko) Chrome/25.0.1364.152 Safari/537.22"
80.64.98.42 - - [06/Mar/2013:20:26:39 +0100] "GET /images/navibg.png HTTP/1.1" 200 2803 "http://www.mink-gmbh.de/" "Mozilla/5.0 (Windows NT 6.0) AppleWebKit/537.22 (KHTML, like Gecko) Chrome/25.0.1364.152 Safari/537.22"
80.64.98.42 - - [06/Mar/2013:20:26:39 +0100] "GET /images/steigend.png HTTP/1.1" 200 688 "http://www.mink-gmbh.de/" "Mozilla/5.0 (Windows NT 6.0) AppleWebKit/537.22 (KHTML, like Gecko) Chrome/25.0.1364.152 Safari/537.22"
80.64.98.42 - - [06/Mar/2013:20:26:39 +0100] "GET /images/fallend.png HTTP/1.1" 200 713 "http://www.mink-gmbh.de/" "Mozilla/5.0 (Windows NT 6.0) AppleWebKit/537.22 (KHTML, like Gecko) Chrome/25.0.1364.152 Safari/537.22"
80.64.98.42 - - [06/Mar/2013:20:26:39 +0100] "GET /images/mobil.jpg HTTP/1.1" 200 25293 "http://www.mink-gmbh.de/" "Mozilla/5.0 (Windows NT 6.0) AppleWebKit/537.22 (KHTML, like Gecko) Chrome/25.0.1364.152 Safari/537.22"
80.64.98.42 - - [06/Mar/2013:20:26:39 +0100] "GET /js_contentserver24_greybox/loader_frame.html?s=0 HTTP/1.1" 200 2084 "http://www.mink-gmbh.de/" "Mozilla/5.0 (Windows NT 6.0) AppleWebKit/537.22 (KHTML, like Gecko) Chrome/25.0.1364.152 Safari/537.22"
80.64.98.42 - - [06/Mar/2013:20:26:39 +0100] "GET /images/newsletter.jpg HTTP/1.1" 200 13130 "http://www.mink-gmbh.de/" "Mozilla/5.0 (Windows NT 6.0) AppleWebKit/537.22 (KHTML, like Gecko) Chrome/25.0.1364.152 Safari/537.22"
80.64.98.42 - - [06/Mar/2013:20:26:39 +0100] "GET /images/freecall.jpg HTTP/1.1" 200 39195 "http://www.mink-gmbh.de/" "Mozilla/5.0 (Windows NT 6.0) AppleWebKit/537.22 (KHTML, like Gecko) Chrome/25.0.1364.152 Safari/537.22"
80.64.98.42 - - [06/Mar/2013:20:26:39 +0100] "GET /images/mail.jpg HTTP/1.1" 200 11165 "http://www.mink-gmbh.de/" "Mozilla/5.0 (Windows NT 6.0) AppleWebKit/537.22 (KHTML, like Gecko) Chrome/25.0.1364.152 Safari/537.22"
80.64.98.42 - - [06/Mar/2013:20:26:39 +0100] "GET /images/kwk.gif HTTP/1.1" 200 6403 "http://www.mink-gmbh.de/" "Mozilla/5.0 (Windows NT 6.0) AppleWebKit/537.22 (KHTML, like Gecko) Chrome/25.0.1364.152 Safari/537.22"
80.64.98.42 - - [06/Mar/2013:20:26:39 +0100] "GET /images/wunschpreis.jpg HTTP/1.1" 200 16767 "http://www.mink-gmbh.de/" "Mozilla/5.0 (Windows NT 6.0) AppleWebKit/537.22 (KHTML, like Gecko) Chrome/25.0.1364.152 Safari/537.22"
80.64.98.42 - - [06/Mar/2013:20:26:39 +0100] "GET /images/logos.jpg HTTP/1.1" 200 15002 "http://www.mink-gmbh.de/" "Mozilla/5.0 (Windows NT 6.0) AppleWebKit/537.22 (KHTML, like Gecko) Chrome/25.0.1364.152 Safari/537.22"
80.64.98.42 - - [06/Mar/2013:20:26:39 +0100] "GET /images/footerbg.jpg HTTP/1.1" 200 2184 "http://www.mink-gmbh.de/" "Mozilla/5.0 (Windows NT 6.0) AppleWebKit/537.22 (KHTML, like Gecko) Chrome/25.0.1364.152 Safari/537.22"
80.64.98.42 - - [06/Mar/2013:20:26:39 +0100] "GET /js_contentserver24_greybox/header_bg.gif HTTP/1.1" 200 1188 "http://www.mink-gmbh.de/" "Mozilla/5.0 (Windows NT 6.0) AppleWebKit/537.22 (KHTML, like Gecko) Chrome/25.0.1364.152 Safari/537.22"
80.64.98.42 - - [06/Mar/2013:20:26:39 +0100] "GET /js_contentserver24_greybox/indicator.gif HTTP/1.1" 200 8238 "http://www.mink-gmbh.de/js_contentserver24_greybox/loader_frame.html?s=0" "Mozilla/5.0 (Windows NT 6.0) AppleWebKit/537.22 (KHTML, like Gecko) Chrome/25.0.1364.152 Safari/537.22"
80.64.98.42 - - [06/Mar/2013:20:26:39 +0100] "GET /js_contentserver24_greybox/g_close.gif HTTP/1.1" 200 541 "http://www.mink-gmbh.de/" "Mozilla/5.0 (Windows NT 6.0) AppleWebKit/537.22 (KHTML, like Gecko) Chrome/25.0.1364.152 Safari/537.22"
80.64.98.42 - - [06/Mar/2013:20:26:40 +0100] "GET /favicon.ico HTTP/1.1" 200 3638 "-" "Mozilla/5.0 (Windows NT 6.0) AppleWebKit/537.22 (KHTML, like Gecko) Chrome/25.0.1364.152 Safari/537.22"
80.64.98.42 - - [06/Mar/2013:20:26:55 +0100] "GET /preisanfrage.php HTTP/1.1" 200 10647 "http://www.mink-gmbh.de/" "Mozilla/5.0 (Windows NT 6.0) AppleWebKit/537.22 (KHTML, like Gecko) Chrome/25.0.1364.152 Safari/537.22"
123.125.71.16 - - [06/Mar/2013:20:30:44 +0100] "GET / HTTP/1.1" 200 8698 "-" "Mozilla/5.0 (compatible; Baiduspider/2.0; +http://www.baidu.com/search/spider.html)"
220.181.108.118 - - [06/Mar/2013:20:31:15 +0100] "GET / HTTP/1.1" 200 6434 "-" "Mozilla/5.0 (compatible; Baiduspider/2.0; +http://www.baidu.com/search/spider.html)"
81.30.151.218 - - [06/Mar/2013:20:33:53 +0100] "GET /news.php?cs_go=archiv&cs_id=2379&cs_search= HTTP/1.1" 200 7887 "-" "Pixray-Seeker/2.0 (Pixray-Seeker; +http://www.pixray.com/pixraybot; +crawler@pixray.com)"
81.30.151.218 - - [06/Mar/2013:20:36:50 +0100] "GET /news.php?cs_go=archiv&cs_id=3095&cs_search= HTTP/1.1" 200 11263 "-" "Pixray-Seeker/2.0 (Pixray-Seeker; +http://www.pixray.com/pixraybot; +crawler@pixray.com)"
208.115.113.91 - - [06/Mar/2013:20:46:18 +0100] "GET /robots.txt HTTP/1.1" 200 177 "-" "Mozilla/5.0 (compatible; Ezooms/1.0; ezooms.bot@gmail.com)"
81.30.151.218 - - [06/Mar/2013:20:48:18 +0100] "GET /news.php?cs_go=archiv&cs_id=2167&cs_search= HTTP/1.1" 200 7887 "-" "Pixray-Seeker/2.0 (Pixray-Seeker; +http://www.pixray.com/pixraybot; +crawler@pixray.com)"
81.30.151.218 - - [06/Mar/2013:20:57:30 +0100] "GET /news.php?cs_go=archiv&cs_id=2616&cs_search= HTTP/1.1" 200 7887 "-" "Pixray-Seeker/2.0 (Pixray-Seeker; +http://www.pixray.com/pixraybot; +crawler@pixray.com)"
81.30.151.218 - - [06/Mar/2013:21:06:25 +0100] "GET /lexikon.php?cs_go=3&cs_id=208 HTTP/1.1" 200 8357 "-" "Pixray-Seeker/2.0 (Pixray-Seeker; +http://www.pixray.com/pixraybot; +crawler@pixray.com)"
81.30.151.218 - - [06/Mar/2013:21:09:34 +0100] "GET /news.php?cs_go=archiv&cs_id=1830&cs_search= HTTP/1.1" 200 7887 "-" "Pixray-Seeker/2.0 (Pixray-Seeker; +http://www.pixray.com/pixraybot; +crawler@pixray.com)"
81.30.151.218 - - [06/Mar/2013:21:21:01 +0100] "GET /news.php?cs_go=archiv&cs_id=2557&cs_search= HTTP/1.1" 200 7887 "-" "Pixray-Seeker/2.0 (Pixray-Seeker; +http://www.pixray.com/pixraybot; +crawler@pixray.com)"
66.249.76.46 - - [06/Mar/2013:21:22:55 +0100] "GET /style.css HTTP/1.1" 200 8418 "-" "Mozilla/5.0 (compatible; Googlebot/2.1; +http://www.google.com/bot.html)"
66.249.76.46 - - [06/Mar/2013:21:22:56 +0100] "GET /js_contentserver24_greybox/g_close.gif HTTP/1.1" 200 541 "-" "Mozilla/5.0 (compatible; Googlebot/2.1; +http://www.google.com/bot.html)"
66.249.76.46 - - [06/Mar/2013:21:22:56 +0100] "GET /js_contentserver24_greybox/w_close.gif HTTP/1.1" 200 74 "-" "Mozilla/5.0 (compatible; Googlebot/2.1; +http://www.google.com/bot.html)"
66.249.76.46 - - [06/Mar/2013:21:22:56 +0100] "GET /modul.css HTTP/1.1" 200 35038 "-" "Mozilla/5.0 (compatible; Googlebot/2.1; +http://www.google.com/bot.html)"
66.249.76.46 - - [06/Mar/2013:21:35:45 +0100] "GET /news.php?cs_go=archiv&cs_id=3861 HTTP/1.1" 200 13777 "-" "DoCoMo/2.0 N905i(c100;TB;W24H16) (compatible; Googlebot-Mobile/2.1; +http://www.google.com/bot.html)"
81.30.151.218 - - [06/Mar/2013:21:42:20 +0100] "GET /lexikon.php?cs_go=3&cs_id=75 HTTP/1.1" 200 8596 "-" "Pixray-Seeker/2.0 (Pixray-Seeker; +http://www.pixray.com/pixraybot; +crawler@pixray.com)"
81.30.151.218 - - [06/Mar/2013:21:43:29 +0100] "GET /lexikon.php?cs_go=3&cs_id=128 HTTP/1.1" 200 8493 "-" "Pixray-Seeker/2.0 (Pixray-Seeker; +http://www.pixray.com/pixraybot; +crawler@pixray.com)"
66.249.76.46 - - [06/Mar/2013:21:53:58 +0100] "GET /kontakt.php HTTP/1.1" 200 9198 "-" "Mozilla/5.0 (compatible; Googlebot/2.1; +http://www.google.com/bot.html)"
81.30.151.218 - - [06/Mar/2013:21:57:38 +0100] "GET /news.php?cs_go=archiv&cs_startpos=501 HTTP/1.1" 200 8125 "-" "Pixray-Seeker/2.0 (Pixray-Seeker; +http://www.pixray.com/pixraybot; +crawler@pixray.com)"
123.125.71.105 - - [06/Mar/2013:22:13:13 +0100] "GET /kwk.php HTTP/1.1" 200 10884 "-" "Mozilla/5.0 (compatible; Baiduspider/2.0; +http://www.baidu.com/search/spider.html)"
157.55.34.168 - - [06/Mar/2013:22:18:08 +0100] "GET /robots.txt HTTP/1.1" 200 177 "-" "Mozilla/5.0 (compatible; bingbot/2.0; +http://www.bing.com/bingbot.htm)"
157.55.34.168 - - [06/Mar/2013:22:19:49 +0100] "GET / HTTP/1.1" 200 15333 "-" "Mozilla/5.0 (compatible; bingbot/2.0; +http://www.bing.com/bingbot.htm)"
81.30.151.218 - - [06/Mar/2013:22:20:08 +0100] "GET /news.php?cs_go=archiv&cs_id=1761&cs_search= HTTP/1.1" 200 7887 "-" "Pixray-Seeker/2.0 (Pixray-Seeker; +http://www.pixray.com/pixraybot; +crawler@pixray.com)"
81.30.151.218 - - [06/Mar/2013:22:20:18 +0100] "GET /lexikon.php?cs_go=3&cs_id=155 HTTP/1.1" 200 7999 "-" "Pixray-Seeker/2.0 (Pixray-Seeker; +http://www.pixray.com/pixraybot; +crawler@pixray.com)"
