178.95.20.228 - - [02/Mar/2013:21:13:37 +0100] "GET /news.php?cs_go=archiv&cs_startpos=40 HTTP/1.1" 200 22642 "-" "Mozilla/5.0 (compatible; 008/0.85; http://www.80legs.com/webcrawler.html) Gecko/2008032620"
91.224.178.98 - - [02/Mar/2013:21:14:42 +0100] "GET /news.php?cs_go=archiv&cs_id=3978&cs_search= HTTP/1.1" 200 10153 "-" "Mozilla/5.0 (compatible; 008/0.85; http://www.80legs.com/webcrawler.html) Gecko/2008032620"
195.54.42.82 - - [02/Mar/2013:21:14:42 +0100] "GET /kwk.php?cs_go=3 HTTP/1.1" 200 10285 "-" "Mozilla/5.0 (compatible; 008/0.85; http://www.80legs.com/webcrawler.html) Gecko/2008032620"
93.75.23.235 - - [02/Mar/2013:21:14:49 +0100] "GET /foerdermittel.php HTTP/1.1" 200 12908 "-" "Mozilla/5.0 (compatible; 008/0.85; http://www.80legs.com/webcrawler.html) Gecko/2008032620"
62.192.229.186 - - [02/Mar/2013:21:15:50 +0100] "GET /news.php?cs_go=archiv&cs_id=3982&cs_search= HTTP/1.1" 200 13450 "-" "Mozilla/5.0 (compatible; 008/0.85; http://www.80legs.com/webcrawler.html) Gecko/2008032620"
91.224.178.98 - - [02/Mar/2013:21:15:55 +0100] "GET /kwk.php?cs_go=1 HTTP/1.1" 200 10884 "-" "Mozilla/5.0 (compatible; 008/0.85; http://www.80legs.com/webcrawler.html) Gecko/2008032620"
91.224.178.98 - - [02/Mar/2013:21:15:57 +0100] "GET /news.php?cs_go=archiv&cs_id=3979&cs_search= HTTP/1.1" 200 13500 "-" "Mozilla/5.0 (compatible; 008/0.85; http://www.80legs.com/webcrawler.html) Gecko/2008032620"
217.118.79.25 - - [02/Mar/2013:21:16:18 +0100] "GET /news.php?cs_go=archiv&cs_startpos=20 HTTP/1.1" 200 22406 "-" "Mozilla/5.0 (compatible; 008/0.85; http://www.80legs.com/webcrawler.html) Gecko/2008032620"
77.75.167.22 - - [02/Mar/2013:21:16:46 +0100] "GET /news.php?cs_go=archiv&cs_startpos=50 HTTP/1.1" 200 23032 "-" "Mozilla/5.0 (compatible; 008/0.85; http://www.80legs.com/webcrawler.html) Gecko/2008032620"
178.151.81.229 - - [02/Mar/2013:21:17:44 +0100] "GET /news.php?cs_go=archiv&cs_startpos=10 HTTP/1.1" 200 22351 "-" "Mozilla/5.0 (compatible; 008/0.85; http://www.80legs.com/webcrawler.html) Gecko/2008032620"
95.211.139.1 - - [02/Mar/2013:21:18:40 +0100] "GET /news.php?cs_go=archiv&cs_id=3760&cs_search= HTTP/1.0" 200 9885 "-" "Mozilla/5.0 (compatible; AcoonBot/4.11.1; +http://www.acoon.de/robot.asp)"
77.3.86.240 - - [02/Mar/2013:21:34:34 +0100] "GET /style.css HTTP/1.1" 200 8418 "http://www.mink-gmbh.de/" "Mozilla/5.0 (Linux; U; Android 4.1.2; de-de; GT-I9300 Build/JZO54K) AppleWebKit/534.30 (KHTML, like Gecko) Version/4.0 Mobile Safari/534.30"
77.3.86.240 - - [02/Mar/2013:21:34:34 +0100] "GET /modul.css HTTP/1.1" 200 35038 "http://www.mink-gmbh.de/" "Mozilla/5.0 (Linux; U; Android 4.1.2; de-de; GT-I9300 Build/JZO54K) AppleWebKit/534.30 (KHTML, like Gecko) Version/4.0 Mobile Safari/534.30"
77.3.86.240 - - [02/Mar/2013:21:34:34 +0100] "GET /js_contentserver24_greybox/gb_styles.css HTTP/1.1" 200 2302 "http://www.mink-gmbh.de/" "Mozilla/5.0 (Linux; U; Android 4.1.2; de-de; GT-I9300 Build/JZO54K) AppleWebKit/534.30 (KHTML, like Gecko) Version/4.0 Mobile Safari/534.30"
77.3.86.240 - - [02/Mar/2013:21:34:34 +0100] "GET /js_contentserver24_greybox/AJS.js HTTP/1.1" 200 10396 "http://www.mink-gmbh.de/" "Mozilla/5.0 (Linux; U; Android 4.1.2; de-de; GT-I9300 Build/JZO54K) AppleWebKit/534.30 (KHTML, like Gecko) Version/4.0 Mobile Safari/534.30"
77.3.86.240 - - [02/Mar/2013:21:34:34 +0100] "GET /js_contentserver24_greybox/AJS_fx.js HTTP/1.1" 200 3192 "http://www.mink-gmbh.de/" "Mozilla/5.0 (Linux; U; Android 4.1.2; de-de; GT-I9300 Build/JZO54K) AppleWebKit/534.30 (KHTML, like Gecko) Version/4.0 Mobile Safari/534.30"
77.3.86.240 - - [02/Mar/2013:21:34:34 +0100] "GET /js_contentserver24_greybox/gb_scripts.js HTTP/1.1" 200 11913 "http://www.mink-gmbh.de/" "Mozilla/5.0 (Linux; U; Android 4.1.2; de-de; GT-I9300 Build/JZO54K) AppleWebKit/534.30 (KHTML, like Gecko) Version/4.0 Mobile Safari/534.30"
77.3.86.240 - - [02/Mar/2013:21:34:34 +0100] "GET / HTTP/1.1" 200 15262 "-" "Mozilla/5.0 (Linux; U; Android 4.1.2; de-de; GT-I9300 Build/JZO54K) AppleWebKit/534.30 (KHTML, like Gecko) Version/4.0 Mobile Safari/534.30"
77.3.86.240 - - [02/Mar/2013:21:34:35 +0100] "GET /images/bg.jpg HTTP/1.1" 200 345 "http://www.mink-gmbh.de/" "Mozilla/5.0 (Linux; U; Android 4.1.2; de-de; GT-I9300 Build/JZO54K) AppleWebKit/534.30 (KHTML, like Gecko) Version/4.0 Mobile Safari/534.30"
77.3.86.240 - - [02/Mar/2013:21:34:36 +0100] "GET /images/mail.jpg HTTP/1.1" 200 11165 "http://www.mink-gmbh.de/" "Mozilla/5.0 (Linux; U; Android 4.1.2; de-de; GT-I9300 Build/JZO54K) AppleWebKit/534.30 (KHTML, like Gecko) Version/4.0 Mobile Safari/534.30"
77.3.86.240 - - [02/Mar/2013:21:34:36 +0100] "GET /images/kwk.gif HTTP/1.1" 200 6403 "http://www.mink-gmbh.de/" "Mozilla/5.0 (Linux; U; Android 4.1.2; de-de; GT-I9300 Build/JZO54K) AppleWebKit/534.30 (KHTML, like Gecko) Version/4.0 Mobile Safari/534.30"
77.3.86.240 - - [02/Mar/2013:21:34:36 +0100] "GET /images/wunschpreis.jpg HTTP/1.1" 200 16767 "http://www.mink-gmbh.de/" "Mozilla/5.0 (Linux; U; Android 4.1.2; de-de; GT-I9300 Build/JZO54K) AppleWebKit/534.30 (KHTML, like Gecko) Version/4.0 Mobile Safari/534.30"
77.3.86.240 - - [02/Mar/2013:21:34:36 +0100] "GET /images/logos.jpg HTTP/1.1" 200 15002 "http://www.mink-gmbh.de/" "Mozilla/5.0 (Linux; U; Android 4.1.2; de-de; GT-I9300 Build/JZO54K) AppleWebKit/534.30 (KHTML, like Gecko) Version/4.0 Mobile Safari/534.30"
77.3.86.240 - - [02/Mar/2013:21:34:35 +0100] "GET /images/tkw.jpg HTTP/1.1" 200 64031 "http://www.mink-gmbh.de/" "Mozilla/5.0 (Linux; U; Android 4.1.2; de-de; GT-I9300 Build/JZO54K) AppleWebKit/534.30 (KHTML, like Gecko) Version/4.0 Mobile Safari/534.30"
77.3.86.240 - - [02/Mar/2013:21:34:36 +0100] "GET /images/freecall.jpg HTTP/1.1" 200 39195 "http://www.mink-gmbh.de/" "Mozilla/5.0 (Linux; U; Android 4.1.2; de-de; GT-I9300 Build/JZO54K) AppleWebKit/534.30 (KHTML, like Gecko) Version/4.0 Mobile Safari/534.30"
77.3.86.240 - - [02/Mar/2013:21:34:36 +0100] "GET /js_contentserver24_greybox/w_close.gif HTTP/1.1" 200 74 "http://www.mink-gmbh.de/" "Mozilla/5.0 (Linux; U; Android 4.1.2; de-de; GT-I9300 Build/JZO54K) AppleWebKit/534.30 (KHTML, like Gecko) Version/4.0 Mobile Safari/534.30"
77.3.86.240 - - [02/Mar/2013:21:34:36 +0100] "GET /images/close.png HTTP/1.1" 200 703 "http://www.mink-gmbh.de/" "Mozilla/5.0 (Linux; U; Android 4.1.2; de-de; GT-I9300 Build/JZO54K) AppleWebKit/534.30 (KHTML, like Gecko) Version/4.0 Mobile Safari/534.30"
77.3.86.240 - - [02/Mar/2013:21:34:36 +0100] "GET /images/newsletter_bg.jpg HTTP/1.1" 200 33610 "http://www.mink-gmbh.de/" "Mozilla/5.0 (Linux; U; Android 4.1.2; de-de; GT-I9300 Build/JZO54K) AppleWebKit/534.30 (KHTML, like Gecko) Version/4.0 Mobile Safari/534.30"
77.3.86.240 - - [02/Mar/2013:21:34:36 +0100] "GET /images/newsletter.png HTTP/1.1" 200 14619 "http://www.mink-gmbh.de/" "Mozilla/5.0 (Linux; U; Android 4.1.2; de-de; GT-I9300 Build/JZO54K) AppleWebKit/534.30 (KHTML, like Gecko) Version/4.0 Mobile Safari/534.30"
77.3.86.240 - - [02/Mar/2013:21:34:36 +0100] "GET /images/wrapperbg.jpg HTTP/1.1" 200 27465 "http://www.mink-gmbh.de/" "Mozilla/5.0 (Linux; U; Android 4.1.2; de-de; GT-I9300 Build/JZO54K) AppleWebKit/534.30 (KHTML, like Gecko) Version/4.0 Mobile Safari/534.30"
77.3.86.240 - - [02/Mar/2013:21:34:36 +0100] "GET /images/header.jpg HTTP/1.1" 200 24413 "http://www.mink-gmbh.de/" "Mozilla/5.0 (Linux; U; Android 4.1.2; de-de; GT-I9300 Build/JZO54K) AppleWebKit/534.30 (KHTML, like Gecko) Version/4.0 Mobile Safari/534.30"
77.3.86.240 - - [02/Mar/2013:21:34:36 +0100] "GET /images/navibg.png HTTP/1.1" 200 2803 "http://www.mink-gmbh.de/" "Mozilla/5.0 (Linux; U; Android 4.1.2; de-de; GT-I9300 Build/JZO54K) AppleWebKit/534.30 (KHTML, like Gecko) Version/4.0 Mobile Safari/534.30"
77.3.86.240 - - [02/Mar/2013:21:34:36 +0100] "GET /images/fallend.png HTTP/1.1" 200 713 "http://www.mink-gmbh.de/" "Mozilla/5.0 (Linux; U; Android 4.1.2; de-de; GT-I9300 Build/JZO54K) AppleWebKit/534.30 (KHTML, like Gecko) Version/4.0 Mobile Safari/534.30"
77.3.86.240 - - [02/Mar/2013:21:34:36 +0100] "GET /images/steigend.png HTTP/1.1" 200 688 "http://www.mink-gmbh.de/" "Mozilla/5.0 (Linux; U; Android 4.1.2; de-de; GT-I9300 Build/JZO54K) AppleWebKit/534.30 (KHTML, like Gecko) Version/4.0 Mobile Safari/534.30"
77.3.86.240 - - [02/Mar/2013:21:34:36 +0100] "GET /images/newsletter.jpg HTTP/1.1" 200 13130 "http://www.mink-gmbh.de/" "Mozilla/5.0 (Linux; U; Android 4.1.2; de-de; GT-I9300 Build/JZO54K) AppleWebKit/534.30 (KHTML, like Gecko) Version/4.0 Mobile Safari/534.30"
77.3.86.240 - - [02/Mar/2013:21:34:36 +0100] "GET /images/footerbg.jpg HTTP/1.1" 200 2184 "http://www.mink-gmbh.de/" "Mozilla/5.0 (Linux; U; Android 4.1.2; de-de; GT-I9300 Build/JZO54K) AppleWebKit/534.30 (KHTML, like Gecko) Version/4.0 Mobile Safari/534.30"
77.3.86.240 - - [02/Mar/2013:21:34:36 +0100] "GET /js_contentserver24_greybox/loader_frame.html?s=0 HTTP/1.1" 200 2084 "http://www.mink-gmbh.de/" "Mozilla/5.0 (Linux; U; Android 4.1.2; de-de; GT-I9300 Build/JZO54K) AppleWebKit/534.30 (KHTML, like Gecko) Version/4.0 Mobile Safari/534.30"
77.3.86.240 - - [02/Mar/2013:21:34:37 +0100] "GET /js_contentserver24_greybox/indicator.gif HTTP/1.1" 200 8238 "http://www.mink-gmbh.de/js_contentserver24_greybox/loader_frame.html?s=0" "Mozilla/5.0 (Linux; U; Android 4.1.2; de-de; GT-I9300 Build/JZO54K) AppleWebKit/534.30 (KHTML, like Gecko) Version/4.0 Mobile Safari/534.30"
77.3.86.240 - - [02/Mar/2013:21:34:36 +0100] "GET /images/mobil.jpg HTTP/1.1" 200 25293 "http://www.mink-gmbh.de/" "Mozilla/5.0 (Linux; U; Android 4.1.2; de-de; GT-I9300 Build/JZO54K) AppleWebKit/534.30 (KHTML, like Gecko) Version/4.0 Mobile Safari/534.30"
77.3.86.240 - - [02/Mar/2013:21:34:37 +0100] "GET /js_contentserver24_greybox/header_bg.gif HTTP/1.1" 200 1188 "http://www.mink-gmbh.de/" "Mozilla/5.0 (Linux; U; Android 4.1.2; de-de; GT-I9300 Build/JZO54K) AppleWebKit/534.30 (KHTML, like Gecko) Version/4.0 Mobile Safari/534.30"
77.3.86.240 - - [02/Mar/2013:21:34:37 +0100] "GET /favicon.ico HTTP/1.1" 200 3638 "http://www.mink-gmbh.de/" "Mozilla/5.0 (Linux; U; Android 4.1.2; de-de; GT-I9300 Build/JZO54K) AppleWebKit/534.30 (KHTML, like Gecko) Version/4.0 Mobile Safari/534.30"
77.3.86.240 - - [02/Mar/2013:21:34:37 +0100] "GET /js_contentserver24_greybox/g_close.gif HTTP/1.1" 200 541 "http://www.mink-gmbh.de/" "Mozilla/5.0 (Linux; U; Android 4.1.2; de-de; GT-I9300 Build/JZO54K) AppleWebKit/534.30 (KHTML, like Gecko) Version/4.0 Mobile Safari/534.30"
77.3.86.240 - - [02/Mar/2013:21:34:57 +0100] "GET /standard.php HTTP/1.1" 200 9131 "http://www.mink-gmbh.de/" "Mozilla/5.0 (Linux; U; Android 4.1.2; de-de; GT-I9300 Build/JZO54K) AppleWebKit/534.30 (KHTML, like Gecko) Version/4.0 Mobile Safari/534.30"
77.3.86.240 - - [02/Mar/2013:21:35:01 +0100] "GET /preisanfrage.php HTTP/1.1" 200 10647 "http://www.mink-gmbh.de/standard.php" "Mozilla/5.0 (Linux; U; Android 4.1.2; de-de; GT-I9300 Build/JZO54K) AppleWebKit/534.30 (KHTML, like Gecko) Version/4.0 Mobile Safari/534.30"
77.3.86.240 - - [02/Mar/2013:21:35:09 +0100] "GET /standard.php HTTP/1.1" 200 9131 "http://www.mink-gmbh.de/preisanfrage.php" "Mozilla/5.0 (Linux; U; Android 4.1.2; de-de; GT-I9300 Build/JZO54K) AppleWebKit/534.30 (KHTML, like Gecko) Version/4.0 Mobile Safari/534.30"
77.3.86.240 - - [02/Mar/2013:21:35:18 +0100] "GET /index.php HTTP/1.1" 200 14521 "http://www.mink-gmbh.de/standard.php" "Mozilla/5.0 (Linux; U; Android 4.1.2; de-de; GT-I9300 Build/JZO54K) AppleWebKit/534.30 (KHTML, like Gecko) Version/4.0 Mobile Safari/534.30"
77.3.86.240 - - [02/Mar/2013:21:35:42 +0100] "GET /news.php?cs_go=archiv&cs_id=3982 HTTP/1.1" 200 13363 "http://www.mink-gmbh.de/index.php" "Mozilla/5.0 (Linux; U; Android 4.1.2; de-de; GT-I9300 Build/JZO54K) AppleWebKit/534.30 (KHTML, like Gecko) Version/4.0 Mobile Safari/534.30"
77.3.86.240 - - [02/Mar/2013:21:36:26 +0100] "GET / HTTP/1.1" 200 14521 "-" "Mozilla/5.0 (Linux; U; Android 4.1.2; de-de; GT-I9300 Build/JZO54K) AppleWebKit/534.30 (KHTML, like Gecko) Version/4.0 Mobile Safari/534.30"
182.118.20.162 - - [02/Mar/2013:21:37:45 +0100] "GET /modernisierung.php HTTP/1.1" 200 11578 "http://www.mink-gmbh.de/modernisierung.php" "Mozilla/5.0 (Windows; U; Windows NT 5.1; zh-CN; rv:1.8.0.11) Gecko/20070312 Firefox/1.5.0.11; 360Spider"
182.118.20.164 - - [02/Mar/2013:21:37:45 +0100] "GET /foerdermittel.php HTTP/1.1" 200 12908 "http://www.mink-gmbh.de/foerdermittel.php" "Mozilla/5.0 (Windows; U; Windows NT 5.1; zh-CN; rv:1.8.0.11) Gecko/20070312 Firefox/1.5.0.11; 360Spider"
182.118.20.161 - - [02/Mar/2013:21:37:45 +0100] "GET /energiesparcheck.php HTTP/1.1" 200 13581 "http://www.mink-gmbh.de/energiesparcheck.php" "Mozilla/5.0 (Windows; U; Windows NT 5.1; zh-CN; rv:1.8.0.11) Gecko/20070312 Firefox/1.5.0.11; 360Spider"
182.118.20.187 - - [02/Mar/2013:21:37:45 +0100] "GET /edl.php HTTP/1.1" 200 10801 "http://www.mink-gmbh.de/edl.php" "Mozilla/5.0 (Windows; U; Windows NT 5.1; zh-CN; rv:1.8.0.11) Gecko/20070312 Firefox/1.5.0.11; 360Spider"
182.118.20.163 - - [02/Mar/2013:21:37:45 +0100] "GET /faq.php HTTP/1.1" 200 184037 "http://www.mink-gmbh.de/faq.php" "Mozilla/5.0 (Windows; U; Windows NT 5.1; zh-CN; rv:1.8.0.11) Gecko/20070312 Firefox/1.5.0.11; 360Spider"
182.118.22.219 - - [02/Mar/2013:21:39:49 +0100] "GET /lexikon.php HTTP/1.1" 200 10523 "http://www.mink-gmbh.de/lexikon.php" "Mozilla/5.0 (Windows; U; Windows NT 5.1; zh-CN; rv:1.8.0.11) Gecko/20070312 Firefox/1.5.0.11; 360Spider"
89.247.92.188 - - [02/Mar/2013:21:42:51 +0100] "GET /style.css HTTP/1.1" 200 8418 "http://www.mink-gmbh.de/" "Mozilla/5.0 (Windows NT 5.1; rv:19.0) Gecko/20100101 Firefox/19.0"
89.247.92.188 - - [02/Mar/2013:21:42:51 +0100] "GET /favicon.ico HTTP/1.1" 200 3638 "-" "Mozilla/5.0 (Windows NT 5.1; rv:19.0) Gecko/20100101 Firefox/19.0"
89.247.92.188 - - [02/Mar/2013:21:42:51 +0100] "GET /js_contentserver24_greybox/gb_styles.css HTTP/1.1" 200 2302 "http://www.mink-gmbh.de/" "Mozilla/5.0 (Windows NT 5.1; rv:19.0) Gecko/20100101 Firefox/19.0"
89.247.92.188 - - [02/Mar/2013:21:42:51 +0100] "GET /js_contentserver24_greybox/AJS.js HTTP/1.1" 200 10396 "http://www.mink-gmbh.de/" "Mozilla/5.0 (Windows NT 5.1; rv:19.0) Gecko/20100101 Firefox/19.0"
89.247.92.188 - - [02/Mar/2013:21:42:51 +0100] "GET /js_contentserver24_greybox/AJS_fx.js HTTP/1.1" 200 3192 "http://www.mink-gmbh.de/" "Mozilla/5.0 (Windows NT 5.1; rv:19.0) Gecko/20100101 Firefox/19.0"
89.247.92.188 - - [02/Mar/2013:21:42:51 +0100] "GET /js_contentserver24_greybox/gb_scripts.js HTTP/1.1" 200 11913 "http://www.mink-gmbh.de/" "Mozilla/5.0 (Windows NT 5.1; rv:19.0) Gecko/20100101 Firefox/19.0"
89.247.92.188 - - [02/Mar/2013:21:42:51 +0100] "GET /modul.css HTTP/1.1" 200 35038 "http://www.mink-gmbh.de/" "Mozilla/5.0 (Windows NT 5.1; rv:19.0) Gecko/20100101 Firefox/19.0"
89.247.92.188 - - [02/Mar/2013:21:42:51 +0100] "GET / HTTP/1.1" 200 15262 "http://www.gelbeseiten.de/heizoel/berlin" "Mozilla/5.0 (Windows NT 5.1; rv:19.0) Gecko/20100101 Firefox/19.0"
89.247.92.188 - - [02/Mar/2013:21:42:52 +0100] "GET /images/bg.jpg HTTP/1.1" 200 345 "http://www.mink-gmbh.de/style.css" "Mozilla/5.0 (Windows NT 5.1; rv:19.0) Gecko/20100101 Firefox/19.0"
89.247.92.188 - - [02/Mar/2013:21:42:52 +0100] "GET /images/mail.jpg HTTP/1.1" 200 11165 "http://www.mink-gmbh.de/" "Mozilla/5.0 (Windows NT 5.1; rv:19.0) Gecko/20100101 Firefox/19.0"
89.247.92.188 - - [02/Mar/2013:21:42:52 +0100] "GET /images/kwk.gif HTTP/1.1" 200 6403 "http://www.mink-gmbh.de/" "Mozilla/5.0 (Windows NT 5.1; rv:19.0) Gecko/20100101 Firefox/19.0"
89.247.92.188 - - [02/Mar/2013:21:42:52 +0100] "GET /images/tkw.jpg HTTP/1.1" 200 64031 "http://www.mink-gmbh.de/" "Mozilla/5.0 (Windows NT 5.1; rv:19.0) Gecko/20100101 Firefox/19.0"
89.247.92.188 - - [02/Mar/2013:21:42:52 +0100] "GET /images/wunschpreis.jpg HTTP/1.1" 200 16767 "http://www.mink-gmbh.de/" "Mozilla/5.0 (Windows NT 5.1; rv:19.0) Gecko/20100101 Firefox/19.0"
89.247.92.188 - - [02/Mar/2013:21:42:52 +0100] "GET /images/logos.jpg HTTP/1.1" 200 15002 "http://www.mink-gmbh.de/" "Mozilla/5.0 (Windows NT 5.1; rv:19.0) Gecko/20100101 Firefox/19.0"
89.247.92.188 - - [02/Mar/2013:21:42:52 +0100] "GET /js_contentserver24_greybox/w_close.gif HTTP/1.1" 200 74 "http://www.mink-gmbh.de/" "Mozilla/5.0 (Windows NT 5.1; rv:19.0) Gecko/20100101 Firefox/19.0"
89.247.92.188 - - [02/Mar/2013:21:42:52 +0100] "GET /images/freecall.jpg HTTP/1.1" 200 39195 "http://www.mink-gmbh.de/" "Mozilla/5.0 (Windows NT 5.1; rv:19.0) Gecko/20100101 Firefox/19.0"
89.247.92.188 - - [02/Mar/2013:21:42:52 +0100] "GET /images/close.png HTTP/1.1" 200 703 "http://www.mink-gmbh.de/" "Mozilla/5.0 (Windows NT 5.1; rv:19.0) Gecko/20100101 Firefox/19.0"
89.247.92.188 - - [02/Mar/2013:21:42:52 +0100] "GET /images/newsletter_bg.jpg HTTP/1.1" 200 33610 "http://www.mink-gmbh.de/" "Mozilla/5.0 (Windows NT 5.1; rv:19.0) Gecko/20100101 Firefox/19.0"
89.247.92.188 - - [02/Mar/2013:21:42:52 +0100] "GET /images/newsletter.png HTTP/1.1" 200 14619 "http://www.mink-gmbh.de/style.css" "Mozilla/5.0 (Windows NT 5.1; rv:19.0) Gecko/20100101 Firefox/19.0"
89.247.92.188 - - [02/Mar/2013:21:42:52 +0100] "GET /images/wrapperbg.jpg HTTP/1.1" 200 27465 "http://www.mink-gmbh.de/style.css" "Mozilla/5.0 (Windows NT 5.1; rv:19.0) Gecko/20100101 Firefox/19.0"
89.247.92.188 - - [02/Mar/2013:21:42:52 +0100] "GET /images/header.jpg HTTP/1.1" 200 24413 "http://www.mink-gmbh.de/style.css" "Mozilla/5.0 (Windows NT 5.1; rv:19.0) Gecko/20100101 Firefox/19.0"
89.247.92.188 - - [02/Mar/2013:21:42:53 +0100] "GET /images/navibg.png HTTP/1.1" 200 2803 "http://www.mink-gmbh.de/style.css" "Mozilla/5.0 (Windows NT 5.1; rv:19.0) Gecko/20100101 Firefox/19.0"
89.247.92.188 - - [02/Mar/2013:21:42:53 +0100] "GET /images/fallend.png HTTP/1.1" 200 713 "http://www.mink-gmbh.de/modul.css" "Mozilla/5.0 (Windows NT 5.1; rv:19.0) Gecko/20100101 Firefox/19.0"
89.247.92.188 - - [02/Mar/2013:21:42:53 +0100] "GET /images/steigend.png HTTP/1.1" 200 688 "http://www.mink-gmbh.de/modul.css" "Mozilla/5.0 (Windows NT 5.1; rv:19.0) Gecko/20100101 Firefox/19.0"
89.247.92.188 - - [02/Mar/2013:21:42:53 +0100] "GET /images/mobil.jpg HTTP/1.1" 200 25293 "http://www.mink-gmbh.de/style.css" "Mozilla/5.0 (Windows NT 5.1; rv:19.0) Gecko/20100101 Firefox/19.0"
89.247.92.188 - - [02/Mar/2013:21:42:53 +0100] "GET /images/newsletter.jpg HTTP/1.1" 200 13130 "http://www.mink-gmbh.de/style.css" "Mozilla/5.0 (Windows NT 5.1; rv:19.0) Gecko/20100101 Firefox/19.0"
89.247.92.188 - - [02/Mar/2013:21:42:53 +0100] "GET /images/footerbg.jpg HTTP/1.1" 200 2184 "http://www.mink-gmbh.de/style.css" "Mozilla/5.0 (Windows NT 5.1; rv:19.0) Gecko/20100101 Firefox/19.0"
89.247.92.188 - - [02/Mar/2013:21:42:53 +0100] "GET /js_contentserver24_greybox/header_bg.gif HTTP/1.1" 200 1188 "http://www.mink-gmbh.de/" "Mozilla/5.0 (Windows NT 5.1; rv:19.0) Gecko/20100101 Firefox/19.0"
89.247.92.188 - - [02/Mar/2013:21:42:53 +0100] "GET /js_contentserver24_greybox/g_close.gif HTTP/1.1" 200 541 "http://www.mink-gmbh.de/" "Mozilla/5.0 (Windows NT 5.1; rv:19.0) Gecko/20100101 Firefox/19.0"
89.247.92.188 - - [02/Mar/2013:21:42:53 +0100] "GET /js_contentserver24_greybox/indicator.gif HTTP/1.1" 200 8238 "http://www.mink-gmbh.de/" "Mozilla/5.0 (Windows NT 5.1; rv:19.0) Gecko/20100101 Firefox/19.0"
89.247.92.188 - - [02/Mar/2013:21:42:53 +0100] "GET /js_contentserver24_greybox/loader_frame.html?s=0 HTTP/1.1" 200 2084 "http://www.mink-gmbh.de/" "Mozilla/5.0 (Windows NT 5.1; rv:19.0) Gecko/20100101 Firefox/19.0"
89.247.92.188 - - [02/Mar/2013:21:43:03 +0100] "GET / HTTP/1.1" 200 7885 "http://www.gelbeseiten.de/heizoel/berlin" "Mozilla/5.0 (Windows NT 5.1; rv:19.0) Gecko/20100101 Firefox/19.0"
89.247.92.188 - - [02/Mar/2013:21:43:04 +0100] "GET / HTTP/1.1" 200 14521 "http://www.gelbeseiten.de/heizoel/berlin" "Mozilla/5.0 (Windows NT 5.1; rv:19.0) Gecko/20100101 Firefox/19.0"
89.247.92.188 - - [02/Mar/2013:21:43:11 +0100] "GET /preisanfrage.php HTTP/1.1" 200 10647 "http://www.mink-gmbh.de/" "Mozilla/5.0 (Windows NT 5.1; rv:19.0) Gecko/20100101 Firefox/19.0"
89.247.92.188 - - [02/Mar/2013:21:43:23 +0100] "GET /wunschpreis.php HTTP/1.1" 200 11997 "http://www.mink-gmbh.de/preisanfrage.php" "Mozilla/5.0 (Windows NT 5.1; rv:19.0) Gecko/20100101 Firefox/19.0"
89.247.92.188 - - [02/Mar/2013:21:43:33 +0100] "GET /index.php HTTP/1.1" 200 14521 "http://www.mink-gmbh.de/wunschpreis.php" "Mozilla/5.0 (Windows NT 5.1; rv:19.0) Gecko/20100101 Firefox/19.0"
89.247.92.188 - - [02/Mar/2013:21:43:47 +0100] "GET /news.php?cs_go=archiv&cs_id=3982 HTTP/1.1" 200 13363 "http://www.mink-gmbh.de/index.php" "Mozilla/5.0 (Windows NT 5.1; rv:19.0) Gecko/20100101 Firefox/19.0"
89.247.92.188 - - [02/Mar/2013:21:44:07 +0100] "GET /standard.php HTTP/1.1" 200 9131 "http://www.mink-gmbh.de/news.php?cs_go=archiv&cs_id=3982" "Mozilla/5.0 (Windows NT 5.1; rv:19.0) Gecko/20100101 Firefox/19.0"
89.247.92.188 - - [02/Mar/2013:21:44:09 +0100] "GET /.php HTTP/1.1" 404 - "http://www.mink-gmbh.de/standard.php" "Mozilla/5.0 (Windows NT 5.1; rv:19.0) Gecko/20100101 Firefox/19.0"
89.247.92.188 - - [02/Mar/2013:21:44:11 +0100] "GET /standard.php HTTP/1.1" 200 9131 "http://www.mink-gmbh.de/news.php?cs_go=archiv&cs_id=3982" "Mozilla/5.0 (Windows NT 5.1; rv:19.0) Gecko/20100101 Firefox/19.0"
173.199.116.195 - - [02/Mar/2013:21:55:27 +0100] "GET /lexikon.php?cs_go=3&cs_id=199 HTTP/1.1" 200 7993 "-" "Mozilla/5.0 (compatible; AhrefsBot/4.0; +http://ahrefs.com/robot/)"
66.249.75.46 - - [02/Mar/2013:22:04:22 +0100] "GET /news.php?cs_go=archiv&cs_id=3727 HTTP/1.1" 200 9667 "-" "Mozilla/5.0 (compatible; Googlebot/2.1; +http://www.google.com/bot.html)"
89.247.92.188 - - [02/Mar/2013:22:05:19 +0100] "GET / HTTP/1.1" 200 14521 "http://www.gelbeseiten.de/heizoel/berlin/s2" "Mozilla/5.0 (Windows NT 5.1; rv:19.0) Gecko/20100101 Firefox/19.0"
89.247.92.188 - - [02/Mar/2013:22:05:32 +0100] "GET /preisanfrage.php HTTP/1.1" 200 10647 "http://www.mink-gmbh.de/" "Mozilla/5.0 (Windows NT 5.1; rv:19.0) Gecko/20100101 Firefox/19.0"
89.247.92.188 - - [02/Mar/2013:22:05:36 +0100] "GET /wunschpreis.php HTTP/1.1" 200 11997 "http://www.mink-gmbh.de/preisanfrage.php" "Mozilla/5.0 (Windows NT 5.1; rv:19.0) Gecko/20100101 Firefox/19.0"
89.247.92.188 - - [02/Mar/2013:22:05:40 +0100] "GET /standard.php HTTP/1.1" 200 9131 "http://www.mink-gmbh.de/wunschpreis.php" "Mozilla/5.0 (Windows NT 5.1; rv:19.0) Gecko/20100101 Firefox/19.0"
89.247.92.188 - - [02/Mar/2013:22:05:46 +0100] "GET /.php HTTP/1.1" 404 - "http://www.mink-gmbh.de/standard.php" "Mozilla/5.0 (Windows NT 5.1; rv:19.0) Gecko/20100101 Firefox/19.0"
89.247.92.188 - - [02/Mar/2013:22:05:52 +0100] "GET /standard.php HTTP/1.1" 200 9131 "http://www.mink-gmbh.de/wunschpreis.php" "Mozilla/5.0 (Windows NT 5.1; rv:19.0) Gecko/20100101 Firefox/19.0"
66.249.75.46 - - [02/Mar/2013:22:18:39 +0100] "GET /news.php?cs_go=archiv&cs_startpos=90 HTTP/1.1" 200 22788 "-" "Mozilla/5.0 (compatible; Googlebot/2.1; +http://www.google.com/bot.html)"
180.76.5.50 - - [02/Mar/2013:22:22:46 +0100] "GET /robots.txt HTTP/1.1" 200 177 "-" "Mozilla/5.0 (Windows NT 5.1; rv:6.0.2) Gecko/20100101 Firefox/6.0.2"
123.125.71.33 - - [02/Mar/2013:22:31:28 +0100] "GET / HTTP/1.1" 200 3409 "-" "Mozilla/5.0 (compatible; Baiduspider/2.0; +http://www.baidu.com/search/spider.html)"
220.181.108.78 - - [02/Mar/2013:22:31:58 +0100] "GET / HTTP/1.1" 200 6437 "-" "Mozilla/5.0 (compatible; Baiduspider/2.0; +http://www.baidu.com/search/spider.html)"
208.115.111.75 - - [02/Mar/2013:22:39:43 +0100] "GET /robots.txt HTTP/1.1" 200 177 "-" "Mozilla/5.0 (compatible; Ezooms/1.0; ezooms.bot@gmail.com)"
173.199.116.195 - - [02/Mar/2013:23:16:25 +0100] "GET /kontakt.php HTTP/1.1" 200 9198 "-" "Mozilla/5.0 (compatible; AhrefsBot/4.0; +http://ahrefs.com/robot/)"
66.249.75.46 - - [02/Mar/2013:23:47:39 +0100] "GET /lexikon.php?cs_go=3&cs_id=144 HTTP/1.1" 200 9851 "-" "Mozilla/5.0 (compatible; Googlebot/2.1; +http://www.google.com/bot.html)"
173.199.116.195 - - [02/Mar/2013:23:48:06 +0100] "GET /news.php?cs_go=archiv&cs_id=3898 HTTP/1.1" 200 9937 "-" "Mozilla/5.0 (compatible; AhrefsBot/4.0; +http://ahrefs.com/robot/)"
66.249.75.46 - - [03/Mar/2013:00:15:22 +0100] "GET /news.php?cs_go=archiv&cs_id=2715&cs_search= HTTP/1.1" 200 15854 "-" "Mozilla/5.0 (compatible; Googlebot/2.1; +http://www.google.com/bot.html)"
208.115.111.75 - - [03/Mar/2013:00:35:36 +0100] "GET /kwk.php?cs_go=3 HTTP/1.1" 200 10285 "-" "Mozilla/5.0 (compatible; Ezooms/1.0; ezooms.bot@gmail.com)"
208.115.111.75 - - [03/Mar/2013:00:35:41 +0100] "GET /lexikon.php?cs_go=2&cs_char=j HTTP/1.1" 200 8582 "-" "Mozilla/5.0 (compatible; Ezooms/1.0; ezooms.bot@gmail.com)"
208.115.113.91 - - [03/Mar/2013:00:39:30 +0100] "GET /robots.txt HTTP/1.1" 200 177 "-" "Mozilla/5.0 (compatible; Ezooms/1.0; ezooms.bot@gmail.com)"
65.36.241.79 - - [03/Mar/2013:00:53:27 +0100] "HEAD / HTTP/1.1" 200 - "-" "InternetSeer.com"
157.55.34.168 - - [03/Mar/2013:01:17:56 +0100] "GET /robots.txt HTTP/1.1" 200 177 "-" "Mozilla/5.0 (compatible; bingbot/2.0; +http://www.bing.com/bingbot.htm)"
157.55.34.168 - - [03/Mar/2013:01:20:17 +0100] "GET / HTTP/1.1" 200 15262 "-" "Mozilla/5.0 (compatible; bingbot/2.0; +http://www.bing.com/bingbot.htm)"
66.249.75.46 - - [03/Mar/2013:01:26:53 +0100] "GET /news.php?cs_go=archiv&cs_startpos=130 HTTP/1.1" 200 22915 "-" "Mozilla/5.0 (compatible; Googlebot/2.1; +http://www.google.com/bot.html)"
95.211.139.1 - - [03/Mar/2013:01:45:51 +0100] "GET /robots.txt HTTP/1.0" 200 177 "-" "Mozilla/5.0 (compatible; AcoonBot/4.11.1; +http://www.acoon.de/robot.asp)"
95.211.139.1 - - [03/Mar/2013:01:45:51 +0100] "GET /lexikon.php?cs_go=3&cs_id=96 HTTP/1.0" 200 8307 "-" "Mozilla/5.0 (compatible; AcoonBot/4.11.1; +http://www.acoon.de/robot.asp)"
66.249.75.46 - - [03/Mar/2013:02:07:15 +0100] "GET /news.php?cs_go=archiv&cs_id=3969&cs_search= HTTP/1.1" 200 13916 "-" "DoCoMo/2.0 N905i(c100;TB;W24H16) (compatible; Googlebot-Mobile/2.1; +http://www.google.com/bot.html)"
208.115.111.75 - - [03/Mar/2013:02:39:24 +0100] "GET /robots.txt HTTP/1.1" 200 177 "-" "Mozilla/5.0 (compatible; Ezooms/1.0; ezooms.bot@gmail.com)"
208.115.113.91 - - [03/Mar/2013:02:46:03 +0100] "GET /news.php?cs_go=archiv&cs_id=3824&cs_search= HTTP/1.1" 200 9794 "-" "Mozilla/5.0 (compatible; Ezooms/1.0; ezooms.bot@gmail.com)"
173.199.116.195 - - [03/Mar/2013:02:58:54 +0100] "GET /lexikon.php?cs_go=3&cs_id=117 HTTP/1.1" 200 8369 "-" "Mozilla/5.0 (compatible; AhrefsBot/4.0; +http://ahrefs.com/robot/)"
95.211.139.1 - - [03/Mar/2013:03:06:31 +0100] "GET /lexikon.php?cs_go=3&cs_id=93 HTTP/1.0" 200 7993 "-" "Mozilla/5.0 (compatible; AcoonBot/4.11.1; +http://www.acoon.de/robot.asp)"
173.199.116.195 - - [03/Mar/2013:03:30:53 +0100] "GET /lexikon.php?cs_go=3&cs_id=156 HTTP/1.1" 200 8721 "-" "Mozilla/5.0 (compatible; AhrefsBot/4.0; +http://ahrefs.com/robot/)"
185.3.134.247 - - [03/Mar/2013:04:14:52 +0100] "POST /trackback/ HTTP/1.0" 404 - "http://www.mink-gmbh.de/trackback/" "-"
123.125.71.47 - - [03/Mar/2013:04:31:29 +0100] "GET / HTTP/1.1" 200 1519 "-" "Mozilla/5.0 (compatible; Baiduspider/2.0; +http://www.baidu.com/search/spider.html)"
220.181.108.109 - - [03/Mar/2013:04:31:58 +0100] "GET / HTTP/1.1" 200 8626 "-" "Mozilla/5.0 (compatible; Baiduspider/2.0; +http://www.baidu.com/search/spider.html)"
208.115.111.75 - - [03/Mar/2013:04:36:27 +0100] "GET /news.php?cs_go=archiv&cs_id=3907 HTTP/1.1" 200 9791 "-" "Mozilla/5.0 (compatible; Ezooms/1.0; ezooms.bot@gmail.com)"
208.115.113.91 - - [03/Mar/2013:04:46:03 +0100] "GET /robots.txt HTTP/1.1" 200 177 "-" "Mozilla/5.0 (compatible; Ezooms/1.0; ezooms.bot@gmail.com)"
130.83.167.153 - - [03/Mar/2013:05:14:12 +0100] "GET /robots.txt HTTP/1.1" 200 177 "-" "findlinks/2.6 (+http://wortschatz.uni-leipzig.de/findlinks/)"
66.249.75.46 - - [03/Mar/2013:06:14:09 +0100] "GET /news.php?cs_go=archiv&cs_id=3247&cs_search= HTTP/1.1" 200 9813 "-" "Mozilla/5.0 (compatible; Googlebot/2.1; +http://www.google.com/bot.html)"
66.249.75.46 - - [03/Mar/2013:06:36:37 +0100] "GET /news.php?cs_go=archiv&cs_id=3333 HTTP/1.1" 200 13627 "-" "Mozilla/5.0 (compatible; Googlebot/2.1; +http://www.google.com/bot.html)"
208.115.113.91 - - [03/Mar/2013:06:53:49 +0100] "GET /news.php?cs_go=archiv&cs_startpos=220 HTTP/1.1" 200 22856 "-" "Mozilla/5.0 (compatible; Ezooms/1.0; ezooms.bot@gmail.com)"
173.199.116.195 - - [03/Mar/2013:07:13:24 +0100] "GET /lexikon.php?cs_go=3&cs_id=135 HTTP/1.1" 200 9197 "-" "Mozilla/5.0 (compatible; AhrefsBot/4.0; +http://ahrefs.com/robot/)"
173.199.116.195 - - [03/Mar/2013:07:22:56 +0100] "GET /news.php?cs_go=archiv&cs_startpos=160 HTTP/1.1" 200 22722 "-" "Mozilla/5.0 (compatible; AhrefsBot/4.0; +http://ahrefs.com/robot/)"
65.36.241.79 - - [03/Mar/2013:07:33:13 +0100] "HEAD / HTTP/1.1" 200 - "-" "InternetSeer.com"
66.249.75.46 - - [03/Mar/2013:08:24:34 +0100] "GET /news.php?cs_go=archiv&cs_id=3780 HTTP/1.1" 200 12947 "-" "Mozilla/5.0 (compatible; Googlebot/2.1; +http://www.google.com/bot.html)"
139.18.2.209 - - [03/Mar/2013:08:41:07 +0100] "GET /newsletter.php HTTP/1.1" 200 6294 "-" "findlinks/2.6 (+http://wortschatz.uni-leipzig.de/findlinks/)"
139.18.2.209 - - [03/Mar/2013:08:41:08 +0100] "GET /newsletter.php HTTP/1.1" 200 8841 "-" "findlinks/2.6 (+http://wortschatz.uni-leipzig.de/findlinks/)"
208.115.113.91 - - [03/Mar/2013:08:43:14 +0100] "GET /robots.txt HTTP/1.1" 200 177 "-" "Mozilla/5.0 (compatible; Ezooms/1.0; ezooms.bot@gmail.com)"
157.55.34.168 - - [03/Mar/2013:09:07:32 +0100] "GET /robots.txt HTTP/1.1" 200 177 "-" "Mozilla/5.0 (compatible; bingbot/2.0; +http://www.bing.com/bingbot.htm)"
157.55.34.168 - - [03/Mar/2013:09:09:16 +0100] "GET / HTTP/1.1" 200 15262 "-" "Mozilla/5.0 (compatible; bingbot/2.0; +http://www.bing.com/bingbot.htm)"
173.199.116.195 - - [03/Mar/2013:09:13:06 +0100] "GET /lexikon.php?cs_go=2&cs_char=v HTTP/1.1" 200 9117 "-" "Mozilla/5.0 (compatible; AhrefsBot/4.0; +http://ahrefs.com/robot/)"
141.8.147.12 - - [03/Mar/2013:10:17:21 +0100] "GET /robots.txt HTTP/1.1" 200 177 "-" "Mozilla/5.0 (compatible; YandexBot/3.0; +http://yandex.com/bots)"
66.249.75.46 - - [03/Mar/2013:10:39:55 +0100] "GET /news.php?cs_go=archiv&cs_id=3731 HTTP/1.1" 200 13854 "-" "Mozilla/5.0 (iPhone; U; CPU iPhone OS 4_1 like Mac OS X; en-us) AppleWebKit/532.9 (KHTML, like Gecko) Version/4.0.5 Mobile/8B117 Safari/6531.22.7 (compatible; Googlebot-Mobile/2.1; +http://www.google.com/bot.html)"
208.115.111.75 - - [03/Mar/2013:10:40:29 +0100] "GET /robots.txt HTTP/1.1" 200 177 "-" "Mozilla/5.0 (compatible; Ezooms/1.0; ezooms.bot@gmail.com)"
173.199.116.195 - - [03/Mar/2013:10:45:50 +0100] "GET /lexikon.php?cs_go=3&cs_id=157 HTTP/1.1" 200 8378 "-" "Mozilla/5.0 (compatible; AhrefsBot/4.0; +http://ahrefs.com/robot/)"
208.115.113.91 - - [03/Mar/2013:10:46:03 +0100] "GET /faq.php HTTP/1.1" 200 184037 "-" "Mozilla/5.0 (compatible; Ezooms/1.0; ezooms.bot@gmail.com)"
208.115.113.91 - - [03/Mar/2013:10:46:07 +0100] "GET /news.php?cs_go=archiv HTTP/1.1" 200 21961 "-" "Mozilla/5.0 (compatible; Ezooms/1.0; ezooms.bot@gmail.com)"
141.8.147.12 - - [03/Mar/2013:10:54:37 +0100] "GET /news.php?cs_go=archiv&cs_id=3972 HTTP/1.1" 200 11825 "-" "Mozilla/5.0 (compatible; YandexBot/3.0; +http://yandex.com/bots)"
173.199.116.195 - - [03/Mar/2013:10:55:24 +0100] "GET /lexikon.php?cs_go=2&cs_char=w HTTP/1.1" 200 8587 "-" "Mozilla/5.0 (compatible; AhrefsBot/4.0; +http://ahrefs.com/robot/)"
173.199.116.195 - - [03/Mar/2013:11:14:44 +0100] "GET /lexikon.php?cs_go=2&cs_char=b HTTP/1.1" 200 9730 "-" "Mozilla/5.0 (compatible; AhrefsBot/4.0; +http://ahrefs.com/robot/)"
173.199.116.195 - - [03/Mar/2013:11:25:11 +0100] "GET /optiplus.php HTTP/1.1" 200 11100 "-" "Mozilla/5.0 (compatible; AhrefsBot/4.0; +http://ahrefs.com/robot/)"
141.8.147.12 - - [03/Mar/2013:11:30:02 +0100] "GET /news.php?cs_go=archiv&cs_id=3932&cs_search= HTTP/1.1" 200 9861 "-" "Mozilla/5.0 (compatible; YandexBot/3.0; +http://yandex.com/bots)"
173.199.116.195 - - [03/Mar/2013:11:50:43 +0100] "GET /news.php?cs_go=archiv&cs_id=3973 HTTP/1.1" 200 13506 "-" "Mozilla/5.0 (compatible; AhrefsBot/4.0; +http://ahrefs.com/robot/)"
66.249.75.46 - - [03/Mar/2013:12:04:31 +0100] "GET /news.php?cs_go=archiv&cs_id=3493 HTTP/1.1" 200 9847 "-" "Mozilla/5.0 (compatible; Googlebot/2.1; +http://www.google.com/bot.html)"
141.8.147.12 - - [03/Mar/2013:12:06:59 +0100] "GET /news.php?cs_go=archiv&cs_id=3935 HTTP/1.1" 200 9902 "-" "Mozilla/5.0 (compatible; YandexBot/3.0; +http://yandex.com/bots)"
95.211.139.1 - - [03/Mar/2013:12:13:10 +0100] "GET /robots.txt HTTP/1.0" 200 177 "-" "Mozilla/5.0 (compatible; AcoonBot/4.11.1; +http://www.acoon.de/robot.asp)"
95.211.139.1 - - [03/Mar/2013:12:13:10 +0100] "GET /lexikon.php?cs_go=2&cs_char=u HTTP/1.0" 200 8744 "-" "Mozilla/5.0 (compatible; AcoonBot/4.11.1; +http://www.acoon.de/robot.asp)"
208.115.111.75 - - [03/Mar/2013:12:40:44 +0100] "GET /lexikon.php?cs_go=2&cs_char=d HTTP/1.1" 200 9421 "-" "Mozilla/5.0 (compatible; Ezooms/1.0; ezooms.bot@gmail.com)"
208.115.111.75 - - [03/Mar/2013:12:40:52 +0100] "GET /news.php?cs_go=archiv&cs_id=3823&cs_search= HTTP/1.1" 200 11538 "-" "Mozilla/5.0 (compatible; Ezooms/1.0; ezooms.bot@gmail.com)"
208.115.111.75 - - [03/Mar/2013:12:40:56 +0100] "GET /news.php?cs_go=archiv&cs_id=3836&cs_search= HTTP/1.1" 200 9872 "-" "Mozilla/5.0 (compatible; Ezooms/1.0; ezooms.bot@gmail.com)"
141.8.147.12 - - [03/Mar/2013:12:43:08 +0100] "GET /news.php?cs_go=archiv&cs_id=3933 HTTP/1.1" 200 11219 "-" "Mozilla/5.0 (compatible; YandexBot/3.0; +http://yandex.com/bots)"
65.36.241.79 - - [03/Mar/2013:12:49:17 +0100] "HEAD / HTTP/1.1" 200 - "-" "InternetSeer.com"
157.55.34.168 - - [03/Mar/2013:13:04:08 +0100] "GET /robots.txt HTTP/1.1" 200 177 "-" "Mozilla/5.0 (compatible; bingbot/2.0; +http://www.bing.com/bingbot.htm)"
157.55.34.168 - - [03/Mar/2013:13:05:27 +0100] "GET / HTTP/1.1" 200 15262 "-" "Mozilla/5.0 (compatible; bingbot/2.0; +http://www.bing.com/bingbot.htm)"
141.8.147.12 - - [03/Mar/2013:13:18:17 +0100] "GET /news.php?cs_go=archiv&cs_id=3925&cs_search= HTTP/1.1" 200 10052 "-" "Mozilla/5.0 (compatible; YandexBot/3.0; +http://yandex.com/bots)"
141.8.147.12 - - [03/Mar/2013:13:27:03 +0100] "GET /news.php?cs_go=archiv&cs_id=3969&cs_search= HTTP/1.1" 200 13916 "-" "Mozilla/5.0 (compatible; YandexBot/3.0; +http://yandex.com/bots)"
173.199.116.195 - - [03/Mar/2013:13:39:43 +0100] "GET /lexikon.php?cs_go=3&cs_id=148 HTTP/1.1" 200 8520 "-" "Mozilla/5.0 (compatible; AhrefsBot/4.0; +http://ahrefs.com/robot/)"
74.125.17.146 - - [03/Mar/2013:13:56:25 +0100] "GET /lexikon.php?cs_go=3&cs_id=57 HTTP/1.1" 200 10077 "-" "Mozilla/5.0 (Windows NT 6.1; WOW64; rv:19.0) Gecko/20100101 Firefox/19.0,gzip(gfe)"
88.164.251.190 - - [03/Mar/2013:13:56:26 +0100] "GET /images/mail.jpg HTTP/1.1" 200 11165 "http://translate.googleusercontent.com/translate_c?depth=1&ei=8kczUeKlBseBhQetpoCwBQ&hl=fr&prev=/search%3Fq%3Dinl%25C3%25A4ndischen%2Bmink%26hl%3Dfr%26biw%3D1600%26bih%3D769&rurl=translate.google.de&sl=de&u=http://www.mink-gmbh.de/lexikon.php%3Fcs_go%3D3%26cs_id%3D57&usg=ALkJrhjvkfxa9tJ2bvogbSGSk_8zreMJjg" "Mozilla/5.0 (Windows NT 6.1; WOW64; rv:19.0) Gecko/20100101 Firefox/19.0"
88.164.251.190 - - [03/Mar/2013:13:56:27 +0100] "GET /style.css HTTP/1.1" 200 8418 "http://translate.googleusercontent.com/translate_c?depth=1&ei=8kczUeKlBseBhQetpoCwBQ&hl=fr&prev=/search%3Fq%3Dinl%25C3%25A4ndischen%2Bmink%26hl%3Dfr%26biw%3D1600%26bih%3D769&rurl=translate.google.de&sl=de&u=http://www.mink-gmbh.de/lexikon.php%3Fcs_go%3D3%26cs_id%3D57&usg=ALkJrhjvkfxa9tJ2bvogbSGSk_8zreMJjg" "Mozilla/5.0 (Windows NT 6.1; WOW64; rv:19.0) Gecko/20100101 Firefox/19.0"
88.164.251.190 - - [03/Mar/2013:13:56:26 +0100] "GET /images/freecall.jpg HTTP/1.1" 200 39195 "http://translate.googleusercontent.com/translate_c?depth=1&ei=8kczUeKlBseBhQetpoCwBQ&hl=fr&prev=/search%3Fq%3Dinl%25C3%25A4ndischen%2Bmink%26hl%3Dfr%26biw%3D1600%26bih%3D769&rurl=translate.google.de&sl=de&u=http://www.mink-gmbh.de/lexikon.php%3Fcs_go%3D3%26cs_id%3D57&usg=ALkJrhjvkfxa9tJ2bvogbSGSk_8zreMJjg" "Mozilla/5.0 (Windows NT 6.1; WOW64; rv:19.0) Gecko/20100101 Firefox/19.0"
88.164.251.190 - - [03/Mar/2013:13:56:27 +0100] "GET /modul.css HTTP/1.1" 200 35038 "http://translate.googleusercontent.com/translate_c?depth=1&ei=8kczUeKlBseBhQetpoCwBQ&hl=fr&prev=/search%3Fq%3Dinl%25C3%25A4ndischen%2Bmink%26hl%3Dfr%26biw%3D1600%26bih%3D769&rurl=translate.google.de&sl=de&u=http://www.mink-gmbh.de/lexikon.php%3Fcs_go%3D3%26cs_id%3D57&usg=ALkJrhjvkfxa9tJ2bvogbSGSk_8zreMJjg" "Mozilla/5.0 (Windows NT 6.1; WOW64; rv:19.0) Gecko/20100101 Firefox/19.0"
88.164.251.190 - - [03/Mar/2013:13:56:28 +0100] "GET /images/wunschpreis.jpg HTTP/1.1" 200 16767 "http://translate.googleusercontent.com/translate_c?depth=1&ei=8kczUeKlBseBhQetpoCwBQ&hl=fr&prev=/search%3Fq%3Dinl%25C3%25A4ndischen%2Bmink%26hl%3Dfr%26biw%3D1600%26bih%3D769&rurl=translate.google.de&sl=de&u=http://www.mink-gmbh.de/lexikon.php%3Fcs_go%3D3%26cs_id%3D57&usg=ALkJrhjvkfxa9tJ2bvogbSGSk_8zreMJjg" "Mozilla/5.0 (Windows NT 6.1; WOW64; rv:19.0) Gecko/20100101 Firefox/19.0"
88.164.251.190 - - [03/Mar/2013:13:56:28 +0100] "GET /images/kwk.gif HTTP/1.1" 200 6403 "http://translate.googleusercontent.com/translate_c?depth=1&ei=8kczUeKlBseBhQetpoCwBQ&hl=fr&prev=/search%3Fq%3Dinl%25C3%25A4ndischen%2Bmink%26hl%3Dfr%26biw%3D1600%26bih%3D769&rurl=translate.google.de&sl=de&u=http://www.mink-gmbh.de/lexikon.php%3Fcs_go%3D3%26cs_id%3D57&usg=ALkJrhjvkfxa9tJ2bvogbSGSk_8zreMJjg" "Mozilla/5.0 (Windows NT 6.1; WOW64; rv:19.0) Gecko/20100101 Firefox/19.0"
88.164.251.190 - - [03/Mar/2013:13:56:28 +0100] "GET /images/bg.jpg HTTP/1.1" 200 345 "http://www.mink-gmbh.de/style.css" "Mozilla/5.0 (Windows NT 6.1; WOW64; rv:19.0) Gecko/20100101 Firefox/19.0"
88.164.251.190 - - [03/Mar/2013:13:56:28 +0100] "GET /images/close.png HTTP/1.1" 200 703 "http://translate.googleusercontent.com/translate_c?depth=1&ei=8kczUeKlBseBhQetpoCwBQ&hl=fr&prev=/search%3Fq%3Dinl%25C3%25A4ndischen%2Bmink%26hl%3Dfr%26biw%3D1600%26bih%3D769&rurl=translate.google.de&sl=de&u=http://www.mink-gmbh.de/lexikon.php%3Fcs_go%3D3%26cs_id%3D57&usg=ALkJrhjvkfxa9tJ2bvogbSGSk_8zreMJjg" "Mozilla/5.0 (Windows NT 6.1; WOW64; rv:19.0) Gecko/20100101 Firefox/19.0"
88.164.251.190 - - [03/Mar/2013:13:56:28 +0100] "GET /images/newsletter_bg.jpg HTTP/1.1" 200 33610 "http://translate.googleusercontent.com/translate_c?depth=1&ei=8kczUeKlBseBhQetpoCwBQ&hl=fr&prev=/search%3Fq%3Dinl%25C3%25A4ndischen%2Bmink%26hl%3Dfr%26biw%3D1600%26bih%3D769&rurl=translate.google.de&sl=de&u=http://www.mink-gmbh.de/lexikon.php%3Fcs_go%3D3%26cs_id%3D57&usg=ALkJrhjvkfxa9tJ2bvogbSGSk_8zreMJjg" "Mozilla/5.0 (Windows NT 6.1; WOW64; rv:19.0) Gecko/20100101 Firefox/19.0"
88.164.251.190 - - [03/Mar/2013:13:56:28 +0100] "GET /images/logos.jpg HTTP/1.1" 200 15002 "http://translate.googleusercontent.com/translate_c?depth=1&ei=8kczUeKlBseBhQetpoCwBQ&hl=fr&prev=/search%3Fq%3Dinl%25C3%25A4ndischen%2Bmink%26hl%3Dfr%26biw%3D1600%26bih%3D769&rurl=translate.google.de&sl=de&u=http://www.mink-gmbh.de/lexikon.php%3Fcs_go%3D3%26cs_id%3D57&usg=ALkJrhjvkfxa9tJ2bvogbSGSk_8zreMJjg" "Mozilla/5.0 (Windows NT 6.1; WOW64; rv:19.0) Gecko/20100101 Firefox/19.0"
88.164.251.190 - - [03/Mar/2013:13:56:28 +0100] "GET /images/newsletter.png HTTP/1.1" 200 14619 "http://www.mink-gmbh.de/style.css" "Mozilla/5.0 (Windows NT 6.1; WOW64; rv:19.0) Gecko/20100101 Firefox/19.0"
88.164.251.190 - - [03/Mar/2013:13:56:28 +0100] "GET /images/wrapperbg.jpg HTTP/1.1" 200 27465 "http://www.mink-gmbh.de/style.css" "Mozilla/5.0 (Windows NT 6.1; WOW64; rv:19.0) Gecko/20100101 Firefox/19.0"
88.164.251.190 - - [03/Mar/2013:13:56:28 +0100] "GET /images/header.jpg HTTP/1.1" 200 24413 "http://www.mink-gmbh.de/style.css" "Mozilla/5.0 (Windows NT 6.1; WOW64; rv:19.0) Gecko/20100101 Firefox/19.0"
88.164.251.190 - - [03/Mar/2013:13:56:28 +0100] "GET /images/navibg.png HTTP/1.1" 200 2803 "http://www.mink-gmbh.de/style.css" "Mozilla/5.0 (Windows NT 6.1; WOW64; rv:19.0) Gecko/20100101 Firefox/19.0"
88.164.251.190 - - [03/Mar/2013:13:56:28 +0100] "GET /images/footerbg.jpg HTTP/1.1" 200 2184 "http://www.mink-gmbh.de/style.css" "Mozilla/5.0 (Windows NT 6.1; WOW64; rv:19.0) Gecko/20100101 Firefox/19.0"
141.8.147.12 - - [03/Mar/2013:14:04:27 +0100] "GET /news.php?cs_go=archiv&cs_id=3974&cs_search= HTTP/1.1" 200 9976 "-" "Mozilla/5.0 (compatible; YandexBot/3.0; +http://yandex.com/bots)"
173.199.116.195 - - [03/Mar/2013:14:13:47 +0100] "GET /wunschpreis.php HTTP/1.1" 200 12084 "-" "Mozilla/5.0 (compatible; AhrefsBot/4.0; +http://ahrefs.com/robot/)"
66.249.75.46 - - [03/Mar/2013:14:26:06 +0100] "GET / HTTP/1.1" 200 15262 "-" "Mozilla/5.0 (compatible; Googlebot/2.1; +http://www.google.com/bot.html)"
95.211.139.1 - - [03/Mar/2013:14:30:36 +0100] "GET /news.php?cs_go=archiv&cs_startpos=170 HTTP/1.0" 200 22531 "-" "Mozilla/5.0 (compatible; AcoonBot/4.11.1; +http://www.acoon.de/robot.asp)"
178.77.126.55 - - [03/Mar/2013:14:38:02 +0100] "GET /robots.txt HTTP/1.1" 200 177 "-" "Mozilla/5.0 (compatible; CareerBot/1.1; +http://www.career-x.de/bot.html)"
178.77.126.55 - - [03/Mar/2013:14:38:02 +0100] "GET / HTTP/1.1" 200 15262 "-" "Mozilla/5.0 (compatible; CareerBot/1.1; +http://www.career-x.de/bot.html)"
141.8.147.12 - - [03/Mar/2013:14:41:58 +0100] "GET /news.php?cs_go=archiv&cs_id=3971&cs_search= HTTP/1.1" 200 9776 "-" "Mozilla/5.0 (compatible; YandexBot/3.0; +http://yandex.com/bots)"
141.8.147.12 - - [03/Mar/2013:14:46:37 +0100] "GET /news.php?cs_go=archiv&cs_id=3930&cs_search= HTTP/1.1" 200 10743 "-" "Mozilla/5.0 (compatible; YandexBot/3.0; +http://yandex.com/bots)"
157.56.93.207 - - [03/Mar/2013:15:14:03 +0100] "GET /robots.txt HTTP/1.1" 200 177 "-" "Mozilla/5.0 (compatible; bingbot/2.0; +http://www.bing.com/bingbot.htm)"
157.56.93.207 - - [03/Mar/2013:15:16:23 +0100] "GET /additive.php HTTP/1.1" 200 8372 "-" "Mozilla/5.0 (compatible; bingbot/2.0; +http://www.bing.com/bingbot.htm)"
141.8.147.12 - - [03/Mar/2013:15:27:33 +0100] "GET /news.php?cs_go=archiv&cs_id=3928&cs_search= HTTP/1.1" 200 9891 "-" "Mozilla/5.0 (compatible; YandexBot/3.0; +http://yandex.com/bots)"
173.199.116.195 - - [03/Mar/2013:15:39:06 +0100] "GET /kwk.php?cs_go=2 HTTP/1.1" 200 11855 "-" "Mozilla/5.0 (compatible; AhrefsBot/4.0; +http://ahrefs.com/robot/)"
173.199.115.59 - - [03/Mar/2013:15:55:02 +0100] "GET /news.php?cs_go=archiv&cs_id=3973&cs_search= HTTP/1.1" 200 13506 "-" "Mozilla/5.0 (compatible; AhrefsBot/4.0; +http://ahrefs.com/robot/)"
95.211.139.1 - - [03/Mar/2013:16:00:04 +0100] "GET /news.php?cs_go=archiv&cs_id=3722&cs_search= HTTP/1.0" 200 9737 "-" "Mozilla/5.0 (compatible; AcoonBot/4.11.1; +http://www.acoon.de/robot.asp)"
66.249.78.46 - - [03/Mar/2013:16:01:55 +0100] "GET /lexikon.php?cs_go=3&cs_id=153 HTTP/1.1" 200 8749 "-" "Mozilla/5.0 (compatible; Googlebot/2.1; +http://www.google.com/bot.html)"
141.8.147.12 - - [03/Mar/2013:16:08:00 +0100] "GET /news.php?cs_go=archiv&cs_id=3932 HTTP/1.1" 200 9861 "-" "Mozilla/5.0 (compatible; YandexBot/3.0; +http://yandex.com/bots)"
66.249.78.46 - - [03/Mar/2013:16:10:13 +0100] "GET /robots.txt HTTP/1.1" 200 177 "-" "Mozilla/5.0 (compatible; Googlebot/2.1; +http://www.google.com/bot.html)"
66.249.78.46 - - [03/Mar/2013:16:10:13 +0100] "GET /news.php?cs_go=archiv&cs_id=3505 HTTP/1.1" 200 11897 "-" "Mozilla/5.0 (compatible; Googlebot/2.1; +http://www.google.com/bot.html)"
91.61.94.37 - - [03/Mar/2013:16:16:11 +0100] "GET /jobs.php HTTP/1.1" 200 10090 "-" "Mozilla/5.0 /Windows; U; Windows NT 6.1; de; rv:1.9.1.5) Gecko/20091102 Firefox/3.5.5"
173.199.115.59 - - [03/Mar/2013:16:17:01 +0100] "GET /lexikon.php?cs_go=3&cs_id=61 HTTP/1.1" 200 8792 "-" "Mozilla/5.0 (compatible; AhrefsBot/4.0; +http://ahrefs.com/robot/)"
95.211.139.1 - - [03/Mar/2013:16:20:24 +0100] "GET /lexikon.php?cs_go=2&cs_char=p HTTP/1.0" 200 9166 "-" "Mozilla/5.0 (compatible; AcoonBot/4.11.1; +http://www.acoon.de/robot.asp)"
173.199.115.59 - - [03/Mar/2013:16:23:45 +0100] "GET /lexikon.php?cs_go=3&cs_id=58 HTTP/1.1" 200 10831 "-" "Mozilla/5.0 (compatible; AhrefsBot/4.0; +http://ahrefs.com/robot/)"
173.199.116.195 - - [03/Mar/2013:16:25:19 +0100] "GET /lexikon.php?cs_go=3&cs_id=136 HTTP/1.1" 200 7990 "-" "Mozilla/5.0 (compatible; AhrefsBot/4.0; +http://ahrefs.com/robot/)"
173.199.116.195 - - [03/Mar/2013:16:32:27 +0100] "GET /news.php?cs_go=archiv&cs_startpos=170 HTTP/1.1" 200 22531 "-" "Mozilla/5.0 (compatible; AhrefsBot/4.0; +http://ahrefs.com/robot/)"
91.61.94.37 - - [03/Mar/2013:16:35:32 +0100] "GET /jobs.php HTTP/1.1" 200 10090 "-" "Mozilla/5.0 /Windows; U; Windows NT 6.1; de; rv:1.9.1.5) Gecko/20091102 Firefox/3.5.5"
202.207.160.28 - - [03/Mar/2013:16:37:32 +0100] "GET / HTTP/1.1" 200 15262 "-" "Mozilla/5.0 (Windows NT 5.1; rv:10.0.2) Gecko/20100101 Firefox/10.0.2"
141.8.147.12 - - [03/Mar/2013:16:48:53 +0100] "GET /news.php?cs_go=archiv&cs_id=3970&cs_search= HTTP/1.1" 200 10345 "-" "Mozilla/5.0 (compatible; YandexBot/3.0; +http://yandex.com/bots)"
66.249.78.46 - - [03/Mar/2013:17:27:09 +0100] "GET /kwk.php HTTP/1.1" 200 10884 "-" "SAMSUNG-SGH-E250/1.0 Profile/MIDP-2.0 Configuration/CLDC-1.1 UP.Browser/6.2.3.3.c.1.101 (GUI) MMP/2.0 (compatible; Googlebot-Mobile/2.1; +http://www.google.com/bot.html)"
66.249.75.46 - - [03/Mar/2013:17:28:43 +0100] "GET /wunschpreis.php HTTP/1.1" 200 12084 "-" "DoCoMo/2.0 N905i(c100;TB;W24H16) (compatible; Googlebot-Mobile/2.1; +http://www.google.com/bot.html)"
141.8.147.12 - - [03/Mar/2013:17:28:51 +0100] "GET /news.php?cs_go=archiv&cs_id=3933&cs_search= HTTP/1.1" 200 11219 "-" "Mozilla/5.0 (compatible; YandexBot/3.0; +http://yandex.com/bots)"
79.201.100.155 - - [03/Mar/2013:17:36:00 +0100] "GET /style.css HTTP/1.1" 200 8418 "http://www.mink-gmbh.de/" "Mozilla/5.0 (compatible; MSIE 9.0; Windows NT 6.1; WOW64; Trident/5.0)"
79.201.100.155 - - [03/Mar/2013:17:36:00 +0100] "GET /modul.css HTTP/1.1" 200 35038 "http://www.mink-gmbh.de/" "Mozilla/5.0 (compatible; MSIE 9.0; Windows NT 6.1; WOW64; Trident/5.0)"
79.201.100.155 - - [03/Mar/2013:17:36:00 +0100] "GET /js_contentserver24_greybox/gb_styles.css HTTP/1.1" 200 2302 "http://www.mink-gmbh.de/" "Mozilla/5.0 (compatible; MSIE 9.0; Windows NT 6.1; WOW64; Trident/5.0)"
79.201.100.155 - - [03/Mar/2013:17:36:01 +0100] "GET /js_contentserver24_greybox/AJS.js HTTP/1.1" 200 10396 "http://www.mink-gmbh.de/" "Mozilla/5.0 (compatible; MSIE 9.0; Windows NT 6.1; WOW64; Trident/5.0)"
79.201.100.155 - - [03/Mar/2013:17:36:01 +0100] "GET /js_contentserver24_greybox/AJS_fx.js HTTP/1.1" 200 3192 "http://www.mink-gmbh.de/" "Mozilla/5.0 (compatible; MSIE 9.0; Windows NT 6.1; WOW64; Trident/5.0)"
79.201.100.155 - - [03/Mar/2013:17:36:01 +0100] "GET /js_contentserver24_greybox/gb_scripts.js HTTP/1.1" 200 11913 "http://www.mink-gmbh.de/" "Mozilla/5.0 (compatible; MSIE 9.0; Windows NT 6.1; WOW64; Trident/5.0)"
79.201.100.155 - - [03/Mar/2013:17:36:01 +0100] "GET /images/bg.jpg HTTP/1.1" 200 345 "http://www.mink-gmbh.de/" "Mozilla/5.0 (compatible; MSIE 9.0; Windows NT 6.1; WOW64; Trident/5.0)"
79.201.100.155 - - [03/Mar/2013:17:36:01 +0100] "GET /js_contentserver24_greybox/w_close.gif HTTP/1.1" 200 74 "http://www.mink-gmbh.de/" "Mozilla/5.0 (compatible; MSIE 9.0; Windows NT 6.1; WOW64; Trident/5.0)"
79.201.100.155 - - [03/Mar/2013:17:36:01 +0100] "GET /images/newsletter_bg.jpg HTTP/1.1" 200 33610 "http://www.mink-gmbh.de/" "Mozilla/5.0 (compatible; MSIE 9.0; Windows NT 6.1; WOW64; Trident/5.0)"
79.201.100.155 - - [03/Mar/2013:17:36:01 +0100] "GET /images/wrapperbg.jpg HTTP/1.1" 200 27465 "http://www.mink-gmbh.de/" "Mozilla/5.0 (compatible; MSIE 9.0; Windows NT 6.1; WOW64; Trident/5.0)"
79.201.100.155 - - [03/Mar/2013:17:36:01 +0100] "GET /images/navibg.png HTTP/1.1" 200 2803 "http://www.mink-gmbh.de/" "Mozilla/5.0 (compatible; MSIE 9.0; Windows NT 6.1; WOW64; Trident/5.0)"
79.201.100.155 - - [03/Mar/2013:17:36:01 +0100] "GET /images/close.png HTTP/1.1" 200 703 "http://www.mink-gmbh.de/" "Mozilla/5.0 (compatible; MSIE 9.0; Windows NT 6.1; WOW64; Trident/5.0)"
79.201.100.155 - - [03/Mar/2013:17:36:01 +0100] "GET /images/newsletter.png HTTP/1.1" 200 14619 "http://www.mink-gmbh.de/" "Mozilla/5.0 (compatible; MSIE 9.0; Windows NT 6.1; WOW64; Trident/5.0)"
79.201.100.155 - - [03/Mar/2013:17:36:01 +0100] "GET /images/header.jpg HTTP/1.1" 200 24413 "http://www.mink-gmbh.de/" "Mozilla/5.0 (compatible; MSIE 9.0; Windows NT 6.1; WOW64; Trident/5.0)"
79.201.100.155 - - [03/Mar/2013:17:36:01 +0100] "GET /images/fallend.png HTTP/1.1" 200 713 "http://www.mink-gmbh.de/" "Mozilla/5.0 (compatible; MSIE 9.0; Windows NT 6.1; WOW64; Trident/5.0)"
79.201.100.155 - - [03/Mar/2013:17:36:01 +0100] "GET /images/steigend.png HTTP/1.1" 200 688 "http://www.mink-gmbh.de/" "Mozilla/5.0 (compatible; MSIE 9.0; Windows NT 6.1; WOW64; Trident/5.0)"
79.201.100.155 - - [03/Mar/2013:17:36:01 +0100] "GET /js_contentserver24_greybox/header_bg.gif HTTP/1.1" 200 1188 "http://www.mink-gmbh.de/" "Mozilla/5.0 (compatible; MSIE 9.0; Windows NT 6.1; WOW64; Trident/5.0)"
79.201.100.155 - - [03/Mar/2013:17:36:01 +0100] "GET /images/mobil.jpg HTTP/1.1" 200 25293 "http://www.mink-gmbh.de/" "Mozilla/5.0 (compatible; MSIE 9.0; Windows NT 6.1; WOW64; Trident/5.0)"
79.201.100.155 - - [03/Mar/2013:17:36:01 +0100] "GET /images/newsletter.jpg HTTP/1.1" 200 13130 "http://www.mink-gmbh.de/" "Mozilla/5.0 (compatible; MSIE 9.0; Windows NT 6.1; WOW64; Trident/5.0)"
79.201.100.155 - - [03/Mar/2013:17:36:01 +0100] "GET /images/tkw.jpg HTTP/1.1" 200 64031 "http://www.mink-gmbh.de/" "Mozilla/5.0 (compatible; MSIE 9.0; Windows NT 6.1; WOW64; Trident/5.0)"
79.201.100.155 - - [03/Mar/2013:17:36:00 +0100] "GET / HTTP/1.1" 200 15262 "http://www.google.de/url?sa=t&rct=j&q=mink%20heiz%C3%B6l&source=web&cd=1&ved=0CDoQFjAA&url=http%3A%2F%2Fwww.mink-gmbh.de%2F&ei=jHszUcGTMqPV4gT1yoDQBw&usg=AFQjCNFHX4Iglls9oo-KYXTmDUV_5KOVIg&bvm=bv.43148975,d.Yms" "Mozilla/5.0 (compatible; MSIE 9.0; Windows NT 6.1; WOW64; Trident/5.0)"
79.201.100.155 - - [03/Mar/2013:17:36:01 +0100] "GET /images/mail.jpg HTTP/1.1" 200 11165 "http://www.mink-gmbh.de/" "Mozilla/5.0 (compatible; MSIE 9.0; Windows NT 6.1; WOW64; Trident/5.0)"
79.201.100.155 - - [03/Mar/2013:17:36:01 +0100] "GET /images/kwk.gif HTTP/1.1" 200 6403 "http://www.mink-gmbh.de/" "Mozilla/5.0 (compatible; MSIE 9.0; Windows NT 6.1; WOW64; Trident/5.0)"
