91.61.94.14 - - [17/Mar/2013:18:26:54 +0100] "GET /jobs.php HTTP/1.1" 200 7200 "-" "Mozilla/5.0 /Windows; U; Windows NT 6.1; de; rv:1.9.1.5) Gecko/20091102 Firefox/3.5.5"
157.55.32.117 - - [17/Mar/2013:18:31:51 +0100] "GET /robots.txt HTTP/1.1" 200 177 "-" "Mozilla/5.0 (compatible; bingbot/2.0; +http://www.bing.com/bingbot.htm)"
157.55.32.117 - - [17/Mar/2013:18:33:45 +0100] "GET / HTTP/1.1" 200 12106 "-" "Mozilla/5.0 (compatible; bingbot/2.0; +http://www.bing.com/bingbot.htm)"
141.8.147.12 - - [17/Mar/2013:18:34:28 +0100] "GET /news.php?cs_go=archiv&cs_id=3771&cs_search= HTTP/1.1" 200 9868 "-" "Mozilla/5.0 (compatible; YandexBot/3.0; +http://yandex.com/bots)"
217.69.133.67 - - [17/Mar/2013:18:41:51 +0100] "GET / HTTP/1.0" 200 12106 "-" "Mozilla/5.0 (compatible; Mail.RU_Bot/2.0; +http://go.mail.ru/help/robots)"
208.115.111.75 - - [17/Mar/2013:18:45:31 +0100] "GET /robots.txt HTTP/1.1" 200 177 "-" "Mozilla/5.0 (compatible; Ezooms/1.0; ezooms.bot@gmail.com)"
91.61.94.14 - - [17/Mar/2013:18:45:56 +0100] "GET /jobs.php HTTP/1.1" 200 7200 "-" "Mozilla/5.0 /Windows; U; Windows NT 6.1; de; rv:1.9.1.5) Gecko/20091102 Firefox/3.5.5"
208.115.113.91 - - [17/Mar/2013:18:51:51 +0100] "GET /news.php?cs_go=archiv&cs_id=3867&cs_search= HTTP/1.1" 200 11887 "-" "Mozilla/5.0 (compatible; Ezooms/1.0; ezooms.bot@gmail.com)"
141.8.147.12 - - [17/Mar/2013:19:13:24 +0100] "GET /index.php HTTP/1.1" 200 12106 "-" "Mozilla/5.0 (compatible; YandexBot/3.0; +http://yandex.com/bots)"
66.249.78.46 - - [17/Mar/2013:19:23:27 +0100] "GET /news.php?cs_go=archiv&cs_id=3935&cs_search= HTTP/1.1" 200 9902 "-" "SAMSUNG-SGH-E250/1.0 Profile/MIDP-2.0 Configuration/CLDC-1.1 UP.Browser/6.2.3.3.c.1.101 (GUI) MMP/2.0 (compatible; Googlebot-Mobile/2.1; +http://www.google.com/bot.html)"
173.199.120.35 - - [17/Mar/2013:19:30:33 +0100] "GET /lexikon.php?cs_go=3&cs_id=12 HTTP/1.1" 200 8543 "-" "Mozilla/5.0 (compatible; AhrefsBot/4.0; +http://ahrefs.com/robot/)"
65.36.241.79 - - [17/Mar/2013:19:39:43 +0100] "HEAD / HTTP/1.1" 200 - "-" "InternetSeer.com"
141.8.147.12 - - [17/Mar/2013:19:41:50 +0100] "GET /news.php HTTP/1.1" 200 22040 "-" "Mozilla/5.0 (compatible; YandexBot/3.0; +http://yandex.com/bots)"
173.199.120.35 - - [17/Mar/2013:20:05:13 +0100] "GET /lexikon.php?cs_go=3&cs_id=169 HTTP/1.1" 200 8037 "-" "Mozilla/5.0 (compatible; AhrefsBot/4.0; +http://ahrefs.com/robot/)"
141.8.147.12 - - [17/Mar/2013:20:10:30 +0100] "GET /news.php?cs_go=archiv&cs_startpos=220 HTTP/1.1" 200 22351 "-" "Mozilla/5.0 (compatible; YandexBot/3.0; +http://yandex.com/bots)"
217.69.133.67 - - [17/Mar/2013:20:15:01 +0100] "GET /robots.txt HTTP/1.0" 200 177 "-" "Mozilla/5.0 (compatible; Mail.RU_Bot/2.0; +http://go.mail.ru/help/robots)"
141.8.147.12 - - [17/Mar/2013:20:30:33 +0100] "GET /news.php?cs_go=archiv&cs_startpos=700 HTTP/1.1" 200 8125 "-" "Mozilla/5.0 (compatible; YandexBot/3.0; +http://yandex.com/bots)"
208.115.111.75 - - [17/Mar/2013:20:39:12 +0100] "GET /energiesparcheck.php HTTP/1.1" 200 13581 "-" "Mozilla/5.0 (compatible; Ezooms/1.0; ezooms.bot@gmail.com)"
208.115.111.75 - - [17/Mar/2013:20:39:15 +0100] "GET /kwk.php?cs_go=1 HTTP/1.1" 200 10884 "-" "Mozilla/5.0 (compatible; Ezooms/1.0; ezooms.bot@gmail.com)"
208.115.111.75 - - [17/Mar/2013:20:39:17 +0100] "GET /news.php?cs_go=archiv&cs_id=3898&cs_search= HTTP/1.1" 200 9937 "-" "Mozilla/5.0 (compatible; Ezooms/1.0; ezooms.bot@gmail.com)"
141.8.147.12 - - [17/Mar/2013:20:46:30 +0100] "GET /news.php?cs_go=archiv&cs_startpos=760 HTTP/1.1" 200 8125 "-" "Mozilla/5.0 (compatible; YandexBot/3.0; +http://yandex.com/bots)"
208.115.113.91 - - [17/Mar/2013:20:46:49 +0100] "GET /robots.txt HTTP/1.1" 200 177 "-" "Mozilla/5.0 (compatible; Ezooms/1.0; ezooms.bot@gmail.com)"
139.18.2.209 - - [17/Mar/2013:20:52:56 +0100] "GET /newsletter.php HTTP/1.1" 200 6868 "-" "findlinks/2.6 (+http://wortschatz.uni-leipzig.de/findlinks/)"
139.18.2.209 - - [17/Mar/2013:20:52:56 +0100] "GET /newsletter.php HTTP/1.1" 200 8841 "-" "findlinks/2.6 (+http://wortschatz.uni-leipzig.de/findlinks/)"
141.8.147.12 - - [17/Mar/2013:20:56:53 +0100] "GET /news.php?cs_go=archiv&cs_startpos=710 HTTP/1.1" 200 8125 "-" "Mozilla/5.0 (compatible; YandexBot/3.0; +http://yandex.com/bots)"
95.91.161.214 - - [17/Mar/2013:21:01:08 +0100] "GET /diesel.php HTTP/1.1" 200 10639 "http://www.google.de/url?sa=t&rct=j&q=esso%20diesel%20additive&source=web&cd=4&ved=0CE8QFjAD&url=http%3A%2F%2Fwww.mink-gmbh.de%2Fdiesel.php&ei=Vh9GUeT6B83HsgaIzoCABg&usg=AFQjCNHfDBYr4C3dWiI2OZ107eHNtYNxww&bvm=bv.43828540,d.Yms" "Mozilla/5.0 (iPad; CPU OS 6_1_2 like Mac OS X) AppleWebKit/536.26 (KHTML, like Gecko) Version/6.0 Mobile/10B146 Safari/8536.25"
95.91.161.214 - - [17/Mar/2013:21:01:09 +0100] "GET /style.css HTTP/1.1" 200 8418 "http://www.mink-gmbh.de/diesel.php" "Mozilla/5.0 (iPad; CPU OS 6_1_2 like Mac OS X) AppleWebKit/536.26 (KHTML, like Gecko) Version/6.0 Mobile/10B146 Safari/8536.25"
95.91.161.214 - - [17/Mar/2013:21:01:09 +0100] "GET /modul.css HTTP/1.1" 200 35038 "http://www.mink-gmbh.de/diesel.php" "Mozilla/5.0 (iPad; CPU OS 6_1_2 like Mac OS X) AppleWebKit/536.26 (KHTML, like Gecko) Version/6.0 Mobile/10B146 Safari/8536.25"
95.91.161.214 - - [17/Mar/2013:21:01:09 +0100] "GET /images/kwk.gif HTTP/1.1" 200 6403 "http://www.mink-gmbh.de/diesel.php" "Mozilla/5.0 (iPad; CPU OS 6_1_2 like Mac OS X) AppleWebKit/536.26 (KHTML, like Gecko) Version/6.0 Mobile/10B146 Safari/8536.25"
95.91.161.214 - - [17/Mar/2013:21:01:09 +0100] "GET /images/mail.jpg HTTP/1.1" 200 11165 "http://www.mink-gmbh.de/diesel.php" "Mozilla/5.0 (iPad; CPU OS 6_1_2 like Mac OS X) AppleWebKit/536.26 (KHTML, like Gecko) Version/6.0 Mobile/10B146 Safari/8536.25"
95.91.161.214 - - [17/Mar/2013:21:01:09 +0100] "GET /images/freecall.jpg HTTP/1.1" 200 39195 "http://www.mink-gmbh.de/diesel.php" "Mozilla/5.0 (iPad; CPU OS 6_1_2 like Mac OS X) AppleWebKit/536.26 (KHTML, like Gecko) Version/6.0 Mobile/10B146 Safari/8536.25"
95.91.161.214 - - [17/Mar/2013:21:01:09 +0100] "GET /images/wunschpreis.jpg HTTP/1.1" 200 16767 "http://www.mink-gmbh.de/diesel.php" "Mozilla/5.0 (iPad; CPU OS 6_1_2 like Mac OS X) AppleWebKit/536.26 (KHTML, like Gecko) Version/6.0 Mobile/10B146 Safari/8536.25"
95.91.161.214 - - [17/Mar/2013:21:01:09 +0100] "GET /images/logos.jpg HTTP/1.1" 200 15002 "http://www.mink-gmbh.de/diesel.php" "Mozilla/5.0 (iPad; CPU OS 6_1_2 like Mac OS X) AppleWebKit/536.26 (KHTML, like Gecko) Version/6.0 Mobile/10B146 Safari/8536.25"
95.91.161.214 - - [17/Mar/2013:21:01:09 +0100] "GET /images/close.png HTTP/1.1" 200 703 "http://www.mink-gmbh.de/diesel.php" "Mozilla/5.0 (iPad; CPU OS 6_1_2 like Mac OS X) AppleWebKit/536.26 (KHTML, like Gecko) Version/6.0 Mobile/10B146 Safari/8536.25"
95.91.161.214 - - [17/Mar/2013:21:01:09 +0100] "GET /images/bg.jpg HTTP/1.1" 200 345 "http://www.mink-gmbh.de/diesel.php" "Mozilla/5.0 (iPad; CPU OS 6_1_2 like Mac OS X) AppleWebKit/536.26 (KHTML, like Gecko) Version/6.0 Mobile/10B146 Safari/8536.25"
95.91.161.214 - - [17/Mar/2013:21:01:09 +0100] "GET /images/wrapperbg.jpg HTTP/1.1" 200 27465 "http://www.mink-gmbh.de/diesel.php" "Mozilla/5.0 (iPad; CPU OS 6_1_2 like Mac OS X) AppleWebKit/536.26 (KHTML, like Gecko) Version/6.0 Mobile/10B146 Safari/8536.25"
95.91.161.214 - - [17/Mar/2013:21:01:09 +0100] "GET /images/header.jpg HTTP/1.1" 200 24413 "http://www.mink-gmbh.de/diesel.php" "Mozilla/5.0 (iPad; CPU OS 6_1_2 like Mac OS X) AppleWebKit/536.26 (KHTML, like Gecko) Version/6.0 Mobile/10B146 Safari/8536.25"
95.91.161.214 - - [17/Mar/2013:21:01:09 +0100] "GET /images/newsletter.png HTTP/1.1" 200 14619 "http://www.mink-gmbh.de/diesel.php" "Mozilla/5.0 (iPad; CPU OS 6_1_2 like Mac OS X) AppleWebKit/536.26 (KHTML, like Gecko) Version/6.0 Mobile/10B146 Safari/8536.25"
95.91.161.214 - - [17/Mar/2013:21:01:09 +0100] "GET /images/footerbg.jpg HTTP/1.1" 200 2184 "http://www.mink-gmbh.de/diesel.php" "Mozilla/5.0 (iPad; CPU OS 6_1_2 like Mac OS X) AppleWebKit/536.26 (KHTML, like Gecko) Version/6.0 Mobile/10B146 Safari/8536.25"
95.91.161.214 - - [17/Mar/2013:21:01:10 +0100] "GET /images/navibg.png HTTP/1.1" 200 2803 "http://www.mink-gmbh.de/diesel.php" "Mozilla/5.0 (iPad; CPU OS 6_1_2 like Mac OS X) AppleWebKit/536.26 (KHTML, like Gecko) Version/6.0 Mobile/10B146 Safari/8536.25"
95.91.161.214 - - [17/Mar/2013:21:01:10 +0100] "GET /images/newsletter_bg.jpg HTTP/1.1" 200 33610 "http://www.mink-gmbh.de/diesel.php" "Mozilla/5.0 (iPad; CPU OS 6_1_2 like Mac OS X) AppleWebKit/536.26 (KHTML, like Gecko) Version/6.0 Mobile/10B146 Safari/8536.25"
95.91.161.214 - - [17/Mar/2013:21:01:34 +0100] "GET /additive.php HTTP/1.1" 200 8285 "http://www.mink-gmbh.de/diesel.php" "Mozilla/5.0 (iPad; CPU OS 6_1_2 like Mac OS X) AppleWebKit/536.26 (KHTML, like Gecko) Version/6.0 Mobile/10B146 Safari/8536.25"
79.192.177.86 - - [17/Mar/2013:21:22:51 +0100] "GET /style.css HTTP/1.1" 200 8418 "http://www.mink-gmbh.de/faq.php" "Mozilla/5.0 (Windows NT 6.0; rv:10.0.2) Gecko/20100101 Firefox/10.0.2"
79.192.177.86 - - [17/Mar/2013:21:22:51 +0100] "GET /modul.css HTTP/1.1" 200 35038 "http://www.mink-gmbh.de/faq.php" "Mozilla/5.0 (Windows NT 6.0; rv:10.0.2) Gecko/20100101 Firefox/10.0.2"
79.192.177.86 - - [17/Mar/2013:21:22:51 +0100] "GET /favicon.ico HTTP/1.1" 200 3638 "-" "Mozilla/5.0 (Windows NT 6.0; rv:10.0.2) Gecko/20100101 Firefox/10.0.2"
79.192.177.86 - - [17/Mar/2013:21:22:51 +0100] "GET /faq.php HTTP/1.1" 200 184037 "http://www.google.de/url?sa=t&rct=j&q=reicht%2020mm%20rohr%20heizungsanschlu%C3%9F%20f%C3%BCr%20pelletofen&source=web&cd=12&ved=0CDUQFjABOAo&url=http%3A%2F%2Fwww.mink-gmbh.de%2Ffaq.php&ei=iyVGUZzQKIeI4AS4m4GIDA&usg=AFQjCNGZE1g-4zhCw07NSgPEidYKQGkwhQ" "Mozilla/5.0 (Windows NT 6.0; rv:10.0.2) Gecko/20100101 Firefox/10.0.2"
79.192.177.86 - - [17/Mar/2013:21:22:51 +0100] "GET /images/freecall.jpg HTTP/1.1" 200 39195 "http://www.mink-gmbh.de/faq.php" "Mozilla/5.0 (Windows NT 6.0; rv:10.0.2) Gecko/20100101 Firefox/10.0.2"
79.192.177.86 - - [17/Mar/2013:21:22:51 +0100] "GET /images/mail.jpg HTTP/1.1" 200 11165 "http://www.mink-gmbh.de/faq.php" "Mozilla/5.0 (Windows NT 6.0; rv:10.0.2) Gecko/20100101 Firefox/10.0.2"
79.192.177.86 - - [17/Mar/2013:21:22:51 +0100] "GET /images/kwk.gif HTTP/1.1" 200 6403 "http://www.mink-gmbh.de/faq.php" "Mozilla/5.0 (Windows NT 6.0; rv:10.0.2) Gecko/20100101 Firefox/10.0.2"
79.192.177.86 - - [17/Mar/2013:21:22:52 +0100] "GET /images/wunschpreis.jpg HTTP/1.1" 200 16767 "http://www.mink-gmbh.de/faq.php" "Mozilla/5.0 (Windows NT 6.0; rv:10.0.2) Gecko/20100101 Firefox/10.0.2"
79.192.177.86 - - [17/Mar/2013:21:22:52 +0100] "GET /images/logos.jpg HTTP/1.1" 200 15002 "http://www.mink-gmbh.de/faq.php" "Mozilla/5.0 (Windows NT 6.0; rv:10.0.2) Gecko/20100101 Firefox/10.0.2"
79.192.177.86 - - [17/Mar/2013:21:22:53 +0100] "GET /images/bg.jpg HTTP/1.1" 200 345 "http://www.mink-gmbh.de/style.css" "Mozilla/5.0 (Windows NT 6.0; rv:10.0.2) Gecko/20100101 Firefox/10.0.2"
79.192.177.86 - - [17/Mar/2013:21:22:53 +0100] "GET /images/close.png HTTP/1.1" 200 703 "http://www.mink-gmbh.de/faq.php" "Mozilla/5.0 (Windows NT 6.0; rv:10.0.2) Gecko/20100101 Firefox/10.0.2"
79.192.177.86 - - [17/Mar/2013:21:22:53 +0100] "GET /images/newsletter_bg.jpg HTTP/1.1" 200 33610 "http://www.mink-gmbh.de/faq.php" "Mozilla/5.0 (Windows NT 6.0; rv:10.0.2) Gecko/20100101 Firefox/10.0.2"
79.192.177.86 - - [17/Mar/2013:21:22:53 +0100] "GET /images/newsletter.png HTTP/1.1" 200 14619 "http://www.mink-gmbh.de/style.css" "Mozilla/5.0 (Windows NT 6.0; rv:10.0.2) Gecko/20100101 Firefox/10.0.2"
79.192.177.86 - - [17/Mar/2013:21:22:53 +0100] "GET /images/wrapperbg.jpg HTTP/1.1" 200 27465 "http://www.mink-gmbh.de/style.css" "Mozilla/5.0 (Windows NT 6.0; rv:10.0.2) Gecko/20100101 Firefox/10.0.2"
79.192.177.86 - - [17/Mar/2013:21:22:53 +0100] "GET /images/header.jpg HTTP/1.1" 200 24413 "http://www.mink-gmbh.de/style.css" "Mozilla/5.0 (Windows NT 6.0; rv:10.0.2) Gecko/20100101 Firefox/10.0.2"
79.192.177.86 - - [17/Mar/2013:21:22:53 +0100] "GET /images/navibg.png HTTP/1.1" 200 2803 "http://www.mink-gmbh.de/style.css" "Mozilla/5.0 (Windows NT 6.0; rv:10.0.2) Gecko/20100101 Firefox/10.0.2"
79.192.177.86 - - [17/Mar/2013:21:22:53 +0100] "GET /images/footerbg.jpg HTTP/1.1" 200 2184 "http://www.mink-gmbh.de/style.css" "Mozilla/5.0 (Windows NT 6.0; rv:10.0.2) Gecko/20100101 Firefox/10.0.2"
173.199.120.35 - - [17/Mar/2013:21:47:45 +0100] "GET /lexikon.php?cs_go=3&cs_id=189 HTTP/1.1" 200 8225 "-" "Mozilla/5.0 (compatible; AhrefsBot/4.0; +http://ahrefs.com/robot/)"
66.249.78.46 - - [17/Mar/2013:21:57:46 +0100] "GET /news.php?cs_go=archiv&cs_id=3848&cs_search= HTTP/1.1" 200 13537 "-" "Mozilla/5.0 (compatible; Googlebot/2.1; +http://www.google.com/bot.html)"
85.25.120.73 - - [17/Mar/2013:21:57:50 +0100] "GET / HTTP/1.1" 200 12106 "-" "Mozilla/5.0 (X11; U; Linux i686; en-US; rv:1.9.0.1) Gecko/2008070206 Firefox/3.0.1"
85.25.120.73 - - [17/Mar/2013:21:57:51 +0100] "GET /seiten/kontakt.php HTTP/1.1" 404 - "-" "Mozilla/5.0 (X11; U; Linux i686; en-US; rv:1.9.0.1) Gecko/2008070206 Firefox/3.0.1"
85.25.120.73 - - [17/Mar/2013:21:57:53 +0100] "GET / HTTP/1.1" 200 11365 "-" "Mozilla/5.0 (X11; U; Linux i686; en-US; rv:1.9.0.1) Gecko/2008070206 Firefox/3.0.1"
85.25.120.73 - - [17/Mar/2013:21:57:54 +0100] "GET /seiten/kontakt.php HTTP/1.1" 404 - "-" "Mozilla/5.0 (X11; U; Linux i686; en-US; rv:1.9.0.1) Gecko/2008070206 Firefox/3.0.1"
66.249.78.46 - - [17/Mar/2013:22:01:37 +0100] "GET / HTTP/1.1" 200 12106 "-" "Mozilla/5.0 (iPhone; U; CPU iPhone OS 4_1 like Mac OS X; en-us) AppleWebKit/532.9 (KHTML, like Gecko) Version/4.0.5 Mobile/8B117 Safari/6531.22.7 (compatible; Googlebot-Mobile/2.1; +http://www.google.com/bot.html)"
66.249.78.46 - - [17/Mar/2013:22:07:03 +0100] "GET /style.css HTTP/1.1" 200 8418 "-" "Mozilla/5.0 (compatible; Googlebot/2.1; +http://www.google.com/bot.html)"
66.249.78.46 - - [17/Mar/2013:22:07:04 +0100] "GET /js_contentserver24_greybox/gb_styles.css HTTP/1.1" 200 2302 "-" "Mozilla/5.0 (compatible; Googlebot/2.1; +http://www.google.com/bot.html)"
66.249.78.46 - - [17/Mar/2013:22:07:04 +0100] "GET /modul.css HTTP/1.1" 200 35038 "-" "Mozilla/5.0 (compatible; Googlebot/2.1; +http://www.google.com/bot.html)"
123.125.71.88 - - [17/Mar/2013:22:10:40 +0100] "GET / HTTP/1.1" 200 12106 "-" "Mozilla/5.0 (compatible; Baiduspider/2.0; +http://www.baidu.com/search/spider.html)"
208.115.111.75 - - [17/Mar/2013:22:42:35 +0100] "GET /robots.txt HTTP/1.1" 200 177 "-" "Mozilla/5.0 (compatible; Ezooms/1.0; ezooms.bot@gmail.com)"
208.115.113.91 - - [17/Mar/2013:22:48:13 +0100] "GET /news.php?cs_go=archiv&cs_startpos=120 HTTP/1.1" 200 22915 "-" "Mozilla/5.0 (compatible; Ezooms/1.0; ezooms.bot@gmail.com)"
173.199.120.35 - - [17/Mar/2013:22:50:00 +0100] "GET /lexikon.php?cs_go=3&cs_id=183 HTTP/1.1" 200 8564 "-" "Mozilla/5.0 (compatible; AhrefsBot/4.0; +http://ahrefs.com/robot/)"
66.249.78.46 - - [17/Mar/2013:23:35:56 +0100] "GET /news.php?cs_go=archiv&cs_id=3347&cs_search= HTTP/1.1" 200 9888 "-" "Mozilla/5.0 (compatible; Googlebot/2.1; +http://www.google.com/bot.html)"
173.199.120.35 - - [17/Mar/2013:23:36:20 +0100] "GET /lexikon.php?cs_go=3&cs_id=181 HTTP/1.1" 200 7995 "-" "Mozilla/5.0 (compatible; AhrefsBot/4.0; +http://ahrefs.com/robot/)"
66.249.78.46 - - [17/Mar/2013:23:37:25 +0100] "GET /lexikon.php?cs_go=3&cs_id=78 HTTP/1.1" 200 8258 "-" "Mozilla/5.0 (compatible; Googlebot/2.1; +http://www.google.com/bot.html)"
65.36.241.79 - - [18/Mar/2013:00:18:20 +0100] "HEAD / HTTP/1.1" 200 - "-" "InternetSeer.com"
173.199.120.35 - - [18/Mar/2013:00:27:27 +0100] "GET /lexikon.php?cs_go=3&cs_id=103 HTTP/1.1" 200 9239 "-" "Mozilla/5.0 (compatible; AhrefsBot/4.0; +http://ahrefs.com/robot/)"
208.115.111.75 - - [18/Mar/2013:00:38:00 +0100] "GET /kwk.php?cs_go=3 HTTP/1.1" 200 10285 "-" "Mozilla/5.0 (compatible; Ezooms/1.0; ezooms.bot@gmail.com)"
66.249.78.46 - - [18/Mar/2013:00:40:55 +0100] "GET /news.php?cs_go=archiv&cs_startpos=30 HTTP/1.1" 200 22436 "-" "SAMSUNG-SGH-E250/1.0 Profile/MIDP-2.0 Configuration/CLDC-1.1 UP.Browser/6.2.3.3.c.1.101 (GUI) MMP/2.0 (compatible; Googlebot-Mobile/2.1; +http://www.google.com/bot.html)"
208.115.113.91 - - [18/Mar/2013:00:42:57 +0100] "GET /robots.txt HTTP/1.1" 200 177 "-" "Mozilla/5.0 (compatible; Ezooms/1.0; ezooms.bot@gmail.com)"
37.140.141.34 - - [18/Mar/2013:00:44:54 +0100] "GET /images/wunschpreis.jpg HTTP/1.1" 304 - "-" "Mozilla/5.0 (compatible; YandexImages/3.0; +http://yandex.com/bots)"
173.199.120.35 - - [18/Mar/2013:00:52:42 +0100] "GET /lexikon.php?cs_go=3&cs_id=151 HTTP/1.1" 200 8683 "-" "Mozilla/5.0 (compatible; AhrefsBot/4.0; +http://ahrefs.com/robot/)"
66.249.75.49 - - [18/Mar/2013:00:53:49 +0100] "GET /modernisierung.php HTTP/1.1" 200 11578 "-" "DoCoMo/2.0 N905i(c100;TB;W24H16) (compatible; Googlebot-Mobile/2.1; +http://www.google.com/bot.html)"
173.199.120.35 - - [18/Mar/2013:00:55:41 +0100] "GET /news.php?cs_go=archiv&cs_id=3847&cs_search= HTTP/1.1" 200 12028 "-" "Mozilla/5.0 (compatible; AhrefsBot/4.0; +http://ahrefs.com/robot/)"
66.249.78.46 - - [18/Mar/2013:01:21:01 +0100] "GET /news.php?cs_go=archiv&cs_id=3976 HTTP/1.1" 200 13514 "-" "Mozilla/5.0 (compatible; Googlebot/2.1; +http://www.google.com/bot.html)"
66.249.78.46 - - [18/Mar/2013:01:25:28 +0100] "GET /lexikon.php?cs_go=2&cs_char=r HTTP/1.1" 200 9732 "-" "Mozilla/5.0 (compatible; Googlebot/2.1; +http://www.google.com/bot.html)"
66.249.78.46 - - [18/Mar/2013:01:29:28 +0100] "GET /news.php HTTP/1.1" 200 22040 "-" "Mozilla/5.0 (iPhone; U; CPU iPhone OS 4_1 like Mac OS X; en-us) AppleWebKit/532.9 (KHTML, like Gecko) Version/4.0.5 Mobile/8B117 Safari/6531.22.7 (compatible; Googlebot-Mobile/2.1; +http://www.google.com/bot.html)"
66.249.78.46 - - [18/Mar/2013:01:35:04 +0100] "GET /news.php?cs_go=archiv&cs_id=3975 HTTP/1.1" 200 10834 "-" "Mozilla/5.0 (compatible; Googlebot/2.1; +http://www.google.com/bot.html)"
139.18.2.209 - - [18/Mar/2013:01:43:34 +0100] "GET /news.php?cs_go=archiv&cs_id=3864&cs_search= HTTP/1.1" 200 7901 "-" "findlinks/2.6 (+http://wortschatz.uni-leipzig.de/findlinks/)"
139.18.2.209 - - [18/Mar/2013:01:43:34 +0100] "GET /news.php?cs_go=archiv&cs_id=3864&cs_search= HTTP/1.1" 200 9880 "-" "findlinks/2.6 (+http://wortschatz.uni-leipzig.de/findlinks/)"
173.199.120.35 - - [18/Mar/2013:01:44:53 +0100] "GET /lexikon.php?cs_go=3&cs_id=119 HTTP/1.1" 200 8142 "-" "Mozilla/5.0 (compatible; AhrefsBot/4.0; +http://ahrefs.com/robot/)"
173.199.120.35 - - [18/Mar/2013:02:45:01 +0100] "GET /lexikon.php?cs_go=3&cs_id=116 HTTP/1.1" 200 9366 "-" "Mozilla/5.0 (compatible; AhrefsBot/4.0; +http://ahrefs.com/robot/)"
208.115.111.75 - - [18/Mar/2013:02:49:03 +0100] "GET /robots.txt HTTP/1.1" 200 177 "-" "Mozilla/5.0 (compatible; Ezooms/1.0; ezooms.bot@gmail.com)"
208.115.113.91 - - [18/Mar/2013:02:50:46 +0100] "GET /kontakt.php HTTP/1.1" 200 9198 "-" "Mozilla/5.0 (compatible; Ezooms/1.0; ezooms.bot@gmail.com)"
208.115.113.91 - - [18/Mar/2013:02:50:52 +0100] "GET /newsletter.php HTTP/1.1" 200 8928 "-" "Mozilla/5.0 (compatible; Ezooms/1.0; ezooms.bot@gmail.com)"
66.249.75.49 - - [18/Mar/2013:03:13:07 +0100] "GET /lexikon.php?cs_go=3&cs_id=228 HTTP/1.1" 200 9244 "-" "Mozilla/5.0 (compatible; Googlebot/2.1; +http://www.google.com/bot.html)"
173.199.120.35 - - [18/Mar/2013:03:32:43 +0100] "GET /lexikon.php?cs_go=2&cs_char=x HTTP/1.1" 200 8582 "-" "Mozilla/5.0 (compatible; AhrefsBot/4.0; +http://ahrefs.com/robot/)"
119.63.196.126 - - [18/Mar/2013:03:50:33 +0100] "GET / HTTP/1.1" 200 12106 "-" "Mozilla/5.0 (compatible; Baiduspider/2.0; +http://www.baidu.com/search/spider.html)"
65.55.52.92 - - [18/Mar/2013:03:56:19 +0100] "GET /robots.txt HTTP/1.1" 200 177 "-" "Mozilla/5.0 (compatible; bingbot/2.0; +http://www.bing.com/bingbot.htm)"
65.55.52.92 - - [18/Mar/2013:03:57:55 +0100] "GET /edl.php HTTP/1.1" 200 10801 "-" "Mozilla/5.0 (compatible; bingbot/2.0; +http://www.bing.com/bingbot.htm)"
141.8.147.12 - - [18/Mar/2013:04:21:59 +0100] "GET /robots.txt HTTP/1.1" 200 177 "-" "Mozilla/5.0 (compatible; YandexBot/3.0; +http://yandex.com/bots)"
208.115.111.75 - - [18/Mar/2013:04:44:25 +0100] "GET /news.php?cs_go=archiv&cs_id=3907 HTTP/1.1" 200 9791 "-" "Mozilla/5.0 (compatible; Ezooms/1.0; ezooms.bot@gmail.com)"
66.249.75.49 - - [18/Mar/2013:05:04:21 +0100] "GET /kwk.php HTTP/1.1" 200 10884 "-" "Mozilla/5.0 (compatible; Googlebot/2.1; +http://www.google.com/bot.html)"
173.199.120.35 - - [18/Mar/2013:05:11:00 +0100] "GET /lexikon.php?cs_go=3&cs_id=152 HTTP/1.1" 200 8578 "-" "Mozilla/5.0 (compatible; AhrefsBot/4.0; +http://ahrefs.com/robot/)"
139.18.2.209 - - [18/Mar/2013:05:20:31 +0100] "GET /modernisierung.php?cs_gp_go=coupon HTTP/1.1" 200 8132 "-" "findlinks/2.6 (+http://wortschatz.uni-leipzig.de/findlinks/)"
139.18.2.209 - - [18/Mar/2013:05:20:31 +0100] "GET /modernisierung.php?cs_gp_go=coupon HTTP/1.1" 200 10105 "-" "findlinks/2.6 (+http://wortschatz.uni-leipzig.de/findlinks/)"
123.125.71.52 - - [18/Mar/2013:05:32:21 +0100] "GET / HTTP/1.1" 200 8692 "-" "Mozilla/5.0 (compatible; Baiduspider/2.0; +http://www.baidu.com/search/spider.html)"
220.181.108.81 - - [18/Mar/2013:05:32:53 +0100] "GET / HTTP/1.1" 200 12106 "-" "Mozilla/5.0 (compatible; Baiduspider/2.0; +http://www.baidu.com/search/spider.html)"
173.199.120.35 - - [18/Mar/2013:05:33:59 +0100] "GET /lexikon.php?cs_go=3&cs_id=162 HTTP/1.1" 200 9400 "-" "Mozilla/5.0 (compatible; AhrefsBot/4.0; +http://ahrefs.com/robot/)"
141.8.147.12 - - [18/Mar/2013:05:37:36 +0100] "GET /lexikon.php?cs_go=3&cs_id=159 HTTP/1.1" 200 9759 "-" "Mozilla/5.0 (compatible; YandexBot/3.0; +http://yandex.com/bots)"
37.140.141.11 - - [18/Mar/2013:05:37:39 +0100] "GET / HTTP/1.1" 200 12106 "-" "Mozilla/5.0 (compatible; YandexBot/3.0; +http://yandex.com/bots)"
66.249.78.46 - - [18/Mar/2013:05:50:51 +0100] "GET /optiplus.php HTTP/1.1" 200 11100 "-" "Mozilla/5.0 (compatible; Googlebot/2.1; +http://www.google.com/bot.html)"
173.199.120.35 - - [18/Mar/2013:05:52:20 +0100] "GET /lexikon.php?cs_go=3&cs_id=154 HTTP/1.1" 200 8226 "-" "Mozilla/5.0 (compatible; AhrefsBot/4.0; +http://ahrefs.com/robot/)"
173.199.120.35 - - [18/Mar/2013:06:03:06 +0100] "GET /lexikon.php?cs_go=3&cs_id=15 HTTP/1.1" 200 8036 "-" "Mozilla/5.0 (compatible; AhrefsBot/4.0; +http://ahrefs.com/robot/)"
66.249.78.46 - - [18/Mar/2013:06:25:45 +0100] "GET / HTTP/1.1" 200 12106 "-" "Mozilla/5.0 (compatible; Googlebot/2.1; +http://www.google.com/bot.html)"
157.55.32.117 - - [18/Mar/2013:06:30:13 +0100] "GET /robots.txt HTTP/1.1" 200 177 "-" "Mozilla/5.0 (compatible; bingbot/2.0; +http://www.bing.com/bingbot.htm)"
157.55.32.117 - - [18/Mar/2013:06:31:56 +0100] "GET / HTTP/1.1" 200 12106 "-" "Mozilla/5.0 (compatible; bingbot/2.0; +http://www.bing.com/bingbot.htm)"
173.199.120.35 - - [18/Mar/2013:06:53:48 +0100] "GET /lexikon.php?cs_go=3&cs_id=140 HTTP/1.1" 200 8744 "-" "Mozilla/5.0 (compatible; AhrefsBot/4.0; +http://ahrefs.com/robot/)"
65.36.241.79 - - [18/Mar/2013:07:04:43 +0100] "HEAD / HTTP/1.1" 200 - "-" "InternetSeer.com"
141.8.147.12 - - [18/Mar/2013:07:33:33 +0100] "GET /lexikon.php?cs_go=3&cs_id=149 HTTP/1.1" 200 9729 "-" "Mozilla/5.0 (compatible; YandexBot/3.0; +http://yandex.com/bots)"
66.249.78.46 - - [18/Mar/2013:07:47:35 +0100] "GET /news.php?cs_go=archiv&cs_id=3574 HTTP/1.1" 200 11095 "-" "Mozilla/5.0 (compatible; Googlebot/2.1; +http://www.google.com/bot.html)"
93.219.6.143 - - [18/Mar/2013:07:48:19 +0100] "GET /style.css HTTP/1.1" 200 8418 "http://www.mink-gmbh.de/" "Mozilla/5.0 (Windows NT 6.0; rv:19.0) Gecko/20100101 Firefox/19.0"
93.219.6.143 - - [18/Mar/2013:07:48:19 +0100] "GET /modul.css HTTP/1.1" 200 35038 "http://www.mink-gmbh.de/" "Mozilla/5.0 (Windows NT 6.0; rv:19.0) Gecko/20100101 Firefox/19.0"
93.219.6.143 - - [18/Mar/2013:07:48:19 +0100] "GET /js_contentserver24_greybox/gb_styles.css HTTP/1.1" 200 2302 "http://www.mink-gmbh.de/" "Mozilla/5.0 (Windows NT 6.0; rv:19.0) Gecko/20100101 Firefox/19.0"
93.219.6.143 - - [18/Mar/2013:07:48:19 +0100] "GET /js_contentserver24_greybox/AJS.js HTTP/1.1" 200 10396 "http://www.mink-gmbh.de/" "Mozilla/5.0 (Windows NT 6.0; rv:19.0) Gecko/20100101 Firefox/19.0"
93.219.6.143 - - [18/Mar/2013:07:48:19 +0100] "GET /js_contentserver24_greybox/gb_scripts.js HTTP/1.1" 200 11913 "http://www.mink-gmbh.de/" "Mozilla/5.0 (Windows NT 6.0; rv:19.0) Gecko/20100101 Firefox/19.0"
93.219.6.143 - - [18/Mar/2013:07:48:18 +0100] "GET / HTTP/1.1" 200 12106 "http://www.google.de/url?sa=t&rct=j&q=mink&source=web&cd=4&ved=0CEYQFjAD&url=http%3A%2F%2Fwww.mink-gmbh.de%2F&ei=SrhGUf_wCIqStQbMwYDIBQ&usg=AFQjCNFHX4Iglls9oo-KYXTmDUV_5KOVIg&bvm=bv.43828540,d.Yms" "Mozilla/5.0 (Windows NT 6.0; rv:19.0) Gecko/20100101 Firefox/19.0"
93.219.6.143 - - [18/Mar/2013:07:48:19 +0100] "GET /images/freecall.jpg HTTP/1.1" 200 39195 "http://www.mink-gmbh.de/" "Mozilla/5.0 (Windows NT 6.0; rv:19.0) Gecko/20100101 Firefox/19.0"
93.219.6.143 - - [18/Mar/2013:07:48:19 +0100] "GET /images/mail.jpg HTTP/1.1" 200 11165 "http://www.mink-gmbh.de/" "Mozilla/5.0 (Windows NT 6.0; rv:19.0) Gecko/20100101 Firefox/19.0"
93.219.6.143 - - [18/Mar/2013:07:48:19 +0100] "GET /images/kwk.gif HTTP/1.1" 200 6403 "http://www.mink-gmbh.de/" "Mozilla/5.0 (Windows NT 6.0; rv:19.0) Gecko/20100101 Firefox/19.0"
93.219.6.143 - - [18/Mar/2013:07:48:19 +0100] "GET /images/wunschpreis.jpg HTTP/1.1" 200 16767 "http://www.mink-gmbh.de/" "Mozilla/5.0 (Windows NT 6.0; rv:19.0) Gecko/20100101 Firefox/19.0"
93.219.6.143 - - [18/Mar/2013:07:48:19 +0100] "GET /images/logos.jpg HTTP/1.1" 200 15002 "http://www.mink-gmbh.de/" "Mozilla/5.0 (Windows NT 6.0; rv:19.0) Gecko/20100101 Firefox/19.0"
93.219.6.143 - - [18/Mar/2013:07:48:19 +0100] "GET /images/tkw.jpg HTTP/1.1" 200 64031 "http://www.mink-gmbh.de/" "Mozilla/5.0 (Windows NT 6.0; rv:19.0) Gecko/20100101 Firefox/19.0"
93.219.6.143 - - [18/Mar/2013:07:48:19 +0100] "GET /images/bg.jpg HTTP/1.1" 200 345 "http://www.mink-gmbh.de/style.css" "Mozilla/5.0 (Windows NT 6.0; rv:19.0) Gecko/20100101 Firefox/19.0"
93.219.6.143 - - [18/Mar/2013:07:48:19 +0100] "GET /js_contentserver24_greybox/AJS_fx.js HTTP/1.1" 200 3192 "http://www.mink-gmbh.de/" "Mozilla/5.0 (Windows NT 6.0; rv:19.0) Gecko/20100101 Firefox/19.0"
93.219.6.143 - - [18/Mar/2013:07:48:19 +0100] "GET /js_contentserver24_greybox/w_close.gif HTTP/1.1" 200 74 "http://www.mink-gmbh.de/" "Mozilla/5.0 (Windows NT 6.0; rv:19.0) Gecko/20100101 Firefox/19.0"
93.219.6.143 - - [18/Mar/2013:07:48:20 +0100] "GET /images/close.png HTTP/1.1" 200 703 "http://www.mink-gmbh.de/" "Mozilla/5.0 (Windows NT 6.0; rv:19.0) Gecko/20100101 Firefox/19.0"
93.219.6.143 - - [18/Mar/2013:07:48:20 +0100] "GET /images/newsletter_bg.jpg HTTP/1.1" 200 33610 "http://www.mink-gmbh.de/" "Mozilla/5.0 (Windows NT 6.0; rv:19.0) Gecko/20100101 Firefox/19.0"
93.219.6.143 - - [18/Mar/2013:07:48:20 +0100] "GET /images/newsletter.png HTTP/1.1" 200 14619 "http://www.mink-gmbh.de/style.css" "Mozilla/5.0 (Windows NT 6.0; rv:19.0) Gecko/20100101 Firefox/19.0"
93.219.6.143 - - [18/Mar/2013:07:48:20 +0100] "GET /images/wrapperbg.jpg HTTP/1.1" 200 27465 "http://www.mink-gmbh.de/style.css" "Mozilla/5.0 (Windows NT 6.0; rv:19.0) Gecko/20100101 Firefox/19.0"
93.219.6.143 - - [18/Mar/2013:07:48:20 +0100] "GET /images/header.jpg HTTP/1.1" 200 24413 "http://www.mink-gmbh.de/style.css" "Mozilla/5.0 (Windows NT 6.0; rv:19.0) Gecko/20100101 Firefox/19.0"
93.219.6.143 - - [18/Mar/2013:07:48:20 +0100] "GET /images/navibg.png HTTP/1.1" 200 2803 "http://www.mink-gmbh.de/style.css" "Mozilla/5.0 (Windows NT 6.0; rv:19.0) Gecko/20100101 Firefox/19.0"
93.219.6.143 - - [18/Mar/2013:07:48:20 +0100] "GET /images/fallend.png HTTP/1.1" 200 713 "http://www.mink-gmbh.de/modul.css" "Mozilla/5.0 (Windows NT 6.0; rv:19.0) Gecko/20100101 Firefox/19.0"
93.219.6.143 - - [18/Mar/2013:07:48:20 +0100] "GET /images/steigend.png HTTP/1.1" 200 688 "http://www.mink-gmbh.de/modul.css" "Mozilla/5.0 (Windows NT 6.0; rv:19.0) Gecko/20100101 Firefox/19.0"
93.219.6.143 - - [18/Mar/2013:07:48:20 +0100] "GET /images/mobil.jpg HTTP/1.1" 200 25293 "http://www.mink-gmbh.de/style.css" "Mozilla/5.0 (Windows NT 6.0; rv:19.0) Gecko/20100101 Firefox/19.0"
93.219.6.143 - - [18/Mar/2013:07:48:20 +0100] "GET /images/newsletter.jpg HTTP/1.1" 200 13130 "http://www.mink-gmbh.de/style.css" "Mozilla/5.0 (Windows NT 6.0; rv:19.0) Gecko/20100101 Firefox/19.0"
93.219.6.143 - - [18/Mar/2013:07:48:20 +0100] "GET /images/footerbg.jpg HTTP/1.1" 200 2184 "http://www.mink-gmbh.de/style.css" "Mozilla/5.0 (Windows NT 6.0; rv:19.0) Gecko/20100101 Firefox/19.0"
93.219.6.143 - - [18/Mar/2013:07:48:20 +0100] "GET /js_contentserver24_greybox/loader_frame.html?s=0 HTTP/1.1" 200 2084 "http://www.mink-gmbh.de/" "Mozilla/5.0 (Windows NT 6.0; rv:19.0) Gecko/20100101 Firefox/19.0"
93.219.6.143 - - [18/Mar/2013:07:48:20 +0100] "GET /js_contentserver24_greybox/header_bg.gif HTTP/1.1" 200 1188 "http://www.mink-gmbh.de/" "Mozilla/5.0 (Windows NT 6.0; rv:19.0) Gecko/20100101 Firefox/19.0"
93.219.6.143 - - [18/Mar/2013:07:48:20 +0100] "GET /js_contentserver24_greybox/indicator.gif HTTP/1.1" 200 8238 "http://www.mink-gmbh.de/js_contentserver24_greybox/loader_frame.html?s=0" "Mozilla/5.0 (Windows NT 6.0; rv:19.0) Gecko/20100101 Firefox/19.0"
93.219.6.143 - - [18/Mar/2013:07:48:21 +0100] "GET /js_contentserver24_greybox/g_close.gif HTTP/1.1" 200 541 "http://www.mink-gmbh.de/" "Mozilla/5.0 (Windows NT 6.0; rv:19.0) Gecko/20100101 Firefox/19.0"
93.219.6.143 - - [18/Mar/2013:07:48:21 +0100] "GET /favicon.ico HTTP/1.1" 200 3638 "-" "Mozilla/5.0 (Windows NT 6.0; rv:19.0) Gecko/20100101 Firefox/19.0"
93.219.6.143 - - [18/Mar/2013:07:49:29 +0100] "GET /impressum.php HTTP/1.1" 200 8495 "http://www.mink-gmbh.de/" "Mozilla/5.0 (Windows NT 6.0; rv:19.0) Gecko/20100101 Firefox/19.0"
93.219.6.143 - - [18/Mar/2013:07:50:18 +0100] "GET /wunschpreis.php HTTP/1.1" 200 11997 "http://www.mink-gmbh.de/impressum.php" "Mozilla/5.0 (Windows NT 6.0; rv:19.0) Gecko/20100101 Firefox/19.0"
93.219.6.143 - - [18/Mar/2013:07:50:25 +0100] "GET /impressum.php HTTP/1.1" 200 8495 "http://www.mink-gmbh.de/" "Mozilla/5.0 (Windows NT 6.0; rv:19.0) Gecko/20100101 Firefox/19.0"
93.219.6.143 - - [18/Mar/2013:07:50:31 +0100] "GET /preisanfrage.php HTTP/1.1" 200 10647 "http://www.mink-gmbh.de/impressum.php" "Mozilla/5.0 (Windows NT 6.0; rv:19.0) Gecko/20100101 Firefox/19.0"
93.219.6.143 - - [18/Mar/2013:07:50:33 +0100] "GET /impressum.php HTTP/1.1" 200 8495 "http://www.mink-gmbh.de/" "Mozilla/5.0 (Windows NT 6.0; rv:19.0) Gecko/20100101 Firefox/19.0"
93.219.6.143 - - [18/Mar/2013:07:50:34 +0100] "GET / HTTP/1.1" 200 11365 "http://www.google.de/url?sa=t&rct=j&q=mink&source=web&cd=4&ved=0CEYQFjAD&url=http%3A%2F%2Fwww.mink-gmbh.de%2F&ei=SrhGUf_wCIqStQbMwYDIBQ&usg=AFQjCNFHX4Iglls9oo-KYXTmDUV_5KOVIg&bvm=bv.43828540,d.Yms" "Mozilla/5.0 (Windows NT 6.0; rv:19.0) Gecko/20100101 Firefox/19.0"
93.219.6.143 - - [18/Mar/2013:07:51:41 +0100] "GET /kontakt.php HTTP/1.1" 200 9111 "http://www.mink-gmbh.de/" "Mozilla/5.0 (Windows NT 6.0; rv:19.0) Gecko/20100101 Firefox/19.0"
93.219.6.143 - - [18/Mar/2013:07:51:43 +0100] "GET / HTTP/1.1" 200 11365 "http://www.google.de/url?sa=t&rct=j&q=mink&source=web&cd=4&ved=0CEYQFjAD&url=http%3A%2F%2Fwww.mink-gmbh.de%2F&ei=SrhGUf_wCIqStQbMwYDIBQ&usg=AFQjCNFHX4Iglls9oo-KYXTmDUV_5KOVIg&bvm=bv.43828540,d.Yms" "Mozilla/5.0 (Windows NT 6.0; rv:19.0) Gecko/20100101 Firefox/19.0"
93.219.6.143 - - [18/Mar/2013:07:51:46 +0100] "GET /impressum.php HTTP/1.1" 200 8495 "http://www.mink-gmbh.de/" "Mozilla/5.0 (Windows NT 6.0; rv:19.0) Gecko/20100101 Firefox/19.0"
93.219.6.143 - - [18/Mar/2013:07:51:50 +0100] "GET / HTTP/1.1" 200 11365 "http://www.google.de/url?sa=t&rct=j&q=mink&source=web&cd=4&ved=0CEYQFjAD&url=http%3A%2F%2Fwww.mink-gmbh.de%2F&ei=SrhGUf_wCIqStQbMwYDIBQ&usg=AFQjCNFHX4Iglls9oo-KYXTmDUV_5KOVIg&bvm=bv.43828540,d.Yms" "Mozilla/5.0 (Windows NT 6.0; rv:19.0) Gecko/20100101 Firefox/19.0"
66.249.78.46 - - [18/Mar/2013:08:21:26 +0100] "GET /news.php?cs_go=archiv&cs_id=3776&cs_search= HTTP/1.1" 200 13403 "-" "Mozilla/5.0 (compatible; Googlebot/2.1; +http://www.google.com/bot.html)"
173.199.120.35 - - [18/Mar/2013:08:22:45 +0100] "GET /lexikon.php?cs_go=3&cs_id=184 HTTP/1.1" 200 7998 "-" "Mozilla/5.0 (compatible; AhrefsBot/4.0; +http://ahrefs.com/robot/)"
66.249.78.46 - - [18/Mar/2013:08:29:57 +0100] "GET /news.php?cs_go=archiv&cs_id=3733&cs_search= HTTP/1.1" 200 11049 "-" "Mozilla/5.0 (compatible; Googlebot/2.1; +http://www.google.com/bot.html)"
66.249.78.46 - - [18/Mar/2013:09:03:47 +0100] "GET /news.php?cs_go=archiv&cs_id=3851&cs_search= HTTP/1.1" 200 9863 "-" "Mozilla/5.0 (compatible; Googlebot/2.1; +http://www.google.com/bot.html)"
66.249.78.46 - - [18/Mar/2013:09:20:41 +0100] "GET /news.php?cs_go=archiv&cs_id=3847&cs_search= HTTP/1.1" 200 12028 "-" "Mozilla/5.0 (compatible; Googlebot/2.1; +http://www.google.com/bot.html)"
88.73.82.198 - - [18/Mar/2013:09:26:18 +0100] "GET / HTTP/1.1" 200 12095 "http://www.google.de/url?sa=t&rct=j&q=heiz%C3%B6llieferanten%20in%20berlin&source=web&cd=7&sqi=2&ved=0CIkBEBYwBg&url=http%3A%2F%2Fwww.mink-gmbh.de%2F&ei=085GUYPyHcXCswb6toGoBw&usg=AFQjCNFHX4Iglls9oo-KYXTmDUV_5KOVIg" "Mozilla/5.0 (compatible; MSIE 10.0; Windows NT 6.2; WOW64; Trident/6.0; MALNJS)"
88.73.82.198 - - [18/Mar/2013:09:26:19 +0100] "GET /style.css HTTP/1.1" 200 8418 "http://www.mink-gmbh.de/" "Mozilla/5.0 (compatible; MSIE 10.0; Windows NT 6.2; WOW64; Trident/6.0; MALNJS)"
88.73.82.198 - - [18/Mar/2013:09:26:19 +0100] "GET /modul.css HTTP/1.1" 200 35038 "http://www.mink-gmbh.de/" "Mozilla/5.0 (compatible; MSIE 10.0; Windows NT 6.2; WOW64; Trident/6.0; MALNJS)"
88.73.82.198 - - [18/Mar/2013:09:26:19 +0100] "GET /js_contentserver24_greybox/gb_styles.css HTTP/1.1" 200 2302 "http://www.mink-gmbh.de/" "Mozilla/5.0 (compatible; MSIE 10.0; Windows NT 6.2; WOW64; Trident/6.0; MALNJS)"
88.73.82.198 - - [18/Mar/2013:09:26:19 +0100] "GET /js_contentserver24_greybox/AJS.js HTTP/1.1" 200 10396 "http://www.mink-gmbh.de/" "Mozilla/5.0 (compatible; MSIE 10.0; Windows NT 6.2; WOW64; Trident/6.0; MALNJS)"
88.73.82.198 - - [18/Mar/2013:09:26:19 +0100] "GET /js_contentserver24_greybox/AJS_fx.js HTTP/1.1" 200 3192 "http://www.mink-gmbh.de/" "Mozilla/5.0 (compatible; MSIE 10.0; Windows NT 6.2; WOW64; Trident/6.0; MALNJS)"
88.73.82.198 - - [18/Mar/2013:09:26:19 +0100] "GET /js_contentserver24_greybox/gb_scripts.js HTTP/1.1" 200 11913 "http://www.mink-gmbh.de/" "Mozilla/5.0 (compatible; MSIE 10.0; Windows NT 6.2; WOW64; Trident/6.0; MALNJS)"
88.73.82.198 - - [18/Mar/2013:09:26:19 +0100] "GET /images/freecall.jpg HTTP/1.1" 200 39195 "http://www.mink-gmbh.de/" "Mozilla/5.0 (compatible; MSIE 10.0; Windows NT 6.2; WOW64; Trident/6.0; MALNJS)"
88.73.82.198 - - [18/Mar/2013:09:26:19 +0100] "GET /images/mail.jpg HTTP/1.1" 200 11165 "http://www.mink-gmbh.de/" "Mozilla/5.0 (compatible; MSIE 10.0; Windows NT 6.2; WOW64; Trident/6.0; MALNJS)"
88.73.82.198 - - [18/Mar/2013:09:26:19 +0100] "GET /images/kwk.gif HTTP/1.1" 200 6403 "http://www.mink-gmbh.de/" "Mozilla/5.0 (compatible; MSIE 10.0; Windows NT 6.2; WOW64; Trident/6.0; MALNJS)"
88.73.82.198 - - [18/Mar/2013:09:26:19 +0100] "GET /images/wunschpreis.jpg HTTP/1.1" 200 16767 "http://www.mink-gmbh.de/" "Mozilla/5.0 (compatible; MSIE 10.0; Windows NT 6.2; WOW64; Trident/6.0; MALNJS)"
88.73.82.198 - - [18/Mar/2013:09:26:19 +0100] "GET /images/logos.jpg HTTP/1.1" 200 15002 "http://www.mink-gmbh.de/" "Mozilla/5.0 (compatible; MSIE 10.0; Windows NT 6.2; WOW64; Trident/6.0; MALNJS)"
88.73.82.198 - - [18/Mar/2013:09:26:19 +0100] "GET /images/bg.jpg HTTP/1.1" 200 345 "http://www.mink-gmbh.de/" "Mozilla/5.0 (compatible; MSIE 10.0; Windows NT 6.2; WOW64; Trident/6.0; MALNJS)"
88.73.82.198 - - [18/Mar/2013:09:26:19 +0100] "GET /images/tkw.jpg HTTP/1.1" 200 64031 "http://www.mink-gmbh.de/" "Mozilla/5.0 (compatible; MSIE 10.0; Windows NT 6.2; WOW64; Trident/6.0; MALNJS)"
88.73.82.198 - - [18/Mar/2013:09:26:19 +0100] "GET /js_contentserver24_greybox/w_close.gif HTTP/1.1" 200 74 "http://www.mink-gmbh.de/" "Mozilla/5.0 (compatible; MSIE 10.0; Windows NT 6.2; WOW64; Trident/6.0; MALNJS)"
88.73.82.198 - - [18/Mar/2013:09:26:19 +0100] "GET /images/wrapperbg.jpg HTTP/1.1" 200 27465 "http://www.mink-gmbh.de/" "Mozilla/5.0 (compatible; MSIE 10.0; Windows NT 6.2; WOW64; Trident/6.0; MALNJS)"
88.73.82.198 - - [18/Mar/2013:09:26:19 +0100] "GET /images/navibg.png HTTP/1.1" 200 2803 "http://www.mink-gmbh.de/" "Mozilla/5.0 (compatible; MSIE 10.0; Windows NT 6.2; WOW64; Trident/6.0; MALNJS)"
88.73.82.198 - - [18/Mar/2013:09:26:19 +0100] "GET /images/newsletter_bg.jpg HTTP/1.1" 200 33610 "http://www.mink-gmbh.de/" "Mozilla/5.0 (compatible; MSIE 10.0; Windows NT 6.2; WOW64; Trident/6.0; MALNJS)"
88.73.82.198 - - [18/Mar/2013:09:26:19 +0100] "GET /js_contentserver24_greybox/header_bg.gif HTTP/1.1" 200 1188 "http://www.mink-gmbh.de/" "Mozilla/5.0 (compatible; MSIE 10.0; Windows NT 6.2; WOW64; Trident/6.0; MALNJS)"
88.73.82.198 - - [18/Mar/2013:09:26:19 +0100] "GET /images/footerbg.jpg HTTP/1.1" 200 2184 "http://www.mink-gmbh.de/" "Mozilla/5.0 (compatible; MSIE 10.0; Windows NT 6.2; WOW64; Trident/6.0; MALNJS)"
88.73.82.198 - - [18/Mar/2013:09:26:19 +0100] "GET /images/newsletter.jpg HTTP/1.1" 200 13130 "http://www.mink-gmbh.de/" "Mozilla/5.0 (compatible; MSIE 10.0; Windows NT 6.2; WOW64; Trident/6.0; MALNJS)"
88.73.82.198 - - [18/Mar/2013:09:26:19 +0100] "GET /images/mobil.jpg HTTP/1.1" 200 25293 "http://www.mink-gmbh.de/" "Mozilla/5.0 (compatible; MSIE 10.0; Windows NT 6.2; WOW64; Trident/6.0; MALNJS)"
88.73.82.198 - - [18/Mar/2013:09:26:19 +0100] "GET /images/steigend.png HTTP/1.1" 200 688 "http://www.mink-gmbh.de/" "Mozilla/5.0 (compatible; MSIE 10.0; Windows NT 6.2; WOW64; Trident/6.0; MALNJS)"
88.73.82.198 - - [18/Mar/2013:09:26:19 +0100] "GET /images/fallend.png HTTP/1.1" 200 713 "http://www.mink-gmbh.de/" "Mozilla/5.0 (compatible; MSIE 10.0; Windows NT 6.2; WOW64; Trident/6.0; MALNJS)"
88.73.82.198 - - [18/Mar/2013:09:26:19 +0100] "GET /images/header.jpg HTTP/1.1" 200 24413 "http://www.mink-gmbh.de/" "Mozilla/5.0 (compatible; MSIE 10.0; Windows NT 6.2; WOW64; Trident/6.0; MALNJS)"
88.73.82.198 - - [18/Mar/2013:09:26:20 +0100] "GET /images/newsletter.png HTTP/1.1" 200 14619 "http://www.mink-gmbh.de/" "Mozilla/5.0 (compatible; MSIE 10.0; Windows NT 6.2; WOW64; Trident/6.0; MALNJS)"
88.73.82.198 - - [18/Mar/2013:09:26:20 +0100] "GET /images/close.png HTTP/1.1" 200 703 "http://www.mink-gmbh.de/" "Mozilla/5.0 (compatible; MSIE 10.0; Windows NT 6.2; WOW64; Trident/6.0; MALNJS)"
88.73.82.198 - - [18/Mar/2013:09:26:20 +0100] "GET /js_contentserver24_greybox/loader_frame.html?s=0 HTTP/1.1" 200 2084 "http://www.mink-gmbh.de/" "Mozilla/5.0 (compatible; MSIE 10.0; Windows NT 6.2; WOW64; Trident/6.0; MALNJS)"
88.73.82.198 - - [18/Mar/2013:09:26:20 +0100] "GET /js_contentserver24_greybox/indicator.gif HTTP/1.1" 200 8238 "http://www.mink-gmbh.de/js_contentserver24_greybox/loader_frame.html?s=0" "Mozilla/5.0 (compatible; MSIE 10.0; Windows NT 6.2; WOW64; Trident/6.0; MALNJS)"
88.73.82.198 - - [18/Mar/2013:09:26:20 +0100] "GET /js_contentserver24_greybox/g_close.gif HTTP/1.1" 200 541 "http://www.mink-gmbh.de/" "Mozilla/5.0 (compatible; MSIE 10.0; Windows NT 6.2; WOW64; Trident/6.0; MALNJS)"
88.73.82.198 - - [18/Mar/2013:09:26:20 +0100] "GET /favicon.ico HTTP/1.1" 200 3638 "-" "Mozilla/5.0 (compatible; MSIE 10.0; Windows NT 6.2; Win64; x64; Trident/6.0; MALNJS)"
88.73.82.198 - - [18/Mar/2013:09:27:23 +0100] "GET /preisanfrage.php HTTP/1.1" 200 10647 "http://www.mink-gmbh.de/" "Mozilla/5.0 (compatible; MSIE 10.0; Windows NT 6.2; WOW64; Trident/6.0; MALNJS)"
88.73.82.198 - - [18/Mar/2013:09:27:48 +0100] "GET /wunschpreis.php HTTP/1.1" 200 11997 "http://www.mink-gmbh.de/preisanfrage.php" "Mozilla/5.0 (compatible; MSIE 10.0; Windows NT 6.2; WOW64; Trident/6.0; MALNJS)"
90.153.9.250 - - [18/Mar/2013:09:35:30 +0100] "GET /style.css HTTP/1.0" 200 8418 "http://www.mink-gmbh.de/" "Mozilla/4.0 (compatible; MSIE 8.0; Windows NT 5.1; Trident/4.0; .NET CLR 2.0.50727; .NET CLR 3.0.4506.2152; .NET CLR 3.5.30729; InfoPath.2)"
90.153.9.250 - - [18/Mar/2013:09:35:30 +0100] "GET /modul.css HTTP/1.0" 200 35038 "http://www.mink-gmbh.de/" "Mozilla/4.0 (compatible; MSIE 8.0; Windows NT 5.1; Trident/4.0; .NET CLR 2.0.50727; .NET CLR 3.0.4506.2152; .NET CLR 3.5.30729; InfoPath.2)"
90.153.9.250 - - [18/Mar/2013:09:35:30 +0100] "GET /js_contentserver24_greybox/gb_styles.css HTTP/1.0" 200 2302 "http://www.mink-gmbh.de/" "Mozilla/4.0 (compatible; MSIE 8.0; Windows NT 5.1; Trident/4.0; .NET CLR 2.0.50727; .NET CLR 3.0.4506.2152; .NET CLR 3.5.30729; InfoPath.2)"
90.153.9.250 - - [18/Mar/2013:09:35:30 +0100] "GET /js_contentserver24_greybox/AJS.js HTTP/1.0" 200 10396 "http://www.mink-gmbh.de/" "Mozilla/4.0 (compatible; MSIE 8.0; Windows NT 5.1; Trident/4.0; .NET CLR 2.0.50727; .NET CLR 3.0.4506.2152; .NET CLR 3.5.30729; InfoPath.2)"
90.153.9.250 - - [18/Mar/2013:09:35:30 +0100] "GET /js_contentserver24_greybox/AJS_fx.js HTTP/1.0" 200 3192 "http://www.mink-gmbh.de/" "Mozilla/4.0 (compatible; MSIE 8.0; Windows NT 5.1; Trident/4.0; .NET CLR 2.0.50727; .NET CLR 3.0.4506.2152; .NET CLR 3.5.30729; InfoPath.2)"
90.153.9.250 - - [18/Mar/2013:09:35:30 +0100] "GET /js_contentserver24_greybox/gb_scripts.js HTTP/1.0" 200 11913 "http://www.mink-gmbh.de/" "Mozilla/4.0 (compatible; MSIE 8.0; Windows NT 5.1; Trident/4.0; .NET CLR 2.0.50727; .NET CLR 3.0.4506.2152; .NET CLR 3.5.30729; InfoPath.2)"
90.153.9.250 - - [18/Mar/2013:09:35:30 +0100] "GET /images/bg.jpg HTTP/1.0" 200 345 "http://www.mink-gmbh.de/" "Mozilla/4.0 (compatible; MSIE 8.0; Windows NT 5.1; Trident/4.0; .NET CLR 2.0.50727; .NET CLR 3.0.4506.2152; .NET CLR 3.5.30729; InfoPath.2)"
90.153.9.250 - - [18/Mar/2013:09:35:29 +0100] "GET / HTTP/1.0" 200 12089 "http://www.google.de/url?sa=t&rct=j&q=mink&source=web&cd=5&ved=0CFEQFjAE&url=http%3A%2F%2Fwww.mink-gmbh.de%2F&ei=aNFGUez_B4WvO_ujgLgJ&usg=AFQjCNFHX4Iglls9oo-KYXTmDUV_5KOVIg&bvm=bv.43828540,d.d2k" "Mozilla/4.0 (compatible; MSIE 8.0; Windows NT 5.1; Trident/4.0; .NET CLR 2.0.50727; .NET CLR 3.0.4506.2152; .NET CLR 3.5.30729; InfoPath.2)"
90.153.9.250 - - [18/Mar/2013:09:35:30 +0100] "GET /js_contentserver24_greybox/w_close.gif HTTP/1.0" 200 74 "http://www.mink-gmbh.de/" "Mozilla/4.0 (compatible; MSIE 8.0; Windows NT 5.1; Trident/4.0; .NET CLR 2.0.50727; .NET CLR 3.0.4506.2152; .NET CLR 3.5.30729; InfoPath.2)"
90.153.9.250 - - [18/Mar/2013:09:35:30 +0100] "GET /images/navibg.png HTTP/1.0" 200 2803 "http://www.mink-gmbh.de/" "Mozilla/4.0 (compatible; MSIE 8.0; Windows NT 5.1; Trident/4.0; .NET CLR 2.0.50727; .NET CLR 3.0.4506.2152; .NET CLR 3.5.30729; InfoPath.2)"
90.153.9.250 - - [18/Mar/2013:09:35:30 +0100] "GET /images/newsletter.png HTTP/1.0" 200 14619 "http://www.mink-gmbh.de/" "Mozilla/4.0 (compatible; MSIE 8.0; Windows NT 5.1; Trident/4.0; .NET CLR 2.0.50727; .NET CLR 3.0.4506.2152; .NET CLR 3.5.30729; InfoPath.2)"
90.153.9.250 - - [18/Mar/2013:09:35:30 +0100] "GET /images/header.jpg HTTP/1.0" 200 24413 "http://www.mink-gmbh.de/" "Mozilla/4.0 (compatible; MSIE 8.0; Windows NT 5.1; Trident/4.0; .NET CLR 2.0.50727; .NET CLR 3.0.4506.2152; .NET CLR 3.5.30729; InfoPath.2)"
90.153.9.250 - - [18/Mar/2013:09:35:30 +0100] "GET /images/close.png HTTP/1.0" 200 703 "http://www.mink-gmbh.de/" "Mozilla/4.0 (compatible; MSIE 8.0; Windows NT 5.1; Trident/4.0; .NET CLR 2.0.50727; .NET CLR 3.0.4506.2152; .NET CLR 3.5.30729; InfoPath.2)"
90.153.9.250 - - [18/Mar/2013:09:35:30 +0100] "GET /images/fallend.png HTTP/1.0" 200 713 "http://www.mink-gmbh.de/" "Mozilla/4.0 (compatible; MSIE 8.0; Windows NT 5.1; Trident/4.0; .NET CLR 2.0.50727; .NET CLR 3.0.4506.2152; .NET CLR 3.5.30729; InfoPath.2)"
90.153.9.250 - - [18/Mar/2013:09:35:30 +0100] "GET /images/newsletter_bg.jpg HTTP/1.0" 200 33610 "http://www.mink-gmbh.de/" "Mozilla/4.0 (compatible; MSIE 8.0; Windows NT 5.1; Trident/4.0; .NET CLR 2.0.50727; .NET CLR 3.0.4506.2152; .NET CLR 3.5.30729; InfoPath.2)"
90.153.9.250 - - [18/Mar/2013:09:35:30 +0100] "GET /images/wrapperbg.jpg HTTP/1.0" 200 27465 "http://www.mink-gmbh.de/" "Mozilla/4.0 (compatible; MSIE 8.0; Windows NT 5.1; Trident/4.0; .NET CLR 2.0.50727; .NET CLR 3.0.4506.2152; .NET CLR 3.5.30729; InfoPath.2)"
90.153.9.250 - - [18/Mar/2013:09:35:30 +0100] "GET /js_contentserver24_greybox/header_bg.gif HTTP/1.0" 200 1188 "http://www.mink-gmbh.de/" "Mozilla/4.0 (compatible; MSIE 8.0; Windows NT 5.1; Trident/4.0; .NET CLR 2.0.50727; .NET CLR 3.0.4506.2152; .NET CLR 3.5.30729; InfoPath.2)"
90.153.9.250 - - [18/Mar/2013:09:35:30 +0100] "GET /images/freecall.jpg HTTP/1.0" 200 39195 "http://www.mink-gmbh.de/" "Mozilla/4.0 (compatible; MSIE 8.0; Windows NT 5.1; Trident/4.0; .NET CLR 2.0.50727; .NET CLR 3.0.4506.2152; .NET CLR 3.5.30729; InfoPath.2)"
90.153.9.250 - - [18/Mar/2013:09:35:30 +0100] "GET /images/mail.jpg HTTP/1.0" 200 11165 "http://www.mink-gmbh.de/" "Mozilla/4.0 (compatible; MSIE 8.0; Windows NT 5.1; Trident/4.0; .NET CLR 2.0.50727; .NET CLR 3.0.4506.2152; .NET CLR 3.5.30729; InfoPath.2)"
90.153.9.250 - - [18/Mar/2013:09:35:30 +0100] "GET /images/wunschpreis.jpg HTTP/1.0" 200 16767 "http://www.mink-gmbh.de/" "Mozilla/4.0 (compatible; MSIE 8.0; Windows NT 5.1; Trident/4.0; .NET CLR 2.0.50727; .NET CLR 3.0.4506.2152; .NET CLR 3.5.30729; InfoPath.2)"
90.153.9.250 - - [18/Mar/2013:09:35:30 +0100] "GET /images/logos.jpg HTTP/1.0" 200 15002 "http://www.mink-gmbh.de/" "Mozilla/4.0 (compatible; MSIE 8.0; Windows NT 5.1; Trident/4.0; .NET CLR 2.0.50727; .NET CLR 3.0.4506.2152; .NET CLR 3.5.30729; InfoPath.2)"
90.153.9.250 - - [18/Mar/2013:09:35:30 +0100] "GET /images/tkw.jpg HTTP/1.0" 200 64031 "http://www.mink-gmbh.de/" "Mozilla/4.0 (compatible; MSIE 8.0; Windows NT 5.1; Trident/4.0; .NET CLR 2.0.50727; .NET CLR 3.0.4506.2152; .NET CLR 3.5.30729; InfoPath.2)"
90.153.9.250 - - [18/Mar/2013:09:35:30 +0100] "GET /images/mobil.jpg HTTP/1.0" 200 25293 "http://www.mink-gmbh.de/" "Mozilla/4.0 (compatible; MSIE 8.0; Windows NT 5.1; Trident/4.0; .NET CLR 2.0.50727; .NET CLR 3.0.4506.2152; .NET CLR 3.5.30729; InfoPath.2)"
90.153.9.250 - - [18/Mar/2013:09:35:30 +0100] "GET /images/newsletter.jpg HTTP/1.0" 200 13130 "http://www.mink-gmbh.de/" "Mozilla/4.0 (compatible; MSIE 8.0; Windows NT 5.1; Trident/4.0; .NET CLR 2.0.50727; .NET CLR 3.0.4506.2152; .NET CLR 3.5.30729; InfoPath.2)"
90.153.9.250 - - [18/Mar/2013:09:35:30 +0100] "GET /images/footerbg.jpg HTTP/1.0" 200 2184 "http://www.mink-gmbh.de/" "Mozilla/4.0 (compatible; MSIE 8.0; Windows NT 5.1; Trident/4.0; .NET CLR 2.0.50727; .NET CLR 3.0.4506.2152; .NET CLR 3.5.30729; InfoPath.2)"
90.153.9.250 - - [18/Mar/2013:09:35:30 +0100] "GET /images/kwk.gif HTTP/1.0" 200 6403 "http://www.mink-gmbh.de/" "Mozilla/4.0 (compatible; MSIE 8.0; Windows NT 5.1; Trident/4.0; .NET CLR 2.0.50727; .NET CLR 3.0.4506.2152; .NET CLR 3.5.30729; InfoPath.2)"
90.153.9.250 - - [18/Mar/2013:09:35:30 +0100] "GET /images/steigend.png HTTP/1.0" 200 688 "http://www.mink-gmbh.de/" "Mozilla/4.0 (compatible; MSIE 8.0; Windows NT 5.1; Trident/4.0; .NET CLR 2.0.50727; .NET CLR 3.0.4506.2152; .NET CLR 3.5.30729; InfoPath.2)"
90.153.9.250 - - [18/Mar/2013:09:35:31 +0100] "GET /js_contentserver24_greybox/loader_frame.html?s=0 HTTP/1.0" 200 2084 "http://www.mink-gmbh.de/" "Mozilla/4.0 (compatible; MSIE 8.0; Windows NT 5.1; Trident/4.0; .NET CLR 2.0.50727; .NET CLR 3.0.4506.2152; .NET CLR 3.5.30729; InfoPath.2)"
90.153.9.250 - - [18/Mar/2013:09:35:31 +0100] "GET /js_contentserver24_greybox/indicator.gif HTTP/1.0" 200 8238 "http://www.mink-gmbh.de/js_contentserver24_greybox/loader_frame.html?s=0" "Mozilla/4.0 (compatible; MSIE 8.0; Windows NT 5.1; Trident/4.0; .NET CLR 2.0.50727; .NET CLR 3.0.4506.2152; .NET CLR 3.5.30729; InfoPath.2)"
90.153.9.250 - - [18/Mar/2013:09:35:31 +0100] "GET /favicon.ico HTTP/1.0" 200 3638 "-" "Mozilla/4.0 (compatible; MSIE 8.0; Windows NT 5.1; Trident/4.0; .NET CLR 2.0.50727; .NET CLR 3.0.4506.2152; .NET CLR 3.5.30729; InfoPath.2)"
90.153.9.250 - - [18/Mar/2013:09:35:31 +0100] "GET /js_contentserver24_greybox/g_close.gif HTTP/1.0" 200 541 "http://www.mink-gmbh.de/" "Mozilla/4.0 (compatible; MSIE 8.0; Windows NT 5.1; Trident/4.0; .NET CLR 2.0.50727; .NET CLR 3.0.4506.2152; .NET CLR 3.5.30729; InfoPath.2)"
65.55.213.245 - - [18/Mar/2013:09:58:53 +0100] "GET /trafficbasedsspsitemap.xml HTTP/1.1" 404 - "-" "Mozilla/5.0 (compatible; bingbot/2.0; +http://www.bing.com/bingbot.htm) SitemapProbe"
66.249.75.49 - - [18/Mar/2013:10:03:00 +0100] "GET /news.php?cs_go=archiv&cs_id=3288&cs_search= HTTP/1.1" 200 9920 "-" "Mozilla/5.0 (compatible; Googlebot/2.1; +http://www.google.com/bot.html)"
217.227.35.221 - - [18/Mar/2013:10:11:24 +0100] "GET /style.css HTTP/1.1" 200 8418 "http://www.mink-gmbh.de/" "Mozilla/5.0 (Windows NT 5.1; rv:19.0) Gecko/20100101 Firefox/19.0"
217.227.35.221 - - [18/Mar/2013:10:11:24 +0100] "GET /favicon.ico HTTP/1.1" 200 3638 "-" "Mozilla/5.0 (Windows NT 5.1; rv:19.0) Gecko/20100101 Firefox/19.0"
217.227.35.221 - - [18/Mar/2013:10:11:24 +0100] "GET /js_contentserver24_greybox/gb_styles.css HTTP/1.1" 200 2302 "http://www.mink-gmbh.de/" "Mozilla/5.0 (Windows NT 5.1; rv:19.0) Gecko/20100101 Firefox/19.0"
217.227.35.221 - - [18/Mar/2013:10:11:24 +0100] "GET /js_contentserver24_greybox/AJS.js HTTP/1.1" 200 10396 "http://www.mink-gmbh.de/" "Mozilla/5.0 (Windows NT 5.1; rv:19.0) Gecko/20100101 Firefox/19.0"
217.227.35.221 - - [18/Mar/2013:10:11:24 +0100] "GET /js_contentserver24_greybox/AJS_fx.js HTTP/1.1" 200 3192 "http://www.mink-gmbh.de/" "Mozilla/5.0 (Windows NT 5.1; rv:19.0) Gecko/20100101 Firefox/19.0"
217.227.35.221 - - [18/Mar/2013:10:11:24 +0100] "GET /js_contentserver24_greybox/gb_scripts.js HTTP/1.1" 200 11913 "http://www.mink-gmbh.de/" "Mozilla/5.0 (Windows NT 5.1; rv:19.0) Gecko/20100101 Firefox/19.0"
217.227.35.221 - - [18/Mar/2013:10:11:24 +0100] "GET /modul.css HTTP/1.1" 200 35038 "http://www.mink-gmbh.de/" "Mozilla/5.0 (Windows NT 5.1; rv:19.0) Gecko/20100101 Firefox/19.0"
