188.162.14.123 - - [04/Mar/2013:11:44:18 +0100] "GET /images/kwk.gif HTTP/1.1" 200 6403 "http://www.mink-gmbh.de/" "Mozilla/5.0 (Windows NT 6.2; WOW64) AppleWebKit/537.22 (KHTML, like Gecko) Chrome/25.0.1364.97 Safari/537.22"
188.162.14.123 - - [04/Mar/2013:11:44:18 +0100] "GET /images/logos.jpg HTTP/1.1" 200 15002 "http://www.mink-gmbh.de/" "Mozilla/5.0 (Windows NT 6.2; WOW64) AppleWebKit/537.22 (KHTML, like Gecko) Chrome/25.0.1364.97 Safari/537.22"
188.162.14.123 - - [04/Mar/2013:11:44:18 +0100] "GET /images/wunschpreis.jpg HTTP/1.1" 200 16767 "http://www.mink-gmbh.de/" "Mozilla/5.0 (Windows NT 6.2; WOW64) AppleWebKit/537.22 (KHTML, like Gecko) Chrome/25.0.1364.97 Safari/537.22"
188.162.14.123 - - [04/Mar/2013:11:44:18 +0100] "GET /images/footerbg.jpg HTTP/1.1" 200 2184 "http://www.mink-gmbh.de/" "Mozilla/5.0 (Windows NT 6.2; WOW64) AppleWebKit/537.22 (KHTML, like Gecko) Chrome/25.0.1364.97 Safari/537.22"
188.162.14.123 - - [04/Mar/2013:11:44:18 +0100] "GET /js_contentserver24_greybox/header_bg.gif HTTP/1.1" 200 1188 "http://www.mink-gmbh.de/" "Mozilla/5.0 (Windows NT 6.2; WOW64) AppleWebKit/537.22 (KHTML, like Gecko) Chrome/25.0.1364.97 Safari/537.22"
188.162.14.123 - - [04/Mar/2013:11:44:18 +0100] "GET /js_contentserver24_greybox/indicator.gif HTTP/1.1" 200 8238 "http://www.mink-gmbh.de/js_contentserver24_greybox/loader_frame.html?s=0" "Mozilla/5.0 (Windows NT 6.2; WOW64) AppleWebKit/537.22 (KHTML, like Gecko) Chrome/25.0.1364.97 Safari/537.22"
188.162.14.123 - - [04/Mar/2013:11:44:21 +0100] "GET /js_contentserver24_greybox/g_close.gif HTTP/1.1" 200 541 "http://www.mink-gmbh.de/" "Mozilla/5.0 (Windows NT 6.2; WOW64) AppleWebKit/537.22 (KHTML, like Gecko) Chrome/25.0.1364.97 Safari/537.22"
188.162.14.123 - - [04/Mar/2013:11:44:21 +0100] "GET /favicon.ico HTTP/1.1" 200 3638 "-" "Mozilla/5.0 (Windows NT 6.2; WOW64) AppleWebKit/537.22 (KHTML, like Gecko) Chrome/25.0.1364.97 Safari/537.22"
188.103.201.156 - - [04/Mar/2013:11:46:00 +0100] "GET / HTTP/1.1" 200 15286 "http://suche.web.de/web?origin=serp_sf_atf&q=www.mink-gmbh.de&search=Suche" "Mozilla/5.0 (compatible; MSIE 9.0; Windows NT 6.1; WOW64; Trident/5.0)"
188.103.201.156 - - [04/Mar/2013:11:46:13 +0100] "GET /modernisierung.php HTTP/1.1" 200 11491 "http://my.contentserver24.de/content.php?key=8cbfc89c6095570b423d&cs_mid=22&cs_go=popupcontent" "Mozilla/5.0 (compatible; MSIE 9.0; Windows NT 6.1; WOW64; Trident/5.0)"
188.103.201.156 - - [04/Mar/2013:11:46:21 +0100] "GET / HTTP/1.1" 200 14545 "http://suche.web.de/web?origin=serp_sf_atf&q=www.mink-gmbh.de&search=Suche" "Mozilla/5.0 (compatible; MSIE 9.0; Windows NT 6.1; WOW64; Trident/5.0)"
188.103.201.156 - - [04/Mar/2013:11:46:57 +0100] "GET /news.php?cs_go=archiv&cs_id=3983 HTTP/1.1" 200 9909 "http://www.mink-gmbh.de/" "Mozilla/5.0 (compatible; MSIE 9.0; Windows NT 6.1; WOW64; Trident/5.0)"
188.103.201.156 - - [04/Mar/2013:11:56:55 +0100] "GET / HTTP/1.1" 200 14545 "http://suche.web.de/web?origin=serp_sf_atf&q=www.mink-gmbh.de&search=Suche" "Mozilla/5.0 (compatible; MSIE 9.0; Windows NT 6.1; WOW64; Trident/5.0)"
65.36.241.79 - - [04/Mar/2013:12:02:18 +0100] "HEAD / HTTP/1.1" 200 - "-" "InternetSeer.com"
87.160.202.94 - - [04/Mar/2013:12:05:56 +0100] "GET /optiplus.php HTTP/1.1" 200 11100 "http://suche.web.de/web?origin=HP&q=Mink+Heiz%C3%B6l&jsenabled=true" "Mozilla/5.0 (Windows NT 5.1; rv:16.0) Gecko/20100101 Firefox/16.0"
87.160.202.94 - - [04/Mar/2013:12:05:56 +0100] "GET /style.css HTTP/1.1" 200 8418 "http://www.mink-gmbh.de/optiplus.php" "Mozilla/5.0 (Windows NT 5.1; rv:16.0) Gecko/20100101 Firefox/16.0"
87.160.202.94 - - [04/Mar/2013:12:05:56 +0100] "GET /images/Optiseite.jpg HTTP/1.1" 200 32107 "http://www.mink-gmbh.de/optiplus.php" "Mozilla/5.0 (Windows NT 5.1; rv:16.0) Gecko/20100101 Firefox/16.0"
87.160.202.94 - - [04/Mar/2013:12:05:56 +0100] "GET /images/mail.jpg HTTP/1.1" 200 11165 "http://www.mink-gmbh.de/optiplus.php" "Mozilla/5.0 (Windows NT 5.1; rv:16.0) Gecko/20100101 Firefox/16.0"
87.160.202.94 - - [04/Mar/2013:12:05:56 +0100] "GET /images/kwk.gif HTTP/1.1" 200 6403 "http://www.mink-gmbh.de/optiplus.php" "Mozilla/5.0 (Windows NT 5.1; rv:16.0) Gecko/20100101 Firefox/16.0"
87.160.202.94 - - [04/Mar/2013:12:05:56 +0100] "GET /images/wunschpreis.jpg HTTP/1.1" 200 16767 "http://www.mink-gmbh.de/optiplus.php" "Mozilla/5.0 (Windows NT 5.1; rv:16.0) Gecko/20100101 Firefox/16.0"
87.160.202.94 - - [04/Mar/2013:12:05:56 +0100] "GET /images/logos.jpg HTTP/1.1" 200 15002 "http://www.mink-gmbh.de/optiplus.php" "Mozilla/5.0 (Windows NT 5.1; rv:16.0) Gecko/20100101 Firefox/16.0"
87.160.202.94 - - [04/Mar/2013:12:05:56 +0100] "GET /modul.css HTTP/1.1" 200 35038 "http://www.mink-gmbh.de/optiplus.php" "Mozilla/5.0 (Windows NT 5.1; rv:16.0) Gecko/20100101 Firefox/16.0"
87.160.202.94 - - [04/Mar/2013:12:05:56 +0100] "GET /images/optiplus.jpg HTTP/1.1" 200 37436 "http://www.mink-gmbh.de/optiplus.php" "Mozilla/5.0 (Windows NT 5.1; rv:16.0) Gecko/20100101 Firefox/16.0"
87.160.202.94 - - [04/Mar/2013:12:05:56 +0100] "GET /images/freecall.jpg HTTP/1.1" 200 39195 "http://www.mink-gmbh.de/optiplus.php" "Mozilla/5.0 (Windows NT 5.1; rv:16.0) Gecko/20100101 Firefox/16.0"
87.160.202.94 - - [04/Mar/2013:12:05:58 +0100] "GET /images/bg.jpg HTTP/1.1" 200 345 "http://www.mink-gmbh.de/style.css" "Mozilla/5.0 (Windows NT 5.1; rv:16.0) Gecko/20100101 Firefox/16.0"
87.160.202.94 - - [04/Mar/2013:12:05:58 +0100] "GET /images/close.png HTTP/1.1" 200 703 "http://www.mink-gmbh.de/optiplus.php" "Mozilla/5.0 (Windows NT 5.1; rv:16.0) Gecko/20100101 Firefox/16.0"
87.160.202.94 - - [04/Mar/2013:12:05:58 +0100] "GET /images/newsletter_bg.jpg HTTP/1.1" 200 33610 "http://www.mink-gmbh.de/optiplus.php" "Mozilla/5.0 (Windows NT 5.1; rv:16.0) Gecko/20100101 Firefox/16.0"
87.160.202.94 - - [04/Mar/2013:12:05:58 +0100] "GET /images/newsletter.png HTTP/1.1" 200 14619 "http://www.mink-gmbh.de/style.css" "Mozilla/5.0 (Windows NT 5.1; rv:16.0) Gecko/20100101 Firefox/16.0"
87.160.202.94 - - [04/Mar/2013:12:05:58 +0100] "GET /images/navibg.png HTTP/1.1" 200 2803 "http://www.mink-gmbh.de/style.css" "Mozilla/5.0 (Windows NT 5.1; rv:16.0) Gecko/20100101 Firefox/16.0"
87.160.202.94 - - [04/Mar/2013:12:05:58 +0100] "GET /images/header.jpg HTTP/1.1" 200 24413 "http://www.mink-gmbh.de/style.css" "Mozilla/5.0 (Windows NT 5.1; rv:16.0) Gecko/20100101 Firefox/16.0"
87.160.202.94 - - [04/Mar/2013:12:05:58 +0100] "GET /images/wrapperbg.jpg HTTP/1.1" 200 27465 "http://www.mink-gmbh.de/style.css" "Mozilla/5.0 (Windows NT 5.1; rv:16.0) Gecko/20100101 Firefox/16.0"
87.160.202.94 - - [04/Mar/2013:12:05:58 +0100] "GET /images/footerbg.jpg HTTP/1.1" 200 2184 "http://www.mink-gmbh.de/style.css" "Mozilla/5.0 (Windows NT 5.1; rv:16.0) Gecko/20100101 Firefox/16.0"
87.160.202.94 - - [04/Mar/2013:12:05:58 +0100] "GET /favicon.ico HTTP/1.1" 200 3638 "-" "Mozilla/5.0 (Windows NT 5.1; rv:16.0) Gecko/20100101 Firefox/16.0"
87.160.202.94 - - [04/Mar/2013:12:06:34 +0100] "GET / HTTP/1.1" 200 14630 "http://suche.web.de/web?origin=HP&q=Mink+Heiz%C3%B6l&jsenabled=true" "Mozilla/5.0 (Windows NT 5.1; rv:16.0) Gecko/20100101 Firefox/16.0"
87.160.202.94 - - [04/Mar/2013:12:06:35 +0100] "GET /images/tkw.jpg HTTP/1.1" 200 64031 "http://www.mink-gmbh.de/" "Mozilla/5.0 (Windows NT 5.1; rv:16.0) Gecko/20100101 Firefox/16.0"
87.160.202.94 - - [04/Mar/2013:12:06:35 +0100] "GET /images/fallend.png HTTP/1.1" 200 713 "http://www.mink-gmbh.de/modul.css" "Mozilla/5.0 (Windows NT 5.1; rv:16.0) Gecko/20100101 Firefox/16.0"
87.160.202.94 - - [04/Mar/2013:12:06:35 +0100] "GET /images/steigend.png HTTP/1.1" 200 688 "http://www.mink-gmbh.de/modul.css" "Mozilla/5.0 (Windows NT 5.1; rv:16.0) Gecko/20100101 Firefox/16.0"
87.160.202.94 - - [04/Mar/2013:12:06:35 +0100] "GET /images/mobil.jpg HTTP/1.1" 200 25293 "http://www.mink-gmbh.de/style.css" "Mozilla/5.0 (Windows NT 5.1; rv:16.0) Gecko/20100101 Firefox/16.0"
87.160.202.94 - - [04/Mar/2013:12:06:35 +0100] "GET /images/newsletter.jpg HTTP/1.1" 200 13130 "http://www.mink-gmbh.de/style.css" "Mozilla/5.0 (Windows NT 5.1; rv:16.0) Gecko/20100101 Firefox/16.0"
188.103.201.156 - - [04/Mar/2013:12:21:08 +0100] "GET /preisanfrage.php HTTP/1.1" 200 10647 "http://www.mink-gmbh.de/" "Mozilla/5.0 (compatible; MSIE 9.0; Windows NT 6.1; WOW64; Trident/5.0)"
188.103.201.156 - - [04/Mar/2013:12:23:57 +0100] "POST /preisanfrage.php HTTP/1.1" 200 10872 "http://www.mink-gmbh.de/preisanfrage.php" "Mozilla/5.0 (compatible; MSIE 9.0; Windows NT 6.1; WOW64; Trident/5.0)"
91.66.253.67 - - [04/Mar/2013:12:24:02 +0100] "GET /style.css HTTP/1.1" 200 8418 "http://www.mink-gmbh.de/" "Mozilla/5.0 (Windows NT 6.2; WOW64) AppleWebKit/537.22 (KHTML, like Gecko) Chrome/25.0.1364.97 Safari/537.22"
91.66.253.67 - - [04/Mar/2013:12:24:02 +0100] "GET /js_contentserver24_greybox/gb_styles.css HTTP/1.1" 200 2302 "http://www.mink-gmbh.de/" "Mozilla/5.0 (Windows NT 6.2; WOW64) AppleWebKit/537.22 (KHTML, like Gecko) Chrome/25.0.1364.97 Safari/537.22"
91.66.253.67 - - [04/Mar/2013:12:24:02 +0100] "GET /js_contentserver24_greybox/AJS.js HTTP/1.1" 200 10396 "http://www.mink-gmbh.de/" "Mozilla/5.0 (Windows NT 6.2; WOW64) AppleWebKit/537.22 (KHTML, like Gecko) Chrome/25.0.1364.97 Safari/537.22"
91.66.253.67 - - [04/Mar/2013:12:24:02 +0100] "GET /js_contentserver24_greybox/AJS_fx.js HTTP/1.1" 200 3192 "http://www.mink-gmbh.de/" "Mozilla/5.0 (Windows NT 6.2; WOW64) AppleWebKit/537.22 (KHTML, like Gecko) Chrome/25.0.1364.97 Safari/537.22"
91.66.253.67 - - [04/Mar/2013:12:24:02 +0100] "GET /js_contentserver24_greybox/gb_scripts.js HTTP/1.1" 200 11913 "http://www.mink-gmbh.de/" "Mozilla/5.0 (Windows NT 6.2; WOW64) AppleWebKit/537.22 (KHTML, like Gecko) Chrome/25.0.1364.97 Safari/537.22"
91.66.253.67 - - [04/Mar/2013:12:24:02 +0100] "GET /modul.css HTTP/1.1" 200 35038 "http://www.mink-gmbh.de/" "Mozilla/5.0 (Windows NT 6.2; WOW64) AppleWebKit/537.22 (KHTML, like Gecko) Chrome/25.0.1364.97 Safari/537.22"
91.66.253.67 - - [04/Mar/2013:12:24:02 +0100] "GET /images/bg.jpg HTTP/1.1" 200 345 "http://www.mink-gmbh.de/" "Mozilla/5.0 (Windows NT 6.2; WOW64) AppleWebKit/537.22 (KHTML, like Gecko) Chrome/25.0.1364.97 Safari/537.22"
91.66.253.67 - - [04/Mar/2013:12:24:02 +0100] "GET /js_contentserver24_greybox/w_close.gif HTTP/1.1" 200 74 "http://www.mink-gmbh.de/" "Mozilla/5.0 (Windows NT 6.2; WOW64) AppleWebKit/537.22 (KHTML, like Gecko) Chrome/25.0.1364.97 Safari/537.22"
91.66.253.67 - - [04/Mar/2013:12:24:02 +0100] "GET /images/close.png HTTP/1.1" 200 703 "http://www.mink-gmbh.de/" "Mozilla/5.0 (Windows NT 6.2; WOW64) AppleWebKit/537.22 (KHTML, like Gecko) Chrome/25.0.1364.97 Safari/537.22"
91.66.253.67 - - [04/Mar/2013:12:24:02 +0100] "GET /images/newsletter_bg.jpg HTTP/1.1" 200 33610 "http://www.mink-gmbh.de/" "Mozilla/5.0 (Windows NT 6.2; WOW64) AppleWebKit/537.22 (KHTML, like Gecko) Chrome/25.0.1364.97 Safari/537.22"
91.66.253.67 - - [04/Mar/2013:12:24:02 +0100] "GET /images/newsletter.png HTTP/1.1" 200 14619 "http://www.mink-gmbh.de/" "Mozilla/5.0 (Windows NT 6.2; WOW64) AppleWebKit/537.22 (KHTML, like Gecko) Chrome/25.0.1364.97 Safari/537.22"
91.66.253.67 - - [04/Mar/2013:12:24:02 +0100] "GET /images/wrapperbg.jpg HTTP/1.1" 200 27465 "http://www.mink-gmbh.de/" "Mozilla/5.0 (Windows NT 6.2; WOW64) AppleWebKit/537.22 (KHTML, like Gecko) Chrome/25.0.1364.97 Safari/537.22"
91.66.253.67 - - [04/Mar/2013:12:24:02 +0100] "GET /images/header.jpg HTTP/1.1" 200 24413 "http://www.mink-gmbh.de/" "Mozilla/5.0 (Windows NT 6.2; WOW64) AppleWebKit/537.22 (KHTML, like Gecko) Chrome/25.0.1364.97 Safari/537.22"
91.66.253.67 - - [04/Mar/2013:12:24:02 +0100] "GET /images/navibg.png HTTP/1.1" 200 2803 "http://www.mink-gmbh.de/" "Mozilla/5.0 (Windows NT 6.2; WOW64) AppleWebKit/537.22 (KHTML, like Gecko) Chrome/25.0.1364.97 Safari/537.22"
91.66.253.67 - - [04/Mar/2013:12:24:02 +0100] "GET /images/fallend.png HTTP/1.1" 200 713 "http://www.mink-gmbh.de/" "Mozilla/5.0 (Windows NT 6.2; WOW64) AppleWebKit/537.22 (KHTML, like Gecko) Chrome/25.0.1364.97 Safari/537.22"
91.66.253.67 - - [04/Mar/2013:12:24:02 +0100] "GET /images/steigend.png HTTP/1.1" 200 688 "http://www.mink-gmbh.de/" "Mozilla/5.0 (Windows NT 6.2; WOW64) AppleWebKit/537.22 (KHTML, like Gecko) Chrome/25.0.1364.97 Safari/537.22"
91.66.253.67 - - [04/Mar/2013:12:24:02 +0100] "GET /images/mobil.jpg HTTP/1.1" 200 25293 "http://www.mink-gmbh.de/" "Mozilla/5.0 (Windows NT 6.2; WOW64) AppleWebKit/537.22 (KHTML, like Gecko) Chrome/25.0.1364.97 Safari/537.22"
91.66.253.67 - - [04/Mar/2013:12:24:02 +0100] "GET /images/newsletter.jpg HTTP/1.1" 200 13130 "http://www.mink-gmbh.de/" "Mozilla/5.0 (Windows NT 6.2; WOW64) AppleWebKit/537.22 (KHTML, like Gecko) Chrome/25.0.1364.97 Safari/537.22"
91.66.253.67 - - [04/Mar/2013:12:24:02 +0100] "GET / HTTP/1.1" 200 15286 "http://www.google.de/url?sa=t&rct=j&q=mink%20oel%20berlin&source=web&cd=1&ved=0CDwQoAIwAA&url=http%3A%2F%2Fwww.mink-gmbh.de%2F&ei=uYM0UafiJsTItAb35YDABw&usg=AFQjCNFHX4Iglls9oo-KYXTmDUV_5KOVIg&bvm=bv.43148975,d.Yms" "Mozilla/5.0 (Windows NT 6.2; WOW64) AppleWebKit/537.22 (KHTML, like Gecko) Chrome/25.0.1364.97 Safari/537.22"
91.66.253.67 - - [04/Mar/2013:12:24:03 +0100] "GET /images/freecall.jpg HTTP/1.1" 200 39195 "http://www.mink-gmbh.de/" "Mozilla/5.0 (Windows NT 6.2; WOW64) AppleWebKit/537.22 (KHTML, like Gecko) Chrome/25.0.1364.97 Safari/537.22"
91.66.253.67 - - [04/Mar/2013:12:24:02 +0100] "GET /images/tkw.jpg HTTP/1.1" 200 64031 "http://www.mink-gmbh.de/" "Mozilla/5.0 (Windows NT 6.2; WOW64) AppleWebKit/537.22 (KHTML, like Gecko) Chrome/25.0.1364.97 Safari/537.22"
91.66.253.67 - - [04/Mar/2013:12:24:03 +0100] "GET /images/mail.jpg HTTP/1.1" 200 11165 "http://www.mink-gmbh.de/" "Mozilla/5.0 (Windows NT 6.2; WOW64) AppleWebKit/537.22 (KHTML, like Gecko) Chrome/25.0.1364.97 Safari/537.22"
91.66.253.67 - - [04/Mar/2013:12:24:03 +0100] "GET /images/kwk.gif HTTP/1.1" 200 6403 "http://www.mink-gmbh.de/" "Mozilla/5.0 (Windows NT 6.2; WOW64) AppleWebKit/537.22 (KHTML, like Gecko) Chrome/25.0.1364.97 Safari/537.22"
91.66.253.67 - - [04/Mar/2013:12:24:03 +0100] "GET /images/wunschpreis.jpg HTTP/1.1" 200 16767 "http://www.mink-gmbh.de/" "Mozilla/5.0 (Windows NT 6.2; WOW64) AppleWebKit/537.22 (KHTML, like Gecko) Chrome/25.0.1364.97 Safari/537.22"
91.66.253.67 - - [04/Mar/2013:12:24:03 +0100] "GET /images/logos.jpg HTTP/1.1" 200 15002 "http://www.mink-gmbh.de/" "Mozilla/5.0 (Windows NT 6.2; WOW64) AppleWebKit/537.22 (KHTML, like Gecko) Chrome/25.0.1364.97 Safari/537.22"
91.66.253.67 - - [04/Mar/2013:12:24:03 +0100] "GET /images/footerbg.jpg HTTP/1.1" 200 2184 "http://www.mink-gmbh.de/" "Mozilla/5.0 (Windows NT 6.2; WOW64) AppleWebKit/537.22 (KHTML, like Gecko) Chrome/25.0.1364.97 Safari/537.22"
91.66.253.67 - - [04/Mar/2013:12:24:03 +0100] "GET /js_contentserver24_greybox/header_bg.gif HTTP/1.1" 200 1188 "http://www.mink-gmbh.de/" "Mozilla/5.0 (Windows NT 6.2; WOW64) AppleWebKit/537.22 (KHTML, like Gecko) Chrome/25.0.1364.97 Safari/537.22"
91.66.253.67 - - [04/Mar/2013:12:24:03 +0100] "GET /js_contentserver24_greybox/loader_frame.html?s=0 HTTP/1.1" 200 2084 "http://www.mink-gmbh.de/" "Mozilla/5.0 (Windows NT 6.2; WOW64) AppleWebKit/537.22 (KHTML, like Gecko) Chrome/25.0.1364.97 Safari/537.22"
91.66.253.67 - - [04/Mar/2013:12:24:03 +0100] "GET /js_contentserver24_greybox/indicator.gif HTTP/1.1" 200 8238 "http://www.mink-gmbh.de/js_contentserver24_greybox/loader_frame.html?s=0" "Mozilla/5.0 (Windows NT 6.2; WOW64) AppleWebKit/537.22 (KHTML, like Gecko) Chrome/25.0.1364.97 Safari/537.22"
91.66.253.67 - - [04/Mar/2013:12:24:03 +0100] "GET /js_contentserver24_greybox/g_close.gif HTTP/1.1" 200 541 "http://www.mink-gmbh.de/" "Mozilla/5.0 (Windows NT 6.2; WOW64) AppleWebKit/537.22 (KHTML, like Gecko) Chrome/25.0.1364.97 Safari/537.22"
91.66.253.67 - - [04/Mar/2013:12:24:03 +0100] "GET /favicon.ico HTTP/1.1" 200 3638 "-" "Mozilla/5.0 (Windows NT 6.2; WOW64) AppleWebKit/537.22 (KHTML, like Gecko) Chrome/25.0.1364.97 Safari/537.22"
91.66.253.67 - - [04/Mar/2013:12:24:15 +0100] "GET /kontakt.php HTTP/1.1" 200 9111 "http://www.mink-gmbh.de/" "Mozilla/5.0 (Windows NT 6.2; WOW64) AppleWebKit/537.22 (KHTML, like Gecko) Chrome/25.0.1364.97 Safari/537.22"
188.103.201.156 - - [04/Mar/2013:12:24:29 +0100] "POST /preisanfrage.php HTTP/1.1" 200 10872 "http://www.mink-gmbh.de/preisanfrage.php" "Mozilla/5.0 (compatible; MSIE 9.0; Windows NT 6.1; WOW64; Trident/5.0)"
188.103.201.156 - - [04/Mar/2013:12:25:49 +0100] "POST /preisanfrage.php HTTP/1.1" 200 10890 "http://www.mink-gmbh.de/preisanfrage.php" "Mozilla/5.0 (compatible; MSIE 9.0; Windows NT 6.1; WOW64; Trident/5.0)"
188.103.201.156 - - [04/Mar/2013:12:26:45 +0100] "POST /preisanfrage.php HTTP/1.1" 200 10890 "http://www.mink-gmbh.de/preisanfrage.php" "Mozilla/5.0 (compatible; MSIE 9.0; Windows NT 6.1; WOW64; Trident/5.0)"
188.103.201.156 - - [04/Mar/2013:12:39:16 +0100] "GET / HTTP/1.1" 200 14545 "http://suche.web.de/web?origin=serp_sf_atf&q=www.mink-gmbh.de&search=Suche" "Mozilla/5.0 (compatible; MSIE 9.0; Windows NT 6.1; WOW64; Trident/5.0)"
188.103.201.156 - - [04/Mar/2013:12:39:21 +0100] "GET /news.php?cs_go=archiv&cs_id=3983 HTTP/1.1" 200 9909 "http://www.mink-gmbh.de/" "Mozilla/5.0 (compatible; MSIE 9.0; Windows NT 6.1; WOW64; Trident/5.0)"
188.103.201.156 - - [04/Mar/2013:12:39:30 +0100] "GET / HTTP/1.1" 200 14545 "http://suche.web.de/web?origin=serp_sf_atf&q=www.mink-gmbh.de&search=Suche" "Mozilla/5.0 (compatible; MSIE 9.0; Windows NT 6.1; WOW64; Trident/5.0)"
188.103.201.156 - - [04/Mar/2013:12:40:18 +0100] "GET /news.php?cs_go=archiv&cs_id=3983 HTTP/1.1" 200 9909 "http://www.mink-gmbh.de/" "Mozilla/5.0 (compatible; MSIE 9.0; Windows NT 6.1; WOW64; Trident/5.0)"
188.103.201.156 - - [04/Mar/2013:12:40:24 +0100] "GET /preisanfrage.php HTTP/1.1" 200 10647 "http://www.mink-gmbh.de/news.php?cs_go=archiv&cs_id=3983" "Mozilla/5.0 (compatible; MSIE 9.0; Windows NT 6.1; WOW64; Trident/5.0)"
188.103.201.156 - - [04/Mar/2013:12:42:30 +0100] "POST /preisanfrage.php HTTP/1.1" 200 7299 "http://www.mink-gmbh.de/preisanfrage.php" "Mozilla/5.0 (compatible; MSIE 9.0; Windows NT 6.1; WOW64; Trident/5.0)"
141.8.147.12 - - [04/Mar/2013:12:44:02 +0100] "GET /news.php?cs_go=archiv&cs_id=3726&cs_search= HTTP/1.1" 200 12050 "-" "Mozilla/5.0 (compatible; YandexBot/3.0; +http://yandex.com/bots)"
157.55.34.168 - - [04/Mar/2013:13:19:55 +0100] "GET /robots.txt HTTP/1.1" 200 177 "-" "Mozilla/5.0 (compatible; bingbot/2.0; +http://www.bing.com/bingbot.htm)"
157.55.34.168 - - [04/Mar/2013:13:22:40 +0100] "GET / HTTP/1.1" 200 15286 "-" "Mozilla/5.0 (compatible; bingbot/2.0; +http://www.bing.com/bingbot.htm)"
66.249.78.46 - - [04/Mar/2013:13:32:41 +0100] "GET /news.php?cs_go=archiv&cs_startpos=181 HTTP/1.1" 200 22723 "-" "Mozilla/5.0 (iPhone; U; CPU iPhone OS 4_1 like Mac OS X; en-us) AppleWebKit/532.9 (KHTML, like Gecko) Version/4.0.5 Mobile/8B117 Safari/6531.22.7 (compatible; Googlebot-Mobile/2.1; +http://www.google.com/bot.html)"
173.199.115.59 - - [04/Mar/2013:14:04:31 +0100] "GET /lexikon.php?cs_go=3&cs_id=48 HTTP/1.1" 200 9410 "-" "Mozilla/5.0 (compatible; AhrefsBot/4.0; +http://ahrefs.com/robot/)"
141.8.147.12 - - [04/Mar/2013:14:11:20 +0100] "GET /news.php?cs_go=archiv&cs_id=3973&cs_search= HTTP/1.1" 200 13506 "-" "Mozilla/5.0 (compatible; YandexBot/3.0; +http://yandex.com/bots)"
141.8.147.12 - - [04/Mar/2013:14:39:52 +0100] "GET /news.php?cs_go=archiv&cs_id=3982&cs_search= HTTP/1.1" 200 13450 "-" "Mozilla/5.0 (compatible; YandexBot/3.0; +http://yandex.com/bots)"
208.115.111.75 - - [04/Mar/2013:14:41:57 +0100] "GET /robots.txt HTTP/1.1" 200 177 "-" "Mozilla/5.0 (compatible; Ezooms/1.0; ezooms.bot@gmail.com)"
66.249.78.46 - - [04/Mar/2013:14:47:06 +0100] "GET /news.php HTTP/1.1" 200 21985 "-" "SAMSUNG-SGH-E250/1.0 Profile/MIDP-2.0 Configuration/CLDC-1.1 UP.Browser/6.2.3.3.c.1.101 (GUI) MMP/2.0 (compatible; Googlebot-Mobile/2.1; +http://www.google.com/bot.html)"
5.45.202.218 - - [04/Mar/2013:15:11:32 +0100] "GET /robots.txt HTTP/1.1" 200 177 "-" "Mozilla/5.0 (compatible; YandexBot/3.0; +http://yandex.com/bots)"
5.45.202.218 - - [04/Mar/2013:15:11:37 +0100] "GET / HTTP/1.1" 200 15309 "-" "Mozilla/5.0 (compatible; YandexBot/3.0; +http://yandex.com/bots)"
5.45.202.218 - - [04/Mar/2013:15:11:42 +0100] "GET / HTTP/1.1" 200 15309 "-" "Mozilla/5.0 (compatible; YandexBot/3.0; +http://yandex.com/bots)"
5.45.202.218 - - [04/Mar/2013:15:11:47 +0100] "GET /index.php HTTP/1.1" 200 15309 "-" "Mozilla/5.0 (compatible; YandexBot/3.0; +http://yandex.com/bots)"
5.45.202.218 - - [04/Mar/2013:15:11:52 +0100] "GET /index.php HTTP/1.1" 200 15309 "-" "Mozilla/5.0 (compatible; YandexBot/3.0; +http://yandex.com/bots)"
66.249.78.46 - - [04/Mar/2013:15:43:32 +0100] "GET /lexikon.php?cs_go=3&cs_id=145 HTTP/1.1" 200 8910 "-" "Mozilla/5.0 (compatible; Googlebot/2.1; +http://www.google.com/bot.html)"
139.18.2.209 - - [04/Mar/2013:15:46:29 +0100] "GET /robots.txt HTTP/1.1" 200 177 "-" "findlinks/2.6 (+http://wortschatz.uni-leipzig.de/findlinks/)"
66.249.78.46 - - [04/Mar/2013:15:54:42 +0100] "GET /news.php?cs_go=archiv&cs_id=2761&cs_search= HTTP/1.1" 200 13657 "-" "Mozilla/5.0 (compatible; Googlebot/2.1; +http://www.google.com/bot.html)"
46.5.254.20 - - [04/Mar/2013:16:11:55 +0100] "GET /jobs.php HTTP/1.1" 200 10090 "-" "Mozilla/5.0 (Linux; U; Android 2.3.3; de-de; GT-I9100 Build/GINGERBREAD) AppleWebKit/533.1 (KHTML, like Gecko) Version/4.0 Mobile Safari/533.1"
46.5.254.20 - - [04/Mar/2013:16:11:56 +0100] "GET /style.css HTTP/1.1" 200 8418 "http://www.mink-gmbh.de/jobs.php" "Mozilla/5.0 (Linux; U; Android 2.3.3; de-de; GT-I9100 Build/GINGERBREAD) AppleWebKit/533.1 (KHTML, like Gecko) Version/4.0 Mobile Safari/533.1"
46.5.254.20 - - [04/Mar/2013:16:11:56 +0100] "GET /modul.css HTTP/1.1" 200 35038 "http://www.mink-gmbh.de/jobs.php" "Mozilla/5.0 (Linux; U; Android 2.3.3; de-de; GT-I9100 Build/GINGERBREAD) AppleWebKit/533.1 (KHTML, like Gecko) Version/4.0 Mobile Safari/533.1"
46.5.254.20 - - [04/Mar/2013:16:11:56 +0100] "GET /images/close.png HTTP/1.1" 200 703 "http://www.mink-gmbh.de/jobs.php" "Mozilla/5.0 (Linux; U; Android 2.3.3; de-de; GT-I9100 Build/GINGERBREAD) AppleWebKit/533.1 (KHTML, like Gecko) Version/4.0 Mobile Safari/533.1"
46.5.254.20 - - [04/Mar/2013:16:11:56 +0100] "GET /images/bg.jpg HTTP/1.1" 200 345 "http://www.mink-gmbh.de/jobs.php" "Mozilla/5.0 (Linux; U; Android 2.3.3; de-de; GT-I9100 Build/GINGERBREAD) AppleWebKit/533.1 (KHTML, like Gecko) Version/4.0 Mobile Safari/533.1"
46.5.254.20 - - [04/Mar/2013:16:11:56 +0100] "GET /images/navibg.png HTTP/1.1" 200 2803 "http://www.mink-gmbh.de/jobs.php" "Mozilla/5.0 (Linux; U; Android 2.3.3; de-de; GT-I9100 Build/GINGERBREAD) AppleWebKit/533.1 (KHTML, like Gecko) Version/4.0 Mobile Safari/533.1"
46.5.254.20 - - [04/Mar/2013:16:11:56 +0100] "GET /images/kwk.gif HTTP/1.1" 200 6403 "http://www.mink-gmbh.de/jobs.php" "Mozilla/5.0 (Linux; U; Android 2.3.3; de-de; GT-I9100 Build/GINGERBREAD) AppleWebKit/533.1 (KHTML, like Gecko) Version/4.0 Mobile Safari/533.1"
46.5.254.20 - - [04/Mar/2013:16:11:56 +0100] "GET /images/footerbg.jpg HTTP/1.1" 200 2184 "http://www.mink-gmbh.de/jobs.php" "Mozilla/5.0 (Linux; U; Android 2.3.3; de-de; GT-I9100 Build/GINGERBREAD) AppleWebKit/533.1 (KHTML, like Gecko) Version/4.0 Mobile Safari/533.1"
46.5.254.20 - - [04/Mar/2013:16:11:56 +0100] "GET /images/newsletter.png HTTP/1.1" 200 14619 "http://www.mink-gmbh.de/jobs.php" "Mozilla/5.0 (Linux; U; Android 2.3.3; de-de; GT-I9100 Build/GINGERBREAD) AppleWebKit/533.1 (KHTML, like Gecko) Version/4.0 Mobile Safari/533.1"
46.5.254.20 - - [04/Mar/2013:16:11:56 +0100] "GET /images/header.jpg HTTP/1.1" 200 24413 "http://www.mink-gmbh.de/jobs.php" "Mozilla/5.0 (Linux; U; Android 2.3.3; de-de; GT-I9100 Build/GINGERBREAD) AppleWebKit/533.1 (KHTML, like Gecko) Version/4.0 Mobile Safari/533.1"
46.5.254.20 - - [04/Mar/2013:16:11:56 +0100] "GET /images/newsletter_bg.jpg HTTP/1.1" 200 33610 "http://www.mink-gmbh.de/jobs.php" "Mozilla/5.0 (Linux; U; Android 2.3.3; de-de; GT-I9100 Build/GINGERBREAD) AppleWebKit/533.1 (KHTML, like Gecko) Version/4.0 Mobile Safari/533.1"
46.5.254.20 - - [04/Mar/2013:16:11:56 +0100] "GET /images/freecall.jpg HTTP/1.1" 200 39195 "http://www.mink-gmbh.de/jobs.php" "Mozilla/5.0 (Linux; U; Android 2.3.3; de-de; GT-I9100 Build/GINGERBREAD) AppleWebKit/533.1 (KHTML, like Gecko) Version/4.0 Mobile Safari/533.1"
46.5.254.20 - - [04/Mar/2013:16:11:57 +0100] "GET /images/mail.jpg HTTP/1.1" 200 11165 "http://www.mink-gmbh.de/jobs.php" "Mozilla/5.0 (Linux; U; Android 2.3.3; de-de; GT-I9100 Build/GINGERBREAD) AppleWebKit/533.1 (KHTML, like Gecko) Version/4.0 Mobile Safari/533.1"
46.5.254.20 - - [04/Mar/2013:16:11:57 +0100] "GET /images/wunschpreis.jpg HTTP/1.1" 200 16767 "http://www.mink-gmbh.de/jobs.php" "Mozilla/5.0 (Linux; U; Android 2.3.3; de-de; GT-I9100 Build/GINGERBREAD) AppleWebKit/533.1 (KHTML, like Gecko) Version/4.0 Mobile Safari/533.1"
46.5.254.20 - - [04/Mar/2013:16:11:57 +0100] "GET /images/logos.jpg HTTP/1.1" 200 15002 "http://www.mink-gmbh.de/jobs.php" "Mozilla/5.0 (Linux; U; Android 2.3.3; de-de; GT-I9100 Build/GINGERBREAD) AppleWebKit/533.1 (KHTML, like Gecko) Version/4.0 Mobile Safari/533.1"
46.5.254.20 - - [04/Mar/2013:16:11:56 +0100] "GET /images/wrapperbg.jpg HTTP/1.1" 200 27465 "http://www.mink-gmbh.de/jobs.php" "Mozilla/5.0 (Linux; U; Android 2.3.3; de-de; GT-I9100 Build/GINGERBREAD) AppleWebKit/533.1 (KHTML, like Gecko) Version/4.0 Mobile Safari/533.1"
46.5.254.20 - - [04/Mar/2013:16:11:57 +0100] "GET /favicon.ico HTTP/1.1" 200 3638 "http://www.mink-gmbh.de/jobs.php" "Mozilla/5.0 (Linux; U; Android 2.3.3; de-de; GT-I9100 Build/GINGERBREAD) AppleWebKit/533.1 (KHTML, like Gecko) Version/4.0 Mobile Safari/533.1"
141.8.147.12 - - [04/Mar/2013:16:20:42 +0100] "GET /news.php?cs_go=archiv&cs_id=3980 HTTP/1.1" 200 9937 "-" "Mozilla/5.0 (compatible; YandexBot/3.0; +http://yandex.com/bots)"
173.199.115.59 - - [04/Mar/2013:16:31:45 +0100] "GET /lexikon.php?cs_go=3&cs_id=217 HTTP/1.1" 200 8121 "-" "Mozilla/5.0 (compatible; AhrefsBot/4.0; +http://ahrefs.com/robot/)"
123.125.71.19 - - [04/Mar/2013:16:32:02 +0100] "GET / HTTP/1.1" 200 8674 "-" "Mozilla/5.0 (compatible; Baiduspider/2.0; +http://www.baidu.com/search/spider.html)"
220.181.108.92 - - [04/Mar/2013:16:32:24 +0100] "GET / HTTP/1.1" 200 8674 "-" "Mozilla/5.0 (compatible; Baiduspider/2.0; +http://www.baidu.com/search/spider.html)"
208.115.111.75 - - [04/Mar/2013:16:33:44 +0100] "GET /news.php?cs_go=archiv&cs_id=3825&cs_search= HTTP/1.1" 200 11336 "-" "Mozilla/5.0 (compatible; Ezooms/1.0; ezooms.bot@gmail.com)"
173.199.115.59 - - [04/Mar/2013:16:40:49 +0100] "GET /lexikon.php?cs_go=3&cs_id=41 HTTP/1.1" 200 8353 "-" "Mozilla/5.0 (compatible; AhrefsBot/4.0; +http://ahrefs.com/robot/)"
66.249.78.46 - - [04/Mar/2013:16:44:20 +0100] "GET /robots.txt HTTP/1.1" 200 177 "-" "Mozilla/5.0 (compatible; Googlebot/2.1; +http://www.google.com/bot.html)"
66.249.78.46 - - [04/Mar/2013:16:44:21 +0100] "GET /news.php?cs_go=archiv&cs_id=3618 HTTP/1.1" 200 12341 "-" "Mozilla/5.0 (compatible; Googlebot/2.1; +http://www.google.com/bot.html)"
208.115.113.91 - - [04/Mar/2013:16:44:54 +0100] "GET /robots.txt HTTP/1.1" 200 177 "-" "Mozilla/5.0 (compatible; Ezooms/1.0; ezooms.bot@gmail.com)"
66.249.78.46 - - [04/Mar/2013:16:55:21 +0100] "GET /news.php?cs_go=archiv&cs_id=3846 HTTP/1.1" 200 11425 "-" "Mozilla/5.0 (compatible; Googlebot/2.1; +http://www.google.com/bot.html)"
66.249.75.46 - - [04/Mar/2013:17:07:23 +0100] "GET /news.php HTTP/1.1" 200 21985 "-" "DoCoMo/2.0 N905i(c100;TB;W24H16) (compatible; Googlebot-Mobile/2.1; +http://www.google.com/bot.html)"
66.249.78.46 - - [04/Mar/2013:17:50:25 +0100] "GET /news.php?cs_go=archiv&cs_id=3849&cs_search= HTTP/1.1" 200 12993 "-" "Mozilla/5.0 (compatible; Googlebot/2.1; +http://www.google.com/bot.html)"
141.8.147.12 - - [04/Mar/2013:18:01:55 +0100] "GET /index.php HTTP/1.1" 200 15309 "-" "Mozilla/5.0 (compatible; YandexBot/3.0; +http://yandex.com/bots)"
141.8.147.12 - - [04/Mar/2013:18:04:45 +0100] "GET /news.php HTTP/1.1" 200 21985 "-" "Mozilla/5.0 (compatible; YandexBot/3.0; +http://yandex.com/bots)"
66.249.78.46 - - [04/Mar/2013:18:06:57 +0100] "GET / HTTP/1.1" 200 15309 "-" "Mozilla/5.0 (compatible; Googlebot/2.1; +http://www.google.com/bot.html)"
66.249.78.46 - - [04/Mar/2013:18:11:44 +0100] "GET /news.php?cs_go=archiv&cs_id=3983 HTTP/1.1" 200 9996 "-" "Mozilla/5.0 (compatible; Googlebot/2.1; +http://www.google.com/bot.html)"
66.249.78.46 - - [04/Mar/2013:18:11:44 +0100] "GET /news.php?cs_go=archiv&cs_id=3984 HTTP/1.1" 200 13201 "-" "Mozilla/5.0 (compatible; Googlebot/2.1; +http://www.google.com/bot.html)"
173.199.115.59 - - [04/Mar/2013:18:24:17 +0100] "GET /lexikon.php?cs_go=3&cs_id=50 HTTP/1.1" 200 8733 "-" "Mozilla/5.0 (compatible; AhrefsBot/4.0; +http://ahrefs.com/robot/)"
65.36.241.79 - - [04/Mar/2013:18:33:39 +0100] "HEAD / HTTP/1.1" 200 - "-" "InternetSeer.com"
173.199.115.59 - - [04/Mar/2013:18:40:35 +0100] "GET /lexikon.php?cs_go=3&cs_id=230 HTTP/1.1" 200 8560 "-" "Mozilla/5.0 (compatible; AhrefsBot/4.0; +http://ahrefs.com/robot/)"
208.115.113.91 - - [04/Mar/2013:18:48:52 +0100] "GET /news.php?cs_go=archiv&cs_id=3829&cs_search= HTTP/1.1" 200 11971 "-" "Mozilla/5.0 (compatible; Ezooms/1.0; ezooms.bot@gmail.com)"
66.249.78.46 - - [04/Mar/2013:19:24:01 +0100] "GET /news.php?cs_go=archiv&cs_id=3762 HTTP/1.1" 200 13640 "-" "Mozilla/5.0 (compatible; Googlebot/2.1; +http://www.google.com/bot.html)"
82.94.176.164 - - [04/Mar/2013:19:28:40 +0100] "GET /jobs.php HTTP/1.1" 200 10090 "-" "Mozilla/4.0 (compatible; MSIE 5.5; Windows NT)"
66.249.78.46 - - [04/Mar/2013:19:42:27 +0100] "GET /news.php?cs_go=archiv&cs_id=3925 HTTP/1.1" 200 10052 "-" "SAMSUNG-SGH-E250/1.0 Profile/MIDP-2.0 Configuration/CLDC-1.1 UP.Browser/6.2.3.3.c.1.101 (GUI) MMP/2.0 (compatible; Googlebot-Mobile/2.1; +http://www.google.com/bot.html)"
173.199.115.59 - - [04/Mar/2013:19:46:27 +0100] "GET /lexikon.php?cs_go=3&cs_id=63 HTTP/1.1" 200 8362 "-" "Mozilla/5.0 (compatible; AhrefsBot/4.0; +http://ahrefs.com/robot/)"
66.249.78.46 - - [04/Mar/2013:19:51:32 +0100] "GET /news.php?cs_go=archiv&cs_id=3731 HTTP/1.1" 200 13854 "-" "Mozilla/5.0 (compatible; Googlebot/2.1; +http://www.google.com/bot.html)"
5.9.7.208 - - [04/Mar/2013:19:54:35 +0100] "GET /robots.txt HTTP/1.0" 200 177 "-" "Mozilla/5.0 (compatible; MJ12bot/v1.4.3; http://www.majestic12.co.uk/bot.php?+)"
5.9.7.208 - - [04/Mar/2013:19:54:42 +0100] "GET /agb.php HTTP/1.0" 200 19709 "-" "Mozilla/5.0 (compatible; MJ12bot/v1.4.3; http://www.majestic12.co.uk/bot.php?+)"
5.9.7.208 - - [04/Mar/2013:19:54:52 +0100] "GET /robots.txt HTTP/1.0" 200 177 "-" "Mozilla/5.0 (compatible; MJ12bot/v1.4.3; http://www.majestic12.co.uk/bot.php?+)"
5.9.7.208 - - [04/Mar/2013:19:55:04 +0100] "GET /news.php?cs_go=archiv&cs_id=2678 HTTP/1.0" 200 7887 "-" "Mozilla/5.0 (compatible; MJ12bot/v1.4.3; http://www.majestic12.co.uk/bot.php?+)"
5.9.7.208 - - [04/Mar/2013:19:55:09 +0100] "GET /robots.txt HTTP/1.0" 200 177 "-" "Mozilla/5.0 (compatible; MJ12bot/v1.4.3; http://www.majestic12.co.uk/bot.php?+)"
5.9.7.208 - - [04/Mar/2013:19:55:24 +0100] "GET /news.php?cs_go=archiv&cs_id=2679 HTTP/1.0" 200 7887 "-" "Mozilla/5.0 (compatible; MJ12bot/v1.4.3; http://www.majestic12.co.uk/bot.php?+)"
5.9.7.208 - - [04/Mar/2013:19:55:29 +0100] "GET /robots.txt HTTP/1.0" 200 177 "-" "Mozilla/5.0 (compatible; MJ12bot/v1.4.3; http://www.majestic12.co.uk/bot.php?+)"
5.9.7.208 - - [04/Mar/2013:19:55:37 +0100] "GET /news.php?cs_go=archiv&cs_id=2680 HTTP/1.0" 200 7887 "-" "Mozilla/5.0 (compatible; MJ12bot/v1.4.3; http://www.majestic12.co.uk/bot.php?+)"
5.9.7.208 - - [04/Mar/2013:19:55:48 +0100] "GET /robots.txt HTTP/1.0" 200 177 "-" "Mozilla/5.0 (compatible; MJ12bot/v1.4.3; http://www.majestic12.co.uk/bot.php?+)"
5.9.7.208 - - [04/Mar/2013:19:55:58 +0100] "GET /news.php?cs_go=archiv&cs_id=2681 HTTP/1.0" 200 7887 "-" "Mozilla/5.0 (compatible; MJ12bot/v1.4.3; http://www.majestic12.co.uk/bot.php?+)"
5.9.7.208 - - [04/Mar/2013:19:56:00 +0100] "GET /robots.txt HTTP/1.0" 200 177 "-" "Mozilla/5.0 (compatible; MJ12bot/v1.4.3; http://www.majestic12.co.uk/bot.php?+)"
5.9.7.208 - - [04/Mar/2013:19:56:06 +0100] "GET /news.php?cs_go=archiv&cs_id=2682 HTTP/1.0" 200 7887 "-" "Mozilla/5.0 (compatible; MJ12bot/v1.4.3; http://www.majestic12.co.uk/bot.php?+)"
5.9.7.208 - - [04/Mar/2013:19:56:11 +0100] "GET /news.php?cs_go=archiv&cs_id=2683 HTTP/1.0" 200 7887 "-" "Mozilla/5.0 (compatible; MJ12bot/v1.4.3; http://www.majestic12.co.uk/bot.php?+)"
5.9.7.208 - - [04/Mar/2013:19:56:17 +0100] "GET /news.php?cs_go=archiv&cs_id=2684 HTTP/1.0" 200 7887 "-" "Mozilla/5.0 (compatible; MJ12bot/v1.4.3; http://www.majestic12.co.uk/bot.php?+)"
5.9.7.208 - - [04/Mar/2013:19:56:24 +0100] "GET /news.php?cs_go=archiv&cs_id=2685 HTTP/1.0" 200 7887 "-" "Mozilla/5.0 (compatible; MJ12bot/v1.4.3; http://www.majestic12.co.uk/bot.php?+)"
5.9.7.208 - - [04/Mar/2013:19:56:32 +0100] "GET /news.php?cs_go=archiv&cs_id=2686 HTTP/1.0" 200 7887 "-" "Mozilla/5.0 (compatible; MJ12bot/v1.4.3; http://www.majestic12.co.uk/bot.php?+)"
5.9.7.208 - - [04/Mar/2013:19:56:42 +0100] "GET /news.php?cs_go=archiv&cs_id=2687 HTTP/1.0" 200 7887 "-" "Mozilla/5.0 (compatible; MJ12bot/v1.4.3; http://www.majestic12.co.uk/bot.php?+)"
5.9.7.208 - - [04/Mar/2013:19:56:48 +0100] "GET /news.php?cs_go=archiv&cs_id=2688 HTTP/1.0" 200 7887 "-" "Mozilla/5.0 (compatible; MJ12bot/v1.4.3; http://www.majestic12.co.uk/bot.php?+)"
5.9.7.208 - - [04/Mar/2013:19:56:56 +0100] "GET /news.php?cs_go=archiv&cs_id=2689 HTTP/1.0" 200 7887 "-" "Mozilla/5.0 (compatible; MJ12bot/v1.4.3; http://www.majestic12.co.uk/bot.php?+)"
5.9.7.208 - - [04/Mar/2013:19:57:05 +0100] "GET /news.php?cs_go=archiv&cs_id=2690 HTTP/1.0" 200 7887 "-" "Mozilla/5.0 (compatible; MJ12bot/v1.4.3; http://www.majestic12.co.uk/bot.php?+)"
5.9.7.208 - - [04/Mar/2013:19:57:15 +0100] "GET /news.php?cs_go=archiv&cs_id=2691 HTTP/1.0" 200 7887 "-" "Mozilla/5.0 (compatible; MJ12bot/v1.4.3; http://www.majestic12.co.uk/bot.php?+)"
130.83.167.153 - - [04/Mar/2013:20:10:44 +0100] "GET /news.php?cs_go=archiv&cs_id=3823&cs_search= HTTP/1.1" 200 6993 "-" "findlinks/2.6 (+http://wortschatz.uni-leipzig.de/findlinks/)"
130.83.167.153 - - [04/Mar/2013:20:10:44 +0100] "GET /news.php?cs_go=archiv&cs_id=3823&cs_search= HTTP/1.1" 200 11451 "-" "findlinks/2.6 (+http://wortschatz.uni-leipzig.de/findlinks/)"
173.199.115.59 - - [04/Mar/2013:20:10:56 +0100] "GET /news.php?cs_go=archiv&cs_id=3978&cs_search= HTTP/1.1" 200 10153 "-" "Mozilla/5.0 (compatible; AhrefsBot/4.0; +http://ahrefs.com/robot/)"
66.249.75.46 - - [04/Mar/2013:20:18:38 +0100] "GET /news.php?cs_go=archiv&cs_id=3925 HTTP/1.1" 200 10052 "-" "DoCoMo/2.0 N905i(c100;TB;W24H16) (compatible; Googlebot-Mobile/2.1; +http://www.google.com/bot.html)"
173.199.115.59 - - [04/Mar/2013:20:25:59 +0100] "GET /lexikon.php?cs_go=3&cs_id=34 HTTP/1.1" 200 8366 "-" "Mozilla/5.0 (compatible; AhrefsBot/4.0; +http://ahrefs.com/robot/)"
204.12.214.162 - - [04/Mar/2013:20:31:43 +0100] "GET /robots.txt HTTP/1.0" 200 177 "-" "Mozilla/5.0 (compatible; MJ12bot/v1.4.3; http://www.majestic12.co.uk/bot.php?+)"
204.12.214.162 - - [04/Mar/2013:20:31:45 +0100] "GET / HTTP/1.0" 200 15309 "-" "Mozilla/5.0 (compatible; MJ12bot/v1.4.3; http://www.majestic12.co.uk/bot.php?+)"
173.199.115.59 - - [04/Mar/2013:20:56:20 +0100] "GET /news.php?cs_go=archiv&cs_id=3975&cs_search= HTTP/1.1" 200 10834 "-" "Mozilla/5.0 (compatible; AhrefsBot/4.0; +http://ahrefs.com/robot/)"
157.55.34.168 - - [04/Mar/2013:21:25:10 +0100] "GET /robots.txt HTTP/1.1" 200 177 "-" "Mozilla/5.0 (compatible; bingbot/2.0; +http://www.bing.com/bingbot.htm)"
157.55.34.168 - - [04/Mar/2013:21:27:14 +0100] "GET / HTTP/1.1" 200 15309 "-" "Mozilla/5.0 (compatible; bingbot/2.0; +http://www.bing.com/bingbot.htm)"
77.20.5.88 - - [04/Mar/2013:21:33:43 +0100] "GET /news.php?cs_go=archiv&cs_id=3822&cs_search= HTTP/1.1" 200 13619 "-" "findlinks/2.0.2 (+http://wortschatz.uni-leipzig.de/findlinks/)"
77.20.5.88 - - [04/Mar/2013:21:33:43 +0100] "GET /news.php?cs_go=archiv&cs_id=3822&cs_search= HTTP/1.1" 200 13532 "-" "findlinks/2.0.2 (+http://wortschatz.uni-leipzig.de/findlinks/)"
173.199.115.59 - - [04/Mar/2013:21:54:46 +0100] "GET /news.php?cs_go=archiv&cs_id=3974&cs_search= HTTP/1.1" 200 9976 "-" "Mozilla/5.0 (compatible; AhrefsBot/4.0; +http://ahrefs.com/robot/)"
85.25.71.152 - - [04/Mar/2013:22:37:09 +0100] "GET /robots.txt HTTP/1.1" 200 177 "-" "Mozilla/5.0 (X11; U; Linux i686; de; rv:1.9.0.1; compatible; iCjobs Stellenangebote Jobs; http://www.icjobs.de) Gecko/20100401 iCjobs/3.2.3"
85.25.71.152 - - [04/Mar/2013:22:37:09 +0100] "GET / HTTP/1.1" 200 15309 "-" "Mozilla/5.0 (X11; U; Linux i686; de; rv:1.9.0.1; compatible; iCjobs Stellenangebote Jobs; http://www.icjobs.de) Gecko/20100401 iCjobs/3.2.3"
85.25.71.152 - - [04/Mar/2013:22:37:10 +0100] "GET / HTTP/1.1" 200 14568 "-" "Mozilla/5.0 (X11; U; Linux i686; de; rv:1.9.0.1; compatible; iCjobs Stellenangebote Jobs; http://www.icjobs.de) Gecko/20100401 iCjobs/3.2.3"
85.25.71.152 - - [04/Mar/2013:22:37:17 +0100] "GET /jobs.php HTTP/1.1" 200 10003 "-" "Mozilla/5.0 (X11; U; Linux i686; de; rv:1.9.0.1; compatible; iCjobs Stellenangebote Jobs; http://www.icjobs.de) Gecko/20100401 iCjobs/3.2.3"
85.25.71.152 - - [04/Mar/2013:22:37:18 +0100] "GET /style.css HTTP/1.1" 200 8418 "-" "Mozilla/5.0 (X11; U; Linux i686; de; rv:1.9.0.1; compatible; iCjobs Stellenangebote Jobs; http://www.icjobs.de) Gecko/20100401 iCjobs/3.2.3"
85.25.71.152 - - [04/Mar/2013:22:37:18 +0100] "GET /modul.css HTTP/1.1" 200 35038 "-" "Mozilla/5.0 (X11; U; Linux i686; de; rv:1.9.0.1; compatible; iCjobs Stellenangebote Jobs; http://www.icjobs.de) Gecko/20100401 iCjobs/3.2.3"
85.25.71.152 - - [04/Mar/2013:22:37:37 +0100] "GET /kontakt.php HTTP/1.1" 200 9111 "-" "Mozilla/5.0 (X11; U; Linux i686; de; rv:1.9.0.1; compatible; iCjobs Stellenangebote Jobs; http://www.icjobs.de) Gecko/20100401 iCjobs/3.2.3"
85.25.71.152 - - [04/Mar/2013:22:37:42 +0100] "GET /index.php HTTP/1.1" 200 14568 "-" "Mozilla/5.0 (X11; U; Linux i686; de; rv:1.9.0.1; compatible; iCjobs Stellenangebote Jobs; http://www.icjobs.de) Gecko/20100401 iCjobs/3.2.3"
85.25.71.152 - - [04/Mar/2013:22:37:43 +0100] "GET /standard.php HTTP/1.1" 200 9131 "-" "Mozilla/5.0 (X11; U; Linux i686; de; rv:1.9.0.1; compatible; iCjobs Stellenangebote Jobs; http://www.icjobs.de) Gecko/20100401 iCjobs/3.2.3"
85.25.71.152 - - [04/Mar/2013:22:37:46 +0100] "GET /wunschpreis.php HTTP/1.1" 200 11997 "-" "Mozilla/5.0 (X11; U; Linux i686; de; rv:1.9.0.1; compatible; iCjobs Stellenangebote Jobs; http://www.icjobs.de) Gecko/20100401 iCjobs/3.2.3"
85.25.71.152 - - [04/Mar/2013:22:37:53 +0100] "GET /preisanfrage.php HTTP/1.1" 200 10647 "-" "Mozilla/5.0 (X11; U; Linux i686; de; rv:1.9.0.1; compatible; iCjobs Stellenangebote Jobs; http://www.icjobs.de) Gecko/20100401 iCjobs/3.2.3"
85.25.71.152 - - [04/Mar/2013:22:37:59 +0100] "GET /news.php HTTP/1.1" 200 21898 "-" "Mozilla/5.0 (X11; U; Linux i686; de; rv:1.9.0.1; compatible; iCjobs Stellenangebote Jobs; http://www.icjobs.de) Gecko/20100401 iCjobs/3.2.3"
85.25.71.152 - - [04/Mar/2013:22:38:08 +0100] "GET /news.php?cs_go=archiv&cs_id=3984&cs_search= HTTP/1.1" 200 13114 "-" "Mozilla/5.0 (X11; U; Linux i686; de; rv:1.9.0.1; compatible; iCjobs Stellenangebote Jobs; http://www.icjobs.de) Gecko/20100401 iCjobs/3.2.3"
85.25.71.152 - - [04/Mar/2013:22:38:14 +0100] "GET /news.php?cs_go=archiv&cs_id=3983&cs_search= HTTP/1.1" 200 9909 "-" "Mozilla/5.0 (X11; U; Linux i686; de; rv:1.9.0.1; compatible; iCjobs Stellenangebote Jobs; http://www.icjobs.de) Gecko/20100401 iCjobs/3.2.3"
85.25.71.152 - - [04/Mar/2013:22:38:17 +0100] "GET /news.php?cs_go=archiv&cs_id=3982&cs_search= HTTP/1.1" 200 13363 "-" "Mozilla/5.0 (X11; U; Linux i686; de; rv:1.9.0.1; compatible; iCjobs Stellenangebote Jobs; http://www.icjobs.de) Gecko/20100401 iCjobs/3.2.3"
85.25.71.152 - - [04/Mar/2013:22:38:19 +0100] "GET /news.php?cs_go=archiv&cs_id=3981&cs_search= HTTP/1.1" 200 12195 "-" "Mozilla/5.0 (X11; U; Linux i686; de; rv:1.9.0.1; compatible; iCjobs Stellenangebote Jobs; http://www.icjobs.de) Gecko/20100401 iCjobs/3.2.3"
85.25.71.152 - - [04/Mar/2013:22:38:24 +0100] "GET /news.php?cs_go=archiv&cs_id=3980&cs_search= HTTP/1.1" 200 9850 "-" "Mozilla/5.0 (X11; U; Linux i686; de; rv:1.9.0.1; compatible; iCjobs Stellenangebote Jobs; http://www.icjobs.de) Gecko/20100401 iCjobs/3.2.3"
85.25.71.152 - - [04/Mar/2013:22:38:27 +0100] "GET /news.php?cs_go=archiv&cs_id=3979&cs_search= HTTP/1.1" 200 13413 "-" "Mozilla/5.0 (X11; U; Linux i686; de; rv:1.9.0.1; compatible; iCjobs Stellenangebote Jobs; http://www.icjobs.de) Gecko/20100401 iCjobs/3.2.3"
85.25.71.152 - - [04/Mar/2013:22:38:29 +0100] "GET /news.php?cs_go=archiv&cs_id=3978&cs_search= HTTP/1.1" 200 10066 "-" "Mozilla/5.0 (X11; U; Linux i686; de; rv:1.9.0.1; compatible; iCjobs Stellenangebote Jobs; http://www.icjobs.de) Gecko/20100401 iCjobs/3.2.3"
85.25.71.152 - - [04/Mar/2013:22:38:34 +0100] "GET /news.php?cs_go=archiv&cs_id=3977&cs_search= HTTP/1.1" 200 9863 "-" "Mozilla/5.0 (X11; U; Linux i686; de; rv:1.9.0.1; compatible; iCjobs Stellenangebote Jobs; http://www.icjobs.de) Gecko/20100401 iCjobs/3.2.3"
85.25.71.152 - - [04/Mar/2013:22:38:39 +0100] "GET /news.php?cs_go=archiv&cs_id=3976&cs_search= HTTP/1.1" 200 13427 "-" "Mozilla/5.0 (X11; U; Linux i686; de; rv:1.9.0.1; compatible; iCjobs Stellenangebote Jobs; http://www.icjobs.de) Gecko/20100401 iCjobs/3.2.3"
85.25.71.152 - - [04/Mar/2013:22:38:43 +0100] "GET /news.php?cs_go=archiv&cs_id=3975&cs_search= HTTP/1.1" 200 10747 "-" "Mozilla/5.0 (X11; U; Linux i686; de; rv:1.9.0.1; compatible; iCjobs Stellenangebote Jobs; http://www.icjobs.de) Gecko/20100401 iCjobs/3.2.3"
85.25.71.152 - - [04/Mar/2013:22:38:48 +0100] "GET /news.php?cs_go=archiv&cs_startpos=10 HTTP/1.1" 200 22264 "-" "Mozilla/5.0 (X11; U; Linux i686; de; rv:1.9.0.1; compatible; iCjobs Stellenangebote Jobs; http://www.icjobs.de) Gecko/20100401 iCjobs/3.2.3"
85.25.71.152 - - [04/Mar/2013:22:38:58 +0100] "GET /news.php?cs_go=archiv&cs_id=3974&cs_search= HTTP/1.1" 200 9889 "-" "Mozilla/5.0 (X11; U; Linux i686; de; rv:1.9.0.1; compatible; iCjobs Stellenangebote Jobs; http://www.icjobs.de) Gecko/20100401 iCjobs/3.2.3"
85.25.71.152 - - [04/Mar/2013:22:39:00 +0100] "GET /news.php?cs_go=archiv&cs_id=3973&cs_search= HTTP/1.1" 200 13419 "-" "Mozilla/5.0 (X11; U; Linux i686; de; rv:1.9.0.1; compatible; iCjobs Stellenangebote Jobs; http://www.icjobs.de) Gecko/20100401 iCjobs/3.2.3"
85.25.71.152 - - [04/Mar/2013:22:39:04 +0100] "GET /news.php?cs_go=archiv&cs_id=3972&cs_search= HTTP/1.1" 200 11738 "-" "Mozilla/5.0 (X11; U; Linux i686; de; rv:1.9.0.1; compatible; iCjobs Stellenangebote Jobs; http://www.icjobs.de) Gecko/20100401 iCjobs/3.2.3"
85.25.71.152 - - [04/Mar/2013:22:39:10 +0100] "GET /news.php?cs_go=archiv&cs_id=3971&cs_search= HTTP/1.1" 200 9689 "-" "Mozilla/5.0 (X11; U; Linux i686; de; rv:1.9.0.1; compatible; iCjobs Stellenangebote Jobs; http://www.icjobs.de) Gecko/20100401 iCjobs/3.2.3"
85.25.71.152 - - [04/Mar/2013:22:39:12 +0100] "GET /news.php?cs_go=archiv&cs_id=3968&cs_search= HTTP/1.1" 200 12180 "-" "Mozilla/5.0 (X11; U; Linux i686; de; rv:1.9.0.1; compatible; iCjobs Stellenangebote Jobs; http://www.icjobs.de) Gecko/20100401 iCjobs/3.2.3"
85.25.71.152 - - [04/Mar/2013:22:39:17 +0100] "GET /news.php?cs_go=archiv&cs_id=3970&cs_search= HTTP/1.1" 200 10258 "-" "Mozilla/5.0 (X11; U; Linux i686; de; rv:1.9.0.1; compatible; iCjobs Stellenangebote Jobs; http://www.icjobs.de) Gecko/20100401 iCjobs/3.2.3"
85.25.71.152 - - [04/Mar/2013:22:39:21 +0100] "GET /news.php?cs_go=archiv&cs_id=3969&cs_search= HTTP/1.1" 200 13829 "-" "Mozilla/5.0 (X11; U; Linux i686; de; rv:1.9.0.1; compatible; iCjobs Stellenangebote Jobs; http://www.icjobs.de) Gecko/20100401 iCjobs/3.2.3"
85.25.71.152 - - [04/Mar/2013:22:39:25 +0100] "GET /news.php?cs_go=archiv&cs_id=3965&cs_search= HTTP/1.1" 200 13002 "-" "Mozilla/5.0 (X11; U; Linux i686; de; rv:1.9.0.1; compatible; iCjobs Stellenangebote Jobs; http://www.icjobs.de) Gecko/20100401 iCjobs/3.2.3"
85.25.71.152 - - [04/Mar/2013:22:39:30 +0100] "GET /news.php?cs_go=archiv&cs_id=3964&cs_search= HTTP/1.1" 200 12036 "-" "Mozilla/5.0 (X11; U; Linux i686; de; rv:1.9.0.1; compatible; iCjobs Stellenangebote Jobs; http://www.icjobs.de) Gecko/20100401 iCjobs/3.2.3"
85.25.71.152 - - [04/Mar/2013:22:39:38 +0100] "GET /news.php?cs_go=archiv&cs_id=3963&cs_search= HTTP/1.1" 200 10036 "-" "Mozilla/5.0 (X11; U; Linux i686; de; rv:1.9.0.1; compatible; iCjobs Stellenangebote Jobs; http://www.icjobs.de) Gecko/20100401 iCjobs/3.2.3"
85.25.71.152 - - [04/Mar/2013:22:39:44 +0100] "GET /news.php?cs_go=archiv&cs_startpos=20 HTTP/1.1" 200 22324 "-" "Mozilla/5.0 (X11; U; Linux i686; de; rv:1.9.0.1; compatible; iCjobs Stellenangebote Jobs; http://www.icjobs.de) Gecko/20100401 iCjobs/3.2.3"
85.25.71.152 - - [04/Mar/2013:22:39:57 +0100] "GET /news.php?cs_go=archiv&cs_id=3962&cs_search= HTTP/1.1" 200 11482 "-" "Mozilla/5.0 (X11; U; Linux i686; de; rv:1.9.0.1; compatible; iCjobs Stellenangebote Jobs; http://www.icjobs.de) Gecko/20100401 iCjobs/3.2.3"
85.25.71.152 - - [04/Mar/2013:22:40:01 +0100] "GET /news.php?cs_go=archiv&cs_id=3967&cs_search= HTTP/1.1" 200 10319 "-" "Mozilla/5.0 (X11; U; Linux i686; de; rv:1.9.0.1; compatible; iCjobs Stellenangebote Jobs; http://www.icjobs.de) Gecko/20100401 iCjobs/3.2.3"
85.25.71.152 - - [04/Mar/2013:22:40:04 +0100] "GET /news.php?cs_go=archiv&cs_id=3966&cs_search= HTTP/1.1" 200 13628 "-" "Mozilla/5.0 (X11; U; Linux i686; de; rv:1.9.0.1; compatible; iCjobs Stellenangebote Jobs; http://www.icjobs.de) Gecko/20100401 iCjobs/3.2.3"
85.25.71.152 - - [04/Mar/2013:22:40:10 +0100] "GET /news.php?cs_go=archiv&cs_id=3961&cs_search= HTTP/1.1" 200 9989 "-" "Mozilla/5.0 (X11; U; Linux i686; de; rv:1.9.0.1; compatible; iCjobs Stellenangebote Jobs; http://www.icjobs.de) Gecko/20100401 iCjobs/3.2.3"
85.25.71.152 - - [04/Mar/2013:22:40:14 +0100] "GET /news.php?cs_go=archiv&cs_id=3959&cs_search= HTTP/1.1" 200 10614 "-" "Mozilla/5.0 (X11; U; Linux i686; de; rv:1.9.0.1; compatible; iCjobs Stellenangebote Jobs; http://www.icjobs.de) Gecko/20100401 iCjobs/3.2.3"
85.25.71.152 - - [04/Mar/2013:22:40:17 +0100] "GET /news.php?cs_go=archiv&cs_id=3957&cs_search= HTTP/1.1" 200 10575 "-" "Mozilla/5.0 (X11; U; Linux i686; de; rv:1.9.0.1; compatible; iCjobs Stellenangebote Jobs; http://www.icjobs.de) Gecko/20100401 iCjobs/3.2.3"
85.25.71.152 - - [04/Mar/2013:22:40:19 +0100] "GET /news.php?cs_go=archiv&cs_id=3954&cs_search= HTTP/1.1" 200 12344 "-" "Mozilla/5.0 (X11; U; Linux i686; de; rv:1.9.0.1; compatible; iCjobs Stellenangebote Jobs; http://www.icjobs.de) Gecko/20100401 iCjobs/3.2.3"
85.25.71.152 - - [04/Mar/2013:22:40:23 +0100] "GET /news.php?cs_go=archiv&cs_id=3958&cs_search= HTTP/1.1" 200 10136 "-" "Mozilla/5.0 (X11; U; Linux i686; de; rv:1.9.0.1; compatible; iCjobs Stellenangebote Jobs; http://www.icjobs.de) Gecko/20100401 iCjobs/3.2.3"
85.25.71.152 - - [04/Mar/2013:22:40:27 +0100] "GET /news.php?cs_go=archiv&cs_id=3956&cs_search= HTTP/1.1" 200 13102 "-" "Mozilla/5.0 (X11; U; Linux i686; de; rv:1.9.0.1; compatible; iCjobs Stellenangebote Jobs; http://www.icjobs.de) Gecko/20100401 iCjobs/3.2.3"
85.25.71.152 - - [04/Mar/2013:22:40:30 +0100] "GET /news.php?cs_go=archiv&cs_id=3955&cs_search= HTTP/1.1" 200 11183 "-" "Mozilla/5.0 (X11; U; Linux i686; de; rv:1.9.0.1; compatible; iCjobs Stellenangebote Jobs; http://www.icjobs.de) Gecko/20100401 iCjobs/3.2.3"
85.25.71.152 - - [04/Mar/2013:22:40:35 +0100] "GET /news.php?cs_go=archiv&cs_startpos=30 HTTP/1.1" 200 22486 "-" "Mozilla/5.0 (X11; U; Linux i686; de; rv:1.9.0.1; compatible; iCjobs Stellenangebote Jobs; http://www.icjobs.de) Gecko/20100401 iCjobs/3.2.3"
85.25.71.152 - - [04/Mar/2013:22:40:45 +0100] "GET /news.php?cs_go=archiv&cs_id=3953&cs_search= HTTP/1.1" 200 11927 "-" "Mozilla/5.0 (X11; U; Linux i686; de; rv:1.9.0.1; compatible; iCjobs Stellenangebote Jobs; http://www.icjobs.de) Gecko/20100401 iCjobs/3.2.3"
85.25.71.152 - - [04/Mar/2013:22:40:50 +0100] "GET /news.php?cs_go=archiv&cs_id=3952&cs_search= HTTP/1.1" 200 11016 "-" "Mozilla/5.0 (X11; U; Linux i686; de; rv:1.9.0.1; compatible; iCjobs Stellenangebote Jobs; http://www.icjobs.de) Gecko/20100401 iCjobs/3.2.3"
85.25.71.152 - - [04/Mar/2013:22:40:54 +0100] "GET /news.php?cs_go=archiv&cs_id=3951&cs_search= HTTP/1.1" 200 13414 "-" "Mozilla/5.0 (X11; U; Linux i686; de; rv:1.9.0.1; compatible; iCjobs Stellenangebote Jobs; http://www.icjobs.de) Gecko/20100401 iCjobs/3.2.3"
85.25.71.152 - - [04/Mar/2013:22:41:00 +0100] "GET /news.php?cs_go=archiv&cs_id=3950&cs_search= HTTP/1.1" 200 11923 "-" "Mozilla/5.0 (X11; U; Linux i686; de; rv:1.9.0.1; compatible; iCjobs Stellenangebote Jobs; http://www.icjobs.de) Gecko/20100401 iCjobs/3.2.3"
85.25.71.152 - - [04/Mar/2013:22:41:02 +0100] "GET /news.php?cs_go=archiv&cs_id=3949&cs_search= HTTP/1.1" 200 9826 "-" "Mozilla/5.0 (X11; U; Linux i686; de; rv:1.9.0.1; compatible; iCjobs Stellenangebote Jobs; http://www.icjobs.de) Gecko/20100401 iCjobs/3.2.3"
85.25.71.152 - - [04/Mar/2013:22:41:07 +0100] "GET /news.php?cs_go=archiv&cs_id=3948&cs_search= HTTP/1.1" 200 10830 "-" "Mozilla/5.0 (X11; U; Linux i686; de; rv:1.9.0.1; compatible; iCjobs Stellenangebote Jobs; http://www.icjobs.de) Gecko/20100401 iCjobs/3.2.3"
85.25.71.152 - - [04/Mar/2013:22:41:11 +0100] "GET /news.php?cs_go=archiv&cs_id=3947&cs_search= HTTP/1.1" 200 13341 "-" "Mozilla/5.0 (X11; U; Linux i686; de; rv:1.9.0.1; compatible; iCjobs Stellenangebote Jobs; http://www.icjobs.de) Gecko/20100401 iCjobs/3.2.3"
85.25.71.152 - - [04/Mar/2013:22:41:16 +0100] "GET /news.php?cs_go=archiv&cs_id=3946&cs_search= HTTP/1.1" 200 9917 "-" "Mozilla/5.0 (X11; U; Linux i686; de; rv:1.9.0.1; compatible; iCjobs Stellenangebote Jobs; http://www.icjobs.de) Gecko/20100401 iCjobs/3.2.3"
85.25.71.152 - - [04/Mar/2013:22:41:20 +0100] "GET /news.php?cs_go=archiv&cs_id=3945&cs_search= HTTP/1.1" 200 9959 "-" "Mozilla/5.0 (X11; U; Linux i686; de; rv:1.9.0.1; compatible; iCjobs Stellenangebote Jobs; http://www.icjobs.de) Gecko/20100401 iCjobs/3.2.3"
