91.66.98.187 - - [02/Mar/2013:12:19:44 +0100] "GET /images/close.png HTTP/1.1" 200 703 "http://www.mink-gmbh.de/" "Mozilla/5.0 (Macintosh; U; PPC Mac OS X 10.5; de; rv:1.9.2.28) Gecko/20120306 Firefox/3.6.28"
91.66.98.187 - - [02/Mar/2013:12:19:44 +0100] "GET /images/newsletter_bg.jpg HTTP/1.1" 200 33610 "http://www.mink-gmbh.de/" "Mozilla/5.0 (Macintosh; U; PPC Mac OS X 10.5; de; rv:1.9.2.28) Gecko/20120306 Firefox/3.6.28"
91.66.98.187 - - [02/Mar/2013:12:19:44 +0100] "GET /images/newsletter.png HTTP/1.1" 200 14619 "http://www.mink-gmbh.de/style.css" "Mozilla/5.0 (Macintosh; U; PPC Mac OS X 10.5; de; rv:1.9.2.28) Gecko/20120306 Firefox/3.6.28"
91.66.98.187 - - [02/Mar/2013:12:19:43 +0100] "GET / HTTP/1.1" 200 15262 "http://www.google.de/search?hl=de&source=hp&q=mink+heizoel&gbv=2&oq=mink+heizoel&gs_l=heirloom-hp.3..0i30.1138.5663.0.8065.14.13.1.0.0.0.71.711.13.13.0...0.0...1c.1.QtdHhQ22wIY" "Mozilla/5.0 (Macintosh; U; PPC Mac OS X 10.5; de; rv:1.9.2.28) Gecko/20120306 Firefox/3.6.28"
91.66.98.187 - - [02/Mar/2013:12:19:44 +0100] "GET /images/wrapperbg.jpg HTTP/1.1" 200 27465 "http://www.mink-gmbh.de/style.css" "Mozilla/5.0 (Macintosh; U; PPC Mac OS X 10.5; de; rv:1.9.2.28) Gecko/20120306 Firefox/3.6.28"
91.66.98.187 - - [02/Mar/2013:12:19:44 +0100] "GET /images/header.jpg HTTP/1.1" 200 24413 "http://www.mink-gmbh.de/style.css" "Mozilla/5.0 (Macintosh; U; PPC Mac OS X 10.5; de; rv:1.9.2.28) Gecko/20120306 Firefox/3.6.28"
91.66.98.187 - - [02/Mar/2013:12:19:44 +0100] "GET /images/navibg.png HTTP/1.1" 200 2803 "http://www.mink-gmbh.de/style.css" "Mozilla/5.0 (Macintosh; U; PPC Mac OS X 10.5; de; rv:1.9.2.28) Gecko/20120306 Firefox/3.6.28"
91.66.98.187 - - [02/Mar/2013:12:19:44 +0100] "GET /images/freecall.jpg HTTP/1.1" 200 39195 "http://www.mink-gmbh.de/" "Mozilla/5.0 (Macintosh; U; PPC Mac OS X 10.5; de; rv:1.9.2.28) Gecko/20120306 Firefox/3.6.28"
91.66.98.187 - - [02/Mar/2013:12:19:44 +0100] "GET /images/mail.jpg HTTP/1.1" 200 11165 "http://www.mink-gmbh.de/" "Mozilla/5.0 (Macintosh; U; PPC Mac OS X 10.5; de; rv:1.9.2.28) Gecko/20120306 Firefox/3.6.28"
91.66.98.187 - - [02/Mar/2013:12:19:44 +0100] "GET /images/kwk.gif HTTP/1.1" 200 6403 "http://www.mink-gmbh.de/" "Mozilla/5.0 (Macintosh; U; PPC Mac OS X 10.5; de; rv:1.9.2.28) Gecko/20120306 Firefox/3.6.28"
91.66.98.187 - - [02/Mar/2013:12:19:44 +0100] "GET /images/wunschpreis.jpg HTTP/1.1" 200 16767 "http://www.mink-gmbh.de/" "Mozilla/5.0 (Macintosh; U; PPC Mac OS X 10.5; de; rv:1.9.2.28) Gecko/20120306 Firefox/3.6.28"
91.66.98.187 - - [02/Mar/2013:12:19:44 +0100] "GET /images/logos.jpg HTTP/1.1" 200 15002 "http://www.mink-gmbh.de/" "Mozilla/5.0 (Macintosh; U; PPC Mac OS X 10.5; de; rv:1.9.2.28) Gecko/20120306 Firefox/3.6.28"
91.66.98.187 - - [02/Mar/2013:12:19:44 +0100] "GET /images/fallend.png HTTP/1.1" 200 713 "http://www.mink-gmbh.de/modul.css" "Mozilla/5.0 (Macintosh; U; PPC Mac OS X 10.5; de; rv:1.9.2.28) Gecko/20120306 Firefox/3.6.28"
91.66.98.187 - - [02/Mar/2013:12:19:44 +0100] "GET /images/steigend.png HTTP/1.1" 200 688 "http://www.mink-gmbh.de/modul.css" "Mozilla/5.0 (Macintosh; U; PPC Mac OS X 10.5; de; rv:1.9.2.28) Gecko/20120306 Firefox/3.6.28"
91.66.98.187 - - [02/Mar/2013:12:19:44 +0100] "GET /images/mobil.jpg HTTP/1.1" 200 25293 "http://www.mink-gmbh.de/style.css" "Mozilla/5.0 (Macintosh; U; PPC Mac OS X 10.5; de; rv:1.9.2.28) Gecko/20120306 Firefox/3.6.28"
91.66.98.187 - - [02/Mar/2013:12:19:44 +0100] "GET /images/newsletter.jpg HTTP/1.1" 200 13130 "http://www.mink-gmbh.de/style.css" "Mozilla/5.0 (Macintosh; U; PPC Mac OS X 10.5; de; rv:1.9.2.28) Gecko/20120306 Firefox/3.6.28"
91.66.98.187 - - [02/Mar/2013:12:19:45 +0100] "GET /images/footerbg.jpg HTTP/1.1" 200 2184 "http://www.mink-gmbh.de/style.css" "Mozilla/5.0 (Macintosh; U; PPC Mac OS X 10.5; de; rv:1.9.2.28) Gecko/20120306 Firefox/3.6.28"
91.66.98.187 - - [02/Mar/2013:12:19:45 +0100] "GET /js_contentserver24_greybox/loader_frame.html?s=0 HTTP/1.1" 200 2084 "http://www.mink-gmbh.de/" "Mozilla/5.0 (Macintosh; U; PPC Mac OS X 10.5; de; rv:1.9.2.28) Gecko/20120306 Firefox/3.6.28"
91.66.98.187 - - [02/Mar/2013:12:19:45 +0100] "GET /js_contentserver24_greybox/header_bg.gif HTTP/1.1" 200 1188 "http://www.mink-gmbh.de/" "Mozilla/5.0 (Macintosh; U; PPC Mac OS X 10.5; de; rv:1.9.2.28) Gecko/20120306 Firefox/3.6.28"
91.66.98.187 - - [02/Mar/2013:12:19:45 +0100] "GET /js_contentserver24_greybox/indicator.gif HTTP/1.1" 200 8238 "http://www.mink-gmbh.de/js_contentserver24_greybox/loader_frame.html?s=0" "Mozilla/5.0 (Macintosh; U; PPC Mac OS X 10.5; de; rv:1.9.2.28) Gecko/20120306 Firefox/3.6.28"
91.66.98.187 - - [02/Mar/2013:12:19:46 +0100] "GET /js_contentserver24_greybox/g_close.gif HTTP/1.1" 200 541 "http://www.mink-gmbh.de/" "Mozilla/5.0 (Macintosh; U; PPC Mac OS X 10.5; de; rv:1.9.2.28) Gecko/20120306 Firefox/3.6.28"
141.8.147.12 - - [02/Mar/2013:12:19:47 +0100] "GET /news.php?cs_go=archiv&cs_id=3597&cs_search= HTTP/1.1" 200 10712 "-" "Mozilla/5.0 (compatible; YandexBot/3.0; +http://yandex.com/bots)"
91.66.98.187 - - [02/Mar/2013:12:20:06 +0100] "GET /wunschpreis.php HTTP/1.1" 200 11997 "http://www.mink-gmbh.de/" "Mozilla/5.0 (Macintosh; U; PPC Mac OS X 10.5; de; rv:1.9.2.28) Gecko/20120306 Firefox/3.6.28"
91.66.98.187 - - [02/Mar/2013:12:21:02 +0100] "GET /standard.php HTTP/1.1" 200 9131 "http://www.mink-gmbh.de/wunschpreis.php" "Mozilla/5.0 (Macintosh; U; PPC Mac OS X 10.5; de; rv:1.9.2.28) Gecko/20120306 Firefox/3.6.28"
173.199.116.195 - - [02/Mar/2013:12:21:10 +0100] "GET /lexikon.php?cs_go=3&cs_id=141 HTTP/1.1" 200 8876 "-" "Mozilla/5.0 (compatible; AhrefsBot/4.0; +http://ahrefs.com/robot/)"
91.66.98.187 - - [02/Mar/2013:12:21:23 +0100] "GET /optiplus.php HTTP/1.1" 200 11013 "http://www.mink-gmbh.de/standard.php" "Mozilla/5.0 (Macintosh; U; PPC Mac OS X 10.5; de; rv:1.9.2.28) Gecko/20120306 Firefox/3.6.28"
91.66.98.187 - - [02/Mar/2013:12:21:23 +0100] "GET /images/Optiseite.jpg HTTP/1.1" 200 32107 "http://www.mink-gmbh.de/optiplus.php" "Mozilla/5.0 (Macintosh; U; PPC Mac OS X 10.5; de; rv:1.9.2.28) Gecko/20120306 Firefox/3.6.28"
91.66.98.187 - - [02/Mar/2013:12:21:23 +0100] "GET /images/optiplus.jpg HTTP/1.1" 200 37436 "http://www.mink-gmbh.de/optiplus.php" "Mozilla/5.0 (Macintosh; U; PPC Mac OS X 10.5; de; rv:1.9.2.28) Gecko/20120306 Firefox/3.6.28"
91.66.98.187 - - [02/Mar/2013:12:21:31 +0100] "GET /additive.php HTTP/1.1" 200 8285 "http://www.mink-gmbh.de/optiplus.php" "Mozilla/5.0 (Macintosh; U; PPC Mac OS X 10.5; de; rv:1.9.2.28) Gecko/20120306 Firefox/3.6.28"
91.66.98.187 - - [02/Mar/2013:12:21:34 +0100] "GET /optiplus.php HTTP/1.1" 200 11013 "http://www.mink-gmbh.de/additive.php" "Mozilla/5.0 (Macintosh; U; PPC Mac OS X 10.5; de; rv:1.9.2.28) Gecko/20120306 Firefox/3.6.28"
91.66.98.187 - - [02/Mar/2013:12:21:44 +0100] "GET /preisanfrage.php HTTP/1.1" 200 10647 "http://www.mink-gmbh.de/optiplus.php" "Mozilla/5.0 (Macintosh; U; PPC Mac OS X 10.5; de; rv:1.9.2.28) Gecko/20120306 Firefox/3.6.28"
91.66.98.187 - - [02/Mar/2013:12:22:22 +0100] "GET /kontakt.php HTTP/1.1" 200 9111 "http://www.mink-gmbh.de/preisanfrage.php" "Mozilla/5.0 (Macintosh; U; PPC Mac OS X 10.5; de; rv:1.9.2.28) Gecko/20120306 Firefox/3.6.28"
91.66.98.187 - - [02/Mar/2013:12:22:32 +0100] "GET /impressum.php HTTP/1.1" 200 8495 "http://www.mink-gmbh.de/kontakt.php" "Mozilla/5.0 (Macintosh; U; PPC Mac OS X 10.5; de; rv:1.9.2.28) Gecko/20120306 Firefox/3.6.28"
91.66.98.187 - - [02/Mar/2013:12:22:44 +0100] "GET /wunschpreis.php HTTP/1.1" 200 11997 "http://www.mink-gmbh.de/impressum.php" "Mozilla/5.0 (Macintosh; U; PPC Mac OS X 10.5; de; rv:1.9.2.28) Gecko/20120306 Firefox/3.6.28"
91.66.98.187 - - [02/Mar/2013:12:29:02 +0100] "POST /wunschpreis.php HTTP/1.1" 200 12148 "http://www.mink-gmbh.de/wunschpreis.php" "Mozilla/5.0 (Macintosh; U; PPC Mac OS X 10.5; de; rv:1.9.2.28) Gecko/20120306 Firefox/3.6.28"
91.66.98.187 - - [02/Mar/2013:12:32:44 +0100] "POST /wunschpreis.php HTTP/1.1" 200 12212 "http://www.mink-gmbh.de/wunschpreis.php" "Mozilla/5.0 (Macintosh; U; PPC Mac OS X 10.5; de; rv:1.9.2.28) Gecko/20120306 Firefox/3.6.28"
91.66.98.187 - - [02/Mar/2013:12:33:11 +0100] "GET /wunschpreis.php HTTP/1.1" 200 11997 "http://www.mink-gmbh.de/wunschpreis.php" "Mozilla/5.0 (Macintosh; U; PPC Mac OS X 10.5; de; rv:1.9.2.28) Gecko/20120306 Firefox/3.6.28"
91.66.98.187 - - [02/Mar/2013:12:33:22 +0100] "GET /standard.php HTTP/1.1" 200 9131 "http://www.mink-gmbh.de/wunschpreis.php" "Mozilla/5.0 (Macintosh; U; PPC Mac OS X 10.5; de; rv:1.9.2.28) Gecko/20120306 Firefox/3.6.28"
91.66.98.187 - - [02/Mar/2013:12:33:26 +0100] "GET /optiplus.php HTTP/1.1" 200 11013 "http://www.mink-gmbh.de/standard.php" "Mozilla/5.0 (Macintosh; U; PPC Mac OS X 10.5; de; rv:1.9.2.28) Gecko/20120306 Firefox/3.6.28"
91.66.98.187 - - [02/Mar/2013:12:33:27 +0100] "GET /wunschpreis.php HTTP/1.1" 200 11997 "http://www.mink-gmbh.de/optiplus.php" "Mozilla/5.0 (Macintosh; U; PPC Mac OS X 10.5; de; rv:1.9.2.28) Gecko/20120306 Firefox/3.6.28"
91.66.98.187 - - [02/Mar/2013:12:34:13 +0100] "GET / HTTP/1.1" 200 14521 "http://www.google.de/search?hl=de&source=hp&q=mink+heiz%C3%B6l&gbv=2&oq=mink+&gs_l=heirloom-hp.1.2.0l3j0i10j0l6.1175.3011.0.5897.5.5.0.0.0.0.60.255.5.5.0...0.0...1c.1.Y7hDoGURcnk" "Mozilla/5.0 (Macintosh; U; PPC Mac OS X 10.5; de; rv:1.9.2.28) Gecko/20120306 Firefox/3.6.28"
91.66.98.187 - - [02/Mar/2013:12:34:28 +0100] "GET /wunschpreis.php HTTP/1.1" 200 11997 "http://www.mink-gmbh.de/" "Mozilla/5.0 (Macintosh; U; PPC Mac OS X 10.5; de; rv:1.9.2.28) Gecko/20120306 Firefox/3.6.28"
91.66.98.187 - - [02/Mar/2013:12:34:37 +0100] "GET /preisanfrage.php HTTP/1.1" 200 10647 "http://www.mink-gmbh.de/wunschpreis.php" "Mozilla/5.0 (Macintosh; U; PPC Mac OS X 10.5; de; rv:1.9.2.28) Gecko/20120306 Firefox/3.6.28"
91.66.98.187 - - [02/Mar/2013:12:35:12 +0100] "GET /wunschpreis.php HTTP/1.1" 200 11997 "http://www.mink-gmbh.de/preisanfrage.php" "Mozilla/5.0 (Macintosh; U; PPC Mac OS X 10.5; de; rv:1.9.2.28) Gecko/20120306 Firefox/3.6.28"
91.66.98.187 - - [02/Mar/2013:12:35:25 +0100] "GET /news.php HTTP/1.1" 200 21874 "http://www.mink-gmbh.de/wunschpreis.php" "Mozilla/5.0 (Macintosh; U; PPC Mac OS X 10.5; de; rv:1.9.2.28) Gecko/20120306 Firefox/3.6.28"
141.8.147.12 - - [02/Mar/2013:12:37:28 +0100] "GET /news.php?cs_go=archiv&cs_id=3576&cs_search= HTTP/1.1" 200 13343 "-" "Mozilla/5.0 (compatible; YandexBot/3.0; +http://yandex.com/bots)"
208.115.111.75 - - [02/Mar/2013:12:39:12 +0100] "GET /lexikon.php?cs_go=2&cs_char=p HTTP/1.1" 200 9166 "-" "Mozilla/5.0 (compatible; Ezooms/1.0; ezooms.bot@gmail.com)"
208.115.113.91 - - [02/Mar/2013:12:40:47 +0100] "GET /robots.txt HTTP/1.1" 200 177 "-" "Mozilla/5.0 (compatible; Ezooms/1.0; ezooms.bot@gmail.com)"
85.176.193.84 - - [02/Mar/2013:12:43:02 +0100] "GET /optiplus.php HTTP/1.1" 200 11100 "http://search.conduit.com/Results.aspx?q=esso%20heiz%C3%B6l%20optiplus&hl=de&SearchSource=11&SelfSearch=1&SearchType=SearchWeb&ctid=CT2325506&octid=CT2325506&SSPV=EB_SSPV&CUI=SB_CUI&UM=UM_ID" "Mozilla/5.0 (Windows NT 5.1; rv:19.0) Gecko/20100101 Firefox/19.0"
85.176.193.84 - - [02/Mar/2013:12:43:02 +0100] "GET /style.css HTTP/1.1" 200 8418 "http://www.mink-gmbh.de/optiplus.php" "Mozilla/5.0 (Windows NT 5.1; rv:19.0) Gecko/20100101 Firefox/19.0"
85.176.193.84 - - [02/Mar/2013:12:43:02 +0100] "GET /modul.css HTTP/1.1" 200 35038 "http://www.mink-gmbh.de/optiplus.php" "Mozilla/5.0 (Windows NT 5.1; rv:19.0) Gecko/20100101 Firefox/19.0"
85.176.193.84 - - [02/Mar/2013:12:43:02 +0100] "GET /favicon.ico HTTP/1.1" 200 3638 "-" "Mozilla/5.0 (Windows NT 5.1; rv:19.0) Gecko/20100101 Firefox/19.0"
85.176.193.84 - - [02/Mar/2013:12:43:02 +0100] "GET /images/Optiseite.jpg HTTP/1.1" 200 32107 "http://www.mink-gmbh.de/optiplus.php" "Mozilla/5.0 (Windows NT 5.1; rv:19.0) Gecko/20100101 Firefox/19.0"
85.176.193.84 - - [02/Mar/2013:12:43:02 +0100] "GET /images/optiplus.jpg HTTP/1.1" 200 37436 "http://www.mink-gmbh.de/optiplus.php" "Mozilla/5.0 (Windows NT 5.1; rv:19.0) Gecko/20100101 Firefox/19.0"
85.176.193.84 - - [02/Mar/2013:12:43:02 +0100] "GET /images/freecall.jpg HTTP/1.1" 200 39195 "http://www.mink-gmbh.de/optiplus.php" "Mozilla/5.0 (Windows NT 5.1; rv:19.0) Gecko/20100101 Firefox/19.0"
85.176.193.84 - - [02/Mar/2013:12:43:02 +0100] "GET /images/mail.jpg HTTP/1.1" 200 11165 "http://www.mink-gmbh.de/optiplus.php" "Mozilla/5.0 (Windows NT 5.1; rv:19.0) Gecko/20100101 Firefox/19.0"
85.176.193.84 - - [02/Mar/2013:12:43:02 +0100] "GET /images/kwk.gif HTTP/1.1" 200 6403 "http://www.mink-gmbh.de/optiplus.php" "Mozilla/5.0 (Windows NT 5.1; rv:19.0) Gecko/20100101 Firefox/19.0"
85.176.193.84 - - [02/Mar/2013:12:43:02 +0100] "GET /images/wunschpreis.jpg HTTP/1.1" 200 16767 "http://www.mink-gmbh.de/optiplus.php" "Mozilla/5.0 (Windows NT 5.1; rv:19.0) Gecko/20100101 Firefox/19.0"
85.176.193.84 - - [02/Mar/2013:12:43:02 +0100] "GET /images/logos.jpg HTTP/1.1" 200 15002 "http://www.mink-gmbh.de/optiplus.php" "Mozilla/5.0 (Windows NT 5.1; rv:19.0) Gecko/20100101 Firefox/19.0"
85.176.193.84 - - [02/Mar/2013:12:43:03 +0100] "GET /images/bg.jpg HTTP/1.1" 200 345 "http://www.mink-gmbh.de/style.css" "Mozilla/5.0 (Windows NT 5.1; rv:19.0) Gecko/20100101 Firefox/19.0"
85.176.193.84 - - [02/Mar/2013:12:43:03 +0100] "GET /images/close.png HTTP/1.1" 200 703 "http://www.mink-gmbh.de/optiplus.php" "Mozilla/5.0 (Windows NT 5.1; rv:19.0) Gecko/20100101 Firefox/19.0"
85.176.193.84 - - [02/Mar/2013:12:43:03 +0100] "GET /images/newsletter_bg.jpg HTTP/1.1" 200 33610 "http://www.mink-gmbh.de/optiplus.php" "Mozilla/5.0 (Windows NT 5.1; rv:19.0) Gecko/20100101 Firefox/19.0"
85.176.193.84 - - [02/Mar/2013:12:43:03 +0100] "GET /images/newsletter.png HTTP/1.1" 200 14619 "http://www.mink-gmbh.de/style.css" "Mozilla/5.0 (Windows NT 5.1; rv:19.0) Gecko/20100101 Firefox/19.0"
85.176.193.84 - - [02/Mar/2013:12:43:03 +0100] "GET /images/wrapperbg.jpg HTTP/1.1" 200 27465 "http://www.mink-gmbh.de/style.css" "Mozilla/5.0 (Windows NT 5.1; rv:19.0) Gecko/20100101 Firefox/19.0"
85.176.193.84 - - [02/Mar/2013:12:43:03 +0100] "GET /images/header.jpg HTTP/1.1" 200 24413 "http://www.mink-gmbh.de/style.css" "Mozilla/5.0 (Windows NT 5.1; rv:19.0) Gecko/20100101 Firefox/19.0"
85.176.193.84 - - [02/Mar/2013:12:43:03 +0100] "GET /images/navibg.png HTTP/1.1" 200 2803 "http://www.mink-gmbh.de/style.css" "Mozilla/5.0 (Windows NT 5.1; rv:19.0) Gecko/20100101 Firefox/19.0"
85.176.193.84 - - [02/Mar/2013:12:43:03 +0100] "GET /images/footerbg.jpg HTTP/1.1" 200 2184 "http://www.mink-gmbh.de/style.css" "Mozilla/5.0 (Windows NT 5.1; rv:19.0) Gecko/20100101 Firefox/19.0"
173.199.116.195 - - [02/Mar/2013:12:45:12 +0100] "GET /ansprechpartner.php HTTP/1.1" 404 - "-" "Mozilla/5.0 (compatible; AhrefsBot/4.0; +http://ahrefs.com/robot/)"
91.66.98.187 - - [02/Mar/2013:12:56:08 +0100] "GET /optiplus.php HTTP/1.1" 200 11013 "http://www.google.de/search?hl=de&source=hp&q=mink+heiz%C3%B6l&gbv=2&oq=mink+heiz&gs_l=heirloom-hp.1.0.0l2j0i30j0i5i30l2j0i8i30l3.1249.3356.0.5796.9.9.0.0.0.0.234.675.8j0j1.9.0...0.0...1c.1.9pl_cBIcIjk" "Mozilla/5.0 (Macintosh; U; PPC Mac OS X 10.5; de; rv:1.9.2.28) Gecko/20120306 Firefox/3.6.28"
91.66.98.187 - - [02/Mar/2013:12:56:12 +0100] "GET /wunschpreis.php HTTP/1.1" 200 11997 "http://www.mink-gmbh.de/optiplus.php" "Mozilla/5.0 (Macintosh; U; PPC Mac OS X 10.5; de; rv:1.9.2.28) Gecko/20120306 Firefox/3.6.28"
91.66.101.46 - - [02/Mar/2013:12:57:21 +0100] "GET /optiplus.php HTTP/1.1" 200 11100 "http://www.google.de/url?sa=t&rct=j&q=mink%20heizoel&source=web&cd=2&ved=0CD0QFjAB&url=http%3A%2F%2Fwww.mink-gmbh.de%2Foptiplus.php&ei=1-gxUeG4J4ectAbehIHQCg&usg=AFQjCNEouGCMmLgK9iGVLaDNxyZZMZ_YPQ&bvm=bv.43148975,d.Yms" "Mozilla/5.0 (Windows NT 5.1; rv:19.0) Gecko/20100101 Firefox/19.0"
91.66.101.46 - - [02/Mar/2013:12:57:21 +0100] "GET /style.css HTTP/1.1" 200 8418 "http://www.mink-gmbh.de/optiplus.php" "Mozilla/5.0 (Windows NT 5.1; rv:19.0) Gecko/20100101 Firefox/19.0"
91.66.101.46 - - [02/Mar/2013:12:57:21 +0100] "GET /images/Optiseite.jpg HTTP/1.1" 200 32107 "http://www.mink-gmbh.de/optiplus.php" "Mozilla/5.0 (Windows NT 5.1; rv:19.0) Gecko/20100101 Firefox/19.0"
91.66.101.46 - - [02/Mar/2013:12:57:21 +0100] "GET /images/mail.jpg HTTP/1.1" 200 11165 "http://www.mink-gmbh.de/optiplus.php" "Mozilla/5.0 (Windows NT 5.1; rv:19.0) Gecko/20100101 Firefox/19.0"
91.66.101.46 - - [02/Mar/2013:12:57:21 +0100] "GET /images/kwk.gif HTTP/1.1" 200 6403 "http://www.mink-gmbh.de/optiplus.php" "Mozilla/5.0 (Windows NT 5.1; rv:19.0) Gecko/20100101 Firefox/19.0"
91.66.101.46 - - [02/Mar/2013:12:57:21 +0100] "GET /images/wunschpreis.jpg HTTP/1.1" 200 16767 "http://www.mink-gmbh.de/optiplus.php" "Mozilla/5.0 (Windows NT 5.1; rv:19.0) Gecko/20100101 Firefox/19.0"
91.66.101.46 - - [02/Mar/2013:12:57:21 +0100] "GET /images/logos.jpg HTTP/1.1" 200 15002 "http://www.mink-gmbh.de/optiplus.php" "Mozilla/5.0 (Windows NT 5.1; rv:19.0) Gecko/20100101 Firefox/19.0"
91.66.101.46 - - [02/Mar/2013:12:57:21 +0100] "GET /favicon.ico HTTP/1.1" 200 3638 "-" "Mozilla/5.0 (Windows NT 5.1; rv:19.0) Gecko/20100101 Firefox/19.0"
91.66.101.46 - - [02/Mar/2013:12:57:21 +0100] "GET /modul.css HTTP/1.1" 200 35038 "http://www.mink-gmbh.de/optiplus.php" "Mozilla/5.0 (Windows NT 5.1; rv:19.0) Gecko/20100101 Firefox/19.0"
91.66.101.46 - - [02/Mar/2013:12:57:21 +0100] "GET /images/freecall.jpg HTTP/1.1" 200 39195 "http://www.mink-gmbh.de/optiplus.php" "Mozilla/5.0 (Windows NT 5.1; rv:19.0) Gecko/20100101 Firefox/19.0"
91.66.101.46 - - [02/Mar/2013:12:57:21 +0100] "GET /images/optiplus.jpg HTTP/1.1" 200 37436 "http://www.mink-gmbh.de/optiplus.php" "Mozilla/5.0 (Windows NT 5.1; rv:19.0) Gecko/20100101 Firefox/19.0"
91.66.101.46 - - [02/Mar/2013:12:57:22 +0100] "GET /images/bg.jpg HTTP/1.1" 200 345 "http://www.mink-gmbh.de/style.css" "Mozilla/5.0 (Windows NT 5.1; rv:19.0) Gecko/20100101 Firefox/19.0"
91.66.101.46 - - [02/Mar/2013:12:57:22 +0100] "GET /images/newsletter_bg.jpg HTTP/1.1" 200 33610 "http://www.mink-gmbh.de/optiplus.php" "Mozilla/5.0 (Windows NT 5.1; rv:19.0) Gecko/20100101 Firefox/19.0"
91.66.101.46 - - [02/Mar/2013:12:57:22 +0100] "GET /images/close.png HTTP/1.1" 200 703 "http://www.mink-gmbh.de/optiplus.php" "Mozilla/5.0 (Windows NT 5.1; rv:19.0) Gecko/20100101 Firefox/19.0"
91.66.101.46 - - [02/Mar/2013:12:57:22 +0100] "GET /images/newsletter.png HTTP/1.1" 200 14619 "http://www.mink-gmbh.de/style.css" "Mozilla/5.0 (Windows NT 5.1; rv:19.0) Gecko/20100101 Firefox/19.0"
91.66.101.46 - - [02/Mar/2013:12:57:22 +0100] "GET /images/wrapperbg.jpg HTTP/1.1" 200 27465 "http://www.mink-gmbh.de/style.css" "Mozilla/5.0 (Windows NT 5.1; rv:19.0) Gecko/20100101 Firefox/19.0"
91.66.101.46 - - [02/Mar/2013:12:57:22 +0100] "GET /images/header.jpg HTTP/1.1" 200 24413 "http://www.mink-gmbh.de/style.css" "Mozilla/5.0 (Windows NT 5.1; rv:19.0) Gecko/20100101 Firefox/19.0"
91.66.101.46 - - [02/Mar/2013:12:57:22 +0100] "GET /images/navibg.png HTTP/1.1" 200 2803 "http://www.mink-gmbh.de/style.css" "Mozilla/5.0 (Windows NT 5.1; rv:19.0) Gecko/20100101 Firefox/19.0"
91.66.101.46 - - [02/Mar/2013:12:57:22 +0100] "GET /images/footerbg.jpg HTTP/1.1" 200 2184 "http://www.mink-gmbh.de/style.css" "Mozilla/5.0 (Windows NT 5.1; rv:19.0) Gecko/20100101 Firefox/19.0"
91.66.101.46 - - [02/Mar/2013:12:57:25 +0100] "GET /wunschpreis.php HTTP/1.1" 200 11997 "http://www.mink-gmbh.de/optiplus.php" "Mozilla/5.0 (Windows NT 5.1; rv:19.0) Gecko/20100101 Firefox/19.0"
157.55.34.168 - - [02/Mar/2013:12:57:42 +0100] "GET /robots.txt HTTP/1.1" 200 177 "-" "Mozilla/5.0 (compatible; bingbot/2.0; +http://www.bing.com/bingbot.htm)"
91.66.101.46 - - [02/Mar/2013:12:58:07 +0100] "POST /wunschpreis.php HTTP/1.1" 200 12155 "http://www.mink-gmbh.de/wunschpreis.php" "Mozilla/5.0 (Windows NT 5.1; rv:19.0) Gecko/20100101 Firefox/19.0"
91.66.101.46 - - [02/Mar/2013:12:59:02 +0100] "POST /wunschpreis.php HTTP/1.1" 200 12215 "http://www.mink-gmbh.de/wunschpreis.php" "Mozilla/5.0 (Windows NT 5.1; rv:19.0) Gecko/20100101 Firefox/19.0"
91.66.101.46 - - [02/Mar/2013:12:59:12 +0100] "GET /preisanfrage.php HTTP/1.1" 200 10647 "http://www.mink-gmbh.de/wunschpreis.php" "Mozilla/5.0 (Windows NT 5.1; rv:19.0) Gecko/20100101 Firefox/19.0"
91.66.101.46 - - [02/Mar/2013:12:59:21 +0100] "GET /preisanfrage.php HTTP/1.1" 200 10647 "http://www.mink-gmbh.de/preisanfrage.php" "Mozilla/5.0 (Windows NT 5.1; rv:19.0) Gecko/20100101 Firefox/19.0"
157.55.34.168 - - [02/Mar/2013:13:00:11 +0100] "GET / HTTP/1.1" 200 15262 "-" "Mozilla/5.0 (compatible; bingbot/2.0; +http://www.bing.com/bingbot.htm)"
91.66.101.46 - - [02/Mar/2013:13:00:35 +0100] "POST /preisanfrage.php HTTP/1.1" 200 7299 "http://www.mink-gmbh.de/preisanfrage.php" "Mozilla/5.0 (Windows NT 5.1; rv:19.0) Gecko/20100101 Firefox/19.0"
91.66.101.46 - - [02/Mar/2013:13:00:48 +0100] "GET /kontakt.php HTTP/1.1" 200 9111 "http://www.mink-gmbh.de/preisanfrage.php" "Mozilla/5.0 (Windows NT 5.1; rv:19.0) Gecko/20100101 Firefox/19.0"
141.8.147.12 - - [02/Mar/2013:13:02:58 +0100] "GET /news.php?cs_go=archiv&cs_id=3489&cs_search= HTTP/1.1" 200 9885 "-" "Mozilla/5.0 (compatible; YandexBot/3.0; +http://yandex.com/bots)"
95.211.139.1 - - [02/Mar/2013:13:26:38 +0100] "GET /news.php?cs_go=archiv&cs_id=3720&cs_search= HTTP/1.0" 200 13450 "-" "Mozilla/5.0 (compatible; AcoonBot/4.11.1; +http://www.acoon.de/robot.asp)"
141.8.147.12 - - [02/Mar/2013:13:26:58 +0100] "GET /news.php?cs_go=archiv&cs_id=3846&cs_search= HTTP/1.1" 200 11425 "-" "Mozilla/5.0 (compatible; YandexBot/3.0; +http://yandex.com/bots)"
65.36.241.79 - - [02/Mar/2013:13:34:03 +0100] "HEAD / HTTP/1.1" 200 - "-" "InternetSeer.com"
141.8.147.12 - - [02/Mar/2013:13:35:29 +0100] "GET /news.php?cs_go=archiv&cs_id=3522&cs_search= HTTP/1.1" 200 9955 "-" "Mozilla/5.0 (compatible; YandexBot/3.0; +http://yandex.com/bots)"
141.8.147.12 - - [02/Mar/2013:14:05:00 +0100] "GET /news.php?cs_go=archiv&cs_id=3537&cs_search= HTTP/1.1" 200 13371 "-" "Mozilla/5.0 (compatible; YandexBot/3.0; +http://yandex.com/bots)"
141.8.147.12 - - [02/Mar/2013:14:09:42 +0100] "GET /news.php?cs_go=archiv&cs_id=3561&cs_search= HTTP/1.1" 200 9991 "-" "Mozilla/5.0 (compatible; YandexBot/3.0; +http://yandex.com/bots)"
208.115.111.75 - - [02/Mar/2013:14:43:38 +0100] "GET /robots.txt HTTP/1.1" 200 177 "-" "Mozilla/5.0 (compatible; Ezooms/1.0; ezooms.bot@gmail.com)"
208.115.113.91 - - [02/Mar/2013:14:47:36 +0100] "GET /news.php?cs_go=archiv&cs_startpos=120 HTTP/1.1" 200 22812 "-" "Mozilla/5.0 (compatible; Ezooms/1.0; ezooms.bot@gmail.com)"
141.8.147.12 - - [02/Mar/2013:15:32:11 +0100] "GET /news.php?cs_go=archiv&cs_id=3963 HTTP/1.1" 200 10123 "-" "Mozilla/5.0 (compatible; YandexBot/3.0; +http://yandex.com/bots)"
66.249.75.46 - - [02/Mar/2013:16:04:02 +0100] "GET /robots.txt HTTP/1.1" 200 177 "-" "Mozilla/5.0 (compatible; Googlebot/2.1; +http://www.google.com/bot.html)"
66.249.75.46 - - [02/Mar/2013:16:04:02 +0100] "GET /lexikon.php?cs_go=3&cs_id=201 HTTP/1.1" 200 8794 "-" "Mozilla/5.0 (compatible; Googlebot/2.1; +http://www.google.com/bot.html)"
66.249.75.46 - - [02/Mar/2013:16:16:51 +0100] "GET /news.php?cs_go=archiv&cs_id=3839 HTTP/1.1" 200 13533 "-" "SAMSUNG-SGH-E250/1.0 Profile/MIDP-2.0 Configuration/CLDC-1.1 UP.Browser/6.2.3.3.c.1.101 (GUI) MMP/2.0 (compatible; Googlebot-Mobile/2.1; +http://www.google.com/bot.html)"
157.55.33.112 - - [02/Mar/2013:16:21:23 +0100] "GET /robots.txt HTTP/1.1" 200 177 "-" "Mozilla/5.0 (compatible; bingbot/2.0; +http://www.bing.com/bingbot.htm)"
157.55.33.112 - - [02/Mar/2013:16:23:35 +0100] "GET /seiten/kontakt.php HTTP/1.1" 404 - "-" "Mozilla/5.0 (compatible; bingbot/2.0; +http://www.bing.com/bingbot.htm)"
66.249.75.46 - - [02/Mar/2013:16:28:36 +0100] "GET /lexikon.php?cs_go=3&cs_id=116 HTTP/1.1" 200 9366 "-" "Mozilla/5.0 (compatible; Googlebot/2.1; +http://www.google.com/bot.html)"
208.115.111.75 - - [02/Mar/2013:16:36:53 +0100] "GET /news.php?cs_go=archiv&cs_id=3931&cs_search= HTTP/1.1" 200 13536 "-" "Mozilla/5.0 (compatible; Ezooms/1.0; ezooms.bot@gmail.com)"
208.115.113.91 - - [02/Mar/2013:16:41:31 +0100] "GET /robots.txt HTTP/1.1" 200 177 "-" "Mozilla/5.0 (compatible; Ezooms/1.0; ezooms.bot@gmail.com)"
173.199.116.195 - - [02/Mar/2013:16:58:46 +0100] "GET /news.php?cs_go=archiv&cs_id=3897 HTTP/1.1" 200 13535 "-" "Mozilla/5.0 (compatible; AhrefsBot/4.0; +http://ahrefs.com/robot/)"
208.115.113.91 - - [02/Mar/2013:17:02:56 +0100] "GET /news.php?cs_go=archiv&cs_id=3941 HTTP/1.1" 200 9804 "-" "Mozilla/5.0 (compatible; Ezooms/1.0; ezooms.bot@gmail.com)"
173.199.116.195 - - [02/Mar/2013:17:52:13 +0100] "GET /lexikon.php?cs_go=3&cs_id=133 HTTP/1.1" 200 8732 "-" "Mozilla/5.0 (compatible; AhrefsBot/4.0; +http://ahrefs.com/robot/)"
95.211.139.1 - - [02/Mar/2013:18:11:20 +0100] "GET /robots.txt HTTP/1.0" 200 177 "-" "Mozilla/5.0 (compatible; AcoonBot/4.11.1; +http://www.acoon.de/robot.asp)"
95.211.139.1 - - [02/Mar/2013:18:11:20 +0100] "GET /news.php?cs_go=archiv&cs_id=3762&cs_search= HTTP/1.0" 200 13640 "-" "Mozilla/5.0 (compatible; AcoonBot/4.11.1; +http://www.acoon.de/robot.asp)"
85.25.71.89 - - [02/Mar/2013:18:39:33 +0100] "GET / HTTP/1.1" 200 15262 "-" "Mozilla/5.0 (X11; U; Linux i686; en-US; rv:1.9.0.1) Gecko/2008070206 Firefox/3.0.1"
85.25.71.89 - - [02/Mar/2013:18:39:34 +0100] "GET /seiten/kontakt.php HTTP/1.1" 404 - "-" "Mozilla/5.0 (X11; U; Linux i686; en-US; rv:1.9.0.1) Gecko/2008070206 Firefox/3.0.1"
31.31.112.120 - - [02/Mar/2013:18:39:40 +0100] "GET /robots.txt HTTP/1.1" 200 177 "-" "Mozilla/5.0 (compatible; 008/0.83; http://www.80legs.com/webcrawler.html;) Gecko/2008032620"
31.31.112.120 - - [02/Mar/2013:18:39:40 +0100] "GET / HTTP/1.1" 200 15262 "-" "Mozilla/5.0 (compatible; 008/0.85; http://www.80legs.com/webcrawler.html) Gecko/2008032620"
91.201.230.251 - - [02/Mar/2013:18:40:03 +0100] "GET /robots.txt HTTP/1.1" 200 177 "-" "Mozilla/5.0 (compatible; 008/0.83; http://www.80legs.com/webcrawler.html;) Gecko/2008032620"
91.201.230.251 - - [02/Mar/2013:18:40:03 +0100] "GET / HTTP/1.1" 200 15262 "-" "Mozilla/5.0 (compatible; 008/0.85; http://www.80legs.com/webcrawler.html) Gecko/2008032620"
208.115.111.75 - - [02/Mar/2013:18:45:56 +0100] "GET /robots.txt HTTP/1.1" 200 177 "-" "Mozilla/5.0 (compatible; Ezooms/1.0; ezooms.bot@gmail.com)"
208.115.113.91 - - [02/Mar/2013:18:53:30 +0100] "GET /kontakt.php HTTP/1.1" 200 9198 "-" "Mozilla/5.0 (compatible; Ezooms/1.0; ezooms.bot@gmail.com)"
208.115.113.91 - - [02/Mar/2013:18:53:36 +0100] "GET /newsletter.php HTTP/1.1" 200 8928 "-" "Mozilla/5.0 (compatible; Ezooms/1.0; ezooms.bot@gmail.com)"
66.249.75.46 - - [02/Mar/2013:18:54:30 +0100] "GET /images/RAL_Guetezeichen_Energiehandel.pdf HTTP/1.1" 304 - "-" "DoCoMo/2.0 N905i(c100;TB;W24H16) (compatible; Googlebot-Mobile/2.1; +http://www.google.com/bot.html)"
64.125.222.50 - - [02/Mar/2013:19:06:04 +0100] "GET /robots.txt HTTP/1.1" 200 177 "-" "Mozilla/5.0 (compatible; 008/0.83; http://www.80legs.com/webcrawler.html;) Gecko/2008032620"
173.199.116.195 - - [02/Mar/2013:19:07:01 +0100] "GET /lexikon.php?cs_go=3&cs_id=125 HTTP/1.1" 200 8979 "-" "Mozilla/5.0 (compatible; AhrefsBot/4.0; +http://ahrefs.com/robot/)"
217.197.248.229 - - [02/Mar/2013:19:21:55 +0100] "GET /impressum.php HTTP/1.1" 200 8582 "-" "Mozilla/5.0 (compatible; 008/0.85; http://www.80legs.com/webcrawler.html) Gecko/2008032620"
188.134.35.35 - - [02/Mar/2013:19:22:24 +0100] "GET /newsletter.php HTTP/1.1" 200 8928 "-" "Mozilla/5.0 (compatible; 008/0.85; http://www.80legs.com/webcrawler.html) Gecko/2008032620"
46.236.129.80 - - [02/Mar/2013:19:24:55 +0100] "GET /index.php HTTP/1.1" 200 15262 "-" "Mozilla/5.0 (compatible; 008/0.85; http://www.80legs.com/webcrawler.html) Gecko/2008032620"
178.210.150.20 - - [02/Mar/2013:19:25:03 +0100] "GET /rueckrufservice.php HTTP/1.1" 200 10770 "-" "Mozilla/5.0 (compatible; 008/0.85; http://www.80legs.com/webcrawler.html) Gecko/2008032620"
91.196.52.180 - - [02/Mar/2013:19:26:21 +0100] "GET /news.php HTTP/1.1" 200 21961 "-" "Mozilla/5.0 (compatible; 008/0.85; http://www.80legs.com/webcrawler.html) Gecko/2008032620"
79.135.206.173 - - [02/Mar/2013:19:28:50 +0100] "GET /newsletter.php HTTP/1.1" 200 8928 "-" "Mozilla/5.0 (compatible; 008/0.85; http://www.80legs.com/webcrawler.html) Gecko/2008032620"
217.197.248.229 - - [02/Mar/2013:19:32:40 +0100] "GET /rueckrufservice.php HTTP/1.1" 200 10770 "-" "Mozilla/5.0 (compatible; 008/0.85; http://www.80legs.com/webcrawler.html) Gecko/2008032620"
194.213.104.5 - - [02/Mar/2013:19:32:48 +0100] "GET /news.php?cs_go=archiv HTTP/1.1" 200 21961 "-" "Mozilla/5.0 (compatible; 008/0.85; http://www.80legs.com/webcrawler.html) Gecko/2008032620"
94.231.73.93 - - [02/Mar/2013:19:34:09 +0100] "GET /impressum.php HTTP/1.1" 200 8582 "-" "Mozilla/5.0 (compatible; 008/0.85; http://www.80legs.com/webcrawler.html) Gecko/2008032620"
188.187.94.87 - - [02/Mar/2013:19:34:35 +0100] "GET /impressum.php HTTP/1.1" 200 8582 "-" "Mozilla/5.0 (compatible; 008/0.85; http://www.80legs.com/webcrawler.html) Gecko/2008032620"
46.98.139.206 - - [02/Mar/2013:19:37:19 +0100] "GET /optiplus.php HTTP/1.1" 200 11100 "-" "Mozilla/5.0 (compatible; 008/0.85; http://www.80legs.com/webcrawler.html) Gecko/2008032620"
82.94.176.164 - - [02/Mar/2013:19:38:02 +0100] "GET /jobs.php HTTP/1.1" 200 10090 "-" "Mozilla/4.0 (compatible; MSIE 5.5; Windows NT)"
178.137.157.160 - - [02/Mar/2013:19:38:17 +0100] "GET /kontakt.php HTTP/1.1" 200 9198 "-" "Mozilla/5.0 (compatible; 008/0.85; http://www.80legs.com/webcrawler.html) Gecko/2008032620"
85.90.193.241 - - [02/Mar/2013:19:39:18 +0100] "GET /preisanfrage.php HTTP/1.1" 200 10734 "-" "Mozilla/5.0 (compatible; 008/0.85; http://www.80legs.com/webcrawler.html) Gecko/2008032620"
213.85.86.159 - - [02/Mar/2013:19:39:36 +0100] "GET /preisanfrage.php HTTP/1.1" 200 10734 "-" "Mozilla/5.0 (compatible; 008/0.85; http://www.80legs.com/webcrawler.html) Gecko/2008032620"
178.19.251.3 - - [02/Mar/2013:19:40:16 +0100] "GET /news.php?cs_go=archiv&cs_id=3980 HTTP/1.1" 200 9937 "-" "Mozilla/5.0 (compatible; 008/0.85; http://www.80legs.com/webcrawler.html) Gecko/2008032620"
178.19.251.3 - - [02/Mar/2013:19:40:20 +0100] "GET /news.php?cs_go=archiv&cs_id=3981 HTTP/1.1" 200 12282 "-" "Mozilla/5.0 (compatible; 008/0.85; http://www.80legs.com/webcrawler.html) Gecko/2008032620"
93.170.155.23 - - [02/Mar/2013:19:41:04 +0100] "GET /agb.php HTTP/1.1" 200 19709 "-" "Mozilla/5.0 (compatible; 008/0.85; http://www.80legs.com/webcrawler.html) Gecko/2008032620"
92.100.6.174 - - [02/Mar/2013:19:41:53 +0100] "GET /news.php?cs_go=archiv&cs_id=3982 HTTP/1.1" 200 13450 "-" "Mozilla/5.0 (compatible; 008/0.85; http://www.80legs.com/webcrawler.html) Gecko/2008032620"
92.100.6.174 - - [02/Mar/2013:19:41:55 +0100] "GET /wunschpreis.php HTTP/1.1" 200 12084 "-" "Mozilla/5.0 (compatible; 008/0.85; http://www.80legs.com/webcrawler.html) Gecko/2008032620"
77.232.15.251 - - [02/Mar/2013:19:42:04 +0100] "GET /standard.php HTTP/1.1" 200 9218 "-" "Mozilla/5.0 (compatible; 008/0.85; http://www.80legs.com/webcrawler.html) Gecko/2008032620"
178.75.51.40 - - [02/Mar/2013:19:42:15 +0100] "GET /news.php?cs_go=archiv&cs_id=3982 HTTP/1.1" 200 13450 "-" "Mozilla/5.0 (compatible; 008/0.85; http://www.80legs.com/webcrawler.html) Gecko/2008032620"
195.114.136.253 - - [02/Mar/2013:19:42:18 +0100] "GET /standard.php HTTP/1.1" 200 9218 "-" "Mozilla/5.0 (compatible; 008/0.85; http://www.80legs.com/webcrawler.html) Gecko/2008032620"
178.75.51.40 - - [02/Mar/2013:19:42:18 +0100] "GET /wunschpreis.php HTTP/1.1" 200 12084 "-" "Mozilla/5.0 (compatible; 008/0.85; http://www.80legs.com/webcrawler.html) Gecko/2008032620"
173.199.116.195 - - [02/Mar/2013:19:47:01 +0100] "GET /news.php HTTP/1.1" 200 21961 "-" "Mozilla/5.0 (compatible; AhrefsBot/4.0; +http://ahrefs.com/robot/)"
109.68.173.136 - - [02/Mar/2013:19:47:32 +0100] "GET /jobs.php HTTP/1.1" 200 10090 "-" "Mozilla/5.0 (compatible; 008/0.85; http://www.80legs.com/webcrawler.html) Gecko/2008032620"
95.69.170.106 - - [02/Mar/2013:19:48:55 +0100] "GET /news.php?cs_go=archiv&cs_id=3979 HTTP/1.1" 200 13500 "-" "Mozilla/5.0 (compatible; 008/0.85; http://www.80legs.com/webcrawler.html) Gecko/2008032620"
77.121.151.198 - - [02/Mar/2013:19:49:05 +0100] "GET /news.php?cs_go=archiv&cs_id=3980 HTTP/1.1" 200 9937 "-" "Mozilla/5.0 (compatible; 008/0.85; http://www.80legs.com/webcrawler.html) Gecko/2008032620"
77.121.151.198 - - [02/Mar/2013:19:49:07 +0100] "GET /news.php?cs_go=archiv&cs_id=3981 HTTP/1.1" 200 12282 "-" "Mozilla/5.0 (compatible; 008/0.85; http://www.80legs.com/webcrawler.html) Gecko/2008032620"
85.234.126.36 - - [02/Mar/2013:19:49:27 +0100] "GET /news.php?cs_go=archiv&cs_id=3980 HTTP/1.1" 200 9937 "-" "Mozilla/5.0 (compatible; 008/0.85; http://www.80legs.com/webcrawler.html) Gecko/2008032620"
92.100.6.174 - - [02/Mar/2013:19:49:28 +0100] "GET /kwk.php HTTP/1.1" 200 10884 "-" "Mozilla/5.0 (compatible; 008/0.85; http://www.80legs.com/webcrawler.html) Gecko/2008032620"
85.234.126.36 - - [02/Mar/2013:19:49:30 +0100] "GET /news.php?cs_go=archiv&cs_id=3981 HTTP/1.1" 200 12282 "-" "Mozilla/5.0 (compatible; 008/0.85; http://www.80legs.com/webcrawler.html) Gecko/2008032620"
95.211.139.1 - - [02/Mar/2013:19:50:06 +0100] "GET /robots.txt HTTP/1.0" 200 177 "-" "Mozilla/5.0 (compatible; AcoonBot/4.11.1; +http://www.acoon.de/robot.asp)"
95.211.139.1 - - [02/Mar/2013:19:50:06 +0100] "GET /news.php?cs_go=archiv&cs_id=3963 HTTP/1.0" 200 10123 "-" "Mozilla/5.0 (compatible; AcoonBot/4.11.1; +http://www.acoon.de/robot.asp)"
65.36.241.79 - - [02/Mar/2013:19:54:36 +0100] "HEAD / HTTP/1.1" 200 - "-" "InternetSeer.com"
77.121.151.198 - - [02/Mar/2013:19:58:29 +0100] "GET /index.php HTTP/1.1" 200 15262 "-" "Mozilla/5.0 (compatible; 008/0.85; http://www.80legs.com/webcrawler.html) Gecko/2008032620"
66.249.75.46 - - [02/Mar/2013:20:05:27 +0100] "GET /news.php?cs_go=archiv&cs_id=3488 HTTP/1.1" 200 13325 "-" "Mozilla/5.0 (compatible; Googlebot/2.1; +http://www.google.com/bot.html)"
173.199.116.195 - - [02/Mar/2013:20:28:19 +0100] "GET /lexikon.php?cs_go=3&cs_id=132 HTTP/1.1" 200 7986 "-" "Mozilla/5.0 (compatible; AhrefsBot/4.0; +http://ahrefs.com/robot/)"
66.249.75.46 - - [02/Mar/2013:20:30:37 +0100] "GET /news.php?cs_go=archiv&cs_id=3818 HTTP/1.1" 200 13352 "-" "DoCoMo/2.0 N905i(c100;TB;W24H16) (compatible; Googlebot-Mobile/2.1; +http://www.google.com/bot.html)"
208.115.111.75 - - [02/Mar/2013:20:34:37 +0100] "GET /energiesparcheck.php HTTP/1.1" 200 13581 "-" "Mozilla/5.0 (compatible; Ezooms/1.0; ezooms.bot@gmail.com)"
208.115.111.75 - - [02/Mar/2013:20:34:42 +0100] "GET /kwk.php?cs_go=1 HTTP/1.1" 200 10884 "-" "Mozilla/5.0 (compatible; Ezooms/1.0; ezooms.bot@gmail.com)"
208.115.111.75 - - [02/Mar/2013:20:34:45 +0100] "GET /news.php?cs_go=archiv&cs_id=3661&cs_search= HTTP/1.1" 200 13380 "-" "Mozilla/5.0 (compatible; Ezooms/1.0; ezooms.bot@gmail.com)"
208.115.113.91 - - [02/Mar/2013:20:43:43 +0100] "GET /robots.txt HTTP/1.1" 200 177 "-" "Mozilla/5.0 (compatible; Ezooms/1.0; ezooms.bot@gmail.com)"
199.30.16.77 - - [02/Mar/2013:20:53:06 +0100] "GET /trafficbasedsspsitemap.xml HTTP/1.1" 404 - "-" "Mozilla/5.0 (compatible; bingbot/2.0; +http://www.bing.com/bingbot.htm) SitemapProbe"
66.249.75.46 - - [02/Mar/2013:20:58:32 +0100] "GET /news.php?cs_go=archiv&cs_id=3969&cs_search= HTTP/1.1" 200 13916 "-" "SAMSUNG-SGH-E250/1.0 Profile/MIDP-2.0 Configuration/CLDC-1.1 UP.Browser/6.2.3.3.c.1.101 (GUI) MMP/2.0 (compatible; Googlebot-Mobile/2.1; +http://www.google.com/bot.html)"
94.26.194.82 - - [02/Mar/2013:21:01:28 +0100] "GET /kwk.php?cs_go=4 HTTP/1.1" 200 10255 "-" "Mozilla/5.0 (compatible; 008/0.85; http://www.80legs.com/webcrawler.html) Gecko/2008032620"
208.115.113.91 - - [02/Mar/2013:21:02:53 +0100] "GET /news.php?cs_go=archiv&cs_id=3943 HTTP/1.1" 200 12849 "-" "Mozilla/5.0 (compatible; Ezooms/1.0; ezooms.bot@gmail.com)"
176.109.144.204 - - [02/Mar/2013:21:03:17 +0100] "GET /news.php?cs_go=archiv&cs_startpos=30 HTTP/1.1" 200 22495 "-" "Mozilla/5.0 (compatible; 008/0.85; http://www.80legs.com/webcrawler.html) Gecko/2008032620"
193.160.224.3 - - [02/Mar/2013:21:03:36 +0100] "GET /news.php?cs_go=archiv&cs_id=3976&cs_search= HTTP/1.1" 200 13514 "-" "Mozilla/5.0 (compatible; 008/0.85; http://www.80legs.com/webcrawler.html) Gecko/2008032620"
83.149.41.76 - - [02/Mar/2013:21:04:31 +0100] "GET /kwk.php?cs_go=4 HTTP/1.1" 200 10255 "-" "Mozilla/5.0 (compatible; 008/0.85; http://www.80legs.com/webcrawler.html) Gecko/2008032620"
92.243.167.177 - - [02/Mar/2013:21:04:57 +0100] "GET /news.php?cs_go=archiv&cs_id=3982&cs_search= HTTP/1.1" 200 13450 "-" "Mozilla/5.0 (compatible; 008/0.85; http://www.80legs.com/webcrawler.html) Gecko/2008032620"
83.149.41.76 - - [02/Mar/2013:21:05:10 +0100] "GET /edl.php HTTP/1.1" 200 10801 "-" "Mozilla/5.0 (compatible; 008/0.85; http://www.80legs.com/webcrawler.html) Gecko/2008032620"
93.126.73.178 - - [02/Mar/2013:21:06:36 +0100] "GET /kwk.php?cs_go=1 HTTP/1.1" 200 10884 "-" "Mozilla/5.0 (compatible; 008/0.85; http://www.80legs.com/webcrawler.html) Gecko/2008032620"
66.249.75.46 - - [02/Mar/2013:21:07:14 +0100] "GET /news.php?cs_go=archiv&cs_id=3858 HTTP/1.1" 200 12466 "-" "Mozilla/5.0 (compatible; Googlebot/2.1; +http://www.google.com/bot.html)"
188.228.13.204 - - [02/Mar/2013:21:07:15 +0100] "GET /diesel.php HTTP/1.1" 200 10639 "-" "Mozilla/5.0 (compatible; 008/0.85; http://www.80legs.com/webcrawler.html) Gecko/2008032620"
188.228.13.204 - - [02/Mar/2013:21:07:16 +0100] "GET /faq.php HTTP/1.1" 200 184037 "-" "Mozilla/5.0 (compatible; 008/0.85; http://www.80legs.com/webcrawler.html) Gecko/2008032620"
188.228.13.204 - - [02/Mar/2013:21:07:17 +0100] "GET /news.php?cs_go=archiv&cs_id=3978&cs_search= HTTP/1.1" 200 10153 "-" "Mozilla/5.0 (compatible; 008/0.85; http://www.80legs.com/webcrawler.html) Gecko/2008032620"
188.228.13.204 - - [02/Mar/2013:21:07:18 +0100] "GET /news.php?cs_go=archiv&cs_id=3981&cs_search= HTTP/1.1" 200 12282 "-" "Mozilla/5.0 (compatible; 008/0.85; http://www.80legs.com/webcrawler.html) Gecko/2008032620"
62.122.71.248 - - [02/Mar/2013:21:07:41 +0100] "GET /foerdermittel.php HTTP/1.1" 200 12908 "-" "Mozilla/5.0 (compatible; 008/0.85; http://www.80legs.com/webcrawler.html) Gecko/2008032620"
188.134.62.9 - - [02/Mar/2013:21:08:04 +0100] "GET /energiesparcheck.php HTTP/1.1" 200 13581 "-" "Mozilla/5.0 (compatible; 008/0.85; http://www.80legs.com/webcrawler.html) Gecko/2008032620"
188.134.62.9 - - [02/Mar/2013:21:08:06 +0100] "GET /lexikon.php HTTP/1.1" 200 10523 "-" "Mozilla/5.0 (compatible; 008/0.85; http://www.80legs.com/webcrawler.html) Gecko/2008032620"
188.134.62.9 - - [02/Mar/2013:21:08:07 +0100] "GET /news.php?cs_go=archiv&cs_id=3974&cs_search= HTTP/1.1" 200 9976 "-" "Mozilla/5.0 (compatible; 008/0.85; http://www.80legs.com/webcrawler.html) Gecko/2008032620"
62.192.229.186 - - [02/Mar/2013:21:10:04 +0100] "GET /news.php?cs_go=archiv&cs_id=3975&cs_search= HTTP/1.1" 200 10834 "-" "Mozilla/5.0 (compatible; 008/0.85; http://www.80legs.com/webcrawler.html) Gecko/2008032620"
83.149.41.76 - - [02/Mar/2013:21:10:37 +0100] "GET /news.php?cs_go=archiv&cs_id=3975&cs_search= HTTP/1.1" 200 10834 "-" "Mozilla/5.0 (compatible; 008/0.85; http://www.80legs.com/webcrawler.html) Gecko/2008032620"
93.220.23.176 - - [02/Mar/2013:21:10:59 +0100] "GET / HTTP/1.1" 200 15262 "https://www.google.de/" "Mozilla/5.0 (Windows NT 6.0) AppleWebKit/537.22 (KHTML, like Gecko) Chrome/25.0.1364.97 Safari/537.22"
93.220.23.176 - - [02/Mar/2013:21:11:01 +0100] "GET /style.css HTTP/1.1" 200 8418 "http://www.mink-gmbh.de/" "Mozilla/5.0 (Windows NT 6.0) AppleWebKit/537.22 (KHTML, like Gecko) Chrome/25.0.1364.97 Safari/537.22"
93.220.23.176 - - [02/Mar/2013:21:11:01 +0100] "GET /js_contentserver24_greybox/gb_styles.css HTTP/1.1" 200 2302 "http://www.mink-gmbh.de/" "Mozilla/5.0 (Windows NT 6.0) AppleWebKit/537.22 (KHTML, like Gecko) Chrome/25.0.1364.97 Safari/537.22"
93.220.23.176 - - [02/Mar/2013:21:11:01 +0100] "GET /js_contentserver24_greybox/AJS_fx.js HTTP/1.1" 200 3192 "http://www.mink-gmbh.de/" "Mozilla/5.0 (Windows NT 6.0) AppleWebKit/537.22 (KHTML, like Gecko) Chrome/25.0.1364.97 Safari/537.22"
93.220.23.176 - - [02/Mar/2013:21:11:01 +0100] "GET /js_contentserver24_greybox/gb_scripts.js HTTP/1.1" 200 11913 "http://www.mink-gmbh.de/" "Mozilla/5.0 (Windows NT 6.0) AppleWebKit/537.22 (KHTML, like Gecko) Chrome/25.0.1364.97 Safari/537.22"
93.220.23.176 - - [02/Mar/2013:21:11:01 +0100] "GET /js_contentserver24_greybox/AJS.js HTTP/1.1" 200 10396 "http://www.mink-gmbh.de/" "Mozilla/5.0 (Windows NT 6.0) AppleWebKit/537.22 (KHTML, like Gecko) Chrome/25.0.1364.97 Safari/537.22"
93.220.23.176 - - [02/Mar/2013:21:11:01 +0100] "GET /modul.css HTTP/1.1" 200 35038 "http://www.mink-gmbh.de/" "Mozilla/5.0 (Windows NT 6.0) AppleWebKit/537.22 (KHTML, like Gecko) Chrome/25.0.1364.97 Safari/537.22"
93.220.23.176 - - [02/Mar/2013:21:11:01 +0100] "GET /images/bg.jpg HTTP/1.1" 200 345 "http://www.mink-gmbh.de/" "Mozilla/5.0 (Windows NT 6.0) AppleWebKit/537.22 (KHTML, like Gecko) Chrome/25.0.1364.97 Safari/537.22"
93.220.23.176 - - [02/Mar/2013:21:11:01 +0100] "GET /js_contentserver24_greybox/w_close.gif HTTP/1.1" 200 74 "http://www.mink-gmbh.de/" "Mozilla/5.0 (Windows NT 6.0) AppleWebKit/537.22 (KHTML, like Gecko) Chrome/25.0.1364.97 Safari/537.22"
93.220.23.176 - - [02/Mar/2013:21:11:01 +0100] "GET /images/close.png HTTP/1.1" 200 703 "http://www.mink-gmbh.de/" "Mozilla/5.0 (Windows NT 6.0) AppleWebKit/537.22 (KHTML, like Gecko) Chrome/25.0.1364.97 Safari/537.22"
93.220.23.176 - - [02/Mar/2013:21:11:01 +0100] "GET /images/newsletter_bg.jpg HTTP/1.1" 200 33610 "http://www.mink-gmbh.de/" "Mozilla/5.0 (Windows NT 6.0) AppleWebKit/537.22 (KHTML, like Gecko) Chrome/25.0.1364.97 Safari/537.22"
93.220.23.176 - - [02/Mar/2013:21:11:01 +0100] "GET /images/newsletter.png HTTP/1.1" 200 14619 "http://www.mink-gmbh.de/" "Mozilla/5.0 (Windows NT 6.0) AppleWebKit/537.22 (KHTML, like Gecko) Chrome/25.0.1364.97 Safari/537.22"
93.220.23.176 - - [02/Mar/2013:21:11:01 +0100] "GET /images/header.jpg HTTP/1.1" 200 24413 "http://www.mink-gmbh.de/" "Mozilla/5.0 (Windows NT 6.0) AppleWebKit/537.22 (KHTML, like Gecko) Chrome/25.0.1364.97 Safari/537.22"
93.220.23.176 - - [02/Mar/2013:21:11:01 +0100] "GET /images/wrapperbg.jpg HTTP/1.1" 200 27465 "http://www.mink-gmbh.de/" "Mozilla/5.0 (Windows NT 6.0) AppleWebKit/537.22 (KHTML, like Gecko) Chrome/25.0.1364.97 Safari/537.22"
93.220.23.176 - - [02/Mar/2013:21:11:02 +0100] "GET /images/navibg.png HTTP/1.1" 200 2803 "http://www.mink-gmbh.de/" "Mozilla/5.0 (Windows NT 6.0) AppleWebKit/537.22 (KHTML, like Gecko) Chrome/25.0.1364.97 Safari/537.22"
93.220.23.176 - - [02/Mar/2013:21:11:02 +0100] "GET /images/fallend.png HTTP/1.1" 200 713 "http://www.mink-gmbh.de/" "Mozilla/5.0 (Windows NT 6.0) AppleWebKit/537.22 (KHTML, like Gecko) Chrome/25.0.1364.97 Safari/537.22"
93.220.23.176 - - [02/Mar/2013:21:11:02 +0100] "GET /js_contentserver24_greybox/loader_frame.html?s=0 HTTP/1.1" 200 2084 "http://www.mink-gmbh.de/" "Mozilla/5.0 (Windows NT 6.0) AppleWebKit/537.22 (KHTML, like Gecko) Chrome/25.0.1364.97 Safari/537.22"
93.220.23.176 - - [02/Mar/2013:21:11:02 +0100] "GET /images/steigend.png HTTP/1.1" 200 688 "http://www.mink-gmbh.de/" "Mozilla/5.0 (Windows NT 6.0) AppleWebKit/537.22 (KHTML, like Gecko) Chrome/25.0.1364.97 Safari/537.22"
93.220.23.176 - - [02/Mar/2013:21:11:02 +0100] "GET /images/mobil.jpg HTTP/1.1" 200 25293 "http://www.mink-gmbh.de/" "Mozilla/5.0 (Windows NT 6.0) AppleWebKit/537.22 (KHTML, like Gecko) Chrome/25.0.1364.97 Safari/537.22"
93.220.23.176 - - [02/Mar/2013:21:11:02 +0100] "GET /images/newsletter.jpg HTTP/1.1" 200 13130 "http://www.mink-gmbh.de/" "Mozilla/5.0 (Windows NT 6.0) AppleWebKit/537.22 (KHTML, like Gecko) Chrome/25.0.1364.97 Safari/537.22"
93.220.23.176 - - [02/Mar/2013:21:11:02 +0100] "GET /images/kwk.gif HTTP/1.1" 200 6403 "http://www.mink-gmbh.de/" "Mozilla/5.0 (Windows NT 6.0) AppleWebKit/537.22 (KHTML, like Gecko) Chrome/25.0.1364.97 Safari/537.22"
93.220.23.176 - - [02/Mar/2013:21:11:02 +0100] "GET /images/mail.jpg HTTP/1.1" 200 11165 "http://www.mink-gmbh.de/" "Mozilla/5.0 (Windows NT 6.0) AppleWebKit/537.22 (KHTML, like Gecko) Chrome/25.0.1364.97 Safari/537.22"
93.220.23.176 - - [02/Mar/2013:21:11:02 +0100] "GET /images/tkw.jpg HTTP/1.1" 200 64031 "http://www.mink-gmbh.de/" "Mozilla/5.0 (Windows NT 6.0) AppleWebKit/537.22 (KHTML, like Gecko) Chrome/25.0.1364.97 Safari/537.22"
93.220.23.176 - - [02/Mar/2013:21:11:02 +0100] "GET /images/wunschpreis.jpg HTTP/1.1" 200 16767 "http://www.mink-gmbh.de/" "Mozilla/5.0 (Windows NT 6.0) AppleWebKit/537.22 (KHTML, like Gecko) Chrome/25.0.1364.97 Safari/537.22"
93.220.23.176 - - [02/Mar/2013:21:11:02 +0100] "GET /images/logos.jpg HTTP/1.1" 200 15002 "http://www.mink-gmbh.de/" "Mozilla/5.0 (Windows NT 6.0) AppleWebKit/537.22 (KHTML, like Gecko) Chrome/25.0.1364.97 Safari/537.22"
93.220.23.176 - - [02/Mar/2013:21:11:02 +0100] "GET /images/footerbg.jpg HTTP/1.1" 200 2184 "http://www.mink-gmbh.de/" "Mozilla/5.0 (Windows NT 6.0) AppleWebKit/537.22 (KHTML, like Gecko) Chrome/25.0.1364.97 Safari/537.22"
93.220.23.176 - - [02/Mar/2013:21:11:02 +0100] "GET /js_contentserver24_greybox/header_bg.gif HTTP/1.1" 200 1188 "http://www.mink-gmbh.de/" "Mozilla/5.0 (Windows NT 6.0) AppleWebKit/537.22 (KHTML, like Gecko) Chrome/25.0.1364.97 Safari/537.22"
93.220.23.176 - - [02/Mar/2013:21:11:02 +0100] "GET /js_contentserver24_greybox/indicator.gif HTTP/1.1" 200 8238 "http://www.mink-gmbh.de/js_contentserver24_greybox/loader_frame.html?s=0" "Mozilla/5.0 (Windows NT 6.0) AppleWebKit/537.22 (KHTML, like Gecko) Chrome/25.0.1364.97 Safari/537.22"
93.220.23.176 - - [02/Mar/2013:21:11:02 +0100] "GET /images/freecall.jpg HTTP/1.1" 200 39195 "http://www.mink-gmbh.de/" "Mozilla/5.0 (Windows NT 6.0) AppleWebKit/537.22 (KHTML, like Gecko) Chrome/25.0.1364.97 Safari/537.22"
93.220.23.176 - - [02/Mar/2013:21:11:02 +0100] "GET /js_contentserver24_greybox/g_close.gif HTTP/1.1" 200 541 "http://www.mink-gmbh.de/" "Mozilla/5.0 (Windows NT 6.0) AppleWebKit/537.22 (KHTML, like Gecko) Chrome/25.0.1364.97 Safari/537.22"
93.220.23.176 - - [02/Mar/2013:21:11:02 +0100] "GET /favicon.ico HTTP/1.1" 200 3638 "-" "Mozilla/5.0 (Windows NT 6.0) AppleWebKit/537.22 (KHTML, like Gecko) Chrome/25.0.1364.97 Safari/537.22"
188.134.44.160 - - [02/Mar/2013:21:11:03 +0100] "GET /modernisierung.php HTTP/1.1" 200 11578 "-" "Mozilla/5.0 (compatible; 008/0.85; http://www.80legs.com/webcrawler.html) Gecko/2008032620"
188.134.44.160 - - [02/Mar/2013:21:11:04 +0100] "GET /news.php?cs_go=archiv&cs_startpos=230 HTTP/1.1" 200 11385 "-" "Mozilla/5.0 (compatible; 008/0.85; http://www.80legs.com/webcrawler.html) Gecko/2008032620"
46.118.194.144 - - [02/Mar/2013:21:11:55 +0100] "GET /additive.php HTTP/1.1" 200 8372 "-" "Mozilla/5.0 (compatible; 008/0.85; http://www.80legs.com/webcrawler.html) Gecko/2008032620"
93.220.23.176 - - [02/Mar/2013:21:11:59 +0100] "GET /standard.php HTTP/1.1" 200 9131 "http://www.mink-gmbh.de/" "Mozilla/5.0 (Windows NT 6.0) AppleWebKit/537.22 (KHTML, like Gecko) Chrome/25.0.1364.97 Safari/537.22"
93.220.23.176 - - [02/Mar/2013:21:12:16 +0100] "GET /optiplus.php HTTP/1.1" 200 11013 "http://www.mink-gmbh.de/standard.php" "Mozilla/5.0 (Windows NT 6.0) AppleWebKit/537.22 (KHTML, like Gecko) Chrome/25.0.1364.97 Safari/537.22"
93.220.23.176 - - [02/Mar/2013:21:12:16 +0100] "GET /images/Optiseite.jpg HTTP/1.1" 200 32107 "http://www.mink-gmbh.de/optiplus.php" "Mozilla/5.0 (Windows NT 6.0) AppleWebKit/537.22 (KHTML, like Gecko) Chrome/25.0.1364.97 Safari/537.22"
93.220.23.176 - - [02/Mar/2013:21:12:16 +0100] "GET /images/optiplus.jpg HTTP/1.1" 200 37436 "http://www.mink-gmbh.de/optiplus.php" "Mozilla/5.0 (Windows NT 6.0) AppleWebKit/537.22 (KHTML, like Gecko) Chrome/25.0.1364.97 Safari/537.22"
77.75.167.22 - - [02/Mar/2013:21:12:21 +0100] "GET /kwk.php?cs_go=4 HTTP/1.1" 200 10255 "-" "Mozilla/5.0 (compatible; 008/0.85; http://www.80legs.com/webcrawler.html) Gecko/2008032620"
93.220.23.176 - - [02/Mar/2013:21:12:34 +0100] "GET /.php HTTP/1.1" 404 - "http://www.mink-gmbh.de/optiplus.php" "Mozilla/5.0 (Windows NT 6.0) AppleWebKit/537.22 (KHTML, like Gecko) Chrome/25.0.1364.97 Safari/537.22"
46.118.194.144 - - [02/Mar/2013:21:12:36 +0100] "GET /news.php?cs_go=archiv&cs_id=3980&cs_search= HTTP/1.1" 200 9937 "-" "Mozilla/5.0 (compatible; 008/0.85; http://www.80legs.com/webcrawler.html) Gecko/2008032620"
93.220.23.176 - - [02/Mar/2013:21:12:37 +0100] "GET /optiplus.php HTTP/1.1" 200 11013 "http://www.mink-gmbh.de/standard.php" "Mozilla/5.0 (Windows NT 6.0) AppleWebKit/537.22 (KHTML, like Gecko) Chrome/25.0.1364.97 Safari/537.22"
93.220.23.176 - - [02/Mar/2013:21:12:45 +0100] "GET /preisanfrage.php HTTP/1.1" 200 10647 "http://www.mink-gmbh.de/optiplus.php" "Mozilla/5.0 (Windows NT 6.0) AppleWebKit/537.22 (KHTML, like Gecko) Chrome/25.0.1364.97 Safari/537.22"
93.220.23.176 - - [02/Mar/2013:21:12:53 +0100] "GET /wunschpreis.php HTTP/1.1" 200 11997 "http://www.mink-gmbh.de/preisanfrage.php" "Mozilla/5.0 (Windows NT 6.0) AppleWebKit/537.22 (KHTML, like Gecko) Chrome/25.0.1364.97 Safari/537.22"
93.220.23.176 - - [02/Mar/2013:21:13:00 +0100] "GET /preisanfrage.php HTTP/1.1" 200 10647 "http://www.mink-gmbh.de/wunschpreis.php" "Mozilla/5.0 (Windows NT 6.0) AppleWebKit/537.22 (KHTML, like Gecko) Chrome/25.0.1364.97 Safari/537.22"
188.191.33.201 - - [02/Mar/2013:21:13:09 +0100] "GET /.php HTTP/1.1" 404 - "-" "Mozilla/5.0 (compatible; 008/0.85; http://www.80legs.com/webcrawler.html) Gecko/2008032620"
188.191.33.201 - - [02/Mar/2013:21:13:11 +0100] "GET /news.php?cs_go=archiv&cs_startpos=40 HTTP/1.1" 200 22642 "-" "Mozilla/5.0 (compatible; 008/0.85; http://www.80legs.com/webcrawler.html) Gecko/2008032620"
66.249.75.46 - - [02/Mar/2013:21:13:13 +0100] "GET /news.php HTTP/1.1" 200 21961 "-" "Mozilla/5.0 (iPhone; U; CPU iPhone OS 4_1 like Mac OS X; en-us) AppleWebKit/532.9 (KHTML, like Gecko) Version/4.0.5 Mobile/8B117 Safari/6531.22.7 (compatible; Googlebot-Mobile/2.1; +http://www.google.com/bot.html)"
178.95.20.228 - - [02/Mar/2013:21:13:35 +0100] "GET /.php HTTP/1.1" 404 - "-" "Mozilla/5.0 (compatible; 008/0.85; http://www.80legs.com/webcrawler.html) Gecko/2008032620"
