84.135.119.44 - - [24/Jan/2014:22:43:18 +0100] "GET /kontakt.html HTTP/1.1" 200 5104 "http://www.witerra-bau.de/partner.html" "Mozilla/4.0 (compatible; MSIE 8.0; Windows NT 5.1; Trident/4.0; .NET CLR 1.1.4322; .NET CLR 2.0.50727; AskTbAVR-4/5.15.26.45268; .NET CLR 3.0.4506.2152; .NET CLR 3.5.30729; OfficeLiveConnector.1.5; OfficeLivePatch.1.3)"
84.135.119.44 - - [24/Jan/2014:22:43:18 +0100] "GET /captcha/captcha.php HTTP/1.1" 200 4493 "http://www.witerra-bau.de/kontakt.html" "Mozilla/4.0 (compatible; MSIE 8.0; Windows NT 5.1; Trident/4.0; .NET CLR 1.1.4322; .NET CLR 2.0.50727; AskTbAVR-4/5.15.26.45268; .NET CLR 3.0.4506.2152; .NET CLR 3.5.30729; OfficeLiveConnector.1.5; OfficeLivePatch.1.3)"
84.135.119.44 - - [24/Jan/2014:22:43:30 +0100] "GET /captcha/captcha.php HTTP/1.1" 200 4364 "http://www.witerra-bau.de/kontakt.html" "Mozilla/4.0 (compatible; MSIE 8.0; Windows NT 5.1; Trident/4.0; .NET CLR 1.1.4322; .NET CLR 2.0.50727; AskTbAVR-4/5.15.26.45268; .NET CLR 3.0.4506.2152; .NET CLR 3.5.30729; OfficeLiveConnector.1.5; OfficeLivePatch.1.3)"
84.135.119.44 - - [24/Jan/2014:22:44:14 +0100] "GET /partner.html HTTP/1.1" 304 - "http://www.witerra-bau.de/impressum.html" "Mozilla/4.0 (compatible; MSIE 8.0; Windows NT 5.1; Trident/4.0; .NET CLR 1.1.4322; .NET CLR 2.0.50727; AskTbAVR-4/5.15.26.45268; .NET CLR 3.0.4506.2152; .NET CLR 3.5.30729; OfficeLiveConnector.1.5; OfficeLivePatch.1.3)"
84.135.119.44 - - [24/Jan/2014:22:44:14 +0100] "GET /css/style.css HTTP/1.1" 304 - "http://www.witerra-bau.de/partner.html" "Mozilla/4.0 (compatible; MSIE 8.0; Windows NT 5.1; Trident/4.0; .NET CLR 1.1.4322; .NET CLR 2.0.50727; AskTbAVR-4/5.15.26.45268; .NET CLR 3.0.4506.2152; .NET CLR 3.5.30729; OfficeLiveConnector.1.5; OfficeLivePatch.1.3)"
84.135.119.44 - - [24/Jan/2014:22:44:14 +0100] "GET /js/libs/modernizr-2.5.3.min.js HTTP/1.1" 304 - "http://www.witerra-bau.de/partner.html" "Mozilla/4.0 (compatible; MSIE 8.0; Windows NT 5.1; Trident/4.0; .NET CLR 1.1.4322; .NET CLR 2.0.50727; AskTbAVR-4/5.15.26.45268; .NET CLR 3.0.4506.2152; .NET CLR 3.5.30729; OfficeLiveConnector.1.5; OfficeLivePatch.1.3)"
84.135.119.44 - - [24/Jan/2014:22:44:14 +0100] "GET /js/plugins.js HTTP/1.1" 304 - "http://www.witerra-bau.de/partner.html" "Mozilla/4.0 (compatible; MSIE 8.0; Windows NT 5.1; Trident/4.0; .NET CLR 1.1.4322; .NET CLR 2.0.50727; AskTbAVR-4/5.15.26.45268; .NET CLR 3.0.4506.2152; .NET CLR 3.5.30729; OfficeLiveConnector.1.5; OfficeLivePatch.1.3)"
84.135.119.44 - - [24/Jan/2014:22:44:14 +0100] "GET /images/textfeld.png HTTP/1.1" 304 - "http://www.witerra-bau.de/partner.html" "Mozilla/4.0 (compatible; MSIE 8.0; Windows NT 5.1; Trident/4.0; .NET CLR 1.1.4322; .NET CLR 2.0.50727; AskTbAVR-4/5.15.26.45268; .NET CLR 3.0.4506.2152; .NET CLR 3.5.30729; OfficeLiveConnector.1.5; OfficeLivePatch.1.3)"
84.135.119.44 - - [24/Jan/2014:22:44:14 +0100] "GET /images/header.png HTTP/1.1" 304 - "http://www.witerra-bau.de/partner.html" "Mozilla/4.0 (compatible; MSIE 8.0; Windows NT 5.1; Trident/4.0; .NET CLR 1.1.4322; .NET CLR 2.0.50727; AskTbAVR-4/5.15.26.45268; .NET CLR 3.0.4506.2152; .NET CLR 3.5.30729; OfficeLiveConnector.1.5; OfficeLivePatch.1.3)"
84.135.119.44 - - [24/Jan/2014:22:44:14 +0100] "GET /images/footer.png HTTP/1.1" 304 - "http://www.witerra-bau.de/partner.html" "Mozilla/4.0 (compatible; MSIE 8.0; Windows NT 5.1; Trident/4.0; .NET CLR 1.1.4322; .NET CLR 2.0.50727; AskTbAVR-4/5.15.26.45268; .NET CLR 3.0.4506.2152; .NET CLR 3.5.30729; OfficeLiveConnector.1.5; OfficeLivePatch.1.3)"
84.135.119.44 - - [24/Jan/2014:22:44:18 +0100] "GET /impressum.html HTTP/1.1" 304 - "http://www.witerra-bau.de/kontakt.html" "Mozilla/4.0 (compatible; MSIE 8.0; Windows NT 5.1; Trident/4.0; .NET CLR 1.1.4322; .NET CLR 2.0.50727; AskTbAVR-4/5.15.26.45268; .NET CLR 3.0.4506.2152; .NET CLR 3.5.30729; OfficeLiveConnector.1.5; OfficeLivePatch.1.3)"
84.135.119.44 - - [24/Jan/2014:22:44:20 +0100] "GET /kontakt.html HTTP/1.1" 304 - "http://www.witerra-bau.de/impressum.html" "Mozilla/4.0 (compatible; MSIE 8.0; Windows NT 5.1; Trident/4.0; .NET CLR 1.1.4322; .NET CLR 2.0.50727; AskTbAVR-4/5.15.26.45268; .NET CLR 3.0.4506.2152; .NET CLR 3.5.30729; OfficeLiveConnector.1.5; OfficeLivePatch.1.3)"
84.135.119.44 - - [24/Jan/2014:22:44:20 +0100] "GET /captcha/captcha.php HTTP/1.1" 200 4276 "http://www.witerra-bau.de/kontakt.html" "Mozilla/4.0 (compatible; MSIE 8.0; Windows NT 5.1; Trident/4.0; .NET CLR 1.1.4322; .NET CLR 2.0.50727; AskTbAVR-4/5.15.26.45268; .NET CLR 3.0.4506.2152; .NET CLR 3.5.30729; OfficeLiveConnector.1.5; OfficeLivePatch.1.3)"
84.135.119.44 - - [24/Jan/2014:22:44:21 +0100] "GET /captcha/captcha.php HTTP/1.1" 200 4200 "http://www.witerra-bau.de/kontakt.html" "Mozilla/4.0 (compatible; MSIE 8.0; Windows NT 5.1; Trident/4.0; .NET CLR 1.1.4322; .NET CLR 2.0.50727; AskTbAVR-4/5.15.26.45268; .NET CLR 3.0.4506.2152; .NET CLR 3.5.30729; OfficeLiveConnector.1.5; OfficeLivePatch.1.3)"
84.135.119.44 - - [24/Jan/2014:22:44:22 +0100] "GET /referenzen.html HTTP/1.1" 304 - "http://www.witerra-bau.de/leistungen.html" "Mozilla/4.0 (compatible; MSIE 8.0; Windows NT 5.1; Trident/4.0; .NET CLR 1.1.4322; .NET CLR 2.0.50727; AskTbAVR-4/5.15.26.45268; .NET CLR 3.0.4506.2152; .NET CLR 3.5.30729; OfficeLiveConnector.1.5; OfficeLivePatch.1.3)"
84.135.119.44 - - [24/Jan/2014:22:44:23 +0100] "GET /leistungen.html HTTP/1.1" 304 - "http://www.witerra-bau.de/uns.html" "Mozilla/4.0 (compatible; MSIE 8.0; Windows NT 5.1; Trident/4.0; .NET CLR 1.1.4322; .NET CLR 2.0.50727; AskTbAVR-4/5.15.26.45268; .NET CLR 3.0.4506.2152; .NET CLR 3.5.30729; OfficeLiveConnector.1.5; OfficeLivePatch.1.3)"
84.135.119.44 - - [24/Jan/2014:22:44:24 +0100] "GET /uns.html HTTP/1.1" 304 - "http://www.witerra-bau.de/index.html" "Mozilla/4.0 (compatible; MSIE 8.0; Windows NT 5.1; Trident/4.0; .NET CLR 1.1.4322; .NET CLR 2.0.50727; AskTbAVR-4/5.15.26.45268; .NET CLR 3.0.4506.2152; .NET CLR 3.5.30729; OfficeLiveConnector.1.5; OfficeLivePatch.1.3)"
84.135.119.44 - - [24/Jan/2014:22:44:25 +0100] "GET /index.html HTTP/1.1" 304 - "http://www.witerra-bau.de/impressum.html" "Mozilla/4.0 (compatible; MSIE 8.0; Windows NT 5.1; Trident/4.0; .NET CLR 1.1.4322; .NET CLR 2.0.50727; AskTbAVR-4/5.15.26.45268; .NET CLR 3.0.4506.2152; .NET CLR 3.5.30729; OfficeLiveConnector.1.5; OfficeLivePatch.1.3)"
84.135.119.44 - - [24/Jan/2014:22:44:25 +0100] "GET /images/bilder.png HTTP/1.1" 304 - "http://www.witerra-bau.de/index.html" "Mozilla/4.0 (compatible; MSIE 8.0; Windows NT 5.1; Trident/4.0; .NET CLR 1.1.4322; .NET CLR 2.0.50727; AskTbAVR-4/5.15.26.45268; .NET CLR 3.0.4506.2152; .NET CLR 3.5.30729; OfficeLiveConnector.1.5; OfficeLivePatch.1.3)"
66.249.78.146 - - [24/Jan/2014:22:47:16 +0100] "GET /impressum.html HTTP/1.1" 304 - "-" "Mozilla/5.0 (iPhone; CPU iPhone OS 6_0 like Mac OS X) AppleWebKit/536.26 (KHTML, like Gecko) Version/6.0 Mobile/10A5376e Safari/8536.25 (compatible; Googlebot-Mobile/2.1; +http://www.google.com/bot.html)"
66.249.78.146 - - [25/Jan/2014:04:21:14 +0100] "GET /images/bilder.png HTTP/1.1" 200 175856 "-" "Googlebot-Image/1.0"
208.115.113.90 - - [25/Jan/2014:05:02:49 +0100] "GET /robots.txt HTTP/1.1" 404 - "-" "Mozilla/5.0 (compatible; Ezooms/1.0; help@moz.com)"
208.115.113.90 - - [25/Jan/2014:05:28:01 +0100] "GET / HTTP/1.1" 200 4286 "-" "Mozilla/5.0 (compatible; Ezooms/1.0; help@moz.com)"
66.249.78.146 - - [26/Jan/2014:03:03:34 +0100] "GET /robots.txt HTTP/1.1" 404 - "-" "Mozilla/5.0 (compatible; Googlebot/2.1; +http://www.google.com/bot.html)"
66.249.78.146 - - [26/Jan/2014:03:03:34 +0100] "GET / HTTP/1.1" 200 4286 "-" "Mozilla/5.0 (iPhone; CPU iPhone OS 6_0 like Mac OS X) AppleWebKit/536.26 (KHTML, like Gecko) Version/6.0 Mobile/10A5376e Safari/8536.25 (compatible; Googlebot-Mobile/2.1; +http://www.google.com/bot.html)"
66.249.78.146 - - [26/Jan/2014:03:06:34 +0100] "GET /css/style.css HTTP/1.1" 200 1702 "-" "Mozilla/5.0 (compatible; Googlebot/2.1; +http://www.google.com/bot.html)"
66.249.78.146 - - [26/Jan/2014:06:45:58 +0100] "GET /kontakt.html HTTP/1.1" 304 - "-" "Mozilla/5.0 (iPhone; CPU iPhone OS 6_0 like Mac OS X) AppleWebKit/536.26 (KHTML, like Gecko) Version/6.0 Mobile/10A5376e Safari/8536.25 (compatible; Googlebot-Mobile/2.1; +http://www.google.com/bot.html)"
38.99.82.196 - - [26/Jan/2014:07:00:06 +0100] "GET /robots.txt HTTP/1.0" 404 - "-" "Mozilla/4.0 (compatible; MSIE 7.0b; Windows NT 6.0)"
38.99.82.196 - - [26/Jan/2014:07:00:07 +0100] "GET /robots.txt HTTP/1.0" 404 - "-" "Mozilla/4.0 (compatible; MSIE 7.0b; Windows NT 6.0)"
38.99.82.196 - - [26/Jan/2014:07:00:08 +0100] "GET /impressum.html HTTP/1.0" 200 5433 "-" "Mozilla/4.0 (compatible; MSIE 7.0b; Windows NT 6.0)"
38.99.82.196 - - [26/Jan/2014:07:00:09 +0100] "GET /referenzen.html HTTP/1.0" 200 3962 "-" "Mozilla/4.0 (compatible; MSIE 7.0b; Windows NT 6.0)"
38.99.82.196 - - [26/Jan/2014:07:00:15 +0100] "GET /partner.html HTTP/1.0" 200 4178 "-" "Mozilla/4.0 (compatible; MSIE 7.0b; Windows NT 6.0)"
38.99.82.196 - - [26/Jan/2014:07:00:15 +0100] "GET /kontakt.html HTTP/1.0" 200 5104 "-" "Mozilla/4.0 (compatible; MSIE 7.0b; Windows NT 6.0)"
38.99.82.196 - - [26/Jan/2014:07:00:27 +0100] "GET /index.html HTTP/1.0" 200 4286 "-" "Mozilla/4.0 (compatible; MSIE 7.0b; Windows NT 6.0)"
38.99.82.196 - - [26/Jan/2014:07:00:27 +0100] "GET /uns.html HTTP/1.0" 200 3735 "-" "Mozilla/4.0 (compatible; MSIE 7.0b; Windows NT 6.0)"
38.99.82.196 - - [26/Jan/2014:07:01:13 +0100] "GET /leistungen.html HTTP/1.0" 200 3736 "-" "Mozilla/4.0 (compatible; MSIE 7.0b; Windows NT 6.0)"
157.55.35.115 - - [26/Jan/2014:07:09:15 +0100] "GET /robots.txt HTTP/1.1" 404 - "-" "Mozilla/5.0 (compatible; bingbot/2.0; +http://www.bing.com/bingbot.htm)"
157.55.35.115 - - [26/Jan/2014:07:11:50 +0100] "GET /impressum.html HTTP/1.1" 200 5433 "-" "Mozilla/5.0 (compatible; bingbot/2.0; +http://www.bing.com/bingbot.htm)"
157.55.33.37 - - [26/Jan/2014:07:14:45 +0100] "GET /css/style.css HTTP/1.1" 200 1702 "-" "Mozilla/5.0 (compatible; bingbot/2.0; +http://www.bing.com/bingbot.htm)"
157.55.33.37 - - [26/Jan/2014:07:14:45 +0100] "GET /js/plugins.js HTTP/1.1" 200 898 "-" "Mozilla/5.0 (compatible; bingbot/2.0; +http://www.bing.com/bingbot.htm)"
157.56.93.38 - - [26/Jan/2014:07:26:45 +0100] "GET /js/libs/modernizr-2.5.3.min.js HTTP/1.1" 200 15274 "-" "Mozilla/5.0 (compatible; bingbot/2.0; +http://www.bing.com/bingbot.htm)"
157.55.35.115 - - [26/Jan/2014:16:39:16 +0100] "GET /robots.txt HTTP/1.1" 404 - "-" "Mozilla/5.0 (compatible; bingbot/2.0; +http://www.bing.com/bingbot.htm)"
157.55.35.115 - - [26/Jan/2014:17:09:31 +0100] "GET /impressum.html HTTP/1.1" 200 5433 "-" "Mozilla/5.0 (compatible; bingbot/2.0; +http://www.bing.com/bingbot.htm)"
65.55.24.215 - - [26/Jan/2014:17:19:08 +0100] "GET /js/libs/modernizr-2.5.3.min.js HTTP/1.1" 200 15274 "-" "Mozilla/5.0 (compatible; bingbot/2.0; +http://www.bing.com/bingbot.htm)"
157.56.92.151 - - [26/Jan/2014:17:54:09 +0100] "GET /js/plugins.js HTTP/1.1" 200 898 "-" "Mozilla/5.0 (compatible; bingbot/2.0; +http://www.bing.com/bingbot.htm)"
141.8.147.12 - - [26/Jan/2014:20:38:26 +0100] "GET /robots.txt HTTP/1.1" 404 - "-" "Mozilla/5.0 (compatible; YandexBot/3.0; +http://yandex.com/bots)"
66.249.78.146 - - [27/Jan/2014:01:23:03 +0100] "GET /robots.txt HTTP/1.1" 404 - "-" "Mozilla/5.0 (compatible; Googlebot/2.1; +http://www.google.com/bot.html)"
66.249.78.146 - - [27/Jan/2014:01:23:03 +0100] "GET /uns.html HTTP/1.1" 304 - "-" "Mozilla/5.0 (iPhone; CPU iPhone OS 6_0 like Mac OS X) AppleWebKit/536.26 (KHTML, like Gecko) Version/6.0 Mobile/10A5376e Safari/8536.25 (compatible; Googlebot-Mobile/2.1; +http://www.google.com/bot.html)"
141.8.147.12 - - [27/Jan/2014:02:37:36 +0100] "GET / HTTP/1.1" 200 4286 "-" "Mozilla/5.0 (compatible; YandexBot/3.0; +http://yandex.com/bots)"
66.249.78.146 - - [27/Jan/2014:12:39:26 +0100] "GET / HTTP/1.1" 200 4286 "-" "Mozilla/5.0 (iPhone; CPU iPhone OS 6_0 like Mac OS X) AppleWebKit/536.26 (KHTML, like Gecko) Version/6.0 Mobile/10A5376e Safari/8536.25 (compatible; Googlebot-Mobile/2.1; +http://www.google.com/bot.html)"
66.249.78.146 - - [27/Jan/2014:12:46:57 +0100] "GET /css/style.css HTTP/1.1" 200 1702 "-" "Mozilla/5.0 (compatible; Googlebot/2.1; +http://www.google.com/bot.html)"
89.246.71.5 - - [27/Jan/2014:13:17:36 +0100] "GET /impressum.html HTTP/1.1" 200 5433 "http://www.google.de/url?sa=t&rct=j&q=&esrc=s&frm=1&source=web&cd=1&ved=0CCwQFjAA&url=http%3A%2F%2Fwww.witerra-bau.de%2Fimpressum.html&ei=203mUqi3IoSItQaY_4HADQ&usg=AFQjCNE4aTIFvP6UqNbn2CeA0tG1IVDFeA&bvm=bv.59930103,d.Yms" "Mozilla/4.0 (compatible; MSIE 8.0; Windows NT 5.1; Trident/4.0; .NET CLR 2.0.50727; .NET CLR 1.1.4322; .NET CLR 3.0.4506.2152; .NET CLR 3.5.30729; .NET4.0C; .NET4.0E)"
89.246.71.4 - - [27/Jan/2014:13:17:36 +0100] "GET /css/style.css HTTP/1.1" 200 1702 "http://www.witerra-bau.de/impressum.html" "Mozilla/4.0 (compatible; MSIE 8.0; Windows NT 5.1; Trident/4.0; .NET CLR 2.0.50727; .NET CLR 1.1.4322; .NET CLR 3.0.4506.2152; .NET CLR 3.5.30729; .NET4.0C; .NET4.0E)"
89.246.71.2 - - [27/Jan/2014:13:17:36 +0100] "GET /js/libs/modernizr-2.5.3.min.js?sfgdata=+sfgRmluamFuX1R5cGU9amF2YV9zY3JpcHQmRmluamFuX0xhbmc9SmF2YVNjcmlwdA%3D%3D+q HTTP/1.1" 200 15274 "http://www.witerra-bau.de/impressum.html" "Mozilla/4.0 (compatible; MSIE 8.0; Windows NT 5.1; Trident/4.0; .NET CLR 2.0.50727; .NET CLR 1.1.4322; .NET CLR 3.0.4506.2152; .NET CLR 3.5.30729; .NET4.0C; .NET4.0E)"
89.246.71.4 - - [27/Jan/2014:13:17:36 +0100] "GET /images/textfeld.png HTTP/1.1" 200 1758 "http://www.witerra-bau.de/impressum.html" "Mozilla/4.0 (compatible; MSIE 8.0; Windows NT 5.1; Trident/4.0; .NET CLR 2.0.50727; .NET CLR 1.1.4322; .NET CLR 3.0.4506.2152; .NET CLR 3.5.30729; .NET4.0C; .NET4.0E)"
89.246.71.4 - - [27/Jan/2014:13:17:36 +0100] "GET /images/footer.png HTTP/1.1" 200 518 "http://www.witerra-bau.de/impressum.html" "Mozilla/4.0 (compatible; MSIE 8.0; Windows NT 5.1; Trident/4.0; .NET CLR 2.0.50727; .NET CLR 1.1.4322; .NET CLR 3.0.4506.2152; .NET CLR 3.5.30729; .NET4.0C; .NET4.0E)"
89.246.71.5 - - [27/Jan/2014:13:17:36 +0100] "GET /images/header.png HTTP/1.1" 200 27758 "http://www.witerra-bau.de/impressum.html" "Mozilla/4.0 (compatible; MSIE 8.0; Windows NT 5.1; Trident/4.0; .NET CLR 2.0.50727; .NET CLR 1.1.4322; .NET CLR 3.0.4506.2152; .NET CLR 3.5.30729; .NET4.0C; .NET4.0E)"
89.246.71.2 - - [27/Jan/2014:13:17:36 +0100] "GET /js/plugins.js?sfgdata=+sfgRmluamFuX1R5cGU9amF2YV9zY3JpcHQmRmluamFuX0xhbmc9SmF2YVNjcmlwdA%3D%3D+q HTTP/1.1" 200 898 "http://www.witerra-bau.de/impressum.html" "Mozilla/4.0 (compatible; MSIE 8.0; Windows NT 5.1; Trident/4.0; .NET CLR 2.0.50727; .NET CLR 1.1.4322; .NET CLR 3.0.4506.2152; .NET CLR 3.5.30729; .NET4.0C; .NET4.0E)"
89.246.71.5 - - [27/Jan/2014:13:17:36 +0100] "GET /favicon.ico HTTP/1.1" 200 539038 "-" "Mozilla/4.0 (compatible; MSIE 8.0; Windows NT 5.1; Trident/4.0; .NET CLR 2.0.50727; .NET CLR 1.1.4322; .NET CLR 3.0.4506.2152; .NET CLR 3.5.30729; .NET4.0C; .NET4.0E)"
66.249.78.146 - - [27/Jan/2014:13:45:07 +0100] "GET /robots.txt HTTP/1.1" 404 - "-" "Mozilla/5.0 (compatible; Googlebot/2.1; +http://www.google.com/bot.html)"
66.249.78.146 - - [27/Jan/2014:13:45:07 +0100] "GET /partner.html HTTP/1.1" 304 - "-" "Mozilla/5.0 (iPhone; CPU iPhone OS 6_0 like Mac OS X) AppleWebKit/536.26 (KHTML, like Gecko) Version/6.0 Mobile/10A5376e Safari/8536.25 (compatible; Googlebot-Mobile/2.1; +http://www.google.com/bot.html)"
80.153.19.219 - - [27/Jan/2014:14:03:09 +0100] "GET /impressum.html HTTP/1.1" 200 5433 "http://www.google.de/url?sa=t&rct=j&q=&esrc=s&source=web&cd=1&ved=0CCwQFjAA&url=http%3A%2F%2Fwww.witerra-bau.de%2Fimpressum.html&ei=iVjmUoXVLNLzyAOqtoGADQ&usg=AFQjCNE4aTIFvP6UqNbn2CeA0tG1IVDFeA&bvm=bv.59930103,d.bGQ" "Mozilla/5.0 (Windows NT 6.1; WOW64; Trident/7.0; rv:11.0) like Gecko"
80.153.19.219 - - [27/Jan/2014:14:03:09 +0100] "GET /css/style.css HTTP/1.1" 200 1702 "http://www.witerra-bau.de/impressum.html" "Mozilla/5.0 (Windows NT 6.1; WOW64; Trident/7.0; rv:11.0) like Gecko"
80.153.19.219 - - [27/Jan/2014:14:03:09 +0100] "GET /js/libs/modernizr-2.5.3.min.js HTTP/1.1" 200 15274 "http://www.witerra-bau.de/impressum.html" "Mozilla/5.0 (Windows NT 6.1; WOW64; Trident/7.0; rv:11.0) like Gecko"
80.153.19.219 - - [27/Jan/2014:14:03:09 +0100] "GET /js/plugins.js HTTP/1.1" 200 898 "http://www.witerra-bau.de/impressum.html" "Mozilla/5.0 (Windows NT 6.1; WOW64; Trident/7.0; rv:11.0) like Gecko"
80.153.19.219 - - [27/Jan/2014:14:03:10 +0100] "GET /images/header.png HTTP/1.1" 200 27758 "http://www.witerra-bau.de/impressum.html" "Mozilla/5.0 (Windows NT 6.1; WOW64; Trident/7.0; rv:11.0) like Gecko"
80.153.19.219 - - [27/Jan/2014:14:03:10 +0100] "GET /images/textfeld.png HTTP/1.1" 200 1758 "http://www.witerra-bau.de/impressum.html" "Mozilla/5.0 (Windows NT 6.1; WOW64; Trident/7.0; rv:11.0) like Gecko"
80.153.19.219 - - [27/Jan/2014:14:03:10 +0100] "GET /images/footer.png HTTP/1.1" 200 518 "http://www.witerra-bau.de/impressum.html" "Mozilla/5.0 (Windows NT 6.1; WOW64; Trident/7.0; rv:11.0) like Gecko"
80.153.19.219 - - [27/Jan/2014:14:03:10 +0100] "GET /favicon.ico HTTP/1.1" 200 539038 "-" "Mozilla/5.0 (Windows NT 6.1; Win64; x64; Trident/7.0; rv:11.0) like Gecko"
80.153.19.219 - - [27/Jan/2014:14:03:47 +0100] "GET /uns.html HTTP/1.1" 200 3735 "http://www.witerra-bau.de/impressum.html" "Mozilla/5.0 (Windows NT 6.1; WOW64; Trident/7.0; rv:11.0) like Gecko"
80.153.19.219 - - [27/Jan/2014:14:03:50 +0100] "GET /leistungen.html HTTP/1.1" 200 3736 "http://www.witerra-bau.de/uns.html" "Mozilla/5.0 (Windows NT 6.1; WOW64; Trident/7.0; rv:11.0) like Gecko"
80.153.19.219 - - [27/Jan/2014:14:03:52 +0100] "GET /referenzen.html HTTP/1.1" 200 3962 "http://www.witerra-bau.de/leistungen.html" "Mozilla/5.0 (Windows NT 6.1; WOW64; Trident/7.0; rv:11.0) like Gecko"
80.153.19.219 - - [27/Jan/2014:14:03:54 +0100] "GET /partner.html HTTP/1.1" 200 4178 "http://www.witerra-bau.de/referenzen.html" "Mozilla/5.0 (Windows NT 6.1; WOW64; Trident/7.0; rv:11.0) like Gecko"
80.153.19.219 - - [27/Jan/2014:14:03:57 +0100] "GET /kontakt.html HTTP/1.1" 200 5104 "http://www.witerra-bau.de/partner.html" "Mozilla/5.0 (Windows NT 6.1; WOW64; Trident/7.0; rv:11.0) like Gecko"
80.153.19.219 - - [27/Jan/2014:14:03:57 +0100] "GET /captcha/captcha.php HTTP/1.1" 200 4302 "http://www.witerra-bau.de/kontakt.html" "Mozilla/5.0 (Windows NT 6.1; WOW64; Trident/7.0; rv:11.0) like Gecko"
207.241.226.216 - - [28/Jan/2014:02:30:40 +0100] "GET /robots.txt HTTP/1.1" 404 - "-" "Mozilla/5.0 (compatible; archive.org_bot; Wayback Machine Live Record; +http://archive.org/details/archive.org_bot)"
66.249.78.146 - - [28/Jan/2014:04:17:21 +0100] "GET /robots.txt HTTP/1.1" 404 - "-" "Mozilla/5.0 (compatible; Googlebot/2.1; +http://www.google.com/bot.html)"
66.249.78.146 - - [28/Jan/2014:04:17:21 +0100] "GET /referenzen.html HTTP/1.1" 304 - "-" "Mozilla/5.0 (iPhone; CPU iPhone OS 6_0 like Mac OS X) AppleWebKit/536.26 (KHTML, like Gecko) Version/6.0 Mobile/10A5376e Safari/8536.25 (compatible; Googlebot-Mobile/2.1; +http://www.google.com/bot.html)"
198.96.155.3 - - [28/Jan/2014:05:58:43 +0100] "GET / HTTP/1.1" 200 4286 "-" "Mozilla/5.0 (compatible; MSIE 10.0; Windows NT 6.1; WOW64; Trident/6.0; MALC)"
198.96.155.3 - - [28/Jan/2014:05:58:44 +0100] "GET /kontakt.html HTTP/1.1" 200 5104 "-" "Mozilla/5.0 (compatible; MSIE 10.0; Windows NT 6.1; WOW64; Trident/6.0; MALC)"
198.96.155.3 - - [28/Jan/2014:05:58:45 +0100] "GET /impressum.html HTTP/1.1" 200 5433 "-" "Mozilla/5.0 (compatible; MSIE 10.0; Windows NT 6.1; WOW64; Trident/6.0; MALC)"
66.249.78.146 - - [28/Jan/2014:08:57:42 +0100] "GET / HTTP/1.1" 200 4286 "-" "Mozilla/5.0 (compatible; Googlebot/2.1; +http://www.google.com/bot.html)"
66.249.78.146 - - [28/Jan/2014:14:15:39 +0100] "GET /robots.txt HTTP/1.1" 404 - "-" "Mozilla/5.0 (compatible; Googlebot/2.1; +http://www.google.com/bot.html)"
66.249.78.146 - - [28/Jan/2014:14:15:39 +0100] "GET / HTTP/1.1" 200 4286 "-" "Mozilla/5.0 (compatible; Googlebot/2.1; +http://www.google.com/bot.html)"
66.249.78.146 - - [28/Jan/2014:14:24:40 +0100] "GET /css/style.css HTTP/1.1" 200 1702 "-" "Mozilla/5.0 (compatible; Googlebot/2.1; +http://www.google.com/bot.html)"
66.249.78.146 - - [28/Jan/2014:15:29:16 +0100] "GET / HTTP/1.1" 200 4286 "-" "Mozilla/5.0 (iPhone; CPU iPhone OS 6_0 like Mac OS X) AppleWebKit/536.26 (KHTML, like Gecko) Version/6.0 Mobile/10A5376e Safari/8536.25 (compatible; Googlebot-Mobile/2.1; +http://www.google.com/bot.html)"
85.186.103.66 - - [28/Jan/2014:15:45:47 +0100] "GET / HTTP/1.1" 200 4286 "-" "-"
66.249.78.146 - - [28/Jan/2014:18:09:42 +0100] "GET /impressum.html HTTP/1.1" 304 - "-" "Mozilla/5.0 (iPhone; CPU iPhone OS 6_0 like Mac OS X) AppleWebKit/536.26 (KHTML, like Gecko) Version/6.0 Mobile/10A5376e Safari/8536.25 (compatible; Googlebot-Mobile/2.1; +http://www.google.com/bot.html)"
66.249.78.146 - - [29/Jan/2014:11:48:35 +0100] "GET /robots.txt HTTP/1.1" 404 - "-" "Mozilla/5.0 (compatible; Googlebot/2.1; +http://www.google.com/bot.html)"
5.255.253.79 - - [29/Jan/2014:14:10:26 +0100] "GET /robots.txt HTTP/1.1" 404 - "-" "Mozilla/5.0 (compatible; YandexImages/3.0; +http://yandex.com/bots)"
66.249.78.146 - - [29/Jan/2014:14:20:57 +0100] "GET /robots.txt HTTP/1.1" 404 - "-" "Mozilla/5.0 (compatible; Googlebot/2.1; +http://www.google.com/bot.html)"
66.249.78.146 - - [29/Jan/2014:14:20:57 +0100] "GET /leistungen.html HTTP/1.1" 200 3736 "-" "Mozilla/5.0 (iPhone; CPU iPhone OS 6_0 like Mac OS X) AppleWebKit/536.26 (KHTML, like Gecko) Version/6.0 Mobile/10A5376e Safari/8536.25 (compatible; Googlebot-Mobile/2.1; +http://www.google.com/bot.html)"
66.249.78.146 - - [29/Jan/2014:14:25:12 +0100] "GET /css/style.css HTTP/1.1" 200 1702 "-" "Mozilla/5.0 (compatible; Googlebot/2.1; +http://www.google.com/bot.html)"
5.255.253.79 - - [29/Jan/2014:19:19:31 +0100] "GET /images/bilder.png HTTP/1.1" 304 - "-" "Mozilla/5.0 (compatible; YandexImages/3.0; +http://yandex.com/bots)"
66.249.78.146 - - [30/Jan/2014:00:02:56 +0100] "GET /kontakt.html HTTP/1.1" 304 - "-" "Mozilla/5.0 (iPhone; CPU iPhone OS 6_0 like Mac OS X) AppleWebKit/536.26 (KHTML, like Gecko) Version/6.0 Mobile/10A5376e Safari/8536.25 (compatible; Googlebot-Mobile/2.1; +http://www.google.com/bot.html)"
91.51.127.157 - - [30/Jan/2014:11:23:39 +0100] "GET /impressum.html HTTP/1.1" 200 5433 "http://www.bing.com/search?q=witerra+gmbh+berlin&form=MSNH15&mkt=de-de&qs=AS&sk=&pq=witerra+gmbh&sp=1&sc=3-12" "Mozilla/5.0 (Windows NT 6.1; WOW64; Trident/7.0; tb-gmx/1.8.2; rv:11.0) like Gecko"
91.51.127.157 - - [30/Jan/2014:11:23:39 +0100] "GET /css/style.css HTTP/1.1" 200 1702 "http://www.witerra-bau.de/impressum.html" "Mozilla/5.0 (Windows NT 6.1; WOW64; Trident/7.0; tb-gmx/1.8.2; rv:11.0) like Gecko"
91.51.127.157 - - [30/Jan/2014:11:23:39 +0100] "GET /js/libs/modernizr-2.5.3.min.js HTTP/1.1" 200 15274 "http://www.witerra-bau.de/impressum.html" "Mozilla/5.0 (Windows NT 6.1; WOW64; Trident/7.0; tb-gmx/1.8.2; rv:11.0) like Gecko"
91.51.127.157 - - [30/Jan/2014:11:23:39 +0100] "GET /js/plugins.js HTTP/1.1" 200 898 "http://www.witerra-bau.de/impressum.html" "Mozilla/5.0 (Windows NT 6.1; WOW64; Trident/7.0; tb-gmx/1.8.2; rv:11.0) like Gecko"
91.51.127.157 - - [30/Jan/2014:11:23:40 +0100] "GET /images/header.png HTTP/1.1" 200 27758 "http://www.witerra-bau.de/impressum.html" "Mozilla/5.0 (Windows NT 6.1; WOW64; Trident/7.0; tb-gmx/1.8.2; rv:11.0) like Gecko"
91.51.127.157 - - [30/Jan/2014:11:23:40 +0100] "GET /images/textfeld.png HTTP/1.1" 200 1758 "http://www.witerra-bau.de/impressum.html" "Mozilla/5.0 (Windows NT 6.1; WOW64; Trident/7.0; tb-gmx/1.8.2; rv:11.0) like Gecko"
91.51.127.157 - - [30/Jan/2014:11:23:40 +0100] "GET /images/footer.png HTTP/1.1" 200 518 "http://www.witerra-bau.de/impressum.html" "Mozilla/5.0 (Windows NT 6.1; WOW64; Trident/7.0; tb-gmx/1.8.2; rv:11.0) like Gecko"
91.51.127.157 - - [30/Jan/2014:11:23:40 +0100] "GET /favicon.ico HTTP/1.1" 200 539038 "-" "Mozilla/5.0 (Windows NT 6.1; WOW64; Trident/7.0; tb-gmx/1.8.2; rv:11.0) like Gecko"
91.51.127.157 - - [30/Jan/2014:11:23:52 +0100] "GET /referenzen.html HTTP/1.1" 200 3962 "http://www.witerra-bau.de/impressum.html" "Mozilla/5.0 (Windows NT 6.1; WOW64; Trident/7.0; tb-gmx/1.8.2; rv:11.0) like Gecko"
91.51.127.157 - - [30/Jan/2014:11:23:59 +0100] "GET /uns.html HTTP/1.1" 200 3735 "http://www.witerra-bau.de/referenzen.html" "Mozilla/5.0 (Windows NT 6.1; WOW64; Trident/7.0; tb-gmx/1.8.2; rv:11.0) like Gecko"
91.51.127.157 - - [30/Jan/2014:11:24:05 +0100] "GET /leistungen.html HTTP/1.1" 200 3736 "http://www.witerra-bau.de/uns.html" "Mozilla/5.0 (Windows NT 6.1; WOW64; Trident/7.0; tb-gmx/1.8.2; rv:11.0) like Gecko"
66.249.76.236 - - [30/Jan/2014:12:39:44 +0100] "GET /robots.txt HTTP/1.1" 404 - "-" "Mozilla/5.0 (compatible; Googlebot/2.1; +http://www.google.com/bot.html)"
66.249.76.236 - - [30/Jan/2014:12:39:44 +0100] "GET /uns.html HTTP/1.1" 304 - "-" "Mozilla/5.0 (iPhone; CPU iPhone OS 6_0 like Mac OS X) AppleWebKit/536.26 (KHTML, like Gecko) Version/6.0 Mobile/10A5376e Safari/8536.25 (compatible; Googlebot-Mobile/2.1; +http://www.google.com/bot.html)"
208.115.111.74 - - [30/Jan/2014:15:11:48 +0100] "GET /robots.txt HTTP/1.1" 404 - "-" "Mozilla/5.0 (compatible; Ezooms/1.0; help@moz.com)"
157.56.229.244 - - [30/Jan/2014:16:22:20 +0100] "GET /robots.txt HTTP/1.1" 404 - "-" "Mozilla/5.0 (compatible; bingbot/2.0; +http://www.bing.com/bingbot.htm)"
157.56.229.244 - - [30/Jan/2014:16:24:23 +0100] "GET /kontakt.html HTTP/1.1" 304 - "-" "Mozilla/5.0 (compatible; bingbot/2.0; +http://www.bing.com/bingbot.htm)"
141.8.147.12 - - [30/Jan/2014:16:34:06 +0100] "GET /robots.txt HTTP/1.1" 404 - "-" "Mozilla/5.0 (compatible; YandexBot/3.0; +http://yandex.com/bots)"
208.115.111.74 - - [30/Jan/2014:17:11:33 +0100] "GET /impressum.html HTTP/1.1" 200 5433 "-" "Mozilla/5.0 (compatible; Ezooms/1.0; help@moz.com)"
141.8.147.12 - - [31/Jan/2014:00:06:04 +0100] "GET / HTTP/1.1" 200 4286 "-" "Mozilla/5.0 (compatible; YandexBot/3.0; +http://yandex.com/bots)"
66.249.76.236 - - [31/Jan/2014:02:58:48 +0100] "GET /robots.txt HTTP/1.1" 404 - "-" "Mozilla/5.0 (compatible; Googlebot/2.1; +http://www.google.com/bot.html)"
66.249.76.236 - - [31/Jan/2014:02:58:48 +0100] "GET / HTTP/1.1" 200 4286 "-" "Mozilla/5.0 (compatible; Googlebot/2.1; +http://www.google.com/bot.html)"
66.249.76.236 - - [31/Jan/2014:03:28:36 +0100] "GET /uns.html HTTP/1.1" 200 3735 "-" "Mozilla/5.0 (compatible; Googlebot/2.1; +http://www.google.com/bot.html)"
66.249.76.236 - - [31/Jan/2014:03:34:19 +0100] "GET /partner.html HTTP/1.1" 304 - "-" "Mozilla/5.0 (iPhone; CPU iPhone OS 6_0 like Mac OS X) AppleWebKit/536.26 (KHTML, like Gecko) Version/6.0 Mobile/10A5376e Safari/8536.25 (compatible; Googlebot-Mobile/2.1; +http://www.google.com/bot.html)"
5.199.136.130 - - [31/Jan/2014:05:09:45 +0100] "GET /robots.txt HTTP/1.1" 404 - "-" "Mozilla/5.0 (compatible; waybackarchive.org/1.0; +spider@waybackarchive.org)"
5.199.136.130 - - [31/Jan/2014:05:09:46 +0100] "GET /uns.html HTTP/1.1" 200 3735 "-" "Mozilla/5.0 (compatible; waybackarchive.org/1.0; +spider@waybackarchive.org)"
66.249.76.236 - - [31/Jan/2014:05:18:48 +0100] "GET /index.html HTTP/1.1" 200 4286 "-" "Mozilla/5.0 (compatible; Googlebot/2.1; +http://www.google.com/bot.html)"
66.249.76.236 - - [31/Jan/2014:06:38:48 +0100] "GET /partner.html HTTP/1.1" 200 4178 "-" "Mozilla/5.0 (compatible; Googlebot/2.1; +http://www.google.com/bot.html)"
66.249.76.236 - - [31/Jan/2014:10:04:00 +0100] "GET /impressum.html HTTP/1.1" 304 - "-" "Mozilla/5.0 (iPhone; CPU iPhone OS 6_0 like Mac OS X) AppleWebKit/536.26 (KHTML, like Gecko) Version/6.0 Mobile/10A5376e Safari/8536.25 (compatible; Googlebot-Mobile/2.1; +http://www.google.com/bot.html)"
66.249.78.146 - - [31/Jan/2014:12:29:06 +0100] "GET /robots.txt HTTP/1.1" 404 - "-" "Mozilla/5.0 (compatible; Googlebot/2.1; +http://www.google.com/bot.html)"
66.249.78.146 - - [31/Jan/2014:12:29:06 +0100] "GET / HTTP/1.1" 200 4286 "-" "Mozilla/5.0 (iPhone; CPU iPhone OS 6_0 like Mac OS X) AppleWebKit/536.26 (KHTML, like Gecko) Version/6.0 Mobile/10A5376e Safari/8536.25 (compatible; Googlebot-Mobile/2.1; +http://www.google.com/bot.html)"
66.249.78.146 - - [31/Jan/2014:12:35:55 +0100] "GET /css/style.css HTTP/1.1" 200 1702 "-" "Mozilla/5.0 (compatible; Googlebot/2.1; +http://www.google.com/bot.html)"
131.253.24.47 - - [31/Jan/2014:18:11:00 +0100] "GET / HTTP/1.1" 200 4286 "-" "Mozilla/5.0 (compatible; MSIE 9.0; Windows NT 6.1; Trident/5.0; WOW64; Trident/5.0)"
131.253.24.47 - - [31/Jan/2014:18:11:01 +0100] "GET /css/style.css HTTP/1.1" 200 1702 "http://www.witerra-bau.de/" "Mozilla/5.0 (compatible; MSIE 9.0; Windows NT 6.1; Trident/5.0; WOW64; Trident/5.0)"
131.253.24.47 - - [31/Jan/2014:18:11:01 +0100] "GET /js/libs/modernizr-2.5.3.min.js HTTP/1.1" 200 15274 "http://www.witerra-bau.de/" "Mozilla/5.0 (compatible; MSIE 9.0; Windows NT 6.1; Trident/5.0; WOW64; Trident/5.0)"
131.253.24.47 - - [31/Jan/2014:18:11:07 +0100] "GET /js/plugins.js HTTP/1.1" 200 898 "http://www.witerra-bau.de/" "Mozilla/5.0 (compatible; MSIE 9.0; Windows NT 6.1; Trident/5.0; WOW64; Trident/5.0)"