62.146.2.234 - - [01/Jul/2015:00:44:18 +0200] "GET /robots.txt HTTP/1.1" 404 1256 "-" "Mozilla/5.0 (compatible; SEOlyticsCrawler/3.0; +http://crawler.seolytics.net/)"
62.146.2.234 - - [01/Jul/2015:00:44:18 +0200] "GET / HTTP/1.1" 200 3792 "-" "Mozilla/5.0 (compatible; SEOlyticsCrawler/3.0; +http://crawler.seolytics.net/)"
91.121.220.223 - - [01/Jul/2015:01:22:19 +0200] "GET / HTTP/1.1" 200 3792 "-" "Mozilla/5.0 (Windows NT 6.1; WOW64) AppleWebKit/537.31 (KHTML, like Gecko) Chrome/26.0.1410.64 Safari/537.31"
91.121.220.223 - - [01/Jul/2015:01:22:27 +0200] "GET /impressum.html HTTP/1.1" 200 2574 "-" "Mozilla/5.0 (Windows NT 6.1; WOW64) AppleWebKit/537.31 (KHTML, like Gecko) Chrome/26.0.1410.64 Safari/537.31"
91.121.220.223 - - [01/Jul/2015:01:22:30 +0200] "GET /index.html HTTP/1.1" 200 3792 "-" "Mozilla/5.0 (Windows NT 6.1; WOW64) AppleWebKit/537.31 (KHTML, like Gecko) Chrome/26.0.1410.64 Safari/537.31"
91.121.220.223 - - [01/Jul/2015:01:22:32 +0200] "GET /css/bootstrap-responsive.min.css HTTP/1.1" 200 16520 "-" "Mozilla/5.0 (Windows NT 6.1; WOW64) AppleWebKit/537.31 (KHTML, like Gecko) Chrome/26.0.1410.64 Safari/537.31"
91.121.220.223 - - [01/Jul/2015:01:22:34 +0200] "GET /css/bootstrap.min.css HTTP/1.1" 200 101265 "-" "Mozilla/5.0 (Windows NT 6.1; WOW64) AppleWebKit/537.31 (KHTML, like Gecko) Chrome/26.0.1410.64 Safari/537.31"
207.46.13.97 - - [01/Jul/2015:04:49:19 +0200] "GET /robots.txt HTTP/1.1" 404 1256 "-" "Mozilla/5.0 (compatible; bingbot/2.0; +http://www.bing.com/bingbot.htm)"
91.121.220.223 - - [01/Jul/2015:07:30:21 +0200] "GET / HTTP/1.1" 200 3792 "-" "Mozilla/5.0 (Windows NT 6.1; WOW64) AppleWebKit/537.31 (KHTML, like Gecko) Chrome/26.0.1410.64 Safari/537.31"
91.121.220.223 - - [01/Jul/2015:07:30:22 +0200] "GET /impressum.html HTTP/1.1" 200 2574 "-" "Mozilla/5.0 (Windows NT 6.1; WOW64) AppleWebKit/537.31 (KHTML, like Gecko) Chrome/26.0.1410.64 Safari/537.31"
91.121.220.223 - - [01/Jul/2015:07:30:23 +0200] "GET /index.html HTTP/1.1" 200 3792 "-" "Mozilla/5.0 (Windows NT 6.1; WOW64) AppleWebKit/537.31 (KHTML, like Gecko) Chrome/26.0.1410.64 Safari/537.31"
91.121.220.223 - - [01/Jul/2015:07:30:24 +0200] "GET /css/bootstrap-responsive.min.css HTTP/1.1" 200 16520 "-" "Mozilla/5.0 (Windows NT 6.1; WOW64) AppleWebKit/537.31 (KHTML, like Gecko) Chrome/26.0.1410.64 Safari/537.31"
91.121.220.223 - - [01/Jul/2015:07:30:25 +0200] "GET /css/bootstrap.min.css HTTP/1.1" 200 101265 "-" "Mozilla/5.0 (Windows NT 6.1; WOW64) AppleWebKit/537.31 (KHTML, like Gecko) Chrome/26.0.1410.64 Safari/537.31"
162.243.119.4 - - [01/Jul/2015:07:49:27 +0200] "GET /robots.txt HTTP/1.1" 404 1256 "-" "Mozilla/5.0 (compatible; spbot/4.4.2; +http://OpenLinkProfiler.org/bot )"
162.243.119.4 - - [01/Jul/2015:07:49:32 +0200] "GET / HTTP/1.1" 200 3792 "-" "Mozilla/5.0 (compatible; spbot/4.4.2; +http://OpenLinkProfiler.org/bot )"
91.121.220.223 - - [01/Jul/2015:10:21:36 +0200] "GET / HTTP/1.1" 200 3792 "-" "Mozilla/5.0 (Windows NT 6.1; WOW64) AppleWebKit/537.31 (KHTML, like Gecko) Chrome/26.0.1410.64 Safari/537.31"
91.121.220.223 - - [01/Jul/2015:10:21:37 +0200] "GET /impressum.html HTTP/1.1" 200 2574 "-" "Mozilla/5.0 (Windows NT 6.1; WOW64) AppleWebKit/537.31 (KHTML, like Gecko) Chrome/26.0.1410.64 Safari/537.31"
91.121.220.223 - - [01/Jul/2015:10:21:38 +0200] "GET /index.html HTTP/1.1" 200 3792 "-" "Mozilla/5.0 (Windows NT 6.1; WOW64) AppleWebKit/537.31 (KHTML, like Gecko) Chrome/26.0.1410.64 Safari/537.31"
91.121.220.223 - - [01/Jul/2015:10:21:39 +0200] "GET /css/bootstrap-responsive.min.css HTTP/1.1" 200 16520 "-" "Mozilla/5.0 (Windows NT 6.1; WOW64) AppleWebKit/537.31 (KHTML, like Gecko) Chrome/26.0.1410.64 Safari/537.31"
91.121.220.223 - - [01/Jul/2015:10:21:42 +0200] "GET /css/bootstrap.min.css HTTP/1.1" 200 101265 "-" "Mozilla/5.0 (Windows NT 6.1; WOW64) AppleWebKit/537.31 (KHTML, like Gecko) Chrome/26.0.1410.64 Safari/537.31"
188.118.136.230 - - [01/Jul/2015:13:44:28 +0200] "GET / HTTP/1.1" 200 3792 "http://www.google.de/url?sa=t&rct=j&q=&esrc=s&source=web&cd=8&ved=0CF4QFjAH&url=http%3A%2F%2Fwww.beos-polymer.de%2F&ei=ZdKTVY6FEYeiU9OCp8AB&usg=AFQjCNHkP8INSL1dW-97m1F_ljbLQHJSGA&bvm=bv.96952980,d.d24" "Mozilla/5.0 (Windows NT 6.1; WOW64; rv:38.0) Gecko/20100101 Firefox/38.0"
188.118.136.230 - - [01/Jul/2015:13:44:29 +0200] "GET /css/bootstrap-responsive.min.css HTTP/1.1" 200 16520 "http://www.beos-polymer.de/" "Mozilla/5.0 (Windows NT 6.1; WOW64; rv:38.0) Gecko/20100101 Firefox/38.0"
188.118.136.230 - - [01/Jul/2015:13:44:29 +0200] "GET /ico/favicon.ico HTTP/1.1" 404 1256 "-" "Mozilla/5.0 (Windows NT 6.1; WOW64; rv:38.0) Gecko/20100101 Firefox/38.0"
188.118.136.230 - - [01/Jul/2015:13:44:29 +0200] "GET /js/bootstrap.min.js HTTP/1.1" 200 25764 "http://www.beos-polymer.de/" "Mozilla/5.0 (Windows NT 6.1; WOW64; rv:38.0) Gecko/20100101 Firefox/38.0"
188.118.136.230 - - [01/Jul/2015:13:44:29 +0200] "GET /ico/favicon.ico HTTP/1.1" 404 1256 "-" "Mozilla/5.0 (Windows NT 6.1; WOW64; rv:38.0) Gecko/20100101 Firefox/38.0"
188.118.136.230 - - [01/Jul/2015:13:44:29 +0200] "GET /css/bootstrap.min.css HTTP/1.1" 200 101265 "http://www.beos-polymer.de/" "Mozilla/5.0 (Windows NT 6.1; WOW64; rv:38.0) Gecko/20100101 Firefox/38.0"
188.118.136.230 - - [01/Jul/2015:13:44:29 +0200] "GET /zertifikatthumb.jpg HTTP/1.1" 200 18478 "http://www.beos-polymer.de/" "Mozilla/5.0 (Windows NT 6.1; WOW64; rv:38.0) Gecko/20100101 Firefox/38.0"
188.118.136.230 - - [01/Jul/2015:13:44:29 +0200] "GET /img/beos.jpg HTTP/1.1" 200 46831 "http://www.beos-polymer.de/" "Mozilla/5.0 (Windows NT 6.1; WOW64; rv:38.0) Gecko/20100101 Firefox/38.0"
66.249.78.90 - - [01/Jul/2015:17:22:58 +0200] "GET /robots.txt HTTP/1.1" 404 1256 "-" "Mozilla/5.0 (compatible; Googlebot/2.1; +http://www.google.com/bot.html)"
66.249.78.83 - - [01/Jul/2015:17:22:58 +0200] "GET / HTTP/1.1" 200 3792 "-" "Mozilla/5.0 (iPhone; CPU iPhone OS 6_0 like Mac OS X) AppleWebKit/536.26 (KHTML, like Gecko) Version/6.0 Mobile/10A5376e Safari/8536.25 (compatible; Googlebot/2.1; +http://www.google.com/bot.html)"
66.249.78.90 - - [01/Jul/2015:17:28:45 +0200] "GET /css/bootstrap.min.css HTTP/1.1" 200 101265 "-" "Mozilla/5.0 (compatible; Googlebot/2.1; +http://www.google.com/bot.html)"
66.249.78.97 - - [01/Jul/2015:17:28:46 +0200] "GET /css/bootstrap-responsive.min.css HTTP/1.1" 200 16520 "-" "Mozilla/5.0 (compatible; Googlebot/2.1; +http://www.google.com/bot.html)"
188.40.95.70 - - [01/Jul/2015:21:37:03 +0200] "GET /robots.txt HTTP/1.0" 404 1256 "-" "Mozilla/5.0 (compatible; MJ12bot/v1.4.5; http://www.majestic12.co.uk/bot.php?+)"
188.40.95.70 - - [01/Jul/2015:21:37:07 +0200] "GET / HTTP/1.0" 200 3792 "-" "Mozilla/5.0 (compatible; MJ12bot/v1.4.5; http://www.majestic12.co.uk/bot.php?+)"
58.59.233.84 - - [01/Jul/2015:22:48:44 +0200] "GET /Fckeditor/editor/filemanager/browser/default/connectors/test.html HTTP/1.1" 404 1256 "-" "Mozilla/4.0 (compatible; Win32; WinHttp.WinHttpRequest.5)"
58.59.233.84 - - [01/Jul/2015:22:48:44 +0200] "GET /FCKeditor/editor/filemanager/connectors/test.html HTTP/1.1" 404 1256 "-" "Mozilla/4.0 (compatible; Win32; WinHttp.WinHttpRequest.5)"
58.59.233.84 - - [01/Jul/2015:22:48:45 +0200] "GET /Admin/fckeditor/editor/filemanager/browser/default/connectors/test.html HTTP/1.1" 404 1256 "-" "Mozilla/4.0 (compatible; Win32; WinHttp.WinHttpRequest.5)"
58.59.233.84 - - [01/Jul/2015:22:48:48 +0200] "GET /Admin/fCKeditor/editor/filemanager/connectors/test.html HTTP/1.1" 404 1256 "-" "Mozilla/4.0 (compatible; Win32; WinHttp.WinHttpRequest.5)"
58.59.233.84 - - [01/Jul/2015:22:48:48 +0200] "GET /Editor/editor/filemanager/browser/default/connectors/test.html HTTP/1.1" 404 1256 "-" "Mozilla/4.0 (compatible; Win32; WinHttp.WinHttpRequest.5)"
58.59.233.84 - - [01/Jul/2015:22:48:50 +0200] "GET /Editor/editor/filemanager/connectors/test.html HTTP/1.1" 404 1256 "-" "Mozilla/4.0 (compatible; Win32; WinHttp.WinHttpRequest.5)"
66.249.78.90 - - [02/Jul/2015:01:12:23 +0200] "GET / HTTP/1.1" 200 3792 "-" "Mozilla/5.0 (compatible; Googlebot/2.1; +http://www.google.com/bot.html)"
207.46.13.97 - - [02/Jul/2015:03:20:36 +0200] "GET /robots.txt HTTP/1.1" 404 1256 "-" "Mozilla/5.0 (compatible; bingbot/2.0; +http://www.bing.com/bingbot.htm)"
66.249.78.83 - - [02/Jul/2015:06:28:29 +0200] "GET /robots.txt HTTP/1.1" 404 1256 "-" "Mozilla/5.0 (compatible; Googlebot/2.1; +http://www.google.com/bot.html)"
66.249.78.90 - - [02/Jul/2015:06:28:29 +0200] "GET / HTTP/1.1" 200 3792 "-" "Mozilla/5.0 (compatible; Googlebot/2.1; +http://www.google.com/bot.html)"
66.249.78.90 - - [02/Jul/2015:08:35:44 +0200] "GET / HTTP/1.1" 200 3792 "-" "Mozilla/5.0 (iPhone; CPU iPhone OS 6_0 like Mac OS X) AppleWebKit/536.26 (KHTML, like Gecko) Version/6.0 Mobile/10A5376e Safari/8536.25 (compatible; Googlebot/2.1; +http://www.google.com/bot.html)"
66.249.78.97 - - [02/Jul/2015:10:18:31 +0200] "GET / HTTP/1.1" 200 3792 "-" "Mozilla/5.0 (compatible; Googlebot/2.1; +http://www.google.com/bot.html)"
82.80.249.168 - - [02/Jul/2015:14:56:23 +0200] "GET / HTTP/1.1" 200 3792 "-" "Mozilla/5.0 (Macintosh; Intel Mac OS X 10_8_5) AppleWebKit/536.30.1 (KHTML, like Gecko) Version/6.0.5 Safari/536.30.1"
82.80.249.168 - - [02/Jul/2015:14:56:28 +0200] "GET /css/bootstrap-responsive.min.css HTTP/1.1" 200 16520 "http://www.beos-polymer.de/" "Mozilla/5.0 (Macintosh; Intel Mac OS X 10_9_1) AppleWebKit/537.36 (KHTML, like Gecko) Chrome/31.0.1650.57 Safari/537.36"
82.80.249.168 - - [02/Jul/2015:14:56:28 +0200] "GET /impressum.html HTTP/1.1" 200 2574 "http://www.beos-polymer.de/" "Mozilla/5.0 (Windows NT 6.2; Win64; x64; rv:27.0) Gecko/20100101 Firefox/27.0"
82.80.249.168 - - [02/Jul/2015:14:56:28 +0200] "GET /zertifikat.pdf HTTP/1.1" 200 1216131 "http://www.beos-polymer.de/" "Mozilla/5.0 (Macintosh; Intel Mac OS X 10_9_0) AppleWebKit/537.36 (KHTML, like Gecko) Chrome/31.0.1650.63 Safari/537.36"
82.80.249.168 - - [02/Jul/2015:14:56:28 +0200] "GET /css/bootstrap.min.css HTTP/1.1" 200 101265 "http://www.beos-polymer.de/" "Mozilla/5.0 (Macintosh; Intel Mac OS X 10.9; rv:26.0) Gecko/20100101 Firefox/26.0"
82.80.249.188 - - [02/Jul/2015:14:56:28 +0200] "GET /zertifikat.pdf HTTP/1.0" 200 1216131 "-" "Mozilla/5.0 (Macintosh; Intel Mac OS X 10_7_5) AppleWebKit/537.73.11 (KHTML, like Gecko) Version/6.1.1 Safari/537.73.11"
82.80.249.168 - - [02/Jul/2015:14:56:35 +0200] "GET /index.html HTTP/1.1" 200 3792 "http://www.beos-polymer.de/impressum.html" "Mozilla/5.0 (compatible; MSIE 10.0; Windows NT 6.2; WOW64; Trident/6.0)"
82.80.249.223 - - [02/Jul/2015:15:17:26 +0200] "GET /img/glyphicons-halflings-white.png HTTP/1.1" 200 8777 "-" "Mozilla/5.0 (Windows NT 6.2; WOW64; rv:26.0) Gecko/20100101 Firefox/26.0"
82.80.244.57 - - [02/Jul/2015:15:17:26 +0200] "GET /zertifikatthumb.jpg HTTP/1.1" 200 18478 "-" "Mozilla/5.0 (Windows NT 6.1; WOW64) AppleWebKit/537.36 (KHTML, like Gecko) Chrome/40.0.2214.111 Safari/537.36"
82.80.249.221 - - [02/Jul/2015:15:17:26 +0200] "GET /img/glyphicons-halflings.png HTTP/1.1" 200 12799 "-" "Mozilla/5.0 (Windows NT 6.3; WOW64) AppleWebKit/537.36 (KHTML, like Gecko) Chrome/31.0.1650.63 Safari/537.36"
82.80.249.227 - - [02/Jul/2015:15:17:28 +0200] "GET /img/beos.jpg HTTP/1.1" 200 46831 "-" "Mozilla/5.0 (Windows NT 6.1; WOW64; rv:33.0) Gecko/20100101 Firefox/33.0"
212.211.170.49 - - [03/Jul/2015:08:54:41 +0200] "GET / HTTP/1.1" 200 3792 "https://www.google.de/" "Mozilla/5.0 (Windows NT 6.1; WOW64) AppleWebKit/537.36 (KHTML, like Gecko) Chrome/43.0.2357.130 Safari/537.36"
212.211.170.49 - - [03/Jul/2015:08:54:41 +0200] "GET /css/bootstrap-responsive.min.css HTTP/1.1" 200 16520 "http://www.beos-polymer.de/" "Mozilla/5.0 (Windows NT 6.1; WOW64) AppleWebKit/537.36 (KHTML, like Gecko) Chrome/43.0.2357.130 Safari/537.36"
212.211.170.49 - - [03/Jul/2015:08:54:41 +0200] "GET /zertifikatthumb.jpg HTTP/1.1" 200 18478 "http://www.beos-polymer.de/" "Mozilla/5.0 (Windows NT 6.1; WOW64) AppleWebKit/537.36 (KHTML, like Gecko) Chrome/43.0.2357.130 Safari/537.36"
212.211.170.49 - - [03/Jul/2015:08:54:41 +0200] "GET /js/bootstrap.min.js HTTP/1.1" 200 25764 "http://www.beos-polymer.de/" "Mozilla/5.0 (Windows NT 6.1; WOW64) AppleWebKit/537.36 (KHTML, like Gecko) Chrome/43.0.2357.130 Safari/537.36"
212.211.170.49 - - [03/Jul/2015:08:54:41 +0200] "GET /css/bootstrap.min.css HTTP/1.1" 200 101265 "http://www.beos-polymer.de/" "Mozilla/5.0 (Windows NT 6.1; WOW64) AppleWebKit/537.36 (KHTML, like Gecko) Chrome/43.0.2357.130 Safari/537.36"
212.211.170.49 - - [03/Jul/2015:08:54:41 +0200] "GET /img/beos.jpg HTTP/1.1" 200 46831 "http://www.beos-polymer.de/" "Mozilla/5.0 (Windows NT 6.1; WOW64) AppleWebKit/537.36 (KHTML, like Gecko) Chrome/43.0.2357.130 Safari/537.36"
212.211.170.49 - - [03/Jul/2015:08:54:42 +0200] "GET /ico/favicon.ico HTTP/1.1" 404 1256 "http://www.beos-polymer.de/" "Mozilla/5.0 (Windows NT 6.1; WOW64) AppleWebKit/537.36 (KHTML, like Gecko) Chrome/43.0.2357.130 Safari/537.36"
207.46.13.12 - - [03/Jul/2015:15:27:41 +0200] "GET /robots.txt HTTP/1.1" 404 1256 "-" "Mozilla/5.0 (compatible; bingbot/2.0; +http://www.bing.com/bingbot.htm)"
207.46.13.12 - - [03/Jul/2015:17:38:19 +0200] "GET /zertifikat.pdf HTTP/1.1" 200 1216131 "-" "Mozilla/5.0 (iPhone; CPU iPhone OS 7_0 like Mac OS X) AppleWebKit/537.51.1 (KHTML, like Gecko) Version/7.0 Mobile/11A465 Safari/9537.53 (compatible; bingbot/2.0; http://www.bing.com/bingbot.htm)"
162.243.193.85 - - [03/Jul/2015:19:17:39 +0200] "GET /robots.txt HTTP/1.1" 404 1256 "-" "Mozilla/5.0 (compatible; spbot/4.4.2; +http://OpenLinkProfiler.org/bot )"
162.243.193.85 - - [03/Jul/2015:19:17:43 +0200] "GET / HTTP/1.1" 200 3792 "-" "Mozilla/5.0 (compatible; spbot/4.4.2; +http://OpenLinkProfiler.org/bot )"
46.229.170.197 - - [04/Jul/2015:12:05:51 +0200] "GET / HTTP/1.1" 200 3792 "-" "Mozilla/5.0 (Windows NT 5.0; WOW64; rv:5.0) Gecko/20100101 Firefox/5.0"
66.249.78.97 - - [04/Jul/2015:12:43:11 +0200] "GET /robots.txt HTTP/1.1" 404 1256 "-" "Mozilla/5.0 (compatible; Googlebot/2.1; +http://www.google.com/bot.html)"
66.249.78.97 - - [04/Jul/2015:12:43:11 +0200] "GET / HTTP/1.1" 200 3792 "-" "Mozilla/5.0 (compatible; Googlebot/2.1; +http://www.google.com/bot.html)"
217.114.217.98 - - [04/Jul/2015:14:22:16 +0200] "GET / HTTP/1.1" 200 3792 "-" "Mozilla/4.0 (compatible; MSIE 6.0; Windows NT 5.1; SV1; .NET CLR 2.0.50727)"
217.114.217.98 - - [04/Jul/2015:14:22:16 +0200] "GET /impressum.html HTTP/1.1" 200 2574 "-" "Mozilla/4.0 (compatible; MSIE 6.0; Windows NT 5.1; SV1; .NET CLR 2.0.50727)"
162.243.110.109 - - [04/Jul/2015:19:27:00 +0200] "GET /robots.txt HTTP/1.1" 404 1256 "-" "Mozilla/5.0 (compatible; spbot/4.4.2; +http://OpenLinkProfiler.org/bot )"
162.243.110.109 - - [04/Jul/2015:19:27:05 +0200] "GET / HTTP/1.1" 200 3792 "-" "Mozilla/5.0 (compatible; spbot/4.4.2; +http://OpenLinkProfiler.org/bot )"
207.46.13.97 - - [04/Jul/2015:23:29:05 +0200] "GET /impressum.html HTTP/1.1" 200 2574 "-" "Mozilla/5.0 (compatible; bingbot/2.0; +http://www.bing.com/bingbot.htm)"
157.55.39.87 - - [04/Jul/2015:23:30:31 +0200] "GET /robots.txt HTTP/1.1" 404 1256 "-" "Mozilla/5.0 (compatible; bingbot/2.0; +http://www.bing.com/bingbot.htm)"
157.55.39.87 - - [04/Jul/2015:23:30:31 +0200] "GET /robots.txt HTTP/1.1" 404 1256 "-" "Mozilla/5.0 (compatible; bingbot/2.0; +http://www.bing.com/bingbot.htm)"
157.55.39.87 - - [04/Jul/2015:23:30:31 +0200] "GET /css/bootstrap.min.css HTTP/1.1" 200 101265 "-" "Mozilla/5.0 (compatible; bingbot/2.0; +http://www.bing.com/bingbot.htm)"
157.55.39.87 - - [04/Jul/2015:23:30:32 +0200] "GET /js/bootstrap.min.js HTTP/1.1" 200 25764 "-" "Mozilla/5.0 (compatible; bingbot/2.0; +http://www.bing.com/bingbot.htm)"
157.55.39.72 - - [04/Jul/2015:23:30:41 +0200] "GET /robots.txt HTTP/1.1" 404 1256 "-" "Mozilla/5.0 (compatible; bingbot/2.0; +http://www.bing.com/bingbot.htm)"
157.55.39.55 - - [04/Jul/2015:23:31:43 +0200] "GET /css/bootstrap-responsive.min.css HTTP/1.1" 200 16520 "-" "Mozilla/5.0 (compatible; bingbot/2.0; +http://www.bing.com/bingbot.htm)"
46.105.100.183 - - [05/Jul/2015:02:51:27 +0200] "GET /robots.txt HTTP/1.0" 404 1256 "-" ""
46.105.100.183 - - [05/Jul/2015:02:51:27 +0200] "GET / HTTP/1.1" 206 3792 "-" "Mozilla/5.0 (X11; U; Linux i686; en-US; rv:1.9.2.4) Gecko/20100625 Gentoo Firefox/3.6.4"
46.105.100.183 - - [05/Jul/2015:02:51:29 +0200] "GET /impressum.html HTTP/1.1" 206 2574 "-" "Mozilla/5.0 (X11; U; Linux i686; en-US; rv:1.9.2.4) Gecko/20100625 Gentoo Firefox/3.6.4"
46.105.100.183 - - [05/Jul/2015:02:51:31 +0200] "GET /index.html HTTP/1.1" 206 3792 "-" "Mozilla/5.0 (X11; U; Linux i686; en-US; rv:1.9.2.4) Gecko/20100625 Gentoo Firefox/3.6.4"
207.46.13.97 - - [05/Jul/2015:02:55:44 +0200] "GET /robots.txt HTTP/1.1" 404 1256 "-" "Mozilla/5.0 (compatible; bingbot/2.0; +http://www.bing.com/bingbot.htm)"
5.102.173.71 - - [05/Jul/2015:06:58:31 +0200] "GET /robots.txt HTTP/1.1" 404 1256 "-" "Mozilla/5.0 (compatible; MojeekBot/0.6; +https://www.mojeek.com/bot.html)"
5.102.173.71 - - [05/Jul/2015:06:58:31 +0200] "GET / HTTP/1.1" 200 3792 "-" "Mozilla/5.0 (compatible; MojeekBot/0.6; +https://www.mojeek.com/bot.html)"
188.138.41.208 - - [05/Jul/2015:07:56:36 +0200] "GET / HTTP/1.1" 200 3792 "-" "Mozilla/5.0 (X11; U; Linux Core i7-4980HQ; de; rv:32.0; compatible; Jobboerse.com; http://www.xn--jobbrse-d1a.com) Gecko/20100401 Firefox/24.0"
188.138.41.208 - - [05/Jul/2015:07:56:37 +0200] "GET /js/bootstrap.min.js HTTP/1.1" 200 25764 "http://www.beos-polymer.de/" "Mozilla/5.0 (X11; U; Linux Core i7-4980HQ; de; rv:32.0; compatible; Jobboerse.com; http://www.xn--jobbrse-d1a.com) Gecko/20100401 Firefox/24.0"
188.138.41.208 - - [05/Jul/2015:07:56:40 +0200] "GET /robots.txt HTTP/1.1" 404 1256 "-" "Mozilla/5.0 (X11; U; Linux Core i7-4980HQ; de; rv:32.0; compatible; Jobboerse.com; http://www.xn--jobbrse-d1a.com) Gecko/20100401 Firefox/24.0"
188.138.41.208 - - [05/Jul/2015:07:56:40 +0200] "GET / HTTP/1.1" 200 3792 "-" "Mozilla/5.0 (X11; U; Linux Core i7-4980HQ; de; rv:32.0; compatible; Jobboerse.com; http://www.xn--jobbrse-d1a.com) Gecko/20100401 Firefox/24.0"
188.138.41.208 - - [05/Jul/2015:07:56:41 +0200] "GET /js/bootstrap.min.js HTTP/1.1" 200 25764 "http://www.beos-polymer.de/" "Mozilla/5.0 (X11; U; Linux Core i7-4980HQ; de; rv:32.0; compatible; Jobboerse.com; http://www.xn--jobbrse-d1a.com) Gecko/20100401 Firefox/24.0"
188.138.41.208 - - [05/Jul/2015:07:57:10 +0200] "GET / HTTP/1.1" 200 3792 "-" "Mozilla/5.0 (X11; U; Linux Core i7-4980HQ; de; rv:32.0; compatible; Jobboerse.com; http://www.xn--jobbrse-d1a.com) Gecko/20100401 Firefox/24.0"
188.138.41.208 - - [05/Jul/2015:07:57:11 +0200] "GET /js/bootstrap.min.js HTTP/1.1" 200 25764 "http://www.beos-polymer.de/" "Mozilla/5.0 (X11; U; Linux Core i7-4980HQ; de; rv:32.0; compatible; Jobboerse.com; http://www.xn--jobbrse-d1a.com) Gecko/20100401 Firefox/24.0"
188.138.41.208 - - [05/Jul/2015:07:57:12 +0200] "GET /ico/favicon.ico HTTP/1.1" 404 1256 "-" "Mozilla/5.0 (X11; U; Linux Core i7-4980HQ; de; rv:32.0; compatible; Jobboerse.com; http://www.xn--jobbrse-d1a.com) Gecko/20100401 Firefox/24.0"
188.138.41.208 - - [05/Jul/2015:07:57:12 +0200] "GET /favicon.ico HTTP/1.1" 404 1256 "-" "Mozilla/5.0 (X11; U; Linux Core i7-4980HQ; de; rv:32.0; compatible; Jobboerse.com; http://www.xn--jobbrse-d1a.com) Gecko/20100401 Firefox/24.0"
188.138.41.208 - - [05/Jul/2015:07:57:12 +0200] "GET / HTTP/1.1" 200 3792 "-" "Mozilla/5.0 (X11; U; Linux Core i7-4980HQ; de; rv:32.0; compatible; Jobboerse.com; http://www.xn--jobbrse-d1a.com) Gecko/20100401 Firefox/24.0"
188.138.41.208 - - [05/Jul/2015:07:57:13 +0200] "GET /js/bootstrap.min.js HTTP/1.1" 200 25764 "http://www.beos-polymer.de/" "Mozilla/5.0 (X11; U; Linux Core i7-4980HQ; de; rv:32.0; compatible; Jobboerse.com; http://www.xn--jobbrse-d1a.com) Gecko/20100401 Firefox/24.0"
188.138.41.208 - - [05/Jul/2015:07:57:15 +0200] "GET /css/bootstrap.min.css HTTP/1.1" 200 101265 "http://www.beos-polymer.de/" "Mozilla/5.0 (X11; U; Linux Core i7-4980HQ; de; rv:32.0; compatible; Jobboerse.com; http://www.xn--jobbrse-d1a.com) Gecko/20100401 Firefox/24.0"
188.138.41.208 - - [05/Jul/2015:07:57:20 +0200] "GET /css/bootstrap-responsive.min.css HTTP/1.1" 200 16520 "http://www.beos-polymer.de/" "Mozilla/5.0 (X11; U; Linux Core i7-4980HQ; de; rv:32.0; compatible; Jobboerse.com; http://www.xn--jobbrse-d1a.com) Gecko/20100401 Firefox/24.0"
188.138.41.208 - - [05/Jul/2015:07:57:23 +0200] "GET /zertifikat.pdf HTTP/1.1" 200 1216131 "-" "Mozilla/5.0 (X11; U; Linux Core i7-4980HQ; de; rv:32.0; compatible; Jobboerse.com; http://www.xn--jobbrse-d1a.com) Gecko/20100401 Firefox/24.0"
157.55.39.154 - - [05/Jul/2015:14:53:05 +0200] "GET /zertifikat.pdf HTTP/1.1" 200 1216131 "-" "Mozilla/5.0 (iPhone; CPU iPhone OS 7_0 like Mac OS X) AppleWebKit/537.51.1 (KHTML, like Gecko) Version/7.0 Mobile/11A465 Safari/9537.53 (compatible; bingbot/2.0; http://www.bing.com/bingbot.htm)"
207.46.13.118 - - [05/Jul/2015:14:53:16 +0200] "GET /robots.txt HTTP/1.1" 404 1256 "-" "Mozilla/5.0 (compatible; bingbot/2.0; +http://www.bing.com/bingbot.htm)"
144.76.155.8 - - [05/Jul/2015:17:14:27 +0200] "GET / HTTP/1.1" 200 3792 "-" "Mozilla/5.0 (Macintosh; Intel Mac OS X 10_6_8) AppleWebKit/535.19 (KHTML, like Gecko) Chrome/18.0.1025.166 Safari/535.19"
188.40.112.210 - - [05/Jul/2015:17:14:28 +0200] "GET /impressum.html HTTP/1.1" 200 2574 "-" "Mozilla/5.0 (Macintosh; Intel Mac OS X 10_7_5) AppleWebKit/537.31 (KHTML, like Gecko) Chrome/26.0.1410.65 Safari/537.31"
157.55.39.72 - - [05/Jul/2015:18:03:17 +0200] "GET /impressum.html HTTP/1.1" 200 2574 "-" "Mozilla/5.0 (compatible; bingbot/2.0; +http://www.bing.com/bingbot.htm)"
107.170.155.171 - - [05/Jul/2015:18:03:51 +0200] "GET /robots.txt HTTP/1.1" 404 1256 "-" "Mozilla/5.0 (compatible; spbot/4.4.2; +http://OpenLinkProfiler.org/bot )"
107.170.155.171 - - [05/Jul/2015:18:03:56 +0200] "GET / HTTP/1.1" 200 3792 "-" "Mozilla/5.0 (compatible; spbot/4.4.2; +http://OpenLinkProfiler.org/bot )"
153.96.84.2 - - [06/Jul/2015:08:57:55 +0200] "GET / HTTP/1.1" 200 3792 "https://www.google.de/" "Mozilla/5.0 (Windows NT 6.1; WOW64) AppleWebKit/537.36 (KHTML, like Gecko) Chrome/43.0.2357.81 Safari/537.36"
153.96.84.2 - - [06/Jul/2015:08:57:55 +0200] "GET /css/bootstrap.min.css HTTP/1.1" 200 101265 "http://www.beos-polymer.de/" "Mozilla/5.0 (Windows NT 6.1; WOW64) AppleWebKit/537.36 (KHTML, like Gecko) Chrome/43.0.2357.81 Safari/537.36"
153.96.84.2 - - [06/Jul/2015:08:57:55 +0200] "GET /css/bootstrap-responsive.min.css HTTP/1.1" 200 16520 "http://www.beos-polymer.de/" "Mozilla/5.0 (Windows NT 6.1; WOW64) AppleWebKit/537.36 (KHTML, like Gecko) Chrome/43.0.2357.81 Safari/537.36"
153.96.84.2 - - [06/Jul/2015:08:57:55 +0200] "GET /js/bootstrap.min.js HTTP/1.1" 200 25764 "http://www.beos-polymer.de/" "Mozilla/5.0 (Windows NT 6.1; WOW64) AppleWebKit/537.36 (KHTML, like Gecko) Chrome/43.0.2357.81 Safari/537.36"
153.96.84.2 - - [06/Jul/2015:08:57:55 +0200] "GET /img/beos.jpg HTTP/1.1" 200 46831 "http://www.beos-polymer.de/" "Mozilla/5.0 (Windows NT 6.1; WOW64) AppleWebKit/537.36 (KHTML, like Gecko) Chrome/43.0.2357.81 Safari/537.36"
153.96.84.2 - - [06/Jul/2015:08:57:55 +0200] "GET /zertifikatthumb.jpg HTTP/1.1" 200 18478 "http://www.beos-polymer.de/" "Mozilla/5.0 (Windows NT 6.1; WOW64) AppleWebKit/537.36 (KHTML, like Gecko) Chrome/43.0.2357.81 Safari/537.36"
153.96.84.2 - - [06/Jul/2015:08:57:59 +0200] "GET /ico/favicon.ico HTTP/1.1" 404 1256 "http://www.beos-polymer.de/" "Mozilla/5.0 (Windows NT 6.1; WOW64) AppleWebKit/537.36 (KHTML, like Gecko) Chrome/43.0.2357.81 Safari/537.36"
153.96.84.2 - - [06/Jul/2015:08:58:00 +0200] "GET /zertifikat.pdf HTTP/1.1" 200 1216131 "http://www.beos-polymer.de/" "Mozilla/5.0 (Windows NT 6.1; WOW64) AppleWebKit/537.36 (KHTML, like Gecko) Chrome/43.0.2357.81 Safari/537.36"
153.96.84.2 - - [06/Jul/2015:08:58:01 +0200] "GET /favicon.ico HTTP/1.1" 404 1256 "http://www.beos-polymer.de/zertifikat.pdf" "Mozilla/5.0 (Windows NT 6.1; WOW64) AppleWebKit/537.36 (KHTML, like Gecko) Chrome/43.0.2357.81 Safari/537.36"
157.55.39.71 - - [06/Jul/2015:08:58:33 +0200] "GET /robots.txt HTTP/1.1" 404 1256 "-" "Mozilla/5.0 (compatible; bingbot/2.0; +http://www.bing.com/bingbot.htm)"
157.55.39.72 - - [06/Jul/2015:08:58:48 +0200] "GET / HTTP/1.1" 200 3792 "-" "Mozilla/5.0 (compatible; bingbot/2.0; +http://www.bing.com/bingbot.htm)"
68.180.228.188 - - [06/Jul/2015:12:46:48 +0200] "GET /robots.txt HTTP/1.1" 404 1256 "-" "Mozilla/5.0 (compatible; Yahoo! Slurp; http://help.yahoo.com/help/us/ysearch/slurp)"
68.180.228.188 - - [06/Jul/2015:12:46:49 +0200] "GET /zertifikat.pdf HTTP/1.1" 200 1216131 "-" "Mozilla/5.0 (compatible; Yahoo! Slurp; http://help.yahoo.com/help/us/ysearch/slurp)"
162.243.232.51 - - [06/Jul/2015:15:31:24 +0200] "GET /robots.txt HTTP/1.1" 404 1256 "-" "Mozilla/5.0 (compatible; spbot/4.4.2; +http://OpenLinkProfiler.org/bot )"
162.243.232.51 - - [06/Jul/2015:15:31:30 +0200] "GET / HTTP/1.1" 200 3792 "-" "Mozilla/5.0 (compatible; spbot/4.4.2; +http://OpenLinkProfiler.org/bot )"
66.249.78.83 - - [06/Jul/2015:22:07:52 +0200] "GET /robots.txt HTTP/1.1" 404 1256 "-" "Mozilla/5.0 (compatible; Googlebot/2.1; +http://www.google.com/bot.html)"
66.249.78.83 - - [06/Jul/2015:22:07:52 +0200] "GET / HTTP/1.1" 200 3792 "-" "Mozilla/5.0 (iPhone; CPU iPhone OS 6_0 like Mac OS X) AppleWebKit/536.26 (KHTML, like Gecko) Version/6.0 Mobile/10A5376e Safari/8536.25 (compatible; Googlebot/2.1; +http://www.google.com/bot.html)"
206.253.226.7 - - [07/Jul/2015:13:03:15 +0200] "GET /robots.txt HTTP/1.1" 404 1256 "-" "Mozilla/5.0 (compatible; oBot/2.3.1; +http://filterdb.iss.net/crawler/)"
206.253.226.7 - - [07/Jul/2015:13:03:15 +0200] "GET / HTTP/1.1" 200 3792 "-" "Mozilla/5.0 (compatible; oBot/2.3.1; +http://filterdb.iss.net/crawler/)"
206.253.226.7 - - [07/Jul/2015:13:03:15 +0200] "GET /zertifikat.pdf HTTP/1.1" 200 1216131 "-" "Mozilla/5.0 (compatible; oBot/2.3.1; +http://filterdb.iss.net/crawler/)"
206.253.226.7 - - [07/Jul/2015:13:03:16 +0200] "GET /zertifikatthumb.jpg HTTP/1.1" 200 18478 "-" "Mozilla/5.0 (compatible; oBot/2.3.1; +http://filterdb.iss.net/crawler/)"
206.253.226.7 - - [07/Jul/2015:13:03:16 +0200] "GET /impressum.html HTTP/1.1" 200 2574 "-" "Mozilla/5.0 (compatible; oBot/2.3.1; +http://filterdb.iss.net/crawler/)"
66.249.78.90 - - [07/Jul/2015:15:12:45 +0200] "GET /robots.txt HTTP/1.1" 404 1256 "-" "Mozilla/5.0 (compatible; Googlebot/2.1; +http://www.google.com/bot.html)"
66.249.78.90 - - [07/Jul/2015:15:12:45 +0200] "GET / HTTP/1.1" 200 3792 "-" "Mozilla/5.0 (compatible; Googlebot/2.1; +http://www.google.com/bot.html)"
66.249.78.90 - - [07/Jul/2015:15:13:14 +0200] "GET /css/bootstrap-responsive.min.css HTTP/1.1" 200 16520 "-" "Mozilla/5.0 (compatible; Googlebot/2.1; +http://www.google.com/bot.html)"
66.249.78.90 - - [07/Jul/2015:15:13:43 +0200] "GET /css/bootstrap.min.css HTTP/1.1" 200 101265 "-" "Mozilla/5.0 (compatible; Googlebot/2.1; +http://www.google.com/bot.html)"
144.76.155.8 - - [07/Jul/2015:18:38:18 +0200] "GET /impressum.html HTTP/1.1" 200 2574 "-" "Mozilla/5.0 (Windows NT 5.1; rv:21.0) Gecko/20130331 Firefox/21.0"
144.76.155.8 - - [07/Jul/2015:18:38:18 +0200] "GET / HTTP/1.1" 200 3792 "-" "Mozilla/5.0 (Windows NT 6.2; WOW64) AppleWebKit/537.36 (KHTML, like Gecko) Chrome/27.0.1453.93 Safari/537.36"
104.131.16.15 - - [07/Jul/2015:19:50:26 +0200] "HEAD / HTTP/1.1" 200 - "http://www.netcraft.com/survey/" "Mozilla/4.0 (compatible; Netcraft Web Server Survey)"
66.249.78.97 - - [07/Jul/2015:23:00:50 +0200] "GET / HTTP/1.1" 200 3792 "-" "Mozilla/5.0 (iPhone; CPU iPhone OS 6_0 like Mac OS X) AppleWebKit/536.26 (KHTML, like Gecko) Version/6.0 Mobile/10A5376e Safari/8536.25 (compatible; Googlebot/2.1; +http://www.google.com/bot.html)"
157.55.39.155 - - [08/Jul/2015:01:12:42 +0200] "GET /zertifikat.pdf HTTP/1.1" 200 1216131 "-" "Mozilla/5.0 (iPhone; CPU iPhone OS 7_0 like Mac OS X) AppleWebKit/537.51.1 (KHTML, like Gecko) Version/7.0 Mobile/11A465 Safari/9537.53 (compatible; bingbot/2.0; http://www.bing.com/bingbot.htm)"
157.55.39.155 - - [08/Jul/2015:01:16:35 +0200] "GET /robots.txt HTTP/1.1" 404 1256 "-" "Mozilla/5.0 (compatible; bingbot/2.0; +http://www.bing.com/bingbot.htm)"
157.55.39.155 - - [08/Jul/2015:03:56:02 +0200] "GET /index.html HTTP/1.1" 200 3792 "-" "Mozilla/5.0 (compatible; bingbot/2.0; +http://www.bing.com/bingbot.htm)"
157.55.39.71 - - [08/Jul/2015:03:56:19 +0200] "GET /css/bootstrap-responsive.min.css HTTP/1.1" 200 16520 "-" "Mozilla/5.0 (compatible; bingbot/2.0; +http://www.bing.com/bingbot.htm)"
207.46.13.39 - - [08/Jul/2015:03:57:21 +0200] "GET /css/bootstrap.min.css HTTP/1.1" 200 101265 "-" "Mozilla/5.0 (compatible; bingbot/2.0; +http://www.bing.com/bingbot.htm)"
207.46.13.39 - - [08/Jul/2015:03:57:22 +0200] "GET /js/bootstrap.min.js HTTP/1.1" 200 25764 "-" "Mozilla/5.0 (compatible; bingbot/2.0; +http://www.bing.com/bingbot.htm)"
80.132.91.153 - - [08/Jul/2015:08:47:31 +0200] "GET / HTTP/1.1" 200 3792 "http://www.mochau.de/Gemeindegebiet.phtml" "Mozilla/5.0 (Windows NT 6.3; WOW64; Trident/7.0; rv:11.0) like Gecko"
80.132.91.153 - - [08/Jul/2015:08:47:31 +0200] "GET /css/bootstrap-responsive.min.css HTTP/1.1" 200 16520 "http://www.beos-polymer.de/" "Mozilla/5.0 (Windows NT 6.3; WOW64; Trident/7.0; rv:11.0) like Gecko"
80.132.91.153 - - [08/Jul/2015:08:47:31 +0200] "GET /zertifikatthumb.jpg HTTP/1.1" 200 18478 "http://www.beos-polymer.de/" "Mozilla/5.0 (Windows NT 6.3; WOW64; Trident/7.0; rv:11.0) like Gecko"
80.132.91.153 - - [08/Jul/2015:08:47:31 +0200] "GET /js/bootstrap.min.js HTTP/1.1" 200 25764 "http://www.beos-polymer.de/" "Mozilla/5.0 (Windows NT 6.3; WOW64; Trident/7.0; rv:11.0) like Gecko"
80.132.91.153 - - [08/Jul/2015:08:47:31 +0200] "GET /img/beos.jpg HTTP/1.1" 200 46831 "http://www.beos-polymer.de/" "Mozilla/5.0 (Windows NT 6.3; WOW64; Trident/7.0; rv:11.0) like Gecko"
80.132.91.153 - - [08/Jul/2015:08:47:31 +0200] "GET /css/bootstrap.min.css HTTP/1.1" 200 101265 "http://www.beos-polymer.de/" "Mozilla/5.0 (Windows NT 6.3; WOW64; Trident/7.0; rv:11.0) like Gecko"
80.132.91.153 - - [08/Jul/2015:08:47:31 +0200] "GET /ico/favicon.ico HTTP/1.1" 404 1256 "-" "Mozilla/5.0 (Windows NT 6.3; Win64; x64; Trident/7.0; rv:11.0) like Gecko"
80.132.91.153 - - [08/Jul/2015:08:47:31 +0200] "GET /favicon.ico HTTP/1.1" 404 1256 "-" "Mozilla/5.0 (Windows NT 6.3; Win64; x64; Trident/7.0; rv:11.0) like Gecko"
80.132.91.153 - - [08/Jul/2015:08:54:50 +0200] "GET /img/glyphicons-halflings.png HTTP/1.1" 200 12799 "http://www.beos-polymer.de/" "Mozilla/5.0 (Windows NT 6.3; WOW64; Trident/7.0; rv:11.0) like Gecko"
80.132.91.153 - - [08/Jul/2015:08:54:50 +0200] "GET /ico/favicon.ico HTTP/1.1" 404 1256 "-" "Mozilla/5.0 (Windows NT 6.3; Win64; x64; Trident/7.0; rv:11.0) like Gecko"
80.132.91.153 - - [08/Jul/2015:08:54:50 +0200] "GET /favicon.ico HTTP/1.1" 404 1256 "-" "Mozilla/5.0 (Windows NT 6.3; Win64; x64; Trident/7.0; rv:11.0) like Gecko"
66.249.78.83 - - [08/Jul/2015:11:13:59 +0200] "GET /robots.txt HTTP/1.1" 404 1256 "-" "Mozilla/5.0 (compatible; Googlebot/2.1; +http://www.google.com/bot.html)"
66.249.78.83 - - [08/Jul/2015:11:13:59 +0200] "GET / HTTP/1.1" 200 3792 "-" "Mozilla/5.0 (compatible; Googlebot/2.1; +http://www.google.com/bot.html)"
68.180.228.188 - - [08/Jul/2015:21:21:25 +0200] "GET /robots.txt HTTP/1.1" 404 1256 "-" "Mozilla/5.0 (compatible; Yahoo! Slurp; http://help.yahoo.com/help/us/ysearch/slurp)"
68.180.228.188 - - [08/Jul/2015:21:21:25 +0200] "GET / HTTP/1.1" 200 3792 "-" "Mozilla/5.0 (compatible; Yahoo! Slurp; http://help.yahoo.com/help/us/ysearch/slurp)"
66.249.78.97 - - [08/Jul/2015:22:10:13 +0200] "GET / HTTP/1.1" 200 3792 "-" "Mozilla/5.0 (compatible; Googlebot/2.1; +http://www.google.com/bot.html)"
68.180.228.188 - - [08/Jul/2015:22:26:13 +0200] "GET /impressum.html HTTP/1.1" 200 2574 "-" "Mozilla/5.0 (compatible; Yahoo! Slurp; http://help.yahoo.com/help/us/ysearch/slurp)"
68.180.228.188 - - [08/Jul/2015:22:38:20 +0200] "GET /index.html HTTP/1.1" 200 3792 "-" "Mozilla/5.0 (compatible; Yahoo! Slurp; http://help.yahoo.com/help/us/ysearch/slurp)"
66.249.78.90 - - [09/Jul/2015:11:39:19 +0200] "GET /robots.txt HTTP/1.1" 404 1256 "-" "Mozilla/5.0 (compatible; Googlebot/2.1; +http://www.google.com/bot.html)"
66.249.78.97 - - [09/Jul/2015:11:39:19 +0200] "GET /zertifikat.pdf HTTP/1.1" 304 - "-" "Mozilla/5.0 (compatible; Googlebot/2.1; +http://www.google.com/bot.html)"
91.121.220.223 - - [09/Jul/2015:11:44:09 +0200] "GET / HTTP/1.1" 200 3792 "-" "Mozilla/5.0 (Windows NT 6.1; WOW64) AppleWebKit/537.31 (KHTML, like Gecko) Chrome/26.0.1410.64 Safari/537.31"
91.121.220.223 - - [09/Jul/2015:11:44:20 +0200] "GET / HTTP/1.1" 200 3792 "-" "Mozilla/5.0 (Windows NT 6.1; WOW64) AppleWebKit/537.31 (KHTML, like Gecko) Chrome/26.0.1410.64 Safari/537.31"
91.121.220.223 - - [09/Jul/2015:11:44:33 +0200] "GET /impressum.html HTTP/1.1" 200 2574 "-" "Mozilla/5.0 (Windows NT 6.1; WOW64) AppleWebKit/537.31 (KHTML, like Gecko) Chrome/26.0.1410.64 Safari/537.31"
91.121.220.223 - - [09/Jul/2015:11:44:35 +0200] "GET /index.html HTTP/1.1" 200 3792 "-" "Mozilla/5.0 (Windows NT 6.1; WOW64) AppleWebKit/537.31 (KHTML, like Gecko) Chrome/26.0.1410.64 Safari/537.31"
91.121.220.223 - - [09/Jul/2015:11:44:46 +0200] "GET /css/bootstrap-responsive.min.css HTTP/1.1" 200 16520 "-" "Mozilla/5.0 (Windows NT 6.1; WOW64) AppleWebKit/537.31 (KHTML, like Gecko) Chrome/26.0.1410.64 Safari/537.31"
91.121.220.223 - - [09/Jul/2015:11:44:49 +0200] "GET /css/bootstrap.min.css HTTP/1.1" 200 101265 "-" "Mozilla/5.0 (Windows NT 6.1; WOW64) AppleWebKit/537.31 (KHTML, like Gecko) Chrome/26.0.1410.64 Safari/537.31"
216.145.17.190 - - [10/Jul/2015:03:50:32 +0200] "GET /robots.txt HTTP/1.0" 404 1256 "-" "Mozilla/5.0 (Windows; U; Windows NT 5.1; en; rv:1.9.0.13) Gecko/2009073022 Firefox/3.5.2 (.NET CLR 3.5.30729) SurveyBot/2.3 (DomainTools)"
216.145.17.190 - - [10/Jul/2015:03:50:32 +0200] "GET / HTTP/1.1" 200 3792 "http://whois.domaintools.com/beos-polymer.de" "Mozilla/5.0 (Windows; U; Windows NT 5.1; en; rv:1.9.0.13) Gecko/2009073022 Firefox/3.5.2 (.NET CLR 3.5.30729) SurveyBot/2.3 (DomainTools)"
79.246.109.55 - - [10/Jul/2015:08:02:57 +0200] "GET / HTTP/1.1" 200 3792 "http://www.google.de/url?sa=t&rct=j&q=&esrc=s&source=web&cd=6&ved=0CD8QFjAF&url=http%3A%2F%2Fwww.beos-polymer.de%2F&ei=x1-fVaiGCKfaywPmjrWYCA&usg=AFQjCNHkP8INSL1dW-97m1F_ljbLQHJSGA&bvm=bv.97653015,d.bGQ" "Mozilla/5.0 (Windows NT 6.1; WOW64; rv:39.0) Gecko/20100101 Firefox/39.0"
79.246.109.55 - - [10/Jul/2015:08:02:57 +0200] "GET /css/bootstrap-responsive.min.css HTTP/1.1" 200 16520 "http://www.beos-polymer.de/" "Mozilla/5.0 (Windows NT 6.1; WOW64; rv:39.0) Gecko/20100101 Firefox/39.0"
79.246.109.55 - - [10/Jul/2015:08:02:57 +0200] "GET /js/bootstrap.min.js HTTP/1.1" 200 25764 "http://www.beos-polymer.de/" "Mozilla/5.0 (Windows NT 6.1; WOW64; rv:39.0) Gecko/20100101 Firefox/39.0"
79.246.109.55 - - [10/Jul/2015:08:02:57 +0200] "GET /ico/favicon.ico HTTP/1.1" 404 1256 "-" "Mozilla/5.0 (Windows NT 6.1; WOW64; rv:39.0) Gecko/20100101 Firefox/39.0"
79.246.109.55 - - [10/Jul/2015:08:02:57 +0200] "GET /ico/favicon.ico HTTP/1.1" 404 1256 "-" "Mozilla/5.0 (Windows NT 6.1; WOW64; rv:39.0) Gecko/20100101 Firefox/39.0"
79.246.109.55 - - [10/Jul/2015:08:02:57 +0200] "GET /css/bootstrap.min.css HTTP/1.1" 200 101265 "http://www.beos-polymer.de/" "Mozilla/5.0 (Windows NT 6.1; WOW64; rv:39.0) Gecko/20100101 Firefox/39.0"
79.246.109.55 - - [10/Jul/2015:08:02:58 +0200] "GET /zertifikatthumb.jpg HTTP/1.1" 200 18478 "http://www.beos-polymer.de/" "Mozilla/5.0 (Windows NT 6.1; WOW64; rv:39.0) Gecko/20100101 Firefox/39.0"
79.246.109.55 - - [10/Jul/2015:08:02:58 +0200] "GET /img/beos.jpg HTTP/1.1" 200 46831 "http://www.beos-polymer.de/" "Mozilla/5.0 (Windows NT 6.1; WOW64; rv:39.0) Gecko/20100101 Firefox/39.0"
79.246.109.55 - - [10/Jul/2015:08:03:03 +0200] "GET /zertifikat.pdf HTTP/1.1" 206 36483 "http://www.beos-polymer.de/" "Mozilla/5.0 (Windows NT 6.1; WOW64; rv:39.0) Gecko/20100101 Firefox/39.0"
79.246.109.55 - - [10/Jul/2015:08:03:03 +0200] "GET /zertifikat.pdf HTTP/1.1" 200 1216131 "http://www.beos-polymer.de/" "Mozilla/5.0 (Windows NT 6.1; WOW64; rv:39.0) Gecko/20100101 Firefox/39.0"
79.246.109.55 - - [10/Jul/2015:08:03:04 +0200] "GET /zertifikat.pdf HTTP/1.1" 206 65536 "http://www.beos-polymer.de/" "Mozilla/5.0 (Windows NT 6.1; WOW64; rv:39.0) Gecko/20100101 Firefox/39.0"
79.246.109.55 - - [10/Jul/2015:08:03:04 +0200] "GET /zertifikat.pdf HTTP/1.1" 206 65536 "http://www.beos-polymer.de/" "Mozilla/5.0 (Windows NT 6.1; WOW64; rv:39.0) Gecko/20100101 Firefox/39.0"
79.246.109.55 - - [10/Jul/2015:08:03:04 +0200] "GET /favicon.ico HTTP/1.1" 404 1256 "-" "Mozilla/5.0 (Windows NT 6.1; WOW64; rv:39.0) Gecko/20100101 Firefox/39.0"
79.246.109.55 - - [10/Jul/2015:08:03:04 +0200] "GET /favicon.ico HTTP/1.1" 404 1256 "-" "Mozilla/5.0 (Windows NT 6.1; WOW64; rv:39.0) Gecko/20100101 Firefox/39.0"
91.121.220.223 - - [10/Jul/2015:21:07:25 +0200] "GET / HTTP/1.1" 200 3792 "-" "Mozilla/5.0 (Windows NT 6.1; WOW64) AppleWebKit/537.31 (KHTML, like Gecko) Chrome/26.0.1410.64 Safari/537.31"
91.121.220.223 - - [10/Jul/2015:21:07:30 +0200] "GET /impressum.html HTTP/1.1" 200 2574 "-" "Mozilla/5.0 (Windows NT 6.1; WOW64) AppleWebKit/537.31 (KHTML, like Gecko) Chrome/26.0.1410.64 Safari/537.31"
91.121.220.223 - - [10/Jul/2015:21:07:43 +0200] "GET /impressum.html HTTP/1.1" 200 2574 "-" "Mozilla/5.0 (Windows NT 6.1; WOW64) AppleWebKit/537.31 (KHTML, like Gecko) Chrome/26.0.1410.64 Safari/537.31"
91.121.220.223 - - [10/Jul/2015:21:07:55 +0200] "GET /index.html HTTP/1.1" 200 3792 "-" "Mozilla/5.0 (Windows NT 6.1; WOW64) AppleWebKit/537.31 (KHTML, like Gecko) Chrome/26.0.1410.64 Safari/537.31"
91.121.220.223 - - [10/Jul/2015:21:08:01 +0200] "GET /css/bootstrap-responsive.min.css HTTP/1.1" 200 16520 "-" "Mozilla/5.0 (Windows NT 6.1; WOW64) AppleWebKit/537.31 (KHTML, like Gecko) Chrome/26.0.1410.64 Safari/537.31"
91.121.220.223 - - [10/Jul/2015:21:08:02 +0200] "GET /css/bootstrap.min.css HTTP/1.1" 200 101265 "-" "Mozilla/5.0 (Windows NT 6.1; WOW64) AppleWebKit/537.31 (KHTML, like Gecko) Chrome/26.0.1410.64 Safari/537.31"
45.55.248.84 - - [10/Jul/2015:22:02:49 +0200] "GET / HTTP/1.0" 200 3792 "-" "Mozilla/5.0 (compatible; NetcraftSurveyAgent/1.0; +info@netcraft.com)"
66.249.78.97 - - [11/Jul/2015:00:04:47 +0200] "GET /robots.txt HTTP/1.1" 404 1256 "-" "Mozilla/5.0 (compatible; Googlebot/2.1; +http://www.google.com/bot.html)"
66.249.78.83 - - [11/Jul/2015:00:04:47 +0200] "GET / HTTP/1.1" 200 3792 "-" "Mozilla/5.0 (iPhone; CPU iPhone OS 6_0 like Mac OS X) AppleWebKit/536.26 (KHTML, like Gecko) Version/6.0 Mobile/10A5376e Safari/8536.25 (compatible; Googlebot/2.1; +http://www.google.com/bot.html)"
66.249.78.83 - - [11/Jul/2015:12:35:32 +0200] "GET /robots.txt HTTP/1.1" 404 1256 "-" "Mozilla/5.0 (compatible; Googlebot/2.1; +http://www.google.com/bot.html)"
66.249.78.83 - - [11/Jul/2015:17:54:47 +0200] "GET /css/bootstrap-responsive.min.css HTTP/1.1" 200 16520 "-" "Mozilla/5.0 (compatible; Googlebot/2.1; +http://www.google.com/bot.html)"
66.249.78.97 - - [11/Jul/2015:17:54:48 +0200] "GET /css/bootstrap.min.css HTTP/1.1" 200 101265 "-" "Mozilla/5.0 (compatible; Googlebot/2.1; +http://www.google.com/bot.html)"
207.46.13.39 - - [11/Jul/2015:19:09:37 +0200] "GET /robots.txt HTTP/1.1" 404 1256 "-" "Mozilla/5.0 (compatible; bingbot/2.0; +http://www.bing.com/bingbot.htm)"
207.46.13.39 - - [11/Jul/2015:19:09:49 +0200] "GET /zertifikat.pdf HTTP/1.1" 200 1216131 "-" "Mozilla/5.0 (compatible; bingbot/2.0; +http://www.bing.com/bingbot.htm)"
207.46.13.39 - - [11/Jul/2015:19:10:33 +0200] "GET /robots.txt HTTP/1.1" 404 1256 "-" "Mozilla/5.0 (compatible; bingbot/2.0; +http://www.bing.com/bingbot.htm)"
91.121.220.223 - - [12/Jul/2015:01:02:28 +0200] "GET / HTTP/1.1" 200 3792 "-" "Mozilla/5.0 (Windows NT 6.1; WOW64) AppleWebKit/537.31 (KHTML, like Gecko) Chrome/26.0.1410.64 Safari/537.31"
91.121.220.223 - - [12/Jul/2015:01:02:59 +0200] "GET /impressum.html HTTP/1.1" 200 2574 "-" "Mozilla/5.0 (Windows NT 6.1; WOW64) AppleWebKit/537.31 (KHTML, like Gecko) Chrome/26.0.1410.64 Safari/537.31"
91.121.220.223 - - [12/Jul/2015:01:03:17 +0200] "GET /impressum.html HTTP/1.1" 200 2574 "-" "Mozilla/5.0 (Windows NT 6.1; WOW64) AppleWebKit/537.31 (KHTML, like Gecko) Chrome/26.0.1410.64 Safari/537.31"
91.121.220.223 - - [12/Jul/2015:01:03:27 +0200] "GET /index.html HTTP/1.1" 200 3792 "-" "Mozilla/5.0 (Windows NT 6.1; WOW64) AppleWebKit/537.31 (KHTML, like Gecko) Chrome/26.0.1410.64 Safari/537.31"
91.121.220.223 - - [12/Jul/2015:01:03:39 +0200] "GET /css/bootstrap-responsive.min.css HTTP/1.1" 200 16520 "-" "Mozilla/5.0 (Windows NT 6.1; WOW64) AppleWebKit/537.31 (KHTML, like Gecko) Chrome/26.0.1410.64 Safari/537.31"
91.121.220.223 - - [12/Jul/2015:01:03:41 +0200] "GET /css/bootstrap.min.css HTTP/1.1" 200 101265 "-" "Mozilla/5.0 (Windows NT 6.1; WOW64) AppleWebKit/537.31 (KHTML, like Gecko) Chrome/26.0.1410.64 Safari/537.31"
157.55.39.68 - - [12/Jul/2015:07:39:14 +0200] "GET /zertifikat.pdf HTTP/1.1" 200 1216131 "-" "Mozilla/5.0 (iPhone; CPU iPhone OS 7_0 like Mac OS X) AppleWebKit/537.51.1 (KHTML, like Gecko) Version/7.0 Mobile/11A465 Safari/9537.53 (compatible; bingbot/2.0; http://www.bing.com/bingbot.htm)"
157.55.39.115 - - [12/Jul/2015:21:26:09 +0200] "GET / HTTP/1.1" 200 3792 "-" "Mozilla/5.0 (compatible; bingbot/2.0; +http://www.bing.com/bingbot.htm)"
199.30.16.164 - - [12/Jul/2015:21:26:54 +0200] "GET /css/bootstrap-responsive.min.css HTTP/1.1" 200 16520 "http://www.beos-polymer.de/" "Mozilla/5.0 (Windows NT 6.1; WOW64) AppleWebKit/534+ (KHTML, like Gecko) BingPreview/1.0b"
199.30.16.164 - - [12/Jul/2015:21:26:54 +0200] "GET /zertifikatthumb.jpg HTTP/1.1" 200 18478 "http://www.beos-polymer.de/" "Mozilla/5.0 (Windows NT 6.1; WOW64) AppleWebKit/534+ (KHTML, like Gecko) BingPreview/1.0b"
199.30.16.164 - - [12/Jul/2015:21:26:54 +0200] "GET /img/beos.jpg HTTP/1.1" 200 46831 "http://www.beos-polymer.de/" "Mozilla/5.0 (Windows NT 6.1; WOW64) AppleWebKit/534+ (KHTML, like Gecko) BingPreview/1.0b"
199.30.16.164 - - [12/Jul/2015:21:26:54 +0200] "GET /css/bootstrap.min.css HTTP/1.1" 200 101265 "http://www.beos-polymer.de/" "Mozilla/5.0 (Windows NT 6.1; WOW64) AppleWebKit/534+ (KHTML, like Gecko) BingPreview/1.0b"
199.30.16.164 - - [12/Jul/2015:21:26:56 +0200] "GET /js/bootstrap.min.js HTTP/1.1" 200 25764 "http://www.beos-polymer.de/" "Mozilla/5.0 (Windows NT 6.1; WOW64) AppleWebKit/534+ (KHTML, like Gecko) BingPreview/1.0b"
162.243.100.40 - - [12/Jul/2015:23:15:37 +0200] "GET /robots.txt HTTP/1.1" 404 1256 "-" "Mozilla/5.0 (compatible; spbot/4.4.2; +http://OpenLinkProfiler.org/bot )"
162.243.100.40 - - [12/Jul/2015:23:15:42 +0200] "GET / HTTP/1.1" 200 3792 "-" "Mozilla/5.0 (compatible; spbot/4.4.2; +http://OpenLinkProfiler.org/bot )"
162.243.100.40 - - [12/Jul/2015:23:15:44 +0200] "GET /impressum.html HTTP/1.1" 200 2574 "http://www.beos-polymer.de/" "Mozilla/5.0 (compatible; spbot/4.4.2; +http://OpenLinkProfiler.org/bot )"
162.243.100.40 - - [12/Jul/2015:23:15:47 +0200] "GET /index.html HTTP/1.1" 200 3792 "http://www.beos-polymer.de/impressum.html" "Mozilla/5.0 (compatible; spbot/4.4.2; +http://OpenLinkProfiler.org/bot )"
91.121.220.223 - - [13/Jul/2015:02:24:44 +0200] "GET / HTTP/1.1" 200 3792 "-" "Mozilla/5.0 (Windows NT 6.1; WOW64) AppleWebKit/537.31 (KHTML, like Gecko) Chrome/26.0.1410.64 Safari/537.31"
91.121.220.223 - - [13/Jul/2015:02:24:58 +0200] "GET /impressum.html HTTP/1.1" 200 2574 "-" "Mozilla/5.0 (Windows NT 6.1; WOW64) AppleWebKit/537.31 (KHTML, like Gecko) Chrome/26.0.1410.64 Safari/537.31"
91.121.220.223 - - [13/Jul/2015:02:25:09 +0200] "GET /index.html HTTP/1.1" 200 3792 "-" "Mozilla/5.0 (Windows NT 6.1; WOW64) AppleWebKit/537.31 (KHTML, like Gecko) Chrome/26.0.1410.64 Safari/537.31"
91.121.220.223 - - [13/Jul/2015:02:25:10 +0200] "GET /css/bootstrap-responsive.min.css HTTP/1.1" 200 16520 "-" "Mozilla/5.0 (Windows NT 6.1; WOW64) AppleWebKit/537.31 (KHTML, like Gecko) Chrome/26.0.1410.64 Safari/537.31"
91.121.220.223 - - [13/Jul/2015:02:25:14 +0200] "GET /css/bootstrap.min.css HTTP/1.1" 200 101265 "-" "Mozilla/5.0 (Windows NT 6.1; WOW64) AppleWebKit/537.31 (KHTML, like Gecko) Chrome/26.0.1410.64 Safari/537.31"
157.55.39.183 - - [13/Jul/2015:07:53:53 +0200] "GET /zertifikat.pdf HTTP/1.1" 200 1216131 "-" "Mozilla/5.0 (compatible; bingbot/2.0; +http://www.bing.com/bingbot.htm)"
157.55.39.68 - - [13/Jul/2015:07:53:58 +0200] "GET /impressum.html HTTP/1.1" 200 2574 "-" "Mozilla/5.0 (compatible; bingbot/2.0; +http://www.bing.com/bingbot.htm)"
207.46.13.95 - - [13/Jul/2015:07:55:22 +0200] "GET / HTTP/1.1" 200 3792 "-" "Mozilla/5.0 (compatible; bingbot/2.0; +http://www.bing.com/bingbot.htm)"
66.249.65.115 - - [13/Jul/2015:08:25:46 +0200] "GET /robots.txt HTTP/1.1" 404 1256 "-" "Mozilla/5.0 (compatible; Googlebot/2.1; +http://www.google.com/bot.html)"
66.249.65.115 - - [13/Jul/2015:08:25:46 +0200] "GET /ico/favicon.ico HTTP/1.1" 404 1256 "-" "Googlebot-Image/1.0"
66.249.65.118 - - [13/Jul/2015:09:38:35 +0200] "GET /zertifikatthumb.jpg HTTP/1.1" 304 - "-" "Googlebot-Image/1.0"
195.50.190.114 - - [13/Jul/2015:09:41:48 +0200] "GET / HTTP/1.1" 200 3792 "http://www.google.de/url?sa=t&rct=j&q=&esrc=s&source=web&cd=2&sqi=2&ved=0CCsQFjAB&url=http%3A%2F%2Fwww.beos-polymer.de%2F&ei=Q2ujVcHKD4v8UNrBgMgB&usg=AFQjCNHkP8INSL1dW-97m1F_ljbLQHJSGA&bvm=bv.97653015,d.d24" "Mozilla/5.0 (Windows NT 6.1; WOW64; Trident/7.0; rv:11.0) like Gecko"
195.50.190.114 - - [13/Jul/2015:09:41:48 +0200] "GET /css/bootstrap-responsive.min.css HTTP/1.1" 200 16520 "http://www.beos-polymer.de/" "Mozilla/5.0 (Windows NT 6.1; WOW64; Trident/7.0; rv:11.0) like Gecko"
195.50.190.114 - - [13/Jul/2015:09:41:48 +0200] "GET /zertifikatthumb.jpg HTTP/1.1" 200 18478 "http://www.beos-polymer.de/" "Mozilla/5.0 (Windows NT 6.1; WOW64; Trident/7.0; rv:11.0) like Gecko"
195.50.190.114 - - [13/Jul/2015:09:41:48 +0200] "GET /img/beos.jpg HTTP/1.1" 200 46831 "http://www.beos-polymer.de/" "Mozilla/5.0 (Windows NT 6.1; WOW64; Trident/7.0; rv:11.0) like Gecko"
195.50.190.114 - - [13/Jul/2015:09:41:48 +0200] "GET /css/bootstrap.min.css HTTP/1.1" 200 101265 "http://www.beos-polymer.de/" "Mozilla/5.0 (Windows NT 6.1; WOW64; Trident/7.0; rv:11.0) like Gecko"
195.50.190.114 - - [13/Jul/2015:09:41:48 +0200] "GET /js/bootstrap.min.js HTTP/1.1" 200 25764 "http://www.beos-polymer.de/" "Mozilla/5.0 (Windows NT 6.1; WOW64; Trident/7.0; rv:11.0) like Gecko"
195.50.190.114 - - [13/Jul/2015:09:41:50 +0200] "GET /ico/favicon.ico HTTP/1.1" 404 1256 "-" "Mozilla/5.0 (Windows NT 6.1; WOW64; Trident/7.0; rv:11.0) like Gecko"
195.50.190.114 - - [13/Jul/2015:09:41:50 +0200] "GET /img/glyphicons-halflings.png HTTP/1.1" 200 12799 "http://www.beos-polymer.de/" "Mozilla/5.0 (Windows NT 6.1; WOW64; Trident/7.0; rv:11.0) like Gecko"
195.50.190.114 - - [13/Jul/2015:09:41:50 +0200] "GET /favicon.ico HTTP/1.1" 404 1256 "-" "Mozilla/5.0 (Windows NT 6.1; WOW64; Trident/7.0; rv:11.0) like Gecko"
195.50.190.114 - - [13/Jul/2015:09:42:01 +0200] "GET /ico/favicon.ico HTTP/1.1" 404 1256 "-" "Mozilla/5.0 (Windows NT 6.1; WOW64; Trident/7.0; rv:11.0) like Gecko"
195.50.190.114 - - [13/Jul/2015:09:42:01 +0200] "GET /favicon.ico HTTP/1.1" 404 1256 "-" "Mozilla/5.0 (Windows NT 6.1; WOW64; Trident/7.0; rv:11.0) like Gecko"
150.70.173.46 - - [13/Jul/2015:09:43:05 +0200] "GET / HTTP/1.1" 200 3792 "-" "Mozilla/4.0 (compatible; MSIE 8.0; Windows NT 5.1; Trident/4.0)"
150.70.173.10 - - [13/Jul/2015:09:43:28 +0200] "GET /ico/favicon.ico HTTP/1.1" 404 1256 "-" "Mozilla/4.0 (compatible; MSIE 8.0; Windows NT 5.1; Trident/4.0)"
66.249.65.115 - - [13/Jul/2015:14:30:41 +0200] "GET / HTTP/1.1" 200 3792 "-" "Mozilla/5.0 (compatible; Googlebot/2.1; +http://www.google.com/bot.html)"
107.150.50.146 - - [13/Jul/2015:19:16:22 +0200] "GET / HTTP/1.1" 200 3792 "http://www.beos-polymer.de/" "Mozilla/5.0 (Windows NT 6.1; WOW64; rv:38.0) Gecko/20100101 Firefox/38.0"
66.249.65.121 - - [14/Jul/2015:01:35:22 +0200] "GET /robots.txt HTTP/1.1" 404 1256 "-" "Mozilla/5.0 (compatible; Googlebot/2.1; +http://www.google.com/bot.html)"
66.249.65.121 - - [14/Jul/2015:01:35:22 +0200] "GET / HTTP/1.1" 200 3792 "-" "Mozilla/5.0 (compatible; Googlebot/2.1; +http://www.google.com/bot.html)"
66.249.65.118 - - [14/Jul/2015:07:04:43 +0200] "GET / HTTP/1.1" 200 3792 "-" "Mozilla/5.0 (compatible; Googlebot/2.1; +http://www.google.com/bot.html)"
66.249.65.115 - - [14/Jul/2015:17:23:54 +0200] "GET /robots.txt HTTP/1.1" 404 1256 "-" "Mozilla/5.0 (compatible; Googlebot/2.1; +http://www.google.com/bot.html)"
66.249.65.118 - - [14/Jul/2015:17:23:55 +0200] "GET / HTTP/1.1" 200 3792 "-" "Mozilla/5.0 (compatible; Googlebot/2.1; +http://www.google.com/bot.html)"
157.55.39.183 - - [14/Jul/2015:18:30:22 +0200] "GET /robots.txt HTTP/1.1" 404 1256 "-" "Mozilla/5.0 (compatible; bingbot/2.0; +http://www.bing.com/bingbot.htm)"
157.55.39.183 - - [14/Jul/2015:18:30:28 +0200] "GET /zertifikat.pdf HTTP/1.1" 200 1216131 "-" "Mozilla/5.0 (iPhone; CPU iPhone OS 7_0 like Mac OS X) AppleWebKit/537.51.1 (KHTML, like Gecko) Version/7.0 Mobile/11A465 Safari/9537.53 (compatible; bingbot/2.0; http://www.bing.com/bingbot.htm)"
157.55.39.183 - - [14/Jul/2015:18:30:40 +0200] "GET /robots.txt HTTP/1.1" 404 1256 "-" "Mozilla/5.0 (compatible; bingbot/2.0; +http://www.bing.com/bingbot.htm)"
66.249.65.118 - - [14/Jul/2015:18:39:11 +0200] "GET /css/bootstrap-responsive.min.css HTTP/1.1" 200 16520 "-" "Mozilla/5.0 (compatible; Googlebot/2.1; +http://www.google.com/bot.html)"
66.249.65.121 - - [14/Jul/2015:18:39:12 +0200] "GET /css/bootstrap.min.css HTTP/1.1" 200 101265 "-" "Mozilla/5.0 (compatible; Googlebot/2.1; +http://www.google.com/bot.html)"
66.249.65.118 - - [14/Jul/2015:20:14:01 +0200] "GET / HTTP/1.1" 200 3792 "-" "Mozilla/5.0 (compatible; Googlebot/2.1; +http://www.google.com/bot.html)"
212.211.170.49 - - [15/Jul/2015:08:38:31 +0200] "GET /ico/favicon.ico HTTP/1.1" 404 1256 "http://www.beos-polymer.de/" "Mozilla/5.0 (Windows NT 6.1; WOW64) AppleWebKit/537.36 (KHTML, like Gecko) Chrome/43.0.2357.132 Safari/537.36"
