157.55.39.196 - - [01/Aug/2014:07:10:04 +0200] "GET /robots.txt HTTP/1.1" 404 1256 "-" "Mozilla/5.0 (compatible; bingbot/2.0; +http://www.bing.com/bingbot.htm)"
157.55.39.196 - - [01/Aug/2014:07:10:08 +0200] "GET / HTTP/1.1" 200 1255 "-" "Mozilla/5.0 (compatible; bingbot/2.0; +http://www.bing.com/bingbot.htm)"
157.55.39.196 - - [01/Aug/2014:18:31:54 +0200] "GET / HTTP/1.1" 200 1255 "-" "Mozilla/5.0 (compatible; bingbot/2.0; +http://www.bing.com/bingbot.htm)"
157.55.39.196 - - [02/Aug/2014:06:17:45 +0200] "GET / HTTP/1.1" 200 1255 "-" "Mozilla/5.0 (compatible; bingbot/2.0; +http://www.bing.com/bingbot.htm)"
157.55.39.196 - - [02/Aug/2014:20:12:43 +0200] "GET / HTTP/1.1" 200 1255 "-" "Mozilla/5.0 (compatible; bingbot/2.0; +http://www.bing.com/bingbot.htm)"
141.8.147.12 - - [02/Aug/2014:21:36:15 +0200] "GET /robots.txt HTTP/1.1" 404 1256 "-" "Mozilla/5.0 (compatible; YandexBot/3.0; +http://yandex.com/bots)"
141.8.147.12 - - [03/Aug/2014:00:11:36 +0200] "GET / HTTP/1.1" 200 1255 "-" "Mozilla/5.0 (compatible; YandexBot/3.0; +http://yandex.com/bots)"
46.29.20.219 - - [03/Aug/2014:06:53:04 +0200] "HEAD / HTTP/1.1" 200 - "-" "Mozilla/4.0 (compatible; MSIE 5.01; Windows NT 5.0)"
157.55.39.196 - - [03/Aug/2014:07:56:13 +0200] "GET / HTTP/1.1" 200 1255 "-" "Mozilla/5.0 (compatible; bingbot/2.0; +http://www.bing.com/bingbot.htm)"
192.114.71.13 - - [03/Aug/2014:15:05:01 +0200] "GET / HTTP/1.1" 200 1255 "-" "Mozilla/5.0 (Windows NT 6.1; WOW64; rv:26.0) Gecko/20100101 Firefox/26.0"
157.55.39.196 - - [03/Aug/2014:19:41:22 +0200] "GET /robots.txt HTTP/1.1" 404 1256 "-" "Mozilla/5.0 (compatible; bingbot/2.0; +http://www.bing.com/bingbot.htm)"
157.55.39.196 - - [03/Aug/2014:19:41:35 +0200] "GET / HTTP/1.1" 200 1255 "-" "Mozilla/5.0 (compatible; bingbot/2.0; +http://www.bing.com/bingbot.htm)"
141.8.147.12 - - [04/Aug/2014:03:22:48 +0200] "GET /robots.txt HTTP/1.1" 404 1256 "-" "Mozilla/5.0 (compatible; YandexBot/3.0; +http://yandex.com/bots)"
141.8.147.12 - - [04/Aug/2014:10:27:17 +0200] "GET / HTTP/1.1" 200 1255 "-" "Mozilla/5.0 (compatible; YandexBot/3.0; +http://yandex.com/bots)"
157.55.39.196 - - [04/Aug/2014:10:56:47 +0200] "GET / HTTP/1.1" 200 1255 "-" "Mozilla/5.0 (compatible; bingbot/2.0; +http://www.bing.com/bingbot.htm)"
157.55.39.196 - - [04/Aug/2014:22:28:49 +0200] "GET / HTTP/1.1" 200 1255 "-" "Mozilla/5.0 (compatible; bingbot/2.0; +http://www.bing.com/bingbot.htm)"
157.55.39.196 - - [05/Aug/2014:10:22:30 +0200] "GET / HTTP/1.1" 200 1255 "-" "Mozilla/5.0 (compatible; bingbot/2.0; +http://www.bing.com/bingbot.htm)"
217.69.133.203 - - [05/Aug/2014:16:13:51 +0200] "GET /robots.txt HTTP/1.1" 404 1256 "-" "Mozilla/5.0 (compatible; Linux x86_64; Mail.RU_Bot/2.0; +http://go.mail.ru/help/robots)"
217.69.133.5 - - [05/Aug/2014:16:13:53 +0200] "GET / HTTP/1.1" 304 - "-" "Mozilla/5.0 (compatible; Linux x86_64; Mail.RU_Bot/2.0; +http://go.mail.ru/help/robots)"
157.55.39.196 - - [05/Aug/2014:21:44:16 +0200] "GET / HTTP/1.1" 200 1255 "-" "Mozilla/5.0 (compatible; bingbot/2.0; +http://www.bing.com/bingbot.htm)"
64.246.178.34 - - [06/Aug/2014:05:54:33 +0200] "GET /robots.txt HTTP/1.0" 404 1256 "-" "Mozilla/5.0 (Windows; U; Windows NT 5.1; en; rv:1.9.0.13) Gecko/2009073022 Firefox/3.5.2 (.NET CLR 3.5.30729) SurveyBot/2.3 (DomainTools)"
64.246.178.34 - - [06/Aug/2014:05:54:33 +0200] "GET / HTTP/1.1" 200 1255 "http://whois.domaintools.com/ich-habe-ein-problem.de" "Mozilla/5.0 (Windows; U; Windows NT 5.1; en; rv:1.9.0.13) Gecko/2009073022 Firefox/3.5.2 (.NET CLR 3.5.30729) SurveyBot/2.3 (DomainTools)"
157.55.39.196 - - [06/Aug/2014:09:40:19 +0200] "GET /robots.txt HTTP/1.1" 404 1256 "-" "Mozilla/5.0 (compatible; bingbot/2.0; +http://www.bing.com/bingbot.htm)"
157.55.39.196 - - [06/Aug/2014:09:40:26 +0200] "GET / HTTP/1.1" 200 1255 "-" "Mozilla/5.0 (compatible; bingbot/2.0; +http://www.bing.com/bingbot.htm)"
207.46.13.9 - - [06/Aug/2014:13:40:38 +0200] "GET /log/access.log HTTP/1.1" 404 1256 "-" "Mozilla/5.0 (compatible; bingbot/2.0; +http://www.bing.com/bingbot.htm)"
207.46.13.4 - - [06/Aug/2014:18:13:26 +0200] "GET /?D=A HTTP/1.1" 304 - "-" "Mozilla/5.0 (compatible; bingbot/2.0; +http://www.bing.com/bingbot.htm)"
157.55.39.196 - - [06/Aug/2014:21:34:11 +0200] "GET / HTTP/1.1" 200 1255 "-" "Mozilla/5.0 (compatible; bingbot/2.0; +http://www.bing.com/bingbot.htm)"
157.55.39.196 - - [07/Aug/2014:09:42:52 +0200] "GET / HTTP/1.1" 200 1255 "-" "Mozilla/5.0 (compatible; bingbot/2.0; +http://www.bing.com/bingbot.htm)"
157.55.39.211 - - [07/Aug/2014:19:21:33 +0200] "GET /?S=A HTTP/1.1" 304 - "-" "Mozilla/5.0 (compatible; bingbot/2.0; +http://www.bing.com/bingbot.htm)"
157.55.39.196 - - [07/Aug/2014:21:17:06 +0200] "GET / HTTP/1.1" 200 1255 "-" "Mozilla/5.0 (compatible; bingbot/2.0; +http://www.bing.com/bingbot.htm)"
66.249.66.124 - - [07/Aug/2014:21:42:05 +0200] "GET /robots.txt HTTP/1.1" 404 1256 "-" "Mozilla/5.0 (compatible; Googlebot/2.1; +http://www.google.com/bot.html)"
66.249.66.124 - - [07/Aug/2014:21:42:05 +0200] "GET / HTTP/1.1" 200 1255 "-" "Mozilla/5.0 (compatible; Googlebot/2.1; +http://www.google.com/bot.html)"
157.55.39.196 - - [07/Aug/2014:23:53:08 +0200] "GET / HTTP/1.1" 304 - "-" "Mozilla/5.0 (compatible; bingbot/2.0; +http://www.bing.com/bingbot.htm)"
157.55.39.196 - - [08/Aug/2014:09:00:14 +0200] "GET / HTTP/1.1" 200 1255 "-" "Mozilla/5.0 (compatible; bingbot/2.0; +http://www.bing.com/bingbot.htm)"
157.55.39.196 - - [08/Aug/2014:11:40:03 +0200] "GET / HTTP/1.1" 200 1255 "-" "Mozilla/5.0 (compatible; bingbot/2.0; +http://www.bing.com/bingbot.htm)"
157.55.39.196 - - [08/Aug/2014:11:40:35 +0200] "GET / HTTP/1.1" 200 1255 "-" "Mozilla/5.0 (compatible; bingbot/2.0; +http://www.bing.com/bingbot.htm)"
157.55.39.196 - - [08/Aug/2014:23:22:15 +0200] "GET /robots.txt HTTP/1.1" 404 1256 "-" "Mozilla/5.0 (compatible; bingbot/2.0; +http://www.bing.com/bingbot.htm)"
157.55.39.196 - - [08/Aug/2014:23:22:19 +0200] "GET / HTTP/1.1" 200 1255 "-" "Mozilla/5.0 (compatible; bingbot/2.0; +http://www.bing.com/bingbot.htm)"
157.55.39.196 - - [09/Aug/2014:03:20:55 +0200] "GET /log/?D=A HTTP/1.1" 404 1256 "-" "Mozilla/5.0 (compatible; bingbot/2.0; +http://www.bing.com/bingbot.htm)"
157.55.39.196 - - [09/Aug/2014:11:19:19 +0200] "GET / HTTP/1.1" 200 1255 "-" "Mozilla/5.0 (compatible; bingbot/2.0; +http://www.bing.com/bingbot.htm)"
157.55.39.196 - - [09/Aug/2014:22:50:04 +0200] "GET / HTTP/1.1" 200 1255 "-" "Mozilla/5.0 (compatible; bingbot/2.0; +http://www.bing.com/bingbot.htm)"
157.55.39.196 - - [10/Aug/2014:11:33:24 +0200] "GET / HTTP/1.1" 200 1255 "-" "Mozilla/5.0 (compatible; bingbot/2.0; +http://www.bing.com/bingbot.htm)"
157.55.39.196 - - [10/Aug/2014:23:51:08 +0200] "GET / HTTP/1.1" 200 1255 "-" "Mozilla/5.0 (compatible; bingbot/2.0; +http://www.bing.com/bingbot.htm)"
157.55.39.196 - - [11/Aug/2014:12:22:57 +0200] "GET /robots.txt HTTP/1.1" 404 1256 "-" "Mozilla/5.0 (compatible; bingbot/2.0; +http://www.bing.com/bingbot.htm)"
157.55.39.196 - - [11/Aug/2014:12:23:01 +0200] "GET / HTTP/1.1" 200 1255 "-" "Mozilla/5.0 (compatible; bingbot/2.0; +http://www.bing.com/bingbot.htm)"
157.55.39.196 - - [11/Aug/2014:12:23:01 +0200] "GET / HTTP/1.1" 200 1255 "-" "Mozilla/5.0 (compatible; bingbot/2.0; +http://www.bing.com/bingbot.htm)"
157.55.39.196 - - [12/Aug/2014:00:16:39 +0200] "GET /robots.txt HTTP/1.1" 404 1256 "-" "Mozilla/5.0 (compatible; bingbot/2.0; +http://www.bing.com/bingbot.htm)"
157.55.39.196 - - [12/Aug/2014:00:16:50 +0200] "GET / HTTP/1.1" 200 1255 "-" "Mozilla/5.0 (compatible; bingbot/2.0; +http://www.bing.com/bingbot.htm)"
157.55.39.196 - - [12/Aug/2014:00:17:00 +0200] "GET / HTTP/1.1" 200 1255 "-" "Mozilla/5.0 (compatible; bingbot/2.0; +http://www.bing.com/bingbot.htm)"
157.55.39.196 - - [12/Aug/2014:11:51:28 +0200] "GET /robots.txt HTTP/1.1" 404 1256 "-" "Mozilla/5.0 (compatible; bingbot/2.0; +http://www.bing.com/bingbot.htm)"
157.55.39.196 - - [12/Aug/2014:11:51:39 +0200] "GET / HTTP/1.1" 200 1255 "-" "Mozilla/5.0 (compatible; bingbot/2.0; +http://www.bing.com/bingbot.htm)"
207.46.13.84 - - [12/Aug/2014:23:22:29 +0200] "GET /robots.txt HTTP/1.1" 404 1256 "-" "Mozilla/5.0 (compatible; bingbot/2.0; +http://www.bing.com/bingbot.htm)"
207.46.13.84 - - [12/Aug/2014:23:22:33 +0200] "GET / HTTP/1.1" 200 1255 "-" "Mozilla/5.0 (compatible; bingbot/2.0; +http://www.bing.com/bingbot.htm)"
46.29.20.219 - - [13/Aug/2014:11:06:49 +0200] "HEAD / HTTP/1.1" 200 - "-" "Mozilla/4.0 (compatible; MSIE 5.01; Windows NT 5.0)"
207.46.13.84 - - [13/Aug/2014:11:19:49 +0200] "GET /robots.txt HTTP/1.1" 404 1256 "-" "Mozilla/5.0 (compatible; bingbot/2.0; +http://www.bing.com/bingbot.htm)"
207.46.13.84 - - [13/Aug/2014:11:19:54 +0200] "GET / HTTP/1.1" 200 1255 "-" "Mozilla/5.0 (compatible; bingbot/2.0; +http://www.bing.com/bingbot.htm)"
207.46.13.84 - - [13/Aug/2014:23:05:05 +0200] "GET / HTTP/1.1" 200 1255 "-" "Mozilla/5.0 (compatible; bingbot/2.0; +http://www.bing.com/bingbot.htm)"
207.46.13.84 - - [14/Aug/2014:10:30:30 +0200] "GET / HTTP/1.1" 200 1255 "-" "Mozilla/5.0 (compatible; bingbot/2.0; +http://www.bing.com/bingbot.htm)"
104.131.210.116 - - [14/Aug/2014:15:10:44 +0200] "GET / HTTP/1.0" 200 1255 "-" "Mozilla/5.0 (compatible; NetcraftSurveyAgent/1.0; +info@netcraft.com)"
141.8.147.12 - - [15/Aug/2014:00:49:55 +0200] "GET /robots.txt HTTP/1.1" 404 1256 "-" "Mozilla/5.0 (compatible; YandexBot/3.0; +http://yandex.com/bots)"
141.8.147.12 - - [15/Aug/2014:02:39:32 +0200] "GET / HTTP/1.1" 200 1255 "-" "Mozilla/5.0 (compatible; YandexBot/3.0; +http://yandex.com/bots)"
207.46.13.84 - - [15/Aug/2014:12:16:40 +0200] "GET / HTTP/1.1" 200 1255 "-" "Mozilla/5.0 (compatible; bingbot/2.0; +http://www.bing.com/bingbot.htm)"
207.46.13.84 - - [15/Aug/2014:23:51:26 +0200] "GET /robots.txt HTTP/1.1" 404 1256 "-" "Mozilla/5.0 (compatible; bingbot/2.0; +http://www.bing.com/bingbot.htm)"
207.46.13.84 - - [15/Aug/2014:23:51:33 +0200] "GET / HTTP/1.1" 200 1255 "-" "Mozilla/5.0 (compatible; bingbot/2.0; +http://www.bing.com/bingbot.htm)"
207.46.13.84 - - [16/Aug/2014:11:34:13 +0200] "GET / HTTP/1.1" 200 1255 "-" "Mozilla/5.0 (compatible; bingbot/2.0; +http://www.bing.com/bingbot.htm)"
207.46.13.84 - - [16/Aug/2014:20:31:55 +0200] "GET / HTTP/1.1" 200 1255 "-" "Mozilla/5.0 (compatible; bingbot/2.0; +http://www.bing.com/bingbot.htm)"
66.249.79.16 - - [17/Aug/2014:02:19:37 +0200] "GET /robots.txt HTTP/1.1" 404 1256 "-" "Mozilla/5.0 (compatible; Googlebot/2.1; +http://www.google.com/bot.html)"
66.249.79.1 - - [17/Aug/2014:02:19:37 +0200] "GET /favicon.ico HTTP/1.1" 404 1256 "-" "Googlebot-Image/1.0"
66.249.79.29 - - [17/Aug/2014:13:39:16 +0200] "GET /robots.txt HTTP/1.1" 404 1256 "-" "Mozilla/5.0 (compatible; Googlebot/2.1; +http://www.google.com/bot.html)"
66.249.79.16 - - [17/Aug/2014:13:39:16 +0200] "GET /?M=A/ HTTP/1.1" 200 1255 "-" "Mozilla/5.0 (compatible; Googlebot/2.1; +http://www.google.com/bot.html)"
66.249.78.179 - - [17/Aug/2014:14:23:53 +0200] "GET /robots.txt HTTP/1.1" 404 1256 "-" "Mozilla/5.0 (compatible; Googlebot/2.1; +http://www.google.com/bot.html)"
66.249.78.186 - - [17/Aug/2014:14:23:53 +0200] "GET / HTTP/1.1" 200 1255 "-" "Mozilla/5.0 (compatible; Googlebot/2.1; +http://www.google.com/bot.html)"
66.249.78.186 - - [17/Aug/2014:15:32:28 +0200] "GET /?N=D/ HTTP/1.1" 200 1255 "-" "Mozilla/5.0 (compatible; Googlebot/2.1; +http://www.google.com/bot.html)"
66.249.78.193 - - [17/Aug/2014:16:32:28 +0200] "GET /?S=A/ HTTP/1.1" 200 1255 "-" "Mozilla/5.0 (compatible; Googlebot/2.1; +http://www.google.com/bot.html)"
65.55.215.47 - - [17/Aug/2014:19:12:14 +0200] "GET /robots.txt HTTP/1.1" 404 1256 "-" "msnbot-media/1.1 (+http://search.msn.com/msnbot.htm)"
65.55.215.47 - - [17/Aug/2014:19:12:15 +0200] "GET /icons/back.gif HTTP/1.1" 200 216 "-" "msnbot-media/1.1 (+http://search.msn.com/msnbot.htm)"
66.249.78.193 - - [17/Aug/2014:19:28:13 +0200] "GET / HTTP/1.1" 200 1255 "-" "Mozilla/5.0 (compatible; Googlebot/2.1; +http://www.google.com/bot.html)"
207.46.13.84 - - [17/Aug/2014:20:07:27 +0200] "GET / HTTP/1.1" 200 1255 "-" "Mozilla/5.0 (compatible; bingbot/2.0; +http://www.bing.com/bingbot.htm)"
66.249.78.179 - - [17/Aug/2014:20:32:31 +0200] "GET /?M=A/ HTTP/1.1" 304 - "-" "Mozilla/5.0 (compatible; Googlebot/2.1; +http://www.google.com/bot.html)"
66.249.78.186 - - [18/Aug/2014:00:38:40 +0200] "GET / HTTP/1.1" 200 1255 "-" "Mozilla/5.0 (compatible; Googlebot/2.1; +http://www.google.com/bot.html)"
66.249.78.179 - - [18/Aug/2014:00:43:49 +0200] "GET /?N=D/ HTTP/1.1" 304 - "-" "Mozilla/5.0 (compatible; Googlebot/2.1; +http://www.google.com/bot.html)"
66.249.78.179 - - [18/Aug/2014:01:50:05 +0200] "GET /?S=A/ HTTP/1.1" 304 - "-" "Mozilla/5.0 (compatible; Googlebot/2.1; +http://www.google.com/bot.html)"
64.246.165.50 - - [18/Aug/2014:04:43:15 +0200] "GET /robots.txt HTTP/1.0" 404 1256 "-" "Mozilla/5.0 (Windows; U; Windows NT 5.1; en; rv:1.9.0.13) Gecko/2009073022 Firefox/3.5.2 (.NET CLR 3.5.30729) SurveyBot/2.3 (DomainTools)"
64.246.165.50 - - [18/Aug/2014:04:43:16 +0200] "GET / HTTP/1.1" 200 1255 "http://whois.domaintools.com/ich-habe-ein-problem.de" "Mozilla/5.0 (Windows; U; Windows NT 5.1; en; rv:1.9.0.13) Gecko/2009073022 Firefox/3.5.2 (.NET CLR 3.5.30729) SurveyBot/2.3 (DomainTools)"
207.46.13.84 - - [18/Aug/2014:07:41:41 +0200] "GET / HTTP/1.1" 200 1255 "-" "Mozilla/5.0 (compatible; bingbot/2.0; +http://www.bing.com/bingbot.htm)"
207.46.13.84 - - [18/Aug/2014:19:21:55 +0200] "GET /robots.txt HTTP/1.1" 404 1256 "-" "Mozilla/5.0 (compatible; bingbot/2.0; +http://www.bing.com/bingbot.htm)"
207.46.13.84 - - [18/Aug/2014:19:22:17 +0200] "GET / HTTP/1.1" 200 1255 "-" "Mozilla/5.0 (compatible; bingbot/2.0; +http://www.bing.com/bingbot.htm)"
207.46.13.84 - - [19/Aug/2014:07:38:28 +0200] "GET / HTTP/1.1" 200 1255 "-" "Mozilla/5.0 (compatible; bingbot/2.0; +http://www.bing.com/bingbot.htm)"
207.46.13.84 - - [19/Aug/2014:18:45:02 +0200] "GET / HTTP/1.1" 200 1255 "-" "Mozilla/5.0 (compatible; bingbot/2.0; +http://www.bing.com/bingbot.htm)"
207.46.13.84 - - [20/Aug/2014:06:28:50 +0200] "GET / HTTP/1.1" 200 1255 "-" "Mozilla/5.0 (compatible; bingbot/2.0; +http://www.bing.com/bingbot.htm)"
192.99.9.164 - - [20/Aug/2014:17:37:54 +0200] "GET / HTTP/1.1" 200 1255 "-" "Mozilla/5.0 (Macintosh; Intel Mac OS X 10_8_4) AppleWebKit/537.36 (KHTML, like Gecko) Chrome/27.0.1453.110 Safari/537.36"
207.46.13.84 - - [20/Aug/2014:18:18:58 +0200] "GET / HTTP/1.1" 200 1255 "-" "Mozilla/5.0 (compatible; bingbot/2.0; +http://www.bing.com/bingbot.htm)"
207.46.13.84 - - [21/Aug/2014:06:06:09 +0200] "GET /robots.txt HTTP/1.1" 404 1256 "-" "Mozilla/5.0 (compatible; bingbot/2.0; +http://www.bing.com/bingbot.htm)"
207.46.13.84 - - [21/Aug/2014:06:06:12 +0200] "GET / HTTP/1.1" 200 1255 "-" "Mozilla/5.0 (compatible; bingbot/2.0; +http://www.bing.com/bingbot.htm)"
207.46.13.84 - - [21/Aug/2014:18:19:30 +0200] "GET / HTTP/1.1" 200 1255 "-" "Mozilla/5.0 (compatible; bingbot/2.0; +http://www.bing.com/bingbot.htm)"
207.46.13.84 - - [22/Aug/2014:03:40:37 +0200] "GET / HTTP/1.1" 200 1255 "-" "Mozilla/5.0 (compatible; bingbot/2.0; +http://www.bing.com/bingbot.htm)"
207.46.13.84 - - [22/Aug/2014:15:25:15 +0200] "GET / HTTP/1.1" 200 1255 "-" "Mozilla/5.0 (compatible; bingbot/2.0; +http://www.bing.com/bingbot.htm)"
207.46.13.84 - - [23/Aug/2014:05:07:31 +0200] "GET / HTTP/1.1" 200 1255 "-" "Mozilla/5.0 (compatible; bingbot/2.0; +http://www.bing.com/bingbot.htm)"
46.29.20.219 - - [23/Aug/2014:13:35:04 +0200] "HEAD / HTTP/1.1" 200 - "-" "Mozilla/4.0 (compatible; MSIE 5.01; Windows NT 5.0)"
207.46.13.84 - - [23/Aug/2014:16:42:48 +0200] "GET /robots.txt HTTP/1.1" 404 1256 "-" "Mozilla/5.0 (compatible; bingbot/2.0; +http://www.bing.com/bingbot.htm)"
207.46.13.84 - - [23/Aug/2014:16:42:59 +0200] "GET / HTTP/1.1" 200 1255 "-" "Mozilla/5.0 (compatible; bingbot/2.0; +http://www.bing.com/bingbot.htm)"
207.46.13.84 - - [24/Aug/2014:03:21:47 +0200] "GET / HTTP/1.1" 200 1255 "-" "Mozilla/5.0 (compatible; bingbot/2.0; +http://www.bing.com/bingbot.htm)"
207.46.13.84 - - [24/Aug/2014:12:17:29 +0200] "GET / HTTP/1.1" 304 - "-" "Mozilla/5.0 (compatible; bingbot/2.0; +http://www.bing.com/bingbot.htm)"
207.46.13.84 - - [24/Aug/2014:15:38:57 +0200] "GET / HTTP/1.1" 200 1255 "-" "Mozilla/5.0 (compatible; bingbot/2.0; +http://www.bing.com/bingbot.htm)"
207.46.13.4 - - [24/Aug/2014:17:01:14 +0200] "GET /?M=A HTTP/1.1" 200 1255 "-" "Mozilla/5.0 (compatible; bingbot/2.0; +http://www.bing.com/bingbot.htm)"
207.46.13.4 - - [25/Aug/2014:01:08:18 +0200] "GET /robots.txt HTTP/1.1" 404 1256 "-" "Mozilla/5.0 (compatible; bingbot/2.0; +http://www.bing.com/bingbot.htm)"
207.46.13.4 - - [25/Aug/2014:01:08:38 +0200] "GET /?N=D HTTP/1.1" 200 1255 "-" "Mozilla/5.0 (compatible; bingbot/2.0; +http://www.bing.com/bingbot.htm)"
207.46.13.84 - - [25/Aug/2014:03:02:33 +0200] "GET / HTTP/1.1" 200 1255 "-" "Mozilla/5.0 (compatible; bingbot/2.0; +http://www.bing.com/bingbot.htm)"
207.46.13.84 - - [25/Aug/2014:15:34:58 +0200] "GET / HTTP/1.1" 200 1255 "-" "Mozilla/5.0 (compatible; bingbot/2.0; +http://www.bing.com/bingbot.htm)"
207.46.13.84 - - [25/Aug/2014:21:01:17 +0200] "GET /log/?D=A HTTP/1.1" 404 1256 "-" "Mozilla/5.0 (compatible; bingbot/2.0; +http://www.bing.com/bingbot.htm)"
207.46.13.84 - - [26/Aug/2014:03:24:03 +0200] "GET /robots.txt HTTP/1.1" 404 1256 "-" "Mozilla/5.0 (compatible; bingbot/2.0; +http://www.bing.com/bingbot.htm)"
207.46.13.84 - - [26/Aug/2014:03:24:15 +0200] "GET / HTTP/1.1" 200 1255 "-" "Mozilla/5.0 (compatible; bingbot/2.0; +http://www.bing.com/bingbot.htm)"
207.46.13.84 - - [26/Aug/2014:07:01:08 +0200] "GET /log/?M=A HTTP/1.1" 404 1256 "-" "Mozilla/5.0 (compatible; bingbot/2.0; +http://www.bing.com/bingbot.htm)"
207.46.13.84 - - [26/Aug/2014:12:32:30 +0200] "GET / HTTP/1.1" 200 1255 "-" "Mozilla/5.0 (compatible; bingbot/2.0; +http://www.bing.com/bingbot.htm)"
207.46.13.84 - - [27/Aug/2014:00:58:06 +0200] "GET / HTTP/1.1" 200 1255 "-" "Mozilla/5.0 (compatible; bingbot/2.0; +http://www.bing.com/bingbot.htm)"
207.46.13.84 - - [27/Aug/2014:06:15:36 +0200] "GET / HTTP/1.1" 200 1255 "-" "Mozilla/5.0 (compatible; bingbot/2.0; +http://www.bing.com/bingbot.htm)"
207.46.13.84 - - [27/Aug/2014:17:41:07 +0200] "GET / HTTP/1.1" 200 1255 "-" "Mozilla/5.0 (compatible; bingbot/2.0; +http://www.bing.com/bingbot.htm)"
65.55.215.36 - - [27/Aug/2014:23:54:11 +0200] "GET /robots.txt HTTP/1.1" 404 1256 "-" "msnbot-media/1.1 (+http://search.msn.com/msnbot.htm)"
65.55.215.36 - - [27/Aug/2014:23:54:12 +0200] "GET /icons/blank.gif HTTP/1.1" 200 148 "-" "msnbot-media/1.1 (+http://search.msn.com/msnbot.htm)"
207.46.13.84 - - [28/Aug/2014:06:21:01 +0200] "GET / HTTP/1.1" 200 1255 "-" "Mozilla/5.0 (compatible; bingbot/2.0; +http://www.bing.com/bingbot.htm)"
157.55.39.182 - - [28/Aug/2014:12:48:23 +0200] "GET /robots.txt HTTP/1.1" 404 1256 "-" "Mozilla/5.0 (compatible; bingbot/2.0; +http://www.bing.com/bingbot.htm)"
157.55.39.182 - - [28/Aug/2014:12:48:35 +0200] "GET /log/?S=A HTTP/1.1" 404 1256 "-" "Mozilla/5.0 (compatible; bingbot/2.0; +http://www.bing.com/bingbot.htm)"
207.46.13.84 - - [28/Aug/2014:17:57:36 +0200] "GET /robots.txt HTTP/1.1" 404 1256 "-" "Mozilla/5.0 (compatible; bingbot/2.0; +http://www.bing.com/bingbot.htm)"
207.46.13.84 - - [28/Aug/2014:17:57:39 +0200] "GET / HTTP/1.1" 200 1255 "-" "Mozilla/5.0 (compatible; bingbot/2.0; +http://www.bing.com/bingbot.htm)"
66.249.73.2 - - [28/Aug/2014:21:54:53 +0200] "GET /robots.txt HTTP/1.1" 404 1256 "-" "Mozilla/5.0 (compatible; Googlebot/2.1; +http://www.google.com/bot.html)"
66.249.73.2 - - [28/Aug/2014:21:54:53 +0200] "GET / HTTP/1.1" 200 1255 "-" "Mozilla/5.0 (compatible; Googlebot/2.1; +http://www.google.com/bot.html)"
66.249.73.2 - - [29/Aug/2014:03:56:29 +0200] "GET / HTTP/1.1" 200 1255 "-" "Mozilla/5.0 (compatible; Googlebot/2.1; +http://www.google.com/bot.html)"
207.46.13.84 - - [29/Aug/2014:06:17:41 +0200] "GET /robots.txt HTTP/1.1" 404 1256 "-" "Mozilla/5.0 (compatible; bingbot/2.0; +http://www.bing.com/bingbot.htm)"
207.46.13.84 - - [29/Aug/2014:06:17:48 +0200] "GET / HTTP/1.1" 200 1255 "-" "Mozilla/5.0 (compatible; bingbot/2.0; +http://www.bing.com/bingbot.htm)"
207.46.13.84 - - [29/Aug/2014:18:11:49 +0200] "GET /robots.txt HTTP/1.1" 404 1256 "-" "Mozilla/5.0 (compatible; bingbot/2.0; +http://www.bing.com/bingbot.htm)"
207.46.13.84 - - [29/Aug/2014:18:11:54 +0200] "GET / HTTP/1.1" 200 1255 "-" "Mozilla/5.0 (compatible; bingbot/2.0; +http://www.bing.com/bingbot.htm)"
66.249.79.1 - - [29/Aug/2014:20:13:27 +0200] "GET /robots.txt HTTP/1.1" 404 1256 "-" "Mozilla/5.0 (compatible; Googlebot/2.1; +http://www.google.com/bot.html)"
66.249.79.1 - - [29/Aug/2014:20:13:28 +0200] "GET / HTTP/1.1" 304 - "-" "Mozilla/5.0 (compatible; Googlebot/2.1; +http://www.google.com/bot.html)"
64.246.161.30 - - [30/Aug/2014:05:27:24 +0200] "GET /robots.txt HTTP/1.0" 404 1256 "-" "Mozilla/5.0 (Windows; U; Windows NT 5.1; en; rv:1.9.0.13) Gecko/2009073022 Firefox/3.5.2 (.NET CLR 3.5.30729) SurveyBot/2.3 (DomainTools)"
64.246.161.30 - - [30/Aug/2014:05:27:25 +0200] "GET / HTTP/1.1" 200 1255 "http://whois.domaintools.com/ich-habe-ein-problem.de" "Mozilla/5.0 (Windows; U; Windows NT 5.1; en; rv:1.9.0.13) Gecko/2009073022 Firefox/3.5.2 (.NET CLR 3.5.30729) SurveyBot/2.3 (DomainTools)"
207.46.13.84 - - [30/Aug/2014:05:41:35 +0200] "GET /robots.txt HTTP/1.1" 404 1256 "-" "Mozilla/5.0 (compatible; bingbot/2.0; +http://www.bing.com/bingbot.htm)"
207.46.13.84 - - [30/Aug/2014:05:41:50 +0200] "GET / HTTP/1.1" 200 1255 "-" "Mozilla/5.0 (compatible; bingbot/2.0; +http://www.bing.com/bingbot.htm)"
131.253.24.7 - - [30/Aug/2014:15:38:46 +0200] "GET /robots.txt HTTP/1.1" 404 1256 "-" "msnbot-media/1.1 (+http://search.msn.com/msnbot.htm)"
131.253.24.7 - - [30/Aug/2014:15:38:47 +0200] "GET /icons/text.gif HTTP/1.1" 200 229 "-" "msnbot-media/1.1 (+http://search.msn.com/msnbot.htm)"
207.46.13.84 - - [30/Aug/2014:17:25:24 +0200] "GET /robots.txt HTTP/1.1" 404 1256 "-" "Mozilla/5.0 (compatible; bingbot/2.0; +http://www.bing.com/bingbot.htm)"
207.46.13.84 - - [30/Aug/2014:17:25:30 +0200] "GET / HTTP/1.1" 200 1255 "-" "Mozilla/5.0 (compatible; bingbot/2.0; +http://www.bing.com/bingbot.htm)"
207.46.13.84 - - [31/Aug/2014:00:06:03 +0200] "GET /robots.txt HTTP/1.1" 404 1256 "-" "Mozilla/5.0 (compatible; bingbot/2.0; +http://www.bing.com/bingbot.htm)"
207.46.13.84 - - [31/Aug/2014:00:06:14 +0200] "GET / HTTP/1.1" 200 1255 "-" "Mozilla/5.0 (compatible; bingbot/2.0; +http://www.bing.com/bingbot.htm)"
74.52.245.146 - - [31/Aug/2014:00:40:12 +0200] "GET / HTTP/1.0" 200 1255 "-" "Mozilla/5.0 (X11; U; Linux i686; en-US; rv:1.7.5) Gecko/20041107 Firefox/1.0"
207.46.13.84 - - [31/Aug/2014:12:37:03 +0200] "GET /robots.txt HTTP/1.1" 404 1256 "-" "Mozilla/5.0 (compatible; bingbot/2.0; +http://www.bing.com/bingbot.htm)"
207.46.13.84 - - [31/Aug/2014:12:37:36 +0200] "GET / HTTP/1.1" 200 1255 "-" "Mozilla/5.0 (compatible; bingbot/2.0; +http://www.bing.com/bingbot.htm)"
91.22.9.26 - - [31/Aug/2014:17:37:28 +0200] "GET / HTTP/1.1" 200 1255 "-" "Mozilla/5.0 (Windows NT 6.1; WOW64; Trident/7.0; rv:11.0) like Gecko"
91.22.9.26 - - [31/Aug/2014:17:37:28 +0200] "GET /favicon.ico HTTP/1.1" 404 1256 "-" "Mozilla/5.0 (Windows NT 6.1; Win64; x64; Trident/7.0; rv:11.0) like Gecko"