95.91.242.236 - - [22/Feb/2014:13:35:22 +0100] "GET /img/tbl_bottom.png HTTP/1.1" 200 168 "http://www.reisenweber-berlin.de/" "Mozilla/5.0 (iPhone; CPU iPhone OS 7_0_4 like Mac OS X) AppleWebKit/537.51.1 (KHTML, like Gecko) Version/7.0 Mobile/11B554a Safari/9537.53"
95.91.242.236 - - [22/Feb/2014:13:35:22 +0100] "GET /img/tbl_left.png HTTP/1.1" 200 236 "http://www.reisenweber-berlin.de/" "Mozilla/5.0 (iPhone; CPU iPhone OS 7_0_4 like Mac OS X) AppleWebKit/537.51.1 (KHTML, like Gecko) Version/7.0 Mobile/11B554a Safari/9537.53"
95.91.242.236 - - [22/Feb/2014:13:35:22 +0100] "GET /img/hg_tbl.png HTTP/1.1" 200 190 "http://www.reisenweber-berlin.de/" "Mozilla/5.0 (iPhone; CPU iPhone OS 7_0_4 like Mac OS X) AppleWebKit/537.51.1 (KHTML, like Gecko) Version/7.0 Mobile/11B554a Safari/9537.53"
95.91.242.236 - - [22/Feb/2014:13:35:22 +0100] "GET /img/HG_news.png HTTP/1.1" 200 212 "http://www.reisenweber-berlin.de/" "Mozilla/5.0 (iPhone; CPU iPhone OS 7_0_4 like Mac OS X) AppleWebKit/537.51.1 (KHTML, like Gecko) Version/7.0 Mobile/11B554a Safari/9537.53"
95.91.242.236 - - [22/Feb/2014:13:35:22 +0100] "GET /img/tbl_down.png HTTP/1.1" 200 197 "http://www.reisenweber-berlin.de/" "Mozilla/5.0 (iPhone; CPU iPhone OS 7_0_4 like Mac OS X) AppleWebKit/537.51.1 (KHTML, like Gecko) Version/7.0 Mobile/11B554a Safari/9537.53"
95.91.242.236 - - [22/Feb/2014:13:35:22 +0100] "GET /img/tbl_right.png HTTP/1.1" 200 227 "http://www.reisenweber-berlin.de/" "Mozilla/5.0 (iPhone; CPU iPhone OS 7_0_4 like Mac OS X) AppleWebKit/537.51.1 (KHTML, like Gecko) Version/7.0 Mobile/11B554a Safari/9537.53"
79.205.247.126 - - [22/Feb/2014:14:16:18 +0100] "GET / HTTP/1.1" 200 9962 "http://www.google.de/url?sa=t&rct=j&q=&esrc=s&source=web&cd=1&ved=0CC0QFjAA&url=http%3A%2F%2Fwww.reisenweber-berlin.de%2F&ei=vKIIU5OROcnZsga6_YG4BA&usg=AFQjCNF7TSzUIEj_OI_RiqKPTlc2EM_6vg&bvm=bv.61725948,d.Yms" "Mozilla/5.0 (Windows NT 6.3; WOW64; rv:27.0) Gecko/20100101 Firefox/27.0"
79.205.247.126 - - [22/Feb/2014:14:16:18 +0100] "GET /css/style.css HTTP/1.1" 200 3765 "http://www.reisenweber-berlin.de/" "Mozilla/5.0 (Windows NT 6.3; WOW64; rv:27.0) Gecko/20100101 Firefox/27.0"
79.205.247.126 - - [22/Feb/2014:14:16:18 +0100] "GET /Scripts/AC_RunActiveContent.js HTTP/1.1" 200 8029 "http://www.reisenweber-berlin.de/" "Mozilla/5.0 (Windows NT 6.3; WOW64; rv:27.0) Gecko/20100101 Firefox/27.0"
79.205.247.126 - - [22/Feb/2014:14:16:18 +0100] "GET /Scripts/AC_ActiveX.js HTTP/1.1" 200 2068 "http://www.reisenweber-berlin.de/" "Mozilla/5.0 (Windows NT 6.3; WOW64; rv:27.0) Gecko/20100101 Firefox/27.0"
79.205.247.126 - - [22/Feb/2014:14:16:18 +0100] "GET /img/spacer.gif HTTP/1.1" 200 43 "http://www.reisenweber-berlin.de/" "Mozilla/5.0 (Windows NT 6.3; WOW64; rv:27.0) Gecko/20100101 Firefox/27.0"
79.205.247.126 - - [22/Feb/2014:14:16:18 +0100] "GET /img/pfeil.gif HTTP/1.1" 200 85 "http://www.reisenweber-berlin.de/" "Mozilla/5.0 (Windows NT 6.3; WOW64; rv:27.0) Gecko/20100101 Firefox/27.0"
79.205.247.126 - - [22/Feb/2014:14:16:18 +0100] "GET /img/corner01.png HTTP/1.1" 200 163 "http://www.reisenweber-berlin.de/" "Mozilla/5.0 (Windows NT 6.3; WOW64; rv:27.0) Gecko/20100101 Firefox/27.0"
79.205.247.126 - - [22/Feb/2014:14:16:18 +0100] "GET /img/corner02.png HTTP/1.1" 200 190 "http://www.reisenweber-berlin.de/" "Mozilla/5.0 (Windows NT 6.3; WOW64; rv:27.0) Gecko/20100101 Firefox/27.0"
79.205.247.126 - - [22/Feb/2014:14:16:18 +0100] "GET /img/pfeil-grau.gif HTTP/1.1" 200 73 "http://www.reisenweber-berlin.de/" "Mozilla/5.0 (Windows NT 6.3; WOW64; rv:27.0) Gecko/20100101 Firefox/27.0"
79.205.247.126 - - [22/Feb/2014:14:16:18 +0100] "GET /img/corner04.png HTTP/1.1" 200 203 "http://www.reisenweber-berlin.de/" "Mozilla/5.0 (Windows NT 6.3; WOW64; rv:27.0) Gecko/20100101 Firefox/27.0"
79.205.247.126 - - [22/Feb/2014:14:16:18 +0100] "GET /img/corner03.png HTTP/1.1" 200 266 "http://www.reisenweber-berlin.de/" "Mozilla/5.0 (Windows NT 6.3; WOW64; rv:27.0) Gecko/20100101 Firefox/27.0"
79.205.247.126 - - [22/Feb/2014:14:16:18 +0100] "GET /img/FACEBOOK.png HTTP/1.1" 200 1159 "http://www.reisenweber-berlin.de/" "Mozilla/5.0 (Windows NT 6.3; WOW64; rv:27.0) Gecko/20100101 Firefox/27.0"
79.205.247.126 - - [22/Feb/2014:14:16:18 +0100] "GET /img/hg_tbl.png HTTP/1.1" 200 190 "http://www.reisenweber-berlin.de/" "Mozilla/5.0 (Windows NT 6.3; WOW64; rv:27.0) Gecko/20100101 Firefox/27.0"
79.205.247.126 - - [22/Feb/2014:14:16:18 +0100] "GET /img/HG_news.png HTTP/1.1" 200 212 "http://www.reisenweber-berlin.de/" "Mozilla/5.0 (Windows NT 6.3; WOW64; rv:27.0) Gecko/20100101 Firefox/27.0"
79.205.247.126 - - [22/Feb/2014:14:16:18 +0100] "GET /img/tbl_right.png HTTP/1.1" 200 227 "http://www.reisenweber-berlin.de/css/style.css" "Mozilla/5.0 (Windows NT 6.3; WOW64; rv:27.0) Gecko/20100101 Firefox/27.0"
79.205.247.126 - - [22/Feb/2014:14:16:18 +0100] "GET /img/tbl_bottom.png HTTP/1.1" 200 168 "http://www.reisenweber-berlin.de/css/style.css" "Mozilla/5.0 (Windows NT 6.3; WOW64; rv:27.0) Gecko/20100101 Firefox/27.0"
79.205.247.126 - - [22/Feb/2014:14:16:18 +0100] "GET /img/tbl_left.png HTTP/1.1" 200 236 "http://www.reisenweber-berlin.de/css/style.css" "Mozilla/5.0 (Windows NT 6.3; WOW64; rv:27.0) Gecko/20100101 Firefox/27.0"
79.205.247.126 - - [22/Feb/2014:14:16:18 +0100] "GET /img/tbl_down.png HTTP/1.1" 200 197 "http://www.reisenweber-berlin.de/css/style.css" "Mozilla/5.0 (Windows NT 6.3; WOW64; rv:27.0) Gecko/20100101 Firefox/27.0"
79.205.247.126 - - [22/Feb/2014:14:16:18 +0100] "GET /img/hg.jpg HTTP/1.1" 200 44355 "http://www.reisenweber-berlin.de/css/style.css" "Mozilla/5.0 (Windows NT 6.3; WOW64; rv:27.0) Gecko/20100101 Firefox/27.0"
79.205.247.126 - - [22/Feb/2014:14:16:19 +0100] "GET /favicon.ico HTTP/1.1" 404 1256 "-" "Mozilla/5.0 (Windows NT 6.3; WOW64; rv:27.0) Gecko/20100101 Firefox/27.0"
79.205.247.126 - - [22/Feb/2014:14:16:19 +0100] "GET /favicon.ico HTTP/1.1" 404 1256 "-" "Mozilla/5.0 (Windows NT 6.3; WOW64; rv:27.0) Gecko/20100101 Firefox/27.0"
66.249.78.164 - - [22/Feb/2014:14:35:52 +0100] "GET /robots.txt HTTP/1.1" 404 1256 "-" "Mozilla/5.0 (compatible; Googlebot/2.1; +http://www.google.com/bot.html)"
66.249.74.71 - - [22/Feb/2014:14:35:53 +0100] "GET / HTTP/1.1" 200 9962 "-" "DoCoMo/2.0 N905i(c100;TB;W24H16) (compatible; Googlebot-Mobile/2.1; +http://www.google.com/bot.html)"
109.47.0.67 - - [22/Feb/2014:14:58:51 +0100] "GET / HTTP/1.1" 200 9962 "-" "Mozilla/5.0 (iPhone; CPU iPhone OS 7_0_5 like Mac OS X) AppleWebKit/537.51.1 (KHTML, like Gecko) Version/7.0 Mobile/11B601 Safari/9537.53"
109.47.0.67 - - [22/Feb/2014:14:58:51 +0100] "GET / HTTP/1.1" 200 9962 "-" "Mozilla/5.0 (iPhone; CPU iPhone OS 7_0_5 like Mac OS X) AppleWebKit/537.51.1 (KHTML, like Gecko) Version/7.0 Mobile/11B601 Safari/9537.53"
109.47.0.67 - - [22/Feb/2014:14:58:51 +0100] "GET /Scripts/AC_RunActiveContent.js HTTP/1.1" 200 8029 "-" "Mozilla/5.0 (iPhone; CPU iPhone OS 7_0_5 like Mac OS X) AppleWebKit/537.51.1 (KHTML, like Gecko) Version/7.0 Mobile/11B601 Safari/9537.53"
109.47.0.67 - - [22/Feb/2014:14:58:51 +0100] "GET /Scripts/AC_ActiveX.js HTTP/1.1" 200 2068 "-" "Mozilla/5.0 (iPhone; CPU iPhone OS 7_0_5 like Mac OS X) AppleWebKit/537.51.1 (KHTML, like Gecko) Version/7.0 Mobile/11B601 Safari/9537.53"
109.47.0.67 - - [22/Feb/2014:14:58:51 +0100] "GET /css/style.css HTTP/1.1" 200 3765 "-" "Mozilla/5.0 (iPhone; CPU iPhone OS 7_0_5 like Mac OS X) AppleWebKit/537.51.1 (KHTML, like Gecko) Version/7.0 Mobile/11B601 Safari/9537.53"
208.115.113.83 - - [22/Feb/2014:15:17:57 +0100] "GET /robots.txt HTTP/1.1" 404 1256 "-" "Mozilla/5.0 (compatible; Ezooms/1.0; help@moz.com)"
66.249.74.71 - - [22/Feb/2014:15:37:11 +0100] "GET /aktuelles.html HTTP/1.1" 304 - "-" "DoCoMo/2.0 N905i(c100;TB;W24H16) (compatible; Googlebot-Mobile/2.1; +http://www.google.com/bot.html)"
157.55.33.18 - - [22/Feb/2014:16:42:19 +0100] "GET /robots.txt HTTP/1.1" 404 1256 "-" "Mozilla/5.0 (compatible; bingbot/2.0; +http://www.bing.com/bingbot.htm)"
157.55.33.18 - - [22/Feb/2014:16:52:00 +0100] "GET /aktuelles.html HTTP/1.1" 200 11502 "-" "Mozilla/5.0 (compatible; bingbot/2.0; +http://www.bing.com/bingbot.htm)"
65.55.24.245 - - [22/Feb/2014:16:53:16 +0100] "GET /css/lightbox.css HTTP/1.1" 200 3470 "-" "Mozilla/5.0 (compatible; bingbot/2.0; +http://www.bing.com/bingbot.htm)"
65.55.24.243 - - [22/Feb/2014:17:01:36 +0100] "GET /js/lightbox.js HTTP/1.1" 200 23861 "-" "Mozilla/5.0 (compatible; bingbot/2.0; +http://www.bing.com/bingbot.htm)"
157.55.32.93 - - [22/Feb/2014:17:06:57 +0100] "GET /js/scriptaculous.js?load=effects HTTP/1.1" 200 2152 "-" "Mozilla/5.0 (compatible; bingbot/2.0; +http://www.bing.com/bingbot.htm)"
157.55.32.93 - - [22/Feb/2014:17:06:57 +0100] "GET /css/style.css HTTP/1.1" 200 3765 "-" "Mozilla/5.0 (compatible; bingbot/2.0; +http://www.bing.com/bingbot.htm)"
178.19.217.130 - - [22/Feb/2014:17:15:31 +0100] "GET / HTTP/1.1" 200 9962 "-" "Mozilla/5.0 (Windows NT 6.1; WOW64; rv:27.0) Gecko/20100101 Firefox/27.0"
178.19.217.130 - - [22/Feb/2014:17:15:39 +0100] "GET /css/style.css HTTP/1.1" 200 3765 "http://www.reisenweber-berlin.de/" "Mozilla/5.0 (Windows NT 6.1; WOW64; rv:27.0) Gecko/20100101 Firefox/27.0"
178.19.217.130 - - [22/Feb/2014:17:15:39 +0100] "GET /Scripts/AC_RunActiveContent.js HTTP/1.1" 200 8029 "http://www.reisenweber-berlin.de/" "Mozilla/5.0 (Windows NT 6.1; WOW64; rv:27.0) Gecko/20100101 Firefox/27.0"
178.19.217.130 - - [22/Feb/2014:17:15:40 +0100] "GET /Scripts/AC_ActiveX.js HTTP/1.1" 200 2068 "http://www.reisenweber-berlin.de/" "Mozilla/5.0 (Windows NT 6.1; WOW64; rv:27.0) Gecko/20100101 Firefox/27.0"
178.19.217.130 - - [22/Feb/2014:17:15:41 +0100] "GET /img/spacer.gif HTTP/1.1" 200 43 "http://www.reisenweber-berlin.de/" "Mozilla/5.0 (Windows NT 6.1; WOW64; rv:27.0) Gecko/20100101 Firefox/27.0"
178.19.217.130 - - [22/Feb/2014:17:15:41 +0100] "GET /img/pfeil.gif HTTP/1.1" 200 85 "http://www.reisenweber-berlin.de/" "Mozilla/5.0 (Windows NT 6.1; WOW64; rv:27.0) Gecko/20100101 Firefox/27.0"
178.19.217.130 - - [22/Feb/2014:17:15:42 +0100] "GET /img/corner01.png HTTP/1.1" 200 163 "http://www.reisenweber-berlin.de/" "Mozilla/5.0 (Windows NT 6.1; WOW64; rv:27.0) Gecko/20100101 Firefox/27.0"
178.19.217.130 - - [22/Feb/2014:17:15:42 +0100] "GET /img/corner02.png HTTP/1.1" 200 190 "http://www.reisenweber-berlin.de/" "Mozilla/5.0 (Windows NT 6.1; WOW64; rv:27.0) Gecko/20100101 Firefox/27.0"
178.19.217.130 - - [22/Feb/2014:17:15:42 +0100] "GET /img/pfeil-grau.gif HTTP/1.1" 200 73 "http://www.reisenweber-berlin.de/" "Mozilla/5.0 (Windows NT 6.1; WOW64; rv:27.0) Gecko/20100101 Firefox/27.0"
178.19.217.130 - - [22/Feb/2014:17:15:42 +0100] "GET /img/corner04.png HTTP/1.1" 200 203 "http://www.reisenweber-berlin.de/" "Mozilla/5.0 (Windows NT 6.1; WOW64; rv:27.0) Gecko/20100101 Firefox/27.0"
178.19.217.130 - - [22/Feb/2014:17:15:42 +0100] "GET /img/FACEBOOK.png HTTP/1.1" 200 1159 "http://www.reisenweber-berlin.de/" "Mozilla/5.0 (Windows NT 6.1; WOW64; rv:27.0) Gecko/20100101 Firefox/27.0"
178.19.217.130 - - [22/Feb/2014:17:15:42 +0100] "GET /img/corner03.png HTTP/1.1" 200 266 "http://www.reisenweber-berlin.de/" "Mozilla/5.0 (Windows NT 6.1; WOW64; rv:27.0) Gecko/20100101 Firefox/27.0"
178.19.217.130 - - [22/Feb/2014:17:16:01 +0100] "GET /img/hg.jpg HTTP/1.1" 200 44355 "http://www.reisenweber-berlin.de/css/style.css" "Mozilla/5.0 (Windows NT 6.1; WOW64; rv:27.0) Gecko/20100101 Firefox/27.0"
178.19.217.130 - - [22/Feb/2014:17:16:12 +0100] "GET /img/tbl_bottom.png HTTP/1.1" 200 168 "http://www.reisenweber-berlin.de/css/style.css" "Mozilla/5.0 (Windows NT 6.1; WOW64; rv:27.0) Gecko/20100101 Firefox/27.0"
178.19.217.130 - - [22/Feb/2014:17:16:12 +0100] "GET /img/hg_tbl.png HTTP/1.1" 200 190 "http://www.reisenweber-berlin.de/" "Mozilla/5.0 (Windows NT 6.1; WOW64; rv:27.0) Gecko/20100101 Firefox/27.0"
178.19.217.130 - - [22/Feb/2014:17:16:12 +0100] "GET /img/tbl_right.png HTTP/1.1" 200 227 "http://www.reisenweber-berlin.de/css/style.css" "Mozilla/5.0 (Windows NT 6.1; WOW64; rv:27.0) Gecko/20100101 Firefox/27.0"
178.19.217.130 - - [22/Feb/2014:17:16:12 +0100] "GET /img/tbl_down.png HTTP/1.1" 200 197 "http://www.reisenweber-berlin.de/css/style.css" "Mozilla/5.0 (Windows NT 6.1; WOW64; rv:27.0) Gecko/20100101 Firefox/27.0"
178.19.217.130 - - [22/Feb/2014:17:16:13 +0100] "GET /img/tbl_left.png HTTP/1.1" 200 236 "http://www.reisenweber-berlin.de/css/style.css" "Mozilla/5.0 (Windows NT 6.1; WOW64; rv:27.0) Gecko/20100101 Firefox/27.0"
178.19.217.130 - - [22/Feb/2014:17:16:13 +0100] "GET /img/HG_news.png HTTP/1.1" 200 212 "http://www.reisenweber-berlin.de/" "Mozilla/5.0 (Windows NT 6.1; WOW64; rv:27.0) Gecko/20100101 Firefox/27.0"
178.19.217.130 - - [22/Feb/2014:17:16:13 +0100] "GET /reisenweber_ani.swf HTTP/1.1" 200 60314 "http://www.reisenweber-berlin.de/" "Mozilla/5.0 (Windows NT 6.1; WOW64; rv:27.0) Gecko/20100101 Firefox/27.0"
178.19.217.130 - - [22/Feb/2014:17:16:20 +0100] "GET /pics/2.jpg HTTP/1.1" 200 107549 "http://www.reisenweber-berlin.de/reisenweber_ani.swf" "Mozilla/5.0 (Windows NT 6.1; WOW64; rv:27.0) Gecko/20100101 Firefox/27.0"
178.19.217.130 - - [22/Feb/2014:17:16:59 +0100] "GET /favicon.ico HTTP/1.1" 404 1256 "-" "Mozilla/5.0 (Windows NT 6.1; WOW64; rv:27.0) Gecko/20100101 Firefox/27.0"
178.19.217.130 - - [22/Feb/2014:17:17:00 +0100] "GET /favicon.ico HTTP/1.1" 404 1256 "-" "Mozilla/5.0 (Windows NT 6.1; WOW64; rv:27.0) Gecko/20100101 Firefox/27.0"
178.19.217.130 - - [22/Feb/2014:17:17:00 +0100] "GET /favicon.ico HTTP/1.1" 404 1256 "-" "Mozilla/5.0 (Windows NT 6.1; WOW64; rv:27.0) Gecko/20100101 Firefox/27.0"
178.19.217.130 - - [22/Feb/2014:17:19:09 +0100] "GET /pics/3.jpg HTTP/1.1" 200 149645 "http://www.reisenweber-berlin.de/reisenweber_ani.swf" "Mozilla/5.0 (Windows NT 6.1; WOW64; rv:27.0) Gecko/20100101 Firefox/27.0"
178.19.217.130 - - [22/Feb/2014:17:21:56 +0100] "GET /pics/4.jpg HTTP/1.1" 200 165768 "http://www.reisenweber-berlin.de/reisenweber_ani.swf" "Mozilla/5.0 (Windows NT 6.1; WOW64; rv:27.0) Gecko/20100101 Firefox/27.0"
208.115.113.83 - - [22/Feb/2014:17:23:35 +0100] "GET /index.html HTTP/1.1" 200 9962 "-" "Mozilla/5.0 (compatible; Ezooms/1.0; help@moz.com)"
178.19.217.130 - - [22/Feb/2014:17:24:44 +0100] "GET /pics/5.jpg HTTP/1.1" 200 134687 "http://www.reisenweber-berlin.de/reisenweber_ani.swf" "Mozilla/5.0 (Windows NT 6.1; WOW64; rv:27.0) Gecko/20100101 Firefox/27.0"
178.19.217.130 - - [22/Feb/2014:17:27:32 +0100] "GET /pics/1.jpg HTTP/1.1" 200 104529 "http://www.reisenweber-berlin.de/reisenweber_ani.swf" "Mozilla/5.0 (Windows NT 6.1; WOW64; rv:27.0) Gecko/20100101 Firefox/27.0"
131.253.24.8 - - [22/Feb/2014:18:21:01 +0100] "GET /robots.txt HTTP/1.1" 404 1256 "-" "msnbot-media/1.1 (+http://search.msn.com/msnbot.htm)"
131.253.24.8 - - [22/Feb/2014:18:21:01 +0100] "GET /img/Aufsteller.png HTTP/1.1" 200 141482 "-" "msnbot-media/1.1 (+http://search.msn.com/msnbot.htm)"
157.55.35.50 - - [22/Feb/2014:18:25:30 +0100] "GET /robots.txt HTTP/1.1" 404 1256 "-" "Mozilla/5.0 (compatible; bingbot/2.0; +http://www.bing.com/bingbot.htm)"
157.55.35.50 - - [22/Feb/2014:18:27:39 +0100] "GET /Scripts/AC_RunActiveContent.js HTTP/1.1" 200 8029 "-" "Mozilla/5.0 (compatible; bingbot/2.0; +http://www.bing.com/bingbot.htm)"
157.55.35.50 - - [22/Feb/2014:18:27:40 +0100] "GET /js/prototype.js HTTP/1.1" 200 47603 "-" "Mozilla/5.0 (compatible; bingbot/2.0; +http://www.bing.com/bingbot.htm)"
93.219.180.17 - - [22/Feb/2014:18:52:17 +0100] "GET / HTTP/1.1" 200 9962 "-" "Mozilla/5.0 (Windows; U; Windows NT 6.0; de; rv:1.9.2.3) Gecko/20100401 Firefox/3.6.3 ( .NET CLR 3.5.30729)"
66.249.78.164 - - [22/Feb/2014:20:48:29 +0100] "GET /img/damen-05-GR.jpg HTTP/1.1" 304 - "-" "Googlebot-Image/1.0"
66.249.78.164 - - [22/Feb/2014:21:13:12 +0100] "GET /kosmetik.html HTTP/1.1" 304 - "-" "Mozilla/5.0 (iPhone; CPU iPhone OS 6_0 like Mac OS X) AppleWebKit/536.26 (KHTML, like Gecko) Version/6.0 Mobile/10A5376e Safari/8536.25 (compatible; Googlebot/2.1; +http://www.google.com/bot.html)"
141.8.147.12 - - [22/Feb/2014:21:32:46 +0100] "GET /robots.txt HTTP/1.1" 404 1256 "-" "Mozilla/5.0 (compatible; YandexBot/3.0; +http://yandex.com/bots)"
65.55.24.216 - - [22/Feb/2014:22:07:11 +0100] "GET /robots.txt HTTP/1.1" 404 1256 "-" "Mozilla/5.0 (compatible; bingbot/2.0; +http://www.bing.com/bingbot.htm)"
65.55.24.216 - - [22/Feb/2014:22:08:07 +0100] "GET /kontakt.html HTTP/1.1" 200 13504 "-" "Mozilla/5.0 (compatible; bingbot/2.0; +http://www.bing.com/bingbot.htm)"
65.55.24.243 - - [22/Feb/2014:22:09:30 +0100] "GET /img/hg.jpg HTTP/1.1" 200 44355 "-" "Mozilla/5.0 (compatible; bingbot/2.0; +http://www.bing.com/bingbot.htm)"
65.55.24.243 - - [22/Feb/2014:22:09:31 +0100] "GET /img/tbl_down.png HTTP/1.1" 200 197 "-" "Mozilla/5.0 (compatible; bingbot/2.0; +http://www.bing.com/bingbot.htm)"
157.55.32.149 - - [22/Feb/2014:22:10:42 +0100] "GET /img/pfeil-grau.gif HTTP/1.1" 200 73 "-" "Mozilla/5.0 (compatible; bingbot/2.0; +http://www.bing.com/bingbot.htm)"
157.55.32.149 - - [22/Feb/2014:22:10:42 +0100] "GET /js/Panel.js HTTP/1.1" 200 13072 "-" "Mozilla/5.0 (compatible; bingbot/2.0; +http://www.bing.com/bingbot.htm)"
157.55.33.18 - - [22/Feb/2014:22:18:03 +0100] "GET /css/Panel.css HTTP/1.1" 200 3497 "-" "Mozilla/5.0 (compatible; bingbot/2.0; +http://www.bing.com/bingbot.htm)"
157.55.33.18 - - [22/Feb/2014:22:18:03 +0100] "GET /img/tbl_left.png HTTP/1.1" 200 236 "-" "Mozilla/5.0 (compatible; bingbot/2.0; +http://www.bing.com/bingbot.htm)"
157.55.34.177 - - [22/Feb/2014:22:31:41 +0100] "GET /img/tbl_right.png HTTP/1.1" 200 227 "-" "Mozilla/5.0 (compatible; bingbot/2.0; +http://www.bing.com/bingbot.htm)"
157.55.35.43 - - [22/Feb/2014:22:45:01 +0100] "GET /Scripts/AC_RunActiveContent.js HTTP/1.1" 200 8029 "-" "Mozilla/5.0 (compatible; bingbot/2.0; +http://www.bing.com/bingbot.htm)"
157.55.35.43 - - [22/Feb/2014:22:45:01 +0100] "GET /img/tbl_bottom.png HTTP/1.1" 200 168 "-" "Mozilla/5.0 (compatible; bingbot/2.0; +http://www.bing.com/bingbot.htm)"
157.55.35.43 - - [22/Feb/2014:22:45:02 +0100] "GET /img/pfeil.gif HTTP/1.1" 200 85 "-" "Mozilla/5.0 (compatible; bingbot/2.0; +http://www.bing.com/bingbot.htm)"
157.55.35.43 - - [22/Feb/2014:22:45:02 +0100] "GET /img/spacer.gif HTTP/1.1" 200 43 "-" "Mozilla/5.0 (compatible; bingbot/2.0; +http://www.bing.com/bingbot.htm)"
157.55.35.43 - - [22/Feb/2014:22:45:02 +0100] "GET /img/hg_tbl.jpg HTTP/1.1" 200 352 "-" "Mozilla/5.0 (compatible; bingbot/2.0; +http://www.bing.com/bingbot.htm)"
157.55.35.43 - - [22/Feb/2014:22:45:02 +0100] "GET /img/hg_tbl.png HTTP/1.1" 200 190 "-" "Mozilla/5.0 (compatible; bingbot/2.0; +http://www.bing.com/bingbot.htm)"
199.30.25.207 - - [22/Feb/2014:23:09:35 +0100] "GET /reisenweber_ani.swf HTTP/1.1" 200 60314 "http://www.reisenweber-berlin.de/reisenweber_ani.swf" "Mozilla/5.0 (Windows NT 6.1; WOW64) AppleWebKit/534+ (KHTML, like Gecko) BingPreview/1.0b"
199.30.25.207 - - [22/Feb/2014:23:09:40 +0100] "GET /pics/4.jpg HTTP/1.1" 200 165768 "http://www.reisenweber-berlin.de/reisenweber_ani.swf" "Mozilla/5.0 (Windows NT 6.1; WOW64) AppleWebKit/534+ (KHTML, like Gecko) BingPreview/1.0b"
157.55.33.18 - - [22/Feb/2014:23:46:43 +0100] "GET /philosophie.html HTTP/1.1" 200 8754 "-" "Mozilla/5.0 (compatible; bingbot/2.0; +http://www.bing.com/bingbot.htm)"
157.55.33.18 - - [22/Feb/2014:23:46:44 +0100] "GET /produkte.html HTTP/1.1" 200 8603 "-" "Mozilla/5.0 (compatible; bingbot/2.0; +http://www.bing.com/bingbot.htm)"
157.55.33.18 - - [22/Feb/2014:23:46:44 +0100] "GET /haare.html HTTP/1.1" 200 19161 "-" "Mozilla/5.0 (compatible; bingbot/2.0; +http://www.bing.com/bingbot.htm)"
157.55.33.18 - - [22/Feb/2014:23:46:44 +0100] "GET /img/damen-03-GR.jpg HTTP/1.1" 200 97772 "-" "Mozilla/5.0 (compatible; bingbot/2.0; +http://www.bing.com/bingbot.htm)"
157.55.34.94 - - [23/Feb/2014:00:01:33 +0100] "GET /img/damen-02-GR.jpg HTTP/1.1" 200 78475 "-" "Mozilla/5.0 (compatible; bingbot/2.0; +http://www.bing.com/bingbot.htm)"
66.249.74.71 - - [23/Feb/2014:00:03:33 +0100] "GET /aktuelles.html HTTP/1.1" 304 - "-" "SAMSUNG-SGH-E250/1.0 Profile/MIDP-2.0 Configuration/CLDC-1.1 UP.Browser/6.2.3.3.c.1.101 (GUI) MMP/2.0 (compatible; Googlebot-Mobile/2.1; +http://www.google.com/bot.html)"
157.55.35.43 - - [23/Feb/2014:00:22:07 +0100] "GET /img/damen-04-GR.jpg HTTP/1.1" 200 82534 "-" "Mozilla/5.0 (compatible; bingbot/2.0; +http://www.bing.com/bingbot.htm)"
157.55.35.43 - - [23/Feb/2014:00:22:07 +0100] "GET /links.html HTTP/1.1" 200 8359 "-" "Mozilla/5.0 (compatible; bingbot/2.0; +http://www.bing.com/bingbot.htm)"
141.8.147.12 - - [23/Feb/2014:01:44:06 +0100] "GET / HTTP/1.1" 200 9962 "-" "Mozilla/5.0 (compatible; YandexBot/3.0; +http://yandex.com/bots)"
141.8.147.12 - - [23/Feb/2014:01:44:10 +0100] "GET /reisenweber_ani.swf HTTP/1.1" 200 60314 "-" "Mozilla/5.0 (compatible; YandexBot/3.0; +http://yandex.com/bots)"
157.55.32.149 - - [23/Feb/2014:01:47:11 +0100] "GET /img/damen-01-GR.jpg HTTP/1.1" 200 73479 "-" "Mozilla/5.0 (compatible; bingbot/2.0; +http://www.bing.com/bingbot.htm)"
157.55.32.149 - - [23/Feb/2014:01:47:11 +0100] "GET /img/damen-05-GR.jpg HTTP/1.1" 200 73659 "-" "Mozilla/5.0 (compatible; bingbot/2.0; +http://www.bing.com/bingbot.htm)"
5.10.83.91 - - [23/Feb/2014:06:31:10 +0100] "GET /leistungen.html HTTP/1.1" 200 22732 "-" "Mozilla/5.0 (compatible; AhrefsBot/5.0; +http://ahrefs.com/robot/)"
131.253.24.8 - - [23/Feb/2014:07:41:48 +0100] "GET /robots.txt HTTP/1.1" 404 1256 "-" "msnbot-media/1.1 (+http://search.msn.com/msnbot.htm)"
131.253.24.8 - - [23/Feb/2014:07:41:48 +0100] "GET /img/Aufsteller.png HTTP/1.1" 200 141482 "-" "msnbot-media/1.1 (+http://search.msn.com/msnbot.htm)"
5.10.83.22 - - [23/Feb/2014:09:37:58 +0100] "GET /kontakt.html HTTP/1.1" 200 13504 "-" "Mozilla/5.0 (compatible; AhrefsBot/5.0; +http://ahrefs.com/robot/)"
93.219.174.245 - - [23/Feb/2014:09:43:12 +0100] "GET /links.html HTTP/1.1" 200 8359 "-" "Mozilla/5.0 (Windows; U; Windows NT 6.0; de; rv:1.9.2.3) Gecko/20100401 Firefox/3.6.3 ( .NET CLR 3.5.30729)"
5.10.83.100 - - [23/Feb/2014:11:08:20 +0100] "GET /img/aktuell-02-GR.png HTTP/1.1" 200 1496718 "-" "Mozilla/5.0 (compatible; AhrefsBot/5.0; +http://ahrefs.com/robot/)"
66.249.78.164 - - [23/Feb/2014:11:26:31 +0100] "GET /robots.txt HTTP/1.1" 404 1256 "-" "Mozilla/5.0 (compatible; Googlebot/2.1; +http://www.google.com/bot.html)"
66.249.78.164 - - [23/Feb/2014:11:26:31 +0100] "GET / HTTP/1.1" 304 - "-" "Mozilla/5.0 (iPhone; CPU iPhone OS 6_0 like Mac OS X) AppleWebKit/536.26 (KHTML, like Gecko) Version/6.0 Mobile/10A5376e Safari/8536.25 (compatible; Googlebot/2.1; +http://www.google.com/bot.html)"
162.210.196.130 - - [23/Feb/2014:12:12:45 +0100] "GET /robots.txt HTTP/1.0" 404 1256 "-" "Mozilla/5.0 (compatible; MJ12bot/v1.4.4; http://www.majestic12.co.uk/bot.php?+)"
162.210.196.130 - - [23/Feb/2014:12:12:47 +0100] "GET / HTTP/1.0" 200 9962 "-" "Mozilla/5.0 (compatible; MJ12bot/v1.4.4; http://www.majestic12.co.uk/bot.php?+)"
66.249.78.164 - - [23/Feb/2014:12:26:31 +0100] "GET /robots.txt HTTP/1.1" 404 1256 "-" "Mozilla/5.0 (compatible; Googlebot/2.1; +http://www.google.com/bot.html)"
66.249.75.25 - - [23/Feb/2014:12:26:31 +0100] "GET /leistungen.html HTTP/1.1" 304 - "-" "DoCoMo/2.0 N905i(c100;TB;W24H16) (compatible; Googlebot-Mobile/2.1; +http://www.google.com/bot.html)"
91.64.158.126 - - [23/Feb/2014:13:07:04 +0100] "GET / HTTP/1.1" 200 9962 "-" "Mozilla/5.0 (iPhone; CPU iPhone OS 7_0_6 like Mac OS X) AppleWebKit/537.51.1 (KHTML, like Gecko) Version/7.0 Mobile/11B651 Safari/9537.53"
91.64.158.126 - - [23/Feb/2014:13:07:04 +0100] "GET /css/style.css HTTP/1.1" 200 3765 "http://www.reisenweber-berlin.de/" "Mozilla/5.0 (iPhone; CPU iPhone OS 7_0_6 like Mac OS X) AppleWebKit/537.51.1 (KHTML, like Gecko) Version/7.0 Mobile/11B651 Safari/9537.53"
91.64.158.126 - - [23/Feb/2014:13:07:04 +0100] "GET /Scripts/AC_RunActiveContent.js HTTP/1.1" 200 8029 "http://www.reisenweber-berlin.de/" "Mozilla/5.0 (iPhone; CPU iPhone OS 7_0_6 like Mac OS X) AppleWebKit/537.51.1 (KHTML, like Gecko) Version/7.0 Mobile/11B651 Safari/9537.53"
91.64.158.126 - - [23/Feb/2014:13:07:04 +0100] "GET /Scripts/AC_ActiveX.js HTTP/1.1" 200 2068 "http://www.reisenweber-berlin.de/" "Mozilla/5.0 (iPhone; CPU iPhone OS 7_0_6 like Mac OS X) AppleWebKit/537.51.1 (KHTML, like Gecko) Version/7.0 Mobile/11B651 Safari/9537.53"
91.64.158.126 - - [23/Feb/2014:13:07:04 +0100] "GET /img/spacer.gif HTTP/1.1" 200 43 "http://www.reisenweber-berlin.de/" "Mozilla/5.0 (iPhone; CPU iPhone OS 7_0_6 like Mac OS X) AppleWebKit/537.51.1 (KHTML, like Gecko) Version/7.0 Mobile/11B651 Safari/9537.53"
91.64.158.126 - - [23/Feb/2014:13:07:04 +0100] "GET /img/pfeil.gif HTTP/1.1" 200 85 "http://www.reisenweber-berlin.de/" "Mozilla/5.0 (iPhone; CPU iPhone OS 7_0_6 like Mac OS X) AppleWebKit/537.51.1 (KHTML, like Gecko) Version/7.0 Mobile/11B651 Safari/9537.53"
91.64.158.126 - - [23/Feb/2014:13:07:04 +0100] "GET /img/corner04.png HTTP/1.1" 200 203 "http://www.reisenweber-berlin.de/" "Mozilla/5.0 (iPhone; CPU iPhone OS 7_0_6 like Mac OS X) AppleWebKit/537.51.1 (KHTML, like Gecko) Version/7.0 Mobile/11B651 Safari/9537.53"
91.64.158.126 - - [23/Feb/2014:13:07:04 +0100] "GET /img/corner01.png HTTP/1.1" 200 163 "http://www.reisenweber-berlin.de/" "Mozilla/5.0 (iPhone; CPU iPhone OS 7_0_6 like Mac OS X) AppleWebKit/537.51.1 (KHTML, like Gecko) Version/7.0 Mobile/11B651 Safari/9537.53"
91.64.158.126 - - [23/Feb/2014:13:07:04 +0100] "GET /img/corner02.png HTTP/1.1" 200 190 "http://www.reisenweber-berlin.de/" "Mozilla/5.0 (iPhone; CPU iPhone OS 7_0_6 like Mac OS X) AppleWebKit/537.51.1 (KHTML, like Gecko) Version/7.0 Mobile/11B651 Safari/9537.53"
91.64.158.126 - - [23/Feb/2014:13:07:04 +0100] "GET /img/pfeil-grau.gif HTTP/1.1" 200 73 "http://www.reisenweber-berlin.de/" "Mozilla/5.0 (iPhone; CPU iPhone OS 7_0_6 like Mac OS X) AppleWebKit/537.51.1 (KHTML, like Gecko) Version/7.0 Mobile/11B651 Safari/9537.53"
91.64.158.126 - - [23/Feb/2014:13:07:04 +0100] "GET /img/hg.jpg HTTP/1.1" 200 44355 "http://www.reisenweber-berlin.de/" "Mozilla/5.0 (iPhone; CPU iPhone OS 7_0_6 like Mac OS X) AppleWebKit/537.51.1 (KHTML, like Gecko) Version/7.0 Mobile/11B651 Safari/9537.53"
91.64.158.126 - - [23/Feb/2014:13:07:04 +0100] "GET /img/tbl_left.png HTTP/1.1" 200 236 "http://www.reisenweber-berlin.de/" "Mozilla/5.0 (iPhone; CPU iPhone OS 7_0_6 like Mac OS X) AppleWebKit/537.51.1 (KHTML, like Gecko) Version/7.0 Mobile/11B651 Safari/9537.53"
91.64.158.126 - - [23/Feb/2014:13:07:04 +0100] "GET /img/corner03.png HTTP/1.1" 200 266 "http://www.reisenweber-berlin.de/" "Mozilla/5.0 (iPhone; CPU iPhone OS 7_0_6 like Mac OS X) AppleWebKit/537.51.1 (KHTML, like Gecko) Version/7.0 Mobile/11B651 Safari/9537.53"
91.64.158.126 - - [23/Feb/2014:13:07:04 +0100] "GET /img/hg_tbl.png HTTP/1.1" 200 190 "http://www.reisenweber-berlin.de/" "Mozilla/5.0 (iPhone; CPU iPhone OS 7_0_6 like Mac OS X) AppleWebKit/537.51.1 (KHTML, like Gecko) Version/7.0 Mobile/11B651 Safari/9537.53"
91.64.158.126 - - [23/Feb/2014:13:07:04 +0100] "GET /img/tbl_right.png HTTP/1.1" 200 227 "http://www.reisenweber-berlin.de/" "Mozilla/5.0 (iPhone; CPU iPhone OS 7_0_6 like Mac OS X) AppleWebKit/537.51.1 (KHTML, like Gecko) Version/7.0 Mobile/11B651 Safari/9537.53"
91.64.158.126 - - [23/Feb/2014:13:07:04 +0100] "GET /img/HG_news.png HTTP/1.1" 200 212 "http://www.reisenweber-berlin.de/" "Mozilla/5.0 (iPhone; CPU iPhone OS 7_0_6 like Mac OS X) AppleWebKit/537.51.1 (KHTML, like Gecko) Version/7.0 Mobile/11B651 Safari/9537.53"
91.64.158.126 - - [23/Feb/2014:13:07:04 +0100] "GET /img/FACEBOOK.png HTTP/1.1" 200 1159 "http://www.reisenweber-berlin.de/" "Mozilla/5.0 (iPhone; CPU iPhone OS 7_0_6 like Mac OS X) AppleWebKit/537.51.1 (KHTML, like Gecko) Version/7.0 Mobile/11B651 Safari/9537.53"
93.219.174.245 - - [23/Feb/2014:13:39:03 +0100] "GET /produkte.html HTTP/1.1" 200 8603 "-" "Mozilla/5.0 (Windows; U; Windows NT 6.0; de; rv:1.9.2.3) Gecko/20100401 Firefox/3.6.3 ( .NET CLR 3.5.30729)"
208.115.113.83 - - [23/Feb/2014:15:20:11 +0100] "GET /robots.txt HTTP/1.1" 404 1256 "-" "Mozilla/5.0 (compatible; Ezooms/1.0; help@moz.com)"
93.219.174.245 - - [23/Feb/2014:15:54:13 +0100] "GET /leistungen.html HTTP/1.1" 200 22732 "-" "Mozilla/5.0 (Windows; U; Windows NT 6.0; de; rv:1.9.2.3) Gecko/20100401 Firefox/3.6.3 ( .NET CLR 3.5.30729)"
208.115.113.83 - - [23/Feb/2014:17:23:31 +0100] "GET / HTTP/1.1" 200 9962 "-" "Mozilla/5.0 (compatible; Ezooms/1.0; help@moz.com)"
93.219.174.245 - - [23/Feb/2014:17:32:40 +0100] "GET /kontakt.html HTTP/1.1" 200 13504 "-" "Mozilla/5.0 (Windows; U; Windows NT 6.0; de; rv:1.9.2.3) Gecko/20100401 Firefox/3.6.3 ( .NET CLR 3.5.30729)"
93.219.174.245 - - [23/Feb/2014:17:54:07 +0100] "GET /uns.html HTTP/1.1" 200 8136 "-" "Mozilla/5.0 (Windows; U; Windows NT 6.0; de; rv:1.9.2.3) Gecko/20100401 Firefox/3.6.3 ( .NET CLR 3.5.30729)"
91.64.158.126 - - [23/Feb/2014:19:25:39 +0100] "GET /img/hg.jpg HTTP/1.1" 200 44355 "http://www.reisenweber-berlin.de/" "Mozilla/5.0 (iPhone; CPU iPhone OS 7_0_6 like Mac OS X) AppleWebKit/537.51.1 (KHTML, like Gecko) Version/7.0 Mobile/11B651 Safari/9537.53"
91.64.158.126 - - [23/Feb/2014:19:25:39 +0100] "GET /img/tbl_bottom.png HTTP/1.1" 200 168 "http://www.reisenweber-berlin.de/" "Mozilla/5.0 (iPhone; CPU iPhone OS 7_0_6 like Mac OS X) AppleWebKit/537.51.1 (KHTML, like Gecko) Version/7.0 Mobile/11B651 Safari/9537.53"
91.64.158.126 - - [23/Feb/2014:19:25:39 +0100] "GET /img/tbl_down.png HTTP/1.1" 200 197 "http://www.reisenweber-berlin.de/" "Mozilla/5.0 (iPhone; CPU iPhone OS 7_0_6 like Mac OS X) AppleWebKit/537.51.1 (KHTML, like Gecko) Version/7.0 Mobile/11B651 Safari/9537.53"
91.67.125.27 - - [23/Feb/2014:20:49:35 +0100] "GET /produkte.html HTTP/1.1" 200 8603 "https://www.google.de/" "Mozilla/5.0 (iPad; CPU OS 6_1_3 like Mac OS X) AppleWebKit/536.26 (KHTML, like Gecko) Version/6.0 Mobile/10B329 Safari/8536.25"
91.67.125.27 - - [23/Feb/2014:20:49:35 +0100] "GET /css/style.css HTTP/1.1" 200 3765 "http://www.reisenweber-berlin.de/produkte.html" "Mozilla/5.0 (iPad; CPU OS 6_1_3 like Mac OS X) AppleWebKit/536.26 (KHTML, like Gecko) Version/6.0 Mobile/10B329 Safari/8536.25"
91.67.125.27 - - [23/Feb/2014:20:49:35 +0100] "GET /css/lightbox.css HTTP/1.1" 200 3470 "http://www.reisenweber-berlin.de/produkte.html" "Mozilla/5.0 (iPad; CPU OS 6_1_3 like Mac OS X) AppleWebKit/536.26 (KHTML, like Gecko) Version/6.0 Mobile/10B329 Safari/8536.25"
91.67.125.27 - - [23/Feb/2014:20:49:35 +0100] "GET /Scripts/AC_RunActiveContent.js HTTP/1.1" 200 8029 "http://www.reisenweber-berlin.de/produkte.html" "Mozilla/5.0 (iPad; CPU OS 6_1_3 like Mac OS X) AppleWebKit/536.26 (KHTML, like Gecko) Version/6.0 Mobile/10B329 Safari/8536.25"
91.67.125.27 - - [23/Feb/2014:20:49:35 +0100] "GET /js/prototype.js HTTP/1.1" 200 47603 "http://www.reisenweber-berlin.de/produkte.html" "Mozilla/5.0 (iPad; CPU OS 6_1_3 like Mac OS X) AppleWebKit/536.26 (KHTML, like Gecko) Version/6.0 Mobile/10B329 Safari/8536.25"
91.67.125.27 - - [23/Feb/2014:20:49:35 +0100] "GET /js/scriptaculous.js?load=effects HTTP/1.1" 200 2152 "http://www.reisenweber-berlin.de/produkte.html" "Mozilla/5.0 (iPad; CPU OS 6_1_3 like Mac OS X) AppleWebKit/536.26 (KHTML, like Gecko) Version/6.0 Mobile/10B329 Safari/8536.25"
91.67.125.27 - - [23/Feb/2014:20:49:35 +0100] "GET /js/lightbox.js HTTP/1.1" 200 23861 "http://www.reisenweber-berlin.de/produkte.html" "Mozilla/5.0 (iPad; CPU OS 6_1_3 like Mac OS X) AppleWebKit/536.26 (KHTML, like Gecko) Version/6.0 Mobile/10B329 Safari/8536.25"
91.67.125.27 - - [23/Feb/2014:20:49:36 +0100] "GET /js/effects.js HTTP/1.1" 200 31969 "http://www.reisenweber-berlin.de/produkte.html" "Mozilla/5.0 (iPad; CPU OS 6_1_3 like Mac OS X) AppleWebKit/536.26 (KHTML, like Gecko) Version/6.0 Mobile/10B329 Safari/8536.25"
91.67.125.27 - - [23/Feb/2014:20:49:36 +0100] "GET /img/pfeil.gif HTTP/1.1" 200 85 "http://www.reisenweber-berlin.de/produkte.html" "Mozilla/5.0 (iPad; CPU OS 6_1_3 like Mac OS X) AppleWebKit/536.26 (KHTML, like Gecko) Version/6.0 Mobile/10B329 Safari/8536.25"
91.67.125.27 - - [23/Feb/2014:20:49:36 +0100] "GET /img/corner01.png HTTP/1.1" 200 163 "http://www.reisenweber-berlin.de/produkte.html" "Mozilla/5.0 (iPad; CPU OS 6_1_3 like Mac OS X) AppleWebKit/536.26 (KHTML, like Gecko) Version/6.0 Mobile/10B329 Safari/8536.25"
91.67.125.27 - - [23/Feb/2014:20:49:36 +0100] "GET /img/corner02.png HTTP/1.1" 200 190 "http://www.reisenweber-berlin.de/produkte.html" "Mozilla/5.0 (iPad; CPU OS 6_1_3 like Mac OS X) AppleWebKit/536.26 (KHTML, like Gecko) Version/6.0 Mobile/10B329 Safari/8536.25"
91.67.125.27 - - [23/Feb/2014:20:49:36 +0100] "GET /img/spacer.gif HTTP/1.1" 200 43 "http://www.reisenweber-berlin.de/produkte.html" "Mozilla/5.0 (iPad; CPU OS 6_1_3 like Mac OS X) AppleWebKit/536.26 (KHTML, like Gecko) Version/6.0 Mobile/10B329 Safari/8536.25"
91.67.125.27 - - [23/Feb/2014:20:49:36 +0100] "GET /img/damen-04.jpg HTTP/1.1" 200 7305 "http://www.reisenweber-berlin.de/produkte.html" "Mozilla/5.0 (iPad; CPU OS 6_1_3 like Mac OS X) AppleWebKit/536.26 (KHTML, like Gecko) Version/6.0 Mobile/10B329 Safari/8536.25"
91.67.125.27 - - [23/Feb/2014:20:49:36 +0100] "GET /img/hg.jpg HTTP/1.1" 200 44355 "http://www.reisenweber-berlin.de/produkte.html" "Mozilla/5.0 (iPad; CPU OS 6_1_3 like Mac OS X) AppleWebKit/536.26 (KHTML, like Gecko) Version/6.0 Mobile/10B329 Safari/8536.25"
91.67.125.27 - - [23/Feb/2014:20:49:36 +0100] "GET /img/damen-01.jpg HTTP/1.1" 200 6064 "http://www.reisenweber-berlin.de/produkte.html" "Mozilla/5.0 (iPad; CPU OS 6_1_3 like Mac OS X) AppleWebKit/536.26 (KHTML, like Gecko) Version/6.0 Mobile/10B329 Safari/8536.25"
91.67.125.27 - - [23/Feb/2014:20:49:36 +0100] "GET /img/corner03.png HTTP/1.1" 200 266 "http://www.reisenweber-berlin.de/produkte.html" "Mozilla/5.0 (iPad; CPU OS 6_1_3 like Mac OS X) AppleWebKit/536.26 (KHTML, like Gecko) Version/6.0 Mobile/10B329 Safari/8536.25"
91.67.125.27 - - [23/Feb/2014:20:49:36 +0100] "GET /img/tbl_left.png HTTP/1.1" 200 236 "http://www.reisenweber-berlin.de/produkte.html" "Mozilla/5.0 (iPad; CPU OS 6_1_3 like Mac OS X) AppleWebKit/536.26 (KHTML, like Gecko) Version/6.0 Mobile/10B329 Safari/8536.25"
91.67.125.27 - - [23/Feb/2014:20:49:36 +0100] "GET /img/damen-02.jpg HTTP/1.1" 200 6205 "http://www.reisenweber-berlin.de/produkte.html" "Mozilla/5.0 (iPad; CPU OS 6_1_3 like Mac OS X) AppleWebKit/536.26 (KHTML, like Gecko) Version/6.0 Mobile/10B329 Safari/8536.25"
91.67.125.27 - - [23/Feb/2014:20:49:36 +0100] "GET /img/pfeil-grau.gif HTTP/1.1" 200 73 "http://www.reisenweber-berlin.de/produkte.html" "Mozilla/5.0 (iPad; CPU OS 6_1_3 like Mac OS X) AppleWebKit/536.26 (KHTML, like Gecko) Version/6.0 Mobile/10B329 Safari/8536.25"
91.67.125.27 - - [23/Feb/2014:20:49:36 +0100] "GET /img/tbl_right.png HTTP/1.1" 200 227 "http://www.reisenweber-berlin.de/produkte.html" "Mozilla/5.0 (iPad; CPU OS 6_1_3 like Mac OS X) AppleWebKit/536.26 (KHTML, like Gecko) Version/6.0 Mobile/10B329 Safari/8536.25"
91.67.125.27 - - [23/Feb/2014:20:49:36 +0100] "GET /img/FACEBOOK.png HTTP/1.1" 200 1159 "http://www.reisenweber-berlin.de/produkte.html" "Mozilla/5.0 (iPad; CPU OS 6_1_3 like Mac OS X) AppleWebKit/536.26 (KHTML, like Gecko) Version/6.0 Mobile/10B329 Safari/8536.25"
91.67.125.27 - - [23/Feb/2014:20:49:36 +0100] "GET /img/damen-03.jpg HTTP/1.1" 200 7182 "http://www.reisenweber-berlin.de/produkte.html" "Mozilla/5.0 (iPad; CPU OS 6_1_3 like Mac OS X) AppleWebKit/536.26 (KHTML, like Gecko) Version/6.0 Mobile/10B329 Safari/8536.25"
91.67.125.27 - - [23/Feb/2014:20:49:36 +0100] "GET /img/tbl_down.png HTTP/1.1" 200 197 "http://www.reisenweber-berlin.de/produkte.html" "Mozilla/5.0 (iPad; CPU OS 6_1_3 like Mac OS X) AppleWebKit/536.26 (KHTML, like Gecko) Version/6.0 Mobile/10B329 Safari/8536.25"
91.67.125.27 - - [23/Feb/2014:20:49:36 +0100] "GET /img/tbl_bottom.png HTTP/1.1" 200 168 "http://www.reisenweber-berlin.de/produkte.html" "Mozilla/5.0 (iPad; CPU OS 6_1_3 like Mac OS X) AppleWebKit/536.26 (KHTML, like Gecko) Version/6.0 Mobile/10B329 Safari/8536.25"
91.67.125.27 - - [23/Feb/2014:20:49:36 +0100] "GET /img/produkte.png HTTP/1.1" 200 135486 "http://www.reisenweber-berlin.de/produkte.html" "Mozilla/5.0 (iPad; CPU OS 6_1_3 like Mac OS X) AppleWebKit/536.26 (KHTML, like Gecko) Version/6.0 Mobile/10B329 Safari/8536.25"
91.67.125.27 - - [23/Feb/2014:20:49:36 +0100] "GET /img/corner04.png HTTP/1.1" 200 203 "http://www.reisenweber-berlin.de/produkte.html" "Mozilla/5.0 (iPad; CPU OS 6_1_3 like Mac OS X) AppleWebKit/536.26 (KHTML, like Gecko) Version/6.0 Mobile/10B329 Safari/8536.25"
91.67.125.27 - - [23/Feb/2014:20:49:36 +0100] "GET /img/hg_tbl.png HTTP/1.1" 200 190 "http://www.reisenweber-berlin.de/produkte.html" "Mozilla/5.0 (iPad; CPU OS 6_1_3 like Mac OS X) AppleWebKit/536.26 (KHTML, like Gecko) Version/6.0 Mobile/10B329 Safari/8536.25"
91.67.125.27 - - [23/Feb/2014:20:49:36 +0100] "GET /images/loading.gif HTTP/1.1" 200 538 "http://www.reisenweber-berlin.de/produkte.html" "Mozilla/5.0 (iPad; CPU OS 6_1_3 like Mac OS X) AppleWebKit/536.26 (KHTML, like Gecko) Version/6.0 Mobile/10B329 Safari/8536.25"
91.67.125.27 - - [23/Feb/2014:20:49:36 +0100] "GET /images/close.png HTTP/1.1" 200 3137 "http://www.reisenweber-berlin.de/produkte.html" "Mozilla/5.0 (iPad; CPU OS 6_1_3 like Mac OS X) AppleWebKit/536.26 (KHTML, like Gecko) Version/6.0 Mobile/10B329 Safari/8536.25"
91.67.125.27 - - [23/Feb/2014:20:49:41 +0100] "GET /uns.html HTTP/1.1" 200 8136 "http://www.reisenweber-berlin.de/produkte.html" "Mozilla/5.0 (iPad; CPU OS 6_1_3 like Mac OS X) AppleWebKit/536.26 (KHTML, like Gecko) Version/6.0 Mobile/10B329 Safari/8536.25"
91.67.125.27 - - [23/Feb/2014:20:49:41 +0100] "GET /img/laden.jpg HTTP/1.1" 200 25856 "http://www.reisenweber-berlin.de/uns.html" "Mozilla/5.0 (iPad; CPU OS 6_1_3 like Mac OS X) AppleWebKit/536.26 (KHTML, like Gecko) Version/6.0 Mobile/10B329 Safari/8536.25"
91.67.125.27 - - [23/Feb/2014:20:49:57 +0100] "GET /philosophie.html HTTP/1.1" 200 8754 "http://www.reisenweber-berlin.de/uns.html" "Mozilla/5.0 (iPad; CPU OS 6_1_3 like Mac OS X) AppleWebKit/536.26 (KHTML, like Gecko) Version/6.0 Mobile/10B329 Safari/8536.25"
91.67.125.27 - - [23/Feb/2014:20:49:57 +0100] "GET /img/philosophie.png HTTP/1.1" 200 168751 "http://www.reisenweber-berlin.de/philosophie.html" "Mozilla/5.0 (iPad; CPU OS 6_1_3 like Mac OS X) AppleWebKit/536.26 (KHTML, like Gecko) Version/6.0 Mobile/10B329 Safari/8536.25"
91.67.125.27 - - [23/Feb/2014:20:50:12 +0100] "GET /leistungen.html HTTP/1.1" 200 22732 "http://www.reisenweber-berlin.de/produkte.html" "Mozilla/5.0 (iPad; CPU OS 6_1_3 like Mac OS X) AppleWebKit/536.26 (KHTML, like Gecko) Version/6.0 Mobile/10B329 Safari/8536.25"
91.67.125.27 - - [23/Feb/2014:20:50:13 +0100] "GET /js/RunFLASH.js HTTP/1.1" 200 8029 "http://www.reisenweber-berlin.de/leistungen.html" "Mozilla/5.0 (iPad; CPU OS 6_1_3 like Mac OS X) AppleWebKit/536.26 (KHTML, like Gecko) Version/6.0 Mobile/10B329 Safari/8536.25"
91.67.125.27 - - [23/Feb/2014:20:50:13 +0100] "GET /js/Panel.js HTTP/1.1" 200 13072 "http://www.reisenweber-berlin.de/leistungen.html" "Mozilla/5.0 (iPad; CPU OS 6_1_3 like Mac OS X) AppleWebKit/536.26 (KHTML, like Gecko) Version/6.0 Mobile/10B329 Safari/8536.25"
91.67.125.27 - - [23/Feb/2014:20:50:13 +0100] "GET /css/Panel.css HTTP/1.1" 200 3497 "http://www.reisenweber-berlin.de/leistungen.html" "Mozilla/5.0 (iPad; CPU OS 6_1_3 like Mac OS X) AppleWebKit/536.26 (KHTML, like Gecko) Version/6.0 Mobile/10B329 Safari/8536.25"
91.67.125.27 - - [23/Feb/2014:20:50:13 +0100] "GET /img/HG_news.png HTTP/1.1" 200 212 "http://www.reisenweber-berlin.de/leistungen.html" "Mozilla/5.0 (iPad; CPU OS 6_1_3 like Mac OS X) AppleWebKit/536.26 (KHTML, like Gecko) Version/6.0 Mobile/10B329 Safari/8536.25"
91.67.125.27 - - [23/Feb/2014:20:52:30 +0100] "GET /haare.html HTTP/1.1" 200 19161 "http://www.reisenweber-berlin.de/leistungen.html" "Mozilla/5.0 (iPad; CPU OS 6_1_3 like Mac OS X) AppleWebKit/536.26 (KHTML, like Gecko) Version/6.0 Mobile/10B329 Safari/8536.25"
91.67.125.27 - - [23/Feb/2014:20:52:30 +0100] "GET /img/hair.png HTTP/1.1" 200 129494 "http://www.reisenweber-berlin.de/haare.html" "Mozilla/5.0 (iPad; CPU OS 6_1_3 like Mac OS X) AppleWebKit/536.26 (KHTML, like Gecko) Version/6.0 Mobile/10B329 Safari/8536.25"
91.67.125.27 - - [23/Feb/2014:20:52:46 +0100] "GET /kosmetik.html HTTP/1.1" 200 11730 "http://www.reisenweber-berlin.de/haare.html" "Mozilla/5.0 (iPad; CPU OS 6_1_3 like Mac OS X) AppleWebKit/536.26 (KHTML, like Gecko) Version/6.0 Mobile/10B329 Safari/8536.25"
91.67.125.27 - - [23/Feb/2014:20:52:46 +0100] "GET /img/kosmetik.png HTTP/1.1" 200 104794 "http://www.reisenweber-berlin.de/kosmetik.html" "Mozilla/5.0 (iPad; CPU OS 6_1_3 like Mac OS X) AppleWebKit/536.26 (KHTML, like Gecko) Version/6.0 Mobile/10B329 Safari/8536.25"
91.67.125.27 - - [23/Feb/2014:20:53:00 +0100] "GET /aktuelles.html HTTP/1.1" 200 11502 "http://www.reisenweber-berlin.de/kosmetik.html" "Mozilla/5.0 (iPad; CPU OS 6_1_3 like Mac OS X) AppleWebKit/536.26 (KHTML, like Gecko) Version/6.0 Mobile/10B329 Safari/8536.25"
91.67.125.27 - - [23/Feb/2014:20:53:00 +0100] "GET /img/aktuell-03_sw.jpg HTTP/1.1" 200 5495 "http://www.reisenweber-berlin.de/aktuelles.html" "Mozilla/5.0 (iPad; CPU OS 6_1_3 like Mac OS X) AppleWebKit/536.26 (KHTML, like Gecko) Version/6.0 Mobile/10B329 Safari/8536.25"
91.67.125.27 - - [23/Feb/2014:20:53:00 +0100] "GET /img/abgrenzung.jpg HTTP/1.1" 200 1815 "http://www.reisenweber-berlin.de/aktuelles.html" "Mozilla/5.0 (iPad; CPU OS 6_1_3 like Mac OS X) AppleWebKit/536.26 (KHTML, like Gecko) Version/6.0 Mobile/10B329 Safari/8536.25"
91.67.125.27 - - [23/Feb/2014:20:53:00 +0100] "GET /img/aktuell-01_sw.jpg HTTP/1.1" 200 5806 "http://www.reisenweber-berlin.de/aktuelles.html" "Mozilla/5.0 (iPad; CPU OS 6_1_3 like Mac OS X) AppleWebKit/536.26 (KHTML, like Gecko) Version/6.0 Mobile/10B329 Safari/8536.25"
91.67.125.27 - - [23/Feb/2014:20:53:00 +0100] "GET /img/aktuell-02_sw.jpg HTTP/1.1" 200 4461 "http://www.reisenweber-berlin.de/aktuelles.html" "Mozilla/5.0 (iPad; CPU OS 6_1_3 like Mac OS X) AppleWebKit/536.26 (KHTML, like Gecko) Version/6.0 Mobile/10B329 Safari/8536.25"
91.67.125.27 - - [23/Feb/2014:20:53:00 +0100] "GET /img/aktuell-05_sw.jpg HTTP/1.1" 200 6383 "http://www.reisenweber-berlin.de/aktuelles.html" "Mozilla/5.0 (iPad; CPU OS 6_1_3 like Mac OS X) AppleWebKit/536.26 (KHTML, like Gecko) Version/6.0 Mobile/10B329 Safari/8536.25"
91.67.125.27 - - [23/Feb/2014:20:53:00 +0100] "GET /img/aktuell-08_sw.jpg HTTP/1.1" 200 5242 "http://www.reisenweber-berlin.de/aktuelles.html" "Mozilla/5.0 (iPad; CPU OS 6_1_3 like Mac OS X) AppleWebKit/536.26 (KHTML, like Gecko) Version/6.0 Mobile/10B329 Safari/8536.25"
91.67.125.27 - - [23/Feb/2014:20:53:00 +0100] "GET /img/aktuell-06_sw.jpg HTTP/1.1" 200 5357 "http://www.reisenweber-berlin.de/aktuelles.html" "Mozilla/5.0 (iPad; CPU OS 6_1_3 like Mac OS X) AppleWebKit/536.26 (KHTML, like Gecko) Version/6.0 Mobile/10B329 Safari/8536.25"
91.67.125.27 - - [23/Feb/2014:20:53:00 +0100] "GET /img/aktuell-07_sw.jpg HTTP/1.1" 200 6092 "http://www.reisenweber-berlin.de/aktuelles.html" "Mozilla/5.0 (iPad; CPU OS 6_1_3 like Mac OS X) AppleWebKit/536.26 (KHTML, like Gecko) Version/6.0 Mobile/10B329 Safari/8536.25"
91.67.125.27 - - [23/Feb/2014:20:53:00 +0100] "GET /img/Aufsteller.png HTTP/1.1" 200 141482 "http://www.reisenweber-berlin.de/aktuelles.html" "Mozilla/5.0 (iPad; CPU OS 6_1_3 like Mac OS X) AppleWebKit/536.26 (KHTML, like Gecko) Version/6.0 Mobile/10B329 Safari/8536.25"
91.67.125.27 - - [23/Feb/2014:20:53:01 +0100] "GET /img/aktuell-04_sw.jpg HTTP/1.1" 200 5330 "http://www.reisenweber-berlin.de/aktuelles.html" "Mozilla/5.0 (iPad; CPU OS 6_1_3 like Mac OS X) AppleWebKit/536.26 (KHTML, like Gecko) Version/6.0 Mobile/10B329 Safari/8536.25"
91.67.125.27 - - [23/Feb/2014:20:53:15 +0100] "GET /links.html HTTP/1.1" 200 8359 "http://www.reisenweber-berlin.de/aktuelles.html" "Mozilla/5.0 (iPad; CPU OS 6_1_3 like Mac OS X) AppleWebKit/536.26 (KHTML, like Gecko) Version/6.0 Mobile/10B329 Safari/8536.25"
66.249.78.164 - - [23/Feb/2014:21:51:38 +0100] "GET /img/damen-02-GR.jpg HTTP/1.1" 304 - "-" "Googlebot-Image/1.0"
5.10.83.69 - - [23/Feb/2014:22:04:13 +0100] "GET /img/damen-05-GR.jpg HTTP/1.1" 200 73659 "-" "Mozilla/5.0 (compatible; AhrefsBot/5.0; +http://ahrefs.com/robot/)"
66.249.78.164 - - [23/Feb/2014:22:36:05 +0100] "GET / HTTP/1.1" 200 9962 "-" "SAMSUNG-SGH-E250/1.0 Profile/MIDP-2.0 Configuration/CLDC-1.1 UP.Browser/6.2.3.3.c.1.101 (GUI) MMP/2.0 (compatible; Googlebot-Mobile/2.1; +http://www.google.com/bot.html)"
93.219.174.245 - - [23/Feb/2014:22:45:26 +0100] "GET /aktuelles.html HTTP/1.1" 200 11502 "-" "Mozilla/5.0 (Windows; U; Windows NT 6.0; de; rv:1.9.2.3) Gecko/20100401 Firefox/3.6.3 ( .NET CLR 3.5.30729)"
93.219.174.245 - - [24/Feb/2014:01:16:49 +0100] "GET /reisenweber_ani.swf HTTP/1.1" 200 60314 "-" "Mozilla/5.0 (Windows; U; Windows NT 6.0; de; rv:1.9.2.3) Gecko/20100401 Firefox/3.6.3 ( .NET CLR 3.5.30729)"
66.249.78.164 - - [24/Feb/2014:01:50:15 +0100] "GET /robots.txt HTTP/1.1" 404 1256 "-" "Mozilla/5.0 (compatible; Googlebot/2.1; +http://www.google.com/bot.html)"
66.249.75.25 - - [24/Feb/2014:01:50:15 +0100] "GET /aktuelles.html HTTP/1.1" 304 - "-" "DoCoMo/2.0 N905i(c100;TB;W24H16) (compatible; Googlebot-Mobile/2.1; +http://www.google.com/bot.html)"
66.249.78.164 - - [24/Feb/2014:01:57:36 +0100] "GET /img/damen-02.jpg HTTP/1.1" 200 6205 "-" "Googlebot-Image/1.0"
144.76.69.142 - - [24/Feb/2014:03:15:42 +0100] "GET /robots.txt HTTP/1.1" 404 1256 "-" "Mozilla/5.0 (compatible; SISTRIX Crawler; http://crawler.sistrix.net/)"
144.76.69.142 - - [24/Feb/2014:03:15:42 +0100] "GET / HTTP/1.1" 206 9962 "-" "Mozilla/5.0 (compatible; SISTRIX Crawler; http://crawler.sistrix.net/)"
66.249.78.164 - - [24/Feb/2014:03:16:50 +0100] "GET / HTTP/1.1" 200 9962 "-" "Mozilla/5.0 (compatible; Googlebot/2.1; +http://www.google.com/bot.html)"
66.249.78.164 - - [24/Feb/2014:03:21:31 +0100] "GET /aktuelles.html HTTP/1.1" 304 - "-" "Mozilla/5.0 (compatible; Googlebot/2.1; +http://www.google.com/bot.html)"
66.249.78.164 - - [24/Feb/2014:03:26:19 +0100] "GET /css/style.css HTTP/1.1" 200 3765 "-" "Mozilla/5.0 (compatible; Googlebot/2.1; +http://www.google.com/bot.html)"
157.55.33.104 - - [24/Feb/2014:03:39:40 +0100] "GET /robots.txt HTTP/1.1" 404 1256 "-" "Mozilla/5.0 (compatible; bingbot/2.0; +http://www.bing.com/bingbot.htm)"
157.55.33.18 - - [24/Feb/2014:03:54:22 +0100] "GET /kosmetik.html HTTP/1.1" 304 - "-" "Mozilla/5.0 (compatible; bingbot/2.0; +http://www.bing.com/bingbot.htm)"
157.55.33.104 - - [24/Feb/2014:03:55:02 +0100] "GET / HTTP/1.1" 200 9962 "-" "Mozilla/5.0 (compatible; bingbot/2.0; +http://www.bing.com/bingbot.htm)"
66.249.78.164 - - [24/Feb/2014:04:03:36 +0100] "GET /kontakt.html HTTP/1.1" 304 - "-" "Mozilla/5.0 (compatible; Googlebot/2.1; +http://www.google.com/bot.html)"
157.55.34.177 - - [24/Feb/2014:04:58:12 +0100] "GET /Scripts/AC_ActiveX.js HTTP/1.1" 200 2068 "-" "Mozilla/5.0 (compatible; bingbot/2.0; +http://www.bing.com/bingbot.htm)"
157.55.35.39 - - [24/Feb/2014:05:00:31 +0100] "GET /css/style.css HTTP/1.1" 200 3765 "-" "Mozilla/5.0 (compatible; bingbot/2.0; +http://www.bing.com/bingbot.htm)"
66.249.78.164 - - [24/Feb/2014:05:18:26 +0100] "GET /leistungen.html HTTP/1.1" 304 - "-" "Mozilla/5.0 (compatible; Googlebot/2.1; +http://www.google.com/bot.html)"
157.55.33.104 - - [24/Feb/2014:05:22:51 +0100] "GET /Scripts/AC_RunActiveContent.js HTTP/1.1" 200 8029 "-" "Mozilla/5.0 (compatible; bingbot/2.0; +http://www.bing.com/bingbot.htm)"
66.249.78.164 - - [24/Feb/2014:05:46:12 +0100] "GET /links.html HTTP/1.1" 304 - "-" "SAMSUNG-SGH-E250/1.0 Profile/MIDP-2.0 Configuration/CLDC-1.1 UP.Browser/6.2.3.3.c.1.101 (GUI) MMP/2.0 (compatible; Googlebot-Mobile/2.1; +http://www.google.com/bot.html)"
66.249.78.164 - - [24/Feb/2014:06:09:52 +0100] "GET /uns.html HTTP/1.1" 304 - "-" "Mozilla/5.0 (compatible; Googlebot/2.1; +http://www.google.com/bot.html)"
65.55.215.35 - - [24/Feb/2014:06:09:55 +0100] "GET /robots.txt HTTP/1.1" 404 1256 "-" "msnbot-media/1.1 (+http://search.msn.com/msnbot.htm)"
65.55.215.35 - - [24/Feb/2014:06:09:56 +0100] "GET /img/produkte.png HTTP/1.1" 200 135486 "-" "msnbot-media/1.1 (+http://search.msn.com/msnbot.htm)"
109.45.3.132 - - [24/Feb/2014:06:58:57 +0100] "GET / HTTP/1.1" 200 9962 "http://www.google.de/search?hl=de&redir_esc=&client=ms-android-hms-vf-de&source=android-launcher-search&v=133247963&qsubts=1393221471131&q=friseur+gubener+stra%C3%9Fe+berlin&v=133247963" "Mozilla/5.0 (Linux; U; Android 2.3.5; de-de; HTC Explorer A310e Build/GRJ90) AppleWebKit/533.1 (KHTML, like Gecko) Version/4.0 Mobile Safari/533.1"
109.45.3.132 - - [24/Feb/2014:06:58:57 +0100] "GET /Scripts/AC_RunActiveContent.js HTTP/1.1" 200 8029 "http://www.reisenweber-berlin.de/" "Mozilla/5.0 (Linux; U; Android 2.3.5; de-de; HTC Explorer A310e Build/GRJ90) AppleWebKit/533.1 (KHTML, like Gecko) Version/4.0 Mobile Safari/533.1"
109.45.3.132 - - [24/Feb/2014:06:58:57 +0100] "GET /Scripts/AC_ActiveX.js HTTP/1.1" 200 2068 "http://www.reisenweber-berlin.de/" "Mozilla/5.0 (Linux; U; Android 2.3.5; de-de; HTC Explorer A310e Build/GRJ90) AppleWebKit/533.1 (KHTML, like Gecko) Version/4.0 Mobile Safari/533.1"
109.45.3.132 - - [24/Feb/2014:06:58:57 +0100] "GET /css/style.css HTTP/1.1" 200 3765 "http://www.reisenweber-berlin.de/" "Mozilla/5.0 (Linux; U; Android 2.3.5; de-de; HTC Explorer A310e Build/GRJ90) AppleWebKit/533.1 (KHTML, like Gecko) Version/4.0 Mobile Safari/533.1"
109.45.3.132 - - [24/Feb/2014:06:58:57 +0100] "GET /img/hg.jpg HTTP/1.1" 200 44355 "http://www.reisenweber-berlin.de/" "Mozilla/5.0 (Linux; U; Android 2.3.5; de-de; HTC Explorer A310e Build/GRJ90) AppleWebKit/533.1 (KHTML, like Gecko) Version/4.0 Mobile Safari/533.1"
109.45.3.132 - - [24/Feb/2014:06:58:58 +0100] "GET /img/spacer.gif HTTP/1.1" 200 43 "http://www.reisenweber-berlin.de/" "Mozilla/5.0 (Linux; U; Android 2.3.5; de-de; HTC Explorer A310e Build/GRJ90) AppleWebKit/533.1 (KHTML, like Gecko) Version/4.0 Mobile Safari/533.1"
