208.115.113.89 - - [01/Feb/2014:00:29:00 +0100] "GET /robots.txt HTTP/1.1" 301 375 "-" "Mozilla/5.0 (compatible; Ezooms/1.0; help@moz.com)"
64.246.161.42 - - [01/Feb/2014:00:30:16 +0100] "GET /robots.txt HTTP/1.0" 301 392 "-" "Mozilla/5.0 (Windows; U; Windows NT 5.1; en; rv:1.9.0.13) Gecko/2009073022 Firefox/3.5.2 (.NET CLR 3.5.30729) SurveyBot/2.3 (DomainTools)"
64.246.161.42 - - [01/Feb/2014:00:30:17 +0100] "GET / HTTP/1.1" 301 382 "http://whois.domaintools.com/siemens-medientechnik.de" "Mozilla/5.0 (Windows; U; Windows NT 5.1; en; rv:1.9.0.13) Gecko/2009073022 Firefox/3.5.2 (.NET CLR 3.5.30729) SurveyBot/2.3 (DomainTools)"
64.246.161.42 - - [01/Feb/2014:00:51:13 +0100] "GET /robots.txt HTTP/1.0" 301 389 "-" "Mozilla/5.0 (Windows; U; Windows NT 5.1; en; rv:1.9.0.13) Gecko/2009073022 Firefox/3.5.2 (.NET CLR 3.5.30729) SurveyBot/2.3 (DomainTools)"
64.246.161.42 - - [01/Feb/2014:00:51:14 +0100] "GET / HTTP/1.1" 301 379 "http://whois.domaintools.com/sicherungs-service.de" "Mozilla/5.0 (Windows; U; Windows NT 5.1; en; rv:1.9.0.13) Gecko/2009073022 Firefox/3.5.2 (.NET CLR 3.5.30729) SurveyBot/2.3 (DomainTools)"
208.115.113.89 - - [01/Feb/2014:02:15:30 +0100] "GET /fire/forw_sibt_fire/index.html HTTP/1.1" 301 395 "-" "Mozilla/5.0 (compatible; Ezooms/1.0; help@moz.com)"
64.246.178.34 - - [01/Feb/2014:02:54:49 +0100] "GET /robots.txt HTTP/1.0" 301 384 "-" "Mozilla/5.0 (Windows; U; Windows NT 5.1; en; rv:1.9.0.13) Gecko/2009073022 Firefox/3.5.2 (.NET CLR 3.5.30729) SurveyBot/2.3 (DomainTools)"
64.246.178.34 - - [01/Feb/2014:02:54:50 +0100] "GET / HTTP/1.1" 301 374 "http://whois.domaintools.com/sgtbayernnord.de" "Mozilla/5.0 (Windows; U; Windows NT 5.1; en; rv:1.9.0.13) Gecko/2009073022 Firefox/3.5.2 (.NET CLR 3.5.30729) SurveyBot/2.3 (DomainTools)"
64.246.161.30 - - [01/Feb/2014:03:32:49 +0100] "GET /robots.txt HTTP/1.0" 301 377 "-" "Mozilla/5.0 (Windows; U; Windows NT 5.1; en; rv:1.9.0.13) Gecko/2009073022 Firefox/3.5.2 (.NET CLR 3.5.30729) SurveyBot/2.3 (DomainTools)"
64.246.161.30 - - [01/Feb/2014:03:32:50 +0100] "GET / HTTP/1.1" 301 367 "http://whois.domaintools.com/sgtost.de" "Mozilla/5.0 (Windows; U; Windows NT 5.1; en; rv:1.9.0.13) Gecko/2009073022 Firefox/3.5.2 (.NET CLR 3.5.30729) SurveyBot/2.3 (DomainTools)"
64.246.165.10 - - [01/Feb/2014:04:31:18 +0100] "GET /robots.txt HTTP/1.0" 301 394 "-" "Mozilla/5.0 (Windows; U; Windows NT 5.1; en; rv:1.9.0.13) Gecko/2009073022 Firefox/3.5.2 (.NET CLR 3.5.30729) SurveyBot/2.3 (DomainTools)"
64.246.165.10 - - [01/Feb/2014:04:31:18 +0100] "GET / HTTP/1.1" 301 384 "http://whois.domaintools.com/siemens-gebaeudetechnik.de" "Mozilla/5.0 (Windows; U; Windows NT 5.1; en; rv:1.9.0.13) Gecko/2009073022 Firefox/3.5.2 (.NET CLR 3.5.30729) SurveyBot/2.3 (DomainTools)"
216.145.5.42 - - [01/Feb/2014:04:34:12 +0100] "GET /robots.txt HTTP/1.0" 301 375 "-" "Mozilla/5.0 (Windows; U; Windows NT 5.1; en; rv:1.9.0.13) Gecko/2009073022 Firefox/3.5.2 (.NET CLR 3.5.30729) SurveyBot/2.3 (DomainTools)"
216.145.5.42 - - [01/Feb/2014:04:34:12 +0100] "GET / HTTP/1.1" 301 365 "http://whois.domaintools.com/sibt.de" "Mozilla/5.0 (Windows; U; Windows NT 5.1; en; rv:1.9.0.13) Gecko/2009073022 Firefox/3.5.2 (.NET CLR 3.5.30729) SurveyBot/2.3 (DomainTools)"
66.249.78.65 - - [01/Feb/2014:09:55:27 +0100] "GET /robots.txt HTTP/1.1" 301 375 "-" "Mozilla/5.0 (compatible; Googlebot/2.1; +http://www.google.com/bot.html)"
66.249.66.76 - - [01/Feb/2014:09:55:27 +0100] "GET /text/11020402_0000.htm HTTP/1.1" 301 387 "-" "DoCoMo/2.0 N905i(c100;TB;W24H16) (compatible; Googlebot-Mobile/2.1; +http://www.google.com/bot.html)"
66.249.73.173 - - [01/Feb/2014:14:12:52 +0100] "GET /robots.txt HTTP/1.1" 301 384 "-" "Mozilla/5.0 (compatible; Googlebot/2.1; +http://www.google.com/bot.html)"
66.249.73.173 - - [01/Feb/2014:14:12:52 +0100] "GET / HTTP/1.1" 301 374 "-" "Mozilla/5.0 (compatible; Googlebot/2.1; +http://www.google.com/bot.html)"
178.77.126.55 - - [01/Feb/2014:15:20:35 +0100] "GET /robots.txt HTTP/1.1" 301 375 "-" "Mozilla/5.0 (compatible; CareerBot/1.1; +http://www.career-x.de/bot.html)"
178.77.126.55 - - [01/Feb/2014:15:20:35 +0100] "GET / HTTP/1.1" 301 365 "-" "Mozilla/5.0 (compatible; CareerBot/1.1; +http://www.career-x.de/bot.html)"
178.77.126.55 - - [01/Feb/2014:16:15:15 +0100] "GET /robots.txt HTTP/1.1" 301 386 "-" "Mozilla/5.0 (compatible; CareerBot/1.1; +http://www.career-x.de/bot.html)"
178.77.126.55 - - [01/Feb/2014:16:15:15 +0100] "GET / HTTP/1.1" 301 376 "-" "Mozilla/5.0 (compatible; CareerBot/1.1; +http://www.career-x.de/bot.html)"
192.99.9.164 - - [01/Feb/2014:17:41:29 +0100] "GET / HTTP/1.1" 301 384 "-" "Mozilla/5.0 (Macintosh; Intel Mac OS X 10_8_4) AppleWebKit/537.36 (KHTML, like Gecko) Chrome/27.0.1453.110 Safari/537.36"
141.8.147.12 - - [01/Feb/2014:18:18:03 +0100] "GET /robots.txt HTTP/1.1" 301 375 "-" "Mozilla/5.0 (compatible; YandexBot/3.0; +http://yandex.com/bots)"
141.8.147.12 - - [01/Feb/2014:18:18:05 +0100] "GET /security/ HTTP/1.1" 301 374 "-" "Mozilla/5.0 (compatible; YandexBot/3.0; +http://yandex.com/bots)"
5.10.83.103 - - [01/Feb/2014:20:43:28 +0100] "GET /fire HTTP/1.1" 301 369 "-" "Mozilla/5.0 (compatible; AhrefsBot/5.0; +http://ahrefs.com/robot/)"
217.230.148.245 - - [01/Feb/2014:20:47:31 +0100] "GET / HTTP/1.1" 301 367 "http://m.bigfinder.de/?c=ws&q=internet&v=1" "Mozilla/5.0 (Windows; U; Windows NT 6.0; en-US) AppleWebKit/533.4 (KHTML, like Gecko) Chrome/5.0.375.126 Safari/533.4"
5.10.83.16 - - [01/Feb/2014:21:57:37 +0100] "GET / HTTP/1.1" 301 365 "-" "Mozilla/5.0 (compatible; AhrefsBot/5.0; +http://ahrefs.com/robot/)"
5.10.83.50 - - [01/Feb/2014:22:01:39 +0100] "GET /text/11020402_0000.htm HTTP/1.1" 301 387 "-" "Mozilla/5.0 (compatible; AhrefsBot/5.0; +http://ahrefs.com/robot/)"
54.242.253.20 - - [02/Feb/2014:03:44:46 +0100] "HEAD /robots.txt HTTP/1.1" 301 - "http://netcomber.com/algorex-partner.de?st=br2" "algorex-partner.de"
54.242.253.20 - - [02/Feb/2014:03:44:46 +0100] "GET /robots.txt HTTP/1.1" 301 386 "http://netcomber.com/algorex-partner.de?st=br2" "algorex-partner.de"
66.249.73.202 - - [02/Feb/2014:03:44:59 +0100] "GET /robots.txt HTTP/1.1" 301 375 "-" "Mozilla/5.0 (compatible; Googlebot/2.1; +http://www.google.com/bot.html)"
66.249.73.202 - - [02/Feb/2014:03:45:00 +0100] "GET /text/11020402_0000.htm HTTP/1.1" 301 387 "-" "SAMSUNG-SGH-E250/1.0 Profile/MIDP-2.0 Configuration/CLDC-1.1 UP.Browser/6.2.3.3.c.1.101 (GUI) MMP/2.0 (compatible; Googlebot-Mobile/2.1; +http://www.google.com/bot.html)"
157.56.92.143 - - [02/Feb/2014:05:55:09 +0100] "GET /robots.txt HTTP/1.1" 301 375 "-" "Mozilla/5.0 (compatible; bingbot/2.0; +http://www.bing.com/bingbot.htm)"
141.8.147.12 - - [02/Feb/2014:06:25:42 +0100] "GET /robots.txt HTTP/1.1" 301 375 "-" "Mozilla/5.0 (compatible; YandexBot/3.0; +http://yandex.com/bots)"
141.8.147.12 - - [02/Feb/2014:06:41:46 +0100] "GET /robots.txt HTTP/1.1" 301 394 "-" "Mozilla/5.0 (compatible; YandexBot/3.0; +http://yandex.com/bots)"
157.56.92.143 - - [02/Feb/2014:06:42:11 +0100] "GET /security/forw_sibt_security/index.html HTTP/1.1" 301 403 "-" "Mozilla/5.0 (compatible; bingbot/2.0; +http://www.bing.com/bingbot.htm)"
65.55.24.217 - - [02/Feb/2014:06:46:40 +0100] "GET /robots.txt HTTP/1.1" 301 392 "-" "Mozilla/5.0 (compatible; bingbot/2.0; +http://www.bing.com/bingbot.htm)"
65.55.24.217 - - [02/Feb/2014:06:48:50 +0100] "GET /news/article/1011778061.php HTTP/1.1" 301 409 "-" "Mozilla/5.0 (compatible; bingbot/2.0; +http://www.bing.com/bingbot.htm)"
141.8.147.12 - - [02/Feb/2014:07:33:31 +0100] "GET / HTTP/1.1" 301 365 "-" "Mozilla/5.0 (compatible; YandexBot/3.0; +http://yandex.com/bots)"
141.8.147.12 - - [02/Feb/2014:07:40:54 +0100] "GET / HTTP/1.1" 301 384 "-" "Mozilla/5.0 (compatible; YandexBot/3.0; +http://yandex.com/bots)"
157.56.92.143 - - [02/Feb/2014:15:35:01 +0100] "GET /robots.txt HTTP/1.1" 301 375 "-" "Mozilla/5.0 (compatible; bingbot/2.0; +http://www.bing.com/bingbot.htm)"
157.56.92.143 - - [02/Feb/2014:15:39:40 +0100] "GET /security/forw_sibt_security/index.html HTTP/1.1" 301 403 "-" "Mozilla/5.0 (compatible; bingbot/2.0; +http://www.bing.com/bingbot.htm)"
178.255.215.78 - - [02/Feb/2014:16:17:28 +0100] "GET /robots.txt HTTP/1.1" 301 375 "-" "Mozilla/5.0 (compatible; Exabot/3.0; +http://www.exabot.com/go/robot)"
178.255.215.78 - - [02/Feb/2014:16:17:28 +0100] "GET / HTTP/1.1" 301 365 "-" "Mozilla/5.0 (compatible; Exabot/3.0; +http://www.exabot.com/go/robot)"
208.115.111.73 - - [02/Feb/2014:18:41:55 +0100] "GET /robots.txt HTTP/1.1" 301 375 "-" "Mozilla/5.0 (compatible; Ezooms/1.0; help@moz.com)"
208.115.111.73 - - [02/Feb/2014:20:39:38 +0100] "GET /security/ HTTP/1.1" 301 374 "-" "Mozilla/5.0 (compatible; Ezooms/1.0; help@moz.com)"
66.249.78.65 - - [02/Feb/2014:21:33:13 +0100] "GET /robots.txt HTTP/1.1" 301 375 "-" "Mozilla/5.0 (compatible; Googlebot/2.1; +http://www.google.com/bot.html)"
66.249.66.76 - - [02/Feb/2014:21:33:14 +0100] "GET / HTTP/1.1" 301 365 "-" "DoCoMo/2.0 N905i(c100;TB;W24H16) (compatible; Googlebot-Mobile/2.1; +http://www.google.com/bot.html)"
85.186.103.66 - - [02/Feb/2014:22:26:51 +0100] "GET / HTTP/1.1" 301 365 "-" "-"
85.186.103.66 - - [02/Feb/2014:22:27:17 +0100] "GET / HTTP/1.1" 301 365 "-" "-"
85.186.103.66 - - [02/Feb/2014:22:27:47 +0100] "GET / HTTP/1.1" 301 365 "-" "-"
85.186.103.66 - - [02/Feb/2014:22:28:12 +0100] "GET / HTTP/1.1" 301 365 "-" "-"
85.186.103.66 - - [02/Feb/2014:22:28:20 +0100] "GET / HTTP/1.1" 301 365 "-" "-"
85.186.103.66 - - [02/Feb/2014:22:29:03 +0100] "GET / HTTP/1.1" 301 365 "-" "-"
85.186.103.66 - - [02/Feb/2014:22:29:27 +0100] "GET / HTTP/1.1" 301 365 "-" "-"
85.186.103.66 - - [02/Feb/2014:22:29:37 +0100] "GET / HTTP/1.1" 301 365 "-" "-"
85.186.103.66 - - [02/Feb/2014:22:29:40 +0100] "GET / HTTP/1.1" 301 365 "-" "-"
85.186.103.66 - - [02/Feb/2014:22:29:48 +0100] "GET / HTTP/1.1" 301 365 "-" "-"
208.88.226.73 - - [02/Feb/2014:23:28:21 +0100] "HEAD / HTTP/1.1" 301 - "-" "Mozilla/5.0 (Windows NT 6.1; WOW64; rv:7.0.1) Gecko/20100101 Firefox/7.0.1"
157.55.33.27 - - [03/Feb/2014:00:23:12 +0100] "GET /robots.txt HTTP/1.1" 301 375 "-" "Mozilla/5.0 (compatible; bingbot/2.0; +http://www.bing.com/bingbot.htm)"
157.55.33.27 - - [03/Feb/2014:00:26:02 +0100] "GET / HTTP/1.1" 301 365 "-" "Mozilla/5.0 (compatible; bingbot/2.0; +http://www.bing.com/bingbot.htm)"
141.8.147.12 - - [03/Feb/2014:01:17:14 +0100] "GET /robots.txt HTTP/1.1" 301 394 "-" "Mozilla/5.0 (compatible; YandexBot/3.0; +http://yandex.com/bots)"
5.199.136.130 - - [03/Feb/2014:01:32:01 +0100] "GET /robots.txt HTTP/1.1" 301 375 "-" "Mozilla/5.0 (compatible; waybackarchive.org/1.0; +spider@waybackarchive.org)"
5.199.136.130 - - [03/Feb/2014:01:32:05 +0100] "GET /fire HTTP/1.1" 301 369 "-" "Mozilla/5.0 (compatible; waybackarchive.org/1.0; +spider@waybackarchive.org)"
5.9.127.154 - - [03/Feb/2014:01:51:30 +0100] "GET /robots.txt HTTP/1.1" 301 386 "-" "Mozilla/5.0 (compatible; SISTRIX Crawler; http://crawler.sistrix.net/)"
5.9.127.154 - - [03/Feb/2014:01:51:30 +0100] "GET / HTTP/1.1" 301 376 "-" "Mozilla/5.0 (compatible; SISTRIX Crawler; http://crawler.sistrix.net/)"
141.8.147.12 - - [03/Feb/2014:02:56:25 +0100] "GET /robots.txt HTTP/1.1" 301 384 "-" "Mozilla/5.0 (compatible; YandexBot/3.0; +http://yandex.com/bots)"
141.8.147.12 - - [03/Feb/2014:03:09:00 +0100] "GET /robots.txt HTTP/1.1" 301 386 "-" "Mozilla/5.0 (compatible; YandexBot/3.0; +http://yandex.com/bots)"
141.8.147.12 - - [03/Feb/2014:03:37:32 +0100] "GET / HTTP/1.1" 301 376 "-" "Mozilla/5.0 (compatible; YandexBot/3.0; +http://yandex.com/bots)"
141.8.147.12 - - [03/Feb/2014:03:55:18 +0100] "GET / HTTP/1.1" 301 384 "-" "Mozilla/5.0 (compatible; YandexBot/3.0; +http://yandex.com/bots)"
141.8.147.12 - - [03/Feb/2014:05:03:30 +0100] "GET /robots.txt HTTP/1.1" 301 392 "-" "Mozilla/5.0 (compatible; YandexBot/3.0; +http://yandex.com/bots)"
66.249.78.81 - - [03/Feb/2014:05:50:18 +0100] "GET /robots.txt HTTP/1.1" 301 386 "-" "Mozilla/5.0 (compatible; Googlebot/2.1; +http://www.google.com/bot.html)"
66.249.66.178 - - [03/Feb/2014:05:50:19 +0100] "GET / HTTP/1.1" 301 376 "-" "DoCoMo/2.0 N905i(c100;TB;W24H16) (compatible; Googlebot-Mobile/2.1; +http://www.google.com/bot.html)"
141.8.147.12 - - [03/Feb/2014:06:12:21 +0100] "GET / HTTP/1.1" 301 374 "-" "Mozilla/5.0 (compatible; YandexBot/3.0; +http://yandex.com/bots)"
5.10.83.30 - - [03/Feb/2014:06:29:44 +0100] "GET / HTTP/1.1" 301 376 "-" "Mozilla/5.0 (compatible; AhrefsBot/5.0; +http://ahrefs.com/robot/)"
141.8.147.12 - - [03/Feb/2014:08:35:16 +0100] "GET /robots.txt HTTP/1.1" 301 377 "-" "Mozilla/5.0 (compatible; YandexBot/3.0; +http://yandex.com/bots)"
141.8.147.12 - - [03/Feb/2014:08:57:09 +0100] "GET / HTTP/1.1" 301 382 "-" "Mozilla/5.0 (compatible; YandexBot/3.0; +http://yandex.com/bots)"
91.61.75.5 - - [03/Feb/2014:09:35:37 +0100] "GET / HTTP/1.1" 301 365 "-" "Mozilla/5.0 (Windows NT 6.1; Win64; x64; rv:22.0) Gecko/20130328 Firefox/22.0"
208.115.111.73 - - [03/Feb/2014:10:43:50 +0100] "GET /robots.txt HTTP/1.1" 301 375 "-" "Mozilla/5.0 (compatible; Ezooms/1.0; help@moz.com)"
208.115.111.73 - - [03/Feb/2014:11:17:39 +0100] "GET /fire HTTP/1.1" 301 369 "-" "Mozilla/5.0 (compatible; Ezooms/1.0; help@moz.com)"
141.8.147.12 - - [03/Feb/2014:15:45:16 +0100] "GET /robots.txt HTTP/1.1" 301 386 "-" "Mozilla/5.0 (compatible; YandexBot/3.0; +http://yandex.com/bots)"
157.56.93.186 - - [03/Feb/2014:16:03:59 +0100] "GET /robots.txt HTTP/1.1" 301 375 "-" "Mozilla/5.0 (compatible; bingbot/2.0; +http://www.bing.com/bingbot.htm)"
157.56.93.186 - - [03/Feb/2014:16:07:46 +0100] "GET /security/ HTTP/1.1" 301 374 "-" "Mozilla/5.0 (compatible; bingbot/2.0; +http://www.bing.com/bingbot.htm)"
141.8.147.12 - - [03/Feb/2014:16:49:37 +0100] "GET / HTTP/1.1" 301 367 "-" "Mozilla/5.0 (compatible; YandexBot/3.0; +http://yandex.com/bots)"
54.202.127.132 - - [03/Feb/2014:18:07:04 +0100] "GET / HTTP/1.1" 301 365 "http://www.forexunion.net" "Mozilla/5.0 (Windows NT 6.1; Win64; x64; rv:25.0) Gecko/20100101 Firefox/25.0"
141.8.147.12 - - [03/Feb/2014:18:31:42 +0100] "GET /robots.txt HTTP/1.1" 301 375 "-" "Mozilla/5.0 (compatible; YandexBot/3.0; +http://yandex.com/bots)"
66.249.78.240 - - [03/Feb/2014:18:40:54 +0100] "GET /robots.txt HTTP/1.1" 301 377 "-" "Mozilla/5.0 (compatible; Googlebot/2.1; +http://www.google.com/bot.html)"
66.249.66.215 - - [03/Feb/2014:18:40:55 +0100] "GET / HTTP/1.1" 301 367 "-" "DoCoMo/2.0 N905i(c100;TB;W24H16) (compatible; Googlebot-Mobile/2.1; +http://www.google.com/bot.html)"
141.8.147.12 - - [03/Feb/2014:23:50:48 +0100] "GET / HTTP/1.1" 301 365 "-" "Mozilla/5.0 (compatible; YandexBot/3.0; +http://yandex.com/bots)"
141.8.147.12 - - [04/Feb/2014:00:03:33 +0100] "GET /robots.txt HTTP/1.1" 301 392 "-" "Mozilla/5.0 (compatible; YandexBot/3.0; +http://yandex.com/bots)"
212.86.219.134 - - [04/Feb/2014:01:55:14 +0100] "GET /robots.txt HTTP/1.1" 301 386 "-" "Mozilla/5.0 (Macintosh; U; Intel Mac OS X 10_5_6; en-us) AppleWebKit/528.16 (KHTML, like Gecko) Version/4.0 Safari/528.16"
212.86.219.134 - - [04/Feb/2014:01:55:14 +0100] "GET / HTTP/1.1" 301 376 "-" "Mozilla/5.0 (Macintosh; U; Intel Mac OS X 10_5_6; en-us) AppleWebKit/528.16 (KHTML, like Gecko) Version/4.0 Safari/528.16"
178.77.126.55 - - [04/Feb/2014:04:53:18 +0100] "GET /robots.txt HTTP/1.1" 301 375 "-" "Mozilla/5.0 (compatible; CareerBot/1.1; +http://www.career-x.de/bot.html)"
178.77.126.55 - - [04/Feb/2014:04:53:18 +0100] "GET / HTTP/1.1" 301 365 "-" "Mozilla/5.0 (compatible; CareerBot/1.1; +http://www.career-x.de/bot.html)"
141.8.147.12 - - [04/Feb/2014:05:37:11 +0100] "GET / HTTP/1.1" 301 382 "-" "Mozilla/5.0 (compatible; YandexBot/3.0; +http://yandex.com/bots)"
178.77.126.55 - - [04/Feb/2014:05:45:44 +0100] "GET /robots.txt HTTP/1.1" 301 386 "-" "Mozilla/5.0 (compatible; CareerBot/1.1; +http://www.career-x.de/bot.html)"
178.77.126.55 - - [04/Feb/2014:05:45:44 +0100] "GET / HTTP/1.1" 301 376 "-" "Mozilla/5.0 (compatible; CareerBot/1.1; +http://www.career-x.de/bot.html)"
144.76.137.226 - - [04/Feb/2014:06:31:26 +0100] "GET /robots.txt HTTP/1.0" 301 375 "-" "Mozilla/5.0 (compatible; MJ12bot/v1.4.4; http://www.majestic12.co.uk/bot.php?+)"
144.76.137.226 - - [04/Feb/2014:06:31:39 +0100] "GET / HTTP/1.0" 301 365 "-" "Mozilla/5.0 (compatible; MJ12bot/v1.4.4; http://www.majestic12.co.uk/bot.php?+)"
78.92.11.60 - - [04/Feb/2014:10:29:10 +0100] "GET / HTTP/1.1" 301 376 "-" "Mozilla/4.0 (compatible; MSIE 8.0; Windows NT 5.1; Trident/4.0; .NET CLR 1.1.4322; .NET CLR 2.0.50727; .NET CLR 3.0.4506.2152; .NET CLR 3.5.30729; .NET4.0C)"
157.56.229.23 - - [04/Feb/2014:10:41:41 +0100] "GET /robots.txt HTTP/1.1" 301 375 "-" "Mozilla/5.0 (compatible; bingbot/2.0; +http://www.bing.com/bingbot.htm)"
157.56.229.23 - - [04/Feb/2014:10:42:53 +0100] "GET /fire/forw_sibt_fire/index.html HTTP/1.1" 301 395 "-" "Mozilla/5.0 (compatible; bingbot/2.0; +http://www.bing.com/bingbot.htm)"
182.64.144.115 - - [04/Feb/2014:13:08:57 +0100] "GET / HTTP/1.1" 301 376 "-" "-"
182.64.144.115 - - [04/Feb/2014:13:09:04 +0100] "GET /buildingtechnologies/de/de/Pages/home.aspx HTTP/1.1" 301 418 "-" "-"
182.64.144.115 - - [04/Feb/2014:13:09:05 +0100] "GET / HTTP/1.1" 301 376 "-" "-"
85.16.76.66 - - [04/Feb/2014:17:08:27 +0100] "GET / HTTP/1.1" 301 365 "http://regis.inecos.de/st-os/de/profile/UNT-5950" "Mozilla/5.0 (Windows NT 6.1; WOW64) AppleWebKit/537.36 (KHTML, like Gecko) Chrome/32.0.1700.102 Safari/537.36"
176.34.79.203 - - [04/Feb/2014:17:49:26 +0100] "GET / HTTP/1.1" 301 367 "-" "Fetcher/1.0"
162.243.67.202 - - [04/Feb/2014:19:20:38 +0100] "GET /robots.txt HTTP/1.1" 301 386 "-" "Mozilla/5.0 (compatible; spbot/4.0.6; +http://www.seoprofiler.com/bot )"
162.243.67.202 - - [04/Feb/2014:19:20:43 +0100] "GET / HTTP/1.1" 301 376 "-" "Mozilla/5.0 (compatible; spbot/4.0.6; +http://www.seoprofiler.com/bot )"
144.76.4.165 - - [05/Feb/2014:00:33:41 +0100] "GET /robots.txt HTTP/1.1" 301 375 "-" "Mozilla/5.0 (compatible; SISTRIX Crawler; http://crawler.sistrix.net/)"
144.76.4.165 - - [05/Feb/2014:00:33:42 +0100] "GET / HTTP/1.1" 301 365 "-" "Mozilla/5.0 (compatible; SISTRIX Crawler; http://crawler.sistrix.net/)"
141.8.147.12 - - [05/Feb/2014:01:50:57 +0100] "GET /robots.txt HTTP/1.1" 301 384 "-" "Mozilla/5.0 (compatible; YandexBot/3.0; +http://yandex.com/bots)"
101.226.169.200 - - [05/Feb/2014:04:14:03 +0100] "GET /robots.txt HTTP/1.1" 301 386 "http://www.algorex-partner.de/robots.txt" "Mozilla/4.0 (compatible; MSIE 8.0; Windows NT 6.1; Trident/4.0; SLCC2; .NET CLR 2.0.50727; .NET CLR 3.5.30729; .NET CLR 3.0.30729; Media Center PC 6.0; MDDR; .NET4.0C; .NET4.0E; .NET CLR 1.1.4322; Tablet PC 2.0); 360Spider"
217.69.133.226 - - [05/Feb/2014:04:47:19 +0100] "GET /robots.txt HTTP/1.1" 301 386 "-" "Mozilla/5.0 (compatible; Linux x86_64; Mail.RU_Bot/2.0; +http://go.mail.ru/help/robots)"
217.69.133.221 - - [05/Feb/2014:04:47:21 +0100] "GET / HTTP/1.1" 301 376 "-" "Mozilla/5.0 (compatible; Linux x86_64; Mail.RU_Bot/2.0; +http://go.mail.ru/help/robots)"
141.8.147.12 - - [05/Feb/2014:07:41:19 +0100] "GET / HTTP/1.1" 301 374 "-" "Mozilla/5.0 (compatible; YandexBot/3.0; +http://yandex.com/bots)"
80.153.253.211 - - [05/Feb/2014:09:31:26 +0100] "GET / HTTP/1.1" 301 365 "http://web2.cylex.de/reviews/viewcompanywebsite.aspx?firmaName=siemens-gebaeudetechnik-ost-gmbh&companyId=2257388" "Mozilla/5.0 (Windows NT 6.1; WOW64) AppleWebKit/537.36 (KHTML, like Gecko) Chrome/32.0.1700.107 Safari/537.36"
162.210.196.97 - - [05/Feb/2014:11:56:07 +0100] "GET /robots.txt HTTP/1.0" 301 386 "-" "Mozilla/5.0 (compatible; MJ12bot/v1.4.4; http://www.majestic12.co.uk/bot.php?+)"
162.210.196.97 - - [05/Feb/2014:11:56:09 +0100] "GET / HTTP/1.0" 301 376 "-" "Mozilla/5.0 (compatible; MJ12bot/v1.4.4; http://www.majestic12.co.uk/bot.php?+)"
162.243.223.4 - - [05/Feb/2014:14:26:08 +0100] "HEAD / HTTP/1.1" 301 - "http://www.netcraft.com/survey/" "Mozilla/4.0 (compatible; Netcraft Web Server Survey)"
141.8.147.12 - - [05/Feb/2014:15:35:22 +0100] "GET /robots.txt HTTP/1.1" 301 386 "-" "Mozilla/5.0 (compatible; YandexBot/3.0; +http://yandex.com/bots)"
141.8.147.12 - - [05/Feb/2014:16:14:15 +0100] "GET / HTTP/1.1" 301 376 "-" "Mozilla/5.0 (compatible; YandexBot/3.0; +http://yandex.com/bots)"
5.10.83.39 - - [05/Feb/2014:17:21:56 +0100] "GET / HTTP/1.1" 301 384 "-" "Mozilla/5.0 (compatible; AhrefsBot/5.0; +http://ahrefs.com/robot/)"
157.56.93.62 - - [05/Feb/2014:20:03:41 +0100] "GET /robots.txt HTTP/1.1" 301 375 "-" "Mozilla/5.0 (compatible; bingbot/2.0; +http://www.bing.com/bingbot.htm)"
157.56.93.62 - - [05/Feb/2014:20:05:07 +0100] "GET /text/11020402_0000.htm HTTP/1.1" 301 387 "-" "Mozilla/5.0 (compatible; bingbot/2.0; +http://www.bing.com/bingbot.htm)"
141.8.147.12 - - [05/Feb/2014:23:17:22 +0100] "GET /robots.txt HTTP/1.1" 301 377 "-" "Mozilla/5.0 (compatible; YandexBot/3.0; +http://yandex.com/bots)"
101.226.166.229 - - [05/Feb/2014:23:40:14 +0100] "GET /robots.txt HTTP/1.1" 301 386 "http://www.algorex-partner.de/robots.txt" "Mozilla/4.0 (compatible; MSIE 8.0; Windows NT 6.1; Trident/4.0; SLCC2; .NET CLR 2.0.50727; .NET CLR 3.5.30729; .NET CLR 3.0.30729; Media Center PC 6.0; MDDR; .NET4.0C; .NET4.0E; .NET CLR 1.1.4322; Tablet PC 2.0); 360Spider"
141.8.147.12 - - [06/Feb/2014:00:27:55 +0100] "GET /robots.txt HTTP/1.1" 301 394 "-" "Mozilla/5.0 (compatible; YandexBot/3.0; +http://yandex.com/bots)"
141.8.147.12 - - [06/Feb/2014:00:47:32 +0100] "GET / HTTP/1.1" 301 367 "-" "Mozilla/5.0 (compatible; YandexBot/3.0; +http://yandex.com/bots)"
141.8.147.12 - - [06/Feb/2014:04:58:57 +0100] "GET / HTTP/1.1" 301 384 "-" "Mozilla/5.0 (compatible; YandexBot/3.0; +http://yandex.com/bots)"
141.8.147.12 - - [06/Feb/2014:05:33:02 +0100] "GET /robots.txt HTTP/1.1" 301 375 "-" "Mozilla/5.0 (compatible; YandexBot/3.0; +http://yandex.com/bots)"
141.8.147.12 - - [06/Feb/2014:05:33:04 +0100] "GET /security/ HTTP/1.1" 301 374 "-" "Mozilla/5.0 (compatible; YandexBot/3.0; +http://yandex.com/bots)"
77.75.73.11 - - [06/Feb/2014:07:40:44 +0100] "GET /robots.txt HTTP/1.1" 301 386 "-" "Mozilla/5.0 (compatible; SeznamBot/3.2; +http://fulltext.sblog.cz/)"
77.75.73.11 - - [06/Feb/2014:07:40:45 +0100] "GET / HTTP/1.1" 301 376 "-" "Mozilla/5.0 (compatible; SeznamBot/3.2; +http://fulltext.sblog.cz/)"
208.115.111.73 - - [06/Feb/2014:18:25:15 +0100] "GET /robots.txt HTTP/1.1" 301 375 "-" "Mozilla/5.0 (compatible; Ezooms/1.0; help@moz.com)"
192.99.9.164 - - [06/Feb/2014:19:53:59 +0100] "GET / HTTP/1.1" 301 384 "-" "Mozilla/5.0 (Macintosh; Intel Mac OS X 10_8_4) AppleWebKit/537.36 (KHTML, like Gecko) Chrome/27.0.1453.110 Safari/537.36"
208.115.111.73 - - [06/Feb/2014:20:12:23 +0100] "GET /security/forw_sibt_security/index.html HTTP/1.1" 301 403 "-" "Mozilla/5.0 (compatible; Ezooms/1.0; help@moz.com)"
178.24.218.88 - - [06/Feb/2014:22:06:14 +0100] "GET /robots.txt HTTP/1.0" 301 375 "-" "Mozilla/5.0 (compatible; MJ12bot/v1.4.4; http://www.majestic12.co.uk/bot.php?+)"
178.24.218.88 - - [06/Feb/2014:22:06:17 +0100] "GET / HTTP/1.1" 301 365 "-" "Mozilla/5.0 (compatible; MJ12bot/v1.4.4; http://www.majestic12.co.uk/bot.php?+)"
157.55.32.162 - - [06/Feb/2014:22:32:07 +0100] "GET /robots.txt HTTP/1.1" 301 384 "-" "Mozilla/5.0 (compatible; bingbot/2.0; +http://www.bing.com/bingbot.htm)"
157.55.32.162 - - [06/Feb/2014:22:58:20 +0100] "GET / HTTP/1.1" 301 374 "-" "Mozilla/5.0 (compatible; bingbot/2.0; +http://www.bing.com/bingbot.htm)"
217.69.133.68 - - [07/Feb/2014:00:04:34 +0100] "GET /robots.txt HTTP/1.1" 301 386 "-" "Mozilla/5.0 (compatible; Linux x86_64; Mail.RU_Bot/2.0; +http://go.mail.ru/help/robots)"
217.69.133.226 - - [07/Feb/2014:00:04:35 +0100] "GET / HTTP/1.1" 301 376 "-" "Mozilla/5.0 (compatible; Linux x86_64; Mail.RU_Bot/2.0; +http://go.mail.ru/help/robots)"
80.242.34.105 - - [07/Feb/2014:02:17:10 +0100] "GET / HTTP/1.1" 301 365 "-" "Mozilla/4.0 (compatible; MSIE 7.0; Windows NT 6.0)"
84.38.65.176 - - [07/Feb/2014:04:55:10 +0100] "GET / HTTP/1.1" 301 382 "http://www.sumaja.de/" "Mozilla/4.0 (compatible; MSIE 8.0; Windows NT 6.1; Trident/4.0; SLCC2; .NET CLR 2.0.50727; .NET CLR 3.5.30729; .NET CLR 3.0.30729; Media Center PC 6.0)"
83.133.125.202 - - [07/Feb/2014:04:55:11 +0100] "GET / HTTP/1.0" 301 382 "-" "-"
83.133.125.202 - - [07/Feb/2014:04:55:12 +0100] "GET / HTTP/1.0" 301 382 "-" "-"
101.226.169.210 - - [07/Feb/2014:06:20:47 +0100] "GET /robots.txt HTTP/1.1" 301 375 "http://www.sibt.de/robots.txt" "Mozilla/4.0 (compatible; MSIE 8.0; Windows NT 6.1; Trident/4.0; SLCC2; .NET CLR 2.0.50727; .NET CLR 3.5.30729; .NET CLR 3.0.30729; Media Center PC 6.0; MDDR; .NET4.0C; .NET4.0E; .NET CLR 1.1.4322; Tablet PC 2.0); 360Spider"
141.8.147.12 - - [07/Feb/2014:06:45:20 +0100] "GET /robots.txt HTTP/1.1" 301 394 "-" "Mozilla/5.0 (compatible; YandexBot/3.0; +http://yandex.com/bots)"
178.77.126.55 - - [07/Feb/2014:06:50:02 +0100] "GET /robots.txt HTTP/1.1" 301 375 "-" "Mozilla/5.0 (compatible; CareerBot/1.1; +http://www.career-x.de/bot.html)"
178.77.126.55 - - [07/Feb/2014:06:50:02 +0100] "GET / HTTP/1.1" 301 365 "-" "Mozilla/5.0 (compatible; CareerBot/1.1; +http://www.career-x.de/bot.html)"
80.187.96.95 - - [07/Feb/2014:12:32:45 +0100] "GET / HTTP/1.1" 301 365 "-" "Mozilla/5.0 (iPhone; CPU iPhone OS 7_0_4 like Mac OS X) AppleWebKit/537.51.1 (KHTML, like Gecko) Version/7.0 Mobile/11B554a Safari/9537.53"
178.77.126.55 - - [07/Feb/2014:12:55:32 +0100] "GET /robots.txt HTTP/1.1" 301 386 "-" "Mozilla/5.0 (compatible; CareerBot/1.1; +http://www.career-x.de/bot.html)"
178.77.126.55 - - [07/Feb/2014:12:55:32 +0100] "GET / HTTP/1.1" 301 376 "-" "Mozilla/5.0 (compatible; CareerBot/1.1; +http://www.career-x.de/bot.html)"
141.8.147.12 - - [07/Feb/2014:14:01:05 +0100] "GET / HTTP/1.1" 301 384 "-" "Mozilla/5.0 (compatible; YandexBot/3.0; +http://yandex.com/bots)"
148.251.14.166 - - [07/Feb/2014:18:05:13 +0100] "GET /robots.txt HTTP/1.0" 301 375 "-" "Mozilla/5.0 (compatible; MJ12bot/v1.4.4; http://www.majestic12.co.uk/bot.php?+)"
148.251.14.166 - - [07/Feb/2014:18:05:24 +0100] "GET /fire/forw_sibt_fire/index.html HTTP/1.0" 301 395 "-" "Mozilla/5.0 (compatible; MJ12bot/v1.4.4; http://www.majestic12.co.uk/bot.php?+)"
148.251.14.166 - - [07/Feb/2014:18:05:35 +0100] "GET /security HTTP/1.0" 301 373 "-" "Mozilla/5.0 (compatible; MJ12bot/v1.4.4; http://www.majestic12.co.uk/bot.php?+)"
148.251.14.166 - - [07/Feb/2014:18:05:41 +0100] "GET /robots.txt HTTP/1.0" 301 375 "-" "Mozilla/5.0 (compatible; MJ12bot/v1.4.4; http://www.majestic12.co.uk/bot.php?+)"
148.251.14.166 - - [07/Feb/2014:18:05:49 +0100] "GET /security/forw_sibt_security/index.html HTTP/1.0" 301 403 "-" "Mozilla/5.0 (compatible; MJ12bot/v1.4.4; http://www.majestic12.co.uk/bot.php?+)"
141.8.147.12 - - [07/Feb/2014:19:18:38 +0100] "GET /robots.txt HTTP/1.1" 301 375 "-" "Mozilla/5.0 (compatible; YandexBot/3.0; +http://yandex.com/bots)"
188.165.195.156 - - [07/Feb/2014:19:58:01 +0100] "HEAD / HTTP/1.1" 301 - "-" "Mozilla/4.0 (compatible; MSIE 5.01; Windows NT 5.0)"
141.8.147.12 - - [07/Feb/2014:21:04:56 +0100] "GET /robots.txt HTTP/1.1" 301 384 "-" "Mozilla/5.0 (compatible; YandexBot/3.0; +http://yandex.com/bots)"
66.249.78.240 - - [07/Feb/2014:23:25:38 +0100] "GET /robots.txt HTTP/1.1" 301 377 "-" "Mozilla/5.0 (compatible; Googlebot/2.1; +http://www.google.com/bot.html)"
66.249.78.240 - - [07/Feb/2014:23:25:39 +0100] "GET / HTTP/1.1" 301 367 "-" "SAMSUNG-SGH-E250/1.0 Profile/MIDP-2.0 Configuration/CLDC-1.1 UP.Browser/6.2.3.3.c.1.101 (GUI) MMP/2.0 (compatible; Googlebot-Mobile/2.1; +http://www.google.com/bot.html)"
46.4.27.145 - - [07/Feb/2014:23:25:55 +0100] "GET / HTTP/1.1" 301 365 "http://www.webwiki.de/www.sibt.de" "Mozilla/5.0 (Windows NT 6.1; WOW64; rv:18.0) Gecko/20100101 Firefox/18.0"
46.4.27.145 - - [07/Feb/2014:23:25:58 +0100] "GET /robots.txt HTTP/1.1" 301 375 "" "Mozilla/5.0 (Windows NT 6.1; WOW64; rv:18.0) Gecko/20100101 Firefox/18.0"
66.249.78.81 - - [08/Feb/2014:00:16:03 +0100] "GET /robots.txt HTTP/1.1" 301 386 "-" "Mozilla/5.0 (compatible; Googlebot/2.1; +http://www.google.com/bot.html)"
66.249.78.81 - - [08/Feb/2014:00:16:03 +0100] "GET / HTTP/1.1" 301 376 "-" "SAMSUNG-SGH-E250/1.0 Profile/MIDP-2.0 Configuration/CLDC-1.1 UP.Browser/6.2.3.3.c.1.101 (GUI) MMP/2.0 (compatible; Googlebot-Mobile/2.1; +http://www.google.com/bot.html)"
141.8.147.12 - - [08/Feb/2014:01:13:23 +0100] "GET / HTTP/1.1" 301 365 "-" "Mozilla/5.0 (compatible; YandexBot/3.0; +http://yandex.com/bots)"
141.8.147.12 - - [08/Feb/2014:01:13:24 +0100] "GET / HTTP/1.1" 301 374 "-" "Mozilla/5.0 (compatible; YandexBot/3.0; +http://yandex.com/bots)"
141.8.147.12 - - [08/Feb/2014:01:29:33 +0100] "GET /robots.txt HTTP/1.1" 301 392 "-" "Mozilla/5.0 (compatible; YandexBot/3.0; +http://yandex.com/bots)"
141.8.147.12 - - [08/Feb/2014:01:30:04 +0100] "GET / HTTP/1.1" 301 382 "-" "Mozilla/5.0 (compatible; YandexBot/3.0; +http://yandex.com/bots)"
208.115.111.73 - - [08/Feb/2014:02:28:29 +0100] "GET /robots.txt HTTP/1.1" 301 375 "-" "Mozilla/5.0 (compatible; Ezooms/1.0; help@moz.com)"
208.115.111.73 - - [08/Feb/2014:02:53:20 +0100] "GET /text/11030600_0000.htm HTTP/1.1" 301 387 "-" "Mozilla/5.0 (compatible; Ezooms/1.0; help@moz.com)"
141.8.147.12 - - [08/Feb/2014:05:28:34 +0100] "GET /robots.txt HTTP/1.1" 301 386 "-" "Mozilla/5.0 (compatible; YandexBot/3.0; +http://yandex.com/bots)"
141.8.147.12 - - [08/Feb/2014:06:01:44 +0100] "GET /robots.txt HTTP/1.1" 301 377 "-" "Mozilla/5.0 (compatible; YandexBot/3.0; +http://yandex.com/bots)"
216.145.11.94 - - [08/Feb/2014:08:34:31 +0100] "GET /robots.txt HTTP/1.0" 301 386 "-" "Mozilla/5.0 (Windows; U; Windows NT 5.1; en; rv:1.9.0.13) Gecko/2009073022 Firefox/3.5.2 (.NET CLR 3.5.30729) SurveyBot/2.3 (DomainTools)"
216.145.11.94 - - [08/Feb/2014:08:34:31 +0100] "GET / HTTP/1.1" 301 376 "http://whois.domaintools.com/algorex-partner.de" "Mozilla/5.0 (Windows; U; Windows NT 5.1; en; rv:1.9.0.13) Gecko/2009073022 Firefox/3.5.2 (.NET CLR 3.5.30729) SurveyBot/2.3 (DomainTools)"
141.8.147.12 - - [08/Feb/2014:09:08:01 +0100] "GET / HTTP/1.1" 301 367 "-" "Mozilla/5.0 (compatible; YandexBot/3.0; +http://yandex.com/bots)"
212.86.219.134 - - [08/Feb/2014:10:12:16 +0100] "GET /robots.txt HTTP/1.1" 301 375 "-" "Mozilla/5.0 (Macintosh; U; Intel Mac OS X 10_5_6; en-us) AppleWebKit/528.16 (KHTML, like Gecko) Version/4.0 Safari/528.16"
212.86.219.134 - - [08/Feb/2014:10:12:16 +0100] "GET / HTTP/1.1" 301 365 "-" "Mozilla/5.0 (Macintosh; U; Intel Mac OS X 10_5_6; en-us) AppleWebKit/528.16 (KHTML, like Gecko) Version/4.0 Safari/528.16"
157.56.229.88 - - [08/Feb/2014:12:06:03 +0100] "GET /robots.txt HTTP/1.1" 301 394 "-" "Mozilla/5.0 (compatible; bingbot/2.0; +http://www.bing.com/bingbot.htm)"
157.56.229.88 - - [08/Feb/2014:12:12:35 +0100] "GET / HTTP/1.1" 301 384 "-" "Mozilla/5.0 (compatible; bingbot/2.0; +http://www.bing.com/bingbot.htm)"
66.249.78.65 - - [08/Feb/2014:12:16:21 +0100] "GET /robots.txt HTTP/1.1" 301 375 "-" "Mozilla/5.0 (compatible; Googlebot/2.1; +http://www.google.com/bot.html)"
66.249.78.65 - - [08/Feb/2014:12:16:22 +0100] "GET / HTTP/1.1" 301 365 "-" "Mozilla/5.0 (iPhone; CPU iPhone OS 6_0 like Mac OS X) AppleWebKit/536.26 (KHTML, like Gecko) Version/6.0 Mobile/10A5376e Safari/8536.25 (compatible; Googlebot-Mobile/2.1; +http://www.google.com/bot.html)"
141.8.147.12 - - [08/Feb/2014:13:49:20 +0100] "GET / HTTP/1.1" 301 376 "-" "Mozilla/5.0 (compatible; YandexBot/3.0; +http://yandex.com/bots)"
65.55.55.229 - - [08/Feb/2014:15:07:46 +0100] "GET /robots.txt HTTP/1.1" 301 392 "-" "Mozilla/5.0 (compatible; bingbot/2.0; +http://www.bing.com/bingbot.htm)"
65.55.55.229 - - [08/Feb/2014:15:12:05 +0100] "GET /news/index.php?action=shownews&mode=archiv&news_month=200106 HTTP/1.1" 301 450 "-" "Mozilla/5.0 (compatible; bingbot/2.0; +http://www.bing.com/bingbot.htm)"
62.75.236.133 - - [08/Feb/2014:15:12:58 +0100] "GET / HTTP/1.1" 301 374 "-" "PEAR HTTP_Request class ( http://pear.php.net/ )"
62.75.236.133 - - [08/Feb/2014:15:26:44 +0100] "GET / HTTP/1.1" 301 365 "-" "PEAR HTTP_Request class ( http://pear.php.net/ )"
101.226.167.241 - - [08/Feb/2014:16:15:26 +0100] "GET /robots.txt HTTP/1.1" 301 375 "http://www.sibt.de/robots.txt" "Mozilla/4.0 (compatible; MSIE 8.0; Windows NT 6.1; Trident/4.0; SLCC2; .NET CLR 2.0.50727; .NET CLR 3.5.30729; .NET CLR 3.0.30729; Media Center PC 6.0; MDDR; .NET4.0C; .NET4.0E; .NET CLR 1.1.4322; Tablet PC 2.0); 360Spider"
157.55.32.88 - - [08/Feb/2014:17:13:21 +0100] "GET /robots.txt HTTP/1.1" 301 375 "-" "Mozilla/5.0 (compatible; bingbot/2.0; +http://www.bing.com/bingbot.htm)"
157.55.32.88 - - [08/Feb/2014:17:14:00 +0100] "GET /fire/ HTTP/1.1" 301 370 "-" "Mozilla/5.0 (compatible; bingbot/2.0; +http://www.bing.com/bingbot.htm)"
157.55.32.88 - - [08/Feb/2014:17:37:57 +0100] "GET /fire/ HTTP/1.1" 301 370 "-" "Mozilla/5.0 (compatible; bingbot/2.0; +http://www.bing.com/bingbot.htm)"
157.55.32.77 - - [08/Feb/2014:20:47:36 +0100] "GET /robots.txt HTTP/1.1" 301 375 "-" "Mozilla/5.0 (compatible; bingbot/2.0; +http://www.bing.com/bingbot.htm)"
162.243.217.72 - - [08/Feb/2014:21:00:16 +0100] "GET / HTTP/1.0" 301 374 "-" "Mozilla/5.0 (compatible; NetcraftSurveyAgent/1.0; +info@netcraft.com)"
157.55.32.77 - - [08/Feb/2014:21:00:29 +0100] "GET /text/11030600_0000.htm HTTP/1.1" 301 387 "-" "Mozilla/5.0 (compatible; bingbot/2.0; +http://www.bing.com/bingbot.htm)"
162.243.238.154 - - [08/Feb/2014:23:28:30 +0100] "GET / HTTP/1.0" 301 382 "-" "Mozilla/5.0 (compatible; NetcraftSurveyAgent/1.0; +info@netcraft.com)"
162.243.125.88 - - [09/Feb/2014:02:00:34 +0100] "GET / HTTP/1.0" 301 379 "-" "Mozilla/5.0 (compatible; NetcraftSurveyAgent/1.0; +info@netcraft.com)"
162.243.123.235 - - [09/Feb/2014:02:23:45 +0100] "GET / HTTP/1.0" 301 365 "-" "Mozilla/5.0 (compatible; NetcraftSurveyAgent/1.0; +info@netcraft.com)"
157.56.229.88 - - [09/Feb/2014:02:26:31 +0100] "GET /robots.txt HTTP/1.1" 301 394 "-" "Mozilla/5.0 (compatible; bingbot/2.0; +http://www.bing.com/bingbot.htm)"
157.56.229.88 - - [09/Feb/2014:02:27:45 +0100] "GET / HTTP/1.1" 301 384 "-" "Mozilla/5.0 (compatible; bingbot/2.0; +http://www.bing.com/bingbot.htm)"
162.243.203.200 - - [09/Feb/2014:03:40:31 +0100] "GET / HTTP/1.0" 301 376 "-" "Mozilla/5.0 (compatible; NetcraftSurveyAgent/1.0; +info@netcraft.com)"
192.241.175.226 - - [09/Feb/2014:03:57:46 +0100] "GET / HTTP/1.0" 301 384 "-" "Mozilla/5.0 (compatible; NetcraftSurveyAgent/1.0; +info@netcraft.com)"
208.115.113.88 - - [09/Feb/2014:04:33:46 +0100] "GET /robots.txt HTTP/1.1" 301 386 "-" "Mozilla/5.0 (compatible; Ezooms/1.0; help@moz.com)"
208.115.113.88 - - [09/Feb/2014:04:59:43 +0100] "GET / HTTP/1.1" 301 376 "-" "Mozilla/5.0 (compatible; Ezooms/1.0; help@moz.com)"
157.56.229.88 - - [09/Feb/2014:11:19:14 +0100] "GET /robots.txt HTTP/1.1" 301 394 "-" "Mozilla/5.0 (compatible; bingbot/2.0; +http://www.bing.com/bingbot.htm)"
157.56.229.88 - - [09/Feb/2014:11:19:54 +0100] "GET / HTTP/1.1" 301 384 "-" "Mozilla/5.0 (compatible; bingbot/2.0; +http://www.bing.com/bingbot.htm)"
66.249.78.88 - - [09/Feb/2014:13:39:14 +0100] "GET /robots.txt HTTP/1.1" 301 394 "-" "Mozilla/5.0 (compatible; Googlebot/2.1; +http://www.google.com/bot.html)"
66.249.78.88 - - [09/Feb/2014:13:39:14 +0100] "GET / HTTP/1.1" 301 384 "-" "Mozilla/5.0 (compatible; Googlebot/2.1; +http://www.google.com/bot.html)"
66.249.78.45 - - [09/Feb/2014:13:59:00 +0100] "GET /robots.txt HTTP/1.1" 301 389 "-" "Mozilla/5.0 (compatible; Googlebot/2.1; +http://www.google.com/bot.html)"
66.249.78.45 - - [09/Feb/2014:13:59:01 +0100] "GET / HTTP/1.1" 301 379 "-" "Mozilla/5.0 (compatible; Googlebot/2.1; +http://www.google.com/bot.html)"
66.249.78.85 - - [09/Feb/2014:14:02:58 +0100] "GET /robots.txt HTTP/1.1" 301 392 "-" "Mozilla/5.0 (compatible; Googlebot/2.1; +http://www.google.com/bot.html)"
66.249.78.85 - - [09/Feb/2014:14:02:58 +0100] "GET / HTTP/1.1" 301 382 "-" "Mozilla/5.0 (compatible; Googlebot/2.1; +http://www.google.com/bot.html)"
66.249.78.65 - - [09/Feb/2014:14:06:55 +0100] "GET /robots.txt HTTP/1.1" 301 375 "-" "Mozilla/5.0 (compatible; Googlebot/2.1; +http://www.google.com/bot.html)"
66.249.78.65 - - [09/Feb/2014:14:06:55 +0100] "GET / HTTP/1.1" 301 365 "-" "Mozilla/5.0 (compatible; Googlebot/2.1; +http://www.google.com/bot.html)"
66.249.78.81 - - [09/Feb/2014:14:14:50 +0100] "GET /robots.txt HTTP/1.1" 301 386 "-" "Mozilla/5.0 (compatible; Googlebot/2.1; +http://www.google.com/bot.html)"
66.249.78.81 - - [09/Feb/2014:14:14:50 +0100] "GET / HTTP/1.1" 301 376 "-" "Mozilla/5.0 (compatible; Googlebot/2.1; +http://www.google.com/bot.html)"
66.249.78.240 - - [09/Feb/2014:14:18:48 +0100] "GET /robots.txt HTTP/1.1" 301 377 "-" "Mozilla/5.0 (compatible; Googlebot/2.1; +http://www.google.com/bot.html)"
66.249.78.240 - - [09/Feb/2014:14:18:48 +0100] "GET / HTTP/1.1" 301 367 "-" "Mozilla/5.0 (compatible; Googlebot/2.1; +http://www.google.com/bot.html)"
217.69.133.220 - - [09/Feb/2014:16:04:56 +0100] "GET /robots.txt HTTP/1.1" 301 386 "-" "Mozilla/5.0 (compatible; Linux x86_64; Mail.RU_Bot/2.0; +http://go.mail.ru/help/robots)"
217.69.133.68 - - [09/Feb/2014:16:04:57 +0100] "GET / HTTP/1.1" 301 376 "-" "Mozilla/5.0 (compatible; Linux x86_64; Mail.RU_Bot/2.0; +http://go.mail.ru/help/robots)"
157.55.33.248 - - [09/Feb/2014:22:16:46 +0100] "GET /robots.txt HTTP/1.1" 301 394 "-" "Mozilla/5.0 (compatible; bingbot/2.0; +http://www.bing.com/bingbot.htm)"
157.55.33.248 - - [09/Feb/2014:22:22:53 +0100] "GET / HTTP/1.1" 301 384 "-" "Mozilla/5.0 (compatible; bingbot/2.0; +http://www.bing.com/bingbot.htm)"
92.85.59.173 - - [09/Feb/2014:23:02:21 +0100] "GET / HTTP/1.1" 301 365 "-" "Java/1.6.0_04"
92.85.59.173 - - [09/Feb/2014:23:02:24 +0100] "GET /WebResource.axd?d=Bv1-mjeyja02JJ6n2wFQ43vgZO8UaX85QiobgQo7CCZG-fnqlRFt6lLkR6htUda4792Vc2iS18Exe7hUAGV65k4aHrI1&t=635022714918232500 HTTP/1.1" 301 504 "-" "Java/1.6.0_04"
92.85.59.173 - - [09/Feb/2014:23:02:24 +0100] "GET /home.aspx HTTP/1.1" 301 374 "-" "Java/1.6.0_04"
92.85.59.173 - - [09/Feb/2014:23:02:24 +0100] "GET /_layouts/blank.js?rev=QGOYAJlouiWgFRlhHVlMKA%3D%3D HTTP/1.1" 301 415 "-" "Java/1.6.0_04"
92.85.59.173 - - [09/Feb/2014:23:02:25 +0100] "GET /buildingtechnologies/de HTTP/1.1" 301 388 "-" "Java/1.6.0_04"
92.85.59.173 - - [09/Feb/2014:23:02:25 +0100] "GET //w3.siemens.com/ote/ote_config.js HTTP/1.1" 301 397 "-" "Java/1.6.0_04"
92.85.59.173 - - [09/Feb/2014:23:02:25 +0100] "GET /buildingtechnologies/de/de/Pages/home.aspx HTTP/1.1" 301 407 "-" "Java/1.6.0_04"
92.85.59.173 - - [09/Feb/2014:23:02:25 +0100] "GET /_layouts/Querplex/Siemens/WCMS3/scripts/jquery.jcarousel.js?rev=29967635230301258564120 HTTP/1.1" 301 452 "-" "Java/1.6.0_04"
92.85.59.173 - - [09/Feb/2014:23:02:26 +0100] "GET /_layouts/Querplex/Siemens/WCMS3/scripts/scripts.pack.js?rev=23019635230301259032126 HTTP/1.1" 301 448 "-" "Java/1.6.0_04"
92.85.59.173 - - [09/Feb/2014:23:02:26 +0100] "GET /_layouts/Querplex/Siemens/WCMS3/scripts/social-media-accordion.js?rev=52461635230301259344130 HTTP/1.1" 301 458 "-" "Java/1.6.0_04"
92.85.59.173 - - [09/Feb/2014:23:02:26 +0100] "GET /_layouts/Querplex/Siemens/WCMS3/scripts/swfobject-2.2.js HTTP/1.1" 301 421 "-" "Java/1.6.0_04"
92.85.59.173 - - [09/Feb/2014:23:02:27 +0100] "GET /_layouts/Querplex/Siemens/WCMS3/scripts/w2glayer.pack.js?rev=58207635230301259656134 HTTP/1.1" 301 449 "-" "Java/1.6.0_04"
92.85.59.173 - - [09/Feb/2014:23:02:27 +0100] "GET /buildingtechnologies/de/de/brandschutz/Seiten/brandschutz.aspx HTTP/1.1" 301 427 "-" "Java/1.6.0_04"
92.85.59.173 - - [09/Feb/2014:23:02:27 +0100] "GET /buildingtechnologies/de/de/energieeffizienz/Seiten/energieeffizienz.aspx HTTP/1.1" 301 437 "-" "Java/1.6.0_04"
92.85.59.173 - - [09/Feb/2014:23:02:27 +0100] "GET /buildingtechnologies/de/de/extranet/Seiten/extranet.aspx HTTP/1.1" 301 421 "-" "Java/1.6.0_04"
92.85.59.173 - - [09/Feb/2014:23:02:28 +0100] "GET /buildingtechnologies/de/de/gebaeudeautomation-hlk/Seiten/gebaeudeautomation.aspx HTTP/1.1" 301 445 "-" "Java/1.6.0_04"
92.85.59.173 - - [09/Feb/2014:23:02:28 +0100] "GET /buildingtechnologies/de/de/kundenzeitschriften/Pages/kundenzeitschriften.aspx HTTP/1.1" 301 442 "-" "Java/1.6.0_04"
92.85.59.173 - - [09/Feb/2014:23:02:28 +0100] "GET /buildingtechnologies/de/de/marktspezifische-loesungen/Seiten/marktspezifische-loesungen.aspx HTTP/1.1" 301 457 "-" "Java/1.6.0_04"
92.85.59.173 - - [09/Feb/2014:23:02:29 +0100] "GET /buildingtechnologies/de/de/messen-events/Seiten/messen-events.aspx HTTP/1.1" 301 431 "-" "Java/1.6.0_04"
92.85.59.173 - - [09/Feb/2014:23:02:29 +0100] "GET /buildingtechnologies/de/de/news/Seiten/news.aspx HTTP/1.1" 301 413 "-" "Java/1.6.0_04"
92.85.59.173 - - [09/Feb/2014:23:02:29 +0100] "GET /buildingtechnologies/de/de/partners/Seiten/partners.aspx HTTP/1.1" 301 421 "-" "Java/1.6.0_04"
92.85.59.173 - - [09/Feb/2014:23:02:29 +0100] "GET /buildingtechnologies/de/de/presse/Seiten/presse.aspx HTTP/1.1" 301 417 "-" "Java/1.6.0_04"
92.85.59.173 - - [09/Feb/2014:23:02:30 +0100] "GET /buildingtechnologies/de/de/referenzen/Seiten/referenzen.aspx HTTP/1.1" 301 425 "-" "Java/1.6.0_04"
92.85.59.173 - - [09/Feb/2014:23:02:30 +0100] "GET /buildingtechnologies/de/de/sicherheit/Seiten/sicherheitstechnik.aspx HTTP/1.1" 301 433 "-" "Java/1.6.0_04"
92.85.59.173 - - [09/Feb/2014:23:02:30 +0100] "GET /buildingtechnologies/de/de/support/Seiten/freistellungsbescheinigung.aspx HTTP/1.1" 301 438 "-" "Java/1.6.0_04"
92.85.59.173 - - [09/Feb/2014:23:02:31 +0100] "GET /buildingtechnologies/de/de/support/Seiten/kostenlose-apps.aspx HTTP/1.1" 301 427 "-" "Java/1.6.0_04"
92.85.59.173 - - [09/Feb/2014:23:02:31 +0100] "GET /buildingtechnologies/de/de/support/Seiten/support.aspx HTTP/1.1" 301 419 "-" "Java/1.6.0_04"
92.85.59.173 - - [09/Feb/2014:23:02:31 +0100] "GET /buildingtechnologies/de/de/total-building-solutions/Seiten/total-building-solutions.aspx HTTP/1.1" 301 453 "-" "Java/1.6.0_04"
92.85.59.173 - - [09/Feb/2014:23:02:32 +0100] "GET /buildingtechnologies/de/de/ueber-uns/Seiten/ueber-uns.aspx HTTP/1.1" 301 423 "-" "Java/1.6.0_04"
92.85.59.173 - - [09/Feb/2014:23:02:32 +0100] "GET /wcms3/custom/OSSPAD3/ote/regions/ote.js HTTP/1.1" 301 404 "-" "Java/1.6.0_04"
31.3.233.120 - - [09/Feb/2014:23:54:33 +0100] "GET / HTTP/1.1" 301 382 "-" "-"
66.249.78.65 - - [10/Feb/2014:07:06:09 +0100] "GET /robots.txt HTTP/1.1" 301 375 "-" "Mozilla/5.0 (compatible; Googlebot/2.1; +http://www.google.com/bot.html)"
66.249.78.65 - - [10/Feb/2014:07:06:10 +0100] "GET / HTTP/1.1" 301 365 "-" "SAMSUNG-SGH-E250/1.0 Profile/MIDP-2.0 Configuration/CLDC-1.1 UP.Browser/6.2.3.3.c.1.101 (GUI) MMP/2.0 (compatible; Googlebot-Mobile/2.1; +http://www.google.com/bot.html)"
188.165.195.156 - - [10/Feb/2014:07:10:04 +0100] "HEAD / HTTP/1.1" 301 - "-" "Mozilla/4.0 (compatible; MSIE 5.01; Windows NT 5.0)"
141.8.147.12 - - [10/Feb/2014:07:10:10 +0100] "GET /robots.txt HTTP/1.1" 301 394 "-" "Mozilla/5.0 (compatible; YandexBot/3.0; +http://yandex.com/bots)"
108.178.53.226 - - [10/Feb/2014:07:49:02 +0100] "GET /robots.txt HTTP/1.1" 301 394 "-" "Mozilla/5.0 (compatible; BLEXBot/1.0; +http://webmeup-crawler.com/)"
108.178.53.226 - - [10/Feb/2014:07:49:03 +0100] "GET / HTTP/1.1" 301 384 "-" "Mozilla/5.0 (compatible; BLEXBot/1.0; +http://webmeup-crawler.com/)"
157.56.229.88 - - [10/Feb/2014:09:23:55 +0100] "GET /robots.txt HTTP/1.1" 301 394 "-" "Mozilla/5.0 (compatible; bingbot/2.0; +http://www.bing.com/bingbot.htm)"
157.56.229.88 - - [10/Feb/2014:09:25:16 +0100] "GET / HTTP/1.1" 301 384 "-" "Mozilla/5.0 (compatible; bingbot/2.0; +http://www.bing.com/bingbot.htm)"
188.165.195.156 - - [10/Feb/2014:10:13:53 +0100] "HEAD / HTTP/1.1" 301 - "-" "Mozilla/4.0 (compatible; MSIE 5.01; Windows NT 5.0)"
54.245.33.250 - - [10/Feb/2014:10:24:46 +0100] "GET / HTTP/1.1" 301 382 "http://www.forexunion.net" "Mozilla/5.0 (Windows NT 6.1; Win64; x64; rv:25.0) Gecko/20100101 Firefox/25.0"
141.8.147.12 - - [10/Feb/2014:13:05:38 +0100] "GET / HTTP/1.1" 301 384 "-" "Mozilla/5.0 (compatible; YandexBot/3.0; +http://yandex.com/bots)"
83.233.207.74 - - [10/Feb/2014:17:50:30 +0100] "GET / HTTP/1.1" 301 365 "-" "Mozilla/4.0 (CMS Crawler: http://www.cmscrawler.com)"
141.8.147.12 - - [10/Feb/2014:17:55:34 +0100] "GET /robots.txt HTTP/1.1" 301 375 "-" "Mozilla/5.0 (compatible; YandexBot/3.0; +http://yandex.com/bots)"
141.8.147.12 - - [10/Feb/2014:17:55:36 +0100] "GET /security/ HTTP/1.1" 301 374 "-" "Mozilla/5.0 (compatible; YandexBot/3.0; +http://yandex.com/bots)"
83.233.207.74 - - [10/Feb/2014:18:43:51 +0100] "GET / HTTP/1.1" 301 376 "-" "Mozilla/4.0 (CMS Crawler: http://www.cmscrawler.com)"
198.143.187.114 - - [10/Feb/2014:18:44:24 +0100] "GET /robots.txt HTTP/1.1" 301 386 "-" "Mozilla/5.0 (compatible; BLEXBot/1.0; +http://webmeup-crawler.com/)"
198.143.187.114 - - [10/Feb/2014:18:44:24 +0100] "GET / HTTP/1.1" 301 376 "-" "Mozilla/5.0 (compatible; BLEXBot/1.0; +http://webmeup-crawler.com/)"
141.8.147.12 - - [10/Feb/2014:19:13:35 +0100] "GET / HTTP/1.1" 301 365 "-" "Mozilla/5.0 (compatible; YandexBot/3.0; +http://yandex.com/bots)"
198.143.130.90 - - [10/Feb/2014:21:21:55 +0100] "GET / HTTP/1.1" 301 365 "-" "Mozilla/5.0 (compatible; BLEXBot/1.0; +http://webmeup-crawler.com/)"
84.38.65.176 - - [10/Feb/2014:21:28:06 +0100] "GET / HTTP/1.1" 301 365 "http://www.sumaja.de/" "Mozilla/4.0 (compatible; MSIE 8.0; Windows NT 5.1; Trident/4.0; FBSMTWB; ATC/1.0; .NET CLR 1.1.4322; ATC/1.0; .NET CLR 2.0.50727; .NET CLR 3.0.4506.2152; .NET CLR 3.5.30729)"
83.133.125.202 - - [10/Feb/2014:21:28:06 +0100] "GET / HTTP/1.0" 301 365 "-" "-"
83.133.125.202 - - [10/Feb/2014:21:28:08 +0100] "GET / HTTP/1.0" 301 365 "-" "-"
157.55.33.39 - - [10/Feb/2014:21:31:07 +0100] "GET /robots.txt HTTP/1.1" 301 394 "-" "Mozilla/5.0 (compatible; bingbot/2.0; +http://www.bing.com/bingbot.htm)"
157.55.33.39 - - [10/Feb/2014:21:42:25 +0100] "GET / HTTP/1.1" 301 384 "-" "Mozilla/5.0 (compatible; bingbot/2.0; +http://www.bing.com/bingbot.htm)"
178.77.126.55 - - [10/Feb/2014:23:30:40 +0100] "GET /robots.txt HTTP/1.1" 301 375 "-" "Mozilla/5.0 (compatible; CareerBot/1.1; +http://www.career-x.de/bot.html)"
178.77.126.55 - - [10/Feb/2014:23:30:40 +0100] "GET / HTTP/1.1" 301 365 "-" "Mozilla/5.0 (compatible; CareerBot/1.1; +http://www.career-x.de/bot.html)"
178.77.126.55 - - [11/Feb/2014:00:34:57 +0100] "GET /robots.txt HTTP/1.1" 301 386 "-" "Mozilla/5.0 (compatible; CareerBot/1.1; +http://www.career-x.de/bot.html)"
178.77.126.55 - - [11/Feb/2014:00:34:57 +0100] "GET / HTTP/1.1" 301 376 "-" "Mozilla/5.0 (compatible; CareerBot/1.1; +http://www.career-x.de/bot.html)"
144.76.4.165 - - [11/Feb/2014:01:27:06 +0100] "GET /robots.txt HTTP/1.1" 301 377 "-" "Mozilla/5.0 (compatible; SISTRIX Crawler; http://crawler.sistrix.net/)"
144.76.4.165 - - [11/Feb/2014:01:27:06 +0100] "GET / HTTP/1.1" 301 367 "-" "Mozilla/5.0 (compatible; SISTRIX Crawler; http://crawler.sistrix.net/)"
157.55.32.93 - - [11/Feb/2014:04:35:06 +0100] "GET /robots.txt HTTP/1.1" 301 392 "-" "Mozilla/5.0 (compatible; bingbot/2.0; +http://www.bing.com/bingbot.htm)"
157.55.32.93 - - [11/Feb/2014:05:16:21 +0100] "GET /webinfo/info.html HTTP/1.1" 301 399 "-" "Mozilla/5.0 (compatible; bingbot/2.0; +http://www.bing.com/bingbot.htm)"
157.56.229.88 - - [11/Feb/2014:08:30:04 +0100] "GET /robots.txt HTTP/1.1" 301 394 "-" "Mozilla/5.0 (compatible; bingbot/2.0; +http://www.bing.com/bingbot.htm)"
157.56.229.88 - - [11/Feb/2014:08:43:39 +0100] "GET / HTTP/1.1" 301 384 "-" "Mozilla/5.0 (compatible; bingbot/2.0; +http://www.bing.com/bingbot.htm)"
5.10.83.56 - - [11/Feb/2014:10:34:38 +0100] "GET /robots.txt HTTP/1.1" 301 386 "-" "Mozilla/5.0 (compatible; AhrefsBot/5.0; +http://ahrefs.com/robot/)"
5.10.83.35 - - [11/Feb/2014:13:01:05 +0100] "GET /robots.txt HTTP/1.1" 301 375 "-" "Mozilla/5.0 (compatible; AhrefsBot/5.0; +http://ahrefs.com/robot/)"
5.10.83.35 - - [11/Feb/2014:13:08:00 +0100] "GET /robots.txt HTTP/1.1" 301 394 "-" "Mozilla/5.0 (compatible; AhrefsBot/5.0; +http://ahrefs.com/robot/)"
141.8.147.12 - - [11/Feb/2014:13:37:15 +0100] "GET /robots.txt HTTP/1.1" 301 394 "-" "Mozilla/5.0 (compatible; YandexBot/3.0; +http://yandex.com/bots)"
157.55.36.54 - - [11/Feb/2014:14:26:22 +0100] "GET /robots.txt HTTP/1.1" 301 394 "-" "Mozilla/5.0 (compatible; bingbot/2.0; +http://www.bing.com/bingbot.htm)"
157.55.36.54 - - [11/Feb/2014:14:27:38 +0100] "GET / HTTP/1.1" 301 384 "-" "Mozilla/5.0 (compatible; bingbot/2.0; +http://www.bing.com/bingbot.htm)"
125.209.208.6 - - [11/Feb/2014:19:45:09 +0100] "GET /robots.txt HTTP/1.1" 301 375 "-" "Yeti/1.0 (NHN Corp.; http://help.naver.com/robots/)"
125.209.208.12 - - [11/Feb/2014:19:45:11 +0100] "GET / HTTP/1.1" 301 365 "-" "Yeti/1.0 (NHN Corp.; http://help.naver.com/robots/)"
38.100.21.62 - - [11/Feb/2014:20:14:44 +0100] "GET / HTTP/1.1" 301 365 "-" "Mozilla/4.0 (compatible; MSIE 7.0; Windows NT 5.2)"
162.210.196.100 - - [11/Feb/2014:20:36:12 +0100] "GET /robots.txt HTTP/1.0" 301 386 "-" "Mozilla/5.0 (compatible; MJ12bot/v1.4.4; http://www.majestic12.co.uk/bot.php?+)"
162.210.196.100 - - [11/Feb/2014:20:36:14 +0100] "GET / HTTP/1.0" 301 376 "-" "Mozilla/5.0 (compatible; MJ12bot/v1.4.4; http://www.majestic12.co.uk/bot.php?+)"
208.88.226.73 - - [11/Feb/2014:22:21:52 +0100] "HEAD / HTTP/1.1" 301 - "-" "Mozilla/5.0 (Windows NT 6.1; WOW64; rv:7.0.1) Gecko/20100101 Firefox/7.0.1"
157.55.33.121 - - [12/Feb/2014:00:19:02 +0100] "GET /robots.txt HTTP/1.1" 301 392 "-" "Mozilla/5.0 (compatible; bingbot/2.0; +http://www.bing.com/bingbot.htm)"
5.10.83.45 - - [12/Feb/2014:00:22:11 +0100] "GET / HTTP/1.1" 301 384 "-" "Mozilla/5.0 (compatible; AhrefsBot/5.0; +http://ahrefs.com/robot/)"
157.55.33.121 - - [12/Feb/2014:00:34:31 +0100] "GET /news/index.php?action=shownews&mode=archiv&showtopic= HTTP/1.1" 301 443 "-" "Mozilla/5.0 (compatible; bingbot/2.0; +http://www.bing.com/bingbot.htm)"
208.115.113.89 - - [12/Feb/2014:00:44:06 +0100] "GET /robots.txt HTTP/1.1" 301 375 "-" "Mozilla/5.0 (compatible; Ezooms/1.0; help@moz.com)"
65.55.24.234 - - [12/Feb/2014:01:55:46 +0100] "GET /robots.txt HTTP/1.1" 301 394 "-" "Mozilla/5.0 (compatible; bingbot/2.0; +http://www.bing.com/bingbot.htm)"
65.55.24.234 - - [12/Feb/2014:01:56:49 +0100] "GET / HTTP/1.1" 301 384 "-" "Mozilla/5.0 (compatible; bingbot/2.0; +http://www.bing.com/bingbot.htm)"
