208.115.113.89 - - [12/Feb/2014:02:39:55 +0100] "GET /fire/ HTTP/1.1" 301 370 "-" "Mozilla/5.0 (compatible; Ezooms/1.0; help@moz.com)"
157.55.32.56 - - [12/Feb/2014:09:00:52 +0100] "GET /robots.txt HTTP/1.1" 301 394 "-" "Mozilla/5.0 (compatible; bingbot/2.0; +http://www.bing.com/bingbot.htm)"
157.55.32.56 - - [12/Feb/2014:09:13:53 +0100] "GET / HTTP/1.1" 301 384 "-" "Mozilla/5.0 (compatible; bingbot/2.0; +http://www.bing.com/bingbot.htm)"
178.15.225.107 - - [12/Feb/2014:10:28:37 +0100] "GET / HTTP/1.1" 301 365 "http://regis.inecos.de/st-os/en/profile/UNT-5950" "Mozilla/5.0 (Windows NT 5.1; rv:26.0) Gecko/20100101 Firefox/26.0"
66.249.78.65 - - [12/Feb/2014:11:45:07 +0100] "GET /robots.txt HTTP/1.1" 301 375 "-" "Mozilla/5.0 (compatible; Googlebot/2.1; +http://www.google.com/bot.html)"
66.249.78.65 - - [12/Feb/2014:11:45:08 +0100] "GET / HTTP/1.1" 301 365 "-" "Mozilla/5.0 (iPhone; CPU iPhone OS 6_0 like Mac OS X) AppleWebKit/536.26 (KHTML, like Gecko) Version/6.0 Mobile/10A5376e Safari/8536.25 (compatible; Googlebot/2.1; +http://www.google.com/bot.html)"
5.10.83.89 - - [12/Feb/2014:13:52:25 +0100] "GET / HTTP/1.1" 301 376 "-" "Mozilla/5.0 (compatible; AhrefsBot/5.0; +http://ahrefs.com/robot/)"
157.55.35.41 - - [12/Feb/2014:15:17:36 +0100] "GET /robots.txt HTTP/1.1" 301 392 "-" "Mozilla/5.0 (compatible; bingbot/2.0; +http://www.bing.com/bingbot.htm)"
157.55.35.41 - - [12/Feb/2014:15:24:09 +0100] "GET / HTTP/1.1" 301 382 "-" "Mozilla/5.0 (compatible; bingbot/2.0; +http://www.bing.com/bingbot.htm)"
141.8.147.12 - - [12/Feb/2014:15:35:57 +0100] "GET /robots.txt HTTP/1.1" 301 377 "-" "Mozilla/5.0 (compatible; YandexBot/3.0; +http://yandex.com/bots)"
141.8.147.12 - - [12/Feb/2014:15:45:27 +0100] "GET / HTTP/1.1" 301 367 "-" "Mozilla/5.0 (compatible; YandexBot/3.0; +http://yandex.com/bots)"
141.8.147.12 - - [12/Feb/2014:15:54:54 +0100] "GET /robots.txt HTTP/1.1" 301 386 "-" "Mozilla/5.0 (compatible; YandexBot/3.0; +http://yandex.com/bots)"
141.8.147.12 - - [12/Feb/2014:15:59:35 +0100] "GET / HTTP/1.1" 301 376 "-" "Mozilla/5.0 (compatible; YandexBot/3.0; +http://yandex.com/bots)"
141.8.147.12 - - [12/Feb/2014:16:02:25 +0100] "GET /robots.txt HTTP/1.1" 301 384 "-" "Mozilla/5.0 (compatible; YandexBot/3.0; +http://yandex.com/bots)"
178.255.215.78 - - [12/Feb/2014:17:17:27 +0100] "GET /robots.txt HTTP/1.1" 301 375 "-" "Mozilla/5.0 (compatible; Exabot/3.0; +http://www.exabot.com/go/robot)"
178.255.215.78 - - [12/Feb/2014:17:17:27 +0100] "GET / HTTP/1.1" 301 365 "-" "Mozilla/5.0 (compatible; Exabot/3.0; +http://www.exabot.com/go/robot)"
66.249.78.188 - - [12/Feb/2014:17:57:38 +0100] "GET /robots.txt HTTP/1.1" 301 384 "-" "Mozilla/5.0 (compatible; Googlebot/2.1; +http://www.google.com/bot.html)"
66.249.78.188 - - [12/Feb/2014:17:57:39 +0100] "GET / HTTP/1.1" 301 374 "-" "Mozilla/5.0 (compatible; Googlebot/2.1; +http://www.google.com/bot.html)"
157.55.33.29 - - [12/Feb/2014:20:46:47 +0100] "GET /robots.txt HTTP/1.1" 301 394 "-" "Mozilla/5.0 (compatible; bingbot/2.0; +http://www.bing.com/bingbot.htm)"
157.55.33.29 - - [12/Feb/2014:20:47:31 +0100] "GET / HTTP/1.1" 301 384 "-" "Mozilla/5.0 (compatible; bingbot/2.0; +http://www.bing.com/bingbot.htm)"
141.8.147.12 - - [12/Feb/2014:20:49:04 +0100] "GET / HTTP/1.1" 301 374 "-" "Mozilla/5.0 (compatible; YandexBot/3.0; +http://yandex.com/bots)"
141.8.147.12 - - [12/Feb/2014:22:26:00 +0100] "GET /robots.txt HTTP/1.1" 301 392 "-" "Mozilla/5.0 (compatible; YandexBot/3.0; +http://yandex.com/bots)"
141.8.147.12 - - [12/Feb/2014:22:32:07 +0100] "GET / HTTP/1.1" 301 382 "-" "Mozilla/5.0 (compatible; YandexBot/3.0; +http://yandex.com/bots)"
182.118.22.230 - - [12/Feb/2014:23:35:02 +0100] "GET /robots.txt HTTP/1.1" 301 386 "http://www.algorex-partner.de/robots.txt" "Mozilla/5.0 (Windows; U; Windows NT 5.1; zh-CN; ) Firefox/1.5.0.11; 360Spider"
141.8.147.12 - - [13/Feb/2014:02:40:16 +0100] "GET /robots.txt HTTP/1.1" 301 375 "-" "Mozilla/5.0 (compatible; YandexBot/3.0; +http://yandex.com/bots)"
85.186.103.66 - - [13/Feb/2014:04:28:42 +0100] "GET / HTTP/1.1" 301 365 "-" "-"
85.186.103.66 - - [13/Feb/2014:04:29:09 +0100] "GET / HTTP/1.1" 301 365 "-" "-"
85.186.103.66 - - [13/Feb/2014:04:29:40 +0100] "GET / HTTP/1.1" 301 365 "-" "-"
85.186.103.66 - - [13/Feb/2014:04:29:59 +0100] "GET / HTTP/1.1" 301 365 "-" "-"
85.186.103.66 - - [13/Feb/2014:04:30:01 +0100] "GET / HTTP/1.1" 301 365 "-" "-"
85.186.103.66 - - [13/Feb/2014:04:30:22 +0100] "GET / HTTP/1.1" 301 365 "-" "-"
85.186.103.66 - - [13/Feb/2014:04:30:39 +0100] "GET / HTTP/1.1" 301 365 "-" "-"
85.186.103.66 - - [13/Feb/2014:04:30:49 +0100] "GET / HTTP/1.1" 301 365 "-" "-"
85.186.103.66 - - [13/Feb/2014:04:31:06 +0100] "GET / HTTP/1.1" 301 365 "-" "-"
85.186.103.66 - - [13/Feb/2014:04:31:16 +0100] "GET / HTTP/1.1" 301 365 "-" "-"
157.55.33.79 - - [13/Feb/2014:04:58:59 +0100] "GET /robots.txt HTTP/1.1" 301 392 "-" "Mozilla/5.0 (compatible; bingbot/2.0; +http://www.bing.com/bingbot.htm)"
157.55.33.79 - - [13/Feb/2014:05:01:59 +0100] "GET /news/index.php?action=shownews&mode=archiv HTTP/1.1" 301 428 "-" "Mozilla/5.0 (compatible; bingbot/2.0; +http://www.bing.com/bingbot.htm)"
157.56.92.161 - - [13/Feb/2014:06:05:32 +0100] "GET /robots.txt HTTP/1.1" 301 386 "-" "Mozilla/5.0 (compatible; bingbot/2.0; +http://www.bing.com/bingbot.htm)"
157.56.92.161 - - [13/Feb/2014:06:12:26 +0100] "GET / HTTP/1.1" 301 376 "-" "Mozilla/5.0 (compatible; bingbot/2.0; +http://www.bing.com/bingbot.htm)"
141.8.147.12 - - [13/Feb/2014:06:20:31 +0100] "GET / HTTP/1.1" 301 365 "-" "Mozilla/5.0 (compatible; YandexBot/3.0; +http://yandex.com/bots)"
157.55.35.88 - - [13/Feb/2014:08:39:28 +0100] "GET /robots.txt HTTP/1.1" 301 394 "-" "Mozilla/5.0 (compatible; bingbot/2.0; +http://www.bing.com/bingbot.htm)"
157.55.35.88 - - [13/Feb/2014:08:43:39 +0100] "GET / HTTP/1.1" 301 384 "-" "Mozilla/5.0 (compatible; bingbot/2.0; +http://www.bing.com/bingbot.htm)"
208.115.113.89 - - [13/Feb/2014:08:47:27 +0100] "GET /robots.txt HTTP/1.1" 301 375 "-" "Mozilla/5.0 (compatible; Ezooms/1.0; help@moz.com)"
157.55.32.209 - - [13/Feb/2014:10:39:08 +0100] "GET /robots.txt HTTP/1.1" 301 392 "-" "Mozilla/5.0 (compatible; bingbot/2.0; +http://www.bing.com/bingbot.htm)"
208.115.113.89 - - [13/Feb/2014:11:03:41 +0100] "GET /text/11020402_0000.htm HTTP/1.1" 301 387 "-" "Mozilla/5.0 (compatible; Ezooms/1.0; help@moz.com)"
157.55.32.209 - - [13/Feb/2014:11:13:43 +0100] "GET /news/index.php?action=shownews&showtopic= HTTP/1.1" 301 427 "-" "Mozilla/5.0 (compatible; bingbot/2.0; +http://www.bing.com/bingbot.htm)"
141.8.147.12 - - [13/Feb/2014:11:18:15 +0100] "GET /robots.txt HTTP/1.1" 301 392 "-" "Mozilla/5.0 (compatible; YandexBot/3.0; +http://yandex.com/bots)"
217.7.17.163 - - [13/Feb/2014:11:45:59 +0100] "GET / HTTP/1.1" 301 365 "-" "Mozilla/4.0 (compatible;)"
157.55.35.38 - - [13/Feb/2014:16:01:47 +0100] "GET /robots.txt HTTP/1.1" 301 394 "-" "Mozilla/5.0 (compatible; bingbot/2.0; +http://www.bing.com/bingbot.htm)"
66.249.73.190 - - [13/Feb/2014:16:18:44 +0100] "GET /robots.txt HTTP/1.1" 301 386 "-" "Mozilla/5.0 (compatible; Googlebot/2.1; +http://www.google.com/bot.html)"
66.249.73.190 - - [13/Feb/2014:16:18:45 +0100] "GET / HTTP/1.1" 301 376 "-" "DoCoMo/2.0 N905i(c100;TB;W24H16) (compatible; Googlebot-Mobile/2.1; +http://www.google.com/bot.html)"
157.55.35.38 - - [13/Feb/2014:16:57:53 +0100] "GET / HTTP/1.1" 301 384 "-" "Mozilla/5.0 (compatible; bingbot/2.0; +http://www.bing.com/bingbot.htm)"
66.249.73.73 - - [13/Feb/2014:19:54:28 +0100] "GET /robots.txt HTTP/1.1" 301 377 "-" "Mozilla/5.0 (compatible; Googlebot/2.1; +http://www.google.com/bot.html)"
66.249.73.73 - - [13/Feb/2014:19:54:29 +0100] "GET / HTTP/1.1" 301 367 "-" "DoCoMo/2.0 N905i(c100;TB;W24H16) (compatible; Googlebot-Mobile/2.1; +http://www.google.com/bot.html)"
69.58.178.58 - - [13/Feb/2014:21:01:31 +0100] "GET /robots.txt HTTP/1.1" 301 386 "-" "Mozilla/5.0 (X11; Ubuntu; Linux i686; rv:14.0; ips-agent) Gecko/20100101 Firefox/14.0.1"
69.58.178.58 - - [13/Feb/2014:21:01:32 +0100] "GET / HTTP/1.1" 301 376 "-" "Mozilla/5.0 (X11; Ubuntu; Linux i686; rv:14.0; ips-agent) Gecko/20100101 Firefox/14.0.1"
64.246.161.42 - - [14/Feb/2014:01:45:38 +0100] "GET /robots.txt HTTP/1.0" 301 377 "-" "Mozilla/5.0 (Windows; U; Windows NT 5.1; en; rv:1.9.0.13) Gecko/2009073022 Firefox/3.5.2 (.NET CLR 3.5.30729) SurveyBot/2.3 (DomainTools)"
64.246.161.42 - - [14/Feb/2014:01:45:38 +0100] "GET / HTTP/1.1" 301 367 "http://whois.domaintools.com/sgtost.de" "Mozilla/5.0 (Windows; U; Windows NT 5.1; en; rv:1.9.0.13) Gecko/2009073022 Firefox/3.5.2 (.NET CLR 3.5.30729) SurveyBot/2.3 (DomainTools)"
157.55.36.54 - - [14/Feb/2014:02:59:40 +0100] "GET /robots.txt HTTP/1.1" 301 394 "-" "Mozilla/5.0 (compatible; bingbot/2.0; +http://www.bing.com/bingbot.htm)"
157.55.36.54 - - [14/Feb/2014:03:10:42 +0100] "GET / HTTP/1.1" 301 384 "-" "Mozilla/5.0 (compatible; bingbot/2.0; +http://www.bing.com/bingbot.htm)"
66.249.73.202 - - [14/Feb/2014:04:00:24 +0100] "GET /robots.txt HTTP/1.1" 301 375 "-" "Mozilla/5.0 (compatible; Googlebot/2.1; +http://www.google.com/bot.html)"
66.249.73.202 - - [14/Feb/2014:04:00:24 +0100] "GET / HTTP/1.1" 301 365 "-" "DoCoMo/2.0 N905i(c100;TB;W24H16) (compatible; Googlebot-Mobile/2.1; +http://www.google.com/bot.html)"
5.9.125.26 - - [14/Feb/2014:04:08:56 +0100] "GET /robots.txt HTTP/1.1" 301 392 "-" "Mozilla/5.0 (compatible; SISTRIX Crawler; http://crawler.sistrix.net/)"
5.9.125.26 - - [14/Feb/2014:04:08:56 +0100] "GET / HTTP/1.1" 301 382 "-" "Mozilla/5.0 (compatible; SISTRIX Crawler; http://crawler.sistrix.net/)"
64.246.165.210 - - [14/Feb/2014:04:19:45 +0100] "GET /robots.txt HTTP/1.0" 301 384 "-" "Mozilla/5.0 (Windows; U; Windows NT 5.1; en; rv:1.9.0.13) Gecko/2009073022 Firefox/3.5.2 (.NET CLR 3.5.30729) SurveyBot/2.3 (DomainTools)"
64.246.165.210 - - [14/Feb/2014:04:19:45 +0100] "GET / HTTP/1.1" 301 374 "http://whois.domaintools.com/sgtbayernnord.de" "Mozilla/5.0 (Windows; U; Windows NT 5.1; en; rv:1.9.0.13) Gecko/2009073022 Firefox/3.5.2 (.NET CLR 3.5.30729) SurveyBot/2.3 (DomainTools)"
216.145.17.190 - - [14/Feb/2014:06:47:39 +0100] "GET /robots.txt HTTP/1.0" 301 389 "-" "Mozilla/5.0 (Windows; U; Windows NT 5.1; en; rv:1.9.0.13) Gecko/2009073022 Firefox/3.5.2 (.NET CLR 3.5.30729) SurveyBot/2.3 (DomainTools)"
216.145.17.190 - - [14/Feb/2014:06:47:39 +0100] "GET / HTTP/1.1" 301 379 "http://whois.domaintools.com/sicherungs-service.de" "Mozilla/5.0 (Windows; U; Windows NT 5.1; en; rv:1.9.0.13) Gecko/2009073022 Firefox/3.5.2 (.NET CLR 3.5.30729) SurveyBot/2.3 (DomainTools)"
64.246.165.140 - - [14/Feb/2014:06:48:09 +0100] "GET /robots.txt HTTP/1.0" 301 392 "-" "Mozilla/5.0 (Windows; U; Windows NT 5.1; en; rv:1.9.0.13) Gecko/2009073022 Firefox/3.5.2 (.NET CLR 3.5.30729) SurveyBot/2.3 (DomainTools)"
64.246.165.140 - - [14/Feb/2014:06:48:10 +0100] "GET / HTTP/1.1" 301 382 "http://whois.domaintools.com/siemens-medientechnik.de" "Mozilla/5.0 (Windows; U; Windows NT 5.1; en; rv:1.9.0.13) Gecko/2009073022 Firefox/3.5.2 (.NET CLR 3.5.30729) SurveyBot/2.3 (DomainTools)"
66.249.73.202 - - [14/Feb/2014:06:55:03 +0100] "GET / HTTP/1.1" 301 365 "-" "Mozilla/5.0 (iPhone; CPU iPhone OS 6_0 like Mac OS X) AppleWebKit/536.26 (KHTML, like Gecko) Version/6.0 Mobile/10A5376e Safari/8536.25 (compatible; Googlebot/2.1; +http://www.google.com/bot.html)"
31.3.233.120 - - [14/Feb/2014:06:57:45 +0100] "GET / HTTP/1.1" 301 382 "-" "-"
64.246.165.150 - - [14/Feb/2014:08:19:54 +0100] "GET /robots.txt HTTP/1.0" 301 375 "-" "Mozilla/5.0 (Windows; U; Windows NT 5.1; en; rv:1.9.0.13) Gecko/2009073022 Firefox/3.5.2 (.NET CLR 3.5.30729) SurveyBot/2.3 (DomainTools)"
64.246.165.150 - - [14/Feb/2014:08:19:55 +0100] "GET / HTTP/1.1" 301 365 "http://whois.domaintools.com/sibt.de" "Mozilla/5.0 (Windows; U; Windows NT 5.1; en; rv:1.9.0.13) Gecko/2009073022 Firefox/3.5.2 (.NET CLR 3.5.30729) SurveyBot/2.3 (DomainTools)"
216.145.11.94 - - [14/Feb/2014:08:33:58 +0100] "GET /robots.txt HTTP/1.0" 301 394 "-" "Mozilla/5.0 (Windows; U; Windows NT 5.1; en; rv:1.9.0.13) Gecko/2009073022 Firefox/3.5.2 (.NET CLR 3.5.30729) SurveyBot/2.3 (DomainTools)"
216.145.11.94 - - [14/Feb/2014:08:33:58 +0100] "GET / HTTP/1.1" 301 384 "http://whois.domaintools.com/siemens-gebaeudetechnik.de" "Mozilla/5.0 (Windows; U; Windows NT 5.1; en; rv:1.9.0.13) Gecko/2009073022 Firefox/3.5.2 (.NET CLR 3.5.30729) SurveyBot/2.3 (DomainTools)"
101.226.166.203 - - [14/Feb/2014:08:41:11 +0100] "GET /robots.txt HTTP/1.1" 301 386 "http://www.algorex-partner.de/robots.txt" "Mozilla/4.0 (compatible; MSIE 8.0; Windows NT 6.1; Trident/4.0; SLCC2; .NET CLR 2.0.50727; .NET CLR 3.5.30729; .NET CLR 3.0.30729; Media Center PC 6.0; MDDR; .NET4.0C; .NET4.0E; .NET CLR 1.1.4322; Tablet PC 2.0); 360Spider"
157.55.32.113 - - [14/Feb/2014:08:51:31 +0100] "GET /robots.txt HTTP/1.1" 301 392 "-" "Mozilla/5.0 (compatible; bingbot/2.0; +http://www.bing.com/bingbot.htm)"
157.55.32.113 - - [14/Feb/2014:09:12:42 +0100] "GET /news/article/995445192.php HTTP/1.1" 301 408 "-" "Mozilla/5.0 (compatible; bingbot/2.0; +http://www.bing.com/bingbot.htm)"
199.192.207.146 - - [14/Feb/2014:14:44:44 +0100] "GET /robots.txt HTTP/1.0" 301 386 "-" "Mozilla/5.0 (compatible; MJ12bot/v1.4.4; http://www.majestic12.co.uk/bot.php?+)"
199.192.207.146 - - [14/Feb/2014:14:44:46 +0100] "GET / HTTP/1.0" 301 376 "-" "Mozilla/5.0 (compatible; MJ12bot/v1.4.4; http://www.majestic12.co.uk/bot.php?+)"
157.55.35.84 - - [14/Feb/2014:15:17:47 +0100] "GET /robots.txt HTTP/1.1" 301 394 "-" "Mozilla/5.0 (compatible; bingbot/2.0; +http://www.bing.com/bingbot.htm)"
157.55.35.84 - - [14/Feb/2014:15:31:13 +0100] "GET / HTTP/1.1" 301 384 "-" "Mozilla/5.0 (compatible; bingbot/2.0; +http://www.bing.com/bingbot.htm)"
178.77.126.55 - - [14/Feb/2014:16:14:27 +0100] "GET /robots.txt HTTP/1.1" 301 375 "-" "Mozilla/5.0 (compatible; CareerBot/1.1; +http://www.career-x.de/bot.html)"
178.77.126.55 - - [14/Feb/2014:16:14:27 +0100] "GET / HTTP/1.1" 301 365 "-" "Mozilla/5.0 (compatible; CareerBot/1.1; +http://www.career-x.de/bot.html)"
178.77.126.55 - - [14/Feb/2014:17:05:51 +0100] "GET /robots.txt HTTP/1.1" 301 386 "-" "Mozilla/5.0 (compatible; CareerBot/1.1; +http://www.career-x.de/bot.html)"
178.77.126.55 - - [14/Feb/2014:17:05:51 +0100] "GET / HTTP/1.1" 301 376 "-" "Mozilla/5.0 (compatible; CareerBot/1.1; +http://www.career-x.de/bot.html)"
157.56.229.88 - - [15/Feb/2014:03:04:11 +0100] "GET /robots.txt HTTP/1.1" 301 394 "-" "Mozilla/5.0 (compatible; bingbot/2.0; +http://www.bing.com/bingbot.htm)"
157.56.229.88 - - [15/Feb/2014:03:04:41 +0100] "GET / HTTP/1.1" 301 384 "-" "Mozilla/5.0 (compatible; bingbot/2.0; +http://www.bing.com/bingbot.htm)"
141.8.147.12 - - [15/Feb/2014:05:06:34 +0100] "GET /robots.txt HTTP/1.1" 301 384 "-" "Mozilla/5.0 (compatible; YandexBot/3.0; +http://yandex.com/bots)"
141.8.147.12 - - [15/Feb/2014:05:06:35 +0100] "GET /robots.txt HTTP/1.1" 301 377 "-" "Mozilla/5.0 (compatible; YandexBot/3.0; +http://yandex.com/bots)"
141.8.147.12 - - [15/Feb/2014:05:06:36 +0100] "GET /robots.txt HTTP/1.1" 301 394 "-" "Mozilla/5.0 (compatible; YandexBot/3.0; +http://yandex.com/bots)"
141.8.147.12 - - [15/Feb/2014:05:06:38 +0100] "GET /robots.txt HTTP/1.1" 301 386 "-" "Mozilla/5.0 (compatible; YandexBot/3.0; +http://yandex.com/bots)"
66.249.64.47 - - [15/Feb/2014:05:35:44 +0100] "GET /robots.txt HTTP/1.1" 301 375 "-" "Mozilla/5.0 (compatible; Googlebot/2.1; +http://www.google.com/bot.html)"
66.249.64.46 - - [15/Feb/2014:05:35:45 +0100] "GET /fire HTTP/1.1" 301 369 "-" "Mozilla/5.0 (compatible; Googlebot/2.1; +http://www.google.com/bot.html)"
141.8.147.12 - - [15/Feb/2014:06:08:37 +0100] "GET / HTTP/1.1" 301 384 "-" "Mozilla/5.0 (compatible; YandexBot/3.0; +http://yandex.com/bots)"
141.8.147.12 - - [15/Feb/2014:06:15:28 +0100] "GET / HTTP/1.1" 301 376 "-" "Mozilla/5.0 (compatible; YandexBot/3.0; +http://yandex.com/bots)"
141.8.147.12 - - [15/Feb/2014:09:11:23 +0100] "GET / HTTP/1.1" 301 374 "-" "Mozilla/5.0 (compatible; YandexBot/3.0; +http://yandex.com/bots)"
141.8.147.12 - - [15/Feb/2014:09:17:44 +0100] "GET / HTTP/1.1" 301 367 "-" "Mozilla/5.0 (compatible; YandexBot/3.0; +http://yandex.com/bots)"
66.249.64.33 - - [15/Feb/2014:09:47:16 +0100] "GET /robots.txt HTTP/1.1" 301 377 "-" "Mozilla/5.0 (compatible; Googlebot/2.1; +http://www.google.com/bot.html)"
66.249.76.73 - - [15/Feb/2014:09:47:16 +0100] "GET / HTTP/1.1" 301 367 "-" "DoCoMo/2.0 N905i(c100;TB;W24H16) (compatible; Googlebot-Mobile/2.1; +http://www.google.com/bot.html)"
141.8.147.12 - - [15/Feb/2014:09:47:54 +0100] "GET /robots.txt HTTP/1.1" 301 375 "-" "Mozilla/5.0 (compatible; YandexBot/3.0; +http://yandex.com/bots)"
141.8.147.12 - - [15/Feb/2014:10:07:43 +0100] "GET / HTTP/1.1" 301 365 "-" "Mozilla/5.0 (compatible; YandexBot/3.0; +http://yandex.com/bots)"
178.255.215.78 - - [15/Feb/2014:16:23:07 +0100] "GET /robots.txt HTTP/1.1" 301 375 "-" "Mozilla/5.0 (compatible; Exabot/3.0; +http://www.exabot.com/go/robot)"
178.255.215.78 - - [15/Feb/2014:16:23:08 +0100] "GET / HTTP/1.1" 301 365 "-" "Mozilla/5.0 (compatible; Exabot/3.0; +http://www.exabot.com/go/robot)"
141.8.147.12 - - [15/Feb/2014:17:33:07 +0100] "GET /robots.txt HTTP/1.1" 301 392 "-" "Mozilla/5.0 (compatible; YandexBot/3.0; +http://yandex.com/bots)"
101.226.168.241 - - [15/Feb/2014:17:41:05 +0100] "GET /robots.txt HTTP/1.1" 301 375 "http://www.sibt.de/robots.txt" "Mozilla/4.0 (compatible; MSIE 8.0; Windows NT 6.1; Trident/4.0; SLCC2; .NET CLR 2.0.50727; .NET CLR 3.5.30729; .NET CLR 3.0.30729; Media Center PC 6.0; MDDR; .NET4.0C; .NET4.0E; .NET CLR 1.1.4322; Tablet PC 2.0); 360Spider"
157.56.229.188 - - [15/Feb/2014:18:49:28 +0100] "GET /robots.txt HTTP/1.1" 301 394 "-" "Mozilla/5.0 (compatible; bingbot/2.0; +http://www.bing.com/bingbot.htm)"
157.56.229.188 - - [15/Feb/2014:18:51:07 +0100] "GET / HTTP/1.1" 301 384 "-" "Mozilla/5.0 (compatible; bingbot/2.0; +http://www.bing.com/bingbot.htm)"
141.8.147.12 - - [15/Feb/2014:21:23:08 +0100] "GET /robots.txt HTTP/1.1" 301 384 "-" "Mozilla/5.0 (compatible; YandexBot/3.0; +http://yandex.com/bots)"
212.86.219.134 - - [15/Feb/2014:22:03:54 +0100] "GET /robots.txt HTTP/1.1" 301 392 "-" "Mozilla/5.0 (Macintosh; U; Intel Mac OS X 10_5_6; en-us) AppleWebKit/528.16 (KHTML, like Gecko) Version/4.0 Safari/528.16"
212.86.219.134 - - [15/Feb/2014:22:03:54 +0100] "GET / HTTP/1.1" 301 382 "-" "Mozilla/5.0 (Macintosh; U; Intel Mac OS X 10_5_6; en-us) AppleWebKit/528.16 (KHTML, like Gecko) Version/4.0 Safari/528.16"
141.8.147.12 - - [15/Feb/2014:23:03:14 +0100] "GET / HTTP/1.1" 301 382 "-" "Mozilla/5.0 (compatible; YandexBot/3.0; +http://yandex.com/bots)"
145.129.97.30 - - [16/Feb/2014:00:24:31 +0100] "GET / HTTP/1.1" 301 365 "-" "Java/1.6.0_20"
145.129.97.30 - - [16/Feb/2014:00:24:35 +0100] "GET /home.aspx?ismobile=true HTTP/1.1" 301 388 "-" "Java/1.6.0_20"
145.129.97.30 - - [16/Feb/2014:00:24:36 +0100] "GET /_layouts/blank.js?rev=QGOYAJlouiWgFRlhHVlMKA%3D%3D HTTP/1.1" 301 415 "-" "Java/1.6.0_20"
145.129.97.30 - - [16/Feb/2014:00:24:36 +0100] "GET /buildingtechnologies/de HTTP/1.1" 301 388 "-" "Java/1.6.0_20"
145.129.97.30 - - [16/Feb/2014:00:24:36 +0100] "GET //w3.siemens.com/ote/ote_config.js HTTP/1.1" 301 397 "-" "Java/1.6.0_20"
145.129.97.30 - - [16/Feb/2014:00:24:36 +0100] "GET /buildingtechnologies/de/de/Pages/home.aspx HTTP/1.1" 301 407 "-" "Java/1.6.0_20"
145.129.97.30 - - [16/Feb/2014:00:24:36 +0100] "GET /_layouts/Querplex/Siemens/WCMS3/scripts/social-media-accordion.js?rev=52461635230301259344130 HTTP/1.1" 301 458 "-" "Java/1.6.0_20"
145.129.97.30 - - [16/Feb/2014:00:24:37 +0100] "GET /buildingtechnologies/de/de/brandschutz/Seiten/brandschutz.aspx HTTP/1.1" 301 427 "-" "Java/1.6.0_20"
145.129.97.30 - - [16/Feb/2014:00:24:37 +0100] "GET /buildingtechnologies/de/de/energieeffizienz/Seiten/energieeffizienz.aspx HTTP/1.1" 301 437 "-" "Java/1.6.0_20"
145.129.97.30 - - [16/Feb/2014:00:24:37 +0100] "GET /buildingtechnologies/de/de/extranet/Seiten/extranet.aspx HTTP/1.1" 301 421 "-" "Java/1.6.0_20"
145.129.97.30 - - [16/Feb/2014:00:24:37 +0100] "GET /buildingtechnologies/de/de/gebaeudeautomation-hlk/Seiten/gebaeudeautomation.aspx HTTP/1.1" 301 445 "-" "Java/1.6.0_20"
145.129.97.30 - - [16/Feb/2014:00:24:37 +0100] "GET /buildingtechnologies/de/de/kundenzeitschriften/Pages/kundenzeitschriften.aspx HTTP/1.1" 301 442 "-" "Java/1.6.0_20"
145.129.97.30 - - [16/Feb/2014:00:24:38 +0100] "GET /buildingtechnologies/de/de/marktspezifische-loesungen/Seiten/marktspezifische-loesungen.aspx HTTP/1.1" 301 457 "-" "Java/1.6.0_20"
145.129.97.30 - - [16/Feb/2014:00:24:38 +0100] "GET /buildingtechnologies/de/de/messen-events/Seiten/messen-events.aspx HTTP/1.1" 301 431 "-" "Java/1.6.0_20"
145.129.97.30 - - [16/Feb/2014:00:24:38 +0100] "GET /buildingtechnologies/de/de/news/Seiten/news.aspx HTTP/1.1" 301 413 "-" "Java/1.6.0_20"
145.129.97.30 - - [16/Feb/2014:00:24:38 +0100] "GET /buildingtechnologies/de/de/partners/Seiten/partners.aspx HTTP/1.1" 301 421 "-" "Java/1.6.0_20"
145.129.97.30 - - [16/Feb/2014:00:24:38 +0100] "GET /buildingtechnologies/de/de/presse/Seiten/presse.aspx HTTP/1.1" 301 417 "-" "Java/1.6.0_20"
145.129.97.30 - - [16/Feb/2014:00:24:39 +0100] "GET /buildingtechnologies/de/de/referenzen/Seiten/referenzen.aspx HTTP/1.1" 301 425 "-" "Java/1.6.0_20"
145.129.97.30 - - [16/Feb/2014:00:24:39 +0100] "GET /buildingtechnologies/de/de/sicherheit/Seiten/sicherheitstechnik.aspx HTTP/1.1" 301 433 "-" "Java/1.6.0_20"
145.129.97.30 - - [16/Feb/2014:00:24:39 +0100] "GET /buildingtechnologies/de/de/support/Seiten/freistellungsbescheinigung.aspx HTTP/1.1" 301 438 "-" "Java/1.6.0_20"
145.129.97.30 - - [16/Feb/2014:00:24:39 +0100] "GET /buildingtechnologies/de/de/support/Seiten/kostenlose-apps.aspx HTTP/1.1" 301 427 "-" "Java/1.6.0_20"
145.129.97.30 - - [16/Feb/2014:00:24:39 +0100] "GET /buildingtechnologies/de/de/support/Seiten/support.aspx HTTP/1.1" 301 419 "-" "Java/1.6.0_20"
145.129.97.30 - - [16/Feb/2014:00:24:40 +0100] "GET /buildingtechnologies/de/de/total-building-solutions/Seiten/total-building-solutions.aspx HTTP/1.1" 301 453 "-" "Java/1.6.0_20"
145.129.97.30 - - [16/Feb/2014:00:24:40 +0100] "GET /buildingtechnologies/de/de/ueber-uns/Seiten/ueber-uns.aspx HTTP/1.1" 301 423 "-" "Java/1.6.0_20"
145.129.97.30 - - [16/Feb/2014:00:24:40 +0100] "GET /wcms3/custom/OSSPAD3/ote/regions/ote.js HTTP/1.1" 301 404 "-" "Java/1.6.0_20"
145.129.97.30 - - [16/Feb/2014:00:24:40 +0100] "GET /_layouts/Querplex/Siemens/WCMS3/images/mobile/apple-touch-icon-114x114-Default.png HTTP/1.1" 301 447 "-" "Java/1.6.0_20"
145.129.97.30 - - [16/Feb/2014:00:24:40 +0100] "GET /_layouts/Querplex/Siemens/WCMS3/images/mobile/apple-touch-icon-57x57-Default.png HTTP/1.1" 301 445 "-" "Java/1.6.0_20"
145.129.97.30 - - [16/Feb/2014:00:24:41 +0100] "GET /_layouts/Querplex/Siemens/WCMS3/images/mobile/apple-touch-icon-72x72-Default.png HTTP/1.1" 301 445 "-" "Java/1.6.0_20"
145.129.97.30 - - [16/Feb/2014:00:24:41 +0100] "GET /_layouts/Querplex/Siemens/WCMS3/scripts/libs/jquery-1.4.4.min.js HTTP/1.1" 301 429 "-" "Java/1.6.0_20"
145.129.97.30 - - [16/Feb/2014:00:24:41 +0100] "GET /_layouts/Querplex/Siemens/WCMS3/scripts/libs/jquery-ui-1.8.13.custom.min.js HTTP/1.1" 301 440 "-" "Java/1.6.0_20"
141.8.147.12 - - [16/Feb/2014:00:37:08 +0100] "GET /robots.txt HTTP/1.1" 301 377 "-" "Mozilla/5.0 (compatible; YandexBot/3.0; +http://yandex.com/bots)"
182.118.22.221 - - [16/Feb/2014:02:14:47 +0100] "GET /robots.txt HTTP/1.1" 301 375 "http://www.sibt.de/robots.txt" "Mozilla/5.0 (Windows; U; Windows NT 5.1; zh-CN; ) Firefox/1.5.0.11; 360Spider"
157.56.92.161 - - [16/Feb/2014:05:00:31 +0100] "GET /robots.txt HTTP/1.1" 301 394 "-" "Mozilla/5.0 (compatible; bingbot/2.0; +http://www.bing.com/bingbot.htm)"
141.8.147.12 - - [16/Feb/2014:05:57:29 +0100] "GET /robots.txt HTTP/1.1" 301 392 "-" "Mozilla/5.0 (compatible; YandexBot/3.0; +http://yandex.com/bots)"
157.56.92.161 - - [16/Feb/2014:07:13:08 +0100] "GET / HTTP/1.1" 301 384 "-" "Mozilla/5.0 (compatible; bingbot/2.0; +http://www.bing.com/bingbot.htm)"
66.249.78.65 - - [16/Feb/2014:09:45:10 +0100] "GET /robots.txt HTTP/1.1" 301 375 "-" "Mozilla/5.0 (compatible; Googlebot/2.1; +http://www.google.com/bot.html)"
66.249.78.65 - - [16/Feb/2014:09:45:11 +0100] "GET / HTTP/1.1" 301 365 "-" "Mozilla/5.0 (iPhone; CPU iPhone OS 6_0 like Mac OS X) AppleWebKit/536.26 (KHTML, like Gecko) Version/6.0 Mobile/10A5376e Safari/8536.25 (compatible; Googlebot/2.1; +http://www.google.com/bot.html)"
69.58.178.58 - - [16/Feb/2014:10:29:52 +0100] "GET /robots.txt HTTP/1.1" 301 375 "-" "Mozilla/5.0 (X11; Ubuntu; Linux i686; rv:14.0; ips-agent) Gecko/20100101 Firefox/14.0.1"
69.58.178.58 - - [16/Feb/2014:10:29:54 +0100] "GET / HTTP/1.1" 301 365 "-" "Mozilla/5.0 (X11; Ubuntu; Linux i686; rv:14.0; ips-agent) Gecko/20100101 Firefox/14.0.1"
141.8.147.12 - - [16/Feb/2014:10:52:28 +0100] "GET /robots.txt HTTP/1.1" 301 384 "-" "Mozilla/5.0 (compatible; YandexBot/3.0; +http://yandex.com/bots)"
141.8.147.12 - - [16/Feb/2014:12:08:27 +0100] "GET /robots.txt HTTP/1.1" 301 386 "-" "Mozilla/5.0 (compatible; YandexBot/3.0; +http://yandex.com/bots)"
141.8.147.12 - - [16/Feb/2014:12:10:44 +0100] "GET / HTTP/1.1" 301 376 "-" "Mozilla/5.0 (compatible; YandexBot/3.0; +http://yandex.com/bots)"
208.115.111.73 - - [16/Feb/2014:14:27:13 +0100] "GET /robots.txt HTTP/1.1" 301 375 "-" "Mozilla/5.0 (compatible; Ezooms/1.0; help@moz.com)"
65.55.55.231 - - [16/Feb/2014:14:50:52 +0100] "GET /robots.txt HTTP/1.1" 301 375 "-" "Mozilla/5.0 (compatible; bingbot/2.0; +http://www.bing.com/bingbot.htm)"
208.115.111.73 - - [16/Feb/2014:14:56:23 +0100] "GET / HTTP/1.1" 301 365 "-" "Mozilla/5.0 (compatible; Ezooms/1.0; help@moz.com)"
65.55.55.231 - - [16/Feb/2014:15:12:35 +0100] "GET /text/10000000_0000.htm HTTP/1.1" 301 387 "-" "Mozilla/5.0 (compatible; bingbot/2.0; +http://www.bing.com/bingbot.htm)"
141.8.147.12 - - [16/Feb/2014:17:55:18 +0100] "GET / HTTP/1.1" 301 374 "-" "Mozilla/5.0 (compatible; YandexBot/3.0; +http://yandex.com/bots)"
157.56.229.88 - - [16/Feb/2014:20:34:51 +0100] "GET /robots.txt HTTP/1.1" 301 394 "-" "Mozilla/5.0 (compatible; bingbot/2.0; +http://www.bing.com/bingbot.htm)"
157.56.229.88 - - [16/Feb/2014:20:39:05 +0100] "GET / HTTP/1.1" 301 384 "-" "Mozilla/5.0 (compatible; bingbot/2.0; +http://www.bing.com/bingbot.htm)"
212.86.219.134 - - [17/Feb/2014:00:21:08 +0100] "GET /robots.txt HTTP/1.1" 301 394 "-" "Mozilla/5.0 (Macintosh; U; Intel Mac OS X 10_5_6; en-us) AppleWebKit/528.16 (KHTML, like Gecko) Version/4.0 Safari/528.16"
212.86.219.134 - - [17/Feb/2014:00:21:08 +0100] "GET / HTTP/1.1" 301 384 "-" "Mozilla/5.0 (Macintosh; U; Intel Mac OS X 10_5_6; en-us) AppleWebKit/528.16 (KHTML, like Gecko) Version/4.0 Safari/528.16"
88.198.1.77 - - [17/Feb/2014:01:07:45 +0100] "GET /robots.txt HTTP/1.1" 301 375 "http://www.sitedomain.de/" "Sitedomain-Bot(Sitedomain-Bot 1.0, http://www.sitedomain.de/sitedomain-bot/)"
88.198.1.77 - - [17/Feb/2014:01:14:53 +0100] "GET /robots.txt HTTP/1.1" 301 389 "http://www.sitedomain.de/" "Sitedomain-Bot(Sitedomain-Bot 1.0, http://www.sitedomain.de/sitedomain-bot/)"
5.9.36.119 - - [17/Feb/2014:03:26:09 +0100] "GET /robots.txt HTTP/1.1" 301 386 "-" "Mozilla/5.0 (compatible; SISTRIX Crawler; http://crawler.sistrix.net/)"
5.9.36.119 - - [17/Feb/2014:03:26:09 +0100] "GET / HTTP/1.1" 301 376 "-" "Mozilla/5.0 (compatible; SISTRIX Crawler; http://crawler.sistrix.net/)"
157.56.93.96 - - [17/Feb/2014:04:31:15 +0100] "GET /robots.txt HTTP/1.1" 301 394 "-" "Mozilla/5.0 (compatible; bingbot/2.0; +http://www.bing.com/bingbot.htm)"
157.56.93.96 - - [17/Feb/2014:05:01:33 +0100] "GET / HTTP/1.1" 301 384 "-" "Mozilla/5.0 (compatible; bingbot/2.0; +http://www.bing.com/bingbot.htm)"
5.10.83.82 - - [17/Feb/2014:05:20:31 +0100] "GET / HTTP/1.1" 301 376 "-" "Mozilla/5.0 (compatible; AhrefsBot/5.0; +http://ahrefs.com/robot/)"
141.8.147.12 - - [17/Feb/2014:06:14:36 +0100] "GET /robots.txt HTTP/1.1" 301 386 "-" "Mozilla/5.0 (compatible; YandexBot/3.0; +http://yandex.com/bots)"
141.8.147.12 - - [17/Feb/2014:06:55:57 +0100] "GET / HTTP/1.1" 301 376 "-" "Mozilla/5.0 (compatible; YandexBot/3.0; +http://yandex.com/bots)"
208.43.255.27 - - [17/Feb/2014:08:37:38 +0100] "GET /robots.txt HTTP/1.1" 301 375 "-" "Mozilla/5.0 (compatible; MSIE 9.0; Windows NT 6.1; WOW64; Trident/5.0; chromeframe/19.0.1084.52)"
208.43.255.27 - - [17/Feb/2014:08:37:43 +0100] "GET /text/11020402_0000.htm HTTP/1.1" 301 387 "-" "Mozilla/5.0 (compatible; MSIE 9.0; Windows NT 6.1; WOW64; Trident/5.0; chromeframe/19.0.1084.52)"
62.157.242.119 - - [17/Feb/2014:10:59:46 +0100] "GET / HTTP/1.1" 301 365 "-" "Mozilla/4.0 (compatible; MSIE 8.0; Windows NT 5.1; Trident/4.0; .NET CLR 2.0.50727; .NET CLR 3.0.4506.2152; .NET CLR 3.5.30729; InfoPath.2)"
213.23.84.217 - - [17/Feb/2014:12:15:40 +0100] "GET / HTTP/1.1" 301 365 "-" "Mozilla/5.0 (compatible; MSIE 9.0; Windows NT 6.1; WOW64; Trident/5.0)"
162.210.196.97 - - [17/Feb/2014:14:30:46 +0100] "GET /robots.txt HTTP/1.0" 301 386 "-" "Mozilla/5.0 (compatible; MJ12bot/v1.4.4; http://www.majestic12.co.uk/bot.php?+)"
162.210.196.97 - - [17/Feb/2014:14:30:48 +0100] "GET / HTTP/1.0" 301 376 "-" "Mozilla/5.0 (compatible; MJ12bot/v1.4.4; http://www.majestic12.co.uk/bot.php?+)"
141.8.147.12 - - [17/Feb/2014:18:08:55 +0100] "GET /robots.txt HTTP/1.1" 301 384 "-" "Mozilla/5.0 (compatible; YandexBot/3.0; +http://yandex.com/bots)"
141.8.147.12 - - [17/Feb/2014:18:15:23 +0100] "GET / HTTP/1.1" 301 374 "-" "Mozilla/5.0 (compatible; YandexBot/3.0; +http://yandex.com/bots)"
141.8.147.12 - - [17/Feb/2014:18:22:21 +0100] "GET /robots.txt HTTP/1.1" 301 386 "-" "Mozilla/5.0 (compatible; YandexBot/3.0; +http://yandex.com/bots)"
157.55.35.112 - - [17/Feb/2014:21:25:18 +0100] "GET /robots.txt HTTP/1.1" 301 394 "-" "Mozilla/5.0 (compatible; bingbot/2.0; +http://www.bing.com/bingbot.htm)"
157.55.35.112 - - [17/Feb/2014:21:33:38 +0100] "GET / HTTP/1.1" 301 384 "-" "Mozilla/5.0 (compatible; bingbot/2.0; +http://www.bing.com/bingbot.htm)"
178.77.126.55 - - [17/Feb/2014:22:43:07 +0100] "GET /robots.txt HTTP/1.1" 301 375 "-" "Mozilla/5.0 (compatible; CareerBot/1.1; +http://www.career-x.de/bot.html)"
178.77.126.55 - - [17/Feb/2014:22:43:07 +0100] "GET / HTTP/1.1" 301 365 "-" "Mozilla/5.0 (compatible; CareerBot/1.1; +http://www.career-x.de/bot.html)"
208.88.226.73 - - [17/Feb/2014:23:27:58 +0100] "HEAD / HTTP/1.1" 301 - "-" "Mozilla/5.0 (Windows NT 6.1; WOW64; rv:7.0.1) Gecko/20100101 Firefox/7.0.1"
178.77.126.55 - - [17/Feb/2014:23:35:39 +0100] "GET /robots.txt HTTP/1.1" 301 386 "-" "Mozilla/5.0 (compatible; CareerBot/1.1; +http://www.career-x.de/bot.html)"
178.77.126.55 - - [17/Feb/2014:23:35:39 +0100] "GET / HTTP/1.1" 301 376 "-" "Mozilla/5.0 (compatible; CareerBot/1.1; +http://www.career-x.de/bot.html)"
178.255.215.78 - - [17/Feb/2014:23:57:34 +0100] "GET /robots.txt HTTP/1.1" 301 375 "-" "Mozilla/5.0 (compatible; Exabot/3.0; +http://www.exabot.com/go/robot)"
178.255.215.78 - - [17/Feb/2014:23:57:34 +0100] "GET / HTTP/1.1" 301 365 "-" "Mozilla/5.0 (compatible; Exabot/3.0; +http://www.exabot.com/go/robot)"
141.8.147.12 - - [18/Feb/2014:01:27:33 +0100] "GET / HTTP/1.1" 301 376 "-" "Mozilla/5.0 (compatible; YandexBot/3.0; +http://yandex.com/bots)"
141.8.147.12 - - [18/Feb/2014:04:18:09 +0100] "GET /robots.txt HTTP/1.1" 301 394 "-" "Mozilla/5.0 (compatible; YandexBot/3.0; +http://yandex.com/bots)"
141.8.147.12 - - [18/Feb/2014:05:23:21 +0100] "GET /robots.txt HTTP/1.1" 301 384 "-" "Mozilla/5.0 (compatible; YandexBot/3.0; +http://yandex.com/bots)"
66.249.78.65 - - [18/Feb/2014:06:52:23 +0100] "GET /robots.txt HTTP/1.1" 301 375 "-" "Mozilla/5.0 (compatible; Googlebot/2.1; +http://www.google.com/bot.html)"
66.249.78.65 - - [18/Feb/2014:06:52:24 +0100] "GET / HTTP/1.1" 301 365 "-" "Mozilla/5.0 (iPhone; CPU iPhone OS 6_0 like Mac OS X) AppleWebKit/536.26 (KHTML, like Gecko) Version/6.0 Mobile/10A5376e Safari/8536.25 (compatible; Googlebot/2.1; +http://www.google.com/bot.html)"
5.10.83.23 - - [18/Feb/2014:08:49:54 +0100] "GET / HTTP/1.1" 301 365 "-" "Mozilla/5.0 (compatible; AhrefsBot/5.0; +http://ahrefs.com/robot/)"
157.55.33.31 - - [18/Feb/2014:09:01:22 +0100] "GET /robots.txt HTTP/1.1" 301 394 "-" "Mozilla/5.0 (compatible; bingbot/2.0; +http://www.bing.com/bingbot.htm)"
157.55.33.31 - - [18/Feb/2014:09:05:28 +0100] "GET / HTTP/1.1" 301 384 "-" "Mozilla/5.0 (compatible; bingbot/2.0; +http://www.bing.com/bingbot.htm)"
141.8.147.12 - - [18/Feb/2014:09:37:08 +0100] "GET /robots.txt HTTP/1.1" 301 375 "-" "Mozilla/5.0 (compatible; YandexBot/3.0; +http://yandex.com/bots)"
66.249.78.240 - - [18/Feb/2014:11:07:22 +0100] "GET /robots.txt HTTP/1.1" 301 377 "-" "Mozilla/5.0 (compatible; Googlebot/2.1; +http://www.google.com/bot.html)"
66.249.78.240 - - [18/Feb/2014:11:07:23 +0100] "GET / HTTP/1.1" 301 367 "-" "SAMSUNG-SGH-E250/1.0 Profile/MIDP-2.0 Configuration/CLDC-1.1 UP.Browser/6.2.3.3.c.1.101 (GUI) MMP/2.0 (compatible; Googlebot-Mobile/2.1; +http://www.google.com/bot.html)"
141.8.147.12 - - [18/Feb/2014:11:57:59 +0100] "GET /robots.txt HTTP/1.1" 301 377 "-" "Mozilla/5.0 (compatible; YandexBot/3.0; +http://yandex.com/bots)"
141.8.147.12 - - [18/Feb/2014:12:27:18 +0100] "GET / HTTP/1.1" 301 365 "-" "Mozilla/5.0 (compatible; YandexBot/3.0; +http://yandex.com/bots)"
141.8.147.12 - - [18/Feb/2014:12:41:44 +0100] "GET / HTTP/1.1" 301 367 "-" "Mozilla/5.0 (compatible; YandexBot/3.0; +http://yandex.com/bots)"
141.8.147.12 - - [18/Feb/2014:12:56:10 +0100] "GET / HTTP/1.1" 301 384 "-" "Mozilla/5.0 (compatible; YandexBot/3.0; +http://yandex.com/bots)"
66.249.78.81 - - [18/Feb/2014:13:41:25 +0100] "GET /robots.txt HTTP/1.1" 301 386 "-" "Mozilla/5.0 (compatible; Googlebot/2.1; +http://www.google.com/bot.html)"
66.249.78.81 - - [18/Feb/2014:13:41:26 +0100] "GET / HTTP/1.1" 301 376 "-" "SAMSUNG-SGH-E250/1.0 Profile/MIDP-2.0 Configuration/CLDC-1.1 UP.Browser/6.2.3.3.c.1.101 (GUI) MMP/2.0 (compatible; Googlebot-Mobile/2.1; +http://www.google.com/bot.html)"
208.115.111.73 - - [18/Feb/2014:18:41:16 +0100] "GET /robots.txt HTTP/1.1" 301 375 "-" "Mozilla/5.0 (compatible; Ezooms/1.0; help@moz.com)"
141.8.147.12 - - [18/Feb/2014:19:18:30 +0100] "GET /robots.txt HTTP/1.1" 301 392 "-" "Mozilla/5.0 (compatible; YandexBot/3.0; +http://yandex.com/bots)"
141.8.147.12 - - [18/Feb/2014:20:04:21 +0100] "GET / HTTP/1.1" 301 382 "-" "Mozilla/5.0 (compatible; YandexBot/3.0; +http://yandex.com/bots)"
157.55.33.31 - - [18/Feb/2014:20:21:15 +0100] "GET /robots.txt HTTP/1.1" 301 394 "-" "Mozilla/5.0 (compatible; bingbot/2.0; +http://www.bing.com/bingbot.htm)"
208.115.111.73 - - [18/Feb/2014:20:35:22 +0100] "GET /security/ HTTP/1.1" 301 374 "-" "Mozilla/5.0 (compatible; Ezooms/1.0; help@moz.com)"
157.55.33.31 - - [18/Feb/2014:20:37:07 +0100] "GET / HTTP/1.1" 301 384 "-" "Mozilla/5.0 (compatible; bingbot/2.0; +http://www.bing.com/bingbot.htm)"
144.76.71.146 - - [19/Feb/2014:03:27:04 +0100] "GET /robots.txt HTTP/1.1" 301 375 "-" "Mozilla/5.0 (compatible; SISTRIX Crawler; http://crawler.sistrix.net/)"
144.76.71.146 - - [19/Feb/2014:03:27:04 +0100] "GET / HTTP/1.1" 301 365 "-" "Mozilla/5.0 (compatible; SISTRIX Crawler; http://crawler.sistrix.net/)"
66.249.78.65 - - [19/Feb/2014:05:51:53 +0100] "GET /robots.txt HTTP/1.1" 301 375 "-" "Mozilla/5.0 (compatible; Googlebot/2.1; +http://www.google.com/bot.html)"
157.55.33.31 - - [19/Feb/2014:07:22:37 +0100] "GET /robots.txt HTTP/1.1" 301 394 "-" "Mozilla/5.0 (compatible; bingbot/2.0; +http://www.bing.com/bingbot.htm)"
157.55.33.31 - - [19/Feb/2014:07:35:17 +0100] "GET / HTTP/1.1" 301 384 "-" "Mozilla/5.0 (compatible; bingbot/2.0; +http://www.bing.com/bingbot.htm)"
66.249.78.88 - - [19/Feb/2014:07:58:35 +0100] "GET /robots.txt HTTP/1.1" 301 394 "-" "Mozilla/5.0 (compatible; Googlebot/2.1; +http://www.google.com/bot.html)"
66.249.78.88 - - [19/Feb/2014:07:58:36 +0100] "GET / HTTP/1.1" 301 384 "-" "Mozilla/5.0 (compatible; Googlebot/2.1; +http://www.google.com/bot.html)"
157.56.92.142 - - [19/Feb/2014:09:54:31 +0100] "GET /robots.txt HTTP/1.1" 301 392 "-" "Mozilla/5.0 (compatible; bingbot/2.0; +http://www.bing.com/bingbot.htm)"
157.56.92.142 - - [19/Feb/2014:09:57:34 +0100] "GET /news/article/1011778061.php HTTP/1.1" 301 409 "-" "Mozilla/5.0 (compatible; bingbot/2.0; +http://www.bing.com/bingbot.htm)"
54.197.54.67 - - [19/Feb/2014:10:13:46 +0100] "HEAD /robots.txt HTTP/1.1" 301 - "http://netcomber.com/sibt.de?st=br2" "sibt.de"
54.197.54.67 - - [19/Feb/2014:10:13:46 +0100] "GET /robots.txt HTTP/1.1" 301 375 "http://netcomber.com/sibt.de?st=br2" "sibt.de"
208.115.111.73 - - [19/Feb/2014:10:52:44 +0100] "GET /robots.txt HTTP/1.1" 301 375 "-" "Mozilla/5.0 (compatible; Ezooms/1.0; help@moz.com)"
80.187.102.223 - - [19/Feb/2014:14:04:32 +0100] "GET / HTTP/1.1" 301 365 "-" "Mozilla/5.0 (compatible; MSIE 10.0; Windows NT 6.1; Trident/6.0; MDDRJS)"
162.243.81.123 - - [19/Feb/2014:18:38:06 +0100] "GET /robots.txt HTTP/1.1" 301 386 "-" "Mozilla/5.0 (compatible; spbot/4.0.7; +http://OpenLinkProfiler.org/bot )"
162.243.81.123 - - [19/Feb/2014:18:38:11 +0100] "GET / HTTP/1.1" 301 376 "-" "Mozilla/5.0 (compatible; spbot/4.0.7; +http://OpenLinkProfiler.org/bot )"
188.165.195.156 - - [19/Feb/2014:19:54:40 +0100] "HEAD / HTTP/1.1" 301 - "-" "Mozilla/4.0 (compatible; MSIE 5.01; Windows NT 5.0)"
207.241.226.218 - - [19/Feb/2014:19:57:11 +0100] "GET /robots.txt HTTP/1.1" 301 375 "-" "Mozilla/5.0 (compatible; archive.org_bot; Wayback Machine Live Record; +http://archive.org/details/archive.org_bot)"
66.249.78.88 - - [19/Feb/2014:21:14:01 +0100] "GET /robots.txt HTTP/1.1" 301 394 "-" "Mozilla/5.0 (compatible; Googlebot/2.1; +http://www.google.com/bot.html)"
66.249.78.88 - - [19/Feb/2014:21:14:01 +0100] "GET / HTTP/1.1" 301 384 "-" "Mozilla/5.0 (compatible; Googlebot/2.1; +http://www.google.com/bot.html)"
66.249.78.45 - - [19/Feb/2014:21:17:51 +0100] "GET /robots.txt HTTP/1.1" 301 389 "-" "Mozilla/5.0 (compatible; Googlebot/2.1; +http://www.google.com/bot.html)"
66.249.78.45 - - [19/Feb/2014:21:17:52 +0100] "GET / HTTP/1.1" 301 379 "-" "Mozilla/5.0 (compatible; Googlebot/2.1; +http://www.google.com/bot.html)"
66.249.78.85 - - [19/Feb/2014:21:21:41 +0100] "GET /robots.txt HTTP/1.1" 301 392 "-" "Mozilla/5.0 (compatible; Googlebot/2.1; +http://www.google.com/bot.html)"
66.249.78.85 - - [19/Feb/2014:21:21:41 +0100] "GET / HTTP/1.1" 301 382 "-" "Mozilla/5.0 (compatible; Googlebot/2.1; +http://www.google.com/bot.html)"
66.249.78.65 - - [19/Feb/2014:21:25:31 +0100] "GET /robots.txt HTTP/1.1" 301 375 "-" "Mozilla/5.0 (compatible; Googlebot/2.1; +http://www.google.com/bot.html)"
66.249.78.65 - - [19/Feb/2014:21:25:31 +0100] "GET / HTTP/1.1" 301 365 "-" "Mozilla/5.0 (compatible; Googlebot/2.1; +http://www.google.com/bot.html)"
66.249.78.81 - - [19/Feb/2014:21:29:21 +0100] "GET /robots.txt HTTP/1.1" 301 386 "-" "Mozilla/5.0 (compatible; Googlebot/2.1; +http://www.google.com/bot.html)"
66.249.78.81 - - [19/Feb/2014:21:29:21 +0100] "GET / HTTP/1.1" 301 376 "-" "Mozilla/5.0 (compatible; Googlebot/2.1; +http://www.google.com/bot.html)"
66.249.78.240 - - [19/Feb/2014:21:33:11 +0100] "GET /robots.txt HTTP/1.1" 301 377 "-" "Mozilla/5.0 (compatible; Googlebot/2.1; +http://www.google.com/bot.html)"
66.249.78.240 - - [19/Feb/2014:21:33:11 +0100] "GET / HTTP/1.1" 301 367 "-" "Mozilla/5.0 (compatible; Googlebot/2.1; +http://www.google.com/bot.html)"
5.10.83.75 - - [19/Feb/2014:21:36:42 +0100] "GET / HTTP/1.1" 301 384 "-" "Mozilla/5.0 (compatible; AhrefsBot/5.0; +http://ahrefs.com/robot/)"
162.243.81.123 - - [19/Feb/2014:22:01:52 +0100] "GET /robots.txt HTTP/1.1" 301 386 "-" "Mozilla/5.0 (compatible; spbot/4.0.7; +http://OpenLinkProfiler.org/bot )"
162.243.81.123 - - [19/Feb/2014:22:01:58 +0100] "GET / HTTP/1.1" 301 376 "-" "Mozilla/5.0 (compatible; spbot/4.0.7; +http://OpenLinkProfiler.org/bot )"
157.55.32.189 - - [19/Feb/2014:22:07:45 +0100] "GET /robots.txt HTTP/1.1" 301 375 "-" "Mozilla/5.0 (compatible; bingbot/2.0; +http://www.bing.com/bingbot.htm)"
157.55.32.189 - - [19/Feb/2014:22:08:16 +0100] "GET / HTTP/1.1" 301 365 "-" "Mozilla/5.0 (compatible; bingbot/2.0; +http://www.bing.com/bingbot.htm)"
81.169.188.167 - - [20/Feb/2014:00:11:10 +0100] "GET / HTTP/1.1" 301 367 "-" "Mozilla/4.0 (compatible; MSIE 8.0; Windows NT 5.1; Trident/4.0; Zango 10.1.181.0)"
81.169.231.60 - - [20/Feb/2014:01:24:18 +0100] "GET / HTTP/1.1" 301 374 "-" "Mozilla/4.0 (compatible; MSIE 7.0; Windows NT 6.0; Trident/4.0; Mozilla/4.0 (compatible; MSIE 6.0; Windows NT 5.1; SV1) )"
5.10.83.23 - - [20/Feb/2014:01:58:52 +0100] "GET /text/11020402_0000.htm HTTP/1.1" 301 387 "-" "Mozilla/5.0 (compatible; AhrefsBot/5.0; +http://ahrefs.com/robot/)"
81.169.231.59 - - [20/Feb/2014:03:53:34 +0100] "GET / HTTP/1.1" 301 379 "-" "Mozilla/4.0 (compatible; MSIE 8.0; Windows NT 5.1; Trident/4.0; chromeframe; .NET CLR 1.1.4322)"
81.169.231.60 - - [20/Feb/2014:04:01:12 +0100] "GET / HTTP/1.1" 301 365 "-" "Mozilla/5.0 (Windows NT 6.2) AppleWebKit/537.4 (KHTML, like Gecko) Chrome/22.0.1229.94 Safari/537.4"
81.169.188.167 - - [20/Feb/2014:04:03:00 +0100] "GET / HTTP/1.1" 301 384 "-" "Mozilla/5.0 (Macintosh; Intel Mac OS X 10_6_8) AppleWebKit/535.19 (KHTML, like Gecko) Chrome/18.0.1025.11 Safari/535.19"
81.169.231.59 - - [20/Feb/2014:04:38:43 +0100] "GET / HTTP/1.1" 301 382 "-" "Mozilla/5.0 (Macintosh; Intel Mac OS X 10_7_3) AppleWebKit/535.22 (KHTML, like Gecko) Chrome/19.0.1047.0 Safari/535.22"
157.55.33.31 - - [20/Feb/2014:05:24:14 +0100] "GET /robots.txt HTTP/1.1" 301 394 "-" "Mozilla/5.0 (compatible; bingbot/2.0; +http://www.bing.com/bingbot.htm)"
157.55.33.31 - - [20/Feb/2014:05:25:03 +0100] "GET / HTTP/1.1" 301 384 "-" "Mozilla/5.0 (compatible; bingbot/2.0; +http://www.bing.com/bingbot.htm)"
157.55.32.189 - - [20/Feb/2014:06:53:00 +0100] "GET /robots.txt HTTP/1.1" 301 375 "-" "Mozilla/5.0 (compatible; bingbot/2.0; +http://www.bing.com/bingbot.htm)"
157.55.32.189 - - [20/Feb/2014:06:53:23 +0100] "GET / HTTP/1.1" 301 365 "-" "Mozilla/5.0 (compatible; bingbot/2.0; +http://www.bing.com/bingbot.htm)"
141.8.147.12 - - [20/Feb/2014:16:17:01 +0100] "GET /robots.txt HTTP/1.1" 301 394 "-" "Mozilla/5.0 (compatible; YandexBot/3.0; +http://yandex.com/bots)"
157.56.93.42 - - [20/Feb/2014:16:21:46 +0100] "GET /robots.txt HTTP/1.1" 301 394 "-" "Mozilla/5.0 (compatible; bingbot/2.0; +http://www.bing.com/bingbot.htm)"
157.56.93.42 - - [20/Feb/2014:16:35:25 +0100] "GET / HTTP/1.1" 301 384 "-" "Mozilla/5.0 (compatible; bingbot/2.0; +http://www.bing.com/bingbot.htm)"
141.8.147.12 - - [20/Feb/2014:17:00:47 +0100] "GET /robots.txt HTTP/1.1" 301 377 "-" "Mozilla/5.0 (compatible; YandexBot/3.0; +http://yandex.com/bots)"
141.8.147.12 - - [20/Feb/2014:17:00:51 +0100] "GET / HTTP/1.1" 301 367 "-" "Mozilla/5.0 (compatible; YandexBot/3.0; +http://yandex.com/bots)"
199.58.86.206 - - [20/Feb/2014:17:32:25 +0100] "GET /robots.txt HTTP/1.0" 301 386 "-" "Mozilla/5.0 (compatible; MJ12bot/v1.4.4; http://www.majestic12.co.uk/bot.php?+)"
199.58.86.206 - - [20/Feb/2014:17:32:28 +0100] "GET / HTTP/1.0" 301 376 "-" "Mozilla/5.0 (compatible; MJ12bot/v1.4.4; http://www.majestic12.co.uk/bot.php?+)"
157.55.32.189 - - [20/Feb/2014:17:43:35 +0100] "GET /robots.txt HTTP/1.1" 301 375 "-" "Mozilla/5.0 (compatible; bingbot/2.0; +http://www.bing.com/bingbot.htm)"
157.55.32.189 - - [20/Feb/2014:17:45:52 +0100] "GET / HTTP/1.1" 301 365 "-" "Mozilla/5.0 (compatible; bingbot/2.0; +http://www.bing.com/bingbot.htm)"
66.249.78.65 - - [20/Feb/2014:17:51:06 +0100] "GET /robots.txt HTTP/1.1" 301 375 "-" "Mozilla/5.0 (compatible; Googlebot/2.1; +http://www.google.com/bot.html)"
66.249.78.65 - - [20/Feb/2014:17:51:07 +0100] "GET / HTTP/1.1" 301 365 "-" "SAMSUNG-SGH-E250/1.0 Profile/MIDP-2.0 Configuration/CLDC-1.1 UP.Browser/6.2.3.3.c.1.101 (GUI) MMP/2.0 (compatible; Googlebot-Mobile/2.1; +http://www.google.com/bot.html)"
162.243.94.221 - - [20/Feb/2014:19:45:14 +0100] "GET /robots.txt HTTP/1.1" 301 375 "-" "Mozilla/5.0 (compatible; spbot/4.0.7; +http://OpenLinkProfiler.org/bot )"
162.243.94.221 - - [20/Feb/2014:19:45:19 +0100] "GET / HTTP/1.1" 301 365 "-" "Mozilla/5.0 (compatible; spbot/4.0.7; +http://OpenLinkProfiler.org/bot )"
141.8.147.12 - - [20/Feb/2014:19:45:49 +0100] "GET /robots.txt HTTP/1.1" 301 386 "-" "Mozilla/5.0 (compatible; YandexBot/3.0; +http://yandex.com/bots)"
141.8.147.12 - - [20/Feb/2014:20:47:31 +0100] "GET / HTTP/1.1" 301 376 "-" "Mozilla/5.0 (compatible; YandexBot/3.0; +http://yandex.com/bots)"
31.3.233.120 - - [20/Feb/2014:22:20:57 +0100] "GET / HTTP/1.1" 301 382 "-" "-"
125.209.208.4 - - [20/Feb/2014:23:11:23 +0100] "GET /robots.txt HTTP/1.1" 301 375 "-" "Yeti/1.0 (NHN Corp.; http://help.naver.com/robots/)"
125.209.208.12 - - [20/Feb/2014:23:11:25 +0100] "GET / HTTP/1.1" 301 365 "-" "Yeti/1.0 (NHN Corp.; http://help.naver.com/robots/)"
141.8.147.12 - - [21/Feb/2014:00:21:22 +0100] "GET / HTTP/1.1" 301 384 "-" "Mozilla/5.0 (compatible; YandexBot/3.0; +http://yandex.com/bots)"
157.56.229.184 - - [21/Feb/2014:04:21:21 +0100] "GET /robots.txt HTTP/1.1" 301 394 "-" "Mozilla/5.0 (compatible; bingbot/2.0; +http://www.bing.com/bingbot.htm)"
157.56.229.184 - - [21/Feb/2014:04:26:20 +0100] "GET / HTTP/1.1" 301 384 "-" "Mozilla/5.0 (compatible; bingbot/2.0; +http://www.bing.com/bingbot.htm)"
141.8.147.12 - - [21/Feb/2014:05:27:44 +0100] "GET /robots.txt HTTP/1.1" 301 384 "-" "Mozilla/5.0 (compatible; YandexBot/3.0; +http://yandex.com/bots)"
157.55.32.189 - - [21/Feb/2014:05:37:24 +0100] "GET /robots.txt HTTP/1.1" 301 375 "-" "Mozilla/5.0 (compatible; bingbot/2.0; +http://www.bing.com/bingbot.htm)"
157.55.32.189 - - [21/Feb/2014:05:37:55 +0100] "GET / HTTP/1.1" 301 365 "-" "Mozilla/5.0 (compatible; bingbot/2.0; +http://www.bing.com/bingbot.htm)"
64.246.165.210 - - [21/Feb/2014:08:37:42 +0100] "GET /robots.txt HTTP/1.0" 301 386 "-" "Mozilla/5.0 (Windows; U; Windows NT 5.1; en; rv:1.9.0.13) Gecko/2009073022 Firefox/3.5.2 (.NET CLR 3.5.30729) SurveyBot/2.3 (DomainTools)"
64.246.165.210 - - [21/Feb/2014:08:37:43 +0100] "GET / HTTP/1.1" 301 376 "http://whois.domaintools.com/algorex-partner.de" "Mozilla/5.0 (Windows; U; Windows NT 5.1; en; rv:1.9.0.13) Gecko/2009073022 Firefox/3.5.2 (.NET CLR 3.5.30729) SurveyBot/2.3 (DomainTools)"
141.8.147.12 - - [21/Feb/2014:10:47:23 +0100] "GET /robots.txt HTTP/1.1" 301 392 "-" "Mozilla/5.0 (compatible; YandexBot/3.0; +http://yandex.com/bots)"
141.8.147.12 - - [21/Feb/2014:11:47:55 +0100] "GET / HTTP/1.1" 301 374 "-" "Mozilla/5.0 (compatible; YandexBot/3.0; +http://yandex.com/bots)"
66.249.78.65 - - [21/Feb/2014:11:56:33 +0100] "GET /robots.txt HTTP/1.1" 301 375 "-" "Mozilla/5.0 (compatible; Googlebot/2.1; +http://www.google.com/bot.html)"
66.249.78.65 - - [21/Feb/2014:11:56:34 +0100] "GET / HTTP/1.1" 301 365 "-" "Mozilla/5.0 (iPhone; CPU iPhone OS 6_0 like Mac OS X) AppleWebKit/536.26 (KHTML, like Gecko) Version/6.0 Mobile/10A5376e Safari/8536.25 (compatible; Googlebot/2.1; +http://www.google.com/bot.html)"
141.8.147.12 - - [21/Feb/2014:13:00:11 +0100] "GET / HTTP/1.1" 301 382 "-" "Mozilla/5.0 (compatible; YandexBot/3.0; +http://yandex.com/bots)"
141.8.147.12 - - [21/Feb/2014:13:00:30 +0100] "GET /robots.txt HTTP/1.1" 301 375 "-" "Mozilla/5.0 (compatible; YandexBot/3.0; +http://yandex.com/bots)"
212.227.97.6 - - [21/Feb/2014:14:39:25 +0100] "GET / HTTP/1.1" 301 376 "-" "Mozilla/4.0 (Compatible; Windows NT 5.1; MSIE 6.0) (compatible; MSIE 6.0; Windows NT 5.1; .NET CLR 1.1.4322; .NET CLR 2.0.50727)"
141.8.147.12 - - [21/Feb/2014:14:47:35 +0100] "GET / HTTP/1.1" 301 365 "-" "Mozilla/5.0 (compatible; YandexBot/3.0; +http://yandex.com/bots)"
157.55.35.31 - - [21/Feb/2014:16:00:07 +0100] "GET /robots.txt HTTP/1.1" 301 394 "-" "Mozilla/5.0 (compatible; bingbot/2.0; +http://www.bing.com/bingbot.htm)"
157.55.35.31 - - [21/Feb/2014:16:35:26 +0100] "GET / HTTP/1.1" 301 384 "-" "Mozilla/5.0 (compatible; bingbot/2.0; +http://www.bing.com/bingbot.htm)"
182.118.20.213 - - [21/Feb/2014:17:07:39 +0100] "GET /robots.txt HTTP/1.1" 301 386 "http://www.algorex-partner.de/robots.txt" "Mozilla/5.0 (Windows; U; Windows NT 5.1; zh-CN; ) Firefox/1.5.0.11; 360Spider"
178.77.126.55 - - [21/Feb/2014:18:05:31 +0100] "GET /robots.txt HTTP/1.1" 301 375 "-" "Mozilla/5.0 (compatible; CareerBot/1.1; +http://www.career-x.de/bot.html)"
178.77.126.55 - - [21/Feb/2014:18:05:31 +0100] "GET / HTTP/1.1" 301 365 "-" "Mozilla/5.0 (compatible; CareerBot/1.1; +http://www.career-x.de/bot.html)"
157.56.229.211 - - [21/Feb/2014:18:11:53 +0100] "GET /robots.txt HTTP/1.1" 301 375 "-" "Mozilla/5.0 (compatible; bingbot/2.0; +http://www.bing.com/bingbot.htm)"
157.56.229.211 - - [21/Feb/2014:18:21:36 +0100] "GET / HTTP/1.1" 301 365 "-" "Mozilla/5.0 (compatible; bingbot/2.0; +http://www.bing.com/bingbot.htm)"
88.150.29.162 - - [21/Feb/2014:18:42:03 +0100] "GET / HTTP/1.1" 301 376 "-" "Mozilla/5.0 (Windows NT 5.1; rv:27.0) Gecko/20100101 Firefox/27.0"
178.77.126.55 - - [21/Feb/2014:19:03:50 +0100] "GET /robots.txt HTTP/1.1" 301 386 "-" "Mozilla/5.0 (compatible; CareerBot/1.1; +http://www.career-x.de/bot.html)"
178.77.126.55 - - [21/Feb/2014:19:03:50 +0100] "GET / HTTP/1.1" 301 376 "-" "Mozilla/5.0 (compatible; CareerBot/1.1; +http://www.career-x.de/bot.html)"
5.10.83.79 - - [21/Feb/2014:22:18:16 +0100] "GET /text/11030600_0000.htm HTTP/1.1" 301 387 "-" "Mozilla/5.0 (compatible; AhrefsBot/5.0; +http://ahrefs.com/robot/)"
84.38.65.176 - - [22/Feb/2014:01:53:00 +0100] "GET / HTTP/1.1" 301 367 "http://www.sumaja.de/" "Mozilla/4.0 (compatible; MSIE 7.0; Windows NT 6.0; GTB6; SLCC1; .NET CLR 2.0.50727; Media Center PC 5.0; eSobiSubscriber 2.0.4.16; .NET CLR 3.5.30729; .NET CLR 3.0.30729; .NET4.0C)"
85.25.202.18 - - [22/Feb/2014:01:53:01 +0100] "GET / HTTP/1.0" 301 367 "-" "-"
85.25.202.18 - - [22/Feb/2014:01:53:03 +0100] "GET / HTTP/1.0" 301 367 "-" "-"
157.55.35.108 - - [22/Feb/2014:03:45:25 +0100] "GET /robots.txt HTTP/1.1" 301 394 "-" "Mozilla/5.0 (compatible; bingbot/2.0; +http://www.bing.com/bingbot.htm)"
157.55.35.108 - - [22/Feb/2014:03:48:34 +0100] "GET / HTTP/1.1" 301 384 "-" "Mozilla/5.0 (compatible; bingbot/2.0; +http://www.bing.com/bingbot.htm)"
