141.8.147.12 - - [22/Feb/2014:03:52:18 +0100] "GET /robots.txt HTTP/1.1" 301 386 "-" "Mozilla/5.0 (compatible; YandexBot/3.0; +http://yandex.com/bots)"
157.55.35.76 - - [22/Feb/2014:05:29:21 +0100] "GET /robots.txt HTTP/1.1" 301 375 "-" "Mozilla/5.0 (compatible; bingbot/2.0; +http://www.bing.com/bingbot.htm)"
157.55.35.76 - - [22/Feb/2014:05:31:25 +0100] "GET / HTTP/1.1" 301 365 "-" "Mozilla/5.0 (compatible; bingbot/2.0; +http://www.bing.com/bingbot.htm)"
141.8.147.12 - - [22/Feb/2014:07:55:31 +0100] "GET / HTTP/1.1" 301 376 "-" "Mozilla/5.0 (compatible; YandexBot/3.0; +http://yandex.com/bots)"
101.226.167.218 - - [22/Feb/2014:08:40:44 +0100] "GET /robots.txt HTTP/1.1" 301 386 "http://www.algorex-partner.de/robots.txt" "Mozilla/4.0 (compatible; MSIE 8.0; Windows NT 6.1; Trident/4.0; SLCC2; .NET CLR 2.0.50727; .NET CLR 3.5.30729; .NET CLR 3.0.30729; Media Center PC 6.0; MDDR; .NET4.0C; .NET4.0E; .NET CLR 1.1.4322; Tablet PC 2.0); 360Spider"
62.212.77.229 - - [22/Feb/2014:14:37:17 +0100] "GET / HTTP/1.1" 301 365 "-" "Mozilla/5.0 (compatible; Lipperhey SEO Service; http://www.lipperhey.com/)"
141.8.147.12 - - [22/Feb/2014:15:11:38 +0100] "GET /robots.txt HTTP/1.1" 301 386 "-" "Mozilla/5.0 (compatible; YandexBot/3.0; +http://yandex.com/bots)"
199.101.132.206 - - [22/Feb/2014:15:32:39 +0100] "GET / HTTP/1.0" 301 365 "-" "User-Agent: Mozilla/5.0 (X11; Linux x86_64) AppleWebKit/537.36 (KHTML, like Gecko) Ubuntu Chromium/28.0.1500.71 Chrome/28.0.1500.71 Safari/537.36"
157.55.36.39 - - [22/Feb/2014:16:01:33 +0100] "GET /robots.txt HTTP/1.1" 301 394 "-" "Mozilla/5.0 (compatible; bingbot/2.0; +http://www.bing.com/bingbot.htm)"
157.55.36.39 - - [22/Feb/2014:16:22:08 +0100] "GET / HTTP/1.1" 301 384 "-" "Mozilla/5.0 (compatible; bingbot/2.0; +http://www.bing.com/bingbot.htm)"
157.55.33.42 - - [22/Feb/2014:17:16:56 +0100] "GET /robots.txt HTTP/1.1" 301 375 "-" "Mozilla/5.0 (compatible; bingbot/2.0; +http://www.bing.com/bingbot.htm)"
157.55.33.42 - - [22/Feb/2014:17:23:09 +0100] "GET / HTTP/1.1" 301 365 "-" "Mozilla/5.0 (compatible; bingbot/2.0; +http://www.bing.com/bingbot.htm)"
208.115.111.73 - - [22/Feb/2014:18:41:52 +0100] "GET /robots.txt HTTP/1.1" 301 375 "-" "Mozilla/5.0 (compatible; Ezooms/1.0; help@moz.com)"
208.115.111.73 - - [22/Feb/2014:20:43:54 +0100] "GET /security/forw_sibt_security/index.html HTTP/1.1" 301 403 "-" "Mozilla/5.0 (compatible; Ezooms/1.0; help@moz.com)"
23.23.222.104 - - [22/Feb/2014:21:06:29 +0100] "GET / HTTP/1.1" 301 374 "-" "Mozilla/5.0 (compatible; Windows; U; Windows NT 6.2; WOW64; en-US; rv:12.0) Gecko/20120403211507 Firefox/12.0"
66.249.78.188 - - [22/Feb/2014:21:43:20 +0100] "GET /robots.txt HTTP/1.1" 301 384 "-" "Mozilla/5.0 (compatible; Googlebot/2.1; +http://www.google.com/bot.html)"
66.249.74.81 - - [22/Feb/2014:21:43:21 +0100] "GET / HTTP/1.1" 301 374 "-" "Mozilla/5.0 (compatible; Googlebot/2.1; +http://www.google.com/bot.html)"
212.227.97.6 - - [22/Feb/2014:21:46:35 +0100] "GET / HTTP/1.1" 301 365 "-" "Mozilla/4.0 (Compatible; Windows NT 5.1; MSIE 6.0) (compatible; MSIE 6.0; Windows NT 5.1; .NET CLR 1.1.4322; .NET CLR 2.0.50727)"
66.249.78.65 - - [22/Feb/2014:22:35:13 +0100] "GET /robots.txt HTTP/1.1" 301 375 "-" "Mozilla/5.0 (compatible; Googlebot/2.1; +http://www.google.com/bot.html)"
66.249.78.65 - - [22/Feb/2014:22:35:14 +0100] "GET / HTTP/1.1" 301 365 "-" "Mozilla/5.0 (iPhone; CPU iPhone OS 6_0 like Mac OS X) AppleWebKit/536.26 (KHTML, like Gecko) Version/6.0 Mobile/10A5376e Safari/8536.25 (compatible; Googlebot/2.1; +http://www.google.com/bot.html)"
66.249.16.211 - - [22/Feb/2014:22:37:58 +0100] "GET / HTTP/1.1" 301 379 "http://whois.domaintools.com/sicherungs-service.de" "Mozilla/5.0 (compatible; Googlebot/2.1; +http://www.google.com/bot.html)"
141.8.147.12 - - [22/Feb/2014:23:37:52 +0100] "GET /robots.txt HTTP/1.1" 301 384 "-" "Mozilla/5.0 (compatible; YandexBot/3.0; +http://yandex.com/bots)"
212.86.219.134 - - [23/Feb/2014:01:05:46 +0100] "GET /robots.txt HTTP/1.1" 301 389 "-" "Mozilla/5.0 (Macintosh; U; Intel Mac OS X 10_5_6; en-us) AppleWebKit/528.16 (KHTML, like Gecko) Version/4.0 Safari/528.16"
212.86.219.134 - - [23/Feb/2014:01:05:46 +0100] "GET / HTTP/1.1" 301 379 "-" "Mozilla/5.0 (Macintosh; U; Intel Mac OS X 10_5_6; en-us) AppleWebKit/528.16 (KHTML, like Gecko) Version/4.0 Safari/528.16"
141.8.147.12 - - [23/Feb/2014:01:44:08 +0100] "GET /robots.txt HTTP/1.1" 301 386 "-" "Mozilla/5.0 (compatible; YandexBot/3.0; +http://yandex.com/bots)"
5.10.83.91 - - [23/Feb/2014:03:14:39 +0100] "GET /text/11020402_0000.htm HTTP/1.1" 301 387 "-" "Mozilla/5.0 (compatible; AhrefsBot/5.0; +http://ahrefs.com/robot/)"
157.55.35.115 - - [23/Feb/2014:03:31:46 +0100] "GET /robots.txt HTTP/1.1" 301 394 "-" "Mozilla/5.0 (compatible; bingbot/2.0; +http://www.bing.com/bingbot.htm)"
157.55.35.115 - - [23/Feb/2014:03:38:13 +0100] "GET / HTTP/1.1" 301 384 "-" "Mozilla/5.0 (compatible; bingbot/2.0; +http://www.bing.com/bingbot.htm)"
157.55.35.53 - - [23/Feb/2014:05:29:51 +0100] "GET /robots.txt HTTP/1.1" 301 375 "-" "Mozilla/5.0 (compatible; bingbot/2.0; +http://www.bing.com/bingbot.htm)"
157.55.35.53 - - [23/Feb/2014:05:46:29 +0100] "GET / HTTP/1.1" 301 365 "-" "Mozilla/5.0 (compatible; bingbot/2.0; +http://www.bing.com/bingbot.htm)"
141.8.147.12 - - [23/Feb/2014:06:53:07 +0100] "GET / HTTP/1.1" 301 374 "-" "Mozilla/5.0 (compatible; YandexBot/3.0; +http://yandex.com/bots)"
5.10.83.14 - - [23/Feb/2014:08:28:06 +0100] "GET / HTTP/1.1" 301 376 "-" "Mozilla/5.0 (compatible; AhrefsBot/5.0; +http://ahrefs.com/robot/)"
141.8.147.12 - - [23/Feb/2014:10:17:27 +0100] "GET / HTTP/1.1" 301 376 "-" "Mozilla/5.0 (compatible; YandexBot/3.0; +http://yandex.com/bots)"
101.226.168.197 - - [23/Feb/2014:11:20:50 +0100] "GET /robots.txt HTTP/1.1" 301 375 "http://www.sibt.de/robots.txt" "Mozilla/4.0 (compatible; MSIE 8.0; Windows NT 6.1; Trident/4.0; SLCC2; .NET CLR 2.0.50727; .NET CLR 3.5.30729; .NET CLR 3.0.30729; Media Center PC 6.0; MDDR; .NET4.0C; .NET4.0E; .NET CLR 1.1.4322; Tablet PC 2.0); 360Spider"
188.40.116.74 - - [23/Feb/2014:11:33:21 +0100] "GET / HTTP/1.1" 301 365 "-" "Opera/9.20 (Windows NT 5.1; U; de)"
188.40.116.74 - - [23/Feb/2014:11:33:21 +0100] "GET /robots.txt HTTP/1.1" 301 375 "-" "libwww-perl/6.05"
188.40.116.74 - - [23/Feb/2014:11:33:21 +0100] "GET / HTTP/1.1" 301 365 "-" "Opera/9.20 (Windows NT 5.1; U; de)"
162.210.196.130 - - [23/Feb/2014:12:14:14 +0100] "GET /robots.txt HTTP/1.0" 301 386 "-" "Mozilla/5.0 (compatible; MJ12bot/v1.4.4; http://www.majestic12.co.uk/bot.php?+)"
162.210.196.130 - - [23/Feb/2014:12:14:16 +0100] "GET / HTTP/1.0" 301 376 "-" "Mozilla/5.0 (compatible; MJ12bot/v1.4.4; http://www.majestic12.co.uk/bot.php?+)"
141.8.147.12 - - [23/Feb/2014:13:53:39 +0100] "GET /robots.txt HTTP/1.1" 301 392 "-" "Mozilla/5.0 (compatible; YandexBot/3.0; +http://yandex.com/bots)"
188.165.195.156 - - [23/Feb/2014:14:00:17 +0100] "HEAD / HTTP/1.1" 301 - "-" "Mozilla/4.0 (compatible; MSIE 5.01; Windows NT 5.0)"
141.8.147.12 - - [23/Feb/2014:14:11:20 +0100] "GET / HTTP/1.1" 301 382 "-" "Mozilla/5.0 (compatible; YandexBot/3.0; +http://yandex.com/bots)"
157.55.32.190 - - [23/Feb/2014:15:30:28 +0100] "GET /robots.txt HTTP/1.1" 301 394 "-" "Mozilla/5.0 (compatible; bingbot/2.0; +http://www.bing.com/bingbot.htm)"
157.55.32.190 - - [23/Feb/2014:15:32:06 +0100] "GET / HTTP/1.1" 301 384 "-" "Mozilla/5.0 (compatible; bingbot/2.0; +http://www.bing.com/bingbot.htm)"
141.8.147.12 - - [23/Feb/2014:17:06:47 +0100] "GET /robots.txt HTTP/1.1" 301 394 "-" "Mozilla/5.0 (compatible; YandexBot/3.0; +http://yandex.com/bots)"
66.249.78.81 - - [23/Feb/2014:17:18:35 +0100] "GET /robots.txt HTTP/1.1" 301 386 "-" "Mozilla/5.0 (compatible; Googlebot/2.1; +http://www.google.com/bot.html)"
66.249.75.178 - - [23/Feb/2014:17:18:36 +0100] "GET / HTTP/1.1" 301 376 "-" "DoCoMo/2.0 N905i(c100;TB;W24H16) (compatible; Googlebot-Mobile/2.1; +http://www.google.com/bot.html)"
157.55.33.78 - - [23/Feb/2014:17:26:39 +0100] "GET /robots.txt HTTP/1.1" 301 375 "-" "Mozilla/5.0 (compatible; bingbot/2.0; +http://www.bing.com/bingbot.htm)"
157.55.33.78 - - [23/Feb/2014:18:01:38 +0100] "GET / HTTP/1.1" 301 365 "-" "Mozilla/5.0 (compatible; bingbot/2.0; +http://www.bing.com/bingbot.htm)"
141.8.147.12 - - [23/Feb/2014:18:01:46 +0100] "GET /robots.txt HTTP/1.1" 301 377 "-" "Mozilla/5.0 (compatible; YandexBot/3.0; +http://yandex.com/bots)"
141.8.147.12 - - [23/Feb/2014:18:01:48 +0100] "GET / HTTP/1.1" 301 367 "-" "Mozilla/5.0 (compatible; YandexBot/3.0; +http://yandex.com/bots)"
66.249.78.65 - - [23/Feb/2014:20:13:47 +0100] "GET /robots.txt HTTP/1.1" 301 375 "-" "Mozilla/5.0 (compatible; Googlebot/2.1; +http://www.google.com/bot.html)"
66.249.75.76 - - [23/Feb/2014:20:13:48 +0100] "GET / HTTP/1.1" 301 365 "-" "DoCoMo/2.0 N905i(c100;TB;W24H16) (compatible; Googlebot-Mobile/2.1; +http://www.google.com/bot.html)"
66.249.78.240 - - [23/Feb/2014:21:04:51 +0100] "GET /robots.txt HTTP/1.1" 301 377 "-" "Mozilla/5.0 (compatible; Googlebot/2.1; +http://www.google.com/bot.html)"
66.249.75.215 - - [23/Feb/2014:21:04:51 +0100] "GET / HTTP/1.1" 301 367 "-" "DoCoMo/2.0 N905i(c100;TB;W24H16) (compatible; Googlebot-Mobile/2.1; +http://www.google.com/bot.html)"
141.8.147.12 - - [23/Feb/2014:22:05:27 +0100] "GET / HTTP/1.1" 301 384 "-" "Mozilla/5.0 (compatible; YandexBot/3.0; +http://yandex.com/bots)"
188.138.41.172 - - [23/Feb/2014:22:09:08 +0100] "GET /robots.txt HTTP/1.1" 301 386 "-" "Mozilla/5.0 (X11; U; Linux i686; de; rv:1.9.0.1; compatible; iCjobs Stellenangebote Jobs; http://www.icjobs.de) Gecko/20100401 iCjobs/3.2.3"
188.138.41.172 - - [23/Feb/2014:22:09:09 +0100] "GET / HTTP/1.1" 301 376 "-" "Mozilla/5.0 (X11; U; Linux i686; de; rv:1.9.0.1; compatible; iCjobs Stellenangebote Jobs; http://www.icjobs.de) Gecko/20100401 iCjobs/3.2.3"
85.214.103.181 - - [24/Feb/2014:00:21:56 +0100] "GET / HTTP/1.1" 301 376 "http://www.algorex-partner.de" "Mozilla/5.0 (Windows NT 6.3; WOW64) AppleWebKit/537.3 (KHTML, like Gecko) Chrome/30.0.1599.101 Safari/537.36"
85.214.103.181 - - [24/Feb/2014:00:21:58 +0100] "GET / HTTP/1.1" 301 376 "http://www.algorex-partner.de" "Mozilla/5.0 (Windows NT 6.3; WOW64) AppleWebKit/537.3 (KHTML, like Gecko) Chrome/30.0.1599.101 Safari/537.36"
85.214.103.181 - - [24/Feb/2014:00:21:58 +0100] "GET / HTTP/1.1" 301 376 "http://www.algorex-partner.de/" "Mozilla/5.0 (Windows NT 6.3; WOW64) AppleWebKit/537.3 (KHTML, like Gecko) Chrome/30.0.1599.101 Safari/537.36"
85.214.103.181 - - [24/Feb/2014:00:21:59 +0100] "GET / HTTP/1.1" 301 376 "http://www.algorex-partner.de/" "Mozilla/5.0 (Windows NT 6.3; WOW64) AppleWebKit/537.3 (KHTML, like Gecko) Chrome/30.0.1599.101 Safari/537.36"
85.214.103.181 - - [24/Feb/2014:00:21:59 +0100] "GET /buildingtechnologies/de HTTP/1.1" 301 399 "http://www.algorex-partner.de/buildingtechnologies/de" "Mozilla/5.0 (Windows NT 6.3; WOW64) AppleWebKit/537.3 (KHTML, like Gecko) Chrome/30.0.1599.101 Safari/537.36"
85.214.103.181 - - [24/Feb/2014:00:21:59 +0100] "GET /buildingtechnologies/de/de/ueber-uns/Seiten/ueber-uns.aspx HTTP/1.1" 301 434 "http://www.algorex-partner.de/buildingtechnologies/de/de/ueber-uns/Seiten/ueber-uns.aspx" "Mozilla/5.0 (Windows NT 6.3; WOW64) AppleWebKit/537.3 (KHTML, like Gecko) Chrome/30.0.1599.101 Safari/537.36"
85.214.103.181 - - [24/Feb/2014:00:21:59 +0100] "GET /buildingtechnologies/de/de/marktspezifische-loesungen/Seiten/marktspezifische-loesungen.aspx HTTP/1.1" 301 468 "http://www.algorex-partner.de/buildingtechnologies/de/de/marktspezifische-loesungen/Seiten/marktspezifische-loesungen.aspx" "Mozilla/5.0 (Windows NT 6.3; WOW64) AppleWebKit/537.3 (KHTML, like Gecko) Chrome/30.0.1599.101 Safari/537.36"
85.214.103.181 - - [24/Feb/2014:00:21:59 +0100] "GET /buildingtechnologies/de/de/brandschutz/Seiten/brandschutz.aspx HTTP/1.1" 301 438 "http://www.algorex-partner.de/buildingtechnologies/de/de/brandschutz/Seiten/brandschutz.aspx" "Mozilla/5.0 (Windows NT 6.3; WOW64) AppleWebKit/537.3 (KHTML, like Gecko) Chrome/30.0.1599.101 Safari/537.36"
85.214.103.181 - - [24/Feb/2014:00:21:59 +0100] "GET /buildingtechnologies/de/de/energieeffizienz/Seiten/energieeffizienz.aspx HTTP/1.1" 301 448 "http://www.algorex-partner.de/buildingtechnologies/de/de/energieeffizienz/Seiten/energieeffizienz.aspx" "Mozilla/5.0 (Windows NT 6.3; WOW64) AppleWebKit/537.3 (KHTML, like Gecko) Chrome/30.0.1599.101 Safari/537.36"
85.214.103.181 - - [24/Feb/2014:00:21:59 +0100] "GET /buildingtechnologies/de/de/gebaeudeautomation-hlk/Seiten/gebaeudeautomation.aspx HTTP/1.1" 301 456 "http://www.algorex-partner.de/buildingtechnologies/de/de/gebaeudeautomation-hlk/Seiten/gebaeudeautomation.aspx" "Mozilla/5.0 (Windows NT 6.3; WOW64) AppleWebKit/537.3 (KHTML, like Gecko) Chrome/30.0.1599.101 Safari/537.36"
85.214.103.181 - - [24/Feb/2014:00:22:00 +0100] "GET /buildingtechnologies/de/de/news/Seiten/news.aspx HTTP/1.1" 301 424 "http://www.algorex-partner.de/buildingtechnologies/de/de/news/Seiten/news.aspx" "Mozilla/5.0 (Windows NT 6.3; WOW64) AppleWebKit/537.3 (KHTML, like Gecko) Chrome/30.0.1599.101 Safari/537.36"
85.214.103.181 - - [24/Feb/2014:00:22:00 +0100] "GET /buildingtechnologies/de/de/partners/Seiten/partners.aspx HTTP/1.1" 301 432 "http://www.algorex-partner.de/buildingtechnologies/de/de/partners/Seiten/partners.aspx" "Mozilla/5.0 (Windows NT 6.3; WOW64) AppleWebKit/537.3 (KHTML, like Gecko) Chrome/30.0.1599.101 Safari/537.36"
85.214.103.181 - - [24/Feb/2014:00:22:00 +0100] "GET /buildingtechnologies/de/de/presse/Seiten/presse.aspx HTTP/1.1" 301 428 "http://www.algorex-partner.de/buildingtechnologies/de/de/presse/Seiten/presse.aspx" "Mozilla/5.0 (Windows NT 6.3; WOW64) AppleWebKit/537.3 (KHTML, like Gecko) Chrome/30.0.1599.101 Safari/537.36"
85.214.103.181 - - [24/Feb/2014:00:22:00 +0100] "GET /buildingtechnologies/de/de/referenzen/Seiten/referenzen.aspx HTTP/1.1" 301 436 "http://www.algorex-partner.de/buildingtechnologies/de/de/referenzen/Seiten/referenzen.aspx" "Mozilla/5.0 (Windows NT 6.3; WOW64) AppleWebKit/537.3 (KHTML, like Gecko) Chrome/30.0.1599.101 Safari/537.36"
85.214.103.181 - - [24/Feb/2014:00:22:00 +0100] "GET /buildingtechnologies/de/de/sicherheit/Seiten/sicherheitstechnik.aspx HTTP/1.1" 301 444 "http://www.algorex-partner.de/buildingtechnologies/de/de/sicherheit/Seiten/sicherheitstechnik.aspx" "Mozilla/5.0 (Windows NT 6.3; WOW64) AppleWebKit/537.3 (KHTML, like Gecko) Chrome/30.0.1599.101 Safari/537.36"
85.214.103.181 - - [24/Feb/2014:00:22:00 +0100] "GET /buildingtechnologies/de/de/support/Seiten/support.aspx HTTP/1.1" 301 430 "http://www.algorex-partner.de/buildingtechnologies/de/de/support/Seiten/support.aspx" "Mozilla/5.0 (Windows NT 6.3; WOW64) AppleWebKit/537.3 (KHTML, like Gecko) Chrome/30.0.1599.101 Safari/537.36"
85.214.103.181 - - [24/Feb/2014:00:22:00 +0100] "GET /buildingtechnologies/de/de/total-building-solutions/Seiten/total-building-solutions.aspx HTTP/1.1" 301 464 "http://www.algorex-partner.de/buildingtechnologies/de/de/total-building-solutions/Seiten/total-building-solutions.aspx" "Mozilla/5.0 (Windows NT 6.3; WOW64) AppleWebKit/537.3 (KHTML, like Gecko) Chrome/30.0.1599.101 Safari/537.36"
85.214.103.181 - - [24/Feb/2014:00:22:00 +0100] "GET /buildingtechnologies/de/de/kundenzeitschriften/Pages/kundenzeitschriften.aspx HTTP/1.1" 301 453 "http://www.algorex-partner.de/buildingtechnologies/de/de/kundenzeitschriften/Pages/kundenzeitschriften.aspx" "Mozilla/5.0 (Windows NT 6.3; WOW64) AppleWebKit/537.3 (KHTML, like Gecko) Chrome/30.0.1599.101 Safari/537.36"
85.214.103.181 - - [24/Feb/2014:00:22:00 +0100] "GET /buildingtechnologies/de/de/messen-events/Seiten/messen-events.aspx HTTP/1.1" 301 442 "http://www.algorex-partner.de/buildingtechnologies/de/de/messen-events/Seiten/messen-events.aspx" "Mozilla/5.0 (Windows NT 6.3; WOW64) AppleWebKit/537.3 (KHTML, like Gecko) Chrome/30.0.1599.101 Safari/537.36"
85.214.103.181 - - [24/Feb/2014:00:22:00 +0100] "GET /buildingtechnologies/de/de/extranet/Seiten/extranet.aspx HTTP/1.1" 301 432 "http://www.algorex-partner.de/buildingtechnologies/de/de/extranet/Seiten/extranet.aspx" "Mozilla/5.0 (Windows NT 6.3; WOW64) AppleWebKit/537.3 (KHTML, like Gecko) Chrome/30.0.1599.101 Safari/537.36"
85.214.103.181 - - [24/Feb/2014:00:22:00 +0100] "GET /buildingtechnologies/de/de/Pages/home.aspx HTTP/1.1" 301 418 "http://www.algorex-partner.de/buildingtechnologies/de/de/Pages/home.aspx" "Mozilla/5.0 (Windows NT 6.3; WOW64) AppleWebKit/537.3 (KHTML, like Gecko) Chrome/30.0.1599.101 Safari/537.36"
85.214.103.181 - - [24/Feb/2014:00:22:00 +0100] "GET /buildingtechnologies/de/de/gebaeudeautomation-hlk/home-automation-system-synco-living/Seiten/home-automation-system-synco-living.aspx HTTP/1.1" 301 509 "http://www.algorex-partner.de/buildingtechnologies/de/de/gebaeudeautomation-hlk/home-automation-system-synco-living/Seiten/home-automation-system-synco-living.aspx" "Mozilla/5.0 (Windows NT 6.3; WOW64) AppleWebKit/537.3 (KHTML, like Gecko) Chrome/30.0.1599.101 Safari/537.36"
85.214.103.181 - - [24/Feb/2014:00:22:00 +0100] "GET /buildingtechnologies/de/de/gebaeudeautomation-hlk/gebaeudeautomationssystem-desigo/Seiten/gebaeudeautomationssystem-desigo.aspx HTTP/1.1" 301 503 "http://www.algorex-partner.de/buildingtechnologies/de/de/gebaeudeautomation-hlk/gebaeudeautomationssystem-desigo/Seiten/gebaeudeautomationssystem-desigo.aspx" "Mozilla/5.0 (Windows NT 6.3; WOW64) AppleWebKit/537.3 (KHTML, like Gecko) Chrome/30.0.1599.101 Safari/537.36"
85.214.103.181 - - [24/Feb/2014:00:22:01 +0100] "GET /buildingtechnologies/de/de/gebaeudeautomation-hlk/hlk-produkte/Seiten/hlk-produkte.aspx HTTP/1.1" 301 463 "http://www.algorex-partner.de/buildingtechnologies/de/de/gebaeudeautomation-hlk/hlk-produkte/Seiten/hlk-produkte.aspx" "Mozilla/5.0 (Windows NT 6.3; WOW64) AppleWebKit/537.3 (KHTML, like Gecko) Chrome/30.0.1599.101 Safari/537.36"
85.214.103.181 - - [24/Feb/2014:00:22:01 +0100] "GET /buildingtechnologies/de/de/gebaeudeautomation-hlk/desigo-total-room-automation/Seiten/desigo-total-room-automation.aspx HTTP/1.1" 301 495 "http://www.algorex-partner.de/buildingtechnologies/de/de/gebaeudeautomation-hlk/desigo-total-room-automation/Seiten/desigo-total-room-automation.aspx" "Mozilla/5.0 (Windows NT 6.3; WOW64) AppleWebKit/537.3 (KHTML, like Gecko) Chrome/30.0.1599.101 Safari/537.36"
85.214.103.181 - - [24/Feb/2014:00:22:01 +0100] "GET /buildingtechnologies/de/de/gebaeudeautomation-hlk/integrierte-applikationen/Seiten/integrierte-applikationen.aspx HTTP/1.1" 301 489 "http://www.algorex-partner.de/buildingtechnologies/de/de/gebaeudeautomation-hlk/integrierte-applikationen/Seiten/integrierte-applikationen.aspx" "Mozilla/5.0 (Windows NT 6.3; WOW64) AppleWebKit/537.3 (KHTML, like Gecko) Chrome/30.0.1599.101 Safari/537.36"
85.214.103.181 - - [24/Feb/2014:00:22:01 +0100] "GET /buildingtechnologies/de/de/gebaeudeautomation-hlk/gamma-gebaeudesystemtechnik/Seiten/gebaeudesystemtechnik.aspx HTTP/1.1" 301 487 "http://www.algorex-partner.de/buildingtechnologies/de/de/gebaeudeautomation-hlk/gamma-gebaeudesystemtechnik/Seiten/gebaeudesystemtechnik.aspx" "Mozilla/5.0 (Windows NT 6.3; WOW64) AppleWebKit/537.3 (KHTML, like Gecko) Chrome/30.0.1599.101 Safari/537.36"
85.214.103.181 - - [24/Feb/2014:00:22:01 +0100] "GET /buildingtechnologies/de/de/gebaeudeautomation-hlk/gebaeudeautomation-service/Seiten/gebaeudeautomation-service.aspx HTTP/1.1" 301 491 "http://www.algorex-partner.de/buildingtechnologies/de/de/gebaeudeautomation-hlk/gebaeudeautomation-service/Seiten/gebaeudeautomation-service.aspx" "Mozilla/5.0 (Windows NT 6.3; WOW64) AppleWebKit/537.3 (KHTML, like Gecko) Chrome/30.0.1599.101 Safari/537.36"
85.214.103.181 - - [24/Feb/2014:00:22:01 +0100] "GET /buildingtechnologies/de/de/brandschutz/brandmeldeanlagen/Seiten/brandmeldeanlagen.aspx HTTP/1.1" 301 462 "http://www.algorex-partner.de/buildingtechnologies/de/de/brandschutz/brandmeldeanlagen/Seiten/brandmeldeanlagen.aspx" "Mozilla/5.0 (Windows NT 6.3; WOW64) AppleWebKit/537.3 (KHTML, like Gecko) Chrome/30.0.1599.101 Safari/537.36"
85.214.103.181 - - [24/Feb/2014:00:22:01 +0100] "GET /buildingtechnologies/de/de/brandschutz/sprachalarmanlagen/Seiten/sprachalarmanlagen.aspx HTTP/1.1" 301 464 "http://www.algorex-partner.de/buildingtechnologies/de/de/brandschutz/sprachalarmanlagen/Seiten/sprachalarmanlagen.aspx" "Mozilla/5.0 (Windows NT 6.3; WOW64) AppleWebKit/537.3 (KHTML, like Gecko) Chrome/30.0.1599.101 Safari/537.36"
85.214.103.181 - - [24/Feb/2014:00:22:01 +0100] "GET /buildingtechnologies/de/de/brandschutz/loeschanlagen/Seiten/loeschanlagen.aspx HTTP/1.1" 301 454 "http://www.algorex-partner.de/buildingtechnologies/de/de/brandschutz/loeschanlagen/Seiten/loeschanlagen.aspx" "Mozilla/5.0 (Windows NT 6.3; WOW64) AppleWebKit/537.3 (KHTML, like Gecko) Chrome/30.0.1599.101 Safari/537.36"
85.214.103.181 - - [24/Feb/2014:00:22:01 +0100] "GET /buildingtechnologies/de/de/brandschutz/gefahrenmanagement/Seiten/gefahrenmanagement.aspx HTTP/1.1" 301 464 "http://www.algorex-partner.de/buildingtechnologies/de/de/brandschutz/gefahrenmanagement/Seiten/gefahrenmanagement.aspx" "Mozilla/5.0 (Windows NT 6.3; WOW64) AppleWebKit/537.3 (KHTML, like Gecko) Chrome/30.0.1599.101 Safari/537.36"
85.214.103.181 - - [24/Feb/2014:00:22:01 +0100] "GET /buildingtechnologies/de/de/brandschutz/brandschutz-services/Seiten/brandschutz-services.aspx HTTP/1.1" 301 468 "http://www.algorex-partner.de/buildingtechnologies/de/de/brandschutz/brandschutz-services/Seiten/brandschutz-services.aspx" "Mozilla/5.0 (Windows NT 6.3; WOW64) AppleWebKit/537.3 (KHTML, like Gecko) Chrome/30.0.1599.101 Safari/537.36"
85.214.103.181 - - [24/Feb/2014:00:22:02 +0100] "GET /buildingtechnologies/de/de/sicherheit/interventionskraefte/Seiten/interventionskraefte.aspx HTTP/1.1" 301 467 "http://www.algorex-partner.de/buildingtechnologies/de/de/sicherheit/interventionskraefte/Seiten/interventionskraefte.aspx" "Mozilla/5.0 (Windows NT 6.3; WOW64) AppleWebKit/537.3 (KHTML, like Gecko) Chrome/30.0.1599.101 Safari/537.36"
85.214.103.181 - - [24/Feb/2014:00:22:02 +0100] "GET /buildingtechnologies/de/de/sicherheit/unternehmenskunden/Seiten/unternehmenskunden.aspx HTTP/1.1" 301 463 "http://www.algorex-partner.de/buildingtechnologies/de/de/sicherheit/unternehmenskunden/Seiten/unternehmenskunden.aspx" "Mozilla/5.0 (Windows NT 6.3; WOW64) AppleWebKit/537.3 (KHTML, like Gecko) Chrome/30.0.1599.101 Safari/537.36"
85.214.103.181 - - [24/Feb/2014:00:22:02 +0100] "GET /buildingtechnologies/de/de/sicherheit/historische-gebaeude/Seiten/historische-gebaeude.aspx HTTP/1.1" 301 467 "http://www.algorex-partner.de/buildingtechnologies/de/de/sicherheit/historische-gebaeude/Seiten/historische-gebaeude.aspx" "Mozilla/5.0 (Windows NT 6.3; WOW64) AppleWebKit/537.3 (KHTML, like Gecko) Chrome/30.0.1599.101 Safari/537.36"
85.214.103.181 - - [24/Feb/2014:00:22:02 +0100] "GET /buildingtechnologies/de/de/sicherheit/branchenkonzepte/Seiten/branchenkonzepte.aspx HTTP/1.1" 301 459 "http://www.algorex-partner.de/buildingtechnologies/de/de/sicherheit/branchenkonzepte/Seiten/branchenkonzepte.aspx" "Mozilla/5.0 (Windows NT 6.3; WOW64) AppleWebKit/537.3 (KHTML, like Gecko) Chrome/30.0.1599.101 Safari/537.36"
85.214.103.181 - - [24/Feb/2014:00:22:02 +0100] "GET /buildingtechnologies/de/de/sicherheit/portfolio/Seiten/portfolio.aspx HTTP/1.1" 301 445 "http://www.algorex-partner.de/buildingtechnologies/de/de/sicherheit/portfolio/Seiten/portfolio.aspx" "Mozilla/5.0 (Windows NT 6.3; WOW64) AppleWebKit/537.3 (KHTML, like Gecko) Chrome/30.0.1599.101 Safari/537.36"
85.214.103.181 - - [24/Feb/2014:00:22:02 +0100] "GET /buildingtechnologies/de/de/sicherheit/sicherheitsservice/Seiten/sicherheitsservice.aspx HTTP/1.1" 301 463 "http://www.algorex-partner.de/buildingtechnologies/de/de/sicherheit/sicherheitsservice/Seiten/sicherheitsservice.aspx" "Mozilla/5.0 (Windows NT 6.3; WOW64) AppleWebKit/537.3 (KHTML, like Gecko) Chrome/30.0.1599.101 Safari/537.36"
85.214.103.181 - - [24/Feb/2014:00:22:02 +0100] "GET /buildingtechnologies/de/de/marktspezifische-loesungen/flughaefen/Seiten/flughaefen.aspx HTTP/1.1" 301 463 "http://www.algorex-partner.de/buildingtechnologies/de/de/marktspezifische-loesungen/flughaefen/Seiten/flughaefen.aspx" "Mozilla/5.0 (Windows NT 6.3; WOW64) AppleWebKit/537.3 (KHTML, like Gecko) Chrome/30.0.1599.101 Safari/537.36"
85.214.103.181 - - [24/Feb/2014:00:22:02 +0100] "GET /buildingtechnologies/de/de/marktspezifische-loesungen/hospitality/Seiten/hospitality.aspx HTTP/1.1" 301 465 "http://www.algorex-partner.de/buildingtechnologies/de/de/marktspezifische-loesungen/hospitality/Seiten/hospitality.aspx" "Mozilla/5.0 (Windows NT 6.3; WOW64) AppleWebKit/537.3 (KHTML, like Gecko) Chrome/30.0.1599.101 Safari/537.36"
85.214.103.181 - - [24/Feb/2014:00:22:02 +0100] "GET /buildingtechnologies/de/de/marktspezifische-loesungen/krankenhaeuser/Seiten/krankenhaeuser.aspx HTTP/1.1" 301 471 "http://www.algorex-partner.de/buildingtechnologies/de/de/marktspezifische-loesungen/krankenhaeuser/Seiten/krankenhaeuser.aspx" "Mozilla/5.0 (Windows NT 6.3; WOW64) AppleWebKit/537.3 (KHTML, like Gecko) Chrome/30.0.1599.101 Safari/537.36"
85.214.103.181 - - [24/Feb/2014:00:22:02 +0100] "GET /buildingtechnologies/de/de/marktspezifische-loesungen/data-center/Seiten/data-center.aspx HTTP/1.1" 301 465 "http://www.algorex-partner.de/buildingtechnologies/de/de/marktspezifische-loesungen/data-center/Seiten/data-center.aspx" "Mozilla/5.0 (Windows NT 6.3; WOW64) AppleWebKit/537.3 (KHTML, like Gecko) Chrome/30.0.1599.101 Safari/537.36"
85.214.103.181 - - [24/Feb/2014:00:22:02 +0100] "GET /buildingtechnologies/de/de/marktspezifische-loesungen/life-science/Seiten/life-science.aspx HTTP/1.1" 301 467 "http://www.algorex-partner.de/buildingtechnologies/de/de/marktspezifische-loesungen/life-science/Seiten/life-science.aspx" "Mozilla/5.0 (Windows NT 6.3; WOW64) AppleWebKit/537.3 (KHTML, like Gecko) Chrome/30.0.1599.101 Safari/537.36"
85.214.103.181 - - [24/Feb/2014:00:22:02 +0100] "GET /buildingtechnologies/de/de/marktspezifische-loesungen/chemieparks-und-raffinerien/Seiten/chemieparks-und-raffinerien.aspx HTTP/1.1" 301 497 "http://www.algorex-partner.de/buildingtechnologies/de/de/marktspezifische-loesungen/chemieparks-und-raffinerien/Seiten/chemieparks-und-raffinerien.aspx" "Mozilla/5.0 (Windows NT 6.3; WOW64) AppleWebKit/537.3 (KHTML, like Gecko) Chrome/30.0.1599.101 Safari/537.36"
85.214.103.181 - - [24/Feb/2014:00:22:03 +0100] "GET /buildingtechnologies/de/de/marktspezifische-loesungen/finanzinstitute/Seiten/finanzinstitute.aspx HTTP/1.1" 301 473 "http://www.algorex-partner.de/buildingtechnologies/de/de/marktspezifische-loesungen/finanzinstitute/Seiten/finanzinstitute.aspx" "Mozilla/5.0 (Windows NT 6.3; WOW64) AppleWebKit/537.3 (KHTML, like Gecko) Chrome/30.0.1599.101 Safari/537.36"
85.214.103.181 - - [24/Feb/2014:00:22:03 +0100] "GET /buildingtechnologies/de/de/support/know-how/Seiten/know-how.aspx HTTP/1.1" 301 440 "http://www.algorex-partner.de/buildingtechnologies/de/de/support/know-how/Seiten/know-how.aspx" "Mozilla/5.0 (Windows NT 6.3; WOW64) AppleWebKit/537.3 (KHTML, like Gecko) Chrome/30.0.1599.101 Safari/537.36"
85.214.103.181 - - [24/Feb/2014:00:22:03 +0100] "GET /buildingtechnologies/de/de/support/Seiten/freistellungsbescheinigung.aspx HTTP/1.1" 301 449 "http://www.algorex-partner.de/buildingtechnologies/de/de/support/Seiten/freistellungsbescheinigung.aspx" "Mozilla/5.0 (Windows NT 6.3; WOW64) AppleWebKit/537.3 (KHTML, like Gecko) Chrome/30.0.1599.101 Safari/537.36"
85.214.103.181 - - [24/Feb/2014:00:22:03 +0100] "GET /buildingtechnologies/de/de/support/produkt-kataloge/Seiten/produkt-kataloge.aspx HTTP/1.1" 301 456 "http://www.algorex-partner.de/buildingtechnologies/de/de/support/produkt-kataloge/Seiten/produkt-kataloge.aspx" "Mozilla/5.0 (Windows NT 6.3; WOW64) AppleWebKit/537.3 (KHTML, like Gecko) Chrome/30.0.1599.101 Safari/537.36"
85.214.103.181 - - [24/Feb/2014:00:22:03 +0100] "GET /buildingtechnologies/de/de/support/weiterbildung/Seiten/weiterbildung.aspx HTTP/1.1" 301 450 "http://www.algorex-partner.de/buildingtechnologies/de/de/support/weiterbildung/Seiten/weiterbildung.aspx" "Mozilla/5.0 (Windows NT 6.3; WOW64) AppleWebKit/537.3 (KHTML, like Gecko) Chrome/30.0.1599.101 Safari/537.36"
85.214.103.181 - - [24/Feb/2014:00:22:03 +0100] "GET /buildingtechnologies/de/de/support/tools/Seiten/tools.aspx HTTP/1.1" 301 434 "http://www.algorex-partner.de/buildingtechnologies/de/de/support/tools/Seiten/tools.aspx" "Mozilla/5.0 (Windows NT 6.3; WOW64) AppleWebKit/537.3 (KHTML, like Gecko) Chrome/30.0.1599.101 Safari/537.36"
85.214.103.181 - - [24/Feb/2014:00:22:03 +0100] "GET /buildingtechnologies/de/de/support/Seiten/kostenlose-apps.aspx HTTP/1.1" 301 438 "http://www.algorex-partner.de/buildingtechnologies/de/de/support/Seiten/kostenlose-apps.aspx" "Mozilla/5.0 (Windows NT 6.3; WOW64) AppleWebKit/537.3 (KHTML, like Gecko) Chrome/30.0.1599.101 Safari/537.36"
85.214.103.181 - - [24/Feb/2014:00:22:03 +0100] "GET /?subject=Forwarded page link: Geb%C3%A4udetechnik&body=You might be interested in the following page: http://www.siemens.de/buildingtechnologies/de/de/Pages/home.aspx HTTP/1.1" 301 394 "http://www.algorex-partner.de/?subject=Forwarded page link: Geb%C3%A4udetechnik&body=You might be interested in the following page: http://www.siemens.de/buildingtechnologies/de/de/Pages/home.aspx" "Mozilla/5.0 (Windows NT 6.3; WOW64) AppleWebKit/537.3 (KHTML, like Gecko) Chrome/30.0.1599.101 Safari/537.36"
85.214.103.181 - - [24/Feb/2014:00:22:04 +0100] "GET /?subject=Forwarded page link: Geb%C3%A4udetechnik&body=You might be interested in the following page: http://www.siemens.de/buildingtechnologies/de/de/Pages/home.aspx HTTP/1.1" 301 394 "http://www.algorex-partner.de/?subject=Forwarded page link: Geb%C3%A4udetechnik&body=You might be interested in the following page: http://www.siemens.de/buildingtechnologies/de/de/Pages/home.aspx" "Mozilla/5.0 (Windows NT 6.3; WOW64) AppleWebKit/537.3 (KHTML, like Gecko) Chrome/30.0.1599.101 Safari/537.36"
208.115.111.73 - - [24/Feb/2014:02:37:09 +0100] "GET /robots.txt HTTP/1.1" 301 375 "-" "Mozilla/5.0 (compatible; Ezooms/1.0; help@moz.com)"
157.55.32.183 - - [24/Feb/2014:02:59:14 +0100] "GET /robots.txt HTTP/1.1" 301 394 "-" "Mozilla/5.0 (compatible; bingbot/2.0; +http://www.bing.com/bingbot.htm)"
157.55.32.183 - - [24/Feb/2014:02:59:42 +0100] "GET / HTTP/1.1" 301 384 "-" "Mozilla/5.0 (compatible; bingbot/2.0; +http://www.bing.com/bingbot.htm)"
208.115.111.73 - - [24/Feb/2014:03:04:05 +0100] "GET /text/11030600_0000.htm HTTP/1.1" 301 387 "-" "Mozilla/5.0 (compatible; Ezooms/1.0; help@moz.com)"
157.55.34.174 - - [24/Feb/2014:05:45:10 +0100] "GET /robots.txt HTTP/1.1" 301 375 "-" "Mozilla/5.0 (compatible; bingbot/2.0; +http://www.bing.com/bingbot.htm)"
157.55.34.174 - - [24/Feb/2014:06:30:49 +0100] "GET / HTTP/1.1" 301 365 "-" "Mozilla/5.0 (compatible; bingbot/2.0; +http://www.bing.com/bingbot.htm)"
66.249.78.65 - - [24/Feb/2014:11:04:02 +0100] "GET /robots.txt HTTP/1.1" 301 375 "-" "Mozilla/5.0 (compatible; Googlebot/2.1; +http://www.google.com/bot.html)"
66.249.78.65 - - [24/Feb/2014:11:04:03 +0100] "GET / HTTP/1.1" 301 365 "-" "Mozilla/5.0 (iPhone; CPU iPhone OS 6_0 like Mac OS X) AppleWebKit/536.26 (KHTML, like Gecko) Version/6.0 Mobile/10A5376e Safari/8536.25 (compatible; Googlebot/2.1; +http://www.google.com/bot.html)"
141.8.147.12 - - [24/Feb/2014:12:01:59 +0100] "GET /robots.txt HTTP/1.1" 301 375 "-" "Mozilla/5.0 (compatible; YandexBot/3.0; +http://yandex.com/bots)"
141.8.147.12 - - [24/Feb/2014:14:54:09 +0100] "GET / HTTP/1.1" 301 365 "-" "Mozilla/5.0 (compatible; YandexBot/3.0; +http://yandex.com/bots)"
157.56.229.186 - - [24/Feb/2014:15:55:21 +0100] "GET /robots.txt HTTP/1.1" 301 394 "-" "Mozilla/5.0 (compatible; bingbot/2.0; +http://www.bing.com/bingbot.htm)"
208.88.226.73 - - [24/Feb/2014:16:19:01 +0100] "HEAD / HTTP/1.1" 301 - "-" "Mozilla/5.0 (Windows NT 6.1; WOW64; rv:7.0.1) Gecko/20100101 Firefox/7.0.1"
157.56.229.186 - - [24/Feb/2014:16:28:55 +0100] "GET / HTTP/1.1" 301 384 "-" "Mozilla/5.0 (compatible; bingbot/2.0; +http://www.bing.com/bingbot.htm)"
157.55.33.124 - - [24/Feb/2014:16:42:28 +0100] "GET /robots.txt HTTP/1.1" 301 375 "-" "Mozilla/5.0 (compatible; bingbot/2.0; +http://www.bing.com/bingbot.htm)"
157.55.33.124 - - [24/Feb/2014:16:51:29 +0100] "GET / HTTP/1.1" 301 365 "-" "Mozilla/5.0 (compatible; bingbot/2.0; +http://www.bing.com/bingbot.htm)"
141.8.147.12 - - [24/Feb/2014:18:23:12 +0100] "GET /robots.txt HTTP/1.1" 301 394 "-" "Mozilla/5.0 (compatible; YandexBot/3.0; +http://yandex.com/bots)"
23.23.222.104 - - [24/Feb/2014:20:07:15 +0100] "GET / HTTP/1.1" 301 382 "-" "Mozilla/5.0 (compatible; Windows; U; Windows NT 6.2; WOW64; en-US; rv:12.0) Gecko/20120403211507 Firefox/12.0"
157.56.92.143 - - [24/Feb/2014:20:27:01 +0100] "GET /robots.txt HTTP/1.1" 301 392 "-" "Mozilla/5.0 (compatible; bingbot/2.0; +http://www.bing.com/bingbot.htm)"
157.56.92.143 - - [24/Feb/2014:20:30:21 +0100] "GET /news/index.php?action=shownews&mode=archiv&news_month=200106 HTTP/1.1" 301 450 "-" "Mozilla/5.0 (compatible; bingbot/2.0; +http://www.bing.com/bingbot.htm)"
141.8.147.12 - - [24/Feb/2014:22:20:29 +0100] "GET / HTTP/1.1" 301 384 "-" "Mozilla/5.0 (compatible; YandexBot/3.0; +http://yandex.com/bots)"
178.77.126.55 - - [25/Feb/2014:01:43:38 +0100] "GET /robots.txt HTTP/1.1" 301 375 "-" "Mozilla/5.0 (compatible; CareerBot/1.1; +http://www.career-x.de/bot.html)"
178.77.126.55 - - [25/Feb/2014:01:43:38 +0100] "GET / HTTP/1.1" 301 365 "-" "Mozilla/5.0 (compatible; CareerBot/1.1; +http://www.career-x.de/bot.html)"
141.8.147.12 - - [25/Feb/2014:02:26:18 +0100] "GET /robots.txt HTTP/1.1" 301 375 "-" "Mozilla/5.0 (compatible; YandexBot/3.0; +http://yandex.com/bots)"
178.77.126.55 - - [25/Feb/2014:02:34:16 +0100] "GET /robots.txt HTTP/1.1" 301 386 "-" "Mozilla/5.0 (compatible; CareerBot/1.1; +http://www.career-x.de/bot.html)"
178.77.126.55 - - [25/Feb/2014:02:34:16 +0100] "GET / HTTP/1.1" 301 376 "-" "Mozilla/5.0 (compatible; CareerBot/1.1; +http://www.career-x.de/bot.html)"
141.8.147.12 - - [25/Feb/2014:02:50:51 +0100] "GET /robots.txt HTTP/1.1" 301 386 "-" "Mozilla/5.0 (compatible; YandexBot/3.0; +http://yandex.com/bots)"
157.55.32.229 - - [25/Feb/2014:04:48:49 +0100] "GET /robots.txt HTTP/1.1" 301 375 "-" "Mozilla/5.0 (compatible; bingbot/2.0; +http://www.bing.com/bingbot.htm)"
157.55.32.229 - - [25/Feb/2014:04:53:35 +0100] "GET / HTTP/1.1" 301 365 "-" "Mozilla/5.0 (compatible; bingbot/2.0; +http://www.bing.com/bingbot.htm)"
157.55.33.90 - - [25/Feb/2014:04:59:06 +0100] "GET /robots.txt HTTP/1.1" 301 394 "-" "Mozilla/5.0 (compatible; bingbot/2.0; +http://www.bing.com/bingbot.htm)"
157.55.33.90 - - [25/Feb/2014:05:02:28 +0100] "GET / HTTP/1.1" 301 384 "-" "Mozilla/5.0 (compatible; bingbot/2.0; +http://www.bing.com/bingbot.htm)"
141.8.147.12 - - [25/Feb/2014:07:19:14 +0100] "GET /robots.txt HTTP/1.1" 301 384 "-" "Mozilla/5.0 (compatible; YandexBot/3.0; +http://yandex.com/bots)"
208.115.113.88 - - [25/Feb/2014:08:28:50 +0100] "GET /robots.txt HTTP/1.1" 301 386 "-" "Mozilla/5.0 (compatible; Ezooms/1.0; help@moz.com)"
208.115.113.88 - - [25/Feb/2014:08:55:08 +0100] "GET / HTTP/1.1" 301 376 "-" "Mozilla/5.0 (compatible; Ezooms/1.0; help@moz.com)"
141.8.147.12 - - [25/Feb/2014:10:29:57 +0100] "GET / HTTP/1.1" 301 376 "-" "Mozilla/5.0 (compatible; YandexBot/3.0; +http://yandex.com/bots)"
141.8.147.12 - - [25/Feb/2014:14:51:35 +0100] "GET /robots.txt HTTP/1.1" 301 386 "-" "Mozilla/5.0 (compatible; YandexBot/3.0; +http://yandex.com/bots)"
217.230.180.151 - - [25/Feb/2014:14:51:57 +0100] "GET / HTTP/1.1" 301 365 "http://m.bigfinder.de/?c=ws&q=startseite&v=1" "Mozilla/5.0 (Macintosh; U; Intel Mac OS X 10.6; de-DE; rv:1.9.2.8) Gecko/20100722 Firefox/3.6.8"
141.8.147.12 - - [25/Feb/2014:15:14:14 +0100] "GET / HTTP/1.1" 301 374 "-" "Mozilla/5.0 (compatible; YandexBot/3.0; +http://yandex.com/bots)"
157.55.33.179 - - [25/Feb/2014:16:26:28 +0100] "GET /robots.txt HTTP/1.1" 301 394 "-" "Mozilla/5.0 (compatible; bingbot/2.0; +http://www.bing.com/bingbot.htm)"
157.55.33.179 - - [25/Feb/2014:16:27:13 +0100] "GET / HTTP/1.1" 301 384 "-" "Mozilla/5.0 (compatible; bingbot/2.0; +http://www.bing.com/bingbot.htm)"
217.230.180.151 - - [25/Feb/2014:17:17:05 +0100] "GET / HTTP/1.1" 301 367 "http://m.bigfinder.de/?c=ws&q=internet&v=1" "Mozilla/5.0 (Windows; U; Windows NT 6.0; en-US) AppleWebKit/533.4 (KHTML, like Gecko) Chrome/5.0.375.126 Safari/533.4"
93.220.127.213 - - [25/Feb/2014:18:13:46 +0100] "GET /text/11020402_0000.htm HTTP/1.1" 301 387 "http://www.ronsc.de/misc/studienarbeit/node12.html" "Mozilla/5.0 (Windows NT 6.1; WOW64) AppleWebKit/537.36 (KHTML, like Gecko) Chrome/33.0.1750.117 Safari/537.36"
157.55.32.54 - - [25/Feb/2014:18:22:14 +0100] "GET /robots.txt HTTP/1.1" 301 375 "-" "Mozilla/5.0 (compatible; bingbot/2.0; +http://www.bing.com/bingbot.htm)"
157.55.32.54 - - [25/Feb/2014:18:22:54 +0100] "GET / HTTP/1.1" 301 365 "-" "Mozilla/5.0 (compatible; bingbot/2.0; +http://www.bing.com/bingbot.htm)"
141.8.147.12 - - [25/Feb/2014:18:31:08 +0100] "GET /robots.txt HTTP/1.1" 301 377 "-" "Mozilla/5.0 (compatible; YandexBot/3.0; +http://yandex.com/bots)"
141.8.147.12 - - [25/Feb/2014:19:57:38 +0100] "GET / HTTP/1.1" 301 367 "-" "Mozilla/5.0 (compatible; YandexBot/3.0; +http://yandex.com/bots)"
141.8.147.12 - - [25/Feb/2014:19:57:40 +0100] "GET /robots.txt HTTP/1.1" 301 384 "-" "Mozilla/5.0 (compatible; YandexBot/3.0; +http://yandex.com/bots)"
141.8.147.12 - - [25/Feb/2014:20:59:27 +0100] "GET /robots.txt HTTP/1.1" 301 392 "-" "Mozilla/5.0 (compatible; YandexBot/3.0; +http://yandex.com/bots)"
66.249.78.65 - - [25/Feb/2014:21:03:40 +0100] "GET /robots.txt HTTP/1.1" 301 375 "-" "Mozilla/5.0 (compatible; Googlebot/2.1; +http://www.google.com/bot.html)"
66.249.75.76 - - [25/Feb/2014:21:03:41 +0100] "GET / HTTP/1.1" 301 365 "-" "Mozilla/5.0 (iPhone; CPU iPhone OS 6_0 like Mac OS X) AppleWebKit/536.26 (KHTML, like Gecko) Version/6.0 Mobile/10A5376e Safari/8536.25 (compatible; Googlebot/2.1; +http://www.google.com/bot.html)"
141.8.147.12 - - [25/Feb/2014:23:46:55 +0100] "GET / HTTP/1.1" 301 382 "-" "Mozilla/5.0 (compatible; YandexBot/3.0; +http://yandex.com/bots)"
157.56.229.88 - - [26/Feb/2014:00:57:52 +0100] "GET /robots.txt HTTP/1.1" 301 394 "-" "Mozilla/5.0 (compatible; bingbot/2.0; +http://www.bing.com/bingbot.htm)"
157.56.229.88 - - [26/Feb/2014:00:59:45 +0100] "GET / HTTP/1.1" 301 384 "-" "Mozilla/5.0 (compatible; bingbot/2.0; +http://www.bing.com/bingbot.htm)"
157.55.32.54 - - [26/Feb/2014:02:58:06 +0100] "GET /robots.txt HTTP/1.1" 301 375 "-" "Mozilla/5.0 (compatible; bingbot/2.0; +http://www.bing.com/bingbot.htm)"
157.55.32.54 - - [26/Feb/2014:03:01:07 +0100] "GET / HTTP/1.1" 301 365 "-" "Mozilla/5.0 (compatible; bingbot/2.0; +http://www.bing.com/bingbot.htm)"
157.55.32.89 - - [26/Feb/2014:12:50:25 +0100] "GET /robots.txt HTTP/1.1" 301 375 "-" "Mozilla/5.0 (compatible; bingbot/2.0; +http://www.bing.com/bingbot.htm)"
157.55.32.89 - - [26/Feb/2014:12:51:54 +0100] "GET /fire/ HTTP/1.1" 301 370 "-" "Mozilla/5.0 (compatible; bingbot/2.0; +http://www.bing.com/bingbot.htm)"
216.107.155.114 - - [26/Feb/2014:15:10:23 +0100] "GET /robots.txt HTTP/1.0" 301 386 "-" "Mozilla/5.0 (compatible; MJ12bot/v1.4.4; http://www.majestic12.co.uk/bot.php?+)"
216.107.155.114 - - [26/Feb/2014:15:10:25 +0100] "GET / HTTP/1.0" 301 376 "-" "Mozilla/5.0 (compatible; MJ12bot/v1.4.4; http://www.majestic12.co.uk/bot.php?+)"
54.81.89.244 - - [26/Feb/2014:15:52:37 +0100] "HEAD /robots.txt HTTP/1.1" 301 - "http://netcomber.com/sgtost.de?st=br2" "sgtost.de"
54.81.89.244 - - [26/Feb/2014:15:52:38 +0100] "GET /robots.txt HTTP/1.1" 301 377 "http://netcomber.com/sgtost.de?st=br2" "sgtost.de"
65.55.55.230 - - [26/Feb/2014:17:13:24 +0100] "GET /robots.txt HTTP/1.1" 301 375 "-" "Mozilla/5.0 (compatible; bingbot/2.0; +http://www.bing.com/bingbot.htm)"
65.55.55.230 - - [26/Feb/2014:17:40:41 +0100] "GET /text/11030600_0000.htm HTTP/1.1" 301 387 "-" "Mozilla/5.0 (compatible; bingbot/2.0; +http://www.bing.com/bingbot.htm)"
74.52.245.146 - - [26/Feb/2014:20:33:27 +0100] "GET / HTTP/1.0" 301 376 "-" "Mozilla/5.0 (X11; U; Linux i686; en-US; rv:1.7.5) Gecko/20041107 Firefox/1.0"
65.55.55.230 - - [26/Feb/2014:21:45:22 +0100] "GET /robots.txt HTTP/1.1" 301 375 "-" "Mozilla/5.0 (compatible; bingbot/2.0; +http://www.bing.com/bingbot.htm)"
65.55.55.230 - - [26/Feb/2014:21:45:57 +0100] "GET /text/11030600_0000.htm HTTP/1.1" 301 387 "-" "Mozilla/5.0 (compatible; bingbot/2.0; +http://www.bing.com/bingbot.htm)"
217.230.174.68 - - [26/Feb/2014:23:43:03 +0100] "GET / HTTP/1.1" 301 367 "http://www.bigfinder.de/?c=ws&q=online&v=1" "Mozilla/5.0 (Windows; U; Windows NT 5.1; de; rv:1.9.0.12) Gecko/2009070611 Firefox/3.0.12 GTB7.1 (.NET CLR 3.5.30729)"
208.43.245.104 - - [27/Feb/2014:01:47:17 +0100] "GET /robots.txt HTTP/1.1" 301 375 "-" "Mozilla/5.0 (compatible; MSIE 9.0; Windows NT 6.1; WOW64; Trident/5.0; chromeframe/19.0.1084.52)"
208.43.245.104 - - [27/Feb/2014:01:47:22 +0100] "GET /fire HTTP/1.1" 301 369 "-" "Mozilla/5.0 (compatible; MSIE 9.0; Windows NT 6.1; WOW64; Trident/5.0; chromeframe/19.0.1084.52)"
216.145.17.190 - - [27/Feb/2014:06:04:40 +0100] "GET /robots.txt HTTP/1.0" 301 384 "-" "Mozilla/5.0 (Windows; U; Windows NT 5.1; en; rv:1.9.0.13) Gecko/2009073022 Firefox/3.5.2 (.NET CLR 3.5.30729) SurveyBot/2.3 (DomainTools)"
216.145.17.190 - - [27/Feb/2014:06:04:40 +0100] "GET / HTTP/1.1" 301 374 "http://whois.domaintools.com/sgtbayernnord.de" "Mozilla/5.0 (Windows; U; Windows NT 5.1; en; rv:1.9.0.13) Gecko/2009073022 Firefox/3.5.2 (.NET CLR 3.5.30729) SurveyBot/2.3 (DomainTools)"
64.246.165.200 - - [27/Feb/2014:07:08:06 +0100] "GET /robots.txt HTTP/1.0" 301 389 "-" "Mozilla/5.0 (Windows; U; Windows NT 5.1; en; rv:1.9.0.13) Gecko/2009073022 Firefox/3.5.2 (.NET CLR 3.5.30729) SurveyBot/2.3 (DomainTools)"
64.246.165.200 - - [27/Feb/2014:07:08:07 +0100] "GET / HTTP/1.1" 301 379 "http://whois.domaintools.com/sicherungs-service.de" "Mozilla/5.0 (Windows; U; Windows NT 5.1; en; rv:1.9.0.13) Gecko/2009073022 Firefox/3.5.2 (.NET CLR 3.5.30729) SurveyBot/2.3 (DomainTools)"
64.246.165.140 - - [27/Feb/2014:07:49:50 +0100] "GET /robots.txt HTTP/1.0" 301 394 "-" "Mozilla/5.0 (Windows; U; Windows NT 5.1; en; rv:1.9.0.13) Gecko/2009073022 Firefox/3.5.2 (.NET CLR 3.5.30729) SurveyBot/2.3 (DomainTools)"
64.246.165.140 - - [27/Feb/2014:07:49:50 +0100] "GET / HTTP/1.1" 301 384 "http://whois.domaintools.com/siemens-gebaeudetechnik.de" "Mozilla/5.0 (Windows; U; Windows NT 5.1; en; rv:1.9.0.13) Gecko/2009073022 Firefox/3.5.2 (.NET CLR 3.5.30729) SurveyBot/2.3 (DomainTools)"
64.246.165.210 - - [27/Feb/2014:07:59:36 +0100] "GET /robots.txt HTTP/1.0" 301 375 "-" "Mozilla/5.0 (Windows; U; Windows NT 5.1; en; rv:1.9.0.13) Gecko/2009073022 Firefox/3.5.2 (.NET CLR 3.5.30729) SurveyBot/2.3 (DomainTools)"
64.246.165.210 - - [27/Feb/2014:07:59:36 +0100] "GET / HTTP/1.1" 301 365 "http://whois.domaintools.com/sibt.de" "Mozilla/5.0 (Windows; U; Windows NT 5.1; en; rv:1.9.0.13) Gecko/2009073022 Firefox/3.5.2 (.NET CLR 3.5.30729) SurveyBot/2.3 (DomainTools)"
64.246.165.170 - - [27/Feb/2014:08:47:00 +0100] "GET /robots.txt HTTP/1.0" 301 392 "-" "Mozilla/5.0 (Windows; U; Windows NT 5.1; en; rv:1.9.0.13) Gecko/2009073022 Firefox/3.5.2 (.NET CLR 3.5.30729) SurveyBot/2.3 (DomainTools)"
64.246.165.170 - - [27/Feb/2014:08:47:00 +0100] "GET / HTTP/1.1" 301 382 "http://whois.domaintools.com/siemens-medientechnik.de" "Mozilla/5.0 (Windows; U; Windows NT 5.1; en; rv:1.9.0.13) Gecko/2009073022 Firefox/3.5.2 (.NET CLR 3.5.30729) SurveyBot/2.3 (DomainTools)"
193.52.100.10 - - [27/Feb/2014:10:01:27 +0100] "GET / HTTP/1.1" 301 365 "-" "Mozilla/5.0 (Windows NT 6.3; WOW64; rv:27.0) Gecko/20100101 Firefox/27.0"
216.145.14.142 - - [27/Feb/2014:10:22:42 +0100] "GET /robots.txt HTTP/1.0" 301 377 "-" "Mozilla/5.0 (Windows; U; Windows NT 5.1; en; rv:1.9.0.13) Gecko/2009073022 Firefox/3.5.2 (.NET CLR 3.5.30729) SurveyBot/2.3 (DomainTools)"
216.145.14.142 - - [27/Feb/2014:10:22:42 +0100] "GET / HTTP/1.1" 301 367 "http://whois.domaintools.com/sgtost.de" "Mozilla/5.0 (Windows; U; Windows NT 5.1; en; rv:1.9.0.13) Gecko/2009073022 Firefox/3.5.2 (.NET CLR 3.5.30729) SurveyBot/2.3 (DomainTools)"
5.10.83.48 - - [27/Feb/2014:11:52:58 +0100] "GET / HTTP/1.1" 301 365 "-" "Mozilla/5.0 (compatible; AhrefsBot/5.0; +http://ahrefs.com/robot/)"
141.8.147.12 - - [27/Feb/2014:18:44:36 +0100] "GET /robots.txt HTTP/1.1" 301 394 "-" "Mozilla/5.0 (compatible; YandexBot/3.0; +http://yandex.com/bots)"
141.8.147.12 - - [27/Feb/2014:18:51:30 +0100] "GET / HTTP/1.1" 301 384 "-" "Mozilla/5.0 (compatible; YandexBot/3.0; +http://yandex.com/bots)"
141.8.147.12 - - [27/Feb/2014:20:38:54 +0100] "GET /robots.txt HTTP/1.1" 301 384 "-" "Mozilla/5.0 (compatible; YandexBot/3.0; +http://yandex.com/bots)"
141.8.147.12 - - [27/Feb/2014:20:50:32 +0100] "GET / HTTP/1.1" 301 374 "-" "Mozilla/5.0 (compatible; YandexBot/3.0; +http://yandex.com/bots)"
66.249.78.65 - - [27/Feb/2014:22:04:05 +0100] "GET /robots.txt HTTP/1.1" 301 375 "-" "Mozilla/5.0 (compatible; Googlebot/2.1; +http://www.google.com/bot.html)"
66.249.78.65 - - [27/Feb/2014:22:04:05 +0100] "GET / HTTP/1.1" 301 365 "-" "Mozilla/5.0 (iPhone; CPU iPhone OS 6_0 like Mac OS X) AppleWebKit/536.26 (KHTML, like Gecko) Version/6.0 Mobile/10A5376e Safari/8536.25 (compatible; Googlebot/2.1; +http://www.google.com/bot.html)"
141.8.147.12 - - [27/Feb/2014:22:33:46 +0100] "GET /robots.txt HTTP/1.1" 301 386 "-" "Mozilla/5.0 (compatible; YandexBot/3.0; +http://yandex.com/bots)"
141.8.147.12 - - [27/Feb/2014:22:38:13 +0100] "GET / HTTP/1.1" 301 376 "-" "Mozilla/5.0 (compatible; YandexBot/3.0; +http://yandex.com/bots)"
188.165.195.156 - - [28/Feb/2014:00:31:24 +0100] "HEAD / HTTP/1.1" 301 - "-" "Mozilla/4.0 (compatible; MSIE 5.01; Windows NT 5.0)"
141.8.147.12 - - [28/Feb/2014:01:34:58 +0100] "GET /robots.txt HTTP/1.1" 301 375 "-" "Mozilla/5.0 (compatible; YandexBot/3.0; +http://yandex.com/bots)"
5.9.125.26 - - [28/Feb/2014:02:00:52 +0100] "GET /robots.txt HTTP/1.1" 301 392 "-" "Mozilla/5.0 (compatible; SISTRIX Crawler; http://crawler.sistrix.net/)"
5.9.125.26 - - [28/Feb/2014:02:00:52 +0100] "GET / HTTP/1.1" 301 382 "-" "Mozilla/5.0 (compatible; SISTRIX Crawler; http://crawler.sistrix.net/)"
31.3.233.120 - - [28/Feb/2014:03:06:29 +0100] "GET / HTTP/1.1" 301 382 "-" "-"
148.251.11.133 - - [28/Feb/2014:04:26:06 +0100] "GET /robots.txt HTTP/1.1" 301 386 "-" "Apache-HttpClient/4.3 (java 1.5)"
148.251.11.133 - - [28/Feb/2014:04:26:06 +0100] "GET / HTTP/1.1" 301 376 "-" "Apache-HttpClient/4.3 (java 1.5)"
125.209.208.11 - - [28/Feb/2014:05:50:38 +0100] "GET /robots.txt HTTP/1.1" 301 375 "-" "Yeti/1.0 (NHN Corp.; http://help.naver.com/robots/)"
125.209.208.4 - - [28/Feb/2014:05:50:39 +0100] "GET / HTTP/1.1" 301 365 "-" "Yeti/1.0 (NHN Corp.; http://help.naver.com/robots/)"
148.251.11.144 - - [28/Feb/2014:08:27:52 +0100] "GET /robots.txt HTTP/1.1" 301 375 "-" "Apache-HttpClient/4.3 (java 1.5)"
148.251.11.144 - - [28/Feb/2014:08:27:52 +0100] "GET / HTTP/1.1" 301 365 "-" "Apache-HttpClient/4.3 (java 1.5)"
66.249.78.65 - - [28/Feb/2014:08:34:13 +0100] "GET /robots.txt HTTP/1.1" 301 375 "-" "Mozilla/5.0 (compatible; Googlebot/2.1; +http://www.google.com/bot.html)"
66.249.78.65 - - [28/Feb/2014:08:34:13 +0100] "GET /text/11020402_0000.htm HTTP/1.1" 301 387 "-" "SAMSUNG-SGH-E250/1.0 Profile/MIDP-2.0 Configuration/CLDC-1.1 UP.Browser/6.2.3.3.c.1.101 (GUI) MMP/2.0 (compatible; Googlebot-Mobile/2.1; +http://www.google.com/bot.html)"
148.251.11.137 - - [28/Feb/2014:08:40:26 +0100] "GET /robots.txt HTTP/1.1" 301 394 "-" "Apache-HttpClient/4.3 (java 1.5)"
148.251.11.137 - - [28/Feb/2014:08:40:26 +0100] "GET / HTTP/1.1" 301 384 "-" "Apache-HttpClient/4.3 (java 1.5)"
141.8.147.12 - - [28/Feb/2014:08:42:19 +0100] "GET / HTTP/1.1" 301 365 "-" "Mozilla/5.0 (compatible; YandexBot/3.0; +http://yandex.com/bots)"
141.8.147.12 - - [28/Feb/2014:08:53:45 +0100] "GET /robots.txt HTTP/1.1" 301 377 "-" "Mozilla/5.0 (compatible; YandexBot/3.0; +http://yandex.com/bots)"
141.8.147.12 - - [28/Feb/2014:08:53:48 +0100] "GET / HTTP/1.1" 301 367 "-" "Mozilla/5.0 (compatible; YandexBot/3.0; +http://yandex.com/bots)"
217.69.133.224 - - [28/Feb/2014:08:59:38 +0100] "GET /robots.txt HTTP/1.1" 301 375 "-" "Mozilla/5.0 (compatible; Linux x86_64; Mail.RU_Bot/2.0; +http://go.mail.ru/help/robots)"
217.69.133.224 - - [28/Feb/2014:08:59:39 +0100] "GET / HTTP/1.1" 301 365 "-" "Mozilla/5.0 (compatible; Linux x86_64; Mail.RU_Bot/2.0; +http://go.mail.ru/help/robots)"
141.8.147.12 - - [28/Feb/2014:11:07:08 +0100] "GET /robots.txt HTTP/1.1" 301 392 "-" "Mozilla/5.0 (compatible; YandexBot/3.0; +http://yandex.com/bots)"
141.8.147.12 - - [28/Feb/2014:15:13:35 +0100] "GET / HTTP/1.1" 301 382 "-" "Mozilla/5.0 (compatible; YandexBot/3.0; +http://yandex.com/bots)"
66.249.66.178 - - [28/Feb/2014:17:04:38 +0100] "GET /robots.txt HTTP/1.1" 301 386 "-" "Mozilla/5.0 (compatible; Googlebot/2.1; +http://www.google.com/bot.html)"
66.249.78.81 - - [28/Feb/2014:17:04:39 +0100] "GET / HTTP/1.1" 301 376 "-" "Mozilla/5.0 (compatible; Googlebot/2.1; +http://www.google.com/bot.html)"
157.55.34.29 - - [28/Feb/2014:17:50:07 +0100] "GET /robots.txt HTTP/1.1" 301 394 "-" "Mozilla/5.0 (compatible; bingbot/2.0; +http://www.bing.com/bingbot.htm)"
157.55.34.29 - - [28/Feb/2014:18:10:29 +0100] "GET / HTTP/1.1" 301 384 "-" "Mozilla/5.0 (compatible; bingbot/2.0; +http://www.bing.com/bingbot.htm)"
157.55.33.15 - - [28/Feb/2014:18:57:26 +0100] "GET /robots.txt HTTP/1.1" 301 375 "-" "Mozilla/5.0 (compatible; bingbot/2.0; +http://www.bing.com/bingbot.htm)"
157.55.33.15 - - [28/Feb/2014:19:00:50 +0100] "GET / HTTP/1.1" 301 365 "-" "Mozilla/5.0 (compatible; bingbot/2.0; +http://www.bing.com/bingbot.htm)"
141.8.147.12 - - [28/Feb/2014:21:28:33 +0100] "GET /robots.txt HTTP/1.1" 301 377 "-" "Mozilla/5.0 (compatible; YandexBot/3.0; +http://yandex.com/bots)"
66.249.65.201 - - [28/Feb/2014:23:41:11 +0100] "GET /robots.txt HTTP/1.1" 301 377 "-" "Mozilla/5.0 (compatible; Googlebot/2.1; +http://www.google.com/bot.html)"
