78.138.101.135 - - [01/Oct/2012:07:50:49 +0200] "GET / HTTP/1.1" 200 1137 "-" "Mozilla/4.0 (compatible; MSIE 8.0; Windows NT 6.1; Trident/4.0)"
157.55.35.53 - - [01/Oct/2012:08:38:56 +0200] "GET /robots.txt HTTP/1.1" 404 1256 "-" "Mozilla/5.0 (compatible; bingbot/2.0; +http://www.bing.com/bingbot.htm)"
65.55.208.25 - - [01/Oct/2012:08:41:14 +0200] "GET /info.html HTTP/1.1" 200 1015 "-" "Mozilla/5.0 (Windows NT 6.1; WOW64) AppleWebKit/534+ (KHTML, like Gecko) BingPreview/1.0b"
157.55.35.53 - - [01/Oct/2012:08:45:40 +0200] "GET /info.html HTTP/1.1" 200 1015 "-" "Mozilla/5.0 (compatible; bingbot/2.0; +http://www.bing.com/bingbot.htm)"
217.227.4.182 - - [01/Oct/2012:10:46:14 +0200] "GET / HTTP/1.1" 200 1137 "http://www.google.de/url?sa=t&rct=j&q=gis-bau.de&source=web&cd=8&ved=0CEYQFjAH&url=http%3A%2F%2Fwww.gis-bau.de%2F&ei=6VdpUNukA9HjtQaO6oBY&usg=AFQjCNFZUn5K4hVtbaShNZE-kASMl4Xhsw" "Mozilla/5.0 (Windows NT 5.1; rv:15.0) Gecko/20100101 Firefox/15.0.1"
217.227.4.182 - - [01/Oct/2012:10:46:14 +0200] "GET /picture/gis-bau.jpg HTTP/1.1" 200 9275 "http://www.gis-bau.de/" "Mozilla/5.0 (Windows NT 5.1; rv:15.0) Gecko/20100101 Firefox/15.0.1"
217.227.4.182 - - [01/Oct/2012:10:46:14 +0200] "GET /picture/back.gif HTTP/1.1" 404 1256 "http://www.gis-bau.de/" "Mozilla/5.0 (Windows NT 5.1; rv:15.0) Gecko/20100101 Firefox/15.0.1"
217.227.4.182 - - [01/Oct/2012:10:46:14 +0200] "GET /favicon.ico HTTP/1.1" 404 1256 "-" "Mozilla/5.0 (Windows NT 5.1; rv:15.0) Gecko/20100101 Firefox/15.0.1"
217.227.4.182 - - [01/Oct/2012:10:46:19 +0200] "GET /main.html HTTP/1.1" 200 747 "http://www.gis-bau.de/" "Mozilla/5.0 (Windows NT 5.1; rv:15.0) Gecko/20100101 Firefox/15.0.1"
217.227.4.182 - - [01/Oct/2012:10:46:19 +0200] "GET /info.html HTTP/1.1" 200 1015 "http://www.gis-bau.de/main.html" "Mozilla/5.0 (Windows NT 5.1; rv:15.0) Gecko/20100101 Firefox/15.0.1"
217.227.4.182 - - [01/Oct/2012:10:46:19 +0200] "GET /banner.html HTTP/1.1" 200 980 "http://www.gis-bau.de/main.html" "Mozilla/5.0 (Windows NT 5.1; rv:15.0) Gecko/20100101 Firefox/15.0.1"
217.227.4.182 - - [01/Oct/2012:10:46:19 +0200] "GET /home.html HTTP/1.1" 200 977 "http://www.gis-bau.de/main.html" "Mozilla/5.0 (Windows NT 5.1; rv:15.0) Gecko/20100101 Firefox/15.0.1"
217.227.4.182 - - [01/Oct/2012:10:46:19 +0200] "GET /picture/home.gif HTTP/1.1" 200 1107 "http://www.gis-bau.de/info.html" "Mozilla/5.0 (Windows NT 5.1; rv:15.0) Gecko/20100101 Firefox/15.0.1"
217.227.4.182 - - [01/Oct/2012:10:46:19 +0200] "GET /picture/back.gif HTTP/1.1" 404 1256 "http://www.gis-bau.de/info.html" "Mozilla/5.0 (Windows NT 5.1; rv:15.0) Gecko/20100101 Firefox/15.0.1"
217.227.4.182 - - [01/Oct/2012:10:46:19 +0200] "GET /picture/leistungen.gif HTTP/1.1" 200 1157 "http://www.gis-bau.de/info.html" "Mozilla/5.0 (Windows NT 5.1; rv:15.0) Gecko/20100101 Firefox/15.0.1"
217.227.4.182 - - [01/Oct/2012:10:46:19 +0200] "GET /picture/referenzen.gif HTTP/1.1" 200 1173 "http://www.gis-bau.de/info.html" "Mozilla/5.0 (Windows NT 5.1; rv:15.0) Gecko/20100101 Firefox/15.0.1"
217.227.4.182 - - [01/Oct/2012:10:46:19 +0200] "GET /picture/kontakt.gif HTTP/1.1" 200 1128 "http://www.gis-bau.de/info.html" "Mozilla/5.0 (Windows NT 5.1; rv:15.0) Gecko/20100101 Firefox/15.0.1"
217.227.4.182 - - [01/Oct/2012:10:46:19 +0200] "GET /picture/back.gif HTTP/1.1" 404 1256 "http://www.gis-bau.de/banner.html" "Mozilla/5.0 (Windows NT 5.1; rv:15.0) Gecko/20100101 Firefox/15.0.1"
217.227.4.182 - - [01/Oct/2012:10:46:33 +0200] "GET /leistung.html HTTP/1.1" 200 1149 "http://www.gis-bau.de/info.html" "Mozilla/5.0 (Windows NT 5.1; rv:15.0) Gecko/20100101 Firefox/15.0.1"
217.227.4.182 - - [01/Oct/2012:10:46:33 +0200] "GET /picture/under.gif HTTP/1.1" 200 5595 "http://www.gis-bau.de/leistung.html" "Mozilla/5.0 (Windows NT 5.1; rv:15.0) Gecko/20100101 Firefox/15.0.1"
217.227.4.182 - - [01/Oct/2012:10:46:33 +0200] "GET /picture/baupics/image1.jpg HTTP/1.1" 200 32752 "http://www.gis-bau.de/leistung.html" "Mozilla/5.0 (Windows NT 5.1; rv:15.0) Gecko/20100101 Firefox/15.0.1"
217.227.4.182 - - [01/Oct/2012:10:46:33 +0200] "GET /picture/baupics/image2.jpg HTTP/1.1" 200 40346 "http://www.gis-bau.de/leistung.html" "Mozilla/5.0 (Windows NT 5.1; rv:15.0) Gecko/20100101 Firefox/15.0.1"
217.227.4.182 - - [01/Oct/2012:10:46:46 +0200] "GET /ud.html HTTP/1.1" 200 685 "http://www.gis-bau.de/info.html" "Mozilla/5.0 (Windows NT 5.1; rv:15.0) Gecko/20100101 Firefox/15.0.1"
217.227.4.182 - - [01/Oct/2012:10:46:50 +0200] "GET /kontakt.html HTTP/1.1" 200 1753 "http://www.gis-bau.de/info.html" "Mozilla/5.0 (Windows NT 5.1; rv:15.0) Gecko/20100101 Firefox/15.0.1"
217.227.4.182 - - [01/Oct/2012:10:52:29 +0200] "GET /picture/back.gif HTTP/1.1" 404 1256 "http://www.gis-bau.de/banner.html" "Mozilla/5.0 (Windows NT 5.1; rv:15.0) Gecko/20100101 Firefox/15.0.1"
217.227.4.182 - - [01/Oct/2012:10:53:08 +0200] "GET /picture/back.gif HTTP/1.1" 404 1256 "http://www.gis-bau.de/" "Mozilla/5.0 (Windows NT 5.1; rv:15.0) Gecko/20100101 Firefox/15.0.1"
157.55.33.83 - - [01/Oct/2012:18:31:59 +0200] "GET /robots.txt HTTP/1.1" 404 1256 "-" "Mozilla/5.0 (compatible; bingbot/2.0; +http://www.bing.com/bingbot.htm)"
157.55.34.25 - - [01/Oct/2012:19:27:54 +0200] "GET /robots.txt HTTP/1.1" 404 1256 "-" "Mozilla/5.0 (compatible; bingbot/2.0; +http://www.bing.com/bingbot.htm)"
157.55.34.25 - - [01/Oct/2012:19:29:06 +0200] "GET / HTTP/1.1" 200 1137 "-" "Mozilla/5.0 (compatible; bingbot/2.0; +http://www.bing.com/bingbot.htm)"
157.55.35.48 - - [02/Oct/2012:07:41:42 +0200] "GET /robots.txt HTTP/1.1" 404 1256 "-" "Mozilla/5.0 (compatible; bingbot/2.0; +http://www.bing.com/bingbot.htm)"
65.55.208.133 - - [02/Oct/2012:08:07:40 +0200] "GET /home.html HTTP/1.1" 200 977 "-" "Mozilla/5.0 (Windows NT 6.1; WOW64) AppleWebKit/534+ (KHTML, like Gecko) BingPreview/1.0b"
157.55.35.48 - - [02/Oct/2012:08:23:05 +0200] "GET /home.html HTTP/1.1" 200 977 "-" "Mozilla/5.0 (compatible; bingbot/2.0; +http://www.bing.com/bingbot.htm)"
178.154.179.250 - - [02/Oct/2012:19:24:12 +0200] "GET /robots.txt HTTP/1.1" 404 1256 "-" "Mozilla/5.0 (compatible; YandexBot/3.0; +http://yandex.com/bots)"
178.154.179.250 - - [02/Oct/2012:23:17:40 +0200] "GET / HTTP/1.1" 200 1137 "-" "Mozilla/5.0 (compatible; YandexBot/3.0; +http://yandex.com/bots)"
157.55.33.248 - - [03/Oct/2012:00:54:42 +0200] "GET /robots.txt HTTP/1.1" 404 1256 "-" "Mozilla/5.0 (compatible; bingbot/2.0; +http://www.bing.com/bingbot.htm)"
157.55.33.248 - - [03/Oct/2012:01:11:13 +0200] "GET /kontakt.html HTTP/1.1" 200 1753 "-" "Mozilla/5.0 (compatible; bingbot/2.0; +http://www.bing.com/bingbot.htm)"
178.154.179.250 - - [03/Oct/2012:03:02:02 +0200] "GET /main.html HTTP/1.1" 200 747 "-" "Mozilla/5.0 (compatible; YandexBot/3.0; +http://yandex.com/bots)"
178.154.179.250 - - [03/Oct/2012:03:02:08 +0200] "GET /home.html HTTP/1.1" 200 977 "-" "Mozilla/5.0 (compatible; YandexBot/3.0; +http://yandex.com/bots)"
178.154.179.250 - - [03/Oct/2012:03:02:11 +0200] "GET /info.html HTTP/1.1" 200 1015 "-" "Mozilla/5.0 (compatible; YandexBot/3.0; +http://yandex.com/bots)"
178.154.179.250 - - [03/Oct/2012:03:02:13 +0200] "GET /banner.html HTTP/1.1" 200 980 "-" "Mozilla/5.0 (compatible; YandexBot/3.0; +http://yandex.com/bots)"
37.140.141.34 - - [03/Oct/2012:03:03:24 +0200] "GET /robots.txt HTTP/1.1" 404 1256 "-" "Mozilla/5.0 (compatible; YandexImages/3.0; +http://yandex.com/bots)"
66.249.71.48 - - [03/Oct/2012:07:01:15 +0200] "GET /robots.txt HTTP/1.1" 404 1256 "-" "Mozilla/5.0 (compatible; Googlebot/2.1; +http://www.google.com/bot.html)"
66.249.71.48 - - [03/Oct/2012:07:01:15 +0200] "GET / HTTP/1.1" 200 1137 "-" "Mozilla/5.0 (compatible; Googlebot/2.1; +http://www.google.com/bot.html)"
37.140.141.34 - - [03/Oct/2012:11:15:02 +0200] "GET /picture/gis-bau.jpg HTTP/1.1" 200 9275 "-" "Mozilla/5.0 (compatible; YandexImages/3.0; +http://yandex.com/bots)"
91.56.215.203 - - [03/Oct/2012:11:59:34 +0200] "GET / HTTP/1.1" 200 1137 "-" "Mozilla/5.0 (X11; Ubuntu; Linux i686; rv:15.0) Gecko/20100101 Firefox/15.0.1"
91.56.215.203 - - [03/Oct/2012:11:59:34 +0200] "GET /picture/gis-bau.jpg HTTP/1.1" 200 9275 "http://www.gis-bau.de/" "Mozilla/5.0 (X11; Ubuntu; Linux i686; rv:15.0) Gecko/20100101 Firefox/15.0.1"
91.56.215.203 - - [03/Oct/2012:11:59:34 +0200] "GET /picture/back.gif HTTP/1.1" 404 1256 "http://www.gis-bau.de/" "Mozilla/5.0 (X11; Ubuntu; Linux i686; rv:15.0) Gecko/20100101 Firefox/15.0.1"
91.56.215.203 - - [03/Oct/2012:11:59:34 +0200] "GET /favicon.ico HTTP/1.1" 404 1256 "-" "Mozilla/5.0 (X11; Ubuntu; Linux i686; rv:15.0) Gecko/20100101 Firefox/15.0.1"
91.56.215.203 - - [03/Oct/2012:11:59:34 +0200] "GET /favicon.ico HTTP/1.1" 404 1256 "-" "Mozilla/5.0 (X11; Ubuntu; Linux i686; rv:15.0) Gecko/20100101 Firefox/15.0.1"
157.55.35.100 - - [04/Oct/2012:15:03:49 +0200] "GET /robots.txt HTTP/1.1" 404 1256 "-" "Mozilla/5.0 (compatible; bingbot/2.0; +http://www.bing.com/bingbot.htm)"
65.55.208.81 - - [04/Oct/2012:15:18:56 +0200] "GET /leistung.html HTTP/1.1" 200 1149 "-" "Mozilla/5.0 (Windows NT 6.1; WOW64) AppleWebKit/534+ (KHTML, like Gecko) BingPreview/1.0b"
157.55.35.100 - - [04/Oct/2012:15:34:18 +0200] "GET /leistung.html HTTP/1.1" 200 1149 "-" "Mozilla/5.0 (compatible; bingbot/2.0; +http://www.bing.com/bingbot.htm)"
91.96.158.47 - - [05/Oct/2012:09:30:00 +0200] "GET /main.html HTTP/1.1" 200 747 "http://www.google.de/url?sa=t&rct=j&q=stefan%20g%C3%BCrgen&source=web&cd=1&ved=0CCIQFjAA&url=http%3A%2F%2Fwww.gis-bau.de%2Fmain.html&ei=LoxuUJbMDq3J0AXauYH4Aw&usg=AFQjCNEZ9Plrfl0XvmCV7MXQHFGNwPepaw" "Mozilla/5.0 (compatible; MSIE 9.0; Windows NT 6.1; WOW64; Trident/5.0)"
91.96.158.47 - - [05/Oct/2012:09:30:00 +0200] "GET /banner.html HTTP/1.1" 200 980 "http://www.gis-bau.de/main.html" "Mozilla/5.0 (compatible; MSIE 9.0; Windows NT 6.1; WOW64; Trident/5.0)"
91.96.158.47 - - [05/Oct/2012:09:30:00 +0200] "GET /info.html HTTP/1.1" 200 1015 "http://www.gis-bau.de/main.html" "Mozilla/5.0 (compatible; MSIE 9.0; Windows NT 6.1; WOW64; Trident/5.0)"
91.96.158.47 - - [05/Oct/2012:09:30:00 +0200] "GET /home.html HTTP/1.1" 200 977 "http://www.gis-bau.de/main.html" "Mozilla/5.0 (compatible; MSIE 9.0; Windows NT 6.1; WOW64; Trident/5.0)"
91.96.158.47 - - [05/Oct/2012:09:30:00 +0200] "GET /picture/back.gif HTTP/1.1" 404 1256 "http://www.gis-bau.de/banner.html" "Mozilla/5.0 (compatible; MSIE 9.0; Windows NT 6.1; WOW64; Trident/5.0)"
91.96.158.47 - - [05/Oct/2012:09:30:00 +0200] "GET /picture/gis-bau.jpg HTTP/1.1" 200 9275 "http://www.gis-bau.de/banner.html" "Mozilla/5.0 (compatible; MSIE 9.0; Windows NT 6.1; WOW64; Trident/5.0)"
91.96.158.47 - - [05/Oct/2012:09:30:00 +0200] "GET /picture/back.gif HTTP/1.1" 404 1256 "http://www.gis-bau.de/banner.html" "Mozilla/5.0 (compatible; MSIE 9.0; Windows NT 6.1; WOW64; Trident/5.0)"
91.96.158.47 - - [05/Oct/2012:09:30:00 +0200] "GET /picture/leistungen.gif HTTP/1.1" 200 1157 "http://www.gis-bau.de/info.html" "Mozilla/5.0 (compatible; MSIE 9.0; Windows NT 6.1; WOW64; Trident/5.0)"
91.96.158.47 - - [05/Oct/2012:09:30:00 +0200] "GET /picture/kontakt.gif HTTP/1.1" 200 1128 "http://www.gis-bau.de/info.html" "Mozilla/5.0 (compatible; MSIE 9.0; Windows NT 6.1; WOW64; Trident/5.0)"
91.96.158.47 - - [05/Oct/2012:09:30:00 +0200] "GET /picture/home.gif HTTP/1.1" 200 1107 "http://www.gis-bau.de/info.html" "Mozilla/5.0 (compatible; MSIE 9.0; Windows NT 6.1; WOW64; Trident/5.0)"
91.96.158.47 - - [05/Oct/2012:09:30:00 +0200] "GET /picture/referenzen.gif HTTP/1.1" 200 1173 "http://www.gis-bau.de/info.html" "Mozilla/5.0 (compatible; MSIE 9.0; Windows NT 6.1; WOW64; Trident/5.0)"
91.96.158.47 - - [05/Oct/2012:09:30:01 +0200] "GET /favicon.ico HTTP/1.1" 404 1256 "-" "Mozilla/5.0 (compatible; MSIE 9.0; Windows NT 6.1; WOW64; Trident/5.0)"
91.96.158.47 - - [05/Oct/2012:09:30:19 +0200] "GET /leistung.html HTTP/1.1" 200 1149 "http://www.gis-bau.de/info.html" "Mozilla/5.0 (compatible; MSIE 9.0; Windows NT 6.1; WOW64; Trident/5.0)"
91.96.158.47 - - [05/Oct/2012:09:30:19 +0200] "GET /picture/under.gif HTTP/1.1" 200 5595 "http://www.gis-bau.de/leistung.html" "Mozilla/5.0 (compatible; MSIE 9.0; Windows NT 6.1; WOW64; Trident/5.0)"
91.96.158.47 - - [05/Oct/2012:09:30:19 +0200] "GET /picture/baupics/image1.jpg HTTP/1.1" 200 32752 "http://www.gis-bau.de/leistung.html" "Mozilla/5.0 (compatible; MSIE 9.0; Windows NT 6.1; WOW64; Trident/5.0)"
91.96.158.47 - - [05/Oct/2012:09:30:19 +0200] "GET /picture/baupics/image2.jpg HTTP/1.1" 200 40346 "http://www.gis-bau.de/leistung.html" "Mozilla/5.0 (compatible; MSIE 9.0; Windows NT 6.1; WOW64; Trident/5.0)"
91.96.158.47 - - [05/Oct/2012:09:30:29 +0200] "GET /kontakt.html HTTP/1.1" 200 1753 "http://www.gis-bau.de/info.html" "Mozilla/5.0 (compatible; MSIE 9.0; Windows NT 6.1; WOW64; Trident/5.0)"
91.96.158.47 - - [05/Oct/2012:09:34:24 +0200] "GET /ud.html HTTP/1.1" 200 685 "http://www.gis-bau.de/info.html" "Mozilla/5.0 (compatible; MSIE 9.0; Windows NT 6.1; WOW64; Trident/5.0)"
94.23.220.161 - - [05/Oct/2012:09:36:05 +0200] "GET /main.html HTTP/1.1" 200 747 "-" "Mozilla/5.0 (X11; Linux i686; rv:6.0) Gecko/20100101 Firefox/6.0"
94.23.220.161 - - [05/Oct/2012:09:36:06 +0200] "GET /main.html HTTP/1.1" 200 747 "-" "Mozilla/5.0 (X11; Linux i686; rv:6.0) Gecko/20100101 Firefox/6.0"
66.249.16.212 - - [07/Oct/2012:09:31:13 +0200] "GET / HTTP/1.1" 200 1137 "http://whois.domaintools.com/gis-bau.de" "Mozilla/5.0 (compatible; Googlebot/2.1; +http://www.google.com/bot.html)"
84.190.68.110 - - [08/Oct/2012:11:18:09 +0200] "GET /main.html HTTP/1.1" 200 747 "http://www.google.de/url?sa=t&rct=j&q=&esrc=s&source=web&cd=1&ved=0CCUQFjAA&url=http%3A%2F%2Fwww.gis-bau.de%2Fmain.html&ei=3ZlyUIfrGc3Jsgapv4CgAQ&usg=AFQjCNEZ9Plrfl0XvmCV7MXQHFGNwPepaw" "Mozilla/5.0 (Windows NT 6.1; rv:15.0) Gecko/20100101 Firefox/15.0.1"
84.190.68.110 - - [08/Oct/2012:11:18:09 +0200] "GET /info.html HTTP/1.1" 200 1015 "http://www.gis-bau.de/main.html" "Mozilla/5.0 (Windows NT 6.1; rv:15.0) Gecko/20100101 Firefox/15.0.1"
84.190.68.110 - - [08/Oct/2012:11:18:09 +0200] "GET /banner.html HTTP/1.1" 200 980 "http://www.gis-bau.de/main.html" "Mozilla/5.0 (Windows NT 6.1; rv:15.0) Gecko/20100101 Firefox/15.0.1"
84.190.68.110 - - [08/Oct/2012:11:18:09 +0200] "GET /home.html HTTP/1.1" 200 977 "http://www.gis-bau.de/main.html" "Mozilla/5.0 (Windows NT 6.1; rv:15.0) Gecko/20100101 Firefox/15.0.1"
84.190.68.110 - - [08/Oct/2012:11:18:09 +0200] "GET /picture/gis-bau.jpg HTTP/1.1" 200 9275 "http://www.gis-bau.de/banner.html" "Mozilla/5.0 (Windows NT 6.1; rv:15.0) Gecko/20100101 Firefox/15.0.1"
84.190.68.110 - - [08/Oct/2012:11:18:09 +0200] "GET /picture/home.gif HTTP/1.1" 200 1107 "http://www.gis-bau.de/info.html" "Mozilla/5.0 (Windows NT 6.1; rv:15.0) Gecko/20100101 Firefox/15.0.1"
84.190.68.110 - - [08/Oct/2012:11:18:09 +0200] "GET /picture/back.gif HTTP/1.1" 404 1256 "http://www.gis-bau.de/banner.html" "Mozilla/5.0 (Windows NT 6.1; rv:15.0) Gecko/20100101 Firefox/15.0.1"
84.190.68.110 - - [08/Oct/2012:11:18:10 +0200] "GET /picture/leistungen.gif HTTP/1.1" 200 1157 "http://www.gis-bau.de/info.html" "Mozilla/5.0 (Windows NT 6.1; rv:15.0) Gecko/20100101 Firefox/15.0.1"
84.190.68.110 - - [08/Oct/2012:11:18:10 +0200] "GET /picture/referenzen.gif HTTP/1.1" 200 1173 "http://www.gis-bau.de/info.html" "Mozilla/5.0 (Windows NT 6.1; rv:15.0) Gecko/20100101 Firefox/15.0.1"
84.190.68.110 - - [08/Oct/2012:11:18:10 +0200] "GET /picture/kontakt.gif HTTP/1.1" 200 1128 "http://www.gis-bau.de/info.html" "Mozilla/5.0 (Windows NT 6.1; rv:15.0) Gecko/20100101 Firefox/15.0.1"
84.190.68.110 - - [08/Oct/2012:11:18:10 +0200] "GET /picture/back.gif HTTP/1.1" 404 1256 "http://www.gis-bau.de/info.html" "Mozilla/5.0 (Windows NT 6.1; rv:15.0) Gecko/20100101 Firefox/15.0.1"
84.190.68.110 - - [08/Oct/2012:11:18:10 +0200] "GET /favicon.ico HTTP/1.1" 404 1256 "-" "Mozilla/5.0 (Windows NT 6.1; rv:15.0) Gecko/20100101 Firefox/15.0.1"
84.190.68.110 - - [08/Oct/2012:11:18:13 +0200] "GET /ud.html HTTP/1.1" 200 685 "http://www.gis-bau.de/info.html" "Mozilla/5.0 (Windows NT 6.1; rv:15.0) Gecko/20100101 Firefox/15.0.1"
84.190.68.110 - - [08/Oct/2012:11:18:13 +0200] "GET /picture/under.gif HTTP/1.1" 200 5595 "http://www.gis-bau.de/ud.html" "Mozilla/5.0 (Windows NT 6.1; rv:15.0) Gecko/20100101 Firefox/15.0.1"
84.190.68.110 - - [08/Oct/2012:11:18:16 +0200] "GET /leistung.html HTTP/1.1" 200 1149 "http://www.gis-bau.de/info.html" "Mozilla/5.0 (Windows NT 6.1; rv:15.0) Gecko/20100101 Firefox/15.0.1"
84.190.68.110 - - [08/Oct/2012:11:18:16 +0200] "GET /picture/baupics/image1.jpg HTTP/1.1" 200 32752 "http://www.gis-bau.de/leistung.html" "Mozilla/5.0 (Windows NT 6.1; rv:15.0) Gecko/20100101 Firefox/15.0.1"
84.190.68.110 - - [08/Oct/2012:11:18:16 +0200] "GET /picture/baupics/image2.jpg HTTP/1.1" 200 40346 "http://www.gis-bau.de/leistung.html" "Mozilla/5.0 (Windows NT 6.1; rv:15.0) Gecko/20100101 Firefox/15.0.1"
84.190.68.110 - - [08/Oct/2012:11:18:21 +0200] "GET /kontakt.html HTTP/1.1" 200 1753 "http://www.gis-bau.de/info.html" "Mozilla/5.0 (Windows NT 6.1; rv:15.0) Gecko/20100101 Firefox/15.0.1"
54.242.47.159 - - [08/Oct/2012:17:36:40 +0200] "GET / HTTP/1.0" 200 1137 "-" "Mozilla/5.0 (compatible; NetcraftSurveyAgent/1.0; +info@netcraft.com)"
178.154.179.250 - - [09/Oct/2012:06:51:50 +0200] "GET /robots.txt HTTP/1.1" 404 1256 "-" "Mozilla/5.0 (compatible; YandexBot/3.0; +http://yandex.com/bots)"
157.55.35.113 - - [09/Oct/2012:11:33:04 +0200] "GET /robots.txt HTTP/1.1" 404 1256 "-" "Mozilla/5.0 (compatible; bingbot/2.0; +http://www.bing.com/bingbot.htm)"
157.55.35.113 - - [09/Oct/2012:11:53:11 +0200] "GET / HTTP/1.1" 200 1137 "-" "Mozilla/5.0 (compatible; bingbot/2.0; +http://www.bing.com/bingbot.htm)"
178.154.179.250 - - [09/Oct/2012:15:50:30 +0200] "GET / HTTP/1.1" 200 1137 "-" "Mozilla/5.0 (compatible; YandexBot/3.0; +http://yandex.com/bots)"
37.140.141.34 - - [09/Oct/2012:19:01:45 +0200] "GET /robots.txt HTTP/1.1" 404 1256 "-" "Mozilla/5.0 (compatible; YandexImages/3.0; +http://yandex.com/bots)"
37.140.141.34 - - [10/Oct/2012:09:35:44 +0200] "GET /picture/gis-bau.jpg HTTP/1.1" 200 9275 "-" "Mozilla/5.0 (compatible; YandexImages/3.0; +http://yandex.com/bots)"
64.246.165.150 - - [11/Oct/2012:03:32:57 +0200] "GET /robots.txt HTTP/1.0" 404 1256 "-" "Mozilla/5.0 (Windows; U; Windows NT 5.1; en; rv:1.9.0.13) Gecko/2009073022 Firefox/3.5.2 (.NET CLR 3.5.30729) SurveyBot/2.3 (DomainTools)"
64.246.165.150 - - [11/Oct/2012:03:32:57 +0200] "GET / HTTP/1.1" 200 1137 "http://whois.domaintools.com/gis-bau.de" "Mozilla/5.0 (Windows; U; Windows NT 5.1; en; rv:1.9.0.13) Gecko/2009073022 Firefox/3.5.2 (.NET CLR 3.5.30729) SurveyBot/2.3 (DomainTools)"
37.140.141.34 - - [12/Oct/2012:10:05:43 +0200] "GET /robots.txt HTTP/1.1" 404 1256 "-" "Mozilla/5.0 (compatible; YandexImages/3.0; +http://yandex.com/bots)"
157.55.33.248 - - [12/Oct/2012:13:11:56 +0200] "GET /robots.txt HTTP/1.1" 404 1256 "-" "Mozilla/5.0 (compatible; bingbot/2.0; +http://www.bing.com/bingbot.htm)"
157.55.33.248 - - [12/Oct/2012:13:12:47 +0200] "GET /info.html HTTP/1.1" 200 1015 "-" "Mozilla/5.0 (compatible; bingbot/2.0; +http://www.bing.com/bingbot.htm)"
37.140.141.34 - - [12/Oct/2012:14:11:54 +0200] "GET /picture/gis-bau.jpg HTTP/1.1" 200 9275 "-" "Mozilla/5.0 (compatible; YandexImages/3.0; +http://yandex.com/bots)"
157.55.35.90 - - [14/Oct/2012:07:17:49 +0200] "GET /robots.txt HTTP/1.1" 404 1256 "-" "Mozilla/5.0 (compatible; bingbot/2.0; +http://www.bing.com/bingbot.htm)"
84.172.247.189 - - [14/Oct/2012:07:18:58 +0200] "GET / HTTP/1.1" 200 1137 "-" "Mozilla/5.0 (Windows NT 6.1; WOW64; rv:16.0) Gecko/20100101 Firefox/16.0"
84.172.247.189 - - [14/Oct/2012:07:18:58 +0200] "GET /picture/gis-bau.jpg HTTP/1.1" 200 9275 "http://www.gis-bau.de/" "Mozilla/5.0 (Windows NT 6.1; WOW64; rv:16.0) Gecko/20100101 Firefox/16.0"
84.172.247.189 - - [14/Oct/2012:07:18:58 +0200] "GET /picture/back.gif HTTP/1.1" 404 1256 "http://www.gis-bau.de/" "Mozilla/5.0 (Windows NT 6.1; WOW64; rv:16.0) Gecko/20100101 Firefox/16.0"
84.172.247.189 - - [14/Oct/2012:07:18:58 +0200] "GET /favicon.ico HTTP/1.1" 404 1256 "-" "Mozilla/5.0 (Windows NT 6.1; WOW64; rv:16.0) Gecko/20100101 Firefox/16.0"
157.55.35.90 - - [14/Oct/2012:07:25:37 +0200] "GET / HTTP/1.1" 304 - "-" "Mozilla/5.0 (compatible; bingbot/2.0; +http://www.bing.com/bingbot.htm)"
74.52.245.146 - - [14/Oct/2012:17:38:15 +0200] "GET / HTTP/1.0" 200 1137 "-" "Mozilla/5.0 (X11; U; Linux i686; en-US; rv:1.7.5) Gecko/20041107 Firefox/1.0"
66.249.76.54 - - [14/Oct/2012:19:30:14 +0200] "GET /robots.txt HTTP/1.1" 404 1256 "-" "Mozilla/5.0 (compatible; Googlebot/2.1; +http://www.google.com/bot.html)"
66.249.76.54 - - [14/Oct/2012:19:30:14 +0200] "GET /kontakt.html HTTP/1.1" 200 1753 "-" "Mozilla/5.0 (compatible; Googlebot/2.1; +http://www.google.com/bot.html)"
85.25.110.109 - - [14/Oct/2012:21:02:27 +0200] "GET /info.html HTTP/1.1" 200 1015 "-" "Mozilla/4.0 (compatible; MSIE 6.0; Windows 98; Win 9x4.90)"
37.140.141.34 - - [15/Oct/2012:11:10:02 +0200] "GET /robots.txt HTTP/1.1" 404 1256 "-" "Mozilla/5.0 (compatible; YandexImages/3.0; +http://yandex.com/bots)"
157.55.33.50 - - [15/Oct/2012:12:10:58 +0200] "GET /robots.txt HTTP/1.1" 404 1256 "-" "Mozilla/5.0 (compatible; bingbot/2.0; +http://www.bing.com/bingbot.htm)"
37.140.141.34 - - [15/Oct/2012:13:50:26 +0200] "GET /picture/gis-bau.jpg HTTP/1.1" 200 9275 "-" "Mozilla/5.0 (compatible; YandexImages/3.0; +http://yandex.com/bots)"
65.55.208.10 - - [15/Oct/2012:13:50:51 +0200] "GET /ud.html HTTP/1.1" 200 685 "-" "Mozilla/5.0 (Windows NT 6.1; WOW64) AppleWebKit/534+ (KHTML, like Gecko) BingPreview/1.0b"
157.55.33.50 - - [15/Oct/2012:13:51:31 +0200] "GET /ud.html HTTP/1.1" 304 - "-" "Mozilla/5.0 (compatible; bingbot/2.0; +http://www.bing.com/bingbot.htm)"
65.55.208.9 - - [15/Oct/2012:13:51:33 +0200] "GET /ud.html HTTP/1.1" 200 685 "-" "Mozilla/5.0 (Windows NT 6.1; WOW64) AppleWebKit/534+ (KHTML, like Gecko) BingPreview/1.0b"
66.249.76.54 - - [15/Oct/2012:23:24:45 +0200] "GET /robots.txt HTTP/1.1" 404 1256 "-" "Mozilla/5.0 (compatible; Googlebot/2.1; +http://www.google.com/bot.html)"
66.249.76.54 - - [15/Oct/2012:23:24:45 +0200] "GET / HTTP/1.1" 200 1137 "-" "Mozilla/5.0 (compatible; Googlebot/2.1; +http://www.google.com/bot.html)"
157.55.35.90 - - [16/Oct/2012:03:36:02 +0200] "GET /robots.txt HTTP/1.1" 404 1256 "-" "Mozilla/5.0 (compatible; bingbot/2.0; +http://www.bing.com/bingbot.htm)"
65.55.208.45 - - [16/Oct/2012:03:46:06 +0200] "GET /banner.html HTTP/1.1" 200 980 "-" "Mozilla/5.0 (Windows NT 6.1; WOW64) AppleWebKit/534+ (KHTML, like Gecko) BingPreview/1.0b"
157.55.35.90 - - [16/Oct/2012:03:46:59 +0200] "GET /banner.html HTTP/1.1" 304 - "-" "Mozilla/5.0 (compatible; bingbot/2.0; +http://www.bing.com/bingbot.htm)"
194.153.113.35 - - [16/Oct/2012:03:56:25 +0200] "GET / HTTP/1.1" 200 1137 "-" "Mozilla/5.0 (compatible; oBot/2.3.1; +http://filterdb.iss.net/crawler/)"
65.55.24.237 - - [16/Oct/2012:10:37:22 +0200] "GET /robots.txt HTTP/1.1" 404 1256 "-" "Mozilla/5.0 (compatible; bingbot/2.0; +http://www.bing.com/bingbot.htm)"
65.55.24.237 - - [16/Oct/2012:10:44:51 +0200] "GET /home.html HTTP/1.1" 200 977 "-" "Mozilla/5.0 (compatible; bingbot/2.0; +http://www.bing.com/bingbot.htm)"
178.154.179.250 - - [16/Oct/2012:11:02:06 +0200] "GET /robots.txt HTTP/1.1" 404 1256 "-" "Mozilla/5.0 (compatible; YandexBot/3.0; +http://yandex.com/bots)"
178.154.179.250 - - [16/Oct/2012:13:00:35 +0200] "GET / HTTP/1.1" 200 1137 "-" "Mozilla/5.0 (compatible; YandexBot/3.0; +http://yandex.com/bots)"
157.55.33.248 - - [16/Oct/2012:14:07:25 +0200] "GET /robots.txt HTTP/1.1" 404 1256 "-" "Mozilla/5.0 (compatible; bingbot/2.0; +http://www.bing.com/bingbot.htm)"
157.55.33.248 - - [16/Oct/2012:14:31:39 +0200] "GET /main.html HTTP/1.1" 200 747 "-" "Mozilla/5.0 (compatible; bingbot/2.0; +http://www.bing.com/bingbot.htm)"
157.56.93.251 - - [16/Oct/2012:14:42:46 +0200] "GET /main.html HTTP/1.1" 200 747 "-" "Mozilla/5.0 (Windows NT 6.1; WOW64) AppleWebKit/534+ (KHTML, like Gecko) BingPreview/1.0b"
157.56.93.251 - - [16/Oct/2012:14:44:00 +0200] "GET /home.html HTTP/1.1" 200 977 "-" "Mozilla/5.0 (Windows NT 6.1; WOW64) AppleWebKit/534+ (KHTML, like Gecko) BingPreview/1.0b"
157.56.93.251 - - [16/Oct/2012:14:44:22 +0200] "GET /info.html HTTP/1.1" 200 1015 "-" "Mozilla/5.0 (Windows NT 6.1; WOW64) AppleWebKit/534+ (KHTML, like Gecko) BingPreview/1.0b"
157.56.93.251 - - [16/Oct/2012:15:44:24 +0200] "GET /banner.html HTTP/1.1" 200 980 "http://www.gis-bau.de/main.html" "Mozilla/5.0 (Windows NT 6.1; WOW64) AppleWebKit/534+ (KHTML, like Gecko) BingPreview/1.0b"
66.249.76.54 - - [16/Oct/2012:18:22:07 +0200] "GET /robots.txt HTTP/1.1" 404 1256 "-" "Mozilla/5.0 (compatible; Googlebot/2.1; +http://www.google.com/bot.html)"
66.249.76.54 - - [16/Oct/2012:18:22:07 +0200] "GET /main.html HTTP/1.1" 304 - "-" "Mozilla/5.0 (compatible; Googlebot/2.1; +http://www.google.com/bot.html)"
157.55.33.248 - - [16/Oct/2012:20:22:58 +0200] "GET /robots.txt HTTP/1.1" 404 1256 "-" "Mozilla/5.0 (compatible; bingbot/2.0; +http://www.bing.com/bingbot.htm)"
157.55.33.248 - - [16/Oct/2012:20:29:10 +0200] "GET /info.html HTTP/1.1" 200 1015 "-" "Mozilla/5.0 (compatible; bingbot/2.0; +http://www.bing.com/bingbot.htm)"
66.249.76.54 - - [16/Oct/2012:22:16:42 +0200] "GET /home.html HTTP/1.1" 304 - "-" "Mozilla/5.0 (compatible; Googlebot/2.1; +http://www.google.com/bot.html)"
178.154.179.250 - - [17/Oct/2012:01:38:13 +0200] "GET / HTTP/1.1" 200 1137 "-" "Mozilla/5.0 (compatible; YandexBot/3.0; +http://yandex.com/bots)"
212.91.246.65 - - [17/Oct/2012:17:00:08 +0200] "GET / HTTP/1.1" 200 1137 "-" "Mozilla/4.0 (compatible; MSIE 8.0; Windows NT 6.1; Trident/4.0; BTRS120924; SLCC2; .NET CLR 2.0.50727; .NET CLR 3.5.30729; .NET CLR 3.0.30729; Tablet PC 2.0; InfoPath.3; .NET4.0E; .NET4.0C)"
212.91.246.65 - - [17/Oct/2012:17:00:08 +0200] "GET /picture/gis-bau.jpg HTTP/1.1" 200 9275 "http://www.gis-bau.de/" "Mozilla/4.0 (compatible; MSIE 8.0; Windows NT 6.1; Trident/4.0; BTRS120924; SLCC2; .NET CLR 2.0.50727; .NET CLR 3.5.30729; .NET CLR 3.0.30729; Tablet PC 2.0; InfoPath.3; .NET4.0E; .NET4.0C)"
212.91.246.65 - - [17/Oct/2012:17:00:08 +0200] "GET /picture/back.gif HTTP/1.1" 404 1256 "http://www.gis-bau.de/" "Mozilla/4.0 (compatible; MSIE 8.0; Windows NT 6.1; Trident/4.0; BTRS120924; SLCC2; .NET CLR 2.0.50727; .NET CLR 3.5.30729; .NET CLR 3.0.30729; Tablet PC 2.0; InfoPath.3; .NET4.0E; .NET4.0C)"
212.91.246.65 - - [17/Oct/2012:17:00:08 +0200] "GET /favicon.ico HTTP/1.1" 404 1256 "-" "Mozilla/4.0 (compatible; MSIE 8.0; Windows NT 6.1; Trident/4.0; BTRS120924; SLCC2; .NET CLR 2.0.50727; .NET CLR 3.5.30729; .NET CLR 3.0.30729; Tablet PC 2.0; InfoPath.3; .NET4.0E; .NET4.0C)"
212.91.246.65 - - [17/Oct/2012:17:00:12 +0200] "GET /main.html HTTP/1.1" 200 747 "http://www.gis-bau.de/" "Mozilla/4.0 (compatible; MSIE 8.0; Windows NT 6.1; Trident/4.0; BTRS120924; SLCC2; .NET CLR 2.0.50727; .NET CLR 3.5.30729; .NET CLR 3.0.30729; Tablet PC 2.0; InfoPath.3; .NET4.0E; .NET4.0C)"
212.91.246.65 - - [17/Oct/2012:17:00:12 +0200] "GET /banner.html HTTP/1.1" 200 980 "http://www.gis-bau.de/main.html" "Mozilla/4.0 (compatible; MSIE 8.0; Windows NT 6.1; Trident/4.0; BTRS120924; SLCC2; .NET CLR 2.0.50727; .NET CLR 3.5.30729; .NET CLR 3.0.30729; Tablet PC 2.0; InfoPath.3; .NET4.0E; .NET4.0C)"
212.91.246.65 - - [17/Oct/2012:17:00:12 +0200] "GET /info.html HTTP/1.1" 200 1015 "http://www.gis-bau.de/main.html" "Mozilla/4.0 (compatible; MSIE 8.0; Windows NT 6.1; Trident/4.0; BTRS120924; SLCC2; .NET CLR 2.0.50727; .NET CLR 3.5.30729; .NET CLR 3.0.30729; Tablet PC 2.0; InfoPath.3; .NET4.0E; .NET4.0C)"
212.91.246.65 - - [17/Oct/2012:17:00:13 +0200] "GET /home.html HTTP/1.1" 200 977 "http://www.gis-bau.de/main.html" "Mozilla/4.0 (compatible; MSIE 8.0; Windows NT 6.1; Trident/4.0; BTRS120924; SLCC2; .NET CLR 2.0.50727; .NET CLR 3.5.30729; .NET CLR 3.0.30729; Tablet PC 2.0; InfoPath.3; .NET4.0E; .NET4.0C)"
212.91.246.65 - - [17/Oct/2012:17:00:13 +0200] "GET /picture/back.gif HTTP/1.1" 404 1256 "http://www.gis-bau.de/banner.html" "Mozilla/4.0 (compatible; MSIE 8.0; Windows NT 6.1; Trident/4.0; BTRS120924; SLCC2; .NET CLR 2.0.50727; .NET CLR 3.5.30729; .NET CLR 3.0.30729; Tablet PC 2.0; InfoPath.3; .NET4.0E; .NET4.0C)"
212.91.246.65 - - [17/Oct/2012:17:00:13 +0200] "GET /picture/home.gif HTTP/1.1" 200 1107 "http://www.gis-bau.de/info.html" "Mozilla/4.0 (compatible; MSIE 8.0; Windows NT 6.1; Trident/4.0; BTRS120924; SLCC2; .NET CLR 2.0.50727; .NET CLR 3.5.30729; .NET CLR 3.0.30729; Tablet PC 2.0; InfoPath.3; .NET4.0E; .NET4.0C)"
212.91.246.65 - - [17/Oct/2012:17:00:13 +0200] "GET /picture/leistungen.gif HTTP/1.1" 200 1157 "http://www.gis-bau.de/info.html" "Mozilla/4.0 (compatible; MSIE 8.0; Windows NT 6.1; Trident/4.0; BTRS120924; SLCC2; .NET CLR 2.0.50727; .NET CLR 3.5.30729; .NET CLR 3.0.30729; Tablet PC 2.0; InfoPath.3; .NET4.0E; .NET4.0C)"
212.91.246.65 - - [17/Oct/2012:17:00:13 +0200] "GET /picture/referenzen.gif HTTP/1.1" 200 1173 "http://www.gis-bau.de/info.html" "Mozilla/4.0 (compatible; MSIE 8.0; Windows NT 6.1; Trident/4.0; BTRS120924; SLCC2; .NET CLR 2.0.50727; .NET CLR 3.5.30729; .NET CLR 3.0.30729; Tablet PC 2.0; InfoPath.3; .NET4.0E; .NET4.0C)"
212.91.246.65 - - [17/Oct/2012:17:00:13 +0200] "GET /picture/kontakt.gif HTTP/1.1" 200 1128 "http://www.gis-bau.de/info.html" "Mozilla/4.0 (compatible; MSIE 8.0; Windows NT 6.1; Trident/4.0; BTRS120924; SLCC2; .NET CLR 2.0.50727; .NET CLR 3.5.30729; .NET CLR 3.0.30729; Tablet PC 2.0; InfoPath.3; .NET4.0E; .NET4.0C)"
212.91.246.65 - - [17/Oct/2012:17:00:13 +0200] "GET /favicon.ico HTTP/1.1" 404 1256 "-" "Mozilla/4.0 (compatible; MSIE 8.0; Windows NT 6.1; Trident/4.0; BTRS120924; SLCC2; .NET CLR 2.0.50727; .NET CLR 3.5.30729; .NET CLR 3.0.30729; Tablet PC 2.0; InfoPath.3; .NET4.0E; .NET4.0C)"
212.91.246.65 - - [17/Oct/2012:17:00:19 +0200] "GET /kontakt.html HTTP/1.1" 200 1753 "http://www.gis-bau.de/info.html" "Mozilla/4.0 (compatible; MSIE 8.0; Windows NT 6.1; Trident/4.0; BTRS120924; SLCC2; .NET CLR 2.0.50727; .NET CLR 3.5.30729; .NET CLR 3.0.30729; Tablet PC 2.0; InfoPath.3; .NET4.0E; .NET4.0C)"
212.91.246.65 - - [17/Oct/2012:17:00:36 +0200] "GET /leistung.html HTTP/1.1" 200 1149 "http://www.gis-bau.de/info.html" "Mozilla/4.0 (compatible; MSIE 8.0; Windows NT 6.1; Trident/4.0; BTRS120924; SLCC2; .NET CLR 2.0.50727; .NET CLR 3.5.30729; .NET CLR 3.0.30729; Tablet PC 2.0; InfoPath.3; .NET4.0E; .NET4.0C)"
212.91.246.65 - - [17/Oct/2012:17:00:36 +0200] "GET /picture/under.gif HTTP/1.1" 200 5595 "http://www.gis-bau.de/leistung.html" "Mozilla/4.0 (compatible; MSIE 8.0; Windows NT 6.1; Trident/4.0; BTRS120924; SLCC2; .NET CLR 2.0.50727; .NET CLR 3.5.30729; .NET CLR 3.0.30729; Tablet PC 2.0; InfoPath.3; .NET4.0E; .NET4.0C)"
212.91.246.65 - - [17/Oct/2012:17:00:36 +0200] "GET /picture/baupics/image1.jpg HTTP/1.1" 200 32752 "http://www.gis-bau.de/leistung.html" "Mozilla/4.0 (compatible; MSIE 8.0; Windows NT 6.1; Trident/4.0; BTRS120924; SLCC2; .NET CLR 2.0.50727; .NET CLR 3.5.30729; .NET CLR 3.0.30729; Tablet PC 2.0; InfoPath.3; .NET4.0E; .NET4.0C)"
212.91.246.65 - - [17/Oct/2012:17:00:36 +0200] "GET /picture/baupics/image2.jpg HTTP/1.1" 200 40346 "http://www.gis-bau.de/leistung.html" "Mozilla/4.0 (compatible; MSIE 8.0; Windows NT 6.1; Trident/4.0; BTRS120924; SLCC2; .NET CLR 2.0.50727; .NET CLR 3.5.30729; .NET CLR 3.0.30729; Tablet PC 2.0; InfoPath.3; .NET4.0E; .NET4.0C)"
87.142.136.197 - - [17/Oct/2012:21:18:47 +0200] "GET / HTTP/1.1" 200 1137 "-" "Mozilla/5.0 (Windows NT 6.1; WOW64; rv:5.0) Gecko/20100101 Firefox/5.0"
87.142.136.197 - - [17/Oct/2012:21:18:47 +0200] "GET /robots.txt HTTP/1.1" 404 1256 "-" "Mozilla/5.0 (Windows NT 6.1; WOW64; rv:5.0) Gecko/20100101 Firefox/5.0"
95.108.151.244 - - [18/Oct/2012:04:55:16 +0200] "GET /robots.txt HTTP/1.1" 404 1256 "-" "Mozilla/5.0 (compatible; YandexBot/3.0; +http://yandex.com/bots)"
95.108.151.244 - - [18/Oct/2012:04:55:17 +0200] "GET / HTTP/1.1" 200 1137 "-" "Mozilla/5.0 (compatible; YandexBot/3.0; +http://yandex.com/bots)"
95.108.151.244 - - [18/Oct/2012:04:55:18 +0200] "GET / HTTP/1.1" 200 1137 "-" "Mozilla/5.0 (compatible; YandexBot/3.0; +http://yandex.com/bots)"
157.55.33.248 - - [18/Oct/2012:09:40:13 +0200] "GET /robots.txt HTTP/1.1" 404 1256 "-" "Mozilla/5.0 (compatible; bingbot/2.0; +http://www.bing.com/bingbot.htm)"
157.55.33.248 - - [18/Oct/2012:09:41:22 +0200] "GET /info.html HTTP/1.1" 304 - "-" "Mozilla/5.0 (compatible; bingbot/2.0; +http://www.bing.com/bingbot.htm)"
157.56.93.212 - - [18/Oct/2012:09:41:23 +0200] "GET /info.html HTTP/1.1" 200 1015 "-" "Mozilla/5.0 (Windows NT 6.1; WOW64) AppleWebKit/534+ (KHTML, like Gecko) BingPreview/1.0b"
95.108.151.244 - - [19/Oct/2012:05:29:59 +0200] "GET /robots.txt HTTP/1.1" 404 1256 "-" "Mozilla/5.0 (compatible; YandexBot/3.0; +http://yandex.com/bots)"
95.108.151.244 - - [19/Oct/2012:05:30:00 +0200] "GET / HTTP/1.1" 200 1137 "-" "Mozilla/5.0 (compatible; YandexBot/3.0; +http://yandex.com/bots)"
95.108.151.244 - - [19/Oct/2012:05:30:01 +0200] "GET / HTTP/1.1" 200 1137 "-" "Mozilla/5.0 (compatible; YandexBot/3.0; +http://yandex.com/bots)"
178.154.179.250 - - [19/Oct/2012:22:03:24 +0200] "GET /robots.txt HTTP/1.1" 404 1256 "-" "Mozilla/5.0 (compatible; YandexBot/3.0; +http://yandex.com/bots)"
178.154.179.250 - - [20/Oct/2012:00:55:26 +0200] "GET / HTTP/1.1" 200 1137 "-" "Mozilla/5.0 (compatible; YandexBot/3.0; +http://yandex.com/bots)"
178.154.179.250 - - [20/Oct/2012:03:02:32 +0200] "GET /kontakt.html HTTP/1.1" 200 1753 "-" "Mozilla/5.0 (compatible; YandexBot/3.0; +http://yandex.com/bots)"
65.55.24.237 - - [20/Oct/2012:04:07:29 +0200] "GET /robots.txt HTTP/1.1" 404 1256 "-" "Mozilla/5.0 (compatible; bingbot/2.0; +http://www.bing.com/bingbot.htm)"
65.55.24.237 - - [20/Oct/2012:04:41:54 +0200] "GET /home.html HTTP/1.1" 304 - "-" "Mozilla/5.0 (compatible; bingbot/2.0; +http://www.bing.com/bingbot.htm)"
207.46.199.24 - - [20/Oct/2012:04:41:56 +0200] "GET /home.html HTTP/1.1" 200 977 "-" "Mozilla/5.0 (Windows NT 6.1; WOW64) AppleWebKit/534+ (KHTML, like Gecko) BingPreview/1.0b"
178.154.179.250 - - [20/Oct/2012:05:17:59 +0200] "GET /leistung.html HTTP/1.1" 200 1149 "-" "Mozilla/5.0 (compatible; YandexBot/3.0; +http://yandex.com/bots)"
65.55.24.237 - - [20/Oct/2012:05:28:08 +0200] "GET /robots.txt HTTP/1.1" 404 1256 "-" "Mozilla/5.0 (compatible; bingbot/2.0; +http://www.bing.com/bingbot.htm)"
65.55.24.237 - - [20/Oct/2012:05:57:18 +0200] "GET /home.html HTTP/1.1" 304 - "-" "Mozilla/5.0 (compatible; bingbot/2.0; +http://www.bing.com/bingbot.htm)"
65.55.208.19 - - [20/Oct/2012:05:57:25 +0200] "GET /home.html HTTP/1.1" 200 977 "-" "Mozilla/5.0 (Windows NT 6.1; WOW64) AppleWebKit/534+ (KHTML, like Gecko) BingPreview/1.0b"
178.154.179.250 - - [20/Oct/2012:07:08:46 +0200] "GET /ud.html HTTP/1.1" 200 685 "-" "Mozilla/5.0 (compatible; YandexBot/3.0; +http://yandex.com/bots)"
178.154.179.250 - - [20/Oct/2012:19:37:27 +0200] "GET / HTTP/1.1" 200 1137 "-" "Mozilla/5.0 (compatible; YandexBot/3.0; +http://yandex.com/bots)"
37.140.141.34 - - [21/Oct/2012:10:12:57 +0200] "GET /robots.txt HTTP/1.1" 404 1256 "-" "Mozilla/5.0 (compatible; YandexImages/3.0; +http://yandex.com/bots)"
84.190.9.211 - - [21/Oct/2012:21:39:17 +0200] "GET / HTTP/1.1" 304 - "-" "Mozilla/4.0 (compatible; MSIE 6.0; Windows NT 5.1; SV1; .NET CLR 1.1.4322; .NET CLR 2.0.50727; .NET CLR 3.0.4506.2152; .NET CLR 3.5.30729)"
84.190.9.211 - - [21/Oct/2012:21:39:18 +0200] "GET /picture/back.gif HTTP/1.1" 404 1256 "http://www.gis-bau.de/" "Mozilla/4.0 (compatible; MSIE 6.0; Windows NT 5.1; SV1; .NET CLR 1.1.4322; .NET CLR 2.0.50727; .NET CLR 3.0.4506.2152; .NET CLR 3.5.30729)"
84.190.9.211 - - [21/Oct/2012:21:39:18 +0200] "GET /picture/gis-bau.jpg HTTP/1.1" 200 9275 "http://www.gis-bau.de/" "Mozilla/4.0 (compatible; MSIE 6.0; Windows NT 5.1; SV1; .NET CLR 1.1.4322; .NET CLR 2.0.50727; .NET CLR 3.0.4506.2152; .NET CLR 3.5.30729)"
37.140.141.34 - - [21/Oct/2012:22:19:12 +0200] "GET /picture/gis-bau.jpg HTTP/1.1" 200 9275 "-" "Mozilla/5.0 (compatible; YandexImages/3.0; +http://yandex.com/bots)"
65.55.24.237 - - [22/Oct/2012:06:17:22 +0200] "GET /robots.txt HTTP/1.1" 404 1256 "-" "Mozilla/5.0 (compatible; bingbot/2.0; +http://www.bing.com/bingbot.htm)"
65.55.24.237 - - [22/Oct/2012:06:30:28 +0200] "GET /kontakt.html HTTP/1.1" 304 - "-" "Mozilla/5.0 (compatible; bingbot/2.0; +http://www.bing.com/bingbot.htm)"
80.153.81.49 - - [22/Oct/2012:12:17:14 +0200] "GET / HTTP/1.1" 200 1137 "-" "Mozilla/4.0 (compatible; MSIE 8.0; Windows NT 5.1; Trident/4.0; .NET CLR 1.1.4322; .NET CLR 2.0.50727; .NET CLR 3.0.4506.2152; .NET CLR 3.5.30729; .NET4.0C; OfficeLiveConnector.1.5; OfficeLivePatch.1.3)"
80.153.81.49 - - [22/Oct/2012:12:17:14 +0200] "GET /picture/back.gif HTTP/1.1" 404 1256 "http://www.gis-bau.de/" "Mozilla/4.0 (compatible; MSIE 8.0; Windows NT 5.1; Trident/4.0; .NET CLR 1.1.4322; .NET CLR 2.0.50727; .NET CLR 3.0.4506.2152; .NET CLR 3.5.30729; .NET4.0C; OfficeLiveConnector.1.5; OfficeLivePatch.1.3)"
80.153.81.49 - - [22/Oct/2012:12:17:14 +0200] "GET /picture/gis-bau.jpg HTTP/1.1" 200 9275 "http://www.gis-bau.de/" "Mozilla/4.0 (compatible; MSIE 8.0; Windows NT 5.1; Trident/4.0; .NET CLR 1.1.4322; .NET CLR 2.0.50727; .NET CLR 3.0.4506.2152; .NET CLR 3.5.30729; .NET4.0C; OfficeLiveConnector.1.5; OfficeLivePatch.1.3)"
80.153.81.49 - - [22/Oct/2012:12:17:14 +0200] "GET /favicon.ico HTTP/1.1" 404 1256 "-" "Mozilla/4.0 (compatible; MSIE 8.0; Windows NT 5.1; Trident/4.0; .NET CLR 1.1.4322; .NET CLR 2.0.50727; .NET CLR 3.0.4506.2152; .NET CLR 3.5.30729; .NET4.0C; OfficeLiveConnector.1.5; OfficeLivePatch.1.3)"
80.153.81.49 - - [22/Oct/2012:12:17:40 +0200] "GET /main.html HTTP/1.1" 200 747 "http://www.gis-bau.de/" "Mozilla/4.0 (compatible; MSIE 8.0; Windows NT 5.1; Trident/4.0; .NET CLR 1.1.4322; .NET CLR 2.0.50727; .NET CLR 3.0.4506.2152; .NET CLR 3.5.30729; .NET4.0C; OfficeLiveConnector.1.5; OfficeLivePatch.1.3)"
80.153.81.49 - - [22/Oct/2012:12:17:41 +0200] "GET /banner.html HTTP/1.1" 200 980 "http://www.gis-bau.de/main.html" "Mozilla/4.0 (compatible; MSIE 8.0; Windows NT 5.1; Trident/4.0; .NET CLR 1.1.4322; .NET CLR 2.0.50727; .NET CLR 3.0.4506.2152; .NET CLR 3.5.30729; .NET4.0C; OfficeLiveConnector.1.5; OfficeLivePatch.1.3)"
80.153.81.49 - - [22/Oct/2012:12:17:41 +0200] "GET /info.html HTTP/1.1" 200 1015 "http://www.gis-bau.de/main.html" "Mozilla/4.0 (compatible; MSIE 8.0; Windows NT 5.1; Trident/4.0; .NET CLR 1.1.4322; .NET CLR 2.0.50727; .NET CLR 3.0.4506.2152; .NET CLR 3.5.30729; .NET4.0C; OfficeLiveConnector.1.5; OfficeLivePatch.1.3)"
80.153.81.49 - - [22/Oct/2012:12:17:41 +0200] "GET /picture/back.gif HTTP/1.1" 404 1256 "http://www.gis-bau.de/banner.html" "Mozilla/4.0 (compatible; MSIE 8.0; Windows NT 5.1; Trident/4.0; .NET CLR 1.1.4322; .NET CLR 2.0.50727; .NET CLR 3.0.4506.2152; .NET CLR 3.5.30729; .NET4.0C; OfficeLiveConnector.1.5; OfficeLivePatch.1.3)"
80.153.81.49 - - [22/Oct/2012:12:17:41 +0200] "GET /picture/kontakt.gif HTTP/1.1" 200 1128 "http://www.gis-bau.de/info.html" "Mozilla/4.0 (compatible; MSIE 8.0; Windows NT 5.1; Trident/4.0; .NET CLR 1.1.4322; .NET CLR 2.0.50727; .NET CLR 3.0.4506.2152; .NET CLR 3.5.30729; .NET4.0C; OfficeLiveConnector.1.5; OfficeLivePatch.1.3)"
80.153.81.49 - - [22/Oct/2012:12:17:41 +0200] "GET /picture/referenzen.gif HTTP/1.1" 200 1173 "http://www.gis-bau.de/info.html" "Mozilla/4.0 (compatible; MSIE 8.0; Windows NT 5.1; Trident/4.0; .NET CLR 1.1.4322; .NET CLR 2.0.50727; .NET CLR 3.0.4506.2152; .NET CLR 3.5.30729; .NET4.0C; OfficeLiveConnector.1.5; OfficeLivePatch.1.3)"
80.153.81.49 - - [22/Oct/2012:12:17:41 +0200] "GET /picture/leistungen.gif HTTP/1.1" 200 1157 "http://www.gis-bau.de/info.html" "Mozilla/4.0 (compatible; MSIE 8.0; Windows NT 5.1; Trident/4.0; .NET CLR 1.1.4322; .NET CLR 2.0.50727; .NET CLR 3.0.4506.2152; .NET CLR 3.5.30729; .NET4.0C; OfficeLiveConnector.1.5; OfficeLivePatch.1.3)"
80.153.81.49 - - [22/Oct/2012:12:17:41 +0200] "GET /home.html HTTP/1.1" 200 977 "http://www.gis-bau.de/main.html" "Mozilla/4.0 (compatible; MSIE 8.0; Windows NT 5.1; Trident/4.0; .NET CLR 1.1.4322; .NET CLR 2.0.50727; .NET CLR 3.0.4506.2152; .NET CLR 3.5.30729; .NET4.0C; OfficeLiveConnector.1.5; OfficeLivePatch.1.3)"
80.153.81.49 - - [22/Oct/2012:12:17:41 +0200] "GET /picture/home.gif HTTP/1.1" 200 1107 "http://www.gis-bau.de/info.html" "Mozilla/4.0 (compatible; MSIE 8.0; Windows NT 5.1; Trident/4.0; .NET CLR 1.1.4322; .NET CLR 2.0.50727; .NET CLR 3.0.4506.2152; .NET CLR 3.5.30729; .NET4.0C; OfficeLiveConnector.1.5; OfficeLivePatch.1.3)"
80.153.81.49 - - [22/Oct/2012:12:17:41 +0200] "GET /favicon.ico HTTP/1.1" 404 1256 "-" "Mozilla/4.0 (compatible; MSIE 8.0; Windows NT 5.1; Trident/4.0; .NET CLR 1.1.4322; .NET CLR 2.0.50727; .NET CLR 3.0.4506.2152; .NET CLR 3.5.30729; .NET4.0C; OfficeLiveConnector.1.5; OfficeLivePatch.1.3)"
212.29.42.4 - - [22/Oct/2012:13:32:57 +0200] "GET / HTTP/1.1" 200 1137 "-" "Mozilla/4.0 (compatible; MSIE 7.0; Windows NT 5.1; .NET CLR 1.1.4322; .NET CLR 2.0.50727; .NET CLR 3.0.04506.30; .NET CLR 3.0.4506.2152; .NET CLR 3.5.30729; .NET4.0C; .NET4.0E)"
212.29.42.4 - - [22/Oct/2012:13:32:57 +0200] "GET /picture/back.gif HTTP/1.1" 404 1256 "http://www.gis-bau.de/" "Mozilla/4.0 (compatible; MSIE 7.0; Windows NT 5.1; .NET CLR 1.1.4322; .NET CLR 2.0.50727; .NET CLR 3.0.04506.30; .NET CLR 3.0.4506.2152; .NET CLR 3.5.30729; .NET4.0C; .NET4.0E)"
212.29.42.4 - - [22/Oct/2012:13:32:57 +0200] "GET /picture/gis-bau.jpg HTTP/1.1" 200 9275 "http://www.gis-bau.de/" "Mozilla/4.0 (compatible; MSIE 7.0; Windows NT 5.1; .NET CLR 1.1.4322; .NET CLR 2.0.50727; .NET CLR 3.0.04506.30; .NET CLR 3.0.4506.2152; .NET CLR 3.5.30729; .NET4.0C; .NET4.0E)"
212.29.42.4 - - [22/Oct/2012:13:32:57 +0200] "GET /favicon.ico HTTP/1.1" 404 1256 "-" "Mozilla/4.0 (compatible; MSIE 7.0; Windows NT 5.1; .NET CLR 1.1.4322; .NET CLR 2.0.50727; .NET CLR 3.0.04506.30; .NET CLR 3.0.4506.2152; .NET CLR 3.5.30729; .NET4.0C; .NET4.0E)"
212.29.42.4 - - [22/Oct/2012:16:30:02 +0200] "GET / HTTP/1.1" 304 - "-" "Mozilla/4.0 (compatible; MSIE 7.0; Windows NT 5.1; .NET CLR 1.1.4322; .NET CLR 2.0.50727; .NET CLR 3.0.04506.30; .NET CLR 3.0.4506.2152; .NET CLR 3.5.30729; .NET4.0C; .NET4.0E)"
212.29.42.4 - - [22/Oct/2012:16:30:02 +0200] "GET /picture/back.gif HTTP/1.1" 404 1256 "http://www.gis-bau.de/" "Mozilla/4.0 (compatible; MSIE 7.0; Windows NT 5.1; .NET CLR 1.1.4322; .NET CLR 2.0.50727; .NET CLR 3.0.04506.30; .NET CLR 3.0.4506.2152; .NET CLR 3.5.30729; .NET4.0C; .NET4.0E)"
212.29.42.4 - - [22/Oct/2012:16:30:02 +0200] "GET /picture/gis-bau.jpg HTTP/1.1" 304 - "http://www.gis-bau.de/" "Mozilla/4.0 (compatible; MSIE 7.0; Windows NT 5.1; .NET CLR 1.1.4322; .NET CLR 2.0.50727; .NET CLR 3.0.04506.30; .NET CLR 3.0.4506.2152; .NET CLR 3.5.30729; .NET4.0C; .NET4.0E)"
66.249.73.20 - - [22/Oct/2012:19:01:19 +0200] "GET /robots.txt HTTP/1.1" 404 1256 "-" "Mozilla/5.0 (compatible; Googlebot/2.1; +http://www.google.com/bot.html)"
66.249.73.20 - - [22/Oct/2012:19:01:20 +0200] "GET /kontakt.html HTTP/1.1" 304 - "-" "Mozilla/5.0 (compatible; Googlebot/2.1; +http://www.google.com/bot.html)"
84.190.16.228 - - [22/Oct/2012:19:48:24 +0200] "GET / HTTP/1.1" 304 - "-" "Mozilla/4.0 (compatible; MSIE 6.0; Windows NT 5.1; SV1; .NET CLR 1.1.4322; .NET CLR 2.0.50727; .NET CLR 3.0.4506.2152; .NET CLR 3.5.30729)"
84.190.16.228 - - [22/Oct/2012:19:48:39 +0200] "GET /picture/back.gif HTTP/1.1" 404 1256 "http://www.gis-bau.de/" "Mozilla/4.0 (compatible; MSIE 6.0; Windows NT 5.1; SV1; .NET CLR 1.1.4322; .NET CLR 2.0.50727; .NET CLR 3.0.4506.2152; .NET CLR 3.5.30729)"
84.190.16.228 - - [22/Oct/2012:19:48:39 +0200] "GET /picture/gis-bau.jpg HTTP/1.1" 304 - "http://www.gis-bau.de/" "Mozilla/4.0 (compatible; MSIE 6.0; Windows NT 5.1; SV1; .NET CLR 1.1.4322; .NET CLR 2.0.50727; .NET CLR 3.0.4506.2152; .NET CLR 3.5.30729)"
66.249.73.20 - - [22/Oct/2012:20:19:23 +0200] "GET /kontakt.html HTTP/1.1" 304 - "-" "Mozilla/5.0 (compatible; Googlebot/2.1; +http://www.google.com/bot.html)"
66.249.73.20 - - [22/Oct/2012:20:23:07 +0200] "GET /leistung.html HTTP/1.1" 304 - "-" "Mozilla/5.0 (compatible; Googlebot/2.1; +http://www.google.com/bot.html)"
66.249.73.20 - - [22/Oct/2012:22:39:14 +0200] "GET /main.html HTTP/1.1" 304 - "-" "Mozilla/5.0 (compatible; Googlebot/2.1; +http://www.google.com/bot.html)"
64.246.165.150 - - [23/Oct/2012:11:42:56 +0200] "GET /robots.txt HTTP/1.0" 404 1256 "-" "Mozilla/5.0 (Windows; U; Windows NT 5.1; en; rv:1.9.0.13) Gecko/2009073022 Firefox/3.5.2 (.NET CLR 3.5.30729) SurveyBot/2.3 (DomainTools)"
64.246.165.150 - - [23/Oct/2012:11:42:56 +0200] "GET / HTTP/1.1" 200 1137 "http://whois.domaintools.com/gis-bau.de" "Mozilla/5.0 (Windows; U; Windows NT 5.1; en; rv:1.9.0.13) Gecko/2009073022 Firefox/3.5.2 (.NET CLR 3.5.30729) SurveyBot/2.3 (DomainTools)"
84.190.14.221 - - [23/Oct/2012:19:43:30 +0200] "GET / HTTP/1.1" 304 - "-" "Mozilla/4.0 (compatible; MSIE 6.0; Windows NT 5.1; SV1; .NET CLR 1.1.4322; .NET CLR 2.0.50727; .NET CLR 3.0.4506.2152; .NET CLR 3.5.30729)"
84.190.14.221 - - [23/Oct/2012:19:43:30 +0200] "GET / HTTP/1.1" 304 - "-" "Mozilla/4.0 (compatible; MSIE 6.0; Windows NT 5.1; SV1; .NET CLR 1.1.4322; .NET CLR 2.0.50727; .NET CLR 3.0.4506.2152; .NET CLR 3.5.30729)"
84.190.14.221 - - [23/Oct/2012:19:43:31 +0200] "GET /picture/back.gif HTTP/1.1" 404 1256 "http://www.gis-bau.de/" "Mozilla/4.0 (compatible; MSIE 6.0; Windows NT 5.1; SV1; .NET CLR 1.1.4322; .NET CLR 2.0.50727; .NET CLR 3.0.4506.2152; .NET CLR 3.5.30729)"
84.190.14.221 - - [23/Oct/2012:19:43:31 +0200] "GET /picture/back.gif HTTP/1.1" 404 1256 "http://www.gis-bau.de/" "Mozilla/4.0 (compatible; MSIE 6.0; Windows NT 5.1; SV1; .NET CLR 1.1.4322; .NET CLR 2.0.50727; .NET CLR 3.0.4506.2152; .NET CLR 3.5.30729)"
84.190.14.221 - - [23/Oct/2012:19:43:31 +0200] "GET /picture/gis-bau.jpg HTTP/1.1" 304 - "http://www.gis-bau.de/" "Mozilla/4.0 (compatible; MSIE 6.0; Windows NT 5.1; SV1; .NET CLR 1.1.4322; .NET CLR 2.0.50727; .NET CLR 3.0.4506.2152; .NET CLR 3.5.30729)"
84.190.14.221 - - [23/Oct/2012:19:43:31 +0200] "GET /picture/gis-bau.jpg HTTP/1.1" 304 - "http://www.gis-bau.de/" "Mozilla/4.0 (compatible; MSIE 6.0; Windows NT 5.1; SV1; .NET CLR 1.1.4322; .NET CLR 2.0.50727; .NET CLR 3.0.4506.2152; .NET CLR 3.5.30729)"
178.154.179.250 - - [23/Oct/2012:21:05:55 +0200] "GET /robots.txt HTTP/1.1" 404 1256 "-" "Mozilla/5.0 (compatible; YandexBot/3.0; +http://yandex.com/bots)"
188.165.195.156 - - [23/Oct/2012:23:02:49 +0200] "HEAD / HTTP/1.1" 200 - "-" "Mozilla/4.0 (compatible; MSIE 5.01; Windows NT 5.0)"
178.154.179.250 - - [24/Oct/2012:04:00:18 +0200] "GET / HTTP/1.1" 200 1137 "-" "Mozilla/5.0 (compatible; YandexBot/3.0; +http://yandex.com/bots)"
157.55.32.93 - - [25/Oct/2012:09:08:04 +0200] "GET /robots.txt HTTP/1.1" 404 1256 "-" "Mozilla/5.0 (compatible; bingbot/2.0; +http://www.bing.com/bingbot.htm)"
157.55.32.93 - - [25/Oct/2012:09:13:13 +0200] "GET /leistung.html HTTP/1.1" 304 - "-" "Mozilla/5.0 (compatible; bingbot/2.0; +http://www.bing.com/bingbot.htm)"
65.55.208.87 - - [25/Oct/2012:09:13:13 +0200] "GET /leistung.html HTTP/1.1" 200 1149 "-" "Mozilla/5.0 (Windows NT 6.1; WOW64) AppleWebKit/534+ (KHTML, like Gecko) BingPreview/1.0b"
65.55.208.87 - - [25/Oct/2012:09:14:02 +0200] "GET /leistung.html HTTP/1.1" 200 1149 "-" "Mozilla/5.0 (Windows NT 6.1; WOW64) AppleWebKit/534+ (KHTML, like Gecko) BingPreview/1.0b"
178.154.179.250 - - [27/Oct/2012:04:00:11 +0200] "GET /robots.txt HTTP/1.1" 404 1256 "-" "Mozilla/5.0 (compatible; YandexBot/3.0; +http://yandex.com/bots)"
178.154.179.250 - - [27/Oct/2012:12:28:44 +0200] "GET / HTTP/1.1" 200 1137 "-" "Mozilla/5.0 (compatible; YandexBot/3.0; +http://yandex.com/bots)"
65.55.24.243 - - [27/Oct/2012:17:31:09 +0200] "GET /robots.txt HTTP/1.1" 404 1256 "-" "Mozilla/5.0 (compatible; bingbot/2.0; +http://www.bing.com/bingbot.htm)"
65.55.24.243 - - [27/Oct/2012:17:53:57 +0200] "GET /info.html HTTP/1.1" 200 1015 "-" "Mozilla/5.0 (compatible; bingbot/2.0; +http://www.bing.com/bingbot.htm)"
66.249.71.19 - - [27/Oct/2012:21:56:43 +0200] "GET /robots.txt HTTP/1.1" 404 1256 "-" "Mozilla/5.0 (compatible; Googlebot/2.1; +http://www.google.com/bot.html)"
66.249.71.19 - - [27/Oct/2012:21:56:43 +0200] "GET / HTTP/1.1" 200 1137 "-" "Mozilla/5.0 (compatible; Googlebot/2.1; +http://www.google.com/bot.html)"
65.55.211.177 - - [28/Oct/2012:09:24:48 +0100] "GET /robots.txt HTTP/1.1" 404 1256 "-" "msnbot-media/1.1 (+http://search.msn.com/msnbot.htm)"
65.55.211.177 - - [28/Oct/2012:09:24:48 +0100] "GET /picture/baupics/image1.jpg HTTP/1.1" 200 32752 "-" "msnbot-media/1.1 (+http://search.msn.com/msnbot.htm)"
207.46.194.65 - - [28/Oct/2012:11:11:41 +0100] "GET /robots.txt HTTP/1.1" 404 1256 "-" "msnbot-media/1.1 (+http://search.msn.com/msnbot.htm)"
207.46.194.65 - - [28/Oct/2012:11:11:41 +0100] "GET /picture/baupics/image2.jpg HTTP/1.1" 200 40346 "-" "msnbot-media/1.1 (+http://search.msn.com/msnbot.htm)"
65.55.211.177 - - [28/Oct/2012:13:30:49 +0100] "GET /robots.txt HTTP/1.1" 404 1256 "-" "msnbot-media/1.1 (+http://search.msn.com/msnbot.htm)"
65.55.211.177 - - [28/Oct/2012:13:30:49 +0100] "GET /picture/baupics/image1.jpg HTTP/1.1" 200 32752 "-" "msnbot-media/1.1 (+http://search.msn.com/msnbot.htm)"