87.159.142.148 - - [16/Jul/2008:18:02:10 +0200] "GET /kinderland/images-inhalt/inhalt_r21_c2.gif HTTP/1.1" 200 93 "http://www.awo-kv-bernau.de/kinderland/inhalt.htm" "Mozilla/4.0 (compatible; MSIE 6.0; Windows NT 5.1; SV1; .NET CLR 1.1.4322; .NET CLR 2.0.50727)"
87.159.142.148 - - [16/Jul/2008:18:02:10 +0200] "GET /kinderland/images-inhalt/inhalt_r22_c2.gif HTTP/1.1" 200 502 "http://www.awo-kv-bernau.de/kinderland/inhalt.htm" "Mozilla/4.0 (compatible; MSIE 6.0; Windows NT 5.1; SV1; .NET CLR 1.1.4322; .NET CLR 2.0.50727)"
87.159.142.148 - - [16/Jul/2008:18:02:10 +0200] "GET /kinderland/images-inhalt/inhalt_r4_c3_f2.gif HTTP/1.1" 200 604 "http://www.awo-kv-bernau.de/kinderland/inhalt.htm" "Mozilla/4.0 (compatible; MSIE 6.0; Windows NT 5.1; SV1; .NET CLR 1.1.4322; .NET CLR 2.0.50727)"
87.159.142.148 - - [16/Jul/2008:18:02:10 +0200] "GET /kinderland/images-inhalt/inhalt_r2_c2_f2.gif HTTP/1.1" 200 561 "http://www.awo-kv-bernau.de/kinderland/inhalt.htm" "Mozilla/4.0 (compatible; MSIE 6.0; Windows NT 5.1; SV1; .NET CLR 1.1.4322; .NET CLR 2.0.50727)"
87.159.142.148 - - [16/Jul/2008:18:02:10 +0200] "GET /kinderland/images-inhalt/inhalt_r6_c2_f2.gif HTTP/1.1" 200 647 "http://www.awo-kv-bernau.de/kinderland/inhalt.htm" "Mozilla/4.0 (compatible; MSIE 6.0; Windows NT 5.1; SV1; .NET CLR 1.1.4322; .NET CLR 2.0.50727)"
87.159.142.148 - - [16/Jul/2008:18:02:10 +0200] "GET /kinderland/images-inhalt/inhalt_r8_c2_f2.gif HTTP/1.1" 200 652 "http://www.awo-kv-bernau.de/kinderland/inhalt.htm" "Mozilla/4.0 (compatible; MSIE 6.0; Windows NT 5.1; SV1; .NET CLR 1.1.4322; .NET CLR 2.0.50727)"
87.159.142.148 - - [16/Jul/2008:18:02:10 +0200] "GET /kinderland/images-inhalt/inhalt_r16_c2_f2.gif HTTP/1.1" 200 1722 "http://www.awo-kv-bernau.de/kinderland/inhalt.htm" "Mozilla/4.0 (compatible; MSIE 6.0; Windows NT 5.1; SV1; .NET CLR 1.1.4322; .NET CLR 2.0.50727)"
87.159.142.148 - - [16/Jul/2008:18:02:10 +0200] "GET /kinderland/images-inhalt/inhalt_r10_c2_f2.gif HTTP/1.1" 200 608 "http://www.awo-kv-bernau.de/kinderland/inhalt.htm" "Mozilla/4.0 (compatible; MSIE 6.0; Windows NT 5.1; SV1; .NET CLR 1.1.4322; .NET CLR 2.0.50727)"
87.159.142.148 - - [16/Jul/2008:18:02:10 +0200] "GET /kinderland/images-inhalt/inhalt_r12_c2_f2.gif HTTP/1.1" 200 1267 "http://www.awo-kv-bernau.de/kinderland/inhalt.htm" "Mozilla/4.0 (compatible; MSIE 6.0; Windows NT 5.1; SV1; .NET CLR 1.1.4322; .NET CLR 2.0.50727)"
87.159.142.148 - - [16/Jul/2008:18:02:10 +0200] "GET /kinderland/images-inhalt/inhalt_r14_c2_f2.gif HTTP/1.1" 200 1522 "http://www.awo-kv-bernau.de/kinderland/inhalt.htm" "Mozilla/4.0 (compatible; MSIE 6.0; Windows NT 5.1; SV1; .NET CLR 1.1.4322; .NET CLR 2.0.50727)"
87.159.142.148 - - [16/Jul/2008:18:02:10 +0200] "GET /kinderland/images-inhalt/inhalt_r18_c2_f2.gif HTTP/1.1" 200 1740 "http://www.awo-kv-bernau.de/kinderland/inhalt.htm" "Mozilla/4.0 (compatible; MSIE 6.0; Windows NT 5.1; SV1; .NET CLR 1.1.4322; .NET CLR 2.0.50727)"
87.159.142.148 - - [16/Jul/2008:18:02:10 +0200] "GET /kinderland/images-inhalt/inhalt_r22_c2_f2.gif HTTP/1.1" 200 562 "http://www.awo-kv-bernau.de/kinderland/inhalt.htm" "Mozilla/4.0 (compatible; MSIE 6.0; Windows NT 5.1; SV1; .NET CLR 1.1.4322; .NET CLR 2.0.50727)"
87.159.142.148 - - [16/Jul/2008:18:02:10 +0200] "GET /kinderland/images-inhalt/inhalt_r20_c2_f2.gif HTTP/1.1" 200 1421 "http://www.awo-kv-bernau.de/kinderland/inhalt.htm" "Mozilla/4.0 (compatible; MSIE 6.0; Windows NT 5.1; SV1; .NET CLR 1.1.4322; .NET CLR 2.0.50727)"
87.159.142.148 - - [16/Jul/2008:18:02:20 +0200] "GET /kinderland/impressum.htm HTTP/1.1" 200 980 "http://www.awo-kv-bernau.de/kinderland/inhalt.htm" "Mozilla/4.0 (compatible; MSIE 6.0; Windows NT 5.1; SV1; .NET CLR 1.1.4322; .NET CLR 2.0.50727)"
87.159.142.148 - - [16/Jul/2008:18:02:20 +0200] "GET /kinderland/images/awo-logoklein.gif HTTP/1.1" 200 2219 "http://www.awo-kv-bernau.de/kinderland/impressum.htm" "Mozilla/4.0 (compatible; MSIE 6.0; Windows NT 5.1; SV1; .NET CLR 1.1.4322; .NET CLR 2.0.50727)"
87.159.142.148 - - [16/Jul/2008:18:02:28 +0200] "GET /kita/pusteblume/pusteblume.html HTTP/1.1" 200 1207 "http://www.sozialedienste-awo.de/menu_empty.html" "Mozilla/4.0 (compatible; MSIE 6.0; Windows NT 5.1; SV1; .NET CLR 1.1.4322; .NET CLR 2.0.50727)"
87.159.142.148 - - [16/Jul/2008:18:02:28 +0200] "GET /images/awo.css HTTP/1.1" 304 - "http://www.sozialedienste-awo.de/kita/pusteblume/pusteblume.html" "Mozilla/4.0 (compatible; MSIE 6.0; Windows NT 5.1; SV1; .NET CLR 1.1.4322; .NET CLR 2.0.50727)"
87.159.142.148 - - [16/Jul/2008:18:02:28 +0200] "GET /images/bg_tab.gif HTTP/1.1" 304 - "http://www.sozialedienste-awo.de/kita/pusteblume/pusteblume.html" "Mozilla/4.0 (compatible; MSIE 6.0; Windows NT 5.1; SV1; .NET CLR 1.1.4322; .NET CLR 2.0.50727)"
87.159.142.148 - - [16/Jul/2008:18:02:28 +0200] "GET /kita/pusteblume/images_gal/pusteblume_intro.jpg HTTP/1.1" 200 128108 "http://www.sozialedienste-awo.de/kita/pusteblume/pusteblume.html" "Mozilla/4.0 (compatible; MSIE 6.0; Windows NT 5.1; SV1; .NET CLR 1.1.4322; .NET CLR 2.0.50727)"
87.159.142.148 - - [16/Jul/2008:18:02:34 +0200] "GET /kita/pusteblume/pusteblume_mail.html HTTP/1.1" 200 1712 "http://www.sozialedienste-awo.de/kita/pusteblume/pusteblume.html" "Mozilla/4.0 (compatible; MSIE 6.0; Windows NT 5.1; SV1; .NET CLR 1.1.4322; .NET CLR 2.0.50727)"
87.159.142.148 - - [16/Jul/2008:18:02:34 +0200] "GET /mtmtrack.js HTTP/1.1" 200 995 "http://www.sozialedienste-awo.de/kita/pusteblume/pusteblume_mail.html" "Mozilla/4.0 (compatible; MSIE 6.0; Windows NT 5.1; SV1; .NET CLR 1.1.4322; .NET CLR 2.0.50727)"
87.159.142.148 - - [16/Jul/2008:18:02:35 +0200] "GET /images/back_butt.jpg HTTP/1.1" 200 1686 "http://www.sozialedienste-awo.de/kita/pusteblume/pusteblume_mail.html" "Mozilla/4.0 (compatible; MSIE 6.0; Windows NT 5.1; SV1; .NET CLR 1.1.4322; .NET CLR 2.0.50727)"
87.159.142.148 - - [16/Jul/2008:18:02:35 +0200] "GET /menu-images/menu_tee.gif HTTP/1.1" 304 - "http://www.sozialedienste-awo.de/menu_empty.html" "Mozilla/4.0 (compatible; MSIE 6.0; Windows NT 5.1; SV1; .NET CLR 1.1.4322; .NET CLR 2.0.50727)"
87.159.142.148 - - [16/Jul/2008:18:02:35 +0200] "GET /menu-images/menu_link_default.gif HTTP/1.1" 304 - "http://www.sozialedienste-awo.de/menu_empty.html" "Mozilla/4.0 (compatible; MSIE 6.0; Windows NT 5.1; SV1; .NET CLR 1.1.4322; .NET CLR 2.0.50727)"
87.159.142.148 - - [16/Jul/2008:18:02:35 +0200] "GET /menu-images/menu_bar.gif HTTP/1.1" 304 - "http://www.sozialedienste-awo.de/menu_empty.html" "Mozilla/4.0 (compatible; MSIE 6.0; Windows NT 5.1; SV1; .NET CLR 1.1.4322; .NET CLR 2.0.50727)"
87.159.142.148 - - [16/Jul/2008:18:02:35 +0200] "GET /menu-images/menu_tee_minus.gif HTTP/1.1" 304 - "http://www.sozialedienste-awo.de/menu_empty.html" "Mozilla/4.0 (compatible; MSIE 6.0; Windows NT 5.1; SV1; .NET CLR 1.1.4322; .NET CLR 2.0.50727)"
87.159.142.148 - - [16/Jul/2008:18:02:35 +0200] "GET /menu-images/menu_folder_open.gif HTTP/1.1" 304 - "http://www.sozialedienste-awo.de/menu_empty.html" "Mozilla/4.0 (compatible; MSIE 6.0; Windows NT 5.1; SV1; .NET CLR 1.1.4322; .NET CLR 2.0.50727)"
87.159.142.148 - - [16/Jul/2008:18:02:35 +0200] "GET /menu-images/menu_tee.gif HTTP/1.1" 304 - "http://www.sozialedienste-awo.de/menu_empty.html" "Mozilla/4.0 (compatible; MSIE 6.0; Windows NT 5.1; SV1; .NET CLR 1.1.4322; .NET CLR 2.0.50727)"
87.159.142.148 - - [16/Jul/2008:18:02:35 +0200] "GET /menu-images/menu_link_default.gif HTTP/1.1" 304 - "http://www.sozialedienste-awo.de/menu_empty.html" "Mozilla/4.0 (compatible; MSIE 6.0; Windows NT 5.1; SV1; .NET CLR 1.1.4322; .NET CLR 2.0.50727)"
87.159.142.148 - - [16/Jul/2008:18:02:35 +0200] "GET /menu-images/menu_bar.gif HTTP/1.1" 304 - "http://www.sozialedienste-awo.de/menu_empty.html" "Mozilla/4.0 (compatible; MSIE 6.0; Windows NT 5.1; SV1; .NET CLR 1.1.4322; .NET CLR 2.0.50727)"
87.159.142.148 - - [16/Jul/2008:18:02:35 +0200] "GET /menu-images/menu_tee.gif HTTP/1.1" 304 - "http://www.sozialedienste-awo.de/menu_empty.html" "Mozilla/4.0 (compatible; MSIE 6.0; Windows NT 5.1; SV1; .NET CLR 1.1.4322; .NET CLR 2.0.50727)"
87.159.142.148 - - [16/Jul/2008:18:02:35 +0200] "GET /menu-images/menu_folder_open.gif HTTP/1.1" 304 - "http://www.sozialedienste-awo.de/menu_empty.html" "Mozilla/4.0 (compatible; MSIE 6.0; Windows NT 5.1; SV1; .NET CLR 1.1.4322; .NET CLR 2.0.50727)"
87.159.142.148 - - [16/Jul/2008:18:02:35 +0200] "GET /menu-images/menu_bar.gif HTTP/1.1" 304 - "http://www.sozialedienste-awo.de/menu_empty.html" "Mozilla/4.0 (compatible; MSIE 6.0; Windows NT 5.1; SV1; .NET CLR 1.1.4322; .NET CLR 2.0.50727)"
87.159.142.148 - - [16/Jul/2008:18:02:35 +0200] "GET /menu-images/menu_tee.gif HTTP/1.1" 304 - "http://www.sozialedienste-awo.de/menu_empty.html" "Mozilla/4.0 (compatible; MSIE 6.0; Windows NT 5.1; SV1; .NET CLR 1.1.4322; .NET CLR 2.0.50727)"
87.159.142.148 - - [16/Jul/2008:18:02:35 +0200] "GET /menu-images/menu_bar.gif HTTP/1.1" 304 - "http://www.sozialedienste-awo.de/menu_empty.html" "Mozilla/4.0 (compatible; MSIE 6.0; Windows NT 5.1; SV1; .NET CLR 1.1.4322; .NET CLR 2.0.50727)"
87.159.142.148 - - [16/Jul/2008:18:02:35 +0200] "GET /menu-images/menu_link_external.gif HTTP/1.1" 304 - "http://www.sozialedienste-awo.de/menu_empty.html" "Mozilla/4.0 (compatible; MSIE 6.0; Windows NT 5.1; SV1; .NET CLR 1.1.4322; .NET CLR 2.0.50727)"
87.159.142.148 - - [16/Jul/2008:18:02:35 +0200] "GET /menu-images/menu_bar.gif HTTP/1.1" 304 - "http://www.sozialedienste-awo.de/menu_empty.html" "Mozilla/4.0 (compatible; MSIE 6.0; Windows NT 5.1; SV1; .NET CLR 1.1.4322; .NET CLR 2.0.50727)"
87.159.142.148 - - [16/Jul/2008:18:02:35 +0200] "GET /menu-images/menu_tee.gif HTTP/1.1" 304 - "http://www.sozialedienste-awo.de/menu_empty.html" "Mozilla/4.0 (compatible; MSIE 6.0; Windows NT 5.1; SV1; .NET CLR 1.1.4322; .NET CLR 2.0.50727)"
87.159.142.148 - - [16/Jul/2008:18:02:35 +0200] "GET /menu-images/menu_bar.gif HTTP/1.1" 304 - "http://www.sozialedienste-awo.de/menu_empty.html" "Mozilla/4.0 (compatible; MSIE 6.0; Windows NT 5.1; SV1; .NET CLR 1.1.4322; .NET CLR 2.0.50727)"
87.159.142.148 - - [16/Jul/2008:18:02:35 +0200] "GET /menu-images/menu_link_default.gif HTTP/1.1" 304 - "http://www.sozialedienste-awo.de/menu_empty.html" "Mozilla/4.0 (compatible; MSIE 6.0; Windows NT 5.1; SV1; .NET CLR 1.1.4322; .NET CLR 2.0.50727)"
87.159.142.148 - - [16/Jul/2008:18:02:35 +0200] "GET /menu-images/menu_bar.gif HTTP/1.1" 304 - "http://www.sozialedienste-awo.de/menu_empty.html" "Mozilla/4.0 (compatible; MSIE 6.0; Windows NT 5.1; SV1; .NET CLR 1.1.4322; .NET CLR 2.0.50727)"
87.159.142.148 - - [16/Jul/2008:18:02:36 +0200] "GET /menu-images/menu_bar.gif HTTP/1.1" 304 - "http://www.sozialedienste-awo.de/menu_empty.html" "Mozilla/4.0 (compatible; MSIE 6.0; Windows NT 5.1; SV1; .NET CLR 1.1.4322; .NET CLR 2.0.50727)"
87.159.142.148 - - [16/Jul/2008:18:02:36 +0200] "GET /menu-images/menu_link_default.gif HTTP/1.1" 304 - "http://www.sozialedienste-awo.de/menu_empty.html" "Mozilla/4.0 (compatible; MSIE 6.0; Windows NT 5.1; SV1; .NET CLR 1.1.4322; .NET CLR 2.0.50727)"
87.159.142.148 - - [16/Jul/2008:18:02:36 +0200] "GET /menu-images/menu_bar.gif HTTP/1.1" 304 - "http://www.sozialedienste-awo.de/menu_empty.html" "Mozilla/4.0 (compatible; MSIE 6.0; Windows NT 5.1; SV1; .NET CLR 1.1.4322; .NET CLR 2.0.50727)"
87.159.142.148 - - [16/Jul/2008:18:02:36 +0200] "GET /menu-images/menu_bar.gif HTTP/1.1" 304 - "http://www.sozialedienste-awo.de/menu_empty.html" "Mozilla/4.0 (compatible; MSIE 6.0; Windows NT 5.1; SV1; .NET CLR 1.1.4322; .NET CLR 2.0.50727)"
87.159.142.148 - - [16/Jul/2008:18:02:36 +0200] "GET /menu-images/menu_link_default.gif HTTP/1.1" 304 - "http://www.sozialedienste-awo.de/menu_empty.html" "Mozilla/4.0 (compatible; MSIE 6.0; Windows NT 5.1; SV1; .NET CLR 1.1.4322; .NET CLR 2.0.50727)"
87.159.142.148 - - [16/Jul/2008:18:02:36 +0200] "GET /menu-images/menu_bar.gif HTTP/1.1" 304 - "http://www.sozialedienste-awo.de/menu_empty.html" "Mozilla/4.0 (compatible; MSIE 6.0; Windows NT 5.1; SV1; .NET CLR 1.1.4322; .NET CLR 2.0.50727)"
87.159.142.148 - - [16/Jul/2008:18:02:36 +0200] "GET /menu-images/menu_corner.gif HTTP/1.1" 304 - "http://www.sozialedienste-awo.de/menu_empty.html" "Mozilla/4.0 (compatible; MSIE 6.0; Windows NT 5.1; SV1; .NET CLR 1.1.4322; .NET CLR 2.0.50727)"
87.159.142.148 - - [16/Jul/2008:18:02:36 +0200] "GET /menu-images/menu_bar.gif HTTP/1.1" 304 - "http://www.sozialedienste-awo.de/menu_empty.html" "Mozilla/4.0 (compatible; MSIE 6.0; Windows NT 5.1; SV1; .NET CLR 1.1.4322; .NET CLR 2.0.50727)"
87.159.142.148 - - [16/Jul/2008:18:02:36 +0200] "GET /menu-images/menu_link_default.gif HTTP/1.1" 304 - "http://www.sozialedienste-awo.de/menu_empty.html" "Mozilla/4.0 (compatible; MSIE 6.0; Windows NT 5.1; SV1; .NET CLR 1.1.4322; .NET CLR 2.0.50727)"
87.159.142.148 - - [16/Jul/2008:18:02:36 +0200] "GET /menu-images/menu_bar.gif HTTP/1.1" 304 - "http://www.sozialedienste-awo.de/menu_empty.html" "Mozilla/4.0 (compatible; MSIE 6.0; Windows NT 5.1; SV1; .NET CLR 1.1.4322; .NET CLR 2.0.50727)"
87.159.142.148 - - [16/Jul/2008:18:02:36 +0200] "GET /menu-images/menu_folder_closed.gif HTTP/1.1" 304 - "http://www.sozialedienste-awo.de/menu_empty.html" "Mozilla/4.0 (compatible; MSIE 6.0; Windows NT 5.1; SV1; .NET CLR 1.1.4322; .NET CLR 2.0.50727)"
87.159.142.148 - - [16/Jul/2008:18:02:36 +0200] "GET /menu-images/menu_bar.gif HTTP/1.1" 304 - "http://www.sozialedienste-awo.de/menu_empty.html" "Mozilla/4.0 (compatible; MSIE 6.0; Windows NT 5.1; SV1; .NET CLR 1.1.4322; .NET CLR 2.0.50727)"
87.159.142.148 - - [16/Jul/2008:18:02:36 +0200] "GET /menu-images/menu_folder_closed.gif HTTP/1.1" 304 - "http://www.sozialedienste-awo.de/menu_empty.html" "Mozilla/4.0 (compatible; MSIE 6.0; Windows NT 5.1; SV1; .NET CLR 1.1.4322; .NET CLR 2.0.50727)"
87.159.142.148 - - [16/Jul/2008:18:02:36 +0200] "GET /menu-images/menu_bar.gif HTTP/1.1" 304 - "http://www.sozialedienste-awo.de/menu_empty.html" "Mozilla/4.0 (compatible; MSIE 6.0; Windows NT 5.1; SV1; .NET CLR 1.1.4322; .NET CLR 2.0.50727)"
87.159.142.148 - - [16/Jul/2008:18:02:36 +0200] "GET /menu-images/menu_corner.gif HTTP/1.1" 304 - "http://www.sozialedienste-awo.de/menu_empty.html" "Mozilla/4.0 (compatible; MSIE 6.0; Windows NT 5.1; SV1; .NET CLR 1.1.4322; .NET CLR 2.0.50727)"
87.159.142.148 - - [16/Jul/2008:18:02:36 +0200] "GET /menu-images/menu_link_default.gif HTTP/1.1" 304 - "http://www.sozialedienste-awo.de/menu_empty.html" "Mozilla/4.0 (compatible; MSIE 6.0; Windows NT 5.1; SV1; .NET CLR 1.1.4322; .NET CLR 2.0.50727)"
87.159.142.148 - - [16/Jul/2008:18:02:36 +0200] "GET /menu-images/menu_folder_closed.gif HTTP/1.1" 304 - "http://www.sozialedienste-awo.de/menu_empty.html" "Mozilla/4.0 (compatible; MSIE 6.0; Windows NT 5.1; SV1; .NET CLR 1.1.4322; .NET CLR 2.0.50727)"
87.159.142.148 - - [16/Jul/2008:18:02:36 +0200] "GET /menu-images/menu_folder_closed.gif HTTP/1.1" 304 - "http://www.sozialedienste-awo.de/menu_empty.html" "Mozilla/4.0 (compatible; MSIE 6.0; Windows NT 5.1; SV1; .NET CLR 1.1.4322; .NET CLR 2.0.50727)"
87.159.142.148 - - [16/Jul/2008:18:02:37 +0200] "GET /menu-images/menu_link_default.gif HTTP/1.1" 304 - "http://www.sozialedienste-awo.de/menu_empty.html" "Mozilla/4.0 (compatible; MSIE 6.0; Windows NT 5.1; SV1; .NET CLR 1.1.4322; .NET CLR 2.0.50727)"
87.159.142.148 - - [16/Jul/2008:18:02:37 +0200] "GET /menu-images/menu_link_default.gif HTTP/1.1" 304 - "http://www.sozialedienste-awo.de/menu_empty.html" "Mozilla/4.0 (compatible; MSIE 6.0; Windows NT 5.1; SV1; .NET CLR 1.1.4322; .NET CLR 2.0.50727)"
87.159.142.148 - - [16/Jul/2008:18:02:37 +0200] "GET /menu-images/menu_link_default.gif HTTP/1.1" 304 - "http://www.sozialedienste-awo.de/menu_empty.html" "Mozilla/4.0 (compatible; MSIE 6.0; Windows NT 5.1; SV1; .NET CLR 1.1.4322; .NET CLR 2.0.50727)"
87.159.142.148 - - [16/Jul/2008:18:02:37 +0200] "GET /menu-images/menu_corner.gif HTTP/1.1" 304 - "http://www.sozialedienste-awo.de/menu_empty.html" "Mozilla/4.0 (compatible; MSIE 6.0; Windows NT 5.1; SV1; .NET CLR 1.1.4322; .NET CLR 2.0.50727)"
87.159.142.148 - - [16/Jul/2008:18:02:54 +0200] "GET /kita/rappelkiste/rappelkiste.html HTTP/1.1" 200 3333 "http://www.sozialedienste-awo.de/menu_empty.html" "Mozilla/4.0 (compatible; MSIE 6.0; Windows NT 5.1; SV1; .NET CLR 1.1.4322; .NET CLR 2.0.50727)"
87.159.142.148 - - [16/Jul/2008:18:02:54 +0200] "GET /kita/rappelkiste/galerie_butt.jpg HTTP/1.1" 200 7563 "http://www.sozialedienste-awo.de/kita/rappelkiste/rappelkiste.html" "Mozilla/4.0 (compatible; MSIE 6.0; Windows NT 5.1; SV1; .NET CLR 1.1.4322; .NET CLR 2.0.50727)"
87.159.142.148 - - [16/Jul/2008:18:02:55 +0200] "GET /kita/rappelkiste/kontakt_butt.jpg HTTP/1.1" 200 8163 "http://www.sozialedienste-awo.de/kita/rappelkiste/rappelkiste.html" "Mozilla/4.0 (compatible; MSIE 6.0; Windows NT 5.1; SV1; .NET CLR 1.1.4322; .NET CLR 2.0.50727)"
87.159.142.148 - - [16/Jul/2008:18:02:55 +0200] "GET /kita/rappelkiste/news_butt.jpg HTTP/1.1" 200 4944 "http://www.sozialedienste-awo.de/kita/rappelkiste/rappelkiste.html" "Mozilla/4.0 (compatible; MSIE 6.0; Windows NT 5.1; SV1; .NET CLR 1.1.4322; .NET CLR 2.0.50727)"
87.159.142.148 - - [16/Jul/2008:18:02:55 +0200] "GET /kita/rappelkiste/sonni.jpg HTTP/1.1" 200 7713 "http://www.sozialedienste-awo.de/kita/rappelkiste/rappelkiste.html" "Mozilla/4.0 (compatible; MSIE 6.0; Windows NT 5.1; SV1; .NET CLR 1.1.4322; .NET CLR 2.0.50727)"
87.159.142.148 - - [16/Jul/2008:18:02:55 +0200] "GET /kita/rappelkiste/news_butt_swap.jpg HTTP/1.1" 200 4432 "http://www.sozialedienste-awo.de/kita/rappelkiste/rappelkiste.html" "Mozilla/4.0 (compatible; MSIE 6.0; Windows NT 5.1; SV1; .NET CLR 1.1.4322; .NET CLR 2.0.50727)"
87.159.142.148 - - [16/Jul/2008:18:02:55 +0200] "GET /kita/rappelkiste/galerie_butt_swap.jpg HTTP/1.1" 200 6557 "http://www.sozialedienste-awo.de/kita/rappelkiste/rappelkiste.html" "Mozilla/4.0 (compatible; MSIE 6.0; Windows NT 5.1; SV1; .NET CLR 1.1.4322; .NET CLR 2.0.50727)"
87.159.142.148 - - [16/Jul/2008:18:02:56 +0200] "GET /kita/rappelkiste/kontakt_butt_swap.jpg HTTP/1.1" 200 6852 "http://www.sozialedienste-awo.de/kita/rappelkiste/rappelkiste.html" "Mozilla/4.0 (compatible; MSIE 6.0; Windows NT 5.1; SV1; .NET CLR 1.1.4322; .NET CLR 2.0.50727)"
87.159.142.148 - - [16/Jul/2008:18:02:56 +0200] "GET /kita/rappelkiste/kontakt_butt_swap.jpg HTTP/1.1" 200 6852 "http://www.sozialedienste-awo.de/kita/rappelkiste/rappelkiste.html" "Mozilla/4.0 (compatible; MSIE 6.0; Windows NT 5.1; SV1; .NET CLR 1.1.4322; .NET CLR 2.0.50727)"
87.159.142.148 - - [16/Jul/2008:18:02:55 +0200] "GET /kita/rappelkiste/rappelkiste_logo.jpg HTTP/1.1" 200 91411 "http://www.sozialedienste-awo.de/kita/rappelkiste/rappelkiste.html" "Mozilla/4.0 (compatible; MSIE 6.0; Windows NT 5.1; SV1; .NET CLR 1.1.4322; .NET CLR 2.0.50727)"
87.159.142.148 - - [16/Jul/2008:18:02:58 +0200] "GET /kita/rappelkiste/rappelkiste_mail.html HTTP/1.1" 200 1704 "http://www.sozialedienste-awo.de/kita/rappelkiste/rappelkiste.html" "Mozilla/4.0 (compatible; MSIE 6.0; Windows NT 5.1; SV1; .NET CLR 1.1.4322; .NET CLR 2.0.50727)"
87.159.142.148 - - [16/Jul/2008:18:03:05 +0200] "GET /kita/traumland/traumland.html HTTP/1.1" 200 1556 "http://www.sozialedienste-awo.de/menu_empty.html" "Mozilla/4.0 (compatible; MSIE 6.0; Windows NT 5.1; SV1; .NET CLR 1.1.4322; .NET CLR 2.0.50727)"
87.159.142.148 - - [16/Jul/2008:18:03:05 +0200] "GET /kita/traumland/title.jpg HTTP/1.1" 200 142859 "http://www.sozialedienste-awo.de/kita/traumland/traumland.html" "Mozilla/4.0 (compatible; MSIE 6.0; Windows NT 5.1; SV1; .NET CLR 1.1.4322; .NET CLR 2.0.50727)"
87.159.142.148 - - [16/Jul/2008:18:03:09 +0200] "GET /kita/traumland/traumland_mail.html HTTP/1.1" 200 3743 "http://www.sozialedienste-awo.de/kita/traumland/traumland.html" "Mozilla/4.0 (compatible; MSIE 6.0; Windows NT 5.1; SV1; .NET CLR 1.1.4322; .NET CLR 2.0.50727)"
87.159.142.148 - - [16/Jul/2008:18:03:35 +0200] "GET /kontakt.html HTTP/1.1" 304 - "http://www.sozialedienste-awo.de/menu_empty.html" "Mozilla/4.0 (compatible; MSIE 6.0; Windows NT 5.1; SV1; .NET CLR 1.1.4322; .NET CLR 2.0.50727)"
87.159.142.148 - - [16/Jul/2008:18:09:42 +0200] "GET /menu-images/menu_new_root.gif HTTP/1.1" 304 - "-" "Mozilla/4.0 (compatible; MSIE 6.0; Windows NT 5.1; SV1; .NET CLR 1.1.4322; .NET CLR 2.0.50727)"
87.159.142.148 - - [16/Jul/2008:18:09:42 +0200] "GET /images/banner.jpg HTTP/1.1" 304 - "-" "Mozilla/4.0 (compatible; MSIE 6.0; Windows NT 5.1; SV1; .NET CLR 1.1.4322; .NET CLR 2.0.50727)"
87.159.142.148 - - [16/Jul/2008:18:09:42 +0200] "GET /mtmcode.js HTTP/1.1" 304 - "-" "Mozilla/4.0 (compatible; MSIE 6.0; Windows NT 5.1; SV1; .NET CLR 1.1.4322; .NET CLR 2.0.50727)"
87.159.142.148 - - [16/Jul/2008:18:09:43 +0200] "GET /images/banner.jpg HTTP/1.1" 304 - "-" "Mozilla/4.0 (compatible; MSIE 6.0; Windows NT 5.1; SV1; .NET CLR 1.1.4322; .NET CLR 2.0.50727)"
87.159.142.148 - - [16/Jul/2008:18:09:43 +0200] "GET /menu-images/menu_new_root.gif HTTP/1.1" 304 - "-" "Mozilla/4.0 (compatible; MSIE 6.0; Windows NT 5.1; SV1; .NET CLR 1.1.4322; .NET CLR 2.0.50727)"
65.55.209.191 - - [16/Jul/2008:18:43:24 +0200] "GET /robots.txt HTTP/1.1" 404 1256 "-" "msnbot/1.1 (+http://search.msn.com/msnbot.htm)"
65.55.209.191 - - [16/Jul/2008:18:43:24 +0200] "GET / HTTP/1.1" 304 - "-" "msnbot/1.1 (+http://search.msn.com/msnbot.htm)"
82.99.30.59 - - [16/Jul/2008:19:17:16 +0200] "GET /heading.html HTTP/1.0" 200 287 "-" "Mozilla/4.0 (compatible; MSIE 6.0; Windows NT 5.1)"
82.99.30.53 - - [16/Jul/2008:19:20:01 +0200] "GET /code.html HTTP/1.0" 200 5538 "-" "Mozilla/4.0 (compatible; MSIE 6.0; Windows NT 5.1)"
82.99.30.69 - - [16/Jul/2008:19:21:40 +0200] "GET /menu_empty.html HTTP/1.0" 200 191 "-" "Mozilla/4.0 (compatible; MSIE 6.0; Windows NT 5.1)"
212.144.27.63 - - [16/Jul/2008:19:23:58 +0200] "GET /favicon.ico HTTP/1.1" 404 1256 "http://www.sozialedienste-awo.de/kitas/kita-traumland.htm" "Opera/9.23 (Windows NT 5.1; U; de)"
217.70.141.120 - - [16/Jul/2008:20:53:15 +0200] "GET / HTTP/1.1" 200 576 "http://www.google.de/search?hl=de&q=awo+kreisverband+bernau+e.v.&btnG=Google-Suche&meta=" "Mozilla/4.0 (compatible; MSIE 6.0; Windows NT 5.1; SV1)"
217.70.141.120 - - [16/Jul/2008:20:53:16 +0200] "GET /images/awo_bernau.jpg HTTP/1.1" 200 83414 "http://www.sozialedienste-awo.de/" "Mozilla/4.0 (compatible; MSIE 6.0; Windows NT 5.1; SV1)"
217.70.141.120 - - [16/Jul/2008:20:53:26 +0200] "GET /awo_kreisverband_bernau_ev.html HTTP/1.1" 200 963 "http://www.sozialedienste-awo.de/" "Mozilla/4.0 (compatible; MSIE 6.0; Windows NT 5.1; SV1)"
87.185.246.211 - - [16/Jul/2008:20:53:26 +0200] "GET /awo_kreisverband_bernau_ev.html HTTP/1.1" 200 963 "http://search.hp.my.aol.de/aol/search?&q=awo%20bernau&invocationType=tb50hpcmnb-de-de" "Mozilla/4.0 (compatible; MSIE 7.0; Windows NT 6.0; SLCC1; .NET CLR 2.0.50727; .NET CLR 3.0.04506; .NET CLR 1.1.4322; InfoPath.1)"
87.185.246.211 - - [16/Jul/2008:20:53:26 +0200] "GET /awo_kreisverband_bernau_ev.html HTTP/1.1" 200 963 "-" "Mozilla/4.0 (compatible; MSIE 7.0; Windows NT 6.0; SLCC1; .NET CLR 2.0.50727; .NET CLR 3.0.04506; .NET CLR 1.1.4322; InfoPath.1)"
217.70.141.120 - - [16/Jul/2008:20:53:26 +0200] "GET /heading.html HTTP/1.1" 200 287 "http://www.sozialedienste-awo.de/awo_kreisverband_bernau_ev.html" "Mozilla/4.0 (compatible; MSIE 6.0; Windows NT 5.1; SV1)"
87.185.246.211 - - [16/Jul/2008:20:53:26 +0200] "GET /heading.html HTTP/1.1" 200 287 "http://www.sozialedienste-awo.de/awo_kreisverband_bernau_ev.html" "Mozilla/4.0 (compatible; MSIE 7.0; Windows NT 6.0; SLCC1; .NET CLR 2.0.50727; .NET CLR 3.0.04506; .NET CLR 1.1.4322; InfoPath.1)"
217.70.141.120 - - [16/Jul/2008:20:53:27 +0200] "GET /code.html HTTP/1.1" 200 5538 "http://www.sozialedienste-awo.de/awo_kreisverband_bernau_ev.html" "Mozilla/4.0 (compatible; MSIE 6.0; Windows NT 5.1; SV1)"
87.185.246.211 - - [16/Jul/2008:20:53:27 +0200] "GET /menu_empty.html HTTP/1.1" 200 191 "http://www.sozialedienste-awo.de/awo_kreisverband_bernau_ev.html" "Mozilla/4.0 (compatible; MSIE 7.0; Windows NT 6.0; SLCC1; .NET CLR 2.0.50727; .NET CLR 3.0.04506; .NET CLR 1.1.4322; InfoPath.1)"
87.185.246.211 - - [16/Jul/2008:20:53:27 +0200] "GET /code.html HTTP/1.1" 200 5538 "http://www.sozialedienste-awo.de/awo_kreisverband_bernau_ev.html" "Mozilla/4.0 (compatible; MSIE 7.0; Windows NT 6.0; SLCC1; .NET CLR 2.0.50727; .NET CLR 3.0.04506; .NET CLR 1.1.4322; InfoPath.1)"
87.185.246.211 - - [16/Jul/2008:20:53:27 +0200] "GET /vorstand.html HTTP/1.1" 200 2857 "http://www.sozialedienste-awo.de/awo_kreisverband_bernau_ev.html" "Mozilla/4.0 (compatible; MSIE 7.0; Windows NT 6.0; SLCC1; .NET CLR 2.0.50727; .NET CLR 3.0.04506; .NET CLR 1.1.4322; InfoPath.1)"
217.70.141.120 - - [16/Jul/2008:20:53:27 +0200] "GET /menu_empty.html HTTP/1.1" 200 191 "http://www.sozialedienste-awo.de/awo_kreisverband_bernau_ev.html" "Mozilla/4.0 (compatible; MSIE 6.0; Windows NT 5.1; SV1)"
87.185.246.211 - - [16/Jul/2008:20:53:27 +0200] "GET /images/awo.css HTTP/1.1" 200 319 "http://www.sozialedienste-awo.de/heading.html" "Mozilla/4.0 (compatible; MSIE 7.0; Windows NT 6.0; SLCC1; .NET CLR 2.0.50727; .NET CLR 3.0.04506; .NET CLR 1.1.4322; InfoPath.1)"
87.185.246.211 - - [16/Jul/2008:20:53:27 +0200] "GET /images/banner.jpg HTTP/1.1" 200 38537 "http://www.sozialedienste-awo.de/heading.html" "Mozilla/4.0 (compatible; MSIE 7.0; Windows NT 6.0; SLCC1; .NET CLR 2.0.50727; .NET CLR 3.0.04506; .NET CLR 1.1.4322; InfoPath.1)"
87.185.246.211 - - [16/Jul/2008:20:53:27 +0200] "GET /images/wir/vorstand.jpg HTTP/1.1" 200 60672 "http://www.sozialedienste-awo.de/vorstand.html" "Mozilla/4.0 (compatible; MSIE 7.0; Windows NT 6.0; SLCC1; .NET CLR 2.0.50727; .NET CLR 3.0.04506; .NET CLR 1.1.4322; InfoPath.1)"
87.185.246.211 - - [16/Jul/2008:20:53:27 +0200] "GET /images/wir/bs.jpg HTTP/1.1" 200 39783 "http://www.sozialedienste-awo.de/vorstand.html" "Mozilla/4.0 (compatible; MSIE 7.0; Windows NT 6.0; SLCC1; .NET CLR 2.0.50727; .NET CLR 3.0.04506; .NET CLR 1.1.4322; InfoPath.1)"
217.70.141.120 - - [16/Jul/2008:20:53:27 +0200] "GET /vorstand.html HTTP/1.1" 200 2857 "http://www.sozialedienste-awo.de/awo_kreisverband_bernau_ev.html" "Mozilla/4.0 (compatible; MSIE 6.0; Windows NT 5.1; SV1)"
87.185.246.211 - - [16/Jul/2008:20:53:27 +0200] "GET /images/bg_tab.gif HTTP/1.1" 200 44 "http://www.sozialedienste-awo.de/vorstand.html" "Mozilla/4.0 (compatible; MSIE 7.0; Windows NT 6.0; SLCC1; .NET CLR 2.0.50727; .NET CLR 3.0.04506; .NET CLR 1.1.4322; InfoPath.1)"
217.70.141.120 - - [16/Jul/2008:20:53:27 +0200] "GET /images/awo.css HTTP/1.1" 200 319 "http://www.sozialedienste-awo.de/heading.html" "Mozilla/4.0 (compatible; MSIE 6.0; Windows NT 5.1; SV1)"
87.185.246.211 - - [16/Jul/2008:20:53:27 +0200] "GET /mtmcode.js HTTP/1.1" 200 34082 "http://www.sozialedienste-awo.de/code.html" "Mozilla/4.0 (compatible; MSIE 7.0; Windows NT 6.0; SLCC1; .NET CLR 2.0.50727; .NET CLR 3.0.04506; .NET CLR 1.1.4322; InfoPath.1)"
87.185.246.211 - - [16/Jul/2008:20:53:27 +0200] "GET /favicon.ico HTTP/1.1" 404 1256 "-" "Mozilla/4.0 (compatible; MSIE 7.0; Windows NT 6.0; SLCC1; .NET CLR 2.0.50727; .NET CLR 3.0.04506; .NET CLR 1.1.4322; InfoPath.1)"
217.70.141.120 - - [16/Jul/2008:20:53:27 +0200] "GET /images/banner.jpg HTTP/1.1" 200 38537 "http://www.sozialedienste-awo.de/heading.html" "Mozilla/4.0 (compatible; MSIE 6.0; Windows NT 5.1; SV1)"
217.70.141.120 - - [16/Jul/2008:20:53:28 +0200] "GET /images/wir/vorstand.jpg HTTP/1.1" 200 60672 "http://www.sozialedienste-awo.de/vorstand.html" "Mozilla/4.0 (compatible; MSIE 6.0; Windows NT 5.1; SV1)"
87.185.246.211 - - [16/Jul/2008:20:53:28 +0200] "GET /menu-images/menu_new_root.gif HTTP/1.1" 200 1450 "http://www.sozialedienste-awo.de/code.html" "Mozilla/4.0 (compatible; MSIE 7.0; Windows NT 6.0; SLCC1; .NET CLR 2.0.50727; .NET CLR 3.0.04506; .NET CLR 1.1.4322; InfoPath.1)"
217.70.141.120 - - [16/Jul/2008:20:53:28 +0200] "GET /images/wir/bs.jpg HTTP/1.1" 200 39783 "http://www.sozialedienste-awo.de/vorstand.html" "Mozilla/4.0 (compatible; MSIE 6.0; Windows NT 5.1; SV1)"
87.185.246.211 - - [16/Jul/2008:20:53:28 +0200] "GET /menu-images/menu_tee.gif HTTP/1.1" 200 69 "http://www.sozialedienste-awo.de/code.html" "Mozilla/4.0 (compatible; MSIE 7.0; Windows NT 6.0; SLCC1; .NET CLR 2.0.50727; .NET CLR 3.0.04506; .NET CLR 1.1.4322; InfoPath.1)"
87.185.246.211 - - [16/Jul/2008:20:53:28 +0200] "GET /menu-images/menu_link_default.gif HTTP/1.1" 200 148 "http://www.sozialedienste-awo.de/code.html" "Mozilla/4.0 (compatible; MSIE 7.0; Windows NT 6.0; SLCC1; .NET CLR 2.0.50727; .NET CLR 3.0.04506; .NET CLR 1.1.4322; InfoPath.1)"
87.185.246.211 - - [16/Jul/2008:20:53:28 +0200] "GET /menu-images/menu_tee_plus.gif HTTP/1.1" 200 69 "http://www.sozialedienste-awo.de/code.html" "Mozilla/4.0 (compatible; MSIE 7.0; Windows NT 6.0; SLCC1; .NET CLR 2.0.50727; .NET CLR 3.0.04506; .NET CLR 1.1.4322; InfoPath.1)"
87.185.246.211 - - [16/Jul/2008:20:53:28 +0200] "GET /menu-images/menu_folder_closed.gif HTTP/1.1" 200 169 "http://www.sozialedienste-awo.de/code.html" "Mozilla/4.0 (compatible; MSIE 7.0; Windows NT 6.0; SLCC1; .NET CLR 2.0.50727; .NET CLR 3.0.04506; .NET CLR 1.1.4322; InfoPath.1)"
87.185.246.211 - - [16/Jul/2008:20:53:28 +0200] "GET /menu-images/menu_corner.gif HTTP/1.1" 200 66 "http://www.sozialedienste-awo.de/code.html" "Mozilla/4.0 (compatible; MSIE 7.0; Windows NT 6.0; SLCC1; .NET CLR 2.0.50727; .NET CLR 3.0.04506; .NET CLR 1.1.4322; InfoPath.1)"
217.70.141.120 - - [16/Jul/2008:20:53:28 +0200] "GET /mtmcode.js HTTP/1.1" 200 34082 "http://www.sozialedienste-awo.de/code.html" "Mozilla/4.0 (compatible; MSIE 6.0; Windows NT 5.1; SV1)"
217.70.141.120 - - [16/Jul/2008:20:53:28 +0200] "GET /images/bg_tab.gif HTTP/1.1" 200 44 "http://www.sozialedienste-awo.de/vorstand.html" "Mozilla/4.0 (compatible; MSIE 6.0; Windows NT 5.1; SV1)"
217.70.141.120 - - [16/Jul/2008:20:53:31 +0200] "GET /menu-images/menu_new_root.gif HTTP/1.1" 200 1450 "http://www.sozialedienste-awo.de/menu_empty.html" "Mozilla/4.0 (compatible; MSIE 6.0; Windows NT 5.1; SV1)"
217.70.141.120 - - [16/Jul/2008:20:53:31 +0200] "GET /menu-images/menu_tee.gif HTTP/1.1" 200 69 "http://www.sozialedienste-awo.de/menu_empty.html" "Mozilla/4.0 (compatible; MSIE 6.0; Windows NT 5.1; SV1)"
217.70.141.120 - - [16/Jul/2008:20:53:31 +0200] "GET /menu-images/menu_tee_plus.gif HTTP/1.1" 200 69 "http://www.sozialedienste-awo.de/menu_empty.html" "Mozilla/4.0 (compatible; MSIE 6.0; Windows NT 5.1; SV1)"
217.70.141.120 - - [16/Jul/2008:20:53:31 +0200] "GET /menu-images/menu_link_default.gif HTTP/1.1" 200 148 "http://www.sozialedienste-awo.de/menu_empty.html" "Mozilla/4.0 (compatible; MSIE 6.0; Windows NT 5.1; SV1)"
217.70.141.120 - - [16/Jul/2008:20:53:31 +0200] "GET /menu-images/menu_folder_closed.gif HTTP/1.1" 200 169 "http://www.sozialedienste-awo.de/menu_empty.html" "Mozilla/4.0 (compatible; MSIE 6.0; Windows NT 5.1; SV1)"
217.70.141.120 - - [16/Jul/2008:20:53:31 +0200] "GET /menu-images/menu_tee.gif HTTP/1.1" 200 69 "http://www.sozialedienste-awo.de/menu_empty.html" "Mozilla/4.0 (compatible; MSIE 6.0; Windows NT 5.1; SV1)"
217.70.141.120 - - [16/Jul/2008:20:53:31 +0200] "GET /menu-images/menu_folder_closed.gif HTTP/1.1" 200 169 "http://www.sozialedienste-awo.de/menu_empty.html" "Mozilla/4.0 (compatible; MSIE 6.0; Windows NT 5.1; SV1)"
217.70.141.120 - - [16/Jul/2008:20:53:32 +0200] "GET /menu-images/menu_folder_closed.gif HTTP/1.1" 200 169 "http://www.sozialedienste-awo.de/menu_empty.html" "Mozilla/4.0 (compatible; MSIE 6.0; Windows NT 5.1; SV1)"
217.70.141.120 - - [16/Jul/2008:20:53:32 +0200] "GET /menu-images/menu_tee.gif HTTP/1.1" 200 69 "http://www.sozialedienste-awo.de/menu_empty.html" "Mozilla/4.0 (compatible; MSIE 6.0; Windows NT 5.1; SV1)"
217.70.141.120 - - [16/Jul/2008:20:53:32 +0200] "GET /menu-images/menu_link_default.gif HTTP/1.1" 200 148 "http://www.sozialedienste-awo.de/menu_empty.html" "Mozilla/4.0 (compatible; MSIE 6.0; Windows NT 5.1; SV1)"
217.70.141.120 - - [16/Jul/2008:20:53:32 +0200] "GET /menu-images/menu_tee.gif HTTP/1.1" 200 69 "http://www.sozialedienste-awo.de/menu_empty.html" "Mozilla/4.0 (compatible; MSIE 6.0; Windows NT 5.1; SV1)"
217.70.141.120 - - [16/Jul/2008:20:53:32 +0200] "GET /menu-images/menu_tee.gif HTTP/1.1" 200 69 "http://www.sozialedienste-awo.de/menu_empty.html" "Mozilla/4.0 (compatible; MSIE 6.0; Windows NT 5.1; SV1)"
217.70.141.120 - - [16/Jul/2008:20:53:32 +0200] "GET /menu-images/menu_link_default.gif HTTP/1.1" 200 148 "http://www.sozialedienste-awo.de/menu_empty.html" "Mozilla/4.0 (compatible; MSIE 6.0; Windows NT 5.1; SV1)"
217.70.141.120 - - [16/Jul/2008:20:53:32 +0200] "GET /menu-images/menu_corner.gif HTTP/1.1" 200 66 "http://www.sozialedienste-awo.de/menu_empty.html" "Mozilla/4.0 (compatible; MSIE 6.0; Windows NT 5.1; SV1)"
217.70.141.120 - - [16/Jul/2008:20:53:32 +0200] "GET /menu-images/menu_link_default.gif HTTP/1.1" 200 148 "http://www.sozialedienste-awo.de/menu_empty.html" "Mozilla/4.0 (compatible; MSIE 6.0; Windows NT 5.1; SV1)"
87.185.246.211 - - [16/Jul/2008:20:53:32 +0200] "GET /menu-images/menu_tee_minus.gif HTTP/1.1" 200 69 "http://www.sozialedienste-awo.de/code.html" "Mozilla/4.0 (compatible; MSIE 7.0; Windows NT 6.0; SLCC1; .NET CLR 2.0.50727; .NET CLR 3.0.04506; .NET CLR 1.1.4322; InfoPath.1)"
87.185.246.211 - - [16/Jul/2008:20:53:33 +0200] "GET /menu-images/menu_folder_open.gif HTTP/1.1" 200 173 "http://www.sozialedienste-awo.de/code.html" "Mozilla/4.0 (compatible; MSIE 7.0; Windows NT 6.0; SLCC1; .NET CLR 2.0.50727; .NET CLR 3.0.04506; .NET CLR 1.1.4322; InfoPath.1)"
87.185.246.211 - - [16/Jul/2008:20:53:33 +0200] "GET /menu-images/menu_bar.gif HTTP/1.1" 200 66 "http://www.sozialedienste-awo.de/code.html" "Mozilla/4.0 (compatible; MSIE 7.0; Windows NT 6.0; SLCC1; .NET CLR 2.0.50727; .NET CLR 3.0.04506; .NET CLR 1.1.4322; InfoPath.1)"
87.185.246.211 - - [16/Jul/2008:20:53:35 +0200] "GET /menu-images/menu_link_external.gif HTTP/1.1" 200 148 "http://www.sozialedienste-awo.de/code.html" "Mozilla/4.0 (compatible; MSIE 7.0; Windows NT 6.0; SLCC1; .NET CLR 2.0.50727; .NET CLR 3.0.04506; .NET CLR 1.1.4322; InfoPath.1)"
87.185.246.211 - - [16/Jul/2008:20:53:37 +0200] "GET /kita/pusteblume/pusteblume.html HTTP/1.1" 200 1207 "http://www.sozialedienste-awo.de/code.html" "Mozilla/4.0 (compatible; MSIE 7.0; Windows NT 6.0; SLCC1; .NET CLR 2.0.50727; .NET CLR 3.0.04506; .NET CLR 1.1.4322; InfoPath.1)"
87.185.246.211 - - [16/Jul/2008:20:53:37 +0200] "GET /kita/pusteblume/images_gal/pusteblume_intro.jpg HTTP/1.1" 200 128108 "http://www.sozialedienste-awo.de/kita/pusteblume/pusteblume.html" "Mozilla/4.0 (compatible; MSIE 7.0; Windows NT 6.0; SLCC1; .NET CLR 2.0.50727; .NET CLR 3.0.04506; .NET CLR 1.1.4322; InfoPath.1)"
87.185.246.211 - - [16/Jul/2008:20:53:44 +0200] "GET /kita/pusteblume/pusteblume_galerie.html HTTP/1.1" 200 3668 "http://www.sozialedienste-awo.de/kita/pusteblume/pusteblume.html" "Mozilla/4.0 (compatible; MSIE 7.0; Windows NT 6.0; SLCC1; .NET CLR 2.0.50727; .NET CLR 3.0.04506; .NET CLR 1.1.4322; InfoPath.1)"
87.185.246.211 - - [16/Jul/2008:20:53:44 +0200] "GET /mtmtrack.js HTTP/1.1" 200 995 "http://www.sozialedienste-awo.de/kita/pusteblume/pusteblume_galerie.html" "Mozilla/4.0 (compatible; MSIE 7.0; Windows NT 6.0; SLCC1; .NET CLR 2.0.50727; .NET CLR 3.0.04506; .NET CLR 1.1.4322; InfoPath.1)"
87.185.246.211 - - [16/Jul/2008:20:53:45 +0200] "GET /images/back_butt.jpg HTTP/1.1" 200 1686 "http://www.sozialedienste-awo.de/kita/pusteblume/pusteblume_galerie.html" "Mozilla/4.0 (compatible; MSIE 7.0; Windows NT 6.0; SLCC1; .NET CLR 2.0.50727; .NET CLR 3.0.04506; .NET CLR 1.1.4322; InfoPath.1)"
87.185.246.211 - - [16/Jul/2008:20:53:45 +0200] "GET /kita/pusteblume/images_gal/erzieherteam_1_s.jpg HTTP/1.1" 200 27748 "http://www.sozialedienste-awo.de/kita/pusteblume/pusteblume_galerie.html" "Mozilla/4.0 (compatible; MSIE 7.0; Windows NT 6.0; SLCC1; .NET CLR 2.0.50727; .NET CLR 3.0.04506; .NET CLR 1.1.4322; InfoPath.1)"
87.185.246.211 - - [16/Jul/2008:20:53:45 +0200] "GET /kita/pusteblume/images_gal/haus_1_seitenansicht_s.jpg HTTP/1.1" 200 23282 "http://www.sozialedienste-awo.de/kita/pusteblume/pusteblume_galerie.html" "Mozilla/4.0 (compatible; MSIE 7.0; Windows NT 6.0; SLCC1; .NET CLR 2.0.50727; .NET CLR 3.0.04506; .NET CLR 1.1.4322; InfoPath.1)"
87.185.246.211 - - [16/Jul/2008:20:53:45 +0200] "GET /kita/pusteblume/images_gal/haus_1_spielplatz_s.jpg HTTP/1.1" 200 30747 "http://www.sozialedienste-awo.de/kita/pusteblume/pusteblume_galerie.html" "Mozilla/4.0 (compatible; MSIE 7.0; Windows NT 6.0; SLCC1; .NET CLR 2.0.50727; .NET CLR 3.0.04506; .NET CLR 1.1.4322; InfoPath.1)"
87.185.246.211 - - [16/Jul/2008:20:53:45 +0200] "GET /kita/pusteblume/images_gal/haus_2_aussen_s.jpg HTTP/1.1" 200 22156 "http://www.sozialedienste-awo.de/kita/pusteblume/pusteblume_galerie.html" "Mozilla/4.0 (compatible; MSIE 7.0; Windows NT 6.0; SLCC1; .NET CLR 2.0.50727; .NET CLR 3.0.04506; .NET CLR 1.1.4322; InfoPath.1)"
87.185.246.211 - - [16/Jul/2008:20:53:45 +0200] "GET /kita/pusteblume/images_gal/innenraum_zum_see_s.jpg HTTP/1.1" 200 25526 "http://www.sozialedienste-awo.de/kita/pusteblume/pusteblume_galerie.html" "Mozilla/4.0 (compatible; MSIE 7.0; Windows NT 6.0; SLCC1; .NET CLR 2.0.50727; .NET CLR 3.0.04506; .NET CLR 1.1.4322; InfoPath.1)"
87.185.246.211 - - [16/Jul/2008:20:53:45 +0200] "GET /kita/pusteblume/images_gal/kinder_beim_buch_anschauen_.jpg HTTP/1.1" 200 20698 "http://www.sozialedienste-awo.de/kita/pusteblume/pusteblume_galerie.html" "Mozilla/4.0 (compatible; MSIE 7.0; Windows NT 6.0; SLCC1; .NET CLR 2.0.50727; .NET CLR 3.0.04506; .NET CLR 1.1.4322; InfoPath.1)"
87.185.246.211 - - [16/Jul/2008:20:53:45 +0200] "GET /kita/pusteblume/images_gal/kinder_beim_holzturm_bauen_.jpg HTTP/1.1" 200 22949 "http://www.sozialedienste-awo.de/kita/pusteblume/pusteblume_galerie.html" "Mozilla/4.0 (compatible; MSIE 7.0; Windows NT 6.0; SLCC1; .NET CLR 2.0.50727; .NET CLR 3.0.04506; .NET CLR 1.1.4322; InfoPath.1)"
87.185.246.211 - - [16/Jul/2008:20:53:45 +0200] "GET /kita/pusteblume/images_gal/kinder_beim_picknick_s.jpg HTTP/1.1" 200 33587 "http://www.sozialedienste-awo.de/kita/pusteblume/pusteblume_galerie.html" "Mozilla/4.0 (compatible; MSIE 7.0; Windows NT 6.0; SLCC1; .NET CLR 2.0.50727; .NET CLR 3.0.04506; .NET CLR 1.1.4322; InfoPath.1)"
87.185.246.211 - - [16/Jul/2008:20:53:45 +0200] "GET /kita/pusteblume/images_gal/Sportraum_s.jpg HTTP/1.1" 200 18643 "http://www.sozialedienste-awo.de/kita/pusteblume/pusteblume_galerie.html" "Mozilla/4.0 (compatible; MSIE 7.0; Windows NT 6.0; SLCC1; .NET CLR 2.0.50727; .NET CLR 3.0.04506; .NET CLR 1.1.4322; InfoPath.1)"
217.70.141.120 - - [16/Jul/2008:20:53:46 +0200] "GET /menu-images/menu_folder_open.gif HTTP/1.1" 200 173 "http://www.sozialedienste-awo.de/menu_empty.html" "Mozilla/4.0 (compatible; MSIE 6.0; Windows NT 5.1; SV1)"
217.70.141.120 - - [16/Jul/2008:20:53:46 +0200] "GET /menu-images/menu_tee_minus.gif HTTP/1.1" 200 69 "http://www.sozialedienste-awo.de/menu_empty.html" "Mozilla/4.0 (compatible; MSIE 6.0; Windows NT 5.1; SV1)"
217.70.141.120 - - [16/Jul/2008:20:53:46 +0200] "GET /menu-images/menu_bar.gif HTTP/1.1" 200 66 "http://www.sozialedienste-awo.de/menu_empty.html" "Mozilla/4.0 (compatible; MSIE 6.0; Windows NT 5.1; SV1)"
217.70.141.120 - - [16/Jul/2008:20:53:46 +0200] "GET /menu-images/menu_bar.gif HTTP/1.1" 200 66 "http://www.sozialedienste-awo.de/menu_empty.html" "Mozilla/4.0 (compatible; MSIE 6.0; Windows NT 5.1; SV1)"
217.70.141.120 - - [16/Jul/2008:20:53:47 +0200] "GET /menu-images/menu_bar.gif HTTP/1.1" 200 66 "http://www.sozialedienste-awo.de/menu_empty.html" "Mozilla/4.0 (compatible; MSIE 6.0; Windows NT 5.1; SV1)"
217.70.141.120 - - [16/Jul/2008:20:53:47 +0200] "GET /menu-images/menu_bar.gif HTTP/1.1" 200 66 "http://www.sozialedienste-awo.de/menu_empty.html" "Mozilla/4.0 (compatible; MSIE 6.0; Windows NT 5.1; SV1)"
217.70.141.120 - - [16/Jul/2008:20:53:47 +0200] "GET /menu-images/menu_bar.gif HTTP/1.1" 200 66 "http://www.sozialedienste-awo.de/menu_empty.html" "Mozilla/4.0 (compatible; MSIE 6.0; Windows NT 5.1; SV1)"
87.185.246.211 - - [16/Jul/2008:20:53:48 +0200] "GET /kita/pusteblume/awo_bernau_kita_1.html HTTP/1.1" 200 1055 "-" "Mozilla/4.0 (compatible; MSIE 7.0; Windows NT 6.0; SLCC1; .NET CLR 2.0.50727; .NET CLR 3.0.04506; .NET CLR 1.1.4322; InfoPath.1)"
87.185.246.211 - - [16/Jul/2008:20:53:49 +0200] "GET /images/awo.css HTTP/1.1" 304 - "http://www.sozialedienste-awo.de/kita/pusteblume/awo_bernau_kita_1.html" "Mozilla/4.0 (compatible; MSIE 7.0; Windows NT 6.0; SLCC1; .NET CLR 2.0.50727; .NET CLR 3.0.04506; .NET CLR 1.1.4322; InfoPath.1)"
87.185.246.211 - - [16/Jul/2008:20:53:49 +0200] "GET /kita/pusteblume/images_gal/erzieherteam_1.jpg HTTP/1.1" 200 146906 "http://www.sozialedienste-awo.de/kita/pusteblume/awo_bernau_kita_1.html" "Mozilla/4.0 (compatible; MSIE 7.0; Windows NT 6.0; SLCC1; .NET CLR 2.0.50727; .NET CLR 3.0.04506; .NET CLR 1.1.4322; InfoPath.1)"
217.70.141.120 - - [16/Jul/2008:20:53:53 +0200] "GET /statwg.html HTTP/1.1" 200 4094 "http://www.sozialedienste-awo.de/menu_empty.html" "Mozilla/4.0 (compatible; MSIE 6.0; Windows NT 5.1; SV1)"
217.70.141.120 - - [16/Jul/2008:20:53:53 +0200] "GET /images/ambulante_wg/wg01.jpg HTTP/1.1" 200 28731 "http://www.sozialedienste-awo.de/statwg.html" "Mozilla/4.0 (compatible; MSIE 6.0; Windows NT 5.1; SV1)"
217.70.141.120 - - [16/Jul/2008:20:53:53 +0200] "GET /images/ambulante_wg/wg02.jpg HTTP/1.1" 200 28778 "http://www.sozialedienste-awo.de/statwg.html" "Mozilla/4.0 (compatible; MSIE 6.0; Windows NT 5.1; SV1)"
217.70.141.120 - - [16/Jul/2008:20:53:53 +0200] "GET /images/ambulante_wg/wg03.jpg HTTP/1.1" 200 23706 "http://www.sozialedienste-awo.de/statwg.html" "Mozilla/4.0 (compatible; MSIE 6.0; Windows NT 5.1; SV1)"
217.70.141.120 - - [16/Jul/2008:20:53:53 +0200] "GET /images/ambulante_wg/wg04.jpg HTTP/1.1" 200 19739 "http://www.sozialedienste-awo.de/statwg.html" "Mozilla/4.0 (compatible; MSIE 6.0; Windows NT 5.1; SV1)"
217.70.141.120 - - [16/Jul/2008:20:53:54 +0200] "GET /images/ambulante_wg/fiedler.jpg HTTP/1.1" 200 7469 "http://www.sozialedienste-awo.de/statwg.html" "Mozilla/4.0 (compatible; MSIE 6.0; Windows NT 5.1; SV1)"
87.185.246.211 - - [16/Jul/2008:20:54:53 +0200] "GET /kita/pusteblume/pusteblume.html HTTP/1.1" 304 - "http://www.sozialedienste-awo.de/code.html" "Mozilla/4.0 (compatible; MSIE 7.0; Windows NT 6.0; SLCC1; .NET CLR 2.0.50727; .NET CLR 3.0.04506; .NET CLR 1.1.4322; InfoPath.1)"
87.185.246.211 - - [16/Jul/2008:20:54:53 +0200] "GET /kita/pusteblume/images_gal/pusteblume_intro.jpg HTTP/1.1" 304 - "http://www.sozialedienste-awo.de/kita/pusteblume/pusteblume.html" "Mozilla/4.0 (compatible; MSIE 7.0; Windows NT 6.0; SLCC1; .NET CLR 2.0.50727; .NET CLR 3.0.04506; .NET CLR 1.1.4322; InfoPath.1)"
87.185.246.211 - - [16/Jul/2008:20:54:53 +0200] "GET /images/bg_tab.gif HTTP/1.1" 304 - "http://www.sozialedienste-awo.de/kita/pusteblume/pusteblume.html" "Mozilla/4.0 (compatible; MSIE 7.0; Windows NT 6.0; SLCC1; .NET CLR 2.0.50727; .NET CLR 3.0.04506; .NET CLR 1.1.4322; InfoPath.1)"
87.185.246.211 - - [16/Jul/2008:20:54:55 +0200] "GET /kita/pusteblume/pusteblume_info.html HTTP/1.1" 200 3785 "http://www.sozialedienste-awo.de/kita/pusteblume/pusteblume.html" "Mozilla/4.0 (compatible; MSIE 7.0; Windows NT 6.0; SLCC1; .NET CLR 2.0.50727; .NET CLR 3.0.04506; .NET CLR 1.1.4322; InfoPath.1)"
87.185.246.211 - - [16/Jul/2008:20:54:55 +0200] "GET /mtmtrack.js HTTP/1.1" 304 - "http://www.sozialedienste-awo.de/kita/pusteblume/pusteblume_info.html" "Mozilla/4.0 (compatible; MSIE 7.0; Windows NT 6.0; SLCC1; .NET CLR 2.0.50727; .NET CLR 3.0.04506; .NET CLR 1.1.4322; InfoPath.1)"
87.185.246.211 - - [16/Jul/2008:20:54:55 +0200] "GET /images/back_butt.jpg HTTP/1.1" 304 - "http://www.sozialedienste-awo.de/kita/pusteblume/pusteblume_info.html" "Mozilla/4.0 (compatible; MSIE 7.0; Windows NT 6.0; SLCC1; .NET CLR 2.0.50727; .NET CLR 3.0.04506; .NET CLR 1.1.4322; InfoPath.1)"
87.185.246.211 - - [16/Jul/2008:20:54:55 +0200] "GET /menu-images/menu_tee.gif HTTP/1.1" 304 - "http://www.sozialedienste-awo.de/code.html" "Mozilla/4.0 (compatible; MSIE 7.0; Windows NT 6.0; SLCC1; .NET CLR 2.0.50727; .NET CLR 3.0.04506; .NET CLR 1.1.4322; InfoPath.1)"
87.185.246.211 - - [16/Jul/2008:20:54:55 +0200] "GET /menu-images/menu_link_default.gif HTTP/1.1" 304 - "http://www.sozialedienste-awo.de/code.html" "Mozilla/4.0 (compatible; MSIE 7.0; Windows NT 6.0; SLCC1; .NET CLR 2.0.50727; .NET CLR 3.0.04506; .NET CLR 1.1.4322; InfoPath.1)"
87.185.246.211 - - [16/Jul/2008:20:54:55 +0200] "GET /menu-images/menu_tee_minus.gif HTTP/1.1" 304 - "http://www.sozialedienste-awo.de/code.html" "Mozilla/4.0 (compatible; MSIE 7.0; Windows NT 6.0; SLCC1; .NET CLR 2.0.50727; .NET CLR 3.0.04506; .NET CLR 1.1.4322; InfoPath.1)"
87.185.246.211 - - [16/Jul/2008:20:54:55 +0200] "GET /menu-images/menu_folder_open.gif HTTP/1.1" 304 - "http://www.sozialedienste-awo.de/code.html" "Mozilla/4.0 (compatible; MSIE 7.0; Windows NT 6.0; SLCC1; .NET CLR 2.0.50727; .NET CLR 3.0.04506; .NET CLR 1.1.4322; InfoPath.1)"
87.185.246.211 - - [16/Jul/2008:20:54:55 +0200] "GET /menu-images/menu_bar.gif HTTP/1.1" 304 - "http://www.sozialedienste-awo.de/code.html" "Mozilla/4.0 (compatible; MSIE 7.0; Windows NT 6.0; SLCC1; .NET CLR 2.0.50727; .NET CLR 3.0.04506; .NET CLR 1.1.4322; InfoPath.1)"
87.185.246.211 - - [16/Jul/2008:20:54:55 +0200] "GET /menu-images/menu_link_external.gif HTTP/1.1" 304 - "http://www.sozialedienste-awo.de/code.html" "Mozilla/4.0 (compatible; MSIE 7.0; Windows NT 6.0; SLCC1; .NET CLR 2.0.50727; .NET CLR 3.0.04506; .NET CLR 1.1.4322; InfoPath.1)"
87.185.246.211 - - [16/Jul/2008:20:54:55 +0200] "GET /menu-images/menu_corner.gif HTTP/1.1" 304 - "http://www.sozialedienste-awo.de/code.html" "Mozilla/4.0 (compatible; MSIE 7.0; Windows NT 6.0; SLCC1; .NET CLR 2.0.50727; .NET CLR 3.0.04506; .NET CLR 1.1.4322; InfoPath.1)"
87.185.246.211 - - [16/Jul/2008:20:54:55 +0200] "GET /menu-images/menu_folder_closed.gif HTTP/1.1" 304 - "http://www.sozialedienste-awo.de/code.html" "Mozilla/4.0 (compatible; MSIE 7.0; Windows NT 6.0; SLCC1; .NET CLR 2.0.50727; .NET CLR 3.0.04506; .NET CLR 1.1.4322; InfoPath.1)"
87.185.246.211 - - [16/Jul/2008:20:55:37 +0200] "GET /kinderland/index.html HTTP/1.1" 200 587 "http://www.sozialedienste-awo.de/code.html" "Mozilla/4.0 (compatible; MSIE 7.0; Windows NT 6.0; SLCC1; .NET CLR 2.0.50727; .NET CLR 3.0.04506; .NET CLR 1.1.4322; InfoPath.1)"
87.185.246.211 - - [16/Jul/2008:20:55:37 +0200] "GET /favicon.ico HTTP/1.1" 404 1256 "-" "Mozilla/4.0 (compatible; MSIE 7.0; Windows NT 6.0; SLCC1; .NET CLR 2.0.50727; .NET CLR 3.0.04506; .NET CLR 1.1.4322; InfoPath.1)"
87.185.246.211 - - [16/Jul/2008:20:55:38 +0200] "GET /kinderland/logo.htm HTTP/1.1" 200 306 "http://www.awo-kv-bernau.de/kinderland/index.html" "Mozilla/4.0 (compatible; MSIE 7.0; Windows NT 6.0; SLCC1; .NET CLR 2.0.50727; .NET CLR 3.0.04506; .NET CLR 1.1.4322; InfoPath.1)"
87.185.246.211 - - [16/Jul/2008:20:55:38 +0200] "GET /kinderland/start.htm HTTP/1.1" 200 848 "http://www.awo-kv-bernau.de/kinderland/index.html" "Mozilla/4.0 (compatible; MSIE 7.0; Windows NT 6.0; SLCC1; .NET CLR 2.0.50727; .NET CLR 3.0.04506; .NET CLR 1.1.4322; InfoPath.1)"
87.185.246.211 - - [16/Jul/2008:20:55:38 +0200] "GET /kinderland/inhalt.htm HTTP/1.1" 200 10169 "http://www.awo-kv-bernau.de/kinderland/index.html" "Mozilla/4.0 (compatible; MSIE 7.0; Windows NT 6.0; SLCC1; .NET CLR 2.0.50727; .NET CLR 3.0.04506; .NET CLR 1.1.4322; InfoPath.1)"
87.185.246.211 - - [16/Jul/2008:20:55:38 +0200] "GET /kinderland/images/kinderland.gif HTTP/1.1" 200 8758 "http://www.awo-kv-bernau.de/kinderland/start.htm" "Mozilla/4.0 (compatible; MSIE 7.0; Windows NT 6.0; SLCC1; .NET CLR 2.0.50727; .NET CLR 3.0.04506; .NET CLR 1.1.4322; InfoPath.1)"
87.185.246.211 - - [16/Jul/2008:20:55:38 +0200] "GET /kinderland/images/logo.gif HTTP/1.1" 200 25049 "http://www.awo-kv-bernau.de/kinderland/logo.htm" "Mozilla/4.0 (compatible; MSIE 7.0; Windows NT 6.0; SLCC1; .NET CLR 2.0.50727; .NET CLR 3.0.04506; .NET CLR 1.1.4322; InfoPath.1)"
87.185.246.211 - - [16/Jul/2008:20:55:38 +0200] "GET /kinderland/images/kinderland.jpg HTTP/1.1" 200 30609 "http://www.awo-kv-bernau.de/kinderland/start.htm" "Mozilla/4.0 (compatible; MSIE 7.0; Windows NT 6.0; SLCC1; .NET CLR 2.0.50727; .NET CLR 3.0.04506; .NET CLR 1.1.4322; InfoPath.1)"
87.185.246.211 - - [16/Jul/2008:20:55:38 +0200] "GET /kinderland/images-inhalt/spacer.gif HTTP/1.1" 200 43 "http://www.awo-kv-bernau.de/kinderland/inhalt.htm" "Mozilla/4.0 (compatible; MSIE 7.0; Windows NT 6.0; SLCC1; .NET CLR 2.0.50727; .NET CLR 3.0.04506; .NET CLR 1.1.4322; InfoPath.1)"
87.185.246.211 - - [16/Jul/2008:20:55:38 +0200] "GET /kinderland/images-inhalt/inhalt_r1_c1.gif HTTP/1.1" 200 67 "http://www.awo-kv-bernau.de/kinderland/inhalt.htm" "Mozilla/4.0 (compatible; MSIE 7.0; Windows NT 6.0; SLCC1; .NET CLR 2.0.50727; .NET CLR 3.0.04506; .NET CLR 1.1.4322; InfoPath.1)"
87.185.246.211 - - [16/Jul/2008:20:55:38 +0200] "GET /kinderland/images-inhalt/inhalt_r2_c1.gif HTTP/1.1" 200 115 "http://www.awo-kv-bernau.de/kinderland/inhalt.htm" "Mozilla/4.0 (compatible; MSIE 7.0; Windows NT 6.0; SLCC1; .NET CLR 2.0.50727; .NET CLR 3.0.04506; .NET CLR 1.1.4322; InfoPath.1)"
87.185.246.211 - - [16/Jul/2008:20:55:38 +0200] "GET /kinderland/images-inhalt/inhalt_r2_c2.gif HTTP/1.1" 200 502 "http://www.awo-kv-bernau.de/kinderland/inhalt.htm" "Mozilla/4.0 (compatible; MSIE 7.0; Windows NT 6.0; SLCC1; .NET CLR 2.0.50727; .NET CLR 3.0.04506; .NET CLR 1.1.4322; InfoPath.1)"
87.185.246.211 - - [16/Jul/2008:20:55:38 +0200] "GET /kinderland/images-inhalt/inhalt_r2_c4.gif HTTP/1.1" 200 66 "http://www.awo-kv-bernau.de/kinderland/inhalt.htm" "Mozilla/4.0 (compatible; MSIE 7.0; Windows NT 6.0; SLCC1; .NET CLR 2.0.50727; .NET CLR 3.0.04506; .NET CLR 1.1.4322; InfoPath.1)"
87.185.246.211 - - [16/Jul/2008:20:55:38 +0200] "GET /kinderland/images-inhalt/inhalt_r3_c2.gif HTTP/1.1" 200 99 "http://www.awo-kv-bernau.de/kinderland/inhalt.htm" "Mozilla/4.0 (compatible; MSIE 7.0; Windows NT 6.0; SLCC1; .NET CLR 2.0.50727; .NET CLR 3.0.04506; .NET CLR 1.1.4322; InfoPath.1)"
