84.183.84.234 - - [06/Feb/2009:13:00:02 +0100] "GET /index.php?index=2147483647 HTTP/1.1" 200 12655 "http://www.sozialedienste-awo.de/index.php?index=2147483647" "Mozilla/4.0 (compatible; MSIE 6.0; Windows NT 5.1; SV1; .NET CLR 1.1.4322)"
84.183.84.234 - - [06/Feb/2009:13:00:02 +0100] "GET /calendar/termine2.php HTTP/1.1" 200 1441 "http://www.sozialedienste-awo.de/index.php?index=2147483647" "Mozilla/4.0 (compatible; MSIE 6.0; Windows NT 5.1; SV1; .NET CLR 1.1.4322)"
84.183.84.234 - - [06/Feb/2009:13:00:02 +0100] "GET /calendar/calendar2.php HTTP/1.1" 200 16547 "http://www.sozialedienste-awo.de/index.php?index=2147483647" "Mozilla/4.0 (compatible; MSIE 6.0; Windows NT 5.1; SV1; .NET CLR 1.1.4322)"
84.183.84.234 - - [06/Feb/2009:13:00:10 +0100] "GET /index.php?index=300000000 HTTP/1.1" 200 4702 "http://www.sozialedienste-awo.de/index.php?index=2147483647" "Mozilla/4.0 (compatible; MSIE 6.0; Windows NT 5.1; SV1; .NET CLR 1.1.4322)"
84.183.84.234 - - [06/Feb/2009:13:00:11 +0100] "GET /calendar/calendar2.php HTTP/1.1" 200 16547 "http://www.sozialedienste-awo.de/index.php?index=300000000" "Mozilla/4.0 (compatible; MSIE 6.0; Windows NT 5.1; SV1; .NET CLR 1.1.4322)"
84.183.84.234 - - [06/Feb/2009:13:00:11 +0100] "GET /calendar/termine2.php HTTP/1.1" 200 1441 "http://www.sozialedienste-awo.de/index.php?index=300000000" "Mozilla/4.0 (compatible; MSIE 6.0; Windows NT 5.1; SV1; .NET CLR 1.1.4322)"
84.183.84.234 - - [06/Feb/2009:13:00:15 +0100] "GET /index.php?index=200000000 HTTP/1.1" 200 6775 "http://www.sozialedienste-awo.de/index.php?index=300000000" "Mozilla/4.0 (compatible; MSIE 6.0; Windows NT 5.1; SV1; .NET CLR 1.1.4322)"
84.183.84.234 - - [06/Feb/2009:13:00:15 +0100] "GET /img/uploads/vorstand.jpg HTTP/1.1" 200 46009 "http://www.sozialedienste-awo.de/index.php?index=200000000" "Mozilla/4.0 (compatible; MSIE 6.0; Windows NT 5.1; SV1; .NET CLR 1.1.4322)"
84.183.84.234 - - [06/Feb/2009:13:00:15 +0100] "GET /calendar/calendar2.php HTTP/1.1" 200 16547 "http://www.sozialedienste-awo.de/index.php?index=200000000" "Mozilla/4.0 (compatible; MSIE 6.0; Windows NT 5.1; SV1; .NET CLR 1.1.4322)"
84.183.84.234 - - [06/Feb/2009:13:00:15 +0100] "GET /calendar/termine2.php HTTP/1.1" 200 1441 "http://www.sozialedienste-awo.de/index.php?index=200000000" "Mozilla/4.0 (compatible; MSIE 6.0; Windows NT 5.1; SV1; .NET CLR 1.1.4322)"
66.249.71.37 - - [06/Feb/2009:13:10:59 +0100] "GET /calendar/calendar.php?m=223 HTTP/1.1" 200 5770 "-" "Mozilla/5.0 (compatible; Googlebot/2.1; +http://www.google.com/bot.html)"
66.249.71.37 - - [06/Feb/2009:13:22:48 +0100] "GET /index.php?index=100000000 HTTP/1.1" 200 5318 "-" "Mozilla/5.0 (compatible; Googlebot/2.1; +http://www.google.com/bot.html)"
66.249.71.38 - - [06/Feb/2009:13:33:22 +0100] "GET /calendar/calendar.php?m=210 HTTP/1.1" 200 5861 "-" "Mozilla/5.0 (compatible; Googlebot/2.1; +http://www.google.com/bot.html)"
217.91.111.186 - - [06/Feb/2009:13:34:25 +0100] "GET /calendar/calendar2.php HTTP/1.1" 200 16547 "http://www.awo-kv-bernau.de/" "Mozilla/5.0 (Windows; U; Windows NT 5.1; de; rv:1.9) Gecko/2008052906 Firefox/3.0"
217.91.111.186 - - [06/Feb/2009:13:34:26 +0100] "GET /calendar/termine2.php HTTP/1.1" 200 1441 "http://www.awo-kv-bernau.de/" "Mozilla/5.0 (Windows; U; Windows NT 5.1; de; rv:1.9) Gecko/2008052906 Firefox/3.0"
217.91.111.186 - - [06/Feb/2009:13:34:27 +0100] "GET /img/links.png HTTP/1.1" 200 265 "http://www.sozialedienste-awo.de/calendar/calendar2.php" "Mozilla/5.0 (Windows; U; Windows NT 5.1; de; rv:1.9) Gecko/2008052906 Firefox/3.0"
217.91.111.186 - - [06/Feb/2009:13:34:27 +0100] "GET /img/rechts.png HTTP/1.1" 200 257 "http://www.sozialedienste-awo.de/calendar/calendar2.php" "Mozilla/5.0 (Windows; U; Windows NT 5.1; de; rv:1.9) Gecko/2008052906 Firefox/3.0"
217.91.111.186 - - [06/Feb/2009:13:34:36 +0100] "GET /calendar/termine2.php HTTP/1.1" 200 1441 "http://www.awo-kv-bernau.de/?index=205000000" "Mozilla/5.0 (Windows; U; Windows NT 5.1; de; rv:1.9) Gecko/2008052906 Firefox/3.0"
217.91.111.186 - - [06/Feb/2009:13:34:36 +0100] "GET /calendar/calendar2.php HTTP/1.1" 200 16547 "http://www.awo-kv-bernau.de/?index=205000000" "Mozilla/5.0 (Windows; U; Windows NT 5.1; de; rv:1.9) Gecko/2008052906 Firefox/3.0"
217.91.111.186 - - [06/Feb/2009:13:34:50 +0100] "GET /formulare/Stellenanzeige%20KV.pdf HTTP/1.1" 200 41480 "http://www.awo-kv-bernau.de/?index=205000000" "Mozilla/5.0 (Windows; U; Windows NT 5.1; de; rv:1.9) Gecko/2008052906 Firefox/3.0"
217.91.111.186 - - [06/Feb/2009:13:34:53 +0100] "GET /favicon.ico HTTP/1.1" 404 - "-" "Mozilla/5.0 (Windows; U; Windows NT 5.1; de; rv:1.9) Gecko/2008052906 Firefox/3.0"
217.91.111.186 - - [06/Feb/2009:13:34:56 +0100] "GET /favicon.ico HTTP/1.1" 404 - "-" "Mozilla/5.0 (Windows; U; Windows NT 5.1; de; rv:1.9) Gecko/2008052906 Firefox/3.0"
85.25.66.34 - - [06/Feb/2009:13:36:02 +0100] "GET / HTTP/1.1" 200 5318 "http://www.spydom.de" "Mozilla/5.0 (Windows; U; Windows NT 5.1; de; rv:1.8.1) Gecko/20061010 Firefox/2.0"
67.195.37.113 - - [06/Feb/2009:13:46:46 +0100] "GET / HTTP/1.0" 200 5318 "-" "Mozilla/5.0 (compatible; Yahoo! Slurp; http://help.yahoo.com/help/us/ysearch/slurp)"
87.187.178.63 - - [06/Feb/2009:13:55:36 +0100] "GET /calendar/termine2.php HTTP/1.1" 200 1441 "http://www.awo-kv-bernau.de/" "Mozilla/4.0 (compatible; MSIE 7.0; Windows NT 5.1)"
87.187.178.63 - - [06/Feb/2009:13:55:36 +0100] "GET /calendar/calendar2.php HTTP/1.1" 200 16547 "http://www.awo-kv-bernau.de/" "Mozilla/4.0 (compatible; MSIE 7.0; Windows NT 5.1)"
87.187.178.63 - - [06/Feb/2009:13:55:37 +0100] "GET /img/links.png HTTP/1.1" 200 265 "http://www.sozialedienste-awo.de/calendar/calendar2.php" "Mozilla/4.0 (compatible; MSIE 7.0; Windows NT 5.1)"
87.187.178.63 - - [06/Feb/2009:13:55:37 +0100] "GET /img/rechts.png HTTP/1.1" 200 257 "http://www.sozialedienste-awo.de/calendar/calendar2.php" "Mozilla/4.0 (compatible; MSIE 7.0; Windows NT 5.1)"
66.249.71.36 - - [06/Feb/2009:13:55:54 +0100] "GET /calendar/calendar.php?m=-224 HTTP/1.1" 200 5775 "-" "Mozilla/5.0 (compatible; Googlebot/2.1; +http://www.google.com/bot.html)"
66.249.71.37 - - [06/Feb/2009:13:59:22 +0100] "GET /calendar/calendar2.php?m=330 HTTP/1.1" 200 5863 "-" "Mozilla/5.0 (compatible; Googlebot/2.1; +http://www.google.com/bot.html)"
66.249.71.37 - - [06/Feb/2009:13:59:23 +0100] "GET /calendar/calendar2.php?m=-332 HTTP/1.1" 200 5765 "-" "Mozilla/5.0 (compatible; Googlebot/2.1; +http://www.google.com/bot.html)"
66.231.188.140 - - [06/Feb/2009:14:00:03 +0100] "GET /robots.txt HTTP/1.0" 404 - "-" "Gigabot/3.0 (http://www.gigablast.com/spider.html)"
66.231.188.140 - - [06/Feb/2009:14:00:03 +0100] "GET /?index=100000000 HTTP/1.0" 200 5318 "-" "Gigabot/3.0 (http://www.gigablast.com/spider.html)"
66.249.71.36 - - [06/Feb/2009:14:14:24 +0100] "GET /index.php?index=504000000 HTTP/1.1" 200 3368 "-" "Mozilla/5.0 (compatible; Googlebot/2.1; +http://www.google.com/bot.html)"
87.187.196.217 - - [06/Feb/2009:14:20:13 +0100] "GET /calendar/termine2.php HTTP/1.1" 200 1441 "http://www.awo-kv-bernau.de/" "Mozilla/5.0 (Windows; U; Windows NT 5.1; de; rv:1.9.0.6) Gecko/2009011913 Firefox/3.0.6"
87.187.196.217 - - [06/Feb/2009:14:20:13 +0100] "GET /calendar/calendar2.php HTTP/1.1" 200 16547 "http://www.awo-kv-bernau.de/" "Mozilla/5.0 (Windows; U; Windows NT 5.1; de; rv:1.9.0.6) Gecko/2009011913 Firefox/3.0.6"
87.187.196.217 - - [06/Feb/2009:14:20:13 +0100] "GET /img/links.png HTTP/1.1" 200 265 "http://www.sozialedienste-awo.de/calendar/calendar2.php" "Mozilla/5.0 (Windows; U; Windows NT 5.1; de; rv:1.9.0.6) Gecko/2009011913 Firefox/3.0.6"
87.187.196.217 - - [06/Feb/2009:14:20:13 +0100] "GET /img/rechts.png HTTP/1.1" 200 257 "http://www.sozialedienste-awo.de/calendar/calendar2.php" "Mozilla/5.0 (Windows; U; Windows NT 5.1; de; rv:1.9.0.6) Gecko/2009011913 Firefox/3.0.6"
87.187.196.217 - - [06/Feb/2009:14:20:22 +0100] "GET /calendar/calendar2.php HTTP/1.1" 200 16547 "http://www.awo-kv-bernau.de/?index=205000000" "Mozilla/5.0 (Windows; U; Windows NT 5.1; de; rv:1.9.0.6) Gecko/2009011913 Firefox/3.0.6"
87.187.196.217 - - [06/Feb/2009:14:20:22 +0100] "GET /calendar/termine2.php HTTP/1.1" 200 1441 "http://www.awo-kv-bernau.de/?index=205000000" "Mozilla/5.0 (Windows; U; Windows NT 5.1; de; rv:1.9.0.6) Gecko/2009011913 Firefox/3.0.6"
87.187.196.217 - - [06/Feb/2009:14:20:36 +0100] "GET /calendar/termine2.php HTTP/1.1" 200 1441 "http://www.awo-kv-bernau.de/?index=305000000" "Mozilla/5.0 (Windows; U; Windows NT 5.1; de; rv:1.9.0.6) Gecko/2009011913 Firefox/3.0.6"
87.187.196.217 - - [06/Feb/2009:14:20:36 +0100] "GET /calendar/calendar2.php HTTP/1.1" 200 16547 "http://www.awo-kv-bernau.de/?index=305000000" "Mozilla/5.0 (Windows; U; Windows NT 5.1; de; rv:1.9.0.6) Gecko/2009011913 Firefox/3.0.6"
87.187.196.217 - - [06/Feb/2009:14:20:45 +0100] "GET /calendar/termine2.php HTTP/1.1" 200 1441 "http://www.awo-kv-bernau.de/?index=304000000" "Mozilla/5.0 (Windows; U; Windows NT 5.1; de; rv:1.9.0.6) Gecko/2009011913 Firefox/3.0.6"
87.187.196.217 - - [06/Feb/2009:14:20:45 +0100] "GET /calendar/calendar2.php HTTP/1.1" 200 16547 "http://www.awo-kv-bernau.de/?index=304000000" "Mozilla/5.0 (Windows; U; Windows NT 5.1; de; rv:1.9.0.6) Gecko/2009011913 Firefox/3.0.6"
87.187.196.217 - - [06/Feb/2009:14:21:09 +0100] "GET /calendar/calendar2.php HTTP/1.1" 200 16547 "http://www.awo-kv-bernau.de/?index=500000000" "Mozilla/5.0 (Windows; U; Windows NT 5.1; de; rv:1.9.0.6) Gecko/2009011913 Firefox/3.0.6"
87.187.196.217 - - [06/Feb/2009:14:21:09 +0100] "GET /calendar/termine2.php HTTP/1.1" 200 1441 "http://www.awo-kv-bernau.de/?index=500000000" "Mozilla/5.0 (Windows; U; Windows NT 5.1; de; rv:1.9.0.6) Gecko/2009011913 Firefox/3.0.6"
87.187.196.217 - - [06/Feb/2009:14:22:04 +0100] "GET /calendar/calendar2.php HTTP/1.1" 200 16547 "http://www.awo-kv-bernau.de/" "Mozilla/5.0 (Windows; U; Windows NT 5.1; de; rv:1.9.0.6) Gecko/2009011913 Firefox/3.0.6"
87.187.196.217 - - [06/Feb/2009:14:22:04 +0100] "GET /calendar/termine2.php HTTP/1.1" 200 1441 "http://www.awo-kv-bernau.de/" "Mozilla/5.0 (Windows; U; Windows NT 5.1; de; rv:1.9.0.6) Gecko/2009011913 Firefox/3.0.6"
67.195.37.113 - - [06/Feb/2009:14:31:40 +0100] "GET /calendar/calendar2.php HTTP/1.0" 200 16547 "http://www.awo-kv-bernau.de/?index=500000000" "Mozilla/5.0 (compatible; Yahoo! Slurp/3.0; http://help.yahoo.com/help/us/ysearch/slurp)"
67.195.37.113 - - [06/Feb/2009:14:31:50 +0100] "GET /calendar/termine2.php HTTP/1.0" 200 1441 "http://www.awo-kv-bernau.de/?index=500000000" "Mozilla/5.0 (compatible; Yahoo! Slurp/3.0; http://help.yahoo.com/help/us/ysearch/slurp)"
67.195.37.113 - - [06/Feb/2009:14:34:38 +0100] "GET /index.php?index=501000000 HTTP/1.0" 200 14838 "-" "Mozilla/5.0 (compatible; Yahoo! Slurp; http://help.yahoo.com/help/us/ysearch/slurp)"
79.193.205.215 - - [06/Feb/2009:14:36:19 +0100] "GET /calendar/calendar2.php HTTP/1.1" 200 16547 "http://www.awo-kv-bernau.de/" "Mozilla/5.0 (Windows; U; Windows NT 5.1; de-DE; rv:1.7.5) Gecko/20041108 Firefox/1.0"
79.193.205.215 - - [06/Feb/2009:14:36:19 +0100] "GET /calendar/termine2.php HTTP/1.1" 200 1441 "http://www.awo-kv-bernau.de/" "Mozilla/5.0 (Windows; U; Windows NT 5.1; de-DE; rv:1.7.5) Gecko/20041108 Firefox/1.0"
79.193.205.215 - - [06/Feb/2009:14:36:20 +0100] "GET /img/links.png HTTP/1.1" 200 265 "http://www.sozialedienste-awo.de/calendar/calendar2.php" "Mozilla/5.0 (Windows; U; Windows NT 5.1; de-DE; rv:1.7.5) Gecko/20041108 Firefox/1.0"
79.193.205.215 - - [06/Feb/2009:14:36:20 +0100] "GET /img/rechts.png HTTP/1.1" 200 257 "http://www.sozialedienste-awo.de/calendar/calendar2.php" "Mozilla/5.0 (Windows; U; Windows NT 5.1; de-DE; rv:1.7.5) Gecko/20041108 Firefox/1.0"
79.193.205.215 - - [06/Feb/2009:14:37:18 +0100] "GET /calendar/calendar2.php HTTP/1.1" 200 16547 "http://www.awo-kv-bernau.de/?index=500000000" "Mozilla/5.0 (Windows; U; Windows NT 5.1; de-DE; rv:1.7.5) Gecko/20041108 Firefox/1.0"
79.193.205.215 - - [06/Feb/2009:14:37:18 +0100] "GET /calendar/termine2.php HTTP/1.1" 200 1441 "http://www.awo-kv-bernau.de/?index=500000000" "Mozilla/5.0 (Windows; U; Windows NT 5.1; de-DE; rv:1.7.5) Gecko/20041108 Firefox/1.0"
79.193.205.215 - - [06/Feb/2009:14:38:10 +0100] "GET /calendar/termine2.php HTTP/1.1" 200 1441 "http://www.awo-kv-bernau.de/?index=500000000" "Mozilla/5.0 (Windows; U; Windows NT 5.1; de-DE; rv:1.7.5) Gecko/20041108 Firefox/1.0"
79.193.205.215 - - [06/Feb/2009:14:38:10 +0100] "GET /calendar/calendar2.php HTTP/1.1" 200 16547 "http://www.awo-kv-bernau.de/?index=500000000" "Mozilla/5.0 (Windows; U; Windows NT 5.1; de-DE; rv:1.7.5) Gecko/20041108 Firefox/1.0"
66.249.71.38 - - [06/Feb/2009:14:40:16 +0100] "GET /index.php?id=9 HTTP/1.1" 200 5318 "-" "Mozilla/5.0 (compatible; Googlebot/2.1; +http://www.google.com/bot.html)"
66.249.71.36 - - [06/Feb/2009:14:40:48 +0100] "GET /calendar/calendar.php?m=205 HTTP/1.1" 200 5868 "-" "Mozilla/5.0 (compatible; Googlebot/2.1; +http://www.google.com/bot.html)"
67.195.37.159 - - [06/Feb/2009:14:59:34 +0100] "GET /robots.txt HTTP/1.0" 404 - "-" "Mozilla/5.0 (compatible; Yahoo! Slurp; http://help.yahoo.com/help/us/ysearch/slurp)"
67.195.37.159 - - [06/Feb/2009:14:59:34 +0100] "GET /index.php?index=400000000 HTTP/1.0" 200 3799 "-" "Mozilla/5.0 (compatible; Yahoo! Slurp; http://help.yahoo.com/help/us/ysearch/slurp)"
66.249.71.38 - - [06/Feb/2009:15:03:23 +0100] "GET /robots.txt HTTP/1.1" 404 - "-" "Mozilla/5.0 (compatible; Googlebot/2.1; +http://www.google.com/bot.html)"
66.249.71.38 - - [06/Feb/2009:15:03:23 +0100] "GET /calendar/calendar.php?m=235 HTTP/1.1" 200 5778 "-" "Mozilla/5.0 (compatible; Googlebot/2.1; +http://www.google.com/bot.html)"
67.195.37.159 - - [06/Feb/2009:15:11:36 +0100] "GET /index.php?index=200000000 HTTP/1.0" 200 6775 "-" "Mozilla/5.0 (compatible; Yahoo! Slurp; http://help.yahoo.com/help/us/ysearch/slurp)"
87.187.178.63 - - [06/Feb/2009:15:15:51 +0100] "GET /calendar/termine2.php HTTP/1.1" 200 1441 "http://www.awo-kv-bernau.de/" "Mozilla/4.0 (compatible; MSIE 7.0; Windows NT 5.1)"
87.187.178.63 - - [06/Feb/2009:15:15:51 +0100] "GET /calendar/calendar2.php HTTP/1.1" 200 16547 "http://www.awo-kv-bernau.de/" "Mozilla/4.0 (compatible; MSIE 7.0; Windows NT 5.1)"
87.187.178.63 - - [06/Feb/2009:15:15:51 +0100] "GET /img/links.png HTTP/1.1" 200 265 "http://www.sozialedienste-awo.de/calendar/calendar2.php" "Mozilla/4.0 (compatible; MSIE 7.0; Windows NT 5.1)"
87.187.178.63 - - [06/Feb/2009:15:15:51 +0100] "GET /img/rechts.png HTTP/1.1" 200 257 "http://www.sozialedienste-awo.de/calendar/calendar2.php" "Mozilla/4.0 (compatible; MSIE 7.0; Windows NT 5.1)"
66.249.71.37 - - [06/Feb/2009:15:25:46 +0100] "GET /calendar/calendar.php?m=-219 HTTP/1.1" 200 5775 "-" "Mozilla/5.0 (compatible; Googlebot/2.1; +http://www.google.com/bot.html)"
67.195.37.159 - - [06/Feb/2009:15:31:11 +0100] "GET /calendar/calendar2.php HTTP/1.0" 200 16547 "http://www.awo-kv-bernau.de/?index=303000000" "Mozilla/5.0 (compatible; Yahoo! Slurp/3.0; http://help.yahoo.com/help/us/ysearch/slurp)"
67.195.37.159 - - [06/Feb/2009:15:31:21 +0100] "GET /calendar/termine2.php HTTP/1.0" 200 1441 "http://www.awo-kv-bernau.de/?index=303000000" "Mozilla/5.0 (compatible; Yahoo! Slurp/3.0; http://help.yahoo.com/help/us/ysearch/slurp)"
66.249.71.36 - - [06/Feb/2009:15:31:49 +0100] "GET /index.php?id=0 HTTP/1.1" 200 5318 "-" "Mozilla/5.0 (compatible; Googlebot/2.1; +http://www.google.com/bot.html)"
66.249.71.36 - - [06/Feb/2009:15:48:16 +0100] "GET /calendar/calendar.php?m=201 HTTP/1.1" 200 5781 "-" "Mozilla/5.0 (compatible; Googlebot/2.1; +http://www.google.com/bot.html)"
66.249.71.38 - - [06/Feb/2009:16:08:28 +0100] "GET /calendar/calendar2.php?m=-333 HTTP/1.1" 200 5862 "-" "Mozilla/5.0 (compatible; Googlebot/2.1; +http://www.google.com/bot.html)"
66.249.71.38 - - [06/Feb/2009:16:08:29 +0100] "GET /calendar/calendar2.php?m=331 HTTP/1.1" 200 5768 "-" "Mozilla/5.0 (compatible; Googlebot/2.1; +http://www.google.com/bot.html)"
66.249.71.38 - - [06/Feb/2009:16:10:46 +0100] "GET /calendar/calendar.php?m=214 HTTP/1.1" 200 5847 "-" "Mozilla/5.0 (compatible; Googlebot/2.1; +http://www.google.com/bot.html)"
66.249.71.38 - - [06/Feb/2009:16:33:20 +0100] "GET /calendar/calendar.php?m=202 HTTP/1.1" 200 5843 "-" "Mozilla/5.0 (compatible; Googlebot/2.1; +http://www.google.com/bot.html)"
66.249.71.36 - - [06/Feb/2009:16:55:49 +0100] "GET /calendar/calendar.php?m=219 HTTP/1.1" 200 5858 "-" "Mozilla/5.0 (compatible; Googlebot/2.1; +http://www.google.com/bot.html)"
87.187.255.77 - - [06/Feb/2009:17:07:36 +0100] "GET /calendar/termine2.php HTTP/1.1" 200 1441 "http://www.awo-kv-bernau.de/" "Mozilla/4.0 (compatible; MSIE 7.0; Windows NT 6.0; SLCC1; .NET CLR 2.0.50727; Media Center PC 5.0; .NET CLR 1.1.4322; .NET CLR 3.5.30729; .NET CLR 3.0.30618)"
87.187.255.77 - - [06/Feb/2009:17:07:36 +0100] "GET /calendar/calendar2.php HTTP/1.1" 200 16547 "http://www.awo-kv-bernau.de/" "Mozilla/4.0 (compatible; MSIE 7.0; Windows NT 6.0; SLCC1; .NET CLR 2.0.50727; Media Center PC 5.0; .NET CLR 1.1.4322; .NET CLR 3.5.30729; .NET CLR 3.0.30618)"
87.187.255.77 - - [06/Feb/2009:17:07:37 +0100] "GET /img/links.png HTTP/1.1" 200 265 "http://www.sozialedienste-awo.de/calendar/calendar2.php" "Mozilla/4.0 (compatible; MSIE 7.0; Windows NT 6.0; SLCC1; .NET CLR 2.0.50727; Media Center PC 5.0; .NET CLR 1.1.4322; .NET CLR 3.5.30729; .NET CLR 3.0.30618)"
87.187.255.77 - - [06/Feb/2009:17:07:37 +0100] "GET /img/rechts.png HTTP/1.1" 200 257 "http://www.sozialedienste-awo.de/calendar/calendar2.php" "Mozilla/4.0 (compatible; MSIE 7.0; Windows NT 6.0; SLCC1; .NET CLR 2.0.50727; Media Center PC 5.0; .NET CLR 1.1.4322; .NET CLR 3.5.30729; .NET CLR 3.0.30618)"
87.187.255.77 - - [06/Feb/2009:17:07:45 +0100] "GET /calendar/termine2.php?tag=5&monat=2&jahr=2009 HTTP/1.1" 200 1812 "-" "Mozilla/4.0 (compatible; MSIE 7.0; Windows NT 6.0; SLCC1; .NET CLR 2.0.50727; Media Center PC 5.0; .NET CLR 1.1.4322; .NET CLR 3.5.30729; .NET CLR 3.0.30618)"
87.187.255.77 - - [06/Feb/2009:17:07:47 +0100] "GET /calendar/termine2.php?tag=4&monat=2&jahr=2009 HTTP/1.1" 200 1777 "-" "Mozilla/4.0 (compatible; MSIE 7.0; Windows NT 6.0; SLCC1; .NET CLR 2.0.50727; Media Center PC 5.0; .NET CLR 1.1.4322; .NET CLR 3.5.30729; .NET CLR 3.0.30618)"
87.187.255.77 - - [06/Feb/2009:17:07:48 +0100] "GET /calendar/termine2.php?tag=3&monat=2&jahr=2009 HTTP/1.1" 200 1895 "-" "Mozilla/4.0 (compatible; MSIE 7.0; Windows NT 6.0; SLCC1; .NET CLR 2.0.50727; Media Center PC 5.0; .NET CLR 1.1.4322; .NET CLR 3.5.30729; .NET CLR 3.0.30618)"
87.187.255.77 - - [06/Feb/2009:17:07:50 +0100] "GET /calendar/termine2.php?tag=11&monat=2&jahr=2009 HTTP/1.1" 200 1806 "-" "Mozilla/4.0 (compatible; MSIE 7.0; Windows NT 6.0; SLCC1; .NET CLR 2.0.50727; Media Center PC 5.0; .NET CLR 1.1.4322; .NET CLR 3.5.30729; .NET CLR 3.0.30618)"
87.187.255.77 - - [06/Feb/2009:17:07:51 +0100] "GET /calendar/termine2.php?tag=10&monat=2&jahr=2009 HTTP/1.1" 200 1664 "-" "Mozilla/4.0 (compatible; MSIE 7.0; Windows NT 6.0; SLCC1; .NET CLR 2.0.50727; Media Center PC 5.0; .NET CLR 1.1.4322; .NET CLR 3.5.30729; .NET CLR 3.0.30618)"
87.187.255.77 - - [06/Feb/2009:17:07:52 +0100] "GET /calendar/termine2.php?tag=9&monat=2&jahr=2009 HTTP/1.1" 200 2627 "-" "Mozilla/4.0 (compatible; MSIE 7.0; Windows NT 6.0; SLCC1; .NET CLR 2.0.50727; Media Center PC 5.0; .NET CLR 1.1.4322; .NET CLR 3.5.30729; .NET CLR 3.0.30618)"
67.195.37.159 - - [06/Feb/2009:17:08:18 +0100] "GET /?index=504040000 HTTP/1.0" 200 5235 "-" "Mozilla/5.0 (compatible; Yahoo! Slurp; http://help.yahoo.com/help/us/ysearch/slurp)"
87.187.255.77 - - [06/Feb/2009:17:14:20 +0100] "GET /calendar/calendar2.php HTTP/1.1" 200 16547 "http://www.awo-kv-bernau.de/?index=301000000" "Mozilla/4.0 (compatible; MSIE 7.0; Windows NT 6.0; SLCC1; .NET CLR 2.0.50727; Media Center PC 5.0; .NET CLR 1.1.4322; .NET CLR 3.5.30729; .NET CLR 3.0.30618)"
87.187.255.77 - - [06/Feb/2009:17:14:21 +0100] "GET /calendar/termine2.php HTTP/1.1" 200 1441 "http://www.awo-kv-bernau.de/?index=301000000" "Mozilla/4.0 (compatible; MSIE 7.0; Windows NT 6.0; SLCC1; .NET CLR 2.0.50727; Media Center PC 5.0; .NET CLR 1.1.4322; .NET CLR 3.5.30729; .NET CLR 3.0.30618)"
87.187.255.77 - - [06/Feb/2009:17:14:21 +0100] "GET /img/links.png HTTP/1.1" 304 - "http://www.sozialedienste-awo.de/calendar/calendar2.php" "Mozilla/4.0 (compatible; MSIE 7.0; Windows NT 6.0; SLCC1; .NET CLR 2.0.50727; Media Center PC 5.0; .NET CLR 1.1.4322; .NET CLR 3.5.30729; .NET CLR 3.0.30618)"
87.187.255.77 - - [06/Feb/2009:17:14:21 +0100] "GET /img/rechts.png HTTP/1.1" 304 - "http://www.sozialedienste-awo.de/calendar/calendar2.php" "Mozilla/4.0 (compatible; MSIE 7.0; Windows NT 6.0; SLCC1; .NET CLR 2.0.50727; Media Center PC 5.0; .NET CLR 1.1.4322; .NET CLR 3.5.30729; .NET CLR 3.0.30618)"
87.187.255.77 - - [06/Feb/2009:17:14:24 +0100] "GET /calendar/calendar2.php HTTP/1.1" 200 16547 "http://www.awo-kv-bernau.de/?index=301050000" "Mozilla/4.0 (compatible; MSIE 7.0; Windows NT 6.0; SLCC1; .NET CLR 2.0.50727; Media Center PC 5.0; .NET CLR 1.1.4322; .NET CLR 3.5.30729; .NET CLR 3.0.30618)"
87.187.255.77 - - [06/Feb/2009:17:14:24 +0100] "GET /calendar/termine2.php HTTP/1.1" 200 1441 "http://www.awo-kv-bernau.de/?index=301050000" "Mozilla/4.0 (compatible; MSIE 7.0; Windows NT 6.0; SLCC1; .NET CLR 2.0.50727; Media Center PC 5.0; .NET CLR 1.1.4322; .NET CLR 3.5.30729; .NET CLR 3.0.30618)"
87.187.255.77 - - [06/Feb/2009:17:15:32 +0100] "GET /calendar/termine2.php HTTP/1.1" 200 1441 "http://www.awo-kv-bernau.de/?index=301050000" "Mozilla/4.0 (compatible; MSIE 7.0; Windows NT 6.0; SLCC1; .NET CLR 2.0.50727; Media Center PC 5.0; .NET CLR 1.1.4322; .NET CLR 3.5.30729; .NET CLR 3.0.30618)"
87.187.255.77 - - [06/Feb/2009:17:15:32 +0100] "GET /calendar/calendar2.php HTTP/1.1" 200 16547 "http://www.awo-kv-bernau.de/?index=301050000" "Mozilla/4.0 (compatible; MSIE 7.0; Windows NT 6.0; SLCC1; .NET CLR 2.0.50727; Media Center PC 5.0; .NET CLR 1.1.4322; .NET CLR 3.5.30729; .NET CLR 3.0.30618)"
87.187.255.77 - - [06/Feb/2009:17:15:33 +0100] "GET /img/links.png HTTP/1.1" 304 - "http://www.sozialedienste-awo.de/calendar/calendar2.php" "Mozilla/4.0 (compatible; MSIE 7.0; Windows NT 6.0; SLCC1; .NET CLR 2.0.50727; Media Center PC 5.0; .NET CLR 1.1.4322; .NET CLR 3.5.30729; .NET CLR 3.0.30618)"
87.187.255.77 - - [06/Feb/2009:17:15:33 +0100] "GET /img/rechts.png HTTP/1.1" 304 - "http://www.sozialedienste-awo.de/calendar/calendar2.php" "Mozilla/4.0 (compatible; MSIE 7.0; Windows NT 6.0; SLCC1; .NET CLR 2.0.50727; Media Center PC 5.0; .NET CLR 1.1.4322; .NET CLR 3.5.30729; .NET CLR 3.0.30618)"
87.187.255.77 - - [06/Feb/2009:17:16:08 +0100] "GET /calendar/calendar2.php HTTP/1.1" 200 16547 "http://www.awo-kv-bernau.de/?index=304000000" "Mozilla/4.0 (compatible; MSIE 7.0; Windows NT 6.0; SLCC1; .NET CLR 2.0.50727; Media Center PC 5.0; .NET CLR 1.1.4322; .NET CLR 3.5.30729; .NET CLR 3.0.30618)"
87.187.255.77 - - [06/Feb/2009:17:16:08 +0100] "GET /calendar/termine2.php HTTP/1.1" 200 1441 "http://www.awo-kv-bernau.de/?index=304000000" "Mozilla/4.0 (compatible; MSIE 7.0; Windows NT 6.0; SLCC1; .NET CLR 2.0.50727; Media Center PC 5.0; .NET CLR 1.1.4322; .NET CLR 3.5.30729; .NET CLR 3.0.30618)"
87.187.255.77 - - [06/Feb/2009:17:17:36 +0100] "GET / HTTP/1.1" 200 5318 "http://www.awo-kv-bernau.de/?index=304000000" "Mozilla/4.0 (compatible; MSIE 7.0; Windows NT 6.0; SLCC1; .NET CLR 2.0.50727; Media Center PC 5.0; .NET CLR 1.1.4322; .NET CLR 3.5.30729; .NET CLR 3.0.30618)"
87.187.255.77 - - [06/Feb/2009:17:17:36 +0100] "GET /css/styles.css HTTP/1.1" 200 4398 "http://www.sozialedienste-awo.de/" "Mozilla/4.0 (compatible; MSIE 7.0; Windows NT 6.0; SLCC1; .NET CLR 2.0.50727; Media Center PC 5.0; .NET CLR 1.1.4322; .NET CLR 3.5.30729; .NET CLR 3.0.30618)"
87.187.255.77 - - [06/Feb/2009:17:17:37 +0100] "GET /img/trennlinie.png HTTP/1.1" 200 192 "http://www.sozialedienste-awo.de/" "Mozilla/4.0 (compatible; MSIE 7.0; Windows NT 6.0; SLCC1; .NET CLR 2.0.50727; Media Center PC 5.0; .NET CLR 1.1.4322; .NET CLR 3.5.30729; .NET CLR 3.0.30618)"
87.187.255.77 - - [06/Feb/2009:17:17:37 +0100] "GET /img/top_bg.jpg HTTP/1.1" 200 559 "http://www.sozialedienste-awo.de/" "Mozilla/4.0 (compatible; MSIE 7.0; Windows NT 6.0; SLCC1; .NET CLR 2.0.50727; Media Center PC 5.0; .NET CLR 1.1.4322; .NET CLR 3.5.30729; .NET CLR 3.0.30618)"
87.187.255.77 - - [06/Feb/2009:17:17:37 +0100] "GET /img/top_bg_pic.jpg HTTP/1.1" 200 10139 "http://www.sozialedienste-awo.de/" "Mozilla/4.0 (compatible; MSIE 7.0; Windows NT 6.0; SLCC1; .NET CLR 2.0.50727; Media Center PC 5.0; .NET CLR 1.1.4322; .NET CLR 3.5.30729; .NET CLR 3.0.30618)"
87.187.255.77 - - [06/Feb/2009:17:17:37 +0100] "GET /calendar/calendar2.php HTTP/1.1" 200 16547 "http://www.sozialedienste-awo.de/" "Mozilla/4.0 (compatible; MSIE 7.0; Windows NT 6.0; SLCC1; .NET CLR 2.0.50727; Media Center PC 5.0; .NET CLR 1.1.4322; .NET CLR 3.5.30729; .NET CLR 3.0.30618)"
87.187.255.77 - - [06/Feb/2009:17:17:37 +0100] "GET /calendar/termine2.php HTTP/1.1" 200 1441 "http://www.sozialedienste-awo.de/" "Mozilla/4.0 (compatible; MSIE 7.0; Windows NT 6.0; SLCC1; .NET CLR 2.0.50727; Media Center PC 5.0; .NET CLR 1.1.4322; .NET CLR 3.5.30729; .NET CLR 3.0.30618)"
87.187.255.77 - - [06/Feb/2009:17:17:37 +0100] "GET /img/top_border.png HTTP/1.1" 200 149 "http://www.sozialedienste-awo.de/" "Mozilla/4.0 (compatible; MSIE 7.0; Windows NT 6.0; SLCC1; .NET CLR 2.0.50727; Media Center PC 5.0; .NET CLR 1.1.4322; .NET CLR 3.5.30729; .NET CLR 3.0.30618)"
87.187.255.77 - - [06/Feb/2009:17:17:37 +0100] "GET /img/kv_button_1.png HTTP/1.1" 200 3344 "http://www.sozialedienste-awo.de/" "Mozilla/4.0 (compatible; MSIE 7.0; Windows NT 6.0; SLCC1; .NET CLR 2.0.50727; Media Center PC 5.0; .NET CLR 1.1.4322; .NET CLR 3.5.30729; .NET CLR 3.0.30618)"
87.187.255.77 - - [06/Feb/2009:17:17:37 +0100] "GET /img/sd_button_1.png HTTP/1.1" 200 3654 "http://www.sozialedienste-awo.de/" "Mozilla/4.0 (compatible; MSIE 7.0; Windows NT 6.0; SLCC1; .NET CLR 2.0.50727; Media Center PC 5.0; .NET CLR 1.1.4322; .NET CLR 3.5.30729; .NET CLR 3.0.30618)"
87.187.255.77 - - [06/Feb/2009:17:17:38 +0100] "GET /img/sd_title.png HTTP/1.1" 200 11137 "http://www.sozialedienste-awo.de/" "Mozilla/4.0 (compatible; MSIE 7.0; Windows NT 6.0; SLCC1; .NET CLR 2.0.50727; Media Center PC 5.0; .NET CLR 1.1.4322; .NET CLR 3.5.30729; .NET CLR 3.0.30618)"
87.187.255.77 - - [06/Feb/2009:17:17:38 +0100] "GET /img/opened.png HTTP/1.1" 200 301 "http://www.sozialedienste-awo.de/" "Mozilla/4.0 (compatible; MSIE 7.0; Windows NT 6.0; SLCC1; .NET CLR 2.0.50727; Media Center PC 5.0; .NET CLR 1.1.4322; .NET CLR 3.5.30729; .NET CLR 3.0.30618)"
87.187.255.77 - - [06/Feb/2009:17:17:38 +0100] "GET /img/closed.png HTTP/1.1" 200 306 "http://www.sozialedienste-awo.de/" "Mozilla/4.0 (compatible; MSIE 7.0; Windows NT 6.0; SLCC1; .NET CLR 2.0.50727; Media Center PC 5.0; .NET CLR 1.1.4322; .NET CLR 3.5.30729; .NET CLR 3.0.30618)"
87.187.255.77 - - [06/Feb/2009:17:17:37 +0100] "GET /img/head_familie.png HTTP/1.1" 200 113136 "http://www.sozialedienste-awo.de/" "Mozilla/4.0 (compatible; MSIE 7.0; Windows NT 6.0; SLCC1; .NET CLR 2.0.50727; Media Center PC 5.0; .NET CLR 1.1.4322; .NET CLR 3.5.30729; .NET CLR 3.0.30618)"
87.187.255.77 - - [06/Feb/2009:17:17:38 +0100] "GET /img/uploads/Hobbywerkstatt.JPG HTTP/1.1" 200 63731 "http://www.sozialedienste-awo.de/" "Mozilla/4.0 (compatible; MSIE 7.0; Windows NT 6.0; SLCC1; .NET CLR 2.0.50727; Media Center PC 5.0; .NET CLR 1.1.4322; .NET CLR 3.5.30729; .NET CLR 3.0.30618)"
87.187.255.77 - - [06/Feb/2009:17:17:39 +0100] "GET /favicon.ico HTTP/1.1" 404 - "-" "Mozilla/4.0 (compatible; MSIE 7.0; Windows NT 6.0; SLCC1; .NET CLR 2.0.50727; Media Center PC 5.0; .NET CLR 1.1.4322; .NET CLR 3.5.30729; .NET CLR 3.0.30618)"
87.187.255.77 - - [06/Feb/2009:17:17:40 +0100] "GET /calendar/calendar2.php HTTP/1.1" 200 16547 "http://www.awo-kv-bernau.de/" "Mozilla/4.0 (compatible; MSIE 7.0; Windows NT 6.0; SLCC1; .NET CLR 2.0.50727; Media Center PC 5.0; .NET CLR 1.1.4322; .NET CLR 3.5.30729; .NET CLR 3.0.30618)"
87.187.255.77 - - [06/Feb/2009:17:17:40 +0100] "GET /calendar/termine2.php HTTP/1.1" 200 1441 "http://www.awo-kv-bernau.de/" "Mozilla/4.0 (compatible; MSIE 7.0; Windows NT 6.0; SLCC1; .NET CLR 2.0.50727; Media Center PC 5.0; .NET CLR 1.1.4322; .NET CLR 3.5.30729; .NET CLR 3.0.30618)"
87.187.255.77 - - [06/Feb/2009:17:17:46 +0100] "GET /calendar/termine2.php HTTP/1.1" 200 1441 "http://www.awo-kv-bernau.de/" "Mozilla/4.0 (compatible; MSIE 7.0; Windows NT 6.0; SLCC1; .NET CLR 2.0.50727; Media Center PC 5.0; .NET CLR 1.1.4322; .NET CLR 3.5.30729; .NET CLR 3.0.30618)"
87.187.255.77 - - [06/Feb/2009:17:17:46 +0100] "GET /calendar/calendar2.php HTTP/1.1" 200 16547 "http://www.awo-kv-bernau.de/" "Mozilla/4.0 (compatible; MSIE 7.0; Windows NT 6.0; SLCC1; .NET CLR 2.0.50727; Media Center PC 5.0; .NET CLR 1.1.4322; .NET CLR 3.5.30729; .NET CLR 3.0.30618)"
87.187.255.77 - - [06/Feb/2009:17:17:52 +0100] "GET /calendar/termine2.php HTTP/1.1" 200 1441 "http://www.awo-kv-bernau.de/?index=301000000" "Mozilla/4.0 (compatible; MSIE 7.0; Windows NT 6.0; SLCC1; .NET CLR 2.0.50727; Media Center PC 5.0; .NET CLR 1.1.4322; .NET CLR 3.5.30729; .NET CLR 3.0.30618)"
87.187.255.77 - - [06/Feb/2009:17:17:52 +0100] "GET /calendar/calendar2.php HTTP/1.1" 200 16547 "http://www.awo-kv-bernau.de/?index=301000000" "Mozilla/4.0 (compatible; MSIE 7.0; Windows NT 6.0; SLCC1; .NET CLR 2.0.50727; Media Center PC 5.0; .NET CLR 1.1.4322; .NET CLR 3.5.30729; .NET CLR 3.0.30618)"
87.187.255.77 - - [06/Feb/2009:17:17:55 +0100] "GET /calendar/termine2.php HTTP/1.1" 200 1441 "http://www.awo-kv-bernau.de/index.php?index=301040000" "Mozilla/4.0 (compatible; MSIE 7.0; Windows NT 6.0; SLCC1; .NET CLR 2.0.50727; Media Center PC 5.0; .NET CLR 1.1.4322; .NET CLR 3.5.30729; .NET CLR 3.0.30618)"
87.187.255.77 - - [06/Feb/2009:17:17:56 +0100] "GET /calendar/calendar2.php HTTP/1.1" 200 16547 "http://www.awo-kv-bernau.de/index.php?index=301040000" "Mozilla/4.0 (compatible; MSIE 7.0; Windows NT 6.0; SLCC1; .NET CLR 2.0.50727; Media Center PC 5.0; .NET CLR 1.1.4322; .NET CLR 3.5.30729; .NET CLR 3.0.30618)"
66.249.71.38 - - [06/Feb/2009:17:18:17 +0100] "GET /calendar/calendar.php?m=218 HTTP/1.1" 200 5770 "-" "Mozilla/5.0 (compatible; Googlebot/2.1; +http://www.google.com/bot.html)"
87.187.255.77 - - [06/Feb/2009:17:23:15 +0100] "GET /calendar/calendar2.php HTTP/1.1" 200 16547 "http://www.awo-kv-bernau.de/index.php?index=301010000" "Mozilla/4.0 (compatible; MSIE 7.0; Windows NT 6.0; SLCC1; .NET CLR 2.0.50727; Media Center PC 5.0; .NET CLR 1.1.4322; .NET CLR 3.5.30729; .NET CLR 3.0.30618)"
87.187.255.77 - - [06/Feb/2009:17:23:15 +0100] "GET /calendar/termine2.php HTTP/1.1" 200 1441 "http://www.awo-kv-bernau.de/index.php?index=301010000" "Mozilla/4.0 (compatible; MSIE 7.0; Windows NT 6.0; SLCC1; .NET CLR 2.0.50727; Media Center PC 5.0; .NET CLR 1.1.4322; .NET CLR 3.5.30729; .NET CLR 3.0.30618)"
87.187.255.77 - - [06/Feb/2009:17:23:16 +0100] "GET /img/links.png HTTP/1.1" 304 - "http://www.sozialedienste-awo.de/calendar/calendar2.php" "Mozilla/4.0 (compatible; MSIE 7.0; Windows NT 6.0; SLCC1; .NET CLR 2.0.50727; Media Center PC 5.0; .NET CLR 1.1.4322; .NET CLR 3.5.30729; .NET CLR 3.0.30618)"
87.187.255.77 - - [06/Feb/2009:17:23:16 +0100] "GET /img/rechts.png HTTP/1.1" 304 - "http://www.sozialedienste-awo.de/calendar/calendar2.php" "Mozilla/4.0 (compatible; MSIE 7.0; Windows NT 6.0; SLCC1; .NET CLR 2.0.50727; Media Center PC 5.0; .NET CLR 1.1.4322; .NET CLR 3.5.30729; .NET CLR 3.0.30618)"
87.187.255.77 - - [06/Feb/2009:17:24:20 +0100] "GET /calendar/termine2.php HTTP/1.1" 200 1441 "http://www.awo-kv-bernau.de/index.php?index=301010000" "Mozilla/4.0 (compatible; MSIE 7.0; Windows NT 6.0; SLCC1; .NET CLR 2.0.50727; Media Center PC 5.0; .NET CLR 1.1.4322; .NET CLR 3.5.30729; .NET CLR 3.0.30618)"
87.187.255.77 - - [06/Feb/2009:17:24:20 +0100] "GET /calendar/calendar2.php HTTP/1.1" 200 16547 "http://www.awo-kv-bernau.de/index.php?index=301010000" "Mozilla/4.0 (compatible; MSIE 7.0; Windows NT 6.0; SLCC1; .NET CLR 2.0.50727; Media Center PC 5.0; .NET CLR 1.1.4322; .NET CLR 3.5.30729; .NET CLR 3.0.30618)"
87.187.255.77 - - [06/Feb/2009:17:24:21 +0100] "GET /img/links.png HTTP/1.1" 304 - "http://www.sozialedienste-awo.de/calendar/calendar2.php" "Mozilla/4.0 (compatible; MSIE 7.0; Windows NT 6.0; SLCC1; .NET CLR 2.0.50727; Media Center PC 5.0; .NET CLR 1.1.4322; .NET CLR 3.5.30729; .NET CLR 3.0.30618)"
87.187.255.77 - - [06/Feb/2009:17:24:21 +0100] "GET /img/rechts.png HTTP/1.1" 304 - "http://www.sozialedienste-awo.de/calendar/calendar2.php" "Mozilla/4.0 (compatible; MSIE 7.0; Windows NT 6.0; SLCC1; .NET CLR 2.0.50727; Media Center PC 5.0; .NET CLR 1.1.4322; .NET CLR 3.5.30729; .NET CLR 3.0.30618)"
87.187.255.77 - - [06/Feb/2009:17:24:37 +0100] "GET /calendar/calendar2.php HTTP/1.1" 200 16547 "http://www.awo-kv-bernau.de/index.php?index=301020000" "Mozilla/4.0 (compatible; MSIE 7.0; Windows NT 6.0; SLCC1; .NET CLR 2.0.50727; Media Center PC 5.0; .NET CLR 1.1.4322; .NET CLR 3.5.30729; .NET CLR 3.0.30618)"
87.187.255.77 - - [06/Feb/2009:17:24:37 +0100] "GET /calendar/termine2.php HTTP/1.1" 200 1441 "http://www.awo-kv-bernau.de/index.php?index=301020000" "Mozilla/4.0 (compatible; MSIE 7.0; Windows NT 6.0; SLCC1; .NET CLR 2.0.50727; Media Center PC 5.0; .NET CLR 1.1.4322; .NET CLR 3.5.30729; .NET CLR 3.0.30618)"
87.187.255.77 - - [06/Feb/2009:17:25:23 +0100] "GET /calendar/calendar2.php HTTP/1.1" 200 16547 "http://www.awo-kv-bernau.de/index.php?index=301020000" "Mozilla/4.0 (compatible; MSIE 7.0; Windows NT 6.0; SLCC1; .NET CLR 2.0.50727; Media Center PC 5.0; .NET CLR 1.1.4322; .NET CLR 3.5.30729; .NET CLR 3.0.30618)"
87.187.255.77 - - [06/Feb/2009:17:25:23 +0100] "GET /calendar/termine2.php HTTP/1.1" 200 1441 "http://www.awo-kv-bernau.de/index.php?index=301020000" "Mozilla/4.0 (compatible; MSIE 7.0; Windows NT 6.0; SLCC1; .NET CLR 2.0.50727; Media Center PC 5.0; .NET CLR 1.1.4322; .NET CLR 3.5.30729; .NET CLR 3.0.30618)"
87.187.255.77 - - [06/Feb/2009:17:25:24 +0100] "GET /img/links.png HTTP/1.1" 304 - "http://www.sozialedienste-awo.de/calendar/calendar2.php" "Mozilla/4.0 (compatible; MSIE 7.0; Windows NT 6.0; SLCC1; .NET CLR 2.0.50727; Media Center PC 5.0; .NET CLR 1.1.4322; .NET CLR 3.5.30729; .NET CLR 3.0.30618)"
87.187.255.77 - - [06/Feb/2009:17:25:24 +0100] "GET /img/rechts.png HTTP/1.1" 304 - "http://www.sozialedienste-awo.de/calendar/calendar2.php" "Mozilla/4.0 (compatible; MSIE 7.0; Windows NT 6.0; SLCC1; .NET CLR 2.0.50727; Media Center PC 5.0; .NET CLR 1.1.4322; .NET CLR 3.5.30729; .NET CLR 3.0.30618)"
87.187.255.77 - - [06/Feb/2009:17:25:47 +0100] "GET /calendar/calendar2.php HTTP/1.1" 200 16547 "http://www.awo-kv-bernau.de/index.php?index=301040000" "Mozilla/4.0 (compatible; MSIE 7.0; Windows NT 6.0; SLCC1; .NET CLR 2.0.50727; Media Center PC 5.0; .NET CLR 1.1.4322; .NET CLR 3.5.30729; .NET CLR 3.0.30618)"
87.187.255.77 - - [06/Feb/2009:17:25:47 +0100] "GET /calendar/termine2.php HTTP/1.1" 200 1441 "http://www.awo-kv-bernau.de/index.php?index=301040000" "Mozilla/4.0 (compatible; MSIE 7.0; Windows NT 6.0; SLCC1; .NET CLR 2.0.50727; Media Center PC 5.0; .NET CLR 1.1.4322; .NET CLR 3.5.30729; .NET CLR 3.0.30618)"
87.187.255.77 - - [06/Feb/2009:17:27:21 +0100] "GET /calendar/calendar2.php HTTP/1.1" 200 16547 "http://www.awo-kv-bernau.de/index.php?index=301040000" "Mozilla/4.0 (compatible; MSIE 7.0; Windows NT 6.0; SLCC1; .NET CLR 2.0.50727; Media Center PC 5.0; .NET CLR 1.1.4322; .NET CLR 3.5.30729; .NET CLR 3.0.30618)"
87.187.255.77 - - [06/Feb/2009:17:27:22 +0100] "GET /calendar/termine2.php HTTP/1.1" 200 1441 "http://www.awo-kv-bernau.de/index.php?index=301040000" "Mozilla/4.0 (compatible; MSIE 7.0; Windows NT 6.0; SLCC1; .NET CLR 2.0.50727; Media Center PC 5.0; .NET CLR 1.1.4322; .NET CLR 3.5.30729; .NET CLR 3.0.30618)"
87.187.255.77 - - [06/Feb/2009:17:27:22 +0100] "GET /img/links.png HTTP/1.1" 304 - "http://www.sozialedienste-awo.de/calendar/calendar2.php" "Mozilla/4.0 (compatible; MSIE 7.0; Windows NT 6.0; SLCC1; .NET CLR 2.0.50727; Media Center PC 5.0; .NET CLR 1.1.4322; .NET CLR 3.5.30729; .NET CLR 3.0.30618)"
87.187.255.77 - - [06/Feb/2009:17:27:22 +0100] "GET /img/rechts.png HTTP/1.1" 304 - "http://www.sozialedienste-awo.de/calendar/calendar2.php" "Mozilla/4.0 (compatible; MSIE 7.0; Windows NT 6.0; SLCC1; .NET CLR 2.0.50727; Media Center PC 5.0; .NET CLR 1.1.4322; .NET CLR 3.5.30729; .NET CLR 3.0.30618)"
87.187.255.77 - - [06/Feb/2009:17:27:42 +0100] "GET /calendar/calendar2.php HTTP/1.1" 200 16547 "http://www.awo-kv-bernau.de/index.php?index=301050000" "Mozilla/4.0 (compatible; MSIE 7.0; Windows NT 6.0; SLCC1; .NET CLR 2.0.50727; Media Center PC 5.0; .NET CLR 1.1.4322; .NET CLR 3.5.30729; .NET CLR 3.0.30618)"
87.187.255.77 - - [06/Feb/2009:17:27:42 +0100] "GET /calendar/termine2.php HTTP/1.1" 200 1441 "http://www.awo-kv-bernau.de/index.php?index=301050000" "Mozilla/4.0 (compatible; MSIE 7.0; Windows NT 6.0; SLCC1; .NET CLR 2.0.50727; Media Center PC 5.0; .NET CLR 1.1.4322; .NET CLR 3.5.30729; .NET CLR 3.0.30618)"
66.249.71.36 - - [06/Feb/2009:17:28:18 +0100] "GET /index.php?id=4 HTTP/1.1" 200 5318 "-" "Mozilla/5.0 (compatible; Googlebot/2.1; +http://www.google.com/bot.html)"
87.187.255.77 - - [06/Feb/2009:17:28:57 +0100] "GET /calendar/calendar2.php HTTP/1.1" 200 16547 "http://www.awo-kv-bernau.de/index.php?index=301050000" "Mozilla/4.0 (compatible; MSIE 7.0; Windows NT 6.0; SLCC1; .NET CLR 2.0.50727; Media Center PC 5.0; .NET CLR 1.1.4322; .NET CLR 3.5.30729; .NET CLR 3.0.30618)"
87.187.255.77 - - [06/Feb/2009:17:28:57 +0100] "GET /calendar/termine2.php HTTP/1.1" 200 1441 "http://www.awo-kv-bernau.de/index.php?index=301050000" "Mozilla/4.0 (compatible; MSIE 7.0; Windows NT 6.0; SLCC1; .NET CLR 2.0.50727; Media Center PC 5.0; .NET CLR 1.1.4322; .NET CLR 3.5.30729; .NET CLR 3.0.30618)"
87.187.255.77 - - [06/Feb/2009:17:28:58 +0100] "GET /img/links.png HTTP/1.1" 304 - "http://www.sozialedienste-awo.de/calendar/calendar2.php" "Mozilla/4.0 (compatible; MSIE 7.0; Windows NT 6.0; SLCC1; .NET CLR 2.0.50727; Media Center PC 5.0; .NET CLR 1.1.4322; .NET CLR 3.5.30729; .NET CLR 3.0.30618)"
87.187.255.77 - - [06/Feb/2009:17:28:58 +0100] "GET /img/rechts.png HTTP/1.1" 304 - "http://www.sozialedienste-awo.de/calendar/calendar2.php" "Mozilla/4.0 (compatible; MSIE 7.0; Windows NT 6.0; SLCC1; .NET CLR 2.0.50727; Media Center PC 5.0; .NET CLR 1.1.4322; .NET CLR 3.5.30729; .NET CLR 3.0.30618)"
87.187.255.77 - - [06/Feb/2009:17:29:44 +0100] "GET /calendar/calendar2.php HTTP/1.1" 200 16547 "http://www.awo-kv-bernau.de/index.php?index=302000000" "Mozilla/4.0 (compatible; MSIE 7.0; Windows NT 6.0; SLCC1; .NET CLR 2.0.50727; Media Center PC 5.0; .NET CLR 1.1.4322; .NET CLR 3.5.30729; .NET CLR 3.0.30618)"
87.187.255.77 - - [06/Feb/2009:17:29:44 +0100] "GET /calendar/termine2.php HTTP/1.1" 200 1441 "http://www.awo-kv-bernau.de/index.php?index=302000000" "Mozilla/4.0 (compatible; MSIE 7.0; Windows NT 6.0; SLCC1; .NET CLR 2.0.50727; Media Center PC 5.0; .NET CLR 1.1.4322; .NET CLR 3.5.30729; .NET CLR 3.0.30618)"
87.187.255.77 - - [06/Feb/2009:17:29:46 +0100] "GET /calendar/calendar2.php HTTP/1.1" 200 16547 "http://www.awo-kv-bernau.de/index.php?index=302010000" "Mozilla/4.0 (compatible; MSIE 7.0; Windows NT 6.0; SLCC1; .NET CLR 2.0.50727; Media Center PC 5.0; .NET CLR 1.1.4322; .NET CLR 3.5.30729; .NET CLR 3.0.30618)"
87.187.255.77 - - [06/Feb/2009:17:29:47 +0100] "GET /calendar/termine2.php HTTP/1.1" 200 1441 "http://www.awo-kv-bernau.de/index.php?index=302010000" "Mozilla/4.0 (compatible; MSIE 7.0; Windows NT 6.0; SLCC1; .NET CLR 2.0.50727; Media Center PC 5.0; .NET CLR 1.1.4322; .NET CLR 3.5.30729; .NET CLR 3.0.30618)"
87.187.255.77 - - [06/Feb/2009:17:30:12 +0100] "GET /calendar/termine2.php HTTP/1.1" 200 1441 "http://www.awo-kv-bernau.de/index.php?index=302020000" "Mozilla/4.0 (compatible; MSIE 7.0; Windows NT 6.0; SLCC1; .NET CLR 2.0.50727; Media Center PC 5.0; .NET CLR 1.1.4322; .NET CLR 3.5.30729; .NET CLR 3.0.30618)"
87.187.255.77 - - [06/Feb/2009:17:30:13 +0100] "GET /calendar/calendar2.php HTTP/1.1" 200 16547 "http://www.awo-kv-bernau.de/index.php?index=302020000" "Mozilla/4.0 (compatible; MSIE 7.0; Windows NT 6.0; SLCC1; .NET CLR 2.0.50727; Media Center PC 5.0; .NET CLR 1.1.4322; .NET CLR 3.5.30729; .NET CLR 3.0.30618)"
87.187.255.77 - - [06/Feb/2009:17:31:44 +0100] "GET /calendar/calendar2.php HTTP/1.1" 200 16547 "http://www.awo-kv-bernau.de/index.php?index=302020000" "Mozilla/4.0 (compatible; MSIE 7.0; Windows NT 6.0; SLCC1; .NET CLR 2.0.50727; Media Center PC 5.0; .NET CLR 1.1.4322; .NET CLR 3.5.30729; .NET CLR 3.0.30618)"
87.187.255.77 - - [06/Feb/2009:17:31:44 +0100] "GET /calendar/termine2.php HTTP/1.1" 200 1441 "http://www.awo-kv-bernau.de/index.php?index=302020000" "Mozilla/4.0 (compatible; MSIE 7.0; Windows NT 6.0; SLCC1; .NET CLR 2.0.50727; Media Center PC 5.0; .NET CLR 1.1.4322; .NET CLR 3.5.30729; .NET CLR 3.0.30618)"
87.187.255.77 - - [06/Feb/2009:17:31:45 +0100] "GET /img/links.png HTTP/1.1" 304 - "http://www.sozialedienste-awo.de/calendar/calendar2.php" "Mozilla/4.0 (compatible; MSIE 7.0; Windows NT 6.0; SLCC1; .NET CLR 2.0.50727; Media Center PC 5.0; .NET CLR 1.1.4322; .NET CLR 3.5.30729; .NET CLR 3.0.30618)"
87.187.255.77 - - [06/Feb/2009:17:31:45 +0100] "GET /img/rechts.png HTTP/1.1" 304 - "http://www.sozialedienste-awo.de/calendar/calendar2.php" "Mozilla/4.0 (compatible; MSIE 7.0; Windows NT 6.0; SLCC1; .NET CLR 2.0.50727; Media Center PC 5.0; .NET CLR 1.1.4322; .NET CLR 3.5.30729; .NET CLR 3.0.30618)"
87.187.255.77 - - [06/Feb/2009:17:31:49 +0100] "GET /calendar/calendar2.php HTTP/1.1" 200 16547 "http://www.awo-kv-bernau.de/index.php?index=302020000" "Mozilla/4.0 (compatible; MSIE 7.0; Windows NT 6.0; SLCC1; .NET CLR 2.0.50727; Media Center PC 5.0; .NET CLR 1.1.4322; .NET CLR 3.5.30729; .NET CLR 3.0.30618)"
87.187.255.77 - - [06/Feb/2009:17:31:49 +0100] "GET /calendar/termine2.php HTTP/1.1" 200 1441 "http://www.awo-kv-bernau.de/index.php?index=302020000" "Mozilla/4.0 (compatible; MSIE 7.0; Windows NT 6.0; SLCC1; .NET CLR 2.0.50727; Media Center PC 5.0; .NET CLR 1.1.4322; .NET CLR 3.5.30729; .NET CLR 3.0.30618)"
87.187.255.77 - - [06/Feb/2009:17:31:50 +0100] "GET /img/links.png HTTP/1.1" 304 - "http://www.sozialedienste-awo.de/calendar/calendar2.php" "Mozilla/4.0 (compatible; MSIE 7.0; Windows NT 6.0; SLCC1; .NET CLR 2.0.50727; Media Center PC 5.0; .NET CLR 1.1.4322; .NET CLR 3.5.30729; .NET CLR 3.0.30618)"
87.187.255.77 - - [06/Feb/2009:17:31:50 +0100] "GET /img/rechts.png HTTP/1.1" 304 - "http://www.sozialedienste-awo.de/calendar/calendar2.php" "Mozilla/4.0 (compatible; MSIE 7.0; Windows NT 6.0; SLCC1; .NET CLR 2.0.50727; Media Center PC 5.0; .NET CLR 1.1.4322; .NET CLR 3.5.30729; .NET CLR 3.0.30618)"
87.187.255.77 - - [06/Feb/2009:17:33:02 +0100] "GET /calendar/termine2.php HTTP/1.1" 200 1441 "http://www.awo-kv-bernau.de/index.php?index=302040000" "Mozilla/4.0 (compatible; MSIE 7.0; Windows NT 6.0; SLCC1; .NET CLR 2.0.50727; Media Center PC 5.0; .NET CLR 1.1.4322; .NET CLR 3.5.30729; .NET CLR 3.0.30618)"
87.187.255.77 - - [06/Feb/2009:17:33:02 +0100] "GET /calendar/calendar2.php HTTP/1.1" 200 16547 "http://www.awo-kv-bernau.de/index.php?index=302040000" "Mozilla/4.0 (compatible; MSIE 7.0; Windows NT 6.0; SLCC1; .NET CLR 2.0.50727; Media Center PC 5.0; .NET CLR 1.1.4322; .NET CLR 3.5.30729; .NET CLR 3.0.30618)"
85.178.88.90 - - [06/Feb/2009:17:33:34 +0100] "GET /favicon.ico HTTP/1.1" 404 - "-" "Mozilla/5.0 (Windows; U; Windows NT 5.1; de; rv:1.9.0.6) Gecko/2009011913 Firefox/3.0.6"
87.187.255.77 - - [06/Feb/2009:17:33:48 +0100] "GET /calendar/termine2.php HTTP/1.1" 200 1441 "http://www.awo-kv-bernau.de/index.php?index=302040000" "Mozilla/4.0 (compatible; MSIE 7.0; Windows NT 6.0; SLCC1; .NET CLR 2.0.50727; Media Center PC 5.0; .NET CLR 1.1.4322; .NET CLR 3.5.30729; .NET CLR 3.0.30618)"
87.187.255.77 - - [06/Feb/2009:17:33:48 +0100] "GET /calendar/calendar2.php HTTP/1.1" 200 16547 "http://www.awo-kv-bernau.de/index.php?index=302040000" "Mozilla/4.0 (compatible; MSIE 7.0; Windows NT 6.0; SLCC1; .NET CLR 2.0.50727; Media Center PC 5.0; .NET CLR 1.1.4322; .NET CLR 3.5.30729; .NET CLR 3.0.30618)"
87.187.255.77 - - [06/Feb/2009:17:33:49 +0100] "GET /img/links.png HTTP/1.1" 304 - "http://www.sozialedienste-awo.de/calendar/calendar2.php" "Mozilla/4.0 (compatible; MSIE 7.0; Windows NT 6.0; SLCC1; .NET CLR 2.0.50727; Media Center PC 5.0; .NET CLR 1.1.4322; .NET CLR 3.5.30729; .NET CLR 3.0.30618)"
87.187.255.77 - - [06/Feb/2009:17:33:49 +0100] "GET /img/rechts.png HTTP/1.1" 304 - "http://www.sozialedienste-awo.de/calendar/calendar2.php" "Mozilla/4.0 (compatible; MSIE 7.0; Windows NT 6.0; SLCC1; .NET CLR 2.0.50727; Media Center PC 5.0; .NET CLR 1.1.4322; .NET CLR 3.5.30729; .NET CLR 3.0.30618)"
87.187.255.77 - - [06/Feb/2009:17:33:52 +0100] "GET /calendar/calendar2.php HTTP/1.1" 200 16547 "http://www.awo-kv-bernau.de/index.php?index=302050000" "Mozilla/4.0 (compatible; MSIE 7.0; Windows NT 6.0; SLCC1; .NET CLR 2.0.50727; Media Center PC 5.0; .NET CLR 1.1.4322; .NET CLR 3.5.30729; .NET CLR 3.0.30618)"
87.187.255.77 - - [06/Feb/2009:17:33:52 +0100] "GET /calendar/termine2.php HTTP/1.1" 200 1441 "http://www.awo-kv-bernau.de/index.php?index=302050000" "Mozilla/4.0 (compatible; MSIE 7.0; Windows NT 6.0; SLCC1; .NET CLR 2.0.50727; Media Center PC 5.0; .NET CLR 1.1.4322; .NET CLR 3.5.30729; .NET CLR 3.0.30618)"
66.249.71.38 - - [06/Feb/2009:17:40:41 +0100] "GET /calendar/calendar.php?m=-230 HTTP/1.1" 200 5861 "-" "Mozilla/5.0 (compatible; Googlebot/2.1; +http://www.google.com/bot.html)"
67.195.37.159 - - [06/Feb/2009:17:59:01 +0100] "GET /?index=100000000 HTTP/1.0" 200 5318 "-" "Mozilla/5.0 (compatible; Yahoo! Slurp; http://help.yahoo.com/help/us/ysearch/slurp)"
66.249.71.38 - - [06/Feb/2009:18:03:14 +0100] "GET /calendar/calendar.php?m=190 HTTP/1.1" 200 5867 "-" "Mozilla/5.0 (compatible; Googlebot/2.1; +http://www.google.com/bot.html)"
66.249.71.36 - - [06/Feb/2009:18:05:36 +0100] "GET /calendar/calendar2.php?m=332 HTTP/1.1" 200 5856 "-" "Mozilla/5.0 (compatible; Googlebot/2.1; +http://www.google.com/bot.html)"
66.249.71.36 - - [06/Feb/2009:18:05:37 +0100] "GET /calendar/calendar2.php?m=-334 HTTP/1.1" 200 5774 "-" "Mozilla/5.0 (compatible; Googlebot/2.1; +http://www.google.com/bot.html)"
66.249.71.38 - - [06/Feb/2009:18:25:37 +0100] "GET /calendar/calendar.php?m=-207 HTTP/1.1" 200 5779 "-" "Mozilla/5.0 (compatible; Googlebot/2.1; +http://www.google.com/bot.html)"
85.0.25.156 - - [06/Feb/2009:18:27:56 +0100] "GET / HTTP/1.1" 200 5318 "http://www.stellenanzeigen.de/docs/anzeigen2008/html/335740.htm" "Mozilla/5.0 (Windows; U; Windows NT 5.1; de; rv:1.9.0.5) Gecko/2008120122 Firefox/3.0.5"
85.0.25.156 - - [06/Feb/2009:18:27:56 +0100] "GET /css/styles.css HTTP/1.1" 200 4398 "http://www.sozialedienste-awo.de/" "Mozilla/5.0 (Windows; U; Windows NT 5.1; de; rv:1.9.0.5) Gecko/2008120122 Firefox/3.0.5"
85.0.25.156 - - [06/Feb/2009:18:27:56 +0100] "GET /img/trennlinie.png HTTP/1.1" 200 192 "http://www.sozialedienste-awo.de/" "Mozilla/5.0 (Windows; U; Windows NT 5.1; de; rv:1.9.0.5) Gecko/2008120122 Firefox/3.0.5"
85.0.25.156 - - [06/Feb/2009:18:27:56 +0100] "GET /img/kv_button_1.png HTTP/1.1" 200 3344 "http://www.sozialedienste-awo.de/" "Mozilla/5.0 (Windows; U; Windows NT 5.1; de; rv:1.9.0.5) Gecko/2008120122 Firefox/3.0.5"
85.0.25.156 - - [06/Feb/2009:18:27:56 +0100] "GET /calendar/termine2.php HTTP/1.1" 200 1441 "http://www.sozialedienste-awo.de/" "Mozilla/5.0 (Windows; U; Windows NT 5.1; de; rv:1.9.0.5) Gecko/2008120122 Firefox/3.0.5"
85.0.25.156 - - [06/Feb/2009:18:27:56 +0100] "GET /img/top_bg.jpg HTTP/1.1" 200 559 "http://www.sozialedienste-awo.de/css/styles.css" "Mozilla/5.0 (Windows; U; Windows NT 5.1; de; rv:1.9.0.5) Gecko/2008120122 Firefox/3.0.5"
85.0.25.156 - - [06/Feb/2009:18:27:56 +0100] "GET /img/sd_button_1.png HTTP/1.1" 200 3654 "http://www.sozialedienste-awo.de/" "Mozilla/5.0 (Windows; U; Windows NT 5.1; de; rv:1.9.0.5) Gecko/2008120122 Firefox/3.0.5"
85.0.25.156 - - [06/Feb/2009:18:27:56 +0100] "GET /img/sd_title.png HTTP/1.1" 200 11137 "http://www.sozialedienste-awo.de/" "Mozilla/5.0 (Windows; U; Windows NT 5.1; de; rv:1.9.0.5) Gecko/2008120122 Firefox/3.0.5"
85.0.25.156 - - [06/Feb/2009:18:27:56 +0100] "GET /img/top_bg_pic.jpg HTTP/1.1" 200 10139 "http://www.sozialedienste-awo.de/css/styles.css" "Mozilla/5.0 (Windows; U; Windows NT 5.1; de; rv:1.9.0.5) Gecko/2008120122 Firefox/3.0.5"
85.0.25.156 - - [06/Feb/2009:18:27:56 +0100] "GET /img/top_border.png HTTP/1.1" 200 149 "http://www.sozialedienste-awo.de/css/styles.css" "Mozilla/5.0 (Windows; U; Windows NT 5.1; de; rv:1.9.0.5) Gecko/2008120122 Firefox/3.0.5"
85.0.25.156 - - [06/Feb/2009:18:27:56 +0100] "GET /img/opened.png HTTP/1.1" 200 301 "http://www.sozialedienste-awo.de/" "Mozilla/5.0 (Windows; U; Windows NT 5.1; de; rv:1.9.0.5) Gecko/2008120122 Firefox/3.0.5"
85.0.25.156 - - [06/Feb/2009:18:27:56 +0100] "GET /img/closed.png HTTP/1.1" 200 306 "http://www.sozialedienste-awo.de/" "Mozilla/5.0 (Windows; U; Windows NT 5.1; de; rv:1.9.0.5) Gecko/2008120122 Firefox/3.0.5"
85.0.25.156 - - [06/Feb/2009:18:27:56 +0100] "GET /calendar/calendar2.php HTTP/1.1" 200 16547 "http://www.sozialedienste-awo.de/" "Mozilla/5.0 (Windows; U; Windows NT 5.1; de; rv:1.9.0.5) Gecko/2008120122 Firefox/3.0.5"
85.0.25.156 - - [06/Feb/2009:18:27:56 +0100] "GET /img/uploads/Hobbywerkstatt.JPG HTTP/1.1" 200 63731 "http://www.sozialedienste-awo.de/" "Mozilla/5.0 (Windows; U; Windows NT 5.1; de; rv:1.9.0.5) Gecko/2008120122 Firefox/3.0.5"
85.0.25.156 - - [06/Feb/2009:18:27:56 +0100] "GET /img/head_familie.png HTTP/1.1" 200 113136 "http://www.sozialedienste-awo.de/css/styles.css" "Mozilla/5.0 (Windows; U; Windows NT 5.1; de; rv:1.9.0.5) Gecko/2008120122 Firefox/3.0.5"
85.0.25.156 - - [06/Feb/2009:18:27:57 +0100] "GET /img/links.png HTTP/1.1" 200 265 "http://www.sozialedienste-awo.de/calendar/calendar2.php" "Mozilla/5.0 (Windows; U; Windows NT 5.1; de; rv:1.9.0.5) Gecko/2008120122 Firefox/3.0.5"
