84.188.197.125 - - [07/Feb/2009:09:27:22 +0100] "GET /img/links.png HTTP/1.1" 200 265 "http://www.sozialedienste-awo.de/calendar/calendar2.php" "Mozilla/4.0 (compatible; MSIE 7.0; TOB 6.06; Windows NT 5.1; .NET CLR 1.1.4322)"
84.188.197.125 - - [07/Feb/2009:09:27:22 +0100] "GET /img/rechts.png HTTP/1.1" 200 257 "http://www.sozialedienste-awo.de/calendar/calendar2.php" "Mozilla/4.0 (compatible; MSIE 7.0; TOB 6.06; Windows NT 5.1; .NET CLR 1.1.4322)"
84.188.197.125 - - [07/Feb/2009:09:27:22 +0100] "GET /favicon.ico HTTP/1.1" 404 - "-" "T-Online Browser"
84.188.197.125 - - [07/Feb/2009:09:27:31 +0100] "GET /?index=400000000 HTTP/1.1" 200 3799 "http://www.sozialedienste-awo.de/" "Mozilla/4.0 (compatible; MSIE 7.0; TOB 6.06; Windows NT 5.1; .NET CLR 1.1.4322)"
84.188.197.125 - - [07/Feb/2009:09:27:31 +0100] "GET /calendar/calendar2.php HTTP/1.1" 200 16547 "http://www.sozialedienste-awo.de/?index=400000000" "Mozilla/4.0 (compatible; MSIE 7.0; TOB 6.06; Windows NT 5.1; .NET CLR 1.1.4322)"
84.188.197.125 - - [07/Feb/2009:09:27:31 +0100] "GET /calendar/termine2.php HTTP/1.1" 200 1441 "http://www.sozialedienste-awo.de/?index=400000000" "Mozilla/4.0 (compatible; MSIE 7.0; TOB 6.06; Windows NT 5.1; .NET CLR 1.1.4322)"
84.188.197.125 - - [07/Feb/2009:09:27:36 +0100] "GET /formulare/Stellenanzeige%20KV.pdf HTTP/1.1" 200 41480 "http://www.sozialedienste-awo.de/?index=400000000" "Mozilla/4.0 (compatible; MSIE 7.0; TOB 6.06; Windows NT 5.1; .NET CLR 1.1.4322)"
87.160.208.46 - - [07/Feb/2009:09:35:35 +0100] "GET / HTTP/1.1" 200 5318 "http://www.stellenanzeigen.de/docs/anzeigen2008/html/335740.htm" "Mozilla/5.0 (Windows; U; Windows NT 5.1; de; rv:1.8.1.20) Gecko/20081217 Firefox/2.0.0.20"
87.160.208.46 - - [07/Feb/2009:09:35:36 +0100] "GET /css/styles.css HTTP/1.1" 200 4398 "http://www.sozialedienste-awo.de/" "Mozilla/5.0 (Windows; U; Windows NT 5.1; de; rv:1.8.1.20) Gecko/20081217 Firefox/2.0.0.20"
87.160.208.46 - - [07/Feb/2009:09:35:36 +0100] "GET /img/kv_button_1.png HTTP/1.1" 200 3344 "http://www.sozialedienste-awo.de/" "Mozilla/5.0 (Windows; U; Windows NT 5.1; de; rv:1.8.1.20) Gecko/20081217 Firefox/2.0.0.20"
87.160.208.46 - - [07/Feb/2009:09:35:36 +0100] "GET /img/trennlinie.png HTTP/1.1" 200 192 "http://www.sozialedienste-awo.de/" "Mozilla/5.0 (Windows; U; Windows NT 5.1; de; rv:1.8.1.20) Gecko/20081217 Firefox/2.0.0.20"
87.160.208.46 - - [07/Feb/2009:09:35:36 +0100] "GET /calendar/termine2.php HTTP/1.1" 200 1441 "http://www.sozialedienste-awo.de/" "Mozilla/5.0 (Windows; U; Windows NT 5.1; de; rv:1.8.1.20) Gecko/20081217 Firefox/2.0.0.20"
87.160.208.46 - - [07/Feb/2009:09:35:36 +0100] "GET /img/sd_button_1.png HTTP/1.1" 200 3654 "http://www.sozialedienste-awo.de/" "Mozilla/5.0 (Windows; U; Windows NT 5.1; de; rv:1.8.1.20) Gecko/20081217 Firefox/2.0.0.20"
87.160.208.46 - - [07/Feb/2009:09:35:36 +0100] "GET /img/sd_title.png HTTP/1.1" 200 11137 "http://www.sozialedienste-awo.de/" "Mozilla/5.0 (Windows; U; Windows NT 5.1; de; rv:1.8.1.20) Gecko/20081217 Firefox/2.0.0.20"
87.160.208.46 - - [07/Feb/2009:09:35:36 +0100] "GET /calendar/calendar2.php HTTP/1.1" 200 16547 "http://www.sozialedienste-awo.de/" "Mozilla/5.0 (Windows; U; Windows NT 5.1; de; rv:1.8.1.20) Gecko/20081217 Firefox/2.0.0.20"
87.160.208.46 - - [07/Feb/2009:09:35:36 +0100] "GET /img/top_bg.jpg HTTP/1.1" 200 559 "http://www.sozialedienste-awo.de/css/styles.css" "Mozilla/5.0 (Windows; U; Windows NT 5.1; de; rv:1.8.1.20) Gecko/20081217 Firefox/2.0.0.20"
87.160.208.46 - - [07/Feb/2009:09:35:36 +0100] "GET /img/links.png HTTP/1.1" 200 265 "http://www.sozialedienste-awo.de/calendar/calendar2.php" "Mozilla/5.0 (Windows; U; Windows NT 5.1; de; rv:1.8.1.20) Gecko/20081217 Firefox/2.0.0.20"
87.160.208.46 - - [07/Feb/2009:09:35:36 +0100] "GET /img/rechts.png HTTP/1.1" 200 257 "http://www.sozialedienste-awo.de/calendar/calendar2.php" "Mozilla/5.0 (Windows; U; Windows NT 5.1; de; rv:1.8.1.20) Gecko/20081217 Firefox/2.0.0.20"
87.160.208.46 - - [07/Feb/2009:09:35:36 +0100] "GET /img/uploads/Hobbywerkstatt.JPG HTTP/1.1" 200 63731 "http://www.sozialedienste-awo.de/" "Mozilla/5.0 (Windows; U; Windows NT 5.1; de; rv:1.8.1.20) Gecko/20081217 Firefox/2.0.0.20"
87.160.208.46 - - [07/Feb/2009:09:35:36 +0100] "GET /img/top_bg_pic.jpg HTTP/1.1" 200 10139 "http://www.sozialedienste-awo.de/css/styles.css" "Mozilla/5.0 (Windows; U; Windows NT 5.1; de; rv:1.8.1.20) Gecko/20081217 Firefox/2.0.0.20"
87.160.208.46 - - [07/Feb/2009:09:35:37 +0100] "GET /favicon.ico HTTP/1.1" 404 - "-" "Mozilla/5.0 (Windows; U; Windows NT 5.1; de; rv:1.8.1.20) Gecko/20081217 Firefox/2.0.0.20"
87.160.208.46 - - [07/Feb/2009:09:35:37 +0100] "GET /img/head_familie.png HTTP/1.1" 200 113136 "http://www.sozialedienste-awo.de/css/styles.css" "Mozilla/5.0 (Windows; U; Windows NT 5.1; de; rv:1.8.1.20) Gecko/20081217 Firefox/2.0.0.20"
87.160.208.46 - - [07/Feb/2009:09:35:37 +0100] "GET /img/top_border.png HTTP/1.1" 200 149 "http://www.sozialedienste-awo.de/css/styles.css" "Mozilla/5.0 (Windows; U; Windows NT 5.1; de; rv:1.8.1.20) Gecko/20081217 Firefox/2.0.0.20"
87.160.208.46 - - [07/Feb/2009:09:35:37 +0100] "GET /img/opened.png HTTP/1.1" 200 301 "http://www.sozialedienste-awo.de/" "Mozilla/5.0 (Windows; U; Windows NT 5.1; de; rv:1.8.1.20) Gecko/20081217 Firefox/2.0.0.20"
87.160.208.46 - - [07/Feb/2009:09:35:37 +0100] "GET /img/closed.png HTTP/1.1" 200 306 "http://www.sozialedienste-awo.de/" "Mozilla/5.0 (Windows; U; Windows NT 5.1; de; rv:1.8.1.20) Gecko/20081217 Firefox/2.0.0.20"
87.160.208.46 - - [07/Feb/2009:09:35:40 +0100] "GET /?index=400000000 HTTP/1.1" 200 3799 "http://www.sozialedienste-awo.de/" "Mozilla/5.0 (Windows; U; Windows NT 5.1; de; rv:1.8.1.20) Gecko/20081217 Firefox/2.0.0.20"
87.160.208.46 - - [07/Feb/2009:09:35:40 +0100] "GET /calendar/calendar2.php HTTP/1.1" 200 16547 "http://www.sozialedienste-awo.de/?index=400000000" "Mozilla/5.0 (Windows; U; Windows NT 5.1; de; rv:1.8.1.20) Gecko/20081217 Firefox/2.0.0.20"
87.160.208.46 - - [07/Feb/2009:09:35:40 +0100] "GET /calendar/termine2.php HTTP/1.1" 200 1441 "http://www.sozialedienste-awo.de/?index=400000000" "Mozilla/5.0 (Windows; U; Windows NT 5.1; de; rv:1.8.1.20) Gecko/20081217 Firefox/2.0.0.20"
87.160.208.46 - - [07/Feb/2009:09:36:01 +0100] "GET /?index=502000000 HTTP/1.1" 200 5348 "http://www.sozialedienste-awo.de/?index=400000000" "Mozilla/5.0 (Windows; U; Windows NT 5.1; de; rv:1.8.1.20) Gecko/20081217 Firefox/2.0.0.20"
87.160.208.46 - - [07/Feb/2009:09:36:02 +0100] "GET /calendar/termine2.php HTTP/1.1" 200 1441 "http://www.sozialedienste-awo.de/?index=502000000" "Mozilla/5.0 (Windows; U; Windows NT 5.1; de; rv:1.8.1.20) Gecko/20081217 Firefox/2.0.0.20"
87.160.208.46 - - [07/Feb/2009:09:36:01 +0100] "GET /calendar/calendar2.php HTTP/1.1" 200 16547 "http://www.sozialedienste-awo.de/?index=502000000" "Mozilla/5.0 (Windows; U; Windows NT 5.1; de; rv:1.8.1.20) Gecko/20081217 Firefox/2.0.0.20"
87.160.208.46 - - [07/Feb/2009:09:36:21 +0100] "GET /?index=502020000 HTTP/1.1" 200 4326 "http://www.sozialedienste-awo.de/?index=502000000" "Mozilla/5.0 (Windows; U; Windows NT 5.1; de; rv:1.8.1.20) Gecko/20081217 Firefox/2.0.0.20"
87.160.208.46 - - [07/Feb/2009:09:36:22 +0100] "GET /calendar/termine2.php HTTP/1.1" 200 1441 "http://www.sozialedienste-awo.de/?index=502020000" "Mozilla/5.0 (Windows; U; Windows NT 5.1; de; rv:1.8.1.20) Gecko/20081217 Firefox/2.0.0.20"
87.160.208.46 - - [07/Feb/2009:09:36:21 +0100] "GET /calendar/calendar2.php HTTP/1.1" 200 16547 "http://www.sozialedienste-awo.de/?index=502020000" "Mozilla/5.0 (Windows; U; Windows NT 5.1; de; rv:1.8.1.20) Gecko/20081217 Firefox/2.0.0.20"
66.249.71.38 - - [07/Feb/2009:09:42:42 +0100] "GET /calendar/calendar2.php?m=-341 HTTP/1.1" 200 5770 "-" "Mozilla/5.0 (compatible; Googlebot/2.1; +http://www.google.com/bot.html)"
72.30.142.163 - - [07/Feb/2009:09:51:38 +0100] "GET /?index=503030000 HTTP/1.0" 200 3553 "-" "Mozilla/5.0 (compatible; Yahoo! Slurp; http://help.yahoo.com/help/us/ysearch/slurp)"
66.249.71.37 - - [07/Feb/2009:09:58:07 +0100] "GET /calendar/calendar.php?m=-229 HTTP/1.1" 200 5843 "-" "Mozilla/5.0 (compatible; Googlebot/2.1; +http://www.google.com/bot.html)"
66.249.71.36 - - [07/Feb/2009:10:29:42 +0100] "GET /calendar/calendar.php?m=203 HTTP/1.1" 200 5853 "-" "Mozilla/5.0 (compatible; Googlebot/2.1; +http://www.google.com/bot.html)"
77.185.214.43 - - [07/Feb/2009:10:55:40 +0100] "GET /calendar/calendar2.php HTTP/1.1" 200 16547 "http://www.awo-kv-bernau.de/" "Mozilla/5.0 (Windows; U; Windows NT 5.1; de; rv:1.9.0.6) Gecko/2009011913 Firefox/3.0.6"
77.185.214.43 - - [07/Feb/2009:10:55:40 +0100] "GET /calendar/termine2.php HTTP/1.1" 200 1441 "http://www.awo-kv-bernau.de/" "Mozilla/5.0 (Windows; U; Windows NT 5.1; de; rv:1.9.0.6) Gecko/2009011913 Firefox/3.0.6"
77.185.214.43 - - [07/Feb/2009:10:55:41 +0100] "GET /img/links.png HTTP/1.1" 200 265 "http://www.sozialedienste-awo.de/calendar/calendar2.php" "Mozilla/5.0 (Windows; U; Windows NT 5.1; de; rv:1.9.0.6) Gecko/2009011913 Firefox/3.0.6"
77.185.214.43 - - [07/Feb/2009:10:55:41 +0100] "GET /img/rechts.png HTTP/1.1" 200 257 "http://www.sozialedienste-awo.de/calendar/calendar2.php" "Mozilla/5.0 (Windows; U; Windows NT 5.1; de; rv:1.9.0.6) Gecko/2009011913 Firefox/3.0.6"
77.185.214.43 - - [07/Feb/2009:10:56:47 +0100] "GET /calendar/calendar2.php HTTP/1.1" 200 16547 "http://www.awo-kv-bernau.de/?index=303000000" "Mozilla/5.0 (Windows; U; Windows NT 5.1; de; rv:1.9.0.6) Gecko/2009011913 Firefox/3.0.6"
77.185.214.43 - - [07/Feb/2009:10:56:47 +0100] "GET /calendar/termine2.php HTTP/1.1" 200 1441 "http://www.awo-kv-bernau.de/?index=303000000" "Mozilla/5.0 (Windows; U; Windows NT 5.1; de; rv:1.9.0.6) Gecko/2009011913 Firefox/3.0.6"
77.185.214.43 - - [07/Feb/2009:10:57:09 +0100] "GET /calendar/termine2.php HTTP/1.1" 200 1441 "http://www.awo-kv-bernau.de/?index=400000000" "Mozilla/5.0 (Windows; U; Windows NT 5.1; de; rv:1.9.0.6) Gecko/2009011913 Firefox/3.0.6"
77.185.214.43 - - [07/Feb/2009:10:57:09 +0100] "GET /calendar/calendar2.php HTTP/1.1" 200 16547 "http://www.awo-kv-bernau.de/?index=400000000" "Mozilla/5.0 (Windows; U; Windows NT 5.1; de; rv:1.9.0.6) Gecko/2009011913 Firefox/3.0.6"
77.185.214.43 - - [07/Feb/2009:10:57:17 +0100] "GET /calendar/calendar2.php?m=1 HTTP/1.1" 200 6354 "http://www.sozialedienste-awo.de/calendar/calendar2.php" "Mozilla/5.0 (Windows; U; Windows NT 5.1; de; rv:1.9.0.6) Gecko/2009011913 Firefox/3.0.6"
77.185.214.43 - - [07/Feb/2009:10:57:20 +0100] "GET /calendar/calendar2.php?m=2 HTTP/1.1" 200 5768 "http://www.sozialedienste-awo.de/calendar/calendar2.php?m=1" "Mozilla/5.0 (Windows; U; Windows NT 5.1; de; rv:1.9.0.6) Gecko/2009011913 Firefox/3.0.6"
77.185.214.43 - - [07/Feb/2009:10:57:28 +0100] "GET /calendar/calendar2.php?m=1 HTTP/1.1" 200 6354 "http://www.sozialedienste-awo.de/calendar/calendar2.php?m=2" "Mozilla/5.0 (Windows; U; Windows NT 5.1; de; rv:1.9.0.6) Gecko/2009011913 Firefox/3.0.6"
77.185.214.43 - - [07/Feb/2009:10:57:30 +0100] "GET /calendar/calendar2.php?m=0 HTTP/1.1" 200 16547 "http://www.sozialedienste-awo.de/calendar/calendar2.php?m=1" "Mozilla/5.0 (Windows; U; Windows NT 5.1; de; rv:1.9.0.6) Gecko/2009011913 Firefox/3.0.6"
77.185.214.43 - - [07/Feb/2009:10:57:39 +0100] "GET /calendar/calendar2.php?m=1 HTTP/1.1" 200 6354 "http://www.sozialedienste-awo.de/calendar/calendar2.php?m=0" "Mozilla/5.0 (Windows; U; Windows NT 5.1; de; rv:1.9.0.6) Gecko/2009011913 Firefox/3.0.6"
77.185.214.43 - - [07/Feb/2009:10:57:48 +0100] "GET /calendar/calendar2.php?m=0 HTTP/1.1" 200 16547 "http://www.sozialedienste-awo.de/calendar/calendar2.php?m=1" "Mozilla/5.0 (Windows; U; Windows NT 5.1; de; rv:1.9.0.6) Gecko/2009011913 Firefox/3.0.6"
77.185.214.43 - - [07/Feb/2009:10:57:53 +0100] "GET /calendar/calendar2.php HTTP/1.1" 200 16547 "http://www.awo-kv-bernau.de/index.php?index=2147483647" "Mozilla/5.0 (Windows; U; Windows NT 5.1; de; rv:1.9.0.6) Gecko/2009011913 Firefox/3.0.6"
77.185.214.43 - - [07/Feb/2009:10:57:53 +0100] "GET /calendar/termine2.php HTTP/1.1" 200 1441 "http://www.awo-kv-bernau.de/index.php?index=2147483647" "Mozilla/5.0 (Windows; U; Windows NT 5.1; de; rv:1.9.0.6) Gecko/2009011913 Firefox/3.0.6"
66.249.71.37 - - [07/Feb/2009:11:01:10 +0100] "GET /calendar/calendar.php?m=-210 HTTP/1.1" 200 5855 "-" "Mozilla/5.0 (compatible; Googlebot/2.1; +http://www.google.com/bot.html)"
77.185.214.43 - - [07/Feb/2009:11:02:02 +0100] "GET /calendar/termine2.php HTTP/1.1" 200 1441 "http://www.awo-kv-bernau.de/index.php?index=500000000" "Mozilla/5.0 (Windows; U; Windows NT 5.1; de; rv:1.9.0.6) Gecko/2009011913 Firefox/3.0.6"
77.185.214.43 - - [07/Feb/2009:11:02:02 +0100] "GET /calendar/calendar2.php HTTP/1.1" 200 16547 "http://www.awo-kv-bernau.de/index.php?index=500000000" "Mozilla/5.0 (Windows; U; Windows NT 5.1; de; rv:1.9.0.6) Gecko/2009011913 Firefox/3.0.6"
85.178.123.185 - - [07/Feb/2009:11:05:12 +0100] "GET /favicon.ico HTTP/1.1" 404 - "-" "Mozilla/5.0 (Windows; U; Windows NT 5.1; de; rv:1.9.0.6) Gecko/2009011913 Firefox/3.0.6"
67.195.37.170 - - [07/Feb/2009:11:12:01 +0100] "GET /robots.txt HTTP/1.0" 404 - "-" "Mozilla/5.0 (compatible; Yahoo! Slurp; http://help.yahoo.com/help/us/ysearch/slurp)"
67.195.37.170 - - [07/Feb/2009:11:12:02 +0100] "GET /?index=504010000 HTTP/1.0" 200 5288 "-" "Mozilla/5.0 (compatible; Yahoo! Slurp; http://help.yahoo.com/help/us/ysearch/slurp)"
94.223.234.159 - - [07/Feb/2009:11:13:25 +0100] "GET /calendar/termine2.php HTTP/1.1" 200 1441 "http://www.awo-kv-bernau.de/?index=202000000" "Mozilla/5.0 (Windows; U; Windows NT 6.0; de; rv:1.9.0.6) Gecko/2009011913 Firefox/3.0.6"
94.223.234.159 - - [07/Feb/2009:11:13:25 +0100] "GET /calendar/calendar2.php HTTP/1.1" 200 16547 "http://www.awo-kv-bernau.de/?index=202000000" "Mozilla/5.0 (Windows; U; Windows NT 6.0; de; rv:1.9.0.6) Gecko/2009011913 Firefox/3.0.6"
94.223.234.159 - - [07/Feb/2009:11:13:25 +0100] "GET /img/links.png HTTP/1.1" 200 265 "http://www.sozialedienste-awo.de/calendar/calendar2.php" "Mozilla/5.0 (Windows; U; Windows NT 6.0; de; rv:1.9.0.6) Gecko/2009011913 Firefox/3.0.6"
94.223.234.159 - - [07/Feb/2009:11:13:25 +0100] "GET /img/rechts.png HTTP/1.1" 200 257 "http://www.sozialedienste-awo.de/calendar/calendar2.php" "Mozilla/5.0 (Windows; U; Windows NT 6.0; de; rv:1.9.0.6) Gecko/2009011913 Firefox/3.0.6"
94.223.234.159 - - [07/Feb/2009:11:13:37 +0100] "GET /calendar/termine2.php HTTP/1.1" 200 1441 "http://www.awo-kv-bernau.de/?index=500000000" "Mozilla/5.0 (Windows; U; Windows NT 6.0; de; rv:1.9.0.6) Gecko/2009011913 Firefox/3.0.6"
94.223.234.159 - - [07/Feb/2009:11:13:37 +0100] "GET /calendar/calendar2.php HTTP/1.1" 200 16547 "http://www.awo-kv-bernau.de/?index=500000000" "Mozilla/5.0 (Windows; U; Windows NT 6.0; de; rv:1.9.0.6) Gecko/2009011913 Firefox/3.0.6"
94.223.234.159 - - [07/Feb/2009:11:13:49 +0100] "GET /calendar/calendar2.php HTTP/1.1" 200 16547 "http://www.awo-kv-bernau.de/?index=205000000" "Mozilla/5.0 (Windows; U; Windows NT 6.0; de; rv:1.9.0.6) Gecko/2009011913 Firefox/3.0.6"
94.223.234.159 - - [07/Feb/2009:11:13:49 +0100] "GET /calendar/termine2.php HTTP/1.1" 200 1441 "http://www.awo-kv-bernau.de/?index=205000000" "Mozilla/5.0 (Windows; U; Windows NT 6.0; de; rv:1.9.0.6) Gecko/2009011913 Firefox/3.0.6"
94.223.234.159 - - [07/Feb/2009:11:13:58 +0100] "GET /calendar/calendar2.php HTTP/1.1" 200 16547 "http://www.awo-kv-bernau.de/?index=400000000" "Mozilla/5.0 (Windows; U; Windows NT 6.0; de; rv:1.9.0.6) Gecko/2009011913 Firefox/3.0.6"
94.223.234.159 - - [07/Feb/2009:11:13:58 +0100] "GET /calendar/termine2.php HTTP/1.1" 200 1441 "http://www.awo-kv-bernau.de/?index=400000000" "Mozilla/5.0 (Windows; U; Windows NT 6.0; de; rv:1.9.0.6) Gecko/2009011913 Firefox/3.0.6"
94.223.234.159 - - [07/Feb/2009:11:14:03 +0100] "GET /calendar/calendar2.php HTTP/1.1" 200 16547 "http://www.awo-kv-bernau.de/?index=201000000" "Mozilla/5.0 (Windows; U; Windows NT 6.0; de; rv:1.9.0.6) Gecko/2009011913 Firefox/3.0.6"
94.223.234.159 - - [07/Feb/2009:11:14:03 +0100] "GET /calendar/termine2.php HTTP/1.1" 200 1441 "http://www.awo-kv-bernau.de/?index=201000000" "Mozilla/5.0 (Windows; U; Windows NT 6.0; de; rv:1.9.0.6) Gecko/2009011913 Firefox/3.0.6"
94.223.234.159 - - [07/Feb/2009:11:14:03 +0100] "GET /img/uploads/vorstand.jpg HTTP/1.1" 200 46009 "http://www.awo-kv-bernau.de/?index=201000000" "Mozilla/5.0 (Windows; U; Windows NT 6.0; de; rv:1.9.0.6) Gecko/2009011913 Firefox/3.0.6"
94.223.234.159 - - [07/Feb/2009:11:14:06 +0100] "GET /calendar/calendar2.php HTTP/1.1" 200 16547 "http://www.awo-kv-bernau.de/?index=500000000" "Mozilla/5.0 (Windows; U; Windows NT 6.0; de; rv:1.9.0.6) Gecko/2009011913 Firefox/3.0.6"
94.223.234.159 - - [07/Feb/2009:11:14:06 +0100] "GET /calendar/termine2.php HTTP/1.1" 200 1441 "http://www.awo-kv-bernau.de/?index=500000000" "Mozilla/5.0 (Windows; U; Windows NT 6.0; de; rv:1.9.0.6) Gecko/2009011913 Firefox/3.0.6"
94.223.234.159 - - [07/Feb/2009:11:14:13 +0100] "GET /calendar/calendar2.php HTTP/1.1" 200 16547 "http://www.awo-kv-bernau.de/index.php?index=2147483647" "Mozilla/5.0 (Windows; U; Windows NT 6.0; de; rv:1.9.0.6) Gecko/2009011913 Firefox/3.0.6"
94.223.234.159 - - [07/Feb/2009:11:14:13 +0100] "GET /calendar/termine2.php HTTP/1.1" 200 1441 "http://www.awo-kv-bernau.de/index.php?index=2147483647" "Mozilla/5.0 (Windows; U; Windows NT 6.0; de; rv:1.9.0.6) Gecko/2009011913 Firefox/3.0.6"
94.223.234.159 - - [07/Feb/2009:11:15:56 +0100] "GET /calendar/calendar2.php HTTP/1.1" 200 16547 "http://www.awo-kv-bernau.de/index.php?index=205000000" "Mozilla/5.0 (Windows; U; Windows NT 6.0; de; rv:1.9.0.6) Gecko/2009011913 Firefox/3.0.6"
94.223.234.159 - - [07/Feb/2009:11:15:56 +0100] "GET /calendar/termine2.php HTTP/1.1" 200 1441 "http://www.awo-kv-bernau.de/index.php?index=205000000" "Mozilla/5.0 (Windows; U; Windows NT 6.0; de; rv:1.9.0.6) Gecko/2009011913 Firefox/3.0.6"
94.223.234.159 - - [07/Feb/2009:11:16:00 +0100] "GET /formulare/Stellenanzeige%20KV.pdf HTTP/1.1" 200 41480 "http://www.awo-kv-bernau.de/index.php?index=205000000" "Mozilla/5.0 (Windows; U; Windows NT 6.0; de; rv:1.9.0.6) Gecko/2009011913 Firefox/3.0.6"
94.223.234.159 - - [07/Feb/2009:11:16:02 +0100] "GET /favicon.ico HTTP/1.1" 404 - "-" "Mozilla/5.0 (Windows; U; Windows NT 6.0; de; rv:1.9.0.6) Gecko/2009011913 Firefox/3.0.6"
94.223.234.159 - - [07/Feb/2009:11:16:05 +0100] "GET /favicon.ico HTTP/1.1" 404 - "-" "Mozilla/5.0 (Windows; U; Windows NT 6.0; de; rv:1.9.0.6) Gecko/2009011913 Firefox/3.0.6"
72.30.142.163 - - [07/Feb/2009:11:22:14 +0100] "GET /index.php?id=24 HTTP/1.0" 200 5318 "-" "Mozilla/5.0 (compatible; Yahoo! Slurp; http://help.yahoo.com/help/us/ysearch/slurp)"
72.30.142.163 - - [07/Feb/2009:11:30:06 +0100] "GET /robots.txt HTTP/1.0" 404 - "-" "Mozilla/5.0 (compatible; Yahoo! Slurp; http://help.yahoo.com/help/us/ysearch/slurp)"
72.30.142.163 - - [07/Feb/2009:11:30:07 +0100] "GET /kita/regenbogen/index.html HTTP/1.0" 404 - "-" "Mozilla/5.0 (compatible; Yahoo! Slurp; http://help.yahoo.com/help/us/ysearch/slurp)"
66.249.71.37 - - [07/Feb/2009:11:32:33 +0100] "GET /calendar/calendar.php?m=-206 HTTP/1.1" 200 5869 "-" "Mozilla/5.0 (compatible; Googlebot/2.1; +http://www.google.com/bot.html)"
67.195.37.170 - - [07/Feb/2009:11:59:50 +0100] "GET / HTTP/1.0" 200 5318 "-" "Mozilla/5.0 (compatible; Yahoo! Slurp/3.0; http://help.yahoo.com/help/us/ysearch/slurp)"
67.195.37.170 - - [07/Feb/2009:11:59:51 +0100] "GET /css/styles.css HTTP/1.0" 200 4398 "http://www.sozialedienste-awo.de/" "Mozilla/5.0 (compatible; Yahoo! Slurp/3.0; http://help.yahoo.com/help/us/ysearch/slurp)"
67.195.37.170 - - [07/Feb/2009:11:59:52 +0100] "GET /calendar/termine2.php HTTP/1.0" 200 1441 "http://www.sozialedienste-awo.de/" "Mozilla/5.0 (compatible; Yahoo! Slurp/3.0; http://help.yahoo.com/help/us/ysearch/slurp)"
67.195.37.170 - - [07/Feb/2009:11:59:52 +0100] "GET /calendar/calendar2.php HTTP/1.0" 200 16547 "http://www.sozialedienste-awo.de/" "Mozilla/5.0 (compatible; Yahoo! Slurp/3.0; http://help.yahoo.com/help/us/ysearch/slurp)"
66.249.71.37 - - [07/Feb/2009:12:03:57 +0100] "GET /calendar/calendar.php?m=-226 HTTP/1.1" 200 5784 "-" "Mozilla/5.0 (compatible; Googlebot/2.1; +http://www.google.com/bot.html)"
66.249.71.38 - - [07/Feb/2009:12:04:54 +0100] "GET /calendar/calendar2.php?m=340 HTTP/1.1" 200 5763 "-" "Mozilla/5.0 (compatible; Googlebot/2.1; +http://www.google.com/bot.html)"
66.249.71.38 - - [07/Feb/2009:12:26:15 +0100] "GET /?index=400000000 HTTP/1.1" 200 3799 "-" "Mozilla/5.0 (compatible; Googlebot/2.1; +http://www.google.com/bot.html)"
66.249.71.37 - - [07/Feb/2009:12:35:34 +0100] "GET /calendar/calendar.php?m=-203 HTTP/1.1" 200 5870 "-" "Mozilla/5.0 (compatible; Googlebot/2.1; +http://www.google.com/bot.html)"
66.249.71.38 - - [07/Feb/2009:12:46:49 +0100] "GET /calendar/calendar2.php?m=-342 HTTP/1.1" 200 5865 "-" "Mozilla/5.0 (compatible; Googlebot/2.1; +http://www.google.com/bot.html)"
66.249.71.36 - - [07/Feb/2009:12:54:23 +0100] "GET /?index=503030000 HTTP/1.1" 200 3553 "-" "Mozilla/5.0 (compatible; Googlebot/2.1; +http://www.google.com/bot.html)"
66.249.71.37 - - [07/Feb/2009:13:06:56 +0100] "GET /calendar/calendar.php?m=-233 HTTP/1.1" 200 5780 "-" "Mozilla/5.0 (compatible; Googlebot/2.1; +http://www.google.com/bot.html)"
84.190.211.117 - - [07/Feb/2009:13:22:39 +0100] "GET /calendar/calendar2.php HTTP/1.1" 200 16547 "http://www.awo-kv-bernau.de/" "Mozilla/4.0 (compatible; MSIE 7.0; Windows NT 5.1; .NET CLR 1.1.4322; .NET CLR 2.0.50727)"
84.190.211.117 - - [07/Feb/2009:13:22:39 +0100] "GET /calendar/termine2.php HTTP/1.1" 200 1441 "http://www.awo-kv-bernau.de/" "Mozilla/4.0 (compatible; MSIE 7.0; Windows NT 5.1; .NET CLR 1.1.4322; .NET CLR 2.0.50727)"
84.190.211.117 - - [07/Feb/2009:13:22:40 +0100] "GET /img/links.png HTTP/1.1" 200 265 "http://www.sozialedienste-awo.de/calendar/calendar2.php" "Mozilla/4.0 (compatible; MSIE 7.0; Windows NT 5.1; .NET CLR 1.1.4322; .NET CLR 2.0.50727)"
84.190.211.117 - - [07/Feb/2009:13:22:40 +0100] "GET /img/rechts.png HTTP/1.1" 200 257 "http://www.sozialedienste-awo.de/calendar/calendar2.php" "Mozilla/4.0 (compatible; MSIE 7.0; Windows NT 5.1; .NET CLR 1.1.4322; .NET CLR 2.0.50727)"
84.190.211.117 - - [07/Feb/2009:13:22:49 +0100] "GET /calendar/calendar2.php HTTP/1.1" 200 16547 "http://www.awo-kv-bernau.de/?index=302000000" "Mozilla/4.0 (compatible; MSIE 7.0; Windows NT 5.1; .NET CLR 1.1.4322; .NET CLR 2.0.50727)"
84.190.211.117 - - [07/Feb/2009:13:22:49 +0100] "GET /calendar/termine2.php HTTP/1.1" 200 1441 "http://www.awo-kv-bernau.de/?index=302000000" "Mozilla/4.0 (compatible; MSIE 7.0; Windows NT 5.1; .NET CLR 1.1.4322; .NET CLR 2.0.50727)"
84.190.211.117 - - [07/Feb/2009:13:22:52 +0100] "GET /calendar/termine2.php HTTP/1.1" 200 1441 "http://www.awo-kv-bernau.de/index.php?index=302030000" "Mozilla/4.0 (compatible; MSIE 7.0; Windows NT 5.1; .NET CLR 1.1.4322; .NET CLR 2.0.50727)"
84.190.211.117 - - [07/Feb/2009:13:22:52 +0100] "GET /calendar/calendar2.php HTTP/1.1" 200 16547 "http://www.awo-kv-bernau.de/index.php?index=302030000" "Mozilla/4.0 (compatible; MSIE 7.0; Windows NT 5.1; .NET CLR 1.1.4322; .NET CLR 2.0.50727)"
67.195.37.170 - - [07/Feb/2009:13:22:54 +0100] "GET / HTTP/1.0" 200 5318 "-" "Mozilla/5.0 (compatible; Yahoo! Slurp/3.0; http://help.yahoo.com/help/us/ysearch/slurp)"
67.195.37.170 - - [07/Feb/2009:13:22:54 +0100] "GET /css/styles.css HTTP/1.0" 304 - "http://www.sozialedienste-awo.de/" "Mozilla/5.0 (compatible; Yahoo! Slurp/3.0; http://help.yahoo.com/help/us/ysearch/slurp)"
67.195.37.170 - - [07/Feb/2009:13:22:56 +0100] "GET /calendar/termine2.php HTTP/1.0" 200 1441 "http://www.sozialedienste-awo.de/" "Mozilla/5.0 (compatible; Yahoo! Slurp/3.0; http://help.yahoo.com/help/us/ysearch/slurp)"
67.195.37.170 - - [07/Feb/2009:13:22:56 +0100] "GET /calendar/calendar2.php HTTP/1.0" 200 16547 "http://www.sozialedienste-awo.de/" "Mozilla/5.0 (compatible; Yahoo! Slurp/3.0; http://help.yahoo.com/help/us/ysearch/slurp)"
84.190.211.117 - - [07/Feb/2009:13:23:03 +0100] "GET /calendar/calendar2.php HTTP/1.1" 200 16547 "http://www.awo-kv-bernau.de/index.php?index=305000000" "Mozilla/4.0 (compatible; MSIE 7.0; Windows NT 5.1; .NET CLR 1.1.4322; .NET CLR 2.0.50727)"
84.190.211.117 - - [07/Feb/2009:13:23:03 +0100] "GET /calendar/termine2.php HTTP/1.1" 200 1441 "http://www.awo-kv-bernau.de/index.php?index=305000000" "Mozilla/4.0 (compatible; MSIE 7.0; Windows NT 5.1; .NET CLR 1.1.4322; .NET CLR 2.0.50727)"
84.190.211.117 - - [07/Feb/2009:13:23:15 +0100] "GET /calendar/calendar2.php HTTP/1.1" 200 16547 "http://www.awo-kv-bernau.de/index.php?index=304000000" "Mozilla/4.0 (compatible; MSIE 7.0; Windows NT 5.1; .NET CLR 1.1.4322; .NET CLR 2.0.50727)"
84.190.211.117 - - [07/Feb/2009:13:23:15 +0100] "GET /calendar/termine2.php HTTP/1.1" 200 1441 "http://www.awo-kv-bernau.de/index.php?index=304000000" "Mozilla/4.0 (compatible; MSIE 7.0; Windows NT 5.1; .NET CLR 1.1.4322; .NET CLR 2.0.50727)"
84.190.211.117 - - [07/Feb/2009:13:23:28 +0100] "GET /calendar/calendar2.php HTTP/1.1" 200 16547 "http://www.awo-kv-bernau.de/index.php?index=301000000" "Mozilla/4.0 (compatible; MSIE 7.0; Windows NT 5.1; .NET CLR 1.1.4322; .NET CLR 2.0.50727)"
84.190.211.117 - - [07/Feb/2009:13:23:28 +0100] "GET /calendar/termine2.php HTTP/1.1" 200 1441 "http://www.awo-kv-bernau.de/index.php?index=301000000" "Mozilla/4.0 (compatible; MSIE 7.0; Windows NT 5.1; .NET CLR 1.1.4322; .NET CLR 2.0.50727)"
84.190.211.117 - - [07/Feb/2009:13:23:30 +0100] "GET /calendar/termine2.php HTTP/1.1" 200 1441 "http://www.awo-kv-bernau.de/index.php?index=301040000" "Mozilla/4.0 (compatible; MSIE 7.0; Windows NT 5.1; .NET CLR 1.1.4322; .NET CLR 2.0.50727)"
84.190.211.117 - - [07/Feb/2009:13:23:30 +0100] "GET /calendar/calendar2.php HTTP/1.1" 200 16547 "http://www.awo-kv-bernau.de/index.php?index=301040000" "Mozilla/4.0 (compatible; MSIE 7.0; Windows NT 5.1; .NET CLR 1.1.4322; .NET CLR 2.0.50727)"
84.190.211.117 - - [07/Feb/2009:13:23:35 +0100] "GET /calendar/calendar2.php HTTP/1.1" 200 16547 "http://www.awo-kv-bernau.de/index.php?index=301050000" "Mozilla/4.0 (compatible; MSIE 7.0; Windows NT 5.1; .NET CLR 1.1.4322; .NET CLR 2.0.50727)"
84.190.211.117 - - [07/Feb/2009:13:23:35 +0100] "GET /calendar/termine2.php HTTP/1.1" 200 1441 "http://www.awo-kv-bernau.de/index.php?index=301050000" "Mozilla/4.0 (compatible; MSIE 7.0; Windows NT 5.1; .NET CLR 1.1.4322; .NET CLR 2.0.50727)"
84.190.211.117 - - [07/Feb/2009:13:23:47 +0100] "GET /calendar/termine2.php HTTP/1.1" 200 1441 "http://www.awo-kv-bernau.de/index.php?index=500000000" "Mozilla/4.0 (compatible; MSIE 7.0; Windows NT 5.1; .NET CLR 1.1.4322; .NET CLR 2.0.50727)"
84.190.211.117 - - [07/Feb/2009:13:23:47 +0100] "GET /calendar/calendar2.php HTTP/1.1" 200 16547 "http://www.awo-kv-bernau.de/index.php?index=500000000" "Mozilla/4.0 (compatible; MSIE 7.0; Windows NT 5.1; .NET CLR 1.1.4322; .NET CLR 2.0.50727)"
66.249.71.38 - - [07/Feb/2009:13:24:04 +0100] "GET /calendar/calendar.php?m=-211 HTTP/1.1" 200 5841 "-" "Mozilla/5.0 (compatible; Googlebot/2.1; +http://www.google.com/bot.html)"
84.190.211.117 - - [07/Feb/2009:13:24:42 +0100] "GET / HTTP/1.1" 200 5318 "http://www.awo-kv-bernau.de/index.php?index=500000000" "Mozilla/4.0 (compatible; MSIE 7.0; Windows NT 5.1; .NET CLR 1.1.4322; .NET CLR 2.0.50727)"
84.190.211.117 - - [07/Feb/2009:13:24:43 +0100] "GET /css/styles.css HTTP/1.1" 200 4398 "http://www.sozialedienste-awo.de/" "Mozilla/4.0 (compatible; MSIE 7.0; Windows NT 5.1; .NET CLR 1.1.4322; .NET CLR 2.0.50727)"
84.190.211.117 - - [07/Feb/2009:13:24:43 +0100] "GET /img/top_bg.jpg HTTP/1.1" 200 559 "http://www.sozialedienste-awo.de/" "Mozilla/4.0 (compatible; MSIE 7.0; Windows NT 5.1; .NET CLR 1.1.4322; .NET CLR 2.0.50727)"
84.190.211.117 - - [07/Feb/2009:13:24:43 +0100] "GET /img/trennlinie.png HTTP/1.1" 200 192 "http://www.sozialedienste-awo.de/" "Mozilla/4.0 (compatible; MSIE 7.0; Windows NT 5.1; .NET CLR 1.1.4322; .NET CLR 2.0.50727)"
84.190.211.117 - - [07/Feb/2009:13:24:43 +0100] "GET /calendar/termine2.php HTTP/1.1" 200 1441 "http://www.sozialedienste-awo.de/" "Mozilla/4.0 (compatible; MSIE 7.0; Windows NT 5.1; .NET CLR 1.1.4322; .NET CLR 2.0.50727)"
84.190.211.117 - - [07/Feb/2009:13:24:43 +0100] "GET /calendar/calendar2.php HTTP/1.1" 200 16547 "http://www.sozialedienste-awo.de/" "Mozilla/4.0 (compatible; MSIE 7.0; Windows NT 5.1; .NET CLR 1.1.4322; .NET CLR 2.0.50727)"
84.190.211.117 - - [07/Feb/2009:13:24:43 +0100] "GET /img/kv_button_1.png HTTP/1.1" 200 3344 "http://www.sozialedienste-awo.de/" "Mozilla/4.0 (compatible; MSIE 7.0; Windows NT 5.1; .NET CLR 1.1.4322; .NET CLR 2.0.50727)"
84.190.211.117 - - [07/Feb/2009:13:24:43 +0100] "GET /img/top_bg_pic.jpg HTTP/1.1" 200 10139 "http://www.sozialedienste-awo.de/" "Mozilla/4.0 (compatible; MSIE 7.0; Windows NT 5.1; .NET CLR 1.1.4322; .NET CLR 2.0.50727)"
84.190.211.117 - - [07/Feb/2009:13:24:44 +0100] "GET /img/sd_button_1.png HTTP/1.1" 200 3654 "http://www.sozialedienste-awo.de/" "Mozilla/4.0 (compatible; MSIE 7.0; Windows NT 5.1; .NET CLR 1.1.4322; .NET CLR 2.0.50727)"
84.190.211.117 - - [07/Feb/2009:13:24:44 +0100] "GET /img/sd_title.png HTTP/1.1" 200 11137 "http://www.sozialedienste-awo.de/" "Mozilla/4.0 (compatible; MSIE 7.0; Windows NT 5.1; .NET CLR 1.1.4322; .NET CLR 2.0.50727)"
84.190.211.117 - - [07/Feb/2009:13:24:44 +0100] "GET /img/top_border.png HTTP/1.1" 200 149 "http://www.sozialedienste-awo.de/" "Mozilla/4.0 (compatible; MSIE 7.0; Windows NT 5.1; .NET CLR 1.1.4322; .NET CLR 2.0.50727)"
84.190.211.117 - - [07/Feb/2009:13:24:44 +0100] "GET /img/uploads/Hobbywerkstatt.JPG HTTP/1.1" 200 63731 "http://www.sozialedienste-awo.de/" "Mozilla/4.0 (compatible; MSIE 7.0; Windows NT 5.1; .NET CLR 1.1.4322; .NET CLR 2.0.50727)"
84.190.211.117 - - [07/Feb/2009:13:24:44 +0100] "GET /img/head_familie.png HTTP/1.1" 200 113136 "http://www.sozialedienste-awo.de/" "Mozilla/4.0 (compatible; MSIE 7.0; Windows NT 5.1; .NET CLR 1.1.4322; .NET CLR 2.0.50727)"
84.190.211.117 - - [07/Feb/2009:13:24:44 +0100] "GET /?index=501000000 HTTP/1.1" 200 14838 "http://www.sozialedienste-awo.de/" "Mozilla/4.0 (compatible; MSIE 7.0; Windows NT 5.1; .NET CLR 1.1.4322; .NET CLR 2.0.50727)"
84.190.211.117 - - [07/Feb/2009:13:24:45 +0100] "GET /img/uploads/auto.jpg HTTP/1.1" 200 38814 "http://www.sozialedienste-awo.de/?index=501000000" "Mozilla/4.0 (compatible; MSIE 7.0; Windows NT 5.1; .NET CLR 1.1.4322; .NET CLR 2.0.50727)"
84.190.211.117 - - [07/Feb/2009:13:24:45 +0100] "GET /calendar/calendar2.php HTTP/1.1" 200 16547 "http://www.sozialedienste-awo.de/?index=501000000" "Mozilla/4.0 (compatible; MSIE 7.0; Windows NT 5.1; .NET CLR 1.1.4322; .NET CLR 2.0.50727)"
84.190.211.117 - - [07/Feb/2009:13:24:45 +0100] "GET /img/head_familie.png HTTP/1.1" 206 80060 "http://www.sozialedienste-awo.de/?index=501000000" "Mozilla/4.0 (compatible; MSIE 7.0; Windows NT 5.1; .NET CLR 1.1.4322; .NET CLR 2.0.50727)"
84.190.211.117 - - [07/Feb/2009:13:24:45 +0100] "GET /calendar/termine2.php HTTP/1.1" 200 1441 "http://www.sozialedienste-awo.de/?index=501000000" "Mozilla/4.0 (compatible; MSIE 7.0; Windows NT 5.1; .NET CLR 1.1.4322; .NET CLR 2.0.50727)"
84.190.211.117 - - [07/Feb/2009:13:24:46 +0100] "GET /img/closed.png HTTP/1.1" 200 306 "http://www.sozialedienste-awo.de/?index=501000000" "Mozilla/4.0 (compatible; MSIE 7.0; Windows NT 5.1; .NET CLR 1.1.4322; .NET CLR 2.0.50727)"
84.190.211.117 - - [07/Feb/2009:13:24:46 +0100] "GET /img/uploads/pflegedienst1.jpg HTTP/1.1" 200 16922 "http://www.sozialedienste-awo.de/?index=501000000" "Mozilla/4.0 (compatible; MSIE 7.0; Windows NT 5.1; .NET CLR 1.1.4322; .NET CLR 2.0.50727)"
84.190.211.117 - - [07/Feb/2009:13:24:46 +0100] "GET /img/uploads/pflegedienst2.jpg HTTP/1.1" 200 19209 "http://www.sozialedienste-awo.de/?index=501000000" "Mozilla/4.0 (compatible; MSIE 7.0; Windows NT 5.1; .NET CLR 1.1.4322; .NET CLR 2.0.50727)"
84.190.211.117 - - [07/Feb/2009:13:24:46 +0100] "GET /favicon.ico HTTP/1.1" 404 - "-" "Mozilla/4.0 (compatible; MSIE 7.0; Windows NT 5.1; .NET CLR 1.1.4322; .NET CLR 2.0.50727)"
87.157.74.34 - - [07/Feb/2009:13:24:48 +0100] "GET / HTTP/1.1" 200 5318 "http://www.stellenanzeigen.de/docs/anzeigen2008/html/335740.htm" "Mozilla/5.0 (Windows; U; Windows NT 5.1; de; rv:1.9.0.5) Gecko/2008120122 Firefox/3.0.5"
87.157.74.34 - - [07/Feb/2009:13:24:48 +0100] "GET /css/styles.css HTTP/1.1" 200 4398 "http://www.sozialedienste-awo.de/" "Mozilla/5.0 (Windows; U; Windows NT 5.1; de; rv:1.9.0.5) Gecko/2008120122 Firefox/3.0.5"
87.157.74.34 - - [07/Feb/2009:13:24:48 +0100] "GET /img/trennlinie.png HTTP/1.1" 200 192 "http://www.sozialedienste-awo.de/" "Mozilla/5.0 (Windows; U; Windows NT 5.1; de; rv:1.9.0.5) Gecko/2008120122 Firefox/3.0.5"
87.157.74.34 - - [07/Feb/2009:13:24:48 +0100] "GET /img/kv_button_1.png HTTP/1.1" 200 3344 "http://www.sozialedienste-awo.de/" "Mozilla/5.0 (Windows; U; Windows NT 5.1; de; rv:1.9.0.5) Gecko/2008120122 Firefox/3.0.5"
87.157.74.34 - - [07/Feb/2009:13:24:48 +0100] "GET /img/sd_button_1.png HTTP/1.1" 200 3654 "http://www.sozialedienste-awo.de/" "Mozilla/5.0 (Windows; U; Windows NT 5.1; de; rv:1.9.0.5) Gecko/2008120122 Firefox/3.0.5"
87.157.74.34 - - [07/Feb/2009:13:24:48 +0100] "GET /calendar/termine2.php HTTP/1.1" 200 1441 "http://www.sozialedienste-awo.de/" "Mozilla/5.0 (Windows; U; Windows NT 5.1; de; rv:1.9.0.5) Gecko/2008120122 Firefox/3.0.5"
87.157.74.34 - - [07/Feb/2009:13:24:48 +0100] "GET /img/top_bg.jpg HTTP/1.1" 200 559 "http://www.sozialedienste-awo.de/css/styles.css" "Mozilla/5.0 (Windows; U; Windows NT 5.1; de; rv:1.9.0.5) Gecko/2008120122 Firefox/3.0.5"
87.157.74.34 - - [07/Feb/2009:13:24:48 +0100] "GET /img/sd_title.png HTTP/1.1" 200 11137 "http://www.sozialedienste-awo.de/" "Mozilla/5.0 (Windows; U; Windows NT 5.1; de; rv:1.9.0.5) Gecko/2008120122 Firefox/3.0.5"
87.157.74.34 - - [07/Feb/2009:13:24:49 +0100] "GET /img/top_bg_pic.jpg HTTP/1.1" 200 10139 "http://www.sozialedienste-awo.de/css/styles.css" "Mozilla/5.0 (Windows; U; Windows NT 5.1; de; rv:1.9.0.5) Gecko/2008120122 Firefox/3.0.5"
87.157.74.34 - - [07/Feb/2009:13:24:49 +0100] "GET /img/top_border.png HTTP/1.1" 200 149 "http://www.sozialedienste-awo.de/css/styles.css" "Mozilla/5.0 (Windows; U; Windows NT 5.1; de; rv:1.9.0.5) Gecko/2008120122 Firefox/3.0.5"
87.157.74.34 - - [07/Feb/2009:13:24:49 +0100] "GET /img/opened.png HTTP/1.1" 200 301 "http://www.sozialedienste-awo.de/" "Mozilla/5.0 (Windows; U; Windows NT 5.1; de; rv:1.9.0.5) Gecko/2008120122 Firefox/3.0.5"
87.157.74.34 - - [07/Feb/2009:13:24:49 +0100] "GET /img/closed.png HTTP/1.1" 200 306 "http://www.sozialedienste-awo.de/" "Mozilla/5.0 (Windows; U; Windows NT 5.1; de; rv:1.9.0.5) Gecko/2008120122 Firefox/3.0.5"
87.157.74.34 - - [07/Feb/2009:13:24:48 +0100] "GET /calendar/calendar2.php HTTP/1.1" 200 16547 "http://www.sozialedienste-awo.de/" "Mozilla/5.0 (Windows; U; Windows NT 5.1; de; rv:1.9.0.5) Gecko/2008120122 Firefox/3.0.5"
87.157.74.34 - - [07/Feb/2009:13:24:48 +0100] "GET /img/uploads/Hobbywerkstatt.JPG HTTP/1.1" 200 63731 "http://www.sozialedienste-awo.de/" "Mozilla/5.0 (Windows; U; Windows NT 5.1; de; rv:1.9.0.5) Gecko/2008120122 Firefox/3.0.5"
87.157.74.34 - - [07/Feb/2009:13:24:49 +0100] "GET /img/links.png HTTP/1.1" 200 265 "http://www.sozialedienste-awo.de/calendar/calendar2.php" "Mozilla/5.0 (Windows; U; Windows NT 5.1; de; rv:1.9.0.5) Gecko/2008120122 Firefox/3.0.5"
87.157.74.34 - - [07/Feb/2009:13:24:49 +0100] "GET /img/rechts.png HTTP/1.1" 200 257 "http://www.sozialedienste-awo.de/calendar/calendar2.php" "Mozilla/5.0 (Windows; U; Windows NT 5.1; de; rv:1.9.0.5) Gecko/2008120122 Firefox/3.0.5"
87.157.74.34 - - [07/Feb/2009:13:24:49 +0100] "GET /img/head_familie.png HTTP/1.1" 200 113136 "http://www.sozialedienste-awo.de/css/styles.css" "Mozilla/5.0 (Windows; U; Windows NT 5.1; de; rv:1.9.0.5) Gecko/2008120122 Firefox/3.0.5"
87.157.74.34 - - [07/Feb/2009:13:24:50 +0100] "GET /favicon.ico HTTP/1.1" 404 - "-" "Mozilla/5.0 (Windows; U; Windows NT 5.1; de; rv:1.9.0.5) Gecko/2008120122 Firefox/3.0.5"
84.190.211.117 - - [07/Feb/2009:13:24:50 +0100] "GET /img/opened.png HTTP/1.1" 200 301 "http://www.sozialedienste-awo.de/?index=501000000" "Mozilla/4.0 (compatible; MSIE 7.0; Windows NT 5.1; .NET CLR 1.1.4322; .NET CLR 2.0.50727)"
87.157.74.34 - - [07/Feb/2009:13:24:52 +0100] "GET /favicon.ico HTTP/1.1" 404 - "-" "Mozilla/5.0 (Windows; U; Windows NT 5.1; de; rv:1.9.0.5) Gecko/2008120122 Firefox/3.0.5"
84.190.211.117 - - [07/Feb/2009:13:24:53 +0100] "GET /img/uploads/Hobbywerkstatt.JPG HTTP/1.1" 200 63731 "http://www.sozialedienste-awo.de/" "Mozilla/4.0 (compatible; MSIE 7.0; Windows NT 5.1; .NET CLR 1.1.4322; .NET CLR 2.0.50727)"
87.157.74.34 - - [07/Feb/2009:13:25:03 +0100] "GET /?index=503000000 HTTP/1.1" 200 4300 "http://www.sozialedienste-awo.de/" "Mozilla/5.0 (Windows; U; Windows NT 5.1; de; rv:1.9.0.5) Gecko/2008120122 Firefox/3.0.5"
87.157.74.34 - - [07/Feb/2009:13:25:03 +0100] "GET /calendar/termine2.php HTTP/1.1" 200 1441 "http://www.sozialedienste-awo.de/?index=503000000" "Mozilla/5.0 (Windows; U; Windows NT 5.1; de; rv:1.9.0.5) Gecko/2008120122 Firefox/3.0.5"
87.157.74.34 - - [07/Feb/2009:13:25:03 +0100] "GET /calendar/calendar2.php HTTP/1.1" 200 16547 "http://www.sozialedienste-awo.de/?index=503000000" "Mozilla/5.0 (Windows; U; Windows NT 5.1; de; rv:1.9.0.5) Gecko/2008120122 Firefox/3.0.5"
87.157.74.34 - - [07/Feb/2009:13:25:03 +0100] "GET /img/uploads/wohn.jpg HTTP/1.1" 200 62666 "http://www.sozialedienste-awo.de/?index=503000000" "Mozilla/5.0 (Windows; U; Windows NT 5.1; de; rv:1.9.0.5) Gecko/2008120122 Firefox/3.0.5"
66.249.71.36 - - [07/Feb/2009:13:38:29 +0100] "GET /calendar/calendar.php?m=233 HTTP/1.1" 200 5859 "-" "Mozilla/5.0 (compatible; Googlebot/2.1; +http://www.google.com/bot.html)"
67.195.37.170 - - [07/Feb/2009:13:52:43 +0100] "GET /?index=200000000 HTTP/1.0" 200 6775 "-" "Mozilla/5.0 (compatible; Yahoo! Slurp/3.0; http://help.yahoo.com/help/us/ysearch/slurp)"
67.195.37.170 - - [07/Feb/2009:13:58:07 +0100] "GET /index.php?index=2147483647 HTTP/1.0" 200 12655 "-" "Mozilla/5.0 (compatible; Yahoo! Slurp/3.0; http://help.yahoo.com/help/us/ysearch/slurp)"
66.249.71.38 - - [07/Feb/2009:14:01:09 +0100] "GET /calendar/calendar2.php?m=341 HTTP/1.1" 200 5853 "-" "Mozilla/5.0 (compatible; Googlebot/2.1; +http://www.google.com/bot.html)"
80.187.103.184 - - [07/Feb/2009:14:01:35 +0100] "GET / HTTP/1.1" 200 5318 "http://www.stellenanzeigen.de/docs/anzeigen2008/html/335740.htm" "Mozilla/5.0 (Windows; U; Windows NT 6.0; de; rv:1.9.0.5) Gecko/2008120122 Firefox/3.0.5 (.NET CLR 3.5.30729)"
80.187.103.184 - - [07/Feb/2009:14:01:35 +0100] "GET /css/styles.css HTTP/1.1" 200 4398 "http://www.sozialedienste-awo.de/" "Mozilla/5.0 (Windows; U; Windows NT 6.0; de; rv:1.9.0.5) Gecko/2008120122 Firefox/3.0.5 (.NET CLR 3.5.30729)"
80.187.103.184 - - [07/Feb/2009:14:01:38 +0100] "GET /img/kv_button_1.png HTTP/1.1" 200 3344 "http://www.sozialedienste-awo.de/" "Mozilla/5.0 (Windows; U; Windows NT 6.0; de; rv:1.9.0.5) Gecko/2008120122 Firefox/3.0.5 (.NET CLR 3.5.30729)"
80.187.103.184 - - [07/Feb/2009:14:01:38 +0100] "GET /calendar/calendar2.php HTTP/1.1" 200 16547 "http://www.sozialedienste-awo.de/" "Mozilla/5.0 (Windows; U; Windows NT 6.0; de; rv:1.9.0.5) Gecko/2008120122 Firefox/3.0.5 (.NET CLR 3.5.30729)"
80.187.103.184 - - [07/Feb/2009:14:01:39 +0100] "GET /img/sd_title.png HTTP/1.1" 200 11137 "http://www.sozialedienste-awo.de/" "Mozilla/5.0 (Windows; U; Windows NT 6.0; de; rv:1.9.0.5) Gecko/2008120122 Firefox/3.0.5 (.NET CLR 3.5.30729)"
80.187.103.184 - - [07/Feb/2009:14:01:39 +0100] "GET /calendar/termine2.php HTTP/1.1" 200 1441 "http://www.sozialedienste-awo.de/" "Mozilla/5.0 (Windows; U; Windows NT 6.0; de; rv:1.9.0.5) Gecko/2008120122 Firefox/3.0.5 (.NET CLR 3.5.30729)"
80.187.103.184 - - [07/Feb/2009:14:01:39 +0100] "GET /img/top_bg_pic.jpg HTTP/1.1" 200 10139 "http://www.sozialedienste-awo.de/" "Mozilla/5.0 (Windows; U; Windows NT 6.0; de; rv:1.9.0.5) Gecko/2008120122 Firefox/3.0.5 (.NET CLR 3.5.30729)"
80.187.103.184 - - [07/Feb/2009:14:01:39 +0100] "GET /img/uploads/Hobbywerkstatt.JPG HTTP/1.1" 200 63731 "http://www.sozialedienste-awo.de/" "Mozilla/5.0 (Windows; U; Windows NT 6.0; de; rv:1.9.0.5) Gecko/2008120122 Firefox/3.0.5 (.NET CLR 3.5.30729)"
80.187.103.184 - - [07/Feb/2009:14:01:39 +0100] "GET /img/top_bg.jpg HTTP/1.1" 200 559 "http://www.sozialedienste-awo.de/" "Mozilla/5.0 (Windows; U; Windows NT 6.0; de; rv:1.9.0.5) Gecko/2008120122 Firefox/3.0.5 (.NET CLR 3.5.30729)"
80.187.103.184 - - [07/Feb/2009:14:01:39 +0100] "GET /img/head_familie.png HTTP/1.1" 200 113136 "http://www.sozialedienste-awo.de/" "Mozilla/5.0 (Windows; U; Windows NT 6.0; de; rv:1.9.0.5) Gecko/2008120122 Firefox/3.0.5 (.NET CLR 3.5.30729)"
80.187.103.184 - - [07/Feb/2009:14:01:39 +0100] "GET /img/top_border.png HTTP/1.1" 200 149 "http://www.sozialedienste-awo.de/" "Mozilla/5.0 (Windows; U; Windows NT 6.0; de; rv:1.9.0.5) Gecko/2008120122 Firefox/3.0.5 (.NET CLR 3.5.30729)"
80.187.103.184 - - [07/Feb/2009:14:01:39 +0100] "GET /img/trennlinie.png HTTP/1.1" 200 192 "http://www.sozialedienste-awo.de/" "Mozilla/5.0 (Windows; U; Windows NT 6.0; de; rv:1.9.0.5) Gecko/2008120122 Firefox/3.0.5 (.NET CLR 3.5.30729)"
80.187.103.184 - - [07/Feb/2009:14:01:39 +0100] "GET /img/sd_button_1.png HTTP/1.1" 200 3654 "http://www.sozialedienste-awo.de/" "Mozilla/5.0 (Windows; U; Windows NT 6.0; de; rv:1.9.0.5) Gecko/2008120122 Firefox/3.0.5 (.NET CLR 3.5.30729)"
80.187.103.184 - - [07/Feb/2009:14:01:39 +0100] "GET /img/trennlinie.png HTTP/1.1" 200 192 "http://www.sozialedienste-awo.de/" "Mozilla/5.0 (Windows; U; Windows NT 6.0; de; rv:1.9.0.5) Gecko/2008120122 Firefox/3.0.5 (.NET CLR 3.5.30729)"
80.187.103.184 - - [07/Feb/2009:14:01:39 +0100] "GET /img/opened.png HTTP/1.1" 200 301 "http://www.sozialedienste-awo.de/" "Mozilla/5.0 (Windows; U; Windows NT 6.0; de; rv:1.9.0.5) Gecko/2008120122 Firefox/3.0.5 (.NET CLR 3.5.30729)"
80.187.103.184 - - [07/Feb/2009:14:01:39 +0100] "GET /img/closed.png HTTP/1.1" 200 306 "http://www.sozialedienste-awo.de/" "Mozilla/5.0 (Windows; U; Windows NT 6.0; de; rv:1.9.0.5) Gecko/2008120122 Firefox/3.0.5 (.NET CLR 3.5.30729)"
80.187.103.184 - - [07/Feb/2009:14:01:40 +0100] "GET /img/links.png HTTP/1.1" 200 265 "http://www.sozialedienste-awo.de/calendar/calendar2.php" "Mozilla/5.0 (Windows; U; Windows NT 6.0; de; rv:1.9.0.5) Gecko/2008120122 Firefox/3.0.5 (.NET CLR 3.5.30729)"
80.187.103.184 - - [07/Feb/2009:14:01:40 +0100] "GET /img/rechts.png HTTP/1.1" 200 257 "http://www.sozialedienste-awo.de/calendar/calendar2.php" "Mozilla/5.0 (Windows; U; Windows NT 6.0; de; rv:1.9.0.5) Gecko/2008120122 Firefox/3.0.5 (.NET CLR 3.5.30729)"
80.187.103.184 - - [07/Feb/2009:14:01:41 +0100] "GET /favicon.ico HTTP/1.1" 404 - "-" "Mozilla/5.0 (Windows; U; Windows NT 6.0; de; rv:1.9.0.5) Gecko/2008120122 Firefox/3.0.5 (.NET CLR 3.5.30729)"
80.187.103.184 - - [07/Feb/2009:14:02:07 +0100] "GET /?index=400000000 HTTP/1.1" 200 3799 "http://www.sozialedienste-awo.de/" "Mozilla/5.0 (Windows; U; Windows NT 6.0; de; rv:1.9.0.5) Gecko/2008120122 Firefox/3.0.5 (.NET CLR 3.5.30729)"
80.187.103.184 - - [07/Feb/2009:14:02:07 +0100] "GET /calendar/termine2.php HTTP/1.1" 200 1441 "http://www.sozialedienste-awo.de/?index=400000000" "Mozilla/5.0 (Windows; U; Windows NT 6.0; de; rv:1.9.0.5) Gecko/2008120122 Firefox/3.0.5 (.NET CLR 3.5.30729)"
80.187.103.184 - - [07/Feb/2009:14:02:07 +0100] "GET /calendar/calendar2.php HTTP/1.1" 200 16547 "http://www.sozialedienste-awo.de/?index=400000000" "Mozilla/5.0 (Windows; U; Windows NT 6.0; de; rv:1.9.0.5) Gecko/2008120122 Firefox/3.0.5 (.NET CLR 3.5.30729)"
212.183.48.8 - - [07/Feb/2009:14:09:16 +0100] "GET /calendar/calendar2.php HTTP/1.1" 200 16547 "http://www.awo-kv-bernau.de/?index=302020000" "Mozilla/4.0 (compatible; MSIE 7.0; Windows NT 5.1; Mozilla/4.0 (compatible; MSIE 6.0; Windows NT 5.1; SV1) ; .NET CLR 2.0.50727; .NET CLR 3.0.04506.30; .NET CLR 3.0.04506.648; InfoPath.1)"
212.183.48.8 - - [07/Feb/2009:14:09:16 +0100] "GET /calendar/termine2.php HTTP/1.1" 200 1441 "http://www.awo-kv-bernau.de/?index=302020000" "Mozilla/4.0 (compatible; MSIE 7.0; Windows NT 5.1; Mozilla/4.0 (compatible; MSIE 6.0; Windows NT 5.1; SV1) ; .NET CLR 2.0.50727; .NET CLR 3.0.04506.30; .NET CLR 3.0.04506.648; InfoPath.1)"
212.183.48.8 - - [07/Feb/2009:14:09:17 +0100] "GET /img/links.png HTTP/1.1" 200 265 "http://www.sozialedienste-awo.de/calendar/calendar2.php" "Mozilla/4.0 (compatible; MSIE 7.0; Windows NT 5.1; Mozilla/4.0 (compatible; MSIE 6.0; Windows NT 5.1; SV1) ; .NET CLR 2.0.50727; .NET CLR 3.0.04506.30; .NET CLR 3.0.04506.648; InfoPath.1)"
212.183.48.8 - - [07/Feb/2009:14:09:18 +0100] "GET /img/rechts.png HTTP/1.1" 200 257 "http://www.sozialedienste-awo.de/calendar/calendar2.php" "Mozilla/4.0 (compatible; MSIE 7.0; Windows NT 5.1; Mozilla/4.0 (compatible; MSIE 6.0; Windows NT 5.1; SV1) ; .NET CLR 2.0.50727; .NET CLR 3.0.04506.30; .NET CLR 3.0.04506.648; InfoPath.1)"
66.249.71.36 - - [07/Feb/2009:14:09:54 +0100] "GET /calendar/calendar.php?m=204 HTTP/1.1" 200 5620 "-" "Mozilla/5.0 (compatible; Googlebot/2.1; +http://www.google.com/bot.html)"
212.183.48.8 - - [07/Feb/2009:14:10:14 +0100] "GET /calendar/termine2.php HTTP/1.1" 200 1441 "http://www.awo-kv-bernau.de/?index=302020000" "Mozilla/4.0 (compatible; MSIE 7.0; Windows NT 5.1; Mozilla/4.0 (compatible; MSIE 6.0; Windows NT 5.1; SV1) ; .NET CLR 2.0.50727; .NET CLR 3.0.04506.30; .NET CLR 3.0.04506.648; InfoPath.1)"
212.183.48.8 - - [07/Feb/2009:14:10:14 +0100] "GET /calendar/calendar2.php HTTP/1.1" 200 16547 "http://www.awo-kv-bernau.de/?index=302020000" "Mozilla/4.0 (compatible; MSIE 7.0; Windows NT 5.1; Mozilla/4.0 (compatible; MSIE 6.0; Windows NT 5.1; SV1) ; .NET CLR 2.0.50727; .NET CLR 3.0.04506.30; .NET CLR 3.0.04506.648; InfoPath.1)"
67.195.37.170 - - [07/Feb/2009:14:17:27 +0100] "GET /?index=300000000 HTTP/1.0" 200 4702 "-" "Mozilla/5.0 (compatible; Yahoo! Slurp/3.0; http://help.yahoo.com/help/us/ysearch/slurp)"
67.195.37.170 - - [07/Feb/2009:14:28:52 +0100] "GET /calendar/calendar2.php HTTP/1.0" 200 16547 "http://www.awo-kv-bernau.de/?index=201000000" "Mozilla/5.0 (compatible; Yahoo! Slurp/3.0; http://help.yahoo.com/help/us/ysearch/slurp)"
67.195.37.170 - - [07/Feb/2009:14:29:02 +0100] "GET /calendar/termine2.php HTTP/1.0" 200 1441 "http://www.awo-kv-bernau.de/?index=201000000" "Mozilla/5.0 (compatible; Yahoo! Slurp/3.0; http://help.yahoo.com/help/us/ysearch/slurp)"
66.249.71.37 - - [07/Feb/2009:14:41:11 +0100] "GET /calendar/calendar.php?m=198 HTTP/1.1" 200 5857 "-" "Mozilla/5.0 (compatible; Googlebot/2.1; +http://www.google.com/bot.html)"
91.4.83.165 - - [07/Feb/2009:15:07:06 +0100] "GET / HTTP/1.1" 200 5318 "-" "Mozilla/5.0 (Windows; U; Windows NT 5.1; de; rv:1.9.0.5) Gecko/2008120122 Firefox/3.0.5"
91.4.83.165 - - [07/Feb/2009:15:07:07 +0100] "GET /css/styles.css HTTP/1.1" 200 4398 "http://www.sozialedienste-awo.de/" "Mozilla/5.0 (Windows; U; Windows NT 5.1; de; rv:1.9.0.5) Gecko/2008120122 Firefox/3.0.5"
91.4.83.165 - - [07/Feb/2009:15:07:07 +0100] "GET /img/trennlinie.png HTTP/1.1" 200 192 "http://www.sozialedienste-awo.de/" "Mozilla/5.0 (Windows; U; Windows NT 5.1; de; rv:1.9.0.5) Gecko/2008120122 Firefox/3.0.5"
91.4.83.165 - - [07/Feb/2009:15:07:07 +0100] "GET /img/kv_button_1.png HTTP/1.1" 200 3344 "http://www.sozialedienste-awo.de/" "Mozilla/5.0 (Windows; U; Windows NT 5.1; de; rv:1.9.0.5) Gecko/2008120122 Firefox/3.0.5"
91.4.83.165 - - [07/Feb/2009:15:07:07 +0100] "GET /img/sd_button_1.png HTTP/1.1" 200 3654 "http://www.sozialedienste-awo.de/" "Mozilla/5.0 (Windows; U; Windows NT 5.1; de; rv:1.9.0.5) Gecko/2008120122 Firefox/3.0.5"
91.4.83.165 - - [07/Feb/2009:15:07:07 +0100] "GET /img/sd_title.png HTTP/1.1" 200 11137 "http://www.sozialedienste-awo.de/" "Mozilla/5.0 (Windows; U; Windows NT 5.1; de; rv:1.9.0.5) Gecko/2008120122 Firefox/3.0.5"
91.4.83.165 - - [07/Feb/2009:15:07:07 +0100] "GET /img/uploads/Hobbywerkstatt.JPG HTTP/1.1" 200 63731 "http://www.sozialedienste-awo.de/" "Mozilla/5.0 (Windows; U; Windows NT 5.1; de; rv:1.9.0.5) Gecko/2008120122 Firefox/3.0.5"
91.4.83.165 - - [07/Feb/2009:15:07:07 +0100] "GET /calendar/termine2.php HTTP/1.1" 200 1441 "http://www.sozialedienste-awo.de/" "Mozilla/5.0 (Windows; U; Windows NT 5.1; de; rv:1.9.0.5) Gecko/2008120122 Firefox/3.0.5"
91.4.83.165 - - [07/Feb/2009:15:07:07 +0100] "GET /calendar/calendar2.php HTTP/1.1" 200 16547 "http://www.sozialedienste-awo.de/" "Mozilla/5.0 (Windows; U; Windows NT 5.1; de; rv:1.9.0.5) Gecko/2008120122 Firefox/3.0.5"
91.4.83.165 - - [07/Feb/2009:15:07:07 +0100] "GET /img/top_bg.jpg HTTP/1.1" 200 559 "http://www.sozialedienste-awo.de/css/styles.css" "Mozilla/5.0 (Windows; U; Windows NT 5.1; de; rv:1.9.0.5) Gecko/2008120122 Firefox/3.0.5"
91.4.83.165 - - [07/Feb/2009:15:07:07 +0100] "GET /img/top_bg_pic.jpg HTTP/1.1" 200 10139 "http://www.sozialedienste-awo.de/css/styles.css" "Mozilla/5.0 (Windows; U; Windows NT 5.1; de; rv:1.9.0.5) Gecko/2008120122 Firefox/3.0.5"
91.4.83.165 - - [07/Feb/2009:15:07:08 +0100] "GET /img/top_border.png HTTP/1.1" 200 149 "http://www.sozialedienste-awo.de/css/styles.css" "Mozilla/5.0 (Windows; U; Windows NT 5.1; de; rv:1.9.0.5) Gecko/2008120122 Firefox/3.0.5"
91.4.83.165 - - [07/Feb/2009:15:07:08 +0100] "GET /img/opened.png HTTP/1.1" 200 301 "http://www.sozialedienste-awo.de/" "Mozilla/5.0 (Windows; U; Windows NT 5.1; de; rv:1.9.0.5) Gecko/2008120122 Firefox/3.0.5"
91.4.83.165 - - [07/Feb/2009:15:07:08 +0100] "GET /img/closed.png HTTP/1.1" 200 306 "http://www.sozialedienste-awo.de/" "Mozilla/5.0 (Windows; U; Windows NT 5.1; de; rv:1.9.0.5) Gecko/2008120122 Firefox/3.0.5"
91.4.83.165 - - [07/Feb/2009:15:07:08 +0100] "GET /img/links.png HTTP/1.1" 200 265 "http://www.sozialedienste-awo.de/calendar/calendar2.php" "Mozilla/5.0 (Windows; U; Windows NT 5.1; de; rv:1.9.0.5) Gecko/2008120122 Firefox/3.0.5"
91.4.83.165 - - [07/Feb/2009:15:07:08 +0100] "GET /img/rechts.png HTTP/1.1" 200 257 "http://www.sozialedienste-awo.de/calendar/calendar2.php" "Mozilla/5.0 (Windows; U; Windows NT 5.1; de; rv:1.9.0.5) Gecko/2008120122 Firefox/3.0.5"
