91.4.83.165 - - [07/Feb/2009:15:07:08 +0100] "GET /img/head_familie.png HTTP/1.1" 200 113136 "http://www.sozialedienste-awo.de/css/styles.css" "Mozilla/5.0 (Windows; U; Windows NT 5.1; de; rv:1.9.0.5) Gecko/2008120122 Firefox/3.0.5"
91.4.83.165 - - [07/Feb/2009:15:07:09 +0100] "GET /favicon.ico HTTP/1.1" 404 - "-" "Mozilla/5.0 (Windows; U; Windows NT 5.1; de; rv:1.9.0.5) Gecko/2008120122 Firefox/3.0.5"
91.4.83.165 - - [07/Feb/2009:15:07:10 +0100] "GET /favicon.ico HTTP/1.1" 404 - "-" "Mozilla/5.0 (Windows; U; Windows NT 5.1; de; rv:1.9.0.5) Gecko/2008120122 Firefox/3.0.5"
91.4.83.165 - - [07/Feb/2009:15:07:12 +0100] "GET /calendar/calendar2.php HTTP/1.1" 200 16547 "http://www.sozialedienste-awo.de/" "Mozilla/5.0 (Windows; U; Windows NT 5.1; de; rv:1.9.0.5) Gecko/2008120122 Firefox/3.0.5"
91.4.83.165 - - [07/Feb/2009:15:07:12 +0100] "GET /calendar/termine2.php HTTP/1.1" 200 1441 "http://www.sozialedienste-awo.de/" "Mozilla/5.0 (Windows; U; Windows NT 5.1; de; rv:1.9.0.5) Gecko/2008120122 Firefox/3.0.5"
91.4.83.165 - - [07/Feb/2009:15:07:13 +0100] "GET /img/links.png HTTP/1.1" 304 - "http://www.sozialedienste-awo.de/calendar/calendar2.php" "Mozilla/5.0 (Windows; U; Windows NT 5.1; de; rv:1.9.0.5) Gecko/2008120122 Firefox/3.0.5"
91.4.83.165 - - [07/Feb/2009:15:07:13 +0100] "GET /img/rechts.png HTTP/1.1" 304 - "http://www.sozialedienste-awo.de/calendar/calendar2.php" "Mozilla/5.0 (Windows; U; Windows NT 5.1; de; rv:1.9.0.5) Gecko/2008120122 Firefox/3.0.5"
91.4.83.165 - - [07/Feb/2009:15:07:40 +0100] "GET /?index=502000000 HTTP/1.1" 200 5348 "http://www.sozialedienste-awo.de/" "Mozilla/5.0 (Windows; U; Windows NT 5.1; de; rv:1.9.0.5) Gecko/2008120122 Firefox/3.0.5"
91.4.83.165 - - [07/Feb/2009:15:07:40 +0100] "GET /calendar/termine2.php HTTP/1.1" 200 1441 "http://www.sozialedienste-awo.de/?index=502000000" "Mozilla/5.0 (Windows; U; Windows NT 5.1; de; rv:1.9.0.5) Gecko/2008120122 Firefox/3.0.5"
91.4.83.165 - - [07/Feb/2009:15:07:40 +0100] "GET /calendar/calendar2.php HTTP/1.1" 200 16547 "http://www.sozialedienste-awo.de/?index=502000000" "Mozilla/5.0 (Windows; U; Windows NT 5.1; de; rv:1.9.0.5) Gecko/2008120122 Firefox/3.0.5"
91.4.83.165 - - [07/Feb/2009:15:07:50 +0100] "GET /?index=502020000 HTTP/1.1" 200 4326 "http://www.sozialedienste-awo.de/?index=502000000" "Mozilla/5.0 (Windows; U; Windows NT 5.1; de; rv:1.9.0.5) Gecko/2008120122 Firefox/3.0.5"
91.4.83.165 - - [07/Feb/2009:15:07:50 +0100] "GET /calendar/termine2.php HTTP/1.1" 200 1441 "http://www.sozialedienste-awo.de/?index=502020000" "Mozilla/5.0 (Windows; U; Windows NT 5.1; de; rv:1.9.0.5) Gecko/2008120122 Firefox/3.0.5"
91.4.83.165 - - [07/Feb/2009:15:07:50 +0100] "GET /calendar/calendar2.php HTTP/1.1" 200 16547 "http://www.sozialedienste-awo.de/?index=502020000" "Mozilla/5.0 (Windows; U; Windows NT 5.1; de; rv:1.9.0.5) Gecko/2008120122 Firefox/3.0.5"
72.30.142.163 - - [07/Feb/2009:15:10:55 +0100] "GET /index.php?id=17 HTTP/1.0" 200 5318 "-" "Mozilla/5.0 (compatible; Yahoo! Slurp; http://help.yahoo.com/help/us/ysearch/slurp)"
66.249.71.37 - - [07/Feb/2009:15:12:41 +0100] "GET /calendar/calendar.php?m=-201 HTTP/1.1" 200 5856 "-" "Mozilla/5.0 (compatible; Googlebot/2.1; +http://www.google.com/bot.html)"
66.249.71.37 - - [07/Feb/2009:15:21:20 +0100] "GET /calendar/calendar2.php?m=-343 HTTP/1.1" 200 5851 "-" "Mozilla/5.0 (compatible; Googlebot/2.1; +http://www.google.com/bot.html)"
78.53.64.213 - - [07/Feb/2009:15:24:05 +0100] "GET /calendar/termine2.php HTTP/1.1" 200 1441 "http://www.awo-kv-bernau.de/" "Mozilla/5.0 (Windows; U; Windows NT 5.1; de; rv:1.9.0.6) Gecko/2009011913 Firefox/3.0.6"
78.53.64.213 - - [07/Feb/2009:15:24:05 +0100] "GET /calendar/calendar2.php HTTP/1.1" 200 16547 "http://www.awo-kv-bernau.de/" "Mozilla/5.0 (Windows; U; Windows NT 5.1; de; rv:1.9.0.6) Gecko/2009011913 Firefox/3.0.6"
78.53.64.213 - - [07/Feb/2009:15:24:06 +0100] "GET /img/links.png HTTP/1.1" 200 265 "http://www.sozialedienste-awo.de/calendar/calendar2.php" "Mozilla/5.0 (Windows; U; Windows NT 5.1; de; rv:1.9.0.6) Gecko/2009011913 Firefox/3.0.6"
78.53.64.213 - - [07/Feb/2009:15:24:06 +0100] "GET /img/rechts.png HTTP/1.1" 200 257 "http://www.sozialedienste-awo.de/calendar/calendar2.php" "Mozilla/5.0 (Windows; U; Windows NT 5.1; de; rv:1.9.0.6) Gecko/2009011913 Firefox/3.0.6"
78.53.64.213 - - [07/Feb/2009:15:24:18 +0100] "GET /calendar/termine2.php HTTP/1.1" 200 1441 "http://www.awo-kv-bernau.de/?index=302000000" "Mozilla/5.0 (Windows; U; Windows NT 5.1; de; rv:1.9.0.6) Gecko/2009011913 Firefox/3.0.6"
78.53.64.213 - - [07/Feb/2009:15:24:18 +0100] "GET /calendar/calendar2.php HTTP/1.1" 200 16547 "http://www.awo-kv-bernau.de/?index=302000000" "Mozilla/5.0 (Windows; U; Windows NT 5.1; de; rv:1.9.0.6) Gecko/2009011913 Firefox/3.0.6"
78.53.64.213 - - [07/Feb/2009:15:24:23 +0100] "GET /calendar/termine2.php HTTP/1.1" 200 1441 "http://www.awo-kv-bernau.de/index.php?index=302040000" "Mozilla/5.0 (Windows; U; Windows NT 5.1; de; rv:1.9.0.6) Gecko/2009011913 Firefox/3.0.6"
78.53.64.213 - - [07/Feb/2009:15:24:23 +0100] "GET /calendar/calendar2.php HTTP/1.1" 200 16547 "http://www.awo-kv-bernau.de/index.php?index=302040000" "Mozilla/5.0 (Windows; U; Windows NT 5.1; de; rv:1.9.0.6) Gecko/2009011913 Firefox/3.0.6"
78.53.64.213 - - [07/Feb/2009:15:25:08 +0100] "GET /calendar/calendar2.php HTTP/1.1" 200 16547 "http://www.awo-kv-bernau.de/index.php?index=302040000" "Mozilla/5.0 (Windows; U; Windows NT 5.1; de; rv:1.9.0.6) Gecko/2009011913 Firefox/3.0.6"
78.53.64.213 - - [07/Feb/2009:15:25:08 +0100] "GET /calendar/termine2.php HTTP/1.1" 200 1441 "http://www.awo-kv-bernau.de/index.php?index=302040000" "Mozilla/5.0 (Windows; U; Windows NT 5.1; de; rv:1.9.0.6) Gecko/2009011913 Firefox/3.0.6"
78.53.64.213 - - [07/Feb/2009:15:25:13 +0100] "GET /calendar/termine2.php HTTP/1.1" 200 1441 "http://www.awo-kv-bernau.de/index.php?index=202000000" "Mozilla/5.0 (Windows; U; Windows NT 5.1; de; rv:1.9.0.6) Gecko/2009011913 Firefox/3.0.6"
78.53.64.213 - - [07/Feb/2009:15:25:13 +0100] "GET /calendar/calendar2.php HTTP/1.1" 200 16547 "http://www.awo-kv-bernau.de/index.php?index=202000000" "Mozilla/5.0 (Windows; U; Windows NT 5.1; de; rv:1.9.0.6) Gecko/2009011913 Firefox/3.0.6"
66.249.71.38 - - [07/Feb/2009:15:42:55 +0100] "GET /index.php?index=2147483647 HTTP/1.1" 200 12655 "-" "Mozilla/5.0 (compatible; Googlebot/2.1; +http://www.google.com/bot.html)"
66.249.71.36 - - [07/Feb/2009:15:44:09 +0100] "GET /calendar/calendar.php?m=197 HTTP/1.1" 200 5843 "-" "Mozilla/5.0 (compatible; Googlebot/2.1; +http://www.google.com/bot.html)"
66.249.71.38 - - [07/Feb/2009:16:00:46 +0100] "GET /calendar/calendar2.php?m=342 HTTP/1.1" 200 5867 "-" "Mozilla/5.0 (compatible; Googlebot/2.1; +http://www.google.com/bot.html)"
66.249.71.38 - - [07/Feb/2009:16:00:47 +0100] "GET /kita/pusteblume/pusteblume.html HTTP/1.1" 404 - "-" "Mozilla/5.0 (compatible; Googlebot/2.1; +http://www.google.com/bot.html)"
88.75.71.95 - - [07/Feb/2009:16:06:51 +0100] "GET /calendar/calendar2.php HTTP/1.1" 200 16547 "http://www.awo-kv-bernau.de/" "Mozilla/4.0 (compatible; MSIE 6.0; Windows NT 5.1; SV1)"
88.75.71.95 - - [07/Feb/2009:16:06:51 +0100] "GET /calendar/termine2.php HTTP/1.1" 200 1441 "http://www.awo-kv-bernau.de/" "Mozilla/4.0 (compatible; MSIE 6.0; Windows NT 5.1; SV1)"
88.75.71.95 - - [07/Feb/2009:16:06:51 +0100] "GET /img/rechts.png HTTP/1.1" 200 257 "http://www.sozialedienste-awo.de/calendar/calendar2.php" "Mozilla/4.0 (compatible; MSIE 6.0; Windows NT 5.1; SV1)"
88.75.71.95 - - [07/Feb/2009:16:06:51 +0100] "GET /img/links.png HTTP/1.1" 200 265 "http://www.sozialedienste-awo.de/calendar/calendar2.php" "Mozilla/4.0 (compatible; MSIE 6.0; Windows NT 5.1; SV1)"
66.249.71.38 - - [07/Feb/2009:16:09:43 +0100] "GET /?index=503040000 HTTP/1.1" 200 7656 "-" "Mozilla/5.0 (compatible; Googlebot/2.1; +http://www.google.com/bot.html)"
66.249.71.38 - - [07/Feb/2009:16:15:35 +0100] "GET /calendar/calendar.php?m=-227 HTTP/1.1" 200 5858 "-" "Mozilla/5.0 (compatible; Googlebot/2.1; +http://www.google.com/bot.html)"
66.249.71.37 - - [07/Feb/2009:16:47:06 +0100] "GET /calendar/calendar.php?m=-221 HTTP/1.1" 200 5784 "-" "Mozilla/5.0 (compatible; Googlebot/2.1; +http://www.google.com/bot.html)"
195.93.60.40 - - [07/Feb/2009:16:48:17 +0100] "GET /calendar/calendar2.php HTTP/1.1" 200 16547 "http://www.awo-kv-bernau.de/?index=205000000" "Mozilla/4.0 (compatible; MSIE 6.0; AOL 9.0; Windows NT 5.1; SV1)"
195.93.60.8 - - [07/Feb/2009:16:48:25 +0100] "GET /formulare/Stellenanzeige%20KV.pdf HTTP/1.1" 200 41480 "http://www.awo-kv-bernau.de/?index=205000000" "Mozilla/4.0 (compatible; MSIE 6.0; AOL 9.0; Windows NT 5.1; SV1)"
195.93.60.40 - - [07/Feb/2009:16:49:22 +0100] "GET /calendar/calendar2.php HTTP/1.1" 200 16547 "http://www.awo-kv-bernau.de/" "Mozilla/4.0 (compatible; MSIE 6.0; AOL 9.0; Windows NT 5.1; SV1)"
195.93.60.38 - - [07/Feb/2009:16:49:27 +0100] "GET / HTTP/1.1" 200 5318 "http://www.awo-kv-bernau.de/" "Mozilla/4.0 (compatible; MSIE 6.0; AOL 9.0; Windows NT 5.1; SV1)"
195.93.60.2 - - [07/Feb/2009:16:49:29 +0100] "GET /css/styles.css HTTP/1.1" 200 4398 "http://www.sozialedienste-awo.de/" "Mozilla/4.0 (compatible; MSIE 6.0; AOL 9.0; Windows NT 5.1; SV1)"
195.93.60.2 - - [07/Feb/2009:16:49:31 +0100] "GET /img/trennlinie.png HTTP/1.1" 200 192 "http://www.sozialedienste-awo.de/" "Mozilla/4.0 (compatible; MSIE 6.0; AOL 9.0; Windows NT 5.1; SV1)"
195.93.60.97 - - [07/Feb/2009:16:49:31 +0100] "GET /img/top_bg.jpg HTTP/1.1" 200 559 "http://www.sozialedienste-awo.de/" "Mozilla/4.0 (compatible; MSIE 6.0; AOL 9.0; Windows NT 5.1; SV1)"
195.93.60.98 - - [07/Feb/2009:16:49:31 +0100] "GET /img/top_bg_pic.jpg HTTP/1.1" 200 10139 "http://www.sozialedienste-awo.de/" "Mozilla/4.0 (compatible; MSIE 6.0; AOL 9.0; Windows NT 5.1; SV1)"
195.93.60.36 - - [07/Feb/2009:16:49:31 +0100] "GET /img/head_familie.png HTTP/1.1" 200 113136 "http://www.sozialedienste-awo.de/" "Mozilla/4.0 (compatible; MSIE 6.0; AOL 9.0; Windows NT 5.1; SV1)"
195.93.60.35 - - [07/Feb/2009:16:49:31 +0100] "GET /img/top_border.png HTTP/1.1" 200 149 "http://www.sozialedienste-awo.de/" "Mozilla/4.0 (compatible; MSIE 6.0; AOL 9.0; Windows NT 5.1; SV1)"
195.93.60.2 - - [07/Feb/2009:16:49:32 +0100] "GET /img/kv_button_1.png HTTP/1.1" 200 3344 "http://www.sozialedienste-awo.de/" "Mozilla/4.0 (compatible; MSIE 6.0; AOL 9.0; Windows NT 5.1; SV1)"
195.93.60.36 - - [07/Feb/2009:16:49:33 +0100] "GET /img/sd_button_1.png HTTP/1.1" 200 3654 "http://www.sozialedienste-awo.de/" "Mozilla/4.0 (compatible; MSIE 6.0; AOL 9.0; Windows NT 5.1; SV1)"
195.93.60.6 - - [07/Feb/2009:16:49:35 +0100] "GET /img/sd_title.png HTTP/1.1" 200 11137 "http://www.sozialedienste-awo.de/" "Mozilla/4.0 (compatible; MSIE 6.0; AOL 9.0; Windows NT 5.1; SV1)"
195.93.60.103 - - [07/Feb/2009:16:49:38 +0100] "GET /img/uploads/Hobbywerkstatt.JPG HTTP/1.1" 200 63731 "http://www.sozialedienste-awo.de/" "Mozilla/4.0 (compatible; MSIE 6.0; AOL 9.0; Windows NT 5.1; SV1)"
195.93.60.5 - - [07/Feb/2009:16:49:44 +0100] "GET /?index=400000000 HTTP/1.1" 200 3799 "http://www.sozialedienste-awo.de/" "Mozilla/4.0 (compatible; MSIE 6.0; AOL 9.0; Windows NT 5.1; SV1)"
195.93.60.40 - - [07/Feb/2009:16:49:47 +0100] "GET /calendar/calendar2.php HTTP/1.1" 200 16547 "http://www.sozialedienste-awo.de/?index=400000000" "Mozilla/4.0 (compatible; MSIE 6.0; AOL 9.0; Windows NT 5.1; SV1)"
195.93.60.40 - - [07/Feb/2009:16:50:02 +0100] "GET /calendar/calendar2.php HTTP/1.1" 200 16547 "http://www.awo-kv-bernau.de/" "Mozilla/4.0 (compatible; MSIE 6.0; AOL 9.0; Windows NT 5.1; SV1)"
195.93.60.72 - - [07/Feb/2009:16:50:10 +0100] "GET /calendar/termine2.php HTTP/1.1" 200 1441 "http://www.awo-kv-bernau.de/?index=305000000" "Mozilla/4.0 (compatible; MSIE 6.0; AOL 9.0; Windows NT 5.1; SV1)"
195.93.60.40 - - [07/Feb/2009:16:50:10 +0100] "GET /calendar/calendar2.php HTTP/1.1" 200 16547 "http://www.awo-kv-bernau.de/?index=305000000" "Mozilla/4.0 (compatible; MSIE 6.0; AOL 9.0; Windows NT 5.1; SV1)"
84.190.211.117 - - [07/Feb/2009:17:01:17 +0100] "GET /calendar/termine2.php HTTP/1.1" 200 1441 "http://www.awo-kv-bernau.de/" "Mozilla/4.0 (compatible; MSIE 7.0; Windows NT 5.1; .NET CLR 1.1.4322; .NET CLR 2.0.50727)"
84.190.211.117 - - [07/Feb/2009:17:01:17 +0100] "GET /calendar/calendar2.php HTTP/1.1" 200 16547 "http://www.awo-kv-bernau.de/" "Mozilla/4.0 (compatible; MSIE 7.0; Windows NT 5.1; .NET CLR 1.1.4322; .NET CLR 2.0.50727)"
84.190.211.117 - - [07/Feb/2009:17:01:18 +0100] "GET /img/links.png HTTP/1.1" 200 265 "http://www.sozialedienste-awo.de/calendar/calendar2.php" "Mozilla/4.0 (compatible; MSIE 7.0; Windows NT 5.1; .NET CLR 1.1.4322; .NET CLR 2.0.50727)"
84.190.211.117 - - [07/Feb/2009:17:01:18 +0100] "GET /img/rechts.png HTTP/1.1" 200 257 "http://www.sozialedienste-awo.de/calendar/calendar2.php" "Mozilla/4.0 (compatible; MSIE 7.0; Windows NT 5.1; .NET CLR 1.1.4322; .NET CLR 2.0.50727)"
84.190.211.117 - - [07/Feb/2009:17:01:23 +0100] "GET /calendar/calendar2.php HTTP/1.1" 200 16547 "http://www.awo-kv-bernau.de/?index=305000000" "Mozilla/4.0 (compatible; MSIE 7.0; Windows NT 5.1; .NET CLR 1.1.4322; .NET CLR 2.0.50727)"
84.190.211.117 - - [07/Feb/2009:17:01:23 +0100] "GET /calendar/termine2.php HTTP/1.1" 200 1441 "http://www.awo-kv-bernau.de/?index=305000000" "Mozilla/4.0 (compatible; MSIE 7.0; Windows NT 5.1; .NET CLR 1.1.4322; .NET CLR 2.0.50727)"
84.190.211.117 - - [07/Feb/2009:17:01:29 +0100] "GET /calendar/calendar2.php HTTP/1.1" 200 16547 "http://www.awo-kv-bernau.de/?index=302000000" "Mozilla/4.0 (compatible; MSIE 7.0; Windows NT 5.1; .NET CLR 1.1.4322; .NET CLR 2.0.50727)"
84.190.211.117 - - [07/Feb/2009:17:01:29 +0100] "GET /calendar/termine2.php HTTP/1.1" 200 1441 "http://www.awo-kv-bernau.de/?index=302000000" "Mozilla/4.0 (compatible; MSIE 7.0; Windows NT 5.1; .NET CLR 1.1.4322; .NET CLR 2.0.50727)"
84.190.211.117 - - [07/Feb/2009:17:01:31 +0100] "GET /calendar/calendar2.php HTTP/1.1" 200 16547 "http://www.awo-kv-bernau.de/index.php?index=302030000" "Mozilla/4.0 (compatible; MSIE 7.0; Windows NT 5.1; .NET CLR 1.1.4322; .NET CLR 2.0.50727)"
84.190.211.117 - - [07/Feb/2009:17:01:31 +0100] "GET /calendar/termine2.php HTTP/1.1" 200 1441 "http://www.awo-kv-bernau.de/index.php?index=302030000" "Mozilla/4.0 (compatible; MSIE 7.0; Windows NT 5.1; .NET CLR 1.1.4322; .NET CLR 2.0.50727)"
84.190.211.117 - - [07/Feb/2009:17:01:38 +0100] "GET /calendar/calendar2.php HTTP/1.1" 200 16547 "http://www.awo-kv-bernau.de/index.php?index=500000000" "Mozilla/4.0 (compatible; MSIE 7.0; Windows NT 5.1; .NET CLR 1.1.4322; .NET CLR 2.0.50727)"
84.190.211.117 - - [07/Feb/2009:17:01:38 +0100] "GET /calendar/termine2.php HTTP/1.1" 200 1441 "http://www.awo-kv-bernau.de/index.php?index=500000000" "Mozilla/4.0 (compatible; MSIE 7.0; Windows NT 5.1; .NET CLR 1.1.4322; .NET CLR 2.0.50727)"
84.190.211.117 - - [07/Feb/2009:17:01:45 +0100] "GET /calendar/calendar2.php HTTP/1.1" 200 16547 "http://www.awo-kv-bernau.de/index.php?index=202000000" "Mozilla/4.0 (compatible; MSIE 7.0; Windows NT 5.1; .NET CLR 1.1.4322; .NET CLR 2.0.50727)"
84.190.211.117 - - [07/Feb/2009:17:01:45 +0100] "GET /calendar/termine2.php HTTP/1.1" 200 1441 "http://www.awo-kv-bernau.de/index.php?index=202000000" "Mozilla/4.0 (compatible; MSIE 7.0; Windows NT 5.1; .NET CLR 1.1.4322; .NET CLR 2.0.50727)"
84.190.211.117 - - [07/Feb/2009:17:01:47 +0100] "GET /calendar/termine2.php HTTP/1.1" 200 1441 "http://www.awo-kv-bernau.de/index.php?index=204000000" "Mozilla/4.0 (compatible; MSIE 7.0; Windows NT 5.1; .NET CLR 1.1.4322; .NET CLR 2.0.50727)"
84.190.211.117 - - [07/Feb/2009:17:01:47 +0100] "GET /calendar/calendar2.php HTTP/1.1" 200 16547 "http://www.awo-kv-bernau.de/index.php?index=204000000" "Mozilla/4.0 (compatible; MSIE 7.0; Windows NT 5.1; .NET CLR 1.1.4322; .NET CLR 2.0.50727)"
84.190.211.117 - - [07/Feb/2009:17:01:50 +0100] "GET /calendar/termine2.php HTTP/1.1" 200 1441 "http://www.awo-kv-bernau.de/index.php?index=205000000" "Mozilla/4.0 (compatible; MSIE 7.0; Windows NT 5.1; .NET CLR 1.1.4322; .NET CLR 2.0.50727)"
84.190.211.117 - - [07/Feb/2009:17:01:50 +0100] "GET /calendar/calendar2.php HTTP/1.1" 200 16547 "http://www.awo-kv-bernau.de/index.php?index=205000000" "Mozilla/4.0 (compatible; MSIE 7.0; Windows NT 5.1; .NET CLR 1.1.4322; .NET CLR 2.0.50727)"
66.249.71.38 - - [07/Feb/2009:17:18:48 +0100] "GET /robots.txt HTTP/1.1" 404 - "-" "Mozilla/5.0 (compatible; Googlebot/2.1; +http://www.google.com/bot.html)"
66.249.71.38 - - [07/Feb/2009:17:18:48 +0100] "GET /calendar/calendar.php?m=232 HTTP/1.1" 200 5769 "-" "Mozilla/5.0 (compatible; Googlebot/2.1; +http://www.google.com/bot.html)"
66.249.71.37 - - [07/Feb/2009:17:29:37 +0100] "GET /kita/rappelkiste/rappelkiste_info.html HTTP/1.1" 404 - "-" "Mozilla/5.0 (compatible; Googlebot/2.1; +http://www.google.com/bot.html)"
72.30.142.163 - - [07/Feb/2009:17:45:34 +0100] "GET /?index=503040000 HTTP/1.0" 200 7656 "-" "Mozilla/5.0 (compatible; Yahoo! Slurp; http://help.yahoo.com/help/us/ysearch/slurp)"
66.249.71.37 - - [07/Feb/2009:17:49:54 +0100] "GET /calendar/calendar.php?m=215 HTTP/1.1" 200 5857 "-" "Mozilla/5.0 (compatible; Googlebot/2.1; +http://www.google.com/bot.html)"
66.249.71.38 - - [07/Feb/2009:17:51:04 +0100] "GET /calendar/calendar2.php?m=343 HTTP/1.1" 200 5772 "-" "Mozilla/5.0 (compatible; Googlebot/2.1; +http://www.google.com/bot.html)"
66.249.71.38 - - [07/Feb/2009:17:51:05 +0100] "GET /calendar/calendar2.php?m=-344 HTTP/1.1" 200 5789 "-" "Mozilla/5.0 (compatible; Googlebot/2.1; +http://www.google.com/bot.html)"
72.30.142.163 - - [07/Feb/2009:18:15:54 +0100] "GET /index.php?id=30 HTTP/1.0" 200 5318 "-" "Mozilla/5.0 (compatible; Yahoo! Slurp; http://help.yahoo.com/help/us/ysearch/slurp)"
66.249.71.37 - - [07/Feb/2009:18:21:20 +0100] "GET /calendar/calendar.php?m=224 HTTP/1.1" 200 5858 "-" "Mozilla/5.0 (compatible; Googlebot/2.1; +http://www.google.com/bot.html)"
66.249.71.37 - - [07/Feb/2009:18:23:09 +0100] "GET /img/uploads/geist2.jpg HTTP/1.1" 200 52383 "-" "Googlebot-Image/1.0"
66.249.71.38 - - [07/Feb/2009:18:49:42 +0100] "GET /index.php?index=400000000 HTTP/1.1" 200 3799 "-" "Mozilla/5.0 (compatible; Googlebot/2.1; +http://www.google.com/bot.html)"
66.249.71.37 - - [07/Feb/2009:18:53:08 +0100] "GET /calendar/calendar.php?m=-232 HTTP/1.1" 200 5868 "-" "Mozilla/5.0 (compatible; Googlebot/2.1; +http://www.google.com/bot.html)"
66.249.71.38 - - [07/Feb/2009:19:16:38 +0100] "GET /index.php?index=503030000 HTTP/1.1" 200 3553 "-" "Mozilla/5.0 (compatible; Googlebot/2.1; +http://www.google.com/bot.html)"
66.249.71.36 - - [07/Feb/2009:19:24:33 +0100] "GET /calendar/calendar.php?m=227 HTTP/1.1" 200 5861 "-" "Mozilla/5.0 (compatible; Googlebot/2.1; +http://www.google.com/bot.html)"
66.249.71.38 - - [07/Feb/2009:19:56:00 +0100] "GET /calendar/calendar.php?m=-205 HTTP/1.1" 200 5851 "-" "Mozilla/5.0 (compatible; Googlebot/2.1; +http://www.google.com/bot.html)"
89.145.35.117 - - [07/Feb/2009:20:08:26 +0100] "GET / HTTP/1.1" 200 5318 "http://www.awo-brandenburg.de/einrichtung/?page=1&suchtext=Kindertagesst\xe4tten&einrichtung_id=275" "Mozilla/4.0 (compatible; MSIE 6.0; Windows NT 5.1; SV1; .NET CLR 1.1.4322)"
89.145.35.117 - - [07/Feb/2009:20:08:27 +0100] "GET /css/styles.css HTTP/1.1" 200 4398 "http://www.sozialedienste-awo.de/" "Mozilla/4.0 (compatible; MSIE 6.0; Windows NT 5.1; SV1; .NET CLR 1.1.4322)"
89.145.35.117 - - [07/Feb/2009:20:08:27 +0100] "GET /img/trennlinie.png HTTP/1.1" 200 192 "http://www.sozialedienste-awo.de/" "Mozilla/4.0 (compatible; MSIE 6.0; Windows NT 5.1; SV1; .NET CLR 1.1.4322)"
89.145.35.117 - - [07/Feb/2009:20:08:27 +0100] "GET /img/top_bg.jpg HTTP/1.1" 200 559 "http://www.sozialedienste-awo.de/" "Mozilla/4.0 (compatible; MSIE 6.0; Windows NT 5.1; SV1; .NET CLR 1.1.4322)"
89.145.35.117 - - [07/Feb/2009:20:08:27 +0100] "GET /calendar/termine2.php HTTP/1.1" 200 1441 "http://www.sozialedienste-awo.de/" "Mozilla/4.0 (compatible; MSIE 6.0; Windows NT 5.1; SV1; .NET CLR 1.1.4322)"
89.145.35.117 - - [07/Feb/2009:20:08:27 +0100] "GET /img/top_bg_pic.jpg HTTP/1.1" 200 10139 "http://www.sozialedienste-awo.de/" "Mozilla/4.0 (compatible; MSIE 6.0; Windows NT 5.1; SV1; .NET CLR 1.1.4322)"
89.145.35.117 - - [07/Feb/2009:20:08:27 +0100] "GET /calendar/calendar2.php HTTP/1.1" 200 16547 "http://www.sozialedienste-awo.de/" "Mozilla/4.0 (compatible; MSIE 6.0; Windows NT 5.1; SV1; .NET CLR 1.1.4322)"
89.145.35.117 - - [07/Feb/2009:20:08:27 +0100] "GET /img/sd_button_1.png HTTP/1.1" 200 3654 "http://www.sozialedienste-awo.de/" "Mozilla/4.0 (compatible; MSIE 6.0; Windows NT 5.1; SV1; .NET CLR 1.1.4322)"
89.145.35.117 - - [07/Feb/2009:20:08:27 +0100] "GET /img/kv_button_1.png HTTP/1.1" 200 3344 "http://www.sozialedienste-awo.de/" "Mozilla/4.0 (compatible; MSIE 6.0; Windows NT 5.1; SV1; .NET CLR 1.1.4322)"
89.145.35.117 - - [07/Feb/2009:20:08:28 +0100] "GET /img/sd_title.png HTTP/1.1" 200 11137 "http://www.sozialedienste-awo.de/" "Mozilla/4.0 (compatible; MSIE 6.0; Windows NT 5.1; SV1; .NET CLR 1.1.4322)"
89.145.35.117 - - [07/Feb/2009:20:08:28 +0100] "GET /img/head_familie.png HTTP/1.1" 200 113136 "http://www.sozialedienste-awo.de/" "Mozilla/4.0 (compatible; MSIE 6.0; Windows NT 5.1; SV1; .NET CLR 1.1.4322)"
89.145.35.117 - - [07/Feb/2009:20:08:28 +0100] "GET /img/uploads/Hobbywerkstatt.JPG HTTP/1.1" 200 63731 "http://www.sozialedienste-awo.de/" "Mozilla/4.0 (compatible; MSIE 6.0; Windows NT 5.1; SV1; .NET CLR 1.1.4322)"
89.145.35.117 - - [07/Feb/2009:20:08:28 +0100] "GET /img/top_border.png HTTP/1.1" 200 149 "http://www.sozialedienste-awo.de/" "Mozilla/4.0 (compatible; MSIE 6.0; Windows NT 5.1; SV1; .NET CLR 1.1.4322)"
89.145.35.117 - - [07/Feb/2009:20:08:28 +0100] "GET /img/opened.png HTTP/1.1" 200 301 "http://www.sozialedienste-awo.de/" "Mozilla/4.0 (compatible; MSIE 6.0; Windows NT 5.1; SV1; .NET CLR 1.1.4322)"
89.145.35.117 - - [07/Feb/2009:20:08:28 +0100] "GET /img/closed.png HTTP/1.1" 200 306 "http://www.sozialedienste-awo.de/" "Mozilla/4.0 (compatible; MSIE 6.0; Windows NT 5.1; SV1; .NET CLR 1.1.4322)"
89.145.35.117 - - [07/Feb/2009:20:08:28 +0100] "GET /img/links.png HTTP/1.1" 200 265 "http://www.sozialedienste-awo.de/calendar/calendar2.php" "Mozilla/4.0 (compatible; MSIE 6.0; Windows NT 5.1; SV1; .NET CLR 1.1.4322)"
89.145.35.117 - - [07/Feb/2009:20:08:29 +0100] "GET /img/rechts.png HTTP/1.1" 200 257 "http://www.sozialedienste-awo.de/calendar/calendar2.php" "Mozilla/4.0 (compatible; MSIE 6.0; Windows NT 5.1; SV1; .NET CLR 1.1.4322)"
89.145.35.117 - - [07/Feb/2009:20:08:52 +0100] "GET /?index=400000000 HTTP/1.1" 200 3799 "http://www.sozialedienste-awo.de/" "Mozilla/4.0 (compatible; MSIE 6.0; Windows NT 5.1; SV1; .NET CLR 1.1.4322)"
89.145.35.117 - - [07/Feb/2009:20:08:52 +0100] "GET /calendar/calendar2.php HTTP/1.1" 200 16547 "http://www.sozialedienste-awo.de/?index=400000000" "Mozilla/4.0 (compatible; MSIE 6.0; Windows NT 5.1; SV1; .NET CLR 1.1.4322)"
89.145.35.117 - - [07/Feb/2009:20:08:52 +0100] "GET /calendar/termine2.php HTTP/1.1" 200 1441 "http://www.sozialedienste-awo.de/?index=400000000" "Mozilla/4.0 (compatible; MSIE 6.0; Windows NT 5.1; SV1; .NET CLR 1.1.4322)"
89.145.35.117 - - [07/Feb/2009:20:09:02 +0100] "GET /formulare/Stellenanzeige%20KV.pdf HTTP/1.1" 200 41480 "http://www.sozialedienste-awo.de/?index=400000000" "Mozilla/4.0 (compatible; MSIE 6.0; Windows NT 5.1; SV1; .NET CLR 1.1.4322)"
89.145.35.117 - - [07/Feb/2009:20:13:00 +0100] "GET / HTTP/1.1" 200 5318 "http://www.awo-brandenburg.de/einrichtung/?page=1&lart=22&einrichtung_id=275" "Mozilla/4.0 (compatible; MSIE 6.0; Windows NT 5.1; SV1; .NET CLR 1.1.4322)"
89.145.35.117 - - [07/Feb/2009:20:13:01 +0100] "GET /css/styles.css HTTP/1.1" 304 - "http://www.sozialedienste-awo.de/" "Mozilla/4.0 (compatible; MSIE 6.0; Windows NT 5.1; SV1; .NET CLR 1.1.4322)"
89.145.35.117 - - [07/Feb/2009:20:13:01 +0100] "GET /img/kv_button_1.png HTTP/1.1" 304 - "http://www.sozialedienste-awo.de/" "Mozilla/4.0 (compatible; MSIE 6.0; Windows NT 5.1; SV1; .NET CLR 1.1.4322)"
89.145.35.117 - - [07/Feb/2009:20:13:01 +0100] "GET /img/trennlinie.png HTTP/1.1" 304 - "http://www.sozialedienste-awo.de/" "Mozilla/4.0 (compatible; MSIE 6.0; Windows NT 5.1; SV1; .NET CLR 1.1.4322)"
89.145.35.117 - - [07/Feb/2009:20:13:01 +0100] "GET /calendar/termine2.php HTTP/1.1" 200 1441 "http://www.sozialedienste-awo.de/" "Mozilla/4.0 (compatible; MSIE 6.0; Windows NT 5.1; SV1; .NET CLR 1.1.4322)"
89.145.35.117 - - [07/Feb/2009:20:13:01 +0100] "GET /img/sd_button_1.png HTTP/1.1" 304 - "http://www.sozialedienste-awo.de/" "Mozilla/4.0 (compatible; MSIE 6.0; Windows NT 5.1; SV1; .NET CLR 1.1.4322)"
89.145.35.117 - - [07/Feb/2009:20:13:01 +0100] "GET /img/sd_title.png HTTP/1.1" 304 - "http://www.sozialedienste-awo.de/" "Mozilla/4.0 (compatible; MSIE 6.0; Windows NT 5.1; SV1; .NET CLR 1.1.4322)"
89.145.35.117 - - [07/Feb/2009:20:13:01 +0100] "GET /img/uploads/Hobbywerkstatt.JPG HTTP/1.1" 304 - "http://www.sozialedienste-awo.de/" "Mozilla/4.0 (compatible; MSIE 6.0; Windows NT 5.1; SV1; .NET CLR 1.1.4322)"
89.145.35.117 - - [07/Feb/2009:20:13:01 +0100] "GET /calendar/calendar2.php HTTP/1.1" 200 16547 "http://www.sozialedienste-awo.de/" "Mozilla/4.0 (compatible; MSIE 6.0; Windows NT 5.1; SV1; .NET CLR 1.1.4322)"
89.145.35.117 - - [07/Feb/2009:20:13:01 +0100] "GET /img/head_familie.png HTTP/1.1" 304 - "http://www.sozialedienste-awo.de/" "Mozilla/4.0 (compatible; MSIE 6.0; Windows NT 5.1; SV1; .NET CLR 1.1.4322)"
89.145.35.117 - - [07/Feb/2009:20:13:01 +0100] "GET /img/top_bg_pic.jpg HTTP/1.1" 304 - "http://www.sozialedienste-awo.de/" "Mozilla/4.0 (compatible; MSIE 6.0; Windows NT 5.1; SV1; .NET CLR 1.1.4322)"
89.145.35.117 - - [07/Feb/2009:20:13:01 +0100] "GET /img/top_bg.jpg HTTP/1.1" 304 - "http://www.sozialedienste-awo.de/" "Mozilla/4.0 (compatible; MSIE 6.0; Windows NT 5.1; SV1; .NET CLR 1.1.4322)"
89.145.35.117 - - [07/Feb/2009:20:13:01 +0100] "GET /img/top_border.png HTTP/1.1" 304 - "http://www.sozialedienste-awo.de/" "Mozilla/4.0 (compatible; MSIE 6.0; Windows NT 5.1; SV1; .NET CLR 1.1.4322)"
89.145.35.117 - - [07/Feb/2009:20:13:01 +0100] "GET /img/opened.png HTTP/1.1" 304 - "http://www.sozialedienste-awo.de/" "Mozilla/4.0 (compatible; MSIE 6.0; Windows NT 5.1; SV1; .NET CLR 1.1.4322)"
89.145.35.117 - - [07/Feb/2009:20:13:01 +0100] "GET /img/closed.png HTTP/1.1" 304 - "http://www.sozialedienste-awo.de/" "Mozilla/4.0 (compatible; MSIE 6.0; Windows NT 5.1; SV1; .NET CLR 1.1.4322)"
89.145.35.117 - - [07/Feb/2009:20:13:01 +0100] "GET /img/links.png HTTP/1.1" 304 - "http://www.sozialedienste-awo.de/calendar/calendar2.php" "Mozilla/4.0 (compatible; MSIE 6.0; Windows NT 5.1; SV1; .NET CLR 1.1.4322)"
89.145.35.117 - - [07/Feb/2009:20:13:01 +0100] "GET /img/rechts.png HTTP/1.1" 304 - "http://www.sozialedienste-awo.de/calendar/calendar2.php" "Mozilla/4.0 (compatible; MSIE 6.0; Windows NT 5.1; SV1; .NET CLR 1.1.4322)"
89.145.35.117 - - [07/Feb/2009:20:13:13 +0100] "GET /calendar/termine2.php HTTP/1.1" 200 1441 "http://www.awo-kv-bernau.de/" "Mozilla/4.0 (compatible; MSIE 6.0; Windows NT 5.1; SV1; .NET CLR 1.1.4322)"
89.145.35.117 - - [07/Feb/2009:20:13:13 +0100] "GET /calendar/calendar2.php HTTP/1.1" 200 16547 "http://www.awo-kv-bernau.de/" "Mozilla/4.0 (compatible; MSIE 6.0; Windows NT 5.1; SV1; .NET CLR 1.1.4322)"
89.145.35.117 - - [07/Feb/2009:20:14:19 +0100] "GET /calendar/termine2.php HTTP/1.1" 200 1441 "http://www.awo-kv-bernau.de/?index=302000000" "Mozilla/4.0 (compatible; MSIE 6.0; Windows NT 5.1; SV1; .NET CLR 1.1.4322)"
89.145.35.117 - - [07/Feb/2009:20:14:19 +0100] "GET /calendar/calendar2.php HTTP/1.1" 200 16547 "http://www.awo-kv-bernau.de/?index=302000000" "Mozilla/4.0 (compatible; MSIE 6.0; Windows NT 5.1; SV1; .NET CLR 1.1.4322)"
89.145.35.117 - - [07/Feb/2009:20:14:22 +0100] "GET /calendar/calendar2.php HTTP/1.1" 200 16547 "http://www.awo-kv-bernau.de/index.php?index=302030000" "Mozilla/4.0 (compatible; MSIE 6.0; Windows NT 5.1; SV1; .NET CLR 1.1.4322)"
89.145.35.117 - - [07/Feb/2009:20:14:22 +0100] "GET /calendar/termine2.php HTTP/1.1" 200 1441 "http://www.awo-kv-bernau.de/index.php?index=302030000" "Mozilla/4.0 (compatible; MSIE 6.0; Windows NT 5.1; SV1; .NET CLR 1.1.4322)"
89.145.35.117 - - [07/Feb/2009:20:14:33 +0100] "GET /calendar/calendar2.php HTTP/1.1" 200 16547 "http://www.awo-kv-bernau.de/index.php?index=302040000" "Mozilla/4.0 (compatible; MSIE 6.0; Windows NT 5.1; SV1; .NET CLR 1.1.4322)"
89.145.35.117 - - [07/Feb/2009:20:14:33 +0100] "GET /calendar/termine2.php HTTP/1.1" 200 1441 "http://www.awo-kv-bernau.de/index.php?index=302040000" "Mozilla/4.0 (compatible; MSIE 6.0; Windows NT 5.1; SV1; .NET CLR 1.1.4322)"
89.145.35.117 - - [07/Feb/2009:20:15:52 +0100] "GET /calendar/termine2.php HTTP/1.1" 200 1441 "http://www.awo-kv-bernau.de/index.php?index=302050000" "Mozilla/4.0 (compatible; MSIE 6.0; Windows NT 5.1; SV1; .NET CLR 1.1.4322)"
89.145.35.117 - - [07/Feb/2009:20:15:52 +0100] "GET /calendar/calendar2.php HTTP/1.1" 200 16547 "http://www.awo-kv-bernau.de/index.php?index=302050000" "Mozilla/4.0 (compatible; MSIE 6.0; Windows NT 5.1; SV1; .NET CLR 1.1.4322)"
89.145.35.117 - - [07/Feb/2009:20:16:41 +0100] "GET /calendar/termine2.php HTTP/1.1" 200 1441 "http://www.awo-kv-bernau.de/index.php?index=302020000" "Mozilla/4.0 (compatible; MSIE 6.0; Windows NT 5.1; SV1; .NET CLR 1.1.4322)"
89.145.35.117 - - [07/Feb/2009:20:16:41 +0100] "GET /calendar/calendar2.php HTTP/1.1" 200 16547 "http://www.awo-kv-bernau.de/index.php?index=302020000" "Mozilla/4.0 (compatible; MSIE 6.0; Windows NT 5.1; SV1; .NET CLR 1.1.4322)"
89.145.35.117 - - [07/Feb/2009:20:19:00 +0100] "GET /calendar/termine2.php HTTP/1.1" 200 1441 "http://www.awo-kv-bernau.de/index.php?index=302010000" "Mozilla/4.0 (compatible; MSIE 6.0; Windows NT 5.1; SV1; .NET CLR 1.1.4322)"
89.145.35.117 - - [07/Feb/2009:20:19:00 +0100] "GET /calendar/calendar2.php HTTP/1.1" 200 16547 "http://www.awo-kv-bernau.de/index.php?index=302010000" "Mozilla/4.0 (compatible; MSIE 6.0; Windows NT 5.1; SV1; .NET CLR 1.1.4322)"
89.145.35.117 - - [07/Feb/2009:20:20:29 +0100] "GET /calendar/termine2.php HTTP/1.1" 200 1441 "http://www.awo-kv-bernau.de/index.php?index=302030000" "Mozilla/4.0 (compatible; MSIE 6.0; Windows NT 5.1; SV1; .NET CLR 1.1.4322)"
89.145.35.117 - - [07/Feb/2009:20:20:29 +0100] "GET /calendar/calendar2.php HTTP/1.1" 200 16547 "http://www.awo-kv-bernau.de/index.php?index=302030000" "Mozilla/4.0 (compatible; MSIE 6.0; Windows NT 5.1; SV1; .NET CLR 1.1.4322)"
89.145.35.117 - - [07/Feb/2009:20:20:36 +0100] "GET /calendar/calendar2.php HTTP/1.1" 200 16547 "http://www.awo-kv-bernau.de/index.php?index=2147483647" "Mozilla/4.0 (compatible; MSIE 6.0; Windows NT 5.1; SV1; .NET CLR 1.1.4322)"
89.145.35.117 - - [07/Feb/2009:20:20:36 +0100] "GET /calendar/termine2.php HTTP/1.1" 200 1441 "http://www.awo-kv-bernau.de/index.php?index=2147483647" "Mozilla/4.0 (compatible; MSIE 6.0; Windows NT 5.1; SV1; .NET CLR 1.1.4322)"
89.145.35.117 - - [07/Feb/2009:20:21:03 +0100] "GET /calendar/termine2.php HTTP/1.1" 200 1441 "http://www.awo-kv-bernau.de/index.php?index=100000000" "Mozilla/4.0 (compatible; MSIE 6.0; Windows NT 5.1; SV1; .NET CLR 1.1.4322)"
89.145.35.117 - - [07/Feb/2009:20:21:03 +0100] "GET /calendar/calendar2.php HTTP/1.1" 200 16547 "http://www.awo-kv-bernau.de/index.php?index=100000000" "Mozilla/4.0 (compatible; MSIE 6.0; Windows NT 5.1; SV1; .NET CLR 1.1.4322)"
89.145.35.117 - - [07/Feb/2009:20:21:25 +0100] "GET /calendar/termine2.php HTTP/1.1" 200 1441 "http://www.awo-kv-bernau.de/index.php?index=301000000" "Mozilla/4.0 (compatible; MSIE 6.0; Windows NT 5.1; SV1; .NET CLR 1.1.4322)"
89.145.35.117 - - [07/Feb/2009:20:21:25 +0100] "GET /calendar/calendar2.php HTTP/1.1" 200 16547 "http://www.awo-kv-bernau.de/index.php?index=301000000" "Mozilla/4.0 (compatible; MSIE 6.0; Windows NT 5.1; SV1; .NET CLR 1.1.4322)"
89.145.35.117 - - [07/Feb/2009:20:21:31 +0100] "GET /calendar/termine2.php HTTP/1.1" 200 1441 "http://www.awo-kv-bernau.de/index.php?index=301020000" "Mozilla/4.0 (compatible; MSIE 6.0; Windows NT 5.1; SV1; .NET CLR 1.1.4322)"
89.145.35.117 - - [07/Feb/2009:20:21:31 +0100] "GET /calendar/calendar2.php HTTP/1.1" 200 16547 "http://www.awo-kv-bernau.de/index.php?index=301020000" "Mozilla/4.0 (compatible; MSIE 6.0; Windows NT 5.1; SV1; .NET CLR 1.1.4322)"
66.249.71.36 - - [07/Feb/2009:20:21:37 +0100] "GET /calendar/calendar2.php?m=-345 HTTP/1.1" 200 5858 "-" "Mozilla/5.0 (compatible; Googlebot/2.1; +http://www.google.com/bot.html)"
66.249.71.36 - - [07/Feb/2009:20:21:38 +0100] "GET /calendar/calendar2.php?m=344 HTTP/1.1" 200 5860 "-" "Mozilla/5.0 (compatible; Googlebot/2.1; +http://www.google.com/bot.html)"
89.145.35.117 - - [07/Feb/2009:20:22:15 +0100] "GET /calendar/termine2.php HTTP/1.1" 200 1441 "http://www.awo-kv-bernau.de/index.php?index=301020000" "Mozilla/4.0 (compatible; MSIE 6.0; Windows NT 5.1; SV1; .NET CLR 1.1.4322)"
89.145.35.117 - - [07/Feb/2009:20:22:15 +0100] "GET /calendar/calendar2.php HTTP/1.1" 200 16547 "http://www.awo-kv-bernau.de/index.php?index=301020000" "Mozilla/4.0 (compatible; MSIE 6.0; Windows NT 5.1; SV1; .NET CLR 1.1.4322)"
66.249.71.36 - - [07/Feb/2009:20:27:10 +0100] "GET /calendar/calendar.php?m=234 HTTP/1.1" 200 5845 "-" "Mozilla/5.0 (compatible; Googlebot/2.1; +http://www.google.com/bot.html)"
213.239.223.4 - - [07/Feb/2009:20:28:28 +0100] "GET /robots.txt HTTP/1.1" 404 - "-" "amibot - http://www.amidalla.de - tech@amidalla.com libwww-perl/5.805"
213.239.223.4 - - [07/Feb/2009:20:28:28 +0100] "GET /?index=100000000 HTTP/1.1" 200 5318 "-" "amibot - http://www.amidalla.de - tech@amidalla.com libwww-perl/5.805"
208.80.194.40 - - [07/Feb/2009:20:30:54 +0100] "GET / HTTP/1.0" 200 5318 "-" "Mozilla/4.0 (compatible; MSIE 6.0; Windows NT 5.1; SV1; .NET CLR 1.0.3705; .NET CLR 1.1.4322; Media Center PC 4.0; SpamBlockerUtility 4.7.5)"
66.249.71.36 - - [07/Feb/2009:20:58:55 +0100] "GET /calendar/calendar.php?m=212 HTTP/1.1" 200 5854 "-" "Mozilla/5.0 (compatible; Googlebot/2.1; +http://www.google.com/bot.html)"
79.217.60.38 - - [07/Feb/2009:21:00:57 +0100] "GET / HTTP/1.1" 200 5318 "http://www.stellenanzeigen.de/docs/anzeigen2008/html/335740.htm" "Mozilla/4.0 (compatible; MSIE 6.0; Windows NT 5.1; SV1; GTB5)"
79.217.60.38 - - [07/Feb/2009:21:00:58 +0100] "GET /css/styles.css HTTP/1.1" 200 4398 "http://www.sozialedienste-awo.de/" "Mozilla/4.0 (compatible; MSIE 6.0; Windows NT 5.1; SV1; GTB5)"
79.217.60.38 - - [07/Feb/2009:21:00:58 +0100] "GET /img/trennlinie.png HTTP/1.1" 200 192 "http://www.sozialedienste-awo.de/" "Mozilla/4.0 (compatible; MSIE 6.0; Windows NT 5.1; SV1; GTB5)"
79.217.60.38 - - [07/Feb/2009:21:00:58 +0100] "GET /img/top_bg_pic.jpg HTTP/1.1" 200 10139 "http://www.sozialedienste-awo.de/" "Mozilla/4.0 (compatible; MSIE 6.0; Windows NT 5.1; SV1; GTB5)"
79.217.60.38 - - [07/Feb/2009:21:00:58 +0100] "GET /calendar/calendar2.php HTTP/1.1" 200 16547 "http://www.sozialedienste-awo.de/" "Mozilla/4.0 (compatible; MSIE 6.0; Windows NT 5.1; SV1; GTB5)"
79.217.60.38 - - [07/Feb/2009:21:00:58 +0100] "GET /calendar/termine2.php HTTP/1.1" 200 1441 "http://www.sozialedienste-awo.de/" "Mozilla/4.0 (compatible; MSIE 6.0; Windows NT 5.1; SV1; GTB5)"
79.217.60.38 - - [07/Feb/2009:21:00:58 +0100] "GET /img/top_bg.jpg HTTP/1.1" 200 559 "http://www.sozialedienste-awo.de/" "Mozilla/4.0 (compatible; MSIE 6.0; Windows NT 5.1; SV1; GTB5)"
79.217.60.38 - - [07/Feb/2009:21:00:58 +0100] "GET /img/kv_button_1.png HTTP/1.1" 200 3344 "http://www.sozialedienste-awo.de/" "Mozilla/4.0 (compatible; MSIE 6.0; Windows NT 5.1; SV1; GTB5)"
79.217.60.38 - - [07/Feb/2009:21:00:58 +0100] "GET /img/top_border.png HTTP/1.1" 200 149 "http://www.sozialedienste-awo.de/" "Mozilla/4.0 (compatible; MSIE 6.0; Windows NT 5.1; SV1; GTB5)"
79.217.60.38 - - [07/Feb/2009:21:00:58 +0100] "GET /img/head_familie.png HTTP/1.1" 200 113136 "http://www.sozialedienste-awo.de/" "Mozilla/4.0 (compatible; MSIE 6.0; Windows NT 5.1; SV1; GTB5)"
79.217.60.38 - - [07/Feb/2009:21:00:58 +0100] "GET /img/sd_button_1.png HTTP/1.1" 200 3654 "http://www.sozialedienste-awo.de/" "Mozilla/4.0 (compatible; MSIE 6.0; Windows NT 5.1; SV1; GTB5)"
79.217.60.38 - - [07/Feb/2009:21:00:58 +0100] "GET /img/sd_title.png HTTP/1.1" 200 11137 "http://www.sozialedienste-awo.de/" "Mozilla/4.0 (compatible; MSIE 6.0; Windows NT 5.1; SV1; GTB5)"
79.217.60.38 - - [07/Feb/2009:21:00:58 +0100] "GET /img/uploads/Hobbywerkstatt.JPG HTTP/1.1" 200 63731 "http://www.sozialedienste-awo.de/" "Mozilla/4.0 (compatible; MSIE 6.0; Windows NT 5.1; SV1; GTB5)"
79.217.60.38 - - [07/Feb/2009:21:00:58 +0100] "GET /img/opened.png HTTP/1.1" 200 301 "http://www.sozialedienste-awo.de/" "Mozilla/4.0 (compatible; MSIE 6.0; Windows NT 5.1; SV1; GTB5)"
79.217.60.38 - - [07/Feb/2009:21:00:59 +0100] "GET /img/closed.png HTTP/1.1" 200 306 "http://www.sozialedienste-awo.de/" "Mozilla/4.0 (compatible; MSIE 6.0; Windows NT 5.1; SV1; GTB5)"
79.217.60.38 - - [07/Feb/2009:21:00:59 +0100] "GET /img/links.png HTTP/1.1" 200 265 "http://www.sozialedienste-awo.de/calendar/calendar2.php" "Mozilla/4.0 (compatible; MSIE 6.0; Windows NT 5.1; SV1; GTB5)"
79.217.60.38 - - [07/Feb/2009:21:00:59 +0100] "GET /img/rechts.png HTTP/1.1" 200 257 "http://www.sozialedienste-awo.de/calendar/calendar2.php" "Mozilla/4.0 (compatible; MSIE 6.0; Windows NT 5.1; SV1; GTB5)"
79.217.60.38 - - [07/Feb/2009:21:01:17 +0100] "GET /?index=400000000 HTTP/1.1" 200 3799 "http://www.sozialedienste-awo.de/" "Mozilla/4.0 (compatible; MSIE 6.0; Windows NT 5.1; SV1; GTB5)"
79.217.60.38 - - [07/Feb/2009:21:01:17 +0100] "GET /calendar/termine2.php HTTP/1.1" 200 1441 "http://www.sozialedienste-awo.de/?index=400000000" "Mozilla/4.0 (compatible; MSIE 6.0; Windows NT 5.1; SV1; GTB5)"
79.217.60.38 - - [07/Feb/2009:21:01:17 +0100] "GET /calendar/calendar2.php HTTP/1.1" 200 16547 "http://www.sozialedienste-awo.de/?index=400000000" "Mozilla/4.0 (compatible; MSIE 6.0; Windows NT 5.1; SV1; GTB5)"
79.217.60.38 - - [07/Feb/2009:21:01:22 +0100] "GET /?index=400000000 HTTP/1.1" 200 3799 "http://www.sozialedienste-awo.de/?index=400000000" "Mozilla/4.0 (compatible; MSIE 6.0; Windows NT 5.1; SV1; GTB5)"
79.217.60.38 - - [07/Feb/2009:21:01:22 +0100] "GET /calendar/calendar2.php HTTP/1.1" 200 16547 "http://www.sozialedienste-awo.de/?index=400000000" "Mozilla/4.0 (compatible; MSIE 6.0; Windows NT 5.1; SV1; GTB5)"
79.217.60.38 - - [07/Feb/2009:21:01:22 +0100] "GET /calendar/termine2.php HTTP/1.1" 200 1441 "http://www.sozialedienste-awo.de/?index=400000000" "Mozilla/4.0 (compatible; MSIE 6.0; Windows NT 5.1; SV1; GTB5)"
79.217.60.38 - - [07/Feb/2009:21:01:31 +0100] "GET /formulare/Stellenanzeige%20KV.pdf HTTP/1.1" 200 41480 "http://www.sozialedienste-awo.de/?index=400000000" "Mozilla/4.0 (compatible; MSIE 6.0; Windows NT 5.1; SV1; GTB5)"
66.249.71.36 - - [07/Feb/2009:21:03:29 +0100] "GET /index.php?index=503040000 HTTP/1.1" 200 7656 "-" "Mozilla/5.0 (compatible; Googlebot/2.1; +http://www.google.com/bot.html)"
66.249.71.37 - - [07/Feb/2009:21:30:01 +0100] "GET /calendar/calendar.php?m=222 HTTP/1.1" 200 5865 "-" "Mozilla/5.0 (compatible; Googlebot/2.1; +http://www.google.com/bot.html)"
66.249.71.38 - - [07/Feb/2009:21:41:29 +0100] "GET /img/uploads/geist1.jpg HTTP/1.1" 200 35276 "-" "Googlebot-Image/1.0"
213.239.223.4 - - [07/Feb/2009:21:55:42 +0100] "GET /robots.txt HTTP/1.1" 404 - "-" "amibot - http://www.amidalla.de - tech@amidalla.com libwww-perl/5.805"
213.239.223.4 - - [07/Feb/2009:21:55:42 +0100] "GET /?index=502000000 HTTP/1.1" 200 5348 "-" "amibot - http://www.amidalla.de - tech@amidalla.com libwww-perl/5.805"
213.239.223.4 - - [07/Feb/2009:22:01:29 +0100] "GET /robots.txt HTTP/1.1" 404 - "-" "amibot - http://www.amidalla.de - tech@amidalla.com libwww-perl/5.805"
213.239.223.4 - - [07/Feb/2009:22:01:29 +0100] "GET /?index=504000000 HTTP/1.1" 200 3368 "-" "amibot - http://www.amidalla.de - tech@amidalla.com libwww-perl/5.805"
66.249.71.38 - - [07/Feb/2009:22:01:34 +0100] "GET /calendar/calendar.php?m=192 HTTP/1.1" 200 5616 "-" "Mozilla/5.0 (compatible; Googlebot/2.1; +http://www.google.com/bot.html)"
213.239.223.4 - - [07/Feb/2009:22:04:54 +0100] "GET /robots.txt HTTP/1.1" 404 - "-" "amibot - http://www.amidalla.de - tech@amidalla.com libwww-perl/5.805"
213.239.223.4 - - [07/Feb/2009:22:04:54 +0100] "GET /?index=400000000 HTTP/1.1" 200 3799 "-" "amibot - http://www.amidalla.de - tech@amidalla.com libwww-perl/5.805"
67.195.37.109 - - [07/Feb/2009:22:25:48 +0100] "GET /robots.txt HTTP/1.0" 404 - "-" "Mozilla/5.0 (compatible; Yahoo! Slurp; http://help.yahoo.com/help/us/ysearch/slurp)"
67.195.37.109 - - [07/Feb/2009:22:25:55 +0100] "GET /calendar/termine2.php HTTP/1.0" 200 1441 "http://www.awo-kv-bernau.de/?index=301000000" "Mozilla/5.0 (compatible; Yahoo! Slurp/3.0; http://help.yahoo.com/help/us/ysearch/slurp)"
67.195.37.109 - - [07/Feb/2009:22:26:05 +0100] "GET /calendar/calendar2.php HTTP/1.0" 200 16547 "http://www.awo-kv-bernau.de/?index=301000000" "Mozilla/5.0 (compatible; Yahoo! Slurp/3.0; http://help.yahoo.com/help/us/ysearch/slurp)"
66.249.71.38 - - [07/Feb/2009:22:33:01 +0100] "GET /calendar/calendar.php?m=-236 HTTP/1.1" 200 5771 "-" "Mozilla/5.0 (compatible; Googlebot/2.1; +http://www.google.com/bot.html)"
72.30.142.163 - - [07/Feb/2009:22:33:27 +0100] "GET /index.php?id=8 HTTP/1.0" 200 5318 "-" "Mozilla/5.0 (compatible; Yahoo! Slurp; http://help.yahoo.com/help/us/ysearch/slurp)"
77.25.127.1 - - [07/Feb/2009:22:46:51 +0100] "GET /img/links.png HTTP/1.1" 304 - "http://www.sozialedienste-awo.de/calendar/calendar2.php" "Opera/9.63 (Windows NT 5.1; U; de) Presto/2.1.1"
77.25.127.1 - - [07/Feb/2009:22:46:51 +0100] "GET /img/rechts.png HTTP/1.1" 304 - "http://www.sozialedienste-awo.de/calendar/calendar2.php" "Opera/9.63 (Windows NT 5.1; U; de) Presto/2.1.1"
213.239.223.4 - - [07/Feb/2009:22:52:57 +0100] "GET /robots.txt HTTP/1.1" 404 - "-" "amibot - http://www.amidalla.de - tech@amidalla.com libwww-perl/5.805"
213.239.223.4 - - [07/Feb/2009:22:52:57 +0100] "GET /?index=200000000 HTTP/1.1" 200 6775 "-" "amibot - http://www.amidalla.de - tech@amidalla.com libwww-perl/5.805"
66.249.71.36 - - [07/Feb/2009:23:03:21 +0100] "GET /calendar/calendar2.php?m=-346 HTTP/1.1" 200 5770 "-" "Mozilla/5.0 (compatible; Googlebot/2.1; +http://www.google.com/bot.html)"
66.249.71.36 - - [07/Feb/2009:23:03:22 +0100] "GET /calendar/calendar2.php?m=345 HTTP/1.1" 200 5791 "-" "Mozilla/5.0 (compatible; Googlebot/2.1; +http://www.google.com/bot.html)"
66.249.71.38 - - [07/Feb/2009:23:05:31 +0100] "GET /calendar/calendar.php?m=-217 HTTP/1.1" 200 5847 "-" "Mozilla/5.0 (compatible; Googlebot/2.1; +http://www.google.com/bot.html)"
213.239.223.4 - - [07/Feb/2009:23:17:06 +0100] "GET /robots.txt HTTP/1.1" 404 - "-" "amibot - http://www.amidalla.de - tech@amidalla.com libwww-perl/5.805"
213.239.223.4 - - [07/Feb/2009:23:17:06 +0100] "GET /?index=503000000 HTTP/1.1" 200 4300 "-" "amibot - http://www.amidalla.de - tech@amidalla.com libwww-perl/5.805"
66.249.71.38 - - [07/Feb/2009:23:20:37 +0100] "GET /img/uploads/geist3.jpg HTTP/1.1" 200 55521 "-" "Googlebot-Image/1.0"
213.239.223.4 - - [07/Feb/2009:23:38:10 +0100] "GET /robots.txt HTTP/1.1" 404 - "-" "amibot - http://www.amidalla.de - tech@amidalla.com libwww-perl/5.805"
213.239.223.4 - - [07/Feb/2009:23:38:10 +0100] "GET /?index=501000000 HTTP/1.1" 200 14838 "-" "amibot - http://www.amidalla.de - tech@amidalla.com libwww-perl/5.805"
213.239.223.4 - - [08/Feb/2009:00:11:25 +0100] "GET /robots.txt HTTP/1.1" 404 - "-" "amibot - http://www.amidalla.de - tech@amidalla.com libwww-perl/5.805"
213.239.223.4 - - [08/Feb/2009:00:11:25 +0100] "GET /?index=300000000 HTTP/1.1" 200 4702 "-" "amibot - http://www.amidalla.de - tech@amidalla.com libwww-perl/5.805"
85.178.30.187 - - [08/Feb/2009:01:38:35 +0100] "GET / HTTP/1.1" 200 5318 "http://www.stellenanzeigen.de/docs/anzeigen2008/html/335740.htm" "Mozilla/5.0 (Windows; U; Windows NT 6.0; de; rv:1.9.0.6) Gecko/2009011913 Firefox/3.0.6"
85.178.30.187 - - [08/Feb/2009:01:38:36 +0100] "GET /css/styles.css HTTP/1.1" 200 4398 "http://www.sozialedienste-awo.de/" "Mozilla/5.0 (Windows; U; Windows NT 6.0; de; rv:1.9.0.6) Gecko/2009011913 Firefox/3.0.6"
85.178.30.187 - - [08/Feb/2009:01:38:36 +0100] "GET /img/trennlinie.png HTTP/1.1" 200 192 "http://www.sozialedienste-awo.de/" "Mozilla/5.0 (Windows; U; Windows NT 6.0; de; rv:1.9.0.6) Gecko/2009011913 Firefox/3.0.6"
85.178.30.187 - - [08/Feb/2009:01:38:36 +0100] "GET /img/kv_button_1.png HTTP/1.1" 200 3344 "http://www.sozialedienste-awo.de/" "Mozilla/5.0 (Windows; U; Windows NT 6.0; de; rv:1.9.0.6) Gecko/2009011913 Firefox/3.0.6"
85.178.30.187 - - [08/Feb/2009:01:38:36 +0100] "GET /img/sd_button_1.png HTTP/1.1" 200 3654 "http://www.sozialedienste-awo.de/" "Mozilla/5.0 (Windows; U; Windows NT 6.0; de; rv:1.9.0.6) Gecko/2009011913 Firefox/3.0.6"
85.178.30.187 - - [08/Feb/2009:01:38:36 +0100] "GET /img/sd_title.png HTTP/1.1" 200 11137 "http://www.sozialedienste-awo.de/" "Mozilla/5.0 (Windows; U; Windows NT 6.0; de; rv:1.9.0.6) Gecko/2009011913 Firefox/3.0.6"
85.178.30.187 - - [08/Feb/2009:01:38:36 +0100] "GET /img/top_bg.jpg HTTP/1.1" 200 559 "http://www.sozialedienste-awo.de/css/styles.css" "Mozilla/5.0 (Windows; U; Windows NT 6.0; de; rv:1.9.0.6) Gecko/2009011913 Firefox/3.0.6"
85.178.30.187 - - [08/Feb/2009:01:38:36 +0100] "GET /img/top_bg_pic.jpg HTTP/1.1" 200 10139 "http://www.sozialedienste-awo.de/css/styles.css" "Mozilla/5.0 (Windows; U; Windows NT 6.0; de; rv:1.9.0.6) Gecko/2009011913 Firefox/3.0.6"
85.178.30.187 - - [08/Feb/2009:01:38:36 +0100] "GET /img/top_border.png HTTP/1.1" 200 149 "http://www.sozialedienste-awo.de/css/styles.css" "Mozilla/5.0 (Windows; U; Windows NT 6.0; de; rv:1.9.0.6) Gecko/2009011913 Firefox/3.0.6"
85.178.30.187 - - [08/Feb/2009:01:38:36 +0100] "GET /calendar/termine2.php HTTP/1.1" 200 1441 "http://www.sozialedienste-awo.de/" "Mozilla/5.0 (Windows; U; Windows NT 6.0; de; rv:1.9.0.6) Gecko/2009011913 Firefox/3.0.6"
85.178.30.187 - - [08/Feb/2009:01:38:36 +0100] "GET /img/opened.png HTTP/1.1" 200 301 "http://www.sozialedienste-awo.de/" "Mozilla/5.0 (Windows; U; Windows NT 6.0; de; rv:1.9.0.6) Gecko/2009011913 Firefox/3.0.6"
85.178.30.187 - - [08/Feb/2009:01:38:36 +0100] "GET /img/closed.png HTTP/1.1" 200 306 "http://www.sozialedienste-awo.de/" "Mozilla/5.0 (Windows; U; Windows NT 6.0; de; rv:1.9.0.6) Gecko/2009011913 Firefox/3.0.6"
85.178.30.187 - - [08/Feb/2009:01:38:36 +0100] "GET /img/uploads/Hobbywerkstatt.JPG HTTP/1.1" 200 63731 "http://www.sozialedienste-awo.de/" "Mozilla/5.0 (Windows; U; Windows NT 6.0; de; rv:1.9.0.6) Gecko/2009011913 Firefox/3.0.6"
85.178.30.187 - - [08/Feb/2009:01:38:36 +0100] "GET /img/head_familie.png HTTP/1.1" 200 113136 "http://www.sozialedienste-awo.de/css/styles.css" "Mozilla/5.0 (Windows; U; Windows NT 6.0; de; rv:1.9.0.6) Gecko/2009011913 Firefox/3.0.6"
85.178.30.187 - - [08/Feb/2009:01:38:36 +0100] "GET /calendar/calendar2.php HTTP/1.1" 200 16547 "http://www.sozialedienste-awo.de/" "Mozilla/5.0 (Windows; U; Windows NT 6.0; de; rv:1.9.0.6) Gecko/2009011913 Firefox/3.0.6"
85.178.30.187 - - [08/Feb/2009:01:38:36 +0100] "GET /img/links.png HTTP/1.1" 200 265 "http://www.sozialedienste-awo.de/calendar/calendar2.php" "Mozilla/5.0 (Windows; U; Windows NT 6.0; de; rv:1.9.0.6) Gecko/2009011913 Firefox/3.0.6"
85.178.30.187 - - [08/Feb/2009:01:38:36 +0100] "GET /img/rechts.png HTTP/1.1" 200 257 "http://www.sozialedienste-awo.de/calendar/calendar2.php" "Mozilla/5.0 (Windows; U; Windows NT 6.0; de; rv:1.9.0.6) Gecko/2009011913 Firefox/3.0.6"
85.178.30.187 - - [08/Feb/2009:01:38:36 +0100] "GET /favicon.ico HTTP/1.1" 404 - "-" "Mozilla/5.0 (Windows; U; Windows NT 6.0; de; rv:1.9.0.6) Gecko/2009011913 Firefox/3.0.6"
85.178.30.187 - - [08/Feb/2009:01:38:39 +0100] "GET /favicon.ico HTTP/1.1" 404 - "-" "Mozilla/5.0 (Windows; U; Windows NT 6.0; de; rv:1.9.0.6) Gecko/2009011913 Firefox/3.0.6"
85.178.30.187 - - [08/Feb/2009:01:38:41 +0100] "GET /?index=400000000 HTTP/1.1" 200 3799 "http://www.sozialedienste-awo.de/" "Mozilla/5.0 (Windows; U; Windows NT 6.0; de; rv:1.9.0.6) Gecko/2009011913 Firefox/3.0.6"
85.178.30.187 - - [08/Feb/2009:01:38:42 +0100] "GET /calendar/termine2.php HTTP/1.1" 200 1441 "http://www.sozialedienste-awo.de/?index=400000000" "Mozilla/5.0 (Windows; U; Windows NT 6.0; de; rv:1.9.0.6) Gecko/2009011913 Firefox/3.0.6"
85.178.30.187 - - [08/Feb/2009:01:38:42 +0100] "GET /calendar/calendar2.php HTTP/1.1" 200 16547 "http://www.sozialedienste-awo.de/?index=400000000" "Mozilla/5.0 (Windows; U; Windows NT 6.0; de; rv:1.9.0.6) Gecko/2009011913 Firefox/3.0.6"
85.178.30.187 - - [08/Feb/2009:01:38:47 +0100] "GET /formulare/Stellenanzeige%20KV.pdf HTTP/1.1" 200 41480 "http://www.sozialedienste-awo.de/?index=400000000" "Mozilla/5.0 (Windows; U; Windows NT 6.0; de; rv:1.9.0.6) Gecko/2009011913 Firefox/3.0.6"
85.178.30.187 - - [08/Feb/2009:01:38:48 +0100] "GET /formulare/Stellenanzeige%20KV.pdf HTTP/1.1" 206 8931 "-" "Mozilla/5.0 (Windows; U; Windows NT 6.0; de; rv:1.9.0.6) Gecko/2009011913 Firefox/3.0.6"
66.249.71.37 - - [08/Feb/2009:01:41:41 +0100] "GET /calendar/calendar2.php?m=-347 HTTP/1.1" 200 5872 "-" "Mozilla/5.0 (compatible; Googlebot/2.1; +http://www.google.com/bot.html)"
66.249.71.38 - - [08/Feb/2009:02:01:43 +0100] "GET /calendar/calendar2.php?m=346 HTTP/1.1" 200 5853 "-" "Mozilla/5.0 (compatible; Googlebot/2.1; +http://www.google.com/bot.html)"
72.30.142.163 - - [08/Feb/2009:02:06:11 +0100] "GET /robots.txt HTTP/1.0" 404 - "-" "Mozilla/5.0 (compatible; Yahoo! Slurp; http://help.yahoo.com/help/us/ysearch/slurp)"
72.30.142.163 - - [08/Feb/2009:02:06:12 +0100] "GET /?index=504040000 HTTP/1.0" 200 5235 "-" "Mozilla/5.0 (compatible; Yahoo! Slurp; http://help.yahoo.com/help/us/ysearch/slurp)"
67.195.37.109 - - [08/Feb/2009:02:37:03 +0100] "GET /robots.txt HTTP/1.0" 404 - "-" "Mozilla/5.0 (compatible; Yahoo! Slurp; http://help.yahoo.com/help/us/ysearch/slurp)"
67.195.37.109 - - [08/Feb/2009:02:37:04 +0100] "GET /?index=504000000 HTTP/1.0" 200 3368 "-" "Mozilla/5.0 (compatible; Yahoo! Slurp/3.0; http://help.yahoo.com/help/us/ysearch/slurp)"
