176.8.90.175 - - [27/Nov/2013:05:11:03 +0100] "GET /seiten/news.php HTTP/1.1" 200 7079 "http://pornoforadult.com/" "Mozilla/4.0 (compatible; MSIE 5.0; Windows NT; DigExt)"
176.8.90.175 - - [27/Nov/2013:05:11:04 +0100] "GET /seiten/news.php HTTP/1.1" 200 7079 "http://pornoforadult.com/" "Mozilla/4.0 (compatible; MSIE 5.0; Windows NT; DigExt)"
94.153.9.210 - - [27/Nov/2013:05:35:35 +0100] "GET /seiten/news.php HTTP/1.1" 200 7079 "http://k-profil.com/" "Mozilla/4.0 (compatible; Powermarks/3.5; Windows 95/98/2000/NT)"
94.153.9.210 - - [27/Nov/2013:05:35:36 +0100] "GET /seiten/news.php HTTP/1.1" 200 7079 "http://k-profil.com/" "Mozilla/4.0 (compatible; Powermarks/3.5; Windows 95/98/2000/NT)"
94.153.9.210 - - [27/Nov/2013:05:35:36 +0100] "GET /seiten/news.php HTTP/1.1" 200 7079 "http://k-profil.com/" "Mozilla/4.0 (compatible; Powermarks/3.5; Windows 95/98/2000/NT)"
134.249.76.53 - - [27/Nov/2013:06:07:48 +0100] "GET /seiten/news.php HTTP/1.1" 200 7079 "http://russiahair.ru/" "Mozilla/0.6 Beta (Windows)"
134.249.76.53 - - [27/Nov/2013:06:07:49 +0100] "GET /seiten/news.php HTTP/1.1" 200 7079 "http://russiahair.ru/" "Mozilla/0.6 Beta (Windows)"
134.249.76.53 - - [27/Nov/2013:06:07:49 +0100] "GET /seiten/news.php HTTP/1.1" 200 7079 "http://russiahair.ru/" "Mozilla/0.6 Beta (Windows)"
5.255.253.79 - - [27/Nov/2013:08:12:55 +0100] "GET /robots.txt HTTP/1.1" 200 157 "-" "Mozilla/5.0 (compatible; YandexImages/3.0; +http://yandex.com/bots)"
5.255.253.79 - - [27/Nov/2013:08:43:36 +0100] "GET /img/men07.gif HTTP/1.1" 304 - "-" "Mozilla/5.0 (compatible; YandexImages/3.0; +http://yandex.com/bots)"
139.18.235.210 - - [27/Nov/2013:09:06:27 +0100] "GET /seiten/impr.htm HTTP/1.1" 200 9648 "http://www.google.de/url?sa=t&rct=j&q=&esrc=s&frm=1&source=web&cd=4&ved=0CEoQFjAD&url=http%3A%2F%2Fwww.dialyse-borna.de%2Fseiten%2Fimpr.htm&ei=36eVUqHKCai6ygPn0oL4Cw&usg=AFQjCNHLZZEhkKT2QkjwwRmqgb-uGk-kyg&bvm=bv.57155469,d.bGQ" "Mozilla/4.0 (compatible; MSIE 8.0; Windows NT 5.1; Trident/4.0; GTB7.5; chromeframe/31.0.1650.57; .NET CLR 1.1.4322; InfoPath.1; .NET CLR 2.0.50727; .NET CLR 3.0.04506.30; .NET CLR 3.0.04506.648; .NET CLR 3.5.21022; .NET CLR 3.0.4506.2152; .NET CLR 3.5.30729)"
139.18.235.210 - - [27/Nov/2013:09:06:29 +0100] "GET /css/borna.css HTTP/1.1" 200 2909 "http://www.dialyse-borna.de/seiten/impr.htm" "Mozilla/4.0 (compatible; MSIE 8.0; Windows NT 5.1; Trident/4.0; GTB7.5; chromeframe/31.0.1650.57; .NET CLR 1.1.4322; InfoPath.1; .NET CLR 2.0.50727; .NET CLR 3.0.04506.30; .NET CLR 3.0.04506.648; .NET CLR 3.5.21022; .NET CLR 3.0.4506.2152; .NET CLR 3.5.30729)"
139.18.235.210 - - [27/Nov/2013:09:06:29 +0100] "GET /img/men01.gif HTTP/1.1" 200 432 "http://www.dialyse-borna.de/seiten/impr.htm" "Mozilla/4.0 (compatible; MSIE 8.0; Windows NT 5.1; Trident/4.0; GTB7.5; chromeframe/31.0.1650.57; .NET CLR 1.1.4322; InfoPath.1; .NET CLR 2.0.50727; .NET CLR 3.0.04506.30; .NET CLR 3.0.04506.648; .NET CLR 3.5.21022; .NET CLR 3.0.4506.2152; .NET CLR 3.5.30729)"
139.18.235.210 - - [27/Nov/2013:09:06:29 +0100] "GET /img/men02.gif HTTP/1.1" 200 1273 "http://www.dialyse-borna.de/seiten/impr.htm" "Mozilla/4.0 (compatible; MSIE 8.0; Windows NT 5.1; Trident/4.0; GTB7.5; chromeframe/31.0.1650.57; .NET CLR 1.1.4322; InfoPath.1; .NET CLR 2.0.50727; .NET CLR 3.0.04506.30; .NET CLR 3.0.04506.648; .NET CLR 3.5.21022; .NET CLR 3.0.4506.2152; .NET CLR 3.5.30729)"
139.18.235.210 - - [27/Nov/2013:09:06:29 +0100] "GET /img/men03.gif HTTP/1.1" 200 1621 "http://www.dialyse-borna.de/seiten/impr.htm" "Mozilla/4.0 (compatible; MSIE 8.0; Windows NT 5.1; Trident/4.0; GTB7.5; chromeframe/31.0.1650.57; .NET CLR 1.1.4322; InfoPath.1; .NET CLR 2.0.50727; .NET CLR 3.0.04506.30; .NET CLR 3.0.04506.648; .NET CLR 3.5.21022; .NET CLR 3.0.4506.2152; .NET CLR 3.5.30729)"
139.18.235.210 - - [27/Nov/2013:09:06:29 +0100] "GET /img/1pixel.gif HTTP/1.1" 200 45 "http://www.dialyse-borna.de/seiten/impr.htm" "Mozilla/4.0 (compatible; MSIE 8.0; Windows NT 5.1; Trident/4.0; GTB7.5; chromeframe/31.0.1650.57; .NET CLR 1.1.4322; InfoPath.1; .NET CLR 2.0.50727; .NET CLR 3.0.04506.30; .NET CLR 3.0.04506.648; .NET CLR 3.5.21022; .NET CLR 3.0.4506.2152; .NET CLR 3.5.30729)"
139.18.235.210 - - [27/Nov/2013:09:06:29 +0100] "GET /img/bg2.gif HTTP/1.1" 200 49 "http://www.dialyse-borna.de/seiten/impr.htm" "Mozilla/4.0 (compatible; MSIE 8.0; Windows NT 5.1; Trident/4.0; GTB7.5; chromeframe/31.0.1650.57; .NET CLR 1.1.4322; InfoPath.1; .NET CLR 2.0.50727; .NET CLR 3.0.04506.30; .NET CLR 3.0.04506.648; .NET CLR 3.5.21022; .NET CLR 3.0.4506.2152; .NET CLR 3.5.30729)"
139.18.235.210 - - [27/Nov/2013:09:06:29 +0100] "GET /img/men04.gif HTTP/1.1" 200 1395 "http://www.dialyse-borna.de/seiten/impr.htm" "Mozilla/4.0 (compatible; MSIE 8.0; Windows NT 5.1; Trident/4.0; GTB7.5; chromeframe/31.0.1650.57; .NET CLR 1.1.4322; InfoPath.1; .NET CLR 2.0.50727; .NET CLR 3.0.04506.30; .NET CLR 3.0.04506.648; .NET CLR 3.5.21022; .NET CLR 3.0.4506.2152; .NET CLR 3.5.30729)"
139.18.235.210 - - [27/Nov/2013:09:06:30 +0100] "GET /img/men06.gif HTTP/1.1" 200 1162 "http://www.dialyse-borna.de/seiten/impr.htm" "Mozilla/4.0 (compatible; MSIE 8.0; Windows NT 5.1; Trident/4.0; GTB7.5; chromeframe/31.0.1650.57; .NET CLR 1.1.4322; InfoPath.1; .NET CLR 2.0.50727; .NET CLR 3.0.04506.30; .NET CLR 3.0.04506.648; .NET CLR 3.5.21022; .NET CLR 3.0.4506.2152; .NET CLR 3.5.30729)"
139.18.235.210 - - [27/Nov/2013:09:06:30 +0100] "GET /img/men08a.gif HTTP/1.1" 200 819 "http://www.dialyse-borna.de/seiten/impr.htm" "Mozilla/4.0 (compatible; MSIE 8.0; Windows NT 5.1; Trident/4.0; GTB7.5; chromeframe/31.0.1650.57; .NET CLR 1.1.4322; InfoPath.1; .NET CLR 2.0.50727; .NET CLR 3.0.04506.30; .NET CLR 3.0.04506.648; .NET CLR 3.5.21022; .NET CLR 3.0.4506.2152; .NET CLR 3.5.30729)"
139.18.235.210 - - [27/Nov/2013:09:06:30 +0100] "GET /img/men07.gif HTTP/1.1" 200 1396 "http://www.dialyse-borna.de/seiten/impr.htm" "Mozilla/4.0 (compatible; MSIE 8.0; Windows NT 5.1; Trident/4.0; GTB7.5; chromeframe/31.0.1650.57; .NET CLR 1.1.4322; InfoPath.1; .NET CLR 2.0.50727; .NET CLR 3.0.04506.30; .NET CLR 3.0.04506.648; .NET CLR 3.5.21022; .NET CLR 3.0.4506.2152; .NET CLR 3.5.30729)"
139.18.235.210 - - [27/Nov/2013:09:06:30 +0100] "GET /img/lay03.gif HTTP/1.1" 200 671 "http://www.dialyse-borna.de/seiten/impr.htm" "Mozilla/4.0 (compatible; MSIE 8.0; Windows NT 5.1; Trident/4.0; GTB7.5; chromeframe/31.0.1650.57; .NET CLR 1.1.4322; InfoPath.1; .NET CLR 2.0.50727; .NET CLR 3.0.04506.30; .NET CLR 3.0.04506.648; .NET CLR 3.5.21022; .NET CLR 3.0.4506.2152; .NET CLR 3.5.30729)"
139.18.235.210 - - [27/Nov/2013:09:06:30 +0100] "GET /img/men09.gif HTTP/1.1" 200 708 "http://www.dialyse-borna.de/seiten/impr.htm" "Mozilla/4.0 (compatible; MSIE 8.0; Windows NT 5.1; Trident/4.0; GTB7.5; chromeframe/31.0.1650.57; .NET CLR 1.1.4322; InfoPath.1; .NET CLR 2.0.50727; .NET CLR 3.0.04506.30; .NET CLR 3.0.04506.648; .NET CLR 3.5.21022; .NET CLR 3.0.4506.2152; .NET CLR 3.5.30729)"
139.18.235.210 - - [27/Nov/2013:09:06:32 +0100] "GET /img/lay04.gif HTTP/1.1" 200 210 "http://www.dialyse-borna.de/seiten/impr.htm" "Mozilla/4.0 (compatible; MSIE 8.0; Windows NT 5.1; Trident/4.0; GTB7.5; chromeframe/31.0.1650.57; .NET CLR 1.1.4322; InfoPath.1; .NET CLR 2.0.50727; .NET CLR 3.0.04506.30; .NET CLR 3.0.04506.648; .NET CLR 3.5.21022; .NET CLR 3.0.4506.2152; .NET CLR 3.5.30729)"
139.18.235.210 - - [27/Nov/2013:09:06:32 +0100] "GET /img/lay01.gif HTTP/1.1" 200 384 "http://www.dialyse-borna.de/seiten/impr.htm" "Mozilla/4.0 (compatible; MSIE 8.0; Windows NT 5.1; Trident/4.0; GTB7.5; chromeframe/31.0.1650.57; .NET CLR 1.1.4322; InfoPath.1; .NET CLR 2.0.50727; .NET CLR 3.0.04506.30; .NET CLR 3.0.04506.648; .NET CLR 3.5.21022; .NET CLR 3.0.4506.2152; .NET CLR 3.5.30729)"
139.18.235.210 - - [27/Nov/2013:09:06:32 +0100] "GET /img/lay07.gif HTTP/1.1" 200 272 "http://www.dialyse-borna.de/seiten/impr.htm" "Mozilla/4.0 (compatible; MSIE 8.0; Windows NT 5.1; Trident/4.0; GTB7.5; chromeframe/31.0.1650.57; .NET CLR 1.1.4322; InfoPath.1; .NET CLR 2.0.50727; .NET CLR 3.0.04506.30; .NET CLR 3.0.04506.648; .NET CLR 3.5.21022; .NET CLR 3.0.4506.2152; .NET CLR 3.5.30729)"
139.18.235.210 - - [27/Nov/2013:09:06:32 +0100] "GET /img/lay08.gif HTTP/1.1" 200 322 "http://www.dialyse-borna.de/seiten/impr.htm" "Mozilla/4.0 (compatible; MSIE 8.0; Windows NT 5.1; Trident/4.0; GTB7.5; chromeframe/31.0.1650.57; .NET CLR 1.1.4322; InfoPath.1; .NET CLR 2.0.50727; .NET CLR 3.0.04506.30; .NET CLR 3.0.04506.648; .NET CLR 3.5.21022; .NET CLR 3.0.4506.2152; .NET CLR 3.5.30729)"
139.18.235.210 - - [27/Nov/2013:09:06:32 +0100] "GET /img/lay02.gif HTTP/1.1" 200 3503 "http://www.dialyse-borna.de/seiten/impr.htm" "Mozilla/4.0 (compatible; MSIE 8.0; Windows NT 5.1; Trident/4.0; GTB7.5; chromeframe/31.0.1650.57; .NET CLR 1.1.4322; InfoPath.1; .NET CLR 2.0.50727; .NET CLR 3.0.04506.30; .NET CLR 3.0.04506.648; .NET CLR 3.5.21022; .NET CLR 3.0.4506.2152; .NET CLR 3.5.30729)"
139.18.235.210 - - [27/Nov/2013:09:06:32 +0100] "GET /img/bg3.gif HTTP/1.1" 200 143 "http://www.dialyse-borna.de/seiten/impr.htm" "Mozilla/4.0 (compatible; MSIE 8.0; Windows NT 5.1; Trident/4.0; GTB7.5; chromeframe/31.0.1650.57; .NET CLR 1.1.4322; InfoPath.1; .NET CLR 2.0.50727; .NET CLR 3.0.04506.30; .NET CLR 3.0.04506.648; .NET CLR 3.5.21022; .NET CLR 3.0.4506.2152; .NET CLR 3.5.30729)"
139.18.235.210 - - [27/Nov/2013:09:06:32 +0100] "GET /img/bg1.gif HTTP/1.1" 200 54 "http://www.dialyse-borna.de/seiten/impr.htm" "Mozilla/4.0 (compatible; MSIE 8.0; Windows NT 5.1; Trident/4.0; GTB7.5; chromeframe/31.0.1650.57; .NET CLR 1.1.4322; InfoPath.1; .NET CLR 2.0.50727; .NET CLR 3.0.04506.30; .NET CLR 3.0.04506.648; .NET CLR 3.5.21022; .NET CLR 3.0.4506.2152; .NET CLR 3.5.30729)"
139.18.235.210 - - [27/Nov/2013:09:06:32 +0100] "GET /img/bg4.gif HTTP/1.1" 200 135 "http://www.dialyse-borna.de/seiten/impr.htm" "Mozilla/4.0 (compatible; MSIE 8.0; Windows NT 5.1; Trident/4.0; GTB7.5; chromeframe/31.0.1650.57; .NET CLR 1.1.4322; InfoPath.1; .NET CLR 2.0.50727; .NET CLR 3.0.04506.30; .NET CLR 3.0.04506.648; .NET CLR 3.5.21022; .NET CLR 3.0.4506.2152; .NET CLR 3.5.30729)"
139.18.235.210 - - [27/Nov/2013:09:06:32 +0100] "GET /img/lay05.gif HTTP/1.1" 200 541 "http://www.dialyse-borna.de/seiten/impr.htm" "Mozilla/4.0 (compatible; MSIE 8.0; Windows NT 5.1; Trident/4.0; GTB7.5; chromeframe/31.0.1650.57; .NET CLR 1.1.4322; InfoPath.1; .NET CLR 2.0.50727; .NET CLR 3.0.04506.30; .NET CLR 3.0.04506.648; .NET CLR 3.5.21022; .NET CLR 3.0.4506.2152; .NET CLR 3.5.30729)"
139.18.235.210 - - [27/Nov/2013:09:06:35 +0100] "GET /img/men03a.gif HTTP/1.1" 200 820 "http://www.dialyse-borna.de/seiten/impr.htm" "Mozilla/4.0 (compatible; MSIE 8.0; Windows NT 5.1; Trident/4.0; GTB7.5; chromeframe/31.0.1650.57; .NET CLR 1.1.4322; InfoPath.1; .NET CLR 2.0.50727; .NET CLR 3.0.04506.30; .NET CLR 3.0.04506.648; .NET CLR 3.5.21022; .NET CLR 3.0.4506.2152; .NET CLR 3.5.30729)"
139.18.235.210 - - [27/Nov/2013:09:06:35 +0100] "GET /img/men04a.gif HTTP/1.1" 200 669 "http://www.dialyse-borna.de/seiten/impr.htm" "Mozilla/4.0 (compatible; MSIE 8.0; Windows NT 5.1; Trident/4.0; GTB7.5; chromeframe/31.0.1650.57; .NET CLR 1.1.4322; InfoPath.1; .NET CLR 2.0.50727; .NET CLR 3.0.04506.30; .NET CLR 3.0.04506.648; .NET CLR 3.5.21022; .NET CLR 3.0.4506.2152; .NET CLR 3.5.30729)"
139.18.235.210 - - [27/Nov/2013:09:06:35 +0100] "GET /img/men05a.gif HTTP/1.1" 200 556 "http://www.dialyse-borna.de/seiten/impr.htm" "Mozilla/4.0 (compatible; MSIE 8.0; Windows NT 5.1; Trident/4.0; GTB7.5; chromeframe/31.0.1650.57; .NET CLR 1.1.4322; InfoPath.1; .NET CLR 2.0.50727; .NET CLR 3.0.04506.30; .NET CLR 3.0.04506.648; .NET CLR 3.5.21022; .NET CLR 3.0.4506.2152; .NET CLR 3.5.30729)"
139.18.235.210 - - [27/Nov/2013:09:06:35 +0100] "GET /img/men02a.gif HTTP/1.1" 200 589 "http://www.dialyse-borna.de/seiten/impr.htm" "Mozilla/4.0 (compatible; MSIE 8.0; Windows NT 5.1; Trident/4.0; GTB7.5; chromeframe/31.0.1650.57; .NET CLR 1.1.4322; InfoPath.1; .NET CLR 2.0.50727; .NET CLR 3.0.04506.30; .NET CLR 3.0.04506.648; .NET CLR 3.5.21022; .NET CLR 3.0.4506.2152; .NET CLR 3.5.30729)"
139.18.235.210 - - [27/Nov/2013:09:06:35 +0100] "GET /img/men06a.gif HTTP/1.1" 200 518 "http://www.dialyse-borna.de/seiten/impr.htm" "Mozilla/4.0 (compatible; MSIE 8.0; Windows NT 5.1; Trident/4.0; GTB7.5; chromeframe/31.0.1650.57; .NET CLR 1.1.4322; InfoPath.1; .NET CLR 2.0.50727; .NET CLR 3.0.04506.30; .NET CLR 3.0.04506.648; .NET CLR 3.5.21022; .NET CLR 3.0.4506.2152; .NET CLR 3.5.30729)"
139.18.235.210 - - [27/Nov/2013:09:06:35 +0100] "GET /favicon.ico HTTP/1.1" 404 1256 "-" "Mozilla/4.0 (compatible; MSIE 8.0; Windows NT 5.1; Trident/4.0; GTB7.5; chromeframe/31.0.1650.57; .NET CLR 1.1.4322; InfoPath.1; .NET CLR 2.0.50727; .NET CLR 3.0.04506.30; .NET CLR 3.0.04506.648; .NET CLR 3.5.21022; .NET CLR 3.0.4506.2152; .NET CLR 3.5.30729)"
139.18.235.210 - - [27/Nov/2013:09:06:35 +0100] "GET /img/men07a.gif HTTP/1.1" 200 666 "http://www.dialyse-borna.de/seiten/impr.htm" "Mozilla/4.0 (compatible; MSIE 8.0; Windows NT 5.1; Trident/4.0; GTB7.5; chromeframe/31.0.1650.57; .NET CLR 1.1.4322; InfoPath.1; .NET CLR 2.0.50727; .NET CLR 3.0.04506.30; .NET CLR 3.0.04506.648; .NET CLR 3.5.21022; .NET CLR 3.0.4506.2152; .NET CLR 3.5.30729)"
139.18.235.210 - - [27/Nov/2013:09:06:44 +0100] "GET /seiten/praxis.htm HTTP/1.1" 200 7847 "http://www.dialyse-borna.de/seiten/impr.htm" "Mozilla/4.0 (compatible; MSIE 8.0; Windows NT 5.1; Trident/4.0; GTB7.5; chromeframe/31.0.1650.57; .NET CLR 1.1.4322; InfoPath.1; .NET CLR 2.0.50727; .NET CLR 3.0.04506.30; .NET CLR 3.0.04506.648; .NET CLR 3.5.21022; .NET CLR 3.0.4506.2152; .NET CLR 3.5.30729)"
139.18.235.210 - - [27/Nov/2013:09:06:54 +0100] "GET /img/men08.gif HTTP/1.1" 200 1642 "http://www.dialyse-borna.de/seiten/praxis.htm" "Mozilla/4.0 (compatible; MSIE 8.0; Windows NT 5.1; Trident/4.0; GTB7.5; chromeframe/31.0.1650.57; .NET CLR 1.1.4322; InfoPath.1; .NET CLR 2.0.50727; .NET CLR 3.0.04506.30; .NET CLR 3.0.04506.648; .NET CLR 3.5.21022; .NET CLR 3.0.4506.2152; .NET CLR 3.5.30729)"
139.18.235.210 - - [27/Nov/2013:09:06:54 +0100] "GET /img/schild.jpg HTTP/1.1" 200 12757 "http://www.dialyse-borna.de/seiten/praxis.htm" "Mozilla/4.0 (compatible; MSIE 8.0; Windows NT 5.1; Trident/4.0; GTB7.5; chromeframe/31.0.1650.57; .NET CLR 1.1.4322; InfoPath.1; .NET CLR 2.0.50727; .NET CLR 3.0.04506.30; .NET CLR 3.0.04506.648; .NET CLR 3.5.21022; .NET CLR 3.0.4506.2152; .NET CLR 3.5.30729)"
139.18.235.210 - - [27/Nov/2013:09:06:54 +0100] "GET /favicon.ico HTTP/1.1" 404 1256 "-" "Mozilla/4.0 (compatible; MSIE 8.0; Windows NT 5.1; Trident/4.0; GTB7.5; chromeframe/31.0.1650.57; .NET CLR 1.1.4322; InfoPath.1; .NET CLR 2.0.50727; .NET CLR 3.0.04506.30; .NET CLR 3.0.04506.648; .NET CLR 3.5.21022; .NET CLR 3.0.4506.2152; .NET CLR 3.5.30729)"
150.70.97.125 - - [27/Nov/2013:09:08:15 +0100] "GET /seiten/impr.htm HTTP/1.1" 200 9648 "-" "Mozilla/4.0 (compatible; MSIE 8.0; Windows NT 5.1; Trident/4.0)"
150.70.75.33 - - [27/Nov/2013:09:09:15 +0100] "GET /seiten/impr.htm HTTP/1.0" 200 9648 "-" "Mozilla/4.0 (compatible; MSIE 6.0; Windows NT 5.1)"
5.255.253.79 - - [27/Nov/2013:09:14:18 +0100] "GET /img/lay03.gif HTTP/1.1" 304 - "-" "Mozilla/5.0 (compatible; YandexImages/3.0; +http://yandex.com/bots)"
5.255.253.79 - - [27/Nov/2013:09:44:59 +0100] "GET /img/lay04.gif HTTP/1.1" 304 - "-" "Mozilla/5.0 (compatible; YandexImages/3.0; +http://yandex.com/bots)"
5.255.253.79 - - [27/Nov/2013:10:29:43 +0100] "GET /img/men06.gif HTTP/1.1" 304 - "-" "Mozilla/5.0 (compatible; YandexImages/3.0; +http://yandex.com/bots)"
66.249.78.101 - - [27/Nov/2013:11:00:58 +0100] "GET /seiten/start.htm HTTP/1.1" 304 - "-" "Mozilla/5.0 (iPhone; CPU iPhone OS 6_0 like Mac OS X) AppleWebKit/536.26 (KHTML, like Gecko) Version/6.0 Mobile/10A5376e Safari/8536.25 (compatible; Googlebot-Mobile/2.1; +http://www.google.com/bot.html)"
176.8.90.175 - - [27/Nov/2013:11:01:58 +0100] "GET /seiten/news.php HTTP/1.1" 200 7079 "http://www.vashposrednik.ru/" "Mozilla/4.0 (compatible; MSIE 5.0; Windows 2000) Opera 6.0 [en]"
176.8.90.175 - - [27/Nov/2013:11:01:58 +0100] "GET /seiten/news.php HTTP/1.1" 200 7079 "http://www.tmzilla.com/" "Mozilla/4.0 (compatible; MSIE 5.5; Windows NT 5.0; T312461)"
176.8.90.175 - - [27/Nov/2013:11:01:58 +0100] "GET /seiten/news.php HTTP/1.1" 200 7079 "http://www.vashposrednik.ru/" "Mozilla/4.0 (compatible; MSIE 5.0; Windows 2000) Opera 6.0 [en]"
176.8.90.175 - - [27/Nov/2013:11:01:58 +0100] "GET /seiten/news.php HTTP/1.1" 200 7079 "http://www.tmzilla.com/" "Mozilla/4.0 (compatible; MSIE 5.5; Windows NT 5.0; T312461)"
176.8.90.175 - - [27/Nov/2013:11:01:59 +0100] "GET /seiten/news.php HTTP/1.1" 200 7079 "http://www.vashposrednik.ru/" "Mozilla/4.0 (compatible; MSIE 5.0; Windows 2000) Opera 6.0 [en]"
176.8.90.175 - - [27/Nov/2013:11:01:59 +0100] "GET /seiten/news.php HTTP/1.1" 200 7079 "http://www.tmzilla.com/" "Mozilla/4.0 (compatible; MSIE 5.5; Windows NT 5.0; T312461)"
5.255.253.79 - - [27/Nov/2013:11:28:27 +0100] "GET /img/men09.gif HTTP/1.1" 304 - "-" "Mozilla/5.0 (compatible; YandexImages/3.0; +http://yandex.com/bots)"
66.249.78.101 - - [27/Nov/2013:11:43:28 +0100] "GET /seiten/leist.htm HTTP/1.1" 304 - "-" "Mozilla/5.0 (iPhone; CPU iPhone OS 6_0 like Mac OS X) AppleWebKit/536.26 (KHTML, like Gecko) Version/6.0 Mobile/10A5376e Safari/8536.25 (compatible; Googlebot-Mobile/2.1; +http://www.google.com/bot.html)"
5.255.253.79 - - [27/Nov/2013:11:57:49 +0100] "GET /img/men04.gif HTTP/1.1" 304 - "-" "Mozilla/5.0 (compatible; YandexImages/3.0; +http://yandex.com/bots)"
94.153.9.210 - - [27/Nov/2013:12:57:44 +0100] "GET /seiten/news.php HTTP/1.1" 200 7079 "http://lechenie-spajsovoj-zavisimosti.ru/" "Mozilla/3.0 (compatible; WebCapture 2.0; Auto; Windows)"
94.153.9.210 - - [27/Nov/2013:12:57:45 +0100] "GET /seiten/news.php HTTP/1.1" 200 7079 "http://lechenie-spajsovoj-zavisimosti.ru/" "Mozilla/3.0 (compatible; WebCapture 2.0; Auto; Windows)"
94.153.9.210 - - [27/Nov/2013:12:57:45 +0100] "GET /seiten/news.php HTTP/1.1" 200 7079 "http://lechenie-spajsovoj-zavisimosti.ru/" "Mozilla/3.0 (compatible; WebCapture 2.0; Auto; Windows)"
5.255.253.79 - - [27/Nov/2013:13:39:50 +0100] "GET /img/lay07.gif HTTP/1.1" 304 - "-" "Mozilla/5.0 (compatible; YandexImages/3.0; +http://yandex.com/bots)"
5.255.253.79 - - [27/Nov/2013:15:05:27 +0100] "GET /img/men08.gif HTTP/1.1" 304 - "-" "Mozilla/5.0 (compatible; YandexImages/3.0; +http://yandex.com/bots)"
195.242.218.133 - - [27/Nov/2013:15:41:07 +0100] "GET /seiten/news.php HTTP/1.1" 200 7079 "http://avenc.ru/" "Mozilla/4.0 (compatible; MSIE 6.0; Windows NT 5.1; ru) Opera 8.50"
195.242.218.133 - - [27/Nov/2013:15:41:08 +0100] "GET /seiten/news.php HTTP/1.1" 200 7079 "http://avenc.ru/" "Mozilla/4.0 (compatible; MSIE 6.0; Windows NT 5.1; ru) Opera 8.50"
195.242.218.133 - - [27/Nov/2013:15:41:09 +0100] "GET /seiten/news.php HTTP/1.1" 200 7079 "http://avenc.ru/" "Mozilla/4.0 (compatible; MSIE 6.0; Windows NT 5.1; ru) Opera 8.50"
84.38.65.176 - - [27/Nov/2013:16:24:00 +0100] "GET / HTTP/1.0" 200 2663 "http://www.domain-reputation.de/www.dialyse-borna.de" "Mozilla/4.0 (compatible; MSIE 8.0; Windows NT 6.0; Trident/4.0; GTB0.0; SLCC1; .NET CLR 2.0.50727; Media Center PC 5.0; .NET CLR 3.5.30729; .NET CLR 3.0.30729; .NET4.0C)"
92.249.127.111 - - [27/Nov/2013:16:58:19 +0100] "GET /seiten/news.php HTTP/1.1" 200 7079 "http://timetorelax.biz/" "Mozilla/5.0 (compatible; news bot /2.1)"
92.249.127.111 - - [27/Nov/2013:16:58:20 +0100] "GET /seiten/news.php HTTP/1.1" 200 7079 "http://timetorelax.biz/" "Mozilla/5.0 (compatible; news bot /2.1)"
92.249.127.111 - - [27/Nov/2013:16:58:20 +0100] "GET /seiten/news.php HTTP/1.1" 200 7079 "http://timetorelax.biz/" "Mozilla/5.0 (compatible; news bot /2.1)"
37.115.113.177 - - [27/Nov/2013:18:06:46 +0100] "GET /seiten/news.php HTTP/1.1" 200 7079 "http://novozaim.ru/" "Mozilla/4.0 (compatible; MSIE 7.0b; Windows NT 6.0 ; .NET CLR 2.0.50215; SL Commerce Client v1.0; Tablet PC 2.0"
37.115.113.177 - - [27/Nov/2013:18:06:46 +0100] "GET /seiten/news.php HTTP/1.1" 200 7079 "http://novozaim.ru/" "Mozilla/4.0 (compatible; MSIE 7.0b; Windows NT 6.0 ; .NET CLR 2.0.50215; SL Commerce Client v1.0; Tablet PC 2.0"
37.115.113.177 - - [27/Nov/2013:18:06:47 +0100] "GET /seiten/news.php HTTP/1.1" 200 7079 "http://novozaim.ru/" "Mozilla/4.0 (compatible; MSIE 7.0b; Windows NT 6.0 ; .NET CLR 2.0.50215; SL Commerce Client v1.0; Tablet PC 2.0"
5.255.253.79 - - [27/Nov/2013:18:08:53 +0100] "GET /img/men05a.gif HTTP/1.1" 304 - "-" "Mozilla/5.0 (compatible; YandexImages/3.0; +http://yandex.com/bots)"
66.249.78.101 - - [27/Nov/2013:19:11:00 +0100] "GET /seiten/start.htm HTTP/1.1" 200 7516 "-" "Mozilla/5.0 (compatible; Googlebot/2.1; +http://www.google.com/bot.html)"
5.255.253.79 - - [27/Nov/2013:20:00:55 +0100] "GET /img/men03a.gif HTTP/1.1" 304 - "-" "Mozilla/5.0 (compatible; YandexImages/3.0; +http://yandex.com/bots)"
5.255.253.79 - - [27/Nov/2013:20:14:22 +0100] "GET /img/men05.gif HTTP/1.1" 304 - "-" "Mozilla/5.0 (compatible; YandexImages/3.0; +http://yandex.com/bots)"
5.255.253.79 - - [27/Nov/2013:20:41:06 +0100] "GET /img/men06a.gif HTTP/1.1" 304 - "-" "Mozilla/5.0 (compatible; YandexImages/3.0; +http://yandex.com/bots)"
5.255.253.79 - - [27/Nov/2013:21:07:49 +0100] "GET /img/pfeil.jpg HTTP/1.1" 304 - "-" "Mozilla/5.0 (compatible; YandexImages/3.0; +http://yandex.com/bots)"
141.8.147.12 - - [27/Nov/2013:21:32:41 +0100] "GET /robots.txt HTTP/1.1" 200 157 "-" "Mozilla/5.0 (compatible; YandexBot/3.0; +http://yandex.com/bots)"
5.255.253.79 - - [27/Nov/2013:21:34:24 +0100] "GET /img/men02a.gif HTTP/1.1" 304 - "-" "Mozilla/5.0 (compatible; YandexImages/3.0; +http://yandex.com/bots)"
5.255.253.79 - - [27/Nov/2013:22:49:36 +0100] "GET /img/men02.gif HTTP/1.1" 304 - "-" "Mozilla/5.0 (compatible; YandexImages/3.0; +http://yandex.com/bots)"
66.249.78.101 - - [27/Nov/2013:22:54:06 +0100] "GET /robots.txt HTTP/1.1" 200 157 "-" "Mozilla/5.0 (compatible; Googlebot/2.1; +http://www.google.com/bot.html)"
66.249.78.101 - - [27/Nov/2013:22:54:06 +0100] "GET / HTTP/1.1" 200 2663 "-" "Mozilla/5.0 (iPhone; CPU iPhone OS 6_0 like Mac OS X) AppleWebKit/536.26 (KHTML, like Gecko) Version/6.0 Mobile/10A5376e Safari/8536.25 (compatible; Googlebot-Mobile/2.1; +http://www.google.com/bot.html)"
66.249.78.101 - - [27/Nov/2013:22:55:22 +0100] "GET /seiten/start.htm HTTP/1.1" 200 7516 "-" "Mozilla/5.0 (iPhone; CPU iPhone OS 6_0 like Mac OS X) AppleWebKit/536.26 (KHTML, like Gecko) Version/6.0 Mobile/10A5376e Safari/8536.25 (compatible; Googlebot-Mobile/2.1; +http://www.google.com/bot.html)"
5.255.253.79 - - [27/Nov/2013:23:14:31 +0100] "GET /img/men03.gif HTTP/1.1" 304 - "-" "Mozilla/5.0 (compatible; YandexImages/3.0; +http://yandex.com/bots)"
141.8.147.12 - - [28/Nov/2013:00:23:06 +0100] "GET / HTTP/1.1" 200 2663 "-" "Mozilla/5.0 (compatible; YandexBot/3.0; +http://yandex.com/bots)"
91.207.4.206 - - [28/Nov/2013:00:48:36 +0100] "GET /seiten/news.php HTTP/1.1" 200 7079 "http://pornokajf.com/" "Mozilla/4.0 (compatible; MSIE 6.0; Windows NT 5.1; Q312461)"
91.207.4.206 - - [28/Nov/2013:00:48:36 +0100] "GET /seiten/news.php HTTP/1.1" 200 7079 "http://pornokajf.com/" "Mozilla/4.0 (compatible; MSIE 6.0; Windows NT 5.1; Q312461)"
91.207.4.206 - - [28/Nov/2013:00:48:37 +0100] "GET /seiten/news.php HTTP/1.1" 200 7079 "http://pornokajf.com/" "Mozilla/4.0 (compatible; MSIE 6.0; Windows NT 5.1; Q312461)"
5.255.253.79 - - [28/Nov/2013:00:52:40 +0100] "GET /img/men08a.gif HTTP/1.1" 304 - "-" "Mozilla/5.0 (compatible; YandexImages/3.0; +http://yandex.com/bots)"
66.249.78.101 - - [28/Nov/2013:01:21:55 +0100] "GET / HTTP/1.1" 200 2663 "-" "Mozilla/5.0 (compatible; Googlebot/2.1; +http://www.google.com/bot.html)"
66.249.78.101 - - [28/Nov/2013:01:28:51 +0100] "GET /seiten/kont_form.php HTTP/1.1" 200 8561 "-" "Mozilla/5.0 (compatible; Googlebot/2.1; +http://www.google.com/bot.html)"
66.249.78.101 - - [28/Nov/2013:01:39:33 +0100] "GET /seiten/news.php HTTP/1.1" 200 7079 "-" "Mozilla/5.0 (compatible; Googlebot/2.1; +http://www.google.com/bot.html)"
66.249.78.101 - - [28/Nov/2013:01:44:59 +0100] "GET /seiten/function.include HTTP/1.1" 404 1256 "-" "Mozilla/5.0 (compatible; Googlebot/2.1; +http://www.google.com/bot.html)"
5.255.253.79 - - [28/Nov/2013:02:29:13 +0100] "GET /img/men07a.gif HTTP/1.1" 304 - "-" "Mozilla/5.0 (compatible; YandexImages/3.0; +http://yandex.com/bots)"
66.249.78.101 - - [28/Nov/2013:03:55:32 +0100] "GET /img/bilder.swf HTTP/1.1" 200 78858 "-" "Mozilla/5.0 (iPhone; CPU iPhone OS 6_0 like Mac OS X) AppleWebKit/536.26 (KHTML, like Gecko) Version/6.0 Mobile/10A5376e Safari/8536.25 (compatible; Googlebot-Mobile/2.1; +http://www.google.com/bot.html)"
5.255.253.79 - - [28/Nov/2013:04:04:30 +0100] "GET /img/men04a.gif HTTP/1.1" 304 - "-" "Mozilla/5.0 (compatible; YandexImages/3.0; +http://yandex.com/bots)"
134.249.76.53 - - [28/Nov/2013:04:26:47 +0100] "GET /seiten/news.php HTTP/1.1" 200 7079 "http://indesk.ru/" "Mozilla/4.0 (compatible; MSIE 6.0; Windows NT 5.1; SV1)"
134.249.76.53 - - [28/Nov/2013:04:26:47 +0100] "GET /seiten/news.php HTTP/1.1" 200 7079 "http://indesk.ru/" "Mozilla/4.0 (compatible; MSIE 6.0; Windows NT 5.1; SV1)"
134.249.76.53 - - [28/Nov/2013:04:26:48 +0100] "GET /seiten/news.php HTTP/1.1" 200 7079 "http://indesk.ru/" "Mozilla/4.0 (compatible; MSIE 6.0; Windows NT 5.1; SV1)"
5.255.253.79 - - [28/Nov/2013:06:13:47 +0100] "GET /img/men01.gif HTTP/1.1" 304 - "-" "Mozilla/5.0 (compatible; YandexImages/3.0; +http://yandex.com/bots)"
91.207.9.226 - - [28/Nov/2013:08:12:00 +0100] "GET /seiten/news.php HTTP/1.1" 200 7079 "http://slavzeta.ru/" "Mozilla/4.0 (compatible; MSIE 6.0; Windows NT 5.1)"
91.207.9.226 - - [28/Nov/2013:08:12:01 +0100] "GET /seiten/news.php HTTP/1.1" 200 7079 "http://slavzeta.ru/" "Mozilla/4.0 (compatible; MSIE 6.0; Windows NT 5.1)"
91.207.9.226 - - [28/Nov/2013:08:12:02 +0100] "GET /seiten/news.php HTTP/1.1" 200 7079 "http://slavzeta.ru/" "Mozilla/4.0 (compatible; MSIE 6.0; Windows NT 5.1)"
91.207.4.206 - - [28/Nov/2013:09:15:38 +0100] "GET /seiten/news.php HTTP/1.1" 200 7079 "http://kollekcija.com/" "Mozilla/4.0 (compatible; MSIE 6.0; Windows ME) Opera 7.11 [en]"
91.207.4.206 - - [28/Nov/2013:09:15:39 +0100] "GET /seiten/news.php HTTP/1.1" 200 7079 "http://kollekcija.com/" "Mozilla/4.0 (compatible; MSIE 6.0; Windows ME) Opera 7.11 [en]"
91.207.4.206 - - [28/Nov/2013:09:15:40 +0100] "GET /seiten/news.php HTTP/1.1" 200 7079 "http://kollekcija.com/" "Mozilla/4.0 (compatible; MSIE 6.0; Windows ME) Opera 7.11 [en]"
80.187.110.194 - - [28/Nov/2013:09:46:19 +0100] "GET / HTTP/1.1" 200 2663 "https://www.google.de/" "Mozilla/5.0 (iPhone; CPU iPhone OS 7_0_4 like Mac OS X) AppleWebKit/537.51.1 (KHTML, like Gecko) Version/7.0 Mobile/11B554a Safari/9537.53"
80.187.110.194 - - [28/Nov/2013:09:46:19 +0100] "GET /css/borna.css HTTP/1.1" 200 2909 "http://www.dialyse-borna.de/" "Mozilla/5.0 (iPhone; CPU iPhone OS 7_0_4 like Mac OS X) AppleWebKit/537.51.1 (KHTML, like Gecko) Version/7.0 Mobile/11B554a Safari/9537.53"
80.187.110.194 - - [28/Nov/2013:09:46:19 +0100] "GET /seiten/start.htm HTTP/1.1" 200 7516 "http://www.dialyse-borna.de/" "Mozilla/5.0 (iPhone; CPU iPhone OS 7_0_4 like Mac OS X) AppleWebKit/537.51.1 (KHTML, like Gecko) Version/7.0 Mobile/11B554a Safari/9537.53"
80.187.110.194 - - [28/Nov/2013:09:46:20 +0100] "GET /img/men01.gif HTTP/1.1" 200 432 "http://www.dialyse-borna.de/seiten/start.htm" "Mozilla/5.0 (iPhone; CPU iPhone OS 7_0_4 like Mac OS X) AppleWebKit/537.51.1 (KHTML, like Gecko) Version/7.0 Mobile/11B554a Safari/9537.53"
80.187.110.194 - - [28/Nov/2013:09:46:20 +0100] "GET /img/lay01.gif HTTP/1.1" 200 384 "http://www.dialyse-borna.de/seiten/start.htm" "Mozilla/5.0 (iPhone; CPU iPhone OS 7_0_4 like Mac OS X) AppleWebKit/537.51.1 (KHTML, like Gecko) Version/7.0 Mobile/11B554a Safari/9537.53"
80.187.110.194 - - [28/Nov/2013:09:46:20 +0100] "GET /img/1pixel.gif HTTP/1.1" 200 45 "http://www.dialyse-borna.de/seiten/start.htm" "Mozilla/5.0 (iPhone; CPU iPhone OS 7_0_4 like Mac OS X) AppleWebKit/537.51.1 (KHTML, like Gecko) Version/7.0 Mobile/11B554a Safari/9537.53"
80.187.110.194 - - [28/Nov/2013:09:46:20 +0100] "GET /img/bg2.gif HTTP/1.1" 200 49 "http://www.dialyse-borna.de/seiten/start.htm" "Mozilla/5.0 (iPhone; CPU iPhone OS 7_0_4 like Mac OS X) AppleWebKit/537.51.1 (KHTML, like Gecko) Version/7.0 Mobile/11B554a Safari/9537.53"
80.187.110.194 - - [28/Nov/2013:09:46:20 +0100] "GET /img/men04.gif HTTP/1.1" 200 1395 "http://www.dialyse-borna.de/seiten/start.htm" "Mozilla/5.0 (iPhone; CPU iPhone OS 7_0_4 like Mac OS X) AppleWebKit/537.51.1 (KHTML, like Gecko) Version/7.0 Mobile/11B554a Safari/9537.53"
80.187.110.194 - - [28/Nov/2013:09:46:20 +0100] "GET /img/men02a.gif HTTP/1.1" 200 589 "http://www.dialyse-borna.de/seiten/start.htm" "Mozilla/5.0 (iPhone; CPU iPhone OS 7_0_4 like Mac OS X) AppleWebKit/537.51.1 (KHTML, like Gecko) Version/7.0 Mobile/11B554a Safari/9537.53"
80.187.110.194 - - [28/Nov/2013:09:46:20 +0100] "GET /img/men03.gif HTTP/1.1" 200 1621 "http://www.dialyse-borna.de/seiten/start.htm" "Mozilla/5.0 (iPhone; CPU iPhone OS 7_0_4 like Mac OS X) AppleWebKit/537.51.1 (KHTML, like Gecko) Version/7.0 Mobile/11B554a Safari/9537.53"
80.187.110.194 - - [28/Nov/2013:09:46:20 +0100] "GET /img/men07.gif HTTP/1.1" 200 1396 "http://www.dialyse-borna.de/seiten/start.htm" "Mozilla/5.0 (iPhone; CPU iPhone OS 7_0_4 like Mac OS X) AppleWebKit/537.51.1 (KHTML, like Gecko) Version/7.0 Mobile/11B554a Safari/9537.53"
80.187.110.194 - - [28/Nov/2013:09:46:20 +0100] "GET /img/men09.gif HTTP/1.1" 200 708 "http://www.dialyse-borna.de/seiten/start.htm" "Mozilla/5.0 (iPhone; CPU iPhone OS 7_0_4 like Mac OS X) AppleWebKit/537.51.1 (KHTML, like Gecko) Version/7.0 Mobile/11B554a Safari/9537.53"
80.187.110.194 - - [28/Nov/2013:09:46:20 +0100] "GET /img/lay03.gif HTTP/1.1" 200 671 "http://www.dialyse-borna.de/seiten/start.htm" "Mozilla/5.0 (iPhone; CPU iPhone OS 7_0_4 like Mac OS X) AppleWebKit/537.51.1 (KHTML, like Gecko) Version/7.0 Mobile/11B554a Safari/9537.53"
80.187.110.194 - - [28/Nov/2013:09:46:20 +0100] "GET /img/lay08.gif HTTP/1.1" 200 322 "http://www.dialyse-borna.de/seiten/start.htm" "Mozilla/5.0 (iPhone; CPU iPhone OS 7_0_4 like Mac OS X) AppleWebKit/537.51.1 (KHTML, like Gecko) Version/7.0 Mobile/11B554a Safari/9537.53"
80.187.110.194 - - [28/Nov/2013:09:46:20 +0100] "GET /img/bg1.gif HTTP/1.1" 200 54 "http://www.dialyse-borna.de/seiten/start.htm" "Mozilla/5.0 (iPhone; CPU iPhone OS 7_0_4 like Mac OS X) AppleWebKit/537.51.1 (KHTML, like Gecko) Version/7.0 Mobile/11B554a Safari/9537.53"
80.187.110.194 - - [28/Nov/2013:09:46:20 +0100] "GET /img/main_pic.jpg HTTP/1.1" 200 14864 "http://www.dialyse-borna.de/seiten/start.htm" "Mozilla/5.0 (iPhone; CPU iPhone OS 7_0_4 like Mac OS X) AppleWebKit/537.51.1 (KHTML, like Gecko) Version/7.0 Mobile/11B554a Safari/9537.53"
80.187.110.194 - - [28/Nov/2013:09:46:20 +0100] "GET /img/bg3.gif HTTP/1.1" 200 143 "http://www.dialyse-borna.de/seiten/start.htm" "Mozilla/5.0 (iPhone; CPU iPhone OS 7_0_4 like Mac OS X) AppleWebKit/537.51.1 (KHTML, like Gecko) Version/7.0 Mobile/11B554a Safari/9537.53"
80.187.110.194 - - [28/Nov/2013:09:46:20 +0100] "GET /img/lay05.gif HTTP/1.1" 200 541 "http://www.dialyse-borna.de/seiten/start.htm" "Mozilla/5.0 (iPhone; CPU iPhone OS 7_0_4 like Mac OS X) AppleWebKit/537.51.1 (KHTML, like Gecko) Version/7.0 Mobile/11B554a Safari/9537.53"
80.187.110.194 - - [28/Nov/2013:09:46:20 +0100] "GET /img/men08.gif HTTP/1.1" 200 1642 "http://www.dialyse-borna.de/seiten/start.htm" "Mozilla/5.0 (iPhone; CPU iPhone OS 7_0_4 like Mac OS X) AppleWebKit/537.51.1 (KHTML, like Gecko) Version/7.0 Mobile/11B554a Safari/9537.53"
80.187.110.194 - - [28/Nov/2013:09:46:20 +0100] "GET /img/men06.gif HTTP/1.1" 200 1162 "http://www.dialyse-borna.de/seiten/start.htm" "Mozilla/5.0 (iPhone; CPU iPhone OS 7_0_4 like Mac OS X) AppleWebKit/537.51.1 (KHTML, like Gecko) Version/7.0 Mobile/11B554a Safari/9537.53"
80.187.110.194 - - [28/Nov/2013:09:46:20 +0100] "GET /img/pfeil.jpg HTTP/1.1" 200 380 "http://www.dialyse-borna.de/seiten/start.htm" "Mozilla/5.0 (iPhone; CPU iPhone OS 7_0_4 like Mac OS X) AppleWebKit/537.51.1 (KHTML, like Gecko) Version/7.0 Mobile/11B554a Safari/9537.53"
80.187.110.194 - - [28/Nov/2013:09:46:20 +0100] "GET /img/lay04.gif HTTP/1.1" 200 210 "http://www.dialyse-borna.de/seiten/start.htm" "Mozilla/5.0 (iPhone; CPU iPhone OS 7_0_4 like Mac OS X) AppleWebKit/537.51.1 (KHTML, like Gecko) Version/7.0 Mobile/11B554a Safari/9537.53"
80.187.110.194 - - [28/Nov/2013:09:46:20 +0100] "GET /img/lay02.gif HTTP/1.1" 200 3503 "http://www.dialyse-borna.de/seiten/start.htm" "Mozilla/5.0 (iPhone; CPU iPhone OS 7_0_4 like Mac OS X) AppleWebKit/537.51.1 (KHTML, like Gecko) Version/7.0 Mobile/11B554a Safari/9537.53"
80.187.110.194 - - [28/Nov/2013:09:46:20 +0100] "GET /img/bg4.gif HTTP/1.1" 200 135 "http://www.dialyse-borna.de/seiten/start.htm" "Mozilla/5.0 (iPhone; CPU iPhone OS 7_0_4 like Mac OS X) AppleWebKit/537.51.1 (KHTML, like Gecko) Version/7.0 Mobile/11B554a Safari/9537.53"
80.187.110.194 - - [28/Nov/2013:09:46:20 +0100] "GET /img/lay07.gif HTTP/1.1" 200 272 "http://www.dialyse-borna.de/seiten/start.htm" "Mozilla/5.0 (iPhone; CPU iPhone OS 7_0_4 like Mac OS X) AppleWebKit/537.51.1 (KHTML, like Gecko) Version/7.0 Mobile/11B554a Safari/9537.53"
80.187.110.194 - - [28/Nov/2013:09:46:21 +0100] "GET /img/men02a.gif HTTP/1.1" 200 589 "http://www.dialyse-borna.de/seiten/start.htm" "Mozilla/5.0 (iPhone; CPU iPhone OS 7_0_4 like Mac OS X) AppleWebKit/537.51.1 (KHTML, like Gecko) Version/7.0 Mobile/11B554a Safari/9537.53"
80.187.110.194 - - [28/Nov/2013:09:46:21 +0100] "GET /img/men03a.gif HTTP/1.1" 200 820 "http://www.dialyse-borna.de/seiten/start.htm" "Mozilla/5.0 (iPhone; CPU iPhone OS 7_0_4 like Mac OS X) AppleWebKit/537.51.1 (KHTML, like Gecko) Version/7.0 Mobile/11B554a Safari/9537.53"
80.187.110.194 - - [28/Nov/2013:09:46:21 +0100] "GET /img/men04a.gif HTTP/1.1" 200 669 "http://www.dialyse-borna.de/seiten/start.htm" "Mozilla/5.0 (iPhone; CPU iPhone OS 7_0_4 like Mac OS X) AppleWebKit/537.51.1 (KHTML, like Gecko) Version/7.0 Mobile/11B554a Safari/9537.53"
80.187.110.194 - - [28/Nov/2013:09:46:21 +0100] "GET /img/men07a.gif HTTP/1.1" 200 666 "http://www.dialyse-borna.de/seiten/start.htm" "Mozilla/5.0 (iPhone; CPU iPhone OS 7_0_4 like Mac OS X) AppleWebKit/537.51.1 (KHTML, like Gecko) Version/7.0 Mobile/11B554a Safari/9537.53"
80.187.110.194 - - [28/Nov/2013:09:46:21 +0100] "GET /img/men06a.gif HTTP/1.1" 200 518 "http://www.dialyse-borna.de/seiten/start.htm" "Mozilla/5.0 (iPhone; CPU iPhone OS 7_0_4 like Mac OS X) AppleWebKit/537.51.1 (KHTML, like Gecko) Version/7.0 Mobile/11B554a Safari/9537.53"
80.187.110.194 - - [28/Nov/2013:09:46:21 +0100] "GET /img/men05a.gif HTTP/1.1" 200 556 "http://www.dialyse-borna.de/seiten/start.htm" "Mozilla/5.0 (iPhone; CPU iPhone OS 7_0_4 like Mac OS X) AppleWebKit/537.51.1 (KHTML, like Gecko) Version/7.0 Mobile/11B554a Safari/9537.53"
80.187.110.194 - - [28/Nov/2013:09:46:21 +0100] "GET /img/men08a.gif HTTP/1.1" 200 819 "http://www.dialyse-borna.de/seiten/start.htm" "Mozilla/5.0 (iPhone; CPU iPhone OS 7_0_4 like Mac OS X) AppleWebKit/537.51.1 (KHTML, like Gecko) Version/7.0 Mobile/11B554a Safari/9537.53"
80.187.110.194 - - [28/Nov/2013:09:46:36 +0100] "GET /seiten/kont.htm HTTP/1.1" 200 8048 "http://www.dialyse-borna.de/seiten/start.htm" "Mozilla/5.0 (iPhone; CPU iPhone OS 7_0_4 like Mac OS X) AppleWebKit/537.51.1 (KHTML, like Gecko) Version/7.0 Mobile/11B554a Safari/9537.53"
80.187.110.194 - - [28/Nov/2013:09:46:36 +0100] "GET /img/men02.gif HTTP/1.1" 200 1273 "http://www.dialyse-borna.de/seiten/kont.htm" "Mozilla/5.0 (iPhone; CPU iPhone OS 7_0_4 like Mac OS X) AppleWebKit/537.51.1 (KHTML, like Gecko) Version/7.0 Mobile/11B554a Safari/9537.53"
80.187.110.194 - - [28/Nov/2013:09:46:36 +0100] "GET /img/men07a.gif HTTP/1.1" 200 666 "http://www.dialyse-borna.de/seiten/kont.htm" "Mozilla/5.0 (iPhone; CPU iPhone OS 7_0_4 like Mac OS X) AppleWebKit/537.51.1 (KHTML, like Gecko) Version/7.0 Mobile/11B554a Safari/9537.53"
176.8.90.175 - - [28/Nov/2013:10:02:11 +0100] "GET /seiten/news.php HTTP/1.1" 200 7079 "http://lambre.by/" "Mozilla/4.0 (compatible; MSIE 5.0; Windows 2000) Opera 6.0 [en]"
176.8.90.175 - - [28/Nov/2013:10:02:11 +0100] "GET /seiten/news.php HTTP/1.1" 200 7079 "http://lambre.by/" "Mozilla/4.0 (compatible; MSIE 5.0; Windows 2000) Opera 6.0 [en]"
176.8.90.175 - - [28/Nov/2013:10:02:15 +0100] "GET /seiten/news.php HTTP/1.1" 200 7079 "http://lambre.by/" "Mozilla/4.0 (compatible; MSIE 5.0; Windows 2000) Opera 6.0 [en]"
176.57.141.254 - - [28/Nov/2013:10:13:42 +0100] "GET /seiten/impr.htm HTTP/1.1" 200 9648 "-" "Mozilla/5.0 (X11; Linux i686; rv:6.0) Gecko/20100101 Firefox/6.0"
66.249.78.101 - - [28/Nov/2013:13:18:11 +0100] "GET /seiten/kont.htm HTTP/1.1" 304 - "-" "Mozilla/5.0 (iPhone; CPU iPhone OS 6_0 like Mac OS X) AppleWebKit/536.26 (KHTML, like Gecko) Version/6.0 Mobile/10A5376e Safari/8536.25 (compatible; Googlebot-Mobile/2.1; +http://www.google.com/bot.html)"
80.82.218.250 - - [28/Nov/2013:13:25:29 +0100] "GET /seiten/impr.htm HTTP/1.0" 200 9648 "http://www.google.de/url?sa=t&rct=j&q=&esrc=s&source=web&cd=8&ved=0CGAQFjAH&url=http%3A%2F%2Fwww.dialyse-borna.de%2Fseiten%2Fimpr.htm&ei=0DWXUs2CB4WqhAfL2YHgBQ&usg=AFQjCNHLZZEhkKT2QkjwwRmqgb-uGk-kyg&bvm=bv.57155469,d.ZG4" "Mozilla/5.0 (Windows NT 6.1; WOW64; rv:25.0) Gecko/20100101 Firefox/25.0"
80.82.218.250 - - [28/Nov/2013:13:25:29 +0100] "GET /css/borna.css HTTP/1.0" 200 2909 "http://www.dialyse-borna.de/seiten/impr.htm" "Mozilla/5.0 (Windows NT 6.1; WOW64; rv:25.0) Gecko/20100101 Firefox/25.0"
80.82.218.250 - - [28/Nov/2013:13:25:29 +0100] "GET /img/men01.gif HTTP/1.0" 200 432 "http://www.dialyse-borna.de/seiten/impr.htm" "Mozilla/5.0 (Windows NT 6.1; WOW64; rv:25.0) Gecko/20100101 Firefox/25.0"
80.82.218.250 - - [28/Nov/2013:13:25:29 +0100] "GET /img/men02.gif HTTP/1.0" 200 1273 "http://www.dialyse-borna.de/seiten/impr.htm" "Mozilla/5.0 (Windows NT 6.1; WOW64; rv:25.0) Gecko/20100101 Firefox/25.0"
80.82.218.250 - - [28/Nov/2013:13:25:29 +0100] "GET /img/men09.gif HTTP/1.0" 200 708 "http://www.dialyse-borna.de/seiten/impr.htm" "Mozilla/5.0 (Windows NT 6.1; WOW64; rv:25.0) Gecko/20100101 Firefox/25.0"
80.82.218.250 - - [28/Nov/2013:13:25:29 +0100] "GET /img/lay07.gif HTTP/1.0" 200 272 "http://www.dialyse-borna.de/seiten/impr.htm" "Mozilla/5.0 (Windows NT 6.1; WOW64; rv:25.0) Gecko/20100101 Firefox/25.0"
80.82.218.250 - - [28/Nov/2013:13:25:29 +0100] "GET /img/men08a.gif HTTP/1.0" 200 819 "http://www.dialyse-borna.de/seiten/impr.htm" "Mozilla/5.0 (Windows NT 6.1; WOW64; rv:25.0) Gecko/20100101 Firefox/25.0"
80.82.218.250 - - [28/Nov/2013:13:25:29 +0100] "GET /img/lay04.gif HTTP/1.0" 200 210 "http://www.dialyse-borna.de/seiten/impr.htm" "Mozilla/5.0 (Windows NT 6.1; WOW64; rv:25.0) Gecko/20100101 Firefox/25.0"
80.82.218.250 - - [28/Nov/2013:13:25:29 +0100] "GET /img/men06.gif HTTP/1.0" 200 1162 "http://www.dialyse-borna.de/seiten/impr.htm" "Mozilla/5.0 (Windows NT 6.1; WOW64; rv:25.0) Gecko/20100101 Firefox/25.0"
80.82.218.250 - - [28/Nov/2013:13:25:29 +0100] "GET /img/lay03.gif HTTP/1.0" 200 671 "http://www.dialyse-borna.de/seiten/impr.htm" "Mozilla/5.0 (Windows NT 6.1; WOW64; rv:25.0) Gecko/20100101 Firefox/25.0"
80.82.218.250 - - [28/Nov/2013:13:25:29 +0100] "GET /img/men04.gif HTTP/1.0" 200 1395 "http://www.dialyse-borna.de/seiten/impr.htm" "Mozilla/5.0 (Windows NT 6.1; WOW64; rv:25.0) Gecko/20100101 Firefox/25.0"
80.82.218.250 - - [28/Nov/2013:13:25:29 +0100] "GET /img/men07.gif HTTP/1.0" 200 1396 "http://www.dialyse-borna.de/seiten/impr.htm" "Mozilla/5.0 (Windows NT 6.1; WOW64; rv:25.0) Gecko/20100101 Firefox/25.0"
80.82.218.250 - - [28/Nov/2013:13:25:29 +0100] "GET /img/bg2.gif HTTP/1.0" 200 49 "http://www.dialyse-borna.de/seiten/impr.htm" "Mozilla/5.0 (Windows NT 6.1; WOW64; rv:25.0) Gecko/20100101 Firefox/25.0"
80.82.218.250 - - [28/Nov/2013:13:25:30 +0100] "GET /img/1pixel.gif HTTP/1.0" 200 45 "http://www.dialyse-borna.de/seiten/impr.htm" "Mozilla/5.0 (Windows NT 6.1; WOW64; rv:25.0) Gecko/20100101 Firefox/25.0"
80.82.218.250 - - [28/Nov/2013:13:25:31 +0100] "GET /img/men03.gif HTTP/1.0" 200 1621 "http://www.dialyse-borna.de/seiten/impr.htm" "Mozilla/5.0 (Windows NT 6.1; WOW64; rv:25.0) Gecko/20100101 Firefox/25.0"
80.82.218.250 - - [28/Nov/2013:13:25:31 +0100] "GET /img/bg1.gif HTTP/1.0" 200 54 "http://www.dialyse-borna.de/seiten/impr.htm" "Mozilla/5.0 (Windows NT 6.1; WOW64; rv:25.0) Gecko/20100101 Firefox/25.0"
80.82.218.250 - - [28/Nov/2013:13:25:32 +0100] "GET /img/lay01.gif HTTP/1.0" 200 384 "http://www.dialyse-borna.de/seiten/impr.htm" "Mozilla/5.0 (Windows NT 6.1; WOW64; rv:25.0) Gecko/20100101 Firefox/25.0"
80.82.218.250 - - [28/Nov/2013:13:25:32 +0100] "GET /img/lay02.gif HTTP/1.0" 200 3503 "http://www.dialyse-borna.de/seiten/impr.htm" "Mozilla/5.0 (Windows NT 6.1; WOW64; rv:25.0) Gecko/20100101 Firefox/25.0"
80.82.218.250 - - [28/Nov/2013:13:25:32 +0100] "GET /img/lay08.gif HTTP/1.0" 200 322 "http://www.dialyse-borna.de/seiten/impr.htm" "Mozilla/5.0 (Windows NT 6.1; WOW64; rv:25.0) Gecko/20100101 Firefox/25.0"
80.82.218.250 - - [28/Nov/2013:13:25:32 +0100] "GET /img/lay05.gif HTTP/1.0" 200 541 "http://www.dialyse-borna.de/seiten/impr.htm" "Mozilla/5.0 (Windows NT 6.1; WOW64; rv:25.0) Gecko/20100101 Firefox/25.0"
80.82.218.250 - - [28/Nov/2013:13:25:33 +0100] "GET /img/bg3.gif HTTP/1.0" 200 143 "http://www.dialyse-borna.de/seiten/impr.htm" "Mozilla/5.0 (Windows NT 6.1; WOW64; rv:25.0) Gecko/20100101 Firefox/25.0"
80.82.218.250 - - [28/Nov/2013:13:25:33 +0100] "GET /img/bg4.gif HTTP/1.0" 200 135 "http://www.dialyse-borna.de/seiten/impr.htm" "Mozilla/5.0 (Windows NT 6.1; WOW64; rv:25.0) Gecko/20100101 Firefox/25.0"
80.82.218.250 - - [28/Nov/2013:13:25:33 +0100] "GET /favicon.ico HTTP/1.0" 404 1256 "-" "Mozilla/5.0 (Windows NT 6.1; WOW64; rv:25.0) Gecko/20100101 Firefox/25.0"
80.82.218.250 - - [28/Nov/2013:13:25:33 +0100] "GET /img/men04a.gif HTTP/1.0" 200 669 "http://www.dialyse-borna.de/seiten/impr.htm" "Mozilla/5.0 (Windows NT 6.1; WOW64; rv:25.0) Gecko/20100101 Firefox/25.0"
80.82.218.250 - - [28/Nov/2013:13:25:33 +0100] "GET /img/men03a.gif HTTP/1.0" 200 820 "http://www.dialyse-borna.de/seiten/impr.htm" "Mozilla/5.0 (Windows NT 6.1; WOW64; rv:25.0) Gecko/20100101 Firefox/25.0"
80.82.218.250 - - [28/Nov/2013:13:25:33 +0100] "GET /img/men07a.gif HTTP/1.0" 200 666 "http://www.dialyse-borna.de/seiten/impr.htm" "Mozilla/5.0 (Windows NT 6.1; WOW64; rv:25.0) Gecko/20100101 Firefox/25.0"
80.82.218.250 - - [28/Nov/2013:13:25:33 +0100] "GET /img/men05a.gif HTTP/1.0" 200 556 "http://www.dialyse-borna.de/seiten/impr.htm" "Mozilla/5.0 (Windows NT 6.1; WOW64; rv:25.0) Gecko/20100101 Firefox/25.0"
80.82.218.250 - - [28/Nov/2013:13:25:33 +0100] "GET /img/men02a.gif HTTP/1.0" 200 589 "http://www.dialyse-borna.de/seiten/impr.htm" "Mozilla/5.0 (Windows NT 6.1; WOW64; rv:25.0) Gecko/20100101 Firefox/25.0"
80.82.218.250 - - [28/Nov/2013:13:25:33 +0100] "GET /img/men06a.gif HTTP/1.0" 200 518 "http://www.dialyse-borna.de/seiten/impr.htm" "Mozilla/5.0 (Windows NT 6.1; WOW64; rv:25.0) Gecko/20100101 Firefox/25.0"
80.82.218.250 - - [28/Nov/2013:13:25:41 +0100] "GET / HTTP/1.0" 200 2663 "http://www.dialyse-borna.de/seiten/impr.htm" "Mozilla/5.0 (Windows NT 6.1; WOW64; rv:25.0) Gecko/20100101 Firefox/25.0"
80.82.218.250 - - [28/Nov/2013:13:25:41 +0100] "GET /seiten/start.htm HTTP/1.0" 200 7516 "http://www.dialyse-borna.de/" "Mozilla/5.0 (Windows NT 6.1; WOW64; rv:25.0) Gecko/20100101 Firefox/25.0"
80.82.218.250 - - [28/Nov/2013:13:25:41 +0100] "GET /img/main_pic.jpg HTTP/1.0" 200 14864 "http://www.dialyse-borna.de/seiten/start.htm" "Mozilla/5.0 (Windows NT 6.1; WOW64; rv:25.0) Gecko/20100101 Firefox/25.0"
80.82.218.250 - - [28/Nov/2013:13:25:41 +0100] "GET /img/men08.gif HTTP/1.0" 200 1642 "http://www.dialyse-borna.de/seiten/start.htm" "Mozilla/5.0 (Windows NT 6.1; WOW64; rv:25.0) Gecko/20100101 Firefox/25.0"
80.82.218.250 - - [28/Nov/2013:13:25:41 +0100] "GET /img/pfeil.jpg HTTP/1.0" 200 380 "http://www.dialyse-borna.de/seiten/start.htm" "Mozilla/5.0 (Windows NT 6.1; WOW64; rv:25.0) Gecko/20100101 Firefox/25.0"
80.82.218.250 - - [28/Nov/2013:13:25:41 +0100] "GET /img/bilder.swf HTTP/1.0" 200 78858 "http://www.dialyse-borna.de/seiten/start.htm" "Mozilla/5.0 (Windows NT 6.1; WOW64; rv:25.0) Gecko/20100101 Firefox/25.0"
80.82.218.250 - - [28/Nov/2013:13:25:54 +0100] "GET /seiten/leist.htm HTTP/1.0" 200 7640 "http://www.dialyse-borna.de/seiten/start.htm" "Mozilla/5.0 (Windows NT 6.1; WOW64; rv:25.0) Gecko/20100101 Firefox/25.0"
80.82.218.250 - - [28/Nov/2013:13:25:54 +0100] "GET /img/leist.jpg HTTP/1.0" 200 18546 "http://www.dialyse-borna.de/seiten/leist.htm" "Mozilla/5.0 (Windows NT 6.1; WOW64; rv:25.0) Gecko/20100101 Firefox/25.0"
80.82.218.250 - - [28/Nov/2013:13:25:59 +0100] "GET /seiten/kont.htm HTTP/1.0" 200 8048 "http://www.dialyse-borna.de/seiten/leist.htm" "Mozilla/5.0 (Windows NT 6.1; WOW64; rv:25.0) Gecko/20100101 Firefox/25.0"
66.249.78.101 - - [28/Nov/2013:14:09:08 +0100] "GET /seiten/start.htm HTTP/1.1" 304 - "-" "SAMSUNG-SGH-E250/1.0 Profile/MIDP-2.0 Configuration/CLDC-1.1 UP.Browser/6.2.3.3.c.1.101 (GUI) MMP/2.0 (compatible; Googlebot-Mobile/2.1; +http://www.google.com/bot.html)"
94.153.9.210 - - [28/Nov/2013:14:19:46 +0100] "GET /seiten/news.php HTTP/1.1" 200 7079 "http://banky-kredity.ru/article_42.php" "Mozilla/4.0 (compatible; Powermarks/3.5; Windows 95/98/2000/NT)"
94.153.9.210 - - [28/Nov/2013:14:19:46 +0100] "GET /seiten/news.php HTTP/1.1" 200 7079 "http://online-clubs.com/" "Mozilla/3.0 (compatible; WebCapture 2.0; Auto; Windows)"
94.153.9.210 - - [28/Nov/2013:14:19:46 +0100] "GET /seiten/news.php HTTP/1.1" 200 7079 "http://online-clubs.com/" "Mozilla/3.0 (compatible; WebCapture 2.0; Auto; Windows)"
94.153.9.210 - - [28/Nov/2013:14:19:47 +0100] "GET /seiten/news.php HTTP/1.1" 200 7079 "http://banky-kredity.ru/article_42.php" "Mozilla/4.0 (compatible; Powermarks/3.5; Windows 95/98/2000/NT)"
94.153.9.210 - - [28/Nov/2013:14:19:47 +0100] "GET /seiten/news.php HTTP/1.1" 200 7079 "http://banky-kredity.ru/article_42.php" "Mozilla/4.0 (compatible; Powermarks/3.5; Windows 95/98/2000/NT)"
94.153.9.210 - - [28/Nov/2013:14:19:48 +0100] "GET /seiten/news.php HTTP/1.1" 200 7079 "http://online-clubs.com/" "Mozilla/3.0 (compatible; WebCapture 2.0; Auto; Windows)"
134.249.76.53 - - [28/Nov/2013:14:52:48 +0100] "GET /seiten/news.php HTTP/1.1" 200 7079 "http://xroom.in/" "Mozilla/4.76 [en] (Windows NT 5.0; U)"
134.249.76.53 - - [28/Nov/2013:14:52:48 +0100] "GET /seiten/news.php HTTP/1.1" 200 7079 "http://xroom.in/" "Mozilla/4.76 [en] (Windows NT 5.0; U)"
134.249.76.53 - - [28/Nov/2013:14:52:50 +0100] "GET /seiten/news.php HTTP/1.1" 200 7079 "http://xroom.in/" "Mozilla/4.76 [en] (Windows NT 5.0; U)"
176.8.90.175 - - [28/Nov/2013:18:57:42 +0100] "GET /seiten/news.php HTTP/1.1" 200 7079 "http://lechenie-ot-spaica.ru/" "Mozilla/3.0 (compatible; WebCapture 2.0; Auto; Windows)"
176.8.90.175 - - [28/Nov/2013:18:57:43 +0100] "GET /seiten/news.php HTTP/1.1" 200 7079 "http://lechenie-ot-spaica.ru/" "Mozilla/3.0 (compatible; WebCapture 2.0; Auto; Windows)"
176.8.90.175 - - [28/Nov/2013:18:57:43 +0100] "GET /seiten/news.php HTTP/1.1" 200 7079 "http://lechenie-ot-spaica.ru/" "Mozilla/3.0 (compatible; WebCapture 2.0; Auto; Windows)"
94.153.9.210 - - [28/Nov/2013:19:13:09 +0100] "GET /seiten/news.php HTTP/1.1" 200 7079 "http://k-profil.com.ua/" "Mozilla/3.0 (compatible; WebCapture 2.0; Auto; Windows)"
94.153.9.210 - - [28/Nov/2013:19:13:10 +0100] "GET /seiten/news.php HTTP/1.1" 200 7079 "http://k-profil.com.ua/" "Mozilla/3.0 (compatible; WebCapture 2.0; Auto; Windows)"
94.153.9.210 - - [28/Nov/2013:19:13:11 +0100] "GET /seiten/news.php HTTP/1.1" 200 7079 "http://k-profil.com.ua/" "Mozilla/3.0 (compatible; WebCapture 2.0; Auto; Windows)"
66.249.78.101 - - [28/Nov/2013:19:20:42 +0100] "GET /seiten/impr.htm HTTP/1.1" 304 - "-" "Mozilla/5.0 (iPhone; CPU iPhone OS 6_0 like Mac OS X) AppleWebKit/536.26 (KHTML, like Gecko) Version/6.0 Mobile/10A5376e Safari/8536.25 (compatible; Googlebot-Mobile/2.1; +http://www.google.com/bot.html)"
91.207.4.206 - - [28/Nov/2013:21:46:21 +0100] "GET /seiten/news.php HTTP/1.1" 200 7079 "http://programma-avtokreditovaniya.ru/" "Mozilla/4.0 (compatible; MSIE 6.0; Windows NT 5.1; SV1; Media Center PC"
91.207.4.206 - - [28/Nov/2013:21:46:21 +0100] "GET /seiten/news.php HTTP/1.1" 200 7079 "http://programma-avtokreditovaniya.ru/" "Mozilla/4.0 (compatible; MSIE 6.0; Windows NT 5.1; SV1; Media Center PC"
91.207.4.206 - - [28/Nov/2013:21:46:22 +0100] "GET /seiten/news.php HTTP/1.1" 200 7079 "http://programma-avtokreditovaniya.ru/" "Mozilla/4.0 (compatible; MSIE 6.0; Windows NT 5.1; SV1; Media Center PC"
66.249.78.101 - - [28/Nov/2013:22:55:50 +0100] "GET /robots.txt HTTP/1.1" 200 157 "-" "Mozilla/5.0 (compatible; Googlebot/2.1; +http://www.google.com/bot.html)"
66.249.78.101 - - [28/Nov/2013:22:55:50 +0100] "GET / HTTP/1.1" 200 2663 "-" "Mozilla/5.0 (iPhone; CPU iPhone OS 6_0 like Mac OS X) AppleWebKit/536.26 (KHTML, like Gecko) Version/6.0 Mobile/10A5376e Safari/8536.25 (compatible; Googlebot-Mobile/2.1; +http://www.google.com/bot.html)"
66.249.78.101 - - [28/Nov/2013:23:18:09 +0100] "GET / HTTP/1.1" 200 2663 "-" "SAMSUNG-SGH-E250/1.0 Profile/MIDP-2.0 Configuration/CLDC-1.1 UP.Browser/6.2.3.3.c.1.101 (GUI) MMP/2.0 (compatible; Googlebot-Mobile/2.1; +http://www.google.com/bot.html)"
5.9.112.180 - - [29/Nov/2013:01:24:01 +0100] "GET /robots.txt HTTP/1.1" 200 157 "-" "Mozilla/5.0 (compatible; SISTRIX Crawler; http://crawler.sistrix.net/)"
5.9.112.180 - - [29/Nov/2013:01:24:02 +0100] "GET / HTTP/1.1" 206 2663 "-" "Mozilla/5.0 (compatible; SISTRIX Crawler; http://crawler.sistrix.net/)"
134.249.55.41 - - [29/Nov/2013:01:27:25 +0100] "GET /seiten/news.php HTTP/1.1" 200 7079 "http://www.tmzilla.com/" "Mozilla/4.0 (compatible; MSIE 6.0; Windows NT 5.1)"
134.249.55.41 - - [29/Nov/2013:01:27:25 +0100] "GET /seiten/news.php HTTP/1.1" 200 7079 "http://www.poigrayka.ru/" "Mozilla/4.0 (compatible; MSIE 6.0; Windows NT 5.1)"
