87.117.33.57 - - [17/Nov/2013:09:27:52 +0100] "GET /seiten/ HTTP/1.0" 403 1222 "http://www.dialyse-borna.de/seiten/" "Mozilla/5.0 (Windows NT 5.1) AppleWebKit/537.19 (KHTML, like Gecko) Chrome/25.0.1323.1 Safari/537.19"
66.249.78.101 - - [17/Nov/2013:11:34:58 +0100] "GET /seiten/kont.htm HTTP/1.1" 304 - "-" "Mozilla/5.0 (iPhone; CPU iPhone OS 6_0 like Mac OS X) AppleWebKit/536.26 (KHTML, like Gecko) Version/6.0 Mobile/10A5376e Safari/8536.25 (compatible; Googlebot-Mobile/2.1; +http://www.google.com/bot.html)"
66.249.78.101 - - [17/Nov/2013:12:58:40 +0100] "GET / HTTP/1.1" 200 2663 "-" "Mozilla/5.0 (iPhone; CPU iPhone OS 6_0 like Mac OS X) AppleWebKit/536.26 (KHTML, like Gecko) Version/6.0 Mobile/10A5376e Safari/8536.25 (compatible; Googlebot-Mobile/2.1; +http://www.google.com/bot.html)"
66.249.78.101 - - [17/Nov/2013:13:05:25 +0100] "GET /seiten/start.htm HTTP/1.1" 200 7516 "-" "Mozilla/5.0 (iPhone; CPU iPhone OS 6_0 like Mac OS X) AppleWebKit/536.26 (KHTML, like Gecko) Version/6.0 Mobile/10A5376e Safari/8536.25 (compatible; Googlebot-Mobile/2.1; +http://www.google.com/bot.html)"
66.249.78.101 - - [17/Nov/2013:14:16:42 +0100] "GET /seiten/praxis.htm HTTP/1.1" 304 - "-" "Mozilla/5.0 (iPhone; CPU iPhone OS 6_0 like Mac OS X) AppleWebKit/536.26 (KHTML, like Gecko) Version/6.0 Mobile/10A5376e Safari/8536.25 (compatible; Googlebot-Mobile/2.1; +http://www.google.com/bot.html)"
208.115.111.73 - - [17/Nov/2013:14:20:27 +0100] "GET /robots.txt HTTP/1.1" 200 157 "-" "Mozilla/5.0 (compatible; Ezooms/1.0; ezooms.bot@gmail.com)"
208.115.111.73 - - [17/Nov/2013:16:08:45 +0100] "GET /seiten/impr.htm HTTP/1.1" 200 9648 "-" "Mozilla/5.0 (compatible; Ezooms/1.0; ezooms.bot@gmail.com)"
176.8.90.175 - - [17/Nov/2013:17:31:54 +0100] "GET /seiten/news.php HTTP/1.1" 200 7079 "http://tiande-club.com/" "Mozilla/3.0 (compatible; WebCapture 2.0; Auto; Windows)"
176.8.90.175 - - [17/Nov/2013:17:31:55 +0100] "GET /seiten/news.php HTTP/1.1" 200 7079 "http://tiande-club.com/" "Mozilla/3.0 (compatible; WebCapture 2.0; Auto; Windows)"
176.8.90.175 - - [17/Nov/2013:17:31:55 +0100] "GET /seiten/news.php HTTP/1.1" 200 7079 "http://tiande-club.com/" "Mozilla/3.0 (compatible; WebCapture 2.0; Auto; Windows)"
92.249.127.111 - - [17/Nov/2013:22:36:26 +0100] "GET /seiten/news.php HTTP/1.1" 200 7079 "http://www.poigrayka.ru/" "Mozilla/5.0 (compatible; news bot /2.1)"
92.249.127.111 - - [17/Nov/2013:22:36:27 +0100] "GET /seiten/news.php HTTP/1.1" 200 7079 "http://www.poigrayka.ru/" "Mozilla/5.0 (compatible; news bot /2.1)"
92.249.127.111 - - [17/Nov/2013:22:36:27 +0100] "GET /seiten/news.php HTTP/1.1" 200 7079 "http://www.poigrayka.ru/" "Mozilla/5.0 (compatible; news bot /2.1)"
94.153.9.210 - - [17/Nov/2013:23:36:15 +0100] "GET /seiten/news.php HTTP/1.1" 200 7079 "http://autonowa.ru/" "Mozilla/4.0 (compatible; MSIE 5.0; Windows 2000) Opera 6.0 [en]"
94.153.9.210 - - [17/Nov/2013:23:36:15 +0100] "GET /seiten/news.php HTTP/1.1" 200 7079 "http://special-porn.com/" "Mozilla/4.0 (compatible; MSIE 5.0; Windows 2000) Opera 6.0 [en]"
94.153.9.210 - - [17/Nov/2013:23:36:15 +0100] "GET /seiten/news.php HTTP/1.1" 200 7079 "http://autonowa.ru/" "Mozilla/4.0 (compatible; MSIE 5.0; Windows 2000) Opera 6.0 [en]"
94.153.9.210 - - [17/Nov/2013:23:36:15 +0100] "GET /seiten/news.php HTTP/1.1" 200 7079 "http://special-porn.com/" "Mozilla/4.0 (compatible; MSIE 5.0; Windows 2000) Opera 6.0 [en]"
94.153.9.210 - - [17/Nov/2013:23:36:16 +0100] "GET /seiten/news.php HTTP/1.1" 200 7079 "http://autonowa.ru/" "Mozilla/4.0 (compatible; MSIE 5.0; Windows 2000) Opera 6.0 [en]"
94.153.9.210 - - [17/Nov/2013:23:36:16 +0100] "GET /seiten/news.php HTTP/1.1" 200 7079 "http://special-porn.com/" "Mozilla/4.0 (compatible; MSIE 5.0; Windows 2000) Opera 6.0 [en]"
66.249.78.101 - - [17/Nov/2013:23:58:04 +0100] "GET /seiten/praxis.htm HTTP/1.1" 200 7847 "-" "SAMSUNG-SGH-E250/1.0 Profile/MIDP-2.0 Configuration/CLDC-1.1 UP.Browser/6.2.3.3.c.1.101 (GUI) MMP/2.0 (compatible; Googlebot-Mobile/2.1; +http://www.google.com/bot.html)"
66.249.78.101 - - [18/Nov/2013:02:06:12 +0100] "GET / HTTP/1.1" 200 2663 "-" "Mozilla/5.0 (compatible; Googlebot/2.1; +http://www.google.com/bot.html)"
66.249.78.101 - - [18/Nov/2013:02:14:15 +0100] "GET /robots.txt HTTP/1.1" 200 157 "-" "Mozilla/5.0 (compatible; Googlebot/2.1; +http://www.google.com/bot.html)"
66.249.78.101 - - [18/Nov/2013:02:14:15 +0100] "GET /seiten/start.htm HTTP/1.1" 200 7516 "-" "Mozilla/5.0 (compatible; Googlebot/2.1; +http://www.google.com/bot.html)"
66.249.78.101 - - [18/Nov/2013:03:09:23 +0100] "GET /seiten/start.htm HTTP/1.1" 304 - "-" "Mozilla/5.0 (compatible; Googlebot/2.1; +http://www.google.com/bot.html)"
176.8.90.175 - - [18/Nov/2013:03:30:15 +0100] "GET /seiten/news.php HTTP/1.1" 200 7079 "http://1-stomatolog.ru/" "Mozilla/4.0 (compatible; MSIE 5.0; Windows 2000) Opera 6.0 [en]"
176.8.90.175 - - [18/Nov/2013:03:30:15 +0100] "GET /seiten/news.php HTTP/1.1" 200 7079 "http://1-stomatolog.ru/" "Mozilla/4.0 (compatible; MSIE 5.0; Windows 2000) Opera 6.0 [en]"
176.8.90.175 - - [18/Nov/2013:03:30:15 +0100] "GET /seiten/news.php HTTP/1.1" 200 7079 "http://1-stomatolog.ru/" "Mozilla/4.0 (compatible; MSIE 5.0; Windows 2000) Opera 6.0 [en]"
195.242.218.133 - - [18/Nov/2013:03:30:18 +0100] "GET /seiten/news.php HTTP/1.1" 200 7079 "http://www.wwalls.ru/" "Mozilla/4.0 (compatible; MSIE 6.0; Windows NT 5.1; .NET CLR 1.0.3705)"
195.242.218.133 - - [18/Nov/2013:03:30:19 +0100] "GET /seiten/news.php HTTP/1.1" 200 7079 "http://www.wwalls.ru/" "Mozilla/4.0 (compatible; MSIE 6.0; Windows NT 5.1; .NET CLR 1.0.3705)"
195.242.218.133 - - [18/Nov/2013:03:30:19 +0100] "GET /seiten/news.php HTTP/1.1" 200 7079 "http://www.wwalls.ru/" "Mozilla/4.0 (compatible; MSIE 6.0; Windows NT 5.1; .NET CLR 1.0.3705)"
208.115.113.89 - - [18/Nov/2013:04:23:23 +0100] "GET /robots.txt HTTP/1.1" 200 157 "-" "Mozilla/5.0 (compatible; Ezooms/1.0; ezooms.bot@gmail.com)"
91.207.4.206 - - [18/Nov/2013:05:28:37 +0100] "GET /seiten/news.php HTTP/1.1" 200 7079 "http://cliomed.ru/" "Mozilla/4.0 (compatible; MSIE 6.0; Windows NT 5.1; .NET CLR 1.0.3705)"
91.207.4.206 - - [18/Nov/2013:05:28:38 +0100] "GET /seiten/news.php HTTP/1.1" 200 7079 "http://cliomed.ru/" "Mozilla/4.0 (compatible; MSIE 6.0; Windows NT 5.1; .NET CLR 1.0.3705)"
91.207.4.206 - - [18/Nov/2013:05:28:38 +0100] "GET /seiten/news.php HTTP/1.1" 200 7079 "http://cliomed.ru/" "Mozilla/4.0 (compatible; MSIE 6.0; Windows NT 5.1; .NET CLR 1.0.3705)"
79.167.100.69 - - [18/Nov/2013:05:48:49 +0100] "GET /seiten/news.php HTTP/1.0" 200 7079 "-" "Mozilla/4.0 (compatible; Synapse)"
208.115.113.89 - - [18/Nov/2013:06:06:13 +0100] "GET /seiten/kont.htm HTTP/1.1" 200 8048 "-" "Mozilla/5.0 (compatible; Ezooms/1.0; ezooms.bot@gmail.com)"
94.153.9.210 - - [18/Nov/2013:06:11:59 +0100] "GET /seiten/news.php HTTP/1.1" 200 7079 "http://vip-master-shop.com.ua/" "Mozilla/4.0 (compatible; MSIE 5.0; Windows 2000) Opera 6.0 [en]"
94.153.9.210 - - [18/Nov/2013:06:11:59 +0100] "GET /seiten/news.php HTTP/1.1" 200 7079 "http://vip-master-shop.com.ua/" "Mozilla/4.0 (compatible; MSIE 5.0; Windows 2000) Opera 6.0 [en]"
94.153.9.210 - - [18/Nov/2013:06:12:00 +0100] "GET /seiten/news.php HTTP/1.1" 200 7079 "http://vip-master-shop.com.ua/" "Mozilla/4.0 (compatible; MSIE 5.0; Windows 2000) Opera 6.0 [en]"
66.249.78.101 - - [18/Nov/2013:06:39:17 +0100] "GET / HTTP/1.1" 200 2663 "-" "SAMSUNG-SGH-E250/1.0 Profile/MIDP-2.0 Configuration/CLDC-1.1 UP.Browser/6.2.3.3.c.1.101 (GUI) MMP/2.0 (compatible; Googlebot-Mobile/2.1; +http://www.google.com/bot.html)"
66.249.78.101 - - [18/Nov/2013:07:12:59 +0100] "GET /seiten/start.htm HTTP/1.1" 200 7516 "-" "Mozilla/5.0 (compatible; Googlebot/2.1; +http://www.google.com/bot.html)"
66.249.78.101 - - [18/Nov/2013:07:27:36 +0100] "GET /seiten/dialyse.htm HTTP/1.1" 304 - "-" "Mozilla/5.0 (iPhone; CPU iPhone OS 6_0 like Mac OS X) AppleWebKit/536.26 (KHTML, like Gecko) Version/6.0 Mobile/10A5376e Safari/8536.25 (compatible; Googlebot-Mobile/2.1; +http://www.google.com/bot.html)"
91.207.9.226 - - [18/Nov/2013:10:28:04 +0100] "GET /seiten/news.php HTTP/1.1" 200 7079 "http://getseo.co.il/" "Mozilla/4.0 (compatible; MSIE 6.0; Windows 98; Win 9x 4.90)"
91.207.9.226 - - [18/Nov/2013:10:28:05 +0100] "GET /seiten/news.php HTTP/1.1" 200 7079 "http://getseo.co.il/" "Mozilla/4.0 (compatible; MSIE 6.0; Windows 98; Win 9x 4.90)"
91.207.9.226 - - [18/Nov/2013:10:28:06 +0100] "GET /seiten/news.php HTTP/1.1" 200 7079 "http://getseo.co.il/" "Mozilla/4.0 (compatible; MSIE 6.0; Windows 98; Win 9x 4.90)"
178.137.129.67 - - [18/Nov/2013:10:45:45 +0100] "GET /seiten/news.php HTTP/1.1" 200 7079 "http://sx1x.ru/" "Mozilla/6.0 (compatible; MSIE 7.0a1; Windows NT 5.2; SV1)"
178.137.129.67 - - [18/Nov/2013:10:45:46 +0100] "GET /seiten/news.php HTTP/1.1" 200 7079 "http://sx1x.ru/" "Mozilla/6.0 (compatible; MSIE 7.0a1; Windows NT 5.2; SV1)"
178.137.129.67 - - [18/Nov/2013:10:45:46 +0100] "GET /seiten/news.php HTTP/1.1" 200 7079 "http://sx1x.ru/" "Mozilla/6.0 (compatible; MSIE 7.0a1; Windows NT 5.2; SV1)"
66.249.78.101 - - [18/Nov/2013:12:23:27 +0100] "GET /robots.txt HTTP/1.1" 200 157 "-" "Mozilla/5.0 (compatible; Googlebot/2.1; +http://www.google.com/bot.html)"
94.223.204.216 - - [18/Nov/2013:12:31:11 +0100] "GET / HTTP/1.1" 200 2663 "http://www.google.de/url?sa=t&rct=j&q=&esrc=s&frm=1&source=web&cd=1&ved=0CC8QFjAA&url=http%3A%2F%2Fwww.dialyse-borna.de%2F&ei=h_qJUuP1JceN4ASXhYDIBQ&usg=AFQjCNF2KNTIkBF7QiIB3UFmpF4J1FAf4w&bvm=bv.56643336,d.bGE" "Mozilla/5.0 (compatible; MSIE 9.0; Windows NT 6.0; Trident/5.0)"
94.223.204.216 - - [18/Nov/2013:12:31:12 +0100] "GET /css/borna.css HTTP/1.1" 200 2909 "http://www.dialyse-borna.de/" "Mozilla/5.0 (compatible; MSIE 9.0; Windows NT 6.0; Trident/5.0)"
94.223.204.216 - - [18/Nov/2013:12:31:12 +0100] "GET /css/borna.css HTTP/1.1" 200 2909 "http://www.dialyse-borna.de/" "Mozilla/5.0 (compatible; MSIE 9.0; Windows NT 6.0; Trident/5.0)"
94.223.204.216 - - [18/Nov/2013:12:31:12 +0100] "GET /seiten/start.htm HTTP/1.1" 200 7516 "http://www.dialyse-borna.de/" "Mozilla/5.0 (compatible; MSIE 9.0; Windows NT 6.0; Trident/5.0)"
94.223.204.216 - - [18/Nov/2013:12:31:12 +0100] "GET /img/men01.gif HTTP/1.1" 200 432 "http://www.dialyse-borna.de/seiten/start.htm" "Mozilla/5.0 (compatible; MSIE 9.0; Windows NT 6.0; Trident/5.0)"
94.223.204.216 - - [18/Nov/2013:12:31:12 +0100] "GET /img/men02a.gif HTTP/1.1" 200 589 "http://www.dialyse-borna.de/seiten/start.htm" "Mozilla/5.0 (compatible; MSIE 9.0; Windows NT 6.0; Trident/5.0)"
94.223.204.216 - - [18/Nov/2013:12:31:12 +0100] "GET /img/men04.gif HTTP/1.1" 200 1395 "http://www.dialyse-borna.de/seiten/start.htm" "Mozilla/5.0 (compatible; MSIE 9.0; Windows NT 6.0; Trident/5.0)"
94.223.204.216 - - [18/Nov/2013:12:31:12 +0100] "GET /img/men03.gif HTTP/1.1" 200 1621 "http://www.dialyse-borna.de/seiten/start.htm" "Mozilla/5.0 (compatible; MSIE 9.0; Windows NT 6.0; Trident/5.0)"
94.223.204.216 - - [18/Nov/2013:12:31:12 +0100] "GET /img/men06.gif HTTP/1.1" 200 1162 "http://www.dialyse-borna.de/seiten/start.htm" "Mozilla/5.0 (compatible; MSIE 9.0; Windows NT 6.0; Trident/5.0)"
94.223.204.216 - - [18/Nov/2013:12:31:12 +0100] "GET /img/men01.gif HTTP/1.1" 200 432 "http://www.dialyse-borna.de/seiten/start.htm" "Mozilla/5.0 (compatible; MSIE 9.0; Windows NT 6.0; Trident/5.0)"
94.223.204.216 - - [18/Nov/2013:12:31:12 +0100] "GET /img/men07.gif HTTP/1.1" 200 1396 "http://www.dialyse-borna.de/seiten/start.htm" "Mozilla/5.0 (compatible; MSIE 9.0; Windows NT 6.0; Trident/5.0)"
94.223.204.216 - - [18/Nov/2013:12:31:12 +0100] "GET /img/1pixel.gif HTTP/1.1" 200 45 "http://www.dialyse-borna.de/seiten/start.htm" "Mozilla/5.0 (compatible; MSIE 9.0; Windows NT 6.0; Trident/5.0)"
94.223.204.216 - - [18/Nov/2013:12:31:12 +0100] "GET /img/men08.gif HTTP/1.1" 200 1642 "http://www.dialyse-borna.de/seiten/start.htm" "Mozilla/5.0 (compatible; MSIE 9.0; Windows NT 6.0; Trident/5.0)"
94.223.204.216 - - [18/Nov/2013:12:31:12 +0100] "GET /img/men09.gif HTTP/1.1" 200 708 "http://www.dialyse-borna.de/seiten/start.htm" "Mozilla/5.0 (compatible; MSIE 9.0; Windows NT 6.0; Trident/5.0)"
94.223.204.216 - - [18/Nov/2013:12:31:12 +0100] "GET /img/lay03.gif HTTP/1.1" 200 671 "http://www.dialyse-borna.de/seiten/start.htm" "Mozilla/5.0 (compatible; MSIE 9.0; Windows NT 6.0; Trident/5.0)"
94.223.204.216 - - [18/Nov/2013:12:31:12 +0100] "GET /img/main_pic.jpg HTTP/1.1" 200 14864 "http://www.dialyse-borna.de/seiten/start.htm" "Mozilla/5.0 (compatible; MSIE 9.0; Windows NT 6.0; Trident/5.0)"
94.223.204.216 - - [18/Nov/2013:12:31:12 +0100] "GET /img/lay04.gif HTTP/1.1" 200 210 "http://www.dialyse-borna.de/seiten/start.htm" "Mozilla/5.0 (compatible; MSIE 9.0; Windows NT 6.0; Trident/5.0)"
94.223.204.216 - - [18/Nov/2013:12:31:12 +0100] "GET /img/pfeil.jpg HTTP/1.1" 200 380 "http://www.dialyse-borna.de/seiten/start.htm" "Mozilla/5.0 (compatible; MSIE 9.0; Windows NT 6.0; Trident/5.0)"
94.223.204.216 - - [18/Nov/2013:12:31:12 +0100] "GET /img/lay07.gif HTTP/1.1" 200 272 "http://www.dialyse-borna.de/seiten/start.htm" "Mozilla/5.0 (compatible; MSIE 9.0; Windows NT 6.0; Trident/5.0)"
94.223.204.216 - - [18/Nov/2013:12:31:12 +0100] "GET /img/bg2.gif HTTP/1.1" 200 49 "http://www.dialyse-borna.de/seiten/start.htm" "Mozilla/5.0 (compatible; MSIE 9.0; Windows NT 6.0; Trident/5.0)"
94.223.204.216 - - [18/Nov/2013:12:31:12 +0100] "GET /img/bg1.gif HTTP/1.1" 200 54 "http://www.dialyse-borna.de/seiten/start.htm" "Mozilla/5.0 (compatible; MSIE 9.0; Windows NT 6.0; Trident/5.0)"
94.223.204.216 - - [18/Nov/2013:12:31:12 +0100] "GET /img/bg3.gif HTTP/1.1" 200 143 "http://www.dialyse-borna.de/seiten/start.htm" "Mozilla/5.0 (compatible; MSIE 9.0; Windows NT 6.0; Trident/5.0)"
94.223.204.216 - - [18/Nov/2013:12:31:12 +0100] "GET /img/lay08.gif HTTP/1.1" 200 322 "http://www.dialyse-borna.de/seiten/start.htm" "Mozilla/5.0 (compatible; MSIE 9.0; Windows NT 6.0; Trident/5.0)"
94.223.204.216 - - [18/Nov/2013:12:31:12 +0100] "GET /img/lay02.gif HTTP/1.1" 200 3503 "http://www.dialyse-borna.de/seiten/start.htm" "Mozilla/5.0 (compatible; MSIE 9.0; Windows NT 6.0; Trident/5.0)"
94.223.204.216 - - [18/Nov/2013:12:31:12 +0100] "GET /img/lay01.gif HTTP/1.1" 200 384 "http://www.dialyse-borna.de/seiten/start.htm" "Mozilla/5.0 (compatible; MSIE 9.0; Windows NT 6.0; Trident/5.0)"
94.223.204.216 - - [18/Nov/2013:12:31:12 +0100] "GET /img/bg4.gif HTTP/1.1" 200 135 "http://www.dialyse-borna.de/seiten/start.htm" "Mozilla/5.0 (compatible; MSIE 9.0; Windows NT 6.0; Trident/5.0)"
94.223.204.216 - - [18/Nov/2013:12:31:12 +0100] "GET /img/lay05.gif HTTP/1.1" 200 541 "http://www.dialyse-borna.de/seiten/start.htm" "Mozilla/5.0 (compatible; MSIE 9.0; Windows NT 6.0; Trident/5.0)"
94.223.204.216 - - [18/Nov/2013:12:31:12 +0100] "GET /img/bilder.swf HTTP/1.1" 200 78858 "http://www.dialyse-borna.de/seiten/start.htm" "Mozilla/5.0 (compatible; MSIE 9.0; Windows NT 6.0; Trident/5.0)"
94.223.204.216 - - [18/Nov/2013:12:31:13 +0100] "GET /img/men03a.gif HTTP/1.1" 200 820 "http://www.dialyse-borna.de/seiten/start.htm" "Mozilla/5.0 (compatible; MSIE 9.0; Windows NT 6.0; Trident/5.0)"
94.223.204.216 - - [18/Nov/2013:12:31:13 +0100] "GET /img/men05a.gif HTTP/1.1" 200 556 "http://www.dialyse-borna.de/seiten/start.htm" "Mozilla/5.0 (compatible; MSIE 9.0; Windows NT 6.0; Trident/5.0)"
94.223.204.216 - - [18/Nov/2013:12:31:13 +0100] "GET /img/men06a.gif HTTP/1.1" 200 518 "http://www.dialyse-borna.de/seiten/start.htm" "Mozilla/5.0 (compatible; MSIE 9.0; Windows NT 6.0; Trident/5.0)"
94.223.204.216 - - [18/Nov/2013:12:31:13 +0100] "GET /img/men07a.gif HTTP/1.1" 200 666 "http://www.dialyse-borna.de/seiten/start.htm" "Mozilla/5.0 (compatible; MSIE 9.0; Windows NT 6.0; Trident/5.0)"
94.223.204.216 - - [18/Nov/2013:12:31:13 +0100] "GET /img/men08a.gif HTTP/1.1" 200 819 "http://www.dialyse-borna.de/seiten/start.htm" "Mozilla/5.0 (compatible; MSIE 9.0; Windows NT 6.0; Trident/5.0)"
94.223.204.216 - - [18/Nov/2013:12:31:13 +0100] "GET /img/men04a.gif HTTP/1.1" 200 669 "http://www.dialyse-borna.de/seiten/start.htm" "Mozilla/5.0 (compatible; MSIE 9.0; Windows NT 6.0; Trident/5.0)"
94.223.204.216 - - [18/Nov/2013:12:31:13 +0100] "GET /favicon.ico HTTP/1.1" 404 1256 "-" "Mozilla/5.0 (compatible; MSIE 9.0; Windows NT 6.0; Trident/5.0)"
94.223.204.216 - - [18/Nov/2013:12:31:14 +0100] "GET /favicon.ico HTTP/1.1" 404 1256 "-" "Mozilla/5.0 (compatible; Google Desktop/5.9.1005.12335; http://desktop.google.com/)"
94.223.204.216 - - [18/Nov/2013:12:31:21 +0100] "GET /seiten/kont.htm HTTP/1.1" 200 8048 "http://www.dialyse-borna.de/seiten/start.htm" "Mozilla/5.0 (compatible; MSIE 9.0; Windows NT 6.0; Trident/5.0)"
94.223.204.216 - - [18/Nov/2013:12:31:21 +0100] "GET /img/men02.gif HTTP/1.1" 200 1273 "http://www.dialyse-borna.de/seiten/kont.htm" "Mozilla/5.0 (compatible; MSIE 9.0; Windows NT 6.0; Trident/5.0)"
94.223.204.216 - - [18/Nov/2013:12:31:21 +0100] "GET /img/men02.gif HTTP/1.1" 200 1273 "http://www.dialyse-borna.de/seiten/kont.htm" "Mozilla/5.0 (compatible; MSIE 9.0; Windows NT 6.0; Trident/5.0)"
94.223.204.216 - - [18/Nov/2013:12:31:21 +0100] "GET /favicon.ico HTTP/1.1" 404 1256 "-" "Mozilla/5.0 (compatible; MSIE 9.0; Windows NT 6.0; Trident/5.0)"
176.8.90.175 - - [18/Nov/2013:13:25:28 +0100] "GET /seiten/news.php HTTP/1.1" 200 7079 "http://www.cashtitan.com/investors/index.php" "Mozilla/3.0 (compatible; WebCapture 2.0; Auto; Windows)"
176.8.90.175 - - [18/Nov/2013:13:25:29 +0100] "GET /seiten/news.php HTTP/1.1" 200 7079 "http://www.cashtitan.com/investors/index.php" "Mozilla/3.0 (compatible; WebCapture 2.0; Auto; Windows)"
176.8.90.175 - - [18/Nov/2013:13:25:29 +0100] "GET /seiten/news.php HTTP/1.1" 200 7079 "http://www.poigrayka.ru/" "Mozilla/3.0 (compatible; WebCapture 2.0; Auto; Windows)"
176.8.90.175 - - [18/Nov/2013:13:25:30 +0100] "GET /seiten/news.php HTTP/1.1" 200 7079 "http://www.cashtitan.com/investors/index.php" "Mozilla/3.0 (compatible; WebCapture 2.0; Auto; Windows)"
176.8.90.175 - - [18/Nov/2013:13:25:30 +0100] "GET /seiten/news.php HTTP/1.1" 200 7079 "http://www.poigrayka.ru/" "Mozilla/3.0 (compatible; WebCapture 2.0; Auto; Windows)"
176.8.90.175 - - [18/Nov/2013:13:25:32 +0100] "GET /seiten/news.php HTTP/1.1" 200 7079 "http://www.poigrayka.ru/" "Mozilla/3.0 (compatible; WebCapture 2.0; Auto; Windows)"
65.55.215.243 - - [18/Nov/2013:13:29:08 +0100] "GET /seiten/impr.htm HTTP/1.1" 200 9648 "-" "Mozilla/5.0 (compatible; MSIE 9.0; Windows NT 6.1; Trident/5.0; WOW64; Trident/5.0)"
65.55.215.243 - - [18/Nov/2013:13:29:11 +0100] "GET /css/borna.css HTTP/1.1" 200 2909 "http://www.dialyse-borna.de/seiten/impr.htm" "Mozilla/5.0 (compatible; MSIE 9.0; Windows NT 6.1; Trident/5.0; WOW64; Trident/5.0)"
94.153.9.210 - - [18/Nov/2013:14:01:51 +0100] "GET /seiten/news.php HTTP/1.1" 200 7079 "http://nastroyka.biz/" "Mozilla/3.0 (compatible; WebCapture 2.0; Auto; Windows)"
94.153.9.210 - - [18/Nov/2013:14:01:51 +0100] "GET /seiten/news.php HTTP/1.1" 200 7079 "http://nastroyka.biz/" "Mozilla/3.0 (compatible; WebCapture 2.0; Auto; Windows)"
94.153.9.210 - - [18/Nov/2013:14:01:51 +0100] "GET /seiten/news.php HTTP/1.1" 200 7079 "http://nastroyka.biz/" "Mozilla/3.0 (compatible; WebCapture 2.0; Auto; Windows)"
141.8.147.12 - - [18/Nov/2013:14:38:12 +0100] "GET /robots.txt HTTP/1.1" 200 157 "-" "Mozilla/5.0 (compatible; YandexBot/3.0; +http://yandex.com/bots)"
91.207.4.206 - - [18/Nov/2013:15:32:43 +0100] "GET /seiten/news.php HTTP/1.1" 200 7079 "http://serpuhov-protvino.ru/" "Mozilla/4.0 (compatible; MSIE 6.0; Windows NT 5.1; .NET CLR 1.0.3705)"
91.207.4.206 - - [18/Nov/2013:15:32:45 +0100] "GET /seiten/news.php HTTP/1.1" 200 7079 "http://serpuhov-protvino.ru/" "Mozilla/4.0 (compatible; MSIE 6.0; Windows NT 5.1; .NET CLR 1.0.3705)"
91.207.4.206 - - [18/Nov/2013:15:32:45 +0100] "GET /seiten/news.php HTTP/1.1" 200 7079 "http://serpuhov-protvino.ru/" "Mozilla/4.0 (compatible; MSIE 6.0; Windows NT 5.1; .NET CLR 1.0.3705)"
84.185.14.81 - - [18/Nov/2013:16:50:19 +0100] "GET / HTTP/1.1" 200 2663 "http://www.google.de/url?sa=t&rct=j&q=&esrc=s&source=web&cd=1&ved=0CDAQFjAA&url=http%3A%2F%2Fwww.dialyse-borna.de%2F&ei=RjeKUtCJNsfftAaRq4GQBg&usg=AFQjCNF2KNTIkBF7QiIB3UFmpF4J1FAf4w&bvm=bv.56643336,d.Yms" "Mozilla/5.0 (Windows NT 6.1; WOW64; rv:25.0) Gecko/20100101 Firefox/25.0"
84.185.14.81 - - [18/Nov/2013:16:50:19 +0100] "GET /css/borna.css HTTP/1.1" 200 2909 "http://www.dialyse-borna.de/" "Mozilla/5.0 (Windows NT 6.1; WOW64; rv:25.0) Gecko/20100101 Firefox/25.0"
84.185.14.81 - - [18/Nov/2013:16:50:20 +0100] "GET /favicon.ico HTTP/1.1" 404 1256 "-" "Mozilla/5.0 (Windows NT 6.1; WOW64; rv:25.0) Gecko/20100101 Firefox/25.0"
84.185.14.81 - - [18/Nov/2013:16:50:20 +0100] "GET /seiten/start.htm HTTP/1.1" 200 7516 "http://www.dialyse-borna.de/" "Mozilla/5.0 (Windows NT 6.1; WOW64; rv:25.0) Gecko/20100101 Firefox/25.0"
84.185.14.81 - - [18/Nov/2013:16:50:20 +0100] "GET /favicon.ico HTTP/1.1" 404 1256 "-" "Mozilla/5.0 (Windows NT 6.1; WOW64; rv:25.0) Gecko/20100101 Firefox/25.0"
84.185.14.81 - - [18/Nov/2013:16:50:20 +0100] "GET /img/men01.gif HTTP/1.1" 200 432 "http://www.dialyse-borna.de/seiten/start.htm" "Mozilla/5.0 (Windows NT 6.1; WOW64; rv:25.0) Gecko/20100101 Firefox/25.0"
84.185.14.81 - - [18/Nov/2013:16:50:20 +0100] "GET /img/1pixel.gif HTTP/1.1" 200 45 "http://www.dialyse-borna.de/seiten/start.htm" "Mozilla/5.0 (Windows NT 6.1; WOW64; rv:25.0) Gecko/20100101 Firefox/25.0"
84.185.14.81 - - [18/Nov/2013:16:50:20 +0100] "GET /img/men02a.gif HTTP/1.1" 200 589 "http://www.dialyse-borna.de/seiten/start.htm" "Mozilla/5.0 (Windows NT 6.1; WOW64; rv:25.0) Gecko/20100101 Firefox/25.0"
84.185.14.81 - - [18/Nov/2013:16:50:20 +0100] "GET /img/men03.gif HTTP/1.1" 200 1621 "http://www.dialyse-borna.de/seiten/start.htm" "Mozilla/5.0 (Windows NT 6.1; WOW64; rv:25.0) Gecko/20100101 Firefox/25.0"
84.185.14.81 - - [18/Nov/2013:16:50:20 +0100] "GET /img/men04.gif HTTP/1.1" 200 1395 "http://www.dialyse-borna.de/seiten/start.htm" "Mozilla/5.0 (Windows NT 6.1; WOW64; rv:25.0) Gecko/20100101 Firefox/25.0"
84.185.14.81 - - [18/Nov/2013:16:50:20 +0100] "GET /img/men06.gif HTTP/1.1" 200 1162 "http://www.dialyse-borna.de/seiten/start.htm" "Mozilla/5.0 (Windows NT 6.1; WOW64; rv:25.0) Gecko/20100101 Firefox/25.0"
84.185.14.81 - - [18/Nov/2013:16:50:20 +0100] "GET /img/men07.gif HTTP/1.1" 200 1396 "http://www.dialyse-borna.de/seiten/start.htm" "Mozilla/5.0 (Windows NT 6.1; WOW64; rv:25.0) Gecko/20100101 Firefox/25.0"
84.185.14.81 - - [18/Nov/2013:16:50:20 +0100] "GET /img/men08.gif HTTP/1.1" 200 1642 "http://www.dialyse-borna.de/seiten/start.htm" "Mozilla/5.0 (Windows NT 6.1; WOW64; rv:25.0) Gecko/20100101 Firefox/25.0"
84.185.14.81 - - [18/Nov/2013:16:50:20 +0100] "GET /img/men09.gif HTTP/1.1" 200 708 "http://www.dialyse-borna.de/seiten/start.htm" "Mozilla/5.0 (Windows NT 6.1; WOW64; rv:25.0) Gecko/20100101 Firefox/25.0"
84.185.14.81 - - [18/Nov/2013:16:50:20 +0100] "GET /img/lay03.gif HTTP/1.1" 200 671 "http://www.dialyse-borna.de/seiten/start.htm" "Mozilla/5.0 (Windows NT 6.1; WOW64; rv:25.0) Gecko/20100101 Firefox/25.0"
84.185.14.81 - - [18/Nov/2013:16:50:20 +0100] "GET /img/main_pic.jpg HTTP/1.1" 200 14864 "http://www.dialyse-borna.de/seiten/start.htm" "Mozilla/5.0 (Windows NT 6.1; WOW64; rv:25.0) Gecko/20100101 Firefox/25.0"
84.185.14.81 - - [18/Nov/2013:16:50:20 +0100] "GET /img/pfeil.jpg HTTP/1.1" 200 380 "http://www.dialyse-borna.de/seiten/start.htm" "Mozilla/5.0 (Windows NT 6.1; WOW64; rv:25.0) Gecko/20100101 Firefox/25.0"
84.185.14.81 - - [18/Nov/2013:16:50:20 +0100] "GET /img/lay04.gif HTTP/1.1" 200 210 "http://www.dialyse-borna.de/seiten/start.htm" "Mozilla/5.0 (Windows NT 6.1; WOW64; rv:25.0) Gecko/20100101 Firefox/25.0"
84.185.14.81 - - [18/Nov/2013:16:50:20 +0100] "GET /img/lay07.gif HTTP/1.1" 200 272 "http://www.dialyse-borna.de/seiten/start.htm" "Mozilla/5.0 (Windows NT 6.1; WOW64; rv:25.0) Gecko/20100101 Firefox/25.0"
84.185.14.81 - - [18/Nov/2013:16:50:20 +0100] "GET /img/bg2.gif HTTP/1.1" 200 49 "http://www.dialyse-borna.de/seiten/start.htm" "Mozilla/5.0 (Windows NT 6.1; WOW64; rv:25.0) Gecko/20100101 Firefox/25.0"
84.185.14.81 - - [18/Nov/2013:16:50:20 +0100] "GET /img/lay01.gif HTTP/1.1" 200 384 "http://www.dialyse-borna.de/seiten/start.htm" "Mozilla/5.0 (Windows NT 6.1; WOW64; rv:25.0) Gecko/20100101 Firefox/25.0"
84.185.14.81 - - [18/Nov/2013:16:50:20 +0100] "GET /img/lay02.gif HTTP/1.1" 200 3503 "http://www.dialyse-borna.de/seiten/start.htm" "Mozilla/5.0 (Windows NT 6.1; WOW64; rv:25.0) Gecko/20100101 Firefox/25.0"
84.185.14.81 - - [18/Nov/2013:16:50:20 +0100] "GET /img/lay08.gif HTTP/1.1" 200 322 "http://www.dialyse-borna.de/seiten/start.htm" "Mozilla/5.0 (Windows NT 6.1; WOW64; rv:25.0) Gecko/20100101 Firefox/25.0"
84.185.14.81 - - [18/Nov/2013:16:50:20 +0100] "GET /img/bg3.gif HTTP/1.1" 200 143 "http://www.dialyse-borna.de/seiten/start.htm" "Mozilla/5.0 (Windows NT 6.1; WOW64; rv:25.0) Gecko/20100101 Firefox/25.0"
84.185.14.81 - - [18/Nov/2013:16:50:20 +0100] "GET /img/bg1.gif HTTP/1.1" 200 54 "http://www.dialyse-borna.de/seiten/start.htm" "Mozilla/5.0 (Windows NT 6.1; WOW64; rv:25.0) Gecko/20100101 Firefox/25.0"
84.185.14.81 - - [18/Nov/2013:16:50:20 +0100] "GET /img/bg4.gif HTTP/1.1" 200 135 "http://www.dialyse-borna.de/seiten/start.htm" "Mozilla/5.0 (Windows NT 6.1; WOW64; rv:25.0) Gecko/20100101 Firefox/25.0"
84.185.14.81 - - [18/Nov/2013:16:50:20 +0100] "GET /img/lay05.gif HTTP/1.1" 200 541 "http://www.dialyse-borna.de/seiten/start.htm" "Mozilla/5.0 (Windows NT 6.1; WOW64; rv:25.0) Gecko/20100101 Firefox/25.0"
84.185.14.81 - - [18/Nov/2013:16:50:20 +0100] "GET /img/bilder.swf HTTP/1.1" 200 78858 "http://www.dialyse-borna.de/seiten/start.htm" "Mozilla/5.0 (Windows NT 6.1; WOW64; rv:25.0) Gecko/20100101 Firefox/25.0"
84.185.14.81 - - [18/Nov/2013:16:50:20 +0100] "GET /img/men03a.gif HTTP/1.1" 200 820 "http://www.dialyse-borna.de/seiten/start.htm" "Mozilla/5.0 (Windows NT 6.1; WOW64; rv:25.0) Gecko/20100101 Firefox/25.0"
84.185.14.81 - - [18/Nov/2013:16:50:20 +0100] "GET /img/men04a.gif HTTP/1.1" 200 669 "http://www.dialyse-borna.de/seiten/start.htm" "Mozilla/5.0 (Windows NT 6.1; WOW64; rv:25.0) Gecko/20100101 Firefox/25.0"
84.185.14.81 - - [18/Nov/2013:16:50:20 +0100] "GET /img/men05a.gif HTTP/1.1" 200 556 "http://www.dialyse-borna.de/seiten/start.htm" "Mozilla/5.0 (Windows NT 6.1; WOW64; rv:25.0) Gecko/20100101 Firefox/25.0"
84.185.14.81 - - [18/Nov/2013:16:50:20 +0100] "GET /img/men06a.gif HTTP/1.1" 200 518 "http://www.dialyse-borna.de/seiten/start.htm" "Mozilla/5.0 (Windows NT 6.1; WOW64; rv:25.0) Gecko/20100101 Firefox/25.0"
84.185.14.81 - - [18/Nov/2013:16:50:20 +0100] "GET /img/men07a.gif HTTP/1.1" 200 666 "http://www.dialyse-borna.de/seiten/start.htm" "Mozilla/5.0 (Windows NT 6.1; WOW64; rv:25.0) Gecko/20100101 Firefox/25.0"
84.185.14.81 - - [18/Nov/2013:16:50:20 +0100] "GET /img/men08a.gif HTTP/1.1" 200 819 "http://www.dialyse-borna.de/seiten/start.htm" "Mozilla/5.0 (Windows NT 6.1; WOW64; rv:25.0) Gecko/20100101 Firefox/25.0"
84.185.14.81 - - [18/Nov/2013:16:50:29 +0100] "GET /seiten/leist.htm HTTP/1.1" 200 7640 "http://www.dialyse-borna.de/seiten/start.htm" "Mozilla/5.0 (Windows NT 6.1; WOW64; rv:25.0) Gecko/20100101 Firefox/25.0"
84.185.14.81 - - [18/Nov/2013:16:50:29 +0100] "GET /img/men02.gif HTTP/1.1" 200 1273 "http://www.dialyse-borna.de/seiten/leist.htm" "Mozilla/5.0 (Windows NT 6.1; WOW64; rv:25.0) Gecko/20100101 Firefox/25.0"
84.185.14.81 - - [18/Nov/2013:16:50:29 +0100] "GET /img/leist.jpg HTTP/1.1" 200 18546 "http://www.dialyse-borna.de/seiten/leist.htm" "Mozilla/5.0 (Windows NT 6.1; WOW64; rv:25.0) Gecko/20100101 Firefox/25.0"
84.185.14.81 - - [18/Nov/2013:16:50:39 +0100] "GET /seiten/dialyse.htm HTTP/1.1" 200 7403 "http://www.dialyse-borna.de/seiten/leist.htm" "Mozilla/5.0 (Windows NT 6.1; WOW64; rv:25.0) Gecko/20100101 Firefox/25.0"
84.185.14.81 - - [18/Nov/2013:16:50:39 +0100] "GET /img/dialyse.jpg HTTP/1.1" 200 18017 "http://www.dialyse-borna.de/seiten/dialyse.htm" "Mozilla/5.0 (Windows NT 6.1; WOW64; rv:25.0) Gecko/20100101 Firefox/25.0"
84.185.14.81 - - [18/Nov/2013:16:50:57 +0100] "GET /seiten/links.htm HTTP/1.1" 200 7302 "http://www.dialyse-borna.de/seiten/dialyse.htm" "Mozilla/5.0 (Windows NT 6.1; WOW64; rv:25.0) Gecko/20100101 Firefox/25.0"
84.185.14.81 - - [18/Nov/2013:16:50:57 +0100] "GET /img/links.jpg HTTP/1.1" 200 15669 "http://www.dialyse-borna.de/seiten/links.htm" "Mozilla/5.0 (Windows NT 6.1; WOW64; rv:25.0) Gecko/20100101 Firefox/25.0"
84.185.14.81 - - [18/Nov/2013:16:51:03 +0100] "GET /seiten/kont.htm HTTP/1.1" 200 8048 "http://www.dialyse-borna.de/seiten/links.htm" "Mozilla/5.0 (Windows NT 6.1; WOW64; rv:25.0) Gecko/20100101 Firefox/25.0"
84.185.14.81 - - [18/Nov/2013:16:51:21 +0100] "GET /seiten/impr.htm HTTP/1.1" 200 9648 "http://www.dialyse-borna.de/seiten/kont.htm" "Mozilla/5.0 (Windows NT 6.1; WOW64; rv:25.0) Gecko/20100101 Firefox/25.0"
84.185.14.81 - - [18/Nov/2013:16:51:54 +0100] "GET /seiten/praxis.htm HTTP/1.1" 200 7847 "http://www.dialyse-borna.de/seiten/impr.htm" "Mozilla/5.0 (Windows NT 6.1; WOW64; rv:25.0) Gecko/20100101 Firefox/25.0"
84.185.14.81 - - [18/Nov/2013:16:51:54 +0100] "GET /img/schild.jpg HTTP/1.1" 200 12757 "http://www.dialyse-borna.de/seiten/praxis.htm" "Mozilla/5.0 (Windows NT 6.1; WOW64; rv:25.0) Gecko/20100101 Firefox/25.0"
84.185.14.81 - - [18/Nov/2013:16:59:36 +0100] "GET /seiten/kont_form.php HTTP/1.1" 200 8561 "http://www.dialyse-borna.de/seiten/kont.htm" "Mozilla/5.0 (Windows NT 6.1; WOW64; rv:25.0) Gecko/20100101 Firefox/25.0"
84.185.14.81 - - [18/Nov/2013:16:59:36 +0100] "GET /img/men05.gif HTTP/1.1" 200 1200 "http://www.dialyse-borna.de/seiten/kont_form.php" "Mozilla/5.0 (Windows NT 6.1; WOW64; rv:25.0) Gecko/20100101 Firefox/25.0"
66.249.78.101 - - [18/Nov/2013:17:52:09 +0100] "GET /seiten/impr.htm HTTP/1.1" 304 - "-" "Mozilla/5.0 (iPhone; CPU iPhone OS 6_0 like Mac OS X) AppleWebKit/536.26 (KHTML, like Gecko) Version/6.0 Mobile/10A5376e Safari/8536.25 (compatible; Googlebot-Mobile/2.1; +http://www.google.com/bot.html)"
141.8.147.12 - - [18/Nov/2013:18:36:09 +0100] "GET / HTTP/1.1" 200 2663 "-" "Mozilla/5.0 (compatible; YandexBot/3.0; +http://yandex.com/bots)"
94.153.64.158 - - [18/Nov/2013:18:50:28 +0100] "GET /seiten/news.php HTTP/1.1" 200 7079 "http://google-kupon.ru/" "Mozilla/4.0 (compatible; MSIE 6.0; Windows 98; Win 9x 4.90; Creative)"
94.153.64.158 - - [18/Nov/2013:18:50:29 +0100] "GET /seiten/news.php HTTP/1.1" 200 7079 "http://google-kupon.ru/" "Mozilla/4.0 (compatible; MSIE 6.0; Windows 98; Win 9x 4.90; Creative)"
94.153.64.158 - - [18/Nov/2013:18:50:29 +0100] "GET /seiten/news.php HTTP/1.1" 200 7079 "http://google-kupon.ru/" "Mozilla/4.0 (compatible; MSIE 6.0; Windows 98; Win 9x 4.90; Creative)"
5.10.83.44 - - [18/Nov/2013:19:44:03 +0100] "GET /seiten/dialyse.htm HTTP/1.1" 200 7403 "-" "Mozilla/5.0 (compatible; AhrefsBot/5.0; +http://ahrefs.com/robot/)"
5.10.83.39 - - [18/Nov/2013:20:27:48 +0100] "GET /seiten/links.htm HTTP/1.1" 200 7302 "-" "Mozilla/5.0 (compatible; AhrefsBot/5.0; +http://ahrefs.com/robot/)"
65.55.52.108 - - [18/Nov/2013:20:35:54 +0100] "GET /robots.txt HTTP/1.1" 200 157 "-" "Mozilla/5.0 (compatible; bingbot/2.0; +http://www.bing.com/bingbot.htm)"
65.55.52.108 - - [18/Nov/2013:20:51:45 +0100] "GET /seiten/kont.htm HTTP/1.1" 200 8048 "-" "Mozilla/5.0 (compatible; bingbot/2.0; +http://www.bing.com/bingbot.htm)"
199.30.25.99 - - [18/Nov/2013:20:51:47 +0100] "GET /css/borna.css HTTP/1.1" 200 2909 "http://www.dialyse-borna.de/seiten/kont.htm" "Mozilla/5.0 (Windows NT 6.1; WOW64) AppleWebKit/534+ (KHTML, like Gecko) BingPreview/1.0b"
157.55.35.51 - - [18/Nov/2013:20:52:23 +0100] "GET /img/men01.gif HTTP/1.1" 200 432 "-" "Mozilla/5.0 (compatible; bingbot/2.0; +http://www.bing.com/bingbot.htm)"
157.55.35.51 - - [18/Nov/2013:20:52:23 +0100] "GET /img/lay04.gif HTTP/1.1" 200 210 "-" "Mozilla/5.0 (compatible; bingbot/2.0; +http://www.bing.com/bingbot.htm)"
157.55.35.51 - - [18/Nov/2013:20:52:23 +0100] "GET /img/lay08.gif HTTP/1.1" 200 322 "-" "Mozilla/5.0 (compatible; bingbot/2.0; +http://www.bing.com/bingbot.htm)"
157.55.35.51 - - [18/Nov/2013:20:52:23 +0100] "GET /img/men06a.gif HTTP/1.1" 200 518 "-" "Mozilla/5.0 (compatible; bingbot/2.0; +http://www.bing.com/bingbot.htm)"
157.55.35.51 - - [18/Nov/2013:20:52:23 +0100] "GET /img/lay02.gif HTTP/1.1" 200 3503 "-" "Mozilla/5.0 (compatible; bingbot/2.0; +http://www.bing.com/bingbot.htm)"
157.55.33.108 - - [18/Nov/2013:20:52:44 +0100] "GET /img/bg2.gif HTTP/1.1" 200 49 "-" "Mozilla/5.0 (compatible; bingbot/2.0; +http://www.bing.com/bingbot.htm)"
157.55.33.108 - - [18/Nov/2013:20:52:44 +0100] "GET /img/1pixel.gif HTTP/1.1" 200 45 "-" "Mozilla/5.0 (compatible; bingbot/2.0; +http://www.bing.com/bingbot.htm)"
157.55.33.108 - - [18/Nov/2013:20:52:44 +0100] "GET /img/men03.gif HTTP/1.1" 200 1621 "-" "Mozilla/5.0 (compatible; bingbot/2.0; +http://www.bing.com/bingbot.htm)"
157.55.33.108 - - [18/Nov/2013:20:52:45 +0100] "GET /img/men03a.gif HTTP/1.1" 200 820 "-" "Mozilla/5.0 (compatible; bingbot/2.0; +http://www.bing.com/bingbot.htm)"
157.55.33.108 - - [18/Nov/2013:20:52:45 +0100] "GET /img/men04a.gif HTTP/1.1" 200 669 "-" "Mozilla/5.0 (compatible; bingbot/2.0; +http://www.bing.com/bingbot.htm)"
157.55.33.108 - - [18/Nov/2013:20:52:45 +0100] "GET /img/men09.gif HTTP/1.1" 200 708 "-" "Mozilla/5.0 (compatible; bingbot/2.0; +http://www.bing.com/bingbot.htm)"
157.55.33.108 - - [18/Nov/2013:20:52:45 +0100] "GET /img/bg4.gif HTTP/1.1" 200 135 "-" "Mozilla/5.0 (compatible; bingbot/2.0; +http://www.bing.com/bingbot.htm)"
65.55.52.108 - - [18/Nov/2013:20:53:02 +0100] "GET /img/bg3.gif HTTP/1.1" 200 143 "-" "Mozilla/5.0 (compatible; bingbot/2.0; +http://www.bing.com/bingbot.htm)"
65.55.52.108 - - [18/Nov/2013:20:53:03 +0100] "GET /img/lay07.gif HTTP/1.1" 200 272 "-" "Mozilla/5.0 (compatible; bingbot/2.0; +http://www.bing.com/bingbot.htm)"
65.55.52.108 - - [18/Nov/2013:20:53:03 +0100] "GET /img/men02.gif HTTP/1.1" 200 1273 "-" "Mozilla/5.0 (compatible; bingbot/2.0; +http://www.bing.com/bingbot.htm)"
65.55.52.108 - - [18/Nov/2013:20:53:03 +0100] "GET /img/men02a.gif HTTP/1.1" 200 589 "-" "Mozilla/5.0 (compatible; bingbot/2.0; +http://www.bing.com/bingbot.htm)"
65.55.52.108 - - [18/Nov/2013:20:53:03 +0100] "GET /img/men05a.gif HTTP/1.1" 200 556 "-" "Mozilla/5.0 (compatible; bingbot/2.0; +http://www.bing.com/bingbot.htm)"
65.55.52.108 - - [18/Nov/2013:20:53:03 +0100] "GET /img/lay01.gif HTTP/1.1" 200 384 "-" "Mozilla/5.0 (compatible; bingbot/2.0; +http://www.bing.com/bingbot.htm)"
65.55.52.108 - - [18/Nov/2013:20:53:03 +0100] "GET /img/men04.gif HTTP/1.1" 200 1395 "-" "Mozilla/5.0 (compatible; bingbot/2.0; +http://www.bing.com/bingbot.htm)"
65.55.52.108 - - [18/Nov/2013:20:53:04 +0100] "GET /img/men08.gif HTTP/1.1" 200 1642 "-" "Mozilla/5.0 (compatible; bingbot/2.0; +http://www.bing.com/bingbot.htm)"
65.55.52.87 - - [18/Nov/2013:20:56:43 +0100] "GET /img/bg1.gif HTTP/1.1" 200 54 "-" "Mozilla/5.0 (compatible; bingbot/2.0; +http://www.bing.com/bingbot.htm)"
65.55.52.87 - - [18/Nov/2013:20:56:44 +0100] "GET /img/lay05.gif HTTP/1.1" 200 541 "-" "Mozilla/5.0 (compatible; bingbot/2.0; +http://www.bing.com/bingbot.htm)"
65.55.52.87 - - [18/Nov/2013:20:56:44 +0100] "GET /img/men06.gif HTTP/1.1" 200 1162 "-" "Mozilla/5.0 (compatible; bingbot/2.0; +http://www.bing.com/bingbot.htm)"
65.55.52.87 - - [18/Nov/2013:20:56:44 +0100] "GET /img/lay03.gif HTTP/1.1" 200 671 "-" "Mozilla/5.0 (compatible; bingbot/2.0; +http://www.bing.com/bingbot.htm)"
65.55.52.87 - - [18/Nov/2013:20:56:44 +0100] "GET /img/men08a.gif HTTP/1.1" 200 819 "-" "Mozilla/5.0 (compatible; bingbot/2.0; +http://www.bing.com/bingbot.htm)"
65.55.52.87 - - [18/Nov/2013:20:56:44 +0100] "GET /img/men07a.gif HTTP/1.1" 200 666 "-" "Mozilla/5.0 (compatible; bingbot/2.0; +http://www.bing.com/bingbot.htm)"
91.207.9.226 - - [18/Nov/2013:22:43:09 +0100] "GET /seiten/news.php HTTP/1.1" 200 7079 "http://men-porevo.org/" "Mozilla/4.0 (compatible; MSIE 6.0; Windows 98; Win 9x 4.90)"
91.207.9.226 - - [18/Nov/2013:22:43:09 +0100] "GET /seiten/news.php HTTP/1.1" 200 7079 "http://men-porevo.org/" "Mozilla/4.0 (compatible; MSIE 6.0; Windows 98; Win 9x 4.90)"
91.207.9.226 - - [18/Nov/2013:22:43:10 +0100] "GET /seiten/news.php HTTP/1.1" 200 7079 "http://men-porevo.org/" "Mozilla/4.0 (compatible; MSIE 6.0; Windows 98; Win 9x 4.90)"
66.249.78.101 - - [18/Nov/2013:23:07:08 +0100] "GET / HTTP/1.1" 200 2663 "-" "Mozilla/5.0 (iPhone; CPU iPhone OS 6_0 like Mac OS X) AppleWebKit/536.26 (KHTML, like Gecko) Version/6.0 Mobile/10A5376e Safari/8536.25 (compatible; Googlebot-Mobile/2.1; +http://www.google.com/bot.html)"
5.10.83.82 - - [19/Nov/2013:01:35:42 +0100] "GET / HTTP/1.1" 200 2663 "-" "Mozilla/5.0 (compatible; AhrefsBot/5.0; +http://ahrefs.com/robot/)"
66.249.78.101 - - [19/Nov/2013:03:06:26 +0100] "GET /seiten/leist.htm HTTP/1.1" 304 - "-" "Mozilla/5.0 (iPhone; CPU iPhone OS 6_0 like Mac OS X) AppleWebKit/536.26 (KHTML, like Gecko) Version/6.0 Mobile/10A5376e Safari/8536.25 (compatible; Googlebot-Mobile/2.1; +http://www.google.com/bot.html)"
5.10.83.89 - - [19/Nov/2013:03:47:04 +0100] "GET /seiten/impr.htm HTTP/1.1" 200 9648 "-" "Mozilla/5.0 (compatible; AhrefsBot/5.0; +http://ahrefs.com/robot/)"
92.249.127.111 - - [19/Nov/2013:04:43:10 +0100] "GET /seiten/news.php HTTP/1.1" 200 7079 "http://www.poigrayka.ru/" "Mozilla/5.0 (compatible; news bot /2.1)"
92.249.127.111 - - [19/Nov/2013:04:43:10 +0100] "GET /seiten/news.php HTTP/1.1" 200 7079 "http://www.poigrayka.ru/" "Mozilla/5.0 (compatible; news bot /2.1)"
92.249.127.111 - - [19/Nov/2013:04:43:11 +0100] "GET /seiten/news.php HTTP/1.1" 200 7079 "http://www.poigrayka.ru/" "Mozilla/5.0 (compatible; news bot /2.1)"
82.193.99.33 - - [19/Nov/2013:05:24:44 +0100] "GET /seiten/news.php HTTP/1.1" 200 7079 "http://www.wwalls.ru/" "Mozilla/4.0 (compatible; MSIE 6.0; Windows NT 5.1) Netscape/8.0.4"
82.193.99.33 - - [19/Nov/2013:05:24:45 +0100] "GET /seiten/news.php HTTP/1.1" 200 7079 "http://www.wwalls.ru/" "Mozilla/4.0 (compatible; MSIE 6.0; Windows NT 5.1) Netscape/8.0.4"
82.193.99.33 - - [19/Nov/2013:05:24:45 +0100] "GET /seiten/news.php HTTP/1.1" 200 7079 "http://www.wwalls.ru/" "Mozilla/4.0 (compatible; MSIE 6.0; Windows NT 5.1) Netscape/8.0.4"
66.249.78.101 - - [19/Nov/2013:06:38:59 +0100] "GET /seiten/impr.htm HTTP/1.1" 304 - "-" "Mozilla/5.0 (compatible; Googlebot/2.1; +http://www.google.com/bot.html)"
66.249.78.101 - - [19/Nov/2013:07:30:30 +0100] "GET /seiten/links.htm HTTP/1.1" 200 7302 "-" "SAMSUNG-SGH-E250/1.0 Profile/MIDP-2.0 Configuration/CLDC-1.1 UP.Browser/6.2.3.3.c.1.101 (GUI) MMP/2.0 (compatible; Googlebot-Mobile/2.1; +http://www.google.com/bot.html)"
5.10.83.80 - - [19/Nov/2013:07:34:28 +0100] "GET /seiten/news.php HTTP/1.1" 200 7079 "-" "Mozilla/5.0 (compatible; AhrefsBot/5.0; +http://ahrefs.com/robot/)"
66.249.78.101 - - [19/Nov/2013:07:35:42 +0100] "GET /seiten/start.htm HTTP/1.1" 304 - "-" "Mozilla/5.0 (compatible; Googlebot/2.1; +http://www.google.com/bot.html)"
5.10.83.80 - - [19/Nov/2013:08:02:22 +0100] "GET /seiten/leist.htm HTTP/1.1" 200 7640 "-" "Mozilla/5.0 (compatible; AhrefsBot/5.0; +http://ahrefs.com/robot/)"
66.249.78.101 - - [19/Nov/2013:08:30:58 +0100] "GET /seiten/dialyse.htm HTTP/1.1" 304 - "-" "Mozilla/5.0 (compatible; Googlebot/2.1; +http://www.google.com/bot.html)"
91.207.9.226 - - [19/Nov/2013:09:49:37 +0100] "GET /seiten/news.php HTTP/1.1" 200 7079 "http://comobzor.ru/" "Mozilla/4.0 (compatible; MSIE 6.0; Windows NT 5.0)"
91.207.9.226 - - [19/Nov/2013:09:49:37 +0100] "GET /seiten/news.php HTTP/1.1" 200 7079 "http://bankege.ru/" "Mozilla/4.0 (compatible; MSIE 6.0; Windows 98; Win 9x 4.90)"
91.207.9.226 - - [19/Nov/2013:09:49:38 +0100] "GET /seiten/news.php HTTP/1.1" 200 7079 "http://bankege.ru/" "Mozilla/4.0 (compatible; MSIE 6.0; Windows 98; Win 9x 4.90)"
91.207.9.226 - - [19/Nov/2013:09:49:38 +0100] "GET /seiten/news.php HTTP/1.1" 200 7079 "http://comobzor.ru/" "Mozilla/4.0 (compatible; MSIE 6.0; Windows NT 5.0)"
91.207.9.226 - - [19/Nov/2013:09:49:39 +0100] "GET /seiten/news.php HTTP/1.1" 200 7079 "http://bankege.ru/" "Mozilla/4.0 (compatible; MSIE 6.0; Windows 98; Win 9x 4.90)"
91.207.9.226 - - [19/Nov/2013:09:49:39 +0100] "GET /seiten/news.php HTTP/1.1" 200 7079 "http://comobzor.ru/" "Mozilla/4.0 (compatible; MSIE 6.0; Windows NT 5.0)"
66.249.78.101 - - [19/Nov/2013:10:15:58 +0100] "GET /seiten/praxis.htm HTTP/1.1" 304 - "-" "Mozilla/5.0 (compatible; Googlebot/2.1; +http://www.google.com/bot.html)"
66.249.78.101 - - [19/Nov/2013:10:22:25 +0100] "GET /seiten/links.htm HTTP/1.1" 304 - "-" "Mozilla/5.0 (compatible; Googlebot/2.1; +http://www.google.com/bot.html)"
66.249.66.240 - - [19/Nov/2013:11:03:25 +0100] "GET /seiten/kont.htm HTTP/1.1" 304 - "-" "Mozilla/5.0 (compatible; Googlebot/2.1; +http://www.google.com/bot.html)"
91.207.4.206 - - [19/Nov/2013:11:20:40 +0100] "GET /seiten/news.php HTTP/1.1" 200 7079 "http://lancer10.net/" "Mozilla/4.0 (compatible; MSIE 6.0; Windows NT 5.1; .NET CLR 1.0.3705)"
91.207.4.206 - - [19/Nov/2013:11:20:41 +0100] "GET /seiten/news.php HTTP/1.1" 200 7079 "http://lancer10.net/" "Mozilla/4.0 (compatible; MSIE 6.0; Windows NT 5.1; .NET CLR 1.0.3705)"
91.207.4.206 - - [19/Nov/2013:11:20:41 +0100] "GET /seiten/news.php HTTP/1.1" 200 7079 "http://lancer10.net/" "Mozilla/4.0 (compatible; MSIE 6.0; Windows NT 5.1; .NET CLR 1.0.3705)"
66.249.78.101 - - [19/Nov/2013:12:05:44 +0100] "GET /seiten/leist.htm HTTP/1.1" 304 - "-" "Mozilla/5.0 (compatible; Googlebot/2.1; +http://www.google.com/bot.html)"
65.55.52.108 - - [19/Nov/2013:12:19:55 +0100] "GET /robots.txt HTTP/1.1" 200 157 "-" "Mozilla/5.0 (compatible; bingbot/2.0; +http://www.bing.com/bingbot.htm)"
65.55.52.108 - - [19/Nov/2013:12:21:10 +0100] "GET /seiten/kont.htm HTTP/1.1" 200 8048 "-" "Mozilla/5.0 (compatible; bingbot/2.0; +http://www.bing.com/bingbot.htm)"
199.30.25.108 - - [19/Nov/2013:12:21:18 +0100] "GET /img/1pixel.gif HTTP/1.1" 200 45 "http://www.dialyse-borna.de/seiten/kont.htm" "Mozilla/5.0 (Windows NT 6.1; WOW64) AppleWebKit/534+ (KHTML, like Gecko) BingPreview/1.0b"
157.55.35.77 - - [19/Nov/2013:12:22:06 +0100] "GET /img/bg2.gif HTTP/1.1" 200 49 "-" "Mozilla/5.0 (compatible; bingbot/2.0; +http://www.bing.com/bingbot.htm)"
157.55.35.77 - - [19/Nov/2013:12:22:06 +0100] "GET /img/bg4.gif HTTP/1.1" 200 135 "-" "Mozilla/5.0 (compatible; bingbot/2.0; +http://www.bing.com/bingbot.htm)"
157.55.35.77 - - [19/Nov/2013:12:22:06 +0100] "GET /img/men09.gif HTTP/1.1" 200 708 "-" "Mozilla/5.0 (compatible; bingbot/2.0; +http://www.bing.com/bingbot.htm)"
46.229.170.197 - - [19/Nov/2013:12:22:37 +0100] "GET / HTTP/1.1" 200 2663 "-" "Mozilla/5.0 (X11; U; Linux amd64; rv:5.0) Gecko/20100101 Firefox/5.0 (Debian)"
157.55.35.51 - - [19/Nov/2013:12:22:44 +0100] "GET /img/lay02.gif HTTP/1.1" 200 3503 "-" "Mozilla/5.0 (compatible; bingbot/2.0; +http://www.bing.com/bingbot.htm)"
65.55.52.108 - - [19/Nov/2013:12:23:08 +0100] "GET /img/men02a.gif HTTP/1.1" 200 589 "-" "Mozilla/5.0 (compatible; bingbot/2.0; +http://www.bing.com/bingbot.htm)"
65.55.52.108 - - [19/Nov/2013:12:23:08 +0100] "GET /img/men04.gif HTTP/1.1" 200 1395 "-" "Mozilla/5.0 (compatible; bingbot/2.0; +http://www.bing.com/bingbot.htm)"
65.55.52.108 - - [19/Nov/2013:12:23:08 +0100] "GET /img/lay01.gif HTTP/1.1" 200 384 "-" "Mozilla/5.0 (compatible; bingbot/2.0; +http://www.bing.com/bingbot.htm)"
65.55.52.108 - - [19/Nov/2013:12:23:09 +0100] "GET /img/bg3.gif HTTP/1.1" 200 143 "-" "Mozilla/5.0 (compatible; bingbot/2.0; +http://www.bing.com/bingbot.htm)"
65.55.52.87 - - [19/Nov/2013:12:32:26 +0100] "GET /img/lay05.gif HTTP/1.1" 200 541 "-" "Mozilla/5.0 (compatible; bingbot/2.0; +http://www.bing.com/bingbot.htm)"
65.55.52.87 - - [19/Nov/2013:12:32:26 +0100] "GET /img/men07a.gif HTTP/1.1" 200 666 "-" "Mozilla/5.0 (compatible; bingbot/2.0; +http://www.bing.com/bingbot.htm)"
65.55.52.87 - - [19/Nov/2013:12:32:27 +0100] "GET /img/men06.gif HTTP/1.1" 200 1162 "-" "Mozilla/5.0 (compatible; bingbot/2.0; +http://www.bing.com/bingbot.htm)"
66.249.78.101 - - [19/Nov/2013:13:08:03 +0100] "GET /robots.txt HTTP/1.1" 200 157 "-" "Mozilla/5.0 (compatible; Googlebot/2.1; +http://www.google.com/bot.html)"
66.249.78.101 - - [19/Nov/2013:13:08:03 +0100] "GET /img/bilder.swf HTTP/1.1" 200 78858 "-" "Mozilla/5.0 (compatible; Googlebot/2.1; +http://www.google.com/bot.html)"
94.153.9.210 - - [19/Nov/2013:13:31:27 +0100] "GET /seiten/news.php HTTP/1.1" 200 7079 "http://www.gigaset.com.ua/" "Mozilla/4.0 (compatible; MSIE 6.0; Windows NT 5.1) Opera 7.54 [en]"
94.153.9.210 - - [19/Nov/2013:13:31:27 +0100] "GET /seiten/news.php HTTP/1.1" 200 7079 "http://www.gigaset.com.ua/" "Mozilla/4.0 (compatible; MSIE 6.0; Windows NT 5.1) Opera 7.54 [en]"
94.153.9.210 - - [19/Nov/2013:13:31:31 +0100] "GET /seiten/news.php HTTP/1.1" 200 7079 "http://www.gigaset.com.ua/" "Mozilla/4.0 (compatible; MSIE 6.0; Windows NT 5.1) Opera 7.54 [en]"
94.153.9.210 - - [19/Nov/2013:13:31:31 +0100] "GET /seiten/news.php HTTP/1.1" 200 7079 "http://banky-kredity.ru/article_42.php" "Mozilla/4.0 (compatible; MSIE 6.0; Windows NT 5.1) Opera 7.54 [en]"
94.153.9.210 - - [19/Nov/2013:13:31:32 +0100] "GET /seiten/news.php HTTP/1.1" 200 7079 "http://banky-kredity.ru/article_42.php" "Mozilla/4.0 (compatible; MSIE 6.0; Windows NT 5.1) Opera 7.54 [en]"
94.153.9.210 - - [19/Nov/2013:13:31:32 +0100] "GET /seiten/news.php HTTP/1.1" 200 7079 "http://banky-kredity.ru/article_42.php" "Mozilla/4.0 (compatible; MSIE 6.0; Windows NT 5.1) Opera 7.54 [en]"
176.57.143.60 - - [19/Nov/2013:14:15:24 +0100] "GET /seiten/impr.htm HTTP/1.1" 200 9648 "-" "Mozilla/5.0 (X11; Linux i686; rv:6.0) Gecko/20100101 Firefox/6.0"
66.249.78.101 - - [19/Nov/2013:14:41:43 +0100] "GET /seiten/links.htm HTTP/1.1" 304 - "-" "Mozilla/5.0 (iPhone; CPU iPhone OS 6_0 like Mac OS X) AppleWebKit/536.26 (KHTML, like Gecko) Version/6.0 Mobile/10A5376e Safari/8536.25 (compatible; Googlebot-Mobile/2.1; +http://www.google.com/bot.html)"
176.8.90.175 - - [19/Nov/2013:15:05:04 +0100] "GET /seiten/news.php HTTP/1.1" 200 7079 "http://sovetogorod.ru/" "Mozilla/4.0 (compatible; MSIE 6.0; Windows NT 5.1; MRA 4.3 (build 01218); .NET CLR 1.1.4322)"
176.8.90.175 - - [19/Nov/2013:15:05:07 +0100] "GET /seiten/news.php HTTP/1.1" 200 7079 "http://sovetogorod.ru/" "Mozilla/4.0 (compatible; MSIE 6.0; Windows NT 5.1; MRA 4.3 (build 01218); .NET CLR 1.1.4322)"
176.8.90.175 - - [19/Nov/2013:15:05:08 +0100] "GET /seiten/news.php HTTP/1.1" 200 7079 "http://sovetogorod.ru/" "Mozilla/4.0 (compatible; MSIE 6.0; Windows NT 5.1; MRA 4.3 (build 01218); .NET CLR 1.1.4322)"
5.10.83.50 - - [19/Nov/2013:15:19:38 +0100] "GET /seiten/praxis.htm HTTP/1.1" 200 7847 "-" "Mozilla/5.0 (compatible; AhrefsBot/5.0; +http://ahrefs.com/robot/)"
84.119.52.205 - - [19/Nov/2013:19:33:25 +0100] "GET /seiten/links.htm HTTP/1.1" 200 7302 "http://www.google.de/url?sa=t&rct=j&q=&esrc=s&source=web&cd=5&ved=0CFAQFjAE&url=http%3A%2F%2Fwww.dialyse-borna.de%2Fseiten%2Flinks.htm&ei=wq6LUuGYC6ql4gSWjoCADg&usg=AFQjCNHp9GC7KkSzb7KIUlg4bS3aUOXPQw&bvm=bv.56643336,d.bGE" "Mozilla/5.0 (Windows NT 6.1; rv:25.0) Gecko/20100101 Firefox/25.0"
84.119.52.205 - - [19/Nov/2013:19:33:25 +0100] "GET /css/borna.css HTTP/1.1" 200 2909 "http://www.dialyse-borna.de/seiten/links.htm" "Mozilla/5.0 (Windows NT 6.1; rv:25.0) Gecko/20100101 Firefox/25.0"
84.119.52.205 - - [19/Nov/2013:19:33:25 +0100] "GET /img/men01.gif HTTP/1.1" 200 432 "http://www.dialyse-borna.de/seiten/links.htm" "Mozilla/5.0 (Windows NT 6.1; rv:25.0) Gecko/20100101 Firefox/25.0"
84.119.52.205 - - [19/Nov/2013:19:33:26 +0100] "GET /img/1pixel.gif HTTP/1.1" 200 45 "http://www.dialyse-borna.de/seiten/links.htm" "Mozilla/5.0 (Windows NT 6.1; rv:25.0) Gecko/20100101 Firefox/25.0"
84.119.52.205 - - [19/Nov/2013:19:33:26 +0100] "GET /img/men02.gif HTTP/1.1" 200 1273 "http://www.dialyse-borna.de/seiten/links.htm" "Mozilla/5.0 (Windows NT 6.1; rv:25.0) Gecko/20100101 Firefox/25.0"
84.119.52.205 - - [19/Nov/2013:19:33:26 +0100] "GET /img/men04.gif HTTP/1.1" 200 1395 "http://www.dialyse-borna.de/seiten/links.htm" "Mozilla/5.0 (Windows NT 6.1; rv:25.0) Gecko/20100101 Firefox/25.0"
84.119.52.205 - - [19/Nov/2013:19:33:26 +0100] "GET /img/men03.gif HTTP/1.1" 200 1621 "http://www.dialyse-borna.de/seiten/links.htm" "Mozilla/5.0 (Windows NT 6.1; rv:25.0) Gecko/20100101 Firefox/25.0"
84.119.52.205 - - [19/Nov/2013:19:33:26 +0100] "GET /img/men06a.gif HTTP/1.1" 200 518 "http://www.dialyse-borna.de/seiten/links.htm" "Mozilla/5.0 (Windows NT 6.1; rv:25.0) Gecko/20100101 Firefox/25.0"
84.119.52.205 - - [19/Nov/2013:19:33:26 +0100] "GET /img/men07.gif HTTP/1.1" 200 1396 "http://www.dialyse-borna.de/seiten/links.htm" "Mozilla/5.0 (Windows NT 6.1; rv:25.0) Gecko/20100101 Firefox/25.0"
84.119.52.205 - - [19/Nov/2013:19:33:26 +0100] "GET /img/men08.gif HTTP/1.1" 200 1642 "http://www.dialyse-borna.de/seiten/links.htm" "Mozilla/5.0 (Windows NT 6.1; rv:25.0) Gecko/20100101 Firefox/25.0"
84.119.52.205 - - [19/Nov/2013:19:33:26 +0100] "GET /img/men09.gif HTTP/1.1" 200 708 "http://www.dialyse-borna.de/seiten/links.htm" "Mozilla/5.0 (Windows NT 6.1; rv:25.0) Gecko/20100101 Firefox/25.0"
84.119.52.205 - - [19/Nov/2013:19:33:26 +0100] "GET /img/lay03.gif HTTP/1.1" 200 671 "http://www.dialyse-borna.de/seiten/links.htm" "Mozilla/5.0 (Windows NT 6.1; rv:25.0) Gecko/20100101 Firefox/25.0"
84.119.52.205 - - [19/Nov/2013:19:33:26 +0100] "GET /img/links.jpg HTTP/1.1" 200 15669 "http://www.dialyse-borna.de/seiten/links.htm" "Mozilla/5.0 (Windows NT 6.1; rv:25.0) Gecko/20100101 Firefox/25.0"
84.119.52.205 - - [19/Nov/2013:19:33:26 +0100] "GET /img/lay04.gif HTTP/1.1" 200 210 "http://www.dialyse-borna.de/seiten/links.htm" "Mozilla/5.0 (Windows NT 6.1; rv:25.0) Gecko/20100101 Firefox/25.0"
84.119.52.205 - - [19/Nov/2013:19:33:26 +0100] "GET /img/lay07.gif HTTP/1.1" 200 272 "http://www.dialyse-borna.de/seiten/links.htm" "Mozilla/5.0 (Windows NT 6.1; rv:25.0) Gecko/20100101 Firefox/25.0"
84.119.52.205 - - [19/Nov/2013:19:33:26 +0100] "GET /img/bg2.gif HTTP/1.1" 200 49 "http://www.dialyse-borna.de/seiten/links.htm" "Mozilla/5.0 (Windows NT 6.1; rv:25.0) Gecko/20100101 Firefox/25.0"
