134.249.55.41 - - [29/Nov/2013:01:27:25 +0100] "GET /seiten/news.php HTTP/1.1" 200 7079 "http://www.tmzilla.com/" "Mozilla/4.0 (compatible; MSIE 6.0; Windows NT 5.1)"
134.249.55.41 - - [29/Nov/2013:01:27:25 +0100] "GET /seiten/news.php HTTP/1.1" 200 7079 "http://www.poigrayka.ru/" "Mozilla/4.0 (compatible; MSIE 6.0; Windows NT 5.1)"
134.249.55.41 - - [29/Nov/2013:01:27:26 +0100] "GET /seiten/news.php HTTP/1.1" 200 7079 "http://www.tmzilla.com/" "Mozilla/4.0 (compatible; MSIE 6.0; Windows NT 5.1)"
134.249.55.41 - - [29/Nov/2013:01:27:26 +0100] "GET /seiten/news.php HTTP/1.1" 200 7079 "http://www.poigrayka.ru/" "Mozilla/4.0 (compatible; MSIE 6.0; Windows NT 5.1)"
66.249.78.101 - - [29/Nov/2013:01:36:09 +0100] "GET /seiten/dialyse.htm HTTP/1.1" 304 - "-" "Mozilla/5.0 (iPhone; CPU iPhone OS 6_0 like Mac OS X) AppleWebKit/536.26 (KHTML, like Gecko) Version/6.0 Mobile/10A5376e Safari/8536.25 (compatible; Googlebot-Mobile/2.1; +http://www.google.com/bot.html)"
46.118.116.27 - - [29/Nov/2013:02:36:51 +0100] "GET /seiten/news.php HTTP/1.1" 200 7079 "http://adrrus.info/" "Mozilla/4.0 (compatible; MSIE 7.0; Windows NT 5.1; SV1; .NET CLR 2.0.50727)"
46.118.116.27 - - [29/Nov/2013:02:36:52 +0100] "GET /seiten/news.php HTTP/1.1" 200 7079 "http://adrrus.info/" "Mozilla/4.0 (compatible; MSIE 7.0; Windows NT 5.1; SV1; .NET CLR 2.0.50727)"
46.118.116.27 - - [29/Nov/2013:02:36:53 +0100] "GET /seiten/news.php HTTP/1.1" 200 7079 "http://adrrus.info/" "Mozilla/4.0 (compatible; MSIE 7.0; Windows NT 5.1; SV1; .NET CLR 2.0.50727)"
37.115.113.177 - - [29/Nov/2013:02:37:41 +0100] "GET /seiten/news.php HTTP/1.1" 200 7079 "http://novozaim.ru/" "Mozilla/4.0 (compatible; MSIE 7.0b; Windows NT 6.0 ; .NET CLR 2.0.50215; SL Commerce Client v1.0; Tablet PC 2.0"
37.115.113.177 - - [29/Nov/2013:02:37:41 +0100] "GET /seiten/news.php HTTP/1.1" 200 7079 "http://novozaim.ru/" "Mozilla/4.0 (compatible; MSIE 7.0b; Windows NT 6.0 ; .NET CLR 2.0.50215; SL Commerce Client v1.0; Tablet PC 2.0"
37.115.113.177 - - [29/Nov/2013:02:37:42 +0100] "GET /seiten/news.php HTTP/1.1" 200 7079 "http://novozaim.ru/" "Mozilla/4.0 (compatible; MSIE 7.0b; Windows NT 6.0 ; .NET CLR 2.0.50215; SL Commerce Client v1.0; Tablet PC 2.0"
66.249.78.101 - - [29/Nov/2013:03:03:42 +0100] "GET /img/bilder.swf HTTP/1.1" 200 78858 "-" "SAMSUNG-SGH-E250/1.0 Profile/MIDP-2.0 Configuration/CLDC-1.1 UP.Browser/6.2.3.3.c.1.101 (GUI) MMP/2.0 (compatible; Googlebot-Mobile/2.1; +http://www.google.com/bot.html)"
66.249.78.101 - - [29/Nov/2013:06:11:13 +0100] "GET /seiten/kont.htm HTTP/1.1" 304 - "-" "Mozilla/5.0 (iPhone; CPU iPhone OS 6_0 like Mac OS X) AppleWebKit/536.26 (KHTML, like Gecko) Version/6.0 Mobile/10A5376e Safari/8536.25 (compatible; Googlebot-Mobile/2.1; +http://www.google.com/bot.html)"
66.249.78.101 - - [29/Nov/2013:06:40:53 +0100] "GET /seiten/praxis.htm HTTP/1.1" 304 - "-" "Mozilla/5.0 (iPhone; CPU iPhone OS 6_0 like Mac OS X) AppleWebKit/536.26 (KHTML, like Gecko) Version/6.0 Mobile/10A5376e Safari/8536.25 (compatible; Googlebot-Mobile/2.1; +http://www.google.com/bot.html)"
92.249.127.111 - - [29/Nov/2013:07:59:32 +0100] "GET /seiten/news.php HTTP/1.1" 200 7079 "http://timetorelax.biz/" "Mozilla/5.0 (compatible; news bot /2.1)"
92.249.127.111 - - [29/Nov/2013:07:59:32 +0100] "GET /seiten/news.php HTTP/1.1" 200 7079 "http://timetorelax.biz/" "Mozilla/5.0 (compatible; news bot /2.1)"
92.249.127.111 - - [29/Nov/2013:07:59:33 +0100] "GET /seiten/news.php HTTP/1.1" 200 7079 "http://timetorelax.biz/" "Mozilla/5.0 (compatible; news bot /2.1)"
141.8.147.12 - - [29/Nov/2013:09:21:52 +0100] "GET /robots.txt HTTP/1.1" 200 157 "-" "Mozilla/5.0 (compatible; YandexBot/3.0; +http://yandex.com/bots)"
141.8.147.12 - - [29/Nov/2013:09:21:54 +0100] "GET /img/men07a.gif HTTP/1.1" 304 - "-" "Mozilla/5.0 (compatible; YandexImages/3.0; +http://yandex.com/bots)"
66.249.66.240 - - [29/Nov/2013:09:47:34 +0100] "GET /seiten/links.htm HTTP/1.1" 304 - "-" "Mozilla/5.0 (iPhone; CPU iPhone OS 6_0 like Mac OS X) AppleWebKit/536.26 (KHTML, like Gecko) Version/6.0 Mobile/10A5376e Safari/8536.25 (compatible; Googlebot-Mobile/2.1; +http://www.google.com/bot.html)"
109.120.157.179 - - [29/Nov/2013:10:33:52 +0100] "GET /seiten/news.php HTTP/1.1" 200 7079 "http://topmosbank.ru/" "Mozilla/5.0 (compatible; Add Catalog/2.1;)"
109.120.157.179 - - [29/Nov/2013:10:33:53 +0100] "GET /seiten/news.php HTTP/1.1" 200 7079 "http://topmosbank.ru/" "Mozilla/5.0 (compatible; Add Catalog/2.1;)"
217.92.129.99 - - [29/Nov/2013:10:34:34 +0100] "GET /seiten/impr.htm HTTP/1.1" 200 9648 "http://www.google.de/url?sa=t&rct=j&q=&esrc=s&frm=1&source=web&cd=3&ved=0CDwQFjAC&url=http%3A%2F%2Fwww.dialyse-borna.de%2Fseiten%2Fimpr.htm&ei=ZF-YUsHLDorWsga4vYGwCA&usg=AFQjCNHLZZEhkKT2QkjwwRmqgb-uGk-kyg" "Mozilla/5.0 (compatible; MSIE 10.0; Windows NT 6.1; WOW64; Trident/6.0)"
217.92.129.99 - - [29/Nov/2013:10:34:34 +0100] "GET /css/borna.css HTTP/1.1" 200 2909 "http://www.dialyse-borna.de/seiten/impr.htm" "Mozilla/5.0 (compatible; MSIE 10.0; Windows NT 6.1; WOW64; Trident/6.0)"
217.92.129.99 - - [29/Nov/2013:10:34:34 +0100] "GET /img/bg2.gif HTTP/1.1" 200 49 "http://www.dialyse-borna.de/seiten/impr.htm" "Mozilla/5.0 (compatible; MSIE 10.0; Windows NT 6.1; WOW64; Trident/6.0)"
217.92.129.99 - - [29/Nov/2013:10:34:34 +0100] "GET /img/1pixel.gif HTTP/1.1" 200 45 "http://www.dialyse-borna.de/seiten/impr.htm" "Mozilla/5.0 (compatible; MSIE 10.0; Windows NT 6.1; WOW64; Trident/6.0)"
217.92.129.99 - - [29/Nov/2013:10:34:34 +0100] "GET /img/men01.gif HTTP/1.1" 200 432 "http://www.dialyse-borna.de/seiten/impr.htm" "Mozilla/5.0 (compatible; MSIE 10.0; Windows NT 6.1; WOW64; Trident/6.0)"
217.92.129.99 - - [29/Nov/2013:10:34:34 +0100] "GET /img/men02.gif HTTP/1.1" 200 1273 "http://www.dialyse-borna.de/seiten/impr.htm" "Mozilla/5.0 (compatible; MSIE 10.0; Windows NT 6.1; WOW64; Trident/6.0)"
217.92.129.99 - - [29/Nov/2013:10:34:34 +0100] "GET /img/men03.gif HTTP/1.1" 200 1621 "http://www.dialyse-borna.de/seiten/impr.htm" "Mozilla/5.0 (compatible; MSIE 10.0; Windows NT 6.1; WOW64; Trident/6.0)"
217.92.129.99 - - [29/Nov/2013:10:34:34 +0100] "GET /img/men04.gif HTTP/1.1" 200 1395 "http://www.dialyse-borna.de/seiten/impr.htm" "Mozilla/5.0 (compatible; MSIE 10.0; Windows NT 6.1; WOW64; Trident/6.0)"
217.92.129.99 - - [29/Nov/2013:10:34:34 +0100] "GET /img/men06.gif HTTP/1.1" 200 1162 "http://www.dialyse-borna.de/seiten/impr.htm" "Mozilla/5.0 (compatible; MSIE 10.0; Windows NT 6.1; WOW64; Trident/6.0)"
217.92.129.99 - - [29/Nov/2013:10:34:34 +0100] "GET /img/men08a.gif HTTP/1.1" 200 819 "http://www.dialyse-borna.de/seiten/impr.htm" "Mozilla/5.0 (compatible; MSIE 10.0; Windows NT 6.1; WOW64; Trident/6.0)"
217.92.129.99 - - [29/Nov/2013:10:34:34 +0100] "GET /img/men07.gif HTTP/1.1" 200 1396 "http://www.dialyse-borna.de/seiten/impr.htm" "Mozilla/5.0 (compatible; MSIE 10.0; Windows NT 6.1; WOW64; Trident/6.0)"
217.92.129.99 - - [29/Nov/2013:10:34:34 +0100] "GET /img/lay03.gif HTTP/1.1" 200 671 "http://www.dialyse-borna.de/seiten/impr.htm" "Mozilla/5.0 (compatible; MSIE 10.0; Windows NT 6.1; WOW64; Trident/6.0)"
217.92.129.99 - - [29/Nov/2013:10:34:34 +0100] "GET /img/lay04.gif HTTP/1.1" 200 210 "http://www.dialyse-borna.de/seiten/impr.htm" "Mozilla/5.0 (compatible; MSIE 10.0; Windows NT 6.1; WOW64; Trident/6.0)"
217.92.129.99 - - [29/Nov/2013:10:34:34 +0100] "GET /img/men09.gif HTTP/1.1" 200 708 "http://www.dialyse-borna.de/seiten/impr.htm" "Mozilla/5.0 (compatible; MSIE 10.0; Windows NT 6.1; WOW64; Trident/6.0)"
217.92.129.99 - - [29/Nov/2013:10:34:35 +0100] "GET /img/lay07.gif HTTP/1.1" 200 272 "http://www.dialyse-borna.de/seiten/impr.htm" "Mozilla/5.0 (compatible; MSIE 10.0; Windows NT 6.1; WOW64; Trident/6.0)"
217.92.129.99 - - [29/Nov/2013:10:34:35 +0100] "GET /img/bg2.gif HTTP/1.1" 200 49 "http://www.dialyse-borna.de/seiten/impr.htm" "Mozilla/5.0 (compatible; MSIE 10.0; Windows NT 6.1; WOW64; Trident/6.0)"
217.92.129.99 - - [29/Nov/2013:10:34:35 +0100] "GET /img/bg4.gif HTTP/1.1" 200 135 "http://www.dialyse-borna.de/seiten/impr.htm" "Mozilla/5.0 (compatible; MSIE 10.0; Windows NT 6.1; WOW64; Trident/6.0)"
217.92.129.99 - - [29/Nov/2013:10:34:35 +0100] "GET /img/bg1.gif HTTP/1.1" 200 54 "http://www.dialyse-borna.de/seiten/impr.htm" "Mozilla/5.0 (compatible; MSIE 10.0; Windows NT 6.1; WOW64; Trident/6.0)"
217.92.129.99 - - [29/Nov/2013:10:34:35 +0100] "GET /img/lay05.gif HTTP/1.1" 200 541 "http://www.dialyse-borna.de/seiten/impr.htm" "Mozilla/5.0 (compatible; MSIE 10.0; Windows NT 6.1; WOW64; Trident/6.0)"
217.92.129.99 - - [29/Nov/2013:10:34:35 +0100] "GET /img/bg3.gif HTTP/1.1" 200 143 "http://www.dialyse-borna.de/seiten/impr.htm" "Mozilla/5.0 (compatible; MSIE 10.0; Windows NT 6.1; WOW64; Trident/6.0)"
217.92.129.99 - - [29/Nov/2013:10:34:35 +0100] "GET /img/lay08.gif HTTP/1.1" 200 322 "http://www.dialyse-borna.de/seiten/impr.htm" "Mozilla/5.0 (compatible; MSIE 10.0; Windows NT 6.1; WOW64; Trident/6.0)"
217.92.129.99 - - [29/Nov/2013:10:34:35 +0100] "GET /img/lay02.gif HTTP/1.1" 200 3503 "http://www.dialyse-borna.de/seiten/impr.htm" "Mozilla/5.0 (compatible; MSIE 10.0; Windows NT 6.1; WOW64; Trident/6.0)"
217.92.129.99 - - [29/Nov/2013:10:34:35 +0100] "GET /img/lay01.gif HTTP/1.1" 200 384 "http://www.dialyse-borna.de/seiten/impr.htm" "Mozilla/5.0 (compatible; MSIE 10.0; Windows NT 6.1; WOW64; Trident/6.0)"
217.92.129.99 - - [29/Nov/2013:10:34:35 +0100] "GET /img/men02a.gif HTTP/1.1" 200 589 "http://www.dialyse-borna.de/seiten/impr.htm" "Mozilla/5.0 (compatible; MSIE 10.0; Windows NT 6.1; WOW64; Trident/6.0)"
217.92.129.99 - - [29/Nov/2013:10:34:35 +0100] "GET /img/men03a.gif HTTP/1.1" 200 820 "http://www.dialyse-borna.de/seiten/impr.htm" "Mozilla/5.0 (compatible; MSIE 10.0; Windows NT 6.1; WOW64; Trident/6.0)"
217.92.129.99 - - [29/Nov/2013:10:34:35 +0100] "GET /img/men04a.gif HTTP/1.1" 200 669 "http://www.dialyse-borna.de/seiten/impr.htm" "Mozilla/5.0 (compatible; MSIE 10.0; Windows NT 6.1; WOW64; Trident/6.0)"
217.92.129.99 - - [29/Nov/2013:10:34:35 +0100] "GET /img/men05a.gif HTTP/1.1" 200 556 "http://www.dialyse-borna.de/seiten/impr.htm" "Mozilla/5.0 (compatible; MSIE 10.0; Windows NT 6.1; WOW64; Trident/6.0)"
217.92.129.99 - - [29/Nov/2013:10:34:35 +0100] "GET /img/men06a.gif HTTP/1.1" 200 518 "http://www.dialyse-borna.de/seiten/impr.htm" "Mozilla/5.0 (compatible; MSIE 10.0; Windows NT 6.1; WOW64; Trident/6.0)"
217.92.129.99 - - [29/Nov/2013:10:34:35 +0100] "GET /img/men07a.gif HTTP/1.1" 200 666 "http://www.dialyse-borna.de/seiten/impr.htm" "Mozilla/5.0 (compatible; MSIE 10.0; Windows NT 6.1; WOW64; Trident/6.0)"
217.92.129.99 - - [29/Nov/2013:10:34:35 +0100] "GET /favicon.ico HTTP/1.1" 404 1256 "-" "Mozilla/5.0 (compatible; MSIE 10.0; Windows NT 6.1; Win64; x64; Trident/6.0)"
141.8.147.12 - - [29/Nov/2013:10:35:37 +0100] "GET /img/men03a.gif HTTP/1.1" 304 - "-" "Mozilla/5.0 (compatible; YandexImages/3.0; +http://yandex.com/bots)"
141.8.147.12 - - [29/Nov/2013:11:40:01 +0100] "GET /img/men04a.gif HTTP/1.1" 304 - "-" "Mozilla/5.0 (compatible; YandexImages/3.0; +http://yandex.com/bots)"
141.8.147.12 - - [29/Nov/2013:11:41:49 +0100] "GET /img/men02a.gif HTTP/1.1" 304 - "-" "Mozilla/5.0 (compatible; YandexImages/3.0; +http://yandex.com/bots)"
193.104.84.201 - - [29/Nov/2013:12:11:00 +0100] "GET /seiten/impr.htm HTTP/1.1" 200 9648 "http://www.bing.com/search?q=artzpraxis+berger+tendis+borna&qs=n&form=QBRE&pq=artzpraxis+berger+tendis+borna&sc=0-0&sp=-1&sk=" "Mozilla/4.0 (compatible; MSIE 8.0; Windows NT 5.1; Trident/4.0; .NET CLR 2.0.50727; .NET CLR 3.0.4506.2152; .NET CLR 3.5.30729; CMDTDF; .NET CLR 1.1.4322)"
193.104.84.201 - - [29/Nov/2013:12:11:00 +0100] "GET /img/bg2.gif HTTP/1.1" 200 49 "http://www.dialyse-borna.de/seiten/impr.htm" "Mozilla/4.0 (compatible; MSIE 8.0; Windows NT 5.1; Trident/4.0; .NET CLR 2.0.50727; .NET CLR 3.0.4506.2152; .NET CLR 3.5.30729; CMDTDF; .NET CLR 1.1.4322)"
193.104.84.201 - - [29/Nov/2013:12:11:00 +0100] "GET /css/borna.css HTTP/1.1" 200 2909 "http://www.dialyse-borna.de/seiten/impr.htm" "Mozilla/4.0 (compatible; MSIE 8.0; Windows NT 5.1; Trident/4.0; .NET CLR 2.0.50727; .NET CLR 3.0.4506.2152; .NET CLR 3.5.30729; CMDTDF; .NET CLR 1.1.4322)"
193.104.84.201 - - [29/Nov/2013:12:11:00 +0100] "GET /img/men02.gif HTTP/1.1" 200 1273 "http://www.dialyse-borna.de/seiten/impr.htm" "Mozilla/4.0 (compatible; MSIE 8.0; Windows NT 5.1; Trident/4.0; .NET CLR 2.0.50727; .NET CLR 3.0.4506.2152; .NET CLR 3.5.30729; CMDTDF; .NET CLR 1.1.4322)"
193.104.84.201 - - [29/Nov/2013:12:11:00 +0100] "GET /img/men03.gif HTTP/1.1" 200 1621 "http://www.dialyse-borna.de/seiten/impr.htm" "Mozilla/4.0 (compatible; MSIE 8.0; Windows NT 5.1; Trident/4.0; .NET CLR 2.0.50727; .NET CLR 3.0.4506.2152; .NET CLR 3.5.30729; CMDTDF; .NET CLR 1.1.4322)"
193.104.84.201 - - [29/Nov/2013:12:11:00 +0100] "GET /img/men01.gif HTTP/1.1" 200 432 "http://www.dialyse-borna.de/seiten/impr.htm" "Mozilla/4.0 (compatible; MSIE 8.0; Windows NT 5.1; Trident/4.0; .NET CLR 2.0.50727; .NET CLR 3.0.4506.2152; .NET CLR 3.5.30729; CMDTDF; .NET CLR 1.1.4322)"
193.104.84.201 - - [29/Nov/2013:12:11:00 +0100] "GET /img/1pixel.gif HTTP/1.1" 200 45 "http://www.dialyse-borna.de/seiten/impr.htm" "Mozilla/4.0 (compatible; MSIE 8.0; Windows NT 5.1; Trident/4.0; .NET CLR 2.0.50727; .NET CLR 3.0.4506.2152; .NET CLR 3.5.30729; CMDTDF; .NET CLR 1.1.4322)"
193.104.84.201 - - [29/Nov/2013:12:11:00 +0100] "GET /img/men04.gif HTTP/1.1" 200 1395 "http://www.dialyse-borna.de/seiten/impr.htm" "Mozilla/4.0 (compatible; MSIE 8.0; Windows NT 5.1; Trident/4.0; .NET CLR 2.0.50727; .NET CLR 3.0.4506.2152; .NET CLR 3.5.30729; CMDTDF; .NET CLR 1.1.4322)"
193.104.84.201 - - [29/Nov/2013:12:11:00 +0100] "GET /img/men06.gif HTTP/1.1" 200 1162 "http://www.dialyse-borna.de/seiten/impr.htm" "Mozilla/4.0 (compatible; MSIE 8.0; Windows NT 5.1; Trident/4.0; .NET CLR 2.0.50727; .NET CLR 3.0.4506.2152; .NET CLR 3.5.30729; CMDTDF; .NET CLR 1.1.4322)"
193.104.84.201 - - [29/Nov/2013:12:11:00 +0100] "GET /img/men07.gif HTTP/1.1" 200 1396 "http://www.dialyse-borna.de/seiten/impr.htm" "Mozilla/4.0 (compatible; MSIE 8.0; Windows NT 5.1; Trident/4.0; .NET CLR 2.0.50727; .NET CLR 3.0.4506.2152; .NET CLR 3.5.30729; CMDTDF; .NET CLR 1.1.4322)"
193.104.84.201 - - [29/Nov/2013:12:11:00 +0100] "GET /img/men08a.gif HTTP/1.1" 200 819 "http://www.dialyse-borna.de/seiten/impr.htm" "Mozilla/4.0 (compatible; MSIE 8.0; Windows NT 5.1; Trident/4.0; .NET CLR 2.0.50727; .NET CLR 3.0.4506.2152; .NET CLR 3.5.30729; CMDTDF; .NET CLR 1.1.4322)"
193.104.84.201 - - [29/Nov/2013:12:11:00 +0100] "GET /img/lay03.gif HTTP/1.1" 200 671 "http://www.dialyse-borna.de/seiten/impr.htm" "Mozilla/4.0 (compatible; MSIE 8.0; Windows NT 5.1; Trident/4.0; .NET CLR 2.0.50727; .NET CLR 3.0.4506.2152; .NET CLR 3.5.30729; CMDTDF; .NET CLR 1.1.4322)"
193.104.84.201 - - [29/Nov/2013:12:11:00 +0100] "GET /img/men09.gif HTTP/1.1" 200 708 "http://www.dialyse-borna.de/seiten/impr.htm" "Mozilla/4.0 (compatible; MSIE 8.0; Windows NT 5.1; Trident/4.0; .NET CLR 2.0.50727; .NET CLR 3.0.4506.2152; .NET CLR 3.5.30729; CMDTDF; .NET CLR 1.1.4322)"
193.104.84.201 - - [29/Nov/2013:12:11:00 +0100] "GET /img/lay04.gif HTTP/1.1" 200 210 "http://www.dialyse-borna.de/seiten/impr.htm" "Mozilla/4.0 (compatible; MSIE 8.0; Windows NT 5.1; Trident/4.0; .NET CLR 2.0.50727; .NET CLR 3.0.4506.2152; .NET CLR 3.5.30729; CMDTDF; .NET CLR 1.1.4322)"
193.104.84.201 - - [29/Nov/2013:12:11:00 +0100] "GET /img/lay01.gif HTTP/1.1" 200 384 "http://www.dialyse-borna.de/seiten/impr.htm" "Mozilla/4.0 (compatible; MSIE 8.0; Windows NT 5.1; Trident/4.0; .NET CLR 2.0.50727; .NET CLR 3.0.4506.2152; .NET CLR 3.5.30729; CMDTDF; .NET CLR 1.1.4322)"
193.104.84.201 - - [29/Nov/2013:12:11:00 +0100] "GET /img/lay02.gif HTTP/1.1" 200 3503 "http://www.dialyse-borna.de/seiten/impr.htm" "Mozilla/4.0 (compatible; MSIE 8.0; Windows NT 5.1; Trident/4.0; .NET CLR 2.0.50727; .NET CLR 3.0.4506.2152; .NET CLR 3.5.30729; CMDTDF; .NET CLR 1.1.4322)"
193.104.84.201 - - [29/Nov/2013:12:11:00 +0100] "GET /img/lay07.gif HTTP/1.1" 200 272 "http://www.dialyse-borna.de/seiten/impr.htm" "Mozilla/4.0 (compatible; MSIE 8.0; Windows NT 5.1; Trident/4.0; .NET CLR 2.0.50727; .NET CLR 3.0.4506.2152; .NET CLR 3.5.30729; CMDTDF; .NET CLR 1.1.4322)"
193.104.84.201 - - [29/Nov/2013:12:11:00 +0100] "GET /img/bg3.gif HTTP/1.1" 200 143 "http://www.dialyse-borna.de/seiten/impr.htm" "Mozilla/4.0 (compatible; MSIE 8.0; Windows NT 5.1; Trident/4.0; .NET CLR 2.0.50727; .NET CLR 3.0.4506.2152; .NET CLR 3.5.30729; CMDTDF; .NET CLR 1.1.4322)"
193.104.84.201 - - [29/Nov/2013:12:11:00 +0100] "GET /img/bg1.gif HTTP/1.1" 200 54 "http://www.dialyse-borna.de/seiten/impr.htm" "Mozilla/4.0 (compatible; MSIE 8.0; Windows NT 5.1; Trident/4.0; .NET CLR 2.0.50727; .NET CLR 3.0.4506.2152; .NET CLR 3.5.30729; CMDTDF; .NET CLR 1.1.4322)"
193.104.84.201 - - [29/Nov/2013:12:11:00 +0100] "GET /img/lay08.gif HTTP/1.1" 200 322 "http://www.dialyse-borna.de/seiten/impr.htm" "Mozilla/4.0 (compatible; MSIE 8.0; Windows NT 5.1; Trident/4.0; .NET CLR 2.0.50727; .NET CLR 3.0.4506.2152; .NET CLR 3.5.30729; CMDTDF; .NET CLR 1.1.4322)"
193.104.84.201 - - [29/Nov/2013:12:11:00 +0100] "GET /img/bg4.gif HTTP/1.1" 200 135 "http://www.dialyse-borna.de/seiten/impr.htm" "Mozilla/4.0 (compatible; MSIE 8.0; Windows NT 5.1; Trident/4.0; .NET CLR 2.0.50727; .NET CLR 3.0.4506.2152; .NET CLR 3.5.30729; CMDTDF; .NET CLR 1.1.4322)"
193.104.84.201 - - [29/Nov/2013:12:11:00 +0100] "GET /img/lay05.gif HTTP/1.1" 200 541 "http://www.dialyse-borna.de/seiten/impr.htm" "Mozilla/4.0 (compatible; MSIE 8.0; Windows NT 5.1; Trident/4.0; .NET CLR 2.0.50727; .NET CLR 3.0.4506.2152; .NET CLR 3.5.30729; CMDTDF; .NET CLR 1.1.4322)"
193.104.84.201 - - [29/Nov/2013:12:11:00 +0100] "GET /img/men03a.gif HTTP/1.1" 200 820 "http://www.dialyse-borna.de/seiten/impr.htm" "Mozilla/4.0 (compatible; MSIE 8.0; Windows NT 5.1; Trident/4.0; .NET CLR 2.0.50727; .NET CLR 3.0.4506.2152; .NET CLR 3.5.30729; CMDTDF; .NET CLR 1.1.4322)"
193.104.84.201 - - [29/Nov/2013:12:11:00 +0100] "GET /img/men04a.gif HTTP/1.1" 200 669 "http://www.dialyse-borna.de/seiten/impr.htm" "Mozilla/4.0 (compatible; MSIE 8.0; Windows NT 5.1; Trident/4.0; .NET CLR 2.0.50727; .NET CLR 3.0.4506.2152; .NET CLR 3.5.30729; CMDTDF; .NET CLR 1.1.4322)"
193.104.84.201 - - [29/Nov/2013:12:11:00 +0100] "GET /img/men07a.gif HTTP/1.1" 200 666 "http://www.dialyse-borna.de/seiten/impr.htm" "Mozilla/4.0 (compatible; MSIE 8.0; Windows NT 5.1; Trident/4.0; .NET CLR 2.0.50727; .NET CLR 3.0.4506.2152; .NET CLR 3.5.30729; CMDTDF; .NET CLR 1.1.4322)"
193.104.84.201 - - [29/Nov/2013:12:11:00 +0100] "GET /favicon.ico HTTP/1.1" 404 1256 "-" "Mozilla/4.0 (compatible; MSIE 8.0; Windows NT 5.1; Trident/4.0; .NET CLR 2.0.50727; .NET CLR 3.0.4506.2152; .NET CLR 3.5.30729; CMDTDF; .NET CLR 1.1.4322)"
193.104.84.201 - - [29/Nov/2013:12:11:00 +0100] "GET /img/men02a.gif HTTP/1.1" 200 589 "http://www.dialyse-borna.de/seiten/impr.htm" "Mozilla/4.0 (compatible; MSIE 8.0; Windows NT 5.1; Trident/4.0; .NET CLR 2.0.50727; .NET CLR 3.0.4506.2152; .NET CLR 3.5.30729; CMDTDF; .NET CLR 1.1.4322)"
193.104.84.201 - - [29/Nov/2013:12:11:00 +0100] "GET /img/men05a.gif HTTP/1.1" 200 556 "http://www.dialyse-borna.de/seiten/impr.htm" "Mozilla/4.0 (compatible; MSIE 8.0; Windows NT 5.1; Trident/4.0; .NET CLR 2.0.50727; .NET CLR 3.0.4506.2152; .NET CLR 3.5.30729; CMDTDF; .NET CLR 1.1.4322)"
193.104.84.201 - - [29/Nov/2013:12:11:00 +0100] "GET /img/men06a.gif HTTP/1.1" 200 518 "http://www.dialyse-borna.de/seiten/impr.htm" "Mozilla/4.0 (compatible; MSIE 8.0; Windows NT 5.1; Trident/4.0; .NET CLR 2.0.50727; .NET CLR 3.0.4506.2152; .NET CLR 3.5.30729; CMDTDF; .NET CLR 1.1.4322)"
150.70.173.40 - - [29/Nov/2013:12:13:29 +0100] "GET /seiten/impr.htm HTTP/1.1" 200 9648 "-" "Mozilla/4.0 (compatible; MSIE 8.0; Windows NT 5.1; Trident/4.0)"
150.70.172.105 - - [29/Nov/2013:12:16:17 +0100] "GET /seiten/impr.htm HTTP/1.0" 200 9648 "-" "Mozilla/4.0 (compatible; MSIE 6.0; Windows NT 5.1)"
91.207.9.226 - - [29/Nov/2013:12:47:54 +0100] "GET /seiten/news.php HTTP/1.1" 200 7079 "http://sewinfo.ru/" "Opera/7.54 (Windows NT 5.1; U) [pl]"
91.207.9.226 - - [29/Nov/2013:12:47:57 +0100] "GET /seiten/news.php HTTP/1.1" 200 7079 "http://www.otroke.ru/modules/helloworld/on-line%20tv.php" "Opera/7.54 (Windows NT 5.1; U) [pl]"
91.207.9.226 - - [29/Nov/2013:12:47:58 +0100] "GET /seiten/news.php HTTP/1.1" 200 7079 "http://www.otroke.ru/modules/helloworld/on-line%20tv.php" "Opera/7.54 (Windows NT 5.1; U) [pl]"
91.207.9.226 - - [29/Nov/2013:12:48:00 +0100] "GET /seiten/news.php HTTP/1.1" 200 7079 "http://sewinfo.ru/" "Opera/7.54 (Windows NT 5.1; U) [pl]"
91.207.9.226 - - [29/Nov/2013:12:48:00 +0100] "GET /seiten/news.php HTTP/1.1" 200 7079 "http://sewinfo.ru/" "Opera/7.54 (Windows NT 5.1; U) [pl]"
91.207.9.226 - - [29/Nov/2013:12:48:01 +0100] "GET /seiten/news.php HTTP/1.1" 200 7079 "http://www.otroke.ru/modules/helloworld/on-line%20tv.php" "Opera/7.54 (Windows NT 5.1; U) [pl]"
141.8.147.12 - - [29/Nov/2013:14:06:38 +0100] "GET /img/men08a.gif HTTP/1.1" 304 - "-" "Mozilla/5.0 (compatible; YandexImages/3.0; +http://yandex.com/bots)"
141.8.147.12 - - [29/Nov/2013:15:10:58 +0100] "GET /img/men01.gif HTTP/1.1" 304 - "-" "Mozilla/5.0 (compatible; YandexImages/3.0; +http://yandex.com/bots)"
134.249.76.53 - - [29/Nov/2013:15:42:37 +0100] "GET /seiten/news.php HTTP/1.1" 200 7079 "http://www.pro-body.co.il/" "Mozilla/4.0 (compatible; MSIE 7.0b; Windows NT 6.0 ; .NET CLR 2.0.50215; SL Commerce Client v1.0; Tablet PC 2.0"
134.249.76.53 - - [29/Nov/2013:15:42:37 +0100] "GET /seiten/news.php HTTP/1.1" 200 7079 "http://www.pro-body.co.il/" "Mozilla/4.0 (compatible; MSIE 7.0b; Windows NT 6.0 ; .NET CLR 2.0.50215; SL Commerce Client v1.0; Tablet PC 2.0"
134.249.76.53 - - [29/Nov/2013:15:42:38 +0100] "GET /seiten/news.php HTTP/1.1" 200 7079 "http://www.pro-body.co.il/" "Mozilla/4.0 (compatible; MSIE 7.0b; Windows NT 6.0 ; .NET CLR 2.0.50215; SL Commerce Client v1.0; Tablet PC 2.0"
91.207.9.226 - - [29/Nov/2013:16:16:20 +0100] "GET /seiten/news.php HTTP/1.1" 200 7079 "http://www.parlux.ru/" "Mozilla/4.0 (compatible; MSIE 6.0; Windows NT 5.1; ru) Opera 8.50"
91.207.9.226 - - [29/Nov/2013:16:16:25 +0100] "GET /seiten/news.php HTTP/1.1" 200 7079 "http://www.parlux.ru/" "Mozilla/4.0 (compatible; MSIE 6.0; Windows NT 5.1; ru) Opera 8.50"
91.207.9.226 - - [29/Nov/2013:16:16:29 +0100] "GET /seiten/news.php HTTP/1.1" 200 7079 "http://www.parlux.ru/" "Mozilla/4.0 (compatible; MSIE 6.0; Windows NT 5.1; ru) Opera 8.50"
188.192.58.20 - - [29/Nov/2013:17:07:50 +0100] "GET /seiten/start.htm HTTP/1.1" 200 7516 "http://www.bing.com/search?q=dialyse+borna&form=MSNH15&mkt=de-de&qs=n&sk=&x=0&y=0" "Mozilla/5.0 (compatible; MSIE 10.0; Windows NT 6.1; WOW64; Trident/6.0)"
188.192.58.20 - - [29/Nov/2013:17:07:51 +0100] "GET /img/bg2.gif HTTP/1.1" 200 49 "http://www.dialyse-borna.de/seiten/start.htm" "Mozilla/5.0 (compatible; MSIE 10.0; Windows NT 6.1; WOW64; Trident/6.0)"
188.192.58.20 - - [29/Nov/2013:17:07:51 +0100] "GET /img/1pixel.gif HTTP/1.1" 200 45 "http://www.dialyse-borna.de/seiten/start.htm" "Mozilla/5.0 (compatible; MSIE 10.0; Windows NT 6.1; WOW64; Trident/6.0)"
188.192.58.20 - - [29/Nov/2013:17:07:51 +0100] "GET /img/men01.gif HTTP/1.1" 200 432 "http://www.dialyse-borna.de/seiten/start.htm" "Mozilla/5.0 (compatible; MSIE 10.0; Windows NT 6.1; WOW64; Trident/6.0)"
188.192.58.20 - - [29/Nov/2013:17:07:51 +0100] "GET /img/men02a.gif HTTP/1.1" 200 589 "http://www.dialyse-borna.de/seiten/start.htm" "Mozilla/5.0 (compatible; MSIE 10.0; Windows NT 6.1; WOW64; Trident/6.0)"
188.192.58.20 - - [29/Nov/2013:17:07:51 +0100] "GET /img/men03.gif HTTP/1.1" 200 1621 "http://www.dialyse-borna.de/seiten/start.htm" "Mozilla/5.0 (compatible; MSIE 10.0; Windows NT 6.1; WOW64; Trident/6.0)"
188.192.58.20 - - [29/Nov/2013:17:07:51 +0100] "GET /img/men04.gif HTTP/1.1" 200 1395 "http://www.dialyse-borna.de/seiten/start.htm" "Mozilla/5.0 (compatible; MSIE 10.0; Windows NT 6.1; WOW64; Trident/6.0)"
188.192.58.20 - - [29/Nov/2013:17:07:51 +0100] "GET /img/men06.gif HTTP/1.1" 200 1162 "http://www.dialyse-borna.de/seiten/start.htm" "Mozilla/5.0 (compatible; MSIE 10.0; Windows NT 6.1; WOW64; Trident/6.0)"
188.192.58.20 - - [29/Nov/2013:17:07:51 +0100] "GET /img/men07.gif HTTP/1.1" 200 1396 "http://www.dialyse-borna.de/seiten/start.htm" "Mozilla/5.0 (compatible; MSIE 10.0; Windows NT 6.1; WOW64; Trident/6.0)"
188.192.58.20 - - [29/Nov/2013:17:07:51 +0100] "GET /img/men09.gif HTTP/1.1" 200 708 "http://www.dialyse-borna.de/seiten/start.htm" "Mozilla/5.0 (compatible; MSIE 10.0; Windows NT 6.1; WOW64; Trident/6.0)"
188.192.58.20 - - [29/Nov/2013:17:07:51 +0100] "GET /img/men08.gif HTTP/1.1" 200 1642 "http://www.dialyse-borna.de/seiten/start.htm" "Mozilla/5.0 (compatible; MSIE 10.0; Windows NT 6.1; WOW64; Trident/6.0)"
188.192.58.20 - - [29/Nov/2013:17:07:51 +0100] "GET /img/lay03.gif HTTP/1.1" 200 671 "http://www.dialyse-borna.de/seiten/start.htm" "Mozilla/5.0 (compatible; MSIE 10.0; Windows NT 6.1; WOW64; Trident/6.0)"
188.192.58.20 - - [29/Nov/2013:17:07:51 +0100] "GET /img/pfeil.jpg HTTP/1.1" 200 380 "http://www.dialyse-borna.de/seiten/start.htm" "Mozilla/5.0 (compatible; MSIE 10.0; Windows NT 6.1; WOW64; Trident/6.0)"
188.192.58.20 - - [29/Nov/2013:17:07:51 +0100] "GET /img/lay04.gif HTTP/1.1" 200 210 "http://www.dialyse-borna.de/seiten/start.htm" "Mozilla/5.0 (compatible; MSIE 10.0; Windows NT 6.1; WOW64; Trident/6.0)"
188.192.58.20 - - [29/Nov/2013:17:07:51 +0100] "GET /img/main_pic.jpg HTTP/1.1" 200 14864 "http://www.dialyse-borna.de/seiten/start.htm" "Mozilla/5.0 (compatible; MSIE 10.0; Windows NT 6.1; WOW64; Trident/6.0)"
188.192.58.20 - - [29/Nov/2013:17:07:51 +0100] "GET /img/lay07.gif HTTP/1.1" 200 272 "http://www.dialyse-borna.de/seiten/start.htm" "Mozilla/5.0 (compatible; MSIE 10.0; Windows NT 6.1; WOW64; Trident/6.0)"
188.192.58.20 - - [29/Nov/2013:17:07:51 +0100] "GET /img/bg1.gif HTTP/1.1" 200 54 "http://www.dialyse-borna.de/seiten/start.htm" "Mozilla/5.0 (compatible; MSIE 10.0; Windows NT 6.1; WOW64; Trident/6.0)"
188.192.58.20 - - [29/Nov/2013:17:07:51 +0100] "GET /img/lay01.gif HTTP/1.1" 200 384 "http://www.dialyse-borna.de/seiten/start.htm" "Mozilla/5.0 (compatible; MSIE 10.0; Windows NT 6.1; WOW64; Trident/6.0)"
188.192.58.20 - - [29/Nov/2013:17:07:51 +0100] "GET /img/lay02.gif HTTP/1.1" 200 3503 "http://www.dialyse-borna.de/seiten/start.htm" "Mozilla/5.0 (compatible; MSIE 10.0; Windows NT 6.1; WOW64; Trident/6.0)"
188.192.58.20 - - [29/Nov/2013:17:07:51 +0100] "GET /img/lay08.gif HTTP/1.1" 200 322 "http://www.dialyse-borna.de/seiten/start.htm" "Mozilla/5.0 (compatible; MSIE 10.0; Windows NT 6.1; WOW64; Trident/6.0)"
188.192.58.20 - - [29/Nov/2013:17:07:51 +0100] "GET /img/bg3.gif HTTP/1.1" 200 143 "http://www.dialyse-borna.de/seiten/start.htm" "Mozilla/5.0 (compatible; MSIE 10.0; Windows NT 6.1; WOW64; Trident/6.0)"
188.192.58.20 - - [29/Nov/2013:17:07:51 +0100] "GET /img/lay05.gif HTTP/1.1" 200 541 "http://www.dialyse-borna.de/seiten/start.htm" "Mozilla/5.0 (compatible; MSIE 10.0; Windows NT 6.1; WOW64; Trident/6.0)"
188.192.58.20 - - [29/Nov/2013:17:07:51 +0100] "GET /img/bg4.gif HTTP/1.1" 200 135 "http://www.dialyse-borna.de/seiten/start.htm" "Mozilla/5.0 (compatible; MSIE 10.0; Windows NT 6.1; WOW64; Trident/6.0)"
188.192.58.20 - - [29/Nov/2013:17:07:51 +0100] "GET /img/bilder.swf HTTP/1.1" 200 78858 "http://www.dialyse-borna.de/seiten/start.htm" "Mozilla/5.0 (compatible; MSIE 10.0; Windows NT 6.1; WOW64; Trident/6.0)"
188.192.58.20 - - [29/Nov/2013:17:07:51 +0100] "GET /img/men03a.gif HTTP/1.1" 200 820 "http://www.dialyse-borna.de/seiten/start.htm" "Mozilla/5.0 (compatible; MSIE 10.0; Windows NT 6.1; WOW64; Trident/6.0)"
188.192.58.20 - - [29/Nov/2013:17:07:51 +0100] "GET /img/men04a.gif HTTP/1.1" 200 669 "http://www.dialyse-borna.de/seiten/start.htm" "Mozilla/5.0 (compatible; MSIE 10.0; Windows NT 6.1; WOW64; Trident/6.0)"
188.192.58.20 - - [29/Nov/2013:17:07:51 +0100] "GET /img/men05a.gif HTTP/1.1" 200 556 "http://www.dialyse-borna.de/seiten/start.htm" "Mozilla/5.0 (compatible; MSIE 10.0; Windows NT 6.1; WOW64; Trident/6.0)"
188.192.58.20 - - [29/Nov/2013:17:07:51 +0100] "GET /img/men06a.gif HTTP/1.1" 200 518 "http://www.dialyse-borna.de/seiten/start.htm" "Mozilla/5.0 (compatible; MSIE 10.0; Windows NT 6.1; WOW64; Trident/6.0)"
188.192.58.20 - - [29/Nov/2013:17:07:51 +0100] "GET /img/men07a.gif HTTP/1.1" 200 666 "http://www.dialyse-borna.de/seiten/start.htm" "Mozilla/5.0 (compatible; MSIE 10.0; Windows NT 6.1; WOW64; Trident/6.0)"
188.192.58.20 - - [29/Nov/2013:17:07:51 +0100] "GET /img/men08a.gif HTTP/1.1" 200 819 "http://www.dialyse-borna.de/seiten/start.htm" "Mozilla/5.0 (compatible; MSIE 10.0; Windows NT 6.1; WOW64; Trident/6.0)"
188.192.58.20 - - [29/Nov/2013:17:07:56 +0100] "GET /seiten/dialyse.htm HTTP/1.1" 200 7403 "http://www.dialyse-borna.de/seiten/start.htm" "Mozilla/5.0 (compatible; MSIE 10.0; Windows NT 6.1; WOW64; Trident/6.0)"
188.192.58.20 - - [29/Nov/2013:17:07:56 +0100] "GET /img/men02.gif HTTP/1.1" 200 1273 "http://www.dialyse-borna.de/seiten/dialyse.htm" "Mozilla/5.0 (compatible; MSIE 10.0; Windows NT 6.1; WOW64; Trident/6.0)"
188.192.58.20 - - [29/Nov/2013:17:07:56 +0100] "GET /img/dialyse.jpg HTTP/1.1" 200 18017 "http://www.dialyse-borna.de/seiten/dialyse.htm" "Mozilla/5.0 (compatible; MSIE 10.0; Windows NT 6.1; WOW64; Trident/6.0)"
188.192.58.20 - - [29/Nov/2013:17:07:58 +0100] "GET /seiten/praxis.htm HTTP/1.1" 200 7847 "http://www.dialyse-borna.de/seiten/dialyse.htm" "Mozilla/5.0 (compatible; MSIE 10.0; Windows NT 6.1; WOW64; Trident/6.0)"
188.192.58.20 - - [29/Nov/2013:17:07:58 +0100] "GET /img/schild.jpg HTTP/1.1" 200 12757 "http://www.dialyse-borna.de/seiten/praxis.htm" "Mozilla/5.0 (compatible; MSIE 10.0; Windows NT 6.1; WOW64; Trident/6.0)"
141.8.147.12 - - [29/Nov/2013:19:10:00 +0100] "GET /img/men05.gif HTTP/1.1" 304 - "-" "Mozilla/5.0 (compatible; YandexImages/3.0; +http://yandex.com/bots)"
141.8.147.12 - - [29/Nov/2013:19:17:41 +0100] "GET /img/pfeil.jpg HTTP/1.1" 304 - "-" "Mozilla/5.0 (compatible; YandexImages/3.0; +http://yandex.com/bots)"
141.8.147.12 - - [29/Nov/2013:20:14:01 +0100] "GET /img/men03.gif HTTP/1.1" 304 - "-" "Mozilla/5.0 (compatible; YandexImages/3.0; +http://yandex.com/bots)"
141.8.147.12 - - [29/Nov/2013:21:08:32 +0100] "GET /img/men06a.gif HTTP/1.1" 304 - "-" "Mozilla/5.0 (compatible; YandexImages/3.0; +http://yandex.com/bots)"
66.249.73.186 - - [29/Nov/2013:21:20:21 +0100] "GET /robots.txt HTTP/1.1" 200 157 "-" "Mozilla/5.0 (compatible; Googlebot/2.1; +http://www.google.com/bot.html)"
66.249.73.186 - - [29/Nov/2013:21:20:21 +0100] "GET /seiten/start.htm HTTP/1.1" 304 - "-" "Mozilla/5.0 (iPhone; CPU iPhone OS 6_0 like Mac OS X) AppleWebKit/536.26 (KHTML, like Gecko) Version/6.0 Mobile/10A5376e Safari/8536.25 (compatible; Googlebot-Mobile/2.1; +http://www.google.com/bot.html)"
112.111.188.46 - - [29/Nov/2013:22:04:34 +0100] "GET /seiten/links.htm HTTP/1.0" 200 7302 "http://www.dialyse-borna.de/seiten/links.htm" "Opera/9.80 (Windows NT 5.1; U; MRA 6.0 (build 5970); ru) Presto/2.7.62 Version/11.00"
134.249.76.53 - - [29/Nov/2013:23:06:59 +0100] "GET /seiten/news.php HTTP/1.1" 200 7079 "http://russiahair.ru/" "Mozilla/4.0 (compatible; MSIE 5.5; Windows NT 4.0)"
134.249.76.53 - - [29/Nov/2013:23:06:59 +0100] "GET /seiten/news.php HTTP/1.1" 200 7079 "http://russiahair.ru/" "Mozilla/4.0 (compatible; MSIE 5.5; Windows NT 4.0)"
134.249.76.53 - - [29/Nov/2013:23:07:00 +0100] "GET /seiten/news.php HTTP/1.1" 200 7079 "http://russiahair.ru/" "Mozilla/4.0 (compatible; MSIE 5.5; Windows NT 4.0)"
134.249.55.41 - - [29/Nov/2013:23:25:46 +0100] "GET /seiten/news.php HTTP/1.1" 200 7079 "http://0n-line.tv/" "Mozilla/3.0 (compatible; WebCapture 2.0; Auto; Windows)"
134.249.55.41 - - [29/Nov/2013:23:25:48 +0100] "GET /seiten/news.php HTTP/1.1" 200 7079 "http://0n-line.tv/" "Mozilla/3.0 (compatible; WebCapture 2.0; Auto; Windows)"
134.249.55.41 - - [29/Nov/2013:23:25:48 +0100] "GET /seiten/news.php HTTP/1.1" 200 7079 "http://0n-line.tv/" "Mozilla/3.0 (compatible; WebCapture 2.0; Auto; Windows)"
141.8.147.12 - - [29/Nov/2013:23:40:51 +0100] "GET /robots.txt HTTP/1.1" 200 157 "-" "Mozilla/5.0 (compatible; YandexBot/3.0; +http://yandex.com/bots)"
141.8.147.12 - - [29/Nov/2013:23:40:53 +0100] "GET /img/men02.gif HTTP/1.1" 304 - "-" "Mozilla/5.0 (compatible; YandexImages/3.0; +http://yandex.com/bots)"
66.249.73.186 - - [29/Nov/2013:23:58:17 +0100] "GET /seiten/leist.htm HTTP/1.1" 304 - "-" "Mozilla/5.0 (iPhone; CPU iPhone OS 6_0 like Mac OS X) AppleWebKit/536.26 (KHTML, like Gecko) Version/6.0 Mobile/10A5376e Safari/8536.25 (compatible; Googlebot-Mobile/2.1; +http://www.google.com/bot.html)"
46.118.116.27 - - [30/Nov/2013:02:32:46 +0100] "GET /seiten/news.php HTTP/1.1" 200 7079 "http://online-clubs.com/" "Mozilla/3.0 (compatible; WebCapture 2.0; Auto; Windows)"
46.118.116.27 - - [30/Nov/2013:02:32:46 +0100] "GET /seiten/news.php HTTP/1.1" 200 7079 "http://kulay.ru/" "Mozilla/4.0 (compatible; MSIE 6.0; Windows NT 5.1; Deepnet Explorer 1.5.0; .NET CLR 1.0.3705)"
46.118.116.27 - - [30/Nov/2013:02:32:47 +0100] "GET /seiten/news.php HTTP/1.1" 200 7079 "http://online-clubs.com/" "Mozilla/3.0 (compatible; WebCapture 2.0; Auto; Windows)"
46.118.116.27 - - [30/Nov/2013:02:32:47 +0100] "GET /seiten/news.php HTTP/1.1" 200 7079 "http://kulay.ru/" "Mozilla/4.0 (compatible; MSIE 6.0; Windows NT 5.1; Deepnet Explorer 1.5.0; .NET CLR 1.0.3705)"
46.118.116.27 - - [30/Nov/2013:02:32:47 +0100] "GET /seiten/news.php HTTP/1.1" 200 7079 "http://online-clubs.com/" "Mozilla/3.0 (compatible; WebCapture 2.0; Auto; Windows)"
46.118.116.27 - - [30/Nov/2013:02:32:50 +0100] "GET /seiten/news.php HTTP/1.1" 200 7079 "http://kulay.ru/" "Mozilla/4.0 (compatible; MSIE 6.0; Windows NT 5.1; Deepnet Explorer 1.5.0; .NET CLR 1.0.3705)"
66.249.73.186 - - [30/Nov/2013:03:56:54 +0100] "GET /seiten/start.htm HTTP/1.1" 304 - "-" "Mozilla/5.0 (compatible; Googlebot/2.1; +http://www.google.com/bot.html)"
91.207.4.206 - - [30/Nov/2013:05:06:44 +0100] "GET /seiten/news.php HTTP/1.1" 200 7079 "http://bulros.su/" "Mozilla/4.0 (compatible; MSIE 5.5; Windows NT 5.0; T312461)"
91.207.4.206 - - [30/Nov/2013:05:06:44 +0100] "GET /seiten/news.php HTTP/1.1" 200 7079 "http://bulros.su/" "Mozilla/4.0 (compatible; MSIE 5.5; Windows NT 5.0; T312461)"
91.207.4.206 - - [30/Nov/2013:05:06:45 +0100] "GET /seiten/news.php HTTP/1.1" 200 7079 "http://bulros.su/" "Mozilla/4.0 (compatible; MSIE 5.5; Windows NT 5.0; T312461)"
66.249.73.186 - - [30/Nov/2013:05:07:02 +0100] "GET / HTTP/1.1" 200 2663 "-" "Mozilla/5.0 (compatible; Googlebot/2.1; +http://www.google.com/bot.html)"
66.249.73.186 - - [30/Nov/2013:05:15:29 +0100] "GET /seiten/start.htm HTTP/1.1" 200 7516 "-" "Mozilla/5.0 (compatible; Googlebot/2.1; +http://www.google.com/bot.html)"
141.8.147.12 - - [30/Nov/2013:06:51:09 +0100] "GET / HTTP/1.1" 200 2663 "-" "Mozilla/5.0 (compatible; YandexBot/3.0; +http://yandex.com/bots)"
66.249.73.186 - - [30/Nov/2013:10:04:29 +0100] "GET / HTTP/1.1" 200 2663 "-" "Mozilla/5.0 (iPhone; CPU iPhone OS 6_0 like Mac OS X) AppleWebKit/536.26 (KHTML, like Gecko) Version/6.0 Mobile/10A5376e Safari/8536.25 (compatible; Googlebot-Mobile/2.1; +http://www.google.com/bot.html)"
66.249.73.186 - - [30/Nov/2013:10:06:04 +0100] "GET /seiten/start.htm HTTP/1.1" 200 7516 "-" "Mozilla/5.0 (iPhone; CPU iPhone OS 6_0 like Mac OS X) AppleWebKit/536.26 (KHTML, like Gecko) Version/6.0 Mobile/10A5376e Safari/8536.25 (compatible; Googlebot-Mobile/2.1; +http://www.google.com/bot.html)"
134.249.55.41 - - [30/Nov/2013:10:31:09 +0100] "GET /seiten/news.php HTTP/1.1" 200 7079 "http://lechenie-ot-spaica.ru/" "Mozilla/3.0 (compatible; WebCapture 2.0; Auto; Windows)"
134.249.55.41 - - [30/Nov/2013:10:31:09 +0100] "GET /seiten/news.php HTTP/1.1" 200 7079 "http://lechenie-ot-spaica.ru/" "Mozilla/3.0 (compatible; WebCapture 2.0; Auto; Windows)"
134.249.55.41 - - [30/Nov/2013:10:31:11 +0100] "GET /seiten/news.php HTTP/1.1" 200 7079 "http://lechenie-ot-spaica.ru/" "Mozilla/3.0 (compatible; WebCapture 2.0; Auto; Windows)"
37.115.113.177 - - [30/Nov/2013:11:59:01 +0100] "GET /seiten/news.php HTTP/1.1" 200 7079 "http://fedek.ru/" "Opera/8.01 (Windows NT 5.1)"
37.115.113.177 - - [30/Nov/2013:11:59:02 +0100] "GET /seiten/news.php HTTP/1.1" 200 7079 "http://fedek.ru/" "Opera/8.01 (Windows NT 5.1)"
37.115.113.177 - - [30/Nov/2013:11:59:02 +0100] "GET /seiten/news.php HTTP/1.1" 200 7079 "http://fedek.ru/" "Opera/8.01 (Windows NT 5.1)"
36.248.168.211 - - [30/Nov/2013:14:31:52 +0100] "GET /seiten/links.htm HTTP/1.0" 200 7302 "http://www.dialyse-borna.de/seiten/links.htm" "Mozilla/5.0 (Windows NT 5.1; rv:7.0.1) Gecko/20100101 Firefox/7.0.1"
46.119.124.60 - - [30/Nov/2013:14:35:43 +0100] "GET /seiten/news.php HTTP/1.1" 200 7079 "http://adrrus.info/" "Opera/7.11 (Windows NT 5.1; U) [en]"
46.119.124.60 - - [30/Nov/2013:14:35:43 +0100] "GET /seiten/news.php HTTP/1.1" 200 7079 "http://adrrus.info/" "Opera/7.11 (Windows NT 5.1; U) [en]"
46.119.124.60 - - [30/Nov/2013:14:35:43 +0100] "GET /seiten/news.php HTTP/1.1" 200 7079 "http://adrrus.info/" "Opera/7.11 (Windows NT 5.1; U) [en]"
66.249.78.101 - - [30/Nov/2013:14:35:56 +0100] "GET /robots.txt HTTP/1.1" 200 157 "-" "Mozilla/5.0 (compatible; Googlebot/2.1; +http://www.google.com/bot.html)"
66.249.78.101 - - [30/Nov/2013:14:35:56 +0100] "GET /seiten/impr.htm HTTP/1.1" 304 - "-" "Mozilla/5.0 (iPhone; CPU iPhone OS 6_0 like Mac OS X) AppleWebKit/536.26 (KHTML, like Gecko) Version/6.0 Mobile/10A5376e Safari/8536.25 (compatible; Googlebot-Mobile/2.1; +http://www.google.com/bot.html)"
91.207.4.206 - - [30/Nov/2013:16:11:21 +0100] "GET /seiten/news.php HTTP/1.1" 200 7079 "http://flash-games.com.ua/" "Mozilla/1.22 (compatible; MSIE 2.0; Windows 95)"
91.207.4.206 - - [30/Nov/2013:16:11:21 +0100] "GET /seiten/news.php HTTP/1.1" 200 7079 "http://flash-games.com.ua/" "Mozilla/1.22 (compatible; MSIE 2.0; Windows 95)"
91.207.4.206 - - [30/Nov/2013:16:11:22 +0100] "GET /seiten/news.php HTTP/1.1" 200 7079 "http://flash-games.com.ua/" "Mozilla/1.22 (compatible; MSIE 2.0; Windows 95)"
84.229.189.92 - - [30/Nov/2013:16:34:39 +0100] "GET /seiten/links.htm HTTP/1.0" 200 7302 "http://www.dialyse-borna.de/seiten/links.htm" "Mozilla/5.0 (Windows NT 5.1; rv:16.0) Gecko/20121026 Firefox/16.0 SeaMonkey/2.13.2"
46.119.124.60 - - [30/Nov/2013:16:53:20 +0100] "GET /seiten/news.php HTTP/1.1" 200 7079 "http://ferron.net.ua/" "Opera/8.01 (Windows NT 5.1)"
46.119.124.60 - - [30/Nov/2013:16:53:21 +0100] "GET /seiten/news.php HTTP/1.1" 200 7079 "http://ferron.net.ua/" "Opera/8.01 (Windows NT 5.1)"
46.119.124.60 - - [30/Nov/2013:16:53:24 +0100] "GET /seiten/news.php HTTP/1.1" 200 7079 "http://ferron.net.ua/" "Opera/8.01 (Windows NT 5.1)"
141.8.147.12 - - [30/Nov/2013:16:59:01 +0100] "GET /robots.txt HTTP/1.1" 200 157 "-" "Mozilla/5.0 (compatible; YandexBot/3.0; +http://yandex.com/bots)"
141.8.147.12 - - [30/Nov/2013:16:59:03 +0100] "GET /img/men02a.gif HTTP/1.1" 304 - "-" "Mozilla/5.0 (compatible; YandexImages/3.0; +http://yandex.com/bots)"
141.8.147.12 - - [30/Nov/2013:17:05:34 +0100] "GET /img/men07.gif HTTP/1.1" 304 - "-" "Mozilla/5.0 (compatible; YandexImages/3.0; +http://yandex.com/bots)"
141.8.147.12 - - [30/Nov/2013:17:10:36 +0100] "GET /img/men08a.gif HTTP/1.1" 304 - "-" "Mozilla/5.0 (compatible; YandexImages/3.0; +http://yandex.com/bots)"
157.56.93.148 - - [30/Nov/2013:17:22:24 +0100] "GET /robots.txt HTTP/1.1" 200 157 "-" "Mozilla/5.0 (compatible; bingbot/2.0; +http://www.bing.com/bingbot.htm)"
157.56.93.148 - - [30/Nov/2013:17:26:11 +0100] "GET /seiten/dialyse.htm HTTP/1.1" 200 7403 "-" "Mozilla/5.0 (compatible; bingbot/2.0; +http://www.bing.com/bingbot.htm)"
199.30.24.49 - - [30/Nov/2013:17:26:18 +0100] "GET /css/borna.css HTTP/1.1" 200 2909 "http://www.dialyse-borna.de/seiten/dialyse.htm" "Mozilla/5.0 (Windows NT 6.1; WOW64) AppleWebKit/534+ (KHTML, like Gecko) BingPreview/1.0b"
141.8.147.12 - - [30/Nov/2013:18:47:31 +0100] "GET /img/men08.gif HTTP/1.1" 304 - "-" "Mozilla/5.0 (compatible; YandexImages/3.0; +http://yandex.com/bots)"
141.8.147.12 - - [30/Nov/2013:18:48:00 +0100] "GET /img/men07a.gif HTTP/1.1" 304 - "-" "Mozilla/5.0 (compatible; YandexImages/3.0; +http://yandex.com/bots)"
5.9.113.6 - - [30/Nov/2013:19:28:24 +0100] "GET /robots.txt HTTP/1.1" 200 157 "-" "Apache-HttpClient/4.3 (java 1.5)"
5.9.113.6 - - [30/Nov/2013:19:28:24 +0100] "GET / HTTP/1.1" 200 2663 "-" "Apache-HttpClient/4.3 (java 1.5)"
176.57.141.254 - - [30/Nov/2013:19:29:37 +0100] "GET /seiten/impr.htm HTTP/1.1" 200 9648 "-" "Mozilla/5.0 (X11; Linux i686; rv:6.0) Gecko/20100101 Firefox/6.0"
66.249.78.101 - - [30/Nov/2013:19:40:20 +0100] "GET / HTTP/1.1" 200 2663 "-" "Mozilla/5.0 (iPhone; CPU iPhone OS 6_0 like Mac OS X) AppleWebKit/536.26 (KHTML, like Gecko) Version/6.0 Mobile/10A5376e Safari/8536.25 (compatible; Googlebot-Mobile/2.1; +http://www.google.com/bot.html)"
109.86.4.198 - - [30/Nov/2013:19:47:55 +0100] "GET /seiten/links.htm HTTP/1.0" 200 7302 "http://www.dialyse-borna.de/seiten/links.htm" "Opera/9.80 (Windows NT 6.1; MRA 6.0 (build 5970)) Presto/2.12.388 Version/12.11"
141.8.147.12 - - [30/Nov/2013:19:48:00 +0100] "GET /img/men01.gif HTTP/1.1" 304 - "-" "Mozilla/5.0 (compatible; YandexImages/3.0; +http://yandex.com/bots)"
141.8.147.12 - - [30/Nov/2013:20:08:18 +0100] "GET /img/men06a.gif HTTP/1.1" 304 - "-" "Mozilla/5.0 (compatible; YandexImages/3.0; +http://yandex.com/bots)"
195.242.218.133 - - [30/Nov/2013:20:48:23 +0100] "GET /seiten/news.php HTTP/1.1" 200 7079 "http://www.wwalls.ru/" "Mozilla/4.0 (compatible; MSIE 6.0; Windows NT 5.1; .NET CLR 1.0.3705)"
195.242.218.133 - - [30/Nov/2013:20:48:24 +0100] "GET /seiten/news.php HTTP/1.1" 200 7079 "http://www.wwalls.ru/" "Mozilla/4.0 (compatible; MSIE 6.0; Windows NT 5.1; .NET CLR 1.0.3705)"
195.242.218.133 - - [30/Nov/2013:20:48:29 +0100] "GET /seiten/news.php HTTP/1.1" 200 7079 "http://www.wwalls.ru/" "Mozilla/4.0 (compatible; MSIE 6.0; Windows NT 5.1; .NET CLR 1.0.3705)"
66.249.78.101 - - [30/Nov/2013:21:21:25 +0100] "GET /seiten/kont.htm HTTP/1.1" 304 - "-" "Mozilla/5.0 (iPhone; CPU iPhone OS 6_0 like Mac OS X) AppleWebKit/536.26 (KHTML, like Gecko) Version/6.0 Mobile/10A5376e Safari/8536.25 (compatible; Googlebot-Mobile/2.1; +http://www.google.com/bot.html)"
141.8.147.12 - - [30/Nov/2013:21:33:51 +0100] "GET /img/lay07.gif HTTP/1.1" 304 - "-" "Mozilla/5.0 (compatible; YandexImages/3.0; +http://yandex.com/bots)"
141.8.147.12 - - [30/Nov/2013:21:59:20 +0100] "GET /img/men05a.gif HTTP/1.1" 304 - "-" "Mozilla/5.0 (compatible; YandexImages/3.0; +http://yandex.com/bots)"