88.198.0.44 - - [05/Oct/2012:08:30:33 +0200] "GET /seiten/praxis.htm HTTP/1.1" 200 5018 "http://www.dialyse-in-salzwedel.de/seiten/kont_form.php" "Opera/9.20 (Windows NT 5.1; U; de)"
88.198.0.44 - - [05/Oct/2012:08:30:33 +0200] "GET /seiten/impressum.htm HTTP/1.1" 200 6907 "http://www.dialyse-in-salzwedel.de/seiten/praxis.htm" "Opera/9.20 (Windows NT 5.1; U; de)"
88.198.0.44 - - [05/Oct/2012:08:30:33 +0200] "GET /seiten/dialyse.htm HTTP/1.1" 200 4906 "http://www.dialyse-in-salzwedel.de/seiten/impressum.htm" "Opera/9.20 (Windows NT 5.1; U; de)"
88.198.0.44 - - [05/Oct/2012:08:30:33 +0200] "GET /seiten/news.php HTTP/1.1" 200 4865 "http://www.dialyse-in-salzwedel.de/seiten/dialyse.htm" "Opera/9.20 (Windows NT 5.1; U; de)"
88.198.0.44 - - [05/Oct/2012:08:30:33 +0200] "GET /seiten/function.include HTTP/1.1" 404 1256 "http://www.dialyse-in-salzwedel.de/seiten/news.php" "Opera/9.20 (Windows NT 5.1; U; de)"
94.153.65.203 - - [05/Oct/2012:08:35:20 +0200] "GET /seiten/start.htm HTTP/1.1" 200 4313 "http://www.giftsburg.ru/" "Mozilla/4.0 (compatible; MSIE 6.0; Windows NT 5.1; SV1; FunWebProducts)"
94.153.65.203 - - [05/Oct/2012:08:35:20 +0200] "GET /seiten/start.htm HTTP/1.1" 200 4313 "http://www.giftsburg.ru/" "Mozilla/4.0 (compatible; MSIE 6.0; Windows NT 5.1; SV1; FunWebProducts)"
178.154.179.250 - - [05/Oct/2012:11:15:44 +0200] "GET / HTTP/1.1" 200 2301 "-" "Mozilla/5.0 (compatible; YandexBot/3.0; +http://yandex.com/bots)"
178.255.215.73 - - [05/Oct/2012:12:04:53 +0200] "GET /robots.txt HTTP/1.1" 404 1256 "-" "Mozilla/5.0 (compatible; Exabot/3.0; +http://www.exabot.com/go/robot)"
178.255.215.73 - - [05/Oct/2012:12:04:53 +0200] "GET / HTTP/1.1" 304 - "-" "Mozilla/5.0 (compatible; Exabot/3.0; +http://www.exabot.com/go/robot)"
176.9.155.226 - - [05/Oct/2012:12:28:21 +0200] "GET /robots.txt HTTP/1.1" 404 1256 "-" "Mozilla/5.0 (compatible; SISTRIX Crawler; http://crawler.sistrix.net/)"
176.9.155.226 - - [05/Oct/2012:12:28:21 +0200] "GET / HTTP/1.1" 200 2301 "-" "Mozilla/5.0 (compatible; SISTRIX Crawler; http://crawler.sistrix.net/)"
176.9.155.226 - - [05/Oct/2012:12:28:21 +0200] "GET /seiten/start.htm HTTP/1.1" 200 4313 "-" "Mozilla/5.0 (compatible; SISTRIX Crawler; http://crawler.sistrix.net/)"
176.9.155.226 - - [05/Oct/2012:12:28:21 +0200] "GET /seiten/kontakt.htm HTTP/1.1" 200 5472 "-" "Mozilla/5.0 (compatible; SISTRIX Crawler; http://crawler.sistrix.net/)"
176.9.155.226 - - [05/Oct/2012:12:28:21 +0200] "GET /seiten/dialyse.htm HTTP/1.1" 200 4906 "-" "Mozilla/5.0 (compatible; SISTRIX Crawler; http://crawler.sistrix.net/)"
176.9.155.226 - - [05/Oct/2012:12:28:21 +0200] "GET /seiten/impressum.htm HTTP/1.1" 200 6907 "-" "Mozilla/5.0 (compatible; SISTRIX Crawler; http://crawler.sistrix.net/)"
176.9.155.226 - - [05/Oct/2012:12:28:21 +0200] "GET /seiten/praxis.htm HTTP/1.1" 200 5018 "-" "Mozilla/5.0 (compatible; SISTRIX Crawler; http://crawler.sistrix.net/)"
176.9.155.226 - - [05/Oct/2012:12:28:21 +0200] "GET /seiten/links.htm HTTP/1.1" 200 5092 "-" "Mozilla/5.0 (compatible; SISTRIX Crawler; http://crawler.sistrix.net/)"
176.9.155.226 - - [05/Oct/2012:12:28:21 +0200] "GET /seiten/leistungen.htm HTTP/1.1" 200 5060 "-" "Mozilla/5.0 (compatible; SISTRIX Crawler; http://crawler.sistrix.net/)"
176.9.155.226 - - [05/Oct/2012:12:28:21 +0200] "GET /seiten/news.php HTTP/1.1" 200 4865 "-" "Mozilla/5.0 (compatible; SISTRIX Crawler; http://crawler.sistrix.net/)"
176.9.155.226 - - [05/Oct/2012:12:28:21 +0200] "GET /seiten/kont_form.php HTTP/1.1" 200 6397 "-" "Mozilla/5.0 (compatible; SISTRIX Crawler; http://crawler.sistrix.net/)"
207.46.194.69 - - [05/Oct/2012:13:47:00 +0200] "GET /robots.txt HTTP/1.1" 404 1256 "-" "msnbot-media/1.1 (+http://search.msn.com/msnbot.htm)"
207.46.194.69 - - [05/Oct/2012:13:47:00 +0200] "GET /img/praxis.jpg HTTP/1.1" 200 13082 "-" "msnbot-media/1.1 (+http://search.msn.com/msnbot.htm)"
178.255.21.64 - - [05/Oct/2012:13:53:08 +0200] "GET / HTTP/1.1" 200 2301 "http://www.google.de/url?sa=t&rct=j&q=&esrc=s&source=web&cd=1&ved=0CCMQFjAA&url=http%3A%2F%2Fwww.dialyse-in-salzwedel.de%2F&ei=48luUL3TD8nWtAbet4DABg&usg=AFQjCNHBZzdzRK6NkOJc_vuRxJ6F08FD_w" "Mozilla/5.0 (Macintosh; Intel Mac OS X 10.5; rv:15.0) Gecko/20100101 Firefox/15.0.1"
178.255.21.64 - - [05/Oct/2012:13:53:08 +0200] "GET /scripte/basics.js HTTP/1.1" 200 1078 "http://www.dialyse-in-salzwedel.de/" "Mozilla/5.0 (Macintosh; Intel Mac OS X 10.5; rv:15.0) Gecko/20100101 Firefox/15.0.1"
178.255.21.64 - - [05/Oct/2012:13:53:08 +0200] "GET /css/style.css HTTP/1.1" 200 3212 "http://www.dialyse-in-salzwedel.de/" "Mozilla/5.0 (Macintosh; Intel Mac OS X 10.5; rv:15.0) Gecko/20100101 Firefox/15.0.1"
178.255.21.64 - - [05/Oct/2012:13:53:08 +0200] "GET /seiten/start.htm HTTP/1.1" 200 4313 "http://www.dialyse-in-salzwedel.de/" "Mozilla/5.0 (Macintosh; Intel Mac OS X 10.5; rv:15.0) Gecko/20100101 Firefox/15.0.1"
178.255.21.64 - - [05/Oct/2012:13:53:08 +0200] "GET /favicon.ico HTTP/1.1" 404 1256 "-" "Mozilla/5.0 (Macintosh; Intel Mac OS X 10.5; rv:15.0) Gecko/20100101 Firefox/15.0.1"
178.255.21.64 - - [05/Oct/2012:13:53:09 +0200] "GET /img/men01.gif HTTP/1.1" 200 702 "http://www.dialyse-in-salzwedel.de/seiten/start.htm" "Mozilla/5.0 (Macintosh; Intel Mac OS X 10.5; rv:15.0) Gecko/20100101 Firefox/15.0.1"
178.255.21.64 - - [05/Oct/2012:13:53:09 +0200] "GET /img/head.gif HTTP/1.1" 200 4213 "http://www.dialyse-in-salzwedel.de/seiten/start.htm" "Mozilla/5.0 (Macintosh; Intel Mac OS X 10.5; rv:15.0) Gecko/20100101 Firefox/15.0.1"
178.255.21.64 - - [05/Oct/2012:13:53:09 +0200] "GET /img/men04.gif HTTP/1.1" 200 1234 "http://www.dialyse-in-salzwedel.de/seiten/start.htm" "Mozilla/5.0 (Macintosh; Intel Mac OS X 10.5; rv:15.0) Gecko/20100101 Firefox/15.0.1"
178.255.21.64 - - [05/Oct/2012:13:53:09 +0200] "GET /img/men03.gif HTTP/1.1" 200 999 "http://www.dialyse-in-salzwedel.de/seiten/start.htm" "Mozilla/5.0 (Macintosh; Intel Mac OS X 10.5; rv:15.0) Gecko/20100101 Firefox/15.0.1"
178.255.21.64 - - [05/Oct/2012:13:53:09 +0200] "GET /img/men05.gif HTTP/1.1" 200 1042 "http://www.dialyse-in-salzwedel.de/seiten/start.htm" "Mozilla/5.0 (Macintosh; Intel Mac OS X 10.5; rv:15.0) Gecko/20100101 Firefox/15.0.1"
178.255.21.64 - - [05/Oct/2012:13:53:09 +0200] "GET /img/men06.gif HTTP/1.1" 200 904 "http://www.dialyse-in-salzwedel.de/seiten/start.htm" "Mozilla/5.0 (Macintosh; Intel Mac OS X 10.5; rv:15.0) Gecko/20100101 Firefox/15.0.1"
178.255.21.64 - - [05/Oct/2012:13:53:09 +0200] "GET /img/men07.gif HTTP/1.1" 200 893 "http://www.dialyse-in-salzwedel.de/seiten/start.htm" "Mozilla/5.0 (Macintosh; Intel Mac OS X 10.5; rv:15.0) Gecko/20100101 Firefox/15.0.1"
178.255.21.64 - - [05/Oct/2012:13:53:09 +0200] "GET /img/men08.gif HTTP/1.1" 200 1069 "http://www.dialyse-in-salzwedel.de/seiten/start.htm" "Mozilla/5.0 (Macintosh; Intel Mac OS X 10.5; rv:15.0) Gecko/20100101 Firefox/15.0.1"
178.255.21.64 - - [05/Oct/2012:13:53:09 +0200] "GET /img/men09.gif HTTP/1.1" 200 1200 "http://www.dialyse-in-salzwedel.de/seiten/start.htm" "Mozilla/5.0 (Macintosh; Intel Mac OS X 10.5; rv:15.0) Gecko/20100101 Firefox/15.0.1"
178.255.21.64 - - [05/Oct/2012:13:53:09 +0200] "GET /img/men02.gif HTTP/1.1" 200 758 "http://www.dialyse-in-salzwedel.de/seiten/start.htm" "Mozilla/5.0 (Macintosh; Intel Mac OS X 10.5; rv:15.0) Gecko/20100101 Firefox/15.0.1"
178.255.21.64 - - [05/Oct/2012:13:53:09 +0200] "GET /img/lay01.gif HTTP/1.1" 200 149 "http://www.dialyse-in-salzwedel.de/seiten/start.htm" "Mozilla/5.0 (Macintosh; Intel Mac OS X 10.5; rv:15.0) Gecko/20100101 Firefox/15.0.1"
178.255.21.64 - - [05/Oct/2012:13:53:09 +0200] "GET /img/lay02.gif HTTP/1.1" 200 153 "http://www.dialyse-in-salzwedel.de/seiten/start.htm" "Mozilla/5.0 (Macintosh; Intel Mac OS X 10.5; rv:15.0) Gecko/20100101 Firefox/15.0.1"
178.255.21.64 - - [05/Oct/2012:13:53:09 +0200] "GET /img/start.jpg HTTP/1.1" 200 18933 "http://www.dialyse-in-salzwedel.de/seiten/start.htm" "Mozilla/5.0 (Macintosh; Intel Mac OS X 10.5; rv:15.0) Gecko/20100101 Firefox/15.0.1"
178.255.21.64 - - [05/Oct/2012:13:53:09 +0200] "GET /img/lay03.gif HTTP/1.1" 200 253 "http://www.dialyse-in-salzwedel.de/seiten/start.htm" "Mozilla/5.0 (Macintosh; Intel Mac OS X 10.5; rv:15.0) Gecko/20100101 Firefox/15.0.1"
178.255.21.64 - - [05/Oct/2012:13:53:09 +0200] "GET /img/lay04.gif HTTP/1.1" 200 272 "http://www.dialyse-in-salzwedel.de/seiten/start.htm" "Mozilla/5.0 (Macintosh; Intel Mac OS X 10.5; rv:15.0) Gecko/20100101 Firefox/15.0.1"
178.255.21.64 - - [05/Oct/2012:13:53:09 +0200] "GET /img/1px.gif HTTP/1.1" 200 43 "http://www.dialyse-in-salzwedel.de/seiten/start.htm" "Mozilla/5.0 (Macintosh; Intel Mac OS X 10.5; rv:15.0) Gecko/20100101 Firefox/15.0.1"
178.255.21.64 - - [05/Oct/2012:13:53:09 +0200] "GET /img/bg02.gif HTTP/1.1" 200 67 "http://www.dialyse-in-salzwedel.de/seiten/start.htm" "Mozilla/5.0 (Macintosh; Intel Mac OS X 10.5; rv:15.0) Gecko/20100101 Firefox/15.0.1"
178.255.21.64 - - [05/Oct/2012:13:53:09 +0200] "GET /img/bg01.gif HTTP/1.1" 200 70 "http://www.dialyse-in-salzwedel.de/seiten/start.htm" "Mozilla/5.0 (Macintosh; Intel Mac OS X 10.5; rv:15.0) Gecko/20100101 Firefox/15.0.1"
178.255.21.64 - - [05/Oct/2012:13:53:09 +0200] "GET /img/bg03.gif HTTP/1.1" 200 84 "http://www.dialyse-in-salzwedel.de/seiten/start.htm" "Mozilla/5.0 (Macintosh; Intel Mac OS X 10.5; rv:15.0) Gecko/20100101 Firefox/15.0.1"
178.255.21.64 - - [05/Oct/2012:13:53:09 +0200] "GET /img/bg04.gif HTTP/1.1" 200 92 "http://www.dialyse-in-salzwedel.de/seiten/start.htm" "Mozilla/5.0 (Macintosh; Intel Mac OS X 10.5; rv:15.0) Gecko/20100101 Firefox/15.0.1"
178.255.21.64 - - [05/Oct/2012:13:53:17 +0200] "GET /img/meno01.gif HTTP/1.1" 200 938 "http://www.dialyse-in-salzwedel.de/seiten/start.htm" "Mozilla/5.0 (Macintosh; Intel Mac OS X 10.5; rv:15.0) Gecko/20100101 Firefox/15.0.1"
178.255.21.64 - - [05/Oct/2012:13:53:17 +0200] "GET /img/meno01.gif HTTP/1.1" 200 938 "http://www.dialyse-in-salzwedel.de/seiten/start.htm" "Mozilla/5.0 (Macintosh; Intel Mac OS X 10.5; rv:15.0) Gecko/20100101 Firefox/15.0.1"
178.255.21.64 - - [05/Oct/2012:13:53:19 +0200] "GET /seiten/praxis.htm HTTP/1.1" 200 5018 "http://www.dialyse-in-salzwedel.de/seiten/start.htm" "Mozilla/5.0 (Macintosh; Intel Mac OS X 10.5; rv:15.0) Gecko/20100101 Firefox/15.0.1"
178.255.21.64 - - [05/Oct/2012:13:53:19 +0200] "GET /img/praxis.jpg HTTP/1.1" 200 13082 "http://www.dialyse-in-salzwedel.de/seiten/praxis.htm" "Mozilla/5.0 (Macintosh; Intel Mac OS X 10.5; rv:15.0) Gecko/20100101 Firefox/15.0.1"
178.255.21.64 - - [05/Oct/2012:13:53:39 +0200] "GET /img/meno02.gif HTTP/1.1" 200 1200 "http://www.dialyse-in-salzwedel.de/seiten/praxis.htm" "Mozilla/5.0 (Macintosh; Intel Mac OS X 10.5; rv:15.0) Gecko/20100101 Firefox/15.0.1"
178.255.21.64 - - [05/Oct/2012:13:53:40 +0200] "GET /seiten/leistungen.htm HTTP/1.1" 200 5060 "http://www.dialyse-in-salzwedel.de/seiten/praxis.htm" "Mozilla/5.0 (Macintosh; Intel Mac OS X 10.5; rv:15.0) Gecko/20100101 Firefox/15.0.1"
178.255.21.64 - - [05/Oct/2012:13:53:40 +0200] "GET /img/leist.jpg HTTP/1.1" 200 18843 "http://www.dialyse-in-salzwedel.de/seiten/leistungen.htm" "Mozilla/5.0 (Macintosh; Intel Mac OS X 10.5; rv:15.0) Gecko/20100101 Firefox/15.0.1"
178.255.21.64 - - [05/Oct/2012:14:07:57 +0200] "GET /img/meno03.gif HTTP/1.1" 200 931 "http://www.dialyse-in-salzwedel.de/seiten/leistungen.htm" "Mozilla/5.0 (Macintosh; Intel Mac OS X 10.5; rv:15.0) Gecko/20100101 Firefox/15.0.1"
178.255.21.64 - - [05/Oct/2012:14:08:00 +0200] "GET /img/meno04.gif HTTP/1.1" 200 727 "http://www.dialyse-in-salzwedel.de/seiten/leistungen.htm" "Mozilla/5.0 (Macintosh; Intel Mac OS X 10.5; rv:15.0) Gecko/20100101 Firefox/15.0.1"
178.255.21.64 - - [05/Oct/2012:14:08:02 +0200] "GET /seiten/dialyse.htm HTTP/1.1" 200 4906 "http://www.dialyse-in-salzwedel.de/seiten/leistungen.htm" "Mozilla/5.0 (Macintosh; Intel Mac OS X 10.5; rv:15.0) Gecko/20100101 Firefox/15.0.1"
178.255.21.64 - - [05/Oct/2012:14:08:02 +0200] "GET /img/dialyse.jpg HTTP/1.1" 200 21241 "http://www.dialyse-in-salzwedel.de/seiten/dialyse.htm" "Mozilla/5.0 (Macintosh; Intel Mac OS X 10.5; rv:15.0) Gecko/20100101 Firefox/15.0.1"
178.255.21.64 - - [05/Oct/2012:14:09:50 +0200] "GET /img/meno07.gif HTTP/1.1" 200 1052 "http://www.dialyse-in-salzwedel.de/seiten/dialyse.htm" "Mozilla/5.0 (Macintosh; Intel Mac OS X 10.5; rv:15.0) Gecko/20100101 Firefox/15.0.1"
178.255.21.64 - - [05/Oct/2012:14:10:07 +0200] "GET /seiten/news.php HTTP/1.1" 200 4865 "http://www.dialyse-in-salzwedel.de/seiten/dialyse.htm" "Mozilla/5.0 (Macintosh; Intel Mac OS X 10.5; rv:15.0) Gecko/20100101 Firefox/15.0.1"
178.255.21.64 - - [05/Oct/2012:14:10:23 +0200] "GET /img/meno05.gif HTTP/1.1" 200 788 "http://www.dialyse-in-salzwedel.de/seiten/news.php" "Mozilla/5.0 (Macintosh; Intel Mac OS X 10.5; rv:15.0) Gecko/20100101 Firefox/15.0.1"
109.120.157.179 - - [05/Oct/2012:15:17:45 +0200] "GET /seiten/start.htm HTTP/1.1" 200 4313 "http://packminecraft.ru/" "Mozilla/5.0 (compatible; Add Catalog/2.1;)"
109.120.157.179 - - [05/Oct/2012:15:17:46 +0200] "GET /seiten/start.htm HTTP/1.1" 200 4313 "http://packminecraft.ru/" "Mozilla/5.0 (compatible; Add Catalog/2.1;)"
123.125.71.24 - - [05/Oct/2012:17:39:25 +0200] "GET / HTTP/1.1" 200 2301 "-" "Mozilla/5.0 (compatible; Baiduspider/2.0; +http://www.baidu.com/search/spider.html)"
220.181.108.105 - - [05/Oct/2012:17:40:13 +0200] "GET / HTTP/1.1" 200 2301 "-" "Mozilla/5.0 (compatible; Baiduspider/2.0; +http://www.baidu.com/search/spider.html)"
193.174.111.250 - - [05/Oct/2012:17:54:33 +0200] "GET /seiten/dialyse.htm HTTP/1.1" 200 4906 "http://www.google.de/imgres?q=Dialyse&hl=de&biw=1600&bih=703&tbm=isch&tbnid=X1I_YDZL3jeJTM:&imgrefurl=http://www.dialyse-in-salzwedel.de/seiten/dialyse.htm&docid=PUbPJtek_nfasM&imgurl=http://www.dialyse-in-salzwedel.de/img/dialyse.jpg&w=360&h=312&ei=ZQJvUMf-PMXctAah-YGgDw&zoom=1&iact=hc&vpx=1312&vpy=293&dur=1094&hovh=209&hovw=241&tx=130&ty=126&sig=106940793295533934022&page=1&tbnh=141&tbnw=173&start=0&ndsp=23&ved=1t:429,r:22,s:0,i:202" "Mozilla/4.0 (compatible; MSIE 8.0; Windows NT 5.1; Trident/4.0; InfoPath.1; .NET CLR 2.0.50727; .NET CLR 3.0.4506.2152; .NET CLR 3.5.30729)"
193.174.111.250 - - [05/Oct/2012:17:54:33 +0200] "GET /img/dialyse.jpg HTTP/1.1" 200 21241 "http://www.google.de/imgres?q=Dialyse&hl=de&biw=1600&bih=703&tbm=isch&tbnid=X1I_YDZL3jeJTM:&imgrefurl=http://www.dialyse-in-salzwedel.de/seiten/dialyse.htm&docid=PUbPJtek_nfasM&imgurl=http://www.dialyse-in-salzwedel.de/img/dialyse.jpg&w=360&h=312&ei=ZQJvUMf-PMXctAah-YGgDw&zoom=1&iact=hc&vpx=1312&vpy=293&dur=1094&hovh=209&hovw=241&tx=130&ty=126&sig=106940793295533934022&page=1&tbnh=141&tbnw=173&start=0&ndsp=23&ved=1t:429,r:22,s:0,i:202" "Mozilla/4.0 (compatible; MSIE 8.0; Windows NT 5.1; Trident/4.0; InfoPath.1; .NET CLR 2.0.50727; .NET CLR 3.0.4506.2152; .NET CLR 3.5.30729)"
193.174.111.250 - - [05/Oct/2012:17:54:34 +0200] "GET /favicon.ico HTTP/1.1" 404 1256 "-" "Mozilla/4.0 (compatible; MSIE 8.0; Windows NT 5.1; Trident/4.0; InfoPath.1; .NET CLR 2.0.50727; .NET CLR 3.0.4506.2152; .NET CLR 3.5.30729)"
66.249.71.59 - - [05/Oct/2012:21:32:40 +0200] "GET /robots.txt HTTP/1.1" 404 1256 "-" "Mozilla/5.0 (compatible; Googlebot/2.1; +http://www.google.com/bot.html)"
66.249.71.59 - - [05/Oct/2012:21:32:40 +0200] "GET / HTTP/1.1" 200 2301 "-" "Mozilla/5.0 (iPhone; U; CPU iPhone OS 4_1 like Mac OS X; en-us) AppleWebKit/532.9 (KHTML, like Gecko) Version/4.0.5 Mobile/8B117 Safari/6531.22.7 (compatible; Googlebot-Mobile/2.1; +http://www.google.com/bot.html)"
199.15.234.140 - - [05/Oct/2012:21:44:24 +0200] "GET /seiten/links.htm HTTP/1.0" 200 5092 "http://www.dialyse-in-salzwedel.de/seiten/links.htm" "Mozilla/5.0 (Windows; U; Windows NT 5.1; ru; rv:1.9.2.27) Gecko/20120216 Firefox/3.6.27"
193.106.136.57 - - [05/Oct/2012:22:47:03 +0200] "GET /seiten/start.htm HTTP/1.1" 200 4313 "http://www.rvtv.ru/" "Mozilla/1.22 (compatible; MSIE 2.0d; Windows NT)"
193.106.136.57 - - [05/Oct/2012:22:47:05 +0200] "GET /seiten/start.htm HTTP/1.1" 200 4313 "http://www.rvtv.ru/" "Mozilla/1.22 (compatible; MSIE 2.0d; Windows NT)"
131.253.41.65 - - [05/Oct/2012:23:58:33 +0200] "GET /robots.txt HTTP/1.1" 404 1256 "-" "msnbot-media/1.1 (+http://search.msn.com/msnbot.htm)"
131.253.41.65 - - [05/Oct/2012:23:58:34 +0200] "GET /img/sites.jpg HTTP/1.1" 200 12916 "-" "msnbot-media/1.1 (+http://search.msn.com/msnbot.htm)"
193.106.136.57 - - [06/Oct/2012:00:39:04 +0200] "GET /seiten/start.htm HTTP/1.1" 200 4313 "http://egevika.funbb.ru/" "Opera/9.0 (Windows NT 5.1; U; en)"
193.106.136.57 - - [06/Oct/2012:00:39:05 +0200] "GET /seiten/start.htm HTTP/1.1" 200 4313 "http://egevika.funbb.ru/" "Opera/9.0 (Windows NT 5.1; U; en)"
178.154.179.250 - - [06/Oct/2012:00:56:18 +0200] "GET /robots.txt HTTP/1.1" 404 1256 "-" "Mozilla/5.0 (compatible; YandexBot/3.0; +http://yandex.com/bots)"
139.18.2.209 - - [06/Oct/2012:02:08:44 +0200] "GET /seiten/start.htm HTTP/1.1" 200 4313 "-" "findlinks/2.6 (+http://wortschatz.uni-leipzig.de/findlinks/)"
178.154.179.250 - - [06/Oct/2012:04:52:12 +0200] "GET / HTTP/1.1" 200 2301 "-" "Mozilla/5.0 (compatible; YandexBot/3.0; +http://yandex.com/bots)"
139.18.2.209 - - [06/Oct/2012:05:23:26 +0200] "GET /seiten/impressum.htm HTTP/1.1" 200 6907 "-" "findlinks/2.6 (+http://wortschatz.uni-leipzig.de/findlinks/)"
94.153.65.203 - - [06/Oct/2012:06:41:50 +0200] "GET /seiten/start.htm HTTP/1.1" 200 4313 "http://dtoil.ru/" "Mozilla/4.0 (compatible; MSIE 6.0; Windows NT 5.1; SV1; FunWebProducts)"
94.153.65.203 - - [06/Oct/2012:06:41:51 +0200] "GET /seiten/start.htm HTTP/1.1" 200 4313 "http://dtoil.ru/" "Mozilla/4.0 (compatible; MSIE 6.0; Windows NT 5.1; SV1; FunWebProducts)"
94.153.65.203 - - [06/Oct/2012:07:30:32 +0200] "GET /seiten/start.htm HTTP/1.1" 200 4313 "http://www.sibavtotrak.ru/" "Mozilla/4.0 (compatible; MSIE 7.0b; Windows NT 6.0 ; .NET CLR 2.0.50215; SL Commerce Client v1.0; Tablet PC 2.0"
94.153.65.203 - - [06/Oct/2012:07:30:33 +0200] "GET /seiten/start.htm HTTP/1.1" 200 4313 "http://www.sibavtotrak.ru/" "Mozilla/4.0 (compatible; MSIE 7.0b; Windows NT 6.0 ; .NET CLR 2.0.50215; SL Commerce Client v1.0; Tablet PC 2.0"
130.83.167.153 - - [06/Oct/2012:07:39:55 +0200] "GET /seiten/praxis.htm HTTP/1.1" 200 5018 "-" "findlinks/2.6 (+http://wortschatz.uni-leipzig.de/findlinks/)"
178.154.179.250 - - [06/Oct/2012:07:54:19 +0200] "GET /seiten/start.htm HTTP/1.1" 200 4313 "-" "Mozilla/5.0 (compatible; YandexBot/3.0; +http://yandex.com/bots)"
157.56.93.192 - - [06/Oct/2012:08:03:17 +0200] "GET /robots.txt HTTP/1.1" 404 1256 "-" "Mozilla/5.0 (compatible; bingbot/2.0; +http://www.bing.com/bingbot.htm)"
157.56.93.192 - - [06/Oct/2012:08:04:34 +0200] "GET /seiten/praxis.htm HTTP/1.1" 304 - "-" "Mozilla/5.0 (compatible; bingbot/2.0; +http://www.bing.com/bingbot.htm)"
157.55.33.251 - - [06/Oct/2012:08:55:44 +0200] "GET /robots.txt HTTP/1.1" 404 1256 "-" "Mozilla/5.0 (compatible; bingbot/2.0; +http://www.bing.com/bingbot.htm)"
65.55.208.10 - - [06/Oct/2012:09:13:45 +0200] "GET / HTTP/1.1" 200 2301 "-" "Mozilla/5.0 (Windows NT 6.1; WOW64) AppleWebKit/534+ (KHTML, like Gecko) BingPreview/1.0b"
65.55.208.10 - - [06/Oct/2012:09:14:24 +0200] "GET /scripte/basics.js HTTP/1.1" 200 1078 "-" "Mozilla/5.0 (Windows NT 6.1; WOW64) AppleWebKit/534+ (KHTML, like Gecko) BingPreview/1.0b"
65.55.208.10 - - [06/Oct/2012:09:14:25 +0200] "GET /seiten/start.htm HTTP/1.1" 200 4313 "-" "Mozilla/5.0 (Windows NT 6.1; WOW64) AppleWebKit/534+ (KHTML, like Gecko) BingPreview/1.0b"
218.93.127.121 - - [06/Oct/2012:10:13:57 +0200] "GET /seiten/links.htm HTTP/1.0" 200 5092 "http://www.dialyse-in-salzwedel.de/seiten/links.htm" "Mozilla/5.0 (Windows NT 6.1; WOW64) AppleWebKit/535.11 (KHTML, like Gecko) Chrome/17.0.963.46 Safari/535.11"
157.56.93.192 - - [06/Oct/2012:11:34:11 +0200] "GET /robots.txt HTTP/1.1" 404 1256 "-" "Mozilla/5.0 (compatible; bingbot/2.0; +http://www.bing.com/bingbot.htm)"
157.55.32.80 - - [06/Oct/2012:11:35:05 +0200] "GET /seiten/kontakt.htm HTTP/1.1" 200 5472 "-" "Mozilla/5.0 (compatible; bingbot/2.0; +http://www.bing.com/bingbot.htm)"
157.55.32.80 - - [06/Oct/2012:11:35:08 +0200] "GET /seiten/start.htm HTTP/1.1" 200 4313 "-" "Mozilla/5.0 (compatible; bingbot/2.0; +http://www.bing.com/bingbot.htm)"
157.56.93.153 - - [06/Oct/2012:11:35:36 +0200] "GET /seiten/links.htm HTTP/1.1" 200 5092 "-" "Mozilla/5.0 (compatible; bingbot/2.0; +http://www.bing.com/bingbot.htm)"
157.56.93.153 - - [06/Oct/2012:11:35:36 +0200] "GET /seiten/leistungen.htm HTTP/1.1" 200 5060 "-" "Mozilla/5.0 (compatible; bingbot/2.0; +http://www.bing.com/bingbot.htm)"
157.55.32.152 - - [06/Oct/2012:11:39:37 +0200] "GET /seiten/impressum.htm HTTP/1.1" 200 6907 "-" "Mozilla/5.0 (compatible; bingbot/2.0; +http://www.bing.com/bingbot.htm)"
157.56.93.192 - - [06/Oct/2012:11:41:41 +0200] "GET /seiten/praxis.htm HTTP/1.1" 200 5018 "-" "Mozilla/5.0 (compatible; bingbot/2.0; +http://www.bing.com/bingbot.htm)"
157.55.33.251 - - [06/Oct/2012:11:45:44 +0200] "GET / HTTP/1.1" 200 2301 "-" "Mozilla/5.0 (compatible; bingbot/2.0; +http://www.bing.com/bingbot.htm)"
157.55.32.82 - - [06/Oct/2012:11:52:57 +0200] "GET /seiten/news.php HTTP/1.1" 200 4865 "-" "Mozilla/5.0 (compatible; bingbot/2.0; +http://www.bing.com/bingbot.htm)"
195.242.218.133 - - [06/Oct/2012:14:28:30 +0200] "GET /seiten/start.htm HTTP/1.1" 200 4313 "http://rosinvest.com/" "Mozilla/6.0 (compatible; MSIE 7.0a1; Windows NT 5.2; SV1)"
195.242.218.133 - - [06/Oct/2012:14:28:35 +0200] "GET /seiten/start.htm HTTP/1.1" 200 4313 "http://rosinvest.com/" "Mozilla/6.0 (compatible; MSIE 7.0a1; Windows NT 5.2; SV1)"
195.242.218.133 - - [06/Oct/2012:14:28:36 +0200] "GET /seiten/start.htm HTTP/1.1" 200 4313 "http://rosinvest.com/" "Mozilla/6.0 (compatible; MSIE 7.0a1; Windows NT 5.2; SV1)"
92.249.127.111 - - [06/Oct/2012:14:41:17 +0200] "GET /seiten/start.htm HTTP/1.1" 200 4313 "http://thesportlive.ru/" "Mozilla/5.0 (compatible; news bot /2.1)"
92.249.127.111 - - [06/Oct/2012:14:41:17 +0200] "GET /seiten/start.htm HTTP/1.1" 200 4313 "http://thesportlive.ru/" "Mozilla/5.0 (compatible; news bot /2.1)"
157.55.32.80 - - [06/Oct/2012:15:01:48 +0200] "GET /robots.txt HTTP/1.1" 404 1256 "-" "Mozilla/5.0 (compatible; bingbot/2.0; +http://www.bing.com/bingbot.htm)"
157.55.32.80 - - [06/Oct/2012:15:05:17 +0200] "GET /seiten/start.htm HTTP/1.1" 304 - "-" "Mozilla/5.0 (compatible; bingbot/2.0; +http://www.bing.com/bingbot.htm)"
157.56.229.23 - - [06/Oct/2012:15:42:08 +0200] "GET /seiten/kont_form.php HTTP/1.1" 200 6397 "-" "Mozilla/5.0 (compatible; bingbot/2.0; +http://www.bing.com/bingbot.htm)"
157.55.35.93 - - [06/Oct/2012:21:30:23 +0200] "GET /robots.txt HTTP/1.1" 404 1256 "-" "Mozilla/5.0 (compatible; bingbot/2.0; +http://www.bing.com/bingbot.htm)"
157.55.35.93 - - [06/Oct/2012:21:50:09 +0200] "GET /seiten/news.php HTTP/1.1" 200 4865 "-" "Mozilla/5.0 (compatible; bingbot/2.0; +http://www.bing.com/bingbot.htm)"
66.249.71.59 - - [06/Oct/2012:23:56:52 +0200] "GET /robots.txt HTTP/1.1" 404 1256 "-" "Mozilla/5.0 (compatible; Googlebot/2.1; +http://www.google.com/bot.html)"
66.249.71.59 - - [06/Oct/2012:23:56:53 +0200] "GET / HTTP/1.1" 200 2301 "-" "Mozilla/5.0 (compatible; Googlebot/2.1; +http://www.google.com/bot.html)"
157.55.35.36 - - [07/Oct/2012:01:00:19 +0200] "GET /robots.txt HTTP/1.1" 404 1256 "-" "Mozilla/5.0 (compatible; bingbot/2.0; +http://www.bing.com/bingbot.htm)"
157.55.35.36 - - [07/Oct/2012:01:28:10 +0200] "GET /seiten/dialyse.htm HTTP/1.1" 304 - "-" "Mozilla/5.0 (compatible; bingbot/2.0; +http://www.bing.com/bingbot.htm)"
66.249.71.59 - - [07/Oct/2012:02:26:08 +0200] "GET /seiten/start.htm HTTP/1.1" 304 - "-" "Mozilla/5.0 (compatible; Googlebot/2.1; +http://www.google.com/bot.html)"
157.55.33.251 - - [07/Oct/2012:05:30:08 +0200] "GET /robots.txt HTTP/1.1" 404 1256 "-" "Mozilla/5.0 (compatible; bingbot/2.0; +http://www.bing.com/bingbot.htm)"
157.56.93.229 - - [07/Oct/2012:05:30:54 +0200] "GET / HTTP/1.1" 200 2301 "-" "Mozilla/5.0 (Windows NT 6.1; WOW64) AppleWebKit/534+ (KHTML, like Gecko) BingPreview/1.0b"
157.55.33.251 - - [07/Oct/2012:05:31:02 +0200] "GET / HTTP/1.1" 304 - "-" "Mozilla/5.0 (compatible; bingbot/2.0; +http://www.bing.com/bingbot.htm)"
157.56.93.229 - - [07/Oct/2012:05:31:57 +0200] "GET /seiten/start.htm HTTP/1.1" 200 4313 "-" "Mozilla/5.0 (Windows NT 6.1; WOW64) AppleWebKit/534+ (KHTML, like Gecko) BingPreview/1.0b"
157.56.93.229 - - [07/Oct/2012:05:31:57 +0200] "GET /scripte/basics.js HTTP/1.1" 200 1078 "-" "Mozilla/5.0 (Windows NT 6.1; WOW64) AppleWebKit/534+ (KHTML, like Gecko) BingPreview/1.0b"
178.137.129.8 - - [07/Oct/2012:06:06:58 +0200] "GET /seiten/start.htm HTTP/1.1" 200 4313 "http://wcrus.ws/" "Mozilla/4.0 (compatible; MSIE 6.0; Windows NT 5.1) Netscape/8.0.4"
178.137.129.8 - - [07/Oct/2012:06:06:59 +0200] "GET /seiten/start.htm HTTP/1.1" 200 4313 "http://wcrus.ws/" "Mozilla/4.0 (compatible; MSIE 6.0; Windows NT 5.1) Netscape/8.0.4"
193.106.136.33 - - [07/Oct/2012:06:13:31 +0200] "GET /seiten/start.htm HTTP/1.1" 200 4313 "http://prof-fx.com/" "Mozilla/4.79 [en] (Windows NT 5.0; U)"
193.106.136.33 - - [07/Oct/2012:06:13:32 +0200] "GET /seiten/start.htm HTTP/1.1" 200 4313 "http://prof-fx.com/" "Mozilla/4.79 [en] (Windows NT 5.0; U)"
85.25.110.109 - - [07/Oct/2012:08:03:52 +0200] "GET /seiten/dialyse.htm HTTP/1.1" 200 4906 "-" "Mozilla/4.0 (compatible; MSIE 6.0; Windows 98; Win 9x4.90)"
120.197.147.227 - - [07/Oct/2012:12:02:01 +0200] "GET /seiten/ HTTP/1.0" 403 1222 "http://www.dialyse-in-salzwedel.de/seiten/" "Opera/9.80 (Windows NT 6.1; U; YB/3.5.1; ru) Presto/2.6.30 Version/10.63"
120.197.147.227 - - [07/Oct/2012:12:02:02 +0200] "GET / HTTP/1.0" 200 2301 "http://www.dialyse-in-salzwedel.de/seiten/" "Opera/9.80 (Windows NT 6.1; U; YB/3.5.1; ru) Presto/2.6.30 Version/10.63"
120.197.147.227 - - [07/Oct/2012:12:02:03 +0200] "GET / HTTP/1.0" 200 2301 "http://www.dialyse-in-salzwedel.de/" "Opera/9.80 (Windows NT 6.1; U; YB/3.5.1; ru) Presto/2.6.30 Version/10.63"
77.20.5.126 - - [07/Oct/2012:12:05:23 +0200] "GET /robots.txt HTTP/1.1" 404 1256 "-" "findlinks/2.0.2 (+http://wortschatz.uni-leipzig.de/findlinks/)"
178.137.129.8 - - [07/Oct/2012:13:41:03 +0200] "GET /seiten/start.htm HTTP/1.1" 200 4313 "http://specural.com/" "Mozilla/4.0 (compatible; MSIE 6.0; Windows NT 5.1; SV1; InfoPath.1)"
178.137.129.8 - - [07/Oct/2012:13:41:04 +0200] "GET /seiten/start.htm HTTP/1.1" 200 4313 "http://specural.com/" "Mozilla/4.0 (compatible; MSIE 6.0; Windows NT 5.1; SV1; InfoPath.1)"
123.125.71.96 - - [07/Oct/2012:14:41:05 +0200] "GET /robots.txt HTTP/1.1" 404 1256 "-" "Mozilla/5.0 (Windows NT 5.1; rv:6.0.2) Gecko/20100101 Firefox/6.0.2"
95.168.172.156 - - [07/Oct/2012:15:18:17 +0200] "GET /seiten/start.htm HTTP/1.1" 200 4313 "http://weav.ru/" "Mozilla/4.0 (MSIE 6.0; Windows NT 5.1; Search)"
95.168.172.156 - - [07/Oct/2012:15:18:17 +0200] "GET /seiten/start.htm HTTP/1.1" 200 4313 "http://weav.ru/" "Mozilla/4.0 (MSIE 6.0; Windows NT 5.1; Search)"
66.249.71.59 - - [07/Oct/2012:20:06:25 +0200] "GET /robots.txt HTTP/1.1" 404 1256 "-" "Mozilla/5.0 (compatible; Googlebot/2.1; +http://www.google.com/bot.html)"
66.249.71.59 - - [07/Oct/2012:20:06:26 +0200] "GET /seiten/praxis.htm HTTP/1.1" 304 - "-" "Mozilla/5.0 (compatible; Googlebot/2.1; +http://www.google.com/bot.html)"
69.84.207.246 - - [07/Oct/2012:20:45:15 +0200] "GET /robots.txt HTTP/1.1" 404 1256 "-" "LSSRocketCrawler/1.0 LightspeedSystems"
69.84.207.246 - - [07/Oct/2012:20:45:16 +0200] "GET / HTTP/1.1" 200 2301 "-" "LSSRocketCrawler/1.0 LightspeedSystems"
69.84.207.246 - - [07/Oct/2012:20:45:16 +0200] "GET /seiten/start.htm HTTP/1.1" 200 4313 "-" "LSSRocketCrawler/1.0 LightspeedSystems"
69.84.207.246 - - [07/Oct/2012:20:45:16 +0200] "GET /seiten/news.php HTTP/1.1" 200 4865 "-" "LSSRocketCrawler/1.0 LightspeedSystems"
69.84.207.246 - - [07/Oct/2012:20:45:17 +0200] "GET /seiten/links.htm HTTP/1.1" 200 5092 "-" "LSSRocketCrawler/1.0 LightspeedSystems"
69.84.207.246 - - [07/Oct/2012:20:45:17 +0200] "GET /seiten/praxis.htm HTTP/1.1" 200 5018 "-" "LSSRocketCrawler/1.0 LightspeedSystems"
69.84.207.246 - - [07/Oct/2012:20:45:17 +0200] "GET /seiten/kontakt.htm HTTP/1.1" 200 5472 "-" "LSSRocketCrawler/1.0 LightspeedSystems"
69.84.207.246 - - [07/Oct/2012:20:45:17 +0200] "GET /seiten/dialyse.htm HTTP/1.1" 200 4906 "-" "LSSRocketCrawler/1.0 LightspeedSystems"
69.84.207.246 - - [07/Oct/2012:20:45:18 +0200] "GET /seiten/kont_form.php HTTP/1.1" 200 6397 "-" "LSSRocketCrawler/1.0 LightspeedSystems"
69.84.207.246 - - [07/Oct/2012:20:45:18 +0200] "GET /seiten/praxis3.php HTTP/1.1" 200 3362 "-" "LSSRocketCrawler/1.0 LightspeedSystems"
69.84.207.246 - - [07/Oct/2012:20:45:18 +0200] "GET /seiten/impressum.htm HTTP/1.1" 200 6907 "-" "LSSRocketCrawler/1.0 LightspeedSystems"
69.84.207.246 - - [07/Oct/2012:20:45:19 +0200] "GET /seiten/leistungen.htm HTTP/1.1" 200 5060 "-" "LSSRocketCrawler/1.0 LightspeedSystems"
69.84.207.246 - - [07/Oct/2012:20:45:19 +0200] "GET /seiten/function.include HTTP/1.1" 404 1256 "-" "LSSRocketCrawler/1.0 LightspeedSystems"
157.55.32.80 - - [07/Oct/2012:21:29:58 +0200] "GET /robots.txt HTTP/1.1" 404 1256 "-" "Mozilla/5.0 (compatible; bingbot/2.0; +http://www.bing.com/bingbot.htm)"
157.55.32.80 - - [07/Oct/2012:21:33:49 +0200] "GET /seiten/kontakt.htm HTTP/1.1" 304 - "-" "Mozilla/5.0 (compatible; bingbot/2.0; +http://www.bing.com/bingbot.htm)"
98.139.241.244 - - [07/Oct/2012:21:49:38 +0200] "GET /img/dialyse.jpg HTTP/1.1" 200 21241 "-" "Mozilla/5.0 (iPhone; CPU iPhone OS 6_0 like Mac OS X) AppleWebKit/536.26 (KHTML, like Gecko) Version/6.0 Mobile/10A403 Safari/8536.25"
69.84.207.246 - - [07/Oct/2012:21:53:09 +0200] "GET /img/bg1.gif HTTP/1.1" 404 1256 "-" "Mozilla/4.0 (compatible; MSIE 7.0;Windows NT 5.1;.NET CLR 1.1.4322;.NET CLR 2.0.50727;.NET CLR 3.0.04506.30)"
69.84.207.246 - - [07/Oct/2012:21:53:09 +0200] "GET /img/bg02.gif HTTP/1.1" 200 67 "-" "Mozilla/4.0 (compatible; MSIE 7.0;Windows NT 5.1;.NET CLR 1.1.4322;.NET CLR 2.0.50727;.NET CLR 3.0.04506.30)"
69.84.207.246 - - [07/Oct/2012:21:53:09 +0200] "GET /img/bg01.gif HTTP/1.1" 200 70 "-" "Mozilla/4.0 (compatible; MSIE 7.0;Windows NT 5.1;.NET CLR 1.1.4322;.NET CLR 2.0.50727;.NET CLR 3.0.04506.30)"
69.84.207.246 - - [07/Oct/2012:21:53:10 +0200] "GET /img/bg03.gif HTTP/1.1" 200 84 "-" "Mozilla/4.0 (compatible; MSIE 7.0;Windows NT 5.1;.NET CLR 1.1.4322;.NET CLR 2.0.50727;.NET CLR 3.0.04506.30)"
69.84.207.246 - - [07/Oct/2012:21:53:10 +0200] "GET /img/bg04.gif HTTP/1.1" 200 92 "-" "Mozilla/4.0 (compatible; MSIE 7.0;Windows NT 5.1;.NET CLR 1.1.4322;.NET CLR 2.0.50727;.NET CLR 3.0.04506.30)"
89.108.102.171 - - [07/Oct/2012:23:08:40 +0200] "GET /seiten/start.htm HTTP/1.1" 200 4313 "http://aboutsolarpanel.net/" "Mozilla/5.0 (compatible; YandexBot/3.0; +http://yandex.com/bots)"
89.108.102.171 - - [07/Oct/2012:23:08:41 +0200] "GET /seiten/start.htm HTTP/1.1" 200 4313 "http://aboutsolarpanel.net/" "Mozilla/5.0 (compatible; YandexBot/3.0; +http://yandex.com/bots)"
66.249.71.59 - - [08/Oct/2012:02:02:58 +0200] "GET /seiten/news.php HTTP/1.1" 200 4865 "-" "Mozilla/5.0 (compatible; Googlebot/2.1; +http://www.google.com/bot.html)"
157.55.35.36 - - [08/Oct/2012:02:25:02 +0200] "GET /robots.txt HTTP/1.1" 404 1256 "-" "Mozilla/5.0 (compatible; bingbot/2.0; +http://www.bing.com/bingbot.htm)"
65.55.52.92 - - [08/Oct/2012:02:44:19 +0200] "GET /seiten/kont_form.php HTTP/1.1" 200 6397 "-" "Mozilla/5.0 (compatible; bingbot/2.0; +http://www.bing.com/bingbot.htm)"
157.55.35.36 - - [08/Oct/2012:03:02:41 +0200] "GET /seiten/dialyse.htm HTTP/1.1" 200 4906 "-" "Mozilla/5.0 (compatible; bingbot/2.0; +http://www.bing.com/bingbot.htm)"
66.249.71.59 - - [08/Oct/2012:03:10:21 +0200] "GET /seiten/kontakt.htm HTTP/1.1" 304 - "-" "Mozilla/5.0 (compatible; Googlebot/2.1; +http://www.google.com/bot.html)"
69.28.58.10 - - [08/Oct/2012:05:04:14 +0200] "GET /robots.txt HTTP/1.1" 404 1256 "-" "Wget/1.9+cvs-stable (Red Hat modified)"
178.137.129.8 - - [08/Oct/2012:05:16:54 +0200] "GET /seiten/start.htm HTTP/1.1" 200 4313 "http://rosinvest.com/kurs" "Mozilla/4.0 (compatible; MSIE 6.0; America Online Browser 1.1; rev1.2; Windows NT 5.1; SV1; .NET CLR 1.1.4322)"
178.137.129.8 - - [08/Oct/2012:05:16:54 +0200] "GET /seiten/start.htm HTTP/1.1" 200 4313 "http://rosinvest.com/kurs" "Mozilla/4.0 (compatible; MSIE 6.0; America Online Browser 1.1; rev1.2; Windows NT 5.1; SV1; .NET CLR 1.1.4322)"
157.55.33.251 - - [08/Oct/2012:05:22:40 +0200] "GET /robots.txt HTTP/1.1" 404 1256 "-" "Mozilla/5.0 (compatible; bingbot/2.0; +http://www.bing.com/bingbot.htm)"
92.249.127.111 - - [08/Oct/2012:05:34:34 +0200] "GET /seiten/start.htm HTTP/1.1" 200 4313 "http://mmoanons.ru/" "Mozilla/5.0 (compatible; news bot /2.1)"
92.249.127.111 - - [08/Oct/2012:05:34:34 +0200] "GET /seiten/start.htm HTTP/1.1" 200 4313 "http://mmoanons.ru/" "Mozilla/5.0 (compatible; news bot /2.1)"
157.56.93.223 - - [08/Oct/2012:05:46:03 +0200] "GET / HTTP/1.1" 200 2301 "-" "Mozilla/5.0 (Windows NT 6.1; WOW64) AppleWebKit/534+ (KHTML, like Gecko) BingPreview/1.0b"
157.56.93.223 - - [08/Oct/2012:05:46:09 +0200] "GET /scripte/basics.js HTTP/1.1" 200 1078 "-" "Mozilla/5.0 (Windows NT 6.1; WOW64) AppleWebKit/534+ (KHTML, like Gecko) BingPreview/1.0b"
157.56.93.223 - - [08/Oct/2012:05:46:10 +0200] "GET /seiten/start.htm HTTP/1.1" 200 4313 "-" "Mozilla/5.0 (Windows NT 6.1; WOW64) AppleWebKit/534+ (KHTML, like Gecko) BingPreview/1.0b"
80.187.96.45 - - [08/Oct/2012:06:18:17 +0200] "GET /seiten/kontakt.htm HTTP/1.1" 200 5472 "http://www.google.de/search?hl=de&client=ms-android-tmobile-de&gl=de&source=android-browser-type&sky=rndy&q=dialyse+salzwedel&oq=dia&gs_l=mobile-gws-serp.1.0.41l2j0l3.1754.3324.0.4696.3.3.0.0.0.0.283.481.0j1j1.2.0...0.0...1ac.1.HQzpPN62l10" "Mozilla/5.0 (Linux; U; Android 2.3.4; de-de; SonyEricssonLT18i Build/4.0.2.A.0.69) AppleWebKit/533.1 (KHTML, like Gecko) Version/4.0 Mobile Safari/533.1"
80.187.96.45 - - [08/Oct/2012:06:18:17 +0200] "GET /scripte/basics.js HTTP/1.1" 200 1078 "http://www.dialyse-in-salzwedel.de/seiten/kontakt.htm" "Mozilla/5.0 (Linux; U; Android 2.3.4; de-de; SonyEricssonLT18i Build/4.0.2.A.0.69) AppleWebKit/533.1 (KHTML, like Gecko) Version/4.0 Mobile Safari/533.1"
80.187.96.45 - - [08/Oct/2012:06:18:17 +0200] "GET /css/style.css HTTP/1.1" 200 3212 "http://www.dialyse-in-salzwedel.de/seiten/kontakt.htm" "Mozilla/5.0 (Linux; U; Android 2.3.4; de-de; SonyEricssonLT18i Build/4.0.2.A.0.69) AppleWebKit/533.1 (KHTML, like Gecko) Version/4.0 Mobile Safari/533.1"
80.187.96.45 - - [08/Oct/2012:06:18:18 +0200] "GET /img/head.gif HTTP/1.1" 200 4213 "http://www.dialyse-in-salzwedel.de/seiten/kontakt.htm" "Mozilla/5.0 (Linux; U; Android 2.3.4; de-de; SonyEricssonLT18i Build/4.0.2.A.0.69) AppleWebKit/533.1 (KHTML, like Gecko) Version/4.0 Mobile Safari/533.1"
80.187.96.45 - - [08/Oct/2012:06:18:18 +0200] "GET /img/men03.gif HTTP/1.1" 200 999 "http://www.dialyse-in-salzwedel.de/seiten/kontakt.htm" "Mozilla/5.0 (Linux; U; Android 2.3.4; de-de; SonyEricssonLT18i Build/4.0.2.A.0.69) AppleWebKit/533.1 (KHTML, like Gecko) Version/4.0 Mobile Safari/533.1"
80.187.96.45 - - [08/Oct/2012:06:18:18 +0200] "GET /img/men01.gif HTTP/1.1" 200 702 "http://www.dialyse-in-salzwedel.de/seiten/kontakt.htm" "Mozilla/5.0 (Linux; U; Android 2.3.4; de-de; SonyEricssonLT18i Build/4.0.2.A.0.69) AppleWebKit/533.1 (KHTML, like Gecko) Version/4.0 Mobile Safari/533.1"
80.187.96.45 - - [08/Oct/2012:06:18:18 +0200] "GET /img/men04.gif HTTP/1.1" 200 1234 "http://www.dialyse-in-salzwedel.de/seiten/kontakt.htm" "Mozilla/5.0 (Linux; U; Android 2.3.4; de-de; SonyEricssonLT18i Build/4.0.2.A.0.69) AppleWebKit/533.1 (KHTML, like Gecko) Version/4.0 Mobile Safari/533.1"
80.187.96.45 - - [08/Oct/2012:06:18:18 +0200] "GET /img/men05.gif HTTP/1.1" 200 1042 "http://www.dialyse-in-salzwedel.de/seiten/kontakt.htm" "Mozilla/5.0 (Linux; U; Android 2.3.4; de-de; SonyEricssonLT18i Build/4.0.2.A.0.69) AppleWebKit/533.1 (KHTML, like Gecko) Version/4.0 Mobile Safari/533.1"
80.187.96.45 - - [08/Oct/2012:06:18:18 +0200] "GET /img/meno06.gif HTTP/1.1" 200 1054 "http://www.dialyse-in-salzwedel.de/seiten/kontakt.htm" "Mozilla/5.0 (Linux; U; Android 2.3.4; de-de; SonyEricssonLT18i Build/4.0.2.A.0.69) AppleWebKit/533.1 (KHTML, like Gecko) Version/4.0 Mobile Safari/533.1"
80.187.96.45 - - [08/Oct/2012:06:18:18 +0200] "GET /img/men06.gif HTTP/1.1" 200 904 "http://www.dialyse-in-salzwedel.de/seiten/kontakt.htm" "Mozilla/5.0 (Linux; U; Android 2.3.4; de-de; SonyEricssonLT18i Build/4.0.2.A.0.69) AppleWebKit/533.1 (KHTML, like Gecko) Version/4.0 Mobile Safari/533.1"
80.187.96.45 - - [08/Oct/2012:06:18:18 +0200] "GET /img/men07.gif HTTP/1.1" 200 893 "http://www.dialyse-in-salzwedel.de/seiten/kontakt.htm" "Mozilla/5.0 (Linux; U; Android 2.3.4; de-de; SonyEricssonLT18i Build/4.0.2.A.0.69) AppleWebKit/533.1 (KHTML, like Gecko) Version/4.0 Mobile Safari/533.1"
80.187.96.45 - - [08/Oct/2012:06:18:18 +0200] "GET /img/men09.gif HTTP/1.1" 200 1200 "http://www.dialyse-in-salzwedel.de/seiten/kontakt.htm" "Mozilla/5.0 (Linux; U; Android 2.3.4; de-de; SonyEricssonLT18i Build/4.0.2.A.0.69) AppleWebKit/533.1 (KHTML, like Gecko) Version/4.0 Mobile Safari/533.1"
80.187.96.45 - - [08/Oct/2012:06:18:18 +0200] "GET /img/men02.gif HTTP/1.1" 200 758 "http://www.dialyse-in-salzwedel.de/seiten/kontakt.htm" "Mozilla/5.0 (Linux; U; Android 2.3.4; de-de; SonyEricssonLT18i Build/4.0.2.A.0.69) AppleWebKit/533.1 (KHTML, like Gecko) Version/4.0 Mobile Safari/533.1"
80.187.96.45 - - [08/Oct/2012:06:18:18 +0200] "GET /img/bg02.gif HTTP/1.1" 200 67 "http://www.dialyse-in-salzwedel.de/seiten/kontakt.htm" "Mozilla/5.0 (Linux; U; Android 2.3.4; de-de; SonyEricssonLT18i Build/4.0.2.A.0.69) AppleWebKit/533.1 (KHTML, like Gecko) Version/4.0 Mobile Safari/533.1"
80.187.96.45 - - [08/Oct/2012:06:18:18 +0200] "GET /img/lay01.gif HTTP/1.1" 200 149 "http://www.dialyse-in-salzwedel.de/seiten/kontakt.htm" "Mozilla/5.0 (Linux; U; Android 2.3.4; de-de; SonyEricssonLT18i Build/4.0.2.A.0.69) AppleWebKit/533.1 (KHTML, like Gecko) Version/4.0 Mobile Safari/533.1"
80.187.96.45 - - [08/Oct/2012:06:18:18 +0200] "GET /img/lay04.gif HTTP/1.1" 200 272 "http://www.dialyse-in-salzwedel.de/seiten/kontakt.htm" "Mozilla/5.0 (Linux; U; Android 2.3.4; de-de; SonyEricssonLT18i Build/4.0.2.A.0.69) AppleWebKit/533.1 (KHTML, like Gecko) Version/4.0 Mobile Safari/533.1"
80.187.96.45 - - [08/Oct/2012:06:18:18 +0200] "GET /img/bg04.gif HTTP/1.1" 200 92 "http://www.dialyse-in-salzwedel.de/seiten/kontakt.htm" "Mozilla/5.0 (Linux; U; Android 2.3.4; de-de; SonyEricssonLT18i Build/4.0.2.A.0.69) AppleWebKit/533.1 (KHTML, like Gecko) Version/4.0 Mobile Safari/533.1"
80.187.96.45 - - [08/Oct/2012:06:18:18 +0200] "GET /img/1px.gif HTTP/1.1" 200 43 "http://www.dialyse-in-salzwedel.de/seiten/kontakt.htm" "Mozilla/5.0 (Linux; U; Android 2.3.4; de-de; SonyEricssonLT18i Build/4.0.2.A.0.69) AppleWebKit/533.1 (KHTML, like Gecko) Version/4.0 Mobile Safari/533.1"
80.187.96.45 - - [08/Oct/2012:06:18:18 +0200] "GET /img/lay02.gif HTTP/1.1" 200 153 "http://www.dialyse-in-salzwedel.de/seiten/kontakt.htm" "Mozilla/5.0 (Linux; U; Android 2.3.4; de-de; SonyEricssonLT18i Build/4.0.2.A.0.69) AppleWebKit/533.1 (KHTML, like Gecko) Version/4.0 Mobile Safari/533.1"
80.187.96.45 - - [08/Oct/2012:06:18:18 +0200] "GET /img/bg01.gif HTTP/1.1" 200 70 "http://www.dialyse-in-salzwedel.de/seiten/kontakt.htm" "Mozilla/5.0 (Linux; U; Android 2.3.4; de-de; SonyEricssonLT18i Build/4.0.2.A.0.69) AppleWebKit/533.1 (KHTML, like Gecko) Version/4.0 Mobile Safari/533.1"
80.187.96.45 - - [08/Oct/2012:06:18:18 +0200] "GET /img/lay03.gif HTTP/1.1" 200 253 "http://www.dialyse-in-salzwedel.de/seiten/kontakt.htm" "Mozilla/5.0 (Linux; U; Android 2.3.4; de-de; SonyEricssonLT18i Build/4.0.2.A.0.69) AppleWebKit/533.1 (KHTML, like Gecko) Version/4.0 Mobile Safari/533.1"
80.187.96.45 - - [08/Oct/2012:06:18:18 +0200] "GET /img/bg03.gif HTTP/1.1" 200 84 "http://www.dialyse-in-salzwedel.de/seiten/kontakt.htm" "Mozilla/5.0 (Linux; U; Android 2.3.4; de-de; SonyEricssonLT18i Build/4.0.2.A.0.69) AppleWebKit/533.1 (KHTML, like Gecko) Version/4.0 Mobile Safari/533.1"
80.187.96.45 - - [08/Oct/2012:06:18:19 +0200] "GET /favicon.ico HTTP/1.1" 404 1256 "http://www.dialyse-in-salzwedel.de/seiten/kontakt.htm" "Mozilla/5.0 (Linux; U; Android 2.3.4; de-de; SonyEricssonLT18i Build/4.0.2.A.0.69) AppleWebKit/533.1 (KHTML, like Gecko) Version/4.0 Mobile Safari/533.1"
66.249.71.59 - - [08/Oct/2012:06:21:07 +0200] "GET /seiten/dialyse.htm HTTP/1.1" 304 - "-" "Mozilla/5.0 (compatible; Googlebot/2.1; +http://www.google.com/bot.html)"
66.249.71.59 - - [08/Oct/2012:06:57:00 +0200] "GET /seiten/links.htm HTTP/1.1" 200 5092 "-" "Mozilla/5.0 (compatible; Googlebot/2.1; +http://www.google.com/bot.html)"
157.55.33.78 - - [08/Oct/2012:07:13:43 +0200] "GET /robots.txt HTTP/1.1" 404 1256 "-" "Mozilla/5.0 (compatible; bingbot/2.0; +http://www.bing.com/bingbot.htm)"
65.55.208.109 - - [08/Oct/2012:07:34:13 +0200] "GET /seiten/links.htm HTTP/1.1" 200 5092 "-" "Mozilla/5.0 (Windows NT 6.1; WOW64) AppleWebKit/534+ (KHTML, like Gecko) BingPreview/1.0b"
157.55.33.78 - - [08/Oct/2012:07:34:57 +0200] "GET /seiten/links.htm HTTP/1.1" 304 - "-" "Mozilla/5.0 (compatible; bingbot/2.0; +http://www.bing.com/bingbot.htm)"
65.55.208.109 - - [08/Oct/2012:07:34:58 +0200] "GET /scripte/basics.js HTTP/1.1" 200 1078 "-" "Mozilla/5.0 (Windows NT 6.1; WOW64) AppleWebKit/534+ (KHTML, like Gecko) BingPreview/1.0b"
65.55.208.109 - - [08/Oct/2012:07:34:59 +0200] "GET /css/style.css HTTP/1.1" 200 3212 "-" "Mozilla/5.0 (Windows NT 6.1; WOW64) AppleWebKit/534+ (KHTML, like Gecko) BingPreview/1.0b"
66.249.71.59 - - [08/Oct/2012:08:08:19 +0200] "GET /robots.txt HTTP/1.1" 404 1256 "-" "Mozilla/5.0 (compatible; Googlebot/2.1; +http://www.google.com/bot.html)"
66.249.71.59 - - [08/Oct/2012:08:08:19 +0200] "GET /seiten/praxis.htm HTTP/1.1" 200 5018 "-" "Mozilla/5.0 (compatible; Googlebot/2.1; +http://www.google.com/bot.html)"
131.253.41.196 - - [08/Oct/2012:08:37:34 +0200] "GET /robots.txt HTTP/1.1" 404 1256 "-" "msnbot-media/1.1 (+http://search.msn.com/msnbot.htm)"
131.253.41.196 - - [08/Oct/2012:08:37:34 +0200] "GET /img/lay04.gif HTTP/1.1" 200 272 "-" "msnbot-media/1.1 (+http://search.msn.com/msnbot.htm)"
62.219.8.230 - - [08/Oct/2012:08:48:15 +0200] "GET / HTTP/1.1" 200 2301 "-" "Mozilla/6.0 (compatible)"
62.219.8.230 - - [08/Oct/2012:08:48:15 +0200] "GET /css/style.css HTTP/1.1" 200 3212 "http://www.dialyse-in-salzwedel.de/" "Mozilla/5.0 (Windows NT 6.0; WOW64) AppleWebKit/534.30 (KHTML, like Gecko) Chrome/12.0.742.91 Safari/534.30"
62.219.8.230 - - [08/Oct/2012:08:48:15 +0200] "GET /seiten/start.htm HTTP/1.1" 200 4313 "http://www.dialyse-in-salzwedel.de/" "Mozilla/4.0 (compatible; MSIE 7.0; Windows NT 5.1)"
62.219.8.230 - - [08/Oct/2012:08:48:15 +0200] "GET /false.htm HTTP/1.1" 200 2915 "http://www.dialyse-in-salzwedel.de/" "Mozilla/4.0 (compatible; MSIE 7.0; Windows NT 5.1)"
62.219.8.230 - - [08/Oct/2012:08:48:15 +0200] "GET /img/FL_check.swf HTTP/1.1" 200 100 "http://www.dialyse-in-salzwedel.de/" "Mozilla/5.0 (Windows NT 6.0; WOW64) AppleWebKit/534.30 (KHTML, like Gecko) Chrome/12.0.742.91 Safari/534.30"
62.219.8.230 - - [08/Oct/2012:08:48:16 +0200] "GET /seiten/impressum.htm HTTP/1.1" 200 6907 "http://www.dialyse-in-salzwedel.de/seiten/start.htm" "Mozilla/5.0 (compatible)"
62.219.8.230 - - [08/Oct/2012:08:48:16 +0200] "GET /seiten/praxis.htm HTTP/1.1" 200 5018 "http://www.dialyse-in-salzwedel.de/seiten/start.htm" "Mozilla/5.0 (compatible)"
62.219.8.230 - - [08/Oct/2012:08:48:16 +0200] "GET /seiten/leistungen.htm HTTP/1.1" 200 5060 "http://www.dialyse-in-salzwedel.de/seiten/start.htm" "Mozilla/5.0 (compatible)"
62.219.8.230 - - [08/Oct/2012:08:48:16 +0200] "GET /seiten/dialyse.htm HTTP/1.1" 200 4906 "http://www.dialyse-in-salzwedel.de/seiten/start.htm" "Mozilla/5.0 (Windows NT 6.0; WOW64) AppleWebKit/534.30 (KHTML, like Gecko) Chrome/12.0.742.91 Safari/534.30"
62.219.8.230 - - [08/Oct/2012:08:48:16 +0200] "GET /seiten/links.htm HTTP/1.1" 200 5092 "http://www.dialyse-in-salzwedel.de/seiten/start.htm" "Mozilla/6.0 (compatible)"
62.219.8.230 - - [08/Oct/2012:08:48:16 +0200] "GET /seiten/kontakt.htm HTTP/1.1" 200 5472 "http://www.dialyse-in-salzwedel.de/seiten/start.htm" "Mozilla/4.0 (compatible; MSIE 7.0; Windows NT 5.1)"
62.219.8.230 - - [08/Oct/2012:08:48:16 +0200] "GET /seiten/news.php HTTP/1.1" 200 4865 "http://www.dialyse-in-salzwedel.de/seiten/start.htm" "Mozilla/4.0 (compatible; MSIE 7.0; Windows NT 5.1)"
192.114.71.13 - - [08/Oct/2012:08:48:16 +0200] "GET /img/FL_check.swf HTTP/1.0" 200 100 "-" "Mozilla/5.0 (X11; U; Linux i686; en-US; rv:1.9.2.28) Gecko"
62.219.8.230 - - [08/Oct/2012:08:48:16 +0200] "GET /seiten/kont_form.php HTTP/1.1" 200 6397 "http://www.dialyse-in-salzwedel.de/seiten/kontakt.htm" "Mozilla/6.0 (compatible)"
62.219.8.230 - - [08/Oct/2012:08:48:17 +0200] "GET /seiten/function.include HTTP/1.1" 404 1256 "http://www.dialyse-in-salzwedel.de/seiten/news.php" "Mozilla/6.0 (compatible)"
62.219.8.230 - - [08/Oct/2012:08:48:17 +0200] "GET /css/Salzwedel.css HTTP/1.1" 404 1256 "http://www.dialyse-in-salzwedel.de/seiten/kont_form.php" "Mozilla/5.0 (compatible)"
192.114.71.13 - - [08/Oct/2012:08:48:36 +0200] "GET /img/head.gif HTTP/1.1" 200 4213 "-" "-"
192.114.71.13 - - [08/Oct/2012:08:48:36 +0200] "GET /img/bg1.gif HTTP/1.1" 404 1256 "-" "-"
192.114.71.13 - - [08/Oct/2012:08:48:36 +0200] "GET /img/men04.gif HTTP/1.1" 200 1234 "-" "-"
192.114.71.13 - - [08/Oct/2012:08:48:36 +0200] "GET /img/men03.gif HTTP/1.1" 200 999 "-" "-"
192.114.71.13 - - [08/Oct/2012:08:48:36 +0200] "GET /img/men01.gif HTTP/1.1" 200 702 "-" "-"
192.114.71.13 - - [08/Oct/2012:08:48:37 +0200] "GET /img/men06.gif HTTP/1.1" 200 904 "-" "-"
192.114.71.13 - - [08/Oct/2012:08:48:37 +0200] "GET /img/men05.gif HTTP/1.1" 200 1042 "-" "-"
192.114.71.13 - - [08/Oct/2012:08:48:37 +0200] "GET /img/men07.gif HTTP/1.1" 200 893 "-" "-"
192.114.71.13 - - [08/Oct/2012:08:48:37 +0200] "GET /img/men08.gif HTTP/1.1" 200 1069 "-" "-"
192.114.71.13 - - [08/Oct/2012:08:48:38 +0200] "GET /img/men02.gif HTTP/1.1" 200 758 "-" "-"
192.114.71.13 - - [08/Oct/2012:08:48:38 +0200] "GET /img/men09.gif HTTP/1.1" 200 1200 "-" "-"
192.114.71.13 - - [08/Oct/2012:08:48:39 +0200] "GET /img/lay01.gif HTTP/1.1" 200 149 "-" "-"
192.114.71.13 - - [08/Oct/2012:08:48:39 +0200] "GET /img/bg02.gif HTTP/1.1" 200 67 "-" "-"
192.114.71.13 - - [08/Oct/2012:08:48:40 +0200] "GET /img/lay02.gif HTTP/1.1" 200 153 "-" "-"
192.114.71.13 - - [08/Oct/2012:08:48:40 +0200] "GET /img/bg01.gif HTTP/1.1" 200 70 "-" "-"
192.114.71.13 - - [08/Oct/2012:08:48:40 +0200] "GET /img/lay03.gif HTTP/1.1" 200 253 "-" "-"
192.114.71.13 - - [08/Oct/2012:08:48:40 +0200] "GET /img/start.jpg HTTP/1.1" 200 18933 "-" "-"
192.114.71.13 - - [08/Oct/2012:08:48:40 +0200] "GET /img/bg03.gif HTTP/1.1" 200 84 "-" "-"
192.114.71.13 - - [08/Oct/2012:08:48:40 +0200] "GET /img/bg04.gif HTTP/1.1" 200 92 "-" "-"
192.114.71.13 - - [08/Oct/2012:08:48:41 +0200] "GET /img/1px.gif HTTP/1.1" 200 43 "-" "-"
192.114.71.13 - - [08/Oct/2012:08:48:41 +0200] "GET /img/lay04.gif HTTP/1.1" 200 272 "-" "-"
192.114.71.13 - - [08/Oct/2012:08:48:41 +0200] "GET /img/meno07.gif HTTP/1.1" 200 1052 "-" "-"
192.114.71.13 - - [08/Oct/2012:08:48:42 +0200] "GET /img/meno01.gif HTTP/1.1" 200 938 "-" "-"
192.114.71.13 - - [08/Oct/2012:08:48:42 +0200] "GET /img/meno05.gif HTTP/1.1" 200 788 "-" "-"
192.114.71.13 - - [08/Oct/2012:08:48:42 +0200] "GET /img/praxis.jpg HTTP/1.1" 200 13082 "-" "-"
192.114.71.13 - - [08/Oct/2012:08:48:42 +0200] "GET /img/sites.jpg HTTP/1.1" 200 12916 "-" "-"
192.114.71.13 - - [08/Oct/2012:08:48:42 +0200] "GET /img/meno02.gif HTTP/1.1" 200 1200 "-" "-"
192.114.71.13 - - [08/Oct/2012:08:48:43 +0200] "GET /img/meno06.gif HTTP/1.1" 200 1054 "-" "-"
192.114.71.13 - - [08/Oct/2012:08:48:43 +0200] "GET /img/meno03.gif HTTP/1.1" 200 931 "-" "-"
192.114.71.13 - - [08/Oct/2012:08:48:43 +0200] "GET /img/leist.jpg HTTP/1.1" 200 18843 "-" "-"
192.114.71.13 - - [08/Oct/2012:08:48:43 +0200] "GET /img/dialyse.jpg HTTP/1.1" 200 21241 "-" "-"
192.114.71.13 - - [08/Oct/2012:08:48:44 +0200] "GET /img/meno04.gif HTTP/1.1" 200 727 "-" "-"
178.154.179.250 - - [08/Oct/2012:08:55:29 +0200] "GET /robots.txt HTTP/1.1" 404 1256 "-" "Mozilla/5.0 (compatible; YandexBot/3.0; +http://yandex.com/bots)"
74.52.245.146 - - [08/Oct/2012:09:07:56 +0200] "GET / HTTP/1.0" 200 2301 "-" "Mozilla/5.0 (X11; U; Linux i686; en-US; rv:1.7.5) Gecko/20041107 Firefox/1.0"
66.249.71.59 - - [08/Oct/2012:09:46:26 +0200] "GET /seiten/kontakt.htm HTTP/1.1" 200 5472 "-" "Mozilla/5.0 (compatible; Googlebot/2.1; +http://www.google.com/bot.html)"
178.154.179.250 - - [08/Oct/2012:09:55:11 +0200] "GET / HTTP/1.1" 200 2301 "-" "Mozilla/5.0 (compatible; YandexBot/3.0; +http://yandex.com/bots)"
66.249.71.59 - - [08/Oct/2012:10:14:37 +0200] "GET /seiten/dialyse.htm HTTP/1.1" 200 4906 "-" "Mozilla/5.0 (compatible; Googlebot/2.1; +http://www.google.com/bot.html)"
157.55.33.81 - - [08/Oct/2012:12:01:57 +0200] "GET /robots.txt HTTP/1.1" 404 1256 "-" "Mozilla/5.0 (compatible; bingbot/2.0; +http://www.bing.com/bingbot.htm)"
77.20.5.126 - - [08/Oct/2012:12:38:00 +0200] "GET / HTTP/1.1" 200 2301 "-" "findlinks/2.0.2 (+http://wortschatz.uni-leipzig.de/findlinks/)"
193.106.136.40 - - [08/Oct/2012:13:07:23 +0200] "GET /seiten/start.htm HTTP/1.1" 200 4313 "http://kinorubrika.ru/" "Mozilla/4.0 (compatible; MSIE 6.0; Windows NT 5.0; .NET CLR 1.0.3705; .NET CLR 1.1.4322)"
193.106.136.40 - - [08/Oct/2012:13:07:24 +0200] "GET /seiten/start.htm HTTP/1.1" 200 4313 "http://kinorubrika.ru/" "Mozilla/4.0 (compatible; MSIE 6.0; Windows NT 5.0; .NET CLR 1.0.3705; .NET CLR 1.1.4322)"
123.125.71.21 - - [08/Oct/2012:13:39:06 +0200] "GET / HTTP/1.1" 200 2301 "-" "Mozilla/5.0 (compatible; Baiduspider/2.0; +http://www.baidu.com/search/spider.html)"
220.181.108.84 - - [08/Oct/2012:13:39:51 +0200] "GET / HTTP/1.1" 200 2301 "-" "Mozilla/5.0 (compatible; Baiduspider/2.0; +http://www.baidu.com/search/spider.html)"
