180.153.236.49 - - [13/Jan/2015:03:34:19 +0100] "GET / HTTP/1.1" 200 3274 "http://www.dialyse-falkensee.de/" "Mozilla/5.0 (compatible; MSIE 9.0; Windows NT 6.1; Trident/5.0); 360Spider"
182.118.45.213 - - [13/Jan/2015:03:34:21 +0100] "GET / HTTP/1.1" 200 3274 "-" "Mozilla/4.0 (compatible; MSIE 8.0; Windows NT 6.1; Trident/4.0; SLCC2; .NET CLR 2.0.50727; .NET CLR 3.5.30729; .NET CLR 3.0.30729; Media Center PC 6.0)"
182.118.45.213 - - [13/Jan/2015:03:34:22 +0100] "GET /css/bootstrap-responsive.min.css HTTP/1.1" 200 16520 "http://www.dialyse-falkensee.de/" "Mozilla/4.0 (compatible; MSIE 8.0; Windows NT 6.1; Trident/4.0; SLCC2; .NET CLR 2.0.50727; .NET CLR 3.5.30729; .NET CLR 3.0.30729; Media Center PC 6.0)"
182.118.45.213 - - [13/Jan/2015:03:34:22 +0100] "GET /js/bootstrap.min.js HTTP/1.1" 200 25764 "http://www.dialyse-falkensee.de/" "Mozilla/4.0 (compatible; MSIE 8.0; Windows NT 6.1; Trident/4.0; SLCC2; .NET CLR 2.0.50727; .NET CLR 3.5.30729; .NET CLR 3.0.30729; Media Center PC 6.0)"
182.118.45.213 - - [13/Jan/2015:03:34:22 +0100] "GET /css/bootstrap.min.css HTTP/1.1" 200 101265 "http://www.dialyse-falkensee.de/" "Mozilla/4.0 (compatible; MSIE 8.0; Windows NT 6.1; Trident/4.0; SLCC2; .NET CLR 2.0.50727; .NET CLR 3.5.30729; .NET CLR 3.0.30729; Media Center PC 6.0)"
188.165.15.210 - - [13/Jan/2015:06:26:34 +0100] "GET /robots.txt HTTP/1.1" 404 1256 "-" "Mozilla/5.0 (compatible; AhrefsBot/5.0; +http://ahrefs.com/robot/)"
192.99.149.88 - - [13/Jan/2015:06:39:04 +0100] "GET / HTTP/1.1" 200 3274 "-" "Mozilla/5.0 (Windows NT 6.1; WOW64; Trident/7.0; rv:11.0) like Gecko"
66.249.64.78 - - [13/Jan/2015:10:51:04 +0100] "GET /css/bootstrap.min.css HTTP/1.1" 200 101265 "-" "Mozilla/5.0 (compatible; Googlebot/2.1; +http://www.google.com/bot.html)"
66.249.78.59 - - [13/Jan/2015:10:54:05 +0100] "GET /css/bootstrap-responsive.min.css HTTP/1.1" 200 16520 "-" "Mozilla/5.0 (compatible; Googlebot/2.1; +http://www.google.com/bot.html)"
222.239.162.7 - - [13/Jan/2015:15:44:56 +0100] "GET /robots.txt HTTP/1.1" 404 1256 "http://search.daum.net/" "Mozilla/5.0 (compatible; MSIE or Firefox mutant; not on Windows server; + http://tab.search.daum.net/aboutWebSearch.html) Daumoa/3.0"
222.239.162.7 - - [13/Jan/2015:15:44:58 +0100] "GET / HTTP/1.1" 200 3274 "http://search.daum.net/" "Mozilla/5.0 (compatible; MSIE or Firefox mutant; not on Windows server; + http://tab.search.daum.net/aboutWebSearch.html) Daumoa/3.0"
220.231.122.250 - - [13/Jan/2015:16:40:59 +0100] "GET /Fckeditor/editor/filemanager/browser/default/connectors/test.html HTTP/1.1" 404 1256 "-" "Mozilla/4.0 (compatible; Win32; WinHttp.WinHttpRequest.5)"
220.231.122.250 - - [13/Jan/2015:16:40:59 +0100] "GET /FCKeditor/editor/filemanager/connectors/test.html HTTP/1.1" 404 1256 "-" "Mozilla/4.0 (compatible; Win32; WinHttp.WinHttpRequest.5)"
220.231.122.250 - - [13/Jan/2015:16:41:00 +0100] "GET /Admin/fckeditor/editor/filemanager/browser/default/connectors/test.html HTTP/1.1" 404 1256 "-" "Mozilla/4.0 (compatible; Win32; WinHttp.WinHttpRequest.5)"
220.231.122.250 - - [13/Jan/2015:16:41:01 +0100] "GET /Admin/fCKeditor/editor/filemanager/connectors/test.html HTTP/1.1" 404 1256 "-" "Mozilla/4.0 (compatible; Win32; WinHttp.WinHttpRequest.5)"
220.231.122.250 - - [13/Jan/2015:16:41:02 +0100] "GET /Editor/editor/filemanager/browser/default/connectors/test.html HTTP/1.1" 404 1256 "-" "Mozilla/4.0 (compatible; Win32; WinHttp.WinHttpRequest.5)"
220.231.122.250 - - [13/Jan/2015:16:41:03 +0100] "GET /Editor/editor/filemanager/connectors/test.html HTTP/1.1" 404 1256 "-" "Mozilla/4.0 (compatible; Win32; WinHttp.WinHttpRequest.5)"
157.55.39.191 - - [13/Jan/2015:17:46:29 +0100] "GET /robots.txt HTTP/1.1" 404 1256 "-" "Mozilla/5.0 (compatible; bingbot/2.0; +http://www.bing.com/bingbot.htm)"
157.55.39.191 - - [13/Jan/2015:17:46:32 +0100] "GET / HTTP/1.1" 200 3274 "-" "Mozilla/5.0 (compatible; bingbot/2.0; +http://www.bing.com/bingbot.htm)"
220.231.122.250 - - [13/Jan/2015:18:53:59 +0100] "GET /Fckeditor/editor/filemanager/browser/default/connectors/test.html HTTP/1.1" 404 1256 "-" "Mozilla/4.0 (compatible; Win32; WinHttp.WinHttpRequest.5)"
220.231.122.250 - - [13/Jan/2015:18:54:00 +0100] "GET /FCKeditor/editor/filemanager/connectors/test.html HTTP/1.1" 404 1256 "-" "Mozilla/4.0 (compatible; Win32; WinHttp.WinHttpRequest.5)"
220.231.122.250 - - [13/Jan/2015:18:54:00 +0100] "GET /Admin/fckeditor/editor/filemanager/browser/default/connectors/test.html HTTP/1.1" 404 1256 "-" "Mozilla/4.0 (compatible; Win32; WinHttp.WinHttpRequest.5)"
220.231.122.250 - - [13/Jan/2015:18:54:01 +0100] "GET /Admin/fCKeditor/editor/filemanager/connectors/test.html HTTP/1.1" 404 1256 "-" "Mozilla/4.0 (compatible; Win32; WinHttp.WinHttpRequest.5)"
220.231.122.250 - - [13/Jan/2015:18:54:02 +0100] "GET /Editor/editor/filemanager/browser/default/connectors/test.html HTTP/1.1" 404 1256 "-" "Mozilla/4.0 (compatible; Win32; WinHttp.WinHttpRequest.5)"
220.231.122.250 - - [13/Jan/2015:18:54:03 +0100] "GET /Editor/editor/filemanager/connectors/test.html HTTP/1.1" 404 1256 "-" "Mozilla/4.0 (compatible; Win32; WinHttp.WinHttpRequest.5)"
72.46.136.178 - - [13/Jan/2015:22:08:40 +0100] "GET / HTTP/1.1" 200 3274 "-" "Mozilla/4.0 (compatible; MSIE 6.0; Windows NT 5.1; SV1; Mozilla/4.0 (compatible; MSIE 6.0; Windows NT 5.1; SV1) ; .NET CLR 2.0.50727 ; .NET CLR 4.0.30319)"
95.134.95.160 - - [14/Jan/2015:04:37:50 +0100] "GET / HTTP/1.1" 200 3274 "-" "Mozilla/5.0 (X11; Linux x86_64) AppleWebKit/537.36 (KHTML, like Gecko) Chrome/28.0.1500.71 Safari/537.36"
95.134.95.160 - - [14/Jan/2015:04:37:53 +0100] "HEAD / HTTP/1.1" 200 - "-" "Mozilla/5.0 (Windows NT 6.1; WOW64; rv:29.0) Gecko/20120101 Firefox/29.0"
95.134.95.160 - - [14/Jan/2015:04:37:53 +0100] "GET / HTTP/1.1" 200 3274 "-" "Mozilla/5.0 (Windows NT 6.1; WOW64; rv:29.0) Gecko/20120101 Firefox/29.0"
157.55.39.192 - - [14/Jan/2015:05:30:58 +0100] "GET / HTTP/1.1" 200 3274 "-" "Mozilla/5.0 (compatible; bingbot/2.0; +http://www.bing.com/bingbot.htm)"
192.99.149.88 - - [14/Jan/2015:06:40:57 +0100] "GET / HTTP/1.1" 200 3274 "-" "Mozilla/5.0 (Windows NT 6.1; WOW64; Trident/7.0; rv:11.0) like Gecko"
62.220.2.102 - - [14/Jan/2015:09:00:23 +0100] "GET / HTTP/1.1" 200 3274 "-" "Mozilla/5.0 (compatible; MSIE 10.0; Windows NT 6.1; WOW64; Trident/6.0)"
62.220.2.102 - - [14/Jan/2015:09:00:23 +0100] "GET /css/bootstrap-responsive.min.css HTTP/1.1" 200 16520 "http://www.dialyse-falkensee.de/" "Mozilla/5.0 (compatible; MSIE 10.0; Windows NT 6.1; WOW64; Trident/6.0)"
62.220.2.102 - - [14/Jan/2015:09:00:23 +0100] "GET /css/bootstrap.min.css HTTP/1.1" 200 101265 "http://www.dialyse-falkensee.de/" "Mozilla/5.0 (compatible; MSIE 10.0; Windows NT 6.1; WOW64; Trident/6.0)"
62.220.2.102 - - [14/Jan/2015:09:00:23 +0100] "GET /js/bootstrap.min.js HTTP/1.1" 200 25764 "http://www.dialyse-falkensee.de/" "Mozilla/5.0 (compatible; MSIE 10.0; Windows NT 6.1; WOW64; Trident/6.0)"
66.249.78.59 - - [14/Jan/2015:11:10:35 +0100] "GET /robots.txt HTTP/1.1" 404 1256 "-" "Mozilla/5.0 (compatible; Googlebot/2.1; +http://www.google.com/bot.html)"
66.249.78.52 - - [14/Jan/2015:11:10:35 +0100] "GET / HTTP/1.1" 200 3274 "-" "Mozilla/5.0 (iPhone; CPU iPhone OS 6_0 like Mac OS X) AppleWebKit/536.26 (KHTML, like Gecko) Version/6.0 Mobile/10A5376e Safari/8536.25 (compatible; Googlebot/2.1; +http://www.google.com/bot.html)"
91.216.45.83 - - [14/Jan/2015:11:51:50 +0100] "GET / HTTP/1.1" 200 3274 "http://www.google.de/url?sa=t&rct=j&q=&esrc=s&frm=1&source=web&cd=1&ved=0CCEQFjAA&url=http%3A%2F%2Fwww.dialyse-falkensee.de%2F&ei=MUq2VPvIKomsUcS-gtAC&usg=AFQjCNECgXXq-DVOeCPbM1zyqacv9mR2gg" "Mozilla/5.0 (compatible; MSIE 10.0; Windows NT 6.1; Trident/6.0)"
91.216.45.83 - - [14/Jan/2015:11:51:50 +0100] "GET /css/bootstrap-responsive.min.css HTTP/1.1" 200 16520 "http://www.dialyse-falkensee.de/" "Mozilla/5.0 (compatible; MSIE 10.0; Windows NT 6.1; Trident/6.0)"
91.216.45.83 - - [14/Jan/2015:11:51:50 +0100] "GET /js/bootstrap.min.js HTTP/1.1" 200 25764 "http://www.dialyse-falkensee.de/" "Mozilla/5.0 (compatible; MSIE 10.0; Windows NT 6.1; Trident/6.0)"
91.216.45.83 - - [14/Jan/2015:11:51:50 +0100] "GET /css/bootstrap.min.css HTTP/1.1" 200 101265 "http://www.dialyse-falkensee.de/" "Mozilla/5.0 (compatible; MSIE 10.0; Windows NT 6.1; Trident/6.0)"
91.216.45.83 - - [14/Jan/2015:11:51:50 +0100] "GET /ico/favicon.ico HTTP/1.1" 404 1256 "-" "Mozilla/5.0 (compatible; MSIE 10.0; Windows NT 6.1; Trident/6.0)"
68.180.228.232 - - [14/Jan/2015:13:51:47 +0100] "GET /robots.txt HTTP/1.1" 404 1256 "-" "Mozilla/5.0 (compatible; Yahoo! Slurp; http://help.yahoo.com/help/us/ysearch/slurp)"
68.180.228.232 - - [14/Jan/2015:13:51:48 +0100] "GET /index.html HTTP/1.1" 200 3274 "-" "Mozilla/5.0 (compatible; Yahoo! Slurp; http://help.yahoo.com/help/us/ysearch/slurp)"
218.30.103.135 - - [14/Jan/2015:14:53:50 +0100] "GET /robots.txt HTTP/1.1" 404 1256 "-" "Sogou web spider/4.0(+http://www.sogou.com/docs/help/webmasters.htm#07)"
218.30.103.135 - - [14/Jan/2015:14:53:50 +0100] "GET /js/bootstrap.min.js HTTP/1.1" 200 25764 "-" "Sogou web spider/4.0(+http://www.sogou.com/docs/help/webmasters.htm#07)"
66.249.79.90 - - [14/Jan/2015:16:40:03 +0100] "GET /robots.txt HTTP/1.1" 404 1256 "-" "Mozilla/5.0 (compatible; Googlebot/2.1; +http://www.google.com/bot.html)"
66.249.79.98 - - [14/Jan/2015:16:40:03 +0100] "GET / HTTP/1.1" 200 3274 "-" "Mozilla/5.0 (compatible; Googlebot/2.1; +http://www.google.com/bot.html)"
85.25.210.189 - - [14/Jan/2015:22:55:19 +0100] "GET / HTTP/1.1" 200 3274 "-" "Python-urllib/2.7"
77.75.77.17 - - [15/Jan/2015:00:01:35 +0100] "GET /robots.txt HTTP/1.1" 404 1256 "-" "Mozilla/5.0 (compatible; SeznamBot/3.2; +http://fulltext.sblog.cz/)"
77.75.77.17 - - [15/Jan/2015:00:01:35 +0100] "GET / HTTP/1.1" 304 - "-" "Mozilla/5.0 (compatible; SeznamBot/3.2; +http://fulltext.sblog.cz/)"
54.175.185.29 - - [15/Jan/2015:01:57:28 +0100] "GET / HTTP/1.1" 200 3274 "-" "Mozilla/5.0 (compatible& Googlebot/2.1& +http://www.google.com/bot.html)"
66.249.67.90 - - [15/Jan/2015:02:55:03 +0100] "GET /robots.txt HTTP/1.1" 404 1256 "-" "Mozilla/5.0 (compatible; Googlebot/2.1; +http://www.google.com/bot.html)"
66.249.67.98 - - [15/Jan/2015:02:55:03 +0100] "GET / HTTP/1.1" 200 3274 "-" "Mozilla/5.0 (compatible; Googlebot/2.1; +http://www.google.com/bot.html)"
66.249.67.98 - - [15/Jan/2015:06:23:54 +0100] "GET / HTTP/1.1" 200 3274 "-" "Mozilla/5.0 (compatible; Googlebot/2.1; +http://www.google.com/bot.html)"
66.249.67.98 - - [15/Jan/2015:09:17:27 +0100] "GET / HTTP/1.1" 200 3274 "-" "Mozilla/5.0 (compatible; Googlebot/2.1; +http://www.google.com/bot.html)"
217.95.199.7 - - [15/Jan/2015:11:23:08 +0100] "GET / HTTP/1.1" 200 3274 "http://www.google.de/url?sa=t&rct=j&q=&esrc=s&source=web&cd=1&ved=0CCMQFjAA&url=http%3A%2F%2Fwww.dialyse-falkensee.de%2F&ei=5pS3VMmMJdblas_KgeAN&usg=AFQjCNECgXXq-DVOeCPbM1zyqacv9mR2gg&bvm=bv.83640239,d.d2s" "Mozilla/5.0 (Windows NT 6.1; WOW64; rv:34.0) Gecko/20100101 Firefox/34.0"
217.95.199.7 - - [15/Jan/2015:11:23:08 +0100] "GET /css/bootstrap-responsive.min.css HTTP/1.1" 200 16520 "http://www.dialyse-falkensee.de/" "Mozilla/5.0 (Windows NT 6.1; WOW64; rv:34.0) Gecko/20100101 Firefox/34.0"
217.95.199.7 - - [15/Jan/2015:11:23:08 +0100] "GET /ico/favicon.ico HTTP/1.1" 404 1256 "-" "Mozilla/5.0 (Windows NT 6.1; WOW64; rv:34.0) Gecko/20100101 Firefox/34.0"
217.95.199.7 - - [15/Jan/2015:11:23:08 +0100] "GET /js/bootstrap.min.js HTTP/1.1" 200 25764 "http://www.dialyse-falkensee.de/" "Mozilla/5.0 (Windows NT 6.1; WOW64; rv:34.0) Gecko/20100101 Firefox/34.0"
217.95.199.7 - - [15/Jan/2015:11:23:08 +0100] "GET /ico/favicon.ico HTTP/1.1" 404 1256 "-" "Mozilla/5.0 (Windows NT 6.1; WOW64; rv:34.0) Gecko/20100101 Firefox/34.0"
217.95.199.7 - - [15/Jan/2015:11:23:08 +0100] "GET /css/bootstrap.min.css HTTP/1.1" 200 101265 "http://www.dialyse-falkensee.de/" "Mozilla/5.0 (Windows NT 6.1; WOW64; rv:34.0) Gecko/20100101 Firefox/34.0"
62.220.2.102 - - [15/Jan/2015:14:56:30 +0100] "GET /img/glyphicons-halflings.png HTTP/1.1" 200 12799 "http://www.dialyse-falkensee.de/" "Mozilla/5.0 (compatible; MSIE 10.0; Windows NT 6.1; WOW64; Trident/6.0)"
176.9.4.58 - - [15/Jan/2015:15:13:26 +0100] "GET /robots.txt HTTP/1.1" 404 1256 "-" "Mozilla/5.0 (compatible; WebmasterCoffee/0.7; +http://webmastercoffee.com/about)"
176.9.4.58 - - [15/Jan/2015:15:13:26 +0100] "GET /leer.htm%20name=leer%20scrolling=NO%20marginwidth=0%20marginheight=0 HTTP/1.1" 404 1256 "http://webmastercoffee.com/site/www.dialyse-falkensee.de?p=%2Fleer.htm%2520name%3Dleer%2520scrolling%3DNO%2520marginwidth%3D0%2520marginheight%3D0" "Mozilla/5.0 (compatible; WebmasterCoffee/0.7; +http://webmastercoffee.com/about)"
178.255.215.76 - - [15/Jan/2015:15:33:56 +0100] "GET /robots.txt HTTP/1.1" 404 1256 "-" "Mozilla/5.0 (compatible; Exabot/3.0; +http://www.exabot.com/go/robot)"
178.255.215.76 - - [15/Jan/2015:15:33:56 +0100] "GET / HTTP/1.1" 304 - "-" "Mozilla/5.0 (compatible; Exabot/3.0; +http://www.exabot.com/go/robot)"
199.19.249.196 - - [15/Jan/2015:19:33:29 +0100] "GET / HTTP/1.1" 200 3274 "-" "Mozilla/4.0 (compatible; MSIE 7.0; Windows NT 5.1; InfoPath.1; .NET CLR 2.0.50727; .NET CLR 1.1.4322; MS-RTC LM 8; .NET CLR 3.0.4506.2152; .NET CLR 3.5.30729)"
193.169.196.202 - - [15/Jan/2015:19:33:29 +0100] "GET / HTTP/1.1" 200 3274 "http://www.google.de/url?url=http://www.dialyse-falkensee.de/&rct=j&frm=1&q=&esrc=s&sa=U&ei=rAe4VNDrE4-ryQTppoCICQ&ved=0CBYQFjAA&usg=AFQjCNGuF7ARRwLM5AZnyLuDZMNw4OFy3g" "Mozilla/4.0 (compatible; MSIE 8.0; Windows NT 6.0; Trident/4.0; SLCC1; .NET CLR 2.0.50727; .NET CLR 3.0.30729; .NET CLR 3.5.21022; InfoPath.3; .NET CLR 3.5.30729; .NET4.0C; .NET4.0E)"
193.169.196.202 - - [15/Jan/2015:19:33:29 +0100] "GET /css/bootstrap-responsive.min.css HTTP/1.1" 200 16520 "http://www.dialyse-falkensee.de/" "Mozilla/4.0 (compatible; MSIE 8.0; Windows NT 6.0; Trident/4.0; SLCC1; .NET CLR 2.0.50727; .NET CLR 3.0.30729; .NET CLR 3.5.21022; InfoPath.3; .NET CLR 3.5.30729; .NET4.0C; .NET4.0E)"
193.169.196.202 - - [15/Jan/2015:19:33:29 +0100] "GET /ico/favicon.ico HTTP/1.1" 404 1256 "http://www.dialyse-falkensee.de/" "Mozilla/4.0 (compatible; MSIE 8.0; Windows NT 6.0; Trident/4.0; SLCC1; .NET CLR 2.0.50727; .NET CLR 3.0.30729; .NET CLR 3.5.21022; InfoPath.3; .NET CLR 3.5.30729; .NET4.0C; .NET4.0E)"
193.169.196.202 - - [15/Jan/2015:19:33:29 +0100] "GET /js/bootstrap.min.js HTTP/1.1" 200 25764 "http://www.dialyse-falkensee.de/" "Mozilla/4.0 (compatible; MSIE 8.0; Windows NT 6.0; Trident/4.0; SLCC1; .NET CLR 2.0.50727; .NET CLR 3.0.30729; .NET CLR 3.5.21022; InfoPath.3; .NET CLR 3.5.30729; .NET4.0C; .NET4.0E)"
193.169.196.202 - - [15/Jan/2015:19:33:29 +0100] "GET /css/bootstrap.min.css HTTP/1.1" 200 101265 "http://www.dialyse-falkensee.de/" "Mozilla/4.0 (compatible; MSIE 8.0; Windows NT 6.0; Trident/4.0; SLCC1; .NET CLR 2.0.50727; .NET CLR 3.0.30729; .NET CLR 3.5.21022; InfoPath.3; .NET CLR 3.5.30729; .NET4.0C; .NET4.0E)"
193.169.196.202 - - [15/Jan/2015:19:33:29 +0100] "GET /img/glyphicons-halflings.png HTTP/1.1" 200 12799 "http://www.dialyse-falkensee.de/" "Mozilla/4.0 (compatible; MSIE 8.0; Windows NT 6.0; Trident/4.0; SLCC1; .NET CLR 2.0.50727; .NET CLR 3.0.30729; .NET CLR 3.5.21022; InfoPath.3; .NET CLR 3.5.30729; .NET4.0C; .NET4.0E)"
193.169.196.202 - - [15/Jan/2015:19:33:30 +0100] "GET /ico/favicon.ico HTTP/1.1" 404 1256 "-" "Mozilla/4.0 (compatible; MSIE 8.0; Windows NT 6.0; Trident/4.0; SLCC1; .NET CLR 2.0.50727; .NET CLR 3.0.30729; .NET CLR 3.5.21022; InfoPath.3; .NET CLR 3.5.30729; .NET4.0C; .NET4.0E)"
188.165.15.95 - - [15/Jan/2015:19:48:12 +0100] "GET /robots.txt HTTP/1.1" 404 1256 "-" "Mozilla/5.0 (compatible; AhrefsBot/5.0; +http://ahrefs.com/robot/)"
157.55.39.191 - - [15/Jan/2015:20:18:32 +0100] "GET / HTTP/1.1" 200 3274 "-" "Mozilla/5.0 (compatible; bingbot/2.0; +http://www.bing.com/bingbot.htm)"
193.175.73.218 - - [15/Jan/2015:20:26:52 +0100] "GET / HTTP/1.1" 200 3274 "https://www.google.de/" "Mozilla/5.0 (Windows NT 6.1; WOW64) AppleWebKit/537.36 (KHTML, like Gecko) Chrome/39.0.2171.99 Safari/537.36"
193.175.73.218 - - [15/Jan/2015:20:26:52 +0100] "GET /css/bootstrap-responsive.min.css HTTP/1.1" 200 16520 "http://www.dialyse-falkensee.de/" "Mozilla/5.0 (Windows NT 6.1; WOW64) AppleWebKit/537.36 (KHTML, like Gecko) Chrome/39.0.2171.99 Safari/537.36"
193.175.73.218 - - [15/Jan/2015:20:26:52 +0100] "GET /js/bootstrap.min.js HTTP/1.1" 200 25764 "http://www.dialyse-falkensee.de/" "Mozilla/5.0 (Windows NT 6.1; WOW64) AppleWebKit/537.36 (KHTML, like Gecko) Chrome/39.0.2171.99 Safari/537.36"
193.175.73.218 - - [15/Jan/2015:20:26:52 +0100] "GET /css/bootstrap.min.css HTTP/1.1" 200 101265 "http://www.dialyse-falkensee.de/" "Mozilla/5.0 (Windows NT 6.1; WOW64) AppleWebKit/537.36 (KHTML, like Gecko) Chrome/39.0.2171.99 Safari/537.36"
193.175.73.218 - - [15/Jan/2015:20:26:52 +0100] "GET /ico/favicon.ico HTTP/1.1" 404 1256 "-" "Mozilla/5.0 (Windows NT 6.1; WOW64) AppleWebKit/537.36 (KHTML, like Gecko) Chrome/39.0.2171.99 Safari/537.36"
66.249.78.59 - - [15/Jan/2015:22:13:38 +0100] "GET /robots.txt HTTP/1.1" 404 1256 "-" "Mozilla/5.0 (compatible; Googlebot/2.1; +http://www.google.com/bot.html)"
66.249.78.52 - - [15/Jan/2015:22:13:38 +0100] "GET / HTTP/1.1" 200 3274 "-" "Mozilla/5.0 (iPhone; CPU iPhone OS 6_0 like Mac OS X) AppleWebKit/536.26 (KHTML, like Gecko) Version/6.0 Mobile/10A5376e Safari/8536.25 (compatible; Googlebot/2.1; +http://www.google.com/bot.html)"
176.9.4.58 - - [15/Jan/2015:22:44:31 +0100] "GET /navi.htm%20width=131%20height=357%20name=navi%20marginwidth=0%20marginheight=0%20scrolling=NO%20frameborder=NO HTTP/1.1" 404 1256 "http://webmastercoffee.com/site/www.dialyse-falkensee.de?p=%2Fnavi.htm%2520width%3D131%2520height%3D357%2520name%3Dnavi%2520marginwidth%3D0%2520marginheight%3D0%2520scrolling%3DNO%2520frameborder%3DNO" "Mozilla/5.0 (compatible; WebmasterCoffee/0.7; +http://webmastercoffee.com/about)"
216.145.11.94 - - [16/Jan/2015:02:11:57 +0100] "GET /robots.txt HTTP/1.0" 404 1256 "-" "Mozilla/5.0 (Windows; U; Windows NT 5.1; en; rv:1.9.0.13) Gecko/2009073022 Firefox/3.5.2 (.NET CLR 3.5.30729) SurveyBot/2.3 (DomainTools)"
216.145.11.94 - - [16/Jan/2015:02:11:58 +0100] "GET / HTTP/1.1" 200 3274 "http://whois.domaintools.com/dialyse-falkensee.de" "Mozilla/5.0 (Windows; U; Windows NT 5.1; en; rv:1.9.0.13) Gecko/2009073022 Firefox/3.5.2 (.NET CLR 3.5.30729) SurveyBot/2.3 (DomainTools)"
209.190.1.134 - - [16/Jan/2015:10:37:12 +0100] "GET / HTTP/1.1" 200 3274 "-" "Mozilla/5.0 (Windows NT 6.1; Win64; x64) KomodiaBot/1.0"
85.25.202.18 - - [16/Jan/2015:16:40:24 +0100] "GET / HTTP/1.0" 200 3274 "-" "-"
85.25.202.18 - - [16/Jan/2015:16:40:24 +0100] "GET / HTTP/1.0" 200 3274 "-" "Mozilla/5.0 (Windows NT 6.1; WOW64; rv:19.0) Gecko/20100101 Firefox/19.0"
85.25.202.18 - - [16/Jan/2015:16:40:24 +0100] "GET / HTTP/1.0" 200 3274 "-" "-"
66.249.64.82 - - [16/Jan/2015:21:03:43 +0100] "GET /robots.txt HTTP/1.1" 404 1256 "-" "Mozilla/5.0 (compatible; Googlebot/2.1; +http://www.google.com/bot.html)"
66.249.78.45 - - [16/Jan/2015:21:03:43 +0100] "GET / HTTP/1.1" 200 3274 "-" "Mozilla/5.0 (compatible; Googlebot/2.1; +http://www.google.com/bot.html)"
208.115.113.83 - - [16/Jan/2015:23:22:52 +0100] "GET /robots.txt HTTP/1.1" 404 1256 "-" "Mozilla/5.0 (compatible; DotBot/1.1; http://www.opensiteexplorer.org/dotbot, help@moz.com)"
208.115.113.83 - - [16/Jan/2015:23:56:18 +0100] "GET / HTTP/1.1" 200 3274 "-" "Mozilla/5.0 (compatible; DotBot/1.1; http://www.opensiteexplorer.org/dotbot, help@moz.com)"
192.99.107.46 - - [17/Jan/2015:01:21:23 +0100] "GET /robots.txt HTTP/1.1" 404 1256 "-" "Mozilla/5.0 (compatible; meanpathbot/1.0; +http://www.meanpath.com/meanpathbot.html)"
192.99.107.46 - - [17/Jan/2015:01:21:23 +0100] "GET / HTTP/1.1" 200 3274 "-" "Mozilla/5.0 (compatible; meanpathbot/1.0; +http://www.meanpath.com/meanpathbot.html)"
66.249.64.86 - - [17/Jan/2015:02:30:50 +0100] "GET / HTTP/1.1" 200 3274 "-" "SAMSUNG-SGH-E250/1.0 Profile/MIDP-2.0 Configuration/CLDC-1.1 UP.Browser/6.2.3.3.c.1.101 (GUI) MMP/2.0 (compatible; Googlebot-Mobile/2.1; +http://www.google.com/bot.html)"
66.249.64.86 - - [17/Jan/2015:07:59:46 +0100] "GET / HTTP/1.1" 200 3274 "-" "Mozilla/5.0 (iPhone; CPU iPhone OS 6_0 like Mac OS X) AppleWebKit/536.26 (KHTML, like Gecko) Version/6.0 Mobile/10A5376e Safari/8536.25 (compatible; Googlebot/2.1; +http://www.google.com/bot.html)"
192.99.107.82 - - [17/Jan/2015:08:13:12 +0100] "GET /robots.txt HTTP/1.1" 404 1256 "-" "Mozilla/5.0 (compatible; meanpathbot/1.0; +http://www.meanpath.com/meanpathbot.html)"
192.99.107.82 - - [17/Jan/2015:08:13:12 +0100] "GET / HTTP/1.1" 200 3274 "-" "Mozilla/5.0 (compatible; meanpathbot/1.0; +http://www.meanpath.com/meanpathbot.html)"
157.55.39.192 - - [17/Jan/2015:11:07:31 +0100] "GET /robots.txt HTTP/1.1" 404 1256 "-" "Mozilla/5.0 (compatible; bingbot/2.0; +http://www.bing.com/bingbot.htm)"
157.55.39.192 - - [17/Jan/2015:11:07:35 +0100] "GET / HTTP/1.1" 200 3274 "-" "Mozilla/5.0 (compatible; bingbot/2.0; +http://www.bing.com/bingbot.htm)"
66.249.78.45 - - [17/Jan/2015:16:10:01 +0100] "GET /robots.txt HTTP/1.1" 404 1256 "-" "Mozilla/5.0 (compatible; Googlebot/2.1; +http://www.google.com/bot.html)"
66.249.78.59 - - [17/Jan/2015:16:10:01 +0100] "GET /css/bootstrap-responsive.min.css HTTP/1.1" 200 16520 "-" "Mozilla/5.0 (compatible; Googlebot/2.1; +http://www.google.com/bot.html)"
66.249.78.52 - - [17/Jan/2015:22:35:50 +0100] "GET /css/bootstrap.min.css HTTP/1.1" 200 101265 "-" "Mozilla/5.0 (compatible; Googlebot/2.1; +http://www.google.com/bot.html)"
157.55.39.192 - - [17/Jan/2015:22:43:39 +0100] "GET /leer.htm HTTP/1.1" 404 1256 "-" "Mozilla/5.0 (compatible; bingbot/2.0; +http://www.bing.com/bingbot.htm)"
209.190.1.131 - - [18/Jan/2015:01:10:05 +0100] "GET / HTTP/1.1" 200 3274 "-" "Mozilla/5.0 (Windows NT 6.1; Win64; x64) KomodiaBot/1.0"
209.190.1.131 - - [18/Jan/2015:01:14:59 +0100] "GET / HTTP/1.1" 200 3274 "-" "M"
80.237.133.89 - - [18/Jan/2015:03:32:05 +0100] "GET / HTTP/1.1" 200 3274 "-" "-"
157.55.39.192 - - [18/Jan/2015:03:39:41 +0100] "GET / HTTP/1.1" 200 3274 "-" "Mozilla/5.0 (compatible; bingbot/2.0; +http://www.bing.com/bingbot.htm)"
157.55.39.191 - - [18/Jan/2015:03:58:12 +0100] "GET / HTTP/1.1" 200 3274 "-" "Mozilla/5.0 (compatible; bingbot/2.0; +http://www.bing.com/bingbot.htm)"
199.30.25.150 - - [18/Jan/2015:03:58:13 +0100] "GET /css/bootstrap-responsive.min.css HTTP/1.1" 200 16520 "http://www.dialyse-falkensee.de/" "Mozilla/5.0 (Windows NT 6.1; WOW64) AppleWebKit/534+ (KHTML, like Gecko) BingPreview/1.0b"
199.30.25.150 - - [18/Jan/2015:03:58:13 +0100] "GET /css/bootstrap.min.css HTTP/1.1" 200 101265 "http://www.dialyse-falkensee.de/" "Mozilla/5.0 (Windows NT 6.1; WOW64) AppleWebKit/534+ (KHTML, like Gecko) BingPreview/1.0b"
199.30.25.150 - - [18/Jan/2015:03:58:14 +0100] "GET /js/bootstrap.min.js HTTP/1.1" 200 25764 "http://www.dialyse-falkensee.de/" "Mozilla/5.0 (Windows NT 6.1; WOW64) AppleWebKit/534+ (KHTML, like Gecko) BingPreview/1.0b"
157.55.39.193 - - [18/Jan/2015:03:58:18 +0100] "GET /robots.txt HTTP/1.1" 404 1256 "-" "Mozilla/5.0 (compatible; bingbot/2.0; +http://www.bing.com/bingbot.htm)"
157.55.39.193 - - [18/Jan/2015:03:58:18 +0100] "GET /robots.txt HTTP/1.1" 404 1256 "-" "Mozilla/5.0 (compatible; bingbot/2.0; +http://www.bing.com/bingbot.htm)"
83.33.143.193 - - [18/Jan/2015:06:57:00 +0100] "GET / HTTP/1.1" 200 3274 "-" "Java/1.7.0_60"
83.33.143.193 - - [18/Jan/2015:06:57:00 +0100] "GET /js/bootstrap.min.js HTTP/1.1" 200 25764 "-" "Java/1.7.0_60"
83.33.143.193 - - [18/Jan/2015:06:57:01 +0100] "GET /js/),this.$menu.html(t),this},next:function(t){var n=this.$menu.find( HTTP/1.1" 404 1256 "-" "Java/1.7.0_60"
83.33.143.193 - - [18/Jan/2015:06:57:01 +0100] "GET /js/).html(n.highlighter(r)),t[0]}),t.first().addClass( HTTP/1.1" 404 1256 "-" "Java/1.7.0_60"
83.33.143.193 - - [18/Jan/2015:06:57:02 +0100] "GET /js/)[this.options.html? HTTP/1.1" 404 1256 "-" "Java/1.7.0_60"
83.33.143.193 - - [18/Jan/2015:06:57:02 +0100] "GET /js/'+t+' HTTP/1.1" 404 1256 "-" "Java/1.7.0_60"
157.55.39.191 - - [18/Jan/2015:13:32:16 +0100] "GET / HTTP/1.1" 200 3274 "-" "Mozilla/5.0 (compatible; bingbot/2.0; +http://www.bing.com/bingbot.htm)"
211.244.83.248 - - [18/Jan/2015:16:45:13 +0100] "GET /robots.txt HTTP/1.1" 404 1256 "http://search.daum.net/" "Mozilla/5.0 (compatible; MSIE or Firefox mutant; not on Windows server; + http://tab.search.daum.net/aboutWebSearch.html) Daumoa/3.0"
211.244.83.248 - - [18/Jan/2015:16:45:14 +0100] "GET / HTTP/1.1" 200 3274 "http://search.daum.net/" "Mozilla/5.0 (compatible; MSIE or Firefox mutant; not on Windows server; + http://tab.search.daum.net/aboutWebSearch.html) Daumoa/3.0"
66.249.78.59 - - [18/Jan/2015:18:30:15 +0100] "GET /robots.txt HTTP/1.1" 404 1256 "-" "Mozilla/5.0 (compatible; Googlebot/2.1; +http://www.google.com/bot.html)"
66.249.78.45 - - [18/Jan/2015:18:30:15 +0100] "GET / HTTP/1.1" 200 3274 "-" "Mozilla/5.0 (iPhone; CPU iPhone OS 6_0 like Mac OS X) AppleWebKit/536.26 (KHTML, like Gecko) Version/6.0 Mobile/10A5376e Safari/8536.25 (compatible; Googlebot/2.1; +http://www.google.com/bot.html)"
157.55.39.191 - - [18/Jan/2015:18:54:10 +0100] "GET / HTTP/1.1" 200 3274 "-" "Mozilla/5.0 (iPhone; CPU iPhone OS 7_0 like Mac OS X) AppleWebKit/537.51.1 (KHTML, like Gecko) Version/7.0 Mobile/11A465 Safari/9537.53 (compatible; bingbot/2.0; http://www.bing.com/bingbot.htm)"
199.30.25.16 - - [18/Jan/2015:18:54:11 +0100] "GET /css/bootstrap-responsive.min.css HTTP/1.1" 200 16520 "http://www.dialyse-falkensee.de/" "Mozilla/5.0 (iPhone; CPU iPhone OS 7_0 like Mac OS X) AppleWebKit/537.51.1 (KHTML, like Gecko) Version/7.0 Mobile/11A465 Safari/9537.53 BingPreview/1.0b"
199.30.25.16 - - [18/Jan/2015:18:54:11 +0100] "GET /css/bootstrap.min.css HTTP/1.1" 200 101265 "http://www.dialyse-falkensee.de/" "Mozilla/5.0 (iPhone; CPU iPhone OS 7_0 like Mac OS X) AppleWebKit/537.51.1 (KHTML, like Gecko) Version/7.0 Mobile/11A465 Safari/9537.53 BingPreview/1.0b"
199.30.25.16 - - [18/Jan/2015:18:54:12 +0100] "GET /js/bootstrap.min.js HTTP/1.1" 200 25764 "http://www.dialyse-falkensee.de/" "Mozilla/5.0 (iPhone; CPU iPhone OS 7_0 like Mac OS X) AppleWebKit/537.51.1 (KHTML, like Gecko) Version/7.0 Mobile/11A465 Safari/9537.53 BingPreview/1.0b"
199.30.25.16 - - [18/Jan/2015:18:54:12 +0100] "GET /img/glyphicons-halflings.png HTTP/1.1" 200 12799 "http://www.dialyse-falkensee.de/" "Mozilla/5.0 (iPhone; CPU iPhone OS 7_0 like Mac OS X) AppleWebKit/537.51.1 (KHTML, like Gecko) Version/7.0 Mobile/11A465 Safari/9537.53 BingPreview/1.0b"
157.55.39.55 - - [19/Jan/2015:01:08:24 +0100] "GET /navi.htm HTTP/1.1" 404 1256 "-" "Mozilla/5.0 (compatible; bingbot/2.0; +http://www.bing.com/bingbot.htm)"
157.55.39.83 - - [19/Jan/2015:01:08:28 +0100] "GET /home.htm HTTP/1.1" 404 1256 "-" "Mozilla/5.0 (compatible; bingbot/2.0; +http://www.bing.com/bingbot.htm)"
87.145.212.130 - - [19/Jan/2015:02:35:25 +0100] "GET / HTTP/1.1" 200 3274 "http://www.bigfinder.de/?c=ws&q=online&v=1" "T-Online Browser"
157.55.39.193 - - [19/Jan/2015:06:57:23 +0100] "GET /index.html HTTP/1.1" 200 3274 "-" "Mozilla/5.0 (compatible; bingbot/2.0; +http://www.bing.com/bingbot.htm)"
157.55.39.191 - - [19/Jan/2015:09:43:37 +0100] "GET / HTTP/1.1" 200 3274 "-" "Mozilla/5.0 (compatible; bingbot/2.0; +http://www.bing.com/bingbot.htm)"
66.249.78.52 - - [19/Jan/2015:10:08:18 +0100] "GET /robots.txt HTTP/1.1" 404 1256 "-" "Mozilla/5.0 (compatible; Googlebot/2.1; +http://www.google.com/bot.html)"
66.249.78.45 - - [19/Jan/2015:10:08:18 +0100] "GET / HTTP/1.1" 200 3274 "-" "Mozilla/5.0 (compatible; Googlebot/2.1; +http://www.google.com/bot.html)"
136.243.5.87 - - [19/Jan/2015:10:51:55 +0100] "GET /robots.txt HTTP/1.0" 404 1256 "-" "Mozilla/5.0 (compatible; MJ12bot/v1.4.5; http://www.majestic12.co.uk/bot.php?+)"
136.243.5.87 - - [19/Jan/2015:10:52:14 +0100] "GET /index.html HTTP/1.0" 200 3274 "-" "Mozilla/5.0 (compatible; MJ12bot/v1.4.5; http://www.majestic12.co.uk/bot.php?+)"
217.27.196.55 - - [19/Jan/2015:12:04:16 +0100] "GET / HTTP/1.1" 200 3274 "http://www.google.de/url?sa=t&rct=j&q=&esrc=s&frm=1&source=web&cd=3&ved=0CC8QFjAC&url=http%3A%2F%2Fwww.dialyse-falkensee.de%2F&ei=3bW8VNjjM4WrUY_6gKgB&usg=AFQjCNECgXXq-DVOeCPbM1zyqacv9mR2gg" "Mozilla/5.0 (compatible; MSIE 9.0; Windows NT 6.1; Trident/5.0)"
217.27.196.55 - - [19/Jan/2015:12:04:16 +0100] "GET /css/bootstrap-responsive.min.css HTTP/1.1" 200 16520 "http://www.dialyse-falkensee.de/" "Mozilla/5.0 (compatible; MSIE 9.0; Windows NT 6.1; Trident/5.0)"
217.27.196.55 - - [19/Jan/2015:12:04:16 +0100] "GET /css/bootstrap.min.css HTTP/1.1" 200 101265 "http://www.dialyse-falkensee.de/" "Mozilla/5.0 (compatible; MSIE 9.0; Windows NT 6.1; Trident/5.0)"
217.27.196.55 - - [19/Jan/2015:12:04:16 +0100] "GET /js/bootstrap.min.js HTTP/1.1" 200 25764 "http://www.dialyse-falkensee.de/" "Mozilla/5.0 (compatible; MSIE 9.0; Windows NT 6.1; Trident/5.0)"
217.27.196.55 - - [19/Jan/2015:12:04:16 +0100] "GET /img/glyphicons-halflings.png HTTP/1.1" 200 12799 "http://www.dialyse-falkensee.de/" "Mozilla/5.0 (compatible; MSIE 9.0; Windows NT 6.1; Trident/5.0)"
217.27.196.55 - - [19/Jan/2015:12:04:17 +0100] "GET /ico/favicon.ico HTTP/1.1" 404 1256 "-" "Mozilla/5.0 (compatible; MSIE 9.0; Windows NT 6.1; Trident/5.0)"
66.249.64.82 - - [19/Jan/2015:12:06:40 +0100] "GET / HTTP/1.1" 200 3274 "-" "Mozilla/5.0 (compatible; Googlebot/2.1; +http://www.google.com/bot.html)"
217.231.188.52 - - [19/Jan/2015:12:28:32 +0100] "GET / HTTP/1.1" 200 3274 "http://www.google.de/url?sa=t&rct=j&q=&esrc=s&source=web&cd=1&ved=0CCEQFjAA&url=http%3A%2F%2Fwww.dialyse-falkensee.de%2F&ei=oOm8VNr3Nsn2OoCygYgF&usg=AFQjCNECgXXq-DVOeCPbM1zyqacv9mR2gg&bvm=bv.83829542,d.ZWU" "Mozilla/5.0 (Windows NT 6.1; WOW64; rv:35.0) Gecko/20100101 Firefox/35.0"
217.231.188.52 - - [19/Jan/2015:12:28:32 +0100] "GET /css/bootstrap-responsive.min.css HTTP/1.1" 200 16520 "http://www.dialyse-falkensee.de/" "Mozilla/5.0 (Windows NT 6.1; WOW64; rv:35.0) Gecko/20100101 Firefox/35.0"
217.231.188.52 - - [19/Jan/2015:12:28:32 +0100] "GET /js/bootstrap.min.js HTTP/1.1" 200 25764 "http://www.dialyse-falkensee.de/" "Mozilla/5.0 (Windows NT 6.1; WOW64; rv:35.0) Gecko/20100101 Firefox/35.0"
217.231.188.52 - - [19/Jan/2015:12:28:32 +0100] "GET /ico/favicon.ico HTTP/1.1" 404 1256 "-" "Mozilla/5.0 (Windows NT 6.1; WOW64; rv:35.0) Gecko/20100101 Firefox/35.0"
217.231.188.52 - - [19/Jan/2015:12:28:32 +0100] "GET /ico/favicon.ico HTTP/1.1" 404 1256 "-" "Mozilla/5.0 (Windows NT 6.1; WOW64; rv:35.0) Gecko/20100101 Firefox/35.0"
217.231.188.52 - - [19/Jan/2015:12:28:32 +0100] "GET /css/bootstrap.min.css HTTP/1.1" 200 101265 "http://www.dialyse-falkensee.de/" "Mozilla/5.0 (Windows NT 6.1; WOW64; rv:35.0) Gecko/20100101 Firefox/35.0"
217.231.188.52 - - [19/Jan/2015:12:28:33 +0100] "GET /ico/favicon.ico HTTP/1.1" 404 1256 "-" "Mozilla/5.0 (Windows NT 6.1; WOW64; rv:35.0) Gecko/20100101 Firefox/35.0"
66.249.78.59 - - [19/Jan/2015:14:20:25 +0100] "GET / HTTP/1.1" 200 3274 "-" "Mozilla/5.0 (compatible; Googlebot/2.1; +http://www.google.com/bot.html)"
72.46.136.178 - - [19/Jan/2015:16:39:12 +0100] "GET / HTTP/1.1" 200 3274 "-" "Mozilla/4.0 (compatible; MSIE 6.0; Windows NT 5.1; SV1; Mozilla/4.0 (compatible; MSIE 6.0; Windows NT 5.1; SV1) ; .NET CLR 2.0.50727 ; .NET CLR 4.0.30319)"
66.249.78.45 - - [19/Jan/2015:18:41:35 +0100] "GET / HTTP/1.1" 200 3274 "-" "Mozilla/5.0 (compatible; Googlebot/2.1; +http://www.google.com/bot.html)"
66.249.78.52 - - [19/Jan/2015:18:44:58 +0100] "GET /css/bootstrap-responsive.min.css HTTP/1.1" 200 16520 "-" "Mozilla/5.0 (compatible; Googlebot/2.1; +http://www.google.com/bot.html)"
66.249.78.59 - - [19/Jan/2015:18:44:59 +0100] "GET /css/bootstrap.min.css HTTP/1.1" 200 101265 "-" "Mozilla/5.0 (compatible; Googlebot/2.1; +http://www.google.com/bot.html)"
192.99.149.88 - - [19/Jan/2015:19:55:05 +0100] "GET /robots.txt HTTP/1.1" 404 1256 "-" "Mozilla/5.0 (compatible; TrueBot/1.0)"
192.99.149.88 - - [19/Jan/2015:19:55:05 +0100] "GET / HTTP/1.1" 200 3274 "-" "Mozilla/5.0 (compatible; TrueBot/1.0)"
218.30.103.135 - - [19/Jan/2015:21:11:49 +0100] "GET /robots.txt HTTP/1.1" 404 1256 "-" "Sogou web spider/4.0(+http://www.sogou.com/docs/help/webmasters.htm#07)"
218.30.103.135 - - [19/Jan/2015:21:11:50 +0100] "GET / HTTP/1.1" 200 3274 "-" "Sogou web spider/4.0(+http://www.sogou.com/docs/help/webmasters.htm#07)"
157.55.39.191 - - [19/Jan/2015:22:19:38 +0100] "GET /robots.txt HTTP/1.1" 404 1256 "-" "Mozilla/5.0 (compatible; bingbot/2.0; +http://www.bing.com/bingbot.htm)"
157.55.39.191 - - [19/Jan/2015:22:19:43 +0100] "GET / HTTP/1.1" 200 3274 "-" "Mozilla/5.0 (compatible; bingbot/2.0; +http://www.bing.com/bingbot.htm)"
66.249.64.78 - - [20/Jan/2015:06:26:50 +0100] "GET /robots.txt HTTP/1.1" 404 1256 "-" "Mozilla/5.0 (compatible; Googlebot/2.1; +http://www.google.com/bot.html)"
66.249.78.59 - - [20/Jan/2015:06:26:50 +0100] "GET / HTTP/1.1" 200 3274 "-" "Mozilla/5.0 (iPhone; CPU iPhone OS 6_0 like Mac OS X) AppleWebKit/536.26 (KHTML, like Gecko) Version/6.0 Mobile/10A5376e Safari/8536.25 (compatible; Googlebot/2.1; +http://www.google.com/bot.html)"
66.249.64.78 - - [20/Jan/2015:07:12:04 +0100] "GET / HTTP/1.1" 200 3274 "-" "DoCoMo/2.0 N905i(c100;TB;W24H16) (compatible; Googlebot-Mobile/2.1; +http://www.google.com/bot.html)"
88.217.133.242 - - [20/Jan/2015:10:20:05 +0100] "GET / HTTP/1.1" 200 3274 "http://www.google.de/url?sa=t&rct=j&q=&esrc=s&source=web&cd=1&cad=rja&uact=8&ved=0CCEQFjAA&url=http%3A%2F%2Fwww.dialyse-falkensee.de%2F&ei=uh2-VJiMAcHtaIbHgMgC&usg=AFQjCNECgXXq-DVOeCPbM1zyqacv9mR2gg&bvm=bv.83829542,d.d2s" "Mozilla/5.0 (Windows NT 6.1; WOW64; Trident/7.0; rv:11.0) like Gecko"
88.217.133.242 - - [20/Jan/2015:10:20:05 +0100] "GET /css/bootstrap-responsive.min.css HTTP/1.1" 200 16520 "http://www.dialyse-falkensee.de/" "Mozilla/5.0 (Windows NT 6.1; WOW64; Trident/7.0; rv:11.0) like Gecko"
88.217.133.242 - - [20/Jan/2015:10:20:05 +0100] "GET /js/bootstrap.min.js HTTP/1.1" 200 25764 "http://www.dialyse-falkensee.de/" "Mozilla/5.0 (Windows NT 6.1; WOW64; Trident/7.0; rv:11.0) like Gecko"
88.217.133.242 - - [20/Jan/2015:10:20:05 +0100] "GET /css/bootstrap.min.css HTTP/1.1" 200 101265 "http://www.dialyse-falkensee.de/" "Mozilla/5.0 (Windows NT 6.1; WOW64; Trident/7.0; rv:11.0) like Gecko"
195.82.70.227 - - [20/Jan/2015:10:21:39 +0100] "GET / HTTP/1.1" 200 3274 "http://www.bing.com/search?q=dialyse+falkensee&src=IE-SearchBox&Form=IE8SRC" "Mozilla/4.0 (compatible; MSIE 8.0; Windows NT 6.0; WOW64; Trident/4.0; SLCC1; .NET CLR 2.0.50727; .NET CLR 3.5.30729; .NET CLR 3.0.30729; InfoPath.2; .NET4.0C; .NET4.0E)"
195.82.70.227 - - [20/Jan/2015:10:21:39 +0100] "GET /css/bootstrap-responsive.min.css HTTP/1.1" 200 16520 "http://www.dialyse-falkensee.de/" "Mozilla/4.0 (compatible; MSIE 8.0; Windows NT 6.0; WOW64; Trident/4.0; SLCC1; .NET CLR 2.0.50727; .NET CLR 3.5.30729; .NET CLR 3.0.30729; InfoPath.2; .NET4.0C; .NET4.0E)"
195.82.70.227 - - [20/Jan/2015:10:21:39 +0100] "GET /css/bootstrap.min.css HTTP/1.1" 200 101265 "http://www.dialyse-falkensee.de/" "Mozilla/4.0 (compatible; MSIE 8.0; Windows NT 6.0; WOW64; Trident/4.0; SLCC1; .NET CLR 2.0.50727; .NET CLR 3.5.30729; .NET CLR 3.0.30729; InfoPath.2; .NET4.0C; .NET4.0E)"
195.82.70.227 - - [20/Jan/2015:10:21:40 +0100] "GET /img/glyphicons-halflings.png HTTP/1.1" 200 12799 "http://www.dialyse-falkensee.de/" "Mozilla/4.0 (compatible; MSIE 8.0; Windows NT 6.0; WOW64; Trident/4.0; SLCC1; .NET CLR 2.0.50727; .NET CLR 3.5.30729; .NET CLR 3.0.30729; InfoPath.2; .NET4.0C; .NET4.0E)"
195.82.70.227 - - [20/Jan/2015:10:21:41 +0100] "GET /js/bootstrap.min.js HTTP/1.1" 200 25764 "http://www.dialyse-falkensee.de/" "Mozilla/4.0 (compatible; MSIE 8.0; Windows NT 6.0; WOW64; Trident/4.0; SLCC1; .NET CLR 2.0.50727; .NET CLR 3.5.30729; .NET CLR 3.0.30729; InfoPath.2; .NET4.0C; .NET4.0E)"
195.82.70.227 - - [20/Jan/2015:10:21:41 +0100] "GET /ico/favicon.ico HTTP/1.1" 404 1256 "-" "Mozilla/4.0 (compatible; MSIE 8.0; Windows NT 6.0; WOW64; Trident/4.0; SLCC1; .NET CLR 2.0.50727; .NET CLR 3.5.30729; .NET CLR 3.0.30729; InfoPath.2; .NET4.0C; .NET4.0E)"
46.28.69.142 - - [20/Jan/2015:18:55:56 +0100] "GET /robots.txt HTTP/1.1" 404 1256 "-" "Python-urllib/2.6"
192.99.149.88 - - [20/Jan/2015:20:01:21 +0100] "GET / HTTP/1.1" 200 3274 "-" "Mozilla/5.0 (compatible; TrueBot/1.0)"
157.55.39.191 - - [20/Jan/2015:22:23:40 +0100] "GET / HTTP/1.1" 200 3274 "-" "Mozilla/5.0 (compatible; bingbot/2.0; +http://www.bing.com/bingbot.htm)"
92.76.149.183 - - [20/Jan/2015:23:49:24 +0100] "HEAD /index.html HTTP/1.1" 200 - "-" "Xenu Link Sleuth/1.3.8"
107.155.70.195 - - [21/Jan/2015:01:11:08 +0100] "HEAD / HTTP/1.1" 200 - "-" "Firefox"
107.155.70.195 - - [21/Jan/2015:01:11:09 +0100] "GET / HTTP/1.1" 200 3274 "-" "Firefox"
5.63.146.172 - - [21/Jan/2015:07:09:48 +0100] "GET /admin/ HTTP/1.1" 404 1256 "http://www.dialyse-falkensee.de/admin/" "\"Mozilla/5.0 (Windows NT 6.1; rv:24.0) Gecko/20100101 Firefox/24.0\""
157.55.39.191 - - [21/Jan/2015:11:39:06 +0100] "GET / HTTP/1.1" 200 3274 "-" "Mozilla/5.0 (compatible; bingbot/2.0; +http://www.bing.com/bingbot.htm)"
66.249.78.59 - - [21/Jan/2015:12:55:33 +0100] "GET /robots.txt HTTP/1.1" 404 1256 "-" "Mozilla/5.0 (compatible; Googlebot/2.1; +http://www.google.com/bot.html)"
66.249.78.52 - - [21/Jan/2015:12:55:33 +0100] "GET / HTTP/1.1" 200 3274 "-" "Mozilla/5.0 (compatible; Googlebot/2.1; +http://www.google.com/bot.html)"
89.204.138.153 - - [21/Jan/2015:14:56:37 +0100] "GET / HTTP/1.1" 200 3274 "http://www.google.de/" "Mozilla/5.0 (Linux; Android 4.4.2; SM-N9005 Build/KOT49H) AppleWebKit/537.36 (KHTML, like Gecko) Chrome/39.0.2171.93 Mobile Safari/537.36"
89.204.138.153 - - [21/Jan/2015:14:56:37 +0100] "GET /css/bootstrap-responsive.min.css HTTP/1.1" 200 16520 "http://www.google.de/" "Mozilla/5.0 (Linux; Android 4.4.2; SM-N9005 Build/KOT49H) AppleWebKit/537.36 (KHTML, like Gecko) Chrome/39.0.2171.93 Mobile Safari/537.36"
89.204.138.153 - - [21/Jan/2015:14:56:37 +0100] "GET /js/bootstrap.min.js HTTP/1.1" 200 25764 "http://www.google.de/" "Mozilla/5.0 (Linux; Android 4.4.2; SM-N9005 Build/KOT49H) AppleWebKit/537.36 (KHTML, like Gecko) Chrome/39.0.2171.93 Mobile Safari/537.36"
89.204.138.153 - - [21/Jan/2015:14:56:37 +0100] "GET /css/bootstrap.min.css HTTP/1.1" 200 101265 "http://www.google.de/" "Mozilla/5.0 (Linux; Android 4.4.2; SM-N9005 Build/KOT49H) AppleWebKit/537.36 (KHTML, like Gecko) Chrome/39.0.2171.93 Mobile Safari/537.36"
89.204.138.153 - - [21/Jan/2015:14:56:37 +0100] "GET /img/glyphicons-halflings.png HTTP/1.1" 200 12799 "http://www.google.de/" "Mozilla/5.0 (Linux; Android 4.4.2; SM-N9005 Build/KOT49H) AppleWebKit/537.36 (KHTML, like Gecko) Chrome/39.0.2171.93 Mobile Safari/537.36"
89.204.138.153 - - [21/Jan/2015:14:56:38 +0100] "GET /ico/favicon.ico HTTP/1.1" 404 1256 "http://www.google.de/" "Mozilla/5.0 (Linux; Android 4.4.2; SM-N9005 Build/KOT49H) AppleWebKit/537.36 (KHTML, like Gecko) Chrome/39.0.2171.93 Mobile Safari/537.36"
109.47.0.16 - - [21/Jan/2015:15:41:55 +0100] "GET / HTTP/1.1" 200 3274 "http://www.google.com/url?sa=t&source=web&cd=1&ved=0CB0QFjAA&url=http%3A%2F%2Fwww.dialyse-falkensee.de%2F&rct=j&q=dialyse%20falkensee%20&ei=57e_VJnFLsmrU_WOgcAF&usg=AFQjCNECgXXq-DVOeCPbM1zyqacv9mR2gg&bvm=bv.83829542,d.d24" "Mozilla/5.0 (Linux; U; Android 4.0.3; de-de; HUAWEI U8666E Build/HuaweiU8666E) AppleWebKit/534.30 (KHTML, like Gecko) Version/4.0 Mobile Safari/534.30"
109.47.0.16 - - [21/Jan/2015:15:41:55 +0100] "GET /css/bootstrap-responsive.min.css HTTP/1.1" 200 16520 "http://www.dialyse-falkensee.de/" "Mozilla/5.0 (Linux; U; Android 4.0.3; de-de; HUAWEI U8666E Build/HuaweiU8666E) AppleWebKit/534.30 (KHTML, like Gecko) Version/4.0 Mobile Safari/534.30"
109.47.0.16 - - [21/Jan/2015:15:41:55 +0100] "GET /js/bootstrap.min.js HTTP/1.1" 200 25764 "http://www.dialyse-falkensee.de/" "Mozilla/5.0 (Linux; U; Android 4.0.3; de-de; HUAWEI U8666E Build/HuaweiU8666E) AppleWebKit/534.30 (KHTML, like Gecko) Version/4.0 Mobile Safari/534.30"
109.47.0.16 - - [21/Jan/2015:15:41:55 +0100] "GET /css/bootstrap.min.css HTTP/1.1" 200 101265 "http://www.dialyse-falkensee.de/" "Mozilla/5.0 (Linux; U; Android 4.0.3; de-de; HUAWEI U8666E Build/HuaweiU8666E) AppleWebKit/534.30 (KHTML, like Gecko) Version/4.0 Mobile Safari/534.30"
109.47.0.16 - - [21/Jan/2015:15:42:01 +0100] "GET /img/glyphicons-halflings.png HTTP/1.1" 200 12799 "http://www.dialyse-falkensee.de/" "Mozilla/5.0 (Linux; U; Android 4.0.3; de-de; HUAWEI U8666E Build/HuaweiU8666E) AppleWebKit/534.30 (KHTML, like Gecko) Version/4.0 Mobile Safari/534.30"
109.47.0.16 - - [21/Jan/2015:15:42:31 +0100] "GET /ico/favicon.ico HTTP/1.1" 404 1256 "http://www.dialyse-falkensee.de/" "Mozilla/5.0 (Linux; U; Android 4.0.3; de-de; HUAWEI U8666E Build/HuaweiU8666E) AppleWebKit/534.30 (KHTML, like Gecko) Version/4.0 Mobile Safari/534.30"
66.249.78.59 - - [21/Jan/2015:16:19:41 +0100] "GET / HTTP/1.1" 200 3274 "-" "Mozilla/5.0 (compatible; Googlebot/2.1; +http://www.google.com/bot.html)"
157.55.39.193 - - [21/Jan/2015:17:36:59 +0100] "GET /header.htm HTTP/1.1" 404 1256 "-" "Mozilla/5.0 (compatible; bingbot/2.0; +http://www.bing.com/bingbot.htm)"
192.99.149.88 - - [21/Jan/2015:20:03:23 +0100] "GET / HTTP/1.1" 200 3274 "-" "Mozilla/5.0 (compatible; TrueBot/1.0)"
68.180.228.232 - - [21/Jan/2015:20:19:32 +0100] "GET /robots.txt HTTP/1.1" 404 1256 "-" "Mozilla/5.0 (compatible; Yahoo! Slurp; http://help.yahoo.com/help/us/ysearch/slurp)"
68.180.228.232 - - [21/Jan/2015:20:19:32 +0100] "GET / HTTP/1.1" 200 3274 "-" "Mozilla/5.0 (compatible; Yahoo! Slurp; http://help.yahoo.com/help/us/ysearch/slurp)"
66.249.78.59 - - [21/Jan/2015:22:55:20 +0100] "GET / HTTP/1.1" 200 3274 "-" "Mozilla/5.0 (compatible; Googlebot/2.1; +http://www.google.com/bot.html)"
66.249.64.82 - - [22/Jan/2015:05:35:07 +0100] "GET /robots.txt HTTP/1.1" 404 1256 "-" "Mozilla/5.0 (compatible; Googlebot/2.1; +http://www.google.com/bot.html)"
66.249.78.52 - - [22/Jan/2015:05:35:07 +0100] "GET / HTTP/1.1" 200 3274 "-" "Mozilla/5.0 (compatible; Googlebot/2.1; +http://www.google.com/bot.html)"
157.55.39.191 - - [22/Jan/2015:06:18:51 +0100] "GET /robots.txt HTTP/1.1" 404 1256 "-" "Mozilla/5.0 (compatible; bingbot/2.0; +http://www.bing.com/bingbot.htm)"
157.55.39.191 - - [22/Jan/2015:06:18:53 +0100] "GET / HTTP/1.1" 200 3274 "-" "Mozilla/5.0 (compatible; bingbot/2.0; +http://www.bing.com/bingbot.htm)"
157.55.39.193 - - [22/Jan/2015:06:19:00 +0100] "GET /robots.txt HTTP/1.1" 404 1256 "-" "Mozilla/5.0 (compatible; bingbot/2.0; +http://www.bing.com/bingbot.htm)"
157.55.39.193 - - [22/Jan/2015:06:19:00 +0100] "GET /robots.txt HTTP/1.1" 404 1256 "-" "Mozilla/5.0 (compatible; bingbot/2.0; +http://www.bing.com/bingbot.htm)"
157.55.39.193 - - [22/Jan/2015:06:19:00 +0100] "GET /robots.txt HTTP/1.1" 404 1256 "-" "Mozilla/5.0 (compatible; bingbot/2.0; +http://www.bing.com/bingbot.htm)"
157.55.39.55 - - [22/Jan/2015:06:19:04 +0100] "GET /js/bootstrap.min.js HTTP/1.1" 200 25764 "-" "Mozilla/5.0 (compatible; bingbot/2.0; +http://www.bing.com/bingbot.htm)"
157.55.39.191 - - [22/Jan/2015:06:19:09 +0100] "GET /css/bootstrap-responsive.min.css HTTP/1.1" 200 16520 "-" "Mozilla/5.0 (compatible; bingbot/2.0; +http://www.bing.com/bingbot.htm)"
157.55.39.193 - - [22/Jan/2015:06:19:15 +0100] "GET /css/bootstrap.min.css HTTP/1.1" 200 101265 "-" "Mozilla/5.0 (compatible; bingbot/2.0; +http://www.bing.com/bingbot.htm)"
192.187.99.195 - - [22/Jan/2015:08:18:32 +0100] "HEAD /wp-login.php HTTP/1.1" 404 - "-" "-"
88.75.82.53 - - [22/Jan/2015:08:20:21 +0100] "GET / HTTP/1.1" 200 3274 "https://www.google.de/" "Mozilla/5.0 (Windows NT 6.1; WOW64) AppleWebKit/537.36 (KHTML, like Gecko) Chrome/40.0.2214.91 Safari/537.36"
88.75.82.53 - - [22/Jan/2015:08:20:21 +0100] "GET /css/bootstrap-responsive.min.css HTTP/1.1" 200 16520 "http://www.dialyse-falkensee.de/" "Mozilla/5.0 (Windows NT 6.1; WOW64) AppleWebKit/537.36 (KHTML, like Gecko) Chrome/40.0.2214.91 Safari/537.36"
88.75.82.53 - - [22/Jan/2015:08:20:21 +0100] "GET /js/bootstrap.min.js HTTP/1.1" 200 25764 "http://www.dialyse-falkensee.de/" "Mozilla/5.0 (Windows NT 6.1; WOW64) AppleWebKit/537.36 (KHTML, like Gecko) Chrome/40.0.2214.91 Safari/537.36"
88.75.82.53 - - [22/Jan/2015:08:20:21 +0100] "GET /css/bootstrap.min.css HTTP/1.1" 200 101265 "http://www.dialyse-falkensee.de/" "Mozilla/5.0 (Windows NT 6.1; WOW64) AppleWebKit/537.36 (KHTML, like Gecko) Chrome/40.0.2214.91 Safari/537.36"
88.75.82.53 - - [22/Jan/2015:08:20:22 +0100] "GET /ico/favicon.ico HTTP/1.1" 404 1256 "-" "Mozilla/5.0 (Windows NT 6.1; WOW64) AppleWebKit/537.36 (KHTML, like Gecko) Chrome/40.0.2214.91 Safari/537.36"
91.65.86.155 - - [22/Jan/2015:12:42:40 +0100] "GET / HTTP/1.1" 200 3274 "http://www.google.de/url?sa=t&rct=j&q=&esrc=s&source=web&cd=1&ved=0CCoQFjAA&url=http%3A%2F%2Fwww.dialyse-falkensee.de%2F&ei=o-HAVJiMOo3DPIGwgYAI&usg=AFQjCNECgXXq-DVOeCPbM1zyqacv9mR2gg" "Mozilla/5.0 (Windows NT 6.1; WOW64; rv:35.0) Gecko/20100101 Firefox/35.0"
91.65.86.155 - - [22/Jan/2015:12:42:40 +0100] "GET /css/bootstrap-responsive.min.css HTTP/1.1" 200 16520 "http://www.dialyse-falkensee.de/" "Mozilla/5.0 (Windows NT 6.1; WOW64; rv:35.0) Gecko/20100101 Firefox/35.0"
91.65.86.155 - - [22/Jan/2015:12:42:40 +0100] "GET /js/bootstrap.min.js HTTP/1.1" 200 25764 "http://www.dialyse-falkensee.de/" "Mozilla/5.0 (Windows NT 6.1; WOW64; rv:35.0) Gecko/20100101 Firefox/35.0"
91.65.86.155 - - [22/Jan/2015:12:42:40 +0100] "GET /ico/favicon.ico HTTP/1.1" 404 1256 "-" "Mozilla/5.0 (Windows NT 6.1; WOW64; rv:35.0) Gecko/20100101 Firefox/35.0"
91.65.86.155 - - [22/Jan/2015:12:42:40 +0100] "GET /ico/favicon.ico HTTP/1.1" 404 1256 "-" "Mozilla/5.0 (Windows NT 6.1; WOW64; rv:35.0) Gecko/20100101 Firefox/35.0"
91.65.86.155 - - [22/Jan/2015:12:42:40 +0100] "GET /css/bootstrap.min.css HTTP/1.1" 200 101265 "http://www.dialyse-falkensee.de/" "Mozilla/5.0 (Windows NT 6.1; WOW64; rv:35.0) Gecko/20100101 Firefox/35.0"
91.65.86.155 - - [22/Jan/2015:12:42:41 +0100] "GET /ico/favicon.ico HTTP/1.1" 404 1256 "-" "Mozilla/5.0 (Windows NT 6.1; WOW64; rv:35.0) Gecko/20100101 Firefox/35.0"
80.140.201.36 - - [22/Jan/2015:12:47:02 +0100] "GET / HTTP/1.1" 200 3274 "http://www.google.de/url?sa=t&rct=j&q=&esrc=s&source=web&cd=1&sqi=2&ved=0CCEQFjAA&url=http%3A%2F%2Fwww.dialyse-falkensee.de%2F&ei=JuPAVO_xEMmO7QbRwYGACQ&usg=AFQjCNECgXXq-DVOeCPbM1zyqacv9mR2gg&bvm=bv.83829542,d.ZWU" "Mozilla/5.0 (Windows NT 6.3; WOW64; Trident/7.0; MAARJS; rv:11.0) like Gecko"
80.140.201.36 - - [22/Jan/2015:12:47:02 +0100] "GET /css/bootstrap-responsive.min.css HTTP/1.1" 200 16520 "http://www.dialyse-falkensee.de/" "Mozilla/5.0 (Windows NT 6.3; WOW64; Trident/7.0; MAARJS; rv:11.0) like Gecko"
80.140.201.36 - - [22/Jan/2015:12:47:02 +0100] "GET /js/bootstrap.min.js HTTP/1.1" 200 25764 "http://www.dialyse-falkensee.de/" "Mozilla/5.0 (Windows NT 6.3; WOW64; Trident/7.0; MAARJS; rv:11.0) like Gecko"
80.140.201.36 - - [22/Jan/2015:12:47:02 +0100] "GET /css/bootstrap.min.css HTTP/1.1" 200 101265 "http://www.dialyse-falkensee.de/" "Mozilla/5.0 (Windows NT 6.3; WOW64; Trident/7.0; MAARJS; rv:11.0) like Gecko"
80.140.201.36 - - [22/Jan/2015:12:47:03 +0100] "GET /ico/favicon.ico HTTP/1.1" 404 1256 "-" "Mozilla/5.0 (Windows NT 6.3; Win64; x64; Trident/7.0; MAARJS; rv:11.0) like Gecko"
80.140.201.36 - - [22/Jan/2015:12:47:03 +0100] "GET /favicon.ico HTTP/1.1" 404 1256 "-" "Mozilla/5.0 (Windows NT 6.3; Win64; x64; Trident/7.0; MAARJS; rv:11.0) like Gecko"
91.65.86.155 - - [22/Jan/2015:12:57:26 +0100] "GET /ico/favicon.ico HTTP/1.1" 404 1256 "-" "Mozilla/5.0 (Windows NT 6.1; WOW64; rv:35.0) Gecko/20100101 Firefox/35.0"
91.65.86.155 - - [22/Jan/2015:12:57:26 +0100] "GET /ico/favicon.ico HTTP/1.1" 404 1256 "-" "Mozilla/5.0 (Windows NT 6.1; WOW64; rv:35.0) Gecko/20100101 Firefox/35.0"
66.249.64.86 - - [22/Jan/2015:13:36:43 +0100] "GET / HTTP/1.1" 200 3274 "-" "Mozilla/5.0 (compatible; Googlebot/2.1; +http://www.google.com/bot.html)"
173.208.177.59 - - [22/Jan/2015:15:32:06 +0100] "HEAD /include/fckeditor/editor/ HTTP/1.1" 404 - "-" "-"
173.208.177.59 - - [22/Jan/2015:15:32:06 +0100] "HEAD /admin/fckeditor/editor/ HTTP/1.1" 404 - "-" "-"
173.208.177.59 - - [22/Jan/2015:15:32:06 +0100] "HEAD /fckeditor/editor/ HTTP/1.1" 404 - "-" "-"
173.208.177.59 - - [22/Jan/2015:15:32:06 +0100] "HEAD /manage/fckeditor/editor/ HTTP/1.1" 404 - "-" "-"
173.208.177.59 - - [22/Jan/2015:15:32:06 +0100] "HEAD /js/fckeditor/editor/ HTTP/1.1" 404 - "-" "-"
188.165.15.234 - - [22/Jan/2015:15:43:38 +0100] "GET /robots.txt HTTP/1.1" 404 1256 "-" "Mozilla/5.0 (compatible; AhrefsBot/5.0; +http://ahrefs.com/robot/)"
66.249.78.59 - - [22/Jan/2015:19:41:16 +0100] "GET /robots.txt HTTP/1.1" 404 1256 "-" "Mozilla/5.0 (compatible; Googlebot/2.1; +http://www.google.com/bot.html)"
66.249.78.45 - - [22/Jan/2015:19:41:16 +0100] "GET / HTTP/1.1" 200 3274 "-" "Mozilla/5.0 (compatible; Googlebot/2.1; +http://www.google.com/bot.html)"
157.55.39.191 - - [22/Jan/2015:19:47:40 +0100] "GET / HTTP/1.1" 200 3274 "-" "Mozilla/5.0 (compatible; bingbot/2.0; +http://www.bing.com/bingbot.htm)"
192.99.149.88 - - [22/Jan/2015:20:11:46 +0100] "GET / HTTP/1.1" 200 3274 "-" "Mozilla/5.0 (compatible; TrueBot/1.0)"
141.8.147.12 - - [22/Jan/2015:23:16:26 +0100] "GET /robots.txt HTTP/1.1" 404 1256 "-" "Mozilla/5.0 (compatible; YandexBot/3.0; +http://yandex.com/bots)"
141.8.147.12 - - [23/Jan/2015:02:50:26 +0100] "GET / HTTP/1.1" 200 3274 "-" "Mozilla/5.0 (compatible; YandexBot/3.0; +http://yandex.com/bots)"
66.249.78.59 - - [23/Jan/2015:03:23:56 +0100] "GET /css/bootstrap-responsive.min.css HTTP/1.1" 200 16520 "-" "Mozilla/5.0 (compatible; Googlebot/2.1; +http://www.google.com/bot.html)"
66.249.78.45 - - [23/Jan/2015:03:26:56 +0100] "GET /css/bootstrap.min.css HTTP/1.1" 200 101265 "-" "Mozilla/5.0 (compatible; Googlebot/2.1; +http://www.google.com/bot.html)"
93.232.32.53 - - [23/Jan/2015:04:25:31 +0100] "HEAD / HTTP/1.1" 200 - "-" "LWP::Simple/6.00 libwww-perl/6.04"
93.232.32.53 - - [23/Jan/2015:04:25:31 +0100] "GET / HTTP/1.1" 200 3274 "-" "LWP::Simple/6.00 libwww-perl/6.04"
93.232.32.53 - - [23/Jan/2015:04:25:31 +0100] "GET / HTTP/1.1" 200 3274 "" "suma spider"
