54.87.160.124 - - [18/Dec/2014:17:39:50 +0100] "GET /seiten/dialyse.htm HTTP/1.1" 200 4906 "-" "Mozilla/5.0 (Windows; Crawler; U; Windows NT 6.0; en-US; rv:1.9.0.7) Gecko/2009021910 Firefox/3.0.7 (.NET CLR 3.5.30729)"
54.87.160.124 - - [18/Dec/2014:17:39:52 +0100] "GET /seiten/links.htm HTTP/1.1" 200 5092 "-" "Mozilla/5.0 (Windows; Crawler; U; Windows NT 6.0; en-US; rv:1.9.0.7) Gecko/2009021910 Firefox/3.0.7 (.NET CLR 3.5.30729)"
54.87.160.124 - - [18/Dec/2014:17:39:55 +0100] "GET /seiten/news.php HTTP/1.1" 200 4865 "-" "Mozilla/5.0 (Windows; Crawler; U; Windows NT 6.0; en-US; rv:1.9.0.7) Gecko/2009021910 Firefox/3.0.7 (.NET CLR 3.5.30729)"
54.87.160.124 - - [18/Dec/2014:17:39:57 +0100] "GET /seiten/kontakt.htm HTTP/1.1" 200 5472 "-" "Mozilla/5.0 (Windows; Crawler; U; Windows NT 6.0; en-US; rv:1.9.0.7) Gecko/2009021910 Firefox/3.0.7 (.NET CLR 3.5.30729)"
54.87.160.124 - - [18/Dec/2014:17:40:01 +0100] "GET /seiten/impressum.htm HTTP/1.1" 200 6907 "-" "Mozilla/5.0 (Windows; Crawler; U; Windows NT 6.0; en-US; rv:1.9.0.7) Gecko/2009021910 Firefox/3.0.7 (.NET CLR 3.5.30729)"
54.87.160.124 - - [18/Dec/2014:17:40:03 +0100] "GET /seiten/function.include HTTP/1.1" 404 1256 "-" "Mozilla/5.0 (Windows; Crawler; U; Windows NT 6.0; en-US; rv:1.9.0.7) Gecko/2009021910 Firefox/3.0.7 (.NET CLR 3.5.30729)"
54.87.160.124 - - [18/Dec/2014:17:40:06 +0100] "GET / HTTP/1.1" 200 2301 "-" "Mozilla/5.0 (Windows; Crawler; U; Windows NT 6.0; en-US; rv:1.9.0.7) Gecko/2009021910 Firefox/3.0.7 (.NET CLR 3.5.30729)"
54.87.160.124 - - [18/Dec/2014:17:40:08 +0100] "GET /seiten/kont_form.php HTTP/1.1" 200 6397 "-" "Mozilla/5.0 (Windows; Crawler; U; Windows NT 6.0; en-US; rv:1.9.0.7) Gecko/2009021910 Firefox/3.0.7 (.NET CLR 3.5.30729)"
54.87.160.124 - - [18/Dec/2014:17:40:08 +0100] "GET /robots.txt HTTP/1.1" 404 1256 "-" "-"
54.87.160.124 - - [18/Dec/2014:17:40:13 +0100] "GET /false.htm HTTP/1.1" 200 2915 "-" "Mozilla/5.0 (Windows; Crawler; U; Windows NT 6.0; en-US; rv:1.9.0.7) Gecko/2009021910 Firefox/3.0.7 (.NET CLR 3.5.30729)"
69.30.241.2 - - [18/Dec/2014:19:41:10 +0100] "GET / HTTP/1.1" 200 2301 "-" "Mozilla/5.0 (Windows NT 6.1; WOW64) AppleWebKit/537.36 (KHTML, like Gecko) Chrome/36.0.1985.143 Safari/537.36"
69.30.241.2 - - [18/Dec/2014:19:41:10 +0100] "GET /img/FL_check.swf HTTP/1.1" 200 100 "-" "Java/1.7.0_45"
69.30.241.2 - - [18/Dec/2014:19:41:11 +0100] "GET /seiten/start.htm HTTP/1.1" 200 4313 "-" "Mozilla/5.0 (Windows NT 6.1; WOW64) AppleWebKit/537.36 (KHTML, like Gecko) Chrome/36.0.1985.143 Safari/537.36"
69.30.241.2 - - [18/Dec/2014:19:41:11 +0100] "GET /seiten/kontakt.htm HTTP/1.1" 200 5472 "-" "Mozilla/5.0 (Windows NT 6.1; WOW64) AppleWebKit/537.36 (KHTML, like Gecko) Chrome/36.0.1985.143 Safari/537.36"
66.249.78.181 - - [18/Dec/2014:19:45:46 +0100] "GET /seiten/dialyse.htm HTTP/1.1" 304 - "-" "Mozilla/5.0 (compatible; Googlebot/2.1; +http://www.google.com/bot.html)"
88.74.75.16 - - [18/Dec/2014:20:14:53 +0100] "GET /seiten/kontakt.htm HTTP/1.1" 200 5472 "https://www.google.de/" "Mozilla/5.0 (iPad; CPU OS 7_1_1 like Mac OS X) AppleWebKit/537.51.2 (KHTML, like Gecko) Version/7.0 Mobile/11D201 Safari/9537.53"
88.74.75.16 - - [18/Dec/2014:20:14:53 +0100] "GET /css/style.css HTTP/1.1" 200 3212 "http://www.dialyse-in-salzwedel.de/seiten/kontakt.htm" "Mozilla/5.0 (iPad; CPU OS 7_1_1 like Mac OS X) AppleWebKit/537.51.2 (KHTML, like Gecko) Version/7.0 Mobile/11D201 Safari/9537.53"
88.74.75.16 - - [18/Dec/2014:20:14:54 +0100] "GET /scripte/basics.js HTTP/1.1" 200 1078 "http://www.dialyse-in-salzwedel.de/seiten/kontakt.htm" "Mozilla/5.0 (iPad; CPU OS 7_1_1 like Mac OS X) AppleWebKit/537.51.2 (KHTML, like Gecko) Version/7.0 Mobile/11D201 Safari/9537.53"
88.74.75.16 - - [18/Dec/2014:20:14:54 +0100] "GET /img/head.gif HTTP/1.1" 200 4213 "http://www.dialyse-in-salzwedel.de/seiten/kontakt.htm" "Mozilla/5.0 (iPad; CPU OS 7_1_1 like Mac OS X) AppleWebKit/537.51.2 (KHTML, like Gecko) Version/7.0 Mobile/11D201 Safari/9537.53"
88.74.75.16 - - [18/Dec/2014:20:14:54 +0100] "GET /img/men02.gif HTTP/1.1" 200 758 "http://www.dialyse-in-salzwedel.de/seiten/kontakt.htm" "Mozilla/5.0 (iPad; CPU OS 7_1_1 like Mac OS X) AppleWebKit/537.51.2 (KHTML, like Gecko) Version/7.0 Mobile/11D201 Safari/9537.53"
88.74.75.16 - - [18/Dec/2014:20:14:54 +0100] "GET /img/lay04.gif HTTP/1.1" 200 272 "http://www.dialyse-in-salzwedel.de/seiten/kontakt.htm" "Mozilla/5.0 (iPad; CPU OS 7_1_1 like Mac OS X) AppleWebKit/537.51.2 (KHTML, like Gecko) Version/7.0 Mobile/11D201 Safari/9537.53"
88.74.75.16 - - [18/Dec/2014:20:14:54 +0100] "GET /img/bg02.gif HTTP/1.1" 200 67 "http://www.dialyse-in-salzwedel.de/seiten/kontakt.htm" "Mozilla/5.0 (iPad; CPU OS 7_1_1 like Mac OS X) AppleWebKit/537.51.2 (KHTML, like Gecko) Version/7.0 Mobile/11D201 Safari/9537.53"
88.74.75.16 - - [18/Dec/2014:20:14:54 +0100] "GET /img/men03.gif HTTP/1.1" 200 999 "http://www.dialyse-in-salzwedel.de/seiten/kontakt.htm" "Mozilla/5.0 (iPad; CPU OS 7_1_1 like Mac OS X) AppleWebKit/537.51.2 (KHTML, like Gecko) Version/7.0 Mobile/11D201 Safari/9537.53"
88.74.75.16 - - [18/Dec/2014:20:14:54 +0100] "GET /img/men01.gif HTTP/1.1" 200 702 "http://www.dialyse-in-salzwedel.de/seiten/kontakt.htm" "Mozilla/5.0 (iPad; CPU OS 7_1_1 like Mac OS X) AppleWebKit/537.51.2 (KHTML, like Gecko) Version/7.0 Mobile/11D201 Safari/9537.53"
88.74.75.16 - - [18/Dec/2014:20:14:54 +0100] "GET /img/men05.gif HTTP/1.1" 200 1042 "http://www.dialyse-in-salzwedel.de/seiten/kontakt.htm" "Mozilla/5.0 (iPad; CPU OS 7_1_1 like Mac OS X) AppleWebKit/537.51.2 (KHTML, like Gecko) Version/7.0 Mobile/11D201 Safari/9537.53"
88.74.75.16 - - [18/Dec/2014:20:14:54 +0100] "GET /img/men04.gif HTTP/1.1" 200 1234 "http://www.dialyse-in-salzwedel.de/seiten/kontakt.htm" "Mozilla/5.0 (iPad; CPU OS 7_1_1 like Mac OS X) AppleWebKit/537.51.2 (KHTML, like Gecko) Version/7.0 Mobile/11D201 Safari/9537.53"
88.74.75.16 - - [18/Dec/2014:20:14:54 +0100] "GET /img/men07.gif HTTP/1.1" 200 893 "http://www.dialyse-in-salzwedel.de/seiten/kontakt.htm" "Mozilla/5.0 (iPad; CPU OS 7_1_1 like Mac OS X) AppleWebKit/537.51.2 (KHTML, like Gecko) Version/7.0 Mobile/11D201 Safari/9537.53"
88.74.75.16 - - [18/Dec/2014:20:14:54 +0100] "GET /img/men09.gif HTTP/1.1" 200 1200 "http://www.dialyse-in-salzwedel.de/seiten/kontakt.htm" "Mozilla/5.0 (iPad; CPU OS 7_1_1 like Mac OS X) AppleWebKit/537.51.2 (KHTML, like Gecko) Version/7.0 Mobile/11D201 Safari/9537.53"
88.74.75.16 - - [18/Dec/2014:20:14:54 +0100] "GET /img/men06.gif HTTP/1.1" 200 904 "http://www.dialyse-in-salzwedel.de/seiten/kontakt.htm" "Mozilla/5.0 (iPad; CPU OS 7_1_1 like Mac OS X) AppleWebKit/537.51.2 (KHTML, like Gecko) Version/7.0 Mobile/11D201 Safari/9537.53"
88.74.75.16 - - [18/Dec/2014:20:14:54 +0100] "GET /img/meno06.gif HTTP/1.1" 200 1054 "http://www.dialyse-in-salzwedel.de/seiten/kontakt.htm" "Mozilla/5.0 (iPad; CPU OS 7_1_1 like Mac OS X) AppleWebKit/537.51.2 (KHTML, like Gecko) Version/7.0 Mobile/11D201 Safari/9537.53"
88.74.75.16 - - [18/Dec/2014:20:14:54 +0100] "GET /img/lay02.gif HTTP/1.1" 200 153 "http://www.dialyse-in-salzwedel.de/seiten/kontakt.htm" "Mozilla/5.0 (iPad; CPU OS 7_1_1 like Mac OS X) AppleWebKit/537.51.2 (KHTML, like Gecko) Version/7.0 Mobile/11D201 Safari/9537.53"
88.74.75.16 - - [18/Dec/2014:20:14:54 +0100] "GET /img/1px.gif HTTP/1.1" 200 43 "http://www.dialyse-in-salzwedel.de/seiten/kontakt.htm" "Mozilla/5.0 (iPad; CPU OS 7_1_1 like Mac OS X) AppleWebKit/537.51.2 (KHTML, like Gecko) Version/7.0 Mobile/11D201 Safari/9537.53"
88.74.75.16 - - [18/Dec/2014:20:14:54 +0100] "GET /img/lay01.gif HTTP/1.1" 200 149 "http://www.dialyse-in-salzwedel.de/seiten/kontakt.htm" "Mozilla/5.0 (iPad; CPU OS 7_1_1 like Mac OS X) AppleWebKit/537.51.2 (KHTML, like Gecko) Version/7.0 Mobile/11D201 Safari/9537.53"
88.74.75.16 - - [18/Dec/2014:20:14:54 +0100] "GET /img/bg03.gif HTTP/1.1" 200 84 "http://www.dialyse-in-salzwedel.de/seiten/kontakt.htm" "Mozilla/5.0 (iPad; CPU OS 7_1_1 like Mac OS X) AppleWebKit/537.51.2 (KHTML, like Gecko) Version/7.0 Mobile/11D201 Safari/9537.53"
88.74.75.16 - - [18/Dec/2014:20:14:54 +0100] "GET /img/lay03.gif HTTP/1.1" 200 253 "http://www.dialyse-in-salzwedel.de/seiten/kontakt.htm" "Mozilla/5.0 (iPad; CPU OS 7_1_1 like Mac OS X) AppleWebKit/537.51.2 (KHTML, like Gecko) Version/7.0 Mobile/11D201 Safari/9537.53"
88.74.75.16 - - [18/Dec/2014:20:14:54 +0100] "GET /img/bg01.gif HTTP/1.1" 200 70 "http://www.dialyse-in-salzwedel.de/seiten/kontakt.htm" "Mozilla/5.0 (iPad; CPU OS 7_1_1 like Mac OS X) AppleWebKit/537.51.2 (KHTML, like Gecko) Version/7.0 Mobile/11D201 Safari/9537.53"
88.74.75.16 - - [18/Dec/2014:20:14:54 +0100] "GET /img/bg04.gif HTTP/1.1" 200 92 "http://www.dialyse-in-salzwedel.de/seiten/kontakt.htm" "Mozilla/5.0 (iPad; CPU OS 7_1_1 like Mac OS X) AppleWebKit/537.51.2 (KHTML, like Gecko) Version/7.0 Mobile/11D201 Safari/9537.53"
66.249.78.181 - - [18/Dec/2014:20:19:43 +0100] "GET /seiten/start.htm HTTP/1.1" 304 - "-" "Mozilla/5.0 (compatible; Googlebot/2.1; +http://www.google.com/bot.html)"
66.249.78.188 - - [18/Dec/2014:23:22:26 +0100] "GET /robots.txt HTTP/1.1" 404 1256 "-" "Mozilla/5.0 (compatible; Googlebot/2.1; +http://www.google.com/bot.html)"
66.249.78.188 - - [18/Dec/2014:23:22:26 +0100] "GET / HTTP/1.1" 200 2301 "-" "Mozilla/5.0 (compatible; Googlebot/2.1; +http://www.google.com/bot.html)"
66.249.78.181 - - [18/Dec/2014:23:23:28 +0100] "GET /seiten/start.htm HTTP/1.1" 200 4313 "-" "Mozilla/5.0 (compatible; Googlebot/2.1; +http://www.google.com/bot.html)"
66.249.78.195 - - [19/Dec/2014:02:07:08 +0100] "GET /seiten/praxis.htm HTTP/1.1" 304 - "-" "Mozilla/5.0 (compatible; Googlebot/2.1; +http://www.google.com/bot.html)"
220.181.108.178 - - [19/Dec/2014:07:59:04 +0100] "GET /scripte/basics.js HTTP/1.1" 200 1078 "-" "Mozilla/5.0 (compatible; Baiduspider/2.0; +http://www.baidu.com/search/spider.html)"
141.8.147.12 - - [19/Dec/2014:09:03:27 +0100] "GET /robots.txt HTTP/1.1" 404 1256 "-" "Mozilla/5.0 (compatible; YandexBot/3.0; +http://yandex.com/bots)"
141.8.147.12 - - [19/Dec/2014:09:03:30 +0100] "GET / HTTP/1.1" 200 2301 "-" "Mozilla/5.0 (compatible; YandexBot/3.0; +http://yandex.com/bots)"
157.55.39.244 - - [19/Dec/2014:09:11:18 +0100] "GET /seiten/kont_form.php HTTP/1.1" 200 6397 "-" "Mozilla/5.0 (compatible; bingbot/2.0; +http://www.bing.com/bingbot.htm)"
157.55.39.49 - - [19/Dec/2014:09:11:32 +0100] "GET /css/Salzwedel.css HTTP/1.1" 404 1256 "-" "Mozilla/5.0 (compatible; bingbot/2.0; +http://www.bing.com/bingbot.htm)"
207.46.13.117 - - [19/Dec/2014:09:11:49 +0100] "GET /img/meno06.gif HTTP/1.1" 200 1054 "-" "Mozilla/5.0 (compatible; bingbot/2.0; +http://www.bing.com/bingbot.htm)"
208.110.85.226 - - [19/Dec/2014:10:28:36 +0100] "GET / HTTP/1.1" 200 2301 "-" "Mozilla/5.0 (Windows NT 6.1; WOW64) AppleWebKit/537.36 (KHTML, like Gecko) Chrome/36.0.1985.143 Safari/537.36"
208.110.85.226 - - [19/Dec/2014:10:28:36 +0100] "GET /img/FL_check.swf HTTP/1.1" 200 100 "-" "Java/1.7.0_45"
208.110.85.226 - - [19/Dec/2014:10:28:36 +0100] "GET /seiten/start.htm HTTP/1.1" 200 4313 "-" "Mozilla/5.0 (Windows NT 6.1; WOW64) AppleWebKit/537.36 (KHTML, like Gecko) Chrome/36.0.1985.143 Safari/537.36"
208.110.85.226 - - [19/Dec/2014:10:28:37 +0100] "GET /seiten/kontakt.htm HTTP/1.1" 200 5472 "-" "Mozilla/5.0 (Windows NT 6.1; WOW64) AppleWebKit/537.36 (KHTML, like Gecko) Chrome/36.0.1985.143 Safari/537.36"
87.145.221.73 - - [19/Dec/2014:15:09:37 +0100] "GET / HTTP/1.1" 200 2301 "http://www.bigfinder.de/?c=ws&q=online&v=1" "Mozilla/4.0 (compatible; MSIE 8.0; Windows NT 6.1; Trident/4.0; SLCC2; .NET CLR 2.0.50727; .NET CLR 3.5.30729; .NET CLR 3.0.30729; Media Center PC 6.0)"
66.249.78.181 - - [19/Dec/2014:15:35:04 +0100] "GET /robots.txt HTTP/1.1" 404 1256 "-" "Mozilla/5.0 (compatible; Googlebot/2.1; +http://www.google.com/bot.html)"
66.249.78.188 - - [19/Dec/2014:15:35:05 +0100] "GET / HTTP/1.1" 200 2301 "-" "Mozilla/5.0 (compatible; Googlebot/2.1; +http://www.google.com/bot.html)"
66.249.78.188 - - [19/Dec/2014:16:29:21 +0100] "GET /css/style.css HTTP/1.1" 200 3212 "-" "Mozilla/5.0 (compatible; Googlebot/2.1; +http://www.google.com/bot.html)"
66.249.64.11 - - [19/Dec/2014:17:00:28 +0100] "GET /seiten/start.htm HTTP/1.1" 200 4313 "-" "DoCoMo/2.0 N905i(c100;TB;W24H16) (compatible; Googlebot-Mobile/2.1; +http://www.google.com/bot.html)"
95.90.211.149 - - [19/Dec/2014:17:56:14 +0100] "GET /img/leist.jpg HTTP/1.1" 200 18843 "http://www.bing.com/images/search?q=salzwedel&qs=AS&form=QBIR&pq=salzw&sc=8-5&sp=1&sk=" "Mozilla/5.0 (Windows NT 6.1; WOW64; rv:34.0) Gecko/20100101 Firefox/34.0"
208.110.85.226 - - [19/Dec/2014:18:42:11 +0100] "GET / HTTP/1.1" 200 2301 "-" "Mozilla/5.0 (Windows NT 6.1; WOW64) AppleWebKit/537.36 (KHTML, like Gecko) Chrome/36.0.1985.143 Safari/537.36"
208.110.85.226 - - [19/Dec/2014:18:42:11 +0100] "GET /img/FL_check.swf HTTP/1.1" 200 100 "-" "Java/1.7.0_45"
208.110.85.226 - - [19/Dec/2014:18:42:11 +0100] "GET /seiten/start.htm HTTP/1.1" 200 4313 "-" "Mozilla/5.0 (Windows NT 6.1; WOW64) AppleWebKit/537.36 (KHTML, like Gecko) Chrome/36.0.1985.143 Safari/537.36"
208.110.85.226 - - [19/Dec/2014:18:42:11 +0100] "GET /seiten/kontakt.htm HTTP/1.1" 200 5472 "-" "Mozilla/5.0 (Windows NT 6.1; WOW64) AppleWebKit/537.36 (KHTML, like Gecko) Chrome/36.0.1985.143 Safari/537.36"
66.249.78.181 - - [19/Dec/2014:19:35:05 +0100] "GET /scripte/basics.js HTTP/1.1" 200 1078 "-" "Mozilla/5.0 (compatible; Googlebot/2.1; +http://www.google.com/bot.html)"
178.255.215.81 - - [19/Dec/2014:23:45:39 +0100] "GET /robots.txt HTTP/1.1" 404 1256 "-" "Mozilla/5.0 (compatible; Exabot/3.0 (BiggerBetter); +http://www.exabot.com/go/robot)"
178.255.215.81 - - [19/Dec/2014:23:45:39 +0100] "GET /seiten/praxis.htm HTTP/1.1" 304 - "-" "Mozilla/5.0 (compatible; Exabot/3.0 (BiggerBetter); +http://www.exabot.com/go/robot)"
178.255.215.81 - - [19/Dec/2014:23:47:08 +0100] "GET /seiten/kont_form.php HTTP/1.1" 200 6397 "-" "Mozilla/5.0 (compatible; Exabot/3.0 (BiggerBetter); +http://www.exabot.com/go/robot)"
66.249.78.188 - - [20/Dec/2014:00:44:59 +0100] "GET / HTTP/1.1" 200 2301 "-" "Mozilla/5.0 (iPhone; CPU iPhone OS 6_0 like Mac OS X) AppleWebKit/536.26 (KHTML, like Gecko) Version/6.0 Mobile/10A5376e Safari/8536.25 (compatible; Googlebot/2.1; +http://www.google.com/bot.html)"
66.249.78.181 - - [20/Dec/2014:02:21:23 +0100] "GET /seiten/links.htm HTTP/1.1" 304 - "-" "Mozilla/5.0 (compatible; Googlebot/2.1; +http://www.google.com/bot.html)"
66.249.64.11 - - [20/Dec/2014:02:36:19 +0100] "GET /seiten/leistungen.htm HTTP/1.1" 304 - "-" "Mozilla/5.0 (compatible; Googlebot/2.1; +http://www.google.com/bot.html)"
66.249.78.188 - - [20/Dec/2014:03:13:51 +0100] "GET /seiten/start.htm HTTP/1.1" 304 - "-" "Mozilla/5.0 (compatible; Googlebot/2.1; +http://www.google.com/bot.html)"
66.249.64.7 - - [20/Dec/2014:03:17:47 +0100] "GET /seiten/start.htm HTTP/1.1" 304 - "-" "Mozilla/5.0 (iPhone; CPU iPhone OS 6_0 like Mac OS X) AppleWebKit/536.26 (KHTML, like Gecko) Version/6.0 Mobile/10A5376e Safari/8536.25 (compatible; Googlebot/2.1; +http://www.google.com/bot.html)"
207.46.13.117 - - [20/Dec/2014:05:27:01 +0100] "GET /robots.txt HTTP/1.1" 404 1256 "-" "Mozilla/5.0 (compatible; bingbot/2.0; +http://www.bing.com/bingbot.htm)"
207.46.13.117 - - [20/Dec/2014:05:27:03 +0100] "GET /seiten/praxis.htm HTTP/1.1" 200 5018 "-" "Mozilla/5.0 (compatible; bingbot/2.0; +http://www.bing.com/bingbot.htm)"
157.55.39.244 - - [20/Dec/2014:05:27:17 +0100] "GET /css/style.css HTTP/1.1" 200 3212 "-" "Mozilla/5.0 (compatible; bingbot/2.0; +http://www.bing.com/bingbot.htm)"
157.55.39.244 - - [20/Dec/2014:05:27:18 +0100] "GET /scripte/basics.js HTTP/1.1" 200 1078 "-" "Mozilla/5.0 (compatible; bingbot/2.0; +http://www.bing.com/bingbot.htm)"
66.249.78.181 - - [20/Dec/2014:06:51:48 +0100] "GET /robots.txt HTTP/1.1" 404 1256 "-" "Mozilla/5.0 (compatible; Googlebot/2.1; +http://www.google.com/bot.html)"
54.93.41.92 - - [20/Dec/2014:11:47:55 +0100] "GET / HTTP/1.1" 200 2301 "-" "Mozilla/5.0 (Windows NT 6.1; WOW64; rv:6.0a2) Gecko/20110613 Firefox/6.0a2"
87.145.221.73 - - [20/Dec/2014:18:52:56 +0100] "GET / HTTP/1.1" 200 2301 "http://m.bigfinder.de/?c=ws&q=web&v=1" "T-Online Browser (Windows NT 6.1; de)"
87.145.221.73 - - [20/Dec/2014:19:09:14 +0100] "GET / HTTP/1.1" 200 2301 "http://m.bigfinder.de/?c=ws&q=startseite&v=1" "Mozilla/5.0 (Windows NT 6.1; WOW64; rv:28.0) Gecko/20100101 Firefox/28.0"
66.249.65.200 - - [20/Dec/2014:19:25:04 +0100] "GET /robots.txt HTTP/1.1" 404 1256 "-" "Mozilla/5.0 (compatible; Googlebot/2.1; +http://www.google.com/bot.html)"
66.249.65.200 - - [20/Dec/2014:19:25:04 +0100] "GET /seiten/praxis.htm HTTP/1.1" 304 - "-" "Mozilla/5.0 (compatible; Googlebot/2.1; +http://www.google.com/bot.html)"
66.249.65.132 - - [20/Dec/2014:20:09:04 +0100] "GET / HTTP/1.1" 200 2301 "-" "Mozilla/5.0 (compatible; Googlebot/2.1; +http://www.google.com/bot.html)"
66.249.73.175 - - [20/Dec/2014:20:16:37 +0100] "GET /seiten/dialyse.htm HTTP/1.1" 304 - "-" "Mozilla/5.0 (compatible; Googlebot/2.1; +http://www.google.com/bot.html)"
66.249.65.200 - - [20/Dec/2014:20:32:15 +0100] "GET /seiten/kontakt.htm HTTP/1.1" 304 - "-" "Mozilla/5.0 (compatible; Googlebot/2.1; +http://www.google.com/bot.html)"
66.249.65.200 - - [20/Dec/2014:21:52:39 +0100] "GET /seiten/impressum.htm HTTP/1.1" 304 - "-" "Mozilla/5.0 (compatible; Googlebot/2.1; +http://www.google.com/bot.html)"
148.251.44.138 - - [20/Dec/2014:22:07:05 +0100] "GET /robots.txt HTTP/1.1" 404 1256 "-" "ssearch_bot (sSearch Crawler; http://www.semantissimo.de)"
148.251.44.138 - - [20/Dec/2014:22:07:05 +0100] "GET / HTTP/1.1" 200 2301 "-" "ssearch_bot (sSearch Crawler; http://www.semantissimo.de)"
141.8.147.12 - - [20/Dec/2014:22:20:18 +0100] "GET /robots.txt HTTP/1.1" 404 1256 "-" "Mozilla/5.0 (compatible; YandexBot/3.0; +http://yandex.com/bots)"
66.249.65.132 - - [20/Dec/2014:22:31:56 +0100] "GET /seiten/praxis.htm HTTP/1.1" 304 - "-" "Mozilla/5.0 (compatible; Googlebot/2.1; +http://www.google.com/bot.html)"
64.246.165.180 - - [21/Dec/2014:00:00:18 +0100] "GET /robots.txt HTTP/1.0" 404 1256 "-" "Mozilla/5.0 (Windows; U; Windows NT 5.1; en; rv:1.9.0.13) Gecko/2009073022 Firefox/3.5.2 (.NET CLR 3.5.30729) SurveyBot/2.3 (DomainTools)"
64.246.165.180 - - [21/Dec/2014:00:00:18 +0100] "GET / HTTP/1.1" 200 2301 "http://whois.domaintools.com/dialyse-in-salzwedel.de" "Mozilla/5.0 (Windows; U; Windows NT 5.1; en; rv:1.9.0.13) Gecko/2009073022 Firefox/3.5.2 (.NET CLR 3.5.30729) SurveyBot/2.3 (DomainTools)"
141.8.147.12 - - [21/Dec/2014:01:29:57 +0100] "GET / HTTP/1.1" 200 2301 "-" "Mozilla/5.0 (compatible; YandexBot/3.0; +http://yandex.com/bots)"
66.249.65.196 - - [21/Dec/2014:01:36:41 +0100] "GET /seiten/links.htm HTTP/1.1" 304 - "-" "Mozilla/5.0 (compatible; Googlebot/2.1; +http://www.google.com/bot.html)"
207.46.13.117 - - [21/Dec/2014:01:54:52 +0100] "GET / HTTP/1.1" 200 2301 "-" "Mozilla/5.0 (compatible; bingbot/2.0; +http://www.bing.com/bingbot.htm)"
157.55.39.49 - - [21/Dec/2014:01:55:03 +0100] "GET /seiten/start.htm HTTP/1.1" 200 4313 "-" "Mozilla/5.0 (compatible; bingbot/2.0; +http://www.bing.com/bingbot.htm)"
66.249.65.200 - - [21/Dec/2014:01:57:55 +0100] "GET / HTTP/1.1" 200 2301 "-" "SAMSUNG-SGH-E250/1.0 Profile/MIDP-2.0 Configuration/CLDC-1.1 UP.Browser/6.2.3.3.c.1.101 (GUI) MMP/2.0 (compatible; Googlebot-Mobile/2.1; +http://www.google.com/bot.html)"
66.249.73.167 - - [21/Dec/2014:03:07:45 +0100] "GET /seiten/start.htm HTTP/1.1" 304 - "-" "Mozilla/5.0 (compatible; Googlebot/2.1; +http://www.google.com/bot.html)"
207.46.13.117 - - [21/Dec/2014:03:46:07 +0100] "GET /seiten/dialyse.htm HTTP/1.1" 200 4906 "-" "Mozilla/5.0 (compatible; bingbot/2.0; +http://www.bing.com/bingbot.htm)"
66.249.73.175 - - [21/Dec/2014:04:05:44 +0100] "GET /seiten/leistungen.htm HTTP/1.1" 304 - "-" "Mozilla/5.0 (compatible; Googlebot/2.1; +http://www.google.com/bot.html)"
66.249.65.132 - - [21/Dec/2014:04:43:17 +0100] "GET /seiten/praxis.htm HTTP/1.1" 304 - "-" "Mozilla/5.0 (compatible; Googlebot/2.1; +http://www.google.com/bot.html)"
66.249.73.183 - - [21/Dec/2014:04:52:46 +0100] "GET /seiten/impressum.htm HTTP/1.1" 304 - "-" "Mozilla/5.0 (compatible; Googlebot/2.1; +http://www.google.com/bot.html)"
66.249.65.200 - - [21/Dec/2014:05:12:48 +0100] "GET /seiten/links.htm HTTP/1.1" 304 - "-" "Mozilla/5.0 (compatible; Googlebot/2.1; +http://www.google.com/bot.html)"
88.198.56.239 - - [21/Dec/2014:05:56:13 +0100] "GET /seiten/impressum.htm HTTP/1.1" 200 6907 "-" "Mozilla/5.0 (Windows NT 6.1; WOW64; rv:21.0) Gecko/20130401 Firefox/21.0"
88.198.56.239 - - [21/Dec/2014:05:56:14 +0100] "GET / HTTP/1.1" 200 2301 "-" "Mozilla/5.0 (Macintosh; Intel Mac OS X 10_5_8) AppleWebKit/534.50.2 (KHTML, like Gecko) Version/5.0.6 Safari/533.22.3"
88.198.56.239 - - [21/Dec/2014:05:56:14 +0100] "GET /seiten/kontakt.htm HTTP/1.1" 200 5472 "-" "Mozilla/5.0 (Windows NT 6.1) AppleWebKit/537.36 (KHTML, like Gecko) Chrome/27.0.1453.90 Safari/537.36"
88.198.56.239 - - [21/Dec/2014:05:56:15 +0100] "GET /seiten/leistungen.htm HTTP/1.1" 200 5060 "-" "Mozilla/5.0 (Windows NT 6.0; WOW64) AppleWebKit/534.24 (KHTML, like Gecko) Chrome/11.0.696.34 Safari/534.24"
220.181.108.119 - - [21/Dec/2014:05:59:20 +0100] "GET / HTTP/1.1" 200 2301 "-" "Mozilla/5.0 (compatible; Baiduspider/2.0; +http://www.baidu.com/search/spider.html)"
123.125.71.19 - - [21/Dec/2014:06:03:37 +0100] "GET / HTTP/1.1" 200 2301 "-" "Mozilla/5.0 (compatible; Baiduspider/2.0; +http://www.baidu.com/search/spider.html)"
66.249.65.196 - - [21/Dec/2014:08:29:41 +0100] "GET /robots.txt HTTP/1.1" 404 1256 "-" "Mozilla/5.0 (compatible; Googlebot/2.1; +http://www.google.com/bot.html)"
66.249.65.196 - - [21/Dec/2014:08:29:41 +0100] "GET /seiten/leistungen.htm HTTP/1.1" 304 - "-" "Mozilla/5.0 (compatible; Googlebot/2.1; +http://www.google.com/bot.html)"
66.249.65.200 - - [21/Dec/2014:08:53:08 +0100] "GET / HTTP/1.1" 200 2301 "-" "Mozilla/5.0 (compatible; Googlebot/2.1; +http://www.google.com/bot.html)"
79.205.195.78 - - [21/Dec/2014:14:05:21 +0100] "GET / HTTP/1.1" 200 2301 "https://www.google.de/" "Mozilla/5.0 (Windows NT 6.3; WOW64) AppleWebKit/537.36 (KHTML, like Gecko) Chrome/39.0.2171.95 Safari/537.36"
79.205.195.78 - - [21/Dec/2014:14:05:24 +0100] "GET /scripte/basics.js HTTP/1.1" 200 1078 "http://www.dialyse-in-salzwedel.de/" "Mozilla/5.0 (Windows NT 6.3; WOW64) AppleWebKit/537.36 (KHTML, like Gecko) Chrome/39.0.2171.95 Safari/537.36"
79.205.195.78 - - [21/Dec/2014:14:05:24 +0100] "GET /css/style.css HTTP/1.1" 200 3212 "http://www.dialyse-in-salzwedel.de/" "Mozilla/5.0 (Windows NT 6.3; WOW64) AppleWebKit/537.36 (KHTML, like Gecko) Chrome/39.0.2171.95 Safari/537.36"
79.205.195.78 - - [21/Dec/2014:14:05:24 +0100] "GET /seiten/start.htm HTTP/1.1" 200 4313 "http://www.dialyse-in-salzwedel.de/" "Mozilla/5.0 (Windows NT 6.3; WOW64) AppleWebKit/537.36 (KHTML, like Gecko) Chrome/39.0.2171.95 Safari/537.36"
79.205.195.78 - - [21/Dec/2014:14:05:27 +0100] "GET /img/men01.gif HTTP/1.1" 200 702 "http://www.dialyse-in-salzwedel.de/seiten/start.htm" "Mozilla/5.0 (Windows NT 6.3; WOW64) AppleWebKit/537.36 (KHTML, like Gecko) Chrome/39.0.2171.95 Safari/537.36"
79.205.195.78 - - [21/Dec/2014:14:05:27 +0100] "GET /img/head.gif HTTP/1.1" 200 4213 "http://www.dialyse-in-salzwedel.de/seiten/start.htm" "Mozilla/5.0 (Windows NT 6.3; WOW64) AppleWebKit/537.36 (KHTML, like Gecko) Chrome/39.0.2171.95 Safari/537.36"
79.205.195.78 - - [21/Dec/2014:14:05:27 +0100] "GET /img/men03.gif HTTP/1.1" 200 999 "http://www.dialyse-in-salzwedel.de/seiten/start.htm" "Mozilla/5.0 (Windows NT 6.3; WOW64) AppleWebKit/537.36 (KHTML, like Gecko) Chrome/39.0.2171.95 Safari/537.36"
79.205.195.78 - - [21/Dec/2014:14:05:27 +0100] "GET /img/men04.gif HTTP/1.1" 200 1234 "http://www.dialyse-in-salzwedel.de/seiten/start.htm" "Mozilla/5.0 (Windows NT 6.3; WOW64) AppleWebKit/537.36 (KHTML, like Gecko) Chrome/39.0.2171.95 Safari/537.36"
79.205.195.78 - - [21/Dec/2014:14:05:27 +0100] "GET /img/men05.gif HTTP/1.1" 200 1042 "http://www.dialyse-in-salzwedel.de/seiten/start.htm" "Mozilla/5.0 (Windows NT 6.3; WOW64) AppleWebKit/537.36 (KHTML, like Gecko) Chrome/39.0.2171.95 Safari/537.36"
79.205.195.78 - - [21/Dec/2014:14:05:27 +0100] "GET /img/men06.gif HTTP/1.1" 200 904 "http://www.dialyse-in-salzwedel.de/seiten/start.htm" "Mozilla/5.0 (Windows NT 6.3; WOW64) AppleWebKit/537.36 (KHTML, like Gecko) Chrome/39.0.2171.95 Safari/537.36"
79.205.195.78 - - [21/Dec/2014:14:05:27 +0100] "GET /img/men07.gif HTTP/1.1" 200 893 "http://www.dialyse-in-salzwedel.de/seiten/start.htm" "Mozilla/5.0 (Windows NT 6.3; WOW64) AppleWebKit/537.36 (KHTML, like Gecko) Chrome/39.0.2171.95 Safari/537.36"
79.205.195.78 - - [21/Dec/2014:14:05:27 +0100] "GET /img/men08.gif HTTP/1.1" 200 1069 "http://www.dialyse-in-salzwedel.de/seiten/start.htm" "Mozilla/5.0 (Windows NT 6.3; WOW64) AppleWebKit/537.36 (KHTML, like Gecko) Chrome/39.0.2171.95 Safari/537.36"
79.205.195.78 - - [21/Dec/2014:14:05:27 +0100] "GET /img/men09.gif HTTP/1.1" 200 1200 "http://www.dialyse-in-salzwedel.de/seiten/start.htm" "Mozilla/5.0 (Windows NT 6.3; WOW64) AppleWebKit/537.36 (KHTML, like Gecko) Chrome/39.0.2171.95 Safari/537.36"
79.205.195.78 - - [21/Dec/2014:14:05:27 +0100] "GET /img/men02.gif HTTP/1.1" 200 758 "http://www.dialyse-in-salzwedel.de/seiten/start.htm" "Mozilla/5.0 (Windows NT 6.3; WOW64) AppleWebKit/537.36 (KHTML, like Gecko) Chrome/39.0.2171.95 Safari/537.36"
79.205.195.78 - - [21/Dec/2014:14:05:27 +0100] "GET /img/lay01.gif HTTP/1.1" 200 149 "http://www.dialyse-in-salzwedel.de/seiten/start.htm" "Mozilla/5.0 (Windows NT 6.3; WOW64) AppleWebKit/537.36 (KHTML, like Gecko) Chrome/39.0.2171.95 Safari/537.36"
79.205.195.78 - - [21/Dec/2014:14:05:27 +0100] "GET /img/lay02.gif HTTP/1.1" 200 153 "http://www.dialyse-in-salzwedel.de/seiten/start.htm" "Mozilla/5.0 (Windows NT 6.3; WOW64) AppleWebKit/537.36 (KHTML, like Gecko) Chrome/39.0.2171.95 Safari/537.36"
79.205.195.78 - - [21/Dec/2014:14:05:27 +0100] "GET /img/start.jpg HTTP/1.1" 200 18933 "http://www.dialyse-in-salzwedel.de/seiten/start.htm" "Mozilla/5.0 (Windows NT 6.3; WOW64) AppleWebKit/537.36 (KHTML, like Gecko) Chrome/39.0.2171.95 Safari/537.36"
79.205.195.78 - - [21/Dec/2014:14:05:27 +0100] "GET /img/lay03.gif HTTP/1.1" 200 253 "http://www.dialyse-in-salzwedel.de/seiten/start.htm" "Mozilla/5.0 (Windows NT 6.3; WOW64) AppleWebKit/537.36 (KHTML, like Gecko) Chrome/39.0.2171.95 Safari/537.36"
79.205.195.78 - - [21/Dec/2014:14:05:27 +0100] "GET /img/lay04.gif HTTP/1.1" 200 272 "http://www.dialyse-in-salzwedel.de/seiten/start.htm" "Mozilla/5.0 (Windows NT 6.3; WOW64) AppleWebKit/537.36 (KHTML, like Gecko) Chrome/39.0.2171.95 Safari/537.36"
79.205.195.78 - - [21/Dec/2014:14:05:27 +0100] "GET /img/1px.gif HTTP/1.1" 200 43 "http://www.dialyse-in-salzwedel.de/seiten/start.htm" "Mozilla/5.0 (Windows NT 6.3; WOW64) AppleWebKit/537.36 (KHTML, like Gecko) Chrome/39.0.2171.95 Safari/537.36"
79.205.195.78 - - [21/Dec/2014:14:05:27 +0100] "GET /img/bg02.gif HTTP/1.1" 200 67 "http://www.dialyse-in-salzwedel.de/seiten/start.htm" "Mozilla/5.0 (Windows NT 6.3; WOW64) AppleWebKit/537.36 (KHTML, like Gecko) Chrome/39.0.2171.95 Safari/537.36"
79.205.195.78 - - [21/Dec/2014:14:05:27 +0100] "GET /img/bg01.gif HTTP/1.1" 200 70 "http://www.dialyse-in-salzwedel.de/seiten/start.htm" "Mozilla/5.0 (Windows NT 6.3; WOW64) AppleWebKit/537.36 (KHTML, like Gecko) Chrome/39.0.2171.95 Safari/537.36"
79.205.195.78 - - [21/Dec/2014:14:05:27 +0100] "GET /img/bg03.gif HTTP/1.1" 200 84 "http://www.dialyse-in-salzwedel.de/seiten/start.htm" "Mozilla/5.0 (Windows NT 6.3; WOW64) AppleWebKit/537.36 (KHTML, like Gecko) Chrome/39.0.2171.95 Safari/537.36"
79.205.195.78 - - [21/Dec/2014:14:05:27 +0100] "GET /img/bg04.gif HTTP/1.1" 200 92 "http://www.dialyse-in-salzwedel.de/seiten/start.htm" "Mozilla/5.0 (Windows NT 6.3; WOW64) AppleWebKit/537.36 (KHTML, like Gecko) Chrome/39.0.2171.95 Safari/537.36"
79.205.195.78 - - [21/Dec/2014:14:05:28 +0100] "GET /favicon.ico HTTP/1.1" 404 1256 "-" "Mozilla/5.0 (Windows NT 6.3; WOW64) AppleWebKit/537.36 (KHTML, like Gecko) Chrome/39.0.2171.95 Safari/537.36"
46.164.162.5 - - [21/Dec/2014:14:40:41 +0100] "GET /seiten/links.htm HTTP/1.0" 200 5092 "http://www.dialyse-in-salzwedel.de/seiten/links.htm" "Mozilla/5.0 (Windows NT 6.1; WOW64) AppleWebKit/537.36 (KHTML, like Gecko) Chrome/37.0.2062.124 YaBrowser/14.10.2062.12061 Safari/537.36"
66.249.78.181 - - [21/Dec/2014:17:05:10 +0100] "GET /robots.txt HTTP/1.1" 404 1256 "-" "Mozilla/5.0 (compatible; Googlebot/2.1; +http://www.google.com/bot.html)"
66.249.78.188 - - [21/Dec/2014:17:05:10 +0100] "GET / HTTP/1.1" 200 2301 "-" "Mozilla/5.0 (iPhone; CPU iPhone OS 6_0 like Mac OS X) AppleWebKit/536.26 (KHTML, like Gecko) Version/6.0 Mobile/10A5376e Safari/8536.25 (compatible; Googlebot/2.1; +http://www.google.com/bot.html)"
91.66.254.10 - - [21/Dec/2014:18:38:19 +0100] "GET /seiten/links.htm HTTP/1.0" 200 5092 "-" "Mozilla/5.0 (Windows NT 6.1; WOW64; rv:12.0) Gecko/20100101 Firefox/12.0"
207.46.13.137 - - [21/Dec/2014:18:54:26 +0100] "GET /robots.txt HTTP/1.1" 404 1256 "-" "Mozilla/5.0 (compatible; bingbot/2.0; +http://www.bing.com/bingbot.htm)"
207.46.13.137 - - [21/Dec/2014:18:54:34 +0100] "GET /seiten/kontakt.htm HTTP/1.1" 200 5472 "-" "Mozilla/5.0 (compatible; bingbot/2.0; +http://www.bing.com/bingbot.htm)"
207.46.13.137 - - [21/Dec/2014:19:30:33 +0100] "GET /robots.txt HTTP/1.1" 404 1256 "-" "Mozilla/5.0 (compatible; bingbot/2.0; +http://www.bing.com/bingbot.htm)"
207.46.13.137 - - [21/Dec/2014:19:30:43 +0100] "GET /seiten/start.htm HTTP/1.1" 200 4313 "-" "Mozilla/5.0 (compatible; bingbot/2.0; +http://www.bing.com/bingbot.htm)"
27.187.215.245 - - [22/Dec/2014:00:53:49 +0100] "GET /seiten/links.htm HTTP/1.1" 200 5092 "-" "Java/1.7.0_71"
220.181.108.109 - - [22/Dec/2014:01:18:40 +0100] "GET /scripte/basics.js HTTP/1.1" 200 1078 "-" "Mozilla/5.0 (compatible; Baiduspider/2.0; +http://www.baidu.com/search/spider.html)"
85.186.103.66 - - [22/Dec/2014:02:13:34 +0100] "GET / HTTP/1.1" 200 2301 "-" "Mozilla/4.0 (compatible; MSIE 6.0; Windows NT 5.1)"
85.186.103.66 - - [22/Dec/2014:02:13:35 +0100] "GET /seiten/start.htm HTTP/1.1" 200 4313 "-" "Mozilla/4.0 (compatible; MSIE 6.0; Windows NT 5.1)"
85.186.103.66 - - [22/Dec/2014:02:13:35 +0100] "GET /seiten/praxis.htm HTTP/1.1" 200 5018 "-" "Mozilla/4.0 (compatible; MSIE 6.0; Windows NT 5.1)"
85.186.103.66 - - [22/Dec/2014:02:13:35 +0100] "GET /seiten/leistungen.htm HTTP/1.1" 200 5060 "-" "Mozilla/4.0 (compatible; MSIE 6.0; Windows NT 5.1)"
66.249.64.7 - - [22/Dec/2014:04:35:25 +0100] "GET /seiten/start.htm HTTP/1.1" 304 - "-" "Mozilla/5.0 (compatible; Googlebot/2.1; +http://www.google.com/bot.html)"
94.23.59.169 - - [22/Dec/2014:04:54:09 +0100] "GET /seiten/impressum.htm HTTP/1.0" 200 6907 "http://www.dialyse-in-salzwedel.de/seiten/impressum.htm" "Mozilla/5.0 (Windows NT 6.1; WOW64; rv:33.0) Gecko/20100101 Firefox/33.0"
66.249.78.181 - - [22/Dec/2014:05:19:55 +0100] "GET /robots.txt HTTP/1.1" 404 1256 "-" "Mozilla/5.0 (compatible; Googlebot/2.1; +http://www.google.com/bot.html)"
66.249.78.188 - - [22/Dec/2014:05:19:55 +0100] "GET /seiten/praxis.htm HTTP/1.1" 304 - "-" "Mozilla/5.0 (compatible; Googlebot/2.1; +http://www.google.com/bot.html)"
66.249.78.188 - - [22/Dec/2014:05:38:31 +0100] "GET / HTTP/1.1" 200 2301 "-" "Mozilla/5.0 (compatible; Googlebot/2.1; +http://www.google.com/bot.html)"
66.249.64.11 - - [22/Dec/2014:05:50:31 +0100] "GET /seiten/dialyse.htm HTTP/1.1" 304 - "-" "Mozilla/5.0 (compatible; Googlebot/2.1; +http://www.google.com/bot.html)"
66.249.78.188 - - [22/Dec/2014:05:50:32 +0100] "GET /seiten/kontakt.htm HTTP/1.1" 304 - "-" "Mozilla/5.0 (compatible; Googlebot/2.1; +http://www.google.com/bot.html)"
66.249.78.195 - - [22/Dec/2014:05:56:49 +0100] "GET /seiten/impressum.htm HTTP/1.1" 304 - "-" "Mozilla/5.0 (compatible; Googlebot/2.1; +http://www.google.com/bot.html)"
66.249.78.181 - - [22/Dec/2014:07:40:08 +0100] "GET /seiten/links.htm HTTP/1.1" 304 - "-" "Mozilla/5.0 (compatible; Googlebot/2.1; +http://www.google.com/bot.html)"
66.249.78.195 - - [22/Dec/2014:07:46:08 +0100] "GET /seiten/leistungen.htm HTTP/1.1" 304 - "-" "Mozilla/5.0 (compatible; Googlebot/2.1; +http://www.google.com/bot.html)"
220.181.108.117 - - [22/Dec/2014:08:09:00 +0100] "GET / HTTP/1.1" 200 2301 "-" "Mozilla/5.0 (compatible; Baiduspider/2.0; +http://www.baidu.com/search/spider.html)"
123.125.71.58 - - [22/Dec/2014:08:09:47 +0100] "GET / HTTP/1.1" 200 2301 "-" "Mozilla/5.0 (compatible; Baiduspider/2.0; +http://www.baidu.com/search/spider.html)"
141.8.147.12 - - [22/Dec/2014:08:37:50 +0100] "GET /robots.txt HTTP/1.1" 404 1256 "-" "Mozilla/5.0 (compatible; YandexBot/3.0; +http://yandex.com/bots)"
141.8.147.12 - - [22/Dec/2014:14:14:50 +0100] "GET / HTTP/1.1" 200 2301 "-" "Mozilla/5.0 (compatible; YandexBot/3.0; +http://yandex.com/bots)"
66.249.78.188 - - [22/Dec/2014:14:27:35 +0100] "GET /seiten/start.htm HTTP/1.1" 304 - "-" "Mozilla/5.0 (compatible; Googlebot/2.1; +http://www.google.com/bot.html)"
123.125.71.36 - - [22/Dec/2014:14:59:25 +0100] "GET / HTTP/1.1" 200 2301 "-" "Mozilla/5.0 (compatible; Baiduspider/2.0; +http://www.baidu.com/search/spider.html)"
220.181.108.110 - - [22/Dec/2014:15:00:00 +0100] "GET / HTTP/1.1" 200 2301 "-" "Mozilla/5.0 (compatible; Baiduspider/2.0; +http://www.baidu.com/search/spider.html)"
80.154.132.213 - - [22/Dec/2014:15:45:51 +0100] "GET / HTTP/1.0" 200 2301 "http://www.google.de/url?url=http://www.dialyse-in-salzwedel.de/&rct=j&frm=1&q=&esrc=s&sa=U&ei=JC6YVMiFOpPeaNC0gYAB&ved=0CBcQFjAA&usg=AFQjCNEnyhqY8vXvcFXyvQaITIGFnHIXxQ" "Mozilla/4.0 (compatible; MSIE 8.0; Windows NT 5.1; Trident/4.0; .NET CLR 2.0.50727; .NET CLR 3.0.4506.2152; .NET CLR 3.5.30729)"
80.154.132.213 - - [22/Dec/2014:15:45:51 +0100] "GET /scripte/basics.js HTTP/1.1" 200 1078 "http://www.dialyse-in-salzwedel.de/" "Mozilla/4.0 (compatible; MSIE 8.0; Windows NT 5.1; Trident/4.0; .NET CLR 2.0.50727; .NET CLR 3.0.4506.2152; .NET CLR 3.5.30729)"
80.154.132.213 - - [22/Dec/2014:15:45:51 +0100] "GET /css/style.css HTTP/1.1" 200 3212 "http://www.dialyse-in-salzwedel.de/" "Mozilla/4.0 (compatible; MSIE 8.0; Windows NT 5.1; Trident/4.0; .NET CLR 2.0.50727; .NET CLR 3.0.4506.2152; .NET CLR 3.5.30729)"
80.154.132.213 - - [22/Dec/2014:15:45:51 +0100] "GET /img/bg1.gif HTTP/1.1" 404 1256 "http://www.dialyse-in-salzwedel.de/" "Mozilla/4.0 (compatible; MSIE 8.0; Windows NT 5.1; Trident/4.0; .NET CLR 2.0.50727; .NET CLR 3.0.4506.2152; .NET CLR 3.5.30729)"
80.154.132.213 - - [22/Dec/2014:15:45:51 +0100] "GET /img/FL_check.swf HTTP/1.1" 200 100 "http://www.dialyse-in-salzwedel.de/" "Mozilla/4.0 (compatible; MSIE 8.0; Windows NT 5.1; Trident/4.0; .NET CLR 2.0.50727; .NET CLR 3.0.4506.2152; .NET CLR 3.5.30729)"
199.19.249.196 - - [22/Dec/2014:15:45:51 +0100] "GET / HTTP/1.1" 200 2301 "-" "Mozilla/4.0 (compatible; MSIE 7.0; Windows NT 5.1; InfoPath.1; .NET CLR 2.0.50727; .NET CLR 1.1.4322; MS-RTC LM 8; .NET CLR 3.0.4506.2152; .NET CLR 3.5.30729)"
80.154.132.213 - - [22/Dec/2014:15:45:51 +0100] "GET /seiten/start.htm HTTP/1.0" 200 4313 "-" "Mozilla/4.0 (compatible; MSIE 8.0; Windows NT 5.1; Trident/4.0; .NET CLR 2.0.50727; .NET CLR 3.0.4506.2152; .NET CLR 3.5.30729)"
80.154.132.213 - - [22/Dec/2014:15:45:52 +0100] "GET /img/head.gif HTTP/1.1" 200 4213 "http://www.dialyse-in-salzwedel.de/seiten/start.htm" "Mozilla/4.0 (compatible; MSIE 8.0; Windows NT 5.1; Trident/4.0; .NET CLR 2.0.50727; .NET CLR 3.0.4506.2152; .NET CLR 3.5.30729)"
80.154.132.213 - - [22/Dec/2014:15:45:52 +0100] "GET /img/men01.gif HTTP/1.1" 200 702 "http://www.dialyse-in-salzwedel.de/seiten/start.htm" "Mozilla/4.0 (compatible; MSIE 8.0; Windows NT 5.1; Trident/4.0; .NET CLR 2.0.50727; .NET CLR 3.0.4506.2152; .NET CLR 3.5.30729)"
80.154.132.213 - - [22/Dec/2014:15:45:52 +0100] "GET /img/men04.gif HTTP/1.1" 200 1234 "http://www.dialyse-in-salzwedel.de/seiten/start.htm" "Mozilla/4.0 (compatible; MSIE 8.0; Windows NT 5.1; Trident/4.0; .NET CLR 2.0.50727; .NET CLR 3.0.4506.2152; .NET CLR 3.5.30729)"
80.154.132.213 - - [22/Dec/2014:15:45:52 +0100] "GET /img/men03.gif HTTP/1.1" 200 999 "http://www.dialyse-in-salzwedel.de/seiten/start.htm" "Mozilla/4.0 (compatible; MSIE 8.0; Windows NT 5.1; Trident/4.0; .NET CLR 2.0.50727; .NET CLR 3.0.4506.2152; .NET CLR 3.5.30729)"
80.154.132.213 - - [22/Dec/2014:15:45:52 +0100] "GET /img/men05.gif HTTP/1.1" 200 1042 "http://www.dialyse-in-salzwedel.de/seiten/start.htm" "Mozilla/4.0 (compatible; MSIE 8.0; Windows NT 5.1; Trident/4.0; .NET CLR 2.0.50727; .NET CLR 3.0.4506.2152; .NET CLR 3.5.30729)"
80.154.132.213 - - [22/Dec/2014:15:45:53 +0100] "GET /img/men06.gif HTTP/1.1" 200 904 "http://www.dialyse-in-salzwedel.de/seiten/start.htm" "Mozilla/4.0 (compatible; MSIE 8.0; Windows NT 5.1; Trident/4.0; .NET CLR 2.0.50727; .NET CLR 3.0.4506.2152; .NET CLR 3.5.30729)"
80.154.132.213 - - [22/Dec/2014:15:45:53 +0100] "GET /img/men07.gif HTTP/1.1" 200 893 "http://www.dialyse-in-salzwedel.de/seiten/start.htm" "Mozilla/4.0 (compatible; MSIE 8.0; Windows NT 5.1; Trident/4.0; .NET CLR 2.0.50727; .NET CLR 3.0.4506.2152; .NET CLR 3.5.30729)"
80.154.132.213 - - [22/Dec/2014:15:45:54 +0100] "GET /img/men08.gif HTTP/1.1" 200 1069 "http://www.dialyse-in-salzwedel.de/seiten/start.htm" "Mozilla/4.0 (compatible; MSIE 8.0; Windows NT 5.1; Trident/4.0; .NET CLR 2.0.50727; .NET CLR 3.0.4506.2152; .NET CLR 3.5.30729)"
80.154.132.213 - - [22/Dec/2014:15:45:54 +0100] "GET /img/men09.gif HTTP/1.1" 200 1200 "http://www.dialyse-in-salzwedel.de/seiten/start.htm" "Mozilla/4.0 (compatible; MSIE 8.0; Windows NT 5.1; Trident/4.0; .NET CLR 2.0.50727; .NET CLR 3.0.4506.2152; .NET CLR 3.5.30729)"
80.154.132.213 - - [22/Dec/2014:15:45:54 +0100] "GET /img/men02.gif HTTP/1.1" 200 758 "http://www.dialyse-in-salzwedel.de/seiten/start.htm" "Mozilla/4.0 (compatible; MSIE 8.0; Windows NT 5.1; Trident/4.0; .NET CLR 2.0.50727; .NET CLR 3.0.4506.2152; .NET CLR 3.5.30729)"
199.19.249.196 - - [22/Dec/2014:15:45:54 +0100] "GET /seiten/start.htm HTTP/1.1" 200 4313 "-" "Mozilla/4.0 (compatible; MSIE 7.0; Windows NT 5.1; InfoPath.1; .NET CLR 2.0.50727; .NET CLR 1.1.4322; MS-RTC LM 8; .NET CLR 3.0.4506.2152; .NET CLR 3.5.30729)"
80.154.132.213 - - [22/Dec/2014:15:45:54 +0100] "GET /img/lay01.gif HTTP/1.1" 200 149 "http://www.dialyse-in-salzwedel.de/seiten/start.htm" "Mozilla/4.0 (compatible; MSIE 8.0; Windows NT 5.1; Trident/4.0; .NET CLR 2.0.50727; .NET CLR 3.0.4506.2152; .NET CLR 3.5.30729)"
80.154.132.213 - - [22/Dec/2014:15:45:55 +0100] "GET /img/bg02.gif HTTP/1.1" 200 67 "http://www.dialyse-in-salzwedel.de/seiten/start.htm" "Mozilla/4.0 (compatible; MSIE 8.0; Windows NT 5.1; Trident/4.0; .NET CLR 2.0.50727; .NET CLR 3.0.4506.2152; .NET CLR 3.5.30729)"
80.154.132.213 - - [22/Dec/2014:15:45:55 +0100] "GET /img/lay02.gif HTTP/1.1" 200 153 "http://www.dialyse-in-salzwedel.de/seiten/start.htm" "Mozilla/4.0 (compatible; MSIE 8.0; Windows NT 5.1; Trident/4.0; .NET CLR 2.0.50727; .NET CLR 3.0.4506.2152; .NET CLR 3.5.30729)"
80.154.132.213 - - [22/Dec/2014:15:45:55 +0100] "GET /img/bg01.gif HTTP/1.1" 200 70 "http://www.dialyse-in-salzwedel.de/seiten/start.htm" "Mozilla/4.0 (compatible; MSIE 8.0; Windows NT 5.1; Trident/4.0; .NET CLR 2.0.50727; .NET CLR 3.0.4506.2152; .NET CLR 3.5.30729)"
80.154.132.213 - - [22/Dec/2014:15:45:55 +0100] "GET /img/start.jpg HTTP/1.1" 200 18933 "http://www.dialyse-in-salzwedel.de/seiten/start.htm" "Mozilla/4.0 (compatible; MSIE 8.0; Windows NT 5.1; Trident/4.0; .NET CLR 2.0.50727; .NET CLR 3.0.4506.2152; .NET CLR 3.5.30729)"
80.154.132.213 - - [22/Dec/2014:15:45:55 +0100] "GET /img/bg03.gif HTTP/1.1" 200 84 "http://www.dialyse-in-salzwedel.de/seiten/start.htm" "Mozilla/4.0 (compatible; MSIE 8.0; Windows NT 5.1; Trident/4.0; .NET CLR 2.0.50727; .NET CLR 3.0.4506.2152; .NET CLR 3.5.30729)"
80.154.132.213 - - [22/Dec/2014:15:45:55 +0100] "GET /img/lay03.gif HTTP/1.1" 200 253 "http://www.dialyse-in-salzwedel.de/seiten/start.htm" "Mozilla/4.0 (compatible; MSIE 8.0; Windows NT 5.1; Trident/4.0; .NET CLR 2.0.50727; .NET CLR 3.0.4506.2152; .NET CLR 3.5.30729)"
80.154.132.213 - - [22/Dec/2014:15:45:55 +0100] "GET /img/bg04.gif HTTP/1.1" 200 92 "http://www.dialyse-in-salzwedel.de/seiten/start.htm" "Mozilla/4.0 (compatible; MSIE 8.0; Windows NT 5.1; Trident/4.0; .NET CLR 2.0.50727; .NET CLR 3.0.4506.2152; .NET CLR 3.5.30729)"
80.154.132.213 - - [22/Dec/2014:15:45:55 +0100] "GET /img/1px.gif HTTP/1.1" 200 43 "http://www.dialyse-in-salzwedel.de/seiten/start.htm" "Mozilla/4.0 (compatible; MSIE 8.0; Windows NT 5.1; Trident/4.0; .NET CLR 2.0.50727; .NET CLR 3.0.4506.2152; .NET CLR 3.5.30729)"
80.154.132.213 - - [22/Dec/2014:15:45:55 +0100] "GET /img/meno06.gif HTTP/1.0" 200 1054 "http://www.dialyse-in-salzwedel.de/seiten/start.htm" "Mozilla/4.0 (compatible; MSIE 8.0; Windows NT 5.1; Trident/4.0; .NET CLR 2.0.50727; .NET CLR 3.0.4506.2152; .NET CLR 3.5.30729)"
80.154.132.213 - - [22/Dec/2014:15:45:55 +0100] "GET /seiten/kontakt.htm HTTP/1.0" 200 5472 "http://www.dialyse-in-salzwedel.de/seiten/start.htm" "Mozilla/4.0 (compatible; MSIE 8.0; Windows NT 5.1; Trident/4.0; .NET CLR 2.0.50727; .NET CLR 3.0.4506.2152; .NET CLR 3.5.30729)"
80.154.132.213 - - [22/Dec/2014:15:45:56 +0100] "GET /img/lay04.gif HTTP/1.1" 200 272 "http://www.dialyse-in-salzwedel.de/seiten/start.htm" "Mozilla/4.0 (compatible; MSIE 8.0; Windows NT 5.1; Trident/4.0; .NET CLR 2.0.50727; .NET CLR 3.0.4506.2152; .NET CLR 3.5.30729)"
199.19.249.196 - - [22/Dec/2014:15:45:56 +0100] "GET /seiten/kontakt.htm HTTP/1.1" 200 5472 "-" "Mozilla/4.0 (compatible; MSIE 7.0; Windows NT 5.1; InfoPath.1; .NET CLR 2.0.50727; .NET CLR 1.1.4322; MS-RTC LM 8; .NET CLR 3.0.4506.2152; .NET CLR 3.5.30729)"
80.154.132.213 - - [22/Dec/2014:15:45:56 +0100] "GET /favicon.ico HTTP/1.0" 404 1256 "-" "Mozilla/4.0 (compatible; MSIE 8.0; Windows NT 5.1; Trident/4.0; .NET CLR 2.0.50727; .NET CLR 3.0.4506.2152; .NET CLR 3.5.30729)"
80.154.132.213 - - [22/Dec/2014:15:46:30 +0100] "GET /img/meno05.gif HTTP/1.0" 200 788 "http://www.dialyse-in-salzwedel.de/seiten/kontakt.htm" "Mozilla/4.0 (compatible; MSIE 8.0; Windows NT 5.1; Trident/4.0; .NET CLR 2.0.50727; .NET CLR 3.0.4506.2152; .NET CLR 3.5.30729)"
80.154.132.213 - - [22/Dec/2014:15:46:31 +0100] "GET /img/meno07.gif HTTP/1.0" 200 1052 "http://www.dialyse-in-salzwedel.de/seiten/kontakt.htm" "Mozilla/4.0 (compatible; MSIE 8.0; Windows NT 5.1; Trident/4.0; .NET CLR 2.0.50727; .NET CLR 3.0.4506.2152; .NET CLR 3.5.30729)"
80.154.132.213 - - [22/Dec/2014:15:46:31 +0100] "GET /seiten/impressum.htm HTTP/1.0" 200 6907 "http://www.dialyse-in-salzwedel.de/seiten/kontakt.htm" "Mozilla/4.0 (compatible; MSIE 8.0; Windows NT 5.1; Trident/4.0; .NET CLR 2.0.50727; .NET CLR 3.0.4506.2152; .NET CLR 3.5.30729)"
199.19.249.196 - - [22/Dec/2014:15:46:31 +0100] "GET /seiten/impressum.htm HTTP/1.1" 200 6907 "-" "Mozilla/4.0 (compatible; MSIE 7.0; Windows NT 5.1; InfoPath.1; .NET CLR 2.0.50727; .NET CLR 1.1.4322; MS-RTC LM 8; .NET CLR 3.0.4506.2152; .NET CLR 3.5.30729)"
80.154.132.213 - - [22/Dec/2014:15:46:31 +0100] "GET /favicon.ico HTTP/1.0" 404 1256 "-" "Mozilla/4.0 (compatible; MSIE 8.0; Windows NT 5.1; Trident/4.0; .NET CLR 2.0.50727; .NET CLR 3.0.4506.2152; .NET CLR 3.5.30729)"
66.249.78.181 - - [22/Dec/2014:16:04:14 +0100] "GET /seiten/praxis.htm HTTP/1.1" 304 - "-" "Mozilla/5.0 (compatible; Googlebot/2.1; +http://www.google.com/bot.html)"
66.249.78.181 - - [22/Dec/2014:16:32:40 +0100] "GET /seiten/impressum.htm HTTP/1.1" 304 - "-" "Mozilla/5.0 (compatible; Googlebot/2.1; +http://www.google.com/bot.html)"
66.249.78.181 - - [22/Dec/2014:16:33:22 +0100] "GET /seiten/kontakt.htm HTTP/1.1" 304 - "-" "Mozilla/5.0 (compatible; Googlebot/2.1; +http://www.google.com/bot.html)"
66.249.78.188 - - [22/Dec/2014:16:34:24 +0100] "GET /seiten/leistungen.htm HTTP/1.1" 304 - "-" "Mozilla/5.0 (compatible; Googlebot/2.1; +http://www.google.com/bot.html)"
66.249.78.195 - - [22/Dec/2014:16:36:21 +0100] "GET /seiten/links.htm HTTP/1.1" 304 - "-" "Mozilla/5.0 (compatible; Googlebot/2.1; +http://www.google.com/bot.html)"
220.181.108.82 - - [22/Dec/2014:16:58:32 +0100] "GET / HTTP/1.1" 200 2301 "-" "Mozilla/5.0 (compatible; Baiduspider/2.0; +http://www.baidu.com/search/spider.html)"
66.249.78.181 - - [22/Dec/2014:17:01:29 +0100] "GET /seiten/dialyse.htm HTTP/1.1" 304 - "-" "Mozilla/5.0 (compatible; Googlebot/2.1; +http://www.google.com/bot.html)"
123.125.71.15 - - [22/Dec/2014:17:01:33 +0100] "GET / HTTP/1.1" 200 2301 "-" "Mozilla/5.0 (compatible; Baiduspider/2.0; +http://www.baidu.com/search/spider.html)"
84.182.171.16 - - [22/Dec/2014:17:35:34 +0100] "GET / HTTP/1.1" 200 2301 "https://www.google.de/" "Mozilla/5.0 (Windows NT 6.1; WOW64) AppleWebKit/537.36 (KHTML, like Gecko) Chrome/39.0.2171.95 Safari/537.36"
84.182.171.16 - - [22/Dec/2014:17:35:34 +0100] "GET /scripte/basics.js HTTP/1.1" 200 1078 "http://www.dialyse-in-salzwedel.de/" "Mozilla/5.0 (Windows NT 6.1; WOW64) AppleWebKit/537.36 (KHTML, like Gecko) Chrome/39.0.2171.95 Safari/537.36"
84.182.171.16 - - [22/Dec/2014:17:35:34 +0100] "GET /css/style.css HTTP/1.1" 200 3212 "http://www.dialyse-in-salzwedel.de/" "Mozilla/5.0 (Windows NT 6.1; WOW64) AppleWebKit/537.36 (KHTML, like Gecko) Chrome/39.0.2171.95 Safari/537.36"
84.182.171.16 - - [22/Dec/2014:17:35:34 +0100] "GET /favicon.ico HTTP/1.1" 404 1256 "-" "Mozilla/5.0 (Windows NT 6.1; WOW64) AppleWebKit/537.36 (KHTML, like Gecko) Chrome/39.0.2171.95 Safari/537.36"
84.182.171.16 - - [22/Dec/2014:17:35:34 +0100] "GET /seiten/start.htm HTTP/1.1" 200 4313 "http://www.dialyse-in-salzwedel.de/" "Mozilla/5.0 (Windows NT 6.1; WOW64) AppleWebKit/537.36 (KHTML, like Gecko) Chrome/39.0.2171.95 Safari/537.36"
84.182.171.16 - - [22/Dec/2014:17:35:34 +0100] "GET /img/head.gif HTTP/1.1" 200 4213 "http://www.dialyse-in-salzwedel.de/seiten/start.htm" "Mozilla/5.0 (Windows NT 6.1; WOW64) AppleWebKit/537.36 (KHTML, like Gecko) Chrome/39.0.2171.95 Safari/537.36"
84.182.171.16 - - [22/Dec/2014:17:35:34 +0100] "GET /img/men01.gif HTTP/1.1" 200 702 "http://www.dialyse-in-salzwedel.de/seiten/start.htm" "Mozilla/5.0 (Windows NT 6.1; WOW64) AppleWebKit/537.36 (KHTML, like Gecko) Chrome/39.0.2171.95 Safari/537.36"
84.182.171.16 - - [22/Dec/2014:17:35:34 +0100] "GET /img/men03.gif HTTP/1.1" 200 999 "http://www.dialyse-in-salzwedel.de/seiten/start.htm" "Mozilla/5.0 (Windows NT 6.1; WOW64) AppleWebKit/537.36 (KHTML, like Gecko) Chrome/39.0.2171.95 Safari/537.36"
84.182.171.16 - - [22/Dec/2014:17:35:34 +0100] "GET /img/men04.gif HTTP/1.1" 200 1234 "http://www.dialyse-in-salzwedel.de/seiten/start.htm" "Mozilla/5.0 (Windows NT 6.1; WOW64) AppleWebKit/537.36 (KHTML, like Gecko) Chrome/39.0.2171.95 Safari/537.36"
84.182.171.16 - - [22/Dec/2014:17:35:34 +0100] "GET /img/men05.gif HTTP/1.1" 200 1042 "http://www.dialyse-in-salzwedel.de/seiten/start.htm" "Mozilla/5.0 (Windows NT 6.1; WOW64) AppleWebKit/537.36 (KHTML, like Gecko) Chrome/39.0.2171.95 Safari/537.36"
84.182.171.16 - - [22/Dec/2014:17:35:34 +0100] "GET /img/men06.gif HTTP/1.1" 200 904 "http://www.dialyse-in-salzwedel.de/seiten/start.htm" "Mozilla/5.0 (Windows NT 6.1; WOW64) AppleWebKit/537.36 (KHTML, like Gecko) Chrome/39.0.2171.95 Safari/537.36"
84.182.171.16 - - [22/Dec/2014:17:35:34 +0100] "GET /img/men07.gif HTTP/1.1" 200 893 "http://www.dialyse-in-salzwedel.de/seiten/start.htm" "Mozilla/5.0 (Windows NT 6.1; WOW64) AppleWebKit/537.36 (KHTML, like Gecko) Chrome/39.0.2171.95 Safari/537.36"
84.182.171.16 - - [22/Dec/2014:17:35:34 +0100] "GET /img/men08.gif HTTP/1.1" 200 1069 "http://www.dialyse-in-salzwedel.de/seiten/start.htm" "Mozilla/5.0 (Windows NT 6.1; WOW64) AppleWebKit/537.36 (KHTML, like Gecko) Chrome/39.0.2171.95 Safari/537.36"
84.182.171.16 - - [22/Dec/2014:17:35:34 +0100] "GET /img/men09.gif HTTP/1.1" 200 1200 "http://www.dialyse-in-salzwedel.de/seiten/start.htm" "Mozilla/5.0 (Windows NT 6.1; WOW64) AppleWebKit/537.36 (KHTML, like Gecko) Chrome/39.0.2171.95 Safari/537.36"
84.182.171.16 - - [22/Dec/2014:17:35:34 +0100] "GET /img/men02.gif HTTP/1.1" 200 758 "http://www.dialyse-in-salzwedel.de/seiten/start.htm" "Mozilla/5.0 (Windows NT 6.1; WOW64) AppleWebKit/537.36 (KHTML, like Gecko) Chrome/39.0.2171.95 Safari/537.36"
84.182.171.16 - - [22/Dec/2014:17:35:34 +0100] "GET /img/lay01.gif HTTP/1.1" 200 149 "http://www.dialyse-in-salzwedel.de/seiten/start.htm" "Mozilla/5.0 (Windows NT 6.1; WOW64) AppleWebKit/537.36 (KHTML, like Gecko) Chrome/39.0.2171.95 Safari/537.36"
84.182.171.16 - - [22/Dec/2014:17:35:34 +0100] "GET /img/lay02.gif HTTP/1.1" 200 153 "http://www.dialyse-in-salzwedel.de/seiten/start.htm" "Mozilla/5.0 (Windows NT 6.1; WOW64) AppleWebKit/537.36 (KHTML, like Gecko) Chrome/39.0.2171.95 Safari/537.36"
84.182.171.16 - - [22/Dec/2014:17:35:34 +0100] "GET /img/start.jpg HTTP/1.1" 200 18933 "http://www.dialyse-in-salzwedel.de/seiten/start.htm" "Mozilla/5.0 (Windows NT 6.1; WOW64) AppleWebKit/537.36 (KHTML, like Gecko) Chrome/39.0.2171.95 Safari/537.36"
84.182.171.16 - - [22/Dec/2014:17:35:34 +0100] "GET /img/lay03.gif HTTP/1.1" 200 253 "http://www.dialyse-in-salzwedel.de/seiten/start.htm" "Mozilla/5.0 (Windows NT 6.1; WOW64) AppleWebKit/537.36 (KHTML, like Gecko) Chrome/39.0.2171.95 Safari/537.36"
84.182.171.16 - - [22/Dec/2014:17:35:34 +0100] "GET /img/1px.gif HTTP/1.1" 200 43 "http://www.dialyse-in-salzwedel.de/seiten/start.htm" "Mozilla/5.0 (Windows NT 6.1; WOW64) AppleWebKit/537.36 (KHTML, like Gecko) Chrome/39.0.2171.95 Safari/537.36"
84.182.171.16 - - [22/Dec/2014:17:35:34 +0100] "GET /img/lay04.gif HTTP/1.1" 200 272 "http://www.dialyse-in-salzwedel.de/seiten/start.htm" "Mozilla/5.0 (Windows NT 6.1; WOW64) AppleWebKit/537.36 (KHTML, like Gecko) Chrome/39.0.2171.95 Safari/537.36"
84.182.171.16 - - [22/Dec/2014:17:35:34 +0100] "GET /img/bg02.gif HTTP/1.1" 200 67 "http://www.dialyse-in-salzwedel.de/seiten/start.htm" "Mozilla/5.0 (Windows NT 6.1; WOW64) AppleWebKit/537.36 (KHTML, like Gecko) Chrome/39.0.2171.95 Safari/537.36"
