178.255.18.153 - - [10/Dec/2014:18:10:25 +0100] "GET /img/men06.gif HTTP/1.1" 200 904 "http://www.google.de/" "Mozilla/5.0 (Linux; Android 4.4.2; GT-I9505 Build/KOT49H) AppleWebKit/537.36 (KHTML, like Gecko) Chrome/39.0.2171.93 Mobile Safari/537.36"
178.255.18.153 - - [10/Dec/2014:18:10:25 +0100] "GET /img/men07.gif HTTP/1.1" 200 893 "http://www.google.de/" "Mozilla/5.0 (Linux; Android 4.4.2; GT-I9505 Build/KOT49H) AppleWebKit/537.36 (KHTML, like Gecko) Chrome/39.0.2171.93 Mobile Safari/537.36"
178.255.18.153 - - [10/Dec/2014:18:10:25 +0100] "GET /img/bg04.gif HTTP/1.1" 200 92 "http://www.google.de/" "Mozilla/5.0 (Linux; Android 4.4.2; GT-I9505 Build/KOT49H) AppleWebKit/537.36 (KHTML, like Gecko) Chrome/39.0.2171.93 Mobile Safari/537.36"
178.255.18.153 - - [10/Dec/2014:18:10:25 +0100] "GET /img/bg02.gif HTTP/1.1" 200 67 "http://www.google.de/" "Mozilla/5.0 (Linux; Android 4.4.2; GT-I9505 Build/KOT49H) AppleWebKit/537.36 (KHTML, like Gecko) Chrome/39.0.2171.93 Mobile Safari/537.36"
178.255.18.153 - - [10/Dec/2014:18:10:25 +0100] "GET /img/men09.gif HTTP/1.1" 200 1200 "http://www.google.de/" "Mozilla/5.0 (Linux; Android 4.4.2; GT-I9505 Build/KOT49H) AppleWebKit/537.36 (KHTML, like Gecko) Chrome/39.0.2171.93 Mobile Safari/537.36"
178.255.18.153 - - [10/Dec/2014:18:10:25 +0100] "GET /img/men08.gif HTTP/1.1" 200 1069 "http://www.google.de/" "Mozilla/5.0 (Linux; Android 4.4.2; GT-I9505 Build/KOT49H) AppleWebKit/537.36 (KHTML, like Gecko) Chrome/39.0.2171.93 Mobile Safari/537.36"
178.255.18.153 - - [10/Dec/2014:18:10:25 +0100] "GET /img/men02.gif HTTP/1.1" 200 758 "http://www.google.de/" "Mozilla/5.0 (Linux; Android 4.4.2; GT-I9505 Build/KOT49H) AppleWebKit/537.36 (KHTML, like Gecko) Chrome/39.0.2171.93 Mobile Safari/537.36"
178.255.18.153 - - [10/Dec/2014:18:10:25 +0100] "GET /img/lay04.gif HTTP/1.1" 200 272 "http://www.google.de/" "Mozilla/5.0 (Linux; Android 4.4.2; GT-I9505 Build/KOT49H) AppleWebKit/537.36 (KHTML, like Gecko) Chrome/39.0.2171.93 Mobile Safari/537.36"
178.255.18.153 - - [10/Dec/2014:18:10:25 +0100] "GET /img/lay03.gif HTTP/1.1" 200 253 "http://www.google.de/" "Mozilla/5.0 (Linux; Android 4.4.2; GT-I9505 Build/KOT49H) AppleWebKit/537.36 (KHTML, like Gecko) Chrome/39.0.2171.93 Mobile Safari/537.36"
178.255.18.153 - - [10/Dec/2014:18:10:25 +0100] "GET /img/bg03.gif HTTP/1.1" 200 84 "http://www.google.de/" "Mozilla/5.0 (Linux; Android 4.4.2; GT-I9505 Build/KOT49H) AppleWebKit/537.36 (KHTML, like Gecko) Chrome/39.0.2171.93 Mobile Safari/537.36"
178.255.18.153 - - [10/Dec/2014:18:10:25 +0100] "GET /img/lay02.gif HTTP/1.1" 200 153 "http://www.google.de/" "Mozilla/5.0 (Linux; Android 4.4.2; GT-I9505 Build/KOT49H) AppleWebKit/537.36 (KHTML, like Gecko) Chrome/39.0.2171.93 Mobile Safari/537.36"
178.255.18.153 - - [10/Dec/2014:18:10:25 +0100] "GET /img/start.jpg HTTP/1.1" 200 18933 "http://www.google.de/" "Mozilla/5.0 (Linux; Android 4.4.2; GT-I9505 Build/KOT49H) AppleWebKit/537.36 (KHTML, like Gecko) Chrome/39.0.2171.93 Mobile Safari/537.36"
178.255.18.153 - - [10/Dec/2014:18:10:25 +0100] "GET /img/bg01.gif HTTP/1.1" 200 70 "http://www.google.de/" "Mozilla/5.0 (Linux; Android 4.4.2; GT-I9505 Build/KOT49H) AppleWebKit/537.36 (KHTML, like Gecko) Chrome/39.0.2171.93 Mobile Safari/537.36"
178.255.18.153 - - [10/Dec/2014:18:10:25 +0100] "GET /img/lay01.gif HTTP/1.1" 200 149 "http://www.google.de/" "Mozilla/5.0 (Linux; Android 4.4.2; GT-I9505 Build/KOT49H) AppleWebKit/537.36 (KHTML, like Gecko) Chrome/39.0.2171.93 Mobile Safari/537.36"
178.255.18.153 - - [10/Dec/2014:18:10:25 +0100] "GET /img/1px.gif HTTP/1.1" 200 43 "http://www.google.de/" "Mozilla/5.0 (Linux; Android 4.4.2; GT-I9505 Build/KOT49H) AppleWebKit/537.36 (KHTML, like Gecko) Chrome/39.0.2171.93 Mobile Safari/537.36"
178.255.18.153 - - [10/Dec/2014:18:10:25 +0100] "GET /favicon.ico HTTP/1.1" 404 1256 "http://www.google.de/" "Mozilla/5.0 (Linux; Android 4.4.2; GT-I9505 Build/KOT49H) AppleWebKit/537.36 (KHTML, like Gecko) Chrome/39.0.2171.93 Mobile Safari/537.36"
178.255.18.153 - - [10/Dec/2014:18:10:41 +0100] "GET /seiten/impressum.htm HTTP/1.1" 200 6907 "http://www.dialyse-in-salzwedel.de/seiten/start.htm" "Mozilla/5.0 (Linux; Android 4.4.2; GT-I9505 Build/KOT49H) AppleWebKit/537.36 (KHTML, like Gecko) Chrome/39.0.2171.93 Mobile Safari/537.36"
178.255.18.153 - - [10/Dec/2014:18:10:41 +0100] "GET /img/meno07.gif HTTP/1.1" 200 1052 "http://www.google.de/" "Mozilla/5.0 (Linux; Android 4.4.2; GT-I9505 Build/KOT49H) AppleWebKit/537.36 (KHTML, like Gecko) Chrome/39.0.2171.93 Mobile Safari/537.36"
178.255.18.153 - - [10/Dec/2014:18:20:43 +0100] "GET /seiten/praxis.htm HTTP/1.1" 200 5018 "http://www.dialyse-in-salzwedel.de/seiten/start.htm" "Mozilla/5.0 (Linux; Android 4.4.2; GT-I9505 Build/KOT49H) AppleWebKit/537.36 (KHTML, like Gecko) Chrome/39.0.2171.93 Mobile Safari/537.36"
178.255.18.153 - - [10/Dec/2014:18:20:43 +0100] "GET /img/meno01.gif HTTP/1.1" 200 938 "http://www.google.de/" "Mozilla/5.0 (Linux; Android 4.4.2; GT-I9505 Build/KOT49H) AppleWebKit/537.36 (KHTML, like Gecko) Chrome/39.0.2171.93 Mobile Safari/537.36"
178.255.18.153 - - [10/Dec/2014:18:20:43 +0100] "GET /img/meno01.gif HTTP/1.1" 200 938 "http://www.dialyse-in-salzwedel.de/seiten/praxis.htm" "Mozilla/5.0 (Linux; Android 4.4.2; GT-I9505 Build/KOT49H) AppleWebKit/537.36 (KHTML, like Gecko) Chrome/39.0.2171.93 Mobile Safari/537.36"
178.255.18.153 - - [10/Dec/2014:18:20:43 +0100] "GET /img/praxis.jpg HTTP/1.1" 200 13082 "http://www.dialyse-in-salzwedel.de/seiten/praxis.htm" "Mozilla/5.0 (Linux; Android 4.4.2; GT-I9505 Build/KOT49H) AppleWebKit/537.36 (KHTML, like Gecko) Chrome/39.0.2171.93 Mobile Safari/537.36"
178.255.18.153 - - [10/Dec/2014:18:21:16 +0100] "GET /img/meno03.gif HTTP/1.1" 200 931 "http://www.dialyse-in-salzwedel.de/seiten/praxis.htm" "Mozilla/5.0 (Linux; Android 4.4.2; GT-I9505 Build/KOT49H) AppleWebKit/537.36 (KHTML, like Gecko) Chrome/39.0.2171.93 Mobile Safari/537.36"
178.255.18.153 - - [10/Dec/2014:18:21:17 +0100] "GET /seiten/dialyse.htm HTTP/1.1" 200 4906 "http://www.dialyse-in-salzwedel.de/seiten/praxis.htm" "Mozilla/5.0 (Linux; Android 4.4.2; GT-I9505 Build/KOT49H) AppleWebKit/537.36 (KHTML, like Gecko) Chrome/39.0.2171.93 Mobile Safari/537.36"
178.255.18.153 - - [10/Dec/2014:18:21:17 +0100] "GET /img/dialyse.jpg HTTP/1.1" 200 21241 "http://www.dialyse-in-salzwedel.de/seiten/dialyse.htm" "Mozilla/5.0 (Linux; Android 4.4.2; GT-I9505 Build/KOT49H) AppleWebKit/537.36 (KHTML, like Gecko) Chrome/39.0.2171.93 Mobile Safari/537.36"
178.255.18.153 - - [10/Dec/2014:18:21:50 +0100] "GET /img/meno02.gif HTTP/1.1" 200 1200 "http://www.dialyse-in-salzwedel.de/seiten/dialyse.htm" "Mozilla/5.0 (Linux; Android 4.4.2; GT-I9505 Build/KOT49H) AppleWebKit/537.36 (KHTML, like Gecko) Chrome/39.0.2171.93 Mobile Safari/537.36"
178.255.18.153 - - [10/Dec/2014:18:21:50 +0100] "GET /seiten/leistungen.htm HTTP/1.1" 200 5060 "http://www.dialyse-in-salzwedel.de/seiten/dialyse.htm" "Mozilla/5.0 (Linux; Android 4.4.2; GT-I9505 Build/KOT49H) AppleWebKit/537.36 (KHTML, like Gecko) Chrome/39.0.2171.93 Mobile Safari/537.36"
178.255.18.153 - - [10/Dec/2014:18:21:50 +0100] "GET /img/leist.jpg HTTP/1.1" 200 18843 "http://www.dialyse-in-salzwedel.de/seiten/leistungen.htm" "Mozilla/5.0 (Linux; Android 4.4.2; GT-I9505 Build/KOT49H) AppleWebKit/537.36 (KHTML, like Gecko) Chrome/39.0.2171.93 Mobile Safari/537.36"
178.255.18.153 - - [10/Dec/2014:18:24:17 +0100] "GET / HTTP/1.1" 200 2301 "http://www.dialyse-in-salzwedel.de/seiten/impressum.htm" "Mozilla/5.0 (Linux; Android 4.4.2; GT-I9505 Build/KOT49H) AppleWebKit/537.36 (KHTML, like Gecko) Chrome/39.0.2171.93 Mobile Safari/537.36"
157.55.39.49 - - [10/Dec/2014:23:01:14 +0100] "GET /seiten/dialyse.htm HTTP/1.1" 200 4906 "-" "Mozilla/5.0 (compatible; bingbot/2.0; +http://www.bing.com/bingbot.htm)"
178.255.215.81 - - [10/Dec/2014:23:06:53 +0100] "GET /robots.txt HTTP/1.1" 404 1256 "-" "Mozilla/5.0 (compatible; Exabot/3.0 (BiggerBetter); +http://www.exabot.com/go/robot)"
178.255.215.81 - - [10/Dec/2014:23:06:53 +0100] "GET /seiten/news.php HTTP/1.1" 200 4865 "-" "Mozilla/5.0 (compatible; Exabot/3.0 (BiggerBetter); +http://www.exabot.com/go/robot)"
178.255.215.81 - - [10/Dec/2014:23:09:18 +0100] "GET /seiten/function.include HTTP/1.1" 404 1256 "-" "Mozilla/5.0 (compatible; Exabot/3.0 (BiggerBetter); +http://www.exabot.com/go/robot)"
207.46.13.28 - - [11/Dec/2014:02:36:12 +0100] "GET /seiten/start.htm HTTP/1.1" 200 4313 "-" "Mozilla/5.0 (compatible; bingbot/2.0; +http://www.bing.com/bingbot.htm)"
157.55.39.244 - - [11/Dec/2014:02:36:25 +0100] "GET /css/style.css HTTP/1.1" 200 3212 "-" "Mozilla/5.0 (compatible; bingbot/2.0; +http://www.bing.com/bingbot.htm)"
157.55.39.244 - - [11/Dec/2014:02:36:26 +0100] "GET /scripte/basics.js HTTP/1.1" 200 1078 "-" "Mozilla/5.0 (compatible; bingbot/2.0; +http://www.bing.com/bingbot.htm)"
134.119.17.184 - - [11/Dec/2014:03:39:43 +0100] "GET / HTTP/1.1" 200 2301 "-" "Python-urllib/2.7"
68.180.228.221 - - [11/Dec/2014:04:06:21 +0100] "GET /robots.txt HTTP/1.1" 404 1256 "-" "Mozilla/5.0 (compatible; Yahoo! Slurp; http://help.yahoo.com/help/us/ysearch/slurp)"
68.180.228.221 - - [11/Dec/2014:04:06:22 +0100] "GET / HTTP/1.1" 200 2301 "-" "Mozilla/5.0 (compatible; Yahoo! Slurp; http://help.yahoo.com/help/us/ysearch/slurp)"
68.180.228.221 - - [11/Dec/2014:04:06:22 +0100] "GET /img/FL_check.swf HTTP/1.1" 200 100 "-" "Mozilla/5.0 (compatible; Yahoo! Slurp; http://help.yahoo.com/help/us/ysearch/slurp)"
141.8.147.12 - - [11/Dec/2014:05:43:33 +0100] "GET /robots.txt HTTP/1.1" 404 1256 "-" "Mozilla/5.0 (compatible; YandexBot/3.0; +http://yandex.com/bots)"
141.8.147.12 - - [11/Dec/2014:05:45:55 +0100] "GET / HTTP/1.1" 200 2301 "-" "Mozilla/5.0 (compatible; YandexBot/3.0; +http://yandex.com/bots)"
207.46.13.117 - - [11/Dec/2014:09:55:17 +0100] "GET /robots.txt HTTP/1.1" 404 1256 "-" "Mozilla/5.0 (compatible; bingbot/2.0; +http://www.bing.com/bingbot.htm)"
207.46.13.117 - - [11/Dec/2014:09:55:21 +0100] "GET /seiten/praxis.htm HTTP/1.1" 304 - "-" "Mozilla/5.0 (compatible; bingbot/2.0; +http://www.bing.com/bingbot.htm)"
207.46.13.117 - - [11/Dec/2014:10:02:42 +0100] "GET / HTTP/1.1" 200 2301 "-" "Mozilla/5.0 (compatible; bingbot/2.0; +http://www.bing.com/bingbot.htm)"
178.255.215.73 - - [11/Dec/2014:10:35:53 +0100] "GET /robots.txt HTTP/1.1" 404 1256 "-" "Mozilla/5.0 (compatible; Exabot/3.0; +http://www.exabot.com/go/robot)"
178.255.215.73 - - [11/Dec/2014:10:35:53 +0100] "GET /seiten/kontakt.htm HTTP/1.1" 304 - "-" "Mozilla/5.0 (compatible; Exabot/3.0; +http://www.exabot.com/go/robot)"
91.242.162.153 - - [11/Dec/2014:13:34:59 +0100] "GET /img/dialyse.jpg HTTP/1.1" 200 21241 "https://www.qwant.com/single?q=dialyse&source=images" "Qwantify/1.0"
197.0.42.79 - - [11/Dec/2014:14:12:55 +0100] "GET /img/dialyse.jpg HTTP/1.1" 200 21241 "https://www.google.com/" "Mozilla/5.0 (Windows NT 6.1) AppleWebKit/537.36 (KHTML, like Gecko) Chrome/39.0.2171.71 Safari/537.36"
54.174.252.153 - - [11/Dec/2014:14:29:40 +0100] "GET / HTTP/1.1" 200 2301 "-" "Mozilla/5.0 (compatible& Googlebot/2.1& +http://www.google.com/bot.html)"
85.25.202.18 - - [11/Dec/2014:19:16:01 +0100] "GET / HTTP/1.1" 200 2301 "http://www.sumaja.de/?such_wert=dialyse" "Mozilla/4.0 (compatible; MSIE 8.0; Windows NT 6.1; Trident/4.0; SLCC2; .NET CLR 2.0.50727; .NET CLR 3.5.30729; .NET CLR 3.0.30729; Media Center PC 6.0)"
197.205.110.44 - - [11/Dec/2014:19:53:17 +0100] "GET /img/dialyse.jpg HTTP/1.1" 200 21241 "http://search.tb.ask.com/search/AJimage.jhtml?searchfor=dialyse&p2=%5EAW7%5Exdm055%5ES10989%5Edz&n=780ce64d&ss=sub&st=tab&ptb=27B8ACC0-D40B-43A0-A7F7-E7E53E1FFE75&si=YO_SAF_INTL_ALG_35&tpr=sbt" "Mozilla/5.0 (Windows NT 6.1; rv:34.0) Gecko/20100101 Firefox/34.0"
157.55.39.244 - - [12/Dec/2014:02:15:36 +0100] "GET /seiten/impressum.htm HTTP/1.1" 304 - "-" "Mozilla/5.0 (compatible; bingbot/2.0; +http://www.bing.com/bingbot.htm)"
66.249.78.188 - - [12/Dec/2014:05:35:02 +0100] "GET /robots.txt HTTP/1.1" 404 1256 "-" "Mozilla/5.0 (compatible; Googlebot/2.1; +http://www.google.com/bot.html)"
66.249.78.195 - - [12/Dec/2014:05:35:03 +0100] "GET / HTTP/1.1" 200 2301 "-" "Mozilla/5.0 (iPhone; CPU iPhone OS 6_0 like Mac OS X) AppleWebKit/536.26 (KHTML, like Gecko) Version/6.0 Mobile/10A5376e Safari/8536.25 (compatible; Googlebot/2.1; +http://www.google.com/bot.html)"
66.249.78.181 - - [12/Dec/2014:05:41:03 +0100] "GET /seiten/start.htm HTTP/1.1" 200 4313 "-" "Mozilla/5.0 (iPhone; CPU iPhone OS 6_0 like Mac OS X) AppleWebKit/536.26 (KHTML, like Gecko) Version/6.0 Mobile/10A5376e Safari/8536.25 (compatible; Googlebot/2.1; +http://www.google.com/bot.html)"
66.249.78.188 - - [12/Dec/2014:05:41:03 +0100] "GET /css/style.css HTTP/1.1" 200 3212 "-" "Mozilla/5.0 (compatible; Googlebot/2.1; +http://www.google.com/bot.html)"
66.249.78.181 - - [12/Dec/2014:06:43:34 +0100] "GET /seiten/start.htm HTTP/1.1" 304 - "-" "Mozilla/5.0 (iPhone; CPU iPhone OS 6_0 like Mac OS X) AppleWebKit/536.26 (KHTML, like Gecko) Version/6.0 Mobile/10A5376e Safari/8536.25 (compatible; Googlebot/2.1; +http://www.google.com/bot.html)"
66.249.78.188 - - [12/Dec/2014:11:12:35 +0100] "GET /scripte/basics.js HTTP/1.1" 200 1078 "-" "Mozilla/5.0 (compatible; Googlebot/2.1; +http://www.google.com/bot.html)"
207.46.13.117 - - [12/Dec/2014:13:12:41 +0100] "GET /seiten/praxis.htm HTTP/1.1" 200 5018 "-" "Mozilla/5.0 (compatible; bingbot/2.0; +http://www.bing.com/bingbot.htm)"
87.139.44.105 - - [12/Dec/2014:15:26:28 +0100] "GET /seiten/dialyse.htm HTTP/1.1" 200 4906 "http://www.google.de/url?sa=t&rct=j&q=&esrc=s&source=web&cd=26&ved=0CEcQFjAFOBQ&url=http%3A%2F%2Fwww.dialyse-in-salzwedel.de%2Fseiten%2Fdialyse.htm&ei=2fmKVKXiAYHlOJSRgZgP&usg=AFQjCNH0EA0vsspxZpXOAlgcWPCoskb5pQ" "Mozilla/5.0 (Windows NT 6.3; Win64; x64; Trident/7.0; tb-gmx/2.5.1; rv:11.0) like Gecko"
87.139.44.105 - - [12/Dec/2014:15:26:28 +0100] "GET /scripte/basics.js HTTP/1.1" 200 1078 "http://www.dialyse-in-salzwedel.de/seiten/dialyse.htm" "Mozilla/5.0 (Windows NT 6.3; Win64; x64; Trident/7.0; tb-gmx/2.5.1; rv:11.0) like Gecko"
87.139.44.105 - - [12/Dec/2014:15:26:28 +0100] "GET /css/style.css HTTP/1.1" 200 3212 "http://www.dialyse-in-salzwedel.de/seiten/dialyse.htm" "Mozilla/5.0 (Windows NT 6.3; Win64; x64; Trident/7.0; tb-gmx/2.5.1; rv:11.0) like Gecko"
87.139.44.105 - - [12/Dec/2014:15:26:28 +0100] "GET /img/head.gif HTTP/1.1" 200 4213 "http://www.dialyse-in-salzwedel.de/seiten/dialyse.htm" "Mozilla/5.0 (Windows NT 6.3; Win64; x64; Trident/7.0; tb-gmx/2.5.1; rv:11.0) like Gecko"
87.139.44.105 - - [12/Dec/2014:15:26:28 +0100] "GET /img/men01.gif HTTP/1.1" 200 702 "http://www.dialyse-in-salzwedel.de/seiten/dialyse.htm" "Mozilla/5.0 (Windows NT 6.3; Win64; x64; Trident/7.0; tb-gmx/2.5.1; rv:11.0) like Gecko"
87.139.44.105 - - [12/Dec/2014:15:26:28 +0100] "GET /img/men03.gif HTTP/1.1" 200 999 "http://www.dialyse-in-salzwedel.de/seiten/dialyse.htm" "Mozilla/5.0 (Windows NT 6.3; Win64; x64; Trident/7.0; tb-gmx/2.5.1; rv:11.0) like Gecko"
87.139.44.105 - - [12/Dec/2014:15:26:28 +0100] "GET /img/men04.gif HTTP/1.1" 200 1234 "http://www.dialyse-in-salzwedel.de/seiten/dialyse.htm" "Mozilla/5.0 (Windows NT 6.3; Win64; x64; Trident/7.0; tb-gmx/2.5.1; rv:11.0) like Gecko"
87.139.44.105 - - [12/Dec/2014:15:26:28 +0100] "GET /img/meno03.gif HTTP/1.1" 200 931 "http://www.dialyse-in-salzwedel.de/seiten/dialyse.htm" "Mozilla/5.0 (Windows NT 6.3; Win64; x64; Trident/7.0; tb-gmx/2.5.1; rv:11.0) like Gecko"
87.139.44.105 - - [12/Dec/2014:15:26:28 +0100] "GET /img/men06.gif HTTP/1.1" 200 904 "http://www.dialyse-in-salzwedel.de/seiten/dialyse.htm" "Mozilla/5.0 (Windows NT 6.3; Win64; x64; Trident/7.0; tb-gmx/2.5.1; rv:11.0) like Gecko"
87.139.44.105 - - [12/Dec/2014:15:26:28 +0100] "GET /img/men07.gif HTTP/1.1" 200 893 "http://www.dialyse-in-salzwedel.de/seiten/dialyse.htm" "Mozilla/5.0 (Windows NT 6.3; Win64; x64; Trident/7.0; tb-gmx/2.5.1; rv:11.0) like Gecko"
87.139.44.105 - - [12/Dec/2014:15:26:28 +0100] "GET /img/men08.gif HTTP/1.1" 200 1069 "http://www.dialyse-in-salzwedel.de/seiten/dialyse.htm" "Mozilla/5.0 (Windows NT 6.3; Win64; x64; Trident/7.0; tb-gmx/2.5.1; rv:11.0) like Gecko"
87.139.44.105 - - [12/Dec/2014:15:26:28 +0100] "GET /img/men09.gif HTTP/1.1" 200 1200 "http://www.dialyse-in-salzwedel.de/seiten/dialyse.htm" "Mozilla/5.0 (Windows NT 6.3; Win64; x64; Trident/7.0; tb-gmx/2.5.1; rv:11.0) like Gecko"
87.139.44.105 - - [12/Dec/2014:15:26:28 +0100] "GET /img/men02.gif HTTP/1.1" 200 758 "http://www.dialyse-in-salzwedel.de/seiten/dialyse.htm" "Mozilla/5.0 (Windows NT 6.3; Win64; x64; Trident/7.0; tb-gmx/2.5.1; rv:11.0) like Gecko"
87.139.44.105 - - [12/Dec/2014:15:26:28 +0100] "GET /img/lay01.gif HTTP/1.1" 200 149 "http://www.dialyse-in-salzwedel.de/seiten/dialyse.htm" "Mozilla/5.0 (Windows NT 6.3; Win64; x64; Trident/7.0; tb-gmx/2.5.1; rv:11.0) like Gecko"
87.139.44.105 - - [12/Dec/2014:15:26:28 +0100] "GET /img/lay02.gif HTTP/1.1" 200 153 "http://www.dialyse-in-salzwedel.de/seiten/dialyse.htm" "Mozilla/5.0 (Windows NT 6.3; Win64; x64; Trident/7.0; tb-gmx/2.5.1; rv:11.0) like Gecko"
87.139.44.105 - - [12/Dec/2014:15:26:28 +0100] "GET /img/bg02.gif HTTP/1.1" 200 67 "http://www.dialyse-in-salzwedel.de/seiten/dialyse.htm" "Mozilla/5.0 (Windows NT 6.3; Win64; x64; Trident/7.0; tb-gmx/2.5.1; rv:11.0) like Gecko"
87.139.44.105 - - [12/Dec/2014:15:26:28 +0100] "GET /img/bg01.gif HTTP/1.1" 200 70 "http://www.dialyse-in-salzwedel.de/seiten/dialyse.htm" "Mozilla/5.0 (Windows NT 6.3; Win64; x64; Trident/7.0; tb-gmx/2.5.1; rv:11.0) like Gecko"
87.139.44.105 - - [12/Dec/2014:15:26:28 +0100] "GET /img/bg03.gif HTTP/1.1" 200 84 "http://www.dialyse-in-salzwedel.de/seiten/dialyse.htm" "Mozilla/5.0 (Windows NT 6.3; Win64; x64; Trident/7.0; tb-gmx/2.5.1; rv:11.0) like Gecko"
87.139.44.105 - - [12/Dec/2014:15:26:28 +0100] "GET /img/bg04.gif HTTP/1.1" 200 92 "http://www.dialyse-in-salzwedel.de/seiten/dialyse.htm" "Mozilla/5.0 (Windows NT 6.3; Win64; x64; Trident/7.0; tb-gmx/2.5.1; rv:11.0) like Gecko"
87.139.44.105 - - [12/Dec/2014:15:26:28 +0100] "GET /img/dialyse.jpg HTTP/1.1" 200 21241 "http://www.dialyse-in-salzwedel.de/seiten/dialyse.htm" "Mozilla/5.0 (Windows NT 6.3; Win64; x64; Trident/7.0; tb-gmx/2.5.1; rv:11.0) like Gecko"
87.139.44.105 - - [12/Dec/2014:15:26:28 +0100] "GET /img/lay03.gif HTTP/1.1" 200 253 "http://www.dialyse-in-salzwedel.de/seiten/dialyse.htm" "Mozilla/5.0 (Windows NT 6.3; Win64; x64; Trident/7.0; tb-gmx/2.5.1; rv:11.0) like Gecko"
87.139.44.105 - - [12/Dec/2014:15:26:28 +0100] "GET /img/1px.gif HTTP/1.1" 200 43 "http://www.dialyse-in-salzwedel.de/seiten/dialyse.htm" "Mozilla/5.0 (Windows NT 6.3; Win64; x64; Trident/7.0; tb-gmx/2.5.1; rv:11.0) like Gecko"
87.139.44.105 - - [12/Dec/2014:15:26:28 +0100] "GET /img/lay04.gif HTTP/1.1" 200 272 "http://www.dialyse-in-salzwedel.de/seiten/dialyse.htm" "Mozilla/5.0 (Windows NT 6.3; Win64; x64; Trident/7.0; tb-gmx/2.5.1; rv:11.0) like Gecko"
87.139.44.105 - - [12/Dec/2014:15:26:28 +0100] "GET /favicon.ico HTTP/1.1" 404 1256 "-" "Mozilla/5.0 (Windows NT 6.3; Win64; x64; Trident/7.0; tb-gmx/2.5.1; rv:11.0) like Gecko"
207.46.13.117 - - [12/Dec/2014:16:32:39 +0100] "GET /seiten/praxis.htm HTTP/1.1" 200 5018 "-" "Mozilla/5.0 (compatible; bingbot/2.0; +http://www.bing.com/bingbot.htm)"
58.20.54.248 - - [12/Dec/2014:16:36:53 +0100] "GET / HTTP/1.1" 200 2301 "-" "Mozilla/5.0 (Windows NT 6.1; WOW64; rv:31.0) Gecko/20100101 Firefox/31.0"
123.125.71.22 - - [12/Dec/2014:16:57:42 +0100] "GET / HTTP/1.1" 200 2301 "-" "Mozilla/5.0 (compatible; Baiduspider/2.0; +http://www.baidu.com/search/spider.html)"
220.181.108.113 - - [12/Dec/2014:16:58:52 +0100] "GET / HTTP/1.1" 200 2301 "-" "Mozilla/5.0 (compatible; Baiduspider/2.0; +http://www.baidu.com/search/spider.html)"
66.249.78.181 - - [12/Dec/2014:18:00:25 +0100] "GET /robots.txt HTTP/1.1" 404 1256 "-" "Mozilla/5.0 (compatible; Googlebot/2.1; +http://www.google.com/bot.html)"
66.249.78.195 - - [12/Dec/2014:18:00:25 +0100] "GET / HTTP/1.1" 200 2301 "-" "SAMSUNG-SGH-E250/1.0 Profile/MIDP-2.0 Configuration/CLDC-1.1 UP.Browser/6.2.3.3.c.1.101 (GUI) MMP/2.0 (compatible; Googlebot-Mobile/2.1; +http://www.google.com/bot.html)"
207.46.13.28 - - [13/Dec/2014:03:10:36 +0100] "GET /seiten/links.htm HTTP/1.1" 200 5092 "-" "Mozilla/5.0 (compatible; bingbot/2.0; +http://www.bing.com/bingbot.htm)"
66.249.78.181 - - [13/Dec/2014:03:36:20 +0100] "GET /robots.txt HTTP/1.1" 404 1256 "-" "Mozilla/5.0 (compatible; Googlebot/2.1; +http://www.google.com/bot.html)"
66.249.78.181 - - [13/Dec/2014:03:36:20 +0100] "GET /seiten/start.htm HTTP/1.1" 200 4313 "-" "Mozilla/5.0 (iPhone; CPU iPhone OS 6_0 like Mac OS X) AppleWebKit/536.26 (KHTML, like Gecko) Version/6.0 Mobile/10A5376e Safari/8536.25 (compatible; Googlebot/2.1; +http://www.google.com/bot.html)"
81.161.59.17 - - [13/Dec/2014:04:23:01 +0100] "GET / HTTP/1.1" 200 2301 "-" "Mozilla/5.0 (Windows NT 6.2) AppleWebKit/536.6 (KHTML, like Gecko) Chrome/20.0.1090.0 Safari/536.6"
66.249.78.188 - - [13/Dec/2014:05:43:10 +0100] "GET / HTTP/1.1" 200 2301 "-" "SAMSUNG-SGH-E250/1.0 Profile/MIDP-2.0 Configuration/CLDC-1.1 UP.Browser/6.2.3.3.c.1.101 (GUI) MMP/2.0 (compatible; Googlebot-Mobile/2.1; +http://www.google.com/bot.html)"
207.46.13.117 - - [13/Dec/2014:05:57:46 +0100] "GET /seiten/dialyse.htm HTTP/1.1" 200 4906 "-" "Mozilla/5.0 (compatible; bingbot/2.0; +http://www.bing.com/bingbot.htm)"
157.55.39.244 - - [13/Dec/2014:05:57:55 +0100] "GET /css/style.css HTTP/1.1" 200 3212 "-" "Mozilla/5.0 (compatible; bingbot/2.0; +http://www.bing.com/bingbot.htm)"
157.55.39.244 - - [13/Dec/2014:05:57:56 +0100] "GET /scripte/basics.js HTTP/1.1" 200 1078 "-" "Mozilla/5.0 (compatible; bingbot/2.0; +http://www.bing.com/bingbot.htm)"
123.125.71.38 - - [13/Dec/2014:06:00:31 +0100] "GET / HTTP/1.1" 200 2301 "-" "Mozilla/5.0 (compatible; Baiduspider/2.0; +http://www.baidu.com/search/spider.html)"
220.181.108.110 - - [13/Dec/2014:06:01:38 +0100] "GET / HTTP/1.1" 200 2301 "-" "Mozilla/5.0 (compatible; Baiduspider/2.0; +http://www.baidu.com/search/spider.html)"
148.251.75.46 - - [13/Dec/2014:06:25:05 +0100] "GET / HTTP/1.1" 200 2301 "-" "Mozilla/5.0 (Macintosh; Intel Mac OS X 10_6_8) AppleWebKit/535.19 (KHTML, like Gecko) Chrome/18.0.1025.166 Safari/535.19"
148.251.75.46 - - [13/Dec/2014:06:25:05 +0100] "GET /seiten/start.htm HTTP/1.1" 200 4313 "-" "Mozilla/5.0 (Macintosh; Intel Mac OS X 107) AppleWebKit/534.48.3 (KHTML like Gecko) Version/5.1 Safari/534.48.3"
148.251.75.46 - - [13/Dec/2014:06:25:05 +0100] "GET /seiten/leistungen.htm HTTP/1.1" 200 5060 "-" "Mozilla/5.0 (Macintosh; Intel Mac OS X 1084) AppleWebKit/536.28.10 (KHTML like Gecko) Version/6.0.3 Safari/536.28.10"
148.251.75.46 - - [13/Dec/2014:06:25:05 +0100] "GET /seiten/impressum.htm HTTP/1.1" 200 6907 "-" "Mozilla/5.0 (Windows NT 5.1; rv:12.0) Gecko/20120403211507 Firefox/12.0"
148.251.75.46 - - [13/Dec/2014:06:25:05 +0100] "GET /seiten/kontakt.htm HTTP/1.1" 200 5472 "-" "Mozilla/5.0 (Windows NT 6.2; rv:21.0) Gecko/20130326 Firefox/21.0"
207.46.13.117 - - [13/Dec/2014:07:54:55 +0100] "GET /seiten/leistungen.htm HTTP/1.1" 304 - "-" "Mozilla/5.0 (compatible; bingbot/2.0; +http://www.bing.com/bingbot.htm)"
157.55.39.248 - - [13/Dec/2014:08:48:06 +0100] "GET /seiten/start.htm HTTP/1.1" 200 4313 "-" "Mozilla/5.0 (compatible; bingbot/2.0; +http://www.bing.com/bingbot.htm)"
41.138.68.151 - - [13/Dec/2014:08:50:48 +0100] "GET /img/dialyse.jpg HTTP/1.1" 200 21241 "-" "Mozilla/5.0 (Windows NT 6.1; rv:34.0) Gecko/20100101 Firefox/34.0"
157.55.39.248 - - [13/Dec/2014:09:48:49 +0100] "GET /seiten/kontakt.htm HTTP/1.1" 200 5472 "-" "Mozilla/5.0 (compatible; bingbot/2.0; +http://www.bing.com/bingbot.htm)"
157.55.39.69 - - [13/Dec/2014:09:49:03 +0100] "GET /img/bg01.gif HTTP/1.1" 200 70 "-" "Mozilla/5.0 (compatible; bingbot/2.0; +http://www.bing.com/bingbot.htm)"
157.55.39.69 - - [13/Dec/2014:09:49:03 +0100] "GET /img/lay01.gif HTTP/1.1" 200 149 "-" "Mozilla/5.0 (compatible; bingbot/2.0; +http://www.bing.com/bingbot.htm)"
157.55.39.69 - - [13/Dec/2014:09:49:03 +0100] "GET /img/men02.gif HTTP/1.1" 200 758 "-" "Mozilla/5.0 (compatible; bingbot/2.0; +http://www.bing.com/bingbot.htm)"
157.55.39.69 - - [13/Dec/2014:09:49:03 +0100] "GET /img/men04.gif HTTP/1.1" 200 1234 "-" "Mozilla/5.0 (compatible; bingbot/2.0; +http://www.bing.com/bingbot.htm)"
157.55.39.248 - - [13/Dec/2014:09:49:07 +0100] "GET /img/bg03.gif HTTP/1.1" 200 84 "-" "Mozilla/5.0 (compatible; bingbot/2.0; +http://www.bing.com/bingbot.htm)"
157.55.39.248 - - [13/Dec/2014:09:49:07 +0100] "GET /img/lay03.gif HTTP/1.1" 200 253 "-" "Mozilla/5.0 (compatible; bingbot/2.0; +http://www.bing.com/bingbot.htm)"
157.55.39.248 - - [13/Dec/2014:09:49:07 +0100] "GET /img/men06.gif HTTP/1.1" 200 904 "-" "Mozilla/5.0 (compatible; bingbot/2.0; +http://www.bing.com/bingbot.htm)"
207.46.13.117 - - [13/Dec/2014:09:49:12 +0100] "GET /img/head.gif HTTP/1.1" 200 4213 "-" "Mozilla/5.0 (compatible; bingbot/2.0; +http://www.bing.com/bingbot.htm)"
207.46.13.117 - - [13/Dec/2014:09:49:12 +0100] "GET /img/men03.gif HTTP/1.1" 200 999 "-" "Mozilla/5.0 (compatible; bingbot/2.0; +http://www.bing.com/bingbot.htm)"
207.46.13.117 - - [13/Dec/2014:09:49:13 +0100] "GET /img/men05.gif HTTP/1.1" 200 1042 "-" "Mozilla/5.0 (compatible; bingbot/2.0; +http://www.bing.com/bingbot.htm)"
207.46.13.117 - - [13/Dec/2014:09:49:13 +0100] "GET /img/men09.gif HTTP/1.1" 200 1200 "-" "Mozilla/5.0 (compatible; bingbot/2.0; +http://www.bing.com/bingbot.htm)"
207.46.13.117 - - [13/Dec/2014:09:49:13 +0100] "GET /img/meno06.gif HTTP/1.1" 200 1054 "-" "Mozilla/5.0 (compatible; bingbot/2.0; +http://www.bing.com/bingbot.htm)"
157.55.39.243 - - [13/Dec/2014:09:49:17 +0100] "GET /img/bg02.gif HTTP/1.1" 200 67 "-" "Mozilla/5.0 (compatible; bingbot/2.0; +http://www.bing.com/bingbot.htm)"
157.55.39.243 - - [13/Dec/2014:09:49:17 +0100] "GET /img/bg04.gif HTTP/1.1" 200 92 "-" "Mozilla/5.0 (compatible; bingbot/2.0; +http://www.bing.com/bingbot.htm)"
157.55.39.243 - - [13/Dec/2014:09:49:17 +0100] "GET /img/lay02.gif HTTP/1.1" 200 153 "-" "Mozilla/5.0 (compatible; bingbot/2.0; +http://www.bing.com/bingbot.htm)"
157.55.39.243 - - [13/Dec/2014:09:49:17 +0100] "GET /img/lay04.gif HTTP/1.1" 200 272 "-" "Mozilla/5.0 (compatible; bingbot/2.0; +http://www.bing.com/bingbot.htm)"
157.55.39.243 - - [13/Dec/2014:09:49:18 +0100] "GET /img/men01.gif HTTP/1.1" 200 702 "-" "Mozilla/5.0 (compatible; bingbot/2.0; +http://www.bing.com/bingbot.htm)"
157.55.39.243 - - [13/Dec/2014:09:49:18 +0100] "GET /img/men07.gif HTTP/1.1" 200 893 "-" "Mozilla/5.0 (compatible; bingbot/2.0; +http://www.bing.com/bingbot.htm)"
199.30.25.182 - - [13/Dec/2014:10:50:10 +0100] "GET /scripte/basics.js HTTP/1.1" 200 1078 "http://www.dialyse-in-salzwedel.de/seiten/kontakt.htm" "Mozilla/5.0 (Windows NT 6.1; WOW64) AppleWebKit/534+ (KHTML, like Gecko) BingPreview/1.0b"
207.46.13.117 - - [13/Dec/2014:14:56:11 +0100] "GET /seiten/praxis.htm HTTP/1.1" 304 - "-" "Mozilla/5.0 (compatible; bingbot/2.0; +http://www.bing.com/bingbot.htm)"
207.46.13.117 - - [13/Dec/2014:15:39:24 +0100] "GET / HTTP/1.1" 200 2301 "-" "Mozilla/5.0 (compatible; bingbot/2.0; +http://www.bing.com/bingbot.htm)"
141.8.147.12 - - [13/Dec/2014:16:01:10 +0100] "GET /robots.txt HTTP/1.1" 404 1256 "-" "Mozilla/5.0 (compatible; YandexBot/3.0; +http://yandex.com/bots)"
141.8.147.12 - - [13/Dec/2014:22:16:41 +0100] "GET / HTTP/1.1" 200 2301 "-" "Mozilla/5.0 (compatible; YandexBot/3.0; +http://yandex.com/bots)"
37.115.159.52 - - [14/Dec/2014:03:47:45 +0100] "GET /seiten/links.htm HTTP/1.0" 200 5092 "http://www.dialyse-in-salzwedel.de/seiten/links.htm" "Mozilla/5.0 (Windows NT 6.0) AppleWebKit/537.36 (KHTML, like Gecko) Chrome/36.0.1985.143 Safari/537.36"
66.249.78.188 - - [14/Dec/2014:04:38:50 +0100] "GET /robots.txt HTTP/1.1" 404 1256 "-" "Mozilla/5.0 (compatible; Googlebot/2.1; +http://www.google.com/bot.html)"
66.249.78.181 - - [14/Dec/2014:04:38:50 +0100] "GET /seiten/start.htm HTTP/1.1" 304 - "-" "Mozilla/5.0 (compatible; Googlebot/2.1; +http://www.google.com/bot.html)"
66.249.78.181 - - [14/Dec/2014:05:59:16 +0100] "GET / HTTP/1.1" 200 2301 "-" "Mozilla/5.0 (compatible; Googlebot/2.1; +http://www.google.com/bot.html)"
66.249.78.181 - - [14/Dec/2014:06:48:16 +0100] "GET /seiten/start.htm HTTP/1.1" 304 - "-" "SAMSUNG-SGH-E250/1.0 Profile/MIDP-2.0 Configuration/CLDC-1.1 UP.Browser/6.2.3.3.c.1.101 (GUI) MMP/2.0 (compatible; Googlebot-Mobile/2.1; +http://www.google.com/bot.html)"
66.249.78.188 - - [14/Dec/2014:08:05:17 +0100] "GET / HTTP/1.1" 200 2301 "-" "Mozilla/5.0 (compatible; Googlebot/2.1; +http://www.google.com/bot.html)"
66.249.78.188 - - [14/Dec/2014:10:22:27 +0100] "GET /seiten/start.htm HTTP/1.1" 304 - "-" "Mozilla/5.0 (compatible; Googlebot/2.1; +http://www.google.com/bot.html)"
88.198.114.16 - - [14/Dec/2014:13:40:54 +0100] "GET /robots.txt HTTP/1.1" 404 1256 "-" "Seobility (SEO-Check; http://bit.ly/1dJuuzs)"
88.198.114.16 - - [14/Dec/2014:13:40:54 +0100] "GET / HTTP/1.1" 200 2301 "-" "Seobility (SEO-Check; http://bit.ly/1dJuuzs)"
66.249.78.181 - - [14/Dec/2014:15:23:15 +0100] "GET / HTTP/1.1" 200 2301 "-" "Mozilla/5.0 (compatible; Googlebot/2.1; +http://www.google.com/bot.html)"
197.15.202.24 - - [14/Dec/2014:18:02:45 +0100] "GET /img/dialyse.jpg HTTP/1.1" 200 21241 "http://www.search.ask.com/search?&apn_dtid=%5EBND533+%5EYY%5ETN&d=533-108&shad=s_0048%2Cs_0018&atb=sysid%3D533%3Aappid%3D108%3Auid%3D0881e0d37451b29e%3Auc2%3D560%3Atypekbn%3D1.1%3Asrc%3Dhmp%3Ao%3DAPN10644A&p2=%5EAG5%5EBND533+%5EYY%5ETN&apn_ptnrs=%5EAG5&o=APN10644A&lang=fr&gct=hp&q=dialyse&tpr=10&ctype=pictures&imgsize=all&safeSearch=on&imgDetail=true" "Mozilla/5.0 (Windows NT 6.1) AppleWebKit/537.36 (KHTML, like Gecko) Chrome/39.0.2171.95 Safari/537.36"
62.212.73.211 - - [14/Dec/2014:18:43:14 +0100] "GET /robots.txt HTTP/1.0" 404 1256 "-" "Mozilla/5.0 (compatible; MJ12bot/v1.4.5; http://www.majestic12.co.uk/bot.php?+)"
62.212.73.211 - - [14/Dec/2014:18:43:15 +0100] "GET / HTTP/1.0" 200 2301 "-" "Mozilla/5.0 (compatible; MJ12bot/v1.4.5; http://www.majestic12.co.uk/bot.php?+)"
178.255.215.73 - - [14/Dec/2014:19:36:40 +0100] "GET /robots.txt HTTP/1.1" 404 1256 "-" "Mozilla/5.0 (compatible; Exabot/3.0; +http://www.exabot.com/go/robot)"
178.255.215.73 - - [14/Dec/2014:19:36:40 +0100] "GET /img/FL_check.swf HTTP/1.1" 304 - "-" "Mozilla/5.0 (compatible; Exabot/3.0; +http://www.exabot.com/go/robot)"
220.181.108.105 - - [14/Dec/2014:20:09:16 +0100] "GET / HTTP/1.1" 200 2301 "-" "Mozilla/5.0 (compatible; Baiduspider/2.0; +http://www.baidu.com/search/spider.html)"
123.125.71.51 - - [14/Dec/2014:20:10:01 +0100] "GET / HTTP/1.1" 200 2301 "-" "Mozilla/5.0 (compatible; Baiduspider/2.0; +http://www.baidu.com/search/spider.html)"
66.249.78.195 - - [14/Dec/2014:20:31:40 +0100] "GET /robots.txt HTTP/1.1" 404 1256 "-" "Mozilla/5.0 (compatible; Googlebot/2.1; +http://www.google.com/bot.html)"
66.249.78.188 - - [14/Dec/2014:20:31:40 +0100] "GET /seiten/start.htm HTTP/1.1" 304 - "-" "Mozilla/5.0 (compatible; Googlebot/2.1; +http://www.google.com/bot.html)"
66.249.78.195 - - [14/Dec/2014:20:32:14 +0100] "GET / HTTP/1.1" 200 2301 "-" "Mozilla/5.0 (compatible; Googlebot/2.1; +http://www.google.com/bot.html)"
66.249.78.188 - - [15/Dec/2014:02:21:07 +0100] "GET /seiten/start.htm HTTP/1.1" 304 - "-" "Mozilla/5.0 (compatible; Googlebot/2.1; +http://www.google.com/bot.html)"
66.249.78.181 - - [15/Dec/2014:02:21:26 +0100] "GET / HTTP/1.1" 200 2301 "-" "Mozilla/5.0 (compatible; Googlebot/2.1; +http://www.google.com/bot.html)"
66.249.78.188 - - [15/Dec/2014:02:24:53 +0100] "GET /seiten/start.htm HTTP/1.1" 200 4313 "-" "Mozilla/5.0 (compatible; Googlebot/2.1; +http://www.google.com/bot.html)"
207.46.13.117 - - [15/Dec/2014:03:21:54 +0100] "GET /robots.txt HTTP/1.1" 404 1256 "-" "Mozilla/5.0 (compatible; bingbot/2.0; +http://www.bing.com/bingbot.htm)"
207.46.13.117 - - [15/Dec/2014:03:22:00 +0100] "GET /seiten/dialyse.htm HTTP/1.1" 200 4906 "-" "Mozilla/5.0 (compatible; bingbot/2.0; +http://www.bing.com/bingbot.htm)"
157.55.39.248 - - [15/Dec/2014:03:22:07 +0100] "GET /robots.txt HTTP/1.1" 404 1256 "-" "Mozilla/5.0 (compatible; bingbot/2.0; +http://www.bing.com/bingbot.htm)"
66.249.64.11 - - [15/Dec/2014:04:10:55 +0100] "GET /seiten/start.htm HTTP/1.1" 304 - "-" "Mozilla/5.0 (compatible; Googlebot/2.1; +http://www.google.com/bot.html)"
66.249.78.181 - - [15/Dec/2014:06:25:36 +0100] "GET /seiten/start.htm HTTP/1.1" 304 - "-" "Mozilla/5.0 (compatible; Googlebot/2.1; +http://www.google.com/bot.html)"
66.249.78.195 - - [15/Dec/2014:06:25:48 +0100] "GET / HTTP/1.1" 200 2301 "-" "Mozilla/5.0 (compatible; Googlebot/2.1; +http://www.google.com/bot.html)"
157.55.39.248 - - [15/Dec/2014:06:59:48 +0100] "GET /seiten/start.htm HTTP/1.1" 200 4313 "-" "Mozilla/5.0 (compatible; bingbot/2.0; +http://www.bing.com/bingbot.htm)"
157.55.39.244 - - [15/Dec/2014:07:00:01 +0100] "GET /css/style.css HTTP/1.1" 200 3212 "-" "Mozilla/5.0 (compatible; bingbot/2.0; +http://www.bing.com/bingbot.htm)"
157.55.39.244 - - [15/Dec/2014:07:00:01 +0100] "GET /scripte/basics.js HTTP/1.1" 200 1078 "-" "Mozilla/5.0 (compatible; bingbot/2.0; +http://www.bing.com/bingbot.htm)"
93.186.202.241 - - [15/Dec/2014:10:58:25 +0100] "GET /seiten/praxis.htm HTTP/1.1" 200 5018 "-" "Mozilla/5.0 (Macintosh; Intel Mac OS X 10_8_2) AppleWebKit/536.26.17 (KHTML, like Gecko) Version/6.0.2 Safari/536.26.17"
148.251.69.136 - - [15/Dec/2014:10:58:25 +0100] "GET /seiten/kontakt.htm HTTP/1.1" 200 5472 "-" "Mozilla/5.0 (Windows NT 5.1; rv:21.0) Gecko/20130331 Firefox/21.0"
213.252.185.31 - - [15/Dec/2014:13:58:29 +0100] "GET /seiten/start.htm HTTP/1.1" 200 4313 "http://www.bing.com/search?q=dialyse+salzwedel&form=PRDEDE&refig=77b6229756aa4597b5fb3d2d61f9a659&pq=dialyse+salz&sc=4-12&sp=2&qs=AS&sk=AS1" "Mozilla/5.0 (compatible; MSIE 10.0; Windows NT 6.1; WOW64; Trident/6.0)"
213.252.185.31 - - [15/Dec/2014:13:58:29 +0100] "GET /css/style.css HTTP/1.1" 200 3212 "http://www.dialyse-in-salzwedel.de/seiten/start.htm" "Mozilla/5.0 (compatible; MSIE 10.0; Windows NT 6.1; WOW64; Trident/6.0)"
213.252.185.31 - - [15/Dec/2014:13:58:29 +0100] "GET /img/men05.gif HTTP/1.1" 200 1042 "http://www.dialyse-in-salzwedel.de/seiten/start.htm" "Mozilla/5.0 (compatible; MSIE 10.0; Windows NT 6.1; WOW64; Trident/6.0)"
213.252.185.31 - - [15/Dec/2014:13:58:29 +0100] "GET /img/head.gif HTTP/1.1" 200 4213 "http://www.dialyse-in-salzwedel.de/seiten/start.htm" "Mozilla/5.0 (compatible; MSIE 10.0; Windows NT 6.1; WOW64; Trident/6.0)"
213.252.185.31 - - [15/Dec/2014:13:58:29 +0100] "GET /img/men03.gif HTTP/1.1" 200 999 "http://www.dialyse-in-salzwedel.de/seiten/start.htm" "Mozilla/5.0 (compatible; MSIE 10.0; Windows NT 6.1; WOW64; Trident/6.0)"
213.252.185.31 - - [15/Dec/2014:13:58:29 +0100] "GET /img/men01.gif HTTP/1.1" 200 702 "http://www.dialyse-in-salzwedel.de/seiten/start.htm" "Mozilla/5.0 (compatible; MSIE 10.0; Windows NT 6.1; WOW64; Trident/6.0)"
213.252.185.31 - - [15/Dec/2014:13:58:29 +0100] "GET /img/men09.gif HTTP/1.1" 200 1200 "http://www.dialyse-in-salzwedel.de/seiten/start.htm" "Mozilla/5.0 (compatible; MSIE 10.0; Windows NT 6.1; WOW64; Trident/6.0)"
213.252.185.31 - - [15/Dec/2014:13:58:29 +0100] "GET /img/lay01.gif HTTP/1.1" 200 149 "http://www.dialyse-in-salzwedel.de/seiten/start.htm" "Mozilla/5.0 (compatible; MSIE 10.0; Windows NT 6.1; WOW64; Trident/6.0)"
213.252.185.31 - - [15/Dec/2014:13:58:29 +0100] "GET /img/men02.gif HTTP/1.1" 200 758 "http://www.dialyse-in-salzwedel.de/seiten/start.htm" "Mozilla/5.0 (compatible; MSIE 10.0; Windows NT 6.1; WOW64; Trident/6.0)"
213.252.185.31 - - [15/Dec/2014:13:58:29 +0100] "GET /img/lay02.gif HTTP/1.1" 200 153 "http://www.dialyse-in-salzwedel.de/seiten/start.htm" "Mozilla/5.0 (compatible; MSIE 10.0; Windows NT 6.1; WOW64; Trident/6.0)"
213.252.185.31 - - [15/Dec/2014:13:58:29 +0100] "GET /img/lay03.gif HTTP/1.1" 200 253 "http://www.dialyse-in-salzwedel.de/seiten/start.htm" "Mozilla/5.0 (compatible; MSIE 10.0; Windows NT 6.1; WOW64; Trident/6.0)"
213.252.185.31 - - [15/Dec/2014:13:58:29 +0100] "GET /img/start.jpg HTTP/1.1" 200 18933 "http://www.dialyse-in-salzwedel.de/seiten/start.htm" "Mozilla/5.0 (compatible; MSIE 10.0; Windows NT 6.1; WOW64; Trident/6.0)"
213.252.185.31 - - [15/Dec/2014:13:58:29 +0100] "GET /img/1px.gif HTTP/1.1" 200 43 "http://www.dialyse-in-salzwedel.de/seiten/start.htm" "Mozilla/5.0 (compatible; MSIE 10.0; Windows NT 6.1; WOW64; Trident/6.0)"
213.252.185.31 - - [15/Dec/2014:13:58:29 +0100] "GET /img/lay04.gif HTTP/1.1" 200 272 "http://www.dialyse-in-salzwedel.de/seiten/start.htm" "Mozilla/5.0 (compatible; MSIE 10.0; Windows NT 6.1; WOW64; Trident/6.0)"
213.252.185.31 - - [15/Dec/2014:13:58:29 +0100] "GET /img/men08.gif HTTP/1.1" 200 1069 "http://www.dialyse-in-salzwedel.de/seiten/start.htm" "Mozilla/5.0 (compatible; MSIE 10.0; Windows NT 6.1; WOW64; Trident/6.0)"
213.252.185.31 - - [15/Dec/2014:13:58:30 +0100] "GET /img/men06.gif HTTP/1.1" 200 904 "http://www.dialyse-in-salzwedel.de/seiten/start.htm" "Mozilla/5.0 (compatible; MSIE 10.0; Windows NT 6.1; WOW64; Trident/6.0)"
213.252.185.31 - - [15/Dec/2014:13:58:30 +0100] "GET /img/men07.gif HTTP/1.1" 200 893 "http://www.dialyse-in-salzwedel.de/seiten/start.htm" "Mozilla/5.0 (compatible; MSIE 10.0; Windows NT 6.1; WOW64; Trident/6.0)"
213.252.185.31 - - [15/Dec/2014:13:58:31 +0100] "GET /img/men04.gif HTTP/1.1" 200 1234 "http://www.dialyse-in-salzwedel.de/seiten/start.htm" "Mozilla/5.0 (compatible; MSIE 10.0; Windows NT 6.1; WOW64; Trident/6.0)"
213.252.185.31 - - [15/Dec/2014:13:58:31 +0100] "GET /scripte/basics.js HTTP/1.1" 200 1078 "http://www.dialyse-in-salzwedel.de/seiten/start.htm" "Mozilla/5.0 (compatible; MSIE 10.0; Windows NT 6.1; WOW64; Trident/6.0)"
213.252.185.31 - - [15/Dec/2014:13:58:31 +0100] "GET /img/bg01.gif HTTP/1.1" 200 70 "http://www.dialyse-in-salzwedel.de/seiten/start.htm" "Mozilla/5.0 (compatible; MSIE 10.0; Windows NT 6.1; WOW64; Trident/6.0)"
213.252.185.31 - - [15/Dec/2014:13:58:31 +0100] "GET /img/bg04.gif HTTP/1.1" 200 92 "http://www.dialyse-in-salzwedel.de/seiten/start.htm" "Mozilla/5.0 (compatible; MSIE 10.0; Windows NT 6.1; WOW64; Trident/6.0)"
213.252.185.31 - - [15/Dec/2014:13:58:31 +0100] "GET /img/bg02.gif HTTP/1.1" 200 67 "http://www.dialyse-in-salzwedel.de/seiten/start.htm" "Mozilla/5.0 (compatible; MSIE 10.0; Windows NT 6.1; WOW64; Trident/6.0)"
213.252.185.31 - - [15/Dec/2014:13:58:31 +0100] "GET /img/bg03.gif HTTP/1.1" 200 84 "http://www.dialyse-in-salzwedel.de/seiten/start.htm" "Mozilla/5.0 (compatible; MSIE 10.0; Windows NT 6.1; WOW64; Trident/6.0)"
213.252.185.31 - - [15/Dec/2014:13:58:31 +0100] "GET /favicon.ico HTTP/1.1" 404 1256 "-" "Mozilla/5.0 (compatible; MSIE 10.0; Windows NT 6.1; Win64; x64; Trident/6.0)"
213.252.185.31 - - [15/Dec/2014:13:58:34 +0100] "GET /img/meno06.gif HTTP/1.1" 200 1054 "http://www.dialyse-in-salzwedel.de/seiten/start.htm" "Mozilla/5.0 (compatible; MSIE 10.0; Windows NT 6.1; WOW64; Trident/6.0)"
213.252.185.31 - - [15/Dec/2014:13:58:34 +0100] "GET /img/meno07.gif HTTP/1.1" 200 1052 "http://www.dialyse-in-salzwedel.de/seiten/start.htm" "Mozilla/5.0 (compatible; MSIE 10.0; Windows NT 6.1; WOW64; Trident/6.0)"
213.252.185.31 - - [15/Dec/2014:13:58:34 +0100] "GET /img/meno06.gif HTTP/1.1" 200 1054 "http://www.dialyse-in-salzwedel.de/seiten/start.htm" "Mozilla/5.0 (compatible; MSIE 10.0; Windows NT 6.1; WOW64; Trident/6.0)"
213.252.185.31 - - [15/Dec/2014:13:58:35 +0100] "GET /seiten/kontakt.htm HTTP/1.1" 200 5472 "http://www.dialyse-in-salzwedel.de/seiten/start.htm" "Mozilla/5.0 (compatible; MSIE 10.0; Windows NT 6.1; WOW64; Trident/6.0)"
213.252.185.31 - - [15/Dec/2014:13:58:35 +0100] "GET /favicon.ico HTTP/1.1" 404 1256 "-" "Mozilla/5.0 (compatible; MSIE 10.0; Windows NT 6.1; Win64; x64; Trident/6.0)"
123.125.71.45 - - [15/Dec/2014:15:16:02 +0100] "GET / HTTP/1.1" 200 2301 "-" "Mozilla/5.0 (compatible; Baiduspider/2.0; +http://www.baidu.com/search/spider.html)"
220.181.108.105 - - [15/Dec/2014:15:16:11 +0100] "GET / HTTP/1.1" 200 2301 "-" "Mozilla/5.0 (compatible; Baiduspider/2.0; +http://www.baidu.com/search/spider.html)"
207.46.13.117 - - [15/Dec/2014:15:26:54 +0100] "GET /seiten/praxis.htm HTTP/1.1" 200 5018 "-" "Mozilla/5.0 (compatible; bingbot/2.0; +http://www.bing.com/bingbot.htm)"
141.8.147.12 - - [15/Dec/2014:16:08:38 +0100] "GET /robots.txt HTTP/1.1" 404 1256 "-" "Mozilla/5.0 (compatible; YandexBot/3.0; +http://yandex.com/bots)"
141.8.147.12 - - [15/Dec/2014:22:23:40 +0100] "GET / HTTP/1.1" 200 2301 "-" "Mozilla/5.0 (compatible; YandexBot/3.0; +http://yandex.com/bots)"
207.46.13.117 - - [16/Dec/2014:01:58:33 +0100] "GET /img/leist.jpg HTTP/1.1" 200 18843 "-" "Mozilla/5.0 (compatible; bingbot/2.0; +http://www.bing.com/bingbot.htm)"
217.16.162.131 - - [16/Dec/2014:08:03:28 +0100] "GET /seiten/praxis.htm HTTP/1.1" 200 5018 "http://www.google.de/url?sa=t&rct=j&q=&esrc=s&source=web&cd=1&ved=0CDQQFjAA&url=http%3A%2F%2Fwww.dialyse-in-salzwedel.de%2Fseiten%2Fpraxis.htm&ei=OdmPVLnyIMj5UOj8gpAK&usg=AFQjCNFqeSWEy_XnvhEqPi-eg1VDqcpcVg&bvm=bv.82001339,d.d24" "Mozilla/5.0 (Windows NT 6.1; WOW64; Trident/7.0; rv:11.0) like Gecko"
217.16.162.131 - - [16/Dec/2014:08:03:29 +0100] "GET /scripte/basics.js HTTP/1.1" 200 1078 "http://www.dialyse-in-salzwedel.de/seiten/praxis.htm" "Mozilla/5.0 (Windows NT 6.1; WOW64; Trident/7.0; rv:11.0) like Gecko"
217.16.162.131 - - [16/Dec/2014:08:03:29 +0100] "GET /css/style.css HTTP/1.1" 200 3212 "http://www.dialyse-in-salzwedel.de/seiten/praxis.htm" "Mozilla/5.0 (Windows NT 6.1; WOW64; Trident/7.0; rv:11.0) like Gecko"
217.16.162.131 - - [16/Dec/2014:08:03:29 +0100] "GET /img/lay02.gif HTTP/1.1" 200 153 "http://www.dialyse-in-salzwedel.de/seiten/praxis.htm" "Mozilla/5.0 (Windows NT 6.1; WOW64; Trident/7.0; rv:11.0) like Gecko"
217.16.162.131 - - [16/Dec/2014:08:03:29 +0100] "GET /img/lay01.gif HTTP/1.1" 200 149 "http://www.dialyse-in-salzwedel.de/seiten/praxis.htm" "Mozilla/5.0 (Windows NT 6.1; WOW64; Trident/7.0; rv:11.0) like Gecko"
217.16.162.131 - - [16/Dec/2014:08:03:29 +0100] "GET /img/men09.gif HTTP/1.1" 200 1200 "http://www.dialyse-in-salzwedel.de/seiten/praxis.htm" "Mozilla/5.0 (Windows NT 6.1; WOW64; Trident/7.0; rv:11.0) like Gecko"
217.16.162.131 - - [16/Dec/2014:08:03:29 +0100] "GET /img/lay03.gif HTTP/1.1" 200 253 "http://www.dialyse-in-salzwedel.de/seiten/praxis.htm" "Mozilla/5.0 (Windows NT 6.1; WOW64; Trident/7.0; rv:11.0) like Gecko"
217.16.162.131 - - [16/Dec/2014:08:03:29 +0100] "GET /img/men08.gif HTTP/1.1" 200 1069 "http://www.dialyse-in-salzwedel.de/seiten/praxis.htm" "Mozilla/5.0 (Windows NT 6.1; WOW64; Trident/7.0; rv:11.0) like Gecko"
217.16.162.131 - - [16/Dec/2014:08:03:29 +0100] "GET /img/men02.gif HTTP/1.1" 200 758 "http://www.dialyse-in-salzwedel.de/seiten/praxis.htm" "Mozilla/5.0 (Windows NT 6.1; WOW64; Trident/7.0; rv:11.0) like Gecko"
217.16.162.131 - - [16/Dec/2014:08:03:29 +0100] "GET /img/men04.gif HTTP/1.1" 200 1234 "http://www.dialyse-in-salzwedel.de/seiten/praxis.htm" "Mozilla/5.0 (Windows NT 6.1; WOW64; Trident/7.0; rv:11.0) like Gecko"
217.16.162.131 - - [16/Dec/2014:08:03:29 +0100] "GET /img/head.gif HTTP/1.1" 200 4213 "http://www.dialyse-in-salzwedel.de/seiten/praxis.htm" "Mozilla/5.0 (Windows NT 6.1; WOW64; Trident/7.0; rv:11.0) like Gecko"
217.16.162.131 - - [16/Dec/2014:08:03:29 +0100] "GET /img/men06.gif HTTP/1.1" 200 904 "http://www.dialyse-in-salzwedel.de/seiten/praxis.htm" "Mozilla/5.0 (Windows NT 6.1; WOW64; Trident/7.0; rv:11.0) like Gecko"
217.16.162.131 - - [16/Dec/2014:08:03:29 +0100] "GET /img/men01.gif HTTP/1.1" 200 702 "http://www.dialyse-in-salzwedel.de/seiten/praxis.htm" "Mozilla/5.0 (Windows NT 6.1; WOW64; Trident/7.0; rv:11.0) like Gecko"
217.16.162.131 - - [16/Dec/2014:08:03:29 +0100] "GET /img/men05.gif HTTP/1.1" 200 1042 "http://www.dialyse-in-salzwedel.de/seiten/praxis.htm" "Mozilla/5.0 (Windows NT 6.1; WOW64; Trident/7.0; rv:11.0) like Gecko"
217.16.162.131 - - [16/Dec/2014:08:03:29 +0100] "GET /img/meno01.gif HTTP/1.1" 200 938 "http://www.dialyse-in-salzwedel.de/seiten/praxis.htm" "Mozilla/5.0 (Windows NT 6.1; WOW64; Trident/7.0; rv:11.0) like Gecko"
217.16.162.131 - - [16/Dec/2014:08:03:29 +0100] "GET /img/men07.gif HTTP/1.1" 200 893 "http://www.dialyse-in-salzwedel.de/seiten/praxis.htm" "Mozilla/5.0 (Windows NT 6.1; WOW64; Trident/7.0; rv:11.0) like Gecko"
217.16.162.131 - - [16/Dec/2014:08:03:29 +0100] "GET /img/bg02.gif HTTP/1.1" 200 67 "http://www.dialyse-in-salzwedel.de/seiten/praxis.htm" "Mozilla/5.0 (Windows NT 6.1; WOW64; Trident/7.0; rv:11.0) like Gecko"
217.16.162.131 - - [16/Dec/2014:08:03:29 +0100] "GET /img/bg01.gif HTTP/1.1" 200 70 "http://www.dialyse-in-salzwedel.de/seiten/praxis.htm" "Mozilla/5.0 (Windows NT 6.1; WOW64; Trident/7.0; rv:11.0) like Gecko"
217.16.162.131 - - [16/Dec/2014:08:03:29 +0100] "GET /img/1px.gif HTTP/1.1" 200 43 "http://www.dialyse-in-salzwedel.de/seiten/praxis.htm" "Mozilla/5.0 (Windows NT 6.1; WOW64; Trident/7.0; rv:11.0) like Gecko"
217.16.162.131 - - [16/Dec/2014:08:03:29 +0100] "GET /img/bg04.gif HTTP/1.1" 200 92 "http://www.dialyse-in-salzwedel.de/seiten/praxis.htm" "Mozilla/5.0 (Windows NT 6.1; WOW64; Trident/7.0; rv:11.0) like Gecko"
217.16.162.131 - - [16/Dec/2014:08:03:29 +0100] "GET /img/bg03.gif HTTP/1.1" 200 84 "http://www.dialyse-in-salzwedel.de/seiten/praxis.htm" "Mozilla/5.0 (Windows NT 6.1; WOW64; Trident/7.0; rv:11.0) like Gecko"
217.16.162.131 - - [16/Dec/2014:08:03:30 +0100] "GET /img/praxis.jpg HTTP/1.1" 200 13082 "http://www.dialyse-in-salzwedel.de/seiten/praxis.htm" "Mozilla/5.0 (Windows NT 6.1; WOW64; Trident/7.0; rv:11.0) like Gecko"
217.16.162.131 - - [16/Dec/2014:08:03:30 +0100] "GET /img/lay04.gif HTTP/1.1" 200 272 "http://www.dialyse-in-salzwedel.de/seiten/praxis.htm" "Mozilla/5.0 (Windows NT 6.1; WOW64; Trident/7.0; rv:11.0) like Gecko"
217.16.162.131 - - [16/Dec/2014:08:03:30 +0100] "GET /favicon.ico HTTP/1.1" 404 1256 "-" "Mozilla/5.0 (Windows NT 6.1; WOW64; Trident/7.0; rv:11.0) like Gecko"
217.16.162.131 - - [16/Dec/2014:08:03:30 +0100] "GET /img/meno02.gif HTTP/1.1" 200 1200 "http://www.dialyse-in-salzwedel.de/seiten/praxis.htm" "Mozilla/5.0 (Windows NT 6.1; WOW64; Trident/7.0; rv:11.0) like Gecko"
217.16.162.131 - - [16/Dec/2014:08:03:30 +0100] "GET /img/meno03.gif HTTP/1.1" 200 931 "http://www.dialyse-in-salzwedel.de/seiten/praxis.htm" "Mozilla/5.0 (Windows NT 6.1; WOW64; Trident/7.0; rv:11.0) like Gecko"
217.16.162.131 - - [16/Dec/2014:08:03:31 +0100] "GET /img/meno04.gif HTTP/1.1" 200 727 "http://www.dialyse-in-salzwedel.de/seiten/praxis.htm" "Mozilla/5.0 (Windows NT 6.1; WOW64; Trident/7.0; rv:11.0) like Gecko"
217.16.162.131 - - [16/Dec/2014:08:03:31 +0100] "GET /img/meno06.gif HTTP/1.1" 200 1054 "http://www.dialyse-in-salzwedel.de/seiten/praxis.htm" "Mozilla/5.0 (Windows NT 6.1; WOW64; Trident/7.0; rv:11.0) like Gecko"
217.16.162.131 - - [16/Dec/2014:08:03:31 +0100] "GET /seiten/kontakt.htm HTTP/1.1" 200 5472 "http://www.dialyse-in-salzwedel.de/seiten/praxis.htm" "Mozilla/5.0 (Windows NT 6.1; WOW64; Trident/7.0; rv:11.0) like Gecko"
217.16.162.131 - - [16/Dec/2014:08:03:32 +0100] "GET /img/men03.gif HTTP/1.1" 200 999 "http://www.dialyse-in-salzwedel.de/seiten/kontakt.htm" "Mozilla/5.0 (Windows NT 6.1; WOW64; Trident/7.0; rv:11.0) like Gecko"
217.16.162.131 - - [16/Dec/2014:08:03:32 +0100] "GET /favicon.ico HTTP/1.1" 404 1256 "-" "Mozilla/5.0 (Windows NT 6.1; WOW64; Trident/7.0; rv:11.0) like Gecko"
217.16.162.131 - - [16/Dec/2014:08:03:35 +0100] "GET /img/meno07.gif HTTP/1.1" 200 1052 "http://www.dialyse-in-salzwedel.de/seiten/kontakt.htm" "Mozilla/5.0 (Windows NT 6.1; WOW64; Trident/7.0; rv:11.0) like Gecko"
217.16.162.131 - - [16/Dec/2014:08:04:02 +0100] "GET / HTTP/1.1" 200 2301 "http://www.google.de/url?sa=t&rct=j&q=&esrc=s&source=web&cd=1&ved=0CCEQFjAA&url=http%3A%2F%2Fwww.dialyse-in-salzwedel.de%2F&ei=XNmPVMTZNYfxUqrbgdgJ&usg=AFQjCNHBZzdzRK6NkOJc_vuRxJ6F08FD_w" "Mozilla/5.0 (Windows NT 6.1; WOW64; Trident/7.0; rv:11.0) like Gecko"
217.16.162.131 - - [16/Dec/2014:08:04:02 +0100] "GET /img/bg1.gif HTTP/1.1" 404 1256 "http://www.dialyse-in-salzwedel.de/" "Mozilla/5.0 (Windows NT 6.1; WOW64; Trident/7.0; rv:11.0) like Gecko"
217.16.162.131 - - [16/Dec/2014:08:04:02 +0100] "GET /seiten/start.htm HTTP/1.1" 200 4313 "http://www.dialyse-in-salzwedel.de/" "Mozilla/5.0 (Windows NT 6.1; WOW64; Trident/7.0; rv:11.0) like Gecko"
217.16.162.131 - - [16/Dec/2014:08:04:02 +0100] "GET /img/start.jpg HTTP/1.1" 200 18933 "http://www.dialyse-in-salzwedel.de/seiten/start.htm" "Mozilla/5.0 (Windows NT 6.1; WOW64; Trident/7.0; rv:11.0) like Gecko"
207.46.13.117 - - [16/Dec/2014:08:58:41 +0100] "GET /seiten/dialyse.htm HTTP/1.1" 200 4906 "-" "Mozilla/5.0 (compatible; bingbot/2.0; +http://www.bing.com/bingbot.htm)"
66.249.78.188 - - [16/Dec/2014:09:23:37 +0100] "GET /robots.txt HTTP/1.1" 404 1256 "-" "Mozilla/5.0 (compatible; Googlebot/2.1; +http://www.google.com/bot.html)"
66.249.78.181 - - [16/Dec/2014:09:23:37 +0100] "GET /seiten/impressum.htm HTTP/1.1" 200 6907 "-" "Mozilla/5.0 (iPhone; CPU iPhone OS 6_0 like Mac OS X) AppleWebKit/536.26 (KHTML, like Gecko) Version/6.0 Mobile/10A5376e Safari/8536.25 (compatible; Googlebot/2.1; +http://www.google.com/bot.html)"
157.55.39.243 - - [16/Dec/2014:13:20:57 +0100] "GET /img/dialyse.jpg HTTP/1.1" 200 21241 "-" "Mozilla/5.0 (compatible; bingbot/2.0; +http://www.bing.com/bingbot.htm)"
157.55.39.244 - - [16/Dec/2014:14:56:39 +0100] "GET /img/start.jpg HTTP/1.1" 200 18933 "-" "Mozilla/5.0 (compatible; bingbot/2.0; +http://www.bing.com/bingbot.htm)"
54.174.180.70 - - [16/Dec/2014:16:36:23 +0100] "GET / HTTP/1.1" 200 2301 "-" "Mozilla/5.0 (compatible& Googlebot/2.1& +http://www.google.com/bot.html)"
66.249.64.7 - - [16/Dec/2014:17:24:25 +0100] "GET / HTTP/1.1" 200 2301 "-" "DoCoMo/2.0 N905i(c100;TB;W24H16) (compatible; Googlebot-Mobile/2.1; +http://www.google.com/bot.html)"
