93.186.197.165 - - [04/May/2014:07:36:36 +0200] "GET /news.php?cs_go=archiv&cs_id=4924&cs_search= HTTP/1.1" 200 24237 "-" "Mozilla/5.0 (compatible; nbot/2.0)"
93.186.197.165 - - [04/May/2014:07:36:38 +0200] "GET /news.php?cs_go=archiv&cs_id=4949&cs_search= HTTP/1.1" 200 20453 "-" "Mozilla/5.0 (compatible; nbot/2.0)"
93.186.197.165 - - [04/May/2014:07:36:39 +0200] "GET /news.php?cs_go=archiv&cs_id=4913&cs_search= HTTP/1.1" 200 20481 "-" "Mozilla/5.0 (compatible; nbot/2.0)"
93.186.197.165 - - [04/May/2014:07:36:41 +0200] "GET /news.php?cs_go=archiv&cs_id=5006&cs_search= HTTP/1.1" 200 24288 "-" "Mozilla/5.0 (compatible; nbot/2.0)"
93.186.197.165 - - [04/May/2014:07:36:43 +0200] "GET /news.php?cs_go=archiv&cs_id=4912&cs_search= HTTP/1.1" 200 24205 "-" "Mozilla/5.0 (compatible; nbot/2.0)"
93.186.197.165 - - [04/May/2014:07:36:44 +0200] "GET /news.php?cs_go=archiv&cs_id=5004&cs_search= HTTP/1.1" 200 20100 "-" "Mozilla/5.0 (compatible; nbot/2.0)"
93.186.197.165 - - [04/May/2014:07:36:46 +0200] "GET /news.php?cs_go=archiv&cs_id=4915&cs_search= HTTP/1.1" 200 24187 "-" "Mozilla/5.0 (compatible; nbot/2.0)"
93.186.197.165 - - [04/May/2014:07:36:48 +0200] "GET /news.php?cs_go=archiv&cs_id=5003&cs_search= HTTP/1.1" 200 20413 "-" "Mozilla/5.0 (compatible; nbot/2.0)"
93.186.197.165 - - [04/May/2014:07:36:49 +0200] "GET /news.php?cs_go=archiv&cs_id=4927&cs_search= HTTP/1.1" 200 20510 "-" "Mozilla/5.0 (compatible; nbot/2.0)"
93.186.197.165 - - [04/May/2014:07:36:51 +0200] "GET /news.php?cs_go=archiv&cs_id=4946&cs_search= HTTP/1.1" 200 20610 "-" "Mozilla/5.0 (compatible; nbot/2.0)"
93.186.197.165 - - [04/May/2014:07:36:53 +0200] "GET /news.php?cs_go=archiv&cs_id=4920&cs_search= HTTP/1.1" 200 21774 "-" "Mozilla/5.0 (compatible; nbot/2.0)"
5.199.136.130 - - [04/May/2014:07:36:53 +0200] "GET /robots.txt HTTP/1.1" 404 1256 "-" "Mozilla/5.0 (compatible; waybackarchive.org/1.0; +spider@waybackarchive.org)"
5.199.136.130 - - [04/May/2014:07:36:54 +0200] "GET /news.php?cs_go=archiv&cs_id=5128 HTTP/1.1" 200 20905 "-" "Mozilla/5.0 (compatible; waybackarchive.org/1.0; +spider@waybackarchive.org)"
93.186.197.165 - - [04/May/2014:07:36:54 +0200] "GET /news.php?cs_go=archiv&cs_id=5008&cs_search= HTTP/1.1" 200 22406 "-" "Mozilla/5.0 (compatible; nbot/2.0)"
93.186.197.165 - - [04/May/2014:07:36:56 +0200] "GET /news.php?cs_go=archiv&cs_id=4923&cs_search= HTTP/1.1" 200 20593 "-" "Mozilla/5.0 (compatible; nbot/2.0)"
93.186.197.165 - - [04/May/2014:07:36:57 +0200] "GET /news.php?cs_go=archiv&cs_id=4948&cs_search= HTTP/1.1" 200 24262 "-" "Mozilla/5.0 (compatible; nbot/2.0)"
93.186.197.165 - - [04/May/2014:07:36:59 +0200] "GET /news.php?cs_go=archiv&cs_id=4918&cs_search= HTTP/1.1" 200 24326 "-" "Mozilla/5.0 (compatible; nbot/2.0)"
93.186.197.165 - - [04/May/2014:07:37:01 +0200] "GET /news.php?cs_go=archiv&cs_id=5000&cs_search= HTTP/1.1" 200 20507 "-" "Mozilla/5.0 (compatible; nbot/2.0)"
93.186.197.165 - - [04/May/2014:07:37:02 +0200] "GET /news.php?cs_go=archiv&cs_id=4928&cs_search= HTTP/1.1" 200 21090 "-" "Mozilla/5.0 (compatible; nbot/2.0)"
93.186.197.165 - - [04/May/2014:07:37:04 +0200] "GET /news.php?cs_go=archiv&cs_id=4945&cs_search= HTTP/1.1" 200 24309 "-" "Mozilla/5.0 (compatible; nbot/2.0)"
93.186.197.165 - - [04/May/2014:07:37:05 +0200] "GET /news.php?cs_go=archiv&cs_id=4910&cs_search= HTTP/1.1" 200 20591 "-" "Mozilla/5.0 (compatible; nbot/2.0)"
78.46.154.21 - - [04/May/2014:07:41:41 +0200] "GET / HTTP/1.1" 200 23409 "-" "Java/1.6.0_04"
78.46.154.21 - - [04/May/2014:07:41:56 +0200] "GET /adblue.php HTTP/1.1" 200 23127 "-" "Java/1.6.0_04"
78.46.154.21 - - [04/May/2014:07:41:57 +0200] "GET /ansprechpartner.php HTTP/1.1" 200 21529 "-" "Java/1.6.0_04"
78.46.154.21 - - [04/May/2014:07:41:58 +0200] "GET /baustellenbetankung.php HTTP/1.1" 200 19811 "-" "Java/1.6.0_04"
78.46.154.21 - - [04/May/2014:07:41:59 +0200] "GET /biogasanlage.php HTTP/1.1" 200 19193 "-" "Java/1.6.0_04"
78.46.154.21 - - [04/May/2014:07:42:02 +0200] "GET /brennwerttechnik.php HTTP/1.1" 200 22215 "-" "Java/1.6.0_04"
78.46.154.21 - - [04/May/2014:07:42:03 +0200] "GET /diesel.php HTTP/1.1" 200 22417 "-" "Java/1.6.0_04"
78.46.154.21 - - [04/May/2014:07:42:05 +0200] "GET /ec.php HTTP/1.1" 200 20733 "-" "Java/1.6.0_04"
78.46.154.21 - - [04/May/2014:07:42:06 +0200] "GET /edl.php HTTP/1.1" 200 22495 "-" "Java/1.6.0_04"
78.46.154.21 - - [04/May/2014:07:42:11 +0200] "GET /energiekostenvergleich.php HTTP/1.1" 200 23560 "-" "Java/1.6.0_04"
78.46.154.21 - - [04/May/2014:07:42:13 +0200] "GET /energiesparcheck.php HTTP/1.1" 200 24797 "-" "Java/1.6.0_04"
78.46.154.21 - - [04/May/2014:07:42:15 +0200] "GET /essoschmierstoffe.php HTTP/1.1" 200 22876 "-" "Java/1.6.0_04"
78.46.154.21 - - [04/May/2014:07:42:17 +0200] "GET /faq.php HTTP/1.1" 200 238294 "-" "Java/1.6.0_04"
78.46.154.21 - - [04/May/2014:07:42:20 +0200] "GET /foerdermittel.php HTTP/1.1" 200 24406 "-" "Java/1.6.0_04"
78.46.154.21 - - [04/May/2014:07:42:21 +0200] "GET /heizoel.php HTTP/1.1" 200 20999 "-" "Java/1.6.0_04"
78.46.154.21 - - [04/May/2014:07:42:22 +0200] "GET /impressum.php HTTP/1.1" 200 20220 "-" "Java/1.6.0_04"
78.46.154.21 - - [04/May/2014:07:42:24 +0200] "GET /index.php HTTP/1.1" 200 23409 "-" "Java/1.6.0_04"
78.46.154.21 - - [04/May/2014:07:42:25 +0200] "GET /jobs.php HTTP/1.1" 200 19000 "-" "Java/1.6.0_04"
78.46.154.21 - - [04/May/2014:07:42:29 +0200] "GET /kontakt.php HTTP/1.1" 200 20926 "-" "Java/1.6.0_04"
78.46.154.21 - - [04/May/2014:07:42:31 +0200] "GET /kwk.php HTTP/1.1" 200 22041 "-" "Java/1.6.0_04"
78.46.154.21 - - [04/May/2014:07:42:32 +0200] "GET /lexikon.php HTTP/1.1" 200 21691 "-" "Java/1.6.0_04"
78.46.154.21 - - [04/May/2014:07:42:33 +0200] "GET /marktdaten.php HTTP/1.1" 200 19936 "-" "Java/1.6.0_04"
78.46.154.21 - - [04/May/2014:07:42:35 +0200] "GET /news.php HTTP/1.1" 200 33654 "-" "Java/1.6.0_04"
78.46.154.21 - - [04/May/2014:07:42:39 +0200] "GET /newsletter.php HTTP/1.1" 200 19925 "-" "Java/1.6.0_04"
78.46.154.21 - - [04/May/2014:07:42:41 +0200] "GET /notdienst.php HTTP/1.1" 200 19717 "-" "Java/1.6.0_04"
78.46.154.21 - - [04/May/2014:07:42:43 +0200] "GET /ofenbau.php HTTP/1.1" 200 22004 "-" "Java/1.6.0_04"
78.46.154.21 - - [04/May/2014:07:42:45 +0200] "GET /preisanfrage.php HTTP/1.1" 200 23737 "-" "Java/1.6.0_04"
78.46.154.21 - - [04/May/2014:07:42:45 +0200] "GET /premiumheizoel.php HTTP/1.1" 200 19519 "-" "Java/1.6.0_04"
78.46.154.21 - - [04/May/2014:07:42:48 +0200] "GET /schmierstoffe.php HTTP/1.1" 200 21715 "-" "Java/1.6.0_04"
78.46.154.21 - - [04/May/2014:07:42:51 +0200] "GET /tankanlagen.php HTTP/1.1" 200 22937 "-" "Java/1.6.0_04"
78.46.154.21 - - [04/May/2014:07:42:52 +0200] "GET /tankreinigung.php HTTP/1.1" 200 22389 "-" "Java/1.6.0_04"
78.46.154.21 - - [04/May/2014:07:42:53 +0200] "GET /waermekonto.php HTTP/1.1" 200 30901 "-" "Java/1.6.0_04"
78.46.154.21 - - [04/May/2014:07:42:56 +0200] "GET /wunschpreis.php HTTP/1.1" 200 24967 "-" "Java/1.6.0_04"
37.58.100.182 - - [04/May/2014:07:44:11 +0200] "GET /lexikon.php?cs_go=2&cs_char=l HTTP/1.1" 200 19913 "-" "Mozilla/5.0 (compatible; AhrefsBot/5.0; +http://ahrefs.com/robot/)"
95.215.0.27 - - [04/May/2014:07:50:40 +0200] "GET /news.php?cs_go=archiv&cs_id=4425 HTTP/1.1" 200 24781 "-" "Mozilla/5.0 (Windows NT 6.1; WOW64; rv:26.1) Gecko/20100101 Firefox/26.0"
66.249.65.95 - - [04/May/2014:07:51:24 +0200] "GET /lexikon.php?cs_go=3&cs_id=203 HTTP/1.1" 200 19950 "-" "Mozilla/5.0 (compatible; Googlebot/2.1; +http://www.google.com/bot.html)"
65.55.55.231 - - [04/May/2014:08:02:37 +0200] "GET /robots.txt HTTP/1.1" 404 1256 "-" "Mozilla/5.0 (compatible; bingbot/2.0; +http://www.bing.com/bingbot.htm)"
95.215.0.27 - - [04/May/2014:08:01:21 +0200] "GET /news.php?cs_go=archiv&cs_id=4441 HTTP/1.1" 200 20716 "-" "Mozilla/5.0 (Windows NT 6.1; WOW64; rv:26.1) Gecko/20100101 Firefox/26.0"
157.55.32.49 - - [04/May/2014:08:05:50 +0200] "GET /news.php?cs_go=archiv&cs_id=4762 HTTP/1.1" 200 24533 "-" "Mozilla/5.0 (compatible; bingbot/2.0; +http://www.bing.com/bingbot.htm)"
65.55.55.231 - - [04/May/2014:08:06:03 +0200] "GET / HTTP/1.1" 200 23409 "-" "Mozilla/5.0 (compatible; bingbot/2.0; +http://www.bing.com/bingbot.htm)"
66.249.65.202 - - [04/May/2014:08:06:23 +0200] "GET /news.php?cs_go=archiv&cs_id=5006 HTTP/1.1" 200 24288 "-" "Mozilla/5.0 (compatible; Googlebot/2.1; +http://www.google.com/bot.html)"
66.249.65.202 - - [04/May/2014:08:06:39 +0200] "GET /ofenbau.php HTTP/1.1" 200 22004 "-" "SAMSUNG-SGH-E250/1.0 Profile/MIDP-2.0 Configuration/CLDC-1.1 UP.Browser/6.2.3.3.c.1.101 (GUI) MMP/2.0 (compatible; Googlebot-Mobile/2.1; +http://www.google.com/bot.html)"
37.58.100.234 - - [04/May/2014:08:11:42 +0200] "GET /waermekonto.php HTTP/1.1" 200 30901 "-" "Mozilla/5.0 (compatible; AhrefsBot/5.0; +http://ahrefs.com/robot/)"
66.249.65.71 - - [04/May/2014:08:13:49 +0200] "GET /news.php?cs_go=archiv&cs_id=3843 HTTP/1.1" 200 21204 "-" "Mozilla/5.0 (compatible; Googlebot/2.1; +http://www.google.com/bot.html)"
37.58.100.182 - - [04/May/2014:08:16:02 +0200] "GET /news.php?cs_go=archiv&cs_id=5122 HTTP/1.1" 200 21363 "-" "Mozilla/5.0 (compatible; AhrefsBot/5.0; +http://ahrefs.com/robot/)"
66.249.65.10 - - [04/May/2014:08:21:40 +0200] "GET /news.php?cs_go=archiv&cs_id=5014 HTTP/1.1" 200 21084 "-" "Mozilla/5.0 (compatible; Googlebot/2.1; +http://www.google.com/bot.html)"
37.58.100.157 - - [04/May/2014:08:27:19 +0200] "GET /robots.txt HTTP/1.1" 404 1256 "-" "Mozilla/5.0 (compatible; AhrefsBot/5.0; +http://ahrefs.com/robot/)"
101.226.168.252 - - [04/May/2014:08:30:10 +0200] "GET /robots.txt HTTP/1.1" 404 1256 "http://www.esso-berlin.de/robots.txt" "Mozilla/5.0 (Windows NT 6.1) AppleWebKit/537.1 (KHTML, like Gecko) Chrome/21.0.1180.89 Safari/537.1; 360Spider"
37.58.100.147 - - [04/May/2014:08:30:09 +0200] "GET /lexikon.php?cs_go=3&cs_id=53 HTTP/1.1" 200 19319 "-" "Mozilla/5.0 (compatible; AhrefsBot/5.0; +http://ahrefs.com/robot/)"
66.249.65.10 - - [04/May/2014:08:35:38 +0200] "GET /news.php?cs_go=archiv&cs_id=3383 HTTP/1.1" 200 23466 "-" "Mozilla/5.0 (compatible; Googlebot/2.1; +http://www.google.com/bot.html)"
141.8.147.12 - - [04/May/2014:08:42:02 +0200] "GET /news.php?cs_go=archiv&cs_id=4920&cs_search= HTTP/1.1" 200 21774 "-" "Mozilla/5.0 (compatible; YandexBot/3.0; +http://yandex.com/bots)"
141.8.147.12 - - [04/May/2014:08:42:04 +0200] "GET /news.php?cs_go=archiv&cs_startpos=120 HTTP/1.1" 200 34446 "-" "Mozilla/5.0 (compatible; YandexBot/3.0; +http://yandex.com/bots)"
37.58.100.134 - - [04/May/2014:08:45:36 +0200] "GET /heizoel.php HTTP/1.1" 200 20999 "-" "Mozilla/5.0 (compatible; AhrefsBot/5.0; +http://ahrefs.com/robot/)"
66.249.65.88 - - [04/May/2014:08:50:11 +0200] "GET /news.php?cs_go=archiv&cs_id=4872&cs_search= HTTP/1.1" 200 20617 "-" "Mozilla/5.0 (compatible; Googlebot/2.1; +http://www.google.com/bot.html)"
65.55.52.114 - - [04/May/2014:08:52:57 +0200] "GET /news.php?cs_go=archiv&cs_id=5010 HTTP/1.1" 200 20592 "-" "Mozilla/5.0 (compatible; bingbot/2.0; +http://www.bing.com/bingbot.htm)"
65.55.52.114 - - [04/May/2014:08:52:58 +0200] "GET /robots.txt HTTP/1.1" 404 1256 "-" "Mozilla/5.0 (compatible; bingbot/2.0; +http://www.bing.com/bingbot.htm)"
66.249.65.103 - - [04/May/2014:08:53:49 +0200] "GET /news.php?cs_go=archiv&cs_id=5098 HTTP/1.1" 200 20883 "-" "Mozilla/5.0 (compatible; Googlebot/2.1; +http://www.google.com/bot.html)"
66.249.65.39 - - [04/May/2014:08:56:24 +0200] "GET /lexikon.php?cs_go=3&cs_id=73 HTTP/1.1" 200 20767 "-" "Mozilla/5.0 (compatible; Googlebot/2.1; +http://www.google.com/bot.html)"
178.255.215.79 - - [04/May/2014:08:57:39 +0200] "GET /robots.txt HTTP/1.1" 404 1256 "-" "Mozilla/5.0 (compatible; Exabot/3.0; +http://www.exabot.com/go/robot)"
178.255.215.79 - - [04/May/2014:08:57:39 +0200] "GET /kwk.php HTTP/1.1" 200 22041 "-" "Mozilla/5.0 (compatible; Exabot/3.0; +http://www.exabot.com/go/robot)"
178.255.215.79 - - [04/May/2014:08:57:41 +0200] "GET /edl.php HTTP/1.1" 200 22495 "-" "Mozilla/5.0 (compatible; Exabot/3.0; +http://www.exabot.com/go/robot)"
66.249.65.39 - - [04/May/2014:09:06:17 +0200] "GET /news.php?cs_go=archiv&cs_id=4245 HTTP/1.1" 200 22175 "-" "Mozilla/5.0 (iPhone; CPU iPhone OS 6_0 like Mac OS X) AppleWebKit/536.26 (KHTML, like Gecko) Version/6.0 Mobile/10A5376e Safari/8536.25 (compatible; Googlebot/2.1; +http://www.google.com/bot.html)"
157.55.32.225 - - [04/May/2014:09:06:34 +0200] "GET /ansprechpartner.php HTTP/1.1" 200 21529 "-" "Mozilla/5.0 (compatible; bingbot/2.0; +http://www.bing.com/bingbot.htm)"
157.55.32.225 - - [04/May/2014:09:07:38 +0200] "GET /style.css HTTP/1.1" 200 8056 "-" "Mozilla/5.0 (compatible; bingbot/2.0; +http://www.bing.com/bingbot.htm)"
66.249.65.10 - - [04/May/2014:09:11:23 +0200] "GET /news.php?cs_go=archiv&cs_id=5045 HTTP/1.1" 200 20736 "-" "Mozilla/5.0 (compatible; Googlebot/2.1; +http://www.google.com/bot.html)"
66.249.65.57 - - [04/May/2014:09:12:00 +0200] "GET /news.php?cs_go=archiv&cs_id=4670&cs_search= HTTP/1.1" 200 20578 "-" "Mozilla/5.0 (compatible; Googlebot/2.1; +http://www.google.com/bot.html)"
66.249.65.24 - - [04/May/2014:09:15:35 +0200] "GET /news.php?cs_go=archiv&cs_id=4873&cs_search= HTTP/1.1" 200 20463 "-" "Mozilla/5.0 (compatible; Googlebot/2.1; +http://www.google.com/bot.html)"
66.249.65.156 - - [04/May/2014:09:15:38 +0200] "GET /news.php?cs_go=archiv&cs_startpos=681 HTTP/1.1" 200 19291 "-" "Mozilla/5.0 (compatible; Googlebot/2.1; +http://www.google.com/bot.html)"
66.249.65.57 - - [04/May/2014:09:19:16 +0200] "GET /lexikon.php?cs_go=3&cs_id=178 HTTP/1.1" 200 19613 "-" "Mozilla/5.0 (compatible; Googlebot/2.1; +http://www.google.com/bot.html)"
157.55.34.174 - - [04/May/2014:09:20:27 +0200] "GET /heizoel.php HTTP/1.1" 200 20999 "-" "Mozilla/5.0 (compatible; bingbot/2.0; +http://www.bing.com/bingbot.htm)"
66.249.65.103 - - [04/May/2014:09:26:23 +0200] "GET /lexikon.php?cs_go=3&cs_id=71 HTTP/1.1" 200 20261 "-" "Mozilla/5.0 (compatible; Googlebot/2.1; +http://www.google.com/bot.html)"
66.249.65.31 - - [04/May/2014:09:26:33 +0200] "GET /robots.txt HTTP/1.1" 404 1256 "-" "Mozilla/5.0 (compatible; Googlebot/2.1; +http://www.google.com/bot.html)"
66.249.65.31 - - [04/May/2014:09:26:33 +0200] "GET /lexikon.php?cs_go=3&cs_id=18 HTTP/1.1" 200 19166 "-" "Mozilla/5.0 (compatible; Googlebot/2.1; +http://www.google.com/bot.html)"
37.58.100.133 - - [04/May/2014:09:28:28 +0200] "GET /lexikon.php?cs_go=2&cs_char=j HTTP/1.1" 200 19750 "-" "Mozilla/5.0 (compatible; AhrefsBot/5.0; +http://ahrefs.com/robot/)"
65.55.52.108 - - [04/May/2014:09:32:40 +0200] "GET /biogasanlage.php HTTP/1.1" 200 19193 "-" "Mozilla/5.0 (compatible; bingbot/2.0; +http://www.bing.com/bingbot.htm)"
66.249.65.10 - - [04/May/2014:09:33:49 +0200] "GET /news.php?cs_go=archiv&cs_id=4462 HTTP/1.1" 200 22146 "-" "Mozilla/5.0 (compatible; Googlebot/2.1; +http://www.google.com/bot.html)"
66.249.65.39 - - [04/May/2014:09:41:20 +0200] "GET /lexikon.php?cs_go=3&cs_id=75 HTTP/1.1" 200 19736 "-" "Mozilla/5.0 (compatible; Googlebot/2.1; +http://www.google.com/bot.html)"
66.249.65.71 - - [04/May/2014:09:43:52 +0200] "GET /news.php?cs_go=archiv&cs_id=4495 HTTP/1.1" 200 21008 "-" "Mozilla/5.0 (iPhone; CPU iPhone OS 6_0 like Mac OS X) AppleWebKit/536.26 (KHTML, like Gecko) Version/6.0 Mobile/10A5376e Safari/8536.25 (compatible; Googlebot/2.1; +http://www.google.com/bot.html)"
66.249.65.57 - - [04/May/2014:09:44:44 +0200] "GET /news.php?cs_go=archiv&cs_id=2033&cs_search= HTTP/1.1" 200 19053 "-" "Mozilla/5.0 (compatible; Googlebot/2.1; +http://www.google.com/bot.html)"
65.55.52.114 - - [04/May/2014:09:47:38 +0200] "GET /robots.txt HTTP/1.1" 404 1256 "-" "Mozilla/5.0 (compatible; bingbot/2.0; +http://www.bing.com/bingbot.htm)"
65.55.52.114 - - [04/May/2014:09:47:50 +0200] "GET /kwk.php HTTP/1.1" 200 22041 "-" "Mozilla/5.0 (compatible; bingbot/2.0; +http://www.bing.com/bingbot.htm)"
66.249.65.56 - - [04/May/2014:09:52:00 +0200] "GET /news.php?cs_go=archiv&cs_id=4868&cs_search= HTTP/1.1" 200 20746 "-" "Mozilla/5.0 (compatible; Googlebot/2.1; +http://www.google.com/bot.html)"
66.249.65.24 - - [04/May/2014:09:55:07 +0200] "GET /index.php HTTP/1.1" 200 23409 "-" "Mozilla/5.0 (compatible; Googlebot/2.1; +http://www.google.com/bot.html)"
141.8.147.12 - - [04/May/2014:09:55:23 +0200] "GET /lexikon.php?cs_go=2&cs_char=g HTTP/1.1" 200 20266 "-" "Mozilla/5.0 (compatible; YandexBot/3.0; +http://yandex.com/bots)"
66.249.65.39 - - [04/May/2014:09:56:23 +0200] "GET /lexikon.php?cs_go=3&cs_id=60 HTTP/1.1" 200 19640 "-" "Mozilla/5.0 (compatible; Googlebot/2.1; +http://www.google.com/bot.html)"
157.56.229.189 - - [04/May/2014:09:59:47 +0200] "GET /news.php?cs_go=archiv&cs_id=5118 HTTP/1.1" 200 20468 "-" "Mozilla/5.0 (compatible; bingbot/2.0; +http://www.bing.com/bingbot.htm)"
66.249.65.103 - - [04/May/2014:10:02:55 +0200] "GET /news.php?cs_go=archiv&cs_id=3140&cs_search= HTTP/1.1" 200 22221 "-" "Mozilla/5.0 (compatible; Googlebot/2.1; +http://www.google.com/bot.html)"
66.249.65.57 - - [04/May/2014:10:03:09 +0200] "GET /news.php?cs_go=archiv&cs_id=4670&cs_search= HTTP/1.1" 200 20578 "-" "Mozilla/5.0 (compatible; Googlebot/2.1; +http://www.google.com/bot.html)"
66.249.65.39 - - [04/May/2014:10:17:27 +0200] "GET /news.php?cs_go=archiv&cs_id=4568 HTTP/1.1" 200 22679 "-" "Mozilla/5.0 (compatible; Googlebot/2.1; +http://www.google.com/bot.html)"
157.55.35.42 - - [04/May/2014:10:18:09 +0200] "GET /robots.txt HTTP/1.1" 404 1256 "-" "Mozilla/5.0 (compatible; bingbot/2.0; +http://www.bing.com/bingbot.htm)"
141.8.147.12 - - [04/May/2014:10:20:13 +0200] "GET /tankreinigung.php HTTP/1.1" 200 22389 "-" "Mozilla/5.0 (compatible; YandexBot/3.0; +http://yandex.com/bots)"
66.249.65.124 - - [04/May/2014:10:21:06 +0200] "GET /news.php?cs_go=archiv&cs_id=4860&cs_search= HTTP/1.1" 200 20950 "-" "Mozilla/5.0 (compatible; Googlebot/2.1; +http://www.google.com/bot.html)"
85.2.91.51 - - [04/May/2014:10:24:43 +0200] "GET /downloads/Imagebroschuere%20team%20energie%20-%20TE%20Verwaltung%20Energiehandel_klein.pdf HTTP/1.1" 200 893384 "http://www.google.ch/url?sa=t&rct=j&q=adblue%20auf%20baustelle&source=web&cd=17&ved=0CEIQFjAGOAo&url=http%3A%2F%2Fwww.e-s-s-o-berlin.de%2Fdownloads%2FImagebroschuere%2520team%2520energie%2520-%2520TE%2520Verwaltung%2520Energiehandel_klein.pdf&ei=PsJkU-jLJ-r07Aa97IDABw&usg=AFQjCNHoQFDdHhZox28Ewgrv5nLEfuok0g&sig2=xdVdAeKmAGY9mQy0TLcPMg&bvm=bv.65788261,d.bGE" "Mozilla/5.0 (iPad; U; CPU OS 4_3 like Mac OS X; de-de) AppleWebKit/533.17.9 (KHTML, like Gecko) Version/5.0.2 Mobile/8F191 Safari/6533.18.5"
66.249.65.31 - - [04/May/2014:10:24:44 +0200] "GET /lexikon.php?cs_go=3&cs_id=7 HTTP/1.1" 200 19671 "-" "Mozilla/5.0 (compatible; Googlebot/2.1; +http://www.google.com/bot.html)"
157.55.35.42 - - [04/May/2014:10:25:23 +0200] "GET /notdienst.php HTTP/1.1" 200 19717 "-" "Mozilla/5.0 (compatible; bingbot/2.0; +http://www.bing.com/bingbot.htm)"
37.58.100.182 - - [04/May/2014:10:25:24 +0200] "GET /news.php?cs_go=archiv&cs_id=4855&cs_search= HTTP/1.1" 200 24430 "-" "Mozilla/5.0 (compatible; AhrefsBot/5.0; +http://ahrefs.com/robot/)"
157.55.32.147 - - [04/May/2014:10:25:37 +0200] "GET /marktdaten.php HTTP/1.1" 200 19936 "-" "Mozilla/5.0 (compatible; bingbot/2.0; +http://www.bing.com/bingbot.htm)"
66.249.65.252 - - [04/May/2014:10:31:22 +0200] "GET /news.php?cs_go=archiv&cs_id=5036 HTTP/1.1" 200 20839 "-" "Mozilla/5.0 (compatible; Googlebot/2.1; +http://www.google.com/bot.html)"
95.215.0.27 - - [04/May/2014:10:31:46 +0200] "GET /news.php?cs_go=archiv&cs_id=4806 HTTP/1.1" 200 20514 "-" "Mozilla/5.0 (Windows NT 6.1; WOW64; rv:26.1) Gecko/20100101 Firefox/26.0"
66.249.65.71 - - [04/May/2014:10:42:55 +0200] "GET /news.php?cs_go=archiv&cs_id=4364 HTTP/1.1" 200 20643 "-" "Mozilla/5.0 (compatible; Googlebot/2.1; +http://www.google.com/bot.html)"
123.125.71.107 - - [04/May/2014:10:46:01 +0200] "GET /robots.txt HTTP/1.1" 404 1256 "-" "Mozilla/5.0 (compatible; Baiduspider/2.0; +http://www.baidu.com/search/spider.html)"
66.249.65.10 - - [04/May/2014:10:46:33 +0200] "GET /news.php?cs_go=archiv&cs_id=4883 HTTP/1.1" 200 20625 "-" "Mozilla/5.0 (compatible; Googlebot/2.1; +http://www.google.com/bot.html)"
37.58.100.178 - - [04/May/2014:10:46:58 +0200] "GET /news.php?cs_go=archiv&cs_id=5018 HTTP/1.1" 200 20608 "-" "Mozilla/5.0 (compatible; AhrefsBot/5.0; +http://ahrefs.com/robot/)"
66.249.65.89 - - [04/May/2014:10:50:11 +0200] "GET /news.php?cs_go=archiv&cs_startpos=50 HTTP/1.1" 200 34768 "-" "Mozilla/5.0 (compatible; Googlebot/2.1; +http://www.google.com/bot.html)"
66.249.65.25 - - [04/May/2014:10:55:09 +0200] "GET /news.php?cs_go=archiv&cs_id=5070&cs_search= HTTP/1.1" 200 24473 "-" "Mozilla/5.0 (compatible; Googlebot/2.1; +http://www.google.com/bot.html)"
66.249.65.25 - - [04/May/2014:10:55:10 +0200] "GET /news.php?cs_go=archiv&cs_id=5067&cs_search= HTTP/1.1" 200 20678 "-" "Mozilla/5.0 (compatible; Googlebot/2.1; +http://www.google.com/bot.html)"
66.249.65.89 - - [04/May/2014:10:55:37 +0200] "GET /news.php?cs_go=archiv&cs_id=5069&cs_search= HTTP/1.1" 200 20553 "-" "Mozilla/5.0 (compatible; Googlebot/2.1; +http://www.google.com/bot.html)"
66.249.65.89 - - [04/May/2014:10:56:32 +0200] "GET /news.php?cs_go=archiv&cs_id=5071&cs_search= HTTP/1.1" 200 20422 "-" "Mozilla/5.0 (compatible; Googlebot/2.1; +http://www.google.com/bot.html)"
66.249.65.89 - - [04/May/2014:10:57:26 +0200] "GET /news.php?cs_go=archiv&cs_id=5066&cs_search= HTTP/1.1" 200 23546 "-" "Mozilla/5.0 (compatible; Googlebot/2.1; +http://www.google.com/bot.html)"
66.249.65.89 - - [04/May/2014:10:58:21 +0200] "GET /news.php?cs_go=archiv&cs_id=5074&cs_search= HTTP/1.1" 200 24216 "-" "Mozilla/5.0 (compatible; Googlebot/2.1; +http://www.google.com/bot.html)"
66.249.65.39 - - [04/May/2014:10:58:43 +0200] "GET /news.php?cs_go=archiv&cs_id=4629 HTTP/1.1" 200 21971 "-" "Mozilla/5.0 (iPhone; CPU iPhone OS 6_0 like Mac OS X) AppleWebKit/536.26 (KHTML, like Gecko) Version/6.0 Mobile/10A5376e Safari/8536.25 (compatible; Googlebot/2.1; +http://www.google.com/bot.html)"
66.249.65.89 - - [04/May/2014:10:59:27 +0200] "GET /news.php?cs_go=archiv&cs_id=5072&cs_search= HTTP/1.1" 200 20895 "-" "Mozilla/5.0 (compatible; Googlebot/2.1; +http://www.google.com/bot.html)"
66.249.65.71 - - [04/May/2014:11:01:30 +0200] "GET /lexikon.php?cs_go=3&cs_id=62 HTTP/1.1" 200 19708 "-" "Mozilla/5.0 (compatible; Googlebot/2.1; +http://www.google.com/bot.html)"
65.55.52.119 - - [04/May/2014:11:02:00 +0200] "GET /robots.txt HTTP/1.1" 404 1256 "-" "Mozilla/5.0 (compatible; bingbot/2.0; +http://www.bing.com/bingbot.htm)"
66.249.65.71 - - [04/May/2014:11:04:44 +0200] "GET /news.php?cs_go=archiv&cs_id=4529 HTTP/1.1" 200 29597 "-" "Mozilla/5.0 (compatible; Googlebot/2.1; +http://www.google.com/bot.html)"
95.215.0.27 - - [04/May/2014:11:04:52 +0200] "GET /news.php?cs_go=archiv&cs_id=4402 HTTP/1.1" 200 21674 "-" "Mozilla/5.0 (Windows NT 6.1; WOW64; rv:26.1) Gecko/20100101 Firefox/26.0"
162.210.196.100 - - [04/May/2014:11:07:17 +0200] "GET /robots.txt HTTP/1.0" 404 1256 "-" "Mozilla/5.0 (compatible; MJ12bot/v1.4.5; http://www.majestic12.co.uk/bot.php?+)"
162.210.196.100 - - [04/May/2014:11:07:19 +0200] "GET / HTTP/1.0" 200 23409 "-" "Mozilla/5.0 (compatible; MJ12bot/v1.4.5; http://www.majestic12.co.uk/bot.php?+)"
208.115.111.71 - - [04/May/2014:11:09:08 +0200] "GET /robots.txt HTTP/1.1" 404 1256 "-" "Mozilla/5.0 (compatible; DotBot/1.1; http://www.opensiteexplorer.org/dotbot, help@moz.com)"
65.55.52.119 - - [04/May/2014:11:09:24 +0200] "GET /preisanfrage.php HTTP/1.1" 200 23737 "-" "Mozilla/5.0 (compatible; bingbot/2.0; +http://www.bing.com/bingbot.htm)"
65.55.52.119 - - [04/May/2014:11:09:25 +0200] "GET /notdienst.php HTTP/1.1" 200 19717 "-" "Mozilla/5.0 (compatible; bingbot/2.0; +http://www.bing.com/bingbot.htm)"
66.249.65.40 - - [04/May/2014:11:17:16 +0200] "GET /news.php?cs_go=archiv&cs_id=5098 HTTP/1.1" 200 20883 "-" "Mozilla/5.0 (compatible; Googlebot/2.1; +http://www.google.com/bot.html)"
66.249.65.31 - - [04/May/2014:11:19:17 +0200] "GET /lexikon.php?cs_go=3&cs_id=130 HTTP/1.1" 200 19376 "-" "Mozilla/5.0 (compatible; Googlebot/2.1; +http://www.google.com/bot.html)"
66.249.65.24 - - [04/May/2014:11:19:18 +0200] "GET /robots.txt HTTP/1.1" 404 1256 "-" "Mozilla/5.0 (compatible; Googlebot/2.1; +http://www.google.com/bot.html)"
66.249.65.56 - - [04/May/2014:11:19:18 +0200] "GET /news.php?cs_go=archiv&cs_id=4861&cs_search= HTTP/1.1" 200 20667 "-" "Mozilla/5.0 (compatible; Googlebot/2.1; +http://www.google.com/bot.html)"
66.249.65.71 - - [04/May/2014:11:21:23 +0200] "GET /lexikon.php?cs_go=3&cs_id=81 HTTP/1.1" 200 19560 "-" "Mozilla/5.0 (compatible; Googlebot/2.1; +http://www.google.com/bot.html)"
178.255.215.70 - - [04/May/2014:11:24:12 +0200] "GET /heizoel.php HTTP/1.1" 200 20999 "-" "Mozilla/5.0 (compatible; Exabot/3.0; +http://www.exabot.com/go/robot)"
66.249.65.124 - - [04/May/2014:11:26:33 +0200] "GET /news.php?cs_go=archiv&cs_id=4868&cs_search= HTTP/1.1" 200 20746 "-" "Mozilla/5.0 (compatible; Googlebot/2.1; +http://www.google.com/bot.html)"
37.58.100.143 - - [04/May/2014:11:27:52 +0200] "GET /news.php?cs_go=archiv&cs_id=4907 HTTP/1.1" 200 20915 "-" "Mozilla/5.0 (compatible; AhrefsBot/5.0; +http://ahrefs.com/robot/)"
66.249.65.71 - - [04/May/2014:11:36:21 +0200] "GET /lexikon.php?cs_go=3&cs_id=74 HTTP/1.1" 200 19809 "-" "Mozilla/5.0 (compatible; Googlebot/2.1; +http://www.google.com/bot.html)"
188.103.76.95 - - [04/May/2014:11:37:10 +0200] "GET /style.css HTTP/1.1" 200 8056 "http://www.e-s-s-o-berlin.de/" "Mozilla/5.0 (Windows NT 6.3; WOW64; rv:28.0) Gecko/20100101 Firefox/28.0"
188.103.76.95 - - [04/May/2014:11:37:10 +0200] "GET /js/ddaccordion.js HTTP/1.1" 200 12534 "http://www.e-s-s-o-berlin.de/" "Mozilla/5.0 (Windows NT 6.3; WOW64; rv:28.0) Gecko/20100101 Firefox/28.0"
188.103.76.95 - - [04/May/2014:11:37:10 +0200] "GET /js/slider.js HTTP/1.1" 200 773 "http://www.e-s-s-o-berlin.de/" "Mozilla/5.0 (Windows NT 6.3; WOW64; rv:28.0) Gecko/20100101 Firefox/28.0"
188.103.76.95 - - [04/May/2014:11:37:10 +0200] "GET /Scripts/AC_ActiveX.js HTTP/1.1" 200 2068 "http://www.e-s-s-o-berlin.de/" "Mozilla/5.0 (Windows NT 6.3; WOW64; rv:28.0) Gecko/20100101 Firefox/28.0"
188.103.76.95 - - [04/May/2014:11:37:10 +0200] "GET /Scripts/AC_RunActiveContent.js HTTP/1.1" 200 8029 "http://www.e-s-s-o-berlin.de/" "Mozilla/5.0 (Windows NT 6.3; WOW64; rv:28.0) Gecko/20100101 Firefox/28.0"
188.103.76.95 - - [04/May/2014:11:37:10 +0200] "GET /modul.css HTTP/1.1" 200 36485 "http://www.e-s-s-o-berlin.de/" "Mozilla/5.0 (Windows NT 6.3; WOW64; rv:28.0) Gecko/20100101 Firefox/28.0"
188.103.76.95 - - [04/May/2014:11:37:10 +0200] "GET /js/jquery.min.js HTTP/1.1" 200 57254 "http://www.e-s-s-o-berlin.de/" "Mozilla/5.0 (Windows NT 6.3; WOW64; rv:28.0) Gecko/20100101 Firefox/28.0"
188.103.76.95 - - [04/May/2014:11:37:10 +0200] "GET / HTTP/1.1" 200 23409 "http://www.google.de/url?sa=t&rct=j&q=&esrc=s&source=web&cd=1&ved=0CEIQFjAA&url=http%3A%2F%2Fwww.e-s-s-o-berlin.de%2F&ei=PwpmU4WRBe_07AbGuoHYCg&usg=AFQjCNFyly26Im01L1hqxwtkO53IQPsODA&bvm=bv.65788261,d.ZGU" "Mozilla/5.0 (Windows NT 6.3; WOW64; rv:28.0) Gecko/20100101 Firefox/28.0"
188.103.76.95 - - [04/May/2014:11:37:10 +0200] "GET /video/jwplayer.js HTTP/1.1" 200 132411 "http://www.e-s-s-o-berlin.de/" "Mozilla/5.0 (Windows NT 6.3; WOW64; rv:28.0) Gecko/20100101 Firefox/28.0"
188.103.76.95 - - [04/May/2014:11:37:11 +0200] "GET /images/teamtkw.jpg HTTP/1.1" 200 27919 "http://www.e-s-s-o-berlin.de/" "Mozilla/5.0 (Windows NT 6.3; WOW64; rv:28.0) Gecko/20100101 Firefox/28.0"
188.103.76.95 - - [04/May/2014:11:37:11 +0200] "GET /images/team-energie.png HTTP/1.1" 200 17383 "http://www.e-s-s-o-berlin.de/" "Mozilla/5.0 (Windows NT 6.3; WOW64; rv:28.0) Gecko/20100101 Firefox/28.0"
188.103.76.95 - - [04/May/2014:11:37:11 +0200] "GET /images/tankpool24.jpg HTTP/1.1" 200 6460 "http://www.e-s-s-o-berlin.de/" "Mozilla/5.0 (Windows NT 6.3; WOW64; rv:28.0) Gecko/20100101 Firefox/28.0"
188.103.76.95 - - [04/May/2014:11:37:11 +0200] "GET /images/iwo.jpg HTTP/1.1" 200 11024 "http://www.e-s-s-o-berlin.de/" "Mozilla/5.0 (Windows NT 6.3; WOW64; rv:28.0) Gecko/20100101 Firefox/28.0"
188.103.76.95 - - [04/May/2014:11:37:11 +0200] "GET /images/baustelle.jpg HTTP/1.1" 200 17506 "http://www.e-s-s-o-berlin.de/" "Mozilla/5.0 (Windows NT 6.3; WOW64; rv:28.0) Gecko/20100101 Firefox/28.0"
188.103.76.95 - - [04/May/2014:11:37:11 +0200] "GET /images/telefon.png HTTP/1.1" 200 754 "http://www.e-s-s-o-berlin.de/" "Mozilla/5.0 (Windows NT 6.3; WOW64; rv:28.0) Gecko/20100101 Firefox/28.0"
188.103.76.95 - - [04/May/2014:11:37:11 +0200] "GET /images/email.png HTTP/1.1" 200 641 "http://www.e-s-s-o-berlin.de/" "Mozilla/5.0 (Windows NT 6.3; WOW64; rv:28.0) Gecko/20100101 Firefox/28.0"
188.103.76.95 - - [04/May/2014:11:37:11 +0200] "GET /images/heizoelbestellung.jpg HTTP/1.1" 200 6281 "http://www.e-s-s-o-berlin.de/" "Mozilla/5.0 (Windows NT 6.3; WOW64; rv:28.0) Gecko/20100101 Firefox/28.0"
188.103.76.95 - - [04/May/2014:11:37:11 +0200] "GET /images/wunschpreis.jpg HTTP/1.1" 200 5550 "http://www.e-s-s-o-berlin.de/" "Mozilla/5.0 (Windows NT 6.3; WOW64; rv:28.0) Gecko/20100101 Firefox/28.0"
188.103.76.95 - - [04/May/2014:11:37:11 +0200] "GET /images/adblue_neu.png HTTP/1.1" 200 30982 "http://www.e-s-s-o-berlin.de/" "Mozilla/5.0 (Windows NT 6.3; WOW64; rv:28.0) Gecko/20100101 Firefox/28.0"
188.103.76.95 - - [04/May/2014:11:37:11 +0200] "GET /images/freecall.png HTTP/1.1" 200 15914 "http://www.e-s-s-o-berlin.de/" "Mozilla/5.0 (Windows NT 6.3; WOW64; rv:28.0) Gecko/20100101 Firefox/28.0"
188.103.76.95 - - [04/May/2014:11:37:11 +0200] "GET /images/kwk.png HTTP/1.1" 200 15949 "http://www.e-s-s-o-berlin.de/" "Mozilla/5.0 (Windows NT 6.3; WOW64; rv:28.0) Gecko/20100101 Firefox/28.0"
188.103.76.95 - - [04/May/2014:11:37:11 +0200] "GET /images/ral.png HTTP/1.1" 200 25696 "http://www.e-s-s-o-berlin.de/" "Mozilla/5.0 (Windows NT 6.3; WOW64; rv:28.0) Gecko/20100101 Firefox/28.0"
188.103.76.95 - - [04/May/2014:11:37:11 +0200] "GET /images/Imagebroschuere_team_energie.png HTTP/1.1" 200 64117 "http://www.e-s-s-o-berlin.de/" "Mozilla/5.0 (Windows NT 6.3; WOW64; rv:28.0) Gecko/20100101 Firefox/28.0"
188.103.76.95 - - [04/May/2014:11:37:11 +0200] "GET /video/player.swf HTTP/1.1" 200 106407 "http://www.e-s-s-o-berlin.de/" "Mozilla/5.0 (Windows NT 6.3; WOW64; rv:28.0) Gecko/20100101 Firefox/28.0"
188.103.76.95 - - [04/May/2014:11:37:11 +0200] "GET /images/header.jpg HTTP/1.1" 200 23758 "http://www.e-s-s-o-berlin.de/style.css" "Mozilla/5.0 (Windows NT 6.3; WOW64; rv:28.0) Gecko/20100101 Firefox/28.0"
188.103.76.95 - - [04/May/2014:11:37:11 +0200] "GET /images/content_bg.jpg HTTP/1.1" 200 437 "http://www.e-s-s-o-berlin.de/style.css" "Mozilla/5.0 (Windows NT 6.3; WOW64; rv:28.0) Gecko/20100101 Firefox/28.0"
188.103.76.95 - - [04/May/2014:11:37:11 +0200] "GET /images/logos.jpg HTTP/1.1" 200 1205 "http://www.e-s-s-o-berlin.de/style.css" "Mozilla/5.0 (Windows NT 6.3; WOW64; rv:28.0) Gecko/20100101 Firefox/28.0"
188.103.76.95 - - [04/May/2014:11:37:11 +0200] "GET /images/newsletter.jpg HTTP/1.1" 200 13127 "http://www.e-s-s-o-berlin.de/style.css" "Mozilla/5.0 (Windows NT 6.3; WOW64; rv:28.0) Gecko/20100101 Firefox/28.0"
188.103.76.95 - - [04/May/2014:11:37:11 +0200] "GET /images/mobil.jpg HTTP/1.1" 200 25293 "http://www.e-s-s-o-berlin.de/style.css" "Mozilla/5.0 (Windows NT 6.3; WOW64; rv:28.0) Gecko/20100101 Firefox/28.0"
188.103.76.95 - - [04/May/2014:11:37:12 +0200] "GET /video/standbild.jpg HTTP/1.1" 200 14654 "http://www.e-s-s-o-berlin.de/video/player.swf" "Mozilla/5.0 (Windows NT 6.3; WOW64; rv:28.0) Gecko/20100101 Firefox/28.0"
188.103.76.95 - - [04/May/2014:11:37:12 +0200] "GET /favicon.ico HTTP/1.1" 404 1256 "-" "Mozilla/5.0 (Windows NT 6.3; WOW64; rv:28.0) Gecko/20100101 Firefox/28.0"
188.103.76.95 - - [04/May/2014:11:37:12 +0200] "GET /favicon.ico HTTP/1.1" 404 1256 "-" "Mozilla/5.0 (Windows NT 6.3; WOW64; rv:28.0) Gecko/20100101 Firefox/28.0"
188.103.76.95 - - [04/May/2014:11:37:17 +0200] "GET /images/ral.jpg HTTP/1.1" 200 6136 "http://www.e-s-s-o-berlin.de/heizoel.php" "Mozilla/5.0 (Windows NT 6.3; WOW64; rv:28.0) Gecko/20100101 Firefox/28.0"
188.103.76.95 - - [04/May/2014:11:37:17 +0200] "GET /heizoel.php HTTP/1.1" 200 20999 "http://www.e-s-s-o-berlin.de/" "Mozilla/5.0 (Windows NT 6.3; WOW64; rv:28.0) Gecko/20100101 Firefox/28.0"
188.103.76.95 - - [04/May/2014:11:37:34 +0200] "GET /preisanfrage.php HTTP/1.1" 200 23737 "http://www.e-s-s-o-berlin.de/heizoel.php" "Mozilla/5.0 (Windows NT 6.3; WOW64; rv:28.0) Gecko/20100101 Firefox/28.0"
188.103.76.95 - - [04/May/2014:11:39:28 +0200] "POST /preisanfrage.php HTTP/1.1" 200 23957 "http://www.e-s-s-o-berlin.de/preisanfrage.php" "Mozilla/5.0 (Windows NT 6.3; WOW64; rv:28.0) Gecko/20100101 Firefox/28.0"
188.103.76.95 - - [04/May/2014:11:39:56 +0200] "GET /news.php?cs_go=archiv&cs_id=5126 HTTP/1.1" 200 24418 "http://www.e-s-s-o-berlin.de/preisanfrage.php" "Mozilla/5.0 (Windows NT 6.3; WOW64; rv:28.0) Gecko/20100101 Firefox/28.0"
188.103.76.95 - - [04/May/2014:11:42:18 +0200] "GET /preisanfrage.php HTTP/1.1" 200 23737 "-" "Mozilla/5.0 (Windows NT 6.3; WOW64; rv:28.0) Gecko/20100101 Firefox/28.0"
188.103.76.95 - - [04/May/2014:11:45:46 +0200] "GET / HTTP/1.1" 200 23409 "-" "Mozilla/5.0 (Windows NT 6.3; WOW64; rv:28.0) Gecko/20100101 Firefox/28.0"
66.249.65.71 - - [04/May/2014:11:48:22 +0200] "GET /news.php?cs_go=archiv&cs_id=4562 HTTP/1.1" 200 24696 "-" "Mozilla/5.0 (compatible; Googlebot/2.1; +http://www.google.com/bot.html)"
37.58.100.168 - - [04/May/2014:11:56:11 +0200] "GET /lexikon.php?cs_go=2&cs_char=b HTTP/1.1" 200 20870 "-" "Mozilla/5.0 (compatible; AhrefsBot/5.0; +http://ahrefs.com/robot/)"
66.249.65.24 - - [04/May/2014:12:06:33 +0200] "GET /news.php?cs_go=archiv&cs_id=4865&cs_search= HTTP/1.1" 200 24260 "-" "Mozilla/5.0 (compatible; Googlebot/2.1; +http://www.google.com/bot.html)"
178.255.215.70 - - [04/May/2014:12:07:55 +0200] "GET /premiumheizoel.php HTTP/1.1" 200 19519 "-" "Mozilla/5.0 (compatible; Exabot/3.0; +http://www.exabot.com/go/robot)"
66.249.65.39 - - [04/May/2014:12:11:21 +0200] "GET /lexikon.php?cs_go=3&cs_id=64 HTTP/1.1" 200 19869 "-" "Mozilla/5.0 (compatible; Googlebot/2.1; +http://www.google.com/bot.html)"
66.249.65.39 - - [04/May/2014:12:14:17 +0200] "GET /news.php?cs_go=archiv&cs_id=3666 HTTP/1.1" 200 24179 "-" "Mozilla/5.0 (iPhone; CPU iPhone OS 6_0 like Mac OS X) AppleWebKit/536.26 (KHTML, like Gecko) Version/6.0 Mobile/10A5376e Safari/8536.25 (compatible; Googlebot/2.1; +http://www.google.com/bot.html)"
66.249.65.57 - - [04/May/2014:12:17:27 +0200] "GET /news.php?cs_go=archiv&cs_id=3365&cs_search= HTTP/1.1" 200 24402 "-" "Mozilla/5.0 (compatible; Googlebot/2.1; +http://www.google.com/bot.html)"
157.55.32.98 - - [04/May/2014:12:17:32 +0200] "GET /heizoel.php HTTP/1.1" 200 20999 "-" "Mozilla/5.0 (compatible; bingbot/2.0; +http://www.bing.com/bingbot.htm)"
66.249.65.8 - - [04/May/2014:12:21:06 +0200] "GET /news.php?cs_go=archiv&cs_id=4419&cs_search= HTTP/1.1" 200 21741 "-" "Mozilla/5.0 (compatible; Googlebot/2.1; +http://www.google.com/bot.html)"
65.55.52.119 - - [04/May/2014:12:21:18 +0200] "GET /news.php?cs_go=archiv&cs_id=5077 HTTP/1.1" 200 24496 "-" "Mozilla/5.0 (compatible; bingbot/2.0; +http://www.bing.com/bingbot.htm)"
66.249.65.72 - - [04/May/2014:12:25:55 +0200] "GET /news.php?cs_go=archiv&cs_id=5137 HTTP/1.1" 200 20658 "-" "Mozilla/5.0 (compatible; Googlebot/2.1; +http://www.google.com/bot.html)"
66.249.65.156 - - [04/May/2014:12:26:23 +0200] "GET /lexikon.php?cs_go=3&cs_id=224 HTTP/1.1" 200 19416 "-" "Mozilla/5.0 (compatible; Googlebot/2.1; +http://www.google.com/bot.html)"
66.249.65.8 - - [04/May/2014:12:28:22 +0200] "GET /robots.txt HTTP/1.1" 404 1256 "-" "Mozilla/5.0 (compatible; Googlebot/2.1; +http://www.google.com/bot.html)"
66.249.75.45 - - [04/May/2014:12:28:22 +0200] "GET /news.php?cs_go=archiv&cs_id=5129 HTTP/1.1" 200 24051 "-" "Mozilla/5.0 (compatible; Googlebot/2.1; +http://www.google.com/bot.html)"
95.215.0.27 - - [04/May/2014:12:30:46 +0200] "GET /news.php?cs_go=archiv&cs_id=4425 HTTP/1.1" 200 24781 "-" "Mozilla/5.0 (Windows NT 6.1; WOW64; rv:26.1) Gecko/20100101 Firefox/26.0"
145.129.29.179 - - [04/May/2014:12:30:57 +0200] "GET / HTTP/1.1" 200 23409 "-" "Java/1.4.1_04"
145.129.29.179 - - [04/May/2014:12:31:06 +0200] "GET /adblue.php HTTP/1.1" 200 23127 "-" "Java/1.4.1_04"
145.129.29.179 - - [04/May/2014:12:31:07 +0200] "GET /ansprechpartner.php HTTP/1.1" 200 21529 "-" "Java/1.4.1_04"
145.129.29.179 - - [04/May/2014:12:31:07 +0200] "GET /baustellenbetankung.php HTTP/1.1" 200 19811 "-" "Java/1.4.1_04"
145.129.29.179 - - [04/May/2014:12:31:08 +0200] "GET /biogasanlage.php HTTP/1.1" 200 19193 "-" "Java/1.4.1_04"
145.129.29.179 - - [04/May/2014:12:31:09 +0200] "GET /brennwerttechnik.php HTTP/1.1" 200 22215 "-" "Java/1.4.1_04"
145.129.29.179 - - [04/May/2014:12:31:10 +0200] "GET /diesel.php HTTP/1.1" 200 22417 "-" "Java/1.4.1_04"
145.129.29.179 - - [04/May/2014:12:31:11 +0200] "GET /ec.php HTTP/1.1" 200 20733 "-" "Java/1.4.1_04"
145.129.29.179 - - [04/May/2014:12:31:12 +0200] "GET /edl.php HTTP/1.1" 200 22495 "-" "Java/1.4.1_04"
145.129.29.179 - - [04/May/2014:12:31:13 +0200] "GET /energiekostenvergleich.php HTTP/1.1" 200 23560 "-" "Java/1.4.1_04"
145.129.29.179 - - [04/May/2014:12:31:14 +0200] "GET /energiesparcheck.php HTTP/1.1" 200 24797 "-" "Java/1.4.1_04"
145.129.29.179 - - [04/May/2014:12:31:17 +0200] "GET /essoschmierstoffe.php HTTP/1.1" 200 22876 "-" "Java/1.4.1_04"
145.129.29.179 - - [04/May/2014:12:31:17 +0200] "GET /faq.php HTTP/1.1" 200 238294 "-" "Java/1.4.1_04"
145.129.29.179 - - [04/May/2014:12:31:22 +0200] "GET /foerdermittel.php HTTP/1.1" 200 24406 "-" "Java/1.4.1_04"
145.129.29.179 - - [04/May/2014:12:31:24 +0200] "GET /heizoel.php HTTP/1.1" 200 20999 "-" "Java/1.4.1_04"
145.129.29.179 - - [04/May/2014:12:31:25 +0200] "GET /impressum.php HTTP/1.1" 200 20220 "-" "Java/1.4.1_04"
145.129.29.179 - - [04/May/2014:12:31:27 +0200] "GET /index.php HTTP/1.1" 200 23409 "-" "Java/1.4.1_04"
145.129.29.179 - - [04/May/2014:12:31:28 +0200] "GET /jobs.php HTTP/1.1" 200 19000 "-" "Java/1.4.1_04"
145.129.29.179 - - [04/May/2014:12:31:29 +0200] "GET /kontakt.php HTTP/1.1" 200 20926 "-" "Java/1.4.1_04"
145.129.29.179 - - [04/May/2014:12:31:31 +0200] "GET /kwk.php HTTP/1.1" 200 22041 "-" "Java/1.4.1_04"
145.129.29.179 - - [04/May/2014:12:31:32 +0200] "GET /lexikon.php HTTP/1.1" 200 21691 "-" "Java/1.4.1_04"
145.129.29.179 - - [04/May/2014:12:31:35 +0200] "GET /marktdaten.php HTTP/1.1" 200 19936 "-" "Java/1.4.1_04"
145.129.29.179 - - [04/May/2014:12:31:36 +0200] "GET /news.php HTTP/1.1" 200 33654 "-" "Java/1.4.1_04"
145.129.29.179 - - [04/May/2014:12:31:37 +0200] "GET /newsletter.php HTTP/1.1" 200 19925 "-" "Java/1.4.1_04"
145.129.29.179 - - [04/May/2014:12:31:39 +0200] "GET /notdienst.php HTTP/1.1" 200 19717 "-" "Java/1.4.1_04"
145.129.29.179 - - [04/May/2014:12:31:40 +0200] "GET /ofenbau.php HTTP/1.1" 200 22004 "-" "Java/1.4.1_04"
145.129.29.179 - - [04/May/2014:12:31:41 +0200] "GET /preisanfrage.php HTTP/1.1" 200 23737 "-" "Java/1.4.1_04"
145.129.29.179 - - [04/May/2014:12:31:42 +0200] "GET /premiumheizoel.php HTTP/1.1" 200 19519 "-" "Java/1.4.1_04"
145.129.29.179 - - [04/May/2014:12:31:42 +0200] "GET /schmierstoffe.php HTTP/1.1" 200 21715 "-" "Java/1.4.1_04"
145.129.29.179 - - [04/May/2014:12:31:43 +0200] "GET /tankanlagen.php HTTP/1.1" 200 22937 "-" "Java/1.4.1_04"
145.129.29.179 - - [04/May/2014:12:31:44 +0200] "GET /tankreinigung.php HTTP/1.1" 200 22389 "-" "Java/1.4.1_04"
145.129.29.179 - - [04/May/2014:12:31:46 +0200] "GET /waermekonto.php HTTP/1.1" 200 30901 "-" "Java/1.4.1_04"
66.249.68.124 - - [04/May/2014:12:39:07 +0200] "GET /robots.txt HTTP/1.1" 404 1256 "-" "Mozilla/5.0 (compatible; Googlebot/2.1; +http://www.google.com/bot.html)"
66.249.68.156 - - [04/May/2014:12:39:07 +0200] "GET /news.php?cs_go=archiv&cs_id=4868&cs_search= HTTP/1.1" 200 20746 "-" "Mozilla/5.0 (compatible; Googlebot/2.1; +http://www.google.com/bot.html)"
66.249.68.31 - - [04/May/2014:12:41:23 +0200] "GET /robots.txt HTTP/1.1" 404 1256 "-" "Mozilla/5.0 (compatible; Googlebot/2.1; +http://www.google.com/bot.html)"
66.249.68.95 - - [04/May/2014:12:41:23 +0200] "GET /lexikon.php?cs_go=3&cs_id=234 HTTP/1.1" 200 19866 "-" "Mozilla/5.0 (compatible; Googlebot/2.1; +http://www.google.com/bot.html)"
66.249.68.25 - - [04/May/2014:12:42:55 +0200] "GET /robots.txt HTTP/1.1" 404 1256 "-" "Mozilla/5.0 (compatible; Googlebot/2.1; +http://www.google.com/bot.html)"
66.249.68.89 - - [04/May/2014:12:42:55 +0200] "GET /lexikon.php?cs_go=3&cs_id=43 HTTP/1.1" 200 19143 "-" "Mozilla/5.0 (compatible; Googlebot/2.1; +http://www.google.com/bot.html)"
141.8.147.12 - - [04/May/2014:12:43:06 +0200] "GET /robots.txt HTTP/1.1" 404 1256 "-" "Mozilla/5.0 (compatible; YandexBot/3.0; +http://yandex.com/bots)"
199.30.20.10 - - [04/May/2014:12:45:06 +0200] "GET /robots.txt HTTP/1.1" 404 1256 "-" "msnbot-media/1.1 (+http://search.msn.com/msnbot.htm)"
199.30.20.10 - - [04/May/2014:12:45:07 +0200] "GET /index.php?page=produkte HTTP/1.1" 200 23409 "-" "msnbot-media/1.1 (+http://search.msn.com/msnbot.htm)"
65.55.52.119 - - [04/May/2014:12:45:55 +0200] "GET /news.php?cs_go=archiv&cs_id=5077 HTTP/1.1" 200 24496 "-" "Mozilla/5.0 (compatible; bingbot/2.0; +http://www.bing.com/bingbot.htm)"
66.249.68.63 - - [04/May/2014:12:46:25 +0200] "GET /lexikon.php?cs_go=3&cs_id=130 HTTP/1.1" 200 19376 "-" "Mozilla/5.0 (compatible; Googlebot/2.1; +http://www.google.com/bot.html)"
5.199.136.130 - - [04/May/2014:12:47:41 +0200] "GET /robots.txt HTTP/1.1" 404 1256 "-" "Mozilla/5.0 (compatible; waybackarchive.org/1.0; +spider@waybackarchive.org)"
5.199.136.130 - - [04/May/2014:12:47:57 +0200] "GET /news.php?cs_go=archiv&cs_id=4927&cs_search= HTTP/1.1" 200 20510 "-" "Mozilla/5.0 (compatible; waybackarchive.org/1.0; +spider@waybackarchive.org)"
66.249.68.103 - - [04/May/2014:12:54:28 +0200] "GET /robots.txt HTTP/1.1" 404 1256 "-" "Mozilla/5.0 (compatible; Googlebot/2.1; +http://www.google.com/bot.html)"
66.249.68.39 - - [04/May/2014:12:54:28 +0200] "GET /news.php?cs_go=archiv&cs_id=4125 HTTP/1.1" 200 22202 "-" "Mozilla/5.0 (iPhone; CPU iPhone OS 6_0 like Mac OS X) AppleWebKit/536.26 (KHTML, like Gecko) Version/6.0 Mobile/10A5376e Safari/8536.25 (compatible; Googlebot/2.1; +http://www.google.com/bot.html)"
37.58.100.133 - - [04/May/2014:12:56:58 +0200] "GET /lexikon.php?cs_go=3&cs_id=125 HTTP/1.1" 200 20119 "-" "Mozilla/5.0 (compatible; AhrefsBot/5.0; +http://ahrefs.com/robot/)"
66.249.68.39 - - [04/May/2014:12:57:27 +0200] "GET /lexikon.php?cs_go=3&cs_id=103 HTTP/1.1" 200 20357 "-" "Mozilla/5.0 (compatible; Googlebot/2.1; +http://www.google.com/bot.html)"
66.249.68.56 - - [04/May/2014:13:00:30 +0200] "GET /robots.txt HTTP/1.1" 404 1256 "-" "Mozilla/5.0 (compatible; Googlebot/2.1; +http://www.google.com/bot.html)"
66.249.68.56 - - [04/May/2014:13:00:30 +0200] "GET /kwk.php HTTP/1.1" 200 22041 "-" "Mozilla/5.0 (compatible; Googlebot/2.1; +http://www.google.com/bot.html)"
208.115.111.71 - - [04/May/2014:13:00:39 +0200] "GET /schmierstoffe.php HTTP/1.1" 200 21715 "-" "Mozilla/5.0 (compatible; DotBot/1.1; http://www.opensiteexplorer.org/dotbot, help@moz.com)"
141.8.147.12 - - [04/May/2014:13:04:33 +0200] "GET /news.php?cs_go=archiv&cs_id=5071 HTTP/1.1" 200 20422 "-" "Mozilla/5.0 (compatible; YandexBot/3.0; +http://yandex.com/bots)"
66.249.68.10 - - [04/May/2014:13:04:44 +0200] "GET /robots.txt HTTP/1.1" 404 1256 "-" "Mozilla/5.0 (compatible; Googlebot/2.1; +http://www.google.com/bot.html)"
66.249.68.10 - - [04/May/2014:13:04:44 +0200] "GET /news.php?cs_go=archiv&cs_id=4878 HTTP/1.1" 200 20489 "-" "Mozilla/5.0 (compatible; Googlebot/2.1; +http://www.google.com/bot.html)"
37.58.100.231 - - [04/May/2014:13:12:46 +0200] "GET /news.php?cs_go=archiv&cs_id=4876&cs_search= HTTP/1.1" 200 20488 "-" "Mozilla/5.0 (compatible; AhrefsBot/5.0; +http://ahrefs.com/robot/)"
157.55.34.98 - - [04/May/2014:13:15:46 +0200] "GET /news.php?cs_go=archiv&cs_id=5089 HTTP/1.1" 200 20272 "-" "Mozilla/5.0 (compatible; bingbot/2.0; +http://www.bing.com/bingbot.htm)"
66.249.68.31 - - [04/May/2014:13:16:23 +0200] "GET /lexikon.php?cs_go=3&cs_id=208 HTTP/1.1" 200 19497 "-" "Mozilla/5.0 (compatible; Googlebot/2.1; +http://www.google.com/bot.html)"
66.249.68.24 - - [04/May/2014:13:19:17 +0200] "GET /news.php?cs_go=archiv&cs_id=4788&cs_search= HTTP/1.1" 200 23924 "-" "Mozilla/5.0 (compatible; Googlebot/2.1; +http://www.google.com/bot.html)"
144.76.95.232 - - [04/May/2014:13:21:51 +0200] "GET /robots.txt HTTP/1.0" 404 1256 "-" "Mozilla/5.0 (compatible; MJ12bot/v1.4.5; http://www.majestic12.co.uk/bot.php?+)"
144.76.95.232 - - [04/May/2014:13:21:53 +0200] "GET /news.php?cs_go=archiv&cs_id=4500 HTTP/1.0" 200 23556 "-" "Mozilla/5.0 (compatible; MJ12bot/v1.4.5; http://www.majestic12.co.uk/bot.php?+)"
144.76.95.232 - - [04/May/2014:13:21:57 +0200] "GET /news.php?cs_go=archiv&cs_id=4507 HTTP/1.0" 200 22380 "-" "Mozilla/5.0 (compatible; MJ12bot/v1.4.5; http://www.majestic12.co.uk/bot.php?+)"
144.76.95.232 - - [04/May/2014:13:21:59 +0200] "GET /news.php?cs_go=archiv&cs_id=4513 HTTP/1.0" 200 20737 "-" "Mozilla/5.0 (compatible; MJ12bot/v1.4.5; http://www.majestic12.co.uk/bot.php?+)"
144.76.95.232 - - [04/May/2014:13:22:02 +0200] "GET /news.php?cs_go=archiv&cs_id=4517 HTTP/1.0" 200 23992 "-" "Mozilla/5.0 (compatible; MJ12bot/v1.4.5; http://www.majestic12.co.uk/bot.php?+)"
144.76.95.232 - - [04/May/2014:13:22:06 +0200] "GET /news.php?cs_go=archiv&cs_id=4524 HTTP/1.0" 200 24657 "-" "Mozilla/5.0 (compatible; MJ12bot/v1.4.5; http://www.majestic12.co.uk/bot.php?+)"
144.76.95.232 - - [04/May/2014:13:22:10 +0200] "GET /news.php?cs_go=archiv&cs_id=4889 HTTP/1.0" 200 24196 "-" "Mozilla/5.0 (compatible; MJ12bot/v1.4.5; http://www.majestic12.co.uk/bot.php?+)"
66.249.68.40 - - [04/May/2014:13:22:55 +0200] "GET /robots.txt HTTP/1.1" 404 1256 "-" "Mozilla/5.0 (compatible; Googlebot/2.1; +http://www.google.com/bot.html)"
66.249.75.129 - - [04/May/2014:13:22:55 +0200] "GET /news.php?cs_go=archiv&cs_id=4721 HTTP/1.1" 200 20866 "-" "Mozilla/5.0 (compatible; Googlebot/2.1; +http://www.google.com/bot.html)"
217.86.196.40 - - [04/May/2014:13:23:07 +0200] "GET / HTTP/1.1" 200 23409 "-" "-"
217.86.196.40 - - [04/May/2014:13:23:08 +0200] "GET / HTTP/1.1" 200 23409 "http://www.google.de/" "finbot"
217.86.196.40 - - [04/May/2014:13:23:09 +0200] "GET / HTTP/1.1" 200 23409 "http://www.google.de/" "Mozilla/5.0 (Linux; U; Android 4.1.2; de-de; GT-I8190 Build/JZO54K) AppleWebKit/534.30 (KHTML, like Gecko) Version/4.0 Mobile Safari/534.30"
217.86.196.40 - - [04/May/2014:13:23:09 +0200] "GET /style.css HTTP/1.1" 200 8056 "http://www.google.de/" "finbot"
217.86.196.40 - - [04/May/2014:13:23:09 +0200] "GET /modul.css HTTP/1.1" 200 36485 "http://www.google.de/" "finbot"
141.8.147.12 - - [04/May/2014:13:25:41 +0200] "GET /lexikon.php?cs_go=3&cs_id=67 HTTP/1.1" 200 19766 "-" "Mozilla/5.0 (compatible; YandexBot/3.0; +http://yandex.com/bots)"
66.249.68.103 - - [04/May/2014:13:30:11 +0200] "GET /news.php?cs_go=archiv&cs_id=2978 HTTP/1.1" 200 20549 "-" "Mozilla/5.0 (compatible; Googlebot/2.1; +http://www.google.com/bot.html)"
5.199.136.130 - - [04/May/2014:13:30:21 +0200] "GET /robots.txt HTTP/1.1" 404 1256 "-" "Mozilla/5.0 (compatible; waybackarchive.org/1.0; +spider@waybackarchive.org)"
5.199.136.130 - - [04/May/2014:13:30:23 +0200] "GET /adblue.php HTTP/1.1" 200 23127 "-" "Mozilla/5.0 (compatible; waybackarchive.org/1.0; +spider@waybackarchive.org)"
208.115.113.88 - - [04/May/2014:13:35:56 +0200] "GET /robots.txt HTTP/1.1" 404 1256 "-" "Mozilla/5.0 (compatible; DotBot/1.1; http://www.opensiteexplorer.org/dotbot, help@moz.com)"
66.249.68.56 - - [04/May/2014:13:44:44 +0200] "GET /news.php?cs_go=archiv&cs_id=4851&cs_search= HTTP/1.1" 200 21898 "-" "Mozilla/5.0 (compatible; Googlebot/2.1; +http://www.google.com/bot.html)"
148.251.23.114 - - [04/May/2014:14:00:17 +0200] "GET /robots.txt HTTP/1.0" 404 1256 "-" "Mozilla/5.0 (compatible; MJ12bot/v1.4.5; http://www.majestic12.co.uk/bot.php?+)"
148.251.23.114 - - [04/May/2014:14:00:20 +0200] "GET /news.php?cs_go=archiv&cs_id=5137 HTTP/1.0" 200 20658 "-" "Mozilla/5.0 (compatible; MJ12bot/v1.4.5; http://www.majestic12.co.uk/bot.php?+)"
37.58.100.173 - - [04/May/2014:14:02:38 +0200] "GET /lexikon.php?cs_go=2&cs_char=z HTTP/1.1" 200 19401 "-" "Mozilla/5.0 (compatible; AhrefsBot/5.0; +http://ahrefs.com/robot/)"
80.60.211.203 - - [04/May/2014:14:04:44 +0200] "GET / HTTP/1.1" 200 23409 "-" "Java/1.7.0_01"
80.60.211.203 - - [04/May/2014:14:04:52 +0200] "GET /adblue.php HTTP/1.1" 200 23127 "-" "Java/1.7.0_01"
80.60.211.203 - - [04/May/2014:14:04:53 +0200] "GET /ansprechpartner.php HTTP/1.1" 200 21529 "-" "Java/1.7.0_01"
80.60.211.203 - - [04/May/2014:14:04:53 +0200] "GET /baustellenbetankung.php HTTP/1.1" 200 19811 "-" "Java/1.7.0_01"
80.60.211.203 - - [04/May/2014:14:04:54 +0200] "GET /biogasanlage.php HTTP/1.1" 200 19193 "-" "Java/1.7.0_01"
80.60.211.203 - - [04/May/2014:14:04:54 +0200] "GET /brennwerttechnik.php HTTP/1.1" 200 22215 "-" "Java/1.7.0_01"
80.60.211.203 - - [04/May/2014:14:04:55 +0200] "GET /diesel.php HTTP/1.1" 200 22417 "-" "Java/1.7.0_01"
80.60.211.203 - - [04/May/2014:14:04:56 +0200] "GET /ec.php HTTP/1.1" 200 20733 "-" "Java/1.7.0_01"
80.60.211.203 - - [04/May/2014:14:04:56 +0200] "GET /edl.php HTTP/1.1" 200 22495 "-" "Java/1.7.0_01"
80.60.211.203 - - [04/May/2014:14:04:57 +0200] "GET /energiekostenvergleich.php HTTP/1.1" 200 23560 "-" "Java/1.7.0_01"
80.60.211.203 - - [04/May/2014:14:04:58 +0200] "GET /energiesparcheck.php HTTP/1.1" 200 24797 "-" "Java/1.7.0_01"
80.60.211.203 - - [04/May/2014:14:04:59 +0200] "GET /essoschmierstoffe.php HTTP/1.1" 200 22876 "-" "Java/1.7.0_01"
80.60.211.203 - - [04/May/2014:14:04:59 +0200] "GET /faq.php HTTP/1.1" 200 238499 "-" "Java/1.7.0_01"
80.60.211.203 - - [04/May/2014:14:05:01 +0200] "GET /foerdermittel.php HTTP/1.1" 200 24406 "-" "Java/1.7.0_01"
80.60.211.203 - - [04/May/2014:14:05:02 +0200] "GET /heizoel.php HTTP/1.1" 200 20999 "-" "Java/1.7.0_01"
80.60.211.203 - - [04/May/2014:14:05:03 +0200] "GET /impressum.php HTTP/1.1" 200 20220 "-" "Java/1.7.0_01"
80.60.211.203 - - [04/May/2014:14:05:03 +0200] "GET /index.php HTTP/1.1" 200 23409 "-" "Java/1.7.0_01"
