157.55.33.20 - - [02/May/2014:04:13:05 +0200] "GET /adblue.php HTTP/1.1" 200 23024 "-" "Mozilla/5.0 (compatible; bingbot/2.0; +http://www.bing.com/bingbot.htm)"
66.249.78.114 - - [02/May/2014:04:15:27 +0200] "GET /lexikon.php?cs_go=3&cs_id=125 HTTP/1.1" 200 20016 "-" "Mozilla/5.0 (compatible; Googlebot/2.1; +http://www.google.com/bot.html)"
157.55.36.50 - - [02/May/2014:04:15:57 +0200] "GET /ofenbau.php HTTP/1.1" 200 21901 "-" "Mozilla/5.0 (compatible; bingbot/2.0; +http://www.bing.com/bingbot.htm)"
157.56.229.245 - - [02/May/2014:04:16:13 +0200] "GET /robots.txt HTTP/1.1" 404 1256 "-" "Mozilla/5.0 (compatible; bingbot/2.0; +http://www.bing.com/bingbot.htm)"
157.56.229.245 - - [02/May/2014:04:16:19 +0200] "GET /news.php HTTP/1.1" 200 33624 "-" "Mozilla/5.0 (compatible; bingbot/2.0; +http://www.bing.com/bingbot.htm)"
157.55.33.20 - - [02/May/2014:04:17:27 +0200] "GET /news.php?cs_go=archiv&cs_id=5135 HTTP/1.1" 200 24099 "-" "Mozilla/5.0 (compatible; bingbot/2.0; +http://www.bing.com/bingbot.htm)"
66.249.78.71 - - [02/May/2014:04:18:23 +0200] "GET /lexikon.php?cs_go=3&cs_id=190 HTTP/1.1" 200 19514 "-" "Mozilla/5.0 (compatible; Googlebot/2.1; +http://www.google.com/bot.html)"
66.249.78.200 - - [02/May/2014:04:21:18 +0200] "GET /lexikon.php?cs_go=3&cs_id=28 HTTP/1.1" 200 19386 "-" "Mozilla/5.0 (compatible; Googlebot/2.1; +http://www.google.com/bot.html)"
208.115.113.93 - - [02/May/2014:04:27:26 +0200] "GET /foerdermittel.php HTTP/1.1" 200 24303 "-" "Mozilla/5.0 (compatible; DotBot/1.1; http://www.opensiteexplorer.org/dotbot, help@moz.com)"
66.249.78.86 - - [02/May/2014:04:30:05 +0200] "GET /news.php?cs_go=archiv&cs_id=3821 HTTP/1.1" 200 21573 "-" "Mozilla/5.0 (compatible; Googlebot/2.1; +http://www.google.com/bot.html)"
66.249.78.71 - - [02/May/2014:04:33:01 +0200] "GET /news.php?cs_go=archiv&cs_id=4519 HTTP/1.1" 200 20843 "-" "Mozilla/5.0 (compatible; Googlebot/2.1; +http://www.google.com/bot.html)"
123.125.71.50 - - [02/May/2014:04:33:46 +0200] "GET / HTTP/1.1" 200 14971 "-" "Mozilla/5.0 (compatible; Baiduspider/2.0; +http://www.baidu.com/search/spider.html)"
220.181.108.114 - - [02/May/2014:04:34:23 +0200] "GET / HTTP/1.1" 200 14971 "-" "Mozilla/5.0 (compatible; Baiduspider/2.0; +http://www.baidu.com/search/spider.html)"
208.115.111.69 - - [02/May/2014:04:35:33 +0200] "GET /foerdermittel.php HTTP/1.1" 200 24303 "-" "Mozilla/5.0 (compatible; DotBot/1.1; http://www.opensiteexplorer.org/dotbot, help@moz.com)"
66.249.78.71 - - [02/May/2014:04:47:39 +0200] "GET /jobs.php HTTP/1.1" 200 18897 "-" "Mozilla/5.0 (compatible; Googlebot/2.1; +http://www.google.com/bot.html)"
208.115.113.85 - - [02/May/2014:04:51:33 +0200] "GET /robots.txt HTTP/1.1" 404 1256 "-" "Mozilla/5.0 (compatible; DotBot/1.1; http://www.opensiteexplorer.org/dotbot, help@moz.com)"
37.58.100.234 - - [02/May/2014:04:54:04 +0200] "GET /news.php?cs_go=archiv&cs_id=4918&cs_search= HTTP/1.1" 200 24223 "-" "Mozilla/5.0 (compatible; AhrefsBot/5.0; +http://ahrefs.com/robot/)"
66.249.78.86 - - [02/May/2014:05:01:48 +0200] "GET /news.php?cs_go=archiv&cs_id=3561 HTTP/1.1" 200 20557 "-" "Mozilla/5.0 (iPhone; CPU iPhone OS 6_0 like Mac OS X) AppleWebKit/536.26 (KHTML, like Gecko) Version/6.0 Mobile/10A5376e Safari/8536.25 (compatible; Googlebot/2.1; +http://www.google.com/bot.html)"
66.249.78.86 - - [02/May/2014:05:01:52 +0200] "GET /lexikon.php?cs_go=3&cs_id=69 HTTP/1.1" 200 21144 "-" "Mozilla/5.0 (compatible; Googlebot/2.1; +http://www.google.com/bot.html)"
66.249.78.86 - - [02/May/2014:05:02:17 +0200] "GET /news.php?cs_go=archiv&cs_id=4373 HTTP/1.1" 200 22346 "-" "Mozilla/5.0 (compatible; Googlebot/2.1; +http://www.google.com/bot.html)"
65.55.52.114 - - [02/May/2014:05:09:00 +0200] "GET /robots.txt HTTP/1.1" 404 1256 "-" "Mozilla/5.0 (compatible; bingbot/2.0; +http://www.bing.com/bingbot.htm)"
65.55.52.114 - - [02/May/2014:05:17:02 +0200] "GET /lexikon.php HTTP/1.1" 200 21588 "-" "Mozilla/5.0 (compatible; bingbot/2.0; +http://www.bing.com/bingbot.htm)"
66.249.78.71 - - [02/May/2014:05:18:21 +0200] "GET /news.php?cs_go=archiv&cs_id=4520 HTTP/1.1" 200 25002 "-" "Mozilla/5.0 (iPhone; CPU iPhone OS 6_0 like Mac OS X) AppleWebKit/536.26 (KHTML, like Gecko) Version/6.0 Mobile/10A5376e Safari/8536.25 (compatible; Googlebot/2.1; +http://www.google.com/bot.html)"
144.76.137.226 - - [02/May/2014:05:21:31 +0200] "GET /robots.txt HTTP/1.0" 404 1256 "-" "Mozilla/5.0 (compatible; MJ12bot/v1.4.5; http://www.majestic12.co.uk/bot.php?+)"
144.76.137.226 - - [02/May/2014:05:21:33 +0200] "GET /news.php?cs_go=archiv&cs_id=5076&cs_search= HTTP/1.0" 200 23480 "-" "Mozilla/5.0 (compatible; MJ12bot/v1.4.5; http://www.majestic12.co.uk/bot.php?+)"
144.76.137.226 - - [02/May/2014:05:21:35 +0200] "GET /news.php?cs_go=archiv&cs_id=5077&cs_search= HTTP/1.0" 200 24393 "-" "Mozilla/5.0 (compatible; MJ12bot/v1.4.5; http://www.majestic12.co.uk/bot.php?+)"
144.76.137.226 - - [02/May/2014:05:21:37 +0200] "GET /news.php?cs_go=archiv&cs_id=5078&cs_search= HTTP/1.0" 200 20439 "-" "Mozilla/5.0 (compatible; MJ12bot/v1.4.5; http://www.majestic12.co.uk/bot.php?+)"
144.76.137.226 - - [02/May/2014:05:21:40 +0200] "GET /news.php?cs_go=archiv&cs_id=5079&cs_search= HTTP/1.0" 200 23229 "-" "Mozilla/5.0 (compatible; MJ12bot/v1.4.5; http://www.majestic12.co.uk/bot.php?+)"
144.76.137.226 - - [02/May/2014:05:21:42 +0200] "GET /news.php?cs_go=archiv&cs_id=5080&cs_search= HTTP/1.0" 200 24176 "-" "Mozilla/5.0 (compatible; MJ12bot/v1.4.5; http://www.majestic12.co.uk/bot.php?+)"
144.76.137.226 - - [02/May/2014:05:21:44 +0200] "GET /news.php?cs_go=archiv&cs_id=5082&cs_search= HTTP/1.0" 200 20376 "-" "Mozilla/5.0 (compatible; MJ12bot/v1.4.5; http://www.majestic12.co.uk/bot.php?+)"
144.76.137.226 - - [02/May/2014:05:21:46 +0200] "GET /news.php?cs_go=archiv&cs_id=5083&cs_search= HTTP/1.0" 200 20987 "-" "Mozilla/5.0 (compatible; MJ12bot/v1.4.5; http://www.majestic12.co.uk/bot.php?+)"
144.76.137.226 - - [02/May/2014:05:21:49 +0200] "GET /news.php?cs_go=archiv&cs_id=5084&cs_search= HTTP/1.0" 200 20411 "-" "Mozilla/5.0 (compatible; MJ12bot/v1.4.5; http://www.majestic12.co.uk/bot.php?+)"
144.76.137.226 - - [02/May/2014:05:21:51 +0200] "GET /news.php?cs_go=archiv&cs_id=5086&cs_search= HTTP/1.0" 200 24190 "-" "Mozilla/5.0 (compatible; MJ12bot/v1.4.5; http://www.majestic12.co.uk/bot.php?+)"
144.76.137.226 - - [02/May/2014:05:21:56 +0200] "GET /news.php?cs_go=archiv&cs_id=5087&cs_search= HTTP/1.0" 200 20433 "-" "Mozilla/5.0 (compatible; MJ12bot/v1.4.5; http://www.majestic12.co.uk/bot.php?+)"
66.249.78.114 - - [02/May/2014:05:22:46 +0200] "GET /lexikon.php?cs_go=3&cs_id=5 HTTP/1.1" 200 19225 "-" "Mozilla/5.0 (compatible; Googlebot/2.1; +http://www.google.com/bot.html)"
66.249.78.71 - - [02/May/2014:05:34:32 +0200] "GET /news.php?cs_go=archiv&cs_id=4766 HTTP/1.1" 200 24272 "-" "Mozilla/5.0 (iPhone; CPU iPhone OS 6_0 like Mac OS X) AppleWebKit/536.26 (KHTML, like Gecko) Version/6.0 Mobile/10A5376e Safari/8536.25 (compatible; Googlebot/2.1; +http://www.google.com/bot.html)"
66.249.78.71 - - [02/May/2014:05:37:24 +0200] "GET /news.php?cs_go=archiv&cs_id=2984 HTTP/1.1" 200 22158 "-" "Mozilla/5.0 (compatible; Googlebot/2.1; +http://www.google.com/bot.html)"
66.249.66.144 - - [02/May/2014:05:38:25 +0200] "GET /news.php?cs_go=archiv&cs_id=4912 HTTP/1.1" 200 24102 "-" "DoCoMo/2.0 N905i(c100;TB;W24H16) (compatible; Googlebot-Mobile/2.1; +http://www.google.com/bot.html)"
66.249.78.86 - - [02/May/2014:05:49:07 +0200] "GET /robots.txt HTTP/1.1" 404 1256 "-" "Mozilla/5.0 (compatible; Googlebot/2.1; +http://www.google.com/bot.html)"
66.249.78.86 - - [02/May/2014:05:49:07 +0200] "GET /news.php?cs_go=archiv&cs_id=4463 HTTP/1.1" 200 21279 "-" "Mozilla/5.0 (compatible; Googlebot/2.1; +http://www.google.com/bot.html)"
157.55.36.50 - - [02/May/2014:05:55:53 +0200] "GET /js/ddaccordion.js HTTP/1.1" 200 12534 "-" "Mozilla/5.0 (compatible; bingbot/2.0; +http://www.bing.com/bingbot.htm)"
157.56.229.245 - - [02/May/2014:05:56:13 +0200] "GET /modul.css HTTP/1.1" 200 36485 "-" "Mozilla/5.0 (compatible; bingbot/2.0; +http://www.bing.com/bingbot.htm)"
157.55.33.20 - - [02/May/2014:05:57:12 +0200] "GET /robots.txt HTTP/1.1" 404 1256 "-" "Mozilla/5.0 (compatible; bingbot/2.0; +http://www.bing.com/bingbot.htm)"
157.55.33.20 - - [02/May/2014:05:57:13 +0200] "GET /js/jquery.min.js HTTP/1.1" 200 57254 "-" "Mozilla/5.0 (compatible; bingbot/2.0; +http://www.bing.com/bingbot.htm)"
66.249.78.200 - - [02/May/2014:06:09:36 +0200] "GET /lexikon.php?cs_go=3&cs_id=73 HTTP/1.1" 200 20664 "-" "Mozilla/5.0 (compatible; Googlebot/2.1; +http://www.google.com/bot.html)"
66.249.78.114 - - [02/May/2014:06:12:31 +0200] "GET /lexikon.php?cs_go=3&cs_id=140 HTTP/1.1" 200 19781 "-" "Mozilla/5.0 (compatible; Googlebot/2.1; +http://www.google.com/bot.html)"
66.249.78.86 - - [02/May/2014:06:15:27 +0200] "GET /news.php?cs_go=archiv&cs_id=5019&cs_search= HTTP/1.1" 200 24198 "-" "Mozilla/5.0 (compatible; Googlebot/2.1; +http://www.google.com/bot.html)"
220.181.132.216 - - [02/May/2014:06:19:37 +0200] "GET / HTTP/1.1" 200 23306 "http://www.esso-berlin.de/" "Mozilla/4.0 (compatible; MSIE 8.0; Windows NT 6.1; Trident/4.0; SLCC2; .NET CLR 2.0.50727; .NET CLR 3.5.30729; .NET CLR 3.0.30729; Media Center PC 6.0; Tablet PC 2.0)"
66.249.78.86 - - [02/May/2014:06:24:12 +0200] "GET /news.php?cs_go=archiv&cs_id=4112 HTTP/1.1" 200 22380 "-" "Mozilla/5.0 (iPhone; CPU iPhone OS 6_0 like Mac OS X) AppleWebKit/536.26 (KHTML, like Gecko) Version/6.0 Mobile/10A5376e Safari/8536.25 (compatible; Googlebot/2.1; +http://www.google.com/bot.html)"
66.249.78.71 - - [02/May/2014:06:27:09 +0200] "GET /news.php?cs_go=archiv&cs_id=3421 HTTP/1.1" 200 22337 "-" "Mozilla/5.0 (compatible; Googlebot/2.1; +http://www.google.com/bot.html)"
207.172.186.71 - - [02/May/2014:06:32:17 +0200] "HEAD / HTTP/1.1" 200 - "-" "Mozilla/5.0 (compatible; pmoz.info ODP link checker; +http://pmoz.info/doc/botinfo.htm)"
66.249.78.86 - - [02/May/2014:06:33:01 +0200] "GET /news.php?cs_go=archiv&cs_id=4556 HTTP/1.1" 200 20769 "-" "Mozilla/5.0 (compatible; Googlebot/2.1; +http://www.google.com/bot.html)"
65.55.24.234 - - [02/May/2014:06:39:27 +0200] "GET /news.php?cs_go=archiv&cs_id=5104 HTTP/1.1" 200 20982 "-" "Mozilla/5.0 (compatible; bingbot/2.0; +http://www.bing.com/bingbot.htm)"
65.55.24.245 - - [02/May/2014:06:39:45 +0200] "GET / HTTP/1.1" 200 23306 "-" "Mozilla/5.0 (compatible; bingbot/2.0; +http://www.bing.com/bingbot.htm)"
66.249.78.86 - - [02/May/2014:06:40:42 +0200] "GET /news.php?cs_go=archiv&cs_id=4557 HTTP/1.1" 200 20729 "-" "Mozilla/5.0 (iPhone; CPU iPhone OS 6_0 like Mac OS X) AppleWebKit/536.26 (KHTML, like Gecko) Version/6.0 Mobile/10A5376e Safari/8536.25 (compatible; Googlebot/2.1; +http://www.google.com/bot.html)"
157.56.229.245 - - [02/May/2014:06:42:40 +0200] "GET /faq.php HTTP/1.1" 200 238396 "-" "Mozilla/5.0 (compatible; bingbot/2.0; +http://www.bing.com/bingbot.htm)"
157.56.229.245 - - [02/May/2014:06:42:42 +0200] "GET /news.php HTTP/1.1" 200 33624 "-" "Mozilla/5.0 (compatible; bingbot/2.0; +http://www.bing.com/bingbot.htm)"
208.115.113.85 - - [02/May/2014:06:44:02 +0200] "GET /wunschpreis.php HTTP/1.1" 200 24864 "-" "Mozilla/5.0 (compatible; DotBot/1.1; http://www.opensiteexplorer.org/dotbot, help@moz.com)"
93.186.202.198 - - [02/May/2014:06:44:32 +0200] "GET /news.php?cs_go=archiv&cs_id=3713 HTTP/1.1" 200 26378 "-" "Mozilla/5.0 (X11; Linux i686; rv:21.0) Gecko/20100101 Firefox/21.0"
37.58.100.143 - - [02/May/2014:06:45:13 +0200] "GET /lexikon.php?cs_go=3&cs_id=28 HTTP/1.1" 200 19386 "-" "Mozilla/5.0 (compatible; AhrefsBot/5.0; +http://ahrefs.com/robot/)"
157.55.36.50 - - [02/May/2014:06:46:32 +0200] "GET /robots.txt HTTP/1.1" 404 1256 "-" "Mozilla/5.0 (compatible; bingbot/2.0; +http://www.bing.com/bingbot.htm)"
157.55.36.50 - - [02/May/2014:06:46:35 +0200] "GET /waermekonto.php HTTP/1.1" 200 30798 "-" "Mozilla/5.0 (compatible; bingbot/2.0; +http://www.bing.com/bingbot.htm)"
157.56.229.245 - - [02/May/2014:06:47:34 +0200] "GET /robots.txt HTTP/1.1" 404 1256 "-" "Mozilla/5.0 (compatible; bingbot/2.0; +http://www.bing.com/bingbot.htm)"
157.56.229.245 - - [02/May/2014:06:47:47 +0200] "GET /wunschpreis.php HTTP/1.1" 200 24864 "-" "Mozilla/5.0 (compatible; bingbot/2.0; +http://www.bing.com/bingbot.htm)"
157.56.229.245 - - [02/May/2014:06:47:48 +0200] "GET /energiesparcheck.php HTTP/1.1" 200 24694 "-" "Mozilla/5.0 (compatible; bingbot/2.0; +http://www.bing.com/bingbot.htm)"
65.55.24.247 - - [02/May/2014:06:48:56 +0200] "GET /robots.txt HTTP/1.1" 404 1256 "-" "Mozilla/5.0 (compatible; bingbot/2.0; +http://www.bing.com/bingbot.htm)"
157.55.33.20 - - [02/May/2014:06:49:34 +0200] "GET /robots.txt HTTP/1.1" 404 1256 "-" "Mozilla/5.0 (compatible; bingbot/2.0; +http://www.bing.com/bingbot.htm)"
66.249.78.114 - - [02/May/2014:06:49:38 +0200] "GET /news.php?cs_go=archiv&cs_id=4387&cs_search= HTTP/1.1" 200 20518 "-" "Mozilla/5.0 (compatible; Googlebot/2.1; +http://www.google.com/bot.html)"
157.55.33.20 - - [02/May/2014:06:49:45 +0200] "GET /downloads/Imagebroschuere%20team%20energie%20-%20TE%20Verwaltung%20Energiehandel_klein.pdf HTTP/1.1" 200 893384 "-" "Mozilla/5.0 (compatible; bingbot/2.0; +http://www.bing.com/bingbot.htm)"
157.55.33.20 - - [02/May/2014:06:49:46 +0200] "GET /news.php?cs_go=archiv&cs_id=5125 HTTP/1.1" 200 20479 "-" "Mozilla/5.0 (compatible; bingbot/2.0; +http://www.bing.com/bingbot.htm)"
199.16.156.126 - - [02/May/2014:06:50:04 +0200] "GET /robots.txt HTTP/1.1" 404 1256 "-" "Twitterbot/1.0"
199.16.156.126 - - [02/May/2014:06:50:04 +0200] "GET /robots.txt HTTP/1.1" 404 1256 "-" "Twitterbot/1.0"
98.137.206.59 - - [02/May/2014:06:50:05 +0200] "GET /robots.txt HTTP/1.1" 404 1256 "-" "Mozilla/5.0 (compatible; Yahoo! Slurp; http://help.yahoo.com/help/us/ysearch/slurp)"
74.112.131.244 - - [02/May/2014:06:50:04 +0200] "GET /news.php?cs_go=archiv&cs_id=5129 HTTP/1.1" 200 12912 "-" "Mozilla/5.0 ()"
50.18.102.132 - - [02/May/2014:06:50:07 +0200] "HEAD /news.php?cs_go=archiv&cs_id=5129 HTTP/1.1" 200 - "-" "Google-HTTP-Java-Client/1.17.0-rc (gzip)"
50.18.102.132 - - [02/May/2014:06:50:07 +0200] "HEAD /news.php?cs_go=archiv&cs_id=5129 HTTP/1.1" 200 - "-" "Google-HTTP-Java-Client/1.17.0-rc (gzip)"
199.16.156.126 - - [02/May/2014:06:50:04 +0200] "GET /news.php?cs_go=archiv&cs_id=5129 HTTP/1.1" 200 23957 "-" "Twitterbot/1.0"
199.16.156.126 - - [02/May/2014:06:50:04 +0200] "GET /news.php?cs_go=archiv&cs_id=5129 HTTP/1.1" 200 23957 "-" "Twitterbot/1.0"
98.137.206.59 - - [02/May/2014:06:50:06 +0200] "GET /news.php?cs_go=archiv&cs_id=5129 HTTP/1.1" 200 23957 "-" "Mozilla/5.0 (compatible; Yahoo! Slurp; http://help.yahoo.com/help/us/ysearch/slurp)"
74.112.131.243 - - [02/May/2014:06:50:05 +0200] "GET /news.php?cs_go=archiv&cs_id=5129 HTTP/1.1" 200 23957 "-" "Mozilla/5.0 ()"
98.137.206.59 - - [02/May/2014:06:50:05 +0200] "GET /news.php?cs_go=archiv&cs_id=5129 HTTP/1.1" 200 23957 "-" "Mozilla/5.0 (compatible; Yahoo! Slurp; http://help.yahoo.com/help/us/ysearch/slurp)"
98.137.206.59 - - [02/May/2014:06:50:10 +0200] "HEAD /news.php?cs_go=archiv&cs_id=5129 HTTP/1.1" 200 - "-" "Mozilla/5.0 (compatible; Yahoo! Slurp; http://help.yahoo.com/help/us/ysearch/slurp)"
66.249.78.114 - - [02/May/2014:06:50:07 +0200] "GET /news.php?cs_go=archiv&cs_id=5129 HTTP/1.1" 200 23957 "-" "Mozilla/5.0 (compatible; Googlebot/2.1; +http://www.google.com/bot.html)"
65.52.244.38 - - [02/May/2014:06:50:08 +0200] "GET /news.php?cs_go=archiv&cs_id=5129 HTTP/1.1" 200 23957 "-" "Mozilla/5.0 (compatible; MSIE 10.0; Windows NT 6.1; Trident/6.0)"
66.249.78.114 - - [02/May/2014:06:50:34 +0200] "GET /lexikon.php?cs_go=3&cs_id=156 HTTP/1.1" 200 19767 "-" "Mozilla/5.0 (compatible; Googlebot/2.1; +http://www.google.com/bot.html)"
46.236.24.51 - - [02/May/2014:06:50:44 +0200] "GET /news.php?cs_go=archiv&cs_id=5129 HTTP/1.1" 200 12900 "-" "Mozilla/5.0 (compatible; TweetmemeBot/3.0; +http://tweetmeme.com/)"
157.56.229.245 - - [02/May/2014:06:51:46 +0200] "GET /news.php?cs_go=archiv&cs_id=5128 HTTP/1.1" 200 20811 "-" "Mozilla/5.0 (compatible; bingbot/2.0; +http://www.bing.com/bingbot.htm)"
157.56.229.245 - - [02/May/2014:06:51:47 +0200] "GET /ansprechpartner.php HTTP/1.1" 200 21435 "-" "Mozilla/5.0 (compatible; bingbot/2.0; +http://www.bing.com/bingbot.htm)"
157.55.33.20 - - [02/May/2014:06:52:39 +0200] "GET /foerdermittel.php HTTP/1.1" 200 24312 "-" "Mozilla/5.0 (compatible; bingbot/2.0; +http://www.bing.com/bingbot.htm)"
157.55.33.20 - - [02/May/2014:06:52:40 +0200] "GET /adblue.php HTTP/1.1" 200 23033 "-" "Mozilla/5.0 (compatible; bingbot/2.0; +http://www.bing.com/bingbot.htm)"
157.55.33.20 - - [02/May/2014:06:52:48 +0200] "GET /schmierstoffe.php HTTP/1.1" 200 21621 "-" "Mozilla/5.0 (compatible; bingbot/2.0; +http://www.bing.com/bingbot.htm)"
157.55.33.20 - - [02/May/2014:06:52:49 +0200] "GET /kwk.php HTTP/1.1" 200 21947 "-" "Mozilla/5.0 (compatible; bingbot/2.0; +http://www.bing.com/bingbot.htm)"
157.55.36.50 - - [02/May/2014:06:53:38 +0200] "GET /essoschmierstoffe.php HTTP/1.1" 200 22782 "-" "Mozilla/5.0 (compatible; bingbot/2.0; +http://www.bing.com/bingbot.htm)"
157.55.36.50 - - [02/May/2014:06:53:39 +0200] "GET /baustellenbetankung.php HTTP/1.1" 200 19717 "-" "Mozilla/5.0 (compatible; bingbot/2.0; +http://www.bing.com/bingbot.htm)"
157.55.36.50 - - [02/May/2014:06:53:45 +0200] "GET /ofenbau.php HTTP/1.1" 200 21910 "-" "Mozilla/5.0 (compatible; bingbot/2.0; +http://www.bing.com/bingbot.htm)"
157.55.36.50 - - [02/May/2014:06:53:46 +0200] "GET /news.php?cs_go=archiv&cs_id=5126 HTTP/1.1" 200 24324 "-" "Mozilla/5.0 (compatible; bingbot/2.0; +http://www.bing.com/bingbot.htm)"
157.55.36.50 - - [02/May/2014:06:53:48 +0200] "GET /impressum.php HTTP/1.1" 200 20126 "-" "Mozilla/5.0 (compatible; bingbot/2.0; +http://www.bing.com/bingbot.htm)"
157.56.229.245 - - [02/May/2014:06:54:04 +0200] "GET /tankanlagen.php HTTP/1.1" 200 22843 "-" "Mozilla/5.0 (compatible; bingbot/2.0; +http://www.bing.com/bingbot.htm)"
157.56.229.245 - - [02/May/2014:06:54:05 +0200] "GET /news.php?cs_go=archiv&cs_id=5124 HTTP/1.1" 200 22896 "-" "Mozilla/5.0 (compatible; bingbot/2.0; +http://www.bing.com/bingbot.htm)"
66.249.78.200 - - [02/May/2014:06:59:21 +0200] "GET /news.php?cs_go=archiv&cs_id=4843&cs_search= HTTP/1.1" 200 20505 "-" "Mozilla/5.0 (compatible; Googlebot/2.1; +http://www.google.com/bot.html)"
66.249.78.200 - - [02/May/2014:07:00:08 +0200] "GET /news.php?cs_go=archiv&cs_id=5129 HTTP/1.1" 200 23957 "-" "Mozilla/5.0 (compatible; Googlebot/2.1; +http://www.google.com/bot.html)"
157.56.229.245 - - [02/May/2014:07:00:42 +0200] "GET /tankreinigung.php HTTP/1.1" 200 22295 "-" "Mozilla/5.0 (compatible; bingbot/2.0; +http://www.bing.com/bingbot.htm)"
157.55.36.50 - - [02/May/2014:07:02:14 +0200] "GET /jobs.php HTTP/1.1" 200 18906 "-" "Mozilla/5.0 (compatible; bingbot/2.0; +http://www.bing.com/bingbot.htm)"
37.58.100.234 - - [02/May/2014:07:12:37 +0200] "GET /news.php?cs_go=archiv&cs_id=5095 HTTP/1.1" 200 24169 "-" "Mozilla/5.0 (compatible; AhrefsBot/5.0; +http://ahrefs.com/robot/)"
66.249.78.71 - - [02/May/2014:07:13:59 +0200] "GET /news.php?cs_go=archiv&cs_startpos=170 HTTP/1.1" 200 34179 "-" "Mozilla/5.0 (compatible; Googlebot/2.1; +http://www.google.com/bot.html)"
37.58.100.134 - - [02/May/2014:07:14:28 +0200] "GET /news.php?cs_go=archiv&cs_startpos=31 HTTP/1.1" 200 34077 "-" "Mozilla/5.0 (compatible; AhrefsBot/5.0; +http://ahrefs.com/robot/)"
66.249.78.71 - - [02/May/2014:07:15:25 +0200] "GET /news.php?cs_go=archiv&cs_startpos=120 HTTP/1.1" 200 34301 "-" "Mozilla/5.0 (compatible; Googlebot/2.1; +http://www.google.com/bot.html)"
66.249.78.71 - - [02/May/2014:07:15:26 +0200] "GET /news.php?cs_go=archiv&cs_id=5129 HTTP/1.1" 200 23957 "-" "Mozilla/5.0 (compatible; Googlebot/2.1; +http://www.google.com/bot.html)"
65.55.24.247 - - [02/May/2014:07:15:53 +0200] "GET /marktdaten.php HTTP/1.1" 200 19842 "-" "Mozilla/5.0 (compatible; bingbot/2.0; +http://www.bing.com/bingbot.htm)"
65.55.24.247 - - [02/May/2014:07:15:54 +0200] "GET /biogasanlage.php HTTP/1.1" 200 19099 "-" "Mozilla/5.0 (compatible; bingbot/2.0; +http://www.bing.com/bingbot.htm)"
65.55.24.247 - - [02/May/2014:07:16:04 +0200] "GET /ec.php HTTP/1.1" 200 20639 "-" "Mozilla/5.0 (compatible; bingbot/2.0; +http://www.bing.com/bingbot.htm)"
65.55.24.247 - - [02/May/2014:07:16:05 +0200] "GET /kontakt.php HTTP/1.1" 200 20832 "-" "Mozilla/5.0 (compatible; bingbot/2.0; +http://www.bing.com/bingbot.htm)"
65.55.24.247 - - [02/May/2014:07:16:10 +0200] "GET /premiumheizoel.php HTTP/1.1" 200 19425 "-" "Mozilla/5.0 (compatible; bingbot/2.0; +http://www.bing.com/bingbot.htm)"
65.55.24.247 - - [02/May/2014:07:16:11 +0200] "GET /news.php?cs_go=archiv HTTP/1.1" 200 33578 "-" "Mozilla/5.0 (compatible; bingbot/2.0; +http://www.bing.com/bingbot.htm)"
144.76.95.231 - - [02/May/2014:07:19:01 +0200] "GET /robots.txt HTTP/1.0" 404 1256 "-" "Mozilla/5.0 (compatible; MJ12bot/v1.4.5; http://www.majestic12.co.uk/bot.php?+)"
144.76.95.231 - - [02/May/2014:07:19:04 +0200] "GET /news.php?cs_go=archiv&cs_id=5065&cs_search= HTTP/1.0" 200 20996 "-" "Mozilla/5.0 (compatible; MJ12bot/v1.4.5; http://www.majestic12.co.uk/bot.php?+)"
144.76.95.231 - - [02/May/2014:07:19:06 +0200] "GET /news.php?cs_go=archiv&cs_id=5066&cs_search= HTTP/1.0" 200 23452 "-" "Mozilla/5.0 (compatible; MJ12bot/v1.4.5; http://www.majestic12.co.uk/bot.php?+)"
144.76.95.231 - - [02/May/2014:07:19:08 +0200] "GET /news.php?cs_go=archiv&cs_id=5067&cs_search= HTTP/1.0" 200 20584 "-" "Mozilla/5.0 (compatible; MJ12bot/v1.4.5; http://www.majestic12.co.uk/bot.php?+)"
144.76.95.231 - - [02/May/2014:07:19:11 +0200] "GET /news.php?cs_go=archiv&cs_id=5068&cs_search= HTTP/1.0" 200 24258 "-" "Mozilla/5.0 (compatible; MJ12bot/v1.4.5; http://www.majestic12.co.uk/bot.php?+)"
144.76.95.231 - - [02/May/2014:07:19:13 +0200] "GET /news.php?cs_go=archiv&cs_id=5069&cs_search= HTTP/1.0" 200 20459 "-" "Mozilla/5.0 (compatible; MJ12bot/v1.4.5; http://www.majestic12.co.uk/bot.php?+)"
144.76.95.231 - - [02/May/2014:07:19:15 +0200] "GET /news.php?cs_go=archiv&cs_id=5070&cs_search= HTTP/1.0" 200 24379 "-" "Mozilla/5.0 (compatible; MJ12bot/v1.4.5; http://www.majestic12.co.uk/bot.php?+)"
144.76.95.231 - - [02/May/2014:07:19:17 +0200] "GET /news.php?cs_go=archiv&cs_id=5071&cs_search= HTTP/1.0" 200 20328 "-" "Mozilla/5.0 (compatible; MJ12bot/v1.4.5; http://www.majestic12.co.uk/bot.php?+)"
144.76.95.231 - - [02/May/2014:07:19:19 +0200] "GET /news.php?cs_go=archiv&cs_id=5072&cs_search= HTTP/1.0" 200 20801 "-" "Mozilla/5.0 (compatible; MJ12bot/v1.4.5; http://www.majestic12.co.uk/bot.php?+)"
144.76.95.231 - - [02/May/2014:07:19:21 +0200] "GET /news.php?cs_go=archiv&cs_id=5074&cs_search= HTTP/1.0" 200 24122 "-" "Mozilla/5.0 (compatible; MJ12bot/v1.4.5; http://www.majestic12.co.uk/bot.php?+)"
144.76.95.231 - - [02/May/2014:07:19:24 +0200] "GET /news.php?cs_go=archiv&cs_id=5075&cs_search= HTTP/1.0" 200 20356 "-" "Mozilla/5.0 (compatible; MJ12bot/v1.4.5; http://www.majestic12.co.uk/bot.php?+)"
157.55.33.20 - - [02/May/2014:07:21:54 +0200] "GET / HTTP/1.1" 200 23315 "-" "Mozilla/5.0 (compatible; bingbot/2.0; +http://www.bing.com/bingbot.htm)"
157.55.33.20 - - [02/May/2014:07:21:55 +0200] "GET /newsletter.php HTTP/1.1" 200 19831 "-" "Mozilla/5.0 (compatible; bingbot/2.0; +http://www.bing.com/bingbot.htm)"
157.55.33.20 - - [02/May/2014:07:21:59 +0200] "GET /edl.php HTTP/1.1" 200 22401 "-" "Mozilla/5.0 (compatible; bingbot/2.0; +http://www.bing.com/bingbot.htm)"
157.55.33.20 - - [02/May/2014:07:22:00 +0200] "GET /energiekostenvergleich.php HTTP/1.1" 200 23466 "-" "Mozilla/5.0 (compatible; bingbot/2.0; +http://www.bing.com/bingbot.htm)"
157.55.33.20 - - [02/May/2014:07:22:02 +0200] "GET /diesel.php HTTP/1.1" 200 22323 "-" "Mozilla/5.0 (compatible; bingbot/2.0; +http://www.bing.com/bingbot.htm)"
157.55.33.20 - - [02/May/2014:07:22:03 +0200] "GET /brennwerttechnik.php HTTP/1.1" 200 22121 "-" "Mozilla/5.0 (compatible; bingbot/2.0; +http://www.bing.com/bingbot.htm)"
157.55.33.20 - - [02/May/2014:07:22:04 +0200] "GET /lexikon.php HTTP/1.1" 200 21597 "-" "Mozilla/5.0 (compatible; bingbot/2.0; +http://www.bing.com/bingbot.htm)"
157.55.33.20 - - [02/May/2014:07:22:05 +0200] "GET /index.php HTTP/1.1" 200 23315 "-" "Mozilla/5.0 (compatible; bingbot/2.0; +http://www.bing.com/bingbot.htm)"
66.249.78.86 - - [02/May/2014:07:22:46 +0200] "GET /news.php?cs_go=archiv&cs_id=5004&cs_search= HTTP/1.1" 200 20006 "-" "Mozilla/5.0 (compatible; Googlebot/2.1; +http://www.google.com/bot.html)"
66.249.78.86 - - [02/May/2014:07:25:09 +0200] "GET /news.php?cs_go=archiv&cs_id=5129 HTTP/1.1" 200 23957 "-" "Mozilla/5.0 (compatible; Googlebot/2.1; +http://www.google.com/bot.html)"
66.249.78.114 - - [02/May/2014:07:25:42 +0200] "GET /lexikon.php?cs_go=3&cs_id=84 HTTP/1.1" 200 19401 "-" "Mozilla/5.0 (compatible; Googlebot/2.1; +http://www.google.com/bot.html)"
66.249.78.86 - - [02/May/2014:07:28:37 +0200] "GET /news.php?cs_go=archiv&cs_id=4233 HTTP/1.1" 200 24336 "-" "Mozilla/5.0 (compatible; Googlebot/2.1; +http://www.google.com/bot.html)"
66.249.78.86 - - [02/May/2014:07:30:41 +0200] "GET /news.php?cs_go=archiv&cs_id=4568 HTTP/1.1" 200 22585 "-" "Mozilla/5.0 (iPhone; CPU iPhone OS 6_0 like Mac OS X) AppleWebKit/536.26 (KHTML, like Gecko) Version/6.0 Mobile/10A5376e Safari/8536.25 (compatible; Googlebot/2.1; +http://www.google.com/bot.html)"
66.249.78.200 - - [02/May/2014:07:37:24 +0200] "GET /news.php?cs_go=archiv&cs_id=4829&cs_search= HTTP/1.1" 200 22745 "-" "Mozilla/5.0 (compatible; Googlebot/2.1; +http://www.google.com/bot.html)"
66.249.78.86 - - [02/May/2014:07:49:07 +0200] "GET /news.php?cs_go=archiv&cs_id=5003&cs_search= HTTP/1.1" 200 20319 "-" "Mozilla/5.0 (compatible; Googlebot/2.1; +http://www.google.com/bot.html)"
66.249.78.95 - - [02/May/2014:07:53:36 +0200] "GET /news.php?cs_go=archiv&cs_id=4108 HTTP/1.1" 200 21410 "-" "Mozilla/5.0 (compatible; Googlebot/2.1; +http://www.google.com/bot.html)"
66.249.78.95 - - [02/May/2014:07:55:18 +0200] "GET /news.php?cs_go=archiv&cs_id=5129 HTTP/1.1" 200 23957 "-" "Mozilla/5.0 (compatible; Googlebot/2.1; +http://www.google.com/bot.html)"
66.249.78.71 - - [02/May/2014:07:57:54 +0200] "GET /lexikon.php?cs_go=3&cs_id=113 HTTP/1.1" 200 19222 "-" "Mozilla/5.0 (compatible; Googlebot/2.1; +http://www.google.com/bot.html)"
65.55.24.247 - - [02/May/2014:07:58:49 +0200] "GET /heizoel.php HTTP/1.1" 200 20905 "-" "Mozilla/5.0 (compatible; bingbot/2.0; +http://www.bing.com/bingbot.htm)"
65.55.24.247 - - [02/May/2014:07:58:49 +0200] "GET /news.php?cs_go=archiv&cs_id=5127 HTTP/1.1" 200 20419 "-" "Mozilla/5.0 (compatible; bingbot/2.0; +http://www.bing.com/bingbot.htm)"
66.249.78.95 - - [02/May/2014:08:09:56 +0200] "GET /js/ddaccordion.js HTTP/1.1" 200 12534 "http://www.soberlin.de/news.php?cs_go=archiv&cs_id=5129" "Mozilla/5.0 (compatible; Googlebot/2.1; +http://www.google.com/bot.html)"
66.249.78.95 - - [02/May/2014:08:09:56 +0200] "GET /js/jquery.min.js HTTP/1.1" 200 57254 "http://www.soberlin.de/news.php?cs_go=archiv&cs_id=5129" "Mozilla/5.0 (compatible; Googlebot/2.1; +http://www.google.com/bot.html)"
66.249.78.95 - - [02/May/2014:08:09:57 +0200] "GET /js/slider.js HTTP/1.1" 200 773 "http://www.soberlin.de/news.php?cs_go=archiv&cs_id=5129" "Mozilla/5.0 (compatible; Googlebot/2.1; +http://www.google.com/bot.html)"
65.55.24.247 - - [02/May/2014:08:10:59 +0200] "GET /notdienst.php HTTP/1.1" 200 19623 "-" "Mozilla/5.0 (compatible; bingbot/2.0; +http://www.bing.com/bingbot.htm)"
65.55.24.247 - - [02/May/2014:08:11:00 +0200] "GET /images/RAL_Guetezeichen_Energiehandel.pdf HTTP/1.1" 200 538987 "-" "Mozilla/5.0 (compatible; bingbot/2.0; +http://www.bing.com/bingbot.htm)"
162.210.196.97 - - [02/May/2014:08:12:48 +0200] "GET /robots.txt HTTP/1.0" 404 1256 "-" "Mozilla/5.0 (compatible; MJ12bot/v1.4.5; http://www.majestic12.co.uk/bot.php?+)"
162.210.196.97 - - [02/May/2014:08:12:49 +0200] "GET / HTTP/1.0" 200 23315 "-" "Mozilla/5.0 (compatible; MJ12bot/v1.4.5; http://www.majestic12.co.uk/bot.php?+)"
66.249.78.86 - - [02/May/2014:08:15:27 +0200] "GET /news.php?cs_go=archiv&cs_id=3857 HTTP/1.1" 200 20752 "-" "Mozilla/5.0 (compatible; Googlebot/2.1; +http://www.google.com/bot.html)"
65.55.24.247 - - [02/May/2014:08:18:58 +0200] "GET /preisanfrage.php HTTP/1.1" 200 23643 "-" "Mozilla/5.0 (compatible; bingbot/2.0; +http://www.bing.com/bingbot.htm)"
5.9.41.104 - - [02/May/2014:08:21:11 +0200] "GET /robots.txt HTTP/1.1" 404 1256 "-" "Mozilla/5.0 (compatible; SearchmetricsBot; http://www.searchmetrics.com/en/searchmetrics-bot/)"
5.9.41.104 - - [02/May/2014:08:21:12 +0200] "GET / HTTP/1.1" 200 23315 "-" "Mozilla/5.0 (compatible; SearchmetricsBot; http://www.searchmetrics.com/en/searchmetrics-bot/)"
5.9.41.104 - - [02/May/2014:08:21:13 +0200] "GET /js/ddaccordion.js HTTP/1.1" 200 12534 "-" "Mozilla/5.0 (compatible; SearchmetricsBot; http://www.searchmetrics.com/en/searchmetrics-bot/)"
5.9.41.104 - - [02/May/2014:08:21:13 +0200] "GET /js/jquery.min.js HTTP/1.1" 200 57254 "-" "Mozilla/5.0 (compatible; SearchmetricsBot; http://www.searchmetrics.com/en/searchmetrics-bot/)"
5.9.41.104 - - [02/May/2014:08:21:13 +0200] "GET /js/slider.js HTTP/1.1" 200 773 "-" "Mozilla/5.0 (compatible; SearchmetricsBot; http://www.searchmetrics.com/en/searchmetrics-bot/)"
5.9.41.104 - - [02/May/2014:08:21:13 +0200] "GET /video/jwplayer.js HTTP/1.1" 200 132411 "-" "Mozilla/5.0 (compatible; SearchmetricsBot; http://www.searchmetrics.com/en/searchmetrics-bot/)"
5.9.41.104 - - [02/May/2014:08:21:14 +0200] "GET /Scripts/AC_ActiveX.js HTTP/1.1" 200 2068 "-" "Mozilla/5.0 (compatible; SearchmetricsBot; http://www.searchmetrics.com/en/searchmetrics-bot/)"
5.9.41.104 - - [02/May/2014:08:21:14 +0200] "GET /Scripts/AC_RunActiveContent.js HTTP/1.1" 200 8029 "-" "Mozilla/5.0 (compatible; SearchmetricsBot; http://www.searchmetrics.com/en/searchmetrics-bot/)"
5.9.41.104 - - [02/May/2014:08:21:14 +0200] "GET /kontakt.php HTTP/1.1" 200 20832 "-" "Mozilla/5.0 (compatible; SearchmetricsBot; http://www.searchmetrics.com/en/searchmetrics-bot/)"
5.9.41.104 - - [02/May/2014:08:21:15 +0200] "GET /js/ddaccordion.js HTTP/1.1" 200 12534 "-" "Mozilla/5.0 (compatible; SearchmetricsBot; http://www.searchmetrics.com/en/searchmetrics-bot/)"
5.9.41.104 - - [02/May/2014:08:21:15 +0200] "GET /js/jquery.min.js HTTP/1.1" 200 57254 "-" "Mozilla/5.0 (compatible; SearchmetricsBot; http://www.searchmetrics.com/en/searchmetrics-bot/)"
5.9.41.104 - - [02/May/2014:08:21:15 +0200] "GET /js/slider.js HTTP/1.1" 200 773 "-" "Mozilla/5.0 (compatible; SearchmetricsBot; http://www.searchmetrics.com/en/searchmetrics-bot/)"
5.9.41.104 - - [02/May/2014:08:21:15 +0200] "GET /tankreinigung.php HTTP/1.1" 200 22295 "-" "Mozilla/5.0 (compatible; SearchmetricsBot; http://www.searchmetrics.com/en/searchmetrics-bot/)"
5.9.41.104 - - [02/May/2014:08:21:16 +0200] "GET /js/ddaccordion.js HTTP/1.1" 200 12534 "-" "Mozilla/5.0 (compatible; SearchmetricsBot; http://www.searchmetrics.com/en/searchmetrics-bot/)"
5.9.41.104 - - [02/May/2014:08:21:16 +0200] "GET /js/jquery.min.js HTTP/1.1" 200 57254 "-" "Mozilla/5.0 (compatible; SearchmetricsBot; http://www.searchmetrics.com/en/searchmetrics-bot/)"
5.9.41.104 - - [02/May/2014:08:21:16 +0200] "GET /js/slider.js HTTP/1.1" 200 773 "-" "Mozilla/5.0 (compatible; SearchmetricsBot; http://www.searchmetrics.com/en/searchmetrics-bot/)"
5.9.41.104 - - [02/May/2014:08:21:16 +0200] "GET /adblue.php HTTP/1.1" 200 23033 "-" "Mozilla/5.0 (compatible; SearchmetricsBot; http://www.searchmetrics.com/en/searchmetrics-bot/)"
5.9.41.104 - - [02/May/2014:08:21:16 +0200] "GET /js/ddaccordion.js HTTP/1.1" 200 12534 "-" "Mozilla/5.0 (compatible; SearchmetricsBot; http://www.searchmetrics.com/en/searchmetrics-bot/)"
5.9.41.104 - - [02/May/2014:08:21:16 +0200] "GET /js/jquery.min.js HTTP/1.1" 200 57254 "-" "Mozilla/5.0 (compatible; SearchmetricsBot; http://www.searchmetrics.com/en/searchmetrics-bot/)"
5.9.41.104 - - [02/May/2014:08:21:17 +0200] "GET /js/slider.js HTTP/1.1" 200 773 "-" "Mozilla/5.0 (compatible; SearchmetricsBot; http://www.searchmetrics.com/en/searchmetrics-bot/)"
5.9.41.104 - - [02/May/2014:08:21:17 +0200] "GET /news.php?cs_go=archiv&cs_id=2862 HTTP/1.1" 200 24521 "-" "Mozilla/5.0 (compatible; SearchmetricsBot; http://www.searchmetrics.com/en/searchmetrics-bot/)"
5.9.41.104 - - [02/May/2014:08:21:17 +0200] "GET /js/ddaccordion.js HTTP/1.1" 200 12534 "-" "Mozilla/5.0 (compatible; SearchmetricsBot; http://www.searchmetrics.com/en/searchmetrics-bot/)"
5.9.41.104 - - [02/May/2014:08:21:17 +0200] "GET /js/jquery.min.js HTTP/1.1" 200 57254 "-" "Mozilla/5.0 (compatible; SearchmetricsBot; http://www.searchmetrics.com/en/searchmetrics-bot/)"
5.9.41.104 - - [02/May/2014:08:21:18 +0200] "GET /js/slider.js HTTP/1.1" 200 773 "-" "Mozilla/5.0 (compatible; SearchmetricsBot; http://www.searchmetrics.com/en/searchmetrics-bot/)"
5.9.41.104 - - [02/May/2014:08:21:18 +0200] "GET /heizoel.php HTTP/1.1" 200 20905 "-" "Mozilla/5.0 (compatible; SearchmetricsBot; http://www.searchmetrics.com/en/searchmetrics-bot/)"
5.9.41.104 - - [02/May/2014:08:21:18 +0200] "GET /js/ddaccordion.js HTTP/1.1" 200 12534 "-" "Mozilla/5.0 (compatible; SearchmetricsBot; http://www.searchmetrics.com/en/searchmetrics-bot/)"
5.9.41.104 - - [02/May/2014:08:21:18 +0200] "GET /js/jquery.min.js HTTP/1.1" 200 57254 "-" "Mozilla/5.0 (compatible; SearchmetricsBot; http://www.searchmetrics.com/en/searchmetrics-bot/)"
5.9.41.104 - - [02/May/2014:08:21:18 +0200] "GET /js/slider.js HTTP/1.1" 200 773 "-" "Mozilla/5.0 (compatible; SearchmetricsBot; http://www.searchmetrics.com/en/searchmetrics-bot/)"
5.9.41.104 - - [02/May/2014:08:21:19 +0200] "GET /diesel.php HTTP/1.1" 200 22323 "-" "Mozilla/5.0 (compatible; SearchmetricsBot; http://www.searchmetrics.com/en/searchmetrics-bot/)"
5.9.41.104 - - [02/May/2014:08:21:19 +0200] "GET /js/ddaccordion.js HTTP/1.1" 200 12534 "-" "Mozilla/5.0 (compatible; SearchmetricsBot; http://www.searchmetrics.com/en/searchmetrics-bot/)"
5.9.41.104 - - [02/May/2014:08:21:19 +0200] "GET /js/jquery.min.js HTTP/1.1" 200 57254 "-" "Mozilla/5.0 (compatible; SearchmetricsBot; http://www.searchmetrics.com/en/searchmetrics-bot/)"
5.9.41.104 - - [02/May/2014:08:21:19 +0200] "GET /js/slider.js HTTP/1.1" 200 773 "-" "Mozilla/5.0 (compatible; SearchmetricsBot; http://www.searchmetrics.com/en/searchmetrics-bot/)"
5.9.41.104 - - [02/May/2014:08:21:19 +0200] "GET /ec.php HTTP/1.1" 200 20639 "-" "Mozilla/5.0 (compatible; SearchmetricsBot; http://www.searchmetrics.com/en/searchmetrics-bot/)"
5.9.41.104 - - [02/May/2014:08:21:20 +0200] "GET /js/ddaccordion.js HTTP/1.1" 200 12534 "-" "Mozilla/5.0 (compatible; SearchmetricsBot; http://www.searchmetrics.com/en/searchmetrics-bot/)"
5.9.41.104 - - [02/May/2014:08:21:20 +0200] "GET /js/jquery.min.js HTTP/1.1" 200 57254 "-" "Mozilla/5.0 (compatible; SearchmetricsBot; http://www.searchmetrics.com/en/searchmetrics-bot/)"
5.9.41.104 - - [02/May/2014:08:21:20 +0200] "GET /js/slider.js HTTP/1.1" 200 773 "-" "Mozilla/5.0 (compatible; SearchmetricsBot; http://www.searchmetrics.com/en/searchmetrics-bot/)"
5.9.41.104 - - [02/May/2014:08:21:20 +0200] "GET /impressum.php HTTP/1.1" 200 20126 "-" "Mozilla/5.0 (compatible; SearchmetricsBot; http://www.searchmetrics.com/en/searchmetrics-bot/)"
5.9.41.104 - - [02/May/2014:08:21:21 +0200] "GET /js/ddaccordion.js HTTP/1.1" 200 12534 "-" "Mozilla/5.0 (compatible; SearchmetricsBot; http://www.searchmetrics.com/en/searchmetrics-bot/)"
5.9.41.104 - - [02/May/2014:08:21:21 +0200] "GET /js/jquery.min.js HTTP/1.1" 200 57254 "-" "Mozilla/5.0 (compatible; SearchmetricsBot; http://www.searchmetrics.com/en/searchmetrics-bot/)"
5.9.41.104 - - [02/May/2014:08:21:21 +0200] "GET /js/slider.js HTTP/1.1" 200 773 "-" "Mozilla/5.0 (compatible; SearchmetricsBot; http://www.searchmetrics.com/en/searchmetrics-bot/)"
5.9.41.104 - - [02/May/2014:08:21:21 +0200] "GET /schmierstoffe.php HTTP/1.1" 200 21621 "-" "Mozilla/5.0 (compatible; SearchmetricsBot; http://www.searchmetrics.com/en/searchmetrics-bot/)"
5.9.41.104 - - [02/May/2014:08:21:22 +0200] "GET /js/ddaccordion.js HTTP/1.1" 200 12534 "-" "Mozilla/5.0 (compatible; SearchmetricsBot; http://www.searchmetrics.com/en/searchmetrics-bot/)"
5.9.41.104 - - [02/May/2014:08:21:22 +0200] "GET /js/jquery.min.js HTTP/1.1" 200 57254 "-" "Mozilla/5.0 (compatible; SearchmetricsBot; http://www.searchmetrics.com/en/searchmetrics-bot/)"
5.9.41.104 - - [02/May/2014:08:21:22 +0200] "GET /js/slider.js HTTP/1.1" 200 773 "-" "Mozilla/5.0 (compatible; SearchmetricsBot; http://www.searchmetrics.com/en/searchmetrics-bot/)"
5.9.41.104 - - [02/May/2014:08:21:22 +0200] "GET /optiplusheizoel.php HTTP/1.1" 404 1256 "-" "Mozilla/5.0 (compatible; SearchmetricsBot; http://www.searchmetrics.com/en/searchmetrics-bot/)"
5.9.41.104 - - [02/May/2014:08:21:22 +0200] "GET /energiekostenvergleich.php HTTP/1.1" 200 23466 "-" "Mozilla/5.0 (compatible; SearchmetricsBot; http://www.searchmetrics.com/en/searchmetrics-bot/)"
5.9.41.104 - - [02/May/2014:08:21:23 +0200] "GET /js/ddaccordion.js HTTP/1.1" 200 12534 "-" "Mozilla/5.0 (compatible; SearchmetricsBot; http://www.searchmetrics.com/en/searchmetrics-bot/)"
5.9.41.104 - - [02/May/2014:08:21:23 +0200] "GET /js/jquery.min.js HTTP/1.1" 200 57254 "-" "Mozilla/5.0 (compatible; SearchmetricsBot; http://www.searchmetrics.com/en/searchmetrics-bot/)"
5.9.41.104 - - [02/May/2014:08:21:23 +0200] "GET /js/slider.js HTTP/1.1" 200 773 "-" "Mozilla/5.0 (compatible; SearchmetricsBot; http://www.searchmetrics.com/en/searchmetrics-bot/)"
5.9.41.104 - - [02/May/2014:08:21:23 +0200] "GET /newsletter.php HTTP/1.1" 200 19831 "-" "Mozilla/5.0 (compatible; SearchmetricsBot; http://www.searchmetrics.com/en/searchmetrics-bot/)"
5.9.41.104 - - [02/May/2014:08:21:24 +0200] "GET /js/ddaccordion.js HTTP/1.1" 200 12534 "-" "Mozilla/5.0 (compatible; SearchmetricsBot; http://www.searchmetrics.com/en/searchmetrics-bot/)"
5.9.41.104 - - [02/May/2014:08:21:24 +0200] "GET /js/jquery.min.js HTTP/1.1" 200 57254 "-" "Mozilla/5.0 (compatible; SearchmetricsBot; http://www.searchmetrics.com/en/searchmetrics-bot/)"
5.9.41.104 - - [02/May/2014:08:21:24 +0200] "GET /js/slider.js HTTP/1.1" 200 773 "-" "Mozilla/5.0 (compatible; SearchmetricsBot; http://www.searchmetrics.com/en/searchmetrics-bot/)"
5.9.41.104 - - [02/May/2014:08:21:24 +0200] "GET /brennwerttechnik.php HTTP/1.1" 200 22121 "-" "Mozilla/5.0 (compatible; SearchmetricsBot; http://www.searchmetrics.com/en/searchmetrics-bot/)"
5.9.41.104 - - [02/May/2014:08:21:25 +0200] "GET /js/ddaccordion.js HTTP/1.1" 200 12534 "-" "Mozilla/5.0 (compatible; SearchmetricsBot; http://www.searchmetrics.com/en/searchmetrics-bot/)"
5.9.41.104 - - [02/May/2014:08:21:25 +0200] "GET /js/jquery.min.js HTTP/1.1" 200 57254 "-" "Mozilla/5.0 (compatible; SearchmetricsBot; http://www.searchmetrics.com/en/searchmetrics-bot/)"
5.9.41.104 - - [02/May/2014:08:21:25 +0200] "GET /js/slider.js HTTP/1.1" 200 773 "-" "Mozilla/5.0 (compatible; SearchmetricsBot; http://www.searchmetrics.com/en/searchmetrics-bot/)"
5.9.41.104 - - [02/May/2014:08:21:25 +0200] "GET /wunschpreis.php HTTP/1.1" 200 24873 "-" "Mozilla/5.0 (compatible; SearchmetricsBot; http://www.searchmetrics.com/en/searchmetrics-bot/)"
5.9.41.104 - - [02/May/2014:08:21:26 +0200] "GET /js/ddaccordion.js HTTP/1.1" 200 12534 "-" "Mozilla/5.0 (compatible; SearchmetricsBot; http://www.searchmetrics.com/en/searchmetrics-bot/)"
5.9.41.104 - - [02/May/2014:08:21:26 +0200] "GET /js/jquery.min.js HTTP/1.1" 200 57254 "-" "Mozilla/5.0 (compatible; SearchmetricsBot; http://www.searchmetrics.com/en/searchmetrics-bot/)"
5.9.41.104 - - [02/May/2014:08:21:26 +0200] "GET /js/slider.js HTTP/1.1" 200 773 "-" "Mozilla/5.0 (compatible; SearchmetricsBot; http://www.searchmetrics.com/en/searchmetrics-bot/)"
5.9.41.104 - - [02/May/2014:08:21:26 +0200] "GET /news.php?cs_go=archiv&cs_id=2861 HTTP/1.1" 200 24504 "-" "Mozilla/5.0 (compatible; SearchmetricsBot; http://www.searchmetrics.com/en/searchmetrics-bot/)"
5.9.41.104 - - [02/May/2014:08:21:27 +0200] "GET /js/ddaccordion.js HTTP/1.1" 200 12534 "-" "Mozilla/5.0 (compatible; SearchmetricsBot; http://www.searchmetrics.com/en/searchmetrics-bot/)"
5.9.41.104 - - [02/May/2014:08:21:27 +0200] "GET /js/jquery.min.js HTTP/1.1" 200 57254 "-" "Mozilla/5.0 (compatible; SearchmetricsBot; http://www.searchmetrics.com/en/searchmetrics-bot/)"
5.9.41.104 - - [02/May/2014:08:21:27 +0200] "GET /js/slider.js HTTP/1.1" 200 773 "-" "Mozilla/5.0 (compatible; SearchmetricsBot; http://www.searchmetrics.com/en/searchmetrics-bot/)"
5.9.41.104 - - [02/May/2014:08:21:27 +0200] "GET /edl.php HTTP/1.1" 200 22401 "-" "Mozilla/5.0 (compatible; SearchmetricsBot; http://www.searchmetrics.com/en/searchmetrics-bot/)"
5.9.41.104 - - [02/May/2014:08:21:28 +0200] "GET /js/ddaccordion.js HTTP/1.1" 200 12534 "-" "Mozilla/5.0 (compatible; SearchmetricsBot; http://www.searchmetrics.com/en/searchmetrics-bot/)"
5.9.41.104 - - [02/May/2014:08:21:28 +0200] "GET /js/jquery.min.js HTTP/1.1" 200 57254 "-" "Mozilla/5.0 (compatible; SearchmetricsBot; http://www.searchmetrics.com/en/searchmetrics-bot/)"
5.9.41.104 - - [02/May/2014:08:21:28 +0200] "GET /js/slider.js HTTP/1.1" 200 773 "-" "Mozilla/5.0 (compatible; SearchmetricsBot; http://www.searchmetrics.com/en/searchmetrics-bot/)"
5.9.41.104 - - [02/May/2014:08:21:28 +0200] "GET /baustellenbetankung.php HTTP/1.1" 200 19717 "-" "Mozilla/5.0 (compatible; SearchmetricsBot; http://www.searchmetrics.com/en/searchmetrics-bot/)"
5.9.41.104 - - [02/May/2014:08:21:28 +0200] "GET /js/ddaccordion.js HTTP/1.1" 200 12534 "-" "Mozilla/5.0 (compatible; SearchmetricsBot; http://www.searchmetrics.com/en/searchmetrics-bot/)"
5.9.41.104 - - [02/May/2014:08:21:29 +0200] "GET /js/jquery.min.js HTTP/1.1" 200 57254 "-" "Mozilla/5.0 (compatible; SearchmetricsBot; http://www.searchmetrics.com/en/searchmetrics-bot/)"
5.9.41.104 - - [02/May/2014:08:21:29 +0200] "GET /js/slider.js HTTP/1.1" 200 773 "-" "Mozilla/5.0 (compatible; SearchmetricsBot; http://www.searchmetrics.com/en/searchmetrics-bot/)"
5.9.41.104 - - [02/May/2014:08:21:29 +0200] "GET /faq.php HTTP/1.1" 200 238405 "-" "Mozilla/5.0 (compatible; SearchmetricsBot; http://www.searchmetrics.com/en/searchmetrics-bot/)"
5.9.41.104 - - [02/May/2014:08:21:30 +0200] "GET /js/ddaccordion.js HTTP/1.1" 200 12534 "-" "Mozilla/5.0 (compatible; SearchmetricsBot; http://www.searchmetrics.com/en/searchmetrics-bot/)"
5.9.41.104 - - [02/May/2014:08:21:30 +0200] "GET /js/jquery.min.js HTTP/1.1" 200 57254 "-" "Mozilla/5.0 (compatible; SearchmetricsBot; http://www.searchmetrics.com/en/searchmetrics-bot/)"
5.9.41.104 - - [02/May/2014:08:21:31 +0200] "GET /js/slider.js HTTP/1.1" 200 773 "-" "Mozilla/5.0 (compatible; SearchmetricsBot; http://www.searchmetrics.com/en/searchmetrics-bot/)"
5.9.41.104 - - [02/May/2014:08:21:31 +0200] "GET /marktdaten.php HTTP/1.1" 200 19842 "-" "Mozilla/5.0 (compatible; SearchmetricsBot; http://www.searchmetrics.com/en/searchmetrics-bot/)"
5.9.41.104 - - [02/May/2014:08:21:31 +0200] "GET /js/ddaccordion.js HTTP/1.1" 200 12534 "-" "Mozilla/5.0 (compatible; SearchmetricsBot; http://www.searchmetrics.com/en/searchmetrics-bot/)"
5.9.41.104 - - [02/May/2014:08:21:32 +0200] "GET /js/jquery.min.js HTTP/1.1" 200 57254 "-" "Mozilla/5.0 (compatible; SearchmetricsBot; http://www.searchmetrics.com/en/searchmetrics-bot/)"
5.9.41.104 - - [02/May/2014:08:21:32 +0200] "GET /js/slider.js HTTP/1.1" 200 773 "-" "Mozilla/5.0 (compatible; SearchmetricsBot; http://www.searchmetrics.com/en/searchmetrics-bot/)"
5.9.41.104 - - [02/May/2014:08:21:32 +0200] "GET /js/ajax_tabmenu.js HTTP/1.1" 200 12709 "-" "Mozilla/5.0 (compatible; SearchmetricsBot; http://www.searchmetrics.com/en/searchmetrics-bot/)"
5.9.41.104 - - [02/May/2014:08:21:32 +0200] "GET /energiesparcheck.php HTTP/1.1" 200 24703 "-" "Mozilla/5.0 (compatible; SearchmetricsBot; http://www.searchmetrics.com/en/searchmetrics-bot/)"
5.9.41.104 - - [02/May/2014:08:21:33 +0200] "GET /js/ddaccordion.js HTTP/1.1" 200 12534 "-" "Mozilla/5.0 (compatible; SearchmetricsBot; http://www.searchmetrics.com/en/searchmetrics-bot/)"
5.9.41.104 - - [02/May/2014:08:21:33 +0200] "GET /js/jquery.min.js HTTP/1.1" 200 57254 "-" "Mozilla/5.0 (compatible; SearchmetricsBot; http://www.searchmetrics.com/en/searchmetrics-bot/)"
5.9.41.104 - - [02/May/2014:08:21:33 +0200] "GET /js/slider.js HTTP/1.1" 200 773 "-" "Mozilla/5.0 (compatible; SearchmetricsBot; http://www.searchmetrics.com/en/searchmetrics-bot/)"
5.9.41.104 - - [02/May/2014:08:21:33 +0200] "GET /essoschmierstoffe.php HTTP/1.1" 200 22782 "-" "Mozilla/5.0 (compatible; SearchmetricsBot; http://www.searchmetrics.com/en/searchmetrics-bot/)"
5.9.41.104 - - [02/May/2014:08:21:34 +0200] "GET /js/ddaccordion.js HTTP/1.1" 200 12534 "-" "Mozilla/5.0 (compatible; SearchmetricsBot; http://www.searchmetrics.com/en/searchmetrics-bot/)"
5.9.41.104 - - [02/May/2014:08:21:34 +0200] "GET /js/jquery.min.js HTTP/1.1" 200 57254 "-" "Mozilla/5.0 (compatible; SearchmetricsBot; http://www.searchmetrics.com/en/searchmetrics-bot/)"
5.9.41.104 - - [02/May/2014:08:21:34 +0200] "GET /js/slider.js HTTP/1.1" 200 773 "-" "Mozilla/5.0 (compatible; SearchmetricsBot; http://www.searchmetrics.com/en/searchmetrics-bot/)"
5.9.41.104 - - [02/May/2014:08:21:34 +0200] "GET /preisentwicklung.php HTTP/1.1" 200 53994 "-" "Mozilla/5.0 (compatible; SearchmetricsBot; http://www.searchmetrics.com/en/searchmetrics-bot/)"
5.9.41.104 - - [02/May/2014:08:21:35 +0200] "GET /js/ddaccordion.js HTTP/1.1" 200 12534 "-" "Mozilla/5.0 (compatible; SearchmetricsBot; http://www.searchmetrics.com/en/searchmetrics-bot/)"
5.9.41.104 - - [02/May/2014:08:21:36 +0200] "GET /js/jquery.min.js HTTP/1.1" 200 57254 "-" "Mozilla/5.0 (compatible; SearchmetricsBot; http://www.searchmetrics.com/en/searchmetrics-bot/)"
5.9.41.104 - - [02/May/2014:08:21:36 +0200] "GET /js/slider.js HTTP/1.1" 200 773 "-" "Mozilla/5.0 (compatible; SearchmetricsBot; http://www.searchmetrics.com/en/searchmetrics-bot/)"
5.9.41.104 - - [02/May/2014:08:21:36 +0200] "GET /foerdermittel.php HTTP/1.1" 200 24312 "-" "Mozilla/5.0 (compatible; SearchmetricsBot; http://www.searchmetrics.com/en/searchmetrics-bot/)"
5.9.41.104 - - [02/May/2014:08:21:37 +0200] "GET /js/ddaccordion.js HTTP/1.1" 200 12534 "-" "Mozilla/5.0 (compatible; SearchmetricsBot; http://www.searchmetrics.com/en/searchmetrics-bot/)"
5.9.41.104 - - [02/May/2014:08:21:37 +0200] "GET /js/jquery.min.js HTTP/1.1" 200 57254 "-" "Mozilla/5.0 (compatible; SearchmetricsBot; http://www.searchmetrics.com/en/searchmetrics-bot/)"
5.9.41.104 - - [02/May/2014:08:21:37 +0200] "GET /js/slider.js HTTP/1.1" 200 773 "-" "Mozilla/5.0 (compatible; SearchmetricsBot; http://www.searchmetrics.com/en/searchmetrics-bot/)"
5.9.41.104 - - [02/May/2014:08:21:37 +0200] "GET /lexikon.php HTTP/1.1" 200 21597 "-" "Mozilla/5.0 (compatible; SearchmetricsBot; http://www.searchmetrics.com/en/searchmetrics-bot/)"
5.9.41.104 - - [02/May/2014:08:21:38 +0200] "GET /js/ddaccordion.js HTTP/1.1" 200 12534 "-" "Mozilla/5.0 (compatible; SearchmetricsBot; http://www.searchmetrics.com/en/searchmetrics-bot/)"
5.9.41.104 - - [02/May/2014:08:21:38 +0200] "GET /js/jquery.min.js HTTP/1.1" 200 57254 "-" "Mozilla/5.0 (compatible; SearchmetricsBot; http://www.searchmetrics.com/en/searchmetrics-bot/)"
5.9.41.104 - - [02/May/2014:08:21:39 +0200] "GET /js/slider.js HTTP/1.1" 200 773 "-" "Mozilla/5.0 (compatible; SearchmetricsBot; http://www.searchmetrics.com/en/searchmetrics-bot/)"
5.9.41.104 - - [02/May/2014:08:21:39 +0200] "GET /agb.php HTTP/1.1" 200 31524 "-" "Mozilla/5.0 (compatible; SearchmetricsBot; http://www.searchmetrics.com/en/searchmetrics-bot/)"
5.9.41.104 - - [02/May/2014:08:21:39 +0200] "GET /js/ddaccordion.js HTTP/1.1" 200 12534 "-" "Mozilla/5.0 (compatible; SearchmetricsBot; http://www.searchmetrics.com/en/searchmetrics-bot/)"
5.9.41.104 - - [02/May/2014:08:21:39 +0200] "GET /js/jquery.min.js HTTP/1.1" 200 57254 "-" "Mozilla/5.0 (compatible; SearchmetricsBot; http://www.searchmetrics.com/en/searchmetrics-bot/)"
5.9.41.104 - - [02/May/2014:08:21:39 +0200] "GET /js/slider.js HTTP/1.1" 200 773 "-" "Mozilla/5.0 (compatible; SearchmetricsBot; http://www.searchmetrics.com/en/searchmetrics-bot/)"
5.9.41.104 - - [02/May/2014:08:21:39 +0200] "GET /ofenbau.php HTTP/1.1" 200 21910 "-" "Mozilla/5.0 (compatible; SearchmetricsBot; http://www.searchmetrics.com/en/searchmetrics-bot/)"
5.9.41.104 - - [02/May/2014:08:21:40 +0200] "GET /js/ddaccordion.js HTTP/1.1" 200 12534 "-" "Mozilla/5.0 (compatible; SearchmetricsBot; http://www.searchmetrics.com/en/searchmetrics-bot/)"
5.9.41.104 - - [02/May/2014:08:21:40 +0200] "GET /js/jquery.min.js HTTP/1.1" 200 57254 "-" "Mozilla/5.0 (compatible; SearchmetricsBot; http://www.searchmetrics.com/en/searchmetrics-bot/)"
5.9.41.104 - - [02/May/2014:08:21:40 +0200] "GET /js/slider.js HTTP/1.1" 200 773 "-" "Mozilla/5.0 (compatible; SearchmetricsBot; http://www.searchmetrics.com/en/searchmetrics-bot/)"
5.9.41.104 - - [02/May/2014:08:21:41 +0200] "GET /kwk.php HTTP/1.1" 200 21947 "-" "Mozilla/5.0 (compatible; SearchmetricsBot; http://www.searchmetrics.com/en/searchmetrics-bot/)"
5.9.41.104 - - [02/May/2014:08:21:41 +0200] "GET /js/ddaccordion.js HTTP/1.1" 200 12534 "-" "Mozilla/5.0 (compatible; SearchmetricsBot; http://www.searchmetrics.com/en/searchmetrics-bot/)"
5.9.41.104 - - [02/May/2014:08:21:41 +0200] "GET /js/jquery.min.js HTTP/1.1" 200 57254 "-" "Mozilla/5.0 (compatible; SearchmetricsBot; http://www.searchmetrics.com/en/searchmetrics-bot/)"
5.9.41.104 - - [02/May/2014:08:21:42 +0200] "GET /js/slider.js HTTP/1.1" 200 773 "-" "Mozilla/5.0 (compatible; SearchmetricsBot; http://www.searchmetrics.com/en/searchmetrics-bot/)"
5.9.41.104 - - [02/May/2014:08:21:42 +0200] "GET /news.php?cs_go=archiv&cs_id=2860 HTTP/1.1" 200 23199 "-" "Mozilla/5.0 (compatible; SearchmetricsBot; http://www.searchmetrics.com/en/searchmetrics-bot/)"
5.9.41.104 - - [02/May/2014:08:21:42 +0200] "GET /js/ddaccordion.js HTTP/1.1" 200 12534 "-" "Mozilla/5.0 (compatible; SearchmetricsBot; http://www.searchmetrics.com/en/searchmetrics-bot/)"
