66.249.68.200 - - [05/May/2014:04:37:30 +0200] "GET /lexikon.php?cs_go=3&cs_id=123 HTTP/1.1" 200 19196 "-" "Mozilla/5.0 (compatible; Googlebot/2.1; +http://www.google.com/bot.html)"
66.249.68.10 - - [05/May/2014:04:40:35 +0200] "GET /news.php HTTP/1.1" 200 33654 "-" "Mozilla/5.0 (compatible; Googlebot/2.1; +http://www.google.com/bot.html)"
37.58.100.162 - - [05/May/2014:04:42:14 +0200] "GET /lexikon.php?cs_go=3&cs_id=234 HTTP/1.1" 200 19866 "-" "Mozilla/5.0 (compatible; AhrefsBot/5.0; +http://ahrefs.com/robot/)"
66.249.68.192 - - [05/May/2014:04:43:41 +0200] "GET /news.php?cs_go=archiv&cs_id=4705 HTTP/1.1" 200 20819 "-" "Mozilla/5.0 (compatible; Googlebot/2.1; +http://www.google.com/bot.html)"
66.249.68.10 - - [05/May/2014:04:45:13 +0200] "GET /news.php?cs_go=archiv&cs_id=4849&cs_search= HTTP/1.1" 200 22566 "-" "Mozilla/5.0 (compatible; Googlebot/2.1; +http://www.google.com/bot.html)"
66.249.68.252 - - [05/May/2014:04:45:40 +0200] "GET /news.php?cs_go=archiv&cs_id=5129&cs_search= HTTP/1.1" 200 24051 "-" "Mozilla/5.0 (compatible; Googlebot/2.1; +http://www.google.com/bot.html)"
202.46.63.124 - - [05/May/2014:04:45:45 +0200] "GET / HTTP/1.1" 200 10637 "-" "Mozilla/4.0 (compatible; MSIE 7.0; Windows NT 6.0)"
66.249.68.10 - - [05/May/2014:04:45:44 +0200] "GET /news.php?cs_go=archiv&cs_id=5137&cs_search= HTTP/1.1" 200 20658 "-" "Mozilla/5.0 (compatible; Googlebot/2.1; +http://www.google.com/bot.html)"
119.63.193.132 - - [05/May/2014:04:46:00 +0200] "GET / HTTP/1.1" 200 12097 "-" "Mozilla/4.0 (compatible; MSIE 7.0; Windows NT 6.0)"
66.249.68.57 - - [05/May/2014:04:46:46 +0200] "GET /news.php?cs_go=archiv&cs_id=4868&cs_search= HTTP/1.1" 200 20746 "-" "Mozilla/5.0 (compatible; Googlebot/2.1; +http://www.google.com/bot.html)"
66.249.68.202 - - [05/May/2014:04:48:10 +0200] "GET /news.php?cs_go=archiv&cs_id=4181 HTTP/1.1" 200 21876 "-" "Mozilla/5.0 (iPhone; CPU iPhone OS 6_0 like Mac OS X) AppleWebKit/536.26 (KHTML, like Gecko) Version/6.0 Mobile/10A5376e Safari/8536.25 (compatible; Googlebot/2.1; +http://www.google.com/bot.html)"
66.249.68.56 - - [05/May/2014:04:48:19 +0200] "GET /news.php?cs_go=archiv&cs_id=4874&cs_search= HTTP/1.1" 200 21090 "-" "Mozilla/5.0 (compatible; Googlebot/2.1; +http://www.google.com/bot.html)"
66.249.68.25 - - [05/May/2014:04:49:51 +0200] "GET /news.php?cs_go=archiv&cs_id=4132 HTTP/1.1" 200 23113 "-" "Mozilla/5.0 (compatible; Googlebot/2.1; +http://www.google.com/bot.html)"
66.249.68.57 - - [05/May/2014:04:51:24 +0200] "GET /news.php?cs_go=archiv&cs_id=4498&cs_search= HTTP/1.1" 200 22238 "-" "Mozilla/5.0 (compatible; Googlebot/2.1; +http://www.google.com/bot.html)"
141.8.147.12 - - [05/May/2014:04:53:27 +0200] "GET /news.php?cs_go=archiv&cs_id=4867&cs_search= HTTP/1.1" 200 24601 "-" "Mozilla/5.0 (compatible; YandexBot/3.0; +http://yandex.com/bots)"
66.249.75.117 - - [05/May/2014:04:54:29 +0200] "GET /news.php?cs_go=archiv&cs_id=4373&cs_search= HTTP/1.1" 200 22449 "-" "Mozilla/5.0 (compatible; Googlebot/2.1; +http://www.google.com/bot.html)"
66.249.68.95 - - [05/May/2014:04:57:35 +0200] "GET /essoschmierstoffe.php HTTP/1.1" 200 22876 "-" "Mozilla/5.0 (compatible; Googlebot/2.1; +http://www.google.com/bot.html)"
141.8.147.12 - - [05/May/2014:05:03:20 +0200] "GET /news.php?cs_go=archiv&cs_id=4900&cs_search= HTTP/1.1" 200 20430 "-" "Mozilla/5.0 (compatible; YandexBot/3.0; +http://yandex.com/bots)"
66.249.68.202 - - [05/May/2014:05:03:49 +0200] "GET /news.php?cs_go=archiv&cs_id=4888 HTTP/1.1" 200 24272 "-" "Mozilla/5.0 (iPhone; CPU iPhone OS 6_0 like Mac OS X) AppleWebKit/536.26 (KHTML, like Gecko) Version/6.0 Mobile/10A5376e Safari/8536.25 (compatible; Googlebot/2.1; +http://www.google.com/bot.html)"
37.58.100.170 - - [05/May/2014:05:06:17 +0200] "GET /news.php?cs_go=archiv&cs_id=5102&cs_search= HTTP/1.1" 200 24233 "-" "Mozilla/5.0 (compatible; AhrefsBot/5.0; +http://ahrefs.com/robot/)"
157.55.35.87 - - [05/May/2014:05:09:06 +0200] "GET /robots.txt HTTP/1.1" 404 1256 "-" "Mozilla/5.0 (compatible; bingbot/2.0; +http://www.bing.com/bingbot.htm)"
157.55.35.87 - - [05/May/2014:05:09:51 +0200] "GET / HTTP/1.1" 200 23409 "-" "Mozilla/5.0 (compatible; bingbot/2.0; +http://www.bing.com/bingbot.htm)"
66.249.68.10 - - [05/May/2014:05:19:57 +0200] "GET /news.php?cs_go=archiv&cs_id=4894 HTTP/1.1" 200 20797 "-" "Mozilla/5.0 (iPhone; CPU iPhone OS 6_0 like Mac OS X) AppleWebKit/536.26 (KHTML, like Gecko) Version/6.0 Mobile/10A5376e Safari/8536.25 (compatible; Googlebot/2.1; +http://www.google.com/bot.html)"
141.8.147.12 - - [05/May/2014:05:23:02 +0200] "GET /news.php?cs_go=archiv&cs_id=5017&cs_search= HTTP/1.1" 200 20611 "-" "Mozilla/5.0 (compatible; YandexBot/3.0; +http://yandex.com/bots)"
66.249.68.202 - - [05/May/2014:05:23:51 +0200] "GET /news.php?cs_go=archiv&cs_id=4874 HTTP/1.1" 200 21090 "-" "Mozilla/5.0 (compatible; Googlebot/2.1; +http://www.google.com/bot.html)"
66.249.68.10 - - [05/May/2014:05:31:34 +0200] "GET /news.php?cs_go=archiv&cs_id=4847&cs_search= HTTP/1.1" 200 21429 "-" "Mozilla/5.0 (compatible; Googlebot/2.1; +http://www.google.com/bot.html)"
66.249.68.10 - - [05/May/2014:05:33:07 +0200] "GET /ansprechpartner.php HTTP/1.1" 200 21529 "-" "Mozilla/5.0 (compatible; Googlebot/2.1; +http://www.google.com/bot.html)"
66.249.68.252 - - [05/May/2014:05:36:00 +0200] "GET /ec.php HTTP/1.1" 200 20733 "-" "Mozilla/5.0 (iPhone; CPU iPhone OS 6_0 like Mac OS X) AppleWebKit/536.26 (KHTML, like Gecko) Version/6.0 Mobile/10A5376e Safari/8536.25 (compatible; Googlebot/2.1; +http://www.google.com/bot.html)"
66.249.68.31 - - [05/May/2014:05:37:45 +0200] "GET /adblue.php HTTP/1.1" 200 23127 "-" "Mozilla/5.0 (compatible; Googlebot/2.1; +http://www.google.com/bot.html)"
141.8.147.12 - - [05/May/2014:05:38:10 +0200] "GET /news.php?cs_go=archiv&cs_id=5070&cs_search= HTTP/1.1" 200 24473 "-" "Mozilla/5.0 (compatible; YandexBot/3.0; +http://yandex.com/bots)"
101.226.166.219 - - [05/May/2014:05:39:14 +0200] "GET /robots.txt HTTP/1.0" 404 1256 "http://www.e-s-s-o-berlin.de/robots.txt" "Mozilla/5.0 (Windows NT 6.1) AppleWebKit/537.1 (KHTML, like Gecko) Chrome/21.0.1180.89 Safari/537.1; 360Spider"
66.249.68.56 - - [05/May/2014:05:39:18 +0200] "GET /news.php?cs_go=archiv&cs_id=4279 HTTP/1.1" 200 20601 "-" "Mozilla/5.0 (compatible; Googlebot/2.1; +http://www.google.com/bot.html)"
66.249.68.224 - - [05/May/2014:05:40:51 +0200] "GET /waermekonto.php HTTP/1.1" 200 30901 "-" "Mozilla/5.0 (compatible; Googlebot/2.1; +http://www.google.com/bot.html)"
66.249.68.57 - - [05/May/2014:05:42:23 +0200] "GET /news.php?cs_go=archiv&cs_id=4367&cs_search= HTTP/1.1" 200 24587 "-" "Mozilla/5.0 (compatible; Googlebot/2.1; +http://www.google.com/bot.html)"
66.249.68.89 - - [05/May/2014:05:43:56 +0200] "GET /news.php?cs_go=archiv&cs_id=4382&cs_search= HTTP/1.1" 200 24425 "-" "Mozilla/5.0 (compatible; Googlebot/2.1; +http://www.google.com/bot.html)"
66.249.68.250 - - [05/May/2014:05:45:29 +0200] "GET /wunschpreis.php HTTP/1.1" 200 24967 "-" "Mozilla/5.0 (compatible; Googlebot/2.1; +http://www.google.com/bot.html)"
66.249.68.57 - - [05/May/2014:05:47:01 +0200] "GET /news.php?cs_go=archiv&cs_id=4688&cs_search= HTTP/1.1" 200 21604 "-" "Mozilla/5.0 (compatible; Googlebot/2.1; +http://www.google.com/bot.html)"
66.249.68.252 - - [05/May/2014:05:52:05 +0200] "GET /schmierstoffe.php HTTP/1.1" 200 21715 "-" "Mozilla/5.0 (iPhone; CPU iPhone OS 6_0 like Mac OS X) AppleWebKit/536.26 (KHTML, like Gecko) Version/6.0 Mobile/10A5376e Safari/8536.25 (compatible; Googlebot/2.1; +http://www.google.com/bot.html)"
141.8.147.12 - - [05/May/2014:05:54:00 +0200] "GET /news.php?cs_go=archiv&cs_id=5053&cs_search= HTTP/1.1" 200 23688 "-" "Mozilla/5.0 (compatible; YandexBot/3.0; +http://yandex.com/bots)"
141.8.147.12 - - [05/May/2014:06:03:51 +0200] "GET /news.php?cs_go=archiv&cs_id=5025&cs_search= HTTP/1.1" 200 20826 "-" "Mozilla/5.0 (compatible; YandexBot/3.0; +http://yandex.com/bots)"
66.249.68.252 - - [05/May/2014:06:05:34 +0200] "GET /news.php?cs_go=archiv&cs_id=3957 HTTP/1.1" 200 21331 "-" "Mozilla/5.0 (compatible; Googlebot/2.1; +http://www.google.com/bot.html)"
37.58.100.147 - - [05/May/2014:06:06:08 +0200] "GET /news.php?cs_go=archiv&cs_startpos=200 HTTP/1.1" 200 25531 "-" "Mozilla/5.0 (compatible; AhrefsBot/5.0; +http://ahrefs.com/robot/)"
141.8.147.12 - - [05/May/2014:06:06:11 +0200] "GET /news.php?cs_go=archiv&cs_id=4879&cs_search= HTTP/1.1" 200 22060 "-" "Mozilla/5.0 (compatible; YandexBot/3.0; +http://yandex.com/bots)"
141.8.147.12 - - [05/May/2014:06:06:11 +0200] "GET /news.php?cs_go=archiv&cs_startpos=210 HTTP/1.1" 200 19751 "-" "Mozilla/5.0 (compatible; YandexBot/3.0; +http://yandex.com/bots)"
141.8.147.12 - - [05/May/2014:06:13:38 +0200] "GET /news.php?cs_go=archiv&cs_id=5014&cs_search= HTTP/1.1" 200 21084 "-" "Mozilla/5.0 (compatible; YandexBot/3.0; +http://yandex.com/bots)"
141.8.147.12 - - [05/May/2014:06:13:38 +0200] "GET /news.php?cs_go=archiv&cs_id=5074&cs_search= HTTP/1.1" 200 24216 "-" "Mozilla/5.0 (compatible; YandexBot/3.0; +http://yandex.com/bots)"
141.8.147.12 - - [05/May/2014:06:13:41 +0200] "GET /news.php?cs_go=archiv&cs_id=5047&cs_search= HTTP/1.1" 200 20833 "-" "Mozilla/5.0 (compatible; YandexBot/3.0; +http://yandex.com/bots)"
141.8.147.12 - - [05/May/2014:06:13:42 +0200] "GET /news.php?cs_go=archiv&cs_id=4940&cs_search= HTTP/1.1" 200 20791 "-" "Mozilla/5.0 (compatible; YandexBot/3.0; +http://yandex.com/bots)"
141.8.147.12 - - [05/May/2014:06:13:44 +0200] "GET /news.php?cs_go=archiv&cs_id=5054&cs_search= HTTP/1.1" 200 20870 "-" "Mozilla/5.0 (compatible; YandexBot/3.0; +http://yandex.com/bots)"
37.58.100.147 - - [05/May/2014:06:13:48 +0200] "GET /news.php?cs_go=archiv&cs_id=4863&cs_search= HTTP/1.1" 200 26678 "-" "Mozilla/5.0 (compatible; AhrefsBot/5.0; +http://ahrefs.com/robot/)"
141.8.147.12 - - [05/May/2014:06:21:59 +0200] "GET /news.php?cs_go=archiv&cs_id=5066&cs_search= HTTP/1.1" 200 23546 "-" "Mozilla/5.0 (compatible; YandexBot/3.0; +http://yandex.com/bots)"
37.58.100.234 - - [05/May/2014:06:23:07 +0200] "GET /news.php?cs_go=archiv&cs_startpos=30 HTTP/1.1" 200 34202 "-" "Mozilla/5.0 (compatible; AhrefsBot/5.0; +http://ahrefs.com/robot/)"
66.249.68.202 - - [05/May/2014:06:27:12 +0200] "GET /diesel.php HTTP/1.1" 200 22417 "-" "Mozilla/5.0 (compatible; Googlebot/2.1; +http://www.google.com/bot.html)"
220.181.132.216 - - [05/May/2014:06:29:03 +0200] "GET / HTTP/1.1" 200 23409 "http://www.esso-berlin.de/" "Mozilla/4.0 (compatible; MSIE 8.0; Windows NT 6.1; Trident/4.0; SLCC2; .NET CLR 2.0.50727; .NET CLR 3.5.30729; .NET CLR 3.0.30729; Media Center PC 6.0; Tablet PC 2.0)"
66.249.68.10 - - [05/May/2014:06:31:50 +0200] "GET /news.php?cs_go=archiv&cs_id=4856&cs_search= HTTP/1.1" 200 23311 "-" "Mozilla/5.0 (compatible; Googlebot/2.1; +http://www.google.com/bot.html)"
66.249.68.63 - - [05/May/2014:06:34:55 +0200] "GET /tankreinigung.php HTTP/1.1" 200 22389 "-" "Mozilla/5.0 (compatible; Googlebot/2.1; +http://www.google.com/bot.html)"
141.8.147.12 - - [05/May/2014:06:38:30 +0200] "GET /news.php?cs_go=archiv&cs_id=5031&cs_search= HTTP/1.1" 200 23418 "-" "Mozilla/5.0 (compatible; YandexBot/3.0; +http://yandex.com/bots)"
66.249.68.202 - - [05/May/2014:06:40:36 +0200] "GET /waermekonto.php HTTP/1.1" 200 30901 "-" "Mozilla/5.0 (iPhone; CPU iPhone OS 6_0 like Mac OS X) AppleWebKit/536.26 (KHTML, like Gecko) Version/6.0 Mobile/10A5376e Safari/8536.25 (compatible; Googlebot/2.1; +http://www.google.com/bot.html)"
66.249.68.56 - - [05/May/2014:06:42:39 +0200] "GET /news.php?cs_go=archiv&cs_id=4862&cs_search= HTTP/1.1" 200 20447 "-" "Mozilla/5.0 (compatible; Googlebot/2.1; +http://www.google.com/bot.html)"
66.249.68.39 - - [05/May/2014:06:44:11 +0200] "GET /news.php?cs_go=archiv&cs_id=4510 HTTP/1.1" 200 21947 "-" "Mozilla/5.0 (compatible; Googlebot/2.1; +http://www.google.com/bot.html)"
66.249.68.71 - - [05/May/2014:06:45:44 +0200] "GET /news.php?cs_go=archiv&cs_id=3411 HTTP/1.1" 200 24288 "-" "Mozilla/5.0 (compatible; Googlebot/2.1; +http://www.google.com/bot.html)"
123.125.71.14 - - [05/May/2014:06:48:01 +0200] "GET / HTTP/1.1" 200 15074 "-" "Mozilla/5.0 (compatible; Baiduspider/2.0; +http://www.baidu.com/search/spider.html)"
220.181.108.92 - - [05/May/2014:06:48:16 +0200] "GET / HTTP/1.1" 200 15074 "-" "Mozilla/5.0 (compatible; Baiduspider/2.0; +http://www.baidu.com/search/spider.html)"
66.249.68.192 - - [05/May/2014:06:48:50 +0200] "GET /news.php?cs_go=archiv&cs_id=5001 HTTP/1.1" 200 20355 "-" "Mozilla/5.0 (compatible; Googlebot/2.1; +http://www.google.com/bot.html)"
66.249.68.89 - - [05/May/2014:06:50:22 +0200] "GET /news.php?cs_go=archiv&cs_id=4696&cs_search= HTTP/1.1" 200 21247 "-" "Mozilla/5.0 (compatible; Googlebot/2.1; +http://www.google.com/bot.html)"
66.249.68.25 - - [05/May/2014:06:51:55 +0200] "GET /news.php?cs_go=archiv&cs_id=4703&cs_search= HTTP/1.1" 200 24014 "-" "Mozilla/5.0 (compatible; Googlebot/2.1; +http://www.google.com/bot.html)"
66.249.68.89 - - [05/May/2014:06:53:28 +0200] "GET /news.php?cs_go=archiv&cs_id=4701&cs_search= HTTP/1.1" 200 24690 "-" "Mozilla/5.0 (compatible; Googlebot/2.1; +http://www.google.com/bot.html)"
141.8.147.12 - - [05/May/2014:06:53:33 +0200] "GET /news.php?cs_go=archiv&cs_id=4810&cs_search= HTTP/1.1" 200 22054 "-" "Mozilla/5.0 (compatible; YandexBot/3.0; +http://yandex.com/bots)"
66.249.68.200 - - [05/May/2014:06:55:00 +0200] "GET /lexikon.php?cs_go=3&cs_id=80 HTTP/1.1" 200 19543 "-" "Mozilla/5.0 (compatible; Googlebot/2.1; +http://www.google.com/bot.html)"
66.249.68.89 - - [05/May/2014:06:56:33 +0200] "GET /news.php?cs_go=archiv&cs_id=4689&cs_search= HTTP/1.1" 200 22414 "-" "Mozilla/5.0 (compatible; Googlebot/2.1; +http://www.google.com/bot.html)"
144.76.95.39 - - [05/May/2014:06:57:56 +0200] "GET /robots.txt HTTP/1.0" 404 1256 "-" "Mozilla/5.0 (compatible; MJ12bot/v1.4.5; http://www.majestic12.co.uk/bot.php?+)"
66.249.68.89 - - [05/May/2014:06:57:55 +0200] "GET /ofenbau.php HTTP/1.1" 200 22004 "-" "Mozilla/5.0 (compatible; Googlebot/2.1; +http://www.google.com/bot.html)"
66.249.68.89 - - [05/May/2014:06:58:06 +0200] "GET /news.php?cs_go=archiv&cs_id=4698&cs_search= HTTP/1.1" 200 20524 "-" "Mozilla/5.0 (compatible; Googlebot/2.1; +http://www.google.com/bot.html)"
144.76.95.39 - - [05/May/2014:06:58:09 +0200] "GET /news.php?cs_go=archiv&cs_id=5137 HTTP/1.0" 200 20658 "-" "Mozilla/5.0 (compatible; MJ12bot/v1.4.5; http://www.majestic12.co.uk/bot.php?+)"
37.58.100.147 - - [05/May/2014:06:58:58 +0200] "GET /lexikon.php?cs_go=3&cs_id=63 HTTP/1.1" 200 19502 "-" "Mozilla/5.0 (compatible; AhrefsBot/5.0; +http://ahrefs.com/robot/)"
66.249.68.10 - - [05/May/2014:07:01:11 +0200] "GET /news.php?cs_go=archiv&cs_id=4862 HTTP/1.1" 200 20447 "-" "Mozilla/5.0 (compatible; Googlebot/2.1; +http://www.google.com/bot.html)"
66.249.68.252 - - [05/May/2014:07:02:08 +0200] "GET /news.php?cs_go=archiv&cs_id=5035 HTTP/1.1" 200 20877 "-" "Mozilla/5.0 (iPhone; CPU iPhone OS 6_0 like Mac OS X) AppleWebKit/536.26 (KHTML, like Gecko) Version/6.0 Mobile/10A5376e Safari/8536.25 (compatible; Googlebot/2.1; +http://www.google.com/bot.html)"
141.8.147.12 - - [05/May/2014:07:09:53 +0200] "GET /news.php?cs_go=archiv&cs_id=5094&cs_search= HTTP/1.1" 200 23304 "-" "Mozilla/5.0 (compatible; YandexBot/3.0; +http://yandex.com/bots)"
178.255.215.76 - - [05/May/2014:07:10:47 +0200] "GET /robots.txt HTTP/1.1" 404 1256 "-" "Mozilla/5.0 (compatible; Exabot/3.0; +http://www.exabot.com/go/robot)"
178.255.215.76 - - [05/May/2014:07:10:47 +0200] "GET /news.php HTTP/1.1" 200 33654 "-" "Mozilla/5.0 (compatible; Exabot/3.0; +http://www.exabot.com/go/robot)"
66.249.68.202 - - [05/May/2014:07:13:33 +0200] "GET /lexikon.php?cs_go=3&cs_id=36 HTTP/1.1" 200 19860 "-" "Mozilla/5.0 (compatible; Googlebot/2.1; +http://www.google.com/bot.html)"
37.58.100.173 - - [05/May/2014:07:15:21 +0200] "GET /news.php?cs_go=archiv&cs_id=5039 HTTP/1.1" 200 24915 "-" "Mozilla/5.0 (compatible; AhrefsBot/5.0; +http://ahrefs.com/robot/)"
141.8.147.12 - - [05/May/2014:07:18:03 +0200] "GET /news.php?cs_go=archiv&cs_id=5072&cs_search= HTTP/1.1" 200 20895 "-" "Mozilla/5.0 (compatible; YandexBot/3.0; +http://yandex.com/bots)"
66.249.68.10 - - [05/May/2014:07:19:48 +0200] "GET /news.php?cs_go=archiv&cs_id=4425 HTTP/1.1" 200 24781 "-" "Mozilla/5.0 (iPhone; CPU iPhone OS 6_0 like Mac OS X) AppleWebKit/536.26 (KHTML, like Gecko) Version/6.0 Mobile/10A5376e Safari/8536.25 (compatible; Googlebot/2.1; +http://www.google.com/bot.html)"
37.58.100.143 - - [05/May/2014:07:24:53 +0200] "GET /ofenbau.php HTTP/1.1" 200 22004 "-" "Mozilla/5.0 (compatible; AhrefsBot/5.0; +http://ahrefs.com/robot/)"
94.242.222.44 - - [05/May/2014:07:25:36 +0200] "GET / HTTP/1.1" 200 23409 "-" "Mozilla/5.0 (Windows NT 6.1; WOW64; rv:28.0) Gecko/20100101 Firefox/28.0"
93.228.29.68 - - [05/May/2014:07:27:04 +0200] "GET /style.css HTTP/1.1" 200 8056 "http://www.e-s-s-o-berlin.de/" "Mozilla/5.0 (Windows NT 6.1; WOW64; rv:29.0) Gecko/20100101 Firefox/29.0"
93.228.29.68 - - [05/May/2014:07:27:04 +0200] "GET /js/ddaccordion.js HTTP/1.1" 200 12534 "http://www.e-s-s-o-berlin.de/" "Mozilla/5.0 (Windows NT 6.1; WOW64; rv:29.0) Gecko/20100101 Firefox/29.0"
93.228.29.68 - - [05/May/2014:07:27:04 +0200] "GET /js/slider.js HTTP/1.1" 200 773 "http://www.e-s-s-o-berlin.de/" "Mozilla/5.0 (Windows NT 6.1; WOW64; rv:29.0) Gecko/20100101 Firefox/29.0"
93.228.29.68 - - [05/May/2014:07:27:04 +0200] "GET /Scripts/AC_ActiveX.js HTTP/1.1" 200 2068 "http://www.e-s-s-o-berlin.de/" "Mozilla/5.0 (Windows NT 6.1; WOW64; rv:29.0) Gecko/20100101 Firefox/29.0"
93.228.29.68 - - [05/May/2014:07:27:04 +0200] "GET /Scripts/AC_RunActiveContent.js HTTP/1.1" 200 8029 "http://www.e-s-s-o-berlin.de/" "Mozilla/5.0 (Windows NT 6.1; WOW64; rv:29.0) Gecko/20100101 Firefox/29.0"
93.228.29.68 - - [05/May/2014:07:27:04 +0200] "GET /modul.css HTTP/1.1" 200 36485 "http://www.e-s-s-o-berlin.de/" "Mozilla/5.0 (Windows NT 6.1; WOW64; rv:29.0) Gecko/20100101 Firefox/29.0"
93.228.29.68 - - [05/May/2014:07:27:04 +0200] "GET /js/jquery.min.js HTTP/1.1" 200 57254 "http://www.e-s-s-o-berlin.de/" "Mozilla/5.0 (Windows NT 6.1; WOW64; rv:29.0) Gecko/20100101 Firefox/29.0"
93.228.29.68 - - [05/May/2014:07:27:04 +0200] "GET /video/jwplayer.js HTTP/1.1" 200 132411 "http://www.e-s-s-o-berlin.de/" "Mozilla/5.0 (Windows NT 6.1; WOW64; rv:29.0) Gecko/20100101 Firefox/29.0"
93.228.29.68 - - [05/May/2014:07:27:04 +0200] "GET /images/teamtkw.jpg HTTP/1.1" 200 27919 "http://www.e-s-s-o-berlin.de/" "Mozilla/5.0 (Windows NT 6.1; WOW64; rv:29.0) Gecko/20100101 Firefox/29.0"
93.228.29.68 - - [05/May/2014:07:27:04 +0200] "GET /images/team-energie.png HTTP/1.1" 200 17383 "http://www.e-s-s-o-berlin.de/" "Mozilla/5.0 (Windows NT 6.1; WOW64; rv:29.0) Gecko/20100101 Firefox/29.0"
93.228.29.68 - - [05/May/2014:07:27:04 +0200] "GET /images/tankpool24.jpg HTTP/1.1" 200 6460 "http://www.e-s-s-o-berlin.de/" "Mozilla/5.0 (Windows NT 6.1; WOW64; rv:29.0) Gecko/20100101 Firefox/29.0"
93.228.29.68 - - [05/May/2014:07:27:04 +0200] "GET /images/iwo.jpg HTTP/1.1" 200 11024 "http://www.e-s-s-o-berlin.de/" "Mozilla/5.0 (Windows NT 6.1; WOW64; rv:29.0) Gecko/20100101 Firefox/29.0"
93.228.29.68 - - [05/May/2014:07:27:04 +0200] "GET /images/telefon.png HTTP/1.1" 200 754 "http://www.e-s-s-o-berlin.de/" "Mozilla/5.0 (Windows NT 6.1; WOW64; rv:29.0) Gecko/20100101 Firefox/29.0"
93.228.29.68 - - [05/May/2014:07:27:04 +0200] "GET /images/email.png HTTP/1.1" 200 641 "http://www.e-s-s-o-berlin.de/" "Mozilla/5.0 (Windows NT 6.1; WOW64; rv:29.0) Gecko/20100101 Firefox/29.0"
93.228.29.68 - - [05/May/2014:07:27:04 +0200] "GET /images/baustelle.jpg HTTP/1.1" 200 17506 "http://www.e-s-s-o-berlin.de/" "Mozilla/5.0 (Windows NT 6.1; WOW64; rv:29.0) Gecko/20100101 Firefox/29.0"
93.228.29.68 - - [05/May/2014:07:27:04 +0200] "GET / HTTP/1.1" 200 23409 "http://www.google.de/url?sa=t&rct=j&q=&esrc=s&source=web&cd=7&ved=0CGQQFjAG&url=http%3A%2F%2Fwww.e-s-s-o-berlin.de%2F&ei=CCFnU_EviM85n6KBqA0&usg=AFQjCNFyly26Im01L1hqxwtkO53IQPsODA" "Mozilla/5.0 (Windows NT 6.1; WOW64; rv:29.0) Gecko/20100101 Firefox/29.0"
93.228.29.68 - - [05/May/2014:07:27:04 +0200] "GET /images/heizoelbestellung.jpg HTTP/1.1" 200 6281 "http://www.e-s-s-o-berlin.de/" "Mozilla/5.0 (Windows NT 6.1; WOW64; rv:29.0) Gecko/20100101 Firefox/29.0"
93.228.29.68 - - [05/May/2014:07:27:04 +0200] "GET /images/wunschpreis.jpg HTTP/1.1" 200 5550 "http://www.e-s-s-o-berlin.de/" "Mozilla/5.0 (Windows NT 6.1; WOW64; rv:29.0) Gecko/20100101 Firefox/29.0"
93.228.29.68 - - [05/May/2014:07:27:04 +0200] "GET /images/adblue_neu.png HTTP/1.1" 200 30982 "http://www.e-s-s-o-berlin.de/" "Mozilla/5.0 (Windows NT 6.1; WOW64; rv:29.0) Gecko/20100101 Firefox/29.0"
93.228.29.68 - - [05/May/2014:07:27:04 +0200] "GET /images/freecall.png HTTP/1.1" 200 15914 "http://www.e-s-s-o-berlin.de/" "Mozilla/5.0 (Windows NT 6.1; WOW64; rv:29.0) Gecko/20100101 Firefox/29.0"
93.228.29.68 - - [05/May/2014:07:27:04 +0200] "GET /images/kwk.png HTTP/1.1" 200 15949 "http://www.e-s-s-o-berlin.de/" "Mozilla/5.0 (Windows NT 6.1; WOW64; rv:29.0) Gecko/20100101 Firefox/29.0"
93.228.29.68 - - [05/May/2014:07:27:04 +0200] "GET /images/ral.png HTTP/1.1" 200 25696 "http://www.e-s-s-o-berlin.de/" "Mozilla/5.0 (Windows NT 6.1; WOW64; rv:29.0) Gecko/20100101 Firefox/29.0"
93.228.29.68 - - [05/May/2014:07:27:04 +0200] "GET /images/Imagebroschuere_team_energie.png HTTP/1.1" 200 64117 "http://www.e-s-s-o-berlin.de/" "Mozilla/5.0 (Windows NT 6.1; WOW64; rv:29.0) Gecko/20100101 Firefox/29.0"
93.228.29.68 - - [05/May/2014:07:27:05 +0200] "GET /video/player.swf HTTP/1.1" 200 106407 "http://www.e-s-s-o-berlin.de/" "Mozilla/5.0 (Windows NT 6.1; WOW64; rv:29.0) Gecko/20100101 Firefox/29.0"
93.228.29.68 - - [05/May/2014:07:27:05 +0200] "GET /images/header.jpg HTTP/1.1" 200 23758 "http://www.e-s-s-o-berlin.de/style.css" "Mozilla/5.0 (Windows NT 6.1; WOW64; rv:29.0) Gecko/20100101 Firefox/29.0"
93.228.29.68 - - [05/May/2014:07:27:05 +0200] "GET /images/content_bg.jpg HTTP/1.1" 200 437 "http://www.e-s-s-o-berlin.de/style.css" "Mozilla/5.0 (Windows NT 6.1; WOW64; rv:29.0) Gecko/20100101 Firefox/29.0"
93.228.29.68 - - [05/May/2014:07:27:05 +0200] "GET /images/logos.jpg HTTP/1.1" 200 1205 "http://www.e-s-s-o-berlin.de/style.css" "Mozilla/5.0 (Windows NT 6.1; WOW64; rv:29.0) Gecko/20100101 Firefox/29.0"
93.228.29.68 - - [05/May/2014:07:27:05 +0200] "GET /images/newsletter.jpg HTTP/1.1" 200 13127 "http://www.e-s-s-o-berlin.de/style.css" "Mozilla/5.0 (Windows NT 6.1; WOW64; rv:29.0) Gecko/20100101 Firefox/29.0"
93.228.29.68 - - [05/May/2014:07:27:05 +0200] "GET /images/mobil.jpg HTTP/1.1" 200 25293 "http://www.e-s-s-o-berlin.de/style.css" "Mozilla/5.0 (Windows NT 6.1; WOW64; rv:29.0) Gecko/20100101 Firefox/29.0"
93.228.29.68 - - [05/May/2014:07:27:05 +0200] "GET /favicon.ico HTTP/1.1" 404 1256 "-" "Mozilla/5.0 (Windows NT 6.1; WOW64; rv:29.0) Gecko/20100101 Firefox/29.0"
93.228.29.68 - - [05/May/2014:07:27:05 +0200] "GET /favicon.ico HTTP/1.1" 404 1256 "-" "Mozilla/5.0 (Windows NT 6.1; WOW64; rv:29.0) Gecko/20100101 Firefox/29.0"
93.228.29.68 - - [05/May/2014:07:27:05 +0200] "GET /video/standbild.jpg HTTP/1.1" 200 14654 "http://www.e-s-s-o-berlin.de/video/player.swf" "Mozilla/5.0 (Windows NT 6.1; WOW64; rv:29.0) Gecko/20100101 Firefox/29.0"
66.249.68.39 - - [05/May/2014:07:29:01 +0200] "GET /news.php?cs_go=archiv&cs_id=4270 HTTP/1.1" 200 22146 "-" "Mozilla/5.0 (compatible; Googlebot/2.1; +http://www.google.com/bot.html)"
141.8.147.12 - - [05/May/2014:07:34:24 +0200] "GET /news.php?cs_go=archiv&cs_id=4743&cs_search= HTTP/1.1" 200 25424 "-" "Mozilla/5.0 (compatible; YandexBot/3.0; +http://yandex.com/bots)"
66.249.68.252 - - [05/May/2014:07:39:49 +0200] "GET /news.php?cs_go=archiv&cs_id=4793&cs_search= HTTP/1.1" 200 21539 "-" "Mozilla/5.0 (compatible; Googlebot/2.1; +http://www.google.com/bot.html)"
66.249.68.56 - - [05/May/2014:07:41:22 +0200] "GET /news.php?cs_go=archiv&cs_id=4626&cs_search= HTTP/1.1" 200 22131 "-" "Mozilla/5.0 (compatible; Googlebot/2.1; +http://www.google.com/bot.html)"
66.249.68.202 - - [05/May/2014:07:42:01 +0200] "GET /lexikon.php?cs_go=3&cs_id=21 HTTP/1.1" 200 20245 "-" "Mozilla/5.0 (iPhone; CPU iPhone OS 6_0 like Mac OS X) AppleWebKit/536.26 (KHTML, like Gecko) Version/6.0 Mobile/10A5376e Safari/8536.25 (compatible; Googlebot/2.1; +http://www.google.com/bot.html)"
141.8.147.12 - - [05/May/2014:07:42:34 +0200] "GET /news.php?cs_go=archiv&cs_id=5067&cs_search= HTTP/1.1" 200 20678 "-" "Mozilla/5.0 (compatible; YandexBot/3.0; +http://yandex.com/bots)"
66.249.68.89 - - [05/May/2014:07:42:54 +0200] "GET /news.php?cs_go=archiv&cs_id=4669&cs_search= HTTP/1.1" 200 24737 "-" "Mozilla/5.0 (compatible; Googlebot/2.1; +http://www.google.com/bot.html)"
66.249.68.25 - - [05/May/2014:07:44:27 +0200] "GET /news.php?cs_go=archiv&cs_id=4660&cs_search= HTTP/1.1" 200 20665 "-" "Mozilla/5.0 (compatible; Googlebot/2.1; +http://www.google.com/bot.html)"
37.58.100.170 - - [05/May/2014:07:45:42 +0200] "GET /news.php?cs_go=archiv&cs_startpos=31 HTTP/1.1" 200 34144 "-" "Mozilla/5.0 (compatible; AhrefsBot/5.0; +http://ahrefs.com/robot/)"
66.249.68.89 - - [05/May/2014:07:46:00 +0200] "GET /news.php?cs_go=archiv&cs_id=4676&cs_search= HTTP/1.1" 200 24646 "-" "Mozilla/5.0 (compatible; Googlebot/2.1; +http://www.google.com/bot.html)"
66.249.68.224 - - [05/May/2014:07:47:32 +0200] "GET /news.php?cs_go=archiv&cs_id=4915 HTTP/1.1" 200 24187 "-" "Mozilla/5.0 (compatible; Googlebot/2.1; +http://www.google.com/bot.html)"
66.249.68.200 - - [05/May/2014:07:49:05 +0200] "GET /lexikon.php?cs_go=2&cs_char=l HTTP/1.1" 200 19913 "-" "Mozilla/5.0 (compatible; Googlebot/2.1; +http://www.google.com/bot.html)"
66.249.75.115 - - [05/May/2014:07:50:38 +0200] "GET /news.php?cs_go=archiv&cs_id=4694&cs_search= HTTP/1.1" 200 20812 "-" "Mozilla/5.0 (compatible; Googlebot/2.1; +http://www.google.com/bot.html)"
68.180.225.113 - - [05/May/2014:07:51:55 +0200] "GET /robots.txt HTTP/1.1" 404 1256 "-" "Mozilla/5.0 (compatible; Yahoo! Slurp; http://help.yahoo.com/help/us/ysearch/slurp)"
68.180.225.113 - - [05/May/2014:07:51:55 +0200] "GET /news.php HTTP/1.1" 200 33654 "-" "Mozilla/5.0 (compatible; Yahoo! Slurp; http://help.yahoo.com/help/us/ysearch/slurp)"
66.249.68.63 - - [05/May/2014:07:53:43 +0200] "GET /preisentwicklung.php HTTP/1.1" 200 54088 "-" "Mozilla/5.0 (compatible; Googlebot/2.1; +http://www.google.com/bot.html)"
37.58.100.147 - - [05/May/2014:07:53:51 +0200] "GET /lexikon.php?cs_go=3&cs_id=197 HTTP/1.1" 200 19133 "-" "Mozilla/5.0 (compatible; AhrefsBot/5.0; +http://ahrefs.com/robot/)"
37.58.100.189 - - [05/May/2014:07:55:51 +0200] "GET /lexikon.php?cs_go=3&cs_id=132 HTTP/1.1" 200 19124 "-" "Mozilla/5.0 (compatible; AhrefsBot/5.0; +http://ahrefs.com/robot/)"
141.8.147.12 - - [05/May/2014:07:58:54 +0200] "GET /news.php?cs_go=archiv&cs_id=4686&cs_search= HTTP/1.1" 200 20561 "-" "Mozilla/5.0 (compatible; YandexBot/3.0; +http://yandex.com/bots)"
66.249.68.202 - - [05/May/2014:08:04:15 +0200] "GET /lexikon.php?cs_go=3&cs_id=36 HTTP/1.1" 200 19860 "-" "Mozilla/5.0 (iPhone; CPU iPhone OS 6_0 like Mac OS X) AppleWebKit/536.26 (KHTML, like Gecko) Version/6.0 Mobile/10A5376e Safari/8536.25 (compatible; Googlebot/2.1; +http://www.google.com/bot.html)"
66.249.68.202 - - [05/May/2014:08:06:05 +0200] "GET /news.php?cs_go=archiv&cs_id=4755 HTTP/1.1" 200 23087 "-" "Mozilla/5.0 (compatible; Googlebot/2.1; +http://www.google.com/bot.html)"
157.55.33.112 - - [05/May/2014:08:06:35 +0200] "GET /robots.txt HTTP/1.1" 404 1256 "-" "Mozilla/5.0 (compatible; bingbot/2.0; +http://www.bing.com/bingbot.htm)"
141.8.147.12 - - [05/May/2014:08:07:04 +0200] "GET /premiumheizoel.php HTTP/1.1" 200 19519 "-" "Mozilla/5.0 (compatible; YandexBot/3.0; +http://yandex.com/bots)"
157.55.33.112 - - [05/May/2014:08:12:30 +0200] "GET /premiumheizoel.php HTTP/1.1" 200 19519 "-" "Mozilla/5.0 (compatible; bingbot/2.0; +http://www.bing.com/bingbot.htm)"
66.249.68.202 - - [05/May/2014:08:13:43 +0200] "GET /news.php?cs_go=archiv&cs_id=5016 HTTP/1.1" 200 24254 "-" "Mozilla/5.0 (compatible; Googlebot/2.1; +http://www.google.com/bot.html)"
65.55.215.77 - - [05/May/2014:08:17:17 +0200] "GET /robots.txt HTTP/1.1" 404 1256 "-" "msnbot-media/1.1 (+http://search.msn.com/msnbot.htm)"
65.55.215.77 - - [05/May/2014:08:17:17 +0200] "GET /images/tanke.jpg HTTP/1.1" 200 15950 "-" "msnbot-media/1.1 (+http://search.msn.com/msnbot.htm)"
157.55.32.166 - - [05/May/2014:08:17:58 +0200] "GET /robots.txt HTTP/1.1" 404 1256 "-" "Mozilla/5.0 (compatible; bingbot/2.0; +http://www.bing.com/bingbot.htm)"
66.249.68.25 - - [05/May/2014:08:18:26 +0200] "GET /news.php?cs_go=archiv&cs_id=4661&cs_search= HTTP/1.1" 200 21702 "-" "Mozilla/5.0 (compatible; Googlebot/2.1; +http://www.google.com/bot.html)"
178.255.215.79 - - [05/May/2014:08:20:27 +0200] "GET /news.php?cs_go=archiv&cs_id=2540 HTTP/1.1" 200 19053 "-" "Mozilla/5.0 (compatible; Exabot/3.0; +http://www.exabot.com/go/robot)"
157.55.32.166 - - [05/May/2014:08:21:11 +0200] "GET /ansprechpartner.php HTTP/1.1" 200 21529 "-" "Mozilla/5.0 (compatible; bingbot/2.0; +http://www.bing.com/bingbot.htm)"
66.249.68.103 - - [05/May/2014:08:26:19 +0200] "GET /jobs.php HTTP/1.1" 200 19037 "-" "Mozilla/5.0 (iPhone; CPU iPhone OS 6_0 like Mac OS X) AppleWebKit/536.26 (KHTML, like Gecko) Version/6.0 Mobile/10A5376e Safari/8536.25 (compatible; Googlebot/2.1; +http://www.google.com/bot.html)"
141.8.147.12 - - [05/May/2014:08:31:26 +0200] "GET /news.php?cs_go=archiv&cs_id=5016&cs_search= HTTP/1.1" 200 24291 "-" "Mozilla/5.0 (compatible; YandexBot/3.0; +http://yandex.com/bots)"
66.249.68.252 - - [05/May/2014:08:33:53 +0200] "GET /brennwerttechnik.php HTTP/1.1" 200 22252 "-" "Mozilla/5.0 (compatible; Googlebot/2.1; +http://www.google.com/bot.html)"
66.249.68.10 - - [05/May/2014:08:35:26 +0200] "GET /news.php?cs_go=archiv&cs_id=5138 HTTP/1.1" 200 26384 "-" "Mozilla/5.0 (compatible; Googlebot/2.1; +http://www.google.com/bot.html)"
66.249.68.252 - - [05/May/2014:08:35:26 +0200] "GET /news.php?cs_go=archiv&cs_id=4805&cs_search= HTTP/1.1" 200 24385 "-" "Mozilla/5.0 (compatible; Googlebot/2.1; +http://www.google.com/bot.html)"
66.249.68.39 - - [05/May/2014:08:36:59 +0200] "GET /news.php?cs_go=archiv&cs_id=4792 HTTP/1.1" 200 21906 "-" "Mozilla/5.0 (compatible; Googlebot/2.1; +http://www.google.com/bot.html)"
66.249.68.56 - - [05/May/2014:08:38:32 +0200] "GET /news.php?cs_go=archiv&cs_id=4636&cs_search= HTTP/1.1" 200 24839 "-" "Mozilla/5.0 (compatible; Googlebot/2.1; +http://www.google.com/bot.html)"
141.8.147.12 - - [05/May/2014:08:39:29 +0200] "GET /news.php?cs_go=archiv&cs_id=5074 HTTP/1.1" 200 24253 "-" "Mozilla/5.0 (compatible; YandexBot/3.0; +http://yandex.com/bots)"
66.249.75.120 - - [05/May/2014:08:40:04 +0200] "GET /news.php?cs_go=archiv&cs_id=4657&cs_search= HTTP/1.1" 200 22144 "-" "Mozilla/5.0 (compatible; Googlebot/2.1; +http://www.google.com/bot.html)"
66.249.68.56 - - [05/May/2014:08:41:25 +0200] "GET /news.php?cs_go=archiv&cs_id=5138 HTTP/1.1" 200 26384 "-" "Mozilla/5.0 (compatible; Googlebot/2.1; +http://www.google.com/bot.html)"
66.249.68.25 - - [05/May/2014:08:41:37 +0200] "GET /news.php?cs_go=archiv&cs_id=4663&cs_search= HTTP/1.1" 200 20840 "-" "Mozilla/5.0 (compatible; Googlebot/2.1; +http://www.google.com/bot.html)"
66.249.68.39 - - [05/May/2014:08:41:41 +0200] "GET /news.php?cs_go=archiv&cs_id=5138 HTTP/1.1" 200 26384 "-" "Mozilla/5.0 (compatible; Googlebot/2.1; +http://www.google.com/bot.html)"
66.249.68.57 - - [05/May/2014:08:44:42 +0200] "GET /news.php?cs_go=archiv&cs_id=4667&cs_search= HTTP/1.1" 200 20604 "-" "Mozilla/5.0 (compatible; Googlebot/2.1; +http://www.google.com/bot.html)"
37.58.100.189 - - [05/May/2014:08:45:17 +0200] "GET /news.php?cs_go=archiv&cs_id=5039&cs_search= HTTP/1.1" 200 24952 "-" "Mozilla/5.0 (compatible; AhrefsBot/5.0; +http://ahrefs.com/robot/)"
66.249.68.89 - - [05/May/2014:08:45:18 +0200] "GET /news.php?cs_go=archiv&cs_id=5138 HTTP/1.1" 200 26384 "-" "Mozilla/5.0 (compatible; Googlebot/2.1; +http://www.google.com/bot.html)"
66.249.68.95 - - [05/May/2014:08:46:15 +0200] "GET /ec.php HTTP/1.1" 200 20770 "-" "Mozilla/5.0 (compatible; Googlebot/2.1; +http://www.google.com/bot.html)"
108.59.8.80 - - [05/May/2014:08:46:25 +0200] "GET /robots.txt HTTP/1.0" 404 1256 "-" "Mozilla/5.0 (compatible; MJ12bot/v1.4.5; http://www.majestic12.co.uk/bot.php?+)"
108.59.8.80 - - [05/May/2014:08:46:27 +0200] "GET / HTTP/1.0" 200 23446 "-" "Mozilla/5.0 (compatible; MJ12bot/v1.4.5; http://www.majestic12.co.uk/bot.php?+)"
66.249.68.160 - - [05/May/2014:08:47:48 +0200] "GET /news.php?cs_go=archiv&cs_id=5045&cs_search= HTTP/1.1" 200 20773 "-" "Mozilla/5.0 (compatible; Googlebot/2.1; +http://www.google.com/bot.html)"
66.249.68.192 - - [05/May/2014:08:50:24 +0200] "GET /news.php?cs_go=archiv&cs_id=5138 HTTP/1.1" 200 26384 "-" "Mozilla/5.0 (compatible; Googlebot/2.1; +http://www.google.com/bot.html)"
66.249.68.250 - - [05/May/2014:08:50:53 +0200] "GET /lexikon.php?cs_go=2&cs_char=j HTTP/1.1" 200 19787 "-" "Mozilla/5.0 (compatible; Googlebot/2.1; +http://www.google.com/bot.html)"
66.249.75.3 - - [05/May/2014:08:51:21 +0200] "GET /news.php?cs_go=archiv&cs_id=5138 HTTP/1.1" 200 26384 "-" "Mozilla/5.0 (compatible; Googlebot/2.1; +http://www.google.com/bot.html)"
66.249.68.39 - - [05/May/2014:08:52:26 +0200] "GET /news.php?cs_go=archiv&cs_id=2046 HTTP/1.1" 200 19090 "-" "Mozilla/5.0 (compatible; Googlebot/2.1; +http://www.google.com/bot.html)"
66.249.68.8 - - [05/May/2014:08:55:08 +0200] "GET /news.php?cs_go=archiv&cs_id=5138 HTTP/1.1" 200 26384 "-" "Mozilla/5.0 (compatible; Googlebot/2.1; +http://www.google.com/bot.html)"
141.8.147.12 - - [05/May/2014:08:55:35 +0200] "GET /news.php?cs_go=archiv&cs_id=4853&cs_search= HTTP/1.1" 200 20537 "-" "Mozilla/5.0 (compatible; YandexBot/3.0; +http://yandex.com/bots)"
157.55.33.112 - - [05/May/2014:09:00:31 +0200] "GET /ec.php HTTP/1.1" 200 20770 "-" "Mozilla/5.0 (compatible; bingbot/2.0; +http://www.bing.com/bingbot.htm)"
141.8.147.12 - - [05/May/2014:09:03:43 +0200] "GET /news.php?cs_go=archiv&cs_id=4783 HTTP/1.1" 200 21131 "-" "Mozilla/5.0 (compatible; YandexBot/3.0; +http://yandex.com/bots)"
66.249.75.144 - - [05/May/2014:09:06:42 +0200] "GET / HTTP/1.1" 200 23474 "-" "DoCoMo/2.0 N905i(c100;TB;W24H16) (compatible; Googlebot-Mobile/2.1; +http://www.google.com/bot.html)"
66.249.68.39 - - [05/May/2014:09:17:09 +0200] "GET /news.php?cs_go=archiv&cs_id=4306 HTTP/1.1" 200 22268 "-" "Mozilla/5.0 (compatible; Googlebot/2.1; +http://www.google.com/bot.html)"
80.243.32.248 - - [05/May/2014:09:19:41 +0200] "GET /favicon.ico HTTP/1.1" 404 1256 "-" "Mozilla/5.0 (Windows NT 6.1; WOW64; rv:12.0) Gecko/20100101 Firefox/12.0"
80.243.32.248 - - [05/May/2014:09:19:41 +0200] "GET /style.css HTTP/1.1" 200 8056 "http://www.essoberlin.de/" "Mozilla/5.0 (Windows NT 6.1; WOW64; rv:12.0) Gecko/20100101 Firefox/12.0"
80.243.32.248 - - [05/May/2014:09:19:41 +0200] "GET /js/ddaccordion.js HTTP/1.1" 200 12534 "http://www.essoberlin.de/" "Mozilla/5.0 (Windows NT 6.1; WOW64; rv:12.0) Gecko/20100101 Firefox/12.0"
80.243.32.248 - - [05/May/2014:09:19:41 +0200] "GET /js/slider.js HTTP/1.1" 200 773 "http://www.essoberlin.de/" "Mozilla/5.0 (Windows NT 6.1; WOW64; rv:12.0) Gecko/20100101 Firefox/12.0"
80.243.32.248 - - [05/May/2014:09:19:41 +0200] "GET /Scripts/AC_ActiveX.js HTTP/1.1" 200 2068 "http://www.essoberlin.de/" "Mozilla/5.0 (Windows NT 6.1; WOW64; rv:12.0) Gecko/20100101 Firefox/12.0"
80.243.32.248 - - [05/May/2014:09:19:41 +0200] "GET /Scripts/AC_RunActiveContent.js HTTP/1.1" 200 8029 "http://www.essoberlin.de/" "Mozilla/5.0 (Windows NT 6.1; WOW64; rv:12.0) Gecko/20100101 Firefox/12.0"
80.243.32.248 - - [05/May/2014:09:19:41 +0200] "GET /modul.css HTTP/1.1" 200 36485 "http://www.essoberlin.de/" "Mozilla/5.0 (Windows NT 6.1; WOW64; rv:12.0) Gecko/20100101 Firefox/12.0"
80.243.32.248 - - [05/May/2014:09:19:41 +0200] "GET /js/jquery.min.js HTTP/1.1" 200 57254 "http://www.essoberlin.de/" "Mozilla/5.0 (Windows NT 6.1; WOW64; rv:12.0) Gecko/20100101 Firefox/12.0"
80.243.32.248 - - [05/May/2014:09:19:41 +0200] "GET /video/jwplayer.js HTTP/1.1" 200 132411 "http://www.essoberlin.de/" "Mozilla/5.0 (Windows NT 6.1; WOW64; rv:12.0) Gecko/20100101 Firefox/12.0"
80.243.32.248 - - [05/May/2014:09:19:42 +0200] "GET /images/teamtkw.jpg HTTP/1.1" 200 27919 "http://www.essoberlin.de/" "Mozilla/5.0 (Windows NT 6.1; WOW64; rv:12.0) Gecko/20100101 Firefox/12.0"
80.243.32.248 - - [05/May/2014:09:19:42 +0200] "GET /images/team-energie.png HTTP/1.1" 200 17383 "http://www.essoberlin.de/" "Mozilla/5.0 (Windows NT 6.1; WOW64; rv:12.0) Gecko/20100101 Firefox/12.0"
80.243.32.248 - - [05/May/2014:09:19:42 +0200] "GET /images/tankpool24.jpg HTTP/1.1" 200 6460 "http://www.essoberlin.de/" "Mozilla/5.0 (Windows NT 6.1; WOW64; rv:12.0) Gecko/20100101 Firefox/12.0"
80.243.32.248 - - [05/May/2014:09:19:42 +0200] "GET /images/iwo.jpg HTTP/1.1" 200 11024 "http://www.essoberlin.de/" "Mozilla/5.0 (Windows NT 6.1; WOW64; rv:12.0) Gecko/20100101 Firefox/12.0"
80.243.32.248 - - [05/May/2014:09:19:42 +0200] "GET /images/baustelle.jpg HTTP/1.1" 200 17506 "http://www.essoberlin.de/" "Mozilla/5.0 (Windows NT 6.1; WOW64; rv:12.0) Gecko/20100101 Firefox/12.0"
80.243.32.248 - - [05/May/2014:09:19:42 +0200] "GET /images/telefon.png HTTP/1.1" 200 754 "http://www.essoberlin.de/" "Mozilla/5.0 (Windows NT 6.1; WOW64; rv:12.0) Gecko/20100101 Firefox/12.0"
80.243.32.248 - - [05/May/2014:09:19:42 +0200] "GET /images/email.png HTTP/1.1" 200 641 "http://www.essoberlin.de/" "Mozilla/5.0 (Windows NT 6.1; WOW64; rv:12.0) Gecko/20100101 Firefox/12.0"
80.243.32.248 - - [05/May/2014:09:19:42 +0200] "GET /images/heizoelbestellung.jpg HTTP/1.1" 200 6281 "http://www.essoberlin.de/" "Mozilla/5.0 (Windows NT 6.1; WOW64; rv:12.0) Gecko/20100101 Firefox/12.0"
80.243.32.248 - - [05/May/2014:09:19:42 +0200] "GET /images/wunschpreis.jpg HTTP/1.1" 200 5550 "http://www.essoberlin.de/" "Mozilla/5.0 (Windows NT 6.1; WOW64; rv:12.0) Gecko/20100101 Firefox/12.0"
80.243.32.248 - - [05/May/2014:09:19:42 +0200] "GET /images/adblue_neu.png HTTP/1.1" 200 30982 "http://www.essoberlin.de/" "Mozilla/5.0 (Windows NT 6.1; WOW64; rv:12.0) Gecko/20100101 Firefox/12.0"
80.243.32.248 - - [05/May/2014:09:19:42 +0200] "GET /images/freecall.png HTTP/1.1" 200 15914 "http://www.essoberlin.de/" "Mozilla/5.0 (Windows NT 6.1; WOW64; rv:12.0) Gecko/20100101 Firefox/12.0"
80.243.32.248 - - [05/May/2014:09:19:42 +0200] "GET /images/kwk.png HTTP/1.1" 200 15949 "http://www.essoberlin.de/" "Mozilla/5.0 (Windows NT 6.1; WOW64; rv:12.0) Gecko/20100101 Firefox/12.0"
80.243.32.248 - - [05/May/2014:09:19:42 +0200] "GET /images/ral.png HTTP/1.1" 200 25696 "http://www.essoberlin.de/" "Mozilla/5.0 (Windows NT 6.1; WOW64; rv:12.0) Gecko/20100101 Firefox/12.0"
80.243.32.248 - - [05/May/2014:09:19:42 +0200] "GET /images/Imagebroschuere_team_energie.png HTTP/1.1" 200 64117 "http://www.essoberlin.de/" "Mozilla/5.0 (Windows NT 6.1; WOW64; rv:12.0) Gecko/20100101 Firefox/12.0"
80.243.32.248 - - [05/May/2014:09:19:42 +0200] "GET /images/header.jpg HTTP/1.1" 200 23758 "http://www.essoberlin.de/style.css" "Mozilla/5.0 (Windows NT 6.1; WOW64; rv:12.0) Gecko/20100101 Firefox/12.0"
80.243.32.248 - - [05/May/2014:09:19:42 +0200] "GET /images/content_bg.jpg HTTP/1.1" 200 437 "http://www.essoberlin.de/style.css" "Mozilla/5.0 (Windows NT 6.1; WOW64; rv:12.0) Gecko/20100101 Firefox/12.0"
80.243.32.248 - - [05/May/2014:09:19:42 +0200] "GET /images/newsletter.jpg HTTP/1.1" 200 13127 "http://www.essoberlin.de/style.css" "Mozilla/5.0 (Windows NT 6.1; WOW64; rv:12.0) Gecko/20100101 Firefox/12.0"
80.243.32.248 - - [05/May/2014:09:19:42 +0200] "GET /images/logos.jpg HTTP/1.1" 200 1205 "http://www.essoberlin.de/style.css" "Mozilla/5.0 (Windows NT 6.1; WOW64; rv:12.0) Gecko/20100101 Firefox/12.0"
80.243.32.248 - - [05/May/2014:09:19:42 +0200] "GET /video/player.swf HTTP/1.1" 200 106407 "http://www.essoberlin.de/" "Mozilla/5.0 (Windows NT 6.1; WOW64; rv:12.0) Gecko/20100101 Firefox/12.0"
80.243.32.248 - - [05/May/2014:09:19:42 +0200] "GET /images/mobil.jpg HTTP/1.1" 200 25293 "http://www.essoberlin.de/style.css" "Mozilla/5.0 (Windows NT 6.1; WOW64; rv:12.0) Gecko/20100101 Firefox/12.0"
80.243.32.248 - - [05/May/2014:09:19:42 +0200] "GET /video/standbild.jpg HTTP/1.1" 200 14654 "-" "Mozilla/5.0 (Windows NT 6.1; WOW64; rv:12.0) Gecko/20100101 Firefox/12.0"
80.243.32.248 - - [05/May/2014:09:19:41 +0200] "GET / HTTP/1.1" 200 23474 "http://www.wlw.de/p/team-energie-gmbh-co-kg-1746172?heading_id=70612" "Mozilla/5.0 (Windows NT 6.1; WOW64; rv:12.0) Gecko/20100101 Firefox/12.0"
80.243.32.248 - - [05/May/2014:09:19:44 +0200] "GET /favicon.ico HTTP/1.1" 404 1256 "-" "Mozilla/5.0 (Windows NT 6.1; WOW64; rv:12.0) Gecko/20100101 Firefox/12.0"
80.243.32.248 - - [05/May/2014:09:19:44 +0200] "GET /favicon.ico HTTP/1.1" 404 1256 "-" "Mozilla/5.0 (Windows NT 6.1; WOW64; rv:12.0) Gecko/20100101 Firefox/12.0"
80.243.32.248 - - [05/May/2014:09:19:44 +0200] "GET /favicon.ico HTTP/1.1" 404 1256 "-" "Mozilla/5.0 (Windows NT 6.1; WOW64; rv:12.0) Gecko/20100101 Firefox/12.0"
80.243.32.248 - - [05/May/2014:09:19:44 +0200] "GET /favicon.ico HTTP/1.1" 404 1256 "-" "Mozilla/5.0 (Windows NT 6.1; WOW64; rv:12.0) Gecko/20100101 Firefox/12.0"
80.243.32.248 - - [05/May/2014:09:19:45 +0200] "GET /favicon.ico HTTP/1.1" 404 1256 "-" "Mozilla/5.0 (Windows NT 6.1; WOW64; rv:12.0) Gecko/20100101 Firefox/12.0"
141.8.147.12 - - [05/May/2014:09:19:48 +0200] "GET /lexikon.php?cs_go=3&cs_id=232 HTTP/1.1" 200 19178 "-" "Mozilla/5.0 (compatible; YandexBot/3.0; +http://yandex.com/bots)"
66.249.68.71 - - [05/May/2014:09:20:13 +0200] "GET /news.php?cs_go=archiv&cs_id=5139 HTTP/1.1" 200 20688 "-" "Mozilla/5.0 (compatible; Googlebot/2.1; +http://www.google.com/bot.html)"
66.249.68.89 - - [05/May/2014:09:23:20 +0200] "GET / HTTP/1.1" 200 23474 "-" "Mozilla/5.0 (compatible; Googlebot/2.1; +http://www.google.com/bot.html)"
66.249.68.57 - - [05/May/2014:09:26:04 +0200] "GET /news.php?cs_go=archiv&cs_id=5139 HTTP/1.1" 200 20688 "-" "Mozilla/5.0 (compatible; Googlebot/2.1; +http://www.google.com/bot.html)"
141.8.147.12 - - [05/May/2014:09:27:51 +0200] "GET /news.php?cs_go=archiv&cs_startpos=191 HTTP/1.1" 200 34259 "-" "Mozilla/5.0 (compatible; YandexBot/3.0; +http://yandex.com/bots)"
91.143.80.193 - - [05/May/2014:09:30:28 +0200] "GET /robots.txt HTTP/1.0" 404 1256 "-" "Mozilla/5.0 (compatible; MJ12bot/v1.4.5; http://www.majestic12.co.uk/bot.php?+)"
91.143.80.193 - - [05/May/2014:09:30:29 +0200] "GET /news.php?cs_go=archiv&cs_id=4509 HTTP/1.0" 200 20973 "-" "Mozilla/5.0 (compatible; MJ12bot/v1.4.5; http://www.majestic12.co.uk/bot.php?+)"
91.143.80.193 - - [05/May/2014:09:31:26 +0200] "GET /news.php?cs_go=archiv&cs_id=4525 HTTP/1.0" 200 20601 "-" "Mozilla/5.0 (compatible; MJ12bot/v1.4.5; http://www.majestic12.co.uk/bot.php?+)"
91.143.80.193 - - [05/May/2014:09:31:42 +0200] "GET /news.php?cs_go=archiv&cs_id=4527 HTTP/1.0" 200 25010 "-" "Mozilla/5.0 (compatible; MJ12bot/v1.4.5; http://www.majestic12.co.uk/bot.php?+)"
91.143.80.193 - - [05/May/2014:09:31:47 +0200] "GET /news.php?cs_go=archiv&cs_id=4723 HTTP/1.0" 200 20667 "-" "Mozilla/5.0 (compatible; MJ12bot/v1.4.5; http://www.majestic12.co.uk/bot.php?+)"
91.143.80.193 - - [05/May/2014:09:31:50 +0200] "GET /news.php?cs_go=archiv&cs_id=4724 HTTP/1.0" 200 22139 "-" "Mozilla/5.0 (compatible; MJ12bot/v1.4.5; http://www.majestic12.co.uk/bot.php?+)"
91.143.80.193 - - [05/May/2014:09:31:53 +0200] "GET /news.php?cs_go=archiv&cs_id=4726 HTTP/1.0" 200 24521 "-" "Mozilla/5.0 (compatible; MJ12bot/v1.4.5; http://www.majestic12.co.uk/bot.php?+)"
91.143.80.193 - - [05/May/2014:09:32:00 +0200] "GET /news.php?cs_go=archiv&cs_id=4727 HTTP/1.0" 200 20842 "-" "Mozilla/5.0 (compatible; MJ12bot/v1.4.5; http://www.majestic12.co.uk/bot.php?+)"
66.249.68.10 - - [05/May/2014:09:35:42 +0200] "GET /news.php?cs_go=archiv&cs_id=4833 HTTP/1.1" 200 24633 "-" "Mozilla/5.0 (compatible; Googlebot/2.1; +http://www.google.com/bot.html)"
66.249.68.202 - - [05/May/2014:09:40:10 +0200] "GET /news.php?cs_go=archiv&cs_id=5139 HTTP/1.1" 200 20688 "-" "Mozilla/5.0 (compatible; Googlebot/2.1; +http://www.google.com/bot.html)"
66.249.68.10 - - [05/May/2014:09:40:20 +0200] "GET /baustellenbetankung.php HTTP/1.1" 200 19876 "-" "Mozilla/5.0 (compatible; Googlebot/2.1; +http://www.google.com/bot.html)"
66.249.68.57 - - [05/May/2014:09:43:25 +0200] "GET /news.php?cs_go=archiv&cs_id=4659&cs_search= HTTP/1.1" 200 24726 "-" "Mozilla/5.0 (compatible; Googlebot/2.1; +http://www.google.com/bot.html)"
141.8.147.12 - - [05/May/2014:09:43:56 +0200] "GET /news.php?cs_go=archiv&cs_startpos=191 HTTP/1.1" 200 34259 "-" "Mozilla/5.0 (compatible; YandexBot/3.0; +http://yandex.com/bots)"
66.249.68.89 - - [05/May/2014:09:44:58 +0200] "GET /news.php?cs_go=archiv&cs_id=4621&cs_search= HTTP/1.1" 200 22128 "-" "Mozilla/5.0 (compatible; Googlebot/2.1; +http://www.google.com/bot.html)"
66.249.68.95 - - [05/May/2014:09:46:30 +0200] "GET /news.php?cs_go=archiv&cs_id=5087 HTTP/1.1" 200 20601 "-" "Mozilla/5.0 (compatible; Googlebot/2.1; +http://www.google.com/bot.html)"
199.30.20.0 - - [05/May/2014:09:49:54 +0200] "GET /robots.txt HTTP/1.1" 404 1256 "-" "msnbot-media/1.1 (+http://search.msn.com/msnbot.htm)"
199.30.20.9 - - [05/May/2014:09:49:54 +0200] "GET /news.php?cs_go=archiv&cs_id=4839 HTTP/1.1" 200 21155 "-" "msnbot-media/1.1 (+http://search.msn.com/msnbot.htm)"
199.16.156.125 - - [05/May/2014:09:50:04 +0200] "GET /robots.txt HTTP/1.1" 404 1256 "-" "Twitterbot/1.0"
199.16.156.124 - - [05/May/2014:09:50:04 +0200] "GET /robots.txt HTTP/1.1" 404 1256 "-" "Twitterbot/1.0"
185.20.4.220 - - [05/May/2014:09:50:03 +0200] "GET /news.php?cs_go=archiv&cs_id=5139 HTTP/1.1" 200 10016 "-" "Mozilla/5.0 (compatible; TweetmemeBot/3.0; +http://tweetmeme.com/)"
98.137.206.59 - - [05/May/2014:09:50:04 +0200] "GET /robots.txt HTTP/1.1" 404 1256 "-" "Mozilla/5.0 (compatible; Yahoo! Slurp; http://help.yahoo.com/help/us/ysearch/slurp)"
54.241.198.78 - - [05/May/2014:09:50:05 +0200] "HEAD /news.php?cs_go=archiv&cs_id=5139 HTTP/1.1" 200 - "-" "Google-HTTP-Java-Client/1.17.0-rc (gzip)"
54.241.198.78 - - [05/May/2014:09:50:05 +0200] "HEAD /news.php?cs_go=archiv&cs_id=5139 HTTP/1.1" 200 - "-" "Google-HTTP-Java-Client/1.17.0-rc (gzip)"
199.16.156.125 - - [05/May/2014:09:50:04 +0200] "GET /news.php?cs_go=archiv&cs_id=5139 HTTP/1.1" 200 20688 "-" "Twitterbot/1.0"
199.16.156.124 - - [05/May/2014:09:50:04 +0200] "GET /news.php?cs_go=archiv&cs_id=5139 HTTP/1.1" 200 20688 "-" "Twitterbot/1.0"
98.137.206.59 - - [05/May/2014:09:50:05 +0200] "GET /news.php?cs_go=archiv&cs_id=5139 HTTP/1.1" 200 20688 "-" "Mozilla/5.0 (compatible; Yahoo! Slurp; http://help.yahoo.com/help/us/ysearch/slurp)"
98.137.206.59 - - [05/May/2014:09:50:05 +0200] "GET /news.php?cs_go=archiv&cs_id=5139 HTTP/1.1" 200 20688 "-" "Mozilla/5.0 (compatible; Yahoo! Slurp; http://help.yahoo.com/help/us/ysearch/slurp)"
65.52.244.38 - - [05/May/2014:09:50:05 +0200] "GET /news.php?cs_go=archiv&cs_id=5139 HTTP/1.1" 200 20688 "-" "Mozilla/5.0 (compatible; MSIE 10.0; Windows NT 6.1; Trident/6.0)"
74.112.131.243 - - [05/May/2014:09:50:09 +0200] "GET /news.php?cs_go=archiv&cs_id=5139 HTTP/1.1" 200 11452 "-" "Mozilla/5.0 ()"
98.137.206.59 - - [05/May/2014:09:50:09 +0200] "GET /news.php?cs_go=archiv&cs_id=5139 HTTP/1.1" 200 16195 "-" "Mozilla/5.0 (compatible; Yahoo! Slurp; http://help.yahoo.com/help/us/ysearch/slurp)"
98.137.206.59 - - [05/May/2014:09:50:16 +0200] "HEAD /news.php?cs_go=archiv&cs_id=5139 HTTP/1.1" 200 - "-" "Mozilla/5.0 (compatible; Yahoo! Slurp; http://help.yahoo.com/help/us/ysearch/slurp)"
74.112.131.242 - - [05/May/2014:09:50:14 +0200] "GET /news.php?cs_go=archiv&cs_id=5139 HTTP/1.1" 200 20688 "-" "Mozilla/5.0 ()"
157.55.35.35 - - [05/May/2014:09:50:14 +0200] "GET /news.php?cs_go=archiv&cs_id=4609 HTTP/1.1" 200 27008 "-" "Mozilla/5.0 (compatible; bingbot/2.0; +http://www.bing.com/bingbot.htm)"
66.249.68.31 - - [05/May/2014:09:50:42 +0200] "GET /news.php?cs_go=archiv&cs_id=5139 HTTP/1.1" 200 20688 "-" "Mozilla/5.0 (compatible; Googlebot/2.1; +http://www.google.com/bot.html)"
178.255.215.70 - - [05/May/2014:09:51:34 +0200] "GET /robots.txt HTTP/1.1" 404 1256 "-" "Mozilla/5.0 (compatible; Exabot/3.0; +http://www.exabot.com/go/robot)"
178.255.215.70 - - [05/May/2014:09:51:34 +0200] "GET /baustellenbetankung.php HTTP/1.1" 200 19876 "-" "Mozilla/5.0 (compatible; Exabot/3.0; +http://www.exabot.com/go/robot)"
141.8.147.12 - - [05/May/2014:09:51:59 +0200] "GET /news.php?cs_go=archiv&cs_id=5115 HTTP/1.1" 200 20548 "-" "Mozilla/5.0 (compatible; YandexBot/3.0; +http://yandex.com/bots)"
157.55.36.46 - - [05/May/2014:09:55:10 +0200] "GET /robots.txt HTTP/1.1" 404 1256 "-" "Mozilla/5.0 (compatible; bingbot/2.0; +http://www.bing.com/bingbot.htm)"
157.55.36.46 - - [05/May/2014:09:59:21 +0200] "GET /energiesparcheck.php HTTP/1.1" 200 24862 "-" "Mozilla/5.0 (compatible; bingbot/2.0; +http://www.bing.com/bingbot.htm)"
66.249.68.39 - - [05/May/2014:10:06:36 +0200] "GET /lexikon.php?cs_go=3&cs_id=51 HTTP/1.1" 200 20699 "-" "Mozilla/5.0 (compatible; Googlebot/2.1; +http://www.google.com/bot.html)"
141.8.147.12 - - [05/May/2014:10:08:22 +0200] "GET /lexikon.php?cs_go=3&cs_id=60 HTTP/1.1" 200 19705 "-" "Mozilla/5.0 (compatible; YandexBot/3.0; +http://yandex.com/bots)"
141.8.147.12 - - [05/May/2014:10:16:33 +0200] "GET /lexikon.php?cs_go=3&cs_id=33 HTTP/1.1" 200 20027 "-" "Mozilla/5.0 (compatible; YandexBot/3.0; +http://yandex.com/bots)"
66.249.68.103 - - [05/May/2014:10:18:57 +0200] "GET /news.php?cs_go=archiv&cs_id=4557 HTTP/1.1" 200 20897 "-" "Mozilla/5.0 (compatible; Googlebot/2.1; +http://www.google.com/bot.html)"
66.249.68.202 - - [05/May/2014:10:25:08 +0200] "GET /news.php?cs_go=archiv&cs_id=4825 HTTP/1.1" 200 24338 "-" "Mozilla/5.0 (compatible; Googlebot/2.1; +http://www.google.com/bot.html)"
85.25.202.18 - - [05/May/2014:10:27:23 +0200] "GET / HTTP/1.0" 200 10637 "-" "-"
85.25.202.18 - - [05/May/2014:10:27:23 +0200] "GET / HTTP/1.0" 200 13533 "-" "-"
85.25.202.18 - - [05/May/2014:10:27:23 +0200] "GET / HTTP/1.0" 200 23474 "-" "Mozilla/5.0 (Windows NT 6.1; WOW64; rv:19.0) Gecko/20100101 Firefox/19.0"
