79.247.142.23 - - [03/May/2014:16:34:54 +0200] "GET / HTTP/1.1" 200 23409 "http://www.wlw.de/p/team-energie-gmbh-co-kg-1746172?heading_id=70549" "Mozilla/5.0 (Windows NT 6.1; WOW64; Trident/7.0; rv:11.0) like Gecko"
93.219.153.2 - - [03/May/2014:16:37:14 +0200] "GET /sitemap.xml HTTP/1.1" 404 1256 "-" "Mozilla/5.0 (Windows; U; Windows NT 6.0; de; rv:1.9.2.3) Gecko/20100401 Firefox/3.6.3 ( .NET CLR 3.5.30729)"
66.249.65.39 - - [03/May/2014:16:47:41 +0200] "GET /robots.txt HTTP/1.1" 404 1256 "-" "Mozilla/5.0 (compatible; Googlebot/2.1; +http://www.google.com/bot.html)"
66.249.65.103 - - [03/May/2014:16:47:41 +0200] "GET /essoschmierstoffe.php HTTP/1.1" 200 22876 "-" "Mozilla/5.0 (compatible; Googlebot/2.1; +http://www.google.com/bot.html)"
66.249.65.10 - - [03/May/2014:16:53:22 +0200] "GET /news.php?cs_go=archiv&cs_id=5137 HTTP/1.1" 200 20658 "-" "Mozilla/5.0 (compatible; Googlebot/2.1; +http://www.google.com/bot.html)"
157.55.33.49 - - [03/May/2014:16:56:50 +0200] "GET /robots.txt HTTP/1.1" 404 1256 "-" "Mozilla/5.0 (compatible; bingbot/2.0; +http://www.bing.com/bingbot.htm)"
37.58.100.66 - - [03/May/2014:16:57:13 +0200] "GET /news.php?cs_go=archiv&cs_id=5001 HTTP/1.1" 200 20355 "-" "Mozilla/5.0 (compatible; AhrefsBot/5.0; +http://ahrefs.com/robot/)"
66.249.65.10 - - [03/May/2014:16:58:35 +0200] "GET /news.php?cs_go=archiv&cs_id=2435 HTTP/1.1" 200 19053 "-" "Mozilla/5.0 (compatible; Googlebot/2.1; +http://www.google.com/bot.html)"
37.58.100.147 - - [03/May/2014:17:02:56 +0200] "GET /baustellenbetankung.php HTTP/1.1" 200 19811 "-" "Mozilla/5.0 (compatible; AhrefsBot/5.0; +http://ahrefs.com/robot/)"
188.143.232.230 - - [03/May/2014:17:03:51 +0200] "GET /wunschpreis.php HTTP/1.1" 200 24967 "-" "Mozilla/4.0 (compatible; MSIE 6.0; Windows NT 5.1; SV1)"
188.143.232.230 - - [03/May/2014:17:03:53 +0200] "POST /wunschpreis.php HTTP/1.1" 200 25154 "http://www.soberlin.de/wunschpreis.php" "Mozilla/4.0 (compatible; MSIE 6.0; Windows NT 5.1; SV1)"
188.143.232.230 - - [03/May/2014:17:03:55 +0200] "POST /wunschpreis.php HTTP/1.1" 200 25155 "http://www.soberlin.de/wunschpreis.php" "Mozilla/4.0 (compatible; MSIE 6.0; Windows NT 5.1; SV1)"
188.143.232.230 - - [03/May/2014:17:03:56 +0200] "POST /wunschpreis.php HTTP/1.1" 200 25156 "http://www.soberlin.de/wunschpreis.php" "Mozilla/4.0 (compatible; MSIE 6.0; Windows NT 5.1; SV1)"
188.143.232.230 - - [03/May/2014:17:03:56 +0200] "POST /wunschpreis.php HTTP/1.1" 200 25157 "http://www.soberlin.de/wunschpreis.php" "Mozilla/4.0 (compatible; MSIE 6.0; Windows NT 5.1; SV1)"
188.143.232.230 - - [03/May/2014:17:03:58 +0200] "POST /wunschpreis.php HTTP/1.1" 200 25157 "http://www.soberlin.de/wunschpreis.php" "Mozilla/4.0 (compatible; MSIE 6.0; Windows NT 5.1; SV1)"
159.149.133.251 - - [03/May/2014:17:05:28 +0200] "GET /robots.txt HTTP/1.1" 404 1256 "-" "BUbiNG (+http://law.di.unimi.it/BUbiNG.html)"
159.149.133.251 - - [03/May/2014:17:05:28 +0200] "GET /news.php?cs_go=archiv&cs_id=5137 HTTP/1.1" 200 20658 "-" "BUbiNG (+http://law.di.unimi.it/BUbiNG.html)"
159.149.133.251 - - [03/May/2014:17:06:12 +0200] "GET /news.php?cs_go=archiv&cs_id=5129 HTTP/1.1" 200 24051 "-" "BUbiNG (+http://law.di.unimi.it/BUbiNG.html)"
159.149.133.251 - - [03/May/2014:17:06:13 +0200] "GET /news.php?cs_go=archiv&cs_id=5137&cs_search= HTTP/1.1" 200 20658 "-" "BUbiNG (+http://law.di.unimi.it/BUbiNG.html)"
159.149.133.251 - - [03/May/2014:17:06:14 +0200] "GET /news.php?cs_go=archiv&cs_id=5129&cs_search= HTTP/1.1" 200 24051 "-" "BUbiNG (+http://law.di.unimi.it/BUbiNG.html)"
159.149.133.251 - - [03/May/2014:17:06:58 +0200] "GET /news.php?cs_go=archiv&cs_id=5135&cs_search= HTTP/1.1" 200 24202 "-" "BUbiNG (+http://law.di.unimi.it/BUbiNG.html)"
159.149.133.251 - - [03/May/2014:17:06:58 +0200] "GET /news.php?cs_go=archiv&cs_id=5128&cs_search= HTTP/1.1" 200 20905 "-" "BUbiNG (+http://law.di.unimi.it/BUbiNG.html)"
159.149.133.251 - - [03/May/2014:17:06:59 +0200] "GET /news.php?cs_go=archiv&cs_id=5127&cs_search= HTTP/1.1" 200 20513 "-" "BUbiNG (+http://law.di.unimi.it/BUbiNG.html)"
159.149.133.251 - - [03/May/2014:17:06:59 +0200] "GET /news.php?cs_go=archiv&cs_id=5126&cs_search= HTTP/1.1" 200 24418 "-" "BUbiNG (+http://law.di.unimi.it/BUbiNG.html)"
159.149.133.251 - - [03/May/2014:17:07:50 +0200] "GET /news.php?cs_go=archiv&cs_id=5124&cs_search= HTTP/1.1" 200 22990 "-" "BUbiNG (+http://law.di.unimi.it/BUbiNG.html)"
159.149.133.251 - - [03/May/2014:17:07:50 +0200] "GET /news.php?cs_go=archiv&cs_id=5125&cs_search= HTTP/1.1" 200 20573 "-" "BUbiNG (+http://law.di.unimi.it/BUbiNG.html)"
159.149.133.251 - - [03/May/2014:17:07:51 +0200] "GET /news.php?cs_go=archiv&cs_id=5123&cs_search= HTTP/1.1" 200 24348 "-" "BUbiNG (+http://law.di.unimi.it/BUbiNG.html)"
159.149.133.251 - - [03/May/2014:17:07:51 +0200] "GET /news.php?cs_go=archiv&cs_id=5122&cs_search= HTTP/1.1" 200 21363 "-" "BUbiNG (+http://law.di.unimi.it/BUbiNG.html)"
159.149.133.251 - - [03/May/2014:17:08:44 +0200] "GET /news.php?cs_go=archiv&cs_startpos=0 HTTP/1.1" 200 33654 "-" "BUbiNG (+http://law.di.unimi.it/BUbiNG.html)"
159.149.133.251 - - [03/May/2014:17:08:45 +0200] "GET /news.php?cs_go=archiv&cs_startpos=10 HTTP/1.1" 200 34097 "-" "BUbiNG (+http://law.di.unimi.it/BUbiNG.html)"
159.149.133.251 - - [03/May/2014:17:08:45 +0200] "GET /news.php?cs_go=archiv&cs_startpos=20 HTTP/1.1" 200 34144 "-" "BUbiNG (+http://law.di.unimi.it/BUbiNG.html)"
159.149.133.251 - - [03/May/2014:17:09:38 +0200] "GET /news.php?cs_go=archiv&cs_startpos=30 HTTP/1.1" 200 34202 "-" "BUbiNG (+http://law.di.unimi.it/BUbiNG.html)"
159.149.133.251 - - [03/May/2014:17:09:38 +0200] "GET /news.php?cs_go=archiv&cs_startpos=40 HTTP/1.1" 200 34531 "-" "BUbiNG (+http://law.di.unimi.it/BUbiNG.html)"
159.149.133.251 - - [03/May/2014:17:09:39 +0200] "GET /news.php?cs_go=archiv&cs_startpos=50 HTTP/1.1" 200 34768 "-" "BUbiNG (+http://law.di.unimi.it/BUbiNG.html)"
159.149.133.251 - - [03/May/2014:17:10:29 +0200] "GET /news.php?cs_go=archiv&cs_startpos=200 HTTP/1.1" 200 26920 "-" "BUbiNG (+http://law.di.unimi.it/BUbiNG.html)"
159.149.133.251 - - [03/May/2014:17:10:29 +0200] "GET /lexikon.php?cs_go=2&cs_char=a HTTP/1.1" 200 20943 "-" "BUbiNG (+http://law.di.unimi.it/BUbiNG.html)"
159.149.133.251 - - [03/May/2014:17:10:30 +0200] "GET /lexikon.php?cs_go=2&cs_char=b HTTP/1.1" 200 20870 "-" "BUbiNG (+http://law.di.unimi.it/BUbiNG.html)"
159.149.133.251 - - [03/May/2014:17:11:17 +0200] "GET /lexikon.php?cs_go=2&cs_char=c HTTP/1.1" 200 19976 "-" "BUbiNG (+http://law.di.unimi.it/BUbiNG.html)"
159.149.133.251 - - [03/May/2014:17:11:17 +0200] "GET /lexikon.php?cs_go=2&cs_char=d HTTP/1.1" 200 20561 "-" "BUbiNG (+http://law.di.unimi.it/BUbiNG.html)"
159.149.133.251 - - [03/May/2014:17:11:18 +0200] "GET /lexikon.php?cs_go=2&cs_char=e HTTP/1.1" 200 20219 "-" "BUbiNG (+http://law.di.unimi.it/BUbiNG.html)"
159.149.133.251 - - [03/May/2014:17:11:18 +0200] "GET /lexikon.php?cs_go=2&cs_char=f HTTP/1.1" 200 20735 "-" "BUbiNG (+http://law.di.unimi.it/BUbiNG.html)"
159.149.133.251 - - [03/May/2014:17:12:02 +0200] "GET /lexikon.php?cs_go=2&cs_char=g HTTP/1.1" 200 20266 "-" "BUbiNG (+http://law.di.unimi.it/BUbiNG.html)"
159.149.133.251 - - [03/May/2014:17:12:02 +0200] "GET /lexikon.php?cs_go=2&cs_char=h HTTP/1.1" 200 19940 "-" "BUbiNG (+http://law.di.unimi.it/BUbiNG.html)"
159.149.133.251 - - [03/May/2014:17:12:03 +0200] "GET /lexikon.php?cs_go=2&cs_char=i HTTP/1.1" 200 19542 "-" "BUbiNG (+http://law.di.unimi.it/BUbiNG.html)"
159.149.133.251 - - [03/May/2014:17:12:03 +0200] "GET /lexikon.php?cs_go=2&cs_char=j HTTP/1.1" 200 19750 "-" "BUbiNG (+http://law.di.unimi.it/BUbiNG.html)"
157.55.33.49 - - [03/May/2014:17:12:39 +0200] "GET /waermekonto.php HTTP/1.1" 200 30902 "-" "Mozilla/5.0 (compatible; bingbot/2.0; +http://www.bing.com/bingbot.htm)"
159.149.133.251 - - [03/May/2014:17:12:45 +0200] "GET /lexikon.php?cs_go=2&cs_char=k HTTP/1.1" 200 21019 "-" "BUbiNG (+http://law.di.unimi.it/BUbiNG.html)"
159.149.133.251 - - [03/May/2014:17:12:45 +0200] "GET /lexikon.php?cs_go=2&cs_char=l HTTP/1.1" 200 19913 "-" "BUbiNG (+http://law.di.unimi.it/BUbiNG.html)"
159.149.133.251 - - [03/May/2014:17:12:46 +0200] "GET /lexikon.php?cs_go=2&cs_char=m HTTP/1.1" 200 20213 "-" "BUbiNG (+http://law.di.unimi.it/BUbiNG.html)"
159.149.133.251 - - [03/May/2014:17:12:47 +0200] "GET /lexikon.php?cs_go=2&cs_char=n HTTP/1.1" 200 19718 "-" "BUbiNG (+http://law.di.unimi.it/BUbiNG.html)"
159.149.133.251 - - [03/May/2014:17:13:26 +0200] "GET /lexikon.php?cs_go=2&cs_char=o HTTP/1.1" 200 20401 "-" "BUbiNG (+http://law.di.unimi.it/BUbiNG.html)"
159.149.133.251 - - [03/May/2014:17:13:26 +0200] "GET /lexikon.php?cs_go=2&cs_char=p HTTP/1.1" 200 20306 "-" "BUbiNG (+http://law.di.unimi.it/BUbiNG.html)"
159.149.133.251 - - [03/May/2014:17:13:27 +0200] "GET /lexikon.php?cs_go=2&cs_char=q HTTP/1.1" 200 19302 "-" "BUbiNG (+http://law.di.unimi.it/BUbiNG.html)"
159.149.133.251 - - [03/May/2014:17:13:27 +0200] "GET /lexikon.php?cs_go=2&cs_char=r HTTP/1.1" 200 20872 "-" "BUbiNG (+http://law.di.unimi.it/BUbiNG.html)"
159.149.133.251 - - [03/May/2014:17:14:05 +0200] "GET /lexikon.php?cs_go=2&cs_char=s HTTP/1.1" 200 21208 "-" "BUbiNG (+http://law.di.unimi.it/BUbiNG.html)"
159.149.133.251 - - [03/May/2014:17:14:06 +0200] "GET /lexikon.php?cs_go=2&cs_char=t HTTP/1.1" 200 20102 "-" "BUbiNG (+http://law.di.unimi.it/BUbiNG.html)"
159.149.133.251 - - [03/May/2014:17:14:07 +0200] "GET /lexikon.php?cs_go=2&cs_char=u HTTP/1.1" 200 19884 "-" "BUbiNG (+http://law.di.unimi.it/BUbiNG.html)"
159.149.133.251 - - [03/May/2014:17:14:07 +0200] "GET /lexikon.php?cs_go=2&cs_char=v HTTP/1.1" 200 20257 "-" "BUbiNG (+http://law.di.unimi.it/BUbiNG.html)"
159.149.133.251 - - [03/May/2014:17:14:43 +0200] "GET /lexikon.php?cs_go=2&cs_char=w HTTP/1.1" 200 19727 "-" "BUbiNG (+http://law.di.unimi.it/BUbiNG.html)"
159.149.133.251 - - [03/May/2014:17:14:44 +0200] "GET /lexikon.php?cs_go=2&cs_char=x HTTP/1.1" 200 19750 "-" "BUbiNG (+http://law.di.unimi.it/BUbiNG.html)"
159.149.133.251 - - [03/May/2014:17:15:21 +0200] "GET /lexikon.php?cs_go=2&cs_char=y HTTP/1.1" 200 19750 "-" "BUbiNG (+http://law.di.unimi.it/BUbiNG.html)"
159.149.133.251 - - [03/May/2014:17:15:21 +0200] "GET /lexikon.php?cs_go=2&cs_char=z HTTP/1.1" 200 19401 "-" "BUbiNG (+http://law.di.unimi.it/BUbiNG.html)"
159.149.133.251 - - [03/May/2014:17:15:22 +0200] "GET /tabmenu/md_hel.php HTTP/1.1" 200 2931 "-" "BUbiNG (+http://law.di.unimi.it/BUbiNG.html)"
159.149.133.251 - - [03/May/2014:17:15:22 +0200] "GET /tabmenu/md_diesel.php HTTP/1.1" 200 2927 "-" "BUbiNG (+http://law.di.unimi.it/BUbiNG.html)"
159.149.133.251 - - [03/May/2014:17:15:23 +0200] "GET /tabmenu/md_kohle_b.php HTTP/1.1" 200 2958 "-" "BUbiNG (+http://law.di.unimi.it/BUbiNG.html)"
159.149.133.251 - - [03/May/2014:17:15:59 +0200] "GET /tabmenu/md_feuer.php HTTP/1.1" 200 3314 "-" "BUbiNG (+http://law.di.unimi.it/BUbiNG.html)"
159.149.133.251 - - [03/May/2014:17:16:00 +0200] "GET /../kontakt.php HTTP/1.1" 400 1200 "-" "BUbiNG (+http://law.di.unimi.it/BUbiNG.html)"
159.149.133.251 - - [03/May/2014:17:16:00 +0200] "GET /kwk.php?cs_go=1 HTTP/1.1" 200 22041 "-" "BUbiNG (+http://law.di.unimi.it/BUbiNG.html)"
159.149.133.251 - - [03/May/2014:17:16:00 +0200] "GET /kwk.php?cs_go=2 HTTP/1.1" 200 23012 "-" "BUbiNG (+http://law.di.unimi.it/BUbiNG.html)"
159.149.133.251 - - [03/May/2014:17:16:01 +0200] "GET /kwk.php?cs_go=3 HTTP/1.1" 200 21442 "-" "BUbiNG (+http://law.di.unimi.it/BUbiNG.html)"
159.149.133.251 - - [03/May/2014:17:16:37 +0200] "GET /kwk.php?cs_go=4 HTTP/1.1" 200 21412 "-" "BUbiNG (+http://law.di.unimi.it/BUbiNG.html)"
66.249.65.252 - - [03/May/2014:17:24:02 +0200] "GET /ansprechpartner.php HTTP/1.1" 200 21529 "-" "Mozilla/5.0 (compatible; Googlebot/2.1; +http://www.google.com/bot.html)"
37.58.100.76 - - [03/May/2014:17:30:05 +0200] "GET /news.php?cs_go=archiv&cs_id=4950&cs_search= HTTP/1.1" 200 21084 "-" "Mozilla/5.0 (compatible; AhrefsBot/5.0; +http://ahrefs.com/robot/)"
66.249.65.129 - - [03/May/2014:17:31:19 +0200] "GET /robots.txt HTTP/1.1" 404 1256 "-" "Mozilla/5.0 (compatible; Googlebot/2.1; +http://www.google.com/bot.html)"
66.249.65.97 - - [03/May/2014:17:31:20 +0200] "GET /news.php?cs_go=archiv&cs_id=2155 HTTP/1.1" 200 19053 "-" "Mozilla/5.0 (compatible; Googlebot/2.1; +http://www.google.com/bot.html)"
66.249.65.103 - - [03/May/2014:17:33:46 +0200] "GET /news.php?cs_go=archiv&cs_id=3434 HTTP/1.1" 200 21002 "-" "Mozilla/5.0 (iPhone; CPU iPhone OS 6_0 like Mac OS X) AppleWebKit/536.26 (KHTML, like Gecko) Version/6.0 Mobile/10A5376e Safari/8536.25 (compatible; Googlebot/2.1; +http://www.google.com/bot.html)"
66.249.65.250 - - [03/May/2014:17:34:57 +0200] "GET /robots.txt HTTP/1.1" 404 1256 "-" "Mozilla/5.0 (compatible; Googlebot/2.1; +http://www.google.com/bot.html)"
66.249.65.200 - - [03/May/2014:17:34:58 +0200] "GET /news.php?cs_go=archiv&cs_id=1699&cs_search= HTTP/1.1" 200 19053 "-" "Mozilla/5.0 (compatible; Googlebot/2.1; +http://www.google.com/bot.html)"
66.249.65.161 - - [03/May/2014:17:35:26 +0200] "GET /news.php?cs_go=archiv&cs_id=5127 HTTP/1.1" 200 20513 "-" "Mozilla/5.0 (compatible; Googlebot/2.1; +http://www.google.com/bot.html)"
66.249.65.129 - - [03/May/2014:17:35:59 +0200] "GET /news.php?cs_go=archiv&cs_id=5129 HTTP/1.1" 200 24051 "-" "Mozilla/5.0 (compatible; Googlebot/2.1; +http://www.google.com/bot.html)"
66.249.65.161 - - [03/May/2014:17:36:37 +0200] "GET /news.php?cs_go=archiv&cs_id=5128 HTTP/1.1" 200 20905 "-" "Mozilla/5.0 (compatible; Googlebot/2.1; +http://www.google.com/bot.html)"
66.249.65.97 - - [03/May/2014:17:37:26 +0200] "GET /news.php?cs_go=archiv&cs_id=5135 HTTP/1.1" 200 24202 "-" "Mozilla/5.0 (compatible; Googlebot/2.1; +http://www.google.com/bot.html)"
66.249.65.161 - - [03/May/2014:17:38:35 +0200] "GET /news.php?cs_go=archiv&cs_id=5137 HTTP/1.1" 200 20658 "-" "Mozilla/5.0 (compatible; Googlebot/2.1; +http://www.google.com/bot.html)"
66.249.65.8 - - [03/May/2014:17:40:24 +0200] "GET /news.php?cs_go=archiv&cs_id=5129 HTTP/1.1" 200 24051 "-" "Mozilla/5.0 (compatible; Googlebot/2.1; +http://www.google.com/bot.html)"
66.249.65.250 - - [03/May/2014:17:40:25 +0200] "GET /news.php?cs_go=archiv&cs_id=5137 HTTP/1.1" 200 20658 "-" "Mozilla/5.0 (compatible; Googlebot/2.1; +http://www.google.com/bot.html)"
37.58.100.134 - - [03/May/2014:17:42:21 +0200] "GET /lexikon.php?cs_go=3&cs_id=55 HTTP/1.1" 200 19157 "-" "Mozilla/5.0 (compatible; AhrefsBot/5.0; +http://ahrefs.com/robot/)"
37.58.100.182 - - [03/May/2014:17:45:47 +0200] "GET /lexikon.php?cs_go=2&cs_char=h HTTP/1.1" 200 19940 "-" "Mozilla/5.0 (compatible; AhrefsBot/5.0; +http://ahrefs.com/robot/)"
66.249.65.71 - - [03/May/2014:17:48:31 +0200] "GET /news.php?cs_go=archiv&cs_id=3909 HTTP/1.1" 200 24155 "-" "SAMSUNG-SGH-E250/1.0 Profile/MIDP-2.0 Configuration/CLDC-1.1 UP.Browser/6.2.3.3.c.1.101 (GUI) MMP/2.0 (compatible; Googlebot-Mobile/2.1; +http://www.google.com/bot.html)"
66.249.65.252 - - [03/May/2014:17:49:30 +0200] "GET /news.php?cs_go=archiv&cs_id=1473&cs_search= HTTP/1.1" 200 19053 "-" "Mozilla/5.0 (compatible; Googlebot/2.1; +http://www.google.com/bot.html)"
217.227.31.230 - - [03/May/2014:17:52:43 +0200] "GET /style.css HTTP/1.1" 200 8056 "http://www.e-s-s-o-berlin.de/tankreinigung.php" "Mozilla/5.0 (Windows NT 6.1; WOW64; rv:28.0) Gecko/20100101 Firefox/28.0"
217.227.31.230 - - [03/May/2014:17:52:43 +0200] "GET /js/ddaccordion.js HTTP/1.1" 200 12534 "http://www.e-s-s-o-berlin.de/tankreinigung.php" "Mozilla/5.0 (Windows NT 6.1; WOW64; rv:28.0) Gecko/20100101 Firefox/28.0"
217.227.31.230 - - [03/May/2014:17:52:43 +0200] "GET /js/slider.js HTTP/1.1" 200 773 "http://www.e-s-s-o-berlin.de/tankreinigung.php" "Mozilla/5.0 (Windows NT 6.1; WOW64; rv:28.0) Gecko/20100101 Firefox/28.0"
217.227.31.230 - - [03/May/2014:17:52:43 +0200] "GET /modul.css HTTP/1.1" 200 36485 "http://www.e-s-s-o-berlin.de/tankreinigung.php" "Mozilla/5.0 (Windows NT 6.1; WOW64; rv:28.0) Gecko/20100101 Firefox/28.0"
217.227.31.230 - - [03/May/2014:17:52:43 +0200] "GET /js/jquery.min.js HTTP/1.1" 200 57254 "http://www.e-s-s-o-berlin.de/tankreinigung.php" "Mozilla/5.0 (Windows NT 6.1; WOW64; rv:28.0) Gecko/20100101 Firefox/28.0"
217.227.31.230 - - [03/May/2014:17:52:43 +0200] "GET /tankreinigung.php HTTP/1.1" 200 22389 "http://www.google.com/url?sa=t&rct=j&q=&esrc=s&source=web&cd=3&ved=0CFAQFjAC&url=http%3A%2F%2Fwww.e-s-s-o-berlin.de%2Ftankreinigung.php&ei=0A9lU9aGHKLq4gTAxYCoAw&usg=AFQjCNEskwUs2s0c2dF3HWsOgDltInZe-A&bvm=bv.65788261,d.bGE" "Mozilla/5.0 (Windows NT 6.1; WOW64; rv:28.0) Gecko/20100101 Firefox/28.0"
217.227.31.230 - - [03/May/2014:17:52:44 +0200] "GET /images/kwk.png HTTP/1.1" 200 15949 "http://www.e-s-s-o-berlin.de/tankreinigung.php" "Mozilla/5.0 (Windows NT 6.1; WOW64; rv:28.0) Gecko/20100101 Firefox/28.0"
217.227.31.230 - - [03/May/2014:17:52:44 +0200] "GET /images/heizoelbestellung.jpg HTTP/1.1" 200 6281 "http://www.e-s-s-o-berlin.de/tankreinigung.php" "Mozilla/5.0 (Windows NT 6.1; WOW64; rv:28.0) Gecko/20100101 Firefox/28.0"
217.227.31.230 - - [03/May/2014:17:52:44 +0200] "GET /images/wunschpreis.jpg HTTP/1.1" 200 5550 "http://www.e-s-s-o-berlin.de/tankreinigung.php" "Mozilla/5.0 (Windows NT 6.1; WOW64; rv:28.0) Gecko/20100101 Firefox/28.0"
217.227.31.230 - - [03/May/2014:17:52:44 +0200] "GET /images/freecall.png HTTP/1.1" 200 15914 "http://www.e-s-s-o-berlin.de/tankreinigung.php" "Mozilla/5.0 (Windows NT 6.1; WOW64; rv:28.0) Gecko/20100101 Firefox/28.0"
217.227.31.230 - - [03/May/2014:17:52:44 +0200] "GET /images/ral.png HTTP/1.1" 200 25696 "http://www.e-s-s-o-berlin.de/tankreinigung.php" "Mozilla/5.0 (Windows NT 6.1; WOW64; rv:28.0) Gecko/20100101 Firefox/28.0"
217.227.31.230 - - [03/May/2014:17:52:44 +0200] "GET /images/adblue_neu.png HTTP/1.1" 200 30982 "http://www.e-s-s-o-berlin.de/tankreinigung.php" "Mozilla/5.0 (Windows NT 6.1; WOW64; rv:28.0) Gecko/20100101 Firefox/28.0"
217.227.31.230 - - [03/May/2014:17:52:44 +0200] "GET /images/Imagebroschuere_team_energie.png HTTP/1.1" 200 64117 "http://www.e-s-s-o-berlin.de/tankreinigung.php" "Mozilla/5.0 (Windows NT 6.1; WOW64; rv:28.0) Gecko/20100101 Firefox/28.0"
217.227.31.230 - - [03/May/2014:17:52:44 +0200] "GET /images/logos.jpg HTTP/1.1" 200 1205 "http://www.e-s-s-o-berlin.de/style.css" "Mozilla/5.0 (Windows NT 6.1; WOW64; rv:28.0) Gecko/20100101 Firefox/28.0"
217.227.31.230 - - [03/May/2014:17:52:44 +0200] "GET /images/header.jpg HTTP/1.1" 200 23758 "http://www.e-s-s-o-berlin.de/style.css" "Mozilla/5.0 (Windows NT 6.1; WOW64; rv:28.0) Gecko/20100101 Firefox/28.0"
217.227.31.230 - - [03/May/2014:17:52:44 +0200] "GET /images/content_bg.jpg HTTP/1.1" 200 437 "http://www.e-s-s-o-berlin.de/style.css" "Mozilla/5.0 (Windows NT 6.1; WOW64; rv:28.0) Gecko/20100101 Firefox/28.0"
217.227.31.230 - - [03/May/2014:17:52:44 +0200] "GET /images/newsletter.jpg HTTP/1.1" 200 13127 "http://www.e-s-s-o-berlin.de/style.css" "Mozilla/5.0 (Windows NT 6.1; WOW64; rv:28.0) Gecko/20100101 Firefox/28.0"
217.227.31.230 - - [03/May/2014:17:52:45 +0200] "GET /favicon.ico HTTP/1.1" 404 1256 "-" "Mozilla/5.0 (Windows NT 6.1; WOW64; rv:28.0) Gecko/20100101 Firefox/28.0"
217.227.31.230 - - [03/May/2014:17:52:45 +0200] "GET /favicon.ico HTTP/1.1" 404 1256 "-" "Mozilla/5.0 (Windows NT 6.1; WOW64; rv:28.0) Gecko/20100101 Firefox/28.0"
217.227.31.230 - - [03/May/2014:17:52:45 +0200] "GET /favicon.ico HTTP/1.1" 404 1256 "-" "Mozilla/5.0 (Windows NT 6.1; WOW64; rv:28.0) Gecko/20100101 Firefox/28.0"
157.55.33.107 - - [03/May/2014:17:52:55 +0200] "GET /news.php?cs_go=archiv&cs_id=3346 HTTP/1.1" 200 24072 "-" "Mozilla/5.0 (compatible; bingbot/2.0; +http://www.bing.com/bingbot.htm)"
66.249.65.252 - - [03/May/2014:17:53:08 +0200] "GET /adblue.php HTTP/1.1" 200 23127 "-" "Mozilla/5.0 (compatible; Googlebot/2.1; +http://www.google.com/bot.html)"
66.249.73.13 - - [03/May/2014:17:58:20 +0200] "GET /news.php?cs_go=archiv&cs_id=4607 HTTP/1.1" 200 20656 "-" "DoCoMo/2.0 N905i(c100;TB;W24H16) (compatible; Googlebot-Mobile/2.1; +http://www.google.com/bot.html)"
157.56.93.41 - - [03/May/2014:17:59:52 +0200] "GET / HTTP/1.1" 200 23409 "-" "Mozilla/5.0 (compatible; bingbot/2.0; +http://www.bing.com/bingbot.htm)"
66.249.65.39 - - [03/May/2014:18:04:02 +0200] "GET /news.php?cs_go=archiv&cs_id=2334 HTTP/1.1" 200 19053 "-" "Mozilla/5.0 (compatible; Googlebot/2.1; +http://www.google.com/bot.html)"
157.56.93.85 - - [03/May/2014:18:09:59 +0200] "GET /wunschpreis.php HTTP/1.1" 200 24967 "-" "Mozilla/5.0 (compatible; bingbot/2.0; +http://www.bing.com/bingbot.htm)"
37.58.100.182 - - [03/May/2014:18:15:56 +0200] "GET /lexikon.php?cs_go=2&cs_char=v HTTP/1.1" 200 20257 "-" "Mozilla/5.0 (compatible; AhrefsBot/5.0; +http://ahrefs.com/robot/)"
66.249.65.160 - - [03/May/2014:18:22:14 +0200] "GET /robots.txt HTTP/1.1" 404 1256 "-" "Mozilla/5.0 (compatible; Googlebot/2.1; +http://www.google.com/bot.html)"
66.249.65.224 - - [03/May/2014:18:22:14 +0200] "GET /news.php?cs_go=archiv&cs_id=2166&cs_search= HTTP/1.1" 200 19053 "-" "Mozilla/5.0 (compatible; Googlebot/2.1; +http://www.google.com/bot.html)"
66.249.65.224 - - [03/May/2014:18:25:25 +0200] "GET /news.php?cs_go=archiv&cs_id=5127 HTTP/1.1" 200 20513 "-" "Mozilla/5.0 (compatible; Googlebot/2.1; +http://www.google.com/bot.html)"
66.249.65.200 - - [03/May/2014:18:25:51 +0200] "GET /lexikon.php HTTP/1.1" 200 21691 "-" "Mozilla/5.0 (compatible; Googlebot/2.1; +http://www.google.com/bot.html)"
66.249.65.160 - - [03/May/2014:18:25:55 +0200] "GET /news.php?cs_go=archiv&cs_id=5135 HTTP/1.1" 200 24202 "-" "Mozilla/5.0 (compatible; Googlebot/2.1; +http://www.google.com/bot.html)"
66.249.65.224 - - [03/May/2014:18:26:35 +0200] "GET /news.php?cs_go=archiv&cs_id=5137 HTTP/1.1" 200 20658 "-" "Mozilla/5.0 (compatible; Googlebot/2.1; +http://www.google.com/bot.html)"
66.249.65.192 - - [03/May/2014:18:27:24 +0200] "GET /news.php?cs_go=archiv&cs_id=5129 HTTP/1.1" 200 24051 "-" "Mozilla/5.0 (compatible; Googlebot/2.1; +http://www.google.com/bot.html)"
66.249.65.39 - - [03/May/2014:18:28:47 +0200] "GET /news.php?cs_go=archiv&cs_id=3411 HTTP/1.1" 200 24288 "-" "Mozilla/5.0 (iPhone; CPU iPhone OS 6_0 like Mac OS X) AppleWebKit/536.26 (KHTML, like Gecko) Version/6.0 Mobile/10A5376e Safari/8536.25 (compatible; Googlebot/2.1; +http://www.google.com/bot.html)"
37.58.100.173 - - [03/May/2014:18:29:00 +0200] "GET /lexikon.php?cs_go=2&cs_char=f HTTP/1.1" 200 20735 "-" "Mozilla/5.0 (compatible; AhrefsBot/5.0; +http://ahrefs.com/robot/)"
66.249.65.160 - - [03/May/2014:18:29:20 +0200] "GET /news.php?cs_go=archiv&cs_id=5128 HTTP/1.1" 200 20905 "-" "Mozilla/5.0 (compatible; Googlebot/2.1; +http://www.google.com/bot.html)"
157.55.32.94 - - [03/May/2014:18:34:11 +0200] "GET /robots.txt HTTP/1.1" 404 1256 "-" "Mozilla/5.0 (compatible; bingbot/2.0; +http://www.bing.com/bingbot.htm)"
157.56.93.74 - - [03/May/2014:18:37:37 +0200] "GET /energiekostenvergleich.php HTTP/1.1" 200 23560 "-" "Mozilla/5.0 (compatible; bingbot/2.0; +http://www.bing.com/bingbot.htm)"
66.249.65.10 - - [03/May/2014:18:40:24 +0200] "GET /news.php?cs_go=archiv&cs_id=4901 HTTP/1.1" 200 24320 "-" "Mozilla/5.0 (compatible; Googlebot/2.1; +http://www.google.com/bot.html)"
141.8.147.12 - - [03/May/2014:18:43:36 +0200] "GET /news.php?cs_go=archiv&cs_id=5044 HTTP/1.1" 200 24333 "-" "Mozilla/5.0 (compatible; YandexBot/3.0; +http://yandex.com/bots)"
141.8.147.12 - - [03/May/2014:18:43:37 +0200] "GET /news.php?cs_go=archiv&cs_id=5127 HTTP/1.1" 200 20513 "-" "Mozilla/5.0 (compatible; YandexBot/3.0; +http://yandex.com/bots)"
66.249.65.250 - - [03/May/2014:18:44:02 +0200] "GET /tankreinigung.php HTTP/1.1" 200 22389 "-" "Mozilla/5.0 (compatible; Googlebot/2.1; +http://www.google.com/bot.html)"
141.8.147.12 - - [03/May/2014:18:45:00 +0200] "GET /news.php?cs_go=archiv&cs_id=5128 HTTP/1.1" 200 20905 "-" "Mozilla/5.0 (compatible; YandexBot/3.0; +http://yandex.com/bots)"
66.249.65.252 - - [03/May/2014:18:51:19 +0200] "GET /baustellenbetankung.php HTTP/1.1" 200 19811 "-" "Mozilla/5.0 (compatible; Googlebot/2.1; +http://www.google.com/bot.html)"
37.58.100.74 - - [03/May/2014:18:54:54 +0200] "GET /news.php?cs_go=archiv HTTP/1.1" 200 33654 "-" "Mozilla/5.0 (compatible; AhrefsBot/5.0; +http://ahrefs.com/robot/)"
157.55.32.94 - - [03/May/2014:18:56:33 +0200] "GET /news.php HTTP/1.1" 200 33654 "-" "Mozilla/5.0 (compatible; bingbot/2.0; +http://www.bing.com/bingbot.htm)"
87.230.17.72 - - [03/May/2014:18:56:43 +0200] "GET / HTTP/1.1" 200 23409 "-" "ImplisenseBot 1.0"
87.230.17.72 - - [03/May/2014:18:56:44 +0200] "GET /impressum.php HTTP/1.1" 200 20220 "-" "ImplisenseBot 1.0"
87.230.17.72 - - [03/May/2014:18:56:45 +0200] "GET / HTTP/1.1" 200 23409 "-" "ImplisenseBot 1.0"
87.230.17.72 - - [03/May/2014:18:56:46 +0200] "GET /robots.txt HTTP/1.1" 404 1256 "-" "ImplisenseBot 1.0"
87.230.17.72 - - [03/May/2014:18:56:47 +0200] "GET /index.php HTTP/1.1" 200 23409 "-" "ImplisenseBot 1.0"
87.230.17.72 - - [03/May/2014:18:56:48 +0200] "GET /heizoel.php HTTP/1.1" 200 20999 "-" "ImplisenseBot 1.0"
87.230.17.72 - - [03/May/2014:18:56:49 +0200] "GET /premiumheizoel.php HTTP/1.1" 200 19519 "-" "ImplisenseBot 1.0"
87.230.17.72 - - [03/May/2014:18:56:49 +0200] "GET /diesel.php HTTP/1.1" 200 22417 "-" "ImplisenseBot 1.0"
87.230.17.72 - - [03/May/2014:18:56:51 +0200] "GET /essoschmierstoffe.php HTTP/1.1" 200 22876 "-" "ImplisenseBot 1.0"
87.230.17.72 - - [03/May/2014:18:56:52 +0200] "GET /schmierstoffe.php HTTP/1.1" 200 21715 "-" "ImplisenseBot 1.0"
87.230.17.72 - - [03/May/2014:18:56:54 +0200] "GET /adblue.php HTTP/1.1" 200 23127 "-" "ImplisenseBot 1.0"
87.230.17.72 - - [03/May/2014:18:56:55 +0200] "GET /biogasanlage.php HTTP/1.1" 200 19193 "-" "ImplisenseBot 1.0"
87.230.17.72 - - [03/May/2014:18:56:56 +0200] "GET /preisanfrage.php HTTP/1.1" 200 23737 "-" "ImplisenseBot 1.0"
87.230.17.72 - - [03/May/2014:18:56:58 +0200] "GET /wunschpreis.php HTTP/1.1" 200 24967 "-" "ImplisenseBot 1.0"
87.230.17.72 - - [03/May/2014:18:56:59 +0200] "GET /news.php HTTP/1.1" 200 33654 "-" "ImplisenseBot 1.0"
87.230.17.72 - - [03/May/2014:18:57:00 +0200] "GET /energiekostenvergleich.php HTTP/1.1" 200 23560 "-" "ImplisenseBot 1.0"
87.230.17.72 - - [03/May/2014:18:57:02 +0200] "GET /energiesparcheck.php HTTP/1.1" 200 24797 "-" "ImplisenseBot 1.0"
87.230.17.72 - - [03/May/2014:18:57:03 +0200] "GET /faq.php HTTP/1.1" 200 238499 "-" "ImplisenseBot 1.0"
87.230.17.72 - - [03/May/2014:18:57:05 +0200] "GET /lexikon.php HTTP/1.1" 200 21691 "-" "ImplisenseBot 1.0"
87.230.17.72 - - [03/May/2014:18:57:06 +0200] "GET /foerdermittel.php HTTP/1.1" 200 24406 "-" "ImplisenseBot 1.0"
87.230.17.72 - - [03/May/2014:18:57:07 +0200] "GET /marktdaten.php HTTP/1.1" 200 19936 "-" "ImplisenseBot 1.0"
87.230.17.72 - - [03/May/2014:18:57:08 +0200] "GET /edl.php HTTP/1.1" 200 22495 "-" "ImplisenseBot 1.0"
87.230.17.72 - - [03/May/2014:18:57:10 +0200] "GET /kwk.php HTTP/1.1" 200 22041 "-" "ImplisenseBot 1.0"
66.249.65.71 - - [03/May/2014:18:58:35 +0200] "GET /news.php?cs_go=archiv&cs_id=2326 HTTP/1.1" 200 19053 "-" "Mozilla/5.0 (compatible; Googlebot/2.1; +http://www.google.com/bot.html)"
37.58.100.181 - - [03/May/2014:19:01:30 +0200] "GET /index.php HTTP/1.1" 200 23409 "-" "Mozilla/5.0 (compatible; AhrefsBot/5.0; +http://ahrefs.com/robot/)"
157.55.35.97 - - [03/May/2014:19:08:32 +0200] "GET /news.php?cs_go=archiv&cs_id=4948 HTTP/1.1" 200 24262 "-" "Mozilla/5.0 (compatible; bingbot/2.0; +http://www.bing.com/bingbot.htm)"
162.210.196.97 - - [03/May/2014:19:12:39 +0200] "GET /robots.txt HTTP/1.0" 404 1256 "-" "Mozilla/5.0 (compatible; MJ12bot/v1.4.5; http://www.majestic12.co.uk/bot.php?+)"
162.210.196.97 - - [03/May/2014:19:12:41 +0200] "GET /news.php?cs_go=archiv&cs_id=5129 HTTP/1.0" 200 24051 "-" "Mozilla/5.0 (compatible; MJ12bot/v1.4.5; http://www.majestic12.co.uk/bot.php?+)"
162.210.196.97 - - [03/May/2014:19:12:43 +0200] "GET /news.php?cs_go=archiv&cs_id=5137 HTTP/1.0" 200 20658 "-" "Mozilla/5.0 (compatible; MJ12bot/v1.4.5; http://www.majestic12.co.uk/bot.php?+)"
93.219.153.2 - - [03/May/2014:19:18:09 +0200] "GET /news.php?cs_go=archiv&cs_startpos=50 HTTP/1.1" 200 34768 "-" "Mozilla/5.0 (Windows; U; Windows NT 6.0; de; rv:1.9.2.3) Gecko/20100401 Firefox/3.6.3 ( .NET CLR 3.5.30729)"
87.230.58.8 - - [03/May/2014:19:28:36 +0200] "HEAD / HTTP/1.1" 200 - "-" "GT::WWW/1.023"
66.249.65.202 - - [03/May/2014:19:28:38 +0200] "GET /news.php?cs_go=archiv&cs_id=4523 HTTP/1.1" 200 22442 "-" "Mozilla/5.0 (iPhone; CPU iPhone OS 6_0 like Mac OS X) AppleWebKit/536.26 (KHTML, like Gecko) Version/6.0 Mobile/10A5376e Safari/8536.25 (compatible; Googlebot/2.1; +http://www.google.com/bot.html)"
37.58.100.147 - - [03/May/2014:19:30:08 +0200] "GET /ofenbau.php HTTP/1.1" 200 22004 "-" "Mozilla/5.0 (compatible; AhrefsBot/5.0; +http://ahrefs.com/robot/)"
141.8.147.12 - - [03/May/2014:19:37:01 +0200] "GET /news.php?cs_go=archiv&cs_startpos=211 HTTP/1.1" 200 19751 "-" "Mozilla/5.0 (compatible; YandexBot/3.0; +http://yandex.com/bots)"
66.249.65.71 - - [03/May/2014:19:40:39 +0200] "GET /news.php?cs_go=archiv&cs_id=2923 HTTP/1.1" 200 21212 "-" "Mozilla/5.0 (compatible; Googlebot/2.1; +http://www.google.com/bot.html)"
93.219.153.2 - - [03/May/2014:19:42:08 +0200] "GET /news.php?cs_go=archiv&cs_startpos=40 HTTP/1.1" 200 34531 "-" "Mozilla/5.0 (Windows; U; Windows NT 6.0; de; rv:1.9.2.3) Gecko/20100401 Firefox/3.6.3 ( .NET CLR 3.5.30729)"
37.58.100.92 - - [03/May/2014:19:44:06 +0200] "GET /news.php?cs_go=archiv&cs_id=4946 HTTP/1.1" 200 20610 "-" "Mozilla/5.0 (compatible; AhrefsBot/5.0; +http://ahrefs.com/robot/)"
66.249.65.10 - - [03/May/2014:19:44:17 +0200] "GET /diesel.php HTTP/1.1" 200 22417 "-" "Mozilla/5.0 (compatible; Googlebot/2.1; +http://www.google.com/bot.html)"
66.249.65.202 - - [03/May/2014:19:51:33 +0200] "GET /lexikon.php?cs_go=3&cs_id=92 HTTP/1.1" 200 19665 "-" "Mozilla/5.0 (compatible; Googlebot/2.1; +http://www.google.com/bot.html)"
37.58.100.138 - - [03/May/2014:19:55:00 +0200] "GET /news.php?cs_go=archiv&cs_id=5024 HTTP/1.1" 200 22534 "-" "Mozilla/5.0 (compatible; AhrefsBot/5.0; +http://ahrefs.com/robot/)"
46.41.129.125 - - [03/May/2014:19:57:05 +0200] "GET / HTTP/1.1" 200 23409 "-" "libwww-perl/6.05"
66.249.65.103 - - [03/May/2014:19:58:50 +0200] "GET /news.php?cs_go=archiv&cs_id=4722 HTTP/1.1" 200 24388 "-" "Mozilla/5.0 (compatible; Googlebot/2.1; +http://www.google.com/bot.html)"
93.219.153.2 - - [03/May/2014:20:05:57 +0200] "GET /news.php?cs_go=archiv&cs_startpos=30 HTTP/1.1" 200 34202 "-" "Mozilla/5.0 (Windows; U; Windows NT 6.0; de; rv:1.9.2.3) Gecko/20100401 Firefox/3.6.3 ( .NET CLR 3.5.30729)"
141.8.147.12 - - [03/May/2014:20:06:28 +0200] "GET /news.php?cs_go=archiv&cs_id=5091 HTTP/1.1" 200 20391 "-" "Mozilla/5.0 (compatible; YandexBot/3.0; +http://yandex.com/bots)"
66.249.65.71 - - [03/May/2014:20:09:44 +0200] "GET /news.php?cs_go=archiv&cs_id=2063 HTTP/1.1" 200 19053 "-" "Mozilla/5.0 (compatible; Googlebot/2.1; +http://www.google.com/bot.html)"
157.55.32.102 - - [03/May/2014:20:10:46 +0200] "GET /lexikon.php HTTP/1.1" 200 21691 "-" "Mozilla/5.0 (compatible; bingbot/2.0; +http://www.bing.com/bingbot.htm)"
66.249.65.8 - - [03/May/2014:20:13:22 +0200] "GET /news.php?cs_go=archiv&cs_id=1663&cs_search= HTTP/1.1" 200 19053 "-" "Mozilla/5.0 (compatible; Googlebot/2.1; +http://www.google.com/bot.html)"
93.219.153.2 - - [03/May/2014:20:29:35 +0200] "GET /news.php?cs_go=archiv&cs_startpos=20 HTTP/1.1" 200 34144 "-" "Mozilla/5.0 (Windows; U; Windows NT 6.0; de; rv:1.9.2.3) Gecko/20100401 Firefox/3.6.3 ( .NET CLR 3.5.30729)"
66.249.65.97 - - [03/May/2014:20:31:06 +0200] "GET /images/oks_zeritfikat.pdf HTTP/1.1" 200 75294 "-" "Googlebot/2.1 (+http://www.google.com/bot.html)"
66.249.65.31 - - [03/May/2014:20:32:35 +0200] "GET /robots.txt HTTP/1.1" 404 1256 "-" "Mozilla/5.0 (compatible; Googlebot/2.1; +http://www.google.com/bot.html)"
66.249.65.63 - - [03/May/2014:20:32:35 +0200] "GET /news.php?cs_go=archiv&cs_id=786&cs_search= HTTP/1.1" 200 19053 "-" "Mozilla/5.0 (compatible; Googlebot/2.1; +http://www.google.com/bot.html)"
66.249.65.88 - - [03/May/2014:20:32:37 +0200] "GET /news.php?cs_go=archiv&cs_id=4640&cs_search= HTTP/1.1" 200 24808 "-" "Mozilla/5.0 (compatible; Googlebot/2.1; +http://www.google.com/bot.html)"
66.249.65.10 - - [03/May/2014:20:37:24 +0200] "GET /news.php?cs_go=archiv&cs_id=3433 HTTP/1.1" 200 20557 "-" "Mozilla/5.0 (compatible; Googlebot/2.1; +http://www.google.com/bot.html)"
50.30.40.208 - - [03/May/2014:20:41:46 +0200] "GET /news.php?cs_go=archiv&cs_id=5107 HTTP/1.1" 200 24311 "http://www.loadtime.net/website/www.e-s-s-o-berlin.de" "Mozilla/5.0 (compatible; LoadTimeBot/0.9; +http://www.loadtime.net/bot.html)"
66.249.65.71 - - [03/May/2014:20:44:40 +0200] "GET /news.php?cs_go=archiv&cs_id=2042 HTTP/1.1" 200 19053 "-" "Mozilla/5.0 (compatible; Googlebot/2.1; +http://www.google.com/bot.html)"
199.30.26.227 - - [03/May/2014:20:47:26 +0200] "GET /robots.txt HTTP/1.1" 404 1256 "-" "msnbot/2.0b (+http://search.msn.com/msnbot.htm)"
199.30.26.227 - - [03/May/2014:20:47:27 +0200] "GET /news.php?cs_go=archiv&cs_id=4730 HTTP/1.1" 200 22182 "-" "msnbot/2.0b (+http://search.msn.com/msnbot.htm)"
208.115.113.85 - - [03/May/2014:20:50:18 +0200] "GET /robots.txt HTTP/1.1" 404 1256 "-" "Mozilla/5.0 (compatible; DotBot/1.1; http://www.opensiteexplorer.org/dotbot, help@moz.com)"
66.249.65.10 - - [03/May/2014:20:51:57 +0200] "GET /news.php?cs_go=archiv&cs_id=3936 HTTP/1.1" 200 22717 "-" "Mozilla/5.0 (compatible; Googlebot/2.1; +http://www.google.com/bot.html)"
93.219.153.2 - - [03/May/2014:20:53:06 +0200] "GET /news.php?cs_go=archiv&cs_startpos=10 HTTP/1.1" 200 34097 "-" "Mozilla/5.0 (Windows; U; Windows NT 6.0; de; rv:1.9.2.3) Gecko/20100401 Firefox/3.6.3 ( .NET CLR 3.5.30729)"
95.215.0.27 - - [03/May/2014:20:54:36 +0200] "GET /news.php?cs_go=archiv&cs_id=4824 HTTP/1.1" 200 22991 "-" "Mozilla/5.0 (Windows NT 6.1; WOW64; rv:26.1) Gecko/20100101 Firefox/26.0"
66.249.65.39 - - [03/May/2014:20:55:35 +0200] "GET /news.php?cs_go=archiv&cs_id=4770 HTTP/1.1" 200 24575 "-" "Mozilla/5.0 (compatible; Googlebot/2.1; +http://www.google.com/bot.html)"
141.8.147.12 - - [03/May/2014:20:56:27 +0200] "GET /premiumheizoel.php HTTP/1.1" 200 19519 "-" "Mozilla/5.0 (compatible; YandexBot/3.0; +http://yandex.com/bots)"
66.249.65.103 - - [03/May/2014:20:59:13 +0200] "GET /jobs.php HTTP/1.1" 200 19000 "-" "Mozilla/5.0 (compatible; Googlebot/2.1; +http://www.google.com/bot.html)"
37.58.100.143 - - [03/May/2014:21:02:05 +0200] "GET /lexikon.php HTTP/1.1" 200 21691 "-" "Mozilla/5.0 (compatible; AhrefsBot/5.0; +http://ahrefs.com/robot/)"
141.8.147.12 - - [03/May/2014:21:07:54 +0200] "GET /news.php?cs_go=archiv&cs_id=5083 HTTP/1.1" 200 21090 "-" "Mozilla/5.0 (compatible; YandexBot/3.0; +http://yandex.com/bots)"
68.180.225.113 - - [03/May/2014:21:09:52 +0200] "GET /robots.txt HTTP/1.1" 404 1256 "-" "Mozilla/5.0 (compatible; Yahoo! Slurp; http://help.yahoo.com/help/us/ysearch/slurp)"
68.180.225.113 - - [03/May/2014:21:09:52 +0200] "GET / HTTP/1.1" 200 23409 "-" "Mozilla/5.0 (compatible; Yahoo! Slurp; http://help.yahoo.com/help/us/ysearch/slurp)"
66.249.65.252 - - [03/May/2014:21:10:07 +0200] "GET /tankreinigung.php HTTP/1.1" 200 22389 "-" "Mozilla/5.0 (compatible; Googlebot/2.1; +http://www.google.com/bot.html)"
217.232.166.64 - - [03/May/2014:21:10:28 +0200] "GET /style.css HTTP/1.1" 200 8056 "http://www.esso-berlin.de/lexikon.php?cs_go=3&cs_id=36" "Mozilla/5.0 (Windows NT 6.3; WOW64; rv:28.0) Gecko/20100101 Firefox/28.0"
217.232.166.64 - - [03/May/2014:21:10:28 +0200] "GET /js/ddaccordion.js HTTP/1.1" 200 12534 "http://www.esso-berlin.de/lexikon.php?cs_go=3&cs_id=36" "Mozilla/5.0 (Windows NT 6.3; WOW64; rv:28.0) Gecko/20100101 Firefox/28.0"
217.232.166.64 - - [03/May/2014:21:10:28 +0200] "GET /js/slider.js HTTP/1.1" 200 773 "http://www.esso-berlin.de/lexikon.php?cs_go=3&cs_id=36" "Mozilla/5.0 (Windows NT 6.3; WOW64; rv:28.0) Gecko/20100101 Firefox/28.0"
217.232.166.64 - - [03/May/2014:21:10:28 +0200] "GET /lexikon.php?cs_go=3&cs_id=36 HTTP/1.1" 200 19860 "http://www.google.de/url?sa=t&rct=j&q=&esrc=s&source=web&cd=7&ved=0CGYQFjAG&url=http%3A%2F%2Fwww.esso-berlin.de%2Flexikon.php%3Fcs_go%3D3%26cs_id%3D36&ei=_T5lU_i7D4z0yAOU7YDoAg&usg=AFQjCNEjQ87TgkUviVpOAtwqLswkw1Xpgg&bvm=bv.65788261,d.bGQ" "Mozilla/5.0 (Windows NT 6.3; WOW64; rv:28.0) Gecko/20100101 Firefox/28.0"
217.232.166.64 - - [03/May/2014:21:10:28 +0200] "GET /modul.css HTTP/1.1" 200 36485 "http://www.esso-berlin.de/lexikon.php?cs_go=3&cs_id=36" "Mozilla/5.0 (Windows NT 6.3; WOW64; rv:28.0) Gecko/20100101 Firefox/28.0"
217.232.166.64 - - [03/May/2014:21:10:28 +0200] "GET /js/jquery.min.js HTTP/1.1" 200 57254 "http://www.esso-berlin.de/lexikon.php?cs_go=3&cs_id=36" "Mozilla/5.0 (Windows NT 6.3; WOW64; rv:28.0) Gecko/20100101 Firefox/28.0"
217.232.166.64 - - [03/May/2014:21:10:28 +0200] "GET /images/heizoelbestellung.jpg HTTP/1.1" 200 6281 "http://www.esso-berlin.de/lexikon.php?cs_go=3&cs_id=36" "Mozilla/5.0 (Windows NT 6.3; WOW64; rv:28.0) Gecko/20100101 Firefox/28.0"
217.232.166.64 - - [03/May/2014:21:10:28 +0200] "GET /images/wunschpreis.jpg HTTP/1.1" 200 5550 "http://www.esso-berlin.de/lexikon.php?cs_go=3&cs_id=36" "Mozilla/5.0 (Windows NT 6.3; WOW64; rv:28.0) Gecko/20100101 Firefox/28.0"
217.232.166.64 - - [03/May/2014:21:10:29 +0200] "GET /images/adblue_neu.png HTTP/1.1" 200 30982 "http://www.esso-berlin.de/lexikon.php?cs_go=3&cs_id=36" "Mozilla/5.0 (Windows NT 6.3; WOW64; rv:28.0) Gecko/20100101 Firefox/28.0"
217.232.166.64 - - [03/May/2014:21:10:29 +0200] "GET /images/freecall.png HTTP/1.1" 200 15914 "http://www.esso-berlin.de/lexikon.php?cs_go=3&cs_id=36" "Mozilla/5.0 (Windows NT 6.3; WOW64; rv:28.0) Gecko/20100101 Firefox/28.0"
217.232.166.64 - - [03/May/2014:21:10:29 +0200] "GET /images/kwk.png HTTP/1.1" 200 15949 "http://www.esso-berlin.de/lexikon.php?cs_go=3&cs_id=36" "Mozilla/5.0 (Windows NT 6.3; WOW64; rv:28.0) Gecko/20100101 Firefox/28.0"
217.232.166.64 - - [03/May/2014:21:10:29 +0200] "GET /images/ral.png HTTP/1.1" 200 25696 "http://www.esso-berlin.de/lexikon.php?cs_go=3&cs_id=36" "Mozilla/5.0 (Windows NT 6.3; WOW64; rv:28.0) Gecko/20100101 Firefox/28.0"
217.232.166.64 - - [03/May/2014:21:10:29 +0200] "GET /images/Imagebroschuere_team_energie.png HTTP/1.1" 200 64117 "http://www.esso-berlin.de/lexikon.php?cs_go=3&cs_id=36" "Mozilla/5.0 (Windows NT 6.3; WOW64; rv:28.0) Gecko/20100101 Firefox/28.0"
217.232.166.64 - - [03/May/2014:21:10:29 +0200] "GET /images/header.jpg HTTP/1.1" 200 23758 "http://www.esso-berlin.de/style.css" "Mozilla/5.0 (Windows NT 6.3; WOW64; rv:28.0) Gecko/20100101 Firefox/28.0"
217.232.166.64 - - [03/May/2014:21:10:29 +0200] "GET /images/content_bg.jpg HTTP/1.1" 200 437 "http://www.esso-berlin.de/style.css" "Mozilla/5.0 (Windows NT 6.3; WOW64; rv:28.0) Gecko/20100101 Firefox/28.0"
217.232.166.64 - - [03/May/2014:21:10:29 +0200] "GET /images/logos.jpg HTTP/1.1" 200 1205 "http://www.esso-berlin.de/style.css" "Mozilla/5.0 (Windows NT 6.3; WOW64; rv:28.0) Gecko/20100101 Firefox/28.0"
217.232.166.64 - - [03/May/2014:21:10:29 +0200] "GET /images/newsletter.jpg HTTP/1.1" 200 13127 "http://www.esso-berlin.de/style.css" "Mozilla/5.0 (Windows NT 6.3; WOW64; rv:28.0) Gecko/20100101 Firefox/28.0"
217.232.166.64 - - [03/May/2014:21:10:30 +0200] "GET /favicon.ico HTTP/1.1" 404 1256 "-" "Mozilla/5.0 (Windows NT 6.3; WOW64; rv:28.0) Gecko/20100101 Firefox/28.0"
217.232.166.64 - - [03/May/2014:21:10:30 +0200] "GET /favicon.ico HTTP/1.1" 404 1256 "-" "Mozilla/5.0 (Windows NT 6.3; WOW64; rv:28.0) Gecko/20100101 Firefox/28.0"
5.199.136.130 - - [03/May/2014:21:16:55 +0200] "GET /robots.txt HTTP/1.1" 404 1256 "-" "Mozilla/5.0 (compatible; waybackarchive.org/1.0; +spider@waybackarchive.org)"
5.199.136.130 - - [03/May/2014:21:16:56 +0200] "GET /tankreinigung.php HTTP/1.1" 200 22389 "-" "Mozilla/5.0 (compatible; waybackarchive.org/1.0; +spider@waybackarchive.org)"
141.8.147.12 - - [03/May/2014:21:19:21 +0200] "GET /news.php?cs_go=archiv&cs_id=4899&cs_search= HTTP/1.1" 200 21209 "-" "Mozilla/5.0 (compatible; YandexBot/3.0; +http://yandex.com/bots)"
157.55.35.106 - - [03/May/2014:21:19:28 +0200] "GET /news.php?cs_go=archiv&cs_id=5062 HTTP/1.1" 200 20867 "-" "Mozilla/5.0 (compatible; bingbot/2.0; +http://www.bing.com/bingbot.htm)"
46.229.167.149 - - [03/May/2014:21:23:30 +0200] "GET / HTTP/1.1" 200 23409 "-" "Mozilla/5.0 (Windows NT 5.1; rv:2.0b8pre) Gecko/20101127 Firefox/4.0b8pre"
176.9.156.178 - - [03/May/2014:21:27:47 +0200] "GET /robots.txt HTTP/1.1" 404 1256 "-" "Mozilla/5.0 (compatible; SearchmetricsBot; http://www.searchmetrics.com/en/searchmetrics-bot/)"
176.9.156.178 - - [03/May/2014:21:27:47 +0200] "GET / HTTP/1.1" 200 23409 "-" "Mozilla/5.0 (compatible; SearchmetricsBot; http://www.searchmetrics.com/en/searchmetrics-bot/)"
176.9.156.178 - - [03/May/2014:21:27:47 +0200] "GET /adblue.php HTTP/1.1" 200 23127 "-" "Mozilla/5.0 (compatible; SearchmetricsBot; http://www.searchmetrics.com/en/searchmetrics-bot/)"
176.9.156.178 - - [03/May/2014:21:27:48 +0200] "GET /tankanlagen.php HTTP/1.1" 200 22937 "-" "Mozilla/5.0 (compatible; SearchmetricsBot; http://www.searchmetrics.com/en/searchmetrics-bot/)"
176.9.156.178 - - [03/May/2014:21:27:49 +0200] "GET /diesel.php HTTP/1.1" 200 22417 "-" "Mozilla/5.0 (compatible; SearchmetricsBot; http://www.searchmetrics.com/en/searchmetrics-bot/)"
176.9.156.178 - - [03/May/2014:21:27:49 +0200] "GET /news.php?cs_go=archiv&cs_id=5135 HTTP/1.1" 200 24202 "-" "Mozilla/5.0 (compatible; SearchmetricsBot; http://www.searchmetrics.com/en/searchmetrics-bot/)"
176.9.156.178 - - [03/May/2014:21:27:50 +0200] "GET /brennwerttechnik.php HTTP/1.1" 200 22215 "-" "Mozilla/5.0 (compatible; SearchmetricsBot; http://www.searchmetrics.com/en/searchmetrics-bot/)"
176.9.156.178 - - [03/May/2014:21:27:51 +0200] "GET /foerdermittel.php HTTP/1.1" 200 24406 "-" "Mozilla/5.0 (compatible; SearchmetricsBot; http://www.searchmetrics.com/en/searchmetrics-bot/)"
176.9.156.178 - - [03/May/2014:21:27:52 +0200] "GET /news.php HTTP/1.1" 200 33654 "-" "Mozilla/5.0 (compatible; SearchmetricsBot; http://www.searchmetrics.com/en/searchmetrics-bot/)"
176.9.156.178 - - [03/May/2014:21:27:52 +0200] "GET /premiumheizoel.php HTTP/1.1" 200 19519 "-" "Mozilla/5.0 (compatible; SearchmetricsBot; http://www.searchmetrics.com/en/searchmetrics-bot/)"
176.9.156.178 - - [03/May/2014:21:27:53 +0200] "GET /schmierstoffe.php HTTP/1.1" 200 21715 "-" "Mozilla/5.0 (compatible; SearchmetricsBot; http://www.searchmetrics.com/en/searchmetrics-bot/)"
176.9.156.178 - - [03/May/2014:21:27:53 +0200] "GET /essoschmierstoffe.php HTTP/1.1" 200 22876 "-" "Mozilla/5.0 (compatible; SearchmetricsBot; http://www.searchmetrics.com/en/searchmetrics-bot/)"
37.58.100.234 - - [03/May/2014:21:27:54 +0200] "GET /lexikon.php?cs_go=2&cs_char=l HTTP/1.1" 200 19913 "-" "Mozilla/5.0 (compatible; AhrefsBot/5.0; +http://ahrefs.com/robot/)"
176.9.156.178 - - [03/May/2014:21:27:54 +0200] "GET /notdienst.php HTTP/1.1" 200 19717 "-" "Mozilla/5.0 (compatible; SearchmetricsBot; http://www.searchmetrics.com/en/searchmetrics-bot/)"
176.9.156.178 - - [03/May/2014:21:27:55 +0200] "GET /biogasanlage.php HTTP/1.1" 200 19193 "-" "Mozilla/5.0 (compatible; SearchmetricsBot; http://www.searchmetrics.com/en/searchmetrics-bot/)"
176.9.156.178 - - [03/May/2014:21:27:55 +0200] "GET /news.php?cs_go=archiv&cs_id=5126 HTTP/1.1" 200 24418 "-" "Mozilla/5.0 (compatible; SearchmetricsBot; http://www.searchmetrics.com/en/searchmetrics-bot/)"
176.9.156.178 - - [03/May/2014:21:27:56 +0200] "GET /news.php?cs_go=archiv&cs_id=5137 HTTP/1.1" 200 20658 "-" "Mozilla/5.0 (compatible; SearchmetricsBot; http://www.searchmetrics.com/en/searchmetrics-bot/)"
176.9.156.178 - - [03/May/2014:21:27:57 +0200] "GET /jobs.php HTTP/1.1" 200 19000 "-" "Mozilla/5.0 (compatible; SearchmetricsBot; http://www.searchmetrics.com/en/searchmetrics-bot/)"
176.9.156.178 - - [03/May/2014:21:27:57 +0200] "GET /heizoel.php HTTP/1.1" 200 20999 "-" "Mozilla/5.0 (compatible; SearchmetricsBot; http://www.searchmetrics.com/en/searchmetrics-bot/)"
176.9.156.178 - - [03/May/2014:21:27:58 +0200] "GET /news.php?cs_go=archiv HTTP/1.1" 200 33654 "-" "Mozilla/5.0 (compatible; SearchmetricsBot; http://www.searchmetrics.com/en/searchmetrics-bot/)"
176.9.156.178 - - [03/May/2014:21:27:59 +0200] "GET /ansprechpartner.php HTTP/1.1" 200 21529 "-" "Mozilla/5.0 (compatible; SearchmetricsBot; http://www.searchmetrics.com/en/searchmetrics-bot/)"
176.9.156.178 - - [03/May/2014:21:28:00 +0200] "GET /impressum.php HTTP/1.1" 200 20220 "-" "Mozilla/5.0 (compatible; SearchmetricsBot; http://www.searchmetrics.com/en/searchmetrics-bot/)"
176.9.156.178 - - [03/May/2014:21:28:00 +0200] "GET /kwk.php HTTP/1.1" 200 22041 "-" "Mozilla/5.0 (compatible; SearchmetricsBot; http://www.searchmetrics.com/en/searchmetrics-bot/)"
176.9.156.178 - - [03/May/2014:21:28:01 +0200] "GET /marktdaten.php HTTP/1.1" 200 19936 "-" "Mozilla/5.0 (compatible; SearchmetricsBot; http://www.searchmetrics.com/en/searchmetrics-bot/)"
176.9.156.178 - - [03/May/2014:21:28:02 +0200] "GET /news.php?cs_go=archiv&cs_id=5128 HTTP/1.1" 200 20905 "-" "Mozilla/5.0 (compatible; SearchmetricsBot; http://www.searchmetrics.com/en/searchmetrics-bot/)"
176.9.156.178 - - [03/May/2014:21:28:02 +0200] "GET /wunschpreis.php HTTP/1.1" 200 24967 "-" "Mozilla/5.0 (compatible; SearchmetricsBot; http://www.searchmetrics.com/en/searchmetrics-bot/)"
176.9.156.178 - - [03/May/2014:21:28:03 +0200] "GET /lexikon.php HTTP/1.1" 200 21691 "-" "Mozilla/5.0 (compatible; SearchmetricsBot; http://www.searchmetrics.com/en/searchmetrics-bot/)"
176.9.156.178 - - [03/May/2014:21:28:04 +0200] "GET /news.php?cs_go=archiv&cs_id=5127 HTTP/1.1" 200 20513 "-" "Mozilla/5.0 (compatible; SearchmetricsBot; http://www.searchmetrics.com/en/searchmetrics-bot/)"
176.9.156.178 - - [03/May/2014:21:28:05 +0200] "GET /baustellenbetankung.php HTTP/1.1" 200 19811 "-" "Mozilla/5.0 (compatible; SearchmetricsBot; http://www.searchmetrics.com/en/searchmetrics-bot/)"
176.9.156.178 - - [03/May/2014:21:28:05 +0200] "GET /news.php?cs_go=archiv&cs_id=5129 HTTP/1.1" 200 24051 "-" "Mozilla/5.0 (compatible; SearchmetricsBot; http://www.searchmetrics.com/en/searchmetrics-bot/)"
176.9.156.178 - - [03/May/2014:21:28:06 +0200] "GET /faq.php HTTP/1.1" 200 238499 "-" "Mozilla/5.0 (compatible; SearchmetricsBot; http://www.searchmetrics.com/en/searchmetrics-bot/)"
176.9.156.178 - - [03/May/2014:21:28:08 +0200] "GET /index.php HTTP/1.1" 200 23409 "-" "Mozilla/5.0 (compatible; SearchmetricsBot; http://www.searchmetrics.com/en/searchmetrics-bot/)"
176.9.156.178 - - [03/May/2014:21:28:08 +0200] "GET /preisanfrage.php HTTP/1.1" 200 23737 "-" "Mozilla/5.0 (compatible; SearchmetricsBot; http://www.searchmetrics.com/en/searchmetrics-bot/)"
176.9.156.178 - - [03/May/2014:21:28:09 +0200] "GET /../kwk.php HTTP/1.1" 400 1200 "-" "Mozilla/5.0 (compatible; SearchmetricsBot; http://www.searchmetrics.com/en/searchmetrics-bot/)"
176.9.156.178 - - [03/May/2014:21:28:09 +0200] "GET /energiekostenvergleich.php HTTP/1.1" 200 23560 "-" "Mozilla/5.0 (compatible; SearchmetricsBot; http://www.searchmetrics.com/en/searchmetrics-bot/)"
176.9.156.178 - - [03/May/2014:21:28:10 +0200] "GET /edl.php HTTP/1.1" 200 22495 "-" "Mozilla/5.0 (compatible; SearchmetricsBot; http://www.searchmetrics.com/en/searchmetrics-bot/)"
176.9.156.178 - - [03/May/2014:21:28:11 +0200] "GET /energiesparcheck.php HTTP/1.1" 200 24797 "-" "Mozilla/5.0 (compatible; SearchmetricsBot; http://www.searchmetrics.com/en/searchmetrics-bot/)"
176.9.156.178 - - [03/May/2014:21:28:11 +0200] "GET /kontakt.php HTTP/1.1" 200 20926 "-" "Mozilla/5.0 (compatible; SearchmetricsBot; http://www.searchmetrics.com/en/searchmetrics-bot/)"
176.9.156.178 - - [03/May/2014:21:28:12 +0200] "GET /newsletter.php HTTP/1.1" 200 19925 "-" "Mozilla/5.0 (compatible; SearchmetricsBot; http://www.searchmetrics.com/en/searchmetrics-bot/)"
176.9.156.178 - - [03/May/2014:21:28:13 +0200] "GET /tankreinigung.php HTTP/1.1" 200 22389 "-" "Mozilla/5.0 (compatible; SearchmetricsBot; http://www.searchmetrics.com/en/searchmetrics-bot/)"
176.9.156.178 - - [03/May/2014:21:28:13 +0200] "GET /waermekonto.php HTTP/1.1" 200 30901 "-" "Mozilla/5.0 (compatible; SearchmetricsBot; http://www.searchmetrics.com/en/searchmetrics-bot/)"
176.9.156.178 - - [03/May/2014:21:28:15 +0200] "GET /ofenbau.php HTTP/1.1" 200 22004 "-" "Mozilla/5.0 (compatible; SearchmetricsBot; http://www.searchmetrics.com/en/searchmetrics-bot/)"
176.9.156.178 - - [03/May/2014:21:28:16 +0200] "GET /ec.php HTTP/1.1" 200 20733 "-" "Mozilla/5.0 (compatible; SearchmetricsBot; http://www.searchmetrics.com/en/searchmetrics-bot/)"
95.215.0.27 - - [03/May/2014:21:40:04 +0200] "GET /news.php?cs_go=archiv&cs_id=4821 HTTP/1.1" 200 24607 "-" "Mozilla/5.0 (Windows NT 6.1; WOW64; rv:26.1) Gecko/20100101 Firefox/26.0"
95.215.0.27 - - [03/May/2014:21:41:03 +0200] "GET /news.php?cs_go=archiv&cs_id=4798 HTTP/1.1" 200 22632 "-" "Mozilla/5.0 (Windows NT 6.1; WOW64; rv:26.1) Gecko/20100101 Firefox/26.0"
66.249.65.252 - - [03/May/2014:21:43:16 +0200] "GET /news.php?cs_go=archiv&cs_id=4158 HTTP/1.1" 200 26809 "-" "Mozilla/5.0 (compatible; Googlebot/2.1; +http://www.google.com/bot.html)"
66.249.65.71 - - [03/May/2014:21:44:22 +0200] "GET / HTTP/1.1" 200 23409 "-" "Mozilla/5.0 (iPhone; CPU iPhone OS 6_0 like Mac OS X) AppleWebKit/536.26 (KHTML, like Gecko) Version/6.0 Mobile/10A5376e Safari/8536.25 (compatible; Googlebot/2.1; +http://www.google.com/bot.html)"
157.55.33.179 - - [03/May/2014:21:45:13 +0200] "GET /downloads/Imagebroschuere%20team%20energie%20-%20TE%20Verwaltung%20Energiehandel_klein.pdf HTTP/1.1" 200 893384 "-" "Mozilla/5.0 (compatible; bingbot/2.0; +http://www.bing.com/bingbot.htm)"
157.55.33.179 - - [03/May/2014:21:50:14 +0200] "GET /robots.txt HTTP/1.1" 404 1256 "-" "Mozilla/5.0 (compatible; bingbot/2.0; +http://www.bing.com/bingbot.htm)"
157.55.33.179 - - [03/May/2014:21:50:30 +0200] "GET /lexikon.php HTTP/1.1" 200 21691 "-" "Mozilla/5.0 (compatible; bingbot/2.0; +http://www.bing.com/bingbot.htm)"
