217.93.154.147 - - [02/May/2014:20:31:04 +0200] "GET /images/mobil.jpg HTTP/1.1" 200 25293 "http://www.e-s-s-o-berlin.de/style.css" "Mozilla/5.0 (Windows NT 6.2; WOW64; rv:28.0) Gecko/20100101 Firefox/28.0"
217.93.154.147 - - [02/May/2014:20:31:04 +0200] "GET /video/player.swf HTTP/1.1" 200 106407 "http://www.e-s-s-o-berlin.de/" "Mozilla/5.0 (Windows NT 6.2; WOW64; rv:28.0) Gecko/20100101 Firefox/28.0"
217.93.154.147 - - [02/May/2014:20:31:04 +0200] "GET /video/standbild.jpg HTTP/1.1" 200 14654 "http://www.e-s-s-o-berlin.de/video/player.swf" "Mozilla/5.0 (Windows NT 6.2; WOW64; rv:28.0) Gecko/20100101 Firefox/28.0"
217.93.154.147 - - [02/May/2014:20:31:06 +0200] "GET /favicon.ico HTTP/1.1" 404 1256 "-" "Mozilla/5.0 (Windows NT 6.2; WOW64; rv:28.0) Gecko/20100101 Firefox/28.0"
217.93.154.147 - - [02/May/2014:20:31:06 +0200] "GET /favicon.ico HTTP/1.1" 404 1256 "-" "Mozilla/5.0 (Windows NT 6.2; WOW64; rv:28.0) Gecko/20100101 Firefox/28.0"
66.70.34.201 - - [02/May/2014:20:31:06 +0200] "GET /images/teamtkw.jpg HTTP/1.1" 200 27919 "-" "Mozilla/5.0 (X11; Linux x86_64) Superfish/1.1 (platform image loader)"
157.56.229.244 - - [02/May/2014:20:33:22 +0200] "GET /robots.txt HTTP/1.1" 404 1256 "-" "Mozilla/5.0 (compatible; bingbot/2.0; +http://www.bing.com/bingbot.htm)"
157.56.229.244 - - [02/May/2014:20:33:25 +0200] "GET /news.php?cs_go=archiv&cs_id=5063 HTTP/1.1" 200 24546 "-" "Mozilla/5.0 (compatible; bingbot/2.0; +http://www.bing.com/bingbot.htm)"
157.56.229.244 - - [02/May/2014:20:33:25 +0200] "GET /modernisierung.php HTTP/1.1" 200 22880 "-" "Mozilla/5.0 (compatible; bingbot/2.0; +http://www.bing.com/bingbot.htm)"
217.93.154.147 - - [02/May/2014:20:34:01 +0200] "GET / HTTP/1.1" 200 23409 "http://www.google.de/url?sa=t&rct=j&q=&esrc=s&source=web&cd=1&ved=0CC4QFjAA&url=http%3A%2F%2Fwww.e-s-s-o-berlin.de%2F&ei=XuRjU4XQOrT4yAOhqYH4Dw&usg=AFQjCNFyly26Im01L1hqxwtkO53IQPsODA" "Mozilla/5.0 (Windows NT 6.2; WOW64; rv:28.0) Gecko/20100101 Firefox/28.0"
37.58.100.147 - - [02/May/2014:20:44:07 +0200] "GET /news.php?cs_go=archiv&cs_id=5116&cs_search= HTTP/1.1" 200 21084 "-" "Mozilla/5.0 (compatible; AhrefsBot/5.0; +http://ahrefs.com/robot/)"
157.56.93.85 - - [02/May/2014:20:51:19 +0200] "GET /premiumheizoel.php HTTP/1.1" 200 19519 "-" "Mozilla/5.0 (compatible; bingbot/2.0; +http://www.bing.com/bingbot.htm)"
65.55.52.116 - - [02/May/2014:20:57:21 +0200] "GET / HTTP/1.1" 200 23409 "-" "Mozilla/5.0 (compatible; bingbot/2.0; +http://www.bing.com/bingbot.htm)"
93.219.158.82 - - [02/May/2014:21:01:14 +0200] "GET /tankreinigung.php HTTP/1.1" 200 22389 "http://www.google.de/url?sa=t&rct=j&q=&esrc=s&source=web&cd=11&sqi=2&ved=0CJEBEBYwCg&url=http%3A%2F%2Fwww.e-s-s-o-berlin.de%2Ftankreinigung.php&ei=RutjU9OlNND3yAPfl4CACg&usg=AFQjCNEskwUs2s0c2dF3HWsOgDltInZe-A" "Mozilla/5.0 (Windows NT 6.1; WOW64; Trident/7.0; rv:11.0) like Gecko"
93.219.158.82 - - [02/May/2014:21:01:15 +0200] "GET /style.css HTTP/1.1" 200 8056 "http://www.e-s-s-o-berlin.de/tankreinigung.php" "Mozilla/5.0 (Windows NT 6.1; WOW64; Trident/7.0; rv:11.0) like Gecko"
93.219.158.82 - - [02/May/2014:21:01:15 +0200] "GET /js/ddaccordion.js HTTP/1.1" 200 12534 "http://www.e-s-s-o-berlin.de/tankreinigung.php" "Mozilla/5.0 (Windows NT 6.1; WOW64; Trident/7.0; rv:11.0) like Gecko"
93.219.158.82 - - [02/May/2014:21:01:15 +0200] "GET /js/slider.js HTTP/1.1" 200 773 "http://www.e-s-s-o-berlin.de/tankreinigung.php" "Mozilla/5.0 (Windows NT 6.1; WOW64; Trident/7.0; rv:11.0) like Gecko"
93.219.158.82 - - [02/May/2014:21:01:15 +0200] "GET /images/heizoelbestellung.jpg HTTP/1.1" 200 6281 "http://www.e-s-s-o-berlin.de/tankreinigung.php" "Mozilla/5.0 (Windows NT 6.1; WOW64; Trident/7.0; rv:11.0) like Gecko"
93.219.158.82 - - [02/May/2014:21:01:15 +0200] "GET /images/wunschpreis.jpg HTTP/1.1" 200 5550 "http://www.e-s-s-o-berlin.de/tankreinigung.php" "Mozilla/5.0 (Windows NT 6.1; WOW64; Trident/7.0; rv:11.0) like Gecko"
93.219.158.82 - - [02/May/2014:21:01:15 +0200] "GET /images/adblue_neu.png HTTP/1.1" 200 30982 "http://www.e-s-s-o-berlin.de/tankreinigung.php" "Mozilla/5.0 (Windows NT 6.1; WOW64; Trident/7.0; rv:11.0) like Gecko"
93.219.158.82 - - [02/May/2014:21:01:15 +0200] "GET /images/freecall.png HTTP/1.1" 200 15914 "http://www.e-s-s-o-berlin.de/tankreinigung.php" "Mozilla/5.0 (Windows NT 6.1; WOW64; Trident/7.0; rv:11.0) like Gecko"
93.219.158.82 - - [02/May/2014:21:01:15 +0200] "GET /images/kwk.png HTTP/1.1" 200 15949 "http://www.e-s-s-o-berlin.de/tankreinigung.php" "Mozilla/5.0 (Windows NT 6.1; WOW64; Trident/7.0; rv:11.0) like Gecko"
93.219.158.82 - - [02/May/2014:21:01:15 +0200] "GET /images/ral.png HTTP/1.1" 200 25696 "http://www.e-s-s-o-berlin.de/tankreinigung.php" "Mozilla/5.0 (Windows NT 6.1; WOW64; Trident/7.0; rv:11.0) like Gecko"
93.219.158.82 - - [02/May/2014:21:01:15 +0200] "GET /modul.css HTTP/1.1" 200 36485 "http://www.e-s-s-o-berlin.de/tankreinigung.php" "Mozilla/5.0 (Windows NT 6.1; WOW64; Trident/7.0; rv:11.0) like Gecko"
93.219.158.82 - - [02/May/2014:21:01:15 +0200] "GET /images/Imagebroschuere_team_energie.png HTTP/1.1" 200 64117 "http://www.e-s-s-o-berlin.de/tankreinigung.php" "Mozilla/5.0 (Windows NT 6.1; WOW64; Trident/7.0; rv:11.0) like Gecko"
93.219.158.82 - - [02/May/2014:21:01:15 +0200] "GET /js/jquery.min.js HTTP/1.1" 200 57254 "http://www.e-s-s-o-berlin.de/tankreinigung.php" "Mozilla/5.0 (Windows NT 6.1; WOW64; Trident/7.0; rv:11.0) like Gecko"
93.219.158.82 - - [02/May/2014:21:01:16 +0200] "GET /images/content_bg.jpg HTTP/1.1" 200 437 "http://www.e-s-s-o-berlin.de/tankreinigung.php" "Mozilla/5.0 (Windows NT 6.1; WOW64; Trident/7.0; rv:11.0) like Gecko"
93.219.158.82 - - [02/May/2014:21:01:16 +0200] "GET /images/logos.jpg HTTP/1.1" 200 1205 "http://www.e-s-s-o-berlin.de/tankreinigung.php" "Mozilla/5.0 (Windows NT 6.1; WOW64; Trident/7.0; rv:11.0) like Gecko"
93.219.158.82 - - [02/May/2014:21:01:16 +0200] "GET /images/header.jpg HTTP/1.1" 200 23758 "http://www.e-s-s-o-berlin.de/tankreinigung.php" "Mozilla/5.0 (Windows NT 6.1; WOW64; Trident/7.0; rv:11.0) like Gecko"
93.219.158.82 - - [02/May/2014:21:01:16 +0200] "GET /images/newsletter.jpg HTTP/1.1" 200 13127 "http://www.e-s-s-o-berlin.de/tankreinigung.php" "Mozilla/5.0 (Windows NT 6.1; WOW64; Trident/7.0; rv:11.0) like Gecko"
93.219.158.82 - - [02/May/2014:21:01:16 +0200] "GET /favicon.ico HTTP/1.1" 404 1256 "-" "Mozilla/5.0 (Windows NT 6.1; WOW64; Trident/7.0; rv:11.0) like Gecko"
208.115.111.72 - - [02/May/2014:21:06:06 +0200] "GET /robots.txt HTTP/1.1" 404 1256 "-" "Mozilla/5.0 (compatible; DotBot/1.1; http://www.opensiteexplorer.org/dotbot, help@moz.com)"
62.73.8.129 - - [02/May/2014:21:06:15 +0200] "GET / HTTP/1.1" 200 23409 "-" "Opera/9.80 (Windows NT 6.1; U; en-GB) Presto/2.7.62 Version/11.00"
66.249.73.70 - - [02/May/2014:21:06:39 +0200] "GET /style.css HTTP/1.1" 200 8056 "http://www.e-s-s-o-berlin.de/news.php?cs_go=archiv&cs_id=5137" "Mozilla/5.0 (compatible; Googlebot/2.1; +http://www.google.com/bot.html)"
66.249.73.70 - - [02/May/2014:21:06:40 +0200] "GET /modul.css HTTP/1.1" 200 36485 "http://www.e-s-s-o-berlin.de/news.php?cs_go=archiv&cs_id=5137" "Mozilla/5.0 (compatible; Googlebot/2.1; +http://www.google.com/bot.html)"
54.198.239.197 - - [02/May/2014:21:09:37 +0200] "GET / HTTP/1.1" 200 23409 "-" "Mozilla/5.0 (compatible; linkdexbot/2.0; +http://www.linkdex.com/bots/)"
54.224.47.105 - - [02/May/2014:21:09:39 +0200] "GET / HTTP/1.1" 200 23409 "-" "Mozilla/5.0 (compatible; linkdexbot/2.0; +http://www.linkdex.com/bots/)"
66.249.73.21 - - [02/May/2014:21:20:09 +0200] "GET /robots.txt HTTP/1.1" 404 1256 "-" "Mozilla/5.0 (compatible; Googlebot/2.1; +http://www.google.com/bot.html)"
66.249.73.21 - - [02/May/2014:21:20:10 +0200] "GET /news.php?cs_go=archiv&cs_id=4701&cs_search= HTTP/1.1" 200 24690 "-" "Mozilla/5.0 (compatible; Googlebot/2.1; +http://www.google.com/bot.html)"
54.224.47.105 - - [02/May/2014:21:20:11 +0200] "GET / HTTP/1.1" 200 23409 "-" "Mozilla/5.0 (compatible; linkdexbot/2.0; +http://www.linkdex.com/bots/)"
66.249.73.21 - - [02/May/2014:21:25:10 +0200] "GET /news.php?cs_go=archiv&cs_id=5129 HTTP/1.1" 200 24051 "-" "Mozilla/5.0 (compatible; Googlebot/2.1; +http://www.google.com/bot.html)"
66.249.73.21 - - [02/May/2014:21:25:11 +0200] "GET /news.php?cs_go=archiv&cs_id=5137 HTTP/1.1" 200 20658 "-" "Mozilla/5.0 (compatible; Googlebot/2.1; +http://www.google.com/bot.html)"
157.55.32.114 - - [02/May/2014:21:29:36 +0200] "GET /wunschpreis.php HTTP/1.1" 200 24967 "-" "Mozilla/5.0 (compatible; bingbot/2.0; +http://www.bing.com/bingbot.htm)"
54.224.47.105 - - [02/May/2014:21:34:58 +0200] "GET / HTTP/1.1" 200 23409 "-" "Mozilla/5.0 (compatible; linkdexbot/2.0; +http://www.linkdex.com/bots/)"
66.249.73.13 - - [02/May/2014:21:36:19 +0200] "GET /news.php?cs_go=archiv&cs_id=5137 HTTP/1.1" 200 20658 "-" "Mozilla/5.0 (compatible; Googlebot/2.1; +http://www.google.com/bot.html)"
54.224.47.105 - - [02/May/2014:21:42:17 +0200] "GET / HTTP/1.1" 200 23409 "-" "Mozilla/5.0 (compatible; linkdexbot/2.0; +http://www.linkdex.com/bots/)"
54.198.239.197 - - [02/May/2014:21:43:51 +0200] "GET / HTTP/1.1" 200 23409 "-" "Mozilla/5.0 (compatible; linkdexbot/2.0; +http://www.linkdex.com/bots/)"
208.115.111.66 - - [02/May/2014:21:49:51 +0200] "GET /robots.txt HTTP/1.1" 404 1256 "-" "Mozilla/5.0 (compatible; DotBot/1.1; http://www.opensiteexplorer.org/dotbot, help@moz.com)"
66.249.73.13 - - [02/May/2014:21:49:54 +0200] "GET /essoschmierstoffe.php HTTP/1.1" 200 22876 "-" "SAMSUNG-SGH-E250/1.0 Profile/MIDP-2.0 Configuration/CLDC-1.1 UP.Browser/6.2.3.3.c.1.101 (GUI) MMP/2.0 (compatible; Googlebot-Mobile/2.1; +http://www.google.com/bot.html)"
66.249.73.13 - - [02/May/2014:21:51:19 +0200] "GET /news.php?cs_go=archiv&cs_id=5129 HTTP/1.1" 200 24051 "-" "Mozilla/5.0 (compatible; Googlebot/2.1; +http://www.google.com/bot.html)"
93.219.164.120 - - [02/May/2014:21:57:20 +0200] "GET /news.php HTTP/1.1" 200 33654 "-" "Mozilla/5.0 (Windows; U; Windows NT 6.0; de; rv:1.9.2.3) Gecko/20100401 Firefox/3.6.3 ( .NET CLR 3.5.30729)"
93.219.164.120 - - [02/May/2014:21:57:32 +0200] "GET /images/RAL_Guetezeichen_Energiehandel.pdf HTTP/1.1" 200 538987 "-" "Mozilla/5.0 (Windows; U; Windows NT 6.0; de; rv:1.9.2.3) Gecko/20100401 Firefox/3.6.3 ( .NET CLR 3.5.30729)"
37.58.100.234 - - [02/May/2014:21:57:40 +0200] "GET /news.php?cs_go=archiv&cs_id=4876 HTTP/1.1" 200 20488 "-" "Mozilla/5.0 (compatible; AhrefsBot/5.0; +http://ahrefs.com/robot/)"
86.56.4.204 - - [02/May/2014:21:59:10 +0200] "GET / HTTP/1.1" 200 23409 "-" "Mozilla/5.0 (Windows NT 6.1; WOW64) AppleWebKit/537.36 (KHTML, like Gecko) Chrome/34.0.1847.131 Safari/537.36"
86.56.4.204 - - [02/May/2014:21:59:10 +0200] "GET /style.css HTTP/1.1" 200 8056 "http://www.energie-service-berlin.de/" "Mozilla/5.0 (Windows NT 6.1; WOW64) AppleWebKit/537.36 (KHTML, like Gecko) Chrome/34.0.1847.131 Safari/537.36"
86.56.4.204 - - [02/May/2014:21:59:10 +0200] "GET /js/ddaccordion.js HTTP/1.1" 200 12534 "http://www.energie-service-berlin.de/" "Mozilla/5.0 (Windows NT 6.1; WOW64) AppleWebKit/537.36 (KHTML, like Gecko) Chrome/34.0.1847.131 Safari/537.36"
86.56.4.204 - - [02/May/2014:21:59:10 +0200] "GET /js/slider.js HTTP/1.1" 200 773 "http://www.energie-service-berlin.de/" "Mozilla/5.0 (Windows NT 6.1; WOW64) AppleWebKit/537.36 (KHTML, like Gecko) Chrome/34.0.1847.131 Safari/537.36"
86.56.4.204 - - [02/May/2014:21:59:10 +0200] "GET /Scripts/AC_ActiveX.js HTTP/1.1" 200 2068 "http://www.energie-service-berlin.de/" "Mozilla/5.0 (Windows NT 6.1; WOW64) AppleWebKit/537.36 (KHTML, like Gecko) Chrome/34.0.1847.131 Safari/537.36"
86.56.4.204 - - [02/May/2014:21:59:10 +0200] "GET /Scripts/AC_RunActiveContent.js HTTP/1.1" 200 8029 "http://www.energie-service-berlin.de/" "Mozilla/5.0 (Windows NT 6.1; WOW64) AppleWebKit/537.36 (KHTML, like Gecko) Chrome/34.0.1847.131 Safari/537.36"
86.56.4.204 - - [02/May/2014:21:59:10 +0200] "GET /modul.css HTTP/1.1" 200 36485 "http://www.energie-service-berlin.de/" "Mozilla/5.0 (Windows NT 6.1; WOW64) AppleWebKit/537.36 (KHTML, like Gecko) Chrome/34.0.1847.131 Safari/537.36"
86.56.4.204 - - [02/May/2014:21:59:10 +0200] "GET /js/jquery.min.js HTTP/1.1" 200 57254 "http://www.energie-service-berlin.de/" "Mozilla/5.0 (Windows NT 6.1; WOW64) AppleWebKit/537.36 (KHTML, like Gecko) Chrome/34.0.1847.131 Safari/537.36"
86.56.4.204 - - [02/May/2014:21:59:11 +0200] "GET /images/teamtkw.jpg HTTP/1.1" 200 27919 "http://www.energie-service-berlin.de/" "Mozilla/5.0 (Windows NT 6.1; WOW64) AppleWebKit/537.36 (KHTML, like Gecko) Chrome/34.0.1847.131 Safari/537.36"
86.56.4.204 - - [02/May/2014:21:59:11 +0200] "GET /images/team-energie.png HTTP/1.1" 200 17383 "http://www.energie-service-berlin.de/" "Mozilla/5.0 (Windows NT 6.1; WOW64) AppleWebKit/537.36 (KHTML, like Gecko) Chrome/34.0.1847.131 Safari/537.36"
86.56.4.204 - - [02/May/2014:21:59:10 +0200] "GET /video/jwplayer.js HTTP/1.1" 200 132411 "http://www.energie-service-berlin.de/" "Mozilla/5.0 (Windows NT 6.1; WOW64) AppleWebKit/537.36 (KHTML, like Gecko) Chrome/34.0.1847.131 Safari/537.36"
86.56.4.204 - - [02/May/2014:21:59:11 +0200] "GET /images/tankpool24.jpg HTTP/1.1" 200 6460 "http://www.energie-service-berlin.de/" "Mozilla/5.0 (Windows NT 6.1; WOW64) AppleWebKit/537.36 (KHTML, like Gecko) Chrome/34.0.1847.131 Safari/537.36"
86.56.4.204 - - [02/May/2014:21:59:11 +0200] "GET /images/iwo.jpg HTTP/1.1" 200 11024 "http://www.energie-service-berlin.de/" "Mozilla/5.0 (Windows NT 6.1; WOW64) AppleWebKit/537.36 (KHTML, like Gecko) Chrome/34.0.1847.131 Safari/537.36"
86.56.4.204 - - [02/May/2014:21:59:11 +0200] "GET /images/baustelle.jpg HTTP/1.1" 200 17506 "http://www.energie-service-berlin.de/" "Mozilla/5.0 (Windows NT 6.1; WOW64) AppleWebKit/537.36 (KHTML, like Gecko) Chrome/34.0.1847.131 Safari/537.36"
86.56.4.204 - - [02/May/2014:21:59:11 +0200] "GET /images/telefon.png HTTP/1.1" 200 754 "http://www.energie-service-berlin.de/" "Mozilla/5.0 (Windows NT 6.1; WOW64) AppleWebKit/537.36 (KHTML, like Gecko) Chrome/34.0.1847.131 Safari/537.36"
86.56.4.204 - - [02/May/2014:21:59:11 +0200] "GET /images/email.png HTTP/1.1" 200 641 "http://www.energie-service-berlin.de/" "Mozilla/5.0 (Windows NT 6.1; WOW64) AppleWebKit/537.36 (KHTML, like Gecko) Chrome/34.0.1847.131 Safari/537.36"
86.56.4.204 - - [02/May/2014:21:59:11 +0200] "GET /images/heizoelbestellung.jpg HTTP/1.1" 200 6281 "http://www.energie-service-berlin.de/" "Mozilla/5.0 (Windows NT 6.1; WOW64) AppleWebKit/537.36 (KHTML, like Gecko) Chrome/34.0.1847.131 Safari/537.36"
86.56.4.204 - - [02/May/2014:21:59:11 +0200] "GET /images/wunschpreis.jpg HTTP/1.1" 200 5550 "http://www.energie-service-berlin.de/" "Mozilla/5.0 (Windows NT 6.1; WOW64) AppleWebKit/537.36 (KHTML, like Gecko) Chrome/34.0.1847.131 Safari/537.36"
86.56.4.204 - - [02/May/2014:21:59:11 +0200] "GET /images/adblue_neu.png HTTP/1.1" 200 30982 "http://www.energie-service-berlin.de/" "Mozilla/5.0 (Windows NT 6.1; WOW64) AppleWebKit/537.36 (KHTML, like Gecko) Chrome/34.0.1847.131 Safari/537.36"
86.56.4.204 - - [02/May/2014:21:59:11 +0200] "GET /images/freecall.png HTTP/1.1" 200 15914 "http://www.energie-service-berlin.de/" "Mozilla/5.0 (Windows NT 6.1; WOW64) AppleWebKit/537.36 (KHTML, like Gecko) Chrome/34.0.1847.131 Safari/537.36"
86.56.4.204 - - [02/May/2014:21:59:11 +0200] "GET /images/kwk.png HTTP/1.1" 200 15949 "http://www.energie-service-berlin.de/" "Mozilla/5.0 (Windows NT 6.1; WOW64) AppleWebKit/537.36 (KHTML, like Gecko) Chrome/34.0.1847.131 Safari/537.36"
86.56.4.204 - - [02/May/2014:21:59:11 +0200] "GET /images/ral.png HTTP/1.1" 200 25696 "http://www.energie-service-berlin.de/" "Mozilla/5.0 (Windows NT 6.1; WOW64) AppleWebKit/537.36 (KHTML, like Gecko) Chrome/34.0.1847.131 Safari/537.36"
86.56.4.204 - - [02/May/2014:21:59:11 +0200] "GET /images/Imagebroschuere_team_energie.png HTTP/1.1" 200 64117 "http://www.energie-service-berlin.de/" "Mozilla/5.0 (Windows NT 6.1; WOW64) AppleWebKit/537.36 (KHTML, like Gecko) Chrome/34.0.1847.131 Safari/537.36"
86.56.4.204 - - [02/May/2014:21:59:12 +0200] "GET /images/header.jpg HTTP/1.1" 200 23758 "http://www.energie-service-berlin.de/" "Mozilla/5.0 (Windows NT 6.1; WOW64) AppleWebKit/537.36 (KHTML, like Gecko) Chrome/34.0.1847.131 Safari/537.36"
86.56.4.204 - - [02/May/2014:21:59:12 +0200] "GET /images/logos.jpg HTTP/1.1" 200 1205 "http://www.energie-service-berlin.de/" "Mozilla/5.0 (Windows NT 6.1; WOW64) AppleWebKit/537.36 (KHTML, like Gecko) Chrome/34.0.1847.131 Safari/537.36"
86.56.4.204 - - [02/May/2014:21:59:12 +0200] "GET /images/content_bg.jpg HTTP/1.1" 200 437 "http://www.energie-service-berlin.de/" "Mozilla/5.0 (Windows NT 6.1; WOW64) AppleWebKit/537.36 (KHTML, like Gecko) Chrome/34.0.1847.131 Safari/537.36"
86.56.4.204 - - [02/May/2014:21:59:12 +0200] "GET /images/newsletter.jpg HTTP/1.1" 200 13127 "http://www.energie-service-berlin.de/" "Mozilla/5.0 (Windows NT 6.1; WOW64) AppleWebKit/537.36 (KHTML, like Gecko) Chrome/34.0.1847.131 Safari/537.36"
86.56.4.204 - - [02/May/2014:21:59:12 +0200] "GET /images/mobil.jpg HTTP/1.1" 200 25293 "http://www.energie-service-berlin.de/" "Mozilla/5.0 (Windows NT 6.1; WOW64) AppleWebKit/537.36 (KHTML, like Gecko) Chrome/34.0.1847.131 Safari/537.36"
86.56.4.204 - - [02/May/2014:21:59:12 +0200] "GET /video/player.swf HTTP/1.1" 200 106407 "http://www.energie-service-berlin.de/" "Mozilla/5.0 (Windows NT 6.1; WOW64) AppleWebKit/537.36 (KHTML, like Gecko) Chrome/34.0.1847.131 Safari/537.36"
86.56.4.204 - - [02/May/2014:21:59:13 +0200] "GET /favicon.ico HTTP/1.1" 404 1256 "-" "Mozilla/5.0 (Windows NT 6.1; WOW64) AppleWebKit/537.36 (KHTML, like Gecko) Chrome/34.0.1847.131 Safari/537.36"
86.56.4.204 - - [02/May/2014:21:59:13 +0200] "GET /video/standbild.jpg HTTP/1.1" 200 14654 "http://www.energie-service-berlin.de/" "Mozilla/5.0 (Windows NT 6.1; WOW64) AppleWebKit/537.36 (KHTML, like Gecko) Chrome/34.0.1847.131 Safari/537.36"
93.219.164.120 - - [02/May/2014:22:02:33 +0200] "GET /marktdaten.php HTTP/1.1" 200 19936 "-" "Mozilla/5.0 (Windows; U; Windows NT 6.0; de; rv:1.9.2.3) Gecko/20100401 Firefox/3.6.3 ( .NET CLR 3.5.30729)"
66.249.73.22 - - [02/May/2014:22:07:34 +0200] "GET /robots.txt HTTP/1.1" 404 1256 "-" "Mozilla/5.0 (compatible; Googlebot/2.1; +http://www.google.com/bot.html)"
66.249.73.22 - - [02/May/2014:22:07:34 +0200] "GET /biogasanlage.php HTTP/1.1" 200 19193 "-" "Mozilla/5.0 (compatible; Googlebot/2.1; +http://www.google.com/bot.html)"
93.219.164.120 - - [02/May/2014:22:11:32 +0200] "GET /news.php?cs_go=archiv&cs_id=5119 HTTP/1.1" 200 20397 "-" "Mozilla/5.0 (Windows; U; Windows NT 6.0; de; rv:1.9.2.3) Gecko/20100401 Firefox/3.6.3 ( .NET CLR 3.5.30729)"
93.219.164.120 - - [02/May/2014:22:12:44 +0200] "GET /news.php?cs_go=archiv&cs_id=5118 HTTP/1.1" 200 20468 "-" "Mozilla/5.0 (Windows; U; Windows NT 6.0; de; rv:1.9.2.3) Gecko/20100401 Firefox/3.6.3 ( .NET CLR 3.5.30729)"
93.219.164.120 - - [02/May/2014:22:14:02 +0200] "GET /news.php?cs_go=archiv&cs_id=5117 HTTP/1.1" 200 24279 "-" "Mozilla/5.0 (Windows; U; Windows NT 6.0; de; rv:1.9.2.3) Gecko/20100401 Firefox/3.6.3 ( .NET CLR 3.5.30729)"
93.219.164.120 - - [02/May/2014:22:15:16 +0200] "GET /news.php?cs_go=archiv&cs_id=5116 HTTP/1.1" 200 21084 "-" "Mozilla/5.0 (Windows; U; Windows NT 6.0; de; rv:1.9.2.3) Gecko/20100401 Firefox/3.6.3 ( .NET CLR 3.5.30729)"
93.219.164.120 - - [02/May/2014:22:16:32 +0200] "GET /news.php?cs_go=archiv&cs_id=5115 HTTP/1.1" 200 20483 "-" "Mozilla/5.0 (Windows; U; Windows NT 6.0; de; rv:1.9.2.3) Gecko/20100401 Firefox/3.6.3 ( .NET CLR 3.5.30729)"
93.219.164.120 - - [02/May/2014:22:17:49 +0200] "GET /premiumheizoel.php HTTP/1.1" 200 19519 "-" "Mozilla/5.0 (Windows; U; Windows NT 6.0; de; rv:1.9.2.3) Gecko/20100401 Firefox/3.6.3 ( .NET CLR 3.5.30729)"
95.215.0.27 - - [02/May/2014:22:24:05 +0200] "GET /news.php?cs_go=archiv&cs_id=4423 HTTP/1.1" 200 24471 "-" "Mozilla/5.0 (Windows NT 6.1; WOW64; rv:26.1) Gecko/20100101 Firefox/26.0"
93.219.164.120 - - [02/May/2014:22:53:12 +0200] "GET /news.php?cs_go=archiv&cs_id=5107 HTTP/1.1" 200 24311 "-" "Mozilla/5.0 (Windows; U; Windows NT 6.0; de; rv:1.9.2.3) Gecko/20100401 Firefox/3.6.3 ( .NET CLR 3.5.30729)"
93.219.164.120 - - [02/May/2014:22:55:43 +0200] "GET /news.php?cs_go=archiv&cs_id=5105 HTTP/1.1" 200 20752 "-" "Mozilla/5.0 (Windows; U; Windows NT 6.0; de; rv:1.9.2.3) Gecko/20100401 Firefox/3.6.3 ( .NET CLR 3.5.30729)"
144.76.137.226 - - [02/May/2014:22:56:56 +0200] "GET /robots.txt HTTP/1.0" 404 1256 "-" "Mozilla/5.0 (compatible; MJ12bot/v1.4.5; http://www.majestic12.co.uk/bot.php?+)"
144.76.137.226 - - [02/May/2014:22:56:59 +0200] "GET /news.php?cs_go=archiv&cs_id=5129 HTTP/1.0" 200 24051 "-" "Mozilla/5.0 (compatible; MJ12bot/v1.4.5; http://www.majestic12.co.uk/bot.php?+)"
93.219.164.120 - - [02/May/2014:22:56:59 +0200] "GET /news.php?cs_go=archiv&cs_id=5104 HTTP/1.1" 200 21085 "-" "Mozilla/5.0 (Windows; U; Windows NT 6.0; de; rv:1.9.2.3) Gecko/20100401 Firefox/3.6.3 ( .NET CLR 3.5.30729)"
144.76.137.226 - - [02/May/2014:22:57:01 +0200] "GET /news.php?cs_go=archiv&cs_id=5137 HTTP/1.0" 200 20658 "-" "Mozilla/5.0 (compatible; MJ12bot/v1.4.5; http://www.majestic12.co.uk/bot.php?+)"
93.219.164.120 - - [02/May/2014:22:58:14 +0200] "GET /news.php?cs_go=archiv&cs_id=5103 HTTP/1.1" 200 20469 "-" "Mozilla/5.0 (Windows; U; Windows NT 6.0; de; rv:1.9.2.3) Gecko/20100401 Firefox/3.6.3 ( .NET CLR 3.5.30729)"
93.219.164.120 - - [02/May/2014:22:59:27 +0200] "GET /news.php?cs_go=archiv&cs_id=5102 HTTP/1.1" 200 24233 "-" "Mozilla/5.0 (Windows; U; Windows NT 6.0; de; rv:1.9.2.3) Gecko/20100401 Firefox/3.6.3 ( .NET CLR 3.5.30729)"
37.58.100.234 - - [02/May/2014:22:59:28 +0200] "GET /adblue.php HTTP/1.1" 200 23127 "-" "Mozilla/5.0 (compatible; AhrefsBot/5.0; +http://ahrefs.com/robot/)"
37.58.100.178 - - [02/May/2014:23:00:36 +0200] "GET /news.php?cs_go=archiv&cs_id=4798&cs_search= HTTP/1.1" 200 22632 "-" "Mozilla/5.0 (compatible; AhrefsBot/5.0; +http://ahrefs.com/robot/)"
93.219.164.120 - - [02/May/2014:23:00:42 +0200] "GET /news.php?cs_go=archiv&cs_id=5101 HTTP/1.1" 200 22457 "-" "Mozilla/5.0 (Windows; U; Windows NT 6.0; de; rv:1.9.2.3) Gecko/20100401 Firefox/3.6.3 ( .NET CLR 3.5.30729)"
65.55.52.87 - - [02/May/2014:23:01:29 +0200] "GET /schmierstoffe.php HTTP/1.1" 200 21715 "-" "Mozilla/5.0 (compatible; bingbot/2.0; +http://www.bing.com/bingbot.htm)"
157.55.33.110 - - [02/May/2014:23:02:49 +0200] "GET /adblue.php HTTP/1.1" 200 23127 "-" "Mozilla/5.0 (compatible; bingbot/2.0; +http://www.bing.com/bingbot.htm)"
65.55.52.119 - - [02/May/2014:23:05:43 +0200] "GET /robots.txt HTTP/1.1" 404 1256 "-" "Mozilla/5.0 (compatible; bingbot/2.0; +http://www.bing.com/bingbot.htm)"
157.55.34.104 - - [02/May/2014:23:06:24 +0200] "GET /schmierstoffe.php HTTP/1.1" 200 21715 "-" "Mozilla/5.0 (compatible; bingbot/2.0; +http://www.bing.com/bingbot.htm)"
88.67.29.118 - - [02/May/2014:23:06:31 +0200] "GET /style.css HTTP/1.1" 200 8056 "http://www.e-s-s-o-berlin.de/" "Mozilla/5.0 (Android; Mobile; rv:29.0) Gecko/29.0 Firefox/29.0"
88.67.29.118 - - [02/May/2014:23:06:31 +0200] "GET /js/ddaccordion.js HTTP/1.1" 200 12534 "http://www.e-s-s-o-berlin.de/" "Mozilla/5.0 (Android; Mobile; rv:29.0) Gecko/29.0 Firefox/29.0"
88.67.29.118 - - [02/May/2014:23:06:31 +0200] "GET /js/slider.js HTTP/1.1" 200 773 "http://www.e-s-s-o-berlin.de/" "Mozilla/5.0 (Android; Mobile; rv:29.0) Gecko/29.0 Firefox/29.0"
88.67.29.118 - - [02/May/2014:23:06:31 +0200] "GET /Scripts/AC_ActiveX.js HTTP/1.1" 200 2068 "http://www.e-s-s-o-berlin.de/" "Mozilla/5.0 (Android; Mobile; rv:29.0) Gecko/29.0 Firefox/29.0"
88.67.29.118 - - [02/May/2014:23:06:31 +0200] "GET /Scripts/AC_RunActiveContent.js HTTP/1.1" 200 8029 "http://www.e-s-s-o-berlin.de/" "Mozilla/5.0 (Android; Mobile; rv:29.0) Gecko/29.0 Firefox/29.0"
88.67.29.118 - - [02/May/2014:23:06:31 +0200] "GET /modul.css HTTP/1.1" 200 36485 "http://www.e-s-s-o-berlin.de/" "Mozilla/5.0 (Android; Mobile; rv:29.0) Gecko/29.0 Firefox/29.0"
88.67.29.118 - - [02/May/2014:23:06:31 +0200] "GET /js/jquery.min.js HTTP/1.1" 200 57254 "http://www.e-s-s-o-berlin.de/" "Mozilla/5.0 (Android; Mobile; rv:29.0) Gecko/29.0 Firefox/29.0"
88.67.29.118 - - [02/May/2014:23:06:31 +0200] "GET /video/jwplayer.js HTTP/1.1" 200 132411 "http://www.e-s-s-o-berlin.de/" "Mozilla/5.0 (Android; Mobile; rv:29.0) Gecko/29.0 Firefox/29.0"
88.67.29.118 - - [02/May/2014:23:06:31 +0200] "GET / HTTP/1.1" 200 23409 "-" "Mozilla/5.0 (Android; Mobile; rv:29.0) Gecko/29.0 Firefox/29.0"
88.67.29.118 - - [02/May/2014:23:06:32 +0200] "GET /images/teamtkw.jpg HTTP/1.1" 200 27919 "http://www.e-s-s-o-berlin.de/" "Mozilla/5.0 (Android; Mobile; rv:29.0) Gecko/29.0 Firefox/29.0"
88.67.29.118 - - [02/May/2014:23:06:32 +0200] "GET /images/team-energie.png HTTP/1.1" 200 17383 "http://www.e-s-s-o-berlin.de/" "Mozilla/5.0 (Android; Mobile; rv:29.0) Gecko/29.0 Firefox/29.0"
88.67.29.118 - - [02/May/2014:23:06:32 +0200] "GET /images/wunschpreis.jpg HTTP/1.1" 200 5550 "http://www.e-s-s-o-berlin.de/" "Mozilla/5.0 (Android; Mobile; rv:29.0) Gecko/29.0 Firefox/29.0"
88.67.29.118 - - [02/May/2014:23:06:32 +0200] "GET /images/iwo.jpg HTTP/1.1" 200 11024 "http://www.e-s-s-o-berlin.de/" "Mozilla/5.0 (Android; Mobile; rv:29.0) Gecko/29.0 Firefox/29.0"
88.67.29.118 - - [02/May/2014:23:06:32 +0200] "GET /images/telefon.png HTTP/1.1" 200 754 "http://www.e-s-s-o-berlin.de/" "Mozilla/5.0 (Android; Mobile; rv:29.0) Gecko/29.0 Firefox/29.0"
88.67.29.118 - - [02/May/2014:23:06:32 +0200] "GET /images/heizoelbestellung.jpg HTTP/1.1" 200 6281 "http://www.e-s-s-o-berlin.de/" "Mozilla/5.0 (Android; Mobile; rv:29.0) Gecko/29.0 Firefox/29.0"
88.67.29.118 - - [02/May/2014:23:06:32 +0200] "GET /images/tankpool24.jpg HTTP/1.1" 200 6460 "http://www.e-s-s-o-berlin.de/" "Mozilla/5.0 (Android; Mobile; rv:29.0) Gecko/29.0 Firefox/29.0"
88.67.29.118 - - [02/May/2014:23:06:32 +0200] "GET /images/baustelle.jpg HTTP/1.1" 200 17506 "http://www.e-s-s-o-berlin.de/" "Mozilla/5.0 (Android; Mobile; rv:29.0) Gecko/29.0 Firefox/29.0"
88.67.29.118 - - [02/May/2014:23:06:32 +0200] "GET /images/email.png HTTP/1.1" 200 641 "http://www.e-s-s-o-berlin.de/" "Mozilla/5.0 (Android; Mobile; rv:29.0) Gecko/29.0 Firefox/29.0"
88.67.29.118 - - [02/May/2014:23:06:32 +0200] "GET /images/ral.png HTTP/1.1" 200 25696 "http://www.e-s-s-o-berlin.de/" "Mozilla/5.0 (Android; Mobile; rv:29.0) Gecko/29.0 Firefox/29.0"
88.67.29.118 - - [02/May/2014:23:06:32 +0200] "GET /images/adblue_neu.png HTTP/1.1" 200 30982 "http://www.e-s-s-o-berlin.de/" "Mozilla/5.0 (Android; Mobile; rv:29.0) Gecko/29.0 Firefox/29.0"
88.67.29.118 - - [02/May/2014:23:06:32 +0200] "GET /images/freecall.png HTTP/1.1" 200 15914 "http://www.e-s-s-o-berlin.de/" "Mozilla/5.0 (Android; Mobile; rv:29.0) Gecko/29.0 Firefox/29.0"
88.67.29.118 - - [02/May/2014:23:06:32 +0200] "GET /images/Imagebroschuere_team_energie.png HTTP/1.1" 200 64117 "http://www.e-s-s-o-berlin.de/" "Mozilla/5.0 (Android; Mobile; rv:29.0) Gecko/29.0 Firefox/29.0"
88.67.29.118 - - [02/May/2014:23:06:32 +0200] "GET /images/kwk.png HTTP/1.1" 200 15949 "http://www.e-s-s-o-berlin.de/" "Mozilla/5.0 (Android; Mobile; rv:29.0) Gecko/29.0 Firefox/29.0"
88.67.29.118 - - [02/May/2014:23:06:32 +0200] "GET /video/standbild.jpg HTTP/1.1" 200 14654 "http://www.e-s-s-o-berlin.de/" "Mozilla/5.0 (Android; Mobile; rv:29.0) Gecko/29.0 Firefox/29.0"
88.67.29.118 - - [02/May/2014:23:06:33 +0200] "GET /images/header.jpg HTTP/1.1" 200 23758 "http://www.e-s-s-o-berlin.de/style.css" "Mozilla/5.0 (Android; Mobile; rv:29.0) Gecko/29.0 Firefox/29.0"
88.67.29.118 - - [02/May/2014:23:06:33 +0200] "GET /images/content_bg.jpg HTTP/1.1" 200 437 "http://www.e-s-s-o-berlin.de/style.css" "Mozilla/5.0 (Android; Mobile; rv:29.0) Gecko/29.0 Firefox/29.0"
88.67.29.118 - - [02/May/2014:23:06:33 +0200] "GET /images/logos.jpg HTTP/1.1" 200 1205 "http://www.e-s-s-o-berlin.de/style.css" "Mozilla/5.0 (Android; Mobile; rv:29.0) Gecko/29.0 Firefox/29.0"
88.67.29.118 - - [02/May/2014:23:06:33 +0200] "GET /images/newsletter.jpg HTTP/1.1" 200 13127 "http://www.e-s-s-o-berlin.de/style.css" "Mozilla/5.0 (Android; Mobile; rv:29.0) Gecko/29.0 Firefox/29.0"
88.67.29.118 - - [02/May/2014:23:06:33 +0200] "GET /images/mobil.jpg HTTP/1.1" 200 25293 "http://www.e-s-s-o-berlin.de/style.css" "Mozilla/5.0 (Android; Mobile; rv:29.0) Gecko/29.0 Firefox/29.0"
88.67.29.118 - - [02/May/2014:23:06:34 +0200] "GET /favicon.ico HTTP/1.1" 404 1256 "-" "Mozilla/5.0 (Android; Mobile; rv:29.0) Gecko/29.0 Firefox/29.0"
88.67.29.118 - - [02/May/2014:23:06:34 +0200] "GET /favicon.ico HTTP/1.1" 404 1256 "-" "Mozilla/5.0 (Android; Mobile; rv:29.0) Gecko/29.0 Firefox/29.0"
157.55.35.43 - - [02/May/2014:23:10:29 +0200] "GET / HTTP/1.1" 200 23409 "-" "Mozilla/5.0 (compatible; bingbot/2.0; +http://www.bing.com/bingbot.htm)"
157.55.33.26 - - [02/May/2014:23:15:41 +0200] "GET /news.php?cs_go=archiv&cs_id=5080 HTTP/1.1" 200 24279 "-" "Mozilla/5.0 (compatible; bingbot/2.0; +http://www.bing.com/bingbot.htm)"
157.56.229.245 - - [02/May/2014:23:16:00 +0200] "GET /robots.txt HTTP/1.1" 404 1256 "-" "Mozilla/5.0 (compatible; bingbot/2.0; +http://www.bing.com/bingbot.htm)"
157.56.229.245 - - [02/May/2014:23:16:12 +0200] "GET /news.php HTTP/1.1" 200 33654 "-" "Mozilla/5.0 (compatible; bingbot/2.0; +http://www.bing.com/bingbot.htm)"
157.55.34.180 - - [02/May/2014:23:16:26 +0200] "GET /news.php HTTP/1.1" 200 33654 "-" "Mozilla/5.0 (compatible; bingbot/2.0; +http://www.bing.com/bingbot.htm)"
93.219.164.120 - - [02/May/2014:23:19:22 +0200] "GET /newsletter.php HTTP/1.1" 200 19925 "-" "Mozilla/5.0 (Windows; U; Windows NT 6.0; de; rv:1.9.2.3) Gecko/20100401 Firefox/3.6.3 ( .NET CLR 3.5.30729)"
95.215.0.27 - - [02/May/2014:23:25:21 +0200] "GET /news.php?cs_go=archiv&cs_id=4825 HTTP/1.1" 200 24273 "-" "Mozilla/5.0 (Windows NT 6.1; WOW64; rv:26.1) Gecko/20100101 Firefox/26.0"
144.76.137.226 - - [02/May/2014:23:28:03 +0200] "GET /robots.txt HTTP/1.0" 404 1256 "-" "Mozilla/5.0 (compatible; MJ12bot/v1.4.5; http://www.majestic12.co.uk/bot.php?+)"
144.76.137.226 - - [02/May/2014:23:28:05 +0200] "GET /news.php?cs_go=archiv&cs_id=5137 HTTP/1.0" 200 20658 "-" "Mozilla/5.0 (compatible; MJ12bot/v1.4.5; http://www.majestic12.co.uk/bot.php?+)"
65.55.52.119 - - [02/May/2014:23:33:31 +0200] "GET /waermekonto.php HTTP/1.1" 200 30902 "-" "Mozilla/5.0 (compatible; bingbot/2.0; +http://www.bing.com/bingbot.htm)"
93.219.164.120 - - [02/May/2014:23:35:25 +0200] "GET /lexikon.php HTTP/1.1" 200 21691 "-" "Mozilla/5.0 (Windows; U; Windows NT 6.0; de; rv:1.9.2.3) Gecko/20100401 Firefox/3.6.3 ( .NET CLR 3.5.30729)"
93.220.199.174 - - [02/May/2014:23:38:47 +0200] "GET / HTTP/1.1" 200 23409 "-" "Mozilla/4.0 (compatible; MSIE 8.0; Windows NT 6.0; .NET CLR 1.1.4322; .NET CLR 1.0.3705; .NET CLR 2.0.50727; .NET CLR 3.0.04506.30; .NET CLR 3.0.04506.648; .NET CLR 3.5.21022)"
93.220.199.174 - - [02/May/2014:23:39:11 +0200] "GET /jobs.php HTTP/1.1" 200 19000 "-" "Mozilla/5.0 Gecko/2009042316 Firefox/2.0.0.x"
93.220.199.174 - - [02/May/2014:23:39:16 +0200] "GET /index.php HTTP/1.1" 200 23409 "-" "Mozilla/4.0 (compatible; MSIE 7.0; Windows NT 6.0; WOW64; SLCC1; .NET CLR 2.0.50727; .NET CLR 1.1.4322; .NET CLR 3.5.21022; .NET CLR 3.0.04506)"
157.55.33.179 - - [02/May/2014:23:39:26 +0200] "GET /news.php?cs_go=archiv&cs_id=5103 HTTP/1.1" 200 20469 "-" "Mozilla/5.0 (compatible; bingbot/2.0; +http://www.bing.com/bingbot.htm)"
79.226.45.30 - - [02/May/2014:23:41:50 +0200] "GET /style.css HTTP/1.1" 200 8056 "http://www.e-s-s-o-berlin.de/" "Mozilla/5.0 (Windows NT 6.1; WOW64; Trident/7.0; rv:11.0) like Gecko"
79.226.45.30 - - [02/May/2014:23:41:50 +0200] "GET /modul.css HTTP/1.1" 200 36485 "http://www.e-s-s-o-berlin.de/" "Mozilla/5.0 (Windows NT 6.1; WOW64; Trident/7.0; rv:11.0) like Gecko"
79.226.45.30 - - [02/May/2014:23:41:50 +0200] "GET /js/jquery.min.js HTTP/1.1" 200 57254 "http://www.e-s-s-o-berlin.de/" "Mozilla/5.0 (Windows NT 6.1; WOW64; Trident/7.0; rv:11.0) like Gecko"
79.226.45.30 - - [02/May/2014:23:41:50 +0200] "GET /js/ddaccordion.js HTTP/1.1" 200 12534 "http://www.e-s-s-o-berlin.de/" "Mozilla/5.0 (Windows NT 6.1; WOW64; Trident/7.0; rv:11.0) like Gecko"
79.226.45.30 - - [02/May/2014:23:41:50 +0200] "GET /js/slider.js HTTP/1.1" 200 773 "http://www.e-s-s-o-berlin.de/" "Mozilla/5.0 (Windows NT 6.1; WOW64; Trident/7.0; rv:11.0) like Gecko"
79.226.45.30 - - [02/May/2014:23:41:50 +0200] "GET /Scripts/AC_ActiveX.js HTTP/1.1" 200 2068 "http://www.e-s-s-o-berlin.de/" "Mozilla/5.0 (Windows NT 6.1; WOW64; Trident/7.0; rv:11.0) like Gecko"
79.226.45.30 - - [02/May/2014:23:41:50 +0200] "GET / HTTP/1.1" 200 23409 "http://www.google.de/url?sa=t&rct=j&q=&esrc=s&source=web&cd=1&ved=0CEEQFjAA&url=http%3A%2F%2Fwww.e-s-s-o-berlin.de%2F&ei=ERFkU4auHKLS0QW-i4DoDA&usg=AFQjCNFyly26Im01L1hqxwtkO53IQPsODA" "Mozilla/5.0 (Windows NT 6.1; WOW64; Trident/7.0; rv:11.0) like Gecko"
79.226.45.30 - - [02/May/2014:23:41:51 +0200] "GET /Scripts/AC_RunActiveContent.js HTTP/1.1" 200 8029 "http://www.e-s-s-o-berlin.de/" "Mozilla/5.0 (Windows NT 6.1; WOW64; Trident/7.0; rv:11.0) like Gecko"
79.226.45.30 - - [02/May/2014:23:41:51 +0200] "GET /images/teamtkw.jpg HTTP/1.1" 200 27919 "http://www.e-s-s-o-berlin.de/" "Mozilla/5.0 (Windows NT 6.1; WOW64; Trident/7.0; rv:11.0) like Gecko"
79.226.45.30 - - [02/May/2014:23:41:51 +0200] "GET /images/team-energie.png HTTP/1.1" 200 17383 "http://www.e-s-s-o-berlin.de/" "Mozilla/5.0 (Windows NT 6.1; WOW64; Trident/7.0; rv:11.0) like Gecko"
79.226.45.30 - - [02/May/2014:23:41:51 +0200] "GET /images/tankpool24.jpg HTTP/1.1" 200 6460 "http://www.e-s-s-o-berlin.de/" "Mozilla/5.0 (Windows NT 6.1; WOW64; Trident/7.0; rv:11.0) like Gecko"
79.226.45.30 - - [02/May/2014:23:41:50 +0200] "GET /video/jwplayer.js HTTP/1.1" 200 132411 "http://www.e-s-s-o-berlin.de/" "Mozilla/5.0 (Windows NT 6.1; WOW64; Trident/7.0; rv:11.0) like Gecko"
79.226.45.30 - - [02/May/2014:23:41:51 +0200] "GET /images/iwo.jpg HTTP/1.1" 200 11024 "http://www.e-s-s-o-berlin.de/" "Mozilla/5.0 (Windows NT 6.1; WOW64; Trident/7.0; rv:11.0) like Gecko"
79.226.45.30 - - [02/May/2014:23:41:51 +0200] "GET /images/baustelle.jpg HTTP/1.1" 200 17506 "http://www.e-s-s-o-berlin.de/" "Mozilla/5.0 (Windows NT 6.1; WOW64; Trident/7.0; rv:11.0) like Gecko"
79.226.45.30 - - [02/May/2014:23:41:51 +0200] "GET /images/telefon.png HTTP/1.1" 200 754 "http://www.e-s-s-o-berlin.de/" "Mozilla/5.0 (Windows NT 6.1; WOW64; Trident/7.0; rv:11.0) like Gecko"
79.226.45.30 - - [02/May/2014:23:41:51 +0200] "GET /images/email.png HTTP/1.1" 200 641 "http://www.e-s-s-o-berlin.de/" "Mozilla/5.0 (Windows NT 6.1; WOW64; Trident/7.0; rv:11.0) like Gecko"
79.226.45.30 - - [02/May/2014:23:41:51 +0200] "GET /images/wunschpreis.jpg HTTP/1.1" 200 5550 "http://www.e-s-s-o-berlin.de/" "Mozilla/5.0 (Windows NT 6.1; WOW64; Trident/7.0; rv:11.0) like Gecko"
79.226.45.30 - - [02/May/2014:23:41:51 +0200] "GET /images/heizoelbestellung.jpg HTTP/1.1" 200 6281 "http://www.e-s-s-o-berlin.de/" "Mozilla/5.0 (Windows NT 6.1; WOW64; Trident/7.0; rv:11.0) like Gecko"
79.226.45.30 - - [02/May/2014:23:41:51 +0200] "GET /images/adblue_neu.png HTTP/1.1" 200 30982 "http://www.e-s-s-o-berlin.de/" "Mozilla/5.0 (Windows NT 6.1; WOW64; Trident/7.0; rv:11.0) like Gecko"
79.226.45.30 - - [02/May/2014:23:41:51 +0200] "GET /images/freecall.png HTTP/1.1" 200 15914 "http://www.e-s-s-o-berlin.de/" "Mozilla/5.0 (Windows NT 6.1; WOW64; Trident/7.0; rv:11.0) like Gecko"
79.226.45.30 - - [02/May/2014:23:41:51 +0200] "GET /images/kwk.png HTTP/1.1" 200 15949 "http://www.e-s-s-o-berlin.de/" "Mozilla/5.0 (Windows NT 6.1; WOW64; Trident/7.0; rv:11.0) like Gecko"
79.226.45.30 - - [02/May/2014:23:41:51 +0200] "GET /images/ral.png HTTP/1.1" 200 25696 "http://www.e-s-s-o-berlin.de/" "Mozilla/5.0 (Windows NT 6.1; WOW64; Trident/7.0; rv:11.0) like Gecko"
79.226.45.30 - - [02/May/2014:23:41:51 +0200] "GET /images/Imagebroschuere_team_energie.png HTTP/1.1" 200 64117 "http://www.e-s-s-o-berlin.de/" "Mozilla/5.0 (Windows NT 6.1; WOW64; Trident/7.0; rv:11.0) like Gecko"
79.226.45.30 - - [02/May/2014:23:41:51 +0200] "GET /images/logos.jpg HTTP/1.1" 200 1205 "http://www.e-s-s-o-berlin.de/" "Mozilla/5.0 (Windows NT 6.1; WOW64; Trident/7.0; rv:11.0) like Gecko"
79.226.45.30 - - [02/May/2014:23:41:51 +0200] "GET /images/content_bg.jpg HTTP/1.1" 200 437 "http://www.e-s-s-o-berlin.de/" "Mozilla/5.0 (Windows NT 6.1; WOW64; Trident/7.0; rv:11.0) like Gecko"
79.226.45.30 - - [02/May/2014:23:41:51 +0200] "GET /images/header.jpg HTTP/1.1" 200 23758 "http://www.e-s-s-o-berlin.de/" "Mozilla/5.0 (Windows NT 6.1; WOW64; Trident/7.0; rv:11.0) like Gecko"
79.226.45.30 - - [02/May/2014:23:41:51 +0200] "GET /images/newsletter.jpg HTTP/1.1" 200 13127 "http://www.e-s-s-o-berlin.de/" "Mozilla/5.0 (Windows NT 6.1; WOW64; Trident/7.0; rv:11.0) like Gecko"
79.226.45.30 - - [02/May/2014:23:41:51 +0200] "GET /images/mobil.jpg HTTP/1.1" 200 25293 "http://www.e-s-s-o-berlin.de/" "Mozilla/5.0 (Windows NT 6.1; WOW64; Trident/7.0; rv:11.0) like Gecko"
79.226.45.30 - - [02/May/2014:23:41:51 +0200] "GET /video/player.swf HTTP/1.1" 200 106407 "http://www.e-s-s-o-berlin.de/" "Mozilla/5.0 (Windows NT 6.1; WOW64; Trident/7.0; rv:11.0) like Gecko"
79.226.45.30 - - [02/May/2014:23:41:53 +0200] "GET /favicon.ico HTTP/1.1" 404 1256 "-" "Mozilla/5.0 (Windows NT 6.1; Win64; x64; Trident/7.0; rv:11.0) like Gecko"
79.226.45.30 - - [02/May/2014:23:41:53 +0200] "GET /video/standbild.jpg HTTP/1.1" 200 14654 "http://www.e-s-s-o-berlin.de/video/player.swf" "Mozilla/5.0 (Windows NT 6.1; WOW64; Trident/7.0; rv:11.0) like Gecko"
208.115.111.66 - - [02/May/2014:23:42:38 +0200] "GET /lexikon.php HTTP/1.1" 200 21691 "-" "Mozilla/5.0 (compatible; DotBot/1.1; http://www.opensiteexplorer.org/dotbot, help@moz.com)"
157.55.33.179 - - [02/May/2014:23:42:42 +0200] "GET /news.php?cs_go=archiv&cs_id=5099 HTTP/1.1" 200 24518 "-" "Mozilla/5.0 (compatible; bingbot/2.0; +http://www.bing.com/bingbot.htm)"
79.226.45.30 - - [02/May/2014:23:42:46 +0200] "GET /images/ral.jpg HTTP/1.1" 200 6136 "http://www.e-s-s-o-berlin.de/heizoel.php" "Mozilla/5.0 (Windows NT 6.1; WOW64; Trident/7.0; rv:11.0) like Gecko"
79.226.45.30 - - [02/May/2014:23:42:45 +0200] "GET /heizoel.php HTTP/1.1" 200 20999 "http://www.e-s-s-o-berlin.de/" "Mozilla/5.0 (Windows NT 6.1; WOW64; Trident/7.0; rv:11.0) like Gecko"
79.226.45.30 - - [02/May/2014:23:42:46 +0200] "GET /favicon.ico HTTP/1.1" 404 1256 "-" "Mozilla/5.0 (Windows NT 6.1; Win64; x64; Trident/7.0; rv:11.0) like Gecko"
141.8.147.12 - - [02/May/2014:23:43:44 +0200] "GET /robots.txt HTTP/1.1" 404 1256 "-" "Mozilla/5.0 (compatible; YandexBot/3.0; +http://yandex.com/bots)"
79.226.45.30 - - [02/May/2014:23:44:25 +0200] "GET /preisanfrage.php HTTP/1.1" 200 23737 "http://www.e-s-s-o-berlin.de/heizoel.php" "Mozilla/5.0 (Windows NT 6.1; WOW64; Trident/7.0; rv:11.0) like Gecko"
79.226.45.30 - - [02/May/2014:23:45:20 +0200] "GET /heizoel.php HTTP/1.1" 200 20999 "http://www.e-s-s-o-berlin.de/" "Mozilla/5.0 (Windows NT 6.1; WOW64; Trident/7.0; rv:11.0) like Gecko"
79.226.45.30 - - [02/May/2014:23:45:23 +0200] "GET / HTTP/1.1" 200 23409 "http://www.google.de/url?sa=t&rct=j&q=&esrc=s&source=web&cd=1&ved=0CEEQFjAA&url=http%3A%2F%2Fwww.e-s-s-o-berlin.de%2F&ei=ERFkU4auHKLS0QW-i4DoDA&usg=AFQjCNFyly26Im01L1hqxwtkO53IQPsODA" "Mozilla/5.0 (Windows NT 6.1; WOW64; Trident/7.0; rv:11.0) like Gecko"
148.251.23.114 - - [02/May/2014:23:48:43 +0200] "GET /robots.txt HTTP/1.0" 404 1256 "-" "Mozilla/5.0 (compatible; MJ12bot/v1.4.5; http://www.majestic12.co.uk/bot.php?+)"
148.251.23.114 - - [02/May/2014:23:48:44 +0200] "GET /robots.txt HTTP/1.0" 404 1256 "-" "Mozilla/5.0 (compatible; MJ12bot/v1.4.5; http://www.majestic12.co.uk/bot.php?+)"
148.251.23.114 - - [02/May/2014:23:48:46 +0200] "GET /news.php?cs_go=archiv&cs_id=5129 HTTP/1.0" 200 24051 "-" "Mozilla/5.0 (compatible; MJ12bot/v1.4.5; http://www.majestic12.co.uk/bot.php?+)"
148.251.23.114 - - [02/May/2014:23:48:46 +0200] "GET /news.php?cs_go=archiv&cs_id=5129 HTTP/1.0" 200 24051 "-" "Mozilla/5.0 (compatible; MJ12bot/v1.4.5; http://www.majestic12.co.uk/bot.php?+)"
148.251.23.114 - - [02/May/2014:23:48:50 +0200] "GET /robots.txt HTTP/1.0" 404 1256 "-" "Mozilla/5.0 (compatible; MJ12bot/v1.4.5; http://www.majestic12.co.uk/bot.php?+)"
148.251.23.114 - - [02/May/2014:23:48:50 +0200] "GET /robots.txt HTTP/1.0" 404 1256 "-" "Mozilla/5.0 (compatible; MJ12bot/v1.4.5; http://www.majestic12.co.uk/bot.php?+)"
148.251.23.114 - - [02/May/2014:23:48:53 +0200] "GET /news.php?cs_go=archiv&cs_id=5137 HTTP/1.0" 200 20658 "-" "Mozilla/5.0 (compatible; MJ12bot/v1.4.5; http://www.majestic12.co.uk/bot.php?+)"
148.251.23.114 - - [02/May/2014:23:48:53 +0200] "GET /news.php?cs_go=archiv&cs_id=5137 HTTP/1.0" 200 20658 "-" "Mozilla/5.0 (compatible; MJ12bot/v1.4.5; http://www.majestic12.co.uk/bot.php?+)"
93.219.164.120 - - [02/May/2014:23:48:54 +0200] "GET /tankanlagen.php HTTP/1.1" 200 22937 "-" "Mozilla/5.0 (Windows; U; Windows NT 6.0; de; rv:1.9.2.3) Gecko/20100401 Firefox/3.6.3 ( .NET CLR 3.5.30729)"
148.251.23.114 - - [02/May/2014:23:49:08 +0200] "GET /robots.txt HTTP/1.0" 404 1256 "-" "Mozilla/5.0 (compatible; MJ12bot/v1.4.5; http://www.majestic12.co.uk/bot.php?+)"
148.251.23.114 - - [02/May/2014:23:49:12 +0200] "GET /news.php?cs_go=archiv&cs_id=5137 HTTP/1.0" 200 20658 "-" "Mozilla/5.0 (compatible; MJ12bot/v1.4.5; http://www.majestic12.co.uk/bot.php?+)"
157.55.33.20 - - [02/May/2014:23:58:57 +0200] "GET / HTTP/1.1" 200 23409 "-" "Mozilla/5.0 (compatible; bingbot/2.0; +http://www.bing.com/bingbot.htm)"
131.253.26.245 - - [03/May/2014:00:03:18 +0200] "GET /style.css HTTP/1.1" 200 8056 "http://www.esso-berlin.de/adblue.php" "Mozilla/4.0 (compatible; MSIE 7.0; Windows NT 5.2; SLCC1; .NET CLR 1.1.4322; .NET CLR 2.0.40607; .NET CLR 3.0.04506.648)"
131.253.26.245 - - [03/May/2014:00:03:19 +0200] "GET /modul.css HTTP/1.1" 200 36485 "http://www.esso-berlin.de/adblue.php" "Mozilla/4.0 (compatible; MSIE 7.0; Windows NT 5.2; SLCC1; .NET CLR 1.1.4322; .NET CLR 2.0.40607; .NET CLR 3.0.04506.648)"
131.253.26.245 - - [03/May/2014:00:03:19 +0200] "GET /js/ddaccordion.js HTTP/1.1" 200 12534 "http://www.esso-berlin.de/adblue.php" "Mozilla/4.0 (compatible; MSIE 7.0; Windows NT 5.2; SLCC1; .NET CLR 1.1.4322; .NET CLR 2.0.40607; .NET CLR 3.0.04506.648)"
131.253.26.245 - - [03/May/2014:00:03:23 +0200] "GET /js/jquery.min.js HTTP/1.1" 200 57254 "http://www.esso-berlin.de/adblue.php" "Mozilla/4.0 (compatible; MSIE 7.0; Windows NT 5.2; SLCC1; .NET CLR 1.1.4322; .NET CLR 2.0.40607; .NET CLR 3.0.04506.648)"
65.55.218.52 - - [03/May/2014:00:03:10 +0200] "GET /adblue.php HTTP/1.1" 200 23127 "-" "Mozilla/4.0 (compatible; MSIE 7.0; Windows NT 5.2; SLCC1; .NET CLR 1.1.4322; .NET CLR 2.0.40607; .NET CLR 3.0.04506.648)"
131.253.26.245 - - [03/May/2014:00:03:35 +0200] "GET /js/slider.js HTTP/1.1" 200 773 "http://www.esso-berlin.de/adblue.php" "Mozilla/4.0 (compatible; MSIE 7.0; Windows NT 5.2; SLCC1; .NET CLR 1.1.4322; .NET CLR 2.0.40607; .NET CLR 3.0.04506.648)"
37.58.100.162 - - [03/May/2014:00:13:38 +0200] "GET /news.php?cs_go=archiv&cs_startpos=130 HTTP/1.1" 200 34586 "-" "Mozilla/5.0 (compatible; AhrefsBot/5.0; +http://ahrefs.com/robot/)"
93.219.164.120 - - [03/May/2014:00:24:04 +0200] "GET /faq.php HTTP/1.1" 200 238499 "-" "Mozilla/5.0 (Windows; U; Windows NT 6.0; de; rv:1.9.2.3) Gecko/20100401 Firefox/3.6.3 ( .NET CLR 3.5.30729)"
37.58.100.147 - - [03/May/2014:00:25:30 +0200] "GET /news.php?cs_go=archiv&cs_id=5066 HTTP/1.1" 200 23546 "-" "Mozilla/5.0 (compatible; AhrefsBot/5.0; +http://ahrefs.com/robot/)"
93.219.164.120 - - [03/May/2014:00:27:41 +0200] "GET /essoschmierstoffe.php HTTP/1.1" 200 22876 "-" "Mozilla/5.0 (Windows; U; Windows NT 6.0; de; rv:1.9.2.3) Gecko/20100401 Firefox/3.6.3 ( .NET CLR 3.5.30729)"
162.210.196.98 - - [03/May/2014:00:32:06 +0200] "GET /robots.txt HTTP/1.0" 404 1256 "-" "Mozilla/5.0 (compatible; MJ12bot/v1.4.5; http://www.majestic12.co.uk/bot.php?+)"
162.210.196.98 - - [03/May/2014:00:32:06 +0200] "GET /robots.txt HTTP/1.0" 404 1256 "-" "Mozilla/5.0 (compatible; MJ12bot/v1.4.5; http://www.majestic12.co.uk/bot.php?+)"
162.210.196.98 - - [03/May/2014:00:32:07 +0200] "GET / HTTP/1.0" 200 23409 "-" "Mozilla/5.0 (compatible; MJ12bot/v1.4.5; http://www.majestic12.co.uk/bot.php?+)"
162.210.196.98 - - [03/May/2014:00:32:07 +0200] "GET / HTTP/1.0" 200 23409 "-" "Mozilla/5.0 (compatible; MJ12bot/v1.4.5; http://www.majestic12.co.uk/bot.php?+)"
66.249.73.13 - - [03/May/2014:00:35:35 +0200] "GET /lexikon.php?cs_go=3&cs_id=82 HTTP/1.1" 200 19529 "-" "Mozilla/5.0 (compatible; Googlebot/2.1; +http://www.google.com/bot.html)"
157.55.35.83 - - [03/May/2014:00:36:14 +0200] "GET /robots.txt HTTP/1.1" 404 1256 "-" "Mozilla/5.0 (compatible; bingbot/2.0; +http://www.bing.com/bingbot.htm)"
157.55.35.83 - - [03/May/2014:00:36:19 +0200] "GET /foerdermittel.php HTTP/1.1" 200 24406 "-" "Mozilla/5.0 (compatible; bingbot/2.0; +http://www.bing.com/bingbot.htm)"
208.115.111.72 - - [03/May/2014:00:47:32 +0200] "GET /news.php?cs_go=archiv&cs_id=4950 HTTP/1.1" 200 21084 "-" "Mozilla/5.0 (compatible; DotBot/1.1; http://www.opensiteexplorer.org/dotbot, help@moz.com)"
141.8.147.12 - - [03/May/2014:01:03:42 +0200] "GET /robots.txt HTTP/1.1" 404 1256 "-" "Mozilla/5.0 (compatible; YandexBot/3.0; +http://yandex.com/bots)"
141.8.147.12 - - [03/May/2014:01:03:41 +0200] "GET /news.php?cs_go=archiv&cs_id=5097 HTTP/1.1" 200 20468 "-" "Mozilla/5.0 (compatible; YandexBot/3.0; +http://yandex.com/bots)"
66.249.73.13 - - [03/May/2014:01:07:20 +0200] "GET /robots.txt HTTP/1.1" 404 1256 "-" "Mozilla/5.0 (compatible; Googlebot/2.1; +http://www.google.com/bot.html)"
66.249.73.13 - - [03/May/2014:01:07:20 +0200] "GET /essoschmierstoffe.php HTTP/1.1" 200 22876 "-" "DoCoMo/2.0 N905i(c100;TB;W24H16) (compatible; Googlebot-Mobile/2.1; +http://www.google.com/bot.html)"
141.8.147.12 - - [03/May/2014:01:12:57 +0200] "GET /news.php?cs_go=archiv&cs_id=5093 HTTP/1.1" 200 20399 "-" "Mozilla/5.0 (compatible; YandexBot/3.0; +http://yandex.com/bots)"
141.8.147.12 - - [03/May/2014:01:12:56 +0200] "GET /news.php?cs_go=archiv&cs_id=4898&cs_search= HTTP/1.1" 200 24191 "-" "Mozilla/5.0 (compatible; YandexBot/3.0; +http://yandex.com/bots)"
93.219.164.120 - - [03/May/2014:01:15:13 +0200] "GET /notdienst.php HTTP/1.1" 200 19717 "-" "Mozilla/5.0 (Windows; U; Windows NT 6.0; de; rv:1.9.2.3) Gecko/20100401 Firefox/3.6.3 ( .NET CLR 3.5.30729)"
157.55.33.20 - - [03/May/2014:01:32:39 +0200] "GET /robots.txt HTTP/1.1" 404 1256 "-" "Mozilla/5.0 (compatible; bingbot/2.0; +http://www.bing.com/bingbot.htm)"
157.55.33.20 - - [03/May/2014:01:32:40 +0200] "GET / HTTP/1.1" 200 23409 "-" "Mozilla/5.0 (compatible; bingbot/2.0; +http://www.bing.com/bingbot.htm)"
108.59.8.70 - - [03/May/2014:01:33:06 +0200] "GET /robots.txt HTTP/1.0" 404 1256 "-" "Mozilla/5.0 (compatible; MJ12bot/v1.4.5; http://www.majestic12.co.uk/bot.php?+)"
108.59.8.70 - - [03/May/2014:01:33:08 +0200] "GET / HTTP/1.0" 200 23409 "-" "Mozilla/5.0 (compatible; MJ12bot/v1.4.5; http://www.majestic12.co.uk/bot.php?+)"
95.215.0.27 - - [03/May/2014:01:34:36 +0200] "GET /news.php?cs_go=archiv&cs_id=4427 HTTP/1.1" 200 20562 "-" "Mozilla/5.0 (Windows NT 6.1; WOW64; rv:26.1) Gecko/20100101 Firefox/26.0"
66.249.73.13 - - [03/May/2014:01:35:19 +0200] "GET /news.php?cs_go=archiv&cs_id=4741 HTTP/1.1" 200 24745 "-" "Mozilla/5.0 (iPhone; CPU iPhone OS 6_0 like Mac OS X) AppleWebKit/536.26 (KHTML, like Gecko) Version/6.0 Mobile/10A5376e Safari/8536.25 (compatible; Googlebot/2.1; +http://www.google.com/bot.html)"
37.58.100.143 - - [03/May/2014:01:39:06 +0200] "GET /news.php?cs_go=archiv&cs_id=4845&cs_search= HTTP/1.1" 200 22380 "-" "Mozilla/5.0 (compatible; AhrefsBot/5.0; +http://ahrefs.com/robot/)"
93.186.197.165 - - [03/May/2014:01:43:53 +0200] "GET /robots.txt HTTP/1.1" 404 1256 "-" "Mozilla/5.0 (compatible; nbot/2.0)"
93.186.197.165 - - [03/May/2014:01:43:54 +0200] "GET / HTTP/1.1" 200 23409 "-" "Mozilla/5.0 (compatible; nbot/2.0)"
93.186.197.165 - - [03/May/2014:01:43:56 +0200] "GET /baustellenbetankung.php HTTP/1.1" 200 19811 "-" "Mozilla/5.0 (compatible; nbot/2.0)"
93.186.197.165 - - [03/May/2014:01:43:57 +0200] "GET /heizoel.php HTTP/1.1" 200 20999 "-" "Mozilla/5.0 (compatible; nbot/2.0)"
93.186.197.165 - - [03/May/2014:01:43:59 +0200] "GET /notdienst.php HTTP/1.1" 200 19717 "-" "Mozilla/5.0 (compatible; nbot/2.0)"
93.186.197.165 - - [03/May/2014:01:44:00 +0200] "GET /diesel.php HTTP/1.1" 200 22417 "-" "Mozilla/5.0 (compatible; nbot/2.0)"
93.186.197.165 - - [03/May/2014:01:44:02 +0200] "GET /ec.php HTTP/1.1" 200 20733 "-" "Mozilla/5.0 (compatible; nbot/2.0)"
93.186.197.165 - - [03/May/2014:01:44:03 +0200] "GET /ofenbau.php HTTP/1.1" 200 22004 "-" "Mozilla/5.0 (compatible; nbot/2.0)"
93.186.197.165 - - [03/May/2014:01:44:05 +0200] "GET /waermekonto.php HTTP/1.1" 200 30902 "-" "Mozilla/5.0 (compatible; nbot/2.0)"
93.186.197.165 - - [03/May/2014:01:44:07 +0200] "GET /preisanfrage.php HTTP/1.1" 200 23737 "-" "Mozilla/5.0 (compatible; nbot/2.0)"
93.186.197.165 - - [03/May/2014:01:44:09 +0200] "GET /brennwerttechnik.php HTTP/1.1" 200 22215 "-" "Mozilla/5.0 (compatible; nbot/2.0)"
93.186.197.165 - - [03/May/2014:01:44:10 +0200] "GET /kwk.php HTTP/1.1" 200 22041 "-" "Mozilla/5.0 (compatible; nbot/2.0)"
93.186.197.165 - - [03/May/2014:01:44:12 +0200] "GET /ansprechpartner.php HTTP/1.1" 200 21529 "-" "Mozilla/5.0 (compatible; nbot/2.0)"
93.186.197.165 - - [03/May/2014:01:44:14 +0200] "GET /faq.php HTTP/1.1" 200 238499 "-" "Mozilla/5.0 (compatible; nbot/2.0)"
93.186.197.165 - - [03/May/2014:01:44:16 +0200] "GET /impressum.php HTTP/1.1" 200 20220 "-" "Mozilla/5.0 (compatible; nbot/2.0)"
93.186.197.165 - - [03/May/2014:01:44:17 +0200] "GET /energiekostenvergleich.php HTTP/1.1" 200 23560 "-" "Mozilla/5.0 (compatible; nbot/2.0)"
93.186.197.165 - - [03/May/2014:01:44:19 +0200] "GET /edl.php HTTP/1.1" 200 22495 "-" "Mozilla/5.0 (compatible; nbot/2.0)"
93.186.197.165 - - [03/May/2014:01:44:20 +0200] "GET /foerdermittel.php HTTP/1.1" 200 24406 "-" "Mozilla/5.0 (compatible; nbot/2.0)"
93.186.197.165 - - [03/May/2014:01:44:22 +0200] "GET /premiumheizoel.php HTTP/1.1" 200 19519 "-" "Mozilla/5.0 (compatible; nbot/2.0)"
