37.58.100.74 - - [03/May/2014:11:27:58 +0200] "GET /lexikon.php?cs_go=3&cs_id=5 HTTP/1.1" 200 19328 "-" "Mozilla/5.0 (compatible; AhrefsBot/5.0; +http://ahrefs.com/robot/)"
141.8.147.12 - - [03/May/2014:11:30:40 +0200] "GET /news.php?cs_go=archiv&cs_id=5116 HTTP/1.1" 200 21084 "-" "Mozilla/5.0 (compatible; YandexBot/3.0; +http://yandex.com/bots)"
66.249.73.13 - - [03/May/2014:11:33:19 +0200] "GET /lexikon.php?cs_go=3&cs_id=66 HTTP/1.1" 200 19137 "-" "Mozilla/5.0 (compatible; Googlebot/2.1; +http://www.google.com/bot.html)"
37.58.100.173 - - [03/May/2014:11:40:21 +0200] "GET /news.php?cs_go=archiv&cs_id=5105 HTTP/1.1" 200 20752 "-" "Mozilla/5.0 (compatible; AhrefsBot/5.0; +http://ahrefs.com/robot/)"
178.190.62.54 - - [03/May/2014:11:53:51 +0200] "GET /images/adblue_tankzug.jpg HTTP/1.1" 200 39542 "-" "Mozilla/5.0 (Windows NT 6.1; WOW64; Trident/7.0; rv:11.0) like Gecko"
178.190.62.54 - - [03/May/2014:11:53:54 +0200] "GET /favicon.ico HTTP/1.1" 404 1256 "-" "Mozilla/5.0 (Windows NT 6.1; WOW64; Trident/7.0; rv:11.0) like Gecko"
5.199.136.130 - - [03/May/2014:11:56:07 +0200] "GET /robots.txt HTTP/1.1" 404 1256 "-" "Mozilla/5.0 (compatible; waybackarchive.org/1.0; +spider@waybackarchive.org)"
5.199.136.130 - - [03/May/2014:11:56:11 +0200] "GET /news.php?cs_go=archiv&cs_id=5124 HTTP/1.1" 200 22990 "-" "Mozilla/5.0 (compatible; waybackarchive.org/1.0; +spider@waybackarchive.org)"
157.56.92.175 - - [03/May/2014:12:05:39 +0200] "GET /robots.txt HTTP/1.1" 404 1256 "-" "Mozilla/5.0 (compatible; bingbot/2.0; +http://www.bing.com/bingbot.htm)"
66.249.73.13 - - [03/May/2014:12:07:38 +0200] "GET /news.php?cs_go=archiv&cs_id=4676 HTTP/1.1" 200 24646 "-" "Mozilla/5.0 (iPhone; CPU iPhone OS 6_0 like Mac OS X) AppleWebKit/536.26 (KHTML, like Gecko) Version/6.0 Mobile/10A5376e Safari/8536.25 (compatible; Googlebot/2.1; +http://www.google.com/bot.html)"
144.76.95.39 - - [03/May/2014:12:12:08 +0200] "GET /robots.txt HTTP/1.0" 404 1256 "-" "Mozilla/5.0 (compatible; MJ12bot/v1.4.5; http://www.majestic12.co.uk/bot.php?+)"
144.76.95.39 - - [03/May/2014:12:12:11 +0200] "GET /news.php?cs_go=archiv&cs_id=4883 HTTP/1.0" 200 20625 "-" "Mozilla/5.0 (compatible; MJ12bot/v1.4.5; http://www.majestic12.co.uk/bot.php?+)"
157.56.92.175 - - [03/May/2014:12:19:44 +0200] "GET / HTTP/1.1" 200 23409 "-" "Mozilla/5.0 (compatible; bingbot/2.0; +http://www.bing.com/bingbot.htm)"
66.249.73.13 - - [03/May/2014:12:29:15 +0200] "GET /lexikon.php?cs_go=3&cs_id=78 HTTP/1.1" 200 19398 "-" "Mozilla/5.0 (compatible; Googlebot/2.1; +http://www.google.com/bot.html)"
157.55.33.179 - - [03/May/2014:12:37:37 +0200] "GET /robots.txt HTTP/1.1" 404 1256 "-" "Mozilla/5.0 (compatible; bingbot/2.0; +http://www.bing.com/bingbot.htm)"
157.55.33.179 - - [03/May/2014:12:37:45 +0200] "GET / HTTP/1.1" 200 23409 "-" "Mozilla/5.0 (compatible; bingbot/2.0; +http://www.bing.com/bingbot.htm)"
37.58.100.138 - - [03/May/2014:12:39:14 +0200] "GET /kontakt.php HTTP/1.1" 200 20926 "-" "Mozilla/5.0 (compatible; AhrefsBot/5.0; +http://ahrefs.com/robot/)"
37.58.100.168 - - [03/May/2014:12:44:50 +0200] "GET /news.php?cs_go=archiv&cs_id=4819 HTTP/1.1" 200 20541 "-" "Mozilla/5.0 (compatible; AhrefsBot/5.0; +http://ahrefs.com/robot/)"
208.43.251.181 - - [03/May/2014:12:53:05 +0200] "GET /robots.txt HTTP/1.1" 404 1256 "-" "Mozilla/5.0 (compatible; MSIE 9.0; Windows NT 6.1; WOW64; Trident/5.0; chromeframe/19.0.1084.52)"
208.43.251.181 - - [03/May/2014:12:53:10 +0200] "GET / HTTP/1.1" 200 23409 "-" "Mozilla/5.0 (compatible; MSIE 9.0; Windows NT 6.1; WOW64; Trident/5.0; chromeframe/19.0.1084.52)"
141.8.147.12 - - [03/May/2014:12:58:03 +0200] "GET /robots.txt HTTP/1.1" 404 1256 "-" "Mozilla/5.0 (compatible; YandexBot/3.0; +http://yandex.com/bots)"
66.249.73.13 - - [03/May/2014:13:00:45 +0200] "GET /news.php?cs_go=archiv&cs_id=4105 HTTP/1.1" 200 23124 "-" "DoCoMo/2.0 N905i(c100;TB;W24H16) (compatible; Googlebot-Mobile/2.1; +http://www.google.com/bot.html)"
93.220.45.31 - - [03/May/2014:13:05:31 +0200] "GET /js/ddaccordion.js HTTP/1.1" 200 12534 "http://www.e-s-s-o-berlin.de/news.php?cs_go=archiv&cs_id=5019" "Mozilla/5.0 (Macintosh; Intel Mac OS X 10_6_8) AppleWebKit/534.59.10 (KHTML, like Gecko) Version/5.1.9 Safari/534.59.10"
93.220.45.31 - - [03/May/2014:13:05:31 +0200] "GET /style.css HTTP/1.1" 200 8056 "http://www.e-s-s-o-berlin.de/news.php?cs_go=archiv&cs_id=5019" "Mozilla/5.0 (Macintosh; Intel Mac OS X 10_6_8) AppleWebKit/534.59.10 (KHTML, like Gecko) Version/5.1.9 Safari/534.59.10"
93.220.45.31 - - [03/May/2014:13:05:31 +0200] "GET /js/slider.js HTTP/1.1" 200 773 "http://www.e-s-s-o-berlin.de/news.php?cs_go=archiv&cs_id=5019" "Mozilla/5.0 (Macintosh; Intel Mac OS X 10_6_8) AppleWebKit/534.59.10 (KHTML, like Gecko) Version/5.1.9 Safari/534.59.10"
93.220.45.31 - - [03/May/2014:13:05:31 +0200] "GET /modul.css HTTP/1.1" 200 36485 "http://www.e-s-s-o-berlin.de/news.php?cs_go=archiv&cs_id=5019" "Mozilla/5.0 (Macintosh; Intel Mac OS X 10_6_8) AppleWebKit/534.59.10 (KHTML, like Gecko) Version/5.1.9 Safari/534.59.10"
93.220.45.31 - - [03/May/2014:13:05:31 +0200] "GET /js/jquery.min.js HTTP/1.1" 200 57254 "http://www.e-s-s-o-berlin.de/news.php?cs_go=archiv&cs_id=5019" "Mozilla/5.0 (Macintosh; Intel Mac OS X 10_6_8) AppleWebKit/534.59.10 (KHTML, like Gecko) Version/5.1.9 Safari/534.59.10"
93.220.45.31 - - [03/May/2014:13:05:31 +0200] "GET /images/content_bg.jpg HTTP/1.1" 200 437 "http://www.e-s-s-o-berlin.de/news.php?cs_go=archiv&cs_id=5019" "Mozilla/5.0 (Macintosh; Intel Mac OS X 10_6_8) AppleWebKit/534.59.10 (KHTML, like Gecko) Version/5.1.9 Safari/534.59.10"
93.220.45.31 - - [03/May/2014:13:05:31 +0200] "GET /images/header.jpg HTTP/1.1" 200 23758 "http://www.e-s-s-o-berlin.de/news.php?cs_go=archiv&cs_id=5019" "Mozilla/5.0 (Macintosh; Intel Mac OS X 10_6_8) AppleWebKit/534.59.10 (KHTML, like Gecko) Version/5.1.9 Safari/534.59.10"
93.220.45.31 - - [03/May/2014:13:05:31 +0200] "GET /images/logos.jpg HTTP/1.1" 200 1205 "http://www.e-s-s-o-berlin.de/news.php?cs_go=archiv&cs_id=5019" "Mozilla/5.0 (Macintosh; Intel Mac OS X 10_6_8) AppleWebKit/534.59.10 (KHTML, like Gecko) Version/5.1.9 Safari/534.59.10"
93.220.45.31 - - [03/May/2014:13:05:31 +0200] "GET /images/adblue_neu.png HTTP/1.1" 200 30982 "http://www.e-s-s-o-berlin.de/news.php?cs_go=archiv&cs_id=5019" "Mozilla/5.0 (Macintosh; Intel Mac OS X 10_6_8) AppleWebKit/534.59.10 (KHTML, like Gecko) Version/5.1.9 Safari/534.59.10"
93.220.45.31 - - [03/May/2014:13:05:31 +0200] "GET /images/newsletter.jpg HTTP/1.1" 200 13127 "http://www.e-s-s-o-berlin.de/news.php?cs_go=archiv&cs_id=5019" "Mozilla/5.0 (Macintosh; Intel Mac OS X 10_6_8) AppleWebKit/534.59.10 (KHTML, like Gecko) Version/5.1.9 Safari/534.59.10"
93.220.45.31 - - [03/May/2014:13:05:31 +0200] "GET /images/wunschpreis.jpg HTTP/1.1" 200 5550 "http://www.e-s-s-o-berlin.de/news.php?cs_go=archiv&cs_id=5019" "Mozilla/5.0 (Macintosh; Intel Mac OS X 10_6_8) AppleWebKit/534.59.10 (KHTML, like Gecko) Version/5.1.9 Safari/534.59.10"
93.220.45.31 - - [03/May/2014:13:05:31 +0200] "GET /images/heizoelbestellung.jpg HTTP/1.1" 200 6281 "http://www.e-s-s-o-berlin.de/news.php?cs_go=archiv&cs_id=5019" "Mozilla/5.0 (Macintosh; Intel Mac OS X 10_6_8) AppleWebKit/534.59.10 (KHTML, like Gecko) Version/5.1.9 Safari/534.59.10"
93.220.45.31 - - [03/May/2014:13:05:32 +0200] "GET /images/freecall.png HTTP/1.1" 200 15914 "http://www.e-s-s-o-berlin.de/news.php?cs_go=archiv&cs_id=5019" "Mozilla/5.0 (Macintosh; Intel Mac OS X 10_6_8) AppleWebKit/534.59.10 (KHTML, like Gecko) Version/5.1.9 Safari/534.59.10"
93.220.45.31 - - [03/May/2014:13:05:32 +0200] "GET /images/kwk.png HTTP/1.1" 200 15949 "http://www.e-s-s-o-berlin.de/news.php?cs_go=archiv&cs_id=5019" "Mozilla/5.0 (Macintosh; Intel Mac OS X 10_6_8) AppleWebKit/534.59.10 (KHTML, like Gecko) Version/5.1.9 Safari/534.59.10"
93.220.45.31 - - [03/May/2014:13:05:32 +0200] "GET /images/ral.png HTTP/1.1" 200 25696 "http://www.e-s-s-o-berlin.de/news.php?cs_go=archiv&cs_id=5019" "Mozilla/5.0 (Macintosh; Intel Mac OS X 10_6_8) AppleWebKit/534.59.10 (KHTML, like Gecko) Version/5.1.9 Safari/534.59.10"
93.220.45.31 - - [03/May/2014:13:05:32 +0200] "GET /images/Imagebroschuere_team_energie.png HTTP/1.1" 200 64117 "http://www.e-s-s-o-berlin.de/news.php?cs_go=archiv&cs_id=5019" "Mozilla/5.0 (Macintosh; Intel Mac OS X 10_6_8) AppleWebKit/534.59.10 (KHTML, like Gecko) Version/5.1.9 Safari/534.59.10"
93.220.45.31 - - [03/May/2014:13:05:31 +0200] "GET /news.php?cs_go=archiv&cs_id=5019 HTTP/1.1" 200 24301 "-" "Mozilla/5.0 (Macintosh; Intel Mac OS X 10_6_8) AppleWebKit/534.59.10 (KHTML, like Gecko) Version/5.1.9 Safari/534.59.10"
141.8.147.12 - - [03/May/2014:13:09:40 +0200] "GET /robots.txt HTTP/1.1" 404 1256 "-" "Mozilla/5.0 (compatible; YandexBot/3.0; +http://yandex.com/bots)"
93.219.153.2 - - [03/May/2014:13:16:15 +0200] "GET /heizoel.php HTTP/1.1" 200 20999 "-" "Mozilla/5.0 (Windows; U; Windows NT 6.0; de; rv:1.9.2.3) Gecko/20100401 Firefox/3.6.3 ( .NET CLR 3.5.30729)"
141.8.147.12 - - [03/May/2014:13:21:18 +0200] "GET /news.php?cs_go=archiv&cs_id=5060 HTTP/1.1" 200 23713 "-" "Mozilla/5.0 (compatible; YandexBot/3.0; +http://yandex.com/bots)"
93.219.153.2 - - [03/May/2014:13:23:44 +0200] "GET /preisanfrage.php HTTP/1.1" 200 23737 "-" "Mozilla/5.0 (Windows; U; Windows NT 6.0; de; rv:1.9.2.3) Gecko/20100401 Firefox/3.6.3 ( .NET CLR 3.5.30729)"
157.55.33.179 - - [03/May/2014:13:24:02 +0200] "GET /news.php?cs_go=archiv&cs_id=5117 HTTP/1.1" 200 24279 "-" "Mozilla/5.0 (compatible; bingbot/2.0; +http://www.bing.com/bingbot.htm)"
93.219.153.2 - - [03/May/2014:13:27:37 +0200] "GET /biogasanlage.php HTTP/1.1" 200 19193 "-" "Mozilla/5.0 (Windows; U; Windows NT 6.0; de; rv:1.9.2.3) Gecko/20100401 Firefox/3.6.3 ( .NET CLR 3.5.30729)"
93.219.153.2 - - [03/May/2014:13:30:57 +0200] "GET /baustellenbetankung.php HTTP/1.1" 200 19811 "-" "Mozilla/5.0 (Windows; U; Windows NT 6.0; de; rv:1.9.2.3) Gecko/20100401 Firefox/3.6.3 ( .NET CLR 3.5.30729)"
141.8.147.12 - - [03/May/2014:13:32:55 +0200] "GET /news.php?cs_go=archiv&cs_id=5095 HTTP/1.1" 200 24263 "-" "Mozilla/5.0 (compatible; YandexBot/3.0; +http://yandex.com/bots)"
93.219.153.2 - - [03/May/2014:13:38:24 +0200] "GET /impressum.php HTTP/1.1" 200 20220 "-" "Mozilla/5.0 (Windows; U; Windows NT 6.0; de; rv:1.9.2.3) Gecko/20100401 Firefox/3.6.3 ( .NET CLR 3.5.30729)"
79.248.105.220 - - [03/May/2014:13:46:52 +0200] "GET /style.css HTTP/1.1" 200 8056 "http://www.esso-berlin.de/essoschmierstoffe.php" "Mozilla/5.0 (X11; Linux x86_64) AppleWebKit/537.36 (KHTML, like Gecko) Chrome/34.0.1847.114 Safari/537.36"
79.248.105.220 - - [03/May/2014:13:46:52 +0200] "GET /js/ddaccordion.js HTTP/1.1" 200 12534 "http://www.esso-berlin.de/essoschmierstoffe.php" "Mozilla/5.0 (X11; Linux x86_64) AppleWebKit/537.36 (KHTML, like Gecko) Chrome/34.0.1847.114 Safari/537.36"
79.248.105.220 - - [03/May/2014:13:46:52 +0200] "GET /js/slider.js HTTP/1.1" 200 773 "http://www.esso-berlin.de/essoschmierstoffe.php" "Mozilla/5.0 (X11; Linux x86_64) AppleWebKit/537.36 (KHTML, like Gecko) Chrome/34.0.1847.114 Safari/537.36"
79.248.105.220 - - [03/May/2014:13:46:52 +0200] "GET /modul.css HTTP/1.1" 200 36485 "http://www.esso-berlin.de/essoschmierstoffe.php" "Mozilla/5.0 (X11; Linux x86_64) AppleWebKit/537.36 (KHTML, like Gecko) Chrome/34.0.1847.114 Safari/537.36"
79.248.105.220 - - [03/May/2014:13:46:52 +0200] "GET /essoschmierstoffe.php HTTP/1.1" 200 22876 "https://www.google.de/" "Mozilla/5.0 (X11; Linux x86_64) AppleWebKit/537.36 (KHTML, like Gecko) Chrome/34.0.1847.114 Safari/537.36"
79.248.105.220 - - [03/May/2014:13:46:52 +0200] "GET /images/ani_logo.jpg HTTP/1.1" 200 2501 "http://www.esso-berlin.de/essoschmierstoffe.php" "Mozilla/5.0 (X11; Linux x86_64) AppleWebKit/537.36 (KHTML, like Gecko) Chrome/34.0.1847.114 Safari/537.36"
79.248.105.220 - - [03/May/2014:13:46:52 +0200] "GET /js/jquery.min.js HTTP/1.1" 200 57254 "http://www.esso-berlin.de/essoschmierstoffe.php" "Mozilla/5.0 (X11; Linux x86_64) AppleWebKit/537.36 (KHTML, like Gecko) Chrome/34.0.1847.114 Safari/537.36"
79.248.105.220 - - [03/May/2014:13:46:52 +0200] "GET /images/m1.jpg HTTP/1.1" 200 2619 "http://www.esso-berlin.de/essoschmierstoffe.php" "Mozilla/5.0 (X11; Linux x86_64) AppleWebKit/537.36 (KHTML, like Gecko) Chrome/34.0.1847.114 Safari/537.36"
79.248.105.220 - - [03/May/2014:13:46:52 +0200] "GET /images/m2.jpg HTTP/1.1" 200 3303 "http://www.esso-berlin.de/essoschmierstoffe.php" "Mozilla/5.0 (X11; Linux x86_64) AppleWebKit/537.36 (KHTML, like Gecko) Chrome/34.0.1847.114 Safari/537.36"
79.248.105.220 - - [03/May/2014:13:46:52 +0200] "GET /images/m3.jpg HTTP/1.1" 200 3366 "http://www.esso-berlin.de/essoschmierstoffe.php" "Mozilla/5.0 (X11; Linux x86_64) AppleWebKit/537.36 (KHTML, like Gecko) Chrome/34.0.1847.114 Safari/537.36"
79.248.105.220 - - [03/May/2014:13:46:52 +0200] "GET /images/m4.jpg HTTP/1.1" 200 2968 "http://www.esso-berlin.de/essoschmierstoffe.php" "Mozilla/5.0 (X11; Linux x86_64) AppleWebKit/537.36 (KHTML, like Gecko) Chrome/34.0.1847.114 Safari/537.36"
79.248.105.220 - - [03/May/2014:13:46:52 +0200] "GET /images/g1.jpg HTTP/1.1" 200 2537 "http://www.esso-berlin.de/essoschmierstoffe.php" "Mozilla/5.0 (X11; Linux x86_64) AppleWebKit/537.36 (KHTML, like Gecko) Chrome/34.0.1847.114 Safari/537.36"
79.248.105.220 - - [03/May/2014:13:46:52 +0200] "GET /images/g2.jpg HTTP/1.1" 200 4027 "http://www.esso-berlin.de/essoschmierstoffe.php" "Mozilla/5.0 (X11; Linux x86_64) AppleWebKit/537.36 (KHTML, like Gecko) Chrome/34.0.1847.114 Safari/537.36"
79.248.105.220 - - [03/May/2014:13:46:52 +0200] "GET /images/g3.jpg HTTP/1.1" 200 3138 "http://www.esso-berlin.de/essoschmierstoffe.php" "Mozilla/5.0 (X11; Linux x86_64) AppleWebKit/537.36 (KHTML, like Gecko) Chrome/34.0.1847.114 Safari/537.36"
79.248.105.220 - - [03/May/2014:13:46:52 +0200] "GET /images/Industrieschmierstoffe_Katalog.jpg HTTP/1.1" 200 9403 "http://www.esso-berlin.de/essoschmierstoffe.php" "Mozilla/5.0 (X11; Linux x86_64) AppleWebKit/537.36 (KHTML, like Gecko) Chrome/34.0.1847.114 Safari/537.36"
79.248.105.220 - - [03/May/2014:13:46:52 +0200] "GET /images/f1.jpg HTTP/1.1" 200 2145 "http://www.esso-berlin.de/essoschmierstoffe.php" "Mozilla/5.0 (X11; Linux x86_64) AppleWebKit/537.36 (KHTML, like Gecko) Chrome/34.0.1847.114 Safari/537.36"
79.248.105.220 - - [03/May/2014:13:46:52 +0200] "GET /images/f2.jpg HTTP/1.1" 200 4024 "http://www.esso-berlin.de/essoschmierstoffe.php" "Mozilla/5.0 (X11; Linux x86_64) AppleWebKit/537.36 (KHTML, like Gecko) Chrome/34.0.1847.114 Safari/537.36"
79.248.105.220 - - [03/May/2014:13:46:53 +0200] "GET /images/f3.jpg HTTP/1.1" 200 3305 "http://www.esso-berlin.de/essoschmierstoffe.php" "Mozilla/5.0 (X11; Linux x86_64) AppleWebKit/537.36 (KHTML, like Gecko) Chrome/34.0.1847.114 Safari/537.36"
79.248.105.220 - - [03/May/2014:13:46:53 +0200] "GET /images/heizoelbestellung.jpg HTTP/1.1" 200 6281 "http://www.esso-berlin.de/essoschmierstoffe.php" "Mozilla/5.0 (X11; Linux x86_64) AppleWebKit/537.36 (KHTML, like Gecko) Chrome/34.0.1847.114 Safari/537.36"
79.248.105.220 - - [03/May/2014:13:46:53 +0200] "GET /images/wunschpreis.jpg HTTP/1.1" 200 5550 "http://www.esso-berlin.de/essoschmierstoffe.php" "Mozilla/5.0 (X11; Linux x86_64) AppleWebKit/537.36 (KHTML, like Gecko) Chrome/34.0.1847.114 Safari/537.36"
79.248.105.220 - - [03/May/2014:13:46:53 +0200] "GET /images/freecall.png HTTP/1.1" 200 15914 "http://www.esso-berlin.de/essoschmierstoffe.php" "Mozilla/5.0 (X11; Linux x86_64) AppleWebKit/537.36 (KHTML, like Gecko) Chrome/34.0.1847.114 Safari/537.36"
79.248.105.220 - - [03/May/2014:13:46:53 +0200] "GET /images/kwk.png HTTP/1.1" 200 15949 "http://www.esso-berlin.de/essoschmierstoffe.php" "Mozilla/5.0 (X11; Linux x86_64) AppleWebKit/537.36 (KHTML, like Gecko) Chrome/34.0.1847.114 Safari/537.36"
79.248.105.220 - - [03/May/2014:13:46:53 +0200] "GET /images/ral.png HTTP/1.1" 200 25696 "http://www.esso-berlin.de/essoschmierstoffe.php" "Mozilla/5.0 (X11; Linux x86_64) AppleWebKit/537.36 (KHTML, like Gecko) Chrome/34.0.1847.114 Safari/537.36"
79.248.105.220 - - [03/May/2014:13:46:53 +0200] "GET /images/adblue_neu.png HTTP/1.1" 200 30982 "http://www.esso-berlin.de/essoschmierstoffe.php" "Mozilla/5.0 (X11; Linux x86_64) AppleWebKit/537.36 (KHTML, like Gecko) Chrome/34.0.1847.114 Safari/537.36"
79.248.105.220 - - [03/May/2014:13:46:53 +0200] "GET /images/Imagebroschuere_team_energie.png HTTP/1.1" 200 64117 "http://www.esso-berlin.de/essoschmierstoffe.php" "Mozilla/5.0 (X11; Linux x86_64) AppleWebKit/537.36 (KHTML, like Gecko) Chrome/34.0.1847.114 Safari/537.36"
79.248.105.220 - - [03/May/2014:13:46:53 +0200] "GET /images/header.jpg HTTP/1.1" 200 23758 "http://www.esso-berlin.de/essoschmierstoffe.php" "Mozilla/5.0 (X11; Linux x86_64) AppleWebKit/537.36 (KHTML, like Gecko) Chrome/34.0.1847.114 Safari/537.36"
79.248.105.220 - - [03/May/2014:13:46:53 +0200] "GET /images/content_bg.jpg HTTP/1.1" 200 437 "http://www.esso-berlin.de/essoschmierstoffe.php" "Mozilla/5.0 (X11; Linux x86_64) AppleWebKit/537.36 (KHTML, like Gecko) Chrome/34.0.1847.114 Safari/537.36"
79.248.105.220 - - [03/May/2014:13:46:53 +0200] "GET /images/logos.jpg HTTP/1.1" 200 1205 "http://www.esso-berlin.de/essoschmierstoffe.php" "Mozilla/5.0 (X11; Linux x86_64) AppleWebKit/537.36 (KHTML, like Gecko) Chrome/34.0.1847.114 Safari/537.36"
79.248.105.220 - - [03/May/2014:13:46:53 +0200] "GET /images/newsletter.jpg HTTP/1.1" 200 13127 "http://www.esso-berlin.de/essoschmierstoffe.php" "Mozilla/5.0 (X11; Linux x86_64) AppleWebKit/537.36 (KHTML, like Gecko) Chrome/34.0.1847.114 Safari/537.36"
79.248.105.220 - - [03/May/2014:13:46:53 +0200] "GET /favicon.ico HTTP/1.1" 404 1256 "-" "Mozilla/5.0 (Linux; Android 4.4.2; GT-I9505 Build/KOT49H) AppleWebKit/537.36 (KHTML, like Gecko) Chrome/34.0.1847.114 Mobile Safari/537.36"
93.219.153.2 - - [03/May/2014:14:00:19 +0200] "GET /energiekostenvergleich.php HTTP/1.1" 200 23560 "-" "Mozilla/5.0 (Windows; U; Windows NT 6.0; de; rv:1.9.2.3) Gecko/20100401 Firefox/3.6.3 ( .NET CLR 3.5.30729)"
5.199.136.130 - - [03/May/2014:14:00:21 +0200] "GET /robots.txt HTTP/1.1" 404 1256 "-" "Mozilla/5.0 (compatible; waybackarchive.org/1.0; +spider@waybackarchive.org)"
5.199.136.130 - - [03/May/2014:14:00:21 +0200] "GET /notdienst.php HTTP/1.1" 200 19717 "-" "Mozilla/5.0 (compatible; waybackarchive.org/1.0; +spider@waybackarchive.org)"
141.8.147.12 - - [03/May/2014:14:10:41 +0200] "GET /news.php?cs_go=archiv&cs_id=5071 HTTP/1.1" 200 20422 "-" "Mozilla/5.0 (compatible; YandexBot/3.0; +http://yandex.com/bots)"
141.8.147.12 - - [03/May/2014:14:15:31 +0200] "GET /news.php?cs_go=archiv&cs_id=5094 HTTP/1.1" 200 23304 "-" "Mozilla/5.0 (compatible; YandexBot/3.0; +http://yandex.com/bots)"
141.8.147.12 - - [03/May/2014:14:23:34 +0200] "GET /news.php?cs_go=archiv&cs_id=5070 HTTP/1.1" 200 24473 "-" "Mozilla/5.0 (compatible; YandexBot/3.0; +http://yandex.com/bots)"
95.215.0.27 - - [03/May/2014:14:24:29 +0200] "GET /news.php?cs_go=archiv&cs_id=5044 HTTP/1.1" 200 24333 "-" "Mozilla/5.0 (Windows NT 6.1; WOW64; rv:26.1) Gecko/20100101 Firefox/26.0"
141.8.147.12 - - [03/May/2014:14:24:46 +0200] "GET /news.php?cs_go=archiv&cs_id=5098 HTTP/1.1" 200 20883 "-" "Mozilla/5.0 (compatible; YandexBot/3.0; +http://yandex.com/bots)"
93.219.153.2 - - [03/May/2014:14:26:43 +0200] "GET /news.php?cs_go=archiv HTTP/1.1" 200 33654 "-" "Mozilla/5.0 (Windows; U; Windows NT 6.0; de; rv:1.9.2.3) Gecko/20100401 Firefox/3.6.3 ( .NET CLR 3.5.30729)"
141.8.147.12 - - [03/May/2014:14:26:58 +0200] "GET /news.php?cs_go=archiv&cs_id=4597 HTTP/1.1" 200 32830 "-" "Mozilla/5.0 (compatible; YandexBot/3.0; +http://yandex.com/bots)"
37.58.100.182 - - [03/May/2014:14:27:28 +0200] "GET /news.php?cs_go=archiv&cs_id=5103 HTTP/1.1" 200 20469 "-" "Mozilla/5.0 (compatible; AhrefsBot/5.0; +http://ahrefs.com/robot/)"
93.219.153.2 - - [03/May/2014:14:28:40 +0200] "GET /edl.php HTTP/1.1" 200 22495 "-" "Mozilla/5.0 (Windows; U; Windows NT 6.0; de; rv:1.9.2.3) Gecko/20100401 Firefox/3.6.3 ( .NET CLR 3.5.30729)"
37.58.100.147 - - [03/May/2014:14:28:42 +0200] "GET /lexikon.php?cs_go=2&cs_char=k HTTP/1.1" 200 21019 "-" "Mozilla/5.0 (compatible; AhrefsBot/5.0; +http://ahrefs.com/robot/)"
37.58.100.189 - - [03/May/2014:14:29:56 +0200] "GET /schmierstoffe.php HTTP/1.1" 200 21715 "-" "Mozilla/5.0 (compatible; AhrefsBot/5.0; +http://ahrefs.com/robot/)"
95.215.0.27 - - [03/May/2014:14:37:00 +0200] "GET /news.php?cs_go=archiv&cs_id=4851 HTTP/1.1" 200 21898 "-" "Mozilla/5.0 (Windows NT 6.1; WOW64; rv:26.1) Gecko/20100101 Firefox/26.0"
157.56.93.49 - - [03/May/2014:14:37:53 +0200] "GET /robots.txt HTTP/1.1" 404 1256 "-" "Mozilla/5.0 (compatible; bingbot/2.0; +http://www.bing.com/bingbot.htm)"
157.56.93.49 - - [03/May/2014:14:37:55 +0200] "GET /ec.php HTTP/1.1" 200 20733 "-" "Mozilla/5.0 (compatible; bingbot/2.0; +http://www.bing.com/bingbot.htm)"
157.56.229.189 - - [03/May/2014:14:38:45 +0200] "GET /js/ddaccordion.js HTTP/1.1" 200 12534 "-" "Mozilla/5.0 (compatible; bingbot/2.0; +http://www.bing.com/bingbot.htm)"
157.56.229.245 - - [03/May/2014:14:39:50 +0200] "GET /robots.txt HTTP/1.1" 404 1256 "-" "Mozilla/5.0 (compatible; bingbot/2.0; +http://www.bing.com/bingbot.htm)"
157.56.229.245 - - [03/May/2014:14:41:29 +0200] "GET /modul.css HTTP/1.1" 200 36485 "-" "Mozilla/5.0 (compatible; bingbot/2.0; +http://www.bing.com/bingbot.htm)"
157.56.229.245 - - [03/May/2014:14:41:30 +0200] "GET /js/slider.js HTTP/1.1" 200 773 "-" "Mozilla/5.0 (compatible; bingbot/2.0; +http://www.bing.com/bingbot.htm)"
157.56.229.245 - - [03/May/2014:14:41:32 +0200] "GET /style.css HTTP/1.1" 200 8056 "-" "Mozilla/5.0 (compatible; bingbot/2.0; +http://www.bing.com/bingbot.htm)"
141.8.147.12 - - [03/May/2014:14:42:17 +0200] "GET /news.php?cs_go=archiv&cs_id=5045 HTTP/1.1" 200 20736 "-" "Mozilla/5.0 (compatible; YandexBot/3.0; +http://yandex.com/bots)"
141.8.147.12 - - [03/May/2014:14:42:17 +0200] "GET /news.php?cs_go=archiv&cs_id=5116 HTTP/1.1" 200 21084 "-" "Mozilla/5.0 (compatible; YandexBot/3.0; +http://yandex.com/bots)"
37.58.100.189 - - [03/May/2014:14:46:11 +0200] "GET /news.php?cs_go=archiv&cs_id=4824&cs_search= HTTP/1.1" 200 22991 "-" "Mozilla/5.0 (compatible; AhrefsBot/5.0; +http://ahrefs.com/robot/)"
66.249.65.252 - - [03/May/2014:14:49:58 +0200] "GET /news.php?cs_go=archiv&cs_id=4026 HTTP/1.1" 200 24169 "-" "Mozilla/5.0 (iPhone; CPU iPhone OS 6_0 like Mac OS X) AppleWebKit/536.26 (KHTML, like Gecko) Version/6.0 Mobile/10A5376e Safari/8536.25 (compatible; Googlebot/2.1; +http://www.google.com/bot.html)"
157.55.33.100 - - [03/May/2014:14:55:29 +0200] "GET /robots.txt HTTP/1.1" 404 1256 "-" "Mozilla/5.0 (compatible; bingbot/2.0; +http://www.bing.com/bingbot.htm)"
37.58.100.231 - - [03/May/2014:14:56:56 +0200] "GET /lexikon.php?cs_go=3&cs_id=73 HTTP/1.1" 200 20767 "-" "Mozilla/5.0 (compatible; AhrefsBot/5.0; +http://ahrefs.com/robot/)"
93.219.153.2 - - [03/May/2014:14:57:36 +0200] "GET /kontakt.php HTTP/1.1" 200 20926 "-" "Mozilla/5.0 (Windows; U; Windows NT 6.0; de; rv:1.9.2.3) Gecko/20100401 Firefox/3.6.3 ( .NET CLR 3.5.30729)"
37.58.100.138 - - [03/May/2014:14:59:24 +0200] "GET /lexikon.php?cs_go=3&cs_id=206 HTTP/1.1" 200 19498 "-" "Mozilla/5.0 (compatible; AhrefsBot/5.0; +http://ahrefs.com/robot/)"
5.199.136.130 - - [03/May/2014:15:03:00 +0200] "GET /robots.txt HTTP/1.1" 404 1256 "-" "Mozilla/5.0 (compatible; waybackarchive.org/1.0; +spider@waybackarchive.org)"
5.199.136.130 - - [03/May/2014:15:03:00 +0200] "GET /tankanlagen.php HTTP/1.1" 200 22937 "-" "Mozilla/5.0 (compatible; waybackarchive.org/1.0; +spider@waybackarchive.org)"
65.55.52.116 - - [03/May/2014:15:03:10 +0200] "GET /robots.txt HTTP/1.1" 404 1256 "-" "Mozilla/5.0 (compatible; bingbot/2.0; +http://www.bing.com/bingbot.htm)"
93.219.153.2 - - [03/May/2014:15:05:04 +0200] "GET /news.php?cs_go=archiv&cs_id=5120 HTTP/1.1" 200 24277 "-" "Mozilla/5.0 (Windows; U; Windows NT 6.0; de; rv:1.9.2.3) Gecko/20100401 Firefox/3.6.3 ( .NET CLR 3.5.30729)"
157.55.33.100 - - [03/May/2014:15:05:48 +0200] "GET /notdienst.php HTTP/1.1" 200 19717 "-" "Mozilla/5.0 (compatible; bingbot/2.0; +http://www.bing.com/bingbot.htm)"
144.76.95.232 - - [03/May/2014:15:07:39 +0200] "GET /robots.txt HTTP/1.0" 404 1256 "-" "Mozilla/5.0 (compatible; MJ12bot/v1.4.5; http://www.majestic12.co.uk/bot.php?+)"
144.76.95.232 - - [03/May/2014:15:07:42 +0200] "GET /news.php?cs_go=archiv&cs_id=4664 HTTP/1.0" 200 20751 "-" "Mozilla/5.0 (compatible; MJ12bot/v1.4.5; http://www.majestic12.co.uk/bot.php?+)"
144.76.95.232 - - [03/May/2014:15:07:45 +0200] "GET /robots.txt HTTP/1.0" 404 1256 "-" "Mozilla/5.0 (compatible; MJ12bot/v1.4.5; http://www.majestic12.co.uk/bot.php?+)"
144.76.95.232 - - [03/May/2014:15:07:47 +0200] "GET /news.php?cs_go=archiv&cs_id=4665 HTTP/1.0" 200 21183 "-" "Mozilla/5.0 (compatible; MJ12bot/v1.4.5; http://www.majestic12.co.uk/bot.php?+)"
141.8.147.12 - - [03/May/2014:15:08:19 +0200] "GET /news.php?cs_go=archiv&cs_id=5096 HTTP/1.1" 200 21153 "-" "Mozilla/5.0 (compatible; YandexBot/3.0; +http://yandex.com/bots)"
141.8.147.12 - - [03/May/2014:15:08:21 +0200] "GET /robots.txt HTTP/1.1" 404 1256 "-" "Mozilla/5.0 (compatible; YandexBot/3.0; +http://yandex.com/bots)"
141.8.147.12 - - [03/May/2014:15:08:22 +0200] "GET /robots.txt HTTP/1.1" 404 1256 "-" "Mozilla/5.0 (compatible; YandexBot/3.0; +http://yandex.com/bots)"
141.8.147.12 - - [03/May/2014:15:08:21 +0200] "GET /lexikon.php?cs_go=3&cs_id=46 HTTP/1.1" 200 19143 "-" "Mozilla/5.0 (compatible; YandexBot/3.0; +http://yandex.com/bots)"
141.8.147.12 - - [03/May/2014:15:08:22 +0200] "GET /robots.txt HTTP/1.1" 404 1256 "-" "Mozilla/5.0 (compatible; YandexBot/3.0; +http://yandex.com/bots)"
141.8.147.12 - - [03/May/2014:15:08:23 +0200] "GET /robots.txt HTTP/1.1" 404 1256 "-" "Mozilla/5.0 (compatible; YandexBot/3.0; +http://yandex.com/bots)"
141.8.147.12 - - [03/May/2014:15:08:23 +0200] "GET / HTTP/1.1" 200 23409 "-" "Mozilla/5.0 (compatible; YandexBot/3.0; +http://yandex.com/bots)"
141.8.147.12 - - [03/May/2014:15:08:24 +0200] "GET /modernisierung.php HTTP/1.1" 200 22880 "-" "Mozilla/5.0 (compatible; YandexBot/3.0; +http://yandex.com/bots)"
141.8.147.12 - - [03/May/2014:15:08:25 +0200] "GET /news.php?cs_go=archiv&cs_id=5119 HTTP/1.1" 200 20397 "-" "Mozilla/5.0 (compatible; YandexBot/3.0; +http://yandex.com/bots)"
141.8.147.12 - - [03/May/2014:15:08:26 +0200] "GET / HTTP/1.1" 200 23409 "-" "Mozilla/5.0 (compatible; YandexBot/3.0; +http://yandex.com/bots)"
141.8.147.12 - - [03/May/2014:15:08:27 +0200] "GET / HTTP/1.1" 200 23409 "-" "Mozilla/5.0 (compatible; YandexBot/3.0; +http://yandex.com/bots)"
141.8.147.12 - - [03/May/2014:15:08:27 +0200] "GET /news.php?cs_go=archiv&cs_id=4862&cs_search= HTTP/1.1" 200 20447 "-" "Mozilla/5.0 (compatible; YandexBot/3.0; +http://yandex.com/bots)"
141.8.147.12 - - [03/May/2014:15:08:29 +0200] "GET /lexikon.php?cs_go=3&cs_id=54 HTTP/1.1" 200 19142 "-" "Mozilla/5.0 (compatible; YandexBot/3.0; +http://yandex.com/bots)"
141.8.147.12 - - [03/May/2014:15:08:30 +0200] "GET /robots.txt HTTP/1.1" 404 1256 "-" "Mozilla/5.0 (compatible; YandexBot/3.0; +http://yandex.com/bots)"
141.8.147.12 - - [03/May/2014:15:08:29 +0200] "GET / HTTP/1.1" 200 23409 "-" "Mozilla/5.0 (compatible; YandexBot/3.0; +http://yandex.com/bots)"
141.8.147.12 - - [03/May/2014:15:08:30 +0200] "GET /news.php?cs_go=archiv&cs_id=4857&cs_search= HTTP/1.1" 200 25357 "-" "Mozilla/5.0 (compatible; YandexBot/3.0; +http://yandex.com/bots)"
141.8.147.12 - - [03/May/2014:15:08:31 +0200] "GET /robots.txt HTTP/1.1" 404 1256 "-" "Mozilla/5.0 (compatible; YandexBot/3.0; +http://yandex.com/bots)"
141.8.147.12 - - [03/May/2014:15:08:32 +0200] "GET /news.php?cs_go=archiv&cs_id=5118 HTTP/1.1" 200 20468 "-" "Mozilla/5.0 (compatible; YandexBot/3.0; +http://yandex.com/bots)"
141.8.147.12 - - [03/May/2014:15:08:33 +0200] "GET /robots.txt HTTP/1.1" 404 1256 "-" "Mozilla/5.0 (compatible; YandexBot/3.0; +http://yandex.com/bots)"
141.8.147.12 - - [03/May/2014:15:08:32 +0200] "GET / HTTP/1.1" 200 23409 "-" "Mozilla/5.0 (compatible; YandexBot/3.0; +http://yandex.com/bots)"
141.8.147.12 - - [03/May/2014:15:08:34 +0200] "GET /news.php?cs_go=archiv&cs_id=5077 HTTP/1.1" 200 24496 "-" "Mozilla/5.0 (compatible; YandexBot/3.0; +http://yandex.com/bots)"
141.8.147.12 - - [03/May/2014:15:08:35 +0200] "GET /lexikon.php?cs_go=3&cs_id=199 HTTP/1.1" 200 19131 "-" "Mozilla/5.0 (compatible; YandexBot/3.0; +http://yandex.com/bots)"
141.8.147.12 - - [03/May/2014:15:08:35 +0200] "GET / HTTP/1.1" 200 23409 "-" "Mozilla/5.0 (compatible; YandexBot/3.0; +http://yandex.com/bots)"
141.8.147.12 - - [03/May/2014:15:08:36 +0200] "GET /robots.txt HTTP/1.1" 404 1256 "-" "Mozilla/5.0 (compatible; YandexBot/3.0; +http://yandex.com/bots)"
141.8.147.12 - - [03/May/2014:15:08:36 +0200] "GET / HTTP/1.1" 200 23409 "-" "Mozilla/5.0 (compatible; YandexBot/3.0; +http://yandex.com/bots)"
141.8.147.12 - - [03/May/2014:15:08:37 +0200] "GET /edl.php HTTP/1.1" 200 22495 "-" "Mozilla/5.0 (compatible; YandexBot/3.0; +http://yandex.com/bots)"
141.8.147.12 - - [03/May/2014:15:08:38 +0200] "GET /news.php?cs_go=archiv&cs_id=5117 HTTP/1.1" 200 24279 "-" "Mozilla/5.0 (compatible; YandexBot/3.0; +http://yandex.com/bots)"
141.8.147.12 - - [03/May/2014:15:08:38 +0200] "GET / HTTP/1.1" 200 23409 "-" "Mozilla/5.0 (compatible; YandexBot/3.0; +http://yandex.com/bots)"
141.8.147.12 - - [03/May/2014:15:08:40 +0200] "GET / HTTP/1.1" 200 23409 "-" "Mozilla/5.0 (compatible; YandexBot/3.0; +http://yandex.com/bots)"
141.8.147.12 - - [03/May/2014:15:08:40 +0200] "GET / HTTP/1.1" 200 23409 "-" "Mozilla/5.0 (compatible; YandexBot/3.0; +http://yandex.com/bots)"
141.8.147.12 - - [03/May/2014:15:08:40 +0200] "GET /news.php?cs_go=archiv HTTP/1.1" 200 33654 "-" "Mozilla/5.0 (compatible; YandexBot/3.0; +http://yandex.com/bots)"
141.8.147.12 - - [03/May/2014:15:08:40 +0200] "GET / HTTP/1.1" 200 23409 "-" "Mozilla/5.0 (compatible; YandexBot/3.0; +http://yandex.com/bots)"
141.8.147.12 - - [03/May/2014:15:08:41 +0200] "GET /lexikon.php?cs_go=3&cs_id=197 HTTP/1.1" 200 19133 "-" "Mozilla/5.0 (compatible; YandexBot/3.0; +http://yandex.com/bots)"
141.8.147.12 - - [03/May/2014:15:08:43 +0200] "GET / HTTP/1.1" 200 23409 "-" "Mozilla/5.0 (compatible; YandexBot/3.0; +http://yandex.com/bots)"
141.8.147.12 - - [03/May/2014:15:08:43 +0200] "GET / HTTP/1.1" 200 23409 "-" "Mozilla/5.0 (compatible; YandexBot/3.0; +http://yandex.com/bots)"
141.8.147.12 - - [03/May/2014:15:08:43 +0200] "GET / HTTP/1.1" 200 23409 "-" "Mozilla/5.0 (compatible; YandexBot/3.0; +http://yandex.com/bots)"
141.8.147.12 - - [03/May/2014:15:08:43 +0200] "GET / HTTP/1.1" 200 23409 "-" "Mozilla/5.0 (compatible; YandexBot/3.0; +http://yandex.com/bots)"
141.8.147.12 - - [03/May/2014:15:08:43 +0200] "GET /news.php?cs_go=archiv&cs_id=4754 HTTP/1.1" 200 21492 "-" "Mozilla/5.0 (compatible; YandexBot/3.0; +http://yandex.com/bots)"
141.8.147.12 - - [03/May/2014:15:08:44 +0200] "GET / HTTP/1.1" 200 23409 "-" "Mozilla/5.0 (compatible; YandexBot/3.0; +http://yandex.com/bots)"
141.8.147.12 - - [03/May/2014:15:08:45 +0200] "GET /lexikon.php?cs_go=3&cs_id=184 HTTP/1.1" 200 19136 "-" "Mozilla/5.0 (compatible; YandexBot/3.0; +http://yandex.com/bots)"
141.8.147.12 - - [03/May/2014:15:08:46 +0200] "GET /news.php?cs_go=archiv&cs_id=4843 HTTP/1.1" 200 20599 "-" "Mozilla/5.0 (compatible; YandexBot/3.0; +http://yandex.com/bots)"
141.8.147.12 - - [03/May/2014:15:08:47 +0200] "GET /news.php?cs_go=archiv&cs_id=5115 HTTP/1.1" 200 20483 "-" "Mozilla/5.0 (compatible; YandexBot/3.0; +http://yandex.com/bots)"
141.8.147.12 - - [03/May/2014:15:08:49 +0200] "GET /news.php?cs_go=archiv&cs_id=5080 HTTP/1.1" 200 24279 "-" "Mozilla/5.0 (compatible; YandexBot/3.0; +http://yandex.com/bots)"
141.8.147.12 - - [03/May/2014:15:08:50 +0200] "GET /lexikon.php?cs_go=3&cs_id=193 HTTP/1.1" 200 19145 "-" "Mozilla/5.0 (compatible; YandexBot/3.0; +http://yandex.com/bots)"
141.8.147.12 - - [03/May/2014:15:08:51 +0200] "GET /news.php?cs_go=archiv&cs_id=4830 HTTP/1.1" 200 21704 "-" "Mozilla/5.0 (compatible; YandexBot/3.0; +http://yandex.com/bots)"
141.8.147.12 - - [03/May/2014:15:08:52 +0200] "GET / HTTP/1.1" 200 23409 "-" "Mozilla/5.0 (compatible; YandexBot/3.0; +http://yandex.com/bots)"
141.8.147.12 - - [03/May/2014:15:08:58 +0200] "GET / HTTP/1.1" 200 23409 "-" "Mozilla/5.0 (compatible; YandexBot/3.0; +http://yandex.com/bots)"
65.55.52.116 - - [03/May/2014:15:09:36 +0200] "GET /ec.php HTTP/1.1" 200 20733 "-" "Mozilla/5.0 (compatible; bingbot/2.0; +http://www.bing.com/bingbot.htm)"
65.55.52.116 - - [03/May/2014:15:10:29 +0200] "GET /js/ddaccordion.js HTTP/1.1" 200 12534 "-" "Mozilla/5.0 (compatible; bingbot/2.0; +http://www.bing.com/bingbot.htm)"
95.215.0.27 - - [03/May/2014:15:15:10 +0200] "GET /news.php?cs_go=archiv&cs_id=4875 HTTP/1.1" 200 24777 "-" "Mozilla/5.0 (Windows NT 6.1; WOW64; rv:26.1) Gecko/20100101 Firefox/26.0"
157.56.229.189 - - [03/May/2014:15:27:14 +0200] "GET /essoschmierstoffe.php HTTP/1.1" 200 22876 "-" "Mozilla/5.0 (compatible; bingbot/2.0; +http://www.bing.com/bingbot.htm)"
95.215.0.27 - - [03/May/2014:15:29:28 +0200] "GET /news.php?cs_go=archiv&cs_id=4819 HTTP/1.1" 200 20541 "-" "Mozilla/5.0 (Windows NT 6.1; WOW64; rv:26.1) Gecko/20100101 Firefox/26.0"
110.89.34.36 - - [03/May/2014:15:31:32 +0200] "GET /news.php?cs_go=archiv&cs_id=4269 HTTP/1.0" 200 22471 "http://www.esso-berlin.de/news.php?cs_go=archiv&cs_id=4269" "Mozilla/5.0 (Windows NT 5.1; rv:26.0) Gecko/20100101 Firefox/26.0"
66.249.65.202 - - [03/May/2014:15:36:17 +0200] "GET /news.php?cs_go=archiv&cs_id=5115 HTTP/1.1" 200 20483 "-" "Mozilla/5.0 (compatible; Googlebot/2.1; +http://www.google.com/bot.html)"
66.249.65.10 - - [03/May/2014:15:36:30 +0200] "GET /news.php?cs_go=archiv&cs_id=5117 HTTP/1.1" 200 24279 "-" "Mozilla/5.0 (compatible; Googlebot/2.1; +http://www.google.com/bot.html)"
66.249.65.10 - - [03/May/2014:15:36:55 +0200] "GET /news.php?cs_go=archiv&cs_id=5111 HTTP/1.1" 200 20560 "-" "Mozilla/5.0 (compatible; Googlebot/2.1; +http://www.google.com/bot.html)"
66.249.65.252 - - [03/May/2014:15:37:21 +0200] "GET /news.php?cs_go=archiv&cs_id=5119 HTTP/1.1" 200 20397 "-" "Mozilla/5.0 (compatible; Googlebot/2.1; +http://www.google.com/bot.html)"
66.249.65.252 - - [03/May/2014:15:37:48 +0200] "GET /news.php?cs_go=archiv&cs_id=5120 HTTP/1.1" 200 24277 "-" "Mozilla/5.0 (compatible; Googlebot/2.1; +http://www.google.com/bot.html)"
66.249.65.10 - - [03/May/2014:15:38:14 +0200] "GET /news.php?cs_go=archiv&cs_id=5118 HTTP/1.1" 200 20468 "-" "Mozilla/5.0 (compatible; Googlebot/2.1; +http://www.google.com/bot.html)"
66.249.65.202 - - [03/May/2014:15:38:41 +0200] "GET /news.php?cs_go=archiv&cs_id=5113 HTTP/1.1" 200 22623 "-" "Mozilla/5.0 (compatible; Googlebot/2.1; +http://www.google.com/bot.html)"
66.249.65.252 - - [03/May/2014:15:39:09 +0200] "GET /news.php?cs_go=archiv&cs_id=5110 HTTP/1.1" 200 24591 "-" "Mozilla/5.0 (compatible; Googlebot/2.1; +http://www.google.com/bot.html)"
199.30.24.230 - - [03/May/2014:15:39:13 +0200] "GET /images/newsletter.jpg HTTP/1.1" 200 13127 "http://www.e-s-s-o-berlin.de/ec.php" "Mozilla/5.0 (Windows NT 6.1; WOW64) AppleWebKit/534+ (KHTML, like Gecko) BingPreview/1.0b"
199.30.24.230 - - [03/May/2014:15:39:13 +0200] "GET /images/header.jpg HTTP/1.1" 200 23758 "http://www.e-s-s-o-berlin.de/ec.php" "Mozilla/5.0 (Windows NT 6.1; WOW64) AppleWebKit/534+ (KHTML, like Gecko) BingPreview/1.0b"
199.30.24.230 - - [03/May/2014:15:39:13 +0200] "GET /images/content_bg.jpg HTTP/1.1" 200 437 "http://www.e-s-s-o-berlin.de/ec.php" "Mozilla/5.0 (Windows NT 6.1; WOW64) AppleWebKit/534+ (KHTML, like Gecko) BingPreview/1.0b"
199.30.24.230 - - [03/May/2014:15:39:13 +0200] "GET /images/logos.jpg HTTP/1.1" 200 1205 "http://www.e-s-s-o-berlin.de/ec.php" "Mozilla/5.0 (Windows NT 6.1; WOW64) AppleWebKit/534+ (KHTML, like Gecko) BingPreview/1.0b"
66.249.65.202 - - [03/May/2014:15:39:40 +0200] "GET /news.php?cs_go=archiv&cs_id=5116 HTTP/1.1" 200 21084 "-" "Mozilla/5.0 (compatible; Googlebot/2.1; +http://www.google.com/bot.html)"
5.199.136.130 - - [03/May/2014:15:40:24 +0200] "GET /news.php?cs_go=archiv&cs_id=5135 HTTP/1.1" 200 24202 "-" "Mozilla/5.0 (compatible; waybackarchive.org/1.0; +spider@waybackarchive.org)"
157.55.35.114 - - [03/May/2014:15:40:40 +0200] "GET /js/slider.js HTTP/1.1" 200 773 "-" "Mozilla/5.0 (compatible; bingbot/2.0; +http://www.bing.com/bingbot.htm)"
66.249.65.10 - - [03/May/2014:15:41:19 +0200] "GET /news.php?cs_go=archiv&cs_id=5114 HTTP/1.1" 200 24348 "-" "Mozilla/5.0 (compatible; Googlebot/2.1; +http://www.google.com/bot.html)"
95.215.0.27 - - [03/May/2014:15:41:47 +0200] "GET /news.php?cs_go=archiv&cs_id=4811 HTTP/1.1" 200 22054 "-" "Mozilla/5.0 (Windows NT 6.1; WOW64; rv:26.1) Gecko/20100101 Firefox/26.0"
66.249.65.202 - - [03/May/2014:15:44:22 +0200] "GET /robots.txt HTTP/1.1" 404 1256 "-" "Mozilla/5.0 (compatible; Googlebot/2.1; +http://www.google.com/bot.html)"
66.249.65.10 - - [03/May/2014:15:44:22 +0200] "GET /news.php?cs_go=archiv&cs_id=4724 HTTP/1.1" 200 22074 "-" "Mozilla/5.0 (iPhone; CPU iPhone OS 6_0 like Mac OS X) AppleWebKit/536.26 (KHTML, like Gecko) Version/6.0 Mobile/10A5376e Safari/8536.25 (compatible; Googlebot/2.1; +http://www.google.com/bot.html)"
95.215.0.27 - - [03/May/2014:15:44:43 +0200] "GET /news.php?cs_go=archiv&cs_id=4836 HTTP/1.1" 200 20375 "-" "Mozilla/5.0 (Windows NT 6.1; WOW64; rv:26.1) Gecko/20100101 Firefox/26.0"
37.58.100.231 - - [03/May/2014:15:47:21 +0200] "GET /news.php?cs_go=archiv&cs_id=5117 HTTP/1.1" 200 24279 "-" "Mozilla/5.0 (compatible; AhrefsBot/5.0; +http://ahrefs.com/robot/)"
157.55.32.94 - - [03/May/2014:15:47:54 +0200] "GET /modul.css HTTP/1.1" 200 36485 "-" "Mozilla/5.0 (compatible; bingbot/2.0; +http://www.bing.com/bingbot.htm)"
157.55.32.94 - - [03/May/2014:15:47:55 +0200] "GET /js/jquery.min.js HTTP/1.1" 200 57254 "-" "Mozilla/5.0 (compatible; bingbot/2.0; +http://www.bing.com/bingbot.htm)"
157.55.32.94 - - [03/May/2014:15:47:56 +0200] "GET /style.css HTTP/1.1" 200 8056 "-" "Mozilla/5.0 (compatible; bingbot/2.0; +http://www.bing.com/bingbot.htm)"
66.249.65.252 - - [03/May/2014:15:56:46 +0200] "GET /essoschmierstoffe.php HTTP/1.1" 200 22876 "-" "Mozilla/5.0 (compatible; Googlebot/2.1; +http://www.google.com/bot.html)"
123.125.71.51 - - [03/May/2014:16:03:34 +0200] "GET / HTTP/1.1" 200 10649 "-" "Mozilla/5.0 (compatible; Baiduspider/2.0; +http://www.baidu.com/search/spider.html)"
66.249.65.89 - - [03/May/2014:16:04:03 +0200] "GET /robots.txt HTTP/1.1" 404 1256 "-" "Mozilla/5.0 (compatible; Googlebot/2.1; +http://www.google.com/bot.html)"
66.249.65.57 - - [03/May/2014:16:04:03 +0200] "GET /news.php?cs_go=archiv&cs_id=4654 HTTP/1.1" 200 24398 "-" "Mozilla/5.0 (compatible; Googlebot/2.1; +http://www.google.com/bot.html)"
141.8.147.12 - - [03/May/2014:16:04:40 +0200] "GET /images/preisentwicklung.jpg HTTP/1.1" 200 25529 "-" "Mozilla/5.0 (compatible; YandexImages/3.0; +http://yandex.com/bots)"
220.181.108.77 - - [03/May/2014:16:06:36 +0200] "GET / HTTP/1.1" 200 15074 "-" "Mozilla/5.0 (compatible; Baiduspider/2.0; +http://www.baidu.com/search/spider.html)"
5.199.136.130 - - [03/May/2014:16:06:51 +0200] "GET /robots.txt HTTP/1.1" 404 1256 "-" "Mozilla/5.0 (compatible; waybackarchive.org/1.0; +spider@waybackarchive.org)"
5.199.136.130 - - [03/May/2014:16:06:53 +0200] "GET /schmierstoffe.php HTTP/1.1" 200 21715 "-" "Mozilla/5.0 (compatible; waybackarchive.org/1.0; +spider@waybackarchive.org)"
199.30.24.217 - - [03/May/2014:16:10:52 +0200] "GET /images/header.jpg HTTP/1.1" 200 23758 "http://www.essoberlin.de/ec.php" "Mozilla/5.0 (Windows NT 6.1; WOW64) AppleWebKit/534+ (KHTML, like Gecko) BingPreview/1.0b"
199.30.24.217 - - [03/May/2014:16:10:52 +0200] "GET /images/content_bg.jpg HTTP/1.1" 200 437 "http://www.essoberlin.de/ec.php" "Mozilla/5.0 (Windows NT 6.1; WOW64) AppleWebKit/534+ (KHTML, like Gecko) BingPreview/1.0b"
199.30.24.217 - - [03/May/2014:16:10:52 +0200] "GET /images/logos.jpg HTTP/1.1" 200 1205 "http://www.essoberlin.de/ec.php" "Mozilla/5.0 (Windows NT 6.1; WOW64) AppleWebKit/534+ (KHTML, like Gecko) BingPreview/1.0b"
199.30.24.217 - - [03/May/2014:16:10:52 +0200] "GET /images/newsletter.jpg HTTP/1.1" 200 13127 "http://www.essoberlin.de/ec.php" "Mozilla/5.0 (Windows NT 6.1; WOW64) AppleWebKit/534+ (KHTML, like Gecko) BingPreview/1.0b"
66.249.65.10 - - [03/May/2014:16:11:19 +0200] "GET /news.php?cs_go=archiv&cs_id=1928 HTTP/1.1" 200 19053 "-" "Mozilla/5.0 (compatible; Googlebot/2.1; +http://www.google.com/bot.html)"
37.58.100.173 - - [03/May/2014:16:14:28 +0200] "GET /news.php?cs_go=archiv&cs_id=4855&cs_search= HTTP/1.1" 200 24430 "-" "Mozilla/5.0 (compatible; AhrefsBot/5.0; +http://ahrefs.com/robot/)"
66.249.65.202 - - [03/May/2014:16:18:35 +0200] "GET / HTTP/1.1" 200 23409 "-" "Mozilla/5.0 (compatible; Googlebot/2.1; +http://www.google.com/bot.html)"
101.226.167.233 - - [03/May/2014:16:25:27 +0200] "GET /robots.txt HTTP/1.1" 404 1256 "http://www.esso-berlin.de/robots.txt" "Mozilla/5.0 (Windows NT 6.1) AppleWebKit/537.1 (KHTML, like Gecko) Chrome/21.0.1180.89 Safari/537.1; 360Spider"
110.89.34.36 - - [03/May/2014:16:31:54 +0200] "GET /news.php?cs_go=archiv&cs_id=4269 HTTP/1.0" 200 22471 "http://www.e-s-s-o-berlin.de/news.php?cs_go=archiv&cs_id=4269" "Mozilla/5.0 (Windows NT 6.1) AppleWebKit/537.36 (KHTML, like Gecko) Chrome/33.0.1750.146 Safari/537.36"
79.247.142.23 - - [03/May/2014:16:33:54 +0200] "GET /style.css HTTP/1.1" 200 8056 "http://www.essoberlin.de/" "Mozilla/5.0 (Windows NT 6.1; WOW64; Trident/7.0; rv:11.0) like Gecko"
79.247.142.23 - - [03/May/2014:16:33:54 +0200] "GET /js/slider.js HTTP/1.1" 200 773 "http://www.essoberlin.de/" "Mozilla/5.0 (Windows NT 6.1; WOW64; Trident/7.0; rv:11.0) like Gecko"
79.247.142.23 - - [03/May/2014:16:33:54 +0200] "GET /js/ddaccordion.js HTTP/1.1" 200 12534 "http://www.essoberlin.de/" "Mozilla/5.0 (Windows NT 6.1; WOW64; Trident/7.0; rv:11.0) like Gecko"
79.247.142.23 - - [03/May/2014:16:33:54 +0200] "GET /Scripts/AC_ActiveX.js HTTP/1.1" 200 2068 "http://www.essoberlin.de/" "Mozilla/5.0 (Windows NT 6.1; WOW64; Trident/7.0; rv:11.0) like Gecko"
79.247.142.23 - - [03/May/2014:16:33:54 +0200] "GET /Scripts/AC_RunActiveContent.js HTTP/1.1" 200 8029 "http://www.essoberlin.de/" "Mozilla/5.0 (Windows NT 6.1; WOW64; Trident/7.0; rv:11.0) like Gecko"
79.247.142.23 - - [03/May/2014:16:33:54 +0200] "GET /modul.css HTTP/1.1" 200 36485 "http://www.essoberlin.de/" "Mozilla/5.0 (Windows NT 6.1; WOW64; Trident/7.0; rv:11.0) like Gecko"
79.247.142.23 - - [03/May/2014:16:33:54 +0200] "GET /js/jquery.min.js HTTP/1.1" 200 57254 "http://www.essoberlin.de/" "Mozilla/5.0 (Windows NT 6.1; WOW64; Trident/7.0; rv:11.0) like Gecko"
79.247.142.23 - - [03/May/2014:16:33:54 +0200] "GET /video/jwplayer.js HTTP/1.1" 200 132411 "http://www.essoberlin.de/" "Mozilla/5.0 (Windows NT 6.1; WOW64; Trident/7.0; rv:11.0) like Gecko"
79.247.142.23 - - [03/May/2014:16:33:55 +0200] "GET /images/iwo.jpg HTTP/1.1" 200 11024 "http://www.essoberlin.de/" "Mozilla/5.0 (Windows NT 6.1; WOW64; Trident/7.0; rv:11.0) like Gecko"
79.247.142.23 - - [03/May/2014:16:33:55 +0200] "GET /images/teamtkw.jpg HTTP/1.1" 200 27919 "http://www.essoberlin.de/" "Mozilla/5.0 (Windows NT 6.1; WOW64; Trident/7.0; rv:11.0) like Gecko"
79.247.142.23 - - [03/May/2014:16:33:55 +0200] "GET /images/team-energie.png HTTP/1.1" 200 17383 "http://www.essoberlin.de/" "Mozilla/5.0 (Windows NT 6.1; WOW64; Trident/7.0; rv:11.0) like Gecko"
79.247.142.23 - - [03/May/2014:16:33:55 +0200] "GET /images/tankpool24.jpg HTTP/1.1" 200 6460 "http://www.essoberlin.de/" "Mozilla/5.0 (Windows NT 6.1; WOW64; Trident/7.0; rv:11.0) like Gecko"
79.247.142.23 - - [03/May/2014:16:33:55 +0200] "GET /images/baustelle.jpg HTTP/1.1" 200 17506 "http://www.essoberlin.de/" "Mozilla/5.0 (Windows NT 6.1; WOW64; Trident/7.0; rv:11.0) like Gecko"
79.247.142.23 - - [03/May/2014:16:33:55 +0200] "GET /images/telefon.png HTTP/1.1" 200 754 "http://www.essoberlin.de/" "Mozilla/5.0 (Windows NT 6.1; WOW64; Trident/7.0; rv:11.0) like Gecko"
79.247.142.23 - - [03/May/2014:16:33:55 +0200] "GET /images/email.png HTTP/1.1" 200 641 "http://www.essoberlin.de/" "Mozilla/5.0 (Windows NT 6.1; WOW64; Trident/7.0; rv:11.0) like Gecko"
79.247.142.23 - - [03/May/2014:16:33:55 +0200] "GET /images/heizoelbestellung.jpg HTTP/1.1" 200 6281 "http://www.essoberlin.de/" "Mozilla/5.0 (Windows NT 6.1; WOW64; Trident/7.0; rv:11.0) like Gecko"
79.247.142.23 - - [03/May/2014:16:33:55 +0200] "GET /images/wunschpreis.jpg HTTP/1.1" 200 5550 "http://www.essoberlin.de/" "Mozilla/5.0 (Windows NT 6.1; WOW64; Trident/7.0; rv:11.0) like Gecko"
79.247.142.23 - - [03/May/2014:16:33:55 +0200] "GET /images/adblue_neu.png HTTP/1.1" 200 30982 "http://www.essoberlin.de/" "Mozilla/5.0 (Windows NT 6.1; WOW64; Trident/7.0; rv:11.0) like Gecko"
79.247.142.23 - - [03/May/2014:16:33:55 +0200] "GET /images/freecall.png HTTP/1.1" 200 15914 "http://www.essoberlin.de/" "Mozilla/5.0 (Windows NT 6.1; WOW64; Trident/7.0; rv:11.0) like Gecko"
79.247.142.23 - - [03/May/2014:16:33:55 +0200] "GET /images/kwk.png HTTP/1.1" 200 15949 "http://www.essoberlin.de/" "Mozilla/5.0 (Windows NT 6.1; WOW64; Trident/7.0; rv:11.0) like Gecko"
79.247.142.23 - - [03/May/2014:16:33:55 +0200] "GET /images/ral.png HTTP/1.1" 200 25696 "http://www.essoberlin.de/" "Mozilla/5.0 (Windows NT 6.1; WOW64; Trident/7.0; rv:11.0) like Gecko"
79.247.142.23 - - [03/May/2014:16:33:55 +0200] "GET /images/Imagebroschuere_team_energie.png HTTP/1.1" 200 64117 "http://www.essoberlin.de/" "Mozilla/5.0 (Windows NT 6.1; WOW64; Trident/7.0; rv:11.0) like Gecko"
79.247.142.23 - - [03/May/2014:16:33:54 +0200] "GET / HTTP/1.1" 200 23409 "http://www.wlw.de/p/team-energie-gmbh-co-kg-1746172?heading_id=70549" "Mozilla/5.0 (Windows NT 6.1; WOW64; Trident/7.0; rv:11.0) like Gecko"
79.247.142.23 - - [03/May/2014:16:33:55 +0200] "GET /images/content_bg.jpg HTTP/1.1" 200 437 "http://www.essoberlin.de/" "Mozilla/5.0 (Windows NT 6.1; WOW64; Trident/7.0; rv:11.0) like Gecko"
79.247.142.23 - - [03/May/2014:16:33:55 +0200] "GET /images/logos.jpg HTTP/1.1" 200 1205 "http://www.essoberlin.de/" "Mozilla/5.0 (Windows NT 6.1; WOW64; Trident/7.0; rv:11.0) like Gecko"
79.247.142.23 - - [03/May/2014:16:33:55 +0200] "GET /images/header.jpg HTTP/1.1" 200 23758 "http://www.essoberlin.de/" "Mozilla/5.0 (Windows NT 6.1; WOW64; Trident/7.0; rv:11.0) like Gecko"
79.247.142.23 - - [03/May/2014:16:33:55 +0200] "GET /images/newsletter.jpg HTTP/1.1" 200 13127 "http://www.essoberlin.de/" "Mozilla/5.0 (Windows NT 6.1; WOW64; Trident/7.0; rv:11.0) like Gecko"
79.247.142.23 - - [03/May/2014:16:33:55 +0200] "GET /images/mobil.jpg HTTP/1.1" 200 25293 "http://www.essoberlin.de/" "Mozilla/5.0 (Windows NT 6.1; WOW64; Trident/7.0; rv:11.0) like Gecko"
79.247.142.23 - - [03/May/2014:16:33:55 +0200] "GET /video/player.swf HTTP/1.1" 200 106407 "http://www.essoberlin.de/" "Mozilla/5.0 (Windows NT 6.1; WOW64; Trident/7.0; rv:11.0) like Gecko"
79.247.142.23 - - [03/May/2014:16:33:55 +0200] "GET /favicon.ico HTTP/1.1" 404 1256 "-" "Mozilla/5.0 (Windows NT 6.1; Win64; x64; Trident/7.0; rv:11.0) like Gecko"
79.247.142.23 - - [03/May/2014:16:33:55 +0200] "GET /video/standbild.jpg HTTP/1.1" 200 14654 "http://www.essoberlin.de/video/player.swf" "Mozilla/5.0 (Windows NT 6.1; WOW64; Trident/7.0; rv:11.0) like Gecko"
79.247.142.23 - - [03/May/2014:16:34:31 +0200] "GET /images/ani_logo.jpg HTTP/1.1" 200 2501 "http://www.essoberlin.de/essoschmierstoffe.php" "Mozilla/5.0 (Windows NT 6.1; WOW64; Trident/7.0; rv:11.0) like Gecko"
79.247.142.23 - - [03/May/2014:16:34:31 +0200] "GET /images/m1.jpg HTTP/1.1" 200 2619 "http://www.essoberlin.de/essoschmierstoffe.php" "Mozilla/5.0 (Windows NT 6.1; WOW64; Trident/7.0; rv:11.0) like Gecko"
79.247.142.23 - - [03/May/2014:16:34:31 +0200] "GET /images/m4.jpg HTTP/1.1" 200 2968 "http://www.essoberlin.de/essoschmierstoffe.php" "Mozilla/5.0 (Windows NT 6.1; WOW64; Trident/7.0; rv:11.0) like Gecko"
79.247.142.23 - - [03/May/2014:16:34:31 +0200] "GET /images/m3.jpg HTTP/1.1" 200 3366 "http://www.essoberlin.de/essoschmierstoffe.php" "Mozilla/5.0 (Windows NT 6.1; WOW64; Trident/7.0; rv:11.0) like Gecko"
79.247.142.23 - - [03/May/2014:16:34:31 +0200] "GET /images/m2.jpg HTTP/1.1" 200 3303 "http://www.essoberlin.de/essoschmierstoffe.php" "Mozilla/5.0 (Windows NT 6.1; WOW64; Trident/7.0; rv:11.0) like Gecko"
79.247.142.23 - - [03/May/2014:16:34:31 +0200] "GET /images/g1.jpg HTTP/1.1" 200 2537 "http://www.essoberlin.de/essoschmierstoffe.php" "Mozilla/5.0 (Windows NT 6.1; WOW64; Trident/7.0; rv:11.0) like Gecko"
79.247.142.23 - - [03/May/2014:16:34:30 +0200] "GET /essoschmierstoffe.php HTTP/1.1" 200 22876 "http://www.essoberlin.de/" "Mozilla/5.0 (Windows NT 6.1; WOW64; Trident/7.0; rv:11.0) like Gecko"
79.247.142.23 - - [03/May/2014:16:34:31 +0200] "GET /images/g2.jpg HTTP/1.1" 200 4027 "http://www.essoberlin.de/essoschmierstoffe.php" "Mozilla/5.0 (Windows NT 6.1; WOW64; Trident/7.0; rv:11.0) like Gecko"
79.247.142.23 - - [03/May/2014:16:34:31 +0200] "GET /images/g3.jpg HTTP/1.1" 200 3138 "http://www.essoberlin.de/essoschmierstoffe.php" "Mozilla/5.0 (Windows NT 6.1; WOW64; Trident/7.0; rv:11.0) like Gecko"
79.247.142.23 - - [03/May/2014:16:34:31 +0200] "GET /images/Industrieschmierstoffe_Katalog.jpg HTTP/1.1" 200 9403 "http://www.essoberlin.de/essoschmierstoffe.php" "Mozilla/5.0 (Windows NT 6.1; WOW64; Trident/7.0; rv:11.0) like Gecko"
79.247.142.23 - - [03/May/2014:16:34:31 +0200] "GET /images/f1.jpg HTTP/1.1" 200 2145 "http://www.essoberlin.de/essoschmierstoffe.php" "Mozilla/5.0 (Windows NT 6.1; WOW64; Trident/7.0; rv:11.0) like Gecko"
79.247.142.23 - - [03/May/2014:16:34:31 +0200] "GET /images/f2.jpg HTTP/1.1" 200 4024 "http://www.essoberlin.de/essoschmierstoffe.php" "Mozilla/5.0 (Windows NT 6.1; WOW64; Trident/7.0; rv:11.0) like Gecko"
79.247.142.23 - - [03/May/2014:16:34:31 +0200] "GET /images/f3.jpg HTTP/1.1" 200 3305 "http://www.essoberlin.de/essoschmierstoffe.php" "Mozilla/5.0 (Windows NT 6.1; WOW64; Trident/7.0; rv:11.0) like Gecko"
79.247.142.23 - - [03/May/2014:16:34:31 +0200] "GET /favicon.ico HTTP/1.1" 404 1256 "-" "Mozilla/5.0 (Windows NT 6.1; Win64; x64; Trident/7.0; rv:11.0) like Gecko"
