66.249.68.202 - - [04/May/2014:19:58:43 +0200] "GET /ansprechpartner.php HTTP/1.1" 200 21529 "-" "Mozilla/5.0 (iPhone; CPU iPhone OS 6_0 like Mac OS X) AppleWebKit/536.26 (KHTML, like Gecko) Version/6.0 Mobile/10A5376e Safari/8536.25 (compatible; Googlebot/2.1; +http://www.google.com/bot.html)"
66.249.68.8 - - [04/May/2014:20:02:55 +0200] "GET /lexikon.php?cs_go=3&cs_id=41 HTTP/1.1" 200 19493 "-" "Mozilla/5.0 (compatible; Googlebot/2.1; +http://www.google.com/bot.html)"
95.215.0.27 - - [04/May/2014:20:11:19 +0200] "GET /news.php?cs_go=archiv&cs_id=4815 HTTP/1.1" 200 24520 "-" "Mozilla/5.0 (Windows NT 6.1; WOW64; rv:26.1) Gecko/20100101 Firefox/26.0"
84.175.75.65 - - [04/May/2014:20:12:46 +0200] "GET /news.php?cs_go=archiv&cs_id=5126 HTTP/1.1" 200 24418 "-" "Mozilla/5.0 (Macintosh; Intel Mac OS X 10_9_2) AppleWebKit/537.75.14 (KHTML, like Gecko) Version/7.0.3 Safari/537.75.14"
84.175.75.65 - - [04/May/2014:20:12:48 +0200] "GET /favicon.ico HTTP/1.1" 404 1256 "http://www.e-s-s-o-berlin.de/news.php?cs_go=archiv&cs_id=5126" "Mozilla/5.0 (Macintosh; Intel Mac OS X 10_9_2) AppleWebKit/537.75.14 (KHTML, like Gecko) Version/7.0.3 Safari/537.75.14"
199.30.26.227 - - [04/May/2014:20:14:09 +0200] "GET /robots.txt HTTP/1.1" 404 1256 "-" "msnbot/2.0b (+http://search.msn.com/msnbot.htm)"
199.30.26.227 - - [04/May/2014:20:14:10 +0200] "GET /news.php?cs_go=archiv&cs_id=4730 HTTP/1.1" 200 22182 "-" "msnbot/2.0b (+http://search.msn.com/msnbot.htm)"
66.249.68.202 - - [04/May/2014:20:14:40 +0200] "GET /baustellenbetankung.php HTTP/1.1" 200 19811 "-" "Mozilla/5.0 (iPhone; CPU iPhone OS 6_0 like Mac OS X) AppleWebKit/536.26 (KHTML, like Gecko) Version/6.0 Mobile/10A5376e Safari/8536.25 (compatible; Googlebot/2.1; +http://www.google.com/bot.html)"
66.249.68.202 - - [04/May/2014:20:15:16 +0200] "GET /news.php?cs_go=archiv&cs_id=3618 HTTP/1.1" 200 23010 "-" "Mozilla/5.0 (compatible; Googlebot/2.1; +http://www.google.com/bot.html)"
66.249.68.39 - - [04/May/2014:20:16:49 +0200] "GET /news.php?cs_go=archiv&cs_id=4273 HTTP/1.1" 200 21334 "-" "Mozilla/5.0 (compatible; Googlebot/2.1; +http://www.google.com/bot.html)"
66.249.68.10 - - [04/May/2014:20:21:41 +0200] "GET /news.php?cs_go=archiv&cs_id=4836&cs_search= HTTP/1.1" 200 20375 "-" "Mozilla/5.0 (compatible; Googlebot/2.1; +http://www.google.com/bot.html)"
180.76.6.40 - - [04/May/2014:20:23:52 +0200] "GET / HTTP/1.1" 200 23409 "-" "Mozilla/5.0 (compatible; Baiduspider/2.0; +http://www.baidu.com/search/spider.html)"
84.175.75.65 - - [04/May/2014:20:25:14 +0200] "GET /news.php?cs_go=archiv&cs_id=5126 HTTP/1.1" 200 24418 "-" "Mozilla/5.0 (Macintosh; Intel Mac OS X 10_9_2) AppleWebKit/537.75.14 (KHTML, like Gecko) Version/7.0.3 Safari/537.75.14"
66.249.68.72 - - [04/May/2014:20:30:43 +0200] "GET /lexikon.php?cs_go=3&cs_id=116 HTTP/1.1" 200 20506 "-" "Mozilla/5.0 (compatible; Googlebot/2.1; +http://www.google.com/bot.html)"
66.249.68.10 - - [04/May/2014:20:30:44 +0200] "GET /impressum.php HTTP/1.1" 200 20220 "-" "Mozilla/5.0 (iPhone; CPU iPhone OS 6_0 like Mac OS X) AppleWebKit/536.26 (KHTML, like Gecko) Version/6.0 Mobile/10A5376e Safari/8536.25 (compatible; Googlebot/2.1; +http://www.google.com/bot.html)"
66.249.68.10 - - [04/May/2014:20:32:16 +0200] "GET /news.php?cs_go=archiv&cs_id=4828&cs_search= HTTP/1.1" 200 23850 "-" "Mozilla/5.0 (compatible; Googlebot/2.1; +http://www.google.com/bot.html)"
37.58.100.189 - - [04/May/2014:20:35:03 +0200] "GET /news.php?cs_go=archiv&cs_id=5052&cs_search= HTTP/1.1" 200 23770 "-" "Mozilla/5.0 (compatible; AhrefsBot/5.0; +http://ahrefs.com/robot/)"
208.115.111.69 - - [04/May/2014:20:35:07 +0200] "GET /lexikon.php?cs_go=3&cs_id=123 HTTP/1.1" 200 19196 "-" "Mozilla/5.0 (compatible; DotBot/1.1; http://www.opensiteexplorer.org/dotbot, help@moz.com)"
157.56.229.189 - - [04/May/2014:20:35:17 +0200] "GET /robots.txt HTTP/1.1" 404 1256 "-" "Mozilla/5.0 (compatible; bingbot/2.0; +http://www.bing.com/bingbot.htm)"
157.56.229.189 - - [04/May/2014:20:37:13 +0200] "GET /impressum.php HTTP/1.1" 200 20220 "-" "Mozilla/5.0 (compatible; bingbot/2.0; +http://www.bing.com/bingbot.htm)"
66.249.68.10 - - [04/May/2014:20:39:59 +0200] "GET /news.php?cs_go=archiv&cs_id=4493 HTTP/1.1" 200 22520 "-" "Mozilla/5.0 (compatible; Googlebot/2.1; +http://www.google.com/bot.html)"
66.249.68.39 - - [04/May/2014:20:46:10 +0200] "GET /news.php?cs_go=archiv&cs_id=4766 HTTP/1.1" 200 24375 "-" "Mozilla/5.0 (compatible; Googlebot/2.1; +http://www.google.com/bot.html)"
5.199.136.130 - - [04/May/2014:20:46:45 +0200] "GET /robots.txt HTTP/1.1" 404 1256 "-" "Mozilla/5.0 (compatible; waybackarchive.org/1.0; +spider@waybackarchive.org)"
5.199.136.130 - - [04/May/2014:20:46:46 +0200] "GET /ansprechpartner.php HTTP/1.1" 200 21529 "-" "Mozilla/5.0 (compatible; waybackarchive.org/1.0; +spider@waybackarchive.org)"
66.249.68.202 - - [04/May/2014:20:46:47 +0200] "GET /tankreinigung.php HTTP/1.1" 200 22389 "-" "Mozilla/5.0 (iPhone; CPU iPhone OS 6_0 like Mac OS X) AppleWebKit/536.26 (KHTML, like Gecko) Version/6.0 Mobile/10A5376e Safari/8536.25 (compatible; Googlebot/2.1; +http://www.google.com/bot.html)"
65.55.52.114 - - [04/May/2014:20:46:53 +0200] "GET /brennwerttechnik.php HTTP/1.1" 200 22215 "-" "Mozilla/5.0 (compatible; bingbot/2.0; +http://www.bing.com/bingbot.htm)"
65.55.52.114 - - [04/May/2014:20:46:55 +0200] "GET /news.php?cs_go=archiv&cs_id=4813 HTTP/1.1" 200 20599 "-" "Mozilla/5.0 (compatible; bingbot/2.0; +http://www.bing.com/bingbot.htm)"
37.58.100.147 - - [04/May/2014:20:50:16 +0200] "GET /news.php?cs_go=archiv&cs_id=5042 HTTP/1.1" 200 23985 "-" "Mozilla/5.0 (compatible; AhrefsBot/5.0; +http://ahrefs.com/robot/)"
37.58.100.234 - - [04/May/2014:20:51:00 +0200] "GET /lexikon.php?cs_go=3&cs_id=221 HTTP/1.1" 200 19157 "-" "Mozilla/5.0 (compatible; AhrefsBot/5.0; +http://ahrefs.com/robot/)"
66.249.68.39 - - [04/May/2014:20:51:36 +0200] "GET /lexikon.php?cs_go=3&cs_id=37 HTTP/1.1" 200 19546 "-" "Mozilla/5.0 (compatible; Googlebot/2.1; +http://www.google.com/bot.html)"
66.249.68.72 - - [04/May/2014:20:53:54 +0200] "GET /lexikon.php?cs_go=3&cs_id=153 HTTP/1.1" 200 19889 "-" "Mozilla/5.0 (compatible; Googlebot/2.1; +http://www.google.com/bot.html)"
65.55.52.114 - - [04/May/2014:20:59:51 +0200] "GET /news.php?cs_go=archiv&cs_id=5107 HTTP/1.1" 200 24311 "-" "Mozilla/5.0 (compatible; bingbot/2.0; +http://www.bing.com/bingbot.htm)"
199.30.20.10 - - [04/May/2014:21:02:13 +0200] "GET /robots.txt HTTP/1.1" 404 1256 "-" "msnbot-media/1.1 (+http://search.msn.com/msnbot.htm)"
199.30.20.10 - - [04/May/2014:21:02:14 +0200] "GET /index.php?page=produkte HTTP/1.1" 200 23409 "-" "msnbot-media/1.1 (+http://search.msn.com/msnbot.htm)"
66.249.68.10 - - [04/May/2014:21:02:51 +0200] "GET /news.php?cs_go=archiv&cs_id=4158 HTTP/1.1" 200 26809 "-" "Mozilla/5.0 (iPhone; CPU iPhone OS 6_0 like Mac OS X) AppleWebKit/536.26 (KHTML, like Gecko) Version/6.0 Mobile/10A5376e Safari/8536.25 (compatible; Googlebot/2.1; +http://www.google.com/bot.html)"
66.249.68.202 - - [04/May/2014:21:09:21 +0200] "GET /news.php?cs_go=archiv&cs_id=4792&cs_search= HTTP/1.1" 200 21869 "-" "Mozilla/5.0 (compatible; Googlebot/2.1; +http://www.google.com/bot.html)"
157.56.229.23 - - [04/May/2014:21:09:33 +0200] "GET /robots.txt HTTP/1.1" 404 1256 "-" "Mozilla/5.0 (compatible; bingbot/2.0; +http://www.bing.com/bingbot.htm)"
157.56.229.23 - - [04/May/2014:21:09:36 +0200] "GET / HTTP/1.1" 200 23409 "-" "Mozilla/5.0 (compatible; bingbot/2.0; +http://www.bing.com/bingbot.htm)"
66.249.75.169 - - [04/May/2014:21:15:32 +0200] "GET /news.php?cs_go=archiv&cs_id=4381 HTTP/1.1" 200 23827 "-" "Mozilla/5.0 (compatible; Googlebot/2.1; +http://www.google.com/bot.html)"
66.249.68.40 - - [04/May/2014:21:18:37 +0200] "GET /lexikon.php?cs_go=3&cs_id=184 HTTP/1.1" 200 19136 "-" "Mozilla/5.0 (compatible; Googlebot/2.1; +http://www.google.com/bot.html)"
66.249.68.202 - - [04/May/2014:21:18:55 +0200] "GET /diesel.php HTTP/1.1" 200 22417 "-" "Mozilla/5.0 (iPhone; CPU iPhone OS 6_0 like Mac OS X) AppleWebKit/536.26 (KHTML, like Gecko) Version/6.0 Mobile/10A5376e Safari/8536.25 (compatible; Googlebot/2.1; +http://www.google.com/bot.html)"
66.249.68.71 - - [04/May/2014:21:20:10 +0200] "GET /news.php?cs_go=archiv&cs_id=3007 HTTP/1.1" 200 22289 "-" "Mozilla/5.0 (compatible; Googlebot/2.1; +http://www.google.com/bot.html)"
66.249.68.10 - - [04/May/2014:21:21:42 +0200] "GET /news.php?cs_go=archiv&cs_id=4799&cs_search= HTTP/1.1" 200 24413 "-" "Mozilla/5.0 (compatible; Googlebot/2.1; +http://www.google.com/bot.html)"
141.8.147.12 - - [04/May/2014:21:26:03 +0200] "GET /lexikon.php?cs_go=3&cs_id=197 HTTP/1.1" 200 19133 "-" "Mozilla/5.0 (compatible; YandexBot/3.0; +http://yandex.com/bots)"
66.249.68.103 - - [04/May/2014:21:26:21 +0200] "GET /news.php?cs_go=archiv&cs_id=4380 HTTP/1.1" 200 22170 "-" "Mozilla/5.0 (compatible; Googlebot/2.1; +http://www.google.com/bot.html)"
66.249.68.10 - - [04/May/2014:21:32:31 +0200] "GET /news.php?cs_go=archiv&cs_id=3850 HTTP/1.1" 200 31149 "-" "Mozilla/5.0 (compatible; Googlebot/2.1; +http://www.google.com/bot.html)"
66.249.75.26 - - [04/May/2014:21:37:10 +0200] "GET /news.php?cs_go=archiv&cs_id=5100 HTTP/1.1" 200 20562 "-" "Mozilla/5.0 (compatible; Googlebot/2.1; +http://www.google.com/bot.html)"
66.249.68.89 - - [04/May/2014:21:38:42 +0200] "GET /news.php?cs_go=archiv&cs_id=4026 HTTP/1.1" 200 24169 "-" "Mozilla/5.0 (compatible; Googlebot/2.1; +http://www.google.com/bot.html)"
37.58.100.133 - - [04/May/2014:21:39:45 +0200] "GET /lexikon.php?cs_go=2&cs_char=r HTTP/1.1" 200 20872 "-" "Mozilla/5.0 (compatible; AhrefsBot/5.0; +http://ahrefs.com/robot/)"
141.8.147.12 - - [04/May/2014:21:42:58 +0200] "GET /news.php?cs_go=archiv&cs_startpos=170 HTTP/1.1" 200 34252 "-" "Mozilla/5.0 (compatible; YandexBot/3.0; +http://yandex.com/bots)"
66.249.68.192 - - [04/May/2014:21:43:21 +0200] "GET /robots.txt HTTP/1.1" 404 1256 "-" "Mozilla/5.0 (compatible; Googlebot/2.1; +http://www.google.com/bot.html)"
66.249.68.224 - - [04/May/2014:21:43:21 +0200] "GET /adblue.php HTTP/1.1" 200 23127 "-" "Mozilla/5.0 (compatible; Googlebot/2.1; +http://www.google.com/bot.html)"
66.249.68.24 - - [04/May/2014:21:44:53 +0200] "GET /news.php?cs_go=archiv&cs_id=4481 HTTP/1.1" 200 22288 "-" "Mozilla/5.0 (compatible; Googlebot/2.1; +http://www.google.com/bot.html)"
66.249.68.8 - - [04/May/2014:21:46:26 +0200] "GET /robots.txt HTTP/1.1" 404 1256 "-" "Mozilla/5.0 (compatible; Googlebot/2.1; +http://www.google.com/bot.html)"
66.249.68.8 - - [04/May/2014:21:46:26 +0200] "GET /lexikon.php?cs_go=3&cs_id=165 HTTP/1.1" 200 19426 "-" "Mozilla/5.0 (compatible; Googlebot/2.1; +http://www.google.com/bot.html)"
66.249.68.56 - - [04/May/2014:21:47:46 +0200] "GET /js_contentserver24_greybox/gb_scripts.js HTTP/1.1" 200 11913 "-" "Mozilla/5.0 (compatible; Googlebot/2.1; +http://www.google.com/bot.html)"
66.249.68.88 - - [04/May/2014:21:47:47 +0200] "GET /js_contentserver24_greybox/gb_styles.css HTTP/1.1" 200 2302 "-" "Mozilla/5.0 (compatible; Googlebot/2.1; +http://www.google.com/bot.html)"
66.249.68.56 - - [04/May/2014:21:47:48 +0200] "GET /js_contentserver24_greybox/loader_frame.html?s=0 HTTP/1.1" 200 2084 "-" "Mozilla/5.0 (compatible; Googlebot/2.1; +http://www.google.com/bot.html)"
37.58.100.143 - - [04/May/2014:21:49:12 +0200] "GET /news.php?cs_go=archiv&cs_id=5101 HTTP/1.1" 200 22457 "-" "Mozilla/5.0 (compatible; AhrefsBot/5.0; +http://ahrefs.com/robot/)"
37.58.100.162 - - [04/May/2014:21:57:06 +0200] "GET /lexikon.php?cs_go=3&cs_id=86 HTTP/1.1" 200 19393 "-" "Mozilla/5.0 (compatible; AhrefsBot/5.0; +http://ahrefs.com/robot/)"
66.249.68.89 - - [04/May/2014:22:01:58 +0200] "GET /news.php?cs_go=archiv&cs_id=4672&cs_search= HTTP/1.1" 200 24435 "-" "Mozilla/5.0 (compatible; Googlebot/2.1; +http://www.google.com/bot.html)"
141.8.147.12 - - [04/May/2014:22:03:11 +0200] "GET /lexikon.php?cs_go=3&cs_id=184 HTTP/1.1" 200 19136 "-" "Mozilla/5.0 (compatible; YandexBot/3.0; +http://yandex.com/bots)"
65.55.52.114 - - [04/May/2014:22:06:30 +0200] "GET / HTTP/1.1" 200 23409 "-" "Mozilla/5.0 (compatible; bingbot/2.0; +http://www.bing.com/bingbot.htm)"
66.249.68.202 - - [04/May/2014:22:06:59 +0200] "GET /ofenbau.php HTTP/1.1" 200 22004 "-" "Mozilla/5.0 (iPhone; CPU iPhone OS 6_0 like Mac OS X) AppleWebKit/536.26 (KHTML, like Gecko) Version/6.0 Mobile/10A5376e Safari/8536.25 (compatible; Googlebot/2.1; +http://www.google.com/bot.html)"
66.249.68.57 - - [04/May/2014:22:07:24 +0200] "GET /heizoel.php HTTP/1.1" 200 20999 "-" "Mozilla/5.0 (compatible; Googlebot/2.1; +http://www.google.com/bot.html)"
66.249.68.10 - - [04/May/2014:22:23:03 +0200] "GET /preisanfrage.php HTTP/1.1" 200 23737 "-" "Mozilla/5.0 (iPhone; CPU iPhone OS 6_0 like Mac OS X) AppleWebKit/536.26 (KHTML, like Gecko) Version/6.0 Mobile/10A5376e Safari/8536.25 (compatible; Googlebot/2.1; +http://www.google.com/bot.html)"
80.86.201.200 - - [04/May/2014:22:27:20 +0200] "GET /components/com_community/index.html HTTP/1.1" 404 1256 "-" "curl/7.20.1 (i686-pc-linux-gnu) libcurl/7.20.1 OpenSSL/1.0.0 zlib/1.2.3 libidn/1.15 libssh2/1.2.2_DEV"
80.86.201.200 - - [04/May/2014:22:27:20 +0200] "GET /components/com_oziogallery/imagin/scripts_ralcr/filesystem/writeToFile.php HTTP/1.1" 404 1256 "-" "curl/7.20.1 (i686-pc-linux-gnu) libcurl/7.20.1 OpenSSL/1.0.0 zlib/1.2.3 libidn/1.15 libssh2/1.2.2_DEV"
80.86.201.200 - - [04/May/2014:22:27:20 +0200] "GET /components/com_oziogallery2/imagin/scripts_ralcr/filesystem/writeToFile.php HTTP/1.1" 404 1256 "-" "curl/7.20.1 (i686-pc-linux-gnu) libcurl/7.20.1 OpenSSL/1.0.0 zlib/1.2.3 libidn/1.15 libssh2/1.2.2_DEV"
80.86.201.200 - - [04/May/2014:22:27:20 +0200] "GET /index.php?option=com_jce&task=plugin&plugin=imgmanager&file=imgmanager&method=form&action=upload HTTP/1.1" 200 23409 "-" "curl/7.20.1 (i686-pc-linux-gnu) libcurl/7.20.1 OpenSSL/1.0.0 zlib/1.2.3 libidn/1.15 libssh2/1.2.2_DEV"
208.115.113.93 - - [04/May/2014:22:27:57 +0200] "GET /robots.txt HTTP/1.1" 404 1256 "-" "Mozilla/5.0 (compatible; DotBot/1.1; http://www.opensiteexplorer.org/dotbot, help@moz.com)"
66.249.68.202 - - [04/May/2014:22:28:14 +0200] "GET /news.php?cs_go=archiv&cs_id=4797&cs_search= HTTP/1.1" 200 20557 "-" "Mozilla/5.0 (compatible; Googlebot/2.1; +http://www.google.com/bot.html)"
37.58.100.231 - - [04/May/2014:22:29:46 +0200] "GET /news.php?cs_go=archiv&cs_id=4922&cs_search= HTTP/1.1" 200 20439 "-" "Mozilla/5.0 (compatible; AhrefsBot/5.0; +http://ahrefs.com/robot/)"
37.58.100.138 - - [04/May/2014:22:30:27 +0200] "GET /news.php?cs_go=archiv&cs_id=4757 HTTP/1.1" 200 23366 "-" "Mozilla/5.0 (compatible; AhrefsBot/5.0; +http://ahrefs.com/robot/)"
66.249.68.56 - - [04/May/2014:22:31:19 +0200] "GET /news.php?cs_go=archiv&cs_id=4754&cs_search= HTTP/1.1" 200 21492 "-" "Mozilla/5.0 (compatible; Googlebot/2.1; +http://www.google.com/bot.html)"
141.8.147.12 - - [04/May/2014:22:38:53 +0200] "GET /news.php?cs_go=archiv&cs_id=4952 HTTP/1.1" 200 24304 "-" "Mozilla/5.0 (compatible; YandexBot/3.0; +http://yandex.com/bots)"
141.8.147.12 - - [04/May/2014:22:38:54 +0200] "GET /lexikon.php?cs_go=3&cs_id=199 HTTP/1.1" 200 19131 "-" "Mozilla/5.0 (compatible; YandexBot/3.0; +http://yandex.com/bots)"
141.8.147.12 - - [04/May/2014:22:38:56 +0200] "GET /lexikon.php?cs_go=3&cs_id=52 HTTP/1.1" 200 19893 "-" "Mozilla/5.0 (compatible; YandexBot/3.0; +http://yandex.com/bots)"
141.8.147.12 - - [04/May/2014:22:38:57 +0200] "GET /lexikon.php?cs_go=3&cs_id=193 HTTP/1.1" 200 19145 "-" "Mozilla/5.0 (compatible; YandexBot/3.0; +http://yandex.com/bots)"
66.249.68.10 - - [04/May/2014:22:39:08 +0200] "GET /tankanlagen.php HTTP/1.1" 200 22937 "-" "Mozilla/5.0 (iPhone; CPU iPhone OS 6_0 like Mac OS X) AppleWebKit/536.26 (KHTML, like Gecko) Version/6.0 Mobile/10A5376e Safari/8536.25 (compatible; Googlebot/2.1; +http://www.google.com/bot.html)"
66.249.68.10 - - [04/May/2014:22:46:46 +0200] "GET /news.php?cs_go=archiv&cs_id=2909 HTTP/1.1" 200 24982 "-" "Mozilla/5.0 (compatible; Googlebot/2.1; +http://www.google.com/bot.html)"
178.255.215.79 - - [04/May/2014:22:47:16 +0200] "GET / HTTP/1.1" 200 23409 "-" "Mozilla/5.0 (compatible; Exabot/3.0; +http://www.exabot.com/go/robot)"
37.58.100.76 - - [04/May/2014:22:49:55 +0200] "GET /news.php?cs_go=archiv&cs_id=4833&cs_search= HTTP/1.1" 200 24568 "-" "Mozilla/5.0 (compatible; AhrefsBot/5.0; +http://ahrefs.com/robot/)"
66.249.68.252 - - [04/May/2014:22:51:24 +0200] "GET /news.php?cs_go=archiv&cs_id=4480 HTTP/1.1" 200 22920 "-" "Mozilla/5.0 (compatible; Googlebot/2.1; +http://www.google.com/bot.html)"
66.249.68.103 - - [04/May/2014:22:52:57 +0200] "GET /news.php?cs_go=archiv&cs_id=4290 HTTP/1.1" 200 23129 "-" "Mozilla/5.0 (compatible; Googlebot/2.1; +http://www.google.com/bot.html)"
37.58.100.93 - - [04/May/2014:22:53:50 +0200] "GET /news.php?cs_go=archiv&cs_id=5119 HTTP/1.1" 200 20397 "-" "Mozilla/5.0 (compatible; AhrefsBot/5.0; +http://ahrefs.com/robot/)"
66.249.68.252 - - [04/May/2014:22:54:29 +0200] "GET /images/Industrieschmierstoffe_Katalog_March_2012.pdf HTTP/1.1" 200 1284222 "-" "Mozilla/5.0 (compatible; Googlebot/2.1; +http://www.google.com/bot.html)"
66.249.68.252 - - [04/May/2014:22:55:02 +0200] "GET /energiesparcheck.php HTTP/1.1" 200 24797 "-" "Mozilla/5.0 (iPhone; CPU iPhone OS 6_0 like Mac OS X) AppleWebKit/536.26 (KHTML, like Gecko) Version/6.0 Mobile/10A5376e Safari/8536.25 (compatible; Googlebot/2.1; +http://www.google.com/bot.html)"
87.184.255.134 - - [04/May/2014:22:55:19 +0200] "GET /style.css HTTP/1.1" 200 8056 "http://www.energie-service-berlin.de/" "Mozilla/5.0 (Linux; Android 4.1.2; GT-P5110 Build/JZO54K) AppleWebKit/537.36 (KHTML, like Gecko) Chrome/34.0.1847.114 Safari/537.36"
87.184.255.134 - - [04/May/2014:22:55:19 +0200] "GET /js/ddaccordion.js HTTP/1.1" 200 12534 "http://www.energie-service-berlin.de/" "Mozilla/5.0 (Linux; Android 4.1.2; GT-P5110 Build/JZO54K) AppleWebKit/537.36 (KHTML, like Gecko) Chrome/34.0.1847.114 Safari/537.36"
87.184.255.134 - - [04/May/2014:22:55:19 +0200] "GET /js/slider.js HTTP/1.1" 200 773 "http://www.energie-service-berlin.de/" "Mozilla/5.0 (Linux; Android 4.1.2; GT-P5110 Build/JZO54K) AppleWebKit/537.36 (KHTML, like Gecko) Chrome/34.0.1847.114 Safari/537.36"
87.184.255.134 - - [04/May/2014:22:55:19 +0200] "GET / HTTP/1.1" 200 23409 "-" "Mozilla/5.0 (Linux; Android 4.1.2; GT-P5110 Build/JZO54K) AppleWebKit/537.36 (KHTML, like Gecko) Chrome/34.0.1847.114 Safari/537.36"
87.184.255.134 - - [04/May/2014:22:55:19 +0200] "GET /modul.css HTTP/1.1" 200 36485 "http://www.energie-service-berlin.de/" "Mozilla/5.0 (Linux; Android 4.1.2; GT-P5110 Build/JZO54K) AppleWebKit/537.36 (KHTML, like Gecko) Chrome/34.0.1847.114 Safari/537.36"
87.184.255.134 - - [04/May/2014:22:55:19 +0200] "GET /Scripts/AC_ActiveX.js HTTP/1.1" 200 2068 "http://www.energie-service-berlin.de/" "Mozilla/5.0 (Linux; Android 4.1.2; GT-P5110 Build/JZO54K) AppleWebKit/537.36 (KHTML, like Gecko) Chrome/34.0.1847.114 Safari/537.36"
87.184.255.134 - - [04/May/2014:22:55:19 +0200] "GET /Scripts/AC_RunActiveContent.js HTTP/1.1" 200 8029 "http://www.energie-service-berlin.de/" "Mozilla/5.0 (Linux; Android 4.1.2; GT-P5110 Build/JZO54K) AppleWebKit/537.36 (KHTML, like Gecko) Chrome/34.0.1847.114 Safari/537.36"
87.184.255.134 - - [04/May/2014:22:55:19 +0200] "GET /images/teamtkw.jpg HTTP/1.1" 200 27919 "http://www.energie-service-berlin.de/" "Mozilla/5.0 (Linux; Android 4.1.2; GT-P5110 Build/JZO54K) AppleWebKit/537.36 (KHTML, like Gecko) Chrome/34.0.1847.114 Safari/537.36"
87.184.255.134 - - [04/May/2014:22:55:19 +0200] "GET /images/tankpool24.jpg HTTP/1.1" 200 6460 "http://www.energie-service-berlin.de/" "Mozilla/5.0 (Linux; Android 4.1.2; GT-P5110 Build/JZO54K) AppleWebKit/537.36 (KHTML, like Gecko) Chrome/34.0.1847.114 Safari/537.36"
87.184.255.134 - - [04/May/2014:22:55:19 +0200] "GET /images/iwo.jpg HTTP/1.1" 200 11024 "http://www.energie-service-berlin.de/" "Mozilla/5.0 (Linux; Android 4.1.2; GT-P5110 Build/JZO54K) AppleWebKit/537.36 (KHTML, like Gecko) Chrome/34.0.1847.114 Safari/537.36"
87.184.255.134 - - [04/May/2014:22:55:19 +0200] "GET /js/jquery.min.js HTTP/1.1" 200 57254 "http://www.energie-service-berlin.de/" "Mozilla/5.0 (Linux; Android 4.1.2; GT-P5110 Build/JZO54K) AppleWebKit/537.36 (KHTML, like Gecko) Chrome/34.0.1847.114 Safari/537.36"
87.184.255.134 - - [04/May/2014:22:55:20 +0200] "GET /images/baustelle.jpg HTTP/1.1" 200 17506 "http://www.energie-service-berlin.de/" "Mozilla/5.0 (Linux; Android 4.1.2; GT-P5110 Build/JZO54K) AppleWebKit/537.36 (KHTML, like Gecko) Chrome/34.0.1847.114 Safari/537.36"
87.184.255.134 - - [04/May/2014:22:55:20 +0200] "GET /images/telefon.png HTTP/1.1" 200 754 "http://www.energie-service-berlin.de/" "Mozilla/5.0 (Linux; Android 4.1.2; GT-P5110 Build/JZO54K) AppleWebKit/537.36 (KHTML, like Gecko) Chrome/34.0.1847.114 Safari/537.36"
87.184.255.134 - - [04/May/2014:22:55:20 +0200] "GET /images/email.png HTTP/1.1" 200 641 "http://www.energie-service-berlin.de/" "Mozilla/5.0 (Linux; Android 4.1.2; GT-P5110 Build/JZO54K) AppleWebKit/537.36 (KHTML, like Gecko) Chrome/34.0.1847.114 Safari/537.36"
87.184.255.134 - - [04/May/2014:22:55:19 +0200] "GET /images/team-energie.png HTTP/1.1" 200 17383 "http://www.energie-service-berlin.de/" "Mozilla/5.0 (Linux; Android 4.1.2; GT-P5110 Build/JZO54K) AppleWebKit/537.36 (KHTML, like Gecko) Chrome/34.0.1847.114 Safari/537.36"
87.184.255.134 - - [04/May/2014:22:55:19 +0200] "GET /video/jwplayer.js HTTP/1.1" 200 132411 "http://www.energie-service-berlin.de/" "Mozilla/5.0 (Linux; Android 4.1.2; GT-P5110 Build/JZO54K) AppleWebKit/537.36 (KHTML, like Gecko) Chrome/34.0.1847.114 Safari/537.36"
87.184.255.134 - - [04/May/2014:22:55:20 +0200] "GET /images/heizoelbestellung.jpg HTTP/1.1" 200 6281 "http://www.energie-service-berlin.de/" "Mozilla/5.0 (Linux; Android 4.1.2; GT-P5110 Build/JZO54K) AppleWebKit/537.36 (KHTML, like Gecko) Chrome/34.0.1847.114 Safari/537.36"
87.184.255.134 - - [04/May/2014:22:55:20 +0200] "GET /images/wunschpreis.jpg HTTP/1.1" 200 5550 "http://www.energie-service-berlin.de/" "Mozilla/5.0 (Linux; Android 4.1.2; GT-P5110 Build/JZO54K) AppleWebKit/537.36 (KHTML, like Gecko) Chrome/34.0.1847.114 Safari/537.36"
87.184.255.134 - - [04/May/2014:22:55:20 +0200] "GET /images/adblue_neu.png HTTP/1.1" 200 30982 "http://www.energie-service-berlin.de/" "Mozilla/5.0 (Linux; Android 4.1.2; GT-P5110 Build/JZO54K) AppleWebKit/537.36 (KHTML, like Gecko) Chrome/34.0.1847.114 Safari/537.36"
87.184.255.134 - - [04/May/2014:22:55:20 +0200] "GET /images/freecall.png HTTP/1.1" 200 15914 "http://www.energie-service-berlin.de/" "Mozilla/5.0 (Linux; Android 4.1.2; GT-P5110 Build/JZO54K) AppleWebKit/537.36 (KHTML, like Gecko) Chrome/34.0.1847.114 Safari/537.36"
87.184.255.134 - - [04/May/2014:22:55:20 +0200] "GET /images/kwk.png HTTP/1.1" 200 15949 "http://www.energie-service-berlin.de/" "Mozilla/5.0 (Linux; Android 4.1.2; GT-P5110 Build/JZO54K) AppleWebKit/537.36 (KHTML, like Gecko) Chrome/34.0.1847.114 Safari/537.36"
87.184.255.134 - - [04/May/2014:22:55:20 +0200] "GET /images/ral.png HTTP/1.1" 200 25696 "http://www.energie-service-berlin.de/" "Mozilla/5.0 (Linux; Android 4.1.2; GT-P5110 Build/JZO54K) AppleWebKit/537.36 (KHTML, like Gecko) Chrome/34.0.1847.114 Safari/537.36"
87.184.255.134 - - [04/May/2014:22:55:20 +0200] "GET /images/Imagebroschuere_team_energie.png HTTP/1.1" 200 64117 "http://www.energie-service-berlin.de/" "Mozilla/5.0 (Linux; Android 4.1.2; GT-P5110 Build/JZO54K) AppleWebKit/537.36 (KHTML, like Gecko) Chrome/34.0.1847.114 Safari/537.36"
87.184.255.134 - - [04/May/2014:22:55:21 +0200] "GET /video/standbild.jpg HTTP/1.1" 200 14654 "http://www.energie-service-berlin.de/" "Mozilla/5.0 (Linux; Android 4.1.2; GT-P5110 Build/JZO54K) AppleWebKit/537.36 (KHTML, like Gecko) Chrome/34.0.1847.114 Safari/537.36"
87.184.255.134 - - [04/May/2014:22:55:21 +0200] "GET /images/header.jpg HTTP/1.1" 200 23758 "http://www.energie-service-berlin.de/" "Mozilla/5.0 (Linux; Android 4.1.2; GT-P5110 Build/JZO54K) AppleWebKit/537.36 (KHTML, like Gecko) Chrome/34.0.1847.114 Safari/537.36"
87.184.255.134 - - [04/May/2014:22:55:21 +0200] "GET /images/content_bg.jpg HTTP/1.1" 200 437 "http://www.energie-service-berlin.de/" "Mozilla/5.0 (Linux; Android 4.1.2; GT-P5110 Build/JZO54K) AppleWebKit/537.36 (KHTML, like Gecko) Chrome/34.0.1847.114 Safari/537.36"
87.184.255.134 - - [04/May/2014:22:55:21 +0200] "GET /images/logos.jpg HTTP/1.1" 200 1205 "http://www.energie-service-berlin.de/" "Mozilla/5.0 (Linux; Android 4.1.2; GT-P5110 Build/JZO54K) AppleWebKit/537.36 (KHTML, like Gecko) Chrome/34.0.1847.114 Safari/537.36"
87.184.255.134 - - [04/May/2014:22:55:21 +0200] "GET /images/newsletter.jpg HTTP/1.1" 200 13127 "http://www.energie-service-berlin.de/" "Mozilla/5.0 (Linux; Android 4.1.2; GT-P5110 Build/JZO54K) AppleWebKit/537.36 (KHTML, like Gecko) Chrome/34.0.1847.114 Safari/537.36"
87.184.255.134 - - [04/May/2014:22:55:21 +0200] "GET /images/mobil.jpg HTTP/1.1" 200 25293 "http://www.energie-service-berlin.de/" "Mozilla/5.0 (Linux; Android 4.1.2; GT-P5110 Build/JZO54K) AppleWebKit/537.36 (KHTML, like Gecko) Chrome/34.0.1847.114 Safari/537.36"
87.184.255.134 - - [04/May/2014:22:55:21 +0200] "GET /favicon.ico HTTP/1.1" 404 1256 "-" "Mozilla/5.0 (Linux; Android 4.1.2; GT-P5110 Build/JZO54K) AppleWebKit/537.36 (KHTML, like Gecko) Chrome/34.0.1847.114 Safari/537.36"
66.249.68.56 - - [04/May/2014:22:57:35 +0200] "GET /news.php?cs_go=archiv&cs_id=4867&cs_search= HTTP/1.1" 200 24601 "-" "Mozilla/5.0 (compatible; Googlebot/2.1; +http://www.google.com/bot.html)"
94.242.222.44 - - [04/May/2014:23:00:05 +0200] "GET / HTTP/1.1" 200 23409 "-" "Mozilla/5.0 (Windows NT 6.1; WOW64; rv:28.0) Gecko/20100101 Firefox/28.0"
66.249.68.39 - - [04/May/2014:23:00:40 +0200] "GET /news.php?cs_go=archiv&cs_id=2913 HTTP/1.1" 200 22191 "-" "Mozilla/5.0 (compatible; Googlebot/2.1; +http://www.google.com/bot.html)"
141.8.147.12 - - [04/May/2014:23:01:02 +0200] "GET /news.php?cs_go=archiv&cs_id=5078 HTTP/1.1" 200 20542 "-" "Mozilla/5.0 (compatible; YandexBot/3.0; +http://yandex.com/bots)"
141.8.147.12 - - [04/May/2014:23:01:29 +0200] "GET /news.php?cs_go=archiv&cs_id=5118 HTTP/1.1" 200 20468 "-" "Mozilla/5.0 (compatible; YandexBot/3.0; +http://yandex.com/bots)"
141.8.147.12 - - [04/May/2014:23:01:30 +0200] "GET /ofenbau.php HTTP/1.1" 200 22004 "-" "Mozilla/5.0 (compatible; YandexBot/3.0; +http://yandex.com/bots)"
66.249.75.108 - - [04/May/2014:23:02:13 +0200] "GET /news.php?cs_go=archiv&cs_id=4440&cs_search= HTTP/1.1" 200 24749 "-" "Mozilla/5.0 (compatible; Googlebot/2.1; +http://www.google.com/bot.html)"
66.249.68.160 - - [04/May/2014:23:03:46 +0200] "GET / HTTP/1.1" 200 23409 "-" "Mozilla/5.0 (compatible; Googlebot/2.1; +http://www.google.com/bot.html)"
66.249.68.160 - - [04/May/2014:23:06:51 +0200] "GET /news.php?cs_go=archiv&cs_id=4914 HTTP/1.1" 200 20649 "-" "Mozilla/5.0 (compatible; Googlebot/2.1; +http://www.google.com/bot.html)"
66.249.68.8 - - [04/May/2014:23:09:57 +0200] "GET /lexikon.php?cs_go=3&cs_id=192 HTTP/1.1" 200 19547 "-" "Mozilla/5.0 (compatible; Googlebot/2.1; +http://www.google.com/bot.html)"
66.249.68.202 - - [04/May/2014:23:11:06 +0200] "GET /heizoel.php HTTP/1.1" 200 20999 "-" "Mozilla/5.0 (iPhone; CPU iPhone OS 6_0 like Mac OS X) AppleWebKit/536.26 (KHTML, like Gecko) Version/6.0 Mobile/10A5376e Safari/8536.25 (compatible; Googlebot/2.1; +http://www.google.com/bot.html)"
37.58.100.147 - - [04/May/2014:23:11:56 +0200] "GET /news.php?cs_go=archiv&cs_id=4896 HTTP/1.1" 200 20745 "-" "Mozilla/5.0 (compatible; AhrefsBot/5.0; +http://ahrefs.com/robot/)"
37.58.100.231 - - [04/May/2014:23:14:11 +0200] "GET /news.php?cs_go=archiv&cs_id=5104 HTTP/1.1" 200 21085 "-" "Mozilla/5.0 (compatible; AhrefsBot/5.0; +http://ahrefs.com/robot/)"
141.8.147.12 - - [04/May/2014:23:16:58 +0200] "GET /news.php?cs_go=archiv&cs_id=5119 HTTP/1.1" 200 20397 "-" "Mozilla/5.0 (compatible; YandexBot/3.0; +http://yandex.com/bots)"
5.199.136.130 - - [04/May/2014:23:20:20 +0200] "GET /robots.txt HTTP/1.1" 404 1256 "-" "Mozilla/5.0 (compatible; waybackarchive.org/1.0; +spider@waybackarchive.org)"
5.199.136.130 - - [04/May/2014:23:20:20 +0200] "GET /waermekonto.php HTTP/1.1" 200 30901 "-" "Mozilla/5.0 (compatible; waybackarchive.org/1.0; +spider@waybackarchive.org)"
157.56.92.148 - - [04/May/2014:23:20:48 +0200] "GET /essoschmierstoffe.php HTTP/1.1" 200 22876 "-" "Mozilla/5.0 (compatible; bingbot/2.0; +http://www.bing.com/bingbot.htm)"
66.249.68.202 - - [04/May/2014:23:25:24 +0200] "GET /news.php?cs_go=archiv&cs_id=4931 HTTP/1.1" 200 21155 "-" "Mozilla/5.0 (compatible; Googlebot/2.1; +http://www.google.com/bot.html)"
66.249.68.39 - - [04/May/2014:23:26:05 +0200] "GET / HTTP/1.1" 200 23409 "-" "SAMSUNG-SGH-E250/1.0 Profile/MIDP-2.0 Configuration/CLDC-1.1 UP.Browser/6.2.3.3.c.1.101 (GUI) MMP/2.0 (compatible; Googlebot-Mobile/2.1; +http://www.google.com/bot.html)"
37.58.100.154 - - [04/May/2014:23:27:38 +0200] "GET /news.php?cs_go=archiv&cs_id=5069 HTTP/1.1" 200 20553 "-" "Mozilla/5.0 (compatible; AhrefsBot/5.0; +http://ahrefs.com/robot/)"
141.8.147.12 - - [04/May/2014:23:27:44 +0200] "GET /news.php?cs_go=archiv&cs_id=4857&cs_search= HTTP/1.1" 200 25357 "-" "Mozilla/5.0 (compatible; YandexBot/3.0; +http://yandex.com/bots)"
37.58.100.189 - - [04/May/2014:23:28:50 +0200] "GET /news.php?cs_go=archiv&cs_id=5014&cs_search= HTTP/1.1" 200 21084 "-" "Mozilla/5.0 (compatible; AhrefsBot/5.0; +http://ahrefs.com/robot/)"
157.56.229.23 - - [04/May/2014:23:29:01 +0200] "GET /news.php?cs_go=archiv&cs_id=5069 HTTP/1.1" 200 20553 "-" "Mozilla/5.0 (compatible; bingbot/2.0; +http://www.bing.com/bingbot.htm)"
66.249.68.10 - - [04/May/2014:23:33:07 +0200] "GET /preisentwicklung.php?cs_go=4 HTTP/1.1" 200 54088 "-" "Mozilla/5.0 (compatible; Googlebot/2.1; +http://www.google.com/bot.html)"
37.58.100.189 - - [04/May/2014:23:35:09 +0200] "GET /lexikon.php?cs_go=3&cs_id=16 HTTP/1.1" 200 20070 "-" "Mozilla/5.0 (compatible; AhrefsBot/5.0; +http://ahrefs.com/robot/)"
66.249.68.202 - - [04/May/2014:23:43:16 +0200] "GET /wunschpreis.php HTTP/1.1" 200 24967 "-" "Mozilla/5.0 (iPhone; CPU iPhone OS 6_0 like Mac OS X) AppleWebKit/536.26 (KHTML, like Gecko) Version/6.0 Mobile/10A5376e Safari/8536.25 (compatible; Googlebot/2.1; +http://www.google.com/bot.html)"
141.8.147.12 - - [04/May/2014:23:50:27 +0200] "GET /news.php?cs_go=archiv&cs_id=5117 HTTP/1.1" 200 24279 "-" "Mozilla/5.0 (compatible; YandexBot/3.0; +http://yandex.com/bots)"
66.249.68.103 - - [04/May/2014:23:53:12 +0200] "GET /news.php?cs_go=archiv&cs_id=4786 HTTP/1.1" 200 24183 "-" "Mozilla/5.0 (compatible; Googlebot/2.1; +http://www.google.com/bot.html)"
141.8.147.12 - - [04/May/2014:23:53:38 +0200] "GET /news.php?cs_go=archiv&cs_startpos=51 HTTP/1.1" 200 34735 "-" "Mozilla/5.0 (compatible; YandexBot/3.0; +http://yandex.com/bots)"
94.242.222.221 - - [04/May/2014:23:55:27 +0200] "HEAD / HTTP/1.1" 200 - "-" "Mozilla/5.0 (compatible; MSIE 10.0; Windows NT 6.1; Trident/6.0)"
66.249.68.56 - - [04/May/2014:23:57:50 +0200] "GET /news.php?cs_go=archiv&cs_id=4883 HTTP/1.1" 200 20625 "-" "Mozilla/5.0 (compatible; Googlebot/2.1; +http://www.google.com/bot.html)"
66.249.68.202 - - [04/May/2014:23:59:20 +0200] "GET /preisentwicklung.php HTTP/1.1" 200 54088 "-" "Mozilla/5.0 (iPhone; CPU iPhone OS 6_0 like Mac OS X) AppleWebKit/536.26 (KHTML, like Gecko) Version/6.0 Mobile/10A5376e Safari/8536.25 (compatible; Googlebot/2.1; +http://www.google.com/bot.html)"
66.249.68.25 - - [04/May/2014:23:59:23 +0200] "GET /kwk.php?cs_go=1 HTTP/1.1" 200 22041 "-" "Mozilla/5.0 (compatible; Googlebot/2.1; +http://www.google.com/bot.html)"
141.8.147.12 - - [04/May/2014:23:59:40 +0200] "GET /news.php?cs_go=archiv&cs_id=5137 HTTP/1.1" 200 20658 "-" "Mozilla/5.0 (compatible; YandexBot/3.0; +http://yandex.com/bots)"
141.8.147.12 - - [04/May/2014:23:59:44 +0200] "GET /modernisierung.php HTTP/1.1" 200 22880 "-" "Mozilla/5.0 (compatible; YandexBot/3.0; +http://yandex.com/bots)"
66.249.68.25 - - [05/May/2014:00:01:12 +0200] "GET /kwk.php?cs_go=2 HTTP/1.1" 200 23012 "-" "Mozilla/5.0 (compatible; Googlebot/2.1; +http://www.google.com/bot.html)"
66.249.68.8 - - [05/May/2014:00:04:00 +0200] "GET /lexikon.php?cs_go=3&cs_id=200 HTTP/1.1" 200 21140 "-" "Mozilla/5.0 (compatible; Googlebot/2.1; +http://www.google.com/bot.html)"
66.249.68.192 - - [05/May/2014:00:05:34 +0200] "GET /news.php?cs_go=archiv&cs_id=4911 HTTP/1.1" 200 21084 "-" "Mozilla/5.0 (compatible; Googlebot/2.1; +http://www.google.com/bot.html)"
37.58.100.134 - - [05/May/2014:00:07:08 +0200] "GET /news.php?cs_go=archiv&cs_id=5016 HTTP/1.1" 200 24254 "-" "Mozilla/5.0 (compatible; AhrefsBot/5.0; +http://ahrefs.com/robot/)"
37.58.100.189 - - [05/May/2014:00:14:59 +0200] "GET /news.php?cs_go=archiv&cs_id=4872&cs_search= HTTP/1.1" 200 20617 "-" "Mozilla/5.0 (compatible; AhrefsBot/5.0; +http://ahrefs.com/robot/)"
66.249.68.202 - - [05/May/2014:00:15:13 +0200] "GET /jobs.php HTTP/1.1" 200 19000 "-" "Mozilla/5.0 (iPhone; CPU iPhone OS 6_0 like Mac OS X) AppleWebKit/536.26 (KHTML, like Gecko) Version/6.0 Mobile/10A5376e Safari/8536.25 (compatible; Googlebot/2.1; +http://www.google.com/bot.html)"
66.249.68.24 - - [05/May/2014:00:17:59 +0200] "GET /news.php?cs_go=archiv&cs_id=4866&cs_search= HTTP/1.1" 200 20640 "-" "Mozilla/5.0 (compatible; Googlebot/2.1; +http://www.google.com/bot.html)"
91.121.79.180 - - [05/May/2014:00:20:25 +0200] "GET /robots.txt HTTP/1.1" 404 1256 "-" "Mozilla/5.0 (compatible; fr-crawler/1.1)"
91.121.79.180 - - [05/May/2014:00:20:26 +0200] "GET / HTTP/1.1" 200 23409 "-" "Mozilla/5.0 (compatible; fr-crawler/1.1)"
91.121.79.180 - - [05/May/2014:00:20:27 +0200] "GET /baustellenbetankung.php HTTP/1.1" 200 19811 "-" "Mozilla/5.0 (compatible; fr-crawler/1.1)"
91.121.79.180 - - [05/May/2014:00:20:29 +0200] "GET /heizoel.php HTTP/1.1" 200 20999 "-" "Mozilla/5.0 (compatible; fr-crawler/1.1)"
91.121.79.180 - - [05/May/2014:00:20:30 +0200] "GET /notdienst.php HTTP/1.1" 200 19717 "-" "Mozilla/5.0 (compatible; fr-crawler/1.1)"
91.121.79.180 - - [05/May/2014:00:20:32 +0200] "GET /diesel.php HTTP/1.1" 200 22417 "-" "Mozilla/5.0 (compatible; fr-crawler/1.1)"
91.121.79.180 - - [05/May/2014:00:20:34 +0200] "GET /ec.php HTTP/1.1" 200 20733 "-" "Mozilla/5.0 (compatible; fr-crawler/1.1)"
91.121.79.180 - - [05/May/2014:00:20:35 +0200] "GET /ofenbau.php HTTP/1.1" 200 22004 "-" "Mozilla/5.0 (compatible; fr-crawler/1.1)"
91.121.79.180 - - [05/May/2014:00:20:37 +0200] "GET /waermekonto.php HTTP/1.1" 200 30901 "-" "Mozilla/5.0 (compatible; fr-crawler/1.1)"
91.121.79.180 - - [05/May/2014:00:20:39 +0200] "GET /preisanfrage.php HTTP/1.1" 200 23737 "-" "Mozilla/5.0 (compatible; fr-crawler/1.1)"
91.121.79.180 - - [05/May/2014:00:20:41 +0200] "GET /brennwerttechnik.php HTTP/1.1" 200 22215 "-" "Mozilla/5.0 (compatible; fr-crawler/1.1)"
91.121.79.180 - - [05/May/2014:00:20:43 +0200] "GET /kwk.php HTTP/1.1" 200 22041 "-" "Mozilla/5.0 (compatible; fr-crawler/1.1)"
91.121.79.180 - - [05/May/2014:00:20:45 +0200] "GET /ansprechpartner.php HTTP/1.1" 200 21529 "-" "Mozilla/5.0 (compatible; fr-crawler/1.1)"
91.121.79.180 - - [05/May/2014:00:20:46 +0200] "GET /faq.php HTTP/1.1" 200 238499 "-" "Mozilla/5.0 (compatible; fr-crawler/1.1)"
91.121.79.180 - - [05/May/2014:00:20:48 +0200] "GET /impressum.php HTTP/1.1" 200 20220 "-" "Mozilla/5.0 (compatible; fr-crawler/1.1)"
91.121.79.180 - - [05/May/2014:00:20:50 +0200] "GET /energiekostenvergleich.php HTTP/1.1" 200 23560 "-" "Mozilla/5.0 (compatible; fr-crawler/1.1)"
91.121.79.180 - - [05/May/2014:00:20:51 +0200] "GET /edl.php HTTP/1.1" 200 22495 "-" "Mozilla/5.0 (compatible; fr-crawler/1.1)"
91.121.79.180 - - [05/May/2014:00:20:53 +0200] "GET /foerdermittel.php HTTP/1.1" 200 24406 "-" "Mozilla/5.0 (compatible; fr-crawler/1.1)"
91.121.79.180 - - [05/May/2014:00:20:55 +0200] "GET /premiumheizoel.php HTTP/1.1" 200 19519 "-" "Mozilla/5.0 (compatible; fr-crawler/1.1)"
91.121.79.180 - - [05/May/2014:00:20:56 +0200] "GET /tankanlagen.php HTTP/1.1" 200 22937 "-" "Mozilla/5.0 (compatible; fr-crawler/1.1)"
91.121.79.180 - - [05/May/2014:00:20:58 +0200] "GET /marktdaten.php HTTP/1.1" 200 19936 "-" "Mozilla/5.0 (compatible; fr-crawler/1.1)"
91.121.79.180 - - [05/May/2014:00:21:00 +0200] "GET /news.php HTTP/1.1" 200 33654 "-" "Mozilla/5.0 (compatible; fr-crawler/1.1)"
66.249.68.10 - - [05/May/2014:00:21:01 +0200] "GET /news.php?cs_go=archiv&cs_id=4850&cs_search= HTTP/1.1" 200 24455 "-" "Mozilla/5.0 (compatible; Googlebot/2.1; +http://www.google.com/bot.html)"
91.121.79.180 - - [05/May/2014:00:21:02 +0200] "GET /adblue.php HTTP/1.1" 200 23127 "-" "Mozilla/5.0 (compatible; fr-crawler/1.1)"
91.121.79.180 - - [05/May/2014:00:21:03 +0200] "GET /lexikon.php HTTP/1.1" 200 21691 "-" "Mozilla/5.0 (compatible; fr-crawler/1.1)"
91.121.79.180 - - [05/May/2014:00:21:05 +0200] "GET /wunschpreis.php HTTP/1.1" 200 24967 "-" "Mozilla/5.0 (compatible; fr-crawler/1.1)"
91.121.79.180 - - [05/May/2014:00:21:07 +0200] "GET /jobs.php HTTP/1.1" 200 19000 "-" "Mozilla/5.0 (compatible; fr-crawler/1.1)"
91.121.79.180 - - [05/May/2014:00:21:09 +0200] "GET /index.php HTTP/1.1" 200 23409 "-" "Mozilla/5.0 (compatible; fr-crawler/1.1)"
91.121.79.180 - - [05/May/2014:00:21:11 +0200] "GET /energiesparcheck.php HTTP/1.1" 200 24797 "-" "Mozilla/5.0 (compatible; fr-crawler/1.1)"
91.121.79.180 - - [05/May/2014:00:21:13 +0200] "GET /kontakt.php HTTP/1.1" 200 20926 "-" "Mozilla/5.0 (compatible; fr-crawler/1.1)"
91.121.79.180 - - [05/May/2014:00:21:14 +0200] "GET /newsletter.php HTTP/1.1" 200 19925 "-" "Mozilla/5.0 (compatible; fr-crawler/1.1)"
91.121.79.180 - - [05/May/2014:00:21:16 +0200] "GET /biogasanlage.php HTTP/1.1" 200 19193 "-" "Mozilla/5.0 (compatible; fr-crawler/1.1)"
91.121.79.180 - - [05/May/2014:00:21:18 +0200] "GET /essoschmierstoffe.php HTTP/1.1" 200 22876 "-" "Mozilla/5.0 (compatible; fr-crawler/1.1)"
91.121.79.180 - - [05/May/2014:00:21:19 +0200] "GET /schmierstoffe.php HTTP/1.1" 200 21715 "-" "Mozilla/5.0 (compatible; fr-crawler/1.1)"
91.121.79.180 - - [05/May/2014:00:21:21 +0200] "GET /modernisierung.php HTTP/1.1" 200 22880 "-" "Mozilla/5.0 (compatible; fr-crawler/1.1)"
91.121.79.180 - - [05/May/2014:00:21:23 +0200] "GET /tankreinigung.php HTTP/1.1" 200 22389 "-" "Mozilla/5.0 (compatible; fr-crawler/1.1)"
91.121.79.180 - - [05/May/2014:00:21:24 +0200] "GET /news.php?cs_go=archiv&cs_id=5126 HTTP/1.1" 200 24418 "-" "Mozilla/5.0 (compatible; fr-crawler/1.1)"
91.121.79.180 - - [05/May/2014:00:21:26 +0200] "GET /news.php?cs_go=archiv&cs_id=5135 HTTP/1.1" 200 24202 "-" "Mozilla/5.0 (compatible; fr-crawler/1.1)"
91.121.79.180 - - [05/May/2014:00:21:28 +0200] "GET /news.php?cs_go=archiv&cs_id=5128 HTTP/1.1" 200 20905 "-" "Mozilla/5.0 (compatible; fr-crawler/1.1)"
91.121.79.180 - - [05/May/2014:00:21:30 +0200] "GET /news.php?cs_go=archiv HTTP/1.1" 200 33654 "-" "Mozilla/5.0 (compatible; fr-crawler/1.1)"
91.121.79.180 - - [05/May/2014:00:21:32 +0200] "GET /news.php?cs_go=archiv&cs_id=5137 HTTP/1.1" 200 20658 "-" "Mozilla/5.0 (compatible; fr-crawler/1.1)"
91.121.79.180 - - [05/May/2014:00:21:33 +0200] "GET /news.php?cs_go=archiv&cs_id=5127 HTTP/1.1" 200 20513 "-" "Mozilla/5.0 (compatible; fr-crawler/1.1)"
91.121.79.180 - - [05/May/2014:00:21:35 +0200] "GET /news.php?cs_go=archiv&cs_id=5129 HTTP/1.1" 200 24051 "-" "Mozilla/5.0 (compatible; fr-crawler/1.1)"
91.121.79.180 - - [05/May/2014:00:21:37 +0200] "GET /tabmenu/md_feuer.php HTTP/1.1" 200 3314 "-" "Mozilla/5.0 (compatible; fr-crawler/1.1)"
91.121.79.180 - - [05/May/2014:00:21:38 +0200] "GET /tabmenu/md_diesel.php HTTP/1.1" 200 2927 "-" "Mozilla/5.0 (compatible; fr-crawler/1.1)"
91.121.79.180 - - [05/May/2014:00:21:40 +0200] "GET /tabmenu/md_kohle_b.php HTTP/1.1" 200 2958 "-" "Mozilla/5.0 (compatible; fr-crawler/1.1)"
91.121.79.180 - - [05/May/2014:00:21:41 +0200] "GET /tabmenu/md_hel.php HTTP/1.1" 200 2931 "-" "Mozilla/5.0 (compatible; fr-crawler/1.1)"
91.121.79.180 - - [05/May/2014:00:21:42 +0200] "GET /lexikon.php?cs_go=2&cs_char=m HTTP/1.1" 200 20213 "-" "Mozilla/5.0 (compatible; fr-crawler/1.1)"
91.121.79.180 - - [05/May/2014:00:21:44 +0200] "GET /news.php?cs_go=archiv&cs_id=5128&cs_search= HTTP/1.1" 200 20905 "-" "Mozilla/5.0 (compatible; fr-crawler/1.1)"
91.121.79.180 - - [05/May/2014:00:21:46 +0200] "GET /lexikon.php?cs_go=2&cs_char=l HTTP/1.1" 200 19913 "-" "Mozilla/5.0 (compatible; fr-crawler/1.1)"
91.121.79.180 - - [05/May/2014:00:21:48 +0200] "GET /lexikon.php?cs_go=2&cs_char=a HTTP/1.1" 200 20943 "-" "Mozilla/5.0 (compatible; fr-crawler/1.1)"
91.121.79.180 - - [05/May/2014:00:21:49 +0200] "GET /lexikon.php?cs_go=2&cs_char=y HTTP/1.1" 200 19750 "-" "Mozilla/5.0 (compatible; fr-crawler/1.1)"
91.121.79.180 - - [05/May/2014:00:21:51 +0200] "GET /news.php?cs_go=archiv&cs_id=5123&cs_search= HTTP/1.1" 200 24348 "-" "Mozilla/5.0 (compatible; fr-crawler/1.1)"
91.121.79.180 - - [05/May/2014:00:21:53 +0200] "GET /lexikon.php?cs_go=2&cs_char=r HTTP/1.1" 200 20872 "-" "Mozilla/5.0 (compatible; fr-crawler/1.1)"
91.121.79.180 - - [05/May/2014:00:21:55 +0200] "GET /news.php?cs_go=archiv&cs_id=5135&cs_search= HTTP/1.1" 200 24202 "-" "Mozilla/5.0 (compatible; fr-crawler/1.1)"
91.121.79.180 - - [05/May/2014:00:21:56 +0200] "GET /lexikon.php?cs_go=2&cs_char=p HTTP/1.1" 200 20306 "-" "Mozilla/5.0 (compatible; fr-crawler/1.1)"
91.121.79.180 - - [05/May/2014:00:21:58 +0200] "GET /"http:/www.brennstoffboerse.de/index.php?go=fluessiggas_pruefung" HTTP/1.1" 404 1256 "-" "Mozilla/5.0 (compatible; fr-crawler/1.1)"
91.121.79.180 - - [05/May/2014:00:21:59 +0200] "GET /lexikon.php?cs_go=2&cs_char=n HTTP/1.1" 200 19718 "-" "Mozilla/5.0 (compatible; fr-crawler/1.1)"
91.121.79.180 - - [05/May/2014:00:22:01 +0200] "GET /news.php?cs_go=archiv&cs_id=5122&cs_search= HTTP/1.1" 200 21363 "-" "Mozilla/5.0 (compatible; fr-crawler/1.1)"
91.121.79.180 - - [05/May/2014:00:22:02 +0200] "GET /lexikon.php?cs_go=2&cs_char=h HTTP/1.1" 200 19940 "-" "Mozilla/5.0 (compatible; fr-crawler/1.1)"
91.121.79.180 - - [05/May/2014:00:22:04 +0200] "GET /news.php?cs_go=archiv&cs_startpos=30 HTTP/1.1" 200 34202 "-" "Mozilla/5.0 (compatible; fr-crawler/1.1)"
91.121.79.180 - - [05/May/2014:00:22:06 +0200] "GET /modernisierung.php?cs_gp_go=description HTTP/1.1" 200 22036 "-" "Mozilla/5.0 (compatible; fr-crawler/1.1)"
91.121.79.180 - - [05/May/2014:00:22:08 +0200] "GET /news.php?cs_go=archiv&cs_id=5127&cs_search= HTTP/1.1" 200 20513 "-" "Mozilla/5.0 (compatible; fr-crawler/1.1)"
91.121.79.180 - - [05/May/2014:00:22:09 +0200] "GET /lexikon.php?cs_go=2&cs_char=j HTTP/1.1" 200 19750 "-" "Mozilla/5.0 (compatible; fr-crawler/1.1)"
91.121.79.180 - - [05/May/2014:00:22:11 +0200] "GET /news.php?cs_go=archiv&cs_id=5137&cs_search= HTTP/1.1" 200 20658 "-" "Mozilla/5.0 (compatible; fr-crawler/1.1)"
91.121.79.180 - - [05/May/2014:00:22:13 +0200] "GET /lexikon.php?cs_go=2&cs_char=o HTTP/1.1" 200 20401 "-" "Mozilla/5.0 (compatible; fr-crawler/1.1)"
91.121.79.180 - - [05/May/2014:00:22:15 +0200] "GET /news.php?cs_go=archiv&cs_startpos=20 HTTP/1.1" 200 34144 "-" "Mozilla/5.0 (compatible; fr-crawler/1.1)"
91.121.79.180 - - [05/May/2014:00:22:17 +0200] "GET /modernisierung.php?cs_gp_go=plus HTTP/1.1" 200 22880 "-" "Mozilla/5.0 (compatible; fr-crawler/1.1)"
91.121.79.180 - - [05/May/2014:00:22:19 +0200] "GET /lexikon.php?cs_go=2&cs_char=e HTTP/1.1" 200 20219 "-" "Mozilla/5.0 (compatible; fr-crawler/1.1)"
91.121.79.180 - - [05/May/2014:00:22:21 +0200] "GET /lexikon.php?cs_go=2&cs_char=s HTTP/1.1" 200 21208 "-" "Mozilla/5.0 (compatible; fr-crawler/1.1)"
91.121.79.180 - - [05/May/2014:00:22:22 +0200] "GET /news.php?cs_go=archiv&cs_id=5126&cs_search= HTTP/1.1" 200 24418 "-" "Mozilla/5.0 (compatible; fr-crawler/1.1)"
91.121.79.180 - - [05/May/2014:00:22:24 +0200] "GET /lexikon.php?cs_go=2&cs_char=i HTTP/1.1" 200 19542 "-" "Mozilla/5.0 (compatible; fr-crawler/1.1)"
37.58.100.134 - - [05/May/2014:00:22:25 +0200] "GET /news.php?cs_go=archiv&cs_id=4833 HTTP/1.1" 200 24568 "-" "Mozilla/5.0 (compatible; AhrefsBot/5.0; +http://ahrefs.com/robot/)"
91.121.79.180 - - [05/May/2014:00:22:26 +0200] "GET /lexikon.php?cs_go=2&cs_char=b HTTP/1.1" 200 20870 "-" "Mozilla/5.0 (compatible; fr-crawler/1.1)"
91.121.79.180 - - [05/May/2014:00:22:27 +0200] "GET /modernisierung.php?cs_gp_go=coupon HTTP/1.1" 200 21457 "-" "Mozilla/5.0 (compatible; fr-crawler/1.1)"
91.121.79.180 - - [05/May/2014:00:22:29 +0200] "GET /news.php?cs_go=archiv&cs_startpos=40 HTTP/1.1" 200 34531 "-" "Mozilla/5.0 (compatible; fr-crawler/1.1)"
91.121.79.180 - - [05/May/2014:00:22:31 +0200] "GET /lexikon.php?cs_go=2&cs_char=v HTTP/1.1" 200 20257 "-" "Mozilla/5.0 (compatible; fr-crawler/1.1)"
91.121.79.180 - - [05/May/2014:00:22:33 +0200] "GET /news.php?cs_go=archiv&cs_startpos=200 HTTP/1.1" 200 25531 "-" "Mozilla/5.0 (compatible; fr-crawler/1.1)"
91.121.79.180 - - [05/May/2014:00:22:34 +0200] "GET /lexikon.php?cs_go=2&cs_char=t HTTP/1.1" 200 20102 "-" "Mozilla/5.0 (compatible; fr-crawler/1.1)"
91.121.79.180 - - [05/May/2014:00:22:36 +0200] "GET /"http:/www.brennstoffboerse.de/index.php?go=fluessiggas_tank" HTTP/1.1" 404 1256 "-" "Mozilla/5.0 (compatible; fr-crawler/1.1)"
91.121.79.180 - - [05/May/2014:00:22:37 +0200] "GET /lexikon.php?cs_go=2&cs_char=k HTTP/1.1" 200 21019 "-" "Mozilla/5.0 (compatible; fr-crawler/1.1)"
91.121.79.180 - - [05/May/2014:00:22:39 +0200] "GET /news.php?cs_go=archiv&cs_startpos=50 HTTP/1.1" 200 34768 "-" "Mozilla/5.0 (compatible; fr-crawler/1.1)"
91.121.79.180 - - [05/May/2014:00:22:41 +0200] "GET /lexikon.php?cs_go=2&cs_char=w HTTP/1.1" 200 19727 "-" "Mozilla/5.0 (compatible; fr-crawler/1.1)"
91.121.79.180 - - [05/May/2014:00:22:43 +0200] "GET /news.php?cs_go=archiv&cs_startpos=10 HTTP/1.1" 200 34097 "-" "Mozilla/5.0 (compatible; fr-crawler/1.1)"
91.121.79.180 - - [05/May/2014:00:22:45 +0200] "GET /lexikon.php?cs_go=2&cs_char=u HTTP/1.1" 200 19884 "-" "Mozilla/5.0 (compatible; fr-crawler/1.1)"
91.121.79.180 - - [05/May/2014:00:22:47 +0200] "GET /news.php?cs_go=archiv&cs_id=5129&cs_search= HTTP/1.1" 200 24051 "-" "Mozilla/5.0 (compatible; fr-crawler/1.1)"
91.121.79.180 - - [05/May/2014:00:22:48 +0200] "GET /lexikon.php?cs_go=2&cs_char=q HTTP/1.1" 200 19302 "-" "Mozilla/5.0 (compatible; fr-crawler/1.1)"
91.121.79.180 - - [05/May/2014:00:22:50 +0200] "GET /news.php?cs_go=archiv&cs_id=5125&cs_search= HTTP/1.1" 200 20573 "-" "Mozilla/5.0 (compatible; fr-crawler/1.1)"
91.121.79.180 - - [05/May/2014:00:22:52 +0200] "GET /lexikon.php?cs_go=2&cs_char=x HTTP/1.1" 200 19750 "-" "Mozilla/5.0 (compatible; fr-crawler/1.1)"
91.121.79.180 - - [05/May/2014:00:22:53 +0200] "GET /news.php?cs_go=archiv&cs_id=5124&cs_search= HTTP/1.1" 200 22990 "-" "Mozilla/5.0 (compatible; fr-crawler/1.1)"
91.121.79.180 - - [05/May/2014:00:22:55 +0200] "GET /lexikon.php?cs_go=2&cs_char=g HTTP/1.1" 200 20266 "-" "Mozilla/5.0 (compatible; fr-crawler/1.1)"
91.121.79.180 - - [05/May/2014:00:22:57 +0200] "GET /lexikon.php?cs_go=2&cs_char=c HTTP/1.1" 200 19976 "-" "Mozilla/5.0 (compatible; fr-crawler/1.1)"
91.121.79.180 - - [05/May/2014:00:22:59 +0200] "GET /lexikon.php?cs_go=2&cs_char=f HTTP/1.1" 200 20735 "-" "Mozilla/5.0 (compatible; fr-crawler/1.1)"
91.121.79.180 - - [05/May/2014:00:23:01 +0200] "GET /news.php?cs_go=archiv&cs_startpos=0 HTTP/1.1" 200 33654 "-" "Mozilla/5.0 (compatible; fr-crawler/1.1)"
91.121.79.180 - - [05/May/2014:00:23:03 +0200] "GET /lexikon.php?cs_go=2&cs_char=z HTTP/1.1" 200 19401 "-" "Mozilla/5.0 (compatible; fr-crawler/1.1)"
91.121.79.180 - - [05/May/2014:00:23:04 +0200] "GET /lexikon.php?cs_go=2&cs_char=d HTTP/1.1" 200 20561 "-" "Mozilla/5.0 (compatible; fr-crawler/1.1)"
91.121.79.180 - - [05/May/2014:00:23:06 +0200] "GET /lexikon.php?cs_go=3&cs_id=101 HTTP/1.1" 200 21356 "-" "Mozilla/5.0 (compatible; fr-crawler/1.1)"
91.121.79.180 - - [05/May/2014:00:23:08 +0200] "GET /lexikon.php?cs_go=3&cs_id=125 HTTP/1.1" 200 20119 "-" "Mozilla/5.0 (compatible; fr-crawler/1.1)"
91.121.79.180 - - [05/May/2014:00:23:09 +0200] "GET /lexikon.php?cs_go=3&cs_id=208 HTTP/1.1" 200 19497 "-" "Mozilla/5.0 (compatible; fr-crawler/1.1)"
91.121.79.180 - - [05/May/2014:00:23:11 +0200] "GET /lexikon.php?cs_go=3&cs_id=127 HTTP/1.1" 200 21218 "-" "Mozilla/5.0 (compatible; fr-crawler/1.1)"
91.121.79.180 - - [05/May/2014:00:23:13 +0200] "GET /lexikon.php?cs_go=3&cs_id=103 HTTP/1.1" 200 20357 "-" "Mozilla/5.0 (compatible; fr-crawler/1.1)"
91.121.79.180 - - [05/May/2014:00:23:15 +0200] "GET /lexikon.php?cs_go=3&cs_id=130 HTTP/1.1" 200 19376 "-" "Mozilla/5.0 (compatible; fr-crawler/1.1)"
91.121.79.180 - - [05/May/2014:00:23:17 +0200] "GET /lexikon.php?cs_go=3&cs_id=111 HTTP/1.1" 200 19197 "-" "Mozilla/5.0 (compatible; fr-crawler/1.1)"
91.121.79.180 - - [05/May/2014:00:23:18 +0200] "GET /lexikon.php?cs_go=3&cs_id=13 HTTP/1.1" 200 19202 "-" "Mozilla/5.0 (compatible; fr-crawler/1.1)"
66.249.68.202 - - [05/May/2014:00:23:19 +0200] "GET /preisanfrage.php HTTP/1.1" 200 23737 "-" "SAMSUNG-SGH-E250/1.0 Profile/MIDP-2.0 Configuration/CLDC-1.1 UP.Browser/6.2.3.3.c.1.101 (GUI) MMP/2.0 (compatible; Googlebot-Mobile/2.1; +http://www.google.com/bot.html)"
91.121.79.180 - - [05/May/2014:00:23:20 +0200] "GET /lexikon.php?cs_go=3&cs_id=204 HTTP/1.1" 200 19144 "-" "Mozilla/5.0 (compatible; fr-crawler/1.1)"
91.121.79.180 - - [05/May/2014:00:23:21 +0200] "GET /lexikon.php?cs_go=3&cs_id=120 HTTP/1.1" 200 19657 "-" "Mozilla/5.0 (compatible; fr-crawler/1.1)"
91.121.79.180 - - [05/May/2014:00:23:23 +0200] "GET /lexikon.php?cs_go=3&cs_id=202 HTTP/1.1" 200 19659 "-" "Mozilla/5.0 (compatible; fr-crawler/1.1)"
91.121.79.180 - - [05/May/2014:00:23:25 +0200] "GET /lexikon.php?cs_go=3&cs_id=117 HTTP/1.1" 200 19509 "-" "Mozilla/5.0 (compatible; fr-crawler/1.1)"
91.121.79.180 - - [05/May/2014:00:23:27 +0200] "GET /news.php?cs_go=archiv&cs_id=5071&cs_search= HTTP/1.1" 200 20422 "-" "Mozilla/5.0 (compatible; fr-crawler/1.1)"
91.121.79.180 - - [05/May/2014:00:23:29 +0200] "GET /lexikon.php?cs_go=3&cs_id=11 HTTP/1.1" 200 19385 "-" "Mozilla/5.0 (compatible; fr-crawler/1.1)"
91.121.79.180 - - [05/May/2014:00:23:31 +0200] "GET /news.php?cs_go=archiv&cs_id=5075&cs_search= HTTP/1.1" 200 20450 "-" "Mozilla/5.0 (compatible; fr-crawler/1.1)"
