93.198.187.185 - - [02/May/2014:15:26:48 +0200] "GET /images/logos.jpg HTTP/1.1" 200 1205 "http://www.e-s-s-o-berlin.de/essoschmierstoffe.php" "Mozilla/5.0 (compatible; MSIE 10.0; Windows NT 6.1; WOW64; Trident/6.0)"
93.198.187.185 - - [02/May/2014:15:26:48 +0200] "GET /images/content_bg.jpg HTTP/1.1" 200 437 "http://www.e-s-s-o-berlin.de/essoschmierstoffe.php" "Mozilla/5.0 (compatible; MSIE 10.0; Windows NT 6.1; WOW64; Trident/6.0)"
93.198.187.185 - - [02/May/2014:15:26:48 +0200] "GET /images/newsletter.jpg HTTP/1.1" 200 13127 "http://www.e-s-s-o-berlin.de/essoschmierstoffe.php" "Mozilla/5.0 (compatible; MSIE 10.0; Windows NT 6.1; WOW64; Trident/6.0)"
93.198.187.185 - - [02/May/2014:15:26:48 +0200] "GET /images/header.jpg HTTP/1.1" 200 23758 "http://www.e-s-s-o-berlin.de/essoschmierstoffe.php" "Mozilla/5.0 (compatible; MSIE 10.0; Windows NT 6.1; WOW64; Trident/6.0)"
93.198.187.185 - - [02/May/2014:15:26:49 +0200] "GET /favicon.ico HTTP/1.1" 404 1256 "-" "Mozilla/5.0 (compatible; MSIE 10.0; Windows NT 6.1; WOW64; Trident/6.0)"
66.249.73.70 - - [02/May/2014:15:27:08 +0200] "GET /news.php?cs_go=archiv&cs_id=5000 HTTP/1.1" 200 20507 "-" "Mozilla/5.0 (compatible; Googlebot/2.1; +http://www.google.com/bot.html)"
141.8.147.12 - - [02/May/2014:15:41:30 +0200] "GET /news.php?cs_go=archiv&cs_startpos=211 HTTP/1.1" 200 19751 "-" "Mozilla/5.0 (compatible; YandexBot/3.0; +http://yandex.com/bots)"
95.215.0.27 - - [02/May/2014:15:45:16 +0200] "GET /news.php?cs_go=archiv&cs_id=4870 HTTP/1.1" 200 20768 "-" "Mozilla/5.0 (Windows NT 6.1; WOW64; rv:26.1) Gecko/20100101 Firefox/26.0"
65.55.24.236 - - [02/May/2014:15:49:37 +0200] "GET /robots.txt HTTP/1.1" 404 1256 "-" "Mozilla/5.0 (compatible; bingbot/2.0; +http://www.bing.com/bingbot.htm)"
65.55.24.236 - - [02/May/2014:15:54:59 +0200] "GET / HTTP/1.1" 200 23409 "-" "Mozilla/5.0 (compatible; bingbot/2.0; +http://www.bing.com/bingbot.htm)"
141.8.147.12 - - [02/May/2014:15:56:52 +0200] "GET /lexikon.php?cs_go=3&cs_id=60 HTTP/1.1" 200 19640 "-" "Mozilla/5.0 (compatible; YandexBot/3.0; +http://yandex.com/bots)"
141.8.147.12 - - [02/May/2014:15:56:53 +0200] "GET /news.php?cs_go=archiv&cs_id=5044 HTTP/1.1" 200 24333 "-" "Mozilla/5.0 (compatible; YandexBot/3.0; +http://yandex.com/bots)"
54.228.164.150 - - [02/May/2014:16:02:27 +0200] "GET /administrator/ HTTP/1.1" 404 1256 "-" "Mozilla/5.0 (Unknown; Linux x86_64) AppleWebKit/534.34 (KHTML, like Gecko) PhantomJS/1.9.7 Safari/534.34"
54.228.164.150 - - [02/May/2014:16:02:27 +0200] "GET /README.txt HTTP/1.1" 404 1256 "-" "Mozilla/5.0 (Unknown; Linux x86_64) AppleWebKit/534.34 (KHTML, like Gecko) PhantomJS/1.9.7 Safari/534.34"
54.228.164.150 - - [02/May/2014:16:02:27 +0200] "GET /style.css HTTP/1.1" 200 8056 "http://www.optiplusberlin.de/" "Mozilla/5.0 (Unknown; Linux x86_64) AppleWebKit/534.34 (KHTML, like Gecko) PhantomJS/1.9.7 Safari/534.34"
54.228.164.150 - - [02/May/2014:16:02:27 +0200] "GET /js/ddaccordion.js HTTP/1.1" 200 12534 "http://www.optiplusberlin.de/" "Mozilla/5.0 (Unknown; Linux x86_64) AppleWebKit/534.34 (KHTML, like Gecko) PhantomJS/1.9.7 Safari/534.34"
54.228.164.150 - - [02/May/2014:16:02:27 +0200] "GET /style.css HTTP/1.1" 200 8056 "http://www.optiplusberlin.de/" "Mozilla/5.0 (Unknown; Linux x86_64) AppleWebKit/534.34 (KHTML, like Gecko) PhantomJS/1.9.7 Safari/534.34"
54.228.164.150 - - [02/May/2014:16:02:27 +0200] "GET /Scripts/AC_ActiveX.js HTTP/1.1" 200 2068 "http://www.optiplusberlin.de/" "Mozilla/5.0 (Unknown; Linux x86_64) AppleWebKit/534.34 (KHTML, like Gecko) PhantomJS/1.9.7 Safari/534.34"
54.228.164.150 - - [02/May/2014:16:02:27 +0200] "GET /modul.css HTTP/1.1" 200 36485 "http://www.optiplusberlin.de/" "Mozilla/5.0 (Unknown; Linux x86_64) AppleWebKit/534.34 (KHTML, like Gecko) PhantomJS/1.9.7 Safari/534.34"
54.228.164.150 - - [02/May/2014:16:02:27 +0200] "GET /Scripts/AC_RunActiveContent.js HTTP/1.1" 200 8029 "http://www.optiplusberlin.de/" "Mozilla/5.0 (Unknown; Linux x86_64) AppleWebKit/534.34 (KHTML, like Gecko) PhantomJS/1.9.7 Safari/534.34"
54.228.164.150 - - [02/May/2014:16:02:27 +0200] "GET /js/jquery.min.js HTTP/1.1" 200 57254 "http://www.optiplusberlin.de/" "Mozilla/5.0 (Unknown; Linux x86_64) AppleWebKit/534.34 (KHTML, like Gecko) PhantomJS/1.9.7 Safari/534.34"
54.228.164.150 - - [02/May/2014:16:02:27 +0200] "GET /modul.css HTTP/1.1" 200 36485 "http://www.optiplusberlin.de/" "Mozilla/5.0 (Unknown; Linux x86_64) AppleWebKit/534.34 (KHTML, like Gecko) PhantomJS/1.9.7 Safari/534.34"
54.228.164.150 - - [02/May/2014:16:02:27 +0200] "GET /Scripts/AC_ActiveX.js HTTP/1.1" 200 2068 "http://www.optiplusberlin.de/" "Mozilla/5.0 (Unknown; Linux x86_64) AppleWebKit/534.34 (KHTML, like Gecko) PhantomJS/1.9.7 Safari/534.34"
54.228.164.150 - - [02/May/2014:16:02:27 +0200] "GET /video/jwplayer.js HTTP/1.1" 200 132411 "http://www.optiplusberlin.de/" "Mozilla/5.0 (Unknown; Linux x86_64) AppleWebKit/534.34 (KHTML, like Gecko) PhantomJS/1.9.7 Safari/534.34"
54.228.164.150 - - [02/May/2014:16:02:27 +0200] "GET /video/jwplayer.js HTTP/1.1" 200 132411 "http://www.optiplusberlin.de/" "Mozilla/5.0 (Unknown; Linux x86_64) AppleWebKit/534.34 (KHTML, like Gecko) PhantomJS/1.9.7 Safari/534.34"
54.228.164.150 - - [02/May/2014:16:02:27 +0200] "GET /Scripts/AC_RunActiveContent.js HTTP/1.1" 200 8029 "http://www.optiplusberlin.de/" "Mozilla/5.0 (Unknown; Linux x86_64) AppleWebKit/534.34 (KHTML, like Gecko) PhantomJS/1.9.7 Safari/534.34"
54.228.164.150 - - [02/May/2014:16:02:28 +0200] "GET /js/jquery.min.js HTTP/1.1" 200 57254 "http://www.optiplusberlin.de/" "Mozilla/5.0 (Unknown; Linux x86_64) AppleWebKit/534.34 (KHTML, like Gecko) PhantomJS/1.9.7 Safari/534.34"
54.228.164.150 - - [02/May/2014:16:02:29 +0200] "GET /js/ddaccordion.js HTTP/1.1" 200 12534 "http://www.optiplusberlin.de/" "Mozilla/5.0 (Unknown; Linux x86_64) AppleWebKit/534.34 (KHTML, like Gecko) PhantomJS/1.9.7 Safari/534.34"
54.228.164.150 - - [02/May/2014:16:02:29 +0200] "GET /js/slider.js HTTP/1.1" 200 773 "http://www.optiplusberlin.de/" "Mozilla/5.0 (Unknown; Linux x86_64) AppleWebKit/534.34 (KHTML, like Gecko) PhantomJS/1.9.7 Safari/534.34"
54.228.164.150 - - [02/May/2014:16:02:29 +0200] "GET /images/content_bg.jpg HTTP/1.1" 200 437 "http://www.optiplusberlin.de/" "Mozilla/5.0 (Unknown; Linux x86_64) AppleWebKit/534.34 (KHTML, like Gecko) PhantomJS/1.9.7 Safari/534.34"
54.228.164.150 - - [02/May/2014:16:02:29 +0200] "GET /images/header.jpg HTTP/1.1" 200 23758 "http://www.optiplusberlin.de/" "Mozilla/5.0 (Unknown; Linux x86_64) AppleWebKit/534.34 (KHTML, like Gecko) PhantomJS/1.9.7 Safari/534.34"
54.228.164.150 - - [02/May/2014:16:02:29 +0200] "GET /images/logos.jpg HTTP/1.1" 200 1205 "http://www.optiplusberlin.de/" "Mozilla/5.0 (Unknown; Linux x86_64) AppleWebKit/534.34 (KHTML, like Gecko) PhantomJS/1.9.7 Safari/534.34"
54.228.164.150 - - [02/May/2014:16:02:30 +0200] "GET /js/slider.js HTTP/1.1" 200 773 "http://www.optiplusberlin.de/" "Mozilla/5.0 (Unknown; Linux x86_64) AppleWebKit/534.34 (KHTML, like Gecko) PhantomJS/1.9.7 Safari/534.34"
54.228.164.150 - - [02/May/2014:16:02:30 +0200] "GET /images/content_bg.jpg HTTP/1.1" 200 437 "http://www.optiplusberlin.de/" "Mozilla/5.0 (Unknown; Linux x86_64) AppleWebKit/534.34 (KHTML, like Gecko) PhantomJS/1.9.7 Safari/534.34"
54.228.164.150 - - [02/May/2014:16:02:30 +0200] "GET /images/header.jpg HTTP/1.1" 200 23758 "http://www.optiplusberlin.de/" "Mozilla/5.0 (Unknown; Linux x86_64) AppleWebKit/534.34 (KHTML, like Gecko) PhantomJS/1.9.7 Safari/534.34"
54.228.164.150 - - [02/May/2014:16:02:30 +0200] "GET /images/logos.jpg HTTP/1.1" 200 1205 "http://www.optiplusberlin.de/" "Mozilla/5.0 (Unknown; Linux x86_64) AppleWebKit/534.34 (KHTML, like Gecko) PhantomJS/1.9.7 Safari/534.34"
54.228.164.150 - - [02/May/2014:16:02:27 +0200] "GET / HTTP/1.1" 200 23409 "-" "Mozilla/5.0 (Unknown; Linux x86_64) AppleWebKit/534.34 (KHTML, like Gecko) PhantomJS/1.9.7 Safari/534.34"
159.224.160.42 - - [02/May/2014:16:03:28 +0200] "GET /diesel.php HTTP/1.1" 200 22417 "-" "Mozilla/4.0 (compatible; MSIE 6.0; Windows NT 5.1; SV1)"
54.228.164.150 - - [02/May/2014:16:02:27 +0200] "GET / HTTP/1.1" 200 23409 "-" "Mozilla/5.0 (Unknown; Linux x86_64) AppleWebKit/534.34 (KHTML, like Gecko) PhantomJS/1.9.7 Safari/534.34"
159.224.160.42 - - [02/May/2014:16:03:45 +0200] "GET /index.php HTTP/1.1" 200 23409 "-" "Mozilla/4.0 (compatible; MSIE 6.0; Windows NT 5.1; SV1)"
159.224.160.42 - - [02/May/2014:16:03:51 +0200] "GET /heizoel.php HTTP/1.1" 200 20999 "-" "Mozilla/4.0 (compatible; MSIE 6.0; Windows NT 5.1; SV1)"
159.224.160.42 - - [02/May/2014:16:03:57 +0200] "GET /premiumheizoel.php HTTP/1.1" 200 19519 "-" "Mozilla/4.0 (compatible; MSIE 6.0; Windows NT 5.1; SV1)"
159.224.160.42 - - [02/May/2014:16:03:59 +0200] "GET /essoschmierstoffe.php HTTP/1.1" 200 22876 "-" "Mozilla/4.0 (compatible; MSIE 6.0; Windows NT 5.1; SV1)"
66.249.73.70 - - [02/May/2014:16:04:00 +0200] "GET /baustellenbetankung.php HTTP/1.1" 200 19811 "-" "SAMSUNG-SGH-E250/1.0 Profile/MIDP-2.0 Configuration/CLDC-1.1 UP.Browser/6.2.3.3.c.1.101 (GUI) MMP/2.0 (compatible; Googlebot-Mobile/2.1; +http://www.google.com/bot.html)"
159.224.160.42 - - [02/May/2014:16:04:01 +0200] "GET /schmierstoffe.php HTTP/1.1" 200 21715 "-" "Mozilla/4.0 (compatible; MSIE 6.0; Windows NT 5.1; SV1)"
159.224.160.42 - - [02/May/2014:16:04:04 +0200] "GET /adblue.php HTTP/1.1" 200 23127 "-" "Mozilla/4.0 (compatible; MSIE 6.0; Windows NT 5.1; SV1)"
159.224.160.42 - - [02/May/2014:16:04:13 +0200] "GET /biogasanlage.php HTTP/1.1" 200 19193 "-" "Mozilla/4.0 (compatible; MSIE 6.0; Windows NT 5.1; SV1)"
66.249.73.161 - - [02/May/2014:16:04:18 +0200] "GET /robots.txt HTTP/1.1" 404 1256 "-" "Mozilla/5.0 (compatible; Googlebot/2.1; +http://www.google.com/bot.html)"
159.224.160.42 - - [02/May/2014:16:04:15 +0200] "GET /preisanfrage.php HTTP/1.1" 200 23737 "-" "Mozilla/4.0 (compatible; MSIE 6.0; Windows NT 5.1; SV1)"
66.249.73.161 - - [02/May/2014:16:04:18 +0200] "GET /news.php?cs_go=archiv&cs_id=4671&cs_search= HTTP/1.1" 200 25587 "-" "Mozilla/5.0 (compatible; Googlebot/2.1; +http://www.google.com/bot.html)"
54.198.239.197 - - [02/May/2014:16:04:18 +0200] "GET /news.php?cs_go=archiv&cs_id=4545 HTTP/1.1" 200 22772 "-" "Mozilla/5.0 (compatible; linkdexbot/2.0; +http://www.linkdex.com/bots/)"
159.224.160.42 - - [02/May/2014:16:04:24 +0200] "POST /preisanfrage.php HTTP/1.1" 200 23945 "http://www.e-s-s-o-berlin.de/preisanfrage.php" "Mozilla/4.0 (compatible; MSIE 6.0; Windows NT 5.1; SV1)"
159.224.160.42 - - [02/May/2014:16:04:36 +0200] "GET /preisanfrage.php HTTP/1.1" 200 23737 "-" "Mozilla/4.0 (compatible; MSIE 6.0; Windows NT 5.1; SV1)"
159.224.160.42 - - [02/May/2014:16:04:40 +0200] "GET /diesel.php HTTP/1.1" 200 22417 "-" "Mozilla/4.0 (compatible; MSIE 6.0; Windows NT 5.1; SV1)"
159.224.160.42 - - [02/May/2014:16:04:44 +0200] "GET / HTTP/1.1" 200 23409 "-" "Mozilla/4.0 (compatible; MSIE 6.0; Windows NT 5.1; SV1)"
141.8.147.12 - - [02/May/2014:16:04:46 +0200] "GET /news.php?cs_go=archiv&cs_startpos=170 HTTP/1.1" 200 34252 "-" "Mozilla/5.0 (compatible; YandexBot/3.0; +http://yandex.com/bots)"
141.8.147.12 - - [02/May/2014:16:04:47 +0200] "GET /lexikon.php?cs_go=3&cs_id=123 HTTP/1.1" 200 19196 "-" "Mozilla/5.0 (compatible; YandexBot/3.0; +http://yandex.com/bots)"
159.224.160.42 - - [02/May/2014:16:05:20 +0200] "GET /news.php HTTP/1.1" 200 33654 "-" "Mozilla/4.0 (compatible; MSIE 6.0; Windows NT 5.1; SV1)"
159.224.160.42 - - [02/May/2014:16:05:22 +0200] "GET /energiekostenvergleich.php HTTP/1.1" 200 23560 "-" "Mozilla/4.0 (compatible; MSIE 6.0; Windows NT 5.1; SV1)"
159.224.160.42 - - [02/May/2014:16:05:24 +0200] "GET /energiesparcheck.php HTTP/1.1" 200 24797 "-" "Mozilla/4.0 (compatible; MSIE 6.0; Windows NT 5.1; SV1)"
159.224.160.42 - - [02/May/2014:16:05:26 +0200] "GET /faq.php HTTP/1.1" 200 238294 "-" "Mozilla/4.0 (compatible; MSIE 6.0; Windows NT 5.1; SV1)"
159.224.160.42 - - [02/May/2014:16:05:29 +0200] "GET /lexikon.php HTTP/1.1" 200 21691 "-" "Mozilla/4.0 (compatible; MSIE 6.0; Windows NT 5.1; SV1)"
159.224.160.42 - - [02/May/2014:16:06:04 +0200] "GET /foerdermittel.php HTTP/1.1" 200 24406 "-" "Mozilla/4.0 (compatible; MSIE 6.0; Windows NT 5.1; SV1)"
159.224.160.42 - - [02/May/2014:16:06:06 +0200] "GET /marktdaten.php HTTP/1.1" 200 19936 "-" "Mozilla/4.0 (compatible; MSIE 6.0; Windows NT 5.1; SV1)"
159.224.160.42 - - [02/May/2014:16:06:07 +0200] "GET /edl.php HTTP/1.1" 200 22495 "-" "Mozilla/4.0 (compatible; MSIE 6.0; Windows NT 5.1; SV1)"
157.56.229.245 - - [02/May/2014:16:06:39 +0200] "GET /tankanlagen.php HTTP/1.1" 200 22937 "-" "Mozilla/5.0 (compatible; bingbot/2.0; +http://www.bing.com/bingbot.htm)"
159.224.160.42 - - [02/May/2014:16:06:43 +0200] "GET /../kwk.php HTTP/1.1" 400 1200 "-" "Mozilla/4.0 (compatible; MSIE 6.0; Windows NT 5.1; SV1)"
159.224.160.42 - - [02/May/2014:16:06:43 +0200] "GET /ec.php HTTP/1.1" 200 20733 "-" "Mozilla/4.0 (compatible; MSIE 6.0; Windows NT 5.1; SV1)"
159.224.160.42 - - [02/May/2014:16:06:44 +0200] "GET /notdienst.php HTTP/1.1" 200 19717 "-" "Mozilla/4.0 (compatible; MSIE 6.0; Windows NT 5.1; SV1)"
159.224.160.42 - - [02/May/2014:16:06:54 +0200] "GET /baustellenbetankung.php HTTP/1.1" 200 19811 "-" "Mozilla/4.0 (compatible; MSIE 6.0; Windows NT 5.1; SV1)"
159.224.160.42 - - [02/May/2014:16:06:55 +0200] "GET /tankreinigung.php HTTP/1.1" 200 22389 "-" "Mozilla/4.0 (compatible; MSIE 6.0; Windows NT 5.1; SV1)"
159.224.160.42 - - [02/May/2014:16:06:56 +0200] "GET /waermekonto.php HTTP/1.1" 200 30902 "-" "Mozilla/4.0 (compatible; MSIE 6.0; Windows NT 5.1; SV1)"
159.224.160.42 - - [02/May/2014:16:07:00 +0200] "GET /brennwerttechnik.php HTTP/1.1" 200 22215 "-" "Mozilla/4.0 (compatible; MSIE 6.0; Windows NT 5.1; SV1)"
159.224.160.42 - - [02/May/2014:16:07:01 +0200] "GET /ofenbau.php HTTP/1.1" 200 22004 "-" "Mozilla/4.0 (compatible; MSIE 6.0; Windows NT 5.1; SV1)"
159.224.160.42 - - [02/May/2014:16:07:02 +0200] "GET /tankanlagen.php HTTP/1.1" 200 22937 "-" "Mozilla/4.0 (compatible; MSIE 6.0; Windows NT 5.1; SV1)"
91.217.131.155 - - [02/May/2014:16:08:23 +0200] "GET /essoschmierstoffe.php HTTP/1.1" 200 22876 "http://www.google.de/url?sa=t&rct=j&q=&esrc=s&frm=1&source=web&cd=4&ved=0CEAQFjAD&url=http%3A%2F%2Fwww.esso-berlin.de%2Fessoschmierstoffe.php&ei=r6ZjU7v4DsLd7QabkoHwBQ&usg=AFQjCNGhjyFLGUg3SfX68pdkdKafmTy0-Q" "Mozilla/5.0 (compatible; MSIE 9.0; Windows NT 6.1; Trident/5.0)"
91.217.131.155 - - [02/May/2014:16:08:26 +0200] "GET /js/slider.js HTTP/1.1" 200 773 "http://www.esso-berlin.de/essoschmierstoffe.php" "Mozilla/5.0 (compatible; MSIE 9.0; Windows NT 6.1; Trident/5.0)"
91.217.131.155 - - [02/May/2014:16:08:26 +0200] "GET /js/ddaccordion.js HTTP/1.1" 200 12534 "http://www.esso-berlin.de/essoschmierstoffe.php" "Mozilla/5.0 (compatible; MSIE 9.0; Windows NT 6.1; Trident/5.0)"
91.217.131.155 - - [02/May/2014:16:08:26 +0200] "GET /style.css HTTP/1.1" 200 8056 "http://www.esso-berlin.de/essoschmierstoffe.php" "Mozilla/5.0 (compatible; MSIE 9.0; Windows NT 6.1; Trident/5.0)"
91.217.131.155 - - [02/May/2014:16:08:26 +0200] "GET /images/m1.jpg HTTP/1.1" 200 2619 "http://www.esso-berlin.de/essoschmierstoffe.php" "Mozilla/5.0 (compatible; MSIE 9.0; Windows NT 6.1; Trident/5.0)"
91.217.131.155 - - [02/May/2014:16:08:26 +0200] "GET /images/ani_logo.jpg HTTP/1.1" 200 2501 "http://www.esso-berlin.de/essoschmierstoffe.php" "Mozilla/5.0 (compatible; MSIE 9.0; Windows NT 6.1; Trident/5.0)"
91.217.131.155 - - [02/May/2014:16:08:26 +0200] "GET /images/m2.jpg HTTP/1.1" 200 3303 "http://www.esso-berlin.de/essoschmierstoffe.php" "Mozilla/5.0 (compatible; MSIE 9.0; Windows NT 6.1; Trident/5.0)"
91.217.131.155 - - [02/May/2014:16:08:26 +0200] "GET /images/m3.jpg HTTP/1.1" 200 3366 "http://www.esso-berlin.de/essoschmierstoffe.php" "Mozilla/5.0 (compatible; MSIE 9.0; Windows NT 6.1; Trident/5.0)"
91.217.131.155 - - [02/May/2014:16:08:26 +0200] "GET /modul.css HTTP/1.1" 200 36485 "http://www.esso-berlin.de/essoschmierstoffe.php" "Mozilla/5.0 (compatible; MSIE 9.0; Windows NT 6.1; Trident/5.0)"
91.217.131.155 - - [02/May/2014:16:08:26 +0200] "GET /images/m4.jpg HTTP/1.1" 200 2968 "http://www.esso-berlin.de/essoschmierstoffe.php" "Mozilla/5.0 (compatible; MSIE 9.0; Windows NT 6.1; Trident/5.0)"
91.217.131.155 - - [02/May/2014:16:08:26 +0200] "GET /js/jquery.min.js HTTP/1.1" 200 57254 "http://www.esso-berlin.de/essoschmierstoffe.php" "Mozilla/5.0 (compatible; MSIE 9.0; Windows NT 6.1; Trident/5.0)"
91.217.131.155 - - [02/May/2014:16:08:26 +0200] "GET /images/g1.jpg HTTP/1.1" 200 2537 "http://www.esso-berlin.de/essoschmierstoffe.php" "Mozilla/5.0 (compatible; MSIE 9.0; Windows NT 6.1; Trident/5.0)"
91.217.131.155 - - [02/May/2014:16:08:26 +0200] "GET /images/g2.jpg HTTP/1.1" 200 4027 "http://www.esso-berlin.de/essoschmierstoffe.php" "Mozilla/5.0 (compatible; MSIE 9.0; Windows NT 6.1; Trident/5.0)"
91.217.131.155 - - [02/May/2014:16:08:26 +0200] "GET /images/Industrieschmierstoffe_Katalog.jpg HTTP/1.1" 200 9403 "http://www.esso-berlin.de/essoschmierstoffe.php" "Mozilla/5.0 (compatible; MSIE 9.0; Windows NT 6.1; Trident/5.0)"
91.217.131.155 - - [02/May/2014:16:08:26 +0200] "GET /images/f1.jpg HTTP/1.1" 200 2145 "http://www.esso-berlin.de/essoschmierstoffe.php" "Mozilla/5.0 (compatible; MSIE 9.0; Windows NT 6.1; Trident/5.0)"
91.217.131.155 - - [02/May/2014:16:08:26 +0200] "GET /images/g3.jpg HTTP/1.1" 200 3138 "http://www.esso-berlin.de/essoschmierstoffe.php" "Mozilla/5.0 (compatible; MSIE 9.0; Windows NT 6.1; Trident/5.0)"
91.217.131.155 - - [02/May/2014:16:08:26 +0200] "GET /images/f2.jpg HTTP/1.1" 200 4024 "http://www.esso-berlin.de/essoschmierstoffe.php" "Mozilla/5.0 (compatible; MSIE 9.0; Windows NT 6.1; Trident/5.0)"
91.217.131.155 - - [02/May/2014:16:08:26 +0200] "GET /images/f3.jpg HTTP/1.1" 200 3305 "http://www.esso-berlin.de/essoschmierstoffe.php" "Mozilla/5.0 (compatible; MSIE 9.0; Windows NT 6.1; Trident/5.0)"
91.217.131.155 - - [02/May/2014:16:08:26 +0200] "GET /images/wunschpreis.jpg HTTP/1.1" 200 5550 "http://www.esso-berlin.de/essoschmierstoffe.php" "Mozilla/5.0 (compatible; MSIE 9.0; Windows NT 6.1; Trident/5.0)"
91.217.131.155 - - [02/May/2014:16:08:26 +0200] "GET /images/kwk.png HTTP/1.1" 200 15949 "http://www.esso-berlin.de/essoschmierstoffe.php" "Mozilla/5.0 (compatible; MSIE 9.0; Windows NT 6.1; Trident/5.0)"
91.217.131.155 - - [02/May/2014:16:08:26 +0200] "GET /images/heizoelbestellung.jpg HTTP/1.1" 200 6281 "http://www.esso-berlin.de/essoschmierstoffe.php" "Mozilla/5.0 (compatible; MSIE 9.0; Windows NT 6.1; Trident/5.0)"
91.217.131.155 - - [02/May/2014:16:08:26 +0200] "GET /images/ral.png HTTP/1.1" 200 25696 "http://www.esso-berlin.de/essoschmierstoffe.php" "Mozilla/5.0 (compatible; MSIE 9.0; Windows NT 6.1; Trident/5.0)"
91.217.131.155 - - [02/May/2014:16:08:26 +0200] "GET /images/adblue_neu.png HTTP/1.1" 200 30982 "http://www.esso-berlin.de/essoschmierstoffe.php" "Mozilla/5.0 (compatible; MSIE 9.0; Windows NT 6.1; Trident/5.0)"
91.217.131.155 - - [02/May/2014:16:08:26 +0200] "GET /images/Imagebroschuere_team_energie.png HTTP/1.1" 200 64117 "http://www.esso-berlin.de/essoschmierstoffe.php" "Mozilla/5.0 (compatible; MSIE 9.0; Windows NT 6.1; Trident/5.0)"
91.217.131.155 - - [02/May/2014:16:08:27 +0200] "GET /images/newsletter.jpg HTTP/1.1" 200 13127 "http://www.esso-berlin.de/essoschmierstoffe.php" "Mozilla/5.0 (compatible; MSIE 9.0; Windows NT 6.1; Trident/5.0)"
91.217.131.155 - - [02/May/2014:16:08:27 +0200] "GET /images/header.jpg HTTP/1.1" 200 23758 "http://www.esso-berlin.de/essoschmierstoffe.php" "Mozilla/5.0 (compatible; MSIE 9.0; Windows NT 6.1; Trident/5.0)"
91.217.131.155 - - [02/May/2014:16:08:27 +0200] "GET /images/content_bg.jpg HTTP/1.1" 200 437 "http://www.esso-berlin.de/essoschmierstoffe.php" "Mozilla/5.0 (compatible; MSIE 9.0; Windows NT 6.1; Trident/5.0)"
91.217.131.155 - - [02/May/2014:16:08:27 +0200] "GET /images/logos.jpg HTTP/1.1" 200 1205 "http://www.esso-berlin.de/essoschmierstoffe.php" "Mozilla/5.0 (compatible; MSIE 9.0; Windows NT 6.1; Trident/5.0)"
91.217.131.155 - - [02/May/2014:16:08:27 +0200] "GET /images/freecall.png HTTP/1.1" 200 15914 "http://www.esso-berlin.de/essoschmierstoffe.php" "Mozilla/5.0 (compatible; MSIE 9.0; Windows NT 6.1; Trident/5.0)"
91.217.131.155 - - [02/May/2014:16:08:28 +0200] "GET /favicon.ico HTTP/1.1" 404 1256 "-" "Mozilla/5.0 (compatible; MSIE 9.0; Windows NT 6.1; Trident/5.0)"
54.198.239.197 - - [02/May/2014:16:10:13 +0200] "GET /news.php?cs_go=archiv&cs_id=4545 HTTP/1.1" 200 22772 "-" "Mozilla/5.0 (compatible; linkdexbot/2.0; +http://www.linkdex.com/bots/)"
91.217.131.155 - - [02/May/2014:16:11:18 +0200] "GET /essoschmierstoffe.php HTTP/1.1" 200 22876 "http://www.google.de/url?sa=t&rct=j&q=&esrc=s&frm=1&source=web&cd=4&ved=0CEAQFjAD&url=http%3A%2F%2Fwww.esso-berlin.de%2Fessoschmierstoffe.php&ei=r6ZjU7v4DsLd7QabkoHwBQ&usg=AFQjCNGhjyFLGUg3SfX68pdkdKafmTy0-Q" "Mozilla/5.0 (compatible; MSIE 9.0; Windows NT 6.1; Trident/5.0)"
91.217.131.155 - - [02/May/2014:16:11:18 +0200] "GET /favicon.ico HTTP/1.1" 404 1256 "-" "Mozilla/5.0 (compatible; MSIE 9.0; Windows NT 6.1; Trident/5.0)"
91.217.131.155 - - [02/May/2014:16:11:21 +0200] "GET /essoschmierstoffe.php HTTP/1.1" 200 22876 "http://www.google.de/url?sa=t&rct=j&q=&esrc=s&frm=1&source=web&cd=4&ved=0CEAQFjAD&url=http%3A%2F%2Fwww.esso-berlin.de%2Fessoschmierstoffe.php&ei=r6ZjU7v4DsLd7QabkoHwBQ&usg=AFQjCNGhjyFLGUg3SfX68pdkdKafmTy0-Q" "Mozilla/5.0 (compatible; MSIE 9.0; Windows NT 6.1; Trident/5.0)"
157.56.229.189 - - [02/May/2014:16:12:41 +0200] "GET /baustellenbetankung.php HTTP/1.1" 200 19811 "-" "Mozilla/5.0 (compatible; bingbot/2.0; +http://www.bing.com/bingbot.htm)"
66.249.73.13 - - [02/May/2014:16:13:18 +0200] "GET /news.php?cs_go=archiv&cs_id=4201 HTTP/1.1" 200 22455 "-" "DoCoMo/2.0 N905i(c100;TB;W24H16) (compatible; Googlebot-Mobile/2.1; +http://www.google.com/bot.html)"
37.58.100.134 - - [02/May/2014:16:17:07 +0200] "GET /lexikon.php?cs_go=3&cs_id=186 HTTP/1.1" 200 19381 "-" "Mozilla/5.0 (compatible; AhrefsBot/5.0; +http://ahrefs.com/robot/)"
65.55.24.247 - - [02/May/2014:16:18:52 +0200] "GET /news.php?cs_go=archiv&cs_id=5115 HTTP/1.1" 200 20483 "-" "Mozilla/5.0 (compatible; bingbot/2.0; +http://www.bing.com/bingbot.htm)"
54.198.239.197 - - [02/May/2014:16:20:06 +0200] "GET /news.php?cs_go=archiv&cs_id=4545&cs_search= HTTP/1.1" 200 22772 "-" "Mozilla/5.0 (compatible; linkdexbot/2.0; +http://www.linkdex.com/bots/)"
54.224.47.105 - - [02/May/2014:16:25:03 +0200] "GET /news.php?cs_go=archiv&cs_id=4828 HTTP/1.1" 200 23850 "-" "Mozilla/5.0 (compatible; linkdexbot/2.0; +http://www.linkdex.com/bots/)"
148.251.75.46 - - [02/May/2014:16:25:16 +0200] "GET /news.php?cs_go=archiv&cs_id=4586 HTTP/1.1" 200 21927 "-" "Mozilla/5.0 (Windows NT 5.1) AppleWebKit/537.31 (KHTML, like Gecko) Chrome/26.0.1410.43 Safari/537.31"
141.8.147.12 - - [02/May/2014:16:32:55 +0200] "GET /news.php?cs_go=archiv&cs_startpos=210 HTTP/1.1" 200 19751 "-" "Mozilla/5.0 (compatible; YandexBot/3.0; +http://yandex.com/bots)"
54.198.239.197 - - [02/May/2014:16:33:56 +0200] "GET /news.php?cs_go=archiv&cs_id=4828 HTTP/1.1" 200 23850 "-" "Mozilla/5.0 (compatible; linkdexbot/2.0; +http://www.linkdex.com/bots/)"
157.55.35.91 - - [02/May/2014:16:34:28 +0200] "GET /tankanlagen.php HTTP/1.1" 200 22937 "-" "Mozilla/5.0 (compatible; bingbot/2.0; +http://www.bing.com/bingbot.htm)"
141.8.147.12 - - [02/May/2014:16:39:07 +0200] "GET /news.php?cs_go=archiv&cs_id=5013 HTTP/1.1" 200 20510 "-" "Mozilla/5.0 (compatible; YandexBot/3.0; +http://yandex.com/bots)"
141.8.147.12 - - [02/May/2014:16:39:07 +0200] "GET /lexikon.php?cs_go=3&cs_id=52 HTTP/1.1" 200 19893 "-" "Mozilla/5.0 (compatible; YandexBot/3.0; +http://yandex.com/bots)"
37.58.100.173 - - [02/May/2014:16:39:10 +0200] "GET /news.php?cs_go=archiv&cs_id=4877 HTTP/1.1" 200 24443 "-" "Mozilla/5.0 (compatible; AhrefsBot/5.0; +http://ahrefs.com/robot/)"
141.8.147.12 - - [02/May/2014:16:39:10 +0200] "GET /tankreinigung.php HTTP/1.1" 200 22389 "-" "Mozilla/5.0 (compatible; YandexBot/3.0; +http://yandex.com/bots)"
141.8.147.12 - - [02/May/2014:16:39:11 +0200] "GET /lexikon.php?cs_go=3&cs_id=67 HTTP/1.1" 200 19766 "-" "Mozilla/5.0 (compatible; YandexBot/3.0; +http://yandex.com/bots)"
141.8.147.12 - - [02/May/2014:16:39:13 +0200] "GET /premiumheizoel.php HTTP/1.1" 200 19519 "-" "Mozilla/5.0 (compatible; YandexBot/3.0; +http://yandex.com/bots)"
141.8.147.12 - - [02/May/2014:16:44:20 +0200] "GET /news.php?cs_go=archiv&cs_id=4920&cs_search= HTTP/1.1" 200 21774 "-" "Mozilla/5.0 (compatible; YandexBot/3.0; +http://yandex.com/bots)"
141.8.147.12 - - [02/May/2014:16:44:20 +0200] "GET /essoschmierstoffe.php HTTP/1.1" 200 22876 "-" "Mozilla/5.0 (compatible; YandexBot/3.0; +http://yandex.com/bots)"
141.8.147.12 - - [02/May/2014:16:44:22 +0200] "GET /news.php?cs_go=archiv&cs_id=4587&cs_search= HTTP/1.1" 200 23182 "-" "Mozilla/5.0 (compatible; YandexBot/3.0; +http://yandex.com/bots)"
141.8.147.12 - - [02/May/2014:16:44:23 +0200] "GET /jobs.php HTTP/1.1" 200 19000 "-" "Mozilla/5.0 (compatible; YandexBot/3.0; +http://yandex.com/bots)"
141.8.147.12 - - [02/May/2014:16:44:25 +0200] "GET /news.php?cs_go=archiv&cs_id=4647&cs_search= HTTP/1.1" 200 21236 "-" "Mozilla/5.0 (compatible; YandexBot/3.0; +http://yandex.com/bots)"
141.8.147.12 - - [02/May/2014:16:44:26 +0200] "GET /news.php?cs_go=archiv&cs_id=4899&cs_search= HTTP/1.1" 200 21209 "-" "Mozilla/5.0 (compatible; YandexBot/3.0; +http://yandex.com/bots)"
141.8.147.12 - - [02/May/2014:16:44:28 +0200] "GET /news.php?cs_go=archiv&cs_id=4952 HTTP/1.1" 200 24304 "-" "Mozilla/5.0 (compatible; YandexBot/3.0; +http://yandex.com/bots)"
157.56.92.153 - - [02/May/2014:16:47:04 +0200] "GET /robots.txt HTTP/1.1" 404 1256 "-" "Mozilla/5.0 (compatible; bingbot/2.0; +http://www.bing.com/bingbot.htm)"
141.8.147.12 - - [02/May/2014:16:51:09 +0200] "GET /news.php?cs_go=archiv&cs_id=4917 HTTP/1.1" 200 20844 "-" "Mozilla/5.0 (compatible; YandexBot/3.0; +http://yandex.com/bots)"
141.8.147.12 - - [02/May/2014:16:51:12 +0200] "GET /news.php?cs_go=archiv&cs_id=5019&cs_search= HTTP/1.1" 200 24301 "-" "Mozilla/5.0 (compatible; YandexBot/3.0; +http://yandex.com/bots)"
157.55.33.20 - - [02/May/2014:16:55:17 +0200] "GET /foerdermittel.php HTTP/1.1" 200 24406 "-" "Mozilla/5.0 (compatible; bingbot/2.0; +http://www.bing.com/bingbot.htm)"
37.58.100.154 - - [02/May/2014:16:55:26 +0200] "GET /news.php?cs_go=archiv&cs_id=5111 HTTP/1.1" 200 20560 "-" "Mozilla/5.0 (compatible; AhrefsBot/5.0; +http://ahrefs.com/robot/)"
87.189.219.72 - - [02/May/2014:16:57:07 +0200] "GET /style.css HTTP/1.1" 200 8056 "http://www.esso-berlin.de/lexikon.php?cs_go=3&cs_id=36" "Mozilla/5.0 (Windows NT 6.1; WOW64; Trident/7.0; rv:11.0) like Gecko"
87.189.219.72 - - [02/May/2014:16:57:07 +0200] "GET /js/ddaccordion.js HTTP/1.1" 200 12534 "http://www.esso-berlin.de/lexikon.php?cs_go=3&cs_id=36" "Mozilla/5.0 (Windows NT 6.1; WOW64; Trident/7.0; rv:11.0) like Gecko"
87.189.219.72 - - [02/May/2014:16:57:07 +0200] "GET /js/slider.js HTTP/1.1" 200 773 "http://www.esso-berlin.de/lexikon.php?cs_go=3&cs_id=36" "Mozilla/5.0 (Windows NT 6.1; WOW64; Trident/7.0; rv:11.0) like Gecko"
87.189.219.72 - - [02/May/2014:16:57:07 +0200] "GET /modul.css HTTP/1.1" 200 36485 "http://www.esso-berlin.de/lexikon.php?cs_go=3&cs_id=36" "Mozilla/5.0 (Windows NT 6.1; WOW64; Trident/7.0; rv:11.0) like Gecko"
87.189.219.72 - - [02/May/2014:16:57:07 +0200] "GET /js/jquery.min.js HTTP/1.1" 200 57254 "http://www.esso-berlin.de/lexikon.php?cs_go=3&cs_id=36" "Mozilla/5.0 (Windows NT 6.1; WOW64; Trident/7.0; rv:11.0) like Gecko"
87.189.219.72 - - [02/May/2014:16:57:07 +0200] "GET /images/heizoelbestellung.jpg HTTP/1.1" 200 6281 "http://www.esso-berlin.de/lexikon.php?cs_go=3&cs_id=36" "Mozilla/5.0 (Windows NT 6.1; WOW64; Trident/7.0; rv:11.0) like Gecko"
87.189.219.72 - - [02/May/2014:16:57:07 +0200] "GET /images/wunschpreis.jpg HTTP/1.1" 200 5550 "http://www.esso-berlin.de/lexikon.php?cs_go=3&cs_id=36" "Mozilla/5.0 (Windows NT 6.1; WOW64; Trident/7.0; rv:11.0) like Gecko"
87.189.219.72 - - [02/May/2014:16:57:07 +0200] "GET /images/adblue_neu.png HTTP/1.1" 200 30982 "http://www.esso-berlin.de/lexikon.php?cs_go=3&cs_id=36" "Mozilla/5.0 (Windows NT 6.1; WOW64; Trident/7.0; rv:11.0) like Gecko"
87.189.219.72 - - [02/May/2014:16:57:07 +0200] "GET /images/freecall.png HTTP/1.1" 200 15914 "http://www.esso-berlin.de/lexikon.php?cs_go=3&cs_id=36" "Mozilla/5.0 (Windows NT 6.1; WOW64; Trident/7.0; rv:11.0) like Gecko"
87.189.219.72 - - [02/May/2014:16:57:07 +0200] "GET /images/kwk.png HTTP/1.1" 200 15949 "http://www.esso-berlin.de/lexikon.php?cs_go=3&cs_id=36" "Mozilla/5.0 (Windows NT 6.1; WOW64; Trident/7.0; rv:11.0) like Gecko"
87.189.219.72 - - [02/May/2014:16:57:07 +0200] "GET /images/ral.png HTTP/1.1" 200 25696 "http://www.esso-berlin.de/lexikon.php?cs_go=3&cs_id=36" "Mozilla/5.0 (Windows NT 6.1; WOW64; Trident/7.0; rv:11.0) like Gecko"
87.189.219.72 - - [02/May/2014:16:57:07 +0200] "GET /images/Imagebroschuere_team_energie.png HTTP/1.1" 200 64117 "http://www.esso-berlin.de/lexikon.php?cs_go=3&cs_id=36" "Mozilla/5.0 (Windows NT 6.1; WOW64; Trident/7.0; rv:11.0) like Gecko"
87.189.219.72 - - [02/May/2014:16:57:07 +0200] "GET /lexikon.php?cs_go=3&cs_id=36 HTTP/1.1" 200 19860 "http://www.google.de/url?sa=t&rct=j&q=&esrc=s&source=web&cd=6&cad=rja&uact=8&ved=0CF8QFjAF&url=http%3A%2F%2Fwww.esso-berlin.de%2Flexikon.php%3Fcs_go%3D3%26cs_id%3D36&ei=N7JjU-XZGoWT4ASXqYCgDQ&usg=AFQjCNEjQ87TgkUviVpOAtwqLswkw1Xpgg&bvm=bv.65788261,d.bGQ" "Mozilla/5.0 (Windows NT 6.1; WOW64; Trident/7.0; rv:11.0) like Gecko"
87.189.219.72 - - [02/May/2014:16:57:07 +0200] "GET /images/content_bg.jpg HTTP/1.1" 200 437 "http://www.esso-berlin.de/lexikon.php?cs_go=3&cs_id=36" "Mozilla/5.0 (Windows NT 6.1; WOW64; Trident/7.0; rv:11.0) like Gecko"
87.189.219.72 - - [02/May/2014:16:57:07 +0200] "GET /images/header.jpg HTTP/1.1" 200 23758 "http://www.esso-berlin.de/lexikon.php?cs_go=3&cs_id=36" "Mozilla/5.0 (Windows NT 6.1; WOW64; Trident/7.0; rv:11.0) like Gecko"
87.189.219.72 - - [02/May/2014:16:57:07 +0200] "GET /images/logos.jpg HTTP/1.1" 200 1205 "http://www.esso-berlin.de/lexikon.php?cs_go=3&cs_id=36" "Mozilla/5.0 (Windows NT 6.1; WOW64; Trident/7.0; rv:11.0) like Gecko"
87.189.219.72 - - [02/May/2014:16:57:07 +0200] "GET /images/newsletter.jpg HTTP/1.1" 200 13127 "http://www.esso-berlin.de/lexikon.php?cs_go=3&cs_id=36" "Mozilla/5.0 (Windows NT 6.1; WOW64; Trident/7.0; rv:11.0) like Gecko"
87.189.219.72 - - [02/May/2014:16:57:07 +0200] "GET /favicon.ico HTTP/1.1" 404 1256 "-" "Mozilla/5.0 (Windows NT 6.1; WOW64; Trident/7.0; rv:11.0) like Gecko"
87.189.219.72 - - [02/May/2014:16:57:10 +0200] "GET /diesel.php HTTP/1.1" 200 22417 "http://www.esso-berlin.de/lexikon.php?cs_go=3&cs_id=36" "Mozilla/5.0 (Windows NT 6.1; WOW64; Trident/7.0; rv:11.0) like Gecko"
87.189.219.72 - - [02/May/2014:16:57:11 +0200] "GET /favicon.ico HTTP/1.1" 404 1256 "-" "Mozilla/5.0 (Windows NT 6.1; WOW64; Trident/7.0; rv:11.0) like Gecko"
141.8.147.12 - - [02/May/2014:16:57:54 +0200] "GET /news.php?cs_go=archiv&cs_id=4867&cs_search= HTTP/1.1" 200 24601 "-" "Mozilla/5.0 (compatible; YandexBot/3.0; +http://yandex.com/bots)"
141.8.147.12 - - [02/May/2014:16:57:57 +0200] "GET /news.php?cs_go=archiv&cs_id=5094 HTTP/1.1" 200 23304 "-" "Mozilla/5.0 (compatible; YandexBot/3.0; +http://yandex.com/bots)"
141.8.147.12 - - [02/May/2014:16:58:00 +0200] "GET /news.php?cs_go=archiv&cs_id=5095 HTTP/1.1" 200 24263 "-" "Mozilla/5.0 (compatible; YandexBot/3.0; +http://yandex.com/bots)"
141.8.147.12 - - [02/May/2014:16:58:03 +0200] "GET /kontakt.php HTTP/1.1" 200 20926 "-" "Mozilla/5.0 (compatible; YandexBot/3.0; +http://yandex.com/bots)"
148.251.23.114 - - [02/May/2014:16:58:46 +0200] "GET /robots.txt HTTP/1.0" 404 1256 "-" "Mozilla/5.0 (compatible; MJ12bot/v1.4.5; http://www.majestic12.co.uk/bot.php?+)"
66.249.73.70 - - [02/May/2014:16:58:48 +0200] "GET /news.php?cs_go=archiv&cs_id=4708 HTTP/1.1" 200 24228 "-" "SAMSUNG-SGH-E250/1.0 Profile/MIDP-2.0 Configuration/CLDC-1.1 UP.Browser/6.2.3.3.c.1.101 (GUI) MMP/2.0 (compatible; Googlebot-Mobile/2.1; +http://www.google.com/bot.html)"
148.251.23.114 - - [02/May/2014:16:58:49 +0200] "GET /news.php?cs_go=archiv&cs_id=5129 HTTP/1.0" 200 24051 "-" "Mozilla/5.0 (compatible; MJ12bot/v1.4.5; http://www.majestic12.co.uk/bot.php?+)"
66.249.73.70 - - [02/May/2014:17:00:27 +0200] "GET /news.php?cs_go=archiv&cs_id=4235 HTTP/1.1" 200 22168 "-" "Mozilla/5.0 (iPhone; CPU iPhone OS 6_0 like Mac OS X) AppleWebKit/536.26 (KHTML, like Gecko) Version/6.0 Mobile/10A5376e Safari/8536.25 (compatible; Googlebot/2.1; +http://www.google.com/bot.html)"
148.251.23.114 - - [02/May/2014:17:31:50 +0200] "GET /robots.txt HTTP/1.0" 404 1256 "-" "Mozilla/5.0 (compatible; MJ12bot/v1.4.5; http://www.majestic12.co.uk/bot.php?+)"
148.251.23.114 - - [02/May/2014:17:31:55 +0200] "GET /news.php?cs_go=archiv&cs_id=5129 HTTP/1.0" 200 24051 "-" "Mozilla/5.0 (compatible; MJ12bot/v1.4.5; http://www.majestic12.co.uk/bot.php?+)"
208.115.113.88 - - [02/May/2014:17:35:16 +0200] "GET /robots.txt HTTP/1.1" 404 1256 "-" "Mozilla/5.0 (compatible; DotBot/1.1; http://www.opensiteexplorer.org/dotbot, help@moz.com)"
66.249.73.70 - - [02/May/2014:17:40:13 +0200] "GET /news.php?cs_go=archiv&cs_id=4480 HTTP/1.1" 200 22920 "-" "Mozilla/5.0 (iPhone; CPU iPhone OS 6_0 like Mac OS X) AppleWebKit/536.26 (KHTML, like Gecko) Version/6.0 Mobile/10A5376e Safari/8536.25 (compatible; Googlebot/2.1; +http://www.google.com/bot.html)"
157.56.92.153 - - [02/May/2014:17:43:33 +0200] "GET /news.php?cs_go=archiv&cs_id=4578 HTTP/1.1" 200 22888 "-" "Mozilla/5.0 (compatible; bingbot/2.0; +http://www.bing.com/bingbot.htm)"
84.189.57.163 - - [02/May/2014:17:47:34 +0200] "GET /images/preisentwicklung.jpg HTTP/1.1" 200 25529 "http://www.esso-berlin.de/preisentwicklung.php" "Mozilla/5.0 (Windows NT 6.1; WOW64; Trident/7.0; rv:11.0) like Gecko"
84.189.57.163 - - [02/May/2014:17:47:34 +0200] "GET /images/heizoelbestellung.jpg HTTP/1.1" 200 6281 "http://www.esso-berlin.de/preisentwicklung.php" "Mozilla/5.0 (Windows NT 6.1; WOW64; Trident/7.0; rv:11.0) like Gecko"
84.189.57.163 - - [02/May/2014:17:47:33 +0200] "GET /preisentwicklung.php HTTP/1.1" 200 54088 "-" "Mozilla/5.0 (Windows NT 6.1; WOW64; Trident/7.0; rv:11.0) like Gecko"
84.189.57.163 - - [02/May/2014:17:47:34 +0200] "GET /images/wunschpreis.jpg HTTP/1.1" 200 5550 "http://www.esso-berlin.de/preisentwicklung.php" "Mozilla/5.0 (Windows NT 6.1; WOW64; Trident/7.0; rv:11.0) like Gecko"
84.189.57.163 - - [02/May/2014:17:47:34 +0200] "GET /images/freecall.png HTTP/1.1" 200 15914 "http://www.esso-berlin.de/preisentwicklung.php" "Mozilla/5.0 (Windows NT 6.1; WOW64; Trident/7.0; rv:11.0) like Gecko"
84.189.57.163 - - [02/May/2014:17:47:35 +0200] "GET /images/kwk.png HTTP/1.1" 200 15949 "http://www.esso-berlin.de/preisentwicklung.php" "Mozilla/5.0 (Windows NT 6.1; WOW64; Trident/7.0; rv:11.0) like Gecko"
84.189.57.163 - - [02/May/2014:17:47:35 +0200] "GET /images/ral.png HTTP/1.1" 200 25696 "http://www.esso-berlin.de/preisentwicklung.php" "Mozilla/5.0 (Windows NT 6.1; WOW64; Trident/7.0; rv:11.0) like Gecko"
84.189.57.163 - - [02/May/2014:17:47:35 +0200] "GET /images/Imagebroschuere_team_energie.png HTTP/1.1" 200 64117 "http://www.esso-berlin.de/preisentwicklung.php" "Mozilla/5.0 (Windows NT 6.1; WOW64; Trident/7.0; rv:11.0) like Gecko"
84.189.57.163 - - [02/May/2014:17:47:34 +0200] "GET /images/adblue_neu.png HTTP/1.1" 200 30982 "http://www.esso-berlin.de/preisentwicklung.php" "Mozilla/5.0 (Windows NT 6.1; WOW64; Trident/7.0; rv:11.0) like Gecko"
84.189.57.163 - - [02/May/2014:17:47:36 +0200] "GET /images/logos.jpg HTTP/1.1" 200 1205 "http://www.esso-berlin.de/preisentwicklung.php" "Mozilla/5.0 (Windows NT 6.1; WOW64; Trident/7.0; rv:11.0) like Gecko"
84.189.57.163 - - [02/May/2014:17:47:36 +0200] "GET /images/newsletter.jpg HTTP/1.1" 200 13127 "http://www.esso-berlin.de/preisentwicklung.php" "Mozilla/5.0 (Windows NT 6.1; WOW64; Trident/7.0; rv:11.0) like Gecko"
84.189.57.163 - - [02/May/2014:17:47:36 +0200] "GET /images/content_bg.jpg HTTP/1.1" 200 437 "http://www.esso-berlin.de/preisentwicklung.php" "Mozilla/5.0 (Windows NT 6.1; WOW64; Trident/7.0; rv:11.0) like Gecko"
84.189.57.163 - - [02/May/2014:17:47:36 +0200] "GET /images/header.jpg HTTP/1.1" 200 23758 "http://www.esso-berlin.de/preisentwicklung.php" "Mozilla/5.0 (Windows NT 6.1; WOW64; Trident/7.0; rv:11.0) like Gecko"
217.230.132.35 - - [02/May/2014:17:48:38 +0200] "GET / HTTP/1.1" 200 21338 "http://m.bigfinder.de/?c=ws&q=web&v=1" "T-Online Browser (Windows NT 6.1; de)"
157.56.229.245 - - [02/May/2014:17:56:01 +0200] "GET /news.php?cs_go=archiv&cs_id=5116 HTTP/1.1" 200 21084 "-" "Mozilla/5.0 (compatible; bingbot/2.0; +http://www.bing.com/bingbot.htm)"
66.249.73.13 - - [02/May/2014:17:58:12 +0200] "GET /news.php HTTP/1.1" 200 33654 "-" "Mozilla/5.0 (compatible; Googlebot/2.1; +http://www.google.com/bot.html)"
66.249.73.13 - - [02/May/2014:18:00:08 +0200] "GET /news.php?cs_go=archiv&cs_id=5137&cs_search= HTTP/1.1" 200 20658 "-" "Mozilla/5.0 (compatible; Googlebot/2.1; +http://www.google.com/bot.html)"
66.249.73.13 - - [02/May/2014:18:00:08 +0200] "GET /news.php?cs_go=archiv&cs_id=5123&cs_search= HTTP/1.1" 200 24348 "-" "Mozilla/5.0 (compatible; Googlebot/2.1; +http://www.google.com/bot.html)"
66.249.73.13 - - [02/May/2014:18:00:25 +0200] "GET /news.php?cs_go=archiv&cs_id=5129&cs_search= HTTP/1.1" 200 24051 "-" "Mozilla/5.0 (compatible; Googlebot/2.1; +http://www.google.com/bot.html)"
66.249.73.13 - - [02/May/2014:18:00:44 +0200] "GET /news.php?cs_go=archiv&cs_id=5126&cs_search= HTTP/1.1" 200 24418 "-" "Mozilla/5.0 (compatible; Googlebot/2.1; +http://www.google.com/bot.html)"
66.249.73.13 - - [02/May/2014:18:01:07 +0200] "GET /news.php?cs_go=archiv&cs_id=5135&cs_search= HTTP/1.1" 200 24202 "-" "Mozilla/5.0 (compatible; Googlebot/2.1; +http://www.google.com/bot.html)"
66.249.73.13 - - [02/May/2014:18:01:48 +0200] "GET /news.php?cs_go=archiv&cs_id=5122&cs_search= HTTP/1.1" 200 21363 "-" "Mozilla/5.0 (compatible; Googlebot/2.1; +http://www.google.com/bot.html)"
66.249.73.13 - - [02/May/2014:18:02:26 +0200] "GET /news.php?cs_go=archiv&cs_id=5127&cs_search= HTTP/1.1" 200 20513 "-" "Mozilla/5.0 (compatible; Googlebot/2.1; +http://www.google.com/bot.html)"
66.249.73.13 - - [02/May/2014:18:03:05 +0200] "GET /news.php?cs_go=archiv&cs_id=5125&cs_search= HTTP/1.1" 200 20573 "-" "Mozilla/5.0 (compatible; Googlebot/2.1; +http://www.google.com/bot.html)"
66.249.73.13 - - [02/May/2014:18:03:45 +0200] "GET /news.php?cs_go=archiv&cs_id=5128&cs_search= HTTP/1.1" 200 20905 "-" "Mozilla/5.0 (compatible; Googlebot/2.1; +http://www.google.com/bot.html)"
66.249.73.13 - - [02/May/2014:18:04:31 +0200] "GET /news.php?cs_go=archiv&cs_id=5124&cs_search= HTTP/1.1" 200 22990 "-" "Mozilla/5.0 (compatible; Googlebot/2.1; +http://www.google.com/bot.html)"
157.55.35.93 - - [02/May/2014:18:11:10 +0200] "GET /robots.txt HTTP/1.1" 404 1256 "-" "Mozilla/5.0 (compatible; bingbot/2.0; +http://www.bing.com/bingbot.htm)"
95.215.0.27 - - [02/May/2014:18:12:50 +0200] "GET /news.php?cs_go=archiv&cs_id=4882 HTTP/1.1" 200 24278 "-" "Mozilla/5.0 (Windows NT 6.1; WOW64; rv:26.1) Gecko/20100101 Firefox/26.0"
180.76.6.143 - - [02/May/2014:18:17:33 +0200] "GET /robots.txt HTTP/1.1" 404 1256 "-" "Mozilla/5.0 (Windows NT 5.1; rv:6.0.2) Gecko/20100101 Firefox/6.0.2"
66.249.73.161 - - [02/May/2014:18:18:18 +0200] "GET /news.php?cs_go=archiv&cs_id=4233&cs_search= HTTP/1.1" 200 24430 "-" "Mozilla/5.0 (compatible; Googlebot/2.1; +http://www.google.com/bot.html)"
37.58.100.178 - - [02/May/2014:18:27:07 +0200] "GET /news.php?cs_go=archiv&cs_id=5117&cs_search= HTTP/1.1" 200 24279 "-" "Mozilla/5.0 (compatible; AhrefsBot/5.0; +http://ahrefs.com/robot/)"
37.58.100.154 - - [02/May/2014:18:29:29 +0200] "GET /news.php?cs_go=archiv&cs_id=4949 HTTP/1.1" 200 20453 "-" "Mozilla/5.0 (compatible; AhrefsBot/5.0; +http://ahrefs.com/robot/)"
66.249.73.13 - - [02/May/2014:18:53:45 +0200] "GET /news.php?cs_go=archiv&cs_id=4095 HTTP/1.1" 200 20785 "-" "SAMSUNG-SGH-E250/1.0 Profile/MIDP-2.0 Configuration/CLDC-1.1 UP.Browser/6.2.3.3.c.1.101 (GUI) MMP/2.0 (compatible; Googlebot-Mobile/2.1; +http://www.google.com/bot.html)"
37.58.100.154 - - [02/May/2014:19:00:09 +0200] "GET /news.php?cs_go=archiv&cs_id=5070 HTTP/1.1" 200 24473 "-" "Mozilla/5.0 (compatible; AhrefsBot/5.0; +http://ahrefs.com/robot/)"
157.55.35.93 - - [02/May/2014:19:04:40 +0200] "GET /foerdermittel.php HTTP/1.1" 200 24406 "-" "Mozilla/5.0 (compatible; bingbot/2.0; +http://www.bing.com/bingbot.htm)"
157.55.35.51 - - [02/May/2014:19:12:03 +0200] "GET /robots.txt HTTP/1.1" 404 1256 "-" "Mozilla/5.0 (compatible; bingbot/2.0; +http://www.bing.com/bingbot.htm)"
157.55.35.51 - - [02/May/2014:19:12:48 +0200] "GET /kwk.php?cs_go=4 HTTP/1.1" 200 21412 "-" "Mozilla/5.0 (compatible; bingbot/2.0; +http://www.bing.com/bingbot.htm)"
93.158.150.21 - - [02/May/2014:19:14:09 +0200] "GET / HTTP/1.1" 200 23409 "-" "Mozilla/5.0 (Windows NT 6.2; WOW64) AppleWebKit/536.5 (KHTML, like Gecko) YaBrowser/1.0.1084.5402 Chrome/19.0.1084.5409 Safari/536.5"
178.154.243.106 - - [02/May/2014:19:14:10 +0200] "GET /images/teamtkw.jpg HTTP/1.1" 200 27919 "-" "Mozilla/5.0 (Windows NT 6.2; WOW64) AppleWebKit/536.5 (KHTML, like Gecko) YaBrowser/1.0.1084.5402 Chrome/19.0.1084.5409 Safari/536.5"
208.115.111.69 - - [02/May/2014:19:16:14 +0200] "GET /robots.txt HTTP/1.1" 404 1256 "-" "Mozilla/5.0 (compatible; DotBot/1.1; http://www.opensiteexplorer.org/dotbot, help@moz.com)"
208.115.113.88 - - [02/May/2014:19:30:52 +0200] "GET /brennwerttechnik.php HTTP/1.1" 200 22215 "-" "Mozilla/5.0 (compatible; DotBot/1.1; http://www.opensiteexplorer.org/dotbot, help@moz.com)"
148.251.23.114 - - [02/May/2014:19:42:08 +0200] "GET /robots.txt HTTP/1.0" 404 1256 "-" "Mozilla/5.0 (compatible; MJ12bot/v1.4.5; http://www.majestic12.co.uk/bot.php?+)"
148.251.23.114 - - [02/May/2014:19:42:10 +0200] "GET /news.php?cs_go=archiv&cs_id=4875 HTTP/1.0" 200 24777 "-" "Mozilla/5.0 (compatible; MJ12bot/v1.4.5; http://www.majestic12.co.uk/bot.php?+)"
148.251.23.114 - - [02/May/2014:19:42:14 +0200] "GET /news.php?cs_go=archiv&cs_id=4876 HTTP/1.0" 200 20488 "-" "Mozilla/5.0 (compatible; MJ12bot/v1.4.5; http://www.majestic12.co.uk/bot.php?+)"
148.251.23.114 - - [02/May/2014:19:42:21 +0200] "GET /robots.txt HTTP/1.0" 404 1256 "-" "Mozilla/5.0 (compatible; MJ12bot/v1.4.5; http://www.majestic12.co.uk/bot.php?+)"
148.251.23.114 - - [02/May/2014:19:42:26 +0200] "GET /preisanfrage.php HTTP/1.0" 200 23737 "-" "Mozilla/5.0 (compatible; MJ12bot/v1.4.5; http://www.majestic12.co.uk/bot.php?+)"
37.58.100.92 - - [02/May/2014:19:42:37 +0200] "GET /lexikon.php?cs_go=3&cs_id=43 HTTP/1.1" 200 19143 "-" "Mozilla/5.0 (compatible; AhrefsBot/5.0; +http://ahrefs.com/robot/)"
66.249.73.13 - - [02/May/2014:19:44:26 +0200] "GET /news.php?cs_go=archiv&cs_id=4606 HTTP/1.1" 200 24641 "-" "DoCoMo/2.0 N905i(c100;TB;W24H16) (compatible; Googlebot-Mobile/2.1; +http://www.google.com/bot.html)"
157.56.92.153 - - [02/May/2014:19:44:44 +0200] "GET /news.php?cs_go=archiv&cs_id=4578 HTTP/1.1" 200 22888 "-" "Mozilla/5.0 (compatible; bingbot/2.0; +http://www.bing.com/bingbot.htm)"
66.249.73.70 - - [02/May/2014:19:47:14 +0200] "GET /news.php?cs_go=archiv&cs_id=4148 HTTP/1.1" 200 22921 "-" "Mozilla/5.0 (iPhone; CPU iPhone OS 6_0 like Mac OS X) AppleWebKit/536.26 (KHTML, like Gecko) Version/6.0 Mobile/10A5376e Safari/8536.25 (compatible; Googlebot/2.1; +http://www.google.com/bot.html)"
157.55.35.94 - - [02/May/2014:19:50:34 +0200] "GET /adblue.php HTTP/1.1" 200 23127 "-" "Mozilla/5.0 (compatible; bingbot/2.0; +http://www.bing.com/bingbot.htm)"
157.55.33.20 - - [02/May/2014:19:51:50 +0200] "GET / HTTP/1.1" 200 23409 "-" "Mozilla/5.0 (compatible; bingbot/2.0; +http://www.bing.com/bingbot.htm)"
178.255.215.76 - - [02/May/2014:20:06:46 +0200] "GET /robots.txt HTTP/1.1" 404 1256 "-" "Mozilla/5.0 (compatible; Exabot/3.0; +http://www.exabot.com/go/robot)"
178.255.215.76 - - [02/May/2014:20:06:47 +0200] "GET /index.php HTTP/1.1" 200 23409 "-" "Mozilla/5.0 (compatible; Exabot/3.0; +http://www.exabot.com/go/robot)"
157.55.34.27 - - [02/May/2014:20:26:28 +0200] "GET /news.php?cs_go=archiv&cs_id=4634 HTTP/1.1" 200 20857 "-" "Mozilla/5.0 (compatible; bingbot/2.0; +http://www.bing.com/bingbot.htm)"
217.93.154.147 - - [02/May/2014:20:31:02 +0200] "GET /style.css HTTP/1.1" 200 8056 "http://www.e-s-s-o-berlin.de/" "Mozilla/5.0 (Windows NT 6.2; WOW64; rv:28.0) Gecko/20100101 Firefox/28.0"
217.93.154.147 - - [02/May/2014:20:31:02 +0200] "GET /js/ddaccordion.js HTTP/1.1" 200 12534 "http://www.e-s-s-o-berlin.de/" "Mozilla/5.0 (Windows NT 6.2; WOW64; rv:28.0) Gecko/20100101 Firefox/28.0"
217.93.154.147 - - [02/May/2014:20:31:02 +0200] "GET /js/slider.js HTTP/1.1" 200 773 "http://www.e-s-s-o-berlin.de/" "Mozilla/5.0 (Windows NT 6.2; WOW64; rv:28.0) Gecko/20100101 Firefox/28.0"
217.93.154.147 - - [02/May/2014:20:31:02 +0200] "GET /Scripts/AC_ActiveX.js HTTP/1.1" 200 2068 "http://www.e-s-s-o-berlin.de/" "Mozilla/5.0 (Windows NT 6.2; WOW64; rv:28.0) Gecko/20100101 Firefox/28.0"
217.93.154.147 - - [02/May/2014:20:31:02 +0200] "GET /Scripts/AC_RunActiveContent.js HTTP/1.1" 200 8029 "http://www.e-s-s-o-berlin.de/" "Mozilla/5.0 (Windows NT 6.2; WOW64; rv:28.0) Gecko/20100101 Firefox/28.0"
217.93.154.147 - - [02/May/2014:20:31:02 +0200] "GET /modul.css HTTP/1.1" 200 36485 "http://www.e-s-s-o-berlin.de/" "Mozilla/5.0 (Windows NT 6.2; WOW64; rv:28.0) Gecko/20100101 Firefox/28.0"
217.93.154.147 - - [02/May/2014:20:31:01 +0200] "GET / HTTP/1.1" 200 23409 "http://www.google.de/url?sa=t&rct=j&q=&esrc=s&source=web&cd=1&ved=0CC4QFjAA&url=http%3A%2F%2Fwww.e-s-s-o-berlin.de%2F&ei=XuRjU4XQOrT4yAOhqYH4Dw&usg=AFQjCNFyly26Im01L1hqxwtkO53IQPsODA&bvm=bv.65788261,d.bGQ" "Mozilla/5.0 (Windows NT 6.2; WOW64; rv:28.0) Gecko/20100101 Firefox/28.0"
217.93.154.147 - - [02/May/2014:20:31:02 +0200] "GET /js/jquery.min.js HTTP/1.1" 200 57254 "http://www.e-s-s-o-berlin.de/" "Mozilla/5.0 (Windows NT 6.2; WOW64; rv:28.0) Gecko/20100101 Firefox/28.0"
217.93.154.147 - - [02/May/2014:20:31:02 +0200] "GET /video/jwplayer.js HTTP/1.1" 200 132411 "http://www.e-s-s-o-berlin.de/" "Mozilla/5.0 (Windows NT 6.2; WOW64; rv:28.0) Gecko/20100101 Firefox/28.0"
217.93.154.147 - - [02/May/2014:20:31:03 +0200] "GET /images/teamtkw.jpg HTTP/1.1" 200 27919 "http://www.e-s-s-o-berlin.de/" "Mozilla/5.0 (Windows NT 6.2; WOW64; rv:28.0) Gecko/20100101 Firefox/28.0"
217.93.154.147 - - [02/May/2014:20:31:03 +0200] "GET /images/team-energie.png HTTP/1.1" 200 17383 "http://www.e-s-s-o-berlin.de/" "Mozilla/5.0 (Windows NT 6.2; WOW64; rv:28.0) Gecko/20100101 Firefox/28.0"
217.93.154.147 - - [02/May/2014:20:31:03 +0200] "GET /images/tankpool24.jpg HTTP/1.1" 200 6460 "http://www.e-s-s-o-berlin.de/" "Mozilla/5.0 (Windows NT 6.2; WOW64; rv:28.0) Gecko/20100101 Firefox/28.0"
217.93.154.147 - - [02/May/2014:20:31:03 +0200] "GET /images/iwo.jpg HTTP/1.1" 200 11024 "http://www.e-s-s-o-berlin.de/" "Mozilla/5.0 (Windows NT 6.2; WOW64; rv:28.0) Gecko/20100101 Firefox/28.0"
217.93.154.147 - - [02/May/2014:20:31:03 +0200] "GET /images/baustelle.jpg HTTP/1.1" 200 17506 "http://www.e-s-s-o-berlin.de/" "Mozilla/5.0 (Windows NT 6.2; WOW64; rv:28.0) Gecko/20100101 Firefox/28.0"
217.93.154.147 - - [02/May/2014:20:31:03 +0200] "GET /images/email.png HTTP/1.1" 200 641 "http://www.e-s-s-o-berlin.de/" "Mozilla/5.0 (Windows NT 6.2; WOW64; rv:28.0) Gecko/20100101 Firefox/28.0"
217.93.154.147 - - [02/May/2014:20:31:03 +0200] "GET /images/telefon.png HTTP/1.1" 200 754 "http://www.e-s-s-o-berlin.de/" "Mozilla/5.0 (Windows NT 6.2; WOW64; rv:28.0) Gecko/20100101 Firefox/28.0"
217.93.154.147 - - [02/May/2014:20:31:03 +0200] "GET /images/heizoelbestellung.jpg HTTP/1.1" 200 6281 "http://www.e-s-s-o-berlin.de/" "Mozilla/5.0 (Windows NT 6.2; WOW64; rv:28.0) Gecko/20100101 Firefox/28.0"
217.93.154.147 - - [02/May/2014:20:31:03 +0200] "GET /images/wunschpreis.jpg HTTP/1.1" 200 5550 "http://www.e-s-s-o-berlin.de/" "Mozilla/5.0 (Windows NT 6.2; WOW64; rv:28.0) Gecko/20100101 Firefox/28.0"
217.93.154.147 - - [02/May/2014:20:31:03 +0200] "GET /images/adblue_neu.png HTTP/1.1" 200 30982 "http://www.e-s-s-o-berlin.de/" "Mozilla/5.0 (Windows NT 6.2; WOW64; rv:28.0) Gecko/20100101 Firefox/28.0"
217.93.154.147 - - [02/May/2014:20:31:03 +0200] "GET /images/freecall.png HTTP/1.1" 200 15914 "http://www.e-s-s-o-berlin.de/" "Mozilla/5.0 (Windows NT 6.2; WOW64; rv:28.0) Gecko/20100101 Firefox/28.0"
217.93.154.147 - - [02/May/2014:20:31:03 +0200] "GET /images/kwk.png HTTP/1.1" 200 15949 "http://www.e-s-s-o-berlin.de/" "Mozilla/5.0 (Windows NT 6.2; WOW64; rv:28.0) Gecko/20100101 Firefox/28.0"
217.93.154.147 - - [02/May/2014:20:31:03 +0200] "GET /images/ral.png HTTP/1.1" 200 25696 "http://www.e-s-s-o-berlin.de/" "Mozilla/5.0 (Windows NT 6.2; WOW64; rv:28.0) Gecko/20100101 Firefox/28.0"
217.93.154.147 - - [02/May/2014:20:31:03 +0200] "GET /images/Imagebroschuere_team_energie.png HTTP/1.1" 200 64117 "http://www.e-s-s-o-berlin.de/" "Mozilla/5.0 (Windows NT 6.2; WOW64; rv:28.0) Gecko/20100101 Firefox/28.0"
217.93.154.147 - - [02/May/2014:20:31:04 +0200] "GET /images/header.jpg HTTP/1.1" 200 23758 "http://www.e-s-s-o-berlin.de/style.css" "Mozilla/5.0 (Windows NT 6.2; WOW64; rv:28.0) Gecko/20100101 Firefox/28.0"
217.93.154.147 - - [02/May/2014:20:31:04 +0200] "GET /images/content_bg.jpg HTTP/1.1" 200 437 "http://www.e-s-s-o-berlin.de/style.css" "Mozilla/5.0 (Windows NT 6.2; WOW64; rv:28.0) Gecko/20100101 Firefox/28.0"
217.93.154.147 - - [02/May/2014:20:31:04 +0200] "GET /images/logos.jpg HTTP/1.1" 200 1205 "http://www.e-s-s-o-berlin.de/style.css" "Mozilla/5.0 (Windows NT 6.2; WOW64; rv:28.0) Gecko/20100101 Firefox/28.0"
217.93.154.147 - - [02/May/2014:20:31:04 +0200] "GET /images/newsletter.jpg HTTP/1.1" 200 13127 "http://www.e-s-s-o-berlin.de/style.css" "Mozilla/5.0 (Windows NT 6.2; WOW64; rv:28.0) Gecko/20100101 Firefox/28.0"
