157.55.35.102 - - [01/May/2014:00:03:14 +0200] "GET /news.php?cs_go=archiv&cs_id=5042 HTTP/1.1" 200 11464 "-" "Mozilla/5.0 (compatible; bingbot/2.0; +http://www.bing.com/bingbot.htm)"
65.55.52.111 - - [01/May/2014:00:03:54 +0200] "GET /news.php?cs_go=archiv&cs_id=5043 HTTP/1.1" 200 20619 "-" "Mozilla/5.0 (compatible; bingbot/2.0; +http://www.bing.com/bingbot.htm)"
157.55.35.102 - - [01/May/2014:00:04:35 +0200] "GET /robots.txt HTTP/1.1" 404 1256 "-" "Mozilla/5.0 (compatible; bingbot/2.0; +http://www.bing.com/bingbot.htm)"
157.55.35.102 - - [01/May/2014:00:04:47 +0200] "GET /news.php?cs_go=archiv&cs_id=5042 HTTP/1.0" 200 23882 "-" "Mozilla/5.0 (compatible; bingbot/2.0; +http://www.bing.com/bingbot.htm)"
66.249.78.86 - - [01/May/2014:00:05:05 +0200] "GET /news.php?cs_go=archiv&cs_id=4004 HTTP/1.1" 200 23142 "-" "Mozilla/5.0 (compatible; Googlebot/2.1; +http://www.google.com/bot.html)"
66.249.78.226 - - [01/May/2014:00:05:45 +0200] "GET /robots.txt HTTP/1.1" 404 1256 "-" "Mozilla/5.0 (compatible; Googlebot/2.1; +http://www.google.com/bot.html)"
66.249.78.226 - - [01/May/2014:00:05:45 +0200] "GET /lexikon.php?cs_go=3&cs_id=75 HTTP/1.1" 200 19633 "-" "Mozilla/5.0 (iPhone; CPU iPhone OS 6_0 like Mac OS X) AppleWebKit/536.26 (KHTML, like Gecko) Version/6.0 Mobile/10A5376e Safari/8536.25 (compatible; Googlebot/2.1; +http://www.google.com/bot.html)"
157.56.93.148 - - [01/May/2014:00:07:34 +0200] "GET /biogasanlage.php HTTP/1.1" 200 19090 "-" "Mozilla/5.0 (compatible; bingbot/2.0; +http://www.bing.com/bingbot.htm)"
144.76.95.39 - - [01/May/2014:00:14:19 +0200] "GET /robots.txt HTTP/1.0" 404 1256 "-" "Mozilla/5.0 (compatible; MJ12bot/v1.4.5; http://www.majestic12.co.uk/bot.php?+)"
144.76.95.39 - - [01/May/2014:00:14:21 +0200] "GET /news.php?cs_go=archiv&cs_id=5126 HTTP/1.0" 200 24315 "-" "Mozilla/5.0 (compatible; MJ12bot/v1.4.5; http://www.majestic12.co.uk/bot.php?+)"
66.249.78.226 - - [01/May/2014:00:15:05 +0200] "GET /js/slider.js HTTP/1.1" 200 773 "http://www.essoberlin.de/lexikon.php?cs_go=3&cs_id=75" "Mozilla/5.0 (compatible; Googlebot/2.1; +http://www.google.com/bot.html)"
66.249.78.226 - - [01/May/2014:00:15:06 +0200] "GET /js/jquery.min.js HTTP/1.1" 200 57254 "http://www.essoberlin.de/lexikon.php?cs_go=3&cs_id=75" "Mozilla/5.0 (compatible; Googlebot/2.1; +http://www.google.com/bot.html)"
66.249.78.226 - - [01/May/2014:00:15:07 +0200] "GET /js/ddaccordion.js HTTP/1.1" 200 12534 "http://www.essoberlin.de/lexikon.php?cs_go=3&cs_id=75" "Mozilla/5.0 (compatible; Googlebot/2.1; +http://www.google.com/bot.html)"
66.249.78.226 - - [01/May/2014:00:15:07 +0200] "GET /style.css HTTP/1.1" 200 8056 "http://www.essoberlin.de/lexikon.php?cs_go=3&cs_id=75" "Mozilla/5.0 (compatible; Googlebot/2.1; +http://www.google.com/bot.html)"
66.249.78.226 - - [01/May/2014:00:15:07 +0200] "GET /modul.css HTTP/1.1" 200 36485 "http://www.essoberlin.de/lexikon.php?cs_go=3&cs_id=75" "Mozilla/5.0 (compatible; Googlebot/2.1; +http://www.google.com/bot.html)"
66.249.78.160 - - [01/May/2014:00:18:25 +0200] "GET /essocard.php HTTP/1.1" 200 20377 "-" "Mozilla/5.0 (compatible; Googlebot/2.1; +http://www.google.com/bot.html)"
157.55.35.102 - - [01/May/2014:00:21:14 +0200] "GET /news.php?cs_go=archiv&cs_id=5042 HTTP/1.1" 200 23882 "-" "Mozilla/5.0 (compatible; bingbot/2.0; +http://www.bing.com/bingbot.htm)"
65.55.52.111 - - [01/May/2014:00:22:14 +0200] "GET /news.php?cs_go=archiv&cs_id=5043 HTTP/1.1" 200 20619 "-" "Mozilla/5.0 (compatible; bingbot/2.0; +http://www.bing.com/bingbot.htm)"
157.56.93.148 - - [01/May/2014:00:23:14 +0200] "GET /biogasanlage.php HTTP/1.1" 200 19090 "-" "Mozilla/5.0 (compatible; bingbot/2.0; +http://www.bing.com/bingbot.htm)"
66.249.78.86 - - [01/May/2014:00:31:45 +0200] "GET /tabmenu/hel_sprem_1month.php HTTP/1.1" 200 6334 "-" "Mozilla/5.0 (compatible; Googlebot/2.1; +http://www.google.com/bot.html)"
65.55.52.111 - - [01/May/2014:00:33:54 +0200] "GET /robots.txt HTTP/1.1" 404 1256 "-" "Mozilla/5.0 (compatible; bingbot/2.0; +http://www.bing.com/bingbot.htm)"
65.55.52.111 - - [01/May/2014:00:33:56 +0200] "GET / HTTP/1.1" 200 23306 "-" "Mozilla/5.0 (compatible; bingbot/2.0; +http://www.bing.com/bingbot.htm)"
117.78.13.18 - - [01/May/2014:00:37:38 +0200] "GET /robots.txt HTTP/1.0" 404 1256 "-" "nutch-1.4/Nutch-1.4"
117.78.13.18 - - [01/May/2014:00:37:39 +0200] "GET / HTTP/1.0" 200 23306 "-" "nutch-1.4/Nutch-1.4"
65.55.52.111 - - [01/May/2014:00:40:44 +0200] "GET / HTTP/1.1" 200 23306 "-" "Mozilla/5.0 (compatible; bingbot/2.0; +http://www.bing.com/bingbot.htm)"
199.30.25.116 - - [01/May/2014:00:40:46 +0200] "GET /js/ddaccordion.js HTTP/1.1" 200 12534 "http://www.e-s-s-o-berlin.de/" "Mozilla/5.0 (Windows NT 6.1; WOW64) AppleWebKit/534+ (KHTML, like Gecko) BingPreview/1.0b"
199.30.25.116 - - [01/May/2014:00:40:47 +0200] "GET /js/slider.js HTTP/1.1" 200 773 "http://www.e-s-s-o-berlin.de/" "Mozilla/5.0 (Windows NT 6.1; WOW64) AppleWebKit/534+ (KHTML, like Gecko) BingPreview/1.0b"
199.30.25.116 - - [01/May/2014:00:40:47 +0200] "GET /video/jwplayer.js HTTP/1.1" 200 132411 "http://www.e-s-s-o-berlin.de/" "Mozilla/5.0 (Windows NT 6.1; WOW64) AppleWebKit/534+ (KHTML, like Gecko) BingPreview/1.0b"
199.30.25.116 - - [01/May/2014:00:40:49 +0200] "GET /Scripts/AC_ActiveX.js HTTP/1.1" 200 2068 "http://www.e-s-s-o-berlin.de/" "Mozilla/5.0 (Windows NT 6.1; WOW64) AppleWebKit/534+ (KHTML, like Gecko) BingPreview/1.0b"
199.30.25.116 - - [01/May/2014:00:40:49 +0200] "GET /Scripts/AC_RunActiveContent.js HTTP/1.1" 200 8029 "http://www.e-s-s-o-berlin.de/" "Mozilla/5.0 (Windows NT 6.1; WOW64) AppleWebKit/534+ (KHTML, like Gecko) BingPreview/1.0b"
199.30.25.116 - - [01/May/2014:00:40:51 +0200] "GET /images/header.jpg HTTP/1.1" 200 23758 "http://www.e-s-s-o-berlin.de/" "Mozilla/5.0 (Windows NT 6.1; WOW64) AppleWebKit/534+ (KHTML, like Gecko) BingPreview/1.0b"
199.30.25.116 - - [01/May/2014:00:40:51 +0200] "GET /images/logos.jpg HTTP/1.1" 200 1205 "http://www.e-s-s-o-berlin.de/" "Mozilla/5.0 (Windows NT 6.1; WOW64) AppleWebKit/534+ (KHTML, like Gecko) BingPreview/1.0b"
199.30.25.116 - - [01/May/2014:00:40:51 +0200] "GET /images/content_bg.jpg HTTP/1.1" 200 437 "http://www.e-s-s-o-berlin.de/" "Mozilla/5.0 (Windows NT 6.1; WOW64) AppleWebKit/534+ (KHTML, like Gecko) BingPreview/1.0b"
199.30.25.116 - - [01/May/2014:00:40:51 +0200] "GET /images/teamtkw.jpg HTTP/1.1" 200 27919 "http://www.e-s-s-o-berlin.de/" "Mozilla/5.0 (Windows NT 6.1; WOW64) AppleWebKit/534+ (KHTML, like Gecko) BingPreview/1.0b"
199.30.25.116 - - [01/May/2014:00:40:51 +0200] "GET /images/team-energie.png HTTP/1.1" 200 17383 "http://www.e-s-s-o-berlin.de/" "Mozilla/5.0 (Windows NT 6.1; WOW64) AppleWebKit/534+ (KHTML, like Gecko) BingPreview/1.0b"
199.30.25.116 - - [01/May/2014:00:40:51 +0200] "GET /images/tankpool24.jpg HTTP/1.1" 200 6460 "http://www.e-s-s-o-berlin.de/" "Mozilla/5.0 (Windows NT 6.1; WOW64) AppleWebKit/534+ (KHTML, like Gecko) BingPreview/1.0b"
199.30.25.116 - - [01/May/2014:00:40:51 +0200] "GET /images/iwo.jpg HTTP/1.1" 200 11024 "http://www.e-s-s-o-berlin.de/" "Mozilla/5.0 (Windows NT 6.1; WOW64) AppleWebKit/534+ (KHTML, like Gecko) BingPreview/1.0b"
199.30.25.116 - - [01/May/2014:00:40:51 +0200] "GET /images/newsletter.jpg HTTP/1.1" 200 13127 "http://www.e-s-s-o-berlin.de/" "Mozilla/5.0 (Windows NT 6.1; WOW64) AppleWebKit/534+ (KHTML, like Gecko) BingPreview/1.0b"
199.30.25.116 - - [01/May/2014:00:40:52 +0200] "GET /images/mobil.jpg HTTP/1.1" 200 25293 "http://www.e-s-s-o-berlin.de/" "Mozilla/5.0 (Windows NT 6.1; WOW64) AppleWebKit/534+ (KHTML, like Gecko) BingPreview/1.0b"
199.30.25.116 - - [01/May/2014:00:40:52 +0200] "GET /images/telefon.png HTTP/1.1" 200 754 "http://www.e-s-s-o-berlin.de/" "Mozilla/5.0 (Windows NT 6.1; WOW64) AppleWebKit/534+ (KHTML, like Gecko) BingPreview/1.0b"
199.30.25.116 - - [01/May/2014:00:40:52 +0200] "GET /images/baustelle.jpg HTTP/1.1" 200 17506 "http://www.e-s-s-o-berlin.de/" "Mozilla/5.0 (Windows NT 6.1; WOW64) AppleWebKit/534+ (KHTML, like Gecko) BingPreview/1.0b"
199.30.25.116 - - [01/May/2014:00:40:52 +0200] "GET /images/email.png HTTP/1.1" 200 641 "http://www.e-s-s-o-berlin.de/" "Mozilla/5.0 (Windows NT 6.1; WOW64) AppleWebKit/534+ (KHTML, like Gecko) BingPreview/1.0b"
199.30.25.116 - - [01/May/2014:00:40:52 +0200] "GET /images/heizoelbestellung.jpg HTTP/1.1" 200 6281 "http://www.e-s-s-o-berlin.de/" "Mozilla/5.0 (Windows NT 6.1; WOW64) AppleWebKit/534+ (KHTML, like Gecko) BingPreview/1.0b"
199.30.25.116 - - [01/May/2014:00:40:52 +0200] "GET /images/wunschpreis.jpg HTTP/1.1" 200 5550 "http://www.e-s-s-o-berlin.de/" "Mozilla/5.0 (Windows NT 6.1; WOW64) AppleWebKit/534+ (KHTML, like Gecko) BingPreview/1.0b"
199.30.25.116 - - [01/May/2014:00:40:52 +0200] "GET /images/adblue_neu.png HTTP/1.1" 200 30982 "http://www.e-s-s-o-berlin.de/" "Mozilla/5.0 (Windows NT 6.1; WOW64) AppleWebKit/534+ (KHTML, like Gecko) BingPreview/1.0b"
199.30.25.116 - - [01/May/2014:00:40:52 +0200] "GET /images/kwk.png HTTP/1.1" 200 15949 "http://www.e-s-s-o-berlin.de/" "Mozilla/5.0 (Windows NT 6.1; WOW64) AppleWebKit/534+ (KHTML, like Gecko) BingPreview/1.0b"
199.30.25.116 - - [01/May/2014:00:40:52 +0200] "GET /images/freecall.png HTTP/1.1" 200 15914 "http://www.e-s-s-o-berlin.de/" "Mozilla/5.0 (Windows NT 6.1; WOW64) AppleWebKit/534+ (KHTML, like Gecko) BingPreview/1.0b"
199.30.25.116 - - [01/May/2014:00:40:53 +0200] "GET /images/ral.png HTTP/1.1" 200 25696 "http://www.e-s-s-o-berlin.de/" "Mozilla/5.0 (Windows NT 6.1; WOW64) AppleWebKit/534+ (KHTML, like Gecko) BingPreview/1.0b"
199.30.25.116 - - [01/May/2014:00:40:53 +0200] "GET /images/Imagebroschuere_team_energie.png HTTP/1.1" 200 64117 "http://www.e-s-s-o-berlin.de/" "Mozilla/5.0 (Windows NT 6.1; WOW64) AppleWebKit/534+ (KHTML, like Gecko) BingPreview/1.0b"
199.30.25.116 - - [01/May/2014:00:40:53 +0200] "GET /video/player.swf HTTP/1.1" 200 106407 "http://www.e-s-s-o-berlin.de/video/player.swf" "Mozilla/5.0 (Windows NT 6.1; WOW64) AppleWebKit/534+ (KHTML, like Gecko) BingPreview/1.0b"
157.55.33.84 - - [01/May/2014:00:42:37 +0200] "GET /style.css HTTP/1.1" 200 8056 "-" "Mozilla/5.0 (compatible; bingbot/2.0; +http://www.bing.com/bingbot.htm)"
157.55.35.102 - - [01/May/2014:00:44:54 +0200] "GET /news.php?cs_go=archiv&cs_id=5042 HTTP/1.1" 200 23882 "-" "Mozilla/5.0 (compatible; bingbot/2.0; +http://www.bing.com/bingbot.htm)"
66.249.78.90 - - [01/May/2014:00:45:06 +0200] "GET /robots.txt HTTP/1.1" 404 1256 "-" "Mozilla/5.0 (compatible; Googlebot/2.1; +http://www.google.com/bot.html)"
66.249.78.90 - - [01/May/2014:00:45:06 +0200] "GET /news.php?cs_go=archiv&cs_id=1604&cs_search= HTTP/1.1" 200 18950 "-" "Mozilla/5.0 (compatible; Googlebot/2.1; +http://www.google.com/bot.html)"
157.56.92.146 - - [01/May/2014:00:45:34 +0200] "GET /biogasanlage.php HTTP/1.1" 200 19090 "-" "Mozilla/5.0 (compatible; bingbot/2.0; +http://www.bing.com/bingbot.htm)"
157.56.92.146 - - [01/May/2014:00:45:35 +0200] "GET /robots.txt HTTP/1.1" 404 1256 "-" "Mozilla/5.0 (compatible; bingbot/2.0; +http://www.bing.com/bingbot.htm)"
65.55.52.111 - - [01/May/2014:00:47:55 +0200] "GET /robots.txt HTTP/1.1" 404 1256 "-" "Mozilla/5.0 (compatible; bingbot/2.0; +http://www.bing.com/bingbot.htm)"
65.55.52.111 - - [01/May/2014:00:47:54 +0200] "GET /news.php?cs_go=archiv&cs_id=5043 HTTP/1.1" 200 20619 "-" "Mozilla/5.0 (compatible; bingbot/2.0; +http://www.bing.com/bingbot.htm)"
66.249.78.90 - - [01/May/2014:00:50:09 +0200] "GET /news.php?cs_go=archiv&cs_id=5135 HTTP/1.1" 200 24099 "-" "Mozilla/5.0 (compatible; Googlebot/2.1; +http://www.google.com/bot.html)"
157.56.93.148 - - [01/May/2014:00:55:19 +0200] "GET /robots.txt HTTP/1.1" 404 1256 "-" "Mozilla/5.0 (compatible; bingbot/2.0; +http://www.bing.com/bingbot.htm)"
66.249.78.86 - - [01/May/2014:00:56:07 +0200] "GET /news.php?cs_go=archiv&cs_id=4186 HTTP/1.1" 200 21209 "-" "Mozilla/5.0 (iPhone; CPU iPhone OS 6_0 like Mac OS X) AppleWebKit/536.26 (KHTML, like Gecko) Version/6.0 Mobile/10A5376e Safari/8536.25 (compatible; Googlebot/2.1; +http://www.google.com/bot.html)"
157.56.93.148 - - [01/May/2014:01:03:46 +0200] "GET /ec.php HTTP/1.1" 200 20630 "-" "Mozilla/5.0 (compatible; bingbot/2.0; +http://www.bing.com/bingbot.htm)"
68.180.225.113 - - [01/May/2014:01:08:44 +0200] "GET /kwk.php?cs_go=3 HTTP/1.1" 200 21339 "-" "Mozilla/5.0 (compatible; Yahoo! Slurp; http://help.yahoo.com/help/us/ysearch/slurp)"
157.55.35.102 - - [01/May/2014:01:08:56 +0200] "GET /news.php?cs_go=archiv&cs_id=5042 HTTP/1.1" 200 23882 "-" "Mozilla/5.0 (compatible; bingbot/2.0; +http://www.bing.com/bingbot.htm)"
157.56.92.146 - - [01/May/2014:01:09:36 +0200] "GET /biogasanlage.php HTTP/1.1" 200 19090 "-" "Mozilla/5.0 (compatible; bingbot/2.0; +http://www.bing.com/bingbot.htm)"
65.55.52.111 - - [01/May/2014:01:11:36 +0200] "GET /news.php?cs_go=archiv&cs_id=5043 HTTP/1.1" 200 20619 "-" "Mozilla/5.0 (compatible; bingbot/2.0; +http://www.bing.com/bingbot.htm)"
66.249.78.86 - - [01/May/2014:01:11:45 +0200] "GET /news.php?cs_go=archiv&cs_id=4690 HTTP/1.1" 200 22604 "-" "Mozilla/5.0 (compatible; Googlebot/2.1; +http://www.google.com/bot.html)"
208.115.111.72 - - [01/May/2014:01:16:07 +0200] "GET /news.php?cs_go=archiv&cs_id=4952 HTTP/1.1" 200 24201 "-" "Mozilla/5.0 (compatible; DotBot/1.1; http://www.opensiteexplorer.org/dotbot, help@moz.com)"
157.55.35.102 - - [01/May/2014:01:32:14 +0200] "GET /news.php?cs_go=archiv&cs_id=5042 HTTP/1.1" 200 23882 "-" "Mozilla/5.0 (compatible; bingbot/2.0; +http://www.bing.com/bingbot.htm)"
157.56.92.146 - - [01/May/2014:01:32:54 +0200] "GET /biogasanlage.php HTTP/1.1" 200 19090 "-" "Mozilla/5.0 (compatible; bingbot/2.0; +http://www.bing.com/bingbot.htm)"
157.56.92.146 - - [01/May/2014:01:32:55 +0200] "GET /robots.txt HTTP/1.1" 404 1256 "-" "Mozilla/5.0 (compatible; bingbot/2.0; +http://www.bing.com/bingbot.htm)"
65.55.52.111 - - [01/May/2014:01:33:34 +0200] "GET /news.php?cs_go=archiv&cs_id=5043 HTTP/1.1" 200 20619 "-" "Mozilla/5.0 (compatible; bingbot/2.0; +http://www.bing.com/bingbot.htm)"
208.115.113.88 - - [01/May/2014:01:35:49 +0200] "GET /robots.txt HTTP/1.1" 404 1256 "-" "Mozilla/5.0 (compatible; DotBot/1.1; http://www.opensiteexplorer.org/dotbot, help@moz.com)"
66.249.78.86 - - [01/May/2014:01:38:25 +0200] "GET /news.php?cs_go=archiv&cs_id=3952 HTTP/1.1" 200 21669 "-" "Mozilla/5.0 (compatible; Googlebot/2.1; +http://www.google.com/bot.html)"
141.8.147.12 - - [01/May/2014:01:44:12 +0200] "GET /robots.txt HTTP/1.1" 404 1256 "-" "Mozilla/5.0 (compatible; YandexBot/3.0; +http://yandex.com/bots)"
66.249.78.71 - - [01/May/2014:01:46:30 +0200] "GET /news.php?cs_go=archiv&cs_startpos=170 HTTP/1.1" 200 34252 "-" "Mozilla/5.0 (iPhone; CPU iPhone OS 6_0 like Mac OS X) AppleWebKit/536.26 (KHTML, like Gecko) Version/6.0 Mobile/10A5376e Safari/8536.25 (compatible; Googlebot/2.1; +http://www.google.com/bot.html)"
141.8.147.12 - - [01/May/2014:01:49:28 +0200] "GET /news.php?cs_go=archiv&cs_id=5086 HTTP/1.1" 200 24190 "-" "Mozilla/5.0 (compatible; YandexBot/3.0; +http://yandex.com/bots)"
66.249.78.90 - - [01/May/2014:01:51:45 +0200] "GET /news.php?cs_go=archiv&cs_id=1088&cs_search= HTTP/1.1" 200 18950 "-" "Mozilla/5.0 (compatible; Googlebot/2.1; +http://www.google.com/bot.html)"
141.8.147.12 - - [01/May/2014:01:52:59 +0200] "GET /robots.txt HTTP/1.1" 404 1256 "-" "Mozilla/5.0 (compatible; YandexBot/3.0; +http://yandex.com/bots)"
157.55.35.102 - - [01/May/2014:01:53:36 +0200] "GET /robots.txt HTTP/1.1" 404 1256 "-" "Mozilla/5.0 (compatible; bingbot/2.0; +http://www.bing.com/bingbot.htm)"
157.55.35.102 - - [01/May/2014:01:53:45 +0200] "GET /news.php?cs_go=archiv&cs_id=4820 HTTP/1.1" 200 22703 "-" "Mozilla/5.0 (compatible; bingbot/2.0; +http://www.bing.com/bingbot.htm)"
141.8.147.12 - - [01/May/2014:01:55:19 +0200] "GET /lexikon.php?cs_go=2&cs_char=f HTTP/1.1" 200 20632 "-" "Mozilla/5.0 (compatible; YandexBot/3.0; +http://yandex.com/bots)"
65.55.52.111 - - [01/May/2014:02:03:45 +0200] "GET /downloads/Imagebroschuere%20team%20energie%20-%20TE%20Verwaltung%20Energiehandel_klein.pdf HTTP/1.1" 200 893384 "-" "Mozilla/5.0 (compatible; bingbot/2.0; +http://www.bing.com/bingbot.htm)"
157.55.35.102 - - [01/May/2014:02:04:05 +0200] "GET /news.php?cs_go=archiv&cs_id=5042 HTTP/1.1" 200 23882 "-" "Mozilla/5.0 (compatible; bingbot/2.0; +http://www.bing.com/bingbot.htm)"
66.249.78.86 - - [01/May/2014:02:11:41 +0200] "GET /news.php?cs_go=archiv&cs_id=4708 HTTP/1.1" 200 24125 "-" "Mozilla/5.0 (iPhone; CPU iPhone OS 6_0 like Mac OS X) AppleWebKit/536.26 (KHTML, like Gecko) Version/6.0 Mobile/10A5376e Safari/8536.25 (compatible; Googlebot/2.1; +http://www.google.com/bot.html)"
66.249.78.91 - - [01/May/2014:02:18:25 +0200] "GET /essoschmierstoffe.php HTTP/1.1" 200 22773 "-" "Mozilla/5.0 (compatible; Googlebot/2.1; +http://www.google.com/bot.html)"
65.55.24.216 - - [01/May/2014:02:22:19 +0200] "GET /robots.txt HTTP/1.1" 404 1256 "-" "Mozilla/5.0 (compatible; bingbot/2.0; +http://www.bing.com/bingbot.htm)"
65.55.24.216 - - [01/May/2014:02:22:21 +0200] "GET /news.php?cs_go=archiv&cs_id=5024 HTTP/1.1" 200 22431 "-" "Mozilla/5.0 (compatible; bingbot/2.0; +http://www.bing.com/bingbot.htm)"
65.55.52.111 - - [01/May/2014:02:26:31 +0200] "GET /downloads/Imagebroschuere%20team%20energie%20-%20TE%20Verwaltung%20Energiehandel_klein.pdf HTTP/1.1" 200 893384 "-" "Mozilla/5.0 (compatible; bingbot/2.0; +http://www.bing.com/bingbot.htm)"
157.56.92.146 - - [01/May/2014:02:26:45 +0200] "GET /biogasanlage.php HTTP/1.1" 200 19090 "-" "Mozilla/5.0 (compatible; bingbot/2.0; +http://www.bing.com/bingbot.htm)"
157.55.35.102 - - [01/May/2014:02:27:45 +0200] "GET /robots.txt HTTP/1.1" 404 1256 "-" "Mozilla/5.0 (compatible; bingbot/2.0; +http://www.bing.com/bingbot.htm)"
157.55.35.102 - - [01/May/2014:02:27:48 +0200] "GET /news.php?cs_go=archiv&cs_id=5042 HTTP/1.1" 200 23882 "-" "Mozilla/5.0 (compatible; bingbot/2.0; +http://www.bing.com/bingbot.htm)"
66.249.78.86 - - [01/May/2014:02:31:45 +0200] "GET /news.php?cs_go=archiv&cs_id=4708 HTTP/1.1" 200 24125 "-" "Mozilla/5.0 (compatible; Googlebot/2.1; +http://www.google.com/bot.html)"
66.249.78.71 - - [01/May/2014:02:36:53 +0200] "GET /robots.txt HTTP/1.1" 404 1256 "-" "Mozilla/5.0 (compatible; Googlebot/2.1; +http://www.google.com/bot.html)"
66.249.78.71 - - [01/May/2014:02:36:53 +0200] "GET /video/player.swf HTTP/1.1" 200 106407 "-" "Mozilla/5.0 (iPhone; CPU iPhone OS 6_0 like Mac OS X) AppleWebKit/536.26 (KHTML, like Gecko) Version/6.0 Mobile/10A5376e Safari/8536.25 (compatible; Googlebot/2.1; +http://www.google.com/bot.html)"
68.180.225.113 - - [01/May/2014:02:50:56 +0200] "GET /news.php?cs_go=archiv&cs_id=5065 HTTP/1.1" 200 20987 "-" "Mozilla/5.0 (compatible; Yahoo! Slurp; http://help.yahoo.com/help/us/ysearch/slurp)"
141.8.147.12 - - [01/May/2014:02:52:31 +0200] "GET /news.php?cs_go=archiv&cs_id=5099 HTTP/1.1" 200 24415 "-" "Mozilla/5.0 (compatible; YandexBot/3.0; +http://yandex.com/bots)"
157.55.33.84 - - [01/May/2014:02:55:48 +0200] "GET / HTTP/1.1" 200 23306 "-" "Mozilla/5.0 (compatible; bingbot/2.0; +http://www.bing.com/bingbot.htm)"
157.55.35.48 - - [01/May/2014:02:57:45 +0200] "GET /robots.txt HTTP/1.1" 404 1256 "-" "Mozilla/5.0 (compatible; bingbot/2.0; +http://www.bing.com/bingbot.htm)"
66.249.78.114 - - [01/May/2014:02:58:26 +0200] "GET /news.php?cs_go=archiv&cs_id=4152 HTTP/1.1" 200 20876 "-" "Mozilla/5.0 (compatible; Googlebot/2.1; +http://www.google.com/bot.html)"
157.55.35.48 - - [01/May/2014:02:58:28 +0200] "GET /premiumheizoel.php HTTP/1.1" 200 19416 "-" "Mozilla/5.0 (compatible; bingbot/2.0; +http://www.bing.com/bingbot.htm)"
66.249.78.114 - - [01/May/2014:03:00:23 +0200] "GET /robots.txt HTTP/1.1" 404 1256 "-" "Mozilla/5.0 (compatible; Googlebot/2.1; +http://www.google.com/bot.html)"
66.249.78.114 - - [01/May/2014:03:00:23 +0200] "GET /news.php?cs_go=archiv&cs_id=5135 HTTP/1.1" 200 24099 "-" "Mozilla/5.0 (compatible; Googlebot/2.1; +http://www.google.com/bot.html)"
66.249.78.114 - - [01/May/2014:03:00:24 +0200] "GET /news.php?cs_go=archiv&cs_id=5127 HTTP/1.1" 200 20410 "-" "Mozilla/5.0 (compatible; Googlebot/2.1; +http://www.google.com/bot.html)"
66.249.78.114 - - [01/May/2014:03:00:24 +0200] "GET /news.php?cs_go=archiv&cs_id=5128 HTTP/1.1" 200 20802 "-" "Mozilla/5.0 (compatible; Googlebot/2.1; +http://www.google.com/bot.html)"
157.55.32.93 - - [01/May/2014:03:10:46 +0200] "GET /news.php?cs_go=archiv&cs_id=4754 HTTP/1.1" 200 21389 "-" "Mozilla/5.0 (compatible; bingbot/2.0; +http://www.bing.com/bingbot.htm)"
66.249.78.86 - - [01/May/2014:03:11:45 +0200] "GET /news.php?cs_go=archiv&cs_id=4305&cs_search= HTTP/1.1" 200 24326 "-" "Mozilla/5.0 (compatible; Googlebot/2.1; +http://www.google.com/bot.html)"
64.246.161.42 - - [01/May/2014:03:26:12 +0200] "GET /robots.txt HTTP/1.0" 404 1256 "-" "Mozilla/5.0 (Windows; U; Windows NT 5.1; en; rv:1.9.0.13) Gecko/2009073022 Firefox/3.5.2 (.NET CLR 3.5.30729) SurveyBot/2.3 (DomainTools)"
64.246.161.42 - - [01/May/2014:03:26:13 +0200] "GET / HTTP/1.1" 200 23306 "http://whois.domaintools.com/energie-service-berlin.de" "Mozilla/5.0 (Windows; U; Windows NT 5.1; en; rv:1.9.0.13) Gecko/2009073022 Firefox/3.5.2 (.NET CLR 3.5.30729) SurveyBot/2.3 (DomainTools)"
144.76.95.231 - - [01/May/2014:03:28:10 +0200] "GET /robots.txt HTTP/1.0" 404 1256 "-" "Mozilla/5.0 (compatible; MJ12bot/v1.4.5; http://www.majestic12.co.uk/bot.php?+)"
144.76.95.231 - - [01/May/2014:03:28:13 +0200] "GET /news.php?cs_go=archiv&cs_id=5127 HTTP/1.0" 200 20410 "-" "Mozilla/5.0 (compatible; MJ12bot/v1.4.5; http://www.majestic12.co.uk/bot.php?+)"
144.76.95.231 - - [01/May/2014:03:28:21 +0200] "GET /news.php?cs_go=archiv&cs_id=5128 HTTP/1.0" 200 20802 "-" "Mozilla/5.0 (compatible; MJ12bot/v1.4.5; http://www.majestic12.co.uk/bot.php?+)"
208.115.113.88 - - [01/May/2014:03:33:24 +0200] "GET /lexikon.php?cs_go=3&cs_id=11 HTTP/1.1" 200 19282 "-" "Mozilla/5.0 (compatible; DotBot/1.1; http://www.opensiteexplorer.org/dotbot, help@moz.com)"
208.115.113.88 - - [01/May/2014:03:33:31 +0200] "GET /lexikon.php?cs_go=3&cs_id=82 HTTP/1.1" 200 19426 "-" "Mozilla/5.0 (compatible; DotBot/1.1; http://www.opensiteexplorer.org/dotbot, help@moz.com)"
66.249.78.71 - - [01/May/2014:03:35:49 +0200] "GET /news.php?cs_go=archiv&cs_id=5122&cs_search= HTTP/1.1" 200 21260 "-" "Mozilla/5.0 (compatible; Googlebot/2.1; +http://www.google.com/bot.html)"
157.55.33.251 - - [01/May/2014:03:37:46 +0200] "GET /news.php?cs_go=archiv&cs_id=4912 HTTP/1.1" 200 24102 "-" "Mozilla/5.0 (compatible; bingbot/2.0; +http://www.bing.com/bingbot.htm)"
66.249.78.91 - - [01/May/2014:03:38:25 +0200] "GET /adblue.php HTTP/1.1" 200 23024 "-" "Mozilla/5.0 (compatible; Googlebot/2.1; +http://www.google.com/bot.html)"
5.9.88.119 - - [01/May/2014:03:39:15 +0200] "GET /robots.txt HTTP/1.1" 404 1256 "-" "Mozilla/5.0 (compatible; Infohelfer/1.3.3; +http://www.infohelfer.de/crawler.php)"
5.9.88.119 - - [01/May/2014:03:39:16 +0200] "GET / HTTP/1.1" 200 23306 "-" "Mozilla/5.0 (compatible; Infohelfer/1.3.3; +http://www.infohelfer.de/crawler.php)"
66.249.78.114 - - [01/May/2014:03:51:45 +0200] "GET /lexikon.php?cs_go=3&cs_id=181 HTTP/1.1" 200 19030 "-" "Mozilla/5.0 (compatible; Googlebot/2.1; +http://www.google.com/bot.html)"
157.55.33.84 - - [01/May/2014:03:52:07 +0200] "GET / HTTP/1.1" 200 23306 "-" "Mozilla/5.0 (compatible; bingbot/2.0; +http://www.bing.com/bingbot.htm)"
79.114.6.116 - - [01/May/2014:03:54:01 +0200] "GET / HTTP/1.1" 200 23306 "-" "-"
93.186.202.198 - - [01/May/2014:03:54:21 +0200] "GET /news.php?cs_go=archiv&cs_id=4586 HTTP/1.1" 200 21824 "-" "Mozilla/5.0 (Windows NT 6.1) AppleWebKit/537.22 (KHTML, like Gecko) Chrome/25.0.1364.169 Safari/537.22"
192.187.115.242 - - [01/May/2014:03:57:04 +0200] "GET /robots.txt HTTP/1.0" 404 1256 "-" "Mozilla/5.0 (compatible; MJ12bot/v1.4.5; http://www.majestic12.co.uk/bot.php?+)"
192.187.115.242 - - [01/May/2014:03:57:09 +0200] "GET /news.php?cs_go=archiv&cs_id=5127 HTTP/1.0" 200 20410 "-" "Mozilla/5.0 (compatible; MJ12bot/v1.4.5; http://www.majestic12.co.uk/bot.php?+)"
192.187.115.242 - - [01/May/2014:03:57:12 +0200] "GET /news.php?cs_go=archiv&cs_id=5128 HTTP/1.0" 200 20802 "-" "Mozilla/5.0 (compatible; MJ12bot/v1.4.5; http://www.majestic12.co.uk/bot.php?+)"
192.187.115.242 - - [01/May/2014:03:57:14 +0200] "GET /news.php?cs_go=archiv&cs_id=5135 HTTP/1.0" 200 24099 "-" "Mozilla/5.0 (compatible; MJ12bot/v1.4.5; http://www.majestic12.co.uk/bot.php?+)"
66.249.78.86 - - [01/May/2014:04:05:05 +0200] "GET /robots.txt HTTP/1.1" 404 1256 "-" "Mozilla/5.0 (compatible; Googlebot/2.1; +http://www.google.com/bot.html)"
66.249.78.86 - - [01/May/2014:04:05:06 +0200] "GET /news.php?cs_go=archiv&cs_id=4476 HTTP/1.1" 200 22069 "-" "Mozilla/5.0 (compatible; Googlebot/2.1; +http://www.google.com/bot.html)"
64.246.165.200 - - [01/May/2014:04:10:12 +0200] "GET /robots.txt HTTP/1.0" 404 1256 "-" "Mozilla/5.0 (Windows; U; Windows NT 5.1; en; rv:1.9.0.13) Gecko/2009073022 Firefox/3.5.2 (.NET CLR 3.5.30729) SurveyBot/2.3 (DomainTools)"
64.246.165.200 - - [01/May/2014:04:10:13 +0200] "GET / HTTP/1.1" 200 23306 "http://whois.domaintools.com/essoberlin.de" "Mozilla/5.0 (Windows; U; Windows NT 5.1; en; rv:1.9.0.13) Gecko/2009073022 Firefox/3.5.2 (.NET CLR 3.5.30729) SurveyBot/2.3 (DomainTools)"
157.55.32.108 - - [01/May/2014:04:13:42 +0200] "GET / HTTP/1.1" 200 23306 "-" "Mozilla/5.0 (compatible; bingbot/2.0; +http://www.bing.com/bingbot.htm)"
66.249.78.71 - - [01/May/2014:04:17:36 +0200] "GET /lexikon.php?cs_go=3&cs_id=26 HTTP/1.1" 200 21845 "-" "Mozilla/5.0 (iPhone; CPU iPhone OS 6_0 like Mac OS X) AppleWebKit/536.26 (KHTML, like Gecko) Version/6.0 Mobile/10A5376e Safari/8536.25 (compatible; Googlebot/2.1; +http://www.google.com/bot.html)"
79.114.6.116 - - [01/May/2014:04:22:14 +0200] "GET / HTTP/1.1" 200 23306 "-" "-"
64.246.165.180 - - [01/May/2014:04:34:28 +0200] "GET /robots.txt HTTP/1.0" 404 1256 "-" "Mozilla/5.0 (Windows; U; Windows NT 5.1; en; rv:1.9.0.13) Gecko/2009073022 Firefox/3.5.2 (.NET CLR 3.5.30729) SurveyBot/2.3 (DomainTools)"
64.246.165.180 - - [01/May/2014:04:34:28 +0200] "GET / HTTP/1.1" 200 23306 "http://whois.domaintools.com/essoschmierstoffe.de" "Mozilla/5.0 (Windows; U; Windows NT 5.1; en; rv:1.9.0.13) Gecko/2009073022 Firefox/3.5.2 (.NET CLR 3.5.30729) SurveyBot/2.3 (DomainTools)"
79.114.6.116 - - [01/May/2014:04:35:05 +0200] "GET / HTTP/1.1" 200 23306 "-" "-"
157.55.34.35 - - [01/May/2014:04:39:25 +0200] "GET /brennwerttechnik.php HTTP/1.1" 200 22112 "-" "Mozilla/5.0 (compatible; bingbot/2.0; +http://www.bing.com/bingbot.htm)"
216.145.14.142 - - [01/May/2014:04:45:01 +0200] "GET /robots.txt HTTP/1.0" 404 1256 "-" "Mozilla/5.0 (Windows; U; Windows NT 5.1; en; rv:1.9.0.13) Gecko/2009073022 Firefox/3.5.2 (.NET CLR 3.5.30729) SurveyBot/2.3 (DomainTools)"
216.145.14.142 - - [01/May/2014:04:45:02 +0200] "GET / HTTP/1.1" 200 23306 "http://whois.domaintools.com/essodiesel.de" "Mozilla/5.0 (Windows; U; Windows NT 5.1; en; rv:1.9.0.13) Gecko/2009073022 Firefox/3.5.2 (.NET CLR 3.5.30729) SurveyBot/2.3 (DomainTools)"
66.249.78.91 - - [01/May/2014:04:45:05 +0200] "GET /baustellenbetankung.php HTTP/1.1" 200 19708 "-" "Mozilla/5.0 (compatible; Googlebot/2.1; +http://www.google.com/bot.html)"
157.55.32.166 - - [01/May/2014:04:47:43 +0200] "GET /ansprechpartner.php HTTP/1.1" 200 21426 "-" "Mozilla/5.0 (compatible; bingbot/2.0; +http://www.bing.com/bingbot.htm)"
157.55.35.37 - - [01/May/2014:04:48:44 +0200] "GET /waermekonto.php HTTP/1.1" 200 30798 "-" "Mozilla/5.0 (compatible; bingbot/2.0; +http://www.bing.com/bingbot.htm)"
216.145.11.94 - - [01/May/2014:04:51:01 +0200] "GET /robots.txt HTTP/1.0" 404 1256 "-" "Mozilla/5.0 (Windows; U; Windows NT 5.1; en; rv:1.9.0.13) Gecko/2009073022 Firefox/3.5.2 (.NET CLR 3.5.30729) SurveyBot/2.3 (DomainTools)"
216.145.11.94 - - [01/May/2014:04:51:01 +0200] "GET / HTTP/1.1" 200 23306 "http://whois.domaintools.com/esso-berlin.de" "Mozilla/5.0 (Windows; U; Windows NT 5.1; en; rv:1.9.0.13) Gecko/2009073022 Firefox/3.5.2 (.NET CLR 3.5.30729) SurveyBot/2.3 (DomainTools)"
157.55.33.251 - - [01/May/2014:04:55:50 +0200] "GET /essoschmierstoffe.php HTTP/1.1" 200 22773 "-" "Mozilla/5.0 (compatible; bingbot/2.0; +http://www.bing.com/bingbot.htm)"
95.215.0.27 - - [01/May/2014:05:01:02 +0200] "GET /news.php?cs_go=archiv&cs_id=5047 HTTP/1.1" 200 20730 "-" "Mozilla/5.0 (Windows NT 6.1; WOW64; rv:26.1) Gecko/20100101 Firefox/26.0"
66.249.78.71 - - [01/May/2014:05:08:08 +0200] "GET /brennwerttechnik.php HTTP/1.1" 200 22112 "-" "Mozilla/5.0 (iPhone; CPU iPhone OS 6_0 like Mac OS X) AppleWebKit/536.26 (KHTML, like Gecko) Version/6.0 Mobile/10A5376e Safari/8536.25 (compatible; Googlebot/2.1; +http://www.google.com/bot.html)"
208.43.225.84 - - [01/May/2014:05:13:53 +0200] "GET /robots.txt HTTP/1.1" 404 1256 "-" "Mozilla/5.0 (compatible; MSIE 9.0; Windows NT 6.1; WOW64; Trident/5.0; chromeframe/19.0.1084.52)"
208.43.225.84 - - [01/May/2014:05:13:56 +0200] "GET /waermekonto.php HTTP/1.1" 200 30798 "-" "Mozilla/5.0 (compatible; MSIE 9.0; Windows NT 6.1; WOW64; Trident/5.0; chromeframe/19.0.1084.52)"
208.43.225.84 - - [01/May/2014:05:14:01 +0200] "GET /lexikon.php?cs_go=3&cs_id=96 HTTP/1.1" 200 19344 "-" "Mozilla/5.0 (compatible; MSIE 9.0; Windows NT 6.1; WOW64; Trident/5.0; chromeframe/19.0.1084.52)"
208.43.225.84 - - [01/May/2014:05:14:08 +0200] "GET /lexikon.php?cs_go=3&cs_id=95 HTTP/1.1" 200 19771 "-" "Mozilla/5.0 (compatible; MSIE 9.0; Windows NT 6.1; WOW64; Trident/5.0; chromeframe/19.0.1084.52)"
208.43.225.84 - - [01/May/2014:05:14:14 +0200] "GET /lexikon.php?cs_go=3&cs_id=87 HTTP/1.1" 200 19378 "-" "Mozilla/5.0 (compatible; MSIE 9.0; Windows NT 6.1; WOW64; Trident/5.0; chromeframe/19.0.1084.52)"
208.43.225.84 - - [01/May/2014:05:14:18 +0200] "GET /lexikon.php?cs_go=3&cs_id=86 HTTP/1.1" 200 19290 "-" "Mozilla/5.0 (compatible; MSIE 9.0; Windows NT 6.1; WOW64; Trident/5.0; chromeframe/19.0.1084.52)"
208.43.225.84 - - [01/May/2014:05:14:22 +0200] "GET /lexikon.php?cs_go=3&cs_id=85 HTTP/1.1" 200 19655 "-" "Mozilla/5.0 (compatible; MSIE 9.0; Windows NT 6.1; WOW64; Trident/5.0; chromeframe/19.0.1084.52)"
208.43.225.84 - - [01/May/2014:05:14:30 +0200] "GET /lexikon.php?cs_go=3&cs_id=84 HTTP/1.1" 200 19392 "-" "Mozilla/5.0 (compatible; MSIE 9.0; Windows NT 6.1; WOW64; Trident/5.0; chromeframe/19.0.1084.52)"
208.43.225.84 - - [01/May/2014:05:14:34 +0200] "GET /lexikon.php?cs_go=3&cs_id=83 HTTP/1.1" 200 19472 "-" "Mozilla/5.0 (compatible; MSIE 9.0; Windows NT 6.1; WOW64; Trident/5.0; chromeframe/19.0.1084.52)"
208.43.225.84 - - [01/May/2014:05:14:39 +0200] "GET /lexikon.php?cs_go=3&cs_id=82 HTTP/1.1" 200 19426 "-" "Mozilla/5.0 (compatible; MSIE 9.0; Windows NT 6.1; WOW64; Trident/5.0; chromeframe/19.0.1084.52)"
208.43.225.84 - - [01/May/2014:05:14:44 +0200] "GET /lexikon.php?cs_go=3&cs_id=81 HTTP/1.1" 200 19457 "-" "Mozilla/5.0 (compatible; MSIE 9.0; Windows NT 6.1; WOW64; Trident/5.0; chromeframe/19.0.1084.52)"
208.43.225.84 - - [01/May/2014:05:14:48 +0200] "GET /lexikon.php?cs_go=3&cs_id=80 HTTP/1.1" 200 19440 "-" "Mozilla/5.0 (compatible; MSIE 9.0; Windows NT 6.1; WOW64; Trident/5.0; chromeframe/19.0.1084.52)"
208.43.225.84 - - [01/May/2014:05:14:52 +0200] "GET /lexikon.php?cs_go=3&cs_id=8 HTTP/1.1" 200 20264 "-" "Mozilla/5.0 (compatible; MSIE 9.0; Windows NT 6.1; WOW64; Trident/5.0; chromeframe/19.0.1084.52)"
208.43.225.84 - - [01/May/2014:05:14:57 +0200] "GET /lexikon.php?cs_go=3&cs_id=79 HTTP/1.1" 200 19036 "-" "Mozilla/5.0 (compatible; MSIE 9.0; Windows NT 6.1; WOW64; Trident/5.0; chromeframe/19.0.1084.52)"
157.55.34.94 - - [01/May/2014:05:15:05 +0200] "GET /robots.txt HTTP/1.1" 404 1256 "-" "Mozilla/5.0 (compatible; bingbot/2.0; +http://www.bing.com/bingbot.htm)"
208.43.225.84 - - [01/May/2014:05:15:05 +0200] "GET /lexikon.php?cs_go=3&cs_id=78 HTTP/1.1" 200 19295 "-" "Mozilla/5.0 (compatible; MSIE 9.0; Windows NT 6.1; WOW64; Trident/5.0; chromeframe/19.0.1084.52)"
208.43.225.84 - - [01/May/2014:05:15:09 +0200] "GET /lexikon.php?cs_go=3&cs_id=77 HTTP/1.1" 200 19709 "-" "Mozilla/5.0 (compatible; MSIE 9.0; Windows NT 6.1; WOW64; Trident/5.0; chromeframe/19.0.1084.52)"
208.43.225.84 - - [01/May/2014:05:15:13 +0200] "GET /lexikon.php?cs_go=3&cs_id=76 HTTP/1.1" 200 19560 "-" "Mozilla/5.0 (compatible; MSIE 9.0; Windows NT 6.1; WOW64; Trident/5.0; chromeframe/19.0.1084.52)"
157.55.34.94 - - [01/May/2014:05:15:17 +0200] "GET /news.php?cs_go=archiv&cs_id=5013 HTTP/1.1" 200 20407 "-" "Mozilla/5.0 (compatible; bingbot/2.0; +http://www.bing.com/bingbot.htm)"
208.43.225.84 - - [01/May/2014:05:15:18 +0200] "GET /lexikon.php?cs_go=3&cs_id=75 HTTP/1.1" 200 19633 "-" "Mozilla/5.0 (compatible; MSIE 9.0; Windows NT 6.1; WOW64; Trident/5.0; chromeframe/19.0.1084.52)"
208.43.225.84 - - [01/May/2014:05:15:22 +0200] "GET /lexikon.php?cs_go=3&cs_id=74 HTTP/1.1" 200 19706 "-" "Mozilla/5.0 (compatible; MSIE 9.0; Windows NT 6.1; WOW64; Trident/5.0; chromeframe/19.0.1084.52)"
208.43.225.84 - - [01/May/2014:05:15:27 +0200] "GET /lexikon.php?cs_go=3&cs_id=73 HTTP/1.1" 200 20664 "-" "Mozilla/5.0 (compatible; MSIE 9.0; Windows NT 6.1; WOW64; Trident/5.0; chromeframe/19.0.1084.52)"
208.43.225.84 - - [01/May/2014:05:15:31 +0200] "GET /lexikon.php?cs_go=3&cs_id=72 HTTP/1.1" 200 20437 "-" "Mozilla/5.0 (compatible; MSIE 9.0; Windows NT 6.1; WOW64; Trident/5.0; chromeframe/19.0.1084.52)"
208.43.225.84 - - [01/May/2014:05:15:35 +0200] "GET /lexikon.php?cs_go=3&cs_id=71 HTTP/1.1" 200 20158 "-" "Mozilla/5.0 (compatible; MSIE 9.0; Windows NT 6.1; WOW64; Trident/5.0; chromeframe/19.0.1084.52)"
208.43.225.84 - - [01/May/2014:05:15:44 +0200] "GET /lexikon.php?cs_go=3&cs_id=70 HTTP/1.1" 200 19398 "-" "Mozilla/5.0 (compatible; MSIE 9.0; Windows NT 6.1; WOW64; Trident/5.0; chromeframe/19.0.1084.52)"
208.43.225.84 - - [01/May/2014:05:15:49 +0200] "GET /lexikon.php?cs_go=3&cs_id=7 HTTP/1.1" 200 19568 "-" "Mozilla/5.0 (compatible; MSIE 9.0; Windows NT 6.1; WOW64; Trident/5.0; chromeframe/19.0.1084.52)"
208.43.225.84 - - [01/May/2014:05:15:52 +0200] "GET /lexikon.php?cs_go=3&cs_id=69 HTTP/1.1" 200 21144 "-" "Mozilla/5.0 (compatible; MSIE 9.0; Windows NT 6.1; WOW64; Trident/5.0; chromeframe/19.0.1084.52)"
208.43.225.84 - - [01/May/2014:05:15:56 +0200] "GET /lexikon.php?cs_go=3&cs_id=68 HTTP/1.1" 200 19537 "-" "Mozilla/5.0 (compatible; MSIE 9.0; Windows NT 6.1; WOW64; Trident/5.0; chromeframe/19.0.1084.52)"
208.43.225.84 - - [01/May/2014:05:16:01 +0200] "GET /lexikon.php?cs_go=3&cs_id=67 HTTP/1.1" 200 19663 "-" "Mozilla/5.0 (compatible; MSIE 9.0; Windows NT 6.1; WOW64; Trident/5.0; chromeframe/19.0.1084.52)"
208.43.225.84 - - [01/May/2014:05:16:05 +0200] "GET /lexikon.php?cs_go=3&cs_id=66 HTTP/1.1" 200 19034 "-" "Mozilla/5.0 (compatible; MSIE 9.0; Windows NT 6.1; WOW64; Trident/5.0; chromeframe/19.0.1084.52)"
208.43.225.84 - - [01/May/2014:05:16:10 +0200] "GET /lexikon.php?cs_go=3&cs_id=65 HTTP/1.1" 200 19643 "-" "Mozilla/5.0 (compatible; MSIE 9.0; Windows NT 6.1; WOW64; Trident/5.0; chromeframe/19.0.1084.52)"
208.43.225.84 - - [01/May/2014:05:16:15 +0200] "GET /lexikon.php?cs_go=3&cs_id=64 HTTP/1.1" 200 19766 "-" "Mozilla/5.0 (compatible; MSIE 9.0; Windows NT 6.1; WOW64; Trident/5.0; chromeframe/19.0.1084.52)"
208.43.225.84 - - [01/May/2014:05:16:20 +0200] "GET /lexikon.php?cs_go=3&cs_id=63 HTTP/1.1" 200 19399 "-" "Mozilla/5.0 (compatible; MSIE 9.0; Windows NT 6.1; WOW64; Trident/5.0; chromeframe/19.0.1084.52)"
208.43.225.84 - - [01/May/2014:05:16:25 +0200] "GET /lexikon.php?cs_go=3&cs_id=62 HTTP/1.1" 200 19605 "-" "Mozilla/5.0 (compatible; MSIE 9.0; Windows NT 6.1; WOW64; Trident/5.0; chromeframe/19.0.1084.52)"
208.43.225.84 - - [01/May/2014:05:16:33 +0200] "GET /lexikon.php?cs_go=3&cs_id=61 HTTP/1.1" 200 19829 "-" "Mozilla/5.0 (compatible; MSIE 9.0; Windows NT 6.1; WOW64; Trident/5.0; chromeframe/19.0.1084.52)"
208.43.225.84 - - [01/May/2014:05:16:39 +0200] "GET /lexikon.php?cs_go=3&cs_id=60 HTTP/1.1" 200 19537 "-" "Mozilla/5.0 (compatible; MSIE 9.0; Windows NT 6.1; WOW64; Trident/5.0; chromeframe/19.0.1084.52)"
208.43.225.84 - - [01/May/2014:05:16:43 +0200] "GET /lexikon.php?cs_go=3&cs_id=6 HTTP/1.1" 200 19202 "-" "Mozilla/5.0 (compatible; MSIE 9.0; Windows NT 6.1; WOW64; Trident/5.0; chromeframe/19.0.1084.52)"
208.43.225.84 - - [01/May/2014:05:16:48 +0200] "GET /lexikon.php?cs_go=3&cs_id=59 HTTP/1.1" 200 19746 "-" "Mozilla/5.0 (compatible; MSIE 9.0; Windows NT 6.1; WOW64; Trident/5.0; chromeframe/19.0.1084.52)"
208.43.225.84 - - [01/May/2014:05:16:53 +0200] "GET /lexikon.php?cs_go=3&cs_id=58 HTTP/1.1" 200 21868 "-" "Mozilla/5.0 (compatible; MSIE 9.0; Windows NT 6.1; WOW64; Trident/5.0; chromeframe/19.0.1084.52)"
208.43.225.84 - - [01/May/2014:05:16:58 +0200] "GET /lexikon.php?cs_go=3&cs_id=57 HTTP/1.1" 200 21114 "-" "Mozilla/5.0 (compatible; MSIE 9.0; Windows NT 6.1; WOW64; Trident/5.0; chromeframe/19.0.1084.52)"
208.43.225.84 - - [01/May/2014:05:17:03 +0200] "GET /lexikon.php?cs_go=3&cs_id=56 HTTP/1.1" 200 19041 "-" "Mozilla/5.0 (compatible; MSIE 9.0; Windows NT 6.1; WOW64; Trident/5.0; chromeframe/19.0.1084.52)"
208.43.225.84 - - [01/May/2014:05:17:08 +0200] "GET /lexikon.php?cs_go=3&cs_id=55 HTTP/1.1" 200 19054 "-" "Mozilla/5.0 (compatible; MSIE 9.0; Windows NT 6.1; WOW64; Trident/5.0; chromeframe/19.0.1084.52)"
208.43.225.84 - - [01/May/2014:05:17:12 +0200] "GET /lexikon.php?cs_go=3&cs_id=54 HTTP/1.1" 200 19039 "-" "Mozilla/5.0 (compatible; MSIE 9.0; Windows NT 6.1; WOW64; Trident/5.0; chromeframe/19.0.1084.52)"
208.43.225.84 - - [01/May/2014:05:17:17 +0200] "GET /lexikon.php?cs_go=3&cs_id=53 HTTP/1.1" 200 19216 "-" "Mozilla/5.0 (compatible; MSIE 9.0; Windows NT 6.1; WOW64; Trident/5.0; chromeframe/19.0.1084.52)"
208.43.225.84 - - [01/May/2014:05:17:22 +0200] "GET /lexikon.php?cs_go=3&cs_id=52 HTTP/1.1" 200 19790 "-" "Mozilla/5.0 (compatible; MSIE 9.0; Windows NT 6.1; WOW64; Trident/5.0; chromeframe/19.0.1084.52)"
208.43.225.84 - - [01/May/2014:05:17:27 +0200] "GET /lexikon.php?cs_go=3&cs_id=51 HTTP/1.1" 200 20531 "-" "Mozilla/5.0 (compatible; MSIE 9.0; Windows NT 6.1; WOW64; Trident/5.0; chromeframe/19.0.1084.52)"
208.43.225.84 - - [01/May/2014:05:17:31 +0200] "GET /lexikon.php?cs_go=3&cs_id=50 HTTP/1.1" 200 19770 "-" "Mozilla/5.0 (compatible; MSIE 9.0; Windows NT 6.1; WOW64; Trident/5.0; chromeframe/19.0.1084.52)"
208.43.225.84 - - [01/May/2014:05:17:36 +0200] "GET /lexikon.php?cs_go=3&cs_id=5 HTTP/1.1" 200 19225 "-" "Mozilla/5.0 (compatible; MSIE 9.0; Windows NT 6.1; WOW64; Trident/5.0; chromeframe/19.0.1084.52)"
208.43.225.84 - - [01/May/2014:05:17:40 +0200] "GET /lexikon.php?cs_go=3&cs_id=49 HTTP/1.1" 200 20172 "-" "Mozilla/5.0 (compatible; MSIE 9.0; Windows NT 6.1; WOW64; Trident/5.0; chromeframe/19.0.1084.52)"
208.43.225.84 - - [01/May/2014:05:17:45 +0200] "GET /lexikon.php?cs_go=3&cs_id=48 HTTP/1.1" 200 20428 "-" "Mozilla/5.0 (compatible; MSIE 9.0; Windows NT 6.1; WOW64; Trident/5.0; chromeframe/19.0.1084.52)"
208.43.225.84 - - [01/May/2014:05:17:50 +0200] "GET /lexikon.php?cs_go=3&cs_id=47 HTTP/1.1" 200 22196 "-" "Mozilla/5.0 (compatible; MSIE 9.0; Windows NT 6.1; WOW64; Trident/5.0; chromeframe/19.0.1084.52)"
208.43.225.84 - - [01/May/2014:05:17:55 +0200] "GET /lexikon.php?cs_go=3&cs_id=46 HTTP/1.1" 200 19040 "-" "Mozilla/5.0 (compatible; MSIE 9.0; Windows NT 6.1; WOW64; Trident/5.0; chromeframe/19.0.1084.52)"
208.43.225.84 - - [01/May/2014:05:17:59 +0200] "GET /lexikon.php?cs_go=3&cs_id=45 HTTP/1.1" 200 19033 "-" "Mozilla/5.0 (compatible; MSIE 9.0; Windows NT 6.1; WOW64; Trident/5.0; chromeframe/19.0.1084.52)"
208.43.225.84 - - [01/May/2014:05:18:05 +0200] "GET /lexikon.php?cs_go=3&cs_id=44 HTTP/1.1" 200 19040 "-" "Mozilla/5.0 (compatible; MSIE 9.0; Windows NT 6.1; WOW64; Trident/5.0; chromeframe/19.0.1084.52)"
208.43.225.84 - - [01/May/2014:05:18:09 +0200] "GET /lexikon.php?cs_go=3&cs_id=43 HTTP/1.1" 200 19040 "-" "Mozilla/5.0 (compatible; MSIE 9.0; Windows NT 6.1; WOW64; Trident/5.0; chromeframe/19.0.1084.52)"
208.43.225.84 - - [01/May/2014:05:18:13 +0200] "GET /lexikon.php?cs_go=3&cs_id=42 HTTP/1.1" 200 19409 "-" "Mozilla/5.0 (compatible; MSIE 9.0; Windows NT 6.1; WOW64; Trident/5.0; chromeframe/19.0.1084.52)"
208.43.225.84 - - [01/May/2014:05:18:17 +0200] "GET /lexikon.php?cs_go=3&cs_id=41 HTTP/1.1" 200 19390 "-" "Mozilla/5.0 (compatible; MSIE 9.0; Windows NT 6.1; WOW64; Trident/5.0; chromeframe/19.0.1084.52)"
208.43.225.84 - - [01/May/2014:05:18:21 +0200] "GET /lexikon.php?cs_go=3&cs_id=40 HTTP/1.1" 200 23144 "-" "Mozilla/5.0 (compatible; MSIE 9.0; Windows NT 6.1; WOW64; Trident/5.0; chromeframe/19.0.1084.52)"
208.43.225.84 - - [01/May/2014:05:18:25 +0200] "GET /lexikon.php?cs_go=3&cs_id=4 HTTP/1.1" 200 19226 "-" "Mozilla/5.0 (compatible; MSIE 9.0; Windows NT 6.1; WOW64; Trident/5.0; chromeframe/19.0.1084.52)"
208.43.225.84 - - [01/May/2014:05:18:30 +0200] "GET /lexikon.php?cs_go=3&cs_id=39 HTTP/1.1" 200 19394 "-" "Mozilla/5.0 (compatible; MSIE 9.0; Windows NT 6.1; WOW64; Trident/5.0; chromeframe/19.0.1084.52)"
208.43.225.84 - - [01/May/2014:05:18:35 +0200] "GET /lexikon.php?cs_go=3&cs_id=38 HTTP/1.1" 200 19209 "-" "Mozilla/5.0 (compatible; MSIE 9.0; Windows NT 6.1; WOW64; Trident/5.0; chromeframe/19.0.1084.52)"
208.43.225.84 - - [01/May/2014:05:18:40 +0200] "GET /lexikon.php?cs_go=3&cs_id=37 HTTP/1.1" 200 19443 "-" "Mozilla/5.0 (compatible; MSIE 9.0; Windows NT 6.1; WOW64; Trident/5.0; chromeframe/19.0.1084.52)"
208.43.225.84 - - [01/May/2014:05:18:45 +0200] "GET /lexikon.php?cs_go=3&cs_id=36 HTTP/1.1" 200 19757 "-" "Mozilla/5.0 (compatible; MSIE 9.0; Windows NT 6.1; WOW64; Trident/5.0; chromeframe/19.0.1084.52)"
208.43.225.84 - - [01/May/2014:05:18:53 +0200] "GET /lexikon.php?cs_go=3&cs_id=35 HTTP/1.1" 200 19521 "-" "Mozilla/5.0 (compatible; MSIE 9.0; Windows NT 6.1; WOW64; Trident/5.0; chromeframe/19.0.1084.52)"
208.43.225.84 - - [01/May/2014:05:18:56 +0200] "GET /lexikon.php?cs_go=3&cs_id=34 HTTP/1.1" 200 19475 "-" "Mozilla/5.0 (compatible; MSIE 9.0; Windows NT 6.1; WOW64; Trident/5.0; chromeframe/19.0.1084.52)"
208.43.225.84 - - [01/May/2014:05:19:01 +0200] "GET /lexikon.php?cs_go=3&cs_id=33 HTTP/1.1" 200 19859 "-" "Mozilla/5.0 (compatible; MSIE 9.0; Windows NT 6.1; WOW64; Trident/5.0; chromeframe/19.0.1084.52)"
208.43.225.84 - - [01/May/2014:05:19:06 +0200] "GET /lexikon.php?cs_go=3&cs_id=32 HTTP/1.1" 200 19223 "-" "Mozilla/5.0 (compatible; MSIE 9.0; Windows NT 6.1; WOW64; Trident/5.0; chromeframe/19.0.1084.52)"
208.43.225.84 - - [01/May/2014:05:19:11 +0200] "GET /lexikon.php?cs_go=3&cs_id=31 HTTP/1.1" 200 19074 "-" "Mozilla/5.0 (compatible; MSIE 9.0; Windows NT 6.1; WOW64; Trident/5.0; chromeframe/19.0.1084.52)"
208.43.225.84 - - [01/May/2014:05:19:16 +0200] "GET /lexikon.php?cs_go=3&cs_id=30 HTTP/1.1" 200 19034 "-" "Mozilla/5.0 (compatible; MSIE 9.0; Windows NT 6.1; WOW64; Trident/5.0; chromeframe/19.0.1084.52)"
208.43.225.84 - - [01/May/2014:05:19:21 +0200] "GET /lexikon.php?cs_go=3&cs_id=3 HTTP/1.1" 200 19522 "-" "Mozilla/5.0 (compatible; MSIE 9.0; Windows NT 6.1; WOW64; Trident/5.0; chromeframe/19.0.1084.52)"
208.43.225.84 - - [01/May/2014:05:19:26 +0200] "GET /lexikon.php?cs_go=3&cs_id=29 HTTP/1.1" 200 19428 "-" "Mozilla/5.0 (compatible; MSIE 9.0; Windows NT 6.1; WOW64; Trident/5.0; chromeframe/19.0.1084.52)"
208.43.225.84 - - [01/May/2014:05:19:31 +0200] "GET /lexikon.php?cs_go=3&cs_id=28 HTTP/1.1" 200 19386 "-" "Mozilla/5.0 (compatible; MSIE 9.0; Windows NT 6.1; WOW64; Trident/5.0; chromeframe/19.0.1084.52)"
208.43.225.84 - - [01/May/2014:05:19:35 +0200] "GET /lexikon.php?cs_go=3&cs_id=27 HTTP/1.1" 200 19553 "-" "Mozilla/5.0 (compatible; MSIE 9.0; Windows NT 6.1; WOW64; Trident/5.0; chromeframe/19.0.1084.52)"
208.43.225.84 - - [01/May/2014:05:19:40 +0200] "GET /lexikon.php?cs_go=3&cs_id=26 HTTP/1.1" 200 21845 "-" "Mozilla/5.0 (compatible; MSIE 9.0; Windows NT 6.1; WOW64; Trident/5.0; chromeframe/19.0.1084.52)"
208.43.225.84 - - [01/May/2014:05:19:44 +0200] "GET /lexikon.php?cs_go=3&cs_id=25 HTTP/1.1" 200 19478 "-" "Mozilla/5.0 (compatible; MSIE 9.0; Windows NT 6.1; WOW64; Trident/5.0; chromeframe/19.0.1084.52)"
208.43.225.84 - - [01/May/2014:05:19:49 +0200] "GET /lexikon.php?cs_go=3&cs_id=24 HTTP/1.1" 200 19106 "-" "Mozilla/5.0 (compatible; MSIE 9.0; Windows NT 6.1; WOW64; Trident/5.0; chromeframe/19.0.1084.52)"
208.43.225.84 - - [01/May/2014:05:19:54 +0200] "GET /lexikon.php?cs_go=3&cs_id=234 HTTP/1.1" 200 19763 "-" "Mozilla/5.0 (compatible; MSIE 9.0; Windows NT 6.1; WOW64; Trident/5.0; chromeframe/19.0.1084.52)"
208.43.225.84 - - [01/May/2014:05:19:58 +0200] "GET /lexikon.php?cs_go=3&cs_id=233 HTTP/1.1" 200 20037 "-" "Mozilla/5.0 (compatible; MSIE 9.0; Windows NT 6.1; WOW64; Trident/5.0; chromeframe/19.0.1084.52)"
208.43.225.84 - - [01/May/2014:05:20:03 +0200] "GET /lexikon.php?cs_go=3&cs_id=232 HTTP/1.1" 200 19010 "-" "Mozilla/5.0 (compatible; MSIE 9.0; Windows NT 6.1; WOW64; Trident/5.0; chromeframe/19.0.1084.52)"
208.43.225.84 - - [01/May/2014:05:20:08 +0200] "GET /lexikon.php?cs_go=3&cs_id=23 HTTP/1.1" 200 20506 "-" "Mozilla/5.0 (compatible; MSIE 9.0; Windows NT 6.1; WOW64; Trident/5.0; chromeframe/19.0.1084.52)"
208.43.225.84 - - [01/May/2014:05:20:12 +0200] "GET /lexikon.php?cs_go=3&cs_id=229 HTTP/1.1" 200 19033 "-" "Mozilla/5.0 (compatible; MSIE 9.0; Windows NT 6.1; WOW64; Trident/5.0; chromeframe/19.0.1084.52)"
208.43.225.84 - - [01/May/2014:05:20:18 +0200] "GET /lexikon.php?cs_go=3&cs_id=228 HTTP/1.1" 200 20281 "-" "Mozilla/5.0 (compatible; MSIE 9.0; Windows NT 6.1; WOW64; Trident/5.0; chromeframe/19.0.1084.52)"
208.43.225.84 - - [01/May/2014:05:20:22 +0200] "GET /lexikon.php?cs_go=3&cs_id=227 HTTP/1.1" 200 19714 "-" "Mozilla/5.0 (compatible; MSIE 9.0; Windows NT 6.1; WOW64; Trident/5.0; chromeframe/19.0.1084.52)"
208.43.225.84 - - [01/May/2014:05:20:27 +0200] "GET /lexikon.php?cs_go=3&cs_id=226 HTTP/1.1" 200 19790 "-" "Mozilla/5.0 (compatible; MSIE 9.0; Windows NT 6.1; WOW64; Trident/5.0; chromeframe/19.0.1084.52)"
208.43.225.84 - - [01/May/2014:05:20:32 +0200] "GET /lexikon.php?cs_go=3&cs_id=225 HTTP/1.1" 200 19253 "-" "Mozilla/5.0 (compatible; MSIE 9.0; Windows NT 6.1; WOW64; Trident/5.0; chromeframe/19.0.1084.52)"
208.43.225.84 - - [01/May/2014:05:20:37 +0200] "GET /lexikon.php?cs_go=3&cs_id=224 HTTP/1.1" 200 19313 "-" "Mozilla/5.0 (compatible; MSIE 9.0; Windows NT 6.1; WOW64; Trident/5.0; chromeframe/19.0.1084.52)"
208.43.225.84 - - [01/May/2014:05:20:42 +0200] "GET /lexikon.php?cs_go=3&cs_id=223 HTTP/1.1" 200 19026 "-" "Mozilla/5.0 (compatible; MSIE 9.0; Windows NT 6.1; WOW64; Trident/5.0; chromeframe/19.0.1084.52)"
208.43.225.84 - - [01/May/2014:05:20:47 +0200] "GET /lexikon.php?cs_go=3&cs_id=222 HTTP/1.1" 200 20660 "-" "Mozilla/5.0 (compatible; MSIE 9.0; Windows NT 6.1; WOW64; Trident/5.0; chromeframe/19.0.1084.52)"
208.43.225.84 - - [01/May/2014:05:20:52 +0200] "GET /lexikon.php?cs_go=3&cs_id=221 HTTP/1.1" 200 19054 "-" "Mozilla/5.0 (compatible; MSIE 9.0; Windows NT 6.1; WOW64; Trident/5.0; chromeframe/19.0.1084.52)"
208.43.225.84 - - [01/May/2014:05:20:58 +0200] "GET /lexikon.php?cs_go=3&cs_id=220 HTTP/1.1" 200 19058 "-" "Mozilla/5.0 (compatible; MSIE 9.0; Windows NT 6.1; WOW64; Trident/5.0; chromeframe/19.0.1084.52)"
208.43.225.84 - - [01/May/2014:05:21:03 +0200] "GET /lexikon.php?cs_go=3&cs_id=22 HTTP/1.1" 200 19754 "-" "Mozilla/5.0 (compatible; MSIE 9.0; Windows NT 6.1; WOW64; Trident/5.0; chromeframe/19.0.1084.52)"
208.43.225.84 - - [01/May/2014:05:21:08 +0200] "GET /lexikon.php?cs_go=3&cs_id=219 HTTP/1.1" 200 19030 "-" "Mozilla/5.0 (compatible; MSIE 9.0; Windows NT 6.1; WOW64; Trident/5.0; chromeframe/19.0.1084.52)"
208.43.225.84 - - [01/May/2014:05:21:17 +0200] "GET /lexikon.php?cs_go=3&cs_id=218 HTTP/1.1" 200 19051 "-" "Mozilla/5.0 (compatible; MSIE 9.0; Windows NT 6.1; WOW64; Trident/5.0; chromeframe/19.0.1084.52)"
208.43.225.84 - - [01/May/2014:05:21:24 +0200] "GET /lexikon.php?cs_go=3&cs_id=217 HTTP/1.1" 200 19158 "-" "Mozilla/5.0 (compatible; MSIE 9.0; Windows NT 6.1; WOW64; Trident/5.0; chromeframe/19.0.1084.52)"
208.43.225.84 - - [01/May/2014:05:21:28 +0200] "GET /lexikon.php?cs_go=3&cs_id=216 HTTP/1.1" 200 19157 "-" "Mozilla/5.0 (compatible; MSIE 9.0; Windows NT 6.1; WOW64; Trident/5.0; chromeframe/19.0.1084.52)"
208.43.225.84 - - [01/May/2014:05:21:33 +0200] "GET /lexikon.php?cs_go=3&cs_id=215 HTTP/1.1" 200 19669 "-" "Mozilla/5.0 (compatible; MSIE 9.0; Windows NT 6.1; WOW64; Trident/5.0; chromeframe/19.0.1084.52)"
208.43.225.84 - - [01/May/2014:05:21:38 +0200] "GET /lexikon.php?cs_go=3&cs_id=214 HTTP/1.1" 200 19176 "-" "Mozilla/5.0 (compatible; MSIE 9.0; Windows NT 6.1; WOW64; Trident/5.0; chromeframe/19.0.1084.52)"
208.43.225.84 - - [01/May/2014:05:21:43 +0200] "GET /lexikon.php?cs_go=3&cs_id=213 HTTP/1.1" 200 19529 "-" "Mozilla/5.0 (compatible; MSIE 9.0; Windows NT 6.1; WOW64; Trident/5.0; chromeframe/19.0.1084.52)"
157.55.34.176 - - [01/May/2014:05:21:46 +0200] "GET /robots.txt HTTP/1.1" 404 1256 "-" "Mozilla/5.0 (compatible; bingbot/2.0; +http://www.bing.com/bingbot.htm)"
208.43.225.84 - - [01/May/2014:05:21:48 +0200] "GET /lexikon.php?cs_go=3&cs_id=212 HTTP/1.1" 200 19580 "-" "Mozilla/5.0 (compatible; MSIE 9.0; Windows NT 6.1; WOW64; Trident/5.0; chromeframe/19.0.1084.52)"
157.55.34.176 - - [01/May/2014:05:21:53 +0200] "GET /news.php?cs_go=archiv&cs_id=5057 HTTP/1.1" 200 23885 "-" "Mozilla/5.0 (compatible; bingbot/2.0; +http://www.bing.com/bingbot.htm)"
208.43.225.84 - - [01/May/2014:05:21:54 +0200] "GET /lexikon.php?cs_go=3&cs_id=211 HTTP/1.1" 200 19600 "-" "Mozilla/5.0 (compatible; MSIE 9.0; Windows NT 6.1; WOW64; Trident/5.0; chromeframe/19.0.1084.52)"
208.43.225.84 - - [01/May/2014:05:21:58 +0200] "GET /lexikon.php?cs_go=3&cs_id=210 HTTP/1.1" 200 20581 "-" "Mozilla/5.0 (compatible; MSIE 9.0; Windows NT 6.1; WOW64; Trident/5.0; chromeframe/19.0.1084.52)"
208.43.225.84 - - [01/May/2014:05:22:02 +0200] "GET /lexikon.php?cs_go=3&cs_id=21 HTTP/1.1" 200 20142 "-" "Mozilla/5.0 (compatible; MSIE 9.0; Windows NT 6.1; WOW64; Trident/5.0; chromeframe/19.0.1084.52)"
208.43.225.84 - - [01/May/2014:05:22:10 +0200] "GET /lexikon.php?cs_go=3&cs_id=209 HTTP/1.1" 200 19333 "-" "Mozilla/5.0 (compatible; MSIE 9.0; Windows NT 6.1; WOW64; Trident/5.0; chromeframe/19.0.1084.52)"
