66.249.78.86 - - [01/May/2014:09:52:29 +0200] "GET /news.php?cs_go=archiv&cs_id=4705 HTTP/1.1" 200 20716 "-" "Mozilla/5.0 (compatible; Googlebot/2.1; +http://www.google.com/bot.html)"
144.76.137.226 - - [01/May/2014:09:55:15 +0200] "GET /robots.txt HTTP/1.0" 404 1256 "-" "Mozilla/5.0 (compatible; MJ12bot/v1.4.5; http://www.majestic12.co.uk/bot.php?+)"
144.76.137.226 - - [01/May/2014:09:55:20 +0200] "GET /news.php?cs_go=archiv&cs_id=4241 HTTP/1.0" 200 20499 "-" "Mozilla/5.0 (compatible; MJ12bot/v1.4.5; http://www.majestic12.co.uk/bot.php?+)"
144.76.137.226 - - [01/May/2014:09:55:23 +0200] "GET /news.php?cs_go=archiv&cs_id=4242 HTTP/1.0" 200 20873 "-" "Mozilla/5.0 (compatible; MJ12bot/v1.4.5; http://www.majestic12.co.uk/bot.php?+)"
144.76.137.226 - - [01/May/2014:09:55:25 +0200] "GET /news.php?cs_go=archiv&cs_id=4243 HTTP/1.0" 200 24691 "-" "Mozilla/5.0 (compatible; MJ12bot/v1.4.5; http://www.majestic12.co.uk/bot.php?+)"
144.76.137.226 - - [01/May/2014:09:55:28 +0200] "GET /news.php?cs_go=archiv&cs_id=4294 HTTP/1.0" 200 21988 "-" "Mozilla/5.0 (compatible; MJ12bot/v1.4.5; http://www.majestic12.co.uk/bot.php?+)"
144.76.137.226 - - [01/May/2014:09:55:31 +0200] "GET /news.php?cs_go=archiv&cs_id=4295 HTTP/1.0" 200 21898 "-" "Mozilla/5.0 (compatible; MJ12bot/v1.4.5; http://www.majestic12.co.uk/bot.php?+)"
144.76.137.226 - - [01/May/2014:09:55:36 +0200] "GET /news.php?cs_go=archiv&cs_id=4298 HTTP/1.0" 200 24519 "-" "Mozilla/5.0 (compatible; MJ12bot/v1.4.5; http://www.majestic12.co.uk/bot.php?+)"
144.76.137.226 - - [01/May/2014:09:55:39 +0200] "GET /news.php?cs_go=archiv&cs_id=4301 HTTP/1.0" 200 24358 "-" "Mozilla/5.0 (compatible; MJ12bot/v1.4.5; http://www.majestic12.co.uk/bot.php?+)"
144.76.137.226 - - [01/May/2014:09:55:44 +0200] "GET /news.php?cs_go=archiv&cs_id=4302 HTTP/1.0" 200 20506 "-" "Mozilla/5.0 (compatible; MJ12bot/v1.4.5; http://www.majestic12.co.uk/bot.php?+)"
144.76.137.226 - - [01/May/2014:09:55:47 +0200] "GET /news.php?cs_go=archiv&cs_id=4303 HTTP/1.0" 200 24675 "-" "Mozilla/5.0 (compatible; MJ12bot/v1.4.5; http://www.majestic12.co.uk/bot.php?+)"
144.76.137.226 - - [01/May/2014:09:55:51 +0200] "GET /news.php?cs_go=archiv&cs_id=4313&cs_search= HTTP/1.0" 200 20429 "-" "Mozilla/5.0 (compatible; MJ12bot/v1.4.5; http://www.majestic12.co.uk/bot.php?+)"
144.76.137.226 - - [01/May/2014:09:55:54 +0200] "GET /news.php?cs_go=archiv&cs_id=4314&cs_search= HTTP/1.0" 200 24421 "-" "Mozilla/5.0 (compatible; MJ12bot/v1.4.5; http://www.majestic12.co.uk/bot.php?+)"
144.76.137.226 - - [01/May/2014:09:55:59 +0200] "GET /news.php?cs_go=archiv&cs_id=4315&cs_search= HTTP/1.0" 200 22022 "-" "Mozilla/5.0 (compatible; MJ12bot/v1.4.5; http://www.majestic12.co.uk/bot.php?+)"
144.76.137.226 - - [01/May/2014:09:56:03 +0200] "GET /news.php?cs_go=archiv&cs_id=4318&cs_search= HTTP/1.0" 200 21748 "-" "Mozilla/5.0 (compatible; MJ12bot/v1.4.5; http://www.majestic12.co.uk/bot.php?+)"
144.76.137.226 - - [01/May/2014:09:56:06 +0200] "GET /news.php?cs_go=archiv&cs_id=4321&cs_search= HTTP/1.0" 200 20521 "-" "Mozilla/5.0 (compatible; MJ12bot/v1.4.5; http://www.majestic12.co.uk/bot.php?+)"
144.76.137.226 - - [01/May/2014:09:56:10 +0200] "GET /news.php?cs_go=archiv&cs_id=4322&cs_search= HTTP/1.0" 200 20874 "-" "Mozilla/5.0 (compatible; MJ12bot/v1.4.5; http://www.majestic12.co.uk/bot.php?+)"
144.76.137.226 - - [01/May/2014:09:56:16 +0200] "GET /news.php?cs_go=archiv&cs_id=4323&cs_search= HTTP/1.0" 200 21362 "-" "Mozilla/5.0 (compatible; MJ12bot/v1.4.5; http://www.majestic12.co.uk/bot.php?+)"
144.76.137.226 - - [01/May/2014:09:56:20 +0200] "GET /news.php?cs_go=archiv&cs_id=4324&cs_search= HTTP/1.0" 200 24673 "-" "Mozilla/5.0 (compatible; MJ12bot/v1.4.5; http://www.majestic12.co.uk/bot.php?+)"
144.76.137.226 - - [01/May/2014:09:56:24 +0200] "GET /news.php?cs_go=archiv&cs_id=4325&cs_search= HTTP/1.0" 200 20524 "-" "Mozilla/5.0 (compatible; MJ12bot/v1.4.5; http://www.majestic12.co.uk/bot.php?+)"
144.76.137.226 - - [01/May/2014:09:56:28 +0200] "GET /news.php?cs_go=archiv&cs_id=4326&cs_search= HTTP/1.0" 200 24393 "-" "Mozilla/5.0 (compatible; MJ12bot/v1.4.5; http://www.majestic12.co.uk/bot.php?+)"
144.76.137.226 - - [01/May/2014:09:56:31 +0200] "GET /news.php?cs_go=archiv&cs_id=4327&cs_search= HTTP/1.0" 200 22224 "-" "Mozilla/5.0 (compatible; MJ12bot/v1.4.5; http://www.majestic12.co.uk/bot.php?+)"
144.76.137.226 - - [01/May/2014:09:56:34 +0200] "GET /news.php?cs_go=archiv&cs_id=4328&cs_search= HTTP/1.0" 200 20575 "-" "Mozilla/5.0 (compatible; MJ12bot/v1.4.5; http://www.majestic12.co.uk/bot.php?+)"
144.76.137.226 - - [01/May/2014:09:56:38 +0200] "GET /news.php?cs_go=archiv&cs_id=4330&cs_search= HTTP/1.0" 200 21254 "-" "Mozilla/5.0 (compatible; MJ12bot/v1.4.5; http://www.majestic12.co.uk/bot.php?+)"
144.76.137.226 - - [01/May/2014:09:56:41 +0200] "GET /news.php?cs_go=archiv&cs_id=4335&cs_search= HTTP/1.0" 200 24491 "-" "Mozilla/5.0 (compatible; MJ12bot/v1.4.5; http://www.majestic12.co.uk/bot.php?+)"
144.76.137.226 - - [01/May/2014:09:56:45 +0200] "GET /news.php?cs_go=archiv&cs_id=4338&cs_search= HTTP/1.0" 200 20537 "-" "Mozilla/5.0 (compatible; MJ12bot/v1.4.5; http://www.majestic12.co.uk/bot.php?+)"
144.76.137.226 - - [01/May/2014:09:56:48 +0200] "GET /news.php?cs_go=archiv&cs_id=4340&cs_search= HTTP/1.0" 200 24631 "-" "Mozilla/5.0 (compatible; MJ12bot/v1.4.5; http://www.majestic12.co.uk/bot.php?+)"
144.76.137.226 - - [01/May/2014:09:56:52 +0200] "GET /news.php?cs_go=archiv&cs_id=4342&cs_search= HTTP/1.0" 200 20431 "-" "Mozilla/5.0 (compatible; MJ12bot/v1.4.5; http://www.majestic12.co.uk/bot.php?+)"
144.76.137.226 - - [01/May/2014:09:56:56 +0200] "GET /news.php?cs_go=archiv&cs_id=4358&cs_search= HTTP/1.0" 200 20445 "-" "Mozilla/5.0 (compatible; MJ12bot/v1.4.5; http://www.majestic12.co.uk/bot.php?+)"
144.76.137.226 - - [01/May/2014:09:57:00 +0200] "GET /news.php?cs_go=archiv&cs_id=4359 HTTP/1.0" 200 25777 "-" "Mozilla/5.0 (compatible; MJ12bot/v1.4.5; http://www.majestic12.co.uk/bot.php?+)"
144.76.137.226 - - [01/May/2014:09:57:04 +0200] "GET /news.php?cs_go=archiv&cs_id=4359&cs_search= HTTP/1.0" 200 25777 "-" "Mozilla/5.0 (compatible; MJ12bot/v1.4.5; http://www.majestic12.co.uk/bot.php?+)"
144.76.137.226 - - [01/May/2014:09:57:11 +0200] "GET /news.php?cs_go=archiv&cs_id=4361 HTTP/1.0" 200 21094 "-" "Mozilla/5.0 (compatible; MJ12bot/v1.4.5; http://www.majestic12.co.uk/bot.php?+)"
144.76.137.226 - - [01/May/2014:09:57:15 +0200] "GET /news.php?cs_go=archiv&cs_id=4361&cs_search= HTTP/1.0" 200 21094 "-" "Mozilla/5.0 (compatible; MJ12bot/v1.4.5; http://www.majestic12.co.uk/bot.php?+)"
144.76.137.226 - - [01/May/2014:09:57:18 +0200] "GET /news.php?cs_go=archiv&cs_id=4363 HTTP/1.0" 200 24371 "-" "Mozilla/5.0 (compatible; MJ12bot/v1.4.5; http://www.majestic12.co.uk/bot.php?+)"
144.76.137.226 - - [01/May/2014:09:57:22 +0200] "GET /news.php?cs_go=archiv&cs_id=4363&cs_search= HTTP/1.0" 200 24371 "-" "Mozilla/5.0 (compatible; MJ12bot/v1.4.5; http://www.majestic12.co.uk/bot.php?+)"
144.76.137.226 - - [01/May/2014:09:57:24 +0200] "GET /news.php?cs_go=archiv&cs_id=4410&cs_search= HTTP/1.0" 200 20779 "-" "Mozilla/5.0 (compatible; MJ12bot/v1.4.5; http://www.majestic12.co.uk/bot.php?+)"
144.76.137.226 - - [01/May/2014:09:57:28 +0200] "GET /news.php?cs_go=archiv&cs_id=4434&cs_search= HTTP/1.0" 200 23122 "-" "Mozilla/5.0 (compatible; MJ12bot/v1.4.5; http://www.majestic12.co.uk/bot.php?+)"
144.76.137.226 - - [01/May/2014:09:57:33 +0200] "GET /news.php?cs_go=archiv&cs_id=4435&cs_search= HTTP/1.0" 200 22109 "-" "Mozilla/5.0 (compatible; MJ12bot/v1.4.5; http://www.majestic12.co.uk/bot.php?+)"
144.76.137.226 - - [01/May/2014:09:57:38 +0200] "GET /news.php?cs_go=archiv&cs_id=4442&cs_search= HTTP/1.0" 200 24845 "-" "Mozilla/5.0 (compatible; MJ12bot/v1.4.5; http://www.majestic12.co.uk/bot.php?+)"
144.76.137.226 - - [01/May/2014:09:57:40 +0200] "GET /news.php?cs_go=archiv&cs_id=4443&cs_search= HTTP/1.0" 200 20664 "-" "Mozilla/5.0 (compatible; MJ12bot/v1.4.5; http://www.majestic12.co.uk/bot.php?+)"
144.76.137.226 - - [01/May/2014:09:57:44 +0200] "GET /news.php?cs_go=archiv&cs_id=4444&cs_search= HTTP/1.0" 200 22869 "-" "Mozilla/5.0 (compatible; MJ12bot/v1.4.5; http://www.majestic12.co.uk/bot.php?+)"
144.76.137.226 - - [01/May/2014:09:57:47 +0200] "GET /news.php?cs_go=archiv&cs_id=4445&cs_search= HTTP/1.0" 200 24379 "-" "Mozilla/5.0 (compatible; MJ12bot/v1.4.5; http://www.majestic12.co.uk/bot.php?+)"
144.76.137.226 - - [01/May/2014:09:57:51 +0200] "GET /news.php?cs_go=archiv&cs_id=4446&cs_search= HTTP/1.0" 200 20626 "-" "Mozilla/5.0 (compatible; MJ12bot/v1.4.5; http://www.majestic12.co.uk/bot.php?+)"
144.76.137.226 - - [01/May/2014:09:57:54 +0200] "GET /news.php?cs_go=archiv&cs_id=4450&cs_search= HTTP/1.0" 200 24676 "-" "Mozilla/5.0 (compatible; MJ12bot/v1.4.5; http://www.majestic12.co.uk/bot.php?+)"
144.76.137.226 - - [01/May/2014:09:57:59 +0200] "GET /news.php?cs_go=archiv&cs_id=4451&cs_search= HTTP/1.0" 200 20951 "-" "Mozilla/5.0 (compatible; MJ12bot/v1.4.5; http://www.majestic12.co.uk/bot.php?+)"
144.76.137.226 - - [01/May/2014:09:58:04 +0200] "GET /news.php?cs_go=archiv&cs_id=4452&cs_search= HTTP/1.0" 200 24662 "-" "Mozilla/5.0 (compatible; MJ12bot/v1.4.5; http://www.majestic12.co.uk/bot.php?+)"
144.76.137.226 - - [01/May/2014:09:58:07 +0200] "GET /news.php?cs_go=archiv&cs_id=4454&cs_search= HTTP/1.0" 200 20731 "-" "Mozilla/5.0 (compatible; MJ12bot/v1.4.5; http://www.majestic12.co.uk/bot.php?+)"
144.76.137.226 - - [01/May/2014:09:58:11 +0200] "GET /news.php?cs_go=archiv&cs_id=4455&cs_search= HTTP/1.0" 200 20880 "-" "Mozilla/5.0 (compatible; MJ12bot/v1.4.5; http://www.majestic12.co.uk/bot.php?+)"
144.76.137.226 - - [01/May/2014:09:58:14 +0200] "GET /news.php?cs_go=archiv&cs_id=4456&cs_search= HTTP/1.0" 200 24685 "-" "Mozilla/5.0 (compatible; MJ12bot/v1.4.5; http://www.majestic12.co.uk/bot.php?+)"
144.76.137.226 - - [01/May/2014:09:58:17 +0200] "GET /news.php?cs_go=archiv&cs_id=4457&cs_search= HTTP/1.0" 200 20547 "-" "Mozilla/5.0 (compatible; MJ12bot/v1.4.5; http://www.majestic12.co.uk/bot.php?+)"
144.76.137.226 - - [01/May/2014:09:58:20 +0200] "GET /news.php?cs_go=archiv&cs_id=4458&cs_search= HTTP/1.0" 200 25097 "-" "Mozilla/5.0 (compatible; MJ12bot/v1.4.5; http://www.majestic12.co.uk/bot.php?+)"
144.76.137.226 - - [01/May/2014:09:58:26 +0200] "GET /news.php?cs_go=archiv&cs_id=4499 HTTP/1.0" 200 21855 "-" "Mozilla/5.0 (compatible; MJ12bot/v1.4.5; http://www.majestic12.co.uk/bot.php?+)"
144.76.137.226 - - [01/May/2014:09:58:30 +0200] "GET /news.php?cs_go=archiv&cs_id=4500 HTTP/1.0" 200 23453 "-" "Mozilla/5.0 (compatible; MJ12bot/v1.4.5; http://www.majestic12.co.uk/bot.php?+)"
144.76.137.226 - - [01/May/2014:09:58:34 +0200] "GET /news.php?cs_go=archiv&cs_id=4505 HTTP/1.0" 200 20486 "-" "Mozilla/5.0 (compatible; MJ12bot/v1.4.5; http://www.majestic12.co.uk/bot.php?+)"
144.76.137.226 - - [01/May/2014:09:58:38 +0200] "GET /news.php?cs_go=archiv&cs_id=4506 HTTP/1.0" 200 20956 "-" "Mozilla/5.0 (compatible; MJ12bot/v1.4.5; http://www.majestic12.co.uk/bot.php?+)"
144.76.137.226 - - [01/May/2014:09:58:43 +0200] "GET /news.php?cs_go=archiv&cs_id=4507 HTTP/1.0" 200 22277 "-" "Mozilla/5.0 (compatible; MJ12bot/v1.4.5; http://www.majestic12.co.uk/bot.php?+)"
144.76.137.226 - - [01/May/2014:09:58:46 +0200] "GET /news.php?cs_go=archiv&cs_id=4511 HTTP/1.0" 200 26763 "-" "Mozilla/5.0 (compatible; MJ12bot/v1.4.5; http://www.majestic12.co.uk/bot.php?+)"
144.76.137.226 - - [01/May/2014:09:58:54 +0200] "GET /news.php?cs_go=archiv&cs_id=4513 HTTP/1.0" 200 20634 "-" "Mozilla/5.0 (compatible; MJ12bot/v1.4.5; http://www.majestic12.co.uk/bot.php?+)"
144.76.137.226 - - [01/May/2014:09:58:58 +0200] "GET /news.php?cs_go=archiv&cs_id=4517 HTTP/1.0" 200 23889 "-" "Mozilla/5.0 (compatible; MJ12bot/v1.4.5; http://www.majestic12.co.uk/bot.php?+)"
144.76.137.226 - - [01/May/2014:09:59:03 +0200] "GET /news.php?cs_go=archiv&cs_id=4657&cs_search= HTTP/1.0" 200 22004 "-" "Mozilla/5.0 (compatible; MJ12bot/v1.4.5; http://www.majestic12.co.uk/bot.php?+)"
144.76.137.226 - - [01/May/2014:09:59:08 +0200] "GET /news.php?cs_go=archiv&cs_id=4660&cs_search= HTTP/1.0" 200 20562 "-" "Mozilla/5.0 (compatible; MJ12bot/v1.4.5; http://www.majestic12.co.uk/bot.php?+)"
65.55.24.221 - - [01/May/2014:09:59:12 +0200] "GET /robots.txt HTTP/1.1" 404 1256 "-" "Mozilla/5.0 (compatible; bingbot/2.0; +http://www.bing.com/bingbot.htm)"
144.76.137.226 - - [01/May/2014:09:59:12 +0200] "GET /news.php?cs_go=archiv&cs_id=4662&cs_search= HTTP/1.0" 200 24472 "-" "Mozilla/5.0 (compatible; MJ12bot/v1.4.5; http://www.majestic12.co.uk/bot.php?+)"
144.76.137.226 - - [01/May/2014:09:59:15 +0200] "GET /news.php?cs_go=archiv&cs_id=4663&cs_search= HTTP/1.0" 200 20700 "-" "Mozilla/5.0 (compatible; MJ12bot/v1.4.5; http://www.majestic12.co.uk/bot.php?+)"
144.76.137.226 - - [01/May/2014:09:59:18 +0200] "GET /news.php?cs_go=archiv&cs_id=4664&cs_search= HTTP/1.0" 200 20648 "-" "Mozilla/5.0 (compatible; MJ12bot/v1.4.5; http://www.majestic12.co.uk/bot.php?+)"
66.249.78.71 - - [01/May/2014:09:59:19 +0200] "GET /ansprechpartner.php HTTP/1.1" 200 21426 "-" "SAMSUNG-SGH-E250/1.0 Profile/MIDP-2.0 Configuration/CLDC-1.1 UP.Browser/6.2.3.3.c.1.101 (GUI) MMP/2.0 (compatible; Googlebot-Mobile/2.1; +http://www.google.com/bot.html)"
144.76.137.226 - - [01/May/2014:09:59:22 +0200] "GET /news.php?cs_go=archiv&cs_id=4665&cs_search= HTTP/1.0" 200 21080 "-" "Mozilla/5.0 (compatible; MJ12bot/v1.4.5; http://www.majestic12.co.uk/bot.php?+)"
144.76.137.226 - - [01/May/2014:09:59:25 +0200] "GET /news.php?cs_go=archiv&cs_id=4666&cs_search= HTTP/1.0" 200 24715 "-" "Mozilla/5.0 (compatible; MJ12bot/v1.4.5; http://www.majestic12.co.uk/bot.php?+)"
144.76.137.226 - - [01/May/2014:09:59:29 +0200] "GET /news.php?cs_go=archiv&cs_id=4667&cs_search= HTTP/1.0" 200 20464 "-" "Mozilla/5.0 (compatible; MJ12bot/v1.4.5; http://www.majestic12.co.uk/bot.php?+)"
144.76.137.226 - - [01/May/2014:09:59:32 +0200] "GET /news.php?cs_go=archiv&cs_id=4668&cs_search= HTTP/1.0" 200 20805 "-" "Mozilla/5.0 (compatible; MJ12bot/v1.4.5; http://www.majestic12.co.uk/bot.php?+)"
144.76.137.226 - - [01/May/2014:09:59:36 +0200] "GET /news.php?cs_go=archiv&cs_id=4669&cs_search= HTTP/1.0" 200 24634 "-" "Mozilla/5.0 (compatible; MJ12bot/v1.4.5; http://www.majestic12.co.uk/bot.php?+)"
144.76.137.226 - - [01/May/2014:09:59:39 +0200] "GET /news.php?cs_go=archiv&cs_id=4670&cs_search= HTTP/1.0" 200 20475 "-" "Mozilla/5.0 (compatible; MJ12bot/v1.4.5; http://www.majestic12.co.uk/bot.php?+)"
144.76.137.226 - - [01/May/2014:09:59:43 +0200] "GET /news.php?cs_go=archiv&cs_id=4672&cs_search= HTTP/1.0" 200 24332 "-" "Mozilla/5.0 (compatible; MJ12bot/v1.4.5; http://www.majestic12.co.uk/bot.php?+)"
144.76.137.226 - - [01/May/2014:09:59:47 +0200] "GET /news.php?cs_go=archiv&cs_id=4673&cs_search= HTTP/1.0" 200 20646 "-" "Mozilla/5.0 (compatible; MJ12bot/v1.4.5; http://www.majestic12.co.uk/bot.php?+)"
144.76.137.226 - - [01/May/2014:09:59:49 +0200] "GET /news.php?cs_go=archiv&cs_id=4674&cs_search= HTTP/1.0" 200 22563 "-" "Mozilla/5.0 (compatible; MJ12bot/v1.4.5; http://www.majestic12.co.uk/bot.php?+)"
144.76.137.226 - - [01/May/2014:09:59:51 +0200] "GET /news.php?cs_go=archiv&cs_id=4675&cs_search= HTTP/1.0" 200 21816 "-" "Mozilla/5.0 (compatible; MJ12bot/v1.4.5; http://www.majestic12.co.uk/bot.php?+)"
144.76.137.226 - - [01/May/2014:09:59:54 +0200] "GET /news.php?cs_go=archiv&cs_id=4676&cs_search= HTTP/1.0" 200 24543 "-" "Mozilla/5.0 (compatible; MJ12bot/v1.4.5; http://www.majestic12.co.uk/bot.php?+)"
144.76.137.226 - - [01/May/2014:09:59:56 +0200] "GET /news.php?cs_go=archiv&cs_id=4678&cs_search= HTTP/1.0" 200 20536 "-" "Mozilla/5.0 (compatible; MJ12bot/v1.4.5; http://www.majestic12.co.uk/bot.php?+)"
144.76.137.226 - - [01/May/2014:10:00:00 +0200] "GET /news.php?cs_go=archiv&cs_id=4829&cs_search= HTTP/1.0" 200 22736 "-" "Mozilla/5.0 (compatible; MJ12bot/v1.4.5; http://www.majestic12.co.uk/bot.php?+)"
144.76.137.226 - - [01/May/2014:10:00:03 +0200] "GET /news.php?cs_go=archiv&cs_startpos=160 HTTP/1.0" 200 34291 "-" "Mozilla/5.0 (compatible; MJ12bot/v1.4.5; http://www.majestic12.co.uk/bot.php?+)"
144.76.137.226 - - [01/May/2014:10:00:06 +0200] "GET /news.php?cs_go=archiv&cs_startpos=170 HTTP/1.0" 200 34160 "-" "Mozilla/5.0 (compatible; MJ12bot/v1.4.5; http://www.majestic12.co.uk/bot.php?+)"
66.249.78.71 - - [01/May/2014:10:01:16 +0200] "GET /news.php?cs_go=archiv&cs_id=4708 HTTP/1.1" 200 24125 "-" "Mozilla/5.0 (compatible; Googlebot/2.1; +http://www.google.com/bot.html)"
5.199.136.130 - - [01/May/2014:10:14:33 +0200] "GET /robots.txt HTTP/1.1" 404 1256 "-" "Mozilla/5.0 (compatible; waybackarchive.org/1.0; +spider@waybackarchive.org)"
5.199.136.130 - - [01/May/2014:10:14:35 +0200] "GET /news.php?cs_go=archiv&cs_id=5123 HTTP/1.1" 200 24245 "-" "Mozilla/5.0 (compatible; waybackarchive.org/1.0; +spider@waybackarchive.org)"
66.249.78.91 - - [01/May/2014:10:21:30 +0200] "GET /news.php?cs_go=archiv&cs_id=5076 HTTP/1.1" 200 23480 "-" "Mozilla/5.0 (compatible; Googlebot/2.1; +http://www.google.com/bot.html)"
66.249.78.91 - - [01/May/2014:10:21:49 +0200] "GET /news.php?cs_go=archiv&cs_id=4628&cs_search= HTTP/1.1" 200 22296 "-" "Mozilla/5.0 (compatible; Googlebot/2.1; +http://www.google.com/bot.html)"
37.58.100.162 - - [01/May/2014:10:23:47 +0200] "GET /news.php?cs_go=archiv&cs_id=5079 HTTP/1.1" 200 23229 "-" "Mozilla/5.0 (compatible; AhrefsBot/5.0; +http://ahrefs.com/robot/)"
208.115.113.88 - - [01/May/2014:10:25:39 +0200] "GET /baustellenbetankung.php HTTP/1.1" 200 19708 "-" "Mozilla/5.0 (compatible; DotBot/1.1; http://www.opensiteexplorer.org/dotbot, help@moz.com)"
66.249.66.144 - - [01/May/2014:10:39:19 +0200] "GET /adblue.php HTTP/1.1" 200 23024 "-" "Mozilla/5.0 (compatible; Googlebot/2.1; +http://www.google.com/bot.html)"
66.249.78.114 - - [01/May/2014:10:40:33 +0200] "GET /news.php?cs_go=archiv&cs_id=5022 HTTP/1.1" 200 22949 "-" "Mozilla/5.0 (compatible; Googlebot/2.1; +http://www.google.com/bot.html)"
66.220.152.114 - - [01/May/2014:10:55:45 +0200] "GET / HTTP/1.1" 200 23306 "-" "facebookexternalhit/1.1 (+http://www.facebook.com/externalhit_uatext.php)"
66.220.152.114 - - [01/May/2014:10:55:46 +0200] "GET /images/team-energie.png HTTP/1.1" 206 9000 "http://www.marktplatz-mittelstand.de/webkatalog/www.esso-berlin.de" "facebookexternalhit/1.1 (+http://www.facebook.com/externalhit_uatext.php)"
66.220.152.114 - - [01/May/2014:10:55:46 +0200] "GET /images/kwk.png HTTP/1.1" 206 9000 "http://www.marktplatz-mittelstand.de/webkatalog/www.esso-berlin.de" "facebookexternalhit/1.1 (+http://www.facebook.com/externalhit_uatext.php)"
66.220.152.114 - - [01/May/2014:10:55:46 +0200] "GET /images/freecall.png HTTP/1.1" 206 9000 "http://www.marktplatz-mittelstand.de/webkatalog/www.esso-berlin.de" "facebookexternalhit/1.1 (+http://www.facebook.com/externalhit_uatext.php)"
66.220.152.119 - - [01/May/2014:10:55:46 +0200] "GET /images/heizoelbestellung.jpg HTTP/1.1" 206 6281 "http://www.marktplatz-mittelstand.de/webkatalog/www.esso-berlin.de" "facebookexternalhit/1.1 (+http://www.facebook.com/externalhit_uatext.php)"
66.220.152.117 - - [01/May/2014:10:55:46 +0200] "GET /images/telefon.png HTTP/1.1" 206 754 "http://www.marktplatz-mittelstand.de/webkatalog/www.esso-berlin.de" "facebookexternalhit/1.1 (+http://www.facebook.com/externalhit_uatext.php)"
66.220.152.118 - - [01/May/2014:10:55:46 +0200] "GET /images/adblue_neu.png HTTP/1.1" 206 9000 "http://www.marktplatz-mittelstand.de/webkatalog/www.esso-berlin.de" "facebookexternalhit/1.1 (+http://www.facebook.com/externalhit_uatext.php)"
66.220.152.112 - - [01/May/2014:10:55:46 +0200] "GET /images/teamtkw.jpg HTTP/1.1" 206 9000 "http://www.marktplatz-mittelstand.de/webkatalog/www.esso-berlin.de" "facebookexternalhit/1.1 (+http://www.facebook.com/externalhit_uatext.php)"
66.220.152.113 - - [01/May/2014:10:55:46 +0200] "GET /images/tankpool24.jpg HTTP/1.1" 206 6460 "http://www.marktplatz-mittelstand.de/webkatalog/www.esso-berlin.de" "facebookexternalhit/1.1 (+http://www.facebook.com/externalhit_uatext.php)"
66.220.152.119 - - [01/May/2014:10:55:46 +0200] "GET /images/iwo.jpg HTTP/1.1" 206 9000 "http://www.marktplatz-mittelstand.de/webkatalog/www.esso-berlin.de" "facebookexternalhit/1.1 (+http://www.facebook.com/externalhit_uatext.php)"
66.220.152.117 - - [01/May/2014:10:55:47 +0200] "GET /images/ral.png HTTP/1.1" 206 9000 "http://www.marktplatz-mittelstand.de/webkatalog/www.esso-berlin.de" "facebookexternalhit/1.1 (+http://www.facebook.com/externalhit_uatext.php)"
66.220.152.117 - - [01/May/2014:10:55:47 +0200] "GET /images/Imagebroschuere_team_energie.png HTTP/1.1" 206 9000 "http://www.marktplatz-mittelstand.de/webkatalog/www.esso-berlin.de" "facebookexternalhit/1.1 (+http://www.facebook.com/externalhit_uatext.php)"
66.220.152.117 - - [01/May/2014:10:55:47 +0200] "GET /images/email.png HTTP/1.1" 206 641 "http://www.marktplatz-mittelstand.de/webkatalog/www.esso-berlin.de" "facebookexternalhit/1.1 (+http://www.facebook.com/externalhit_uatext.php)"
66.220.152.113 - - [01/May/2014:10:55:48 +0200] "GET /images/baustelle.jpg HTTP/1.1" 206 9000 "http://www.marktplatz-mittelstand.de/webkatalog/www.esso-berlin.de" "facebookexternalhit/1.1 (+http://www.facebook.com/externalhit_uatext.php)"
66.220.152.118 - - [01/May/2014:10:55:48 +0200] "GET /images/wunschpreis.jpg HTTP/1.1" 206 5550 "http://www.marktplatz-mittelstand.de/webkatalog/www.esso-berlin.de" "facebookexternalhit/1.1 (+http://www.facebook.com/externalhit_uatext.php)"
173.252.114.119 - - [01/May/2014:10:55:48 +0200] "GET /images/tankpool24.jpg HTTP/1.1" 206 6460 "-" "facebookexternalhit/1.1 (+http://www.facebook.com/externalhit_uatext.php)"
173.252.114.115 - - [01/May/2014:10:55:48 +0200] "GET /images/kwk.png HTTP/1.1" 206 15949 "-" "facebookexternalhit/1.1 (+http://www.facebook.com/externalhit_uatext.php)"
173.252.114.119 - - [01/May/2014:10:55:49 +0200] "GET /images/freecall.png HTTP/1.1" 206 15914 "-" "facebookexternalhit/1.1 (+http://www.facebook.com/externalhit_uatext.php)"
173.252.114.116 - - [01/May/2014:10:55:49 +0200] "GET /images/email.png HTTP/1.1" 206 641 "-" "facebookexternalhit/1.1 (+http://www.facebook.com/externalhit_uatext.php)"
173.252.114.118 - - [01/May/2014:10:55:49 +0200] "GET /images/teamtkw.jpg HTTP/1.1" 206 27919 "-" "facebookexternalhit/1.1 (+http://www.facebook.com/externalhit_uatext.php)"
173.252.114.114 - - [01/May/2014:10:55:49 +0200] "GET /images/adblue_neu.png HTTP/1.1" 206 30982 "-" "facebookexternalhit/1.1 (+http://www.facebook.com/externalhit_uatext.php)"
173.252.114.119 - - [01/May/2014:10:55:50 +0200] "GET /images/iwo.jpg HTTP/1.1" 206 11024 "-" "facebookexternalhit/1.1 (+http://www.facebook.com/externalhit_uatext.php)"
173.252.114.117 - - [01/May/2014:10:55:50 +0200] "GET /images/heizoelbestellung.jpg HTTP/1.1" 206 6281 "-" "facebookexternalhit/1.1 (+http://www.facebook.com/externalhit_uatext.php)"
173.252.114.114 - - [01/May/2014:10:55:50 +0200] "GET /images/wunschpreis.jpg HTTP/1.1" 206 5550 "-" "facebookexternalhit/1.1 (+http://www.facebook.com/externalhit_uatext.php)"
173.252.114.113 - - [01/May/2014:10:55:50 +0200] "GET /images/telefon.png HTTP/1.1" 206 754 "-" "facebookexternalhit/1.1 (+http://www.facebook.com/externalhit_uatext.php)"
173.252.114.118 - - [01/May/2014:10:55:50 +0200] "GET /images/ral.png HTTP/1.1" 206 25696 "-" "facebookexternalhit/1.1 (+http://www.facebook.com/externalhit_uatext.php)"
173.252.114.117 - - [01/May/2014:10:55:50 +0200] "GET /images/baustelle.jpg HTTP/1.1" 206 17506 "-" "facebookexternalhit/1.1 (+http://www.facebook.com/externalhit_uatext.php)"
173.252.114.117 - - [01/May/2014:10:55:50 +0200] "GET /images/team-energie.png HTTP/1.1" 206 17383 "-" "facebookexternalhit/1.1 (+http://www.facebook.com/externalhit_uatext.php)"
173.252.114.113 - - [01/May/2014:10:55:50 +0200] "GET /images/Imagebroschuere_team_energie.png HTTP/1.1" 206 64117 "-" "facebookexternalhit/1.1 (+http://www.facebook.com/externalhit_uatext.php)"
37.58.100.178 - - [01/May/2014:11:03:29 +0200] "GET /modernisierung.php?cs_gp_go=plus HTTP/1.1" 200 22777 "-" "Mozilla/5.0 (compatible; AhrefsBot/5.0; +http://ahrefs.com/robot/)"
141.8.147.12 - - [01/May/2014:11:06:12 +0200] "GET /lexikon.php?cs_go=3&cs_id=123 HTTP/1.1" 200 19093 "-" "Mozilla/5.0 (compatible; YandexBot/3.0; +http://yandex.com/bots)"
66.249.78.86 - - [01/May/2014:11:08:35 +0200] "GET /essoschmierstoffe.php HTTP/1.1" 200 22773 "-" "Mozilla/5.0 (compatible; Googlebot/2.1; +http://www.google.com/bot.html)"
65.55.24.221 - - [01/May/2014:11:14:35 +0200] "GET /faq.php HTTP/1.1" 200 238396 "-" "Mozilla/5.0 (compatible; bingbot/2.0; +http://www.bing.com/bingbot.htm)"
65.55.24.221 - - [01/May/2014:11:14:37 +0200] "GET /energiesparcheck.php HTTP/1.1" 200 24694 "-" "Mozilla/5.0 (compatible; bingbot/2.0; +http://www.bing.com/bingbot.htm)"
157.55.35.91 - - [01/May/2014:11:17:30 +0200] "GET /baustellenbetankung.php HTTP/1.1" 200 19708 "-" "Mozilla/5.0 (compatible; bingbot/2.0; +http://www.bing.com/bingbot.htm)"
141.8.147.12 - - [01/May/2014:11:19:59 +0200] "GET /news.php?cs_go=archiv&cs_id=5074 HTTP/1.1" 200 24113 "-" "Mozilla/5.0 (compatible; YandexBot/3.0; +http://yandex.com/bots)"
157.55.34.26 - - [01/May/2014:11:20:03 +0200] "GET /robots.txt HTTP/1.1" 404 1256 "-" "Mozilla/5.0 (compatible; bingbot/2.0; +http://www.bing.com/bingbot.htm)"
157.55.34.94 - - [01/May/2014:11:21:24 +0200] "GET /news.php?cs_go=archiv&cs_id=4948 HTTP/1.1" 200 24159 "-" "Mozilla/5.0 (compatible; bingbot/2.0; +http://www.bing.com/bingbot.htm)"
65.55.24.216 - - [01/May/2014:11:21:42 +0200] "GET /notdienst.php HTTP/1.1" 200 19614 "-" "Mozilla/5.0 (compatible; bingbot/2.0; +http://www.bing.com/bingbot.htm)"
157.55.35.89 - - [01/May/2014:11:22:19 +0200] "GET /js/slider.js HTTP/1.1" 200 773 "-" "Mozilla/5.0 (compatible; bingbot/2.0; +http://www.bing.com/bingbot.htm)"
157.55.35.89 - - [01/May/2014:11:22:19 +0200] "GET /style.css HTTP/1.1" 200 8056 "-" "Mozilla/5.0 (compatible; bingbot/2.0; +http://www.bing.com/bingbot.htm)"
157.55.35.89 - - [01/May/2014:11:22:20 +0200] "GET /js/jquery.min.js HTTP/1.1" 200 57254 "-" "Mozilla/5.0 (compatible; bingbot/2.0; +http://www.bing.com/bingbot.htm)"
157.55.35.89 - - [01/May/2014:11:22:21 +0200] "GET /modul.css HTTP/1.1" 200 36485 "-" "Mozilla/5.0 (compatible; bingbot/2.0; +http://www.bing.com/bingbot.htm)"
157.55.34.176 - - [01/May/2014:11:22:37 +0200] "GET /robots.txt HTTP/1.1" 404 1256 "-" "Mozilla/5.0 (compatible; bingbot/2.0; +http://www.bing.com/bingbot.htm)"
157.55.34.176 - - [01/May/2014:11:22:38 +0200] "GET /js/ddaccordion.js HTTP/1.1" 200 12534 "-" "Mozilla/5.0 (compatible; bingbot/2.0; +http://www.bing.com/bingbot.htm)"
123.125.71.21 - - [01/May/2014:11:24:48 +0200] "GET / HTTP/1.1" 200 14694 "-" "Mozilla/5.0 (compatible; Baiduspider/2.0; +http://www.baidu.com/search/spider.html)"
220.181.108.102 - - [01/May/2014:11:26:06 +0200] "GET / HTTP/1.1" 200 14694 "-" "Mozilla/5.0 (compatible; Baiduspider/2.0; +http://www.baidu.com/search/spider.html)"
157.55.34.26 - - [01/May/2014:11:29:53 +0200] "GET /news.php?cs_go=archiv&cs_id=5012 HTTP/1.1" 200 24404 "-" "Mozilla/5.0 (compatible; bingbot/2.0; +http://www.bing.com/bingbot.htm)"
5.199.136.130 - - [01/May/2014:11:31:22 +0200] "GET /robots.txt HTTP/1.1" 404 1256 "-" "Mozilla/5.0 (compatible; waybackarchive.org/1.0; +spider@waybackarchive.org)"
5.199.136.130 - - [01/May/2014:11:31:22 +0200] "GET / HTTP/1.1" 200 23306 "-" "Mozilla/5.0 (compatible; waybackarchive.org/1.0; +spider@waybackarchive.org)"
131.253.24.136 - - [01/May/2014:11:31:44 +0200] "GET /adblue.php HTTP/1.1" 200 23024 "-" "Mozilla/4.0 (compatible; MSIE 7.0; Windows NT 5.2; SV1; .NET CLR 1.1.4325; .NET CLR 2.0.40607; .NET CLR 3.0.30729; .NET CLR 3.5.30729; MS-RTC LM 8)"
131.253.24.136 - - [01/May/2014:11:31:51 +0200] "GET /style.css HTTP/1.1" 200 8056 "http://www.esso-berlin.de/adblue.php" "Mozilla/4.0 (compatible; MSIE 7.0; Windows NT 5.2; SV1; .NET CLR 1.1.4325; .NET CLR 2.0.40607; .NET CLR 3.0.30729; .NET CLR 3.5.30729; MS-RTC LM 8)"
65.55.211.242 - - [01/May/2014:11:31:54 +0200] "GET /modul.css HTTP/1.1" 200 36485 "http://www.esso-berlin.de/adblue.php" "Mozilla/4.0 (compatible; MSIE 7.0; Windows NT 5.2; SV1; .NET CLR 1.1.4325; .NET CLR 2.0.40607; .NET CLR 3.0.30729; .NET CLR 3.5.30729; MS-RTC LM 8)"
131.253.24.136 - - [01/May/2014:11:31:56 +0200] "GET /js/ddaccordion.js HTTP/1.1" 200 12534 "http://www.esso-berlin.de/adblue.php" "Mozilla/4.0 (compatible; MSIE 7.0; Windows NT 5.2; SV1; .NET CLR 1.1.4325; .NET CLR 2.0.40607; .NET CLR 3.0.30729; .NET CLR 3.5.30729; MS-RTC LM 8)"
65.55.211.242 - - [01/May/2014:11:31:58 +0200] "GET /js/jquery.min.js HTTP/1.1" 200 57254 "http://www.esso-berlin.de/adblue.php" "Mozilla/4.0 (compatible; MSIE 7.0; Windows NT 5.2; SV1; .NET CLR 1.1.4325; .NET CLR 2.0.40607; .NET CLR 3.0.30729; .NET CLR 3.5.30729; MS-RTC LM 8)"
65.55.211.242 - - [01/May/2014:11:32:12 +0200] "GET /js/slider.js HTTP/1.1" 200 773 "http://www.esso-berlin.de/adblue.php" "Mozilla/4.0 (compatible; MSIE 7.0; Windows NT 5.2; SV1; .NET CLR 1.1.4325; .NET CLR 2.0.40607; .NET CLR 3.0.30729; .NET CLR 3.5.30729; MS-RTC LM 8)"
208.115.111.73 - - [01/May/2014:11:35:28 +0200] "GET /robots.txt HTTP/1.1" 404 1256 "-" "Mozilla/5.0 (compatible; DotBot/1.1; http://www.opensiteexplorer.org/dotbot, help@moz.com)"
157.55.32.93 - - [01/May/2014:11:36:58 +0200] "GET /news.php?cs_go=archiv&cs_id=5066 HTTP/1.1" 200 23443 "-" "Mozilla/5.0 (compatible; bingbot/2.0; +http://www.bing.com/bingbot.htm)"
66.249.78.200 - - [01/May/2014:11:37:51 +0200] "GET /news.php?cs_go=archiv&cs_id=4761&cs_search= HTTP/1.1" 200 21228 "-" "Mozilla/5.0 (compatible; Googlebot/2.1; +http://www.google.com/bot.html)"
66.249.78.91 - - [01/May/2014:11:49:34 +0200] "GET /news.php?cs_go=archiv&cs_id=4820&cs_search= HTTP/1.1" 200 22703 "-" "Mozilla/5.0 (compatible; Googlebot/2.1; +http://www.google.com/bot.html)"
141.8.147.12 - - [01/May/2014:11:53:20 +0200] "GET /lexikon.php?cs_go=2&cs_char=g HTTP/1.1" 200 20163 "-" "Mozilla/5.0 (compatible; YandexBot/3.0; +http://yandex.com/bots)"
66.249.78.86 - - [01/May/2014:11:55:25 +0200] "GET /news.php?cs_go=archiv&cs_id=4568 HTTP/1.1" 200 22576 "-" "Mozilla/5.0 (compatible; Googlebot/2.1; +http://www.google.com/bot.html)"
37.58.100.173 - - [01/May/2014:11:56:32 +0200] "GET /news.php?cs_go=archiv&cs_id=4894 HTTP/1.1" 200 20694 "-" "Mozilla/5.0 (compatible; AhrefsBot/5.0; +http://ahrefs.com/robot/)"
141.8.147.12 - - [01/May/2014:11:57:21 +0200] "GET /news.php?cs_go=archiv&cs_id=4886&cs_search= HTTP/1.1" 200 20446 "-" "Mozilla/5.0 (compatible; YandexBot/3.0; +http://yandex.com/bots)"
66.249.78.71 - - [01/May/2014:11:58:21 +0200] "GET /news.php?cs_go=archiv&cs_id=3892 HTTP/1.1" 200 22341 "-" "Mozilla/5.0 (compatible; Googlebot/2.1; +http://www.google.com/bot.html)"
92.195.119.179 - - [01/May/2014:11:58:21 +0200] "GET / HTTP/1.1" 200 23306 "http://www.google.de/url?sa=t&rct=j&q=&esrc=s&source=web&cd=4&ved=0CEkQFjAD&url=http%3A%2F%2Fwww.e-s-s-o-berlin.de%2F&ei=kRpiU9_LF6LrygOrzIGYAQ&usg=AFQjCNFyly26Im01L1hqxwtkO53IQPsODA&bvm=bv.65636070,d.bGQ" "Mozilla/5.0 (Windows NT 6.1; WOW64; rv:28.0) Gecko/20100101 Firefox/28.0"
92.195.119.179 - - [01/May/2014:11:58:22 +0200] "GET /style.css HTTP/1.1" 200 8056 "http://www.e-s-s-o-berlin.de/" "Mozilla/5.0 (Windows NT 6.1; WOW64; rv:28.0) Gecko/20100101 Firefox/28.0"
92.195.119.179 - - [01/May/2014:11:58:22 +0200] "GET /js/ddaccordion.js HTTP/1.1" 200 12534 "http://www.e-s-s-o-berlin.de/" "Mozilla/5.0 (Windows NT 6.1; WOW64; rv:28.0) Gecko/20100101 Firefox/28.0"
92.195.119.179 - - [01/May/2014:11:58:22 +0200] "GET /js/slider.js HTTP/1.1" 200 773 "http://www.e-s-s-o-berlin.de/" "Mozilla/5.0 (Windows NT 6.1; WOW64; rv:28.0) Gecko/20100101 Firefox/28.0"
92.195.119.179 - - [01/May/2014:11:58:22 +0200] "GET /Scripts/AC_ActiveX.js HTTP/1.1" 200 2068 "http://www.e-s-s-o-berlin.de/" "Mozilla/5.0 (Windows NT 6.1; WOW64; rv:28.0) Gecko/20100101 Firefox/28.0"
92.195.119.179 - - [01/May/2014:11:58:22 +0200] "GET /Scripts/AC_RunActiveContent.js HTTP/1.1" 200 8029 "http://www.e-s-s-o-berlin.de/" "Mozilla/5.0 (Windows NT 6.1; WOW64; rv:28.0) Gecko/20100101 Firefox/28.0"
92.195.119.179 - - [01/May/2014:11:58:22 +0200] "GET /modul.css HTTP/1.1" 200 36485 "http://www.e-s-s-o-berlin.de/" "Mozilla/5.0 (Windows NT 6.1; WOW64; rv:28.0) Gecko/20100101 Firefox/28.0"
92.195.119.179 - - [01/May/2014:11:58:22 +0200] "GET /js/jquery.min.js HTTP/1.1" 200 57254 "http://www.e-s-s-o-berlin.de/" "Mozilla/5.0 (Windows NT 6.1; WOW64; rv:28.0) Gecko/20100101 Firefox/28.0"
92.195.119.179 - - [01/May/2014:11:58:22 +0200] "GET /video/jwplayer.js HTTP/1.1" 200 132411 "http://www.e-s-s-o-berlin.de/" "Mozilla/5.0 (Windows NT 6.1; WOW64; rv:28.0) Gecko/20100101 Firefox/28.0"
92.195.119.179 - - [01/May/2014:11:58:23 +0200] "GET /images/teamtkw.jpg HTTP/1.1" 200 27919 "http://www.e-s-s-o-berlin.de/" "Mozilla/5.0 (Windows NT 6.1; WOW64; rv:28.0) Gecko/20100101 Firefox/28.0"
92.195.119.179 - - [01/May/2014:11:58:23 +0200] "GET /images/team-energie.png HTTP/1.1" 200 17383 "http://www.e-s-s-o-berlin.de/" "Mozilla/5.0 (Windows NT 6.1; WOW64; rv:28.0) Gecko/20100101 Firefox/28.0"
92.195.119.179 - - [01/May/2014:11:58:23 +0200] "GET /images/iwo.jpg HTTP/1.1" 200 11024 "http://www.e-s-s-o-berlin.de/" "Mozilla/5.0 (Windows NT 6.1; WOW64; rv:28.0) Gecko/20100101 Firefox/28.0"
92.195.119.179 - - [01/May/2014:11:58:23 +0200] "GET /images/baustelle.jpg HTTP/1.1" 200 17506 "http://www.e-s-s-o-berlin.de/" "Mozilla/5.0 (Windows NT 6.1; WOW64; rv:28.0) Gecko/20100101 Firefox/28.0"
92.195.119.179 - - [01/May/2014:11:58:23 +0200] "GET /images/telefon.png HTTP/1.1" 200 754 "http://www.e-s-s-o-berlin.de/" "Mozilla/5.0 (Windows NT 6.1; WOW64; rv:28.0) Gecko/20100101 Firefox/28.0"
92.195.119.179 - - [01/May/2014:11:58:23 +0200] "GET /images/tankpool24.jpg HTTP/1.1" 200 6460 "http://www.e-s-s-o-berlin.de/" "Mozilla/5.0 (Windows NT 6.1; WOW64; rv:28.0) Gecko/20100101 Firefox/28.0"
92.195.119.179 - - [01/May/2014:11:58:23 +0200] "GET /images/email.png HTTP/1.1" 200 641 "http://www.e-s-s-o-berlin.de/" "Mozilla/5.0 (Windows NT 6.1; WOW64; rv:28.0) Gecko/20100101 Firefox/28.0"
92.195.119.179 - - [01/May/2014:11:58:23 +0200] "GET /images/heizoelbestellung.jpg HTTP/1.1" 200 6281 "http://www.e-s-s-o-berlin.de/" "Mozilla/5.0 (Windows NT 6.1; WOW64; rv:28.0) Gecko/20100101 Firefox/28.0"
92.195.119.179 - - [01/May/2014:11:58:23 +0200] "GET /images/wunschpreis.jpg HTTP/1.1" 200 5550 "http://www.e-s-s-o-berlin.de/" "Mozilla/5.0 (Windows NT 6.1; WOW64; rv:28.0) Gecko/20100101 Firefox/28.0"
92.195.119.179 - - [01/May/2014:11:58:23 +0200] "GET /images/adblue_neu.png HTTP/1.1" 200 30982 "http://www.e-s-s-o-berlin.de/" "Mozilla/5.0 (Windows NT 6.1; WOW64; rv:28.0) Gecko/20100101 Firefox/28.0"
92.195.119.179 - - [01/May/2014:11:58:24 +0200] "GET /images/kwk.png HTTP/1.1" 200 15949 "http://www.e-s-s-o-berlin.de/" "Mozilla/5.0 (Windows NT 6.1; WOW64; rv:28.0) Gecko/20100101 Firefox/28.0"
92.195.119.179 - - [01/May/2014:11:58:24 +0200] "GET /images/ral.png HTTP/1.1" 200 25696 "http://www.e-s-s-o-berlin.de/" "Mozilla/5.0 (Windows NT 6.1; WOW64; rv:28.0) Gecko/20100101 Firefox/28.0"
92.195.119.179 - - [01/May/2014:11:58:23 +0200] "GET /images/freecall.png HTTP/1.1" 200 15914 "http://www.e-s-s-o-berlin.de/" "Mozilla/5.0 (Windows NT 6.1; WOW64; rv:28.0) Gecko/20100101 Firefox/28.0"
92.195.119.179 - - [01/May/2014:11:58:24 +0200] "GET /images/Imagebroschuere_team_energie.png HTTP/1.1" 200 64117 "http://www.e-s-s-o-berlin.de/" "Mozilla/5.0 (Windows NT 6.1; WOW64; rv:28.0) Gecko/20100101 Firefox/28.0"
92.195.119.179 - - [01/May/2014:11:58:25 +0200] "GET /images/content_bg.jpg HTTP/1.1" 200 437 "http://www.e-s-s-o-berlin.de/style.css" "Mozilla/5.0 (Windows NT 6.1; WOW64; rv:28.0) Gecko/20100101 Firefox/28.0"
92.195.119.179 - - [01/May/2014:11:58:25 +0200] "GET /images/header.jpg HTTP/1.1" 200 23758 "http://www.e-s-s-o-berlin.de/style.css" "Mozilla/5.0 (Windows NT 6.1; WOW64; rv:28.0) Gecko/20100101 Firefox/28.0"
92.195.119.179 - - [01/May/2014:11:58:25 +0200] "GET /images/logos.jpg HTTP/1.1" 200 1205 "http://www.e-s-s-o-berlin.de/style.css" "Mozilla/5.0 (Windows NT 6.1; WOW64; rv:28.0) Gecko/20100101 Firefox/28.0"
92.195.119.179 - - [01/May/2014:11:58:25 +0200] "GET /images/newsletter.jpg HTTP/1.1" 200 13127 "http://www.e-s-s-o-berlin.de/style.css" "Mozilla/5.0 (Windows NT 6.1; WOW64; rv:28.0) Gecko/20100101 Firefox/28.0"
92.195.119.179 - - [01/May/2014:11:58:25 +0200] "GET /images/mobil.jpg HTTP/1.1" 200 25293 "http://www.e-s-s-o-berlin.de/style.css" "Mozilla/5.0 (Windows NT 6.1; WOW64; rv:28.0) Gecko/20100101 Firefox/28.0"
92.195.119.179 - - [01/May/2014:11:58:25 +0200] "GET /video/player.swf HTTP/1.1" 200 106407 "http://www.e-s-s-o-berlin.de/" "Mozilla/5.0 (Windows NT 6.1; WOW64; rv:28.0) Gecko/20100101 Firefox/28.0"
92.195.119.179 - - [01/May/2014:11:58:26 +0200] "GET /favicon.ico HTTP/1.1" 404 1256 "-" "Mozilla/5.0 (Windows NT 6.1; WOW64; rv:28.0) Gecko/20100101 Firefox/28.0"
92.195.119.179 - - [01/May/2014:11:58:27 +0200] "GET /favicon.ico HTTP/1.1" 404 1256 "-" "Mozilla/5.0 (Windows NT 6.1; WOW64; rv:28.0) Gecko/20100101 Firefox/28.0"
92.195.119.179 - - [01/May/2014:11:58:27 +0200] "GET /video/standbild.jpg HTTP/1.1" 200 14654 "http://www.e-s-s-o-berlin.de/video/player.swf" "Mozilla/5.0 (Windows NT 6.1; WOW64; rv:28.0) Gecko/20100101 Firefox/28.0"
92.195.119.179 - - [01/May/2014:11:58:47 +0200] "GET /news.php?cs_go=archiv&cs_id=5135 HTTP/1.1" 200 24099 "http://www.e-s-s-o-berlin.de/" "Mozilla/5.0 (Windows NT 6.1; WOW64; rv:28.0) Gecko/20100101 Firefox/28.0"
157.55.33.251 - - [01/May/2014:12:05:40 +0200] "GET /robots.txt HTTP/1.1" 404 1256 "-" "Mozilla/5.0 (compatible; bingbot/2.0; +http://www.bing.com/bingbot.htm)"
157.55.33.251 - - [01/May/2014:12:05:53 +0200] "GET /news.php?cs_go=archiv&cs_id=5087 HTTP/1.1" 200 20433 "-" "Mozilla/5.0 (compatible; bingbot/2.0; +http://www.bing.com/bingbot.htm)"
141.8.147.12 - - [01/May/2014:12:11:25 +0200] "GET /lexikon.php?cs_go=3&cs_id=122 HTTP/1.1" 200 19256 "-" "Mozilla/5.0 (compatible; YandexBot/3.0; +http://yandex.com/bots)"
192.157.235.165 - - [01/May/2014:12:12:56 +0200] "GET /news.php?cs_go=archiv&cs_id=5039 HTTP/1.0" 200 24812 "http://www.e-s-s-o-berlin.de/news.php?cs_go=archiv&cs_id=5039" "Mozilla/5.0 (Windows NT 5.1; rv:26.0) Gecko/20100101 Firefox/26.0"
66.249.78.200 - - [01/May/2014:12:15:54 +0200] "GET /news.php?cs_go=archiv&cs_id=4677&cs_search= HTTP/1.1" 200 22882 "-" "Mozilla/5.0 (compatible; Googlebot/2.1; +http://www.google.com/bot.html)"
157.55.35.102 - - [01/May/2014:12:22:49 +0200] "GET /energiesparcheck.php HTTP/1.1" 200 24694 "-" "Mozilla/5.0 (compatible; bingbot/2.0; +http://www.bing.com/bingbot.htm)"
66.249.66.2 - - [01/May/2014:12:24:41 +0200] "GET /essoschmierstoffe.php HTTP/1.1" 200 22773 "-" "Mozilla/5.0 (compatible; Googlebot/2.1; +http://www.google.com/bot.html)"
141.8.147.12 - - [01/May/2014:12:25:28 +0200] "GET /news.php?cs_go=archiv&cs_id=4917 HTTP/1.1" 200 20741 "-" "Mozilla/5.0 (compatible; YandexBot/3.0; +http://yandex.com/bots)"
157.55.34.94 - - [01/May/2014:12:28:40 +0200] "GET /robots.txt HTTP/1.1" 404 1256 "-" "Mozilla/5.0 (compatible; bingbot/2.0; +http://www.bing.com/bingbot.htm)"
157.55.34.94 - - [01/May/2014:12:28:53 +0200] "GET /news.php?cs_go=archiv&cs_id=5113 HTTP/1.1" 200 22520 "-" "Mozilla/5.0 (compatible; bingbot/2.0; +http://www.bing.com/bingbot.htm)"
157.55.34.94 - - [01/May/2014:12:28:54 +0200] "GET /essoschmierstoffe.php HTTP/1.1" 200 22773 "-" "Mozilla/5.0 (compatible; bingbot/2.0; +http://www.bing.com/bingbot.htm)"
66.249.78.90 - - [01/May/2014:12:30:32 +0200] "GET /lexikon.php?cs_go=3&cs_id=207 HTTP/1.1" 200 19040 "-" "Mozilla/5.0 (compatible; Googlebot/2.1; +http://www.google.com/bot.html)"
37.58.100.92 - - [01/May/2014:12:31:05 +0200] "GET /news.php?cs_go=archiv&cs_id=5123 HTTP/1.1" 200 24245 "-" "Mozilla/5.0 (compatible; AhrefsBot/5.0; +http://ahrefs.com/robot/)"
65.55.24.216 - - [01/May/2014:12:40:21 +0200] "GET /news.php?cs_go=archiv&cs_id=5024 HTTP/1.1" 200 22431 "-" "Mozilla/5.0 (compatible; bingbot/2.0; +http://www.bing.com/bingbot.htm)"
157.55.33.251 - - [01/May/2014:12:41:43 +0200] "GET / HTTP/1.1" 200 23306 "-" "Mozilla/5.0 (compatible; bingbot/2.0; +http://www.bing.com/bingbot.htm)"
141.8.147.12 - - [01/May/2014:12:51:14 +0200] "GET /robots.txt HTTP/1.1" 404 1256 "-" "Mozilla/5.0 (compatible; YandexBot/3.0; +http://yandex.com/bots)"
37.58.100.140 - - [01/May/2014:12:57:58 +0200] "GET /news.php?cs_go=archiv&cs_id=5127 HTTP/1.1" 200 20410 "-" "Mozilla/5.0 (compatible; AhrefsBot/5.0; +http://ahrefs.com/robot/)"
157.55.35.46 - - [01/May/2014:12:59:40 +0200] "GET /robots.txt HTTP/1.1" 404 1256 "-" "Mozilla/5.0 (compatible; bingbot/2.0; +http://www.bing.com/bingbot.htm)"
141.8.147.12 - - [01/May/2014:13:02:56 +0200] "GET /news.php?cs_go=archiv&cs_id=4867&cs_search= HTTP/1.1" 200 24498 "-" "Mozilla/5.0 (compatible; YandexBot/3.0; +http://yandex.com/bots)"
65.55.52.87 - - [01/May/2014:13:04:00 +0200] "GET /robots.txt HTTP/1.1" 404 1256 "-" "Mozilla/5.0 (compatible; bingbot/2.0; +http://www.bing.com/bingbot.htm)"
65.55.52.87 - - [01/May/2014:13:04:09 +0200] "GET /news.php?cs_go=archiv&cs_id=5135 HTTP/1.1" 200 24099 "-" "Mozilla/5.0 (compatible; bingbot/2.0; +http://www.bing.com/bingbot.htm)"
37.58.100.175 - - [01/May/2014:13:12:30 +0200] "GET /news.php?cs_go=archiv&cs_id=5126 HTTP/1.1" 200 24315 "-" "Mozilla/5.0 (compatible; AhrefsBot/5.0; +http://ahrefs.com/robot/)"
66.249.78.71 - - [01/May/2014:13:14:26 +0200] "GET /news.php?cs_go=archiv&cs_id=4258 HTTP/1.1" 200 20697 "-" "Mozilla/5.0 (compatible; Googlebot/2.1; +http://www.google.com/bot.html)"
141.8.147.12 - - [01/May/2014:13:14:39 +0200] "GET /lexikon.php?cs_go=3&cs_id=60 HTTP/1.1" 200 19537 "-" "Mozilla/5.0 (compatible; YandexBot/3.0; +http://yandex.com/bots)"
157.55.35.46 - - [01/May/2014:13:15:40 +0200] "GET /news.php?cs_go=archiv&cs_id=5127 HTTP/1.1" 200 20410 "-" "Mozilla/5.0 (compatible; bingbot/2.0; +http://www.bing.com/bingbot.htm)"
208.115.111.73 - - [01/May/2014:13:15:41 +0200] "GET /heizoel.php HTTP/1.1" 200 20896 "-" "Mozilla/5.0 (compatible; DotBot/1.1; http://www.opensiteexplorer.org/dotbot, help@moz.com)"
141.8.147.12 - - [01/May/2014:13:26:22 +0200] "GET /lexikon.php?cs_go=3&cs_id=67 HTTP/1.1" 200 19663 "-" "Mozilla/5.0 (compatible; YandexBot/3.0; +http://yandex.com/bots)"
66.249.66.11 - - [01/May/2014:13:29:04 +0200] "GET /news.php?cs_go=archiv&cs_id=4759&cs_search= HTTP/1.1" 200 24495 "-" "Mozilla/5.0 (compatible; Googlebot/2.1; +http://www.google.com/bot.html)"
37.58.100.146 - - [01/May/2014:13:32:21 +0200] "GET /news.php?cs_go=archiv&cs_id=5135 HTTP/1.1" 200 24099 "-" "Mozilla/5.0 (compatible; AhrefsBot/5.0; +http://ahrefs.com/robot/)"
66.249.78.86 - - [01/May/2014:13:34:56 +0200] "GET /news.php?cs_go=archiv&cs_id=3820 HTTP/1.1" 200 21674 "-" "Mozilla/5.0 (compatible; Googlebot/2.1; +http://www.google.com/bot.html)"
157.55.33.97 - - [01/May/2014:13:35:36 +0200] "GET /robots.txt HTTP/1.1" 404 1256 "-" "Mozilla/5.0 (compatible; bingbot/2.0; +http://www.bing.com/bingbot.htm)"
141.8.147.12 - - [01/May/2014:13:48:20 +0200] "GET /robots.txt HTTP/1.1" 404 1256 "-" "Mozilla/5.0 (compatible; YandexBot/3.0; +http://yandex.com/bots)"
66.249.78.114 - - [01/May/2014:13:49:34 +0200] "GET /adblue.php HTTP/1.1" 200 23024 "-" "Mozilla/5.0 (compatible; Googlebot/2.1; +http://www.google.com/bot.html)"
66.249.78.114 - - [01/May/2014:13:54:45 +0200] "GET /video/player.swf?netstreambasepath=http%3A%2F%2Fwww.schmierstoffeberlin.de%2F&id=container&file=%2Fvideo%2FMobil_SHC_de.flv&image=video%2Fstandbild.jpg&controlbar.position=over HTTP/1.1" 304 - "-" "Googlebot-Video/1.0"
66.249.78.160 - - [01/May/2014:13:56:05 +0200] "GET /robots.txt HTTP/1.1" 404 1256 "-" "Mozilla/5.0 (compatible; Googlebot/2.1; +http://www.google.com/bot.html)"
66.249.78.160 - - [01/May/2014:13:56:06 +0200] "GET /video/player.swf?netstreambasepath=http%3A%2F%2Fwww.essoschmierstoffe.de%2Findex.php&id=container&file=%2Fvideo%2FMobil_SHC_de.flv&image=video%2Fstandbild.jpg&controlbar.position=over HTTP/1.1" 304 - "-" "Googlebot-Video/1.0"
141.8.147.12 - - [01/May/2014:13:57:17 +0200] "GET /lexikon.php?cs_go=3&cs_id=52 HTTP/1.1" 200 19790 "-" "Mozilla/5.0 (compatible; YandexBot/3.0; +http://yandex.com/bots)"
66.249.78.86 - - [01/May/2014:14:00:55 +0200] "GET /news.php?cs_go=archiv&cs_id=3828 HTTP/1.1" 200 20622 "-" "Mozilla/5.0 (iPhone; CPU iPhone OS 6_0 like Mac OS X) AppleWebKit/536.26 (KHTML, like Gecko) Version/6.0 Mobile/10A5376e Safari/8536.25 (compatible; Googlebot/2.1; +http://www.google.com/bot.html)"
141.8.147.12 - - [01/May/2014:14:06:15 +0200] "GET /news.php?cs_go=archiv&cs_id=4647&cs_search= HTTP/1.1" 200 21133 "-" "Mozilla/5.0 (compatible; YandexBot/3.0; +http://yandex.com/bots)"
123.125.71.38 - - [01/May/2014:14:07:27 +0200] "GET / HTTP/1.1" 200 14971 "-" "Mozilla/5.0 (compatible; Baiduspider/2.0; +http://www.baidu.com/search/spider.html)"
220.181.108.84 - - [01/May/2014:14:07:45 +0200] "GET / HTTP/1.1" 200 14971 "-" "Mozilla/5.0 (compatible; Baiduspider/2.0; +http://www.baidu.com/search/spider.html)"
66.249.78.91 - - [01/May/2014:14:10:03 +0200] "GET /news.php?cs_go=archiv&cs_id=4171&cs_search= HTTP/1.1" 200 22201 "-" "Mozilla/5.0 (compatible; Googlebot/2.1; +http://www.google.com/bot.html)"
208.115.113.88 - - [01/May/2014:14:10:23 +0200] "GET /robots.txt HTTP/1.1" 404 1256 "-" "Mozilla/5.0 (compatible; DotBot/1.1; http://www.opensiteexplorer.org/dotbot, help@moz.com)"
141.8.147.12 - - [01/May/2014:14:15:13 +0200] "GET /news.php?cs_go=archiv&cs_id=4587&cs_search= HTTP/1.1" 200 23079 "-" "Mozilla/5.0 (compatible; YandexBot/3.0; +http://yandex.com/bots)"
157.55.33.97 - - [01/May/2014:14:17:34 +0200] "GET / HTTP/1.1" 200 23306 "-" "Mozilla/5.0 (compatible; bingbot/2.0; +http://www.bing.com/bingbot.htm)"
141.8.147.12 - - [01/May/2014:14:24:11 +0200] "GET /news.php?cs_go=archiv&cs_startpos=170 HTTP/1.1" 200 34160 "-" "Mozilla/5.0 (compatible; YandexBot/3.0; +http://yandex.com/bots)"
66.249.78.200 - - [01/May/2014:14:24:41 +0200] "GET /news.php?cs_go=archiv&cs_id=4631&cs_search= HTTP/1.1" 200 20670 "-" "Mozilla/5.0 (compatible; Googlebot/2.1; +http://www.google.com/bot.html)"
141.8.147.12 - - [01/May/2014:14:27:09 +0200] "GET /lexikon.php?cs_go=3&cs_id=45 HTTP/1.1" 200 19033 "-" "Mozilla/5.0 (compatible; YandexBot/3.0; +http://yandex.com/bots)"
66.249.78.200 - - [01/May/2014:14:27:37 +0200] "GET /news.php?cs_go=archiv&cs_id=4814&cs_search= HTTP/1.1" 200 21407 "-" "Mozilla/5.0 (compatible; Googlebot/2.1; +http://www.google.com/bot.html)"
66.249.78.90 - - [01/May/2014:14:30:32 +0200] "GET /robots.txt HTTP/1.1" 404 1256 "-" "Mozilla/5.0 (compatible; Googlebot/2.1; +http://www.google.com/bot.html)"
66.249.75.215 - - [01/May/2014:14:30:32 +0200] "GET /lexikon.php?cs_go=3&cs_id=136 HTTP/1.1" 200 19025 "-" "Mozilla/5.0 (compatible; Googlebot/2.1; +http://www.google.com/bot.html)"
141.8.147.12 - - [01/May/2014:14:35:23 +0200] "GET /news.php?cs_go=archiv&cs_startpos=210 HTTP/1.1" 200 19648 "-" "Mozilla/5.0 (compatible; YandexBot/3.0; +http://yandex.com/bots)"
54.228.26.64 - - [01/May/2014:14:35:55 +0200] "GET /administrator/ HTTP/1.1" 404 1256 "-" "Mozilla/5.0 (Unknown; Linux x86_64) AppleWebKit/534.34 (KHTML, like Gecko) PhantomJS/1.9.7 Safari/534.34"
54.228.26.64 - - [01/May/2014:14:35:55 +0200] "GET /README.txt HTTP/1.1" 404 1256 "-" "Mozilla/5.0 (Unknown; Linux x86_64) AppleWebKit/534.34 (KHTML, like Gecko) PhantomJS/1.9.7 Safari/534.34"
54.228.26.64 - - [01/May/2014:14:35:56 +0200] "GET /style.css HTTP/1.1" 200 8056 "http://www.energie-service-berlin.de/" "Mozilla/5.0 (Unknown; Linux x86_64) AppleWebKit/534.34 (KHTML, like Gecko) PhantomJS/1.9.7 Safari/534.34"
54.228.26.64 - - [01/May/2014:14:35:56 +0200] "GET /js/ddaccordion.js HTTP/1.1" 200 12534 "http://www.energie-service-berlin.de/" "Mozilla/5.0 (Unknown; Linux x86_64) AppleWebKit/534.34 (KHTML, like Gecko) PhantomJS/1.9.7 Safari/534.34"
54.228.26.64 - - [01/May/2014:14:35:56 +0200] "GET /js/slider.js HTTP/1.1" 200 773 "http://www.energie-service-berlin.de/" "Mozilla/5.0 (Unknown; Linux x86_64) AppleWebKit/534.34 (KHTML, like Gecko) PhantomJS/1.9.7 Safari/534.34"
54.228.26.64 - - [01/May/2014:14:35:56 +0200] "GET /style.css HTTP/1.1" 200 8056 "http://www.energie-service-berlin.de/" "Mozilla/5.0 (Unknown; Linux x86_64) AppleWebKit/534.34 (KHTML, like Gecko) PhantomJS/1.9.7 Safari/534.34"
54.228.26.64 - - [01/May/2014:14:35:56 +0200] "GET /Scripts/AC_ActiveX.js HTTP/1.1" 200 2068 "http://www.energie-service-berlin.de/" "Mozilla/5.0 (Unknown; Linux x86_64) AppleWebKit/534.34 (KHTML, like Gecko) PhantomJS/1.9.7 Safari/534.34"
54.228.26.64 - - [01/May/2014:14:35:56 +0200] "GET /Scripts/AC_RunActiveContent.js HTTP/1.1" 200 8029 "http://www.energie-service-berlin.de/" "Mozilla/5.0 (Unknown; Linux x86_64) AppleWebKit/534.34 (KHTML, like Gecko) PhantomJS/1.9.7 Safari/534.34"
54.228.26.64 - - [01/May/2014:14:35:56 +0200] "GET /modul.css HTTP/1.1" 200 36485 "http://www.energie-service-berlin.de/" "Mozilla/5.0 (Unknown; Linux x86_64) AppleWebKit/534.34 (KHTML, like Gecko) PhantomJS/1.9.7 Safari/534.34"
54.228.26.64 - - [01/May/2014:14:35:56 +0200] "GET /js/jquery.min.js HTTP/1.1" 200 57254 "http://www.energie-service-berlin.de/" "Mozilla/5.0 (Unknown; Linux x86_64) AppleWebKit/534.34 (KHTML, like Gecko) PhantomJS/1.9.7 Safari/534.34"
54.228.26.64 - - [01/May/2014:14:35:56 +0200] "GET /modul.css HTTP/1.1" 200 36485 "http://www.energie-service-berlin.de/" "Mozilla/5.0 (Unknown; Linux x86_64) AppleWebKit/534.34 (KHTML, like Gecko) PhantomJS/1.9.7 Safari/534.34"
54.228.26.64 - - [01/May/2014:14:35:56 +0200] "GET /Scripts/AC_ActiveX.js HTTP/1.1" 200 2068 "http://www.energie-service-berlin.de/" "Mozilla/5.0 (Unknown; Linux x86_64) AppleWebKit/534.34 (KHTML, like Gecko) PhantomJS/1.9.7 Safari/534.34"
54.228.26.64 - - [01/May/2014:14:35:56 +0200] "GET /Scripts/AC_RunActiveContent.js HTTP/1.1" 200 8029 "http://www.energie-service-berlin.de/" "Mozilla/5.0 (Unknown; Linux x86_64) AppleWebKit/534.34 (KHTML, like Gecko) PhantomJS/1.9.7 Safari/534.34"
