64.246.165.10 - - [03/May/2014:21:58:32 +0200] "GET /robots.txt HTTP/1.0" 404 1256 "-" "Mozilla/5.0 (Windows; U; Windows NT 5.1; en; rv:1.9.0.13) Gecko/2009073022 Firefox/3.5.2 (.NET CLR 3.5.30729) SurveyBot/2.3 (DomainTools)"
64.246.165.10 - - [03/May/2014:21:58:32 +0200] "GET / HTTP/1.1" 200 23409 "http://whois.domaintools.com/optiplusberlin.de" "Mozilla/5.0 (Windows; U; Windows NT 5.1; en; rv:1.9.0.13) Gecko/2009073022 Firefox/3.5.2 (.NET CLR 3.5.30729) SurveyBot/2.3 (DomainTools)"
120.37.230.129 - - [03/May/2014:21:59:29 +0200] "GET /news.php?cs_go=archiv&cs_id=4269 HTTP/1.0" 200 22471 "http://www.esso-berlin.de/news.php?cs_go=archiv&cs_id=4269" "Mozilla/5.0 (Windows NT 6.1; WOW64) AppleWebKit/537.36 (KHTML, like Gecko) Chrome/30.0.1599.13014 YaBrowser/13.12.1599.13014 Safari/537.36"
66.249.65.71 - - [03/May/2014:22:02:55 +0200] "GET /news.php?cs_go=archiv&cs_id=2990 HTTP/1.1" 200 24517 "-" "Mozilla/5.0 (compatible; Googlebot/2.1; +http://www.google.com/bot.html)"
66.249.65.10 - - [03/May/2014:22:10:11 +0200] "GET /lexikon.php?cs_go=3&cs_id=152 HTTP/1.1" 200 19718 "-" "Mozilla/5.0 (compatible; Googlebot/2.1; +http://www.google.com/bot.html)"
123.125.71.19 - - [03/May/2014:22:12:08 +0200] "GET / HTTP/1.1" 200 10637 "-" "Mozilla/5.0 (compatible; Baiduspider/2.0; +http://www.baidu.com/search/spider.html)"
37.58.100.178 - - [03/May/2014:22:12:26 +0200] "GET /news.php?cs_go=archiv&cs_id=4870&cs_search= HTTP/1.1" 200 20768 "-" "Mozilla/5.0 (compatible; AhrefsBot/5.0; +http://ahrefs.com/robot/)"
220.181.108.93 - - [03/May/2014:22:13:25 +0200] "GET / HTTP/1.1" 200 15074 "-" "Mozilla/5.0 (compatible; Baiduspider/2.0; +http://www.baidu.com/search/spider.html)"
66.249.65.202 - - [03/May/2014:22:13:49 +0200] "GET /news.php?cs_go=archiv&cs_id=4840&cs_search= HTTP/1.1" 200 24361 "-" "Mozilla/5.0 (compatible; Googlebot/2.1; +http://www.google.com/bot.html)"
120.37.230.129 - - [03/May/2014:22:18:10 +0200] "GET /news.php?cs_go=archiv&cs_id=4269 HTTP/1.0" 200 22471 "http://www.e-s-s-o-berlin.de/news.php?cs_go=archiv&cs_id=4269" "Mozilla/5.0 (Windows NT 6.2; WOW64) AppleWebKit/537.36 (KHTML, like Gecko) Chrome/32.0.1700.76 Safari/537.36"
66.249.65.202 - - [03/May/2014:22:21:06 +0200] "GET /news.php?cs_go=archiv&cs_id=4923 HTTP/1.1" 200 20593 "-" "Mozilla/5.0 (compatible; Googlebot/2.1; +http://www.google.com/bot.html)"
37.58.100.231 - - [03/May/2014:22:24:55 +0200] "GET /news.php?cs_go=archiv&cs_id=4825&cs_search= HTTP/1.1" 200 24273 "-" "Mozilla/5.0 (compatible; AhrefsBot/5.0; +http://ahrefs.com/robot/)"
141.8.147.12 - - [03/May/2014:22:27:00 +0200] "GET /news.php?cs_go=archiv&cs_id=4917 HTTP/1.1" 200 20844 "-" "Mozilla/5.0 (compatible; YandexBot/3.0; +http://yandex.com/bots)"
157.56.229.245 - - [03/May/2014:22:33:18 +0200] "GET /robots.txt HTTP/1.1" 404 1256 "-" "Mozilla/5.0 (compatible; bingbot/2.0; +http://www.bing.com/bingbot.htm)"
157.56.229.245 - - [03/May/2014:22:33:24 +0200] "GET /news.php?cs_go=archiv&cs_id=4812 HTTP/1.1" 200 11682 "-" "Mozilla/5.0 (compatible; bingbot/2.0; +http://www.bing.com/bingbot.htm)"
141.8.147.12 - - [03/May/2014:22:38:15 +0200] "GET /jobs.php HTTP/1.1" 200 19000 "-" "Mozilla/5.0 (compatible; YandexBot/3.0; +http://yandex.com/bots)"
66.249.65.39 - - [03/May/2014:22:39:16 +0200] "GET /news.php?cs_go=archiv&cs_id=3139 HTTP/1.1" 200 25062 "-" "Mozilla/5.0 (compatible; Googlebot/2.1; +http://www.google.com/bot.html)"
157.55.32.237 - - [03/May/2014:22:40:15 +0200] "GET /robots.txt HTTP/1.1" 404 1256 "-" "Mozilla/5.0 (compatible; bingbot/2.0; +http://www.bing.com/bingbot.htm)"
157.55.32.237 - - [03/May/2014:22:40:16 +0200] "GET / HTTP/1.1" 200 23409 "-" "Mozilla/5.0 (compatible; bingbot/2.0; +http://www.bing.com/bingbot.htm)"
37.58.100.234 - - [03/May/2014:22:43:07 +0200] "GET /robots.txt HTTP/1.1" 404 1256 "-" "Mozilla/5.0 (compatible; AhrefsBot/5.0; +http://ahrefs.com/robot/)"
84.38.65.176 - - [03/May/2014:22:43:07 +0200] "GET / HTTP/1.1" 200 10637 "http://www.sumaja.de/" "Mozilla/5.0 (Macintosh; U; Intel Mac OS X 10.6; de-DE; rv:1.9.2.8) Gecko/20100722 Firefox/3.6.8"
85.25.202.18 - - [03/May/2014:22:43:07 +0200] "GET / HTTP/1.0" 200 23409 "-" "-"
85.25.202.18 - - [03/May/2014:22:43:08 +0200] "GET / HTTP/1.0" 200 10649 "-" "-"
178.255.215.66 - - [03/May/2014:22:46:53 +0200] "GET /robots.txt HTTP/1.1" 404 1256 "-" "Mozilla/5.0 (compatible; Exabot/3.0; +http://www.exabot.com/go/robot)"
178.255.215.66 - - [03/May/2014:22:46:53 +0200] "GET /tankreinigung.php HTTP/1.1" 200 22389 "-" "Mozilla/5.0 (compatible; Exabot/3.0; +http://www.exabot.com/go/robot)"
66.249.65.24 - - [03/May/2014:22:50:11 +0200] "GET /robots.txt HTTP/1.1" 404 1256 "-" "Mozilla/5.0 (compatible; Googlebot/2.1; +http://www.google.com/bot.html)"
66.249.65.88 - - [03/May/2014:22:50:11 +0200] "GET /news.php?cs_go=archiv&cs_id=4377&cs_search= HTTP/1.1" 200 22251 "-" "Mozilla/5.0 (compatible; Googlebot/2.1; +http://www.google.com/bot.html)"
208.115.113.85 - - [03/May/2014:22:50:58 +0200] "GET /diesel.php HTTP/1.1" 200 22417 "-" "Mozilla/5.0 (compatible; DotBot/1.1; http://www.opensiteexplorer.org/dotbot, help@moz.com)"
157.55.32.162 - - [03/May/2014:22:52:22 +0200] "GET / HTTP/1.1" 200 23409 "-" "Mozilla/5.0 (compatible; bingbot/2.0; +http://www.bing.com/bingbot.htm)"
199.30.25.155 - - [03/May/2014:22:52:24 +0200] "GET /style.css HTTP/1.1" 200 8056 "http://www.energie-service-berlin.de/" "Mozilla/5.0 (Windows NT 6.1; WOW64) AppleWebKit/534+ (KHTML, like Gecko) BingPreview/1.0b"
199.30.25.155 - - [03/May/2014:22:52:24 +0200] "GET /modul.css HTTP/1.1" 200 36485 "http://www.energie-service-berlin.de/" "Mozilla/5.0 (Windows NT 6.1; WOW64) AppleWebKit/534+ (KHTML, like Gecko) BingPreview/1.0b"
199.30.25.155 - - [03/May/2014:22:52:24 +0200] "GET /js/ddaccordion.js HTTP/1.1" 200 12534 "http://www.energie-service-berlin.de/" "Mozilla/5.0 (Windows NT 6.1; WOW64) AppleWebKit/534+ (KHTML, like Gecko) BingPreview/1.0b"
199.30.25.155 - - [03/May/2014:22:52:26 +0200] "GET /js/jquery.min.js HTTP/1.1" 200 57254 "http://www.energie-service-berlin.de/" "Mozilla/5.0 (Windows NT 6.1; WOW64) AppleWebKit/534+ (KHTML, like Gecko) BingPreview/1.0b"
199.30.25.155 - - [03/May/2014:22:52:27 +0200] "GET /js/slider.js HTTP/1.1" 200 773 "http://www.energie-service-berlin.de/" "Mozilla/5.0 (Windows NT 6.1; WOW64) AppleWebKit/534+ (KHTML, like Gecko) BingPreview/1.0b"
199.30.25.155 - - [03/May/2014:22:52:27 +0200] "GET /video/jwplayer.js HTTP/1.1" 200 132411 "http://www.energie-service-berlin.de/" "Mozilla/5.0 (Windows NT 6.1; WOW64) AppleWebKit/534+ (KHTML, like Gecko) BingPreview/1.0b"
199.30.25.155 - - [03/May/2014:22:52:31 +0200] "GET /Scripts/AC_ActiveX.js HTTP/1.1" 200 2068 "http://www.energie-service-berlin.de/" "Mozilla/5.0 (Windows NT 6.1; WOW64) AppleWebKit/534+ (KHTML, like Gecko) BingPreview/1.0b"
199.30.25.155 - - [03/May/2014:22:52:31 +0200] "GET /Scripts/AC_RunActiveContent.js HTTP/1.1" 200 8029 "http://www.energie-service-berlin.de/" "Mozilla/5.0 (Windows NT 6.1; WOW64) AppleWebKit/534+ (KHTML, like Gecko) BingPreview/1.0b"
199.30.25.155 - - [03/May/2014:22:52:32 +0200] "GET /images/logos.jpg HTTP/1.1" 200 1205 "http://www.energie-service-berlin.de/" "Mozilla/5.0 (Windows NT 6.1; WOW64) AppleWebKit/534+ (KHTML, like Gecko) BingPreview/1.0b"
199.30.25.155 - - [03/May/2014:22:52:32 +0200] "GET /images/content_bg.jpg HTTP/1.1" 200 437 "http://www.energie-service-berlin.de/" "Mozilla/5.0 (Windows NT 6.1; WOW64) AppleWebKit/534+ (KHTML, like Gecko) BingPreview/1.0b"
199.30.25.155 - - [03/May/2014:22:52:32 +0200] "GET /images/header.jpg HTTP/1.1" 200 23758 "http://www.energie-service-berlin.de/" "Mozilla/5.0 (Windows NT 6.1; WOW64) AppleWebKit/534+ (KHTML, like Gecko) BingPreview/1.0b"
199.30.25.155 - - [03/May/2014:22:52:32 +0200] "GET /images/teamtkw.jpg HTTP/1.1" 200 27919 "http://www.energie-service-berlin.de/" "Mozilla/5.0 (Windows NT 6.1; WOW64) AppleWebKit/534+ (KHTML, like Gecko) BingPreview/1.0b"
199.30.25.155 - - [03/May/2014:22:52:32 +0200] "GET /images/team-energie.png HTTP/1.1" 200 17383 "http://www.energie-service-berlin.de/" "Mozilla/5.0 (Windows NT 6.1; WOW64) AppleWebKit/534+ (KHTML, like Gecko) BingPreview/1.0b"
199.30.25.155 - - [03/May/2014:22:52:32 +0200] "GET /images/tankpool24.jpg HTTP/1.1" 200 6460 "http://www.energie-service-berlin.de/" "Mozilla/5.0 (Windows NT 6.1; WOW64) AppleWebKit/534+ (KHTML, like Gecko) BingPreview/1.0b"
199.30.25.155 - - [03/May/2014:22:52:33 +0200] "GET /images/newsletter.jpg HTTP/1.1" 200 13127 "http://www.energie-service-berlin.de/" "Mozilla/5.0 (Windows NT 6.1; WOW64) AppleWebKit/534+ (KHTML, like Gecko) BingPreview/1.0b"
199.30.25.155 - - [03/May/2014:22:52:33 +0200] "GET /images/iwo.jpg HTTP/1.1" 200 11024 "http://www.energie-service-berlin.de/" "Mozilla/5.0 (Windows NT 6.1; WOW64) AppleWebKit/534+ (KHTML, like Gecko) BingPreview/1.0b"
199.30.25.155 - - [03/May/2014:22:52:33 +0200] "GET /images/mobil.jpg HTTP/1.1" 200 25293 "http://www.energie-service-berlin.de/" "Mozilla/5.0 (Windows NT 6.1; WOW64) AppleWebKit/534+ (KHTML, like Gecko) BingPreview/1.0b"
199.30.25.155 - - [03/May/2014:22:52:34 +0200] "GET /images/email.png HTTP/1.1" 200 641 "http://www.energie-service-berlin.de/" "Mozilla/5.0 (Windows NT 6.1; WOW64) AppleWebKit/534+ (KHTML, like Gecko) BingPreview/1.0b"
199.30.25.155 - - [03/May/2014:22:52:34 +0200] "GET /images/telefon.png HTTP/1.1" 200 754 "http://www.energie-service-berlin.de/" "Mozilla/5.0 (Windows NT 6.1; WOW64) AppleWebKit/534+ (KHTML, like Gecko) BingPreview/1.0b"
199.30.25.155 - - [03/May/2014:22:52:34 +0200] "GET /images/baustelle.jpg HTTP/1.1" 200 17506 "http://www.energie-service-berlin.de/" "Mozilla/5.0 (Windows NT 6.1; WOW64) AppleWebKit/534+ (KHTML, like Gecko) BingPreview/1.0b"
199.30.25.155 - - [03/May/2014:22:52:34 +0200] "GET /images/heizoelbestellung.jpg HTTP/1.1" 200 6281 "http://www.energie-service-berlin.de/" "Mozilla/5.0 (Windows NT 6.1; WOW64) AppleWebKit/534+ (KHTML, like Gecko) BingPreview/1.0b"
199.30.25.155 - - [03/May/2014:22:52:34 +0200] "GET /images/wunschpreis.jpg HTTP/1.1" 200 5550 "http://www.energie-service-berlin.de/" "Mozilla/5.0 (Windows NT 6.1; WOW64) AppleWebKit/534+ (KHTML, like Gecko) BingPreview/1.0b"
199.30.25.155 - - [03/May/2014:22:52:35 +0200] "GET /images/freecall.png HTTP/1.1" 200 15914 "http://www.energie-service-berlin.de/" "Mozilla/5.0 (Windows NT 6.1; WOW64) AppleWebKit/534+ (KHTML, like Gecko) BingPreview/1.0b"
199.30.25.155 - - [03/May/2014:22:52:35 +0200] "GET /images/kwk.png HTTP/1.1" 200 15949 "http://www.energie-service-berlin.de/" "Mozilla/5.0 (Windows NT 6.1; WOW64) AppleWebKit/534+ (KHTML, like Gecko) BingPreview/1.0b"
199.30.25.155 - - [03/May/2014:22:52:35 +0200] "GET /images/adblue_neu.png HTTP/1.1" 200 30982 "http://www.energie-service-berlin.de/" "Mozilla/5.0 (Windows NT 6.1; WOW64) AppleWebKit/534+ (KHTML, like Gecko) BingPreview/1.0b"
199.30.25.155 - - [03/May/2014:22:52:35 +0200] "GET /images/ral.png HTTP/1.1" 200 25696 "http://www.energie-service-berlin.de/" "Mozilla/5.0 (Windows NT 6.1; WOW64) AppleWebKit/534+ (KHTML, like Gecko) BingPreview/1.0b"
199.30.25.155 - - [03/May/2014:22:52:35 +0200] "GET /images/Imagebroschuere_team_energie.png HTTP/1.1" 200 64117 "http://www.energie-service-berlin.de/" "Mozilla/5.0 (Windows NT 6.1; WOW64) AppleWebKit/534+ (KHTML, like Gecko) BingPreview/1.0b"
199.30.25.155 - - [03/May/2014:22:52:35 +0200] "GET /video/player.swf HTTP/1.1" 200 106407 "http://www.energie-service-berlin.de/video/player.swf" "Mozilla/5.0 (Windows NT 6.1; WOW64) AppleWebKit/534+ (KHTML, like Gecko) BingPreview/1.0b"
66.249.65.71 - - [03/May/2014:22:55:16 +0200] "GET /news.php?cs_go=archiv&cs_id=4206 HTTP/1.1" 200 24469 "-" "Mozilla/5.0 (iPhone; CPU iPhone OS 6_0 like Mac OS X) AppleWebKit/536.26 (KHTML, like Gecko) Version/6.0 Mobile/10A5376e Safari/8536.25 (compatible; Googlebot/2.1; +http://www.google.com/bot.html)"
66.249.65.57 - - [03/May/2014:22:57:27 +0200] "GET /news.php?cs_go=archiv&cs_id=4717&cs_search= HTTP/1.1" 200 20732 "-" "Mozilla/5.0 (compatible; Googlebot/2.1; +http://www.google.com/bot.html)"
157.55.33.16 - - [03/May/2014:22:58:00 +0200] "GET /news.php?cs_go=archiv&cs_id=4636 HTTP/1.1" 200 24802 "-" "Mozilla/5.0 (compatible; bingbot/2.0; +http://www.bing.com/bingbot.htm)"
66.249.65.57 - - [03/May/2014:23:01:06 +0200] "GET /preisentwicklung.php HTTP/1.1" 200 54088 "-" "Mozilla/5.0 (compatible; Googlebot/2.1; +http://www.google.com/bot.html)"
37.58.100.178 - - [03/May/2014:23:01:25 +0200] "GET /news.php?cs_go=archiv&cs_id=5037 HTTP/1.1" 200 20839 "-" "Mozilla/5.0 (compatible; AhrefsBot/5.0; +http://ahrefs.com/robot/)"
65.55.52.96 - - [03/May/2014:23:02:09 +0200] "GET /robots.txt HTTP/1.1" 404 1256 "-" "Mozilla/5.0 (compatible; bingbot/2.0; +http://www.bing.com/bingbot.htm)"
66.249.65.31 - - [03/May/2014:23:04:44 +0200] "GET /lexikon.php?cs_go=3&cs_id=119 HTTP/1.1" 200 19282 "-" "Mozilla/5.0 (compatible; Googlebot/2.1; +http://www.google.com/bot.html)"
66.249.65.71 - - [03/May/2014:23:04:58 +0200] "GET /modul.css HTTP/1.1" 200 36485 "-" "Mozilla/5.0 (compatible; Googlebot/2.1; +http://www.google.com/bot.html)"
66.249.65.25 - - [03/May/2014:23:05:09 +0200] "GET /modul.css HTTP/1.1" 200 36485 "-" "Mozilla/5.0 (compatible; Googlebot/2.1; +http://www.google.com/bot.html)"
66.249.65.89 - - [03/May/2014:23:05:10 +0200] "GET /style.css HTTP/1.1" 200 8056 "-" "Mozilla/5.0 (compatible; Googlebot/2.1; +http://www.google.com/bot.html)"
65.55.52.96 - - [03/May/2014:23:06:24 +0200] "GET /foerdermittel.php HTTP/1.1" 200 24406 "-" "Mozilla/5.0 (compatible; bingbot/2.0; +http://www.bing.com/bingbot.htm)"
188.40.126.72 - - [03/May/2014:23:08:25 +0200] "GET / HTTP/1.1" 200 23409 "-" "Opera/9.20 (Windows NT 5.1; U; de)"
188.40.126.72 - - [03/May/2014:23:08:26 +0200] "GET /robots.txt HTTP/1.1" 404 1256 "-" "libwww-perl/6.05"
188.40.126.72 - - [03/May/2014:23:08:26 +0200] "GET / HTTP/1.1" 200 23409 "-" "Opera/9.20 (Windows NT 5.1; U; de)"
188.40.126.72 - - [03/May/2014:23:08:26 +0200] "GET /news.php?cs_go=archiv&cs_id=5129 HTTP/1.1" 200 24051 "http://www.energie-service-berlin.de/" "Opera/9.20 (Windows NT 5.1; U; de)"
188.40.126.72 - - [03/May/2014:23:08:27 +0200] "GET /news.php?cs_go=archiv&cs_id=5137 HTTP/1.1" 200 20658 "http://www.energie-service-berlin.de/news.php?cs_go=archiv&cs_id=5129" "Opera/9.20 (Windows NT 5.1; U; de)"
188.40.126.72 - - [03/May/2014:23:08:28 +0200] "GET /notdienst.php HTTP/1.1" 200 19717 "http://www.energie-service-berlin.de/news.php?cs_go=archiv&cs_id=5137" "Opera/9.20 (Windows NT 5.1; U; de)"
188.40.126.72 - - [03/May/2014:23:08:28 +0200] "GET /adblue.php HTTP/1.1" 200 23127 "http://www.energie-service-berlin.de/notdienst.php" "Opera/9.20 (Windows NT 5.1; U; de)"
188.40.126.72 - - [03/May/2014:23:08:29 +0200] "GET /ofenbau.php HTTP/1.1" 200 22004 "http://www.energie-service-berlin.de/adblue.php" "Opera/9.20 (Windows NT 5.1; U; de)"
188.40.126.72 - - [03/May/2014:23:08:29 +0200] "GET /marktdaten.php HTTP/1.1" 200 19936 "http://www.energie-service-berlin.de/ofenbau.php" "Opera/9.20 (Windows NT 5.1; U; de)"
188.40.126.72 - - [03/May/2014:23:08:30 +0200] "GET /heizoel.php HTTP/1.1" 200 20999 "http://www.energie-service-berlin.de/marktdaten.php" "Opera/9.20 (Windows NT 5.1; U; de)"
188.40.126.72 - - [03/May/2014:23:08:30 +0200] "GET /index.php HTTP/1.1" 200 23409 "http://www.energie-service-berlin.de/heizoel.php" "Opera/9.20 (Windows NT 5.1; U; de)"
188.40.126.72 - - [03/May/2014:23:08:31 +0200] "GET /edl.php HTTP/1.1" 200 22495 "http://www.energie-service-berlin.de/index.php" "Opera/9.20 (Windows NT 5.1; U; de)"
188.40.126.72 - - [03/May/2014:23:08:32 +0200] "GET /jobs.php HTTP/1.1" 200 19000 "http://www.energie-service-berlin.de/edl.php" "Opera/9.20 (Windows NT 5.1; U; de)"
188.40.126.72 - - [03/May/2014:23:08:32 +0200] "GET /foerdermittel.php HTTP/1.1" 200 24406 "http://www.energie-service-berlin.de/jobs.php" "Opera/9.20 (Windows NT 5.1; U; de)"
188.40.126.72 - - [03/May/2014:23:08:33 +0200] "GET /tabmenu/md_kohle_b.php HTTP/1.1" 200 2958 "http://www.energie-service-berlin.de/foerdermittel.php" "Opera/9.20 (Windows NT 5.1; U; de)"
188.40.126.72 - - [03/May/2014:23:08:33 +0200] "GET /tankanlagen.php HTTP/1.1" 200 22937 "http://www.energie-service-berlin.de/tabmenu/md_kohle_b.php" "Opera/9.20 (Windows NT 5.1; U; de)"
188.40.126.72 - - [03/May/2014:23:08:34 +0200] "GET /brennwerttechnik.php HTTP/1.1" 200 22215 "http://www.energie-service-berlin.de/tankanlagen.php" "Opera/9.20 (Windows NT 5.1; U; de)"
188.40.126.72 - - [03/May/2014:23:08:35 +0200] "GET /kontakt.php HTTP/1.1" 200 20926 "http://www.energie-service-berlin.de/brennwerttechnik.php" "Opera/9.20 (Windows NT 5.1; U; de)"
188.40.126.72 - - [03/May/2014:23:08:35 +0200] "GET /images/RAL_Guetezeichen_Energiehandel.pdf HTTP/1.1" 200 538987 "http://www.energie-service-berlin.de/kontakt.php" "Opera/9.20 (Windows NT 5.1; U; de)"
188.40.126.72 - - [03/May/2014:23:08:35 +0200] "GET /ec.php HTTP/1.1" 200 20733 "http://www.energie-service-berlin.de/images/RAL_Guetezeichen_Energiehandel.pdf" "Opera/9.20 (Windows NT 5.1; U; de)"
188.40.126.72 - - [03/May/2014:23:08:36 +0200] "GET /faq.php HTTP/1.1" 200 238499 "http://www.energie-service-berlin.de/ec.php" "Opera/9.20 (Windows NT 5.1; U; de)"
188.40.126.72 - - [03/May/2014:23:08:37 +0200] "GET /waermekonto.php HTTP/1.1" 200 30901 "http://www.energie-service-berlin.de/faq.php" "Opera/9.20 (Windows NT 5.1; U; de)"
188.40.126.72 - - [03/May/2014:23:08:38 +0200] "GET /wunschpreis.php HTTP/1.1" 200 24967 "http://www.energie-service-berlin.de/waermekonto.php" "Opera/9.20 (Windows NT 5.1; U; de)"
188.40.126.72 - - [03/May/2014:23:08:39 +0200] "GET /impressum.php HTTP/1.1" 200 20220 "http://www.energie-service-berlin.de/wunschpreis.php" "Opera/9.20 (Windows NT 5.1; U; de)"
188.40.126.72 - - [03/May/2014:23:08:39 +0200] "GET /news.php?cs_go=archiv&cs_id=5128 HTTP/1.1" 200 20905 "http://www.energie-service-berlin.de/impressum.php" "Opera/9.20 (Windows NT 5.1; U; de)"
188.40.126.72 - - [03/May/2014:23:08:40 +0200] "GET /news.php HTTP/1.1" 200 33654 "http://www.energie-service-berlin.de/news.php?cs_go=archiv&cs_id=5128" "Opera/9.20 (Windows NT 5.1; U; de)"
188.40.126.72 - - [03/May/2014:23:08:41 +0200] "GET /news.php?cs_go=archiv&cs_startpos=200 HTTP/1.1" 200 26920 "http://www.energie-service-berlin.de/news.php" "Opera/9.20 (Windows NT 5.1; U; de)"
188.40.126.72 - - [03/May/2014:23:08:42 +0200] "GET /news.php?cs_go=archiv&cs_startpos=160 HTTP/1.1" 200 34423 "http://www.energie-service-berlin.de/news.php?cs_go=archiv&cs_startpos=200" "Opera/9.20 (Windows NT 5.1; U; de)"
188.40.126.72 - - [03/May/2014:23:08:42 +0200] "GET /news.php?cs_go=archiv&cs_search=&cs_id=4897 HTTP/1.1" 200 20475 "http://www.energie-service-berlin.de/news.php?cs_go=archiv&cs_startpos=160" "Opera/9.20 (Windows NT 5.1; U; de)"
188.40.126.72 - - [03/May/2014:23:08:43 +0200] "GET /news.php?cs_go=archiv&cs_startpos=170 HTTP/1.1" 200 34252 "http://www.energie-service-berlin.de/news.php?cs_go=archiv&cs_search=&cs_id=4897" "Opera/9.20 (Windows NT 5.1; U; de)"
188.40.126.72 - - [03/May/2014:23:08:44 +0200] "GET /news.php?cs_go=archiv&cs_search=&cs_id=4889 HTTP/1.1" 200 24196 "http://www.energie-service-berlin.de/news.php?cs_go=archiv&cs_startpos=170" "Opera/9.20 (Windows NT 5.1; U; de)"
188.40.126.72 - - [03/May/2014:23:08:45 +0200] "GET /news.php?cs_go=archiv&cs_search=&cs_id=5123 HTTP/1.1" 200 24348 "http://www.energie-service-berlin.de/news.php?cs_go=archiv&cs_search=&cs_id=4889" "Opera/9.20 (Windows NT 5.1; U; de)"
188.40.126.72 - - [03/May/2014:23:08:45 +0200] "GET /news.php?cs_go=archiv&cs_startpos=110 HTTP/1.1" 200 34450 "http://www.energie-service-berlin.de/news.php?cs_go=archiv&cs_search=&cs_id=5123" "Opera/9.20 (Windows NT 5.1; U; de)"
188.40.126.72 - - [03/May/2014:23:08:46 +0200] "GET /news.php?cs_go=archiv&cs_search=&cs_id=5004 HTTP/1.1" 200 20100 "http://www.energie-service-berlin.de/news.php?cs_go=archiv&cs_startpos=110" "Opera/9.20 (Windows NT 5.1; U; de)"
188.40.126.72 - - [03/May/2014:23:08:47 +0200] "GET /news.php?cs_go=archiv&cs_search=&cs_id=5008 HTTP/1.1" 200 22406 "http://www.energie-service-berlin.de/news.php?cs_go=archiv&cs_search=&cs_id=5004" "Opera/9.20 (Windows NT 5.1; U; de)"
188.40.126.72 - - [03/May/2014:23:08:47 +0200] "GET /news.php?cs_go=archiv&cs_search=&cs_id=4901 HTTP/1.1" 200 24320 "http://www.energie-service-berlin.de/news.php?cs_go=archiv&cs_search=&cs_id=5008" "Opera/9.20 (Windows NT 5.1; U; de)"
188.40.126.72 - - [03/May/2014:23:08:48 +0200] "GET /news.php?cs_go=archiv&cs_search=&cs_id=4881 HTTP/1.1" 200 21057 "http://www.energie-service-berlin.de/news.php?cs_go=archiv&cs_search=&cs_id=4901" "Opera/9.20 (Windows NT 5.1; U; de)"
188.40.126.72 - - [03/May/2014:23:08:49 +0200] "GET /news.php?cs_go=archiv&cs_startpos=0 HTTP/1.1" 200 33654 "http://www.energie-service-berlin.de/news.php?cs_go=archiv&cs_search=&cs_id=4881" "Opera/9.20 (Windows NT 5.1; U; de)"
188.40.126.72 - - [03/May/2014:23:08:50 +0200] "GET /news.php?cs_go=archiv&cs_startpos=40 HTTP/1.1" 200 34531 "http://www.energie-service-berlin.de/news.php?cs_go=archiv&cs_startpos=0" "Opera/9.20 (Windows NT 5.1; U; de)"
188.40.126.72 - - [03/May/2014:23:08:51 +0200] "GET /news.php?cs_go=archiv&cs_search=&cs_id=5083 HTTP/1.1" 200 21090 "http://www.energie-service-berlin.de/news.php?cs_go=archiv&cs_startpos=40" "Opera/9.20 (Windows NT 5.1; U; de)"
188.40.126.72 - - [03/May/2014:23:08:51 +0200] "GET /news.php?cs_go=archiv&cs_search=&cs_id=5082 HTTP/1.1" 200 20479 "http://www.energie-service-berlin.de/news.php?cs_go=archiv&cs_search=&cs_id=5083" "Opera/9.20 (Windows NT 5.1; U; de)"
188.40.126.72 - - [03/May/2014:23:08:52 +0200] "GET /news.php?cs_go=archiv&cs_startpos=100 HTTP/1.1" 200 34543 "http://www.energie-service-berlin.de/news.php?cs_go=archiv&cs_search=&cs_id=5082" "Opera/9.20 (Windows NT 5.1; U; de)"
188.40.126.72 - - [03/May/2014:23:08:53 +0200] "GET /news.php?cs_go=archiv&cs_search=&cs_id=5016 HTTP/1.1" 200 24254 "http://www.energie-service-berlin.de/news.php?cs_go=archiv&cs_startpos=100" "Opera/9.20 (Windows NT 5.1; U; de)"
188.40.126.72 - - [03/May/2014:23:08:53 +0200] "GET /news.php?cs_go=archiv&cs_search=&cs_id=5018 HTTP/1.1" 200 20608 "http://www.energie-service-berlin.de/news.php?cs_go=archiv&cs_search=&cs_id=5016" "Opera/9.20 (Windows NT 5.1; U; de)"
188.40.126.72 - - [03/May/2014:23:08:54 +0200] "GET /news.php?cs_go=archiv&cs_startpos=60 HTTP/1.1" 200 34714 "http://www.energie-service-berlin.de/news.php?cs_go=archiv&cs_search=&cs_id=5018" "Opera/9.20 (Windows NT 5.1; U; de)"
188.40.126.72 - - [03/May/2014:23:08:55 +0200] "GET /news.php?cs_go=archiv&cs_search=&cs_id=4890 HTTP/1.1" 200 20429 "http://www.energie-service-berlin.de/news.php?cs_go=archiv&cs_startpos=60" "Opera/9.20 (Windows NT 5.1; U; de)"
188.40.126.72 - - [03/May/2014:23:08:55 +0200] "GET /news.php?cs_go=archiv&cs_search=&cs_id=4888 HTTP/1.1" 200 24272 "http://www.energie-service-berlin.de/news.php?cs_go=archiv&cs_search=&cs_id=4890" "Opera/9.20 (Windows NT 5.1; U; de)"
188.40.126.72 - - [03/May/2014:23:08:56 +0200] "GET /news.php?cs_go=archiv&cs_search=&cs_id=4886 HTTP/1.1" 200 20549 "http://www.energie-service-berlin.de/news.php?cs_go=archiv&cs_search=&cs_id=4888" "Opera/9.20 (Windows NT 5.1; U; de)"
188.40.126.72 - - [03/May/2014:23:08:57 +0200] "GET /news.php?cs_go=archiv&cs_search=&cs_id=5000 HTTP/1.1" 200 20507 "http://www.energie-service-berlin.de/news.php?cs_go=archiv&cs_search=&cs_id=4886" "Opera/9.20 (Windows NT 5.1; U; de)"
188.40.126.72 - - [03/May/2014:23:08:57 +0200] "GET /news.php?cs_go=archiv&cs_search=&cs_id=4824 HTTP/1.1" 200 22991 "http://www.energie-service-berlin.de/news.php?cs_go=archiv&cs_search=&cs_id=5000" "Opera/9.20 (Windows NT 5.1; U; de)"
188.40.126.72 - - [03/May/2014:23:08:58 +0200] "GET /ansprechpartner.php HTTP/1.1" 200 21529 "http://www.energie-service-berlin.de/news.php?cs_go=archiv&cs_search=&cs_id=4824" "Opera/9.20 (Windows NT 5.1; U; de)"
188.40.126.72 - - [03/May/2014:23:08:58 +0200] "GET /news.php?cs_go=archiv&cs_search=&cs_id=5061 HTTP/1.1" 200 20558 "http://www.energie-service-berlin.de/ansprechpartner.php" "Opera/9.20 (Windows NT 5.1; U; de)"
188.40.126.72 - - [03/May/2014:23:08:59 +0200] "GET /news.php?cs_go=archiv&cs_search=&cs_id=5085 HTTP/1.1" 200 20247 "http://www.energie-service-berlin.de/news.php?cs_go=archiv&cs_search=&cs_id=5061" "Opera/9.20 (Windows NT 5.1; U; de)"
188.40.126.72 - - [03/May/2014:23:09:00 +0200] "GET /news.php?cs_go=archiv&cs_startpos=10 HTTP/1.1" 200 34097 "http://www.energie-service-berlin.de/news.php?cs_go=archiv&cs_search=&cs_id=5085" "Opera/9.20 (Windows NT 5.1; U; de)"
188.40.126.72 - - [03/May/2014:23:09:02 +0200] "GET /news.php?cs_go=archiv&cs_search=&cs_id=5113 HTTP/1.1" 200 22623 "http://www.energie-service-berlin.de/news.php?cs_go=archiv&cs_startpos=10" "Opera/9.20 (Windows NT 5.1; U; de)"
188.40.126.72 - - [03/May/2014:23:09:03 +0200] "GET /news.php?cs_go=archiv&cs_search=&cs_id=5116 HTTP/1.1" 200 21084 "http://www.energie-service-berlin.de/news.php?cs_go=archiv&cs_search=&cs_id=5113" "Opera/9.20 (Windows NT 5.1; U; de)"
188.40.126.72 - - [03/May/2014:23:09:03 +0200] "GET /lexikon.php HTTP/1.1" 200 21691 "http://www.energie-service-berlin.de/news.php?cs_go=archiv&cs_search=&cs_id=5116" "Opera/9.20 (Windows NT 5.1; U; de)"
188.40.126.72 - - [03/May/2014:23:09:04 +0200] "GET /lexikon.php?cs_go=2&cs_char=i HTTP/1.1" 200 19542 "http://www.energie-service-berlin.de/lexikon.php" "Opera/9.20 (Windows NT 5.1; U; de)"
188.40.126.72 - - [03/May/2014:23:09:05 +0200] "GET /lexikon.php?cs_go=2&cs_char=k HTTP/1.1" 200 21019 "http://www.energie-service-berlin.de/lexikon.php?cs_go=2&cs_char=i" "Opera/9.20 (Windows NT 5.1; U; de)"
188.40.126.72 - - [03/May/2014:23:09:05 +0200] "GET /lexikon.php?cs_go=3&cs_id=108 HTTP/1.1" 200 20756 "http://www.energie-service-berlin.de/lexikon.php?cs_go=2&cs_char=k" "Opera/9.20 (Windows NT 5.1; U; de)"
188.40.126.72 - - [03/May/2014:23:09:06 +0200] "GET /lexikon.php?cs_go=3&cs_id=111 HTTP/1.1" 200 19197 "http://www.energie-service-berlin.de/lexikon.php?cs_go=3&cs_id=108" "Opera/9.20 (Windows NT 5.1; U; de)"
188.40.126.72 - - [03/May/2014:23:09:07 +0200] "GET /lexikon.php?cs_go=2&cs_char=w HTTP/1.1" 200 19727 "http://www.energie-service-berlin.de/lexikon.php?cs_go=3&cs_id=111" "Opera/9.20 (Windows NT 5.1; U; de)"
188.40.126.72 - - [03/May/2014:23:09:07 +0200] "GET /lexikon.php?cs_go=3&cs_id=226 HTTP/1.1" 200 19893 "http://www.energie-service-berlin.de/lexikon.php?cs_go=2&cs_char=w" "Opera/9.20 (Windows NT 5.1; U; de)"
188.40.126.72 - - [03/May/2014:23:09:08 +0200] "GET /lexikon.php?cs_go=2&cs_char=e HTTP/1.1" 200 20219 "http://www.energie-service-berlin.de/lexikon.php?cs_go=3&cs_id=226" "Opera/9.20 (Windows NT 5.1; U; de)"
188.40.126.72 - - [03/May/2014:23:09:08 +0200] "GET /lexikon.php?cs_go=3&cs_id=58 HTTP/1.1" 200 21971 "http://www.energie-service-berlin.de/lexikon.php?cs_go=2&cs_char=e" "Opera/9.20 (Windows NT 5.1; U; de)"
188.40.126.72 - - [03/May/2014:23:09:09 +0200] "GET /lexikon.php?cs_go=3&cs_id=59 HTTP/1.1" 200 19849 "http://www.energie-service-berlin.de/lexikon.php?cs_go=3&cs_id=58" "Opera/9.20 (Windows NT 5.1; U; de)"
188.40.126.72 - - [03/May/2014:23:09:10 +0200] "GET /lexikon.php?cs_go=3&cs_id=115 HTTP/1.1" 200 20722 "http://www.energie-service-berlin.de/lexikon.php?cs_go=3&cs_id=59" "Opera/9.20 (Windows NT 5.1; U; de)"
188.40.126.72 - - [03/May/2014:23:09:10 +0200] "GET /lexikon.php?cs_go=3&cs_id=229 HTTP/1.1" 200 19136 "http://www.energie-service-berlin.de/lexikon.php?cs_go=3&cs_id=115" "Opera/9.20 (Windows NT 5.1; U; de)"
188.40.126.72 - - [03/May/2014:23:09:11 +0200] "GET /lexikon.php?cs_go=3&cs_id=225 HTTP/1.1" 200 19356 "http://www.energie-service-berlin.de/lexikon.php?cs_go=3&cs_id=229" "Opera/9.20 (Windows NT 5.1; U; de)"
188.40.126.72 - - [03/May/2014:23:09:11 +0200] "GET /lexikon.php?cs_go=3&cs_id=62 HTTP/1.1" 200 19708 "http://www.energie-service-berlin.de/lexikon.php?cs_go=3&cs_id=225" "Opera/9.20 (Windows NT 5.1; U; de)"
188.40.126.72 - - [03/May/2014:23:09:12 +0200] "GET /lexikon.php?cs_go=2&cs_char=a HTTP/1.1" 200 20943 "http://www.energie-service-berlin.de/lexikon.php?cs_go=3&cs_id=62" "Opera/9.20 (Windows NT 5.1; U; de)"
188.40.126.72 - - [03/May/2014:23:09:13 +0200] "GET /lexikon.php?cs_go=3&cs_id=7 HTTP/1.1" 200 19671 "http://www.energie-service-berlin.de/lexikon.php?cs_go=2&cs_char=a" "Opera/9.20 (Windows NT 5.1; U; de)"
188.40.126.72 - - [03/May/2014:23:09:13 +0200] "GET /lexikon.php?cs_go=3&cs_id=14 HTTP/1.1" 200 19722 "http://www.energie-service-berlin.de/lexikon.php?cs_go=3&cs_id=7" "Opera/9.20 (Windows NT 5.1; U; de)"
188.40.126.72 - - [03/May/2014:23:09:14 +0200] "GET /news.php?cs_go=archiv&cs_search=&cs_id=5062 HTTP/1.1" 200 20867 "http://www.energie-service-berlin.de/lexikon.php?cs_go=3&cs_id=14" "Opera/9.20 (Windows NT 5.1; U; de)"
188.40.126.72 - - [03/May/2014:23:09:15 +0200] "GET /news.php?cs_go=archiv&cs_search=&cs_id=4893 HTTP/1.1" 200 24698 "http://www.energie-service-berlin.de/news.php?cs_go=archiv&cs_search=&cs_id=5062" "Opera/9.20 (Windows NT 5.1; U; de)"
188.40.126.72 - - [03/May/2014:23:09:15 +0200] "GET /news.php?cs_go=archiv&cs_startpos=30 HTTP/1.1" 200 34202 "http://www.energie-service-berlin.de/news.php?cs_go=archiv&cs_search=&cs_id=4893" "Opera/9.20 (Windows NT 5.1; U; de)"
188.40.126.72 - - [03/May/2014:23:09:16 +0200] "GET /news.php?cs_go=archiv&cs_search=&cs_id=5096 HTTP/1.1" 200 21153 "http://www.energie-service-berlin.de/news.php?cs_go=archiv&cs_startpos=30" "Opera/9.20 (Windows NT 5.1; U; de)"
188.40.126.72 - - [03/May/2014:23:09:17 +0200] "GET /news.php?cs_go=archiv&cs_search=&cs_id=5099 HTTP/1.1" 200 24518 "http://www.energie-service-berlin.de/news.php?cs_go=archiv&cs_search=&cs_id=5096" "Opera/9.20 (Windows NT 5.1; U; de)"
188.40.126.72 - - [03/May/2014:23:09:17 +0200] "GET /news.php?cs_go=archiv&cs_search=&cs_id=5006 HTTP/1.1" 200 24288 "http://www.energie-service-berlin.de/news.php?cs_go=archiv&cs_search=&cs_id=5099" "Opera/9.20 (Windows NT 5.1; U; de)"
188.40.126.72 - - [03/May/2014:23:09:18 +0200] "GET /news.php?cs_go=archiv&cs_startpos=180 HTTP/1.1" 200 34395 "http://www.energie-service-berlin.de/news.php?cs_go=archiv&cs_search=&cs_id=5006" "Opera/9.20 (Windows NT 5.1; U; de)"
188.40.126.72 - - [03/May/2014:23:09:19 +0200] "GET /news.php?cs_go=archiv&cs_search=&cs_id=4877 HTTP/1.1" 200 24443 "http://www.energie-service-berlin.de/news.php?cs_go=archiv&cs_startpos=180" "Opera/9.20 (Windows NT 5.1; U; de)"
188.40.126.72 - - [03/May/2014:23:09:19 +0200] "GET /news.php?cs_go=archiv&cs_startpos=130 HTTP/1.1" 200 34586 "http://www.energie-service-berlin.de/news.php?cs_go=archiv&cs_search=&cs_id=4877" "Opera/9.20 (Windows NT 5.1; U; de)"
188.40.126.72 - - [03/May/2014:23:09:20 +0200] "GET /news.php?cs_go=archiv&cs_search=&cs_id=4921 HTTP/1.1" 200 24228 "http://www.energie-service-berlin.de/news.php?cs_go=archiv&cs_startpos=130" "Opera/9.20 (Windows NT 5.1; U; de)"
188.40.126.72 - - [03/May/2014:23:09:21 +0200] "GET /news.php?cs_go=archiv&cs_search=&cs_id=4900 HTTP/1.1" 200 20430 "http://www.energie-service-berlin.de/news.php?cs_go=archiv&cs_search=&cs_id=4921" "Opera/9.20 (Windows NT 5.1; U; de)"
188.40.126.72 - - [03/May/2014:23:09:21 +0200] "GET /news.php?cs_go=archiv&cs_startpos=50 HTTP/1.1" 200 34768 "http://www.energie-service-berlin.de/news.php?cs_go=archiv&cs_search=&cs_id=4900" "Opera/9.20 (Windows NT 5.1; U; de)"
188.40.126.72 - - [03/May/2014:23:09:22 +0200] "GET /news.php?cs_go=archiv&cs_search=&cs_id=4863 HTTP/1.1" 200 26678 "http://www.energie-service-berlin.de/news.php?cs_go=archiv&cs_startpos=50" "Opera/9.20 (Windows NT 5.1; U; de)"
188.40.126.72 - - [03/May/2014:23:09:23 +0200] "GET /news.php?cs_go=archiv&cs_search=&cs_id=4879 HTTP/1.1" 200 22060 "http://www.energie-service-berlin.de/news.php?cs_go=archiv&cs_search=&cs_id=4863" "Opera/9.20 (Windows NT 5.1; U; de)"
188.40.126.72 - - [03/May/2014:23:09:23 +0200] "GET /lexikon.php?cs_go=3&cs_id=116 HTTP/1.1" 200 20506 "http://www.energie-service-berlin.de/news.php?cs_go=archiv&cs_search=&cs_id=4879" "Opera/9.20 (Windows NT 5.1; U; de)"
188.40.126.72 - - [03/May/2014:23:09:24 +0200] "GET /news.php?cs_go=archiv&cs_search=&cs_id=5060 HTTP/1.1" 200 23713 "http://www.energie-service-berlin.de/lexikon.php?cs_go=3&cs_id=116" "Opera/9.20 (Windows NT 5.1; U; de)"
188.40.126.72 - - [03/May/2014:23:09:25 +0200] "GET /news.php?cs_go=archiv&cs_search=&cs_id=5013 HTTP/1.1" 200 20510 "http://www.energie-service-berlin.de/news.php?cs_go=archiv&cs_search=&cs_id=5060" "Opera/9.20 (Windows NT 5.1; U; de)"
188.40.126.72 - - [03/May/2014:23:09:25 +0200] "GET /news.php?cs_go=archiv&cs_search=&cs_id=5094 HTTP/1.1" 200 23304 "http://www.energie-service-berlin.de/news.php?cs_go=archiv&cs_search=&cs_id=5013" "Opera/9.20 (Windows NT 5.1; U; de)"
188.40.126.72 - - [03/May/2014:23:09:26 +0200] "GET /news.php?cs_go=archiv&cs_search=&cs_id=4874 HTTP/1.1" 200 21090 "http://www.energie-service-berlin.de/news.php?cs_go=archiv&cs_search=&cs_id=5094" "Opera/9.20 (Windows NT 5.1; U; de)"
188.40.126.72 - - [03/May/2014:23:09:27 +0200] "GET /lexikon.php?cs_go=3&cs_id=5 HTTP/1.1" 200 19328 "http://www.energie-service-berlin.de/news.php?cs_go=archiv&cs_search=&cs_id=4874" "Opera/9.20 (Windows NT 5.1; U; de)"
188.40.126.72 - - [03/May/2014:23:09:27 +0200] "GET /lexikon.php?cs_go=3&cs_id=228 HTTP/1.1" 200 20384 "http://www.energie-service-berlin.de/lexikon.php?cs_go=3&cs_id=5" "Opera/9.20 (Windows NT 5.1; U; de)"
188.40.126.72 - - [03/May/2014:23:09:28 +0200] "GET /lexikon.php?cs_go=2&cs_char=p HTTP/1.1" 200 20306 "http://www.energie-service-berlin.de/lexikon.php?cs_go=3&cs_id=228" "Opera/9.20 (Windows NT 5.1; U; de)"
188.40.126.72 - - [03/May/2014:23:09:28 +0200] "GET /lexikon.php?cs_go=3&cs_id=159 HTTP/1.1" 200 20899 "http://www.energie-service-berlin.de/lexikon.php?cs_go=2&cs_char=p" "Opera/9.20 (Windows NT 5.1; U; de)"
188.40.126.72 - - [03/May/2014:23:09:29 +0200] "GET /lexikon.php?cs_go=3&cs_id=164 HTTP/1.1" 200 19399 "http://www.energie-service-berlin.de/lexikon.php?cs_go=3&cs_id=159" "Opera/9.20 (Windows NT 5.1; U; de)"
188.40.126.72 - - [03/May/2014:23:09:30 +0200] "GET /lexikon.php?cs_go=3&cs_id=156 HTTP/1.1" 200 19861 "http://www.energie-service-berlin.de/lexikon.php?cs_go=3&cs_id=164" "Opera/9.20 (Windows NT 5.1; U; de)"
188.40.126.72 - - [03/May/2014:23:09:30 +0200] "GET /lexikon.php?cs_go=3&cs_id=102 HTTP/1.1" 200 19128 "http://www.energie-service-berlin.de/lexikon.php?cs_go=3&cs_id=156" "Opera/9.20 (Windows NT 5.1; U; de)"
188.40.126.72 - - [03/May/2014:23:09:31 +0200] "GET /news.php?cs_go=archiv&cs_search=&cs_id=5064 HTTP/1.1" 200 20510 "http://www.energie-service-berlin.de/lexikon.php?cs_go=3&cs_id=102" "Opera/9.20 (Windows NT 5.1; U; de)"
188.40.126.72 - - [03/May/2014:23:09:31 +0200] "GET /news.php?cs_go=archiv&cs_search=&cs_id=5118 HTTP/1.1" 200 20468 "http://www.energie-service-berlin.de/news.php?cs_go=archiv&cs_search=&cs_id=5064" "Opera/9.20 (Windows NT 5.1; U; de)"
188.40.126.72 - - [03/May/2014:23:09:32 +0200] "GET /news.php?cs_go=archiv&cs_search=&cs_id=5135 HTTP/1.1" 200 24202 "http://www.energie-service-berlin.de/news.php?cs_go=archiv&cs_search=&cs_id=5118" "Opera/9.20 (Windows NT 5.1; U; de)"
65.55.52.96 - - [03/May/2014:23:09:56 +0200] "GET /robots.txt HTTP/1.1" 404 1256 "-" "Mozilla/5.0 (compatible; bingbot/2.0; +http://www.bing.com/bingbot.htm)"
65.55.52.96 - - [03/May/2014:23:10:07 +0200] "GET / HTTP/1.1" 200 23409 "-" "Mozilla/5.0 (compatible; bingbot/2.0; +http://www.bing.com/bingbot.htm)"
37.58.100.74 - - [03/May/2014:23:10:23 +0200] "GET /lexikon.php?cs_go=3&cs_id=44 HTTP/1.1" 200 19143 "-" "Mozilla/5.0 (compatible; AhrefsBot/5.0; +http://ahrefs.com/robot/)"
66.249.65.103 - - [03/May/2014:23:12:00 +0200] "GET /news.php?cs_go=archiv&cs_id=2996 HTTP/1.1" 200 24386 "-" "Mozilla/5.0 (compatible; Googlebot/2.1; +http://www.google.com/bot.html)"
66.249.65.10 - - [03/May/2014:23:12:19 +0200] "GET /news.php?cs_go=archiv&cs_id=5068 HTTP/1.1" 200 24352 "-" "Mozilla/5.0 (compatible; Googlebot/2.1; +http://www.google.com/bot.html)"
37.58.100.189 - - [03/May/2014:23:12:36 +0200] "GET /brennwerttechnik.php HTTP/1.1" 200 22215 "-" "Mozilla/5.0 (compatible; AhrefsBot/5.0; +http://ahrefs.com/robot/)"
66.249.65.252 - - [03/May/2014:23:15:38 +0200] "GET /schmierstoffe.php HTTP/1.1" 200 21715 "-" "Mozilla/5.0 (compatible; Googlebot/2.1; +http://www.google.com/bot.html)"
37.58.100.134 - - [03/May/2014:23:17:40 +0200] "GET /lexikon.php?cs_go=3&cs_id=197 HTTP/1.1" 200 19133 "-" "Mozilla/5.0 (compatible; AhrefsBot/5.0; +http://ahrefs.com/robot/)"
94.242.222.221 - - [03/May/2014:23:20:54 +0200] "HEAD / HTTP/1.1" 200 - "-" "curl/7.35.0"
141.8.147.12 - - [03/May/2014:23:23:13 +0200] "GET /essoschmierstoffe.php HTTP/1.1" 200 22876 "-" "Mozilla/5.0 (compatible; YandexBot/3.0; +http://yandex.com/bots)"
93.219.153.2 - - [03/May/2014:23:27:20 +0200] "GET /news.php?cs_go=archiv&cs_startpos=0 HTTP/1.1" 200 33654 "-" "Mozilla/5.0 (Windows; U; Windows NT 6.0; de; rv:1.9.2.3) Gecko/20100401 Firefox/3.6.3 ( .NET CLR 3.5.30729)"
123.125.71.13 - - [03/May/2014:23:30:30 +0200] "GET / HTTP/1.1" 200 14797 "-" "Mozilla/5.0 (compatible; Baiduspider/2.0; +http://www.baidu.com/search/spider.html)"
37.58.100.92 - - [03/May/2014:23:30:53 +0200] "GET /foerdermittel.php HTTP/1.1" 200 24406 "-" "Mozilla/5.0 (compatible; AhrefsBot/5.0; +http://ahrefs.com/robot/)"
66.249.65.39 - - [03/May/2014:23:30:54 +0200] "GET /lexikon.php?cs_go=2&cs_char=h HTTP/1.1" 200 19940 "-" "Mozilla/5.0 (iPhone; CPU iPhone OS 6_0 like Mac OS X) AppleWebKit/536.26 (KHTML, like Gecko) Version/6.0 Mobile/10A5376e Safari/8536.25 (compatible; Googlebot/2.1; +http://www.google.com/bot.html)"
220.181.108.76 - - [03/May/2014:23:30:58 +0200] "GET / HTTP/1.1" 200 15074 "-" "Mozilla/5.0 (compatible; Baiduspider/2.0; +http://www.baidu.com/search/spider.html)"
141.8.147.12 - - [03/May/2014:23:31:37 +0200] "GET /tankreinigung.php HTTP/1.1" 200 22389 "-" "Mozilla/5.0 (compatible; YandexBot/3.0; +http://yandex.com/bots)"
37.58.100.173 - - [03/May/2014:23:39:39 +0200] "GET /news.php?cs_go=archiv&cs_id=5100 HTTP/1.1" 200 20562 "-" "Mozilla/5.0 (compatible; AhrefsBot/5.0; +http://ahrefs.com/robot/)"
95.215.0.27 - - [03/May/2014:23:40:13 +0200] "GET /news.php?cs_go=archiv&cs_id=4882 HTTP/1.1" 200 24278 "-" "Mozilla/5.0 (Windows NT 6.1; WOW64; rv:26.1) Gecko/20100101 Firefox/26.0"
37.58.100.162 - - [04/May/2014:00:01:53 +0200] "GET /edl.php HTTP/1.1" 200 22495 "-" "Mozilla/5.0 (compatible; AhrefsBot/5.0; +http://ahrefs.com/robot/)"
188.226.150.225 - - [04/May/2014:00:01:09 +0200] "GET / HTTP/1.1" 200 23409 "http://www.e-s-s-o-berlin.de" "Mozilla/5.0 (Windows NT 6.3; WOW64) AppleWebKit/537.3 (KHTML, like Gecko) Chrome/30.0.1599.101 Safari/537.36"
66.249.65.103 - - [04/May/2014:00:06:31 +0200] "GET /news.php?cs_go=archiv&cs_id=4759 HTTP/1.1" 200 24598 "-" "Mozilla/5.0 (iPhone; CPU iPhone OS 6_0 like Mac OS X) AppleWebKit/536.26 (KHTML, like Gecko) Version/6.0 Mobile/10A5376e Safari/8536.25 (compatible; Googlebot/2.1; +http://www.google.com/bot.html)"
66.249.65.202 - - [04/May/2014:00:10:11 +0200] "GET /robots.txt HTTP/1.1" 404 1256 "-" "Mozilla/5.0 (compatible; Googlebot/2.1; +http://www.google.com/bot.html)"
66.249.65.202 - - [04/May/2014:00:10:11 +0200] "GET /news.php?cs_go=archiv&cs_id=4337 HTTP/1.1" 200 21837 "-" "Mozilla/5.0 (compatible; Googlebot/2.1; +http://www.google.com/bot.html)"
182.118.21.245 - - [04/May/2014:00:10:39 +0200] "GET /robots.txt HTTP/1.1" 404 1256 "http://www.soberlin.de/robots.txt" "Mozilla/5.0 (compatible; MSIE 9.0; Windows NT 6.1; Trident/5.0); 360Spider"
178.255.215.76 - - [04/May/2014:00:16:47 +0200] "GET /robots.txt HTTP/1.1" 404 1256 "-" "Mozilla/5.0 (compatible; Exabot/3.0; +http://www.exabot.com/go/robot)"
178.255.215.76 - - [04/May/2014:00:16:48 +0200] "GET /index.php?page=ds HTTP/1.1" 200 23409 "-" "Mozilla/5.0 (compatible; Exabot/3.0; +http://www.exabot.com/go/robot)"
141.8.147.12 - - [04/May/2014:00:17:47 +0200] "GET /robots.txt HTTP/1.1" 404 1256 "-" "Mozilla/5.0 (compatible; YandexBot/3.0; +http://yandex.com/bots)"
66.249.65.252 - - [04/May/2014:00:24:44 +0200] "GET /energiesparcheck.php HTTP/1.1" 200 24797 "-" "Mozilla/5.0 (compatible; Googlebot/2.1; +http://www.google.com/bot.html)"
141.8.147.12 - - [04/May/2014:00:28:04 +0200] "GET /ofenbau.php HTTP/1.1" 200 22004 "-" "Mozilla/5.0 (compatible; YandexBot/3.0; +http://yandex.com/bots)"
66.249.65.8 - - [04/May/2014:00:28:07 +0200] "GET /robots.txt HTTP/1.1" 404 1256 "-" "Mozilla/5.0 (compatible; Googlebot/2.1; +http://www.google.com/bot.html)"
66.249.65.40 - - [04/May/2014:00:28:07 +0200] "GET /video/Mobil_SHC_de.flv HTTP/1.1" 200 41358622 "-" "Mozilla/5.0 (compatible; Googlebot/2.1; +http://www.google.com/bot.html)"
37.58.100.231 - - [04/May/2014:00:30:58 +0200] "GET /news.php?cs_go=archiv&cs_id=4873&cs_search= HTTP/1.1" 200 20463 "-" "Mozilla/5.0 (compatible; AhrefsBot/5.0; +http://ahrefs.com/robot/)"
66.249.65.103 - - [04/May/2014:00:32:00 +0200] "GET /news.php?cs_go=archiv&cs_id=3069 HTTP/1.1" 200 20495 "-" "Mozilla/5.0 (compatible; Googlebot/2.1; +http://www.google.com/bot.html)"
66.249.65.39 - - [04/May/2014:00:35:38 +0200] "GET /news.php?cs_go=archiv&cs_id=4612 HTTP/1.1" 200 21191 "-" "Mozilla/5.0 (compatible; Googlebot/2.1; +http://www.google.com/bot.html)"
141.8.147.12 - - [04/May/2014:00:37:04 +0200] "GET /news.php?cs_go=archiv&cs_startpos=210 HTTP/1.1" 200 19751 "-" "Mozilla/5.0 (compatible; YandexBot/3.0; +http://yandex.com/bots)"
141.8.147.12 - - [04/May/2014:00:37:06 +0200] "GET /news.php?cs_go=archiv&cs_id=4889&cs_search= HTTP/1.1" 200 24196 "-" "Mozilla/5.0 (compatible; YandexBot/3.0; +http://yandex.com/bots)"
141.8.147.12 - - [04/May/2014:00:37:08 +0200] "GET /news.php?cs_go=archiv&cs_id=5137 HTTP/1.1" 200 20658 "-" "Mozilla/5.0 (compatible; YandexBot/3.0; +http://yandex.com/bots)"
141.8.147.12 - - [04/May/2014:00:37:11 +0200] "GET /news.php?cs_go=archiv&cs_id=5082 HTTP/1.1" 200 20479 "-" "Mozilla/5.0 (compatible; YandexBot/3.0; +http://yandex.com/bots)"
141.8.147.12 - - [04/May/2014:00:37:13 +0200] "GET /news.php?cs_go=archiv&cs_id=5129 HTTP/1.1" 200 24051 "-" "Mozilla/5.0 (compatible; YandexBot/3.0; +http://yandex.com/bots)"
141.8.147.12 - - [04/May/2014:00:37:15 +0200] "GET /lexikon.php?cs_go=3&cs_id=60 HTTP/1.1" 200 19640 "-" "Mozilla/5.0 (compatible; YandexBot/3.0; +http://yandex.com/bots)"
66.249.65.103 - - [04/May/2014:00:42:09 +0200] "GET /news.php?cs_go=archiv&cs_id=4562 HTTP/1.1" 200 24696 "-" "Mozilla/5.0 (iPhone; CPU iPhone OS 6_0 like Mac OS X) AppleWebKit/536.26 (KHTML, like Gecko) Version/6.0 Mobile/10A5376e Safari/8536.25 (compatible; Googlebot/2.1; +http://www.google.com/bot.html)"
178.255.215.70 - - [04/May/2014:00:44:25 +0200] "GET /robots.txt HTTP/1.1" 404 1256 "-" "Mozilla/5.0 (compatible; Exabot/3.0; +http://www.exabot.com/go/robot)"
178.255.215.70 - - [04/May/2014:00:44:25 +0200] "GET / HTTP/1.1" 200 23409 "-" "Mozilla/5.0 (compatible; Exabot/3.0; +http://www.exabot.com/go/robot)"
157.55.32.95 - - [04/May/2014:00:46:51 +0200] "GET /robots.txt HTTP/1.1" 404 1256 "-" "Mozilla/5.0 (compatible; bingbot/2.0; +http://www.bing.com/bingbot.htm)"
157.55.32.95 - - [04/May/2014:00:46:59 +0200] "GET / HTTP/1.1" 200 23409 "-" "Mozilla/5.0 (compatible; bingbot/2.0; +http://www.bing.com/bingbot.htm)"
37.58.100.178 - - [04/May/2014:00:54:43 +0200] "GET /lexikon.php?cs_go=3&cs_id=121 HTTP/1.1" 200 19513 "-" "Mozilla/5.0 (compatible; AhrefsBot/5.0; +http://ahrefs.com/robot/)"
141.8.147.12 - - [04/May/2014:00:55:33 +0200] "GET /news.php?cs_go=archiv&cs_id=5102 HTTP/1.1" 200 24233 "-" "Mozilla/5.0 (compatible; YandexBot/3.0; +http://yandex.com/bots)"
141.8.147.12 - - [04/May/2014:00:55:38 +0200] "GET /news.php?cs_go=archiv&cs_id=4945 HTTP/1.1" 200 24309 "-" "Mozilla/5.0 (compatible; YandexBot/3.0; +http://yandex.com/bots)"
141.8.147.12 - - [04/May/2014:00:55:41 +0200] "GET /news.php?cs_go=archiv&cs_id=5101 HTTP/1.1" 200 22457 "-" "Mozilla/5.0 (compatible; YandexBot/3.0; +http://yandex.com/bots)"
141.8.147.12 - - [04/May/2014:00:55:44 +0200] "GET /news.php?cs_go=archiv&cs_id=5103 HTTP/1.1" 200 20469 "-" "Mozilla/5.0 (compatible; YandexBot/3.0; +http://yandex.com/bots)"
37.58.100.66 - - [04/May/2014:01:00:09 +0200] "GET /news.php?cs_go=archiv&cs_id=5115 HTTP/1.1" 200 20483 "-" "Mozilla/5.0 (compatible; AhrefsBot/5.0; +http://ahrefs.com/robot/)"
66.249.65.252 - - [04/May/2014:01:04:44 +0200] "GET /news.php?cs_go=archiv&cs_id=4510 HTTP/1.1" 200 21947 "-" "Mozilla/5.0 (compatible; Googlebot/2.1; +http://www.google.com/bot.html)"
141.8.147.12 - - [04/May/2014:01:07:10 +0200] "GET /robots.txt HTTP/1.1" 404 1256 "-" "Mozilla/5.0 (compatible; YandexBot/3.0; +http://yandex.com/bots)"
141.8.147.12 - - [04/May/2014:01:07:12 +0200] "GET /news.php?cs_go=archiv&cs_id=4901&cs_search= HTTP/1.1" 200 24320 "-" "Mozilla/5.0 (compatible; YandexBot/3.0; +http://yandex.com/bots)"
141.8.147.12 - - [04/May/2014:01:07:15 +0200] "GET /news.php?cs_go=archiv&cs_id=4892&cs_search= HTTP/1.1" 200 20274 "-" "Mozilla/5.0 (compatible; YandexBot/3.0; +http://yandex.com/bots)"
141.8.147.12 - - [04/May/2014:01:07:18 +0200] "GET /news.php?cs_go=archiv&cs_id=5128 HTTP/1.1" 200 20905 "-" "Mozilla/5.0 (compatible; YandexBot/3.0; +http://yandex.com/bots)"
141.8.147.12 - - [04/May/2014:01:07:20 +0200] "GET /news.php?cs_go=archiv&cs_id=5046&cs_search= HTTP/1.1" 200 24352 "-" "Mozilla/5.0 (compatible; YandexBot/3.0; +http://yandex.com/bots)"
66.249.65.202 - - [04/May/2014:01:15:38 +0200] "GET /news.php?cs_go=archiv&cs_id=4765 HTTP/1.1" 200 20570 "-" "Mozilla/5.0 (compatible; Googlebot/2.1; +http://www.google.com/bot.html)"
188.143.232.111 - - [04/May/2014:01:15:46 +0200] "GET /wunschpreis.php HTTP/1.1" 200 24967 "-" "Mozilla/4.0 (compatible; MSIE 6.0; Windows NT 5.1; SV1)"
188.143.232.111 - - [04/May/2014:01:15:47 +0200] "POST /wunschpreis.php HTTP/1.1" 200 25157 "http://www.soberlin.de/wunschpreis.php" "Mozilla/4.0 (compatible; MSIE 6.0; Windows NT 5.1; SV1)"
188.143.232.111 - - [04/May/2014:01:15:50 +0200] "POST /wunschpreis.php HTTP/1.1" 200 25157 "http://www.soberlin.de/wunschpreis.php" "Mozilla/4.0 (compatible; MSIE 6.0; Windows NT 5.1; SV1)"
188.143.232.111 - - [04/May/2014:01:15:50 +0200] "POST /wunschpreis.php HTTP/1.1" 200 25160 "http://www.soberlin.de/wunschpreis.php" "Mozilla/4.0 (compatible; MSIE 6.0; Windows NT 5.1; SV1)"
188.143.232.111 - - [04/May/2014:01:15:51 +0200] "POST /wunschpreis.php HTTP/1.1" 200 25156 "http://www.soberlin.de/wunschpreis.php" "Mozilla/4.0 (compatible; MSIE 6.0; Windows NT 5.1; SV1)"
188.143.232.111 - - [04/May/2014:01:15:52 +0200] "POST /wunschpreis.php HTTP/1.1" 200 25162 "http://www.soberlin.de/wunschpreis.php" "Mozilla/4.0 (compatible; MSIE 6.0; Windows NT 5.1; SV1)"
66.249.65.39 - - [04/May/2014:01:19:16 +0200] "GET /news.php?cs_go=archiv&cs_id=4578 HTTP/1.1" 200 22888 "-" "Mozilla/5.0 (compatible; Googlebot/2.1; +http://www.google.com/bot.html)"
66.249.65.8 - - [04/May/2014:01:22:43 +0200] "GET /modul.css HTTP/1.1" 200 36485 "http://www.essoschmierstoffe.de/news.php?cs_go=archiv&cs_id=1699&cs_search=" "Mozilla/5.0 (compatible; Googlebot/2.1; +http://www.google.com/bot.html)"
66.249.65.200 - - [04/May/2014:01:22:44 +0200] "GET /style.css HTTP/1.1" 200 8056 "http://www.essoschmierstoffe.de/news.php?cs_go=archiv&cs_id=1699&cs_search=" "Mozilla/5.0 (compatible; Googlebot/2.1; +http://www.google.com/bot.html)"
157.55.32.95 - - [04/May/2014:01:23:34 +0200] "GET / HTTP/1.1" 200 23409 "-" "Mozilla/5.0 (compatible; bingbot/2.0; +http://www.bing.com/bingbot.htm)"
141.8.147.12 - - [04/May/2014:01:25:34 +0200] "GET /news.php?cs_go=archiv&cs_id=5135 HTTP/1.1" 200 24202 "-" "Mozilla/5.0 (compatible; YandexBot/3.0; +http://yandex.com/bots)"
37.58.100.133 - - [04/May/2014:01:26:00 +0200] "GET /news.php?cs_go=archiv&cs_id=5078&cs_search= HTTP/1.1" 200 20542 "-" "Mozilla/5.0 (compatible; AhrefsBot/5.0; +http://ahrefs.com/robot/)"
37.58.100.178 - - [04/May/2014:01:30:08 +0200] "GET /news.php?cs_go=archiv&cs_id=4946&cs_search= HTTP/1.1" 200 20610 "-" "Mozilla/5.0 (compatible; AhrefsBot/5.0; +http://ahrefs.com/robot/)"
66.249.65.39 - - [04/May/2014:01:30:11 +0200] "GET /news.php?cs_go=archiv&cs_id=4689 HTTP/1.1" 200 22414 "-" "Mozilla/5.0 (compatible; Googlebot/2.1; +http://www.google.com/bot.html)"
66.249.65.97 - - [04/May/2014:01:36:09 +0200] "GET /js/jquery.min.js HTTP/1.1" 200 57254 "http://www.essodiesel.de/news.php?cs_go=archiv&cs_id=2155" "Mozilla/5.0 (compatible; Googlebot/2.1; +http://www.google.com/bot.html)"
66.249.65.97 - - [04/May/2014:01:36:09 +0200] "GET /js/slider.js HTTP/1.1" 200 773 "http://www.essodiesel.de/news.php?cs_go=archiv&cs_id=2155" "Mozilla/5.0 (compatible; Googlebot/2.1; +http://www.google.com/bot.html)"
66.249.65.97 - - [04/May/2014:01:36:10 +0200] "GET /js/ddaccordion.js HTTP/1.1" 200 12534 "http://www.essodiesel.de/news.php?cs_go=archiv&cs_id=2155" "Mozilla/5.0 (compatible; Googlebot/2.1; +http://www.google.com/bot.html)"
66.249.65.224 - - [04/May/2014:01:39:30 +0200] "GET /style.css HTTP/1.1" 200 8056 "http://www.essoberlin.de/news.php?cs_go=archiv&cs_id=5129" "Mozilla/5.0 (compatible; Googlebot/2.1; +http://www.google.com/bot.html)"
66.249.65.224 - - [04/May/2014:01:39:30 +0200] "GET /modul.css HTTP/1.1" 200 36485 "http://www.essoberlin.de/news.php?cs_go=archiv&cs_id=5129" "Mozilla/5.0 (compatible; Googlebot/2.1; +http://www.google.com/bot.html)"
66.249.65.160 - - [04/May/2014:01:39:31 +0200] "GET /style.css HTTP/1.1" 200 8056 "http://www.essoberlin.de/news.php?cs_go=archiv&cs_id=5127" "Mozilla/5.0 (compatible; Googlebot/2.1; +http://www.google.com/bot.html)"
66.249.65.192 - - [04/May/2014:01:39:31 +0200] "GET /style.css HTTP/1.1" 200 8056 "http://www.essoberlin.de/news.php?cs_go=archiv&cs_id=5128" "Mozilla/5.0 (compatible; Googlebot/2.1; +http://www.google.com/bot.html)"
66.249.65.160 - - [04/May/2014:01:39:32 +0200] "GET /modul.css HTTP/1.1" 200 36485 "http://www.essoberlin.de/news.php?cs_go=archiv&cs_id=5128" "Mozilla/5.0 (compatible; Googlebot/2.1; +http://www.google.com/bot.html)"
