162.243.87.59 - - [03/May/2014:04:22:29 +0200] "GET /news.php?cs_go=archiv&cs_id=5125&cs_search= HTTP/1.1" 200 20573 "http://www.e-s-s-o-berlin.de/news.php" "Mozilla/5.0 (compatible; spbot/4.1.0; +http://OpenLinkProfiler.org/bot )"
162.243.87.59 - - [03/May/2014:04:22:34 +0200] "GET /news.php?cs_go=archiv&cs_id=5135&cs_search= HTTP/1.1" 200 24202 "http://www.e-s-s-o-berlin.de/news.php" "Mozilla/5.0 (compatible; spbot/4.1.0; +http://OpenLinkProfiler.org/bot )"
162.243.87.59 - - [03/May/2014:04:22:39 +0200] "GET /news.php?cs_go=archiv&cs_id=5095&cs_search= HTTP/1.1" 200 24263 "http://www.e-s-s-o-berlin.de/news.php?cs_go=archiv&cs_startpos=30" "Mozilla/5.0 (compatible; spbot/4.1.0; +http://OpenLinkProfiler.org/bot )"
162.243.87.59 - - [03/May/2014:04:22:44 +0200] "GET /news.php?cs_go=archiv&cs_id=4929&cs_search= HTTP/1.1" 200 24187 "http://www.e-s-s-o-berlin.de/news.php?cs_go=archiv&cs_startpos=130" "Mozilla/5.0 (compatible; spbot/4.1.0; +http://OpenLinkProfiler.org/bot )"
162.243.87.59 - - [03/May/2014:04:22:49 +0200] "GET /news.php?cs_go=archiv&cs_id=4928&cs_search= HTTP/1.1" 200 21090 "http://www.e-s-s-o-berlin.de/news.php?cs_go=archiv&cs_startpos=130" "Mozilla/5.0 (compatible; spbot/4.1.0; +http://OpenLinkProfiler.org/bot )"
162.243.87.59 - - [03/May/2014:04:22:54 +0200] "GET /news.php?cs_go=archiv&cs_id=4921&cs_search= HTTP/1.1" 200 24228 "http://www.e-s-s-o-berlin.de/news.php?cs_go=archiv&cs_startpos=130" "Mozilla/5.0 (compatible; spbot/4.1.0; +http://OpenLinkProfiler.org/bot )"
162.243.87.59 - - [03/May/2014:04:22:59 +0200] "GET /news.php?cs_go=archiv&cs_id=4930&cs_search= HTTP/1.1" 200 20417 "http://www.e-s-s-o-berlin.de/news.php?cs_go=archiv&cs_startpos=130" "Mozilla/5.0 (compatible; spbot/4.1.0; +http://OpenLinkProfiler.org/bot )"
162.243.87.59 - - [03/May/2014:04:23:04 +0200] "GET /news.php?cs_go=archiv&cs_id=4923&cs_search= HTTP/1.1" 200 20593 "http://www.e-s-s-o-berlin.de/news.php?cs_go=archiv&cs_startpos=130" "Mozilla/5.0 (compatible; spbot/4.1.0; +http://OpenLinkProfiler.org/bot )"
162.243.87.59 - - [03/May/2014:04:23:10 +0200] "GET /news.php?cs_go=archiv&cs_id=4920&cs_search= HTTP/1.1" 200 21774 "http://www.e-s-s-o-berlin.de/news.php?cs_go=archiv&cs_startpos=130" "Mozilla/5.0 (compatible; spbot/4.1.0; +http://OpenLinkProfiler.org/bot )"
162.243.87.59 - - [03/May/2014:04:23:14 +0200] "GET /news.php?cs_go=archiv&cs_id=4931&cs_search= HTTP/1.1" 200 21155 "http://www.e-s-s-o-berlin.de/news.php?cs_go=archiv&cs_startpos=130" "Mozilla/5.0 (compatible; spbot/4.1.0; +http://OpenLinkProfiler.org/bot )"
162.243.87.59 - - [03/May/2014:04:23:19 +0200] "GET /news.php?cs_go=archiv&cs_id=4922&cs_search= HTTP/1.1" 200 20439 "http://www.e-s-s-o-berlin.de/news.php?cs_go=archiv&cs_startpos=130" "Mozilla/5.0 (compatible; spbot/4.1.0; +http://OpenLinkProfiler.org/bot )"
162.243.87.59 - - [03/May/2014:04:23:24 +0200] "GET /news.php?cs_go=archiv&cs_id=4927&cs_search= HTTP/1.1" 200 20510 "http://www.e-s-s-o-berlin.de/news.php?cs_go=archiv&cs_startpos=130" "Mozilla/5.0 (compatible; spbot/4.1.0; +http://OpenLinkProfiler.org/bot )"
162.243.87.59 - - [03/May/2014:04:23:29 +0200] "GET /news.php?cs_go=archiv&cs_id=4924&cs_search= HTTP/1.1" 200 24237 "http://www.e-s-s-o-berlin.de/news.php?cs_go=archiv&cs_startpos=130" "Mozilla/5.0 (compatible; spbot/4.1.0; +http://OpenLinkProfiler.org/bot )"
162.243.87.59 - - [03/May/2014:04:23:34 +0200] "GET /news.php?cs_go=archiv&cs_id=5120&cs_search= HTTP/1.1" 200 24277 "http://www.e-s-s-o-berlin.de/news.php?cs_go=archiv&cs_startpos=10" "Mozilla/5.0 (compatible; spbot/4.1.0; +http://OpenLinkProfiler.org/bot )"
162.243.87.59 - - [03/May/2014:04:23:39 +0200] "GET /news.php?cs_go=archiv&cs_id=5027&cs_search= HTTP/1.1" 200 23814 "http://www.e-s-s-o-berlin.de/news.php?cs_go=archiv&cs_startpos=80" "Mozilla/5.0 (compatible; spbot/4.1.0; +http://OpenLinkProfiler.org/bot )"
162.243.87.59 - - [03/May/2014:04:23:44 +0200] "GET /news.php?cs_go=archiv&cs_id=5025&cs_search= HTTP/1.1" 200 20826 "http://www.e-s-s-o-berlin.de/news.php?cs_go=archiv&cs_startpos=80" "Mozilla/5.0 (compatible; spbot/4.1.0; +http://OpenLinkProfiler.org/bot )"
162.243.87.59 - - [03/May/2014:04:23:49 +0200] "GET /news.php?cs_go=archiv&cs_id=5050&cs_search= HTTP/1.1" 200 23746 "http://www.e-s-s-o-berlin.de/news.php?cs_go=archiv&cs_startpos=80" "Mozilla/5.0 (compatible; spbot/4.1.0; +http://OpenLinkProfiler.org/bot )"
162.243.87.59 - - [03/May/2014:04:23:54 +0200] "GET /news.php?cs_go=archiv&cs_id=5043&cs_search= HTTP/1.1" 200 20722 "http://www.e-s-s-o-berlin.de/news.php?cs_go=archiv&cs_startpos=80" "Mozilla/5.0 (compatible; spbot/4.1.0; +http://OpenLinkProfiler.org/bot )"
162.243.87.59 - - [03/May/2014:04:23:59 +0200] "GET /news.php?cs_go=archiv&cs_id=4900&cs_search= HTTP/1.1" 200 20430 "http://www.e-s-s-o-berlin.de/news.php?cs_go=archiv&cs_startpos=160" "Mozilla/5.0 (compatible; spbot/4.1.0; +http://OpenLinkProfiler.org/bot )"
162.243.87.59 - - [03/May/2014:04:24:04 +0200] "GET /news.php?cs_go=archiv&cs_id=4887&cs_search= HTTP/1.1" 200 21327 "http://www.e-s-s-o-berlin.de/news.php?cs_go=archiv&cs_startpos=160" "Mozilla/5.0 (compatible; spbot/4.1.0; +http://OpenLinkProfiler.org/bot )"
162.243.87.59 - - [03/May/2014:04:24:09 +0200] "GET /news.php?cs_go=archiv&cs_id=4901&cs_search= HTTP/1.1" 200 24320 "http://www.e-s-s-o-berlin.de/news.php?cs_go=archiv&cs_startpos=160" "Mozilla/5.0 (compatible; spbot/4.1.0; +http://OpenLinkProfiler.org/bot )"
162.243.87.59 - - [03/May/2014:04:24:15 +0200] "GET /news.php?cs_go=archiv&cs_id=4888&cs_search= HTTP/1.1" 200 24272 "http://www.e-s-s-o-berlin.de/news.php?cs_go=archiv&cs_startpos=160" "Mozilla/5.0 (compatible; spbot/4.1.0; +http://OpenLinkProfiler.org/bot )"
162.243.87.59 - - [03/May/2014:04:24:20 +0200] "GET /news.php?cs_go=archiv&cs_id=4892&cs_search= HTTP/1.1" 200 20274 "http://www.e-s-s-o-berlin.de/news.php?cs_go=archiv&cs_startpos=160" "Mozilla/5.0 (compatible; spbot/4.1.0; +http://OpenLinkProfiler.org/bot )"
162.243.87.59 - - [03/May/2014:04:24:24 +0200] "GET /news.php?cs_go=archiv&cs_id=4894&cs_search= HTTP/1.1" 200 20797 "http://www.e-s-s-o-berlin.de/news.php?cs_go=archiv&cs_startpos=160" "Mozilla/5.0 (compatible; spbot/4.1.0; +http://OpenLinkProfiler.org/bot )"
162.243.87.59 - - [03/May/2014:04:24:29 +0200] "GET /news.php?cs_go=archiv&cs_id=4893&cs_search= HTTP/1.1" 200 24698 "http://www.e-s-s-o-berlin.de/news.php?cs_go=archiv&cs_startpos=160" "Mozilla/5.0 (compatible; spbot/4.1.0; +http://OpenLinkProfiler.org/bot )"
162.243.87.59 - - [03/May/2014:04:24:34 +0200] "GET /news.php?cs_go=archiv&cs_id=4895&cs_search= HTTP/1.1" 200 20432 "http://www.e-s-s-o-berlin.de/news.php?cs_go=archiv&cs_startpos=160" "Mozilla/5.0 (compatible; spbot/4.1.0; +http://OpenLinkProfiler.org/bot )"
141.8.147.12 - - [03/May/2014:04:24:35 +0200] "GET /news.php?cs_go=archiv&cs_id=4686&cs_search= HTTP/1.1" 200 20561 "-" "Mozilla/5.0 (compatible; YandexBot/3.0; +http://yandex.com/bots)"
162.243.87.59 - - [03/May/2014:04:24:39 +0200] "GET /news.php?cs_go=archiv&cs_id=4898&cs_search= HTTP/1.1" 200 24191 "http://www.e-s-s-o-berlin.de/news.php?cs_go=archiv&cs_startpos=160" "Mozilla/5.0 (compatible; spbot/4.1.0; +http://OpenLinkProfiler.org/bot )"
162.243.87.59 - - [03/May/2014:04:24:44 +0200] "GET /news.php?cs_go=archiv&cs_id=4897&cs_search= HTTP/1.1" 200 20475 "http://www.e-s-s-o-berlin.de/news.php?cs_go=archiv&cs_startpos=160" "Mozilla/5.0 (compatible; spbot/4.1.0; +http://OpenLinkProfiler.org/bot )"
162.243.87.59 - - [03/May/2014:04:24:49 +0200] "GET /news.php?cs_go=archiv&cs_id=5060&cs_search= HTTP/1.1" 200 23713 "http://www.e-s-s-o-berlin.de/news.php?cs_go=archiv&cs_startpos=60" "Mozilla/5.0 (compatible; spbot/4.1.0; +http://OpenLinkProfiler.org/bot )"
162.243.87.59 - - [03/May/2014:04:24:55 +0200] "GET /news.php?cs_go=archiv&cs_id=5045&cs_search= HTTP/1.1" 200 20736 "http://www.e-s-s-o-berlin.de/news.php?cs_go=archiv&cs_startpos=80" "Mozilla/5.0 (compatible; spbot/4.1.0; +http://OpenLinkProfiler.org/bot )"
162.243.87.59 - - [03/May/2014:04:25:00 +0200] "GET /news.php?cs_go=archiv&cs_id=5028&cs_search= HTTP/1.1" 200 22011 "http://www.e-s-s-o-berlin.de/news.php?cs_go=archiv&cs_startpos=80" "Mozilla/5.0 (compatible; spbot/4.1.0; +http://OpenLinkProfiler.org/bot )"
162.243.87.59 - - [03/May/2014:04:25:05 +0200] "GET /news.php?cs_go=archiv&cs_id=5042&cs_search= HTTP/1.1" 200 23985 "http://www.e-s-s-o-berlin.de/news.php?cs_go=archiv&cs_startpos=80" "Mozilla/5.0 (compatible; spbot/4.1.0; +http://OpenLinkProfiler.org/bot )"
162.243.87.59 - - [03/May/2014:04:25:10 +0200] "GET /news.php?cs_go=archiv&cs_id=4852&cs_search= HTTP/1.1" 200 29366 "http://www.e-s-s-o-berlin.de/news.php?cs_go=archiv&cs_startpos=190" "Mozilla/5.0 (compatible; spbot/4.1.0; +http://OpenLinkProfiler.org/bot )"
162.243.87.59 - - [03/May/2014:04:25:14 +0200] "GET /news.php?cs_go=archiv&cs_id=4871&cs_search= HTTP/1.1" 200 24345 "http://www.e-s-s-o-berlin.de/news.php?cs_go=archiv&cs_startpos=190" "Mozilla/5.0 (compatible; spbot/4.1.0; +http://OpenLinkProfiler.org/bot )"
162.243.87.59 - - [03/May/2014:04:25:20 +0200] "GET /news.php?cs_go=archiv&cs_id=4868&cs_search= HTTP/1.1" 200 20746 "http://www.e-s-s-o-berlin.de/news.php?cs_go=archiv&cs_startpos=190" "Mozilla/5.0 (compatible; spbot/4.1.0; +http://OpenLinkProfiler.org/bot )"
162.243.87.59 - - [03/May/2014:04:25:25 +0200] "GET /news.php?cs_go=archiv&cs_id=4865&cs_search= HTTP/1.1" 200 24260 "http://www.e-s-s-o-berlin.de/news.php?cs_go=archiv&cs_startpos=190" "Mozilla/5.0 (compatible; spbot/4.1.0; +http://OpenLinkProfiler.org/bot )"
162.243.87.59 - - [03/May/2014:04:25:29 +0200] "GET /news.php?cs_go=archiv&cs_id=4867&cs_search= HTTP/1.1" 200 24601 "http://www.e-s-s-o-berlin.de/news.php?cs_go=archiv&cs_startpos=190" "Mozilla/5.0 (compatible; spbot/4.1.0; +http://OpenLinkProfiler.org/bot )"
162.243.87.59 - - [03/May/2014:04:25:34 +0200] "GET /news.php?cs_go=archiv&cs_id=4823&cs_search= HTTP/1.1" 200 21714 "http://www.e-s-s-o-berlin.de/news.php?cs_go=archiv&cs_startpos=190" "Mozilla/5.0 (compatible; spbot/4.1.0; +http://OpenLinkProfiler.org/bot )"
162.243.87.59 - - [03/May/2014:04:25:39 +0200] "GET /news.php?cs_go=archiv&cs_id=4872&cs_search= HTTP/1.1" 200 20617 "http://www.e-s-s-o-berlin.de/news.php?cs_go=archiv&cs_startpos=190" "Mozilla/5.0 (compatible; spbot/4.1.0; +http://OpenLinkProfiler.org/bot )"
162.243.87.59 - - [03/May/2014:04:25:44 +0200] "GET /news.php?cs_go=archiv&cs_id=4861&cs_search= HTTP/1.1" 200 20667 "http://www.e-s-s-o-berlin.de/news.php?cs_go=archiv&cs_startpos=190" "Mozilla/5.0 (compatible; spbot/4.1.0; +http://OpenLinkProfiler.org/bot )"
162.243.87.59 - - [03/May/2014:04:25:50 +0200] "GET /news.php?cs_go=archiv&cs_id=4857&cs_search= HTTP/1.1" 200 25357 "http://www.e-s-s-o-berlin.de/news.php?cs_go=archiv&cs_startpos=190" "Mozilla/5.0 (compatible; spbot/4.1.0; +http://OpenLinkProfiler.org/bot )"
162.243.87.59 - - [03/May/2014:04:25:55 +0200] "GET /news.php?cs_go=archiv&cs_id=4866&cs_search= HTTP/1.1" 200 20640 "http://www.e-s-s-o-berlin.de/news.php?cs_go=archiv&cs_startpos=190" "Mozilla/5.0 (compatible; spbot/4.1.0; +http://OpenLinkProfiler.org/bot )"
162.243.87.59 - - [03/May/2014:04:25:59 +0200] "GET /news.php?cs_go=archiv&cs_id=5116&cs_search= HTTP/1.1" 200 21084 "http://www.e-s-s-o-berlin.de/news.php?cs_go=archiv&cs_startpos=10" "Mozilla/5.0 (compatible; spbot/4.1.0; +http://OpenLinkProfiler.org/bot )"
162.243.87.59 - - [03/May/2014:04:26:05 +0200] "GET /news.php?cs_go=archiv&cs_id=5047&cs_search= HTTP/1.1" 200 20833 "http://www.e-s-s-o-berlin.de/news.php?cs_go=archiv&cs_startpos=80" "Mozilla/5.0 (compatible; spbot/4.1.0; +http://OpenLinkProfiler.org/bot )"
162.243.87.59 - - [03/May/2014:04:26:10 +0200] "GET /news.php?cs_go=archiv&cs_id=5099&cs_search= HTTP/1.1" 200 24518 "http://www.e-s-s-o-berlin.de/news.php?cs_go=archiv&cs_startpos=30" "Mozilla/5.0 (compatible; spbot/4.1.0; +http://OpenLinkProfiler.org/bot )"
162.243.87.59 - - [03/May/2014:04:26:15 +0200] "GET /news.php?cs_go=archiv&cs_id=4918&cs_search= HTTP/1.1" 200 24326 "http://www.e-s-s-o-berlin.de/news.php?cs_go=archiv&cs_startpos=140" "Mozilla/5.0 (compatible; spbot/4.1.0; +http://OpenLinkProfiler.org/bot )"
162.243.87.59 - - [03/May/2014:04:26:20 +0200] "GET /news.php?cs_go=archiv&cs_id=4915&cs_search= HTTP/1.1" 200 24187 "http://www.e-s-s-o-berlin.de/news.php?cs_go=archiv&cs_startpos=140" "Mozilla/5.0 (compatible; spbot/4.1.0; +http://OpenLinkProfiler.org/bot )"
162.243.87.59 - - [03/May/2014:04:26:24 +0200] "GET /news.php?cs_go=archiv&cs_id=4917&cs_search= HTTP/1.1" 200 20844 "http://www.e-s-s-o-berlin.de/news.php?cs_go=archiv&cs_startpos=140" "Mozilla/5.0 (compatible; spbot/4.1.0; +http://OpenLinkProfiler.org/bot )"
162.243.87.59 - - [03/May/2014:04:26:30 +0200] "GET /news.php?cs_go=archiv&cs_id=4914&cs_search= HTTP/1.1" 200 20649 "http://www.e-s-s-o-berlin.de/news.php?cs_go=archiv&cs_startpos=140" "Mozilla/5.0 (compatible; spbot/4.1.0; +http://OpenLinkProfiler.org/bot )"
162.243.87.59 - - [03/May/2014:04:26:35 +0200] "GET /news.php?cs_go=archiv&cs_id=4911&cs_search= HTTP/1.1" 200 21084 "http://www.e-s-s-o-berlin.de/news.php?cs_go=archiv&cs_startpos=140" "Mozilla/5.0 (compatible; spbot/4.1.0; +http://OpenLinkProfiler.org/bot )"
162.243.87.59 - - [03/May/2014:04:26:39 +0200] "GET /news.php?cs_go=archiv&cs_id=4916&cs_search= HTTP/1.1" 200 20471 "http://www.e-s-s-o-berlin.de/news.php?cs_go=archiv&cs_startpos=140" "Mozilla/5.0 (compatible; spbot/4.1.0; +http://OpenLinkProfiler.org/bot )"
162.243.87.59 - - [03/May/2014:04:26:45 +0200] "GET /news.php?cs_go=archiv&cs_id=4913&cs_search= HTTP/1.1" 200 20481 "http://www.e-s-s-o-berlin.de/news.php?cs_go=archiv&cs_startpos=140" "Mozilla/5.0 (compatible; spbot/4.1.0; +http://OpenLinkProfiler.org/bot )"
162.243.87.59 - - [03/May/2014:04:26:50 +0200] "GET /news.php?cs_go=archiv&cs_id=4910&cs_search= HTTP/1.1" 200 20591 "http://www.e-s-s-o-berlin.de/news.php?cs_go=archiv&cs_startpos=140" "Mozilla/5.0 (compatible; spbot/4.1.0; +http://OpenLinkProfiler.org/bot )"
162.243.87.59 - - [03/May/2014:04:26:54 +0200] "GET /news.php?cs_go=archiv&cs_id=4912&cs_search= HTTP/1.1" 200 24205 "http://www.e-s-s-o-berlin.de/news.php?cs_go=archiv&cs_startpos=140" "Mozilla/5.0 (compatible; spbot/4.1.0; +http://OpenLinkProfiler.org/bot )"
162.243.87.59 - - [03/May/2014:04:26:59 +0200] "GET /news.php?cs_go=archiv&cs_id=4919&cs_search= HTTP/1.1" 200 20576 "http://www.e-s-s-o-berlin.de/news.php?cs_go=archiv&cs_startpos=140" "Mozilla/5.0 (compatible; spbot/4.1.0; +http://OpenLinkProfiler.org/bot )"
162.243.87.59 - - [03/May/2014:04:27:04 +0200] "GET /news.php?cs_go=archiv&cs_id=5101&cs_search= HTTP/1.1" 200 22457 "http://www.e-s-s-o-berlin.de/news.php?cs_go=archiv&cs_startpos=20" "Mozilla/5.0 (compatible; spbot/4.1.0; +http://OpenLinkProfiler.org/bot )"
162.243.87.59 - - [03/May/2014:04:27:09 +0200] "GET /news.php?cs_go=archiv&cs_id=5098&cs_search= HTTP/1.1" 200 20883 "http://www.e-s-s-o-berlin.de/news.php?cs_go=archiv&cs_startpos=30" "Mozilla/5.0 (compatible; spbot/4.1.0; +http://OpenLinkProfiler.org/bot )"
162.243.87.59 - - [03/May/2014:04:27:14 +0200] "GET /news.php?cs_go=archiv&cs_id=4863&cs_search= HTTP/1.1" 200 26678 "http://www.e-s-s-o-berlin.de/news.php?cs_go=archiv&cs_startpos=200" "Mozilla/5.0 (compatible; spbot/4.1.0; +http://OpenLinkProfiler.org/bot )"
162.243.87.59 - - [03/May/2014:04:27:19 +0200] "GET /news.php?cs_go=archiv&cs_id=4856&cs_search= HTTP/1.1" 200 23311 "http://www.e-s-s-o-berlin.de/news.php?cs_go=archiv&cs_startpos=200" "Mozilla/5.0 (compatible; spbot/4.1.0; +http://OpenLinkProfiler.org/bot )"
162.243.87.59 - - [03/May/2014:04:27:24 +0200] "GET /news.php?cs_go=archiv&cs_id=4851&cs_search= HTTP/1.1" 200 21898 "http://www.e-s-s-o-berlin.de/news.php?cs_go=archiv&cs_startpos=200" "Mozilla/5.0 (compatible; spbot/4.1.0; +http://OpenLinkProfiler.org/bot )"
162.243.87.59 - - [03/May/2014:04:27:29 +0200] "GET /news.php?cs_go=archiv&cs_id=4864&cs_search= HTTP/1.1" 200 20519 "http://www.e-s-s-o-berlin.de/news.php?cs_go=archiv&cs_startpos=200" "Mozilla/5.0 (compatible; spbot/4.1.0; +http://OpenLinkProfiler.org/bot )"
162.243.87.59 - - [03/May/2014:04:27:34 +0200] "GET /news.php?cs_go=archiv&cs_id=4860&cs_search= HTTP/1.1" 200 20950 "http://www.e-s-s-o-berlin.de/news.php?cs_go=archiv&cs_startpos=200" "Mozilla/5.0 (compatible; spbot/4.1.0; +http://OpenLinkProfiler.org/bot )"
162.243.87.59 - - [03/May/2014:04:27:39 +0200] "GET /news.php?cs_go=archiv&cs_id=4824&cs_search= HTTP/1.1" 200 22991 "http://www.e-s-s-o-berlin.de/news.php?cs_go=archiv&cs_startpos=200" "Mozilla/5.0 (compatible; spbot/4.1.0; +http://OpenLinkProfiler.org/bot )"
162.243.87.59 - - [03/May/2014:04:27:44 +0200] "GET /news.php?cs_go=archiv&cs_id=5100&cs_search= HTTP/1.1" 200 20562 "http://www.e-s-s-o-berlin.de/news.php?cs_go=archiv&cs_startpos=20" "Mozilla/5.0 (compatible; spbot/4.1.0; +http://OpenLinkProfiler.org/bot )"
162.243.87.59 - - [03/May/2014:04:27:49 +0200] "GET /news.php?cs_go=archiv&cs_id=4882&cs_search= HTTP/1.1" 200 24278 "http://www.e-s-s-o-berlin.de/news.php?cs_go=archiv&cs_startpos=170" "Mozilla/5.0 (compatible; spbot/4.1.0; +http://OpenLinkProfiler.org/bot )"
162.243.87.59 - - [03/May/2014:04:27:54 +0200] "GET /news.php?cs_go=archiv&cs_id=4881&cs_search= HTTP/1.1" 200 21057 "http://www.e-s-s-o-berlin.de/news.php?cs_go=archiv&cs_startpos=170" "Mozilla/5.0 (compatible; spbot/4.1.0; +http://OpenLinkProfiler.org/bot )"
162.243.87.59 - - [03/May/2014:04:27:59 +0200] "GET /news.php?cs_go=archiv&cs_id=4883&cs_search= HTTP/1.1" 200 20625 "http://www.e-s-s-o-berlin.de/news.php?cs_go=archiv&cs_startpos=170" "Mozilla/5.0 (compatible; spbot/4.1.0; +http://OpenLinkProfiler.org/bot )"
162.243.87.59 - - [03/May/2014:04:28:04 +0200] "GET /news.php?cs_go=archiv&cs_id=4891&cs_search= HTTP/1.1" 200 21084 "http://www.e-s-s-o-berlin.de/news.php?cs_go=archiv&cs_startpos=170" "Mozilla/5.0 (compatible; spbot/4.1.0; +http://OpenLinkProfiler.org/bot )"
162.243.87.59 - - [03/May/2014:04:28:09 +0200] "GET /news.php?cs_go=archiv&cs_id=4890&cs_search= HTTP/1.1" 200 20429 "http://www.e-s-s-o-berlin.de/news.php?cs_go=archiv&cs_startpos=170" "Mozilla/5.0 (compatible; spbot/4.1.0; +http://OpenLinkProfiler.org/bot )"
162.243.87.59 - - [03/May/2014:04:28:14 +0200] "GET /news.php?cs_go=archiv&cs_id=4889&cs_search= HTTP/1.1" 200 24196 "http://www.e-s-s-o-berlin.de/news.php?cs_go=archiv&cs_startpos=170" "Mozilla/5.0 (compatible; spbot/4.1.0; +http://OpenLinkProfiler.org/bot )"
162.243.87.59 - - [03/May/2014:04:28:19 +0200] "GET /news.php?cs_go=archiv&cs_id=4884&cs_search= HTTP/1.1" 200 24414 "http://www.e-s-s-o-berlin.de/news.php?cs_go=archiv&cs_startpos=170" "Mozilla/5.0 (compatible; spbot/4.1.0; +http://OpenLinkProfiler.org/bot )"
162.243.87.59 - - [03/May/2014:04:28:24 +0200] "GET /news.php?cs_go=archiv&cs_id=4886&cs_search= HTTP/1.1" 200 20549 "http://www.e-s-s-o-berlin.de/news.php?cs_go=archiv&cs_startpos=170" "Mozilla/5.0 (compatible; spbot/4.1.0; +http://OpenLinkProfiler.org/bot )"
162.243.87.59 - - [03/May/2014:04:28:30 +0200] "GET /news.php?cs_go=archiv&cs_id=4885&cs_search= HTTP/1.1" 200 23522 "http://www.e-s-s-o-berlin.de/news.php?cs_go=archiv&cs_startpos=170" "Mozilla/5.0 (compatible; spbot/4.1.0; +http://OpenLinkProfiler.org/bot )"
162.243.87.59 - - [03/May/2014:04:28:35 +0200] "GET /news.php?cs_go=archiv&cs_id=4880&cs_search= HTTP/1.1" 200 23144 "http://www.e-s-s-o-berlin.de/news.php?cs_go=archiv&cs_startpos=170" "Mozilla/5.0 (compatible; spbot/4.1.0; +http://OpenLinkProfiler.org/bot )"
37.58.100.170 - - [03/May/2014:04:30:16 +0200] "GET /news.php?cs_go=archiv&cs_id=4881 HTTP/1.1" 200 21057 "-" "Mozilla/5.0 (compatible; AhrefsBot/5.0; +http://ahrefs.com/robot/)"
66.249.73.13 - - [03/May/2014:04:33:59 +0200] "GET /news.php?cs_go=archiv&cs_id=4476 HTTP/1.1" 200 22172 "-" "Mozilla/5.0 (iPhone; CPU iPhone OS 6_0 like Mac OS X) AppleWebKit/536.26 (KHTML, like Gecko) Version/6.0 Mobile/10A5376e Safari/8536.25 (compatible; Googlebot/2.1; +http://www.google.com/bot.html)"
157.55.33.179 - - [03/May/2014:04:35:36 +0200] "GET /robots.txt HTTP/1.1" 404 1256 "-" "Mozilla/5.0 (compatible; bingbot/2.0; +http://www.bing.com/bingbot.htm)"
157.55.33.179 - - [03/May/2014:04:35:39 +0200] "GET / HTTP/1.1" 200 23409 "-" "Mozilla/5.0 (compatible; bingbot/2.0; +http://www.bing.com/bingbot.htm)"
37.58.100.168 - - [03/May/2014:04:38:11 +0200] "GET /news.php?cs_go=archiv&cs_id=5008&cs_search= HTTP/1.1" 200 22406 "-" "Mozilla/5.0 (compatible; AhrefsBot/5.0; +http://ahrefs.com/robot/)"
37.58.100.178 - - [03/May/2014:04:39:47 +0200] "GET /tankanlagen.php HTTP/1.1" 200 22937 "-" "Mozilla/5.0 (compatible; AhrefsBot/5.0; +http://ahrefs.com/robot/)"
37.58.100.231 - - [03/May/2014:04:40:23 +0200] "GET /lexikon.php?cs_go=3&cs_id=83 HTTP/1.1" 200 19575 "-" "Mozilla/5.0 (compatible; AhrefsBot/5.0; +http://ahrefs.com/robot/)"
123.125.71.28 - - [03/May/2014:04:43:39 +0200] "GET / HTTP/1.1" 200 15074 "-" "Mozilla/5.0 (compatible; Baiduspider/2.0; +http://www.baidu.com/search/spider.html)"
220.181.108.99 - - [03/May/2014:04:44:01 +0200] "GET / HTTP/1.1" 200 15074 "-" "Mozilla/5.0 (compatible; Baiduspider/2.0; +http://www.baidu.com/search/spider.html)"
93.219.164.120 - - [03/May/2014:04:58:54 +0200] "GET /brennwerttechnik.php HTTP/1.1" 200 22215 "-" "Mozilla/5.0 (Windows; U; Windows NT 6.0; de; rv:1.9.2.3) Gecko/20100401 Firefox/3.6.3 ( .NET CLR 3.5.30729)"
93.219.164.120 - - [03/May/2014:05:03:33 +0200] "GET /tankreinigung.php HTTP/1.1" 200 22389 "-" "Mozilla/5.0 (Windows; U; Windows NT 6.0; de; rv:1.9.2.3) Gecko/20100401 Firefox/3.6.3 ( .NET CLR 3.5.30729)"
141.8.147.12 - - [03/May/2014:05:10:53 +0200] "GET /lexikon.php?cs_go=3&cs_id=219 HTTP/1.1" 200 19133 "-" "Mozilla/5.0 (compatible; YandexBot/3.0; +http://yandex.com/bots)"
141.8.147.12 - - [03/May/2014:05:10:53 +0200] "GET /ofenbau.php HTTP/1.1" 200 22004 "-" "Mozilla/5.0 (compatible; YandexBot/3.0; +http://yandex.com/bots)"
208.115.113.87 - - [03/May/2014:05:11:53 +0200] "GET /robots.txt HTTP/1.1" 404 1256 "-" "Mozilla/5.0 (compatible; DotBot/1.1; http://www.opensiteexplorer.org/dotbot, help@moz.com)"
141.8.147.12 - - [03/May/2014:05:22:18 +0200] "GET /news.php?cs_go=archiv&cs_id=5110 HTTP/1.1" 200 24591 "-" "Mozilla/5.0 (compatible; YandexBot/3.0; +http://yandex.com/bots)"
141.8.147.12 - - [03/May/2014:05:23:17 +0200] "GET /news.php?cs_go=archiv&cs_id=4663 HTTP/1.1" 200 20803 "-" "Mozilla/5.0 (compatible; YandexBot/3.0; +http://yandex.com/bots)"
141.8.147.12 - - [03/May/2014:05:23:17 +0200] "GET /news.php?cs_go=archiv&cs_id=5108 HTTP/1.1" 200 20577 "-" "Mozilla/5.0 (compatible; YandexBot/3.0; +http://yandex.com/bots)"
141.8.147.12 - - [03/May/2014:05:23:19 +0200] "GET /news.php?cs_go=archiv&cs_id=4755 HTTP/1.1" 200 23087 "-" "Mozilla/5.0 (compatible; YandexBot/3.0; +http://yandex.com/bots)"
141.8.147.12 - - [03/May/2014:05:23:23 +0200] "GET /news.php?cs_go=archiv&cs_id=4751 HTTP/1.1" 200 23555 "-" "Mozilla/5.0 (compatible; YandexBot/3.0; +http://yandex.com/bots)"
141.8.147.12 - - [03/May/2014:05:23:25 +0200] "GET /news.php?cs_go=archiv&cs_id=4778 HTTP/1.1" 200 20685 "-" "Mozilla/5.0 (compatible; YandexBot/3.0; +http://yandex.com/bots)"
141.8.147.12 - - [03/May/2014:05:23:28 +0200] "GET /news.php?cs_go=archiv&cs_id=5124 HTTP/1.1" 200 22990 "-" "Mozilla/5.0 (compatible; YandexBot/3.0; +http://yandex.com/bots)"
66.249.73.70 - - [03/May/2014:05:33:09 +0200] "GET /news.php?cs_go=archiv&cs_id=4646 HTTP/1.1" 200 23768 "-" "Mozilla/5.0 (iPhone; CPU iPhone OS 6_0 like Mac OS X) AppleWebKit/536.26 (KHTML, like Gecko) Version/6.0 Mobile/10A5376e Safari/8536.25 (compatible; Googlebot/2.1; +http://www.google.com/bot.html)"
37.58.100.92 - - [03/May/2014:05:40:40 +0200] "GET /news.php?cs_go=archiv&cs_id=5035 HTTP/1.1" 200 20877 "-" "Mozilla/5.0 (compatible; AhrefsBot/5.0; +http://ahrefs.com/robot/)"
208.115.111.72 - - [03/May/2014:05:40:59 +0200] "GET /faq.php HTTP/1.1" 200 238499 "-" "Mozilla/5.0 (compatible; DotBot/1.1; http://www.opensiteexplorer.org/dotbot, help@moz.com)"
37.58.100.162 - - [03/May/2014:05:47:46 +0200] "GET /news.php HTTP/1.1" 200 33654 "-" "Mozilla/5.0 (compatible; AhrefsBot/5.0; +http://ahrefs.com/robot/)"
208.115.111.66 - - [03/May/2014:05:52:15 +0200] "GET /robots.txt HTTP/1.1" 404 1256 "-" "Mozilla/5.0 (compatible; DotBot/1.1; http://www.opensiteexplorer.org/dotbot, help@moz.com)"
37.58.100.165 - - [03/May/2014:05:54:39 +0200] "GET /news.php?cs_go=archiv&cs_id=5129 HTTP/1.1" 200 24051 "-" "Mozilla/5.0 (compatible; AhrefsBot/5.0; +http://ahrefs.com/robot/)"
68.180.225.113 - - [03/May/2014:05:57:04 +0200] "GET /robots.txt HTTP/1.1" 404 1256 "-" "Mozilla/5.0 (compatible; Yahoo! Slurp; http://help.yahoo.com/help/us/ysearch/slurp)"
68.180.225.113 - - [03/May/2014:05:57:04 +0200] "GET /news.php?cs_go=archiv&cs_startpos=0 HTTP/1.1" 200 33654 "-" "Mozilla/5.0 (compatible; Yahoo! Slurp; http://help.yahoo.com/help/us/ysearch/slurp)"
93.219.164.120 - - [03/May/2014:05:57:24 +0200] "GET /foerdermittel.php HTTP/1.1" 200 24406 "-" "Mozilla/5.0 (Windows; U; Windows NT 6.0; de; rv:1.9.2.3) Gecko/20100401 Firefox/3.6.3 ( .NET CLR 3.5.30729)"
66.249.73.13 - - [03/May/2014:06:01:24 +0200] "GET /lexikon.php?cs_go=3&cs_id=35 HTTP/1.1" 200 19624 "-" "Mozilla/5.0 (compatible; Googlebot/2.1; +http://www.google.com/bot.html)"
66.249.73.70 - - [03/May/2014:06:04:28 +0200] "GET /ofenbau.php HTTP/1.1" 200 22004 "-" "DoCoMo/2.0 N905i(c100;TB;W24H16) (compatible; Googlebot-Mobile/2.1; +http://www.google.com/bot.html)"
37.58.100.154 - - [03/May/2014:06:11:07 +0200] "GET /lexikon.php?cs_go=2&cs_char=v HTTP/1.1" 200 20257 "-" "Mozilla/5.0 (compatible; AhrefsBot/5.0; +http://ahrefs.com/robot/)"
157.55.35.34 - - [03/May/2014:06:15:29 +0200] "GET /index.php HTTP/1.1" 200 23409 "-" "Mozilla/5.0 (compatible; bingbot/2.0; +http://www.bing.com/bingbot.htm)"
95.215.0.27 - - [03/May/2014:06:21:00 +0200] "GET /news.php?cs_go=archiv&cs_id=4869 HTTP/1.1" 200 21131 "-" "Mozilla/5.0 (Windows NT 6.1; WOW64; rv:26.1) Gecko/20100101 Firefox/26.0"
37.58.100.231 - - [03/May/2014:06:23:17 +0200] "GET /news.php?cs_go=archiv&cs_id=5095&cs_search= HTTP/1.1" 200 24263 "-" "Mozilla/5.0 (compatible; AhrefsBot/5.0; +http://ahrefs.com/robot/)"
157.56.93.72 - - [03/May/2014:06:25:38 +0200] "GET /modernisierung.php HTTP/1.1" 200 22880 "-" "Mozilla/5.0 (compatible; bingbot/2.0; +http://www.bing.com/bingbot.htm)"
157.56.93.72 - - [03/May/2014:06:25:40 +0200] "GET /kwk.php HTTP/1.1" 200 22041 "-" "Mozilla/5.0 (compatible; bingbot/2.0; +http://www.bing.com/bingbot.htm)"
37.58.100.134 - - [03/May/2014:06:26:10 +0200] "GET /news.php?cs_go=archiv&cs_id=5093&cs_search= HTTP/1.1" 200 20399 "-" "Mozilla/5.0 (compatible; AhrefsBot/5.0; +http://ahrefs.com/robot/)"
37.58.100.229 - - [03/May/2014:06:27:10 +0200] "GET /news.php?cs_go=archiv&cs_id=5137 HTTP/1.1" 200 20658 "-" "Mozilla/5.0 (compatible; AhrefsBot/5.0; +http://ahrefs.com/robot/)"
66.249.73.13 - - [03/May/2014:06:31:25 +0200] "GET /lexikon.php?cs_go=3&cs_id=59 HTTP/1.1" 200 19849 "-" "Mozilla/5.0 (compatible; Googlebot/2.1; +http://www.google.com/bot.html)"
208.115.111.66 - - [03/May/2014:06:32:10 +0200] "GET /essoschmierstoffe.php HTTP/1.1" 200 22876 "-" "Mozilla/5.0 (compatible; DotBot/1.1; http://www.opensiteexplorer.org/dotbot, help@moz.com)"
66.249.73.70 - - [03/May/2014:06:33:10 +0200] "GET /news.php?cs_go=archiv&cs_id=4453 HTTP/1.1" 200 22391 "-" "Mozilla/5.0 (iPhone; CPU iPhone OS 6_0 like Mac OS X) AppleWebKit/536.26 (KHTML, like Gecko) Version/6.0 Mobile/10A5376e Safari/8536.25 (compatible; Googlebot/2.1; +http://www.google.com/bot.html)"
66.249.73.13 - - [03/May/2014:06:34:48 +0200] "GET / HTTP/1.1" 200 23409 "-" "Mozilla/5.0 (compatible; Googlebot/2.1; +http://www.google.com/bot.html)"
66.249.73.13 - - [03/May/2014:06:40:17 +0200] "GET /Scripts/AC_ActiveX.js HTTP/1.1" 200 2068 "-" "Mozilla/5.0 (compatible; Googlebot/2.1; +http://www.google.com/bot.html)"
66.249.73.13 - - [03/May/2014:06:40:18 +0200] "GET /Scripts/AC_RunActiveContent.js HTTP/1.1" 200 8029 "-" "Mozilla/5.0 (compatible; Googlebot/2.1; +http://www.google.com/bot.html)"
37.58.100.170 - - [03/May/2014:06:41:57 +0200] "GET /lexikon.php?cs_go=3&cs_id=173 HTTP/1.1" 200 19799 "-" "Mozilla/5.0 (compatible; AhrefsBot/5.0; +http://ahrefs.com/robot/)"
37.58.100.134 - - [03/May/2014:06:42:36 +0200] "GET /news.php?cs_go=archiv&cs_id=5080 HTTP/1.1" 200 24279 "-" "Mozilla/5.0 (compatible; AhrefsBot/5.0; +http://ahrefs.com/robot/)"
157.55.32.102 - - [03/May/2014:06:46:22 +0200] "GET /robots.txt HTTP/1.1" 404 1256 "-" "Mozilla/5.0 (compatible; bingbot/2.0; +http://www.bing.com/bingbot.htm)"
66.249.73.13 - - [03/May/2014:06:46:25 +0200] "GET /lexikon.php?cs_go=3&cs_id=99 HTTP/1.1" 200 20640 "-" "Mozilla/5.0 (compatible; Googlebot/2.1; +http://www.google.com/bot.html)"
141.8.147.12 - - [03/May/2014:06:48:00 +0200] "GET /news.php?cs_go=archiv&cs_id=5109 HTTP/1.1" 200 21512 "-" "Mozilla/5.0 (compatible; YandexBot/3.0; +http://yandex.com/bots)"
157.55.32.102 - - [03/May/2014:06:50:17 +0200] "GET /ansprechpartner.php HTTP/1.1" 200 21529 "-" "Mozilla/5.0 (compatible; bingbot/2.0; +http://www.bing.com/bingbot.htm)"
37.58.100.143 - - [03/May/2014:06:55:06 +0200] "GET /news.php?cs_go=archiv&cs_id=5115 HTTP/1.1" 200 20483 "-" "Mozilla/5.0 (compatible; AhrefsBot/5.0; +http://ahrefs.com/robot/)"
94.242.222.221 - - [03/May/2014:06:56:56 +0200] "HEAD / HTTP/1.1" 200 - "-" "-"
157.55.33.179 - - [03/May/2014:06:57:17 +0200] "GET /agb.php HTTP/1.1" 200 31618 "-" "Mozilla/5.0 (compatible; bingbot/2.0; +http://www.bing.com/bingbot.htm)"
66.249.73.198 - - [03/May/2014:06:57:40 +0200] "GET /robots.txt HTTP/1.1" 404 1256 "-" "Mozilla/5.0 (compatible; Googlebot/2.1; +http://www.google.com/bot.html)"
66.249.73.198 - - [03/May/2014:06:57:40 +0200] "GET /video/Mobil_SHC_de.flv HTTP/1.1" 304 - "-" "Googlebot-Video/1.0"
141.8.147.12 - - [03/May/2014:06:58:21 +0200] "GET /news.php?cs_go=archiv&cs_id=5126 HTTP/1.1" 200 24418 "-" "Mozilla/5.0 (compatible; YandexBot/3.0; +http://yandex.com/bots)"
66.249.73.22 - - [03/May/2014:07:00:31 +0200] "GET / HTTP/1.1" 200 23409 "-" "Mozilla/5.0 (compatible; Googlebot/2.1; +http://www.google.com/bot.html)"
141.8.147.12 - - [03/May/2014:07:01:54 +0200] "GET /news.php?cs_go=archiv&cs_id=4891&cs_search= HTTP/1.1" 200 21084 "-" "Mozilla/5.0 (compatible; YandexBot/3.0; +http://yandex.com/bots)"
141.8.147.12 - - [03/May/2014:07:01:54 +0200] "GET /news.php?cs_go=archiv&cs_id=5125 HTTP/1.1" 200 20573 "-" "Mozilla/5.0 (compatible; YandexBot/3.0; +http://yandex.com/bots)"
141.8.147.12 - - [03/May/2014:07:01:58 +0200] "GET /news.php?cs_go=archiv&cs_id=5123 HTTP/1.1" 200 24348 "-" "Mozilla/5.0 (compatible; YandexBot/3.0; +http://yandex.com/bots)"
141.8.147.12 - - [03/May/2014:07:01:59 +0200] "GET /news.php?cs_go=archiv&cs_id=5108 HTTP/1.1" 200 20577 "-" "Mozilla/5.0 (compatible; YandexBot/3.0; +http://yandex.com/bots)"
141.8.147.12 - - [03/May/2014:07:02:02 +0200] "GET /news.php?cs_go=archiv&cs_id=5121 HTTP/1.1" 200 20405 "-" "Mozilla/5.0 (compatible; YandexBot/3.0; +http://yandex.com/bots)"
141.8.147.12 - - [03/May/2014:07:02:03 +0200] "GET /news.php?cs_go=archiv&cs_id=5109 HTTP/1.1" 200 21512 "-" "Mozilla/5.0 (compatible; YandexBot/3.0; +http://yandex.com/bots)"
37.58.100.147 - - [03/May/2014:07:02:57 +0200] "GET /diesel.php HTTP/1.1" 200 22417 "-" "Mozilla/5.0 (compatible; AhrefsBot/5.0; +http://ahrefs.com/robot/)"
141.8.147.12 - - [03/May/2014:07:03:27 +0200] "GET /news.php?cs_go=archiv&cs_id=5122 HTTP/1.1" 200 21363 "-" "Mozilla/5.0 (compatible; YandexBot/3.0; +http://yandex.com/bots)"
141.8.147.12 - - [03/May/2014:07:03:28 +0200] "GET /news.php?cs_go=archiv&cs_id=5111 HTTP/1.1" 200 20560 "-" "Mozilla/5.0 (compatible; YandexBot/3.0; +http://yandex.com/bots)"
141.8.147.12 - - [03/May/2014:07:03:32 +0200] "GET /news.php?cs_go=archiv&cs_id=5125 HTTP/1.1" 200 20573 "-" "Mozilla/5.0 (compatible; YandexBot/3.0; +http://yandex.com/bots)"
141.8.147.12 - - [03/May/2014:07:03:32 +0200] "GET /news.php?cs_go=archiv&cs_id=5110 HTTP/1.1" 200 24591 "-" "Mozilla/5.0 (compatible; YandexBot/3.0; +http://yandex.com/bots)"
66.249.73.22 - - [03/May/2014:07:05:10 +0200] "GET /news.php?cs_go=archiv&cs_id=5137 HTTP/1.1" 200 20658 "-" "Mozilla/5.0 (compatible; Googlebot/2.1; +http://www.google.com/bot.html)"
185.23.225.183 - - [03/May/2014:07:05:27 +0200] "GET /style.css HTTP/1.1" 200 8056 "http://www.esso-berlin.de/lexikon.php?cs_go=3&cs_id=36" "Mozilla/5.0 (Windows NT 6.0; rv:28.0) Gecko/20100101 Firefox/28.0"
185.23.225.183 - - [03/May/2014:07:05:27 +0200] "GET /js/ddaccordion.js HTTP/1.1" 200 12534 "http://www.esso-berlin.de/lexikon.php?cs_go=3&cs_id=36" "Mozilla/5.0 (Windows NT 6.0; rv:28.0) Gecko/20100101 Firefox/28.0"
185.23.225.183 - - [03/May/2014:07:05:27 +0200] "GET /js/slider.js HTTP/1.1" 200 773 "http://www.esso-berlin.de/lexikon.php?cs_go=3&cs_id=36" "Mozilla/5.0 (Windows NT 6.0; rv:28.0) Gecko/20100101 Firefox/28.0"
185.23.225.183 - - [03/May/2014:07:05:27 +0200] "GET /modul.css HTTP/1.1" 200 36485 "http://www.esso-berlin.de/lexikon.php?cs_go=3&cs_id=36" "Mozilla/5.0 (Windows NT 6.0; rv:28.0) Gecko/20100101 Firefox/28.0"
185.23.225.183 - - [03/May/2014:07:05:27 +0200] "GET /js/jquery.min.js HTTP/1.1" 200 57254 "http://www.esso-berlin.de/lexikon.php?cs_go=3&cs_id=36" "Mozilla/5.0 (Windows NT 6.0; rv:28.0) Gecko/20100101 Firefox/28.0"
185.23.225.183 - - [03/May/2014:07:05:28 +0200] "GET /images/wunschpreis.jpg HTTP/1.1" 200 5550 "http://www.esso-berlin.de/lexikon.php?cs_go=3&cs_id=36" "Mozilla/5.0 (Windows NT 6.0; rv:28.0) Gecko/20100101 Firefox/28.0"
185.23.225.183 - - [03/May/2014:07:05:28 +0200] "GET /images/heizoelbestellung.jpg HTTP/1.1" 200 6281 "http://www.esso-berlin.de/lexikon.php?cs_go=3&cs_id=36" "Mozilla/5.0 (Windows NT 6.0; rv:28.0) Gecko/20100101 Firefox/28.0"
185.23.225.183 - - [03/May/2014:07:05:28 +0200] "GET /images/freecall.png HTTP/1.1" 200 15914 "http://www.esso-berlin.de/lexikon.php?cs_go=3&cs_id=36" "Mozilla/5.0 (Windows NT 6.0; rv:28.0) Gecko/20100101 Firefox/28.0"
185.23.225.183 - - [03/May/2014:07:05:28 +0200] "GET /images/adblue_neu.png HTTP/1.1" 200 30982 "http://www.esso-berlin.de/lexikon.php?cs_go=3&cs_id=36" "Mozilla/5.0 (Windows NT 6.0; rv:28.0) Gecko/20100101 Firefox/28.0"
185.23.225.183 - - [03/May/2014:07:05:28 +0200] "GET /images/kwk.png HTTP/1.1" 200 15949 "http://www.esso-berlin.de/lexikon.php?cs_go=3&cs_id=36" "Mozilla/5.0 (Windows NT 6.0; rv:28.0) Gecko/20100101 Firefox/28.0"
185.23.225.183 - - [03/May/2014:07:05:28 +0200] "GET /images/ral.png HTTP/1.1" 200 25696 "http://www.esso-berlin.de/lexikon.php?cs_go=3&cs_id=36" "Mozilla/5.0 (Windows NT 6.0; rv:28.0) Gecko/20100101 Firefox/28.0"
185.23.225.183 - - [03/May/2014:07:05:28 +0200] "GET /images/header.jpg HTTP/1.1" 200 23758 "http://www.esso-berlin.de/style.css" "Mozilla/5.0 (Windows NT 6.0; rv:28.0) Gecko/20100101 Firefox/28.0"
185.23.225.183 - - [03/May/2014:07:05:28 +0200] "GET /images/Imagebroschuere_team_energie.png HTTP/1.1" 200 64117 "http://www.esso-berlin.de/lexikon.php?cs_go=3&cs_id=36" "Mozilla/5.0 (Windows NT 6.0; rv:28.0) Gecko/20100101 Firefox/28.0"
185.23.225.183 - - [03/May/2014:07:05:28 +0200] "GET /images/logos.jpg HTTP/1.1" 200 1205 "http://www.esso-berlin.de/style.css" "Mozilla/5.0 (Windows NT 6.0; rv:28.0) Gecko/20100101 Firefox/28.0"
185.23.225.183 - - [03/May/2014:07:05:28 +0200] "GET /images/content_bg.jpg HTTP/1.1" 200 437 "http://www.esso-berlin.de/style.css" "Mozilla/5.0 (Windows NT 6.0; rv:28.0) Gecko/20100101 Firefox/28.0"
185.23.225.183 - - [03/May/2014:07:05:28 +0200] "GET /images/newsletter.jpg HTTP/1.1" 200 13127 "http://www.esso-berlin.de/style.css" "Mozilla/5.0 (Windows NT 6.0; rv:28.0) Gecko/20100101 Firefox/28.0"
185.23.225.183 - - [03/May/2014:07:05:27 +0200] "GET /lexikon.php?cs_go=3&cs_id=36 HTTP/1.1" 200 19860 "http://www.google.de/url?sa=t&rct=j&q=&esrc=s&source=web&cd=7&sqi=2&ved=0CHYQFjAG&url=http%3A%2F%2Fwww.esso-berlin.de%2Flexikon.php%3Fcs_go%3D3%26cs_id%3D36&ei=dXhkU6rRH-qC4ASGyYD4DA&usg=AFQjCNEjQ87TgkUviVpOAtwqLswkw1Xpgg&sig2=DBm3-IzN_GmRksOha2Czyw&bvm=bv.65788261,d.bGQ" "Mozilla/5.0 (Windows NT 6.0; rv:28.0) Gecko/20100101 Firefox/28.0"
185.23.225.183 - - [03/May/2014:07:05:28 +0200] "GET /favicon.ico HTTP/1.1" 404 1256 "-" "Mozilla/5.0 (Windows NT 6.0; rv:28.0) Gecko/20100101 Firefox/28.0"
185.23.225.183 - - [03/May/2014:07:05:28 +0200] "GET /favicon.ico HTTP/1.1" 404 1256 "-" "Mozilla/5.0 (Windows NT 6.0; rv:28.0) Gecko/20100101 Firefox/28.0"
208.115.113.87 - - [03/May/2014:07:09:19 +0200] "GET /baustellenbetankung.php HTTP/1.1" 200 19811 "-" "Mozilla/5.0 (compatible; DotBot/1.1; http://www.opensiteexplorer.org/dotbot, help@moz.com)"
208.115.111.71 - - [03/May/2014:07:14:35 +0200] "GET /robots.txt HTTP/1.1" 404 1256 "-" "Mozilla/5.0 (compatible; DotBot/1.1; http://www.opensiteexplorer.org/dotbot, help@moz.com)"
37.58.100.181 - - [03/May/2014:07:24:23 +0200] "GET /news.php?cs_go=archiv&cs_startpos=210 HTTP/1.1" 200 19751 "-" "Mozilla/5.0 (compatible; AhrefsBot/5.0; +http://ahrefs.com/robot/)"
157.55.32.96 - - [03/May/2014:07:26:54 +0200] "GET /robots.txt HTTP/1.1" 404 1256 "-" "Mozilla/5.0 (compatible; bingbot/2.0; +http://www.bing.com/bingbot.htm)"
157.55.32.96 - - [03/May/2014:07:26:59 +0200] "GET /marktdaten.php HTTP/1.1" 200 19936 "-" "Mozilla/5.0 (compatible; bingbot/2.0; +http://www.bing.com/bingbot.htm)"
66.249.73.70 - - [03/May/2014:07:27:09 +0200] "GET /diesel.php HTTP/1.1" 200 22417 "-" "SAMSUNG-SGH-E250/1.0 Profile/MIDP-2.0 Configuration/CLDC-1.1 UP.Browser/6.2.3.3.c.1.101 (GUI) MMP/2.0 (compatible; Googlebot-Mobile/2.1; +http://www.google.com/bot.html)"
93.219.164.120 - - [03/May/2014:07:31:41 +0200] "GET /diesel.php HTTP/1.1" 200 22417 "-" "Mozilla/5.0 (Windows; U; Windows NT 6.0; de; rv:1.9.2.3) Gecko/20100401 Firefox/3.6.3 ( .NET CLR 3.5.30729)"
66.249.73.13 - - [03/May/2014:07:36:28 +0200] "GET /news.php?cs_go=archiv&cs_id=3141&cs_search= HTTP/1.1" 200 22290 "-" "Mozilla/5.0 (iPhone; CPU iPhone OS 6_0 like Mac OS X) AppleWebKit/536.26 (KHTML, like Gecko) Version/6.0 Mobile/10A5376e Safari/8536.25 (compatible; Googlebot/2.1; +http://www.google.com/bot.html)"
66.249.73.70 - - [03/May/2014:07:36:44 +0200] "GET /news.php?cs_go=archiv&cs_id=4276 HTTP/1.1" 200 23556 "-" "Mozilla/5.0 (iPhone; CPU iPhone OS 6_0 like Mac OS X) AppleWebKit/536.26 (KHTML, like Gecko) Version/6.0 Mobile/10A5376e Safari/8536.25 (compatible; Googlebot/2.1; +http://www.google.com/bot.html)"
198.143.187.122 - - [03/May/2014:07:37:29 +0200] "GET /robots.txt HTTP/1.1" 404 1256 "-" "Mozilla/5.0 (compatible; BLEXBot/1.0; +http://webmeup-crawler.com/)"
198.143.187.122 - - [03/May/2014:07:37:29 +0200] "GET / HTTP/1.1" 200 23409 "-" "Mozilla/5.0 (compatible; BLEXBot/1.0; +http://webmeup-crawler.com/)"
198.143.187.122 - - [03/May/2014:07:37:34 +0200] "GET /edl.php HTTP/1.1" 200 22495 "-" "Mozilla/5.0 (compatible; BLEXBot/1.0; +http://webmeup-crawler.com/)"
198.143.187.122 - - [03/May/2014:07:37:37 +0200] "GET /kontakt.php HTTP/1.1" 200 20926 "-" "Mozilla/5.0 (compatible; BLEXBot/1.0; +http://webmeup-crawler.com/)"
198.143.187.122 - - [03/May/2014:07:37:40 +0200] "GET /wunschpreis.php HTTP/1.1" 200 24967 "-" "Mozilla/5.0 (compatible; BLEXBot/1.0; +http://webmeup-crawler.com/)"
198.143.187.122 - - [03/May/2014:07:37:43 +0200] "GET /biogasanlage.php HTTP/1.1" 200 19193 "-" "Mozilla/5.0 (compatible; BLEXBot/1.0; +http://webmeup-crawler.com/)"
198.143.187.122 - - [03/May/2014:07:37:46 +0200] "GET /essoschmierstoffe.php HTTP/1.1" 200 22876 "-" "Mozilla/5.0 (compatible; BLEXBot/1.0; +http://webmeup-crawler.com/)"
198.143.187.122 - - [03/May/2014:07:37:49 +0200] "GET /schmierstoffe.php HTTP/1.1" 200 21715 "-" "Mozilla/5.0 (compatible; BLEXBot/1.0; +http://webmeup-crawler.com/)"
198.143.187.122 - - [03/May/2014:07:37:52 +0200] "GET /news.php?cs_go=archiv&cs_id=5129 HTTP/1.1" 200 24051 "-" "Mozilla/5.0 (compatible; BLEXBot/1.0; +http://webmeup-crawler.com/)"
198.143.187.122 - - [03/May/2014:07:37:55 +0200] "GET /baustellenbetankung.php HTTP/1.1" 200 19811 "-" "Mozilla/5.0 (compatible; BLEXBot/1.0; +http://webmeup-crawler.com/)"
198.143.187.122 - - [03/May/2014:07:37:58 +0200] "GET /news.php?cs_go=archiv&cs_id=5127 HTTP/1.1" 200 20513 "-" "Mozilla/5.0 (compatible; BLEXBot/1.0; +http://webmeup-crawler.com/)"
198.143.187.122 - - [03/May/2014:07:38:02 +0200] "GET /news.php?cs_go=archiv&cs_id=5128 HTTP/1.1" 200 20905 "-" "Mozilla/5.0 (compatible; BLEXBot/1.0; +http://webmeup-crawler.com/)"
198.143.187.122 - - [03/May/2014:07:38:05 +0200] "GET /news.php?cs_go=archiv&cs_id=5126 HTTP/1.1" 200 24418 "-" "Mozilla/5.0 (compatible; BLEXBot/1.0; +http://webmeup-crawler.com/)"
198.143.187.122 - - [03/May/2014:07:38:08 +0200] "GET /ansprechpartner.php HTTP/1.1" 200 21529 "-" "Mozilla/5.0 (compatible; BLEXBot/1.0; +http://webmeup-crawler.com/)"
198.143.187.122 - - [03/May/2014:07:38:11 +0200] "GET /news.php?cs_go=archiv HTTP/1.1" 200 33654 "-" "Mozilla/5.0 (compatible; BLEXBot/1.0; +http://webmeup-crawler.com/)"
198.143.187.122 - - [03/May/2014:07:38:14 +0200] "GET /adblue.php HTTP/1.1" 200 23127 "-" "Mozilla/5.0 (compatible; BLEXBot/1.0; +http://webmeup-crawler.com/)"
198.143.187.122 - - [03/May/2014:07:38:17 +0200] "GET /notdienst.php HTTP/1.1" 200 19717 "-" "Mozilla/5.0 (compatible; BLEXBot/1.0; +http://webmeup-crawler.com/)"
198.143.187.122 - - [03/May/2014:07:38:20 +0200] "GET /energiesparcheck.php HTTP/1.1" 200 24797 "-" "Mozilla/5.0 (compatible; BLEXBot/1.0; +http://webmeup-crawler.com/)"
198.143.187.122 - - [03/May/2014:07:38:23 +0200] "GET /index.php HTTP/1.1" 200 23409 "-" "Mozilla/5.0 (compatible; BLEXBot/1.0; +http://webmeup-crawler.com/)"
198.143.187.122 - - [03/May/2014:07:38:26 +0200] "GET /impressum.php HTTP/1.1" 200 20220 "-" "Mozilla/5.0 (compatible; BLEXBot/1.0; +http://webmeup-crawler.com/)"
198.143.187.122 - - [03/May/2014:07:38:29 +0200] "GET /diesel.php HTTP/1.1" 200 22417 "-" "Mozilla/5.0 (compatible; BLEXBot/1.0; +http://webmeup-crawler.com/)"
198.143.187.122 - - [03/May/2014:07:38:32 +0200] "GET /premiumheizoel.php HTTP/1.1" 200 19519 "-" "Mozilla/5.0 (compatible; BLEXBot/1.0; +http://webmeup-crawler.com/)"
198.143.187.122 - - [03/May/2014:07:38:35 +0200] "GET /foerdermittel.php HTTP/1.1" 200 24406 "-" "Mozilla/5.0 (compatible; BLEXBot/1.0; +http://webmeup-crawler.com/)"
198.143.187.122 - - [03/May/2014:07:38:38 +0200] "GET /waermekonto.php HTTP/1.1" 200 30902 "-" "Mozilla/5.0 (compatible; BLEXBot/1.0; +http://webmeup-crawler.com/)"
198.143.187.122 - - [03/May/2014:07:38:41 +0200] "GET /jobs.php HTTP/1.1" 200 19000 "-" "Mozilla/5.0 (compatible; BLEXBot/1.0; +http://webmeup-crawler.com/)"
198.143.187.122 - - [03/May/2014:07:38:44 +0200] "GET /heizoel.php HTTP/1.1" 200 20999 "-" "Mozilla/5.0 (compatible; BLEXBot/1.0; +http://webmeup-crawler.com/)"
198.143.187.122 - - [03/May/2014:07:38:47 +0200] "GET /energiekostenvergleich.php HTTP/1.1" 200 23560 "-" "Mozilla/5.0 (compatible; BLEXBot/1.0; +http://webmeup-crawler.com/)"
198.143.187.122 - - [03/May/2014:07:38:50 +0200] "GET /ofenbau.php HTTP/1.1" 200 22004 "-" "Mozilla/5.0 (compatible; BLEXBot/1.0; +http://webmeup-crawler.com/)"
198.143.187.122 - - [03/May/2014:07:38:53 +0200] "GET /ec.php HTTP/1.1" 200 20733 "-" "Mozilla/5.0 (compatible; BLEXBot/1.0; +http://webmeup-crawler.com/)"
198.143.187.122 - - [03/May/2014:07:38:57 +0200] "GET /newsletter.php HTTP/1.1" 200 19925 "-" "Mozilla/5.0 (compatible; BLEXBot/1.0; +http://webmeup-crawler.com/)"
198.143.187.122 - - [03/May/2014:07:39:00 +0200] "GET /preisanfrage.php HTTP/1.1" 200 23737 "-" "Mozilla/5.0 (compatible; BLEXBot/1.0; +http://webmeup-crawler.com/)"
198.143.187.122 - - [03/May/2014:07:39:03 +0200] "GET /lexikon.php HTTP/1.1" 200 21691 "-" "Mozilla/5.0 (compatible; BLEXBot/1.0; +http://webmeup-crawler.com/)"
198.143.187.122 - - [03/May/2014:07:39:06 +0200] "GET /faq.php HTTP/1.1" 200 238499 "-" "Mozilla/5.0 (compatible; BLEXBot/1.0; +http://webmeup-crawler.com/)"
198.143.187.122 - - [03/May/2014:07:39:09 +0200] "GET /news.php HTTP/1.1" 200 33654 "-" "Mozilla/5.0 (compatible; BLEXBot/1.0; +http://webmeup-crawler.com/)"
198.143.187.122 - - [03/May/2014:07:39:12 +0200] "GET /kwk.php HTTP/1.1" 200 22041 "-" "Mozilla/5.0 (compatible; BLEXBot/1.0; +http://webmeup-crawler.com/)"
198.143.187.122 - - [03/May/2014:07:39:15 +0200] "GET /news.php?cs_go=archiv&cs_id=5135 HTTP/1.1" 200 24202 "-" "Mozilla/5.0 (compatible; BLEXBot/1.0; +http://webmeup-crawler.com/)"
198.143.187.122 - - [03/May/2014:07:39:18 +0200] "GET /marktdaten.php HTTP/1.1" 200 19936 "-" "Mozilla/5.0 (compatible; BLEXBot/1.0; +http://webmeup-crawler.com/)"
198.143.187.122 - - [03/May/2014:07:39:21 +0200] "GET /tankanlagen.php HTTP/1.1" 200 22937 "-" "Mozilla/5.0 (compatible; BLEXBot/1.0; +http://webmeup-crawler.com/)"
198.143.187.122 - - [03/May/2014:07:39:24 +0200] "GET /news.php?cs_go=archiv&cs_id=5137 HTTP/1.1" 200 20658 "-" "Mozilla/5.0 (compatible; BLEXBot/1.0; +http://webmeup-crawler.com/)"
198.143.187.122 - - [03/May/2014:07:39:27 +0200] "GET /brennwerttechnik.php HTTP/1.1" 200 22215 "-" "Mozilla/5.0 (compatible; BLEXBot/1.0; +http://webmeup-crawler.com/)"
198.143.187.122 - - [03/May/2014:07:39:30 +0200] "GET /tankreinigung.php HTTP/1.1" 200 22389 "-" "Mozilla/5.0 (compatible; BLEXBot/1.0; +http://webmeup-crawler.com/)"
198.143.187.122 - - [03/May/2014:07:39:33 +0200] "GET /news.php?cs_go=archiv&cs_id=5123&cs_search= HTTP/1.1" 200 24348 "-" "Mozilla/5.0 (compatible; BLEXBot/1.0; +http://webmeup-crawler.com/)"
198.143.187.122 - - [03/May/2014:07:39:36 +0200] "GET /news.php?cs_go=archiv&cs_startpos=50 HTTP/1.1" 200 34768 "-" "Mozilla/5.0 (compatible; BLEXBot/1.0; +http://webmeup-crawler.com/)"
208.115.111.72 - - [03/May/2014:07:39:39 +0200] "GET /robots.txt HTTP/1.1" 404 1256 "-" "Mozilla/5.0 (compatible; DotBot/1.1; http://www.opensiteexplorer.org/dotbot, help@moz.com)"
198.143.187.122 - - [03/May/2014:07:39:39 +0200] "GET /news.php?cs_go=archiv&cs_id=5137&cs_search= HTTP/1.1" 200 20658 "-" "Mozilla/5.0 (compatible; BLEXBot/1.0; +http://webmeup-crawler.com/)"
198.143.187.122 - - [03/May/2014:07:39:42 +0200] "GET /news.php?cs_go=archiv&cs_startpos=0 HTTP/1.1" 200 33654 "-" "Mozilla/5.0 (compatible; BLEXBot/1.0; +http://webmeup-crawler.com/)"
198.143.187.122 - - [03/May/2014:07:39:45 +0200] "GET /news.php?cs_go=archiv&cs_id=5125&cs_search= HTTP/1.1" 200 20573 "-" "Mozilla/5.0 (compatible; BLEXBot/1.0; +http://webmeup-crawler.com/)"
198.143.187.122 - - [03/May/2014:07:39:48 +0200] "GET /news.php?cs_go=archiv&cs_startpos=40 HTTP/1.1" 200 34531 "-" "Mozilla/5.0 (compatible; BLEXBot/1.0; +http://webmeup-crawler.com/)"
198.143.187.122 - - [03/May/2014:07:39:51 +0200] "GET /news.php?cs_go=archiv&cs_id=5129&cs_search= HTTP/1.1" 200 24051 "-" "Mozilla/5.0 (compatible; BLEXBot/1.0; +http://webmeup-crawler.com/)"
198.143.187.122 - - [03/May/2014:07:39:54 +0200] "GET /news.php?cs_go=archiv&cs_startpos=200 HTTP/1.1" 200 28257 "-" "Mozilla/5.0 (compatible; BLEXBot/1.0; +http://webmeup-crawler.com/)"
198.143.187.122 - - [03/May/2014:07:39:57 +0200] "GET /news.php?cs_go=archiv&cs_id=5122&cs_search= HTTP/1.1" 200 21363 "-" "Mozilla/5.0 (compatible; BLEXBot/1.0; +http://webmeup-crawler.com/)"
198.143.187.122 - - [03/May/2014:07:40:00 +0200] "GET /news.php?cs_go=archiv&cs_startpos=30 HTTP/1.1" 200 34202 "-" "Mozilla/5.0 (compatible; BLEXBot/1.0; +http://webmeup-crawler.com/)"
198.143.187.122 - - [03/May/2014:07:40:04 +0200] "GET /news.php?cs_go=archiv&cs_id=5128&cs_search= HTTP/1.1" 200 20905 "-" "Mozilla/5.0 (compatible; BLEXBot/1.0; +http://webmeup-crawler.com/)"
198.143.187.122 - - [03/May/2014:07:40:07 +0200] "GET /news.php?cs_go=archiv&cs_id=5126&cs_search= HTTP/1.1" 200 24418 "-" "Mozilla/5.0 (compatible; BLEXBot/1.0; +http://webmeup-crawler.com/)"
198.143.187.122 - - [03/May/2014:07:40:10 +0200] "GET /news.php?cs_go=archiv&cs_startpos=20 HTTP/1.1" 200 34144 "-" "Mozilla/5.0 (compatible; BLEXBot/1.0; +http://webmeup-crawler.com/)"
198.143.187.122 - - [03/May/2014:07:40:13 +0200] "GET /news.php?cs_go=archiv&cs_startpos=10 HTTP/1.1" 200 34097 "-" "Mozilla/5.0 (compatible; BLEXBot/1.0; +http://webmeup-crawler.com/)"
198.143.187.122 - - [03/May/2014:07:40:16 +0200] "GET /news.php?cs_go=archiv&cs_id=5124&cs_search= HTTP/1.1" 200 22990 "-" "Mozilla/5.0 (compatible; BLEXBot/1.0; +http://webmeup-crawler.com/)"
198.143.187.122 - - [03/May/2014:07:40:19 +0200] "GET /news.php?cs_go=archiv&cs_id=5135&cs_search= HTTP/1.1" 200 24202 "-" "Mozilla/5.0 (compatible; BLEXBot/1.0; +http://webmeup-crawler.com/)"
198.143.187.122 - - [03/May/2014:07:40:22 +0200] "GET /news.php?cs_go=archiv&cs_id=5127&cs_search= HTTP/1.1" 200 20513 "-" "Mozilla/5.0 (compatible; BLEXBot/1.0; +http://webmeup-crawler.com/)"
198.143.187.122 - - [03/May/2014:07:40:25 +0200] "GET /lexikon.php?cs_go=2&cs_char=r HTTP/1.1" 200 20872 "-" "Mozilla/5.0 (compatible; BLEXBot/1.0; +http://webmeup-crawler.com/)"
198.143.187.122 - - [03/May/2014:07:40:28 +0200] "GET /lexikon.php?cs_go=2&cs_char=s HTTP/1.1" 200 21208 "-" "Mozilla/5.0 (compatible; BLEXBot/1.0; +http://webmeup-crawler.com/)"
198.143.187.122 - - [03/May/2014:07:40:31 +0200] "GET /lexikon.php?cs_go=2&cs_char=t HTTP/1.1" 200 20102 "-" "Mozilla/5.0 (compatible; BLEXBot/1.0; +http://webmeup-crawler.com/)"
198.143.187.122 - - [03/May/2014:07:40:34 +0200] "GET /lexikon.php?cs_go=2&cs_char=u HTTP/1.1" 200 19884 "-" "Mozilla/5.0 (compatible; BLEXBot/1.0; +http://webmeup-crawler.com/)"
198.143.187.122 - - [03/May/2014:07:40:37 +0200] "GET /lexikon.php?cs_go=2&cs_char=n HTTP/1.1" 200 19718 "-" "Mozilla/5.0 (compatible; BLEXBot/1.0; +http://webmeup-crawler.com/)"
208.115.111.73 - - [03/May/2014:07:40:40 +0200] "GET /robots.txt HTTP/1.1" 404 1256 "-" "Mozilla/5.0 (compatible; DotBot/1.1; http://www.opensiteexplorer.org/dotbot, help@moz.com)"
198.143.187.122 - - [03/May/2014:07:40:40 +0200] "GET /lexikon.php?cs_go=2&cs_char=o HTTP/1.1" 200 20401 "-" "Mozilla/5.0 (compatible; BLEXBot/1.0; +http://webmeup-crawler.com/)"
198.143.187.122 - - [03/May/2014:07:40:43 +0200] "GET /lexikon.php?cs_go=2&cs_char=p HTTP/1.1" 200 20306 "-" "Mozilla/5.0 (compatible; BLEXBot/1.0; +http://webmeup-crawler.com/)"
