66.249.65.224 - - [04/May/2014:01:39:32 +0200] "GET /modul.css HTTP/1.1" 200 36485 "http://www.essoberlin.de/news.php?cs_go=archiv&cs_id=5127" "Mozilla/5.0 (compatible; Googlebot/2.1; +http://www.google.com/bot.html)"
66.249.65.160 - - [04/May/2014:01:39:33 +0200] "GET /style.css HTTP/1.1" 200 8056 "http://www.essoberlin.de/news.php?cs_go=archiv&cs_id=5135" "Mozilla/5.0 (compatible; Googlebot/2.1; +http://www.google.com/bot.html)"
66.249.65.224 - - [04/May/2014:01:39:34 +0200] "GET /modul.css HTTP/1.1" 200 36485 "http://www.essoberlin.de/news.php?cs_go=archiv&cs_id=5135" "Mozilla/5.0 (compatible; Googlebot/2.1; +http://www.google.com/bot.html)"
66.249.65.192 - - [04/May/2014:01:39:34 +0200] "GET /modul.css HTTP/1.1" 200 36485 "http://www.essoberlin.de/news.php?cs_go=archiv&cs_id=5137" "Mozilla/5.0 (compatible; Googlebot/2.1; +http://www.google.com/bot.html)"
66.249.65.160 - - [04/May/2014:01:39:35 +0200] "GET /style.css HTTP/1.1" 200 8056 "http://www.essoberlin.de/news.php?cs_go=archiv&cs_id=5137" "Mozilla/5.0 (compatible; Googlebot/2.1; +http://www.google.com/bot.html)"
178.255.215.76 - - [04/May/2014:01:39:39 +0200] "GET / HTTP/1.1" 200 23409 "-" "Mozilla/5.0 (compatible; Exabot/3.0; +http://www.exabot.com/go/robot)"
66.249.73.13 - - [04/May/2014:01:40:20 +0200] "GET /essoschmierstoffe.php HTTP/1.1" 200 22876 "-" "DoCoMo/2.0 N905i(c100;TB;W24H16) (compatible; Googlebot-Mobile/2.1; +http://www.google.com/bot.html)"
141.8.147.12 - - [04/May/2014:01:42:36 +0200] "GET /lexikon.php?cs_go=2&cs_char=y HTTP/1.1" 200 19750 "-" "Mozilla/5.0 (compatible; YandexBot/3.0; +http://yandex.com/bots)"
141.8.147.12 - - [04/May/2014:01:42:39 +0200] "GET /news.php?cs_go=archiv&cs_id=5127 HTTP/1.1" 200 20513 "-" "Mozilla/5.0 (compatible; YandexBot/3.0; +http://yandex.com/bots)"
66.249.65.202 - - [04/May/2014:01:44:44 +0200] "GET /impressum.php HTTP/1.1" 200 20220 "-" "Mozilla/5.0 (compatible; Googlebot/2.1; +http://www.google.com/bot.html)"
199.58.86.211 - - [04/May/2014:01:51:13 +0200] "GET /robots.txt HTTP/1.0" 404 1256 "-" "Mozilla/5.0 (compatible; MJ12bot/v1.4.5; http://www.majestic12.co.uk/bot.php?+)"
199.58.86.211 - - [04/May/2014:01:51:15 +0200] "GET /faq.php HTTP/1.0" 200 236428 "-" "Mozilla/5.0 (compatible; MJ12bot/v1.4.5; http://www.majestic12.co.uk/bot.php?+)"
199.58.86.211 - - [04/May/2014:01:51:18 +0200] "GET /robots.txt HTTP/1.0" 404 1256 "-" "Mozilla/5.0 (compatible; MJ12bot/v1.4.5; http://www.majestic12.co.uk/bot.php?+)"
199.58.86.211 - - [04/May/2014:01:51:20 +0200] "GET /schmierstoffe.php HTTP/1.0" 200 21715 "-" "Mozilla/5.0 (compatible; MJ12bot/v1.4.5; http://www.majestic12.co.uk/bot.php?+)"
66.249.65.103 - - [04/May/2014:01:53:27 +0200] "GET /news.php?cs_go=archiv&cs_id=4051 HTTP/1.1" 200 24077 "-" "Mozilla/5.0 (iPhone; CPU iPhone OS 6_0 like Mac OS X) AppleWebKit/536.26 (KHTML, like Gecko) Version/6.0 Mobile/10A5376e Safari/8536.25 (compatible; Googlebot/2.1; +http://www.google.com/bot.html)"
5.199.136.130 - - [04/May/2014:01:57:18 +0200] "GET /robots.txt HTTP/1.1" 404 1256 "-" "Mozilla/5.0 (compatible; waybackarchive.org/1.0; +spider@waybackarchive.org)"
5.199.136.130 - - [04/May/2014:01:57:18 +0200] "GET /news.php?cs_go=archiv&cs_id=5135 HTTP/1.1" 200 24202 "-" "Mozilla/5.0 (compatible; waybackarchive.org/1.0; +spider@waybackarchive.org)"
157.55.32.237 - - [04/May/2014:02:00:12 +0200] "GET / HTTP/1.1" 200 23409 "-" "Mozilla/5.0 (compatible; bingbot/2.0; +http://www.bing.com/bingbot.htm)"
95.215.0.27 - - [04/May/2014:02:00:24 +0200] "GET /news.php?cs_go=archiv&cs_id=4494 HTTP/1.1" 200 24148 "-" "Mozilla/5.0 (Windows NT 6.1; WOW64; rv:26.1) Gecko/20100101 Firefox/26.0"
141.8.147.12 - - [04/May/2014:02:01:58 +0200] "GET /news.php?cs_go=archiv&cs_id=5107 HTTP/1.1" 200 24311 "-" "Mozilla/5.0 (compatible; YandexBot/3.0; +http://yandex.com/bots)"
93.219.153.2 - - [04/May/2014:02:05:37 +0200] "GET /images/RAL_Guetezeichen_Energiehandel.pdf HTTP/1.1" 200 538987 "-" "Mozilla/5.0 (Windows; U; Windows NT 6.0; de; rv:1.9.2.3) Gecko/20100401 Firefox/3.6.3 ( .NET CLR 3.5.30729)"
66.249.65.39 - - [04/May/2014:02:06:33 +0200] "GET /news.php?cs_go=archiv&cs_id=4456 HTTP/1.1" 200 24788 "-" "Mozilla/5.0 (compatible; Googlebot/2.1; +http://www.google.com/bot.html)"
82.94.179.38 - - [04/May/2014:02:07:18 +0200] "GET /robots.txt HTTP/1.0" 404 1256 "-" "Mozilla/4.0 (compatible; Vagabondo/4.0/EU; http://webagent.wise-guys.nl/)"
82.94.179.38 - - [04/May/2014:02:07:18 +0200] "GET /lexikon.php?cs_go=3&cs_id=35 HTTP/1.1" 200 19624 "http://www.soberlin.de/lexikon.php?cs_go=2&cs_char=c" "Mozilla/4.0 (compatible; Vagabondo/4.0/EU; http://www.wise-guys.nl/)"
82.94.179.38 - - [04/May/2014:02:07:28 +0200] "GET /lexikon.php?cs_go=3&cs_id=228 HTTP/1.1" 200 20384 "http://www.soberlin.de/lexikon.php?cs_go=2&cs_char=w" "Mozilla/4.0 (compatible; Vagabondo/4.0/EU; http://www.wise-guys.nl/)"
82.94.179.38 - - [04/May/2014:02:07:37 +0200] "GET /lexikon.php?cs_go=3&cs_id=27 HTTP/1.1" 200 19656 "http://www.soberlin.de/lexikon.php?cs_go=2&cs_char=b" "Mozilla/4.0 (compatible; Vagabondo/4.0/EU; http://www.wise-guys.nl/)"
82.94.179.38 - - [04/May/2014:02:07:47 +0200] "GET /lexikon.php?cs_go=3&cs_id=40 HTTP/1.1" 200 23247 "http://www.soberlin.de/lexikon.php?cs_go=2&cs_char=c" "Mozilla/4.0 (compatible; Vagabondo/4.0/EU; http://www.wise-guys.nl/)"
82.94.179.38 - - [04/May/2014:02:07:57 +0200] "GET /lexikon.php?cs_go=3&cs_id=217 HTTP/1.1" 200 19261 "http://www.soberlin.de/lexikon.php?cs_go=2&cs_char=v" "Mozilla/4.0 (compatible; Vagabondo/4.0/EU; http://www.wise-guys.nl/)"
82.94.179.38 - - [04/May/2014:02:08:08 +0200] "GET /lexikon.php?cs_go=3&cs_id=162 HTTP/1.1" 200 20540 "http://www.soberlin.de/lexikon.php?cs_go=2&cs_char=p" "Mozilla/4.0 (compatible; Vagabondo/4.0/EU; http://www.wise-guys.nl/)"
82.94.179.38 - - [04/May/2014:02:08:17 +0200] "GET /lexikon.php?cs_go=3&cs_id=187 HTTP/1.1" 200 19643 "http://www.soberlin.de/lexikon.php?cs_go=2&cs_char=s" "Mozilla/4.0 (compatible; Vagabondo/4.0/EU; http://www.wise-guys.nl/)"
82.94.179.38 - - [04/May/2014:02:08:27 +0200] "GET /lexikon.php?cs_go=3&cs_id=191 HTTP/1.1" 200 20502 "http://www.soberlin.de/lexikon.php?cs_go=2&cs_char=s" "Mozilla/4.0 (compatible; Vagabondo/4.0/EU; http://www.wise-guys.nl/)"
82.94.179.38 - - [04/May/2014:02:08:36 +0200] "GET /lexikon.php?cs_go=3&cs_id=177 HTTP/1.1" 200 19122 "http://www.soberlin.de/lexikon.php?cs_go=2&cs_char=r" "Mozilla/4.0 (compatible; Vagabondo/4.0/EU; http://www.wise-guys.nl/)"
82.94.179.38 - - [04/May/2014:02:08:45 +0200] "GET /lexikon.php?cs_go=3&cs_id=221 HTTP/1.1" 200 19157 "http://www.soberlin.de/lexikon.php?cs_go=2&cs_char=v" "Mozilla/4.0 (compatible; Vagabondo/4.0/EU; http://www.wise-guys.nl/)"
82.94.179.38 - - [04/May/2014:02:08:56 +0200] "GET /lexikon.php?cs_go=3&cs_id=21 HTTP/1.1" 200 20245 "http://www.soberlin.de/lexikon.php?cs_go=2&cs_char=b" "Mozilla/4.0 (compatible; Vagabondo/4.0/EU; http://www.wise-guys.nl/)"
82.94.179.38 - - [04/May/2014:02:09:06 +0200] "GET /lexikon.php?cs_go=3&cs_id=170 HTTP/1.1" 200 20564 "http://www.soberlin.de/lexikon.php?cs_go=2&cs_char=r" "Mozilla/4.0 (compatible; Vagabondo/4.0/EU; http://www.wise-guys.nl/)"
82.94.179.38 - - [04/May/2014:02:09:16 +0200] "GET /lexikon.php?cs_go=3&cs_id=207 HTTP/1.1" 200 19143 "http://www.soberlin.de/lexikon.php?cs_go=2&cs_char=t" "Mozilla/4.0 (compatible; Vagabondo/4.0/EU; http://www.wise-guys.nl/)"
82.94.179.38 - - [04/May/2014:02:09:26 +0200] "GET /lexikon.php?cs_go=3&cs_id=189 HTTP/1.1" 200 19365 "http://www.soberlin.de/lexikon.php?cs_go=2&cs_char=s" "Mozilla/4.0 (compatible; Vagabondo/4.0/EU; http://www.wise-guys.nl/)"
199.30.20.20 - - [04/May/2014:02:09:34 +0200] "GET /robots.txt HTTP/1.1" 404 1256 "-" "msnbot-media/1.1 (+http://search.msn.com/msnbot.htm)"
199.30.20.20 - - [04/May/2014:02:09:34 +0200] "GET /news.php?cs_go=archiv&cs_id=4840 HTTP/1.1" 200 24361 "-" "msnbot-media/1.1 (+http://search.msn.com/msnbot.htm)"
82.94.179.38 - - [04/May/2014:02:09:36 +0200] "GET /lexikon.php?cs_go=3&cs_id=24 HTTP/1.1" 200 19209 "http://www.soberlin.de/lexikon.php?cs_go=2&cs_char=b" "Mozilla/4.0 (compatible; Vagabondo/4.0/EU; http://www.wise-guys.nl/)"
82.94.179.38 - - [04/May/2014:02:09:46 +0200] "GET /lexikon.php?cs_go=3&cs_id=212 HTTP/1.1" 200 19683 "http://www.soberlin.de/lexikon.php?cs_go=2&cs_char=u" "Mozilla/4.0 (compatible; Vagabondo/4.0/EU; http://www.wise-guys.nl/)"
82.94.179.38 - - [04/May/2014:02:09:55 +0200] "GET /lexikon.php?cs_go=3&cs_id=190 HTTP/1.1" 200 19617 "http://www.soberlin.de/lexikon.php?cs_go=2&cs_char=s" "Mozilla/4.0 (compatible; Vagabondo/4.0/EU; http://www.wise-guys.nl/)"
82.94.179.38 - - [04/May/2014:02:10:04 +0200] "GET /lexikon.php?cs_go=3&cs_id=205 HTTP/1.1" 200 19439 "http://www.soberlin.de/lexikon.php?cs_go=2&cs_char=t" "Mozilla/4.0 (compatible; Vagabondo/4.0/EU; http://www.wise-guys.nl/)"
82.94.179.38 - - [04/May/2014:02:10:15 +0200] "GET /lexikon.php?cs_go=3&cs_id=37 HTTP/1.1" 200 19546 "http://www.soberlin.de/lexikon.php?cs_go=2&cs_char=c" "Mozilla/4.0 (compatible; Vagabondo/4.0/EU; http://www.wise-guys.nl/)"
82.94.179.38 - - [04/May/2014:02:10:25 +0200] "GET /lexikon.php?cs_go=3&cs_id=199 HTTP/1.1" 200 19131 "http://www.soberlin.de/lexikon.php?cs_go=2&cs_char=s" "Mozilla/4.0 (compatible; Vagabondo/4.0/EU; http://www.wise-guys.nl/)"
82.94.179.38 - - [04/May/2014:02:10:35 +0200] "GET /lexikon.php?cs_go=3&cs_id=209 HTTP/1.1" 200 19436 "http://www.soberlin.de/lexikon.php?cs_go=2&cs_char=u" "Mozilla/4.0 (compatible; Vagabondo/4.0/EU; http://www.wise-guys.nl/)"
82.94.179.38 - - [04/May/2014:02:10:45 +0200] "GET /lexikon.php?cs_go=3&cs_id=208 HTTP/1.1" 200 19497 "http://www.soberlin.de/lexikon.php?cs_go=2&cs_char=t" "Mozilla/4.0 (compatible; Vagabondo/4.0/EU; http://www.wise-guys.nl/)"
82.94.179.38 - - [04/May/2014:02:10:54 +0200] "GET /lexikon.php?cs_go=3&cs_id=31 HTTP/1.1" 200 19177 "http://www.soberlin.de/lexikon.php?cs_go=2&cs_char=b" "Mozilla/4.0 (compatible; Vagabondo/4.0/EU; http://www.wise-guys.nl/)"
82.94.179.38 - - [04/May/2014:02:11:04 +0200] "GET /lexikon.php?cs_go=3&cs_id=23 HTTP/1.1" 200 20609 "http://www.soberlin.de/lexikon.php?cs_go=2&cs_char=b" "Mozilla/4.0 (compatible; Vagabondo/4.0/EU; http://www.wise-guys.nl/)"
82.94.179.38 - - [04/May/2014:02:11:14 +0200] "GET /lexikon.php?cs_go=3&cs_id=193 HTTP/1.1" 200 19145 "http://www.soberlin.de/lexikon.php?cs_go=2&cs_char=s" "Mozilla/4.0 (compatible; Vagabondo/4.0/EU; http://www.wise-guys.nl/)"
82.94.179.38 - - [04/May/2014:02:11:24 +0200] "GET /lexikon.php?cs_go=3&cs_id=169 HTTP/1.1" 200 19175 "http://www.soberlin.de/lexikon.php?cs_go=2&cs_char=r" "Mozilla/4.0 (compatible; Vagabondo/4.0/EU; http://www.wise-guys.nl/)"
82.94.179.38 - - [04/May/2014:02:11:34 +0200] "GET /lexikon.php?cs_go=3&cs_id=201 HTTP/1.1" 200 19934 "http://www.soberlin.de/lexikon.php?cs_go=2&cs_char=s" "Mozilla/4.0 (compatible; Vagabondo/4.0/EU; http://www.wise-guys.nl/)"
82.94.179.38 - - [04/May/2014:02:11:44 +0200] "GET /lexikon.php?cs_go=3&cs_id=231 HTTP/1.1" 200 19511 "http://www.soberlin.de/lexikon.php?cs_go=2&cs_char=z" "Mozilla/4.0 (compatible; Vagabondo/4.0/EU; http://www.wise-guys.nl/)"
82.94.179.38 - - [04/May/2014:02:11:53 +0200] "GET /lexikon.php?cs_go=3&cs_id=233 HTTP/1.1" 200 20140 "http://www.soberlin.de/lexikon.php?cs_go=2&cs_char=h" "Mozilla/4.0 (compatible; Vagabondo/4.0/EU; http://www.wise-guys.nl/)"
82.94.179.38 - - [04/May/2014:02:12:03 +0200] "GET /lexikon.php?cs_go=3&cs_id=167 HTTP/1.1" 200 19142 "http://www.soberlin.de/lexikon.php?cs_go=2&cs_char=r" "Mozilla/4.0 (compatible; Vagabondo/4.0/EU; http://www.wise-guys.nl/)"
82.94.179.38 - - [04/May/2014:02:12:13 +0200] "GET /lexikon.php?cs_go=3&cs_id=18 HTTP/1.1" 200 19166 "http://www.soberlin.de/lexikon.php?cs_go=2&cs_char=a" "Mozilla/4.0 (compatible; Vagabondo/4.0/EU; http://www.wise-guys.nl/)"
82.94.179.38 - - [04/May/2014:02:12:22 +0200] "GET /lexikon.php?cs_go=3&cs_id=215 HTTP/1.1" 200 19772 "http://www.soberlin.de/lexikon.php?cs_go=2&cs_char=v" "Mozilla/4.0 (compatible; Vagabondo/4.0/EU; http://www.wise-guys.nl/)"
82.94.179.38 - - [04/May/2014:02:12:32 +0200] "GET /lexikon.php?cs_go=3&cs_id=230 HTTP/1.1" 200 19700 "http://www.soberlin.de/lexikon.php?cs_go=2&cs_char=z" "Mozilla/4.0 (compatible; Vagabondo/4.0/EU; http://www.wise-guys.nl/)"
82.94.179.38 - - [04/May/2014:02:12:42 +0200] "GET /lexikon.php?cs_go=3&cs_id=168 HTTP/1.1" 200 20278 "http://www.soberlin.de/lexikon.php?cs_go=2&cs_char=r" "Mozilla/4.0 (compatible; Vagabondo/4.0/EU; http://www.wise-guys.nl/)"
82.94.179.38 - - [04/May/2014:02:12:52 +0200] "GET /lexikon.php?cs_go=3&cs_id=2 HTTP/1.1" 200 19564 "http://www.soberlin.de/lexikon.php?cs_go=2&cs_char=a" "Mozilla/4.0 (compatible; Vagabondo/4.0/EU; http://www.wise-guys.nl/)"
82.94.179.38 - - [04/May/2014:02:13:03 +0200] "GET /lexikon.php?cs_go=3&cs_id=200 HTTP/1.1" 200 21140 "http://www.soberlin.de/lexikon.php?cs_go=2&cs_char=s" "Mozilla/4.0 (compatible; Vagabondo/4.0/EU; http://www.wise-guys.nl/)"
82.94.179.38 - - [04/May/2014:02:13:14 +0200] "GET /lexikon.php?cs_go=3&cs_id=222 HTTP/1.1" 200 20763 "http://www.soberlin.de/lexikon.php?cs_go=2&cs_char=v" "Mozilla/4.0 (compatible; Vagabondo/4.0/EU; http://www.wise-guys.nl/)"
157.56.92.156 - - [04/May/2014:02:13:15 +0200] "GET /robots.txt HTTP/1.1" 404 1256 "-" "Mozilla/5.0 (compatible; bingbot/2.0; +http://www.bing.com/bingbot.htm)"
82.94.179.38 - - [04/May/2014:02:13:25 +0200] "GET /lexikon.php?cs_go=3&cs_id=197 HTTP/1.1" 200 19133 "http://www.soberlin.de/lexikon.php?cs_go=2&cs_char=s" "Mozilla/4.0 (compatible; Vagabondo/4.0/EU; http://www.wise-guys.nl/)"
82.94.179.38 - - [04/May/2014:02:13:35 +0200] "GET /lexikon.php?cs_go=3&cs_id=164 HTTP/1.1" 200 19399 "http://www.soberlin.de/lexikon.php?cs_go=2&cs_char=p" "Mozilla/4.0 (compatible; Vagabondo/4.0/EU; http://www.wise-guys.nl/)"
157.55.32.95 - - [04/May/2014:02:13:36 +0200] "GET /energiekostenvergleich.php HTTP/1.1" 200 23560 "-" "Mozilla/5.0 (compatible; bingbot/2.0; +http://www.bing.com/bingbot.htm)"
82.94.179.38 - - [04/May/2014:02:13:45 +0200] "GET /lexikon.php?cs_go=3&cs_id=181 HTTP/1.1" 200 19133 "http://www.soberlin.de/lexikon.php?cs_go=2&cs_char=r" "Mozilla/4.0 (compatible; Vagabondo/4.0/EU; http://www.wise-guys.nl/)"
82.94.179.38 - - [04/May/2014:02:13:54 +0200] "GET /lexikon.php?cs_go=3&cs_id=218 HTTP/1.1" 200 19154 "http://www.soberlin.de/lexikon.php?cs_go=2&cs_char=v" "Mozilla/4.0 (compatible; Vagabondo/4.0/EU; http://www.wise-guys.nl/)"
82.94.179.38 - - [04/May/2014:02:14:03 +0200] "GET /lexikon.php?cs_go=3&cs_id=178 HTTP/1.1" 200 19613 "http://www.soberlin.de/lexikon.php?cs_go=2&cs_char=r" "Mozilla/4.0 (compatible; Vagabondo/4.0/EU; http://www.wise-guys.nl/)"
82.94.179.38 - - [04/May/2014:02:14:13 +0200] "GET /lexikon.php?cs_go=3&cs_id=22 HTTP/1.1" 200 19857 "http://www.soberlin.de/lexikon.php?cs_go=2&cs_char=b" "Mozilla/4.0 (compatible; Vagabondo/4.0/EU; http://www.wise-guys.nl/)"
82.94.179.38 - - [04/May/2014:02:14:23 +0200] "GET /lexikon.php?cs_go=3&cs_id=196 HTTP/1.1" 200 19431 "http://www.soberlin.de/lexikon.php?cs_go=2&cs_char=s" "Mozilla/4.0 (compatible; Vagabondo/4.0/EU; http://www.wise-guys.nl/)"
82.94.179.38 - - [04/May/2014:02:14:34 +0200] "GET /lexikon.php?cs_go=3&cs_id=161 HTTP/1.1" 200 19180 "http://www.soberlin.de/lexikon.php?cs_go=2&cs_char=p" "Mozilla/4.0 (compatible; Vagabondo/4.0/EU; http://www.wise-guys.nl/)"
82.94.179.38 - - [04/May/2014:02:14:43 +0200] "GET /lexikon.php?cs_go=3&cs_id=41 HTTP/1.1" 200 19493 "http://www.soberlin.de/lexikon.php?cs_go=2&cs_char=c" "Mozilla/4.0 (compatible; Vagabondo/4.0/EU; http://www.wise-guys.nl/)"
82.94.179.38 - - [04/May/2014:02:14:52 +0200] "GET /lexikon.php?cs_go=3&cs_id=180 HTTP/1.1" 200 20217 "http://www.soberlin.de/lexikon.php?cs_go=2&cs_char=r" "Mozilla/4.0 (compatible; Vagabondo/4.0/EU; http://www.wise-guys.nl/)"
82.94.179.38 - - [04/May/2014:02:15:01 +0200] "GET /lexikon.php?cs_go=3&cs_id=30 HTTP/1.1" 200 19137 "http://www.soberlin.de/lexikon.php?cs_go=2&cs_char=b" "Mozilla/4.0 (compatible; Vagabondo/4.0/EU; http://www.wise-guys.nl/)"
82.94.179.38 - - [04/May/2014:02:15:12 +0200] "GET /lexikon.php?cs_go=3&cs_id=171 HTTP/1.1" 200 19146 "http://www.soberlin.de/lexikon.php?cs_go=2&cs_char=r" "Mozilla/4.0 (compatible; Vagabondo/4.0/EU; http://www.wise-guys.nl/)"
82.94.179.38 - - [04/May/2014:02:15:23 +0200] "GET /lexikon.php?cs_go=3&cs_id=186 HTTP/1.1" 200 19381 "http://www.soberlin.de/lexikon.php?cs_go=2&cs_char=s" "Mozilla/4.0 (compatible; Vagabondo/4.0/EU; http://www.wise-guys.nl/)"
82.94.179.38 - - [04/May/2014:02:15:32 +0200] "GET /lexikon.php?cs_go=3&cs_id=166 HTTP/1.1" 200 20331 "http://www.soberlin.de/lexikon.php?cs_go=2&cs_char=q" "Mozilla/4.0 (compatible; Vagabondo/4.0/EU; http://www.wise-guys.nl/)"
82.94.179.38 - - [04/May/2014:02:15:43 +0200] "GET /lexikon.php?cs_go=3&cs_id=211 HTTP/1.1" 200 19703 "http://www.soberlin.de/lexikon.php?cs_go=2&cs_char=u" "Mozilla/4.0 (compatible; Vagabondo/4.0/EU; http://www.wise-guys.nl/)"
82.94.179.38 - - [04/May/2014:02:15:53 +0200] "GET /lexikon.php?cs_go=3&cs_id=28 HTTP/1.1" 200 19489 "http://www.soberlin.de/lexikon.php?cs_go=2&cs_char=b" "Mozilla/4.0 (compatible; Vagabondo/4.0/EU; http://www.wise-guys.nl/)"
82.94.179.38 - - [04/May/2014:02:16:03 +0200] "GET /lexikon.php?cs_go=3&cs_id=4 HTTP/1.1" 200 19329 "http://www.soberlin.de/lexikon.php?cs_go=2&cs_char=a" "Mozilla/4.0 (compatible; Vagabondo/4.0/EU; http://www.wise-guys.nl/)"
82.94.179.38 - - [04/May/2014:02:16:14 +0200] "GET /lexikon.php?cs_go=3&cs_id=34 HTTP/1.1" 200 19578 "http://www.soberlin.de/lexikon.php?cs_go=2&cs_char=b" "Mozilla/4.0 (compatible; Vagabondo/4.0/EU; http://www.wise-guys.nl/)"
82.94.179.38 - - [04/May/2014:02:16:24 +0200] "GET /lexikon.php?cs_go=3&cs_id=214 HTTP/1.1" 200 19279 "http://www.soberlin.de/lexikon.php?cs_go=2&cs_char=u" "Mozilla/4.0 (compatible; Vagabondo/4.0/EU; http://www.wise-guys.nl/)"
82.94.179.38 - - [04/May/2014:02:16:36 +0200] "GET /lexikon.php?cs_go=3&cs_id=174 HTTP/1.1" 200 19853 "http://www.soberlin.de/lexikon.php?cs_go=2&cs_char=r" "Mozilla/4.0 (compatible; Vagabondo/4.0/EU; http://www.wise-guys.nl/)"
82.94.179.38 - - [04/May/2014:02:16:46 +0200] "GET /lexikon.php?cs_go=3&cs_id=188 HTTP/1.1" 200 19142 "http://www.soberlin.de/lexikon.php?cs_go=2&cs_char=s" "Mozilla/4.0 (compatible; Vagabondo/4.0/EU; http://www.wise-guys.nl/)"
82.94.179.38 - - [04/May/2014:02:16:56 +0200] "GET /lexikon.php?cs_go=3&cs_id=227 HTTP/1.1" 200 19817 "http://www.soberlin.de/lexikon.php?cs_go=2&cs_char=w" "Mozilla/4.0 (compatible; Vagabondo/4.0/EU; http://www.wise-guys.nl/)"
82.94.179.38 - - [04/May/2014:02:17:05 +0200] "GET /lexikon.php?cs_go=3&cs_id=194 HTTP/1.1" 200 19150 "http://www.soberlin.de/lexikon.php?cs_go=2&cs_char=s" "Mozilla/4.0 (compatible; Vagabondo/4.0/EU; http://www.wise-guys.nl/)"
82.94.179.38 - - [04/May/2014:02:17:14 +0200] "GET /lexikon.php?cs_go=3&cs_id=229 HTTP/1.1" 200 19136 "http://www.soberlin.de/lexikon.php?cs_go=2&cs_char=w" "Mozilla/4.0 (compatible; Vagabondo/4.0/EU; http://www.wise-guys.nl/)"
82.94.179.38 - - [04/May/2014:02:17:25 +0200] "GET /lexikon.php?cs_go=3&cs_id=36 HTTP/1.1" 200 19860 "http://www.soberlin.de/lexikon.php?cs_go=2&cs_char=c" "Mozilla/4.0 (compatible; Vagabondo/4.0/EU; http://www.wise-guys.nl/)"
66.249.65.39 - - [04/May/2014:02:17:27 +0200] "GET /news.php?cs_go=archiv&cs_id=2925&cs_search= HTTP/1.1" 200 20469 "-" "Mozilla/5.0 (compatible; Googlebot/2.1; +http://www.google.com/bot.html)"
82.94.179.38 - - [04/May/2014:02:17:36 +0200] "GET /lexikon.php?cs_go=3&cs_id=159 HTTP/1.1" 200 20899 "http://www.soberlin.de/lexikon.php?cs_go=2&cs_char=p" "Mozilla/4.0 (compatible; Vagabondo/4.0/EU; http://www.wise-guys.nl/)"
82.94.179.38 - - [04/May/2014:02:17:47 +0200] "GET /lexikon.php?cs_go=3&cs_id=33 HTTP/1.1" 200 19962 "http://www.soberlin.de/lexikon.php?cs_go=2&cs_char=b" "Mozilla/4.0 (compatible; Vagabondo/4.0/EU; http://www.wise-guys.nl/)"
82.94.179.38 - - [04/May/2014:02:17:57 +0200] "GET /lexikon.php?cs_go=3&cs_id=234 HTTP/1.1" 200 19866 "http://www.soberlin.de/lexikon.php?cs_go=2&cs_char=t" "Mozilla/4.0 (compatible; Vagabondo/4.0/EU; http://www.wise-guys.nl/)"
82.94.179.38 - - [04/May/2014:02:18:07 +0200] "GET /lexikon.php?cs_go=3&cs_id=206 HTTP/1.1" 200 19498 "http://www.soberlin.de/lexikon.php?cs_go=2&cs_char=t" "Mozilla/4.0 (compatible; Vagabondo/4.0/EU; http://www.wise-guys.nl/)"
82.94.179.38 - - [04/May/2014:02:18:18 +0200] "GET /lexikon.php?cs_go=3&cs_id=20 HTTP/1.1" 200 20049 "http://www.soberlin.de/lexikon.php?cs_go=2&cs_char=b" "Mozilla/4.0 (compatible; Vagabondo/4.0/EU; http://www.wise-guys.nl/)"
82.94.179.38 - - [04/May/2014:02:18:28 +0200] "GET /lexikon.php?cs_go=3&cs_id=19 HTTP/1.1" 200 21107 "http://www.soberlin.de/lexikon.php?cs_go=2&cs_char=b" "Mozilla/4.0 (compatible; Vagabondo/4.0/EU; http://www.wise-guys.nl/)"
82.94.179.38 - - [04/May/2014:02:18:37 +0200] "GET /lexikon.php?cs_go=3&cs_id=225 HTTP/1.1" 200 19356 "http://www.soberlin.de/lexikon.php?cs_go=2&cs_char=w" "Mozilla/4.0 (compatible; Vagabondo/4.0/EU; http://www.wise-guys.nl/)"
82.94.179.38 - - [04/May/2014:02:18:47 +0200] "GET /lexikon.php?cs_go=3&cs_id=3 HTTP/1.1" 200 19625 "http://www.soberlin.de/lexikon.php?cs_go=2&cs_char=a" "Mozilla/4.0 (compatible; Vagabondo/4.0/EU; http://www.wise-guys.nl/)"
82.94.179.38 - - [04/May/2014:02:18:57 +0200] "GET /lexikon.php?cs_go=3&cs_id=198 HTTP/1.1" 200 20162 "http://www.soberlin.de/lexikon.php?cs_go=2&cs_char=s" "Mozilla/4.0 (compatible; Vagabondo/4.0/EU; http://www.wise-guys.nl/)"
82.94.179.38 - - [04/May/2014:02:19:06 +0200] "GET /lexikon.php?cs_go=3&cs_id=39 HTTP/1.1" 200 19497 "http://www.soberlin.de/lexikon.php?cs_go=2&cs_char=c" "Mozilla/4.0 (compatible; Vagabondo/4.0/EU; http://www.wise-guys.nl/)"
82.94.179.38 - - [04/May/2014:02:19:15 +0200] "GET /lexikon.php?cs_go=3&cs_id=16 HTTP/1.1" 200 20070 "http://www.soberlin.de/lexikon.php?cs_go=2&cs_char=a" "Mozilla/4.0 (compatible; Vagabondo/4.0/EU; http://www.wise-guys.nl/)"
82.94.179.38 - - [04/May/2014:02:19:25 +0200] "GET /lexikon.php?cs_go=3&cs_id=204 HTTP/1.1" 200 19144 "http://www.soberlin.de/lexikon.php?cs_go=2&cs_char=t" "Mozilla/4.0 (compatible; Vagabondo/4.0/EU; http://www.wise-guys.nl/)"
82.94.179.38 - - [04/May/2014:02:19:36 +0200] "GET /lexikon.php?cs_go=3&cs_id=173 HTTP/1.1" 200 19799 "http://www.soberlin.de/lexikon.php?cs_go=2&cs_char=r" "Mozilla/4.0 (compatible; Vagabondo/4.0/EU; http://www.wise-guys.nl/)"
82.94.179.38 - - [04/May/2014:02:19:46 +0200] "GET /lexikon.php?cs_go=3&cs_id=213 HTTP/1.1" 200 19632 "http://www.soberlin.de/lexikon.php?cs_go=2&cs_char=u" "Mozilla/4.0 (compatible; Vagabondo/4.0/EU; http://www.wise-guys.nl/)"
82.94.179.38 - - [04/May/2014:02:19:55 +0200] "GET /lexikon.php?cs_go=3&cs_id=223 HTTP/1.1" 200 19129 "http://www.soberlin.de/lexikon.php?cs_go=2&cs_char=v" "Mozilla/4.0 (compatible; Vagabondo/4.0/EU; http://www.wise-guys.nl/)"
82.94.179.38 - - [04/May/2014:02:20:05 +0200] "GET /lexikon.php?cs_go=3&cs_id=224 HTTP/1.1" 200 19416 "http://www.soberlin.de/lexikon.php?cs_go=2&cs_char=v" "Mozilla/4.0 (compatible; Vagabondo/4.0/EU; http://www.wise-guys.nl/)"
82.94.179.38 - - [04/May/2014:02:20:14 +0200] "GET /lexikon.php?cs_go=3&cs_id=175 HTTP/1.1" 200 19321 "http://www.soberlin.de/lexikon.php?cs_go=2&cs_char=r" "Mozilla/4.0 (compatible; Vagabondo/4.0/EU; http://www.wise-guys.nl/)"
82.94.179.38 - - [04/May/2014:02:20:24 +0200] "GET /lexikon.php?cs_go=3&cs_id=195 HTTP/1.1" 200 20138 "http://www.soberlin.de/lexikon.php?cs_go=2&cs_char=s" "Mozilla/4.0 (compatible; Vagabondo/4.0/EU; http://www.wise-guys.nl/)"
82.94.179.38 - - [04/May/2014:02:20:34 +0200] "GET /lexikon.php?cs_go=3&cs_id=203 HTTP/1.1" 200 19950 "http://www.soberlin.de/lexikon.php?cs_go=2&cs_char=t" "Mozilla/4.0 (compatible; Vagabondo/4.0/EU; http://www.wise-guys.nl/)"
82.94.179.38 - - [04/May/2014:02:20:43 +0200] "GET /lexikon.php?cs_go=3&cs_id=17 HTTP/1.1" 200 19601 "http://www.soberlin.de/lexikon.php?cs_go=2&cs_char=a" "Mozilla/4.0 (compatible; Vagabondo/4.0/EU; http://www.wise-guys.nl/)"
82.94.179.38 - - [04/May/2014:02:20:53 +0200] "GET /lexikon.php?cs_go=3&cs_id=202 HTTP/1.1" 200 19659 "http://www.soberlin.de/lexikon.php?cs_go=2&cs_char=t" "Mozilla/4.0 (compatible; Vagabondo/4.0/EU; http://www.wise-guys.nl/)"
82.94.179.38 - - [04/May/2014:02:21:04 +0200] "GET /lexikon.php?cs_go=3&cs_id=182 HTTP/1.1" 200 19550 "http://www.soberlin.de/lexikon.php?cs_go=2&cs_char=r" "Mozilla/4.0 (compatible; Vagabondo/4.0/EU; http://www.wise-guys.nl/)"
66.249.65.10 - - [04/May/2014:02:21:06 +0200] "GET /news.php?cs_go=archiv&cs_id=4676 HTTP/1.1" 200 24646 "-" "Mozilla/5.0 (compatible; Googlebot/2.1; +http://www.google.com/bot.html)"
82.94.179.38 - - [04/May/2014:02:21:13 +0200] "GET /lexikon.php?cs_go=3&cs_id=38 HTTP/1.1" 200 19312 "http://www.soberlin.de/lexikon.php?cs_go=2&cs_char=c" "Mozilla/4.0 (compatible; Vagabondo/4.0/EU; http://www.wise-guys.nl/)"
82.94.179.38 - - [04/May/2014:02:21:22 +0200] "GET /lexikon.php?cs_go=3&cs_id=219 HTTP/1.1" 200 19133 "http://www.soberlin.de/lexikon.php?cs_go=2&cs_char=v" "Mozilla/4.0 (compatible; Vagabondo/4.0/EU; http://www.wise-guys.nl/)"
82.94.179.38 - - [04/May/2014:02:21:33 +0200] "GET /lexikon.php?cs_go=3&cs_id=192 HTTP/1.1" 200 19547 "http://www.soberlin.de/lexikon.php?cs_go=2&cs_char=s" "Mozilla/4.0 (compatible; Vagabondo/4.0/EU; http://www.wise-guys.nl/)"
82.94.179.38 - - [04/May/2014:02:21:42 +0200] "GET /lexikon.php?cs_go=3&cs_id=185 HTTP/1.1" 200 19486 "http://www.soberlin.de/lexikon.php?cs_go=2&cs_char=s" "Mozilla/4.0 (compatible; Vagabondo/4.0/EU; http://www.wise-guys.nl/)"
82.94.179.38 - - [04/May/2014:02:21:51 +0200] "GET /lexikon.php?cs_go=3&cs_id=26 HTTP/1.1" 200 21948 "http://www.soberlin.de/lexikon.php?cs_go=2&cs_char=b" "Mozilla/4.0 (compatible; Vagabondo/4.0/EU; http://www.wise-guys.nl/)"
82.94.179.38 - - [04/May/2014:02:22:00 +0200] "GET /lexikon.php?cs_go=3&cs_id=184 HTTP/1.1" 200 19136 "http://www.soberlin.de/lexikon.php?cs_go=2&cs_char=s" "Mozilla/4.0 (compatible; Vagabondo/4.0/EU; http://www.wise-guys.nl/)"
82.94.179.38 - - [04/May/2014:02:22:09 +0200] "GET /lexikon.php?cs_go=3&cs_id=183 HTTP/1.1" 200 19704 "http://www.soberlin.de/lexikon.php?cs_go=2&cs_char=s" "Mozilla/4.0 (compatible; Vagabondo/4.0/EU; http://www.wise-guys.nl/)"
82.94.179.38 - - [04/May/2014:02:22:20 +0200] "GET /lexikon.php?cs_go=3&cs_id=158 HTTP/1.1" 200 19494 "http://www.soberlin.de/lexikon.php?cs_go=2&cs_char=p" "Mozilla/4.0 (compatible; Vagabondo/4.0/EU; http://www.wise-guys.nl/)"
82.94.179.38 - - [04/May/2014:02:22:30 +0200] "GET /lexikon.php?cs_go=3&cs_id=176 HTTP/1.1" 200 19427 "http://www.soberlin.de/lexikon.php?cs_go=2&cs_char=r" "Mozilla/4.0 (compatible; Vagabondo/4.0/EU; http://www.wise-guys.nl/)"
82.94.179.38 - - [04/May/2014:02:22:41 +0200] "GET /lexikon.php?cs_go=3&cs_id=163 HTTP/1.1" 200 19370 "http://www.soberlin.de/lexikon.php?cs_go=2&cs_char=p" "Mozilla/4.0 (compatible; Vagabondo/4.0/EU; http://www.wise-guys.nl/)"
82.94.179.38 - - [04/May/2014:02:22:50 +0200] "GET /lexikon.php?cs_go=3&cs_id=32 HTTP/1.1" 200 19326 "http://www.soberlin.de/lexikon.php?cs_go=2&cs_char=b" "Mozilla/4.0 (compatible; Vagabondo/4.0/EU; http://www.wise-guys.nl/)"
82.94.179.38 - - [04/May/2014:02:23:00 +0200] "GET /lexikon.php?cs_go=3&cs_id=216 HTTP/1.1" 200 19260 "http://www.soberlin.de/lexikon.php?cs_go=2&cs_char=v" "Mozilla/4.0 (compatible; Vagabondo/4.0/EU; http://www.wise-guys.nl/)"
82.94.179.38 - - [04/May/2014:02:23:11 +0200] "GET /lexikon.php?cs_go=3&cs_id=172 HTTP/1.1" 200 19546 "http://www.soberlin.de/lexikon.php?cs_go=2&cs_char=r" "Mozilla/4.0 (compatible; Vagabondo/4.0/EU; http://www.wise-guys.nl/)"
82.94.179.38 - - [04/May/2014:02:23:21 +0200] "GET /lexikon.php?cs_go=3&cs_id=179 HTTP/1.1" 200 22723 "http://www.soberlin.de/lexikon.php?cs_go=2&cs_char=r" "Mozilla/4.0 (compatible; Vagabondo/4.0/EU; http://www.wise-guys.nl/)"
82.94.179.38 - - [04/May/2014:02:23:31 +0200] "GET /lexikon.php?cs_go=3&cs_id=42 HTTP/1.1" 200 19512 "http://www.soberlin.de/lexikon.php?cs_go=2&cs_char=c" "Mozilla/4.0 (compatible; Vagabondo/4.0/EU; http://www.wise-guys.nl/)"
82.94.179.38 - - [04/May/2014:02:23:40 +0200] "GET /lexikon.php?cs_go=3&cs_id=165 HTTP/1.1" 200 19426 "http://www.soberlin.de/lexikon.php?cs_go=2&cs_char=p" "Mozilla/4.0 (compatible; Vagabondo/4.0/EU; http://www.wise-guys.nl/)"
82.94.179.38 - - [04/May/2014:02:23:50 +0200] "GET /lexikon.php?cs_go=3&cs_id=226 HTTP/1.1" 200 19893 "http://www.soberlin.de/lexikon.php?cs_go=2&cs_char=w" "Mozilla/4.0 (compatible; Vagabondo/4.0/EU; http://www.wise-guys.nl/)"
82.94.179.38 - - [04/May/2014:02:24:01 +0200] "GET /lexikon.php?cs_go=3&cs_id=29 HTTP/1.1" 200 19531 "http://www.soberlin.de/lexikon.php?cs_go=2&cs_char=b" "Mozilla/4.0 (compatible; Vagabondo/4.0/EU; http://www.wise-guys.nl/)"
82.94.179.38 - - [04/May/2014:02:24:11 +0200] "GET /lexikon.php?cs_go=3&cs_id=25 HTTP/1.1" 200 19581 "http://www.soberlin.de/lexikon.php?cs_go=2&cs_char=b" "Mozilla/4.0 (compatible; Vagabondo/4.0/EU; http://www.wise-guys.nl/)"
82.94.179.38 - - [04/May/2014:02:24:21 +0200] "GET /lexikon.php?cs_go=3&cs_id=232 HTTP/1.1" 200 19113 "http://www.soberlin.de/lexikon.php?cs_go=2&cs_char=t" "Mozilla/4.0 (compatible; Vagabondo/4.0/EU; http://www.wise-guys.nl/)"
82.94.179.38 - - [04/May/2014:02:24:32 +0200] "GET /lexikon.php?cs_go=3&cs_id=220 HTTP/1.1" 200 19161 "http://www.soberlin.de/lexikon.php?cs_go=2&cs_char=v" "Mozilla/4.0 (compatible; Vagabondo/4.0/EU; http://www.wise-guys.nl/)"
82.94.179.38 - - [04/May/2014:02:24:43 +0200] "GET /lexikon.php?cs_go=3&cs_id=210 HTTP/1.1" 200 20684 "http://www.soberlin.de/lexikon.php?cs_go=2&cs_char=u" "Mozilla/4.0 (compatible; Vagabondo/4.0/EU; http://www.wise-guys.nl/)"
82.94.179.38 - - [04/May/2014:02:24:52 +0200] "GET /lexikon.php?cs_go=3&cs_id=71 HTTP/1.1" 200 20261 "http://www.soberlin.de/lexikon.php?cs_go=2&cs_char=f" "Mozilla/4.0 (compatible; Vagabondo/4.0/EU; http://www.wise-guys.nl/)"
82.94.179.38 - - [04/May/2014:02:25:02 +0200] "GET /lexikon.php?cs_go=3&cs_id=76 HTTP/1.1" 200 19663 "http://www.soberlin.de/lexikon.php?cs_go=2&cs_char=f" "Mozilla/4.0 (compatible; Vagabondo/4.0/EU; http://www.wise-guys.nl/)"
82.94.179.38 - - [04/May/2014:02:25:12 +0200] "GET /lexikon.php?cs_go=3&cs_id=89 HTTP/1.1" 200 19535 "http://www.soberlin.de/lexikon.php?cs_go=2&cs_char=g" "Mozilla/4.0 (compatible; Vagabondo/4.0/EU; http://www.wise-guys.nl/)"
82.94.179.38 - - [04/May/2014:02:25:22 +0200] "GET /lexikon.php?cs_go=3&cs_id=63 HTTP/1.1" 200 19502 "http://www.soberlin.de/lexikon.php?cs_go=2&cs_char=e" "Mozilla/4.0 (compatible; Vagabondo/4.0/EU; http://www.wise-guys.nl/)"
82.94.179.38 - - [04/May/2014:02:25:33 +0200] "GET /lexikon.php?cs_go=3&cs_id=64 HTTP/1.1" 200 19869 "http://www.soberlin.de/lexikon.php?cs_go=2&cs_char=e" "Mozilla/4.0 (compatible; Vagabondo/4.0/EU; http://www.wise-guys.nl/)"
37.58.100.173 - - [04/May/2014:02:25:38 +0200] "GET /lexikon.php?cs_go=2&cs_char=h HTTP/1.1" 200 19940 "-" "Mozilla/5.0 (compatible; AhrefsBot/5.0; +http://ahrefs.com/robot/)"
82.94.179.38 - - [04/May/2014:02:25:42 +0200] "GET /lexikon.php?cs_go=3&cs_id=85 HTTP/1.1" 200 19758 "http://www.soberlin.de/lexikon.php?cs_go=2&cs_char=g" "Mozilla/4.0 (compatible; Vagabondo/4.0/EU; http://www.wise-guys.nl/)"
82.94.179.38 - - [04/May/2014:02:25:53 +0200] "GET /lexikon.php?cs_go=3&cs_id=78 HTTP/1.1" 200 19398 "http://www.soberlin.de/lexikon.php?cs_go=2&cs_char=f" "Mozilla/4.0 (compatible; Vagabondo/4.0/EU; http://www.wise-guys.nl/)"
82.94.179.38 - - [04/May/2014:02:26:02 +0200] "GET /lexikon.php?cs_go=3&cs_id=87 HTTP/1.1" 200 19481 "http://www.soberlin.de/lexikon.php?cs_go=2&cs_char=g" "Mozilla/4.0 (compatible; Vagabondo/4.0/EU; http://www.wise-guys.nl/)"
82.94.179.38 - - [04/May/2014:02:26:12 +0200] "GET /lexikon.php?cs_go=3&cs_id=66 HTTP/1.1" 200 19137 "http://www.soberlin.de/lexikon.php?cs_go=2&cs_char=f" "Mozilla/4.0 (compatible; Vagabondo/4.0/EU; http://www.wise-guys.nl/)"
82.94.179.38 - - [04/May/2014:02:26:22 +0200] "GET /lexikon.php?cs_go=3&cs_id=99 HTTP/1.1" 200 20640 "http://www.soberlin.de/lexikon.php?cs_go=2&cs_char=i" "Mozilla/4.0 (compatible; Vagabondo/4.0/EU; http://www.wise-guys.nl/)"
82.94.179.38 - - [04/May/2014:02:26:32 +0200] "GET /lexikon.php?cs_go=3&cs_id=47 HTTP/1.1" 200 22299 "http://www.soberlin.de/lexikon.php?cs_go=2&cs_char=d" "Mozilla/4.0 (compatible; Vagabondo/4.0/EU; http://www.wise-guys.nl/)"
82.94.179.38 - - [04/May/2014:02:26:41 +0200] "GET /lexikon.php?cs_go=3&cs_id=98 HTTP/1.1" 200 19555 "http://www.soberlin.de/lexikon.php?cs_go=2&cs_char=i" "Mozilla/4.0 (compatible; Vagabondo/4.0/EU; http://www.wise-guys.nl/)"
82.94.179.38 - - [04/May/2014:02:26:52 +0200] "GET /lexikon.php?cs_go=3&cs_id=8 HTTP/1.1" 200 20367 "http://www.soberlin.de/lexikon.php?cs_go=2&cs_char=a" "Mozilla/4.0 (compatible; Vagabondo/4.0/EU; http://www.wise-guys.nl/)"
82.94.179.38 - - [04/May/2014:02:27:02 +0200] "GET /lexikon.php?cs_go=3&cs_id=77 HTTP/1.1" 200 19812 "http://www.soberlin.de/lexikon.php?cs_go=2&cs_char=f" "Mozilla/4.0 (compatible; Vagabondo/4.0/EU; http://www.wise-guys.nl/)"
82.94.179.38 - - [04/May/2014:02:27:12 +0200] "GET /lexikon.php?cs_go=3&cs_id=79 HTTP/1.1" 200 19139 "http://www.soberlin.de/lexikon.php?cs_go=2&cs_char=f" "Mozilla/4.0 (compatible; Vagabondo/4.0/EU; http://www.wise-guys.nl/)"
82.94.179.38 - - [04/May/2014:02:27:21 +0200] "GET /lexikon.php?cs_go=3&cs_id=86 HTTP/1.1" 200 19393 "http://www.soberlin.de/lexikon.php?cs_go=2&cs_char=g" "Mozilla/4.0 (compatible; Vagabondo/4.0/EU; http://www.wise-guys.nl/)"
82.94.179.38 - - [04/May/2014:02:27:30 +0200] "GET /lexikon.php?cs_go=3&cs_id=70 HTTP/1.1" 200 19501 "http://www.soberlin.de/lexikon.php?cs_go=2&cs_char=f" "Mozilla/4.0 (compatible; Vagabondo/4.0/EU; http://www.wise-guys.nl/)"
82.94.179.38 - - [04/May/2014:02:27:40 +0200] "GET /lexikon.php?cs_go=3&cs_id=80 HTTP/1.1" 200 19543 "http://www.soberlin.de/lexikon.php?cs_go=2&cs_char=g" "Mozilla/4.0 (compatible; Vagabondo/4.0/EU; http://www.wise-guys.nl/)"
37.58.100.138 - - [04/May/2014:02:27:40 +0200] "GET /waermekonto.php HTTP/1.1" 200 30901 "-" "Mozilla/5.0 (compatible; AhrefsBot/5.0; +http://ahrefs.com/robot/)"
82.94.179.38 - - [04/May/2014:02:27:49 +0200] "GET /lexikon.php?cs_go=3&cs_id=51 HTTP/1.1" 200 20634 "http://www.soberlin.de/lexikon.php?cs_go=2&cs_char=d" "Mozilla/4.0 (compatible; Vagabondo/4.0/EU; http://www.wise-guys.nl/)"
82.94.179.38 - - [04/May/2014:02:27:58 +0200] "GET /lexikon.php?cs_go=3&cs_id=61 HTTP/1.1" 200 19932 "http://www.soberlin.de/lexikon.php?cs_go=2&cs_char=e" "Mozilla/4.0 (compatible; Vagabondo/4.0/EU; http://www.wise-guys.nl/)"
82.94.179.38 - - [04/May/2014:02:28:07 +0200] "GET /lexikon.php?cs_go=3&cs_id=84 HTTP/1.1" 200 19495 "http://www.soberlin.de/lexikon.php?cs_go=2&cs_char=g" "Mozilla/4.0 (compatible; Vagabondo/4.0/EU; http://www.wise-guys.nl/)"
82.94.179.38 - - [04/May/2014:02:28:17 +0200] "GET /lexikon.php?cs_go=3&cs_id=82 HTTP/1.1" 200 19529 "http://www.soberlin.de/lexikon.php?cs_go=2&cs_char=g" "Mozilla/4.0 (compatible; Vagabondo/4.0/EU; http://www.wise-guys.nl/)"
82.94.179.38 - - [04/May/2014:02:28:27 +0200] "GET /lexikon.php?cs_go=3&cs_id=60 HTTP/1.1" 200 19640 "http://www.soberlin.de/lexikon.php?cs_go=2&cs_char=e" "Mozilla/4.0 (compatible; Vagabondo/4.0/EU; http://www.wise-guys.nl/)"
82.94.179.38 - - [04/May/2014:02:28:37 +0200] "GET /lexikon.php?cs_go=3&cs_id=62 HTTP/1.1" 200 19708 "http://www.soberlin.de/lexikon.php?cs_go=2&cs_char=e" "Mozilla/4.0 (compatible; Vagabondo/4.0/EU; http://www.wise-guys.nl/)"
82.94.179.38 - - [04/May/2014:02:28:48 +0200] "GET /lexikon.php?cs_go=3&cs_id=97 HTTP/1.1" 200 22615 "http://www.soberlin.de/lexikon.php?cs_go=2&cs_char=i" "Mozilla/4.0 (compatible; Vagabondo/4.0/EU; http://www.wise-guys.nl/)"
82.94.179.38 - - [04/May/2014:02:28:57 +0200] "GET /lexikon.php?cs_go=3&cs_id=95 HTTP/1.1" 200 19874 "http://www.soberlin.de/lexikon.php?cs_go=2&cs_char=h" "Mozilla/4.0 (compatible; Vagabondo/4.0/EU; http://www.wise-guys.nl/)"
82.94.179.38 - - [04/May/2014:02:29:08 +0200] "GET /lexikon.php?cs_go=3&cs_id=92 HTTP/1.1" 200 19665 "http://www.soberlin.de/lexikon.php?cs_go=2&cs_char=h" "Mozilla/4.0 (compatible; Vagabondo/4.0/EU; http://www.wise-guys.nl/)"
82.94.179.38 - - [04/May/2014:02:29:19 +0200] "GET /lexikon.php?cs_go=3&cs_id=83 HTTP/1.1" 200 19575 "http://www.soberlin.de/lexikon.php?cs_go=2&cs_char=g" "Mozilla/4.0 (compatible; Vagabondo/4.0/EU; http://www.wise-guys.nl/)"
82.94.179.38 - - [04/May/2014:02:29:30 +0200] "GET /lexikon.php?cs_go=3&cs_id=73 HTTP/1.1" 200 20767 "http://www.soberlin.de/lexikon.php?cs_go=2&cs_char=f" "Mozilla/4.0 (compatible; Vagabondo/4.0/EU; http://www.wise-guys.nl/)"
82.94.179.38 - - [04/May/2014:02:29:39 +0200] "GET /lexikon.php?cs_go=3&cs_id=69 HTTP/1.1" 200 21247 "http://www.soberlin.de/lexikon.php?cs_go=2&cs_char=f" "Mozilla/4.0 (compatible; Vagabondo/4.0/EU; http://www.wise-guys.nl/)"
82.94.179.38 - - [04/May/2014:02:29:49 +0200] "GET /lexikon.php?cs_go=3&cs_id=5 HTTP/1.1" 200 19328 "http://www.soberlin.de/lexikon.php?cs_go=2&cs_char=a" "Mozilla/4.0 (compatible; Vagabondo/4.0/EU; http://www.wise-guys.nl/)"
82.94.179.38 - - [04/May/2014:02:29:59 +0200] "GET /lexikon.php?cs_go=3&cs_id=57 HTTP/1.1" 200 21217 "http://www.soberlin.de/lexikon.php?cs_go=2&cs_char=e" "Mozilla/4.0 (compatible; Vagabondo/4.0/EU; http://www.wise-guys.nl/)"
82.94.179.38 - - [04/May/2014:02:30:09 +0200] "GET /lexikon.php?cs_go=3&cs_id=50 HTTP/1.1" 200 19873 "http://www.soberlin.de/lexikon.php?cs_go=2&cs_char=d" "Mozilla/4.0 (compatible; Vagabondo/4.0/EU; http://www.wise-guys.nl/)"
82.94.179.38 - - [04/May/2014:02:30:19 +0200] "GET /lexikon.php?cs_go=3&cs_id=88 HTTP/1.1" 200 19956 "http://www.soberlin.de/lexikon.php?cs_go=2&cs_char=g" "Mozilla/4.0 (compatible; Vagabondo/4.0/EU; http://www.wise-guys.nl/)"
82.94.179.38 - - [04/May/2014:02:30:30 +0200] "GET /lexikon.php?cs_go=3&cs_id=72 HTTP/1.1" 200 20540 "http://www.soberlin.de/lexikon.php?cs_go=2&cs_char=f" "Mozilla/4.0 (compatible; Vagabondo/4.0/EU; http://www.wise-guys.nl/)"
82.94.179.38 - - [04/May/2014:02:30:41 +0200] "GET /lexikon.php?cs_go=3&cs_id=94 HTTP/1.1" 200 19618 "http://www.soberlin.de/lexikon.php?cs_go=2&cs_char=h" "Mozilla/4.0 (compatible; Vagabondo/4.0/EU; http://www.wise-guys.nl/)"
82.94.179.38 - - [04/May/2014:02:30:51 +0200] "GET /lexikon.php?cs_go=3&cs_id=58 HTTP/1.1" 200 21971 "http://www.soberlin.de/lexikon.php?cs_go=2&cs_char=e" "Mozilla/4.0 (compatible; Vagabondo/4.0/EU; http://www.wise-guys.nl/)"
82.94.179.38 - - [04/May/2014:02:31:01 +0200] "GET /lexikon.php?cs_go=3&cs_id=90 HTTP/1.1" 200 20705 "http://www.soberlin.de/lexikon.php?cs_go=2&cs_char=h" "Mozilla/4.0 (compatible; Vagabondo/4.0/EU; http://www.wise-guys.nl/)"
82.94.179.38 - - [04/May/2014:02:31:11 +0200] "GET /lexikon.php?cs_go=3&cs_id=44 HTTP/1.1" 200 19143 "http://www.soberlin.de/lexikon.php?cs_go=2&cs_char=d" "Mozilla/4.0 (compatible; Vagabondo/4.0/EU; http://www.wise-guys.nl/)"
82.94.179.38 - - [04/May/2014:02:31:20 +0200] "GET /lexikon.php?cs_go=3&cs_id=81 HTTP/1.1" 200 19560 "http://www.soberlin.de/lexikon.php?cs_go=2&cs_char=g" "Mozilla/4.0 (compatible; Vagabondo/4.0/EU; http://www.wise-guys.nl/)"
82.94.179.38 - - [04/May/2014:02:31:31 +0200] "GET /lexikon.php?cs_go=3&cs_id=67 HTTP/1.1" 200 19766 "http://www.soberlin.de/lexikon.php?cs_go=2&cs_char=f" "Mozilla/4.0 (compatible; Vagabondo/4.0/EU; http://www.wise-guys.nl/)"
82.94.179.38 - - [04/May/2014:02:31:40 +0200] "GET /lexikon.php?cs_go=3&cs_id=65 HTTP/1.1" 200 19746 "http://www.soberlin.de/lexikon.php?cs_go=2&cs_char=f" "Mozilla/4.0 (compatible; Vagabondo/4.0/EU; http://www.wise-guys.nl/)"
82.94.179.38 - - [04/May/2014:02:31:51 +0200] "GET /lexikon.php?cs_go=3&cs_id=49 HTTP/1.1" 200 20275 "http://www.soberlin.de/lexikon.php?cs_go=2&cs_char=d" "Mozilla/4.0 (compatible; Vagabondo/4.0/EU; http://www.wise-guys.nl/)"
82.94.179.38 - - [04/May/2014:02:32:02 +0200] "GET /lexikon.php?cs_go=3&cs_id=75 HTTP/1.1" 200 19736 "http://www.soberlin.de/lexikon.php?cs_go=2&cs_char=f" "Mozilla/4.0 (compatible; Vagabondo/4.0/EU; http://www.wise-guys.nl/)"
82.94.179.38 - - [04/May/2014:02:32:13 +0200] "GET /lexikon.php?cs_go=3&cs_id=93 HTTP/1.1" 200 19131 "http://www.soberlin.de/lexikon.php?cs_go=2&cs_char=h" "Mozilla/4.0 (compatible; Vagabondo/4.0/EU; http://www.wise-guys.nl/)"
82.94.179.38 - - [04/May/2014:02:32:22 +0200] "GET /lexikon.php?cs_go=3&cs_id=96 HTTP/1.1" 200 19447 "http://www.soberlin.de/lexikon.php?cs_go=2&cs_char=h" "Mozilla/4.0 (compatible; Vagabondo/4.0/EU; http://www.wise-guys.nl/)"
82.94.179.38 - - [04/May/2014:02:32:34 +0200] "GET /news.php?cs_go=archiv&cs_id=4744 HTTP/1.1" 200 22294 "http://www.soberlin.de/news.php?cs_go=archiv&cs_startpos=30" "Mozilla/4.0 (compatible; Vagabondo/4.0/EU; http://www.wise-guys.nl/)"
82.94.179.38 - - [04/May/2014:02:32:43 +0200] "GET /lexikon.php?cs_go=3&cs_id=7 HTTP/1.1" 200 19671 "http://www.soberlin.de/lexikon.php?cs_go=2&cs_char=a" "Mozilla/4.0 (compatible; Vagabondo/4.0/EU; http://www.wise-guys.nl/)"
82.94.179.38 - - [04/May/2014:02:32:54 +0200] "GET /lexikon.php?cs_go=3&cs_id=46 HTTP/1.1" 200 19143 "http://www.soberlin.de/lexikon.php?cs_go=2&cs_char=d" "Mozilla/4.0 (compatible; Vagabondo/4.0/EU; http://www.wise-guys.nl/)"
82.94.179.38 - - [04/May/2014:02:33:03 +0200] "GET /lexikon.php?cs_go=3&cs_id=68 HTTP/1.1" 200 19640 "http://www.soberlin.de/lexikon.php?cs_go=2&cs_char=f" "Mozilla/4.0 (compatible; Vagabondo/4.0/EU; http://www.wise-guys.nl/)"
82.94.179.38 - - [04/May/2014:02:33:13 +0200] "GET /lexikon.php?cs_go=3&cs_id=74 HTTP/1.1" 200 19809 "http://www.soberlin.de/lexikon.php?cs_go=2&cs_char=f" "Mozilla/4.0 (compatible; Vagabondo/4.0/EU; http://www.wise-guys.nl/)"
82.94.179.38 - - [04/May/2014:02:33:22 +0200] "GET /lexikon.php?cs_go=3&cs_id=43 HTTP/1.1" 200 19143 "http://www.soberlin.de/lexikon.php?cs_go=2&cs_char=d" "Mozilla/4.0 (compatible; Vagabondo/4.0/EU; http://www.wise-guys.nl/)"
82.94.179.38 - - [04/May/2014:02:33:33 +0200] "GET /news.php?cs_go=archiv&cs_id=4743 HTTP/1.1" 200 25424 "http://www.soberlin.de/news.php?cs_go=archiv&cs_startpos=50" "Mozilla/4.0 (compatible; Vagabondo/4.0/EU; http://www.wise-guys.nl/)"
82.94.179.38 - - [04/May/2014:02:33:43 +0200] "GET /lexikon.php?cs_go=3&cs_id=59 HTTP/1.1" 200 19849 "http://www.soberlin.de/lexikon.php?cs_go=2&cs_char=e" "Mozilla/4.0 (compatible; Vagabondo/4.0/EU; http://www.wise-guys.nl/)"
82.94.179.38 - - [04/May/2014:02:33:53 +0200] "GET /lexikon.php?cs_go=3&cs_id=6 HTTP/1.1" 200 19305 "http://www.soberlin.de/lexikon.php?cs_go=2&cs_char=a" "Mozilla/4.0 (compatible; Vagabondo/4.0/EU; http://www.wise-guys.nl/)"
66.249.65.252 - - [04/May/2014:02:35:38 +0200] "GET /preisanfrage.php HTTP/1.1" 200 23737 "-" "Mozilla/5.0 (compatible; Googlebot/2.1; +http://www.google.com/bot.html)"
37.58.100.134 - - [04/May/2014:02:46:13 +0200] "GET /news.php?cs_go=archiv&cs_id=4897&cs_search= HTTP/1.1" 200 20475 "-" "Mozilla/5.0 (compatible; AhrefsBot/5.0; +http://ahrefs.com/robot/)"
141.8.147.12 - - [04/May/2014:02:50:49 +0200] "GET /news.php?cs_go=archiv&cs_id=4867&cs_search= HTTP/1.1" 200 24601 "-" "Mozilla/5.0 (compatible; YandexBot/3.0; +http://yandex.com/bots)"
141.8.147.12 - - [04/May/2014:02:50:50 +0200] "GET /lexikon.php?cs_go=3&cs_id=169 HTTP/1.1" 200 19175 "-" "Mozilla/5.0 (compatible; YandexBot/3.0; +http://yandex.com/bots)"
66.249.65.10 - - [04/May/2014:02:57:27 +0200] "GET /preisentwicklung.php HTTP/1.1" 200 54088 "-" "Mozilla/5.0 (compatible; Googlebot/2.1; +http://www.google.com/bot.html)"
37.58.100.92 - - [04/May/2014:02:58:29 +0200] "GET /news.php?cs_go=archiv&cs_id=4949&cs_search= HTTP/1.1" 200 20453 "-" "Mozilla/5.0 (compatible; AhrefsBot/5.0; +http://ahrefs.com/robot/)"
66.249.65.71 - - [04/May/2014:02:59:41 +0200] "GET /lexikon.php?cs_go=3&cs_id=43 HTTP/1.1" 200 19143 "-" "Mozilla/5.0 (compatible; Googlebot/2.1; +http://www.google.com/bot.html)"
66.249.65.71 - - [04/May/2014:03:04:23 +0200] "GET /news.php?cs_go=archiv&cs_id=4312 HTTP/1.1" 200 24546 "-" "Mozilla/5.0 (iPhone; CPU iPhone OS 6_0 like Mac OS X) AppleWebKit/536.26 (KHTML, like Gecko) Version/6.0 Mobile/10A5376e Safari/8536.25 (compatible; Googlebot/2.1; +http://www.google.com/bot.html)"
141.8.147.12 - - [04/May/2014:03:08:38 +0200] "GET /lexikon.php?cs_go=3&cs_id=167 HTTP/1.1" 200 19142 "-" "Mozilla/5.0 (compatible; YandexBot/3.0; +http://yandex.com/bots)"
157.56.92.156 - - [04/May/2014:03:14:33 +0200] "GET /heizoel.php HTTP/1.1" 200 20999 "-" "Mozilla/5.0 (compatible; bingbot/2.0; +http://www.bing.com/bingbot.htm)"
66.249.65.39 - - [04/May/2014:03:19:59 +0200] "GET /energiekostenvergleich.php HTTP/1.1" 200 23560 "-" "SAMSUNG-SGH-E250/1.0 Profile/MIDP-2.0 Configuration/CLDC-1.1 UP.Browser/6.2.3.3.c.1.101 (GUI) MMP/2.0 (compatible; Googlebot-Mobile/2.1; +http://www.google.com/bot.html)"
37.58.100.85 - - [04/May/2014:03:27:48 +0200] "GET /robots.txt HTTP/1.1" 404 1256 "-" "Mozilla/5.0 (compatible; AhrefsBot/5.0; +http://ahrefs.com/robot/)"
37.58.100.162 - - [04/May/2014:03:28:56 +0200] "GET /brennwerttechnik.php HTTP/1.1" 200 22215 "-" "Mozilla/5.0 (compatible; AhrefsBot/5.0; +http://ahrefs.com/robot/)"
66.249.65.103 - - [04/May/2014:03:29:50 +0200] "GET /news.php?cs_go=archiv&cs_id=4105 HTTP/1.1" 200 23124 "-" "SAMSUNG-SGH-E250/1.0 Profile/MIDP-2.0 Configuration/CLDC-1.1 UP.Browser/6.2.3.3.c.1.101 (GUI) MMP/2.0 (compatible; Googlebot-Mobile/2.1; +http://www.google.com/bot.html)"
66.249.65.39 - - [04/May/2014:03:39:44 +0200] "GET /news.php?cs_go=archiv&cs_id=4618 HTTP/1.1" 200 22447 "-" "Mozilla/5.0 (iPhone; CPU iPhone OS 6_0 like Mac OS X) AppleWebKit/536.26 (KHTML, like Gecko) Version/6.0 Mobile/10A5376e Safari/8536.25 (compatible; Googlebot/2.1; +http://www.google.com/bot.html)"
37.58.100.93 - - [04/May/2014:03:40:46 +0200] "GET /news.php?cs_go=archiv&cs_id=4851&cs_search= HTTP/1.1" 200 21898 "-" "Mozilla/5.0 (compatible; AhrefsBot/5.0; +http://ahrefs.com/robot/)"
66.249.65.39 - - [04/May/2014:03:59:16 +0200] "GET /news.php?cs_go=archiv&cs_id=3411 HTTP/1.1" 200 24288 "-" "Mozilla/5.0 (compatible; Googlebot/2.1; +http://www.google.com/bot.html)"
141.8.147.12 - - [04/May/2014:04:04:51 +0200] "GET /news.php?cs_go=archiv&cs_id=5041&cs_search= HTTP/1.1" 200 20873 "-" "Mozilla/5.0 (compatible; YandexBot/3.0; +http://yandex.com/bots)"
66.249.65.252 - - [04/May/2014:04:02:55 +0200] "GET /news.php?cs_go=archiv&cs_id=4855 HTTP/1.1" 200 17179 "-" "Mozilla/5.0 (compatible; Googlebot/2.1; +http://www.google.com/bot.html)"
66.249.65.252 - - [04/May/2014:04:08:57 +0200] "GET /news.php?cs_go=archiv&cs_id=4855 HTTP/1.1" 200 24430 "-" "Mozilla/5.0 (compatible; Googlebot/2.1; +http://www.google.com/bot.html)"
66.249.65.103 - - [04/May/2014:04:15:28 +0200] "GET /news.php?cs_go=archiv&cs_id=4644 HTTP/1.1" 200 24658 "-" "Mozilla/5.0 (iPhone; CPU iPhone OS 6_0 like Mac OS X) AppleWebKit/536.26 (KHTML, like Gecko) Version/6.0 Mobile/10A5376e Safari/8536.25 (compatible; Googlebot/2.1; +http://www.google.com/bot.html)"
66.249.65.89 - - [04/May/2014:04:17:27 +0200] "GET /robots.txt HTTP/1.1" 404 1256 "-" "Mozilla/5.0 (compatible; Googlebot/2.1; +http://www.google.com/bot.html)"
66.249.65.89 - - [04/May/2014:04:17:28 +0200] "GET /news.php?cs_go=archiv&cs_id=4719&cs_search= HTTP/1.1" 200 20690 "-" "Mozilla/5.0 (compatible; Googlebot/2.1; +http://www.google.com/bot.html)"
37.58.100.162 - - [04/May/2014:04:23:59 +0200] "GET /\"http://www.brennstoffboerse.de/index.php?go=fluessiggas_pruefung\" HTTP/1.1" 404 1256 "-" "Mozilla/5.0 (compatible; AhrefsBot/5.0; +http://ahrefs.com/robot/)"
66.249.65.88 - - [04/May/2014:04:24:44 +0200] "GET /news.php?cs_go=archiv&cs_id=4382&cs_search= HTTP/1.1" 200 24425 "-" "Mozilla/5.0 (compatible; Googlebot/2.1; +http://www.google.com/bot.html)"
66.249.65.56 - - [04/May/2014:04:26:12 +0200] "GET /modul.css HTTP/1.1" 200 36485 "-" "Mozilla/5.0 (compatible; Googlebot/2.1; +http://www.google.com/bot.html)"
37.58.100.178 - - [04/May/2014:04:27:43 +0200] "GET /news.php?cs_go=archiv&cs_id=5072 HTTP/1.1" 200 20895 "-" "Mozilla/5.0 (compatible; AhrefsBot/5.0; +http://ahrefs.com/robot/)"
66.249.65.92 - - [04/May/2014:04:28:22 +0200] "GET /robots.txt HTTP/1.1" 404 1256 "-" "Mozilla/5.0 (compatible; Googlebot/2.1; +http://www.google.com/bot.html)"
66.249.65.92 - - [04/May/2014:04:28:22 +0200] "GET /news.php?cs_go=archiv&cs_id=4543&cs_search= HTTP/1.1" 200 22870 "-" "Mozilla/5.0 (compatible; Googlebot/2.1; +http://www.google.com/bot.html)"
5.199.136.130 - - [04/May/2014:04:31:04 +0200] "GET /robots.txt HTTP/1.1" 404 1256 "-" "Mozilla/5.0 (compatible; waybackarchive.org/1.0; +spider@waybackarchive.org)"
5.199.136.130 - - [04/May/2014:04:31:04 +0200] "GET /images/email.png HTTP/1.1" 200 641 "-" "Mozilla/5.0 (compatible; waybackarchive.org/1.0; +spider@waybackarchive.org)"
66.249.65.71 - - [04/May/2014:04:51:03 +0200] "GET /robots.txt HTTP/1.1" 404 1256 "-" "Mozilla/5.0 (compatible; Googlebot/2.1; +http://www.google.com/bot.html)"
66.249.65.71 - - [04/May/2014:04:51:04 +0200] "GET /news.php?cs_go=archiv&cs_id=4162 HTTP/1.1" 200 22082 "-" "Mozilla/5.0 (iPhone; CPU iPhone OS 6_0 like Mac OS X) AppleWebKit/536.26 (KHTML, like Gecko) Version/6.0 Mobile/10A5376e Safari/8536.25 (compatible; Googlebot/2.1; +http://www.google.com/bot.html)"
5.199.136.130 - - [04/May/2014:05:01:42 +0200] "GET /robots.txt HTTP/1.1" 404 1256 "-" "Mozilla/5.0 (compatible; waybackarchive.org/1.0; +spider@waybackarchive.org)"
5.199.136.130 - - [04/May/2014:05:01:44 +0200] "GET /images/iwo.jpg HTTP/1.1" 200 11024 "-" "Mozilla/5.0 (compatible; waybackarchive.org/1.0; +spider@waybackarchive.org)"
141.8.147.12 - - [04/May/2014:05:05:22 +0200] "GET /news.php?cs_go=archiv&cs_id=5135 HTTP/1.1" 200 24202 "-" "Mozilla/5.0 (compatible; YandexBot/3.0; +http://yandex.com/bots)"
66.249.65.103 - - [04/May/2014:05:08:22 +0200] "GET /news.php?cs_go=archiv&cs_id=3740 HTTP/1.1" 200 22694 "-" "Mozilla/5.0 (compatible; Googlebot/2.1; +http://www.google.com/bot.html)"
66.249.65.202 - - [04/May/2014:05:22:55 +0200] "GET /news.php?cs_go=archiv&cs_id=4820 HTTP/1.1" 200 22806 "-" "Mozilla/5.0 (compatible; Googlebot/2.1; +http://www.google.com/bot.html)"
