157.55.35.102 - - [01/May/2014:18:03:34 +0200] "GET /wunschpreis.php HTTP/1.1" 200 24864 "-" "Mozilla/5.0 (compatible; bingbot/2.0; +http://www.bing.com/bingbot.htm)"
157.55.35.102 - - [01/May/2014:18:03:35 +0200] "GET /wunschpreis.php HTTP/1.1" 200 24864 "-" "Mozilla/5.0 (compatible; bingbot/2.0; +http://www.bing.com/bingbot.htm)"
157.55.32.219 - - [01/May/2014:18:10:00 +0200] "GET /robots.txt HTTP/1.1" 404 1256 "-" "Mozilla/5.0 (compatible; bingbot/2.0; +http://www.bing.com/bingbot.htm)"
66.249.78.71 - - [01/May/2014:18:14:22 +0200] "GET /news.php?cs_go=archiv&cs_id=4415 HTTP/1.1" 200 22586 "-" "Mozilla/5.0 (iPhone; CPU iPhone OS 6_0 like Mac OS X) AppleWebKit/536.26 (KHTML, like Gecko) Version/6.0 Mobile/10A5376e Safari/8536.25 (compatible; Googlebot/2.1; +http://www.google.com/bot.html)"
66.249.78.200 - - [01/May/2014:18:23:59 +0200] "GET /lexikon.php?cs_go=3&cs_id=184 HTTP/1.1" 200 19033 "-" "Mozilla/5.0 (compatible; Googlebot/2.1; +http://www.google.com/bot.html)"
66.249.78.160 - - [01/May/2014:18:26:55 +0200] "GET /index.php HTTP/1.1" 200 23306 "-" "Mozilla/5.0 (compatible; Googlebot/2.1; +http://www.google.com/bot.html)"
157.55.34.94 - - [01/May/2014:18:33:33 +0200] "GET /robots.txt HTTP/1.1" 404 1256 "-" "Mozilla/5.0 (compatible; bingbot/2.0; +http://www.bing.com/bingbot.htm)"
157.55.34.94 - - [01/May/2014:18:33:36 +0200] "GET /baustellenbetankung.php HTTP/1.1" 200 19708 "-" "Mozilla/5.0 (compatible; bingbot/2.0; +http://www.bing.com/bingbot.htm)"
157.55.32.147 - - [01/May/2014:18:37:17 +0200] "GET /premiumheizoel.php HTTP/1.1" 200 19416 "-" "Mozilla/5.0 (compatible; bingbot/2.0; +http://www.bing.com/bingbot.htm)"
37.58.100.147 - - [01/May/2014:18:39:45 +0200] "GET /baustellenbetankung.php HTTP/1.1" 200 19708 "-" "Mozilla/5.0 (compatible; AhrefsBot/5.0; +http://ahrefs.com/robot/)"
157.55.35.38 - - [01/May/2014:18:43:52 +0200] "GET /edl.php HTTP/1.1" 200 22392 "-" "Mozilla/5.0 (compatible; bingbot/2.0; +http://www.bing.com/bingbot.htm)"
157.55.35.46 - - [01/May/2014:18:44:21 +0200] "GET /ec.php HTTP/1.1" 200 20630 "-" "Mozilla/5.0 (compatible; bingbot/2.0; +http://www.bing.com/bingbot.htm)"
157.55.35.46 - - [01/May/2014:18:44:22 +0200] "GET /notdienst.php HTTP/1.1" 200 19614 "-" "Mozilla/5.0 (compatible; bingbot/2.0; +http://www.bing.com/bingbot.htm)"
157.55.35.102 - - [01/May/2014:18:46:12 +0200] "GET /robots.txt HTTP/1.1" 404 1256 "-" "Mozilla/5.0 (compatible; bingbot/2.0; +http://www.bing.com/bingbot.htm)"
157.55.35.102 - - [01/May/2014:18:46:12 +0200] "GET /ansprechpartner.php HTTP/1.1" 200 21426 "-" "Mozilla/5.0 (compatible; bingbot/2.0; +http://www.bing.com/bingbot.htm)"
66.249.78.71 - - [01/May/2014:18:50:20 +0200] "GET /impressum.php HTTP/1.1" 200 20117 "-" "Mozilla/5.0 (compatible; Googlebot/2.1; +http://www.google.com/bot.html)"
66.249.78.71 - - [01/May/2014:18:58:17 +0200] "GET /preisentwicklung.php HTTP/1.1" 200 53985 "-" "Mozilla/5.0 (iPhone; CPU iPhone OS 6_0 like Mac OS X) AppleWebKit/536.26 (KHTML, like Gecko) Version/6.0 Mobile/10A5376e Safari/8536.25 (compatible; Googlebot/2.1; +http://www.google.com/bot.html)"
123.125.71.36 - - [01/May/2014:19:02:22 +0200] "GET / HTTP/1.1" 200 14971 "-" "Mozilla/5.0 (compatible; Baiduspider/2.0; +http://www.baidu.com/search/spider.html)"
220.181.108.75 - - [01/May/2014:19:02:52 +0200] "GET / HTTP/1.1" 200 14971 "-" "Mozilla/5.0 (compatible; Baiduspider/2.0; +http://www.baidu.com/search/spider.html)"
66.249.78.71 - - [01/May/2014:19:04:23 +0200] "GET /news.php?cs_go=archiv&cs_id=4792 HTTP/1.1" 200 21766 "-" "Mozilla/5.0 (iPhone; CPU iPhone OS 6_0 like Mac OS X) AppleWebKit/536.26 (KHTML, like Gecko) Version/6.0 Mobile/10A5376e Safari/8536.25 (compatible; Googlebot/2.1; +http://www.google.com/bot.html)"
157.55.32.58 - - [01/May/2014:19:08:15 +0200] "GET / HTTP/1.1" 200 23306 "-" "Mozilla/5.0 (compatible; bingbot/2.0; +http://www.bing.com/bingbot.htm)"
157.55.34.94 - - [01/May/2014:19:12:31 +0200] "GET /robots.txt HTTP/1.1" 404 1256 "-" "Mozilla/5.0 (compatible; bingbot/2.0; +http://www.bing.com/bingbot.htm)"
157.55.34.94 - - [01/May/2014:19:12:33 +0200] "GET /news.php?cs_go=archiv&cs_id=5114 HTTP/1.1" 200 24245 "-" "Mozilla/5.0 (compatible; bingbot/2.0; +http://www.bing.com/bingbot.htm)"
157.55.32.219 - - [01/May/2014:19:14:10 +0200] "GET /ofenbau.php HTTP/1.1" 200 21901 "-" "Mozilla/5.0 (compatible; bingbot/2.0; +http://www.bing.com/bingbot.htm)"
66.249.66.11 - - [01/May/2014:19:16:59 +0200] "GET /news.php?cs_go=archiv&cs_id=4191 HTTP/1.1" 200 22541 "-" "DoCoMo/2.0 N905i(c100;TB;W24H16) (compatible; Googlebot-Mobile/2.1; +http://www.google.com/bot.html)"
144.76.95.231 - - [01/May/2014:19:22:03 +0200] "GET /robots.txt HTTP/1.0" 404 1256 "-" "Mozilla/5.0 (compatible; MJ12bot/v1.4.5; http://www.majestic12.co.uk/bot.php?+)"
144.76.95.231 - - [01/May/2014:19:22:08 +0200] "GET /news.php?cs_go=archiv&cs_id=5135 HTTP/1.0" 200 24099 "-" "Mozilla/5.0 (compatible; MJ12bot/v1.4.5; http://www.majestic12.co.uk/bot.php?+)"
66.249.78.71 - - [01/May/2014:19:36:48 +0200] "GET /news.php?cs_go=archiv&cs_id=4104 HTTP/1.1" 200 24152 "-" "Mozilla/5.0 (compatible; Googlebot/2.1; +http://www.google.com/bot.html)"
66.249.78.86 - - [01/May/2014:19:36:50 +0200] "GET /news.php?cs_go=archiv&cs_id=4392 HTTP/1.1" 200 22216 "-" "Mozilla/5.0 (compatible; Googlebot/2.1; +http://www.google.com/bot.html)"
141.8.147.12 - - [01/May/2014:19:37:37 +0200] "GET /news.php?cs_go=archiv&cs_id=4789&cs_search= HTTP/1.1" 200 23843 "-" "Mozilla/5.0 (compatible; YandexBot/3.0; +http://yandex.com/bots)"
208.115.111.72 - - [01/May/2014:19:39:02 +0200] "GET /robots.txt HTTP/1.1" 404 1256 "-" "Mozilla/5.0 (compatible; DotBot/1.1; http://www.opensiteexplorer.org/dotbot, help@moz.com)"
157.55.33.251 - - [01/May/2014:19:47:19 +0200] "GET /essoschmierstoffe.php HTTP/1.1" 200 22773 "-" "Mozilla/5.0 (compatible; bingbot/2.0; +http://www.bing.com/bingbot.htm)"
208.43.245.244 - - [01/May/2014:19:49:28 +0200] "GET /robots.txt HTTP/1.1" 404 1256 "-" "Mozilla/5.0 (compatible; MSIE 9.0; Windows NT 6.1; WOW64; Trident/5.0; chromeframe/19.0.1084.52)"
208.43.245.244 - - [01/May/2014:19:49:32 +0200] "GET /news.php?cs_go=archiv&cs_id=5122&cs_search= HTTP/1.1" 200 21260 "-" "Mozilla/5.0 (compatible; MSIE 9.0; Windows NT 6.1; WOW64; Trident/5.0; chromeframe/19.0.1084.52)"
208.43.245.244 - - [01/May/2014:19:49:37 +0200] "GET /news.php?cs_go=archiv&cs_id=5121&cs_search= HTTP/1.1" 200 20302 "-" "Mozilla/5.0 (compatible; MSIE 9.0; Windows NT 6.1; WOW64; Trident/5.0; chromeframe/19.0.1084.52)"
208.43.245.244 - - [01/May/2014:19:49:43 +0200] "GET /lexikon.php?cs_go=2&cs_char=m HTTP/1.1" 200 20110 "-" "Mozilla/5.0 (compatible; MSIE 9.0; Windows NT 6.1; WOW64; Trident/5.0; chromeframe/19.0.1084.52)"
208.43.245.244 - - [01/May/2014:19:49:48 +0200] "GET /lexikon.php?cs_go=2&cs_char=l HTTP/1.1" 200 19810 "-" "Mozilla/5.0 (compatible; MSIE 9.0; Windows NT 6.1; WOW64; Trident/5.0; chromeframe/19.0.1084.52)"
208.43.245.244 - - [01/May/2014:19:49:53 +0200] "GET /lexikon.php?cs_go=2&cs_char=k HTTP/1.1" 200 20916 "-" "Mozilla/5.0 (compatible; MSIE 9.0; Windows NT 6.1; WOW64; Trident/5.0; chromeframe/19.0.1084.52)"
208.43.245.244 - - [01/May/2014:19:49:57 +0200] "GET /lexikon.php?cs_go=2&cs_char=j HTTP/1.1" 200 19647 "-" "Mozilla/5.0 (compatible; MSIE 9.0; Windows NT 6.1; WOW64; Trident/5.0; chromeframe/19.0.1084.52)"
208.43.245.244 - - [01/May/2014:19:50:02 +0200] "GET /lexikon.php?cs_go=2&cs_char=i HTTP/1.1" 200 19439 "-" "Mozilla/5.0 (compatible; MSIE 9.0; Windows NT 6.1; WOW64; Trident/5.0; chromeframe/19.0.1084.52)"
208.43.245.244 - - [01/May/2014:19:50:07 +0200] "GET /lexikon.php?cs_go=2&cs_char=h HTTP/1.1" 200 19837 "-" "Mozilla/5.0 (compatible; MSIE 9.0; Windows NT 6.1; WOW64; Trident/5.0; chromeframe/19.0.1084.52)"
208.43.245.244 - - [01/May/2014:19:50:12 +0200] "GET /lexikon.php?cs_go=2&cs_char=g HTTP/1.1" 200 20163 "-" "Mozilla/5.0 (compatible; MSIE 9.0; Windows NT 6.1; WOW64; Trident/5.0; chromeframe/19.0.1084.52)"
208.43.245.244 - - [01/May/2014:19:50:16 +0200] "GET /lexikon.php?cs_go=2&cs_char=f HTTP/1.1" 200 20632 "-" "Mozilla/5.0 (compatible; MSIE 9.0; Windows NT 6.1; WOW64; Trident/5.0; chromeframe/19.0.1084.52)"
208.43.245.244 - - [01/May/2014:19:50:21 +0200] "GET /lexikon.php?cs_go=2&cs_char=e HTTP/1.1" 200 20116 "-" "Mozilla/5.0 (compatible; MSIE 9.0; Windows NT 6.1; WOW64; Trident/5.0; chromeframe/19.0.1084.52)"
208.43.245.244 - - [01/May/2014:19:50:26 +0200] "GET /lexikon.php?cs_go=2&cs_char=d HTTP/1.1" 200 20458 "-" "Mozilla/5.0 (compatible; MSIE 9.0; Windows NT 6.1; WOW64; Trident/5.0; chromeframe/19.0.1084.52)"
208.43.245.244 - - [01/May/2014:19:50:31 +0200] "GET /lexikon.php?cs_go=2&cs_char=c HTTP/1.1" 200 19873 "-" "Mozilla/5.0 (compatible; MSIE 9.0; Windows NT 6.1; WOW64; Trident/5.0; chromeframe/19.0.1084.52)"
208.43.245.244 - - [01/May/2014:19:50:35 +0200] "GET /lexikon.php?cs_go=2&cs_char=b HTTP/1.1" 200 20767 "-" "Mozilla/5.0 (compatible; MSIE 9.0; Windows NT 6.1; WOW64; Trident/5.0; chromeframe/19.0.1084.52)"
208.43.245.244 - - [01/May/2014:19:50:40 +0200] "GET /lexikon.php?cs_go=2&cs_char=a HTTP/1.1" 200 20840 "-" "Mozilla/5.0 (compatible; MSIE 9.0; Windows NT 6.1; WOW64; Trident/5.0; chromeframe/19.0.1084.52)"
208.43.245.244 - - [01/May/2014:19:50:45 +0200] "GET /kwk.php?cs_go=3 HTTP/1.1" 200 21339 "-" "Mozilla/5.0 (compatible; MSIE 9.0; Windows NT 6.1; WOW64; Trident/5.0; chromeframe/19.0.1084.52)"
208.43.245.244 - - [01/May/2014:19:50:50 +0200] "GET /kwk.php?cs_go=2 HTTP/1.1" 200 22909 "-" "Mozilla/5.0 (compatible; MSIE 9.0; Windows NT 6.1; WOW64; Trident/5.0; chromeframe/19.0.1084.52)"
208.43.245.244 - - [01/May/2014:19:50:55 +0200] "GET /jobs.php HTTP/1.1" 200 18897 "-" "Mozilla/5.0 (compatible; MSIE 9.0; Windows NT 6.1; WOW64; Trident/5.0; chromeframe/19.0.1084.52)"
157.55.34.168 - - [01/May/2014:19:56:06 +0200] "GET /news.php?cs_go=archiv&cs_id=5067&cs_search= HTTP/1.1" 200 20575 "-" "Mozilla/5.0 (compatible; bingbot/2.0; +http://www.bing.com/bingbot.htm)"
157.55.34.168 - - [01/May/2014:19:56:54 +0200] "GET /news.php?cs_go=archiv&cs_id=5065&cs_search= HTTP/1.1" 200 20987 "-" "Mozilla/5.0 (compatible; bingbot/2.0; +http://www.bing.com/bingbot.htm)"
157.55.34.168 - - [01/May/2014:19:56:55 +0200] "GET /news.php?cs_go=archiv&cs_id=5063&cs_search= HTTP/1.1" 200 24443 "-" "Mozilla/5.0 (compatible; bingbot/2.0; +http://www.bing.com/bingbot.htm)"
157.55.34.168 - - [01/May/2014:19:56:55 +0200] "GET /news.php?cs_go=archiv&cs_id=5061&cs_search= HTTP/1.1" 200 20455 "-" "Mozilla/5.0 (compatible; bingbot/2.0; +http://www.bing.com/bingbot.htm)"
157.55.34.168 - - [01/May/2014:19:56:56 +0200] "GET /news.php?cs_go=archiv&cs_id=5059&cs_search= HTTP/1.1" 200 26258 "-" "Mozilla/5.0 (compatible; bingbot/2.0; +http://www.bing.com/bingbot.htm)"
157.55.34.168 - - [01/May/2014:19:56:58 +0200] "GET /news.php?cs_go=archiv&cs_id=4900 HTTP/1.1" 200 20327 "-" "Mozilla/5.0 (compatible; bingbot/2.0; +http://www.bing.com/bingbot.htm)"
157.55.34.168 - - [01/May/2014:19:56:59 +0200] "GET /news.php?cs_go=archiv&cs_id=4896 HTTP/1.1" 200 20642 "-" "Mozilla/5.0 (compatible; bingbot/2.0; +http://www.bing.com/bingbot.htm)"
157.55.34.168 - - [01/May/2014:19:56:59 +0200] "GET /lexikon.php?cs_go=2&cs_char=y HTTP/1.1" 200 19647 "-" "Mozilla/5.0 (compatible; bingbot/2.0; +http://www.bing.com/bingbot.htm)"
157.55.34.168 - - [01/May/2014:19:57:00 +0200] "GET /lexikon.php?cs_go=2&cs_char=u HTTP/1.1" 200 19781 "-" "Mozilla/5.0 (compatible; bingbot/2.0; +http://www.bing.com/bingbot.htm)"
157.55.34.168 - - [01/May/2014:19:57:01 +0200] "GET /lexikon.php?cs_go=2&cs_char=r HTTP/1.1" 200 20769 "-" "Mozilla/5.0 (compatible; bingbot/2.0; +http://www.bing.com/bingbot.htm)"
157.55.34.168 - - [01/May/2014:19:57:02 +0200] "GET /lexikon.php?cs_go=2&cs_char=m HTTP/1.1" 200 20110 "-" "Mozilla/5.0 (compatible; bingbot/2.0; +http://www.bing.com/bingbot.htm)"
157.55.34.168 - - [01/May/2014:19:57:05 +0200] "GET /lexikon.php?cs_go=2&cs_char=j HTTP/1.1" 200 19647 "-" "Mozilla/5.0 (compatible; bingbot/2.0; +http://www.bing.com/bingbot.htm)"
157.55.34.168 - - [01/May/2014:19:57:06 +0200] "GET /lexikon.php?cs_go=2&cs_char=f HTTP/1.1" 200 20632 "-" "Mozilla/5.0 (compatible; bingbot/2.0; +http://www.bing.com/bingbot.htm)"
157.55.34.168 - - [01/May/2014:19:57:07 +0200] "GET /lexikon.php?cs_go=2&cs_char=a HTTP/1.1" 200 20840 "-" "Mozilla/5.0 (compatible; bingbot/2.0; +http://www.bing.com/bingbot.htm)"
157.55.34.168 - - [01/May/2014:19:57:08 +0200] "GET /news.php?cs_go=archiv&cs_id=5119&cs_search= HTTP/1.1" 200 20294 "-" "Mozilla/5.0 (compatible; bingbot/2.0; +http://www.bing.com/bingbot.htm)"
157.55.34.168 - - [01/May/2014:19:57:08 +0200] "GET /news.php?cs_go=archiv&cs_id=5118 HTTP/1.1" 200 20365 "-" "Mozilla/5.0 (compatible; bingbot/2.0; +http://www.bing.com/bingbot.htm)"
157.55.34.168 - - [01/May/2014:19:57:09 +0200] "GET /news.php?cs_go=archiv&cs_id=5114 HTTP/1.1" 200 24245 "-" "Mozilla/5.0 (compatible; bingbot/2.0; +http://www.bing.com/bingbot.htm)"
157.55.34.168 - - [01/May/2014:19:57:10 +0200] "GET /news.php?cs_go=archiv&cs_id=5109&cs_search= HTTP/1.1" 200 21409 "-" "Mozilla/5.0 (compatible; bingbot/2.0; +http://www.bing.com/bingbot.htm)"
157.55.34.168 - - [01/May/2014:19:57:10 +0200] "GET /news.php?cs_go=archiv&cs_id=5075&cs_search= HTTP/1.1" 200 20347 "-" "Mozilla/5.0 (compatible; bingbot/2.0; +http://www.bing.com/bingbot.htm)"
157.55.34.168 - - [01/May/2014:19:57:11 +0200] "GET /news.php?cs_go=archiv&cs_id=5071&cs_search= HTTP/1.1" 200 20319 "-" "Mozilla/5.0 (compatible; bingbot/2.0; +http://www.bing.com/bingbot.htm)"
66.249.78.114 - - [01/May/2014:20:02:49 +0200] "GET /robots.txt HTTP/1.1" 404 1256 "-" "Mozilla/5.0 (compatible; Googlebot/2.1; +http://www.google.com/bot.html)"
178.255.215.66 - - [01/May/2014:20:03:14 +0200] "GET /robots.txt HTTP/1.1" 404 1256 "-" "Mozilla/5.0 (compatible; Exabot/3.0; +http://www.exabot.com/go/robot)"
37.58.100.234 - - [01/May/2014:20:02:18 +0200] "GET /essoschmierstoffe.php HTTP/1.1" 200 14216 "-" "Mozilla/5.0 (compatible; AhrefsBot/5.0; +http://ahrefs.com/robot/)"
37.58.100.173 - - [01/May/2014:20:02:51 +0200] "GET /news.php?cs_go=archiv&cs_id=4836 HTTP/1.1" 200 20272 "-" "Mozilla/5.0 (compatible; AhrefsBot/5.0; +http://ahrefs.com/robot/)"
66.249.78.86 - - [01/May/2014:20:02:26 +0200] "GET /news.php?cs_go=archiv&cs_id=4614 HTTP/1.1" 200 24481 "-" "Mozilla/5.0 (iPhone; CPU iPhone OS 6_0 like Mac OS X) AppleWebKit/536.26 (KHTML, like Gecko) Version/6.0 Mobile/10A5376e Safari/8536.25 (compatible; Googlebot/2.1; +http://www.google.com/bot.html)"
66.249.66.2 - - [01/May/2014:20:02:49 +0200] "GET /lexikon.php?cs_go=3&cs_id=33 HTTP/1.1" 200 19859 "-" "Mozilla/5.0 (compatible; Googlebot/2.1; +http://www.google.com/bot.html)"
37.58.100.143 - - [01/May/2014:20:00:26 +0200] "GET /news.php?cs_go=archiv&cs_id=4900&cs_search= HTTP/1.1" 200 20327 "-" "Mozilla/5.0 (compatible; AhrefsBot/5.0; +http://ahrefs.com/robot/)"
178.255.215.66 - - [01/May/2014:20:03:15 +0200] "GET / HTTP/1.1" 200 23306 "-" "Mozilla/5.0 (compatible; Exabot/3.0; +http://www.exabot.com/go/robot)"
65.55.52.87 - - [01/May/2014:20:09:11 +0200] "GET /index.php HTTP/1.1" 200 23306 "-" "Mozilla/5.0 (compatible; bingbot/2.0; +http://www.bing.com/bingbot.htm)"
157.55.34.94 - - [01/May/2014:20:11:10 +0200] "GET /essoschmierstoffe.php HTTP/1.1" 200 22773 "-" "Mozilla/5.0 (compatible; bingbot/2.0; +http://www.bing.com/bingbot.htm)"
157.55.35.102 - - [01/May/2014:20:11:50 +0200] "GET /faq.php HTTP/1.1" 200 238396 "-" "Mozilla/5.0 (compatible; bingbot/2.0; +http://www.bing.com/bingbot.htm)"
157.55.35.46 - - [01/May/2014:20:14:27 +0200] "GET /robots.txt HTTP/1.1" 404 1256 "-" "Mozilla/5.0 (compatible; bingbot/2.0; +http://www.bing.com/bingbot.htm)"
157.55.35.46 - - [01/May/2014:20:14:33 +0200] "GET /marktdaten.php HTTP/1.1" 200 19833 "-" "Mozilla/5.0 (compatible; bingbot/2.0; +http://www.bing.com/bingbot.htm)"
66.249.66.11 - - [01/May/2014:20:15:44 +0200] "GET /news.php?cs_go=archiv&cs_id=4066 HTTP/1.1" 200 22877 "-" "DoCoMo/2.0 N905i(c100;TB;W24H16) (compatible; Googlebot-Mobile/2.1; +http://www.google.com/bot.html)"
66.249.78.71 - - [01/May/2014:20:18:08 +0200] "GET /news.php?cs_go=archiv&cs_id=4317 HTTP/1.1" 200 22354 "-" "Mozilla/5.0 (compatible; Googlebot/2.1; +http://www.google.com/bot.html)"
178.77.126.55 - - [01/May/2014:20:23:40 +0200] "GET /robots.txt HTTP/1.1" 404 1256 "-" "Mozilla/5.0 (compatible; CareerBot/1.1; +http://www.career-x.de/bot.html)"
178.77.126.55 - - [01/May/2014:20:23:40 +0200] "GET / HTTP/1.1" 200 23306 "-" "Mozilla/5.0 (compatible; CareerBot/1.1; +http://www.career-x.de/bot.html)"
66.249.78.86 - - [01/May/2014:20:26:21 +0200] "GET /news.php?cs_go=archiv&cs_id=3966 HTTP/1.1" 200 24281 "-" "SAMSUNG-SGH-E250/1.0 Profile/MIDP-2.0 Configuration/CLDC-1.1 UP.Browser/6.2.3.3.c.1.101 (GUI) MMP/2.0 (compatible; Googlebot-Mobile/2.1; +http://www.google.com/bot.html)"
5.35.249.149 - - [01/May/2014:20:29:24 +0200] "GET / HTTP/1.1" 200 23306 "-" "Mozilla/5.0 (X11; Linux x86_64; rv:15.0) Gecko/20100101 Firefox/15.0.1"
66.249.78.71 - - [01/May/2014:20:29:50 +0200] "GET /ansprechpartner.php HTTP/1.1" 200 21426 "-" "Mozilla/5.0 (compatible; Googlebot/2.1; +http://www.google.com/bot.html)"
5.199.136.130 - - [01/May/2014:20:33:12 +0200] "GET /robots.txt HTTP/1.1" 404 1256 "-" "Mozilla/5.0 (compatible; waybackarchive.org/1.0; +spider@waybackarchive.org)"
66.249.78.160 - - [01/May/2014:20:35:42 +0200] "GET /tankreinigung.php HTTP/1.1" 200 22286 "-" "Mozilla/5.0 (compatible; Googlebot/2.1; +http://www.google.com/bot.html)"
159.149.133.251 - - [01/May/2014:20:47:53 +0200] "GET /robots.txt HTTP/1.1" 404 1256 "-" "BUbiNG (+http://law.di.unimi.it/BUbiNG.html)"
159.149.133.251 - - [01/May/2014:20:47:53 +0200] "GET / HTTP/1.1" 200 23306 "-" "BUbiNG (+http://law.di.unimi.it/BUbiNG.html)"
157.55.33.29 - - [01/May/2014:20:58:57 +0200] "GET /adblue.php HTTP/1.1" 200 23024 "-" "Mozilla/5.0 (compatible; bingbot/2.0; +http://www.bing.com/bingbot.htm)"
157.55.33.29 - - [01/May/2014:20:58:58 +0200] "GET /energiekostenvergleich.php HTTP/1.1" 200 23457 "-" "Mozilla/5.0 (compatible; bingbot/2.0; +http://www.bing.com/bingbot.htm)"
37.58.100.92 - - [01/May/2014:21:09:30 +0200] "GET /news.php?cs_go=archiv&cs_startpos=150 HTTP/1.1" 200 34580 "-" "Mozilla/5.0 (compatible; AhrefsBot/5.0; +http://ahrefs.com/robot/)"
208.115.111.72 - - [01/May/2014:21:12:57 +0200] "GET /ec.php HTTP/1.1" 200 20630 "-" "Mozilla/5.0 (compatible; DotBot/1.1; http://www.opensiteexplorer.org/dotbot, help@moz.com)"
66.249.78.71 - - [01/May/2014:21:22:46 +0200] "GET /news.php?cs_go=archiv&cs_id=5001 HTTP/1.1" 200 20252 "-" "Mozilla/5.0 (compatible; Googlebot/2.1; +http://www.google.com/bot.html)"
66.249.78.200 - - [01/May/2014:21:31:33 +0200] "GET /robots.txt HTTP/1.1" 404 1256 "-" "Mozilla/5.0 (compatible; Googlebot/2.1; +http://www.google.com/bot.html)"
66.249.78.200 - - [01/May/2014:21:31:33 +0200] "GET /news.php?cs_go=archiv&cs_id=4830&cs_search= HTTP/1.1" 200 21601 "-" "Mozilla/5.0 (compatible; Googlebot/2.1; +http://www.google.com/bot.html)"
66.249.78.86 - - [01/May/2014:21:40:20 +0200] "GET /news.php?cs_go=archiv&cs_id=4605 HTTP/1.1" 200 20612 "-" "Mozilla/5.0 (compatible; Googlebot/2.1; +http://www.google.com/bot.html)"
157.55.34.103 - - [01/May/2014:21:40:25 +0200] "GET /robots.txt HTTP/1.1" 404 1256 "-" "Mozilla/5.0 (compatible; bingbot/2.0; +http://www.bing.com/bingbot.htm)"
157.55.34.103 - - [01/May/2014:21:41:30 +0200] "GET /faq.php HTTP/1.1" 200 238396 "-" "Mozilla/5.0 (compatible; bingbot/2.0; +http://www.bing.com/bingbot.htm)"
37.58.100.154 - - [01/May/2014:21:42:36 +0200] "GET /news.php?cs_go=archiv&cs_id=5021 HTTP/1.1" 200 20318 "-" "Mozilla/5.0 (compatible; AhrefsBot/5.0; +http://ahrefs.com/robot/)"
66.249.78.91 - - [01/May/2014:21:49:07 +0200] "GET /robots.txt HTTP/1.1" 404 1256 "-" "Mozilla/5.0 (compatible; Googlebot/2.1; +http://www.google.com/bot.html)"
66.249.78.91 - - [01/May/2014:21:49:07 +0200] "GET /news.php?cs_go=archiv&cs_id=4304 HTTP/1.1" 200 20518 "-" "Mozilla/5.0 (compatible; Googlebot/2.1; +http://www.google.com/bot.html)"
157.55.35.88 - - [01/May/2014:21:49:14 +0200] "GET /news.php?cs_go=archiv&cs_id=5069&cs_search= HTTP/1.1" 200 20450 "-" "Mozilla/5.0 (compatible; bingbot/2.0; +http://www.bing.com/bingbot.htm)"
157.55.35.88 - - [01/May/2014:21:49:15 +0200] "GET /news.php?cs_go=archiv&cs_id=5057&cs_search= HTTP/1.1" 200 23885 "-" "Mozilla/5.0 (compatible; bingbot/2.0; +http://www.bing.com/bingbot.htm)"
157.55.35.88 - - [01/May/2014:21:49:16 +0200] "GET /news.php?cs_go=archiv&cs_id=4902 HTTP/1.1" 200 20634 "-" "Mozilla/5.0 (compatible; bingbot/2.0; +http://www.bing.com/bingbot.htm)"
157.55.35.88 - - [01/May/2014:21:49:17 +0200] "GET /news.php?cs_go=archiv&cs_id=4898 HTTP/1.1" 200 24088 "-" "Mozilla/5.0 (compatible; bingbot/2.0; +http://www.bing.com/bingbot.htm)"
157.55.35.88 - - [01/May/2014:21:49:18 +0200] "GET /lexikon.php?cs_go=2&cs_char=w HTTP/1.1" 200 19624 "-" "Mozilla/5.0 (compatible; bingbot/2.0; +http://www.bing.com/bingbot.htm)"
157.55.35.88 - - [01/May/2014:21:49:18 +0200] "GET /lexikon.php?cs_go=2&cs_char=p HTTP/1.1" 200 20203 "-" "Mozilla/5.0 (compatible; bingbot/2.0; +http://www.bing.com/bingbot.htm)"
157.55.35.88 - - [01/May/2014:21:49:20 +0200] "GET /lexikon.php?cs_go=2&cs_char=o HTTP/1.1" 200 20298 "-" "Mozilla/5.0 (compatible; bingbot/2.0; +http://www.bing.com/bingbot.htm)"
157.55.35.88 - - [01/May/2014:21:49:21 +0200] "GET /lexikon.php?cs_go=2&cs_char=h HTTP/1.1" 200 19837 "-" "Mozilla/5.0 (compatible; bingbot/2.0; +http://www.bing.com/bingbot.htm)"
157.55.35.88 - - [01/May/2014:21:49:22 +0200] "GET /lexikon.php?cs_go=2&cs_char=d HTTP/1.1" 200 20458 "-" "Mozilla/5.0 (compatible; bingbot/2.0; +http://www.bing.com/bingbot.htm)"
157.55.35.88 - - [01/May/2014:21:49:22 +0200] "GET /lexikon.php?cs_go=2&cs_char=c HTTP/1.1" 200 19873 "-" "Mozilla/5.0 (compatible; bingbot/2.0; +http://www.bing.com/bingbot.htm)"
157.55.35.88 - - [01/May/2014:21:49:23 +0200] "GET /downloads/biogasanlage%20inhalt.pdf HTTP/1.1" 200 393011 "-" "Mozilla/5.0 (compatible; bingbot/2.0; +http://www.bing.com/bingbot.htm)"
157.55.35.88 - - [01/May/2014:21:49:24 +0200] "GET /video/Mobil_SHC_de.flv HTTP/1.1" 200 41358622 "-" "Mozilla/5.0 (compatible; bingbot/2.0; +http://www.bing.com/bingbot.htm)"
157.55.35.88 - - [01/May/2014:21:49:26 +0200] "GET /news.php?cs_go=archiv&cs_id=5117&cs_search= HTTP/1.1" 200 24176 "-" "Mozilla/5.0 (compatible; bingbot/2.0; +http://www.bing.com/bingbot.htm)"
157.55.35.88 - - [01/May/2014:21:49:27 +0200] "GET /news.php?cs_go=archiv&cs_id=5116 HTTP/1.1" 200 20981 "-" "Mozilla/5.0 (compatible; bingbot/2.0; +http://www.bing.com/bingbot.htm)"
157.55.35.88 - - [01/May/2014:21:51:46 +0200] "GET /news.php?cs_go=archiv&cs_id=5115&cs_search= HTTP/1.1" 200 20380 "-" "Mozilla/5.0 (compatible; bingbot/2.0; +http://www.bing.com/bingbot.htm)"
157.55.35.88 - - [01/May/2014:21:51:47 +0200] "GET /news.php?cs_go=archiv&cs_id=5113&cs_search= HTTP/1.1" 200 22520 "-" "Mozilla/5.0 (compatible; bingbot/2.0; +http://www.bing.com/bingbot.htm)"
157.55.33.20 - - [01/May/2014:21:53:17 +0200] "GET /adblue.php HTTP/1.1" 200 23024 "-" "Mozilla/5.0 (compatible; bingbot/2.0; +http://www.bing.com/bingbot.htm)"
66.249.78.86 - - [01/May/2014:21:53:19 +0200] "GET /news.php?cs_go=archiv&cs_id=4216 HTTP/1.1" 200 22668 "-" "Mozilla/5.0 (iPhone; CPU iPhone OS 6_0 like Mac OS X) AppleWebKit/536.26 (KHTML, like Gecko) Version/6.0 Mobile/10A5376e Safari/8536.25 (compatible; Googlebot/2.1; +http://www.google.com/bot.html)"
157.55.35.88 - - [01/May/2014:21:53:45 +0200] "GET /news.php?cs_go=archiv&cs_id=5111&cs_search= HTTP/1.1" 200 20457 "-" "Mozilla/5.0 (compatible; bingbot/2.0; +http://www.bing.com/bingbot.htm)"
66.249.78.71 - - [01/May/2014:21:54:58 +0200] "GET /baustellenbetankung.php HTTP/1.1" 200 19708 "-" "Mozilla/5.0 (compatible; Googlebot/2.1; +http://www.google.com/bot.html)"
157.55.35.102 - - [01/May/2014:22:06:50 +0200] "GET /news.php?cs_go=archiv&cs_id=5042 HTTP/1.1" 200 23882 "-" "Mozilla/5.0 (compatible; bingbot/2.0; +http://www.bing.com/bingbot.htm)"
157.55.34.94 - - [01/May/2014:22:07:32 +0200] "GET /news.php?cs_go=archiv&cs_id=5126 HTTP/1.1" 200 24315 "-" "Mozilla/5.0 (compatible; bingbot/2.0; +http://www.bing.com/bingbot.htm)"
66.249.78.114 - - [01/May/2014:22:09:36 +0200] "GET /lexikon.php?cs_go=3&cs_id=129 HTTP/1.1" 200 19684 "-" "Mozilla/5.0 (compatible; Googlebot/2.1; +http://www.google.com/bot.html)"
157.55.34.28 - - [01/May/2014:22:13:32 +0200] "GET /robots.txt HTTP/1.1" 404 1256 "-" "Mozilla/5.0 (compatible; bingbot/2.0; +http://www.bing.com/bingbot.htm)"
66.249.66.11 - - [01/May/2014:22:20:20 +0200] "GET /jobs.php HTTP/1.1" 200 18897 "-" "DoCoMo/2.0 N905i(c100;TB;W24H16) (compatible; Googlebot-Mobile/2.1; +http://www.google.com/bot.html)"
157.55.34.28 - - [01/May/2014:22:21:04 +0200] "GET /heizoel.php HTTP/1.1" 200 20896 "-" "Mozilla/5.0 (compatible; bingbot/2.0; +http://www.bing.com/bingbot.htm)"
66.249.78.90 - - [01/May/2014:22:21:19 +0200] "GET /news.php?cs_go=archiv&cs_id=3797 HTTP/1.1" 200 20504 "-" "Mozilla/5.0 (compatible; Googlebot/2.1; +http://www.google.com/bot.html)"
157.55.32.58 - - [01/May/2014:22:22:28 +0200] "GET /robots.txt HTTP/1.1" 404 1256 "-" "Mozilla/5.0 (compatible; bingbot/2.0; +http://www.bing.com/bingbot.htm)"
157.55.32.223 - - [01/May/2014:22:22:30 +0200] "GET /robots.txt HTTP/1.1" 404 1256 "-" "Mozilla/5.0 (compatible; bingbot/2.0; +http://www.bing.com/bingbot.htm)"
157.55.32.223 - - [01/May/2014:22:22:30 +0200] "GET /news.php?cs_go=archiv&cs_id=5070&cs_search= HTTP/1.1" 200 24370 "-" "Mozilla/5.0 (compatible; bingbot/2.0; +http://www.bing.com/bingbot.htm)"
157.55.32.223 - - [01/May/2014:22:22:32 +0200] "GET /news.php?cs_go=archiv&cs_id=5066&cs_search= HTTP/1.1" 200 23443 "-" "Mozilla/5.0 (compatible; bingbot/2.0; +http://www.bing.com/bingbot.htm)"
157.55.32.223 - - [01/May/2014:22:22:32 +0200] "GET /news.php?cs_go=archiv&cs_id=5064&cs_search= HTTP/1.1" 200 20407 "-" "Mozilla/5.0 (compatible; bingbot/2.0; +http://www.bing.com/bingbot.htm)"
157.55.32.223 - - [01/May/2014:22:22:33 +0200] "GET /news.php?cs_go=archiv&cs_id=5062&cs_search= HTTP/1.1" 200 20764 "-" "Mozilla/5.0 (compatible; bingbot/2.0; +http://www.bing.com/bingbot.htm)"
157.55.32.223 - - [01/May/2014:22:22:34 +0200] "GET /news.php?cs_go=archiv&cs_id=5060&cs_search= HTTP/1.1" 200 23610 "-" "Mozilla/5.0 (compatible; bingbot/2.0; +http://www.bing.com/bingbot.htm)"
157.55.32.223 - - [01/May/2014:22:22:34 +0200] "GET /news.php?cs_go=archiv&cs_id=5058&cs_search= HTTP/1.1" 200 20693 "-" "Mozilla/5.0 (compatible; bingbot/2.0; +http://www.bing.com/bingbot.htm)"
157.55.32.223 - - [01/May/2014:22:22:35 +0200] "GET /news.php?cs_go=archiv&cs_id=4901 HTTP/1.1" 200 24217 "-" "Mozilla/5.0 (compatible; bingbot/2.0; +http://www.bing.com/bingbot.htm)"
157.55.32.223 - - [01/May/2014:22:22:36 +0200] "GET /lexikon.php?cs_go=2&cs_char=x HTTP/1.1" 200 19647 "-" "Mozilla/5.0 (compatible; bingbot/2.0; +http://www.bing.com/bingbot.htm)"
157.55.32.223 - - [01/May/2014:22:22:37 +0200] "GET /lexikon.php?cs_go=2&cs_char=t HTTP/1.1" 200 19999 "-" "Mozilla/5.0 (compatible; bingbot/2.0; +http://www.bing.com/bingbot.htm)"
157.55.32.223 - - [01/May/2014:22:22:37 +0200] "GET /lexikon.php?cs_go=2&cs_char=l HTTP/1.1" 200 19810 "-" "Mozilla/5.0 (compatible; bingbot/2.0; +http://www.bing.com/bingbot.htm)"
157.55.32.223 - - [01/May/2014:22:22:38 +0200] "GET /lexikon.php?cs_go=2&cs_char=k HTTP/1.1" 200 20916 "-" "Mozilla/5.0 (compatible; bingbot/2.0; +http://www.bing.com/bingbot.htm)"
157.55.32.223 - - [01/May/2014:22:22:39 +0200] "GET /lexikon.php?cs_go=2&cs_char=g HTTP/1.1" 200 20163 "-" "Mozilla/5.0 (compatible; bingbot/2.0; +http://www.bing.com/bingbot.htm)"
157.55.32.223 - - [01/May/2014:22:22:39 +0200] "GET /lexikon.php?cs_go=2&cs_char=s HTTP/1.1" 200 21105 "-" "Mozilla/5.0 (compatible; bingbot/2.0; +http://www.bing.com/bingbot.htm)"
157.55.32.223 - - [01/May/2014:22:22:40 +0200] "GET /news.php?cs_go=archiv&cs_startpos=90 HTTP/1.1" 200 34518 "-" "Mozilla/5.0 (compatible; bingbot/2.0; +http://www.bing.com/bingbot.htm)"
157.55.32.223 - - [01/May/2014:22:22:41 +0200] "GET /news.php?cs_go=archiv&cs_startpos=80 HTTP/1.1" 200 34368 "-" "Mozilla/5.0 (compatible; bingbot/2.0; +http://www.bing.com/bingbot.htm)"
157.55.32.223 - - [01/May/2014:22:22:42 +0200] "GET /news.php?cs_go=archiv&cs_startpos=70 HTTP/1.1" 200 34424 "-" "Mozilla/5.0 (compatible; bingbot/2.0; +http://www.bing.com/bingbot.htm)"
157.55.32.223 - - [01/May/2014:22:22:43 +0200] "GET /news.php?cs_go=archiv&cs_startpos=60 HTTP/1.1" 200 34557 "-" "Mozilla/5.0 (compatible; bingbot/2.0; +http://www.bing.com/bingbot.htm)"
157.55.32.223 - - [01/May/2014:22:22:44 +0200] "GET /news.php?cs_go=archiv&cs_startpos=210 HTTP/1.1" 200 19648 "-" "Mozilla/5.0 (compatible; bingbot/2.0; +http://www.bing.com/bingbot.htm)"
157.55.32.223 - - [01/May/2014:22:22:45 +0200] "GET /news.php?cs_go=archiv&cs_id=5119 HTTP/1.1" 200 20294 "-" "Mozilla/5.0 (compatible; bingbot/2.0; +http://www.bing.com/bingbot.htm)"
157.55.32.223 - - [01/May/2014:22:22:45 +0200] "GET /news.php?cs_go=archiv&cs_id=5118&cs_search= HTTP/1.1" 200 20365 "-" "Mozilla/5.0 (compatible; bingbot/2.0; +http://www.bing.com/bingbot.htm)"
157.55.32.223 - - [01/May/2014:22:22:50 +0200] "GET /news.php?cs_go=archiv&cs_id=5115 HTTP/1.1" 200 20380 "-" "Mozilla/5.0 (compatible; bingbot/2.0; +http://www.bing.com/bingbot.htm)"
157.55.32.223 - - [01/May/2014:22:22:51 +0200] "GET /news.php?cs_go=archiv&cs_id=5074&cs_search= HTTP/1.1" 200 24113 "-" "Mozilla/5.0 (compatible; bingbot/2.0; +http://www.bing.com/bingbot.htm)"
157.55.32.223 - - [01/May/2014:22:22:52 +0200] "GET /news.php?cs_go=archiv&cs_id=5072&cs_search= HTTP/1.1" 200 20792 "-" "Mozilla/5.0 (compatible; bingbot/2.0; +http://www.bing.com/bingbot.htm)"
157.55.33.20 - - [01/May/2014:22:23:51 +0200] "GET /robots.txt HTTP/1.1" 404 1256 "-" "Mozilla/5.0 (compatible; bingbot/2.0; +http://www.bing.com/bingbot.htm)"
157.56.93.71 - - [01/May/2014:22:28:11 +0200] "GET /js/ddaccordion.js HTTP/1.1" 200 12534 "-" "Mozilla/5.0 (compatible; bingbot/2.0; +http://www.bing.com/bingbot.htm)"
157.56.93.71 - - [01/May/2014:22:28:11 +0200] "GET /style.css HTTP/1.1" 200 8056 "-" "Mozilla/5.0 (compatible; bingbot/2.0; +http://www.bing.com/bingbot.htm)"
157.56.93.71 - - [01/May/2014:22:28:12 +0200] "GET /modul.css HTTP/1.1" 200 36485 "-" "Mozilla/5.0 (compatible; bingbot/2.0; +http://www.bing.com/bingbot.htm)"
157.56.92.174 - - [01/May/2014:22:30:53 +0200] "GET /js/slider.js HTTP/1.1" 200 773 "-" "Mozilla/5.0 (compatible; bingbot/2.0; +http://www.bing.com/bingbot.htm)"
157.56.92.174 - - [01/May/2014:22:30:53 +0200] "GET /js/jquery.min.js HTTP/1.1" 200 57254 "-" "Mozilla/5.0 (compatible; bingbot/2.0; +http://www.bing.com/bingbot.htm)"
157.55.33.20 - - [01/May/2014:22:41:24 +0200] "GET /news.php?cs_go=archiv&cs_id=5125 HTTP/1.1" 200 20470 "-" "Mozilla/5.0 (compatible; bingbot/2.0; +http://www.bing.com/bingbot.htm)"
157.55.33.20 - - [01/May/2014:22:41:25 +0200] "GET /news.php?cs_go=archiv&cs_id=5135 HTTP/1.1" 200 24099 "-" "Mozilla/5.0 (compatible; bingbot/2.0; +http://www.bing.com/bingbot.htm)"
66.249.78.200 - - [01/May/2014:22:41:48 +0200] "GET /news.php?cs_go=archiv&cs_id=4583&cs_search= HTTP/1.1" 200 26133 "-" "Mozilla/5.0 (compatible; Googlebot/2.1; +http://www.google.com/bot.html)"
208.115.111.69 - - [01/May/2014:22:43:21 +0200] "GET /robots.txt HTTP/1.1" 404 1256 "-" "Mozilla/5.0 (compatible; DotBot/1.1; http://www.opensiteexplorer.org/dotbot, help@moz.com)"
66.249.78.86 - - [01/May/2014:22:44:45 +0200] "GET /news.php?cs_go=archiv&cs_id=3711 HTTP/1.1" 200 21716 "-" "Mozilla/5.0 (compatible; Googlebot/2.1; +http://www.google.com/bot.html)"
65.55.24.245 - - [01/May/2014:22:49:14 +0200] "GET / HTTP/1.1" 200 23306 "-" "Mozilla/5.0 (compatible; bingbot/2.0; +http://www.bing.com/bingbot.htm)"
66.249.78.71 - - [01/May/2014:22:50:00 +0200] "GET /essoschmierstoffe.php HTTP/1.1" 200 22773 "-" "Mozilla/5.0 (iPhone; CPU iPhone OS 6_0 like Mac OS X) AppleWebKit/536.26 (KHTML, like Gecko) Version/6.0 Mobile/10A5376e Safari/8536.25 (compatible; Googlebot/2.1; +http://www.google.com/bot.html)"
208.115.113.93 - - [01/May/2014:22:51:10 +0200] "GET /robots.txt HTTP/1.1" 404 1256 "-" "Mozilla/5.0 (compatible; DotBot/1.1; http://www.opensiteexplorer.org/dotbot, help@moz.com)"
157.55.32.58 - - [01/May/2014:22:51:19 +0200] "GET / HTTP/1.1" 200 23306 "-" "Mozilla/5.0 (compatible; bingbot/2.0; +http://www.bing.com/bingbot.htm)"
37.58.100.154 - - [01/May/2014:22:56:35 +0200] "GET /lexikon.php?cs_go=2&cs_char=b HTTP/1.1" 200 20767 "-" "Mozilla/5.0 (compatible; AhrefsBot/5.0; +http://ahrefs.com/robot/)"
66.249.78.71 - - [01/May/2014:22:59:21 +0200] "GET /news.php?cs_go=archiv&cs_id=3852 HTTP/1.1" 200 24071 "-" "Mozilla/5.0 (compatible; Googlebot/2.1; +http://www.google.com/bot.html)"
66.249.78.71 - - [01/May/2014:22:59:55 +0200] "GET /news.php?cs_go=archiv&cs_id=3713 HTTP/1.1" 200 26378 "-" "Mozilla/5.0 (compatible; Googlebot/2.1; +http://www.google.com/bot.html)"
66.249.78.114 - - [01/May/2014:23:08:08 +0200] "GET /lexikon.php?cs_go=3&cs_id=131 HTTP/1.1" 200 19413 "-" "Mozilla/5.0 (compatible; Googlebot/2.1; +http://www.google.com/bot.html)"
157.55.33.20 - - [01/May/2014:23:16:59 +0200] "GET /news.php?cs_go=archiv&cs_id=5110 HTTP/1.1" 200 24488 "-" "Mozilla/5.0 (compatible; bingbot/2.0; +http://www.bing.com/bingbot.htm)"
66.249.78.71 - - [01/May/2014:23:22:46 +0200] "GET /heizoel.php HTTP/1.1" 200 20896 "-" "Mozilla/5.0 (compatible; Googlebot/2.1; +http://www.google.com/bot.html)"
66.249.78.86 - - [01/May/2014:23:25:42 +0200] "GET /news.php?cs_go=archiv&cs_id=5018&cs_search= HTTP/1.1" 200 20505 "-" "Mozilla/5.0 (compatible; Googlebot/2.1; +http://www.google.com/bot.html)"
84.38.65.176 - - [01/May/2014:23:26:52 +0200] "GET / HTTP/1.1" 200 10637 "http://www.sumaja.de/" "Mozilla/4.0 (compatible; MSIE 7.0; Windows NT 6.0; GTB6; SLCC1; .NET CLR 2.0.50727; Media Center PC 5.0; eSobiSubscriber 2.0.4.16; .NET CLR 3.5.30729; .NET CLR 3.0.30729; .NET4.0C)"
85.25.202.18 - - [01/May/2014:23:26:52 +0200] "GET / HTTP/1.0" 200 23306 "-" "-"
85.25.202.18 - - [01/May/2014:23:26:52 +0200] "GET / HTTP/1.0" 200 10637 "-" "-"
66.249.78.200 - - [01/May/2014:23:36:54 +0200] "GET /lexikon.php?cs_go=3&cs_id=197 HTTP/1.1" 200 19030 "-" "Mozilla/5.0 (compatible; Googlebot/2.1; +http://www.google.com/bot.html)"
176.9.146.117 - - [01/May/2014:23:38:43 +0200] "GET /robots.txt HTTP/1.1" 404 1256 "-" "Mozilla/5.0 (compatible; SearchmetricsBot; http://www.searchmetrics.com/en/searchmetrics-bot/)"
176.9.146.117 - - [01/May/2014:23:38:43 +0200] "GET / HTTP/1.1" 200 23306 "-" "Mozilla/5.0 (compatible; SearchmetricsBot; http://www.searchmetrics.com/en/searchmetrics-bot/)"
176.9.146.117 - - [01/May/2014:23:38:44 +0200] "GET /faq.php HTTP/1.1" 200 238396 "-" "Mozilla/5.0 (compatible; SearchmetricsBot; http://www.searchmetrics.com/en/searchmetrics-bot/)"
176.9.146.117 - - [01/May/2014:23:38:45 +0200] "GET /preisanfrage.php HTTP/1.1" 200 23634 "-" "Mozilla/5.0 (compatible; SearchmetricsBot; http://www.searchmetrics.com/en/searchmetrics-bot/)"
176.9.146.117 - - [01/May/2014:23:38:46 +0200] "GET /adblue.php HTTP/1.1" 200 23024 "-" "Mozilla/5.0 (compatible; SearchmetricsBot; http://www.searchmetrics.com/en/searchmetrics-bot/)"
176.9.146.117 - - [01/May/2014:23:38:46 +0200] "GET /waermekonto.php HTTP/1.1" 200 30798 "-" "Mozilla/5.0 (compatible; SearchmetricsBot; http://www.searchmetrics.com/en/searchmetrics-bot/)"
176.9.146.117 - - [01/May/2014:23:38:47 +0200] "GET /ec.php HTTP/1.1" 200 20630 "-" "Mozilla/5.0 (compatible; SearchmetricsBot; http://www.searchmetrics.com/en/searchmetrics-bot/)"
176.9.146.117 - - [01/May/2014:23:38:48 +0200] "GET /news.php?cs_go=archiv&cs_id=5127 HTTP/1.1" 200 20410 "-" "Mozilla/5.0 (compatible; SearchmetricsBot; http://www.searchmetrics.com/en/searchmetrics-bot/)"
176.9.146.117 - - [01/May/2014:23:38:48 +0200] "GET /diesel.php HTTP/1.1" 200 22314 "-" "Mozilla/5.0 (compatible; SearchmetricsBot; http://www.searchmetrics.com/en/searchmetrics-bot/)"
176.9.146.117 - - [01/May/2014:23:38:49 +0200] "GET /newsletter.php HTTP/1.1" 200 19822 "-" "Mozilla/5.0 (compatible; SearchmetricsBot; http://www.searchmetrics.com/en/searchmetrics-bot/)"
176.9.146.117 - - [01/May/2014:23:38:50 +0200] "GET /ofenbau.php HTTP/1.1" 200 21901 "-" "Mozilla/5.0 (compatible; SearchmetricsBot; http://www.searchmetrics.com/en/searchmetrics-bot/)"
176.9.146.117 - - [01/May/2014:23:38:50 +0200] "GET /edl.php HTTP/1.1" 200 22392 "-" "Mozilla/5.0 (compatible; SearchmetricsBot; http://www.searchmetrics.com/en/searchmetrics-bot/)"
176.9.146.117 - - [01/May/2014:23:38:51 +0200] "GET /biogasanlage.php HTTP/1.1" 200 19090 "-" "Mozilla/5.0 (compatible; SearchmetricsBot; http://www.searchmetrics.com/en/searchmetrics-bot/)"
176.9.146.117 - - [01/May/2014:23:38:51 +0200] "GET /baustellenbetankung.php HTTP/1.1" 200 19708 "-" "Mozilla/5.0 (compatible; SearchmetricsBot; http://www.searchmetrics.com/en/searchmetrics-bot/)"
176.9.146.117 - - [01/May/2014:23:38:52 +0200] "GET /news.php?cs_go=archiv&cs_id=5124 HTTP/1.1" 200 22887 "-" "Mozilla/5.0 (compatible; SearchmetricsBot; http://www.searchmetrics.com/en/searchmetrics-bot/)"
176.9.146.117 - - [01/May/2014:23:38:52 +0200] "GET /kontakt.php HTTP/1.1" 200 20823 "-" "Mozilla/5.0 (compatible; SearchmetricsBot; http://www.searchmetrics.com/en/searchmetrics-bot/)"
176.9.146.117 - - [01/May/2014:23:38:53 +0200] "GET /ansprechpartner.php HTTP/1.1" 200 21426 "-" "Mozilla/5.0 (compatible; SearchmetricsBot; http://www.searchmetrics.com/en/searchmetrics-bot/)"
176.9.146.117 - - [01/May/2014:23:38:54 +0200] "GET /../kwk.php HTTP/1.1" 400 1200 "-" "Mozilla/5.0 (compatible; SearchmetricsBot; http://www.searchmetrics.com/en/searchmetrics-bot/)"
176.9.146.117 - - [01/May/2014:23:38:54 +0200] "GET /heizoel.php HTTP/1.1" 200 20896 "-" "Mozilla/5.0 (compatible; SearchmetricsBot; http://www.searchmetrics.com/en/searchmetrics-bot/)"
176.9.146.117 - - [01/May/2014:23:38:54 +0200] "GET /news.php?cs_go=archiv&cs_id=5125 HTTP/1.1" 200 20470 "-" "Mozilla/5.0 (compatible; SearchmetricsBot; http://www.searchmetrics.com/en/searchmetrics-bot/)"
176.9.146.117 - - [01/May/2014:23:38:55 +0200] "GET /tankanlagen.php HTTP/1.1" 200 22834 "-" "Mozilla/5.0 (compatible; SearchmetricsBot; http://www.searchmetrics.com/en/searchmetrics-bot/)"
176.9.146.117 - - [01/May/2014:23:38:55 +0200] "GET /foerdermittel.php HTTP/1.1" 200 24303 "-" "Mozilla/5.0 (compatible; SearchmetricsBot; http://www.searchmetrics.com/en/searchmetrics-bot/)"
176.9.146.117 - - [01/May/2014:23:38:56 +0200] "GET /news.php?cs_go=archiv&cs_id=5128 HTTP/1.1" 200 20802 "-" "Mozilla/5.0 (compatible; SearchmetricsBot; http://www.searchmetrics.com/en/searchmetrics-bot/)"
176.9.146.117 - - [01/May/2014:23:38:57 +0200] "GET /schmierstoffe.php HTTP/1.1" 200 21612 "-" "Mozilla/5.0 (compatible; SearchmetricsBot; http://www.searchmetrics.com/en/searchmetrics-bot/)"
176.9.146.117 - - [01/May/2014:23:38:57 +0200] "GET /wunschpreis.php HTTP/1.1" 200 24864 "-" "Mozilla/5.0 (compatible; SearchmetricsBot; http://www.searchmetrics.com/en/searchmetrics-bot/)"
176.9.146.117 - - [01/May/2014:23:38:58 +0200] "GET /news.php?cs_go=archiv&cs_id=5126 HTTP/1.1" 200 24315 "-" "Mozilla/5.0 (compatible; SearchmetricsBot; http://www.searchmetrics.com/en/searchmetrics-bot/)"
176.9.146.117 - - [01/May/2014:23:38:58 +0200] "GET /news.php HTTP/1.1" 200 33624 "-" "Mozilla/5.0 (compatible; SearchmetricsBot; http://www.searchmetrics.com/en/searchmetrics-bot/)"
176.9.146.117 - - [01/May/2014:23:38:59 +0200] "GET /premiumheizoel.php HTTP/1.1" 200 19416 "-" "Mozilla/5.0 (compatible; SearchmetricsBot; http://www.searchmetrics.com/en/searchmetrics-bot/)"
176.9.146.117 - - [01/May/2014:23:39:00 +0200] "GET /impressum.php HTTP/1.1" 200 20117 "-" "Mozilla/5.0 (compatible; SearchmetricsBot; http://www.searchmetrics.com/en/searchmetrics-bot/)"
176.9.146.117 - - [01/May/2014:23:39:00 +0200] "GET /lexikon.php HTTP/1.1" 200 21588 "-" "Mozilla/5.0 (compatible; SearchmetricsBot; http://www.searchmetrics.com/en/searchmetrics-bot/)"
176.9.146.117 - - [01/May/2014:23:39:01 +0200] "GET /notdienst.php HTTP/1.1" 200 19614 "-" "Mozilla/5.0 (compatible; SearchmetricsBot; http://www.searchmetrics.com/en/searchmetrics-bot/)"
176.9.146.117 - - [01/May/2014:23:39:01 +0200] "GET /brennwerttechnik.php HTTP/1.1" 200 22112 "-" "Mozilla/5.0 (compatible; SearchmetricsBot; http://www.searchmetrics.com/en/searchmetrics-bot/)"
176.9.146.117 - - [01/May/2014:23:39:02 +0200] "GET /energiesparcheck.php HTTP/1.1" 200 24694 "-" "Mozilla/5.0 (compatible; SearchmetricsBot; http://www.searchmetrics.com/en/searchmetrics-bot/)"
176.9.146.117 - - [01/May/2014:23:39:02 +0200] "GET /marktdaten.php HTTP/1.1" 200 19833 "-" "Mozilla/5.0 (compatible; SearchmetricsBot; http://www.searchmetrics.com/en/searchmetrics-bot/)"
176.9.146.117 - - [01/May/2014:23:39:03 +0200] "GET /jobs.php HTTP/1.1" 200 18897 "-" "Mozilla/5.0 (compatible; SearchmetricsBot; http://www.searchmetrics.com/en/searchmetrics-bot/)"
176.9.146.117 - - [01/May/2014:23:39:04 +0200] "GET /news.php?cs_go=archiv&cs_id=5135 HTTP/1.1" 200 24099 "-" "Mozilla/5.0 (compatible; SearchmetricsBot; http://www.searchmetrics.com/en/searchmetrics-bot/)"
176.9.146.117 - - [01/May/2014:23:39:04 +0200] "GET /index.php HTTP/1.1" 200 23306 "-" "Mozilla/5.0 (compatible; SearchmetricsBot; http://www.searchmetrics.com/en/searchmetrics-bot/)"
176.9.146.117 - - [01/May/2014:23:39:05 +0200] "GET /essoschmierstoffe.php HTTP/1.1" 200 22773 "-" "Mozilla/5.0 (compatible; SearchmetricsBot; http://www.searchmetrics.com/en/searchmetrics-bot/)"
176.9.146.117 - - [01/May/2014:23:39:05 +0200] "GET /kwk.php HTTP/1.1" 200 21938 "-" "Mozilla/5.0 (compatible; SearchmetricsBot; http://www.searchmetrics.com/en/searchmetrics-bot/)"
176.9.146.117 - - [01/May/2014:23:39:06 +0200] "GET /news.php?cs_go=archiv HTTP/1.1" 200 33624 "-" "Mozilla/5.0 (compatible; SearchmetricsBot; http://www.searchmetrics.com/en/searchmetrics-bot/)"
176.9.146.117 - - [01/May/2014:23:39:07 +0200] "GET /tankreinigung.php HTTP/1.1" 200 22286 "-" "Mozilla/5.0 (compatible; SearchmetricsBot; http://www.searchmetrics.com/en/searchmetrics-bot/)"
176.9.146.117 - - [01/May/2014:23:39:07 +0200] "GET /energiekostenvergleich.php HTTP/1.1" 200 23457 "-" "Mozilla/5.0 (compatible; SearchmetricsBot; http://www.searchmetrics.com/en/searchmetrics-bot/)"
74.112.131.246 - - [01/May/2014:23:43:05 +0200] "GET /news.php?cs_go=archiv&cs_id=5102 HTTP/1.1" 200 24130 "-" "Mozilla/5.0 ()"
157.55.34.28 - - [01/May/2014:23:47:10 +0200] "GET /robots.txt HTTP/1.1" 404 1256 "-" "Mozilla/5.0 (compatible; bingbot/2.0; +http://www.bing.com/bingbot.htm)"
157.55.34.28 - - [01/May/2014:23:47:17 +0200] "GET /preisanfrage.php HTTP/1.1" 200 23634 "-" "Mozilla/5.0 (compatible; bingbot/2.0; +http://www.bing.com/bingbot.htm)"
157.56.229.245 - - [01/May/2014:23:55:37 +0200] "GET /robots.txt HTTP/1.1" 404 1256 "-" "Mozilla/5.0 (compatible; bingbot/2.0; +http://www.bing.com/bingbot.htm)"
157.56.229.245 - - [01/May/2014:23:56:04 +0200] "GET / HTTP/1.1" 200 23306 "-" "Mozilla/5.0 (compatible; bingbot/2.0; +http://www.bing.com/bingbot.htm)"
157.56.229.245 - - [01/May/2014:23:57:04 +0200] "GET /js/jquery.min.js HTTP/1.1" 200 57254 "-" "Mozilla/5.0 (compatible; bingbot/2.0; +http://www.bing.com/bingbot.htm)"
157.56.229.245 - - [01/May/2014:23:57:05 +0200] "GET /js/slider.js HTTP/1.1" 200 773 "-" "Mozilla/5.0 (compatible; bingbot/2.0; +http://www.bing.com/bingbot.htm)"
157.55.33.250 - - [01/May/2014:23:57:31 +0200] "GET /Scripts/AC_RunActiveContent.js HTTP/1.1" 200 8029 "-" "Mozilla/5.0 (compatible; bingbot/2.0; +http://www.bing.com/bingbot.htm)"
157.55.34.175 - - [01/May/2014:23:57:45 +0200] "GET /modul.css HTTP/1.1" 200 36485 "-" "Mozilla/5.0 (compatible; bingbot/2.0; +http://www.bing.com/bingbot.htm)"
157.55.34.175 - - [01/May/2014:23:57:46 +0200] "GET /style.css HTTP/1.1" 200 8056 "-" "Mozilla/5.0 (compatible; bingbot/2.0; +http://www.bing.com/bingbot.htm)"
66.249.78.200 - - [01/May/2014:23:57:53 +0200] "GET /news.php?cs_go=archiv&cs_id=4108 HTTP/1.1" 200 21401 "-" "Mozilla/5.0 (compatible; Googlebot/2.1; +http://www.google.com/bot.html)"
65.55.24.234 - - [01/May/2014:23:58:24 +0200] "GET /Scripts/AC_ActiveX.js HTTP/1.1" 200 2068 "-" "Mozilla/5.0 (compatible; bingbot/2.0; +http://www.bing.com/bingbot.htm)"
65.55.24.234 - - [01/May/2014:23:58:24 +0200] "GET /js/ddaccordion.js HTTP/1.1" 200 12534 "-" "Mozilla/5.0 (compatible; bingbot/2.0; +http://www.bing.com/bingbot.htm)"
65.55.24.234 - - [01/May/2014:23:58:24 +0200] "GET /video/jwplayer.js HTTP/1.1" 200 132411 "-" "Mozilla/5.0 (compatible; bingbot/2.0; +http://www.bing.com/bingbot.htm)"
157.55.33.20 - - [01/May/2014:23:59:03 +0200] "GET /robots.txt HTTP/1.1" 404 1256 "-" "Mozilla/5.0 (compatible; bingbot/2.0; +http://www.bing.com/bingbot.htm)"
157.55.33.20 - - [01/May/2014:23:59:16 +0200] "GET / HTTP/1.1" 200 23306 "-" "Mozilla/5.0 (compatible; bingbot/2.0; +http://www.bing.com/bingbot.htm)"
178.255.215.70 - - [02/May/2014:00:05:38 +0200] "GET /news.php?cs_go=archiv&cs_id=2106 HTTP/1.1" 200 18950 "-" "Mozilla/5.0 (compatible; Exabot/3.0; +http://www.exabot.com/go/robot)"
37.58.100.178 - - [02/May/2014:00:13:30 +0200] "GET /news.php?cs_go=archiv&cs_id=5030 HTTP/1.1" 200 20364 "-" "Mozilla/5.0 (compatible; AhrefsBot/5.0; +http://ahrefs.com/robot/)"
157.55.36.49 - - [02/May/2014:00:15:44 +0200] "GET /robots.txt HTTP/1.1" 404 1256 "-" "Mozilla/5.0 (compatible; bingbot/2.0; +http://www.bing.com/bingbot.htm)"
157.55.36.49 - - [02/May/2014:00:15:47 +0200] "GET /news.php?cs_go=archiv&cs_id=4760 HTTP/1.1" 200 20576 "-" "Mozilla/5.0 (compatible; bingbot/2.0; +http://www.bing.com/bingbot.htm)"
89.165.80.206 - - [02/May/2014:00:17:33 +0200] "GET / HTTP/1.1" 200 23306 "http://www.wlw.de/treffer/heizoele.html" "Mozilla/5.0 (Windows NT 6.1; Trident/7.0; rv:11.0) like Gecko"
89.165.80.206 - - [02/May/2014:00:17:35 +0200] "GET /Scripts/AC_ActiveX.js HTTP/1.1" 200 2068 "http://www.e-s-s-o-berlin.de/" "Mozilla/5.0 (Windows NT 6.1; Trident/7.0; rv:11.0) like Gecko"
89.165.80.206 - - [02/May/2014:00:17:37 +0200] "GET /style.css HTTP/1.1" 200 8056 "http://www.e-s-s-o-berlin.de/" "Mozilla/5.0 (Windows NT 6.1; Trident/7.0; rv:11.0) like Gecko"
89.165.80.206 - - [02/May/2014:00:17:37 +0200] "GET /js/slider.js HTTP/1.1" 200 773 "http://www.e-s-s-o-berlin.de/" "Mozilla/5.0 (Windows NT 6.1; Trident/7.0; rv:11.0) like Gecko"
89.165.80.206 - - [02/May/2014:00:17:37 +0200] "GET /js/ddaccordion.js HTTP/1.1" 200 12534 "http://www.e-s-s-o-berlin.de/" "Mozilla/5.0 (Windows NT 6.1; Trident/7.0; rv:11.0) like Gecko"
89.165.80.206 - - [02/May/2014:00:17:38 +0200] "GET /images/tankpool24.jpg HTTP/1.1" 200 6460 "http://www.e-s-s-o-berlin.de/" "Mozilla/5.0 (Windows NT 6.1; Trident/7.0; rv:11.0) like Gecko"
89.165.80.206 - - [02/May/2014:00:17:38 +0200] "GET /images/iwo.jpg HTTP/1.1" 200 11024 "http://www.e-s-s-o-berlin.de/" "Mozilla/5.0 (Windows NT 6.1; Trident/7.0; rv:11.0) like Gecko"
89.165.80.206 - - [02/May/2014:00:17:38 +0200] "GET /Scripts/AC_RunActiveContent.js HTTP/1.1" 200 8029 "http://www.e-s-s-o-berlin.de/" "Mozilla/5.0 (Windows NT 6.1; Trident/7.0; rv:11.0) like Gecko"
89.165.80.206 - - [02/May/2014:00:17:38 +0200] "GET /images/telefon.png HTTP/1.1" 200 754 "http://www.e-s-s-o-berlin.de/" "Mozilla/5.0 (Windows NT 6.1; Trident/7.0; rv:11.0) like Gecko"
89.165.80.206 - - [02/May/2014:00:17:39 +0200] "GET /images/email.png HTTP/1.1" 200 641 "http://www.e-s-s-o-berlin.de/" "Mozilla/5.0 (Windows NT 6.1; Trident/7.0; rv:11.0) like Gecko"
89.165.80.206 - - [02/May/2014:00:17:40 +0200] "GET /images/heizoelbestellung.jpg HTTP/1.1" 200 6281 "http://www.e-s-s-o-berlin.de/" "Mozilla/5.0 (Windows NT 6.1; Trident/7.0; rv:11.0) like Gecko"
89.165.80.206 - - [02/May/2014:00:17:40 +0200] "GET /images/wunschpreis.jpg HTTP/1.1" 200 5550 "http://www.e-s-s-o-berlin.de/" "Mozilla/5.0 (Windows NT 6.1; Trident/7.0; rv:11.0) like Gecko"
89.165.80.206 - - [02/May/2014:00:17:38 +0200] "GET /images/baustelle.jpg HTTP/1.1" 200 17506 "http://www.e-s-s-o-berlin.de/" "Mozilla/5.0 (Windows NT 6.1; Trident/7.0; rv:11.0) like Gecko"
89.165.80.206 - - [02/May/2014:00:17:34 +0200] "GET /modul.css HTTP/1.1" 200 36485 "http://www.e-s-s-o-berlin.de/" "Mozilla/5.0 (Windows NT 6.1; Trident/7.0; rv:11.0) like Gecko"
89.165.80.206 - - [02/May/2014:00:17:41 +0200] "GET /images/freecall.png HTTP/1.1" 200 15914 "http://www.e-s-s-o-berlin.de/" "Mozilla/5.0 (Windows NT 6.1; Trident/7.0; rv:11.0) like Gecko"
89.165.80.206 - - [02/May/2014:00:17:34 +0200] "GET /js/jquery.min.js HTTP/1.1" 200 57254 "http://www.e-s-s-o-berlin.de/" "Mozilla/5.0 (Windows NT 6.1; Trident/7.0; rv:11.0) like Gecko"
89.165.80.206 - - [02/May/2014:00:17:41 +0200] "GET /images/kwk.png HTTP/1.1" 200 15949 "http://www.e-s-s-o-berlin.de/" "Mozilla/5.0 (Windows NT 6.1; Trident/7.0; rv:11.0) like Gecko"
89.165.80.206 - - [02/May/2014:00:17:42 +0200] "GET /images/ral.png HTTP/1.1" 200 25696 "http://www.e-s-s-o-berlin.de/" "Mozilla/5.0 (Windows NT 6.1; Trident/7.0; rv:11.0) like Gecko"
89.165.80.206 - - [02/May/2014:00:17:40 +0200] "GET /images/adblue_neu.png HTTP/1.1" 200 30982 "http://www.e-s-s-o-berlin.de/" "Mozilla/5.0 (Windows NT 6.1; Trident/7.0; rv:11.0) like Gecko"
89.165.80.206 - - [02/May/2014:00:17:44 +0200] "GET /js/ddaccordion.js HTTP/1.1" 200 12534 "http://www.e-s-s-o-berlin.de/" "Mozilla/5.0 (Windows NT 6.1; Trident/7.0; rv:11.0) like Gecko"
89.165.80.206 - - [02/May/2014:00:17:40 +0200] "GET /images/team-energie.png HTTP/1.1" 200 17383 "http://www.e-s-s-o-berlin.de/" "Mozilla/5.0 (Windows NT 6.1; Trident/7.0; rv:11.0) like Gecko"
89.165.80.206 - - [02/May/2014:00:17:42 +0200] "GET /images/Imagebroschuere_team_energie.png HTTP/1.1" 200 64117 "http://www.e-s-s-o-berlin.de/" "Mozilla/5.0 (Windows NT 6.1; Trident/7.0; rv:11.0) like Gecko"
89.165.80.206 - - [02/May/2014:00:17:43 +0200] "GET / HTTP/1.1" 200 23306 "http://www.wlw.de/treffer/dieselkraftstoff.html" "Mozilla/5.0 (Windows NT 6.1; Trident/7.0; rv:11.0) like Gecko"
