89.165.80.206 - - [02/May/2014:00:17:45 +0200] "GET /video/jwplayer.js HTTP/1.1" 200 132411 "http://www.e-s-s-o-berlin.de/" "Mozilla/5.0 (Windows NT 6.1; Trident/7.0; rv:11.0) like Gecko"
89.165.80.206 - - [02/May/2014:00:17:58 +0200] "GET /video/standbild.jpg HTTP/1.1" 200 14654 "http://www.e-s-s-o-berlin.de/" "Mozilla/5.0 (Windows NT 6.1; Trident/7.0; rv:11.0) like Gecko"
89.165.80.206 - - [02/May/2014:00:17:59 +0200] "GET /images/content_bg.jpg HTTP/1.1" 200 437 "http://www.e-s-s-o-berlin.de/" "Mozilla/5.0 (Windows NT 6.1; Trident/7.0; rv:11.0) like Gecko"
89.165.80.206 - - [02/May/2014:00:17:37 +0200] "GET /images/teamtkw.jpg HTTP/1.1" 200 27919 "http://www.e-s-s-o-berlin.de/" "Mozilla/5.0 (Windows NT 6.1; Trident/7.0; rv:11.0) like Gecko"
89.165.80.206 - - [02/May/2014:00:17:35 +0200] "GET /video/jwplayer.js HTTP/1.1" 200 132411 "http://www.e-s-s-o-berlin.de/" "Mozilla/5.0 (Windows NT 6.1; Trident/7.0; rv:11.0) like Gecko"
89.165.80.206 - - [02/May/2014:00:18:00 +0200] "GET /images/logos.jpg HTTP/1.1" 200 1205 "http://www.e-s-s-o-berlin.de/" "Mozilla/5.0 (Windows NT 6.1; Trident/7.0; rv:11.0) like Gecko"
89.165.80.206 - - [02/May/2014:00:17:58 +0200] "GET /images/teamtkw.jpg HTTP/1.1" 200 27919 "http://www.e-s-s-o-berlin.de/" "Mozilla/5.0 (Windows NT 6.1; Trident/7.0; rv:11.0) like Gecko"
89.165.80.206 - - [02/May/2014:00:18:00 +0200] "GET /images/newsletter.jpg HTTP/1.1" 200 13127 "http://www.e-s-s-o-berlin.de/" "Mozilla/5.0 (Windows NT 6.1; Trident/7.0; rv:11.0) like Gecko"
89.165.80.206 - - [02/May/2014:00:18:00 +0200] "GET /images/header.jpg HTTP/1.1" 200 23758 "http://www.e-s-s-o-berlin.de/" "Mozilla/5.0 (Windows NT 6.1; Trident/7.0; rv:11.0) like Gecko"
89.165.80.206 - - [02/May/2014:00:18:00 +0200] "GET /images/mobil.jpg HTTP/1.1" 200 25293 "http://www.e-s-s-o-berlin.de/" "Mozilla/5.0 (Windows NT 6.1; Trident/7.0; rv:11.0) like Gecko"
66.249.78.86 - - [02/May/2014:00:18:23 +0200] "GET /news.php?cs_go=archiv&cs_id=5017&cs_search= HTTP/1.1" 200 20508 "-" "Mozilla/5.0 (compatible; Googlebot/2.1; +http://www.google.com/bot.html)"
157.55.33.20 - - [02/May/2014:00:18:55 +0200] "GET /diesel.php HTTP/1.1" 200 22314 "-" "Mozilla/5.0 (compatible; bingbot/2.0; +http://www.bing.com/bingbot.htm)"
208.115.111.69 - - [02/May/2014:00:21:45 +0200] "GET /lexikon.php?cs_go=3&cs_id=183 HTTP/1.1" 200 19601 "-" "Mozilla/5.0 (compatible; DotBot/1.1; http://www.opensiteexplorer.org/dotbot, help@moz.com)"
157.55.33.20 - - [02/May/2014:00:23:50 +0200] "GET /newsletter.php HTTP/1.1" 200 19822 "-" "Mozilla/5.0 (compatible; bingbot/2.0; +http://www.bing.com/bingbot.htm)"
157.55.33.20 - - [02/May/2014:00:23:51 +0200] "GET /lexikon.php HTTP/1.1" 200 21588 "-" "Mozilla/5.0 (compatible; bingbot/2.0; +http://www.bing.com/bingbot.htm)"
157.55.33.20 - - [02/May/2014:00:23:52 +0200] "GET /lexikon.php HTTP/1.1" 200 21588 "-" "Mozilla/5.0 (compatible; bingbot/2.0; +http://www.bing.com/bingbot.htm)"
157.55.33.20 - - [02/May/2014:00:23:52 +0200] "GET /newsletter.php HTTP/1.1" 200 19822 "-" "Mozilla/5.0 (compatible; bingbot/2.0; +http://www.bing.com/bingbot.htm)"
157.55.33.20 - - [02/May/2014:00:23:53 +0200] "GET /edl.php HTTP/1.1" 200 22392 "-" "Mozilla/5.0 (compatible; bingbot/2.0; +http://www.bing.com/bingbot.htm)"
66.249.78.86 - - [02/May/2014:00:24:14 +0200] "GET /news.php?cs_go=archiv&cs_id=2930 HTTP/1.1" 200 26283 "-" "Mozilla/5.0 (compatible; Googlebot/2.1; +http://www.google.com/bot.html)"
157.55.36.50 - - [02/May/2014:00:24:23 +0200] "GET /impressum.php HTTP/1.1" 200 20117 "-" "Mozilla/5.0 (compatible; bingbot/2.0; +http://www.bing.com/bingbot.htm)"
157.56.229.245 - - [02/May/2014:00:25:08 +0200] "GET /news.php?cs_go=archiv&cs_id=5124 HTTP/1.1" 200 22887 "-" "Mozilla/5.0 (compatible; bingbot/2.0; +http://www.bing.com/bingbot.htm)"
66.249.78.71 - - [02/May/2014:00:27:10 +0200] "GET /news.php?cs_go=archiv&cs_id=4768 HTTP/1.1" 200 24626 "-" "Mozilla/5.0 (compatible; Googlebot/2.1; +http://www.google.com/bot.html)"
157.56.229.245 - - [02/May/2014:00:27:25 +0200] "GET /wunschpreis.php HTTP/1.1" 200 24864 "-" "Mozilla/5.0 (compatible; bingbot/2.0; +http://www.bing.com/bingbot.htm)"
157.55.33.20 - - [02/May/2014:00:28:03 +0200] "GET /robots.txt HTTP/1.1" 404 1256 "-" "Mozilla/5.0 (compatible; bingbot/2.0; +http://www.bing.com/bingbot.htm)"
157.55.33.20 - - [02/May/2014:00:28:04 +0200] "GET /schmierstoffe.php HTTP/1.1" 200 21612 "-" "Mozilla/5.0 (compatible; bingbot/2.0; +http://www.bing.com/bingbot.htm)"
157.55.33.20 - - [02/May/2014:00:28:05 +0200] "GET /downloads/Imagebroschuere%20team%20energie%20-%20TE%20Verwaltung%20Energiehandel_klein.pdf HTTP/1.1" 200 893384 "-" "Mozilla/5.0 (compatible; bingbot/2.0; +http://www.bing.com/bingbot.htm)"
157.56.229.245 - - [02/May/2014:00:28:23 +0200] "GET /robots.txt HTTP/1.1" 404 1256 "-" "Mozilla/5.0 (compatible; bingbot/2.0; +http://www.bing.com/bingbot.htm)"
157.56.229.245 - - [02/May/2014:00:28:27 +0200] "GET /ansprechpartner.php HTTP/1.1" 200 21426 "-" "Mozilla/5.0 (compatible; bingbot/2.0; +http://www.bing.com/bingbot.htm)"
157.55.34.28 - - [02/May/2014:00:28:57 +0200] "GET /ec.php HTTP/1.1" 200 20630 "-" "Mozilla/5.0 (compatible; bingbot/2.0; +http://www.bing.com/bingbot.htm)"
157.55.34.28 - - [02/May/2014:00:28:57 +0200] "GET /biogasanlage.php HTTP/1.1" 200 19090 "-" "Mozilla/5.0 (compatible; bingbot/2.0; +http://www.bing.com/bingbot.htm)"
157.55.34.28 - - [02/May/2014:00:28:58 +0200] "GET /notdienst.php HTTP/1.1" 200 19614 "-" "Mozilla/5.0 (compatible; bingbot/2.0; +http://www.bing.com/bingbot.htm)"
157.55.36.50 - - [02/May/2014:00:30:03 +0200] "GET /baustellenbetankung.php HTTP/1.1" 200 19708 "-" "Mozilla/5.0 (compatible; bingbot/2.0; +http://www.bing.com/bingbot.htm)"
66.249.78.114 - - [02/May/2014:00:33:01 +0200] "GET /lexikon.php?cs_go=3&cs_id=216 HTTP/1.1" 200 19157 "-" "Mozilla/5.0 (compatible; Googlebot/2.1; +http://www.google.com/bot.html)"
157.55.36.50 - - [02/May/2014:00:34:23 +0200] "GET /news.php?cs_go=archiv&cs_id=5126 HTTP/1.1" 200 24315 "-" "Mozilla/5.0 (compatible; bingbot/2.0; +http://www.bing.com/bingbot.htm)"
144.76.95.231 - - [02/May/2014:00:34:35 +0200] "GET /robots.txt HTTP/1.0" 404 1256 "-" "Mozilla/5.0 (compatible; MJ12bot/v1.4.5; http://www.majestic12.co.uk/bot.php?+)"
144.76.95.231 - - [02/May/2014:00:34:35 +0200] "GET /robots.txt HTTP/1.0" 404 1256 "-" "Mozilla/5.0 (compatible; MJ12bot/v1.4.5; http://www.majestic12.co.uk/bot.php?+)"
144.76.95.231 - - [02/May/2014:00:34:38 +0200] "GET /news.php?cs_go=archiv&cs_id=5127 HTTP/1.0" 200 20410 "-" "Mozilla/5.0 (compatible; MJ12bot/v1.4.5; http://www.majestic12.co.uk/bot.php?+)"
144.76.95.231 - - [02/May/2014:00:34:38 +0200] "GET /news.php?cs_go=archiv&cs_id=5127 HTTP/1.0" 200 20410 "-" "Mozilla/5.0 (compatible; MJ12bot/v1.4.5; http://www.majestic12.co.uk/bot.php?+)"
144.76.95.231 - - [02/May/2014:00:34:40 +0200] "GET /news.php?cs_go=archiv&cs_id=5128 HTTP/1.0" 200 20802 "-" "Mozilla/5.0 (compatible; MJ12bot/v1.4.5; http://www.majestic12.co.uk/bot.php?+)"
144.76.95.231 - - [02/May/2014:00:34:40 +0200] "GET /news.php?cs_go=archiv&cs_id=5128 HTTP/1.0" 200 20802 "-" "Mozilla/5.0 (compatible; MJ12bot/v1.4.5; http://www.majestic12.co.uk/bot.php?+)"
144.76.95.231 - - [02/May/2014:00:34:42 +0200] "GET /news.php?cs_go=archiv&cs_id=5135 HTTP/1.0" 200 24099 "-" "Mozilla/5.0 (compatible; MJ12bot/v1.4.5; http://www.majestic12.co.uk/bot.php?+)"
144.76.95.231 - - [02/May/2014:00:34:42 +0200] "GET /news.php?cs_go=archiv&cs_id=5135 HTTP/1.0" 200 24099 "-" "Mozilla/5.0 (compatible; MJ12bot/v1.4.5; http://www.majestic12.co.uk/bot.php?+)"
157.55.33.20 - - [02/May/2014:00:35:25 +0200] "GET /news.php?cs_go=archiv&cs_id=5135 HTTP/1.1" 200 24099 "-" "Mozilla/5.0 (compatible; bingbot/2.0; +http://www.bing.com/bingbot.htm)"
157.55.34.28 - - [02/May/2014:00:35:44 +0200] "GET /robots.txt HTTP/1.1" 404 1256 "-" "Mozilla/5.0 (compatible; bingbot/2.0; +http://www.bing.com/bingbot.htm)"
157.55.34.28 - - [02/May/2014:00:35:47 +0200] "GET /news.php?cs_go=archiv&cs_id=5127 HTTP/1.1" 200 20410 "-" "Mozilla/5.0 (compatible; bingbot/2.0; +http://www.bing.com/bingbot.htm)"
157.55.34.28 - - [02/May/2014:00:35:48 +0200] "GET /marktdaten.php HTTP/1.1" 200 19833 "-" "Mozilla/5.0 (compatible; bingbot/2.0; +http://www.bing.com/bingbot.htm)"
157.56.229.245 - - [02/May/2014:00:36:27 +0200] "GET /faq.php HTTP/1.1" 200 238396 "-" "Mozilla/5.0 (compatible; bingbot/2.0; +http://www.bing.com/bingbot.htm)"
157.56.229.245 - - [02/May/2014:00:36:29 +0200] "GET /tankreinigung.php HTTP/1.1" 200 22286 "-" "Mozilla/5.0 (compatible; bingbot/2.0; +http://www.bing.com/bingbot.htm)"
157.56.229.245 - - [02/May/2014:00:36:31 +0200] "GET /news.php HTTP/1.1" 200 33624 "-" "Mozilla/5.0 (compatible; bingbot/2.0; +http://www.bing.com/bingbot.htm)"
157.55.36.50 - - [02/May/2014:00:36:45 +0200] "GET /essoschmierstoffe.php HTTP/1.1" 200 22773 "-" "Mozilla/5.0 (compatible; bingbot/2.0; +http://www.bing.com/bingbot.htm)"
157.55.36.50 - - [02/May/2014:00:36:45 +0200] "GET /waermekonto.php HTTP/1.1" 200 30798 "-" "Mozilla/5.0 (compatible; bingbot/2.0; +http://www.bing.com/bingbot.htm)"
157.55.33.20 - - [02/May/2014:00:39:23 +0200] "GET /adblue.php HTTP/1.1" 200 23024 "-" "Mozilla/5.0 (compatible; bingbot/2.0; +http://www.bing.com/bingbot.htm)"
157.55.33.20 - - [02/May/2014:00:40:23 +0200] "GET /robots.txt HTTP/1.1" 404 1256 "-" "Mozilla/5.0 (compatible; bingbot/2.0; +http://www.bing.com/bingbot.htm)"
157.55.33.20 - - [02/May/2014:00:40:30 +0200] "GET /brennwerttechnik.php HTTP/1.1" 200 22112 "-" "Mozilla/5.0 (compatible; bingbot/2.0; +http://www.bing.com/bingbot.htm)"
157.55.36.50 - - [02/May/2014:00:41:03 +0200] "GET /news.php?cs_go=archiv&cs_id=5126 HTTP/1.1" 200 24315 "-" "Mozilla/5.0 (compatible; bingbot/2.0; +http://www.bing.com/bingbot.htm)"
157.55.34.28 - - [02/May/2014:00:41:46 +0200] "GET /heizoel.php HTTP/1.1" 200 20896 "-" "Mozilla/5.0 (compatible; bingbot/2.0; +http://www.bing.com/bingbot.htm)"
157.55.33.20 - - [02/May/2014:00:43:44 +0200] "GET /news.php?cs_go=archiv&cs_id=5125 HTTP/1.1" 200 20470 "-" "Mozilla/5.0 (compatible; bingbot/2.0; +http://www.bing.com/bingbot.htm)"
157.55.36.50 - - [02/May/2014:00:44:26 +0200] "GET /jobs.php HTTP/1.1" 200 18897 "-" "Mozilla/5.0 (compatible; bingbot/2.0; +http://www.bing.com/bingbot.htm)"
157.56.229.245 - - [02/May/2014:00:44:47 +0200] "GET /tankanlagen.php HTTP/1.1" 200 22834 "-" "Mozilla/5.0 (compatible; bingbot/2.0; +http://www.bing.com/bingbot.htm)"
157.56.229.245 - - [02/May/2014:00:45:46 +0200] "GET /energiesparcheck.php HTTP/1.1" 200 24694 "-" "Mozilla/5.0 (compatible; bingbot/2.0; +http://www.bing.com/bingbot.htm)"
157.55.33.20 - - [02/May/2014:00:46:11 +0200] "GET /foerdermittel.php HTTP/1.1" 200 24303 "-" "Mozilla/5.0 (compatible; bingbot/2.0; +http://www.bing.com/bingbot.htm)"
157.55.33.20 - - [02/May/2014:00:46:12 +0200] "GET /energiekostenvergleich.php HTTP/1.1" 200 23457 "-" "Mozilla/5.0 (compatible; bingbot/2.0; +http://www.bing.com/bingbot.htm)"
157.55.34.28 - - [02/May/2014:00:47:44 +0200] "GET /images/RAL_Guetezeichen_Energiehandel.pdf HTTP/1.1" 200 538987 "-" "Mozilla/5.0 (compatible; bingbot/2.0; +http://www.bing.com/bingbot.htm)"
157.55.34.28 - - [02/May/2014:00:47:45 +0200] "GET /kontakt.php HTTP/1.1" 200 20823 "-" "Mozilla/5.0 (compatible; bingbot/2.0; +http://www.bing.com/bingbot.htm)"
157.55.32.223 - - [02/May/2014:00:48:25 +0200] "GET /robots.txt HTTP/1.1" 404 1256 "-" "Mozilla/5.0 (compatible; bingbot/2.0; +http://www.bing.com/bingbot.htm)"
208.115.113.93 - - [02/May/2014:00:48:58 +0200] "GET /lexikon.php?cs_go=3&cs_id=183 HTTP/1.1" 200 19601 "-" "Mozilla/5.0 (compatible; DotBot/1.1; http://www.opensiteexplorer.org/dotbot, help@moz.com)"
157.55.33.20 - - [02/May/2014:00:49:32 +0200] "GET /kwk.php HTTP/1.1" 200 21938 "-" "Mozilla/5.0 (compatible; bingbot/2.0; +http://www.bing.com/bingbot.htm)"
180.76.6.231 - - [02/May/2014:00:49:42 +0200] "GET /robots.txt HTTP/1.1" 404 1256 "-" "Mozilla/5.0 (Windows NT 5.1; rv:6.0.2) Gecko/20100101 Firefox/6.0.2"
157.55.34.28 - - [02/May/2014:00:50:23 +0200] "GET /news.php?cs_go=archiv&cs_id=5127 HTTP/1.1" 200 20410 "-" "Mozilla/5.0 (compatible; bingbot/2.0; +http://www.bing.com/bingbot.htm)"
66.249.78.86 - - [02/May/2014:00:50:34 +0200] "GET /news.php?cs_go=archiv&cs_id=5016&cs_search= HTTP/1.1" 200 24151 "-" "Mozilla/5.0 (compatible; Googlebot/2.1; +http://www.google.com/bot.html)"
157.55.36.50 - - [02/May/2014:00:50:46 +0200] "GET /ofenbau.php HTTP/1.1" 200 21901 "-" "Mozilla/5.0 (compatible; bingbot/2.0; +http://www.bing.com/bingbot.htm)"
157.55.34.28 - - [02/May/2014:00:51:23 +0200] "GET /preisanfrage.php HTTP/1.1" 200 23634 "-" "Mozilla/5.0 (compatible; bingbot/2.0; +http://www.bing.com/bingbot.htm)"
157.56.229.245 - - [02/May/2014:00:51:49 +0200] "GET /news.php?cs_go=archiv&cs_id=5128 HTTP/1.1" 200 20802 "-" "Mozilla/5.0 (compatible; bingbot/2.0; +http://www.bing.com/bingbot.htm)"
66.249.78.71 - - [02/May/2014:00:53:30 +0200] "GET /news.php?cs_go=archiv&cs_id=4927 HTTP/1.1" 200 20407 "-" "Mozilla/5.0 (compatible; Googlebot/2.1; +http://www.google.com/bot.html)"
66.249.66.144 - - [02/May/2014:00:56:49 +0200] "GET /schmierstoffe.php HTTP/1.1" 200 21612 "-" "DoCoMo/2.0 N905i(c100;TB;W24H16) (compatible; Googlebot-Mobile/2.1; +http://www.google.com/bot.html)"
157.55.34.28 - - [02/May/2014:00:57:27 +0200] "GET /news.php?cs_go=archiv&cs_id=5127 HTTP/1.1" 200 20410 "-" "Mozilla/5.0 (compatible; bingbot/2.0; +http://www.bing.com/bingbot.htm)"
157.55.33.20 - - [02/May/2014:00:57:43 +0200] "GET /news.php?cs_go=archiv&cs_id=5135 HTTP/1.1" 200 24099 "-" "Mozilla/5.0 (compatible; bingbot/2.0; +http://www.bing.com/bingbot.htm)"
157.55.36.50 - - [02/May/2014:00:58:51 +0200] "GET /news.php?cs_go=archiv&cs_id=5126 HTTP/1.1" 200 24315 "-" "Mozilla/5.0 (compatible; bingbot/2.0; +http://www.bing.com/bingbot.htm)"
68.180.225.113 - - [02/May/2014:00:59:19 +0200] "GET /robots.txt HTTP/1.1" 404 1256 "-" "Mozilla/5.0 (compatible; Yahoo! Slurp; http://help.yahoo.com/help/us/ysearch/slurp)"
68.180.225.113 - - [02/May/2014:00:59:19 +0200] "GET /news.php?cs_go=archiv&cs_id=4911 HTTP/1.1" 200 20981 "-" "Mozilla/5.0 (compatible; Yahoo! Slurp; http://help.yahoo.com/help/us/ysearch/slurp)"
66.249.78.86 - - [02/May/2014:01:05:12 +0200] "GET /lexikon.php?cs_go=3&cs_id=55 HTTP/1.1" 200 19054 "-" "Mozilla/5.0 (compatible; Googlebot/2.1; +http://www.google.com/bot.html)"
178.77.126.55 - - [02/May/2014:01:07:47 +0200] "GET /robots.txt HTTP/1.1" 404 1256 "-" "Mozilla/5.0 (compatible; CareerBot/1.1; +http://www.career-x.de/bot.html)"
178.77.126.55 - - [02/May/2014:01:07:47 +0200] "GET / HTTP/1.1" 200 23306 "-" "Mozilla/5.0 (compatible; CareerBot/1.1; +http://www.career-x.de/bot.html)"
66.249.78.114 - - [02/May/2014:01:11:04 +0200] "GET /lexikon.php?cs_go=3&cs_id=40 HTTP/1.1" 200 23144 "-" "Mozilla/5.0 (compatible; Googlebot/2.1; +http://www.google.com/bot.html)"
95.215.0.27 - - [02/May/2014:01:11:27 +0200] "GET /news.php?cs_go=archiv&cs_id=4418 HTTP/1.1" 200 22687 "-" "Mozilla/5.0 (Windows NT 6.1; WOW64; rv:26.1) Gecko/20100101 Firefox/26.0"
157.55.34.28 - - [02/May/2014:01:14:04 +0200] "GET /robots.txt HTTP/1.1" 404 1256 "-" "Mozilla/5.0 (compatible; bingbot/2.0; +http://www.bing.com/bingbot.htm)"
66.249.78.71 - - [02/May/2014:01:14:30 +0200] "GET /news.php?cs_go=archiv&cs_id=5126&cs_search= HTTP/1.1" 200 24315 "-" "Mozilla/5.0 (compatible; Googlebot/2.1; +http://www.google.com/bot.html)"
157.55.33.20 - - [02/May/2014:01:17:31 +0200] "GET /news.php?cs_go=archiv&cs_id=5125 HTTP/1.1" 200 20470 "-" "Mozilla/5.0 (compatible; bingbot/2.0; +http://www.bing.com/bingbot.htm)"
157.55.33.20 - - [02/May/2014:01:17:32 +0200] "GET /news.php?cs_go=archiv&cs_id=5135 HTTP/1.1" 200 24099 "-" "Mozilla/5.0 (compatible; bingbot/2.0; +http://www.bing.com/bingbot.htm)"
157.55.33.20 - - [02/May/2014:01:20:44 +0200] "GET /robots.txt HTTP/1.1" 404 1256 "-" "Mozilla/5.0 (compatible; bingbot/2.0; +http://www.bing.com/bingbot.htm)"
157.55.33.20 - - [02/May/2014:01:20:44 +0200] "GET /news.php?cs_go=archiv&cs_id=5135 HTTP/1.1" 200 24099 "-" "Mozilla/5.0 (compatible; bingbot/2.0; +http://www.bing.com/bingbot.htm)"
65.55.24.245 - - [02/May/2014:01:20:44 +0200] "GET /heizoel.php HTTP/1.1" 200 20896 "-" "Mozilla/5.0 (compatible; bingbot/2.0; +http://www.bing.com/bingbot.htm)"
123.125.71.46 - - [02/May/2014:01:21:38 +0200] "GET / HTTP/1.1" 200 14694 "-" "Mozilla/5.0 (compatible; Baiduspider/2.0; +http://www.baidu.com/search/spider.html)"
220.181.108.112 - - [02/May/2014:01:21:57 +0200] "GET / HTTP/1.1" 200 14971 "-" "Mozilla/5.0 (compatible; Baiduspider/2.0; +http://www.baidu.com/search/spider.html)"
157.55.36.50 - - [02/May/2014:01:22:44 +0200] "GET /robots.txt HTTP/1.1" 404 1256 "-" "Mozilla/5.0 (compatible; bingbot/2.0; +http://www.bing.com/bingbot.htm)"
157.55.36.50 - - [02/May/2014:01:22:49 +0200] "GET /news.php?cs_go=archiv&cs_id=5126 HTTP/1.1" 200 24315 "-" "Mozilla/5.0 (compatible; bingbot/2.0; +http://www.bing.com/bingbot.htm)"
157.55.34.28 - - [02/May/2014:01:23:51 +0200] "GET /news.php?cs_go=archiv&cs_id=5127 HTTP/1.1" 200 20410 "-" "Mozilla/5.0 (compatible; bingbot/2.0; +http://www.bing.com/bingbot.htm)"
157.55.34.28 - - [02/May/2014:01:23:52 +0200] "GET /heizoel.php HTTP/1.1" 200 20896 "-" "Mozilla/5.0 (compatible; bingbot/2.0; +http://www.bing.com/bingbot.htm)"
66.249.78.95 - - [02/May/2014:01:24:56 +0200] "GET /robots.txt HTTP/1.1" 404 1256 "-" "Mozilla/5.0 (compatible; Googlebot/2.1; +http://www.google.com/bot.html)"
66.249.66.24 - - [02/May/2014:01:24:56 +0200] "GET /news.php?cs_go=archiv&cs_id=4729 HTTP/1.1" 200 21276 "-" "Mozilla/5.0 (compatible; Googlebot/2.1; +http://www.google.com/bot.html)"
66.249.78.200 - - [02/May/2014:01:28:37 +0200] "GET /lexikon.php?cs_go=3&cs_id=44 HTTP/1.1" 200 19040 "-" "Mozilla/5.0 (compatible; Googlebot/2.1; +http://www.google.com/bot.html)"
74.52.245.146 - - [02/May/2014:01:32:15 +0200] "GET / HTTP/1.0" 200 23306 "-" "Mozilla/5.0 (X11; U; Linux i686; en-US; rv:1.7.5) Gecko/20041107 Firefox/1.0"
74.52.245.146 - - [02/May/2014:01:33:37 +0200] "GET / HTTP/1.0" 200 23306 "-" "Mozilla/5.0 (X11; U; Linux i686; en-US; rv:1.7.5) Gecko/20041107 Firefox/1.0"
74.52.245.146 - - [02/May/2014:01:33:41 +0200] "GET / HTTP/1.0" 200 23306 "-" "Mozilla/5.0 (X11; U; Linux i686; en-US; rv:1.7.5) Gecko/20041107 Firefox/1.0"
66.249.78.95 - - [02/May/2014:01:33:52 +0200] "GET /news.php?cs_go=archiv&cs_id=5135 HTTP/1.1" 200 24099 "-" "Mozilla/5.0 (compatible; Googlebot/2.1; +http://www.google.com/bot.html)"
74.52.245.146 - - [02/May/2014:01:34:09 +0200] "GET / HTTP/1.0" 200 23306 "-" "Mozilla/5.0 (X11; U; Linux i686; en-US; rv:1.7.5) Gecko/20041107 Firefox/1.0"
157.55.32.223 - - [02/May/2014:01:46:26 +0200] "GET /ec.php HTTP/1.1" 200 20630 "-" "Mozilla/5.0 (compatible; bingbot/2.0; +http://www.bing.com/bingbot.htm)"
65.55.24.245 - - [02/May/2014:01:51:35 +0200] "GET / HTTP/1.1" 200 23306 "-" "Mozilla/5.0 (compatible; bingbot/2.0; +http://www.bing.com/bingbot.htm)"
66.249.78.86 - - [02/May/2014:02:00:25 +0200] "GET /news.php?cs_go=archiv&cs_id=4722 HTTP/1.1" 200 24285 "-" "Mozilla/5.0 (iPhone; CPU iPhone OS 6_0 like Mac OS X) AppleWebKit/536.26 (KHTML, like Gecko) Version/6.0 Mobile/10A5376e Safari/8536.25 (compatible; Googlebot/2.1; +http://www.google.com/bot.html)"
37.58.100.147 - - [02/May/2014:02:00:40 +0200] "GET /lexikon.php?cs_go=2&cs_char=x HTTP/1.1" 200 19647 "-" "Mozilla/5.0 (compatible; AhrefsBot/5.0; +http://ahrefs.com/robot/)"
157.55.33.20 - - [02/May/2014:02:02:40 +0200] "GET /index.php HTTP/1.1" 200 23306 "-" "Mozilla/5.0 (compatible; bingbot/2.0; +http://www.bing.com/bingbot.htm)"
157.55.35.37 - - [02/May/2014:02:06:54 +0200] "GET /kwk.php?cs_go=3 HTTP/1.1" 200 21339 "-" "Mozilla/5.0 (compatible; bingbot/2.0; +http://www.bing.com/bingbot.htm)"
66.249.78.86 - - [02/May/2014:02:07:16 +0200] "GET /news.php?cs_go=archiv&cs_id=4799&cs_search= HTTP/1.1" 200 24310 "-" "Mozilla/5.0 (compatible; Googlebot/2.1; +http://www.google.com/bot.html)"
157.55.32.226 - - [02/May/2014:02:08:53 +0200] "GET /news.php?cs_go=archiv&cs_id=5082 HTTP/1.1" 200 20376 "-" "Mozilla/5.0 (compatible; bingbot/2.0; +http://www.bing.com/bingbot.htm)"
65.55.24.245 - - [02/May/2014:02:08:57 +0200] "GET / HTTP/1.1" 200 23306 "-" "Mozilla/5.0 (compatible; bingbot/2.0; +http://www.bing.com/bingbot.htm)"
66.249.78.200 - - [02/May/2014:02:09:36 +0200] "GET /news.php?cs_go=archiv&cs_id=4719 HTTP/1.1" 200 20587 "-" "Mozilla/5.0 (compatible; Googlebot/2.1; +http://www.google.com/bot.html)"
66.249.78.86 - - [02/May/2014:02:15:27 +0200] "GET /news.php?cs_go=archiv&cs_id=5014&cs_search= HTTP/1.1" 200 20981 "-" "Mozilla/5.0 (compatible; Googlebot/2.1; +http://www.google.com/bot.html)"
157.55.33.20 - - [02/May/2014:02:17:04 +0200] "GET /index.php HTTP/1.1" 200 23306 "-" "Mozilla/5.0 (compatible; bingbot/2.0; +http://www.bing.com/bingbot.htm)"
157.55.35.37 - - [02/May/2014:02:17:54 +0200] "GET /preisanfrage.php HTTP/1.1" 200 23634 "-" "Mozilla/5.0 (compatible; bingbot/2.0; +http://www.bing.com/bingbot.htm)"
66.249.78.86 - - [02/May/2014:02:18:23 +0200] "GET /news.php?cs_go=archiv&cs_id=4671 HTTP/1.1" 200 25484 "-" "Mozilla/5.0 (compatible; Googlebot/2.1; +http://www.google.com/bot.html)"
157.55.34.28 - - [02/May/2014:02:22:12 +0200] "GET /marktdaten.php HTTP/1.1" 200 19833 "-" "Mozilla/5.0 (compatible; bingbot/2.0; +http://www.bing.com/bingbot.htm)"
66.249.78.90 - - [02/May/2014:02:24:47 +0200] "GET /modul.css HTTP/1.1" 200 36485 "-" "Mozilla/5.0 (compatible; Googlebot/2.1; +http://www.google.com/bot.html)"
66.249.78.90 - - [02/May/2014:02:24:48 +0200] "GET /style.css HTTP/1.1" 200 8056 "-" "Mozilla/5.0 (compatible; Googlebot/2.1; +http://www.google.com/bot.html)"
157.55.33.251 - - [02/May/2014:02:28:55 +0200] "GET /news.php?cs_go=archiv&cs_id=4924 HTTP/1.1" 200 24134 "-" "Mozilla/5.0 (compatible; bingbot/2.0; +http://www.bing.com/bingbot.htm)"
37.58.100.76 - - [02/May/2014:02:29:39 +0200] "GET /lexikon.php?cs_go=3&cs_id=103 HTTP/1.1" 200 20254 "-" "Mozilla/5.0 (compatible; AhrefsBot/5.0; +http://ahrefs.com/robot/)"
66.249.78.71 - - [02/May/2014:02:30:05 +0200] "GET /lexikon.php?cs_go=3&cs_id=183 HTTP/1.1" 200 19601 "-" "Mozilla/5.0 (compatible; Googlebot/2.1; +http://www.google.com/bot.html)"
37.58.100.173 - - [02/May/2014:02:36:58 +0200] "GET /index.php HTTP/1.1" 200 23306 "-" "Mozilla/5.0 (compatible; AhrefsBot/5.0; +http://ahrefs.com/robot/)"
66.249.78.86 - - [02/May/2014:02:40:23 +0200] "GET /jobs.php HTTP/1.1" 200 18897 "-" "SAMSUNG-SGH-E250/1.0 Profile/MIDP-2.0 Configuration/CLDC-1.1 UP.Browser/6.2.3.3.c.1.101 (GUI) MMP/2.0 (compatible; Googlebot-Mobile/2.1; +http://www.google.com/bot.html)"
157.55.32.219 - - [02/May/2014:02:41:32 +0200] "GET /ofenbau.php HTTP/1.1" 200 21901 "-" "Mozilla/5.0 (compatible; bingbot/2.0; +http://www.bing.com/bingbot.htm)"
66.249.78.71 - - [02/May/2014:02:41:48 +0200] "GET /edl.php HTTP/1.1" 200 22392 "-" "Mozilla/5.0 (compatible; Googlebot/2.1; +http://www.google.com/bot.html)"
208.115.113.93 - - [02/May/2014:02:55:14 +0200] "GET /robots.txt HTTP/1.1" 404 1256 "-" "Mozilla/5.0 (compatible; DotBot/1.1; http://www.opensiteexplorer.org/dotbot, help@moz.com)"
208.115.111.69 - - [02/May/2014:02:55:24 +0200] "GET /robots.txt HTTP/1.1" 404 1256 "-" "Mozilla/5.0 (compatible; DotBot/1.1; http://www.opensiteexplorer.org/dotbot, help@moz.com)"
37.58.100.154 - - [02/May/2014:02:56:11 +0200] "GET /news.php?cs_go=archiv&cs_id=4816&cs_search= HTTP/1.1" 200 20387 "-" "Mozilla/5.0 (compatible; AhrefsBot/5.0; +http://ahrefs.com/robot/)"
84.128.165.246 - - [02/May/2014:02:57:17 +0200] "GET / HTTP/1.1" 200 23306 "-" "Mozilla/5.0 (Windows; U; Windows NT 6.0; de; rv:1.9.2.3) Gecko/20100401 Firefox/3.6.3 ( .NET CLR 3.5.30729)"
84.128.165.246 - - [02/May/2014:02:57:28 +0200] "GET /images/RAL_Guetezeichen_Energiehandel.pdf HTTP/1.1" 200 538987 "-" "Mozilla/5.0 (Windows; U; Windows NT 6.0; de; rv:1.9.2.3) Gecko/20100401 Firefox/3.6.3 ( .NET CLR 3.5.30729)"
84.128.165.246 - - [02/May/2014:02:57:33 +0200] "GET /ofenbau.php HTTP/1.1" 200 21901 "-" "Mozilla/5.0 (Windows; U; Windows NT 6.0; de; rv:1.9.2.3) Gecko/20100401 Firefox/3.6.3 ( .NET CLR 3.5.30729)"
84.128.165.246 - - [02/May/2014:02:57:39 +0200] "GET /news.php?cs_go=archiv&cs_id=5135 HTTP/1.1" 200 24099 "-" "Mozilla/5.0 (Windows; U; Windows NT 6.0; de; rv:1.9.2.3) Gecko/20100401 Firefox/3.6.3 ( .NET CLR 3.5.30729)"
84.128.165.246 - - [02/May/2014:02:57:45 +0200] "GET /news.php?cs_go=archiv&cs_id=5128 HTTP/1.1" 200 20802 "-" "Mozilla/5.0 (Windows; U; Windows NT 6.0; de; rv:1.9.2.3) Gecko/20100401 Firefox/3.6.3 ( .NET CLR 3.5.30729)"
84.128.165.246 - - [02/May/2014:02:57:51 +0200] "GET /news.php?cs_go=archiv&cs_id=5127 HTTP/1.1" 200 20410 "-" "Mozilla/5.0 (Windows; U; Windows NT 6.0; de; rv:1.9.2.3) Gecko/20100401 Firefox/3.6.3 ( .NET CLR 3.5.30729)"
84.128.165.246 - - [02/May/2014:02:57:57 +0200] "GET /news.php?cs_go=archiv&cs_id=5126 HTTP/1.1" 200 24315 "-" "Mozilla/5.0 (Windows; U; Windows NT 6.0; de; rv:1.9.2.3) Gecko/20100401 Firefox/3.6.3 ( .NET CLR 3.5.30729)"
84.128.165.246 - - [02/May/2014:02:58:03 +0200] "GET /news.php?cs_go=archiv&cs_id=5124 HTTP/1.1" 200 22887 "-" "Mozilla/5.0 (Windows; U; Windows NT 6.0; de; rv:1.9.2.3) Gecko/20100401 Firefox/3.6.3 ( .NET CLR 3.5.30729)"
84.128.165.246 - - [02/May/2014:02:58:09 +0200] "GET /news.php?cs_go=archiv&cs_id=5125 HTTP/1.1" 200 20470 "-" "Mozilla/5.0 (Windows; U; Windows NT 6.0; de; rv:1.9.2.3) Gecko/20100401 Firefox/3.6.3 ( .NET CLR 3.5.30729)"
84.128.165.246 - - [02/May/2014:02:58:14 +0200] "GET /downloads/Imagebroschuere%20team%20energie%20-%20TE%20Verwaltung%20Energiehandel_klein.pdf HTTP/1.1" 200 893384 "-" "Mozilla/5.0 (Windows; U; Windows NT 6.0; de; rv:1.9.2.3) Gecko/20100401 Firefox/3.6.3 ( .NET CLR 3.5.30729)"
37.58.100.147 - - [02/May/2014:02:59:02 +0200] "GET /energiekostenvergleich.php HTTP/1.1" 200 23457 "-" "Mozilla/5.0 (compatible; AhrefsBot/5.0; +http://ahrefs.com/robot/)"
144.76.155.8 - - [02/May/2014:03:05:11 +0200] "GET /news.php?cs_go=archiv&cs_id=4583 HTTP/1.1" 200 14370 "-" "Mozilla/5.0 (Windows NT 5.1; rv:21.0) Gecko/20130331 Firefox/21.0"
66.249.78.114 - - [02/May/2014:03:02:17 +0200] "GET /lexikon.php?cs_go=3&cs_id=164 HTTP/1.1" 200 14357 "-" "Mozilla/5.0 (compatible; Googlebot/2.1; +http://www.google.com/bot.html)"
37.58.100.234 - - [02/May/2014:03:02:29 +0200] "GET /news.php?cs_go=archiv&cs_id=4839&cs_search= HTTP/1.1" 200 20987 "-" "Mozilla/5.0 (compatible; AhrefsBot/5.0; +http://ahrefs.com/robot/)"
66.249.78.71 - - [02/May/2014:03:08:08 +0200] "GET /news.php?cs_go=archiv&cs_id=4725 HTTP/1.1" 200 21932 "-" "Mozilla/5.0 (compatible; Googlebot/2.1; +http://www.google.com/bot.html)"
66.249.78.114 - - [02/May/2014:03:08:56 +0200] "GET /lexikon.php?cs_go=3&cs_id=164 HTTP/1.1" 200 19296 "-" "Mozilla/5.0 (compatible; Googlebot/2.1; +http://www.google.com/bot.html)"
66.249.78.71 - - [02/May/2014:03:13:05 +0200] "GET /news.php?cs_go=archiv&cs_id=4909 HTTP/1.1" 200 24188 "-" "Mozilla/5.0 (compatible; Googlebot/2.1; +http://www.google.com/bot.html)"
211.244.83.248 - - [02/May/2014:03:20:51 +0200] "GET /robots.txt HTTP/1.1" 404 1256 "http://search.daum.net/" "Mozilla/5.0 (compatible; MSIE or Firefox mutant; not on Windows server; + http://tab.search.daum.net/aboutWebSearch.html) Daumoa/3.0"
211.244.83.248 - - [02/May/2014:03:20:52 +0200] "GET / HTTP/1.1" 200 23306 "http://search.daum.net/" "Mozilla/5.0 (compatible; MSIE or Firefox mutant; not on Windows server; + http://tab.search.daum.net/aboutWebSearch.html) Daumoa/3.0"
66.249.78.86 - - [02/May/2014:03:22:58 +0200] "GET /news.php?cs_go=archiv&cs_id=4770 HTTP/1.1" 200 24472 "-" "Mozilla/5.0 (iPhone; CPU iPhone OS 6_0 like Mac OS X) AppleWebKit/536.26 (KHTML, like Gecko) Version/6.0 Mobile/10A5376e Safari/8536.25 (compatible; Googlebot/2.1; +http://www.google.com/bot.html)"
157.55.35.37 - - [02/May/2014:03:27:33 +0200] "GET /news.php?cs_go=archiv HTTP/1.1" 200 33624 "-" "Mozilla/5.0 (compatible; bingbot/2.0; +http://www.bing.com/bingbot.htm)"
37.58.100.178 - - [02/May/2014:03:29:16 +0200] "GET /lexikon.php?cs_go=2&cs_char=q HTTP/1.1" 200 19199 "-" "Mozilla/5.0 (compatible; AhrefsBot/5.0; +http://ahrefs.com/robot/)"
212.227.52.170 - - [02/May/2014:03:29:56 +0200] "GET / HTTP/1.0" 200 23306 "-" "Mozilla/4.0 (compatible; MSIE 5.0; Windows NT 4.0)"
212.227.52.170 - - [02/May/2014:03:29:57 +0200] "GET /Scripts/AC_RunActiveContent.js HTTP/1.0" 200 8029 "http://www.energie-service-berlin.de/" "Mozilla/4.0 (compatible; MSIE 5.0; Windows NT 4.0)"
212.227.52.170 - - [02/May/2014:03:29:57 +0200] "GET /Scripts/AC_ActiveX.js HTTP/1.0" 200 2068 "http://www.energie-service-berlin.de/" "Mozilla/4.0 (compatible; MSIE 5.0; Windows NT 4.0)"
212.227.52.170 - - [02/May/2014:03:29:57 +0200] "GET /js/jquery.min.js HTTP/1.0" 200 57254 "http://www.energie-service-berlin.de/" "Mozilla/4.0 (compatible; MSIE 5.0; Windows NT 4.0)"
212.227.52.170 - - [02/May/2014:03:29:58 +0200] "GET /video/jwplayer.js HTTP/1.0" 200 132411 "http://www.energie-service-berlin.de/" "Mozilla/4.0 (compatible; MSIE 5.0; Windows NT 4.0)"
212.227.52.170 - - [02/May/2014:03:29:59 +0200] "GET /js/slider.js HTTP/1.0" 200 773 "http://www.energie-service-berlin.de/" "Mozilla/4.0 (compatible; MSIE 5.0; Windows NT 4.0)"
212.227.52.170 - - [02/May/2014:03:30:01 +0200] "GET /js/ddaccordion.js HTTP/1.0" 200 12534 "http://www.energie-service-berlin.de/" "Mozilla/4.0 (compatible; MSIE 5.0; Windows NT 4.0)"
212.227.52.170 - - [02/May/2014:03:30:02 +0200] "GET /heizoel.php HTTP/1.0" 200 20896 "http://www.energie-service-berlin.de/" "Mozilla/4.0 (compatible; MSIE 5.0; Windows NT 4.0)"
212.227.52.170 - - [02/May/2014:03:30:04 +0200] "GET /diesel.php HTTP/1.0" 200 22314 "http://www.energie-service-berlin.de/" "Mozilla/4.0 (compatible; MSIE 5.0; Windows NT 4.0)"
212.227.52.170 - - [02/May/2014:03:30:02 +0200] "GET /premiumheizoel.php HTTP/1.0" 200 19416 "http://www.energie-service-berlin.de/" "Mozilla/4.0 (compatible; MSIE 5.0; Windows NT 4.0)"
212.227.52.170 - - [02/May/2014:03:30:02 +0200] "GET /index.php HTTP/1.0" 200 23306 "http://www.energie-service-berlin.de/" "Mozilla/4.0 (compatible; MSIE 5.0; Windows NT 4.0)"
212.227.52.170 - - [02/May/2014:03:30:05 +0200] "GET /schmierstoffe.php HTTP/1.0" 200 21612 "http://www.energie-service-berlin.de/" "Mozilla/4.0 (compatible; MSIE 5.0; Windows NT 4.0)"
212.227.52.170 - - [02/May/2014:03:30:05 +0200] "GET /biogasanlage.php HTTP/1.0" 200 19090 "http://www.energie-service-berlin.de/" "Mozilla/4.0 (compatible; MSIE 5.0; Windows NT 4.0)"
212.227.52.170 - - [02/May/2014:03:30:07 +0200] "GET /essoschmierstoffe.php HTTP/1.0" 200 22773 "http://www.energie-service-berlin.de/" "Mozilla/4.0 (compatible; MSIE 5.0; Windows NT 4.0)"
212.227.52.170 - - [02/May/2014:03:30:07 +0200] "GET /adblue.php HTTP/1.0" 200 23024 "http://www.energie-service-berlin.de/" "Mozilla/4.0 (compatible; MSIE 5.0; Windows NT 4.0)"
212.227.52.170 - - [02/May/2014:03:30:07 +0200] "GET /preisanfrage.php HTTP/1.0" 200 23634 "http://www.energie-service-berlin.de/" "Mozilla/4.0 (compatible; MSIE 5.0; Windows NT 4.0)"
212.227.52.170 - - [02/May/2014:03:30:10 +0200] "GET /wunschpreis.php HTTP/1.0" 200 24864 "http://www.energie-service-berlin.de/" "Mozilla/4.0 (compatible; MSIE 5.0; Windows NT 4.0)"
212.227.52.170 - - [02/May/2014:03:30:11 +0200] "GET /energiesparcheck.php HTTP/1.0" 200 24694 "http://www.energie-service-berlin.de/" "Mozilla/4.0 (compatible; MSIE 5.0; Windows NT 4.0)"
212.227.52.170 - - [02/May/2014:03:30:12 +0200] "GET /faq.php HTTP/1.0" 200 238396 "http://www.energie-service-berlin.de/" "Mozilla/4.0 (compatible; MSIE 5.0; Windows NT 4.0)"
212.227.52.170 - - [02/May/2014:03:30:10 +0200] "GET /news.php HTTP/1.0" 200 33624 "http://www.energie-service-berlin.de/" "Mozilla/4.0 (compatible; MSIE 5.0; Windows NT 4.0)"
212.227.52.170 - - [02/May/2014:03:30:13 +0200] "GET /edl.php HTTP/1.0" 200 22392 "http://www.energie-service-berlin.de/" "Mozilla/4.0 (compatible; MSIE 5.0; Windows NT 4.0)"
212.227.52.170 - - [02/May/2014:03:30:13 +0200] "GET /ec.php HTTP/1.0" 200 20630 "http://www.energie-service-berlin.de/" "Mozilla/4.0 (compatible; MSIE 5.0; Windows NT 4.0)"
212.227.52.170 - - [02/May/2014:03:30:11 +0200] "GET /energiekostenvergleich.php HTTP/1.0" 200 23457 "http://www.energie-service-berlin.de/" "Mozilla/4.0 (compatible; MSIE 5.0; Windows NT 4.0)"
212.227.52.170 - - [02/May/2014:03:30:14 +0200] "GET /baustellenbetankung.php HTTP/1.0" 200 19708 "http://www.energie-service-berlin.de/" "Mozilla/4.0 (compatible; MSIE 5.0; Windows NT 4.0)"
212.227.52.170 - - [02/May/2014:03:30:14 +0200] "GET /notdienst.php HTTP/1.0" 200 19614 "http://www.energie-service-berlin.de/" "Mozilla/4.0 (compatible; MSIE 5.0; Windows NT 4.0)"
212.227.52.170 - - [02/May/2014:03:30:13 +0200] "GET /kwk.php HTTP/1.0" 200 21938 "http://www.energie-service-berlin.de/" "Mozilla/4.0 (compatible; MSIE 5.0; Windows NT 4.0)"
212.227.52.170 - - [02/May/2014:03:30:13 +0200] "GET /marktdaten.php HTTP/1.0" 200 19833 "http://www.energie-service-berlin.de/" "Mozilla/4.0 (compatible; MSIE 5.0; Windows NT 4.0)"
212.227.52.170 - - [02/May/2014:03:30:12 +0200] "GET /foerdermittel.php HTTP/1.0" 200 24303 "http://www.energie-service-berlin.de/" "Mozilla/4.0 (compatible; MSIE 5.0; Windows NT 4.0)"
212.227.52.170 - - [02/May/2014:03:30:12 +0200] "GET /lexikon.php HTTP/1.0" 200 21588 "http://www.energie-service-berlin.de/" "Mozilla/4.0 (compatible; MSIE 5.0; Windows NT 4.0)"
212.227.52.170 - - [02/May/2014:03:30:23 +0200] "GET /js/ajax_tabmenu.js HTTP/1.0" 200 12709 "http://www.energie-service-berlin.de/marktdaten.php" "Mozilla/4.0 (compatible; MSIE 5.0; Windows NT 4.0)"
212.227.52.170 - - [02/May/2014:03:30:23 +0200] "GET /tankreinigung.php HTTP/1.0" 200 22286 "http://www.energie-service-berlin.de/" "Mozilla/4.0 (compatible; MSIE 5.0; Windows NT 4.0)"
212.227.52.170 - - [02/May/2014:03:30:24 +0200] "GET /waermekonto.php HTTP/1.0" 200 30798 "http://www.energie-service-berlin.de/" "Mozilla/4.0 (compatible; MSIE 5.0; Windows NT 4.0)"
212.227.52.170 - - [02/May/2014:03:30:25 +0200] "GET /brennwerttechnik.php HTTP/1.0" 200 22112 "http://www.energie-service-berlin.de/" "Mozilla/4.0 (compatible; MSIE 5.0; Windows NT 4.0)"
212.227.52.170 - - [02/May/2014:03:30:26 +0200] "GET /ofenbau.php HTTP/1.0" 200 21901 "http://www.energie-service-berlin.de/" "Mozilla/4.0 (compatible; MSIE 5.0; Windows NT 4.0)"
212.227.52.170 - - [02/May/2014:03:30:27 +0200] "GET /tankanlagen.php HTTP/1.0" 200 22834 "http://www.energie-service-berlin.de/" "Mozilla/4.0 (compatible; MSIE 5.0; Windows NT 4.0)"
212.227.52.170 - - [02/May/2014:03:30:27 +0200] "GET /kontakt.php HTTP/1.0" 200 20823 "http://www.energie-service-berlin.de/" "Mozilla/4.0 (compatible; MSIE 5.0; Windows NT 4.0)"
212.227.52.170 - - [02/May/2014:03:30:29 +0200] "GET /ansprechpartner.php HTTP/1.0" 200 21426 "http://www.energie-service-berlin.de/" "Mozilla/4.0 (compatible; MSIE 5.0; Windows NT 4.0)"
212.227.52.170 - - [02/May/2014:03:30:31 +0200] "GET /jobs.php HTTP/1.0" 200 18897 "http://www.energie-service-berlin.de/" "Mozilla/4.0 (compatible; MSIE 5.0; Windows NT 4.0)"
212.227.52.170 - - [02/May/2014:03:30:32 +0200] "GET /impressum.php HTTP/1.0" 200 20117 "http://www.energie-service-berlin.de/" "Mozilla/4.0 (compatible; MSIE 5.0; Windows NT 4.0)"
212.227.52.170 - - [02/May/2014:03:30:32 +0200] "GET /news.php?cs_go=archiv&cs_id=5135 HTTP/1.0" 200 24099 "http://www.energie-service-berlin.de/" "Mozilla/4.0 (compatible; MSIE 5.0; Windows NT 4.0)"
212.227.52.170 - - [02/May/2014:03:30:32 +0200] "GET /news.php?cs_go=archiv&cs_id=5128 HTTP/1.0" 200 20802 "http://www.energie-service-berlin.de/" "Mozilla/4.0 (compatible; MSIE 5.0; Windows NT 4.0)"
212.227.52.170 - - [02/May/2014:03:30:35 +0200] "GET /news.php?cs_go=archiv&cs_id=5127 HTTP/1.0" 200 20410 "http://www.energie-service-berlin.de/" "Mozilla/4.0 (compatible; MSIE 5.0; Windows NT 4.0)"
212.227.52.170 - - [02/May/2014:03:30:35 +0200] "GET /news.php?cs_go=archiv&cs_id=5124 HTTP/1.0" 200 22887 "http://www.energie-service-berlin.de/" "Mozilla/4.0 (compatible; MSIE 5.0; Windows NT 4.0)"
212.227.52.170 - - [02/May/2014:03:30:35 +0200] "GET /news.php?cs_go=archiv&cs_id=5126 HTTP/1.0" 200 24315 "http://www.energie-service-berlin.de/" "Mozilla/4.0 (compatible; MSIE 5.0; Windows NT 4.0)"
157.56.229.245 - - [02/May/2014:03:30:37 +0200] "GET /tankreinigung.php HTTP/1.1" 200 22286 "-" "Mozilla/5.0 (compatible; bingbot/2.0; +http://www.bing.com/bingbot.htm)"
212.227.52.170 - - [02/May/2014:03:30:37 +0200] "GET /news.php?cs_go=archiv&cs_id=5125 HTTP/1.0" 200 20470 "http://www.energie-service-berlin.de/" "Mozilla/4.0 (compatible; MSIE 5.0; Windows NT 4.0)"
157.56.229.245 - - [02/May/2014:03:30:38 +0200] "GET /ansprechpartner.php HTTP/1.1" 200 21426 "-" "Mozilla/5.0 (compatible; bingbot/2.0; +http://www.bing.com/bingbot.htm)"
212.227.52.170 - - [02/May/2014:03:30:38 +0200] "GET /\"http://www.brennstoffboerse.de/index.php?go=fluessiggas_tank\" HTTP/1.0" 404 1256 "http://www.energie-service-berlin.de/faq.php" "Mozilla/4.0 (compatible; MSIE 5.0; Windows NT 4.0)"
212.227.52.170 - - [02/May/2014:03:30:38 +0200] "GET /news.php?cs_go=archiv HTTP/1.0" 200 33624 "http://www.energie-service-berlin.de/" "Mozilla/4.0 (compatible; MSIE 5.0; Windows NT 4.0)"
212.227.52.170 - - [02/May/2014:03:30:39 +0200] "GET /\"http://www.brennstoffboerse.de/index.php?go=fluessiggas_pruefung\" HTTP/1.0" 404 1256 "http://www.energie-service-berlin.de/faq.php" "Mozilla/4.0 (compatible; MSIE 5.0; Windows NT 4.0)"
212.227.52.170 - - [02/May/2014:03:30:38 +0200] "GET /newsletter.php HTTP/1.0" 200 19822 "http://www.energie-service-berlin.de/" "Mozilla/4.0 (compatible; MSIE 5.0; Windows NT 4.0)"
212.227.52.170 - - [02/May/2014:03:30:38 +0200] "GET /video/Mobil_SHC_de.flv HTTP/1.0" 200 41358622 "http://www.energie-service-berlin.de/" "Mozilla/4.0 (compatible; MSIE 5.0; Windows NT 4.0)"
212.227.52.170 - - [02/May/2014:03:30:43 +0200] "GET /news.php?cs_go=archiv&cs_id=5135&cs_search= HTTP/1.0" 200 24099 "http://www.energie-service-berlin.de/news.php" "Mozilla/4.0 (compatible; MSIE 5.0; Windows NT 4.0)"
212.227.52.170 - - [02/May/2014:03:30:45 +0200] "GET /news.php?cs_go=archiv&cs_id=5128&cs_search= HTTP/1.0" 200 20802 "http://www.energie-service-berlin.de/news.php" "Mozilla/4.0 (compatible; MSIE 5.0; Windows NT 4.0)"
212.227.52.170 - - [02/May/2014:03:30:47 +0200] "GET /news.php?cs_go=archiv&cs_id=5126&cs_search= HTTP/1.0" 200 24315 "http://www.energie-service-berlin.de/news.php" "Mozilla/4.0 (compatible; MSIE 5.0; Windows NT 4.0)"
212.227.52.170 - - [02/May/2014:03:30:47 +0200] "GET /news.php?cs_go=archiv&cs_id=5127&cs_search= HTTP/1.0" 200 20410 "http://www.energie-service-berlin.de/news.php" "Mozilla/4.0 (compatible; MSIE 5.0; Windows NT 4.0)"
212.227.52.170 - - [02/May/2014:03:30:51 +0200] "GET /news.php?cs_go=archiv&cs_id=5124&cs_search= HTTP/1.0" 200 22887 "http://www.energie-service-berlin.de/news.php" "Mozilla/4.0 (compatible; MSIE 5.0; Windows NT 4.0)"
212.227.52.170 - - [02/May/2014:03:30:52 +0200] "GET /tabmenu/md_hel.php HTTP/1.0" 200 2931 "http://www.energie-service-berlin.de/marktdaten.php" "Mozilla/4.0 (compatible; MSIE 5.0; Windows NT 4.0)"
212.227.52.170 - - [02/May/2014:03:30:51 +0200] "GET /news.php?cs_go=archiv&cs_id=5125&cs_search= HTTP/1.0" 200 20470 "http://www.energie-service-berlin.de/news.php" "Mozilla/4.0 (compatible; MSIE 5.0; Windows NT 4.0)"
212.227.52.170 - - [02/May/2014:03:30:52 +0200] "GET /tabmenu/md_diesel.php HTTP/1.0" 200 2927 "http://www.energie-service-berlin.de/marktdaten.php" "Mozilla/4.0 (compatible; MSIE 5.0; Windows NT 4.0)"
212.227.52.170 - - [02/May/2014:03:30:52 +0200] "GET /news.php?cs_go=archiv&cs_id=5123&cs_search= HTTP/1.0" 200 24245 "http://www.energie-service-berlin.de/news.php" "Mozilla/4.0 (compatible; MSIE 5.0; Windows NT 4.0)"
157.55.35.37 - - [02/May/2014:03:32:14 +0200] "GET /heizoel.php HTTP/1.1" 200 20896 "-" "Mozilla/5.0 (compatible; bingbot/2.0; +http://www.bing.com/bingbot.htm)"
157.55.35.37 - - [02/May/2014:03:32:15 +0200] "GET /marktdaten.php HTTP/1.1" 200 19833 "-" "Mozilla/5.0 (compatible; bingbot/2.0; +http://www.bing.com/bingbot.htm)"
157.55.35.37 - - [02/May/2014:03:32:16 +0200] "GET /biogasanlage.php HTTP/1.1" 200 19090 "-" "Mozilla/5.0 (compatible; bingbot/2.0; +http://www.bing.com/bingbot.htm)"
157.55.36.50 - - [02/May/2014:03:32:59 +0200] "GET /waermekonto.php HTTP/1.1" 200 30798 "-" "Mozilla/5.0 (compatible; bingbot/2.0; +http://www.bing.com/bingbot.htm)"
157.55.33.20 - - [02/May/2014:03:33:43 +0200] "GET /diesel.php HTTP/1.1" 200 22314 "-" "Mozilla/5.0 (compatible; bingbot/2.0; +http://www.bing.com/bingbot.htm)"
157.55.33.20 - - [02/May/2014:03:33:44 +0200] "GET /news.php?cs_go=archiv&cs_id=5125 HTTP/1.1" 200 20470 "-" "Mozilla/5.0 (compatible; bingbot/2.0; +http://www.bing.com/bingbot.htm)"
157.56.229.245 - - [02/May/2014:03:33:53 +0200] "GET /robots.txt HTTP/1.1" 404 1256 "-" "Mozilla/5.0 (compatible; bingbot/2.0; +http://www.bing.com/bingbot.htm)"
157.56.229.245 - - [02/May/2014:03:33:53 +0200] "GET /faq.php HTTP/1.1" 200 238396 "-" "Mozilla/5.0 (compatible; bingbot/2.0; +http://www.bing.com/bingbot.htm)"
208.115.111.72 - - [02/May/2014:03:34:34 +0200] "GET /robots.txt HTTP/1.1" 404 1256 "-" "Mozilla/5.0 (compatible; DotBot/1.1; http://www.opensiteexplorer.org/dotbot, help@moz.com)"
157.55.35.37 - - [02/May/2014:03:35:13 +0200] "GET /robots.txt HTTP/1.1" 404 1256 "-" "Mozilla/5.0 (compatible; bingbot/2.0; +http://www.bing.com/bingbot.htm)"
157.55.35.37 - - [02/May/2014:03:35:18 +0200] "GET /kontakt.php HTTP/1.1" 200 20823 "-" "Mozilla/5.0 (compatible; bingbot/2.0; +http://www.bing.com/bingbot.htm)"
157.55.33.20 - - [02/May/2014:03:36:33 +0200] "GET /robots.txt HTTP/1.1" 404 1256 "-" "Mozilla/5.0 (compatible; bingbot/2.0; +http://www.bing.com/bingbot.htm)"
157.55.33.20 - - [02/May/2014:03:36:35 +0200] "GET /brennwerttechnik.php HTTP/1.1" 200 22112 "-" "Mozilla/5.0 (compatible; bingbot/2.0; +http://www.bing.com/bingbot.htm)"
66.249.78.71 - - [02/May/2014:03:37:24 +0200] "GET /robots.txt HTTP/1.1" 404 1256 "-" "Mozilla/5.0 (compatible; Googlebot/2.1; +http://www.google.com/bot.html)"
157.55.33.20 - - [02/May/2014:03:37:53 +0200] "GET /lexikon.php HTTP/1.1" 200 21588 "-" "Mozilla/5.0 (compatible; bingbot/2.0; +http://www.bing.com/bingbot.htm)"
157.56.229.245 - - [02/May/2014:03:38:55 +0200] "GET /tankanlagen.php HTTP/1.1" 200 22834 "-" "Mozilla/5.0 (compatible; bingbot/2.0; +http://www.bing.com/bingbot.htm)"
66.249.78.86 - - [02/May/2014:03:39:16 +0200] "GET /news.php?cs_go=archiv&cs_id=4556 HTTP/1.1" 200 20769 "-" "Mozilla/5.0 (iPhone; CPU iPhone OS 6_0 like Mac OS X) AppleWebKit/536.26 (KHTML, like Gecko) Version/6.0 Mobile/10A5376e Safari/8536.25 (compatible; Googlebot/2.1; +http://www.google.com/bot.html)"
66.249.78.86 - - [02/May/2014:03:40:20 +0200] "GET /news.php?cs_go=archiv&cs_id=4596&cs_search= HTTP/1.1" 200 22334 "-" "Mozilla/5.0 (compatible; Googlebot/2.1; +http://www.google.com/bot.html)"
157.55.35.37 - - [02/May/2014:03:40:35 +0200] "GET /notdienst.php HTTP/1.1" 200 19614 "-" "Mozilla/5.0 (compatible; bingbot/2.0; +http://www.bing.com/bingbot.htm)"
157.55.36.50 - - [02/May/2014:03:42:14 +0200] "GET /robots.txt HTTP/1.1" 404 1256 "-" "Mozilla/5.0 (compatible; bingbot/2.0; +http://www.bing.com/bingbot.htm)"
157.55.36.50 - - [02/May/2014:03:42:21 +0200] "GET /essoschmierstoffe.php HTTP/1.1" 200 22773 "-" "Mozilla/5.0 (compatible; bingbot/2.0; +http://www.bing.com/bingbot.htm)"
157.55.36.50 - - [02/May/2014:03:42:22 +0200] "GET /impressum.php HTTP/1.1" 200 20117 "-" "Mozilla/5.0 (compatible; bingbot/2.0; +http://www.bing.com/bingbot.htm)"
157.56.229.245 - - [02/May/2014:03:43:27 +0200] "GET /energiesparcheck.php HTTP/1.1" 200 24694 "-" "Mozilla/5.0 (compatible; bingbot/2.0; +http://www.bing.com/bingbot.htm)"
157.55.36.50 - - [02/May/2014:03:44:26 +0200] "GET /news.php?cs_go=archiv&cs_id=5126 HTTP/1.1" 200 24315 "-" "Mozilla/5.0 (compatible; bingbot/2.0; +http://www.bing.com/bingbot.htm)"
157.55.35.37 - - [02/May/2014:03:45:39 +0200] "GET /preisanfrage.php HTTP/1.1" 200 23634 "-" "Mozilla/5.0 (compatible; bingbot/2.0; +http://www.bing.com/bingbot.htm)"
157.55.35.37 - - [02/May/2014:03:45:40 +0200] "GET /images/RAL_Guetezeichen_Energiehandel.pdf HTTP/1.1" 200 538987 "-" "Mozilla/5.0 (compatible; bingbot/2.0; +http://www.bing.com/bingbot.htm)"
157.55.33.20 - - [02/May/2014:03:46:37 +0200] "GET / HTTP/1.1" 200 23306 "-" "Mozilla/5.0 (compatible; bingbot/2.0; +http://www.bing.com/bingbot.htm)"
157.55.33.20 - - [02/May/2014:03:46:38 +0200] "GET /index.php HTTP/1.1" 200 23306 "-" "Mozilla/5.0 (compatible; bingbot/2.0; +http://www.bing.com/bingbot.htm)"
157.55.33.20 - - [02/May/2014:03:46:45 +0200] "GET /edl.php HTTP/1.1" 200 22392 "-" "Mozilla/5.0 (compatible; bingbot/2.0; +http://www.bing.com/bingbot.htm)"
157.55.33.20 - - [02/May/2014:03:46:46 +0200] "GET /energiekostenvergleich.php HTTP/1.1" 200 23457 "-" "Mozilla/5.0 (compatible; bingbot/2.0; +http://www.bing.com/bingbot.htm)"
157.55.33.20 - - [02/May/2014:03:46:49 +0200] "GET /schmierstoffe.php HTTP/1.1" 200 21612 "-" "Mozilla/5.0 (compatible; bingbot/2.0; +http://www.bing.com/bingbot.htm)"
157.55.34.94 - - [02/May/2014:03:47:16 +0200] "GET /news.php?cs_go=archiv&cs_id=5114 HTTP/1.1" 200 24245 "-" "Mozilla/5.0 (compatible; bingbot/2.0; +http://www.bing.com/bingbot.htm)"
157.55.33.20 - - [02/May/2014:03:47:35 +0200] "GET /adblue.php HTTP/1.1" 200 23024 "-" "Mozilla/5.0 (compatible; bingbot/2.0; +http://www.bing.com/bingbot.htm)"
157.55.33.20 - - [02/May/2014:03:47:36 +0200] "GET /foerdermittel.php HTTP/1.1" 200 24303 "-" "Mozilla/5.0 (compatible; bingbot/2.0; +http://www.bing.com/bingbot.htm)"
178.255.215.79 - - [02/May/2014:03:47:46 +0200] "GET /diesel.php HTTP/1.1" 200 22314 "-" "Mozilla/5.0 (compatible; Exabot/3.0; +http://www.exabot.com/go/robot)"
157.56.229.245 - - [02/May/2014:03:47:57 +0200] "GET /news.php HTTP/1.1" 200 33624 "-" "Mozilla/5.0 (compatible; bingbot/2.0; +http://www.bing.com/bingbot.htm)"
157.56.229.245 - - [02/May/2014:03:47:58 +0200] "GET /news.php?cs_go=archiv&cs_id=5128 HTTP/1.1" 200 20802 "-" "Mozilla/5.0 (compatible; bingbot/2.0; +http://www.bing.com/bingbot.htm)"
157.56.229.245 - - [02/May/2014:03:48:03 +0200] "GET /wunschpreis.php HTTP/1.1" 200 24864 "-" "Mozilla/5.0 (compatible; bingbot/2.0; +http://www.bing.com/bingbot.htm)"
157.56.229.245 - - [02/May/2014:03:48:04 +0200] "GET /news.php?cs_go=archiv&cs_id=5124 HTTP/1.1" 200 22887 "-" "Mozilla/5.0 (compatible; bingbot/2.0; +http://www.bing.com/bingbot.htm)"
157.55.36.50 - - [02/May/2014:03:48:36 +0200] "GET /ofenbau.php HTTP/1.1" 200 21901 "-" "Mozilla/5.0 (compatible; bingbot/2.0; +http://www.bing.com/bingbot.htm)"
66.249.78.86 - - [02/May/2014:03:49:07 +0200] "GET /news.php?cs_go=archiv&cs_id=4913 HTTP/1.1" 200 20378 "-" "Mozilla/5.0 (compatible; Googlebot/2.1; +http://www.google.com/bot.html)"
157.55.36.50 - - [02/May/2014:03:51:44 +0200] "GET /baustellenbetankung.php HTTP/1.1" 200 19708 "-" "Mozilla/5.0 (compatible; bingbot/2.0; +http://www.bing.com/bingbot.htm)"
157.55.36.50 - - [02/May/2014:03:54:01 +0200] "GET /jobs.php HTTP/1.1" 200 18897 "-" "Mozilla/5.0 (compatible; bingbot/2.0; +http://www.bing.com/bingbot.htm)"
66.249.78.200 - - [02/May/2014:03:54:58 +0200] "GET /lexikon.php?cs_go=3&cs_id=66 HTTP/1.1" 200 19034 "-" "Mozilla/5.0 (compatible; Googlebot/2.1; +http://www.google.com/bot.html)"
157.55.35.37 - - [02/May/2014:03:55:17 +0200] "GET /ec.php HTTP/1.1" 200 20630 "-" "Mozilla/5.0 (compatible; bingbot/2.0; +http://www.bing.com/bingbot.htm)"
157.55.35.37 - - [02/May/2014:03:55:19 +0200] "GET /premiumheizoel.php HTTP/1.1" 200 19416 "-" "Mozilla/5.0 (compatible; bingbot/2.0; +http://www.bing.com/bingbot.htm)"
157.55.35.37 - - [02/May/2014:03:55:20 +0200] "GET /robots.txt HTTP/1.1" 404 1256 "-" "Mozilla/5.0 (compatible; bingbot/2.0; +http://www.bing.com/bingbot.htm)"
66.249.78.86 - - [02/May/2014:03:55:48 +0200] "GET /news.php?cs_go=archiv&cs_id=3525 HTTP/1.1" 200 22543 "-" "Mozilla/5.0 (iPhone; CPU iPhone OS 6_0 like Mac OS X) AppleWebKit/536.26 (KHTML, like Gecko) Version/6.0 Mobile/10A5376e Safari/8536.25 (compatible; Googlebot/2.1; +http://www.google.com/bot.html)"
157.55.33.20 - - [02/May/2014:03:56:22 +0200] "GET /newsletter.php HTTP/1.1" 200 19822 "-" "Mozilla/5.0 (compatible; bingbot/2.0; +http://www.bing.com/bingbot.htm)"
157.55.33.20 - - [02/May/2014:03:56:23 +0200] "GET /kwk.php HTTP/1.1" 200 21938 "-" "Mozilla/5.0 (compatible; bingbot/2.0; +http://www.bing.com/bingbot.htm)"
157.55.33.20 - - [02/May/2014:03:57:23 +0200] "GET /downloads/Imagebroschuere%20team%20energie%20-%20TE%20Verwaltung%20Energiehandel_klein.pdf HTTP/1.1" 200 893384 "-" "Mozilla/5.0 (compatible; bingbot/2.0; +http://www.bing.com/bingbot.htm)"
157.55.33.20 - - [02/May/2014:03:57:24 +0200] "GET /news.php?cs_go=archiv&cs_id=5135 HTTP/1.1" 200 24099 "-" "Mozilla/5.0 (compatible; bingbot/2.0; +http://www.bing.com/bingbot.htm)"
208.115.111.72 - - [02/May/2014:04:02:08 +0200] "GET /seiten/start.htm HTTP/1.1" 404 1256 "-" "Mozilla/5.0 (compatible; DotBot/1.1; http://www.opensiteexplorer.org/dotbot, help@moz.com)"
157.55.35.37 - - [02/May/2014:04:05:02 +0200] "GET /essocard.php HTTP/1.1" 200 13196 "-" "Mozilla/5.0 (compatible; bingbot/2.0; +http://www.bing.com/bingbot.htm)"
66.249.78.86 - - [02/May/2014:04:05:28 +0200] "GET /news.php?cs_go=archiv&cs_id=3411 HTTP/1.1" 200 11682 "-" "Mozilla/5.0 (iPhone; CPU iPhone OS 6_0 like Mac OS X) AppleWebKit/536.26 (KHTML, like Gecko) Version/6.0 Mobile/10A5376e Safari/8536.25 (compatible; Googlebot/2.1; +http://www.google.com/bot.html)"
157.55.36.50 - - [02/May/2014:04:06:15 +0200] "GET /js/ddaccordion.js HTTP/1.1" 200 12534 "-" "Mozilla/5.0 (compatible; bingbot/2.0; +http://www.bing.com/bingbot.htm)"
157.56.229.245 - - [02/May/2014:04:06:54 +0200] "GET /modul.css HTTP/1.1" 200 36485 "-" "Mozilla/5.0 (compatible; bingbot/2.0; +http://www.bing.com/bingbot.htm)"
157.55.33.20 - - [02/May/2014:04:12:32 +0200] "GET /brennwerttechnik.php HTTP/1.1" 200 22112 "-" "Mozilla/5.0 (compatible; bingbot/2.0; +http://www.bing.com/bingbot.htm)"
