208.43.225.85 - - [01/May/2014:05:22:15 +0200] "GET /lexikon.php?cs_go=3&cs_id=208 HTTP/1.1" 200 19394 "-" "Mozilla/5.0 (compatible; MSIE 9.0; Windows NT 6.1; WOW64; Trident/5.0; chromeframe/19.0.1084.52)"
208.43.225.85 - - [01/May/2014:05:22:19 +0200] "GET /lexikon.php?cs_go=3&cs_id=207 HTTP/1.1" 200 19040 "-" "Mozilla/5.0 (compatible; MSIE 9.0; Windows NT 6.1; WOW64; Trident/5.0; chromeframe/19.0.1084.52)"
208.43.225.85 - - [01/May/2014:05:22:25 +0200] "GET /lexikon.php?cs_go=3&cs_id=206 HTTP/1.1" 200 19395 "-" "Mozilla/5.0 (compatible; MSIE 9.0; Windows NT 6.1; WOW64; Trident/5.0; chromeframe/19.0.1084.52)"
208.43.225.85 - - [01/May/2014:05:22:30 +0200] "GET /lexikon.php?cs_go=3&cs_id=205 HTTP/1.1" 200 19336 "-" "Mozilla/5.0 (compatible; MSIE 9.0; Windows NT 6.1; WOW64; Trident/5.0; chromeframe/19.0.1084.52)"
208.43.225.85 - - [01/May/2014:05:22:35 +0200] "GET /lexikon.php?cs_go=3&cs_id=204 HTTP/1.1" 200 19041 "-" "Mozilla/5.0 (compatible; MSIE 9.0; Windows NT 6.1; WOW64; Trident/5.0; chromeframe/19.0.1084.52)"
208.43.225.85 - - [01/May/2014:05:22:41 +0200] "GET /lexikon.php?cs_go=3&cs_id=203 HTTP/1.1" 200 19847 "-" "Mozilla/5.0 (compatible; MSIE 9.0; Windows NT 6.1; WOW64; Trident/5.0; chromeframe/19.0.1084.52)"
208.43.225.85 - - [01/May/2014:05:22:46 +0200] "GET /lexikon.php?cs_go=3&cs_id=202 HTTP/1.1" 200 19556 "-" "Mozilla/5.0 (compatible; MSIE 9.0; Windows NT 6.1; WOW64; Trident/5.0; chromeframe/19.0.1084.52)"
208.43.225.85 - - [01/May/2014:05:22:51 +0200] "GET /lexikon.php?cs_go=3&cs_id=201 HTTP/1.1" 200 19831 "-" "Mozilla/5.0 (compatible; MSIE 9.0; Windows NT 6.1; WOW64; Trident/5.0; chromeframe/19.0.1084.52)"
208.43.225.85 - - [01/May/2014:05:22:55 +0200] "GET /lexikon.php?cs_go=3&cs_id=200 HTTP/1.1" 200 21037 "-" "Mozilla/5.0 (compatible; MSIE 9.0; Windows NT 6.1; WOW64; Trident/5.0; chromeframe/19.0.1084.52)"
208.43.225.85 - - [01/May/2014:05:23:04 +0200] "GET /lexikon.php?cs_go=3&cs_id=20 HTTP/1.1" 200 19946 "-" "Mozilla/5.0 (compatible; MSIE 9.0; Windows NT 6.1; WOW64; Trident/5.0; chromeframe/19.0.1084.52)"
208.43.225.85 - - [01/May/2014:05:23:08 +0200] "GET /lexikon.php?cs_go=3&cs_id=2 HTTP/1.1" 200 19461 "-" "Mozilla/5.0 (compatible; MSIE 9.0; Windows NT 6.1; WOW64; Trident/5.0; chromeframe/19.0.1084.52)"
208.43.225.85 - - [01/May/2014:05:23:13 +0200] "GET /lexikon.php?cs_go=3&cs_id=199 HTTP/1.1" 200 19028 "-" "Mozilla/5.0 (compatible; MSIE 9.0; Windows NT 6.1; WOW64; Trident/5.0; chromeframe/19.0.1084.52)"
208.43.225.85 - - [01/May/2014:05:23:18 +0200] "GET /lexikon.php?cs_go=3&cs_id=198 HTTP/1.1" 200 20059 "-" "Mozilla/5.0 (compatible; MSIE 9.0; Windows NT 6.1; WOW64; Trident/5.0; chromeframe/19.0.1084.52)"
208.43.225.85 - - [01/May/2014:05:23:23 +0200] "GET /lexikon.php?cs_go=3&cs_id=197 HTTP/1.1" 200 19030 "-" "Mozilla/5.0 (compatible; MSIE 9.0; Windows NT 6.1; WOW64; Trident/5.0; chromeframe/19.0.1084.52)"
208.43.225.85 - - [01/May/2014:05:23:28 +0200] "GET /lexikon.php?cs_go=3&cs_id=196 HTTP/1.1" 200 19328 "-" "Mozilla/5.0 (compatible; MSIE 9.0; Windows NT 6.1; WOW64; Trident/5.0; chromeframe/19.0.1084.52)"
208.43.225.85 - - [01/May/2014:05:23:33 +0200] "GET /lexikon.php?cs_go=3&cs_id=195 HTTP/1.1" 200 20035 "-" "Mozilla/5.0 (compatible; MSIE 9.0; Windows NT 6.1; WOW64; Trident/5.0; chromeframe/19.0.1084.52)"
208.43.225.85 - - [01/May/2014:05:23:39 +0200] "GET /lexikon.php?cs_go=3&cs_id=194 HTTP/1.1" 200 19047 "-" "Mozilla/5.0 (compatible; MSIE 9.0; Windows NT 6.1; WOW64; Trident/5.0; chromeframe/19.0.1084.52)"
208.43.225.85 - - [01/May/2014:05:23:44 +0200] "GET /lexikon.php?cs_go=3&cs_id=193 HTTP/1.1" 200 19042 "-" "Mozilla/5.0 (compatible; MSIE 9.0; Windows NT 6.1; WOW64; Trident/5.0; chromeframe/19.0.1084.52)"
208.43.225.85 - - [01/May/2014:05:23:52 +0200] "GET /lexikon.php?cs_go=3&cs_id=192 HTTP/1.1" 200 19444 "-" "Mozilla/5.0 (compatible; MSIE 9.0; Windows NT 6.1; WOW64; Trident/5.0; chromeframe/19.0.1084.52)"
208.43.225.85 - - [01/May/2014:05:23:57 +0200] "GET /lexikon.php?cs_go=3&cs_id=191 HTTP/1.1" 200 20399 "-" "Mozilla/5.0 (compatible; MSIE 9.0; Windows NT 6.1; WOW64; Trident/5.0; chromeframe/19.0.1084.52)"
208.43.225.85 - - [01/May/2014:05:24:03 +0200] "GET /lexikon.php?cs_go=3&cs_id=190 HTTP/1.1" 200 19514 "-" "Mozilla/5.0 (compatible; MSIE 9.0; Windows NT 6.1; WOW64; Trident/5.0; chromeframe/19.0.1084.52)"
208.43.225.85 - - [01/May/2014:05:24:10 +0200] "GET /lexikon.php?cs_go=3&cs_id=19 HTTP/1.1" 200 21004 "-" "Mozilla/5.0 (compatible; MSIE 9.0; Windows NT 6.1; WOW64; Trident/5.0; chromeframe/19.0.1084.52)"
208.43.225.85 - - [01/May/2014:05:24:14 +0200] "GET /lexikon.php?cs_go=3&cs_id=189 HTTP/1.1" 200 19262 "-" "Mozilla/5.0 (compatible; MSIE 9.0; Windows NT 6.1; WOW64; Trident/5.0; chromeframe/19.0.1084.52)"
208.43.225.85 - - [01/May/2014:05:24:18 +0200] "GET /lexikon.php?cs_go=3&cs_id=188 HTTP/1.1" 200 19039 "-" "Mozilla/5.0 (compatible; MSIE 9.0; Windows NT 6.1; WOW64; Trident/5.0; chromeframe/19.0.1084.52)"
208.43.225.85 - - [01/May/2014:05:24:25 +0200] "GET /lexikon.php?cs_go=3&cs_id=187 HTTP/1.1" 200 19540 "-" "Mozilla/5.0 (compatible; MSIE 9.0; Windows NT 6.1; WOW64; Trident/5.0; chromeframe/19.0.1084.52)"
208.43.225.85 - - [01/May/2014:05:24:29 +0200] "GET /lexikon.php?cs_go=3&cs_id=186 HTTP/1.1" 200 19278 "-" "Mozilla/5.0 (compatible; MSIE 9.0; Windows NT 6.1; WOW64; Trident/5.0; chromeframe/19.0.1084.52)"
208.43.225.85 - - [01/May/2014:05:24:35 +0200] "GET /lexikon.php?cs_go=3&cs_id=185 HTTP/1.1" 200 19383 "-" "Mozilla/5.0 (compatible; MSIE 9.0; Windows NT 6.1; WOW64; Trident/5.0; chromeframe/19.0.1084.52)"
208.43.225.85 - - [01/May/2014:05:24:40 +0200] "GET /lexikon.php?cs_go=3&cs_id=184 HTTP/1.1" 200 19033 "-" "Mozilla/5.0 (compatible; MSIE 9.0; Windows NT 6.1; WOW64; Trident/5.0; chromeframe/19.0.1084.52)"
208.43.225.85 - - [01/May/2014:05:24:44 +0200] "GET /lexikon.php?cs_go=3&cs_id=183 HTTP/1.1" 200 19601 "-" "Mozilla/5.0 (compatible; MSIE 9.0; Windows NT 6.1; WOW64; Trident/5.0; chromeframe/19.0.1084.52)"
208.43.225.85 - - [01/May/2014:05:24:53 +0200] "GET /lexikon.php?cs_go=3&cs_id=182 HTTP/1.1" 200 19447 "-" "Mozilla/5.0 (compatible; MSIE 9.0; Windows NT 6.1; WOW64; Trident/5.0; chromeframe/19.0.1084.52)"
208.43.225.85 - - [01/May/2014:05:24:57 +0200] "GET /lexikon.php?cs_go=3&cs_id=181 HTTP/1.1" 200 19030 "-" "Mozilla/5.0 (compatible; MSIE 9.0; Windows NT 6.1; WOW64; Trident/5.0; chromeframe/19.0.1084.52)"
208.43.225.85 - - [01/May/2014:05:25:01 +0200] "GET /lexikon.php?cs_go=3&cs_id=180 HTTP/1.1" 200 20114 "-" "Mozilla/5.0 (compatible; MSIE 9.0; Windows NT 6.1; WOW64; Trident/5.0; chromeframe/19.0.1084.52)"
208.43.225.85 - - [01/May/2014:05:25:06 +0200] "GET /lexikon.php?cs_go=3&cs_id=18 HTTP/1.1" 200 19063 "-" "Mozilla/5.0 (compatible; MSIE 9.0; Windows NT 6.1; WOW64; Trident/5.0; chromeframe/19.0.1084.52)"
208.43.225.85 - - [01/May/2014:05:25:11 +0200] "GET /lexikon.php?cs_go=3&cs_id=179 HTTP/1.1" 200 22620 "-" "Mozilla/5.0 (compatible; MSIE 9.0; Windows NT 6.1; WOW64; Trident/5.0; chromeframe/19.0.1084.52)"
208.43.225.85 - - [01/May/2014:05:25:16 +0200] "GET /lexikon.php?cs_go=3&cs_id=178 HTTP/1.1" 200 19510 "-" "Mozilla/5.0 (compatible; MSIE 9.0; Windows NT 6.1; WOW64; Trident/5.0; chromeframe/19.0.1084.52)"
208.43.225.85 - - [01/May/2014:05:25:21 +0200] "GET /lexikon.php?cs_go=3&cs_id=177 HTTP/1.1" 200 19019 "-" "Mozilla/5.0 (compatible; MSIE 9.0; Windows NT 6.1; WOW64; Trident/5.0; chromeframe/19.0.1084.52)"
208.43.225.85 - - [01/May/2014:05:25:27 +0200] "GET /lexikon.php?cs_go=3&cs_id=176 HTTP/1.1" 200 19324 "-" "Mozilla/5.0 (compatible; MSIE 9.0; Windows NT 6.1; WOW64; Trident/5.0; chromeframe/19.0.1084.52)"
208.43.225.85 - - [01/May/2014:05:25:35 +0200] "GET /lexikon.php?cs_go=3&cs_id=175 HTTP/1.1" 200 19218 "-" "Mozilla/5.0 (compatible; MSIE 9.0; Windows NT 6.1; WOW64; Trident/5.0; chromeframe/19.0.1084.52)"
208.43.225.85 - - [01/May/2014:05:25:39 +0200] "GET /lexikon.php?cs_go=3&cs_id=174 HTTP/1.1" 200 19750 "-" "Mozilla/5.0 (compatible; MSIE 9.0; Windows NT 6.1; WOW64; Trident/5.0; chromeframe/19.0.1084.52)"
208.43.225.85 - - [01/May/2014:05:25:44 +0200] "GET /lexikon.php?cs_go=3&cs_id=173 HTTP/1.1" 200 19696 "-" "Mozilla/5.0 (compatible; MSIE 9.0; Windows NT 6.1; WOW64; Trident/5.0; chromeframe/19.0.1084.52)"
208.43.225.85 - - [01/May/2014:05:25:50 +0200] "GET /lexikon.php?cs_go=3&cs_id=172 HTTP/1.1" 200 19443 "-" "Mozilla/5.0 (compatible; MSIE 9.0; Windows NT 6.1; WOW64; Trident/5.0; chromeframe/19.0.1084.52)"
208.43.225.85 - - [01/May/2014:05:25:54 +0200] "GET /lexikon.php?cs_go=3&cs_id=171 HTTP/1.1" 200 19043 "-" "Mozilla/5.0 (compatible; MSIE 9.0; Windows NT 6.1; WOW64; Trident/5.0; chromeframe/19.0.1084.52)"
208.43.225.85 - - [01/May/2014:05:25:59 +0200] "GET /lexikon.php?cs_go=3&cs_id=170 HTTP/1.1" 200 20461 "-" "Mozilla/5.0 (compatible; MSIE 9.0; Windows NT 6.1; WOW64; Trident/5.0; chromeframe/19.0.1084.52)"
208.43.225.85 - - [01/May/2014:05:26:04 +0200] "GET /lexikon.php?cs_go=3&cs_id=17 HTTP/1.1" 200 19498 "-" "Mozilla/5.0 (compatible; MSIE 9.0; Windows NT 6.1; WOW64; Trident/5.0; chromeframe/19.0.1084.52)"
208.43.225.85 - - [01/May/2014:05:26:10 +0200] "GET /lexikon.php?cs_go=3&cs_id=169 HTTP/1.1" 200 19072 "-" "Mozilla/5.0 (compatible; MSIE 9.0; Windows NT 6.1; WOW64; Trident/5.0; chromeframe/19.0.1084.52)"
208.43.225.85 - - [01/May/2014:05:26:18 +0200] "GET /lexikon.php?cs_go=3&cs_id=168 HTTP/1.1" 200 20175 "-" "Mozilla/5.0 (compatible; MSIE 9.0; Windows NT 6.1; WOW64; Trident/5.0; chromeframe/19.0.1084.52)"
75.134.151.92 - - [01/May/2014:05:26:23 +0200] "GET /robots.txt HTTP/1.0" 404 1256 "-" "Mozilla/5.0 (compatible; MJ12bot/v1.4.5; http://www.majestic12.co.uk/bot.php?+)"
208.43.225.85 - - [01/May/2014:05:26:23 +0200] "GET /lexikon.php?cs_go=3&cs_id=167 HTTP/1.1" 200 19039 "-" "Mozilla/5.0 (compatible; MSIE 9.0; Windows NT 6.1; WOW64; Trident/5.0; chromeframe/19.0.1084.52)"
75.134.151.92 - - [01/May/2014:05:26:23 +0200] "GET /news.php?cs_go=archiv&cs_id=5127 HTTP/1.1" 200 20410 "-" "Mozilla/5.0 (compatible; MJ12bot/v1.4.5; http://www.majestic12.co.uk/bot.php?+)"
208.43.225.85 - - [01/May/2014:05:26:27 +0200] "GET /lexikon.php?cs_go=3&cs_id=166 HTTP/1.1" 200 20228 "-" "Mozilla/5.0 (compatible; MSIE 9.0; Windows NT 6.1; WOW64; Trident/5.0; chromeframe/19.0.1084.52)"
208.43.225.85 - - [01/May/2014:05:26:32 +0200] "GET /lexikon.php?cs_go=3&cs_id=165 HTTP/1.1" 200 19323 "-" "Mozilla/5.0 (compatible; MSIE 9.0; Windows NT 6.1; WOW64; Trident/5.0; chromeframe/19.0.1084.52)"
75.134.151.92 - - [01/May/2014:05:26:33 +0200] "GET /news.php?cs_go=archiv&cs_id=5128 HTTP/1.1" 200 20802 "-" "Mozilla/5.0 (compatible; MJ12bot/v1.4.5; http://www.majestic12.co.uk/bot.php?+)"
208.43.225.85 - - [01/May/2014:05:26:37 +0200] "GET /lexikon.php?cs_go=3&cs_id=164 HTTP/1.1" 200 19296 "-" "Mozilla/5.0 (compatible; MSIE 9.0; Windows NT 6.1; WOW64; Trident/5.0; chromeframe/19.0.1084.52)"
208.43.225.85 - - [01/May/2014:05:26:42 +0200] "GET /lexikon.php?cs_go=3&cs_id=163 HTTP/1.1" 200 19267 "-" "Mozilla/5.0 (compatible; MSIE 9.0; Windows NT 6.1; WOW64; Trident/5.0; chromeframe/19.0.1084.52)"
208.43.225.85 - - [01/May/2014:05:26:50 +0200] "GET /lexikon.php?cs_go=3&cs_id=162 HTTP/1.1" 200 20437 "-" "Mozilla/5.0 (compatible; MSIE 9.0; Windows NT 6.1; WOW64; Trident/5.0; chromeframe/19.0.1084.52)"
75.134.151.92 - - [01/May/2014:05:26:55 +0200] "GET /news.php?cs_go=archiv&cs_id=5135 HTTP/1.1" 200 24099 "-" "Mozilla/5.0 (compatible; MJ12bot/v1.4.5; http://www.majestic12.co.uk/bot.php?+)"
208.43.225.85 - - [01/May/2014:05:26:55 +0200] "GET /lexikon.php?cs_go=3&cs_id=161 HTTP/1.1" 200 19077 "-" "Mozilla/5.0 (compatible; MSIE 9.0; Windows NT 6.1; WOW64; Trident/5.0; chromeframe/19.0.1084.52)"
208.43.225.85 - - [01/May/2014:05:27:05 +0200] "GET /lexikon.php?cs_go=3&cs_id=16 HTTP/1.1" 200 19967 "-" "Mozilla/5.0 (compatible; MSIE 9.0; Windows NT 6.1; WOW64; Trident/5.0; chromeframe/19.0.1084.52)"
208.43.225.85 - - [01/May/2014:05:27:10 +0200] "GET /lexikon.php?cs_go=3&cs_id=159 HTTP/1.1" 200 20796 "-" "Mozilla/5.0 (compatible; MSIE 9.0; Windows NT 6.1; WOW64; Trident/5.0; chromeframe/19.0.1084.52)"
208.43.225.85 - - [01/May/2014:05:27:14 +0200] "GET /lexikon.php?cs_go=3&cs_id=158 HTTP/1.1" 200 19391 "-" "Mozilla/5.0 (compatible; MSIE 9.0; Windows NT 6.1; WOW64; Trident/5.0; chromeframe/19.0.1084.52)"
208.43.225.85 - - [01/May/2014:05:27:20 +0200] "GET /lexikon.php?cs_go=3&cs_id=157 HTTP/1.1" 200 19415 "-" "Mozilla/5.0 (compatible; MSIE 9.0; Windows NT 6.1; WOW64; Trident/5.0; chromeframe/19.0.1084.52)"
208.43.225.85 - - [01/May/2014:05:27:25 +0200] "GET /lexikon.php?cs_go=3&cs_id=156 HTTP/1.1" 200 19758 "-" "Mozilla/5.0 (compatible; MSIE 9.0; Windows NT 6.1; WOW64; Trident/5.0; chromeframe/19.0.1084.52)"
208.43.225.85 - - [01/May/2014:05:27:30 +0200] "GET /lexikon.php?cs_go=3&cs_id=155 HTTP/1.1" 200 19034 "-" "Mozilla/5.0 (compatible; MSIE 9.0; Windows NT 6.1; WOW64; Trident/5.0; chromeframe/19.0.1084.52)"
208.43.225.85 - - [01/May/2014:05:27:35 +0200] "GET /lexikon.php?cs_go=3&cs_id=154 HTTP/1.1" 200 19263 "-" "Mozilla/5.0 (compatible; MSIE 9.0; Windows NT 6.1; WOW64; Trident/5.0; chromeframe/19.0.1084.52)"
208.43.225.85 - - [01/May/2014:05:27:40 +0200] "GET /lexikon.php?cs_go=3&cs_id=153 HTTP/1.1" 200 19786 "-" "Mozilla/5.0 (compatible; MSIE 9.0; Windows NT 6.1; WOW64; Trident/5.0; chromeframe/19.0.1084.52)"
208.43.225.85 - - [01/May/2014:05:27:50 +0200] "GET /lexikon.php?cs_go=3&cs_id=152 HTTP/1.1" 200 19615 "-" "Mozilla/5.0 (compatible; MSIE 9.0; Windows NT 6.1; WOW64; Trident/5.0; chromeframe/19.0.1084.52)"
208.43.225.85 - - [01/May/2014:05:27:55 +0200] "GET /lexikon.php?cs_go=3&cs_id=151 HTTP/1.1" 200 19720 "-" "Mozilla/5.0 (compatible; MSIE 9.0; Windows NT 6.1; WOW64; Trident/5.0; chromeframe/19.0.1084.52)"
208.43.225.85 - - [01/May/2014:05:27:59 +0200] "GET /lexikon.php?cs_go=3&cs_id=150 HTTP/1.1" 200 19255 "-" "Mozilla/5.0 (compatible; MSIE 9.0; Windows NT 6.1; WOW64; Trident/5.0; chromeframe/19.0.1084.52)"
208.43.225.85 - - [01/May/2014:05:28:05 +0200] "GET /lexikon.php?cs_go=3&cs_id=15 HTTP/1.1" 200 19114 "-" "Mozilla/5.0 (compatible; MSIE 9.0; Windows NT 6.1; WOW64; Trident/5.0; chromeframe/19.0.1084.52)"
208.43.225.85 - - [01/May/2014:05:28:10 +0200] "GET /lexikon.php?cs_go=3&cs_id=149 HTTP/1.1" 200 20766 "-" "Mozilla/5.0 (compatible; MSIE 9.0; Windows NT 6.1; WOW64; Trident/5.0; chromeframe/19.0.1084.52)"
208.43.225.85 - - [01/May/2014:05:28:15 +0200] "GET /lexikon.php?cs_go=3&cs_id=148 HTTP/1.1" 200 19557 "-" "Mozilla/5.0 (compatible; MSIE 9.0; Windows NT 6.1; WOW64; Trident/5.0; chromeframe/19.0.1084.52)"
208.43.225.85 - - [01/May/2014:05:28:20 +0200] "GET /lexikon.php?cs_go=3&cs_id=146 HTTP/1.1" 200 19654 "-" "Mozilla/5.0 (compatible; MSIE 9.0; Windows NT 6.1; WOW64; Trident/5.0; chromeframe/19.0.1084.52)"
208.43.225.85 - - [01/May/2014:05:28:25 +0200] "GET /lexikon.php?cs_go=3&cs_id=145 HTTP/1.1" 200 19947 "-" "Mozilla/5.0 (compatible; MSIE 9.0; Windows NT 6.1; WOW64; Trident/5.0; chromeframe/19.0.1084.52)"
208.43.225.85 - - [01/May/2014:05:28:31 +0200] "GET /lexikon.php?cs_go=3&cs_id=144 HTTP/1.1" 200 20888 "-" "Mozilla/5.0 (compatible; MSIE 9.0; Windows NT 6.1; WOW64; Trident/5.0; chromeframe/19.0.1084.52)"
208.43.225.85 - - [01/May/2014:05:28:36 +0200] "GET /lexikon.php?cs_go=3&cs_id=143 HTTP/1.1" 200 20335 "-" "Mozilla/5.0 (compatible; MSIE 9.0; Windows NT 6.1; WOW64; Trident/5.0; chromeframe/19.0.1084.52)"
208.43.225.85 - - [01/May/2014:05:28:45 +0200] "GET /lexikon.php?cs_go=3&cs_id=142 HTTP/1.1" 200 19618 "-" "Mozilla/5.0 (compatible; MSIE 9.0; Windows NT 6.1; WOW64; Trident/5.0; chromeframe/19.0.1084.52)"
208.43.225.85 - - [01/May/2014:05:28:51 +0200] "GET /lexikon.php?cs_go=3&cs_id=141 HTTP/1.1" 200 19913 "-" "Mozilla/5.0 (compatible; MSIE 9.0; Windows NT 6.1; WOW64; Trident/5.0; chromeframe/19.0.1084.52)"
208.43.225.85 - - [01/May/2014:05:28:55 +0200] "GET /lexikon.php?cs_go=3&cs_id=140 HTTP/1.1" 200 19781 "-" "Mozilla/5.0 (compatible; MSIE 9.0; Windows NT 6.1; WOW64; Trident/5.0; chromeframe/19.0.1084.52)"
208.43.225.85 - - [01/May/2014:05:29:00 +0200] "GET /lexikon.php?cs_go=3&cs_id=14 HTTP/1.1" 200 19619 "-" "Mozilla/5.0 (compatible; MSIE 9.0; Windows NT 6.1; WOW64; Trident/5.0; chromeframe/19.0.1084.52)"
208.43.225.85 - - [01/May/2014:05:29:06 +0200] "GET /lexikon.php?cs_go=3&cs_id=139 HTTP/1.1" 200 19231 "-" "Mozilla/5.0 (compatible; MSIE 9.0; Windows NT 6.1; WOW64; Trident/5.0; chromeframe/19.0.1084.52)"
208.43.225.85 - - [01/May/2014:05:29:10 +0200] "GET /lexikon.php?cs_go=3&cs_id=138 HTTP/1.1" 200 19941 "-" "Mozilla/5.0 (compatible; MSIE 9.0; Windows NT 6.1; WOW64; Trident/5.0; chromeframe/19.0.1084.52)"
208.43.225.85 - - [01/May/2014:05:29:17 +0200] "GET /lexikon.php?cs_go=3&cs_id=137 HTTP/1.1" 200 20363 "-" "Mozilla/5.0 (compatible; MSIE 9.0; Windows NT 6.1; WOW64; Trident/5.0; chromeframe/19.0.1084.52)"
208.43.225.85 - - [01/May/2014:05:29:23 +0200] "GET /lexikon.php?cs_go=3&cs_id=136 HTTP/1.1" 200 19025 "-" "Mozilla/5.0 (compatible; MSIE 9.0; Windows NT 6.1; WOW64; Trident/5.0; chromeframe/19.0.1084.52)"
208.43.225.85 - - [01/May/2014:05:29:27 +0200] "GET /lexikon.php?cs_go=3&cs_id=135 HTTP/1.1" 200 20234 "-" "Mozilla/5.0 (compatible; MSIE 9.0; Windows NT 6.1; WOW64; Trident/5.0; chromeframe/19.0.1084.52)"
208.43.225.85 - - [01/May/2014:05:29:32 +0200] "GET /lexikon.php?cs_go=3&cs_id=133 HTTP/1.1" 200 19769 "-" "Mozilla/5.0 (compatible; MSIE 9.0; Windows NT 6.1; WOW64; Trident/5.0; chromeframe/19.0.1084.52)"
208.43.225.85 - - [01/May/2014:05:29:37 +0200] "GET /lexikon.php?cs_go=3&cs_id=132 HTTP/1.1" 200 19021 "-" "Mozilla/5.0 (compatible; MSIE 9.0; Windows NT 6.1; WOW64; Trident/5.0; chromeframe/19.0.1084.52)"
208.43.225.85 - - [01/May/2014:05:29:43 +0200] "GET /lexikon.php?cs_go=3&cs_id=131 HTTP/1.1" 200 19413 "-" "Mozilla/5.0 (compatible; MSIE 9.0; Windows NT 6.1; WOW64; Trident/5.0; chromeframe/19.0.1084.52)"
208.43.225.85 - - [01/May/2014:05:29:52 +0200] "GET /lexikon.php?cs_go=3&cs_id=130 HTTP/1.1" 200 19273 "-" "Mozilla/5.0 (compatible; MSIE 9.0; Windows NT 6.1; WOW64; Trident/5.0; chromeframe/19.0.1084.52)"
208.43.225.85 - - [01/May/2014:05:29:55 +0200] "GET /lexikon.php?cs_go=3&cs_id=13 HTTP/1.1" 200 19099 "-" "Mozilla/5.0 (compatible; MSIE 9.0; Windows NT 6.1; WOW64; Trident/5.0; chromeframe/19.0.1084.52)"
208.43.225.85 - - [01/May/2014:05:30:01 +0200] "GET /lexikon.php?cs_go=3&cs_id=129 HTTP/1.1" 200 19684 "-" "Mozilla/5.0 (compatible; MSIE 9.0; Windows NT 6.1; WOW64; Trident/5.0; chromeframe/19.0.1084.52)"
208.43.225.85 - - [01/May/2014:05:30:06 +0200] "GET /lexikon.php?cs_go=3&cs_id=128 HTTP/1.1" 200 19530 "-" "Mozilla/5.0 (compatible; MSIE 9.0; Windows NT 6.1; WOW64; Trident/5.0; chromeframe/19.0.1084.52)"
208.43.225.85 - - [01/May/2014:05:30:11 +0200] "GET /lexikon.php?cs_go=3&cs_id=127 HTTP/1.1" 200 21115 "-" "Mozilla/5.0 (compatible; MSIE 9.0; Windows NT 6.1; WOW64; Trident/5.0; chromeframe/19.0.1084.52)"
208.43.225.85 - - [01/May/2014:05:30:17 +0200] "GET /lexikon.php?cs_go=3&cs_id=126 HTTP/1.1" 200 19399 "-" "Mozilla/5.0 (compatible; MSIE 9.0; Windows NT 6.1; WOW64; Trident/5.0; chromeframe/19.0.1084.52)"
208.43.225.85 - - [01/May/2014:05:30:21 +0200] "GET /lexikon.php?cs_go=3&cs_id=125 HTTP/1.1" 200 20016 "-" "Mozilla/5.0 (compatible; MSIE 9.0; Windows NT 6.1; WOW64; Trident/5.0; chromeframe/19.0.1084.52)"
208.43.225.85 - - [01/May/2014:05:30:26 +0200] "GET /lexikon.php?cs_go=3&cs_id=124 HTTP/1.1" 200 19528 "-" "Mozilla/5.0 (compatible; MSIE 9.0; Windows NT 6.1; WOW64; Trident/5.0; chromeframe/19.0.1084.52)"
208.43.225.85 - - [01/May/2014:05:30:37 +0200] "GET /lexikon.php?cs_go=3&cs_id=123 HTTP/1.1" 200 19093 "-" "Mozilla/5.0 (compatible; MSIE 9.0; Windows NT 6.1; WOW64; Trident/5.0; chromeframe/19.0.1084.52)"
208.43.225.85 - - [01/May/2014:05:30:40 +0200] "GET /lexikon.php?cs_go=3&cs_id=122 HTTP/1.1" 200 19256 "-" "Mozilla/5.0 (compatible; MSIE 9.0; Windows NT 6.1; WOW64; Trident/5.0; chromeframe/19.0.1084.52)"
208.43.225.85 - - [01/May/2014:05:30:45 +0200] "GET /lexikon.php?cs_go=3&cs_id=121 HTTP/1.1" 200 19410 "-" "Mozilla/5.0 (compatible; MSIE 9.0; Windows NT 6.1; WOW64; Trident/5.0; chromeframe/19.0.1084.52)"
208.43.225.85 - - [01/May/2014:05:30:51 +0200] "GET /lexikon.php?cs_go=3&cs_id=120 HTTP/1.1" 200 19554 "-" "Mozilla/5.0 (compatible; MSIE 9.0; Windows NT 6.1; WOW64; Trident/5.0; chromeframe/19.0.1084.52)"
208.43.225.85 - - [01/May/2014:05:30:56 +0200] "GET /lexikon.php?cs_go=3&cs_id=12 HTTP/1.1" 200 19608 "-" "Mozilla/5.0 (compatible; MSIE 9.0; Windows NT 6.1; WOW64; Trident/5.0; chromeframe/19.0.1084.52)"
208.43.225.85 - - [01/May/2014:05:31:01 +0200] "GET /lexikon.php?cs_go=3&cs_id=119 HTTP/1.1" 200 19179 "-" "Mozilla/5.0 (compatible; MSIE 9.0; Windows NT 6.1; WOW64; Trident/5.0; chromeframe/19.0.1084.52)"
208.43.225.85 - - [01/May/2014:05:31:07 +0200] "GET /lexikon.php?cs_go=3&cs_id=118 HTTP/1.1" 200 19541 "-" "Mozilla/5.0 (compatible; MSIE 9.0; Windows NT 6.1; WOW64; Trident/5.0; chromeframe/19.0.1084.52)"
208.43.225.85 - - [01/May/2014:05:31:12 +0200] "GET /lexikon.php?cs_go=3&cs_id=117 HTTP/1.1" 200 19406 "-" "Mozilla/5.0 (compatible; MSIE 9.0; Windows NT 6.1; WOW64; Trident/5.0; chromeframe/19.0.1084.52)"
208.43.225.85 - - [01/May/2014:05:31:17 +0200] "GET /lexikon.php?cs_go=3&cs_id=116 HTTP/1.1" 200 20403 "-" "Mozilla/5.0 (compatible; MSIE 9.0; Windows NT 6.1; WOW64; Trident/5.0; chromeframe/19.0.1084.52)"
208.43.225.85 - - [01/May/2014:05:31:22 +0200] "GET /lexikon.php?cs_go=3&cs_id=115 HTTP/1.1" 200 20619 "-" "Mozilla/5.0 (compatible; MSIE 9.0; Windows NT 6.1; WOW64; Trident/5.0; chromeframe/19.0.1084.52)"
208.43.225.84 - - [01/May/2014:05:31:28 +0200] "GET /lexikon.php?cs_go=3&cs_id=114 HTTP/1.1" 200 19721 "-" "Mozilla/5.0 (compatible; MSIE 9.0; Windows NT 6.1; WOW64; Trident/5.0; chromeframe/19.0.1084.52)"
208.43.225.84 - - [01/May/2014:05:31:33 +0200] "GET /lexikon.php?cs_go=3&cs_id=113 HTTP/1.1" 200 19213 "-" "Mozilla/5.0 (compatible; MSIE 9.0; Windows NT 6.1; WOW64; Trident/5.0; chromeframe/19.0.1084.52)"
208.43.225.84 - - [01/May/2014:05:31:38 +0200] "GET /lexikon.php?cs_go=3&cs_id=112 HTTP/1.1" 200 20188 "-" "Mozilla/5.0 (compatible; MSIE 9.0; Windows NT 6.1; WOW64; Trident/5.0; chromeframe/19.0.1084.52)"
208.43.225.84 - - [01/May/2014:05:31:43 +0200] "GET /lexikon.php?cs_go=3&cs_id=111 HTTP/1.1" 200 19094 "-" "Mozilla/5.0 (compatible; MSIE 9.0; Windows NT 6.1; WOW64; Trident/5.0; chromeframe/19.0.1084.52)"
208.43.225.84 - - [01/May/2014:05:31:48 +0200] "GET /lexikon.php?cs_go=3&cs_id=110 HTTP/1.1" 200 19738 "-" "Mozilla/5.0 (compatible; MSIE 9.0; Windows NT 6.1; WOW64; Trident/5.0; chromeframe/19.0.1084.52)"
208.43.225.84 - - [01/May/2014:05:31:53 +0200] "GET /lexikon.php?cs_go=3&cs_id=11 HTTP/1.1" 200 19282 "-" "Mozilla/5.0 (compatible; MSIE 9.0; Windows NT 6.1; WOW64; Trident/5.0; chromeframe/19.0.1084.52)"
208.43.225.84 - - [01/May/2014:05:32:00 +0200] "GET /lexikon.php?cs_go=3&cs_id=109 HTTP/1.1" 200 20538 "-" "Mozilla/5.0 (compatible; MSIE 9.0; Windows NT 6.1; WOW64; Trident/5.0; chromeframe/19.0.1084.52)"
208.43.225.84 - - [01/May/2014:05:32:07 +0200] "GET /lexikon.php?cs_go=3&cs_id=108 HTTP/1.1" 200 20653 "-" "Mozilla/5.0 (compatible; MSIE 9.0; Windows NT 6.1; WOW64; Trident/5.0; chromeframe/19.0.1084.52)"
208.43.225.84 - - [01/May/2014:05:32:12 +0200] "GET /lexikon.php?cs_go=3&cs_id=107 HTTP/1.1" 200 19426 "-" "Mozilla/5.0 (compatible; MSIE 9.0; Windows NT 6.1; WOW64; Trident/5.0; chromeframe/19.0.1084.52)"
208.43.225.84 - - [01/May/2014:05:32:17 +0200] "GET /lexikon.php?cs_go=3&cs_id=106 HTTP/1.1" 200 19497 "-" "Mozilla/5.0 (compatible; MSIE 9.0; Windows NT 6.1; WOW64; Trident/5.0; chromeframe/19.0.1084.52)"
208.43.225.84 - - [01/May/2014:05:32:22 +0200] "GET /lexikon.php?cs_go=3&cs_id=105 HTTP/1.1" 200 19445 "-" "Mozilla/5.0 (compatible; MSIE 9.0; Windows NT 6.1; WOW64; Trident/5.0; chromeframe/19.0.1084.52)"
208.43.225.84 - - [01/May/2014:05:32:27 +0200] "GET /lexikon.php?cs_go=3&cs_id=104 HTTP/1.1" 200 19511 "-" "Mozilla/5.0 (compatible; MSIE 9.0; Windows NT 6.1; WOW64; Trident/5.0; chromeframe/19.0.1084.52)"
208.43.225.84 - - [01/May/2014:05:32:32 +0200] "GET /lexikon.php?cs_go=3&cs_id=103 HTTP/1.1" 200 20254 "-" "Mozilla/5.0 (compatible; MSIE 9.0; Windows NT 6.1; WOW64; Trident/5.0; chromeframe/19.0.1084.52)"
208.43.225.84 - - [01/May/2014:05:32:36 +0200] "GET /lexikon.php?cs_go=3&cs_id=102 HTTP/1.1" 200 19025 "-" "Mozilla/5.0 (compatible; MSIE 9.0; Windows NT 6.1; WOW64; Trident/5.0; chromeframe/19.0.1084.52)"
208.43.225.84 - - [01/May/2014:05:32:42 +0200] "GET /lexikon.php?cs_go=3&cs_id=101 HTTP/1.1" 200 21253 "-" "Mozilla/5.0 (compatible; MSIE 9.0; Windows NT 6.1; WOW64; Trident/5.0; chromeframe/19.0.1084.52)"
208.43.225.84 - - [01/May/2014:05:32:48 +0200] "GET /lexikon.php?cs_go=3&cs_id=100 HTTP/1.1" 200 19737 "-" "Mozilla/5.0 (compatible; MSIE 9.0; Windows NT 6.1; WOW64; Trident/5.0; chromeframe/19.0.1084.52)"
208.43.225.84 - - [01/May/2014:05:32:53 +0200] "GET /lexikon.php?cs_go=3&cs_id=10 HTTP/1.1" 200 19631 "-" "Mozilla/5.0 (compatible; MSIE 9.0; Windows NT 6.1; WOW64; Trident/5.0; chromeframe/19.0.1084.52)"
208.43.225.84 - - [01/May/2014:05:32:57 +0200] "GET /lexikon.php?cs_go=3&cs_id=1 HTTP/1.1" 200 19600 "-" "Mozilla/5.0 (compatible; MSIE 9.0; Windows NT 6.1; WOW64; Trident/5.0; chromeframe/19.0.1084.52)"
208.43.225.84 - - [01/May/2014:05:33:03 +0200] "GET /lexikon.php?cs_go=2&cs_char=p HTTP/1.1" 200 20203 "-" "Mozilla/5.0 (compatible; MSIE 9.0; Windows NT 6.1; WOW64; Trident/5.0; chromeframe/19.0.1084.52)"
208.43.225.84 - - [01/May/2014:05:33:08 +0200] "GET /lexikon.php?cs_go=2&cs_char=n HTTP/1.1" 200 19615 "-" "Mozilla/5.0 (compatible; MSIE 9.0; Windows NT 6.1; WOW64; Trident/5.0; chromeframe/19.0.1084.52)"
208.43.225.84 - - [01/May/2014:05:33:13 +0200] "GET /lexikon.php?cs_go=2&cs_char=m HTTP/1.1" 200 20110 "-" "Mozilla/5.0 (compatible; MSIE 9.0; Windows NT 6.1; WOW64; Trident/5.0; chromeframe/19.0.1084.52)"
208.43.225.84 - - [01/May/2014:05:33:18 +0200] "GET /lexikon.php?cs_go=2&cs_char=k HTTP/1.1" 200 20916 "-" "Mozilla/5.0 (compatible; MSIE 9.0; Windows NT 6.1; WOW64; Trident/5.0; chromeframe/19.0.1084.52)"
66.249.78.86 - - [01/May/2014:05:33:23 +0200] "GET /news.php?cs_go=archiv&cs_id=3003 HTTP/1.1" 200 22760 "-" "Mozilla/5.0 (iPhone; CPU iPhone OS 6_0 like Mac OS X) AppleWebKit/536.26 (KHTML, like Gecko) Version/6.0 Mobile/10A5376e Safari/8536.25 (compatible; Googlebot/2.1; +http://www.google.com/bot.html)"
208.43.225.84 - - [01/May/2014:05:33:23 +0200] "GET /kwk.php?cs_go=4 HTTP/1.1" 200 21309 "-" "Mozilla/5.0 (compatible; MSIE 9.0; Windows NT 6.1; WOW64; Trident/5.0; chromeframe/19.0.1084.52)"
66.249.66.144 - - [01/May/2014:05:33:24 +0200] "GET /impressum.php HTTP/1.1" 200 20117 "-" "DoCoMo/2.0 N905i(c100;TB;W24H16) (compatible; Googlebot-Mobile/2.1; +http://www.google.com/bot.html)"
208.43.225.84 - - [01/May/2014:05:33:29 +0200] "GET /kwk.php?cs_go=3 HTTP/1.1" 200 21339 "-" "Mozilla/5.0 (compatible; MSIE 9.0; Windows NT 6.1; WOW64; Trident/5.0; chromeframe/19.0.1084.52)"
208.43.225.84 - - [01/May/2014:05:33:34 +0200] "GET /kwk.php?cs_go=2 HTTP/1.1" 200 22909 "-" "Mozilla/5.0 (compatible; MSIE 9.0; Windows NT 6.1; WOW64; Trident/5.0; chromeframe/19.0.1084.52)"
208.43.225.84 - - [01/May/2014:05:33:39 +0200] "GET /kwk.php?cs_go=1 HTTP/1.1" 200 21938 "-" "Mozilla/5.0 (compatible; MSIE 9.0; Windows NT 6.1; WOW64; Trident/5.0; chromeframe/19.0.1084.52)"
208.43.225.84 - - [01/May/2014:05:33:44 +0200] "GET /kwk.php HTTP/1.1" 200 21938 "-" "Mozilla/5.0 (compatible; MSIE 9.0; Windows NT 6.1; WOW64; Trident/5.0; chromeframe/19.0.1084.52)"
208.43.225.84 - - [01/May/2014:05:33:49 +0200] "GET /jobs.php HTTP/1.1" 200 18897 "-" "Mozilla/5.0 (compatible; MSIE 9.0; Windows NT 6.1; WOW64; Trident/5.0; chromeframe/19.0.1084.52)"
208.43.225.84 - - [01/May/2014:05:33:53 +0200] "GET /impressum.php HTTP/1.1" 200 20117 "-" "Mozilla/5.0 (compatible; MSIE 9.0; Windows NT 6.1; WOW64; Trident/5.0; chromeframe/19.0.1084.52)"
208.43.225.84 - - [01/May/2014:05:33:59 +0200] "GET /foerdermittel.php HTTP/1.1" 200 24303 "-" "Mozilla/5.0 (compatible; MSIE 9.0; Windows NT 6.1; WOW64; Trident/5.0; chromeframe/19.0.1084.52)"
208.43.225.84 - - [01/May/2014:05:34:03 +0200] "GET /faq.php HTTP/1.1" 200 238396 "-" "Mozilla/5.0 (compatible; MSIE 9.0; Windows NT 6.1; WOW64; Trident/5.0; chromeframe/19.0.1084.52)"
208.43.225.84 - - [01/May/2014:05:34:09 +0200] "GET /essoschmierstoffe.php HTTP/1.1" 200 22773 "-" "Mozilla/5.0 (compatible; MSIE 9.0; Windows NT 6.1; WOW64; Trident/5.0; chromeframe/19.0.1084.52)"
208.43.225.85 - - [01/May/2014:05:34:23 +0200] "GET /energiesparcheck.php HTTP/1.1" 200 24694 "-" "Mozilla/5.0 (compatible; MSIE 9.0; Windows NT 6.1; WOW64; Trident/5.0; chromeframe/19.0.1084.52)"
208.43.225.85 - - [01/May/2014:05:34:28 +0200] "GET /energiekostenvergleich.php HTTP/1.1" 200 23457 "-" "Mozilla/5.0 (compatible; MSIE 9.0; Windows NT 6.1; WOW64; Trident/5.0; chromeframe/19.0.1084.52)"
66.249.78.200 - - [01/May/2014:05:45:42 +0200] "GET /lexikon.php?cs_go=3&cs_id=192 HTTP/1.1" 200 19444 "-" "Mozilla/5.0 (compatible; Googlebot/2.1; +http://www.google.com/bot.html)"
141.8.147.12 - - [01/May/2014:05:49:53 +0200] "GET /lexikon.php?cs_go=2&cs_char=p HTTP/1.1" 200 20203 "-" "Mozilla/5.0 (compatible; YandexBot/3.0; +http://yandex.com/bots)"
131.253.24.11 - - [01/May/2014:05:53:05 +0200] "GET /robots.txt HTTP/1.1" 404 1256 "-" "msnbot-media/1.1 (+http://search.msn.com/msnbot.htm)"
131.253.24.11 - - [01/May/2014:05:53:05 +0200] "GET /images/ani_logo.jpg HTTP/1.1" 200 2501 "-" "msnbot-media/1.1 (+http://search.msn.com/msnbot.htm)"
157.55.35.37 - - [01/May/2014:06:06:06 +0200] "GET /robots.txt HTTP/1.1" 404 1256 "-" "Mozilla/5.0 (compatible; bingbot/2.0; +http://www.bing.com/bingbot.htm)"
157.55.35.37 - - [01/May/2014:06:12:01 +0200] "GET /ec.php HTTP/1.1" 200 20630 "-" "Mozilla/5.0 (compatible; bingbot/2.0; +http://www.bing.com/bingbot.htm)"
141.8.147.12 - - [01/May/2014:06:12:49 +0200] "GET /news.php?cs_go=archiv&cs_id=5100 HTTP/1.1" 200 20459 "-" "Mozilla/5.0 (compatible; YandexBot/3.0; +http://yandex.com/bots)"
66.249.78.86 - - [01/May/2014:06:18:13 +0200] "GET /modernisierung.php?cs_gp_go=plus HTTP/1.1" 200 22777 "-" "Mozilla/5.0 (compatible; Googlebot/2.1; +http://www.google.com/bot.html)"
66.249.78.71 - - [01/May/2014:06:18:25 +0200] "GET /news.php?cs_go=archiv&cs_id=4762 HTTP/1.1" 200 24430 "-" "Mozilla/5.0 (compatible; Googlebot/2.1; +http://www.google.com/bot.html)"
66.249.78.71 - - [01/May/2014:06:23:39 +0200] "GET /edl.php HTTP/1.1" 200 22392 "-" "Mozilla/5.0 (iPhone; CPU iPhone OS 6_0 like Mac OS X) AppleWebKit/536.26 (KHTML, like Gecko) Version/6.0 Mobile/10A5376e Safari/8536.25 (compatible; Googlebot/2.1; +http://www.google.com/bot.html)"
5.199.136.130 - - [01/May/2014:06:25:48 +0200] "GET /robots.txt HTTP/1.1" 404 1256 "-" "Mozilla/5.0 (compatible; waybackarchive.org/1.0; +spider@waybackarchive.org)"
5.199.136.130 - - [01/May/2014:06:25:50 +0200] "GET /news.php?cs_go=archiv&cs_id=5126 HTTP/1.1" 200 24315 "-" "Mozilla/5.0 (compatible; waybackarchive.org/1.0; +spider@waybackarchive.org)"
141.8.147.12 - - [01/May/2014:06:35:45 +0200] "GET /news.php?cs_go=archiv&cs_startpos=81 HTTP/1.1" 200 34352 "-" "Mozilla/5.0 (compatible; YandexBot/3.0; +http://yandex.com/bots)"
37.58.100.188 - - [01/May/2014:06:40:04 +0200] "GET /robots.txt HTTP/1.1" 404 1256 "-" "Mozilla/5.0 (compatible; AhrefsBot/5.0; +http://ahrefs.com/robot/)"
208.115.113.88 - - [01/May/2014:06:44:37 +0200] "GET /robots.txt HTTP/1.1" 404 1256 "-" "Mozilla/5.0 (compatible; DotBot/1.1; http://www.opensiteexplorer.org/dotbot, help@moz.com)"
66.249.78.91 - - [01/May/2014:06:45:05 +0200] "GET /robots.txt HTTP/1.1" 404 1256 "-" "Mozilla/5.0 (compatible; Googlebot/2.1; +http://www.google.com/bot.html)"
66.249.78.91 - - [01/May/2014:06:45:06 +0200] "GET /news.php?cs_go=archiv&cs_id=4335 HTTP/1.1" 200 24491 "-" "Mozilla/5.0 (compatible; Googlebot/2.1; +http://www.google.com/bot.html)"
157.55.34.94 - - [01/May/2014:06:46:11 +0200] "GET /robots.txt HTTP/1.1" 404 1256 "-" "Mozilla/5.0 (compatible; bingbot/2.0; +http://www.bing.com/bingbot.htm)"
157.55.34.94 - - [01/May/2014:06:46:19 +0200] "GET /waermekonto.php HTTP/1.1" 200 30798 "-" "Mozilla/5.0 (compatible; bingbot/2.0; +http://www.bing.com/bingbot.htm)"
157.55.32.101 - - [01/May/2014:06:47:31 +0200] "GET /images/adblue_neu.png HTTP/1.1" 200 30982 "-" "Mozilla/5.0 (compatible; bingbot/2.0; +http://www.bing.com/bingbot.htm)"
178.255.215.79 - - [01/May/2014:06:48:00 +0200] "GET /robots.txt HTTP/1.1" 404 1256 "-" "Mozilla/5.0 (compatible; Exabot/3.0; +http://www.exabot.com/go/robot)"
178.255.215.79 - - [01/May/2014:06:48:00 +0200] "GET /energiesparcheck.php HTTP/1.1" 200 24694 "-" "Mozilla/5.0 (compatible; Exabot/3.0; +http://www.exabot.com/go/robot)"
157.55.35.102 - - [01/May/2014:06:48:11 +0200] "GET /modul.css HTTP/1.1" 200 36485 "-" "Mozilla/5.0 (compatible; bingbot/2.0; +http://www.bing.com/bingbot.htm)"
66.249.78.226 - - [01/May/2014:06:48:40 +0200] "GET /energiesparcheck.php HTTP/1.1" 200 24694 "-" "Mozilla/5.0 (iPhone; CPU iPhone OS 6_0 like Mac OS X) AppleWebKit/536.26 (KHTML, like Gecko) Version/6.0 Mobile/10A5376e Safari/8536.25 (compatible; Googlebot/2.1; +http://www.google.com/bot.html)"
68.180.225.113 - - [01/May/2014:06:50:49 +0200] "GET /lexikon.php?cs_go=2&cs_char=x HTTP/1.1" 200 19647 "-" "Mozilla/5.0 (compatible; Yahoo! Slurp; http://help.yahoo.com/help/us/ysearch/slurp)"
95.215.0.27 - - [01/May/2014:06:51:44 +0200] "GET /news.php?cs_go=archiv&cs_id=5059 HTTP/1.1" 200 26258 "-" "Mozilla/5.0 (Windows NT 6.1; WOW64; rv:26.1) Gecko/20100101 Firefox/26.0"
157.56.92.157 - - [01/May/2014:06:53:52 +0200] "GET /images/content_bg.jpg HTTP/1.1" 200 437 "-" "Mozilla/5.0 (compatible; bingbot/2.0; +http://www.bing.com/bingbot.htm)"
5.199.136.130 - - [01/May/2014:06:57:41 +0200] "GET /robots.txt HTTP/1.1" 404 1256 "-" "Mozilla/5.0 (compatible; waybackarchive.org/1.0; +spider@waybackarchive.org)"
66.249.78.71 - - [01/May/2014:06:58:25 +0200] "GET /lexikon.php?cs_go=3&cs_id=40 HTTP/1.1" 200 23144 "-" "Mozilla/5.0 (compatible; Googlebot/2.1; +http://www.google.com/bot.html)"
141.8.147.12 - - [01/May/2014:06:58:40 +0200] "GET /lexikon.php?cs_go=3&cs_id=96 HTTP/1.1" 200 19344 "-" "Mozilla/5.0 (compatible; YandexBot/3.0; +http://yandex.com/bots)"
157.55.32.28 - - [01/May/2014:06:58:53 +0200] "GET /robots.txt HTTP/1.1" 404 1256 "-" "Mozilla/5.0 (compatible; bingbot/2.0; +http://www.bing.com/bingbot.htm)"
195.49.108.131 - - [01/May/2014:07:03:47 +0200] "GET /images/adblue_tankzug.jpg HTTP/1.1" 200 39542 "-" "Mozilla/5.0 (compatible; MSIE 9.0; Windows NT 6.1; WOW64; Trident/5.0)"
195.49.108.131 - - [01/May/2014:07:03:50 +0200] "GET /favicon.ico HTTP/1.1" 404 1256 "-" "Mozilla/5.0 (compatible; MSIE 9.0; Windows NT 6.1; WOW64; Trident/5.0)"
66.249.78.200 - - [01/May/2014:07:07:12 +0200] "GET /news.php?cs_go=archiv&cs_id=4324 HTTP/1.1" 200 24673 "-" "Mozilla/5.0 (compatible; Googlebot/2.1; +http://www.google.com/bot.html)"
66.249.78.160 - - [01/May/2014:07:08:32 +0200] "GET /news.php?cs_go=archiv&cs_id=5104 HTTP/1.1" 200 20982 "-" "Mozilla/5.0 (compatible; Googlebot/2.1; +http://www.google.com/bot.html)"
162.210.196.97 - - [01/May/2014:07:11:45 +0200] "GET /robots.txt HTTP/1.0" 404 1256 "-" "Mozilla/5.0 (compatible; MJ12bot/v1.4.5; http://www.majestic12.co.uk/bot.php?+)"
162.210.196.97 - - [01/May/2014:07:11:47 +0200] "GET / HTTP/1.0" 200 23306 "-" "Mozilla/5.0 (compatible; MJ12bot/v1.4.5; http://www.majestic12.co.uk/bot.php?+)"
66.249.78.71 - - [01/May/2014:07:13:03 +0200] "GET /news.php?cs_go=archiv&cs_id=4597 HTTP/1.1" 200 32727 "-" "Mozilla/5.0 (compatible; Googlebot/2.1; +http://www.google.com/bot.html)"
37.58.100.154 - - [01/May/2014:07:13:33 +0200] "GET /lexikon.php?cs_go=3&cs_id=119 HTTP/1.1" 200 19179 "-" "Mozilla/5.0 (compatible; AhrefsBot/5.0; +http://ahrefs.com/robot/)"
157.55.32.28 - - [01/May/2014:07:16:43 +0200] "GET /news.php?cs_go=archiv&cs_id=5076 HTTP/1.1" 200 23480 "-" "Mozilla/5.0 (compatible; bingbot/2.0; +http://www.bing.com/bingbot.htm)"
66.249.78.200 - - [01/May/2014:07:18:55 +0200] "GET /lexikon.php?cs_go=3&cs_id=31 HTTP/1.1" 200 19074 "-" "Mozilla/5.0 (compatible; Googlebot/2.1; +http://www.google.com/bot.html)"
216.151.137.36 - - [01/May/2014:07:19:00 +0200] "GET /news.php?cs_go=archiv&cs_id=3029&cs_search= HTTP/1.1" 200 22630 "-" "Mozilla/4.0 (compatible; MSIE 6.0; Windows NT 5.1; SV1)"
216.151.137.36 - - [01/May/2014:07:19:02 +0200] "GET /index.php HTTP/1.1" 200 23306 "-" "Mozilla/4.0 (compatible; MSIE 6.0; Windows NT 5.1; SV1)"
216.151.137.36 - - [01/May/2014:07:19:04 +0200] "GET /heizoel.php HTTP/1.1" 200 20896 "-" "Mozilla/4.0 (compatible; MSIE 6.0; Windows NT 5.1; SV1)"
216.151.137.36 - - [01/May/2014:07:19:06 +0200] "GET /premiumheizoel.php HTTP/1.1" 200 19416 "-" "Mozilla/4.0 (compatible; MSIE 6.0; Windows NT 5.1; SV1)"
216.151.137.36 - - [01/May/2014:07:19:07 +0200] "GET /diesel.php HTTP/1.1" 200 22314 "-" "Mozilla/4.0 (compatible; MSIE 6.0; Windows NT 5.1; SV1)"
216.151.137.36 - - [01/May/2014:07:19:18 +0200] "GET /essoschmierstoffe.php HTTP/1.1" 200 22773 "-" "Mozilla/4.0 (compatible; MSIE 6.0; Windows NT 5.1; SV1)"
216.151.137.36 - - [01/May/2014:07:19:23 +0200] "GET /schmierstoffe.php HTTP/1.1" 200 21612 "-" "Mozilla/4.0 (compatible; MSIE 6.0; Windows NT 5.1; SV1)"
216.151.137.36 - - [01/May/2014:07:19:27 +0200] "GET /adblue.php HTTP/1.1" 200 23024 "-" "Mozilla/4.0 (compatible; MSIE 6.0; Windows NT 5.1; SV1)"
216.151.137.36 - - [01/May/2014:07:19:34 +0200] "GET /biogasanlage.php HTTP/1.1" 200 19090 "-" "Mozilla/4.0 (compatible; MSIE 6.0; Windows NT 5.1; SV1)"
216.151.137.36 - - [01/May/2014:07:19:37 +0200] "GET /preisanfrage.php HTTP/1.1" 200 23634 "-" "Mozilla/4.0 (compatible; MSIE 6.0; Windows NT 5.1; SV1)"
216.151.137.36 - - [01/May/2014:07:19:40 +0200] "POST /preisanfrage.php HTTP/1.1" 200 23886 "http://www.schmierstoffeberlin.de/preisanfrage.php" "Mozilla/4.0 (compatible; MSIE 6.0; Windows NT 5.1; SV1)"
141.8.147.12 - - [01/May/2014:07:21:36 +0200] "GET /news.php?cs_go=archiv&cs_id=5098 HTTP/1.1" 200 20780 "-" "Mozilla/5.0 (compatible; YandexBot/3.0; +http://yandex.com/bots)"
66.249.78.114 - - [01/May/2014:07:21:50 +0200] "GET / HTTP/1.1" 200 23306 "-" "Mozilla/5.0 (compatible; Googlebot/2.1; +http://www.google.com/bot.html)"
66.249.78.71 - - [01/May/2014:07:24:46 +0200] "GET /news.php?cs_go=archiv&cs_id=4354 HTTP/1.1" 200 20702 "-" "Mozilla/5.0 (compatible; Googlebot/2.1; +http://www.google.com/bot.html)"
66.249.78.200 - - [01/May/2014:07:33:33 +0200] "GET /news.php?cs_go=archiv&cs_startpos=60 HTTP/1.1" 200 34557 "-" "Mozilla/5.0 (compatible; Googlebot/2.1; +http://www.google.com/bot.html)"
66.249.78.200 - - [01/May/2014:07:35:11 +0200] "GET /news.php?cs_go=archiv&cs_id=5058&cs_search= HTTP/1.1" 200 20693 "-" "Mozilla/5.0 (compatible; Googlebot/2.1; +http://www.google.com/bot.html)"
66.249.78.200 - - [01/May/2014:07:35:27 +0200] "GET /news.php?cs_go=archiv&cs_id=5064&cs_search= HTTP/1.1" 200 20407 "-" "Mozilla/5.0 (compatible; Googlebot/2.1; +http://www.google.com/bot.html)"
66.249.78.200 - - [01/May/2014:07:35:47 +0200] "GET /news.php?cs_go=archiv&cs_id=5062&cs_search= HTTP/1.1" 200 20764 "-" "Mozilla/5.0 (compatible; Googlebot/2.1; +http://www.google.com/bot.html)"
66.249.78.200 - - [01/May/2014:07:36:20 +0200] "GET /news.php?cs_go=archiv&cs_id=5037&cs_search= HTTP/1.1" 200 20736 "-" "Mozilla/5.0 (compatible; Googlebot/2.1; +http://www.google.com/bot.html)"
66.249.78.200 - - [01/May/2014:07:36:51 +0200] "GET /news.php?cs_go=archiv&cs_id=5057&cs_search= HTTP/1.1" 200 23885 "-" "Mozilla/5.0 (compatible; Googlebot/2.1; +http://www.google.com/bot.html)"
66.249.78.160 - - [01/May/2014:07:36:58 +0200] "GET /video/player.swf?netstreambasepath=http%3A%2F%2Fwww.essoschmierstoffe.de%2Findex.php&id=container&file=%2Fvideo%2FMobil_SHC_de.flv&image=video%2Fstandbild.jpg&controlbar.position=over HTTP/1.1" 304 - "-" "Googlebot-Video/1.0"
66.249.78.200 - - [01/May/2014:07:37:22 +0200] "GET /news.php?cs_go=archiv&cs_id=5059&cs_search= HTTP/1.1" 200 26258 "-" "Mozilla/5.0 (compatible; Googlebot/2.1; +http://www.google.com/bot.html)"
66.249.78.200 - - [01/May/2014:07:37:54 +0200] "GET /news.php?cs_go=archiv&cs_id=5056&cs_search= HTTP/1.1" 200 20714 "-" "Mozilla/5.0 (compatible; Googlebot/2.1; +http://www.google.com/bot.html)"
66.249.78.200 - - [01/May/2014:07:38:26 +0200] "GET /news.php?cs_go=archiv&cs_id=5061&cs_search= HTTP/1.1" 200 20455 "-" "Mozilla/5.0 (compatible; Googlebot/2.1; +http://www.google.com/bot.html)"
157.55.34.176 - - [01/May/2014:07:38:32 +0200] "GET /energiesparcheck.php HTTP/1.1" 200 24694 "-" "Mozilla/5.0 (compatible; bingbot/2.0; +http://www.bing.com/bingbot.htm)"
66.249.78.86 - - [01/May/2014:07:38:41 +0200] "GET /news.php?cs_go=archiv&cs_id=3820 HTTP/1.1" 200 21674 "-" "Mozilla/5.0 (iPhone; CPU iPhone OS 6_0 like Mac OS X) AppleWebKit/536.26 (KHTML, like Gecko) Version/6.0 Mobile/10A5376e Safari/8536.25 (compatible; Googlebot/2.1; +http://www.google.com/bot.html)"
66.249.78.200 - - [01/May/2014:07:39:00 +0200] "GET /news.php?cs_go=archiv&cs_id=5063&cs_search= HTTP/1.1" 200 24443 "-" "Mozilla/5.0 (compatible; Googlebot/2.1; +http://www.google.com/bot.html)"
66.249.78.200 - - [01/May/2014:07:39:38 +0200] "GET /news.php?cs_go=archiv&cs_id=5060&cs_search= HTTP/1.1" 200 23610 "-" "Mozilla/5.0 (compatible; Googlebot/2.1; +http://www.google.com/bot.html)"
66.249.78.71 - - [01/May/2014:07:39:55 +0200] "GET /news.php?cs_go=archiv&cs_id=2915 HTTP/1.1" 200 21824 "-" "Mozilla/5.0 (compatible; Googlebot/2.1; +http://www.google.com/bot.html)"
95.215.0.27 - - [01/May/2014:07:41:04 +0200] "GET /news.php?cs_go=archiv&cs_id=5024 HTTP/1.1" 200 22431 "-" "Mozilla/5.0 (Windows NT 6.1; WOW64; rv:26.1) Gecko/20100101 Firefox/26.0"
66.249.78.200 - - [01/May/2014:07:41:23 +0200] "GET /news.php?cs_go=archiv&cs_id=4819&cs_search= HTTP/1.1" 200 20438 "-" "Mozilla/5.0 (compatible; Googlebot/2.1; +http://www.google.com/bot.html)"
37.58.100.154 - - [01/May/2014:07:42:01 +0200] "GET /news.php?cs_go=archiv&cs_id=5119&cs_search= HTTP/1.1" 200 20294 "-" "Mozilla/5.0 (compatible; AhrefsBot/5.0; +http://ahrefs.com/robot/)"
66.249.78.91 - - [01/May/2014:07:42:51 +0200] "GET /news.php?cs_go=archiv&cs_id=4854&cs_search= HTTP/1.1" 200 20981 "-" "Mozilla/5.0 (compatible; Googlebot/2.1; +http://www.google.com/bot.html)"
199.30.24.203 - - [01/May/2014:07:47:44 +0200] "GET /images/logos.jpg HTTP/1.1" 200 1205 "http://www.e-s-s-o-berlin.de/waermekonto.php" "Mozilla/5.0 (Windows NT 6.1; WOW64) AppleWebKit/534+ (KHTML, like Gecko) BingPreview/1.0b"
199.30.24.203 - - [01/May/2014:07:47:44 +0200] "GET /images/wunschpreis.jpg HTTP/1.1" 200 5550 "http://www.e-s-s-o-berlin.de/waermekonto.php" "Mozilla/5.0 (Windows NT 6.1; WOW64) AppleWebKit/534+ (KHTML, like Gecko) BingPreview/1.0b"
66.249.78.86 - - [01/May/2014:07:50:29 +0200] "GET /news.php?cs_go=archiv&cs_id=4724 HTTP/1.1" 200 21971 "-" "Mozilla/5.0 (compatible; Googlebot/2.1; +http://www.google.com/bot.html)"
66.249.78.15 - - [01/May/2014:07:55:13 +0200] "GET /robots.txt HTTP/1.1" 404 1256 "-" "Mozilla/5.0 (compatible; Googlebot/2.1; +http://www.google.com/bot.html)"
66.249.78.15 - - [01/May/2014:07:55:13 +0200] "GET /modul.css HTTP/1.1" 200 36485 "http://www.essodiesel.de/news.php?cs_go=archiv&cs_id=5087" "Mozilla/5.0 (compatible; Googlebot/2.1; +http://www.google.com/bot.html)"
66.249.78.15 - - [01/May/2014:07:55:14 +0200] "GET /style.css HTTP/1.1" 200 8056 "http://www.essodiesel.de/news.php?cs_go=archiv&cs_id=5087" "Mozilla/5.0 (compatible; Googlebot/2.1; +http://www.google.com/bot.html)"
180.76.5.17 - - [01/May/2014:07:58:50 +0200] "GET /robots.txt HTTP/1.1" 404 1256 "-" "Mozilla/5.0 (Windows NT 5.1; rv:6.0.2) Gecko/20100101 Firefox/6.0.2"
66.249.78.226 - - [01/May/2014:07:58:55 +0200] "GET /news.php?cs_go=archiv&cs_id=5102 HTTP/1.1" 200 24130 "-" "Mozilla/5.0 (compatible; Googlebot/2.1; +http://www.google.com/bot.html)"
157.55.34.26 - - [01/May/2014:08:01:13 +0200] "GET /robots.txt HTTP/1.1" 404 1256 "-" "Mozilla/5.0 (compatible; bingbot/2.0; +http://www.bing.com/bingbot.htm)"
157.55.34.26 - - [01/May/2014:08:06:44 +0200] "GET /heizoel.php HTTP/1.1" 200 20896 "-" "Mozilla/5.0 (compatible; bingbot/2.0; +http://www.bing.com/bingbot.htm)"
74.112.131.245 - - [01/May/2014:08:08:42 +0200] "GET /news.php?cs_go=archiv&cs_id=5101 HTTP/1.1" 200 22354 "-" "Mozilla/5.0 ()"
66.249.78.86 - - [01/May/2014:08:11:02 +0200] "GET /jobs.php HTTP/1.1" 200 18897 "-" "Mozilla/5.0 (iPhone; CPU iPhone OS 6_0 like Mac OS X) AppleWebKit/536.26 (KHTML, like Gecko) Version/6.0 Mobile/10A5376e Safari/8536.25 (compatible; Googlebot/2.1; +http://www.google.com/bot.html)"
66.249.78.86 - - [01/May/2014:08:12:20 +0200] "GET /essoschmierstoffe.php HTTP/1.1" 200 22773 "-" "Mozilla/5.0 (iPhone; CPU iPhone OS 6_0 like Mac OS X) AppleWebKit/536.26 (KHTML, like Gecko) Version/6.0 Mobile/10A5376e Safari/8536.25 (compatible; Googlebot/2.1; +http://www.google.com/bot.html)"
144.76.95.39 - - [01/May/2014:08:12:21 +0200] "GET /robots.txt HTTP/1.0" 404 1256 "-" "Mozilla/5.0 (compatible; MJ12bot/v1.4.5; http://www.majestic12.co.uk/bot.php?+)"
144.76.95.39 - - [01/May/2014:08:12:22 +0200] "GET /news.php?cs_go=archiv&cs_id=4499 HTTP/1.0" 200 21855 "-" "Mozilla/5.0 (compatible; MJ12bot/v1.4.5; http://www.majestic12.co.uk/bot.php?+)"
144.76.95.39 - - [01/May/2014:08:12:25 +0200] "GET /news.php?cs_go=archiv&cs_id=4511 HTTP/1.0" 200 26763 "-" "Mozilla/5.0 (compatible; MJ12bot/v1.4.5; http://www.majestic12.co.uk/bot.php?+)"
144.76.95.39 - - [01/May/2014:08:12:29 +0200] "GET /news.php?cs_go=archiv&cs_id=4512 HTTP/1.0" 200 24598 "-" "Mozilla/5.0 (compatible; MJ12bot/v1.4.5; http://www.majestic12.co.uk/bot.php?+)"
144.76.95.39 - - [01/May/2014:08:12:31 +0200] "GET /news.php?cs_go=archiv&cs_id=4719 HTTP/1.0" 200 20587 "-" "Mozilla/5.0 (compatible; MJ12bot/v1.4.5; http://www.majestic12.co.uk/bot.php?+)"
144.76.95.39 - - [01/May/2014:08:12:36 +0200] "GET /news.php?cs_go=archiv&cs_id=4720 HTTP/1.0" 200 23991 "-" "Mozilla/5.0 (compatible; MJ12bot/v1.4.5; http://www.majestic12.co.uk/bot.php?+)"
178.255.215.70 - - [01/May/2014:08:25:13 +0200] "GET /robots.txt HTTP/1.1" 404 1256 "-" "Mozilla/5.0 (compatible; Exabot/3.0; +http://www.exabot.com/go/robot)"
178.255.215.70 - - [01/May/2014:08:25:13 +0200] "GET / HTTP/1.1" 200 23306 "-" "Mozilla/5.0 (compatible; Exabot/3.0; +http://www.exabot.com/go/robot)"
144.76.137.226 - - [01/May/2014:08:32:24 +0200] "GET /robots.txt HTTP/1.0" 404 1256 "-" "Mozilla/5.0 (compatible; MJ12bot/v1.4.5; http://www.majestic12.co.uk/bot.php?+)"
144.76.137.226 - - [01/May/2014:08:34:10 +0200] "GET /news.php?cs_go=archiv&cs_startpos=50 HTTP/1.0" 200 34747 "-" "Mozilla/5.0 (compatible; MJ12bot/v1.4.5; http://www.majestic12.co.uk/bot.php?+)"
5.199.136.130 - - [01/May/2014:08:37:07 +0200] "GET /robots.txt HTTP/1.1" 404 1256 "-" "Mozilla/5.0 (compatible; waybackarchive.org/1.0; +spider@waybackarchive.org)"
5.199.136.130 - - [01/May/2014:08:37:09 +0200] "GET /news.php?cs_go=archiv&cs_id=5127 HTTP/1.1" 200 20410 "-" "Mozilla/5.0 (compatible; waybackarchive.org/1.0; +spider@waybackarchive.org)"
148.251.23.114 - - [01/May/2014:08:52:00 +0200] "GET /robots.txt HTTP/1.0" 404 1256 "-" "Mozilla/5.0 (compatible; MJ12bot/v1.4.5; http://www.majestic12.co.uk/bot.php?+)"
148.251.23.114 - - [01/May/2014:08:52:07 +0200] "GET /news.php?cs_go=archiv&cs_id=4718 HTTP/1.0" 200 21096 "-" "Mozilla/5.0 (compatible; MJ12bot/v1.4.5; http://www.majestic12.co.uk/bot.php?+)"
148.251.23.114 - - [01/May/2014:08:52:11 +0200] "GET /news.php?cs_go=archiv&cs_id=5135 HTTP/1.0" 200 24099 "-" "Mozilla/5.0 (compatible; MJ12bot/v1.4.5; http://www.majestic12.co.uk/bot.php?+)"
54.73.15.174 - - [01/May/2014:08:57:01 +0200] "GET /robots.txt HTTP/1.1" 404 1256 "-" "-"
66.249.78.200 - - [01/May/2014:09:18:11 +0200] "GET /robots.txt HTTP/1.1" 404 1256 "-" "Mozilla/5.0 (compatible; Googlebot/2.1; +http://www.google.com/bot.html)"
66.249.78.200 - - [01/May/2014:09:18:11 +0200] "GET /waermekonto.php HTTP/1.1" 200 30798 "-" "Mozilla/5.0 (compatible; Googlebot/2.1; +http://www.google.com/bot.html)"
66.249.78.200 - - [01/May/2014:09:18:33 +0200] "GET /news.php?cs_go=archiv&cs_id=3992 HTTP/1.1" 200 23192 "-" "Mozilla/5.0 (compatible; Googlebot/2.1; +http://www.google.com/bot.html)"
199.30.20.11 - - [01/May/2014:09:32:36 +0200] "GET /robots.txt HTTP/1.1" 404 1256 "-" "msnbot-media/1.1 (+http://search.msn.com/msnbot.htm)"
199.30.20.11 - - [01/May/2014:09:32:37 +0200] "GET /news.php?cs_go=archiv&cs_id=4836 HTTP/1.1" 200 20272 "-" "msnbot-media/1.1 (+http://search.msn.com/msnbot.htm)"
65.55.52.87 - - [01/May/2014:09:35:25 +0200] "GET /news.php?cs_go=archiv&cs_id=4648 HTTP/1.1" 200 22517 "-" "Mozilla/5.0 (compatible; bingbot/2.0; +http://www.bing.com/bingbot.htm)"
199.30.20.15 - - [01/May/2014:09:36:23 +0200] "GET /robots.txt HTTP/1.1" 404 1256 "-" "msnbot-media/1.1 (+http://search.msn.com/msnbot.htm)"
199.30.20.15 - - [01/May/2014:09:36:24 +0200] "GET /news.php?cs_go=archiv&cs_id=4838 HTTP/1.1" 200 20478 "-" "msnbot-media/1.1 (+http://search.msn.com/msnbot.htm)"
95.215.0.27 - - [01/May/2014:09:40:11 +0200] "GET /news.php?cs_go=archiv&cs_id=5042 HTTP/1.1" 200 23882 "-" "Mozilla/5.0 (Windows NT 6.1; WOW64; rv:26.1) Gecko/20100101 Firefox/26.0"
66.249.78.71 - - [01/May/2014:09:42:15 +0200] "GET /essoschmierstoffe.php HTTP/1.1" 200 22773 "-" "Mozilla/5.0 (compatible; Googlebot/2.1; +http://www.google.com/bot.html)"
66.249.78.71 - - [01/May/2014:09:43:55 +0200] "GET /news.php?cs_go=archiv&cs_id=4506 HTTP/1.1" 200 20956 "-" "Mozilla/5.0 (compatible; Googlebot/2.1; +http://www.google.com/bot.html)"
66.249.78.86 - - [01/May/2014:09:44:57 +0200] "GET /news.php?cs_go=archiv&cs_id=4051 HTTP/1.1" 200 23974 "-" "Mozilla/5.0 (compatible; Googlebot/2.1; +http://www.google.com/bot.html)"
66.249.78.200 - - [01/May/2014:09:45:40 +0200] "GET /images/ral.png HTTP/1.1" 200 25696 "-" "Googlebot-Image/1.0"
