80.60.211.203 - - [04/May/2014:14:05:04 +0200] "GET /jobs.php HTTP/1.1" 200 19000 "-" "Java/1.7.0_01"
80.60.211.203 - - [04/May/2014:14:05:05 +0200] "GET /kontakt.php HTTP/1.1" 200 20926 "-" "Java/1.7.0_01"
80.60.211.203 - - [04/May/2014:14:05:05 +0200] "GET /kwk.php HTTP/1.1" 200 22041 "-" "Java/1.7.0_01"
80.60.211.203 - - [04/May/2014:14:05:06 +0200] "GET /lexikon.php HTTP/1.1" 200 21691 "-" "Java/1.7.0_01"
80.60.211.203 - - [04/May/2014:14:05:06 +0200] "GET /marktdaten.php HTTP/1.1" 200 19936 "-" "Java/1.7.0_01"
80.60.211.203 - - [04/May/2014:14:05:07 +0200] "GET /news.php HTTP/1.1" 200 33654 "-" "Java/1.7.0_01"
80.60.211.203 - - [04/May/2014:14:05:08 +0200] "GET /newsletter.php HTTP/1.1" 200 19925 "-" "Java/1.7.0_01"
80.60.211.203 - - [04/May/2014:14:05:09 +0200] "GET /notdienst.php HTTP/1.1" 200 19717 "-" "Java/1.7.0_01"
80.60.211.203 - - [04/May/2014:14:05:09 +0200] "GET /ofenbau.php HTTP/1.1" 200 22004 "-" "Java/1.7.0_01"
80.60.211.203 - - [04/May/2014:14:05:10 +0200] "GET /preisanfrage.php HTTP/1.1" 200 23737 "-" "Java/1.7.0_01"
80.60.211.203 - - [04/May/2014:14:05:10 +0200] "GET /premiumheizoel.php HTTP/1.1" 200 19519 "-" "Java/1.7.0_01"
80.60.211.203 - - [04/May/2014:14:05:11 +0200] "GET /schmierstoffe.php HTTP/1.1" 200 21715 "-" "Java/1.7.0_01"
80.60.211.203 - - [04/May/2014:14:05:11 +0200] "GET /tankanlagen.php HTTP/1.1" 200 22937 "-" "Java/1.7.0_01"
80.60.211.203 - - [04/May/2014:14:05:12 +0200] "GET /tankreinigung.php HTTP/1.1" 200 22389 "-" "Java/1.7.0_01"
80.60.211.203 - - [04/May/2014:14:05:13 +0200] "GET /waermekonto.php HTTP/1.1" 200 30901 "-" "Java/1.7.0_01"
66.249.68.39 - - [04/May/2014:14:08:28 +0200] "GET /news.php?cs_go=archiv&cs_id=4546&cs_search= HTTP/1.1" 200 21225 "-" "Mozilla/5.0 (iPhone; CPU iPhone OS 6_0 like Mac OS X) AppleWebKit/536.26 (KHTML, like Gecko) Version/6.0 Mobile/10A5376e Safari/8536.25 (compatible; Googlebot/2.1; +http://www.google.com/bot.html)"
66.249.68.57 - - [04/May/2014:14:10:11 +0200] "GET /news.php?cs_go=archiv&cs_id=4576 HTTP/1.1" 200 24984 "-" "Mozilla/5.0 (compatible; Googlebot/2.1; +http://www.google.com/bot.html)"
144.76.95.231 - - [04/May/2014:14:13:15 +0200] "GET /robots.txt HTTP/1.0" 404 1256 "-" "Mozilla/5.0 (compatible; MJ12bot/v1.4.5; http://www.majestic12.co.uk/bot.php?+)"
144.76.95.231 - - [04/May/2014:14:13:17 +0200] "GET /news.php?cs_go=archiv&cs_id=4880 HTTP/1.0" 200 23144 "-" "Mozilla/5.0 (compatible; MJ12bot/v1.4.5; http://www.majestic12.co.uk/bot.php?+)"
144.76.95.231 - - [04/May/2014:14:13:19 +0200] "GET /news.php?cs_go=archiv&cs_id=4883 HTTP/1.0" 200 20625 "-" "Mozilla/5.0 (compatible; MJ12bot/v1.4.5; http://www.majestic12.co.uk/bot.php?+)"
144.76.95.231 - - [04/May/2014:14:13:22 +0200] "GET /news.php?cs_go=archiv&cs_id=4885 HTTP/1.0" 200 23522 "-" "Mozilla/5.0 (compatible; MJ12bot/v1.4.5; http://www.majestic12.co.uk/bot.php?+)"
144.76.95.231 - - [04/May/2014:14:13:24 +0200] "GET /news.php?cs_go=archiv&cs_id=4886 HTTP/1.0" 200 20549 "-" "Mozilla/5.0 (compatible; MJ12bot/v1.4.5; http://www.majestic12.co.uk/bot.php?+)"
141.8.147.12 - - [04/May/2014:14:15:09 +0200] "GET /news.php?cs_go=archiv&cs_id=4920&cs_search= HTTP/1.1" 200 21774 "-" "Mozilla/5.0 (compatible; YandexBot/3.0; +http://yandex.com/bots)"
66.249.68.10 - - [04/May/2014:14:17:00 +0200] "GET /news.php?cs_go=archiv&cs_id=4156 HTTP/1.1" 200 23636 "-" "Mozilla/5.0 (iPhone; CPU iPhone OS 6_0 like Mac OS X) AppleWebKit/536.26 (KHTML, like Gecko) Version/6.0 Mobile/10A5376e Safari/8536.25 (compatible; Googlebot/2.1; +http://www.google.com/bot.html)"
66.249.68.40 - - [04/May/2014:14:17:27 +0200] "GET /news.php?cs_go=archiv&cs_id=4880 HTTP/1.1" 200 23144 "-" "Mozilla/5.0 (compatible; Googlebot/2.1; +http://www.google.com/bot.html)"
66.249.68.39 - - [04/May/2014:14:28:22 +0200] "GET /news.php?cs_go=archiv&cs_id=4297&cs_search= HTTP/1.1" 200 20809 "-" "Mozilla/5.0 (compatible; Googlebot/2.1; +http://www.google.com/bot.html)"
65.55.52.114 - - [04/May/2014:14:36:46 +0200] "GET /robots.txt HTTP/1.1" 404 1256 "-" "Mozilla/5.0 (compatible; bingbot/2.0; +http://www.bing.com/bingbot.htm)"
65.55.52.114 - - [04/May/2014:14:36:50 +0200] "GET / HTTP/1.1" 200 23409 "-" "Mozilla/5.0 (compatible; bingbot/2.0; +http://www.bing.com/bingbot.htm)"
66.249.75.144 - - [04/May/2014:14:40:27 +0200] "GET /news.php?cs_go=archiv&cs_id=4229 HTTP/1.1" 200 24505 "-" "DoCoMo/2.0 N905i(c100;TB;W24H16) (compatible; Googlebot-Mobile/2.1; +http://www.google.com/bot.html)"
157.55.34.98 - - [04/May/2014:14:40:43 +0200] "GET /robots.txt HTTP/1.1" 404 1256 "-" "Mozilla/5.0 (compatible; bingbot/2.0; +http://www.bing.com/bingbot.htm)"
66.249.68.40 - - [04/May/2014:14:50:11 +0200] "GET /news.php?cs_go=archiv&cs_id=4886 HTTP/1.1" 200 20549 "-" "Mozilla/5.0 (compatible; Googlebot/2.1; +http://www.google.com/bot.html)"
123.125.71.53 - - [04/May/2014:14:53:14 +0200] "GET / HTTP/1.1" 200 15074 "-" "Mozilla/5.0 (compatible; Baiduspider/2.0; +http://www.baidu.com/search/spider.html)"
220.181.108.94 - - [04/May/2014:14:53:20 +0200] "GET / HTTP/1.1" 200 15074 "-" "Mozilla/5.0 (compatible; Baiduspider/2.0; +http://www.baidu.com/search/spider.html)"
144.76.95.231 - - [04/May/2014:14:54:09 +0200] "GET /robots.txt HTTP/1.0" 404 1256 "-" "Mozilla/5.0 (compatible; MJ12bot/v1.4.5; http://www.majestic12.co.uk/bot.php?+)"
144.76.95.231 - - [04/May/2014:14:54:13 +0200] "GET /news.php?cs_go=archiv&cs_id=4258 HTTP/1.0" 200 20800 "-" "Mozilla/5.0 (compatible; MJ12bot/v1.4.5; http://www.majestic12.co.uk/bot.php?+)"
144.76.95.231 - - [04/May/2014:14:54:17 +0200] "GET /news.php?cs_go=archiv&cs_id=4283 HTTP/1.0" 200 21205 "-" "Mozilla/5.0 (compatible; MJ12bot/v1.4.5; http://www.majestic12.co.uk/bot.php?+)"
144.76.95.231 - - [04/May/2014:14:54:20 +0200] "GET /news.php?cs_go=archiv&cs_id=4287 HTTP/1.0" 200 24445 "-" "Mozilla/5.0 (compatible; MJ12bot/v1.4.5; http://www.majestic12.co.uk/bot.php?+)"
144.76.95.231 - - [04/May/2014:14:54:25 +0200] "GET /news.php?cs_go=archiv&cs_id=4288 HTTP/1.0" 200 20653 "-" "Mozilla/5.0 (compatible; MJ12bot/v1.4.5; http://www.majestic12.co.uk/bot.php?+)"
144.76.95.231 - - [04/May/2014:14:54:28 +0200] "GET /news.php?cs_go=archiv&cs_id=4289 HTTP/1.0" 200 20989 "-" "Mozilla/5.0 (compatible; MJ12bot/v1.4.5; http://www.majestic12.co.uk/bot.php?+)"
144.76.95.231 - - [04/May/2014:14:54:30 +0200] "GET /news.php?cs_go=archiv&cs_id=4885 HTTP/1.0" 200 23522 "-" "Mozilla/5.0 (compatible; MJ12bot/v1.4.5; http://www.majestic12.co.uk/bot.php?+)"
199.30.20.18 - - [04/May/2014:14:54:48 +0200] "GET /robots.txt HTTP/1.1" 404 1256 "-" "msnbot-media/1.1 (+http://search.msn.com/msnbot.htm)"
199.30.20.20 - - [04/May/2014:14:54:48 +0200] "GET /news.php?cs_go=archiv&cs_id=4840 HTTP/1.1" 200 24361 "-" "msnbot-media/1.1 (+http://search.msn.com/msnbot.htm)"
66.249.68.25 - - [04/May/2014:14:57:27 +0200] "GET /news.php?cs_go=archiv&cs_id=4313&cs_search= HTTP/1.1" 200 20532 "-" "Mozilla/5.0 (compatible; Googlebot/2.1; +http://www.google.com/bot.html)"
157.56.229.189 - - [04/May/2014:15:00:07 +0200] "GET /robots.txt HTTP/1.1" 404 1256 "-" "Mozilla/5.0 (compatible; bingbot/2.0; +http://www.bing.com/bingbot.htm)"
157.56.229.189 - - [04/May/2014:15:00:16 +0200] "GET /essoschmierstoffe.php HTTP/1.1" 200 22876 "-" "Mozilla/5.0 (compatible; bingbot/2.0; +http://www.bing.com/bingbot.htm)"
141.8.147.12 - - [04/May/2014:15:01:07 +0200] "GET /news.php?cs_go=archiv&cs_id=4647&cs_search= HTTP/1.1" 200 21236 "-" "Mozilla/5.0 (compatible; YandexBot/3.0; +http://yandex.com/bots)"
157.55.32.225 - - [04/May/2014:15:01:47 +0200] "GET /style.css HTTP/1.1" 200 8056 "-" "Mozilla/5.0 (compatible; bingbot/2.0; +http://www.bing.com/bingbot.htm)"
157.55.32.225 - - [04/May/2014:15:01:48 +0200] "GET /js/slider.js HTTP/1.1" 200 773 "-" "Mozilla/5.0 (compatible; bingbot/2.0; +http://www.bing.com/bingbot.htm)"
65.55.24.246 - - [04/May/2014:15:04:12 +0200] "GET /robots.txt HTTP/1.1" 404 1256 "-" "Mozilla/5.0 (compatible; bingbot/2.0; +http://www.bing.com/bingbot.htm)"
66.249.68.10 - - [04/May/2014:15:04:43 +0200] "GET /news.php?cs_go=archiv&cs_id=4515 HTTP/1.1" 200 22326 "-" "Mozilla/5.0 (iPhone; CPU iPhone OS 6_0 like Mac OS X) AppleWebKit/536.26 (KHTML, like Gecko) Version/6.0 Mobile/10A5376e Safari/8536.25 (compatible; Googlebot/2.1; +http://www.google.com/bot.html)"
157.55.35.85 - - [04/May/2014:15:05:10 +0200] "GET /news.php?cs_go=archiv&cs_id=5037 HTTP/1.1" 200 20839 "-" "Mozilla/5.0 (compatible; bingbot/2.0; +http://www.bing.com/bingbot.htm)"
65.55.24.246 - - [04/May/2014:15:05:11 +0200] "GET /news.php?cs_go=archiv&cs_id=4802 HTTP/1.1" 200 23560 "-" "Mozilla/5.0 (compatible; bingbot/2.0; +http://www.bing.com/bingbot.htm)"
31.16.129.79 - - [04/May/2014:15:08:15 +0200] "GET /impressum.php HTTP/1.1" 200 20220 "https://www.google.de/" "Mozilla/5.0 (iPad; CPU OS 7_0_6 like Mac OS X) AppleWebKit/537.51.1 (KHTML, like Gecko) Version/7.0 Mobile/11B651 Safari/9537.53"
31.16.129.79 - - [04/May/2014:15:08:16 +0200] "GET /style.css HTTP/1.1" 200 8056 "http://www.e-s-s-o-berlin.de/impressum.php" "Mozilla/5.0 (iPad; CPU OS 7_0_6 like Mac OS X) AppleWebKit/537.51.1 (KHTML, like Gecko) Version/7.0 Mobile/11B651 Safari/9537.53"
31.16.129.79 - - [04/May/2014:15:08:16 +0200] "GET /modul.css HTTP/1.1" 200 36485 "http://www.e-s-s-o-berlin.de/impressum.php" "Mozilla/5.0 (iPad; CPU OS 7_0_6 like Mac OS X) AppleWebKit/537.51.1 (KHTML, like Gecko) Version/7.0 Mobile/11B651 Safari/9537.53"
31.16.129.79 - - [04/May/2014:15:08:16 +0200] "GET /js/jquery.min.js HTTP/1.1" 200 57254 "http://www.e-s-s-o-berlin.de/impressum.php" "Mozilla/5.0 (iPad; CPU OS 7_0_6 like Mac OS X) AppleWebKit/537.51.1 (KHTML, like Gecko) Version/7.0 Mobile/11B651 Safari/9537.53"
31.16.129.79 - - [04/May/2014:15:08:16 +0200] "GET /js/ddaccordion.js HTTP/1.1" 200 12534 "http://www.e-s-s-o-berlin.de/impressum.php" "Mozilla/5.0 (iPad; CPU OS 7_0_6 like Mac OS X) AppleWebKit/537.51.1 (KHTML, like Gecko) Version/7.0 Mobile/11B651 Safari/9537.53"
31.16.129.79 - - [04/May/2014:15:08:16 +0200] "GET /js/slider.js HTTP/1.1" 200 773 "http://www.e-s-s-o-berlin.de/impressum.php" "Mozilla/5.0 (iPad; CPU OS 7_0_6 like Mac OS X) AppleWebKit/537.51.1 (KHTML, like Gecko) Version/7.0 Mobile/11B651 Safari/9537.53"
31.16.129.79 - - [04/May/2014:15:08:16 +0200] "GET /images/heizoelbestellung.jpg HTTP/1.1" 200 6281 "http://www.e-s-s-o-berlin.de/impressum.php" "Mozilla/5.0 (iPad; CPU OS 7_0_6 like Mac OS X) AppleWebKit/537.51.1 (KHTML, like Gecko) Version/7.0 Mobile/11B651 Safari/9537.53"
31.16.129.79 - - [04/May/2014:15:08:16 +0200] "GET /images/adblue_neu.png HTTP/1.1" 200 30982 "http://www.e-s-s-o-berlin.de/impressum.php" "Mozilla/5.0 (iPad; CPU OS 7_0_6 like Mac OS X) AppleWebKit/537.51.1 (KHTML, like Gecko) Version/7.0 Mobile/11B651 Safari/9537.53"
31.16.129.79 - - [04/May/2014:15:08:16 +0200] "GET /images/wunschpreis.jpg HTTP/1.1" 200 5550 "http://www.e-s-s-o-berlin.de/impressum.php" "Mozilla/5.0 (iPad; CPU OS 7_0_6 like Mac OS X) AppleWebKit/537.51.1 (KHTML, like Gecko) Version/7.0 Mobile/11B651 Safari/9537.53"
31.16.129.79 - - [04/May/2014:15:08:16 +0200] "GET /images/ral.png HTTP/1.1" 200 25696 "http://www.e-s-s-o-berlin.de/impressum.php" "Mozilla/5.0 (iPad; CPU OS 7_0_6 like Mac OS X) AppleWebKit/537.51.1 (KHTML, like Gecko) Version/7.0 Mobile/11B651 Safari/9537.53"
31.16.129.79 - - [04/May/2014:15:08:16 +0200] "GET /images/freecall.png HTTP/1.1" 200 15914 "http://www.e-s-s-o-berlin.de/impressum.php" "Mozilla/5.0 (iPad; CPU OS 7_0_6 like Mac OS X) AppleWebKit/537.51.1 (KHTML, like Gecko) Version/7.0 Mobile/11B651 Safari/9537.53"
31.16.129.79 - - [04/May/2014:15:08:16 +0200] "GET /images/kwk.png HTTP/1.1" 200 15949 "http://www.e-s-s-o-berlin.de/impressum.php" "Mozilla/5.0 (iPad; CPU OS 7_0_6 like Mac OS X) AppleWebKit/537.51.1 (KHTML, like Gecko) Version/7.0 Mobile/11B651 Safari/9537.53"
31.16.129.79 - - [04/May/2014:15:08:17 +0200] "GET /images/Imagebroschuere_team_energie.png HTTP/1.1" 200 64117 "http://www.e-s-s-o-berlin.de/impressum.php" "Mozilla/5.0 (iPad; CPU OS 7_0_6 like Mac OS X) AppleWebKit/537.51.1 (KHTML, like Gecko) Version/7.0 Mobile/11B651 Safari/9537.53"
31.16.129.79 - - [04/May/2014:15:08:17 +0200] "GET /images/header.jpg HTTP/1.1" 200 23758 "http://www.e-s-s-o-berlin.de/impressum.php" "Mozilla/5.0 (iPad; CPU OS 7_0_6 like Mac OS X) AppleWebKit/537.51.1 (KHTML, like Gecko) Version/7.0 Mobile/11B651 Safari/9537.53"
31.16.129.79 - - [04/May/2014:15:08:17 +0200] "GET /images/content_bg.jpg HTTP/1.1" 200 437 "http://www.e-s-s-o-berlin.de/impressum.php" "Mozilla/5.0 (iPad; CPU OS 7_0_6 like Mac OS X) AppleWebKit/537.51.1 (KHTML, like Gecko) Version/7.0 Mobile/11B651 Safari/9537.53"
31.16.129.79 - - [04/May/2014:15:08:17 +0200] "GET /images/logos.jpg HTTP/1.1" 200 1205 "http://www.e-s-s-o-berlin.de/impressum.php" "Mozilla/5.0 (iPad; CPU OS 7_0_6 like Mac OS X) AppleWebKit/537.51.1 (KHTML, like Gecko) Version/7.0 Mobile/11B651 Safari/9537.53"
31.16.129.79 - - [04/May/2014:15:08:17 +0200] "GET /images/newsletter.jpg HTTP/1.1" 200 13127 "http://www.e-s-s-o-berlin.de/impressum.php" "Mozilla/5.0 (iPad; CPU OS 7_0_6 like Mac OS X) AppleWebKit/537.51.1 (KHTML, like Gecko) Version/7.0 Mobile/11B651 Safari/9537.53"
66.249.68.31 - - [04/May/2014:15:08:33 +0200] "GET /js/ddaccordion.js HTTP/1.1" 200 12534 "-" "Mozilla/5.0 (compatible; Googlebot/2.1; +http://www.google.com/bot.html)"
66.249.68.56 - - [04/May/2014:15:12:00 +0200] "GET /news.php?cs_go=archiv&cs_id=4708 HTTP/1.1" 200 24228 "-" "Mozilla/5.0 (compatible; Googlebot/2.1; +http://www.google.com/bot.html)"
5.199.136.130 - - [04/May/2014:15:12:10 +0200] "GET /robots.txt HTTP/1.1" 404 1256 "-" "Mozilla/5.0 (compatible; waybackarchive.org/1.0; +spider@waybackarchive.org)"
5.199.136.130 - - [04/May/2014:15:12:10 +0200] "GET /heizoel.php HTTP/1.1" 200 20999 "-" "Mozilla/5.0 (compatible; waybackarchive.org/1.0; +spider@waybackarchive.org)"
66.249.75.144 - - [04/May/2014:15:15:14 +0200] "GET /robots.txt HTTP/1.1" 404 1256 "-" "Mozilla/5.0 (compatible; Googlebot/2.1; +http://www.google.com/bot.html)"
66.249.68.129 - - [04/May/2014:15:15:15 +0200] "GET /modul.css HTTP/1.1" 200 36485 "http://www.essodiesel.de/news.php?cs_go=archiv&cs_id=5129" "Mozilla/5.0 (compatible; Googlebot/2.1; +http://www.google.com/bot.html)"
66.249.68.97 - - [04/May/2014:15:15:16 +0200] "GET /style.css HTTP/1.1" 200 8056 "http://www.essodiesel.de/news.php?cs_go=archiv&cs_id=5129" "Mozilla/5.0 (compatible; Googlebot/2.1; +http://www.google.com/bot.html)"
66.249.68.129 - - [04/May/2014:15:15:17 +0200] "GET /tankanlagen.php HTTP/1.1" 200 22937 "-" "Mozilla/5.0 (compatible; Googlebot/2.1; +http://www.google.com/bot.html)"
66.249.68.97 - - [04/May/2014:15:15:20 +0200] "GET /news.php?cs_go=archiv&cs_id=3846 HTTP/1.1" 200 22094 "-" "Mozilla/5.0 (compatible; Googlebot/2.1; +http://www.google.com/bot.html)"
141.8.147.12 - - [04/May/2014:15:21:27 +0200] "GET /robots.txt HTTP/1.1" 404 1256 "-" "Mozilla/5.0 (compatible; YandexBot/3.0; +http://yandex.com/bots)"
178.77.126.55 - - [04/May/2014:15:26:04 +0200] "GET /robots.txt HTTP/1.1" 404 1256 "-" "Mozilla/5.0 (compatible; CareerBot/1.1; +http://www.career-x.de/bot.html)"
178.77.126.55 - - [04/May/2014:15:26:04 +0200] "GET / HTTP/1.1" 200 23409 "-" "Mozilla/5.0 (compatible; CareerBot/1.1; +http://www.career-x.de/bot.html)"
178.77.126.55 - - [04/May/2014:15:26:05 +0200] "GET /news.php?cs_go=archiv&cs_id=5129 HTTP/1.1" 200 24051 "-" "Mozilla/5.0 (compatible; CareerBot/1.1; +http://www.career-x.de/bot.html)"
178.77.126.55 - - [04/May/2014:15:26:05 +0200] "GET /news.php?cs_go=archiv&cs_id=5129 HTTP/1.1" 200 24051 "-" "Mozilla/5.0 (compatible; CareerBot/1.1; +http://www.career-x.de/bot.html)"
66.249.68.103 - - [04/May/2014:15:26:33 +0200] "GET /news.php?cs_go=archiv&cs_id=4871&cs_search= HTTP/1.1" 200 24345 "-" "Mozilla/5.0 (compatible; Googlebot/2.1; +http://www.google.com/bot.html)"
157.55.32.162 - - [04/May/2014:15:30:28 +0200] "GET / HTTP/1.1" 200 23409 "-" "Mozilla/5.0 (compatible; bingbot/2.0; +http://www.bing.com/bingbot.htm)"
208.115.113.88 - - [04/May/2014:15:32:17 +0200] "GET /foerdermittel.php HTTP/1.1" 200 24406 "-" "Mozilla/5.0 (compatible; DotBot/1.1; http://www.opensiteexplorer.org/dotbot, help@moz.com)"
157.55.32.162 - - [04/May/2014:15:33:32 +0200] "GET /news.php?cs_go=archiv&cs_id=5102 HTTP/1.1" 200 24233 "-" "Mozilla/5.0 (compatible; bingbot/2.0; +http://www.bing.com/bingbot.htm)"
66.249.68.57 - - [04/May/2014:15:41:05 +0200] "GET /news.php?cs_go=archiv&cs_id=4377&cs_search= HTTP/1.1" 200 22251 "-" "Mozilla/5.0 (compatible; Googlebot/2.1; +http://www.google.com/bot.html)"
37.58.100.76 - - [04/May/2014:15:42:37 +0200] "GET /news.php?cs_go=archiv&cs_id=5119 HTTP/1.1" 200 20397 "-" "Mozilla/5.0 (compatible; AhrefsBot/5.0; +http://ahrefs.com/robot/)"
66.249.68.10 - - [04/May/2014:15:48:27 +0200] "GET /news.php?cs_go=archiv&cs_id=5029 HTTP/1.1" 200 24428 "-" "Mozilla/5.0 (compatible; Googlebot/2.1; +http://www.google.com/bot.html)"
144.76.95.232 - - [04/May/2014:15:49:06 +0200] "GET /robots.txt HTTP/1.0" 404 1256 "-" "Mozilla/5.0 (compatible; MJ12bot/v1.4.5; http://www.majestic12.co.uk/bot.php?+)"
144.76.95.232 - - [04/May/2014:15:49:08 +0200] "GET /news.php?cs_go=archiv&cs_id=4657 HTTP/1.0" 200 22107 "-" "Mozilla/5.0 (compatible; MJ12bot/v1.4.5; http://www.majestic12.co.uk/bot.php?+)"
144.76.95.232 - - [04/May/2014:15:49:10 +0200] "GET /robots.txt HTTP/1.0" 404 1256 "-" "Mozilla/5.0 (compatible; MJ12bot/v1.4.5; http://www.majestic12.co.uk/bot.php?+)"
144.76.95.232 - - [04/May/2014:15:49:12 +0200] "GET /news.php?cs_go=archiv&cs_id=4660 HTTP/1.0" 200 20665 "-" "Mozilla/5.0 (compatible; MJ12bot/v1.4.5; http://www.majestic12.co.uk/bot.php?+)"
144.76.95.232 - - [04/May/2014:15:49:15 +0200] "GET /news.php?cs_go=archiv&cs_id=4663 HTTP/1.0" 200 20803 "-" "Mozilla/5.0 (compatible; MJ12bot/v1.4.5; http://www.majestic12.co.uk/bot.php?+)"
66.249.68.252 - - [04/May/2014:15:52:00 +0200] "GET /news.php?cs_go=archiv&cs_id=3744 HTTP/1.1" 200 22866 "-" "Mozilla/5.0 (compatible; Googlebot/2.1; +http://www.google.com/bot.html)"
66.249.75.11 - - [04/May/2014:15:52:04 +0200] "GET /energiekostenvergleich.php HTTP/1.1" 200 23560 "-" "DoCoMo/2.0 N905i(c100;TB;W24H16) (compatible; Googlebot-Mobile/2.1; +http://www.google.com/bot.html)"
37.58.100.133 - - [04/May/2014:15:53:25 +0200] "GET /news.php?cs_go=archiv&cs_id=5103&cs_search= HTTP/1.1" 200 20469 "-" "Mozilla/5.0 (compatible; AhrefsBot/5.0; +http://ahrefs.com/robot/)"
66.249.68.39 - - [04/May/2014:15:53:32 +0200] "GET /news.php?cs_go=archiv&cs_id=5098 HTTP/1.1" 200 20883 "-" "Mozilla/5.0 (iPhone; CPU iPhone OS 6_0 like Mac OS X) AppleWebKit/536.26 (KHTML, like Gecko) Version/6.0 Mobile/10A5376e Safari/8536.25 (compatible; Googlebot/2.1; +http://www.google.com/bot.html)"
157.55.32.187 - - [04/May/2014:15:55:05 +0200] "GET /robots.txt HTTP/1.1" 404 1256 "-" "Mozilla/5.0 (compatible; bingbot/2.0; +http://www.bing.com/bingbot.htm)"
37.58.100.138 - - [04/May/2014:15:55:36 +0200] "GET /tankanlagen.php HTTP/1.1" 200 22937 "-" "Mozilla/5.0 (compatible; AhrefsBot/5.0; +http://ahrefs.com/robot/)"
157.55.32.187 - - [04/May/2014:15:56:13 +0200] "GET /essoschmierstoffe.php HTTP/1.1" 200 22876 "-" "Mozilla/5.0 (compatible; bingbot/2.0; +http://www.bing.com/bingbot.htm)"
157.55.32.186 - - [04/May/2014:15:57:52 +0200] "GET /style.css HTTP/1.1" 200 8056 "-" "Mozilla/5.0 (compatible; bingbot/2.0; +http://www.bing.com/bingbot.htm)"
157.55.32.186 - - [04/May/2014:15:57:52 +0200] "GET /js/jquery.min.js HTTP/1.1" 200 57254 "-" "Mozilla/5.0 (compatible; bingbot/2.0; +http://www.bing.com/bingbot.htm)"
157.55.32.186 - - [04/May/2014:15:58:08 +0200] "GET /modul.css HTTP/1.1" 200 36485 "-" "Mozilla/5.0 (compatible; bingbot/2.0; +http://www.bing.com/bingbot.htm)"
157.56.92.175 - - [04/May/2014:15:58:14 +0200] "GET /js/ddaccordion.js HTTP/1.1" 200 12534 "-" "Mozilla/5.0 (compatible; bingbot/2.0; +http://www.bing.com/bingbot.htm)"
5.199.136.130 - - [04/May/2014:15:58:32 +0200] "GET /robots.txt HTTP/1.1" 404 1256 "-" "Mozilla/5.0 (compatible; waybackarchive.org/1.0; +spider@waybackarchive.org)"
157.55.33.99 - - [04/May/2014:16:02:12 +0200] "GET /js/slider.js HTTP/1.1" 200 773 "-" "Mozilla/5.0 (compatible; bingbot/2.0; +http://www.bing.com/bingbot.htm)"
65.55.52.119 - - [04/May/2014:16:02:32 +0200] "GET /robots.txt HTTP/1.1" 404 1256 "-" "Mozilla/5.0 (compatible; bingbot/2.0; +http://www.bing.com/bingbot.htm)"
157.55.34.98 - - [04/May/2014:16:01:36 +0200] "GET /newsletter.php HTTP/1.1" 200 10014 "-" "Mozilla/5.0 (compatible; bingbot/2.0; +http://www.bing.com/bingbot.htm)"
65.55.52.119 - - [04/May/2014:16:02:36 +0200] "GET /news.php?cs_go=archiv&cs_id=5090 HTTP/1.1" 200 11464 "-" "Mozilla/5.0 (compatible; bingbot/2.0; +http://www.bing.com/bingbot.htm)"
37.58.100.231 - - [04/May/2014:16:00:18 +0200] "GET /lexikon.php?cs_go=2&cs_char=a HTTP/1.1" 200 20943 "-" "Mozilla/5.0 (compatible; AhrefsBot/5.0; +http://ahrefs.com/robot/)"
95.215.0.27 - - [04/May/2014:16:09:46 +0200] "GET /news.php?cs_go=archiv&cs_id=4804 HTTP/1.1" 200 20453 "-" "Mozilla/5.0 (Windows NT 6.1; WOW64; rv:26.1) Gecko/20100101 Firefox/26.0"
66.249.68.88 - - [04/May/2014:16:10:11 +0200] "GET /news.php?cs_go=archiv&cs_id=4707 HTTP/1.1" 200 20671 "-" "Mozilla/5.0 (compatible; Googlebot/2.1; +http://www.google.com/bot.html)"
65.55.52.119 - - [04/May/2014:16:11:06 +0200] "GET /news.php?cs_go=archiv&cs_id=5090 HTTP/1.0" 200 21031 "-" "Mozilla/5.0 (compatible; bingbot/2.0; +http://www.bing.com/bingbot.htm)"
37.58.100.143 - - [04/May/2014:16:11:54 +0200] "GET /news.php?cs_go=archiv&cs_id=4840&cs_search= HTTP/1.1" 200 24361 "-" "Mozilla/5.0 (compatible; AhrefsBot/5.0; +http://ahrefs.com/robot/)"
5.199.136.130 - - [04/May/2014:16:13:00 +0200] "GET /robots.txt HTTP/1.1" 404 1256 "-" "Mozilla/5.0 (compatible; waybackarchive.org/1.0; +spider@waybackarchive.org)"
5.199.136.130 - - [04/May/2014:16:13:00 +0200] "GET /kontakt.php HTTP/1.1" 200 20926 "-" "Mozilla/5.0 (compatible; waybackarchive.org/1.0; +spider@waybackarchive.org)"
66.249.68.92 - - [04/May/2014:16:13:49 +0200] "GET /news.php?cs_go=archiv&cs_id=4699&cs_search= HTTP/1.1" 200 23079 "-" "Mozilla/5.0 (compatible; Googlebot/2.1; +http://www.google.com/bot.html)"
66.249.68.72 - - [04/May/2014:16:17:27 +0200] "GET /news.php?cs_go=archiv&cs_id=4227 HTTP/1.1" 200 27071 "-" "Mozilla/5.0 (compatible; Googlebot/2.1; +http://www.google.com/bot.html)"
37.58.100.66 - - [04/May/2014:16:23:06 +0200] "GET /lexikon.php?cs_go=3&cs_id=118 HTTP/1.1" 200 19644 "-" "Mozilla/5.0 (compatible; AhrefsBot/5.0; +http://ahrefs.com/robot/)"
66.249.68.252 - - [04/May/2014:16:23:41 +0200] "GET /news.php?cs_go=archiv&cs_id=3980 HTTP/1.1" 200 20606 "-" "SAMSUNG-SGH-E250/1.0 Profile/MIDP-2.0 Configuration/CLDC-1.1 UP.Browser/6.2.3.3.c.1.101 (GUI) MMP/2.0 (compatible; Googlebot-Mobile/2.1; +http://www.google.com/bot.html)"
144.76.95.232 - - [04/May/2014:16:24:40 +0200] "GET /robots.txt HTTP/1.0" 404 1256 "-" "Mozilla/5.0 (compatible; MJ12bot/v1.4.5; http://www.majestic12.co.uk/bot.php?+)"
144.76.95.232 - - [04/May/2014:16:24:42 +0200] "GET /news.php?cs_go=archiv&cs_id=4510 HTTP/1.0" 200 21947 "-" "Mozilla/5.0 (compatible; MJ12bot/v1.4.5; http://www.majestic12.co.uk/bot.php?+)"
144.76.95.232 - - [04/May/2014:16:24:45 +0200] "GET /news.php?cs_go=archiv&cs_id=4514 HTTP/1.0" 200 23202 "-" "Mozilla/5.0 (compatible; MJ12bot/v1.4.5; http://www.majestic12.co.uk/bot.php?+)"
144.76.95.232 - - [04/May/2014:16:24:48 +0200] "GET /news.php?cs_go=archiv&cs_id=4518 HTTP/1.0" 200 20674 "-" "Mozilla/5.0 (compatible; MJ12bot/v1.4.5; http://www.majestic12.co.uk/bot.php?+)"
144.76.95.232 - - [04/May/2014:16:24:51 +0200] "GET /news.php?cs_go=archiv&cs_id=4520 HTTP/1.0" 200 25105 "-" "Mozilla/5.0 (compatible; MJ12bot/v1.4.5; http://www.majestic12.co.uk/bot.php?+)"
66.249.68.24 - - [04/May/2014:16:35:38 +0200] "GET /news.php?cs_go=archiv&cs_id=4869&cs_search= HTTP/1.1" 200 21131 "-" "Mozilla/5.0 (compatible; Googlebot/2.1; +http://www.google.com/bot.html)"
66.249.68.39 - - [04/May/2014:16:39:16 +0200] "GET /news.php?cs_go=archiv&cs_id=4872&cs_search= HTTP/1.1" 200 20617 "-" "Mozilla/5.0 (compatible; Googlebot/2.1; +http://www.google.com/bot.html)"
66.249.68.202 - - [04/May/2014:16:41:00 +0200] "GET /news.php?cs_go=archiv&cs_id=4831 HTTP/1.1" 200 24371 "-" "Mozilla/5.0 (iPhone; CPU iPhone OS 6_0 like Mac OS X) AppleWebKit/536.26 (KHTML, like Gecko) Version/6.0 Mobile/10A5376e Safari/8536.25 (compatible; Googlebot/2.1; +http://www.google.com/bot.html)"
141.8.147.12 - - [04/May/2014:16:42:43 +0200] "GET /news.php?cs_go=archiv&cs_id=5072 HTTP/1.1" 200 20895 "-" "Mozilla/5.0 (compatible; YandexBot/3.0; +http://yandex.com/bots)"
66.249.68.25 - - [04/May/2014:16:42:55 +0200] "GET /news.php?cs_go=archiv&cs_id=4291 HTTP/1.1" 200 24531 "-" "Mozilla/5.0 (compatible; Googlebot/2.1; +http://www.google.com/bot.html)"
66.249.68.10 - - [04/May/2014:16:50:11 +0200] "GET /news.php?cs_go=archiv&cs_id=3547 HTTP/1.1" 200 24005 "-" "Mozilla/5.0 (compatible; Googlebot/2.1; +http://www.google.com/bot.html)"
37.58.100.138 - - [04/May/2014:16:51:49 +0200] "GET /news.php?cs_go=archiv&cs_id=5072 HTTP/1.1" 200 20895 "-" "Mozilla/5.0 (compatible; AhrefsBot/5.0; +http://ahrefs.com/robot/)"
199.30.24.236 - - [04/May/2014:16:57:30 +0200] "GET /images/header.jpg HTTP/1.1" 200 23758 "http://www.essoschmierstoffe.de/essoschmierstoffe.php" "Mozilla/5.0 (Windows NT 6.1; WOW64) AppleWebKit/534+ (KHTML, like Gecko) BingPreview/1.0b"
199.30.24.236 - - [04/May/2014:16:57:30 +0200] "GET /images/logos.jpg HTTP/1.1" 200 1205 "http://www.essoschmierstoffe.de/essoschmierstoffe.php" "Mozilla/5.0 (Windows NT 6.1; WOW64) AppleWebKit/534+ (KHTML, like Gecko) BingPreview/1.0b"
199.30.24.236 - - [04/May/2014:16:57:31 +0200] "GET /images/content_bg.jpg HTTP/1.1" 200 437 "http://www.essoschmierstoffe.de/essoschmierstoffe.php" "Mozilla/5.0 (Windows NT 6.1; WOW64) AppleWebKit/534+ (KHTML, like Gecko) BingPreview/1.0b"
66.249.68.252 - - [04/May/2014:16:57:32 +0200] "GET /images/adblue.png HTTP/1.1" 304 - "-" "Googlebot-Image/1.0"
199.30.24.236 - - [04/May/2014:16:57:32 +0200] "GET /images/newsletter.jpg HTTP/1.1" 200 13127 "http://www.essoschmierstoffe.de/essoschmierstoffe.php" "Mozilla/5.0 (Windows NT 6.1; WOW64) AppleWebKit/534+ (KHTML, like Gecko) BingPreview/1.0b"
141.8.147.12 - - [04/May/2014:17:03:03 +0200] "GET /news.php?cs_go=archiv&cs_id=4587&cs_search= HTTP/1.1" 200 23182 "-" "Mozilla/5.0 (compatible; YandexBot/3.0; +http://yandex.com/bots)"
66.249.75.11 - - [04/May/2014:17:03:21 +0200] "GET /news.php?cs_go=archiv&cs_id=4202 HTTP/1.1" 200 22269 "-" "DoCoMo/2.0 N905i(c100;TB;W24H16) (compatible; Googlebot-Mobile/2.1; +http://www.google.com/bot.html)"
65.55.55.230 - - [04/May/2014:17:04:20 +0200] "GET /biogasanlage.php HTTP/1.1" 200 19193 "-" "Mozilla/5.0 (compatible; bingbot/2.0; +http://www.bing.com/bingbot.htm)"
37.58.100.170 - - [04/May/2014:17:05:30 +0200] "GET /news.php?cs_go=archiv&cs_id=4864&cs_search= HTTP/1.1" 200 20519 "-" "Mozilla/5.0 (compatible; AhrefsBot/5.0; +http://ahrefs.com/robot/)"
37.58.100.162 - - [04/May/2014:17:07:39 +0200] "GET /lexikon.php?cs_go=3&cs_id=92 HTTP/1.1" 200 19665 "-" "Mozilla/5.0 (compatible; AhrefsBot/5.0; +http://ahrefs.com/robot/)"
66.249.68.124 - - [04/May/2014:17:12:00 +0200] "GET /news.php?cs_go=archiv&cs_id=4687&cs_search= HTTP/1.1" 200 22089 "-" "Mozilla/5.0 (compatible; Googlebot/2.1; +http://www.google.com/bot.html)"
37.58.100.66 - - [04/May/2014:17:13:52 +0200] "GET /news.php?cs_go=archiv&cs_id=4846&cs_search= HTTP/1.1" 200 20616 "-" "Mozilla/5.0 (compatible; AhrefsBot/5.0; +http://ahrefs.com/robot/)"
66.249.68.71 - - [04/May/2014:17:13:54 +0200] "GET /news.php?cs_go=archiv&cs_id=4312 HTTP/1.1" 200 24546 "-" "SAMSUNG-SGH-E250/1.0 Profile/MIDP-2.0 Configuration/CLDC-1.1 UP.Browser/6.2.3.3.c.1.101 (GUI) MMP/2.0 (compatible; Googlebot-Mobile/2.1; +http://www.google.com/bot.html)"
66.249.75.101 - - [04/May/2014:17:14:04 +0200] "GET /news.php?cs_go=archiv&cs_id=4881 HTTP/1.1" 200 21057 "-" "Mozilla/5.0 (compatible; Googlebot/2.1; +http://www.google.com/bot.html)"
66.249.68.72 - - [04/May/2014:17:15:38 +0200] "GET /news.php?cs_go=archiv&cs_id=4558 HTTP/1.1" 200 24643 "-" "Mozilla/5.0 (compatible; Googlebot/2.1; +http://www.google.com/bot.html)"
95.215.0.27 - - [04/May/2014:17:21:10 +0200] "GET /news.php?cs_go=archiv&cs_id=4837 HTTP/1.1" 200 24769 "-" "Mozilla/5.0 (Windows NT 6.1; WOW64; rv:26.1) Gecko/20100101 Firefox/26.0"
208.43.225.85 - - [04/May/2014:17:22:05 +0200] "GET /robots.txt HTTP/1.1" 404 1256 "-" "Mozilla/5.0 (compatible; MSIE 9.0; Windows NT 6.1; WOW64; Trident/5.0; chromeframe/19.0.1084.52)"
208.43.225.85 - - [04/May/2014:17:22:09 +0200] "GET /wunschpreis.php HTTP/1.1" 200 24967 "-" "Mozilla/5.0 (compatible; MSIE 9.0; Windows NT 6.1; WOW64; Trident/5.0; chromeframe/19.0.1084.52)"
208.43.225.85 - - [04/May/2014:17:22:14 +0200] "GET /tankreinigung.php HTTP/1.1" 200 22389 "-" "Mozilla/5.0 (compatible; MSIE 9.0; Windows NT 6.1; WOW64; Trident/5.0; chromeframe/19.0.1084.52)"
208.43.225.85 - - [04/May/2014:17:22:18 +0200] "GET /tabmenu/md_kohle_b.php HTTP/1.1" 200 2958 "-" "Mozilla/5.0 (compatible; MSIE 9.0; Windows NT 6.1; WOW64; Trident/5.0; chromeframe/19.0.1084.52)"
208.43.225.85 - - [04/May/2014:17:22:23 +0200] "GET /tabmenu/md_hel.php HTTP/1.1" 200 2931 "-" "Mozilla/5.0 (compatible; MSIE 9.0; Windows NT 6.1; WOW64; Trident/5.0; chromeframe/19.0.1084.52)"
208.43.225.85 - - [04/May/2014:17:22:28 +0200] "GET /tabmenu/md_feuer.php HTTP/1.1" 200 3314 "-" "Mozilla/5.0 (compatible; MSIE 9.0; Windows NT 6.1; WOW64; Trident/5.0; chromeframe/19.0.1084.52)"
208.43.225.85 - - [04/May/2014:17:22:32 +0200] "GET /tabmenu/md_diesel.php HTTP/1.1" 200 2927 "-" "Mozilla/5.0 (compatible; MSIE 9.0; Windows NT 6.1; WOW64; Trident/5.0; chromeframe/19.0.1084.52)"
208.43.225.85 - - [04/May/2014:17:22:37 +0200] "GET /schmierstoffe.php HTTP/1.1" 200 21715 "-" "Mozilla/5.0 (compatible; MSIE 9.0; Windows NT 6.1; WOW64; Trident/5.0; chromeframe/19.0.1084.52)"
208.43.225.85 - - [04/May/2014:17:22:42 +0200] "GET /premiumheizoel.php HTTP/1.1" 200 19519 "-" "Mozilla/5.0 (compatible; MSIE 9.0; Windows NT 6.1; WOW64; Trident/5.0; chromeframe/19.0.1084.52)"
208.43.225.85 - - [04/May/2014:17:22:46 +0200] "GET /notdienst.php HTTP/1.1" 200 19717 "-" "Mozilla/5.0 (compatible; MSIE 9.0; Windows NT 6.1; WOW64; Trident/5.0; chromeframe/19.0.1084.52)"
157.55.34.98 - - [04/May/2014:17:22:47 +0200] "GET /downloads/Imagebroschuere%20team%20energie%20-%20TE%20Verwaltung%20Energiehandel_klein.pdf HTTP/1.1" 200 893384 "-" "Mozilla/5.0 (compatible; bingbot/2.0; +http://www.bing.com/bingbot.htm)"
66.249.68.202 - - [04/May/2014:17:26:33 +0200] "GET /index.php HTTP/1.1" 200 23409 "-" "Mozilla/5.0 (compatible; Googlebot/2.1; +http://www.google.com/bot.html)"
157.55.33.126 - - [04/May/2014:17:26:51 +0200] "GET /robots.txt HTTP/1.1" 404 1256 "-" "Mozilla/5.0 (compatible; bingbot/2.0; +http://www.bing.com/bingbot.htm)"
157.55.33.126 - - [04/May/2014:17:27:03 +0200] "GET /foerdermittel.php HTTP/1.1" 200 24406 "-" "Mozilla/5.0 (compatible; bingbot/2.0; +http://www.bing.com/bingbot.htm)"
66.249.68.39 - - [04/May/2014:17:29:53 +0200] "GET /news.php?cs_go=archiv&cs_id=3843 HTTP/1.1" 200 21204 "-" "Mozilla/5.0 (iPhone; CPU iPhone OS 6_0 like Mac OS X) AppleWebKit/536.26 (KHTML, like Gecko) Version/6.0 Mobile/10A5376e Safari/8536.25 (compatible; Googlebot/2.1; +http://www.google.com/bot.html)"
66.249.68.202 - - [04/May/2014:17:30:11 +0200] "GET /lexikon.php?cs_go=3&cs_id=53 HTTP/1.1" 200 19319 "-" "Mozilla/5.0 (compatible; Googlebot/2.1; +http://www.google.com/bot.html)"
37.58.100.66 - - [04/May/2014:17:38:01 +0200] "GET /news.php?cs_go=archiv&cs_id=5085&cs_search= HTTP/1.1" 200 20247 "-" "Mozilla/5.0 (compatible; AhrefsBot/5.0; +http://ahrefs.com/robot/)"
37.58.100.93 - - [04/May/2014:17:40:27 +0200] "GET /news.php?cs_go=archiv&cs_id=5105&cs_search= HTTP/1.1" 200 20752 "-" "Mozilla/5.0 (compatible; AhrefsBot/5.0; +http://ahrefs.com/robot/)"
37.58.100.147 - - [04/May/2014:17:42:33 +0200] "GET /lexikon.php?cs_go=3&cs_id=70 HTTP/1.1" 200 19501 "-" "Mozilla/5.0 (compatible; AhrefsBot/5.0; +http://ahrefs.com/robot/)"
66.249.68.39 - - [04/May/2014:17:48:22 +0200] "GET /news.php?cs_go=archiv&cs_id=4705 HTTP/1.1" 200 20819 "-" "Mozilla/5.0 (compatible; Googlebot/2.1; +http://www.google.com/bot.html)"
157.55.35.105 - - [04/May/2014:17:48:52 +0200] "GET /robots.txt HTTP/1.1" 404 1256 "-" "Mozilla/5.0 (compatible; bingbot/2.0; +http://www.bing.com/bingbot.htm)"
157.55.35.105 - - [04/May/2014:17:49:01 +0200] "GET /news.php?cs_go=archiv&cs_id=5079 HTTP/1.1" 200 23332 "-" "Mozilla/5.0 (compatible; bingbot/2.0; +http://www.bing.com/bingbot.htm)"
66.249.68.124 - - [04/May/2014:17:51:43 +0200] "GET /news.php?cs_go=archiv&cs_id=5028 HTTP/1.1" 200 22011 "-" "Mozilla/5.0 (compatible; Googlebot/2.1; +http://www.google.com/bot.html)"
77.186.85.191 - - [04/May/2014:17:55:45 +0200] "GET /index.php HTTP/1.1" 200 23409 "-" "Mozilla/5.0 (Windows NT 6.1; WOW64; rv:28.0) Gecko/20100101 Firefox/28.0"
77.186.85.191 - - [04/May/2014:17:55:45 +0200] "GET /style.css HTTP/1.1" 304 - "http://www.e-s-s-o-berlin.de/index.php" "Mozilla/5.0 (Windows NT 6.1; WOW64; rv:28.0) Gecko/20100101 Firefox/28.0"
77.186.85.191 - - [04/May/2014:17:55:46 +0200] "GET /modul.css HTTP/1.1" 304 - "http://www.e-s-s-o-berlin.de/index.php" "Mozilla/5.0 (Windows NT 6.1; WOW64; rv:28.0) Gecko/20100101 Firefox/28.0"
77.186.85.191 - - [04/May/2014:17:55:47 +0200] "GET /images/teamtkw.jpg HTTP/1.1" 304 - "http://www.e-s-s-o-berlin.de/index.php" "Mozilla/5.0 (Windows NT 6.1; WOW64; rv:28.0) Gecko/20100101 Firefox/28.0"
77.186.85.191 - - [04/May/2014:17:55:47 +0200] "GET /images/team-energie.png HTTP/1.1" 304 - "http://www.e-s-s-o-berlin.de/index.php" "Mozilla/5.0 (Windows NT 6.1; WOW64; rv:28.0) Gecko/20100101 Firefox/28.0"
77.186.85.191 - - [04/May/2014:17:55:47 +0200] "GET /images/tankpool24.jpg HTTP/1.1" 304 - "http://www.e-s-s-o-berlin.de/index.php" "Mozilla/5.0 (Windows NT 6.1; WOW64; rv:28.0) Gecko/20100101 Firefox/28.0"
77.186.85.191 - - [04/May/2014:17:55:47 +0200] "GET /images/freecall.png HTTP/1.1" 304 - "http://www.e-s-s-o-berlin.de/index.php" "Mozilla/5.0 (Windows NT 6.1; WOW64; rv:28.0) Gecko/20100101 Firefox/28.0"
77.186.85.191 - - [04/May/2014:17:55:48 +0200] "GET /images/kwk.png HTTP/1.1" 304 - "http://www.e-s-s-o-berlin.de/index.php" "Mozilla/5.0 (Windows NT 6.1; WOW64; rv:28.0) Gecko/20100101 Firefox/28.0"
77.186.85.191 - - [04/May/2014:17:55:48 +0200] "GET /images/ral.png HTTP/1.1" 304 - "http://www.e-s-s-o-berlin.de/index.php" "Mozilla/5.0 (Windows NT 6.1; WOW64; rv:28.0) Gecko/20100101 Firefox/28.0"
77.186.85.191 - - [04/May/2014:17:55:47 +0200] "GET /images/adblue_neu.png HTTP/1.1" 200 30982 "http://www.e-s-s-o-berlin.de/index.php" "Mozilla/5.0 (Windows NT 6.1; WOW64; rv:28.0) Gecko/20100101 Firefox/28.0"
77.186.85.191 - - [04/May/2014:17:55:53 +0200] "GET /images/header.jpg HTTP/1.1" 304 - "http://www.e-s-s-o-berlin.de/style.css" "Mozilla/5.0 (Windows NT 6.1; WOW64; rv:28.0) Gecko/20100101 Firefox/28.0"
77.186.85.191 - - [04/May/2014:17:55:53 +0200] "GET /images/content_bg.jpg HTTP/1.1" 304 - "http://www.e-s-s-o-berlin.de/style.css" "Mozilla/5.0 (Windows NT 6.1; WOW64; rv:28.0) Gecko/20100101 Firefox/28.0"
77.186.85.191 - - [04/May/2014:17:55:53 +0200] "GET /images/logos.jpg HTTP/1.1" 304 - "http://www.e-s-s-o-berlin.de/style.css" "Mozilla/5.0 (Windows NT 6.1; WOW64; rv:28.0) Gecko/20100101 Firefox/28.0"
77.186.85.191 - - [04/May/2014:17:55:48 +0200] "GET /images/Imagebroschuere_team_energie.png HTTP/1.1" 200 64117 "http://www.e-s-s-o-berlin.de/index.php" "Mozilla/5.0 (Windows NT 6.1; WOW64; rv:28.0) Gecko/20100101 Firefox/28.0"
141.8.147.12 - - [04/May/2014:18:04:00 +0200] "GET /news.php?cs_go=archiv&cs_id=4757 HTTP/1.1" 200 23366 "-" "Mozilla/5.0 (compatible; YandexBot/3.0; +http://yandex.com/bots)"
157.55.32.162 - - [04/May/2014:18:06:11 +0200] "GET /news.php?cs_go=archiv&cs_id=4741 HTTP/1.1" 200 24745 "-" "Mozilla/5.0 (compatible; bingbot/2.0; +http://www.bing.com/bingbot.htm)"
199.30.20.20 - - [04/May/2014:18:08:54 +0200] "GET /robots.txt HTTP/1.1" 404 1256 "-" "msnbot-media/1.1 (+http://search.msn.com/msnbot.htm)"
199.30.20.20 - - [04/May/2014:18:08:54 +0200] "GET /news.php?cs_go=archiv&cs_id=4840 HTTP/1.1" 200 24361 "-" "msnbot-media/1.1 (+http://search.msn.com/msnbot.htm)"
66.249.68.72 - - [04/May/2014:18:10:11 +0200] "GET / HTTP/1.1" 200 23409 "-" "Mozilla/5.0 (compatible; Googlebot/2.1; +http://www.google.com/bot.html)"
66.249.68.63 - - [04/May/2014:18:12:23 +0200] "GET /modul.css HTTP/1.1" 200 36485 "http://www.schmierstoffeberlin.de/news.php?cs_go=archiv&cs_id=4699&cs_search=" "Mozilla/5.0 (compatible; Googlebot/2.1; +http://www.google.com/bot.html)"
66.249.68.63 - - [04/May/2014:18:12:24 +0200] "GET /style.css HTTP/1.1" 200 8056 "http://www.schmierstoffeberlin.de/news.php?cs_go=archiv&cs_id=4699&cs_search=" "Mozilla/5.0 (compatible; Googlebot/2.1; +http://www.google.com/bot.html)"
66.249.68.31 - - [04/May/2014:18:12:26 +0200] "GET /news.php?cs_go=archiv&cs_id=4699&cs_search= HTTP/1.1" 200 23079 "-" "Mozilla/5.0 (compatible; Googlebot/2.1; +http://www.google.com/bot.html)"
66.249.68.95 - - [04/May/2014:18:12:35 +0200] "GET /js/ddaccordion.js HTTP/1.1" 200 12534 "http://www.schmierstoffeberlin.de/news.php?cs_go=archiv&cs_id=4699&cs_search=" "Mozilla/5.0 (compatible; Googlebot/2.1; +http://www.google.com/bot.html)"
66.249.68.63 - - [04/May/2014:18:12:35 +0200] "GET /js/jquery.min.js HTTP/1.1" 200 57254 "http://www.schmierstoffeberlin.de/news.php?cs_go=archiv&cs_id=4699&cs_search=" "Mozilla/5.0 (compatible; Googlebot/2.1; +http://www.google.com/bot.html)"
66.249.68.31 - - [04/May/2014:18:13:03 +0200] "GET /news.php?cs_go=archiv&cs_id=4553 HTTP/1.1" 200 22715 "-" "Mozilla/5.0 (compatible; Googlebot/2.1; +http://www.google.com/bot.html)"
66.249.68.72 - - [04/May/2014:18:13:49 +0200] "GET /news.php?cs_go=archiv&cs_startpos=10 HTTP/1.1" 200 34097 "-" "Mozilla/5.0 (compatible; Googlebot/2.1; +http://www.google.com/bot.html)"
66.249.75.144 - - [04/May/2014:18:13:55 +0200] "GET /news.php?cs_go=archiv&cs_id=4773 HTTP/1.1" 200 24663 "-" "DoCoMo/2.0 N905i(c100;TB;W24H16) (compatible; Googlebot-Mobile/2.1; +http://www.google.com/bot.html)"
66.249.68.39 - - [04/May/2014:18:15:26 +0200] "GET /news.php?cs_go=archiv&cs_id=4799&cs_search= HTTP/1.1" 200 24413 "-" "Mozilla/5.0 (iPhone; CPU iPhone OS 6_0 like Mac OS X) AppleWebKit/536.26 (KHTML, like Gecko) Version/6.0 Mobile/10A5376e Safari/8536.25 (compatible; Googlebot/2.1; +http://www.google.com/bot.html)"
66.249.68.8 - - [04/May/2014:18:15:55 +0200] "GET /news.php?cs_go=archiv&cs_id=5113&cs_search= HTTP/1.1" 200 22623 "-" "Mozilla/5.0 (compatible; Googlebot/2.1; +http://www.google.com/bot.html)"
66.249.68.8 - - [04/May/2014:18:16:09 +0200] "GET /news.php?cs_go=archiv&cs_id=5118&cs_search= HTTP/1.1" 200 20468 "-" "Mozilla/5.0 (compatible; Googlebot/2.1; +http://www.google.com/bot.html)"
66.249.68.72 - - [04/May/2014:18:16:23 +0200] "GET /news.php?cs_go=archiv&cs_id=5117&cs_search= HTTP/1.1" 200 24279 "-" "Mozilla/5.0 (compatible; Googlebot/2.1; +http://www.google.com/bot.html)"
66.249.68.8 - - [04/May/2014:18:16:38 +0200] "GET /news.php?cs_go=archiv&cs_id=5115&cs_search= HTTP/1.1" 200 20483 "-" "Mozilla/5.0 (compatible; Googlebot/2.1; +http://www.google.com/bot.html)"
66.249.75.88 - - [04/May/2014:18:16:58 +0200] "GET /news.php?cs_go=archiv&cs_id=5116&cs_search= HTTP/1.1" 200 21084 "-" "Mozilla/5.0 (compatible; Googlebot/2.1; +http://www.google.com/bot.html)"
66.249.68.40 - - [04/May/2014:18:17:27 +0200] "GET /news.php?cs_go=archiv&cs_id=5114&cs_search= HTTP/1.1" 200 24348 "-" "Mozilla/5.0 (compatible; Googlebot/2.1; +http://www.google.com/bot.html)"
66.249.68.72 - - [04/May/2014:18:18:01 +0200] "GET /news.php?cs_go=archiv&cs_id=5120&cs_search= HTTP/1.1" 200 24277 "-" "Mozilla/5.0 (compatible; Googlebot/2.1; +http://www.google.com/bot.html)"
66.249.68.8 - - [04/May/2014:18:18:31 +0200] "GET /news.php?cs_go=archiv&cs_id=5121&cs_search= HTTP/1.1" 200 20405 "-" "Mozilla/5.0 (compatible; Googlebot/2.1; +http://www.google.com/bot.html)"
66.249.68.72 - - [04/May/2014:18:19:03 +0200] "GET /news.php?cs_go=archiv&cs_id=5111&cs_search= HTTP/1.1" 200 20560 "-" "Mozilla/5.0 (compatible; Googlebot/2.1; +http://www.google.com/bot.html)"
66.249.68.72 - - [04/May/2014:18:19:38 +0200] "GET /news.php?cs_go=archiv&cs_id=5119&cs_search= HTTP/1.1" 200 20397 "-" "Mozilla/5.0 (compatible; Googlebot/2.1; +http://www.google.com/bot.html)"
37.58.100.66 - - [04/May/2014:18:22:35 +0200] "GET /news.php?cs_go=archiv&cs_startpos=190 HTTP/1.1" 200 34211 "-" "Mozilla/5.0 (compatible; AhrefsBot/5.0; +http://ahrefs.com/robot/)"
144.76.95.232 - - [04/May/2014:18:22:53 +0200] "GET /robots.txt HTTP/1.0" 404 1256 "-" "Mozilla/5.0 (compatible; MJ12bot/v1.4.5; http://www.majestic12.co.uk/bot.php?+)"
144.76.95.232 - - [04/May/2014:18:23:00 +0200] "GET /news.php?cs_go=archiv&cs_id=4723 HTTP/1.0" 200 20602 "-" "Mozilla/5.0 (compatible; MJ12bot/v1.4.5; http://www.majestic12.co.uk/bot.php?+)"
141.8.147.12 - - [04/May/2014:18:24:20 +0200] "GET /news.php?cs_go=archiv&cs_id=4663 HTTP/1.1" 200 20803 "-" "Mozilla/5.0 (compatible; YandexBot/3.0; +http://yandex.com/bots)"
66.249.68.252 - - [04/May/2014:18:24:44 +0200] "GET /news.php?cs_go=archiv&cs_id=4838&cs_search= HTTP/1.1" 200 20581 "-" "Mozilla/5.0 (compatible; Googlebot/2.1; +http://www.google.com/bot.html)"
66.249.68.89 - - [04/May/2014:18:26:23 +0200] "GET /images/kwk.png HTTP/1.1" 200 15949 "-" "Googlebot-Image/1.0"
66.249.68.202 - - [04/May/2014:18:28:22 +0200] "GET /lexikon.php?cs_go=3&cs_id=127 HTTP/1.1" 200 21218 "-" "Mozilla/5.0 (compatible; Googlebot/2.1; +http://www.google.com/bot.html)"
37.58.100.173 - - [04/May/2014:18:29:08 +0200] "GET /news.php?cs_go=archiv&cs_id=4870 HTTP/1.1" 200 20768 "-" "Mozilla/5.0 (compatible; AhrefsBot/5.0; +http://ahrefs.com/robot/)"
144.76.95.232 - - [04/May/2014:18:30:36 +0200] "GET /robots.txt HTTP/1.0" 404 1256 "-" "Mozilla/5.0 (compatible; MJ12bot/v1.4.5; http://www.majestic12.co.uk/bot.php?+)"
144.76.95.232 - - [04/May/2014:18:30:41 +0200] "GET /news.php?cs_go=archiv&cs_id=5129 HTTP/1.0" 200 24051 "-" "Mozilla/5.0 (compatible; MJ12bot/v1.4.5; http://www.majestic12.co.uk/bot.php?+)"
144.76.95.232 - - [04/May/2014:18:30:45 +0200] "GET /robots.txt HTTP/1.0" 404 1256 "-" "Mozilla/5.0 (compatible; MJ12bot/v1.4.5; http://www.majestic12.co.uk/bot.php?+)"
144.76.95.232 - - [04/May/2014:18:30:50 +0200] "GET /news.php?cs_go=archiv&cs_id=5137 HTTP/1.0" 200 20658 "-" "Mozilla/5.0 (compatible; MJ12bot/v1.4.5; http://www.majestic12.co.uk/bot.php?+)"
178.255.215.70 - - [04/May/2014:18:33:15 +0200] "GET /brennwerttechnik.php HTTP/1.1" 200 22215 "-" "Mozilla/5.0 (compatible; Exabot/3.0; +http://www.exabot.com/go/robot)"
66.249.68.71 - - [04/May/2014:18:39:16 +0200] "GET /news.php?cs_go=archiv&cs_id=3358 HTTP/1.1" 200 23599 "-" "Mozilla/5.0 (compatible; Googlebot/2.1; +http://www.google.com/bot.html)"
94.242.222.221 - - [04/May/2014:18:40:11 +0200] "HEAD / HTTP/1.1" 200 - "-" "Mozilla/5.0"
66.249.68.39 - - [04/May/2014:18:46:09 +0200] "GET /news.php?cs_go=archiv&cs_id=4615 HTTP/1.1" 200 20705 "-" "Mozilla/5.0 (compatible; Googlebot/2.1; +http://www.google.com/bot.html)"
5.199.136.130 - - [04/May/2014:18:46:30 +0200] "GET /robots.txt HTTP/1.1" 404 1256 "-" "Mozilla/5.0 (compatible; waybackarchive.org/1.0; +spider@waybackarchive.org)"
5.199.136.130 - - [04/May/2014:18:46:30 +0200] "GET /news.php?cs_go=archiv&cs_id=5126 HTTP/1.1" 200 24418 "-" "Mozilla/5.0 (compatible; waybackarchive.org/1.0; +spider@waybackarchive.org)"
66.249.68.39 - - [04/May/2014:18:50:04 +0200] "GET /news.php?cs_go=archiv&cs_id=4365 HTTP/1.1" 200 24587 "-" "Mozilla/5.0 (compatible; Googlebot/2.1; +http://www.google.com/bot.html)"
37.58.100.147 - - [04/May/2014:18:52:10 +0200] "GET /news.php?cs_go=archiv&cs_id=4785 HTTP/1.1" 200 20387 "-" "Mozilla/5.0 (compatible; AhrefsBot/5.0; +http://ahrefs.com/robot/)"
208.115.111.69 - - [04/May/2014:18:53:58 +0200] "GET /robots.txt HTTP/1.1" 404 1256 "-" "Mozilla/5.0 (compatible; DotBot/1.1; http://www.opensiteexplorer.org/dotbot, help@moz.com)"
37.58.100.162 - - [04/May/2014:18:56:21 +0200] "GET /news.php?cs_go=archiv&cs_id=5089 HTTP/1.1" 200 20272 "-" "Mozilla/5.0 (compatible; AhrefsBot/5.0; +http://ahrefs.com/robot/)"
66.249.68.10 - - [04/May/2014:18:56:27 +0200] "GET /news.php?cs_go=archiv&cs_id=4878 HTTP/1.1" 200 20489 "-" "SAMSUNG-SGH-E250/1.0 Profile/MIDP-2.0 Configuration/CLDC-1.1 UP.Browser/6.2.3.3.c.1.101 (GUI) MMP/2.0 (compatible; Googlebot-Mobile/2.1; +http://www.google.com/bot.html)"
157.55.32.82 - - [04/May/2014:18:59:44 +0200] "GET /index.php HTTP/1.1" 200 23409 "-" "Mozilla/5.0 (compatible; bingbot/2.0; +http://www.bing.com/bingbot.htm)"
94.242.222.221 - - [04/May/2014:19:05:52 +0200] "HEAD / HTTP/1.1" 200 - "-" "Mozilla/5.0 (compatible; MSIE 10.0; Windows NT 6.1; Trident/6.0)"
157.55.32.82 - - [04/May/2014:19:10:20 +0200] "GET /energiesparcheck.php HTTP/1.1" 200 24797 "-" "Mozilla/5.0 (compatible; bingbot/2.0; +http://www.bing.com/bingbot.htm)"
66.249.68.10 - - [04/May/2014:19:11:26 +0200] "GET / HTTP/1.1" 200 23409 "-" "Mozilla/5.0 (iPhone; CPU iPhone OS 6_0 like Mac OS X) AppleWebKit/536.26 (KHTML, like Gecko) Version/6.0 Mobile/10A5376e Safari/8536.25 (compatible; Googlebot/2.1; +http://www.google.com/bot.html)"
178.77.126.55 - - [04/May/2014:19:14:19 +0200] "GET /robots.txt HTTP/1.1" 404 1256 "-" "Mozilla/5.0 (compatible; CareerBot/1.1; +http://www.career-x.de/bot.html)"
178.77.126.55 - - [04/May/2014:19:14:19 +0200] "GET / HTTP/1.1" 200 23409 "-" "Mozilla/5.0 (compatible; CareerBot/1.1; +http://www.career-x.de/bot.html)"
178.77.126.55 - - [04/May/2014:19:14:20 +0200] "GET /news.php?cs_go=archiv&cs_id=5129 HTTP/1.1" 200 24051 "-" "Mozilla/5.0 (compatible; CareerBot/1.1; +http://www.career-x.de/bot.html)"
178.77.126.55 - - [04/May/2014:19:14:20 +0200] "GET /news.php?cs_go=archiv&cs_id=5129 HTTP/1.1" 200 24051 "-" "Mozilla/5.0 (compatible; CareerBot/1.1; +http://www.career-x.de/bot.html)"
66.249.68.72 - - [04/May/2014:19:15:38 +0200] "GET /news.php?cs_go=archiv&cs_id=3859&cs_search= HTTP/1.1" 200 23797 "-" "Mozilla/5.0 (compatible; Googlebot/2.1; +http://www.google.com/bot.html)"
66.249.68.71 - - [04/May/2014:19:19:16 +0200] "GET /news.php?cs_go=archiv&cs_id=4096&cs_search= HTTP/1.1" 200 20615 "-" "Mozilla/5.0 (compatible; Googlebot/2.1; +http://www.google.com/bot.html)"
66.249.68.10 - - [04/May/2014:19:22:55 +0200] "GET /news.php?cs_go=archiv&cs_id=3094 HTTP/1.1" 200 21115 "-" "Mozilla/5.0 (compatible; Googlebot/2.1; +http://www.google.com/bot.html)"
66.249.68.10 - - [04/May/2014:19:26:33 +0200] "GET /news.php?cs_go=archiv&cs_id=4839&cs_search= HTTP/1.1" 200 21090 "-" "Mozilla/5.0 (compatible; Googlebot/2.1; +http://www.google.com/bot.html)"
141.8.147.12 - - [04/May/2014:19:27:18 +0200] "GET /news.php?cs_go=archiv&cs_id=5124 HTTP/1.1" 200 22990 "-" "Mozilla/5.0 (compatible; YandexBot/3.0; +http://yandex.com/bots)"
37.58.100.231 - - [04/May/2014:19:27:53 +0200] "GET /news.php?cs_go=archiv&cs_id=5032 HTTP/1.1" 200 22142 "-" "Mozilla/5.0 (compatible; AhrefsBot/5.0; +http://ahrefs.com/robot/)"
66.249.68.202 - - [04/May/2014:19:29:26 +0200] "GET /essoschmierstoffe.php HTTP/1.1" 200 22876 "-" "Mozilla/5.0 (iPhone; CPU iPhone OS 6_0 like Mac OS X) AppleWebKit/536.26 (KHTML, like Gecko) Version/6.0 Mobile/10A5376e Safari/8536.25 (compatible; Googlebot/2.1; +http://www.google.com/bot.html)"
94.242.222.221 - - [04/May/2014:19:31:15 +0200] "HEAD / HTTP/1.1" 200 - "-" "Mozilla/5.0 (compatible; MSIE 10.0; Windows NT 6.1; Trident/6.0)"
66.249.68.103 - - [04/May/2014:19:35:49 +0200] "GET /lexikon.php?cs_go=3&cs_id=98 HTTP/1.1" 200 19555 "-" "Mozilla/5.0 (compatible; Googlebot/2.1; +http://www.google.com/bot.html)"
37.58.100.168 - - [04/May/2014:19:37:52 +0200] "GET /lexikon.php?cs_go=3&cs_id=191 HTTP/1.1" 200 20502 "-" "Mozilla/5.0 (compatible; AhrefsBot/5.0; +http://ahrefs.com/robot/)"
66.249.68.252 - - [04/May/2014:19:42:40 +0200] "GET /adblue.php HTTP/1.1" 200 23127 "-" "Mozilla/5.0 (iPhone; CPU iPhone OS 6_0 like Mac OS X) AppleWebKit/536.26 (KHTML, like Gecko) Version/6.0 Mobile/10A5376e Safari/8536.25 (compatible; Googlebot/2.1; +http://www.google.com/bot.html)"
141.8.147.12 - - [04/May/2014:19:46:14 +0200] "GET /kontakt.php HTTP/1.1" 200 20926 "-" "Mozilla/5.0 (compatible; YandexBot/3.0; +http://yandex.com/bots)"
157.55.32.83 - - [04/May/2014:19:47:31 +0200] "GET /robots.txt HTTP/1.1" 404 1256 "-" "Mozilla/5.0 (compatible; bingbot/2.0; +http://www.bing.com/bingbot.htm)"
157.55.32.83 - - [04/May/2014:19:47:37 +0200] "GET /jobs.php HTTP/1.1" 200 19000 "-" "Mozilla/5.0 (compatible; bingbot/2.0; +http://www.bing.com/bingbot.htm)"
216.145.14.142 - - [04/May/2014:19:47:59 +0200] "GET /robots.txt HTTP/1.0" 404 1256 "-" "Mozilla/5.0 (Windows; U; Windows NT 5.1; en; rv:1.9.0.13) Gecko/2009073022 Firefox/3.5.2 (.NET CLR 3.5.30729) SurveyBot/2.3 (DomainTools)"
216.145.14.142 - - [04/May/2014:19:47:59 +0200] "GET / HTTP/1.1" 200 23409 "http://whois.domaintools.com/schmierstoffeberlin.de" "Mozilla/5.0 (Windows; U; Windows NT 5.1; en; rv:1.9.0.13) Gecko/2009073022 Firefox/3.5.2 (.NET CLR 3.5.30729) SurveyBot/2.3 (DomainTools)"
5.199.143.12 - - [04/May/2014:19:50:48 +0200] "GET /robots.txt HTTP/1.0" 404 1256 "-" "Mozilla/5.0 (compatible; MJ12bot/v1.4.5; http://www.majestic12.co.uk/bot.php?+)"
5.199.143.12 - - [04/May/2014:19:50:50 +0200] "GET /news.php?cs_go=archiv&cs_id=5129 HTTP/1.0" 200 24051 "-" "Mozilla/5.0 (compatible; MJ12bot/v1.4.5; http://www.majestic12.co.uk/bot.php?+)"
5.199.143.12 - - [04/May/2014:19:50:52 +0200] "GET /news.php?cs_go=archiv&cs_id=5137 HTTP/1.0" 200 20658 "-" "Mozilla/5.0 (compatible; MJ12bot/v1.4.5; http://www.majestic12.co.uk/bot.php?+)"
37.58.100.143 - - [04/May/2014:19:57:51 +0200] "GET /news.php?cs_go=archiv&cs_id=5102 HTTP/1.1" 200 24233 "-" "Mozilla/5.0 (compatible; AhrefsBot/5.0; +http://ahrefs.com/robot/)"
