79.194.93.190 - - [24/Feb/2017:10:35:39 +0100] "GET /seiten/kontakt.php HTTP/1.1" 200 6708 "http://www.frb-berlin.de/seiten/start.htm" "Mozilla/5.0 (Windows NT 10.0; WOW64; rv:51.0) Gecko/20100101 Firefox/51.0"
66.249.75.133 - - [24/Feb/2017:11:12:25 +0100] "GET /robots.txt HTTP/1.1" 404 1256 "-" "Mozilla/5.0 (compatible; Googlebot/2.1; +http://www.google.com/bot.html)"
66.249.75.129 - - [24/Feb/2017:11:12:25 +0100] "GET /seiten/links.htm HTTP/1.1" 200 1543 "-" "Mozilla/5.0 (compatible; Googlebot/2.1; +http://www.google.com/bot.html)"
213.61.218.76 - - [24/Feb/2017:11:25:01 +0100] "GET /robots.txt HTTP/1.1" 404 1256 "-" "Jobsearch1.5"
213.61.218.76 - - [24/Feb/2017:11:25:01 +0100] "GET /seiten/ausbildung.htm HTTP/1.1" 200 2131 "-" "Jobsearch1.5"
180.76.15.27 - - [24/Feb/2017:11:43:59 +0100] "GET / HTTP/1.1" 200 1775 "-" "Mozilla/5.0 (compatible; Baiduspider/2.0; +http://www.baidu.com/search/spider.html)"
180.76.15.17 - - [24/Feb/2017:11:45:12 +0100] "GET / HTTP/1.1" 200 1775 "-" "Mozilla/5.0 (compatible; Baiduspider/2.0; +http://www.baidu.com/search/spider.html)"
66.249.75.137 - - [24/Feb/2017:12:28:13 +0100] "GET /seiten/kontakt.php HTTP/1.1" 200 6708 "-" "Mozilla/5.0 (compatible; Googlebot/2.1; +http://www.google.com/bot.html)"
5.255.251.7 - - [24/Feb/2017:12:32:21 +0100] "GET /robots.txt HTTP/1.1" 404 1256 "-" "Mozilla/5.0 (compatible; YandexBot/3.0; +http://yandex.com/bots)"
5.255.251.7 - - [24/Feb/2017:12:32:25 +0100] "GET /favicon.ico HTTP/1.1" 404 1256 "-" "Mozilla/5.0 (compatible; YandexBot/3.0; +http://yandex.com/bots)"
180.76.15.9 - - [24/Feb/2017:13:32:36 +0100] "GET / HTTP/1.1" 200 1775 "-" "Mozilla/5.0 (compatible; Baiduspider/2.0; +http://www.baidu.com/search/spider.html)"
66.249.75.133 - - [24/Feb/2017:13:44:10 +0100] "GET /seiten/impressum.htm HTTP/1.1" 200 4643 "-" "Mozilla/5.0 (compatible; Googlebot/2.1; +http://www.google.com/bot.html)"
66.249.75.133 - - [24/Feb/2017:14:11:11 +0100] "GET / HTTP/1.1" 200 1775 "-" "Mozilla/5.0 (compatible; Googlebot/2.1; +http://www.google.com/bot.html)"
180.76.15.28 - - [24/Feb/2017:15:41:35 +0100] "GET / HTTP/1.1" 200 1775 "-" "Mozilla/5.0 (compatible; Baiduspider/2.0; +http://www.baidu.com/search/spider.html)"
180.76.15.11 - - [24/Feb/2017:15:42:43 +0100] "GET / HTTP/1.1" 200 1775 "-" "Mozilla/5.0 (compatible; Baiduspider/2.0; +http://www.baidu.com/search/spider.html)"
46.229.164.102 - - [24/Feb/2017:16:20:25 +0100] "GET /robots.txt HTTP/1.1" 404 1256 "-" "Mozilla/5.0 (compatible; SemrushBot/1.2~bl; +http://www.semrush.com/bot.html)"
87.122.140.50 - - [24/Feb/2017:18:22:40 +0100] "HEAD / HTTP/1.1" 200 - "-" "Mozilla/4.0 (compatible; MSIE 6.0; Windows NT 5.1)"
87.122.140.50 - - [24/Feb/2017:18:22:40 +0100] "GET / HTTP/1.1" 200 1775 "-" "Windows IE 6"
189.89.4.217 - - [24/Feb/2017:18:36:17 +0100] "GET /seiten/ueber_uns.htm HTTP/1.1" 200 2081 "http://www.frb-berlin.de/" "Mozilla/5.0 (Macintosh; U; PPC Mac OS X; en-US) AppleWebKit/xx (KHTML like Gecko) OmniWeb/v5xx.xx"
180.76.15.18 - - [24/Feb/2017:18:46:54 +0100] "GET / HTTP/1.1" 200 1775 "-" "Mozilla/5.0 (compatible; Baiduspider/2.0; +http://www.baidu.com/search/spider.html)"
180.76.15.31 - - [24/Feb/2017:18:48:10 +0100] "GET / HTTP/1.1" 200 1775 "-" "Mozilla/5.0 (compatible; Baiduspider/2.0; +http://www.baidu.com/search/spider.html)"
207.46.13.197 - - [24/Feb/2017:19:38:18 +0100] "GET /robots.txt HTTP/1.1" 404 1256 "-" "Mozilla/5.0 (compatible; bingbot/2.0; +http://www.bing.com/bingbot.htm)"
40.77.167.100 - - [24/Feb/2017:19:38:22 +0100] "GET / HTTP/1.1" 200 1775 "-" "Mozilla/5.0 (compatible; bingbot/2.0; +http://www.bing.com/bingbot.htm)"
131.253.25.168 - - [24/Feb/2017:19:38:37 +0100] "GET /css/style.css HTTP/1.1" 200 8567 "-" "Mozilla/5.0 (Windows NT 6.1; WOW64) AppleWebKit/534+ (KHTML, like Gecko) BingPreview/1.0b"
131.253.27.166 - - [24/Feb/2017:19:38:37 +0100] "GET /img/logo.gif HTTP/1.1" 200 4275 "-" "Mozilla/5.0 (Windows NT 6.1; WOW64) AppleWebKit/534+ (KHTML, like Gecko) BingPreview/1.0b"
40.77.167.97 - - [24/Feb/2017:19:39:38 +0100] "GET /robots.txt HTTP/1.1" 404 1256 "-" "Mozilla/5.0 (compatible; bingbot/2.0; +http://www.bing.com/bingbot.htm)"
180.76.15.24 - - [24/Feb/2017:19:47:13 +0100] "GET / HTTP/1.1" 200 1775 "-" "Mozilla/5.0 (compatible; Baiduspider/2.0; +http://www.baidu.com/search/spider.html)"
180.76.15.151 - - [24/Feb/2017:19:48:24 +0100] "GET / HTTP/1.1" 200 1775 "-" "Mozilla/5.0 (compatible; Baiduspider/2.0; +http://www.baidu.com/search/spider.html)"
66.249.75.133 - - [24/Feb/2017:20:02:56 +0100] "GET /seiten/ueber_uns.htm HTTP/1.1" 200 2081 "-" "Mozilla/5.0 (compatible; Googlebot/2.1; +http://www.google.com/bot.html)"
23.94.124.6 - - [24/Feb/2017:22:30:17 +0100] "GET / HTTP/1.1" 200 1775 "-" "Mozilla/5.0 (X11; Linux x86_64) AppleWebKit/537.36 (KHTML, like Gecko) Chrome/28.0.1500.71 Safari/537.36"
23.94.133.67 - - [24/Feb/2017:22:30:21 +0100] "GET /robots.txt HTTP/1.1" 404 1256 "-" "Mozilla/5.0 (X11; Linux x86_64) AppleWebKit/537.36 (KHTML, like Gecko) Chrome/28.0.1500.71 Safari/537.36"
23.94.124.16 - - [24/Feb/2017:22:30:22 +0100] "GET /admin HTTP/1.1" 404 1256 "-" "Mozilla/5.0 (X11; Linux x86_64) AppleWebKit/537.36 (KHTML, like Gecko) Chrome/28.0.1500.71 Safari/537.36"
23.94.133.56 - - [24/Feb/2017:22:30:22 +0100] "GET /wp-admin HTTP/1.1" 404 1256 "-" "Mozilla/5.0 (X11; Linux x86_64) AppleWebKit/537.36 (KHTML, like Gecko) Chrome/28.0.1500.71 Safari/537.36"
180.76.15.151 - - [24/Feb/2017:23:44:56 +0100] "GET / HTTP/1.1" 200 1775 "-" "Mozilla/5.0 (compatible; Baiduspider/2.0; +http://www.baidu.com/search/spider.html)"
180.76.15.30 - - [24/Feb/2017:23:46:09 +0100] "GET / HTTP/1.1" 200 1775 "-" "Mozilla/5.0 (compatible; Baiduspider/2.0; +http://www.baidu.com/search/spider.html)"
66.249.75.137 - - [24/Feb/2017:23:48:43 +0100] "GET /robots.txt HTTP/1.1" 404 1256 "-" "Mozilla/5.0 (compatible; Googlebot/2.1; +http://www.google.com/bot.html)"
66.249.75.133 - - [24/Feb/2017:23:48:43 +0100] "GET / HTTP/1.1" 200 1775 "-" "Mozilla/5.0 (compatible; Googlebot/2.1; +http://www.google.com/bot.html)"
66.249.75.137 - - [24/Feb/2017:23:59:21 +0100] "GET / HTTP/1.1" 200 1775 "-" "Mozilla/5.0 (compatible; Googlebot/2.1; +http://www.google.com/bot.html)"
180.76.15.140 - - [25/Feb/2017:03:42:30 +0100] "GET / HTTP/1.1" 200 1775 "-" "Mozilla/5.0 (compatible; Baiduspider/2.0; +http://www.baidu.com/search/spider.html)"
180.76.15.134 - - [25/Feb/2017:03:43:37 +0100] "GET / HTTP/1.1" 200 1775 "-" "Mozilla/5.0 (compatible; Baiduspider/2.0; +http://www.baidu.com/search/spider.html)"
68.180.228.190 - - [25/Feb/2017:03:45:40 +0100] "GET /robots.txt HTTP/1.1" 404 1256 "-" "Mozilla/5.0 (compatible; Yahoo! Slurp; http://help.yahoo.com/help/us/ysearch/slurp)"
68.180.228.190 - - [25/Feb/2017:03:45:41 +0100] "GET /seiten/start.htm HTTP/1.1" 200 9376 "-" "Mozilla/5.0 (compatible; Yahoo! Slurp; http://help.yahoo.com/help/us/ysearch/slurp)"
213.61.218.76 - - [25/Feb/2017:04:07:34 +0100] "GET /robots.txt HTTP/1.1" 404 1256 "-" "Jobsearch1.5"
213.61.218.76 - - [25/Feb/2017:04:07:34 +0100] "GET /seiten/ausbildung.htm HTTP/1.1" 200 2131 "-" "Jobsearch1.5"
213.61.218.76 - - [25/Feb/2017:04:08:11 +0100] "GET /robots.txt HTTP/1.1" 404 1256 "-" "Jobsearch1.5"
213.61.218.76 - - [25/Feb/2017:04:08:11 +0100] "GET /seiten/ausbildung.htm HTTP/1.1" 200 2131 "-" "Jobsearch1.5"
95.91.212.203 - - [25/Feb/2017:06:43:27 +0100] "GET / HTTP/1.1" 200 1775 "https://www.google.de/" "Mozilla/5.0 (Windows NT 6.1; WOW64) AppleWebKit/537.36 (KHTML, like Gecko) Chrome/55.0.2883.87 Safari/537.36 OPR/42.0.2393.137"
95.91.212.203 - - [25/Feb/2017:06:43:27 +0100] "GET /css/style.css HTTP/1.1" 200 8567 "http://www.frb-berlin.de/" "Mozilla/5.0 (Windows NT 6.1; WOW64) AppleWebKit/537.36 (KHTML, like Gecko) Chrome/55.0.2883.87 Safari/537.36 OPR/42.0.2393.137"
95.91.212.203 - - [25/Feb/2017:06:43:27 +0100] "GET /img/logo.gif HTTP/1.1" 200 4275 "http://www.frb-berlin.de/" "Mozilla/5.0 (Windows NT 6.1; WOW64) AppleWebKit/537.36 (KHTML, like Gecko) Chrome/55.0.2883.87 Safari/537.36 OPR/42.0.2393.137"
95.91.212.203 - - [25/Feb/2017:06:43:27 +0100] "GET /favicon.ico HTTP/1.1" 404 1256 "http://www.frb-berlin.de/" "Mozilla/5.0 (Windows NT 6.1; WOW64) AppleWebKit/537.36 (KHTML, like Gecko) Chrome/55.0.2883.87 Safari/537.36 OPR/42.0.2393.137"
194.173.174.106 - - [25/Feb/2017:07:47:50 +0100] "HEAD / HTTP/1.1" 200 - "-" "Mozilla/5.0 (Windows NT 6.3; WOW64) AppleWebKit/537.36 (KHTML, like Gecko) Chrome/43.0.2357.134 Safari/537.36"
150.70.188.167 - - [25/Feb/2017:07:49:52 +0100] "GET / HTTP/1.1" 200 1775 "-" "Mozilla/4.0 (compatible; MSIE 8.0; Windows NT 5.1; Trident/4.0)"
66.249.64.5 - - [25/Feb/2017:10:23:22 +0100] "GET / HTTP/1.1" 200 1775 "-" "Mozilla/5.0 (compatible; Googlebot/2.1; +http://www.google.com/bot.html)"
180.76.15.30 - - [25/Feb/2017:11:44:19 +0100] "GET / HTTP/1.1" 200 1775 "-" "Mozilla/5.0 (compatible; Baiduspider/2.0; +http://www.baidu.com/search/spider.html)"
180.76.15.25 - - [25/Feb/2017:11:45:33 +0100] "GET / HTTP/1.1" 200 1775 "-" "Mozilla/5.0 (compatible; Baiduspider/2.0; +http://www.baidu.com/search/spider.html)"
5.102.173.71 - - [25/Feb/2017:12:05:52 +0100] "GET /robots.txt HTTP/1.1" 404 1256 "-" "Mozilla/5.0 (compatible; MojeekBot/0.6; +https://www.mojeek.com/bot.html)"
5.102.173.71 - - [25/Feb/2017:12:05:52 +0100] "GET / HTTP/1.1" 200 1775 "-" "Mozilla/5.0 (compatible; MojeekBot/0.6; +https://www.mojeek.com/bot.html)"
79.150.232.62 - - [25/Feb/2017:12:27:25 +0100] "GET / HTTP/1.1" 200 1775 "-" "Java/1.8.0_45"
79.150.232.62 - - [25/Feb/2017:12:27:25 +0100] "GET /seiten/start.htm HTTP/1.1" 200 9376 "-" "Java/1.8.0_45"
79.150.232.62 - - [25/Feb/2017:12:27:26 +0100] "GET /scripte/menu_elemente.js HTTP/1.1" 200 18006 "-" "Java/1.8.0_45"
79.150.232.62 - - [25/Feb/2017:12:27:27 +0100] "GET /scripte/menu_start.js HTTP/1.1" 200 31217 "-" "Java/1.8.0_45"
79.150.232.62 - - [25/Feb/2017:12:27:27 +0100] "GET /seiten/ausbildung.htm HTTP/1.1" 200 2131 "-" "Java/1.8.0_45"
79.150.232.62 - - [25/Feb/2017:12:27:27 +0100] "GET /seiten/impressum.htm HTTP/1.1" 200 4643 "-" "Java/1.8.0_45"
79.150.232.62 - - [25/Feb/2017:12:27:27 +0100] "GET /seiten/kontakt.php HTTP/1.1" 200 6708 "-" "Java/1.8.0_45"
79.150.232.62 - - [25/Feb/2017:12:27:28 +0100] "GET /seiten/leistungen.htm HTTP/1.1" 200 3710 "-" "Java/1.8.0_45"
79.150.232.62 - - [25/Feb/2017:12:27:28 +0100] "GET /seiten/links.htm HTTP/1.1" 200 1543 "-" "Java/1.8.0_45"
79.150.232.62 - - [25/Feb/2017:12:27:28 +0100] "GET /seiten/main.htm HTTP/1.1" 200 2496 "-" "Java/1.8.0_45"
79.150.232.62 - - [25/Feb/2017:12:27:28 +0100] "GET /seiten/referenzen.htm HTTP/1.1" 200 3626 "-" "Java/1.8.0_45"
79.150.232.62 - - [25/Feb/2017:12:27:28 +0100] "GET /seiten/ueber_uns.htm HTTP/1.1" 200 2081 "-" "Java/1.8.0_45"
79.150.232.62 - - [25/Feb/2017:12:27:28 +0100] "GET /scripte/ausbildung2.htm HTTP/1.1" 404 1256 "-" "Java/1.8.0_45"
79.150.232.62 - - [25/Feb/2017:12:27:28 +0100] "GET /scripte/ausbildung3.htm HTTP/1.1" 404 1256 "-" "Java/1.8.0_45"
79.150.232.62 - - [25/Feb/2017:12:27:29 +0100] "GET /seiten/ausbildung2.htm HTTP/1.1" 200 4821 "-" "Java/1.8.0_45"
79.150.232.62 - - [25/Feb/2017:12:27:29 +0100] "GET /seiten/ausbildung3.htm HTTP/1.1" 200 6331 "-" "Java/1.8.0_45"
79.150.232.62 - - [25/Feb/2017:12:27:29 +0100] "GET /seiten/referenzen_beton.htm HTTP/1.1" 200 8747 "-" "Java/1.8.0_45"
79.150.232.62 - - [25/Feb/2017:12:27:30 +0100] "GET /seiten/referenzen_maler.htm HTTP/1.1" 200 51839 "-" "Java/1.8.0_45"
79.150.232.62 - - [25/Feb/2017:12:27:30 +0100] "GET /seiten/referenzen_waerme.htm HTTP/1.1" 200 35661 "-" "Java/1.8.0_45"
79.150.232.62 - - [25/Feb/2017:12:27:31 +0100] "GET /scripte/'+img1+' HTTP/1.1" 404 1256 "-" "Java/1.8.0_45"
150.70.173.48 - - [25/Feb/2017:14:46:59 +0100] "GET / HTTP/1.1" 200 1775 "-" "Mozilla/4.0 (compatible; MSIE 8.0; Windows NT 5.1; Trident/4.0)"
180.76.15.139 - - [25/Feb/2017:14:55:26 +0100] "GET /seiten/referenzen_maler.htm HTTP/1.1" 200 51839 "-" "Mozilla/5.0 (compatible; Baiduspider/2.0; +http://www.baidu.com/search/spider.html)"
150.70.173.11 - - [25/Feb/2017:14:55:46 +0100] "GET / HTTP/1.1" 200 1775 "-" "Mozilla/4.0 (compatible; MSIE 8.0; Windows NT 5.1; Trident/4.0)"
103.246.39.212 - - [25/Feb/2017:15:00:12 +0100] "GET / HTTP/1.1" 200 1775 "-" "Mozilla/4.0 (compatible; MSIE 7.0; Windows NT 5.1; InfoPath.1; .NET CLR 2.0.50727; .NET CLR 1.1.4322; MS-RTC LM 8; .NET CLR 3.0.4506.2152; .NET CLR 3.5.30729)"
103.246.39.212 - - [25/Feb/2017:15:00:12 +0100] "GET / HTTP/1.1" 200 1775 "-" "Mozilla/4.0 (compatible; MSIE 7.0; Windows NT 5.1; InfoPath.1; .NET CLR 2.0.50727; .NET CLR 1.1.4322; MS-RTC LM 8; .NET CLR 3.0.4506.2152; .NET CLR 3.5.30729)"
46.83.168.195 - - [25/Feb/2017:15:27:06 +0100] "GET / HTTP/1.1" 200 1775 "https://search.yahoo.com/" "Mozilla/5.0 (Windows NT 10.0; WOW64; rv:51.0) Gecko/20100101 Firefox/51.0"
46.83.168.195 - - [25/Feb/2017:15:27:06 +0100] "GET /css/style.css HTTP/1.1" 200 8567 "http://www.frb-berlin.de/" "Mozilla/5.0 (Windows NT 10.0; WOW64; rv:51.0) Gecko/20100101 Firefox/51.0"
46.83.168.195 - - [25/Feb/2017:15:27:07 +0100] "GET /img/logo.gif HTTP/1.1" 200 4275 "http://www.frb-berlin.de/" "Mozilla/5.0 (Windows NT 10.0; WOW64; rv:51.0) Gecko/20100101 Firefox/51.0"
46.83.168.195 - - [25/Feb/2017:15:27:07 +0100] "GET /favicon.ico HTTP/1.1" 404 1256 "-" "Mozilla/5.0 (Windows NT 10.0; WOW64; rv:51.0) Gecko/20100101 Firefox/51.0"
46.83.168.195 - - [25/Feb/2017:15:27:07 +0100] "GET /favicon.ico HTTP/1.1" 404 1256 "-" "Mozilla/5.0 (Windows NT 10.0; WOW64; rv:51.0) Gecko/20100101 Firefox/51.0"
46.83.168.195 - - [25/Feb/2017:15:27:09 +0100] "GET /seiten/start.htm HTTP/1.1" 200 9376 "http://www.frb-berlin.de/" "Mozilla/5.0 (Windows NT 10.0; WOW64; rv:51.0) Gecko/20100101 Firefox/51.0"
46.83.168.195 - - [25/Feb/2017:15:27:09 +0100] "GET /scripte/menu_start.js HTTP/1.1" 200 31217 "http://www.frb-berlin.de/seiten/start.htm" "Mozilla/5.0 (Windows NT 10.0; WOW64; rv:51.0) Gecko/20100101 Firefox/51.0"
46.83.168.195 - - [25/Feb/2017:15:27:09 +0100] "GET /scripte/menu_elemente.js HTTP/1.1" 200 18006 "http://www.frb-berlin.de/seiten/start.htm" "Mozilla/5.0 (Windows NT 10.0; WOW64; rv:51.0) Gecko/20100101 Firefox/51.0"
46.83.168.195 - - [25/Feb/2017:15:27:09 +0100] "GET /img/1px.gif HTTP/1.1" 200 43 "http://www.frb-berlin.de/seiten/start.htm" "Mozilla/5.0 (Windows NT 10.0; WOW64; rv:51.0) Gecko/20100101 Firefox/51.0"
46.83.168.195 - - [25/Feb/2017:15:27:09 +0100] "GET /img/head.jpg HTTP/1.1" 200 5932 "http://www.frb-berlin.de/seiten/start.htm" "Mozilla/5.0 (Windows NT 10.0; WOW64; rv:51.0) Gecko/20100101 Firefox/51.0"
46.83.168.195 - - [25/Feb/2017:15:27:09 +0100] "GET /img/lay01.jpg HTTP/1.1" 200 9336 "http://www.frb-berlin.de/seiten/start.htm" "Mozilla/5.0 (Windows NT 10.0; WOW64; rv:51.0) Gecko/20100101 Firefox/51.0"
46.83.168.195 - - [25/Feb/2017:15:27:09 +0100] "GET /img/over_logo.jpg HTTP/1.1" 200 5315 "http://www.frb-berlin.de/seiten/start.htm" "Mozilla/5.0 (Windows NT 10.0; WOW64; rv:51.0) Gecko/20100101 Firefox/51.0"
46.83.168.195 - - [25/Feb/2017:15:27:09 +0100] "GET /img/lay03.jpg HTTP/1.1" 200 15205 "http://www.frb-berlin.de/seiten/start.htm" "Mozilla/5.0 (Windows NT 10.0; WOW64; rv:51.0) Gecko/20100101 Firefox/51.0"
46.83.168.195 - - [25/Feb/2017:15:27:09 +0100] "GET /img/lay04.jpg HTTP/1.1" 200 6356 "http://www.frb-berlin.de/seiten/start.htm" "Mozilla/5.0 (Windows NT 10.0; WOW64; rv:51.0) Gecko/20100101 Firefox/51.0"
46.83.168.195 - - [25/Feb/2017:15:27:09 +0100] "GET /img/bg_links.jpg HTTP/1.1" 200 8379 "http://www.frb-berlin.de/seiten/start.htm" "Mozilla/5.0 (Windows NT 10.0; WOW64; rv:51.0) Gecko/20100101 Firefox/51.0"
46.83.168.195 - - [25/Feb/2017:15:27:09 +0100] "GET /img/bg_rechts.jpg HTTP/1.1" 200 346 "http://www.frb-berlin.de/seiten/start.htm" "Mozilla/5.0 (Windows NT 10.0; WOW64; rv:51.0) Gecko/20100101 Firefox/51.0"
46.83.168.195 - - [25/Feb/2017:15:27:09 +0100] "GET /img/lay11.jpg HTTP/1.1" 200 12218 "http://www.frb-berlin.de/seiten/start.htm" "Mozilla/5.0 (Windows NT 10.0; WOW64; rv:51.0) Gecko/20100101 Firefox/51.0"
46.83.168.195 - - [25/Feb/2017:15:27:09 +0100] "GET /seiten/main.htm HTTP/1.1" 200 2496 "http://www.frb-berlin.de/seiten/start.htm" "Mozilla/5.0 (Windows NT 10.0; WOW64; rv:51.0) Gecko/20100101 Firefox/51.0"
46.83.168.195 - - [25/Feb/2017:15:27:09 +0100] "GET /img/lay05.jpg HTTP/1.1" 200 10183 "http://www.frb-berlin.de/seiten/start.htm" "Mozilla/5.0 (Windows NT 10.0; WOW64; rv:51.0) Gecko/20100101 Firefox/51.0"
46.83.168.195 - - [25/Feb/2017:15:27:09 +0100] "GET /img/lay06.jpg HTTP/1.1" 200 11774 "http://www.frb-berlin.de/seiten/start.htm" "Mozilla/5.0 (Windows NT 10.0; WOW64; rv:51.0) Gecko/20100101 Firefox/51.0"
46.83.168.195 - - [25/Feb/2017:15:27:09 +0100] "GET /img/lay07.jpg HTTP/1.1" 200 9742 "http://www.frb-berlin.de/seiten/start.htm" "Mozilla/5.0 (Windows NT 10.0; WOW64; rv:51.0) Gecko/20100101 Firefox/51.0"
46.83.168.195 - - [25/Feb/2017:15:27:09 +0100] "GET /img/lay13.jpg HTTP/1.1" 200 428 "http://www.frb-berlin.de/seiten/start.htm" "Mozilla/5.0 (Windows NT 10.0; WOW64; rv:51.0) Gecko/20100101 Firefox/51.0"
46.83.168.195 - - [25/Feb/2017:15:27:09 +0100] "GET /img/lay08.jpg HTTP/1.1" 200 10212 "http://www.frb-berlin.de/seiten/start.htm" "Mozilla/5.0 (Windows NT 10.0; WOW64; rv:51.0) Gecko/20100101 Firefox/51.0"
46.83.168.195 - - [25/Feb/2017:15:27:09 +0100] "GET /img/bogen_o1.jpg HTTP/1.1" 200 8356 "http://www.frb-berlin.de/seiten/start.htm" "Mozilla/5.0 (Windows NT 10.0; WOW64; rv:51.0) Gecko/20100101 Firefox/51.0"
46.83.168.195 - - [25/Feb/2017:15:27:09 +0100] "GET /img/lay10.jpg HTTP/1.1" 200 12856 "http://www.frb-berlin.de/seiten/start.htm" "Mozilla/5.0 (Windows NT 10.0; WOW64; rv:51.0) Gecko/20100101 Firefox/51.0"
46.83.168.195 - - [25/Feb/2017:15:27:09 +0100] "GET /img/lay12.jpg HTTP/1.1" 200 394 "http://www.frb-berlin.de/seiten/start.htm" "Mozilla/5.0 (Windows NT 10.0; WOW64; rv:51.0) Gecko/20100101 Firefox/51.0"
46.83.168.195 - - [25/Feb/2017:15:27:09 +0100] "GET /img/farben.jpg HTTP/1.1" 200 14519 "http://www.frb-berlin.de/seiten/main.htm" "Mozilla/5.0 (Windows NT 10.0; WOW64; rv:51.0) Gecko/20100101 Firefox/51.0"
46.83.168.195 - - [25/Feb/2017:15:27:09 +0100] "GET /img/favorit_a.gif HTTP/1.1" 200 175 "http://www.frb-berlin.de/seiten/start.htm" "Mozilla/5.0 (Windows NT 10.0; WOW64; rv:51.0) Gecko/20100101 Firefox/51.0"
46.83.168.195 - - [25/Feb/2017:15:27:12 +0100] "GET /seiten/leistungen.htm HTTP/1.1" 200 3710 "http://www.frb-berlin.de/seiten/start.htm" "Mozilla/5.0 (Windows NT 10.0; WOW64; rv:51.0) Gecko/20100101 Firefox/51.0"
46.83.168.195 - - [25/Feb/2017:15:27:12 +0100] "GET /img/hg.jpg HTTP/1.1" 200 7507 "http://www.frb-berlin.de/seiten/leistungen.htm" "Mozilla/5.0 (Windows NT 10.0; WOW64; rv:51.0) Gecko/20100101 Firefox/51.0"
46.83.168.195 - - [25/Feb/2017:15:27:23 +0100] "GET /seiten/ueber_uns.htm HTTP/1.1" 200 2081 "http://www.frb-berlin.de/seiten/start.htm" "Mozilla/5.0 (Windows NT 10.0; WOW64; rv:51.0) Gecko/20100101 Firefox/51.0"
46.83.168.195 - - [25/Feb/2017:15:27:33 +0100] "GET /seiten/referenzen.htm HTTP/1.1" 200 3626 "http://www.frb-berlin.de/seiten/start.htm" "Mozilla/5.0 (Windows NT 10.0; WOW64; rv:51.0) Gecko/20100101 Firefox/51.0"
46.83.168.195 - - [25/Feb/2017:15:27:33 +0100] "GET /img/pdf.gif HTTP/1.1" 200 286 "http://www.frb-berlin.de/seiten/referenzen.htm" "Mozilla/5.0 (Windows NT 10.0; WOW64; rv:51.0) Gecko/20100101 Firefox/51.0"
46.83.168.195 - - [25/Feb/2017:15:27:34 +0100] "GET /seiten/kontakt.php HTTP/1.1" 200 6708 "http://www.frb-berlin.de/seiten/start.htm" "Mozilla/5.0 (Windows NT 10.0; WOW64; rv:51.0) Gecko/20100101 Firefox/51.0"
46.229.164.102 - - [25/Feb/2017:15:42:30 +0100] "GET /robots.txt HTTP/1.1" 404 1256 "-" "Mozilla/5.0 (compatible; SemrushBot/1.2~bl; +http://www.semrush.com/bot.html)"
180.76.15.31 - - [25/Feb/2017:15:43:02 +0100] "GET / HTTP/1.1" 200 1775 "-" "Mozilla/5.0 (compatible; Baiduspider/2.0; +http://www.baidu.com/search/spider.html)"
180.76.15.148 - - [25/Feb/2017:15:44:11 +0100] "GET / HTTP/1.1" 200 1775 "-" "Mozilla/5.0 (compatible; Baiduspider/2.0; +http://www.baidu.com/search/spider.html)"
85.25.210.234 - - [25/Feb/2017:16:21:53 +0100] "GET /robots.txt HTTP/1.1" 404 1256 "-" "Mozilla/5.0 (compatible; seoscanners.net/1; +spider@seoscanners.net)"
85.25.210.234 - - [25/Feb/2017:16:21:53 +0100] "GET /seiten/referenzen_waerme.htm HTTP/1.1" 200 35661 "-" "Mozilla/5.0 (compatible; seoscanners.net/1; +spider@seoscanners.net)"
87.230.17.72 - - [25/Feb/2017:16:24:50 +0100] "GET / HTTP/1.1" 200 1775 "-" "ImplisenseBot 1.0"
87.230.17.72 - - [25/Feb/2017:16:24:50 +0100] "GET /seiten/start.htm HTTP/1.1" 200 9376 "-" "ImplisenseBot 1.0"
87.230.17.72 - - [25/Feb/2017:16:24:51 +0100] "GET /seiten/impressum.htm HTTP/1.1" 200 4643 "-" "ImplisenseBot 1.0"
87.230.17.72 - - [25/Feb/2017:16:24:51 +0100] "GET / HTTP/1.1" 200 1775 "-" "ImplisenseBot 1.0"
87.230.17.72 - - [25/Feb/2017:16:24:51 +0100] "GET /robots.txt HTTP/1.1" 404 1256 "-" "ImplisenseBot 1.0"
87.230.17.72 - - [25/Feb/2017:16:24:51 +0100] "GET /seiten/start.htm HTTP/1.1" 200 9376 "-" "ImplisenseBot 1.0"
87.230.17.72 - - [25/Feb/2017:16:24:51 +0100] "GET / HTTP/1.1" 200 1775 "-" "ImplisenseBot 1.0"
87.230.17.72 - - [25/Feb/2017:16:24:51 +0100] "GET /seiten/main.htm HTTP/1.1" 200 2496 "-" "ImplisenseBot 1.0"
87.230.17.72 - - [25/Feb/2017:16:24:52 +0100] "GET /seiten/ueber_uns.htm HTTP/1.1" 200 2081 "-" "ImplisenseBot 1.0"
87.230.17.72 - - [25/Feb/2017:16:24:52 +0100] "GET /seiten/ausbildung.htm HTTP/1.1" 200 2131 "-" "ImplisenseBot 1.0"
87.230.17.72 - - [25/Feb/2017:16:24:53 +0100] "GET /seiten/leistungen.htm HTTP/1.1" 200 3710 "-" "ImplisenseBot 1.0"
87.230.17.72 - - [25/Feb/2017:16:24:53 +0100] "GET /seiten/referenzen.htm HTTP/1.1" 200 3626 "-" "ImplisenseBot 1.0"
87.230.17.72 - - [25/Feb/2017:16:24:54 +0100] "GET /seiten/kontakt.php HTTP/1.1" 200 6708 "-" "ImplisenseBot 1.0"
87.230.17.72 - - [25/Feb/2017:16:24:55 +0100] "GET /seiten/links.htm HTTP/1.1" 200 1543 "-" "ImplisenseBot 1.0"
87.230.17.72 - - [25/Feb/2017:16:24:55 +0100] "GET /seiten/impressum.htm HTTP/1.1" 200 4643 "-" "ImplisenseBot 1.0"
87.230.17.72 - - [25/Feb/2017:16:24:56 +0100] "GET /seiten/ausbildung2.htm HTTP/1.1" 200 4821 "-" "ImplisenseBot 1.0"
87.230.17.72 - - [25/Feb/2017:16:24:56 +0100] "GET /seiten/ausbildung3.htm HTTP/1.1" 200 6331 "-" "ImplisenseBot 1.0"
87.230.17.72 - - [25/Feb/2017:16:24:57 +0100] "GET /seiten/referenzen_maler.htm HTTP/1.1" 200 51839 "-" "ImplisenseBot 1.0"
87.230.17.72 - - [25/Feb/2017:16:24:57 +0100] "GET /seiten/referenzen_waerme.htm HTTP/1.1" 200 35661 "-" "ImplisenseBot 1.0"
87.230.17.72 - - [25/Feb/2017:16:24:58 +0100] "GET /seiten/referenzen_beton.htm HTTP/1.1" 200 8747 "-" "ImplisenseBot 1.0"
87.230.17.72 - - [25/Feb/2017:16:24:59 +0100] "GET /seiten/impressum.htm#top HTTP/1.1" 200 4643 "-" "ImplisenseBot 1.0"
87.230.17.72 - - [25/Feb/2017:16:24:59 +0100] "GET /seiten/ausbildung2.htm#top HTTP/1.1" 200 4821 "-" "ImplisenseBot 1.0"
87.230.17.72 - - [25/Feb/2017:16:25:00 +0100] "GET /seiten/ausbildung3.htm#top HTTP/1.1" 200 6331 "-" "ImplisenseBot 1.0"
87.230.17.72 - - [25/Feb/2017:16:25:01 +0100] "GET /seiten/referenzen_maler.htm#top HTTP/1.1" 200 51839 "-" "ImplisenseBot 1.0"
62.138.0.25 - - [25/Feb/2017:17:37:40 +0100] "GET /robots.txt HTTP/1.1" 404 1256 "-" "Mozilla/5.0 (compatible; seoscanners.net/1; +spider@seoscanners.net)"
62.138.0.25 - - [25/Feb/2017:17:37:40 +0100] "GET /dokumente/ReferenzenBeton.pdf HTTP/1.1" 200 10270 "-" "Mozilla/5.0 (compatible; seoscanners.net/1; +spider@seoscanners.net)"
85.25.210.41 - - [25/Feb/2017:18:17:15 +0100] "GET /robots.txt HTTP/1.1" 404 1256 "-" "Mozilla/5.0 (compatible; seoscanners.net/1; +spider@seoscanners.net)"
85.25.210.41 - - [25/Feb/2017:18:17:16 +0100] "GET /seiten/referenzen_beton.htm HTTP/1.1" 200 8747 "-" "Mozilla/5.0 (compatible; seoscanners.net/1; +spider@seoscanners.net)"
180.76.15.138 - - [25/Feb/2017:18:47:17 +0100] "GET / HTTP/1.1" 200 1775 "-" "Mozilla/5.0 (compatible; Baiduspider/2.0; +http://www.baidu.com/search/spider.html)"
180.76.15.16 - - [25/Feb/2017:18:48:31 +0100] "GET / HTTP/1.1" 200 1775 "-" "Mozilla/5.0 (compatible; Baiduspider/2.0; +http://www.baidu.com/search/spider.html)"
213.61.218.76 - - [25/Feb/2017:19:44:46 +0100] "GET /robots.txt HTTP/1.1" 404 1256 "-" "Jobsearch1.5"
213.61.218.76 - - [25/Feb/2017:19:44:46 +0100] "GET /seiten/ausbildung.htm HTTP/1.1" 200 2131 "-" "Jobsearch1.5"
180.76.15.27 - - [25/Feb/2017:19:46:35 +0100] "GET / HTTP/1.1" 200 1775 "-" "Mozilla/5.0 (compatible; Baiduspider/2.0; +http://www.baidu.com/search/spider.html)"
163.172.66.66 - - [25/Feb/2017:19:47:15 +0100] "GET /seiten/ausbildung3.htm HTTP/1.1" 200 6331 "-" "Mozilla/5.0 (compatible; AhrefsBot/5.2; +http://ahrefs.com/robot/)"
151.80.39.18 - - [25/Feb/2017:19:47:23 +0100] "GET /robots.txt HTTP/1.1" 404 1256 "-" "Mozilla/5.0 (compatible; AhrefsBot/5.2; +http://ahrefs.com/robot/)"
180.76.15.146 - - [25/Feb/2017:19:47:51 +0100] "GET / HTTP/1.1" 200 1775 "-" "Mozilla/5.0 (compatible; Baiduspider/2.0; +http://www.baidu.com/search/spider.html)"
85.25.210.41 - - [25/Feb/2017:20:33:26 +0100] "GET /robots.txt HTTP/1.1" 404 1256 "-" "Mozilla/5.0 (compatible; seoscanners.net/1; +spider@seoscanners.net)"
85.25.210.41 - - [25/Feb/2017:20:33:27 +0100] "GET /seiten/referenzen_maler.htm HTTP/1.1" 200 51839 "-" "Mozilla/5.0 (compatible; seoscanners.net/1; +spider@seoscanners.net)"
66.249.64.63 - - [25/Feb/2017:20:57:42 +0100] "GET /robots.txt HTTP/1.1" 404 1256 "-" "Mozilla/5.0 (compatible; Googlebot/2.1; +http://www.google.com/bot.html)"
66.249.64.5 - - [25/Feb/2017:20:57:42 +0100] "GET / HTTP/1.1" 200 1775 "-" "Mozilla/5.0 (compatible; Googlebot/2.1; +http://www.google.com/bot.html)"
5.102.173.71 - - [25/Feb/2017:21:17:33 +0100] "GET /seiten/leistungen.htm HTTP/1.1" 200 3710 "-" "Mozilla/5.0 (compatible; MojeekBot/0.6; +https://www.mojeek.com/bot.html)"
81.209.177.189 - - [25/Feb/2017:21:56:48 +0100] "GET /robots.txt HTTP/1.1" 404 1256 "-" "netEstate NE Crawler (+http://www.website-datenbank.de/)"
81.209.177.189 - - [25/Feb/2017:21:56:50 +0100] "GET / HTTP/1.1" 200 1775 "-" "netEstate NE Crawler (+http://www.website-datenbank.de/)"
81.209.177.189 - - [25/Feb/2017:21:57:03 +0100] "GET /seiten/start.htm HTTP/1.1" 200 9376 "-" "netEstate NE Crawler (+http://www.website-datenbank.de/)"
81.209.177.136 - - [25/Feb/2017:21:57:13 +0100] "GET /seiten/ueber_uns.htm HTTP/1.1" 200 2081 "-" "netEstate NE Crawler (+http://www.website-datenbank.de/)"
81.209.177.189 - - [25/Feb/2017:21:57:22 +0100] "GET /seiten/leistungen.htm HTTP/1.1" 200 3710 "-" "netEstate NE Crawler (+http://www.website-datenbank.de/)"
81.209.177.189 - - [25/Feb/2017:21:57:34 +0100] "GET /seiten/main.htm HTTP/1.1" 200 2496 "-" "netEstate NE Crawler (+http://www.website-datenbank.de/)"
81.209.177.189 - - [25/Feb/2017:21:57:46 +0100] "GET /seiten/kontakt.php HTTP/1.1" 200 6708 "-" "netEstate NE Crawler (+http://www.website-datenbank.de/)"
81.209.177.189 - - [25/Feb/2017:21:57:59 +0100] "GET /seiten/impressum.htm HTTP/1.1" 200 4643 "-" "netEstate NE Crawler (+http://www.website-datenbank.de/)"
81.209.177.136 - - [25/Feb/2017:21:58:10 +0100] "GET /seiten/links.htm HTTP/1.1" 200 1543 "-" "netEstate NE Crawler (+http://www.website-datenbank.de/)"
81.209.177.189 - - [25/Feb/2017:21:58:19 +0100] "GET /seiten/ausbildung.htm HTTP/1.1" 200 2131 "-" "netEstate NE Crawler (+http://www.website-datenbank.de/)"
81.209.177.189 - - [25/Feb/2017:21:58:31 +0100] "GET /seiten/ausbildung2.htm HTTP/1.1" 200 4821 "-" "netEstate NE Crawler (+http://www.website-datenbank.de/)"
81.209.177.189 - - [25/Feb/2017:21:58:44 +0100] "GET /seiten/ausbildung3.htm HTTP/1.1" 200 6331 "-" "netEstate NE Crawler (+http://www.website-datenbank.de/)"
81.209.177.189 - - [25/Feb/2017:21:58:59 +0100] "GET / HTTP/1.1" 200 1775 "-" "netEstate NE Crawler (+http://www.website-datenbank.de/)"
81.209.177.136 - - [25/Feb/2017:21:59:08 +0100] "GET /seiten/referenzen.htm HTTP/1.1" 200 3626 "-" "netEstate NE Crawler (+http://www.website-datenbank.de/)"
81.209.177.189 - - [25/Feb/2017:21:59:16 +0100] "GET /seiten/referenzen_waerme.htm HTTP/1.1" 200 35661 "-" "netEstate NE Crawler (+http://www.website-datenbank.de/)"
81.209.177.189 - - [25/Feb/2017:21:59:29 +0100] "GET /seiten/referenzen_beton.htm HTTP/1.1" 200 8747 "-" "netEstate NE Crawler (+http://www.website-datenbank.de/)"
81.209.177.136 - - [25/Feb/2017:21:59:38 +0100] "GET /seiten/referenzen_maler.htm HTTP/1.1" 200 51839 "-" "netEstate NE Crawler (+http://www.website-datenbank.de/)"
208.43.225.84 - - [25/Feb/2017:23:21:59 +0100] "GET /robots.txt HTTP/1.1" 404 1256 "-" "Mozilla/5.0 (compatible; SiteExplorer/1.1b; +http://siteexplorer.info/Backlink-Checker-Spider/)"
208.43.225.84 - - [25/Feb/2017:23:22:01 +0100] "GET /seiten/referenzen_maler.htm HTTP/1.1" 200 51839 "-" "Mozilla/5.0 (compatible; SiteExplorer/1.1b; +http://siteexplorer.info/Backlink-Checker-Spider/)"
208.43.225.84 - - [25/Feb/2017:23:22:04 +0100] "GET /seiten/start.htm HTTP/1.1" 200 9376 "-" "Mozilla/5.0 (compatible; SiteExplorer/1.1b; +http://siteexplorer.info/Backlink-Checker-Spider/)"
208.43.225.84 - - [25/Feb/2017:23:22:07 +0100] "GET /seiten/ausbildung3.htm HTTP/1.1" 200 6331 "-" "Mozilla/5.0 (compatible; SiteExplorer/1.1b; +http://siteexplorer.info/Backlink-Checker-Spider/)"
208.43.225.84 - - [25/Feb/2017:23:22:10 +0100] "GET /seiten/referenzen_waerme.htm HTTP/1.1" 200 35661 "-" "Mozilla/5.0 (compatible; SiteExplorer/1.1b; +http://siteexplorer.info/Backlink-Checker-Spider/)"
208.43.225.84 - - [25/Feb/2017:23:22:12 +0100] "GET /seiten/ausbildung2.htm HTTP/1.1" 200 4821 "-" "Mozilla/5.0 (compatible; SiteExplorer/1.1b; +http://siteexplorer.info/Backlink-Checker-Spider/)"
208.43.225.84 - - [25/Feb/2017:23:22:15 +0100] "GET / HTTP/1.1" 200 1775 "-" "Mozilla/5.0 (compatible; SiteExplorer/1.1b; +http://siteexplorer.info/Backlink-Checker-Spider/)"
208.43.225.84 - - [25/Feb/2017:23:22:17 +0100] "GET /seiten/referenzen_beton.htm HTTP/1.1" 200 8747 "-" "Mozilla/5.0 (compatible; SiteExplorer/1.1b; +http://siteexplorer.info/Backlink-Checker-Spider/)"
180.76.15.28 - - [25/Feb/2017:23:45:11 +0100] "GET / HTTP/1.1" 200 1775 "-" "Mozilla/5.0 (compatible; Baiduspider/2.0; +http://www.baidu.com/search/spider.html)"
180.76.15.30 - - [25/Feb/2017:23:46:22 +0100] "GET / HTTP/1.1" 200 1775 "-" "Mozilla/5.0 (compatible; Baiduspider/2.0; +http://www.baidu.com/search/spider.html)"
46.229.168.74 - - [26/Feb/2017:00:04:36 +0100] "GET /seiten/start.htm HTTP/1.1" 200 9376 "-" "Mozilla/5.0 (compatible; SemrushBot/1.2~bl; +http://www.semrush.com/bot.html)"
46.229.168.75 - - [26/Feb/2017:00:04:54 +0100] "GET /seiten/referenzen_waerme.htm HTTP/1.1" 200 35661 "-" "Mozilla/5.0 (compatible; SemrushBot/1.2~bl; +http://www.semrush.com/bot.html)"
46.229.168.65 - - [26/Feb/2017:00:05:18 +0100] "GET /seiten/links.htm HTTP/1.1" 200 1543 "-" "Mozilla/5.0 (compatible; SemrushBot/1.2~bl; +http://www.semrush.com/bot.html)"
46.229.168.72 - - [26/Feb/2017:00:05:30 +0100] "GET / HTTP/1.1" 200 1775 "-" "Mozilla/5.0 (compatible; SemrushBot/1.2~bl; +http://www.semrush.com/bot.html)"
46.229.168.69 - - [26/Feb/2017:00:05:54 +0100] "GET /seiten/main.htm HTTP/1.1" 200 2496 "-" "Mozilla/5.0 (compatible; SemrushBot/1.2~bl; +http://www.semrush.com/bot.html)"
46.229.168.71 - - [26/Feb/2017:00:06:06 +0100] "GET /seiten/referenzen.htm HTTP/1.1" 200 3626 "-" "Mozilla/5.0 (compatible; SemrushBot/1.2~bl; +http://www.semrush.com/bot.html)"
46.229.168.73 - - [26/Feb/2017:00:06:24 +0100] "GET /seiten/impressum.htm HTTP/1.1" 200 4643 "-" "Mozilla/5.0 (compatible; SemrushBot/1.2~bl; +http://www.semrush.com/bot.html)"
46.229.168.69 - - [26/Feb/2017:00:06:48 +0100] "GET /seiten/ausbildung2.htm HTTP/1.1" 200 4821 "-" "Mozilla/5.0 (compatible; SemrushBot/1.2~bl; +http://www.semrush.com/bot.html)"
46.229.168.69 - - [26/Feb/2017:00:07:06 +0100] "GET /seiten/ueber_uns.htm HTTP/1.1" 200 2081 "-" "Mozilla/5.0 (compatible; SemrushBot/1.2~bl; +http://www.semrush.com/bot.html)"
138.201.30.66 - - [26/Feb/2017:00:16:22 +0100] "GET /robots.txt HTTP/1.0" 404 1256 "-" "Mozilla/5.0 (compatible; SEOkicks-Robot; +http://www.seokicks.de/robot.html)"
138.201.30.66 - - [26/Feb/2017:00:16:23 +0100] "GET / HTTP/1.0" 200 1775 "-" "Mozilla/5.0 (compatible; SEOkicks-Robot; +http://www.seokicks.de/robot.html)"
138.201.30.66 - - [26/Feb/2017:00:16:25 +0100] "GET /css/style.css HTTP/1.0" 200 8567 "http://www.frb-berlin.de/" "Mozilla/5.0 (compatible; SEOkicks-Robot; +http://www.seokicks.de/robot.html)"
138.201.30.66 - - [26/Feb/2017:00:16:26 +0100] "GET /seiten/start.htm HTTP/1.0" 200 9376 "http://www.frb-berlin.de/" "Mozilla/5.0 (compatible; SEOkicks-Robot; +http://www.seokicks.de/robot.html)"
138.201.30.66 - - [26/Feb/2017:00:16:28 +0100] "GET /scripte/menu_start.js HTTP/1.0" 200 31217 "http://www.frb-berlin.de/seiten/start.htm" "Mozilla/5.0 (compatible; SEOkicks-Robot; +http://www.seokicks.de/robot.html)"
138.201.30.66 - - [26/Feb/2017:00:16:29 +0100] "GET /scripte/menu_elemente.js HTTP/1.0" 200 18006 "http://www.frb-berlin.de/seiten/start.htm" "Mozilla/5.0 (compatible; SEOkicks-Robot; +http://www.seokicks.de/robot.html)"
138.201.30.66 - - [26/Feb/2017:00:16:31 +0100] "GET /seiten/main.htm HTTP/1.0" 200 2496 "http://www.frb-berlin.de/seiten/start.htm" "Mozilla/5.0 (compatible; SEOkicks-Robot; +http://www.seokicks.de/robot.html)"
138.201.30.66 - - [26/Feb/2017:00:16:32 +0100] "GET /seiten/ueber_uns.htm HTTP/1.0" 200 2081 "http://www.frb-berlin.de/seiten/start.htm" "Mozilla/5.0 (compatible; SEOkicks-Robot; +http://www.seokicks.de/robot.html)"
138.201.30.66 - - [26/Feb/2017:00:16:34 +0100] "GET /seiten/ausbildung.htm HTTP/1.0" 200 2131 "http://www.frb-berlin.de/seiten/start.htm" "Mozilla/5.0 (compatible; SEOkicks-Robot; +http://www.seokicks.de/robot.html)"
5.102.173.71 - - [26/Feb/2017:00:24:35 +0100] "GET /seiten/ausbildung2.htm HTTP/1.1" 200 4821 "-" "Mozilla/5.0 (compatible; MojeekBot/0.6; +https://www.mojeek.com/bot.html)"
66.249.64.2 - - [26/Feb/2017:00:38:08 +0100] "GET /seiten/referenzen.htm HTTP/1.1" 200 3626 "-" "Mozilla/5.0 (compatible; Googlebot/2.1; +http://www.google.com/bot.html)"
66.249.64.2 - - [26/Feb/2017:01:54:09 +0100] "GET /seiten/leistungen.htm HTTP/1.1" 200 3710 "-" "Mozilla/5.0 (compatible; Googlebot/2.1; +http://www.google.com/bot.html)"
66.249.64.63 - - [26/Feb/2017:03:09:42 +0100] "GET /seiten/ausbildung.htm HTTP/1.1" 200 2131 "-" "Mozilla/5.0 (compatible; Googlebot/2.1; +http://www.google.com/bot.html)"
180.76.15.30 - - [26/Feb/2017:03:42:54 +0100] "GET / HTTP/1.1" 200 1775 "-" "Mozilla/5.0 (compatible; Baiduspider/2.0; +http://www.baidu.com/search/spider.html)"
180.76.15.26 - - [26/Feb/2017:03:44:05 +0100] "GET / HTTP/1.1" 200 1775 "-" "Mozilla/5.0 (compatible; Baiduspider/2.0; +http://www.baidu.com/search/spider.html)"
66.249.64.2 - - [26/Feb/2017:06:40:45 +0100] "GET / HTTP/1.1" 200 1775 "-" "Mozilla/5.0 (compatible; Googlebot/2.1; +http://www.google.com/bot.html)"
66.249.64.63 - - [26/Feb/2017:06:40:46 +0100] "GET /css/style.css HTTP/1.1" 200 8567 "http://www.frb-berlin.de/" "Mozilla/5.0 (compatible; Googlebot/2.1; +http://www.google.com/bot.html)"
66.249.64.5 - - [26/Feb/2017:06:57:03 +0100] "GET /seiten/ausbildung2.htm HTTP/1.1" 200 4821 "-" "Mozilla/5.0 (compatible; Googlebot/2.1; +http://www.google.com/bot.html)"
180.76.15.20 - - [26/Feb/2017:07:46:54 +0100] "GET / HTTP/1.1" 200 1775 "-" "Mozilla/5.0 (compatible; Baiduspider/2.0; +http://www.baidu.com/search/spider.html)"
180.76.15.135 - - [26/Feb/2017:07:48:08 +0100] "GET / HTTP/1.1" 200 1775 "-" "Mozilla/5.0 (compatible; Baiduspider/2.0; +http://www.baidu.com/search/spider.html)"
213.61.218.76 - - [26/Feb/2017:09:04:49 +0100] "GET /robots.txt HTTP/1.1" 404 1256 "-" "Jobsearch1.5"
213.61.218.76 - - [26/Feb/2017:09:04:50 +0100] "GET /seiten/ausbildung.htm HTTP/1.1" 200 2131 "-" "Jobsearch1.5"
66.249.64.2 - - [26/Feb/2017:09:17:58 +0100] "GET /robots.txt HTTP/1.1" 404 1256 "-" "Mozilla/5.0 (compatible; Googlebot/2.1; +http://www.google.com/bot.html)"
66.249.64.5 - - [26/Feb/2017:09:17:58 +0100] "GET / HTTP/1.1" 200 1775 "-" "Mozilla/5.0 (compatible; Googlebot/2.1; +http://www.google.com/bot.html)"
180.76.15.135 - - [26/Feb/2017:11:43:19 +0100] "GET / HTTP/1.1" 200 1775 "-" "Mozilla/5.0 (compatible; Baiduspider/2.0; +http://www.baidu.com/search/spider.html)"
180.76.15.17 - - [26/Feb/2017:11:44:31 +0100] "GET / HTTP/1.1" 200 1775 "-" "Mozilla/5.0 (compatible; Baiduspider/2.0; +http://www.baidu.com/search/spider.html)"
66.249.64.2 - - [26/Feb/2017:13:16:00 +0100] "GET /seiten/ausbildung3.htm HTTP/1.1" 200 6331 "-" "Mozilla/5.0 (compatible; Googlebot/2.1; +http://www.google.com/bot.html)"
157.55.39.97 - - [26/Feb/2017:13:19:10 +0100] "GET /seiten/referenzen_maler.htm HTTP/1.1" 200 51839 "-" "Mozilla/5.0 (iPhone; CPU iPhone OS 7_0 like Mac OS X) AppleWebKit/537.51.1 (KHTML, like Gecko) Version/7.0 Mobile/11A465 Safari/9537.53 (compatible; bingbot/2.0; +http://www.bing.com/bingbot.htm)"
40.77.167.97 - - [26/Feb/2017:13:19:27 +0100] "GET /robots.txt HTTP/1.1" 404 1256 "-" "Mozilla/5.0 (compatible; bingbot/2.0; +http://www.bing.com/bingbot.htm)"
40.77.167.100 - - [26/Feb/2017:13:19:37 +0100] "GET /css/style.css HTTP/1.1" 200 8567 "-" "Mozilla/5.0 (iPhone; CPU iPhone OS 7_0 like Mac OS X) AppleWebKit/537.51.1 (KHTML, like Gecko) Version/7.0 Mobile/11A465 Safari/9537.53 (compatible; bingbot/2.0; +http://www.bing.com/bingbot.htm)"
66.249.64.2 - - [26/Feb/2017:14:31:47 +0100] "GET /seiten/referenzen_maler.htm HTTP/1.1" 200 51839 "-" "Mozilla/5.0 (compatible; Googlebot/2.1; +http://www.google.com/bot.html)"
162.247.72.216 - - [26/Feb/2017:14:53:17 +0100] "GET / HTTP/1.1" 200 1775 "-" "Mozilla/5.0 (Macintosh; Intel Mac OS X 10_11) AppleWebKit/601.1.56 (KHTML, like Gecko) Version/9.0 Safari/601.1.56"
66.249.64.63 - - [26/Feb/2017:15:04:50 +0100] "GET /seiten/referenzen_beton.htm HTTP/1.1" 200 8747 "-" "Mozilla/5.0 (compatible; Googlebot/2.1; +http://www.google.com/bot.html)"
66.249.64.5 - - [26/Feb/2017:15:05:51 +0100] "GET /seiten/referenzen_waerme.htm HTTP/1.1" 200 35661 "-" "Mozilla/5.0 (compatible; Googlebot/2.1; +http://www.google.com/bot.html)"
46.229.164.102 - - [26/Feb/2017:15:30:50 +0100] "GET /robots.txt HTTP/1.1" 404 1256 "-" "Mozilla/5.0 (compatible; SemrushBot/1.2~bl; +http://www.semrush.com/bot.html)"
91.23.0.113 - - [26/Feb/2017:17:54:19 +0100] "GET /css/style.css HTTP/1.1" 200 8567 "http://www.frb-berlin.de/seiten/referenzen_maler.htm" "Mozilla/5.0 (Windows NT 6.3; WOW64; rv:51.0) Gecko/20100101 Firefox/51.0"
91.23.0.113 - - [26/Feb/2017:17:54:19 +0100] "GET /seiten/referenzen_maler.htm HTTP/1.1" 200 51839 "https://www.google.de/" "Mozilla/5.0 (Windows NT 6.3; WOW64; rv:51.0) Gecko/20100101 Firefox/51.0"
91.23.0.113 - - [26/Feb/2017:17:54:19 +0100] "GET /img/top.gif HTTP/1.1" 200 950 "http://www.frb-berlin.de/seiten/referenzen_maler.htm" "Mozilla/5.0 (Windows NT 6.3; WOW64; rv:51.0) Gecko/20100101 Firefox/51.0"
91.23.0.113 - - [26/Feb/2017:17:54:19 +0100] "GET /favicon.ico HTTP/1.1" 404 1256 "-" "Mozilla/5.0 (Windows NT 6.3; WOW64; rv:51.0) Gecko/20100101 Firefox/51.0"
77.75.76.166 - - [26/Feb/2017:18:04:10 +0100] "GET /robots.txt HTTP/1.1" 404 1256 "-" "Mozilla/5.0 (compatible; SeznamBot/3.2; +http://napoveda.seznam.cz/en/seznambot-intro/)"
77.75.76.166 - - [26/Feb/2017:18:04:13 +0100] "GET /img/logo.gif HTTP/1.1" 304 - "-" "Mozilla/5.0 (compatible; SeznamBot/3.2; +http://napoveda.seznam.cz/en/seznambot-intro/)"
81.209.177.16 - - [26/Feb/2017:18:11:36 +0100] "GET /robots.txt HTTP/1.1" 404 1256 "-" "netEstate NE Crawler (+http://www.website-datenbank.de/)"
81.209.177.16 - - [26/Feb/2017:18:11:36 +0100] "GET / HTTP/1.1" 200 1775 "-" "netEstate NE Crawler (+http://www.website-datenbank.de/)"
81.209.177.16 - - [26/Feb/2017:18:11:36 +0100] "GET /seiten/start.htm HTTP/1.1" 200 9376 "-" "netEstate NE Crawler (+http://www.website-datenbank.de/)"
81.209.177.16 - - [26/Feb/2017:18:11:36 +0100] "GET /seiten/impressum.htm HTTP/1.1" 200 4643 "-" "netEstate NE Crawler (+http://www.website-datenbank.de/)"
81.209.177.16 - - [26/Feb/2017:18:11:37 +0100] "GET / HTTP/1.1" 200 1775 "-" "netEstate NE Crawler (+http://www.website-datenbank.de/)"
66.249.66.20 - - [26/Feb/2017:18:31:19 +0100] "GET / HTTP/1.1" 200 1775 "-" "Mozilla/5.0 (compatible; Googlebot/2.1; +http://www.google.com/bot.html)"
180.76.15.139 - - [26/Feb/2017:18:47:35 +0100] "GET / HTTP/1.1" 200 1775 "-" "Mozilla/5.0 (compatible; Baiduspider/2.0; +http://www.baidu.com/search/spider.html)"
180.76.15.20 - - [26/Feb/2017:18:48:50 +0100] "GET / HTTP/1.1" 200 1775 "-" "Mozilla/5.0 (compatible; Baiduspider/2.0; +http://www.baidu.com/search/spider.html)"
180.76.15.163 - - [26/Feb/2017:19:45:55 +0100] "GET / HTTP/1.1" 200 1775 "-" "Mozilla/5.0 (compatible; Baiduspider/2.0; +http://www.baidu.com/search/spider.html)"
180.76.15.143 - - [26/Feb/2017:19:47:06 +0100] "GET / HTTP/1.1" 200 1775 "-" "Mozilla/5.0 (compatible; Baiduspider/2.0; +http://www.baidu.com/search/spider.html)"
66.249.66.20 - - [26/Feb/2017:20:09:40 +0100] "GET /dokumente/ReferenzenWarme.pdf HTTP/1.1" 200 14947 "-" "Mozilla/5.0 (compatible; Googlebot/2.1; +http://www.google.com/bot.html)"
66.249.66.17 - - [26/Feb/2017:21:24:48 +0100] "GET /dokumente/ReferenzenBeton.pdf HTTP/1.1" 200 10270 "-" "Mozilla/5.0 (compatible; Googlebot/2.1; +http://www.google.com/bot.html)"
66.249.66.23 - - [26/Feb/2017:21:24:48 +0100] "GET /robots.txt HTTP/1.1" 404 1256 "-" "Mozilla/5.0 (compatible; Googlebot/2.1; +http://www.google.com/bot.html)"
5.255.251.7 - - [26/Feb/2017:22:51:00 +0100] "GET /robots.txt HTTP/1.1" 404 1256 "-" "Mozilla/5.0 (compatible; YandexBot/3.0; +http://yandex.com/bots)"
5.255.251.7 - - [26/Feb/2017:22:51:04 +0100] "GET /seiten/leistungen.htm HTTP/1.1" 200 3710 "-" "Mozilla/5.0 (compatible; YandexBot/3.0; +http://yandex.com/bots)"
5.255.251.2 - - [26/Feb/2017:22:51:08 +0100] "GET / HTTP/1.1" 200 1775 "-" "Mozilla/5.0 (compatible; YandexBot/3.0; +http://yandex.com/bots)"
5.255.251.2 - - [26/Feb/2017:22:51:12 +0100] "GET /seiten/start.htm HTTP/1.1" 200 9376 "-" "Mozilla/5.0 (compatible; YandexBot/3.0; +http://yandex.com/bots)"
5.255.251.2 - - [26/Feb/2017:22:51:16 +0100] "GET /seiten/ueber_uns.htm HTTP/1.1" 200 2081 "-" "Mozilla/5.0 (compatible; YandexBot/3.0; +http://yandex.com/bots)"
213.61.218.99 - - [26/Feb/2017:23:30:38 +0100] "GET /robots.txt HTTP/1.1" 404 1256 "-" "Jobsearch1.5"
213.61.218.99 - - [26/Feb/2017:23:30:38 +0100] "GET /seiten/ausbildung.htm HTTP/1.1" 200 2131 "-" "Jobsearch1.5"
180.76.15.159 - - [26/Feb/2017:23:45:58 +0100] "GET / HTTP/1.1" 200 1775 "-" "Mozilla/5.0 (compatible; Baiduspider/2.0; +http://www.baidu.com/search/spider.html)"
180.76.15.149 - - [26/Feb/2017:23:47:11 +0100] "GET / HTTP/1.1" 200 1775 "-" "Mozilla/5.0 (compatible; Baiduspider/2.0; +http://www.baidu.com/search/spider.html)"
144.76.153.198 - - [27/Feb/2017:02:42:40 +0100] "GET / HTTP/1.1" 200 1775 "-" "Mozilla/5.0 (Macintosh; Intel Mac OS X 10_8_3) AppleWebKit/537.36 (KHTML, like Gecko) Chrome/27.0.1453.93 Safari/537.36"
144.76.153.198 - - [27/Feb/2017:02:42:47 +0100] "GET /seiten/start.htm HTTP/1.1" 200 9376 "-" "Mozilla/5.0 (Windows NT 6.1; rv:21.0) Gecko/20130328 Firefox/21.0"
144.76.153.198 - - [27/Feb/2017:02:42:51 +0100] "GET /seiten/main.htm HTTP/1.1" 200 2496 "-" "Mozilla/5.0 (X11; U; Linux i686; en-US; rv:1.9.1.16) Gecko/20120421 Firefox/11.0"
144.76.153.198 - - [27/Feb/2017:02:42:51 +0100] "GET /seiten/leistungen.htm HTTP/1.1" 200 3710 "-" "Mozilla/5.0 (X11; Ubuntu; Linux x86_64; rv:14.0) Gecko/20100101 Firefox/14.0.1"
144.76.153.198 - - [27/Feb/2017:02:42:51 +0100] "GET /seiten/ueber_uns.htm HTTP/1.1" 200 2081 "-" "Mozilla/5.0 (Windows NT 5.1) AppleWebKit/537.36 (KHTML, like Gecko) Chrome/27.0.1453.93 Safari/537.36"
144.76.153.198 - - [27/Feb/2017:02:42:52 +0100] "GET /seiten/impressum.htm HTTP/1.1" 200 4643 "-" "Mozilla/5.0 (Windows NT 6.1; WOW64; rv:21.0) Gecko/20130331 Firefox/21.0"
144.76.153.198 - - [27/Feb/2017:02:42:51 +0100] "GET /seiten/kontakt.php HTTP/1.1" 200 6708 "-" "Mozilla/5.0 (Windows NT 6.2; rv:16.0) Gecko/20100101 Firefox/16.0"
180.76.15.17 - - [27/Feb/2017:03:42:55 +0100] "GET / HTTP/1.1" 200 1775 "-" "Mozilla/5.0 (compatible; Baiduspider/2.0; +http://www.baidu.com/search/spider.html)"
180.76.15.137 - - [27/Feb/2017:03:44:03 +0100] "GET / HTTP/1.1" 200 1775 "-" "Mozilla/5.0 (compatible; Baiduspider/2.0; +http://www.baidu.com/search/spider.html)"
66.249.66.17 - - [27/Feb/2017:04:54:09 +0100] "GET / HTTP/1.1" 200 1775 "-" "Mozilla/5.0 (compatible; Googlebot/2.1; +http://www.google.com/bot.html)"
207.46.13.213 - - [27/Feb/2017:05:11:18 +0100] "GET /robots.txt HTTP/1.1" 404 1256 "-" "Mozilla/5.0 (compatible; bingbot/2.0; +http://www.bing.com/bingbot.htm)"
40.77.167.97 - - [27/Feb/2017:05:11:22 +0100] "GET /seiten/kontakt.php HTTP/1.1" 200 6708 "-" "Mozilla/5.0 (compatible; bingbot/2.0; +http://www.bing.com/bingbot.htm)"
149.202.74.124 - - [27/Feb/2017:06:15:04 +0100] "GET / HTTP/1.1" 200 1775 "-" "Mozilla/5.0 (Windows NT 5.1; rv:34.0) Gecko/20100101 Firefox/34.0"
149.202.74.124 - - [27/Feb/2017:06:15:04 +0100] "GET /seiten/start.htm HTTP/1.1" 200 9376 "-" "Mozilla/5.0 (Windows NT 6.2; Win64; x64) AppleWebKit/537.36 (KHTML, like Gecko) Chrome/32.0.1667.0 Safari/537.36"
149.202.74.124 - - [27/Feb/2017:06:15:06 +0100] "GET / HTTP/1.1" 200 1775 "-" "Mozilla/5.0 (compatible; MSIE 9.0; Windows NT 6.1; Win64; x64; Trident/5.0; .NET CLR 3.5.30729; .NET CLR 3.0.30729; .NET CLR 2.0.50727; Media Center PC 6.0)"
149.202.74.124 - - [27/Feb/2017:06:15:08 +0100] "GET /seiten/start.htm/main.htm HTTP/1.1" 404 1256 "-" "Mozilla/5.0 (Macintosh; Intel Mac OS X 10.6; rv:25.0) Gecko/20100101 Firefox/25.0"
149.202.74.124 - - [27/Feb/2017:06:15:10 +0100] "GET /seiten/start.htm/ueber_uns.htm HTTP/1.1" 404 1256 "-" "Mozilla/5.0 (Windows NT 6.2) AppleWebKit/537.36 (KHTML, like Gecko) Chrome/28.0.1467.0 Safari/537.36"
149.202.74.124 - - [27/Feb/2017:06:15:13 +0100] "GET /seiten/start.htm/ausbildung.htm HTTP/1.1" 404 1256 "-" "Mozilla/5.0 (Windows; U; Windows NT 5.1; en-US; rv:1.9.1.5) Gecko/20091102 Firefox/3.5.5"
149.202.74.124 - - [27/Feb/2017:06:15:15 +0100] "GET /seiten/start.htm/leistungen.htm HTTP/1.1" 404 1256 "-" "Mozilla/5.0 (Windows NT 6.2; Win64; x64) AppleWebKit/537.36 (KHTML, like Gecko) Chrome/32.0.1667.0 Safari/537.36"
149.202.74.124 - - [27/Feb/2017:06:15:17 +0100] "GET /seiten/start.htm/referenzen.htm HTTP/1.1" 404 1256 "-" "Mozilla/5.0 (X11; U; Linux i686; en-US; rv:1.9.1.8) Gecko/20100214 Ubuntu/9.10 (karmic) Firefox/3.5.8"
149.202.74.124 - - [27/Feb/2017:06:15:19 +0100] "GET /seiten/start.htm/kontakt.php HTTP/1.1" 404 1256 "-" "Mozilla/5.0 (Windows; U; Windows NT 5.1; en-US; rv:1.9.1.5) Gecko/20091102 Firefox/3.5.5"
149.202.74.124 - - [27/Feb/2017:06:15:21 +0100] "GET /seiten/start.htm/links.htm HTTP/1.1" 404 1256 "-" "Mozilla/5.0 (Macintosh; U; Intel Mac OS X 10_6_6; en-US) AppleWebKit/534.16 (KHTML, like Gecko) Chrome/10.0.648.134 Safari/534.16"
149.202.74.124 - - [27/Feb/2017:06:15:23 +0100] "GET /seiten/start.htm/impressum.htm HTTP/1.1" 404 1256 "-" "Mozilla/5.0 (Windows NT 5.1; rv:21.0) Gecko/20130401 Firefox/21.0"
40.77.167.100 - - [27/Feb/2017:06:29:08 +0100] "GET /css/style.css HTTP/1.1" 200 8567 "-" "Mozilla/5.0 (compatible; bingbot/2.0; +http://www.bing.com/bingbot.htm)"
40.77.167.97 - - [27/Feb/2017:06:29:12 +0100] "GET /robots.txt HTTP/1.1" 404 1256 "-" "Mozilla/5.0 (compatible; bingbot/2.0; +http://www.bing.com/bingbot.htm)"
66.249.66.23 - - [27/Feb/2017:06:54:09 +0100] "GET / HTTP/1.1" 200 1775 "-" "Mozilla/5.0 (compatible; Googlebot/2.1; +http://www.google.com/bot.html)"
180.76.15.16 - - [27/Feb/2017:07:38:42 +0100] "GET / HTTP/1.1" 200 1775 "-" "Mozilla/5.0 (compatible; Baiduspider/2.0; +http://www.baidu.com/search/spider.html)"
180.76.15.157 - - [27/Feb/2017:07:47:43 +0100] "GET / HTTP/1.1" 200 1775 "-" "Mozilla/5.0 (compatible; Baiduspider/2.0; +http://www.baidu.com/search/spider.html)"
180.76.15.8 - - [27/Feb/2017:07:48:58 +0100] "GET / HTTP/1.1" 200 1775 "-" "Mozilla/5.0 (compatible; Baiduspider/2.0; +http://www.baidu.com/search/spider.html)"
66.249.66.23 - - [27/Feb/2017:08:22:34 +0100] "GET / HTTP/1.1" 200 1775 "-" "Mozilla/5.0 (Linux; Android 6.0.1; Nexus 5X Build/MMB29P) AppleWebKit/537.36 (KHTML, like Gecko) Chrome/41.0.2272.96 Mobile Safari/537.36 (compatible; Googlebot/2.1; +http://www.google.com/bot.html)"
80.250.128.6 - - [27/Feb/2017:08:31:48 +0100] "GET / HTTP/1.1" 200 1775 "http://www.google.de/url?sa=t&rct=j&q=&esrc=s&source=web&cd=1&ved=0ahUKEwiBiL7-4K_SAhXmHpoKHZSzAAQQFgguMAA&url=http%3A%2F%2Fwww.frb-berlin.de%2F&usg=AFQjCNFEVYKmiyy1XnWrB0NZi3PeBHpTjA&bvm=bv.148073327,d.bGs" "Mozilla/5.0 (Windows NT 6.3; WOW64; Trident/7.0; Touch; rv:11.0) like Gecko"
80.250.128.6 - - [27/Feb/2017:08:31:48 +0100] "GET /css/style.css HTTP/1.1" 200 8567 "http://www.frb-berlin.de/" "Mozilla/5.0 (Windows NT 6.3; WOW64; Trident/7.0; Touch; rv:11.0) like Gecko"
80.250.128.6 - - [27/Feb/2017:08:31:48 +0100] "GET /img/logo.gif HTTP/1.1" 200 4275 "http://www.frb-berlin.de/" "Mozilla/5.0 (Windows NT 6.3; WOW64; Trident/7.0; Touch; rv:11.0) like Gecko"
80.250.128.6 - - [27/Feb/2017:08:31:48 +0100] "GET /favicon.ico HTTP/1.1" 404 1256 "-" "Mozilla/5.0 (Windows NT 6.3; WOW64; Trident/7.0; Touch; rv:11.0) like Gecko"
80.250.128.6 - - [27/Feb/2017:08:31:54 +0100] "GET /seiten/start.htm HTTP/1.1" 200 9376 "http://www.frb-berlin.de/" "Mozilla/5.0 (Windows NT 6.3; WOW64; Trident/7.0; Touch; rv:11.0) like Gecko"
80.250.128.6 - - [27/Feb/2017:08:31:54 +0100] "GET /scripte/menu_elemente.js HTTP/1.1" 200 18006 "http://www.frb-berlin.de/seiten/start.htm" "Mozilla/5.0 (Windows NT 6.3; WOW64; Trident/7.0; Touch; rv:11.0) like Gecko"
80.250.128.6 - - [27/Feb/2017:08:31:54 +0100] "GET /scripte/menu_start.js HTTP/1.1" 200 31217 "http://www.frb-berlin.de/seiten/start.htm" "Mozilla/5.0 (Windows NT 6.3; WOW64; Trident/7.0; Touch; rv:11.0) like Gecko"
80.250.128.6 - - [27/Feb/2017:08:31:54 +0100] "GET /img/over_logo.jpg HTTP/1.1" 200 5315 "http://www.frb-berlin.de/seiten/start.htm" "Mozilla/5.0 (Windows NT 6.3; WOW64; Trident/7.0; Touch; rv:11.0) like Gecko"
