93.206.48.116 - - [16/Aug/2013:12:17:31 +0200] "GET /aktuelles.php HTTP/1.1" 200 10833 "http://www.groeger-bauaufzuege.de/gebrauchtmaschinen.php" "Mozilla/5.0 (Windows NT 6.2; WOW64; rv:22.0) Gecko/20100101 Firefox/22.0"
93.206.48.116 - - [16/Aug/2013:12:17:31 +0200] "GET /img/Newsletter_Groeger_2013-06.png HTTP/1.1" 200 23068 "http://www.groeger-bauaufzuege.de/aktuelles.php" "Mozilla/5.0 (Windows NT 6.2; WOW64; rv:22.0) Gecko/20100101 Firefox/22.0"
93.206.48.116 - - [16/Aug/2013:12:17:41 +0200] "GET /verkauf.php HTTP/1.1" 200 6239 "http://www.groeger-bauaufzuege.de/aktuelles.php" "Mozilla/5.0 (Windows NT 6.2; WOW64; rv:22.0) Gecko/20100101 Firefox/22.0"
157.56.92.158 - - [16/Aug/2013:12:27:57 +0200] "GET /robots.txt HTTP/1.1" 404 - "-" "Mozilla/5.0 (compatible; bingbot/2.0; +http://www.bing.com/bingbot.htm)"
157.56.92.158 - - [16/Aug/2013:12:28:25 +0200] "GET / HTTP/1.1" 200 6430 "-" "Mozilla/5.0 (compatible; bingbot/2.0; +http://www.bing.com/bingbot.htm)"
173.199.114.243 - - [16/Aug/2013:12:58:22 +0200] "GET /verkauf.php HTTP/1.1" 200 6239 "-" "Mozilla/5.0 (compatible; AhrefsBot/4.0; +http://ahrefs.com/robot/)"
66.249.72.88 - - [16/Aug/2013:15:08:42 +0200] "GET /robots.txt HTTP/1.1" 404 - "-" "Mozilla/5.0 (compatible; Googlebot/2.1; +http://www.google.com/bot.html)"
66.249.72.88 - - [16/Aug/2013:15:08:42 +0200] "GET / HTTP/1.1" 200 6430 "-" "Mozilla/5.0 (iPhone; U; CPU iPhone OS 4_1 like Mac OS X; en-us) AppleWebKit/532.9 (KHTML, like Gecko) Version/4.0.5 Mobile/8B117 Safari/6531.22.7 (compatible; Googlebot-Mobile/2.1; +http://www.google.com/bot.html)"
66.249.72.88 - - [16/Aug/2013:15:16:47 +0200] "GET /css/groeger.css HTTP/1.1" 200 5363 "-" "Mozilla/5.0 (compatible; Googlebot/2.1; +http://www.google.com/bot.html)"
66.249.72.88 - - [16/Aug/2013:15:16:48 +0200] "GET /fancybox/jquery.fancybox-1.3.4.css HTTP/1.1" 200 8494 "-" "Mozilla/5.0 (compatible; Googlebot/2.1; +http://www.google.com/bot.html)"
199.19.249.196 - - [16/Aug/2013:15:25:11 +0200] "GET /kontakt.php HTTP/1.1" 200 6666 "-" "Mozilla/4.0 (compatible; MSIE 7.0; Windows NT 5.1; InfoPath.1; .NET CLR 2.0.50727; .NET CLR 1.1.4322; MS-RTC LM 8; .NET CLR 3.0.4506.2152; .NET CLR 3.5.30729)"
194.31.225.222 - - [16/Aug/2013:15:25:11 +0200] "GET /kontakt.php HTTP/1.1" 200 6666 "http://www.google.de/url?sa=t&rct=j&q=gr%C3%B6ger%20Bauaufz%C3%BCge%2016341&source=web&cd=1&ved=0CEIQFjAA&url=http%3A%2F%2Fwww.groeger-bauaufzuege.de%2Fkontakt.php&ei=ACgOUv_VIqWO4ASy54GoCw&usg=AFQjCNHDVrcsUtKeFmiq0WZyos2ucumfmQ&bvm=bv.50768961,d.bGE" "Mozilla/4.0 (compatible; MSIE 8.0; Windows NT 5.1; Trident/4.0; .NET CLR 2.0.50727; .NET CLR 3.0.4506.2152; .NET CLR 3.5.30729; .NET4.0C; .NET4.0E)"
194.31.225.222 - - [16/Aug/2013:15:25:11 +0200] "GET /swfobject.js HTTP/1.1" 200 6880 "http://www.groeger-bauaufzuege.de/kontakt.php" "Mozilla/4.0 (compatible; MSIE 8.0; Windows NT 5.1; Trident/4.0; .NET CLR 2.0.50727; .NET CLR 3.0.4506.2152; .NET CLR 3.5.30729; .NET4.0C; .NET4.0E)"
194.31.225.222 - - [16/Aug/2013:15:25:11 +0200] "GET /jquery.cross-slide.js HTTP/1.1" 200 11724 "http://www.groeger-bauaufzuege.de/kontakt.php" "Mozilla/4.0 (compatible; MSIE 8.0; Windows NT 5.1; Trident/4.0; .NET CLR 2.0.50727; .NET CLR 3.0.4506.2152; .NET CLR 3.5.30729; .NET4.0C; .NET4.0E)"
194.31.225.222 - - [16/Aug/2013:15:25:11 +0200] "GET /fancybox/jquery.fancybox-1.3.4.css HTTP/1.1" 200 8494 "http://www.groeger-bauaufzuege.de/kontakt.php" "Mozilla/4.0 (compatible; MSIE 8.0; Windows NT 5.1; Trident/4.0; .NET CLR 2.0.50727; .NET CLR 3.0.4506.2152; .NET CLR 3.5.30729; .NET4.0C; .NET4.0E)"
194.31.225.222 - - [16/Aug/2013:15:25:11 +0200] "GET /css/groeger.css HTTP/1.1" 200 5363 "http://www.groeger-bauaufzuege.de/kontakt.php" "Mozilla/4.0 (compatible; MSIE 8.0; Windows NT 5.1; Trident/4.0; .NET CLR 2.0.50727; .NET CLR 3.0.4506.2152; .NET CLR 3.5.30729; .NET4.0C; .NET4.0E)"
194.31.225.222 - - [16/Aug/2013:15:25:11 +0200] "GET /img/favicon.gif HTTP/1.1" 200 119 "http://www.groeger-bauaufzuege.de/kontakt.php" "Mozilla/4.0 (compatible; MSIE 8.0; Windows NT 5.1; Trident/4.0; .NET CLR 2.0.50727; .NET CLR 3.0.4506.2152; .NET CLR 3.5.30729; .NET4.0C; .NET4.0E)"
194.31.225.222 - - [16/Aug/2013:15:25:11 +0200] "GET /img/logo_groeger.gif HTTP/1.1" 200 3605 "http://www.groeger-bauaufzuege.de/kontakt.php" "Mozilla/4.0 (compatible; MSIE 8.0; Windows NT 5.1; Trident/4.0; .NET CLR 2.0.50727; .NET CLR 3.0.4506.2152; .NET CLR 3.5.30729; .NET4.0C; .NET4.0E)"
194.31.225.222 - - [16/Aug/2013:15:25:11 +0200] "GET /fancybox/jquery.fancybox-1.3.4.pack.js HTTP/1.1" 200 15624 "http://www.groeger-bauaufzuege.de/kontakt.php" "Mozilla/4.0 (compatible; MSIE 8.0; Windows NT 5.1; Trident/4.0; .NET CLR 2.0.50727; .NET CLR 3.0.4506.2152; .NET CLR 3.5.30729; .NET4.0C; .NET4.0E)"
194.31.225.222 - - [16/Aug/2013:15:25:11 +0200] "GET /img/bild_1.jpg HTTP/1.1" 200 44440 "http://www.groeger-bauaufzuege.de/kontakt.php" "Mozilla/4.0 (compatible; MSIE 8.0; Windows NT 5.1; Trident/4.0; .NET CLR 2.0.50727; .NET CLR 3.0.4506.2152; .NET CLR 3.5.30729; .NET4.0C; .NET4.0E)"
194.31.225.222 - - [16/Aug/2013:15:25:11 +0200] "GET /jquery-1.4.3.min.js HTTP/1.1" 200 77746 "http://www.groeger-bauaufzuege.de/kontakt.php" "Mozilla/4.0 (compatible; MSIE 8.0; Windows NT 5.1; Trident/4.0; .NET CLR 2.0.50727; .NET CLR 3.0.4506.2152; .NET CLR 3.5.30729; .NET4.0C; .NET4.0E)"
194.31.225.222 - - [16/Aug/2013:15:25:11 +0200] "GET /img/grauverlauf.png HTTP/1.1" 200 3242 "http://www.groeger-bauaufzuege.de/kontakt.php" "Mozilla/4.0 (compatible; MSIE 8.0; Windows NT 5.1; Trident/4.0; .NET CLR 2.0.50727; .NET CLR 3.0.4506.2152; .NET CLR 3.5.30729; .NET4.0C; .NET4.0E)"
194.31.225.222 - - [16/Aug/2013:15:25:11 +0200] "GET /fancybox/blank.gif HTTP/1.1" 200 43 "http://www.groeger-bauaufzuege.de/kontakt.php" "Mozilla/4.0 (compatible; MSIE 8.0; Windows NT 5.1; Trident/4.0; .NET CLR 2.0.50727; .NET CLR 3.0.4506.2152; .NET CLR 3.5.30729; .NET4.0C; .NET4.0E)"
194.31.225.222 - - [16/Aug/2013:15:25:11 +0200] "GET /img/bild_3.jpg HTTP/1.1" 200 57915 "http://www.groeger-bauaufzuege.de/kontakt.php" "Mozilla/4.0 (compatible; MSIE 8.0; Windows NT 5.1; Trident/4.0; .NET CLR 2.0.50727; .NET CLR 3.0.4506.2152; .NET CLR 3.5.30729; .NET4.0C; .NET4.0E)"
194.31.225.222 - - [16/Aug/2013:15:25:12 +0200] "GET /fancybox/fancybox.png HTTP/1.1" 200 15287 "http://www.groeger-bauaufzuege.de/kontakt.php" "Mozilla/4.0 (compatible; MSIE 8.0; Windows NT 5.1; Trident/4.0; .NET CLR 2.0.50727; .NET CLR 3.0.4506.2152; .NET CLR 3.5.30729; .NET4.0C; .NET4.0E)"
194.31.225.222 - - [16/Aug/2013:15:25:12 +0200] "GET /img/bild_2.jpg HTTP/1.1" 200 53191 "http://www.groeger-bauaufzuege.de/kontakt.php" "Mozilla/4.0 (compatible; MSIE 8.0; Windows NT 5.1; Trident/4.0; .NET CLR 2.0.50727; .NET CLR 3.0.4506.2152; .NET CLR 3.5.30729; .NET4.0C; .NET4.0E)"
194.31.225.222 - - [16/Aug/2013:15:25:13 +0200] "GET /fancybox/fancy_shadow_n.png HTTP/1.1" 200 106 "-" "Mozilla/4.0 (compatible; MSIE 8.0; Windows NT 5.1; Trident/4.0; .NET CLR 2.0.50727; .NET CLR 3.0.4506.2152; .NET CLR 3.5.30729; .NET4.0C; .NET4.0E)"
194.31.225.222 - - [16/Aug/2013:15:25:13 +0200] "GET /img/bild_4.jpg HTTP/1.1" 200 45325 "http://www.groeger-bauaufzuege.de/kontakt.php" "Mozilla/4.0 (compatible; MSIE 8.0; Windows NT 5.1; Trident/4.0; .NET CLR 2.0.50727; .NET CLR 3.0.4506.2152; .NET CLR 3.5.30729; .NET4.0C; .NET4.0E)"
194.31.225.222 - - [16/Aug/2013:15:25:14 +0200] "GET /fancybox/fancy_shadow_ne.png HTTP/1.1" 200 347 "-" "Mozilla/4.0 (compatible; MSIE 8.0; Windows NT 5.1; Trident/4.0; .NET CLR 2.0.50727; .NET CLR 3.0.4506.2152; .NET CLR 3.5.30729; .NET4.0C; .NET4.0E)"
194.31.225.222 - - [16/Aug/2013:15:25:14 +0200] "GET /fancybox/fancy_shadow_e.png HTTP/1.1" 200 107 "-" "Mozilla/4.0 (compatible; MSIE 8.0; Windows NT 5.1; Trident/4.0; .NET CLR 2.0.50727; .NET CLR 3.0.4506.2152; .NET CLR 3.5.30729; .NET4.0C; .NET4.0E)"
194.31.225.222 - - [16/Aug/2013:15:25:14 +0200] "GET /fancybox/fancy_shadow_se.png HTTP/1.1" 200 352 "-" "Mozilla/4.0 (compatible; MSIE 8.0; Windows NT 5.1; Trident/4.0; .NET CLR 2.0.50727; .NET CLR 3.0.4506.2152; .NET CLR 3.5.30729; .NET4.0C; .NET4.0E)"
194.31.225.222 - - [16/Aug/2013:15:25:14 +0200] "GET /fancybox/fancy_shadow_s.png HTTP/1.1" 200 111 "-" "Mozilla/4.0 (compatible; MSIE 8.0; Windows NT 5.1; Trident/4.0; .NET CLR 2.0.50727; .NET CLR 3.0.4506.2152; .NET CLR 3.5.30729; .NET4.0C; .NET4.0E)"
194.31.225.222 - - [16/Aug/2013:15:25:14 +0200] "GET /fancybox/fancy_shadow_sw.png HTTP/1.1" 200 340 "-" "Mozilla/4.0 (compatible; MSIE 8.0; Windows NT 5.1; Trident/4.0; .NET CLR 2.0.50727; .NET CLR 3.0.4506.2152; .NET CLR 3.5.30729; .NET4.0C; .NET4.0E)"
194.31.225.222 - - [16/Aug/2013:15:25:14 +0200] "GET /fancybox/fancy_shadow_w.png HTTP/1.1" 200 103 "-" "Mozilla/4.0 (compatible; MSIE 8.0; Windows NT 5.1; Trident/4.0; .NET CLR 2.0.50727; .NET CLR 3.0.4506.2152; .NET CLR 3.5.30729; .NET4.0C; .NET4.0E)"
194.31.225.222 - - [16/Aug/2013:15:25:14 +0200] "GET /fancybox/fancy_shadow_nw.png HTTP/1.1" 200 324 "-" "Mozilla/4.0 (compatible; MSIE 8.0; Windows NT 5.1; Trident/4.0; .NET CLR 2.0.50727; .NET CLR 3.0.4506.2152; .NET CLR 3.5.30729; .NET4.0C; .NET4.0E)"
199.19.249.196 - - [16/Aug/2013:15:25:16 +0200] "GET /gebrauchtmaschinen.php HTTP/1.1" 200 6062 "-" "Mozilla/4.0 (compatible; MSIE 7.0; Windows NT 5.1; InfoPath.1; .NET CLR 2.0.50727; .NET CLR 1.1.4322; MS-RTC LM 8; .NET CLR 3.0.4506.2152; .NET CLR 3.5.30729)"
194.31.225.222 - - [16/Aug/2013:15:25:16 +0200] "GET /gebrauchtmaschinen.php HTTP/1.1" 200 6062 "http://www.groeger-bauaufzuege.de/kontakt.php" "Mozilla/4.0 (compatible; MSIE 8.0; Windows NT 5.1; Trident/4.0; .NET CLR 2.0.50727; .NET CLR 3.0.4506.2152; .NET CLR 3.5.30729; .NET4.0C; .NET4.0E)"
199.19.249.196 - - [16/Aug/2013:15:25:53 +0200] "GET /verkauf.php HTTP/1.1" 200 6239 "-" "Mozilla/4.0 (compatible; MSIE 7.0; Windows NT 5.1; InfoPath.1; .NET CLR 2.0.50727; .NET CLR 1.1.4322; MS-RTC LM 8; .NET CLR 3.0.4506.2152; .NET CLR 3.5.30729)"
194.31.225.222 - - [16/Aug/2013:15:25:53 +0200] "GET /verkauf.php HTTP/1.1" 200 6239 "http://www.groeger-bauaufzuege.de/gebrauchtmaschinen.php" "Mozilla/4.0 (compatible; MSIE 8.0; Windows NT 5.1; Trident/4.0; .NET CLR 2.0.50727; .NET CLR 3.0.4506.2152; .NET CLR 3.5.30729; .NET4.0C; .NET4.0E)"
194.31.225.222 - - [16/Aug/2013:15:25:53 +0200] "GET /img/logo_geda.gif HTTP/1.1" 200 4337 "http://www.groeger-bauaufzuege.de/verkauf.php" "Mozilla/4.0 (compatible; MSIE 8.0; Windows NT 5.1; Trident/4.0; .NET CLR 2.0.50727; .NET CLR 3.0.4506.2152; .NET CLR 3.5.30729; .NET4.0C; .NET4.0E)"
194.31.225.222 - - [16/Aug/2013:15:25:53 +0200] "GET /img/logo_boecker.gif HTTP/1.1" 200 2974 "http://www.groeger-bauaufzuege.de/verkauf.php" "Mozilla/4.0 (compatible; MSIE 8.0; Windows NT 5.1; Trident/4.0; .NET CLR 2.0.50727; .NET CLR 3.0.4506.2152; .NET CLR 3.5.30729; .NET4.0C; .NET4.0E)"
194.31.225.222 - - [16/Aug/2013:15:25:53 +0200] "GET /img/logo_steinbach.jpg HTTP/1.1" 200 9601 "http://www.groeger-bauaufzuege.de/verkauf.php" "Mozilla/4.0 (compatible; MSIE 8.0; Windows NT 5.1; Trident/4.0; .NET CLR 2.0.50727; .NET CLR 3.0.4506.2152; .NET CLR 3.5.30729; .NET4.0C; .NET4.0E)"
194.31.225.222 - - [16/Aug/2013:15:26:05 +0200] "GET /gebrauchtmaschinen.php HTTP/1.1" 200 6062 "http://www.groeger-bauaufzuege.de/verkauf.php" "Mozilla/4.0 (compatible; MSIE 8.0; Windows NT 5.1; Trident/4.0; .NET CLR 2.0.50727; .NET CLR 3.0.4506.2152; .NET CLR 3.5.30729; .NET4.0C; .NET4.0E)"
199.19.249.196 - - [16/Aug/2013:15:26:12 +0200] "GET /vermietung.php HTTP/1.1" 200 6318 "-" "Mozilla/4.0 (compatible; MSIE 7.0; Windows NT 5.1; InfoPath.1; .NET CLR 2.0.50727; .NET CLR 1.1.4322; MS-RTC LM 8; .NET CLR 3.0.4506.2152; .NET CLR 3.5.30729)"
194.31.225.222 - - [16/Aug/2013:15:26:12 +0200] "GET /vermietung.php HTTP/1.1" 200 6318 "http://www.groeger-bauaufzuege.de/gebrauchtmaschinen.php" "Mozilla/4.0 (compatible; MSIE 8.0; Windows NT 5.1; Trident/4.0; .NET CLR 2.0.50727; .NET CLR 3.0.4506.2152; .NET CLR 3.5.30729; .NET4.0C; .NET4.0E)"
194.31.225.222 - - [16/Aug/2013:15:26:56 +0200] "GET /verkauf.php HTTP/1.1" 200 6239 "http://www.groeger-bauaufzuege.de/vermietung.php" "Mozilla/4.0 (compatible; MSIE 8.0; Windows NT 5.1; Trident/4.0; .NET CLR 2.0.50727; .NET CLR 3.0.4506.2152; .NET CLR 3.5.30729; .NET4.0C; .NET4.0E)"
194.31.225.222 - - [16/Aug/2013:15:27:03 +0200] "GET /vermietung.php HTTP/1.1" 200 6318 "http://www.groeger-bauaufzuege.de/verkauf.php" "Mozilla/4.0 (compatible; MSIE 8.0; Windows NT 5.1; Trident/4.0; .NET CLR 2.0.50727; .NET CLR 3.0.4506.2152; .NET CLR 3.5.30729; .NET4.0C; .NET4.0E)"
217.69.133.218 - - [16/Aug/2013:15:59:08 +0200] "GET /robots.txt HTTP/1.0" 404 - "-" "Mozilla/5.0 (compatible; Linux x86_64; Mail.RU_Bot/2.0; +http://go.mail.ru/help/robots)"
66.249.72.88 - - [16/Aug/2013:16:23:00 +0200] "GET /download/Lift_D.pdf HTTP/1.1" 200 1178879 "-" "Mozilla/5.0 (iPhone; U; CPU iPhone OS 4_1 like Mac OS X; en-us) AppleWebKit/532.9 (KHTML, like Gecko) Version/4.0.5 Mobile/8B117 Safari/6531.22.7 (compatible; Googlebot-Mobile/2.1; +http://www.google.com/bot.html)"
157.55.32.189 - - [16/Aug/2013:17:17:40 +0200] "GET /robots.txt HTTP/1.1" 404 - "-" "Mozilla/5.0 (compatible; bingbot/2.0; +http://www.bing.com/bingbot.htm)"
157.55.32.189 - - [16/Aug/2013:17:18:07 +0200] "GET /aktuelles.php HTTP/1.1" 200 10833 "-" "Mozilla/5.0 (compatible; bingbot/2.0; +http://www.bing.com/bingbot.htm)"
157.55.32.189 - - [16/Aug/2013:17:18:21 +0200] "GET /jquery-1.4.3.min.js HTTP/1.1" 200 77746 "-" "Mozilla/5.0 (compatible; bingbot/2.0; +http://www.bing.com/bingbot.htm)"
157.55.33.182 - - [16/Aug/2013:17:18:47 +0200] "GET /img/Newsletter_Groeger_2013-06.png HTTP/1.1" 200 23068 "-" "Mozilla/5.0 (compatible; bingbot/2.0; +http://www.bing.com/bingbot.htm)"
157.56.92.158 - - [16/Aug/2013:17:19:27 +0200] "GET /img/grauverlauf.png HTTP/1.1" 200 3242 "-" "Mozilla/5.0 (compatible; bingbot/2.0; +http://www.bing.com/bingbot.htm)"
157.56.92.158 - - [16/Aug/2013:17:24:27 +0200] "GET /img/logo_groeger.gif HTTP/1.1" 200 3605 "-" "Mozilla/5.0 (compatible; bingbot/2.0; +http://www.bing.com/bingbot.htm)"
157.55.33.182 - - [16/Aug/2013:17:24:47 +0200] "GET /img/bild_1.jpg HTTP/1.1" 200 44440 "-" "Mozilla/5.0 (compatible; bingbot/2.0; +http://www.bing.com/bingbot.htm)"
176.57.143.236 - - [16/Aug/2013:17:43:47 +0200] "GET /unternehmen.php HTTP/1.1" 200 6859 "-" "Mozilla/5.0 (X11; Linux i686; rv:6.0) Gecko/20100101 Firefox/6.0"
95.128.200.200 - - [16/Aug/2013:18:09:36 +0200] "GET / HTTP/1.1" 200 6430 "-" "Mozilla/5.0 (Windows; U; MSIE 9.0; Windows NT 9.0; de-DE))"
95.128.200.200 - - [16/Aug/2013:18:09:36 +0200] "GET /impressum.php HTTP/1.1" 200 7582 "-" "Mozilla/5.0 (Windows NT 6.1; WOW64; rv:15.0) Gecko/20120427 Firefox/15.0a1"
199.30.24.82 - - [16/Aug/2013:18:19:53 +0200] "GET /img/Newsletter_Groeger_2013-06.png HTTP/1.1" 200 23068 "http://www.groeger-bauaufzuege.de/aktuelles.php" "Mozilla/5.0 (Windows NT 6.1; WOW64) AppleWebKit/534+ (KHTML, like Gecko) BingPreview/1.0b"
199.30.24.82 - - [16/Aug/2013:18:19:53 +0200] "GET /img/bild_2.jpg HTTP/1.1" 200 53191 "http://www.groeger-bauaufzuege.de/aktuelles.php" "Mozilla/5.0 (Windows NT 6.1; WOW64) AppleWebKit/534+ (KHTML, like Gecko) BingPreview/1.0b"
199.30.24.82 - - [16/Aug/2013:18:19:53 +0200] "GET /img/bild_3.jpg HTTP/1.1" 200 57915 "http://www.groeger-bauaufzuege.de/aktuelles.php" "Mozilla/5.0 (Windows NT 6.1; WOW64) AppleWebKit/534+ (KHTML, like Gecko) BingPreview/1.0b"
199.30.24.82 - - [16/Aug/2013:18:19:53 +0200] "GET /img/bild_4.jpg HTTP/1.1" 200 45325 "http://www.groeger-bauaufzuege.de/aktuelles.php" "Mozilla/5.0 (Windows NT 6.1; WOW64) AppleWebKit/534+ (KHTML, like Gecko) BingPreview/1.0b"
66.249.72.88 - - [16/Aug/2013:18:37:11 +0200] "GET / HTTP/1.1" 200 6430 "-" "Mozilla/5.0 (compatible; Googlebot/2.1; +http://www.google.com/bot.html)"
66.249.72.88 - - [16/Aug/2013:18:47:57 +0200] "GET /link/20130401 HTTP/1.1" 302 - "-" "Mozilla/5.0 (iPhone; U; CPU iPhone OS 4_1 like Mac OS X; en-us) AppleWebKit/532.9 (KHTML, like Gecko) Version/4.0.5 Mobile/8B117 Safari/6531.22.7 (compatible; Googlebot-Mobile/2.1; +http://www.google.com/bot.html)"
66.249.72.88 - - [16/Aug/2013:18:47:58 +0200] "GET /download/Boecker_Angebot_AHK_Easyline.pdf HTTP/1.1" 200 454854 "-" "Mozilla/5.0 (iPhone; U; CPU iPhone OS 4_1 like Mac OS X; en-us) AppleWebKit/532.9 (KHTML, like Gecko) Version/4.0.5 Mobile/8B117 Safari/6531.22.7 (compatible; Googlebot-Mobile/2.1; +http://www.google.com/bot.html)"
66.249.72.88 - - [16/Aug/2013:22:51:01 +0200] "GET /unternehmen.php HTTP/1.1" 200 6859 "-" "SAMSUNG-SGH-E250/1.0 Profile/MIDP-2.0 Configuration/CLDC-1.1 UP.Browser/6.2.3.3.c.1.101 (GUI) MMP/2.0 (compatible; Googlebot-Mobile/2.1; +http://www.google.com/bot.html)"
157.56.92.158 - - [17/Aug/2013:01:23:58 +0200] "GET /robots.txt HTTP/1.1" 404 - "-" "Mozilla/5.0 (compatible; bingbot/2.0; +http://www.bing.com/bingbot.htm)"
157.56.92.158 - - [17/Aug/2013:01:24:26 +0200] "GET / HTTP/1.1" 200 6430 "-" "Mozilla/5.0 (compatible; bingbot/2.0; +http://www.bing.com/bingbot.htm)"
217.95.169.235 - - [17/Aug/2013:02:34:30 +0200] "GET / HTTP/1.1" 200 6430 "-" "Mozilla/5.0 (Windows; U; Windows NT 5.1; de; rv:1.8.1.11) Gecko/20071127 Firefox/2.0.0.11"
66.249.72.88 - - [17/Aug/2013:02:41:47 +0200] "GET /gebrauchtmaschinen.php HTTP/1.1" 200 6062 "-" "DoCoMo/2.0 N905i(c100;TB;W24H16) (compatible; Googlebot-Mobile/2.1; +http://www.google.com/bot.html)"
66.249.72.88 - - [17/Aug/2013:06:33:48 +0200] "GET /robots.txt HTTP/1.1" 404 - "-" "Mozilla/5.0 (compatible; Googlebot/2.1; +http://www.google.com/bot.html)"
66.249.72.88 - - [17/Aug/2013:06:33:48 +0200] "GET /angebote.php HTTP/1.1" 200 9943 "-" "Mozilla/5.0 (iPhone; U; CPU iPhone OS 4_1 like Mac OS X; en-us) AppleWebKit/532.9 (KHTML, like Gecko) Version/4.0.5 Mobile/8B117 Safari/6531.22.7 (compatible; Googlebot-Mobile/2.1; +http://www.google.com/bot.html)"
8.28.16.254 - - [17/Aug/2013:09:51:00 +0200] "GET /download/Boecker_Autokrane.pdf HTTP/1.1" 304 - "-" "Mozilla/4.0 (compatible;)"
157.56.92.158 - - [17/Aug/2013:10:11:06 +0200] "GET /robots.txt HTTP/1.1" 404 - "-" "Mozilla/5.0 (compatible; bingbot/2.0; +http://www.bing.com/bingbot.htm)"
157.56.92.158 - - [17/Aug/2013:10:12:05 +0200] "GET /kontakt.php HTTP/1.1" 200 6666 "-" "Mozilla/5.0 (compatible; bingbot/2.0; +http://www.bing.com/bingbot.htm)"
157.56.92.158 - - [17/Aug/2013:10:13:22 +0200] "GET /img/logo_groeger.gif HTTP/1.1" 200 3605 "-" "Mozilla/5.0 (compatible; bingbot/2.0; +http://www.bing.com/bingbot.htm)"
157.55.32.189 - - [17/Aug/2013:10:13:42 +0200] "GET /fancybox/jquery.fancybox-1.3.4.pack.js HTTP/1.1" 200 15624 "-" "Mozilla/5.0 (compatible; bingbot/2.0; +http://www.bing.com/bingbot.htm)"
157.55.32.83 - - [17/Aug/2013:10:14:02 +0200] "GET /swfobject.js HTTP/1.1" 200 6880 "-" "Mozilla/5.0 (compatible; bingbot/2.0; +http://www.bing.com/bingbot.htm)"
91.23.36.139 - - [17/Aug/2013:10:27:36 +0200] "GET /aktuelles.php HTTP/1.1" 200 10833 "http://www.google.de/url?sa=t&rct=j&q=&esrc=s&frm=1&source=web&cd=16&ved=0CHYQFjAP&url=http%3A%2F%2Fwww.groeger-bauaufzuege.de%2Faktuelles.php&ei=bDMPUpnAJ4KIhQfIu4HIAg&usg=AFQjCNHlvFLzeqm4Pmv-H7G-HyIEz_ciLw" "Mozilla/5.0 (compatible; MSIE 10.0; Windows NT 6.1; Trident/6.0)"
91.23.36.139 - - [17/Aug/2013:10:27:36 +0200] "GET /css/groeger.css HTTP/1.1" 200 5363 "http://www.groeger-bauaufzuege.de/aktuelles.php" "Mozilla/5.0 (compatible; MSIE 10.0; Windows NT 6.1; Trident/6.0)"
91.23.36.139 - - [17/Aug/2013:10:27:37 +0200] "GET /swfobject.js HTTP/1.1" 200 6880 "http://www.groeger-bauaufzuege.de/aktuelles.php" "Mozilla/5.0 (compatible; MSIE 10.0; Windows NT 6.1; Trident/6.0)"
91.23.36.139 - - [17/Aug/2013:10:27:37 +0200] "GET /fancybox/jquery.fancybox-1.3.4.pack.js HTTP/1.1" 200 15624 "http://www.groeger-bauaufzuege.de/aktuelles.php" "Mozilla/5.0 (compatible; MSIE 10.0; Windows NT 6.1; Trident/6.0)"
91.23.36.139 - - [17/Aug/2013:10:27:37 +0200] "GET /jquery.cross-slide.js HTTP/1.1" 200 11724 "http://www.groeger-bauaufzuege.de/aktuelles.php" "Mozilla/5.0 (compatible; MSIE 10.0; Windows NT 6.1; Trident/6.0)"
91.23.36.139 - - [17/Aug/2013:10:27:37 +0200] "GET /fancybox/jquery.fancybox-1.3.4.css HTTP/1.1" 200 8494 "http://www.groeger-bauaufzuege.de/aktuelles.php" "Mozilla/5.0 (compatible; MSIE 10.0; Windows NT 6.1; Trident/6.0)"
91.23.36.139 - - [17/Aug/2013:10:27:37 +0200] "GET /img/logo_groeger.gif HTTP/1.1" 200 3605 "http://www.groeger-bauaufzuege.de/aktuelles.php" "Mozilla/5.0 (compatible; MSIE 10.0; Windows NT 6.1; Trident/6.0)"
91.23.36.139 - - [17/Aug/2013:10:27:37 +0200] "GET /img/Newsletter_Groeger_2013-06.png HTTP/1.1" 200 23068 "http://www.groeger-bauaufzuege.de/aktuelles.php" "Mozilla/5.0 (compatible; MSIE 10.0; Windows NT 6.1; Trident/6.0)"
91.23.36.139 - - [17/Aug/2013:10:27:37 +0200] "GET /img/bild_1.jpg HTTP/1.1" 200 44440 "http://www.groeger-bauaufzuege.de/aktuelles.php" "Mozilla/5.0 (compatible; MSIE 10.0; Windows NT 6.1; Trident/6.0)"
91.23.36.139 - - [17/Aug/2013:10:27:37 +0200] "GET /jquery-1.4.3.min.js HTTP/1.1" 200 77746 "http://www.groeger-bauaufzuege.de/aktuelles.php" "Mozilla/5.0 (compatible; MSIE 10.0; Windows NT 6.1; Trident/6.0)"
91.23.36.139 - - [17/Aug/2013:10:27:37 +0200] "GET /img/grauverlauf.png HTTP/1.1" 200 3242 "http://www.groeger-bauaufzuege.de/aktuelles.php" "Mozilla/5.0 (compatible; MSIE 10.0; Windows NT 6.1; Trident/6.0)"
91.23.36.139 - - [17/Aug/2013:10:27:37 +0200] "GET /img/bild_3.jpg HTTP/1.1" 200 57915 "http://www.groeger-bauaufzuege.de/aktuelles.php" "Mozilla/5.0 (compatible; MSIE 10.0; Windows NT 6.1; Trident/6.0)"
91.23.36.139 - - [17/Aug/2013:10:27:37 +0200] "GET /img/favicon.gif HTTP/1.1" 200 119 "-" "Mozilla/5.0 (compatible; MSIE 10.0; Windows NT 6.1; Trident/6.0)"
91.23.36.139 - - [17/Aug/2013:10:27:37 +0200] "GET /img/bild_2.jpg HTTP/1.1" 200 53191 "http://www.groeger-bauaufzuege.de/aktuelles.php" "Mozilla/5.0 (compatible; MSIE 10.0; Windows NT 6.1; Trident/6.0)"
91.23.36.139 - - [17/Aug/2013:10:27:37 +0200] "GET /img/bild_4.jpg HTTP/1.1" 200 45325 "http://www.groeger-bauaufzuege.de/aktuelles.php" "Mozilla/5.0 (compatible; MSIE 10.0; Windows NT 6.1; Trident/6.0)"
91.23.36.139 - - [17/Aug/2013:10:27:57 +0200] "GET /download/Newsletter_Groeger_2013-06.pdf HTTP/1.1" 200 531601 "http://www.groeger-bauaufzuege.de/aktuelles.php" "Mozilla/5.0 (compatible; MSIE 10.0; Windows NT 6.1; Trident/6.0)"
91.23.36.139 - - [17/Aug/2013:10:29:12 +0200] "GET /img/favicon.gif HTTP/1.1" 200 119 "-" "Mozilla/5.0 (compatible; MSIE 10.0; Windows NT 6.1; Trident/6.0)"
199.30.25.69 - - [17/Aug/2013:11:13:23 +0200] "GET /fancybox/jquery.fancybox-1.3.4.css HTTP/1.1" 200 8494 "http://www.groeger-bauaufzuege.de/kontakt.php" "Mozilla/5.0 (Windows NT 6.1; WOW64) AppleWebKit/534+ (KHTML, like Gecko) BingPreview/1.0b"
199.30.25.69 - - [17/Aug/2013:11:13:23 +0200] "GET /fancybox/jquery.fancybox-1.3.4.pack.js HTTP/1.1" 200 15624 "http://www.groeger-bauaufzuege.de/kontakt.php" "Mozilla/5.0 (Windows NT 6.1; WOW64) AppleWebKit/534+ (KHTML, like Gecko) BingPreview/1.0b"
199.30.25.69 - - [17/Aug/2013:11:13:24 +0200] "GET /css/groeger.css HTTP/1.1" 200 5363 "http://www.groeger-bauaufzuege.de/kontakt.php" "Mozilla/5.0 (Windows NT 6.1; WOW64) AppleWebKit/534+ (KHTML, like Gecko) BingPreview/1.0b"
199.30.25.69 - - [17/Aug/2013:11:13:24 +0200] "GET /swfobject.js HTTP/1.1" 200 6880 "http://www.groeger-bauaufzuege.de/kontakt.php" "Mozilla/5.0 (Windows NT 6.1; WOW64) AppleWebKit/534+ (KHTML, like Gecko) BingPreview/1.0b"
199.30.25.69 - - [17/Aug/2013:11:13:24 +0200] "GET /jquery.cross-slide.js HTTP/1.1" 200 11724 "http://www.groeger-bauaufzuege.de/kontakt.php" "Mozilla/5.0 (Windows NT 6.1; WOW64) AppleWebKit/534+ (KHTML, like Gecko) BingPreview/1.0b"
199.30.25.69 - - [17/Aug/2013:11:13:25 +0200] "GET /img/logo_groeger.gif HTTP/1.1" 200 3605 "http://www.groeger-bauaufzuege.de/kontakt.php" "Mozilla/5.0 (Windows NT 6.1; WOW64) AppleWebKit/534+ (KHTML, like Gecko) BingPreview/1.0b"
199.30.25.69 - - [17/Aug/2013:11:13:25 +0200] "GET /img/bild_3.jpg HTTP/1.1" 200 57915 "http://www.groeger-bauaufzuege.de/kontakt.php" "Mozilla/5.0 (Windows NT 6.1; WOW64) AppleWebKit/534+ (KHTML, like Gecko) BingPreview/1.0b"
199.30.25.69 - - [17/Aug/2013:11:13:25 +0200] "GET /img/grauverlauf.png HTTP/1.1" 200 3242 "http://www.groeger-bauaufzuege.de/kontakt.php" "Mozilla/5.0 (Windows NT 6.1; WOW64) AppleWebKit/534+ (KHTML, like Gecko) BingPreview/1.0b"
199.30.25.69 - - [17/Aug/2013:11:13:25 +0200] "GET /img/bild_2.jpg HTTP/1.1" 200 53191 "http://www.groeger-bauaufzuege.de/kontakt.php" "Mozilla/5.0 (Windows NT 6.1; WOW64) AppleWebKit/534+ (KHTML, like Gecko) BingPreview/1.0b"
199.30.25.69 - - [17/Aug/2013:11:13:25 +0200] "GET /img/bild_4.jpg HTTP/1.1" 200 45325 "http://www.groeger-bauaufzuege.de/kontakt.php" "Mozilla/5.0 (Windows NT 6.1; WOW64) AppleWebKit/534+ (KHTML, like Gecko) BingPreview/1.0b"
157.56.92.158 - - [17/Aug/2013:12:39:45 +0200] "GET /robots.txt HTTP/1.1" 404 - "-" "Mozilla/5.0 (compatible; bingbot/2.0; +http://www.bing.com/bingbot.htm)"
157.56.92.158 - - [17/Aug/2013:12:40:24 +0200] "GET / HTTP/1.1" 200 6430 "-" "Mozilla/5.0 (compatible; bingbot/2.0; +http://www.bing.com/bingbot.htm)"
66.249.72.88 - - [17/Aug/2013:13:10:45 +0200] "GET /index.php HTTP/1.1" 200 6430 "-" "Mozilla/5.0 (compatible; Googlebot/2.1; +http://www.google.com/bot.html)"
66.249.72.88 - - [17/Aug/2013:14:57:35 +0200] "GET /download/Boecker_Autokrane.pdf HTTP/1.1" 200 1994740 "-" "Mozilla/5.0 (compatible; Googlebot/2.1; +http://www.google.com/bot.html)"
66.249.72.88 - - [17/Aug/2013:15:25:16 +0200] "GET /download/Boecker_Angebot_JuniorHD18_EasyLine.pdf HTTP/1.1" 304 - "-" "Mozilla/5.0 (compatible; Googlebot/2.1; +http://www.google.com/bot.html)"
157.55.32.189 - - [17/Aug/2013:16:27:48 +0200] "GET /robots.txt HTTP/1.1" 404 - "-" "Mozilla/5.0 (compatible; bingbot/2.0; +http://www.bing.com/bingbot.htm)"
157.55.32.189 - - [17/Aug/2013:16:28:50 +0200] "GET /download/Newsletter_Groeger_2012-06.pdf HTTP/1.1" 200 309498 "-" "Mozilla/5.0 (compatible; bingbot/2.0; +http://www.bing.com/bingbot.htm)"
66.249.72.88 - - [17/Aug/2013:18:02:50 +0200] "GET / HTTP/1.1" 200 6430 "-" "Mozilla/5.0 (iPhone; U; CPU iPhone OS 4_1 like Mac OS X; en-us) AppleWebKit/532.9 (KHTML, like Gecko) Version/4.0.5 Mobile/8B117 Safari/6531.22.7 (compatible; Googlebot-Mobile/2.1; +http://www.google.com/bot.html)"
141.8.147.12 - - [17/Aug/2013:18:07:05 +0200] "GET /robots.txt HTTP/1.1" 404 - "-" "Mozilla/5.0 (compatible; YandexBot/3.0; +http://yandex.com/bots)"
66.249.72.88 - - [17/Aug/2013:19:28:39 +0200] "GET /robots.txt HTTP/1.1" 404 - "-" "Mozilla/5.0 (compatible; Googlebot/2.1; +http://www.google.com/bot.html)"
141.8.147.12 - - [17/Aug/2013:20:09:41 +0200] "GET / HTTP/1.1" 200 6430 "-" "Mozilla/5.0 (compatible; YandexBot/3.0; +http://yandex.com/bots)"
141.8.147.12 - - [17/Aug/2013:20:12:46 +0200] "GET /download/Geda-Zubehoer.pdf HTTP/1.1" 200 1012959 "-" "Mozilla/5.0 (compatible; YandexBot/3.0; +http://yandex.com/bots)"
66.249.72.88 - - [17/Aug/2013:20:16:31 +0200] "GET /impressum.php HTTP/1.1" 200 7582 "-" "Mozilla/5.0 (iPhone; U; CPU iPhone OS 4_1 like Mac OS X; en-us) AppleWebKit/532.9 (KHTML, like Gecko) Version/4.0.5 Mobile/8B117 Safari/6531.22.7 (compatible; Googlebot-Mobile/2.1; +http://www.google.com/bot.html)"
54.216.58.128 - - [17/Aug/2013:21:02:57 +0200] "GET / HTTP/1.0" 200 6430 "-" "Mozilla/5.0 (Windows; U; Windows NT 5.1; de; rv:1.9.1.2) Gecko/20090729 Firefox/3.5.2"
54.216.58.128 - - [17/Aug/2013:21:02:58 +0200] "GET /kontakt.php HTTP/1.0" 200 6666 "-" "Mozilla/5.0 (Windows; U; Windows NT 5.1; de; rv:1.9.1.2) Gecko/20090729 Firefox/3.5.2"
54.216.58.128 - - [17/Aug/2013:21:02:59 +0200] "GET /impressum.php HTTP/1.0" 200 7582 "-" "Mozilla/5.0 (Windows; U; Windows NT 5.1; de; rv:1.9.1.2) Gecko/20090729 Firefox/3.5.2"
54.216.58.128 - - [17/Aug/2013:21:03:00 +0200] "GET /index.php HTTP/1.0" 200 6430 "-" "Mozilla/5.0 (Windows; U; Windows NT 5.1; de; rv:1.9.1.2) Gecko/20090729 Firefox/3.5.2"
54.216.58.128 - - [17/Aug/2013:21:03:00 +0200] "GET /aktuelles.php HTTP/1.0" 200 10833 "-" "Mozilla/5.0 (Windows; U; Windows NT 5.1; de; rv:1.9.1.2) Gecko/20090729 Firefox/3.5.2"
54.216.58.128 - - [17/Aug/2013:21:03:01 +0200] "GET /leistungen.php HTTP/1.0" 200 7141 "-" "Mozilla/5.0 (Windows; U; Windows NT 5.1; de; rv:1.9.1.2) Gecko/20090729 Firefox/3.5.2"
54.216.58.128 - - [17/Aug/2013:21:03:02 +0200] "GET /verkauf.php HTTP/1.0" 200 6239 "-" "Mozilla/5.0 (Windows; U; Windows NT 5.1; de; rv:1.9.1.2) Gecko/20090729 Firefox/3.5.2"
54.216.58.128 - - [17/Aug/2013:21:03:03 +0200] "GET /vermietung.php HTTP/1.0" 200 6318 "-" "Mozilla/5.0 (Windows; U; Windows NT 5.1; de; rv:1.9.1.2) Gecko/20090729 Firefox/3.5.2"
54.216.58.128 - - [17/Aug/2013:21:03:04 +0200] "GET /gebrauchtmaschinen.php HTTP/1.0" 200 6062 "-" "Mozilla/5.0 (Windows; U; Windows NT 5.1; de; rv:1.9.1.2) Gecko/20090729 Firefox/3.5.2"
54.216.58.128 - - [17/Aug/2013:21:03:05 +0200] "GET /unternehmen.php HTTP/1.0" 200 6859 "-" "Mozilla/5.0 (Windows; U; Windows NT 5.1; de; rv:1.9.1.2) Gecko/20090729 Firefox/3.5.2"
54.216.58.128 - - [17/Aug/2013:21:03:05 +0200] "GET /angebote.php HTTP/1.0" 200 9943 "-" "Mozilla/5.0 (Windows; U; Windows NT 5.1; de; rv:1.9.1.2) Gecko/20090729 Firefox/3.5.2"
54.216.58.128 - - [17/Aug/2013:21:03:09 +0200] "GET /download/Newsletter_Groeger_2013-06.pdf HTTP/1.0" 200 531601 "-" "Mozilla/5.0 (Windows; U; Windows NT 5.1; de; rv:1.9.1.2) Gecko/20090729 Firefox/3.5.2"
54.216.58.128 - - [17/Aug/2013:21:03:47 +0200] "GET /download/Newsletter_Groeger_2012-11.pdf HTTP/1.0" 200 527614 "-" "Mozilla/5.0 (Windows; U; Windows NT 5.1; de; rv:1.9.1.2) Gecko/20090729 Firefox/3.5.2"
54.216.58.128 - - [17/Aug/2013:21:04:27 +0200] "GET /download/Newsletter_Groeger_2012-09.pdf HTTP/1.0" 200 492501 "-" "Mozilla/5.0 (Windows; U; Windows NT 5.1; de; rv:1.9.1.2) Gecko/20090729 Firefox/3.5.2"
54.216.58.128 - - [17/Aug/2013:21:05:05 +0200] "GET /download/Newsletter_Groeger_2012-06.pdf HTTP/1.0" 200 309498 "-" "Mozilla/5.0 (Windows; U; Windows NT 5.1; de; rv:1.9.1.2) Gecko/20090729 Firefox/3.5.2"
54.216.58.128 - - [17/Aug/2013:21:05:15 +0200] "GET /download/Groeger-Newsletter-Dachdecker11.pdf HTTP/1.0" 200 357192 "-" "Mozilla/5.0 (Windows; U; Windows NT 5.1; de; rv:1.9.1.2) Gecko/20090729 Firefox/3.5.2"
54.216.58.128 - - [17/Aug/2013:21:05:36 +0200] "GET /download/Newsletter_Groeger_11-06_Innung.pdf HTTP/1.0" 200 422119 "-" "Mozilla/5.0 (Windows; U; Windows NT 5.1; de; rv:1.9.1.2) Gecko/20090729 Firefox/3.5.2"
157.56.92.158 - - [18/Aug/2013:00:57:19 +0200] "GET /robots.txt HTTP/1.1" 404 - "-" "Mozilla/5.0 (compatible; bingbot/2.0; +http://www.bing.com/bingbot.htm)"
157.56.92.158 - - [18/Aug/2013:00:58:10 +0200] "GET / HTTP/1.1" 200 6430 "-" "Mozilla/5.0 (compatible; bingbot/2.0; +http://www.bing.com/bingbot.htm)"
157.55.35.31 - - [18/Aug/2013:01:15:07 +0200] "GET /download/Groeger-Newsletter-Dachdecker11.pdf HTTP/1.1" 200 357192 "-" "Mozilla/5.0 (compatible; bingbot/2.0; +http://www.bing.com/bingbot.htm)"
176.31.14.30 - - [18/Aug/2013:01:53:13 +0200] "GET / HTTP/1.1" 200 6430 "-" "Mozilla/5.0 (Macintosh; U; Intel Mac OS X 10_6_8; en-US) AppleWebKit/533.21.1 (KHTML, like Gecko) Version/5.0.5 Safari/533.21.1"
176.31.14.30 - - [18/Aug/2013:01:53:14 +0200] "GET /verkauf.php HTTP/1.1" 200 6239 "-" "Mozilla/5.0 (Windows NT 6.0) AppleWebKit/535.7 (KHTML, like Gecko) Chrome/16.0.912.75 Safari/535.7"
176.31.14.30 - - [18/Aug/2013:01:53:14 +0200] "GET /unternehmen.php HTTP/1.1" 200 6859 "-" "Mozilla/4.0 (compatible; MSIE 10.0; Windows NT 6.1; Trident/5.0)"
176.31.14.30 - - [18/Aug/2013:01:53:15 +0200] "GET /leistungen.php HTTP/1.1" 200 7141 "-" "Mozilla/5.0 (Windows; U; MSIE 9.0; Windows NT 9.0; en-US)"
176.31.14.30 - - [18/Aug/2013:01:53:15 +0200] "GET /gebrauchtmaschinen.php HTTP/1.1" 200 6062 "-" "Opera/9.80 (Windows NT 6.1; U; en-US) Presto/2.9.181 Version/12.00"
66.249.72.88 - - [18/Aug/2013:05:23:46 +0200] "GET /robots.txt HTTP/1.1" 404 - "-" "Mozilla/5.0 (compatible; Googlebot/2.1; +http://www.google.com/bot.html)"
66.249.72.88 - - [18/Aug/2013:05:23:46 +0200] "GET /download/Newsletter_Groeger_2013-04.pdf HTTP/1.1" 304 - "-" "Mozilla/5.0 (iPhone; U; CPU iPhone OS 4_1 like Mac OS X; en-us) AppleWebKit/532.9 (KHTML, like Gecko) Version/4.0.5 Mobile/8B117 Safari/6531.22.7 (compatible; Googlebot-Mobile/2.1; +http://www.google.com/bot.html)"
157.56.92.158 - - [18/Aug/2013:07:26:25 +0200] "GET /robots.txt HTTP/1.1" 404 - "-" "Mozilla/5.0 (compatible; bingbot/2.0; +http://www.bing.com/bingbot.htm)"
157.56.92.158 - - [18/Aug/2013:07:26:53 +0200] "GET / HTTP/1.1" 200 6430 "-" "Mozilla/5.0 (compatible; bingbot/2.0; +http://www.bing.com/bingbot.htm)"
80.187.103.182 - - [18/Aug/2013:08:16:24 +0200] "GET / HTTP/1.1" 200 6430 "https://www.google.de/" "Mozilla/5.0 (iPhone; CPU iPhone OS 6_1_3 like Mac OS X) AppleWebKit/536.26 (KHTML, like Gecko) Version/6.0 Mobile/10B329 Safari/8536.25"
80.187.103.182 - - [18/Aug/2013:08:16:24 +0200] "GET /css/groeger.css HTTP/1.1" 200 5363 "http://www.groeger-bauaufzuege.de/" "Mozilla/5.0 (iPhone; CPU iPhone OS 6_1_3 like Mac OS X) AppleWebKit/536.26 (KHTML, like Gecko) Version/6.0 Mobile/10B329 Safari/8536.25"
80.187.103.182 - - [18/Aug/2013:08:16:24 +0200] "GET /img/bild_1.jpg HTTP/1.1" 200 44440 "http://www.groeger-bauaufzuege.de/" "Mozilla/5.0 (iPhone; CPU iPhone OS 6_1_3 like Mac OS X) AppleWebKit/536.26 (KHTML, like Gecko) Version/6.0 Mobile/10B329 Safari/8536.25"
80.187.103.182 - - [18/Aug/2013:08:16:24 +0200] "GET /img/logo_groeger.gif HTTP/1.1" 200 3605 "http://www.groeger-bauaufzuege.de/" "Mozilla/5.0 (iPhone; CPU iPhone OS 6_1_3 like Mac OS X) AppleWebKit/536.26 (KHTML, like Gecko) Version/6.0 Mobile/10B329 Safari/8536.25"
80.187.103.182 - - [18/Aug/2013:08:16:24 +0200] "GET /fancybox/jquery.fancybox-1.3.4.css HTTP/1.1" 200 8494 "http://www.groeger-bauaufzuege.de/" "Mozilla/5.0 (iPhone; CPU iPhone OS 6_1_3 like Mac OS X) AppleWebKit/536.26 (KHTML, like Gecko) Version/6.0 Mobile/10B329 Safari/8536.25"
80.187.103.182 - - [18/Aug/2013:08:16:24 +0200] "GET /img/pfeil.png HTTP/1.1" 200 840 "http://www.groeger-bauaufzuege.de/" "Mozilla/5.0 (iPhone; CPU iPhone OS 6_1_3 like Mac OS X) AppleWebKit/536.26 (KHTML, like Gecko) Version/6.0 Mobile/10B329 Safari/8536.25"
80.187.103.182 - - [18/Aug/2013:08:16:24 +0200] "GET /swfobject.js HTTP/1.1" 200 6880 "http://www.groeger-bauaufzuege.de/" "Mozilla/5.0 (iPhone; CPU iPhone OS 6_1_3 like Mac OS X) AppleWebKit/536.26 (KHTML, like Gecko) Version/6.0 Mobile/10B329 Safari/8536.25"
80.187.103.182 - - [18/Aug/2013:08:16:24 +0200] "GET /jquery.cross-slide.js HTTP/1.1" 200 11724 "http://www.groeger-bauaufzuege.de/" "Mozilla/5.0 (iPhone; CPU iPhone OS 6_1_3 like Mac OS X) AppleWebKit/536.26 (KHTML, like Gecko) Version/6.0 Mobile/10B329 Safari/8536.25"
80.187.103.182 - - [18/Aug/2013:08:16:24 +0200] "GET /fancybox/jquery.fancybox-1.3.4.pack.js HTTP/1.1" 200 15624 "http://www.groeger-bauaufzuege.de/" "Mozilla/5.0 (iPhone; CPU iPhone OS 6_1_3 like Mac OS X) AppleWebKit/536.26 (KHTML, like Gecko) Version/6.0 Mobile/10B329 Safari/8536.25"
80.187.103.182 - - [18/Aug/2013:08:16:24 +0200] "GET /jquery-1.4.3.min.js HTTP/1.1" 200 77746 "http://www.groeger-bauaufzuege.de/" "Mozilla/5.0 (iPhone; CPU iPhone OS 6_1_3 like Mac OS X) AppleWebKit/536.26 (KHTML, like Gecko) Version/6.0 Mobile/10B329 Safari/8536.25"
80.187.103.182 - - [18/Aug/2013:08:16:25 +0200] "GET /img/grauverlauf.png HTTP/1.1" 200 3242 "http://www.groeger-bauaufzuege.de/" "Mozilla/5.0 (iPhone; CPU iPhone OS 6_1_3 like Mac OS X) AppleWebKit/536.26 (KHTML, like Gecko) Version/6.0 Mobile/10B329 Safari/8536.25"
80.187.103.182 - - [18/Aug/2013:08:16:25 +0200] "GET /img/bild_1.jpg HTTP/1.1" 200 44440 "http://www.groeger-bauaufzuege.de/" "Mozilla/5.0 (iPhone; CPU iPhone OS 6_1_3 like Mac OS X) AppleWebKit/536.26 (KHTML, like Gecko) Version/6.0 Mobile/10B329 Safari/8536.25"
80.187.103.182 - - [18/Aug/2013:08:16:25 +0200] "GET /img/groeger_web.jpg HTTP/1.1" 200 10877 "http://www.groeger-bauaufzuege.de/" "Mozilla/5.0 (iPhone; CPU iPhone OS 6_1_3 like Mac OS X) AppleWebKit/536.26 (KHTML, like Gecko) Version/6.0 Mobile/10B329 Safari/8536.25"
80.187.103.182 - - [18/Aug/2013:08:16:25 +0200] "GET /img/bild_4.jpg HTTP/1.1" 200 45325 "http://www.groeger-bauaufzuege.de/" "Mozilla/5.0 (iPhone; CPU iPhone OS 6_1_3 like Mac OS X) AppleWebKit/536.26 (KHTML, like Gecko) Version/6.0 Mobile/10B329 Safari/8536.25"
80.187.103.182 - - [18/Aug/2013:08:16:25 +0200] "GET /img/bild_2.jpg HTTP/1.1" 200 53191 "http://www.groeger-bauaufzuege.de/" "Mozilla/5.0 (iPhone; CPU iPhone OS 6_1_3 like Mac OS X) AppleWebKit/536.26 (KHTML, like Gecko) Version/6.0 Mobile/10B329 Safari/8536.25"
80.187.103.182 - - [18/Aug/2013:08:16:25 +0200] "GET /img/bild_3.jpg HTTP/1.1" 200 57915 "http://www.groeger-bauaufzuege.de/" "Mozilla/5.0 (iPhone; CPU iPhone OS 6_1_3 like Mac OS X) AppleWebKit/536.26 (KHTML, like Gecko) Version/6.0 Mobile/10B329 Safari/8536.25"
80.187.103.182 - - [18/Aug/2013:08:16:35 +0200] "GET /gebrauchtmaschinen.php HTTP/1.1" 200 6062 "http://www.groeger-bauaufzuege.de/" "Mozilla/5.0 (iPhone; CPU iPhone OS 6_1_3 like Mac OS X) AppleWebKit/536.26 (KHTML, like Gecko) Version/6.0 Mobile/10B329 Safari/8536.25"
80.187.103.182 - - [18/Aug/2013:08:16:51 +0200] "GET /aktuelles.php HTTP/1.1" 200 10833 "http://www.groeger-bauaufzuege.de/gebrauchtmaschinen.php" "Mozilla/5.0 (iPhone; CPU iPhone OS 6_1_3 like Mac OS X) AppleWebKit/536.26 (KHTML, like Gecko) Version/6.0 Mobile/10B329 Safari/8536.25"
80.187.103.182 - - [18/Aug/2013:08:16:52 +0200] "GET /img/Newsletter_Groeger_2013-06.png HTTP/1.1" 200 23068 "http://www.groeger-bauaufzuege.de/aktuelles.php" "Mozilla/5.0 (iPhone; CPU iPhone OS 6_1_3 like Mac OS X) AppleWebKit/536.26 (KHTML, like Gecko) Version/6.0 Mobile/10B329 Safari/8536.25"
80.187.103.182 - - [18/Aug/2013:08:17:22 +0200] "GET /verkauf.php HTTP/1.1" 200 6239 "http://www.groeger-bauaufzuege.de/aktuelles.php" "Mozilla/5.0 (iPhone; CPU iPhone OS 6_1_3 like Mac OS X) AppleWebKit/536.26 (KHTML, like Gecko) Version/6.0 Mobile/10B329 Safari/8536.25"
80.187.103.182 - - [18/Aug/2013:08:17:23 +0200] "GET /img/logo_geda.gif HTTP/1.1" 200 4337 "http://www.groeger-bauaufzuege.de/verkauf.php" "Mozilla/5.0 (iPhone; CPU iPhone OS 6_1_3 like Mac OS X) AppleWebKit/536.26 (KHTML, like Gecko) Version/6.0 Mobile/10B329 Safari/8536.25"
80.187.103.182 - - [18/Aug/2013:08:17:23 +0200] "GET /img/logo_steinbach.jpg HTTP/1.1" 200 9601 "http://www.groeger-bauaufzuege.de/verkauf.php" "Mozilla/5.0 (iPhone; CPU iPhone OS 6_1_3 like Mac OS X) AppleWebKit/536.26 (KHTML, like Gecko) Version/6.0 Mobile/10B329 Safari/8536.25"
80.187.103.182 - - [18/Aug/2013:08:17:23 +0200] "GET /img/logo_boecker.gif HTTP/1.1" 200 2974 "http://www.groeger-bauaufzuege.de/verkauf.php" "Mozilla/5.0 (iPhone; CPU iPhone OS 6_1_3 like Mac OS X) AppleWebKit/536.26 (KHTML, like Gecko) Version/6.0 Mobile/10B329 Safari/8536.25"
80.187.103.182 - - [18/Aug/2013:08:17:30 +0200] "GET /unternehmen.php HTTP/1.1" 200 6859 "http://www.groeger-bauaufzuege.de/verkauf.php" "Mozilla/5.0 (iPhone; CPU iPhone OS 6_1_3 like Mac OS X) AppleWebKit/536.26 (KHTML, like Gecko) Version/6.0 Mobile/10B329 Safari/8536.25"
80.187.103.182 - - [18/Aug/2013:08:17:33 +0200] "GET /vermietung.php HTTP/1.1" 200 6318 "http://www.groeger-bauaufzuege.de/unternehmen.php" "Mozilla/5.0 (iPhone; CPU iPhone OS 6_1_3 like Mac OS X) AppleWebKit/536.26 (KHTML, like Gecko) Version/6.0 Mobile/10B329 Safari/8536.25"
80.187.103.182 - - [18/Aug/2013:08:17:44 +0200] "GET /index.php HTTP/1.1" 200 6430 "http://www.groeger-bauaufzuege.de/verkauf.php" "Mozilla/5.0 (iPhone; CPU iPhone OS 6_1_3 like Mac OS X) AppleWebKit/536.26 (KHTML, like Gecko) Version/6.0 Mobile/10B329 Safari/8536.25"
80.187.103.182 - - [18/Aug/2013:08:17:53 +0200] "GET /download/Newsletter_Groeger_2013-06.pdf HTTP/1.1" 200 531601 "http://www.groeger-bauaufzuege.de/aktuelles.php" "Mozilla/5.0 (iPhone; CPU iPhone OS 6_1_3 like Mac OS X) AppleWebKit/536.26 (KHTML, like Gecko) Version/6.0 Mobile/10B329 Safari/8536.25"
157.56.92.158 - - [18/Aug/2013:11:26:12 +0200] "GET /robots.txt HTTP/1.1" 404 - "-" "Mozilla/5.0 (compatible; bingbot/2.0; +http://www.bing.com/bingbot.htm)"
157.56.92.158 - - [18/Aug/2013:11:26:37 +0200] "GET /download/Lift_D.pdf HTTP/1.1" 200 1178879 "-" "Mozilla/5.0 (compatible; bingbot/2.0; +http://www.bing.com/bingbot.htm)"
157.56.92.158 - - [18/Aug/2013:11:54:37 +0200] "GET / HTTP/1.1" 200 6430 "-" "Mozilla/5.0 (compatible; bingbot/2.0; +http://www.bing.com/bingbot.htm)"
157.56.92.158 - - [18/Aug/2013:11:55:37 +0200] "GET / HTTP/1.1" 200 6430 "-" "Mozilla/5.0 (compatible; bingbot/2.0; +http://www.bing.com/bingbot.htm)"
5.56.195.84 - - [18/Aug/2013:12:27:34 +0200] "GET /link/20130604 HTTP/1.1" 302 - "http://www.google.de/url?sa=t&rct=j&q=Hersteller%20von%20Alu%20Autokranen&source=web&cd=7&ved=0CGkQFjAG&url=http%3A%2F%2Fwww.groeger-bauaufzuege.de%2Flink%2F20130604&ei=-qAQUr-fJ7OM4gSZ2oDIDQ&usg=AFQjCNH7n0JWsj0YUlmDsnhJafP1MmHIUA" "Mozilla/4.0 (compatible; MSIE 8.0; Windows NT 6.1; WOW64; Trident/4.0; GTB7.5; SLCC2; .NET CLR 2.0.50727; .NET CLR 3.5.30729; .NET CLR 3.0.30729; Media Center PC 6.0; .NET4.0C; McAfee)"
5.56.195.84 - - [18/Aug/2013:12:27:34 +0200] "GET /download/Boecker_Autokrane.pdf HTTP/1.1" 200 1994740 "http://www.google.de/url?sa=t&rct=j&q=Hersteller%20von%20Alu%20Autokranen&source=web&cd=7&ved=0CGkQFjAG&url=http%3A%2F%2Fwww.groeger-bauaufzuege.de%2Flink%2F20130604&ei=-qAQUr-fJ7OM4gSZ2oDIDQ&usg=AFQjCNH7n0JWsj0YUlmDsnhJafP1MmHIUA" "Mozilla/4.0 (compatible; MSIE 8.0; Windows NT 6.1; WOW64; Trident/4.0; GTB7.5; SLCC2; .NET CLR 2.0.50727; .NET CLR 3.5.30729; .NET CLR 3.0.30729; Media Center PC 6.0; .NET4.0C; McAfee)"
5.56.195.84 - - [18/Aug/2013:12:27:37 +0200] "GET /download/Boecker_Autokrane.pdf HTTP/1.1" 206 23867 "-" "Mozilla/4.0 (compatible; MSIE 8.0; Windows NT 6.1; WOW64; Trident/4.0; GTB7.5; SLCC2; .NET CLR 2.0.50727; .NET CLR 3.5.30729; .NET CLR 3.0.30729; Media Center PC 6.0; .NET4.0C; McAfee)"
5.56.195.84 - - [18/Aug/2013:12:27:37 +0200] "GET /download/Boecker_Autokrane.pdf HTTP/1.1" 206 16384 "-" "Mozilla/4.0 (compatible; MSIE 8.0; Windows NT 6.1; WOW64; Trident/4.0; GTB7.5; SLCC2; .NET CLR 2.0.50727; .NET CLR 3.5.30729; .NET CLR 3.0.30729; Media Center PC 6.0; .NET4.0C; McAfee)"
5.56.195.84 - - [18/Aug/2013:12:27:37 +0200] "GET /download/Boecker_Autokrane.pdf HTTP/1.1" 206 16384 "-" "Mozilla/4.0 (compatible; MSIE 8.0; Windows NT 6.1; WOW64; Trident/4.0; GTB7.5; SLCC2; .NET CLR 2.0.50727; .NET CLR 3.5.30729; .NET CLR 3.0.30729; Media Center PC 6.0; .NET4.0C; McAfee)"
5.56.195.84 - - [18/Aug/2013:12:27:37 +0200] "GET /download/Boecker_Autokrane.pdf HTTP/1.1" 206 16384 "-" "Mozilla/4.0 (compatible; MSIE 8.0; Windows NT 6.1; WOW64; Trident/4.0; GTB7.5; SLCC2; .NET CLR 2.0.50727; .NET CLR 3.5.30729; .NET CLR 3.0.30729; Media Center PC 6.0; .NET4.0C; McAfee)"
5.56.195.84 - - [18/Aug/2013:12:27:38 +0200] "GET /download/Boecker_Autokrane.pdf HTTP/1.1" 206 17123 "-" "Mozilla/4.0 (compatible; MSIE 8.0; Windows NT 6.1; WOW64; Trident/4.0; GTB7.5; SLCC2; .NET CLR 2.0.50727; .NET CLR 3.5.30729; .NET CLR 3.0.30729; Media Center PC 6.0; .NET4.0C; McAfee)"
5.56.195.84 - - [18/Aug/2013:12:27:38 +0200] "GET /download/Boecker_Autokrane.pdf HTTP/1.1" 206 16384 "-" "Mozilla/4.0 (compatible; MSIE 8.0; Windows NT 6.1; WOW64; Trident/4.0; GTB7.5; SLCC2; .NET CLR 2.0.50727; .NET CLR 3.5.30729; .NET CLR 3.0.30729; Media Center PC 6.0; .NET4.0C; McAfee)"
5.56.195.84 - - [18/Aug/2013:12:27:38 +0200] "GET /download/Boecker_Autokrane.pdf HTTP/1.1" 206 16384 "-" "Mozilla/4.0 (compatible; MSIE 8.0; Windows NT 6.1; WOW64; Trident/4.0; GTB7.5; SLCC2; .NET CLR 2.0.50727; .NET CLR 3.5.30729; .NET CLR 3.0.30729; Media Center PC 6.0; .NET4.0C; McAfee)"
5.56.195.84 - - [18/Aug/2013:12:27:38 +0200] "GET /download/Boecker_Autokrane.pdf HTTP/1.1" 206 16384 "-" "Mozilla/4.0 (compatible; MSIE 8.0; Windows NT 6.1; WOW64; Trident/4.0; GTB7.5; SLCC2; .NET CLR 2.0.50727; .NET CLR 3.5.30729; .NET CLR 3.0.30729; Media Center PC 6.0; .NET4.0C; McAfee)"
5.56.195.84 - - [18/Aug/2013:12:27:38 +0200] "GET /download/Boecker_Autokrane.pdf HTTP/1.1" 206 16384 "-" "Mozilla/4.0 (compatible; MSIE 8.0; Windows NT 6.1; WOW64; Trident/4.0; GTB7.5; SLCC2; .NET CLR 2.0.50727; .NET CLR 3.5.30729; .NET CLR 3.0.30729; Media Center PC 6.0; .NET4.0C; McAfee)"
5.56.195.84 - - [18/Aug/2013:12:27:38 +0200] "GET /download/Boecker_Autokrane.pdf HTTP/1.1" 206 3584 "-" "Mozilla/4.0 (compatible; MSIE 8.0; Windows NT 6.1; WOW64; Trident/4.0; GTB7.5; SLCC2; .NET CLR 2.0.50727; .NET CLR 3.5.30729; .NET CLR 3.0.30729; Media Center PC 6.0; .NET4.0C; McAfee)"
5.56.195.84 - - [18/Aug/2013:12:27:38 +0200] "GET /download/Boecker_Autokrane.pdf HTTP/1.1" 206 16384 "-" "Mozilla/4.0 (compatible; MSIE 8.0; Windows NT 6.1; WOW64; Trident/4.0; GTB7.5; SLCC2; .NET CLR 2.0.50727; .NET CLR 3.5.30729; .NET CLR 3.0.30729; Media Center PC 6.0; .NET4.0C; McAfee)"
5.56.195.84 - - [18/Aug/2013:12:27:38 +0200] "GET /download/Boecker_Autokrane.pdf HTTP/1.1" 206 32993 "-" "Mozilla/4.0 (compatible; MSIE 8.0; Windows NT 6.1; WOW64; Trident/4.0; GTB7.5; SLCC2; .NET CLR 2.0.50727; .NET CLR 3.5.30729; .NET CLR 3.0.30729; Media Center PC 6.0; .NET4.0C; McAfee)"
5.56.195.84 - - [18/Aug/2013:12:27:38 +0200] "GET /download/Boecker_Autokrane.pdf HTTP/1.1" 206 16384 "-" "Mozilla/4.0 (compatible; MSIE 8.0; Windows NT 6.1; WOW64; Trident/4.0; GTB7.5; SLCC2; .NET CLR 2.0.50727; .NET CLR 3.5.30729; .NET CLR 3.0.30729; Media Center PC 6.0; .NET4.0C; McAfee)"
5.56.195.84 - - [18/Aug/2013:12:27:38 +0200] "GET /download/Boecker_Autokrane.pdf HTTP/1.1" 206 16384 "-" "Mozilla/4.0 (compatible; MSIE 8.0; Windows NT 6.1; WOW64; Trident/4.0; GTB7.5; SLCC2; .NET CLR 2.0.50727; .NET CLR 3.5.30729; .NET CLR 3.0.30729; Media Center PC 6.0; .NET4.0C; McAfee)"
5.56.195.84 - - [18/Aug/2013:12:27:38 +0200] "GET /download/Boecker_Autokrane.pdf HTTP/1.1" 206 16384 "-" "Mozilla/4.0 (compatible; MSIE 8.0; Windows NT 6.1; WOW64; Trident/4.0; GTB7.5; SLCC2; .NET CLR 2.0.50727; .NET CLR 3.5.30729; .NET CLR 3.0.30729; Media Center PC 6.0; .NET4.0C; McAfee)"
5.56.195.84 - - [18/Aug/2013:12:27:39 +0200] "GET /download/Boecker_Autokrane.pdf HTTP/1.1" 206 4608 "-" "Mozilla/4.0 (compatible; MSIE 8.0; Windows NT 6.1; WOW64; Trident/4.0; GTB7.5; SLCC2; .NET CLR 2.0.50727; .NET CLR 3.5.30729; .NET CLR 3.0.30729; Media Center PC 6.0; .NET4.0C; McAfee)"
5.56.195.84 - - [18/Aug/2013:12:27:39 +0200] "GET /download/Boecker_Autokrane.pdf HTTP/1.1" 206 16384 "-" "Mozilla/4.0 (compatible; MSIE 8.0; Windows NT 6.1; WOW64; Trident/4.0; GTB7.5; SLCC2; .NET CLR 2.0.50727; .NET CLR 3.5.30729; .NET CLR 3.0.30729; Media Center PC 6.0; .NET4.0C; McAfee)"
5.56.195.84 - - [18/Aug/2013:12:27:39 +0200] "GET /download/Boecker_Autokrane.pdf HTTP/1.1" 206 32993 "-" "Mozilla/4.0 (compatible; MSIE 8.0; Windows NT 6.1; WOW64; Trident/4.0; GTB7.5; SLCC2; .NET CLR 2.0.50727; .NET CLR 3.5.30729; .NET CLR 3.0.30729; Media Center PC 6.0; .NET4.0C; McAfee)"
5.56.195.84 - - [18/Aug/2013:12:27:39 +0200] "GET /download/Boecker_Autokrane.pdf HTTP/1.1" 206 16384 "-" "Mozilla/4.0 (compatible; MSIE 8.0; Windows NT 6.1; WOW64; Trident/4.0; GTB7.5; SLCC2; .NET CLR 2.0.50727; .NET CLR 3.5.30729; .NET CLR 3.0.30729; Media Center PC 6.0; .NET4.0C; McAfee)"
5.56.195.84 - - [18/Aug/2013:12:27:39 +0200] "GET /download/Boecker_Autokrane.pdf HTTP/1.1" 206 16384 "-" "Mozilla/4.0 (compatible; MSIE 8.0; Windows NT 6.1; WOW64; Trident/4.0; GTB7.5; SLCC2; .NET CLR 2.0.50727; .NET CLR 3.5.30729; .NET CLR 3.0.30729; Media Center PC 6.0; .NET4.0C; McAfee)"
5.56.195.84 - - [18/Aug/2013:12:27:39 +0200] "GET /download/Boecker_Autokrane.pdf HTTP/1.1" 206 12001 "-" "Mozilla/4.0 (compatible; MSIE 8.0; Windows NT 6.1; WOW64; Trident/4.0; GTB7.5; SLCC2; .NET CLR 2.0.50727; .NET CLR 3.5.30729; .NET CLR 3.0.30729; Media Center PC 6.0; .NET4.0C; McAfee)"
5.56.195.84 - - [18/Aug/2013:12:27:39 +0200] "GET /download/Boecker_Autokrane.pdf HTTP/1.1" 206 16384 "-" "Mozilla/4.0 (compatible; MSIE 8.0; Windows NT 6.1; WOW64; Trident/4.0; GTB7.5; SLCC2; .NET CLR 2.0.50727; .NET CLR 3.5.30729; .NET CLR 3.0.30729; Media Center PC 6.0; .NET4.0C; McAfee)"
5.56.195.84 - - [18/Aug/2013:12:27:39 +0200] "GET /download/Boecker_Autokrane.pdf HTTP/1.1" 206 16384 "-" "Mozilla/4.0 (compatible; MSIE 8.0; Windows NT 6.1; WOW64; Trident/4.0; GTB7.5; SLCC2; .NET CLR 2.0.50727; .NET CLR 3.5.30729; .NET CLR 3.0.30729; Media Center PC 6.0; .NET4.0C; McAfee)"
5.56.195.84 - - [18/Aug/2013:12:27:39 +0200] "GET /download/Boecker_Autokrane.pdf HTTP/1.1" 206 16384 "-" "Mozilla/4.0 (compatible; MSIE 8.0; Windows NT 6.1; WOW64; Trident/4.0; GTB7.5; SLCC2; .NET CLR 2.0.50727; .NET CLR 3.5.30729; .NET CLR 3.0.30729; Media Center PC 6.0; .NET4.0C; McAfee)"
5.56.195.84 - - [18/Aug/2013:12:27:39 +0200] "GET /download/Boecker_Autokrane.pdf HTTP/1.1" 206 16384 "-" "Mozilla/4.0 (compatible; MSIE 8.0; Windows NT 6.1; WOW64; Trident/4.0; GTB7.5; SLCC2; .NET CLR 2.0.50727; .NET CLR 3.5.30729; .NET CLR 3.0.30729; Media Center PC 6.0; .NET4.0C; McAfee)"
5.56.195.84 - - [18/Aug/2013:12:27:39 +0200] "GET /download/Boecker_Autokrane.pdf HTTP/1.1" 206 16384 "-" "Mozilla/4.0 (compatible; MSIE 8.0; Windows NT 6.1; WOW64; Trident/4.0; GTB7.5; SLCC2; .NET CLR 2.0.50727; .NET CLR 3.5.30729; .NET CLR 3.0.30729; Media Center PC 6.0; .NET4.0C; McAfee)"
5.56.195.84 - - [18/Aug/2013:12:27:39 +0200] "GET /download/Boecker_Autokrane.pdf HTTP/1.1" 206 16384 "-" "Mozilla/4.0 (compatible; MSIE 8.0; Windows NT 6.1; WOW64; Trident/4.0; GTB7.5; SLCC2; .NET CLR 2.0.50727; .NET CLR 3.5.30729; .NET CLR 3.0.30729; Media Center PC 6.0; .NET4.0C; McAfee)"
5.56.195.84 - - [18/Aug/2013:12:27:39 +0200] "GET /download/Boecker_Autokrane.pdf HTTP/1.1" 206 16384 "-" "Mozilla/4.0 (compatible; MSIE 8.0; Windows NT 6.1; WOW64; Trident/4.0; GTB7.5; SLCC2; .NET CLR 2.0.50727; .NET CLR 3.5.30729; .NET CLR 3.0.30729; Media Center PC 6.0; .NET4.0C; McAfee)"
5.56.195.84 - - [18/Aug/2013:12:27:39 +0200] "GET /download/Boecker_Autokrane.pdf HTTP/1.1" 206 16384 "-" "Mozilla/4.0 (compatible; MSIE 8.0; Windows NT 6.1; WOW64; Trident/4.0; GTB7.5; SLCC2; .NET CLR 2.0.50727; .NET CLR 3.5.30729; .NET CLR 3.0.30729; Media Center PC 6.0; .NET4.0C; McAfee)"
