66.249.75.88 - - [02/Aug/2013:16:45:57 +0200] "GET /robots.txt HTTP/1.1" 404 - "-" "Mozilla/5.0 (compatible; Googlebot/2.1; +http://www.google.com/bot.html)"
66.249.75.88 - - [02/Aug/2013:16:45:57 +0200] "GET / HTTP/1.1" 200 6430 "-" "SAMSUNG-SGH-E250/1.0 Profile/MIDP-2.0 Configuration/CLDC-1.1 UP.Browser/6.2.3.3.c.1.101 (GUI) MMP/2.0 (compatible; Googlebot-Mobile/2.1; +http://www.google.com/bot.html)"
157.56.92.150 - - [02/Aug/2013:16:55:33 +0200] "GET /robots.txt HTTP/1.1" 404 - "-" "Mozilla/5.0 (compatible; bingbot/2.0; +http://www.bing.com/bingbot.htm)"
157.56.92.150 - - [02/Aug/2013:16:57:42 +0200] "GET /download/Newsletter_Groeger_2013-06.pdf HTTP/1.1" 200 531601 "-" "Mozilla/5.0 (compatible; bingbot/2.0; +http://www.bing.com/bingbot.htm)"
141.8.147.12 - - [02/Aug/2013:17:52:14 +0200] "GET /img/logo_groeger.gif HTTP/1.1" 304 - "-" "Mozilla/5.0 (compatible; YandexImages/3.0; +http://yandex.com/bots)"
141.8.147.12 - - [02/Aug/2013:17:58:28 +0200] "GET /img/pfeil.png HTTP/1.1" 304 - "-" "Mozilla/5.0 (compatible; YandexImages/3.0; +http://yandex.com/bots)"
141.8.147.12 - - [02/Aug/2013:17:58:56 +0200] "GET /img/leist_geda_02.jpg HTTP/1.1" 304 - "-" "Mozilla/5.0 (compatible; YandexImages/3.0; +http://yandex.com/bots)"
141.8.147.12 - - [02/Aug/2013:18:21:57 +0200] "GET /img/logo_geda.gif HTTP/1.1" 304 - "-" "Mozilla/5.0 (compatible; YandexImages/3.0; +http://yandex.com/bots)"
193.111.141.44 - - [02/Aug/2013:19:18:17 +0200] "GET /unternehmen.php HTTP/1.1" 200 6859 "-" "Mozilla/5.0 (X11; Linux i686; rv:6.0) Gecko/20100101 Firefox/6.0"
157.56.92.158 - - [02/Aug/2013:21:43:15 +0200] "GET /robots.txt HTTP/1.1" 404 - "-" "Mozilla/5.0 (compatible; bingbot/2.0; +http://www.bing.com/bingbot.htm)"
66.249.75.88 - - [02/Aug/2013:21:46:13 +0200] "GET /robots.txt HTTP/1.1" 404 - "-" "Mozilla/5.0 (compatible; Googlebot/2.1; +http://www.google.com/bot.html)"
66.249.75.88 - - [02/Aug/2013:21:46:13 +0200] "GET /link/20130604 HTTP/1.1" 302 - "-" "Mozilla/5.0 (iPhone; U; CPU iPhone OS 4_1 like Mac OS X; en-us) AppleWebKit/532.9 (KHTML, like Gecko) Version/4.0.5 Mobile/8B117 Safari/6531.22.7 (compatible; Googlebot-Mobile/2.1; +http://www.google.com/bot.html)"
66.249.75.88 - - [02/Aug/2013:21:46:13 +0200] "GET /download/Boecker_Autokrane.pdf HTTP/1.1" 200 1994740 "-" "Mozilla/5.0 (iPhone; U; CPU iPhone OS 4_1 like Mac OS X; en-us) AppleWebKit/532.9 (KHTML, like Gecko) Version/4.0.5 Mobile/8B117 Safari/6531.22.7 (compatible; Googlebot-Mobile/2.1; +http://www.google.com/bot.html)"
157.56.92.158 - - [02/Aug/2013:21:52:16 +0200] "GET / HTTP/1.1" 200 6430 "-" "Mozilla/5.0 (compatible; bingbot/2.0; +http://www.bing.com/bingbot.htm)"
95.112.73.209 - - [02/Aug/2013:22:05:20 +0200] "GET / HTTP/1.1" 200 6430 "http://suche.web.de/web?origin=moz_splugin_ff&su=Bauaufz%FCge" "Mozilla/5.0 (Windows NT 6.0; rv:22.0) Gecko/20100101 Firefox/22.0"
95.112.73.209 - - [02/Aug/2013:22:05:21 +0200] "GET /css/groeger.css HTTP/1.1" 200 5363 "http://www.groeger-bauaufzuege.de/" "Mozilla/5.0 (Windows NT 6.0; rv:22.0) Gecko/20100101 Firefox/22.0"
95.112.73.209 - - [02/Aug/2013:22:05:21 +0200] "GET /swfobject.js HTTP/1.1" 200 6880 "http://www.groeger-bauaufzuege.de/" "Mozilla/5.0 (Windows NT 6.0; rv:22.0) Gecko/20100101 Firefox/22.0"
95.112.73.209 - - [02/Aug/2013:22:05:21 +0200] "GET /jquery.cross-slide.js HTTP/1.1" 200 11724 "http://www.groeger-bauaufzuege.de/" "Mozilla/5.0 (Windows NT 6.0; rv:22.0) Gecko/20100101 Firefox/22.0"
95.112.73.209 - - [02/Aug/2013:22:05:21 +0200] "GET /fancybox/jquery.fancybox-1.3.4.pack.js HTTP/1.1" 200 15624 "http://www.groeger-bauaufzuege.de/" "Mozilla/5.0 (Windows NT 6.0; rv:22.0) Gecko/20100101 Firefox/22.0"
95.112.73.209 - - [02/Aug/2013:22:05:21 +0200] "GET /fancybox/jquery.fancybox-1.3.4.css HTTP/1.1" 200 8494 "http://www.groeger-bauaufzuege.de/" "Mozilla/5.0 (Windows NT 6.0; rv:22.0) Gecko/20100101 Firefox/22.0"
95.112.73.209 - - [02/Aug/2013:22:05:21 +0200] "GET /img/favicon.gif HTTP/1.1" 200 119 "-" "Mozilla/5.0 (Windows NT 6.0; rv:22.0) Gecko/20100101 Firefox/22.0"
95.112.73.209 - - [02/Aug/2013:22:05:21 +0200] "GET /jquery-1.4.3.min.js HTTP/1.1" 200 77746 "http://www.groeger-bauaufzuege.de/" "Mozilla/5.0 (Windows NT 6.0; rv:22.0) Gecko/20100101 Firefox/22.0"
95.112.73.209 - - [02/Aug/2013:22:05:21 +0200] "GET /img/logo_groeger.gif HTTP/1.1" 200 3605 "http://www.groeger-bauaufzuege.de/" "Mozilla/5.0 (Windows NT 6.0; rv:22.0) Gecko/20100101 Firefox/22.0"
95.112.73.209 - - [02/Aug/2013:22:05:21 +0200] "GET /img/pfeil.png HTTP/1.1" 200 840 "http://www.groeger-bauaufzuege.de/" "Mozilla/5.0 (Windows NT 6.0; rv:22.0) Gecko/20100101 Firefox/22.0"
95.112.73.209 - - [02/Aug/2013:22:05:21 +0200] "GET /img/grauverlauf.png HTTP/1.1" 200 3242 "http://www.groeger-bauaufzuege.de/css/groeger.css" "Mozilla/5.0 (Windows NT 6.0; rv:22.0) Gecko/20100101 Firefox/22.0"
95.112.73.209 - - [02/Aug/2013:22:05:21 +0200] "GET /img/groeger_web.jpg HTTP/1.1" 200 10877 "http://www.groeger-bauaufzuege.de/css/groeger.css" "Mozilla/5.0 (Windows NT 6.0; rv:22.0) Gecko/20100101 Firefox/22.0"
95.112.73.209 - - [02/Aug/2013:22:05:21 +0200] "GET /img/bild_1.jpg HTTP/1.1" 200 44440 "http://www.groeger-bauaufzuege.de/" "Mozilla/5.0 (Windows NT 6.0; rv:22.0) Gecko/20100101 Firefox/22.0"
95.112.73.209 - - [02/Aug/2013:22:05:21 +0200] "GET /img/bild_2.jpg HTTP/1.1" 200 53191 "http://www.groeger-bauaufzuege.de/" "Mozilla/5.0 (Windows NT 6.0; rv:22.0) Gecko/20100101 Firefox/22.0"
95.112.73.209 - - [02/Aug/2013:22:05:21 +0200] "GET /img/bild_3.jpg HTTP/1.1" 200 57915 "http://www.groeger-bauaufzuege.de/" "Mozilla/5.0 (Windows NT 6.0; rv:22.0) Gecko/20100101 Firefox/22.0"
95.112.73.209 - - [02/Aug/2013:22:05:21 +0200] "GET /img/bild_4.jpg HTTP/1.1" 200 45325 "http://www.groeger-bauaufzuege.de/" "Mozilla/5.0 (Windows NT 6.0; rv:22.0) Gecko/20100101 Firefox/22.0"
141.8.147.12 - - [02/Aug/2013:22:17:26 +0200] "GET /robots.txt HTTP/1.1" 404 - "-" "Mozilla/5.0 (compatible; YandexBot/3.0; +http://yandex.com/bots)"
157.56.92.158 - - [03/Aug/2013:02:42:28 +0200] "GET /robots.txt HTTP/1.1" 404 - "-" "Mozilla/5.0 (compatible; bingbot/2.0; +http://www.bing.com/bingbot.htm)"
157.56.92.158 - - [03/Aug/2013:02:47:22 +0200] "GET / HTTP/1.1" 200 6430 "-" "Mozilla/5.0 (compatible; bingbot/2.0; +http://www.bing.com/bingbot.htm)"
157.55.32.189 - - [03/Aug/2013:02:48:14 +0200] "GET /fancybox/jquery.fancybox-1.3.4.pack.js HTTP/1.1" 200 15624 "-" "Mozilla/5.0 (compatible; bingbot/2.0; +http://www.bing.com/bingbot.htm)"
157.55.32.189 - - [03/Aug/2013:02:48:15 +0200] "GET /jquery-1.4.3.min.js HTTP/1.1" 200 77746 "-" "Mozilla/5.0 (compatible; bingbot/2.0; +http://www.bing.com/bingbot.htm)"
157.55.32.189 - - [03/Aug/2013:02:48:17 +0200] "GET /jquery.cross-slide.js HTTP/1.1" 200 11724 "-" "Mozilla/5.0 (compatible; bingbot/2.0; +http://www.bing.com/bingbot.htm)"
157.56.92.158 - - [03/Aug/2013:02:49:16 +0200] "GET /img/logo_groeger.gif HTTP/1.1" 200 3605 "-" "Mozilla/5.0 (compatible; bingbot/2.0; +http://www.bing.com/bingbot.htm)"
157.56.92.158 - - [03/Aug/2013:02:49:17 +0200] "GET /css/groeger.css HTTP/1.1" 200 5363 "-" "Mozilla/5.0 (compatible; bingbot/2.0; +http://www.bing.com/bingbot.htm)"
157.56.92.158 - - [03/Aug/2013:02:49:18 +0200] "GET /img/pfeil.png HTTP/1.1" 200 840 "-" "Mozilla/5.0 (compatible; bingbot/2.0; +http://www.bing.com/bingbot.htm)"
199.30.24.121 - - [03/Aug/2013:03:48:39 +0200] "GET /swfobject.js HTTP/1.1" 200 6880 "http://www.groeger-bauaufzuege.de/" "Mozilla/5.0 (Windows NT 6.1; WOW64) AppleWebKit/534+ (KHTML, like Gecko) BingPreview/1.0b"
199.30.24.121 - - [03/Aug/2013:03:48:39 +0200] "GET /fancybox/jquery.fancybox-1.3.4.css HTTP/1.1" 200 8494 "http://www.groeger-bauaufzuege.de/" "Mozilla/5.0 (Windows NT 6.1; WOW64) AppleWebKit/534+ (KHTML, like Gecko) BingPreview/1.0b"
199.30.24.121 - - [03/Aug/2013:03:48:40 +0200] "GET /img/bild_1.jpg HTTP/1.1" 200 44440 "http://www.groeger-bauaufzuege.de/" "Mozilla/5.0 (Windows NT 6.1; WOW64) AppleWebKit/534+ (KHTML, like Gecko) BingPreview/1.0b"
199.30.24.121 - - [03/Aug/2013:03:48:40 +0200] "GET /img/grauverlauf.png HTTP/1.1" 200 3242 "http://www.groeger-bauaufzuege.de/" "Mozilla/5.0 (Windows NT 6.1; WOW64) AppleWebKit/534+ (KHTML, like Gecko) BingPreview/1.0b"
199.30.24.121 - - [03/Aug/2013:03:48:41 +0200] "GET /img/groeger_web.jpg HTTP/1.1" 200 10877 "http://www.groeger-bauaufzuege.de/" "Mozilla/5.0 (Windows NT 6.1; WOW64) AppleWebKit/534+ (KHTML, like Gecko) BingPreview/1.0b"
199.30.24.121 - - [03/Aug/2013:03:48:41 +0200] "GET /img/bild_2.jpg HTTP/1.1" 200 53191 "http://www.groeger-bauaufzuege.de/" "Mozilla/5.0 (Windows NT 6.1; WOW64) AppleWebKit/534+ (KHTML, like Gecko) BingPreview/1.0b"
199.30.24.121 - - [03/Aug/2013:03:48:41 +0200] "GET /img/bild_3.jpg HTTP/1.1" 200 57915 "http://www.groeger-bauaufzuege.de/" "Mozilla/5.0 (Windows NT 6.1; WOW64) AppleWebKit/534+ (KHTML, like Gecko) BingPreview/1.0b"
199.30.24.121 - - [03/Aug/2013:03:48:41 +0200] "GET /img/bild_4.jpg HTTP/1.1" 200 45325 "http://www.groeger-bauaufzuege.de/" "Mozilla/5.0 (Windows NT 6.1; WOW64) AppleWebKit/534+ (KHTML, like Gecko) BingPreview/1.0b"
66.249.75.88 - - [03/Aug/2013:04:45:48 +0200] "GET /download/Lift_D.pdf HTTP/1.1" 304 - "-" "DoCoMo/2.0 N905i(c100;TB;W24H16) (compatible; Googlebot-Mobile/2.1; +http://www.google.com/bot.html)"
66.249.75.88 - - [03/Aug/2013:04:57:26 +0200] "GET /download/Lift_D.pdf HTTP/1.1" 304 - "-" "SAMSUNG-SGH-E250/1.0 Profile/MIDP-2.0 Configuration/CLDC-1.1 UP.Browser/6.2.3.3.c.1.101 (GUI) MMP/2.0 (compatible; Googlebot-Mobile/2.1; +http://www.google.com/bot.html)"
66.249.75.88 - - [03/Aug/2013:07:27:37 +0200] "GET / HTTP/1.1" 200 6430 "-" "Mozilla/5.0 (iPhone; U; CPU iPhone OS 4_1 like Mac OS X; en-us) AppleWebKit/532.9 (KHTML, like Gecko) Version/4.0.5 Mobile/8B117 Safari/6531.22.7 (compatible; Googlebot-Mobile/2.1; +http://www.google.com/bot.html)"
157.56.92.158 - - [03/Aug/2013:07:45:29 +0200] "GET /robots.txt HTTP/1.1" 404 - "-" "Mozilla/5.0 (compatible; bingbot/2.0; +http://www.bing.com/bingbot.htm)"
157.56.92.158 - - [03/Aug/2013:07:47:18 +0200] "GET / HTTP/1.1" 200 6430 "-" "Mozilla/5.0 (compatible; bingbot/2.0; +http://www.bing.com/bingbot.htm)"
157.55.32.189 - - [03/Aug/2013:09:43:37 +0200] "GET /robots.txt HTTP/1.1" 404 - "-" "Mozilla/5.0 (compatible; bingbot/2.0; +http://www.bing.com/bingbot.htm)"
157.55.32.189 - - [03/Aug/2013:09:53:24 +0200] "GET /download/Newsletter_Groeger_2013-04.pdf HTTP/1.1" 200 839295 "-" "Mozilla/5.0 (compatible; bingbot/2.0; +http://www.bing.com/bingbot.htm)"
66.249.75.88 - - [03/Aug/2013:10:36:22 +0200] "GET /robots.txt HTTP/1.1" 404 - "-" "Mozilla/5.0 (compatible; Googlebot/2.1; +http://www.google.com/bot.html)"
66.249.75.88 - - [03/Aug/2013:10:36:22 +0200] "GET / HTTP/1.1" 200 6430 "-" "Mozilla/5.0 (compatible; Googlebot/2.1; +http://www.google.com/bot.html)"
66.249.75.88 - - [03/Aug/2013:10:54:26 +0200] "GET /fancybox/jquery.fancybox-1.3.4.css HTTP/1.1" 200 8494 "-" "Mozilla/5.0 (compatible; Googlebot/2.1; +http://www.google.com/bot.html)"
66.249.75.88 - - [03/Aug/2013:10:54:27 +0200] "GET /css/groeger.css HTTP/1.1" 200 5363 "-" "Mozilla/5.0 (compatible; Googlebot/2.1; +http://www.google.com/bot.html)"
66.249.75.88 - - [03/Aug/2013:12:16:03 +0200] "GET /download/boecker_auf_achse_2011.pdf HTTP/1.1" 304 - "-" "Mozilla/5.0 (iPhone; U; CPU iPhone OS 4_1 like Mac OS X; en-us) AppleWebKit/532.9 (KHTML, like Gecko) Version/4.0.5 Mobile/8B117 Safari/6531.22.7 (compatible; Googlebot-Mobile/2.1; +http://www.google.com/bot.html)"
157.55.32.184 - - [03/Aug/2013:12:28:19 +0200] "GET /robots.txt HTTP/1.1" 404 - "-" "Mozilla/5.0 (compatible; bingbot/2.0; +http://www.bing.com/bingbot.htm)"
157.55.32.184 - - [03/Aug/2013:12:29:25 +0200] "GET /download/Boecker_Angebote_Easyline.pdf HTTP/1.1" 200 649684 "-" "Mozilla/5.0 (compatible; bingbot/2.0; +http://www.bing.com/bingbot.htm)"
8.28.16.254 - - [03/Aug/2013:14:31:22 +0200] "GET /download/Boecker_Autokrane.pdf HTTP/1.1" 304 - "-" "Mozilla/4.0 (compatible;)"
109.45.0.8 - - [03/Aug/2013:14:38:16 +0200] "GET / HTTP/1.1" 200 6430 "https://www.google.de/" "Mozilla/5.0 (iPhone; CPU iPhone OS 6_1_3 like Mac OS X) AppleWebKit/536.26 (KHTML, like Gecko) Version/6.0 Mobile/10B329 Safari/8536.25"
109.45.0.8 - - [03/Aug/2013:14:38:17 +0200] "GET /swfobject.js HTTP/1.1" 200 6880 "http://www.groeger-bauaufzuege.de/" "Mozilla/5.0 (iPhone; CPU iPhone OS 6_1_3 like Mac OS X) AppleWebKit/536.26 (KHTML, like Gecko) Version/6.0 Mobile/10B329 Safari/8536.25"
109.45.0.8 - - [03/Aug/2013:14:38:17 +0200] "GET /css/groeger.css HTTP/1.1" 200 5363 "http://www.groeger-bauaufzuege.de/" "Mozilla/5.0 (iPhone; CPU iPhone OS 6_1_3 like Mac OS X) AppleWebKit/536.26 (KHTML, like Gecko) Version/6.0 Mobile/10B329 Safari/8536.25"
109.45.0.8 - - [03/Aug/2013:14:38:17 +0200] "GET /fancybox/jquery.fancybox-1.3.4.pack.js HTTP/1.1" 200 15624 "http://www.groeger-bauaufzuege.de/" "Mozilla/5.0 (iPhone; CPU iPhone OS 6_1_3 like Mac OS X) AppleWebKit/536.26 (KHTML, like Gecko) Version/6.0 Mobile/10B329 Safari/8536.25"
109.45.0.8 - - [03/Aug/2013:14:38:17 +0200] "GET /jquery.cross-slide.js HTTP/1.1" 200 11724 "http://www.groeger-bauaufzuege.de/" "Mozilla/5.0 (iPhone; CPU iPhone OS 6_1_3 like Mac OS X) AppleWebKit/536.26 (KHTML, like Gecko) Version/6.0 Mobile/10B329 Safari/8536.25"
109.45.0.8 - - [03/Aug/2013:14:38:17 +0200] "GET /jquery-1.4.3.min.js HTTP/1.1" 200 77746 "http://www.groeger-bauaufzuege.de/" "Mozilla/5.0 (iPhone; CPU iPhone OS 6_1_3 like Mac OS X) AppleWebKit/536.26 (KHTML, like Gecko) Version/6.0 Mobile/10B329 Safari/8536.25"
109.45.0.8 - - [03/Aug/2013:14:38:17 +0200] "GET /fancybox/jquery.fancybox-1.3.4.css HTTP/1.1" 200 8494 "http://www.groeger-bauaufzuege.de/" "Mozilla/5.0 (iPhone; CPU iPhone OS 6_1_3 like Mac OS X) AppleWebKit/536.26 (KHTML, like Gecko) Version/6.0 Mobile/10B329 Safari/8536.25"
109.45.0.8 - - [03/Aug/2013:14:38:17 +0200] "GET /jquery-1.4.3.min.js HTTP/1.1" 200 77746 "http://www.groeger-bauaufzuege.de/" "Mozilla/5.0 (iPhone; CPU iPhone OS 6_1_3 like Mac OS X) AppleWebKit/536.26 (KHTML, like Gecko) Version/6.0 Mobile/10B329 Safari/8536.25"
109.45.0.8 - - [03/Aug/2013:14:38:17 +0200] "GET /img/logo_groeger.gif HTTP/1.1" 200 3605 "http://www.groeger-bauaufzuege.de/" "Mozilla/5.0 (iPhone; CPU iPhone OS 6_1_3 like Mac OS X) AppleWebKit/536.26 (KHTML, like Gecko) Version/6.0 Mobile/10B329 Safari/8536.25"
109.45.0.8 - - [03/Aug/2013:14:38:17 +0200] "GET /img/pfeil.png HTTP/1.1" 200 840 "http://www.groeger-bauaufzuege.de/" "Mozilla/5.0 (iPhone; CPU iPhone OS 6_1_3 like Mac OS X) AppleWebKit/536.26 (KHTML, like Gecko) Version/6.0 Mobile/10B329 Safari/8536.25"
109.45.0.8 - - [03/Aug/2013:14:38:17 +0200] "GET /img/bild_1.jpg HTTP/1.1" 200 44440 "http://www.groeger-bauaufzuege.de/" "Mozilla/5.0 (iPhone; CPU iPhone OS 6_1_3 like Mac OS X) AppleWebKit/536.26 (KHTML, like Gecko) Version/6.0 Mobile/10B329 Safari/8536.25"
109.45.0.8 - - [03/Aug/2013:14:38:18 +0200] "GET /img/grauverlauf.png HTTP/1.1" 200 3242 "http://www.groeger-bauaufzuege.de/" "Mozilla/5.0 (iPhone; CPU iPhone OS 6_1_3 like Mac OS X) AppleWebKit/536.26 (KHTML, like Gecko) Version/6.0 Mobile/10B329 Safari/8536.25"
109.45.0.8 - - [03/Aug/2013:14:38:18 +0200] "GET /img/groeger_web.jpg HTTP/1.1" 200 10877 "http://www.groeger-bauaufzuege.de/" "Mozilla/5.0 (iPhone; CPU iPhone OS 6_1_3 like Mac OS X) AppleWebKit/536.26 (KHTML, like Gecko) Version/6.0 Mobile/10B329 Safari/8536.25"
109.45.0.8 - - [03/Aug/2013:14:38:18 +0200] "GET /img/bild_1.jpg HTTP/1.1" 200 44440 "http://www.groeger-bauaufzuege.de/" "Mozilla/5.0 (iPhone; CPU iPhone OS 6_1_3 like Mac OS X) AppleWebKit/536.26 (KHTML, like Gecko) Version/6.0 Mobile/10B329 Safari/8536.25"
109.45.0.8 - - [03/Aug/2013:14:38:18 +0200] "GET /img/bild_4.jpg HTTP/1.1" 200 45325 "http://www.groeger-bauaufzuege.de/" "Mozilla/5.0 (iPhone; CPU iPhone OS 6_1_3 like Mac OS X) AppleWebKit/536.26 (KHTML, like Gecko) Version/6.0 Mobile/10B329 Safari/8536.25"
109.45.0.8 - - [03/Aug/2013:14:38:18 +0200] "GET /img/bild_2.jpg HTTP/1.1" 200 53191 "http://www.groeger-bauaufzuege.de/" "Mozilla/5.0 (iPhone; CPU iPhone OS 6_1_3 like Mac OS X) AppleWebKit/536.26 (KHTML, like Gecko) Version/6.0 Mobile/10B329 Safari/8536.25"
109.45.0.8 - - [03/Aug/2013:14:38:18 +0200] "GET /img/bild_3.jpg HTTP/1.1" 200 57915 "http://www.groeger-bauaufzuege.de/" "Mozilla/5.0 (iPhone; CPU iPhone OS 6_1_3 like Mac OS X) AppleWebKit/536.26 (KHTML, like Gecko) Version/6.0 Mobile/10B329 Safari/8536.25"
66.249.73.166 - - [03/Aug/2013:15:38:40 +0200] "GET /robots.txt HTTP/1.1" 404 - "-" "Mozilla/5.0 (compatible; Googlebot/2.1; +http://www.google.com/bot.html)"
66.249.73.166 - - [03/Aug/2013:15:38:40 +0200] "GET /leistungen.php HTTP/1.1" 200 7141 "-" "DoCoMo/2.0 N905i(c100;TB;W24H16) (compatible; Googlebot-Mobile/2.1; +http://www.google.com/bot.html)"
199.30.20.20 - - [03/Aug/2013:19:37:53 +0200] "GET /robots.txt HTTP/1.1" 404 - "-" "msnbot-media/1.1 (+http://search.msn.com/msnbot.htm)"
199.30.20.20 - - [03/Aug/2013:19:37:53 +0200] "GET /img/logo_groeger.gif HTTP/1.1" 200 3605 "-" "msnbot-media/1.1 (+http://search.msn.com/msnbot.htm)"
66.249.73.166 - - [03/Aug/2013:20:35:27 +0200] "GET /kontakt.php HTTP/1.1" 200 6666 "-" "Mozilla/5.0 (iPhone; U; CPU iPhone OS 4_1 like Mac OS X; en-us) AppleWebKit/532.9 (KHTML, like Gecko) Version/4.0.5 Mobile/8B117 Safari/6531.22.7 (compatible; Googlebot-Mobile/2.1; +http://www.google.com/bot.html)"
157.56.92.158 - - [03/Aug/2013:20:46:21 +0200] "GET /robots.txt HTTP/1.1" 404 - "-" "Mozilla/5.0 (compatible; bingbot/2.0; +http://www.bing.com/bingbot.htm)"
157.56.92.158 - - [03/Aug/2013:20:46:48 +0200] "GET / HTTP/1.1" 200 6430 "-" "Mozilla/5.0 (compatible; bingbot/2.0; +http://www.bing.com/bingbot.htm)"
66.249.73.166 - - [03/Aug/2013:22:00:21 +0200] "GET /download/Boecker_Angebote_Easyline.pdf HTTP/1.1" 304 - "-" "DoCoMo/2.0 N905i(c100;TB;W24H16) (compatible; Googlebot-Mobile/2.1; +http://www.google.com/bot.html)"
64.246.187.42 - - [04/Aug/2013:00:49:03 +0200] "GET /robots.txt HTTP/1.0" 404 - "-" "Mozilla/5.0 (Windows; U; Windows NT 5.1; en; rv:1.9.0.13) Gecko/2009073022 Firefox/3.5.2 (.NET CLR 3.5.30729) SurveyBot/2.3 (DomainTools)"
64.246.187.42 - - [04/Aug/2013:00:49:03 +0200] "GET / HTTP/1.1" 200 6430 "http://whois.domaintools.com/groeger-bauaufzuege.de" "Mozilla/5.0 (Windows; U; Windows NT 5.1; en; rv:1.9.0.13) Gecko/2009073022 Firefox/3.5.2 (.NET CLR 3.5.30729) SurveyBot/2.3 (DomainTools)"
157.55.32.189 - - [04/Aug/2013:01:53:58 +0200] "GET /robots.txt HTTP/1.1" 404 - "-" "Mozilla/5.0 (compatible; bingbot/2.0; +http://www.bing.com/bingbot.htm)"
157.55.32.189 - - [04/Aug/2013:01:56:34 +0200] "GET /download/Newsletter_Groeger_11-06_Innung.pdf HTTP/1.1" 200 422119 "-" "Mozilla/5.0 (compatible; bingbot/2.0; +http://www.bing.com/bingbot.htm)"
66.249.73.166 - - [04/Aug/2013:04:43:07 +0200] "GET /robots.txt HTTP/1.1" 404 - "-" "Mozilla/5.0 (compatible; Googlebot/2.1; +http://www.google.com/bot.html)"
66.249.73.166 - - [04/Aug/2013:04:43:07 +0200] "GET /gebrauchtmaschinen.php HTTP/1.1" 200 6062 "-" "SAMSUNG-SGH-E250/1.0 Profile/MIDP-2.0 Configuration/CLDC-1.1 UP.Browser/6.2.3.3.c.1.101 (GUI) MMP/2.0 (compatible; Googlebot-Mobile/2.1; +http://www.google.com/bot.html)"
208.115.113.89 - - [04/Aug/2013:05:17:58 +0200] "GET /robots.txt HTTP/1.1" 404 - "-" "Mozilla/5.0 (compatible; Ezooms/1.0; ezooms.bot@gmail.com)"
193.111.141.44 - - [04/Aug/2013:05:26:13 +0200] "GET /unternehmen.php HTTP/1.1" 200 6859 "-" "Mozilla/5.0 (X11; Linux i686; rv:6.0) Gecko/20100101 Firefox/6.0"
157.56.92.158 - - [04/Aug/2013:06:00:44 +0200] "GET /robots.txt HTTP/1.1" 404 - "-" "Mozilla/5.0 (compatible; bingbot/2.0; +http://www.bing.com/bingbot.htm)"
157.56.92.158 - - [04/Aug/2013:06:01:36 +0200] "GET / HTTP/1.1" 200 6430 "-" "Mozilla/5.0 (compatible; bingbot/2.0; +http://www.bing.com/bingbot.htm)"
208.115.113.89 - - [04/Aug/2013:07:01:44 +0200] "GET /index.php HTTP/1.1" 200 6430 "-" "Mozilla/5.0 (compatible; Ezooms/1.0; ezooms.bot@gmail.com)"
130.83.167.153 - - [04/Aug/2013:08:14:09 +0200] "GET /robots.txt HTTP/1.1" 404 - "-" "findlinks/2.6 (+http://wortschatz.uni-leipzig.de/findlinks/)"
66.249.73.166 - - [04/Aug/2013:08:16:13 +0200] "GET / HTTP/1.1" 200 6430 "-" "Mozilla/5.0 (iPhone; U; CPU iPhone OS 4_1 like Mac OS X; en-us) AppleWebKit/532.9 (KHTML, like Gecko) Version/4.0.5 Mobile/8B117 Safari/6531.22.7 (compatible; Googlebot-Mobile/2.1; +http://www.google.com/bot.html)"
46.229.160.208 - - [04/Aug/2013:11:32:38 +0200] "GET /download/Newsletter_Groeger_11-06_Innung.pdf HTTP/1.1" 200 422119 "-" "Mozilla/4.0 (compatible; MSIE 6.0; Windows NT 5.1; SV1)"
66.249.73.166 - - [04/Aug/2013:11:46:46 +0200] "GET /vermietung.php HTTP/1.1" 200 6318 "-" "Mozilla/5.0 (iPhone; U; CPU iPhone OS 4_1 like Mac OS X; en-us) AppleWebKit/532.9 (KHTML, like Gecko) Version/4.0.5 Mobile/8B117 Safari/6531.22.7 (compatible; Googlebot-Mobile/2.1; +http://www.google.com/bot.html)"
84.61.191.181 - - [04/Aug/2013:14:03:00 +0200] "GET /download/boecker_auf_achse_2011.pdf HTTP/1.1" 200 1766601 "http://www.google.de/url?sa=t&rct=j&q=&esrc=s&source=web&cd=15&ved=0CHcQFjAO&url=http%3A%2F%2Fwww.groeger-bauaufzuege.de%2Fdownload%2Fboecker_auf_achse_2011.pdf&ei=MUL-UeT2B4zGswajg4HYBQ&usg=AFQjCNF7LKLvP1ilr8YMjJMJpuo2OWd19A&bvm=bv.50165853,d.Yms" "Mozilla/5.0 (Windows NT 5.1; rv:22.0) Gecko/20100101 Firefox/22.0"
84.61.191.181 - - [04/Aug/2013:14:03:54 +0200] "GET /favicon.ico HTTP/1.1" 404 - "-" "Mozilla/5.0 (Windows NT 5.1; rv:22.0) Gecko/20100101 Firefox/22.0"
84.61.191.181 - - [04/Aug/2013:14:03:54 +0200] "GET /favicon.ico HTTP/1.1" 404 - "-" "Mozilla/5.0 (Windows NT 5.1; rv:22.0) Gecko/20100101 Firefox/22.0"
8.28.16.254 - - [04/Aug/2013:14:11:38 +0200] "GET /download/Boecker_Autokrane.pdf HTTP/1.1" 304 - "-" "Mozilla/4.0 (compatible;)"
38.111.147.84 - - [04/Aug/2013:15:40:03 +0200] "GET /robots.txt HTTP/1.0" 404 - "-" "TurnitinBot/2.1 (http://www.turnitin.com/robot/crawlerinfo.html)"
38.111.147.84 - - [04/Aug/2013:15:40:42 +0200] "GET /download/Newsletter_Groeger_2012-11.pdf HTTP/1.0" 304 - "-" "TurnitinBot/2.1 (http://www.turnitin.com/robot/crawlerinfo.html)"
38.111.147.84 - - [04/Aug/2013:15:41:20 +0200] "GET /download/Newsletter_Groeger_2012-09.pdf HTTP/1.0" 304 - "-" "TurnitinBot/2.1 (http://www.turnitin.com/robot/crawlerinfo.html)"
38.111.147.84 - - [04/Aug/2013:15:42:02 +0200] "GET /download/Newsletter_Groeger_2012-06.pdf HTTP/1.0" 304 - "-" "TurnitinBot/2.1 (http://www.turnitin.com/robot/crawlerinfo.html)"
38.111.147.84 - - [04/Aug/2013:15:42:40 +0200] "GET /download/Newsletter_Groeger_11-06_Innung.pdf HTTP/1.0" 304 - "-" "TurnitinBot/2.1 (http://www.turnitin.com/robot/crawlerinfo.html)"
38.111.147.84 - - [04/Aug/2013:15:43:24 +0200] "GET /download/Newsletter-Groeger-Dachdecker-2011-04.pdf HTTP/1.0" 304 - "-" "TurnitinBot/2.1 (http://www.turnitin.com/robot/crawlerinfo.html)"
38.111.147.84 - - [04/Aug/2013:15:44:09 +0200] "GET /download/Groeger-Newsletter-Dachdecker11.pdf HTTP/1.0" 304 - "-" "TurnitinBot/2.1 (http://www.turnitin.com/robot/crawlerinfo.html)"
38.111.147.84 - - [04/Aug/2013:15:44:51 +0200] "GET /download/Lift_D.pdf HTTP/1.0" 304 - "-" "TurnitinBot/2.1 (http://www.turnitin.com/robot/crawlerinfo.html)"
38.111.147.84 - - [04/Aug/2013:15:45:34 +0200] "GET /download/Geda-Zubehoer.pdf HTTP/1.0" 304 - "-" "TurnitinBot/2.1 (http://www.turnitin.com/robot/crawlerinfo.html)"
38.111.147.84 - - [04/Aug/2013:15:46:14 +0200] "GET /download/Newsletter_Groeger_2013-04.pdf HTTP/1.0" 304 - "-" "TurnitinBot/2.1 (http://www.turnitin.com/robot/crawlerinfo.html)"
38.111.147.84 - - [04/Aug/2013:15:46:57 +0200] "GET /gebrauchtmaschinen.php HTTP/1.0" 200 6062 "-" "TurnitinBot/2.1 (http://www.turnitin.com/robot/crawlerinfo.html)"
38.111.147.84 - - [04/Aug/2013:15:47:39 +0200] "GET /angebote.php HTTP/1.0" 200 9943 "-" "TurnitinBot/2.1 (http://www.turnitin.com/robot/crawlerinfo.html)"
157.55.32.184 - - [04/Aug/2013:15:49:07 +0200] "GET /robots.txt HTTP/1.1" 404 - "-" "Mozilla/5.0 (compatible; bingbot/2.0; +http://www.bing.com/bingbot.htm)"
157.55.32.184 - - [04/Aug/2013:15:50:30 +0200] "GET /download/Newsletter_Groeger_2012-09.pdf HTTP/1.1" 200 492501 "-" "Mozilla/5.0 (compatible; bingbot/2.0; +http://www.bing.com/bingbot.htm)"
157.56.92.158 - - [04/Aug/2013:16:32:30 +0200] "GET / HTTP/1.1" 200 6430 "-" "Mozilla/5.0 (compatible; bingbot/2.0; +http://www.bing.com/bingbot.htm)"
87.160.250.93 - - [04/Aug/2013:18:40:18 +0200] "GET / HTTP/1.1" 200 6430 "http://www.google.de/url?sa=t&rct=j&q=&esrc=s&source=web&cd=9&ved=0CGcQFjAI&url=http%3A%2F%2Fwww.groeger-bauaufzuege.de%2F&ei=coP-UY-oHIKqOousgdAI&usg=AFQjCNFBXgtaJQ5GEULKJBrc_pmJTjvlmQ&bvm=bv.50165853,d.ZWU" "Mozilla/5.0 (Windows NT 6.1; WOW64; rv:22.0) Gecko/20100101 Firefox/22.0"
87.160.250.93 - - [04/Aug/2013:18:40:18 +0200] "GET /css/groeger.css HTTP/1.1" 200 5363 "http://www.groeger-bauaufzuege.de/" "Mozilla/5.0 (Windows NT 6.1; WOW64; rv:22.0) Gecko/20100101 Firefox/22.0"
87.160.250.93 - - [04/Aug/2013:18:40:19 +0200] "GET /swfobject.js HTTP/1.1" 200 6880 "http://www.groeger-bauaufzuege.de/" "Mozilla/5.0 (Windows NT 6.1; WOW64; rv:22.0) Gecko/20100101 Firefox/22.0"
87.160.250.93 - - [04/Aug/2013:18:40:19 +0200] "GET /jquery.cross-slide.js HTTP/1.1" 200 11724 "http://www.groeger-bauaufzuege.de/" "Mozilla/5.0 (Windows NT 6.1; WOW64; rv:22.0) Gecko/20100101 Firefox/22.0"
87.160.250.93 - - [04/Aug/2013:18:40:19 +0200] "GET /fancybox/jquery.fancybox-1.3.4.pack.js HTTP/1.1" 200 15624 "http://www.groeger-bauaufzuege.de/" "Mozilla/5.0 (Windows NT 6.1; WOW64; rv:22.0) Gecko/20100101 Firefox/22.0"
87.160.250.93 - - [04/Aug/2013:18:40:19 +0200] "GET /fancybox/jquery.fancybox-1.3.4.css HTTP/1.1" 200 8494 "http://www.groeger-bauaufzuege.de/" "Mozilla/5.0 (Windows NT 6.1; WOW64; rv:22.0) Gecko/20100101 Firefox/22.0"
87.160.250.93 - - [04/Aug/2013:18:40:19 +0200] "GET /img/favicon.gif HTTP/1.1" 200 119 "-" "Mozilla/5.0 (Windows NT 6.1; WOW64; rv:22.0) Gecko/20100101 Firefox/22.0"
87.160.250.93 - - [04/Aug/2013:18:40:19 +0200] "GET /jquery-1.4.3.min.js HTTP/1.1" 200 77746 "http://www.groeger-bauaufzuege.de/" "Mozilla/5.0 (Windows NT 6.1; WOW64; rv:22.0) Gecko/20100101 Firefox/22.0"
87.160.250.93 - - [04/Aug/2013:18:40:19 +0200] "GET /img/logo_groeger.gif HTTP/1.1" 200 3605 "http://www.groeger-bauaufzuege.de/" "Mozilla/5.0 (Windows NT 6.1; WOW64; rv:22.0) Gecko/20100101 Firefox/22.0"
87.160.250.93 - - [04/Aug/2013:18:40:19 +0200] "GET /img/pfeil.png HTTP/1.1" 200 840 "http://www.groeger-bauaufzuege.de/" "Mozilla/5.0 (Windows NT 6.1; WOW64; rv:22.0) Gecko/20100101 Firefox/22.0"
87.160.250.93 - - [04/Aug/2013:18:40:19 +0200] "GET /img/grauverlauf.png HTTP/1.1" 200 3242 "http://www.groeger-bauaufzuege.de/css/groeger.css" "Mozilla/5.0 (Windows NT 6.1; WOW64; rv:22.0) Gecko/20100101 Firefox/22.0"
87.160.250.93 - - [04/Aug/2013:18:40:19 +0200] "GET /img/groeger_web.jpg HTTP/1.1" 200 10877 "http://www.groeger-bauaufzuege.de/css/groeger.css" "Mozilla/5.0 (Windows NT 6.1; WOW64; rv:22.0) Gecko/20100101 Firefox/22.0"
87.160.250.93 - - [04/Aug/2013:18:40:19 +0200] "GET /img/bild_1.jpg HTTP/1.1" 200 44440 "http://www.groeger-bauaufzuege.de/" "Mozilla/5.0 (Windows NT 6.1; WOW64; rv:22.0) Gecko/20100101 Firefox/22.0"
87.160.250.93 - - [04/Aug/2013:18:40:19 +0200] "GET /img/bild_3.jpg HTTP/1.1" 200 57915 "http://www.groeger-bauaufzuege.de/" "Mozilla/5.0 (Windows NT 6.1; WOW64; rv:22.0) Gecko/20100101 Firefox/22.0"
87.160.250.93 - - [04/Aug/2013:18:40:19 +0200] "GET /img/bild_4.jpg HTTP/1.1" 200 45325 "http://www.groeger-bauaufzuege.de/" "Mozilla/5.0 (Windows NT 6.1; WOW64; rv:22.0) Gecko/20100101 Firefox/22.0"
87.160.250.93 - - [04/Aug/2013:18:40:19 +0200] "GET /img/bild_2.jpg HTTP/1.1" 200 53191 "http://www.groeger-bauaufzuege.de/" "Mozilla/5.0 (Windows NT 6.1; WOW64; rv:22.0) Gecko/20100101 Firefox/22.0"
87.160.250.93 - - [04/Aug/2013:18:40:25 +0200] "GET /verkauf.php HTTP/1.1" 200 6239 "http://www.groeger-bauaufzuege.de/" "Mozilla/5.0 (Windows NT 6.1; WOW64; rv:22.0) Gecko/20100101 Firefox/22.0"
87.160.250.93 - - [04/Aug/2013:18:40:25 +0200] "GET /img/logo_geda.gif HTTP/1.1" 200 4337 "http://www.groeger-bauaufzuege.de/verkauf.php" "Mozilla/5.0 (Windows NT 6.1; WOW64; rv:22.0) Gecko/20100101 Firefox/22.0"
87.160.250.93 - - [04/Aug/2013:18:40:25 +0200] "GET /img/logo_boecker.gif HTTP/1.1" 200 2974 "http://www.groeger-bauaufzuege.de/verkauf.php" "Mozilla/5.0 (Windows NT 6.1; WOW64; rv:22.0) Gecko/20100101 Firefox/22.0"
87.160.250.93 - - [04/Aug/2013:18:40:25 +0200] "GET /img/logo_steinbach.jpg HTTP/1.1" 200 9601 "http://www.groeger-bauaufzuege.de/verkauf.php" "Mozilla/5.0 (Windows NT 6.1; WOW64; rv:22.0) Gecko/20100101 Firefox/22.0"
87.160.250.93 - - [04/Aug/2013:18:40:42 +0200] "GET /favicon.ico HTTP/1.1" 404 - "-" "Mozilla/5.0 (Windows NT 6.1; WOW64; rv:22.0) Gecko/20100101 Firefox/22.0"
87.160.250.93 - - [04/Aug/2013:18:40:42 +0200] "GET /favicon.ico HTTP/1.1" 404 - "-" "Mozilla/5.0 (Windows NT 6.1; WOW64; rv:22.0) Gecko/20100101 Firefox/22.0"
87.160.250.93 - - [04/Aug/2013:18:40:46 +0200] "GET /gebrauchtmaschinen.php HTTP/1.1" 200 6062 "http://www.groeger-bauaufzuege.de/" "Mozilla/5.0 (Windows NT 6.1; WOW64; rv:22.0) Gecko/20100101 Firefox/22.0"
87.160.250.93 - - [04/Aug/2013:18:41:04 +0200] "GET /angebote.php HTTP/1.1" 200 9943 "http://www.groeger-bauaufzuege.de/gebrauchtmaschinen.php" "Mozilla/5.0 (Windows NT 6.1; WOW64; rv:22.0) Gecko/20100101 Firefox/22.0"
87.160.250.93 - - [04/Aug/2013:18:41:04 +0200] "GET /img/aktionen/nl-2013-04.jpg HTTP/1.1" 200 87191 "http://www.groeger-bauaufzuege.de/angebote.php" "Mozilla/5.0 (Windows NT 6.1; WOW64; rv:22.0) Gecko/20100101 Firefox/22.0"
87.160.250.93 - - [04/Aug/2013:18:41:04 +0200] "GET /img/aktionen/nl4-2012-09.jpg HTTP/1.1" 200 42401 "http://www.groeger-bauaufzuege.de/angebote.php" "Mozilla/5.0 (Windows NT 6.1; WOW64; rv:22.0) Gecko/20100101 Firefox/22.0"
84.186.25.219 - - [04/Aug/2013:20:02:21 +0200] "GET /kontakt.php HTTP/1.1" 200 6666 "-" "Mozilla/5.0 (compatible; MSIE 10.0; Windows NT 6.1; WOW64; Trident/6.0)"
84.186.25.219 - - [04/Aug/2013:20:02:21 +0200] "GET /css/groeger.css HTTP/1.1" 304 - "http://www.groeger-bauaufzuege.de/kontakt.php" "Mozilla/5.0 (compatible; MSIE 10.0; Windows NT 6.1; WOW64; Trident/6.0)"
84.186.25.219 - - [04/Aug/2013:20:02:22 +0200] "GET /img/logo_groeger.gif HTTP/1.1" 200 3605 "http://www.groeger-bauaufzuege.de/kontakt.php" "Mozilla/5.0 (compatible; MSIE 10.0; Windows NT 6.1; WOW64; Trident/6.0)"
84.186.25.219 - - [04/Aug/2013:20:02:22 +0200] "GET /img/bild_1.jpg HTTP/1.1" 200 44440 "http://www.groeger-bauaufzuege.de/kontakt.php" "Mozilla/5.0 (compatible; MSIE 10.0; Windows NT 6.1; WOW64; Trident/6.0)"
84.186.25.219 - - [04/Aug/2013:20:02:30 +0200] "GET /fancybox/fancybox-x.png HTTP/1.1" 200 203 "http://www.groeger-bauaufzuege.de/kontakt.php" "Mozilla/5.0 (compatible; MSIE 10.0; Windows NT 6.1; WOW64; Trident/6.0)"
84.186.25.219 - - [04/Aug/2013:20:02:30 +0200] "GET /fancybox/fancybox.png HTTP/1.1" 200 15287 "http://www.groeger-bauaufzuege.de/kontakt.php" "Mozilla/5.0 (compatible; MSIE 10.0; Windows NT 6.1; WOW64; Trident/6.0)"
84.186.25.219 - - [04/Aug/2013:20:02:30 +0200] "GET /fancybox/fancybox-y.png HTTP/1.1" 200 176 "http://www.groeger-bauaufzuege.de/kontakt.php" "Mozilla/5.0 (compatible; MSIE 10.0; Windows NT 6.1; WOW64; Trident/6.0)"
84.186.25.219 - - [04/Aug/2013:20:02:30 +0200] "GET /fancybox/blank.gif HTTP/1.1" 200 43 "http://www.groeger-bauaufzuege.de/kontakt.php" "Mozilla/5.0 (compatible; MSIE 10.0; Windows NT 6.1; WOW64; Trident/6.0)"
84.186.25.219 - - [04/Aug/2013:20:02:31 +0200] "GET /index.php HTTP/1.1" 200 6430 "http://www.groeger-bauaufzuege.de/kontakt.php" "Mozilla/5.0 (compatible; MSIE 10.0; Windows NT 6.1; WOW64; Trident/6.0)"
84.186.25.219 - - [04/Aug/2013:20:02:32 +0200] "GET /img/pfeil.png HTTP/1.1" 200 840 "http://www.groeger-bauaufzuege.de/index.php" "Mozilla/5.0 (compatible; MSIE 10.0; Windows NT 6.1; WOW64; Trident/6.0)"
84.186.25.219 - - [04/Aug/2013:20:02:32 +0200] "GET /img/groeger_web.jpg HTTP/1.1" 200 10877 "http://www.groeger-bauaufzuege.de/index.php" "Mozilla/5.0 (compatible; MSIE 10.0; Windows NT 6.1; WOW64; Trident/6.0)"
188.103.121.249 - - [04/Aug/2013:20:39:57 +0200] "GET / HTTP/1.1" 200 6430 "http://www.dachdecker.de/berliner-dachdecker/content.php?hkpin=6&subpin=A6" "Mozilla/5.0 (Macintosh; Intel Mac OS X 10_6_8) AppleWebKit/534.59.8 (KHTML, like Gecko) Version/5.1.9 Safari/534.59.8"
188.103.121.249 - - [04/Aug/2013:20:39:58 +0200] "GET /fancybox/jquery.fancybox-1.3.4.pack.js HTTP/1.1" 200 15624 "http://www.groeger-bauaufzuege.de/" "Mozilla/5.0 (Macintosh; Intel Mac OS X 10_6_8) AppleWebKit/534.59.8 (KHTML, like Gecko) Version/5.1.9 Safari/534.59.8"
188.103.121.249 - - [04/Aug/2013:20:39:58 +0200] "GET /swfobject.js HTTP/1.1" 200 6880 "http://www.groeger-bauaufzuege.de/" "Mozilla/5.0 (Macintosh; Intel Mac OS X 10_6_8) AppleWebKit/534.59.8 (KHTML, like Gecko) Version/5.1.9 Safari/534.59.8"
188.103.121.249 - - [04/Aug/2013:20:39:58 +0200] "GET /jquery.cross-slide.js HTTP/1.1" 200 11724 "http://www.groeger-bauaufzuege.de/" "Mozilla/5.0 (Macintosh; Intel Mac OS X 10_6_8) AppleWebKit/534.59.8 (KHTML, like Gecko) Version/5.1.9 Safari/534.59.8"
188.103.121.249 - - [04/Aug/2013:20:39:58 +0200] "GET /fancybox/jquery.fancybox-1.3.4.css HTTP/1.1" 200 8494 "http://www.groeger-bauaufzuege.de/" "Mozilla/5.0 (Macintosh; Intel Mac OS X 10_6_8) AppleWebKit/534.59.8 (KHTML, like Gecko) Version/5.1.9 Safari/534.59.8"
188.103.121.249 - - [04/Aug/2013:20:39:58 +0200] "GET /css/groeger.css HTTP/1.1" 200 5363 "http://www.groeger-bauaufzuege.de/" "Mozilla/5.0 (Macintosh; Intel Mac OS X 10_6_8) AppleWebKit/534.59.8 (KHTML, like Gecko) Version/5.1.9 Safari/534.59.8"
188.103.121.249 - - [04/Aug/2013:20:39:58 +0200] "GET /jquery-1.4.3.min.js HTTP/1.1" 200 77746 "http://www.groeger-bauaufzuege.de/" "Mozilla/5.0 (Macintosh; Intel Mac OS X 10_6_8) AppleWebKit/534.59.8 (KHTML, like Gecko) Version/5.1.9 Safari/534.59.8"
188.103.121.249 - - [04/Aug/2013:20:39:58 +0200] "GET /img/groeger_web.jpg HTTP/1.1" 200 10877 "http://www.groeger-bauaufzuege.de/" "Mozilla/5.0 (Macintosh; Intel Mac OS X 10_6_8) AppleWebKit/534.59.8 (KHTML, like Gecko) Version/5.1.9 Safari/534.59.8"
188.103.121.249 - - [04/Aug/2013:20:39:58 +0200] "GET /img/logo_groeger.gif HTTP/1.1" 200 3605 "http://www.groeger-bauaufzuege.de/" "Mozilla/5.0 (Macintosh; Intel Mac OS X 10_6_8) AppleWebKit/534.59.8 (KHTML, like Gecko) Version/5.1.9 Safari/534.59.8"
188.103.121.249 - - [04/Aug/2013:20:39:58 +0200] "GET /img/pfeil.png HTTP/1.1" 200 840 "http://www.groeger-bauaufzuege.de/" "Mozilla/5.0 (Macintosh; Intel Mac OS X 10_6_8) AppleWebKit/534.59.8 (KHTML, like Gecko) Version/5.1.9 Safari/534.59.8"
188.103.121.249 - - [04/Aug/2013:20:39:58 +0200] "GET /img/grauverlauf.png HTTP/1.1" 200 3242 "http://www.groeger-bauaufzuege.de/" "Mozilla/5.0 (Macintosh; Intel Mac OS X 10_6_8) AppleWebKit/534.59.8 (KHTML, like Gecko) Version/5.1.9 Safari/534.59.8"
188.103.121.249 - - [04/Aug/2013:20:39:58 +0200] "GET /img/bild_2.jpg HTTP/1.1" 200 53191 "http://www.groeger-bauaufzuege.de/" "Mozilla/5.0 (Macintosh; Intel Mac OS X 10_6_8) AppleWebKit/534.59.8 (KHTML, like Gecko) Version/5.1.9 Safari/534.59.8"
188.103.121.249 - - [04/Aug/2013:20:39:58 +0200] "GET /img/bild_1.jpg HTTP/1.1" 200 44440 "http://www.groeger-bauaufzuege.de/" "Mozilla/5.0 (Macintosh; Intel Mac OS X 10_6_8) AppleWebKit/534.59.8 (KHTML, like Gecko) Version/5.1.9 Safari/534.59.8"
188.103.121.249 - - [04/Aug/2013:20:39:59 +0200] "GET /img/bild_3.jpg HTTP/1.1" 200 57915 "http://www.groeger-bauaufzuege.de/" "Mozilla/5.0 (Macintosh; Intel Mac OS X 10_6_8) AppleWebKit/534.59.8 (KHTML, like Gecko) Version/5.1.9 Safari/534.59.8"
188.103.121.249 - - [04/Aug/2013:20:39:59 +0200] "GET /img/bild_4.jpg HTTP/1.1" 200 45325 "http://www.groeger-bauaufzuege.de/" "Mozilla/5.0 (Macintosh; Intel Mac OS X 10_6_8) AppleWebKit/534.59.8 (KHTML, like Gecko) Version/5.1.9 Safari/534.59.8"
188.103.121.249 - - [04/Aug/2013:20:39:59 +0200] "GET /img/favicon.gif HTTP/1.1" 200 119 "http://www.groeger-bauaufzuege.de/" "Mozilla/5.0 (Macintosh; Intel Mac OS X 10_6_8) AppleWebKit/534.59.8 (KHTML, like Gecko) Version/5.1.9 Safari/534.59.8"
188.103.121.249 - - [04/Aug/2013:20:40:00 +0200] "GET /verkauf.php HTTP/1.1" 200 6239 "http://www.groeger-bauaufzuege.de/" "Mozilla/5.0 (Macintosh; Intel Mac OS X 10_6_8) AppleWebKit/534.59.8 (KHTML, like Gecko) Version/5.1.9 Safari/534.59.8"
188.103.121.249 - - [04/Aug/2013:20:40:00 +0200] "GET /img/logo_boecker.gif HTTP/1.1" 200 2974 "http://www.groeger-bauaufzuege.de/verkauf.php" "Mozilla/5.0 (Macintosh; Intel Mac OS X 10_6_8) AppleWebKit/534.59.8 (KHTML, like Gecko) Version/5.1.9 Safari/534.59.8"
188.103.121.249 - - [04/Aug/2013:20:40:00 +0200] "GET /img/logo_steinbach.jpg HTTP/1.1" 200 9601 "http://www.groeger-bauaufzuege.de/verkauf.php" "Mozilla/5.0 (Macintosh; Intel Mac OS X 10_6_8) AppleWebKit/534.59.8 (KHTML, like Gecko) Version/5.1.9 Safari/534.59.8"
188.103.121.249 - - [04/Aug/2013:20:40:00 +0200] "GET /img/logo_geda.gif HTTP/1.1" 200 4337 "http://www.groeger-bauaufzuege.de/verkauf.php" "Mozilla/5.0 (Macintosh; Intel Mac OS X 10_6_8) AppleWebKit/534.59.8 (KHTML, like Gecko) Version/5.1.9 Safari/534.59.8"
188.103.121.249 - - [04/Aug/2013:20:40:06 +0200] "GET /gebrauchtmaschinen.php HTTP/1.1" 200 6062 "http://www.groeger-bauaufzuege.de/verkauf.php" "Mozilla/5.0 (Macintosh; Intel Mac OS X 10_6_8) AppleWebKit/534.59.8 (KHTML, like Gecko) Version/5.1.9 Safari/534.59.8"
188.103.121.249 - - [04/Aug/2013:20:40:08 +0200] "GET /img/12042013641.jpg HTTP/1.1" 200 116307 "http://www.groeger-bauaufzuege.de/gebrauchtmaschinen.php" "Mozilla/5.0 (Macintosh; Intel Mac OS X 10_6_8) AppleWebKit/534.59.8 (KHTML, like Gecko) Version/5.1.9 Safari/534.59.8"
188.103.121.249 - - [04/Aug/2013:20:40:08 +0200] "GET /favicon.ico HTTP/1.1" 404 - "http://www.groeger-bauaufzuege.de/img/12042013641.jpg" "Mozilla/5.0 (Macintosh; Intel Mac OS X 10_6_8) AppleWebKit/534.59.8 (KHTML, like Gecko) Version/5.1.9 Safari/534.59.8"
66.249.75.88 - - [04/Aug/2013:23:02:49 +0200] "GET /robots.txt HTTP/1.1" 404 - "-" "Mozilla/5.0 (compatible; Googlebot/2.1; +http://www.google.com/bot.html)"
66.249.75.88 - - [04/Aug/2013:23:02:49 +0200] "GET /download/Newsletter_Groeger_11-06_Innung.pdf HTTP/1.1" 304 - "-" "Mozilla/5.0 (iPhone; U; CPU iPhone OS 4_1 like Mac OS X; en-us) AppleWebKit/532.9 (KHTML, like Gecko) Version/4.0.5 Mobile/8B117 Safari/6531.22.7 (compatible; Googlebot-Mobile/2.1; +http://www.google.com/bot.html)"
66.249.75.88 - - [05/Aug/2013:01:55:40 +0200] "GET /robots.txt HTTP/1.1" 404 - "-" "Mozilla/5.0 (compatible; Googlebot/2.1; +http://www.google.com/bot.html)"
66.249.75.88 - - [05/Aug/2013:01:55:40 +0200] "GET /download/Newsletter-Groeger-Dachdecker-2011-04.pdf HTTP/1.1" 304 - "-" "DoCoMo/2.0 N905i(c100;TB;W24H16) (compatible; Googlebot-Mobile/2.1; +http://www.google.com/bot.html)"
157.55.32.189 - - [05/Aug/2013:02:02:24 +0200] "GET /robots.txt HTTP/1.1" 404 - "-" "Mozilla/5.0 (compatible; bingbot/2.0; +http://www.bing.com/bingbot.htm)"
66.249.75.88 - - [05/Aug/2013:02:06:36 +0200] "GET /link/20130402 HTTP/1.1" 302 - "-" "SAMSUNG-SGH-E250/1.0 Profile/MIDP-2.0 Configuration/CLDC-1.1 UP.Browser/6.2.3.3.c.1.101 (GUI) MMP/2.0 (compatible; Googlebot-Mobile/2.1; +http://www.google.com/bot.html)"
66.249.75.88 - - [05/Aug/2013:02:06:37 +0200] "GET /download/Boecker_Angebot_JuniorHD18_EasyLine.pdf HTTP/1.1" 200 202821 "-" "SAMSUNG-SGH-E250/1.0 Profile/MIDP-2.0 Configuration/CLDC-1.1 UP.Browser/6.2.3.3.c.1.101 (GUI) MMP/2.0 (compatible; Googlebot-Mobile/2.1; +http://www.google.com/bot.html)"
157.55.32.189 - - [05/Aug/2013:02:06:49 +0200] "GET /vermietung.php HTTP/1.1" 200 6318 "-" "Mozilla/5.0 (compatible; bingbot/2.0; +http://www.bing.com/bingbot.htm)"
157.55.32.189 - - [05/Aug/2013:02:08:19 +0200] "GET /download/Geda-Zubehoer.pdf HTTP/1.1" 200 1012959 "-" "Mozilla/5.0 (compatible; bingbot/2.0; +http://www.bing.com/bingbot.htm)"
141.8.147.12 - - [05/Aug/2013:02:09:47 +0200] "GET /robots.txt HTTP/1.1" 404 - "-" "Mozilla/5.0 (compatible; YandexBot/3.0; +http://yandex.com/bots)"
141.8.147.12 - - [05/Aug/2013:02:09:50 +0200] "GET /img/DSC01494.jpg HTTP/1.1" 304 - "-" "Mozilla/5.0 (compatible; YandexImages/3.0; +http://yandex.com/bots)"
157.56.92.158 - - [05/Aug/2013:04:12:46 +0200] "GET /robots.txt HTTP/1.1" 404 - "-" "Mozilla/5.0 (compatible; bingbot/2.0; +http://www.bing.com/bingbot.htm)"
157.56.92.158 - - [05/Aug/2013:04:13:21 +0200] "GET / HTTP/1.1" 200 6430 "-" "Mozilla/5.0 (compatible; bingbot/2.0; +http://www.bing.com/bingbot.htm)"
141.8.147.12 - - [05/Aug/2013:05:47:25 +0200] "GET /img/aktionen/nl4-2012-09.jpg HTTP/1.1" 304 - "-" "Mozilla/5.0 (compatible; YandexImages/3.0; +http://yandex.com/bots)"
66.249.75.88 - - [05/Aug/2013:06:42:40 +0200] "GET /gebrauchtmaschinen.php HTTP/1.1" 200 6062 "-" "Mozilla/5.0 (iPhone; U; CPU iPhone OS 4_1 like Mac OS X; en-us) AppleWebKit/532.9 (KHTML, like Gecko) Version/4.0.5 Mobile/8B117 Safari/6531.22.7 (compatible; Googlebot-Mobile/2.1; +http://www.google.com/bot.html)"
141.8.147.12 - - [05/Aug/2013:07:59:56 +0200] "GET /img/DSC01494.jpg HTTP/1.1" 304 - "-" "Mozilla/5.0 (compatible; YandexImages/3.0; +http://yandex.com/bots)"
92.78.154.174 - - [05/Aug/2013:09:44:37 +0200] "GET / HTTP/1.1" 200 6430 "http://www.google.de/url?sa=t&rct=j&q=&esrc=s&source=web&cd=1&ved=0CEYQFjAA&url=http%3A%2F%2Fwww.groeger-bauaufzuege.de%2F&ei=d1f_Ucj8N8iLswa484GAAg&usg=AFQjCNFBXgtaJQ5GEULKJBrc_pmJTjvlmQ&sig2=7KGr4i4zN_XnIeU7XvFwuw&bvm=bv.50165853,d.Yms" "Mozilla/5.0 (Windows NT 5.1; rv:22.0) Gecko/20100101 Firefox/22.0"
92.78.154.174 - - [05/Aug/2013:09:44:38 +0200] "GET /css/groeger.css HTTP/1.1" 200 5363 "http://www.groeger-bauaufzuege.de/" "Mozilla/5.0 (Windows NT 5.1; rv:22.0) Gecko/20100101 Firefox/22.0"
92.78.154.174 - - [05/Aug/2013:09:44:38 +0200] "GET /swfobject.js HTTP/1.1" 200 6880 "http://www.groeger-bauaufzuege.de/" "Mozilla/5.0 (Windows NT 5.1; rv:22.0) Gecko/20100101 Firefox/22.0"
92.78.154.174 - - [05/Aug/2013:09:44:38 +0200] "GET /jquery.cross-slide.js HTTP/1.1" 200 11724 "http://www.groeger-bauaufzuege.de/" "Mozilla/5.0 (Windows NT 5.1; rv:22.0) Gecko/20100101 Firefox/22.0"
92.78.154.174 - - [05/Aug/2013:09:44:38 +0200] "GET /fancybox/jquery.fancybox-1.3.4.pack.js HTTP/1.1" 200 15624 "http://www.groeger-bauaufzuege.de/" "Mozilla/5.0 (Windows NT 5.1; rv:22.0) Gecko/20100101 Firefox/22.0"
92.78.154.174 - - [05/Aug/2013:09:44:38 +0200] "GET /fancybox/jquery.fancybox-1.3.4.css HTTP/1.1" 200 8494 "http://www.groeger-bauaufzuege.de/" "Mozilla/5.0 (Windows NT 5.1; rv:22.0) Gecko/20100101 Firefox/22.0"
92.78.154.174 - - [05/Aug/2013:09:44:38 +0200] "GET /img/favicon.gif HTTP/1.1" 200 119 "-" "Mozilla/5.0 (Windows NT 5.1; rv:22.0) Gecko/20100101 Firefox/22.0"
92.78.154.174 - - [05/Aug/2013:09:44:38 +0200] "GET /jquery-1.4.3.min.js HTTP/1.1" 200 77746 "http://www.groeger-bauaufzuege.de/" "Mozilla/5.0 (Windows NT 5.1; rv:22.0) Gecko/20100101 Firefox/22.0"
92.78.154.174 - - [05/Aug/2013:09:44:38 +0200] "GET /img/logo_groeger.gif HTTP/1.1" 200 3605 "http://www.groeger-bauaufzuege.de/" "Mozilla/5.0 (Windows NT 5.1; rv:22.0) Gecko/20100101 Firefox/22.0"
92.78.154.174 - - [05/Aug/2013:09:44:38 +0200] "GET /img/pfeil.png HTTP/1.1" 200 840 "http://www.groeger-bauaufzuege.de/" "Mozilla/5.0 (Windows NT 5.1; rv:22.0) Gecko/20100101 Firefox/22.0"
92.78.154.174 - - [05/Aug/2013:09:44:38 +0200] "GET /img/grauverlauf.png HTTP/1.1" 200 3242 "http://www.groeger-bauaufzuege.de/css/groeger.css" "Mozilla/5.0 (Windows NT 5.1; rv:22.0) Gecko/20100101 Firefox/22.0"
92.78.154.174 - - [05/Aug/2013:09:44:38 +0200] "GET /img/groeger_web.jpg HTTP/1.1" 200 10877 "http://www.groeger-bauaufzuege.de/css/groeger.css" "Mozilla/5.0 (Windows NT 5.1; rv:22.0) Gecko/20100101 Firefox/22.0"
92.78.154.174 - - [05/Aug/2013:09:44:38 +0200] "GET /img/bild_3.jpg HTTP/1.1" 200 57915 "http://www.groeger-bauaufzuege.de/" "Mozilla/5.0 (Windows NT 5.1; rv:22.0) Gecko/20100101 Firefox/22.0"
92.78.154.174 - - [05/Aug/2013:09:44:38 +0200] "GET /img/bild_1.jpg HTTP/1.1" 200 44440 "http://www.groeger-bauaufzuege.de/" "Mozilla/5.0 (Windows NT 5.1; rv:22.0) Gecko/20100101 Firefox/22.0"
92.78.154.174 - - [05/Aug/2013:09:44:38 +0200] "GET /img/bild_4.jpg HTTP/1.1" 200 45325 "http://www.groeger-bauaufzuege.de/" "Mozilla/5.0 (Windows NT 5.1; rv:22.0) Gecko/20100101 Firefox/22.0"
92.78.154.174 - - [05/Aug/2013:09:44:38 +0200] "GET /img/bild_2.jpg HTTP/1.1" 200 53191 "http://www.groeger-bauaufzuege.de/" "Mozilla/5.0 (Windows NT 5.1; rv:22.0) Gecko/20100101 Firefox/22.0"
92.78.154.174 - - [05/Aug/2013:09:44:46 +0200] "GET /impressum.php HTTP/1.1" 200 7582 "http://www.groeger-bauaufzuege.de/" "Mozilla/5.0 (Windows NT 5.1; rv:22.0) Gecko/20100101 Firefox/22.0"
92.78.154.174 - - [05/Aug/2013:09:44:54 +0200] "GET /aktuelles.php HTTP/1.1" 200 10521 "http://www.groeger-bauaufzuege.de/impressum.php" "Mozilla/5.0 (Windows NT 5.1; rv:22.0) Gecko/20100101 Firefox/22.0"
92.78.154.174 - - [05/Aug/2013:09:44:54 +0200] "GET /img/Newsletter_Groeger_2013-06.png HTTP/1.1" 200 23068 "http://www.groeger-bauaufzuege.de/aktuelles.php" "Mozilla/5.0 (Windows NT 5.1; rv:22.0) Gecko/20100101 Firefox/22.0"
92.78.154.174 - - [05/Aug/2013:09:45:00 +0200] "GET /leistungen.php HTTP/1.1" 200 7141 "http://www.groeger-bauaufzuege.de/aktuelles.php" "Mozilla/5.0 (Windows NT 5.1; rv:22.0) Gecko/20100101 Firefox/22.0"
92.78.154.174 - - [05/Aug/2013:09:45:01 +0200] "GET /img/leist_geda_02.jpg HTTP/1.1" 200 9528 "http://www.groeger-bauaufzuege.de/leistungen.php" "Mozilla/5.0 (Windows NT 5.1; rv:22.0) Gecko/20100101 Firefox/22.0"
92.78.154.174 - - [05/Aug/2013:09:45:05 +0200] "GET /index.php HTTP/1.1" 200 6430 "http://www.groeger-bauaufzuege.de/leistungen.php" "Mozilla/5.0 (Windows NT 5.1; rv:22.0) Gecko/20100101 Firefox/22.0"
87.187.23.229 - - [05/Aug/2013:09:46:39 +0200] "GET / HTTP/1.1" 200 6430 "http://www.google.de/url?sa=t&rct=j&q=gr%C3%B6ger%20aufzug&source=web&cd=1&ved=0CDAQFjAA&url=http%3A%2F%2Fwww.groeger-bauaufzuege.de%2F&ei=81f_UZ22FoiZO9ODgbAK&usg=AFQjCNFBXgtaJQ5GEULKJBrc_pmJTjvlmQ&bvm=bv.50165853,d.ZWU" "Mozilla/5.0 (Windows NT 6.1; rv:12.0) Gecko/20100101 Firefox/12.0"
87.187.23.229 - - [05/Aug/2013:09:46:39 +0200] "GET /css/groeger.css HTTP/1.1" 200 5363 "http://www.groeger-bauaufzuege.de/" "Mozilla/5.0 (Windows NT 6.1; rv:12.0) Gecko/20100101 Firefox/12.0"
87.187.23.229 - - [05/Aug/2013:09:46:39 +0200] "GET /swfobject.js HTTP/1.1" 200 6880 "http://www.groeger-bauaufzuege.de/" "Mozilla/5.0 (Windows NT 6.1; rv:12.0) Gecko/20100101 Firefox/12.0"
87.187.23.229 - - [05/Aug/2013:09:46:39 +0200] "GET /fancybox/jquery.fancybox-1.3.4.css HTTP/1.1" 200 8494 "http://www.groeger-bauaufzuege.de/" "Mozilla/5.0 (Windows NT 6.1; rv:12.0) Gecko/20100101 Firefox/12.0"
87.187.23.229 - - [05/Aug/2013:09:46:39 +0200] "GET /jquery.cross-slide.js HTTP/1.1" 200 11724 "http://www.groeger-bauaufzuege.de/" "Mozilla/5.0 (Windows NT 6.1; rv:12.0) Gecko/20100101 Firefox/12.0"
87.187.23.229 - - [05/Aug/2013:09:46:39 +0200] "GET /img/logo_groeger.gif HTTP/1.1" 200 3605 "http://www.groeger-bauaufzuege.de/" "Mozilla/5.0 (Windows NT 6.1; rv:12.0) Gecko/20100101 Firefox/12.0"
87.187.23.229 - - [05/Aug/2013:09:46:39 +0200] "GET /fancybox/jquery.fancybox-1.3.4.pack.js HTTP/1.1" 200 15624 "http://www.groeger-bauaufzuege.de/" "Mozilla/5.0 (Windows NT 6.1; rv:12.0) Gecko/20100101 Firefox/12.0"
87.187.23.229 - - [05/Aug/2013:09:46:39 +0200] "GET /img/pfeil.png HTTP/1.1" 200 840 "http://www.groeger-bauaufzuege.de/" "Mozilla/5.0 (Windows NT 6.1; rv:12.0) Gecko/20100101 Firefox/12.0"
87.187.23.229 - - [05/Aug/2013:09:46:39 +0200] "GET /img/favicon.gif HTTP/1.1" 200 119 "-" "Mozilla/5.0 (Windows NT 6.1; rv:12.0) Gecko/20100101 Firefox/12.0"
87.187.23.229 - - [05/Aug/2013:09:46:39 +0200] "GET /img/bild_1.jpg HTTP/1.1" 200 44440 "http://www.groeger-bauaufzuege.de/" "Mozilla/5.0 (Windows NT 6.1; rv:12.0) Gecko/20100101 Firefox/12.0"
87.187.23.229 - - [05/Aug/2013:09:46:39 +0200] "GET /jquery-1.4.3.min.js HTTP/1.1" 200 77746 "http://www.groeger-bauaufzuege.de/" "Mozilla/5.0 (Windows NT 6.1; rv:12.0) Gecko/20100101 Firefox/12.0"
87.187.23.229 - - [05/Aug/2013:09:46:39 +0200] "GET /img/grauverlauf.png HTTP/1.1" 200 3242 "http://www.groeger-bauaufzuege.de/css/groeger.css" "Mozilla/5.0 (Windows NT 6.1; rv:12.0) Gecko/20100101 Firefox/12.0"
87.187.23.229 - - [05/Aug/2013:09:46:39 +0200] "GET /img/groeger_web.jpg HTTP/1.1" 200 10877 "http://www.groeger-bauaufzuege.de/css/groeger.css" "Mozilla/5.0 (Windows NT 6.1; rv:12.0) Gecko/20100101 Firefox/12.0"
87.187.23.229 - - [05/Aug/2013:09:46:39 +0200] "GET /img/bild_2.jpg HTTP/1.1" 200 53191 "http://www.groeger-bauaufzuege.de/" "Mozilla/5.0 (Windows NT 6.1; rv:12.0) Gecko/20100101 Firefox/12.0"
87.187.23.229 - - [05/Aug/2013:09:46:39 +0200] "GET /img/bild_4.jpg HTTP/1.1" 200 45325 "http://www.groeger-bauaufzuege.de/" "Mozilla/5.0 (Windows NT 6.1; rv:12.0) Gecko/20100101 Firefox/12.0"
87.187.23.229 - - [05/Aug/2013:09:46:39 +0200] "GET /img/bild_3.jpg HTTP/1.1" 200 57915 "http://www.groeger-bauaufzuege.de/" "Mozilla/5.0 (Windows NT 6.1; rv:12.0) Gecko/20100101 Firefox/12.0"
198.72.106.179 - - [05/Aug/2013:09:46:41 +0200] "GET /img/bild_1.jpg HTTP/1.1" 200 44440 "-" "Mozilla/5.0 (Windows NT 6.1; WOW64) AppleWebKit/535.19 (KHTML, like Gecko) Chrome/18.0.1025.142 Safari/535.19"
198.72.102.184 - - [05/Aug/2013:09:46:42 +0200] "GET /img/bild_2.jpg HTTP/1.1" 200 53191 "-" "Mozilla/5.0 (Windows NT 6.1; WOW64) AppleWebKit/535.19 (KHTML, like Gecko) Chrome/18.0.1025.142 Safari/535.19"
198.72.102.182 - - [05/Aug/2013:09:46:45 +0200] "GET /img/bild_3.jpg HTTP/1.1" 200 57915 "-" "Mozilla/5.0 (Windows NT 6.1; WOW64) AppleWebKit/535.19 (KHTML, like Gecko) Chrome/18.0.1025.142 Safari/535.19"
198.72.102.181 - - [05/Aug/2013:09:46:48 +0200] "GET /img/bild_4.jpg HTTP/1.1" 200 45325 "-" "Mozilla/5.0 (Windows NT 6.1; WOW64) AppleWebKit/535.19 (KHTML, like Gecko) Chrome/18.0.1025.142 Safari/535.19"
87.187.23.229 - - [05/Aug/2013:09:47:05 +0200] "GET /kontakt.php HTTP/1.1" 200 6666 "http://www.groeger-bauaufzuege.de/" "Mozilla/5.0 (Windows NT 6.1; rv:12.0) Gecko/20100101 Firefox/12.0"
