157.55.35.96 - - [01/Aug/2013:00:25:03 +0200] "GET /robots.txt HTTP/1.1" 404 - "-" "Mozilla/5.0 (compatible; bingbot/2.0; +http://www.bing.com/bingbot.htm)"
157.55.35.96 - - [01/Aug/2013:00:30:44 +0200] "GET /download/Groeger-Newsletter-Dachdecker11.pdf HTTP/1.1" 200 357192 "-" "Mozilla/5.0 (compatible; bingbot/2.0; +http://www.bing.com/bingbot.htm)"
157.55.32.189 - - [01/Aug/2013:00:40:10 +0200] "GET /aktuelles.php HTTP/1.1" 200 10521 "-" "Mozilla/5.0 (compatible; bingbot/2.0; +http://www.bing.com/bingbot.htm)"
157.55.32.189 - - [01/Aug/2013:00:40:26 +0200] "GET /fancybox/jquery.fancybox-1.3.4.pack.js HTTP/1.1" 200 15624 "-" "Mozilla/5.0 (compatible; bingbot/2.0; +http://www.bing.com/bingbot.htm)"
157.56.92.158 - - [01/Aug/2013:00:41:11 +0200] "GET /css/groeger.css HTTP/1.1" 200 5363 "-" "Mozilla/5.0 (compatible; bingbot/2.0; +http://www.bing.com/bingbot.htm)"
157.56.93.83 - - [01/Aug/2013:00:42:12 +0200] "GET /img/bild_1.jpg HTTP/1.1" 200 44440 "-" "Mozilla/5.0 (compatible; bingbot/2.0; +http://www.bing.com/bingbot.htm)"
157.56.92.158 - - [01/Aug/2013:00:43:40 +0200] "GET /img/logo_groeger.gif HTTP/1.1" 200 3605 "-" "Mozilla/5.0 (compatible; bingbot/2.0; +http://www.bing.com/bingbot.htm)"
157.55.35.96 - - [01/Aug/2013:00:44:10 +0200] "GET /fancybox/jquery.fancybox-1.3.4.css HTTP/1.1" 200 8494 "-" "Mozilla/5.0 (compatible; bingbot/2.0; +http://www.bing.com/bingbot.htm)"
157.55.35.96 - - [01/Aug/2013:00:44:11 +0200] "GET /swfobject.js HTTP/1.1" 200 6880 "-" "Mozilla/5.0 (compatible; bingbot/2.0; +http://www.bing.com/bingbot.htm)"
157.55.32.189 - - [01/Aug/2013:00:44:40 +0200] "GET /jquery-1.4.3.min.js HTTP/1.1" 200 77746 "-" "Mozilla/5.0 (compatible; bingbot/2.0; +http://www.bing.com/bingbot.htm)"
157.55.32.189 - - [01/Aug/2013:00:46:40 +0200] "GET /jquery.cross-slide.js HTTP/1.1" 200 11724 "-" "Mozilla/5.0 (compatible; bingbot/2.0; +http://www.bing.com/bingbot.htm)"
199.30.25.85 - - [01/Aug/2013:01:41:31 +0200] "GET /img/grauverlauf.png HTTP/1.1" 200 3242 "http://www.groeger-bauaufzuege.de/aktuelles.php" "Mozilla/5.0 (Windows NT 6.1; WOW64) AppleWebKit/534+ (KHTML, like Gecko) BingPreview/1.0b"
199.30.25.85 - - [01/Aug/2013:01:41:31 +0200] "GET /img/bild_2.jpg HTTP/1.1" 200 53191 "http://www.groeger-bauaufzuege.de/aktuelles.php" "Mozilla/5.0 (Windows NT 6.1; WOW64) AppleWebKit/534+ (KHTML, like Gecko) BingPreview/1.0b"
199.30.25.85 - - [01/Aug/2013:01:41:31 +0200] "GET /img/bild_3.jpg HTTP/1.1" 200 57915 "http://www.groeger-bauaufzuege.de/aktuelles.php" "Mozilla/5.0 (Windows NT 6.1; WOW64) AppleWebKit/534+ (KHTML, like Gecko) BingPreview/1.0b"
199.30.25.85 - - [01/Aug/2013:01:41:31 +0200] "GET /img/bild_4.jpg HTTP/1.1" 200 45325 "http://www.groeger-bauaufzuege.de/aktuelles.php" "Mozilla/5.0 (Windows NT 6.1; WOW64) AppleWebKit/534+ (KHTML, like Gecko) BingPreview/1.0b"
141.8.147.12 - - [01/Aug/2013:01:58:33 +0200] "GET /robots.txt HTTP/1.1" 404 - "-" "Mozilla/5.0 (compatible; YandexBot/3.0; +http://yandex.com/bots)"
157.56.92.158 - - [01/Aug/2013:02:53:06 +0200] "GET /robots.txt HTTP/1.1" 404 - "-" "Mozilla/5.0 (compatible; bingbot/2.0; +http://www.bing.com/bingbot.htm)"
157.56.92.158 - - [01/Aug/2013:02:54:13 +0200] "GET / HTTP/1.1" 200 6430 "-" "Mozilla/5.0 (compatible; bingbot/2.0; +http://www.bing.com/bingbot.htm)"
66.249.78.76 - - [01/Aug/2013:04:59:53 +0200] "GET /robots.txt HTTP/1.1" 404 - "-" "Mozilla/5.0 (compatible; Googlebot/2.1; +http://www.google.com/bot.html)"
66.249.78.76 - - [01/Aug/2013:04:59:53 +0200] "GET /verkauf.php HTTP/1.1" 200 6239 "-" "SAMSUNG-SGH-E250/1.0 Profile/MIDP-2.0 Configuration/CLDC-1.1 UP.Browser/6.2.3.3.c.1.101 (GUI) MMP/2.0 (compatible; Googlebot-Mobile/2.1; +http://www.google.com/bot.html)"
157.56.92.158 - - [01/Aug/2013:05:31:37 +0200] "GET /robots.txt HTTP/1.1" 404 - "-" "Mozilla/5.0 (compatible; bingbot/2.0; +http://www.bing.com/bingbot.htm)"
157.56.92.158 - - [01/Aug/2013:05:33:17 +0200] "GET /kontakt.php HTTP/1.1" 200 6666 "-" "Mozilla/5.0 (compatible; bingbot/2.0; +http://www.bing.com/bingbot.htm)"
141.8.147.12 - - [01/Aug/2013:06:01:50 +0200] "GET / HTTP/1.1" 200 6430 "-" "Mozilla/5.0 (compatible; YandexBot/3.0; +http://yandex.com/bots)"
66.249.75.88 - - [01/Aug/2013:06:11:56 +0200] "GET /kontakt.php HTTP/1.1" 200 6666 "-" "DoCoMo/2.0 N905i(c100;TB;W24H16) (compatible; Googlebot-Mobile/2.1; +http://www.google.com/bot.html)"
157.56.92.158 - - [01/Aug/2013:07:07:36 +0200] "GET /robots.txt HTTP/1.1" 404 - "-" "Mozilla/5.0 (compatible; bingbot/2.0; +http://www.bing.com/bingbot.htm)"
157.56.92.158 - - [01/Aug/2013:07:10:47 +0200] "GET / HTTP/1.1" 200 6430 "-" "Mozilla/5.0 (compatible; bingbot/2.0; +http://www.bing.com/bingbot.htm)"
5.10.83.36 - - [01/Aug/2013:09:33:00 +0200] "GET /robots.txt HTTP/1.1" 404 - "-" "Mozilla/5.0 (compatible; AhrefsBot/5.0; +http://ahrefs.com/robot/)"
66.249.78.76 - - [01/Aug/2013:09:46:06 +0200] "GET /impressum.php HTTP/1.1" 200 7582 "-" "Mozilla/5.0 (iPhone; U; CPU iPhone OS 4_1 like Mac OS X; en-us) AppleWebKit/532.9 (KHTML, like Gecko) Version/4.0.5 Mobile/8B117 Safari/6531.22.7 (compatible; Googlebot-Mobile/2.1; +http://www.google.com/bot.html)"
66.249.78.76 - - [01/Aug/2013:11:09:24 +0200] "GET / HTTP/1.1" 200 6430 "-" "Mozilla/5.0 (compatible; Googlebot/2.1; +http://www.google.com/bot.html)"
66.249.78.76 - - [01/Aug/2013:11:27:41 +0200] "GET /fancybox/jquery.fancybox-1.3.4.css HTTP/1.1" 200 8494 "-" "Mozilla/5.0 (compatible; Googlebot/2.1; +http://www.google.com/bot.html)"
66.249.78.76 - - [01/Aug/2013:11:27:42 +0200] "GET /css/groeger.css HTTP/1.1" 200 5363 "-" "Mozilla/5.0 (compatible; Googlebot/2.1; +http://www.google.com/bot.html)"
85.177.94.245 - - [01/Aug/2013:12:15:40 +0200] "GET /aktuelles.php HTTP/1.1" 200 10521 "http://www.google.de/url?sa=t&rct=j&q=&esrc=s&source=web&cd=2&ved=0CEkQFjAB&url=http%3A%2F%2Fwww.groeger-bauaufzuege.de%2Faktuelles.php&ei=BTX6UcKzGoXVtAaT4YGYAg&usg=AFQjCNHlvFLzeqm4Pmv-H7G-HyIEz_ciLw&bvm=bv.50165853,d.Yms" "Mozilla/5.0 (Windows NT 5.1; rv:22.0) Gecko/20100101 Firefox/22.0"
85.177.94.245 - - [01/Aug/2013:12:15:40 +0200] "GET /css/groeger.css HTTP/1.1" 200 5363 "http://www.groeger-bauaufzuege.de/aktuelles.php" "Mozilla/5.0 (Windows NT 5.1; rv:22.0) Gecko/20100101 Firefox/22.0"
85.177.94.245 - - [01/Aug/2013:12:15:40 +0200] "GET /swfobject.js HTTP/1.1" 200 6880 "http://www.groeger-bauaufzuege.de/aktuelles.php" "Mozilla/5.0 (Windows NT 5.1; rv:22.0) Gecko/20100101 Firefox/22.0"
85.177.94.245 - - [01/Aug/2013:12:15:40 +0200] "GET /jquery.cross-slide.js HTTP/1.1" 200 11724 "http://www.groeger-bauaufzuege.de/aktuelles.php" "Mozilla/5.0 (Windows NT 5.1; rv:22.0) Gecko/20100101 Firefox/22.0"
85.177.94.245 - - [01/Aug/2013:12:15:40 +0200] "GET /fancybox/jquery.fancybox-1.3.4.css HTTP/1.1" 200 8494 "http://www.groeger-bauaufzuege.de/aktuelles.php" "Mozilla/5.0 (Windows NT 5.1; rv:22.0) Gecko/20100101 Firefox/22.0"
85.177.94.245 - - [01/Aug/2013:12:15:40 +0200] "GET /fancybox/jquery.fancybox-1.3.4.pack.js HTTP/1.1" 200 15624 "http://www.groeger-bauaufzuege.de/aktuelles.php" "Mozilla/5.0 (Windows NT 5.1; rv:22.0) Gecko/20100101 Firefox/22.0"
85.177.94.245 - - [01/Aug/2013:12:15:40 +0200] "GET /img/favicon.gif HTTP/1.1" 200 119 "-" "Mozilla/5.0 (Windows NT 5.1; rv:22.0) Gecko/20100101 Firefox/22.0"
85.177.94.245 - - [01/Aug/2013:12:15:40 +0200] "GET /jquery-1.4.3.min.js HTTP/1.1" 200 77746 "http://www.groeger-bauaufzuege.de/aktuelles.php" "Mozilla/5.0 (Windows NT 5.1; rv:22.0) Gecko/20100101 Firefox/22.0"
85.177.94.245 - - [01/Aug/2013:12:15:40 +0200] "GET /img/logo_groeger.gif HTTP/1.1" 200 3605 "http://www.groeger-bauaufzuege.de/aktuelles.php" "Mozilla/5.0 (Windows NT 5.1; rv:22.0) Gecko/20100101 Firefox/22.0"
85.177.94.245 - - [01/Aug/2013:12:15:40 +0200] "GET /img/Newsletter_Groeger_2013-06.png HTTP/1.1" 200 23068 "http://www.groeger-bauaufzuege.de/aktuelles.php" "Mozilla/5.0 (Windows NT 5.1; rv:22.0) Gecko/20100101 Firefox/22.0"
85.177.94.245 - - [01/Aug/2013:12:15:40 +0200] "GET /img/bild_1.jpg HTTP/1.1" 200 44440 "http://www.groeger-bauaufzuege.de/aktuelles.php" "Mozilla/5.0 (Windows NT 5.1; rv:22.0) Gecko/20100101 Firefox/22.0"
85.177.94.245 - - [01/Aug/2013:12:15:40 +0200] "GET /img/bild_2.jpg HTTP/1.1" 200 53191 "http://www.groeger-bauaufzuege.de/aktuelles.php" "Mozilla/5.0 (Windows NT 5.1; rv:22.0) Gecko/20100101 Firefox/22.0"
85.177.94.245 - - [01/Aug/2013:12:15:40 +0200] "GET /img/grauverlauf.png HTTP/1.1" 200 3242 "http://www.groeger-bauaufzuege.de/css/groeger.css" "Mozilla/5.0 (Windows NT 5.1; rv:22.0) Gecko/20100101 Firefox/22.0"
85.177.94.245 - - [01/Aug/2013:12:15:40 +0200] "GET /img/bild_3.jpg HTTP/1.1" 200 57915 "http://www.groeger-bauaufzuege.de/aktuelles.php" "Mozilla/5.0 (Windows NT 5.1; rv:22.0) Gecko/20100101 Firefox/22.0"
85.177.94.245 - - [01/Aug/2013:12:15:40 +0200] "GET /img/bild_4.jpg HTTP/1.1" 200 45325 "http://www.groeger-bauaufzuege.de/aktuelles.php" "Mozilla/5.0 (Windows NT 5.1; rv:22.0) Gecko/20100101 Firefox/22.0"
85.177.94.245 - - [01/Aug/2013:12:15:43 +0200] "GET /leistungen.php HTTP/1.1" 200 7141 "http://www.groeger-bauaufzuege.de/aktuelles.php" "Mozilla/5.0 (Windows NT 5.1; rv:22.0) Gecko/20100101 Firefox/22.0"
85.177.94.245 - - [01/Aug/2013:12:15:44 +0200] "GET /img/leist_geda_02.jpg HTTP/1.1" 200 9528 "http://www.groeger-bauaufzuege.de/leistungen.php" "Mozilla/5.0 (Windows NT 5.1; rv:22.0) Gecko/20100101 Firefox/22.0"
85.177.94.245 - - [01/Aug/2013:12:15:45 +0200] "GET /verkauf.php HTTP/1.1" 200 6239 "http://www.groeger-bauaufzuege.de/leistungen.php" "Mozilla/5.0 (Windows NT 5.1; rv:22.0) Gecko/20100101 Firefox/22.0"
85.177.94.245 - - [01/Aug/2013:12:15:46 +0200] "GET /img/logo_geda.gif HTTP/1.1" 200 4337 "http://www.groeger-bauaufzuege.de/verkauf.php" "Mozilla/5.0 (Windows NT 5.1; rv:22.0) Gecko/20100101 Firefox/22.0"
85.177.94.245 - - [01/Aug/2013:12:15:46 +0200] "GET /img/logo_steinbach.jpg HTTP/1.1" 200 9601 "http://www.groeger-bauaufzuege.de/verkauf.php" "Mozilla/5.0 (Windows NT 5.1; rv:22.0) Gecko/20100101 Firefox/22.0"
85.177.94.245 - - [01/Aug/2013:12:15:46 +0200] "GET /img/logo_boecker.gif HTTP/1.1" 200 2974 "http://www.groeger-bauaufzuege.de/verkauf.php" "Mozilla/5.0 (Windows NT 5.1; rv:22.0) Gecko/20100101 Firefox/22.0"
85.177.94.245 - - [01/Aug/2013:12:15:47 +0200] "GET /vermietung.php HTTP/1.1" 200 6318 "http://www.groeger-bauaufzuege.de/verkauf.php" "Mozilla/5.0 (Windows NT 5.1; rv:22.0) Gecko/20100101 Firefox/22.0"
85.177.94.245 - - [01/Aug/2013:12:15:59 +0200] "GET /angebote.php HTTP/1.1" 200 9943 "http://www.groeger-bauaufzuege.de/vermietung.php" "Mozilla/5.0 (Windows NT 5.1; rv:22.0) Gecko/20100101 Firefox/22.0"
85.177.94.245 - - [01/Aug/2013:12:15:59 +0200] "GET /img/aktionen/nl4-2012-09.jpg HTTP/1.1" 200 42401 "http://www.groeger-bauaufzuege.de/angebote.php" "Mozilla/5.0 (Windows NT 5.1; rv:22.0) Gecko/20100101 Firefox/22.0"
85.177.94.245 - - [01/Aug/2013:12:15:59 +0200] "GET /img/aktionen/nl-2013-04.jpg HTTP/1.1" 200 87191 "http://www.groeger-bauaufzuege.de/angebote.php" "Mozilla/5.0 (Windows NT 5.1; rv:22.0) Gecko/20100101 Firefox/22.0"
85.177.94.245 - - [01/Aug/2013:12:16:03 +0200] "GET /favicon.ico HTTP/1.1" 404 - "-" "Mozilla/5.0 (Windows NT 5.1; rv:22.0) Gecko/20100101 Firefox/22.0"
85.177.94.245 - - [01/Aug/2013:12:16:09 +0200] "GET / HTTP/1.1" 200 6430 "http://www.google.de/url?sa=t&rct=j&q=&esrc=s&source=web&cd=3&ved=0CE4QFjAC&url=http%3A%2F%2Fwww.groeger-bauaufzuege.de%2F&ei=BTX6UcKzGoXVtAaT4YGYAg&usg=AFQjCNFBXgtaJQ5GEULKJBrc_pmJTjvlmQ&bvm=bv.50165853,d.Yms" "Mozilla/5.0 (Windows NT 5.1; rv:22.0) Gecko/20100101 Firefox/22.0"
85.177.94.245 - - [01/Aug/2013:12:16:09 +0200] "GET /img/pfeil.png HTTP/1.1" 200 840 "http://www.groeger-bauaufzuege.de/" "Mozilla/5.0 (Windows NT 5.1; rv:22.0) Gecko/20100101 Firefox/22.0"
85.177.94.245 - - [01/Aug/2013:12:16:09 +0200] "GET /img/groeger_web.jpg HTTP/1.1" 200 10877 "http://www.groeger-bauaufzuege.de/css/groeger.css" "Mozilla/5.0 (Windows NT 5.1; rv:22.0) Gecko/20100101 Firefox/22.0"
217.231.158.4 - - [01/Aug/2013:13:57:18 +0200] "GET /aktuelles.php HTTP/1.1" 200 10521 "http://www.google.de/url?sa=t&rct=j&q=gr%C3%B6ger%20bauaufz%C3%BCge%20berlin&source=web&cd=1&ved=0CFMQFjAA&url=http%3A%2F%2Fwww.groeger-bauaufzuege.de%2Faktuelles.php&ei=50z6UeKFF4TvPMbOgdAF&usg=AFQjCNHlvFLzeqm4Pmv-H7G-HyIEz_ciLw&bvm=bv.50165853,d.ZWU" "Mozilla/5.0 (Windows NT 5.1; rv:12.0) Gecko/20100101 Firefox/12.0"
217.231.158.4 - - [01/Aug/2013:13:57:19 +0200] "GET /css/groeger.css HTTP/1.1" 200 5363 "http://www.groeger-bauaufzuege.de/aktuelles.php" "Mozilla/5.0 (Windows NT 5.1; rv:12.0) Gecko/20100101 Firefox/12.0"
217.231.158.4 - - [01/Aug/2013:13:57:19 +0200] "GET /swfobject.js HTTP/1.1" 200 6880 "http://www.groeger-bauaufzuege.de/aktuelles.php" "Mozilla/5.0 (Windows NT 5.1; rv:12.0) Gecko/20100101 Firefox/12.0"
217.231.158.4 - - [01/Aug/2013:13:57:19 +0200] "GET /jquery.cross-slide.js HTTP/1.1" 200 11724 "http://www.groeger-bauaufzuege.de/aktuelles.php" "Mozilla/5.0 (Windows NT 5.1; rv:12.0) Gecko/20100101 Firefox/12.0"
217.231.158.4 - - [01/Aug/2013:13:57:19 +0200] "GET /fancybox/jquery.fancybox-1.3.4.pack.js HTTP/1.1" 200 15624 "http://www.groeger-bauaufzuege.de/aktuelles.php" "Mozilla/5.0 (Windows NT 5.1; rv:12.0) Gecko/20100101 Firefox/12.0"
217.231.158.4 - - [01/Aug/2013:13:57:19 +0200] "GET /fancybox/jquery.fancybox-1.3.4.css HTTP/1.1" 200 8494 "http://www.groeger-bauaufzuege.de/aktuelles.php" "Mozilla/5.0 (Windows NT 5.1; rv:12.0) Gecko/20100101 Firefox/12.0"
217.231.158.4 - - [01/Aug/2013:13:57:20 +0200] "GET /img/logo_groeger.gif HTTP/1.1" 200 3605 "http://www.groeger-bauaufzuege.de/aktuelles.php" "Mozilla/5.0 (Windows NT 5.1; rv:12.0) Gecko/20100101 Firefox/12.0"
217.231.158.4 - - [01/Aug/2013:13:57:20 +0200] "GET /img/bild_1.jpg HTTP/1.1" 200 44440 "http://www.groeger-bauaufzuege.de/aktuelles.php" "Mozilla/5.0 (Windows NT 5.1; rv:12.0) Gecko/20100101 Firefox/12.0"
217.231.158.4 - - [01/Aug/2013:13:57:20 +0200] "GET /img/favicon.gif HTTP/1.1" 200 119 "-" "Mozilla/5.0 (Windows NT 5.1; rv:12.0) Gecko/20100101 Firefox/12.0"
217.231.158.4 - - [01/Aug/2013:13:57:21 +0200] "GET /img/Newsletter_Groeger_2013-06.png HTTP/1.1" 200 23068 "http://www.groeger-bauaufzuege.de/aktuelles.php" "Mozilla/5.0 (Windows NT 5.1; rv:12.0) Gecko/20100101 Firefox/12.0"
217.231.158.4 - - [01/Aug/2013:13:57:19 +0200] "GET /jquery-1.4.3.min.js HTTP/1.1" 200 77746 "http://www.groeger-bauaufzuege.de/aktuelles.php" "Mozilla/5.0 (Windows NT 5.1; rv:12.0) Gecko/20100101 Firefox/12.0"
217.231.158.4 - - [01/Aug/2013:13:57:22 +0200] "GET /img/grauverlauf.png HTTP/1.1" 200 3242 "http://www.groeger-bauaufzuege.de/css/groeger.css" "Mozilla/5.0 (Windows NT 5.1; rv:12.0) Gecko/20100101 Firefox/12.0"
217.231.158.4 - - [01/Aug/2013:13:57:22 +0200] "GET /img/bild_2.jpg HTTP/1.1" 200 53191 "http://www.groeger-bauaufzuege.de/aktuelles.php" "Mozilla/5.0 (Windows NT 5.1; rv:12.0) Gecko/20100101 Firefox/12.0"
217.231.158.4 - - [01/Aug/2013:13:57:22 +0200] "GET /img/bild_3.jpg HTTP/1.1" 200 57915 "http://www.groeger-bauaufzuege.de/aktuelles.php" "Mozilla/5.0 (Windows NT 5.1; rv:12.0) Gecko/20100101 Firefox/12.0"
217.231.158.4 - - [01/Aug/2013:13:57:22 +0200] "GET /img/bild_4.jpg HTTP/1.1" 200 45325 "http://www.groeger-bauaufzuege.de/aktuelles.php" "Mozilla/5.0 (Windows NT 5.1; rv:12.0) Gecko/20100101 Firefox/12.0"
217.231.158.4 - - [01/Aug/2013:13:57:29 +0200] "GET /kontakt.php HTTP/1.1" 200 6666 "http://www.groeger-bauaufzuege.de/aktuelles.php" "Mozilla/5.0 (Windows NT 5.1; rv:12.0) Gecko/20100101 Firefox/12.0"
141.8.147.12 - - [01/Aug/2013:13:59:31 +0200] "GET /robots.txt HTTP/1.1" 404 - "-" "Mozilla/5.0 (compatible; YandexBot/3.0; +http://yandex.com/bots)"
217.231.158.4 - - [01/Aug/2013:14:01:15 +0200] "GET /leistungen.php HTTP/1.1" 200 7141 "http://www.groeger-bauaufzuege.de/kontakt.php" "Mozilla/5.0 (Windows NT 5.1; rv:12.0) Gecko/20100101 Firefox/12.0"
217.231.158.4 - - [01/Aug/2013:14:01:16 +0200] "GET /img/leist_geda_02.jpg HTTP/1.1" 200 9528 "http://www.groeger-bauaufzuege.de/leistungen.php" "Mozilla/5.0 (Windows NT 5.1; rv:12.0) Gecko/20100101 Firefox/12.0"
157.56.92.158 - - [01/Aug/2013:14:42:59 +0200] "GET /robots.txt HTTP/1.1" 404 - "-" "Mozilla/5.0 (compatible; bingbot/2.0; +http://www.bing.com/bingbot.htm)"
157.56.92.158 - - [01/Aug/2013:14:45:22 +0200] "GET / HTTP/1.1" 200 6430 "-" "Mozilla/5.0 (compatible; bingbot/2.0; +http://www.bing.com/bingbot.htm)"
93.122.64.76 - - [01/Aug/2013:15:10:18 +0200] "GET /link/20130604 HTTP/1.1" 302 - "http://www.google.de/url?sa=t&rct=j&q=%20zwei%20sps%20%C3%BCberwacht%20sich%20gegenseitig&source=web&cd=10&ved=0CGEQFjAJ&url=http%3A%2F%2Fwww.groeger-bauaufzuege.de%2Flink%2F20130604&ei=MF36UarOFKqv4QTxooHIDg&usg=AFQjCNH7n0JWsj0YUlmDsnhJafP1MmHIUA" "Mozilla/5.0 (compatible; MSIE 9.0; Windows NT 6.1; WOW64; Trident/5.0)"
199.19.249.196 - - [01/Aug/2013:15:10:18 +0200] "GET /link/20130604 HTTP/1.1" 302 - "-" "Mozilla/4.0 (compatible; MSIE 7.0; Windows NT 5.1; InfoPath.1; .NET CLR 2.0.50727; .NET CLR 1.1.4322; MS-RTC LM 8; .NET CLR 3.0.4506.2152; .NET CLR 3.5.30729)"
199.19.249.196 - - [01/Aug/2013:15:10:18 +0200] "GET /download/Boecker_Autokrane.pdf HTTP/1.1" 200 1994740 "-" "Mozilla/4.0 (compatible; MSIE 7.0; Windows NT 5.1; InfoPath.1; .NET CLR 2.0.50727; .NET CLR 1.1.4322; MS-RTC LM 8; .NET CLR 3.0.4506.2152; .NET CLR 3.5.30729)"
199.19.249.196 - - [01/Aug/2013:15:10:18 +0200] "GET /download/Boecker_Autokrane.pdf HTTP/1.1" 200 1994740 "-" "Mozilla/4.0 (compatible; MSIE 7.0; Windows NT 5.1; InfoPath.1; .NET CLR 2.0.50727; .NET CLR 1.1.4322; MS-RTC LM 8; .NET CLR 3.0.4506.2152; .NET CLR 3.5.30729)"
93.122.64.76 - - [01/Aug/2013:15:10:19 +0200] "GET /download/Boecker_Autokrane.pdf HTTP/1.1" 200 1994740 "http://www.google.de/url?sa=t&rct=j&q=%20zwei%20sps%20%C3%BCberwacht%20sich%20gegenseitig&source=web&cd=10&ved=0CGEQFjAJ&url=http%3A%2F%2Fwww.groeger-bauaufzuege.de%2Flink%2F20130604&ei=MF36UarOFKqv4QTxooHIDg&usg=AFQjCNH7n0JWsj0YUlmDsnhJafP1MmHIUA" "Mozilla/5.0 (compatible; MSIE 9.0; Windows NT 6.1; WOW64; Trident/5.0)"
93.122.64.76 - - [01/Aug/2013:15:10:20 +0200] "GET /download/Boecker_Autokrane.pdf HTTP/1.1" 200 1994740 "-" "Mozilla/5.0 (compatible; MSIE 9.0; Windows NT 6.1; WOW64; Trident/5.0)"
199.30.20.78 - - [01/Aug/2013:15:23:14 +0200] "GET /robots.txt HTTP/1.1" 404 - "-" "msnbot-media/1.1 (+http://search.msn.com/msnbot.htm)"
199.30.20.78 - - [01/Aug/2013:15:23:14 +0200] "GET /img/leist_geda_02.jpg HTTP/1.1" 200 9528 "-" "msnbot-media/1.1 (+http://search.msn.com/msnbot.htm)"
66.249.73.166 - - [01/Aug/2013:17:12:14 +0200] "GET /robots.txt HTTP/1.1" 404 - "-" "Mozilla/5.0 (compatible; Googlebot/2.1; +http://www.google.com/bot.html)"
66.249.73.166 - - [01/Aug/2013:17:12:14 +0200] "GET /angebote.php HTTP/1.1" 200 9943 "-" "Mozilla/5.0 (iPhone; U; CPU iPhone OS 4_1 like Mac OS X; en-us) AppleWebKit/532.9 (KHTML, like Gecko) Version/4.0.5 Mobile/8B117 Safari/6531.22.7 (compatible; Googlebot-Mobile/2.1; +http://www.google.com/bot.html)"
157.55.32.189 - - [01/Aug/2013:17:59:46 +0200] "GET /robots.txt HTTP/1.1" 404 - "-" "Mozilla/5.0 (compatible; bingbot/2.0; +http://www.bing.com/bingbot.htm)"
157.55.32.189 - - [01/Aug/2013:18:02:56 +0200] "GET /verkauf.php HTTP/1.1" 200 6239 "-" "Mozilla/5.0 (compatible; bingbot/2.0; +http://www.bing.com/bingbot.htm)"
176.57.141.254 - - [01/Aug/2013:19:46:33 +0200] "GET / HTTP/1.1" 200 6430 "-" "Mozilla/5.0 (X11; Linux i686; rv:6.0) Gecko/20100101 Firefox/6.0"
176.9.21.194 - - [01/Aug/2013:21:10:59 +0200] "GET /robots.txt HTTP/1.0" 404 - "-" "Mozilla/5.0 (compatible; SEOkicks-Robot +http://www.seokicks.de/robot.html)"
176.9.21.194 - - [01/Aug/2013:21:11:01 +0200] "GET / HTTP/1.0" 200 6430 "-" "Mozilla/5.0 (compatible; SEOkicks-Robot +http://www.seokicks.de/robot.html)"
176.9.21.194 - - [01/Aug/2013:21:11:04 +0200] "GET /css/groeger.css HTTP/1.0" 200 5363 "http://www.groeger-bauaufzuege.de/" "Mozilla/5.0 (compatible; SEOkicks-Robot +http://www.seokicks.de/robot.html)"
176.9.21.194 - - [01/Aug/2013:21:11:07 +0200] "GET /swfobject.js HTTP/1.0" 200 6880 "http://www.groeger-bauaufzuege.de/" "Mozilla/5.0 (compatible; SEOkicks-Robot +http://www.seokicks.de/robot.html)"
176.9.21.194 - - [01/Aug/2013:21:11:09 +0200] "GET /jquery-1.4.3.min.js HTTP/1.0" 200 77746 "http://www.groeger-bauaufzuege.de/" "Mozilla/5.0 (compatible; SEOkicks-Robot +http://www.seokicks.de/robot.html)"
176.9.21.194 - - [01/Aug/2013:21:11:13 +0200] "GET /jquery.cross-slide.js HTTP/1.0" 200 11724 "http://www.groeger-bauaufzuege.de/" "Mozilla/5.0 (compatible; SEOkicks-Robot +http://www.seokicks.de/robot.html)"
176.9.21.194 - - [01/Aug/2013:21:11:15 +0200] "GET /fancybox/jquery.fancybox-1.3.4.pack.js HTTP/1.0" 200 15624 "http://www.groeger-bauaufzuege.de/" "Mozilla/5.0 (compatible; SEOkicks-Robot +http://www.seokicks.de/robot.html)"
176.9.21.194 - - [01/Aug/2013:21:11:18 +0200] "GET /fancybox/jquery.fancybox-1.3.4.css HTTP/1.0" 200 8494 "http://www.groeger-bauaufzuege.de/" "Mozilla/5.0 (compatible; SEOkicks-Robot +http://www.seokicks.de/robot.html)"
176.9.21.194 - - [01/Aug/2013:21:11:20 +0200] "GET /index.php HTTP/1.0" 200 6430 "http://www.groeger-bauaufzuege.de/" "Mozilla/5.0 (compatible; SEOkicks-Robot +http://www.seokicks.de/robot.html)"
176.9.21.194 - - [01/Aug/2013:21:11:23 +0200] "GET /aktuelles.php HTTP/1.0" 200 10521 "http://www.groeger-bauaufzuege.de/" "Mozilla/5.0 (compatible; SEOkicks-Robot +http://www.seokicks.de/robot.html)"
176.9.21.194 - - [01/Aug/2013:21:11:27 +0200] "GET /leistungen.php HTTP/1.0" 200 7141 "http://www.groeger-bauaufzuege.de/" "Mozilla/5.0 (compatible; SEOkicks-Robot +http://www.seokicks.de/robot.html)"
176.9.21.194 - - [01/Aug/2013:21:11:29 +0200] "GET /verkauf.php HTTP/1.0" 200 6239 "http://www.groeger-bauaufzuege.de/" "Mozilla/5.0 (compatible; SEOkicks-Robot +http://www.seokicks.de/robot.html)"
176.9.21.194 - - [01/Aug/2013:21:11:32 +0200] "GET /vermietung.php HTTP/1.0" 200 6318 "http://www.groeger-bauaufzuege.de/" "Mozilla/5.0 (compatible; SEOkicks-Robot +http://www.seokicks.de/robot.html)"
176.9.21.194 - - [01/Aug/2013:21:11:35 +0200] "GET /gebrauchtmaschinen.php HTTP/1.0" 200 6062 "http://www.groeger-bauaufzuege.de/" "Mozilla/5.0 (compatible; SEOkicks-Robot +http://www.seokicks.de/robot.html)"
176.9.21.194 - - [01/Aug/2013:21:11:37 +0200] "GET /unternehmen.php HTTP/1.0" 200 6859 "http://www.groeger-bauaufzuege.de/" "Mozilla/5.0 (compatible; SEOkicks-Robot +http://www.seokicks.de/robot.html)"
176.9.21.194 - - [01/Aug/2013:21:11:40 +0200] "GET /kontakt.php HTTP/1.0" 200 6666 "http://www.groeger-bauaufzuege.de/" "Mozilla/5.0 (compatible; SEOkicks-Robot +http://www.seokicks.de/robot.html)"
176.9.21.194 - - [01/Aug/2013:21:11:44 +0200] "GET /impressum.php HTTP/1.0" 200 7582 "http://www.groeger-bauaufzuege.de/" "Mozilla/5.0 (compatible; SEOkicks-Robot +http://www.seokicks.de/robot.html)"
176.9.21.194 - - [01/Aug/2013:21:11:47 +0200] "GET /angebote.php HTTP/1.0" 200 9943 "http://www.groeger-bauaufzuege.de/" "Mozilla/5.0 (compatible; SEOkicks-Robot +http://www.seokicks.de/robot.html)"
99.150.164.213 - - [01/Aug/2013:23:33:54 +0200] "GET /wp-login.php HTTP/1.0" 404 - "-" "Mozilla/5.0 (Windows NT 6.1; rv:19.0) Gecko/20100101 Firefox/19.0"
99.150.164.213 - - [01/Aug/2013:23:33:54 +0200] "GET /administrator/index.php HTTP/1.0" 404 - "-" "Mozilla/5.0 (Windows NT 6.1; rv:19.0) Gecko/20100101 Firefox/19.0"
99.150.164.213 - - [01/Aug/2013:23:33:55 +0200] "GET /admin.php HTTP/1.0" 404 - "-" "Mozilla/5.0 (Windows NT 6.1; rv:19.0) Gecko/20100101 Firefox/19.0"
98.242.149.221 - - [01/Aug/2013:23:46:22 +0200] "GET /wp-login.php HTTP/1.1" 404 - "-" "Mozilla/5.0 (Windows NT 6.1; rv:19.0) Gecko/20100101 Firefox/19.0"
98.242.149.221 - - [01/Aug/2013:23:46:23 +0200] "GET /administrator/index.php HTTP/1.1" 404 - "-" "Mozilla/5.0 (Windows NT 6.1; rv:19.0) Gecko/20100101 Firefox/19.0"
98.242.149.221 - - [01/Aug/2013:23:46:24 +0200] "GET /admin.php HTTP/1.1" 404 - "-" "Mozilla/5.0 (Windows NT 6.1; rv:19.0) Gecko/20100101 Firefox/19.0"
66.249.73.166 - - [02/Aug/2013:00:07:10 +0200] "GET / HTTP/1.1" 200 6430 "-" "Mozilla/5.0 (iPhone; U; CPU iPhone OS 4_1 like Mac OS X; en-us) AppleWebKit/532.9 (KHTML, like Gecko) Version/4.0.5 Mobile/8B117 Safari/6531.22.7 (compatible; Googlebot-Mobile/2.1; +http://www.google.com/bot.html)"
157.56.92.158 - - [02/Aug/2013:01:20:23 +0200] "GET /robots.txt HTTP/1.1" 404 - "-" "Mozilla/5.0 (compatible; bingbot/2.0; +http://www.bing.com/bingbot.htm)"
157.56.92.158 - - [02/Aug/2013:01:22:36 +0200] "GET / HTTP/1.1" 200 6430 "-" "Mozilla/5.0 (compatible; bingbot/2.0; +http://www.bing.com/bingbot.htm)"
66.249.73.166 - - [02/Aug/2013:02:06:13 +0200] "GET /download/Newsletter_Groeger_2013-06.pdf HTTP/1.1" 304 - "-" "Mozilla/5.0 (iPhone; U; CPU iPhone OS 4_1 like Mac OS X; en-us) AppleWebKit/532.9 (KHTML, like Gecko) Version/4.0.5 Mobile/8B117 Safari/6531.22.7 (compatible; Googlebot-Mobile/2.1; +http://www.google.com/bot.html)"
66.249.73.166 - - [02/Aug/2013:02:06:30 +0200] "GET /unternehmen.php HTTP/1.1" 200 6859 "-" "Mozilla/5.0 (iPhone; U; CPU iPhone OS 4_1 like Mac OS X; en-us) AppleWebKit/532.9 (KHTML, like Gecko) Version/4.0.5 Mobile/8B117 Safari/6531.22.7 (compatible; Googlebot-Mobile/2.1; +http://www.google.com/bot.html)"
208.43.225.67 - - [02/Aug/2013:02:32:39 +0200] "GET /robots.txt HTTP/1.1" 404 - "-" "Mozilla/5.0 (compatible; SiteExplorer/1.0b; +http://siteexplorer.info/)"
208.43.225.67 - - [02/Aug/2013:02:32:43 +0200] "GET / HTTP/1.1" 200 6430 "-" "Mozilla/5.0 (compatible; SiteExplorer/1.0b; +http://siteexplorer.info/)"
157.56.92.158 - - [02/Aug/2013:04:40:20 +0200] "GET /robots.txt HTTP/1.1" 404 - "-" "Mozilla/5.0 (compatible; bingbot/2.0; +http://www.bing.com/bingbot.htm)"
66.249.73.166 - - [02/Aug/2013:04:40:21 +0200] "GET /leistungen.php HTTP/1.1" 200 7141 "-" "DoCoMo/2.0 N905i(c100;TB;W24H16) (compatible; Googlebot-Mobile/2.1; +http://www.google.com/bot.html)"
157.56.92.158 - - [02/Aug/2013:04:40:59 +0200] "GET /angebote.php HTTP/1.1" 200 9943 "-" "Mozilla/5.0 (compatible; bingbot/2.0; +http://www.bing.com/bingbot.htm)"
66.249.73.166 - - [02/Aug/2013:04:48:02 +0200] "GET /vermietung.php HTTP/1.1" 200 6318 "-" "SAMSUNG-SGH-E250/1.0 Profile/MIDP-2.0 Configuration/CLDC-1.1 UP.Browser/6.2.3.3.c.1.101 (GUI) MMP/2.0 (compatible; Googlebot-Mobile/2.1; +http://www.google.com/bot.html)"
85.25.71.100 - - [02/Aug/2013:04:50:46 +0200] "GET /robots.txt HTTP/1.1" 404 - "-" "Mozilla/5.0 (X11; U; Linux i686; de; rv:1.9.0.1; compatible; iCjobs Stellenangebote Jobs; http://www.icjobs.de) Gecko/20100401 iCjobs/3.2.3"
85.25.71.100 - - [02/Aug/2013:04:50:46 +0200] "GET / HTTP/1.1" 200 6430 "-" "Mozilla/5.0 (X11; U; Linux i686; de; rv:1.9.0.1; compatible; iCjobs Stellenangebote Jobs; http://www.icjobs.de) Gecko/20100401 iCjobs/3.2.3"
85.25.71.100 - - [02/Aug/2013:04:50:47 +0200] "GET / HTTP/1.1" 200 6430 "-" "Mozilla/5.0 (X11; U; Linux i686; de; rv:1.9.0.1; compatible; iCjobs Stellenangebote Jobs; http://www.icjobs.de) Gecko/20100401 iCjobs/3.2.3"
85.25.71.100 - - [02/Aug/2013:04:50:47 +0200] "GET /swfobject.js HTTP/1.1" 200 6880 "-" "Mozilla/5.0 (X11; U; Linux i686; de; rv:1.9.0.1; compatible; iCjobs Stellenangebote Jobs; http://www.icjobs.de) Gecko/20100401 iCjobs/3.2.3"
85.25.71.100 - - [02/Aug/2013:04:50:47 +0200] "GET /jquery-1.4.3.min.js HTTP/1.1" 200 77746 "-" "Mozilla/5.0 (X11; U; Linux i686; de; rv:1.9.0.1; compatible; iCjobs Stellenangebote Jobs; http://www.icjobs.de) Gecko/20100401 iCjobs/3.2.3"
85.25.71.100 - - [02/Aug/2013:04:50:48 +0200] "GET /jquery.cross-slide.js HTTP/1.1" 200 11724 "-" "Mozilla/5.0 (X11; U; Linux i686; de; rv:1.9.0.1; compatible; iCjobs Stellenangebote Jobs; http://www.icjobs.de) Gecko/20100401 iCjobs/3.2.3"
85.25.71.100 - - [02/Aug/2013:04:50:48 +0200] "GET /fancybox/jquery.fancybox-1.3.4.pack.js HTTP/1.1" 200 15624 "-" "Mozilla/5.0 (X11; U; Linux i686; de; rv:1.9.0.1; compatible; iCjobs Stellenangebote Jobs; http://www.icjobs.de) Gecko/20100401 iCjobs/3.2.3"
85.25.71.100 - - [02/Aug/2013:04:50:54 +0200] "GET /aktuelles.php HTTP/1.1" 200 10521 "-" "Mozilla/5.0 (X11; U; Linux i686; de; rv:1.9.0.1; compatible; iCjobs Stellenangebote Jobs; http://www.icjobs.de) Gecko/20100401 iCjobs/3.2.3"
85.25.71.100 - - [02/Aug/2013:04:51:00 +0200] "GET /unternehmen.php HTTP/1.1" 200 6859 "-" "Mozilla/5.0 (X11; U; Linux i686; de; rv:1.9.0.1; compatible; iCjobs Stellenangebote Jobs; http://www.icjobs.de) Gecko/20100401 iCjobs/3.2.3"
85.25.71.100 - - [02/Aug/2013:04:51:08 +0200] "GET /kontakt.php HTTP/1.1" 200 6666 "-" "Mozilla/5.0 (X11; U; Linux i686; de; rv:1.9.0.1; compatible; iCjobs Stellenangebote Jobs; http://www.icjobs.de) Gecko/20100401 iCjobs/3.2.3"
85.25.71.100 - - [02/Aug/2013:04:51:12 +0200] "GET /angebote.php HTTP/1.1" 200 9943 "-" "Mozilla/5.0 (X11; U; Linux i686; de; rv:1.9.0.1; compatible; iCjobs Stellenangebote Jobs; http://www.icjobs.de) Gecko/20100401 iCjobs/3.2.3"
85.25.71.100 - - [02/Aug/2013:04:51:16 +0200] "GET /index.php HTTP/1.1" 200 6430 "-" "Mozilla/5.0 (X11; U; Linux i686; de; rv:1.9.0.1; compatible; iCjobs Stellenangebote Jobs; http://www.icjobs.de) Gecko/20100401 iCjobs/3.2.3"
85.25.71.100 - - [02/Aug/2013:04:51:17 +0200] "GET /leistungen.php HTTP/1.1" 200 7141 "-" "Mozilla/5.0 (X11; U; Linux i686; de; rv:1.9.0.1; compatible; iCjobs Stellenangebote Jobs; http://www.icjobs.de) Gecko/20100401 iCjobs/3.2.3"
85.25.71.100 - - [02/Aug/2013:04:51:25 +0200] "GET /verkauf.php HTTP/1.1" 200 6239 "-" "Mozilla/5.0 (X11; U; Linux i686; de; rv:1.9.0.1; compatible; iCjobs Stellenangebote Jobs; http://www.icjobs.de) Gecko/20100401 iCjobs/3.2.3"
85.25.71.100 - - [02/Aug/2013:04:51:42 +0200] "GET /vermietung.php HTTP/1.1" 200 6318 "-" "Mozilla/5.0 (X11; U; Linux i686; de; rv:1.9.0.1; compatible; iCjobs Stellenangebote Jobs; http://www.icjobs.de) Gecko/20100401 iCjobs/3.2.3"
85.25.71.100 - - [02/Aug/2013:04:51:46 +0200] "GET /gebrauchtmaschinen.php HTTP/1.1" 200 6062 "-" "Mozilla/5.0 (X11; U; Linux i686; de; rv:1.9.0.1; compatible; iCjobs Stellenangebote Jobs; http://www.icjobs.de) Gecko/20100401 iCjobs/3.2.3"
85.25.71.100 - - [02/Aug/2013:04:51:52 +0200] "GET /download/Newsletter_Groeger_2013-06.pdf HTTP/1.1" 200 531601 "-" "Java/1.6.0_10-rc"
85.25.71.100 - - [02/Aug/2013:04:51:56 +0200] "GET /download/Newsletter_Groeger_2012-11.pdf HTTP/1.1" 200 527614 "-" "Java/1.6.0_10-rc"
85.25.71.100 - - [02/Aug/2013:04:51:58 +0200] "GET /download/Newsletter_Groeger_2012-09.pdf HTTP/1.1" 200 492501 "-" "Java/1.6.0_10-rc"
85.25.71.100 - - [02/Aug/2013:04:52:02 +0200] "GET /download/Newsletter_Groeger_2012-06.pdf HTTP/1.1" 200 309498 "-" "Java/1.6.0_10-rc"
85.25.71.100 - - [02/Aug/2013:04:52:04 +0200] "GET /download/Groeger-Newsletter-Dachdecker11.pdf HTTP/1.1" 200 357192 "-" "Java/1.6.0_10-rc"
85.25.71.100 - - [02/Aug/2013:04:52:05 +0200] "GET /download/Newsletter_Groeger_11-06_Innung.pdf HTTP/1.1" 200 422119 "-" "Java/1.6.0_10-rc"
85.25.71.100 - - [02/Aug/2013:04:52:14 +0200] "GET /download/Newsletter-Groeger-Dachdecker-2011-04.pdf HTTP/1.1" 200 248596 "-" "Java/1.6.0_10-rc"
85.25.71.100 - - [02/Aug/2013:04:52:19 +0200] "GET /download/Newsletter_Groeger_2013-04.pdf HTTP/1.1" 200 839295 "-" "Java/1.6.0_10-rc"
85.25.71.100 - - [02/Aug/2013:04:52:24 +0200] "GET /download/Geda-Zubehoer.pdf HTTP/1.1" 200 1012959 "-" "Java/1.6.0_10-rc"
85.25.71.100 - - [02/Aug/2013:04:52:29 +0200] "GET /download/Lift_D.pdf HTTP/1.1" 200 1178879 "-" "Java/1.6.0_10-rc"
85.25.71.100 - - [02/Aug/2013:04:52:31 +0200] "GET /download/Boecker_Angebote_Easyline.pdf HTTP/1.1" 200 649684 "-" "Java/1.6.0_10-rc"
141.8.147.12 - - [02/Aug/2013:07:58:27 +0200] "GET /robots.txt HTTP/1.1" 404 - "-" "Mozilla/5.0 (compatible; YandexBot/3.0; +http://yandex.com/bots)"
141.8.147.12 - - [02/Aug/2013:07:58:33 +0200] "GET /img/logo_boecker.gif HTTP/1.1" 304 - "-" "Mozilla/5.0 (compatible; YandexImages/3.0; +http://yandex.com/bots)"
141.8.147.12 - - [02/Aug/2013:07:58:44 +0200] "GET /img/logo_steinbach.jpg HTTP/1.1" 304 - "-" "Mozilla/5.0 (compatible; YandexImages/3.0; +http://yandex.com/bots)"
141.8.147.12 - - [02/Aug/2013:08:12:12 +0200] "GET /img/leist_geda_02.jpg HTTP/1.1" 304 - "-" "Mozilla/5.0 (compatible; YandexImages/3.0; +http://yandex.com/bots)"
66.249.73.166 - - [02/Aug/2013:10:23:19 +0200] "GET /robots.txt HTTP/1.1" 404 - "-" "Mozilla/5.0 (compatible; Googlebot/2.1; +http://www.google.com/bot.html)"
66.249.73.166 - - [02/Aug/2013:10:23:19 +0200] "GET /img/leist_geda_02.jpg HTTP/1.1" 304 - "-" "Googlebot-Image/1.0"
66.249.73.166 - - [02/Aug/2013:11:08:50 +0200] "GET /verkauf.php HTTP/1.1" 200 6239 "-" "Mozilla/5.0 (iPhone; U; CPU iPhone OS 4_1 like Mac OS X; en-us) AppleWebKit/532.9 (KHTML, like Gecko) Version/4.0.5 Mobile/8B117 Safari/6531.22.7 (compatible; Googlebot-Mobile/2.1; +http://www.google.com/bot.html)"
141.8.147.12 - - [02/Aug/2013:11:32:23 +0200] "GET /img/logo_geda.gif HTTP/1.1" 304 - "-" "Mozilla/5.0 (compatible; YandexImages/3.0; +http://yandex.com/bots)"
141.8.147.12 - - [02/Aug/2013:12:39:33 +0200] "GET /img/logo_groeger.gif HTTP/1.1" 304 - "-" "Mozilla/5.0 (compatible; YandexImages/3.0; +http://yandex.com/bots)"
208.115.113.89 - - [02/Aug/2013:13:10:49 +0200] "GET /robots.txt HTTP/1.1" 404 - "-" "Mozilla/5.0 (compatible; Ezooms/1.0; ezooms.bot@gmail.com)"
141.8.147.12 - - [02/Aug/2013:13:12:33 +0200] "GET /img/pfeil.png HTTP/1.1" 304 - "-" "Mozilla/5.0 (compatible; YandexImages/3.0; +http://yandex.com/bots)"
141.8.147.12 - - [02/Aug/2013:13:30:45 +0200] "GET /img/bild_1.jpg HTTP/1.1" 304 - "-" "Mozilla/5.0 (compatible; YandexImages/3.0; +http://yandex.com/bots)"
141.8.147.12 - - [02/Aug/2013:14:30:31 +0200] "GET /img/bild_1.jpg HTTP/1.1" 304 - "-" "Mozilla/5.0 (compatible; YandexImages/3.0; +http://yandex.com/bots)"
8.28.16.254 - - [02/Aug/2013:14:51:06 +0200] "GET /download/Boecker_Autokrane.pdf HTTP/1.1" 304 - "-" "Mozilla/4.0 (compatible;)"
208.115.113.89 - - [02/Aug/2013:15:13:52 +0200] "GET /aktuelles.php HTTP/1.1" 200 10521 "-" "Mozilla/5.0 (compatible; Ezooms/1.0; ezooms.bot@gmail.com)"
141.8.147.12 - - [02/Aug/2013:15:57:58 +0200] "GET /img/logo_steinbach.jpg HTTP/1.1" 304 - "-" "Mozilla/5.0 (compatible; YandexImages/3.0; +http://yandex.com/bots)"
141.8.147.12 - - [02/Aug/2013:16:04:51 +0200] "GET /img/logo_boecker.gif HTTP/1.1" 304 - "-" "Mozilla/5.0 (compatible; YandexImages/3.0; +http://yandex.com/bots)"
192.109.50.235 - - [02/Aug/2013:16:14:45 +0200] "GET / HTTP/1.1" 200 6430 "http://www.bing.com/search?q=bauaufz%C3%BCge&src=IE-SearchBox&Form=IE8SRC" "Mozilla/4.0 (compatible; MSIE 8.0; Windows NT 5.1; Trident/4.0; .NET CLR 2.0.50727; .NET CLR 3.0.04506.30; .NET4.0C; .NET4.0E; InfoPath.1; .NET CLR 3.0.4506.2152; .NET CLR 3.5.30729; DPAG)"
192.109.50.235 - - [02/Aug/2013:16:14:45 +0200] "GET /css/groeger.css HTTP/1.1" 200 5363 "http://www.groeger-bauaufzuege.de/" "Mozilla/4.0 (compatible; MSIE 8.0; Windows NT 5.1; Trident/4.0; .NET CLR 2.0.50727; .NET CLR 3.0.04506.30; .NET4.0C; .NET4.0E; InfoPath.1; .NET CLR 3.0.4506.2152; .NET CLR 3.5.30729; DPAG)"
192.109.50.235 - - [02/Aug/2013:16:14:45 +0200] "GET /fancybox/jquery.fancybox-1.3.4.css HTTP/1.1" 200 8494 "http://www.groeger-bauaufzuege.de/" "Mozilla/4.0 (compatible; MSIE 8.0; Windows NT 5.1; Trident/4.0; .NET CLR 2.0.50727; .NET CLR 3.0.04506.30; .NET4.0C; .NET4.0E; InfoPath.1; .NET CLR 3.0.4506.2152; .NET CLR 3.5.30729; DPAG)"
192.109.50.235 - - [02/Aug/2013:16:14:45 +0200] "GET /jquery.cross-slide.js HTTP/1.1" 200 11724 "http://www.groeger-bauaufzuege.de/" "Mozilla/4.0 (compatible; MSIE 8.0; Windows NT 5.1; Trident/4.0; .NET CLR 2.0.50727; .NET CLR 3.0.04506.30; .NET4.0C; .NET4.0E; InfoPath.1; .NET CLR 3.0.4506.2152; .NET CLR 3.5.30729; DPAG)"
192.109.50.235 - - [02/Aug/2013:16:14:45 +0200] "GET /swfobject.js HTTP/1.1" 200 6880 "http://www.groeger-bauaufzuege.de/" "Mozilla/4.0 (compatible; MSIE 8.0; Windows NT 5.1; Trident/4.0; .NET CLR 2.0.50727; .NET CLR 3.0.04506.30; .NET4.0C; .NET4.0E; InfoPath.1; .NET CLR 3.0.4506.2152; .NET CLR 3.5.30729; DPAG)"
192.109.50.235 - - [02/Aug/2013:16:14:45 +0200] "GET /fancybox/jquery.fancybox-1.3.4.pack.js HTTP/1.1" 200 15624 "http://www.groeger-bauaufzuege.de/" "Mozilla/4.0 (compatible; MSIE 8.0; Windows NT 5.1; Trident/4.0; .NET CLR 2.0.50727; .NET CLR 3.0.04506.30; .NET4.0C; .NET4.0E; InfoPath.1; .NET CLR 3.0.4506.2152; .NET CLR 3.5.30729; DPAG)"
192.109.50.235 - - [02/Aug/2013:16:14:45 +0200] "GET /jquery-1.4.3.min.js HTTP/1.1" 200 77746 "http://www.groeger-bauaufzuege.de/" "Mozilla/4.0 (compatible; MSIE 8.0; Windows NT 5.1; Trident/4.0; .NET CLR 2.0.50727; .NET CLR 3.0.04506.30; .NET4.0C; .NET4.0E; InfoPath.1; .NET CLR 3.0.4506.2152; .NET CLR 3.5.30729; DPAG)"
192.109.50.233 - - [02/Aug/2013:16:14:46 +0200] "GET /css/groeger.css HTTP/1.1" 200 5363 "http://www.groeger-bauaufzuege.de/" "Mozilla/4.0 (compatible; MSIE 8.0; Windows NT 5.1; Trident/4.0; .NET CLR 2.0.50727; .NET CLR 3.0.04506.30; .NET4.0C; .NET4.0E; InfoPath.1; .NET CLR 3.0.4506.2152; .NET CLR 3.5.30729; DPAG)"
192.109.50.233 - - [02/Aug/2013:16:14:46 +0200] "GET /swfobject.js HTTP/1.1" 200 6880 "http://www.groeger-bauaufzuege.de/" "Mozilla/4.0 (compatible; MSIE 8.0; Windows NT 5.1; Trident/4.0; .NET CLR 2.0.50727; .NET CLR 3.0.04506.30; .NET4.0C; .NET4.0E; InfoPath.1; .NET CLR 3.0.4506.2152; .NET CLR 3.5.30729; DPAG)"
192.109.50.233 - - [02/Aug/2013:16:14:46 +0200] "GET /jquery-1.4.3.min.js HTTP/1.1" 200 77746 "http://www.groeger-bauaufzuege.de/" "Mozilla/4.0 (compatible; MSIE 8.0; Windows NT 5.1; Trident/4.0; .NET CLR 2.0.50727; .NET CLR 3.0.04506.30; .NET4.0C; .NET4.0E; InfoPath.1; .NET CLR 3.0.4506.2152; .NET CLR 3.5.30729; DPAG)"
192.109.50.235 - - [02/Aug/2013:16:14:46 +0200] "GET /jquery.cross-slide.js HTTP/1.1" 200 11724 "http://www.groeger-bauaufzuege.de/" "Mozilla/4.0 (compatible; MSIE 8.0; Windows NT 5.1; Trident/4.0; .NET CLR 2.0.50727; .NET CLR 3.0.04506.30; .NET4.0C; .NET4.0E; InfoPath.1; .NET CLR 3.0.4506.2152; .NET CLR 3.5.30729; DPAG)"
192.109.50.232 - - [02/Aug/2013:16:14:46 +0200] "GET /fancybox/jquery.fancybox-1.3.4.pack.js HTTP/1.1" 200 15624 "http://www.groeger-bauaufzuege.de/" "Mozilla/4.0 (compatible; MSIE 8.0; Windows NT 5.1; Trident/4.0; .NET CLR 2.0.50727; .NET CLR 3.0.04506.30; .NET4.0C; .NET4.0E; InfoPath.1; .NET CLR 3.0.4506.2152; .NET CLR 3.5.30729; DPAG)"
192.109.50.228 - - [02/Aug/2013:16:14:46 +0200] "GET /fancybox/jquery.fancybox-1.3.4.css HTTP/1.1" 200 8494 "http://www.groeger-bauaufzuege.de/" "Mozilla/4.0 (compatible; MSIE 8.0; Windows NT 5.1; Trident/4.0; .NET CLR 2.0.50727; .NET CLR 3.0.04506.30; .NET4.0C; .NET4.0E; InfoPath.1; .NET CLR 3.0.4506.2152; .NET CLR 3.5.30729; DPAG)"
192.109.50.232 - - [02/Aug/2013:16:14:47 +0200] "GET /img/logo_groeger.gif HTTP/1.1" 200 3605 "http://www.groeger-bauaufzuege.de/" "Mozilla/4.0 (compatible; MSIE 8.0; Windows NT 5.1; Trident/4.0; .NET CLR 2.0.50727; .NET CLR 3.0.04506.30; .NET4.0C; .NET4.0E; InfoPath.1; .NET CLR 3.0.4506.2152; .NET CLR 3.5.30729; DPAG)"
192.109.50.229 - - [02/Aug/2013:16:14:47 +0200] "GET /img/pfeil.png HTTP/1.1" 200 840 "http://www.groeger-bauaufzuege.de/" "Mozilla/4.0 (compatible; MSIE 8.0; Windows NT 5.1; Trident/4.0; .NET CLR 2.0.50727; .NET CLR 3.0.04506.30; .NET4.0C; .NET4.0E; InfoPath.1; .NET CLR 3.0.4506.2152; .NET CLR 3.5.30729; DPAG)"
192.109.50.230 - - [02/Aug/2013:16:14:47 +0200] "GET /img/bild_1.jpg HTTP/1.1" 200 44440 "http://www.groeger-bauaufzuege.de/" "Mozilla/4.0 (compatible; MSIE 8.0; Windows NT 5.1; Trident/4.0; .NET CLR 2.0.50727; .NET CLR 3.0.04506.30; .NET4.0C; .NET4.0E; InfoPath.1; .NET CLR 3.0.4506.2152; .NET CLR 3.5.30729; DPAG)"
192.109.50.236 - - [02/Aug/2013:16:14:47 +0200] "GET /img/groeger_web.jpg HTTP/1.1" 200 10877 "http://www.groeger-bauaufzuege.de/" "Mozilla/4.0 (compatible; MSIE 8.0; Windows NT 5.1; Trident/4.0; .NET CLR 2.0.50727; .NET CLR 3.0.04506.30; .NET4.0C; .NET4.0E; InfoPath.1; .NET CLR 3.0.4506.2152; .NET CLR 3.5.30729; DPAG)"
192.109.50.229 - - [02/Aug/2013:16:14:47 +0200] "GET /img/grauverlauf.png HTTP/1.1" 200 3242 "http://www.groeger-bauaufzuege.de/" "Mozilla/4.0 (compatible; MSIE 8.0; Windows NT 5.1; Trident/4.0; .NET CLR 2.0.50727; .NET CLR 3.0.04506.30; .NET4.0C; .NET4.0E; InfoPath.1; .NET CLR 3.0.4506.2152; .NET CLR 3.5.30729; DPAG)"
192.109.50.227 - - [02/Aug/2013:16:14:47 +0200] "GET /fancybox/fancybox.png HTTP/1.1" 200 15287 "http://www.groeger-bauaufzuege.de/" "Mozilla/4.0 (compatible; MSIE 8.0; Windows NT 5.1; Trident/4.0; .NET CLR 2.0.50727; .NET CLR 3.0.04506.30; .NET4.0C; .NET4.0E; InfoPath.1; .NET CLR 3.0.4506.2152; .NET CLR 3.5.30729; DPAG)"
192.109.50.230 - - [02/Aug/2013:16:14:47 +0200] "GET /fancybox/blank.gif HTTP/1.1" 200 43 "http://www.groeger-bauaufzuege.de/" "Mozilla/4.0 (compatible; MSIE 8.0; Windows NT 5.1; Trident/4.0; .NET CLR 2.0.50727; .NET CLR 3.0.04506.30; .NET4.0C; .NET4.0E; InfoPath.1; .NET CLR 3.0.4506.2152; .NET CLR 3.5.30729; DPAG)"
192.109.50.237 - - [02/Aug/2013:16:14:47 +0200] "GET /fancybox/fancy_shadow_n.png HTTP/1.1" 200 106 "-" "Mozilla/4.0 (compatible; MSIE 8.0; Windows NT 5.1; Trident/4.0; .NET CLR 2.0.50727; .NET CLR 3.0.04506.30; .NET4.0C; .NET4.0E; InfoPath.1; .NET CLR 3.0.4506.2152; .NET CLR 3.5.30729; DPAG)"
192.109.50.237 - - [02/Aug/2013:16:14:47 +0200] "GET /img/bild_2.jpg HTTP/1.1" 200 53191 "http://www.groeger-bauaufzuege.de/" "Mozilla/4.0 (compatible; MSIE 8.0; Windows NT 5.1; Trident/4.0; .NET CLR 2.0.50727; .NET CLR 3.0.04506.30; .NET4.0C; .NET4.0E; InfoPath.1; .NET CLR 3.0.4506.2152; .NET CLR 3.5.30729; DPAG)"
192.109.50.234 - - [02/Aug/2013:16:14:47 +0200] "GET /img/bild_3.jpg HTTP/1.1" 200 57915 "http://www.groeger-bauaufzuege.de/" "Mozilla/4.0 (compatible; MSIE 8.0; Windows NT 5.1; Trident/4.0; .NET CLR 2.0.50727; .NET CLR 3.0.04506.30; .NET4.0C; .NET4.0E; InfoPath.1; .NET CLR 3.0.4506.2152; .NET CLR 3.5.30729; DPAG)"
192.109.50.236 - - [02/Aug/2013:16:14:47 +0200] "GET /img/bild_4.jpg HTTP/1.1" 200 45325 "http://www.groeger-bauaufzuege.de/" "Mozilla/4.0 (compatible; MSIE 8.0; Windows NT 5.1; Trident/4.0; .NET CLR 2.0.50727; .NET CLR 3.0.04506.30; .NET4.0C; .NET4.0E; InfoPath.1; .NET CLR 3.0.4506.2152; .NET CLR 3.5.30729; DPAG)"
192.109.50.236 - - [02/Aug/2013:16:14:48 +0200] "GET /fancybox/fancy_shadow_ne.png HTTP/1.1" 200 347 "-" "Mozilla/4.0 (compatible; MSIE 8.0; Windows NT 5.1; Trident/4.0; .NET CLR 2.0.50727; .NET CLR 3.0.04506.30; .NET4.0C; .NET4.0E; InfoPath.1; .NET CLR 3.0.4506.2152; .NET CLR 3.5.30729; DPAG)"
192.109.50.235 - - [02/Aug/2013:16:14:48 +0200] "GET /fancybox/fancy_shadow_e.png HTTP/1.1" 200 107 "-" "Mozilla/4.0 (compatible; MSIE 8.0; Windows NT 5.1; Trident/4.0; .NET CLR 2.0.50727; .NET CLR 3.0.04506.30; .NET4.0C; .NET4.0E; InfoPath.1; .NET CLR 3.0.4506.2152; .NET CLR 3.5.30729; DPAG)"
192.109.50.235 - - [02/Aug/2013:16:14:48 +0200] "GET /fancybox/fancy_shadow_se.png HTTP/1.1" 200 352 "-" "Mozilla/4.0 (compatible; MSIE 8.0; Windows NT 5.1; Trident/4.0; .NET CLR 2.0.50727; .NET CLR 3.0.04506.30; .NET4.0C; .NET4.0E; InfoPath.1; .NET CLR 3.0.4506.2152; .NET CLR 3.5.30729; DPAG)"
192.109.50.231 - - [02/Aug/2013:16:14:48 +0200] "GET /fancybox/fancy_shadow_s.png HTTP/1.1" 200 111 "-" "Mozilla/4.0 (compatible; MSIE 8.0; Windows NT 5.1; Trident/4.0; .NET CLR 2.0.50727; .NET CLR 3.0.04506.30; .NET4.0C; .NET4.0E; InfoPath.1; .NET CLR 3.0.4506.2152; .NET CLR 3.5.30729; DPAG)"
192.109.50.230 - - [02/Aug/2013:16:14:48 +0200] "GET /fancybox/fancy_shadow_sw.png HTTP/1.1" 200 340 "-" "Mozilla/4.0 (compatible; MSIE 8.0; Windows NT 5.1; Trident/4.0; .NET CLR 2.0.50727; .NET CLR 3.0.04506.30; .NET4.0C; .NET4.0E; InfoPath.1; .NET CLR 3.0.4506.2152; .NET CLR 3.5.30729; DPAG)"
192.109.50.231 - - [02/Aug/2013:16:14:48 +0200] "GET /fancybox/fancy_shadow_w.png HTTP/1.1" 200 103 "-" "Mozilla/4.0 (compatible; MSIE 8.0; Windows NT 5.1; Trident/4.0; .NET CLR 2.0.50727; .NET CLR 3.0.04506.30; .NET4.0C; .NET4.0E; InfoPath.1; .NET CLR 3.0.4506.2152; .NET CLR 3.5.30729; DPAG)"
192.109.50.228 - - [02/Aug/2013:16:14:48 +0200] "GET /fancybox/fancy_shadow_nw.png HTTP/1.1" 200 324 "-" "Mozilla/4.0 (compatible; MSIE 8.0; Windows NT 5.1; Trident/4.0; .NET CLR 2.0.50727; .NET CLR 3.0.04506.30; .NET4.0C; .NET4.0E; InfoPath.1; .NET CLR 3.0.4506.2152; .NET CLR 3.5.30729; DPAG)"
192.109.50.233 - - [02/Aug/2013:16:14:49 +0200] "GET /img/favicon.gif HTTP/1.1" 200 119 "-" "Mozilla/4.0 (compatible; MSIE 8.0; Windows NT 5.1; Trident/4.0; .NET CLR 2.0.50727; .NET CLR 3.0.04506.30; .NET4.0C; .NET4.0E; InfoPath.1; .NET CLR 3.0.4506.2152; .NET CLR 3.5.30729; DPAG)"
192.109.50.227 - - [02/Aug/2013:16:14:49 +0200] "GET /vermietung.php HTTP/1.1" 200 6318 "http://www.groeger-bauaufzuege.de/" "Mozilla/4.0 (compatible; MSIE 8.0; Windows NT 5.1; Trident/4.0; .NET CLR 2.0.50727; .NET CLR 3.0.04506.30; .NET4.0C; .NET4.0E; InfoPath.1; .NET CLR 3.0.4506.2152; .NET CLR 3.5.30729; DPAG)"
192.109.50.227 - - [02/Aug/2013:16:14:50 +0200] "GET /swfobject.js HTTP/1.1" 200 6880 "http://www.groeger-bauaufzuege.de/vermietung.php" "Mozilla/4.0 (compatible; MSIE 8.0; Windows NT 5.1; Trident/4.0; .NET CLR 2.0.50727; .NET CLR 3.0.04506.30; .NET4.0C; .NET4.0E; InfoPath.1; .NET CLR 3.0.4506.2152; .NET CLR 3.5.30729; DPAG)"
192.109.50.227 - - [02/Aug/2013:16:14:50 +0200] "GET /css/groeger.css HTTP/1.1" 200 5363 "http://www.groeger-bauaufzuege.de/vermietung.php" "Mozilla/4.0 (compatible; MSIE 8.0; Windows NT 5.1; Trident/4.0; .NET CLR 2.0.50727; .NET CLR 3.0.04506.30; .NET4.0C; .NET4.0E; InfoPath.1; .NET CLR 3.0.4506.2152; .NET CLR 3.5.30729; DPAG)"
192.109.50.227 - - [02/Aug/2013:16:14:50 +0200] "GET /fancybox/jquery.fancybox-1.3.4.css HTTP/1.1" 200 8494 "http://www.groeger-bauaufzuege.de/vermietung.php" "Mozilla/4.0 (compatible; MSIE 8.0; Windows NT 5.1; Trident/4.0; .NET CLR 2.0.50727; .NET CLR 3.0.04506.30; .NET4.0C; .NET4.0E; InfoPath.1; .NET CLR 3.0.4506.2152; .NET CLR 3.5.30729; DPAG)"
192.109.50.227 - - [02/Aug/2013:16:14:50 +0200] "GET /jquery.cross-slide.js HTTP/1.1" 200 11724 "http://www.groeger-bauaufzuege.de/vermietung.php" "Mozilla/4.0 (compatible; MSIE 8.0; Windows NT 5.1; Trident/4.0; .NET CLR 2.0.50727; .NET CLR 3.0.04506.30; .NET4.0C; .NET4.0E; InfoPath.1; .NET CLR 3.0.4506.2152; .NET CLR 3.5.30729; DPAG)"
192.109.50.227 - - [02/Aug/2013:16:14:50 +0200] "GET /fancybox/jquery.fancybox-1.3.4.pack.js HTTP/1.1" 200 15624 "http://www.groeger-bauaufzuege.de/vermietung.php" "Mozilla/4.0 (compatible; MSIE 8.0; Windows NT 5.1; Trident/4.0; .NET CLR 2.0.50727; .NET CLR 3.0.04506.30; .NET4.0C; .NET4.0E; InfoPath.1; .NET CLR 3.0.4506.2152; .NET CLR 3.5.30729; DPAG)"
192.109.50.227 - - [02/Aug/2013:16:14:50 +0200] "GET /jquery-1.4.3.min.js HTTP/1.1" 200 77746 "http://www.groeger-bauaufzuege.de/vermietung.php" "Mozilla/4.0 (compatible; MSIE 8.0; Windows NT 5.1; Trident/4.0; .NET CLR 2.0.50727; .NET CLR 3.0.04506.30; .NET4.0C; .NET4.0E; InfoPath.1; .NET CLR 3.0.4506.2152; .NET CLR 3.5.30729; DPAG)"
192.109.50.230 - - [02/Aug/2013:16:14:50 +0200] "GET /img/logo_geda.gif HTTP/1.1" 200 4337 "http://www.groeger-bauaufzuege.de/vermietung.php" "Mozilla/4.0 (compatible; MSIE 8.0; Windows NT 5.1; Trident/4.0; .NET CLR 2.0.50727; .NET CLR 3.0.04506.30; .NET4.0C; .NET4.0E; InfoPath.1; .NET CLR 3.0.4506.2152; .NET CLR 3.5.30729; DPAG)"
192.109.50.229 - - [02/Aug/2013:16:14:51 +0200] "GET /img/logo_boecker.gif HTTP/1.1" 200 2974 "http://www.groeger-bauaufzuege.de/vermietung.php" "Mozilla/4.0 (compatible; MSIE 8.0; Windows NT 5.1; Trident/4.0; .NET CLR 2.0.50727; .NET CLR 3.0.04506.30; .NET4.0C; .NET4.0E; InfoPath.1; .NET CLR 3.0.4506.2152; .NET CLR 3.5.30729; DPAG)"
192.109.50.234 - - [02/Aug/2013:16:14:51 +0200] "GET /img/logo_steinbach.jpg HTTP/1.1" 200 9601 "http://www.groeger-bauaufzuege.de/vermietung.php" "Mozilla/4.0 (compatible; MSIE 8.0; Windows NT 5.1; Trident/4.0; .NET CLR 2.0.50727; .NET CLR 3.0.04506.30; .NET4.0C; .NET4.0E; InfoPath.1; .NET CLR 3.0.4506.2152; .NET CLR 3.5.30729; DPAG)"
192.109.50.230 - - [02/Aug/2013:16:15:47 +0200] "GET /kontakt.php HTTP/1.1" 200 6666 "http://www.groeger-bauaufzuege.de/vermietung.php" "Mozilla/4.0 (compatible; MSIE 8.0; Windows NT 5.1; Trident/4.0; .NET CLR 2.0.50727; .NET CLR 3.0.04506.30; .NET4.0C; .NET4.0E; InfoPath.1; .NET CLR 3.0.4506.2152; .NET CLR 3.5.30729; DPAG)"
192.109.50.230 - - [02/Aug/2013:16:15:47 +0200] "GET /css/groeger.css HTTP/1.1" 200 5363 "http://www.groeger-bauaufzuege.de/kontakt.php" "Mozilla/4.0 (compatible; MSIE 8.0; Windows NT 5.1; Trident/4.0; .NET CLR 2.0.50727; .NET CLR 3.0.04506.30; .NET4.0C; .NET4.0E; InfoPath.1; .NET CLR 3.0.4506.2152; .NET CLR 3.5.30729; DPAG)"
192.109.50.230 - - [02/Aug/2013:16:15:47 +0200] "GET /fancybox/jquery.fancybox-1.3.4.css HTTP/1.1" 200 8494 "http://www.groeger-bauaufzuege.de/kontakt.php" "Mozilla/4.0 (compatible; MSIE 8.0; Windows NT 5.1; Trident/4.0; .NET CLR 2.0.50727; .NET CLR 3.0.04506.30; .NET4.0C; .NET4.0E; InfoPath.1; .NET CLR 3.0.4506.2152; .NET CLR 3.5.30729; DPAG)"
192.109.50.230 - - [02/Aug/2013:16:15:47 +0200] "GET /jquery.cross-slide.js HTTP/1.1" 200 11724 "http://www.groeger-bauaufzuege.de/kontakt.php" "Mozilla/4.0 (compatible; MSIE 8.0; Windows NT 5.1; Trident/4.0; .NET CLR 2.0.50727; .NET CLR 3.0.04506.30; .NET4.0C; .NET4.0E; InfoPath.1; .NET CLR 3.0.4506.2152; .NET CLR 3.5.30729; DPAG)"
192.109.50.230 - - [02/Aug/2013:16:15:47 +0200] "GET /swfobject.js HTTP/1.1" 200 6880 "http://www.groeger-bauaufzuege.de/kontakt.php" "Mozilla/4.0 (compatible; MSIE 8.0; Windows NT 5.1; Trident/4.0; .NET CLR 2.0.50727; .NET CLR 3.0.04506.30; .NET4.0C; .NET4.0E; InfoPath.1; .NET CLR 3.0.4506.2152; .NET CLR 3.5.30729; DPAG)"
192.109.50.230 - - [02/Aug/2013:16:15:47 +0200] "GET /fancybox/jquery.fancybox-1.3.4.pack.js HTTP/1.1" 200 15624 "http://www.groeger-bauaufzuege.de/kontakt.php" "Mozilla/4.0 (compatible; MSIE 8.0; Windows NT 5.1; Trident/4.0; .NET CLR 2.0.50727; .NET CLR 3.0.04506.30; .NET4.0C; .NET4.0E; InfoPath.1; .NET CLR 3.0.4506.2152; .NET CLR 3.5.30729; DPAG)"
192.109.50.230 - - [02/Aug/2013:16:15:47 +0200] "GET /jquery-1.4.3.min.js HTTP/1.1" 200 77746 "http://www.groeger-bauaufzuege.de/kontakt.php" "Mozilla/4.0 (compatible; MSIE 8.0; Windows NT 5.1; Trident/4.0; .NET CLR 2.0.50727; .NET CLR 3.0.04506.30; .NET4.0C; .NET4.0E; InfoPath.1; .NET CLR 3.0.4506.2152; .NET CLR 3.5.30729; DPAG)"
