80.122.79.142 - - [29/Nov/2014:14:31:46 +0100] "GET /img/pfeil.png HTTP/1.1" 200 840 "http://www.groeger-bauaufzuege.de/" "Mozilla/5.0 (compatible; MSIE 10.0; Windows NT 6.2; Win64; x64; Trident/6.0; MALNJS)"
80.122.79.142 - - [29/Nov/2014:14:31:46 +0100] "GET /jquery-1.4.3.min.js HTTP/1.1" 200 77746 "http://www.groeger-bauaufzuege.de/" "Mozilla/5.0 (compatible; MSIE 10.0; Windows NT 6.2; Win64; x64; Trident/6.0; MALNJS)"
80.122.79.142 - - [29/Nov/2014:14:31:46 +0100] "GET /img/bild_2.jpg HTTP/1.1" 200 37224 "http://www.groeger-bauaufzuege.de/" "Mozilla/5.0 (compatible; MSIE 10.0; Windows NT 6.2; Win64; x64; Trident/6.0; MALNJS)"
80.122.79.142 - - [29/Nov/2014:14:31:46 +0100] "GET /img/bild_3.jpg HTTP/1.1" 200 38007 "http://www.groeger-bauaufzuege.de/" "Mozilla/5.0 (compatible; MSIE 10.0; Windows NT 6.2; Win64; x64; Trident/6.0; MALNJS)"
80.122.79.142 - - [29/Nov/2014:14:31:46 +0100] "GET /img/bild_4.jpg HTTP/1.1" 200 31111 "http://www.groeger-bauaufzuege.de/" "Mozilla/5.0 (compatible; MSIE 10.0; Windows NT 6.2; Win64; x64; Trident/6.0; MALNJS)"
80.122.79.142 - - [29/Nov/2014:14:31:46 +0100] "GET /img/groeger_web.jpg HTTP/1.1" 200 10877 "http://www.groeger-bauaufzuege.de/" "Mozilla/5.0 (compatible; MSIE 10.0; Windows NT 6.2; Win64; x64; Trident/6.0; MALNJS)"
80.122.79.142 - - [29/Nov/2014:14:31:46 +0100] "GET /img/grauverlauf.png HTTP/1.1" 200 3242 "http://www.groeger-bauaufzuege.de/" "Mozilla/5.0 (compatible; MSIE 10.0; Windows NT 6.2; Win64; x64; Trident/6.0; MALNJS)"
80.122.79.142 - - [29/Nov/2014:14:31:47 +0100] "GET /img/favicon.gif HTTP/1.1" 200 119 "-" "Mozilla/5.0 (compatible; MSIE 10.0; Windows NT 6.2; Win64; x64; Trident/6.0; MALNJS)"
80.122.79.142 - - [29/Nov/2014:14:31:51 +0100] "GET /gebrauchtmaschinen.php HTTP/1.1" 200 6356 "http://www.groeger-bauaufzuege.de/" "Mozilla/5.0 (compatible; MSIE 10.0; Windows NT 6.2; Win64; x64; Trident/6.0; MALNJS)"
80.122.79.142 - - [29/Nov/2014:14:31:51 +0100] "GET /img/favicon.gif HTTP/1.1" 200 119 "-" "Mozilla/5.0 (compatible; MSIE 10.0; Windows NT 6.2; Win64; x64; Trident/6.0; MALNJS)"
80.122.79.142 - - [29/Nov/2014:14:32:02 +0100] "GET /img/12042013641.jpg HTTP/1.1" 200 116307 "http://www.groeger-bauaufzuege.de/gebrauchtmaschinen.php" "Mozilla/5.0 (compatible; MSIE 10.0; Windows NT 6.2; Win64; x64; Trident/6.0; MALNJS)"
80.122.79.142 - - [29/Nov/2014:14:32:02 +0100] "GET /favicon.ico HTTP/1.1" 404 - "-" "Mozilla/5.0 (compatible; MSIE 10.0; Windows NT 6.2; Win64; x64; Trident/6.0; MALNJS)"
80.122.79.142 - - [29/Nov/2014:14:32:20 +0100] "GET /verkauf.php HTTP/1.1" 200 6662 "http://www.groeger-bauaufzuege.de/gebrauchtmaschinen.php" "Mozilla/5.0 (compatible; MSIE 10.0; Windows NT 6.2; Win64; x64; Trident/6.0; MALNJS)"
80.122.79.142 - - [29/Nov/2014:14:32:21 +0100] "GET /img/logo_boecker.gif HTTP/1.1" 200 2974 "http://www.groeger-bauaufzuege.de/verkauf.php" "Mozilla/5.0 (compatible; MSIE 10.0; Windows NT 6.2; Win64; x64; Trident/6.0; MALNJS)"
80.122.79.142 - - [29/Nov/2014:14:32:21 +0100] "GET /img/logo_geda.gif HTTP/1.1" 200 4337 "http://www.groeger-bauaufzuege.de/verkauf.php" "Mozilla/5.0 (compatible; MSIE 10.0; Windows NT 6.2; Win64; x64; Trident/6.0; MALNJS)"
80.122.79.142 - - [29/Nov/2014:14:32:21 +0100] "GET /img/logo_wfw.png HTTP/1.1" 200 2671 "http://www.groeger-bauaufzuege.de/verkauf.php" "Mozilla/5.0 (compatible; MSIE 10.0; Windows NT 6.2; Win64; x64; Trident/6.0; MALNJS)"
80.122.79.142 - - [29/Nov/2014:14:32:21 +0100] "GET /img/logo_steinbach.jpg HTTP/1.1" 200 9601 "http://www.groeger-bauaufzuege.de/verkauf.php" "Mozilla/5.0 (compatible; MSIE 10.0; Windows NT 6.2; Win64; x64; Trident/6.0; MALNJS)"
66.249.78.91 - - [29/Nov/2014:14:38:46 +0100] "GET /aktuelles.php HTTP/1.1" 200 13457 "-" "Mozilla/5.0 (compatible; Googlebot/2.1; +http://www.google.com/bot.html)"
66.249.78.98 - - [29/Nov/2014:14:39:06 +0100] "GET /link/20130604 HTTP/1.1" 302 - "-" "Mozilla/5.0 (compatible; Googlebot/2.1; +http://www.google.com/bot.html)"
66.249.78.91 - - [29/Nov/2014:14:39:26 +0100] "GET /download/Boecker_Autokrane.pdf HTTP/1.1" 200 1994740 "-" "Mozilla/5.0 (compatible; Googlebot/2.1; +http://www.google.com/bot.html)"
208.115.111.73 - - [29/Nov/2014:14:44:21 +0100] "GET /impressum.php HTTP/1.1" 200 8128 "-" "Mozilla/5.0 (compatible; DotBot/1.1; http://www.opensiteexplorer.org/dotbot, help@moz.com)"
66.249.78.91 - - [29/Nov/2014:14:45:46 +0100] "GET /kontakt.php HTTP/1.1" 200 6954 "-" "Mozilla/5.0 (compatible; Googlebot/2.1; +http://www.google.com/bot.html)"
157.55.39.25 - - [29/Nov/2014:16:00:31 +0100] "GET /index.php HTTP/1.1" 200 6704 "-" "Mozilla/5.0 (compatible; bingbot/2.0; +http://www.bing.com/bingbot.htm)"
157.55.39.153 - - [29/Nov/2014:16:00:43 +0100] "GET /img/bild_3.jpg HTTP/1.1" 200 38007 "-" "Mozilla/5.0 (compatible; bingbot/2.0; +http://www.bing.com/bingbot.htm)"
157.55.39.153 - - [29/Nov/2014:16:00:45 +0100] "GET /img/grauverlauf.png HTTP/1.1" 200 3242 "-" "Mozilla/5.0 (compatible; bingbot/2.0; +http://www.bing.com/bingbot.htm)"
157.55.39.153 - - [29/Nov/2014:16:00:45 +0100] "GET /img/logo_groeger.gif HTTP/1.1" 200 3605 "-" "Mozilla/5.0 (compatible; bingbot/2.0; +http://www.bing.com/bingbot.htm)"
157.55.39.153 - - [29/Nov/2014:16:00:45 +0100] "GET /img/pfeil.png HTTP/1.1" 200 840 "-" "Mozilla/5.0 (compatible; bingbot/2.0; +http://www.bing.com/bingbot.htm)"
207.46.13.66 - - [29/Nov/2014:16:01:17 +0100] "GET /img/bild_1.jpg HTTP/1.1" 200 34058 "-" "Mozilla/5.0 (compatible; bingbot/2.0; +http://www.bing.com/bingbot.htm)"
207.46.13.66 - - [29/Nov/2014:16:01:21 +0100] "GET /img/bild_2.jpg HTTP/1.1" 200 37224 "-" "Mozilla/5.0 (compatible; bingbot/2.0; +http://www.bing.com/bingbot.htm)"
207.46.13.66 - - [29/Nov/2014:16:01:21 +0100] "GET /img/bild_4.jpg HTTP/1.1" 200 31111 "-" "Mozilla/5.0 (compatible; bingbot/2.0; +http://www.bing.com/bingbot.htm)"
207.46.13.66 - - [29/Nov/2014:16:01:22 +0100] "GET /img/groeger_web.jpg HTTP/1.1" 200 10877 "-" "Mozilla/5.0 (compatible; bingbot/2.0; +http://www.bing.com/bingbot.htm)"
85.25.202.18 - - [29/Nov/2014:16:40:07 +0100] "GET / HTTP/1.1" 200 6704 "http://www.sumaja.de/?such_wert=groeger" "Mozilla/4.0 (compatible; MSIE 7.0; Windows NT 6.0; GTB6; SLCC1; .NET CLR 2.0.50727; Media Center PC 5.0; eSobiSubscriber 2.0.4.16; .NET CLR 3.5.30729; .NET CLR 3.0.30729; .NET4.0C)"
66.249.78.84 - - [29/Nov/2014:19:23:21 +0100] "GET /impressum.php HTTP/1.1" 200 8128 "-" "Mozilla/5.0 (compatible; Googlebot/2.1; +http://www.google.com/bot.html)"
66.249.78.91 - - [29/Nov/2014:19:45:01 +0100] "GET /leistungen.php HTTP/1.1" 200 9023 "-" "Mozilla/5.0 (compatible; Googlebot/2.1; +http://www.google.com/bot.html)"
66.249.78.91 - - [29/Nov/2014:20:24:14 +0100] "GET /download/Boecker_Angebote_Easyline.pdf HTTP/1.1" 304 - "-" "Mozilla/5.0 (compatible; Googlebot/2.1; +http://www.google.com/bot.html)"
188.165.15.210 - - [29/Nov/2014:20:28:44 +0100] "GET /gebrauchtmaschinen.php HTTP/1.1" 200 6356 "-" "Mozilla/5.0 (compatible; AhrefsBot/5.0; +http://ahrefs.com/robot/)"
66.249.78.84 - - [29/Nov/2014:20:31:09 +0100] "GET /vermietung.php HTTP/1.1" 200 6527 "-" "Mozilla/5.0 (compatible; Googlebot/2.1; +http://www.google.com/bot.html)"
68.180.228.244 - - [29/Nov/2014:20:51:34 +0100] "GET /verkauf.php HTTP/1.1" 200 6662 "-" "Mozilla/5.0 (compatible; Yahoo! Slurp; http://help.yahoo.com/help/us/ysearch/slurp)"
66.249.64.112 - - [29/Nov/2014:21:14:40 +0100] "GET / HTTP/1.1" 200 6704 "-" "Mozilla/5.0 (compatible; Googlebot/2.1; +http://www.google.com/bot.html)"
66.249.78.91 - - [29/Nov/2014:22:41:28 +0100] "GET /download/boecker_auf_achse_2011.pdf HTTP/1.1" 200 1766601 "-" "Mozilla/5.0 (compatible; Googlebot/2.1; +http://www.google.com/bot.html)"
66.249.78.98 - - [29/Nov/2014:22:47:55 +0100] "GET /angebote.php HTTP/1.1" 200 9739 "-" "Mozilla/5.0 (compatible; Googlebot/2.1; +http://www.google.com/bot.html)"
66.249.78.98 - - [29/Nov/2014:23:12:49 +0100] "GET /aktuelles.php HTTP/1.1" 200 13457 "-" "Mozilla/5.0 (compatible; Googlebot/2.1; +http://www.google.com/bot.html)"
157.55.39.153 - - [30/Nov/2014:01:20:50 +0100] "GET /robots.txt HTTP/1.1" 404 - "-" "Mozilla/5.0 (compatible; bingbot/2.0; +http://www.bing.com/bingbot.htm)"
157.55.39.153 - - [30/Nov/2014:01:21:02 +0100] "GET / HTTP/1.1" 200 6704 "-" "Mozilla/5.0 (compatible; bingbot/2.0; +http://www.bing.com/bingbot.htm)"
66.249.78.91 - - [30/Nov/2014:03:46:58 +0100] "GET /robots.txt HTTP/1.1" 404 - "-" "Mozilla/5.0 (compatible; Googlebot/2.1; +http://www.google.com/bot.html)"
66.249.78.84 - - [30/Nov/2014:03:46:58 +0100] "GET /link/20130604 HTTP/1.1" 302 - "-" "Mozilla/5.0 (compatible; Googlebot/2.1; +http://www.google.com/bot.html)"
66.249.78.84 - - [30/Nov/2014:03:47:17 +0100] "GET /download/Boecker_Autokrane.pdf HTTP/1.1" 200 1994740 "-" "Mozilla/5.0 (compatible; Googlebot/2.1; +http://www.google.com/bot.html)"
68.180.228.244 - - [30/Nov/2014:04:03:00 +0100] "GET /leistungen.php HTTP/1.1" 200 9023 "-" "Mozilla/5.0 (compatible; Yahoo! Slurp; http://help.yahoo.com/help/us/ysearch/slurp)"
68.180.228.244 - - [30/Nov/2014:04:04:38 +0100] "GET /index.php HTTP/1.1" 200 6704 "-" "Mozilla/5.0 (compatible; Yahoo! Slurp; http://help.yahoo.com/help/us/ysearch/slurp)"
66.249.78.98 - - [30/Nov/2014:04:21:32 +0100] "GET /download/Lift_D.pdf HTTP/1.1" 304 - "-" "Mozilla/5.0 (compatible; Googlebot/2.1; +http://www.google.com/bot.html)"
68.180.229.59 - - [30/Nov/2014:05:22:47 +0100] "GET /robots.txt HTTP/1.1" 404 - "-" "Mozilla/5.0 (compatible; Yahoo! Slurp; http://help.yahoo.com/help/us/ysearch/slurp)"
66.249.78.84 - - [30/Nov/2014:06:34:11 +0100] "GET /unternehmen.php HTTP/1.1" 200 7208 "-" "Mozilla/5.0 (compatible; Googlebot/2.1; +http://www.google.com/bot.html)"
157.55.39.154 - - [30/Nov/2014:10:32:35 +0100] "GET /angebote.php HTTP/1.1" 200 9739 "-" "Mozilla/5.0 (compatible; bingbot/2.0; +http://www.bing.com/bingbot.htm)"
66.249.78.84 - - [30/Nov/2014:11:26:28 +0100] "GET /download/Lift_D.pdf HTTP/1.1" 200 1204862 "-" "Mozilla/5.0 (compatible; Googlebot/2.1; +http://www.google.com/bot.html)"
207.46.13.20 - - [30/Nov/2014:11:47:26 +0100] "GET /download/Boecker_Angebote_Easyline.pdf HTTP/1.1" 200 649684 "-" "Mozilla/5.0 (compatible; bingbot/2.0; +http://www.bing.com/bingbot.htm)"
207.46.13.20 - - [30/Nov/2014:11:47:27 +0100] "GET /unternehmen.php HTTP/1.1" 200 7208 "-" "Mozilla/5.0 (compatible; bingbot/2.0; +http://www.bing.com/bingbot.htm)"
157.55.39.26 - - [30/Nov/2014:11:49:27 +0100] "GET /leistungen.php HTTP/1.1" 200 9023 "-" "Mozilla/5.0 (compatible; bingbot/2.0; +http://www.bing.com/bingbot.htm)"
157.55.39.26 - - [30/Nov/2014:11:49:27 +0100] "GET /index.php HTTP/1.1" 200 6704 "-" "Mozilla/5.0 (compatible; bingbot/2.0; +http://www.bing.com/bingbot.htm)"
157.55.39.153 - - [30/Nov/2014:11:51:23 +0100] "GET /impressum.php HTTP/1.1" 200 8128 "-" "Mozilla/5.0 (compatible; bingbot/2.0; +http://www.bing.com/bingbot.htm)"
157.55.39.153 - - [30/Nov/2014:11:51:24 +0100] "GET /download/Newsletter-Groeger-Dachdecker HTTP/1.1" 404 - "-" "Mozilla/5.0 (compatible; bingbot/2.0; +http://www.bing.com/bingbot.htm)"
157.55.39.153 - - [30/Nov/2014:11:51:24 +0100] "GET /angebote.php HTTP/1.1" 200 9739 "-" "Mozilla/5.0 (compatible; bingbot/2.0; +http://www.bing.com/bingbot.htm)"
157.55.39.153 - - [30/Nov/2014:11:51:25 +0100] "GET / HTTP/1.1" 200 6704 "-" "Mozilla/5.0 (compatible; bingbot/2.0; +http://www.bing.com/bingbot.htm)"
157.55.39.153 - - [30/Nov/2014:11:51:25 +0100] "GET / HTTP/1.1" 200 6704 "-" "Mozilla/5.0 (compatible; bingbot/2.0; +http://www.bing.com/bingbot.htm)"
157.55.39.153 - - [30/Nov/2014:11:51:25 +0100] "GET /kontakt.php HTTP/1.1" 200 6954 "-" "Mozilla/5.0 (compatible; bingbot/2.0; +http://www.bing.com/bingbot.htm)"
216.107.155.114 - - [30/Nov/2014:12:09:38 +0100] "GET /robots.txt HTTP/1.0" 404 - "-" "Mozilla/5.0 (compatible; MJ12bot/v1.4.5; http://www.majestic12.co.uk/bot.php?+)"
216.107.155.114 - - [30/Nov/2014:12:09:39 +0100] "GET / HTTP/1.0" 200 6704 "-" "Mozilla/5.0 (compatible; MJ12bot/v1.4.5; http://www.majestic12.co.uk/bot.php?+)"
178.2.79.244 - - [30/Nov/2014:12:16:57 +0100] "GET /aktuelles.php HTTP/1.1" 200 13457 "http://suche.web.de/web?q=geda+leitern&pageIndex=2&origin=serp_pag" "Mozilla/5.0 (Windows NT 6.1; WOW64; rv:33.0) Gecko/20100101 Firefox/33.0"
178.2.79.244 - - [30/Nov/2014:12:16:57 +0100] "GET /css/groeger.css HTTP/1.1" 200 5467 "http://www.groeger-bauaufzuege.de/aktuelles.php" "Mozilla/5.0 (Windows NT 6.1; WOW64; rv:33.0) Gecko/20100101 Firefox/33.0"
178.2.79.244 - - [30/Nov/2014:12:16:58 +0100] "GET /swfobject.js HTTP/1.1" 200 6880 "http://www.groeger-bauaufzuege.de/aktuelles.php" "Mozilla/5.0 (Windows NT 6.1; WOW64; rv:33.0) Gecko/20100101 Firefox/33.0"
178.2.79.244 - - [30/Nov/2014:12:16:58 +0100] "GET /jquery.cross-slide.js HTTP/1.1" 200 11724 "http://www.groeger-bauaufzuege.de/aktuelles.php" "Mozilla/5.0 (Windows NT 6.1; WOW64; rv:33.0) Gecko/20100101 Firefox/33.0"
178.2.79.244 - - [30/Nov/2014:12:16:58 +0100] "GET /fancybox/jquery.fancybox-1.3.4.pack.js HTTP/1.1" 200 15624 "http://www.groeger-bauaufzuege.de/aktuelles.php" "Mozilla/5.0 (Windows NT 6.1; WOW64; rv:33.0) Gecko/20100101 Firefox/33.0"
178.2.79.244 - - [30/Nov/2014:12:16:58 +0100] "GET /fancybox/jquery.fancybox-1.3.4.css HTTP/1.1" 200 8494 "http://www.groeger-bauaufzuege.de/aktuelles.php" "Mozilla/5.0 (Windows NT 6.1; WOW64; rv:33.0) Gecko/20100101 Firefox/33.0"
178.2.79.244 - - [30/Nov/2014:12:16:58 +0100] "GET /img/favicon.gif HTTP/1.1" 200 119 "-" "Mozilla/5.0 (Windows NT 6.1; WOW64; rv:33.0) Gecko/20100101 Firefox/33.0"
178.2.79.244 - - [30/Nov/2014:12:16:58 +0100] "GET /jquery-1.4.3.min.js HTTP/1.1" 200 77746 "http://www.groeger-bauaufzuege.de/aktuelles.php" "Mozilla/5.0 (Windows NT 6.1; WOW64; rv:33.0) Gecko/20100101 Firefox/33.0"
178.2.79.244 - - [30/Nov/2014:12:16:58 +0100] "GET /img/bild_1.jpg HTTP/1.1" 200 34058 "http://www.groeger-bauaufzuege.de/aktuelles.php" "Mozilla/5.0 (Windows NT 6.1; WOW64; rv:33.0) Gecko/20100101 Firefox/33.0"
178.2.79.244 - - [30/Nov/2014:12:16:58 +0100] "GET /img/groeger-servicearbeit.jpg HTTP/1.1" 200 36976 "http://www.groeger-bauaufzuege.de/aktuelles.php" "Mozilla/5.0 (Windows NT 6.1; WOW64; rv:33.0) Gecko/20100101 Firefox/33.0"
178.2.79.244 - - [30/Nov/2014:12:16:58 +0100] "GET /img/logo_groeger.gif HTTP/1.1" 200 3605 "http://www.groeger-bauaufzuege.de/aktuelles.php" "Mozilla/5.0 (Windows NT 6.1; WOW64; rv:33.0) Gecko/20100101 Firefox/33.0"
178.2.79.244 - - [30/Nov/2014:12:16:58 +0100] "GET /img/Newsletter_Groeger_2013-09.jpg HTTP/1.1" 200 21455 "http://www.groeger-bauaufzuege.de/aktuelles.php" "Mozilla/5.0 (Windows NT 6.1; WOW64; rv:33.0) Gecko/20100101 Firefox/33.0"
178.2.79.244 - - [30/Nov/2014:12:16:58 +0100] "GET /img/Newsletter_Groeger_2013-06.png HTTP/1.1" 200 23068 "http://www.groeger-bauaufzuege.de/aktuelles.php" "Mozilla/5.0 (Windows NT 6.1; WOW64; rv:33.0) Gecko/20100101 Firefox/33.0"
178.2.79.244 - - [30/Nov/2014:12:16:58 +0100] "GET /img/grauverlauf.png HTTP/1.1" 200 3242 "http://www.groeger-bauaufzuege.de/css/groeger.css" "Mozilla/5.0 (Windows NT 6.1; WOW64; rv:33.0) Gecko/20100101 Firefox/33.0"
178.2.79.244 - - [30/Nov/2014:12:16:58 +0100] "GET /img/zarges-logo.gif HTTP/1.1" 200 1576 "http://www.groeger-bauaufzuege.de/aktuelles.php" "Mozilla/5.0 (Windows NT 6.1; WOW64; rv:33.0) Gecko/20100101 Firefox/33.0"
178.2.79.244 - - [30/Nov/2014:12:16:58 +0100] "GET /img/bild_2.jpg HTTP/1.1" 200 37224 "http://www.groeger-bauaufzuege.de/aktuelles.php" "Mozilla/5.0 (Windows NT 6.1; WOW64; rv:33.0) Gecko/20100101 Firefox/33.0"
178.2.79.244 - - [30/Nov/2014:12:16:58 +0100] "GET /img/bild_3.jpg HTTP/1.1" 200 38007 "http://www.groeger-bauaufzuege.de/aktuelles.php" "Mozilla/5.0 (Windows NT 6.1; WOW64; rv:33.0) Gecko/20100101 Firefox/33.0"
178.2.79.244 - - [30/Nov/2014:12:16:58 +0100] "GET /img/bild_4.jpg HTTP/1.1" 200 31111 "http://www.groeger-bauaufzuege.de/aktuelles.php" "Mozilla/5.0 (Windows NT 6.1; WOW64; rv:33.0) Gecko/20100101 Firefox/33.0"
157.55.39.104 - - [30/Nov/2014:12:37:54 +0100] "GET /gebrauchtmaschinen.php HTTP/1.1" 200 6356 "-" "Mozilla/5.0 (compatible; bingbot/2.0; +http://www.bing.com/bingbot.htm)"
157.55.39.104 - - [30/Nov/2014:12:37:55 +0100] "GET /aktuelles.php HTTP/1.1" 200 13457 "-" "Mozilla/5.0 (compatible; bingbot/2.0; +http://www.bing.com/bingbot.htm)"
157.55.39.104 - - [30/Nov/2014:12:37:55 +0100] "GET /vermietung.php HTTP/1.1" 200 6527 "-" "Mozilla/5.0 (compatible; bingbot/2.0; +http://www.bing.com/bingbot.htm)"
157.55.39.104 - - [30/Nov/2014:12:37:56 +0100] "GET /verkauf.php HTTP/1.1" 200 6662 "-" "Mozilla/5.0 (compatible; bingbot/2.0; +http://www.bing.com/bingbot.htm)"
66.249.78.91 - - [30/Nov/2014:12:44:30 +0100] "GET /leistungen.php HTTP/1.1" 200 9023 "-" "SAMSUNG-SGH-E250/1.0 Profile/MIDP-2.0 Configuration/CLDC-1.1 UP.Browser/6.2.3.3.c.1.101 (GUI) MMP/2.0 (compatible; Googlebot-Mobile/2.1; +http://www.google.com/bot.html)"
66.249.78.84 - - [30/Nov/2014:15:23:57 +0100] "GET /jquery-1.4.3.min.js HTTP/1.1" 200 77746 "-" "Mozilla/5.0 (compatible; Googlebot/2.1; +http://www.google.com/bot.html)"
66.249.78.98 - - [30/Nov/2014:15:23:58 +0100] "GET /fancybox/jquery.fancybox-1.3.4.css HTTP/1.1" 200 8494 "-" "Mozilla/5.0 (compatible; Googlebot/2.1; +http://www.google.com/bot.html)"
66.249.78.98 - - [30/Nov/2014:15:24:21 +0100] "GET /css/groeger.css HTTP/1.1" 200 5467 "http://www.groeger-bauaufzuege.de/unternehmen.php" "Mozilla/5.0 (compatible; Googlebot/2.1; +http://www.google.com/bot.html)"
66.249.78.98 - - [30/Nov/2014:15:24:45 +0100] "GET /swfobject.js HTTP/1.1" 200 6880 "http://www.groeger-bauaufzuege.de/unternehmen.php" "Mozilla/5.0 (compatible; Googlebot/2.1; +http://www.google.com/bot.html)"
66.249.78.98 - - [30/Nov/2014:15:40:33 +0100] "GET /kontakt.php HTTP/1.1" 200 6954 "-" "Mozilla/5.0 (compatible; Googlebot/2.1; +http://www.google.com/bot.html)"
68.180.228.244 - - [30/Nov/2014:17:25:20 +0100] "GET /robots.txt HTTP/1.1" 404 - "-" "Mozilla/5.0 (compatible; Yahoo! Slurp; http://help.yahoo.com/help/us/ysearch/slurp)"
68.180.228.244 - - [30/Nov/2014:17:25:20 +0100] "GET /angebote.php HTTP/1.1" 200 9739 "-" "Mozilla/5.0 (compatible; Yahoo! Slurp; http://help.yahoo.com/help/us/ysearch/slurp)"
157.55.39.18 - - [30/Nov/2014:20:19:28 +0100] "GET / HTTP/1.1" 200 6704 "-" "Mozilla/5.0 (compatible; bingbot/2.0; +http://www.bing.com/bingbot.htm)"
157.55.39.179 - - [30/Nov/2014:20:24:22 +0100] "GET /verkauf.php HTTP/1.1" 200 6662 "-" "Mozilla/5.0 (compatible; bingbot/2.0; +http://www.bing.com/bingbot.htm)"
176.9.40.107 - - [30/Nov/2014:20:45:45 +0100] "GET /robots.txt HTTP/1.1" 404 - "-" "Mozilla/5.0 (compatible; XoviBot/2.0; +http://www.xovibot.net/)"
68.180.228.244 - - [30/Nov/2014:20:47:15 +0100] "GET /download/Newsletter_Groeger_2012-06.pdf HTTP/1.1" 200 309498 "-" "Mozilla/5.0 (compatible; Yahoo! Slurp; http://help.yahoo.com/help/us/ysearch/slurp)"
157.55.39.19 - - [30/Nov/2014:21:55:47 +0100] "GET /robots.txt HTTP/1.1" 404 - "-" "Mozilla/5.0 (compatible; bingbot/2.0; +http://www.bing.com/bingbot.htm)"
157.55.39.19 - - [30/Nov/2014:21:55:56 +0100] "GET / HTTP/1.1" 200 6704 "-" "Mozilla/5.0 (compatible; bingbot/2.0; +http://www.bing.com/bingbot.htm)"
66.249.78.98 - - [30/Nov/2014:22:36:20 +0100] "GET /robots.txt HTTP/1.1" 404 - "-" "Mozilla/5.0 (compatible; Googlebot/2.1; +http://www.google.com/bot.html)"
66.249.64.116 - - [30/Nov/2014:22:36:20 +0100] "GET / HTTP/1.1" 200 6704 "-" "Mozilla/5.0 (iPhone; CPU iPhone OS 6_0 like Mac OS X) AppleWebKit/536.26 (KHTML, like Gecko) Version/6.0 Mobile/10A5376e Safari/8536.25 (compatible; Googlebot/2.1; +http://www.google.com/bot.html)"