157.55.39.82 - - [01/Nov/2014:00:56:17 +0100] "GET /robots.txt HTTP/1.1" 404 - "-" "Mozilla/5.0 (compatible; bingbot/2.0; +http://www.bing.com/bingbot.htm)"
188.165.15.108 - - [01/Nov/2014:01:16:11 +0100] "GET /vermietung.php HTTP/1.1" 200 6527 "-" "Mozilla/5.0 (compatible; AhrefsBot/5.0; +http://ahrefs.com/robot/)"
66.249.78.84 - - [01/Nov/2014:01:46:57 +0100] "GET /aktuelles.php HTTP/1.1" 200 13457 "-" "Mozilla/5.0 (iPhone; CPU iPhone OS 6_0 like Mac OS X) AppleWebKit/536.26 (KHTML, like Gecko) Version/6.0 Mobile/10A5376e Safari/8536.25 (compatible; Googlebot/2.1; +http://www.google.com/bot.html)"
192.99.107.136 - - [01/Nov/2014:03:23:15 +0100] "GET /robots.txt HTTP/1.1" 404 - "-" "Mozilla/5.0 (compatible; meanpathbot/1.0; +http://www.meanpath.com/meanpathbot.html)"
192.99.107.136 - - [01/Nov/2014:03:23:16 +0100] "GET / HTTP/1.1" 200 6704 "-" "Mozilla/5.0 (compatible; meanpathbot/1.0; +http://www.meanpath.com/meanpathbot.html)"
157.55.39.107 - - [01/Nov/2014:03:26:42 +0100] "GET /robots.txt HTTP/1.1" 404 - "-" "Mozilla/5.0 (compatible; bingbot/2.0; +http://www.bing.com/bingbot.htm)"
157.55.39.107 - - [01/Nov/2014:03:28:13 +0100] "GET /unternehmen.php HTTP/1.1" 200 7208 "-" "Mozilla/5.0 (compatible; bingbot/2.0; +http://www.bing.com/bingbot.htm)"
157.55.39.43 - - [01/Nov/2014:03:30:53 +0100] "GET /index.php HTTP/1.1" 200 6704 "-" "Mozilla/5.0 (compatible; bingbot/2.0; +http://www.bing.com/bingbot.htm)"
157.55.39.43 - - [01/Nov/2014:03:30:53 +0100] "GET /leistungen.php HTTP/1.1" 200 9023 "-" "Mozilla/5.0 (compatible; bingbot/2.0; +http://www.bing.com/bingbot.htm)"
66.249.78.98 - - [01/Nov/2014:06:10:07 +0100] "GET /robots.txt HTTP/1.1" 404 - "-" "Mozilla/5.0 (compatible; Googlebot/2.1; +http://www.google.com/bot.html)"
66.249.78.98 - - [01/Nov/2014:06:10:07 +0100] "GET /kontakt.php HTTP/1.1" 200 6954 "-" "Mozilla/5.0 (compatible; Googlebot/2.1; +http://www.google.com/bot.html)"
157.55.39.27 - - [01/Nov/2014:06:24:05 +0100] "GET /robots.txt HTTP/1.1" 404 - "-" "Mozilla/5.0 (compatible; bingbot/2.0; +http://www.bing.com/bingbot.htm)"
66.249.78.98 - - [01/Nov/2014:06:52:29 +0100] "GET /verkauf.php HTTP/1.1" 200 6662 "-" "Mozilla/5.0 (compatible; Googlebot/2.1; +http://www.google.com/bot.html)"
68.180.228.244 - - [01/Nov/2014:07:09:41 +0100] "GET /angebote.php HTTP/1.1" 200 9739 "-" "Mozilla/5.0 (compatible; Yahoo! Slurp; http://help.yahoo.com/help/us/ysearch/slurp)"
66.249.78.98 - - [01/Nov/2014:07:19:50 +0100] "GET /impressum.php HTTP/1.1" 200 8128 "-" "Mozilla/5.0 (compatible; Googlebot/2.1; +http://www.google.com/bot.html)"
157.55.39.194 - - [01/Nov/2014:09:31:04 +0100] "GET /download/Geda-Zubehoer.pdf HTTP/1.1" 200 1012959 "-" "Mozilla/5.0 (compatible; bingbot/2.0; +http://www.bing.com/bingbot.htm)"
66.249.78.91 - - [01/Nov/2014:09:32:52 +0100] "GET /aktuelles.php HTTP/1.1" 200 13457 "-" "Mozilla/5.0 (compatible; Googlebot/2.1; +http://www.google.com/bot.html)"
66.249.78.84 - - [01/Nov/2014:09:33:06 +0100] "GET / HTTP/1.1" 200 6704 "-" "Mozilla/5.0 (compatible; Googlebot/2.1; +http://www.google.com/bot.html)"
66.249.78.98 - - [01/Nov/2014:09:52:00 +0100] "GET /vermietung.php HTTP/1.1" 200 6527 "-" "Mozilla/5.0 (compatible; Googlebot/2.1; +http://www.google.com/bot.html)"
66.249.78.98 - - [01/Nov/2014:10:07:14 +0100] "GET /download/Lift_D.pdf HTTP/1.1" 200 1204862 "-" "Mozilla/5.0 (compatible; Googlebot/2.1; +http://www.google.com/bot.html)"
141.8.147.12 - - [01/Nov/2014:10:29:48 +0100] "GET / HTTP/1.1" 200 6704 "-" "Mozilla/5.0 (compatible; YandexBot/3.0; +http://yandex.com/bots)"
66.249.78.84 - - [01/Nov/2014:10:34:45 +0100] "GET /kontakt.php HTTP/1.1" 200 6954 "-" "Mozilla/5.0 (compatible; Googlebot/2.1; +http://www.google.com/bot.html)"
157.55.39.194 - - [01/Nov/2014:10:43:38 +0100] "GET /vermietung.php HTTP/1.1" 200 6527 "-" "Mozilla/5.0 (compatible; bingbot/2.0; +http://www.bing.com/bingbot.htm)"
157.55.39.194 - - [01/Nov/2014:10:44:13 +0100] "GET /fancybox/jquery.fancybox-1.3.4.pack.js HTTP/1.1" 200 15624 "-" "Mozilla/5.0 (compatible; bingbot/2.0; +http://www.bing.com/bingbot.htm)"
157.55.39.194 - - [01/Nov/2014:10:44:14 +0100] "GET /jquery-1.4.3.min.js HTTP/1.1" 200 77746 "-" "Mozilla/5.0 (compatible; bingbot/2.0; +http://www.bing.com/bingbot.htm)"
157.55.39.194 - - [01/Nov/2014:10:44:15 +0100] "GET /jquery.cross-slide.js HTTP/1.1" 200 11724 "-" "Mozilla/5.0 (compatible; bingbot/2.0; +http://www.bing.com/bingbot.htm)"
157.55.39.82 - - [01/Nov/2014:10:44:44 +0100] "GET /css/groeger.css HTTP/1.1" 200 5467 "-" "Mozilla/5.0 (compatible; bingbot/2.0; +http://www.bing.com/bingbot.htm)"
157.55.39.42 - - [01/Nov/2014:10:47:06 +0100] "GET /robots.txt HTTP/1.1" 404 - "-" "Mozilla/5.0 (compatible; bingbot/2.0; +http://www.bing.com/bingbot.htm)"
157.55.39.42 - - [01/Nov/2014:10:47:07 +0100] "GET /fancybox/jquery.fancybox-1.3.4.css HTTP/1.1" 200 8494 "-" "Mozilla/5.0 (compatible; bingbot/2.0; +http://www.bing.com/bingbot.htm)"
157.55.39.42 - - [01/Nov/2014:10:47:07 +0100] "GET /swfobject.js HTTP/1.1" 200 6880 "-" "Mozilla/5.0 (compatible; bingbot/2.0; +http://www.bing.com/bingbot.htm)"
66.249.78.91 - - [01/Nov/2014:11:33:08 +0100] "GET /angebote.php HTTP/1.1" 200 9739 "-" "Mozilla/5.0 (compatible; Googlebot/2.1; +http://www.google.com/bot.html)"
108.59.8.70 - - [01/Nov/2014:12:18:50 +0100] "GET /robots.txt HTTP/1.0" 404 - "-" "Mozilla/5.0 (compatible; MJ12bot/v1.4.5; http://www.majestic12.co.uk/bot.php?+)"
108.59.8.70 - - [01/Nov/2014:12:18:52 +0100] "GET / HTTP/1.0" 200 6704 "-" "Mozilla/5.0 (compatible; MJ12bot/v1.4.5; http://www.majestic12.co.uk/bot.php?+)"
208.115.113.89 - - [01/Nov/2014:12:33:13 +0100] "GET /robots.txt HTTP/1.1" 404 - "-" "Mozilla/5.0 (compatible; DotBot/1.1; http://www.opensiteexplorer.org/dotbot, help@moz.com)"
192.99.107.208 - - [01/Nov/2014:12:53:08 +0100] "GET /robots.txt HTTP/1.1" 404 - "-" "Mozilla/5.0 (compatible; meanpathbot/1.0; +http://www.meanpath.com/meanpathbot.html)"
192.99.107.208 - - [01/Nov/2014:12:53:08 +0100] "GET / HTTP/1.1" 200 6704 "-" "Mozilla/5.0 (compatible; meanpathbot/1.0; +http://www.meanpath.com/meanpathbot.html)"
46.114.142.114 - - [01/Nov/2014:12:56:47 +0100] "GET /verkauf.php HTTP/1.1" 200 6662 "-" "Mozilla/5.0 (Linux; U; Android 4.3; de-de; GT-I9300 Build/JSS15J) AppleWebKit/534.30 (KHTML, like Gecko) Version/4.0 Mobile Safari/534.30"
157.55.39.82 - - [01/Nov/2014:13:02:12 +0100] "GET / HTTP/1.1" 200 6704 "-" "Mozilla/5.0 (compatible; bingbot/2.0; +http://www.bing.com/bingbot.htm)"
208.115.113.89 - - [01/Nov/2014:14:25:30 +0100] "GET /aktuelles.php HTTP/1.1" 200 13457 "-" "Mozilla/5.0 (compatible; DotBot/1.1; http://www.opensiteexplorer.org/dotbot, help@moz.com)"
66.249.78.91 - - [01/Nov/2014:15:53:39 +0100] "GET / HTTP/1.1" 200 6704 "-" "Mozilla/5.0 (compatible; Googlebot/2.1; +http://www.google.com/bot.html)"
157.55.39.82 - - [01/Nov/2014:18:52:55 +0100] "GET /robots.txt HTTP/1.1" 404 - "-" "Mozilla/5.0 (compatible; bingbot/2.0; +http://www.bing.com/bingbot.htm)"
66.249.64.112 - - [01/Nov/2014:19:20:35 +0100] "GET /robots.txt HTTP/1.1" 404 - "-" "Mozilla/5.0 (compatible; Googlebot/2.1; +http://www.google.com/bot.html)"
66.249.78.98 - - [01/Nov/2014:19:20:35 +0100] "GET /impressum.php HTTP/1.1" 200 8128 "-" "Mozilla/5.0 (compatible; Googlebot/2.1; +http://www.google.com/bot.html)"
66.249.64.108 - - [01/Nov/2014:19:51:17 +0100] "GET / HTTP/1.1" 200 6704 "-" "DoCoMo/2.0 N905i(c100;TB;W24H16) (compatible; Googlebot-Mobile/2.1; +http://www.google.com/bot.html)"
66.249.78.84 - - [01/Nov/2014:20:17:43 +0100] "GET / HTTP/1.1" 200 6704 "-" "Mozilla/5.0 (compatible; Googlebot/2.1; +http://www.google.com/bot.html)"
207.46.13.109 - - [01/Nov/2014:20:26:54 +0100] "GET /img/pfeil.png HTTP/1.1" 200 840 "-" "Mozilla/5.0 (compatible; bingbot/2.0; +http://www.bing.com/bingbot.htm)"
68.180.228.244 - - [01/Nov/2014:20:35:22 +0100] "GET /robots.txt HTTP/1.1" 404 - "-" "Mozilla/5.0 (compatible; Yahoo! Slurp; http://help.yahoo.com/help/us/ysearch/slurp)"
68.180.228.244 - - [01/Nov/2014:20:35:22 +0100] "GET / HTTP/1.1" 200 6704 "-" "Mozilla/5.0 (compatible; Yahoo! Slurp; http://help.yahoo.com/help/us/ysearch/slurp)"
80.187.101.0 - - [01/Nov/2014:21:33:26 +0100] "GET / HTTP/1.1" 200 6704 "-" "Mozilla/5.0 (iPhone; CPU iPhone OS 7_1_2 like Mac OS X) AppleWebKit/537.51.2 (KHTML, like Gecko) Version/7.0 Mobile/11D257 Safari/9537.53"
80.187.101.0 - - [01/Nov/2014:21:33:26 +0100] "GET /css/groeger.css HTTP/1.1" 200 5467 "http://www.groeger-bauaufzuege.de/" "Mozilla/5.0 (iPhone; CPU iPhone OS 7_1_2 like Mac OS X) AppleWebKit/537.51.2 (KHTML, like Gecko) Version/7.0 Mobile/11D257 Safari/9537.53"
80.187.101.0 - - [01/Nov/2014:21:33:26 +0100] "GET /fancybox/jquery.fancybox-1.3.4.css HTTP/1.1" 200 8494 "http://www.groeger-bauaufzuege.de/" "Mozilla/5.0 (iPhone; CPU iPhone OS 7_1_2 like Mac OS X) AppleWebKit/537.51.2 (KHTML, like Gecko) Version/7.0 Mobile/11D257 Safari/9537.53"
80.187.101.0 - - [01/Nov/2014:21:33:26 +0100] "GET /swfobject.js HTTP/1.1" 200 6880 "http://www.groeger-bauaufzuege.de/" "Mozilla/5.0 (iPhone; CPU iPhone OS 7_1_2 like Mac OS X) AppleWebKit/537.51.2 (KHTML, like Gecko) Version/7.0 Mobile/11D257 Safari/9537.53"
80.187.101.0 - - [01/Nov/2014:21:33:26 +0100] "GET /jquery.cross-slide.js HTTP/1.1" 200 11724 "http://www.groeger-bauaufzuege.de/" "Mozilla/5.0 (iPhone; CPU iPhone OS 7_1_2 like Mac OS X) AppleWebKit/537.51.2 (KHTML, like Gecko) Version/7.0 Mobile/11D257 Safari/9537.53"
80.187.101.0 - - [01/Nov/2014:21:33:26 +0100] "GET /fancybox/jquery.fancybox-1.3.4.pack.js HTTP/1.1" 200 15624 "http://www.groeger-bauaufzuege.de/" "Mozilla/5.0 (iPhone; CPU iPhone OS 7_1_2 like Mac OS X) AppleWebKit/537.51.2 (KHTML, like Gecko) Version/7.0 Mobile/11D257 Safari/9537.53"
80.187.101.0 - - [01/Nov/2014:21:33:26 +0100] "GET /jquery-1.4.3.min.js HTTP/1.1" 200 77746 "http://www.groeger-bauaufzuege.de/" "Mozilla/5.0 (iPhone; CPU iPhone OS 7_1_2 like Mac OS X) AppleWebKit/537.51.2 (KHTML, like Gecko) Version/7.0 Mobile/11D257 Safari/9537.53"
80.187.101.0 - - [01/Nov/2014:21:33:26 +0100] "GET /img/pfeil.png HTTP/1.1" 200 840 "http://www.groeger-bauaufzuege.de/" "Mozilla/5.0 (iPhone; CPU iPhone OS 7_1_2 like Mac OS X) AppleWebKit/537.51.2 (KHTML, like Gecko) Version/7.0 Mobile/11D257 Safari/9537.53"
80.187.101.0 - - [01/Nov/2014:21:33:26 +0100] "GET /img/logo_groeger.gif HTTP/1.1" 200 3605 "http://www.groeger-bauaufzuege.de/" "Mozilla/5.0 (iPhone; CPU iPhone OS 7_1_2 like Mac OS X) AppleWebKit/537.51.2 (KHTML, like Gecko) Version/7.0 Mobile/11D257 Safari/9537.53"
80.187.101.0 - - [01/Nov/2014:21:33:26 +0100] "GET /img/bild_1.jpg HTTP/1.1" 200 34058 "http://www.groeger-bauaufzuege.de/" "Mozilla/5.0 (iPhone; CPU iPhone OS 7_1_2 like Mac OS X) AppleWebKit/537.51.2 (KHTML, like Gecko) Version/7.0 Mobile/11D257 Safari/9537.53"
80.187.101.0 - - [01/Nov/2014:21:33:26 +0100] "GET /img/grauverlauf.png HTTP/1.1" 200 3242 "http://www.groeger-bauaufzuege.de/" "Mozilla/5.0 (iPhone; CPU iPhone OS 7_1_2 like Mac OS X) AppleWebKit/537.51.2 (KHTML, like Gecko) Version/7.0 Mobile/11D257 Safari/9537.53"
80.187.101.0 - - [01/Nov/2014:21:33:26 +0100] "GET /img/groeger_web.jpg HTTP/1.1" 200 10877 "http://www.groeger-bauaufzuege.de/" "Mozilla/5.0 (iPhone; CPU iPhone OS 7_1_2 like Mac OS X) AppleWebKit/537.51.2 (KHTML, like Gecko) Version/7.0 Mobile/11D257 Safari/9537.53"
80.187.101.0 - - [01/Nov/2014:21:33:26 +0100] "GET /img/bild_4.jpg HTTP/1.1" 200 31111 "http://www.groeger-bauaufzuege.de/" "Mozilla/5.0 (iPhone; CPU iPhone OS 7_1_2 like Mac OS X) AppleWebKit/537.51.2 (KHTML, like Gecko) Version/7.0 Mobile/11D257 Safari/9537.53"
80.187.101.0 - - [01/Nov/2014:21:33:26 +0100] "GET /img/bild_2.jpg HTTP/1.1" 200 37224 "http://www.groeger-bauaufzuege.de/" "Mozilla/5.0 (iPhone; CPU iPhone OS 7_1_2 like Mac OS X) AppleWebKit/537.51.2 (KHTML, like Gecko) Version/7.0 Mobile/11D257 Safari/9537.53"
80.187.101.0 - - [01/Nov/2014:21:33:26 +0100] "GET /img/bild_3.jpg HTTP/1.1" 200 38007 "http://www.groeger-bauaufzuege.de/" "Mozilla/5.0 (iPhone; CPU iPhone OS 7_1_2 like Mac OS X) AppleWebKit/537.51.2 (KHTML, like Gecko) Version/7.0 Mobile/11D257 Safari/9537.53"
157.55.39.187 - - [01/Nov/2014:23:02:12 +0100] "GET /robots.txt HTTP/1.1" 404 - "-" "Mozilla/5.0 (compatible; bingbot/2.0; +http://www.bing.com/bingbot.htm)"
66.249.78.98 - - [01/Nov/2014:23:55:53 +0100] "GET /download/Lift_D.pdf HTTP/1.1" 304 - "-" "Mozilla/5.0 (compatible; Googlebot/2.1; +http://www.google.com/bot.html)"
66.249.78.91 - - [02/Nov/2014:00:33:00 +0100] "GET /unternehmen.php HTTP/1.1" 200 7208 "-" "Mozilla/5.0 (compatible; Googlebot/2.1; +http://www.google.com/bot.html)"
207.46.13.109 - - [02/Nov/2014:00:34:09 +0100] "GET /angebote.php HTTP/1.1" 200 9739 "-" "Mozilla/5.0 (compatible; bingbot/2.0; +http://www.bing.com/bingbot.htm)"
157.55.39.82 - - [02/Nov/2014:00:36:46 +0100] "GET /img/pfeil.png HTTP/1.1" 200 840 "-" "Mozilla/5.0 (compatible; bingbot/2.0; +http://www.bing.com/bingbot.htm)"
146.120.166.113 - - [02/Nov/2014:01:01:35 +0100] "GET /./kontakt.php HTTP/1.1" 200 6954 "-" "Mozilla/5.0 (X11; U; Linux amd64; rv:5.0) Gecko/20100101 Firefox/5.0 (Debian)"
207.46.13.109 - - [02/Nov/2014:01:03:28 +0100] "GET /robots.txt HTTP/1.1" 404 - "-" "Mozilla/5.0 (compatible; bingbot/2.0; +http://www.bing.com/bingbot.htm)"
207.46.13.109 - - [02/Nov/2014:01:05:45 +0100] "GET / HTTP/1.1" 200 6704 "-" "Mozilla/5.0 (compatible; bingbot/2.0; +http://www.bing.com/bingbot.htm)"
157.55.39.82 - - [02/Nov/2014:01:05:49 +0100] "GET /img/pfeil.png HTTP/1.1" 200 840 "-" "Mozilla/5.0 (compatible; bingbot/2.0; +http://www.bing.com/bingbot.htm)"
207.46.13.109 - - [02/Nov/2014:02:29:46 +0100] "GET /kontakt.php HTTP/1.1" 200 6954 "-" "Mozilla/5.0 (compatible; bingbot/2.0; +http://www.bing.com/bingbot.htm)"
157.55.39.171 - - [02/Nov/2014:02:36:05 +0100] "GET /gebrauchtmaschinen.php HTTP/1.1" 200 6356 "-" "Mozilla/5.0 (compatible; bingbot/2.0; +http://www.bing.com/bingbot.htm)"
66.249.78.98 - - [02/Nov/2014:03:02:25 +0100] "GET / HTTP/1.1" 200 6704 "-" "SAMSUNG-SGH-E250/1.0 Profile/MIDP-2.0 Configuration/CLDC-1.1 UP.Browser/6.2.3.3.c.1.101 (GUI) MMP/2.0 (compatible; Googlebot-Mobile/2.1; +http://www.google.com/bot.html)"
188.165.15.84 - - [02/Nov/2014:04:59:32 +0100] "GET /gebrauchtmaschinen.php HTTP/1.1" 200 6356 "-" "Mozilla/5.0 (compatible; AhrefsBot/5.0; +http://ahrefs.com/robot/)"
208.115.111.73 - - [02/Nov/2014:06:22:37 +0100] "GET /robots.txt HTTP/1.1" 404 - "-" "Mozilla/5.0 (compatible; DotBot/1.1; http://www.opensiteexplorer.org/dotbot, help@moz.com)"
162.210.196.98 - - [02/Nov/2014:07:18:10 +0100] "GET /robots.txt HTTP/1.0" 404 - "-" "Mozilla/5.0 (compatible; MJ12bot/v1.4.5; http://www.majestic12.co.uk/bot.php?+)"
162.210.196.98 - - [02/Nov/2014:07:18:11 +0100] "GET / HTTP/1.0" 200 6704 "-" "Mozilla/5.0 (compatible; MJ12bot/v1.4.5; http://www.majestic12.co.uk/bot.php?+)"
208.115.111.73 - - [02/Nov/2014:07:59:36 +0100] "GET /kontakt.php HTTP/1.1" 200 6954 "-" "Mozilla/5.0 (compatible; DotBot/1.1; http://www.opensiteexplorer.org/dotbot, help@moz.com)"
157.55.39.187 - - [02/Nov/2014:09:23:36 +0100] "GET /robots.txt HTTP/1.1" 404 - "-" "Mozilla/5.0 (compatible; bingbot/2.0; +http://www.bing.com/bingbot.htm)"
144.76.155.8 - - [02/Nov/2014:09:37:25 +0100] "GET /download/Boecker_Autokrane.pdf HTTP/1.1" 200 1994740 "-" "Mozilla/5.0 (compatible; MSIE 10.0; Windows NT 6.1; Trident/4.0; InfoPath.2; SV1; .NET CLR 2.0.50727; WOW64)"
148.251.69.136 - - [02/Nov/2014:09:37:35 +0100] "GET /download/Boecker_Autokrane.pdf HTTP/1.1" 200 1994740 "-" "Mozilla/5.0 (X11; Ubuntu; Linux x86_64; rv:21.0) Gecko/20100101 Firefox/21.0"
157.55.39.188 - - [02/Nov/2014:09:46:28 +0100] "GET /robots.txt HTTP/1.1" 404 - "-" "Mozilla/5.0 (compatible; bingbot/2.0; +http://www.bing.com/bingbot.htm)"
157.55.39.207 - - [02/Nov/2014:09:49:36 +0100] "GET / HTTP/1.1" 200 6704 "-" "Mozilla/5.0 (compatible; bingbot/2.0; +http://www.bing.com/bingbot.htm)"
157.55.39.207 - - [02/Nov/2014:09:51:40 +0100] "GET /css/groeger.css HTTP/1.1" 200 5467 "-" "Mozilla/5.0 (compatible; bingbot/2.0; +http://www.bing.com/bingbot.htm)"
157.55.39.187 - - [02/Nov/2014:09:55:51 +0100] "GET / HTTP/1.1" 200 6704 "-" "Mozilla/5.0 (compatible; bingbot/2.0; +http://www.bing.com/bingbot.htm)"
188.165.15.90 - - [02/Nov/2014:10:33:37 +0100] "GET /impressum.php HTTP/1.1" 200 8128 "-" "Mozilla/5.0 (compatible; AhrefsBot/5.0; +http://ahrefs.com/robot/)"
157.55.39.207 - - [02/Nov/2014:10:56:26 +0100] "GET /css/groeger.css HTTP/1.1" 200 5467 "-" "Mozilla/5.0 (compatible; bingbot/2.0; +http://www.bing.com/bingbot.htm)"
157.55.39.207 - - [02/Nov/2014:12:47:06 +0100] "GET / HTTP/1.1" 200 6704 "-" "Mozilla/5.0 (compatible; bingbot/2.0; +http://www.bing.com/bingbot.htm)"
207.46.13.19 - - [02/Nov/2014:13:48:57 +0100] "GET /robots.txt HTTP/1.1" 404 - "-" "Mozilla/5.0 (compatible; bingbot/2.0; +http://www.bing.com/bingbot.htm)"
24.134.209.56 - - [02/Nov/2014:16:58:06 +0100] "GET / HTTP/1.1" 200 6704 "http://www.google.de/url?sa=t&rct=j&q=&esrc=s&source=web&cd=13&ved=0CH4QFjAM&url=http%3A%2F%2Fwww.groeger-bauaufzuege.de%2F&ei=dFRWVOWGH4St7Ab-qYGIBg&usg=AFQjCNFBXgtaJQ5GEULKJBrc_pmJTjvlmQ&bvm=bv.78677474,d.ZGU" "Mozilla/5.0 (Windows NT 6.0; rv:32.0) Gecko/20100101 Firefox/32.0"
24.134.209.56 - - [02/Nov/2014:16:58:06 +0100] "GET /swfobject.js HTTP/1.1" 200 6880 "http://www.groeger-bauaufzuege.de/" "Mozilla/5.0 (Windows NT 6.0; rv:32.0) Gecko/20100101 Firefox/32.0"
24.134.209.56 - - [02/Nov/2014:16:58:06 +0100] "GET /css/groeger.css HTTP/1.1" 200 5467 "http://www.groeger-bauaufzuege.de/" "Mozilla/5.0 (Windows NT 6.0; rv:32.0) Gecko/20100101 Firefox/32.0"
24.134.209.56 - - [02/Nov/2014:16:58:06 +0100] "GET /jquery.cross-slide.js HTTP/1.1" 200 11724 "http://www.groeger-bauaufzuege.de/" "Mozilla/5.0 (Windows NT 6.0; rv:32.0) Gecko/20100101 Firefox/32.0"
24.134.209.56 - - [02/Nov/2014:16:58:06 +0100] "GET /fancybox/jquery.fancybox-1.3.4.pack.js HTTP/1.1" 200 15624 "http://www.groeger-bauaufzuege.de/" "Mozilla/5.0 (Windows NT 6.0; rv:32.0) Gecko/20100101 Firefox/32.0"
24.134.209.56 - - [02/Nov/2014:16:58:06 +0100] "GET /fancybox/jquery.fancybox-1.3.4.css HTTP/1.1" 200 8494 "http://www.groeger-bauaufzuege.de/" "Mozilla/5.0 (Windows NT 6.0; rv:32.0) Gecko/20100101 Firefox/32.0"
24.134.209.56 - - [02/Nov/2014:16:58:06 +0100] "GET /img/favicon.gif HTTP/1.1" 200 119 "-" "Mozilla/5.0 (Windows NT 6.0; rv:32.0) Gecko/20100101 Firefox/32.0"
24.134.209.56 - - [02/Nov/2014:16:58:06 +0100] "GET /jquery-1.4.3.min.js HTTP/1.1" 200 77746 "http://www.groeger-bauaufzuege.de/" "Mozilla/5.0 (Windows NT 6.0; rv:32.0) Gecko/20100101 Firefox/32.0"
24.134.209.56 - - [02/Nov/2014:16:58:06 +0100] "GET /img/logo_groeger.gif HTTP/1.1" 200 3605 "http://www.groeger-bauaufzuege.de/" "Mozilla/5.0 (Windows NT 6.0; rv:32.0) Gecko/20100101 Firefox/32.0"
24.134.209.56 - - [02/Nov/2014:16:58:06 +0100] "GET /img/pfeil.png HTTP/1.1" 200 840 "http://www.groeger-bauaufzuege.de/" "Mozilla/5.0 (Windows NT 6.0; rv:32.0) Gecko/20100101 Firefox/32.0"
24.134.209.56 - - [02/Nov/2014:16:58:06 +0100] "GET /img/grauverlauf.png HTTP/1.1" 200 3242 "http://www.groeger-bauaufzuege.de/css/groeger.css" "Mozilla/5.0 (Windows NT 6.0; rv:32.0) Gecko/20100101 Firefox/32.0"
24.134.209.56 - - [02/Nov/2014:16:58:06 +0100] "GET /img/groeger_web.jpg HTTP/1.1" 200 10877 "http://www.groeger-bauaufzuege.de/css/groeger.css" "Mozilla/5.0 (Windows NT 6.0; rv:32.0) Gecko/20100101 Firefox/32.0"
24.134.209.56 - - [02/Nov/2014:16:58:06 +0100] "GET /img/bild_1.jpg HTTP/1.1" 200 34058 "http://www.groeger-bauaufzuege.de/" "Mozilla/5.0 (Windows NT 6.0; rv:32.0) Gecko/20100101 Firefox/32.0"
24.134.209.56 - - [02/Nov/2014:16:58:06 +0100] "GET /img/bild_2.jpg HTTP/1.1" 200 37224 "http://www.groeger-bauaufzuege.de/" "Mozilla/5.0 (Windows NT 6.0; rv:32.0) Gecko/20100101 Firefox/32.0"
24.134.209.56 - - [02/Nov/2014:16:58:06 +0100] "GET /img/bild_4.jpg HTTP/1.1" 200 31111 "http://www.groeger-bauaufzuege.de/" "Mozilla/5.0 (Windows NT 6.0; rv:32.0) Gecko/20100101 Firefox/32.0"
24.134.209.56 - - [02/Nov/2014:16:58:06 +0100] "GET /img/bild_3.jpg HTTP/1.1" 200 38007 "http://www.groeger-bauaufzuege.de/" "Mozilla/5.0 (Windows NT 6.0; rv:32.0) Gecko/20100101 Firefox/32.0"
24.134.209.56 - - [02/Nov/2014:16:58:17 +0100] "GET /verkauf.php HTTP/1.1" 200 6662 "http://www.groeger-bauaufzuege.de/" "Mozilla/5.0 (Windows NT 6.0; rv:32.0) Gecko/20100101 Firefox/32.0"
24.134.209.56 - - [02/Nov/2014:16:58:17 +0100] "GET /img/logo_geda.gif HTTP/1.1" 200 4337 "http://www.groeger-bauaufzuege.de/verkauf.php" "Mozilla/5.0 (Windows NT 6.0; rv:32.0) Gecko/20100101 Firefox/32.0"
24.134.209.56 - - [02/Nov/2014:16:58:17 +0100] "GET /img/logo_boecker.gif HTTP/1.1" 200 2974 "http://www.groeger-bauaufzuege.de/verkauf.php" "Mozilla/5.0 (Windows NT 6.0; rv:32.0) Gecko/20100101 Firefox/32.0"
24.134.209.56 - - [02/Nov/2014:16:58:17 +0100] "GET /img/logo_wfw.png HTTP/1.1" 200 2671 "http://www.groeger-bauaufzuege.de/verkauf.php" "Mozilla/5.0 (Windows NT 6.0; rv:32.0) Gecko/20100101 Firefox/32.0"
24.134.209.56 - - [02/Nov/2014:16:58:17 +0100] "GET /img/logo_steinbach.jpg HTTP/1.1" 200 9601 "http://www.groeger-bauaufzuege.de/verkauf.php" "Mozilla/5.0 (Windows NT 6.0; rv:32.0) Gecko/20100101 Firefox/32.0"
68.180.228.244 - - [02/Nov/2014:20:02:10 +0100] "GET /verkauf.php HTTP/1.1" 200 6662 "-" "Mozilla/5.0 (compatible; Yahoo! Slurp; http://help.yahoo.com/help/us/ysearch/slurp)"
188.165.15.160 - - [02/Nov/2014:20:12:40 +0100] "GET /img/DSC01494.jpg HTTP/1.1" 200 141092 "-" "Mozilla/5.0 (compatible; AhrefsBot/5.0; +http://ahrefs.com/robot/)"
78.50.166.160 - - [02/Nov/2014:20:12:59 +0100] "GET / HTTP/1.1" 200 6704 "-" "UserAgent: Apache-HttpClient/release (java 1.5)"
78.50.166.160 - - [02/Nov/2014:20:12:59 +0100] "GET /impressum.php HTTP/1.1" 200 8128 "-" "UserAgent: Apache-HttpClient/release (java 1.5)"
77.176.129.43 - - [02/Nov/2014:20:25:34 +0100] "GET / HTTP/1.1" 200 6704 "http://www.google.de/url?sa=t&rct=j&q=&esrc=s&source=web&cd=1&ved=0CCEQFjAA&url=http%3A%2F%2Fwww.groeger-bauaufzuege.de%2F&ei=JYVWVK_8HJDtaoSbgbAI&usg=AFQjCNFBXgtaJQ5GEULKJBrc_pmJTjvlmQ&bvm=bv.78677474,d.d2s" "Mozilla/5.0 (Windows NT 6.3; Trident/7.0; Touch; rv:11.0) like Gecko"
77.176.129.43 - - [02/Nov/2014:20:25:34 +0100] "GET /css/groeger.css HTTP/1.1" 200 5467 "http://www.groeger-bauaufzuege.de/" "Mozilla/5.0 (Windows NT 6.3; Trident/7.0; Touch; rv:11.0) like Gecko"
77.176.129.43 - - [02/Nov/2014:20:25:34 +0100] "GET /swfobject.js HTTP/1.1" 200 6880 "http://www.groeger-bauaufzuege.de/" "Mozilla/5.0 (Windows NT 6.3; Trident/7.0; Touch; rv:11.0) like Gecko"
77.176.129.43 - - [02/Nov/2014:20:25:34 +0100] "GET /jquery.cross-slide.js HTTP/1.1" 200 11724 "http://www.groeger-bauaufzuege.de/" "Mozilla/5.0 (Windows NT 6.3; Trident/7.0; Touch; rv:11.0) like Gecko"
77.176.129.43 - - [02/Nov/2014:20:25:34 +0100] "GET /fancybox/jquery.fancybox-1.3.4.pack.js HTTP/1.1" 200 15624 "http://www.groeger-bauaufzuege.de/" "Mozilla/5.0 (Windows NT 6.3; Trident/7.0; Touch; rv:11.0) like Gecko"
77.176.129.43 - - [02/Nov/2014:20:25:34 +0100] "GET /fancybox/jquery.fancybox-1.3.4.css HTTP/1.1" 200 8494 "http://www.groeger-bauaufzuege.de/" "Mozilla/5.0 (Windows NT 6.3; Trident/7.0; Touch; rv:11.0) like Gecko"
77.176.129.43 - - [02/Nov/2014:20:25:34 +0100] "GET /img/logo_groeger.gif HTTP/1.1" 200 3605 "http://www.groeger-bauaufzuege.de/" "Mozilla/5.0 (Windows NT 6.3; Trident/7.0; Touch; rv:11.0) like Gecko"
77.176.129.43 - - [02/Nov/2014:20:25:34 +0100] "GET /img/bild_1.jpg HTTP/1.1" 200 34058 "http://www.groeger-bauaufzuege.de/" "Mozilla/5.0 (Windows NT 6.3; Trident/7.0; Touch; rv:11.0) like Gecko"
77.176.129.43 - - [02/Nov/2014:20:25:34 +0100] "GET /img/pfeil.png HTTP/1.1" 200 840 "http://www.groeger-bauaufzuege.de/" "Mozilla/5.0 (Windows NT 6.3; Trident/7.0; Touch; rv:11.0) like Gecko"
77.176.129.43 - - [02/Nov/2014:20:25:34 +0100] "GET /jquery-1.4.3.min.js HTTP/1.1" 200 77746 "http://www.groeger-bauaufzuege.de/" "Mozilla/5.0 (Windows NT 6.3; Trident/7.0; Touch; rv:11.0) like Gecko"
77.176.129.43 - - [02/Nov/2014:20:25:35 +0100] "GET /img/bild_2.jpg HTTP/1.1" 200 37224 "http://www.groeger-bauaufzuege.de/" "Mozilla/5.0 (Windows NT 6.3; Trident/7.0; Touch; rv:11.0) like Gecko"
77.176.129.43 - - [02/Nov/2014:20:25:35 +0100] "GET /img/bild_3.jpg HTTP/1.1" 200 38007 "http://www.groeger-bauaufzuege.de/" "Mozilla/5.0 (Windows NT 6.3; Trident/7.0; Touch; rv:11.0) like Gecko"
77.176.129.43 - - [02/Nov/2014:20:25:35 +0100] "GET /img/bild_4.jpg HTTP/1.1" 200 31111 "http://www.groeger-bauaufzuege.de/" "Mozilla/5.0 (Windows NT 6.3; Trident/7.0; Touch; rv:11.0) like Gecko"
77.176.129.43 - - [02/Nov/2014:20:25:35 +0100] "GET /img/groeger_web.jpg HTTP/1.1" 200 10877 "http://www.groeger-bauaufzuege.de/" "Mozilla/5.0 (Windows NT 6.3; Trident/7.0; Touch; rv:11.0) like Gecko"
77.176.129.43 - - [02/Nov/2014:20:25:35 +0100] "GET /img/grauverlauf.png HTTP/1.1" 200 3242 "http://www.groeger-bauaufzuege.de/" "Mozilla/5.0 (Windows NT 6.3; Trident/7.0; Touch; rv:11.0) like Gecko"
77.176.129.43 - - [02/Nov/2014:20:25:35 +0100] "GET /fancybox/blank.gif HTTP/1.1" 200 43 "http://www.groeger-bauaufzuege.de/" "Mozilla/5.0 (Windows NT 6.3; Trident/7.0; Touch; rv:11.0) like Gecko"
77.176.129.43 - - [02/Nov/2014:20:25:35 +0100] "GET /fancybox/fancybox.png HTTP/1.1" 200 15287 "http://www.groeger-bauaufzuege.de/" "Mozilla/5.0 (Windows NT 6.3; Trident/7.0; Touch; rv:11.0) like Gecko"
77.176.129.43 - - [02/Nov/2014:20:25:35 +0100] "GET /fancybox/fancybox-x.png HTTP/1.1" 200 203 "http://www.groeger-bauaufzuege.de/" "Mozilla/5.0 (Windows NT 6.3; Trident/7.0; Touch; rv:11.0) like Gecko"
77.176.129.43 - - [02/Nov/2014:20:25:35 +0100] "GET /fancybox/fancybox-y.png HTTP/1.1" 200 176 "http://www.groeger-bauaufzuege.de/" "Mozilla/5.0 (Windows NT 6.3; Trident/7.0; Touch; rv:11.0) like Gecko"
77.176.129.43 - - [02/Nov/2014:20:25:35 +0100] "GET /img/favicon.gif HTTP/1.1" 200 119 "-" "Mozilla/5.0 (Windows NT 6.3; Trident/7.0; Touch; rv:11.0) like Gecko"
77.176.129.43 - - [02/Nov/2014:20:25:56 +0100] "GET /index.php HTTP/1.1" 200 6704 "http://www.groeger-bauaufzuege.de/" "Mozilla/5.0 (Windows NT 6.3; Trident/7.0; Touch; rv:11.0) like Gecko"
217.245.146.25 - - [02/Nov/2014:21:12:56 +0100] "GET /link/20130604 HTTP/1.1" 302 - "https://www.google.de/" "Mozilla/5.0 (Windows NT 6.1; WOW64) AppleWebKit/537.36 (KHTML, like Gecko) Chrome/38.0.2125.111 Safari/537.36"
217.245.146.25 - - [02/Nov/2014:21:12:57 +0100] "GET /download/Boecker_Autokrane.pdf HTTP/1.1" 200 1994740 "https://www.google.de/" "Mozilla/5.0 (Windows NT 6.1; WOW64) AppleWebKit/537.36 (KHTML, like Gecko) Chrome/38.0.2125.111 Safari/537.36"
217.245.146.25 - - [02/Nov/2014:21:12:57 +0100] "GET /download/Boecker_Autokrane.pdf HTTP/1.1" 206 32768 "http://www.groeger-bauaufzuege.de/download/Boecker_Autokrane.pdf" "Mozilla/5.0 (Windows NT 6.1; WOW64) AppleWebKit/537.36 (KHTML, like Gecko) Chrome/38.0.2125.111 Safari/537.36"
217.245.146.25 - - [02/Nov/2014:21:12:58 +0100] "GET /download/Boecker_Autokrane.pdf HTTP/1.1" 206 1961972 "http://www.groeger-bauaufzuege.de/download/Boecker_Autokrane.pdf" "Mozilla/5.0 (Windows NT 6.1; WOW64) AppleWebKit/537.36 (KHTML, like Gecko) Chrome/38.0.2125.111 Safari/537.36"
217.245.146.25 - - [02/Nov/2014:21:13:06 +0100] "GET /favicon.ico HTTP/1.1" 404 - "-" "Mozilla/5.0 (Windows NT 6.1; WOW64) AppleWebKit/537.36 (KHTML, like Gecko) Chrome/38.0.2125.111 Safari/537.36"
66.249.78.91 - - [02/Nov/2014:22:06:33 +0100] "GET /robots.txt HTTP/1.1" 404 - "-" "Mozilla/5.0 (compatible; Googlebot/2.1; +http://www.google.com/bot.html)"
66.249.78.91 - - [02/Nov/2014:22:06:33 +0100] "GET /kontakt.php HTTP/1.1" 200 6954 "-" "Mozilla/5.0 (compatible; Googlebot/2.1; +http://www.google.com/bot.html)"
157.55.39.105 - - [02/Nov/2014:23:13:12 +0100] "GET /robots.txt HTTP/1.1" 404 - "-" "Mozilla/5.0 (compatible; bingbot/2.0; +http://www.bing.com/bingbot.htm)"
66.249.78.91 - - [02/Nov/2014:23:20:51 +0100] "GET /angebote.php HTTP/1.1" 200 9739 "-" "Mozilla/5.0 (compatible; Googlebot/2.1; +http://www.google.com/bot.html)"
66.249.78.84 - - [02/Nov/2014:23:24:17 +0100] "GET /aktuelles.php HTTP/1.1" 200 13457 "-" "Mozilla/5.0 (compatible; Googlebot/2.1; +http://www.google.com/bot.html)"
157.55.39.29 - - [02/Nov/2014:23:26:38 +0100] "GET /robots.txt HTTP/1.1" 404 - "-" "Mozilla/5.0 (compatible; bingbot/2.0; +http://www.bing.com/bingbot.htm)"
208.115.113.89 - - [03/Nov/2014:00:26:42 +0100] "GET /robots.txt HTTP/1.1" 404 - "-" "Mozilla/5.0 (compatible; DotBot/1.1; http://www.opensiteexplorer.org/dotbot, help@moz.com)"
157.55.39.105 - - [03/Nov/2014:01:00:41 +0100] "GET / HTTP/1.1" 200 6704 "-" "Mozilla/5.0 (compatible; bingbot/2.0; +http://www.bing.com/bingbot.htm)"
144.76.201.69 - - [03/Nov/2014:01:26:41 +0100] "GET /unternehmen.php HTTP/1.1" 200 7208 "-" "Mozilla/5.0 (Windows NT 6.1; rv:21.0) Gecko/20130401 Firefox/21.0"
207.46.13.19 - - [03/Nov/2014:01:50:32 +0100] "GET /aktuelles.php HTTP/1.1" 200 13457 "-" "Mozilla/5.0 (compatible; bingbot/2.0; +http://www.bing.com/bingbot.htm)"
208.115.113.89 - - [03/Nov/2014:02:10:28 +0100] "GET /index.php HTTP/1.1" 200 6704 "-" "Mozilla/5.0 (compatible; DotBot/1.1; http://www.opensiteexplorer.org/dotbot, help@moz.com)"
157.55.39.29 - - [03/Nov/2014:02:26:06 +0100] "GET /robots.txt HTTP/1.1" 404 - "-" "Mozilla/5.0 (compatible; bingbot/2.0; +http://www.bing.com/bingbot.htm)"
157.55.39.29 - - [03/Nov/2014:02:34:20 +0100] "GET /unternehmen.php HTTP/1.1" 200 7208 "-" "Mozilla/5.0 (compatible; bingbot/2.0; +http://www.bing.com/bingbot.htm)"
93.186.202.253 - - [03/Nov/2014:02:44:57 +0100] "GET /impressum.php HTTP/1.1" 200 8128 "-" "Mozilla/5.0 (Windows NT 6.1) AppleWebKit/537.36 (KHTML, like Gecko) Chrome/27.0.1453.93 Safari/537.36"
93.186.202.253 - - [03/Nov/2014:02:44:58 +0100] "GET / HTTP/1.1" 200 6704 "-" "Mozilla/5.0 (Windows NT 6.1; rv:21.0) Gecko/20130401 Firefox/21.0"
93.186.202.253 - - [03/Nov/2014:02:44:59 +0100] "GET /kontakt.php HTTP/1.1" 200 6954 "-" "Mozilla/5.0 (X11; Linux i686; rv:21.0) Gecko/20100101 Firefox/21.0"
93.186.202.253 - - [03/Nov/2014:02:45:19 +0100] "GET /link/20130604 HTTP/1.1" 302 - "-" "Mozilla/5.0 (Windows NT 6.1; U;WOW64; de;rv:11.0) Gecko Firefox/11.0"
93.186.202.253 - - [03/Nov/2014:02:45:19 +0100] "GET /download/Boecker_Autokrane.pdf HTTP/1.1" 200 1994740 "-" "Mozilla/5.0 (Windows NT 6.1; U;WOW64; de;rv:11.0) Gecko Firefox/11.0"
208.43.251.180 - - [03/Nov/2014:02:59:41 +0100] "GET /robots.txt HTTP/1.1" 404 - "-" "Mozilla/5.0 (compatible; SiteExplorer/1.0b; +http://siteexplorer.info/)"
208.43.251.180 - - [03/Nov/2014:02:59:46 +0100] "GET /vermietung.php HTTP/1.1" 200 6527 "-" "Mozilla/5.0 (compatible; SiteExplorer/1.0b; +http://siteexplorer.info/)"
208.43.251.180 - - [03/Nov/2014:02:59:51 +0100] "GET /verkauf.php HTTP/1.1" 200 6662 "-" "Mozilla/5.0 (compatible; SiteExplorer/1.0b; +http://siteexplorer.info/)"
208.43.251.180 - - [03/Nov/2014:02:59:56 +0100] "GET /leistungen.php HTTP/1.1" 200 9023 "-" "Mozilla/5.0 (compatible; SiteExplorer/1.0b; +http://siteexplorer.info/)"
208.43.251.180 - - [03/Nov/2014:03:00:00 +0100] "GET /kontakt.php HTTP/1.1" 200 6954 "-" "Mozilla/5.0 (compatible; SiteExplorer/1.0b; +http://siteexplorer.info/)"
208.43.251.180 - - [03/Nov/2014:03:00:05 +0100] "GET /index.php HTTP/1.1" 200 6704 "-" "Mozilla/5.0 (compatible; SiteExplorer/1.0b; +http://siteexplorer.info/)"
208.43.251.180 - - [03/Nov/2014:03:00:10 +0100] "GET /impressum.php HTTP/1.1" 200 8128 "-" "Mozilla/5.0 (compatible; SiteExplorer/1.0b; +http://siteexplorer.info/)"
208.43.251.180 - - [03/Nov/2014:03:00:15 +0100] "GET /gebrauchtmaschinen.php HTTP/1.1" 200 6356 "-" "Mozilla/5.0 (compatible; SiteExplorer/1.0b; +http://siteexplorer.info/)"
208.43.251.180 - - [03/Nov/2014:03:00:20 +0100] "GET /aktuelles.php HTTP/1.1" 200 13457 "-" "Mozilla/5.0 (compatible; SiteExplorer/1.0b; +http://siteexplorer.info/)"
157.55.39.29 - - [03/Nov/2014:05:49:45 +0100] "GET /robots.txt HTTP/1.1" 404 - "-" "Mozilla/5.0 (compatible; bingbot/2.0; +http://www.bing.com/bingbot.htm)"
199.58.86.209 - - [03/Nov/2014:07:24:16 +0100] "GET /robots.txt HTTP/1.0" 404 - "-" "Mozilla/5.0 (compatible; MJ12bot/v1.4.5; http://www.majestic12.co.uk/bot.php?+)"
199.58.86.209 - - [03/Nov/2014:07:24:18 +0100] "GET / HTTP/1.0" 200 6704 "-" "Mozilla/5.0 (compatible; MJ12bot/v1.4.5; http://www.majestic12.co.uk/bot.php?+)"
178.255.215.70 - - [03/Nov/2014:08:39:22 +0100] "GET /robots.txt HTTP/1.1" 404 - "-" "Mozilla/5.0 (compatible; Exabot/3.0; +http://www.exabot.com/go/robot)"
178.255.215.70 - - [03/Nov/2014:08:39:22 +0100] "GET / HTTP/1.1" 200 6704 "-" "Mozilla/5.0 (compatible; Exabot/3.0; +http://www.exabot.com/go/robot)"
66.249.78.84 - - [03/Nov/2014:08:55:24 +0100] "GET /download/Newsletter_Groeger_2012-06.pdf HTTP/1.1" 200 309498 "-" "Mozilla/5.0 (iPhone; CPU iPhone OS 6_0 like Mac OS X) AppleWebKit/536.26 (KHTML, like Gecko) Version/6.0 Mobile/10A5376e Safari/8536.25 (compatible; Googlebot/2.1; +http://www.google.com/bot.html)"
66.249.78.84 - - [03/Nov/2014:09:30:28 +0100] "GET /download/Boecker_Angebote_Easyline.pdf HTTP/1.1" 304 - "-" "Mozilla/5.0 (iPhone; CPU iPhone OS 6_0 like Mac OS X) AppleWebKit/536.26 (KHTML, like Gecko) Version/6.0 Mobile/10A5376e Safari/8536.25 (compatible; Googlebot/2.1; +http://www.google.com/bot.html)"
66.249.78.84 - - [03/Nov/2014:09:33:50 +0100] "GET /angebote.php HTTP/1.1" 200 9739 "-" "SAMSUNG-SGH-E250/1.0 Profile/MIDP-2.0 Configuration/CLDC-1.1 UP.Browser/6.2.3.3.c.1.101 (GUI) MMP/2.0 (compatible; Googlebot-Mobile/2.1; +http://www.google.com/bot.html)"
66.249.78.98 - - [03/Nov/2014:09:37:57 +0100] "GET /download/Newsletter_Groeger_2013-04.pdf HTTP/1.1" 304 - "-" "Mozilla/5.0 (iPhone; CPU iPhone OS 6_0 like Mac OS X) AppleWebKit/536.26 (KHTML, like Gecko) Version/6.0 Mobile/10A5376e Safari/8536.25 (compatible; Googlebot/2.1; +http://www.google.com/bot.html)"
66.249.78.91 - - [03/Nov/2014:09:51:03 +0100] "GET /download/Newsletter_Groeger_2013-09.pdf HTTP/1.1" 304 - "-" "Mozilla/5.0 (iPhone; CPU iPhone OS 6_0 like Mac OS X) AppleWebKit/536.26 (KHTML, like Gecko) Version/6.0 Mobile/10A5376e Safari/8536.25 (compatible; Googlebot/2.1; +http://www.google.com/bot.html)"
93.196.236.17 - - [03/Nov/2014:11:31:48 +0100] "GET / HTTP/1.1" 200 6704 "http://www.google.de/url?sa=t&rct=j&q=&esrc=s&source=web&cd=1&sqi=2&ved=0CC4QFjAA&url=http%3A%2F%2Fwww.groeger-bauaufzuege.de%2F&ei=i1lXVJmPPIjvOfmygbgL&usg=AFQjCNFBXgtaJQ5GEULKJBrc_pmJTjvlmQ&bvm=bv.78677474,d.ZWU" "Mozilla/5.0 (Windows NT 6.1; Trident/7.0; rv:11.0) like Gecko"
93.196.236.17 - - [03/Nov/2014:11:31:48 +0100] "GET /swfobject.js HTTP/1.1" 200 6880 "http://www.groeger-bauaufzuege.de/" "Mozilla/5.0 (Windows NT 6.1; Trident/7.0; rv:11.0) like Gecko"
93.196.236.17 - - [03/Nov/2014:11:31:48 +0100] "GET /css/groeger.css HTTP/1.1" 200 5467 "http://www.groeger-bauaufzuege.de/" "Mozilla/5.0 (Windows NT 6.1; Trident/7.0; rv:11.0) like Gecko"
93.196.236.17 - - [03/Nov/2014:11:31:48 +0100] "GET /jquery.cross-slide.js HTTP/1.1" 200 11724 "http://www.groeger-bauaufzuege.de/" "Mozilla/5.0 (Windows NT 6.1; Trident/7.0; rv:11.0) like Gecko"
93.196.236.17 - - [03/Nov/2014:11:31:48 +0100] "GET /fancybox/jquery.fancybox-1.3.4.pack.js HTTP/1.1" 200 15624 "http://www.groeger-bauaufzuege.de/" "Mozilla/5.0 (Windows NT 6.1; Trident/7.0; rv:11.0) like Gecko"
93.196.236.17 - - [03/Nov/2014:11:31:48 +0100] "GET /fancybox/jquery.fancybox-1.3.4.css HTTP/1.1" 200 8494 "http://www.groeger-bauaufzuege.de/" "Mozilla/5.0 (Windows NT 6.1; Trident/7.0; rv:11.0) like Gecko"
93.196.236.17 - - [03/Nov/2014:11:31:48 +0100] "GET /img/logo_groeger.gif HTTP/1.1" 200 3605 "http://www.groeger-bauaufzuege.de/" "Mozilla/5.0 (Windows NT 6.1; Trident/7.0; rv:11.0) like Gecko"
93.196.236.17 - - [03/Nov/2014:11:31:48 +0100] "GET /img/bild_1.jpg HTTP/1.1" 200 34058 "http://www.groeger-bauaufzuege.de/" "Mozilla/5.0 (Windows NT 6.1; Trident/7.0; rv:11.0) like Gecko"
93.196.236.17 - - [03/Nov/2014:11:31:49 +0100] "GET /img/pfeil.png HTTP/1.1" 200 840 "http://www.groeger-bauaufzuege.de/" "Mozilla/5.0 (Windows NT 6.1; Trident/7.0; rv:11.0) like Gecko"
93.196.236.17 - - [03/Nov/2014:11:31:48 +0100] "GET /jquery-1.4.3.min.js HTTP/1.1" 200 77746 "http://www.groeger-bauaufzuege.de/" "Mozilla/5.0 (Windows NT 6.1; Trident/7.0; rv:11.0) like Gecko"
93.196.236.17 - - [03/Nov/2014:11:31:49 +0100] "GET /img/bild_2.jpg HTTP/1.1" 200 37224 "http://www.groeger-bauaufzuege.de/" "Mozilla/5.0 (Windows NT 6.1; Trident/7.0; rv:11.0) like Gecko"
93.196.236.17 - - [03/Nov/2014:11:31:49 +0100] "GET /img/bild_3.jpg HTTP/1.1" 200 38007 "http://www.groeger-bauaufzuege.de/" "Mozilla/5.0 (Windows NT 6.1; Trident/7.0; rv:11.0) like Gecko"
93.196.236.17 - - [03/Nov/2014:11:31:49 +0100] "GET /img/bild_4.jpg HTTP/1.1" 200 31111 "http://www.groeger-bauaufzuege.de/" "Mozilla/5.0 (Windows NT 6.1; Trident/7.0; rv:11.0) like Gecko"
93.196.236.17 - - [03/Nov/2014:11:31:49 +0100] "GET /img/favicon.gif HTTP/1.1" 200 119 "-" "Mozilla/5.0 (Windows NT 6.1; Trident/7.0; rv:11.0) like Gecko"
93.196.236.17 - - [03/Nov/2014:11:31:49 +0100] "GET /fancybox/blank.gif HTTP/1.1" 200 43 "http://www.groeger-bauaufzuege.de/" "Mozilla/5.0 (Windows NT 6.1; Trident/7.0; rv:11.0) like Gecko"
93.196.236.17 - - [03/Nov/2014:11:31:49 +0100] "GET /img/groeger_web.jpg HTTP/1.1" 200 10877 "http://www.groeger-bauaufzuege.de/" "Mozilla/5.0 (Windows NT 6.1; Trident/7.0; rv:11.0) like Gecko"
93.196.236.17 - - [03/Nov/2014:11:31:49 +0100] "GET /img/grauverlauf.png HTTP/1.1" 200 3242 "http://www.groeger-bauaufzuege.de/" "Mozilla/5.0 (Windows NT 6.1; Trident/7.0; rv:11.0) like Gecko"
93.196.236.17 - - [03/Nov/2014:11:31:54 +0100] "GET /impressum.php HTTP/1.1" 200 8128 "http://www.groeger-bauaufzuege.de/" "Mozilla/5.0 (Windows NT 6.1; Trident/7.0; rv:11.0) like Gecko"
208.115.111.73 - - [03/Nov/2014:14:25:27 +0100] "GET /robots.txt HTTP/1.1" 404 - "-" "Mozilla/5.0 (compatible; DotBot/1.1; http://www.opensiteexplorer.org/dotbot, help@moz.com)"
207.46.13.115 - - [03/Nov/2014:14:26:51 +0100] "GET /robots.txt HTTP/1.1" 404 - "-" "Mozilla/5.0 (compatible; bingbot/2.0; +http://www.bing.com/bingbot.htm)"
188.165.15.237 - - [03/Nov/2014:15:13:59 +0100] "GET /img/groeger_wartung.jpg HTTP/1.1" 200 15313 "-" "Mozilla/5.0 (compatible; AhrefsBot/5.0; +http://ahrefs.com/robot/)"
68.180.228.244 - - [03/Nov/2014:15:14:37 +0100] "GET /robots.txt HTTP/1.1" 404 - "-" "Mozilla/5.0 (compatible; Yahoo! Slurp; http://help.yahoo.com/help/us/ysearch/slurp)"
68.180.228.244 - - [03/Nov/2014:15:14:37 +0100] "GET /gebrauchtmaschinen.php HTTP/1.1" 200 6356 "-" "Mozilla/5.0 (compatible; Yahoo! Slurp; http://help.yahoo.com/help/us/ysearch/slurp)"
84.159.195.49 - - [03/Nov/2014:15:57:34 +0100] "GET / HTTP/1.1" 200 6704 "http://www.chamaeleon-gmbh.de/referenzen/groeger" "Mozilla/5.0 (Macintosh; Intel Mac OS X 10_6_8) AppleWebKit/534.59.10 (KHTML, like Gecko) Version/5.1.9 Safari/534.59.10"
84.159.195.49 - - [03/Nov/2014:15:57:34 +0100] "GET /fancybox/jquery.fancybox-1.3.4.css HTTP/1.1" 200 8494 "http://www.groeger-bauaufzuege.de/" "Mozilla/5.0 (Macintosh; Intel Mac OS X 10_6_8) AppleWebKit/534.59.10 (KHTML, like Gecko) Version/5.1.9 Safari/534.59.10"
84.159.195.49 - - [03/Nov/2014:15:57:34 +0100] "GET /fancybox/jquery.fancybox-1.3.4.pack.js HTTP/1.1" 200 15624 "http://www.groeger-bauaufzuege.de/" "Mozilla/5.0 (Macintosh; Intel Mac OS X 10_6_8) AppleWebKit/534.59.10 (KHTML, like Gecko) Version/5.1.9 Safari/534.59.10"
84.159.195.49 - - [03/Nov/2014:15:57:34 +0100] "GET /css/groeger.css HTTP/1.1" 200 5467 "http://www.groeger-bauaufzuege.de/" "Mozilla/5.0 (Macintosh; Intel Mac OS X 10_6_8) AppleWebKit/534.59.10 (KHTML, like Gecko) Version/5.1.9 Safari/534.59.10"
84.159.195.49 - - [03/Nov/2014:15:57:34 +0100] "GET /swfobject.js HTTP/1.1" 200 6880 "http://www.groeger-bauaufzuege.de/" "Mozilla/5.0 (Macintosh; Intel Mac OS X 10_6_8) AppleWebKit/534.59.10 (KHTML, like Gecko) Version/5.1.9 Safari/534.59.10"
84.159.195.49 - - [03/Nov/2014:15:57:34 +0100] "GET /jquery.cross-slide.js HTTP/1.1" 200 11724 "http://www.groeger-bauaufzuege.de/" "Mozilla/5.0 (Macintosh; Intel Mac OS X 10_6_8) AppleWebKit/534.59.10 (KHTML, like Gecko) Version/5.1.9 Safari/534.59.10"
84.159.195.49 - - [03/Nov/2014:15:57:34 +0100] "GET /jquery-1.4.3.min.js HTTP/1.1" 200 77746 "http://www.groeger-bauaufzuege.de/" "Mozilla/5.0 (Macintosh; Intel Mac OS X 10_6_8) AppleWebKit/534.59.10 (KHTML, like Gecko) Version/5.1.9 Safari/534.59.10"
84.159.195.49 - - [03/Nov/2014:15:57:34 +0100] "GET /img/pfeil.png HTTP/1.1" 200 840 "http://www.groeger-bauaufzuege.de/" "Mozilla/5.0 (Macintosh; Intel Mac OS X 10_6_8) AppleWebKit/534.59.10 (KHTML, like Gecko) Version/5.1.9 Safari/534.59.10"
84.159.195.49 - - [03/Nov/2014:15:57:34 +0100] "GET /img/groeger_web.jpg HTTP/1.1" 200 10877 "http://www.groeger-bauaufzuege.de/" "Mozilla/5.0 (Macintosh; Intel Mac OS X 10_6_8) AppleWebKit/534.59.10 (KHTML, like Gecko) Version/5.1.9 Safari/534.59.10"
84.159.195.49 - - [03/Nov/2014:15:57:34 +0100] "GET /img/bild_2.jpg HTTP/1.1" 200 37224 "http://www.groeger-bauaufzuege.de/" "Mozilla/5.0 (Macintosh; Intel Mac OS X 10_6_8) AppleWebKit/534.59.10 (KHTML, like Gecko) Version/5.1.9 Safari/534.59.10"
84.159.195.49 - - [03/Nov/2014:15:57:34 +0100] "GET /img/grauverlauf.png HTTP/1.1" 200 3242 "http://www.groeger-bauaufzuege.de/" "Mozilla/5.0 (Macintosh; Intel Mac OS X 10_6_8) AppleWebKit/534.59.10 (KHTML, like Gecko) Version/5.1.9 Safari/534.59.10"
84.159.195.49 - - [03/Nov/2014:15:57:34 +0100] "GET /img/bild_1.jpg HTTP/1.1" 200 34058 "http://www.groeger-bauaufzuege.de/" "Mozilla/5.0 (Macintosh; Intel Mac OS X 10_6_8) AppleWebKit/534.59.10 (KHTML, like Gecko) Version/5.1.9 Safari/534.59.10"
84.159.195.49 - - [03/Nov/2014:15:57:34 +0100] "GET /img/logo_groeger.gif HTTP/1.1" 200 3605 "http://www.groeger-bauaufzuege.de/" "Mozilla/5.0 (Macintosh; Intel Mac OS X 10_6_8) AppleWebKit/534.59.10 (KHTML, like Gecko) Version/5.1.9 Safari/534.59.10"
84.159.195.49 - - [03/Nov/2014:15:57:34 +0100] "GET /img/bild_3.jpg HTTP/1.1" 200 38007 "http://www.groeger-bauaufzuege.de/" "Mozilla/5.0 (Macintosh; Intel Mac OS X 10_6_8) AppleWebKit/534.59.10 (KHTML, like Gecko) Version/5.1.9 Safari/534.59.10"
84.159.195.49 - - [03/Nov/2014:15:57:34 +0100] "GET /img/bild_4.jpg HTTP/1.1" 200 31111 "http://www.groeger-bauaufzuege.de/" "Mozilla/5.0 (Macintosh; Intel Mac OS X 10_6_8) AppleWebKit/534.59.10 (KHTML, like Gecko) Version/5.1.9 Safari/534.59.10"
84.159.195.49 - - [03/Nov/2014:15:57:34 +0100] "GET /img/favicon.gif HTTP/1.1" 200 119 "http://www.groeger-bauaufzuege.de/" "Mozilla/5.0 (Macintosh; Intel Mac OS X 10_6_8) AppleWebKit/534.59.10 (KHTML, like Gecko) Version/5.1.9 Safari/534.59.10"
84.159.195.49 - - [03/Nov/2014:15:57:36 +0100] "GET /aktuelles.php HTTP/1.1" 200 13457 "http://www.groeger-bauaufzuege.de/" "Mozilla/5.0 (Macintosh; Intel Mac OS X 10_6_8) AppleWebKit/534.59.10 (KHTML, like Gecko) Version/5.1.9 Safari/534.59.10"
84.159.195.49 - - [03/Nov/2014:15:57:36 +0100] "GET /img/zarges-logo.gif HTTP/1.1" 200 1576 "http://www.groeger-bauaufzuege.de/aktuelles.php" "Mozilla/5.0 (Macintosh; Intel Mac OS X 10_6_8) AppleWebKit/534.59.10 (KHTML, like Gecko) Version/5.1.9 Safari/534.59.10"
84.159.195.49 - - [03/Nov/2014:15:57:36 +0100] "GET /img/groeger-servicearbeit.jpg HTTP/1.1" 200 36976 "http://www.groeger-bauaufzuege.de/aktuelles.php" "Mozilla/5.0 (Macintosh; Intel Mac OS X 10_6_8) AppleWebKit/534.59.10 (KHTML, like Gecko) Version/5.1.9 Safari/534.59.10"
84.159.195.49 - - [03/Nov/2014:15:57:36 +0100] "GET /img/Newsletter_Groeger_2013-06.png HTTP/1.1" 200 23068 "http://www.groeger-bauaufzuege.de/aktuelles.php" "Mozilla/5.0 (Macintosh; Intel Mac OS X 10_6_8) AppleWebKit/534.59.10 (KHTML, like Gecko) Version/5.1.9 Safari/534.59.10"
84.159.195.49 - - [03/Nov/2014:15:57:36 +0100] "GET /img/Newsletter_Groeger_2013-09.jpg HTTP/1.1" 200 21455 "http://www.groeger-bauaufzuege.de/aktuelles.php" "Mozilla/5.0 (Macintosh; Intel Mac OS X 10_6_8) AppleWebKit/534.59.10 (KHTML, like Gecko) Version/5.1.9 Safari/534.59.10"
208.115.111.73 - - [03/Nov/2014:16:04:02 +0100] "GET /unternehmen.php HTTP/1.1" 200 7208 "-" "Mozilla/5.0 (compatible; DotBot/1.1; http://www.opensiteexplorer.org/dotbot, help@moz.com)"
84.159.195.49 - - [03/Nov/2014:16:17:12 +0100] "GET /aktuelles.php HTTP/1.1" 200 13457 "http://www.groeger-bauaufzuege.de/aktuelles.php" "Mozilla/5.0 (Macintosh; Intel Mac OS X 10_6_8) AppleWebKit/534.59.10 (KHTML, like Gecko) Version/5.1.9 Safari/534.59.10"
121.205.242.198 - - [03/Nov/2014:16:21:27 +0100] "HEAD /fckeditor/editor/filemanager/connectors/aspx/upload.aspx HTTP/1.1" 404 - "-" "-"
121.205.242.198 - - [03/Nov/2014:16:21:27 +0100] "HEAD /fckeditor/editor/filemanager/connectors/asp/upload.asp HTTP/1.1" 404 - "-" "-"
121.205.242.198 - - [03/Nov/2014:16:21:28 +0100] "HEAD /fckeditor/editor/filemanager/connectors/php/upload.php HTTP/1.1" 404 - "-" "-"
121.205.242.198 - - [03/Nov/2014:16:21:28 +0100] "HEAD /fckeditor/editor/filemanager/upload/aspx/upload.aspx HTTP/1.1" 404 - "-" "-"
121.205.242.198 - - [03/Nov/2014:16:21:29 +0100] "HEAD /fckeditor/editor/filemanager/upload/asp/upload.asp HTTP/1.1" 404 - "-" "-"
121.205.242.198 - - [03/Nov/2014:16:21:29 +0100] "HEAD /fckeditor/editor/filemanager/upload/php/upload.php HTTP/1.1" 404 - "-" "-"
121.205.242.198 - - [03/Nov/2014:16:21:29 +0100] "HEAD /fckeditor/editor/filemanager/connectors/aspx/connector.aspx HTTP/1.1" 404 - "-" "-"
121.205.242.198 - - [03/Nov/2014:16:21:30 +0100] "HEAD /fckeditor/editor/filemanager/connectors/asp/connector.asp HTTP/1.1" 404 - "-" "-"
121.205.242.198 - - [03/Nov/2014:16:21:30 +0100] "HEAD /fckeditor/editor/filemanager/connectors/php/connector.php HTTP/1.1" 404 - "-" "-"
121.205.242.198 - - [03/Nov/2014:16:21:30 +0100] "HEAD /fckeditor/editor/filemanager/browser/default/connectors/asp/connector.asp HTTP/1.1" 404 - "-" "-"
121.205.242.198 - - [03/Nov/2014:16:21:31 +0100] "HEAD /fckeditor/editor/filemanager/browser/default/connectors/php/connector.php HTTP/1.1" 404 - "-" "-"
121.205.242.198 - - [03/Nov/2014:16:21:31 +0100] "HEAD /fckeditor/editor/filemanager/browser/default/connectors/aspx/connector.aspx HTTP/1.1" 404 - "-" "-"
121.205.242.198 - - [03/Nov/2014:16:21:32 +0100] "HEAD /includes/fckeditor/editor/filemanager/browser/default/connectors/aspx/connector.aspx HTTP/1.1" 404 - "-" "-"
121.205.242.198 - - [03/Nov/2014:16:21:32 +0100] "HEAD /includes/fckeditor/editor/filemanager/connectors/aspx/upload.aspx HTTP/1.1" 404 - "-" "-"
121.205.242.198 - - [03/Nov/2014:16:21:32 +0100] "HEAD /includes/fckeditor/editor/filemanager/connectors/asp/upload.asp HTTP/1.1" 404 - "-" "-"
121.205.242.198 - - [03/Nov/2014:16:21:33 +0100] "HEAD /includes/fckeditor/editor/filemanager/connectors/php/upload.php HTTP/1.1" 404 - "-" "-"
121.205.242.198 - - [03/Nov/2014:16:21:33 +0100] "HEAD /includes/fckeditor/editor/filemanager/upload/aspx/upload.aspx HTTP/1.1" 404 - "-" "-"
121.205.242.198 - - [03/Nov/2014:16:21:33 +0100] "HEAD /includes/fckeditor/editor/filemanager/upload/asp/upload.asp HTTP/1.1" 404 - "-" "-"
121.205.242.198 - - [03/Nov/2014:16:21:34 +0100] "HEAD /includes/fckeditor/editor/filemanager/upload/php/upload.php HTTP/1.1" 404 - "-" "-"
121.205.242.198 - - [03/Nov/2014:16:21:34 +0100] "HEAD /includes/fckeditor/editor/filemanager/connectors/aspx/connector.aspx HTTP/1.1" 404 - "-" "-"
121.205.242.198 - - [03/Nov/2014:16:21:35 +0100] "HEAD /includes/fckeditor/editor/filemanager/connectors/asp/connector.asp HTTP/1.1" 404 - "-" "-"
121.205.242.198 - - [03/Nov/2014:16:21:35 +0100] "HEAD /includes/fckeditor/editor/filemanager/connectors/php/connector.php HTTP/1.1" 404 - "-" "-"
121.205.242.198 - - [03/Nov/2014:16:21:35 +0100] "HEAD /includes/fckeditor/editor/filemanager/browser/default/connectors/asp/connector.asp HTTP/1.1" 404 - "-" "-"
121.205.242.198 - - [03/Nov/2014:16:21:36 +0100] "HEAD /includes/fckeditor/editor/filemanager/browser/default/connectors/php/connector.php HTTP/1.1" 404 - "-" "-"
121.205.242.198 - - [03/Nov/2014:16:21:36 +0100] "HEAD /admin/fckeditor/editor/filemanager/browser/default/connectors/aspx/connector.aspx HTTP/1.1" 404 - "-" "-"
121.205.242.198 - - [03/Nov/2014:16:21:36 +0100] "HEAD /admin/fckeditor/editor/filemanager/browser/default/connectors/asp/connector.asp HTTP/1.1" 404 - "-" "-"
121.205.242.198 - - [03/Nov/2014:16:21:37 +0100] "HEAD /admin/fckeditor/editor/filemanager/browser/default/connectors/php/connector.php HTTP/1.1" 404 - "-" "-"
121.205.242.198 - - [03/Nov/2014:16:21:37 +0100] "HEAD /admin/fckeditor/editor/filemanager/connectors/aspx/connector.aspx HTTP/1.1" 404 - "-" "-"
121.205.242.198 - - [03/Nov/2014:16:21:37 +0100] "HEAD /admin/fckeditor/editor/filemanager/connectors/asp/connector.asp HTTP/1.1" 404 - "-" "-"
121.205.242.198 - - [03/Nov/2014:16:21:38 +0100] "HEAD /admin/fckeditor/editor/filemanager/connectors/php/connector.php HTTP/1.1" 404 - "-" "-"
121.205.242.198 - - [03/Nov/2014:16:21:38 +0100] "HEAD /admin/fckeditor/editor/filemanager/connectors/aspx/upload.aspx HTTP/1.1" 404 - "-" "-"
121.205.242.198 - - [03/Nov/2014:16:21:39 +0100] "HEAD /admin/fckeditor/editor/filemanager/connectors/asp/upload.asp HTTP/1.1" 404 - "-" "-"
121.205.242.198 - - [03/Nov/2014:16:21:39 +0100] "HEAD /admin/fckeditor/editor/filemanager/connectors/php/upload.php HTTP/1.1" 404 - "-" "-"
121.205.242.198 - - [03/Nov/2014:16:21:39 +0100] "HEAD /admin/fckeditor/editor/filemanager/upload/aspx/upload.aspx HTTP/1.1" 404 - "-" "-"
121.205.242.198 - - [03/Nov/2014:16:21:40 +0100] "HEAD /admin/fckeditor/editor/filemanager/upload/asp/upload.asp HTTP/1.1" 404 - "-" "-"
121.205.242.198 - - [03/Nov/2014:16:21:40 +0100] "HEAD /admin/fckeditor/editor/filemanager/upload/php/upload.php HTTP/1.1" 404 - "-" "-"
121.205.242.198 - - [03/Nov/2014:16:21:40 +0100] "HEAD /ckeditor/ckfinder/core/connector/asp/connector.asp HTTP/1.1" 404 - "-" "-"
121.205.242.198 - - [03/Nov/2014:16:21:41 +0100] "HEAD /ckeditor/ckfinder/core/connector/php/connector.php HTTP/1.1" 404 - "-" "-"
121.205.242.198 - - [03/Nov/2014:16:21:41 +0100] "HEAD /ckeditor/ckfinder/core/connector/aspx/connector.aspx HTTP/1.1" 404 - "-" "-"
