157.55.39.163 - - [01/Nov/2014:03:21:52 +0100] "GET /robots.txt HTTP/1.1" 404 1256 "-" "Mozilla/5.0 (compatible; bingbot/2.0; +http://www.bing.com/bingbot.htm)"
157.55.39.163 - - [01/Nov/2014:03:22:01 +0100] "GET /?N=D HTTP/1.1" 304 - "-" "Mozilla/5.0 (compatible; bingbot/2.0; +http://www.bing.com/bingbot.htm)"
157.55.39.130 - - [02/Nov/2014:07:27:00 +0100] "GET /robots.txt HTTP/1.1" 404 1256 "-" "Mozilla/5.0 (compatible; bingbot/2.0; +http://www.bing.com/bingbot.htm)"
66.249.78.193 - - [03/Nov/2014:09:45:02 +0100] "GET /robots.txt HTTP/1.1" 404 1256 "-" "Mozilla/5.0 (compatible; Googlebot/2.1; +http://www.google.com/bot.html)"
66.249.78.193 - - [03/Nov/2014:09:45:02 +0100] "GET / HTTP/1.1" 200 1255 "-" "Mozilla/5.0 (iPhone; CPU iPhone OS 6_0 like Mac OS X) AppleWebKit/536.26 (KHTML, like Gecko) Version/6.0 Mobile/10A5376e Safari/8536.25 (compatible; Googlebot/2.1; +http://www.google.com/bot.html)"
157.55.39.5 - - [03/Nov/2014:12:02:51 +0100] "GET /robots.txt HTTP/1.1" 404 1256 "-" "Mozilla/5.0 (compatible; bingbot/2.0; +http://www.bing.com/bingbot.htm)"
157.55.39.5 - - [03/Nov/2014:14:57:17 +0100] "GET / HTTP/1.1" 200 1255 "-" "Mozilla/5.0 (compatible; bingbot/2.0; +http://www.bing.com/bingbot.htm)"
157.55.39.5 - - [04/Nov/2014:02:52:22 +0100] "GET /robots.txt HTTP/1.1" 404 1256 "-" "Mozilla/5.0 (compatible; bingbot/2.0; +http://www.bing.com/bingbot.htm)"
157.55.39.5 - - [04/Nov/2014:05:44:57 +0100] "GET /robots.txt HTTP/1.1" 404 1256 "-" "Mozilla/5.0 (compatible; bingbot/2.0; +http://www.bing.com/bingbot.htm)"
157.55.39.9 - - [05/Nov/2014:00:28:00 +0100] "GET / HTTP/1.1" 200 1255 "-" "Mozilla/5.0 (compatible; bingbot/2.0; +http://www.bing.com/bingbot.htm)"
157.55.39.209 - - [06/Nov/2014:01:19:34 +0100] "GET /robots.txt HTTP/1.1" 404 1256 "-" "Mozilla/5.0 (compatible; bingbot/2.0; +http://www.bing.com/bingbot.htm)"
157.55.39.209 - - [06/Nov/2014:02:03:13 +0100] "GET / HTTP/1.1" 200 1255 "-" "Mozilla/5.0 (compatible; bingbot/2.0; +http://www.bing.com/bingbot.htm)"
157.55.39.209 - - [07/Nov/2014:00:14:46 +0100] "GET /robots.txt HTTP/1.1" 404 1256 "-" "Mozilla/5.0 (compatible; bingbot/2.0; +http://www.bing.com/bingbot.htm)"
157.55.39.209 - - [07/Nov/2014:00:14:52 +0100] "GET / HTTP/1.1" 200 1255 "-" "Mozilla/5.0 (compatible; bingbot/2.0; +http://www.bing.com/bingbot.htm)"
157.55.39.209 - - [07/Nov/2014:16:39:00 +0100] "GET / HTTP/1.1" 200 1255 "-" "Mozilla/5.0 (compatible; bingbot/2.0; +http://www.bing.com/bingbot.htm)"
157.55.39.191 - - [08/Nov/2014:10:04:25 +0100] "GET /?N=A HTTP/1.1" 304 - "-" "Mozilla/5.0 (compatible; bingbot/2.0; +http://www.bing.com/bingbot.htm)"
157.55.39.209 - - [08/Nov/2014:20:09:01 +0100] "GET / HTTP/1.1" 200 1255 "-" "Mozilla/5.0 (compatible; bingbot/2.0; +http://www.bing.com/bingbot.htm)"
157.55.39.209 - - [09/Nov/2014:22:52:14 +0100] "GET /robots.txt HTTP/1.1" 404 1256 "-" "Mozilla/5.0 (compatible; bingbot/2.0; +http://www.bing.com/bingbot.htm)"
157.55.39.209 - - [09/Nov/2014:22:52:29 +0100] "GET / HTTP/1.1" 200 1255 "-" "Mozilla/5.0 (compatible; bingbot/2.0; +http://www.bing.com/bingbot.htm)"
157.55.39.209 - - [10/Nov/2014:21:05:17 +0100] "GET / HTTP/1.1" 200 1255 "-" "Mozilla/5.0 (compatible; bingbot/2.0; +http://www.bing.com/bingbot.htm)"
141.8.147.12 - - [11/Nov/2014:09:29:53 +0100] "GET /robots.txt HTTP/1.1" 404 1256 "-" "Mozilla/5.0 (compatible; YandexBot/3.0; +http://yandex.com/bots)"
141.8.147.12 - - [11/Nov/2014:11:38:34 +0100] "GET / HTTP/1.1" 200 1255 "-" "Mozilla/5.0 (compatible; YandexBot/3.0; +http://yandex.com/bots)"
66.249.67.80 - - [11/Nov/2014:22:07:33 +0100] "GET /robots.txt HTTP/1.1" 404 1256 "-" "Mozilla/5.0 (compatible; Googlebot/2.1; +http://www.google.com/bot.html)"
66.249.67.80 - - [11/Nov/2014:22:07:33 +0100] "GET / HTTP/1.1" 200 1255 "-" "Mozilla/5.0 (iPhone; CPU iPhone OS 6_0 like Mac OS X) AppleWebKit/536.26 (KHTML, like Gecko) Version/6.0 Mobile/10A5376e Safari/8536.25 (compatible; Googlebot/2.1; +http://www.google.com/bot.html)"
207.46.13.37 - - [12/Nov/2014:04:13:03 +0100] "GET /robots.txt HTTP/1.1" 404 1256 "-" "Mozilla/5.0 (compatible; bingbot/2.0; +http://www.bing.com/bingbot.htm)"
207.46.13.37 - - [12/Nov/2014:07:38:13 +0100] "GET / HTTP/1.1" 200 1255 "-" "Mozilla/5.0 (compatible; bingbot/2.0; +http://www.bing.com/bingbot.htm)"
207.46.13.37 - - [12/Nov/2014:09:56:59 +0100] "GET /robots.txt HTTP/1.1" 404 1256 "-" "Mozilla/5.0 (compatible; bingbot/2.0; +http://www.bing.com/bingbot.htm)"
207.46.13.37 - - [12/Nov/2014:09:57:05 +0100] "GET / HTTP/1.1" 200 1255 "-" "Mozilla/5.0 (compatible; bingbot/2.0; +http://www.bing.com/bingbot.htm)"
141.8.147.12 - - [12/Nov/2014:17:30:32 +0100] "GET /robots.txt HTTP/1.1" 404 1256 "-" "Mozilla/5.0 (compatible; YandexBot/3.0; +http://yandex.com/bots)"
95.26.191.123 - - [12/Nov/2014:21:29:34 +0100] "GET / HTTP/1.1" 200 1255 "http://yandex.ru/yandsearch?text=ich+habe+ein+problem.&lr=213" "Mozilla/5.0 (Windows NT 5.1) AppleWebKit/537.36 (KHTML, like Gecko) Chrome/31.0.1650.63 Safari/537.36"
141.8.147.12 - - [12/Nov/2014:22:52:46 +0100] "GET / HTTP/1.1" 200 1255 "-" "Mozilla/5.0 (compatible; YandexBot/3.0; +http://yandex.com/bots)"
64.246.161.42 - - [13/Nov/2014:10:18:59 +0100] "GET /robots.txt HTTP/1.0" 404 1256 "-" "Mozilla/5.0 (Windows; U; Windows NT 5.1; en; rv:1.9.0.13) Gecko/2009073022 Firefox/3.5.2 (.NET CLR 3.5.30729) SurveyBot/2.3 (DomainTools)"
64.246.161.42 - - [13/Nov/2014:10:19:00 +0100] "GET / HTTP/1.1" 200 1255 "http://whois.domaintools.com/ich-habe-ein-problem.de" "Mozilla/5.0 (Windows; U; Windows NT 5.1; en; rv:1.9.0.13) Gecko/2009073022 Firefox/3.5.2 (.NET CLR 3.5.30729) SurveyBot/2.3 (DomainTools)"
207.46.13.101 - - [13/Nov/2014:11:58:27 +0100] "GET /robots.txt HTTP/1.1" 404 1256 "-" "Mozilla/5.0 (compatible; bingbot/2.0; +http://www.bing.com/bingbot.htm)"
207.46.13.101 - - [13/Nov/2014:11:59:11 +0100] "GET / HTTP/1.1" 200 1255 "-" "Mozilla/5.0 (compatible; bingbot/2.0; +http://www.bing.com/bingbot.htm)"
95.24.161.34 - - [13/Nov/2014:14:53:11 +0100] "GET / HTTP/1.1" 200 1255 "http://yandex.ru/yandsearch?text=ich+habe+ein+problem.&lr=213" "Mozilla/5.0 (compatible; MSIE 10.0; Windows NT 6.1; WOW64; Trident/6.0; MATMJS)"
157.55.39.192 - - [13/Nov/2014:19:55:16 +0100] "GET /robots.txt HTTP/1.1" 404 1256 "-" "Mozilla/5.0 (compatible; bingbot/2.0; +http://www.bing.com/bingbot.htm)"
157.55.39.192 - - [13/Nov/2014:19:55:22 +0100] "GET /?M=D HTTP/1.1" 304 - "-" "Mozilla/5.0 (compatible; bingbot/2.0; +http://www.bing.com/bingbot.htm)"
141.8.147.12 - - [13/Nov/2014:23:51:58 +0100] "GET /robots.txt HTTP/1.1" 404 1256 "-" "Mozilla/5.0 (compatible; YandexBot/3.0; +http://yandex.com/bots)"
141.8.147.12 - - [14/Nov/2014:05:06:04 +0100] "GET / HTTP/1.1" 200 1255 "-" "Mozilla/5.0 (compatible; YandexBot/3.0; +http://yandex.com/bots)"
207.46.13.70 - - [14/Nov/2014:12:47:13 +0100] "GET /robots.txt HTTP/1.1" 404 1256 "-" "Mozilla/5.0 (compatible; bingbot/2.0; +http://www.bing.com/bingbot.htm)"
207.46.13.70 - - [14/Nov/2014:12:47:15 +0100] "GET / HTTP/1.1" 200 1255 "-" "Mozilla/5.0 (compatible; bingbot/2.0; +http://www.bing.com/bingbot.htm)"
95.25.165.44 - - [14/Nov/2014:20:02:42 +0100] "GET / HTTP/1.1" 200 1255 "http://yandex.ru/yandsearch?text=ich+habe+ein+problem.&lr=213" "Mozilla/5.0 (Windows NT 5.1) AppleWebKit/537.36 (KHTML, like Gecko) Chrome/31.0.1650.63 Safari/537.36"
141.8.147.12 - - [15/Nov/2014:00:44:39 +0100] "GET /robots.txt HTTP/1.1" 404 1256 "-" "Mozilla/5.0 (compatible; YandexBot/3.0; +http://yandex.com/bots)"
141.8.147.12 - - [15/Nov/2014:03:05:57 +0100] "GET / HTTP/1.1" 200 1255 "-" "Mozilla/5.0 (compatible; YandexBot/3.0; +http://yandex.com/bots)"
141.8.147.12 - - [15/Nov/2014:12:03:08 +0100] "GET /robots.txt HTTP/1.1" 404 1256 "-" "Mozilla/5.0 (compatible; YandexBot/3.0; +http://yandex.com/bots)"
207.46.13.70 - - [15/Nov/2014:14:14:17 +0100] "GET /robots.txt HTTP/1.1" 404 1256 "-" "Mozilla/5.0 (compatible; bingbot/2.0; +http://www.bing.com/bingbot.htm)"
207.46.13.70 - - [15/Nov/2014:14:14:28 +0100] "GET / HTTP/1.1" 200 1255 "-" "Mozilla/5.0 (compatible; bingbot/2.0; +http://www.bing.com/bingbot.htm)"
157.55.39.191 - - [15/Nov/2014:21:28:23 +0100] "GET /robots.txt HTTP/1.1" 404 1256 "-" "Mozilla/5.0 (compatible; bingbot/2.0; +http://www.bing.com/bingbot.htm)"
157.55.39.191 - - [15/Nov/2014:21:28:28 +0100] "GET /?D=D HTTP/1.1" 304 - "-" "Mozilla/5.0 (compatible; bingbot/2.0; +http://www.bing.com/bingbot.htm)"
141.8.147.12 - - [16/Nov/2014:00:21:00 +0100] "GET /robots.txt HTTP/1.1" 404 1256 "-" "Mozilla/5.0 (compatible; YandexBot/3.0; +http://yandex.com/bots)"
141.8.147.12 - - [16/Nov/2014:02:29:29 +0100] "GET / HTTP/1.1" 200 1255 "-" "Mozilla/5.0 (compatible; YandexBot/3.0; +http://yandex.com/bots)"
207.46.13.70 - - [16/Nov/2014:11:13:34 +0100] "GET /robots.txt HTTP/1.1" 404 1256 "-" "Mozilla/5.0 (compatible; bingbot/2.0; +http://www.bing.com/bingbot.htm)"
207.46.13.70 - - [16/Nov/2014:11:13:41 +0100] "GET / HTTP/1.1" 200 1255 "-" "Mozilla/5.0 (compatible; bingbot/2.0; +http://www.bing.com/bingbot.htm)"
207.46.13.70 - - [17/Nov/2014:01:51:44 +0100] "GET /robots.txt HTTP/1.1" 404 1256 "-" "Mozilla/5.0 (compatible; bingbot/2.0; +http://www.bing.com/bingbot.htm)"
207.46.13.70 - - [17/Nov/2014:01:51:50 +0100] "GET / HTTP/1.1" 304 - "-" "Mozilla/5.0 (compatible; bingbot/2.0; +http://www.bing.com/bingbot.htm)"
141.8.147.12 - - [17/Nov/2014:07:28:43 +0100] "GET /robots.txt HTTP/1.1" 404 1256 "-" "Mozilla/5.0 (compatible; YandexBot/3.0; +http://yandex.com/bots)"
207.46.13.70 - - [17/Nov/2014:08:41:37 +0100] "GET / HTTP/1.1" 200 1255 "-" "Mozilla/5.0 (compatible; bingbot/2.0; +http://www.bing.com/bingbot.htm)"
141.8.147.12 - - [17/Nov/2014:10:11:04 +0100] "GET / HTTP/1.1" 200 1255 "-" "Mozilla/5.0 (compatible; YandexBot/3.0; +http://yandex.com/bots)"
207.46.13.70 - - [17/Nov/2014:14:31:03 +0100] "GET /robots.txt HTTP/1.1" 404 1256 "-" "Mozilla/5.0 (compatible; bingbot/2.0; +http://www.bing.com/bingbot.htm)"
207.46.13.70 - - [17/Nov/2014:14:31:08 +0100] "GET / HTTP/1.1" 304 - "-" "Mozilla/5.0 (compatible; bingbot/2.0; +http://www.bing.com/bingbot.htm)"
207.46.13.86 - - [18/Nov/2014:01:25:39 +0100] "GET /?S=A HTTP/1.1" 304 - "-" "Mozilla/5.0 (compatible; bingbot/2.0; +http://www.bing.com/bingbot.htm)"
141.8.147.12 - - [18/Nov/2014:10:41:02 +0100] "GET /robots.txt HTTP/1.1" 404 1256 "-" "Mozilla/5.0 (compatible; YandexBot/3.0; +http://yandex.com/bots)"
66.249.78.193 - - [18/Nov/2014:10:47:02 +0100] "GET /robots.txt HTTP/1.1" 404 1256 "-" "Mozilla/5.0 (compatible; Googlebot/2.1; +http://www.google.com/bot.html)"
66.249.78.179 - - [18/Nov/2014:10:47:02 +0100] "GET / HTTP/1.1" 200 1255 "-" "Mozilla/5.0 (iPhone; CPU iPhone OS 6_0 like Mac OS X) AppleWebKit/536.26 (KHTML, like Gecko) Version/6.0 Mobile/10A5376e Safari/8536.25 (compatible; Googlebot/2.1; +http://www.google.com/bot.html)"
141.8.147.12 - - [18/Nov/2014:15:06:24 +0100] "GET / HTTP/1.1" 200 1255 "-" "Mozilla/5.0 (compatible; YandexBot/3.0; +http://yandex.com/bots)"
207.46.13.70 - - [18/Nov/2014:15:39:16 +0100] "GET /robots.txt HTTP/1.1" 404 1256 "-" "Mozilla/5.0 (compatible; bingbot/2.0; +http://www.bing.com/bingbot.htm)"
207.46.13.70 - - [18/Nov/2014:15:39:41 +0100] "GET / HTTP/1.1" 200 1255 "-" "Mozilla/5.0 (compatible; bingbot/2.0; +http://www.bing.com/bingbot.htm)"
93.80.136.18 - - [18/Nov/2014:19:45:37 +0100] "GET / HTTP/1.1" 200 1255 "http://yandex.ru/yandsearch?text=ich+habe+ein+problem.&lr=213" "Mozilla/5.0 (Windows NT 5.1) AppleWebKit/537.36 (KHTML, like Gecko) Chrome/31.0.1650.63 Safari/537.36"
176.15.142.83 - - [19/Nov/2014:06:06:48 +0100] "GET / HTTP/1.1" 200 1255 "http://yandex.ru/yandsearch?text=ich+habe+ein+problem.&lr=213" "Mozilla/5.0 (compatible; MSIE 9.0; Windows NT 6.1; Win64; x64; Trident/5.0)"
95.28.82.176 - - [19/Nov/2014:16:44:18 +0100] "GET / HTTP/1.1" 200 1255 "http://yandex.ru/yandsearch?text=ich+habe+ein+problem.&lr=213" "Mozilla/5.0 (compatible; MSIE 9.0; Windows NT 6.1; Win64; x64; Trident/5.0)"
141.8.147.12 - - [19/Nov/2014:17:42:34 +0100] "GET /robots.txt HTTP/1.1" 404 1256 "-" "Mozilla/5.0 (compatible; YandexBot/3.0; +http://yandex.com/bots)"
176.14.196.33 - - [19/Nov/2014:21:15:33 +0100] "GET / HTTP/1.1" 200 1255 "http://yandex.ru/yandsearch?text=ich+habe+ein+problem.&lr=213" "Mozilla/5.0 (compatible; MSIE 10.0; Windows NT 6.2; Trident/6.0; Touch; MALNJS)"
141.8.147.12 - - [19/Nov/2014:21:58:50 +0100] "GET / HTTP/1.1" 200 1255 "-" "Mozilla/5.0 (compatible; YandexBot/3.0; +http://yandex.com/bots)"
207.46.13.70 - - [19/Nov/2014:23:07:32 +0100] "GET /robots.txt HTTP/1.1" 404 1256 "-" "Mozilla/5.0 (compatible; bingbot/2.0; +http://www.bing.com/bingbot.htm)"
207.46.13.70 - - [19/Nov/2014:23:07:36 +0100] "GET / HTTP/1.1" 200 1255 "-" "Mozilla/5.0 (compatible; bingbot/2.0; +http://www.bing.com/bingbot.htm)"
141.8.147.12 - - [21/Nov/2014:01:55:11 +0100] "GET /robots.txt HTTP/1.1" 404 1256 "-" "Mozilla/5.0 (compatible; YandexBot/3.0; +http://yandex.com/bots)"
141.8.147.12 - - [21/Nov/2014:02:34:06 +0100] "GET / HTTP/1.1" 200 1255 "-" "Mozilla/5.0 (compatible; YandexBot/3.0; +http://yandex.com/bots)"
207.46.13.70 - - [21/Nov/2014:09:09:27 +0100] "GET /robots.txt HTTP/1.1" 404 1256 "-" "Mozilla/5.0 (compatible; bingbot/2.0; +http://www.bing.com/bingbot.htm)"
207.46.13.70 - - [21/Nov/2014:09:09:32 +0100] "GET / HTTP/1.1" 200 1255 "-" "Mozilla/5.0 (compatible; bingbot/2.0; +http://www.bing.com/bingbot.htm)"
207.46.13.70 - - [22/Nov/2014:06:04:22 +0100] "GET /robots.txt HTTP/1.1" 404 1256 "-" "Mozilla/5.0 (compatible; bingbot/2.0; +http://www.bing.com/bingbot.htm)"
207.46.13.70 - - [22/Nov/2014:06:04:25 +0100] "GET / HTTP/1.1" 200 1255 "-" "Mozilla/5.0 (compatible; bingbot/2.0; +http://www.bing.com/bingbot.htm)"
141.8.147.12 - - [22/Nov/2014:06:34:18 +0100] "GET /robots.txt HTTP/1.1" 404 1256 "-" "Mozilla/5.0 (compatible; YandexBot/3.0; +http://yandex.com/bots)"
141.8.147.12 - - [22/Nov/2014:10:30:58 +0100] "GET / HTTP/1.1" 200 1255 "-" "Mozilla/5.0 (compatible; YandexBot/3.0; +http://yandex.com/bots)"
207.46.13.70 - - [22/Nov/2014:21:35:10 +0100] "GET /robots.txt HTTP/1.1" 404 1256 "-" "Mozilla/5.0 (compatible; bingbot/2.0; +http://www.bing.com/bingbot.htm)"
207.46.13.70 - - [22/Nov/2014:21:35:15 +0100] "GET /log/?D=A HTTP/1.1" 404 1256 "-" "Mozilla/5.0 (compatible; bingbot/2.0; +http://www.bing.com/bingbot.htm)"
207.46.13.70 - - [23/Nov/2014:03:58:28 +0100] "GET / HTTP/1.1" 200 1255 "-" "Mozilla/5.0 (compatible; bingbot/2.0; +http://www.bing.com/bingbot.htm)"
141.8.147.12 - - [24/Nov/2014:00:25:08 +0100] "GET /robots.txt HTTP/1.1" 404 1256 "-" "Mozilla/5.0 (compatible; YandexBot/3.0; +http://yandex.com/bots)"
141.8.147.12 - - [24/Nov/2014:00:25:13 +0100] "GET / HTTP/1.1" 200 1255 "-" "Mozilla/5.0 (compatible; YandexBot/3.0; +http://yandex.com/bots)"
207.46.13.70 - - [24/Nov/2014:02:52:27 +0100] "GET /robots.txt HTTP/1.1" 404 1256 "-" "Mozilla/5.0 (compatible; bingbot/2.0; +http://www.bing.com/bingbot.htm)"
207.46.13.70 - - [24/Nov/2014:02:52:33 +0100] "GET / HTTP/1.1" 200 1255 "-" "Mozilla/5.0 (compatible; bingbot/2.0; +http://www.bing.com/bingbot.htm)"
217.69.133.225 - - [24/Nov/2014:11:32:26 +0100] "GET /robots.txt HTTP/1.1" 404 1256 "-" "Mozilla/5.0 (compatible; Linux x86_64; Mail.RU_Bot/2.0; +http://go.mail.ru/help/robots)"
217.69.133.225 - - [24/Nov/2014:11:32:28 +0100] "GET / HTTP/1.1" 304 - "-" "Mozilla/5.0 (compatible; Linux x86_64; Mail.RU_Bot/2.0; +http://go.mail.ru/help/robots)"
134.119.17.184 - - [24/Nov/2014:19:37:06 +0100] "GET / HTTP/1.1" 200 1255 "-" "Python-urllib/2.7"
207.46.13.70 - - [25/Nov/2014:01:49:27 +0100] "GET / HTTP/1.1" 200 1255 "-" "Mozilla/5.0 (compatible; bingbot/2.0; +http://www.bing.com/bingbot.htm)"
141.8.147.12 - - [25/Nov/2014:01:50:33 +0100] "GET /robots.txt HTTP/1.1" 404 1256 "-" "Mozilla/5.0 (compatible; YandexBot/3.0; +http://yandex.com/bots)"
141.8.147.12 - - [25/Nov/2014:01:53:05 +0100] "GET / HTTP/1.1" 200 1255 "-" "Mozilla/5.0 (compatible; YandexBot/3.0; +http://yandex.com/bots)"
141.8.147.12 - - [25/Nov/2014:18:46:06 +0100] "GET /robots.txt HTTP/1.1" 404 1256 "-" "Mozilla/5.0 (compatible; YandexBot/3.0; +http://yandex.com/bots)"
141.8.147.12 - - [25/Nov/2014:19:20:27 +0100] "GET / HTTP/1.1" 200 1255 "-" "Mozilla/5.0 (compatible; YandexBot/3.0; +http://yandex.com/bots)"
207.46.13.70 - - [26/Nov/2014:03:20:28 +0100] "GET /robots.txt HTTP/1.1" 404 1256 "-" "Mozilla/5.0 (compatible; bingbot/2.0; +http://www.bing.com/bingbot.htm)"
207.46.13.70 - - [26/Nov/2014:03:20:55 +0100] "GET / HTTP/1.1" 200 1255 "-" "Mozilla/5.0 (compatible; bingbot/2.0; +http://www.bing.com/bingbot.htm)"
64.246.165.180 - - [26/Nov/2014:10:25:05 +0100] "GET /robots.txt HTTP/1.0" 404 1256 "-" "Mozilla/5.0 (Windows; U; Windows NT 5.1; en; rv:1.9.0.13) Gecko/2009073022 Firefox/3.5.2 (.NET CLR 3.5.30729) SurveyBot/2.3 (DomainTools)"
64.246.165.180 - - [26/Nov/2014:10:25:06 +0100] "GET / HTTP/1.1" 200 1255 "http://whois.domaintools.com/ich-habe-ein-problem.de" "Mozilla/5.0 (Windows; U; Windows NT 5.1; en; rv:1.9.0.13) Gecko/2009073022 Firefox/3.5.2 (.NET CLR 3.5.30729) SurveyBot/2.3 (DomainTools)"
195.145.172.243 - - [26/Nov/2014:11:44:15 +0100] "GET / HTTP/1.1" 200 1255 "-" "Mozilla/5.0 (Windows NT 6.1; rv:33.0) Gecko/20100101 Firefox/33.0"
195.145.172.243 - - [26/Nov/2014:11:44:15 +0100] "GET /favicon.ico HTTP/1.1" 404 1256 "-" "Mozilla/5.0 (Windows NT 6.1; rv:33.0) Gecko/20100101 Firefox/33.0"
195.145.172.243 - - [26/Nov/2014:11:44:16 +0100] "GET /favicon.ico HTTP/1.1" 404 1256 "-" "Mozilla/5.0 (Windows NT 6.1; rv:33.0) Gecko/20100101 Firefox/33.0"
66.249.78.186 - - [26/Nov/2014:12:34:05 +0100] "GET /robots.txt HTTP/1.1" 404 1256 "-" "Mozilla/5.0 (compatible; Googlebot/2.1; +http://www.google.com/bot.html)"
66.249.78.193 - - [26/Nov/2014:12:34:05 +0100] "GET / HTTP/1.1" 200 1255 "-" "Mozilla/5.0 (iPhone; CPU iPhone OS 6_0 like Mac OS X) AppleWebKit/536.26 (KHTML, like Gecko) Version/6.0 Mobile/10A5376e Safari/8536.25 (compatible; Googlebot/2.1; +http://www.google.com/bot.html)"
207.46.13.26 - - [27/Nov/2014:02:09:19 +0100] "GET /robots.txt HTTP/1.1" 404 1256 "-" "Mozilla/5.0 (compatible; bingbot/2.0; +http://www.bing.com/bingbot.htm)"
207.46.13.26 - - [27/Nov/2014:03:32:45 +0100] "GET / HTTP/1.1" 200 1255 "-" "Mozilla/5.0 (compatible; bingbot/2.0; +http://www.bing.com/bingbot.htm)"
141.8.147.12 - - [27/Nov/2014:12:19:56 +0100] "GET /robots.txt HTTP/1.1" 404 1256 "-" "Mozilla/5.0 (compatible; YandexBot/3.0; +http://yandex.com/bots)"
141.8.147.12 - - [27/Nov/2014:15:35:32 +0100] "GET / HTTP/1.1" 200 1255 "-" "Mozilla/5.0 (compatible; YandexBot/3.0; +http://yandex.com/bots)"
207.46.13.26 - - [27/Nov/2014:22:34:49 +0100] "GET / HTTP/1.1" 200 1255 "-" "Mozilla/5.0 (compatible; bingbot/2.0; +http://www.bing.com/bingbot.htm)"
141.8.147.12 - - [28/Nov/2014:16:09:31 +0100] "GET /robots.txt HTTP/1.1" 404 1256 "-" "Mozilla/5.0 (compatible; YandexBot/3.0; +http://yandex.com/bots)"
141.8.147.12 - - [28/Nov/2014:16:16:09 +0100] "GET / HTTP/1.1" 200 1255 "-" "Mozilla/5.0 (compatible; YandexBot/3.0; +http://yandex.com/bots)"
207.46.13.26 - - [28/Nov/2014:20:34:49 +0100] "GET / HTTP/1.1" 200 1255 "-" "Mozilla/5.0 (compatible; bingbot/2.0; +http://www.bing.com/bingbot.htm)"
141.8.147.12 - - [29/Nov/2014:17:25:48 +0100] "GET /robots.txt HTTP/1.1" 404 1256 "-" "Mozilla/5.0 (compatible; YandexBot/3.0; +http://yandex.com/bots)"
207.46.13.125 - - [29/Nov/2014:21:51:54 +0100] "GET /robots.txt HTTP/1.1" 404 1256 "-" "Mozilla/5.0 (compatible; bingbot/2.0; +http://www.bing.com/bingbot.htm)"
207.46.13.125 - - [29/Nov/2014:21:52:00 +0100] "GET / HTTP/1.1" 200 1255 "-" "Mozilla/5.0 (compatible; bingbot/2.0; +http://www.bing.com/bingbot.htm)"
141.8.147.12 - - [30/Nov/2014:02:52:20 +0100] "GET / HTTP/1.1" 200 1255 "-" "Mozilla/5.0 (compatible; YandexBot/3.0; +http://yandex.com/bots)"
141.8.147.12 - - [30/Nov/2014:23:25:14 +0100] "GET /robots.txt HTTP/1.1" 404 1256 "-" "Mozilla/5.0 (compatible; YandexBot/3.0; +http://yandex.com/bots)"