85.216.31.159 - - [04/Jul/2014:17:08:33 +0200] "GET /images/plnkn.gif HTTP/1.1" 200 95 "http://www.ksbb.de/" "Mozilla/5.0 (Windows NT 6.0; rv:30.0) Gecko/20100101 Firefox/30.0"
85.216.31.159 - - [04/Jul/2014:17:08:33 +0200] "GET /images/mev23003_72.jpg HTTP/1.1" 200 2106 "http://www.ksbb.de/" "Mozilla/5.0 (Windows NT 6.0; rv:30.0) Gecko/20100101 Firefox/30.0"
85.216.31.159 - - [04/Jul/2014:17:08:33 +0200] "GET /images/mev14046_72.jpg HTTP/1.1" 200 1662 "http://www.ksbb.de/" "Mozilla/5.0 (Windows NT 6.0; rv:30.0) Gecko/20100101 Firefox/30.0"
85.216.31.159 - - [04/Jul/2014:17:08:33 +0200] "GET /images/55275_72.jpg HTTP/1.1" 200 2381 "http://www.ksbb.de/" "Mozilla/5.0 (Windows NT 6.0; rv:30.0) Gecko/20100101 Firefox/30.0"
85.216.31.159 - - [04/Jul/2014:17:08:33 +0200] "GET /images/plmc.gif HTTP/1.1" 200 166 "http://www.ksbb.de/" "Mozilla/5.0 (Windows NT 6.0; rv:30.0) Gecko/20100101 Firefox/30.0"
85.216.31.159 - - [04/Jul/2014:17:08:33 +0200] "GET /images/pcmpc1.gif HTTP/1.1" 200 1155 "http://www.ksbb.de/" "Mozilla/5.0 (Windows NT 6.0; rv:30.0) Gecko/20100101 Firefox/30.0"
85.216.31.159 - - [04/Jul/2014:17:08:33 +0200] "GET /images/pcmpc2.gif HTTP/1.1" 200 1240 "http://www.ksbb.de/" "Mozilla/5.0 (Windows NT 6.0; rv:30.0) Gecko/20100101 Firefox/30.0"
85.216.31.159 - - [04/Jul/2014:17:08:33 +0200] "GET /images/plbt.gif HTTP/1.1" 200 161 "http://www.ksbb.de/" "Mozilla/5.0 (Windows NT 6.0; rv:30.0) Gecko/20100101 Firefox/30.0"
85.216.31.159 - - [04/Jul/2014:17:08:33 +0200] "GET /images/ulslogosbp_sbp.jpg HTTP/1.1" 200 1896 "http://www.ksbb.de/" "Mozilla/5.0 (Windows NT 6.0; rv:30.0) Gecko/20100101 Firefox/30.0"
85.216.31.159 - - [04/Jul/2014:17:08:33 +0200] "GET /images/ksbb1_sbp.jpg HTTP/1.1" 200 3871 "http://www.ksbb.de/" "Mozilla/5.0 (Windows NT 6.0; rv:30.0) Gecko/20100101 Firefox/30.0"
85.216.31.159 - - [04/Jul/2014:17:08:33 +0200] "GET /images/iso9001_sbp.jpg HTTP/1.1" 200 4462 "http://www.ksbb.de/" "Mozilla/5.0 (Windows NT 6.0; rv:30.0) Gecko/20100101 Firefox/30.0"
85.216.31.159 - - [04/Jul/2014:17:08:33 +0200] "GET /images/logoprofex_sbp.gif HTTP/1.1" 200 3524 "http://www.ksbb.de/" "Mozilla/5.0 (Windows NT 6.0; rv:30.0) Gecko/20100101 Firefox/30.0"
85.216.31.159 - - [04/Jul/2014:17:08:33 +0200] "GET /images/pcmphc1.gif HTTP/1.1" 200 2164 "http://www.ksbb.de/" "Mozilla/5.0 (Windows NT 6.0; rv:30.0) Gecko/20100101 Firefox/30.0"
85.216.31.159 - - [04/Jul/2014:17:08:33 +0200] "GET /images/pcmphc2.gif HTTP/1.1" 200 2299 "http://www.ksbb.de/" "Mozilla/5.0 (Windows NT 6.0; rv:30.0) Gecko/20100101 Firefox/30.0"
85.216.31.159 - - [04/Jul/2014:17:08:33 +0200] "GET /images/phnvmtht1.gif HTTP/1.1" 200 2613 "http://www.ksbb.de/" "Mozilla/5.0 (Windows NT 6.0; rv:30.0) Gecko/20100101 Firefox/30.0"
85.216.31.159 - - [04/Jul/2014:17:08:33 +0200] "GET /images/phnvmtht4.gif HTTP/1.1" 200 2627 "http://www.ksbb.de/" "Mozilla/5.0 (Windows NT 6.0; rv:30.0) Gecko/20100101 Firefox/30.0"
85.216.31.159 - - [04/Jul/2014:17:08:33 +0200] "GET /images/phnvmtht3.gif HTTP/1.1" 200 2679 "http://www.ksbb.de/" "Mozilla/5.0 (Windows NT 6.0; rv:30.0) Gecko/20100101 Firefox/30.0"
85.216.31.159 - - [04/Jul/2014:17:08:33 +0200] "GET /images/phnvmtht2.gif HTTP/1.1" 200 1696 "http://www.ksbb.de/" "Mozilla/5.0 (Windows NT 6.0; rv:30.0) Gecko/20100101 Firefox/30.0"
85.216.31.159 - - [04/Jul/2014:17:08:33 +0200] "GET /images/phnvmtht5.gif HTTP/1.1" 200 2500 "http://www.ksbb.de/" "Mozilla/5.0 (Windows NT 6.0; rv:30.0) Gecko/20100101 Firefox/30.0"
85.216.31.159 - - [04/Jul/2014:17:08:33 +0200] "GET /images/phnvmtht6.gif HTTP/1.1" 200 1696 "http://www.ksbb.de/" "Mozilla/5.0 (Windows NT 6.0; rv:30.0) Gecko/20100101 Firefox/30.0"
85.216.31.159 - - [04/Jul/2014:17:08:33 +0200] "GET /images/phnvmtht7.gif HTTP/1.1" 200 2615 "http://www.ksbb.de/" "Mozilla/5.0 (Windows NT 6.0; rv:30.0) Gecko/20100101 Firefox/30.0"
85.216.31.159 - - [04/Jul/2014:17:08:33 +0200] "GET /images/pmthm1.gif HTTP/1.1" 200 2169 "http://www.ksbb.de/" "Mozilla/5.0 (Windows NT 6.0; rv:30.0) Gecko/20100101 Firefox/30.0"
85.216.31.159 - - [04/Jul/2014:17:08:33 +0200] "GET /images/pmthm3.gif HTTP/1.1" 200 2275 "http://www.ksbb.de/" "Mozilla/5.0 (Windows NT 6.0; rv:30.0) Gecko/20100101 Firefox/30.0"
85.216.31.159 - - [04/Jul/2014:17:08:33 +0200] "GET /images/pmthm2.gif HTTP/1.1" 200 1209 "http://www.ksbb.de/" "Mozilla/5.0 (Windows NT 6.0; rv:30.0) Gecko/20100101 Firefox/30.0"
85.216.31.159 - - [04/Jul/2014:17:08:33 +0200] "GET /images/pmthm4.gif HTTP/1.1" 200 2518 "http://www.ksbb.de/" "Mozilla/5.0 (Windows NT 6.0; rv:30.0) Gecko/20100101 Firefox/30.0"
85.216.31.159 - - [04/Jul/2014:17:08:33 +0200] "GET /images/pmthm5.gif HTTP/1.1" 200 2381 "http://www.ksbb.de/" "Mozilla/5.0 (Windows NT 6.0; rv:30.0) Gecko/20100101 Firefox/30.0"
85.216.31.159 - - [04/Jul/2014:17:08:33 +0200] "GET /images/pmthm6.gif HTTP/1.1" 200 1209 "http://www.ksbb.de/" "Mozilla/5.0 (Windows NT 6.0; rv:30.0) Gecko/20100101 Firefox/30.0"
85.216.31.159 - - [04/Jul/2014:17:08:33 +0200] "GET /images/pmthm7.gif HTTP/1.1" 200 2195 "http://www.ksbb.de/" "Mozilla/5.0 (Windows NT 6.0; rv:30.0) Gecko/20100101 Firefox/30.0"
85.216.31.159 - - [04/Jul/2014:17:08:33 +0200] "GET /images/pbg.gif HTTP/1.1" 200 52 "http://www.ksbb.de/" "Mozilla/5.0 (Windows NT 6.0; rv:30.0) Gecko/20100101 Firefox/30.0"
85.216.31.159 - - [04/Jul/2014:17:08:33 +0200] "GET /images/psd.gif HTTP/1.1" 200 111 "http://www.ksbb.de/" "Mozilla/5.0 (Windows NT 6.0; rv:30.0) Gecko/20100101 Firefox/30.0"
85.216.31.159 - - [04/Jul/2014:17:08:33 +0200] "GET /images/plvt.gif HTTP/1.1" 200 53 "http://www.ksbb.de/" "Mozilla/5.0 (Windows NT 6.0; rv:30.0) Gecko/20100101 Firefox/30.0"
85.216.31.159 - - [04/Jul/2014:17:08:33 +0200] "GET /favicon.ico HTTP/1.1" 404 - "-" "Mozilla/5.0 (Windows NT 6.0; rv:30.0) Gecko/20100101 Firefox/30.0"
85.216.31.159 - - [04/Jul/2014:17:08:33 +0200] "GET /favicon.ico HTTP/1.1" 404 - "-" "Mozilla/5.0 (Windows NT 6.0; rv:30.0) Gecko/20100101 Firefox/30.0"
123.125.71.24 - - [04/Jul/2014:17:18:18 +0200] "GET / HTTP/1.1" 200 24056 "-" "Mozilla/5.0 (compatible; Baiduspider/2.0; +http://www.baidu.com/search/spider.html)"
220.181.108.80 - - [04/Jul/2014:17:18:19 +0200] "GET / HTTP/1.1" 200 24056 "-" "Mozilla/5.0 (compatible; Baiduspider/2.0; +http://www.baidu.com/search/spider.html)"
157.55.39.6 - - [04/Jul/2014:17:51:23 +0200] "GET / HTTP/1.1" 200 24284 "-" "Mozilla/5.0 (compatible; bingbot/2.0; +http://www.bing.com/bingbot.htm)"
207.46.13.2 - - [04/Jul/2014:18:07:22 +0200] "GET /000001985b0d93482/00000198660ae2e07/00000198660b24011/index.php HTTP/1.1" 200 20685 "-" "Mozilla/5.0 (compatible; bingbot/2.0; +http://www.bing.com/bingbot.htm)"
66.249.64.198 - - [04/Jul/2014:19:02:44 +0200] "GET /robots.txt HTTP/1.1" 404 - "-" "Mozilla/5.0 (compatible; Googlebot/2.1; +http://www.google.com/bot.html)"
66.249.64.198 - - [04/Jul/2014:19:02:44 +0200] "GET / HTTP/1.1" 200 24284 "-" "Mozilla/5.0 (compatible; Googlebot/2.1; +http://www.google.com/bot.html)"
66.249.64.23 - - [04/Jul/2014:19:08:58 +0200] "GET /00000398730fcd910.php HTTP/1.1" 200 22413 "-" "Mozilla/5.0 (compatible; Googlebot/2.1; +http://www.google.com/bot.html)"
66.249.64.23 - - [04/Jul/2014:19:41:45 +0200] "GET /000001985b0d93482/000001985b0fc8f0b/index.php HTTP/1.1" 200 15388 "-" "Mozilla/5.0 (compatible; Googlebot/2.1; +http://www.google.com/bot.html)"
66.249.64.203 - - [04/Jul/2014:20:10:46 +0200] "GET /00000198660b9a703/00000198660bb6a0a/index.php HTTP/1.1" 200 16353 "-" "Mozilla/5.0 (compatible; Googlebot/2.1; +http://www.google.com/bot.html)"
123.125.71.29 - - [04/Jul/2014:20:18:21 +0200] "GET / HTTP/1.1" 200 21662 "-" "Mozilla/5.0 (compatible; Baiduspider/2.0; +http://www.baidu.com/search/spider.html)"
220.181.108.91 - - [04/Jul/2014:20:18:23 +0200] "GET / HTTP/1.1" 200 24056 "-" "Mozilla/5.0 (compatible; Baiduspider/2.0; +http://www.baidu.com/search/spider.html)"
141.8.147.12 - - [04/Jul/2014:20:21:36 +0200] "GET /images/30288.jpg HTTP/1.1" 200 184160 "-" "Mozilla/5.0 (compatible; YandexImages/3.0; +http://yandex.com/bots)"
141.8.147.12 - - [04/Jul/2014:20:37:59 +0200] "GET /images/30288_158.jpg HTTP/1.1" 200 6435 "-" "Mozilla/5.0 (compatible; YandexImages/3.0; +http://yandex.com/bots)"
66.249.64.203 - - [04/Jul/2014:21:31:39 +0200] "GET /00000198660a80203/index.php HTTP/1.1" 200 12651 "-" "Mozilla/5.0 (compatible; Googlebot/2.1; +http://www.google.com/bot.html)"
66.249.64.203 - - [04/Jul/2014:22:09:42 +0200] "GET /031d669bf5054cf01/index.php HTTP/1.1" 200 13914 "-" "Mozilla/5.0 (compatible; Googlebot/2.1; +http://www.google.com/bot.html)"
66.249.64.198 - - [04/Jul/2014:22:11:03 +0200] "GET /000001985b0ce1e49/00000198610d8af28/index.php HTTP/1.1" 200 15780 "-" "Mozilla/5.0 (compatible; Googlebot/2.1; +http://www.google.com/bot.html)"
123.125.71.49 - - [04/Jul/2014:22:24:04 +0200] "GET / HTTP/1.1" 200 24284 "-" "Mozilla/5.0 (compatible; Baiduspider/2.0; +http://www.baidu.com/search/spider.html)"
220.181.108.117 - - [04/Jul/2014:22:24:06 +0200] "GET / HTTP/1.1" 200 24284 "-" "Mozilla/5.0 (compatible; Baiduspider/2.0; +http://www.baidu.com/search/spider.html)"
66.249.64.203 - - [04/Jul/2014:22:51:49 +0200] "GET /000001985b0d93482/index.php HTTP/1.1" 200 15590 "-" "Mozilla/5.0 (compatible; Googlebot/2.1; +http://www.google.com/bot.html)"
66.249.64.203 - - [04/Jul/2014:23:06:04 +0200] "GET /00000198660c9d618/index.php HTTP/1.1" 200 15359 "-" "Mozilla/5.0 (compatible; Googlebot/2.1; +http://www.google.com/bot.html)"
123.125.71.33 - - [04/Jul/2014:23:18:19 +0200] "GET / HTTP/1.1" 200 24056 "-" "Mozilla/5.0 (compatible; Baiduspider/2.0; +http://www.baidu.com/search/spider.html)"
220.181.108.118 - - [04/Jul/2014:23:18:20 +0200] "GET / HTTP/1.1" 200 24056 "-" "Mozilla/5.0 (compatible; Baiduspider/2.0; +http://www.baidu.com/search/spider.html)"
141.8.147.12 - - [04/Jul/2014:23:39:36 +0200] "GET /images/55275_158.jpg HTTP/1.1" 200 5615 "-" "Mozilla/5.0 (compatible; YandexImages/3.0; +http://yandex.com/bots)"
37.58.100.143 - - [04/Jul/2014:23:54:41 +0200] "GET /robots.txt HTTP/1.1" 404 - "-" "Mozilla/5.0 (compatible; AhrefsBot/5.0; +http://ahrefs.com/robot/)"
66.249.64.198 - - [05/Jul/2014:00:13:20 +0200] "GET /000001985b0e5e29a/000001985e0778004/index.php HTTP/1.1" 200 17366 "-" "Mozilla/5.0 (compatible; Googlebot/2.1; +http://www.google.com/bot.html)"
66.249.64.203 - - [05/Jul/2014:00:16:12 +0200] "GET /images/pnvtt3m2.gif HTTP/1.1" 200 2723 "-" "Googlebot-Image/1.0"
123.125.71.16 - - [05/Jul/2014:00:19:45 +0200] "GET / HTTP/1.1" 200 15277 "-" "Mozilla/5.0 (compatible; Baiduspider/2.0; +http://www.baidu.com/search/spider.html)"
220.181.108.89 - - [05/Jul/2014:00:19:49 +0200] "GET / HTTP/1.1" 200 24284 "-" "Mozilla/5.0 (compatible; Baiduspider/2.0; +http://www.baidu.com/search/spider.html)"
66.249.64.203 - - [05/Jul/2014:00:20:58 +0200] "GET /images/pnvtt2m2.gif HTTP/1.1" 200 2589 "-" "Googlebot-Image/1.0"
66.249.64.198 - - [05/Jul/2014:00:23:25 +0200] "GET /images/pnvtht2m2.gif HTTP/1.1" 200 2519 "-" "Googlebot-Image/1.0"
66.249.64.23 - - [05/Jul/2014:00:24:11 +0200] "GET /000001985b0e5e29a/000001985f0d7940e/index.php HTTP/1.1" 200 17532 "-" "Mozilla/5.0 (compatible; Googlebot/2.1; +http://www.google.com/bot.html)"
66.249.64.203 - - [05/Jul/2014:00:25:46 +0200] "GET /images/pnvtsht3m2.gif HTTP/1.1" 200 2673 "-" "Googlebot-Image/1.0"
66.249.64.203 - - [05/Jul/2014:00:27:35 +0200] "GET /000001985b0ce1e49/00000198610d6501c/index.php HTTP/1.1" 200 15944 "-" "Mozilla/5.0 (compatible; Googlebot/2.1; +http://www.google.com/bot.html)"
66.249.64.23 - - [05/Jul/2014:00:28:34 +0200] "GET /images/30288.jpg HTTP/1.1" 200 184160 "-" "Googlebot-Image/1.0"
66.249.64.203 - - [05/Jul/2014:00:31:13 +0200] "GET /images/pnvtst3m2.gif HTTP/1.1" 200 2673 "-" "Googlebot-Image/1.0"
66.249.64.23 - - [05/Jul/2014:00:34:26 +0200] "GET /images/pnvtht1m2.gif HTTP/1.1" 200 2616 "-" "Googlebot-Image/1.0"
123.125.71.27 - - [05/Jul/2014:01:18:37 +0200] "GET / HTTP/1.1" 200 15277 "-" "Mozilla/5.0 (compatible; Baiduspider/2.0; +http://www.baidu.com/search/spider.html)"
220.181.108.75 - - [05/Jul/2014:01:18:38 +0200] "GET / HTTP/1.1" 200 15277 "-" "Mozilla/5.0 (compatible; Baiduspider/2.0; +http://www.baidu.com/search/spider.html)"
66.249.64.23 - - [05/Jul/2014:01:42:59 +0200] "GET /000001985b0e5e29a/000001985f0d8f113/index.php HTTP/1.1" 200 20340 "-" "Mozilla/5.0 (compatible; Googlebot/2.1; +http://www.google.com/bot.html)"
66.249.64.23 - - [05/Jul/2014:01:43:39 +0200] "GET /000001985b0d93482/00000198660ae2e07/index.php HTTP/1.1" 200 17564 "-" "Mozilla/5.0 (compatible; Googlebot/2.1; +http://www.google.com/bot.html)"
66.249.64.198 - - [05/Jul/2014:01:45:28 +0200] "GET /images/pnvtsht4m2.gif HTTP/1.1" 200 2630 "-" "Googlebot-Image/1.0"
66.249.64.203 - - [05/Jul/2014:01:46:19 +0200] "GET /images/pnvtst2m1.gif HTTP/1.1" 200 2630 "-" "Googlebot-Image/1.0"
123.125.71.28 - - [05/Jul/2014:02:18:40 +0200] "GET / HTTP/1.1" 200 15277 "-" "Mozilla/5.0 (compatible; Baiduspider/2.0; +http://www.baidu.com/search/spider.html)"
220.181.108.77 - - [05/Jul/2014:02:18:42 +0200] "GET / HTTP/1.1" 200 15277 "-" "Mozilla/5.0 (compatible; Baiduspider/2.0; +http://www.baidu.com/search/spider.html)"
66.249.64.198 - - [05/Jul/2014:02:20:20 +0200] "GET /00000398730fce012.php HTTP/1.1" 200 22666 "-" "Mozilla/5.0 (compatible; Googlebot/2.1; +http://www.google.com/bot.html)"
66.249.64.23 - - [05/Jul/2014:02:23:03 +0200] "GET /000001985b0e5e29a/index.php HTTP/1.1" 200 16902 "-" "Mozilla/5.0 (compatible; Googlebot/2.1; +http://www.google.com/bot.html)"
66.249.64.203 - - [05/Jul/2014:02:42:04 +0200] "GET /00000198660b9a703/00000198660bb6a0a/index.php HTTP/1.1" 200 16349 "-" "Mozilla/5.0 (compatible; Googlebot/2.1; +http://www.google.com/bot.html)"
123.125.71.18 - - [05/Jul/2014:03:19:31 +0200] "GET / HTTP/1.1" 200 24056 "-" "Mozilla/5.0 (compatible; Baiduspider/2.0; +http://www.baidu.com/search/spider.html)"
220.181.108.122 - - [05/Jul/2014:03:19:32 +0200] "GET / HTTP/1.1" 200 15277 "-" "Mozilla/5.0 (compatible; Baiduspider/2.0; +http://www.baidu.com/search/spider.html)"
66.249.64.203 - - [05/Jul/2014:03:26:20 +0200] "GET /000001985b0d93482/index.php HTTP/1.1" 200 15586 "-" "Mozilla/5.0 (compatible; Googlebot/2.1; +http://www.google.com/bot.html)"
66.249.64.203 - - [05/Jul/2014:03:46:02 +0200] "GET /00000398730fcd910.php HTTP/1.1" 200 22409 "-" "Mozilla/5.0 (compatible; Googlebot/2.1; +http://www.google.com/bot.html)"
66.249.64.203 - - [05/Jul/2014:03:58:56 +0200] "GET / HTTP/1.1" 200 24280 "-" "Mozilla/5.0 (compatible; Googlebot/2.1; +http://www.google.com/bot.html)"
123.125.71.22 - - [05/Jul/2014:04:20:07 +0200] "GET / HTTP/1.1" 200 15277 "-" "Mozilla/5.0 (compatible; Baiduspider/2.0; +http://www.baidu.com/search/spider.html)"
220.181.108.119 - - [05/Jul/2014:04:20:08 +0200] "GET / HTTP/1.1" 200 15277 "-" "Mozilla/5.0 (compatible; Baiduspider/2.0; +http://www.baidu.com/search/spider.html)"
207.46.13.18 - - [05/Jul/2014:04:23:52 +0200] "GET /robots.txt HTTP/1.1" 404 - "-" "Mozilla/5.0 (compatible; bingbot/2.0; +http://www.bing.com/bingbot.htm)"
207.46.13.18 - - [05/Jul/2014:04:23:56 +0200] "GET / HTTP/1.1" 200 24280 "-" "Mozilla/5.0 (compatible; bingbot/2.0; +http://www.bing.com/bingbot.htm)"
66.249.64.23 - - [05/Jul/2014:04:51:15 +0200] "GET /000001985b0ce1e49/00000198610d8af28/index.php HTTP/1.1" 200 15776 "-" "Mozilla/5.0 (compatible; Googlebot/2.1; +http://www.google.com/bot.html)"
66.249.64.23 - - [05/Jul/2014:05:00:45 +0200] "GET /000001985b0d93482/000001985b0fc8f0b/index.php HTTP/1.1" 200 15384 "-" "Mozilla/5.0 (compatible; Googlebot/2.1; +http://www.google.com/bot.html)"
66.249.64.198 - - [05/Jul/2014:06:30:44 +0200] "GET / HTTP/1.1" 200 24280 "-" "Mozilla/5.0 (compatible; Googlebot/2.1; +http://www.google.com/bot.html)"
207.46.13.109 - - [05/Jul/2014:07:30:07 +0200] "GET /00000398730fcd910.php HTTP/1.1" 200 22409 "-" "Mozilla/5.0 (compatible; bingbot/2.0; +http://www.bing.com/bingbot.htm)"
207.46.13.109 - - [05/Jul/2014:07:30:08 +0200] "GET /index.php HTTP/1.1" 200 24280 "-" "Mozilla/5.0 (compatible; bingbot/2.0; +http://www.bing.com/bingbot.htm)"
207.46.13.18 - - [05/Jul/2014:07:30:13 +0200] "GET / HTTP/1.1" 200 24280 "-" "Mozilla/5.0 (compatible; bingbot/2.0; +http://www.bing.com/bingbot.htm)"
207.46.13.18 - - [05/Jul/2014:07:30:14 +0200] "GET /00000198660c9d618/00000198660cdce24/index.php HTTP/1.1" 200 17958 "-" "Mozilla/5.0 (compatible; bingbot/2.0; +http://www.bing.com/bingbot.htm)"
66.249.64.198 - - [05/Jul/2014:08:04:28 +0200] "GET /robots.txt HTTP/1.1" 404 - "-" "Mozilla/5.0 (compatible; Googlebot/2.1; +http://www.google.com/bot.html)"
66.249.64.23 - - [05/Jul/2014:08:04:28 +0200] "GET /031d669bf5054cf01/index.php HTTP/1.1" 200 13910 "-" "Mozilla/5.0 (compatible; Googlebot/2.1; +http://www.google.com/bot.html)"
217.69.133.2 - - [05/Jul/2014:11:15:32 +0200] "GET /robots.txt HTTP/1.1" 404 - "-" "Mozilla/5.0 (compatible; Linux x86_64; Mail.RU_Bot/2.0; +http://go.mail.ru/help/robots)"
217.69.133.4 - - [05/Jul/2014:11:15:33 +0200] "GET / HTTP/1.1" 200 24280 "-" "Mozilla/5.0 (compatible; Linux x86_64; Mail.RU_Bot/2.0; +http://go.mail.ru/help/robots)"
208.90.57.196 - - [05/Jul/2014:12:36:14 +0200] "GET / HTTP/1.1" 200 24280 "-" "Mozilla/5.0 (Macintosh; Intel Mac OS X 10.6; rv:2.0.1) Gecko/20100101 Firefox/4.0.1"
88.198.247.164 - - [05/Jul/2014:14:33:37 +0200] "GET /00000198660c9d618/00000198660cdce24/ HTTP/1.1" 200 17958 "-" "Mozilla/5.0 (compatible; XoviBot/2.0; +http://www.xovibot.net/)"
94.135.219.110 - - [05/Jul/2014:16:15:50 +0200] "GET / HTTP/1.1" 200 24280 "-" "Mozilla/5.0 (Windows NT 6.2; WOW64; rv:22.0) Gecko/20100101 Firefox/22.0"
131.253.24.12 - - [05/Jul/2014:16:37:59 +0200] "GET /robots.txt HTTP/1.1" 404 - "-" "msnbot-media/1.1 (+http://search.msn.com/msnbot.htm)"
131.253.24.12 - - [05/Jul/2014:16:37:59 +0200] "GET /images/30288.jpg HTTP/1.1" 200 184160 "-" "msnbot-media/1.1 (+http://search.msn.com/msnbot.htm)"
192.99.147.201 - - [05/Jul/2014:16:51:23 +0200] "GET /00000198660c9d618/00000198660cdce24/index.php\r HTTP/1.1" 200 17958 "-" "Mozilla/5.0 (compatible; MSIE 10.0; Windows NT 6.1; Trident/6.0)"
24.134.53.12 - - [05/Jul/2014:17:36:11 +0200] "GET / HTTP/1.1" 200 24280 "-" "Mozilla/5.0 (Windows NT 6.2; WOW64; rv:22.0) Gecko/20100101 Firefox/22.0"
91.15.123.195 - - [05/Jul/2014:18:57:04 +0200] "GET / HTTP/1.1" 200 24280 "-" "Mozilla/5.0 (Windows NT 6.2; WOW64; rv:22.0) Gecko/20100101 Firefox/22.0"
77.21.42.78 - - [05/Jul/2014:20:22:00 +0200] "GET / HTTP/1.1" 200 24280 "-" "Mozilla/5.0 (Windows NT 6.2; WOW64; rv:22.0) Gecko/20100101 Firefox/22.0"
66.249.79.95 - - [05/Jul/2014:20:23:39 +0200] "GET /robots.txt HTTP/1.1" 404 - "-" "Mozilla/5.0 (compatible; Googlebot/2.1; +http://www.google.com/bot.html)"
66.249.79.69 - - [05/Jul/2014:20:23:39 +0200] "GET /000001985b0d93482/000001985b0fc8f0b/index.php HTTP/1.1" 200 15384 "-" "Mozilla/5.0 (compatible; Googlebot/2.1; +http://www.google.com/bot.html)"
66.249.79.82 - - [05/Jul/2014:21:12:38 +0200] "GET /031d669bf5054cf01/index.php HTTP/1.1" 200 13910 "-" "Mozilla/5.0 (compatible; Googlebot/2.1; +http://www.google.com/bot.html)"
94.242.222.29 - - [05/Jul/2014:21:14:07 +0200] "GET /./000001985b0e5e29a/000001985f0d7940e/index.php HTTP/1.1" 200 17528 "-" "Mozilla/4.0 (compatible; MSIE 8.0; Windows NT 6.1; Trident/4.0)"
79.245.217.52 - - [05/Jul/2014:21:42:16 +0200] "GET / HTTP/1.1" 200 24280 "-" "Mozilla/5.0 (Windows NT 6.2; WOW64; rv:22.0) Gecko/20100101 Firefox/22.0"
141.8.147.12 - - [05/Jul/2014:22:08:20 +0200] "GET /robots.txt HTTP/1.1" 404 - "-" "Mozilla/5.0 (compatible; YandexBot/3.0; +http://yandex.com/bots)"
94.242.222.23 - - [05/Jul/2014:22:30:42 +0200] "GET /./000001985b0e5e29a/index.php HTTP/1.1" 200 16902 "-" "Mozilla/4.0 (compatible; MSIE 8.0; Windows NT 6.1; Trident/4.0)"
66.249.79.82 - - [05/Jul/2014:22:42:06 +0200] "GET /000001985b0e5e29a/000001985e0778004/index.php HTTP/1.1" 200 17362 "-" "Mozilla/5.0 (compatible; Googlebot/2.1; +http://www.google.com/bot.html)"
77.23.30.1 - - [05/Jul/2014:23:03:37 +0200] "GET / HTTP/1.1" 200 24280 "-" "Mozilla/5.0 (Windows NT 6.2; WOW64; rv:22.0) Gecko/20100101 Firefox/22.0"
66.249.79.82 - - [05/Jul/2014:23:52:24 +0200] "GET /00000398730fcd910.php HTTP/1.1" 200 22409 "-" "Mozilla/5.0 (compatible; Googlebot/2.1; +http://www.google.com/bot.html)"
217.91.229.111 - - [06/Jul/2014:00:31:46 +0200] "GET / HTTP/1.1" 200 24280 "-" "Mozilla/5.0 (Windows NT 6.2; WOW64; rv:22.0) Gecko/20100101 Firefox/22.0"
66.249.79.69 - - [06/Jul/2014:00:41:23 +0200] "GET / HTTP/1.1" 200 24280 "-" "Mozilla/5.0 (compatible; Googlebot/2.1; +http://www.google.com/bot.html)"
66.249.79.69 - - [06/Jul/2014:01:47:25 +0200] "GET /00000198660a80203/index.php HTTP/1.1" 200 12647 "-" "Mozilla/5.0 (compatible; Googlebot/2.1; +http://www.google.com/bot.html)"
66.249.79.95 - - [06/Jul/2014:01:53:49 +0200] "GET /00000198660b9a703/00000198660bb6a0a/index.php HTTP/1.1" 200 16349 "-" "Mozilla/5.0 (compatible; Googlebot/2.1; +http://www.google.com/bot.html)"
94.134.196.132 - - [06/Jul/2014:01:56:42 +0200] "GET / HTTP/1.1" 200 24280 "-" "Mozilla/5.0 (Windows NT 6.2; WOW64; rv:22.0) Gecko/20100101 Firefox/22.0"
141.8.147.12 - - [06/Jul/2014:02:22:11 +0200] "GET /images/mev23003_72.jpg HTTP/1.1" 200 2106 "-" "Mozilla/5.0 (compatible; YandexImages/3.0; +http://yandex.com/bots)"
207.46.13.18 - - [06/Jul/2014:02:29:04 +0200] "GET /robots.txt HTTP/1.1" 404 - "-" "Mozilla/5.0 (compatible; bingbot/2.0; +http://www.bing.com/bingbot.htm)"
207.46.13.18 - - [06/Jul/2014:02:29:07 +0200] "GET / HTTP/1.1" 200 24273 "-" "Mozilla/5.0 (compatible; bingbot/2.0; +http://www.bing.com/bingbot.htm)"
141.8.147.12 - - [06/Jul/2014:02:32:42 +0200] "GET /images/mev23003_579.jpg HTTP/1.1" 200 36971 "-" "Mozilla/5.0 (compatible; YandexImages/3.0; +http://yandex.com/bots)"
66.249.79.82 - - [06/Jul/2014:03:08:22 +0200] "GET /000001985b0ce1e49/00000198610d8af28/index.php HTTP/1.1" 200 15769 "-" "Mozilla/5.0 (compatible; Googlebot/2.1; +http://www.google.com/bot.html)"
92.208.119.245 - - [06/Jul/2014:03:22:44 +0200] "GET / HTTP/1.1" 200 24273 "-" "Mozilla/5.0 (Windows NT 6.2; WOW64; rv:22.0) Gecko/20100101 Firefox/22.0"
66.249.79.69 - - [06/Jul/2014:04:18:40 +0200] "GET /00000398730fcd910.php HTTP/1.1" 200 22402 "-" "Mozilla/5.0 (compatible; Googlebot/2.1; +http://www.google.com/bot.html)"
109.90.63.73 - - [06/Jul/2014:04:51:23 +0200] "GET / HTTP/1.1" 200 24273 "-" "Mozilla/5.0 (Windows NT 6.2; WOW64; rv:22.0) Gecko/20100101 Firefox/22.0"
66.249.79.95 - - [06/Jul/2014:05:03:24 +0200] "GET /000001985b0d93482/000001985b0fc8f0b/index.php HTTP/1.1" 200 15377 "-" "Mozilla/5.0 (compatible; Googlebot/2.1; +http://www.google.com/bot.html)"
131.253.24.97 - - [06/Jul/2014:05:19:55 +0200] "GET / HTTP/1.1" 200 24273 "http://www.bing.com/search?q=www.kskbb.de&form=MSNH14&sc=8-4&sp=-1&qs=n&sk=" "Mozilla/5.0 (compatible; MSIE 9.0; Windows NT 6.0; Trident/5.0; Trident/5.0)"
131.253.24.97 - - [06/Jul/2014:05:19:57 +0200] "GET /assets/ssb.css HTTP/1.1" 200 657 "http://www.ksbb.de/" "Mozilla/5.0 (compatible; MSIE 9.0; Windows NT 6.0; Trident/5.0; Trident/5.0)"
131.253.24.97 - - [06/Jul/2014:05:19:57 +0200] "GET /assets/s.css HTTP/1.1" 200 3386 "http://www.ksbb.de/" "Mozilla/5.0 (compatible; MSIE 9.0; Windows NT 6.0; Trident/5.0; Trident/5.0)"
178.255.215.66 - - [06/Jul/2014:05:47:33 +0200] "GET /robots.txt HTTP/1.1" 404 - "-" "Mozilla/5.0 (compatible; Exabot/3.0; +http://www.exabot.com/go/robot)"
178.255.215.66 - - [06/Jul/2014:05:47:33 +0200] "GET / HTTP/1.1" 200 24273 "-" "Mozilla/5.0 (compatible; Exabot/3.0; +http://www.exabot.com/go/robot)"
178.201.56.77 - - [06/Jul/2014:06:15:49 +0200] "GET / HTTP/1.1" 200 24273 "-" "Mozilla/5.0 (Windows NT 6.2; WOW64; rv:22.0) Gecko/20100101 Firefox/22.0"
66.249.79.95 - - [06/Jul/2014:06:30:44 +0200] "GET /031d669bf5054cf01/index.php HTTP/1.1" 200 13903 "-" "Mozilla/5.0 (compatible; Googlebot/2.1; +http://www.google.com/bot.html)"
66.249.79.82 - - [06/Jul/2014:07:19:44 +0200] "GET /000001985b0ce1e49/00000198610d6501c/index.php HTTP/1.1" 200 15933 "-" "Mozilla/5.0 (compatible; Googlebot/2.1; +http://www.google.com/bot.html)"
62.89.167.203 - - [06/Jul/2014:07:39:20 +0200] "GET / HTTP/1.1" 200 24273 "-" "Mozilla/5.0 (Windows NT 6.2; WOW64; rv:22.0) Gecko/20100101 Firefox/22.0"
207.46.13.18 - - [06/Jul/2014:08:00:04 +0200] "GET /00000198660c9d618/00000198660cdce24/index.php HTTP/1.1" 200 17951 "-" "Mozilla/5.0 (compatible; bingbot/2.0; +http://www.bing.com/bingbot.htm)"
157.55.39.34 - - [06/Jul/2014:08:00:44 +0200] "GET /assets/ssb.css HTTP/1.1" 200 657 "-" "Mozilla/5.0 (compatible; bingbot/2.0; +http://www.bing.com/bingbot.htm)"
157.55.39.103 - - [06/Jul/2014:08:01:09 +0200] "GET /robots.txt HTTP/1.1" 404 - "-" "Mozilla/5.0 (compatible; bingbot/2.0; +http://www.bing.com/bingbot.htm)"
157.55.39.149 - - [06/Jul/2014:08:06:02 +0200] "GET /assets/s.css HTTP/1.1" 200 3386 "-" "Mozilla/5.0 (compatible; bingbot/2.0; +http://www.bing.com/bingbot.htm)"
66.249.79.95 - - [06/Jul/2014:08:15:48 +0200] "GET /00000198660a80203/index.php HTTP/1.1" 200 12640 "-" "Mozilla/5.0 (compatible; Googlebot/2.1; +http://www.google.com/bot.html)"
66.249.74.106 - - [06/Jul/2014:08:36:41 +0200] "GET /robots.txt HTTP/1.1" 404 - "-" "Mozilla/5.0 (compatible; Googlebot/2.1; +http://www.google.com/bot.html)"
66.249.79.95 - - [06/Jul/2014:08:36:41 +0200] "GET /00000198660b9a703/00000198660bb6a0a/index.php HTTP/1.1" 200 16342 "-" "Mozilla/5.0 (compatible; Googlebot/2.1; +http://www.google.com/bot.html)"
80.140.66.54 - - [06/Jul/2014:08:57:23 +0200] "GET / HTTP/1.1" 200 24273 "-" "Mozilla/5.0 (Windows NT 6.3; WOW64; rv:30.0) Gecko/20100101 Firefox/30.0"
80.140.66.54 - - [06/Jul/2014:08:57:24 +0200] "GET /assets/s.css HTTP/1.1" 200 3386 "http://www.ksbb.de/" "Mozilla/5.0 (Windows NT 6.3; WOW64; rv:30.0) Gecko/20100101 Firefox/30.0"
80.140.66.54 - - [06/Jul/2014:08:57:24 +0200] "GET /assets/ssb.css HTTP/1.1" 200 657 "http://www.ksbb.de/" "Mozilla/5.0 (Windows NT 6.3; WOW64; rv:30.0) Gecko/20100101 Firefox/30.0"
80.140.66.54 - - [06/Jul/2014:08:57:24 +0200] "GET /images/pcp.gif HTTP/1.1" 200 43 "http://www.ksbb.de/" "Mozilla/5.0 (Windows NT 6.3; WOW64; rv:30.0) Gecko/20100101 Firefox/30.0"
80.140.66.54 - - [06/Jul/2014:08:57:24 +0200] "GET /images/pltp.gif HTTP/1.1" 200 160 "http://www.ksbb.de/" "Mozilla/5.0 (Windows NT 6.3; WOW64; rv:30.0) Gecko/20100101 Firefox/30.0"
80.140.66.54 - - [06/Jul/2014:08:57:24 +0200] "GET /images/phomesm0.gif HTTP/1.1" 200 2239 "http://www.ksbb.de/" "Mozilla/5.0 (Windows NT 6.3; WOW64; rv:30.0) Gecko/20100101 Firefox/30.0"
80.140.66.54 - - [06/Jul/2014:08:57:24 +0200] "GET /images/plms.gif HTTP/1.1" 200 68 "http://www.ksbb.de/" "Mozilla/5.0 (Windows NT 6.3; WOW64; rv:30.0) Gecko/20100101 Firefox/30.0"
80.140.66.54 - - [06/Jul/2014:08:57:24 +0200] "GET /images/pmtm1.gif HTTP/1.1" 200 1155 "http://www.ksbb.de/" "Mozilla/5.0 (Windows NT 6.3; WOW64; rv:30.0) Gecko/20100101 Firefox/30.0"
80.140.66.54 - - [06/Jul/2014:08:57:24 +0200] "GET /images/pmtm3.gif HTTP/1.1" 200 2032 "http://www.ksbb.de/" "Mozilla/5.0 (Windows NT 6.3; WOW64; rv:30.0) Gecko/20100101 Firefox/30.0"
80.140.66.54 - - [06/Jul/2014:08:57:24 +0200] "GET /images/pmtm4.gif HTTP/1.1" 200 2316 "http://www.ksbb.de/" "Mozilla/5.0 (Windows NT 6.3; WOW64; rv:30.0) Gecko/20100101 Firefox/30.0"
80.140.66.54 - - [06/Jul/2014:08:57:24 +0200] "GET /images/pmtm2.gif HTTP/1.1" 200 628 "http://www.ksbb.de/" "Mozilla/5.0 (Windows NT 6.3; WOW64; rv:30.0) Gecko/20100101 Firefox/30.0"
80.140.66.54 - - [06/Jul/2014:08:57:24 +0200] "GET /images/pmtm5.gif HTTP/1.1" 200 2185 "http://www.ksbb.de/" "Mozilla/5.0 (Windows NT 6.3; WOW64; rv:30.0) Gecko/20100101 Firefox/30.0"
80.140.66.54 - - [06/Jul/2014:08:57:24 +0200] "GET /images/pmtm6.gif HTTP/1.1" 200 628 "http://www.ksbb.de/" "Mozilla/5.0 (Windows NT 6.3; WOW64; rv:30.0) Gecko/20100101 Firefox/30.0"
80.140.66.54 - - [06/Jul/2014:08:57:24 +0200] "GET /images/pmtm7.gif HTTP/1.1" 200 1174 "http://www.ksbb.de/" "Mozilla/5.0 (Windows NT 6.3; WOW64; rv:30.0) Gecko/20100101 Firefox/30.0"
80.140.66.54 - - [06/Jul/2014:08:57:24 +0200] "GET /images/plma.gif HTTP/1.1" 200 164 "http://www.ksbb.de/" "Mozilla/5.0 (Windows NT 6.3; WOW64; rv:30.0) Gecko/20100101 Firefox/30.0"
80.140.66.54 - - [06/Jul/2014:08:57:24 +0200] "GET /images/plogo.gif HTTP/1.1" 200 18153 "http://www.ksbb.de/" "Mozilla/5.0 (Windows NT 6.3; WOW64; rv:30.0) Gecko/20100101 Firefox/30.0"
80.140.66.54 - - [06/Jul/2014:08:57:24 +0200] "GET /images/plmb.gif HTTP/1.1" 200 166 "http://www.ksbb.de/" "Mozilla/5.0 (Windows NT 6.3; WOW64; rv:30.0) Gecko/20100101 Firefox/30.0"
80.140.66.54 - - [06/Jul/2014:08:57:24 +0200] "GET /images/pl160.gif HTTP/1.1" 200 70 "http://www.ksbb.de/" "Mozilla/5.0 (Windows NT 6.3; WOW64; rv:30.0) Gecko/20100101 Firefox/30.0"
80.140.66.54 - - [06/Jul/2014:08:57:24 +0200] "GET /images/phnvmtt1.gif HTTP/1.1" 200 2551 "http://www.ksbb.de/" "Mozilla/5.0 (Windows NT 6.3; WOW64; rv:30.0) Gecko/20100101 Firefox/30.0"
80.140.66.54 - - [06/Jul/2014:08:57:24 +0200] "GET /images/pd.gif HTTP/1.1" 200 111 "http://www.ksbb.de/" "Mozilla/5.0 (Windows NT 6.3; WOW64; rv:30.0) Gecko/20100101 Firefox/30.0"
80.140.66.54 - - [06/Jul/2014:08:57:24 +0200] "GET /images/phnvmtt2.gif HTTP/1.1" 200 1637 "http://www.ksbb.de/" "Mozilla/5.0 (Windows NT 6.3; WOW64; rv:30.0) Gecko/20100101 Firefox/30.0"
80.140.66.54 - - [06/Jul/2014:08:57:24 +0200] "GET /images/phnvmtt3.gif HTTP/1.1" 200 2611 "http://www.ksbb.de/" "Mozilla/5.0 (Windows NT 6.3; WOW64; rv:30.0) Gecko/20100101 Firefox/30.0"
80.140.66.54 - - [06/Jul/2014:08:57:24 +0200] "GET /images/phnvmtt4.gif HTTP/1.1" 200 2685 "http://www.ksbb.de/" "Mozilla/5.0 (Windows NT 6.3; WOW64; rv:30.0) Gecko/20100101 Firefox/30.0"
80.140.66.54 - - [06/Jul/2014:08:57:24 +0200] "GET /images/phnvmtt5.gif HTTP/1.1" 200 2563 "http://www.ksbb.de/" "Mozilla/5.0 (Windows NT 6.3; WOW64; rv:30.0) Gecko/20100101 Firefox/30.0"
80.140.66.54 - - [06/Jul/2014:08:57:24 +0200] "GET /images/phnvmtt6.gif HTTP/1.1" 200 1637 "http://www.ksbb.de/" "Mozilla/5.0 (Windows NT 6.3; WOW64; rv:30.0) Gecko/20100101 Firefox/30.0"
80.140.66.54 - - [06/Jul/2014:08:57:24 +0200] "GET /images/phnvmtt7.gif HTTP/1.1" 200 2552 "http://www.ksbb.de/" "Mozilla/5.0 (Windows NT 6.3; WOW64; rv:30.0) Gecko/20100101 Firefox/30.0"
80.140.66.54 - - [06/Jul/2014:08:57:24 +0200] "GET /images/pbx.gif HTTP/1.1" 200 99 "http://www.ksbb.de/" "Mozilla/5.0 (Windows NT 6.3; WOW64; rv:30.0) Gecko/20100101 Firefox/30.0"
80.140.66.54 - - [06/Jul/2014:08:57:24 +0200] "GET /images/plnkn.gif HTTP/1.1" 200 95 "http://www.ksbb.de/" "Mozilla/5.0 (Windows NT 6.3; WOW64; rv:30.0) Gecko/20100101 Firefox/30.0"
80.140.66.54 - - [06/Jul/2014:08:57:24 +0200] "GET /images/mev23003_72.jpg HTTP/1.1" 200 2106 "http://www.ksbb.de/" "Mozilla/5.0 (Windows NT 6.3; WOW64; rv:30.0) Gecko/20100101 Firefox/30.0"
80.140.66.54 - - [06/Jul/2014:08:57:24 +0200] "GET /images/mev14046_72.jpg HTTP/1.1" 200 1662 "http://www.ksbb.de/" "Mozilla/5.0 (Windows NT 6.3; WOW64; rv:30.0) Gecko/20100101 Firefox/30.0"
80.140.66.54 - - [06/Jul/2014:08:57:24 +0200] "GET /images/55275_72.jpg HTTP/1.1" 200 2381 "http://www.ksbb.de/" "Mozilla/5.0 (Windows NT 6.3; WOW64; rv:30.0) Gecko/20100101 Firefox/30.0"
80.140.66.54 - - [06/Jul/2014:08:57:24 +0200] "GET /images/plmc.gif HTTP/1.1" 200 166 "http://www.ksbb.de/" "Mozilla/5.0 (Windows NT 6.3; WOW64; rv:30.0) Gecko/20100101 Firefox/30.0"
80.140.66.54 - - [06/Jul/2014:08:57:24 +0200] "GET /images/pcmpc1.gif HTTP/1.1" 200 1155 "http://www.ksbb.de/" "Mozilla/5.0 (Windows NT 6.3; WOW64; rv:30.0) Gecko/20100101 Firefox/30.0"
80.140.66.54 - - [06/Jul/2014:08:57:24 +0200] "GET /images/pcmpc2.gif HTTP/1.1" 200 1240 "http://www.ksbb.de/" "Mozilla/5.0 (Windows NT 6.3; WOW64; rv:30.0) Gecko/20100101 Firefox/30.0"
80.140.66.54 - - [06/Jul/2014:08:57:24 +0200] "GET /images/plbt.gif HTTP/1.1" 200 161 "http://www.ksbb.de/" "Mozilla/5.0 (Windows NT 6.3; WOW64; rv:30.0) Gecko/20100101 Firefox/30.0"
80.140.66.54 - - [06/Jul/2014:08:57:24 +0200] "GET /images/ksbb1_sbp.jpg HTTP/1.1" 200 3871 "http://www.ksbb.de/" "Mozilla/5.0 (Windows NT 6.3; WOW64; rv:30.0) Gecko/20100101 Firefox/30.0"
80.140.66.54 - - [06/Jul/2014:08:57:24 +0200] "GET /images/ulslogosbp_sbp.jpg HTTP/1.1" 200 1896 "http://www.ksbb.de/" "Mozilla/5.0 (Windows NT 6.3; WOW64; rv:30.0) Gecko/20100101 Firefox/30.0"
80.140.66.54 - - [06/Jul/2014:08:57:24 +0200] "GET /images/iso9001_sbp.jpg HTTP/1.1" 200 4462 "http://www.ksbb.de/" "Mozilla/5.0 (Windows NT 6.3; WOW64; rv:30.0) Gecko/20100101 Firefox/30.0"
80.140.66.54 - - [06/Jul/2014:08:57:24 +0200] "GET /images/logoprofex_sbp.gif HTTP/1.1" 200 3524 "http://www.ksbb.de/" "Mozilla/5.0 (Windows NT 6.3; WOW64; rv:30.0) Gecko/20100101 Firefox/30.0"
80.140.66.54 - - [06/Jul/2014:08:57:24 +0200] "GET /images/pcmphc1.gif HTTP/1.1" 200 2164 "http://www.ksbb.de/" "Mozilla/5.0 (Windows NT 6.3; WOW64; rv:30.0) Gecko/20100101 Firefox/30.0"
80.140.66.54 - - [06/Jul/2014:08:57:24 +0200] "GET /images/pcmphc2.gif HTTP/1.1" 200 2299 "http://www.ksbb.de/" "Mozilla/5.0 (Windows NT 6.3; WOW64; rv:30.0) Gecko/20100101 Firefox/30.0"
80.140.66.54 - - [06/Jul/2014:08:57:24 +0200] "GET /images/phnvmtht1.gif HTTP/1.1" 200 2613 "http://www.ksbb.de/" "Mozilla/5.0 (Windows NT 6.3; WOW64; rv:30.0) Gecko/20100101 Firefox/30.0"
80.140.66.54 - - [06/Jul/2014:08:57:24 +0200] "GET /images/phnvmtht2.gif HTTP/1.1" 200 1696 "http://www.ksbb.de/" "Mozilla/5.0 (Windows NT 6.3; WOW64; rv:30.0) Gecko/20100101 Firefox/30.0"
80.140.66.54 - - [06/Jul/2014:08:57:24 +0200] "GET /images/phnvmtht3.gif HTTP/1.1" 200 2679 "http://www.ksbb.de/" "Mozilla/5.0 (Windows NT 6.3; WOW64; rv:30.0) Gecko/20100101 Firefox/30.0"
80.140.66.54 - - [06/Jul/2014:08:57:24 +0200] "GET /images/phnvmtht4.gif HTTP/1.1" 200 2627 "http://www.ksbb.de/" "Mozilla/5.0 (Windows NT 6.3; WOW64; rv:30.0) Gecko/20100101 Firefox/30.0"
80.140.66.54 - - [06/Jul/2014:08:57:24 +0200] "GET /images/phnvmtht5.gif HTTP/1.1" 200 2500 "http://www.ksbb.de/" "Mozilla/5.0 (Windows NT 6.3; WOW64; rv:30.0) Gecko/20100101 Firefox/30.0"
80.140.66.54 - - [06/Jul/2014:08:57:24 +0200] "GET /images/phnvmtht6.gif HTTP/1.1" 200 1696 "http://www.ksbb.de/" "Mozilla/5.0 (Windows NT 6.3; WOW64; rv:30.0) Gecko/20100101 Firefox/30.0"
80.140.66.54 - - [06/Jul/2014:08:57:24 +0200] "GET /images/phnvmtht7.gif HTTP/1.1" 200 2615 "http://www.ksbb.de/" "Mozilla/5.0 (Windows NT 6.3; WOW64; rv:30.0) Gecko/20100101 Firefox/30.0"
80.140.66.54 - - [06/Jul/2014:08:57:24 +0200] "GET /images/pmthm1.gif HTTP/1.1" 200 2169 "http://www.ksbb.de/" "Mozilla/5.0 (Windows NT 6.3; WOW64; rv:30.0) Gecko/20100101 Firefox/30.0"
80.140.66.54 - - [06/Jul/2014:08:57:24 +0200] "GET /images/pmthm2.gif HTTP/1.1" 200 1209 "http://www.ksbb.de/" "Mozilla/5.0 (Windows NT 6.3; WOW64; rv:30.0) Gecko/20100101 Firefox/30.0"
80.140.66.54 - - [06/Jul/2014:08:57:24 +0200] "GET /images/pmthm3.gif HTTP/1.1" 200 2275 "http://www.ksbb.de/" "Mozilla/5.0 (Windows NT 6.3; WOW64; rv:30.0) Gecko/20100101 Firefox/30.0"
80.140.66.54 - - [06/Jul/2014:08:57:24 +0200] "GET /images/pmthm4.gif HTTP/1.1" 200 2518 "http://www.ksbb.de/" "Mozilla/5.0 (Windows NT 6.3; WOW64; rv:30.0) Gecko/20100101 Firefox/30.0"
80.140.66.54 - - [06/Jul/2014:08:57:24 +0200] "GET /images/pmthm5.gif HTTP/1.1" 200 2381 "http://www.ksbb.de/" "Mozilla/5.0 (Windows NT 6.3; WOW64; rv:30.0) Gecko/20100101 Firefox/30.0"
80.140.66.54 - - [06/Jul/2014:08:57:24 +0200] "GET /images/pmthm6.gif HTTP/1.1" 200 1209 "http://www.ksbb.de/" "Mozilla/5.0 (Windows NT 6.3; WOW64; rv:30.0) Gecko/20100101 Firefox/30.0"
80.140.66.54 - - [06/Jul/2014:08:57:24 +0200] "GET /images/pmthm7.gif HTTP/1.1" 200 2195 "http://www.ksbb.de/" "Mozilla/5.0 (Windows NT 6.3; WOW64; rv:30.0) Gecko/20100101 Firefox/30.0"
80.140.66.54 - - [06/Jul/2014:08:57:24 +0200] "GET /images/pbg.gif HTTP/1.1" 200 52 "http://www.ksbb.de/" "Mozilla/5.0 (Windows NT 6.3; WOW64; rv:30.0) Gecko/20100101 Firefox/30.0"
80.140.66.54 - - [06/Jul/2014:08:57:24 +0200] "GET /images/psd.gif HTTP/1.1" 200 111 "http://www.ksbb.de/" "Mozilla/5.0 (Windows NT 6.3; WOW64; rv:30.0) Gecko/20100101 Firefox/30.0"
80.140.66.54 - - [06/Jul/2014:08:57:24 +0200] "GET /images/plvt.gif HTTP/1.1" 200 53 "http://www.ksbb.de/" "Mozilla/5.0 (Windows NT 6.3; WOW64; rv:30.0) Gecko/20100101 Firefox/30.0"
80.140.66.54 - - [06/Jul/2014:08:57:24 +0200] "GET /favicon.ico HTTP/1.1" 404 - "-" "Mozilla/5.0 (Windows NT 6.3; WOW64; rv:30.0) Gecko/20100101 Firefox/30.0"
80.140.66.54 - - [06/Jul/2014:08:57:24 +0200] "GET /favicon.ico HTTP/1.1" 404 - "-" "Mozilla/5.0 (Windows NT 6.3; WOW64; rv:30.0) Gecko/20100101 Firefox/30.0"
77.8.206.107 - - [06/Jul/2014:09:04:47 +0200] "GET / HTTP/1.1" 200 24273 "-" "Mozilla/5.0 (Windows NT 6.2; WOW64; rv:22.0) Gecko/20100101 Firefox/22.0"
66.249.79.69 - - [06/Jul/2014:10:01:52 +0200] "GET /00000398730fcd910.php HTTP/1.1" 200 22402 "-" "Mozilla/5.0 (compatible; Googlebot/2.1; +http://www.google.com/bot.html)"
207.46.13.18 - - [06/Jul/2014:10:09:51 +0200] "GET /000001985b0e5e29a/000001985f0d1bf04/index.php HTTP/1.1" 200 17290 "-" "Mozilla/5.0 (compatible; bingbot/2.0; +http://www.bing.com/bingbot.htm)"
157.55.39.149 - - [06/Jul/2014:10:50:35 +0200] "GET /000001985b0ce1e49/index.php HTTP/1.1" 200 14901 "-" "Mozilla/5.0 (compatible; bingbot/2.0; +http://www.bing.com/bingbot.htm)"
157.55.39.150 - - [06/Jul/2014:11:31:04 +0200] "GET /00000198660c9d618/index.php HTTP/1.1" 200 15348 "-" "Mozilla/5.0 (compatible; bingbot/2.0; +http://www.bing.com/bingbot.htm)"
178.255.215.66 - - [06/Jul/2014:12:33:06 +0200] "GET /000001985b0d93482/000001985b0da2285/index.php HTTP/1.1" 200 16397 "-" "Mozilla/5.0 (compatible; Exabot/3.0; +http://www.exabot.com/go/robot)"
80.187.97.177 - - [06/Jul/2014:13:40:08 +0200] "GET / HTTP/1.1" 200 24273 "-" "Mozilla/5.0 (Android; Mobile; rv:30.0) Gecko/30.0 Firefox/30.0"
80.187.97.177 - - [06/Jul/2014:13:40:08 +0200] "GET /assets/ssb.css HTTP/1.1" 200 657 "-" "Mozilla/5.0 (Android; Mobile; rv:30.0) Gecko/30.0 Firefox/30.0"
80.187.97.177 - - [06/Jul/2014:13:40:08 +0200] "GET /assets/s.css HTTP/1.1" 200 3386 "-" "Mozilla/5.0 (Android; Mobile; rv:30.0) Gecko/30.0 Firefox/30.0"
80.187.97.177 - - [06/Jul/2014:13:40:09 +0200] "GET /images/pcp.gif HTTP/1.1" 200 43 "http://www.ksbb.de/" "Mozilla/5.0 (Android; Mobile; rv:30.0) Gecko/30.0 Firefox/30.0"
80.187.97.177 - - [06/Jul/2014:13:40:09 +0200] "GET /images/phomesm0.gif HTTP/1.1" 200 2239 "http://www.ksbb.de/" "Mozilla/5.0 (Android; Mobile; rv:30.0) Gecko/30.0 Firefox/30.0"
80.187.97.177 - - [06/Jul/2014:13:40:09 +0200] "GET /images/pmtm2.gif HTTP/1.1" 200 628 "http://www.ksbb.de/" "Mozilla/5.0 (Android; Mobile; rv:30.0) Gecko/30.0 Firefox/30.0"
80.187.97.177 - - [06/Jul/2014:13:40:09 +0200] "GET /images/pltp.gif HTTP/1.1" 200 160 "http://www.ksbb.de/" "Mozilla/5.0 (Android; Mobile; rv:30.0) Gecko/30.0 Firefox/30.0"
80.187.97.177 - - [06/Jul/2014:13:40:09 +0200] "GET /images/plms.gif HTTP/1.1" 200 68 "http://www.ksbb.de/" "Mozilla/5.0 (Android; Mobile; rv:30.0) Gecko/30.0 Firefox/30.0"
80.187.97.177 - - [06/Jul/2014:13:40:09 +0200] "GET /images/pmtm1.gif HTTP/1.1" 200 1155 "http://www.ksbb.de/" "Mozilla/5.0 (Android; Mobile; rv:30.0) Gecko/30.0 Firefox/30.0"
80.187.97.177 - - [06/Jul/2014:13:40:09 +0200] "GET /images/pmtm4.gif HTTP/1.1" 200 2316 "http://www.ksbb.de/" "Mozilla/5.0 (Android; Mobile; rv:30.0) Gecko/30.0 Firefox/30.0"
80.187.97.177 - - [06/Jul/2014:13:40:09 +0200] "GET /images/pmtm7.gif HTTP/1.1" 200 1174 "http://www.ksbb.de/" "Mozilla/5.0 (Android; Mobile; rv:30.0) Gecko/30.0 Firefox/30.0"
80.187.97.177 - - [06/Jul/2014:13:40:09 +0200] "GET /images/pmtm6.gif HTTP/1.1" 200 628 "http://www.ksbb.de/" "Mozilla/5.0 (Android; Mobile; rv:30.0) Gecko/30.0 Firefox/30.0"
80.187.97.177 - - [06/Jul/2014:13:40:09 +0200] "GET /images/pmtm5.gif HTTP/1.1" 200 2185 "http://www.ksbb.de/" "Mozilla/5.0 (Android; Mobile; rv:30.0) Gecko/30.0 Firefox/30.0"
80.187.97.177 - - [06/Jul/2014:13:40:09 +0200] "GET /images/plma.gif HTTP/1.1" 200 164 "http://www.ksbb.de/" "Mozilla/5.0 (Android; Mobile; rv:30.0) Gecko/30.0 Firefox/30.0"
80.187.97.177 - - [06/Jul/2014:13:40:09 +0200] "GET /images/phnvmtt1.gif HTTP/1.1" 200 2551 "http://www.ksbb.de/" "Mozilla/5.0 (Android; Mobile; rv:30.0) Gecko/30.0 Firefox/30.0"
80.187.97.177 - - [06/Jul/2014:13:40:09 +0200] "GET /images/pmtm3.gif HTTP/1.1" 200 2032 "http://www.ksbb.de/" "Mozilla/5.0 (Android; Mobile; rv:30.0) Gecko/30.0 Firefox/30.0"
80.187.97.177 - - [06/Jul/2014:13:40:09 +0200] "GET /images/plogo.gif HTTP/1.1" 200 18153 "http://www.ksbb.de/" "Mozilla/5.0 (Android; Mobile; rv:30.0) Gecko/30.0 Firefox/30.0"
80.187.97.177 - - [06/Jul/2014:13:40:09 +0200] "GET /images/plmc.gif HTTP/1.1" 200 166 "http://www.ksbb.de/" "Mozilla/5.0 (Android; Mobile; rv:30.0) Gecko/30.0 Firefox/30.0"
80.187.97.177 - - [06/Jul/2014:13:40:09 +0200] "GET /images/phnvmtt3.gif HTTP/1.1" 200 2611 "http://www.ksbb.de/" "Mozilla/5.0 (Android; Mobile; rv:30.0) Gecko/30.0 Firefox/30.0"
80.187.97.177 - - [06/Jul/2014:13:40:09 +0200] "GET /images/pl160.gif HTTP/1.1" 200 70 "http://www.ksbb.de/" "Mozilla/5.0 (Android; Mobile; rv:30.0) Gecko/30.0 Firefox/30.0"
80.187.97.177 - - [06/Jul/2014:13:40:09 +0200] "GET /images/phnvmtt2.gif HTTP/1.1" 200 1637 "http://www.ksbb.de/" "Mozilla/5.0 (Android; Mobile; rv:30.0) Gecko/30.0 Firefox/30.0"
80.187.97.177 - - [06/Jul/2014:13:40:09 +0200] "GET /images/phnvmtt5.gif HTTP/1.1" 200 2563 "http://www.ksbb.de/" "Mozilla/5.0 (Android; Mobile; rv:30.0) Gecko/30.0 Firefox/30.0"
80.187.97.177 - - [06/Jul/2014:13:40:09 +0200] "GET /images/plmb.gif HTTP/1.1" 200 166 "http://www.ksbb.de/" "Mozilla/5.0 (Android; Mobile; rv:30.0) Gecko/30.0 Firefox/30.0"
80.187.97.177 - - [06/Jul/2014:13:40:09 +0200] "GET /images/pd.gif HTTP/1.1" 200 111 "http://www.ksbb.de/" "Mozilla/5.0 (Android; Mobile; rv:30.0) Gecko/30.0 Firefox/30.0"
80.187.97.177 - - [06/Jul/2014:13:40:09 +0200] "GET /images/phnvmtt4.gif HTTP/1.1" 200 2685 "http://www.ksbb.de/" "Mozilla/5.0 (Android; Mobile; rv:30.0) Gecko/30.0 Firefox/30.0"
80.187.97.177 - - [06/Jul/2014:13:40:09 +0200] "GET /images/phnvmtt6.gif HTTP/1.1" 200 1637 "http://www.ksbb.de/" "Mozilla/5.0 (Android; Mobile; rv:30.0) Gecko/30.0 Firefox/30.0"
80.187.97.177 - - [06/Jul/2014:13:40:10 +0200] "GET /images/pbg.gif HTTP/1.1" 200 52 "http://www.ksbb.de/" "Mozilla/5.0 (Android; Mobile; rv:30.0) Gecko/30.0 Firefox/30.0"
80.187.97.177 - - [06/Jul/2014:13:40:10 +0200] "GET /images/pcmpc1.gif HTTP/1.1" 200 1155 "http://www.ksbb.de/" "Mozilla/5.0 (Android; Mobile; rv:30.0) Gecko/30.0 Firefox/30.0"
80.187.97.177 - - [06/Jul/2014:13:40:10 +0200] "GET /images/phnvmtt7.gif HTTP/1.1" 200 2552 "http://www.ksbb.de/" "Mozilla/5.0 (Android; Mobile; rv:30.0) Gecko/30.0 Firefox/30.0"
80.187.97.177 - - [06/Jul/2014:13:40:10 +0200] "GET /images/mev23003_72.jpg HTTP/1.1" 200 2106 "http://www.ksbb.de/" "Mozilla/5.0 (Android; Mobile; rv:30.0) Gecko/30.0 Firefox/30.0"
80.187.97.177 - - [06/Jul/2014:13:40:10 +0200] "GET /images/ulslogosbp_sbp.jpg HTTP/1.1" 200 1896 "http://www.ksbb.de/" "Mozilla/5.0 (Android; Mobile; rv:30.0) Gecko/30.0 Firefox/30.0"
80.187.97.177 - - [06/Jul/2014:13:40:10 +0200] "GET /images/plnkn.gif HTTP/1.1" 200 95 "http://www.ksbb.de/" "Mozilla/5.0 (Android; Mobile; rv:30.0) Gecko/30.0 Firefox/30.0"
80.187.97.177 - - [06/Jul/2014:13:40:10 +0200] "GET /images/mev14046_72.jpg HTTP/1.1" 200 1662 "http://www.ksbb.de/" "Mozilla/5.0 (Android; Mobile; rv:30.0) Gecko/30.0 Firefox/30.0"
80.187.97.177 - - [06/Jul/2014:13:40:10 +0200] "GET /images/pcmpc2.gif HTTP/1.1" 200 1240 "http://www.ksbb.de/" "Mozilla/5.0 (Android; Mobile; rv:30.0) Gecko/30.0 Firefox/30.0"
80.187.97.177 - - [06/Jul/2014:13:40:10 +0200] "GET /images/ksbb1_sbp.jpg HTTP/1.1" 200 3871 "http://www.ksbb.de/" "Mozilla/5.0 (Android; Mobile; rv:30.0) Gecko/30.0 Firefox/30.0"
80.187.97.177 - - [06/Jul/2014:13:40:10 +0200] "GET /images/plvt.gif HTTP/1.1" 200 53 "http://www.ksbb.de/" "Mozilla/5.0 (Android; Mobile; rv:30.0) Gecko/30.0 Firefox/30.0"
80.187.97.177 - - [06/Jul/2014:13:40:10 +0200] "GET /images/plbt.gif HTTP/1.1" 200 161 "http://www.ksbb.de/" "Mozilla/5.0 (Android; Mobile; rv:30.0) Gecko/30.0 Firefox/30.0"
80.187.97.177 - - [06/Jul/2014:13:40:10 +0200] "GET /images/logoprofex_sbp.gif HTTP/1.1" 200 3524 "http://www.ksbb.de/" "Mozilla/5.0 (Android; Mobile; rv:30.0) Gecko/30.0 Firefox/30.0"
80.187.97.177 - - [06/Jul/2014:13:40:10 +0200] "GET /images/55275_72.jpg HTTP/1.1" 200 2381 "http://www.ksbb.de/" "Mozilla/5.0 (Android; Mobile; rv:30.0) Gecko/30.0 Firefox/30.0"
80.187.97.177 - - [06/Jul/2014:13:40:10 +0200] "GET /images/pbx.gif HTTP/1.1" 200 99 "http://www.ksbb.de/" "Mozilla/5.0 (Android; Mobile; rv:30.0) Gecko/30.0 Firefox/30.0"
80.187.97.177 - - [06/Jul/2014:13:40:10 +0200] "GET /images/iso9001_sbp.jpg HTTP/1.1" 200 4462 "http://www.ksbb.de/" "Mozilla/5.0 (Android; Mobile; rv:30.0) Gecko/30.0 Firefox/30.0"
80.187.97.177 - - [06/Jul/2014:13:40:10 +0200] "GET /images/pcmphc1.gif HTTP/1.1" 200 2164 "http://www.ksbb.de/" "Mozilla/5.0 (Android; Mobile; rv:30.0) Gecko/30.0 Firefox/30.0"
80.187.97.177 - - [06/Jul/2014:13:40:10 +0200] "GET /images/pcmpc1.gif HTTP/1.1" 200 1155 "http://www.ksbb.de/" "Mozilla/5.0 (Android; Mobile; rv:30.0) Gecko/30.0 Firefox/30.0"
80.187.97.177 - - [06/Jul/2014:13:40:10 +0200] "GET /images/phnvmtt1.gif HTTP/1.1" 200 2551 "http://www.ksbb.de/" "Mozilla/5.0 (Android; Mobile; rv:30.0) Gecko/30.0 Firefox/30.0"
80.187.97.177 - - [06/Jul/2014:13:40:10 +0200] "GET /images/pcmphc2.gif HTTP/1.1" 200 2299 "http://www.ksbb.de/" "Mozilla/5.0 (Android; Mobile; rv:30.0) Gecko/30.0 Firefox/30.0"
80.187.97.177 - - [06/Jul/2014:13:40:10 +0200] "GET /images/phnvmtt2.gif HTTP/1.1" 200 1637 "http://www.ksbb.de/" "Mozilla/5.0 (Android; Mobile; rv:30.0) Gecko/30.0 Firefox/30.0"
80.187.97.177 - - [06/Jul/2014:13:40:10 +0200] "GET /images/phnvmtht1.gif HTTP/1.1" 200 2613 "http://www.ksbb.de/" "Mozilla/5.0 (Android; Mobile; rv:30.0) Gecko/30.0 Firefox/30.0"
80.187.97.177 - - [06/Jul/2014:13:40:10 +0200] "GET /images/pcmpc2.gif HTTP/1.1" 200 1240 "http://www.ksbb.de/" "Mozilla/5.0 (Android; Mobile; rv:30.0) Gecko/30.0 Firefox/30.0"
80.187.97.177 - - [06/Jul/2014:13:40:10 +0200] "GET /images/phnvmtt3.gif HTTP/1.1" 200 2611 "http://www.ksbb.de/" "Mozilla/5.0 (Android; Mobile; rv:30.0) Gecko/30.0 Firefox/30.0"
80.187.97.177 - - [06/Jul/2014:13:40:10 +0200] "GET /images/phnvmtht2.gif HTTP/1.1" 200 1696 "http://www.ksbb.de/" "Mozilla/5.0 (Android; Mobile; rv:30.0) Gecko/30.0 Firefox/30.0"
80.187.97.177 - - [06/Jul/2014:13:40:10 +0200] "GET /images/phnvmtht3.gif HTTP/1.1" 200 2679 "http://www.ksbb.de/" "Mozilla/5.0 (Android; Mobile; rv:30.0) Gecko/30.0 Firefox/30.0"
80.187.97.177 - - [06/Jul/2014:13:40:10 +0200] "GET /images/phnvmtt4.gif HTTP/1.1" 200 2685 "http://www.ksbb.de/" "Mozilla/5.0 (Android; Mobile; rv:30.0) Gecko/30.0 Firefox/30.0"
80.187.97.177 - - [06/Jul/2014:13:40:10 +0200] "GET /images/phnvmtht4.gif HTTP/1.1" 200 2627 "http://www.ksbb.de/" "Mozilla/5.0 (Android; Mobile; rv:30.0) Gecko/30.0 Firefox/30.0"
80.187.97.177 - - [06/Jul/2014:13:40:10 +0200] "GET /images/phnvmtt5.gif HTTP/1.1" 200 2563 "http://www.ksbb.de/" "Mozilla/5.0 (Android; Mobile; rv:30.0) Gecko/30.0 Firefox/30.0"
80.187.97.177 - - [06/Jul/2014:13:40:10 +0200] "GET /images/phnvmtht5.gif HTTP/1.1" 200 2500 "http://www.ksbb.de/" "Mozilla/5.0 (Android; Mobile; rv:30.0) Gecko/30.0 Firefox/30.0"
80.187.97.177 - - [06/Jul/2014:13:40:10 +0200] "GET /images/pmtm3.gif HTTP/1.1" 200 2032 "http://www.ksbb.de/" "Mozilla/5.0 (Android; Mobile; rv:30.0) Gecko/30.0 Firefox/30.0"
80.187.97.177 - - [06/Jul/2014:13:40:10 +0200] "GET /images/pmthm6.gif HTTP/1.1" 200 1209 "http://www.ksbb.de/" "Mozilla/5.0 (Android; Mobile; rv:30.0) Gecko/30.0 Firefox/30.0"
80.187.97.177 - - [06/Jul/2014:13:40:10 +0200] "GET /images/phnvmtt7.gif HTTP/1.1" 200 2552 "http://www.ksbb.de/" "Mozilla/5.0 (Android; Mobile; rv:30.0) Gecko/30.0 Firefox/30.0"
80.187.97.177 - - [06/Jul/2014:13:40:10 +0200] "GET /images/phomesm0.gif HTTP/1.1" 200 2239 "http://www.ksbb.de/" "Mozilla/5.0 (Android; Mobile; rv:30.0) Gecko/30.0 Firefox/30.0"
80.187.97.177 - - [06/Jul/2014:13:40:10 +0200] "GET /images/pmtm4.gif HTTP/1.1" 200 2316 "http://www.ksbb.de/" "Mozilla/5.0 (Android; Mobile; rv:30.0) Gecko/30.0 Firefox/30.0"
80.187.97.177 - - [06/Jul/2014:13:40:10 +0200] "GET /images/pmthm7.gif HTTP/1.1" 200 2195 "http://www.ksbb.de/" "Mozilla/5.0 (Android; Mobile; rv:30.0) Gecko/30.0 Firefox/30.0"
80.187.97.177 - - [06/Jul/2014:13:40:10 +0200] "GET /images/phnvmtht7.gif HTTP/1.1" 200 2615 "http://www.ksbb.de/" "Mozilla/5.0 (Android; Mobile; rv:30.0) Gecko/30.0 Firefox/30.0"
80.187.97.177 - - [06/Jul/2014:13:40:10 +0200] "GET /images/pmtm7.gif HTTP/1.1" 200 1174 "http://www.ksbb.de/" "Mozilla/5.0 (Android; Mobile; rv:30.0) Gecko/30.0 Firefox/30.0"
80.187.97.177 - - [06/Jul/2014:13:40:10 +0200] "GET /images/pmthm3.gif HTTP/1.1" 200 2275 "http://www.ksbb.de/" "Mozilla/5.0 (Android; Mobile; rv:30.0) Gecko/30.0 Firefox/30.0"
80.187.97.177 - - [06/Jul/2014:13:40:10 +0200] "GET /images/pmthm1.gif HTTP/1.1" 200 2169 "http://www.ksbb.de/" "Mozilla/5.0 (Android; Mobile; rv:30.0) Gecko/30.0 Firefox/30.0"
80.187.97.177 - - [06/Jul/2014:13:40:10 +0200] "GET /images/pmtm5.gif HTTP/1.1" 200 2185 "http://www.ksbb.de/" "Mozilla/5.0 (Android; Mobile; rv:30.0) Gecko/30.0 Firefox/30.0"
80.187.97.177 - - [06/Jul/2014:13:40:10 +0200] "GET /images/psd.gif HTTP/1.1" 200 111 "http://www.ksbb.de/" "Mozilla/5.0 (Android; Mobile; rv:30.0) Gecko/30.0 Firefox/30.0"
80.187.97.177 - - [06/Jul/2014:13:40:10 +0200] "GET /images/pmtm2.gif HTTP/1.1" 200 628 "http://www.ksbb.de/" "Mozilla/5.0 (Android; Mobile; rv:30.0) Gecko/30.0 Firefox/30.0"
80.187.97.177 - - [06/Jul/2014:13:40:10 +0200] "GET /images/phnvmtt6.gif HTTP/1.1" 200 1637 "http://www.ksbb.de/" "Mozilla/5.0 (Android; Mobile; rv:30.0) Gecko/30.0 Firefox/30.0"
80.187.97.177 - - [06/Jul/2014:13:40:10 +0200] "GET /images/pmthm5.gif HTTP/1.1" 200 2381 "http://www.ksbb.de/" "Mozilla/5.0 (Android; Mobile; rv:30.0) Gecko/30.0 Firefox/30.0"
