93.186.8.229 - - [22/Jul/2014:00:47:46 +0200] "GET /images/pcmpc2.gif HTTP/1.1" 200 1240 "http://www.ksbb.de/" "Mozilla/5.0 (Windows NT 6.2; WOW64; rv:30.0) Gecko/20100101 Firefox/30.0"
93.186.8.229 - - [22/Jul/2014:00:47:46 +0200] "GET /images/plbt.gif HTTP/1.1" 200 161 "http://www.ksbb.de/" "Mozilla/5.0 (Windows NT 6.2; WOW64; rv:30.0) Gecko/20100101 Firefox/30.0"
93.186.8.229 - - [22/Jul/2014:00:47:46 +0200] "GET /images/ulslogosbp_sbp.jpg HTTP/1.1" 200 1896 "http://www.ksbb.de/" "Mozilla/5.0 (Windows NT 6.2; WOW64; rv:30.0) Gecko/20100101 Firefox/30.0"
93.186.8.229 - - [22/Jul/2014:00:47:46 +0200] "GET /images/iso9001_sbp.jpg HTTP/1.1" 200 4462 "http://www.ksbb.de/" "Mozilla/5.0 (Windows NT 6.2; WOW64; rv:30.0) Gecko/20100101 Firefox/30.0"
93.186.8.229 - - [22/Jul/2014:00:47:46 +0200] "GET /images/ksbb1_sbp.jpg HTTP/1.1" 200 3871 "http://www.ksbb.de/" "Mozilla/5.0 (Windows NT 6.2; WOW64; rv:30.0) Gecko/20100101 Firefox/30.0"
93.186.8.229 - - [22/Jul/2014:00:47:46 +0200] "GET /images/logoprofex_sbp.gif HTTP/1.1" 200 3524 "http://www.ksbb.de/" "Mozilla/5.0 (Windows NT 6.2; WOW64; rv:30.0) Gecko/20100101 Firefox/30.0"
93.186.8.229 - - [22/Jul/2014:00:47:46 +0200] "GET /images/pcmphc1.gif HTTP/1.1" 200 2164 "http://www.ksbb.de/" "Mozilla/5.0 (Windows NT 6.2; WOW64; rv:30.0) Gecko/20100101 Firefox/30.0"
93.186.8.229 - - [22/Jul/2014:00:47:46 +0200] "GET /images/pcmphc2.gif HTTP/1.1" 200 2299 "http://www.ksbb.de/" "Mozilla/5.0 (Windows NT 6.2; WOW64; rv:30.0) Gecko/20100101 Firefox/30.0"
93.186.8.229 - - [22/Jul/2014:00:47:46 +0200] "GET /images/phnvmtht1.gif HTTP/1.1" 200 2613 "http://www.ksbb.de/" "Mozilla/5.0 (Windows NT 6.2; WOW64; rv:30.0) Gecko/20100101 Firefox/30.0"
93.186.8.229 - - [22/Jul/2014:00:47:46 +0200] "GET /images/phnvmtht2.gif HTTP/1.1" 200 1696 "http://www.ksbb.de/" "Mozilla/5.0 (Windows NT 6.2; WOW64; rv:30.0) Gecko/20100101 Firefox/30.0"
93.186.8.229 - - [22/Jul/2014:00:47:46 +0200] "GET /images/phnvmtht3.gif HTTP/1.1" 200 2679 "http://www.ksbb.de/" "Mozilla/5.0 (Windows NT 6.2; WOW64; rv:30.0) Gecko/20100101 Firefox/30.0"
93.186.8.229 - - [22/Jul/2014:00:47:46 +0200] "GET /images/phnvmtht5.gif HTTP/1.1" 200 2500 "http://www.ksbb.de/" "Mozilla/5.0 (Windows NT 6.2; WOW64; rv:30.0) Gecko/20100101 Firefox/30.0"
93.186.8.229 - - [22/Jul/2014:00:47:46 +0200] "GET /images/phnvmtht4.gif HTTP/1.1" 200 2627 "http://www.ksbb.de/" "Mozilla/5.0 (Windows NT 6.2; WOW64; rv:30.0) Gecko/20100101 Firefox/30.0"
93.186.8.229 - - [22/Jul/2014:00:47:46 +0200] "GET /images/phnvmtht6.gif HTTP/1.1" 200 1696 "http://www.ksbb.de/" "Mozilla/5.0 (Windows NT 6.2; WOW64; rv:30.0) Gecko/20100101 Firefox/30.0"
93.186.8.229 - - [22/Jul/2014:00:47:46 +0200] "GET /images/phnvmtht7.gif HTTP/1.1" 200 2615 "http://www.ksbb.de/" "Mozilla/5.0 (Windows NT 6.2; WOW64; rv:30.0) Gecko/20100101 Firefox/30.0"
93.186.8.229 - - [22/Jul/2014:00:47:46 +0200] "GET /images/pmthm1.gif HTTP/1.1" 200 2169 "http://www.ksbb.de/" "Mozilla/5.0 (Windows NT 6.2; WOW64; rv:30.0) Gecko/20100101 Firefox/30.0"
93.186.8.229 - - [22/Jul/2014:00:47:46 +0200] "GET /images/pmthm2.gif HTTP/1.1" 200 1209 "http://www.ksbb.de/" "Mozilla/5.0 (Windows NT 6.2; WOW64; rv:30.0) Gecko/20100101 Firefox/30.0"
93.186.8.229 - - [22/Jul/2014:00:47:46 +0200] "GET /images/pmthm4.gif HTTP/1.1" 200 2518 "http://www.ksbb.de/" "Mozilla/5.0 (Windows NT 6.2; WOW64; rv:30.0) Gecko/20100101 Firefox/30.0"
93.186.8.229 - - [22/Jul/2014:00:47:46 +0200] "GET /images/pmthm3.gif HTTP/1.1" 200 2275 "http://www.ksbb.de/" "Mozilla/5.0 (Windows NT 6.2; WOW64; rv:30.0) Gecko/20100101 Firefox/30.0"
93.186.8.229 - - [22/Jul/2014:00:47:46 +0200] "GET /images/pmthm5.gif HTTP/1.1" 200 2381 "http://www.ksbb.de/" "Mozilla/5.0 (Windows NT 6.2; WOW64; rv:30.0) Gecko/20100101 Firefox/30.0"
93.186.8.229 - - [22/Jul/2014:00:47:46 +0200] "GET /images/pmthm6.gif HTTP/1.1" 200 1209 "http://www.ksbb.de/" "Mozilla/5.0 (Windows NT 6.2; WOW64; rv:30.0) Gecko/20100101 Firefox/30.0"
93.186.8.229 - - [22/Jul/2014:00:47:46 +0200] "GET /images/pmthm7.gif HTTP/1.1" 200 2195 "http://www.ksbb.de/" "Mozilla/5.0 (Windows NT 6.2; WOW64; rv:30.0) Gecko/20100101 Firefox/30.0"
93.186.8.229 - - [22/Jul/2014:00:47:46 +0200] "GET /images/pbg.gif HTTP/1.1" 200 52 "http://www.ksbb.de/" "Mozilla/5.0 (Windows NT 6.2; WOW64; rv:30.0) Gecko/20100101 Firefox/30.0"
93.186.8.229 - - [22/Jul/2014:00:47:46 +0200] "GET /images/plvt.gif HTTP/1.1" 200 53 "http://www.ksbb.de/" "Mozilla/5.0 (Windows NT 6.2; WOW64; rv:30.0) Gecko/20100101 Firefox/30.0"
93.186.8.229 - - [22/Jul/2014:00:47:46 +0200] "GET /images/psd.gif HTTP/1.1" 200 111 "http://www.ksbb.de/" "Mozilla/5.0 (Windows NT 6.2; WOW64; rv:30.0) Gecko/20100101 Firefox/30.0"
93.186.8.229 - - [22/Jul/2014:00:47:47 +0200] "GET /favicon.ico HTTP/1.1" 404 - "-" "Mozilla/5.0 (Windows NT 6.2; WOW64; rv:30.0) Gecko/20100101 Firefox/30.0"
93.186.8.229 - - [22/Jul/2014:00:47:47 +0200] "GET /favicon.ico HTTP/1.1" 404 - "-" "Mozilla/5.0 (Windows NT 6.2; WOW64; rv:30.0) Gecko/20100101 Firefox/30.0"
123.125.71.35 - - [22/Jul/2014:01:27:56 +0200] "GET / HTTP/1.1" 200 24280 "-" "Mozilla/5.0 (compatible; Baiduspider/2.0; +http://www.baidu.com/search/spider.html)"
220.181.108.92 - - [22/Jul/2014:01:27:58 +0200] "GET / HTTP/1.1" 200 15277 "-" "Mozilla/5.0 (compatible; Baiduspider/2.0; +http://www.baidu.com/search/spider.html)"
66.249.78.251 - - [22/Jul/2014:01:49:28 +0200] "GET /00000198660c9d618/00000198610cada01/index.php HTTP/1.1" 200 18159 "-" "Mozilla/5.0 (iPhone; CPU iPhone OS 6_0 like Mac OS X) AppleWebKit/536.26 (KHTML, like Gecko) Version/6.0 Mobile/10A5376e Safari/8536.25 (compatible; Googlebot/2.1; +http://www.google.com/bot.html)"
5.9.112.67 - - [22/Jul/2014:02:17:11 +0200] "GET /robots.txt HTTP/1.1" 404 - "-" "Mozilla/5.0 (compatible; SISTRIX Crawler; http://crawler.sistrix.net/)"
5.9.112.67 - - [22/Jul/2014:02:17:12 +0200] "GET / HTTP/1.1" 200 24273 "-" "Mozilla/5.0 (compatible; SISTRIX Crawler; http://crawler.sistrix.net/)"
5.9.112.67 - - [22/Jul/2014:02:17:13 +0200] "GET /00000398730fce012.php HTTP/1.1" 200 22659 "-" "Mozilla/5.0 (compatible; SISTRIX Crawler; http://crawler.sistrix.net/)"
5.9.112.67 - - [22/Jul/2014:02:17:14 +0200] "GET /index.php HTTP/1.1" 200 24273 "-" "Mozilla/5.0 (compatible; SISTRIX Crawler; http://crawler.sistrix.net/)"
5.9.112.67 - - [22/Jul/2014:02:17:15 +0200] "GET /00000398730fcd910.php HTTP/1.1" 200 22402 "-" "Mozilla/5.0 (compatible; SISTRIX Crawler; http://crawler.sistrix.net/)"
5.9.112.67 - - [22/Jul/2014:02:17:17 +0200] "GET /00000198660b9a703/index.php HTTP/1.1" 200 19277 "-" "Mozilla/5.0 (compatible; SISTRIX Crawler; http://crawler.sistrix.net/)"
5.9.112.67 - - [22/Jul/2014:02:17:18 +0200] "GET /000001985b0e5e29a/index.php HTTP/1.1" 200 16895 "-" "Mozilla/5.0 (compatible; SISTRIX Crawler; http://crawler.sistrix.net/)"
5.9.112.67 - - [22/Jul/2014:02:17:19 +0200] "GET /00000198660a80203/index.php HTTP/1.1" 200 12640 "-" "Mozilla/5.0 (compatible; SISTRIX Crawler; http://crawler.sistrix.net/)"
5.9.112.67 - - [22/Jul/2014:02:17:20 +0200] "GET /031d669bf5054cf01/index.php HTTP/1.1" 200 13903 "-" "Mozilla/5.0 (compatible; SISTRIX Crawler; http://crawler.sistrix.net/)"
5.9.112.67 - - [22/Jul/2014:02:17:21 +0200] "GET /000001985b0ce1e49/index.php HTTP/1.1" 200 14901 "-" "Mozilla/5.0 (compatible; SISTRIX Crawler; http://crawler.sistrix.net/)"
5.9.112.67 - - [22/Jul/2014:02:17:22 +0200] "GET /000001985b0d93482/index.php HTTP/1.1" 200 15579 "-" "Mozilla/5.0 (compatible; SISTRIX Crawler; http://crawler.sistrix.net/)"
5.9.112.67 - - [22/Jul/2014:02:17:24 +0200] "GET /00000198660c9d618/index.php HTTP/1.1" 200 15348 "-" "Mozilla/5.0 (compatible; SISTRIX Crawler; http://crawler.sistrix.net/)"
5.9.112.67 - - [22/Jul/2014:02:17:25 +0200] "GET /000001985b0e5e29a/000001985f0d7940e/index.php HTTP/1.1" 200 17521 "-" "Mozilla/5.0 (compatible; SISTRIX Crawler; http://crawler.sistrix.net/)"
5.9.112.67 - - [22/Jul/2014:02:17:26 +0200] "GET /000001985b0ce1e49/00000198610d8af28/index.php HTTP/1.1" 200 15769 "-" "Mozilla/5.0 (compatible; SISTRIX Crawler; http://crawler.sistrix.net/)"
5.9.112.67 - - [22/Jul/2014:02:17:27 +0200] "GET /000001985b0d93482/00000198660ae2e07/index.php HTTP/1.1" 200 17553 "-" "Mozilla/5.0 (compatible; SISTRIX Crawler; http://crawler.sistrix.net/)"
5.9.112.67 - - [22/Jul/2014:02:17:28 +0200] "GET /00000198660b9a703/00000198660bb6a0a/index.php HTTP/1.1" 200 16342 "-" "Mozilla/5.0 (compatible; SISTRIX Crawler; http://crawler.sistrix.net/)"
5.9.112.67 - - [22/Jul/2014:02:17:29 +0200] "GET /00000198660c9d618/00000198610cada01/index.php HTTP/1.1" 200 18152 "-" "Mozilla/5.0 (compatible; SISTRIX Crawler; http://crawler.sistrix.net/)"
5.9.112.67 - - [22/Jul/2014:02:17:31 +0200] "GET /000001985b0d93482/000001985b0fc8f0b/index.php HTTP/1.1" 200 15377 "-" "Mozilla/5.0 (compatible; SISTRIX Crawler; http://crawler.sistrix.net/)"
5.9.112.67 - - [22/Jul/2014:02:17:32 +0200] "GET /000001985b0e5e29a/000001985f0d8f113/index.php HTTP/1.1" 200 20329 "-" "Mozilla/5.0 (compatible; SISTRIX Crawler; http://crawler.sistrix.net/)"
5.9.112.67 - - [22/Jul/2014:02:17:33 +0200] "GET /000001985b0ce1e49/00000198610d6501c/index.php HTTP/1.1" 200 15933 "-" "Mozilla/5.0 (compatible; SISTRIX Crawler; http://crawler.sistrix.net/)"
5.9.112.67 - - [22/Jul/2014:02:17:34 +0200] "GET /00000198660c9d618/00000198660cdce24/index.php HTTP/1.1" 200 17951 "-" "Mozilla/5.0 (compatible; SISTRIX Crawler; http://crawler.sistrix.net/)"
5.9.112.67 - - [22/Jul/2014:02:17:35 +0200] "GET /000001985b0e5e29a/000001985e0778004/index.php HTTP/1.1" 200 17355 "-" "Mozilla/5.0 (compatible; SISTRIX Crawler; http://crawler.sistrix.net/)"
5.9.112.67 - - [22/Jul/2014:02:17:36 +0200] "GET /000001985b0d93482/000001985b0da2285/index.php HTTP/1.1" 200 16397 "-" "Mozilla/5.0 (compatible; SISTRIX Crawler; http://crawler.sistrix.net/)"
5.9.112.67 - - [22/Jul/2014:02:17:38 +0200] "GET /000001985b0e5e29a/000001985f0d1bf04/index.php HTTP/1.1" 200 17290 "-" "Mozilla/5.0 (compatible; SISTRIX Crawler; http://crawler.sistrix.net/)"
5.9.112.67 - - [22/Jul/2014:02:17:39 +0200] "GET /000001985b0d93482/000001985c0868401/index.php HTTP/1.1" 200 20281 "-" "Mozilla/5.0 (compatible; SISTRIX Crawler; http://crawler.sistrix.net/)"
5.9.112.67 - - [22/Jul/2014:02:17:40 +0200] "GET /00000198660c9d618/00000198610cada01/00000198610cbe908.php HTTP/1.1" 200 15991 "-" "Mozilla/5.0 (compatible; SISTRIX Crawler; http://crawler.sistrix.net/)"
5.9.112.67 - - [22/Jul/2014:02:17:41 +0200] "GET /000001985b0ce1e49/00000198610d8af28/00000198610d9412d.php HTTP/1.1" 200 14296 "-" "Mozilla/5.0 (compatible; SISTRIX Crawler; http://crawler.sistrix.net/)"
5.9.112.67 - - [22/Jul/2014:02:17:42 +0200] "GET /000001985b0ce1e49/00000198610d6501c/00000198610d70421.php HTTP/1.1" 200 14480 "-" "Mozilla/5.0 (compatible; SISTRIX Crawler; http://crawler.sistrix.net/)"
5.9.112.67 - - [22/Jul/2014:02:17:43 +0200] "GET /00000198660c9d618/00000198610cada01/00000198660cb3c1b.php HTTP/1.1" 200 15898 "-" "Mozilla/5.0 (compatible; SISTRIX Crawler; http://crawler.sistrix.net/)"
5.9.112.67 - - [22/Jul/2014:02:17:45 +0200] "GET /00000198660c9d618/00000198610cada01/00000198660cbdd1e.php HTTP/1.1" 200 15915 "-" "Mozilla/5.0 (compatible; SISTRIX Crawler; http://crawler.sistrix.net/)"
5.9.112.67 - - [22/Jul/2014:02:17:46 +0200] "GET /000001985b0d93482/00000198660ae2e07/00000198660b24011/index.php HTTP/1.1" 200 20674 "-" "Mozilla/5.0 (compatible; SISTRIX Crawler; http://crawler.sistrix.net/)"
5.9.112.67 - - [22/Jul/2014:02:17:47 +0200] "GET /00000198660c9d618/00000198610cada01/00000198610ccef0b.php HTTP/1.1" 200 15777 "-" "Mozilla/5.0 (compatible; SISTRIX Crawler; http://crawler.sistrix.net/)"
5.9.112.67 - - [22/Jul/2014:02:17:48 +0200] "GET /000001985b0ce1e49/00000198610d8af28/00000198610da0a31.php HTTP/1.1" 200 14390 "-" "Mozilla/5.0 (compatible; SISTRIX Crawler; http://crawler.sistrix.net/)"
5.9.112.67 - - [22/Jul/2014:02:17:49 +0200] "GET /000001985b0ce1e49/00000198610d6501c/00000198610d71d22.php HTTP/1.1" 200 14326 "-" "Mozilla/5.0 (compatible; SISTRIX Crawler; http://crawler.sistrix.net/)"
5.9.112.67 - - [22/Jul/2014:02:17:50 +0200] "GET /00000198660b9a703/00000198660bb6a0a/00000198660bc480f.php HTTP/1.1" 200 17080 "-" "Mozilla/5.0 (compatible; SISTRIX Crawler; http://crawler.sistrix.net/)"
5.9.112.67 - - [22/Jul/2014:02:17:51 +0200] "GET /000001985b0ce1e49/00000198610d6501c/00000198610d75024.php HTTP/1.1" 200 14485 "-" "Mozilla/5.0 (compatible; SISTRIX Crawler; http://crawler.sistrix.net/)"
5.9.112.67 - - [22/Jul/2014:02:17:53 +0200] "GET /000001985b0e5e29a/000001985f0d1bf04/000001985f0d57c08/index.php HTTP/1.1" 200 17846 "-" "Mozilla/5.0 (compatible; SISTRIX Crawler; http://crawler.sistrix.net/)"
5.9.112.67 - - [22/Jul/2014:02:17:54 +0200] "GET /00000198660c9d618/00000198610cada01/00000198660cc5621.php HTTP/1.1" 200 15922 "-" "Mozilla/5.0 (compatible; SISTRIX Crawler; http://crawler.sistrix.net/)"
5.9.112.67 - - [22/Jul/2014:02:17:55 +0200] "GET /00000198660c9d618/00000198610cada01/00000198610cb4105.php HTTP/1.1" 200 15899 "-" "Mozilla/5.0 (compatible; SISTRIX Crawler; http://crawler.sistrix.net/)"
66.249.78.244 - - [22/Jul/2014:02:28:45 +0200] "GET /00000198660c9d618/00000198610cada01/00000198660cbdd1e.php HTTP/1.1" 200 15915 "-" "Mozilla/5.0 (iPhone; CPU iPhone OS 6_0 like Mac OS X) AppleWebKit/536.26 (KHTML, like Gecko) Version/6.0 Mobile/10A5376e Safari/8536.25 (compatible; Googlebot/2.1; +http://www.google.com/bot.html)"
217.69.133.203 - - [22/Jul/2014:02:59:13 +0200] "GET /robots.txt HTTP/1.1" 404 - "-" "Mozilla/5.0 (compatible; Linux x86_64; Mail.RU_Bot/2.0; +http://go.mail.ru/help/robots)"
217.69.133.3 - - [22/Jul/2014:02:59:14 +0200] "GET /000001985b0d93482/00000198660ae2e07/00000198660b24011/index.php HTTP/1.1" 200 20674 "-" "Mozilla/5.0 (compatible; Linux x86_64; Mail.RU_Bot/2.0; +http://go.mail.ru/help/robots)"
217.69.133.2 - - [22/Jul/2014:02:59:46 +0200] "GET /000001985b0e5e29a/000001985f0d1bf04/index.php HTTP/1.1" 200 17290 "-" "Mozilla/5.0 (compatible; Linux x86_64; Mail.RU_Bot/2.0; +http://go.mail.ru/help/robots)"
66.249.78.244 - - [22/Jul/2014:03:06:44 +0200] "GET /000001985b0ce1e49/00000198610d8af28/index.php HTTP/1.1" 200 15769 "-" "SAMSUNG-SGH-E250/1.0 Profile/MIDP-2.0 Configuration/CLDC-1.1 UP.Browser/6.2.3.3.c.1.101 (GUI) MMP/2.0 (compatible; Googlebot-Mobile/2.1; +http://www.google.com/bot.html)"
123.125.71.18 - - [22/Jul/2014:03:31:04 +0200] "GET / HTTP/1.1" 200 24273 "-" "Mozilla/5.0 (compatible; Baiduspider/2.0; +http://www.baidu.com/search/spider.html)"
220.181.108.119 - - [22/Jul/2014:03:31:06 +0200] "GET / HTTP/1.1" 200 24273 "-" "Mozilla/5.0 (compatible; Baiduspider/2.0; +http://www.baidu.com/search/spider.html)"
157.55.39.194 - - [22/Jul/2014:05:09:38 +0200] "GET /robots.txt HTTP/1.1" 404 - "-" "Mozilla/5.0 (compatible; bingbot/2.0; +http://www.bing.com/bingbot.htm)"
157.55.39.194 - - [22/Jul/2014:05:09:52 +0200] "GET /00000398730fcd910.php HTTP/1.1" 200 22402 "-" "Mozilla/5.0 (compatible; bingbot/2.0; +http://www.bing.com/bingbot.htm)"
157.55.39.194 - - [22/Jul/2014:05:09:55 +0200] "GET /00000198660c9d618/00000198610cada01/00000198660cc5621.php HTTP/1.1" 200 15922 "-" "Mozilla/5.0 (compatible; bingbot/2.0; +http://www.bing.com/bingbot.htm)"
157.55.39.208 - - [22/Jul/2014:05:10:21 +0200] "GET / HTTP/1.1" 200 24273 "-" "Mozilla/5.0 (compatible; bingbot/2.0; +http://www.bing.com/bingbot.htm)"
157.55.39.208 - - [22/Jul/2014:06:13:40 +0200] "GET /00000198660c9d618/00000198660cdce24/index.php HTTP/1.1" 200 17951 "-" "Mozilla/5.0 (compatible; bingbot/2.0; +http://www.bing.com/bingbot.htm)"
217.69.133.4 - - [22/Jul/2014:09:11:55 +0200] "GET /robots.txt HTTP/1.1" 404 - "-" "Mozilla/5.0 (compatible; Linux x86_64; Mail.RU_Bot/2.0; +http://go.mail.ru/help/robots)"
217.69.133.3 - - [22/Jul/2014:09:11:56 +0200] "GET /00000198660c9d618/index.php HTTP/1.1" 200 15348 "-" "Mozilla/5.0 (compatible; Linux x86_64; Mail.RU_Bot/2.0; +http://go.mail.ru/help/robots)"
217.69.133.5 - - [22/Jul/2014:09:12:59 +0200] "GET /00000198660b9a703/index.php HTTP/1.1" 200 19277 "-" "Mozilla/5.0 (compatible; Linux x86_64; Mail.RU_Bot/2.0; +http://go.mail.ru/help/robots)"
157.55.39.6 - - [22/Jul/2014:09:16:52 +0200] "GET /000001985b0e5e29a/000001985f0d1bf04/000001985f0d57c08/index.php HTTP/1.1" 200 17846 "-" "Mozilla/5.0 (compatible; bingbot/2.0; +http://www.bing.com/bingbot.htm)"
66.249.78.251 - - [22/Jul/2014:10:37:49 +0200] "GET /robots.txt HTTP/1.1" 404 - "-" "Mozilla/5.0 (compatible; Googlebot/2.1; +http://www.google.com/bot.html)"
66.249.78.244 - - [22/Jul/2014:10:37:49 +0200] "GET /00000198660c9d618/00000198660cdce24/index.php HTTP/1.1" 200 17951 "-" "Mozilla/5.0 (iPhone; CPU iPhone OS 6_0 like Mac OS X) AppleWebKit/536.26 (KHTML, like Gecko) Version/6.0 Mobile/10A5376e Safari/8536.25 (compatible; Googlebot/2.1; +http://www.google.com/bot.html)"
217.69.133.2 - - [22/Jul/2014:10:46:57 +0200] "GET /robots.txt HTTP/1.1" 404 - "-" "Mozilla/5.0 (compatible; Linux x86_64; Mail.RU_Bot/2.0; +http://go.mail.ru/help/robots)"
217.69.133.9 - - [22/Jul/2014:10:46:59 +0200] "GET /00000198660c9d618/00000198610cada01/index.php HTTP/1.1" 200 18152 "-" "Mozilla/5.0 (compatible; Linux x86_64; Mail.RU_Bot/2.0; +http://go.mail.ru/help/robots)"
178.255.215.66 - - [22/Jul/2014:11:05:39 +0200] "GET / HTTP/1.1" 200 24273 "-" "Mozilla/5.0 (compatible; Exabot/3.0; +http://www.exabot.com/go/robot)"
157.55.39.208 - - [22/Jul/2014:11:39:32 +0200] "GET / HTTP/1.1" 200 24273 "-" "Mozilla/5.0 (compatible; bingbot/2.0; +http://www.bing.com/bingbot.htm)"
157.55.39.7 - - [22/Jul/2014:11:39:32 +0200] "GET /000001985b0ce1e49/00000198610d6501c/00000198610d70421.php HTTP/1.1" 200 14480 "-" "Mozilla/5.0 (compatible; bingbot/2.0; +http://www.bing.com/bingbot.htm)"
157.55.39.208 - - [22/Jul/2014:11:39:33 +0200] "GET /00000198660c9d618/00000198660cdce24/index.php HTTP/1.1" 200 17951 "-" "Mozilla/5.0 (compatible; bingbot/2.0; +http://www.bing.com/bingbot.htm)"
207.46.13.92 - - [22/Jul/2014:11:41:46 +0200] "GET /000001985b0d93482/index.php HTTP/1.1" 200 15579 "-" "Mozilla/5.0 (compatible; bingbot/2.0; +http://www.bing.com/bingbot.htm)"
178.255.215.66 - - [22/Jul/2014:11:51:55 +0200] "GET /index.php HTTP/1.1" 200 24273 "-" "Mozilla/5.0 (compatible; Exabot/3.0; +http://www.exabot.com/go/robot)"
178.255.215.66 - - [22/Jul/2014:11:51:57 +0200] "GET /000001985b0e5e29a/index.php HTTP/1.1" 200 16895 "-" "Mozilla/5.0 (compatible; Exabot/3.0; +http://www.exabot.com/go/robot)"
157.55.39.194 - - [22/Jul/2014:11:53:09 +0200] "GET /00000398730fcd910.php HTTP/1.1" 200 22402 "-" "Mozilla/5.0 (compatible; bingbot/2.0; +http://www.bing.com/bingbot.htm)"
144.76.95.232 - - [22/Jul/2014:12:45:59 +0200] "GET /robots.txt HTTP/1.0" 404 - "-" "Mozilla/5.0 (compatible; MJ12bot/v1.4.5; http://www.majestic12.co.uk/bot.php?+)"
144.76.95.232 - - [22/Jul/2014:12:46:02 +0200] "GET /000001985b0d93482/index.php HTTP/1.0" 200 15579 "-" "Mozilla/5.0 (compatible; MJ12bot/v1.4.5; http://www.majestic12.co.uk/bot.php?+)"
66.249.78.254 - - [22/Jul/2014:13:56:47 +0200] "GET /robots.txt HTTP/1.1" 404 - "-" "Mozilla/5.0 (compatible; Googlebot/2.1; +http://www.google.com/bot.html)"
66.249.78.244 - - [22/Jul/2014:13:56:47 +0200] "GET /00000198660c9d618/00000198660cdce24/index.php HTTP/1.1" 200 17951 "-" "Mozilla/5.0 (iPhone; CPU iPhone OS 6_0 like Mac OS X) AppleWebKit/536.26 (KHTML, like Gecko) Version/6.0 Mobile/10A5376e Safari/8536.25 (compatible; Googlebot/2.1; +http://www.google.com/bot.html)"
123.125.71.58 - - [22/Jul/2014:14:28:01 +0200] "GET / HTTP/1.1" 200 15277 "-" "Mozilla/5.0 (compatible; Baiduspider/2.0; +http://www.baidu.com/search/spider.html)"
220.181.108.163 - - [22/Jul/2014:14:28:03 +0200] "GET / HTTP/1.1" 200 20832 "-" "Mozilla/5.0 (compatible; Baiduspider/2.0; +http://www.baidu.com/search/spider.html)"
217.69.133.203 - - [22/Jul/2014:16:33:25 +0200] "GET /robots.txt HTTP/1.1" 404 - "-" "Mozilla/5.0 (compatible; Linux x86_64; Mail.RU_Bot/2.0; +http://go.mail.ru/help/robots)"
217.69.133.9 - - [22/Jul/2014:16:33:26 +0200] "GET /000001985b0ce1e49/00000198610d6501c/00000198610d71d22.php HTTP/1.1" 200 14326 "-" "Mozilla/5.0 (compatible; Linux x86_64; Mail.RU_Bot/2.0; +http://go.mail.ru/help/robots)"
141.8.147.12 - - [22/Jul/2014:17:45:52 +0200] "GET /robots.txt HTTP/1.1" 404 - "-" "Mozilla/5.0 (compatible; YandexBot/3.0; +http://yandex.com/bots)"
217.69.133.194 - - [22/Jul/2014:17:50:21 +0200] "GET /robots.txt HTTP/1.1" 404 - "-" "Mozilla/5.0 (compatible; Linux x86_64; Mail.RU_Bot/2.0; +http://go.mail.ru/help/robots)"
217.69.133.5 - - [22/Jul/2014:17:50:22 +0200] "GET /00000198660b9a703/00000198660bb6a0a/00000198660bc480f.php HTTP/1.1" 200 17080 "-" "Mozilla/5.0 (compatible; Linux x86_64; Mail.RU_Bot/2.0; +http://go.mail.ru/help/robots)"
217.69.133.3 - - [22/Jul/2014:17:52:49 +0200] "GET /000001985b0e5e29a/000001985f0d7940e/index.php HTTP/1.1" 200 17521 "-" "Mozilla/5.0 (compatible; Linux x86_64; Mail.RU_Bot/2.0; +http://go.mail.ru/help/robots)"
66.249.78.251 - - [22/Jul/2014:18:11:03 +0200] "GET /000001985b0ce1e49/index.php HTTP/1.1" 200 14901 "-" "Mozilla/5.0 (iPhone; CPU iPhone OS 6_0 like Mac OS X) AppleWebKit/536.26 (KHTML, like Gecko) Version/6.0 Mobile/10A5376e Safari/8536.25 (compatible; Googlebot/2.1; +http://www.google.com/bot.html)"
157.55.39.208 - - [22/Jul/2014:18:11:20 +0200] "GET /robots.txt HTTP/1.1" 404 - "-" "Mozilla/5.0 (compatible; bingbot/2.0; +http://www.bing.com/bingbot.htm)"
157.55.39.208 - - [22/Jul/2014:18:11:20 +0200] "GET /000001985b0e5e29a/000001985f0d1bf04/index.php HTTP/1.1" 200 17290 "-" "Mozilla/5.0 (compatible; bingbot/2.0; +http://www.bing.com/bingbot.htm)"
66.249.78.251 - - [22/Jul/2014:18:12:46 +0200] "GET /assets/ssb.css HTTP/1.1" 200 657 "-" "Mozilla/5.0 (compatible; Googlebot/2.1; +http://www.google.com/bot.html)"
66.249.78.251 - - [22/Jul/2014:18:12:46 +0200] "GET /assets/s.css HTTP/1.1" 200 3386 "-" "Mozilla/5.0 (compatible; Googlebot/2.1; +http://www.google.com/bot.html)"
141.8.147.12 - - [22/Jul/2014:18:58:12 +0200] "GET /images/iso9001_sbp.jpg HTTP/1.1" 304 - "-" "Mozilla/5.0 (compatible; YandexImages/3.0; +http://yandex.com/bots)"
217.69.133.4 - - [22/Jul/2014:19:04:33 +0200] "GET /robots.txt HTTP/1.1" 404 - "-" "Mozilla/5.0 (compatible; Linux x86_64; Mail.RU_Bot/2.0; +http://go.mail.ru/help/robots)"
217.69.133.9 - - [22/Jul/2014:19:04:34 +0200] "GET /000001985b0ce1e49/00000198610d8af28/00000198610da0a31.php HTTP/1.1" 200 14390 "-" "Mozilla/5.0 (compatible; Linux x86_64; Mail.RU_Bot/2.0; +http://go.mail.ru/help/robots)"
217.69.133.2 - - [22/Jul/2014:19:08:03 +0200] "GET /000001985b0ce1e49/00000198610d8af28/00000198610d9412d.php HTTP/1.1" 200 14296 "-" "Mozilla/5.0 (compatible; Linux x86_64; Mail.RU_Bot/2.0; +http://go.mail.ru/help/robots)"
207.46.13.92 - - [22/Jul/2014:19:12:41 +0200] "GET /robots.txt HTTP/1.1" 404 - "-" "Mozilla/5.0 (compatible; bingbot/2.0; +http://www.bing.com/bingbot.htm)"
207.46.13.92 - - [22/Jul/2014:19:12:46 +0200] "GET /000001985b0d93482/index.php HTTP/1.1" 200 15579 "-" "Mozilla/5.0 (compatible; bingbot/2.0; +http://www.bing.com/bingbot.htm)"
217.69.133.9 - - [22/Jul/2014:20:32:32 +0200] "GET /robots.txt HTTP/1.1" 404 - "-" "Mozilla/5.0 (compatible; Linux x86_64; Mail.RU_Bot/2.0; +http://go.mail.ru/help/robots)"
217.69.133.5 - - [22/Jul/2014:20:32:33 +0200] "GET /images/route02.gif HTTP/1.1" 304 - "-" "Mozilla/5.0 (compatible; Linux x86_64; Mail.RU_Bot/2.0; +http://go.mail.ru/help/robots)"
123.125.71.12 - - [22/Jul/2014:20:33:03 +0200] "GET / HTTP/1.1" 200 24273 "-" "Mozilla/5.0 (compatible; Baiduspider/2.0; +http://www.baidu.com/search/spider.html)"
220.181.108.121 - - [22/Jul/2014:20:33:04 +0200] "GET / HTTP/1.1" 200 15277 "-" "Mozilla/5.0 (compatible; Baiduspider/2.0; +http://www.baidu.com/search/spider.html)"
66.249.78.244 - - [22/Jul/2014:20:40:03 +0200] "GET /00000398730fce012.php HTTP/1.1" 200 22659 "-" "Mozilla/5.0 (iPhone; CPU iPhone OS 6_0 like Mac OS X) AppleWebKit/536.26 (KHTML, like Gecko) Version/6.0 Mobile/10A5376e Safari/8536.25 (compatible; Googlebot/2.1; +http://www.google.com/bot.html)"
37.58.100.131 - - [23/Jul/2014:00:44:37 +0200] "GET /00000198660b9a703/00000198660bb6a0a/00000198660bc480f.php HTTP/1.1" 200 17080 "-" "Mozilla/5.0 (compatible; AhrefsBot/5.0; +http://ahrefs.com/robot/)"
157.55.39.194 - - [23/Jul/2014:01:41:38 +0200] "GET /robots.txt HTTP/1.1" 404 - "-" "Mozilla/5.0 (compatible; bingbot/2.0; +http://www.bing.com/bingbot.htm)"
157.55.39.194 - - [23/Jul/2014:01:42:12 +0200] "GET /00000398730fcd910.php HTTP/1.1" 200 22402 "-" "Mozilla/5.0 (compatible; bingbot/2.0; +http://www.bing.com/bingbot.htm)"
157.55.39.88 - - [23/Jul/2014:01:42:37 +0200] "GET /robots.txt HTTP/1.1" 404 - "-" "Mozilla/5.0 (compatible; bingbot/2.0; +http://www.bing.com/bingbot.htm)"
157.55.39.208 - - [23/Jul/2014:01:42:37 +0200] "GET /robots.txt HTTP/1.1" 404 - "-" "Mozilla/5.0 (compatible; bingbot/2.0; +http://www.bing.com/bingbot.htm)"
207.46.13.92 - - [23/Jul/2014:01:42:38 +0200] "GET /robots.txt HTTP/1.1" 404 - "-" "Mozilla/5.0 (compatible; bingbot/2.0; +http://www.bing.com/bingbot.htm)"
66.249.78.244 - - [23/Jul/2014:01:42:39 +0200] "GET /000001985b0d93482/000001985b0da2285/index.php HTTP/1.1" 200 16397 "-" "Mozilla/5.0 (iPhone; CPU iPhone OS 6_0 like Mac OS X) AppleWebKit/536.26 (KHTML, like Gecko) Version/6.0 Mobile/10A5376e Safari/8536.25 (compatible; Googlebot/2.1; +http://www.google.com/bot.html)"
157.55.39.194 - - [23/Jul/2014:01:42:39 +0200] "GET /robots.txt HTTP/1.1" 404 - "-" "Mozilla/5.0 (compatible; bingbot/2.0; +http://www.bing.com/bingbot.htm)"
157.55.39.194 - - [23/Jul/2014:01:42:39 +0200] "GET /robots.txt HTTP/1.1" 404 - "-" "Mozilla/5.0 (compatible; bingbot/2.0; +http://www.bing.com/bingbot.htm)"
157.55.39.194 - - [23/Jul/2014:01:42:39 +0200] "GET /robots.txt HTTP/1.1" 404 - "-" "Mozilla/5.0 (compatible; bingbot/2.0; +http://www.bing.com/bingbot.htm)"
157.55.39.194 - - [23/Jul/2014:01:42:40 +0200] "GET /robots.txt HTTP/1.1" 404 - "-" "Mozilla/5.0 (compatible; bingbot/2.0; +http://www.bing.com/bingbot.htm)"
157.55.39.194 - - [23/Jul/2014:01:42:40 +0200] "GET /robots.txt HTTP/1.1" 404 - "-" "Mozilla/5.0 (compatible; bingbot/2.0; +http://www.bing.com/bingbot.htm)"
157.55.39.194 - - [23/Jul/2014:01:42:40 +0200] "GET /robots.txt HTTP/1.1" 404 - "-" "Mozilla/5.0 (compatible; bingbot/2.0; +http://www.bing.com/bingbot.htm)"
157.55.39.194 - - [23/Jul/2014:01:42:40 +0200] "GET /images/phnvmtht2.gif HTTP/1.1" 200 1696 "-" "Mozilla/5.0 (compatible; bingbot/2.0; +http://www.bing.com/bingbot.htm)"
157.55.39.194 - - [23/Jul/2014:01:42:40 +0200] "GET /images/phomesm0.gif HTTP/1.1" 200 2239 "-" "Mozilla/5.0 (compatible; bingbot/2.0; +http://www.bing.com/bingbot.htm)"
157.55.39.194 - - [23/Jul/2014:01:42:41 +0200] "GET /images/phnvmtt1.gif HTTP/1.1" 200 2551 "-" "Mozilla/5.0 (compatible; bingbot/2.0; +http://www.bing.com/bingbot.htm)"
157.55.39.194 - - [23/Jul/2014:01:42:41 +0200] "GET /images/phnvmtht4.gif HTTP/1.1" 200 2627 "-" "Mozilla/5.0 (compatible; bingbot/2.0; +http://www.bing.com/bingbot.htm)"
157.55.39.194 - - [23/Jul/2014:01:42:41 +0200] "GET /images/plvt.gif HTTP/1.1" 200 53 "-" "Mozilla/5.0 (compatible; bingbot/2.0; +http://www.bing.com/bingbot.htm)"
157.55.39.194 - - [23/Jul/2014:01:42:41 +0200] "GET /images/phnvmtt7.gif HTTP/1.1" 200 2552 "-" "Mozilla/5.0 (compatible; bingbot/2.0; +http://www.bing.com/bingbot.htm)"
157.55.39.194 - - [23/Jul/2014:01:42:42 +0200] "GET /images/pmthm7.gif HTTP/1.1" 200 2195 "-" "Mozilla/5.0 (compatible; bingbot/2.0; +http://www.bing.com/bingbot.htm)"
157.55.39.194 - - [23/Jul/2014:01:42:42 +0200] "GET /images/pmthm1.gif HTTP/1.1" 200 2169 "-" "Mozilla/5.0 (compatible; bingbot/2.0; +http://www.bing.com/bingbot.htm)"
157.55.39.194 - - [23/Jul/2014:01:42:42 +0200] "GET /images/pmtm4.gif HTTP/1.1" 200 2316 "-" "Mozilla/5.0 (compatible; bingbot/2.0; +http://www.bing.com/bingbot.htm)"
157.55.39.194 - - [23/Jul/2014:01:42:42 +0200] "GET /images/pltp.gif HTTP/1.1" 200 160 "-" "Mozilla/5.0 (compatible; bingbot/2.0; +http://www.bing.com/bingbot.htm)"
157.55.39.194 - - [23/Jul/2014:01:42:42 +0200] "GET /images/pmtm2.gif HTTP/1.1" 200 628 "-" "Mozilla/5.0 (compatible; bingbot/2.0; +http://www.bing.com/bingbot.htm)"
157.55.39.194 - - [23/Jul/2014:01:42:42 +0200] "GET /images/ulslogosbp_sbp.jpg HTTP/1.1" 200 1896 "-" "Mozilla/5.0 (compatible; bingbot/2.0; +http://www.bing.com/bingbot.htm)"
157.55.39.194 - - [23/Jul/2014:01:42:43 +0200] "GET /images/plmb.gif HTTP/1.1" 200 166 "-" "Mozilla/5.0 (compatible; bingbot/2.0; +http://www.bing.com/bingbot.htm)"
157.55.39.194 - - [23/Jul/2014:01:42:43 +0200] "GET /images/psd.gif HTTP/1.1" 200 111 "-" "Mozilla/5.0 (compatible; bingbot/2.0; +http://www.bing.com/bingbot.htm)"
157.55.39.88 - - [23/Jul/2014:01:42:58 +0200] "GET /assets/s.css HTTP/1.1" 200 3386 "-" "Mozilla/5.0 (compatible; bingbot/2.0; +http://www.bing.com/bingbot.htm)"
157.55.39.88 - - [23/Jul/2014:01:42:59 +0200] "GET /images/52298cols2.jpg HTTP/1.1" 200 8351 "-" "Mozilla/5.0 (compatible; bingbot/2.0; +http://www.bing.com/bingbot.htm)"
157.55.39.88 - - [23/Jul/2014:01:42:59 +0200] "GET /images/ksbb1_sbp.jpg HTTP/1.1" 200 3871 "-" "Mozilla/5.0 (compatible; bingbot/2.0; +http://www.bing.com/bingbot.htm)"
157.55.39.88 - - [23/Jul/2014:01:42:59 +0200] "GET /images/pcp.gif HTTP/1.1" 200 43 "-" "Mozilla/5.0 (compatible; bingbot/2.0; +http://www.bing.com/bingbot.htm)"
157.55.39.88 - - [23/Jul/2014:01:42:59 +0200] "GET /images/pl160.gif HTTP/1.1" 200 70 "-" "Mozilla/5.0 (compatible; bingbot/2.0; +http://www.bing.com/bingbot.htm)"
157.55.39.88 - - [23/Jul/2014:01:43:00 +0200] "GET /images/pcmphc2.gif HTTP/1.1" 200 2299 "-" "Mozilla/5.0 (compatible; bingbot/2.0; +http://www.bing.com/bingbot.htm)"
157.55.39.88 - - [23/Jul/2014:01:43:00 +0200] "GET /images/phnvmtht5.gif HTTP/1.1" 200 2500 "-" "Mozilla/5.0 (compatible; bingbot/2.0; +http://www.bing.com/bingbot.htm)"
157.55.39.88 - - [23/Jul/2014:01:43:00 +0200] "GET /images/phnvmtht3.gif HTTP/1.1" 200 2679 "-" "Mozilla/5.0 (compatible; bingbot/2.0; +http://www.bing.com/bingbot.htm)"
157.55.39.88 - - [23/Jul/2014:01:43:00 +0200] "GET /images/pmthm6.gif HTTP/1.1" 200 1209 "-" "Mozilla/5.0 (compatible; bingbot/2.0; +http://www.bing.com/bingbot.htm)"
157.55.39.88 - - [23/Jul/2014:01:43:00 +0200] "GET /images/phnvmtt6.gif HTTP/1.1" 200 1637 "-" "Mozilla/5.0 (compatible; bingbot/2.0; +http://www.bing.com/bingbot.htm)"
157.55.39.88 - - [23/Jul/2014:01:43:00 +0200] "GET /images/pmtm3.gif HTTP/1.1" 200 2032 "-" "Mozilla/5.0 (compatible; bingbot/2.0; +http://www.bing.com/bingbot.htm)"
157.55.39.88 - - [23/Jul/2014:01:43:01 +0200] "GET /images/plogo.gif HTTP/1.1" 200 18153 "-" "Mozilla/5.0 (compatible; bingbot/2.0; +http://www.bing.com/bingbot.htm)"
157.55.39.88 - - [23/Jul/2014:01:43:01 +0200] "GET /images/pmtm5.gif HTTP/1.1" 200 2185 "-" "Mozilla/5.0 (compatible; bingbot/2.0; +http://www.bing.com/bingbot.htm)"
157.55.39.208 - - [23/Jul/2014:01:43:18 +0200] "GET /images/iso9001_sbp.jpg HTTP/1.1" 200 4462 "-" "Mozilla/5.0 (compatible; bingbot/2.0; +http://www.bing.com/bingbot.htm)"
157.55.39.208 - - [23/Jul/2014:01:43:18 +0200] "GET /images/phnvmtt4.gif HTTP/1.1" 200 2685 "-" "Mozilla/5.0 (compatible; bingbot/2.0; +http://www.bing.com/bingbot.htm)"
157.55.39.208 - - [23/Jul/2014:01:43:18 +0200] "GET /images/pd.gif HTTP/1.1" 200 111 "-" "Mozilla/5.0 (compatible; bingbot/2.0; +http://www.bing.com/bingbot.htm)"
157.55.39.208 - - [23/Jul/2014:01:43:18 +0200] "GET /images/phnvmtht1.gif HTTP/1.1" 200 2613 "-" "Mozilla/5.0 (compatible; bingbot/2.0; +http://www.bing.com/bingbot.htm)"
157.55.39.208 - - [23/Jul/2014:01:43:19 +0200] "GET /images/phnvmtht7.gif HTTP/1.1" 200 2615 "-" "Mozilla/5.0 (compatible; bingbot/2.0; +http://www.bing.com/bingbot.htm)"
157.55.39.208 - - [23/Jul/2014:01:43:19 +0200] "GET /images/logoprofex_sbp.gif HTTP/1.1" 200 3524 "-" "Mozilla/5.0 (compatible; bingbot/2.0; +http://www.bing.com/bingbot.htm)"
157.55.39.208 - - [23/Jul/2014:01:43:19 +0200] "GET /images/phnvmtt2.gif HTTP/1.1" 200 1637 "-" "Mozilla/5.0 (compatible; bingbot/2.0; +http://www.bing.com/bingbot.htm)"
157.55.39.208 - - [23/Jul/2014:01:43:19 +0200] "GET /images/plma.gif HTTP/1.1" 200 164 "-" "Mozilla/5.0 (compatible; bingbot/2.0; +http://www.bing.com/bingbot.htm)"
157.55.39.208 - - [23/Jul/2014:01:43:19 +0200] "GET /images/pmtm1.gif HTTP/1.1" 200 1155 "-" "Mozilla/5.0 (compatible; bingbot/2.0; +http://www.bing.com/bingbot.htm)"
157.55.39.208 - - [23/Jul/2014:01:43:20 +0200] "GET /images/pmtm7.gif HTTP/1.1" 200 1174 "-" "Mozilla/5.0 (compatible; bingbot/2.0; +http://www.bing.com/bingbot.htm)"
157.55.39.208 - - [23/Jul/2014:01:43:20 +0200] "GET /images/pmthm2.gif HTTP/1.1" 200 1209 "-" "Mozilla/5.0 (compatible; bingbot/2.0; +http://www.bing.com/bingbot.htm)"
157.55.39.208 - - [23/Jul/2014:01:43:20 +0200] "GET /images/pmthm4.gif HTTP/1.1" 200 2518 "-" "Mozilla/5.0 (compatible; bingbot/2.0; +http://www.bing.com/bingbot.htm)"
157.55.39.208 - - [23/Jul/2014:01:43:20 +0200] "GET /images/ss38095cols2.jpg HTTP/1.1" 200 10304 "-" "Mozilla/5.0 (compatible; bingbot/2.0; +http://www.bing.com/bingbot.htm)"
207.46.13.92 - - [23/Jul/2014:01:43:24 +0200] "GET /assets/ssb.css HTTP/1.1" 200 657 "-" "Mozilla/5.0 (compatible; bingbot/2.0; +http://www.bing.com/bingbot.htm)"
207.46.13.92 - - [23/Jul/2014:01:43:25 +0200] "GET /images/pcmphc1.gif HTTP/1.1" 200 2164 "-" "Mozilla/5.0 (compatible; bingbot/2.0; +http://www.bing.com/bingbot.htm)"
207.46.13.92 - - [23/Jul/2014:01:43:25 +0200] "GET /images/pbg.gif HTTP/1.1" 200 52 "-" "Mozilla/5.0 (compatible; bingbot/2.0; +http://www.bing.com/bingbot.htm)"
207.46.13.92 - - [23/Jul/2014:01:43:25 +0200] "GET /images/phnvmtt5.gif HTTP/1.1" 200 2563 "-" "Mozilla/5.0 (compatible; bingbot/2.0; +http://www.bing.com/bingbot.htm)"
207.46.13.92 - - [23/Jul/2014:01:43:25 +0200] "GET /images/phnvmtht6.gif HTTP/1.1" 200 1696 "-" "Mozilla/5.0 (compatible; bingbot/2.0; +http://www.bing.com/bingbot.htm)"
207.46.13.92 - - [23/Jul/2014:01:43:25 +0200] "GET /images/phnvmtt3.gif HTTP/1.1" 200 2611 "-" "Mozilla/5.0 (compatible; bingbot/2.0; +http://www.bing.com/bingbot.htm)"
207.46.13.92 - - [23/Jul/2014:01:43:26 +0200] "GET /images/pmthm3.gif HTTP/1.1" 200 2275 "-" "Mozilla/5.0 (compatible; bingbot/2.0; +http://www.bing.com/bingbot.htm)"
207.46.13.92 - - [23/Jul/2014:01:43:26 +0200] "GET /images/pmtm6.gif HTTP/1.1" 200 628 "-" "Mozilla/5.0 (compatible; bingbot/2.0; +http://www.bing.com/bingbot.htm)"
207.46.13.92 - - [23/Jul/2014:01:43:26 +0200] "GET /images/pmthm5.gif HTTP/1.1" 200 2381 "-" "Mozilla/5.0 (compatible; bingbot/2.0; +http://www.bing.com/bingbot.htm)"
218.30.103.129 - - [23/Jul/2014:02:10:30 +0200] "GET / HTTP/1.1" 200 24292 "-" "Sogou web spider/4.0(+http://www.sogou.com/docs/help/webmasters.htm#07)"
218.30.103.129 - - [23/Jul/2014:02:10:37 +0200] "GET /robots.txt HTTP/1.1" 404 - "-" "Sogou web spider/4.0(+http://www.sogou.com/docs/help/webmasters.htm#07)"
37.58.100.143 - - [23/Jul/2014:02:14:45 +0200] "GET /000001985b0e5e29a/index.php HTTP/1.1" 200 16914 "-" "Mozilla/5.0 (compatible; AhrefsBot/5.0; +http://ahrefs.com/robot/)"
157.55.39.194 - - [23/Jul/2014:02:30:52 +0200] "GET /robots.txt HTTP/1.1" 404 - "-" "Mozilla/5.0 (compatible; bingbot/2.0; +http://www.bing.com/bingbot.htm)"
157.55.39.194 - - [23/Jul/2014:02:31:07 +0200] "GET /00000398730fcd910.php HTTP/1.1" 200 22421 "-" "Mozilla/5.0 (compatible; bingbot/2.0; +http://www.bing.com/bingbot.htm)"
157.55.39.194 - - [23/Jul/2014:02:31:42 +0200] "GET /images/pmtm4.gif HTTP/1.1" 200 2316 "-" "Mozilla/5.0 (compatible; bingbot/2.0; +http://www.bing.com/bingbot.htm)"
207.46.13.92 - - [23/Jul/2014:02:33:23 +0200] "GET /images/pcmphc1.gif HTTP/1.1" 200 2164 "-" "Mozilla/5.0 (compatible; bingbot/2.0; +http://www.bing.com/bingbot.htm)"
207.46.13.92 - - [23/Jul/2014:02:33:24 +0200] "GET /images/phnvmtt5.gif HTTP/1.1" 200 2563 "-" "Mozilla/5.0 (compatible; bingbot/2.0; +http://www.bing.com/bingbot.htm)"
207.46.13.92 - - [23/Jul/2014:02:33:24 +0200] "GET /images/pmtm6.gif HTTP/1.1" 200 628 "-" "Mozilla/5.0 (compatible; bingbot/2.0; +http://www.bing.com/bingbot.htm)"
207.46.13.92 - - [23/Jul/2014:02:33:24 +0200] "GET /assets/ssb.css HTTP/1.1" 200 657 "-" "Mozilla/5.0 (compatible; bingbot/2.0; +http://www.bing.com/bingbot.htm)"
207.46.13.92 - - [23/Jul/2014:02:33:24 +0200] "GET /images/pmthm3.gif HTTP/1.1" 200 2275 "-" "Mozilla/5.0 (compatible; bingbot/2.0; +http://www.bing.com/bingbot.htm)"
207.46.13.92 - - [23/Jul/2014:02:33:24 +0200] "GET /images/pmthm5.gif HTTP/1.1" 200 2381 "-" "Mozilla/5.0 (compatible; bingbot/2.0; +http://www.bing.com/bingbot.htm)"
157.55.39.208 - - [23/Jul/2014:03:10:19 +0200] "GET / HTTP/1.1" 200 24292 "-" "Mozilla/5.0 (compatible; bingbot/2.0; +http://www.bing.com/bingbot.htm)"
199.30.25.15 - - [23/Jul/2014:03:32:56 +0200] "GET /images/pcp.gif HTTP/1.1" 200 43 "http://www.ksbb.de/00000398730fcd910.php" "Mozilla/5.0 (Windows NT 6.1; WOW64) AppleWebKit/534+ (KHTML, like Gecko) BingPreview/1.0b"
199.30.25.15 - - [23/Jul/2014:03:32:56 +0200] "GET /images/pl160.gif HTTP/1.1" 200 70 "http://www.ksbb.de/00000398730fcd910.php" "Mozilla/5.0 (Windows NT 6.1; WOW64) AppleWebKit/534+ (KHTML, like Gecko) BingPreview/1.0b"
123.125.71.30 - - [23/Jul/2014:04:24:10 +0200] "GET / HTTP/1.1" 200 24056 "-" "Mozilla/5.0 (compatible; Baiduspider/2.0; +http://www.baidu.com/search/spider.html)"
220.181.108.82 - - [23/Jul/2014:04:24:11 +0200] "GET / HTTP/1.1" 200 24056 "-" "Mozilla/5.0 (compatible; Baiduspider/2.0; +http://www.baidu.com/search/spider.html)"
66.249.78.244 - - [23/Jul/2014:05:26:24 +0200] "GET /robots.txt HTTP/1.1" 404 - "-" "Mozilla/5.0 (compatible; Googlebot/2.1; +http://www.google.com/bot.html)"
66.249.78.251 - - [23/Jul/2014:05:26:24 +0200] "GET /000001985b0ce1e49/00000198610d6501c/00000198610d70421.php HTTP/1.1" 200 14499 "-" "Mozilla/5.0 (compatible; Googlebot/2.1; +http://www.google.com/bot.html)"
66.249.78.254 - - [23/Jul/2014:05:30:57 +0200] "GET /images/pnvtsht1m6.gif HTTP/1.1" 200 2712 "-" "Googlebot-Image/1.0"
66.249.78.251 - - [23/Jul/2014:05:32:08 +0200] "GET /images/pnvtst1m6.gif HTTP/1.1" 200 2712 "-" "Googlebot-Image/1.0"
66.249.78.251 - - [23/Jul/2014:05:35:15 +0200] "GET /000001985b0ce1e49/00000198610d6501c/00000198610d75024.php HTTP/1.1" 200 14504 "-" "Mozilla/5.0 (compatible; Googlebot/2.1; +http://www.google.com/bot.html)"
217.69.133.194 - - [23/Jul/2014:08:21:31 +0200] "GET /robots.txt HTTP/1.1" 404 - "-" "Mozilla/5.0 (compatible; Linux x86_64; Mail.RU_Bot/2.0; +http://go.mail.ru/help/robots)"
217.69.133.203 - - [23/Jul/2014:08:21:32 +0200] "GET /000001985b0ce1e49/00000198610d6501c/00000198610d70421.php HTTP/1.1" 200 14499 "-" "Mozilla/5.0 (compatible; Linux x86_64; Mail.RU_Bot/2.0; +http://go.mail.ru/help/robots)"
66.249.78.251 - - [23/Jul/2014:08:53:48 +0200] "GET /images/pmthm5.gif HTTP/1.1" 200 2381 "-" "Googlebot-Image/1.0"
66.249.78.251 - - [23/Jul/2014:08:53:48 +0200] "GET /images/pmtm5.gif HTTP/1.1" 200 2185 "-" "Googlebot-Image/1.0"
66.249.78.244 - - [23/Jul/2014:08:58:29 +0200] "GET /images/pmthm7.gif HTTP/1.1" 200 2195 "-" "Googlebot-Image/1.0"
65.55.215.234 - - [23/Jul/2014:15:40:01 +0200] "GET / HTTP/1.1" 200 24292 "http://www.bing.com/search?q=kskbb.de&form=MSNH14&sc=8-4&sp=-1&qs=n&sk=" "Mozilla/5.0 (compatible; MSIE 9.0; Windows NT 6.0; Trident/5.0; Trident/5.0)"
65.55.215.234 - - [23/Jul/2014:15:40:03 +0200] "GET /assets/ssb.css HTTP/1.1" 200 657 "http://www.ksbb.de/" "Mozilla/5.0 (compatible; MSIE 9.0; Windows NT 6.0; Trident/5.0; Trident/5.0)"
65.55.215.234 - - [23/Jul/2014:15:40:04 +0200] "GET /assets/s.css HTTP/1.1" 200 3386 "http://www.ksbb.de/" "Mozilla/5.0 (compatible; MSIE 9.0; Windows NT 6.0; Trident/5.0; Trident/5.0)"
109.42.230.86 - - [23/Jul/2014:17:50:30 +0200] "GET / HTTP/1.1" 200 24292 "-" "Mozilla/5.0 (Linux; Android 4.4.2; D6503 Build/17.1.1.A.0.402) AppleWebKit/537.36 (KHTML, like Gecko) Chrome/36.0.1985.128 Mobile Safari/537.36"
109.42.230.86 - - [23/Jul/2014:17:50:31 +0200] "GET /assets/s.css HTTP/1.1" 200 3386 "-" "Mozilla/5.0 (Linux; Android 4.4.2; D6503 Build/17.1.1.A.0.402) AppleWebKit/537.36 (KHTML, like Gecko) Chrome/36.0.1985.128 Mobile Safari/537.36"
109.42.230.86 - - [23/Jul/2014:17:50:31 +0200] "GET /assets/ssb.css HTTP/1.1" 200 657 "-" "Mozilla/5.0 (Linux; Android 4.4.2; D6503 Build/17.1.1.A.0.402) AppleWebKit/537.36 (KHTML, like Gecko) Chrome/36.0.1985.128 Mobile Safari/537.36"
109.42.230.86 - - [23/Jul/2014:17:50:31 +0200] "GET /images/pcmpc1.gif HTTP/1.1" 200 1155 "http://www.ksbb.de/" "Mozilla/5.0 (Linux; Android 4.4.2; D6503 Build/17.1.1.A.0.402) AppleWebKit/537.36 (KHTML, like Gecko) Chrome/36.0.1985.128 Mobile Safari/537.36"
109.42.230.86 - - [23/Jul/2014:17:50:31 +0200] "GET /images/pcmphc1.gif HTTP/1.1" 200 2164 "http://www.ksbb.de/" "Mozilla/5.0 (Linux; Android 4.4.2; D6503 Build/17.1.1.A.0.402) AppleWebKit/537.36 (KHTML, like Gecko) Chrome/36.0.1985.128 Mobile Safari/537.36"
109.42.230.86 - - [23/Jul/2014:17:50:31 +0200] "GET /images/pcmpc2.gif HTTP/1.1" 200 1240 "http://www.ksbb.de/" "Mozilla/5.0 (Linux; Android 4.4.2; D6503 Build/17.1.1.A.0.402) AppleWebKit/537.36 (KHTML, like Gecko) Chrome/36.0.1985.128 Mobile Safari/537.36"
109.42.230.86 - - [23/Jul/2014:17:50:31 +0200] "GET /images/pcp.gif HTTP/1.1" 200 43 "http://www.ksbb.de/" "Mozilla/5.0 (Linux; Android 4.4.2; D6503 Build/17.1.1.A.0.402) AppleWebKit/537.36 (KHTML, like Gecko) Chrome/36.0.1985.128 Mobile Safari/537.36"
109.42.230.86 - - [23/Jul/2014:17:50:31 +0200] "GET /images/pltp.gif HTTP/1.1" 200 160 "http://www.ksbb.de/" "Mozilla/5.0 (Linux; Android 4.4.2; D6503 Build/17.1.1.A.0.402) AppleWebKit/537.36 (KHTML, like Gecko) Chrome/36.0.1985.128 Mobile Safari/537.36"
109.42.230.86 - - [23/Jul/2014:17:50:32 +0200] "GET /images/plms.gif HTTP/1.1" 200 68 "http://www.ksbb.de/" "Mozilla/5.0 (Linux; Android 4.4.2; D6503 Build/17.1.1.A.0.402) AppleWebKit/537.36 (KHTML, like Gecko) Chrome/36.0.1985.128 Mobile Safari/537.36"
109.42.230.86 - - [23/Jul/2014:17:50:32 +0200] "GET /images/phnvmtt1.gif HTTP/1.1" 200 2551 "http://www.ksbb.de/" "Mozilla/5.0 (Linux; Android 4.4.2; D6503 Build/17.1.1.A.0.402) AppleWebKit/537.36 (KHTML, like Gecko) Chrome/36.0.1985.128 Mobile Safari/537.36"
109.42.230.86 - - [23/Jul/2014:17:50:32 +0200] "GET /images/phnvmtht1.gif HTTP/1.1" 200 2613 "http://www.ksbb.de/" "Mozilla/5.0 (Linux; Android 4.4.2; D6503 Build/17.1.1.A.0.402) AppleWebKit/537.36 (KHTML, like Gecko) Chrome/36.0.1985.128 Mobile Safari/537.36"
109.42.230.86 - - [23/Jul/2014:17:50:32 +0200] "GET /images/ulslogosbp_sbp.jpg HTTP/1.1" 200 1896 "http://www.ksbb.de/" "Mozilla/5.0 (Linux; Android 4.4.2; D6503 Build/17.1.1.A.0.402) AppleWebKit/537.36 (KHTML, like Gecko) Chrome/36.0.1985.128 Mobile Safari/537.36"
109.42.230.86 - - [23/Jul/2014:17:50:32 +0200] "GET /images/phomesm0.gif HTTP/1.1" 200 2239 "http://www.ksbb.de/" "Mozilla/5.0 (Linux; Android 4.4.2; D6503 Build/17.1.1.A.0.402) AppleWebKit/537.36 (KHTML, like Gecko) Chrome/36.0.1985.128 Mobile Safari/537.36"
109.42.230.86 - - [23/Jul/2014:17:50:32 +0200] "GET /images/pcmphc2.gif HTTP/1.1" 200 2299 "http://www.ksbb.de/" "Mozilla/5.0 (Linux; Android 4.4.2; D6503 Build/17.1.1.A.0.402) AppleWebKit/537.36 (KHTML, like Gecko) Chrome/36.0.1985.128 Mobile Safari/537.36"
109.42.230.86 - - [23/Jul/2014:17:50:32 +0200] "GET /images/pbg.gif HTTP/1.1" 200 52 "http://www.ksbb.de/" "Mozilla/5.0 (Linux; Android 4.4.2; D6503 Build/17.1.1.A.0.402) AppleWebKit/537.36 (KHTML, like Gecko) Chrome/36.0.1985.128 Mobile Safari/537.36"
109.42.230.86 - - [23/Jul/2014:17:50:32 +0200] "GET /images/plogo.gif HTTP/1.1" 200 18153 "http://www.ksbb.de/" "Mozilla/5.0 (Linux; Android 4.4.2; D6503 Build/17.1.1.A.0.402) AppleWebKit/537.36 (KHTML, like Gecko) Chrome/36.0.1985.128 Mobile Safari/537.36"
109.42.230.86 - - [23/Jul/2014:17:50:32 +0200] "GET /images/mev23003_72.jpg HTTP/1.1" 200 2106 "http://www.ksbb.de/" "Mozilla/5.0 (Linux; Android 4.4.2; D6503 Build/17.1.1.A.0.402) AppleWebKit/537.36 (KHTML, like Gecko) Chrome/36.0.1985.128 Mobile Safari/537.36"
109.42.230.86 - - [23/Jul/2014:17:50:33 +0200] "GET /images/phnvmtt1.gif HTTP/1.1" 200 2551 "http://www.ksbb.de/" "Mozilla/5.0 (Linux; Android 4.4.2; D6503 Build/17.1.1.A.0.402) AppleWebKit/537.36 (KHTML, like Gecko) Chrome/36.0.1985.128 Mobile Safari/537.36"
109.42.230.86 - - [23/Jul/2014:17:50:33 +0200] "GET /images/phnvmtt3.gif HTTP/1.1" 200 2611 "http://www.ksbb.de/" "Mozilla/5.0 (Linux; Android 4.4.2; D6503 Build/17.1.1.A.0.402) AppleWebKit/537.36 (KHTML, like Gecko) Chrome/36.0.1985.128 Mobile Safari/537.36"
109.42.230.86 - - [23/Jul/2014:17:50:33 +0200] "GET /images/phnvmtt2.gif HTTP/1.1" 200 1637 "http://www.ksbb.de/" "Mozilla/5.0 (Linux; Android 4.4.2; D6503 Build/17.1.1.A.0.402) AppleWebKit/537.36 (KHTML, like Gecko) Chrome/36.0.1985.128 Mobile Safari/537.36"
109.42.230.86 - - [23/Jul/2014:17:50:33 +0200] "GET /images/iso9001_sbp.jpg HTTP/1.1" 200 4462 "http://www.ksbb.de/" "Mozilla/5.0 (Linux; Android 4.4.2; D6503 Build/17.1.1.A.0.402) AppleWebKit/537.36 (KHTML, like Gecko) Chrome/36.0.1985.128 Mobile Safari/537.36"
109.42.230.86 - - [23/Jul/2014:17:50:33 +0200] "GET /images/55275_72.jpg HTTP/1.1" 200 2381 "http://www.ksbb.de/" "Mozilla/5.0 (Linux; Android 4.4.2; D6503 Build/17.1.1.A.0.402) AppleWebKit/537.36 (KHTML, like Gecko) Chrome/36.0.1985.128 Mobile Safari/537.36"
109.42.230.86 - - [23/Jul/2014:17:50:33 +0200] "GET /images/mev14046_72.jpg HTTP/1.1" 200 1662 "http://www.ksbb.de/" "Mozilla/5.0 (Linux; Android 4.4.2; D6503 Build/17.1.1.A.0.402) AppleWebKit/537.36 (KHTML, like Gecko) Chrome/36.0.1985.128 Mobile Safari/537.36"
109.42.230.86 - - [23/Jul/2014:17:50:33 +0200] "GET /images/phnvmtt6.gif HTTP/1.1" 200 1637 "http://www.ksbb.de/" "Mozilla/5.0 (Linux; Android 4.4.2; D6503 Build/17.1.1.A.0.402) AppleWebKit/537.36 (KHTML, like Gecko) Chrome/36.0.1985.128 Mobile Safari/537.36"
109.42.230.86 - - [23/Jul/2014:17:50:33 +0200] "GET /images/ksbb1_sbp.jpg HTTP/1.1" 200 3871 "http://www.ksbb.de/" "Mozilla/5.0 (Linux; Android 4.4.2; D6503 Build/17.1.1.A.0.402) AppleWebKit/537.36 (KHTML, like Gecko) Chrome/36.0.1985.128 Mobile Safari/537.36"
109.42.230.86 - - [23/Jul/2014:17:50:33 +0200] "GET /images/logoprofex_sbp.gif HTTP/1.1" 200 3524 "http://www.ksbb.de/" "Mozilla/5.0 (Linux; Android 4.4.2; D6503 Build/17.1.1.A.0.402) AppleWebKit/537.36 (KHTML, like Gecko) Chrome/36.0.1985.128 Mobile Safari/537.36"
109.42.230.86 - - [23/Jul/2014:17:50:33 +0200] "GET /images/phnvmtt7.gif HTTP/1.1" 200 2552 "http://www.ksbb.de/" "Mozilla/5.0 (Linux; Android 4.4.2; D6503 Build/17.1.1.A.0.402) AppleWebKit/537.36 (KHTML, like Gecko) Chrome/36.0.1985.128 Mobile Safari/537.36"
109.42.230.86 - - [23/Jul/2014:17:50:33 +0200] "GET /images/phnvmtt4.gif HTTP/1.1" 200 2685 "http://www.ksbb.de/" "Mozilla/5.0 (Linux; Android 4.4.2; D6503 Build/17.1.1.A.0.402) AppleWebKit/537.36 (KHTML, like Gecko) Chrome/36.0.1985.128 Mobile Safari/537.36"
109.42.230.86 - - [23/Jul/2014:17:50:33 +0200] "GET /images/phnvmtt5.gif HTTP/1.1" 200 2563 "http://www.ksbb.de/" "Mozilla/5.0 (Linux; Android 4.4.2; D6503 Build/17.1.1.A.0.402) AppleWebKit/537.36 (KHTML, like Gecko) Chrome/36.0.1985.128 Mobile Safari/537.36"
109.42.230.86 - - [23/Jul/2014:17:50:33 +0200] "GET /images/plmc.gif HTTP/1.1" 200 166 "http://www.ksbb.de/" "Mozilla/5.0 (Linux; Android 4.4.2; D6503 Build/17.1.1.A.0.402) AppleWebKit/537.36 (KHTML, like Gecko) Chrome/36.0.1985.128 Mobile Safari/537.36"
109.42.230.86 - - [23/Jul/2014:17:50:34 +0200] "GET /images/pmtm7.gif HTTP/1.1" 200 1174 "http://www.ksbb.de/" "Mozilla/5.0 (Linux; Android 4.4.2; D6503 Build/17.1.1.A.0.402) AppleWebKit/537.36 (KHTML, like Gecko) Chrome/36.0.1985.128 Mobile Safari/537.36"
109.42.230.86 - - [23/Jul/2014:17:50:34 +0200] "GET /images/pmtm5.gif HTTP/1.1" 200 2185 "http://www.ksbb.de/" "Mozilla/5.0 (Linux; Android 4.4.2; D6503 Build/17.1.1.A.0.402) AppleWebKit/537.36 (KHTML, like Gecko) Chrome/36.0.1985.128 Mobile Safari/537.36"
109.42.230.86 - - [23/Jul/2014:17:50:34 +0200] "GET /images/pmtm3.gif HTTP/1.1" 200 2032 "http://www.ksbb.de/" "Mozilla/5.0 (Linux; Android 4.4.2; D6503 Build/17.1.1.A.0.402) AppleWebKit/537.36 (KHTML, like Gecko) Chrome/36.0.1985.128 Mobile Safari/537.36"
109.42.230.86 - - [23/Jul/2014:17:50:34 +0200] "GET /images/plma.gif HTTP/1.1" 200 164 "http://www.ksbb.de/" "Mozilla/5.0 (Linux; Android 4.4.2; D6503 Build/17.1.1.A.0.402) AppleWebKit/537.36 (KHTML, like Gecko) Chrome/36.0.1985.128 Mobile Safari/537.36"
109.42.230.86 - - [23/Jul/2014:17:50:34 +0200] "GET /images/pcmpc1.gif HTTP/1.1" 200 1155 "http://www.ksbb.de/" "Mozilla/5.0 (Linux; Android 4.4.2; D6503 Build/17.1.1.A.0.402) AppleWebKit/537.36 (KHTML, like Gecko) Chrome/36.0.1985.128 Mobile Safari/537.36"
109.42.230.86 - - [23/Jul/2014:17:50:34 +0200] "GET /images/pmtm1.gif HTTP/1.1" 200 1155 "http://www.ksbb.de/" "Mozilla/5.0 (Linux; Android 4.4.2; D6503 Build/17.1.1.A.0.402) AppleWebKit/537.36 (KHTML, like Gecko) Chrome/36.0.1985.128 Mobile Safari/537.36"
109.42.230.86 - - [23/Jul/2014:17:50:34 +0200] "GET /images/plbt.gif HTTP/1.1" 200 161 "http://www.ksbb.de/" "Mozilla/5.0 (Linux; Android 4.4.2; D6503 Build/17.1.1.A.0.402) AppleWebKit/537.36 (KHTML, like Gecko) Chrome/36.0.1985.128 Mobile Safari/537.36"
109.42.230.86 - - [23/Jul/2014:17:50:34 +0200] "GET /images/pcmpc2.gif HTTP/1.1" 200 1240 "http://www.ksbb.de/" "Mozilla/5.0 (Linux; Android 4.4.2; D6503 Build/17.1.1.A.0.402) AppleWebKit/537.36 (KHTML, like Gecko) Chrome/36.0.1985.128 Mobile Safari/537.36"
109.42.230.86 - - [23/Jul/2014:17:50:34 +0200] "GET /images/plmb.gif HTTP/1.1" 200 166 "http://www.ksbb.de/" "Mozilla/5.0 (Linux; Android 4.4.2; D6503 Build/17.1.1.A.0.402) AppleWebKit/537.36 (KHTML, like Gecko) Chrome/36.0.1985.128 Mobile Safari/537.36"
109.42.230.86 - - [23/Jul/2014:17:50:34 +0200] "GET /images/pmtm2.gif HTTP/1.1" 200 628 "http://www.ksbb.de/" "Mozilla/5.0 (Linux; Android 4.4.2; D6503 Build/17.1.1.A.0.402) AppleWebKit/537.36 (KHTML, like Gecko) Chrome/36.0.1985.128 Mobile Safari/537.36"
