66.249.78.8 - - [06/Aug/2013:19:25:26 +0200] "GET /robots.txt HTTP/1.1" 404 - "-" "Mozilla/5.0 (compatible; Googlebot/2.1; +http://www.google.com/bot.html)"
66.249.78.8 - - [06/Aug/2013:19:25:26 +0200] "GET /kontakt.html HTTP/1.1" 304 - "-" "SAMSUNG-SGH-E250/1.0 Profile/MIDP-2.0 Configuration/CLDC-1.1 UP.Browser/6.2.3.3.c.1.101 (GUI) MMP/2.0 (compatible; Googlebot-Mobile/2.1; +http://www.google.com/bot.html)"
141.8.147.12 - - [06/Aug/2013:21:11:57 +0200] "GET /images/bruehla.png HTTP/1.1" 304 - "-" "Mozilla/5.0 (compatible; YandexImages/3.0; +http://yandex.com/bots)"
66.249.78.8 - - [06/Aug/2013:22:06:31 +0200] "GET /spektrum.html HTTP/1.1" 304 - "-" "Mozilla/5.0 (iPhone; U; CPU iPhone OS 4_1 like Mac OS X; en-us) AppleWebKit/532.9 (KHTML, like Gecko) Version/4.0.5 Mobile/8B117 Safari/6531.22.7 (compatible; Googlebot-Mobile/2.1; +http://www.google.com/bot.html)"
141.8.147.12 - - [06/Aug/2013:22:08:05 +0200] "GET /robots.txt HTTP/1.1" 404 - "-" "Mozilla/5.0 (compatible; YandexBot/3.0; +http://yandex.com/bots)"
141.8.147.12 - - [06/Aug/2013:22:08:07 +0200] "GET /images/0941a.png HTTP/1.1" 304 - "-" "Mozilla/5.0 (compatible; YandexImages/3.0; +http://yandex.com/bots)"
141.8.147.12 - - [06/Aug/2013:22:15:34 +0200] "GET /images/bild4.png HTTP/1.1" 304 - "-" "Mozilla/5.0 (compatible; YandexImages/3.0; +http://yandex.com/bots)"
141.8.147.12 - - [06/Aug/2013:22:30:13 +0200] "GET /images/logo.png HTTP/1.1" 304 - "-" "Mozilla/5.0 (compatible; YandexImages/3.0; +http://yandex.com/bots)"
141.8.147.12 - - [06/Aug/2013:23:01:07 +0200] "GET /images/bild1.png HTTP/1.1" 304 - "-" "Mozilla/5.0 (compatible; YandexImages/3.0; +http://yandex.com/bots)"
141.8.147.12 - - [06/Aug/2013:23:39:28 +0200] "GET /images/60a.png HTTP/1.1" 304 - "-" "Mozilla/5.0 (compatible; YandexImages/3.0; +http://yandex.com/bots)"
81.169.130.129 - - [07/Aug/2013:02:00:05 +0200] "GET /kontakt.html HTTP/1.1" 200 4451 "-" "i-market-bot"
81.169.130.129 - - [07/Aug/2013:02:00:05 +0200] "GET /impressum.html HTTP/1.1" 200 5721 "-" "i-market-bot"
141.8.147.12 - - [07/Aug/2013:02:15:53 +0200] "GET /images/60a.png HTTP/1.1" 304 - "-" "Mozilla/5.0 (compatible; YandexImages/3.0; +http://yandex.com/bots)"
141.8.147.12 - - [07/Aug/2013:04:26:28 +0200] "GET /images/bild4.png HTTP/1.1" 304 - "-" "Mozilla/5.0 (compatible; YandexImages/3.0; +http://yandex.com/bots)"
141.8.147.12 - - [07/Aug/2013:06:27:44 +0200] "GET /images/bild1.png HTTP/1.1" 304 - "-" "Mozilla/5.0 (compatible; YandexImages/3.0; +http://yandex.com/bots)"
66.249.78.8 - - [07/Aug/2013:07:00:15 +0200] "GET /robots.txt HTTP/1.1" 404 - "-" "Mozilla/5.0 (compatible; Googlebot/2.1; +http://www.google.com/bot.html)"
66.249.74.200 - - [07/Aug/2013:07:00:16 +0200] "GET /kontakt.html HTTP/1.1" 304 - "-" "DoCoMo/2.0 N905i(c100;TB;W24H16) (compatible; Googlebot-Mobile/2.1; +http://www.google.com/bot.html)"
141.8.147.12 - - [07/Aug/2013:07:03:27 +0200] "GET /images/bild2.png HTTP/1.1" 304 - "-" "Mozilla/5.0 (compatible; YandexImages/3.0; +http://yandex.com/bots)"
141.8.147.12 - - [07/Aug/2013:07:07:21 +0200] "GET /images/0941a.png HTTP/1.1" 304 - "-" "Mozilla/5.0 (compatible; YandexImages/3.0; +http://yandex.com/bots)"
141.8.147.12 - - [07/Aug/2013:07:18:58 +0200] "GET /images/5a.png HTTP/1.1" 304 - "-" "Mozilla/5.0 (compatible; YandexImages/3.0; +http://yandex.com/bots)"
141.8.147.12 - - [07/Aug/2013:08:00:19 +0200] "GET /images/63a.png HTTP/1.1" 304 - "-" "Mozilla/5.0 (compatible; YandexImages/3.0; +http://yandex.com/bots)"
141.8.147.12 - - [07/Aug/2013:08:15:07 +0200] "GET /images/bruehla.png HTTP/1.1" 304 - "-" "Mozilla/5.0 (compatible; YandexImages/3.0; +http://yandex.com/bots)"
141.8.147.12 - - [07/Aug/2013:08:30:08 +0200] "GET /images/logo.png HTTP/1.1" 304 - "-" "Mozilla/5.0 (compatible; YandexImages/3.0; +http://yandex.com/bots)"
66.249.78.8 - - [07/Aug/2013:08:41:21 +0200] "GET / HTTP/1.1" 200 4688 "-" "Mozilla/5.0 (iPhone; U; CPU iPhone OS 4_1 like Mac OS X; en-us) AppleWebKit/532.9 (KHTML, like Gecko) Version/4.0.5 Mobile/8B117 Safari/6531.22.7 (compatible; Googlebot-Mobile/2.1; +http://www.google.com/bot.html)"
141.8.147.12 - - [07/Aug/2013:09:14:53 +0200] "GET /images/18a.png HTTP/1.1" 304 - "-" "Mozilla/5.0 (compatible; YandexImages/3.0; +http://yandex.com/bots)"
88.79.212.25 - - [07/Aug/2013:11:10:59 +0200] "GET /impressum.html HTTP/1.1" 200 5721 "http://www.google.de/url?sa=t&rct=j&q=martin%20bieder%20mbingenieure&source=web&cd=1&ved=0CDEQFjAA&url=http%3A%2F%2Fwww.mbingenieure.de%2Fimpressum.html&ei=Bg8CUtCmJeTe4QTNtYGQAw&usg=AFQjCNHELIGYYj_HQnujp4z8JvB7XA-W3w&bvm=bv.50310824,d.bGE" "Mozilla/5.0 (compatible; MSIE 10.0; Windows NT 6.1; WOW64; Trident/6.0)"
88.79.212.25 - - [07/Aug/2013:11:10:59 +0200] "GET /css/style.css HTTP/1.1" 200 2831 "http://www.mbingenieure.de/impressum.html" "Mozilla/5.0 (compatible; MSIE 10.0; Windows NT 6.1; WOW64; Trident/6.0)"
88.79.212.25 - - [07/Aug/2013:11:10:59 +0200] "GET /js/plugins.js HTTP/1.1" 200 898 "http://www.mbingenieure.de/impressum.html" "Mozilla/5.0 (compatible; MSIE 10.0; Windows NT 6.1; WOW64; Trident/6.0)"
88.79.212.25 - - [07/Aug/2013:11:10:59 +0200] "GET /images/footer.png HTTP/1.1" 200 1064 "http://www.mbingenieure.de/impressum.html" "Mozilla/5.0 (compatible; MSIE 10.0; Windows NT 6.1; WOW64; Trident/6.0)"
88.79.212.25 - - [07/Aug/2013:11:10:59 +0200] "GET /js/libs/modernizr-2.5.3.min.js HTTP/1.1" 200 15274 "http://www.mbingenieure.de/impressum.html" "Mozilla/5.0 (compatible; MSIE 10.0; Windows NT 6.1; WOW64; Trident/6.0)"
88.79.212.25 - - [07/Aug/2013:11:11:00 +0200] "GET /images/header.png HTTP/1.1" 200 1494 "http://www.mbingenieure.de/impressum.html" "Mozilla/5.0 (compatible; MSIE 10.0; Windows NT 6.1; WOW64; Trident/6.0)"
88.79.212.25 - - [07/Aug/2013:11:11:00 +0200] "GET /images/navi.png HTTP/1.1" 200 946 "http://www.mbingenieure.de/impressum.html" "Mozilla/5.0 (compatible; MSIE 10.0; Windows NT 6.1; WOW64; Trident/6.0)"
88.79.212.25 - - [07/Aug/2013:11:13:57 +0200] "GET /uns.html HTTP/1.1" 200 4398 "http://www.google.de/url?sa=t&rct=j&q=martin%20bieder%20mb%20ingenieure&source=web&cd=2&ved=0CDQQFjAB&url=http%3A%2F%2Fwww.mbingenieure.de%2Funs.html&ei=uQ8CUqTdJonBswbAooGwDQ&usg=AFQjCNGvarcXD5q1Hq0_qZp4ev-1jLtKiA" "Mozilla/5.0 (compatible; MSIE 10.0; Windows NT 6.1; WOW64; Trident/6.0)"
88.79.212.25 - - [07/Aug/2013:11:14:17 +0200] "GET /referenz.html HTTP/1.1" 200 10703 "http://www.mbingenieure.de/uns.html" "Mozilla/5.0 (compatible; MSIE 10.0; Windows NT 6.1; WOW64; Trident/6.0)"
66.249.78.8 - - [07/Aug/2013:11:32:40 +0200] "GET /referenz.html HTTP/1.1" 304 - "-" "Mozilla/5.0 (iPhone; U; CPU iPhone OS 4_1 like Mac OS X; en-us) AppleWebKit/532.9 (KHTML, like Gecko) Version/4.0.5 Mobile/8B117 Safari/6531.22.7 (compatible; Googlebot-Mobile/2.1; +http://www.google.com/bot.html)"
157.55.34.178 - - [07/Aug/2013:13:02:18 +0200] "GET /robots.txt HTTP/1.1" 404 - "-" "Mozilla/5.0 (compatible; bingbot/2.0; +http://www.bing.com/bingbot.htm)"
157.55.34.178 - - [07/Aug/2013:13:02:51 +0200] "GET /projekte.html HTTP/1.1" 304 - "-" "Mozilla/5.0 (compatible; bingbot/2.0; +http://www.bing.com/bingbot.htm)"
157.55.34.178 - - [07/Aug/2013:15:02:13 +0200] "GET /robots.txt HTTP/1.1" 404 - "-" "Mozilla/5.0 (compatible; bingbot/2.0; +http://www.bing.com/bingbot.htm)"
157.55.34.178 - - [07/Aug/2013:15:04:53 +0200] "GET / HTTP/1.1" 200 4688 "-" "Mozilla/5.0 (compatible; bingbot/2.0; +http://www.bing.com/bingbot.htm)"
157.55.34.178 - - [07/Aug/2013:15:05:08 +0200] "GET /images/bild2.png HTTP/1.1" 200 68475 "-" "Mozilla/5.0 (compatible; bingbot/2.0; +http://www.bing.com/bingbot.htm)"
157.56.93.39 - - [07/Aug/2013:15:05:52 +0200] "GET /images/logo.png HTTP/1.1" 200 16467 "-" "Mozilla/5.0 (compatible; bingbot/2.0; +http://www.bing.com/bingbot.htm)"
157.55.34.178 - - [07/Aug/2013:15:08:28 +0200] "GET /robots.txt HTTP/1.1" 404 - "-" "Mozilla/5.0 (compatible; bingbot/2.0; +http://www.bing.com/bingbot.htm)"
157.55.34.178 - - [07/Aug/2013:15:09:22 +0200] "GET /js/libs/modernizr-2.5.3.min.js HTTP/1.1" 200 15274 "-" "Mozilla/5.0 (compatible; bingbot/2.0; +http://www.bing.com/bingbot.htm)"
157.55.35.53 - - [07/Aug/2013:15:24:22 +0200] "GET /css/style.css HTTP/1.1" 200 2831 "-" "Mozilla/5.0 (compatible; bingbot/2.0; +http://www.bing.com/bingbot.htm)"
157.55.35.53 - - [07/Aug/2013:15:24:23 +0200] "GET /js/plugins.js HTTP/1.1" 200 898 "-" "Mozilla/5.0 (compatible; bingbot/2.0; +http://www.bing.com/bingbot.htm)"
199.30.25.13 - - [07/Aug/2013:16:06:20 +0200] "GET /images/footer.png HTTP/1.1" 200 1064 "http://www.mbingenieure.de/" "Mozilla/5.0 (Windows NT 6.1; WOW64) AppleWebKit/534+ (KHTML, like Gecko) BingPreview/1.0b"
199.30.25.13 - - [07/Aug/2013:16:06:20 +0200] "GET /images/header.png HTTP/1.1" 200 1494 "http://www.mbingenieure.de/" "Mozilla/5.0 (Windows NT 6.1; WOW64) AppleWebKit/534+ (KHTML, like Gecko) BingPreview/1.0b"
199.30.25.13 - - [07/Aug/2013:16:06:20 +0200] "GET /images/navi.png HTTP/1.1" 200 946 "http://www.mbingenieure.de/" "Mozilla/5.0 (Windows NT 6.1; WOW64) AppleWebKit/534+ (KHTML, like Gecko) BingPreview/1.0b"
157.55.34.178 - - [07/Aug/2013:18:16:53 +0200] "GET /robots.txt HTTP/1.1" 404 - "-" "Mozilla/5.0 (compatible; bingbot/2.0; +http://www.bing.com/bingbot.htm)"
157.55.34.178 - - [07/Aug/2013:18:17:25 +0200] "GET /partner.html HTTP/1.1" 200 4401 "-" "Mozilla/5.0 (compatible; bingbot/2.0; +http://www.bing.com/bingbot.htm)"
157.55.34.178 - - [07/Aug/2013:18:17:32 +0200] "GET / HTTP/1.1" 200 4688 "-" "Mozilla/5.0 (compatible; bingbot/2.0; +http://www.bing.com/bingbot.htm)"
157.55.34.178 - - [07/Aug/2013:18:17:34 +0200] "GET /projekte.html HTTP/1.1" 200 8297 "-" "Mozilla/5.0 (compatible; bingbot/2.0; +http://www.bing.com/bingbot.htm)"
157.55.34.178 - - [07/Aug/2013:18:17:35 +0200] "GET /spektrum.html HTTP/1.1" 200 4365 "-" "Mozilla/5.0 (compatible; bingbot/2.0; +http://www.bing.com/bingbot.htm)"
157.56.93.39 - - [07/Aug/2013:18:19:25 +0200] "GET /impressum.html HTTP/1.1" 200 5721 "-" "Mozilla/5.0 (compatible; bingbot/2.0; +http://www.bing.com/bingbot.htm)"
157.56.93.39 - - [07/Aug/2013:18:19:40 +0200] "GET /uns.html HTTP/1.1" 200 4398 "-" "Mozilla/5.0 (compatible; bingbot/2.0; +http://www.bing.com/bingbot.htm)"
66.249.78.8 - - [07/Aug/2013:20:05:54 +0200] "GET /robots.txt HTTP/1.1" 404 - "-" "Mozilla/5.0 (compatible; Googlebot/2.1; +http://www.google.com/bot.html)"
66.249.78.8 - - [07/Aug/2013:20:05:55 +0200] "GET /kontakt.html HTTP/1.1" 304 - "-" "Mozilla/5.0 (iPhone; U; CPU iPhone OS 4_1 like Mac OS X; en-us) AppleWebKit/532.9 (KHTML, like Gecko) Version/4.0.5 Mobile/8B117 Safari/6531.22.7 (compatible; Googlebot-Mobile/2.1; +http://www.google.com/bot.html)"
66.249.78.8 - - [07/Aug/2013:22:12:33 +0200] "GET /projekte.html HTTP/1.1" 304 - "-" "Mozilla/5.0 (iPhone; U; CPU iPhone OS 4_1 like Mac OS X; en-us) AppleWebKit/532.9 (KHTML, like Gecko) Version/4.0.5 Mobile/8B117 Safari/6531.22.7 (compatible; Googlebot-Mobile/2.1; +http://www.google.com/bot.html)"
157.55.34.178 - - [08/Aug/2013:00:18:30 +0200] "GET /robots.txt HTTP/1.1" 404 - "-" "Mozilla/5.0 (compatible; bingbot/2.0; +http://www.bing.com/bingbot.htm)"
157.55.34.178 - - [08/Aug/2013:00:19:06 +0200] "GET /kontakt.html HTTP/1.1" 200 4451 "-" "Mozilla/5.0 (compatible; bingbot/2.0; +http://www.bing.com/bingbot.htm)"
66.249.78.8 - - [08/Aug/2013:01:46:48 +0200] "GET /partner.html HTTP/1.1" 304 - "-" "SAMSUNG-SGH-E250/1.0 Profile/MIDP-2.0 Configuration/CLDC-1.1 UP.Browser/6.2.3.3.c.1.101 (GUI) MMP/2.0 (compatible; Googlebot-Mobile/2.1; +http://www.google.com/bot.html)"
66.249.74.200 - - [08/Aug/2013:06:54:12 +0200] "GET /uns.html HTTP/1.1" 304 - "-" "DoCoMo/2.0 N905i(c100;TB;W24H16) (compatible; Googlebot-Mobile/2.1; +http://www.google.com/bot.html)"
66.249.78.8 - - [08/Aug/2013:07:50:27 +0200] "GET /impressum.html HTTP/1.1" 304 - "-" "Mozilla/5.0 (iPhone; U; CPU iPhone OS 4_1 like Mac OS X; en-us) AppleWebKit/532.9 (KHTML, like Gecko) Version/4.0.5 Mobile/8B117 Safari/6531.22.7 (compatible; Googlebot-Mobile/2.1; +http://www.google.com/bot.html)"
173.199.115.3 - - [08/Aug/2013:09:43:01 +0200] "GET /partner.html HTTP/1.1" 200 4401 "-" "Mozilla/5.0 (compatible; AhrefsBot/4.0; +http://ahrefs.com/robot/)"
5.10.83.35 - - [08/Aug/2013:11:07:47 +0200] "GET /robots.txt HTTP/1.1" 404 - "-" "Mozilla/5.0 (compatible; AhrefsBot/5.0; +http://ahrefs.com/robot/)"
173.199.115.3 - - [08/Aug/2013:14:21:53 +0200] "GET /referenz.html HTTP/1.1" 200 10703 "-" "Mozilla/5.0 (compatible; AhrefsBot/4.0; +http://ahrefs.com/robot/)"
66.249.75.201 - - [08/Aug/2013:14:38:26 +0200] "GET /robots.txt HTTP/1.1" 404 - "-" "Mozilla/5.0 (compatible; Googlebot/2.1; +http://www.google.com/bot.html)"
66.249.75.201 - - [08/Aug/2013:14:38:26 +0200] "GET / HTTP/1.1" 200 4688 "-" "Mozilla/5.0 (compatible; Googlebot/2.1; +http://www.google.com/bot.html)"
66.249.75.201 - - [08/Aug/2013:14:40:53 +0200] "GET /css/style.css HTTP/1.1" 200 2831 "-" "Mozilla/5.0 (compatible; Googlebot/2.1; +http://www.google.com/bot.html)"
66.249.75.201 - - [08/Aug/2013:14:52:29 +0200] "GET /kontakt.html HTTP/1.1" 304 - "-" "DoCoMo/2.0 N905i(c100;TB;W24H16) (compatible; Googlebot-Mobile/2.1; +http://www.google.com/bot.html)"
178.77.126.55 - - [08/Aug/2013:15:13:52 +0200] "GET /robots.txt HTTP/1.1" 404 - "-" "Mozilla/5.0 (compatible; CareerBot/1.1; +http://www.career-x.de/bot.html)"
178.77.126.55 - - [08/Aug/2013:15:13:52 +0200] "GET / HTTP/1.1" 200 4688 "-" "Mozilla/5.0 (compatible; CareerBot/1.1; +http://www.career-x.de/bot.html)"
178.77.126.55 - - [08/Aug/2013:15:13:52 +0200] "GET /uns.html HTTP/1.1" 200 4398 "-" "Mozilla/5.0 (compatible; CareerBot/1.1; +http://www.career-x.de/bot.html)"
176.57.143.86 - - [08/Aug/2013:16:32:27 +0200] "GET /referenz.html HTTP/1.1" 200 10703 "-" "Mozilla/5.0 (X11; Linux i686; rv:6.0) Gecko/20100101 Firefox/6.0"
46.105.114.127 - - [08/Aug/2013:16:32:27 +0200] "GET /index.html HTTP/1.1" 200 4688 "-" "Mozilla/5.0 (X11; Linux i686; rv:6.0) Gecko/20100101 Firefox/6.0"
5.10.83.55 - - [08/Aug/2013:18:29:49 +0200] "GET / HTTP/1.1" 200 4688 "-" "Mozilla/5.0 (compatible; AhrefsBot/5.0; +http://ahrefs.com/robot/)"
92.224.32.158 - - [08/Aug/2013:19:39:33 +0200] "GET / HTTP/1.1" 200 4688 "-" "UserAgent: Apache-HttpClient/release (java 1.5)"
92.224.32.158 - - [08/Aug/2013:19:39:33 +0200] "GET /impressum.html HTTP/1.1" 200 5721 "-" "UserAgent: Apache-HttpClient/release (java 1.5)"
5.10.83.3 - - [08/Aug/2013:20:18:38 +0200] "GET /spektrum.html HTTP/1.1" 200 4365 "-" "Mozilla/5.0 (compatible; AhrefsBot/5.0; +http://ahrefs.com/robot/)"
5.10.83.3 - - [08/Aug/2013:20:41:35 +0200] "GET /index.html HTTP/1.1" 200 4688 "-" "Mozilla/5.0 (compatible; AhrefsBot/5.0; +http://ahrefs.com/robot/)"
5.10.83.3 - - [08/Aug/2013:20:45:32 +0200] "GET /impressum.html HTTP/1.1" 200 5721 "-" "Mozilla/5.0 (compatible; AhrefsBot/5.0; +http://ahrefs.com/robot/)"
5.10.83.3 - - [08/Aug/2013:21:12:23 +0200] "GET /referenz.html HTTP/1.1" 200 10703 "-" "Mozilla/5.0 (compatible; AhrefsBot/5.0; +http://ahrefs.com/robot/)"
5.10.83.3 - - [08/Aug/2013:21:27:43 +0200] "GET /uns.html HTTP/1.1" 200 4398 "-" "Mozilla/5.0 (compatible; AhrefsBot/5.0; +http://ahrefs.com/robot/)"
66.249.75.201 - - [08/Aug/2013:21:44:09 +0200] "GET / HTTP/1.1" 200 4688 "-" "Mozilla/5.0 (iPhone; U; CPU iPhone OS 4_1 like Mac OS X; en-us) AppleWebKit/532.9 (KHTML, like Gecko) Version/4.0.5 Mobile/8B117 Safari/6531.22.7 (compatible; Googlebot-Mobile/2.1; +http://www.google.com/bot.html)"
5.10.83.3 - - [08/Aug/2013:22:18:39 +0200] "GET /kontakt.html HTTP/1.1" 200 4451 "-" "Mozilla/5.0 (compatible; AhrefsBot/5.0; +http://ahrefs.com/robot/)"
66.249.75.201 - - [08/Aug/2013:22:24:29 +0200] "GET /partner.html HTTP/1.1" 304 - "-" "Mozilla/5.0 (iPhone; U; CPU iPhone OS 4_1 like Mac OS X; en-us) AppleWebKit/532.9 (KHTML, like Gecko) Version/4.0.5 Mobile/8B117 Safari/6531.22.7 (compatible; Googlebot-Mobile/2.1; +http://www.google.com/bot.html)"
5.10.83.3 - - [08/Aug/2013:22:36:54 +0200] "GET /partner.html HTTP/1.1" 200 4401 "-" "Mozilla/5.0 (compatible; AhrefsBot/5.0; +http://ahrefs.com/robot/)"
217.95.201.154 - - [08/Aug/2013:23:14:00 +0200] "GET / HTTP/1.1" 200 4688 "-" "Mozilla/4.0 (compatible; MSIE 7.0; Windows NT 5.1)"
66.249.75.201 - - [09/Aug/2013:00:08:19 +0200] "GET /referenz.html HTTP/1.1" 304 - "-" "SAMSUNG-SGH-E250/1.0 Profile/MIDP-2.0 Configuration/CLDC-1.1 UP.Browser/6.2.3.3.c.1.101 (GUI) MMP/2.0 (compatible; Googlebot-Mobile/2.1; +http://www.google.com/bot.html)"
66.249.75.201 - - [09/Aug/2013:02:54:02 +0200] "GET /robots.txt HTTP/1.1" 404 - "-" "Mozilla/5.0 (compatible; Googlebot/2.1; +http://www.google.com/bot.html)"
66.249.75.201 - - [09/Aug/2013:02:54:02 +0200] "GET /kontakt.html HTTP/1.1" 304 - "-" "Mozilla/5.0 (iPhone; U; CPU iPhone OS 4_1 like Mac OS X; en-us) AppleWebKit/532.9 (KHTML, like Gecko) Version/4.0.5 Mobile/8B117 Safari/6531.22.7 (compatible; Googlebot-Mobile/2.1; +http://www.google.com/bot.html)"
141.8.147.12 - - [09/Aug/2013:03:17:41 +0200] "GET /robots.txt HTTP/1.1" 404 - "-" "Mozilla/5.0 (compatible; YandexBot/3.0; +http://yandex.com/bots)"
5.10.83.58 - - [09/Aug/2013:06:57:04 +0200] "GET /projekte.html HTTP/1.1" 200 8297 "-" "Mozilla/5.0 (compatible; AhrefsBot/5.0; +http://ahrefs.com/robot/)"
2.205.177.6 - - [09/Aug/2013:10:16:59 +0200] "GET / HTTP/1.1" 200 4688 "http://www.google.com/cse?q=mb+ingeniuere&sa=Search&ie=UTF-8&%63x=%70a%72t%6ee%72%2d%70u%62%2d%39020%39827%3907%3458%335%3a47%3162%325%3496" "Mozilla/5.0 (Windows NT 6.1; WOW64; rv:22.0) Gecko/20100101 Firefox/22.0"
2.205.177.6 - - [09/Aug/2013:10:16:59 +0200] "GET /css/style.css HTTP/1.1" 200 2831 "http://www.mbingenieure.de/" "Mozilla/5.0 (Windows NT 6.1; WOW64; rv:22.0) Gecko/20100101 Firefox/22.0"
2.205.177.6 - - [09/Aug/2013:10:16:59 +0200] "GET /js/libs/modernizr-2.5.3.min.js HTTP/1.1" 200 15274 "http://www.mbingenieure.de/" "Mozilla/5.0 (Windows NT 6.1; WOW64; rv:22.0) Gecko/20100101 Firefox/22.0"
2.205.177.6 - - [09/Aug/2013:10:17:00 +0200] "GET /images/logo.png HTTP/1.1" 200 16467 "http://www.mbingenieure.de/" "Mozilla/5.0 (Windows NT 6.1; WOW64; rv:22.0) Gecko/20100101 Firefox/22.0"
2.205.177.6 - - [09/Aug/2013:10:17:00 +0200] "GET /js/plugins.js HTTP/1.1" 200 898 "http://www.mbingenieure.de/" "Mozilla/5.0 (Windows NT 6.1; WOW64; rv:22.0) Gecko/20100101 Firefox/22.0"
2.205.177.6 - - [09/Aug/2013:10:17:00 +0200] "GET /images/bild4.png HTTP/1.1" 200 65856 "http://www.mbingenieure.de/" "Mozilla/5.0 (Windows NT 6.1; WOW64; rv:22.0) Gecko/20100101 Firefox/22.0"
2.205.177.6 - - [09/Aug/2013:10:17:00 +0200] "GET /images/bild1.png HTTP/1.1" 200 15538 "http://www.mbingenieure.de/" "Mozilla/5.0 (Windows NT 6.1; WOW64; rv:22.0) Gecko/20100101 Firefox/22.0"
2.205.177.6 - - [09/Aug/2013:10:17:00 +0200] "GET /images/bild2.png HTTP/1.1" 200 68475 "http://www.mbingenieure.de/" "Mozilla/5.0 (Windows NT 6.1; WOW64; rv:22.0) Gecko/20100101 Firefox/22.0"
2.205.177.6 - - [09/Aug/2013:10:17:00 +0200] "GET /images/footer.png HTTP/1.1" 200 1064 "http://www.mbingenieure.de/css/style.css" "Mozilla/5.0 (Windows NT 6.1; WOW64; rv:22.0) Gecko/20100101 Firefox/22.0"
2.205.177.6 - - [09/Aug/2013:10:17:00 +0200] "GET /images/header.png HTTP/1.1" 200 1494 "http://www.mbingenieure.de/css/style.css" "Mozilla/5.0 (Windows NT 6.1; WOW64; rv:22.0) Gecko/20100101 Firefox/22.0"
2.205.177.6 - - [09/Aug/2013:10:17:00 +0200] "GET /images/navi.png HTTP/1.1" 200 946 "http://www.mbingenieure.de/css/style.css" "Mozilla/5.0 (Windows NT 6.1; WOW64; rv:22.0) Gecko/20100101 Firefox/22.0"
2.205.177.6 - - [09/Aug/2013:10:17:00 +0200] "GET /favicon.ico HTTP/1.1" 200 93062 "-" "Mozilla/5.0 (Windows NT 6.1; WOW64; rv:22.0) Gecko/20100101 Firefox/22.0"
141.8.147.12 - - [09/Aug/2013:10:22:06 +0200] "GET / HTTP/1.1" 200 4688 "-" "Mozilla/5.0 (compatible; YandexBot/3.0; +http://yandex.com/bots)"
5.10.83.66 - - [09/Aug/2013:11:02:39 +0200] "GET / HTTP/1.1" 200 4688 "-" "Mozilla/5.0 (compatible; AhrefsBot/5.0; +http://ahrefs.com/robot/)"
79.234.56.214 - - [09/Aug/2013:11:57:27 +0200] "GET / HTTP/1.1" 200 4688 "-" "Mozilla/4.0 (compatible; MSIE 8.0; Windows NT 5.1; Trident/4.0; .NET CLR 2.0.50727; .NET CLR 3.0.4506.2152; .NET CLR 3.5.30729; OfficeLiveConnector.1.5; OfficeLivePatch.1.3; .NET4.0C; .NET4.0E)"
79.234.56.214 - - [09/Aug/2013:11:57:27 +0200] "GET /css/style.css HTTP/1.1" 200 2831 "http://www.mbingenieure.de/" "Mozilla/4.0 (compatible; MSIE 8.0; Windows NT 5.1; Trident/4.0; .NET CLR 2.0.50727; .NET CLR 3.0.4506.2152; .NET CLR 3.5.30729; OfficeLiveConnector.1.5; OfficeLivePatch.1.3; .NET4.0C; .NET4.0E)"
79.234.56.214 - - [09/Aug/2013:11:57:27 +0200] "GET /js/libs/modernizr-2.5.3.min.js HTTP/1.1" 200 15274 "http://www.mbingenieure.de/" "Mozilla/4.0 (compatible; MSIE 8.0; Windows NT 5.1; Trident/4.0; .NET CLR 2.0.50727; .NET CLR 3.0.4506.2152; .NET CLR 3.5.30729; OfficeLiveConnector.1.5; OfficeLivePatch.1.3; .NET4.0C; .NET4.0E)"
79.234.56.214 - - [09/Aug/2013:11:57:27 +0200] "GET /images/footer.png HTTP/1.1" 200 1064 "http://www.mbingenieure.de/" "Mozilla/4.0 (compatible; MSIE 8.0; Windows NT 5.1; Trident/4.0; .NET CLR 2.0.50727; .NET CLR 3.0.4506.2152; .NET CLR 3.5.30729; OfficeLiveConnector.1.5; OfficeLivePatch.1.3; .NET4.0C; .NET4.0E)"
79.234.56.214 - - [09/Aug/2013:11:57:27 +0200] "GET /images/logo.png HTTP/1.1" 200 16467 "http://www.mbingenieure.de/" "Mozilla/4.0 (compatible; MSIE 8.0; Windows NT 5.1; Trident/4.0; .NET CLR 2.0.50727; .NET CLR 3.0.4506.2152; .NET CLR 3.5.30729; OfficeLiveConnector.1.5; OfficeLivePatch.1.3; .NET4.0C; .NET4.0E)"
79.234.56.214 - - [09/Aug/2013:11:57:27 +0200] "GET /images/bild1.png HTTP/1.1" 200 15538 "http://www.mbingenieure.de/" "Mozilla/4.0 (compatible; MSIE 8.0; Windows NT 5.1; Trident/4.0; .NET CLR 2.0.50727; .NET CLR 3.0.4506.2152; .NET CLR 3.5.30729; OfficeLiveConnector.1.5; OfficeLivePatch.1.3; .NET4.0C; .NET4.0E)"
79.234.56.214 - - [09/Aug/2013:11:57:27 +0200] "GET /images/navi.png HTTP/1.1" 200 946 "http://www.mbingenieure.de/" "Mozilla/4.0 (compatible; MSIE 8.0; Windows NT 5.1; Trident/4.0; .NET CLR 2.0.50727; .NET CLR 3.0.4506.2152; .NET CLR 3.5.30729; OfficeLiveConnector.1.5; OfficeLivePatch.1.3; .NET4.0C; .NET4.0E)"
79.234.56.214 - - [09/Aug/2013:11:57:27 +0200] "GET /js/plugins.js HTTP/1.1" 200 898 "http://www.mbingenieure.de/" "Mozilla/4.0 (compatible; MSIE 8.0; Windows NT 5.1; Trident/4.0; .NET CLR 2.0.50727; .NET CLR 3.0.4506.2152; .NET CLR 3.5.30729; OfficeLiveConnector.1.5; OfficeLivePatch.1.3; .NET4.0C; .NET4.0E)"
79.234.56.214 - - [09/Aug/2013:11:57:27 +0200] "GET /images/header.png HTTP/1.1" 200 1494 "http://www.mbingenieure.de/" "Mozilla/4.0 (compatible; MSIE 8.0; Windows NT 5.1; Trident/4.0; .NET CLR 2.0.50727; .NET CLR 3.0.4506.2152; .NET CLR 3.5.30729; OfficeLiveConnector.1.5; OfficeLivePatch.1.3; .NET4.0C; .NET4.0E)"
79.234.56.214 - - [09/Aug/2013:11:57:27 +0200] "GET /images/bild2.png HTTP/1.1" 200 68475 "http://www.mbingenieure.de/" "Mozilla/4.0 (compatible; MSIE 8.0; Windows NT 5.1; Trident/4.0; .NET CLR 2.0.50727; .NET CLR 3.0.4506.2152; .NET CLR 3.5.30729; OfficeLiveConnector.1.5; OfficeLivePatch.1.3; .NET4.0C; .NET4.0E)"
79.234.56.214 - - [09/Aug/2013:11:57:27 +0200] "GET /images/bild4.png HTTP/1.1" 200 65856 "http://www.mbingenieure.de/" "Mozilla/4.0 (compatible; MSIE 8.0; Windows NT 5.1; Trident/4.0; .NET CLR 2.0.50727; .NET CLR 3.0.4506.2152; .NET CLR 3.5.30729; OfficeLiveConnector.1.5; OfficeLivePatch.1.3; .NET4.0C; .NET4.0E)"
79.234.56.214 - - [09/Aug/2013:11:57:27 +0200] "GET /favicon.ico HTTP/1.1" 200 93062 "-" "Mozilla/4.0 (compatible; MSIE 8.0; Windows NT 5.1; Trident/4.0; .NET CLR 2.0.50727; .NET CLR 3.0.4506.2152; .NET CLR 3.5.30729; OfficeLiveConnector.1.5; OfficeLivePatch.1.3; .NET4.0C; .NET4.0E)"
79.234.56.214 - - [09/Aug/2013:11:57:41 +0200] "GET /spektrum.html HTTP/1.1" 200 4365 "http://www.mbingenieure.de/" "Mozilla/4.0 (compatible; MSIE 8.0; Windows NT 5.1; Trident/4.0; .NET CLR 2.0.50727; .NET CLR 3.0.4506.2152; .NET CLR 3.5.30729; OfficeLiveConnector.1.5; OfficeLivePatch.1.3; .NET4.0C; .NET4.0E)"
79.234.56.214 - - [09/Aug/2013:11:57:57 +0200] "GET /referenz.html HTTP/1.1" 200 10703 "http://www.mbingenieure.de/spektrum.html" "Mozilla/4.0 (compatible; MSIE 8.0; Windows NT 5.1; Trident/4.0; .NET CLR 2.0.50727; .NET CLR 3.0.4506.2152; .NET CLR 3.5.30729; OfficeLiveConnector.1.5; OfficeLivePatch.1.3; .NET4.0C; .NET4.0E)"
79.234.56.214 - - [09/Aug/2013:11:58:37 +0200] "GET /partner.html HTTP/1.1" 200 4401 "http://www.mbingenieure.de/spektrum.html" "Mozilla/4.0 (compatible; MSIE 8.0; Windows NT 5.1; Trident/4.0; .NET CLR 2.0.50727; .NET CLR 3.0.4506.2152; .NET CLR 3.5.30729; OfficeLiveConnector.1.5; OfficeLivePatch.1.3; .NET4.0C; .NET4.0E)"
79.234.56.214 - - [09/Aug/2013:11:58:47 +0200] "GET /impressum.html HTTP/1.1" 200 5721 "http://www.mbingenieure.de/partner.html" "Mozilla/4.0 (compatible; MSIE 8.0; Windows NT 5.1; Trident/4.0; .NET CLR 2.0.50727; .NET CLR 3.0.4506.2152; .NET CLR 3.5.30729; OfficeLiveConnector.1.5; OfficeLivePatch.1.3; .NET4.0C; .NET4.0E)"
173.199.115.3 - - [09/Aug/2013:15:04:04 +0200] "GET /uns.html HTTP/1.1" 200 4398 "-" "Mozilla/5.0 (compatible; AhrefsBot/4.0; +http://ahrefs.com/robot/)"
66.249.73.115 - - [09/Aug/2013:17:54:22 +0200] "GET /robots.txt HTTP/1.1" 404 - "-" "Mozilla/5.0 (compatible; Googlebot/2.1; +http://www.google.com/bot.html)"
66.249.73.115 - - [09/Aug/2013:17:54:22 +0200] "GET /uns.html HTTP/1.1" 304 - "-" "Mozilla/5.0 (iPhone; U; CPU iPhone OS 4_1 like Mac OS X; en-us) AppleWebKit/532.9 (KHTML, like Gecko) Version/4.0.5 Mobile/8B117 Safari/6531.22.7 (compatible; Googlebot-Mobile/2.1; +http://www.google.com/bot.html)"
173.199.118.171 - - [09/Aug/2013:21:02:19 +0200] "GET /robots.txt HTTP/1.1" 404 - "-" "Mozilla/5.0 (compatible; AhrefsBot/4.0; +http://ahrefs.com/robot/)"
23.20.248.80 - - [09/Aug/2013:21:26:26 +0200] "GET / HTTP/1.0" 200 4688 "-" "Mozilla/5.0 (compatible; NetcraftSurveyAgent/1.0; +info@netcraft.com)"
66.249.73.115 - - [09/Aug/2013:21:37:52 +0200] "GET / HTTP/1.1" 200 4688 "-" "Mozilla/5.0 (compatible; Googlebot/2.1; +http://www.google.com/bot.html)"
173.199.115.3 - - [10/Aug/2013:00:56:42 +0200] "GET /projekte.html HTTP/1.1" 200 8297 "-" "Mozilla/5.0 (compatible; AhrefsBot/4.0; +http://ahrefs.com/robot/)"
66.249.73.115 - - [10/Aug/2013:02:42:02 +0200] "GET /spektrum.html HTTP/1.1" 304 - "-" "SAMSUNG-SGH-E250/1.0 Profile/MIDP-2.0 Configuration/CLDC-1.1 UP.Browser/6.2.3.3.c.1.101 (GUI) MMP/2.0 (compatible; Googlebot-Mobile/2.1; +http://www.google.com/bot.html)"
173.199.115.3 - - [10/Aug/2013:03:05:23 +0200] "GET / HTTP/1.1" 200 4688 "-" "Mozilla/5.0 (compatible; AhrefsBot/4.0; +http://ahrefs.com/robot/)"
66.249.73.115 - - [10/Aug/2013:04:46:47 +0200] "GET / HTTP/1.1" 200 4688 "-" "Mozilla/5.0 (iPhone; U; CPU iPhone OS 4_1 like Mac OS X; en-us) AppleWebKit/532.9 (KHTML, like Gecko) Version/4.0.5 Mobile/8B117 Safari/6531.22.7 (compatible; Googlebot-Mobile/2.1; +http://www.google.com/bot.html)"
5.9.88.119 - - [10/Aug/2013:08:47:54 +0200] "GET /robots.txt HTTP/1.1" 404 - "-" "Mozilla/5.0 (compatible; Infohelfer/1.3.3; +http://www.infohelfer.de/crawler.php)"
5.9.88.119 - - [10/Aug/2013:08:47:54 +0200] "GET /spektrum.html HTTP/1.1" 200 4365 "-" "Mozilla/5.0 (compatible; Infohelfer/1.3.3; +http://www.infohelfer.de/crawler.php)"
66.249.73.115 - - [10/Aug/2013:10:30:17 +0200] "GET /robots.txt HTTP/1.1" 404 - "-" "Mozilla/5.0 (compatible; Googlebot/2.1; +http://www.google.com/bot.html)"
66.249.73.115 - - [10/Aug/2013:10:30:17 +0200] "GET /spektrum.html HTTP/1.1" 304 - "-" "Mozilla/5.0 (iPhone; U; CPU iPhone OS 4_1 like Mac OS X; en-us) AppleWebKit/532.9 (KHTML, like Gecko) Version/4.0.5 Mobile/8B117 Safari/6531.22.7 (compatible; Googlebot-Mobile/2.1; +http://www.google.com/bot.html)"
85.25.120.73 - - [10/Aug/2013:12:41:25 +0200] "GET / HTTP/1.1" 200 4688 "-" "Mozilla/5.0 (X11; U; Linux i686; en-US; rv:1.9.0.1) Gecko/2008070206 Firefox/3.0.1"
85.25.120.73 - - [10/Aug/2013:12:41:25 +0200] "GET /kontakt.html HTTP/1.1" 200 4451 "-" "Mozilla/5.0 (X11; U; Linux i686; en-US; rv:1.9.0.1) Gecko/2008070206 Firefox/3.0.1"
66.249.72.201 - - [10/Aug/2013:16:28:53 +0200] "GET /robots.txt HTTP/1.1" 404 - "-" "Mozilla/5.0 (compatible; Googlebot/2.1; +http://www.google.com/bot.html)"
66.249.72.201 - - [10/Aug/2013:16:28:54 +0200] "GET / HTTP/1.1" 200 4688 "-" "DoCoMo/2.0 N905i(c100;TB;W24H16) (compatible; Googlebot-Mobile/2.1; +http://www.google.com/bot.html)"
66.249.72.201 - - [10/Aug/2013:21:54:38 +0200] "GET /robots.txt HTTP/1.1" 404 - "-" "Mozilla/5.0 (compatible; Googlebot/2.1; +http://www.google.com/bot.html)"
66.249.72.201 - - [10/Aug/2013:21:54:38 +0200] "GET /referenz.html HTTP/1.1" 304 - "-" "Mozilla/5.0 (iPhone; U; CPU iPhone OS 4_1 like Mac OS X; en-us) AppleWebKit/532.9 (KHTML, like Gecko) Version/4.0.5 Mobile/8B117 Safari/6531.22.7 (compatible; Googlebot-Mobile/2.1; +http://www.google.com/bot.html)"
178.77.126.55 - - [11/Aug/2013:06:28:20 +0200] "GET /robots.txt HTTP/1.1" 404 - "-" "Mozilla/5.0 (compatible; CareerBot/1.1; +http://www.career-x.de/bot.html)"
178.77.126.55 - - [11/Aug/2013:06:28:20 +0200] "GET / HTTP/1.1" 200 4688 "-" "Mozilla/5.0 (compatible; CareerBot/1.1; +http://www.career-x.de/bot.html)"
178.77.126.55 - - [11/Aug/2013:06:28:20 +0200] "GET /uns.html HTTP/1.1" 200 4398 "-" "Mozilla/5.0 (compatible; CareerBot/1.1; +http://www.career-x.de/bot.html)"
66.249.72.201 - - [11/Aug/2013:08:41:34 +0200] "GET /kontakt.html HTTP/1.1" 304 - "-" "Mozilla/5.0 (iPhone; U; CPU iPhone OS 4_1 like Mac OS X; en-us) AppleWebKit/532.9 (KHTML, like Gecko) Version/4.0.5 Mobile/8B117 Safari/6531.22.7 (compatible; Googlebot-Mobile/2.1; +http://www.google.com/bot.html)"
66.249.72.201 - - [11/Aug/2013:11:00:18 +0200] "GET /robots.txt HTTP/1.1" 404 - "-" "Mozilla/5.0 (compatible; Googlebot/2.1; +http://www.google.com/bot.html)"
66.249.72.201 - - [11/Aug/2013:11:00:18 +0200] "GET / HTTP/1.1" 200 4688 "-" "Mozilla/5.0 (compatible; Googlebot/2.1; +http://www.google.com/bot.html)"
66.249.72.201 - - [11/Aug/2013:11:01:32 +0200] "GET /css/style.css HTTP/1.1" 200 2831 "-" "Mozilla/5.0 (compatible; Googlebot/2.1; +http://www.google.com/bot.html)"
193.111.141.44 - - [11/Aug/2013:13:26:05 +0200] "GET / HTTP/1.1" 200 4688 "-" "Mozilla/5.0 (X11; Linux i686; rv:6.0) Gecko/20100101 Firefox/6.0"
66.249.72.201 - - [11/Aug/2013:17:54:53 +0200] "GET / HTTP/1.1" 200 4688 "-" "Mozilla/5.0 (iPhone; U; CPU iPhone OS 4_1 like Mac OS X; en-us) AppleWebKit/532.9 (KHTML, like Gecko) Version/4.0.5 Mobile/8B117 Safari/6531.22.7 (compatible; Googlebot-Mobile/2.1; +http://www.google.com/bot.html)"
131.253.24.72 - - [11/Aug/2013:20:20:58 +0200] "GET / HTTP/1.1" 200 4688 "-" "Mozilla/4.0 (compatible; MSIE 7.0; Windows NT 5.2; SV1; .NET CLR 1.1.4322; .NET CLR 2.0.50727; .NET CLR 3.0.30729; .NET CLR 3.5.30729; InfoPath.2)"
131.253.24.72 - - [11/Aug/2013:20:20:58 +0200] "GET /css/style.css HTTP/1.1" 200 2831 "http://www.mbingenieure.de/" "Mozilla/4.0 (compatible; MSIE 7.0; Windows NT 5.2; SV1; .NET CLR 1.1.4322; .NET CLR 2.0.50727; .NET CLR 3.0.30729; .NET CLR 3.5.30729; InfoPath.2)"
131.253.24.72 - - [11/Aug/2013:20:20:59 +0200] "GET /js/libs/modernizr-2.5.3.min.js HTTP/1.1" 200 15274 "http://www.mbingenieure.de/" "Mozilla/4.0 (compatible; MSIE 7.0; Windows NT 5.2; SV1; .NET CLR 1.1.4322; .NET CLR 2.0.50727; .NET CLR 3.0.30729; .NET CLR 3.5.30729; InfoPath.2)"
131.253.24.72 - - [11/Aug/2013:20:21:03 +0200] "GET /js/plugins.js HTTP/1.1" 200 898 "http://www.mbingenieure.de/" "Mozilla/4.0 (compatible; MSIE 7.0; Windows NT 5.2; SV1; .NET CLR 1.1.4322; .NET CLR 2.0.50727; .NET CLR 3.0.30729; .NET CLR 3.5.30729; InfoPath.2)"
66.249.72.201 - - [11/Aug/2013:22:03:45 +0200] "GET /impressum.html HTTP/1.1" 304 - "-" "Mozilla/5.0 (iPhone; U; CPU iPhone OS 4_1 like Mac OS X; en-us) AppleWebKit/532.9 (KHTML, like Gecko) Version/4.0.5 Mobile/8B117 Safari/6531.22.7 (compatible; Googlebot-Mobile/2.1; +http://www.google.com/bot.html)"
5.9.88.119 - - [12/Aug/2013:05:31:44 +0200] "GET /robots.txt HTTP/1.1" 404 - "-" "Mozilla/5.0 (compatible; Infohelfer/1.3.3; +http://www.infohelfer.de/crawler.php)"
5.9.88.119 - - [12/Aug/2013:05:31:44 +0200] "GET /referenz.html HTTP/1.1" 200 10703 "-" "Mozilla/5.0 (compatible; Infohelfer/1.3.3; +http://www.infohelfer.de/crawler.php)"
5.9.88.119 - - [12/Aug/2013:05:35:00 +0200] "GET /index.html HTTP/1.1" 200 4688 "-" "Mozilla/5.0 (compatible; Infohelfer/1.3.3; +http://www.infohelfer.de/crawler.php)"
5.9.88.119 - - [12/Aug/2013:05:37:31 +0200] "GET /partner.html HTTP/1.1" 200 4401 "-" "Mozilla/5.0 (compatible; Infohelfer/1.3.3; +http://www.infohelfer.de/crawler.php)"
5.9.88.119 - - [12/Aug/2013:05:43:58 +0200] "GET /kontakt.html HTTP/1.1" 200 4451 "-" "Mozilla/5.0 (compatible; Infohelfer/1.3.3; +http://www.infohelfer.de/crawler.php)"
5.9.88.119 - - [12/Aug/2013:05:46:09 +0200] "GET /uns.html HTTP/1.1" 200 4398 "-" "Mozilla/5.0 (compatible; Infohelfer/1.3.3; +http://www.infohelfer.de/crawler.php)"
66.249.72.201 - - [12/Aug/2013:07:15:27 +0200] "GET /robots.txt HTTP/1.1" 404 - "-" "Mozilla/5.0 (compatible; Googlebot/2.1; +http://www.google.com/bot.html)"
66.249.72.201 - - [12/Aug/2013:07:15:27 +0200] "GET /referenz.html HTTP/1.1" 304 - "-" "Mozilla/5.0 (compatible; Googlebot/2.1; +http://www.google.com/bot.html)"
213.165.87.72 - - [12/Aug/2013:07:15:44 +0200] "GET / HTTP/1.1" 200 4688 "-" "Opera/9.80 (X11; Linux i686; U; de) Presto/2.7.62 Version/11.01"
213.165.87.72 - - [12/Aug/2013:07:32:33 +0200] "GET / HTTP/1.1" 200 4688 "-" "Opera/9.80 (X11; Linux i686; U; de) Presto/2.7.62 Version/11.00"
213.165.87.72 - - [12/Aug/2013:07:32:33 +0200] "GET /index.html HTTP/1.1" 200 4688 "-" "Opera/9.80 (X11; Linux i686; U; de) Presto/2.7.62 Version/11.00"
213.165.87.72 - - [12/Aug/2013:07:32:34 +0200] "GET /uns.html HTTP/1.1" 200 4398 "-" "Opera/9.80 (X11; Linux i686; U; de) Presto/2.7.62 Version/11.00"
213.165.87.72 - - [12/Aug/2013:07:32:34 +0200] "GET /spektrum.html HTTP/1.1" 200 4365 "-" "Opera/9.80 (X11; Linux i686; U; de) Presto/2.7.62 Version/11.00"
213.165.87.72 - - [12/Aug/2013:07:32:34 +0200] "GET /referenz.html HTTP/1.1" 200 10703 "-" "Opera/9.80 (X11; Linux i686; U; de) Presto/2.7.62 Version/11.00"
213.165.87.72 - - [12/Aug/2013:07:32:35 +0200] "GET /partner.html HTTP/1.1" 200 4401 "-" "Opera/9.80 (X11; Linux i686; U; de) Presto/2.7.62 Version/11.00"
213.165.87.72 - - [12/Aug/2013:07:32:35 +0200] "GET /kontakt.html HTTP/1.1" 200 4451 "-" "Opera/9.80 (X11; Linux i686; U; de) Presto/2.7.62 Version/11.00"
213.165.87.72 - - [12/Aug/2013:07:32:35 +0200] "GET /impressum.html HTTP/1.1" 200 5721 "-" "Opera/9.80 (X11; Linux i686; U; de) Presto/2.7.62 Version/11.00"
213.165.87.72 - - [12/Aug/2013:07:32:36 +0200] "GET /projekte.html HTTP/1.1" 200 8297 "http://www.mbingenieure.de/" "Opera/9.80 (X11; Linux i686; U; de) Presto/2.7.62 Version/11.00"
66.249.72.201 - - [12/Aug/2013:07:40:27 +0200] "GET /partner.html HTTP/1.1" 304 - "-" "Mozilla/5.0 (iPhone; U; CPU iPhone OS 4_1 like Mac OS X; en-us) AppleWebKit/532.9 (KHTML, like Gecko) Version/4.0.5 Mobile/8B117 Safari/6531.22.7 (compatible; Googlebot-Mobile/2.1; +http://www.google.com/bot.html)"
66.249.72.201 - - [12/Aug/2013:07:43:50 +0200] "GET /kontakt.html HTTP/1.1" 304 - "-" "Mozilla/5.0 (iPhone; U; CPU iPhone OS 4_1 like Mac OS X; en-us) AppleWebKit/532.9 (KHTML, like Gecko) Version/4.0.5 Mobile/8B117 Safari/6531.22.7 (compatible; Googlebot-Mobile/2.1; +http://www.google.com/bot.html)"
213.165.87.72 - - [12/Aug/2013:07:48:28 +0200] "GET /robots.txt HTTP/1.1" 404 - "-" "Opera/9.80 (X11; Linux i686; U; de) Presto/2.7.62 Version/11.00"
66.249.72.201 - - [12/Aug/2013:08:05:41 +0200] "GET /impressum.html HTTP/1.1" 304 - "-" "Mozilla/5.0 (compatible; Googlebot/2.1; +http://www.google.com/bot.html)"
66.249.72.201 - - [12/Aug/2013:09:33:37 +0200] "GET /uns.html HTTP/1.1" 304 - "-" "Mozilla/5.0 (compatible; Googlebot/2.1; +http://www.google.com/bot.html)"
66.249.72.201 - - [12/Aug/2013:10:19:24 +0200] "GET /spektrum.html HTTP/1.1" 304 - "-" "Mozilla/5.0 (compatible; Googlebot/2.1; +http://www.google.com/bot.html)"
66.249.72.201 - - [12/Aug/2013:11:51:15 +0200] "GET /partner.html HTTP/1.1" 304 - "-" "Mozilla/5.0 (compatible; Googlebot/2.1; +http://www.google.com/bot.html)"
66.249.72.201 - - [12/Aug/2013:12:41:30 +0200] "GET /kontakt.html HTTP/1.1" 304 - "-" "Mozilla/5.0 (compatible; Googlebot/2.1; +http://www.google.com/bot.html)"
157.55.34.178 - - [12/Aug/2013:13:47:48 +0200] "GET /robots.txt HTTP/1.1" 404 - "-" "Mozilla/5.0 (compatible; bingbot/2.0; +http://www.bing.com/bingbot.htm)"
157.55.34.178 - - [12/Aug/2013:13:49:07 +0200] "GET /partner.html HTTP/1.1" 200 4401 "-" "Mozilla/5.0 (compatible; bingbot/2.0; +http://www.bing.com/bingbot.htm)"
66.249.75.201 - - [12/Aug/2013:14:14:10 +0200] "GET /robots.txt HTTP/1.1" 404 - "-" "Mozilla/5.0 (compatible; Googlebot/2.1; +http://www.google.com/bot.html)"
66.249.75.201 - - [12/Aug/2013:14:14:10 +0200] "GET /referenz.html HTTP/1.1" 304 - "-" "Mozilla/5.0 (compatible; Googlebot/2.1; +http://www.google.com/bot.html)"
66.249.75.201 - - [12/Aug/2013:15:12:11 +0200] "GET /impressum.html HTTP/1.1" 304 - "-" "Mozilla/5.0 (compatible; Googlebot/2.1; +http://www.google.com/bot.html)"
66.249.75.201 - - [12/Aug/2013:16:02:06 +0200] "GET / HTTP/1.1" 200 4688 "-" "Mozilla/5.0 (compatible; Googlebot/2.1; +http://www.google.com/bot.html)"
66.249.75.201 - - [12/Aug/2013:16:10:48 +0200] "GET /uns.html HTTP/1.1" 304 - "-" "Mozilla/5.0 (compatible; Googlebot/2.1; +http://www.google.com/bot.html)"
66.249.75.201 - - [12/Aug/2013:16:14:31 +0200] "GET /uns.html HTTP/1.1" 304 - "-" "Mozilla/5.0 (iPhone; U; CPU iPhone OS 4_1 like Mac OS X; en-us) AppleWebKit/532.9 (KHTML, like Gecko) Version/4.0.5 Mobile/8B117 Safari/6531.22.7 (compatible; Googlebot-Mobile/2.1; +http://www.google.com/bot.html)"
66.249.75.201 - - [12/Aug/2013:17:29:32 +0200] "GET /spektrum.html HTTP/1.1" 304 - "-" "Mozilla/5.0 (compatible; Googlebot/2.1; +http://www.google.com/bot.html)"
176.9.58.141 - - [12/Aug/2013:20:31:52 +0200] "GET /robots.txt HTTP/1.0" 404 - "-" "Mozilla/5.0 (compatible; SEOkicks-Robot +http://www.seokicks.de/robot.html)"
176.9.58.141 - - [12/Aug/2013:20:31:57 +0200] "GET / HTTP/1.0" 200 4688 "-" "Mozilla/5.0 (compatible; SEOkicks-Robot +http://www.seokicks.de/robot.html)"
84.38.65.176 - - [12/Aug/2013:21:37:22 +0200] "GET / HTTP/1.0" 200 4688 "http://www.domain-reputation.de/www.mbingenieure.de" "Mozilla/4.0 (compatible; MSIE 8.0; Windows NT 6.1; Trident/4.0; SLCC2; .NET CLR 2.0.50727; .NET CLR 3.5.30729; .NET CLR 3.0.30729; Media Center PC 6.0)"
66.249.75.201 - - [13/Aug/2013:01:04:58 +0200] "GET /robots.txt HTTP/1.1" 404 - "-" "Mozilla/5.0 (compatible; Googlebot/2.1; +http://www.google.com/bot.html)"
66.249.75.201 - - [13/Aug/2013:05:09:29 +0200] "GET /robots.txt HTTP/1.1" 404 - "-" "Mozilla/5.0 (compatible; Googlebot/2.1; +http://www.google.com/bot.html)"
66.249.75.201 - - [13/Aug/2013:05:09:29 +0200] "GET / HTTP/1.1" 200 4688 "-" "Mozilla/5.0 (iPhone; U; CPU iPhone OS 4_1 like Mac OS X; en-us) AppleWebKit/532.9 (KHTML, like Gecko) Version/4.0.5 Mobile/8B117 Safari/6531.22.7 (compatible; Googlebot-Mobile/2.1; +http://www.google.com/bot.html)"
66.249.75.201 - - [13/Aug/2013:08:14:55 +0200] "GET /spektrum.html HTTP/1.1" 304 - "-" "Mozilla/5.0 (iPhone; U; CPU iPhone OS 4_1 like Mac OS X; en-us) AppleWebKit/532.9 (KHTML, like Gecko) Version/4.0.5 Mobile/8B117 Safari/6531.22.7 (compatible; Googlebot-Mobile/2.1; +http://www.google.com/bot.html)"
66.249.75.201 - - [13/Aug/2013:08:46:28 +0200] "GET /images/0941a.png HTTP/1.1" 304 - "-" "Googlebot-Image/1.0"
141.8.147.12 - - [13/Aug/2013:10:20:21 +0200] "GET /robots.txt HTTP/1.1" 404 - "-" "Mozilla/5.0 (compatible; YandexBot/3.0; +http://yandex.com/bots)"
66.249.75.201 - - [13/Aug/2013:12:17:24 +0200] "GET /projekte.html HTTP/1.1" 200 8297 "-" "Mozilla/5.0 (iPhone; U; CPU iPhone OS 4_1 like Mac OS X; en-us) AppleWebKit/532.9 (KHTML, like Gecko) Version/4.0.5 Mobile/8B117 Safari/6531.22.7 (compatible; Googlebot-Mobile/2.1; +http://www.google.com/bot.html)"
157.55.34.178 - - [13/Aug/2013:13:37:22 +0200] "GET /robots.txt HTTP/1.1" 404 - "-" "Mozilla/5.0 (compatible; bingbot/2.0; +http://www.bing.com/bingbot.htm)"
157.56.92.153 - - [13/Aug/2013:13:38:18 +0200] "GET /index.html HTTP/1.1" 200 4688 "-" "Mozilla/5.0 (compatible; bingbot/2.0; +http://www.bing.com/bingbot.htm)"
157.56.92.153 - - [13/Aug/2013:13:38:31 +0200] "GET /referenz.html HTTP/1.1" 200 10703 "-" "Mozilla/5.0 (compatible; bingbot/2.0; +http://www.bing.com/bingbot.htm)"
157.55.34.178 - - [13/Aug/2013:13:38:57 +0200] "GET /kontakt.html HTTP/1.1" 200 4451 "-" "Mozilla/5.0 (compatible; bingbot/2.0; +http://www.bing.com/bingbot.htm)"
66.249.75.201 - - [13/Aug/2013:14:44:47 +0200] "GET / HTTP/1.1" 200 4688 "-" "SAMSUNG-SGH-E250/1.0 Profile/MIDP-2.0 Configuration/CLDC-1.1 UP.Browser/6.2.3.3.c.1.101 (GUI) MMP/2.0 (compatible; Googlebot-Mobile/2.1; +http://www.google.com/bot.html)"
84.189.64.200 - - [13/Aug/2013:15:17:15 +0200] "GET / HTTP/1.1" 200 4688 "http://www.google.de/url?sa=t&rct=j&q=mb+ingenieure&source=web&cd=1&ved=0CDIQFjAA&url=http%3A%2F%2Fwww.mbingenieure.de%2F&ei=0TAKUuTOKMKctQbliYC4CA&usg=AFQjCNEyLqXMZj9hDUfmjIo04GBdDmaXCQ&bvm=bv.50500085,d.Yms" "Mozilla/4.0 (compatible; MSIE 8.0; Windows NT 5.1; Trident/4.0; GTB7.5; .NET4.0C; .NET4.0E; .NET CLR 2.0.50727)"
84.189.64.200 - - [13/Aug/2013:15:17:15 +0200] "GET /css/style.css HTTP/1.1" 200 2831 "http://www.mbingenieure.de/" "Mozilla/4.0 (compatible; MSIE 8.0; Windows NT 5.1; Trident/4.0; GTB7.5; .NET4.0C; .NET4.0E; .NET CLR 2.0.50727)"
84.189.64.200 - - [13/Aug/2013:15:17:15 +0200] "GET /js/libs/modernizr-2.5.3.min.js HTTP/1.1" 200 15274 "http://www.mbingenieure.de/" "Mozilla/4.0 (compatible; MSIE 8.0; Windows NT 5.1; Trident/4.0; GTB7.5; .NET4.0C; .NET4.0E; .NET CLR 2.0.50727)"
84.189.64.200 - - [13/Aug/2013:15:17:15 +0200] "GET /images/footer.png HTTP/1.1" 200 1064 "http://www.mbingenieure.de/" "Mozilla/4.0 (compatible; MSIE 8.0; Windows NT 5.1; Trident/4.0; GTB7.5; .NET4.0C; .NET4.0E; .NET CLR 2.0.50727)"
84.189.64.200 - - [13/Aug/2013:15:17:15 +0200] "GET /images/bild2.png HTTP/1.1" 200 68475 "http://www.mbingenieure.de/" "Mozilla/4.0 (compatible; MSIE 8.0; Windows NT 5.1; Trident/4.0; GTB7.5; .NET4.0C; .NET4.0E; .NET CLR 2.0.50727)"
84.189.64.200 - - [13/Aug/2013:15:17:15 +0200] "GET /images/bild4.png HTTP/1.1" 200 65856 "http://www.mbingenieure.de/" "Mozilla/4.0 (compatible; MSIE 8.0; Windows NT 5.1; Trident/4.0; GTB7.5; .NET4.0C; .NET4.0E; .NET CLR 2.0.50727)"
84.189.64.200 - - [13/Aug/2013:15:17:16 +0200] "GET /images/bild1.png HTTP/1.1" 200 15538 "http://www.mbingenieure.de/" "Mozilla/4.0 (compatible; MSIE 8.0; Windows NT 5.1; Trident/4.0; GTB7.5; .NET4.0C; .NET4.0E; .NET CLR 2.0.50727)"
84.189.64.200 - - [13/Aug/2013:15:17:16 +0200] "GET /images/logo.png HTTP/1.1" 200 16467 "http://www.mbingenieure.de/" "Mozilla/4.0 (compatible; MSIE 8.0; Windows NT 5.1; Trident/4.0; GTB7.5; .NET4.0C; .NET4.0E; .NET CLR 2.0.50727)"
84.189.64.200 - - [13/Aug/2013:15:17:16 +0200] "GET /images/header.png HTTP/1.1" 200 1494 "http://www.mbingenieure.de/" "Mozilla/4.0 (compatible; MSIE 8.0; Windows NT 5.1; Trident/4.0; GTB7.5; .NET4.0C; .NET4.0E; .NET CLR 2.0.50727)"
84.189.64.200 - - [13/Aug/2013:15:17:16 +0200] "GET /images/navi.png HTTP/1.1" 200 946 "http://www.mbingenieure.de/" "Mozilla/4.0 (compatible; MSIE 8.0; Windows NT 5.1; Trident/4.0; GTB7.5; .NET4.0C; .NET4.0E; .NET CLR 2.0.50727)"
84.189.64.200 - - [13/Aug/2013:15:17:16 +0200] "GET /js/plugins.js HTTP/1.1" 200 898 "http://www.mbingenieure.de/" "Mozilla/4.0 (compatible; MSIE 8.0; Windows NT 5.1; Trident/4.0; GTB7.5; .NET4.0C; .NET4.0E; .NET CLR 2.0.50727)"
84.189.64.200 - - [13/Aug/2013:15:17:16 +0200] "GET /favicon.ico HTTP/1.1" 200 93062 "-" "Mozilla/4.0 (compatible; MSIE 8.0; Windows NT 5.1; Trident/4.0; GTB7.5; .NET4.0C; .NET4.0E; .NET CLR 2.0.50727)"
157.55.34.178 - - [13/Aug/2013:15:24:19 +0200] "GET /robots.txt HTTP/1.1" 404 - "-" "Mozilla/5.0 (compatible; bingbot/2.0; +http://www.bing.com/bingbot.htm)"
157.55.34.178 - - [13/Aug/2013:15:24:50 +0200] "GET /spektrum.html HTTP/1.1" 200 4365 "-" "Mozilla/5.0 (compatible; bingbot/2.0; +http://www.bing.com/bingbot.htm)"
141.8.147.12 - - [13/Aug/2013:16:49:52 +0200] "GET / HTTP/1.1" 200 4688 "-" "Mozilla/5.0 (compatible; YandexBot/3.0; +http://yandex.com/bots)"
144.76.42.76 - - [13/Aug/2013:17:18:02 +0200] "GET / HTTP/1.1" 200 4688 "-" "Mozilla/5.0 (Macintosh; Intel Mac OS X 10_8_2) AppleWebKit/537.17 (KHTML, like Gecko) Chrome/24.0.1312.52 Safari/537.17"
144.76.42.76 - - [13/Aug/2013:17:18:02 +0200] "GET / HTTP/1.1" 200 4688 "-" "Mozilla/5.0 (Macintosh; Intel Mac OS X 10_8_2) AppleWebKit/537.17 (KHTML, like Gecko) Chrome/24.0.1312.52 Safari/537.17"
66.249.75.201 - - [13/Aug/2013:19:25:50 +0200] "GET /robots.txt HTTP/1.1" 404 - "-" "Mozilla/5.0 (compatible; Googlebot/2.1; +http://www.google.com/bot.html)"
66.249.75.201 - - [13/Aug/2013:19:25:50 +0200] "GET /referenz.html HTTP/1.1" 304 - "-" "Mozilla/5.0 (iPhone; U; CPU iPhone OS 4_1 like Mac OS X; en-us) AppleWebKit/532.9 (KHTML, like Gecko) Version/4.0.5 Mobile/8B117 Safari/6531.22.7 (compatible; Googlebot-Mobile/2.1; +http://www.google.com/bot.html)"
79.214.173.184 - - [13/Aug/2013:21:07:55 +0200] "GET / HTTP/1.1" 200 4688 "http://www.google.de/url?sa=t&rct=j&q=&esrc=s&source=web&cd=1&ved=0CDEQFjAA&url=http%3A%2F%2Fwww.mbingenieure.de%2F&ei=_4MKUsq_AZHItAbr5IGACQ&usg=AFQjCNEyLqXMZj9hDUfmjIo04GBdDmaXCQ&bvm=bv.50500085,d.Yms" "Mozilla/5.0 (Windows NT 5.1; rv:22.0) Gecko/20100101 Firefox/22.0"
79.214.173.184 - - [13/Aug/2013:21:07:56 +0200] "GET /js/libs/modernizr-2.5.3.min.js HTTP/1.1" 200 15274 "http://www.mbingenieure.de/" "Mozilla/5.0 (Windows NT 5.1; rv:22.0) Gecko/20100101 Firefox/22.0"
79.214.173.184 - - [13/Aug/2013:21:07:56 +0200] "GET /css/style.css HTTP/1.1" 200 2831 "http://www.mbingenieure.de/" "Mozilla/5.0 (Windows NT 5.1; rv:22.0) Gecko/20100101 Firefox/22.0"
79.214.173.184 - - [13/Aug/2013:21:07:56 +0200] "GET /images/bild1.png HTTP/1.1" 200 15538 "http://www.mbingenieure.de/" "Mozilla/5.0 (Windows NT 5.1; rv:22.0) Gecko/20100101 Firefox/22.0"
79.214.173.184 - - [13/Aug/2013:21:07:56 +0200] "GET /js/plugins.js HTTP/1.1" 200 898 "http://www.mbingenieure.de/" "Mozilla/5.0 (Windows NT 5.1; rv:22.0) Gecko/20100101 Firefox/22.0"
79.214.173.184 - - [13/Aug/2013:21:07:56 +0200] "GET /images/logo.png HTTP/1.1" 200 16467 "http://www.mbingenieure.de/" "Mozilla/5.0 (Windows NT 5.1; rv:22.0) Gecko/20100101 Firefox/22.0"
79.214.173.184 - - [13/Aug/2013:21:07:56 +0200] "GET /images/footer.png HTTP/1.1" 200 1064 "http://www.mbingenieure.de/css/style.css" "Mozilla/5.0 (Windows NT 5.1; rv:22.0) Gecko/20100101 Firefox/22.0"
79.214.173.184 - - [13/Aug/2013:21:07:56 +0200] "GET /images/header.png HTTP/1.1" 200 1494 "http://www.mbingenieure.de/css/style.css" "Mozilla/5.0 (Windows NT 5.1; rv:22.0) Gecko/20100101 Firefox/22.0"
79.214.173.184 - - [13/Aug/2013:21:07:56 +0200] "GET /images/navi.png HTTP/1.1" 200 946 "http://www.mbingenieure.de/css/style.css" "Mozilla/5.0 (Windows NT 5.1; rv:22.0) Gecko/20100101 Firefox/22.0"
79.214.173.184 - - [13/Aug/2013:21:07:56 +0200] "GET /images/bild4.png HTTP/1.1" 200 65856 "http://www.mbingenieure.de/" "Mozilla/5.0 (Windows NT 5.1; rv:22.0) Gecko/20100101 Firefox/22.0"
79.214.173.184 - - [13/Aug/2013:21:07:56 +0200] "GET /images/bild2.png HTTP/1.1" 200 68475 "http://www.mbingenieure.de/" "Mozilla/5.0 (Windows NT 5.1; rv:22.0) Gecko/20100101 Firefox/22.0"
79.214.173.184 - - [13/Aug/2013:21:07:57 +0200] "GET /favicon.ico HTTP/1.1" 200 93062 "-" "Mozilla/5.0 (Windows NT 5.1; rv:22.0) Gecko/20100101 Firefox/22.0"
79.214.173.184 - - [13/Aug/2013:21:08:13 +0200] "GET /partner.html HTTP/1.1" 200 4401 "http://www.mbingenieure.de/" "Mozilla/5.0 (Windows NT 5.1; rv:22.0) Gecko/20100101 Firefox/22.0"
79.214.173.184 - - [13/Aug/2013:21:08:17 +0200] "GET /index.html HTTP/1.1" 200 4688 "http://www.mbingenieure.de/partner.html" "Mozilla/5.0 (Windows NT 5.1; rv:22.0) Gecko/20100101 Firefox/22.0"
79.214.173.184 - - [13/Aug/2013:21:08:38 +0200] "GET /kontakt.html HTTP/1.1" 200 4451 "http://www.mbingenieure.de/index.html" "Mozilla/5.0 (Windows NT 5.1; rv:22.0) Gecko/20100101 Firefox/22.0"
178.77.126.55 - - [13/Aug/2013:22:27:23 +0200] "GET /robots.txt HTTP/1.1" 404 - "-" "Mozilla/5.0 (compatible; CareerBot/1.1; +http://www.career-x.de/bot.html)"
178.77.126.55 - - [13/Aug/2013:22:27:23 +0200] "GET / HTTP/1.1" 200 4688 "-" "Mozilla/5.0 (compatible; CareerBot/1.1; +http://www.career-x.de/bot.html)"
178.77.126.55 - - [13/Aug/2013:22:27:23 +0200] "GET /uns.html HTTP/1.1" 200 4398 "-" "Mozilla/5.0 (compatible; CareerBot/1.1; +http://www.career-x.de/bot.html)"
141.8.147.12 - - [13/Aug/2013:22:34:05 +0200] "GET /robots.txt HTTP/1.1" 404 - "-" "Mozilla/5.0 (compatible; YandexBot/3.0; +http://yandex.com/bots)"
66.249.72.201 - - [14/Aug/2013:03:03:13 +0200] "GET /robots.txt HTTP/1.1" 404 - "-" "Mozilla/5.0 (compatible; Googlebot/2.1; +http://www.google.com/bot.html)"
66.249.72.201 - - [14/Aug/2013:03:03:13 +0200] "GET /partner.html HTTP/1.1" 304 - "-" "DoCoMo/2.0 N905i(c100;TB;W24H16) (compatible; Googlebot-Mobile/2.1; +http://www.google.com/bot.html)"
91.3.11.63 - - [14/Aug/2013:08:40:56 +0200] "GET /favicon.ico HTTP/1.1" 200 93062 "-" "Mozilla/4.0 (compatible; MSIE 7.0; Windows NT 6.1; WOW64; Trident/6.0; SLCC2; .NET CLR 2.0.50727; .NET CLR 3.5.30729; .NET CLR 3.0.30729; Media Center PC 6.0; InfoPath.3; .NET4.0C; .NET4.0E)"
131.253.24.74 - - [14/Aug/2013:23:21:23 +0200] "GET /referenz.html HTTP/1.1" 200 10703 "-" "Mozilla/4.0 (compatible; MSIE 7.0; Windows NT 5.2; SV1; .NET CLR 1.1.4322; .NET CLR 2.0.50727; .NET CLR 3.0.04506.648)"
131.253.24.74 - - [14/Aug/2013:23:21:24 +0200] "GET /css/style.css HTTP/1.1" 200 2831 "http://www.mbingenieure.de/referenz.html" "Mozilla/4.0 (compatible; MSIE 7.0; Windows NT 5.2; SV1; .NET CLR 1.1.4322; .NET CLR 2.0.50727; .NET CLR 3.0.04506.648)"
131.253.24.74 - - [14/Aug/2013:23:21:25 +0200] "GET /js/libs/modernizr-2.5.3.min.js HTTP/1.1" 200 15274 "http://www.mbingenieure.de/referenz.html" "Mozilla/4.0 (compatible; MSIE 7.0; Windows NT 5.2; SV1; .NET CLR 1.1.4322; .NET CLR 2.0.50727; .NET CLR 3.0.04506.648)"
