87.139.232.76 - - [20/Jan/2015:16:06:06 +0100] "GET /images/header.png HTTP/1.1" 200 1494 "http://www.mbingenieure.de/css/style.css" "Mozilla/5.0 (Windows NT 6.1; rv:35.0) Gecko/20100101 Firefox/35.0"
87.139.232.76 - - [20/Jan/2015:16:06:06 +0100] "GET /images/navi.png HTTP/1.1" 200 946 "http://www.mbingenieure.de/css/style.css" "Mozilla/5.0 (Windows NT 6.1; rv:35.0) Gecko/20100101 Firefox/35.0"
87.139.232.76 - - [20/Jan/2015:16:06:07 +0100] "GET /favicon.ico HTTP/1.1" 200 93062 "-" "Mozilla/5.0 (Windows NT 6.1; rv:35.0) Gecko/20100101 Firefox/35.0"
87.139.232.76 - - [20/Jan/2015:16:06:27 +0100] "GET /referenz.html HTTP/1.1" 200 10703 "http://www.mbingenieure.de/uns.html" "Mozilla/5.0 (Windows NT 6.1; rv:35.0) Gecko/20100101 Firefox/35.0"
87.139.232.76 - - [20/Jan/2015:16:07:50 +0100] "GET /projekte.html HTTP/1.1" 200 7938 "http://www.mbingenieure.de/referenz.html" "Mozilla/5.0 (Windows NT 6.1; rv:35.0) Gecko/20100101 Firefox/35.0"
87.139.232.76 - - [20/Jan/2015:16:07:50 +0100] "GET /images/0542a.png HTTP/1.1" 200 15693 "http://www.mbingenieure.de/projekte.html" "Mozilla/5.0 (Windows NT 6.1; rv:35.0) Gecko/20100101 Firefox/35.0"
87.139.232.76 - - [20/Jan/2015:16:07:50 +0100] "GET /images/0543a.png HTTP/1.1" 200 16618 "http://www.mbingenieure.de/projekte.html" "Mozilla/5.0 (Windows NT 6.1; rv:35.0) Gecko/20100101 Firefox/35.0"
87.139.232.76 - - [20/Jan/2015:16:07:50 +0100] "GET /images/0541a.png HTTP/1.1" 200 16258 "http://www.mbingenieure.de/projekte.html" "Mozilla/5.0 (Windows NT 6.1; rv:35.0) Gecko/20100101 Firefox/35.0"
87.139.232.76 - - [20/Jan/2015:16:07:50 +0100] "GET /images/0941a.png HTTP/1.1" 200 14217 "http://www.mbingenieure.de/projekte.html" "Mozilla/5.0 (Windows NT 6.1; rv:35.0) Gecko/20100101 Firefox/35.0"
87.139.232.76 - - [20/Jan/2015:16:08:23 +0100] "GET /spektrum.html HTTP/1.1" 200 4365 "http://www.mbingenieure.de/projekte.html" "Mozilla/5.0 (Windows NT 6.1; rv:35.0) Gecko/20100101 Firefox/35.0"
87.139.232.76 - - [20/Jan/2015:16:08:30 +0100] "GET /index.html HTTP/1.1" 200 4688 "http://www.mbingenieure.de/uns.html" "Mozilla/5.0 (Windows NT 6.1; rv:35.0) Gecko/20100101 Firefox/35.0"
87.139.232.76 - - [20/Jan/2015:16:08:30 +0100] "GET /images/logo.png HTTP/1.1" 200 16467 "http://www.mbingenieure.de/index.html" "Mozilla/5.0 (Windows NT 6.1; rv:35.0) Gecko/20100101 Firefox/35.0"
87.139.232.76 - - [20/Jan/2015:16:08:30 +0100] "GET /images/bild1.png HTTP/1.1" 200 16301 "http://www.mbingenieure.de/index.html" "Mozilla/5.0 (Windows NT 6.1; rv:35.0) Gecko/20100101 Firefox/35.0"
87.139.232.76 - - [20/Jan/2015:16:08:30 +0100] "GET /images/bild2.png HTTP/1.1" 200 68475 "http://www.mbingenieure.de/index.html" "Mozilla/5.0 (Windows NT 6.1; rv:35.0) Gecko/20100101 Firefox/35.0"
87.139.232.76 - - [20/Jan/2015:16:08:30 +0100] "GET /images/bild4.png HTTP/1.1" 200 65856 "http://www.mbingenieure.de/index.html" "Mozilla/5.0 (Windows NT 6.1; rv:35.0) Gecko/20100101 Firefox/35.0"
87.139.232.76 - - [20/Jan/2015:16:08:43 +0100] "GET /partner.html HTTP/1.1" 200 4401 "http://www.mbingenieure.de/index.html" "Mozilla/5.0 (Windows NT 6.1; rv:35.0) Gecko/20100101 Firefox/35.0"
87.139.232.76 - - [20/Jan/2015:16:08:52 +0100] "GET /kontakt.html HTTP/1.1" 200 4451 "http://www.mbingenieure.de/partner.html" "Mozilla/5.0 (Windows NT 6.1; rv:35.0) Gecko/20100101 Firefox/35.0"
207.46.13.104 - - [20/Jan/2015:20:40:09 +0100] "GET /referenz.html HTTP/1.1" 200 10703 "-" "Mozilla/5.0 (compatible; bingbot/2.0; +http://www.bing.com/bingbot.htm)"
207.46.13.104 - - [20/Jan/2015:20:40:10 +0100] "GET /uns.html HTTP/1.1" 200 4398 "-" "Mozilla/5.0 (compatible; bingbot/2.0; +http://www.bing.com/bingbot.htm)"
207.46.13.104 - - [20/Jan/2015:20:40:10 +0100] "GET /index.html HTTP/1.1" 200 4688 "-" "Mozilla/5.0 (compatible; bingbot/2.0; +http://www.bing.com/bingbot.htm)"
207.46.13.104 - - [20/Jan/2015:20:40:10 +0100] "GET /impressum.html HTTP/1.1" 200 5721 "-" "Mozilla/5.0 (compatible; bingbot/2.0; +http://www.bing.com/bingbot.htm)"
79.192.145.128 - - [20/Jan/2015:20:40:41 +0100] "GET /uns.html HTTP/1.1" 200 4398 "-" "Mozilla/5.0 (Windows NT 6.1; WOW64; Trident/7.0; rv:11.0) like Gecko"
79.192.145.128 - - [20/Jan/2015:20:40:41 +0100] "GET /css/style.css HTTP/1.1" 200 2831 "http://www.mbingenieure.de/uns.html" "Mozilla/5.0 (Windows NT 6.1; WOW64; Trident/7.0; rv:11.0) like Gecko"
79.192.145.128 - - [20/Jan/2015:20:40:41 +0100] "GET /js/libs/modernizr-2.5.3.min.js HTTP/1.1" 200 15274 "http://www.mbingenieure.de/uns.html" "Mozilla/5.0 (Windows NT 6.1; WOW64; Trident/7.0; rv:11.0) like Gecko"
79.192.145.128 - - [20/Jan/2015:20:40:41 +0100] "GET /js/plugins.js HTTP/1.1" 200 898 "http://www.mbingenieure.de/uns.html" "Mozilla/5.0 (Windows NT 6.1; WOW64; Trident/7.0; rv:11.0) like Gecko"
79.192.145.128 - - [20/Jan/2015:20:40:43 +0100] "GET /images/footer.png HTTP/1.1" 200 1064 "http://www.mbingenieure.de/uns.html" "Mozilla/5.0 (Windows NT 6.1; WOW64; Trident/7.0; rv:11.0) like Gecko"
79.192.145.128 - - [20/Jan/2015:20:40:43 +0100] "GET /images/header.png HTTP/1.1" 200 1494 "http://www.mbingenieure.de/uns.html" "Mozilla/5.0 (Windows NT 6.1; WOW64; Trident/7.0; rv:11.0) like Gecko"
79.192.145.128 - - [20/Jan/2015:20:40:43 +0100] "GET /images/navi.png HTTP/1.1" 200 946 "http://www.mbingenieure.de/uns.html" "Mozilla/5.0 (Windows NT 6.1; WOW64; Trident/7.0; rv:11.0) like Gecko"
79.192.145.128 - - [20/Jan/2015:20:40:43 +0100] "GET /favicon.ico HTTP/1.1" 200 93062 "-" "Mozilla/5.0 (Windows NT 6.1; Win64; x64; Trident/7.0; rv:11.0) like Gecko"
79.192.145.128 - - [20/Jan/2015:20:40:59 +0100] "GET /impressum.html HTTP/1.1" 200 5721 "http://www.mbingenieure.de/uns.html" "Mozilla/5.0 (Windows NT 6.1; WOW64; Trident/7.0; rv:11.0) like Gecko"
79.192.145.128 - - [20/Jan/2015:20:41:08 +0100] "GET /partner.html HTTP/1.1" 200 4401 "http://www.mbingenieure.de/impressum.html" "Mozilla/5.0 (Windows NT 6.1; WOW64; Trident/7.0; rv:11.0) like Gecko"
79.192.145.128 - - [20/Jan/2015:20:41:15 +0100] "GET /referenz.html HTTP/1.1" 200 10703 "http://www.mbingenieure.de/partner.html" "Mozilla/5.0 (Windows NT 6.1; WOW64; Trident/7.0; rv:11.0) like Gecko"
79.192.145.128 - - [20/Jan/2015:20:41:47 +0100] "GET /index.html HTTP/1.1" 200 4688 "http://www.mbingenieure.de/uns.html" "Mozilla/5.0 (Windows NT 6.1; WOW64; Trident/7.0; rv:11.0) like Gecko"
79.192.145.128 - - [20/Jan/2015:20:41:47 +0100] "GET /images/logo.png HTTP/1.1" 200 16467 "http://www.mbingenieure.de/index.html" "Mozilla/5.0 (Windows NT 6.1; WOW64; Trident/7.0; rv:11.0) like Gecko"
79.192.145.128 - - [20/Jan/2015:20:41:47 +0100] "GET /images/bild1.png HTTP/1.1" 200 16301 "http://www.mbingenieure.de/index.html" "Mozilla/5.0 (Windows NT 6.1; WOW64; Trident/7.0; rv:11.0) like Gecko"
79.192.145.128 - - [20/Jan/2015:20:41:47 +0100] "GET /images/bild4.png HTTP/1.1" 200 65856 "http://www.mbingenieure.de/index.html" "Mozilla/5.0 (Windows NT 6.1; WOW64; Trident/7.0; rv:11.0) like Gecko"
79.192.145.128 - - [20/Jan/2015:20:41:47 +0100] "GET /images/bild2.png HTTP/1.1" 200 68475 "http://www.mbingenieure.de/index.html" "Mozilla/5.0 (Windows NT 6.1; WOW64; Trident/7.0; rv:11.0) like Gecko"
66.249.78.77 - - [20/Jan/2015:20:45:12 +0100] "GET /robots.txt HTTP/1.1" 404 - "-" "Mozilla/5.0 (compatible; Googlebot/2.1; +http://www.google.com/bot.html)"
66.249.78.77 - - [20/Jan/2015:20:45:12 +0100] "GET /referenz.html HTTP/1.1" 200 10703 "-" "Mozilla/5.0 (compatible; Googlebot/2.1; +http://www.google.com/bot.html)"
141.8.147.12 - - [20/Jan/2015:21:05:15 +0100] "GET /robots.txt HTTP/1.1" 404 - "-" "Mozilla/5.0 (compatible; YandexBot/3.0; +http://yandex.com/bots)"
77.75.73.17 - - [21/Jan/2015:01:56:12 +0100] "GET /robots.txt HTTP/1.1" 404 - "-" "Mozilla/5.0 (compatible; SeznamBot/3.2; +http://fulltext.sblog.cz/)"
77.75.73.17 - - [21/Jan/2015:01:56:13 +0100] "GET /spektrum.html HTTP/1.1" 200 4365 "-" "Mozilla/5.0 (compatible; SeznamBot/3.2; +http://fulltext.sblog.cz/)"
77.75.73.17 - - [21/Jan/2015:01:56:13 +0100] "GET /partner.html HTTP/1.1" 200 4401 "-" "Mozilla/5.0 (compatible; SeznamBot/3.2; +http://fulltext.sblog.cz/)"
77.75.73.17 - - [21/Jan/2015:01:56:15 +0100] "GET /kontakt.html HTTP/1.1" 200 4451 "-" "Mozilla/5.0 (compatible; SeznamBot/3.2; +http://fulltext.sblog.cz/)"
66.249.78.77 - - [21/Jan/2015:01:56:50 +0100] "GET /js/plugins.js HTTP/1.1" 200 898 "-" "Mozilla/5.0 (compatible; Googlebot/2.1; +http://www.google.com/bot.html)"
66.249.78.77 - - [21/Jan/2015:02:19:56 +0100] "GET /js/libs/modernizr-2.5.3.min.js HTTP/1.1" 200 15274 "-" "Mozilla/5.0 (compatible; Googlebot/2.1; +http://www.google.com/bot.html)"
141.8.147.12 - - [21/Jan/2015:04:41:01 +0100] "GET /kontakt.html HTTP/1.1" 200 4451 "-" "Mozilla/5.0 (compatible; YandexBot/3.0; +http://yandex.com/bots)"
66.249.78.91 - - [21/Jan/2015:04:56:33 +0100] "GET / HTTP/1.1" 200 4688 "-" "Mozilla/5.0 (compatible; Googlebot/2.1; +http://www.google.com/bot.html)"
208.115.113.85 - - [21/Jan/2015:07:02:58 +0100] "GET /robots.txt HTTP/1.1" 404 - "-" "Mozilla/5.0 (compatible; DotBot/1.1; http://www.opensiteexplorer.org/dotbot, help@moz.com)"
208.115.113.85 - - [21/Jan/2015:08:19:56 +0100] "GET /uns.html HTTP/1.1" 200 4398 "-" "Mozilla/5.0 (compatible; DotBot/1.1; http://www.opensiteexplorer.org/dotbot, help@moz.com)"
66.249.89.13 - - [21/Jan/2015:09:06:52 +0100] "GET /google96721bab6c5575fe.html HTTP/1.1" 200 53 "-" "Mozilla/5.0 (compatible; Google-Site-Verification/1.0)"
87.193.195.11 - - [21/Jan/2015:09:55:50 +0100] "GET /impressum.html HTTP/1.1" 200 5721 "http://www.google.de/url?sa=t&rct=j&q=&esrc=s&source=web&cd=2&ved=0CDEQFjAB&url=http%3A%2F%2Fwww.mbingenieure.de%2Fimpressum.html&ei=iWm_VIawItPqaInhgkA&usg=AFQjCNHELIGYYj_HQnujp4z8JvB7XA-W3w&bvm=bv.83829542,d.d2s" "Mozilla/5.0 (Windows NT 6.1; Trident/7.0; rv:11.0) like Gecko"
87.193.195.11 - - [21/Jan/2015:09:55:51 +0100] "GET /favicon.ico HTTP/1.1" 200 93062 "-" "Mozilla/5.0 (Windows NT 6.1; Trident/7.0; rv:11.0) like Gecko"
141.8.147.12 - - [21/Jan/2015:10:03:37 +0100] "GET /robots.txt HTTP/1.1" 404 - "-" "Mozilla/5.0 (compatible; YandexBot/3.0; +http://yandex.com/bots)"
87.193.195.11 - - [21/Jan/2015:11:53:24 +0100] "GET / HTTP/1.1" 200 4688 "https://www.google.de/" "Mozilla/5.0 (Windows NT 6.1) AppleWebKit/537.36 (KHTML, like Gecko) Chrome/39.0.2171.99 Safari/537.36"
87.193.195.11 - - [21/Jan/2015:11:53:24 +0100] "GET /images/logo.png HTTP/1.1" 200 16467 "http://www.mbingenieure.de/" "Mozilla/5.0 (Windows NT 6.1) AppleWebKit/537.36 (KHTML, like Gecko) Chrome/39.0.2171.99 Safari/537.36"
87.193.195.11 - - [21/Jan/2015:11:53:24 +0100] "GET /images/bild1.png HTTP/1.1" 200 16301 "http://www.mbingenieure.de/" "Mozilla/5.0 (Windows NT 6.1) AppleWebKit/537.36 (KHTML, like Gecko) Chrome/39.0.2171.99 Safari/537.36"
87.193.195.11 - - [21/Jan/2015:11:53:24 +0100] "GET /images/bild4.png HTTP/1.1" 200 65856 "http://www.mbingenieure.de/" "Mozilla/5.0 (Windows NT 6.1) AppleWebKit/537.36 (KHTML, like Gecko) Chrome/39.0.2171.99 Safari/537.36"
87.193.195.11 - - [21/Jan/2015:11:53:24 +0100] "GET /images/bild2.png HTTP/1.1" 200 68475 "http://www.mbingenieure.de/" "Mozilla/5.0 (Windows NT 6.1) AppleWebKit/537.36 (KHTML, like Gecko) Chrome/39.0.2171.99 Safari/537.36"
87.193.195.11 - - [21/Jan/2015:11:53:50 +0100] "GET /index.html HTTP/1.1" 200 4688 "http://www.mbingenieure.de/uns.html" "Mozilla/5.0 (Windows NT 6.1) AppleWebKit/537.36 (KHTML, like Gecko) Chrome/39.0.2171.99 Safari/537.36"
87.193.195.11 - - [21/Jan/2015:11:53:59 +0100] "GET /spektrum.html HTTP/1.1" 200 4365 "http://www.mbingenieure.de/uns.html" "Mozilla/5.0 (Windows NT 6.1) AppleWebKit/537.36 (KHTML, like Gecko) Chrome/39.0.2171.99 Safari/537.36"
87.193.195.11 - - [21/Jan/2015:11:54:04 +0100] "GET /referenz.html HTTP/1.1" 200 10703 "http://www.mbingenieure.de/spektrum.html" "Mozilla/5.0 (Windows NT 6.1) AppleWebKit/537.36 (KHTML, like Gecko) Chrome/39.0.2171.99 Safari/537.36"
87.193.195.11 - - [21/Jan/2015:11:55:10 +0100] "GET /projekte.html HTTP/1.1" 200 7938 "http://www.mbingenieure.de/referenz.html" "Mozilla/5.0 (Windows NT 6.1) AppleWebKit/537.36 (KHTML, like Gecko) Chrome/39.0.2171.99 Safari/537.36"
87.193.195.11 - - [21/Jan/2015:11:55:11 +0100] "GET /images/0543a.png HTTP/1.1" 200 16618 "http://www.mbingenieure.de/projekte.html" "Mozilla/5.0 (Windows NT 6.1) AppleWebKit/537.36 (KHTML, like Gecko) Chrome/39.0.2171.99 Safari/537.36"
87.193.195.11 - - [21/Jan/2015:11:55:11 +0100] "GET /images/0542a.png HTTP/1.1" 200 15693 "http://www.mbingenieure.de/projekte.html" "Mozilla/5.0 (Windows NT 6.1) AppleWebKit/537.36 (KHTML, like Gecko) Chrome/39.0.2171.99 Safari/537.36"
87.193.195.11 - - [21/Jan/2015:11:55:11 +0100] "GET /images/0541a.png HTTP/1.1" 200 16258 "http://www.mbingenieure.de/projekte.html" "Mozilla/5.0 (Windows NT 6.1) AppleWebKit/537.36 (KHTML, like Gecko) Chrome/39.0.2171.99 Safari/537.36"
87.193.195.11 - - [21/Jan/2015:11:55:11 +0100] "GET /images/0941a.png HTTP/1.1" 200 14217 "http://www.mbingenieure.de/projekte.html" "Mozilla/5.0 (Windows NT 6.1) AppleWebKit/537.36 (KHTML, like Gecko) Chrome/39.0.2171.99 Safari/537.36"
87.193.195.11 - - [21/Jan/2015:11:55:17 +0100] "GET /kontakt.html HTTP/1.1" 200 4451 "http://www.mbingenieure.de/projekte.html" "Mozilla/5.0 (Windows NT 6.1) AppleWebKit/537.36 (KHTML, like Gecko) Chrome/39.0.2171.99 Safari/537.36"
66.249.78.77 - - [21/Jan/2015:12:10:10 +0100] "GET /robots.txt HTTP/1.1" 404 - "-" "Mozilla/5.0 (compatible; Googlebot/2.1; +http://www.google.com/bot.html)"
66.249.64.32 - - [21/Jan/2015:12:10:10 +0100] "GET / HTTP/1.1" 200 4688 "-" "Mozilla/5.0 (compatible; Googlebot/2.1; +http://www.google.com/bot.html)"
46.229.170.197 - - [21/Jan/2015:12:14:22 +0100] "GET / HTTP/1.1" 200 4688 "-" "Mozilla/5.0 (X11; U; Linux i686; en-GB; rv:2.0) Gecko/20110404 Fedora/16-dev Firefox/4.0"
93.186.202.239 - - [21/Jan/2015:13:19:00 +0100] "GET /kontakt.html HTTP/1.1" 200 4451 "-" "Mozilla/5.0 (X11; Ubuntu; Linux i686; rv:14.0) Gecko/20100101 Firefox/14.0.1"
88.198.56.239 - - [21/Jan/2015:13:19:00 +0100] "GET /index.html HTTP/1.1" 200 4688 "-" "Mozilla/5.0 (X11; Linux i686; rv:21.0) Gecko/20100101 Firefox/21.0"
148.251.69.136 - - [21/Jan/2015:13:19:00 +0100] "GET /impressum.html HTTP/1.1" 200 5721 "-" "Mozilla/5.0 (Macintosh; Intel Mac OS X 1084) AppleWebKit/536.28.10 (KHTML like Gecko) Version/6.0.3 Safari/536.28.10"
148.251.69.136 - - [21/Jan/2015:13:19:00 +0100] "GET / HTTP/1.1" 200 4688 "-" "Mozilla/5.0 (Macintosh; Intel Mac OS X 10.8; rv:21.0) Gecko/20100101 Firefox/21.0"
148.251.75.46 - - [21/Jan/2015:13:19:01 +0100] "GET /uns.html HTTP/1.1" 200 4398 "-" "Mozilla/5.0 (Windows NT 6.2; Win64; x64;) Gecko/20100101 Firefox/20.0"
148.251.75.46 - - [21/Jan/2015:13:19:01 +0100] "GET /referenz.html HTTP/1.1" 200 10703 "-" "Mozilla/5.0 (X11; Linux i686; rv:21.0) Gecko/20100101 Firefox/21.0"
129.217.196.197 - - [21/Jan/2015:13:25:55 +0100] "GET /referenz.html HTTP/1.1" 200 10703 "http://www.google.de/url?sa=t&rct=j&q=&esrc=s&source=web&cd=9&ved=0CEoQFjAI&url=http%3A%2F%2Fwww.mbingenieure.de%2Freferenz.html&ei=c5q_VOLjJonXPdzRgMAM&usg=AFQjCNEjBuJQ2-M4Z4j35BAeh7XDA3bhYQ&bvm=bv.83829542,d.ZWU" "Mozilla/5.0 (Macintosh; Intel Mac OS X 10.9; rv:34.0) Gecko/20100101 Firefox/34.0"
129.217.196.197 - - [21/Jan/2015:13:25:55 +0100] "GET /css/style.css HTTP/1.1" 200 2831 "http://www.mbingenieure.de/referenz.html" "Mozilla/5.0 (Macintosh; Intel Mac OS X 10.9; rv:34.0) Gecko/20100101 Firefox/34.0"
129.217.196.197 - - [21/Jan/2015:13:25:55 +0100] "GET /js/libs/modernizr-2.5.3.min.js HTTP/1.1" 200 15274 "http://www.mbingenieure.de/referenz.html" "Mozilla/5.0 (Macintosh; Intel Mac OS X 10.9; rv:34.0) Gecko/20100101 Firefox/34.0"
129.217.196.197 - - [21/Jan/2015:13:25:55 +0100] "GET /js/plugins.js HTTP/1.1" 200 898 "http://www.mbingenieure.de/referenz.html" "Mozilla/5.0 (Macintosh; Intel Mac OS X 10.9; rv:34.0) Gecko/20100101 Firefox/34.0"
129.217.196.197 - - [21/Jan/2015:13:25:55 +0100] "GET /images/footer.png HTTP/1.1" 200 1064 "http://www.mbingenieure.de/css/style.css" "Mozilla/5.0 (Macintosh; Intel Mac OS X 10.9; rv:34.0) Gecko/20100101 Firefox/34.0"
129.217.196.197 - - [21/Jan/2015:13:25:55 +0100] "GET /images/header.png HTTP/1.1" 200 1494 "http://www.mbingenieure.de/css/style.css" "Mozilla/5.0 (Macintosh; Intel Mac OS X 10.9; rv:34.0) Gecko/20100101 Firefox/34.0"
129.217.196.197 - - [21/Jan/2015:13:25:55 +0100] "GET /images/navi.png HTTP/1.1" 200 946 "http://www.mbingenieure.de/css/style.css" "Mozilla/5.0 (Macintosh; Intel Mac OS X 10.9; rv:34.0) Gecko/20100101 Firefox/34.0"
129.217.196.197 - - [21/Jan/2015:13:25:56 +0100] "GET /favicon.ico HTTP/1.1" 200 93062 "-" "Mozilla/5.0 (Macintosh; Intel Mac OS X 10.9; rv:34.0) Gecko/20100101 Firefox/34.0"
66.249.64.32 - - [21/Jan/2015:13:27:51 +0100] "GET /impressum.html HTTP/1.1" 200 5721 "-" "Mozilla/5.0 (compatible; Googlebot/2.1; +http://www.google.com/bot.html)"
178.255.215.70 - - [21/Jan/2015:14:23:03 +0100] "GET /robots.txt HTTP/1.1" 404 - "-" "Mozilla/5.0 (compatible; Exabot/3.0; +http://www.exabot.com/go/robot)"
178.255.215.70 - - [21/Jan/2015:14:23:03 +0100] "GET / HTTP/1.1" 304 - "-" "Mozilla/5.0 (compatible; Exabot/3.0; +http://www.exabot.com/go/robot)"
141.8.147.12 - - [21/Jan/2015:14:44:24 +0100] "GET / HTTP/1.1" 200 4688 "-" "Mozilla/5.0 (compatible; YandexBot/3.0; +http://yandex.com/bots)"
66.249.78.91 - - [21/Jan/2015:14:45:48 +0100] "GET /referenz.html HTTP/1.1" 304 - "-" "Mozilla/5.0 (compatible; Googlebot/2.1; +http://www.google.com/bot.html)"
5.63.146.172 - - [21/Jan/2015:15:05:10 +0100] "GET /admin/ HTTP/1.1" 404 - "http://www.mbingenieure.de/admin/" "\"Mozilla/5.0 (Windows NT 6.1; rv:24.0) Gecko/20100101 Firefox/24.0\""
66.249.78.91 - - [21/Jan/2015:16:22:49 +0100] "GET / HTTP/1.1" 200 4688 "-" "Mozilla/5.0 (compatible; Googlebot/2.1; +http://www.google.com/bot.html)"
207.46.13.104 - - [21/Jan/2015:23:55:06 +0100] "GET /uns.html HTTP/1.1" 200 4398 "-" "Mozilla/5.0 (iPhone; CPU iPhone OS 7_0 like Mac OS X) AppleWebKit/537.51.1 (KHTML, like Gecko) Version/7.0 Mobile/11A465 Safari/9537.53 (compatible; bingbot/2.0; http://www.bing.com/bingbot.htm)"
207.46.13.24 - - [21/Jan/2015:23:55:21 +0100] "GET /css/style.css HTTP/1.1" 200 2831 "-" "Mozilla/5.0 (iPhone; CPU iPhone OS 7_0 like Mac OS X) AppleWebKit/537.51.1 (KHTML, like Gecko) Version/7.0 Mobile/11A465 Safari/9537.53 (compatible; bingbot/2.0; +http://www.bing.com/bingbot.htm)"
207.46.13.24 - - [21/Jan/2015:23:55:21 +0100] "GET /js/plugins.js HTTP/1.1" 200 898 "-" "Mozilla/5.0 (iPhone; CPU iPhone OS 7_0 like Mac OS X) AppleWebKit/537.51.1 (KHTML, like Gecko) Version/7.0 Mobile/11A465 Safari/9537.53 (compatible; bingbot/2.0; +http://www.bing.com/bingbot.htm)"
157.55.39.72 - - [21/Jan/2015:23:55:25 +0100] "GET /js/libs/modernizr-2.5.3.min.js HTTP/1.1" 200 15274 "-" "Mozilla/5.0 (iPhone; CPU iPhone OS 7_0 like Mac OS X) AppleWebKit/537.51.1 (KHTML, like Gecko) Version/7.0 Mobile/11A465 Safari/9537.53 (compatible; bingbot/2.0; +http://www.bing.com/bingbot.htm)"
199.30.25.160 - - [22/Jan/2015:00:56:21 +0100] "GET /images/header.png HTTP/1.1" 200 1494 "http://www.mbingenieure.de/uns.html" "Mozilla/5.0 (iPhone; CPU iPhone OS 7_0 like Mac OS X) AppleWebKit/537.51.1 (KHTML, like Gecko) Version/7.0 Mobile/11A465 Safari/9537.53 BingPreview/1.0b"
66.249.78.84 - - [22/Jan/2015:06:59:47 +0100] "GET /robots.txt HTTP/1.1" 404 - "-" "Mozilla/5.0 (compatible; Googlebot/2.1; +http://www.google.com/bot.html)"
66.249.78.84 - - [22/Jan/2015:06:59:47 +0100] "GET / HTTP/1.1" 200 4688 "-" "Mozilla/5.0 (iPhone; CPU iPhone OS 6_0 like Mac OS X) AppleWebKit/536.26 (KHTML, like Gecko) Version/6.0 Mobile/10A5376e Safari/8536.25 (compatible; Googlebot/2.1; +http://www.google.com/bot.html)"
66.249.78.91 - - [22/Jan/2015:07:57:35 +0100] "GET /kontakt.html HTTP/1.1" 304 - "-" "Mozilla/5.0 (iPhone; CPU iPhone OS 6_0 like Mac OS X) AppleWebKit/536.26 (KHTML, like Gecko) Version/6.0 Mobile/10A5376e Safari/8536.25 (compatible; Googlebot/2.1; +http://www.google.com/bot.html)"
192.187.99.195 - - [22/Jan/2015:08:18:29 +0100] "HEAD /wp-login.php HTTP/1.1" 404 - "-" "-"
66.249.64.24 - - [22/Jan/2015:09:21:37 +0100] "GET /impressum.html HTTP/1.1" 304 - "-" "Mozilla/5.0 (compatible; Googlebot/2.1; +http://www.google.com/bot.html)"
70.39.157.197 - - [22/Jan/2015:11:03:32 +0100] "GET / HTTP/1.1" 200 4688 "-" "Mozilla/5.0 (compatible; MSIE 9.0; Windows NT 6.1; WOW64; Trident/5.0)"
66.249.78.77 - - [22/Jan/2015:11:26:50 +0100] "GET / HTTP/1.1" 200 4688 "-" "Mozilla/5.0 (compatible; Googlebot/2.1; +http://www.google.com/bot.html)"
212.185.199.106 - - [22/Jan/2015:11:50:02 +0100] "GET / HTTP/1.1" 200 4688 "https://www.google.de/" "Mozilla/5.0 (Windows NT 6.1; WOW64) AppleWebKit/537.36 (KHTML, like Gecko) Chrome/39.0.2171.99 Safari/537.36"
212.185.199.106 - - [22/Jan/2015:11:50:02 +0100] "GET /css/style.css HTTP/1.1" 200 2831 "http://www.mbingenieure.de/" "Mozilla/5.0 (Windows NT 6.1; WOW64) AppleWebKit/537.36 (KHTML, like Gecko) Chrome/39.0.2171.99 Safari/537.36"
212.185.199.106 - - [22/Jan/2015:11:50:02 +0100] "GET /images/bild1.png HTTP/1.1" 200 16301 "http://www.mbingenieure.de/" "Mozilla/5.0 (Windows NT 6.1; WOW64) AppleWebKit/537.36 (KHTML, like Gecko) Chrome/39.0.2171.99 Safari/537.36"
212.185.199.106 - - [22/Jan/2015:11:50:02 +0100] "GET /js/libs/modernizr-2.5.3.min.js HTTP/1.1" 200 15274 "http://www.mbingenieure.de/" "Mozilla/5.0 (Windows NT 6.1; WOW64) AppleWebKit/537.36 (KHTML, like Gecko) Chrome/39.0.2171.99 Safari/537.36"
212.185.199.106 - - [22/Jan/2015:11:50:02 +0100] "GET /images/logo.png HTTP/1.1" 200 16467 "http://www.mbingenieure.de/" "Mozilla/5.0 (Windows NT 6.1; WOW64) AppleWebKit/537.36 (KHTML, like Gecko) Chrome/39.0.2171.99 Safari/537.36"
212.185.199.106 - - [22/Jan/2015:11:50:02 +0100] "GET /js/plugins.js HTTP/1.1" 200 898 "http://www.mbingenieure.de/" "Mozilla/5.0 (Windows NT 6.1; WOW64) AppleWebKit/537.36 (KHTML, like Gecko) Chrome/39.0.2171.99 Safari/537.36"
212.185.199.106 - - [22/Jan/2015:11:50:02 +0100] "GET /images/footer.png HTTP/1.1" 200 1064 "http://www.mbingenieure.de/css/style.css" "Mozilla/5.0 (Windows NT 6.1; WOW64) AppleWebKit/537.36 (KHTML, like Gecko) Chrome/39.0.2171.99 Safari/537.36"
212.185.199.106 - - [22/Jan/2015:11:50:02 +0100] "GET /images/header.png HTTP/1.1" 200 1494 "http://www.mbingenieure.de/css/style.css" "Mozilla/5.0 (Windows NT 6.1; WOW64) AppleWebKit/537.36 (KHTML, like Gecko) Chrome/39.0.2171.99 Safari/537.36"
212.185.199.106 - - [22/Jan/2015:11:50:02 +0100] "GET /images/bild4.png HTTP/1.1" 200 65856 "http://www.mbingenieure.de/" "Mozilla/5.0 (Windows NT 6.1; WOW64) AppleWebKit/537.36 (KHTML, like Gecko) Chrome/39.0.2171.99 Safari/537.36"
212.185.199.106 - - [22/Jan/2015:11:50:02 +0100] "GET /images/bild2.png HTTP/1.1" 200 68475 "http://www.mbingenieure.de/" "Mozilla/5.0 (Windows NT 6.1; WOW64) AppleWebKit/537.36 (KHTML, like Gecko) Chrome/39.0.2171.99 Safari/537.36"
212.185.199.106 - - [22/Jan/2015:11:50:02 +0100] "GET /images/navi.png HTTP/1.1" 200 946 "http://www.mbingenieure.de/css/style.css" "Mozilla/5.0 (Windows NT 6.1; WOW64) AppleWebKit/537.36 (KHTML, like Gecko) Chrome/39.0.2171.99 Safari/537.36"
212.185.199.106 - - [22/Jan/2015:11:50:02 +0100] "GET /favicon.ico HTTP/1.1" 200 93062 "-" "Mozilla/5.0 (Windows NT 6.1; WOW64) AppleWebKit/537.36 (KHTML, like Gecko) Chrome/39.0.2171.99 Safari/537.36"
141.8.147.12 - - [22/Jan/2015:11:52:17 +0100] "GET /robots.txt HTTP/1.1" 404 - "-" "Mozilla/5.0 (compatible; YandexBot/3.0; +http://yandex.com/bots)"
141.8.147.12 - - [22/Jan/2015:13:57:30 +0100] "GET /images/0541a.png HTTP/1.1" 304 - "-" "Mozilla/5.0 (compatible; YandexBot/3.0; +http://yandex.com/bots)"
66.249.78.91 - - [22/Jan/2015:14:53:16 +0100] "GET /referenz.html HTTP/1.1" 304 - "-" "Mozilla/5.0 (compatible; Googlebot/2.1; +http://www.google.com/bot.html)"
66.249.78.91 - - [22/Jan/2015:15:21:12 +0100] "GET / HTTP/1.1" 200 4688 "-" "Mozilla/5.0 (compatible; Googlebot/2.1; +http://www.google.com/bot.html)"
173.208.177.59 - - [22/Jan/2015:15:32:03 +0100] "HEAD /admin/fckeditor/editor/ HTTP/1.1" 404 - "-" "-"
173.208.177.59 - - [22/Jan/2015:15:32:03 +0100] "HEAD /manage/fckeditor/editor/ HTTP/1.1" 404 - "-" "-"
173.208.177.59 - - [22/Jan/2015:15:32:03 +0100] "HEAD /include/fckeditor/editor/ HTTP/1.1" 404 - "-" "-"
173.208.177.59 - - [22/Jan/2015:15:32:03 +0100] "HEAD /js/fckeditor/editor/ HTTP/1.1" 404 - "-" "-"
173.208.177.59 - - [22/Jan/2015:15:32:03 +0100] "HEAD /fckeditor/editor/ HTTP/1.1" 404 - "-" "-"
208.115.111.69 - - [22/Jan/2015:16:58:21 +0100] "GET /robots.txt HTTP/1.1" 404 - "-" "Mozilla/5.0 (compatible; DotBot/1.1; http://www.opensiteexplorer.org/dotbot, help@moz.com)"
208.115.111.69 - - [22/Jan/2015:18:15:55 +0100] "GET /impressum.html HTTP/1.1" 200 5721 "-" "Mozilla/5.0 (compatible; DotBot/1.1; http://www.opensiteexplorer.org/dotbot, help@moz.com)"
66.249.78.77 - - [22/Jan/2015:19:56:54 +0100] "GET /robots.txt HTTP/1.1" 404 - "-" "Mozilla/5.0 (compatible; Googlebot/2.1; +http://www.google.com/bot.html)"
66.249.78.91 - - [22/Jan/2015:19:56:54 +0100] "GET / HTTP/1.1" 200 4688 "-" "Mozilla/5.0 (compatible; Googlebot/2.1; +http://www.google.com/bot.html)"
66.249.78.77 - - [22/Jan/2015:20:31:30 +0100] "GET /referenz.html HTTP/1.1" 304 - "-" "Mozilla/5.0 (compatible; Googlebot/2.1; +http://www.google.com/bot.html)"
84.38.65.176 - - [22/Jan/2015:23:54:05 +0100] "GET / HTTP/1.1" 200 4688 "http://www.sumaja.de/" "T-Online Browser"
85.25.202.18 - - [22/Jan/2015:23:54:05 +0100] "GET / HTTP/1.0" 200 4688 "-" "-"
85.25.202.18 - - [22/Jan/2015:23:54:05 +0100] "GET / HTTP/1.0" 200 4688 "-" "-"
141.8.147.12 - - [23/Jan/2015:01:23:11 +0100] "GET /robots.txt HTTP/1.1" 404 - "-" "Mozilla/5.0 (compatible; YandexBot/3.0; +http://yandex.com/bots)"
141.8.147.12 - - [23/Jan/2015:01:25:42 +0100] "GET /kontakt.html HTTP/1.1" 200 4451 "-" "Mozilla/5.0 (compatible; YandexBot/3.0; +http://yandex.com/bots)"
66.249.78.77 - - [23/Jan/2015:02:38:19 +0100] "GET /referenz.html HTTP/1.1" 304 - "-" "Mozilla/5.0 (compatible; Googlebot/2.1; +http://www.google.com/bot.html)"
188.165.233.34 - - [23/Jan/2015:03:10:05 +0100] "GET /robots.txt HTTP/1.0" 404 - "-" ""
188.165.233.34 - - [23/Jan/2015:03:10:06 +0100] "GET / HTTP/1.1" 206 4688 "-" "Mozilla/5.0 (compatible; SISTRIX Crawler; http://crawler.sistrix.net/)"
188.165.233.34 - - [23/Jan/2015:03:10:08 +0100] "GET /index.html HTTP/1.1" 206 4688 "-" "Mozilla/5.0 (compatible; SISTRIX Crawler; http://crawler.sistrix.net/)"
188.165.233.34 - - [23/Jan/2015:03:10:10 +0100] "GET /uns.html HTTP/1.1" 206 4398 "-" "Mozilla/5.0 (compatible; SISTRIX Crawler; http://crawler.sistrix.net/)"
188.165.233.34 - - [23/Jan/2015:03:10:12 +0100] "GET /spektrum.html HTTP/1.1" 206 4365 "-" "Mozilla/5.0 (compatible; SISTRIX Crawler; http://crawler.sistrix.net/)"
188.165.233.34 - - [23/Jan/2015:03:10:14 +0100] "GET /referenz.html HTTP/1.1" 206 10703 "-" "Mozilla/5.0 (compatible; SISTRIX Crawler; http://crawler.sistrix.net/)"
188.165.233.34 - - [23/Jan/2015:03:10:16 +0100] "GET /partner.html HTTP/1.1" 206 4401 "-" "Mozilla/5.0 (compatible; SISTRIX Crawler; http://crawler.sistrix.net/)"
66.249.78.91 - - [23/Jan/2015:06:32:29 +0100] "GET / HTTP/1.1" 200 4688 "-" "Mozilla/5.0 (compatible; Googlebot/2.1; +http://www.google.com/bot.html)"
66.249.78.91 - - [23/Jan/2015:06:39:38 +0100] "GET /impressum.html HTTP/1.1" 200 5721 "-" "Mozilla/5.0 (compatible; Googlebot/2.1; +http://www.google.com/bot.html)"
66.249.64.28 - - [23/Jan/2015:07:27:45 +0100] "GET /projekte.html HTTP/1.1" 304 - "-" "Mozilla/5.0 (compatible; Googlebot/2.1; +http://www.google.com/bot.html)"
66.249.64.28 - - [23/Jan/2015:07:40:19 +0100] "GET /uns.html HTTP/1.1" 304 - "-" "Mozilla/5.0 (compatible; Googlebot/2.1; +http://www.google.com/bot.html)"
213.164.137.126 - - [23/Jan/2015:12:04:51 +0100] "GET / HTTP/1.1" 200 4688 "https://www.google.de/" "Mozilla/5.0 (Windows NT 5.1) AppleWebKit/537.36 (KHTML, like Gecko) Chrome/39.0.2171.99 Safari/537.36"
213.164.137.126 - - [23/Jan/2015:12:04:52 +0100] "GET /css/style.css HTTP/1.1" 200 2831 "http://www.mbingenieure.de/" "Mozilla/5.0 (Windows NT 5.1) AppleWebKit/537.36 (KHTML, like Gecko) Chrome/39.0.2171.99 Safari/537.36"
213.164.137.126 - - [23/Jan/2015:12:04:52 +0100] "GET /js/libs/modernizr-2.5.3.min.js HTTP/1.1" 200 15274 "http://www.mbingenieure.de/" "Mozilla/5.0 (Windows NT 5.1) AppleWebKit/537.36 (KHTML, like Gecko) Chrome/39.0.2171.99 Safari/537.36"
213.164.137.126 - - [23/Jan/2015:12:04:52 +0100] "GET /images/logo.png HTTP/1.1" 200 16467 "http://www.mbingenieure.de/" "Mozilla/5.0 (Windows NT 5.1) AppleWebKit/537.36 (KHTML, like Gecko) Chrome/39.0.2171.99 Safari/537.36"
213.164.137.126 - - [23/Jan/2015:12:04:52 +0100] "GET /images/bild1.png HTTP/1.1" 200 16301 "http://www.mbingenieure.de/" "Mozilla/5.0 (Windows NT 5.1) AppleWebKit/537.36 (KHTML, like Gecko) Chrome/39.0.2171.99 Safari/537.36"
213.164.137.126 - - [23/Jan/2015:12:04:52 +0100] "GET /js/plugins.js HTTP/1.1" 200 898 "http://www.mbingenieure.de/" "Mozilla/5.0 (Windows NT 5.1) AppleWebKit/537.36 (KHTML, like Gecko) Chrome/39.0.2171.99 Safari/537.36"
213.164.137.126 - - [23/Jan/2015:12:04:52 +0100] "GET /images/bild2.png HTTP/1.1" 200 68475 "http://www.mbingenieure.de/" "Mozilla/5.0 (Windows NT 5.1) AppleWebKit/537.36 (KHTML, like Gecko) Chrome/39.0.2171.99 Safari/537.36"
213.164.137.126 - - [23/Jan/2015:12:04:52 +0100] "GET /images/bild4.png HTTP/1.1" 200 65856 "http://www.mbingenieure.de/" "Mozilla/5.0 (Windows NT 5.1) AppleWebKit/537.36 (KHTML, like Gecko) Chrome/39.0.2171.99 Safari/537.36"
213.164.137.126 - - [23/Jan/2015:12:04:52 +0100] "GET /images/footer.png HTTP/1.1" 200 1064 "http://www.mbingenieure.de/css/style.css" "Mozilla/5.0 (Windows NT 5.1) AppleWebKit/537.36 (KHTML, like Gecko) Chrome/39.0.2171.99 Safari/537.36"
213.164.137.126 - - [23/Jan/2015:12:04:52 +0100] "GET /images/header.png HTTP/1.1" 200 1494 "http://www.mbingenieure.de/css/style.css" "Mozilla/5.0 (Windows NT 5.1) AppleWebKit/537.36 (KHTML, like Gecko) Chrome/39.0.2171.99 Safari/537.36"
213.164.137.126 - - [23/Jan/2015:12:04:52 +0100] "GET /images/navi.png HTTP/1.1" 200 946 "http://www.mbingenieure.de/css/style.css" "Mozilla/5.0 (Windows NT 5.1) AppleWebKit/537.36 (KHTML, like Gecko) Chrome/39.0.2171.99 Safari/537.36"
213.164.137.126 - - [23/Jan/2015:12:04:53 +0100] "GET /favicon.ico HTTP/1.1" 200 93062 "-" "Mozilla/5.0 (Windows NT 5.1) AppleWebKit/537.36 (KHTML, like Gecko) Chrome/39.0.2171.99 Safari/537.36"
162.210.196.98 - - [23/Jan/2015:12:36:27 +0100] "GET /robots.txt HTTP/1.0" 404 - "-" "Mozilla/5.0 (compatible; MJ12bot/v1.4.5; http://www.majestic12.co.uk/bot.php?+)"
162.210.196.98 - - [23/Jan/2015:12:36:29 +0100] "GET / HTTP/1.0" 200 4688 "-" "Mozilla/5.0 (compatible; MJ12bot/v1.4.5; http://www.majestic12.co.uk/bot.php?+)"
69.58.178.58 - - [23/Jan/2015:14:04:36 +0100] "GET /robots.txt HTTP/1.1" 404 - "-" "Mozilla/5.0 (X11; Ubuntu; Linux i686; rv:14.0; ips-agent) Gecko/20100101 Firefox/14.0.1"
69.58.178.58 - - [23/Jan/2015:14:04:37 +0100] "GET / HTTP/1.1" 200 4688 "-" "Mozilla/5.0 (X11; Ubuntu; Linux i686; rv:14.0; ips-agent) Gecko/20100101 Firefox/14.0.1"
69.58.178.58 - - [23/Jan/2015:14:04:39 +0100] "GET /index.html HTTP/1.1" 200 4688 "-" "Mozilla/5.0 (X11; Ubuntu; Linux i686; rv:14.0; ips-agent) Gecko/20100101 Firefox/14.0.1"
69.58.178.58 - - [23/Jan/2015:14:04:40 +0100] "GET /uns.html HTTP/1.1" 200 4398 "-" "Mozilla/5.0 (X11; Ubuntu; Linux i686; rv:14.0; ips-agent) Gecko/20100101 Firefox/14.0.1"
69.58.178.58 - - [23/Jan/2015:14:04:41 +0100] "GET /spektrum.html HTTP/1.1" 200 4365 "-" "Mozilla/5.0 (X11; Ubuntu; Linux i686; rv:14.0; ips-agent) Gecko/20100101 Firefox/14.0.1"
69.58.178.58 - - [23/Jan/2015:14:04:42 +0100] "GET /referenz.html HTTP/1.1" 200 10703 "-" "Mozilla/5.0 (X11; Ubuntu; Linux i686; rv:14.0; ips-agent) Gecko/20100101 Firefox/14.0.1"
69.58.178.58 - - [23/Jan/2015:14:04:44 +0100] "GET /partner.html HTTP/1.1" 200 4401 "-" "Mozilla/5.0 (X11; Ubuntu; Linux i686; rv:14.0; ips-agent) Gecko/20100101 Firefox/14.0.1"
69.58.178.58 - - [23/Jan/2015:14:04:45 +0100] "GET /kontakt.html HTTP/1.1" 200 4451 "-" "Mozilla/5.0 (X11; Ubuntu; Linux i686; rv:14.0; ips-agent) Gecko/20100101 Firefox/14.0.1"
69.58.178.58 - - [23/Jan/2015:14:04:46 +0100] "GET /impressum.html HTTP/1.1" 200 5721 "-" "Mozilla/5.0 (X11; Ubuntu; Linux i686; rv:14.0; ips-agent) Gecko/20100101 Firefox/14.0.1"
69.58.178.58 - - [23/Jan/2015:14:04:48 +0100] "GET /projekte.html HTTP/1.1" 200 7938 "-" "Mozilla/5.0 (X11; Ubuntu; Linux i686; rv:14.0; ips-agent) Gecko/20100101 Firefox/14.0.1"
66.249.78.91 - - [23/Jan/2015:18:35:24 +0100] "GET /robots.txt HTTP/1.1" 404 - "-" "Mozilla/5.0 (compatible; Googlebot/2.1; +http://www.google.com/bot.html)"
66.249.78.77 - - [23/Jan/2015:18:35:25 +0100] "GET /css/style.css HTTP/1.1" 200 2831 "-" "Mozilla/5.0 (compatible; Googlebot/2.1; +http://www.google.com/bot.html)"
92.208.7.144 - - [23/Jan/2015:20:01:03 +0100] "GET /referenz.html HTTP/1.1" 200 10703 "http://www.google.de/" "Mozilla/5.0 (Linux; U; Android 4.3; de-de; SAMSUNG GT-I9305/I9305XXUEMKC Build/JSS15J) AppleWebKit/534.30 (KHTML, like Gecko) Version/4.0 Mobile Safari/534.30"
92.208.7.144 - - [23/Jan/2015:20:01:03 +0100] "GET /css/style.css HTTP/1.1" 200 2831 "http://www.mbingenieure.de/referenz.html" "Mozilla/5.0 (Linux; U; Android 4.3; de-de; SAMSUNG GT-I9305/I9305XXUEMKC Build/JSS15J) AppleWebKit/534.30 (KHTML, like Gecko) Version/4.0 Mobile Safari/534.30"
92.208.7.144 - - [23/Jan/2015:20:01:03 +0100] "GET /js/libs/modernizr-2.5.3.min.js HTTP/1.1" 200 15274 "http://www.mbingenieure.de/referenz.html" "Mozilla/5.0 (Linux; U; Android 4.3; de-de; SAMSUNG GT-I9305/I9305XXUEMKC Build/JSS15J) AppleWebKit/534.30 (KHTML, like Gecko) Version/4.0 Mobile Safari/534.30"
92.208.7.144 - - [23/Jan/2015:20:01:03 +0100] "GET /js/plugins.js HTTP/1.1" 200 898 "http://www.mbingenieure.de/referenz.html" "Mozilla/5.0 (Linux; U; Android 4.3; de-de; SAMSUNG GT-I9305/I9305XXUEMKC Build/JSS15J) AppleWebKit/534.30 (KHTML, like Gecko) Version/4.0 Mobile Safari/534.30"
92.208.7.144 - - [23/Jan/2015:20:01:03 +0100] "GET /images/footer.png HTTP/1.1" 200 1064 "http://www.mbingenieure.de/referenz.html" "Mozilla/5.0 (Linux; U; Android 4.3; de-de; SAMSUNG GT-I9305/I9305XXUEMKC Build/JSS15J) AppleWebKit/534.30 (KHTML, like Gecko) Version/4.0 Mobile Safari/534.30"
92.208.7.144 - - [23/Jan/2015:20:01:04 +0100] "GET /images/header.png HTTP/1.1" 200 1494 "http://www.mbingenieure.de/referenz.html" "Mozilla/5.0 (Linux; U; Android 4.3; de-de; SAMSUNG GT-I9305/I9305XXUEMKC Build/JSS15J) AppleWebKit/534.30 (KHTML, like Gecko) Version/4.0 Mobile Safari/534.30"
92.208.7.144 - - [23/Jan/2015:20:01:04 +0100] "GET /images/navi.png HTTP/1.1" 200 946 "http://www.mbingenieure.de/referenz.html" "Mozilla/5.0 (Linux; U; Android 4.3; de-de; SAMSUNG GT-I9305/I9305XXUEMKC Build/JSS15J) AppleWebKit/534.30 (KHTML, like Gecko) Version/4.0 Mobile Safari/534.30"
92.208.7.144 - - [23/Jan/2015:20:01:04 +0100] "GET /favicon.ico HTTP/1.1" 200 93062 "http://www.mbingenieure.de/referenz.html" "Mozilla/5.0 (Linux; U; Android 4.3; de-de; SAMSUNG GT-I9305/I9305XXUEMKC Build/JSS15J) AppleWebKit/534.30 (KHTML, like Gecko) Version/4.0 Mobile Safari/534.30"
217.151.51.35 - - [23/Jan/2015:22:28:11 +0100] "GET / HTTP/1.1" 200 4688 "-" "Mozilla/5.0 (Windows NT 5.1; rv:26.0) Gecko/20100101 Firefox/26.0"
217.151.51.35 - - [23/Jan/2015:22:28:11 +0100] "GET /css/style.css HTTP/1.1" 200 2831 "http://www.mbingenieure.de/" "Mozilla/5.0 (Windows NT 5.1; rv:26.0) Gecko/20100101 Firefox/26.0"
217.151.51.35 - - [23/Jan/2015:22:28:11 +0100] "GET /js/libs/modernizr-2.5.3.min.js HTTP/1.1" 200 15274 "http://www.mbingenieure.de/" "Mozilla/5.0 (Windows NT 5.1; rv:26.0) Gecko/20100101 Firefox/26.0"
217.151.51.35 - - [23/Jan/2015:22:28:12 +0100] "GET /js/plugins.js HTTP/1.1" 200 898 "http://www.mbingenieure.de/" "Mozilla/5.0 (Windows NT 5.1; rv:26.0) Gecko/20100101 Firefox/26.0"
217.151.51.35 - - [23/Jan/2015:22:28:12 +0100] "GET /favicon.ico HTTP/1.1" 200 93062 "-" "Mozilla/5.0 (Windows NT 5.1; rv:26.0) Gecko/20100101 Firefox/26.0"
217.151.51.35 - - [23/Jan/2015:22:28:24 +0100] "GET /impressum.html HTTP/1.1" 200 5721 "-" "Mozilla/5.0 (Windows NT 5.1; rv:26.0) Gecko/20100101 Firefox/26.0"
217.151.51.35 - - [23/Jan/2015:22:28:30 +0100] "GET /referenz.html HTTP/1.1" 200 10703 "-" "Mozilla/5.0 (Windows NT 5.1; rv:26.0) Gecko/20100101 Firefox/26.0"
217.151.51.35 - - [23/Jan/2015:22:28:37 +0100] "GET /partner.html HTTP/1.1" 200 4401 "-" "Mozilla/5.0 (Windows NT 5.1; rv:26.0) Gecko/20100101 Firefox/26.0"
217.151.51.35 - - [23/Jan/2015:22:28:44 +0100] "GET /index.html HTTP/1.1" 200 4688 "-" "Mozilla/5.0 (Windows NT 5.1; rv:26.0) Gecko/20100101 Firefox/26.0"
217.151.51.35 - - [23/Jan/2015:22:28:51 +0100] "GET /projekte.html HTTP/1.1" 200 7938 "-" "Mozilla/5.0 (Windows NT 5.1; rv:26.0) Gecko/20100101 Firefox/26.0"
217.151.51.35 - - [23/Jan/2015:22:28:58 +0100] "GET /spektrum.html HTTP/1.1" 200 4365 "-" "Mozilla/5.0 (Windows NT 5.1; rv:26.0) Gecko/20100101 Firefox/26.0"
217.151.51.35 - - [23/Jan/2015:22:29:05 +0100] "GET /uns.html HTTP/1.1" 200 4398 "-" "Mozilla/5.0 (Windows NT 5.1; rv:26.0) Gecko/20100101 Firefox/26.0"
66.249.78.91 - - [24/Jan/2015:08:44:12 +0100] "GET /robots.txt HTTP/1.1" 404 - "-" "Mozilla/5.0 (compatible; Googlebot/2.1; +http://www.google.com/bot.html)"
66.249.78.84 - - [24/Jan/2015:08:44:13 +0100] "GET / HTTP/1.1" 200 4688 "-" "Mozilla/5.0 (compatible; Googlebot/2.1; +http://www.google.com/bot.html)"
66.249.78.84 - - [24/Jan/2015:10:57:01 +0100] "GET /referenz.html HTTP/1.1" 304 - "-" "Mozilla/5.0 (compatible; Googlebot/2.1; +http://www.google.com/bot.html)"
66.249.78.84 - - [24/Jan/2015:11:53:41 +0100] "GET /impressum.html HTTP/1.1" 304 - "-" "Mozilla/5.0 (compatible; Googlebot/2.1; +http://www.google.com/bot.html)"
66.249.78.84 - - [24/Jan/2015:17:03:48 +0100] "GET / HTTP/1.1" 200 4688 "-" "Mozilla/5.0 (compatible; Googlebot/2.1; +http://www.google.com/bot.html)"
66.249.64.32 - - [24/Jan/2015:17:40:46 +0100] "GET /referenz.html HTTP/1.1" 304 - "-" "Mozilla/5.0 (compatible; Googlebot/2.1; +http://www.google.com/bot.html)"
85.199.159.180 - - [24/Jan/2015:20:03:52 +0100] "GET / HTTP/1.1" 200 4688 "-" "-"
85.199.159.180 - - [24/Jan/2015:20:03:52 +0100] "GET / HTTP/1.1" 200 4688 "-" "-"
85.199.159.180 - - [24/Jan/2015:20:03:52 +0100] "GET / HTTP/1.1" 200 4688 "-" "-"
85.199.159.180 - - [24/Jan/2015:20:03:52 +0100] "GET /impressum/ HTTP/1.1" 404 - "-" "-"
85.199.159.180 - - [24/Jan/2015:20:03:52 +0100] "GET /contact/ HTTP/1.1" 404 - "-" "-"
85.199.159.180 - - [24/Jan/2015:20:03:52 +0100] "GET /kontakt/ HTTP/1.1" 404 - "-" "-"
85.199.159.180 - - [24/Jan/2015:20:03:52 +0100] "GET /impressum.html HTTP/1.1" 200 5721 "-" "-"
85.199.159.180 - - [24/Jan/2015:20:03:53 +0100] "GET /impressum.htm HTTP/1.1" 404 - "-" "-"
85.199.159.180 - - [24/Jan/2015:20:03:53 +0100] "GET /kontakt.html HTTP/1.1" 200 4451 "-" "-"
85.199.159.180 - - [24/Jan/2015:20:03:53 +0100] "GET /kontakt.htm HTTP/1.1" 404 - "-" "-"
85.199.159.180 - - [24/Jan/2015:20:03:53 +0100] "GET /contact.html HTTP/1.1" 404 - "-" "-"
85.199.159.180 - - [24/Jan/2015:20:03:53 +0100] "GET /contact.htm HTTP/1.1" 404 - "-" "-"
68.180.228.242 - - [24/Jan/2015:21:37:33 +0100] "GET /robots.txt HTTP/1.1" 404 - "-" "Mozilla/5.0 (compatible; Yahoo! Slurp; http://help.yahoo.com/help/us/ysearch/slurp)"
68.180.228.242 - - [24/Jan/2015:21:37:34 +0100] "GET /kontakt.html HTTP/1.1" 200 4451 "-" "Mozilla/5.0 (compatible; Yahoo! Slurp; http://help.yahoo.com/help/us/ysearch/slurp)"
68.180.228.242 - - [24/Jan/2015:21:38:08 +0100] "GET /uns.html HTTP/1.1" 200 4398 "-" "Mozilla/5.0 (compatible; Yahoo! Slurp; http://help.yahoo.com/help/us/ysearch/slurp)"
68.180.228.242 - - [24/Jan/2015:21:39:11 +0100] "GET /partner.html HTTP/1.1" 200 4401 "-" "Mozilla/5.0 (compatible; Yahoo! Slurp; http://help.yahoo.com/help/us/ysearch/slurp)"
68.180.228.242 - - [24/Jan/2015:21:40:01 +0100] "GET /impressum.html HTTP/1.1" 200 5721 "-" "Mozilla/5.0 (compatible; Yahoo! Slurp; http://help.yahoo.com/help/us/ysearch/slurp)"
68.180.228.242 - - [24/Jan/2015:21:40:42 +0100] "GET /referenz.html HTTP/1.1" 200 10703 "-" "Mozilla/5.0 (compatible; Yahoo! Slurp; http://help.yahoo.com/help/us/ysearch/slurp)"
68.180.228.242 - - [24/Jan/2015:21:43:52 +0100] "GET /spektrum.html HTTP/1.1" 200 4365 "-" "Mozilla/5.0 (compatible; Yahoo! Slurp; http://help.yahoo.com/help/us/ysearch/slurp)"
81.169.245.211 - - [25/Jan/2015:00:51:29 +0100] "GET / HTTP/1.1" 200 4688 "-" "Cliqzbot/0.1 (+http://cliqz.com/company/cliqzbot)"
68.180.228.242 - - [25/Jan/2015:02:50:16 +0100] "GET /index.html HTTP/1.1" 200 4688 "-" "Mozilla/5.0 (compatible; Yahoo! Slurp; http://help.yahoo.com/help/us/ysearch/slurp)"
188.165.15.85 - - [25/Jan/2015:08:05:55 +0100] "GET /partner.html HTTP/1.1" 200 4401 "-" "Mozilla/5.0 (compatible; AhrefsBot/5.0; +http://ahrefs.com/robot/)"
46.229.170.197 - - [25/Jan/2015:08:52:53 +0100] "GET / HTTP/1.1" 200 4688 "-" "Mozilla/5.0 (X11; U; Linux x86_64; en-US; rv:1.9.2.8) Gecko/20100804 Gentoo Firefox/3.6.8"
141.8.147.12 - - [25/Jan/2015:13:38:46 +0100] "GET /robots.txt HTTP/1.1" 404 - "-" "Mozilla/5.0 (compatible; YandexBot/3.0; +http://yandex.com/bots)"
157.55.39.48 - - [25/Jan/2015:16:29:44 +0100] "GET /robots.txt HTTP/1.1" 404 - "-" "Mozilla/5.0 (compatible; bingbot/2.0; +http://www.bing.com/bingbot.htm)"
157.55.39.47 - - [25/Jan/2015:16:30:00 +0100] "GET /uns.html HTTP/1.1" 200 4398 "-" "Mozilla/5.0 (compatible; bingbot/2.0; +http://www.bing.com/bingbot.htm)"
157.55.39.48 - - [25/Jan/2015:16:30:04 +0100] "GET /robots.txt HTTP/1.1" 404 - "-" "Mozilla/5.0 (compatible; bingbot/2.0; +http://www.bing.com/bingbot.htm)"
157.55.39.39 - - [25/Jan/2015:16:30:18 +0100] "GET /css/style.css HTTP/1.1" 200 2831 "-" "Mozilla/5.0 (compatible; bingbot/2.0; +http://www.bing.com/bingbot.htm)"
157.55.39.39 - - [25/Jan/2015:16:30:18 +0100] "GET /js/plugins.js HTTP/1.1" 200 898 "-" "Mozilla/5.0 (compatible; bingbot/2.0; +http://www.bing.com/bingbot.htm)"
157.55.39.34 - - [25/Jan/2015:16:30:42 +0100] "GET /js/libs/modernizr-2.5.3.min.js HTTP/1.1" 200 15274 "-" "Mozilla/5.0 (compatible; bingbot/2.0; +http://www.bing.com/bingbot.htm)"
141.8.147.12 - - [25/Jan/2015:16:56:34 +0100] "GET /index.html HTTP/1.1" 200 4688 "-" "Mozilla/5.0 (compatible; YandexBot/3.0; +http://yandex.com/bots)"
199.30.25.13 - - [25/Jan/2015:17:31:16 +0100] "GET /images/header.png HTTP/1.1" 200 1494 "http://www.mbingenieure.de/uns.html" "Mozilla/5.0 (Windows NT 6.1; WOW64) AppleWebKit/534+ (KHTML, like Gecko) BingPreview/1.0b"
199.30.25.13 - - [25/Jan/2015:17:31:16 +0100] "GET /images/navi.png HTTP/1.1" 200 946 "http://www.mbingenieure.de/uns.html" "Mozilla/5.0 (Windows NT 6.1; WOW64) AppleWebKit/534+ (KHTML, like Gecko) BingPreview/1.0b"
199.30.25.13 - - [25/Jan/2015:17:31:16 +0100] "GET /images/footer.png HTTP/1.1" 200 1064 "http://www.mbingenieure.de/uns.html" "Mozilla/5.0 (Windows NT 6.1; WOW64) AppleWebKit/534+ (KHTML, like Gecko) BingPreview/1.0b"
141.8.147.12 - - [25/Jan/2015:17:53:11 +0100] "GET / HTTP/1.1" 200 4688 "-" "Mozilla/5.0 (compatible; YandexBot/3.0; +http://yandex.com/bots)"
217.255.110.190 - - [25/Jan/2015:18:36:21 +0100] "GET /impressum.html HTTP/1.1" 200 5721 "-" "Mozilla/5.0 (Windows NT 6.1; WOW64) AppleWebKit/537.36 (KHTML, like Gecko) Chrome/39.0.2171.95 Safari/537.36"
217.255.110.190 - - [25/Jan/2015:18:36:21 +0100] "GET /css/style.css HTTP/1.1" 200 2831 "http://www.mbingenieure.de/impressum.html" "Mozilla/5.0 (Windows NT 6.1; WOW64) AppleWebKit/537.36 (KHTML, like Gecko) Chrome/39.0.2171.95 Safari/537.36"
217.255.110.190 - - [25/Jan/2015:18:36:21 +0100] "GET /js/libs/modernizr-2.5.3.min.js HTTP/1.1" 200 15274 "http://www.mbingenieure.de/impressum.html" "Mozilla/5.0 (Windows NT 6.1; WOW64) AppleWebKit/537.36 (KHTML, like Gecko) Chrome/39.0.2171.95 Safari/537.36"
217.255.110.190 - - [25/Jan/2015:18:36:21 +0100] "GET /js/plugins.js HTTP/1.1" 200 898 "http://www.mbingenieure.de/impressum.html" "Mozilla/5.0 (Windows NT 6.1; WOW64) AppleWebKit/537.36 (KHTML, like Gecko) Chrome/39.0.2171.95 Safari/537.36"
217.255.110.190 - - [25/Jan/2015:18:36:21 +0100] "GET /images/footer.png HTTP/1.1" 200 1064 "http://www.mbingenieure.de/css/style.css" "Mozilla/5.0 (Windows NT 6.1; WOW64) AppleWebKit/537.36 (KHTML, like Gecko) Chrome/39.0.2171.95 Safari/537.36"
217.255.110.190 - - [25/Jan/2015:18:36:21 +0100] "GET /images/header.png HTTP/1.1" 200 1494 "http://www.mbingenieure.de/css/style.css" "Mozilla/5.0 (Windows NT 6.1; WOW64) AppleWebKit/537.36 (KHTML, like Gecko) Chrome/39.0.2171.95 Safari/537.36"
217.255.110.190 - - [25/Jan/2015:18:36:21 +0100] "GET /images/navi.png HTTP/1.1" 200 946 "http://www.mbingenieure.de/css/style.css" "Mozilla/5.0 (Windows NT 6.1; WOW64) AppleWebKit/537.36 (KHTML, like Gecko) Chrome/39.0.2171.95 Safari/537.36"
217.255.110.190 - - [25/Jan/2015:18:36:22 +0100] "GET /favicon.ico HTTP/1.1" 200 93062 "-" "Mozilla/5.0 (Windows NT 6.1; WOW64) AppleWebKit/537.36 (KHTML, like Gecko) Chrome/39.0.2171.95 Safari/537.36"
217.255.110.190 - - [25/Jan/2015:18:36:25 +0100] "GET /uns.html HTTP/1.1" 200 4398 "http://www.mbingenieure.de/impressum.html" "Mozilla/5.0 (Windows NT 6.1; WOW64) AppleWebKit/537.36 (KHTML, like Gecko) Chrome/39.0.2171.95 Safari/537.36"
66.249.78.84 - - [25/Jan/2015:23:16:50 +0100] "GET /robots.txt HTTP/1.1" 404 - "-" "Mozilla/5.0 (compatible; Googlebot/2.1; +http://www.google.com/bot.html)"
66.249.78.84 - - [25/Jan/2015:23:16:51 +0100] "GET / HTTP/1.1" 200 4688 "-" "Mozilla/5.0 (iPhone; CPU iPhone OS 6_0 like Mac OS X) AppleWebKit/536.26 (KHTML, like Gecko) Version/6.0 Mobile/10A5376e Safari/8536.25 (compatible; Googlebot/2.1; +http://www.google.com/bot.html)"
157.55.39.34 - - [26/Jan/2015:01:26:14 +0100] "GET /spektrum.html HTTP/1.1" 304 - "-" "Mozilla/5.0 (compatible; bingbot/2.0; +http://www.bing.com/bingbot.htm)"
66.249.78.77 - - [26/Jan/2015:05:19:20 +0100] "GET /spektrum.html HTTP/1.1" 200 4365 "-" "SAMSUNG-SGH-E250/1.0 Profile/MIDP-2.0 Configuration/CLDC-1.1 UP.Browser/6.2.3.3.c.1.101 (GUI) MMP/2.0 (compatible; Googlebot-Mobile/2.1; +http://www.google.com/bot.html)"
173.208.177.59 - - [26/Jan/2015:14:49:59 +0100] "HEAD /administrator/index.php HTTP/1.1" 404 - "-" "-"
77.75.77.17 - - [26/Jan/2015:16:35:00 +0100] "GET /robots.txt HTTP/1.1" 404 - "-" "Mozilla/5.0 (compatible; SeznamBot/3.2; +http://fulltext.sblog.cz/)"
77.75.77.17 - - [26/Jan/2015:16:35:00 +0100] "GET /images/bild1.png HTTP/1.1" 200 16301 "-" "Mozilla/5.0 (compatible; SeznamBot/3.2; +http://fulltext.sblog.cz/)"
77.75.77.17 - - [26/Jan/2015:16:35:04 +0100] "GET /images/logo.png HTTP/1.1" 200 16467 "-" "Mozilla/5.0 (compatible; SeznamBot/3.2; +http://fulltext.sblog.cz/)"
77.75.77.17 - - [26/Jan/2015:16:35:08 +0100] "GET / HTTP/1.1" 304 - "-" "Mozilla/5.0 (compatible; SeznamBot/3.2; +http://fulltext.sblog.cz/)"
77.75.77.17 - - [26/Jan/2015:16:35:14 +0100] "GET /images/bild2.png HTTP/1.1" 200 68475 "-" "Mozilla/5.0 (compatible; SeznamBot/3.2; +http://fulltext.sblog.cz/)"
141.8.147.12 - - [26/Jan/2015:16:55:58 +0100] "GET /robots.txt HTTP/1.1" 404 - "-" "Mozilla/5.0 (compatible; YandexBot/3.0; +http://yandex.com/bots)"
141.8.147.12 - - [26/Jan/2015:19:20:24 +0100] "GET /images/0541a.png HTTP/1.1" 304 - "-" "Mozilla/5.0 (compatible; YandexBot/3.0; +http://yandex.com/bots)"
72.46.136.178 - - [26/Jan/2015:20:29:41 +0100] "GET / HTTP/1.1" 200 4688 "-" "Mozilla/4.0 (compatible; MSIE 6.0; Windows NT 5.1; SV1; Mozilla/4.0 (compatible; MSIE 6.0; Windows NT 5.1; SV1) ; .NET CLR 2.0.50727 ; .NET CLR 4.0.30319)"
141.8.147.12 - - [27/Jan/2015:02:19:34 +0100] "GET / HTTP/1.1" 200 4688 "-" "Mozilla/5.0 (compatible; YandexBot/3.0; +http://yandex.com/bots)"
93.92.217.228 - - [27/Jan/2015:02:37:34 +0100] "GET / HTTP/1.1" 200 4688 "-" "Mozilla/4.0 (compatible; MSIE 8.0; Windows NT 6.1)"
141.8.147.12 - - [27/Jan/2015:09:04:08 +0100] "GET /robots.txt HTTP/1.1" 404 - "-" "Mozilla/5.0 (compatible; YandexBot/3.0; +http://yandex.com/bots)"
93.92.217.228 - - [27/Jan/2015:09:04:16 +0100] "GET / HTTP/1.1" 200 4688 "-" "Mozilla/4.0 (compatible; MSIE 8.0; Windows NT 6.1)"
46.118.113.31 - - [27/Jan/2015:09:36:32 +0100] "POST / HTTP/1.1" 200 4688 "-" "Mozilla/5.0 (Windows NT 5.1; rv:33.0) Gecko/20100101 Firefox/33.0"
141.45.203.211 - - [27/Jan/2015:10:30:47 +0100] "GET / HTTP/1.1" 200 4688 "https://www.google.de/" "Mozilla/5.0 (Windows NT 6.1; WOW64) AppleWebKit/537.36 (KHTML, like Gecko) Chrome/40.0.2214.93 Safari/537.36"
141.45.203.211 - - [27/Jan/2015:10:30:47 +0100] "GET /css/style.css HTTP/1.1" 200 2831 "http://www.mbingenieure.de/" "Mozilla/5.0 (Windows NT 6.1; WOW64) AppleWebKit/537.36 (KHTML, like Gecko) Chrome/40.0.2214.93 Safari/537.36"
141.45.203.211 - - [27/Jan/2015:10:30:47 +0100] "GET /js/libs/modernizr-2.5.3.min.js HTTP/1.1" 200 15274 "http://www.mbingenieure.de/" "Mozilla/5.0 (Windows NT 6.1; WOW64) AppleWebKit/537.36 (KHTML, like Gecko) Chrome/40.0.2214.93 Safari/537.36"
141.45.203.211 - - [27/Jan/2015:10:30:47 +0100] "GET /images/logo.png HTTP/1.1" 200 16467 "http://www.mbingenieure.de/" "Mozilla/5.0 (Windows NT 6.1; WOW64) AppleWebKit/537.36 (KHTML, like Gecko) Chrome/40.0.2214.93 Safari/537.36"
141.45.203.211 - - [27/Jan/2015:10:30:47 +0100] "GET /images/bild1.png HTTP/1.1" 200 16301 "http://www.mbingenieure.de/" "Mozilla/5.0 (Windows NT 6.1; WOW64) AppleWebKit/537.36 (KHTML, like Gecko) Chrome/40.0.2214.93 Safari/537.36"
141.45.203.211 - - [27/Jan/2015:10:30:47 +0100] "GET /js/plugins.js HTTP/1.1" 200 898 "http://www.mbingenieure.de/" "Mozilla/5.0 (Windows NT 6.1; WOW64) AppleWebKit/537.36 (KHTML, like Gecko) Chrome/40.0.2214.93 Safari/537.36"
141.45.203.211 - - [27/Jan/2015:10:30:47 +0100] "GET /images/footer.png HTTP/1.1" 200 1064 "http://www.mbingenieure.de/css/style.css" "Mozilla/5.0 (Windows NT 6.1; WOW64) AppleWebKit/537.36 (KHTML, like Gecko) Chrome/40.0.2214.93 Safari/537.36"
141.45.203.211 - - [27/Jan/2015:10:30:47 +0100] "GET /images/header.png HTTP/1.1" 200 1494 "http://www.mbingenieure.de/css/style.css" "Mozilla/5.0 (Windows NT 6.1; WOW64) AppleWebKit/537.36 (KHTML, like Gecko) Chrome/40.0.2214.93 Safari/537.36"
