98.126.22.114 - - [01/Jan/2015:08:51:38 +0100] "GET /Fckeditor/editor/filemanager/browser/default/connectors/test.html HTTP/1.1" 404 - "-" "Mozilla/4.0 (compatible; Win32; WinHttp.WinHttpRequest.5)"
98.126.22.114 - - [01/Jan/2015:08:51:38 +0100] "GET /admin/fckeditor/editor/filemanager/browser/default/connectors/test.html HTTP/1.1" 404 - "-" "Mozilla/4.0 (compatible; Win32; WinHttp.WinHttpRequest.5)"
98.126.22.114 - - [01/Jan/2015:08:51:39 +0100] "GET /editor/editor/filemanager/browser/default/connectors/test.html HTTP/1.1" 404 - "-" "Mozilla/4.0 (compatible; Win32; WinHttp.WinHttpRequest.5)"
98.126.22.114 - - [01/Jan/2015:08:51:39 +0100] "GET /FCKeditor/editor/filemanager/connectors/uploadtest.html HTTP/1.1" 404 - "-" "Mozilla/4.0 (compatible; Win32; WinHttp.WinHttpRequest.5)"
98.126.22.114 - - [01/Jan/2015:08:51:39 +0100] "GET /admin/fckeditor/editor/filemanager/browser/default/connectors/uploadtest.html HTTP/1.1" 404 - "-" "Mozilla/4.0 (compatible; Win32; WinHttp.WinHttpRequest.5)"
98.126.22.114 - - [01/Jan/2015:08:51:39 +0100] "GET /editor/editor/filemanager/browser/default/connectors/uploadtest.html HTTP/1.1" 404 - "-" "Mozilla/4.0 (compatible; Win32; WinHttp.WinHttpRequest.5)"
98.126.22.114 - - [01/Jan/2015:08:51:40 +0100] "GET /Administrator/fckeditor/editor/filemanager/browser/default/connectors/test.html HTTP/1.1" 404 - "-" "Mozilla/4.0 (compatible; Win32; WinHttp.WinHttpRequest.5)"
98.126.22.114 - - [01/Jan/2015:08:51:40 +0100] "GET /Administrator/fckeditor/editor/filemanager/browser/default/connectors/uploadtest.html HTTP/1.1" 404 - "-" "Mozilla/4.0 (compatible; Win32; WinHttp.WinHttpRequest.5)"
141.8.147.12 - - [01/Jan/2015:13:01:24 +0100] "GET /robots.txt HTTP/1.1" 404 - "-" "Mozilla/5.0 (compatible; YandexBot/3.0; +http://yandex.com/bots)"
178.255.215.70 - - [01/Jan/2015:13:12:43 +0100] "GET /robots.txt HTTP/1.1" 404 - "-" "Mozilla/5.0 (compatible; Exabot/3.0; +http://www.exabot.com/go/robot)"
178.255.215.70 - - [01/Jan/2015:13:12:43 +0100] "GET /impressum.html HTTP/1.1" 304 - "-" "Mozilla/5.0 (compatible; Exabot/3.0; +http://www.exabot.com/go/robot)"
157.55.39.120 - - [01/Jan/2015:16:26:57 +0100] "GET /referenz.html HTTP/1.1" 200 10703 "-" "Mozilla/5.0 (compatible; bingbot/2.0; +http://www.bing.com/bingbot.htm)"
141.8.147.12 - - [01/Jan/2015:16:55:47 +0100] "GET / HTTP/1.1" 200 4688 "-" "Mozilla/5.0 (compatible; YandexBot/3.0; +http://yandex.com/bots)"
144.76.42.76 - - [01/Jan/2015:18:47:54 +0100] "GET / HTTP/1.1" 200 4688 "-" "Mozilla/5.0 (Macintosh; Intel Mac OS X 10_8_2) AppleWebKit/537.17 (KHTML, like Gecko) Chrome/24.0.1312.52 Safari/537.17"
144.76.42.76 - - [01/Jan/2015:18:47:54 +0100] "GET /uns.html HTTP/1.1" 200 4398 "-" "Mozilla/5.0 (Macintosh; Intel Mac OS X 10_8_2) AppleWebKit/537.17 (KHTML, like Gecko) Chrome/24.0.1312.52 Safari/537.17"
144.76.42.76 - - [01/Jan/2015:18:47:54 +0100] "GET /spektrum.html HTTP/1.1" 200 4365 "-" "Mozilla/5.0 (Macintosh; Intel Mac OS X 10_8_2) AppleWebKit/537.17 (KHTML, like Gecko) Chrome/24.0.1312.52 Safari/537.17"
144.76.42.76 - - [01/Jan/2015:18:47:54 +0100] "GET / HTTP/1.1" 200 4688 "-" "Mozilla/5.0 (Macintosh; Intel Mac OS X 10_8_2) AppleWebKit/537.17 (KHTML, like Gecko) Chrome/24.0.1312.52 Safari/537.17"
144.76.42.76 - - [01/Jan/2015:18:47:54 +0100] "GET /uns.html HTTP/1.1" 200 4398 "-" "Mozilla/5.0 (Macintosh; Intel Mac OS X 10_8_2) AppleWebKit/537.17 (KHTML, like Gecko) Chrome/24.0.1312.52 Safari/537.17"
144.76.42.76 - - [01/Jan/2015:18:47:54 +0100] "GET /spektrum.html HTTP/1.1" 200 4365 "-" "Mozilla/5.0 (Macintosh; Intel Mac OS X 10_8_2) AppleWebKit/537.17 (KHTML, like Gecko) Chrome/24.0.1312.52 Safari/537.17"
72.46.136.178 - - [01/Jan/2015:19:59:27 +0100] "GET / HTTP/1.1" 200 4688 "-" "Mozilla/4.0 (compatible; MSIE 6.0; Windows NT 5.1; SV1; Mozilla/4.0 (compatible; MSIE 6.0; Windows NT 5.1; SV1) ; .NET CLR 1.0.3705)"
66.249.78.91 - - [01/Jan/2015:22:27:16 +0100] "GET /robots.txt HTTP/1.1" 404 - "-" "Mozilla/5.0 (compatible; Googlebot/2.1; +http://www.google.com/bot.html)"
66.249.78.84 - - [01/Jan/2015:22:27:16 +0100] "GET / HTTP/1.1" 200 4688 "-" "Mozilla/5.0 (iPhone; CPU iPhone OS 6_0 like Mac OS X) AppleWebKit/536.26 (KHTML, like Gecko) Version/6.0 Mobile/10A5376e Safari/8536.25 (compatible; Googlebot/2.1; +http://www.google.com/bot.html)"
66.249.78.84 - - [01/Jan/2015:22:33:17 +0100] "GET /css/style.css HTTP/1.1" 200 2831 "-" "Mozilla/5.0 (compatible; Googlebot/2.1; +http://www.google.com/bot.html)"
157.55.39.120 - - [02/Jan/2015:08:05:10 +0100] "GET /robots.txt HTTP/1.1" 404 - "-" "Mozilla/5.0 (compatible; bingbot/2.0; +http://www.bing.com/bingbot.htm)"
157.55.39.120 - - [02/Jan/2015:08:07:48 +0100] "GET /index.html HTTP/1.1" 200 4688 "-" "Mozilla/5.0 (compatible; bingbot/2.0; +http://www.bing.com/bingbot.htm)"
157.55.39.120 - - [02/Jan/2015:08:07:48 +0100] "GET /uns.html HTTP/1.1" 200 4398 "-" "Mozilla/5.0 (compatible; bingbot/2.0; +http://www.bing.com/bingbot.htm)"
157.55.39.120 - - [02/Jan/2015:08:07:49 +0100] "GET /impressum.html HTTP/1.1" 200 5721 "-" "Mozilla/5.0 (compatible; bingbot/2.0; +http://www.bing.com/bingbot.htm)"
157.55.39.120 - - [02/Jan/2015:08:07:49 +0100] "GET /referenz.html HTTP/1.1" 200 10703 "-" "Mozilla/5.0 (compatible; bingbot/2.0; +http://www.bing.com/bingbot.htm)"
207.46.13.82 - - [02/Jan/2015:08:10:16 +0100] "GET /projekte.html HTTP/1.1" 200 7938 "-" "Mozilla/5.0 (compatible; bingbot/2.0; +http://www.bing.com/bingbot.htm)"
207.46.13.82 - - [02/Jan/2015:08:10:17 +0100] "GET /kontakt.html HTTP/1.1" 200 4451 "-" "Mozilla/5.0 (compatible; bingbot/2.0; +http://www.bing.com/bingbot.htm)"
207.46.13.82 - - [02/Jan/2015:08:10:17 +0100] "GET / HTTP/1.1" 200 4688 "-" "Mozilla/5.0 (compatible; bingbot/2.0; +http://www.bing.com/bingbot.htm)"
207.46.13.82 - - [02/Jan/2015:08:10:17 +0100] "GET /partner.html HTTP/1.1" 200 4401 "-" "Mozilla/5.0 (compatible; bingbot/2.0; +http://www.bing.com/bingbot.htm)"
207.46.13.82 - - [02/Jan/2015:08:10:17 +0100] "GET /spektrum.html HTTP/1.1" 200 4365 "-" "Mozilla/5.0 (compatible; bingbot/2.0; +http://www.bing.com/bingbot.htm)"
157.55.39.120 - - [02/Jan/2015:10:15:50 +0100] "GET /impressum.html HTTP/1.1" 200 5721 "-" "Mozilla/5.0 (compatible; bingbot/2.0; +http://www.bing.com/bingbot.htm)"
157.55.39.120 - - [02/Jan/2015:10:16:07 +0100] "GET /robots.txt HTTP/1.1" 404 - "-" "Mozilla/5.0 (compatible; bingbot/2.0; +http://www.bing.com/bingbot.htm)"
157.55.39.120 - - [02/Jan/2015:10:16:07 +0100] "GET /robots.txt HTTP/1.1" 404 - "-" "Mozilla/5.0 (compatible; bingbot/2.0; +http://www.bing.com/bingbot.htm)"
157.55.39.120 - - [02/Jan/2015:10:16:07 +0100] "GET /robots.txt HTTP/1.1" 404 - "-" "Mozilla/5.0 (compatible; bingbot/2.0; +http://www.bing.com/bingbot.htm)"
157.55.39.120 - - [02/Jan/2015:10:16:07 +0100] "GET /robots.txt HTTP/1.1" 404 - "-" "Mozilla/5.0 (compatible; bingbot/2.0; +http://www.bing.com/bingbot.htm)"
207.46.13.82 - - [02/Jan/2015:10:16:15 +0100] "GET /js/libs/modernizr-2.5.3.min.js HTTP/1.1" 200 15274 "-" "Mozilla/5.0 (compatible; bingbot/2.0; +http://www.bing.com/bingbot.htm)"
207.46.13.70 - - [02/Jan/2015:10:20:51 +0100] "GET /css/style.css HTTP/1.1" 200 2831 "-" "Mozilla/5.0 (compatible; bingbot/2.0; +http://www.bing.com/bingbot.htm)"
207.46.13.70 - - [02/Jan/2015:10:20:51 +0100] "GET /js/plugins.js HTTP/1.1" 200 898 "-" "Mozilla/5.0 (compatible; bingbot/2.0; +http://www.bing.com/bingbot.htm)"
85.25.202.18 - - [02/Jan/2015:10:38:31 +0100] "GET / HTTP/1.0" 200 4688 "-" "-"
85.25.202.18 - - [02/Jan/2015:10:38:31 +0100] "GET / HTTP/1.0" 200 4688 "-" "Mozilla/5.0 (Windows NT 6.1; WOW64; rv:19.0) Gecko/20100101 Firefox/19.0"
85.25.202.18 - - [02/Jan/2015:10:38:31 +0100] "GET / HTTP/1.0" 200 4688 "-" "-"
207.46.13.70 - - [02/Jan/2015:11:17:05 +0100] "GET /css/style.css HTTP/1.1" 200 2831 "-" "Mozilla/5.0 (compatible; bingbot/2.0; +http://www.bing.com/bingbot.htm)"
207.46.13.70 - - [02/Jan/2015:11:17:06 +0100] "GET /js/plugins.js HTTP/1.1" 200 898 "-" "Mozilla/5.0 (compatible; bingbot/2.0; +http://www.bing.com/bingbot.htm)"
91.22.158.115 - - [02/Jan/2015:18:15:13 +0100] "GET / HTTP/1.1" 200 4688 "-" "Mozilla/5.0 (Windows NT 6.1; WOW64; rv:34.0) Gecko/20100101 Firefox/34.0"
91.22.158.115 - - [02/Jan/2015:18:15:13 +0100] "GET /css/style.css HTTP/1.1" 200 2831 "http://www.mbingenieure.de/" "Mozilla/5.0 (Windows NT 6.1; WOW64; rv:34.0) Gecko/20100101 Firefox/34.0"
91.22.158.115 - - [02/Jan/2015:18:15:13 +0100] "GET /js/libs/modernizr-2.5.3.min.js HTTP/1.1" 200 15274 "http://www.mbingenieure.de/" "Mozilla/5.0 (Windows NT 6.1; WOW64; rv:34.0) Gecko/20100101 Firefox/34.0"
91.22.158.115 - - [02/Jan/2015:18:15:13 +0100] "GET /js/plugins.js HTTP/1.1" 200 898 "http://www.mbingenieure.de/" "Mozilla/5.0 (Windows NT 6.1; WOW64; rv:34.0) Gecko/20100101 Firefox/34.0"
91.22.158.115 - - [02/Jan/2015:18:15:14 +0100] "GET /images/logo.png HTTP/1.1" 200 16467 "http://www.mbingenieure.de/" "Mozilla/5.0 (Windows NT 6.1; WOW64; rv:34.0) Gecko/20100101 Firefox/34.0"
91.22.158.115 - - [02/Jan/2015:18:15:14 +0100] "GET /images/bild1.png HTTP/1.1" 200 16301 "http://www.mbingenieure.de/" "Mozilla/5.0 (Windows NT 6.1; WOW64; rv:34.0) Gecko/20100101 Firefox/34.0"
91.22.158.115 - - [02/Jan/2015:18:15:14 +0100] "GET /images/footer.png HTTP/1.1" 200 1064 "http://www.mbingenieure.de/css/style.css" "Mozilla/5.0 (Windows NT 6.1; WOW64; rv:34.0) Gecko/20100101 Firefox/34.0"
91.22.158.115 - - [02/Jan/2015:18:15:14 +0100] "GET /images/header.png HTTP/1.1" 200 1494 "http://www.mbingenieure.de/css/style.css" "Mozilla/5.0 (Windows NT 6.1; WOW64; rv:34.0) Gecko/20100101 Firefox/34.0"
91.22.158.115 - - [02/Jan/2015:18:15:14 +0100] "GET /images/navi.png HTTP/1.1" 200 946 "http://www.mbingenieure.de/css/style.css" "Mozilla/5.0 (Windows NT 6.1; WOW64; rv:34.0) Gecko/20100101 Firefox/34.0"
91.22.158.115 - - [02/Jan/2015:18:15:14 +0100] "GET /images/bild2.png HTTP/1.1" 200 68475 "http://www.mbingenieure.de/" "Mozilla/5.0 (Windows NT 6.1; WOW64; rv:34.0) Gecko/20100101 Firefox/34.0"
91.22.158.115 - - [02/Jan/2015:18:15:14 +0100] "GET /images/bild4.png HTTP/1.1" 200 65856 "http://www.mbingenieure.de/" "Mozilla/5.0 (Windows NT 6.1; WOW64; rv:34.0) Gecko/20100101 Firefox/34.0"
91.22.158.115 - - [02/Jan/2015:18:15:14 +0100] "GET /favicon.ico HTTP/1.1" 200 93062 "-" "Mozilla/5.0 (Windows NT 6.1; WOW64; rv:34.0) Gecko/20100101 Firefox/34.0"
91.22.158.115 - - [02/Jan/2015:18:15:20 +0100] "GET /spektrum.html HTTP/1.1" 200 4365 "http://www.mbingenieure.de/" "Mozilla/5.0 (Windows NT 6.1; WOW64; rv:34.0) Gecko/20100101 Firefox/34.0"
157.55.39.120 - - [02/Jan/2015:19:08:13 +0100] "GET /robots.txt HTTP/1.1" 404 - "-" "Mozilla/5.0 (compatible; bingbot/2.0; +http://www.bing.com/bingbot.htm)"
157.55.39.120 - - [02/Jan/2015:19:08:17 +0100] "GET /index.html HTTP/1.1" 200 4688 "-" "Mozilla/5.0 (compatible; bingbot/2.0; +http://www.bing.com/bingbot.htm)"
207.46.13.70 - - [02/Jan/2015:19:08:34 +0100] "GET /images/footer.png HTTP/1.1" 200 1064 "-" "Mozilla/5.0 (compatible; bingbot/2.0; +http://www.bing.com/bingbot.htm)"
207.46.13.70 - - [02/Jan/2015:19:08:34 +0100] "GET /images/header.png HTTP/1.1" 200 1494 "-" "Mozilla/5.0 (compatible; bingbot/2.0; +http://www.bing.com/bingbot.htm)"
157.55.39.120 - - [02/Jan/2015:19:08:45 +0100] "GET /images/bild1.png HTTP/1.1" 200 16301 "-" "Mozilla/5.0 (compatible; bingbot/2.0; +http://www.bing.com/bingbot.htm)"
157.55.39.120 - - [02/Jan/2015:19:08:46 +0100] "GET /images/logo.png HTTP/1.1" 200 16467 "-" "Mozilla/5.0 (compatible; bingbot/2.0; +http://www.bing.com/bingbot.htm)"
157.55.39.120 - - [02/Jan/2015:19:08:47 +0100] "GET /images/navi.png HTTP/1.1" 200 946 "-" "Mozilla/5.0 (compatible; bingbot/2.0; +http://www.bing.com/bingbot.htm)"
207.46.13.82 - - [02/Jan/2015:19:10:10 +0100] "GET /images/bild2.png HTTP/1.1" 200 68475 "-" "Mozilla/5.0 (compatible; bingbot/2.0; +http://www.bing.com/bingbot.htm)"
207.46.13.82 - - [02/Jan/2015:19:10:15 +0100] "GET /images/bild4.png HTTP/1.1" 200 65856 "-" "Mozilla/5.0 (compatible; bingbot/2.0; +http://www.bing.com/bingbot.htm)"
54.93.48.246 - - [02/Jan/2015:19:58:24 +0100] "GET /partner.html HTTP/1.1" 200 4401 "-" "Mozilla/5.0 (Windows NT 6.1; WOW64; rv:6.0a2) Gecko/20110613 Firefox/6.0a2"
217.95.24.126 - - [02/Jan/2015:20:49:31 +0100] "GET / HTTP/1.1" 200 4688 "http://www.google.de/url?sa=t&rct=j&q=&esrc=s&source=web&cd=1&ved=0CCQQFjAA&url=http%3A%2F%2Fwww.mbingenieure.de%2F&ei=BPamVObVDMb2O7bCgfgF&usg=AFQjCNEyLqXMZj9hDUfmjIo04GBdDmaXCQ&sig2=o5oYc2iNBZBE8g1O33pwFQ&bvm=bv.82001339,d.ZWU" "Mozilla/5.0 (Windows NT 6.1; WOW64; rv:34.0) Gecko/20100101 Firefox/34.0"
217.95.24.126 - - [02/Jan/2015:20:49:32 +0100] "GET /js/libs/modernizr-2.5.3.min.js HTTP/1.1" 200 15274 "http://www.mbingenieure.de/" "Mozilla/5.0 (Windows NT 6.1; WOW64; rv:34.0) Gecko/20100101 Firefox/34.0"
217.95.24.126 - - [02/Jan/2015:20:49:32 +0100] "GET /css/style.css HTTP/1.1" 200 2831 "http://www.mbingenieure.de/" "Mozilla/5.0 (Windows NT 6.1; WOW64; rv:34.0) Gecko/20100101 Firefox/34.0"
217.95.24.126 - - [02/Jan/2015:20:49:32 +0100] "GET /js/plugins.js HTTP/1.1" 200 898 "http://www.mbingenieure.de/" "Mozilla/5.0 (Windows NT 6.1; WOW64; rv:34.0) Gecko/20100101 Firefox/34.0"
217.95.24.126 - - [02/Jan/2015:20:49:32 +0100] "GET /images/logo.png HTTP/1.1" 200 16467 "http://www.mbingenieure.de/" "Mozilla/5.0 (Windows NT 6.1; WOW64; rv:34.0) Gecko/20100101 Firefox/34.0"
217.95.24.126 - - [02/Jan/2015:20:49:32 +0100] "GET /images/bild1.png HTTP/1.1" 200 16301 "http://www.mbingenieure.de/" "Mozilla/5.0 (Windows NT 6.1; WOW64; rv:34.0) Gecko/20100101 Firefox/34.0"
217.95.24.126 - - [02/Jan/2015:20:49:32 +0100] "GET /images/bild2.png HTTP/1.1" 200 68475 "http://www.mbingenieure.de/" "Mozilla/5.0 (Windows NT 6.1; WOW64; rv:34.0) Gecko/20100101 Firefox/34.0"
217.95.24.126 - - [02/Jan/2015:20:49:32 +0100] "GET /images/header.png HTTP/1.1" 200 1494 "http://www.mbingenieure.de/css/style.css" "Mozilla/5.0 (Windows NT 6.1; WOW64; rv:34.0) Gecko/20100101 Firefox/34.0"
217.95.24.126 - - [02/Jan/2015:20:49:32 +0100] "GET /images/footer.png HTTP/1.1" 200 1064 "http://www.mbingenieure.de/css/style.css" "Mozilla/5.0 (Windows NT 6.1; WOW64; rv:34.0) Gecko/20100101 Firefox/34.0"
217.95.24.126 - - [02/Jan/2015:20:49:32 +0100] "GET /images/navi.png HTTP/1.1" 200 946 "http://www.mbingenieure.de/css/style.css" "Mozilla/5.0 (Windows NT 6.1; WOW64; rv:34.0) Gecko/20100101 Firefox/34.0"
217.95.24.126 - - [02/Jan/2015:20:49:32 +0100] "GET /images/bild4.png HTTP/1.1" 200 65856 "http://www.mbingenieure.de/" "Mozilla/5.0 (Windows NT 6.1; WOW64; rv:34.0) Gecko/20100101 Firefox/34.0"
217.95.24.126 - - [02/Jan/2015:20:49:32 +0100] "GET /favicon.ico HTTP/1.1" 200 93062 "-" "Mozilla/5.0 (Windows NT 6.1; WOW64; rv:34.0) Gecko/20100101 Firefox/34.0"
217.95.24.126 - - [02/Jan/2015:20:49:46 +0100] "GET /spektrum.html HTTP/1.1" 200 4365 "http://www.mbingenieure.de/" "Mozilla/5.0 (Windows NT 6.1; WOW64; rv:34.0) Gecko/20100101 Firefox/34.0"
217.95.24.126 - - [02/Jan/2015:20:50:12 +0100] "GET /referenz.html HTTP/1.1" 200 10703 "http://www.mbingenieure.de/spektrum.html" "Mozilla/5.0 (Windows NT 6.1; WOW64; rv:34.0) Gecko/20100101 Firefox/34.0"
217.95.24.126 - - [02/Jan/2015:20:50:42 +0100] "GET /partner.html HTTP/1.1" 200 4401 "http://www.mbingenieure.de/referenz.html" "Mozilla/5.0 (Windows NT 6.1; WOW64; rv:34.0) Gecko/20100101 Firefox/34.0"
217.95.24.126 - - [02/Jan/2015:20:50:51 +0100] "GET /kontakt.html HTTP/1.1" 200 4451 "http://www.mbingenieure.de/partner.html" "Mozilla/5.0 (Windows NT 6.1; WOW64; rv:34.0) Gecko/20100101 Firefox/34.0"
217.95.24.126 - - [02/Jan/2015:20:50:58 +0100] "GET /impressum.html HTTP/1.1" 200 5721 "http://www.mbingenieure.de/kontakt.html" "Mozilla/5.0 (Windows NT 6.1; WOW64; rv:34.0) Gecko/20100101 Firefox/34.0"
217.95.24.126 - - [02/Jan/2015:20:51:13 +0100] "GET /index.html HTTP/1.1" 200 4688 "http://www.mbingenieure.de/impressum.html" "Mozilla/5.0 (Windows NT 6.1; WOW64; rv:34.0) Gecko/20100101 Firefox/34.0"
54.93.49.47 - - [02/Jan/2015:21:05:58 +0100] "GET /partner.html HTTP/1.1" 200 4401 "-" "Mozilla/5.0 (Windows NT 6.1; WOW64; rv:6.0a2) Gecko/20110613 Firefox/6.0a2"
54.93.39.58 - - [02/Jan/2015:21:57:43 +0100] "GET /partner.html HTTP/1.1" 200 4401 "-" "Mozilla/5.0 (Windows NT 6.1; WOW64; rv:6.0a2) Gecko/20110613 Firefox/6.0a2"
54.93.48.202 - - [03/Jan/2015:00:53:08 +0100] "GET /partner.html HTTP/1.1" 200 4401 "-" "Mozilla/5.0 (Windows NT 6.1; WOW64; rv:6.0a2) Gecko/20110613 Firefox/6.0a2"
141.8.147.12 - - [03/Jan/2015:04:19:03 +0100] "GET /robots.txt HTTP/1.1" 404 - "-" "Mozilla/5.0 (compatible; YandexBot/3.0; +http://yandex.com/bots)"
141.8.147.12 - - [03/Jan/2015:08:54:56 +0100] "GET / HTTP/1.1" 200 4688 "-" "Mozilla/5.0 (compatible; YandexBot/3.0; +http://yandex.com/bots)"
208.115.111.69 - - [03/Jan/2015:09:34:33 +0100] "GET /robots.txt HTTP/1.1" 404 - "-" "Mozilla/5.0 (compatible; DotBot/1.1; http://www.opensiteexplorer.org/dotbot, help@moz.com)"
207.46.13.82 - - [03/Jan/2015:09:51:57 +0100] "GET / HTTP/1.1" 200 4688 "-" "Mozilla/5.0 (compatible; bingbot/2.0; +http://www.bing.com/bingbot.htm)"
208.115.111.69 - - [03/Jan/2015:10:16:24 +0100] "GET /spektrum.html HTTP/1.1" 200 4365 "-" "Mozilla/5.0 (compatible; DotBot/1.1; http://www.opensiteexplorer.org/dotbot, help@moz.com)"
54.93.49.48 - - [03/Jan/2015:10:55:35 +0100] "GET /partner.html HTTP/1.1" 200 4401 "-" "Mozilla/5.0 (Windows NT 6.1; WOW64; rv:6.0a2) Gecko/20110613 Firefox/6.0a2"
54.93.49.119 - - [03/Jan/2015:11:53:53 +0100] "GET /partner.html HTTP/1.1" 200 4401 "-" "Mozilla/5.0 (Windows NT 6.1; WOW64; rv:6.0a2) Gecko/20110613 Firefox/6.0a2"
66.249.65.11 - - [03/Jan/2015:16:53:44 +0100] "GET /robots.txt HTTP/1.1" 404 - "-" "Mozilla/5.0 (compatible; Googlebot/2.1; +http://www.google.com/bot.html)"
66.249.65.9 - - [03/Jan/2015:16:53:44 +0100] "GET /referenz.html HTTP/1.1" 304 - "-" "Mozilla/5.0 (iPhone; CPU iPhone OS 6_0 like Mac OS X) AppleWebKit/536.26 (KHTML, like Gecko) Version/6.0 Mobile/10A5376e Safari/8536.25 (compatible; Googlebot/2.1; +http://www.google.com/bot.html)"
217.151.51.35 - - [03/Jan/2015:23:36:55 +0100] "GET / HTTP/1.1" 200 4688 "-" "Mozilla/5.0 (Windows NT 5.1; rv:26.0) Gecko/20100101 Firefox/26.0"
217.151.51.35 - - [03/Jan/2015:23:36:56 +0100] "GET /css/style.css HTTP/1.1" 200 2831 "http://www.mbingenieure.de/" "Mozilla/5.0 (Windows NT 5.1; rv:26.0) Gecko/20100101 Firefox/26.0"
217.151.51.35 - - [03/Jan/2015:23:36:56 +0100] "GET /js/libs/modernizr-2.5.3.min.js HTTP/1.1" 200 15274 "http://www.mbingenieure.de/" "Mozilla/5.0 (Windows NT 5.1; rv:26.0) Gecko/20100101 Firefox/26.0"
217.151.51.35 - - [03/Jan/2015:23:36:56 +0100] "GET /js/plugins.js HTTP/1.1" 200 898 "http://www.mbingenieure.de/" "Mozilla/5.0 (Windows NT 5.1; rv:26.0) Gecko/20100101 Firefox/26.0"
217.151.51.35 - - [03/Jan/2015:23:36:57 +0100] "GET /favicon.ico HTTP/1.1" 200 93062 "-" "Mozilla/5.0 (Windows NT 5.1; rv:26.0) Gecko/20100101 Firefox/26.0"
217.151.51.35 - - [03/Jan/2015:23:37:09 +0100] "GET /uns.html HTTP/1.1" 200 4398 "-" "Mozilla/5.0 (Windows NT 5.1; rv:26.0) Gecko/20100101 Firefox/26.0"
217.151.51.35 - - [03/Jan/2015:23:37:15 +0100] "GET /index.html HTTP/1.1" 200 4688 "-" "Mozilla/5.0 (Windows NT 5.1; rv:26.0) Gecko/20100101 Firefox/26.0"
217.151.51.35 - - [03/Jan/2015:23:37:22 +0100] "GET /impressum.html HTTP/1.1" 200 5721 "-" "Mozilla/5.0 (Windows NT 5.1; rv:26.0) Gecko/20100101 Firefox/26.0"
217.151.51.35 - - [03/Jan/2015:23:37:29 +0100] "GET /referenz.html HTTP/1.1" 200 10703 "-" "Mozilla/5.0 (Windows NT 5.1; rv:26.0) Gecko/20100101 Firefox/26.0"
217.151.51.35 - - [03/Jan/2015:23:37:36 +0100] "GET /partner.html HTTP/1.1" 200 4401 "-" "Mozilla/5.0 (Windows NT 5.1; rv:26.0) Gecko/20100101 Firefox/26.0"
217.151.51.35 - - [03/Jan/2015:23:37:43 +0100] "GET /kontakt.html HTTP/1.1" 200 4451 "-" "Mozilla/5.0 (Windows NT 5.1; rv:26.0) Gecko/20100101 Firefox/26.0"
217.151.51.35 - - [03/Jan/2015:23:37:50 +0100] "GET /spektrum.html HTTP/1.1" 200 4365 "-" "Mozilla/5.0 (Windows NT 5.1; rv:26.0) Gecko/20100101 Firefox/26.0"
46.229.170.197 - - [04/Jan/2015:03:48:50 +0100] "GET / HTTP/1.1" 200 4688 "-" "OMozilla/5.0 (X11; U; Linux i686; en-US; rv:1.9.2.9) Gecko/20100827 Red Hat/3.6.9-2.el6 Firefox/3.6.9"
208.92.211.14 - - [04/Jan/2015:05:13:51 +0100] "GET /Fckeditor/editor/filemanager/browser/default/connectors/test.html HTTP/1.1" 404 - "-" "Mozilla/4.0 (compatible; Win32; WinHttp.WinHttpRequest.5)"
208.92.211.14 - - [04/Jan/2015:05:13:52 +0100] "GET /FCKeditor/editor/filemanager/connectors/test.html HTTP/1.1" 404 - "-" "Mozilla/4.0 (compatible; Win32; WinHttp.WinHttpRequest.5)"
208.92.211.14 - - [04/Jan/2015:05:13:52 +0100] "GET /Admin/fckeditor/editor/filemanager/browser/default/connectors/test.html HTTP/1.1" 404 - "-" "Mozilla/4.0 (compatible; Win32; WinHttp.WinHttpRequest.5)"
208.92.211.14 - - [04/Jan/2015:05:13:52 +0100] "GET /Admin/fCKeditor/editor/filemanager/connectors/test.html HTTP/1.1" 404 - "-" "Mozilla/4.0 (compatible; Win32; WinHttp.WinHttpRequest.5)"
208.92.211.14 - - [04/Jan/2015:05:13:52 +0100] "GET /Editor/editor/filemanager/browser/default/connectors/test.html HTTP/1.1" 404 - "-" "Mozilla/4.0 (compatible; Win32; WinHttp.WinHttpRequest.5)"
208.92.211.14 - - [04/Jan/2015:05:13:52 +0100] "GET /Editor/editor/filemanager/connectors/test.html HTTP/1.1" 404 - "-" "Mozilla/4.0 (compatible; Win32; WinHttp.WinHttpRequest.5)"
207.46.13.82 - - [04/Jan/2015:12:51:52 +0100] "GET /spektrum.html HTTP/1.1" 200 4365 "-" "Mozilla/5.0 (compatible; bingbot/2.0; +http://www.bing.com/bingbot.htm)"
207.46.13.82 - - [04/Jan/2015:12:52:56 +0100] "GET /js/libs/modernizr-2.5.3.min.js HTTP/1.1" 200 15274 "-" "Mozilla/5.0 (compatible; bingbot/2.0; +http://www.bing.com/bingbot.htm)"
207.46.13.70 - - [04/Jan/2015:12:56:58 +0100] "GET /css/style.css HTTP/1.1" 200 2831 "-" "Mozilla/5.0 (compatible; bingbot/2.0; +http://www.bing.com/bingbot.htm)"
207.46.13.70 - - [04/Jan/2015:12:56:58 +0100] "GET /js/plugins.js HTTP/1.1" 200 898 "-" "Mozilla/5.0 (compatible; bingbot/2.0; +http://www.bing.com/bingbot.htm)"
208.115.111.69 - - [04/Jan/2015:13:30:33 +0100] "GET /robots.txt HTTP/1.1" 404 - "-" "Mozilla/5.0 (compatible; DotBot/1.1; http://www.opensiteexplorer.org/dotbot, help@moz.com)"
66.249.65.9 - - [04/Jan/2015:13:31:07 +0100] "GET /robots.txt HTTP/1.1" 404 - "-" "Mozilla/5.0 (compatible; Googlebot/2.1; +http://www.google.com/bot.html)"
66.249.65.13 - - [04/Jan/2015:13:31:07 +0100] "GET / HTTP/1.1" 200 4688 "-" "Mozilla/5.0 (iPhone; CPU iPhone OS 6_0 like Mac OS X) AppleWebKit/536.26 (KHTML, like Gecko) Version/6.0 Mobile/10A5376e Safari/8536.25 (compatible; Googlebot/2.1; +http://www.google.com/bot.html)"
208.115.111.69 - - [04/Jan/2015:14:20:28 +0100] "GET /kontakt.html HTTP/1.1" 200 4451 "-" "Mozilla/5.0 (compatible; DotBot/1.1; http://www.opensiteexplorer.org/dotbot, help@moz.com)"
77.75.77.17 - - [04/Jan/2015:18:24:44 +0100] "GET /robots.txt HTTP/1.1" 404 - "-" "Mozilla/5.0 (compatible; SeznamBot/3.2; +http://fulltext.sblog.cz/)"
77.75.77.17 - - [04/Jan/2015:18:24:44 +0100] "GET / HTTP/1.1" 200 4688 "-" "Mozilla/5.0 (compatible; SeznamBot/3.2; +http://fulltext.sblog.cz/)"
141.8.147.12 - - [04/Jan/2015:19:36:41 +0100] "GET /robots.txt HTTP/1.1" 404 - "-" "Mozilla/5.0 (compatible; YandexBot/3.0; +http://yandex.com/bots)"
188.165.15.87 - - [04/Jan/2015:21:12:06 +0100] "GET /robots.txt HTTP/1.1" 404 - "-" "Mozilla/5.0 (compatible; AhrefsBot/5.0; +http://ahrefs.com/robot/)"
141.8.147.12 - - [05/Jan/2015:02:52:15 +0100] "GET /images/0541a.png HTTP/1.1" 304 - "-" "Mozilla/5.0 (compatible; YandexBot/3.0; +http://yandex.com/bots)"
66.249.78.84 - - [05/Jan/2015:05:09:50 +0100] "GET /robots.txt HTTP/1.1" 404 - "-" "Mozilla/5.0 (compatible; Googlebot/2.1; +http://www.google.com/bot.html)"
66.249.78.84 - - [05/Jan/2015:05:09:50 +0100] "GET / HTTP/1.1" 200 4688 "-" "Mozilla/5.0 (iPhone; CPU iPhone OS 6_0 like Mac OS X) AppleWebKit/536.26 (KHTML, like Gecko) Version/6.0 Mobile/10A5376e Safari/8536.25 (compatible; Googlebot/2.1; +http://www.google.com/bot.html)"
208.115.113.85 - - [05/Jan/2015:07:34:53 +0100] "GET /robots.txt HTTP/1.1" 404 - "-" "Mozilla/5.0 (compatible; DotBot/1.1; http://www.opensiteexplorer.org/dotbot, help@moz.com)"
66.249.78.77 - - [05/Jan/2015:08:17:09 +0100] "GET / HTTP/1.1" 200 4688 "-" "Mozilla/5.0 (compatible; Googlebot/2.1; +http://www.google.com/bot.html)"
66.249.78.91 - - [05/Jan/2015:08:20:48 +0100] "GET /css/style.css HTTP/1.1" 200 2831 "-" "Mozilla/5.0 (compatible; Googlebot/2.1; +http://www.google.com/bot.html)"
208.115.113.85 - - [05/Jan/2015:08:27:21 +0100] "GET /uns.html HTTP/1.1" 200 4398 "-" "Mozilla/5.0 (compatible; DotBot/1.1; http://www.opensiteexplorer.org/dotbot, help@moz.com)"
66.249.78.91 - - [05/Jan/2015:11:29:14 +0100] "GET / HTTP/1.1" 200 4688 "-" "Mozilla/5.0 (compatible; Googlebot/2.1; +http://www.google.com/bot.html)"
88.77.158.165 - - [05/Jan/2015:14:18:24 +0100] "GET /referenz.html HTTP/1.1" 200 10703 "http://www.google.de/url?sa=t&rct=j&q=&esrc=s&source=web&cd=1&ved=0CD0QFjAA&url=http%3A%2F%2Fwww.mbingenieure.de%2Freferenz.html&ei=q46qVMGLJMatU8j3g7gL&usg=AFQjCNEjBuJQ2-M4Z4j35BAeh7XDA3bhYQ" "Mozilla/5.0 (Windows NT 6.1; WOW64; Trident/7.0; rv:11.0) like Gecko"
88.77.158.165 - - [05/Jan/2015:14:18:24 +0100] "GET /css/style.css HTTP/1.1" 200 2831 "http://www.mbingenieure.de/referenz.html" "Mozilla/5.0 (Windows NT 6.1; WOW64; Trident/7.0; rv:11.0) like Gecko"
88.77.158.165 - - [05/Jan/2015:14:18:24 +0100] "GET /js/libs/modernizr-2.5.3.min.js HTTP/1.1" 200 15274 "http://www.mbingenieure.de/referenz.html" "Mozilla/5.0 (Windows NT 6.1; WOW64; Trident/7.0; rv:11.0) like Gecko"
88.77.158.165 - - [05/Jan/2015:14:18:24 +0100] "GET /js/plugins.js HTTP/1.1" 200 898 "http://www.mbingenieure.de/referenz.html" "Mozilla/5.0 (Windows NT 6.1; WOW64; Trident/7.0; rv:11.0) like Gecko"
88.77.158.165 - - [05/Jan/2015:14:18:24 +0100] "GET /images/footer.png HTTP/1.1" 200 1064 "http://www.mbingenieure.de/referenz.html" "Mozilla/5.0 (Windows NT 6.1; WOW64; Trident/7.0; rv:11.0) like Gecko"
88.77.158.165 - - [05/Jan/2015:14:18:24 +0100] "GET /images/header.png HTTP/1.1" 200 1494 "http://www.mbingenieure.de/referenz.html" "Mozilla/5.0 (Windows NT 6.1; WOW64; Trident/7.0; rv:11.0) like Gecko"
88.77.158.165 - - [05/Jan/2015:14:18:24 +0100] "GET /images/navi.png HTTP/1.1" 200 946 "http://www.mbingenieure.de/referenz.html" "Mozilla/5.0 (Windows NT 6.1; WOW64; Trident/7.0; rv:11.0) like Gecko"
88.77.158.165 - - [05/Jan/2015:14:18:24 +0100] "GET /favicon.ico HTTP/1.1" 200 93062 "-" "Mozilla/5.0 (Windows NT 6.1; WOW64; Trident/7.0; rv:11.0) like Gecko"
209.249.5.251 - - [05/Jan/2015:15:09:43 +0100] "GET /robots.txt HTTP/1.1" 404 - "-" "rogerbot/1.0 (http://moz.com/help/pro/what-is-rogerbot-, rogerbot-wherecat@moz.com)"
209.249.5.251 - - [05/Jan/2015:15:09:43 +0100] "GET / HTTP/1.1" 200 4688 "-" "rogerbot/1.0 (http://moz.com/help/pro/what-is-rogerbot-, rogerbot-wherecat@moz.com)"
209.249.5.251 - - [05/Jan/2015:15:09:45 +0100] "GET /partner.html HTTP/1.1" 200 4401 "-" "rogerbot/1.0 (http://moz.com/help/pro/what-is-rogerbot-, rogerbot-wherecat@moz.com)"
209.249.5.251 - - [05/Jan/2015:15:09:48 +0100] "GET /referenz.html HTTP/1.1" 200 10703 "-" "rogerbot/1.0 (http://moz.com/help/pro/what-is-rogerbot-, rogerbot-wherecat@moz.com)"
209.249.5.251 - - [05/Jan/2015:15:09:50 +0100] "GET /uns.html HTTP/1.1" 200 4398 "-" "rogerbot/1.0 (http://moz.com/help/pro/what-is-rogerbot-, rogerbot-wherecat@moz.com)"
209.249.5.251 - - [05/Jan/2015:15:09:52 +0100] "GET /spektrum.html HTTP/1.1" 200 4365 "-" "rogerbot/1.0 (http://moz.com/help/pro/what-is-rogerbot-, rogerbot-wherecat@moz.com)"
66.249.78.91 - - [05/Jan/2015:18:00:14 +0100] "GET /robots.txt HTTP/1.1" 404 - "-" "Mozilla/5.0 (compatible; Googlebot/2.1; +http://www.google.com/bot.html)"
66.249.78.91 - - [05/Jan/2015:18:00:14 +0100] "GET / HTTP/1.1" 200 4688 "-" "SAMSUNG-SGH-E250/1.0 Profile/MIDP-2.0 Configuration/CLDC-1.1 UP.Browser/6.2.3.3.c.1.101 (GUI) MMP/2.0 (compatible; Googlebot-Mobile/2.1; +http://www.google.com/bot.html)"
66.249.78.77 - - [05/Jan/2015:18:06:14 +0100] "GET / HTTP/1.1" 200 4688 "-" "Mozilla/5.0 (compatible; Googlebot/2.1; +http://www.google.com/bot.html)"
64.246.165.190 - - [05/Jan/2015:20:40:04 +0100] "GET /robots.txt HTTP/1.0" 404 - "-" "Mozilla/5.0 (Windows; U; Windows NT 5.1; en; rv:1.9.0.13) Gecko/2009073022 Firefox/3.5.2 (.NET CLR 3.5.30729) SurveyBot/2.3 (DomainTools)"
64.246.165.190 - - [05/Jan/2015:20:40:04 +0100] "GET / HTTP/1.1" 200 4688 "http://whois.domaintools.com/mbingenieure.de" "Mozilla/5.0 (Windows; U; Windows NT 5.1; en; rv:1.9.0.13) Gecko/2009073022 Firefox/3.5.2 (.NET CLR 3.5.30729) SurveyBot/2.3 (DomainTools)"
31.13.99.119 - - [05/Jan/2015:21:50:50 +0100] "GET / HTTP/1.1" 206 4688 "-" "facebookexternalhit/1.1 (+http://www.facebook.com/externalhit_uatext.php)"
62.143.234.211 - - [05/Jan/2015:21:50:50 +0100] "GET / HTTP/1.1" 200 4688 "http://m.facebook.com" "Mozilla/5.0 (iPhone; CPU iPhone OS 8_1_2 like Mac OS X) AppleWebKit/600.1.4 (KHTML, like Gecko) Mobile/12B440 [FBAN/FBIOS;FBAV/21.0.0.25.14;FBBV/6017145;FBDV/iPhone6,2;FBMD/iPhone;FBSN/iPhone OS;FBSV/8.1.2;FBSS/2; FBCR/Telekom.de;FBID/phone;FBLC/de_DE;FBOP/5]"
62.143.234.211 - - [05/Jan/2015:21:50:50 +0100] "GET /images/bild2.png HTTP/1.1" 200 68475 "http://www.mbingenieure.de/" "Mozilla/5.0 (iPhone; CPU iPhone OS 8_1_2 like Mac OS X) AppleWebKit/600.1.4 (KHTML, like Gecko) Mobile/12B440 [FBAN/FBIOS;FBAV/21.0.0.25.14;FBBV/6017145;FBDV/iPhone6,2;FBMD/iPhone;FBSN/iPhone OS;FBSV/8.1.2;FBSS/2; FBCR/Telekom.de;FBID/phone;FBLC/de_DE;FBOP/5]"
62.143.234.211 - - [05/Jan/2015:21:50:50 +0100] "GET /css/style.css HTTP/1.1" 200 2831 "http://www.mbingenieure.de/" "Mozilla/5.0 (iPhone; CPU iPhone OS 8_1_2 like Mac OS X) AppleWebKit/600.1.4 (KHTML, like Gecko) Mobile/12B440 [FBAN/FBIOS;FBAV/21.0.0.25.14;FBBV/6017145;FBDV/iPhone6,2;FBMD/iPhone;FBSN/iPhone OS;FBSV/8.1.2;FBSS/2; FBCR/Telekom.de;FBID/phone;FBLC/de_DE;FBOP/5]"
62.143.234.211 - - [05/Jan/2015:21:50:50 +0100] "GET /js/plugins.js HTTP/1.1" 200 898 "http://www.mbingenieure.de/" "Mozilla/5.0 (iPhone; CPU iPhone OS 8_1_2 like Mac OS X) AppleWebKit/600.1.4 (KHTML, like Gecko) Mobile/12B440 [FBAN/FBIOS;FBAV/21.0.0.25.14;FBBV/6017145;FBDV/iPhone6,2;FBMD/iPhone;FBSN/iPhone OS;FBSV/8.1.2;FBSS/2; FBCR/Telekom.de;FBID/phone;FBLC/de_DE;FBOP/5]"
62.143.234.211 - - [05/Jan/2015:21:50:50 +0100] "GET /js/libs/modernizr-2.5.3.min.js HTTP/1.1" 200 15274 "http://www.mbingenieure.de/" "Mozilla/5.0 (iPhone; CPU iPhone OS 8_1_2 like Mac OS X) AppleWebKit/600.1.4 (KHTML, like Gecko) Mobile/12B440 [FBAN/FBIOS;FBAV/21.0.0.25.14;FBBV/6017145;FBDV/iPhone6,2;FBMD/iPhone;FBSN/iPhone OS;FBSV/8.1.2;FBSS/2; FBCR/Telekom.de;FBID/phone;FBLC/de_DE;FBOP/5]"
62.143.234.211 - - [05/Jan/2015:21:50:50 +0100] "GET /images/logo.png HTTP/1.1" 200 16467 "http://www.mbingenieure.de/" "Mozilla/5.0 (iPhone; CPU iPhone OS 8_1_2 like Mac OS X) AppleWebKit/600.1.4 (KHTML, like Gecko) Mobile/12B440 [FBAN/FBIOS;FBAV/21.0.0.25.14;FBBV/6017145;FBDV/iPhone6,2;FBMD/iPhone;FBSN/iPhone OS;FBSV/8.1.2;FBSS/2; FBCR/Telekom.de;FBID/phone;FBLC/de_DE;FBOP/5]"
62.143.234.211 - - [05/Jan/2015:21:50:50 +0100] "GET /images/footer.png HTTP/1.1" 200 1064 "http://www.mbingenieure.de/" "Mozilla/5.0 (iPhone; CPU iPhone OS 8_1_2 like Mac OS X) AppleWebKit/600.1.4 (KHTML, like Gecko) Mobile/12B440 [FBAN/FBIOS;FBAV/21.0.0.25.14;FBBV/6017145;FBDV/iPhone6,2;FBMD/iPhone;FBSN/iPhone OS;FBSV/8.1.2;FBSS/2; FBCR/Telekom.de;FBID/phone;FBLC/de_DE;FBOP/5]"
62.143.234.211 - - [05/Jan/2015:21:50:50 +0100] "GET /images/bild4.png HTTP/1.1" 200 65856 "http://www.mbingenieure.de/" "Mozilla/5.0 (iPhone; CPU iPhone OS 8_1_2 like Mac OS X) AppleWebKit/600.1.4 (KHTML, like Gecko) Mobile/12B440 [FBAN/FBIOS;FBAV/21.0.0.25.14;FBBV/6017145;FBDV/iPhone6,2;FBMD/iPhone;FBSN/iPhone OS;FBSV/8.1.2;FBSS/2; FBCR/Telekom.de;FBID/phone;FBLC/de_DE;FBOP/5]"
62.143.234.211 - - [05/Jan/2015:21:50:50 +0100] "GET /images/bild1.png HTTP/1.1" 200 16301 "http://www.mbingenieure.de/" "Mozilla/5.0 (iPhone; CPU iPhone OS 8_1_2 like Mac OS X) AppleWebKit/600.1.4 (KHTML, like Gecko) Mobile/12B440 [FBAN/FBIOS;FBAV/21.0.0.25.14;FBBV/6017145;FBDV/iPhone6,2;FBMD/iPhone;FBSN/iPhone OS;FBSV/8.1.2;FBSS/2; FBCR/Telekom.de;FBID/phone;FBLC/de_DE;FBOP/5]"
62.143.234.211 - - [05/Jan/2015:21:50:50 +0100] "GET /images/header.png HTTP/1.1" 200 1494 "http://www.mbingenieure.de/" "Mozilla/5.0 (iPhone; CPU iPhone OS 8_1_2 like Mac OS X) AppleWebKit/600.1.4 (KHTML, like Gecko) Mobile/12B440 [FBAN/FBIOS;FBAV/21.0.0.25.14;FBBV/6017145;FBDV/iPhone6,2;FBMD/iPhone;FBSN/iPhone OS;FBSV/8.1.2;FBSS/2; FBCR/Telekom.de;FBID/phone;FBLC/de_DE;FBOP/5]"
62.143.234.211 - - [05/Jan/2015:21:50:50 +0100] "GET /images/navi.png HTTP/1.1" 200 946 "http://www.mbingenieure.de/" "Mozilla/5.0 (iPhone; CPU iPhone OS 8_1_2 like Mac OS X) AppleWebKit/600.1.4 (KHTML, like Gecko) Mobile/12B440 [FBAN/FBIOS;FBAV/21.0.0.25.14;FBBV/6017145;FBDV/iPhone6,2;FBMD/iPhone;FBSN/iPhone OS;FBSV/8.1.2;FBSS/2; FBCR/Telekom.de;FBID/phone;FBLC/de_DE;FBOP/5]"
31.13.99.119 - - [05/Jan/2015:21:50:51 +0100] "GET /images/logo.png HTTP/1.1" 206 9000 "http://www.mbingenieure.de/" "facebookexternalhit/1.1 (+http://www.facebook.com/externalhit_uatext.php)"
173.252.102.116 - - [05/Jan/2015:21:50:52 +0100] "GET /images/logo.png HTTP/1.1" 200 16467 "-" "facebookexternalhit/1.1 (+http://www.facebook.com/externalhit_uatext.php)"
62.143.234.211 - - [05/Jan/2015:21:51:04 +0100] "GET /referenz.html HTTP/1.1" 200 10703 "http://www.mbingenieure.de/" "Mozilla/5.0 (iPhone; CPU iPhone OS 8_1_2 like Mac OS X) AppleWebKit/600.1.4 (KHTML, like Gecko) Mobile/12B440 [FBAN/FBIOS;FBAV/21.0.0.25.14;FBBV/6017145;FBDV/iPhone6,2;FBMD/iPhone;FBSN/iPhone OS;FBSV/8.1.2;FBSS/2; FBCR/Telekom.de;FBID/phone;FBLC/de_DE;FBOP/5]"
62.143.234.211 - - [05/Jan/2015:21:52:02 +0100] "GET /partner.html HTTP/1.1" 200 4401 "http://www.mbingenieure.de/referenz.html" "Mozilla/5.0 (iPhone; CPU iPhone OS 8_1_2 like Mac OS X) AppleWebKit/600.1.4 (KHTML, like Gecko) Mobile/12B440 [FBAN/FBIOS;FBAV/21.0.0.25.14;FBBV/6017145;FBDV/iPhone6,2;FBMD/iPhone;FBSN/iPhone OS;FBSV/8.1.2;FBSS/2; FBCR/Telekom.de;FBID/phone;FBLC/de_DE;FBOP/5]"
81.144.138.34 - - [05/Jan/2015:23:25:27 +0100] "GET /robots.txt HTTP/1.1" 404 - "-" "Wotbox/2.01 (+http://www.wotbox.com/bot/)"
81.144.138.34 - - [05/Jan/2015:23:25:39 +0100] "GET / HTTP/1.1" 200 4688 "-" "Wotbox/2.01 (+http://www.wotbox.com/bot/)"
81.144.138.34 - - [05/Jan/2015:23:25:45 +0100] "GET /index.html HTTP/1.1" 200 4688 "-" "Wotbox/2.01 (+http://www.wotbox.com/bot/)"
81.144.138.34 - - [05/Jan/2015:23:25:51 +0100] "GET /uns.html HTTP/1.1" 200 4398 "-" "Wotbox/2.01 (+http://www.wotbox.com/bot/)"
81.144.138.34 - - [05/Jan/2015:23:25:58 +0100] "GET /spektrum.html HTTP/1.1" 200 4365 "-" "Wotbox/2.01 (+http://www.wotbox.com/bot/)"
81.144.138.34 - - [05/Jan/2015:23:26:04 +0100] "GET /referenz.html HTTP/1.1" 200 10703 "-" "Wotbox/2.01 (+http://www.wotbox.com/bot/)"
81.144.138.34 - - [05/Jan/2015:23:26:10 +0100] "GET /partner.html HTTP/1.1" 200 4401 "-" "Wotbox/2.01 (+http://www.wotbox.com/bot/)"
81.144.138.34 - - [05/Jan/2015:23:26:16 +0100] "GET /kontakt.html HTTP/1.1" 200 4451 "-" "Wotbox/2.01 (+http://www.wotbox.com/bot/)"
81.144.138.34 - - [05/Jan/2015:23:26:22 +0100] "GET /impressum.html HTTP/1.1" 200 5721 "-" "Wotbox/2.01 (+http://www.wotbox.com/bot/)"
81.144.138.34 - - [05/Jan/2015:23:26:29 +0100] "GET /projekte.html HTTP/1.1" 200 7938 "-" "Wotbox/2.01 (+http://www.wotbox.com/bot/)"
72.46.136.178 - - [05/Jan/2015:23:33:37 +0100] "GET / HTTP/1.1" 200 4688 "-" "Mozilla/4.0 (compatible; MSIE 6.0; Windows NT 5.1; SV1; Mozilla/4.0 (compatible; MSIE 6.0; Windows NT 5.1; SV1) )"
207.46.13.82 - - [06/Jan/2015:01:56:56 +0100] "GET /robots.txt HTTP/1.1" 404 - "-" "Mozilla/5.0 (compatible; bingbot/2.0; +http://www.bing.com/bingbot.htm)"
207.46.13.82 - - [06/Jan/2015:01:57:12 +0100] "GET /projekte.html HTTP/1.1" 200 7938 "-" "Mozilla/5.0 (compatible; bingbot/2.0; +http://www.bing.com/bingbot.htm)"
207.46.13.82 - - [06/Jan/2015:01:57:12 +0100] "GET /kontakt.html HTTP/1.1" 200 4451 "-" "Mozilla/5.0 (compatible; bingbot/2.0; +http://www.bing.com/bingbot.htm)"
207.46.13.82 - - [06/Jan/2015:01:57:12 +0100] "GET /spektrum.html HTTP/1.1" 200 4365 "-" "Mozilla/5.0 (compatible; bingbot/2.0; +http://www.bing.com/bingbot.htm)"
207.46.13.82 - - [06/Jan/2015:01:57:12 +0100] "GET / HTTP/1.1" 200 4688 "-" "Mozilla/5.0 (compatible; bingbot/2.0; +http://www.bing.com/bingbot.htm)"
207.46.13.82 - - [06/Jan/2015:01:57:13 +0100] "GET /partner.html HTTP/1.1" 200 4401 "-" "Mozilla/5.0 (compatible; bingbot/2.0; +http://www.bing.com/bingbot.htm)"
157.55.39.120 - - [06/Jan/2015:02:12:10 +0100] "GET /uns.html HTTP/1.1" 200 4398 "-" "Mozilla/5.0 (compatible; bingbot/2.0; +http://www.bing.com/bingbot.htm)"
157.55.39.120 - - [06/Jan/2015:02:12:11 +0100] "GET /referenz.html HTTP/1.1" 200 10703 "-" "Mozilla/5.0 (compatible; bingbot/2.0; +http://www.bing.com/bingbot.htm)"
157.55.39.120 - - [06/Jan/2015:02:12:11 +0100] "GET /index.html HTTP/1.1" 200 4688 "-" "Mozilla/5.0 (compatible; bingbot/2.0; +http://www.bing.com/bingbot.htm)"
157.55.39.120 - - [06/Jan/2015:02:12:12 +0100] "GET /impressum.html HTTP/1.1" 200 5721 "-" "Mozilla/5.0 (compatible; bingbot/2.0; +http://www.bing.com/bingbot.htm)"
66.249.69.204 - - [06/Jan/2015:02:36:55 +0100] "GET / HTTP/1.1" 200 4688 "-" "DoCoMo/2.0 N905i(c100;TB;W24H16) (compatible; Googlebot-Mobile/2.1; +http://www.google.com/bot.html)"
66.249.78.77 - - [06/Jan/2015:03:17:01 +0100] "GET / HTTP/1.1" 200 4688 "-" "Mozilla/5.0 (compatible; Googlebot/2.1; +http://www.google.com/bot.html)"
144.76.185.173 - - [06/Jan/2015:03:28:53 +0100] "GET / HTTP/1.1" 200 4688 "-" "Mozilla/5.0 (Windows NT 6.1; WOW64) AppleWebKit/537.31 (KHTML, like Gecko) Chrome/26.0.1410.64 Safari/537.31"
66.249.69.236 - - [06/Jan/2015:03:45:29 +0100] "GET /impressum.html HTTP/1.1" 304 - "-" "Mozilla/5.0 (compatible; Googlebot/2.1; +http://www.google.com/bot.html)"
66.249.78.91 - - [06/Jan/2015:04:43:36 +0100] "GET / HTTP/1.1" 200 4688 "-" "Mozilla/5.0 (compatible; Googlebot/2.1; +http://www.google.com/bot.html)"
82.192.75.3 - - [06/Jan/2015:07:45:51 +0100] "GET / HTTP/1.1" 200 4688 "-" "Mozilla/5.0 (compatible; Lipperhey SEO Service; http://www.lipperhey.com/)"
82.192.75.3 - - [06/Jan/2015:07:46:01 +0100] "GET /robots.txt HTTP/1.1" 404 - "-" "Mozilla/5.0 (compatible; Lipperhey SEO Service; http://www.lipperhey.com/)"
82.192.75.3 - - [06/Jan/2015:07:46:01 +0100] "GET / HTTP/1.1" 200 4688 "-" "Mozilla/5.0 (compatible; Lipperhey SEO Service; http://www.lipperhey.com/)"
82.192.75.3 - - [06/Jan/2015:07:46:05 +0100] "GET / HTTP/1.1" 200 4688 "-" "Mozilla/5.0 (Linux; U; Android 1.6; en-us; xpndr_ihome Build/DRD35) AppleWebKit/528.5+ (KHTML, like Gecko) Version/3.1.2 Mobile Safari/525.20.1"
207.46.13.82 - - [06/Jan/2015:08:07:32 +0100] "GET / HTTP/1.1" 304 - "-" "Mozilla/5.0 (compatible; bingbot/2.0; +http://www.bing.com/bingbot.htm)"
80.153.101.65 - - [06/Jan/2015:10:13:47 +0100] "GET /robots.txt HTTP/1.1" 404 - "-" "Mozilla/5.0 (compatible; WeViKaBot/1.0; +http://www.wevika.de/)"
141.8.147.12 - - [06/Jan/2015:11:23:20 +0100] "GET /robots.txt HTTP/1.1" 404 - "-" "Mozilla/5.0 (compatible; YandexBot/3.0; +http://yandex.com/bots)"
141.8.147.12 - - [06/Jan/2015:15:31:06 +0100] "GET /images/0541a.png HTTP/1.1" 304 - "-" "Mozilla/5.0 (compatible; YandexBot/3.0; +http://yandex.com/bots)"
87.145.223.18 - - [06/Jan/2015:16:23:37 +0100] "GET / HTTP/1.1" 200 4688 "http://m.bigfinder.de/?c=ws&q=startseite&v=1" "Mozilla/5.0 (Windows NT 6.1; WOW64; rv:28.0) Gecko/20100101 Firefox/28.0"
207.46.13.82 - - [07/Jan/2015:05:36:11 +0100] "GET / HTTP/1.1" 200 4688 "-" "Mozilla/5.0 (compatible; bingbot/2.0; +http://www.bing.com/bingbot.htm)"
207.46.13.104 - - [07/Jan/2015:05:36:17 +0100] "GET /robots.txt HTTP/1.1" 404 - "-" "Mozilla/5.0 (compatible; bingbot/2.0; +http://www.bing.com/bingbot.htm)"
207.46.13.82 - - [07/Jan/2015:05:36:22 +0100] "GET /js/libs/modernizr-2.5.3.min.js HTTP/1.1" 200 15274 "-" "Mozilla/5.0 (compatible; bingbot/2.0; +http://www.bing.com/bingbot.htm)"
207.46.13.82 - - [07/Jan/2015:05:36:59 +0100] "GET /partner.html HTTP/1.1" 304 - "-" "Mozilla/5.0 (compatible; bingbot/2.0; +http://www.bing.com/bingbot.htm)"
207.46.13.70 - - [07/Jan/2015:05:44:40 +0100] "GET /css/style.css HTTP/1.1" 200 2831 "-" "Mozilla/5.0 (compatible; bingbot/2.0; +http://www.bing.com/bingbot.htm)"
207.46.13.70 - - [07/Jan/2015:05:44:41 +0100] "GET /js/plugins.js HTTP/1.1" 200 898 "-" "Mozilla/5.0 (compatible; bingbot/2.0; +http://www.bing.com/bingbot.htm)"
178.255.215.70 - - [07/Jan/2015:07:47:56 +0100] "GET /robots.txt HTTP/1.1" 404 - "-" "Mozilla/5.0 (compatible; Exabot/3.0; +http://www.exabot.com/go/robot)"
178.255.215.70 - - [07/Jan/2015:07:47:56 +0100] "GET / HTTP/1.1" 304 - "-" "Mozilla/5.0 (compatible; Exabot/3.0; +http://www.exabot.com/go/robot)"
66.249.78.84 - - [07/Jan/2015:07:54:21 +0100] "GET /robots.txt HTTP/1.1" 404 - "-" "Mozilla/5.0 (compatible; Googlebot/2.1; +http://www.google.com/bot.html)"
66.249.78.91 - - [07/Jan/2015:07:54:22 +0100] "GET / HTTP/1.1" 200 4688 "-" "SAMSUNG-SGH-E250/1.0 Profile/MIDP-2.0 Configuration/CLDC-1.1 UP.Browser/6.2.3.3.c.1.101 (GUI) MMP/2.0 (compatible; Googlebot-Mobile/2.1; +http://www.google.com/bot.html)"
66.249.69.220 - - [07/Jan/2015:08:50:52 +0100] "GET / HTTP/1.1" 200 4688 "-" "Mozilla/5.0 (iPhone; CPU iPhone OS 6_0 like Mac OS X) AppleWebKit/536.26 (KHTML, like Gecko) Version/6.0 Mobile/10A5376e Safari/8536.25 (compatible; Googlebot/2.1; +http://www.google.com/bot.html)"
141.8.147.12 - - [07/Jan/2015:09:47:37 +0100] "GET /robots.txt HTTP/1.1" 404 - "-" "Mozilla/5.0 (compatible; YandexBot/3.0; +http://yandex.com/bots)"
141.8.147.12 - - [07/Jan/2015:14:03:45 +0100] "GET /images/0541a.png HTTP/1.1" 304 - "-" "Mozilla/5.0 (compatible; YandexBot/3.0; +http://yandex.com/bots)"
46.229.164.112 - - [07/Jan/2015:19:34:54 +0100] "GET /robots.txt HTTP/1.1" 404 - "-" "Mozilla/5.0 (compatible; SemrushBot/0.98~bl; +http://www.semrush.com/bot.html)"
66.249.78.77 - - [07/Jan/2015:22:45:38 +0100] "GET /robots.txt HTTP/1.1" 404 - "-" "Mozilla/5.0 (compatible; Googlebot/2.1; +http://www.google.com/bot.html)"
66.249.78.84 - - [07/Jan/2015:22:45:38 +0100] "GET /kontakt.html HTTP/1.1" 304 - "-" "Mozilla/5.0 (compatible; Googlebot/2.1; +http://www.google.com/bot.html)"
188.165.15.132 - - [08/Jan/2015:00:04:21 +0100] "GET /index.html HTTP/1.1" 200 4688 "-" "Mozilla/5.0 (compatible; AhrefsBot/5.0; +http://ahrefs.com/robot/)"
141.8.147.12 - - [08/Jan/2015:09:53:51 +0100] "GET /robots.txt HTTP/1.1" 404 - "-" "Mozilla/5.0 (compatible; YandexBot/3.0; +http://yandex.com/bots)"
104.131.199.148 - - [08/Jan/2015:17:53:48 +0100] "GET / HTTP/1.0" 200 4688 "-" "Mozilla/5.0 (compatible; NetcraftSurveyAgent/1.0; +info@netcraft.com)"
141.8.147.12 - - [08/Jan/2015:18:54:49 +0100] "GET /images/0541a.png HTTP/1.1" 304 - "-" "Mozilla/5.0 (compatible; YandexBot/3.0; +http://yandex.com/bots)"
157.55.39.99 - - [08/Jan/2015:21:49:25 +0100] "GET /robots.txt HTTP/1.1" 404 - "-" "Mozilla/5.0 (compatible; bingbot/2.0; +http://www.bing.com/bingbot.htm)"
157.55.39.99 - - [08/Jan/2015:21:49:29 +0100] "GET /kontakt.html HTTP/1.1" 200 4451 "-" "Mozilla/5.0 (compatible; bingbot/2.0; +http://www.bing.com/bingbot.htm)"
188.165.15.37 - - [09/Jan/2015:00:15:52 +0100] "GET /kontakt.html HTTP/1.1" 200 4451 "-" "Mozilla/5.0 (compatible; AhrefsBot/5.0; +http://ahrefs.com/robot/)"
198.50.144.58 - - [09/Jan/2015:01:53:49 +0100] "GET /kontakt.html HTTP/1.0" 200 4451 "-" "User-Agent: Lynx/2.8.8dev.3 libwww-FM/2.14 SSL-MM/1.4.1"
141.8.147.12 - - [09/Jan/2015:02:48:38 +0100] "GET /robots.txt HTTP/1.1" 404 - "-" "Mozilla/5.0 (compatible; YandexBot/3.0; +http://yandex.com/bots)"
157.55.39.99 - - [09/Jan/2015:03:07:44 +0100] "GET /robots.txt HTTP/1.1" 404 - "-" "Mozilla/5.0 (compatible; bingbot/2.0; +http://www.bing.com/bingbot.htm)"
157.55.39.99 - - [09/Jan/2015:03:08:07 +0100] "GET / HTTP/1.1" 304 - "-" "Mozilla/5.0 (compatible; bingbot/2.0; +http://www.bing.com/bingbot.htm)"
78.51.97.211 - - [09/Jan/2015:03:40:50 +0100] "GET /referenz.html HTTP/1.1" 200 10703 "http://www.google.de/url?sa=t&rct=j&q=&esrc=s&source=web&cd=5&ved=0CDoQFjAE&url=http%3A%2F%2Fwww.mbingenieure.de%2Freferenz.html&ei=Sz-vVJeXHYGgUKiKg-gP&usg=AFQjCNEjBuJQ2-M4Z4j35BAeh7XDA3bhYQ" "Mozilla/5.0 (Windows NT 6.1; WOW64; Trident/7.0; rv:11.0) like Gecko"
78.51.97.211 - - [09/Jan/2015:03:40:50 +0100] "GET /css/style.css HTTP/1.1" 200 2831 "http://www.mbingenieure.de/referenz.html" "Mozilla/5.0 (Windows NT 6.1; WOW64; Trident/7.0; rv:11.0) like Gecko"
78.51.97.211 - - [09/Jan/2015:03:40:51 +0100] "GET /js/libs/modernizr-2.5.3.min.js HTTP/1.1" 200 15274 "http://www.mbingenieure.de/referenz.html" "Mozilla/5.0 (Windows NT 6.1; WOW64; Trident/7.0; rv:11.0) like Gecko"
78.51.97.211 - - [09/Jan/2015:03:40:51 +0100] "GET /images/footer.png HTTP/1.1" 200 1064 "http://www.mbingenieure.de/referenz.html" "Mozilla/5.0 (Windows NT 6.1; WOW64; Trident/7.0; rv:11.0) like Gecko"
78.51.97.211 - - [09/Jan/2015:03:40:51 +0100] "GET /js/plugins.js HTTP/1.1" 200 898 "http://www.mbingenieure.de/referenz.html" "Mozilla/5.0 (Windows NT 6.1; WOW64; Trident/7.0; rv:11.0) like Gecko"
78.51.97.211 - - [09/Jan/2015:03:40:51 +0100] "GET /images/header.png HTTP/1.1" 200 1494 "http://www.mbingenieure.de/referenz.html" "Mozilla/5.0 (Windows NT 6.1; WOW64; Trident/7.0; rv:11.0) like Gecko"
78.51.97.211 - - [09/Jan/2015:03:40:51 +0100] "GET /images/navi.png HTTP/1.1" 200 946 "http://www.mbingenieure.de/referenz.html" "Mozilla/5.0 (Windows NT 6.1; WOW64; Trident/7.0; rv:11.0) like Gecko"
78.51.97.211 - - [09/Jan/2015:03:40:51 +0100] "GET /favicon.ico HTTP/1.1" 200 93062 "-" "Mozilla/5.0 (Windows NT 6.1; Win64; x64; Trident/7.0; rv:11.0) like Gecko"
88.198.56.239 - - [09/Jan/2015:06:38:10 +0100] "GET / HTTP/1.1" 200 4688 "-" "Mozilla/5.0 (Windows NT 6.2; rv:21.0) Gecko/20130326 Firefox/21.0"
88.198.56.239 - - [09/Jan/2015:06:38:10 +0100] "GET /uns.html HTTP/1.1" 200 4398 "-" "Mozilla/5.0 (Windows NT 6.1; rv:21.0) Gecko/20100101 Firefox/21.0"
88.198.56.239 - - [09/Jan/2015:06:38:10 +0100] "GET /impressum.html HTTP/1.1" 200 5721 "-" "Mozilla/5.0 (X11; Ubuntu; Linux x86_64; rv:21.0) Gecko/20130331 Firefox/21.0"
88.198.56.239 - - [09/Jan/2015:06:38:11 +0100] "GET /kontakt.html HTTP/1.1" 200 4451 "-" "Mozilla/5.0 (Windows NT 6.1; U;WOW64; de;rv:11.0) Gecko Firefox/11.0"
88.198.56.239 - - [09/Jan/2015:06:38:11 +0100] "GET /spektrum.html HTTP/1.1" 200 4365 "-" "Mozilla/5.0 (Windows NT 6.1; rv:21.0) Gecko/20130328 Firefox/21.0"
178.255.215.70 - - [09/Jan/2015:07:20:22 +0100] "GET /robots.txt HTTP/1.1" 404 - "-" "Mozilla/5.0 (compatible; Exabot/3.0; +http://www.exabot.com/go/robot)"
178.255.215.70 - - [09/Jan/2015:07:20:22 +0100] "GET / HTTP/1.1" 304 - "-" "Mozilla/5.0 (compatible; Exabot/3.0; +http://www.exabot.com/go/robot)"
141.8.147.12 - - [09/Jan/2015:08:21:59 +0100] "GET /images/0541a.png HTTP/1.1" 304 - "-" "Mozilla/5.0 (compatible; YandexBot/3.0; +http://yandex.com/bots)"
77.20.250.155 - - [09/Jan/2015:11:16:44 +0100] "GET / HTTP/1.1" 200 4688 "-" "Mozilla/5.0 (Macintosh; Intel Mac OS X 10_10_1) AppleWebKit/600.2.5 (KHTML, like Gecko) Version/8.0.2 Safari/600.2.5"
77.20.250.155 - - [09/Jan/2015:11:16:45 +0100] "GET /css/style.css HTTP/1.1" 200 2831 "http://www.mbingenieure.de/" "Mozilla/5.0 (Macintosh; Intel Mac OS X 10_10_1) AppleWebKit/600.2.5 (KHTML, like Gecko) Version/8.0.2 Safari/600.2.5"
77.20.250.155 - - [09/Jan/2015:11:16:45 +0100] "GET /js/libs/modernizr-2.5.3.min.js HTTP/1.1" 200 15274 "http://www.mbingenieure.de/" "Mozilla/5.0 (Macintosh; Intel Mac OS X 10_10_1) AppleWebKit/600.2.5 (KHTML, like Gecko) Version/8.0.2 Safari/600.2.5"
77.20.250.155 - - [09/Jan/2015:11:16:45 +0100] "GET /images/footer.png HTTP/1.1" 200 1064 "http://www.mbingenieure.de/" "Mozilla/5.0 (Macintosh; Intel Mac OS X 10_10_1) AppleWebKit/600.2.5 (KHTML, like Gecko) Version/8.0.2 Safari/600.2.5"
77.20.250.155 - - [09/Jan/2015:11:16:45 +0100] "GET /js/plugins.js HTTP/1.1" 200 898 "http://www.mbingenieure.de/" "Mozilla/5.0 (Macintosh; Intel Mac OS X 10_10_1) AppleWebKit/600.2.5 (KHTML, like Gecko) Version/8.0.2 Safari/600.2.5"
77.20.250.155 - - [09/Jan/2015:11:16:45 +0100] "GET /images/header.png HTTP/1.1" 200 1494 "http://www.mbingenieure.de/" "Mozilla/5.0 (Macintosh; Intel Mac OS X 10_10_1) AppleWebKit/600.2.5 (KHTML, like Gecko) Version/8.0.2 Safari/600.2.5"
77.20.250.155 - - [09/Jan/2015:11:16:46 +0100] "GET /images/logo.png HTTP/1.1" 200 16467 "http://www.mbingenieure.de/" "Mozilla/5.0 (Macintosh; Intel Mac OS X 10_10_1) AppleWebKit/600.2.5 (KHTML, like Gecko) Version/8.0.2 Safari/600.2.5"
77.20.250.155 - - [09/Jan/2015:11:16:46 +0100] "GET /images/bild4.png HTTP/1.1" 200 65856 "http://www.mbingenieure.de/" "Mozilla/5.0 (Macintosh; Intel Mac OS X 10_10_1) AppleWebKit/600.2.5 (KHTML, like Gecko) Version/8.0.2 Safari/600.2.5"
77.20.250.155 - - [09/Jan/2015:11:16:46 +0100] "GET /images/bild2.png HTTP/1.1" 200 68475 "http://www.mbingenieure.de/" "Mozilla/5.0 (Macintosh; Intel Mac OS X 10_10_1) AppleWebKit/600.2.5 (KHTML, like Gecko) Version/8.0.2 Safari/600.2.5"
77.20.250.155 - - [09/Jan/2015:11:16:46 +0100] "GET /images/bild1.png HTTP/1.1" 200 16301 "http://www.mbingenieure.de/" "Mozilla/5.0 (Macintosh; Intel Mac OS X 10_10_1) AppleWebKit/600.2.5 (KHTML, like Gecko) Version/8.0.2 Safari/600.2.5"
77.20.250.155 - - [09/Jan/2015:11:16:46 +0100] "GET /images/navi.png HTTP/1.1" 200 946 "http://www.mbingenieure.de/" "Mozilla/5.0 (Macintosh; Intel Mac OS X 10_10_1) AppleWebKit/600.2.5 (KHTML, like Gecko) Version/8.0.2 Safari/600.2.5"
77.20.250.155 - - [09/Jan/2015:11:16:47 +0100] "GET /favicon.ico HTTP/1.1" 200 93062 "http://www.mbingenieure.de/" "Mozilla/5.0 (Macintosh; Intel Mac OS X 10_10_1) AppleWebKit/600.2.5 (KHTML, like Gecko) Version/8.0.2 Safari/600.2.5"
77.20.250.155 - - [09/Jan/2015:11:16:53 +0100] "GET /uns.html HTTP/1.1" 200 4398 "http://www.mbingenieure.de/" "Mozilla/5.0 (Macintosh; Intel Mac OS X 10_10_1) AppleWebKit/600.2.5 (KHTML, like Gecko) Version/8.0.2 Safari/600.2.5"
