77.20.250.155 - - [09/Jan/2015:11:17:07 +0100] "GET /referenz.html HTTP/1.1" 200 10703 "http://www.mbingenieure.de/uns.html" "Mozilla/5.0 (Macintosh; Intel Mac OS X 10_10_1) AppleWebKit/600.2.5 (KHTML, like Gecko) Version/8.0.2 Safari/600.2.5"
77.20.250.155 - - [09/Jan/2015:11:17:19 +0100] "GET /spektrum.html HTTP/1.1" 200 4365 "http://www.mbingenieure.de/uns.html" "Mozilla/5.0 (Macintosh; Intel Mac OS X 10_10_1) AppleWebKit/600.2.5 (KHTML, like Gecko) Version/8.0.2 Safari/600.2.5"
77.20.250.155 - - [09/Jan/2015:11:17:39 +0100] "GET /projekte.html HTTP/1.1" 200 7938 "http://www.mbingenieure.de/referenz.html" "Mozilla/5.0 (Macintosh; Intel Mac OS X 10_10_1) AppleWebKit/600.2.5 (KHTML, like Gecko) Version/8.0.2 Safari/600.2.5"
77.20.250.155 - - [09/Jan/2015:11:17:40 +0100] "GET /images/0542a.png HTTP/1.1" 200 15693 "http://www.mbingenieure.de/projekte.html" "Mozilla/5.0 (Macintosh; Intel Mac OS X 10_10_1) AppleWebKit/600.2.5 (KHTML, like Gecko) Version/8.0.2 Safari/600.2.5"
77.20.250.155 - - [09/Jan/2015:11:17:40 +0100] "GET /images/0941a.png HTTP/1.1" 200 14217 "http://www.mbingenieure.de/projekte.html" "Mozilla/5.0 (Macintosh; Intel Mac OS X 10_10_1) AppleWebKit/600.2.5 (KHTML, like Gecko) Version/8.0.2 Safari/600.2.5"
77.20.250.155 - - [09/Jan/2015:11:17:40 +0100] "GET /images/0541a.png HTTP/1.1" 200 16258 "http://www.mbingenieure.de/projekte.html" "Mozilla/5.0 (Macintosh; Intel Mac OS X 10_10_1) AppleWebKit/600.2.5 (KHTML, like Gecko) Version/8.0.2 Safari/600.2.5"
77.20.250.155 - - [09/Jan/2015:11:17:40 +0100] "GET /images/0543a.png HTTP/1.1" 200 16618 "http://www.mbingenieure.de/projekte.html" "Mozilla/5.0 (Macintosh; Intel Mac OS X 10_10_1) AppleWebKit/600.2.5 (KHTML, like Gecko) Version/8.0.2 Safari/600.2.5"
77.20.250.155 - - [09/Jan/2015:11:17:56 +0100] "GET /partner.html HTTP/1.1" 200 4401 "http://www.mbingenieure.de/projekte.html" "Mozilla/5.0 (Macintosh; Intel Mac OS X 10_10_1) AppleWebKit/600.2.5 (KHTML, like Gecko) Version/8.0.2 Safari/600.2.5"
77.20.250.155 - - [09/Jan/2015:11:18:03 +0100] "GET /impressum.html HTTP/1.1" 200 5721 "http://www.mbingenieure.de/partner.html" "Mozilla/5.0 (Macintosh; Intel Mac OS X 10_10_1) AppleWebKit/600.2.5 (KHTML, like Gecko) Version/8.0.2 Safari/600.2.5"
162.210.196.130 - - [09/Jan/2015:12:43:31 +0100] "GET /robots.txt HTTP/1.0" 404 - "-" "Mozilla/5.0 (compatible; MJ12bot/v1.4.5; http://www.majestic12.co.uk/bot.php?+)"
162.210.196.130 - - [09/Jan/2015:12:43:32 +0100] "GET / HTTP/1.0" 200 4688 "-" "Mozilla/5.0 (compatible; MJ12bot/v1.4.5; http://www.majestic12.co.uk/bot.php?+)"
81.209.177.145 - - [09/Jan/2015:20:41:40 +0100] "GET /robots.txt HTTP/1.1" 404 - "-" "netEstate NE Crawler (+http://www.website-datenbank.de/)"
81.209.177.145 - - [09/Jan/2015:20:41:40 +0100] "GET / HTTP/1.1" 200 4688 "-" "netEstate NE Crawler (+http://www.website-datenbank.de/)"
81.209.177.145 - - [09/Jan/2015:20:41:40 +0100] "GET /impressum.html HTTP/1.1" 200 5721 "-" "netEstate NE Crawler (+http://www.website-datenbank.de/)"
81.209.177.145 - - [09/Jan/2015:20:41:40 +0100] "GET / HTTP/1.1" 200 4688 "-" "netEstate NE Crawler (+http://www.website-datenbank.de/)"
178.16.220.162 - - [09/Jan/2015:22:58:17 +0100] "GET / HTTP/1.1" 200 4688 "http://www.sxenon.de/" "Mozilla/5.0 (Android; Tablet; rv:34.0) Gecko/34.0 Firefox/34.0"
178.16.220.162 - - [09/Jan/2015:22:58:17 +0100] "GET /css/style.css HTTP/1.1" 200 2831 "http://www.mbingenieure.de/" "Mozilla/5.0 (Android; Tablet; rv:34.0) Gecko/34.0 Firefox/34.0"
178.16.220.162 - - [09/Jan/2015:22:58:17 +0100] "GET /js/plugins.js HTTP/1.1" 200 898 "http://www.mbingenieure.de/" "Mozilla/5.0 (Android; Tablet; rv:34.0) Gecko/34.0 Firefox/34.0"
178.16.220.162 - - [09/Jan/2015:22:58:17 +0100] "GET /js/libs/modernizr-2.5.3.min.js HTTP/1.1" 200 15274 "http://www.mbingenieure.de/" "Mozilla/5.0 (Android; Tablet; rv:34.0) Gecko/34.0 Firefox/34.0"
178.16.220.162 - - [09/Jan/2015:22:58:17 +0100] "GET /images/logo.png HTTP/1.1" 200 16467 "http://www.mbingenieure.de/" "Mozilla/5.0 (Android; Tablet; rv:34.0) Gecko/34.0 Firefox/34.0"
178.16.220.162 - - [09/Jan/2015:22:58:17 +0100] "GET /images/footer.png HTTP/1.1" 200 1064 "http://www.mbingenieure.de/css/style.css" "Mozilla/5.0 (Android; Tablet; rv:34.0) Gecko/34.0 Firefox/34.0"
178.16.220.162 - - [09/Jan/2015:22:58:17 +0100] "GET /images/bild1.png HTTP/1.1" 200 16301 "http://www.mbingenieure.de/" "Mozilla/5.0 (Android; Tablet; rv:34.0) Gecko/34.0 Firefox/34.0"
178.16.220.162 - - [09/Jan/2015:22:58:18 +0100] "GET /images/header.png HTTP/1.1" 200 1494 "http://www.mbingenieure.de/css/style.css" "Mozilla/5.0 (Android; Tablet; rv:34.0) Gecko/34.0 Firefox/34.0"
178.16.220.162 - - [09/Jan/2015:22:58:17 +0100] "GET /images/bild4.png HTTP/1.1" 200 65856 "http://www.mbingenieure.de/" "Mozilla/5.0 (Android; Tablet; rv:34.0) Gecko/34.0 Firefox/34.0"
178.16.220.162 - - [09/Jan/2015:22:58:17 +0100] "GET /images/bild2.png HTTP/1.1" 200 68475 "http://www.mbingenieure.de/" "Mozilla/5.0 (Android; Tablet; rv:34.0) Gecko/34.0 Firefox/34.0"
178.16.220.162 - - [09/Jan/2015:22:58:18 +0100] "GET /images/navi.png HTTP/1.1" 200 946 "http://www.mbingenieure.de/css/style.css" "Mozilla/5.0 (Android; Tablet; rv:34.0) Gecko/34.0 Firefox/34.0"
178.16.220.162 - - [09/Jan/2015:22:58:20 +0100] "GET /favicon.ico HTTP/1.1" 200 93062 "-" "Mozilla/5.0 (Android; Tablet; rv:34.0.1) Gecko/34.0.1 Firefox/34.0.1"
178.16.220.162 - - [09/Jan/2015:22:58:38 +0100] "GET /uns.html HTTP/1.1" 200 4398 "http://www.mbingenieure.de/" "Mozilla/5.0 (Android; Tablet; rv:34.0) Gecko/34.0 Firefox/34.0"
178.16.220.162 - - [09/Jan/2015:22:59:00 +0100] "GET /spektrum.html HTTP/1.1" 200 4365 "http://www.mbingenieure.de/uns.html" "Mozilla/5.0 (Android; Tablet; rv:34.0) Gecko/34.0 Firefox/34.0"
178.16.220.162 - - [09/Jan/2015:22:59:16 +0100] "GET /referenz.html HTTP/1.1" 200 10703 "http://www.mbingenieure.de/spektrum.html" "Mozilla/5.0 (Android; Tablet; rv:34.0) Gecko/34.0 Firefox/34.0"
81.89.96.88 - - [09/Jan/2015:22:59:52 +0100] "GET /projekte.html HTTP/1.1" 200 7938 "http://www.mbingenieure.de/referenz.html" "Mozilla/5.0 (Android; Tablet; rv:34.0) Gecko/34.0 Firefox/34.0"
81.89.96.88 - - [09/Jan/2015:22:59:52 +0100] "GET /images/0542a.png HTTP/1.1" 200 15693 "http://www.mbingenieure.de/projekte.html" "Mozilla/5.0 (Android; Tablet; rv:34.0) Gecko/34.0 Firefox/34.0"
81.89.96.88 - - [09/Jan/2015:22:59:52 +0100] "GET /images/0543a.png HTTP/1.1" 200 16618 "http://www.mbingenieure.de/projekte.html" "Mozilla/5.0 (Android; Tablet; rv:34.0) Gecko/34.0 Firefox/34.0"
81.89.96.88 - - [09/Jan/2015:22:59:52 +0100] "GET /images/0541a.png HTTP/1.1" 200 16258 "http://www.mbingenieure.de/projekte.html" "Mozilla/5.0 (Android; Tablet; rv:34.0) Gecko/34.0 Firefox/34.0"
81.89.96.88 - - [09/Jan/2015:22:59:52 +0100] "GET /images/0941a.png HTTP/1.1" 200 14217 "http://www.mbingenieure.de/projekte.html" "Mozilla/5.0 (Android; Tablet; rv:34.0) Gecko/34.0 Firefox/34.0"
66.249.78.84 - - [10/Jan/2015:14:47:15 +0100] "GET /robots.txt HTTP/1.1" 404 - "-" "Mozilla/5.0 (compatible; Googlebot/2.1; +http://www.google.com/bot.html)"
66.249.78.77 - - [10/Jan/2015:14:47:15 +0100] "GET / HTTP/1.1" 200 4688 "-" "Mozilla/5.0 (iPhone; CPU iPhone OS 6_0 like Mac OS X) AppleWebKit/536.26 (KHTML, like Gecko) Version/6.0 Mobile/10A5376e Safari/8536.25 (compatible; Googlebot/2.1; +http://www.google.com/bot.html)"
207.46.13.104 - - [10/Jan/2015:17:14:01 +0100] "GET /robots.txt HTTP/1.1" 404 - "-" "Mozilla/5.0 (compatible; bingbot/2.0; +http://www.bing.com/bingbot.htm)"
207.46.13.104 - - [10/Jan/2015:17:14:22 +0100] "GET /referenz.html HTTP/1.1" 200 10703 "-" "Mozilla/5.0 (compatible; bingbot/2.0; +http://www.bing.com/bingbot.htm)"
207.46.13.104 - - [10/Jan/2015:17:14:22 +0100] "GET /index.html HTTP/1.1" 200 4688 "-" "Mozilla/5.0 (compatible; bingbot/2.0; +http://www.bing.com/bingbot.htm)"
207.46.13.104 - - [10/Jan/2015:17:14:23 +0100] "GET /impressum.html HTTP/1.1" 200 5721 "-" "Mozilla/5.0 (compatible; bingbot/2.0; +http://www.bing.com/bingbot.htm)"
207.46.13.104 - - [10/Jan/2015:17:14:23 +0100] "GET /uns.html HTTP/1.1" 200 4398 "-" "Mozilla/5.0 (compatible; bingbot/2.0; +http://www.bing.com/bingbot.htm)"
46.229.164.112 - - [10/Jan/2015:17:37:09 +0100] "GET / HTTP/1.1" 200 4688 "-" "Mozilla/5.0 (compatible; SemrushBot/0.98~bl; +http://www.semrush.com/bot.html)"
95.90.245.108 - - [11/Jan/2015:00:10:01 +0100] "GET / HTTP/1.1" 200 4688 "http://www.tanzkapelle-krause.de/freunde.html" "Mozilla/5.0 (Linux; U; Android 4.3; de-de; GT-I9300 Build/JSS15J) AppleWebKit/534.30 (KHTML, like Gecko) Version/4.0 Mobile Safari/534.30"
95.90.245.108 - - [11/Jan/2015:00:10:01 +0100] "GET /css/style.css HTTP/1.1" 200 2831 "http://www.mbingenieure.de/" "Mozilla/5.0 (Linux; U; Android 4.3; de-de; GT-I9300 Build/JSS15J) AppleWebKit/534.30 (KHTML, like Gecko) Version/4.0 Mobile Safari/534.30"
95.90.245.108 - - [11/Jan/2015:00:10:01 +0100] "GET /js/libs/modernizr-2.5.3.min.js HTTP/1.1" 200 15274 "http://www.mbingenieure.de/" "Mozilla/5.0 (Linux; U; Android 4.3; de-de; GT-I9300 Build/JSS15J) AppleWebKit/534.30 (KHTML, like Gecko) Version/4.0 Mobile Safari/534.30"
95.90.245.108 - - [11/Jan/2015:00:10:01 +0100] "GET /js/plugins.js HTTP/1.1" 200 898 "http://www.mbingenieure.de/" "Mozilla/5.0 (Linux; U; Android 4.3; de-de; GT-I9300 Build/JSS15J) AppleWebKit/534.30 (KHTML, like Gecko) Version/4.0 Mobile Safari/534.30"
95.90.245.108 - - [11/Jan/2015:00:10:01 +0100] "GET /images/footer.png HTTP/1.1" 200 1064 "http://www.mbingenieure.de/" "Mozilla/5.0 (Linux; U; Android 4.3; de-de; GT-I9300 Build/JSS15J) AppleWebKit/534.30 (KHTML, like Gecko) Version/4.0 Mobile Safari/534.30"
95.90.245.108 - - [11/Jan/2015:00:10:01 +0100] "GET /images/header.png HTTP/1.1" 200 1494 "http://www.mbingenieure.de/" "Mozilla/5.0 (Linux; U; Android 4.3; de-de; GT-I9300 Build/JSS15J) AppleWebKit/534.30 (KHTML, like Gecko) Version/4.0 Mobile Safari/534.30"
95.90.245.108 - - [11/Jan/2015:00:10:01 +0100] "GET /images/logo.png HTTP/1.1" 200 16467 "http://www.mbingenieure.de/" "Mozilla/5.0 (Linux; U; Android 4.3; de-de; GT-I9300 Build/JSS15J) AppleWebKit/534.30 (KHTML, like Gecko) Version/4.0 Mobile Safari/534.30"
95.90.245.108 - - [11/Jan/2015:00:10:01 +0100] "GET /images/navi.png HTTP/1.1" 200 946 "http://www.mbingenieure.de/" "Mozilla/5.0 (Linux; U; Android 4.3; de-de; GT-I9300 Build/JSS15J) AppleWebKit/534.30 (KHTML, like Gecko) Version/4.0 Mobile Safari/534.30"
95.90.245.108 - - [11/Jan/2015:00:10:01 +0100] "GET /images/bild1.png HTTP/1.1" 200 16301 "http://www.mbingenieure.de/" "Mozilla/5.0 (Linux; U; Android 4.3; de-de; GT-I9300 Build/JSS15J) AppleWebKit/534.30 (KHTML, like Gecko) Version/4.0 Mobile Safari/534.30"
95.90.245.108 - - [11/Jan/2015:00:10:01 +0100] "GET /images/bild4.png HTTP/1.1" 200 65856 "http://www.mbingenieure.de/" "Mozilla/5.0 (Linux; U; Android 4.3; de-de; GT-I9300 Build/JSS15J) AppleWebKit/534.30 (KHTML, like Gecko) Version/4.0 Mobile Safari/534.30"
95.90.245.108 - - [11/Jan/2015:00:10:01 +0100] "GET /images/bild2.png HTTP/1.1" 200 68475 "http://www.mbingenieure.de/" "Mozilla/5.0 (Linux; U; Android 4.3; de-de; GT-I9300 Build/JSS15J) AppleWebKit/534.30 (KHTML, like Gecko) Version/4.0 Mobile Safari/534.30"
95.90.245.108 - - [11/Jan/2015:00:10:02 +0100] "GET /favicon.ico HTTP/1.1" 200 93062 "http://www.mbingenieure.de/" "Mozilla/5.0 (Linux; U; Android 4.3; de-de; GT-I9300 Build/JSS15J) AppleWebKit/534.30 (KHTML, like Gecko) Version/4.0 Mobile Safari/534.30"
87.145.212.130 - - [11/Jan/2015:11:51:46 +0100] "GET / HTTP/1.1" 200 4688 "http://www.bigfinder.de/?c=ws&q=online&v=1" "Mozilla/4.0 (compatible; MSIE 8.0; Windows NT 6.1; Trident/4.0; SLCC2; .NET CLR 2.0.50727; .NET CLR 3.5.30729; .NET CLR 3.0.30729; Media Center PC 6.0)"
66.249.78.91 - - [11/Jan/2015:16:22:31 +0100] "GET /robots.txt HTTP/1.1" 404 - "-" "Mozilla/5.0 (compatible; Googlebot/2.1; +http://www.google.com/bot.html)"
66.249.78.91 - - [11/Jan/2015:16:22:31 +0100] "GET / HTTP/1.1" 200 4688 "-" "Mozilla/5.0 (compatible; Googlebot/2.1; +http://www.google.com/bot.html)"
66.249.78.84 - - [11/Jan/2015:16:27:31 +0100] "GET /css/style.css HTTP/1.1" 200 2831 "-" "Mozilla/5.0 (compatible; Googlebot/2.1; +http://www.google.com/bot.html)"
66.249.78.91 - - [11/Jan/2015:16:27:42 +0100] "GET /js/libs/modernizr-2.5.3.min.js HTTP/1.1" 200 15274 "http://www.mbingenieure.de/" "Mozilla/5.0 (compatible; Googlebot/2.1; +http://www.google.com/bot.html)"
66.249.78.84 - - [11/Jan/2015:16:27:48 +0100] "GET /js/plugins.js HTTP/1.1" 200 898 "http://www.mbingenieure.de/" "Mozilla/5.0 (compatible; Googlebot/2.1; +http://www.google.com/bot.html)"
87.145.212.130 - - [11/Jan/2015:19:25:02 +0100] "GET / HTTP/1.1" 200 4688 "http://www.bigfinder.de/?c=ws&q=online&v=1" "Mozilla/4.0 (compatible; MSIE 8.0; Windows NT 6.1; Trident/4.0; SLCC2; .NET CLR 2.0.50727; .NET CLR 3.5.30729; .NET CLR 3.0.30729; Media Center PC 6.0)"
66.249.78.91 - - [11/Jan/2015:21:39:10 +0100] "GET /js/libs/modernizr-2.5.3.min.js HTTP/1.1" 200 15274 "-" "Mozilla/5.0 (compatible; Googlebot/2.1; +http://www.google.com/bot.html)"
217.151.51.35 - - [11/Jan/2015:22:17:36 +0100] "GET / HTTP/1.1" 200 4688 "-" "Mozilla/5.0 (Windows NT 5.1; rv:26.0) Gecko/20100101 Firefox/26.0"
217.151.51.35 - - [11/Jan/2015:22:17:38 +0100] "GET /js/libs/modernizr-2.5.3.min.js HTTP/1.1" 200 15274 "http://www.mbingenieure.de/" "Mozilla/5.0 (Windows NT 5.1; rv:26.0) Gecko/20100101 Firefox/26.0"
217.151.51.35 - - [11/Jan/2015:22:17:38 +0100] "GET /css/style.css HTTP/1.1" 200 2831 "http://www.mbingenieure.de/" "Mozilla/5.0 (Windows NT 5.1; rv:26.0) Gecko/20100101 Firefox/26.0"
217.151.51.35 - - [11/Jan/2015:22:17:38 +0100] "GET /js/plugins.js HTTP/1.1" 200 898 "http://www.mbingenieure.de/" "Mozilla/5.0 (Windows NT 5.1; rv:26.0) Gecko/20100101 Firefox/26.0"
217.151.51.35 - - [11/Jan/2015:22:17:39 +0100] "GET /favicon.ico HTTP/1.1" 200 93062 "-" "Mozilla/5.0 (Windows NT 5.1; rv:26.0) Gecko/20100101 Firefox/26.0"
217.151.51.35 - - [11/Jan/2015:22:17:50 +0100] "GET /index.html HTTP/1.1" 200 4688 "-" "Mozilla/5.0 (Windows NT 5.1; rv:26.0) Gecko/20100101 Firefox/26.0"
217.151.51.35 - - [11/Jan/2015:22:17:56 +0100] "GET /uns.html HTTP/1.1" 200 4398 "-" "Mozilla/5.0 (Windows NT 5.1; rv:26.0) Gecko/20100101 Firefox/26.0"
217.151.51.35 - - [11/Jan/2015:22:18:03 +0100] "GET /spektrum.html HTTP/1.1" 200 4365 "-" "Mozilla/5.0 (Windows NT 5.1; rv:26.0) Gecko/20100101 Firefox/26.0"
217.151.51.35 - - [11/Jan/2015:22:18:10 +0100] "GET /kontakt.html HTTP/1.1" 200 4451 "-" "Mozilla/5.0 (Windows NT 5.1; rv:26.0) Gecko/20100101 Firefox/26.0"
217.151.51.35 - - [11/Jan/2015:22:18:18 +0100] "GET /partner.html HTTP/1.1" 200 4401 "-" "Mozilla/5.0 (Windows NT 5.1; rv:26.0) Gecko/20100101 Firefox/26.0"
217.151.51.35 - - [11/Jan/2015:22:18:25 +0100] "GET /referenz.html HTTP/1.1" 200 10703 "-" "Mozilla/5.0 (Windows NT 5.1; rv:26.0) Gecko/20100101 Firefox/26.0"
217.151.51.35 - - [11/Jan/2015:22:18:31 +0100] "GET /impressum.html HTTP/1.1" 200 5721 "-" "Mozilla/5.0 (Windows NT 5.1; rv:26.0) Gecko/20100101 Firefox/26.0"
66.249.78.91 - - [11/Jan/2015:22:30:33 +0100] "GET /js/plugins.js HTTP/1.1" 200 898 "-" "Mozilla/5.0 (compatible; Googlebot/2.1; +http://www.google.com/bot.html)"
66.249.78.84 - - [11/Jan/2015:23:12:46 +0100] "GET / HTTP/1.1" 200 4688 "-" "Mozilla/5.0 (compatible; Googlebot/2.1; +http://www.google.com/bot.html)"
157.55.39.99 - - [12/Jan/2015:00:17:08 +0100] "GET /robots.txt HTTP/1.1" 404 - "-" "Mozilla/5.0 (compatible; bingbot/2.0; +http://www.bing.com/bingbot.htm)"
157.55.39.99 - - [12/Jan/2015:00:17:11 +0100] "GET / HTTP/1.1" 304 - "-" "Mozilla/5.0 (compatible; bingbot/2.0; +http://www.bing.com/bingbot.htm)"
208.115.111.69 - - [12/Jan/2015:01:30:12 +0100] "GET /robots.txt HTTP/1.1" 404 - "-" "Mozilla/5.0 (compatible; DotBot/1.1; http://www.opensiteexplorer.org/dotbot, help@moz.com)"
88.198.1.77 - - [12/Jan/2015:01:31:00 +0100] "GET /robots.txt HTTP/1.1" 404 - "http://www.sitedomain.de/" "Sitedomain-Bot(Sitedomain-Bot 1.0, http://www.sitedomain.de/sitedomain-bot/)"
208.115.111.69 - - [12/Jan/2015:02:10:24 +0100] "GET /partner.html HTTP/1.1" 200 4401 "-" "Mozilla/5.0 (compatible; DotBot/1.1; http://www.opensiteexplorer.org/dotbot, help@moz.com)"
107.170.42.7 - - [12/Jan/2015:04:27:38 +0100] "GET /robots.txt HTTP/1.1" 404 - "-" "Mozilla/5.0 (compatible; spbot/4.4.2; +http://OpenLinkProfiler.org/bot )"
107.170.42.7 - - [12/Jan/2015:04:27:43 +0100] "GET / HTTP/1.1" 200 4688 "-" "Mozilla/5.0 (compatible; spbot/4.4.2; +http://OpenLinkProfiler.org/bot )"
107.170.42.7 - - [12/Jan/2015:04:27:44 +0100] "GET /uns.html HTTP/1.1" 200 4398 "http://www.mbingenieure.de/" "Mozilla/5.0 (compatible; spbot/4.4.2; +http://OpenLinkProfiler.org/bot )"
107.170.42.7 - - [12/Jan/2015:04:27:48 +0100] "GET /index.html HTTP/1.1" 200 4688 "http://www.mbingenieure.de/" "Mozilla/5.0 (compatible; spbot/4.4.2; +http://OpenLinkProfiler.org/bot )"
107.170.42.7 - - [12/Jan/2015:04:27:52 +0100] "GET /partner.html HTTP/1.1" 200 4401 "http://www.mbingenieure.de/" "Mozilla/5.0 (compatible; spbot/4.4.2; +http://OpenLinkProfiler.org/bot )"
107.170.42.7 - - [12/Jan/2015:04:27:58 +0100] "GET /kontakt.html HTTP/1.1" 200 4451 "http://www.mbingenieure.de/" "Mozilla/5.0 (compatible; spbot/4.4.2; +http://OpenLinkProfiler.org/bot )"
107.170.42.7 - - [12/Jan/2015:04:28:03 +0100] "GET /spektrum.html HTTP/1.1" 200 4365 "http://www.mbingenieure.de/" "Mozilla/5.0 (compatible; spbot/4.4.2; +http://OpenLinkProfiler.org/bot )"
107.170.42.7 - - [12/Jan/2015:04:28:07 +0100] "GET /referenz.html HTTP/1.1" 200 10703 "http://www.mbingenieure.de/" "Mozilla/5.0 (compatible; spbot/4.4.2; +http://OpenLinkProfiler.org/bot )"
107.170.42.7 - - [12/Jan/2015:04:28:13 +0100] "GET /projekte.html HTTP/1.1" 200 7938 "http://www.mbingenieure.de/referenz.html" "Mozilla/5.0 (compatible; spbot/4.4.2; +http://OpenLinkProfiler.org/bot )"
107.170.42.7 - - [12/Jan/2015:04:28:17 +0100] "GET /impressum.html HTTP/1.1" 200 5721 "http://www.mbingenieure.de/" "Mozilla/5.0 (compatible; spbot/4.4.2; +http://OpenLinkProfiler.org/bot )"
192.99.149.88 - - [12/Jan/2015:06:00:52 +0100] "GET /robots.txt HTTP/1.1" 404 - "-" "Mozilla/5.0 (Windows NT 6.1; WOW64; Trident/7.0; rv:11.0) like Gecko"
192.99.149.88 - - [12/Jan/2015:06:00:52 +0100] "GET / HTTP/1.1" 200 4688 "-" "Mozilla/5.0 (Windows NT 6.1; WOW64; Trident/7.0; rv:11.0) like Gecko"
192.99.149.88 - - [12/Jan/2015:06:00:52 +0100] "GET /index.html HTTP/1.1" 200 4688 "-" "Mozilla/5.0 (Windows NT 6.1; WOW64; Trident/7.0; rv:11.0) like Gecko"
192.99.149.88 - - [12/Jan/2015:06:00:52 +0100] "GET /uns.html HTTP/1.1" 200 4398 "-" "Mozilla/5.0 (Windows NT 6.1; WOW64; Trident/7.0; rv:11.0) like Gecko"
192.99.149.88 - - [12/Jan/2015:06:00:52 +0100] "GET /spektrum.html HTTP/1.1" 200 4365 "-" "Mozilla/5.0 (Windows NT 6.1; WOW64; Trident/7.0; rv:11.0) like Gecko"
192.99.149.88 - - [12/Jan/2015:06:00:53 +0100] "GET /referenz.html HTTP/1.1" 200 10703 "-" "Mozilla/5.0 (Windows NT 6.1; WOW64; Trident/7.0; rv:11.0) like Gecko"
192.99.149.88 - - [12/Jan/2015:06:00:53 +0100] "GET /partner.html HTTP/1.1" 200 4401 "-" "Mozilla/5.0 (Windows NT 6.1; WOW64; Trident/7.0; rv:11.0) like Gecko"
192.99.149.88 - - [12/Jan/2015:06:00:53 +0100] "GET /kontakt.html HTTP/1.1" 200 4451 "-" "Mozilla/5.0 (Windows NT 6.1; WOW64; Trident/7.0; rv:11.0) like Gecko"
192.99.149.88 - - [12/Jan/2015:06:00:53 +0100] "GET /impressum.html HTTP/1.1" 200 5721 "-" "Mozilla/5.0 (Windows NT 6.1; WOW64; Trident/7.0; rv:11.0) like Gecko"
192.99.149.88 - - [12/Jan/2015:06:00:53 +0100] "GET /projekte.html HTTP/1.1" 200 7938 "-" "Mozilla/5.0 (Windows NT 6.1; WOW64; Trident/7.0; rv:11.0) like Gecko"
46.4.12.20 - - [12/Jan/2015:07:15:44 +0100] "GET /robots.txt HTTP/1.0" 404 - "-" "Mozilla/5.0 (compatible; MJ12bot/v1.4.5; http://www.majestic12.co.uk/bot.php?+)"
46.4.12.20 - - [12/Jan/2015:07:15:46 +0100] "GET /projekte.html HTTP/1.0" 200 7938 "-" "Mozilla/5.0 (compatible; MJ12bot/v1.4.5; http://www.majestic12.co.uk/bot.php?+)"
46.4.12.20 - - [12/Jan/2015:07:15:52 +0100] "GET /referenz.html HTTP/1.0" 200 10703 "-" "Mozilla/5.0 (compatible; MJ12bot/v1.4.5; http://www.majestic12.co.uk/bot.php?+)"
46.4.12.20 - - [12/Jan/2015:07:16:00 +0100] "GET /spektrum.html HTTP/1.0" 200 4365 "-" "Mozilla/5.0 (compatible; MJ12bot/v1.4.5; http://www.majestic12.co.uk/bot.php?+)"
46.4.12.20 - - [12/Jan/2015:07:16:15 +0100] "GET /uns.html HTTP/1.0" 200 4398 "-" "Mozilla/5.0 (compatible; MJ12bot/v1.4.5; http://www.majestic12.co.uk/bot.php?+)"
87.145.212.130 - - [12/Jan/2015:07:32:13 +0100] "GET / HTTP/1.1" 200 4688 "http://m.bigfinder.de/?c=ws&q=internet&v=1" "Mozilla/5.0 (Windows; U; Windows NT 6.0; en-US) AppleWebKit/533.4 (KHTML, like Gecko) Chrome/5.0.375.126 Safari/533.4"
66.249.78.77 - - [12/Jan/2015:08:36:13 +0100] "GET /robots.txt HTTP/1.1" 404 - "-" "Mozilla/5.0 (compatible; Googlebot/2.1; +http://www.google.com/bot.html)"
66.249.78.84 - - [12/Jan/2015:08:36:14 +0100] "GET /spektrum.html HTTP/1.1" 304 - "-" "Mozilla/5.0 (compatible; Googlebot/2.1; +http://www.google.com/bot.html)"
70.39.157.197 - - [12/Jan/2015:08:54:30 +0100] "GET / HTTP/1.1" 200 4688 "-" "Mozilla/5.0 (compatible; MSIE 9.0; Windows NT 6.1; WOW64; Trident/5.0)"
188.165.15.94 - - [12/Jan/2015:12:05:31 +0100] "GET /robots.txt HTTP/1.1" 404 - "-" "Mozilla/5.0 (compatible; AhrefsBot/5.0; +http://ahrefs.com/robot/)"
66.249.78.91 - - [12/Jan/2015:13:42:37 +0100] "GET / HTTP/1.1" 200 4688 "-" "Mozilla/5.0 (compatible; Googlebot/2.1; +http://www.google.com/bot.html)"
66.249.78.84 - - [12/Jan/2015:13:46:09 +0100] "GET /referenz.html HTTP/1.1" 200 10703 "-" "Mozilla/5.0 (compatible; Googlebot/2.1; +http://www.google.com/bot.html)"
66.249.78.84 - - [12/Jan/2015:14:46:08 +0100] "GET /spektrum.html HTTP/1.1" 304 - "-" "Mozilla/5.0 (compatible; Googlebot/2.1; +http://www.google.com/bot.html)"
213.23.84.208 - - [12/Jan/2015:14:58:03 +0100] "GET / HTTP/1.1" 200 4688 "-" "Mozilla/5.0 (compatible; MSIE 10.0; Windows NT 6.1; WOW64; Trident/6.0)"
213.23.84.208 - - [12/Jan/2015:14:58:03 +0100] "GET /css/style.css HTTP/1.1" 200 2831 "http://www.mbingenieure.de/" "Mozilla/5.0 (compatible; MSIE 10.0; Windows NT 6.1; WOW64; Trident/6.0)"
213.23.84.208 - - [12/Jan/2015:14:58:03 +0100] "GET /js/libs/modernizr-2.5.3.min.js HTTP/1.1" 200 15274 "http://www.mbingenieure.de/" "Mozilla/5.0 (compatible; MSIE 10.0; Windows NT 6.1; WOW64; Trident/6.0)"
213.23.84.208 - - [12/Jan/2015:14:58:03 +0100] "GET /js/plugins.js HTTP/1.1" 200 898 "http://www.mbingenieure.de/" "Mozilla/5.0 (compatible; MSIE 10.0; Windows NT 6.1; WOW64; Trident/6.0)"
213.23.84.208 - - [12/Jan/2015:14:58:03 +0100] "GET /images/logo.png HTTP/1.1" 200 16467 "http://www.mbingenieure.de/" "Mozilla/5.0 (compatible; MSIE 10.0; Windows NT 6.1; WOW64; Trident/6.0)"
213.23.84.208 - - [12/Jan/2015:14:58:03 +0100] "GET /images/bild1.png HTTP/1.1" 200 16301 "http://www.mbingenieure.de/" "Mozilla/5.0 (compatible; MSIE 10.0; Windows NT 6.1; WOW64; Trident/6.0)"
213.23.84.208 - - [12/Jan/2015:14:58:03 +0100] "GET /images/footer.png HTTP/1.1" 200 1064 "http://www.mbingenieure.de/" "Mozilla/5.0 (compatible; MSIE 10.0; Windows NT 6.1; WOW64; Trident/6.0)"
213.23.84.208 - - [12/Jan/2015:14:58:03 +0100] "GET /images/bild2.png HTTP/1.1" 200 68475 "http://www.mbingenieure.de/" "Mozilla/5.0 (compatible; MSIE 10.0; Windows NT 6.1; WOW64; Trident/6.0)"
213.23.84.208 - - [12/Jan/2015:14:58:03 +0100] "GET /images/bild4.png HTTP/1.1" 200 65856 "http://www.mbingenieure.de/" "Mozilla/5.0 (compatible; MSIE 10.0; Windows NT 6.1; WOW64; Trident/6.0)"
213.23.84.208 - - [12/Jan/2015:14:58:03 +0100] "GET /images/header.png HTTP/1.1" 200 1494 "http://www.mbingenieure.de/" "Mozilla/5.0 (compatible; MSIE 10.0; Windows NT 6.1; WOW64; Trident/6.0)"
213.23.84.208 - - [12/Jan/2015:14:58:03 +0100] "GET /images/navi.png HTTP/1.1" 200 946 "http://www.mbingenieure.de/" "Mozilla/5.0 (compatible; MSIE 10.0; Windows NT 6.1; WOW64; Trident/6.0)"
213.23.84.208 - - [12/Jan/2015:14:58:03 +0100] "GET /favicon.ico HTTP/1.1" 200 93062 "-" "Mozilla/5.0 (compatible; MSIE 10.0; Windows NT 6.1; Win64; x64; Trident/6.0)"
213.23.84.208 - - [12/Jan/2015:14:58:11 +0100] "GET /uns.html HTTP/1.1" 200 4398 "http://www.mbingenieure.de/" "Mozilla/5.0 (compatible; MSIE 10.0; Windows NT 6.1; WOW64; Trident/6.0)"
213.23.84.208 - - [12/Jan/2015:14:58:19 +0100] "GET /impressum.html HTTP/1.1" 200 5721 "http://www.mbingenieure.de/uns.html" "Mozilla/5.0 (compatible; MSIE 10.0; Windows NT 6.1; WOW64; Trident/6.0)"
213.23.84.208 - - [12/Jan/2015:14:58:24 +0100] "GET /kontakt.html HTTP/1.1" 200 4451 "http://www.mbingenieure.de/impressum.html" "Mozilla/5.0 (compatible; MSIE 10.0; Windows NT 6.1; WOW64; Trident/6.0)"
213.23.84.208 - - [12/Jan/2015:14:58:31 +0100] "GET /partner.html HTTP/1.1" 200 4401 "http://www.mbingenieure.de/kontakt.html" "Mozilla/5.0 (compatible; MSIE 10.0; Windows NT 6.1; WOW64; Trident/6.0)"
213.23.84.208 - - [12/Jan/2015:14:58:35 +0100] "GET /referenz.html HTTP/1.1" 200 10703 "http://www.mbingenieure.de/partner.html" "Mozilla/5.0 (compatible; MSIE 10.0; Windows NT 6.1; WOW64; Trident/6.0)"
213.23.84.208 - - [12/Jan/2015:14:59:00 +0100] "GET /projekte.html HTTP/1.1" 200 7938 "http://www.mbingenieure.de/referenz.html" "Mozilla/5.0 (compatible; MSIE 10.0; Windows NT 6.1; WOW64; Trident/6.0)"
213.23.84.208 - - [12/Jan/2015:14:59:00 +0100] "GET /images/0543a.png HTTP/1.1" 200 16618 "http://www.mbingenieure.de/projekte.html" "Mozilla/5.0 (compatible; MSIE 10.0; Windows NT 6.1; WOW64; Trident/6.0)"
213.23.84.208 - - [12/Jan/2015:14:59:00 +0100] "GET /images/0542a.png HTTP/1.1" 200 15693 "http://www.mbingenieure.de/projekte.html" "Mozilla/5.0 (compatible; MSIE 10.0; Windows NT 6.1; WOW64; Trident/6.0)"
213.23.84.208 - - [12/Jan/2015:14:59:00 +0100] "GET /images/0541a.png HTTP/1.1" 200 16258 "http://www.mbingenieure.de/projekte.html" "Mozilla/5.0 (compatible; MSIE 10.0; Windows NT 6.1; WOW64; Trident/6.0)"
213.23.84.208 - - [12/Jan/2015:14:59:00 +0100] "GET /images/0941a.png HTTP/1.1" 200 14217 "http://www.mbingenieure.de/projekte.html" "Mozilla/5.0 (compatible; MSIE 10.0; Windows NT 6.1; WOW64; Trident/6.0)"
213.23.84.208 - - [12/Jan/2015:14:59:23 +0100] "GET /index.html HTTP/1.1" 200 4688 "http://www.mbingenieure.de/uns.html" "Mozilla/5.0 (compatible; MSIE 10.0; Windows NT 6.1; WOW64; Trident/6.0)"
46.41.128.95 - - [12/Jan/2015:18:46:56 +0100] "GET / HTTP/1.1" 200 4688 "-" "Mozilla/5.0 (Macintosh; Intel Mac OS X 10_10; rv:33.0) Gecko/20100101 Firefox/33.0"
46.41.128.95 - - [12/Jan/2015:18:46:56 +0100] "GET /impressum.html HTTP/1.1" 200 5721 "-" "libwww-perl/5.833"
46.41.128.95 - - [12/Jan/2015:18:46:57 +0100] "GET /partner.html HTTP/1.1" 200 4401 "-" "libwww-perl/5.833"
46.41.128.95 - - [12/Jan/2015:18:46:57 +0100] "GET /spektrum.html HTTP/1.1" 200 4365 "-" "libwww-perl/5.833"
46.41.128.95 - - [12/Jan/2015:18:46:58 +0100] "GET /index.html HTTP/1.1" 200 4688 "-" "libwww-perl/5.833"
46.41.128.95 - - [12/Jan/2015:18:46:58 +0100] "GET /uns.html HTTP/1.1" 200 4398 "-" "libwww-perl/5.833"
46.41.128.95 - - [12/Jan/2015:18:46:58 +0100] "GET /referenz.html HTTP/1.1" 200 10703 "-" "libwww-perl/5.833"
46.41.128.95 - - [12/Jan/2015:18:46:59 +0100] "GET /projekte.html HTTP/1.1" 200 7938 "-" "libwww-perl/5.833"
46.41.128.95 - - [12/Jan/2015:18:46:59 +0100] "GET /kontakt.html HTTP/1.1" 200 4451 "-" "libwww-perl/5.833"
207.46.13.104 - - [13/Jan/2015:00:46:32 +0100] "GET /impressum.html HTTP/1.1" 200 5721 "-" "Mozilla/5.0 (compatible; bingbot/2.0; +http://www.bing.com/bingbot.htm)"
207.46.13.104 - - [13/Jan/2015:00:46:37 +0100] "GET /robots.txt HTTP/1.1" 404 - "-" "Mozilla/5.0 (compatible; bingbot/2.0; +http://www.bing.com/bingbot.htm)"
157.55.39.99 - - [13/Jan/2015:00:47:04 +0100] "GET /js/libs/modernizr-2.5.3.min.js HTTP/1.1" 200 15274 "-" "Mozilla/5.0 (compatible; bingbot/2.0; +http://www.bing.com/bingbot.htm)"
207.46.13.70 - - [13/Jan/2015:00:47:40 +0100] "GET /css/style.css HTTP/1.1" 200 2831 "-" "Mozilla/5.0 (compatible; bingbot/2.0; +http://www.bing.com/bingbot.htm)"
207.46.13.70 - - [13/Jan/2015:00:47:40 +0100] "GET /js/plugins.js HTTP/1.1" 200 898 "-" "Mozilla/5.0 (compatible; bingbot/2.0; +http://www.bing.com/bingbot.htm)"
66.249.64.28 - - [13/Jan/2015:00:57:21 +0100] "GET /robots.txt HTTP/1.1" 404 - "-" "Mozilla/5.0 (compatible; Googlebot/2.1; +http://www.google.com/bot.html)"
66.249.78.84 - - [13/Jan/2015:00:57:21 +0100] "GET /referenz.html HTTP/1.1" 304 - "-" "Mozilla/5.0 (compatible; Googlebot/2.1; +http://www.google.com/bot.html)"
141.8.147.12 - - [13/Jan/2015:01:42:26 +0100] "GET /robots.txt HTTP/1.1" 404 - "-" "Mozilla/5.0 (compatible; YandexBot/3.0; +http://yandex.com/bots)"
199.30.25.144 - - [13/Jan/2015:01:47:47 +0100] "GET /images/footer.png HTTP/1.1" 200 1064 "http://www.mbingenieure.de/impressum.html" "Mozilla/5.0 (Windows NT 6.1; WOW64) AppleWebKit/534+ (KHTML, like Gecko) BingPreview/1.0b"
199.30.25.144 - - [13/Jan/2015:01:47:47 +0100] "GET /images/navi.png HTTP/1.1" 200 946 "http://www.mbingenieure.de/impressum.html" "Mozilla/5.0 (Windows NT 6.1; WOW64) AppleWebKit/534+ (KHTML, like Gecko) BingPreview/1.0b"
199.30.25.144 - - [13/Jan/2015:01:47:47 +0100] "GET /images/header.png HTTP/1.1" 200 1494 "http://www.mbingenieure.de/impressum.html" "Mozilla/5.0 (Windows NT 6.1; WOW64) AppleWebKit/534+ (KHTML, like Gecko) BingPreview/1.0b"
66.249.78.91 - - [13/Jan/2015:02:34:10 +0100] "GET / HTTP/1.1" 200 4688 "-" "Mozilla/5.0 (compatible; Googlebot/2.1; +http://www.google.com/bot.html)"
66.249.64.28 - - [13/Jan/2015:03:54:37 +0100] "GET /impressum.html HTTP/1.1" 304 - "-" "Mozilla/5.0 (compatible; Googlebot/2.1; +http://www.google.com/bot.html)"
66.249.78.84 - - [13/Jan/2015:06:28:59 +0100] "GET / HTTP/1.1" 200 4688 "-" "Mozilla/5.0 (compatible; Googlebot/2.1; +http://www.google.com/bot.html)"
192.99.149.88 - - [13/Jan/2015:06:37:10 +0100] "GET / HTTP/1.1" 200 4688 "-" "Mozilla/5.0 (Windows NT 6.1; WOW64; Trident/7.0; rv:11.0) like Gecko"
141.8.147.12 - - [13/Jan/2015:07:07:22 +0100] "GET /images/0541a.png HTTP/1.1" 304 - "-" "Mozilla/5.0 (compatible; YandexBot/3.0; +http://yandex.com/bots)"
66.249.78.77 - - [13/Jan/2015:09:28:29 +0100] "GET /impressum.html HTTP/1.1" 304 - "-" "Mozilla/5.0 (compatible; Googlebot/2.1; +http://www.google.com/bot.html)"
93.186.202.239 - - [13/Jan/2015:09:38:49 +0100] "GET /referenz.html HTTP/1.1" 200 10703 "-" "Mozilla/5.0 (Windows NT 6.1) AppleWebKit/537.22 (KHTML, like Gecko) Chrome/25.0.1364.169 Safari/537.22"
144.76.185.173 - - [13/Jan/2015:09:38:51 +0100] "GET /impressum.html HTTP/1.1" 200 5721 "-" "Mozilla/5.0 (Windows NT 6.1; rv:12.0) Gecko/20120403211507 Firefox/12.0"
148.251.69.136 - - [13/Jan/2015:09:38:51 +0100] "GET / HTTP/1.1" 200 4688 "-" "Mozilla/5.0 (Macintosh; Intel Mac OS X 10_6_8) AppleWebKit/537.13+ (KHTML, like Gecko) Version/5.1.7 Safari/534.57.2"
148.251.124.42 - - [13/Jan/2015:09:38:52 +0100] "GET /index.html HTTP/1.1" 200 4688 "-" "Mozilla/5.0 (compatible; MSIE 10.0; Windows NT 6.1; Trident/4.0; InfoPath.2; SV1; .NET CLR 2.0.50727; WOW64)"
148.251.124.42 - - [13/Jan/2015:09:38:52 +0100] "GET /uns.html HTTP/1.1" 200 4398 "-" "Mozilla/5.0 (X11; Linux x86_64) AppleWebKit/534.24 (KHTML, like Gecko) Chrome/11.0.696.34 Safari/534.24"
144.76.155.8 - - [13/Jan/2015:09:38:52 +0100] "GET /kontakt.html HTTP/1.1" 200 4451 "-" "Mozilla/5.0 (X11; Linux x86_64) AppleWebKit/534.24 (KHTML, like Gecko) Chrome/11.0.696.34 Safari/534.24"
194.94.81.162 - - [13/Jan/2015:09:39:54 +0100] "GET / HTTP/1.1" 200 4688 "http://www.google.de/url?sa=t&rct=j&q=&esrc=s&frm=1&source=web&cd=1&ved=0CCwQFjAA&url=http%3A%2F%2Fwww.mbingenieure.de%2F&ei=1dm0VPPnGMSuU927hOAK&usg=AFQjCNEyLqXMZj9hDUfmjIo04GBdDmaXCQ&bvm=bv.83339334,d.d24" "Mozilla/5.0 (compatible; MSIE 10.0; Windows NT 6.1; WOW64; Trident/6.0)"
194.94.81.162 - - [13/Jan/2015:09:39:54 +0100] "GET /css/style.css HTTP/1.1" 200 2831 "http://www.mbingenieure.de/" "Mozilla/5.0 (compatible; MSIE 10.0; Windows NT 6.1; WOW64; Trident/6.0)"
194.94.81.162 - - [13/Jan/2015:09:39:54 +0100] "GET /js/libs/modernizr-2.5.3.min.js HTTP/1.1" 200 15274 "http://www.mbingenieure.de/" "Mozilla/5.0 (compatible; MSIE 10.0; Windows NT 6.1; WOW64; Trident/6.0)"
194.94.81.162 - - [13/Jan/2015:09:39:54 +0100] "GET /images/logo.png HTTP/1.1" 200 16467 "http://www.mbingenieure.de/" "Mozilla/5.0 (compatible; MSIE 10.0; Windows NT 6.1; WOW64; Trident/6.0)"
194.94.81.162 - - [13/Jan/2015:09:39:54 +0100] "GET /images/bild1.png HTTP/1.1" 200 16301 "http://www.mbingenieure.de/" "Mozilla/5.0 (compatible; MSIE 10.0; Windows NT 6.1; WOW64; Trident/6.0)"
194.94.81.162 - - [13/Jan/2015:09:39:54 +0100] "GET /js/plugins.js HTTP/1.1" 200 898 "http://www.mbingenieure.de/" "Mozilla/5.0 (compatible; MSIE 10.0; Windows NT 6.1; WOW64; Trident/6.0)"
194.94.81.162 - - [13/Jan/2015:09:39:54 +0100] "GET /images/footer.png HTTP/1.1" 200 1064 "http://www.mbingenieure.de/" "Mozilla/5.0 (compatible; MSIE 10.0; Windows NT 6.1; WOW64; Trident/6.0)"
194.94.81.162 - - [13/Jan/2015:09:39:54 +0100] "GET /images/bild2.png HTTP/1.1" 200 68475 "http://www.mbingenieure.de/" "Mozilla/5.0 (compatible; MSIE 10.0; Windows NT 6.1; WOW64; Trident/6.0)"
194.94.81.162 - - [13/Jan/2015:09:39:54 +0100] "GET /images/navi.png HTTP/1.1" 200 946 "http://www.mbingenieure.de/" "Mozilla/5.0 (compatible; MSIE 10.0; Windows NT 6.1; WOW64; Trident/6.0)"
194.94.81.162 - - [13/Jan/2015:09:39:54 +0100] "GET /images/header.png HTTP/1.1" 200 1494 "http://www.mbingenieure.de/" "Mozilla/5.0 (compatible; MSIE 10.0; Windows NT 6.1; WOW64; Trident/6.0)"
194.94.81.162 - - [13/Jan/2015:09:39:55 +0100] "GET /images/bild4.png HTTP/1.1" 200 65856 "http://www.mbingenieure.de/" "Mozilla/5.0 (compatible; MSIE 10.0; Windows NT 6.1; WOW64; Trident/6.0)"
194.94.81.162 - - [13/Jan/2015:09:39:55 +0100] "GET /favicon.ico HTTP/1.1" 200 93062 "-" "Mozilla/5.0 (compatible; MSIE 10.0; Windows NT 6.1; WOW64; Trident/6.0)"
144.76.137.226 - - [13/Jan/2015:09:45:21 +0100] "GET /robots.txt HTTP/1.0" 404 - "-" "Mozilla/5.0 (compatible; MJ12bot/v1.4.5; http://www.majestic12.co.uk/bot.php?+)"
144.76.137.226 - - [13/Jan/2015:09:45:23 +0100] "GET /impressum.html HTTP/1.0" 200 5721 "-" "Mozilla/5.0 (compatible; MJ12bot/v1.4.5; http://www.majestic12.co.uk/bot.php?+)"
144.76.137.226 - - [13/Jan/2015:09:45:24 +0100] "GET /index.html HTTP/1.0" 200 4688 "-" "Mozilla/5.0 (compatible; MJ12bot/v1.4.5; http://www.majestic12.co.uk/bot.php?+)"
144.76.137.226 - - [13/Jan/2015:09:45:26 +0100] "GET /kontakt.html HTTP/1.0" 200 4451 "-" "Mozilla/5.0 (compatible; MJ12bot/v1.4.5; http://www.majestic12.co.uk/bot.php?+)"
66.249.78.91 - - [13/Jan/2015:13:54:35 +0100] "GET /robots.txt HTTP/1.1" 404 - "-" "Mozilla/5.0 (compatible; Googlebot/2.1; +http://www.google.com/bot.html)"
66.249.78.84 - - [13/Jan/2015:13:54:35 +0100] "GET / HTTP/1.1" 200 4688 "-" "Mozilla/5.0 (compatible; Googlebot/2.1; +http://www.google.com/bot.html)"
66.249.78.91 - - [13/Jan/2015:17:59:48 +0100] "GET / HTTP/1.1" 200 4688 "-" "Mozilla/5.0 (compatible; Googlebot/2.1; +http://www.google.com/bot.html)"
93.219.101.93 - - [13/Jan/2015:19:01:08 +0100] "GET /referenz.html HTTP/1.1" 200 10703 "http://www.google.de/url?sa=t&rct=j&q=&esrc=s&source=web&cd=1&ved=0CCEQFjAA&url=http%3A%2F%2Fwww.mbingenieure.de%2Freferenz.html&ei=TF21VPGcMcLsaJ2vgYAM&usg=AFQjCNEjBuJQ2-M4Z4j35BAeh7XDA3bhYQ&bvm=bv.83339334,d.d2s" "Mozilla/5.0 (Windows NT 6.1; WOW64; rv:34.0) Gecko/20100101 Firefox/34.0"
93.219.101.93 - - [13/Jan/2015:19:01:08 +0100] "GET /css/style.css HTTP/1.1" 200 2831 "http://www.mbingenieure.de/referenz.html" "Mozilla/5.0 (Windows NT 6.1; WOW64; rv:34.0) Gecko/20100101 Firefox/34.0"
93.219.101.93 - - [13/Jan/2015:19:01:08 +0100] "GET /js/plugins.js HTTP/1.1" 200 898 "http://www.mbingenieure.de/referenz.html" "Mozilla/5.0 (Windows NT 6.1; WOW64; rv:34.0) Gecko/20100101 Firefox/34.0"
93.219.101.93 - - [13/Jan/2015:19:01:08 +0100] "GET /js/libs/modernizr-2.5.3.min.js HTTP/1.1" 200 15274 "http://www.mbingenieure.de/referenz.html" "Mozilla/5.0 (Windows NT 6.1; WOW64; rv:34.0) Gecko/20100101 Firefox/34.0"
93.219.101.93 - - [13/Jan/2015:19:01:08 +0100] "GET /images/header.png HTTP/1.1" 200 1494 "http://www.mbingenieure.de/css/style.css" "Mozilla/5.0 (Windows NT 6.1; WOW64; rv:34.0) Gecko/20100101 Firefox/34.0"
93.219.101.93 - - [13/Jan/2015:19:01:08 +0100] "GET /images/navi.png HTTP/1.1" 200 946 "http://www.mbingenieure.de/css/style.css" "Mozilla/5.0 (Windows NT 6.1; WOW64; rv:34.0) Gecko/20100101 Firefox/34.0"
93.219.101.93 - - [13/Jan/2015:19:01:08 +0100] "GET /images/footer.png HTTP/1.1" 200 1064 "http://www.mbingenieure.de/css/style.css" "Mozilla/5.0 (Windows NT 6.1; WOW64; rv:34.0) Gecko/20100101 Firefox/34.0"
93.219.101.93 - - [13/Jan/2015:19:01:09 +0100] "GET /favicon.ico HTTP/1.1" 200 93062 "-" "Mozilla/5.0 (Windows NT 6.1; WOW64; rv:34.0) Gecko/20100101 Firefox/34.0"
93.219.101.93 - - [13/Jan/2015:19:01:27 +0100] "GET /spektrum.html HTTP/1.1" 200 4365 "http://www.mbingenieure.de/referenz.html" "Mozilla/5.0 (Windows NT 6.1; WOW64; rv:34.0) Gecko/20100101 Firefox/34.0"
93.219.101.93 - - [13/Jan/2015:19:01:34 +0100] "GET /kontakt.html HTTP/1.1" 200 4451 "http://www.mbingenieure.de/spektrum.html" "Mozilla/5.0 (Windows NT 6.1; WOW64; rv:34.0) Gecko/20100101 Firefox/34.0"
93.219.101.93 - - [13/Jan/2015:19:01:50 +0100] "GET /uns.html HTTP/1.1" 200 4398 "http://www.mbingenieure.de/kontakt.html" "Mozilla/5.0 (Windows NT 6.1; WOW64; rv:34.0) Gecko/20100101 Firefox/34.0"
93.219.101.93 - - [13/Jan/2015:19:02:15 +0100] "GET /impressum.html HTTP/1.1" 200 5721 "http://www.mbingenieure.de/referenz.html" "Mozilla/5.0 (Windows NT 6.1; WOW64; rv:34.0) Gecko/20100101 Firefox/34.0"
66.249.78.84 - - [13/Jan/2015:20:31:40 +0100] "GET /projekte.html HTTP/1.1" 304 - "-" "Mozilla/5.0 (compatible; Googlebot/2.1; +http://www.google.com/bot.html)"
66.249.78.91 - - [13/Jan/2015:21:39:50 +0100] "GET /uns.html HTTP/1.1" 304 - "-" "Mozilla/5.0 (compatible; Googlebot/2.1; +http://www.google.com/bot.html)"
66.249.78.84 - - [13/Jan/2015:21:57:54 +0100] "GET / HTTP/1.1" 200 4688 "-" "Mozilla/5.0 (compatible; Googlebot/2.1; +http://www.google.com/bot.html)"
66.249.78.84 - - [13/Jan/2015:22:07:02 +0100] "GET /impressum.html HTTP/1.1" 304 - "-" "Mozilla/5.0 (compatible; Googlebot/2.1; +http://www.google.com/bot.html)"
72.46.136.178 - - [13/Jan/2015:22:08:37 +0100] "GET / HTTP/1.1" 200 4688 "-" "Mozilla/4.0 (compatible; MSIE 6.0; Windows NT 5.1; SV1; Mozilla/4.0 (compatible; MSIE 6.0; Windows NT 5.1; SV1) )"
66.249.78.91 - - [14/Jan/2015:00:06:51 +0100] "GET /spektrum.html HTTP/1.1" 304 - "-" "Mozilla/5.0 (compatible; Googlebot/2.1; +http://www.google.com/bot.html)"
141.8.147.12 - - [14/Jan/2015:00:52:06 +0100] "GET /robots.txt HTTP/1.1" 404 - "-" "Mozilla/5.0 (compatible; YandexBot/3.0; +http://yandex.com/bots)"
78.46.38.10 - - [14/Jan/2015:02:27:27 +0100] "GET /robots.txt HTTP/1.0" 404 - "-" "Mozilla/5.0 (compatible; SEOkicks-Robot; +http://www.seokicks.de/robot.html)"
78.46.38.10 - - [14/Jan/2015:02:27:30 +0100] "GET / HTTP/1.0" 200 4688 "-" "Mozilla/5.0 (compatible; SEOkicks-Robot; +http://www.seokicks.de/robot.html)"
78.46.38.10 - - [14/Jan/2015:02:27:33 +0100] "GET /css/style.css HTTP/1.0" 200 2831 "http://www.mbingenieure.de/" "Mozilla/5.0 (compatible; SEOkicks-Robot; +http://www.seokicks.de/robot.html)"
78.46.38.10 - - [14/Jan/2015:02:27:36 +0100] "GET /js/libs/modernizr-2.5.3.min.js HTTP/1.0" 200 15274 "http://www.mbingenieure.de/" "Mozilla/5.0 (compatible; SEOkicks-Robot; +http://www.seokicks.de/robot.html)"
78.46.38.10 - - [14/Jan/2015:02:27:38 +0100] "GET /js/plugins.js HTTP/1.0" 200 898 "http://www.mbingenieure.de/" "Mozilla/5.0 (compatible; SEOkicks-Robot; +http://www.seokicks.de/robot.html)"
78.46.38.10 - - [14/Jan/2015:02:27:41 +0100] "GET /index.html HTTP/1.0" 200 4688 "http://www.mbingenieure.de/" "Mozilla/5.0 (compatible; SEOkicks-Robot; +http://www.seokicks.de/robot.html)"
78.46.38.10 - - [14/Jan/2015:02:27:44 +0100] "GET /uns.html HTTP/1.0" 200 4398 "http://www.mbingenieure.de/" "Mozilla/5.0 (compatible; SEOkicks-Robot; +http://www.seokicks.de/robot.html)"
78.46.38.10 - - [14/Jan/2015:02:27:48 +0100] "GET /spektrum.html HTTP/1.0" 200 4365 "http://www.mbingenieure.de/" "Mozilla/5.0 (compatible; SEOkicks-Robot; +http://www.seokicks.de/robot.html)"
78.46.38.10 - - [14/Jan/2015:02:27:52 +0100] "GET /referenz.html HTTP/1.0" 200 10703 "http://www.mbingenieure.de/" "Mozilla/5.0 (compatible; SEOkicks-Robot; +http://www.seokicks.de/robot.html)"
78.46.38.10 - - [14/Jan/2015:02:27:56 +0100] "GET /partner.html HTTP/1.0" 200 4401 "http://www.mbingenieure.de/" "Mozilla/5.0 (compatible; SEOkicks-Robot; +http://www.seokicks.de/robot.html)"
78.46.38.10 - - [14/Jan/2015:02:28:00 +0100] "GET /kontakt.html HTTP/1.0" 200 4451 "http://www.mbingenieure.de/" "Mozilla/5.0 (compatible; SEOkicks-Robot; +http://www.seokicks.de/robot.html)"
78.46.38.10 - - [14/Jan/2015:02:28:03 +0100] "GET /impressum.html HTTP/1.0" 200 5721 "http://www.mbingenieure.de/" "Mozilla/5.0 (compatible; SEOkicks-Robot; +http://www.seokicks.de/robot.html)"
78.46.38.10 - - [14/Jan/2015:02:28:07 +0100] "GET /projekte.html HTTP/1.0" 200 7938 "http://www.mbingenieure.de/referenz.html" "Mozilla/5.0 (compatible; SEOkicks-Robot; +http://www.seokicks.de/robot.html)"
66.249.78.77 - - [14/Jan/2015:05:33:47 +0100] "GET /robots.txt HTTP/1.1" 404 - "-" "Mozilla/5.0 (compatible; Googlebot/2.1; +http://www.google.com/bot.html)"
66.249.78.84 - - [14/Jan/2015:05:33:48 +0100] "GET / HTTP/1.1" 200 4688 "-" "Mozilla/5.0 (compatible; Googlebot/2.1; +http://www.google.com/bot.html)"
141.8.147.12 - - [14/Jan/2015:05:43:38 +0100] "GET / HTTP/1.1" 200 4688 "-" "Mozilla/5.0 (compatible; YandexBot/3.0; +http://yandex.com/bots)"
66.249.78.77 - - [14/Jan/2015:06:32:57 +0100] "GET / HTTP/1.1" 200 4688 "-" "Mozilla/5.0 (iPhone; CPU iPhone OS 6_0 like Mac OS X) AppleWebKit/536.26 (KHTML, like Gecko) Version/6.0 Mobile/10A5376e Safari/8536.25 (compatible; Googlebot/2.1; +http://www.google.com/bot.html)"
192.99.149.88 - - [14/Jan/2015:06:39:53 +0100] "GET / HTTP/1.1" 200 4688 "-" "Mozilla/5.0 (Windows NT 6.1; WOW64; Trident/7.0; rv:11.0) like Gecko"
66.249.78.91 - - [14/Jan/2015:06:40:28 +0100] "GET /uns.html HTTP/1.1" 200 4398 "-" "Mozilla/5.0 (compatible; Googlebot/2.1; +http://www.google.com/bot.html)"
66.249.78.84 - - [14/Jan/2015:06:55:58 +0100] "GET /spektrum.html HTTP/1.1" 200 4365 "-" "Mozilla/5.0 (compatible; Googlebot/2.1; +http://www.google.com/bot.html)"
66.249.79.52 - - [14/Jan/2015:12:47:02 +0100] "GET /robots.txt HTTP/1.1" 404 - "-" "Mozilla/5.0 (compatible; Googlebot/2.1; +http://www.google.com/bot.html)"
66.249.79.36 - - [14/Jan/2015:12:47:02 +0100] "GET /referenz.html HTTP/1.1" 200 10703 "-" "Mozilla/5.0 (compatible; Googlebot/2.1; +http://www.google.com/bot.html)"
157.55.39.99 - - [14/Jan/2015:19:52:08 +0100] "GET /robots.txt HTTP/1.1" 404 - "-" "Mozilla/5.0 (compatible; bingbot/2.0; +http://www.bing.com/bingbot.htm)"
157.55.39.99 - - [14/Jan/2015:19:52:19 +0100] "GET / HTTP/1.1" 304 - "-" "Mozilla/5.0 (compatible; bingbot/2.0; +http://www.bing.com/bingbot.htm)"
66.249.67.52 - - [14/Jan/2015:22:08:59 +0100] "GET /robots.txt HTTP/1.1" 404 - "-" "Mozilla/5.0 (compatible; Googlebot/2.1; +http://www.google.com/bot.html)"
66.249.67.52 - - [14/Jan/2015:22:08:59 +0100] "GET / HTTP/1.1" 200 4688 "-" "Mozilla/5.0 (iPhone; CPU iPhone OS 6_0 like Mac OS X) AppleWebKit/536.26 (KHTML, like Gecko) Version/6.0 Mobile/10A5376e Safari/8536.25 (compatible; Googlebot/2.1; +http://www.google.com/bot.html)"
77.75.77.17 - - [15/Jan/2015:00:01:31 +0100] "GET /robots.txt HTTP/1.1" 404 - "-" "Mozilla/5.0 (compatible; SeznamBot/3.2; +http://fulltext.sblog.cz/)"
77.75.77.17 - - [15/Jan/2015:00:01:32 +0100] "GET / HTTP/1.1" 304 - "-" "Mozilla/5.0 (compatible; SeznamBot/3.2; +http://fulltext.sblog.cz/)"
66.249.67.44 - - [15/Jan/2015:00:37:34 +0100] "GET /referenz.html HTTP/1.1" 304 - "-" "Mozilla/5.0 (iPhone; CPU iPhone OS 6_0 like Mac OS X) AppleWebKit/536.26 (KHTML, like Gecko) Version/6.0 Mobile/10A5376e Safari/8536.25 (compatible; Googlebot/2.1; +http://www.google.com/bot.html)"
66.249.67.52 - - [15/Jan/2015:00:53:12 +0100] "GET /partner.html HTTP/1.1" 200 4401 "-" "Mozilla/5.0 (iPhone; CPU iPhone OS 6_0 like Mac OS X) AppleWebKit/536.26 (KHTML, like Gecko) Version/6.0 Mobile/10A5376e Safari/8536.25 (compatible; Googlebot/2.1; +http://www.google.com/bot.html)"
66.249.67.36 - - [15/Jan/2015:00:56:13 +0100] "GET /referenz.html HTTP/1.1" 304 - "-" "Mozilla/5.0 (compatible; Googlebot/2.1; +http://www.google.com/bot.html)"
66.249.67.36 - - [15/Jan/2015:01:02:56 +0100] "GET /css/style.css HTTP/1.1" 200 2831 "-" "Mozilla/5.0 (compatible; Googlebot/2.1; +http://www.google.com/bot.html)"
157.55.39.99 - - [15/Jan/2015:04:12:28 +0100] "GET /spektrum.html HTTP/1.1" 200 4365 "-" "Mozilla/5.0 (compatible; bingbot/2.0; +http://www.bing.com/bingbot.htm)"
207.46.13.70 - - [15/Jan/2015:04:12:51 +0100] "GET /css/style.css HTTP/1.1" 200 2831 "-" "Mozilla/5.0 (compatible; bingbot/2.0; +http://www.bing.com/bingbot.htm)"
207.46.13.70 - - [15/Jan/2015:04:12:51 +0100] "GET /js/plugins.js HTTP/1.1" 200 898 "-" "Mozilla/5.0 (compatible; bingbot/2.0; +http://www.bing.com/bingbot.htm)"
157.55.39.99 - - [15/Jan/2015:04:13:05 +0100] "GET /js/libs/modernizr-2.5.3.min.js HTTP/1.1" 200 15274 "-" "Mozilla/5.0 (compatible; bingbot/2.0; +http://www.bing.com/bingbot.htm)"
66.249.67.36 - - [15/Jan/2015:04:14:21 +0100] "GET / HTTP/1.1" 200 4688 "-" "Mozilla/5.0 (compatible; Googlebot/2.1; +http://www.google.com/bot.html)"
65.55.210.66 - - [15/Jan/2015:05:13:45 +0100] "GET /images/footer.png HTTP/1.1" 200 1064 "http://www.mbingenieure.de/spektrum.html" "Mozilla/5.0 (Windows NT 6.1; WOW64) AppleWebKit/534+ (KHTML, like Gecko) BingPreview/1.0b"
65.55.210.66 - - [15/Jan/2015:05:13:45 +0100] "GET /images/navi.png HTTP/1.1" 200 946 "http://www.mbingenieure.de/spektrum.html" "Mozilla/5.0 (Windows NT 6.1; WOW64) AppleWebKit/534+ (KHTML, like Gecko) BingPreview/1.0b"
65.55.210.66 - - [15/Jan/2015:05:13:45 +0100] "GET /images/header.png HTTP/1.1" 200 1494 "http://www.mbingenieure.de/spektrum.html" "Mozilla/5.0 (Windows NT 6.1; WOW64) AppleWebKit/534+ (KHTML, like Gecko) BingPreview/1.0b"
207.46.13.104 - - [15/Jan/2015:06:19:59 +0100] "GET /uns.html HTTP/1.1" 200 4398 "-" "Mozilla/5.0 (compatible; bingbot/2.0; +http://www.bing.com/bingbot.htm)"
66.249.67.52 - - [15/Jan/2015:06:19:59 +0100] "GET /projekte.html HTTP/1.1" 304 - "-" "Mozilla/5.0 (compatible; Googlebot/2.1; +http://www.google.com/bot.html)"
66.249.67.52 - - [15/Jan/2015:06:33:47 +0100] "GET /impressum.html HTTP/1.1" 304 - "-" "Mozilla/5.0 (compatible; Googlebot/2.1; +http://www.google.com/bot.html)"
93.190.140.145 - - [15/Jan/2015:07:26:46 +0100] "GET / HTTP/1.1" 200 4688 "-" "Mozilla/5.0 (Windows NT 5.1; en-US; rv:1.9.1.3) Gecko/20100101 Firefox/8.0"
93.190.140.145 - - [15/Jan/2015:07:26:46 +0100] "GET /uns.html HTTP/1.1" 200 4398 "-" "Mozilla/5.0 (Windows NT 5.1; en-US; rv:1.9.1.3) Gecko/20100101 Firefox/8.0"
93.190.140.145 - - [15/Jan/2015:07:26:46 +0100] "GET /kontakt.html HTTP/1.1" 200 4451 "-" "Mozilla/5.0 (Windows NT 5.1; en-US; rv:1.9.1.3) Gecko/20100101 Firefox/8.0"
93.190.140.145 - - [15/Jan/2015:07:26:47 +0100] "GET /index.html HTTP/1.1" 200 4688 "-" "Mozilla/5.0 (Windows NT 5.1; en-US; rv:1.9.1.3) Gecko/20100101 Firefox/8.0"
93.190.140.145 - - [15/Jan/2015:07:26:47 +0100] "GET /referenz.html HTTP/1.1" 200 10703 "-" "Mozilla/5.0 (Windows NT 5.1; en-US; rv:1.9.1.3) Gecko/20100101 Firefox/8.0"
93.190.140.145 - - [15/Jan/2015:07:26:47 +0100] "GET /impressum.html HTTP/1.1" 200 5721 "-" "Mozilla/5.0 (Windows NT 5.1; en-US; rv:1.9.1.3) Gecko/20100101 Firefox/8.0"
93.190.140.145 - - [15/Jan/2015:07:26:47 +0100] "GET /partner.html HTTP/1.1" 200 4401 "-" "Mozilla/5.0 (Windows NT 5.1; en-US; rv:1.9.1.3) Gecko/20100101 Firefox/8.0"
93.190.140.145 - - [15/Jan/2015:07:26:48 +0100] "GET /spektrum.html HTTP/1.1" 200 4365 "-" "Mozilla/5.0 (Windows NT 5.1; en-US; rv:1.9.1.3) Gecko/20100101 Firefox/8.0"
205.244.150.32 - - [15/Jan/2015:07:26:49 +0100] "GET /xmlrpc.php HTTP/1.1" 404 - "-" "Mozilla/5.0 (Windows NT 5.1; en-US; rv:1.9.1.3) Gecko/20100101 Firefox/8.0"
66.249.67.44 - - [15/Jan/2015:07:47:52 +0100] "GET / HTTP/1.1" 200 4688 "-" "Mozilla/5.0 (compatible; Googlebot/2.1; +http://www.google.com/bot.html)"
66.249.67.52 - - [15/Jan/2015:08:18:33 +0100] "GET /referenz.html HTTP/1.1" 304 - "-" "Mozilla/5.0 (compatible; Googlebot/2.1; +http://www.google.com/bot.html)"
208.115.111.69 - - [15/Jan/2015:09:37:57 +0100] "GET /robots.txt HTTP/1.1" 404 - "-" "Mozilla/5.0 (compatible; DotBot/1.1; http://www.opensiteexplorer.org/dotbot, help@moz.com)"
208.115.111.69 - - [15/Jan/2015:10:11:31 +0100] "GET /index.html HTTP/1.1" 200 4688 "-" "Mozilla/5.0 (compatible; DotBot/1.1; http://www.opensiteexplorer.org/dotbot, help@moz.com)"
188.111.10.250 - - [15/Jan/2015:10:54:00 +0100] "GET /referenz.html HTTP/1.1" 200 10703 "http://www.google.de/url?sa=t&rct=j&q=&esrc=s&source=web&cd=2&ved=0CCkQFjAB&url=http%3A%2F%2Fwww.mbingenieure.de%2Freferenz.html&ei=0Y23VMiJB8X2O6nBgaAK&usg=AFQjCNEjBuJQ2-M4Z4j35BAeh7XDA3bhYQ&bvm=bv.83640239,d.ZWU" "Mozilla/5.0 (Windows NT 5.1; rv:34.0) Gecko/20100101 Firefox/34.0"
188.111.10.250 - - [15/Jan/2015:10:54:00 +0100] "GET /css/style.css HTTP/1.1" 200 2831 "http://www.mbingenieure.de/referenz.html" "Mozilla/5.0 (Windows NT 5.1; rv:34.0) Gecko/20100101 Firefox/34.0"
188.111.10.250 - - [15/Jan/2015:10:54:00 +0100] "GET /js/libs/modernizr-2.5.3.min.js HTTP/1.1" 200 15274 "http://www.mbingenieure.de/referenz.html" "Mozilla/5.0 (Windows NT 5.1; rv:34.0) Gecko/20100101 Firefox/34.0"
188.111.10.250 - - [15/Jan/2015:10:54:00 +0100] "GET /js/plugins.js HTTP/1.1" 200 898 "http://www.mbingenieure.de/referenz.html" "Mozilla/5.0 (Windows NT 5.1; rv:34.0) Gecko/20100101 Firefox/34.0"
188.111.10.250 - - [15/Jan/2015:10:54:00 +0100] "GET /images/footer.png HTTP/1.1" 200 1064 "http://www.mbingenieure.de/css/style.css" "Mozilla/5.0 (Windows NT 5.1; rv:34.0) Gecko/20100101 Firefox/34.0"
