176.9.127.181 - - [01/Mar/2015:00:33:43 +0100] "GET /referenz.html HTTP/1.1" 200 10703 "-" "Mozilla/2.0 (compatible; crw)"
68.180.228.242 - - [01/Mar/2015:01:58:32 +0100] "GET /robots.txt HTTP/1.1" 404 - "-" "Mozilla/5.0 (compatible; Yahoo! Slurp; http://help.yahoo.com/help/us/ysearch/slurp)"
68.180.228.242 - - [01/Mar/2015:01:58:32 +0100] "GET / HTTP/1.1" 200 4688 "-" "Mozilla/5.0 (compatible; Yahoo! Slurp; http://help.yahoo.com/help/us/ysearch/slurp)"
141.8.147.12 - - [01/Mar/2015:03:33:29 +0100] "GET /robots.txt HTTP/1.1" 404 - "-" "Mozilla/5.0 (compatible; YandexBot/3.0; +http://yandex.com/bots)"
141.8.147.12 - - [01/Mar/2015:04:18:55 +0100] "GET /index.html HTTP/1.1" 200 4688 "-" "Mozilla/5.0 (compatible; YandexBot/3.0; +http://yandex.com/bots)"
141.8.147.12 - - [01/Mar/2015:05:04:22 +0100] "GET /impressum.html HTTP/1.1" 200 5721 "-" "Mozilla/5.0 (compatible; YandexBot/3.0; +http://yandex.com/bots)"
66.249.78.77 - - [01/Mar/2015:07:14:45 +0100] "GET /robots.txt HTTP/1.1" 404 - "-" "Mozilla/5.0 (compatible; Googlebot/2.1; +http://www.google.com/bot.html)"
66.249.78.77 - - [01/Mar/2015:07:14:45 +0100] "GET /referenz.html HTTP/1.1" 304 - "-" "Mozilla/5.0 (iPhone; CPU iPhone OS 6_0 like Mac OS X) AppleWebKit/536.26 (KHTML, like Gecko) Version/6.0 Mobile/10A5376e Safari/8536.25 (compatible; Googlebot/2.1; +http://www.google.com/bot.html)"
207.46.13.28 - - [01/Mar/2015:07:22:16 +0100] "GET /robots.txt HTTP/1.1" 404 - "-" "Mozilla/5.0 (compatible; bingbot/2.0; +http://www.bing.com/bingbot.htm)"
207.46.13.28 - - [01/Mar/2015:07:23:34 +0100] "GET /partner.html HTTP/1.1" 200 4401 "-" "Mozilla/5.0 (compatible; bingbot/2.0; +http://www.bing.com/bingbot.htm)"
207.46.13.28 - - [01/Mar/2015:07:23:35 +0100] "GET /projekte.html HTTP/1.1" 200 7938 "-" "Mozilla/5.0 (compatible; bingbot/2.0; +http://www.bing.com/bingbot.htm)"
207.46.13.28 - - [01/Mar/2015:07:23:35 +0100] "GET /spektrum.html HTTP/1.1" 200 4365 "-" "Mozilla/5.0 (compatible; bingbot/2.0; +http://www.bing.com/bingbot.htm)"
207.46.13.28 - - [01/Mar/2015:07:23:35 +0100] "GET / HTTP/1.1" 200 4688 "-" "Mozilla/5.0 (compatible; bingbot/2.0; +http://www.bing.com/bingbot.htm)"
207.46.13.28 - - [01/Mar/2015:07:23:35 +0100] "GET /kontakt.html HTTP/1.1" 200 4451 "-" "Mozilla/5.0 (compatible; bingbot/2.0; +http://www.bing.com/bingbot.htm)"
141.8.147.12 - - [01/Mar/2015:07:55:35 +0100] "GET /partner.html HTTP/1.1" 200 4401 "-" "Mozilla/5.0 (compatible; YandexBot/3.0; +http://yandex.com/bots)"
141.8.147.12 - - [01/Mar/2015:07:56:37 +0100] "GET /partner.html HTTP/1.1" 200 4401 "-" "Mozilla/5.0 (compatible; YandexBot/3.0; +http://yandex.com/bots)"
141.8.147.12 - - [01/Mar/2015:08:29:05 +0100] "GET /uns.html HTTP/1.1" 200 4398 "-" "Mozilla/5.0 (compatible; YandexBot/3.0; +http://yandex.com/bots)"
141.8.147.12 - - [01/Mar/2015:10:06:29 +0100] "GET /kontakt.html HTTP/1.1" 200 4451 "-" "Mozilla/5.0 (compatible; YandexBot/3.0; +http://yandex.com/bots)"
141.8.189.114 - - [01/Mar/2015:10:11:19 +0100] "GET /referenz.html HTTP/1.1" 200 10703 "-" "Mozilla/5.0 (compatible; YandexBot/3.0; +http://yandex.com/bots)"
66.249.78.84 - - [01/Mar/2015:11:35:33 +0100] "GET / HTTP/1.1" 200 4688 "-" "Mozilla/5.0 (compatible; Googlebot/2.1; +http://www.google.com/bot.html)"
66.249.78.91 - - [01/Mar/2015:11:38:31 +0100] "GET /css/style.css HTTP/1.1" 200 2831 "-" "Mozilla/5.0 (compatible; Googlebot/2.1; +http://www.google.com/bot.html)"
66.249.78.91 - - [01/Mar/2015:11:38:32 +0100] "GET /js/plugins.js HTTP/1.1" 200 898 "-" "Mozilla/5.0 (compatible; Googlebot/2.1; +http://www.google.com/bot.html)"
66.249.78.77 - - [01/Mar/2015:11:38:33 +0100] "GET /js/libs/modernizr-2.5.3.min.js HTTP/1.1" 200 15274 "-" "Mozilla/5.0 (compatible; Googlebot/2.1; +http://www.google.com/bot.html)"
66.249.78.77 - - [01/Mar/2015:13:27:18 +0100] "GET /impressum.html HTTP/1.1" 304 - "-" "Mozilla/5.0 (iPhone; CPU iPhone OS 6_0 like Mac OS X) AppleWebKit/536.26 (KHTML, like Gecko) Version/6.0 Mobile/10A5376e Safari/8536.25 (compatible; Googlebot/2.1; +http://www.google.com/bot.html)"
66.249.78.77 - - [01/Mar/2015:14:41:35 +0100] "GET /kontakt.html HTTP/1.1" 304 - "-" "Mozilla/5.0 (iPhone; CPU iPhone OS 6_0 like Mac OS X) AppleWebKit/536.26 (KHTML, like Gecko) Version/6.0 Mobile/10A5376e Safari/8536.25 (compatible; Googlebot/2.1; +http://www.google.com/bot.html)"
141.8.147.12 - - [01/Mar/2015:15:58:33 +0100] "GET /robots.txt HTTP/1.1" 404 - "-" "Mozilla/5.0 (compatible; YandexBot/3.0; +http://yandex.com/bots)"
141.8.147.12 - - [01/Mar/2015:16:35:16 +0100] "GET /spektrum.html HTTP/1.1" 200 4365 "-" "Mozilla/5.0 (compatible; YandexBot/3.0; +http://yandex.com/bots)"
66.249.78.84 - - [01/Mar/2015:17:16:06 +0100] "GET / HTTP/1.1" 200 4688 "-" "Mozilla/5.0 (compatible; Googlebot/2.1; +http://www.google.com/bot.html)"
93.186.202.244 - - [01/Mar/2015:18:44:02 +0100] "GET /impressum.html HTTP/1.1" 200 5721 "-" "Mozilla/5.0 (Macintosh; Intel Mac OS X 10_7_5) AppleWebKit/537.36 (KHTML, like Gecko) Chrome/27.0.1453.93 Safari/537.36"
93.186.202.244 - - [01/Mar/2015:18:44:03 +0100] "GET / HTTP/1.1" 200 4688 "-" "Mozilla/5.0 (X11; Ubuntu; Linux x86_64; rv:21.0) Gecko/20130331 Firefox/21.0"
93.186.202.244 - - [01/Mar/2015:18:44:03 +0100] "GET /kontakt.html HTTP/1.1" 200 4451 "-" "Mozilla/5.0 (Windows NT 6.1) AppleWebKit/537.36 (KHTML, like Gecko) Chrome/27.0.1453.90 Safari/537.36"
93.186.202.244 - - [01/Mar/2015:18:44:03 +0100] "GET /uns.html HTTP/1.1" 200 4398 "-" "Mozilla/5.0 (Windows NT 6.1; WOW64; rv:18.0) Gecko/20100101 Firefox/18.0"
93.186.202.244 - - [01/Mar/2015:18:44:03 +0100] "GET /spektrum.html HTTP/1.1" 200 4365 "-" "Mozilla/5.0 (Windows NT 6.1; rv:12.0) Gecko/ 20120405 Firefox/14.0.1"
208.115.111.69 - - [01/Mar/2015:20:41:10 +0100] "GET /robots.txt HTTP/1.1" 404 - "-" "Mozilla/5.0 (compatible; DotBot/1.1; http://www.opensiteexplorer.org/dotbot, help@moz.com)"
188.65.117.142 - - [01/Mar/2015:20:46:16 +0100] "GET /robots.txt HTTP/1.0" 404 - "-" "CB/Nutch-1.7"
188.65.117.142 - - [01/Mar/2015:20:46:16 +0100] "GET / HTTP/1.0" 200 4688 "-" "CB/Nutch-1.7"
188.165.15.162 - - [01/Mar/2015:21:33:25 +0100] "GET /robots.txt HTTP/1.1" 404 - "-" "Mozilla/5.0 (compatible; AhrefsBot/5.0; +http://ahrefs.com/robot/)"
188.65.117.139 - - [01/Mar/2015:21:50:40 +0100] "GET /robots.txt HTTP/1.0" 404 - "-" "CB/Nutch-1.7"
188.65.117.139 - - [01/Mar/2015:21:50:40 +0100] "GET /kontakt.html HTTP/1.0" 200 4451 "-" "CB/Nutch-1.7"
188.65.117.139 - - [01/Mar/2015:21:50:45 +0100] "GET /referenz.html HTTP/1.0" 200 10703 "-" "CB/Nutch-1.7"
188.65.117.139 - - [01/Mar/2015:21:50:50 +0100] "GET /partner.html HTTP/1.0" 200 4401 "-" "CB/Nutch-1.7"
188.65.117.139 - - [01/Mar/2015:21:50:55 +0100] "GET /impressum.html HTTP/1.0" 200 5721 "-" "CB/Nutch-1.7"
188.65.117.139 - - [01/Mar/2015:21:51:00 +0100] "GET /spektrum.html HTTP/1.0" 200 4365 "-" "CB/Nutch-1.7"
188.65.117.139 - - [01/Mar/2015:21:51:05 +0100] "GET /uns.html HTTP/1.0" 200 4398 "-" "CB/Nutch-1.7"
188.65.117.139 - - [01/Mar/2015:21:51:10 +0100] "GET /index.html HTTP/1.0" 200 4688 "-" "CB/Nutch-1.7"
208.115.111.69 - - [01/Mar/2015:22:00:27 +0100] "GET / HTTP/1.1" 200 4688 "-" "Mozilla/5.0 (compatible; DotBot/1.1; http://www.opensiteexplorer.org/dotbot, help@moz.com)"
208.115.111.69 - - [02/Mar/2015:00:40:35 +0100] "GET /robots.txt HTTP/1.1" 404 - "-" "Mozilla/5.0 (compatible; DotBot/1.1; http://www.opensiteexplorer.org/dotbot, help@moz.com)"
208.115.111.69 - - [02/Mar/2015:02:02:12 +0100] "GET /partner.html HTTP/1.1" 200 4401 "-" "Mozilla/5.0 (compatible; DotBot/1.1; http://www.opensiteexplorer.org/dotbot, help@moz.com)"
188.65.117.141 - - [02/Mar/2015:07:16:37 +0100] "GET /robots.txt HTTP/1.0" 404 - "-" "CB/Nutch-1.7"
188.65.117.141 - - [02/Mar/2015:07:16:37 +0100] "GET /projekte.html HTTP/1.0" 200 7938 "-" "CB/Nutch-1.7"
66.249.78.91 - - [02/Mar/2015:08:46:36 +0100] "GET /robots.txt HTTP/1.1" 404 - "-" "Mozilla/5.0 (compatible; Googlebot/2.1; +http://www.google.com/bot.html)"
66.249.78.84 - - [02/Mar/2015:08:46:36 +0100] "GET / HTTP/1.1" 200 4688 "-" "Mozilla/5.0 (iPhone; CPU iPhone OS 6_0 like Mac OS X) AppleWebKit/536.26 (KHTML, like Gecko) Version/6.0 Mobile/10A5376e Safari/8536.25 (compatible; Googlebot/2.1; +http://www.google.com/bot.html)"
167.114.162.109 - - [02/Mar/2015:09:39:27 +0100] "GET / HTTP/1.1" 200 4688 "-" "Mozilla/5.0 (Macintosh; Intel Mac OS X 10_10_2) AppleWebKit/537.36 (KHTML, like Gecko) Chrome/40.0.2214.111 Safari/537.36"
68.180.228.242 - - [02/Mar/2015:10:02:04 +0100] "GET /robots.txt HTTP/1.1" 404 - "-" "Mozilla/5.0 (compatible; Yahoo! Slurp; http://help.yahoo.com/help/us/ysearch/slurp)"
68.180.228.242 - - [02/Mar/2015:10:02:04 +0100] "GET /kontakt.html HTTP/1.1" 200 4451 "-" "Mozilla/5.0 (compatible; Yahoo! Slurp; http://help.yahoo.com/help/us/ysearch/slurp)"
66.249.78.91 - - [02/Mar/2015:12:06:37 +0100] "GET / HTTP/1.1" 200 4688 "-" "SAMSUNG-SGH-E250/1.0 Profile/MIDP-2.0 Configuration/CLDC-1.1 UP.Browser/6.2.3.3.c.1.101 (GUI) MMP/2.0 (compatible; Googlebot-Mobile/2.1; +http://www.google.com/bot.html)"
77.75.77.17 - - [02/Mar/2015:15:27:21 +0100] "GET /robots.txt HTTP/1.1" 404 - "-" "Mozilla/5.0 (compatible; SeznamBot/3.2; +http://fulltext.sblog.cz/)"
77.75.77.17 - - [02/Mar/2015:15:27:21 +0100] "GET /referenz.html HTTP/1.1" 304 - "-" "Mozilla/5.0 (compatible; SeznamBot/3.2; +http://fulltext.sblog.cz/)"
77.75.77.17 - - [02/Mar/2015:15:27:22 +0100] "GET /images/bild1.png HTTP/1.1" 200 16301 "-" "Mozilla/5.0 (compatible; SeznamBot/3.2; +http://fulltext.sblog.cz/)"
77.75.77.17 - - [02/Mar/2015:15:27:22 +0100] "GET /images/logo.png HTTP/1.1" 200 16467 "-" "Mozilla/5.0 (compatible; SeznamBot/3.2; +http://fulltext.sblog.cz/)"
77.75.77.17 - - [02/Mar/2015:15:27:23 +0100] "GET /images/bild2.png HTTP/1.1" 200 68475 "-" "Mozilla/5.0 (compatible; SeznamBot/3.2; +http://fulltext.sblog.cz/)"
77.75.77.17 - - [02/Mar/2015:15:27:25 +0100] "GET / HTTP/1.1" 304 - "-" "Mozilla/5.0 (compatible; SeznamBot/3.2; +http://fulltext.sblog.cz/)"
66.249.64.25 - - [02/Mar/2015:18:20:15 +0100] "GET /uns.html HTTP/1.1" 200 4398 "-" "DoCoMo/2.0 N905i(c100;TB;W24H16) (compatible; Googlebot-Mobile/2.1; +http://www.google.com/bot.html)"
66.249.78.77 - - [02/Mar/2015:19:05:47 +0100] "GET /kontakt.html HTTP/1.1" 304 - "-" "Mozilla/5.0 (iPhone; CPU iPhone OS 6_0 like Mac OS X) AppleWebKit/536.26 (KHTML, like Gecko) Version/6.0 Mobile/10A5376e Safari/8536.25 (compatible; Googlebot/2.1; +http://www.google.com/bot.html)"
66.249.78.91 - - [02/Mar/2015:20:10:42 +0100] "GET / HTTP/1.1" 200 4688 "-" "Mozilla/5.0 (compatible; Googlebot/2.1; +http://www.google.com/bot.html)"
62.75.236.133 - - [02/Mar/2015:21:20:47 +0100] "GET / HTTP/1.1" 200 4688 "-" "PEAR HTTP_Request class ( http://pear.php.net/ )"
141.8.147.12 - - [03/Mar/2015:00:19:18 +0100] "GET /robots.txt HTTP/1.1" 404 - "-" "Mozilla/5.0 (compatible; YandexBot/3.0; +http://yandex.com/bots)"
91.13.31.193 - - [03/Mar/2015:01:26:10 +0100] "GET / HTTP/1.1" 200 4688 "-" "Mozilla/5.0 (Windows NT 6.1; WOW64) AppleWebKit/537.36 (KHTML, like Gecko) Chrome/39.0.2171.99 Safari/537.36"
91.13.31.193 - - [03/Mar/2015:01:26:10 +0100] "GET /kontakt.html HTTP/1.1" 200 4451 "-" "Mozilla/5.0 (Windows NT 6.1; WOW64) AppleWebKit/537.36 (KHTML, like Gecko) Chrome/39.0.2171.99 Safari/537.36"
91.13.31.193 - - [03/Mar/2015:01:26:10 +0100] "GET /kontakt.html HTTP/1.1" 200 4451 "-" "Mozilla/5.0 (Windows NT 6.1; WOW64) AppleWebKit/537.36 (KHTML, like Gecko) Chrome/39.0.2171.99 Safari/537.36"
167.114.162.108 - - [03/Mar/2015:02:22:09 +0100] "GET / HTTP/1.1" 200 4688 "-" "Mozilla/5.0 (Macintosh; Intel Mac OS X 10_10_2) AppleWebKit/537.36 (KHTML, like Gecko) Chrome/40.0.2214.111 Safari/537.36"
81.169.250.152 - - [03/Mar/2015:02:25:08 +0100] "GET /robots.txt HTTP/1.1" 404 - "-" "Mozilla/5.0 (compatible; WeViKaBot/1.0; +http://www.wevika.de/)"
81.169.250.152 - - [03/Mar/2015:02:25:08 +0100] "GET / HTTP/1.1" 200 4688 "-" "Mozilla/5.0 (compatible; WeViKaBot/1.0; +http://www.wevika.de/)"
162.243.17.150 - - [03/Mar/2015:03:16:50 +0100] "GET /robots.txt HTTP/1.1" 404 - "-" "Mozilla/5.0 (compatible; spbot/4.4.2; +http://OpenLinkProfiler.org/bot )"
162.243.17.150 - - [03/Mar/2015:03:16:56 +0100] "GET / HTTP/1.1" 200 4688 "-" "Mozilla/5.0 (compatible; spbot/4.4.2; +http://OpenLinkProfiler.org/bot )"
162.243.17.150 - - [03/Mar/2015:03:16:57 +0100] "GET /uns.html HTTP/1.1" 200 4398 "http://www.mbingenieure.de/" "Mozilla/5.0 (compatible; spbot/4.4.2; +http://OpenLinkProfiler.org/bot )"
162.243.17.150 - - [03/Mar/2015:03:17:00 +0100] "GET /index.html HTTP/1.1" 200 4688 "http://www.mbingenieure.de/" "Mozilla/5.0 (compatible; spbot/4.4.2; +http://OpenLinkProfiler.org/bot )"
162.243.17.150 - - [03/Mar/2015:03:17:05 +0100] "GET /partner.html HTTP/1.1" 200 4401 "http://www.mbingenieure.de/" "Mozilla/5.0 (compatible; spbot/4.4.2; +http://OpenLinkProfiler.org/bot )"
162.243.17.150 - - [03/Mar/2015:03:17:10 +0100] "GET /kontakt.html HTTP/1.1" 200 4451 "http://www.mbingenieure.de/" "Mozilla/5.0 (compatible; spbot/4.4.2; +http://OpenLinkProfiler.org/bot )"
162.243.17.150 - - [03/Mar/2015:03:17:15 +0100] "GET /spektrum.html HTTP/1.1" 200 4365 "http://www.mbingenieure.de/" "Mozilla/5.0 (compatible; spbot/4.4.2; +http://OpenLinkProfiler.org/bot )"
162.243.17.150 - - [03/Mar/2015:03:17:20 +0100] "GET /referenz.html HTTP/1.1" 200 10703 "http://www.mbingenieure.de/" "Mozilla/5.0 (compatible; spbot/4.4.2; +http://OpenLinkProfiler.org/bot )"
162.243.17.150 - - [03/Mar/2015:03:17:25 +0100] "GET /projekte.html HTTP/1.1" 200 7938 "http://www.mbingenieure.de/referenz.html" "Mozilla/5.0 (compatible; spbot/4.4.2; +http://OpenLinkProfiler.org/bot )"
162.243.17.150 - - [03/Mar/2015:03:17:29 +0100] "GET /impressum.html HTTP/1.1" 200 5721 "http://www.mbingenieure.de/" "Mozilla/5.0 (compatible; spbot/4.4.2; +http://OpenLinkProfiler.org/bot )"
66.249.64.29 - - [03/Mar/2015:06:24:36 +0100] "GET /robots.txt HTTP/1.1" 404 - "-" "Mozilla/5.0 (compatible; Googlebot/2.1; +http://www.google.com/bot.html)"
66.249.78.77 - - [03/Mar/2015:06:24:36 +0100] "GET / HTTP/1.1" 200 4688 "-" "Mozilla/5.0 (iPhone; CPU iPhone OS 6_0 like Mac OS X) AppleWebKit/536.26 (KHTML, like Gecko) Version/6.0 Mobile/10A5376e Safari/8536.25 (compatible; Googlebot/2.1; +http://www.google.com/bot.html)"
141.8.189.114 - - [03/Mar/2015:06:41:25 +0100] "GET /spektrum.html HTTP/1.1" 200 4365 "-" "Mozilla/5.0 (compatible; YandexBot/3.0; +http://yandex.com/bots)"
195.37.205.30 - - [03/Mar/2015:12:59:10 +0100] "GET / HTTP/1.1" 200 4688 "http://www.google.de/url?sa=t&rct=j&q=&esrc=s&source=web&cd=1&ved=0CCIQFjAA&url=http%3A%2F%2Fwww.mbingenieure.de%2F&ei=66H1VKyfBM_gatO3gDA&usg=AFQjCNEyLqXMZj9hDUfmjIo04GBdDmaXCQ&bvm=bv.87269000,d.d2s" "Mozilla/5.0 (X11; Linux i686; rv:31.0) Gecko/20100101 Firefox/31.0"
195.37.205.30 - - [03/Mar/2015:12:59:12 +0100] "GET /js/libs/modernizr-2.5.3.min.js HTTP/1.1" 200 15274 "http://www.mbingenieure.de/" "Mozilla/5.0 (X11; Linux i686; rv:31.0) Gecko/20100101 Firefox/31.0"
195.37.205.30 - - [03/Mar/2015:12:59:12 +0100] "GET /css/style.css HTTP/1.1" 200 2831 "http://www.mbingenieure.de/" "Mozilla/5.0 (X11; Linux i686; rv:31.0) Gecko/20100101 Firefox/31.0"
195.37.205.30 - - [03/Mar/2015:12:59:13 +0100] "GET /js/plugins.js HTTP/1.1" 200 898 "http://www.mbingenieure.de/" "Mozilla/5.0 (X11; Linux i686; rv:31.0) Gecko/20100101 Firefox/31.0"
195.37.205.30 - - [03/Mar/2015:12:59:13 +0100] "GET /images/logo.png HTTP/1.1" 200 16467 "http://www.mbingenieure.de/" "Mozilla/5.0 (X11; Linux i686; rv:31.0) Gecko/20100101 Firefox/31.0"
195.37.205.30 - - [03/Mar/2015:12:59:13 +0100] "GET /images/bild1.png HTTP/1.1" 200 16301 "http://www.mbingenieure.de/" "Mozilla/5.0 (X11; Linux i686; rv:31.0) Gecko/20100101 Firefox/31.0"
195.37.205.30 - - [03/Mar/2015:12:59:13 +0100] "GET /images/bild4.png HTTP/1.1" 200 65856 "http://www.mbingenieure.de/" "Mozilla/5.0 (X11; Linux i686; rv:31.0) Gecko/20100101 Firefox/31.0"
195.37.205.30 - - [03/Mar/2015:12:59:13 +0100] "GET /images/bild2.png HTTP/1.1" 200 68475 "http://www.mbingenieure.de/" "Mozilla/5.0 (X11; Linux i686; rv:31.0) Gecko/20100101 Firefox/31.0"
195.37.205.30 - - [03/Mar/2015:12:59:13 +0100] "GET /images/header.png HTTP/1.1" 200 1494 "http://www.mbingenieure.de/css/style.css" "Mozilla/5.0 (X11; Linux i686; rv:31.0) Gecko/20100101 Firefox/31.0"
195.37.205.30 - - [03/Mar/2015:12:59:13 +0100] "GET /images/navi.png HTTP/1.1" 200 946 "http://www.mbingenieure.de/css/style.css" "Mozilla/5.0 (X11; Linux i686; rv:31.0) Gecko/20100101 Firefox/31.0"
195.37.205.30 - - [03/Mar/2015:12:59:13 +0100] "GET /images/footer.png HTTP/1.1" 200 1064 "http://www.mbingenieure.de/css/style.css" "Mozilla/5.0 (X11; Linux i686; rv:31.0) Gecko/20100101 Firefox/31.0"
195.37.205.30 - - [03/Mar/2015:12:59:13 +0100] "GET /favicon.ico HTTP/1.1" 200 93062 "-" "Mozilla/5.0 (X11; Linux i686; rv:31.0) Gecko/20100101 Firefox/31.0"
195.37.205.30 - - [03/Mar/2015:12:59:17 +0100] "GET /partner.html HTTP/1.1" 200 4401 "http://www.mbingenieure.de/" "Mozilla/5.0 (X11; Linux i686; rv:31.0) Gecko/20100101 Firefox/31.0"
66.249.79.37 - - [03/Mar/2015:14:57:00 +0100] "GET /robots.txt HTTP/1.1" 404 - "-" "Mozilla/5.0 (compatible; Googlebot/2.1; +http://www.google.com/bot.html)"
66.249.79.45 - - [03/Mar/2015:14:57:00 +0100] "GET / HTTP/1.1" 200 4688 "-" "Mozilla/5.0 (compatible; Googlebot/2.1; +http://www.google.com/bot.html)"
68.180.228.242 - - [03/Mar/2015:16:39:35 +0100] "GET /robots.txt HTTP/1.1" 404 - "-" "Mozilla/5.0 (compatible; Yahoo! Slurp; http://help.yahoo.com/help/us/ysearch/slurp)"
68.180.228.242 - - [03/Mar/2015:16:39:36 +0100] "GET /partner.html HTTP/1.1" 200 4401 "-" "Mozilla/5.0 (compatible; Yahoo! Slurp; http://help.yahoo.com/help/us/ysearch/slurp)"
66.249.79.37 - - [03/Mar/2015:16:57:44 +0100] "GET / HTTP/1.1" 200 4688 "-" "Mozilla/5.0 (compatible; Googlebot/2.1; +http://www.google.com/bot.html)"
66.249.79.45 - - [03/Mar/2015:19:31:58 +0100] "GET /kontakt.html HTTP/1.1" 304 - "-" "Mozilla/5.0 (iPhone; CPU iPhone OS 6_0 like Mac OS X) AppleWebKit/536.26 (KHTML, like Gecko) Version/6.0 Mobile/10A5376e Safari/8536.25 (compatible; Googlebot/2.1; +http://www.google.com/bot.html)"
66.249.79.53 - - [03/Mar/2015:21:20:37 +0100] "GET / HTTP/1.1" 200 4688 "-" "Mozilla/5.0 (compatible; Googlebot/2.1; +http://www.google.com/bot.html)"
66.249.79.53 - - [04/Mar/2015:00:38:16 +0100] "GET /kontakt.html HTTP/1.1" 200 4451 "-" "Mozilla/5.0 (compatible; Googlebot/2.1; +http://www.google.com/bot.html)"
157.55.39.4 - - [04/Mar/2015:04:52:13 +0100] "GET /robots.txt HTTP/1.1" 404 - "-" "Mozilla/5.0 (compatible; bingbot/2.0; +http://www.bing.com/bingbot.htm)"
157.55.39.4 - - [04/Mar/2015:04:52:20 +0100] "GET /index.html HTTP/1.1" 200 4688 "-" "Mozilla/5.0 (compatible; bingbot/2.0; +http://www.bing.com/bingbot.htm)"
207.46.13.26 - - [04/Mar/2015:04:52:54 +0100] "GET /css/style.css HTTP/1.1" 200 2831 "-" "Mozilla/5.0 (compatible; bingbot/2.0; +http://www.bing.com/bingbot.htm)"
207.46.13.26 - - [04/Mar/2015:04:52:55 +0100] "GET /js/plugins.js HTTP/1.1" 200 898 "-" "Mozilla/5.0 (compatible; bingbot/2.0; +http://www.bing.com/bingbot.htm)"
207.46.13.141 - - [04/Mar/2015:04:53:11 +0100] "GET /images/bild2.png HTTP/1.1" 200 68475 "-" "Mozilla/5.0 (compatible; bingbot/2.0; +http://www.bing.com/bingbot.htm)"
207.46.13.141 - - [04/Mar/2015:04:53:14 +0100] "GET /js/libs/modernizr-2.5.3.min.js HTTP/1.1" 200 15274 "-" "Mozilla/5.0 (compatible; bingbot/2.0; +http://www.bing.com/bingbot.htm)"
157.55.39.4 - - [04/Mar/2015:04:54:44 +0100] "GET /robots.txt HTTP/1.1" 404 - "-" "Mozilla/5.0 (compatible; bingbot/2.0; +http://www.bing.com/bingbot.htm)"
157.55.39.4 - - [04/Mar/2015:04:54:44 +0100] "GET /robots.txt HTTP/1.1" 404 - "-" "Mozilla/5.0 (compatible; bingbot/2.0; +http://www.bing.com/bingbot.htm)"
157.55.39.4 - - [04/Mar/2015:04:54:45 +0100] "GET /robots.txt HTTP/1.1" 404 - "-" "Mozilla/5.0 (compatible; bingbot/2.0; +http://www.bing.com/bingbot.htm)"
157.55.39.4 - - [04/Mar/2015:04:54:45 +0100] "GET /robots.txt HTTP/1.1" 404 - "-" "Mozilla/5.0 (compatible; bingbot/2.0; +http://www.bing.com/bingbot.htm)"
157.55.39.4 - - [04/Mar/2015:04:54:45 +0100] "GET /robots.txt HTTP/1.1" 404 - "-" "Mozilla/5.0 (compatible; bingbot/2.0; +http://www.bing.com/bingbot.htm)"
157.55.39.4 - - [04/Mar/2015:04:54:45 +0100] "GET /robots.txt HTTP/1.1" 404 - "-" "Mozilla/5.0 (compatible; bingbot/2.0; +http://www.bing.com/bingbot.htm)"
157.55.39.4 - - [04/Mar/2015:04:54:45 +0100] "GET /images/logo.png HTTP/1.1" 200 16467 "-" "Mozilla/5.0 (compatible; bingbot/2.0; +http://www.bing.com/bingbot.htm)"
66.249.79.53 - - [04/Mar/2015:04:58:30 +0100] "GET /robots.txt HTTP/1.1" 404 - "-" "Mozilla/5.0 (compatible; Googlebot/2.1; +http://www.google.com/bot.html)"
66.249.79.53 - - [04/Mar/2015:04:58:30 +0100] "GET / HTTP/1.1" 200 4688 "-" "Mozilla/5.0 (compatible; Googlebot/2.1; +http://www.google.com/bot.html)"
199.30.25.207 - - [04/Mar/2015:05:53:46 +0100] "GET /images/footer.png HTTP/1.1" 200 1064 "http://www.mbingenieure.de/index.html" "Mozilla/5.0 (Windows NT 6.1; WOW64) AppleWebKit/534+ (KHTML, like Gecko) BingPreview/1.0b"
199.30.25.207 - - [04/Mar/2015:05:53:46 +0100] "GET /images/navi.png HTTP/1.1" 200 946 "http://www.mbingenieure.de/index.html" "Mozilla/5.0 (Windows NT 6.1; WOW64) AppleWebKit/534+ (KHTML, like Gecko) BingPreview/1.0b"
199.30.25.207 - - [04/Mar/2015:05:53:46 +0100] "GET /images/header.png HTTP/1.1" 200 1494 "http://www.mbingenieure.de/index.html" "Mozilla/5.0 (Windows NT 6.1; WOW64) AppleWebKit/534+ (KHTML, like Gecko) BingPreview/1.0b"
199.30.25.207 - - [04/Mar/2015:05:53:46 +0100] "GET /images/logo.png HTTP/1.1" 200 16467 "http://www.mbingenieure.de/index.html" "Mozilla/5.0 (Windows NT 6.1; WOW64) AppleWebKit/534+ (KHTML, like Gecko) BingPreview/1.0b"
66.249.79.37 - - [04/Mar/2015:06:36:08 +0100] "GET / HTTP/1.1" 200 4688 "-" "Mozilla/5.0 (iPhone; CPU iPhone OS 6_0 like Mac OS X) AppleWebKit/536.26 (KHTML, like Gecko) Version/6.0 Mobile/10A5376e Safari/8536.25 (compatible; Googlebot/2.1; +http://www.google.com/bot.html)"
141.8.147.12 - - [04/Mar/2015:07:06:58 +0100] "GET /robots.txt HTTP/1.1" 404 - "-" "Mozilla/5.0 (compatible; YandexBot/3.0; +http://yandex.com/bots)"
141.8.147.12 - - [04/Mar/2015:08:58:44 +0100] "GET /spektrum.html HTTP/1.1" 200 4365 "-" "Mozilla/5.0 (compatible; YandexBot/3.0; +http://yandex.com/bots)"
83.6.219.67 - - [04/Mar/2015:10:43:31 +0100] "GET /kontakt.html HTTP/1.1" 200 4451 "-" "ELinks/0.12~pre5-9 (textmode; Debian; Linux 3.2.0-4-amd64 x86_64; -)"
66.249.79.37 - - [04/Mar/2015:11:39:43 +0100] "GET / HTTP/1.1" 200 4688 "-" "Mozilla/5.0 (compatible; Googlebot/2.1; +http://www.google.com/bot.html)"
217.7.19.34 - - [04/Mar/2015:12:30:48 +0100] "GET / HTTP/1.1" 200 4688 "-" "Mozilla/5.0 (compatible; MSIE 10.0; Windows NT 6.1; WOW64; Trident/6.0)"
217.7.19.34 - - [04/Mar/2015:12:30:50 +0100] "GET /css/style.css HTTP/1.1" 200 2831 "http://www.mbingenieure.de/" "Mozilla/5.0 (compatible; MSIE 10.0; Windows NT 6.1; WOW64; Trident/6.0)"
217.7.19.34 - - [04/Mar/2015:12:30:50 +0100] "GET /js/libs/modernizr-2.5.3.min.js HTTP/1.1" 200 15274 "http://www.mbingenieure.de/" "Mozilla/5.0 (compatible; MSIE 10.0; Windows NT 6.1; WOW64; Trident/6.0)"
217.7.19.34 - - [04/Mar/2015:12:30:50 +0100] "GET /images/logo.png HTTP/1.1" 200 16467 "http://www.mbingenieure.de/" "Mozilla/5.0 (compatible; MSIE 10.0; Windows NT 6.1; WOW64; Trident/6.0)"
217.7.19.34 - - [04/Mar/2015:12:30:50 +0100] "GET /js/plugins.js HTTP/1.1" 200 898 "http://www.mbingenieure.de/" "Mozilla/5.0 (compatible; MSIE 10.0; Windows NT 6.1; WOW64; Trident/6.0)"
217.7.19.34 - - [04/Mar/2015:12:30:50 +0100] "GET /images/bild1.png HTTP/1.1" 200 16301 "http://www.mbingenieure.de/" "Mozilla/5.0 (compatible; MSIE 10.0; Windows NT 6.1; WOW64; Trident/6.0)"
217.7.19.34 - - [04/Mar/2015:12:30:50 +0100] "GET /images/footer.png HTTP/1.1" 200 1064 "http://www.mbingenieure.de/" "Mozilla/5.0 (compatible; MSIE 10.0; Windows NT 6.1; WOW64; Trident/6.0)"
217.7.19.34 - - [04/Mar/2015:12:30:50 +0100] "GET /images/bild2.png HTTP/1.1" 200 68475 "http://www.mbingenieure.de/" "Mozilla/5.0 (compatible; MSIE 10.0; Windows NT 6.1; WOW64; Trident/6.0)"
217.7.19.34 - - [04/Mar/2015:12:30:50 +0100] "GET /images/bild4.png HTTP/1.1" 200 65856 "http://www.mbingenieure.de/" "Mozilla/5.0 (compatible; MSIE 10.0; Windows NT 6.1; WOW64; Trident/6.0)"
217.7.19.34 - - [04/Mar/2015:12:30:52 +0100] "GET /images/header.png HTTP/1.1" 200 1494 "http://www.mbingenieure.de/" "Mozilla/5.0 (compatible; MSIE 10.0; Windows NT 6.1; WOW64; Trident/6.0)"
217.7.19.34 - - [04/Mar/2015:12:30:52 +0100] "GET /images/navi.png HTTP/1.1" 200 946 "http://www.mbingenieure.de/" "Mozilla/5.0 (compatible; MSIE 10.0; Windows NT 6.1; WOW64; Trident/6.0)"
217.7.19.34 - - [04/Mar/2015:12:30:53 +0100] "GET /favicon.ico HTTP/1.1" 200 93062 "-" "Mozilla/5.0 (compatible; MSIE 10.0; Windows NT 6.1; WOW64; Trident/6.0)"
217.7.19.34 - - [04/Mar/2015:12:31:16 +0100] "GET /partner.html HTTP/1.1" 200 4401 "http://www.mbingenieure.de/" "Mozilla/5.0 (compatible; MSIE 10.0; Windows NT 6.1; WOW64; Trident/6.0)"
217.7.19.34 - - [04/Mar/2015:12:31:19 +0100] "GET /referenz.html HTTP/1.1" 200 10703 "http://www.mbingenieure.de/partner.html" "Mozilla/5.0 (compatible; MSIE 10.0; Windows NT 6.1; WOW64; Trident/6.0)"
217.7.19.34 - - [04/Mar/2015:12:31:50 +0100] "GET /spektrum.html HTTP/1.1" 200 4365 "http://www.mbingenieure.de/referenz.html" "Mozilla/5.0 (compatible; MSIE 10.0; Windows NT 6.1; WOW64; Trident/6.0)"
217.7.19.34 - - [04/Mar/2015:12:31:54 +0100] "GET /uns.html HTTP/1.1" 200 4398 "http://www.mbingenieure.de/spektrum.html" "Mozilla/5.0 (compatible; MSIE 10.0; Windows NT 6.1; WOW64; Trident/6.0)"
217.7.19.34 - - [04/Mar/2015:12:32:12 +0100] "GET /index.html HTTP/1.1" 200 4688 "http://www.mbingenieure.de/uns.html" "Mozilla/5.0 (compatible; MSIE 10.0; Windows NT 6.1; WOW64; Trident/6.0)"
217.7.19.34 - - [04/Mar/2015:12:32:21 +0100] "GET /kontakt.html HTTP/1.1" 200 4451 "http://www.mbingenieure.de/spektrum.html" "Mozilla/5.0 (compatible; MSIE 10.0; Windows NT 6.1; WOW64; Trident/6.0)"
217.7.19.34 - - [04/Mar/2015:12:32:24 +0100] "GET /impressum.html HTTP/1.1" 200 5721 "http://www.mbingenieure.de/kontakt.html" "Mozilla/5.0 (compatible; MSIE 10.0; Windows NT 6.1; WOW64; Trident/6.0)"
66.249.79.53 - - [04/Mar/2015:14:44:36 +0100] "GET /css/style.css HTTP/1.1" 200 2831 "-" "Mozilla/5.0 (compatible; Googlebot/2.1; +http://www.google.com/bot.html)"
46.229.170.197 - - [04/Mar/2015:15:49:55 +0100] "GET / HTTP/1.1" 200 4688 "-" "Mozilla/5.0 (Windows; U; Windows NT 5.1; en-US; rv:1.9.2.3) Gecko/20100401 Mozilla/5.0 (X11; U; Linux i686; it-IT; rv:1.9.0.2) Gecko/2008092313 Ubuntu/9.25 (jaunty) Firefox/3.8"
66.249.78.77 - - [04/Mar/2015:21:03:48 +0100] "GET /robots.txt HTTP/1.1" 404 - "-" "Mozilla/5.0 (compatible; Googlebot/2.1; +http://www.google.com/bot.html)"
66.249.78.77 - - [04/Mar/2015:21:03:48 +0100] "GET /kontakt.html HTTP/1.1" 304 - "-" "Mozilla/5.0 (iPhone; CPU iPhone OS 6_0 like Mac OS X) AppleWebKit/536.26 (KHTML, like Gecko) Version/6.0 Mobile/10A5376e Safari/8536.25 (compatible; Googlebot/2.1; +http://www.google.com/bot.html)"
66.249.69.221 - - [04/Mar/2015:21:28:16 +0100] "GET / HTTP/1.1" 200 4688 "-" "DoCoMo/2.0 N905i(c100;TB;W24H16) (compatible; Googlebot-Mobile/2.1; +http://www.google.com/bot.html)"
77.75.73.32 - - [04/Mar/2015:23:57:18 +0100] "GET /robots.txt HTTP/1.1" 404 - "-" "Mozilla/5.0 (compatible; SeznamBot/3.2; +http://fulltext.sblog.cz/)"
77.75.73.32 - - [04/Mar/2015:23:57:18 +0100] "GET /images/logo.png HTTP/1.1" 200 16467 "-" "Mozilla/5.0 (compatible; SeznamBot/3.2; +http://fulltext.sblog.cz/)"
77.75.73.32 - - [04/Mar/2015:23:57:18 +0100] "GET /images/bild1.png HTTP/1.1" 200 16301 "-" "Mozilla/5.0 (compatible; SeznamBot/3.2; +http://fulltext.sblog.cz/)"
77.75.73.32 - - [04/Mar/2015:23:57:19 +0100] "GET /images/bild2.png HTTP/1.1" 200 68475 "-" "Mozilla/5.0 (compatible; SeznamBot/3.2; +http://fulltext.sblog.cz/)"
77.75.73.32 - - [04/Mar/2015:23:57:20 +0100] "GET /referenz.html HTTP/1.1" 304 - "-" "Mozilla/5.0 (compatible; SeznamBot/3.2; +http://fulltext.sblog.cz/)"
77.75.73.32 - - [04/Mar/2015:23:57:22 +0100] "GET / HTTP/1.1" 304 - "-" "Mozilla/5.0 (compatible; SeznamBot/3.2; +http://fulltext.sblog.cz/)"
66.249.78.77 - - [05/Mar/2015:07:34:03 +0100] "GET / HTTP/1.1" 200 4688 "-" "Mozilla/5.0 (iPhone; CPU iPhone OS 6_0 like Mac OS X) AppleWebKit/536.26 (KHTML, like Gecko) Version/6.0 Mobile/10A5376e Safari/8536.25 (compatible; Googlebot/2.1; +http://www.google.com/bot.html)"
208.115.111.69 - - [05/Mar/2015:08:39:39 +0100] "GET /robots.txt HTTP/1.1" 404 - "-" "Mozilla/5.0 (compatible; DotBot/1.1; http://www.opensiteexplorer.org/dotbot, help@moz.com)"
208.115.111.69 - - [05/Mar/2015:10:01:41 +0100] "GET /index.html HTTP/1.1" 200 4688 "-" "Mozilla/5.0 (compatible; DotBot/1.1; http://www.opensiteexplorer.org/dotbot, help@moz.com)"
208.115.113.85 - - [05/Mar/2015:10:40:34 +0100] "GET /robots.txt HTTP/1.1" 404 - "-" "Mozilla/5.0 (compatible; DotBot/1.1; http://www.opensiteexplorer.org/dotbot, help@moz.com)"
208.115.113.85 - - [05/Mar/2015:12:04:28 +0100] "GET /referenz.html HTTP/1.1" 200 10703 "-" "Mozilla/5.0 (compatible; DotBot/1.1; http://www.opensiteexplorer.org/dotbot, help@moz.com)"
176.31.182.167 - - [05/Mar/2015:15:31:33 +0100] "GET /referenz.html HTTP/1.1" 200 10703 "-" "Java/1.7.0_65"
66.249.78.84 - - [05/Mar/2015:17:57:42 +0100] "GET /robots.txt HTTP/1.1" 404 - "-" "Mozilla/5.0 (compatible; Googlebot/2.1; +http://www.google.com/bot.html)"
66.249.78.77 - - [05/Mar/2015:17:57:42 +0100] "GET /kontakt.html HTTP/1.1" 304 - "-" "Mozilla/5.0 (iPhone; CPU iPhone OS 6_0 like Mac OS X) AppleWebKit/536.26 (KHTML, like Gecko) Version/6.0 Mobile/10A5376e Safari/8536.25 (compatible; Googlebot/2.1; +http://www.google.com/bot.html)"
144.76.86.4 - - [05/Mar/2015:20:11:30 +0100] "GET / HTTP/1.1" 200 4688 "-" "'Mozilla/5.0 (Windows; U; Windows NT 6.1; de; rv:1.9.2.12) Gecko/20101026 Firefox/3.6.12'"
207.46.13.141 - - [06/Mar/2015:01:24:12 +0100] "GET /robots.txt HTTP/1.1" 404 - "-" "Mozilla/5.0 (compatible; bingbot/2.0; +http://www.bing.com/bingbot.htm)"
207.46.13.141 - - [06/Mar/2015:01:24:16 +0100] "GET / HTTP/1.1" 200 4688 "-" "Mozilla/5.0 (compatible; bingbot/2.0; +http://www.bing.com/bingbot.htm)"
207.46.13.141 - - [06/Mar/2015:01:24:16 +0100] "GET /spektrum.html HTTP/1.1" 200 4365 "-" "Mozilla/5.0 (compatible; bingbot/2.0; +http://www.bing.com/bingbot.htm)"
207.46.13.141 - - [06/Mar/2015:01:24:16 +0100] "GET /projekte.html HTTP/1.1" 200 7938 "-" "Mozilla/5.0 (compatible; bingbot/2.0; +http://www.bing.com/bingbot.htm)"
207.46.13.141 - - [06/Mar/2015:01:24:17 +0100] "GET /partner.html HTTP/1.1" 200 4401 "-" "Mozilla/5.0 (compatible; bingbot/2.0; +http://www.bing.com/bingbot.htm)"
207.46.13.141 - - [06/Mar/2015:01:24:17 +0100] "GET /kontakt.html HTTP/1.1" 200 4451 "-" "Mozilla/5.0 (compatible; bingbot/2.0; +http://www.bing.com/bingbot.htm)"
207.46.13.24 - - [06/Mar/2015:01:29:02 +0100] "GET /index.html HTTP/1.1" 200 4688 "-" "Mozilla/5.0 (compatible; bingbot/2.0; +http://www.bing.com/bingbot.htm)"
207.46.13.24 - - [06/Mar/2015:01:29:03 +0100] "GET /impressum.html HTTP/1.1" 200 5721 "-" "Mozilla/5.0 (compatible; bingbot/2.0; +http://www.bing.com/bingbot.htm)"
207.46.13.24 - - [06/Mar/2015:01:29:03 +0100] "GET /uns.html HTTP/1.1" 200 4398 "-" "Mozilla/5.0 (compatible; bingbot/2.0; +http://www.bing.com/bingbot.htm)"
207.46.13.24 - - [06/Mar/2015:01:29:03 +0100] "GET /referenz.html HTTP/1.1" 200 10703 "-" "Mozilla/5.0 (compatible; bingbot/2.0; +http://www.bing.com/bingbot.htm)"
104.131.193.72 - - [06/Mar/2015:01:36:58 +0100] "GET / HTTP/1.0" 200 4688 "-" "Mozilla/5.0 (compatible; NetcraftSurveyAgent/1.0; +info@netcraft.com)"
206.253.226.18 - - [06/Mar/2015:03:16:44 +0100] "GET /robots.txt HTTP/1.1" 404 - "-" "Mozilla/5.0 (compatible; oBot/2.3.1; +http://filterdb.iss.net/crawler/)"
206.253.226.18 - - [06/Mar/2015:03:16:44 +0100] "GET / HTTP/1.1" 200 4688 "-" "Mozilla/5.0 (compatible; oBot/2.3.1; +http://filterdb.iss.net/crawler/)"
206.253.226.18 - - [06/Mar/2015:03:16:45 +0100] "GET /images/logo.png HTTP/1.1" 200 16467 "-" "Mozilla/5.0 (compatible; oBot/2.3.1; +http://filterdb.iss.net/crawler/)"
206.253.226.18 - - [06/Mar/2015:03:16:45 +0100] "GET /images/bild1.png HTTP/1.1" 200 16301 "-" "Mozilla/5.0 (compatible; oBot/2.3.1; +http://filterdb.iss.net/crawler/)"
206.253.226.18 - - [06/Mar/2015:03:16:45 +0100] "GET /images/bild4.png HTTP/1.1" 200 65856 "-" "Mozilla/5.0 (compatible; oBot/2.3.1; +http://filterdb.iss.net/crawler/)"
206.253.226.18 - - [06/Mar/2015:03:16:46 +0100] "GET /images/bild2.png HTTP/1.1" 200 68475 "-" "Mozilla/5.0 (compatible; oBot/2.3.1; +http://filterdb.iss.net/crawler/)"
66.249.78.84 - - [06/Mar/2015:05:08:53 +0100] "GET /robots.txt HTTP/1.1" 404 - "-" "Mozilla/5.0 (compatible; Googlebot/2.1; +http://www.google.com/bot.html)"
66.249.78.84 - - [06/Mar/2015:05:08:53 +0100] "GET /kontakt.html HTTP/1.1" 304 - "-" "Mozilla/5.0 (iPhone; CPU iPhone OS 6_0 like Mac OS X) AppleWebKit/536.26 (KHTML, like Gecko) Version/6.0 Mobile/10A5376e Safari/8536.25 (compatible; Googlebot/2.1; +http://www.google.com/bot.html)"
144.76.43.130 - - [06/Mar/2015:07:27:23 +0100] "GET / HTTP/1.1" 200 4688 "-" "'Mozilla/5.0 (Windows; U; Windows NT 6.1; de; rv:1.9.2.12) Gecko/20101026 Firefox/3.6.12'"
66.249.78.84 - - [06/Mar/2015:09:45:07 +0100] "GET / HTTP/1.1" 200 4688 "-" "Mozilla/5.0 (iPhone; CPU iPhone OS 6_0 like Mac OS X) AppleWebKit/536.26 (KHTML, like Gecko) Version/6.0 Mobile/10A5376e Safari/8536.25 (compatible; Googlebot/2.1; +http://www.google.com/bot.html)"
144.76.86.4 - - [06/Mar/2015:12:25:29 +0100] "GET / HTTP/1.1" 200 4688 "-" "'Mozilla/5.0 (Windows; U; Windows NT 6.1; de; rv:1.9.2.12) Gecko/20101026 Firefox/3.6.12'"
77.75.73.11 - - [06/Mar/2015:12:28:58 +0100] "GET /robots.txt HTTP/1.1" 404 - "-" "Mozilla/5.0 (compatible; SeznamBot/3.2; +http://fulltext.sblog.cz/)"
77.75.73.11 - - [06/Mar/2015:12:28:59 +0100] "GET /images/bild4.png HTTP/1.1" 304 - "-" "Mozilla/5.0 (compatible; SeznamBot/3.2; +http://fulltext.sblog.cz/)"
77.75.73.11 - - [06/Mar/2015:12:29:04 +0100] "GET /uns.html HTTP/1.1" 304 - "-" "Mozilla/5.0 (compatible; SeznamBot/3.2; +http://fulltext.sblog.cz/)"
199.58.86.209 - - [06/Mar/2015:12:57:35 +0100] "GET /robots.txt HTTP/1.0" 404 - "-" "Mozilla/5.0 (compatible; MJ12bot/v1.4.5; http://www.majestic12.co.uk/bot.php?+)"
199.58.86.209 - - [06/Mar/2015:12:57:36 +0100] "GET / HTTP/1.0" 200 4688 "-" "Mozilla/5.0 (compatible; MJ12bot/v1.4.5; http://www.majestic12.co.uk/bot.php?+)"
66.249.78.77 - - [06/Mar/2015:15:01:11 +0100] "GET /kontakt.html HTTP/1.1" 304 - "-" "Mozilla/5.0 (iPhone; CPU iPhone OS 6_0 like Mac OS X) AppleWebKit/536.26 (KHTML, like Gecko) Version/6.0 Mobile/10A5376e Safari/8536.25 (compatible; Googlebot/2.1; +http://www.google.com/bot.html)"
66.249.78.77 - - [06/Mar/2015:18:43:05 +0100] "GET /robots.txt HTTP/1.1" 404 - "-" "Mozilla/5.0 (compatible; Googlebot/2.1; +http://www.google.com/bot.html)"
66.249.78.91 - - [06/Mar/2015:18:43:05 +0100] "GET /ffwizetqougf.html HTTP/1.1" 404 - "-" "Mozilla/5.0 (compatible; Googlebot/2.1; +http://www.google.com/bot.html)"
66.249.78.91 - - [06/Mar/2015:19:22:32 +0100] "GET /images/logo.png HTTP/1.1" 304 - "-" "Googlebot-Image/1.0"
66.249.78.91 - - [06/Mar/2015:19:51:02 +0100] "GET /images/bild1.png HTTP/1.1" 304 - "-" "Googlebot-Image/1.0"
109.164.239.212 - - [06/Mar/2015:20:15:57 +0100] "GET /projekte.html HTTP/1.1" 200 7938 "http://www.bing.com/search?q=mb+ingenieure+ag&src=IE-TopResult&conversationid=&first=11&FORM=PERE" "Mozilla/5.0 (Windows NT 6.1; WOW64; Trident/7.0; rv:11.0) like Gecko"
109.164.239.212 - - [06/Mar/2015:20:15:57 +0100] "GET /css/style.css HTTP/1.1" 200 2831 "http://www.mbingenieure.de/projekte.html" "Mozilla/5.0 (Windows NT 6.1; WOW64; Trident/7.0; rv:11.0) like Gecko"
109.164.239.212 - - [06/Mar/2015:20:15:57 +0100] "GET /js/libs/modernizr-2.5.3.min.js HTTP/1.1" 200 15274 "http://www.mbingenieure.de/projekte.html" "Mozilla/5.0 (Windows NT 6.1; WOW64; Trident/7.0; rv:11.0) like Gecko"
109.164.239.212 - - [06/Mar/2015:20:15:57 +0100] "GET /images/0542a.png HTTP/1.1" 200 15693 "http://www.mbingenieure.de/projekte.html" "Mozilla/5.0 (Windows NT 6.1; WOW64; Trident/7.0; rv:11.0) like Gecko"
109.164.239.212 - - [06/Mar/2015:20:15:57 +0100] "GET /images/0543a.png HTTP/1.1" 200 16618 "http://www.mbingenieure.de/projekte.html" "Mozilla/5.0 (Windows NT 6.1; WOW64; Trident/7.0; rv:11.0) like Gecko"
109.164.239.212 - - [06/Mar/2015:20:15:57 +0100] "GET /js/plugins.js HTTP/1.1" 200 898 "http://www.mbingenieure.de/projekte.html" "Mozilla/5.0 (Windows NT 6.1; WOW64; Trident/7.0; rv:11.0) like Gecko"
109.164.239.212 - - [06/Mar/2015:20:15:57 +0100] "GET /images/0541a.png HTTP/1.1" 200 16258 "http://www.mbingenieure.de/projekte.html" "Mozilla/5.0 (Windows NT 6.1; WOW64; Trident/7.0; rv:11.0) like Gecko"
109.164.239.212 - - [06/Mar/2015:20:15:57 +0100] "GET /images/0941a.png HTTP/1.1" 200 14217 "http://www.mbingenieure.de/projekte.html" "Mozilla/5.0 (Windows NT 6.1; WOW64; Trident/7.0; rv:11.0) like Gecko"
109.164.239.212 - - [06/Mar/2015:20:15:58 +0100] "GET /images/footer.png HTTP/1.1" 200 1064 "http://www.mbingenieure.de/projekte.html" "Mozilla/5.0 (Windows NT 6.1; WOW64; Trident/7.0; rv:11.0) like Gecko"
109.164.239.212 - - [06/Mar/2015:20:15:58 +0100] "GET /images/header.png HTTP/1.1" 200 1494 "http://www.mbingenieure.de/projekte.html" "Mozilla/5.0 (Windows NT 6.1; WOW64; Trident/7.0; rv:11.0) like Gecko"
109.164.239.212 - - [06/Mar/2015:20:15:58 +0100] "GET /images/navi.png HTTP/1.1" 200 946 "http://www.mbingenieure.de/projekte.html" "Mozilla/5.0 (Windows NT 6.1; WOW64; Trident/7.0; rv:11.0) like Gecko"
109.164.239.212 - - [06/Mar/2015:20:15:58 +0100] "GET /favicon.ico HTTP/1.1" 200 93062 "-" "Mozilla/5.0 (Windows NT 6.1; Win64; x64; Trident/7.0; rv:11.0) like Gecko"
109.164.239.212 - - [06/Mar/2015:20:16:06 +0100] "GET /uns.html HTTP/1.1" 200 4398 "http://www.mbingenieure.de/projekte.html" "Mozilla/5.0 (Windows NT 6.1; WOW64; Trident/7.0; rv:11.0) like Gecko"
109.164.239.212 - - [06/Mar/2015:20:16:13 +0100] "GET /kontakt.html HTTP/1.1" 200 4451 "http://www.mbingenieure.de/uns.html" "Mozilla/5.0 (Windows NT 6.1; WOW64; Trident/7.0; rv:11.0) like Gecko"
66.249.78.77 - - [06/Mar/2015:20:16:45 +0100] "GET /images/bild4.png HTTP/1.1" 304 - "-" "Googlebot-Image/1.0"
66.249.78.77 - - [06/Mar/2015:20:45:03 +0100] "GET /images/bild2.png HTTP/1.1" 304 - "-" "Googlebot-Image/1.0"
66.249.78.91 - - [07/Mar/2015:05:47:12 +0100] "GET / HTTP/1.1" 200 4688 "-" "Mozilla/5.0 (iPhone; CPU iPhone OS 6_0 like Mac OS X) AppleWebKit/536.26 (KHTML, like Gecko) Version/6.0 Mobile/10A5376e Safari/8536.25 (compatible; Googlebot/2.1; +http://www.google.com/bot.html)"
161.69.163.20 - - [07/Mar/2015:07:09:29 +0100] "GET / HTTP/1.1" 200 4688 "-" "Go 1.1 package http"
188.165.15.23 - - [07/Mar/2015:10:09:54 +0100] "GET /robots.txt HTTP/1.1" 404 - "-" "Mozilla/5.0 (compatible; AhrefsBot/5.0; +http://ahrefs.com/robot/)"
66.249.78.91 - - [07/Mar/2015:11:16:10 +0100] "GET /robots.txt HTTP/1.1" 404 - "-" "Mozilla/5.0 (compatible; Googlebot/2.1; +http://www.google.com/bot.html)"
66.249.78.77 - - [07/Mar/2015:11:16:10 +0100] "GET /impressum.html HTTP/1.1" 304 - "-" "Mozilla/5.0 (iPhone; CPU iPhone OS 6_0 like Mac OS X) AppleWebKit/536.26 (KHTML, like Gecko) Version/6.0 Mobile/10A5376e Safari/8536.25 (compatible; Googlebot/2.1; +http://www.google.com/bot.html)"
66.249.78.84 - - [07/Mar/2015:12:52:37 +0100] "GET /kontakt.html HTTP/1.1" 304 - "-" "Mozilla/5.0 (iPhone; CPU iPhone OS 6_0 like Mac OS X) AppleWebKit/536.26 (KHTML, like Gecko) Version/6.0 Mobile/10A5376e Safari/8536.25 (compatible; Googlebot/2.1; +http://www.google.com/bot.html)"
66.249.78.84 - - [07/Mar/2015:13:12:35 +0100] "GET / HTTP/1.1" 200 4688 "-" "Mozilla/5.0 (compatible; Googlebot/2.1; +http://www.google.com/bot.html)"
207.46.13.141 - - [07/Mar/2015:15:36:17 +0100] "GET /robots.txt HTTP/1.1" 404 - "-" "Mozilla/5.0 (compatible; bingbot/2.0; +http://www.bing.com/bingbot.htm)"
46.105.98.166 - - [07/Mar/2015:18:10:03 +0100] "GET /robots.txt HTTP/1.0" 404 - "-" ""
46.105.98.166 - - [07/Mar/2015:18:10:03 +0100] "GET / HTTP/1.1" 206 4688 "-" "Mozilla/5.0 (X11; U; Linux i586; de; rv:5.0) Gecko/20100101 Firefox/5.0"
46.105.98.166 - - [07/Mar/2015:18:10:06 +0100] "GET /index.html HTTP/1.1" 206 4688 "-" "Mozilla/5.0 (X11; U; Linux i586; de; rv:5.0) Gecko/20100101 Firefox/5.0"
46.105.98.166 - - [07/Mar/2015:18:10:08 +0100] "GET /uns.html HTTP/1.1" 206 4398 "-" "Mozilla/5.0 (X11; U; Linux i586; de; rv:5.0) Gecko/20100101 Firefox/5.0"
46.105.98.166 - - [07/Mar/2015:18:10:10 +0100] "GET /spektrum.html HTTP/1.1" 206 4365 "-" "Mozilla/5.0 (X11; U; Linux i586; de; rv:5.0) Gecko/20100101 Firefox/5.0"
46.105.98.166 - - [07/Mar/2015:18:10:12 +0100] "GET /referenz.html HTTP/1.1" 206 10703 "-" "Mozilla/5.0 (X11; U; Linux i586; de; rv:5.0) Gecko/20100101 Firefox/5.0"
46.105.98.166 - - [07/Mar/2015:18:10:14 +0100] "GET /partner.html HTTP/1.1" 206 4401 "-" "Mozilla/5.0 (X11; U; Linux i586; de; rv:5.0) Gecko/20100101 Firefox/5.0"
46.105.98.166 - - [07/Mar/2015:18:10:16 +0100] "GET /kontakt.html HTTP/1.1" 206 4451 "-" "Mozilla/5.0 (X11; U; Linux i586; de; rv:5.0) Gecko/20100101 Firefox/5.0"
46.105.98.166 - - [07/Mar/2015:18:10:18 +0100] "GET /impressum.html HTTP/1.1" 206 5721 "-" "Mozilla/5.0 (X11; U; Linux i586; de; rv:5.0) Gecko/20100101 Firefox/5.0"
46.105.98.166 - - [07/Mar/2015:18:10:20 +0100] "GET /projekte.html HTTP/1.1" 206 7938 "-" "Mozilla/5.0 (X11; U; Linux i586; de; rv:5.0) Gecko/20100101 Firefox/5.0"
141.8.147.12 - - [07/Mar/2015:22:03:16 +0100] "GET /robots.txt HTTP/1.1" 404 - "-" "Mozilla/5.0 (compatible; YandexBot/3.0; +http://yandex.com/bots)"
148.251.124.42 - - [07/Mar/2015:23:48:37 +0100] "GET /index.html HTTP/1.1" 200 4688 "-" "Mozilla/5.0 (Macintosh; Intel Mac OS X 10_6_8) AppleWebKit/534.59.8 (KHTML, like Gecko) Version/5.1.9 Safari/534.59.8"
144.76.185.173 - - [07/Mar/2015:23:48:37 +0100] "GET /referenz.html HTTP/1.1" 200 10703 "-" "Mozilla/5.0 (Windows NT 6.1; WOW64; rv:18.0) Gecko/20100101 Firefox/18.0"
88.198.56.239 - - [07/Mar/2015:23:48:37 +0100] "GET /kontakt.html HTTP/1.1" 200 4451 "-" "Mozilla/5.0 (compatible; MSIE 10.0; Windows NT 6.1; WOW64; Trident/6.0)"
144.76.155.8 - - [07/Mar/2015:23:48:38 +0100] "GET /impressum.html HTTP/1.1" 200 5721 "-" "Mozilla/5.0 (Macintosh; Intel Mac OS X 10_6_8) AppleWebKit/537.13+ (KHTML, like Gecko) Version/5.1.7 Safari/534.57.2"
176.57.143.60 - - [07/Mar/2015:23:48:38 +0100] "GET / HTTP/1.1" 200 4688 "-" "Mozilla/5.0 (Windows NT 5.1; rv:11.0) Gecko Firefox/11.0"
144.76.201.69 - - [07/Mar/2015:23:48:38 +0100] "GET /uns.html HTTP/1.1" 200 4398 "-" "Mozilla/5.0 (X11; Ubuntu; Linux x86_64; rv:21.0) Gecko/20130331 Firefox/21.0"
141.8.147.12 - - [08/Mar/2015:00:59:52 +0100] "GET /spektrum.html HTTP/1.1" 200 4365 "-" "Mozilla/5.0 (compatible; YandexBot/3.0; +http://yandex.com/bots)"
66.249.78.77 - - [08/Mar/2015:07:09:19 +0100] "GET /robots.txt HTTP/1.1" 404 - "-" "Mozilla/5.0 (compatible; Googlebot/2.1; +http://www.google.com/bot.html)"
66.249.78.91 - - [08/Mar/2015:07:09:19 +0100] "GET /impressum.html HTTP/1.1" 304 - "-" "Mozilla/5.0 (iPhone; CPU iPhone OS 6_0 like Mac OS X) AppleWebKit/536.26 (KHTML, like Gecko) Version/6.0 Mobile/10A5376e Safari/8536.25 (compatible; Googlebot/2.1; +http://www.google.com/bot.html)"
141.8.147.12 - - [08/Mar/2015:08:22:49 +0100] "GET /robots.txt HTTP/1.1" 404 - "-" "Mozilla/5.0 (compatible; YandexBot/3.0; +http://yandex.com/bots)"
141.8.147.12 - - [08/Mar/2015:08:24:27 +0100] "GET /index.html HTTP/1.1" 200 4688 "-" "Mozilla/5.0 (compatible; YandexBot/3.0; +http://yandex.com/bots)"
141.8.147.12 - - [08/Mar/2015:08:32:50 +0100] "GET /partner.html HTTP/1.1" 200 4401 "-" "Mozilla/5.0 (compatible; YandexBot/3.0; +http://yandex.com/bots)"
141.8.147.12 - - [08/Mar/2015:08:35:27 +0100] "GET /kontakt.html HTTP/1.1" 200 4451 "-" "Mozilla/5.0 (compatible; YandexBot/3.0; +http://yandex.com/bots)"
141.8.147.12 - - [08/Mar/2015:08:38:13 +0100] "GET /impressum.html HTTP/1.1" 200 5721 "-" "Mozilla/5.0 (compatible; YandexBot/3.0; +http://yandex.com/bots)"
141.8.147.12 - - [08/Mar/2015:08:38:46 +0100] "GET /uns.html HTTP/1.1" 200 4398 "-" "Mozilla/5.0 (compatible; YandexBot/3.0; +http://yandex.com/bots)"
141.8.147.12 - - [08/Mar/2015:08:38:56 +0100] "GET /referenz.html HTTP/1.1" 200 10703 "-" "Mozilla/5.0 (compatible; YandexBot/3.0; +http://yandex.com/bots)"
66.249.78.77 - - [08/Mar/2015:09:51:30 +0100] "GET / HTTP/1.1" 200 4688 "-" "Mozilla/5.0 (iPhone; CPU iPhone OS 6_0 like Mac OS X) AppleWebKit/536.26 (KHTML, like Gecko) Version/6.0 Mobile/10A5376e Safari/8536.25 (compatible; Googlebot/2.1; +http://www.google.com/bot.html)"
66.249.78.91 - - [08/Mar/2015:10:15:21 +0100] "GET /css/style.css HTTP/1.1" 200 2831 "-" "Mozilla/5.0 (compatible; Googlebot/2.1; +http://www.google.com/bot.html)"
66.249.78.91 - - [08/Mar/2015:11:11:35 +0100] "GET /referenz.html HTTP/1.1" 304 - "-" "Mozilla/5.0 (iPhone; CPU iPhone OS 6_0 like Mac OS X) AppleWebKit/536.26 (KHTML, like Gecko) Version/6.0 Mobile/10A5376e Safari/8536.25 (compatible; Googlebot/2.1; +http://www.google.com/bot.html)"
208.115.111.69 - - [08/Mar/2015:12:40:41 +0100] "GET /robots.txt HTTP/1.1" 404 - "-" "Mozilla/5.0 (compatible; DotBot/1.1; http://www.opensiteexplorer.org/dotbot, help@moz.com)"
208.115.111.69 - - [08/Mar/2015:14:01:31 +0100] "GET /spektrum.html HTTP/1.1" 200 4365 "-" "Mozilla/5.0 (compatible; DotBot/1.1; http://www.opensiteexplorer.org/dotbot, help@moz.com)"
79.194.40.235 - - [08/Mar/2015:18:57:59 +0100] "GET / HTTP/1.1" 200 4688 "http://www.tanzkapelle-krause.de/freunde.html" "Mozilla/5.0 (Windows NT 5.1; rv:35.0) Gecko/20100101 Firefox/35.0"
79.194.40.235 - - [08/Mar/2015:18:58:00 +0100] "GET /css/style.css HTTP/1.1" 200 2831 "http://www.mbingenieure.de/" "Mozilla/5.0 (Windows NT 5.1; rv:35.0) Gecko/20100101 Firefox/35.0"
79.194.40.235 - - [08/Mar/2015:18:58:00 +0100] "GET /js/libs/modernizr-2.5.3.min.js HTTP/1.1" 200 15274 "http://www.mbingenieure.de/" "Mozilla/5.0 (Windows NT 5.1; rv:35.0) Gecko/20100101 Firefox/35.0"
79.194.40.235 - - [08/Mar/2015:18:58:00 +0100] "GET /js/plugins.js HTTP/1.1" 200 898 "http://www.mbingenieure.de/" "Mozilla/5.0 (Windows NT 5.1; rv:35.0) Gecko/20100101 Firefox/35.0"
79.194.40.235 - - [08/Mar/2015:18:58:00 +0100] "GET /images/logo.png HTTP/1.1" 200 16467 "http://www.mbingenieure.de/" "Mozilla/5.0 (Windows NT 5.1; rv:35.0) Gecko/20100101 Firefox/35.0"
79.194.40.235 - - [08/Mar/2015:18:58:00 +0100] "GET /images/bild1.png HTTP/1.1" 200 16301 "http://www.mbingenieure.de/" "Mozilla/5.0 (Windows NT 5.1; rv:35.0) Gecko/20100101 Firefox/35.0"
79.194.40.235 - - [08/Mar/2015:18:58:00 +0100] "GET /images/bild4.png HTTP/1.1" 200 65856 "http://www.mbingenieure.de/" "Mozilla/5.0 (Windows NT 5.1; rv:35.0) Gecko/20100101 Firefox/35.0"
79.194.40.235 - - [08/Mar/2015:18:58:00 +0100] "GET /images/bild2.png HTTP/1.1" 200 68475 "http://www.mbingenieure.de/" "Mozilla/5.0 (Windows NT 5.1; rv:35.0) Gecko/20100101 Firefox/35.0"
79.194.40.235 - - [08/Mar/2015:18:58:01 +0100] "GET /images/footer.png HTTP/1.1" 200 1064 "http://www.mbingenieure.de/css/style.css" "Mozilla/5.0 (Windows NT 5.1; rv:35.0) Gecko/20100101 Firefox/35.0"
79.194.40.235 - - [08/Mar/2015:18:58:01 +0100] "GET /images/header.png HTTP/1.1" 200 1494 "http://www.mbingenieure.de/css/style.css" "Mozilla/5.0 (Windows NT 5.1; rv:35.0) Gecko/20100101 Firefox/35.0"
79.194.40.235 - - [08/Mar/2015:18:58:01 +0100] "GET /images/navi.png HTTP/1.1" 200 946 "http://www.mbingenieure.de/css/style.css" "Mozilla/5.0 (Windows NT 5.1; rv:35.0) Gecko/20100101 Firefox/35.0"
79.194.40.235 - - [08/Mar/2015:18:58:01 +0100] "GET /favicon.ico HTTP/1.1" 200 93062 "-" "Mozilla/5.0 (Windows NT 5.1; rv:35.0) Gecko/20100101 Firefox/35.0"
79.194.40.235 - - [08/Mar/2015:18:58:19 +0100] "GET /uns.html HTTP/1.1" 200 4398 "http://www.mbingenieure.de/" "Mozilla/5.0 (Windows NT 5.1; rv:35.0) Gecko/20100101 Firefox/35.0"
79.194.40.235 - - [08/Mar/2015:18:58:27 +0100] "GET /spektrum.html HTTP/1.1" 200 4365 "http://www.mbingenieure.de/uns.html" "Mozilla/5.0 (Windows NT 5.1; rv:35.0) Gecko/20100101 Firefox/35.0"
79.194.40.235 - - [08/Mar/2015:18:58:31 +0100] "GET /referenz.html HTTP/1.1" 200 10703 "http://www.mbingenieure.de/spektrum.html" "Mozilla/5.0 (Windows NT 5.1; rv:35.0) Gecko/20100101 Firefox/35.0"
79.194.40.235 - - [08/Mar/2015:18:58:40 +0100] "GET /partner.html HTTP/1.1" 200 4401 "http://www.mbingenieure.de/referenz.html" "Mozilla/5.0 (Windows NT 5.1; rv:35.0) Gecko/20100101 Firefox/35.0"
79.194.40.235 - - [08/Mar/2015:18:58:46 +0100] "GET /kontakt.html HTTP/1.1" 200 4451 "http://www.mbingenieure.de/partner.html" "Mozilla/5.0 (Windows NT 5.1; rv:35.0) Gecko/20100101 Firefox/35.0"
79.194.40.235 - - [08/Mar/2015:18:58:53 +0100] "GET /index.html HTTP/1.1" 200 4688 "http://www.mbingenieure.de/kontakt.html" "Mozilla/5.0 (Windows NT 5.1; rv:35.0) Gecko/20100101 Firefox/35.0"
66.249.65.189 - - [08/Mar/2015:20:30:05 +0100] "GET /robots.txt HTTP/1.1" 404 - "-" "Mozilla/5.0 (compatible; Googlebot/2.1; +http://www.google.com/bot.html)"
66.249.65.189 - - [08/Mar/2015:20:30:05 +0100] "GET /spektrum.html HTTP/1.1" 304 - "-" "Mozilla/5.0 (iPhone; CPU iPhone OS 6_0 like Mac OS X) AppleWebKit/536.26 (KHTML, like Gecko) Version/6.0 Mobile/10A5376e Safari/8536.25 (compatible; Googlebot/2.1; +http://www.google.com/bot.html)"
66.249.65.189 - - [08/Mar/2015:21:32:43 +0100] "GET /spektrum.html HTTP/1.1" 304 - "-" "Mozilla/5.0 (iPhone; CPU iPhone OS 6_0 like Mac OS X) AppleWebKit/536.26 (KHTML, like Gecko) Version/6.0 Mobile/10A5376e Safari/8536.25 (compatible; Googlebot/2.1; +http://www.google.com/bot.html)"
66.249.65.185 - - [08/Mar/2015:23:23:00 +0100] "GET /projekte.html HTTP/1.1" 304 - "-" "Mozilla/5.0 (iPhone; CPU iPhone OS 6_0 like Mac OS X) AppleWebKit/536.26 (KHTML, like Gecko) Version/6.0 Mobile/10A5376e Safari/8536.25 (compatible; Googlebot/2.1; +http://www.google.com/bot.html)"
