87.160.216.147 - - [06/Jul/2012:20:44:24 +0200] "GET /images/newsletter.jpg HTTP/1.1" 200 13130 "http://www.mink-gmbh.de/" "Mozilla/5.0 (Windows NT 5.1) AppleWebKit/536.11 (KHTML, like Gecko) Chrome/20.0.1132.47 Safari/536.11"
87.160.216.147 - - [06/Jul/2012:20:44:24 +0200] "GET /images/freecall.jpg HTTP/1.1" 200 39195 "http://www.mink-gmbh.de/" "Mozilla/5.0 (Windows NT 5.1) AppleWebKit/536.11 (KHTML, like Gecko) Chrome/20.0.1132.47 Safari/536.11"
87.160.216.147 - - [06/Jul/2012:20:44:24 +0200] "GET /images/mail.jpg HTTP/1.1" 200 11165 "http://www.mink-gmbh.de/" "Mozilla/5.0 (Windows NT 5.1) AppleWebKit/536.11 (KHTML, like Gecko) Chrome/20.0.1132.47 Safari/536.11"
87.160.216.147 - - [06/Jul/2012:20:44:24 +0200] "GET /images/kwk.gif HTTP/1.1" 200 6403 "http://www.mink-gmbh.de/" "Mozilla/5.0 (Windows NT 5.1) AppleWebKit/536.11 (KHTML, like Gecko) Chrome/20.0.1132.47 Safari/536.11"
87.160.216.147 - - [06/Jul/2012:20:44:24 +0200] "GET /images/tkw.jpg HTTP/1.1" 200 64031 "http://www.mink-gmbh.de/" "Mozilla/5.0 (Windows NT 5.1) AppleWebKit/536.11 (KHTML, like Gecko) Chrome/20.0.1132.47 Safari/536.11"
87.160.216.147 - - [06/Jul/2012:20:44:24 +0200] "GET /images/wunschpreis.jpg HTTP/1.1" 200 16767 "http://www.mink-gmbh.de/" "Mozilla/5.0 (Windows NT 5.1) AppleWebKit/536.11 (KHTML, like Gecko) Chrome/20.0.1132.47 Safari/536.11"
87.160.216.147 - - [06/Jul/2012:20:44:24 +0200] "GET /images/logos.jpg HTTP/1.1" 200 15002 "http://www.mink-gmbh.de/" "Mozilla/5.0 (Windows NT 5.1) AppleWebKit/536.11 (KHTML, like Gecko) Chrome/20.0.1132.47 Safari/536.11"
87.160.216.147 - - [06/Jul/2012:20:44:24 +0200] "GET /images/footerbg.jpg HTTP/1.1" 200 2184 "http://www.mink-gmbh.de/" "Mozilla/5.0 (Windows NT 5.1) AppleWebKit/536.11 (KHTML, like Gecko) Chrome/20.0.1132.47 Safari/536.11"
87.160.216.147 - - [06/Jul/2012:20:44:24 +0200] "GET /js_contentserver24_greybox/header_bg.gif HTTP/1.1" 200 1188 "http://www.mink-gmbh.de/" "Mozilla/5.0 (Windows NT 5.1) AppleWebKit/536.11 (KHTML, like Gecko) Chrome/20.0.1132.47 Safari/536.11"
87.160.216.147 - - [06/Jul/2012:20:44:25 +0200] "GET /js_contentserver24_greybox/indicator.gif HTTP/1.1" 200 8238 "http://www.mink-gmbh.de/js_contentserver24_greybox/loader_frame.html?s=0" "Mozilla/5.0 (Windows NT 5.1) AppleWebKit/536.11 (KHTML, like Gecko) Chrome/20.0.1132.47 Safari/536.11"
87.160.216.147 - - [06/Jul/2012:20:44:25 +0200] "GET /js_contentserver24_greybox/g_close.gif HTTP/1.1" 200 541 "http://www.mink-gmbh.de/" "Mozilla/5.0 (Windows NT 5.1) AppleWebKit/536.11 (KHTML, like Gecko) Chrome/20.0.1132.47 Safari/536.11"
87.160.216.147 - - [06/Jul/2012:20:45:08 +0200] "GET / HTTP/1.1" 200 14643 "http://web2.cylex.de/reviews/viewcompanywebsite.aspx?firmaName=herbert-mink-gmbh&companyId=5251604" "Mozilla/5.0 (Windows NT 5.1) AppleWebKit/536.11 (KHTML, like Gecko) Chrome/20.0.1132.47 Safari/536.11"
87.160.216.147 - - [06/Jul/2012:20:45:10 +0200] "GET /favicon.ico HTTP/1.1" 200 3638 "-" "Mozilla/5.0 (Windows NT 5.1) AppleWebKit/536.11 (KHTML, like Gecko) Chrome/20.0.1132.47 Safari/536.11"
87.160.216.147 - - [06/Jul/2012:20:46:20 +0200] "GET /preisanfrage.php HTTP/1.1" 200 10549 "http://www.mink-gmbh.de/" "Mozilla/5.0 (Windows NT 5.1) AppleWebKit/536.11 (KHTML, like Gecko) Chrome/20.0.1132.47 Safari/536.11"
87.160.216.147 - - [06/Jul/2012:20:46:54 +0200] "GET /wunschpreis.php HTTP/1.1" 200 11898 "http://www.mink-gmbh.de/preisanfrage.php" "Mozilla/5.0 (Windows NT 5.1) AppleWebKit/536.11 (KHTML, like Gecko) Chrome/20.0.1132.47 Safari/536.11"
87.160.216.147 - - [06/Jul/2012:20:47:04 +0200] "GET /index.php HTTP/1.1" 200 14643 "http://www.mink-gmbh.de/wunschpreis.php" "Mozilla/5.0 (Windows NT 5.1) AppleWebKit/536.11 (KHTML, like Gecko) Chrome/20.0.1132.47 Safari/536.11"
87.160.216.147 - - [06/Jul/2012:20:47:20 +0200] "GET /news.php?cs_go=archiv&cs_id=3236 HTTP/1.1" 200 13594 "http://www.mink-gmbh.de/index.php" "Mozilla/5.0 (Windows NT 5.1) AppleWebKit/536.11 (KHTML, like Gecko) Chrome/20.0.1132.47 Safari/536.11"
87.160.216.147 - - [06/Jul/2012:20:49:27 +0200] "GET /standard.php HTTP/1.1" 200 9063 "http://www.mink-gmbh.de/news.php?cs_go=archiv&cs_id=3236" "Mozilla/5.0 (Windows NT 5.1) AppleWebKit/536.11 (KHTML, like Gecko) Chrome/20.0.1132.47 Safari/536.11"
87.160.216.147 - - [06/Jul/2012:20:49:49 +0200] "GET /news.php?cs_go=archiv&cs_id=3236 HTTP/1.1" 200 13594 "http://www.mink-gmbh.de/index.php" "Mozilla/5.0 (Windows NT 5.1) AppleWebKit/536.11 (KHTML, like Gecko) Chrome/20.0.1132.47 Safari/536.11"
87.160.216.147 - - [06/Jul/2012:20:49:51 +0200] "GET /index.php HTTP/1.1" 200 14643 "http://www.mink-gmbh.de/wunschpreis.php" "Mozilla/5.0 (Windows NT 5.1) AppleWebKit/536.11 (KHTML, like Gecko) Chrome/20.0.1132.47 Safari/536.11"
87.160.216.147 - - [06/Jul/2012:20:49:52 +0200] "GET /wunschpreis.php HTTP/1.1" 200 11898 "http://www.mink-gmbh.de/preisanfrage.php" "Mozilla/5.0 (Windows NT 5.1) AppleWebKit/536.11 (KHTML, like Gecko) Chrome/20.0.1132.47 Safari/536.11"
87.160.216.147 - - [06/Jul/2012:20:49:54 +0200] "GET /preisanfrage.php HTTP/1.1" 200 10549 "http://www.mink-gmbh.de/" "Mozilla/5.0 (Windows NT 5.1) AppleWebKit/536.11 (KHTML, like Gecko) Chrome/20.0.1132.47 Safari/536.11"
87.160.216.147 - - [06/Jul/2012:20:49:55 +0200] "GET / HTTP/1.1" 200 14643 "http://web2.cylex.de/reviews/viewcompanywebsite.aspx?firmaName=herbert-mink-gmbh&companyId=5251604" "Mozilla/5.0 (Windows NT 5.1) AppleWebKit/536.11 (KHTML, like Gecko) Chrome/20.0.1132.47 Safari/536.11"
87.160.216.147 - - [06/Jul/2012:20:49:57 +0200] "GET / HTTP/1.1" 200 14643 "http://web2.cylex.de/reviews/viewcompanywebsite.aspx?firmaName=herbert-mink-gmbh&companyId=5251604" "Mozilla/5.0 (Windows NT 5.1) AppleWebKit/536.11 (KHTML, like Gecko) Chrome/20.0.1132.47 Safari/536.11"
66.249.66.137 - - [06/Jul/2012:21:03:59 +0200] "GET /robots.txt HTTP/1.1" 200 177 "-" "Mozilla/5.0 (compatible; Googlebot/2.1; +http://www.google.com/bot.html)"
66.249.66.137 - - [06/Jul/2012:21:03:59 +0200] "GET /news.php?cs_go=archiv&cs_id=2681 HTTP/1.1" 200 10154 "-" "Mozilla/5.0 (compatible; Googlebot/2.1; +http://www.google.com/bot.html)"
65.36.241.79 - - [06/Jul/2012:21:45:45 +0200] "HEAD / HTTP/1.1" 200 - "-" "InternetSeer.com"
208.115.113.91 - - [06/Jul/2012:21:58:21 +0200] "GET /robots.txt HTTP/1.1" 200 177 "-" "Mozilla/5.0 (compatible; Ezooms/1.0; ezooms.bot@gmail.com)"
208.115.113.91 - - [06/Jul/2012:21:58:21 +0200] "GET /robots.txt HTTP/1.1" 200 177 "-" "Mozilla/5.0 (compatible; Ezooms/1.0; ezooms.bot@gmail.com)"
208.115.111.75 - - [06/Jul/2012:23:47:09 +0200] "GET /robots.txt HTTP/1.1" 200 177 "-" "Mozilla/5.0 (compatible; Ezooms/1.0; ezooms.bot@gmail.com)"
208.115.111.75 - - [06/Jul/2012:23:58:57 +0200] "GET /robots.txt HTTP/1.1" 200 177 "-" "Mozilla/5.0 (compatible; Ezooms/1.0; ezooms.bot@gmail.com)"
208.115.113.91 - - [07/Jul/2012:00:13:26 +0200] "GET /robots.txt HTTP/1.1" 200 177 "-" "Mozilla/5.0 (compatible; Ezooms/1.0; ezooms.bot@gmail.com)"
188.40.66.214 - - [07/Jul/2012:00:28:41 +0200] "GET /robots.txt HTTP/1.1" 200 177 "-" "Pixray-Seeker/1.1 (Pixray-Seeker; http://www.pixray.com/pixraybot; crawler@pixray.com)"
188.40.66.214 - - [07/Jul/2012:00:28:41 +0200] "GET /news.php?cs_go=archiv&cs_id=1663&cs_search= HTTP/1.1" 200 13944 "-" "Pixray-Seeker/1.1 (Pixray-Seeker; http://www.pixray.com/pixraybot; crawler@pixray.com)"
208.115.111.75 - - [07/Jul/2012:00:43:08 +0200] "GET /robots.txt HTTP/1.1" 200 177 "-" "Mozilla/5.0 (compatible; Ezooms/1.0; ezooms.bot@gmail.com)"
178.154.179.250 - - [07/Jul/2012:00:56:33 +0200] "GET /robots.txt HTTP/1.1" 200 177 "-" "Mozilla/5.0 (compatible; YandexBot/3.0; +http://yandex.com/bots)"
66.249.66.137 - - [07/Jul/2012:00:58:32 +0200] "GET /news.php?cs_go=archiv&cs_id=2815&cs_search= HTTP/1.1" 200 10035 "-" "Mozilla/5.0 (compatible; Googlebot/2.1; +http://www.google.com/bot.html)"
46.4.92.141 - - [07/Jul/2012:01:05:45 +0200] "GET /robots.txt HTTP/1.1" 200 177 "-" "Pixray-Seeker/1.1 (Pixray-Seeker; http://www.pixray.com/pixraybot; crawler@pixray.com)"
46.4.92.141 - - [07/Jul/2012:01:05:45 +0200] "GET /news.php?cs_go=archiv&cs_id=1740&cs_search= HTTP/1.1" 200 13706 "-" "Pixray-Seeker/1.1 (Pixray-Seeker; http://www.pixray.com/pixraybot; crawler@pixray.com)"
208.115.111.75 - - [07/Jul/2012:01:07:50 +0200] "GET /robots.txt HTTP/1.1" 200 177 "-" "Mozilla/5.0 (compatible; Ezooms/1.0; ezooms.bot@gmail.com)"
46.4.118.75 - - [07/Jul/2012:01:22:35 +0200] "GET /robots.txt HTTP/1.1" 200 177 "-" "Pixray-Seeker/1.1 (Pixray-Seeker; http://www.pixray.com/pixraybot; crawler@pixray.com)"
46.4.118.75 - - [07/Jul/2012:01:22:35 +0200] "GET /news.php?cs_go=archiv&cs_id=3230&cs_search= HTTP/1.1" 200 13188 "-" "Pixray-Seeker/1.1 (Pixray-Seeker; http://www.pixray.com/pixraybot; crawler@pixray.com)"
66.249.66.137 - - [07/Jul/2012:01:23:16 +0200] "GET /impressum.php HTTP/1.1" 200 8944 "-" "Mozilla/5.0 (iPhone; U; CPU iPhone OS 4_1 like Mac OS X; en-us) AppleWebKit/532.9 (KHTML, like Gecko) Version/4.0.5 Mobile/8B117 Safari/6531.22.7 (compatible; Googlebot-Mobile/2.1; +http://www.google.com/bot.html)"
220.181.108.119 - - [07/Jul/2012:01:28:46 +0200] "GET / HTTP/1.1" 200 6438 "-" "Mozilla/5.0 (compatible; Baiduspider/2.0; +http://www.baidu.com/search/spider.html)"
123.125.71.18 - - [07/Jul/2012:01:28:53 +0200] "GET / HTTP/1.1" 200 8775 "-" "Mozilla/5.0 (compatible; Baiduspider/2.0; +http://www.baidu.com/search/spider.html)"
188.165.195.156 - - [07/Jul/2012:01:30:57 +0200] "HEAD / HTTP/1.1" 200 - "-" "Mozilla/4.0 (compatible; MSIE 5.01; Windows NT 5.0)"
46.4.92.140 - - [07/Jul/2012:01:36:53 +0200] "GET /robots.txt HTTP/1.1" 200 177 "-" "Pixray-Seeker/1.1 (Pixray-Seeker; http://www.pixray.com/pixraybot; crawler@pixray.com)"
46.4.92.140 - - [07/Jul/2012:01:36:53 +0200] "GET /news.php?cs_go=archiv&cs_startpos=1310 HTTP/1.1" 200 23099 "-" "Pixray-Seeker/1.1 (Pixray-Seeker; http://www.pixray.com/pixraybot; crawler@pixray.com)"
213.186.127.13 - - [07/Jul/2012:01:40:28 +0200] "GET /news.php?cs_go=archiv&cs_id=3067&cs_search= HTTP/1.1" 200 13495 "-" "Mozilla/5.0 (compatible; AhrefsBot/3.0; +http://ahrefs.com/robot/)"
46.4.125.109 - - [07/Jul/2012:01:48:17 +0200] "GET /robots.txt HTTP/1.1" 200 177 "-" "Pixray-Seeker/1.1 (Pixray-Seeker; http://www.pixray.com/pixraybot; crawler@pixray.com)"
46.4.125.109 - - [07/Jul/2012:01:48:17 +0200] "GET /news.php?cs_go=archiv&cs_id=1752&cs_search= HTTP/1.1" 200 12777 "-" "Pixray-Seeker/1.1 (Pixray-Seeker; http://www.pixray.com/pixraybot; crawler@pixray.com)"
46.4.92.140 - - [07/Jul/2012:01:58:53 +0200] "GET /robots.txt HTTP/1.1" 200 177 "-" "Pixray-Seeker/1.1 (Pixray-Seeker; http://www.pixray.com/pixraybot; crawler@pixray.com)"
46.4.92.140 - - [07/Jul/2012:01:58:53 +0200] "GET /news.php?cs_go=archiv&cs_id=1707&cs_search= HTTP/1.1" 200 11188 "-" "Pixray-Seeker/1.1 (Pixray-Seeker; http://www.pixray.com/pixraybot; crawler@pixray.com)"
85.13.142.218 - - [07/Jul/2012:02:08:25 +0200] "GET / HTTP/1.0" 200 6438 "-" "-"
85.13.142.218 - - [07/Jul/2012:02:08:26 +0200] "GET / HTTP/1.0" 200 3405 "-" "-"
46.4.92.141 - - [07/Jul/2012:02:12:49 +0200] "GET /robots.txt HTTP/1.1" 200 177 "-" "Pixray-Seeker/1.1 (Pixray-Seeker; http://www.pixray.com/pixraybot; crawler@pixray.com)"
46.4.92.141 - - [07/Jul/2012:02:12:49 +0200] "GET /news.php?cs_go=archiv&cs_id=3149 HTTP/1.1" 200 9778 "-" "Pixray-Seeker/1.1 (Pixray-Seeker; http://www.pixray.com/pixraybot; crawler@pixray.com)"
208.115.113.91 - - [07/Jul/2012:02:26:07 +0200] "GET /robots.txt HTTP/1.1" 200 177 "-" "Mozilla/5.0 (compatible; Ezooms/1.0; ezooms.bot@gmail.com)"
46.4.118.75 - - [07/Jul/2012:02:30:05 +0200] "GET /robots.txt HTTP/1.1" 200 177 "-" "Pixray-Seeker/1.1 (Pixray-Seeker; http://www.pixray.com/pixraybot; crawler@pixray.com)"
46.4.118.75 - - [07/Jul/2012:02:30:05 +0200] "GET /news.php?cs_go=archiv&cs_startpos=40 HTTP/1.1" 200 22802 "-" "Pixray-Seeker/1.1 (Pixray-Seeker; http://www.pixray.com/pixraybot; crawler@pixray.com)"
46.4.125.109 - - [07/Jul/2012:02:45:48 +0200] "GET /robots.txt HTTP/1.1" 200 177 "-" "Pixray-Seeker/1.1 (Pixray-Seeker; http://www.pixray.com/pixraybot; crawler@pixray.com)"
46.4.125.109 - - [07/Jul/2012:02:45:48 +0200] "GET /news.php?cs_go=archiv&cs_id=1714&cs_search= HTTP/1.1" 200 13874 "-" "Pixray-Seeker/1.1 (Pixray-Seeker; http://www.pixray.com/pixraybot; crawler@pixray.com)"
66.249.72.166 - - [07/Jul/2012:03:12:18 +0200] "GET /news.php?cs_go=archiv&cs_id=2812&cs_search= HTTP/1.1" 200 9907 "-" "Mozilla/5.0 (compatible; Googlebot/2.1; +http://www.google.com/bot.html)"
46.4.118.75 - - [07/Jul/2012:03:12:43 +0200] "GET /robots.txt HTTP/1.1" 200 177 "-" "Pixray-Seeker/1.1 (Pixray-Seeker; http://www.pixray.com/pixraybot; crawler@pixray.com)"
46.4.118.75 - - [07/Jul/2012:03:12:43 +0200] "GET /kontakt.php HTTP/1.1" 200 9127 "-" "Pixray-Seeker/1.1 (Pixray-Seeker; http://www.pixray.com/pixraybot; crawler@pixray.com)"
66.249.66.137 - - [07/Jul/2012:03:15:19 +0200] "GET /news.php?cs_go=archiv&cs_id=2627 HTTP/1.1" 200 9687 "-" "Mozilla/5.0 (compatible; Googlebot/2.1; +http://www.google.com/bot.html)"
66.249.66.137 - - [07/Jul/2012:03:21:21 +0200] "GET /news.php?cs_go=archiv&cs_id=2744&cs_search= HTTP/1.1" 200 9919 "-" "Mozilla/5.0 (compatible; Googlebot/2.1; +http://www.google.com/bot.html)"
46.4.92.140 - - [07/Jul/2012:03:22:18 +0200] "GET /robots.txt HTTP/1.1" 200 177 "-" "Pixray-Seeker/1.1 (Pixray-Seeker; http://www.pixray.com/pixraybot; crawler@pixray.com)"
46.4.92.140 - - [07/Jul/2012:03:22:18 +0200] "GET /news.php?cs_go=archiv&cs_id=3220&cs_search= HTTP/1.1" 200 12695 "-" "Pixray-Seeker/1.1 (Pixray-Seeker; http://www.pixray.com/pixraybot; crawler@pixray.com)"
65.52.111.216 - - [07/Jul/2012:03:22:53 +0200] "GET /optiplus.php HTTP/1.1" 200 11011 "-" "Mozilla/4.0 (compatible; MSIE 7.0; Windows NT 5.2; SV1; .NET CLR 1.1.4325; .NET CLR 2.0.50727; .NET CLR 3.0.04506.648)"
65.52.111.216 - - [07/Jul/2012:03:22:57 +0200] "GET /style.css HTTP/1.1" 200 8418 "http://www.mink-gmbh.de/optiplus.php" "Mozilla/4.0 (compatible; MSIE 7.0; Windows NT 5.2; SV1; .NET CLR 1.1.4325; .NET CLR 2.0.50727; .NET CLR 3.0.04506.648)"
65.52.111.216 - - [07/Jul/2012:03:22:59 +0200] "GET /modul.css HTTP/1.1" 200 35038 "http://www.mink-gmbh.de/optiplus.php" "Mozilla/4.0 (compatible; MSIE 7.0; Windows NT 5.2; SV1; .NET CLR 1.1.4325; .NET CLR 2.0.50727; .NET CLR 3.0.04506.648)"
66.249.66.137 - - [07/Jul/2012:03:24:21 +0200] "GET /news.php?cs_go=archiv&cs_id=2743 HTTP/1.1" 200 12201 "-" "Mozilla/5.0 (compatible; Googlebot/2.1; +http://www.google.com/bot.html)"
66.249.72.166 - - [07/Jul/2012:03:27:23 +0200] "GET /news.php?cs_go=archiv&cs_startpos=1400 HTTP/1.1" 200 22697 "-" "Mozilla/5.0 (compatible; Googlebot/2.1; +http://www.google.com/bot.html)"
66.249.66.137 - - [07/Jul/2012:03:30:24 +0200] "GET /news.php?cs_go=archiv&cs_id=3049 HTTP/1.1" 200 13475 "-" "Mozilla/5.0 (compatible; Googlebot/2.1; +http://www.google.com/bot.html)"
46.4.92.141 - - [07/Jul/2012:03:31:47 +0200] "GET /robots.txt HTTP/1.1" 200 177 "-" "Pixray-Seeker/1.1 (Pixray-Seeker; http://www.pixray.com/pixraybot; crawler@pixray.com)"
46.4.92.141 - - [07/Jul/2012:03:31:47 +0200] "GET /news.php?cs_go=archiv&cs_id=1668&cs_search= HTTP/1.1" 200 14074 "-" "Pixray-Seeker/1.1 (Pixray-Seeker; http://www.pixray.com/pixraybot; crawler@pixray.com)"
208.115.111.75 - - [07/Jul/2012:03:31:54 +0200] "GET /robots.txt HTTP/1.1" 200 177 "-" "Mozilla/5.0 (compatible; Ezooms/1.0; ezooms.bot@gmail.com)"
208.115.111.75 - - [07/Jul/2012:03:33:25 +0200] "GET /robots.txt HTTP/1.1" 200 177 "-" "Mozilla/5.0 (compatible; Ezooms/1.0; ezooms.bot@gmail.com)"
85.25.108.64 - - [07/Jul/2012:03:35:32 +0200] "GET /newsletter.php HTTP/1.1" 200 8839 "-" "Mozilla/4.0 (compatible; MSIE 6.0; Windows 98; Win 9x4.90)"
66.249.66.137 - - [07/Jul/2012:03:36:27 +0200] "GET /news.php?cs_go=archiv&cs_id=2824&cs_search= HTTP/1.1" 200 9924 "-" "Mozilla/5.0 (compatible; Googlebot/2.1; +http://www.google.com/bot.html)"
65.36.241.79 - - [07/Jul/2012:03:37:58 +0200] "HEAD / HTTP/1.1" 200 - "-" "InternetSeer.com"
66.249.66.137 - - [07/Jul/2012:03:38:13 +0200] "GET /lexikon.php?cs_go=3&cs_id=225 HTTP/1.1" 200 8171 "-" "Mozilla/5.0 (compatible; Googlebot/2.1; +http://www.google.com/bot.html)"
46.4.92.141 - - [07/Jul/2012:03:43:43 +0200] "GET /robots.txt HTTP/1.1" 200 177 "-" "Pixray-Seeker/1.1 (Pixray-Seeker; http://www.pixray.com/pixraybot; crawler@pixray.com)"
46.4.92.141 - - [07/Jul/2012:03:43:43 +0200] "GET /news.php?cs_go=archiv&cs_id=3233&cs_search= HTTP/1.1" 200 9945 "-" "Pixray-Seeker/1.1 (Pixray-Seeker; http://www.pixray.com/pixraybot; crawler@pixray.com)"
66.249.72.166 - - [07/Jul/2012:03:51:32 +0200] "GET /news.php?cs_go=archiv&cs_id=2825&cs_search= HTTP/1.1" 200 13479 "-" "Mozilla/5.0 (compatible; Googlebot/2.1; +http://www.google.com/bot.html)"
66.249.72.166 - - [07/Jul/2012:03:54:32 +0200] "GET /news.php?cs_go=archiv&cs_id=2833&cs_search= HTTP/1.1" 200 12048 "-" "Mozilla/5.0 (compatible; Googlebot/2.1; +http://www.google.com/bot.html)"
46.4.92.141 - - [07/Jul/2012:03:57:00 +0200] "GET /robots.txt HTTP/1.1" 200 177 "-" "Pixray-Seeker/1.1 (Pixray-Seeker; http://www.pixray.com/pixraybot; crawler@pixray.com)"
46.4.92.141 - - [07/Jul/2012:03:57:00 +0200] "GET /news.php?cs_go=archiv&cs_id=3223&cs_search= HTTP/1.1" 200 13439 "-" "Pixray-Seeker/1.1 (Pixray-Seeker; http://www.pixray.com/pixraybot; crawler@pixray.com)"
208.115.113.91 - - [07/Jul/2012:04:01:01 +0200] "GET /robots.txt HTTP/1.1" 200 177 "-" "Mozilla/5.0 (compatible; Ezooms/1.0; ezooms.bot@gmail.com)"
66.249.66.137 - - [07/Jul/2012:04:03:36 +0200] "GET /news.php?cs_go=archiv&cs_id=2835&cs_search= HTTP/1.1" 200 10044 "-" "Mozilla/5.0 (compatible; Googlebot/2.1; +http://www.google.com/bot.html)"
46.4.118.75 - - [07/Jul/2012:04:16:09 +0200] "GET /robots.txt HTTP/1.1" 200 177 "-" "Pixray-Seeker/1.1 (Pixray-Seeker; http://www.pixray.com/pixraybot; crawler@pixray.com)"
46.4.118.75 - - [07/Jul/2012:04:16:09 +0200] "GET /news.php?cs_go=archiv&cs_id=1713&cs_search= HTTP/1.1" 200 9665 "-" "Pixray-Seeker/1.1 (Pixray-Seeker; http://www.pixray.com/pixraybot; crawler@pixray.com)"
46.4.125.109 - - [07/Jul/2012:04:31:34 +0200] "GET /robots.txt HTTP/1.1" 200 177 "-" "Pixray-Seeker/1.1 (Pixray-Seeker; http://www.pixray.com/pixraybot; crawler@pixray.com)"
46.4.125.109 - - [07/Jul/2012:04:31:34 +0200] "GET /news.php?cs_go=archiv&cs_id=1635&cs_search= HTTP/1.1" 200 10168 "-" "Pixray-Seeker/1.1 (Pixray-Seeker; http://www.pixray.com/pixraybot; crawler@pixray.com)"
46.4.92.140 - - [07/Jul/2012:04:40:40 +0200] "GET /robots.txt HTTP/1.1" 200 177 "-" "Pixray-Seeker/1.1 (Pixray-Seeker; http://www.pixray.com/pixraybot; crawler@pixray.com)"
46.4.92.140 - - [07/Jul/2012:04:40:40 +0200] "GET /wunschpreis.php HTTP/1.1" 200 11985 "-" "Pixray-Seeker/1.1 (Pixray-Seeker; http://www.pixray.com/pixraybot; crawler@pixray.com)"
46.4.125.109 - - [07/Jul/2012:04:53:11 +0200] "GET /robots.txt HTTP/1.1" 200 177 "-" "Pixray-Seeker/1.1 (Pixray-Seeker; http://www.pixray.com/pixraybot; crawler@pixray.com)"
46.4.125.109 - - [07/Jul/2012:04:53:11 +0200] "GET /modernisierung.php?cs_gp_go=plus HTTP/1.1" 200 11511 "-" "Pixray-Seeker/1.1 (Pixray-Seeker; http://www.pixray.com/pixraybot; crawler@pixray.com)"
46.4.118.74 - - [07/Jul/2012:05:05:56 +0200] "GET /robots.txt HTTP/1.1" 200 177 "-" "Pixray-Seeker/1.1 (Pixray-Seeker; http://www.pixray.com/pixraybot; crawler@pixray.com)"
46.4.118.74 - - [07/Jul/2012:05:05:56 +0200] "GET /news.php?cs_go=archiv&cs_id=1751&cs_search= HTTP/1.1" 200 14177 "-" "Pixray-Seeker/1.1 (Pixray-Seeker; http://www.pixray.com/pixraybot; crawler@pixray.com)"
46.4.92.140 - - [07/Jul/2012:05:32:19 +0200] "GET /robots.txt HTTP/1.1" 200 177 "-" "Pixray-Seeker/1.1 (Pixray-Seeker; http://www.pixray.com/pixraybot; crawler@pixray.com)"
46.4.92.140 - - [07/Jul/2012:05:32:19 +0200] "GET /news.php?cs_go=archiv&cs_id=3225&cs_search= HTTP/1.1" 200 12151 "-" "Pixray-Seeker/1.1 (Pixray-Seeker; http://www.pixray.com/pixraybot; crawler@pixray.com)"
66.249.66.137 - - [07/Jul/2012:05:46:13 +0200] "GET /news.php?cs_go=archiv&cs_startpos=1 HTTP/1.1" 200 22393 "-" "Mozilla/5.0 (compatible; Googlebot/2.1; +http://www.google.com/bot.html)"
208.115.113.91 - - [07/Jul/2012:05:50:35 +0200] "GET /robots.txt HTTP/1.1" 200 177 "-" "Mozilla/5.0 (compatible; Ezooms/1.0; ezooms.bot@gmail.com)"
46.4.118.74 - - [07/Jul/2012:05:58:06 +0200] "GET /robots.txt HTTP/1.1" 200 177 "-" "Pixray-Seeker/1.1 (Pixray-Seeker; http://www.pixray.com/pixraybot; crawler@pixray.com)"
46.4.118.74 - - [07/Jul/2012:05:58:06 +0200] "GET /news.php?cs_go=archiv&cs_id=1659&cs_search= HTTP/1.1" 200 11451 "-" "Pixray-Seeker/1.1 (Pixray-Seeker; http://www.pixray.com/pixraybot; crawler@pixray.com)"
46.4.125.109 - - [07/Jul/2012:06:08:54 +0200] "GET /robots.txt HTTP/1.1" 200 177 "-" "Pixray-Seeker/1.1 (Pixray-Seeker; http://www.pixray.com/pixraybot; crawler@pixray.com)"
46.4.125.109 - - [07/Jul/2012:06:08:54 +0200] "GET /news.php?cs_go=archiv&cs_id=3224&cs_search= HTTP/1.1" 200 9874 "-" "Pixray-Seeker/1.1 (Pixray-Seeker; http://www.pixray.com/pixraybot; crawler@pixray.com)"
208.115.111.75 - - [07/Jul/2012:06:24:26 +0200] "GET /robots.txt HTTP/1.1" 200 177 "-" "Mozilla/5.0 (compatible; Ezooms/1.0; ezooms.bot@gmail.com)"
85.25.152.28 - - [07/Jul/2012:06:25:33 +0200] "GET /agb.php HTTP/1.1" 200 19709 "-" "Mozilla/4.0 (compatible; MSIE 6.0; Windows 98; Win 9x4.90)"
46.4.125.109 - - [07/Jul/2012:06:26:24 +0200] "GET /robots.txt HTTP/1.1" 200 177 "-" "Pixray-Seeker/1.1 (Pixray-Seeker; http://www.pixray.com/pixraybot; crawler@pixray.com)"
46.4.125.109 - - [07/Jul/2012:06:26:24 +0200] "GET /news.php?cs_go=archiv&cs_startpos=1360 HTTP/1.1" 200 22974 "-" "Pixray-Seeker/1.1 (Pixray-Seeker; http://www.pixray.com/pixraybot; crawler@pixray.com)"
46.4.125.109 - - [07/Jul/2012:06:34:51 +0200] "GET /robots.txt HTTP/1.1" 200 177 "-" "Pixray-Seeker/1.1 (Pixray-Seeker; http://www.pixray.com/pixraybot; crawler@pixray.com)"
46.4.125.109 - - [07/Jul/2012:06:34:51 +0200] "GET /news.php?cs_go=archiv&cs_startpos=1440 HTTP/1.1" 200 22772 "-" "Pixray-Seeker/1.1 (Pixray-Seeker; http://www.pixray.com/pixraybot; crawler@pixray.com)"
46.4.118.74 - - [07/Jul/2012:06:47:50 +0200] "GET /robots.txt HTTP/1.1" 200 177 "-" "Pixray-Seeker/1.1 (Pixray-Seeker; http://www.pixray.com/pixraybot; crawler@pixray.com)"
46.4.118.74 - - [07/Jul/2012:06:47:50 +0200] "GET /news.php?cs_go=archiv&cs_id=1631&cs_search= HTTP/1.1" 200 13908 "-" "Pixray-Seeker/1.1 (Pixray-Seeker; http://www.pixray.com/pixraybot; crawler@pixray.com)"
46.4.125.109 - - [07/Jul/2012:07:06:43 +0200] "GET /robots.txt HTTP/1.1" 200 177 "-" "Pixray-Seeker/1.1 (Pixray-Seeker; http://www.pixray.com/pixraybot; crawler@pixray.com)"
46.4.125.109 - - [07/Jul/2012:07:06:43 +0200] "GET /news.php?cs_go=archiv&cs_id=1753&cs_search= HTTP/1.1" 200 14045 "-" "Pixray-Seeker/1.1 (Pixray-Seeker; http://www.pixray.com/pixraybot; crawler@pixray.com)"
46.4.118.75 - - [07/Jul/2012:07:14:25 +0200] "GET /robots.txt HTTP/1.1" 200 177 "-" "Pixray-Seeker/1.1 (Pixray-Seeker; http://www.pixray.com/pixraybot; crawler@pixray.com)"
46.4.118.75 - - [07/Jul/2012:07:14:25 +0200] "GET /news.php?cs_go=archiv&cs_id=1678&cs_search= HTTP/1.1" 200 12736 "-" "Pixray-Seeker/1.1 (Pixray-Seeker; http://www.pixray.com/pixraybot; crawler@pixray.com)"
208.115.111.75 - - [07/Jul/2012:07:17:10 +0200] "GET /robots.txt HTTP/1.1" 200 177 "-" "Mozilla/5.0 (compatible; Ezooms/1.0; ezooms.bot@gmail.com)"
178.154.179.250 - - [07/Jul/2012:07:26:36 +0200] "GET /news.php HTTP/1.1" 200 22312 "-" "Mozilla/5.0 (compatible; YandexBot/3.0; +http://yandex.com/bots)"
46.4.92.141 - - [07/Jul/2012:07:31:57 +0200] "GET /robots.txt HTTP/1.1" 200 177 "-" "Pixray-Seeker/1.1 (Pixray-Seeker; http://www.pixray.com/pixraybot; crawler@pixray.com)"
46.4.92.141 - - [07/Jul/2012:07:31:57 +0200] "GET /rueckrufservice.php HTTP/1.1" 200 10702 "-" "Pixray-Seeker/1.1 (Pixray-Seeker; http://www.pixray.com/pixraybot; crawler@pixray.com)"
208.115.113.91 - - [07/Jul/2012:07:50:43 +0200] "GET /robots.txt HTTP/1.1" 200 177 "-" "Mozilla/5.0 (compatible; Ezooms/1.0; ezooms.bot@gmail.com)"
46.4.118.75 - - [07/Jul/2012:07:52:10 +0200] "GET /robots.txt HTTP/1.1" 200 177 "-" "Pixray-Seeker/1.1 (Pixray-Seeker; http://www.pixray.com/pixraybot; crawler@pixray.com)"
46.4.118.75 - - [07/Jul/2012:07:52:10 +0200] "GET /news.php?cs_go=archiv&cs_id=1667&cs_search= HTTP/1.1" 200 12080 "-" "Pixray-Seeker/1.1 (Pixray-Seeker; http://www.pixray.com/pixraybot; crawler@pixray.com)"
216.145.17.190 - - [07/Jul/2012:07:52:29 +0200] "GET /robots.txt HTTP/1.0" 200 177 "-" "Mozilla/5.0 (Windows; U; Windows NT 5.1; en; rv:1.9.0.13) Gecko/2009073022 Firefox/3.5.2 (.NET CLR 3.5.30729) SurveyBot/2.3 (DomainTools)"
216.145.17.190 - - [07/Jul/2012:07:52:29 +0200] "GET / HTTP/1.1" 200 15378 "http://whois.domaintools.com/mink-gmbh.de" "Mozilla/5.0 (Windows; U; Windows NT 5.1; en; rv:1.9.0.13) Gecko/2009073022 Firefox/3.5.2 (.NET CLR 3.5.30729) SurveyBot/2.3 (DomainTools)"
46.4.92.141 - - [07/Jul/2012:08:04:51 +0200] "GET /robots.txt HTTP/1.1" 200 177 "-" "Pixray-Seeker/1.1 (Pixray-Seeker; http://www.pixray.com/pixraybot; crawler@pixray.com)"
46.4.92.141 - - [07/Jul/2012:08:04:51 +0200] "GET /news.php?cs_go=archiv&cs_id=3232&cs_search= HTTP/1.1" 200 13767 "-" "Pixray-Seeker/1.1 (Pixray-Seeker; http://www.pixray.com/pixraybot; crawler@pixray.com)"
123.125.71.56 - - [07/Jul/2012:08:28:27 +0200] "GET / HTTP/1.1" 200 8775 "-" "Mozilla/5.0 (compatible; Baiduspider/2.0; +http://www.baidu.com/search/spider.html)"
220.181.108.97 - - [07/Jul/2012:08:28:52 +0200] "GET / HTTP/1.1" 200 13314 "-" "Mozilla/5.0 (compatible; Baiduspider/2.0; +http://www.baidu.com/search/spider.html)"
65.36.241.79 - - [07/Jul/2012:08:29:02 +0200] "HEAD / HTTP/1.1" 200 - "-" "InternetSeer.com"
188.40.65.130 - - [07/Jul/2012:08:36:14 +0200] "GET /robots.txt HTTP/1.1" 200 177 "-" "Pixray-Seeker/1.1 (Pixray-Seeker; http://www.pixray.com/pixraybot; crawler@pixray.com)"
188.40.65.130 - - [07/Jul/2012:08:36:14 +0200] "GET /.php HTTP/1.1" 404 - "-" "Pixray-Seeker/1.1 (Pixray-Seeker; http://www.pixray.com/pixraybot; crawler@pixray.com)"
46.4.125.109 - - [07/Jul/2012:08:50:57 +0200] "GET /robots.txt HTTP/1.1" 200 177 "-" "Pixray-Seeker/1.1 (Pixray-Seeker; http://www.pixray.com/pixraybot; crawler@pixray.com)"
46.4.125.109 - - [07/Jul/2012:08:50:57 +0200] "GET /news.php?cs_go=archiv&cs_id=1749&cs_search= HTTP/1.1" 200 14191 "-" "Pixray-Seeker/1.1 (Pixray-Seeker; http://www.pixray.com/pixraybot; crawler@pixray.com)"
46.4.92.140 - - [07/Jul/2012:09:02:47 +0200] "GET /robots.txt HTTP/1.1" 200 177 "-" "Pixray-Seeker/1.1 (Pixray-Seeker; http://www.pixray.com/pixraybot; crawler@pixray.com)"
46.4.92.140 - - [07/Jul/2012:09:02:47 +0200] "GET /news.php?cs_go=archiv&cs_id=1742&cs_search= HTTP/1.1" 200 14279 "-" "Pixray-Seeker/1.1 (Pixray-Seeker; http://www.pixray.com/pixraybot; crawler@pixray.com)"
188.40.85.200 - - [07/Jul/2012:09:09:12 +0200] "GET /robots.txt HTTP/1.1" 200 177 "-" "Pixray-Seeker/1.1 (Pixray-Seeker; http://www.pixray.com/pixraybot; crawler@pixray.com)"
188.40.85.200 - - [07/Jul/2012:09:09:12 +0200] "GET /news.php?cs_go=archiv&cs_id=1657&cs_search= HTTP/1.1" 200 13262 "-" "Pixray-Seeker/1.1 (Pixray-Seeker; http://www.pixray.com/pixraybot; crawler@pixray.com)"
46.4.121.154 - - [07/Jul/2012:09:29:38 +0200] "GET /robots.txt HTTP/1.1" 200 177 "-" "Pixray-Seeker/1.1 (Pixray-Seeker; http://www.pixray.com/pixraybot; crawler@pixray.com)"
46.4.121.154 - - [07/Jul/2012:09:29:38 +0200] "GET /news.php?cs_go=archiv&cs_id=1673&cs_search= HTTP/1.1" 200 9519 "-" "Pixray-Seeker/1.1 (Pixray-Seeker; http://www.pixray.com/pixraybot; crawler@pixray.com)"
208.115.113.91 - - [07/Jul/2012:09:39:08 +0200] "GET /robots.txt HTTP/1.1" 200 177 "-" "Mozilla/5.0 (compatible; Ezooms/1.0; ezooms.bot@gmail.com)"
46.4.118.74 - - [07/Jul/2012:09:41:44 +0200] "GET /robots.txt HTTP/1.1" 200 177 "-" "Pixray-Seeker/1.1 (Pixray-Seeker; http://www.pixray.com/pixraybot; crawler@pixray.com)"
46.4.118.74 - - [07/Jul/2012:09:41:44 +0200] "GET /news.php?cs_go=archiv&cs_id=1712&cs_search= HTTP/1.1" 200 14378 "-" "Pixray-Seeker/1.1 (Pixray-Seeker; http://www.pixray.com/pixraybot; crawler@pixray.com)"
46.4.116.100 - - [07/Jul/2012:09:49:23 +0200] "GET /robots.txt HTTP/1.1" 200 177 "-" "Pixray-Seeker/1.1 (Pixray-Seeker; http://www.pixray.com/pixraybot; crawler@pixray.com)"
46.4.116.100 - - [07/Jul/2012:09:49:23 +0200] "GET /news.php?cs_go=archiv&cs_id=1628&cs_search= HTTP/1.1" 200 13999 "-" "Pixray-Seeker/1.1 (Pixray-Seeker; http://www.pixray.com/pixraybot; crawler@pixray.com)"
62.181.145.141 - - [07/Jul/2012:10:08:51 +0200] "GET /images/tkw.jpg HTTP/1.1" 304 - "-" "Mozilla/4.0 (compatible;)"
62.181.145.141 - - [07/Jul/2012:10:08:51 +0200] "GET /images/footerbg.jpg HTTP/1.1" 304 - "-" "Mozilla/4.0 (compatible;)"
62.181.145.141 - - [07/Jul/2012:10:08:51 +0200] "GET /images/navibg.png HTTP/1.1" 304 - "-" "Mozilla/4.0 (compatible;)"
62.181.145.141 - - [07/Jul/2012:10:08:58 +0200] "GET /images/wrapperbg.jpg HTTP/1.1" 304 - "-" "Mozilla/4.0 (compatible;)"
62.181.145.141 - - [07/Jul/2012:10:09:34 +0200] "GET /favicon.ico HTTP/1.1" 304 - "-" "Mozilla/4.0 (compatible;)"
62.181.145.141 - - [07/Jul/2012:10:09:56 +0200] "GET /images/bg.jpg HTTP/1.1" 304 - "-" "Mozilla/4.0 (compatible;)"
62.181.145.141 - - [07/Jul/2012:10:10:15 +0200] "GET /images/kwk.gif HTTP/1.1" 304 - "-" "Mozilla/4.0 (compatible;)"
62.181.145.141 - - [07/Jul/2012:10:10:53 +0200] "GET /images/fallend.png HTTP/1.1" 304 - "-" "Mozilla/4.0 (compatible;)"
89.247.105.78 - - [07/Jul/2012:10:13:05 +0200] "GET /style.css HTTP/1.1" 200 8418 "http://www.mink-gmbh.de/index.php" "Mozilla/5.0 (Windows NT 6.1; rv:13.0) Gecko/20100101 Firefox/13.0.1"
89.247.105.78 - - [07/Jul/2012:10:13:05 +0200] "GET /modul.css HTTP/1.1" 200 35038 "http://www.mink-gmbh.de/index.php" "Mozilla/5.0 (Windows NT 6.1; rv:13.0) Gecko/20100101 Firefox/13.0.1"
89.247.105.78 - - [07/Jul/2012:10:13:05 +0200] "GET /favicon.ico HTTP/1.1" 200 3638 "-" "Mozilla/5.0 (Windows NT 6.1; rv:13.0) Gecko/20100101 Firefox/13.0.1"
89.247.105.78 - - [07/Jul/2012:10:13:05 +0200] "GET /js_contentserver24_greybox/gb_styles.css HTTP/1.1" 200 2302 "http://www.mink-gmbh.de/index.php" "Mozilla/5.0 (Windows NT 6.1; rv:13.0) Gecko/20100101 Firefox/13.0.1"
89.247.105.78 - - [07/Jul/2012:10:13:05 +0200] "GET /js_contentserver24_greybox/AJS.js HTTP/1.1" 200 10396 "http://www.mink-gmbh.de/index.php" "Mozilla/5.0 (Windows NT 6.1; rv:13.0) Gecko/20100101 Firefox/13.0.1"
89.247.105.78 - - [07/Jul/2012:10:13:05 +0200] "GET /js_contentserver24_greybox/AJS_fx.js HTTP/1.1" 200 3192 "http://www.mink-gmbh.de/index.php" "Mozilla/5.0 (Windows NT 6.1; rv:13.0) Gecko/20100101 Firefox/13.0.1"
89.247.105.78 - - [07/Jul/2012:10:13:05 +0200] "GET /js_contentserver24_greybox/gb_scripts.js HTTP/1.1" 200 11913 "http://www.mink-gmbh.de/index.php" "Mozilla/5.0 (Windows NT 6.1; rv:13.0) Gecko/20100101 Firefox/13.0.1"
89.247.105.78 - - [07/Jul/2012:10:13:06 +0200] "GET /images/bg.jpg HTTP/1.1" 200 345 "http://www.mink-gmbh.de/style.css" "Mozilla/5.0 (Windows NT 6.1; rv:13.0) Gecko/20100101 Firefox/13.0.1"
89.247.105.78 - - [07/Jul/2012:10:13:06 +0200] "GET /images/tkw.jpg HTTP/1.1" 200 64031 "http://www.mink-gmbh.de/index.php" "Mozilla/5.0 (Windows NT 6.1; rv:13.0) Gecko/20100101 Firefox/13.0.1"
89.247.105.78 - - [07/Jul/2012:10:13:05 +0200] "GET /index.php HTTP/1.1" 200 15378 "-" "Mozilla/5.0 (Windows NT 6.1; rv:13.0) Gecko/20100101 Firefox/13.0.1"
89.247.105.78 - - [07/Jul/2012:10:13:06 +0200] "GET /js_contentserver24_greybox/w_close.gif HTTP/1.1" 200 74 "http://www.mink-gmbh.de/index.php" "Mozilla/5.0 (Windows NT 6.1; rv:13.0) Gecko/20100101 Firefox/13.0.1"
89.247.105.78 - - [07/Jul/2012:10:13:06 +0200] "GET /images/freecall.jpg HTTP/1.1" 200 39195 "http://www.mink-gmbh.de/index.php" "Mozilla/5.0 (Windows NT 6.1; rv:13.0) Gecko/20100101 Firefox/13.0.1"
89.247.105.78 - - [07/Jul/2012:10:13:06 +0200] "GET /images/mail.jpg HTTP/1.1" 200 11165 "http://www.mink-gmbh.de/index.php" "Mozilla/5.0 (Windows NT 6.1; rv:13.0) Gecko/20100101 Firefox/13.0.1"
89.247.105.78 - - [07/Jul/2012:10:13:06 +0200] "GET /images/kwk.gif HTTP/1.1" 200 6403 "http://www.mink-gmbh.de/index.php" "Mozilla/5.0 (Windows NT 6.1; rv:13.0) Gecko/20100101 Firefox/13.0.1"
89.247.105.78 - - [07/Jul/2012:10:13:06 +0200] "GET /images/wunschpreis.jpg HTTP/1.1" 200 16767 "http://www.mink-gmbh.de/index.php" "Mozilla/5.0 (Windows NT 6.1; rv:13.0) Gecko/20100101 Firefox/13.0.1"
89.247.105.78 - - [07/Jul/2012:10:13:06 +0200] "GET /images/logos.jpg HTTP/1.1" 200 15002 "http://www.mink-gmbh.de/index.php" "Mozilla/5.0 (Windows NT 6.1; rv:13.0) Gecko/20100101 Firefox/13.0.1"
89.247.105.78 - - [07/Jul/2012:10:13:06 +0200] "GET /images/close.png HTTP/1.1" 200 703 "http://www.mink-gmbh.de/index.php" "Mozilla/5.0 (Windows NT 6.1; rv:13.0) Gecko/20100101 Firefox/13.0.1"
89.247.105.78 - - [07/Jul/2012:10:13:06 +0200] "GET /images/newsletter_bg.jpg HTTP/1.1" 200 33610 "http://www.mink-gmbh.de/index.php" "Mozilla/5.0 (Windows NT 6.1; rv:13.0) Gecko/20100101 Firefox/13.0.1"
89.247.105.78 - - [07/Jul/2012:10:13:06 +0200] "GET /images/newsletter.png HTTP/1.1" 200 14619 "http://www.mink-gmbh.de/style.css" "Mozilla/5.0 (Windows NT 6.1; rv:13.0) Gecko/20100101 Firefox/13.0.1"
89.247.105.78 - - [07/Jul/2012:10:13:06 +0200] "GET /images/wrapperbg.jpg HTTP/1.1" 200 27465 "http://www.mink-gmbh.de/style.css" "Mozilla/5.0 (Windows NT 6.1; rv:13.0) Gecko/20100101 Firefox/13.0.1"
89.247.105.78 - - [07/Jul/2012:10:13:06 +0200] "GET /images/header.jpg HTTP/1.1" 200 24413 "http://www.mink-gmbh.de/style.css" "Mozilla/5.0 (Windows NT 6.1; rv:13.0) Gecko/20100101 Firefox/13.0.1"
89.247.105.78 - - [07/Jul/2012:10:13:06 +0200] "GET /images/navibg.png HTTP/1.1" 200 2803 "http://www.mink-gmbh.de/style.css" "Mozilla/5.0 (Windows NT 6.1; rv:13.0) Gecko/20100101 Firefox/13.0.1"
89.247.105.78 - - [07/Jul/2012:10:13:06 +0200] "GET /images/steigend.png HTTP/1.1" 200 688 "http://www.mink-gmbh.de/modul.css" "Mozilla/5.0 (Windows NT 6.1; rv:13.0) Gecko/20100101 Firefox/13.0.1"
89.247.105.78 - - [07/Jul/2012:10:13:06 +0200] "GET /images/mobil.jpg HTTP/1.1" 200 25293 "http://www.mink-gmbh.de/style.css" "Mozilla/5.0 (Windows NT 6.1; rv:13.0) Gecko/20100101 Firefox/13.0.1"
89.247.105.78 - - [07/Jul/2012:10:13:06 +0200] "GET /images/newsletter.jpg HTTP/1.1" 200 13130 "http://www.mink-gmbh.de/style.css" "Mozilla/5.0 (Windows NT 6.1; rv:13.0) Gecko/20100101 Firefox/13.0.1"
89.247.105.78 - - [07/Jul/2012:10:13:06 +0200] "GET /images/footerbg.jpg HTTP/1.1" 200 2184 "http://www.mink-gmbh.de/style.css" "Mozilla/5.0 (Windows NT 6.1; rv:13.0) Gecko/20100101 Firefox/13.0.1"
89.247.105.78 - - [07/Jul/2012:10:13:06 +0200] "GET /js_contentserver24_greybox/header_bg.gif HTTP/1.1" 200 1188 "http://www.mink-gmbh.de/index.php" "Mozilla/5.0 (Windows NT 6.1; rv:13.0) Gecko/20100101 Firefox/13.0.1"
89.247.105.78 - - [07/Jul/2012:10:13:06 +0200] "GET /js_contentserver24_greybox/g_close.gif HTTP/1.1" 200 541 "http://www.mink-gmbh.de/index.php" "Mozilla/5.0 (Windows NT 6.1; rv:13.0) Gecko/20100101 Firefox/13.0.1"
89.247.105.78 - - [07/Jul/2012:10:13:06 +0200] "GET /js_contentserver24_greybox/indicator.gif HTTP/1.1" 200 8238 "http://www.mink-gmbh.de/index.php" "Mozilla/5.0 (Windows NT 6.1; rv:13.0) Gecko/20100101 Firefox/13.0.1"
89.247.105.78 - - [07/Jul/2012:10:13:07 +0200] "GET /js_contentserver24_greybox/loader_frame.html?s=0 HTTP/1.1" 200 2084 "http://www.mink-gmbh.de/index.php" "Mozilla/5.0 (Windows NT 6.1; rv:13.0) Gecko/20100101 Firefox/13.0.1"
46.4.92.140 - - [07/Jul/2012:10:17:53 +0200] "GET /robots.txt HTTP/1.1" 200 177 "-" "Pixray-Seeker/1.1 (Pixray-Seeker; http://www.pixray.com/pixraybot; crawler@pixray.com)"
46.4.92.140 - - [07/Jul/2012:10:17:53 +0200] "GET /news.php?cs_go=archiv&cs_startpos=1320 HTTP/1.1" 200 23335 "-" "Pixray-Seeker/1.1 (Pixray-Seeker; http://www.pixray.com/pixraybot; crawler@pixray.com)"
66.249.72.166 - - [07/Jul/2012:10:40:37 +0200] "GET /lexikon.php?cs_go=3&cs_id=166 HTTP/1.1" 200 9140 "-" "Mozilla/5.0 (compatible; Googlebot/2.1; +http://www.google.com/bot.html)"
77.20.4.67 - - [07/Jul/2012:10:41:55 +0200] "GET /robots.txt HTTP/1.1" 200 177 "-" "findlinks/2.0.2 (+http://wortschatz.uni-leipzig.de/findlinks/)"
208.115.111.75 - - [07/Jul/2012:11:08:16 +0200] "GET /robots.txt HTTP/1.1" 200 177 "-" "Mozilla/5.0 (compatible; Ezooms/1.0; ezooms.bot@gmail.com)"
208.115.111.75 - - [07/Jul/2012:11:08:16 +0200] "GET /robots.txt HTTP/1.1" 200 177 "-" "Mozilla/5.0 (compatible; Ezooms/1.0; ezooms.bot@gmail.com)"
66.249.66.137 - - [07/Jul/2012:11:21:50 +0200] "GET /news.php?cs_go=archiv&cs_id=3223 HTTP/1.1" 200 13439 "-" "Mozilla/5.0 (compatible; Googlebot/2.1; +http://www.google.com/bot.html)"
64.125.222.50 - - [07/Jul/2012:11:33:04 +0200] "GET /robots.txt HTTP/1.1" 200 177 "-" "Mozilla/5.0 (compatible; 008/0.83; http://www.80legs.com/webcrawler.html;) Gecko/2008032620"
178.71.35.201 - - [07/Jul/2012:11:33:17 +0200] "GET / HTTP/1.1" 200 15378 "-" "Mozilla/5.0 (compatible; 008/0.83; http://www.80legs.com/webcrawler.html) Gecko/2008032620"
188.53.41.102 - - [07/Jul/2012:11:33:26 +0200] "GET / HTTP/1.1" 200 15378 "-" "Mozilla/5.0 (compatible; 008/0.83; http://www.80legs.com/webcrawler.html) Gecko/2008032620"
46.191.161.136 - - [07/Jul/2012:11:33:30 +0200] "GET / HTTP/1.1" 200 15378 "-" "Mozilla/5.0 (compatible; 008/0.83; http://www.80legs.com/webcrawler.html) Gecko/2008032620"
62.4.36.73 - - [07/Jul/2012:11:33:35 +0200] "GET / HTTP/1.1" 200 15378 "-" "Mozilla/5.0 (compatible; 008/0.83; http://www.80legs.com/webcrawler.html) Gecko/2008032620"
178.140.106.254 - - [07/Jul/2012:11:38:10 +0200] "GET / HTTP/1.1" 200 15378 "-" "Mozilla/5.0 (compatible; 008/0.83; http://www.80legs.com/webcrawler.html) Gecko/2008032620"
92.112.85.10 - - [07/Jul/2012:11:38:15 +0200] "GET / HTTP/1.1" 200 15378 "-" "Mozilla/5.0 (compatible; 008/0.83; http://www.80legs.com/webcrawler.html) Gecko/2008032620"
208.115.113.91 - - [07/Jul/2012:11:46:29 +0200] "GET /robots.txt HTTP/1.1" 200 177 "-" "Mozilla/5.0 (compatible; Ezooms/1.0; ezooms.bot@gmail.com)"
208.115.113.91 - - [07/Jul/2012:11:46:31 +0200] "GET /robots.txt HTTP/1.1" 200 177 "-" "Mozilla/5.0 (compatible; Ezooms/1.0; ezooms.bot@gmail.com)"
95.71.204.234 - - [07/Jul/2012:12:08:53 +0200] "GET /optiplus.php HTTP/1.1" 200 11011 "-" "Mozilla/5.0 (compatible; 008/0.83; http://www.80legs.com/webcrawler.html) Gecko/2008032620"
85.141.98.214 - - [07/Jul/2012:12:10:43 +0200] "GET /news.php?cs_go=archiv HTTP/1.1" 200 22312 "-" "Mozilla/5.0 (compatible; 008/0.83; http://www.80legs.com/webcrawler.html) Gecko/2008032620"
85.141.98.214 - - [07/Jul/2012:12:10:45 +0200] "GET /news.php?cs_go=archiv&cs_id=3236 HTTP/1.1" 200 13681 "-" "Mozilla/5.0 (compatible; 008/0.83; http://www.80legs.com/webcrawler.html) Gecko/2008032620"
109.169.177.188 - - [07/Jul/2012:12:16:38 +0200] "GET /agb.php HTTP/1.1" 200 19709 "-" "Mozilla/5.0 (compatible; 008/0.83; http://www.80legs.com/webcrawler.html) Gecko/2008032620"
109.169.177.188 - - [07/Jul/2012:12:16:40 +0200] "GET /news.php?cs_go=archiv HTTP/1.1" 200 22312 "-" "Mozilla/5.0 (compatible; 008/0.83; http://www.80legs.com/webcrawler.html) Gecko/2008032620"
94.231.187.161 - - [07/Jul/2012:12:16:41 +0200] "GET /agb.php HTTP/1.1" 200 19709 "-" "Mozilla/5.0 (compatible; 008/0.83; http://www.80legs.com/webcrawler.html) Gecko/2008032620"
109.169.177.188 - - [07/Jul/2012:12:16:41 +0200] "GET /news.php?cs_go=archiv&cs_id=3232 HTTP/1.1" 200 13767 "-" "Mozilla/5.0 (compatible; 008/0.83; http://www.80legs.com/webcrawler.html) Gecko/2008032620"
94.231.187.161 - - [07/Jul/2012:12:16:42 +0200] "GET /news.php?cs_go=archiv HTTP/1.1" 200 22312 "-" "Mozilla/5.0 (compatible; 008/0.83; http://www.80legs.com/webcrawler.html) Gecko/2008032620"
94.231.187.161 - - [07/Jul/2012:12:16:43 +0200] "GET /news.php?cs_go=archiv&cs_id=3232 HTTP/1.1" 200 13767 "-" "Mozilla/5.0 (compatible; 008/0.83; http://www.80legs.com/webcrawler.html) Gecko/2008032620"
194.67.6.86 - - [07/Jul/2012:12:16:53 +0200] "GET /agb.php HTTP/1.1" 200 19709 "-" "Mozilla/5.0 (compatible; 008/0.83; http://www.80legs.com/webcrawler.html) Gecko/2008032620"
194.67.6.86 - - [07/Jul/2012:12:16:55 +0200] "GET /news.php?cs_go=archiv HTTP/1.1" 200 22312 "-" "Mozilla/5.0 (compatible; 008/0.83; http://www.80legs.com/webcrawler.html) Gecko/2008032620"
194.67.6.86 - - [07/Jul/2012:12:16:57 +0200] "GET /news.php?cs_go=archiv&cs_id=3232 HTTP/1.1" 200 13767 "-" "Mozilla/5.0 (compatible; 008/0.83; http://www.80legs.com/webcrawler.html) Gecko/2008032620"
77.234.25.71 - - [07/Jul/2012:12:17:01 +0200] "GET /news.php?cs_go=archiv&cs_id=3236 HTTP/1.1" 200 13681 "-" "Mozilla/5.0 (compatible; 008/0.83; http://www.80legs.com/webcrawler.html) Gecko/2008032620"
178.120.192.108 - - [07/Jul/2012:12:17:07 +0200] "GET /news.php?cs_go=archiv&cs_id=3236 HTTP/1.1" 200 13681 "-" "Mozilla/5.0 (compatible; 008/0.83; http://www.80legs.com/webcrawler.html) Gecko/2008032620"
80.229.171.35 - - [07/Jul/2012:12:17:25 +0200] "GET /news.php?cs_go=archiv&cs_id=3236 HTTP/1.1" 200 13681 "-" "Mozilla/5.0 (compatible; 008/0.83; http://www.80legs.com/webcrawler.html) Gecko/2008032620"
109.205.251.70 - - [07/Jul/2012:12:17:55 +0200] "GET /standard.php HTTP/1.1" 200 9150 "-" "Mozilla/5.0 (compatible; 008/0.83; http://www.80legs.com/webcrawler.html) Gecko/2008032620"
37.19.219.84 - - [07/Jul/2012:12:18:05 +0200] "GET /standard.php HTTP/1.1" 200 9150 "-" "Mozilla/5.0 (compatible; 008/0.83; http://www.80legs.com/webcrawler.html) Gecko/2008032620"
84.22.139.114 - - [07/Jul/2012:12:21:22 +0200] "GET /impressum.php HTTP/1.1" 200 8944 "-" "Mozilla/5.0 (compatible; 008/0.83; http://www.80legs.com/webcrawler.html) Gecko/2008032620"
158.255.50.75 - - [07/Jul/2012:12:21:22 +0200] "GET /impressum.php HTTP/1.1" 200 8944 "-" "Mozilla/5.0 (compatible; 008/0.83; http://www.80legs.com/webcrawler.html) Gecko/2008032620"
62.212.35.161 - - [07/Jul/2012:12:21:23 +0200] "GET /impressum.php HTTP/1.1" 200 8944 "-" "Mozilla/5.0 (compatible; 008/0.83; http://www.80legs.com/webcrawler.html) Gecko/2008032620"
188.134.41.32 - - [07/Jul/2012:12:21:25 +0200] "GET /impressum.php HTTP/1.1" 200 8944 "-" "Mozilla/5.0 (compatible; 008/0.83; http://www.80legs.com/webcrawler.html) Gecko/2008032620"
95.189.22.99 - - [07/Jul/2012:12:21:28 +0200] "GET /impressum.php HTTP/1.1" 200 8944 "-" "Mozilla/5.0 (compatible; 008/0.83; http://www.80legs.com/webcrawler.html) Gecko/2008032620"
188.123.252.199 - - [07/Jul/2012:12:21:28 +0200] "GET /impressum.php HTTP/1.1" 200 8944 "-" "Mozilla/5.0 (compatible; 008/0.83; http://www.80legs.com/webcrawler.html) Gecko/2008032620"
195.211.228.209 - - [07/Jul/2012:12:21:30 +0200] "GET /impressum.php HTTP/1.1" 200 8944 "-" "Mozilla/5.0 (compatible; 008/0.83; http://www.80legs.com/webcrawler.html) Gecko/2008032620"
94.180.239.166 - - [07/Jul/2012:12:21:30 +0200] "GET /impressum.php HTTP/1.1" 200 8944 "-" "Mozilla/5.0 (compatible; 008/0.83; http://www.80legs.com/webcrawler.html) Gecko/2008032620"
85.26.233.120 - - [07/Jul/2012:12:21:30 +0200] "GET /impressum.php HTTP/1.1" 200 8944 "-" "Mozilla/5.0 (compatible; 008/0.83; http://www.80legs.com/webcrawler.html) Gecko/2008032620"
95.132.56.71 - - [07/Jul/2012:12:21:32 +0200] "GET /impressum.php HTTP/1.1" 200 8944 "-" "Mozilla/5.0 (compatible; 008/0.83; http://www.80legs.com/webcrawler.html) Gecko/2008032620"
109.162.88.169 - - [07/Jul/2012:12:21:34 +0200] "GET /impressum.php HTTP/1.1" 200 8944 "-" "Mozilla/5.0 (compatible; 008/0.83; http://www.80legs.com/webcrawler.html) Gecko/2008032620"
94.242.11.121 - - [07/Jul/2012:12:21:36 +0200] "GET /impressum.php HTTP/1.1" 200 8944 "-" "Mozilla/5.0 (compatible; 008/0.83; http://www.80legs.com/webcrawler.html) Gecko/2008032620"
194.67.6.86 - - [07/Jul/2012:12:21:38 +0200] "GET /impressum.php HTTP/1.1" 200 8944 "-" "Mozilla/5.0 (compatible; 008/0.83; http://www.80legs.com/webcrawler.html) Gecko/2008032620"
85.25.95.50 - - [07/Jul/2012:12:21:47 +0200] "GET /index.php HTTP/1.1" 200 15378 "-" "Mozilla/4.0 (compatible; MSIE 6.0; Windows 98; Win 9x4.90)"
95.67.175.134 - - [07/Jul/2012:12:24:43 +0200] "GET /kontakt.php HTTP/1.1" 200 9127 "-" "Mozilla/5.0 (compatible; 008/0.83; http://www.80legs.com/webcrawler.html) Gecko/2008032620"
87.252.227.84 - - [07/Jul/2012:12:24:51 +0200] "GET /kontakt.php HTTP/1.1" 200 9127 "-" "Mozilla/5.0 (compatible; 008/0.83; http://www.80legs.com/webcrawler.html) Gecko/2008032620"
118.100.248.85 - - [07/Jul/2012:12:24:51 +0200] "GET /kontakt.php HTTP/1.1" 200 9127 "-" "Mozilla/5.0 (compatible; 008/0.83; http://www.80legs.com/webcrawler.html) Gecko/2008032620"
178.176.190.150 - - [07/Jul/2012:12:24:56 +0200] "GET /kontakt.php HTTP/1.1" 200 9127 "-" "Mozilla/5.0 (compatible; 008/0.83; http://www.80legs.com/webcrawler.html) Gecko/2008032620"
122.169.57.132 - - [07/Jul/2012:12:27:40 +0200] "GET /preisanfrage.php HTTP/1.1" 200 10636 "-" "Mozilla/5.0 (compatible; 008/0.83; http://www.80legs.com/webcrawler.html) Gecko/2008032620"
109.126.35.42 - - [07/Jul/2012:12:27:41 +0200] "GET /preisanfrage.php HTTP/1.1" 200 10636 "-" "Mozilla/5.0 (compatible; 008/0.83; http://www.80legs.com/webcrawler.html) Gecko/2008032620"
81.163.47.186 - - [07/Jul/2012:12:27:43 +0200] "GET /preisanfrage.php HTTP/1.1" 200 10636 "-" "Mozilla/5.0 (compatible; 008/0.83; http://www.80legs.com/webcrawler.html) Gecko/2008032620"
122.169.57.132 - - [07/Jul/2012:12:28:04 +0200] "GET /preisanfrage.php HTTP/1.1" 200 10636 "-" "Mozilla/5.0 (compatible; 008/0.83; http://www.80legs.com/webcrawler.html) Gecko/2008032620"
83.149.3.211 - - [07/Jul/2012:12:33:05 +0200] "GET /news.php?cs_go=archiv&cs_id=3234 HTTP/1.1" 200 12314 "-" "Mozilla/5.0 (compatible; 008/0.83; http://www.80legs.com/webcrawler.html) Gecko/2008032620"
178.122.44.137 - - [07/Jul/2012:12:33:41 +0200] "GET /news.php?cs_go=archiv&cs_id=3234 HTTP/1.1" 200 12314 "-" "Mozilla/5.0 (compatible; 008/0.83; http://www.80legs.com/webcrawler.html) Gecko/2008032620"
178.212.247.151 - - [07/Jul/2012:12:33:53 +0200] "GET /news.php HTTP/1.1" 200 22312 "-" "Mozilla/5.0 (compatible; 008/0.83; http://www.80legs.com/webcrawler.html) Gecko/2008032620"
178.212.247.151 - - [07/Jul/2012:12:34:13 +0200] "GET /news.php HTTP/1.1" 200 22312 "-" "Mozilla/5.0 (compatible; 008/0.83; http://www.80legs.com/webcrawler.html) Gecko/2008032620"
37.241.139.111 - - [07/Jul/2012:12:35:20 +0200] "GET /../optiplus.php HTTP/1.1" 404 - "-" "Mozilla/5.0 (compatible; 008/0.83; http://www.80legs.com/webcrawler.html) Gecko/2008032620"
37.241.139.111 - - [07/Jul/2012:12:35:24 +0200] "GET /wunschpreis.php HTTP/1.1" 200 11985 "-" "Mozilla/5.0 (compatible; 008/0.83; http://www.80legs.com/webcrawler.html) Gecko/2008032620"
31.223.226.57 - - [07/Jul/2012:12:35:48 +0200] "GET /newsletter.php HTTP/1.1" 200 8839 "-" "Mozilla/5.0 (compatible; 008/0.83; http://www.80legs.com/webcrawler.html) Gecko/2008032620"
188.134.34.59 - - [07/Jul/2012:12:36:01 +0200] "GET /newsletter.php HTTP/1.1" 200 8839 "-" "Mozilla/5.0 (compatible; 008/0.83; http://www.80legs.com/webcrawler.html) Gecko/2008032620"
188.134.34.59 - - [07/Jul/2012:12:36:37 +0200] "GET /../standard.php HTTP/1.1" 404 - "-" "Mozilla/5.0 (compatible; 008/0.83; http://www.80legs.com/webcrawler.html) Gecko/2008032620"
178.65.129.167 - - [07/Jul/2012:12:36:39 +0200] "GET /../standard.php HTTP/1.1" 404 - "-" "Mozilla/5.0 (compatible; 008/0.83; http://www.80legs.com/webcrawler.html) Gecko/2008032620"
188.134.34.59 - - [07/Jul/2012:12:36:39 +0200] "GET /index.php HTTP/1.1" 200 15378 "-" "Mozilla/5.0 (compatible; 008/0.83; http://www.80legs.com/webcrawler.html) Gecko/2008032620"
93.186.101.196 - - [07/Jul/2012:12:36:41 +0200] "GET /../standard.php HTTP/1.1" 404 - "-" "Mozilla/5.0 (compatible; 008/0.83; http://www.80legs.com/webcrawler.html) Gecko/2008032620"
178.65.129.167 - - [07/Jul/2012:12:36:41 +0200] "GET /index.php HTTP/1.1" 200 15378 "-" "Mozilla/5.0 (compatible; 008/0.83; http://www.80legs.com/webcrawler.html) Gecko/2008032620"
92.47.192.152 - - [07/Jul/2012:12:36:42 +0200] "GET /../standard.php HTTP/1.1" 404 - "-" "Mozilla/5.0 (compatible; 008/0.83; http://www.80legs.com/webcrawler.html) Gecko/2008032620"
93.186.101.196 - - [07/Jul/2012:12:36:44 +0200] "GET /index.php HTTP/1.1" 200 15378 "-" "Mozilla/5.0 (compatible; 008/0.83; http://www.80legs.com/webcrawler.html) Gecko/2008032620"
92.47.192.152 - - [07/Jul/2012:12:36:47 +0200] "GET /index.php HTTP/1.1" 200 15378 "-" "Mozilla/5.0 (compatible; 008/0.83; http://www.80legs.com/webcrawler.html) Gecko/2008032620"
188.134.34.59 - - [07/Jul/2012:12:36:50 +0200] "GET /../standard.php HTTP/1.1" 404 - "-" "Mozilla/5.0 (compatible; 008/0.83; http://www.80legs.com/webcrawler.html) Gecko/2008032620"
188.134.34.59 - - [07/Jul/2012:12:36:52 +0200] "GET /index.php HTTP/1.1" 200 15378 "-" "Mozilla/5.0 (compatible; 008/0.83; http://www.80legs.com/webcrawler.html) Gecko/2008032620"
87.252.227.84 - - [07/Jul/2012:12:36:54 +0200] "GET /../standard.php HTTP/1.1" 404 - "-" "Mozilla/5.0 (compatible; 008/0.83; http://www.80legs.com/webcrawler.html) Gecko/2008032620"
87.252.227.84 - - [07/Jul/2012:12:37:10 +0200] "GET /index.php HTTP/1.1" 200 15378 "-" "Mozilla/5.0 (compatible; 008/0.83; http://www.80legs.com/webcrawler.html) Gecko/2008032620"
81.163.90.175 - - [07/Jul/2012:12:39:07 +0200] "GET /news.php?cs_go=archiv&cs_id=3233 HTTP/1.1" 200 9945 "-" "Mozilla/5.0 (compatible; 008/0.83; http://www.80legs.com/webcrawler.html) Gecko/2008032620"
81.88.222.83 - - [07/Jul/2012:12:39:08 +0200] "GET /news.php?cs_go=archiv&cs_id=3233 HTTP/1.1" 200 9945 "-" "Mozilla/5.0 (compatible; 008/0.83; http://www.80legs.com/webcrawler.html) Gecko/2008032620"
95.53.196.222 - - [07/Jul/2012:12:39:11 +0200] "GET /news.php?cs_go=archiv&cs_id=3233 HTTP/1.1" 200 9945 "-" "Mozilla/5.0 (compatible; 008/0.83; http://www.80legs.com/webcrawler.html) Gecko/2008032620"
180.190.138.82 - - [07/Jul/2012:12:39:19 +0200] "GET /news.php?cs_go=archiv&cs_id=3233 HTTP/1.1" 200 9945 "-" "Mozilla/5.0 (compatible; 008/0.83; http://www.80legs.com/webcrawler.html) Gecko/2008032620"
92.47.192.152 - - [07/Jul/2012:12:39:29 +0200] "GET /news.php?cs_go=archiv&cs_id=3233 HTTP/1.1" 200 9945 "-" "Mozilla/5.0 (compatible; 008/0.83; http://www.80legs.com/webcrawler.html) Gecko/2008032620"
