66.249.71.70 - - [02/Jul/2012:23:50:50 +0200] "GET /news.php?cs_go=archiv&cs_startpos=1301 HTTP/1.1" 200 23232 "-" "Mozilla/5.0 (compatible; Googlebot/2.1; +http://www.google.com/bot.html)"
66.249.66.137 - - [02/Jul/2012:23:57:41 +0200] "GET /news.php?cs_go=archiv&cs_startpos=100 HTTP/1.1" 200 23008 "-" "Mozilla/5.0 (compatible; Googlebot/2.1; +http://www.google.com/bot.html)"
65.36.241.79 - - [03/Jul/2012:00:44:32 +0200] "HEAD / HTTP/1.1" 200 - "-" "InternetSeer.com"
208.115.111.75 - - [03/Jul/2012:01:15:53 +0200] "GET /robots.txt HTTP/1.1" 200 177 "-" "Mozilla/5.0 (compatible; Ezooms/1.0; ezooms.bot@gmail.com)"
208.115.113.91 - - [03/Jul/2012:01:28:26 +0200] "GET /robots.txt HTTP/1.1" 200 177 "-" "Mozilla/5.0 (compatible; Ezooms/1.0; ezooms.bot@gmail.com)"
66.249.66.137 - - [03/Jul/2012:01:35:04 +0200] "GET /additive.php HTTP/1.1" 200 15786 "-" "Mozilla/5.0 (iPhone; U; CPU iPhone OS 4_1 like Mac OS X; en-us) AppleWebKit/532.9 (KHTML, like Gecko) Version/4.0.5 Mobile/8B117 Safari/6531.22.7 (compatible; Googlebot-Mobile/2.1; +http://www.google.com/bot.html)"
208.115.111.75 - - [03/Jul/2012:02:14:40 +0200] "GET /robots.txt HTTP/1.1" 200 177 "-" "Mozilla/5.0 (compatible; Ezooms/1.0; ezooms.bot@gmail.com)"
123.125.71.35 - - [03/Jul/2012:02:29:35 +0200] "GET / HTTP/1.1" 200 8794 "-" "Mozilla/5.0 (compatible; Baiduspider/2.0; +http://www.baidu.com/search/spider.html)"
220.181.108.112 - - [03/Jul/2012:02:29:58 +0200] "GET / HTTP/1.1" 200 3405 "-" "Mozilla/5.0 (compatible; Baiduspider/2.0; +http://www.baidu.com/search/spider.html)"
208.115.111.75 - - [03/Jul/2012:02:48:15 +0200] "GET /robots.txt HTTP/1.1" 200 177 "-" "Mozilla/5.0 (compatible; Ezooms/1.0; ezooms.bot@gmail.com)"
208.115.113.91 - - [03/Jul/2012:02:52:09 +0200] "GET /robots.txt HTTP/1.1" 200 177 "-" "Mozilla/5.0 (compatible; Ezooms/1.0; ezooms.bot@gmail.com)"
208.115.113.91 - - [03/Jul/2012:03:04:42 +0200] "GET /lexikon.php?cs_go=3&cs_id=204 HTTP/1.1" 200 7939 "-" "Mozilla/5.0 (compatible; Ezooms/1.0; ezooms.bot@gmail.com)"
208.115.113.91 - - [03/Jul/2012:03:04:46 +0200] "GET /news.php?cs_go=archiv&cs_id=2870&cs_search= HTTP/1.1" 200 10211 "-" "Mozilla/5.0 (compatible; Ezooms/1.0; ezooms.bot@gmail.com)"
208.115.111.75 - - [03/Jul/2012:03:22:57 +0200] "GET /robots.txt HTTP/1.1" 200 177 "-" "Mozilla/5.0 (compatible; Ezooms/1.0; ezooms.bot@gmail.com)"
66.249.66.137 - - [03/Jul/2012:03:25:13 +0200] "GET /news.php?cs_go=archiv&cs_id=1708&cs_search= HTTP/1.1" 200 10044 "-" "Mozilla/5.0 (compatible; Googlebot/2.1; +http://www.google.com/bot.html)"
208.115.113.91 - - [03/Jul/2012:03:51:22 +0200] "GET /robots.txt HTTP/1.1" 200 177 "-" "Mozilla/5.0 (compatible; Ezooms/1.0; ezooms.bot@gmail.com)"
208.115.113.91 - - [03/Jul/2012:03:57:39 +0200] "GET /robots.txt HTTP/1.1" 200 177 "-" "Mozilla/5.0 (compatible; Ezooms/1.0; ezooms.bot@gmail.com)"
109.87.138.55 - - [03/Jul/2012:04:01:13 +0200] "GET /robots.txt HTTP/1.0" 200 177 "-" "Mozilla/5.0 (compatible; MJ12bot/v1.4.3; http://www.majestic12.co.uk/bot.php?+)"
109.87.138.55 - - [03/Jul/2012:04:01:15 +0200] "GET / HTTP/1.1" 200 15397 "-" "Mozilla/5.0 (compatible; MJ12bot/v1.4.3; http://www.majestic12.co.uk/bot.php?+)"
123.125.71.53 - - [03/Jul/2012:04:31:30 +0200] "GET / HTTP/1.1" 200 8794 "-" "Mozilla/5.0 (compatible; Baiduspider/2.0; +http://www.baidu.com/search/spider.html)"
220.181.108.82 - - [03/Jul/2012:04:32:00 +0200] "GET / HTTP/1.1" 200 6439 "-" "Mozilla/5.0 (compatible; Baiduspider/2.0; +http://www.baidu.com/search/spider.html)"
66.249.66.137 - - [03/Jul/2012:04:41:45 +0200] "GET /news.php?cs_go=archiv&cs_id=2770&cs_search= HTTP/1.1" 200 9429 "-" "Mozilla/5.0 (compatible; Googlebot/2.1; +http://www.google.com/bot.html)"
157.55.18.24 - - [03/Jul/2012:05:45:29 +0200] "GET /robots.txt HTTP/1.1" 200 177 "-" "Mozilla/5.0 (compatible; bingbot/2.0; +http://www.bing.com/bingbot.htm)"
157.55.18.24 - - [03/Jul/2012:05:46:29 +0200] "GET /preisanfrage.php HTTP/1.1" 200 10636 "-" "Mozilla/5.0 (compatible; bingbot/2.0; +http://www.bing.com/bingbot.htm)"
65.36.241.79 - - [03/Jul/2012:05:48:15 +0200] "HEAD / HTTP/1.1" 200 - "-" "InternetSeer.com"
208.115.113.91 - - [03/Jul/2012:05:57:53 +0200] "GET /robots.txt HTTP/1.1" 200 177 "-" "Mozilla/5.0 (compatible; Ezooms/1.0; ezooms.bot@gmail.com)"
208.115.111.75 - - [03/Jul/2012:06:14:45 +0200] "GET /robots.txt HTTP/1.1" 200 177 "-" "Mozilla/5.0 (compatible; Ezooms/1.0; ezooms.bot@gmail.com)"
220.181.108.108 - - [03/Jul/2012:06:26:56 +0200] "GET /images/kwk.gif HTTP/1.1" 200 6403 "-" "Baiduspider-image+(+http://www.baidu.com/search/spider.htm)"
213.186.119.133 - - [03/Jul/2012:07:39:07 +0200] "GET /news.php?cs_go=archiv&cs_id=3061&cs_search= HTTP/1.1" 200 9809 "-" "Mozilla/5.0 (compatible; AhrefsBot/3.0; +http://ahrefs.com/robot/)"
66.249.66.137 - - [03/Jul/2012:07:40:57 +0200] "GET /news.php?cs_go=archiv&cs_id=2941&cs_search= HTTP/1.1" 200 14173 "-" "Mozilla/5.0 (compatible; Googlebot/2.1; +http://www.google.com/bot.html)"
208.115.113.91 - - [03/Jul/2012:08:18:46 +0200] "GET /robots.txt HTTP/1.1" 200 177 "-" "Mozilla/5.0 (compatible; Ezooms/1.0; ezooms.bot@gmail.com)"
208.115.111.75 - - [03/Jul/2012:08:37:30 +0200] "GET /news.php?cs_go=archiv&cs_id=3021 HTTP/1.1" 200 10813 "-" "Mozilla/5.0 (compatible; Ezooms/1.0; ezooms.bot@gmail.com)"
208.115.111.75 - - [03/Jul/2012:08:37:36 +0200] "GET /news.php?cs_go=archiv&cs_startpos=1180 HTTP/1.1" 200 22945 "-" "Mozilla/5.0 (compatible; Ezooms/1.0; ezooms.bot@gmail.com)"
208.115.111.75 - - [03/Jul/2012:08:37:44 +0200] "GET /news.php?cs_go=archiv&cs_startpos=210 HTTP/1.1" 200 23029 "-" "Mozilla/5.0 (compatible; Ezooms/1.0; ezooms.bot@gmail.com)"
213.179.159.81 - - [03/Jul/2012:08:48:16 +0200] "GET /style.css HTTP/1.1" 200 8418 "http://www.mink-gmbh.de/" "Mozilla/5.0 (compatible; MSIE 9.0; Windows NT 6.1; Trident/5.0)"
213.179.159.81 - - [03/Jul/2012:08:48:16 +0200] "GET /modul.css HTTP/1.1" 200 35038 "http://www.mink-gmbh.de/" "Mozilla/5.0 (compatible; MSIE 9.0; Windows NT 6.1; Trident/5.0)"
213.179.159.81 - - [03/Jul/2012:08:48:16 +0200] "GET /js_contentserver24_greybox/gb_styles.css HTTP/1.1" 200 2302 "http://www.mink-gmbh.de/" "Mozilla/5.0 (compatible; MSIE 9.0; Windows NT 6.1; Trident/5.0)"
213.179.159.81 - - [03/Jul/2012:08:48:16 +0200] "GET /js_contentserver24_greybox/gb_scripts.js HTTP/1.1" 200 11913 "http://www.mink-gmbh.de/" "Mozilla/5.0 (compatible; MSIE 9.0; Windows NT 6.1; Trident/5.0)"
213.179.159.81 - - [03/Jul/2012:08:48:17 +0200] "GET /js_contentserver24_greybox/AJS.js HTTP/1.1" 200 10396 "http://www.mink-gmbh.de/" "Mozilla/5.0 (compatible; MSIE 9.0; Windows NT 6.1; Trident/5.0)"
213.179.159.81 - - [03/Jul/2012:08:48:17 +0200] "GET /js_contentserver24_greybox/AJS_fx.js HTTP/1.1" 200 3192 "http://www.mink-gmbh.de/" "Mozilla/5.0 (compatible; MSIE 9.0; Windows NT 6.1; Trident/5.0)"
213.179.159.81 - - [03/Jul/2012:08:48:18 +0200] "GET /js_contentserver24_greybox/w_close.gif HTTP/1.1" 200 74 "http://www.mink-gmbh.de/" "Mozilla/5.0 (compatible; MSIE 9.0; Windows NT 6.1; Trident/5.0)"
213.179.159.81 - - [03/Jul/2012:08:48:18 +0200] "GET /images/navibg.png HTTP/1.1" 200 2803 "http://www.mink-gmbh.de/" "Mozilla/5.0 (compatible; MSIE 9.0; Windows NT 6.1; Trident/5.0)"
213.179.159.81 - - [03/Jul/2012:08:48:18 +0200] "GET /images/wrapperbg.jpg HTTP/1.1" 200 27465 "http://www.mink-gmbh.de/" "Mozilla/5.0 (compatible; MSIE 9.0; Windows NT 6.1; Trident/5.0)"
213.179.159.81 - - [03/Jul/2012:08:48:18 +0200] "GET /js_contentserver24_greybox/header_bg.gif HTTP/1.1" 200 1188 "http://www.mink-gmbh.de/" "Mozilla/5.0 (compatible; MSIE 9.0; Windows NT 6.1; Trident/5.0)"
213.179.159.81 - - [03/Jul/2012:08:48:18 +0200] "GET /images/newsletter_bg.jpg HTTP/1.1" 200 33610 "http://www.mink-gmbh.de/" "Mozilla/5.0 (compatible; MSIE 9.0; Windows NT 6.1; Trident/5.0)"
213.179.159.81 - - [03/Jul/2012:08:48:18 +0200] "GET /images/bg.jpg HTTP/1.1" 200 345 "http://www.mink-gmbh.de/" "Mozilla/5.0 (compatible; MSIE 9.0; Windows NT 6.1; Trident/5.0)"
213.179.159.81 - - [03/Jul/2012:08:48:18 +0200] "GET /images/close.png HTTP/1.1" 200 703 "http://www.mink-gmbh.de/" "Mozilla/5.0 (compatible; MSIE 9.0; Windows NT 6.1; Trident/5.0)"
213.179.159.81 - - [03/Jul/2012:08:48:18 +0200] "GET /images/newsletter.png HTTP/1.1" 200 14619 "http://www.mink-gmbh.de/" "Mozilla/5.0 (compatible; MSIE 9.0; Windows NT 6.1; Trident/5.0)"
213.179.159.81 - - [03/Jul/2012:08:48:18 +0200] "GET /images/header.jpg HTTP/1.1" 200 24413 "http://www.mink-gmbh.de/" "Mozilla/5.0 (compatible; MSIE 9.0; Windows NT 6.1; Trident/5.0)"
213.179.159.81 - - [03/Jul/2012:08:48:18 +0200] "GET /images/steigend.png HTTP/1.1" 200 688 "http://www.mink-gmbh.de/" "Mozilla/5.0 (compatible; MSIE 9.0; Windows NT 6.1; Trident/5.0)"
213.179.159.81 - - [03/Jul/2012:08:48:18 +0200] "GET /images/gleichbleibend.png HTTP/1.1" 200 534 "http://www.mink-gmbh.de/" "Mozilla/5.0 (compatible; MSIE 9.0; Windows NT 6.1; Trident/5.0)"
213.179.159.81 - - [03/Jul/2012:08:48:18 +0200] "GET /images/newsletter.jpg HTTP/1.1" 200 13130 "http://www.mink-gmbh.de/" "Mozilla/5.0 (compatible; MSIE 9.0; Windows NT 6.1; Trident/5.0)"
213.179.159.81 - - [03/Jul/2012:08:48:18 +0200] "GET /images/mobil.jpg HTTP/1.1" 200 25293 "http://www.mink-gmbh.de/" "Mozilla/5.0 (compatible; MSIE 9.0; Windows NT 6.1; Trident/5.0)"
213.179.159.81 - - [03/Jul/2012:08:48:18 +0200] "GET /images/tkw.jpg HTTP/1.1" 200 64031 "http://www.mink-gmbh.de/" "Mozilla/5.0 (compatible; MSIE 9.0; Windows NT 6.1; Trident/5.0)"
213.179.159.81 - - [03/Jul/2012:08:48:16 +0200] "GET / HTTP/1.1" 200 15350 "http://www.google.de/url?sa=t&rct=j&q=energie%20%26%20service%20s%C3%BCd%20ost%20berlin%20%26%20mink%20gmbh&source=web&cd=1&sqi=2&ved=0CFUQFjAA&url=http%3A%2F%2Fwww.mink-gmbh.de%2F&ei=pZXyT7G8H_OO4gSu4LW9Aw&usg=AFQjCNFHX4Iglls9oo-KYXTmDUV_5KOVIg" "Mozilla/5.0 (compatible; MSIE 9.0; Windows NT 6.1; Trident/5.0)"
213.179.159.81 - - [03/Jul/2012:08:48:18 +0200] "GET /images/kwk.gif HTTP/1.1" 200 6403 "http://www.mink-gmbh.de/" "Mozilla/5.0 (compatible; MSIE 9.0; Windows NT 6.1; Trident/5.0)"
213.179.159.81 - - [03/Jul/2012:08:48:18 +0200] "GET /images/freecall.jpg HTTP/1.1" 200 39195 "http://www.mink-gmbh.de/" "Mozilla/5.0 (compatible; MSIE 9.0; Windows NT 6.1; Trident/5.0)"
213.179.159.81 - - [03/Jul/2012:08:48:18 +0200] "GET /images/mail.jpg HTTP/1.1" 200 11165 "http://www.mink-gmbh.de/" "Mozilla/5.0 (compatible; MSIE 9.0; Windows NT 6.1; Trident/5.0)"
213.179.159.81 - - [03/Jul/2012:08:48:18 +0200] "GET /images/logos.jpg HTTP/1.1" 200 15002 "http://www.mink-gmbh.de/" "Mozilla/5.0 (compatible; MSIE 9.0; Windows NT 6.1; Trident/5.0)"
213.179.159.81 - - [03/Jul/2012:08:48:18 +0200] "GET /images/wunschpreis.jpg HTTP/1.1" 200 16767 "http://www.mink-gmbh.de/" "Mozilla/5.0 (compatible; MSIE 9.0; Windows NT 6.1; Trident/5.0)"
213.179.159.81 - - [03/Jul/2012:08:48:18 +0200] "GET /images/footerbg.jpg HTTP/1.1" 200 2184 "http://www.mink-gmbh.de/" "Mozilla/5.0 (compatible; MSIE 9.0; Windows NT 6.1; Trident/5.0)"
213.179.159.81 - - [03/Jul/2012:08:48:19 +0200] "GET /js_contentserver24_greybox/loader_frame.html?s=0 HTTP/1.1" 200 2084 "http://www.mink-gmbh.de/" "Mozilla/5.0 (compatible; MSIE 9.0; Windows NT 6.1; Trident/5.0)"
213.179.159.81 - - [03/Jul/2012:08:48:19 +0200] "GET /js_contentserver24_greybox/indicator.gif HTTP/1.1" 200 8238 "http://www.mink-gmbh.de/js_contentserver24_greybox/loader_frame.html?s=0" "Mozilla/5.0 (compatible; MSIE 9.0; Windows NT 6.1; Trident/5.0)"
213.179.159.81 - - [03/Jul/2012:08:48:20 +0200] "GET /js_contentserver24_greybox/g_close.gif HTTP/1.1" 200 541 "http://www.mink-gmbh.de/" "Mozilla/5.0 (compatible; MSIE 9.0; Windows NT 6.1; Trident/5.0)"
213.179.159.81 - - [03/Jul/2012:08:48:20 +0200] "GET /favicon.ico HTTP/1.1" 200 3638 "-" "Mozilla/5.0 (compatible; MSIE 9.0; Windows NT 6.1; Trident/5.0)"
213.179.159.81 - - [03/Jul/2012:08:48:24 +0200] "GET /kontakt.php HTTP/1.1" 200 9040 "http://www.mink-gmbh.de/" "Mozilla/5.0 (compatible; MSIE 9.0; Windows NT 6.1; Trident/5.0)"
66.249.66.137 - - [03/Jul/2012:08:52:26 +0200] "GET /lexikon.php?cs_go=3&cs_id=201 HTTP/1.1" 200 8754 "-" "Mozilla/5.0 (compatible; Googlebot/2.1; +http://www.google.com/bot.html)"
150.70.172.200 - - [03/Jul/2012:09:10:50 +0200] "GET /js_contentserver24_greybox/loader_frame.html?s=0 HTTP/1.0" 200 2084 "-" "Mozilla/4.0 (compatible; MSIE 6.0; Windows NT 5.1)"
193.47.80.36 - - [03/Jul/2012:09:13:20 +0200] "GET /robots.txt HTTP/1.1" 200 177 "-" "Mozilla/5.0 (compatible; Exabot/3.0; +http://www.exabot.com/go/robot)"
193.47.80.36 - - [03/Jul/2012:09:13:20 +0200] "GET /news.php?cs_go=archiv&cs_id=2918 HTTP/1.1" 200 13467 "-" "Mozilla/5.0 (compatible; Exabot/3.0; +http://www.exabot.com/go/robot)"
93.206.27.97 - - [03/Jul/2012:09:25:54 +0200] "GET / HTTP/1.1" 200 15350 "http://avira-int.ask.com/web?q=mink&gct=serp&qsrc=2869&o=APN10395&l=dis&locale=de_DE&qid=B5352C58C3D23B537DE1A301A52142DF&frstpgo=0&page=2&jss=1" "Mozilla/5.0 (Windows NT 6.1; WOW64; rv:11.0) Gecko/20100101 Firefox/11.0"
93.206.27.97 - - [03/Jul/2012:09:25:55 +0200] "GET /style.css HTTP/1.1" 200 8418 "http://www.mink-gmbh.de/" "Mozilla/5.0 (Windows NT 6.1; WOW64; rv:11.0) Gecko/20100101 Firefox/11.0"
93.206.27.97 - - [03/Jul/2012:09:25:55 +0200] "GET /js_contentserver24_greybox/gb_styles.css HTTP/1.1" 200 2302 "http://www.mink-gmbh.de/" "Mozilla/5.0 (Windows NT 6.1; WOW64; rv:11.0) Gecko/20100101 Firefox/11.0"
93.206.27.97 - - [03/Jul/2012:09:25:55 +0200] "GET /js_contentserver24_greybox/AJS.js HTTP/1.1" 200 10396 "http://www.mink-gmbh.de/" "Mozilla/5.0 (Windows NT 6.1; WOW64; rv:11.0) Gecko/20100101 Firefox/11.0"
93.206.27.97 - - [03/Jul/2012:09:25:55 +0200] "GET /js_contentserver24_greybox/AJS_fx.js HTTP/1.1" 200 3192 "http://www.mink-gmbh.de/" "Mozilla/5.0 (Windows NT 6.1; WOW64; rv:11.0) Gecko/20100101 Firefox/11.0"
93.206.27.97 - - [03/Jul/2012:09:25:55 +0200] "GET /js_contentserver24_greybox/gb_scripts.js HTTP/1.1" 200 11913 "http://www.mink-gmbh.de/" "Mozilla/5.0 (Windows NT 6.1; WOW64; rv:11.0) Gecko/20100101 Firefox/11.0"
93.206.27.97 - - [03/Jul/2012:09:25:55 +0200] "GET /images/mail.jpg HTTP/1.1" 200 11165 "http://www.mink-gmbh.de/" "Mozilla/5.0 (Windows NT 6.1; WOW64; rv:11.0) Gecko/20100101 Firefox/11.0"
93.206.27.97 - - [03/Jul/2012:09:25:55 +0200] "GET /images/tkw.jpg HTTP/1.1" 200 64031 "http://www.mink-gmbh.de/" "Mozilla/5.0 (Windows NT 6.1; WOW64; rv:11.0) Gecko/20100101 Firefox/11.0"
93.206.27.97 - - [03/Jul/2012:09:25:55 +0200] "GET /images/kwk.gif HTTP/1.1" 200 6403 "http://www.mink-gmbh.de/" "Mozilla/5.0 (Windows NT 6.1; WOW64; rv:11.0) Gecko/20100101 Firefox/11.0"
93.206.27.97 - - [03/Jul/2012:09:25:56 +0200] "GET /images/wunschpreis.jpg HTTP/1.1" 200 16767 "http://www.mink-gmbh.de/" "Mozilla/5.0 (Windows NT 6.1; WOW64; rv:11.0) Gecko/20100101 Firefox/11.0"
93.206.27.97 - - [03/Jul/2012:09:25:56 +0200] "GET /images/logos.jpg HTTP/1.1" 200 15002 "http://www.mink-gmbh.de/" "Mozilla/5.0 (Windows NT 6.1; WOW64; rv:11.0) Gecko/20100101 Firefox/11.0"
93.206.27.97 - - [03/Jul/2012:09:25:56 +0200] "GET /favicon.ico HTTP/1.1" 200 3638 "-" "Mozilla/5.0 (Windows NT 6.1; WOW64; rv:11.0) Gecko/20100101 Firefox/11.0"
93.206.27.97 - - [03/Jul/2012:09:25:55 +0200] "GET /modul.css HTTP/1.1" 200 35038 "http://www.mink-gmbh.de/" "Mozilla/5.0 (Windows NT 6.1; WOW64; rv:11.0) Gecko/20100101 Firefox/11.0"
93.206.27.97 - - [03/Jul/2012:09:25:55 +0200] "GET /images/freecall.jpg HTTP/1.1" 200 39195 "http://www.mink-gmbh.de/" "Mozilla/5.0 (Windows NT 6.1; WOW64; rv:11.0) Gecko/20100101 Firefox/11.0"
93.206.27.97 - - [03/Jul/2012:09:25:56 +0200] "GET /images/bg.jpg HTTP/1.1" 200 345 "http://www.mink-gmbh.de/style.css" "Mozilla/5.0 (Windows NT 6.1; WOW64; rv:11.0) Gecko/20100101 Firefox/11.0"
93.206.27.97 - - [03/Jul/2012:09:25:56 +0200] "GET /js_contentserver24_greybox/w_close.gif HTTP/1.1" 200 74 "http://www.mink-gmbh.de/" "Mozilla/5.0 (Windows NT 6.1; WOW64; rv:11.0) Gecko/20100101 Firefox/11.0"
93.206.27.97 - - [03/Jul/2012:09:25:56 +0200] "GET /images/close.png HTTP/1.1" 200 703 "http://www.mink-gmbh.de/" "Mozilla/5.0 (Windows NT 6.1; WOW64; rv:11.0) Gecko/20100101 Firefox/11.0"
93.206.27.97 - - [03/Jul/2012:09:25:56 +0200] "GET /images/newsletter.png HTTP/1.1" 200 14619 "http://www.mink-gmbh.de/style.css" "Mozilla/5.0 (Windows NT 6.1; WOW64; rv:11.0) Gecko/20100101 Firefox/11.0"
93.206.27.97 - - [03/Jul/2012:09:25:56 +0200] "GET /images/header.jpg HTTP/1.1" 200 24413 "http://www.mink-gmbh.de/style.css" "Mozilla/5.0 (Windows NT 6.1; WOW64; rv:11.0) Gecko/20100101 Firefox/11.0"
93.206.27.97 - - [03/Jul/2012:09:25:56 +0200] "GET /images/wrapperbg.jpg HTTP/1.1" 200 27465 "http://www.mink-gmbh.de/style.css" "Mozilla/5.0 (Windows NT 6.1; WOW64; rv:11.0) Gecko/20100101 Firefox/11.0"
93.206.27.97 - - [03/Jul/2012:09:25:56 +0200] "GET /images/newsletter_bg.jpg HTTP/1.1" 200 33610 "http://www.mink-gmbh.de/" "Mozilla/5.0 (Windows NT 6.1; WOW64; rv:11.0) Gecko/20100101 Firefox/11.0"
93.206.27.97 - - [03/Jul/2012:09:25:56 +0200] "GET /images/navibg.png HTTP/1.1" 200 2803 "http://www.mink-gmbh.de/style.css" "Mozilla/5.0 (Windows NT 6.1; WOW64; rv:11.0) Gecko/20100101 Firefox/11.0"
93.206.27.97 - - [03/Jul/2012:09:25:56 +0200] "GET /images/steigend.png HTTP/1.1" 200 688 "http://www.mink-gmbh.de/modul.css" "Mozilla/5.0 (Windows NT 6.1; WOW64; rv:11.0) Gecko/20100101 Firefox/11.0"
93.206.27.97 - - [03/Jul/2012:09:25:56 +0200] "GET /images/gleichbleibend.png HTTP/1.1" 200 534 "http://www.mink-gmbh.de/modul.css" "Mozilla/5.0 (Windows NT 6.1; WOW64; rv:11.0) Gecko/20100101 Firefox/11.0"
93.206.27.97 - - [03/Jul/2012:09:25:57 +0200] "GET /images/mobil.jpg HTTP/1.1" 200 25293 "http://www.mink-gmbh.de/style.css" "Mozilla/5.0 (Windows NT 6.1; WOW64; rv:11.0) Gecko/20100101 Firefox/11.0"
93.206.27.97 - - [03/Jul/2012:09:25:57 +0200] "GET /images/newsletter.jpg HTTP/1.1" 200 13130 "http://www.mink-gmbh.de/style.css" "Mozilla/5.0 (Windows NT 6.1; WOW64; rv:11.0) Gecko/20100101 Firefox/11.0"
93.206.27.97 - - [03/Jul/2012:09:25:57 +0200] "GET /images/footerbg.jpg HTTP/1.1" 200 2184 "http://www.mink-gmbh.de/style.css" "Mozilla/5.0 (Windows NT 6.1; WOW64; rv:11.0) Gecko/20100101 Firefox/11.0"
93.206.27.97 - - [03/Jul/2012:09:25:57 +0200] "GET /js_contentserver24_greybox/loader_frame.html?s=0 HTTP/1.1" 200 2084 "http://www.mink-gmbh.de/" "Mozilla/5.0 (Windows NT 6.1; WOW64; rv:11.0) Gecko/20100101 Firefox/11.0"
93.206.27.97 - - [03/Jul/2012:09:25:57 +0200] "GET /js_contentserver24_greybox/header_bg.gif HTTP/1.1" 200 1188 "http://www.mink-gmbh.de/" "Mozilla/5.0 (Windows NT 6.1; WOW64; rv:11.0) Gecko/20100101 Firefox/11.0"
93.206.27.97 - - [03/Jul/2012:09:25:57 +0200] "GET /js_contentserver24_greybox/indicator.gif HTTP/1.1" 200 8238 "http://www.mink-gmbh.de/js_contentserver24_greybox/loader_frame.html?s=0" "Mozilla/5.0 (Windows NT 6.1; WOW64; rv:11.0) Gecko/20100101 Firefox/11.0"
93.206.27.97 - - [03/Jul/2012:09:25:58 +0200] "GET /js_contentserver24_greybox/g_close.gif HTTP/1.1" 200 541 "http://www.mink-gmbh.de/" "Mozilla/5.0 (Windows NT 6.1; WOW64; rv:11.0) Gecko/20100101 Firefox/11.0"
93.206.27.97 - - [03/Jul/2012:09:27:25 +0200] "GET /index.php HTTP/1.1" 200 14615 "http://www.mink-gmbh.de/" "Mozilla/5.0 (Windows NT 6.1; WOW64; rv:11.0) Gecko/20100101 Firefox/11.0"
93.206.27.97 - - [03/Jul/2012:09:27:37 +0200] "GET /preisanfrage.php HTTP/1.1" 200 10549 "http://www.mink-gmbh.de/index.php" "Mozilla/5.0 (Windows NT 6.1; WOW64; rv:11.0) Gecko/20100101 Firefox/11.0"
93.206.27.97 - - [03/Jul/2012:09:28:11 +0200] "GET /news.php HTTP/1.1" 200 22374 "http://www.mink-gmbh.de/preisanfrage.php" "Mozilla/5.0 (Windows NT 6.1; WOW64; rv:11.0) Gecko/20100101 Firefox/11.0"
220.181.108.84 - - [03/Jul/2012:09:28:58 +0200] "GET / HTTP/1.1" 200 1519 "-" "Mozilla/5.0 (compatible; Baiduspider/2.0; +http://www.baidu.com/search/spider.html)"
123.125.71.48 - - [03/Jul/2012:09:29:09 +0200] "GET / HTTP/1.1" 200 6439 "-" "Mozilla/5.0 (compatible; Baiduspider/2.0; +http://www.baidu.com/search/spider.html)"
208.115.111.75 - - [03/Jul/2012:09:40:43 +0200] "GET /robots.txt HTTP/1.1" 200 177 "-" "Mozilla/5.0 (compatible; Ezooms/1.0; ezooms.bot@gmail.com)"
208.115.111.75 - - [03/Jul/2012:10:06:42 +0200] "GET /robots.txt HTTP/1.1" 200 177 "-" "Mozilla/5.0 (compatible; Ezooms/1.0; ezooms.bot@gmail.com)"
208.115.111.75 - - [03/Jul/2012:10:06:56 +0200] "GET /robots.txt HTTP/1.1" 200 177 "-" "Mozilla/5.0 (compatible; Ezooms/1.0; ezooms.bot@gmail.com)"
65.52.108.20 - - [03/Jul/2012:10:14:20 +0200] "GET /robots.txt HTTP/1.1" 200 177 "-" "Mozilla/5.0 (compatible; bingbot/2.0; +http://www.bing.com/bingbot.htm)"
65.52.108.20 - - [03/Jul/2012:10:14:59 +0200] "GET / HTTP/1.1" 200 15350 "-" "Mozilla/5.0 (compatible; bingbot/2.0; +http://www.bing.com/bingbot.htm)"
92.78.183.52 - - [03/Jul/2012:10:45:24 +0200] "GET /style.css HTTP/1.1" 200 8418 "http://www.mink-gmbh.de/" "Mozilla/5.0 (Linux; U; Android 3.2; de-de; GT-P7501 Build/HTJ85B) AppleWebKit/534.13 (KHTML, like Gecko) Version/4.0 Safari/534.13"
92.78.183.52 - - [03/Jul/2012:10:45:24 +0200] "GET /modul.css HTTP/1.1" 200 35038 "http://www.mink-gmbh.de/" "Mozilla/5.0 (Linux; U; Android 3.2; de-de; GT-P7501 Build/HTJ85B) AppleWebKit/534.13 (KHTML, like Gecko) Version/4.0 Safari/534.13"
92.78.183.52 - - [03/Jul/2012:10:45:24 +0200] "GET / HTTP/1.1" 200 15350 "http://www.google.de/url?sa=t&rct=j&q=mink%20%C3%B6l%20berlin&source=web&cd=1&ved=0CGcQFjAA&url=http%3A%2F%2Fwww.mink-gmbh.de%2F&ei=F7HyT_GvDsz2sgahg5GGCg&usg=AFQjCNFHX4Iglls9oo-KYXTmDUV_5KOVIg" "Mozilla/5.0 (Linux; U; Android 3.2; de-de; GT-P7501 Build/HTJ85B) AppleWebKit/534.13 (KHTML, like Gecko) Version/4.0 Safari/534.13"
92.78.183.52 - - [03/Jul/2012:10:45:26 +0200] "GET /images/bg.jpg HTTP/1.1" 200 345 "http://www.mink-gmbh.de/" "Mozilla/5.0 (Linux; U; Android 3.2; de-de; GT-P7501 Build/HTJ85B) AppleWebKit/534.13 (KHTML, like Gecko) Version/4.0 Safari/534.13"
92.78.183.52 - - [03/Jul/2012:10:45:26 +0200] "GET /js_contentserver24_greybox/gb_styles.css HTTP/1.1" 200 2302 "http://www.mink-gmbh.de/" "Mozilla/5.0 (Linux; U; Android 3.2; de-de; GT-P7501 Build/HTJ85B) AppleWebKit/534.13 (KHTML, like Gecko) Version/4.0 Safari/534.13"
92.78.183.52 - - [03/Jul/2012:10:45:26 +0200] "GET /js_contentserver24_greybox/AJS.js HTTP/1.1" 200 10396 "http://www.mink-gmbh.de/" "Mozilla/5.0 (Linux; U; Android 3.2; de-de; GT-P7501 Build/HTJ85B) AppleWebKit/534.13 (KHTML, like Gecko) Version/4.0 Safari/534.13"
92.78.183.52 - - [03/Jul/2012:10:45:26 +0200] "GET /js_contentserver24_greybox/AJS_fx.js HTTP/1.1" 200 3192 "http://www.mink-gmbh.de/" "Mozilla/5.0 (Linux; U; Android 3.2; de-de; GT-P7501 Build/HTJ85B) AppleWebKit/534.13 (KHTML, like Gecko) Version/4.0 Safari/534.13"
92.78.183.52 - - [03/Jul/2012:10:45:26 +0200] "GET /js_contentserver24_greybox/gb_scripts.js HTTP/1.1" 200 11913 "http://www.mink-gmbh.de/" "Mozilla/5.0 (Linux; U; Android 3.2; de-de; GT-P7501 Build/HTJ85B) AppleWebKit/534.13 (KHTML, like Gecko) Version/4.0 Safari/534.13"
92.78.183.52 - - [03/Jul/2012:10:45:26 +0200] "GET /images/mail.jpg HTTP/1.1" 200 11165 "http://www.mink-gmbh.de/" "Mozilla/5.0 (Linux; U; Android 3.2; de-de; GT-P7501 Build/HTJ85B) AppleWebKit/534.13 (KHTML, like Gecko) Version/4.0 Safari/534.13"
92.78.183.52 - - [03/Jul/2012:10:45:26 +0200] "GET /images/kwk.gif HTTP/1.1" 200 6403 "http://www.mink-gmbh.de/" "Mozilla/5.0 (Linux; U; Android 3.2; de-de; GT-P7501 Build/HTJ85B) AppleWebKit/534.13 (KHTML, like Gecko) Version/4.0 Safari/534.13"
92.78.183.52 - - [03/Jul/2012:10:45:26 +0200] "GET /images/logos.jpg HTTP/1.1" 200 15002 "http://www.mink-gmbh.de/" "Mozilla/5.0 (Linux; U; Android 3.2; de-de; GT-P7501 Build/HTJ85B) AppleWebKit/534.13 (KHTML, like Gecko) Version/4.0 Safari/534.13"
92.78.183.52 - - [03/Jul/2012:10:45:26 +0200] "GET /images/tkw.jpg HTTP/1.1" 200 64031 "http://www.mink-gmbh.de/" "Mozilla/5.0 (Linux; U; Android 3.2; de-de; GT-P7501 Build/HTJ85B) AppleWebKit/534.13 (KHTML, like Gecko) Version/4.0 Safari/534.13"
92.78.183.52 - - [03/Jul/2012:10:45:26 +0200] "GET /images/freecall.jpg HTTP/1.1" 200 39195 "http://www.mink-gmbh.de/" "Mozilla/5.0 (Linux; U; Android 3.2; de-de; GT-P7501 Build/HTJ85B) AppleWebKit/534.13 (KHTML, like Gecko) Version/4.0 Safari/534.13"
92.78.183.52 - - [03/Jul/2012:10:45:26 +0200] "GET /images/wunschpreis.jpg HTTP/1.1" 200 16767 "http://www.mink-gmbh.de/" "Mozilla/5.0 (Linux; U; Android 3.2; de-de; GT-P7501 Build/HTJ85B) AppleWebKit/534.13 (KHTML, like Gecko) Version/4.0 Safari/534.13"
92.78.183.52 - - [03/Jul/2012:10:45:27 +0200] "GET /js_contentserver24_greybox/w_close.gif HTTP/1.1" 200 74 "http://www.mink-gmbh.de/" "Mozilla/5.0 (Linux; U; Android 3.2; de-de; GT-P7501 Build/HTJ85B) AppleWebKit/534.13 (KHTML, like Gecko) Version/4.0 Safari/534.13"
92.78.183.52 - - [03/Jul/2012:10:45:27 +0200] "GET /images/close.png HTTP/1.1" 200 703 "http://www.mink-gmbh.de/" "Mozilla/5.0 (Linux; U; Android 3.2; de-de; GT-P7501 Build/HTJ85B) AppleWebKit/534.13 (KHTML, like Gecko) Version/4.0 Safari/534.13"
92.78.183.52 - - [03/Jul/2012:10:45:27 +0200] "GET /images/newsletter_bg.jpg HTTP/1.1" 200 33610 "http://www.mink-gmbh.de/" "Mozilla/5.0 (Linux; U; Android 3.2; de-de; GT-P7501 Build/HTJ85B) AppleWebKit/534.13 (KHTML, like Gecko) Version/4.0 Safari/534.13"
92.78.183.52 - - [03/Jul/2012:10:45:27 +0200] "GET /images/newsletter.png HTTP/1.1" 200 14619 "http://www.mink-gmbh.de/" "Mozilla/5.0 (Linux; U; Android 3.2; de-de; GT-P7501 Build/HTJ85B) AppleWebKit/534.13 (KHTML, like Gecko) Version/4.0 Safari/534.13"
92.78.183.52 - - [03/Jul/2012:10:45:27 +0200] "GET /images/header.jpg HTTP/1.1" 200 24413 "http://www.mink-gmbh.de/" "Mozilla/5.0 (Linux; U; Android 3.2; de-de; GT-P7501 Build/HTJ85B) AppleWebKit/534.13 (KHTML, like Gecko) Version/4.0 Safari/534.13"
92.78.183.52 - - [03/Jul/2012:10:45:27 +0200] "GET /images/navibg.png HTTP/1.1" 200 2803 "http://www.mink-gmbh.de/" "Mozilla/5.0 (Linux; U; Android 3.2; de-de; GT-P7501 Build/HTJ85B) AppleWebKit/534.13 (KHTML, like Gecko) Version/4.0 Safari/534.13"
92.78.183.52 - - [03/Jul/2012:10:45:27 +0200] "GET /images/steigend.png HTTP/1.1" 200 688 "http://www.mink-gmbh.de/" "Mozilla/5.0 (Linux; U; Android 3.2; de-de; GT-P7501 Build/HTJ85B) AppleWebKit/534.13 (KHTML, like Gecko) Version/4.0 Safari/534.13"
92.78.183.52 - - [03/Jul/2012:10:45:27 +0200] "GET /images/gleichbleibend.png HTTP/1.1" 200 534 "http://www.mink-gmbh.de/" "Mozilla/5.0 (Linux; U; Android 3.2; de-de; GT-P7501 Build/HTJ85B) AppleWebKit/534.13 (KHTML, like Gecko) Version/4.0 Safari/534.13"
92.78.183.52 - - [03/Jul/2012:10:45:27 +0200] "GET /images/mobil.jpg HTTP/1.1" 200 25293 "http://www.mink-gmbh.de/" "Mozilla/5.0 (Linux; U; Android 3.2; de-de; GT-P7501 Build/HTJ85B) AppleWebKit/534.13 (KHTML, like Gecko) Version/4.0 Safari/534.13"
92.78.183.52 - - [03/Jul/2012:10:45:27 +0200] "GET /images/wrapperbg.jpg HTTP/1.1" 200 27465 "http://www.mink-gmbh.de/" "Mozilla/5.0 (Linux; U; Android 3.2; de-de; GT-P7501 Build/HTJ85B) AppleWebKit/534.13 (KHTML, like Gecko) Version/4.0 Safari/534.13"
92.78.183.52 - - [03/Jul/2012:10:45:27 +0200] "GET /images/newsletter.jpg HTTP/1.1" 200 13130 "http://www.mink-gmbh.de/" "Mozilla/5.0 (Linux; U; Android 3.2; de-de; GT-P7501 Build/HTJ85B) AppleWebKit/534.13 (KHTML, like Gecko) Version/4.0 Safari/534.13"
92.78.183.52 - - [03/Jul/2012:10:45:27 +0200] "GET /images/footerbg.jpg HTTP/1.1" 200 2184 "http://www.mink-gmbh.de/" "Mozilla/5.0 (Linux; U; Android 3.2; de-de; GT-P7501 Build/HTJ85B) AppleWebKit/534.13 (KHTML, like Gecko) Version/4.0 Safari/534.13"
92.78.183.52 - - [03/Jul/2012:10:45:27 +0200] "GET /js_contentserver24_greybox/loader_frame.html?s=0 HTTP/1.1" 200 2084 "http://www.mink-gmbh.de/" "Mozilla/5.0 (Linux; U; Android 3.2; de-de; GT-P7501 Build/HTJ85B) AppleWebKit/534.13 (KHTML, like Gecko) Version/4.0 Safari/534.13"
92.78.183.52 - - [03/Jul/2012:10:45:27 +0200] "GET /js_contentserver24_greybox/header_bg.gif HTTP/1.1" 200 1188 "http://www.mink-gmbh.de/" "Mozilla/5.0 (Linux; U; Android 3.2; de-de; GT-P7501 Build/HTJ85B) AppleWebKit/534.13 (KHTML, like Gecko) Version/4.0 Safari/534.13"
92.78.183.52 - - [03/Jul/2012:10:45:27 +0200] "GET /js_contentserver24_greybox/AJS.js HTTP/1.1" 200 10396 "http://www.mink-gmbh.de/js_contentserver24_greybox/loader_frame.html?s=0" "Mozilla/5.0 (Linux; U; Android 3.2; de-de; GT-P7501 Build/HTJ85B) AppleWebKit/534.13 (KHTML, like Gecko) Version/4.0 Safari/534.13"
92.78.183.52 - - [03/Jul/2012:10:45:27 +0200] "GET /js_contentserver24_greybox/indicator.gif HTTP/1.1" 200 8238 "http://www.mink-gmbh.de/js_contentserver24_greybox/loader_frame.html?s=0" "Mozilla/5.0 (Linux; U; Android 3.2; de-de; GT-P7501 Build/HTJ85B) AppleWebKit/534.13 (KHTML, like Gecko) Version/4.0 Safari/534.13"
92.78.183.52 - - [03/Jul/2012:10:45:29 +0200] "GET /favicon.ico HTTP/1.1" 200 3638 "http://www.mink-gmbh.de/" "Mozilla/5.0 (Linux; U; Android 3.2; de-de; GT-P7501 Build/HTJ85B) AppleWebKit/534.13 (KHTML, like Gecko) Version/4.0 Safari/534.13"
92.78.183.52 - - [03/Jul/2012:10:45:29 +0200] "GET /js_contentserver24_greybox/g_close.gif HTTP/1.1" 200 541 "http://www.mink-gmbh.de/" "Mozilla/5.0 (Linux; U; Android 3.2; de-de; GT-P7501 Build/HTJ85B) AppleWebKit/534.13 (KHTML, like Gecko) Version/4.0 Safari/534.13"
92.78.183.52 - - [03/Jul/2012:10:45:43 +0200] "GET /wunschpreis.php HTTP/1.1" 200 11898 "http://www.mink-gmbh.de/" "Mozilla/5.0 (Linux; U; Android 3.2; de-de; GT-P7501 Build/HTJ85B) AppleWebKit/534.13 (KHTML, like Gecko) Version/4.0 Safari/534.13"
92.78.183.52 - - [03/Jul/2012:10:45:59 +0200] "GET /preisanfrage.php HTTP/1.1" 200 10549 "http://www.mink-gmbh.de/wunschpreis.php" "Mozilla/5.0 (Linux; U; Android 3.2; de-de; GT-P7501 Build/HTJ85B) AppleWebKit/534.13 (KHTML, like Gecko) Version/4.0 Safari/534.13"
92.78.183.52 - - [03/Jul/2012:10:46:06 +0200] "GET /standard.php HTTP/1.1" 200 9063 "http://www.mink-gmbh.de/preisanfrage.php" "Mozilla/5.0 (Linux; U; Android 3.2; de-de; GT-P7501 Build/HTJ85B) AppleWebKit/534.13 (KHTML, like Gecko) Version/4.0 Safari/534.13"
208.115.111.75 - - [03/Jul/2012:10:59:27 +0200] "GET /robots.txt HTTP/1.1" 200 177 "-" "Mozilla/5.0 (compatible; Ezooms/1.0; ezooms.bot@gmail.com)"
123.125.71.34 - - [03/Jul/2012:11:32:14 +0200] "GET / HTTP/1.1" 200 8747 "-" "Mozilla/5.0 (compatible; Baiduspider/2.0; +http://www.baidu.com/search/spider.html)"
220.181.108.78 - - [03/Jul/2012:11:32:36 +0200] "GET / HTTP/1.1" 200 8747 "-" "Mozilla/5.0 (compatible; Baiduspider/2.0; +http://www.baidu.com/search/spider.html)"
65.36.241.79 - - [03/Jul/2012:11:37:44 +0200] "HEAD / HTTP/1.1" 200 - "-" "InternetSeer.com"
65.52.110.17 - - [03/Jul/2012:12:22:52 +0200] "GET /robots.txt HTTP/1.1" 200 177 "-" "Mozilla/5.0 (compatible; bingbot/2.0; +http://www.bing.com/bingbot.htm)"
65.52.110.17 - - [03/Jul/2012:12:33:17 +0200] "GET /rueckrufservice.php HTTP/1.1" 200 10702 "-" "Mozilla/5.0 (compatible; bingbot/2.0; +http://www.bing.com/bingbot.htm)"
213.186.127.6 - - [03/Jul/2012:13:16:42 +0200] "GET /news.php?cs_go=archiv&cs_id=3176 HTTP/1.1" 200 13012 "-" "Mozilla/5.0 (compatible; AhrefsBot/3.0; +http://ahrefs.com/robot/)"
213.186.119.131 - - [03/Jul/2012:13:24:06 +0200] "GET /news.php?cs_go=archiv&cs_id=3214&cs_search= HTTP/1.1" 200 9820 "-" "Mozilla/5.0 (compatible; AhrefsBot/3.1; +http://ahrefs.com/robot/)"
208.115.111.75 - - [03/Jul/2012:13:27:08 +0200] "GET /robots.txt HTTP/1.1" 200 177 "-" "Mozilla/5.0 (compatible; Ezooms/1.0; ezooms.bot@gmail.com)"
66.249.71.70 - - [03/Jul/2012:13:30:26 +0200] "GET /index.php HTTP/1.1" 200 15350 "-" "Mozilla/5.0 (compatible; Googlebot/2.1; +http://www.google.com/bot.html)"
213.186.120.196 - - [03/Jul/2012:13:31:09 +0200] "GET /news.php?cs_go=archiv&cs_id=3211&cs_search= HTTP/1.1" 200 12459 "-" "Mozilla/5.0 (compatible; AhrefsBot/3.1; +http://ahrefs.com/robot/)"
213.186.122.3 - - [03/Jul/2012:13:38:39 +0200] "GET /news.php?cs_go=archiv&cs_id=3215&cs_search= HTTP/1.1" 200 11045 "-" "Mozilla/5.0 (compatible; AhrefsBot/3.1; +http://ahrefs.com/robot/)"
66.249.66.137 - - [03/Jul/2012:13:45:31 +0200] "GET /news.php?cs_go=archiv&cs_startpos=0 HTTP/1.1" 200 22461 "-" "Mozilla/5.0 (compatible; Googlebot/2.1; +http://www.google.com/bot.html)"
213.186.127.4 - - [03/Jul/2012:13:46:09 +0200] "GET /news.php?cs_go=archiv&cs_id=3210&cs_search= HTTP/1.1" 200 9958 "-" "Mozilla/5.0 (compatible; AhrefsBot/3.1; +http://ahrefs.com/robot/)"
213.186.119.136 - - [03/Jul/2012:13:53:39 +0200] "GET /news.php?cs_go=archiv&cs_id=3218&cs_search= HTTP/1.1" 200 13557 "-" "Mozilla/5.0 (compatible; AhrefsBot/3.1; +http://ahrefs.com/robot/)"
66.249.66.137 - - [03/Jul/2012:13:56:51 +0200] "GET /news.php?cs_go=archiv&cs_id=3219 HTTP/1.1" 200 9944 "-" "Mozilla/5.0 (compatible; Googlebot/2.1; +http://www.google.com/bot.html)"
213.186.127.10 - - [03/Jul/2012:14:01:10 +0200] "GET /news.php?cs_go=archiv&cs_id=3213&cs_search= HTTP/1.1" 200 13346 "-" "Mozilla/5.0 (compatible; AhrefsBot/3.1; +http://ahrefs.com/robot/)"
66.249.66.137 - - [03/Jul/2012:14:03:51 +0200] "GET /news.php?cs_go=archiv&cs_id=3220 HTTP/1.1" 200 12695 "-" "Mozilla/5.0 (compatible; Googlebot/2.1; +http://www.google.com/bot.html)"
66.249.66.137 - - [03/Jul/2012:14:29:29 +0200] "GET /modernisierung.php?cs_gp_go=coupon HTTP/1.1" 200 10129 "-" "Mozilla/5.0 (compatible; Googlebot/2.1; +http://www.google.com/bot.html)"
208.115.111.75 - - [03/Jul/2012:14:43:00 +0200] "GET /robots.txt HTTP/1.1" 200 177 "-" "Mozilla/5.0 (compatible; Ezooms/1.0; ezooms.bot@gmail.com)"
66.249.66.137 - - [03/Jul/2012:15:28:08 +0200] "GET /news.php?cs_go=archiv&cs_id=1693&cs_search= HTTP/1.1" 200 10798 "-" "Mozilla/5.0 (compatible; Googlebot/2.1; +http://www.google.com/bot.html)"
207.46.194.79 - - [03/Jul/2012:15:30:56 +0200] "GET /robots.txt HTTP/1.1" 200 177 "-" "msnbot-media/1.1 (+http://search.msn.com/msnbot.htm)"
207.46.194.79 - - [03/Jul/2012:15:30:57 +0200] "GET /images/kwk.gif HTTP/1.1" 200 6403 "-" "msnbot-media/1.1 (+http://search.msn.com/msnbot.htm)"
207.46.194.79 - - [03/Jul/2012:15:30:57 +0200] "GET /standard.php HTTP/1.1" 200 9150 "-" "msnbot-media/1.1 (+http://search.msn.com/msnbot.htm)"
93.219.13.40 - - [03/Jul/2012:15:32:30 +0200] "GET /js_contentserver24_greybox/gb_styles.css HTTP/1.1" 304 - "http://www.mink-gmbh.de/" "Mozilla/5.0 (Windows NT 6.1; rv:13.0) Gecko/20100101 Firefox/13.0.1"
93.219.13.40 - - [03/Jul/2012:15:32:30 +0200] "GET /js_contentserver24_greybox/AJS_fx.js HTTP/1.1" 304 - "http://www.mink-gmbh.de/" "Mozilla/5.0 (Windows NT 6.1; rv:13.0) Gecko/20100101 Firefox/13.0.1"
93.219.13.40 - - [03/Jul/2012:15:32:30 +0200] "GET /js_contentserver24_greybox/AJS.js HTTP/1.1" 304 - "http://www.mink-gmbh.de/" "Mozilla/5.0 (Windows NT 6.1; rv:13.0) Gecko/20100101 Firefox/13.0.1"
93.219.13.40 - - [03/Jul/2012:15:32:30 +0200] "GET /js_contentserver24_greybox/gb_scripts.js HTTP/1.1" 304 - "http://www.mink-gmbh.de/" "Mozilla/5.0 (Windows NT 6.1; rv:13.0) Gecko/20100101 Firefox/13.0.1"
93.219.13.40 - - [03/Jul/2012:15:32:30 +0200] "GET /js_contentserver24_greybox/w_close.gif HTTP/1.1" 304 - "http://www.mink-gmbh.de/" "Mozilla/5.0 (Windows NT 6.1; rv:13.0) Gecko/20100101 Firefox/13.0.1"
93.219.13.40 - - [03/Jul/2012:15:32:30 +0200] "GET /js_contentserver24_greybox/loader_frame.html?s=0 HTTP/1.1" 304 - "http://www.mink-gmbh.de/" "Mozilla/5.0 (Windows NT 6.1; rv:13.0) Gecko/20100101 Firefox/13.0.1"
93.219.13.40 - - [03/Jul/2012:15:32:30 +0200] "GET /js_contentserver24_greybox/header_bg.gif HTTP/1.1" 304 - "http://www.mink-gmbh.de/" "Mozilla/5.0 (Windows NT 6.1; rv:13.0) Gecko/20100101 Firefox/13.0.1"
93.219.13.40 - - [03/Jul/2012:15:32:30 +0200] "GET /images/mobil.jpg HTTP/1.1" 304 - "http://www.mink-gmbh.de/style.css" "Mozilla/5.0 (Windows NT 6.1; rv:13.0) Gecko/20100101 Firefox/13.0.1"
93.219.13.40 - - [03/Jul/2012:15:32:30 +0200] "GET /js_contentserver24_greybox/indicator.gif HTTP/1.1" 304 - "http://www.mink-gmbh.de/js_contentserver24_greybox/loader_frame.html?s=0" "Mozilla/5.0 (Windows NT 6.1; rv:13.0) Gecko/20100101 Firefox/13.0.1"
93.219.13.40 - - [03/Jul/2012:15:32:29 +0200] "GET / HTTP/1.1" 200 15359 "http://www.google.de/url?sa=t&rct=j&q=mink%20heiz%C3%B6l&source=web&cd=1&ved=0CFIQFjAA&url=http%3A%2F%2Fwww.mink-gmbh.de%2F&ei=Y_TyT4PWEYzBtAbHoNmJCg&usg=AFQjCNFHX4Iglls9oo-KYXTmDUV_5KOVIg" "Mozilla/5.0 (Windows NT 6.1; rv:13.0) Gecko/20100101 Firefox/13.0.1"
93.219.13.40 - - [03/Jul/2012:15:32:31 +0200] "GET /js_contentserver24_greybox/g_close.gif HTTP/1.1" 304 - "http://www.mink-gmbh.de/" "Mozilla/5.0 (Windows NT 6.1; rv:13.0) Gecko/20100101 Firefox/13.0.1"
93.219.13.40 - - [03/Jul/2012:15:33:01 +0200] "GET /news.php?cs_go=archiv&cs_id=3223 HTTP/1.1" 200 13362 "http://www.mink-gmbh.de/" "Mozilla/5.0 (Windows NT 6.1; rv:13.0) Gecko/20100101 Firefox/13.0.1"
93.219.13.40 - - [03/Jul/2012:15:44:25 +0200] "GET /news.php?cs_go=archiv&cs_id=3223 HTTP/1.1" 200 13362 "http://www.mink-gmbh.de/" "Mozilla/5.0 (Windows NT 6.1; rv:13.0) Gecko/20100101 Firefox/13.0.1"
65.36.241.79 - - [03/Jul/2012:16:24:02 +0200] "HEAD / HTTP/1.1" 200 - "-" "InternetSeer.com"
123.125.71.34 - - [03/Jul/2012:16:25:38 +0200] "GET / HTTP/1.1" 200 10289 "-" "Mozilla/5.0 (compatible; Baiduspider/2.0; +http://www.baidu.com/search/spider.html)"
220.181.108.94 - - [03/Jul/2012:16:25:53 +0200] "GET / HTTP/1.1" 200 8756 "-" "Mozilla/5.0 (compatible; Baiduspider/2.0; +http://www.baidu.com/search/spider.html)"
89.247.63.214 - - [03/Jul/2012:16:42:17 +0200] "GET /index.php HTTP/1.1" 200 15359 "-" "Mozilla/5.0 (Windows NT 6.1; rv:13.0) Gecko/20100101 Firefox/13.0.1"
89.247.63.214 - - [03/Jul/2012:16:42:18 +0200] "GET /style.css HTTP/1.1" 200 8418 "http://www.mink-gmbh.de/index.php" "Mozilla/5.0 (Windows NT 6.1; rv:13.0) Gecko/20100101 Firefox/13.0.1"
89.247.63.214 - - [03/Jul/2012:16:42:18 +0200] "GET /js_contentserver24_greybox/AJS.js HTTP/1.1" 200 10396 "http://www.mink-gmbh.de/index.php" "Mozilla/5.0 (Windows NT 6.1; rv:13.0) Gecko/20100101 Firefox/13.0.1"
89.247.63.214 - - [03/Jul/2012:16:42:18 +0200] "GET /modul.css HTTP/1.1" 200 35038 "http://www.mink-gmbh.de/index.php" "Mozilla/5.0 (Windows NT 6.1; rv:13.0) Gecko/20100101 Firefox/13.0.1"
89.247.63.214 - - [03/Jul/2012:16:42:18 +0200] "GET /js_contentserver24_greybox/AJS_fx.js HTTP/1.1" 200 3192 "http://www.mink-gmbh.de/index.php" "Mozilla/5.0 (Windows NT 6.1; rv:13.0) Gecko/20100101 Firefox/13.0.1"
89.247.63.214 - - [03/Jul/2012:16:42:18 +0200] "GET /js_contentserver24_greybox/gb_scripts.js HTTP/1.1" 200 11913 "http://www.mink-gmbh.de/index.php" "Mozilla/5.0 (Windows NT 6.1; rv:13.0) Gecko/20100101 Firefox/13.0.1"
89.247.63.214 - - [03/Jul/2012:16:42:18 +0200] "GET /js_contentserver24_greybox/gb_styles.css HTTP/1.1" 200 2302 "http://www.mink-gmbh.de/index.php" "Mozilla/5.0 (Windows NT 6.1; rv:13.0) Gecko/20100101 Firefox/13.0.1"
89.247.63.214 - - [03/Jul/2012:16:42:18 +0200] "GET /favicon.ico HTTP/1.1" 200 3638 "-" "Mozilla/5.0 (Windows NT 6.1; rv:13.0) Gecko/20100101 Firefox/13.0.1"
89.247.63.214 - - [03/Jul/2012:16:42:18 +0200] "GET /images/mail.jpg HTTP/1.1" 200 11165 "http://www.mink-gmbh.de/index.php" "Mozilla/5.0 (Windows NT 6.1; rv:13.0) Gecko/20100101 Firefox/13.0.1"
89.247.63.214 - - [03/Jul/2012:16:42:18 +0200] "GET /images/kwk.gif HTTP/1.1" 200 6403 "http://www.mink-gmbh.de/index.php" "Mozilla/5.0 (Windows NT 6.1; rv:13.0) Gecko/20100101 Firefox/13.0.1"
89.247.63.214 - - [03/Jul/2012:16:42:18 +0200] "GET /images/wunschpreis.jpg HTTP/1.1" 200 16767 "http://www.mink-gmbh.de/index.php" "Mozilla/5.0 (Windows NT 6.1; rv:13.0) Gecko/20100101 Firefox/13.0.1"
89.247.63.214 - - [03/Jul/2012:16:42:18 +0200] "GET /images/logos.jpg HTTP/1.1" 200 15002 "http://www.mink-gmbh.de/index.php" "Mozilla/5.0 (Windows NT 6.1; rv:13.0) Gecko/20100101 Firefox/13.0.1"
89.247.63.214 - - [03/Jul/2012:16:42:18 +0200] "GET /images/tkw.jpg HTTP/1.1" 200 64031 "http://www.mink-gmbh.de/index.php" "Mozilla/5.0 (Windows NT 6.1; rv:13.0) Gecko/20100101 Firefox/13.0.1"
89.247.63.214 - - [03/Jul/2012:16:42:18 +0200] "GET /images/freecall.jpg HTTP/1.1" 200 39195 "http://www.mink-gmbh.de/index.php" "Mozilla/5.0 (Windows NT 6.1; rv:13.0) Gecko/20100101 Firefox/13.0.1"
89.247.63.214 - - [03/Jul/2012:16:42:19 +0200] "GET /images/bg.jpg HTTP/1.1" 200 345 "http://www.mink-gmbh.de/style.css" "Mozilla/5.0 (Windows NT 6.1; rv:13.0) Gecko/20100101 Firefox/13.0.1"
89.247.63.214 - - [03/Jul/2012:16:42:19 +0200] "GET /js_contentserver24_greybox/w_close.gif HTTP/1.1" 200 74 "http://www.mink-gmbh.de/index.php" "Mozilla/5.0 (Windows NT 6.1; rv:13.0) Gecko/20100101 Firefox/13.0.1"
89.247.63.214 - - [03/Jul/2012:16:42:19 +0200] "GET /images/close.png HTTP/1.1" 200 703 "http://www.mink-gmbh.de/index.php" "Mozilla/5.0 (Windows NT 6.1; rv:13.0) Gecko/20100101 Firefox/13.0.1"
89.247.63.214 - - [03/Jul/2012:16:42:19 +0200] "GET /images/newsletter_bg.jpg HTTP/1.1" 200 33610 "http://www.mink-gmbh.de/index.php" "Mozilla/5.0 (Windows NT 6.1; rv:13.0) Gecko/20100101 Firefox/13.0.1"
89.247.63.214 - - [03/Jul/2012:16:42:19 +0200] "GET /images/newsletter.png HTTP/1.1" 200 14619 "http://www.mink-gmbh.de/style.css" "Mozilla/5.0 (Windows NT 6.1; rv:13.0) Gecko/20100101 Firefox/13.0.1"
89.247.63.214 - - [03/Jul/2012:16:42:19 +0200] "GET /images/wrapperbg.jpg HTTP/1.1" 200 27465 "http://www.mink-gmbh.de/style.css" "Mozilla/5.0 (Windows NT 6.1; rv:13.0) Gecko/20100101 Firefox/13.0.1"
89.247.63.214 - - [03/Jul/2012:16:42:19 +0200] "GET /images/header.jpg HTTP/1.1" 200 24413 "http://www.mink-gmbh.de/style.css" "Mozilla/5.0 (Windows NT 6.1; rv:13.0) Gecko/20100101 Firefox/13.0.1"
89.247.63.214 - - [03/Jul/2012:16:42:19 +0200] "GET /images/navibg.png HTTP/1.1" 200 2803 "http://www.mink-gmbh.de/style.css" "Mozilla/5.0 (Windows NT 6.1; rv:13.0) Gecko/20100101 Firefox/13.0.1"
89.247.63.214 - - [03/Jul/2012:16:42:19 +0200] "GET /images/steigend.png HTTP/1.1" 200 688 "http://www.mink-gmbh.de/modul.css" "Mozilla/5.0 (Windows NT 6.1; rv:13.0) Gecko/20100101 Firefox/13.0.1"
89.247.63.214 - - [03/Jul/2012:16:42:19 +0200] "GET /images/gleichbleibend.png HTTP/1.1" 200 534 "http://www.mink-gmbh.de/modul.css" "Mozilla/5.0 (Windows NT 6.1; rv:13.0) Gecko/20100101 Firefox/13.0.1"
89.247.63.214 - - [03/Jul/2012:16:42:19 +0200] "GET /images/mobil.jpg HTTP/1.1" 200 25293 "http://www.mink-gmbh.de/style.css" "Mozilla/5.0 (Windows NT 6.1; rv:13.0) Gecko/20100101 Firefox/13.0.1"
89.247.63.214 - - [03/Jul/2012:16:42:19 +0200] "GET /images/newsletter.jpg HTTP/1.1" 200 13130 "http://www.mink-gmbh.de/style.css" "Mozilla/5.0 (Windows NT 6.1; rv:13.0) Gecko/20100101 Firefox/13.0.1"
89.247.63.214 - - [03/Jul/2012:16:42:20 +0200] "GET /images/footerbg.jpg HTTP/1.1" 200 2184 "http://www.mink-gmbh.de/style.css" "Mozilla/5.0 (Windows NT 6.1; rv:13.0) Gecko/20100101 Firefox/13.0.1"
89.247.63.214 - - [03/Jul/2012:16:42:20 +0200] "GET /js_contentserver24_greybox/header_bg.gif HTTP/1.1" 200 1188 "http://www.mink-gmbh.de/index.php" "Mozilla/5.0 (Windows NT 6.1; rv:13.0) Gecko/20100101 Firefox/13.0.1"
89.247.63.214 - - [03/Jul/2012:16:42:20 +0200] "GET /js_contentserver24_greybox/g_close.gif HTTP/1.1" 200 541 "http://www.mink-gmbh.de/index.php" "Mozilla/5.0 (Windows NT 6.1; rv:13.0) Gecko/20100101 Firefox/13.0.1"
89.247.63.214 - - [03/Jul/2012:16:42:20 +0200] "GET /js_contentserver24_greybox/indicator.gif HTTP/1.1" 200 8238 "http://www.mink-gmbh.de/index.php" "Mozilla/5.0 (Windows NT 6.1; rv:13.0) Gecko/20100101 Firefox/13.0.1"
89.247.63.214 - - [03/Jul/2012:16:42:20 +0200] "GET /js_contentserver24_greybox/loader_frame.html?s=0 HTTP/1.1" 200 2084 "http://www.mink-gmbh.de/index.php" "Mozilla/5.0 (Windows NT 6.1; rv:13.0) Gecko/20100101 Firefox/13.0.1"
89.247.63.214 - - [03/Jul/2012:16:43:40 +0200] "GET /index.php HTTP/1.1" 200 15359 "-" "Mozilla/5.0 (Windows NT 6.1; rv:13.0) Gecko/20100101 Firefox/13.0.1"
89.247.63.214 - - [03/Jul/2012:16:43:42 +0200] "GET /js_contentserver24_greybox/loader_frame.html?s=0 HTTP/1.1" 304 - "http://www.mink-gmbh.de/index.php" "Mozilla/5.0 (Windows NT 6.1; rv:13.0) Gecko/20100101 Firefox/13.0.1"
208.115.113.91 - - [03/Jul/2012:17:38:51 +0200] "GET /robots.txt HTTP/1.1" 200 177 "-" "Mozilla/5.0 (compatible; Ezooms/1.0; ezooms.bot@gmail.com)"
208.115.111.75 - - [03/Jul/2012:17:44:11 +0200] "GET /robots.txt HTTP/1.1" 200 177 "-" "Mozilla/5.0 (compatible; Ezooms/1.0; ezooms.bot@gmail.com)"
217.230.87.85 - - [03/Jul/2012:17:45:19 +0200] "GET /kwk.php HTTP/1.1" 200 10815 "http://www.google.de/url?sa=t&rct=j&q=kraft%20w%C3%A4rme%20kopplung%20heiz%C3%B6l&source=web&cd=9&ved=0CHcQFjAI&url=http%3A%2F%2Fwww.mink-gmbh.de%2Fkwk.php&ei=ARPzT6q_ENHxsga29czECQ&usg=AFQjCNGJX9pmJcxX74rgu0xR5BtEnG4u2w" "Mozilla/5.0 (Windows NT 6.1; rv:13.0) Gecko/20100101 Firefox/13.0.1"
217.230.87.85 - - [03/Jul/2012:17:45:19 +0200] "GET /style.css HTTP/1.1" 200 8418 "http://www.mink-gmbh.de/kwk.php" "Mozilla/5.0 (Windows NT 6.1; rv:13.0) Gecko/20100101 Firefox/13.0.1"
217.230.87.85 - - [03/Jul/2012:17:45:20 +0200] "GET /modul.css HTTP/1.1" 200 35038 "http://www.mink-gmbh.de/kwk.php" "Mozilla/5.0 (Windows NT 6.1; rv:13.0) Gecko/20100101 Firefox/13.0.1"
217.230.87.85 - - [03/Jul/2012:17:45:20 +0200] "GET /images/mail.jpg HTTP/1.1" 200 11165 "http://www.mink-gmbh.de/kwk.php" "Mozilla/5.0 (Windows NT 6.1; rv:13.0) Gecko/20100101 Firefox/13.0.1"
217.230.87.85 - - [03/Jul/2012:17:45:21 +0200] "GET /images/kwk.gif HTTP/1.1" 200 6403 "http://www.mink-gmbh.de/kwk.php" "Mozilla/5.0 (Windows NT 6.1; rv:13.0) Gecko/20100101 Firefox/13.0.1"
217.230.87.85 - - [03/Jul/2012:17:45:21 +0200] "GET /images/wunschpreis.jpg HTTP/1.1" 200 16767 "http://www.mink-gmbh.de/kwk.php" "Mozilla/5.0 (Windows NT 6.1; rv:13.0) Gecko/20100101 Firefox/13.0.1"
217.230.87.85 - - [03/Jul/2012:17:45:23 +0200] "GET /images/logos.jpg HTTP/1.1" 200 15002 "http://www.mink-gmbh.de/kwk.php" "Mozilla/5.0 (Windows NT 6.1; rv:13.0) Gecko/20100101 Firefox/13.0.1"
217.230.87.85 - - [03/Jul/2012:17:45:23 +0200] "GET /images/bg.jpg HTTP/1.1" 200 345 "http://www.mink-gmbh.de/style.css" "Mozilla/5.0 (Windows NT 6.1; rv:13.0) Gecko/20100101 Firefox/13.0.1"
217.230.87.85 - - [03/Jul/2012:17:45:20 +0200] "GET /images/freecall.jpg HTTP/1.1" 200 39195 "http://www.mink-gmbh.de/kwk.php" "Mozilla/5.0 (Windows NT 6.1; rv:13.0) Gecko/20100101 Firefox/13.0.1"
217.230.87.85 - - [03/Jul/2012:17:45:23 +0200] "GET /images/close.png HTTP/1.1" 200 703 "http://www.mink-gmbh.de/kwk.php" "Mozilla/5.0 (Windows NT 6.1; rv:13.0) Gecko/20100101 Firefox/13.0.1"
217.230.87.85 - - [03/Jul/2012:17:45:24 +0200] "GET /images/newsletter_bg.jpg HTTP/1.1" 200 33610 "http://www.mink-gmbh.de/kwk.php" "Mozilla/5.0 (Windows NT 6.1; rv:13.0) Gecko/20100101 Firefox/13.0.1"
217.230.87.85 - - [03/Jul/2012:17:45:24 +0200] "GET /images/newsletter.png HTTP/1.1" 200 14619 "http://www.mink-gmbh.de/style.css" "Mozilla/5.0 (Windows NT 6.1; rv:13.0) Gecko/20100101 Firefox/13.0.1"
217.230.87.85 - - [03/Jul/2012:17:45:24 +0200] "GET /images/wrapperbg.jpg HTTP/1.1" 200 27465 "http://www.mink-gmbh.de/style.css" "Mozilla/5.0 (Windows NT 6.1; rv:13.0) Gecko/20100101 Firefox/13.0.1"
217.230.87.85 - - [03/Jul/2012:17:45:24 +0200] "GET /images/header.jpg HTTP/1.1" 200 24413 "http://www.mink-gmbh.de/style.css" "Mozilla/5.0 (Windows NT 6.1; rv:13.0) Gecko/20100101 Firefox/13.0.1"
217.230.87.85 - - [03/Jul/2012:17:45:25 +0200] "GET /images/navibg.png HTTP/1.1" 200 2803 "http://www.mink-gmbh.de/style.css" "Mozilla/5.0 (Windows NT 6.1; rv:13.0) Gecko/20100101 Firefox/13.0.1"
217.230.87.85 - - [03/Jul/2012:17:45:26 +0200] "GET /images/footerbg.jpg HTTP/1.1" 200 2184 "http://www.mink-gmbh.de/style.css" "Mozilla/5.0 (Windows NT 6.1; rv:13.0) Gecko/20100101 Firefox/13.0.1"
217.230.87.85 - - [03/Jul/2012:17:45:26 +0200] "GET /favicon.ico HTTP/1.1" 200 3638 "-" "Mozilla/5.0 (Windows NT 6.1; rv:13.0) Gecko/20100101 Firefox/13.0.1"
208.115.113.91 - - [03/Jul/2012:17:45:46 +0200] "GET /robots.txt HTTP/1.1" 200 177 "-" "Mozilla/5.0 (compatible; Ezooms/1.0; ezooms.bot@gmail.com)"
217.230.87.85 - - [03/Jul/2012:17:45:46 +0200] "GET /kwk.php?cs_go=3 HTTP/1.1" 200 10129 "http://www.mink-gmbh.de/kwk.php" "Mozilla/5.0 (Windows NT 6.1; rv:13.0) Gecko/20100101 Firefox/13.0.1"
217.230.87.85 - - [03/Jul/2012:17:46:51 +0200] "GET /kwk.php HTTP/1.1" 200 10728 "http://www.google.de/url?sa=t&rct=j&q=kraft%20w%C3%A4rme%20kopplung%20heiz%C3%B6l&source=web&cd=9&ved=0CHcQFjAI&url=http%3A%2F%2Fwww.mink-gmbh.de%2Fkwk.php&ei=ARPzT6q_ENHxsga29czECQ&usg=AFQjCNGJX9pmJcxX74rgu0xR5BtEnG4u2w" "Mozilla/5.0 (Windows NT 6.1; rv:13.0) Gecko/20100101 Firefox/13.0.1"
46.4.92.141 - - [03/Jul/2012:18:03:33 +0200] "GET /robots.txt HTTP/1.1" 200 177 "-" "Pixray-Seeker/1.1 (Pixray-Seeker; http://www.pixray.com/pixraybot; crawler@pixray.com)"
46.4.92.141 - - [03/Jul/2012:18:03:33 +0200] "GET /news.php?cs_go=archiv&cs_id=1630&cs_search= HTTP/1.1" 200 11959 "-" "Pixray-Seeker/1.1 (Pixray-Seeker; http://www.pixray.com/pixraybot; crawler@pixray.com)"
66.249.66.137 - - [03/Jul/2012:18:15:31 +0200] "GET /robots.txt HTTP/1.1" 200 177 "-" "Mozilla/5.0 (compatible; Googlebot/2.1; +http://www.google.com/bot.html)"
66.249.66.137 - - [03/Jul/2012:18:15:32 +0200] "GET / HTTP/1.1" 200 15359 "-" "Mozilla/5.0 (compatible; Googlebot/2.1; +http://www.google.com/bot.html)"
66.249.66.137 - - [03/Jul/2012:18:18:53 +0200] "GET /news.php?cs_go=archiv&cs_id=2949 HTTP/1.1" 200 11456 "-" "Mozilla/5.0 (compatible; Googlebot/2.1; +http://www.google.com/bot.html)"
208.115.111.75 - - [03/Jul/2012:18:21:51 +0200] "GET /robots.txt HTTP/1.1" 200 177 "-" "Mozilla/5.0 (compatible; Ezooms/1.0; ezooms.bot@gmail.com)"
66.249.66.137 - - [03/Jul/2012:18:45:42 +0200] "GET /news.php HTTP/1.1" 200 22451 "-" "Mozilla/5.0 (compatible; Googlebot/2.1; +http://www.google.com/bot.html)"
66.249.66.137 - - [03/Jul/2012:18:46:15 +0200] "GET /news.php?cs_go=archiv&cs_id=3223 HTTP/1.1" 200 13449 "-" "Mozilla/5.0 (compatible; Googlebot/2.1; +http://www.google.com/bot.html)"
66.249.66.137 - - [03/Jul/2012:18:47:59 +0200] "GET /news.php?cs_go=archiv&cs_id=2963&cs_search= HTTP/1.1" 200 11074 "-" "Mozilla/5.0 (compatible; Googlebot/2.1; +http://www.google.com/bot.html)"
77.21.110.77 - - [03/Jul/2012:18:57:47 +0200] "GET /robots.txt HTTP/1.0" 200 177 "-" "Mozilla/5.0 (compatible; MJ12bot/v1.4.3; http://www.majestic12.co.uk/bot.php?+)"
