194.97.135.132 - - [08/Jul/2012:09:30:40 +0200] "GET /images/mobil.jpg HTTP/1.1" 200 25293 "http://www.mink-gmbh.de/" "Mozilla/5.0 (X11; U; Linux x86_64; C) AppleWebKit/533.3 (KHTML, like Gecko) Qt/4.7.1 Safari/533.3"
194.97.135.132 - - [08/Jul/2012:09:30:40 +0200] "GET /images/tkw.jpg HTTP/1.1" 200 64031 "http://www.mink-gmbh.de/" "Mozilla/5.0 (X11; U; Linux x86_64; C) AppleWebKit/533.3 (KHTML, like Gecko) Qt/4.7.1 Safari/533.3"
194.97.135.132 - - [08/Jul/2012:09:30:39 +0200] "GET / HTTP/1.1" 200 15379 "-" "Mozilla/5.0 (X11; U; Linux x86_64; C) AppleWebKit/533.3 (KHTML, like Gecko) Qt/4.7.1 Safari/533.3"
194.97.135.132 - - [08/Jul/2012:09:30:40 +0200] "GET /js_contentserver24_greybox/header_bg.gif HTTP/1.1" 200 1188 "http://www.mink-gmbh.de/" "Mozilla/5.0 (X11; U; Linux x86_64; C) AppleWebKit/533.3 (KHTML, like Gecko) Qt/4.7.1 Safari/533.3"
194.97.135.132 - - [08/Jul/2012:09:30:40 +0200] "GET /js_contentserver24_greybox/loader_frame.html?s=0 HTTP/1.1" 200 2084 "http://www.mink-gmbh.de/" "Mozilla/5.0 (X11; U; Linux x86_64; C) AppleWebKit/533.3 (KHTML, like Gecko) Qt/4.7.1 Safari/533.3"
194.97.135.132 - - [08/Jul/2012:09:30:40 +0200] "GET /images/kwk.gif HTTP/1.1" 200 6403 "http://www.mink-gmbh.de/" "Mozilla/5.0 (X11; U; Linux x86_64; C) AppleWebKit/533.3 (KHTML, like Gecko) Qt/4.7.1 Safari/533.3"
194.97.135.132 - - [08/Jul/2012:09:30:40 +0200] "GET /images/mail.jpg HTTP/1.1" 200 11165 "http://www.mink-gmbh.de/" "Mozilla/5.0 (X11; U; Linux x86_64; C) AppleWebKit/533.3 (KHTML, like Gecko) Qt/4.7.1 Safari/533.3"
194.97.135.132 - - [08/Jul/2012:09:30:40 +0200] "GET /images/freecall.jpg HTTP/1.1" 200 39195 "http://www.mink-gmbh.de/" "Mozilla/5.0 (X11; U; Linux x86_64; C) AppleWebKit/533.3 (KHTML, like Gecko) Qt/4.7.1 Safari/533.3"
194.97.135.132 - - [08/Jul/2012:09:30:40 +0200] "GET /images/logos.jpg HTTP/1.1" 200 15002 "http://www.mink-gmbh.de/" "Mozilla/5.0 (X11; U; Linux x86_64; C) AppleWebKit/533.3 (KHTML, like Gecko) Qt/4.7.1 Safari/533.3"
194.97.135.132 - - [08/Jul/2012:09:30:40 +0200] "GET /images/footerbg.jpg HTTP/1.1" 200 2184 "http://www.mink-gmbh.de/" "Mozilla/5.0 (X11; U; Linux x86_64; C) AppleWebKit/533.3 (KHTML, like Gecko) Qt/4.7.1 Safari/533.3"
194.97.135.132 - - [08/Jul/2012:09:30:40 +0200] "GET /js_contentserver24_greybox/indicator.gif HTTP/1.1" 200 8238 "http://www.mink-gmbh.de/js_contentserver24_greybox/loader_frame.html?s=0" "Mozilla/5.0 (X11; U; Linux x86_64; C) AppleWebKit/533.3 (KHTML, like Gecko) Qt/4.7.1 Safari/533.3"
194.97.135.132 - - [08/Jul/2012:09:30:40 +0200] "GET /images/wunschpreis.jpg HTTP/1.1" 200 16767 "http://www.mink-gmbh.de/" "Mozilla/5.0 (X11; U; Linux x86_64; C) AppleWebKit/533.3 (KHTML, like Gecko) Qt/4.7.1 Safari/533.3"
194.97.135.132 - - [08/Jul/2012:09:30:40 +0200] "GET /js_contentserver24_greybox/g_close.gif HTTP/1.1" 200 541 "http://www.mink-gmbh.de/" "Mozilla/5.0 (X11; U; Linux x86_64; C) AppleWebKit/533.3 (KHTML, like Gecko) Qt/4.7.1 Safari/533.3"
65.36.241.79 - - [08/Jul/2012:09:58:00 +0200] "HEAD / HTTP/1.1" 200 - "-" "InternetSeer.com"
208.115.111.75 - - [08/Jul/2012:10:30:30 +0200] "GET /robots.txt HTTP/1.1" 200 177 "-" "Mozilla/5.0 (compatible; Ezooms/1.0; ezooms.bot@gmail.com)"
208.115.111.75 - - [08/Jul/2012:10:33:24 +0200] "GET /robots.txt HTTP/1.1" 200 177 "-" "Mozilla/5.0 (compatible; Ezooms/1.0; ezooms.bot@gmail.com)"
188.22.149.207 - - [08/Jul/2012:10:33:30 +0200] "GET / HTTP/1.1" 200 1519 "http://www.google.at/imgres?q=%C3%B6lpreisentwicklung+2012Heiz%C3%B6l&hl=de&biw=1366&bih=628&tbm=isch&tbnid=zaWFcOaYBVWqGM:&imgrefurl=http://www.mink-gmbh.de/&docid=u8xmZu_Xxsr1tM&imgurl=http://www.mink-gmbh.de/images/tkw.jpg&w=435&h=283&ei=ZUX5T9yGH8jAtAbMpvymBQ&zoom=1&iact=hc&vpx=98&vpy=187&dur=1313&hovh=181&hovw=278&tx=123&ty=95&sig=100045598346524659311&page=1&tbnh=102&tbnw=157&start=0&ndsp=21&ved=1t:429,r:0,s:0,i:70" "Mozilla/5.0 (compatible; MSIE 9.0; Windows NT 6.1; WOW64; Trident/5.0)"
188.22.149.207 - - [08/Jul/2012:10:33:31 +0200] "GET /style.css HTTP/1.1" 200 8418 "http://www.mink-gmbh.de/" "Mozilla/5.0 (compatible; MSIE 9.0; Windows NT 6.1; WOW64; Trident/5.0)"
188.22.149.207 - - [08/Jul/2012:10:33:30 +0200] "GET /images/tkw.jpg HTTP/1.1" 200 64031 "http://www.google.at/imgres?q=%C3%B6lpreisentwicklung+2012Heiz%C3%B6l&hl=de&biw=1366&bih=628&tbm=isch&tbnid=zaWFcOaYBVWqGM:&imgrefurl=http://www.mink-gmbh.de/&docid=u8xmZu_Xxsr1tM&imgurl=http://www.mink-gmbh.de/images/tkw.jpg&w=435&h=283&ei=ZUX5T9yGH8jAtAbMpvymBQ&zoom=1&iact=hc&vpx=98&vpy=187&dur=1313&hovh=181&hovw=278&tx=123&ty=95&sig=100045598346524659311&page=1&tbnh=102&tbnw=157&start=0&ndsp=21&ved=1t:429,r:0,s:0,i:70" "Mozilla/5.0 (compatible; MSIE 9.0; Windows NT 6.1; WOW64; Trident/5.0)"
188.22.149.207 - - [08/Jul/2012:10:33:31 +0200] "GET /js_contentserver24_greybox/AJS.js HTTP/1.1" 200 10396 "http://www.mink-gmbh.de/" "Mozilla/5.0 (compatible; MSIE 9.0; Windows NT 6.1; WOW64; Trident/5.0)"
188.22.149.207 - - [08/Jul/2012:10:33:31 +0200] "GET /js_contentserver24_greybox/gb_styles.css HTTP/1.1" 200 2302 "http://www.mink-gmbh.de/" "Mozilla/5.0 (compatible; MSIE 9.0; Windows NT 6.1; WOW64; Trident/5.0)"
188.22.149.207 - - [08/Jul/2012:10:33:31 +0200] "GET /js_contentserver24_greybox/AJS_fx.js HTTP/1.1" 200 3192 "http://www.mink-gmbh.de/" "Mozilla/5.0 (compatible; MSIE 9.0; Windows NT 6.1; WOW64; Trident/5.0)"
188.22.149.207 - - [08/Jul/2012:10:33:31 +0200] "GET /js_contentserver24_greybox/gb_scripts.js HTTP/1.1" 200 11913 "http://www.mink-gmbh.de/" "Mozilla/5.0 (compatible; MSIE 9.0; Windows NT 6.1; WOW64; Trident/5.0)"
188.22.149.207 - - [08/Jul/2012:10:33:30 +0200] "GET / HTTP/1.1" 200 15379 "http://www.google.at/imgres?q=%C3%B6lpreisentwicklung+2012Heiz%C3%B6l&hl=de&biw=1366&bih=628&tbm=isch&tbnid=zaWFcOaYBVWqGM:&imgrefurl=http://www.mink-gmbh.de/&docid=u8xmZu_Xxsr1tM&imgurl=http://www.mink-gmbh.de/images/tkw.jpg&w=435&h=283&ei=ZUX5T9yGH8jAtAbMpvymBQ&zoom=1&iact=hc&vpx=98&vpy=187&dur=1313&hovh=181&hovw=278&tx=123&ty=95&sig=100045598346524659311&page=1&tbnh=102&tbnw=157&start=0&ndsp=21&ved=1t:429,r:0,s:0,i:70" "Mozilla/5.0 (compatible; MSIE 9.0; Windows NT 6.1; WOW64; Trident/5.0)"
188.22.149.207 - - [08/Jul/2012:10:33:31 +0200] "GET /modul.css HTTP/1.1" 200 35038 "http://www.mink-gmbh.de/" "Mozilla/5.0 (compatible; MSIE 9.0; Windows NT 6.1; WOW64; Trident/5.0)"
188.22.149.207 - - [08/Jul/2012:10:33:31 +0200] "GET /images/mail.jpg HTTP/1.1" 200 11165 "http://www.mink-gmbh.de/" "Mozilla/5.0 (compatible; MSIE 9.0; Windows NT 6.1; WOW64; Trident/5.0)"
188.22.149.207 - - [08/Jul/2012:10:33:31 +0200] "GET /images/kwk.gif HTTP/1.1" 200 6403 "http://www.mink-gmbh.de/" "Mozilla/5.0 (compatible; MSIE 9.0; Windows NT 6.1; WOW64; Trident/5.0)"
188.22.149.207 - - [08/Jul/2012:10:33:31 +0200] "GET /images/logos.jpg HTTP/1.1" 200 15002 "http://www.mink-gmbh.de/" "Mozilla/5.0 (compatible; MSIE 9.0; Windows NT 6.1; WOW64; Trident/5.0)"
188.22.149.207 - - [08/Jul/2012:10:33:31 +0200] "GET /images/wunschpreis.jpg HTTP/1.1" 200 16767 "http://www.mink-gmbh.de/" "Mozilla/5.0 (compatible; MSIE 9.0; Windows NT 6.1; WOW64; Trident/5.0)"
188.22.149.207 - - [08/Jul/2012:10:33:31 +0200] "GET /images/freecall.jpg HTTP/1.1" 200 39195 "http://www.mink-gmbh.de/" "Mozilla/5.0 (compatible; MSIE 9.0; Windows NT 6.1; WOW64; Trident/5.0)"
188.22.149.207 - - [08/Jul/2012:10:33:32 +0200] "GET /images/bg.jpg HTTP/1.1" 200 345 "http://www.mink-gmbh.de/" "Mozilla/5.0 (compatible; MSIE 9.0; Windows NT 6.1; WOW64; Trident/5.0)"
188.22.149.207 - - [08/Jul/2012:10:33:32 +0200] "GET /js_contentserver24_greybox/w_close.gif HTTP/1.1" 200 74 "http://www.mink-gmbh.de/" "Mozilla/5.0 (compatible; MSIE 9.0; Windows NT 6.1; WOW64; Trident/5.0)"
188.22.149.207 - - [08/Jul/2012:10:33:32 +0200] "GET /images/newsletter.jpg HTTP/1.1" 200 13130 "http://www.mink-gmbh.de/" "Mozilla/5.0 (compatible; MSIE 9.0; Windows NT 6.1; WOW64; Trident/5.0)"
188.22.149.207 - - [08/Jul/2012:10:33:32 +0200] "GET /images/steigend.png HTTP/1.1" 200 688 "http://www.mink-gmbh.de/" "Mozilla/5.0 (compatible; MSIE 9.0; Windows NT 6.1; WOW64; Trident/5.0)"
188.22.149.207 - - [08/Jul/2012:10:33:32 +0200] "GET /images/mobil.jpg HTTP/1.1" 200 25293 "http://www.mink-gmbh.de/" "Mozilla/5.0 (compatible; MSIE 9.0; Windows NT 6.1; WOW64; Trident/5.0)"
188.22.149.207 - - [08/Jul/2012:10:33:32 +0200] "GET /images/gleichbleibend.png HTTP/1.1" 200 534 "http://www.mink-gmbh.de/" "Mozilla/5.0 (compatible; MSIE 9.0; Windows NT 6.1; WOW64; Trident/5.0)"
188.22.149.207 - - [08/Jul/2012:10:33:32 +0200] "GET /images/header.jpg HTTP/1.1" 200 24413 "http://www.mink-gmbh.de/" "Mozilla/5.0 (compatible; MSIE 9.0; Windows NT 6.1; WOW64; Trident/5.0)"
188.22.149.207 - - [08/Jul/2012:10:33:32 +0200] "GET /images/newsletter.png HTTP/1.1" 200 14619 "http://www.mink-gmbh.de/" "Mozilla/5.0 (compatible; MSIE 9.0; Windows NT 6.1; WOW64; Trident/5.0)"
188.22.149.207 - - [08/Jul/2012:10:33:32 +0200] "GET /images/close.png HTTP/1.1" 200 703 "http://www.mink-gmbh.de/" "Mozilla/5.0 (compatible; MSIE 9.0; Windows NT 6.1; WOW64; Trident/5.0)"
188.22.149.207 - - [08/Jul/2012:10:33:32 +0200] "GET /images/navibg.png HTTP/1.1" 200 2803 "http://www.mink-gmbh.de/" "Mozilla/5.0 (compatible; MSIE 9.0; Windows NT 6.1; WOW64; Trident/5.0)"
188.22.149.207 - - [08/Jul/2012:10:33:32 +0200] "GET /images/wrapperbg.jpg HTTP/1.1" 200 27465 "http://www.mink-gmbh.de/" "Mozilla/5.0 (compatible; MSIE 9.0; Windows NT 6.1; WOW64; Trident/5.0)"
188.22.149.207 - - [08/Jul/2012:10:33:32 +0200] "GET /images/footerbg.jpg HTTP/1.1" 200 2184 "http://www.mink-gmbh.de/" "Mozilla/5.0 (compatible; MSIE 9.0; Windows NT 6.1; WOW64; Trident/5.0)"
188.22.149.207 - - [08/Jul/2012:10:33:32 +0200] "GET /js_contentserver24_greybox/header_bg.gif HTTP/1.1" 200 1188 "http://www.mink-gmbh.de/" "Mozilla/5.0 (compatible; MSIE 9.0; Windows NT 6.1; WOW64; Trident/5.0)"
188.22.149.207 - - [08/Jul/2012:10:33:32 +0200] "GET /js_contentserver24_greybox/loader_frame.html?s=0 HTTP/1.1" 200 2084 "http://www.mink-gmbh.de/" "Mozilla/5.0 (compatible; MSIE 9.0; Windows NT 6.1; WOW64; Trident/5.0)"
188.22.149.207 - - [08/Jul/2012:10:33:32 +0200] "GET /images/newsletter_bg.jpg HTTP/1.1" 200 33610 "http://www.mink-gmbh.de/" "Mozilla/5.0 (compatible; MSIE 9.0; Windows NT 6.1; WOW64; Trident/5.0)"
188.22.149.207 - - [08/Jul/2012:10:33:33 +0200] "GET /js_contentserver24_greybox/indicator.gif HTTP/1.1" 200 8238 "http://www.mink-gmbh.de/js_contentserver24_greybox/loader_frame.html?s=0" "Mozilla/5.0 (compatible; MSIE 9.0; Windows NT 6.1; WOW64; Trident/5.0)"
188.22.149.207 - - [08/Jul/2012:10:33:33 +0200] "GET /js_contentserver24_greybox/g_close.gif HTTP/1.1" 200 541 "http://www.mink-gmbh.de/" "Mozilla/5.0 (compatible; MSIE 9.0; Windows NT 6.1; WOW64; Trident/5.0)"
188.22.149.207 - - [08/Jul/2012:10:33:33 +0200] "GET /favicon.ico HTTP/1.1" 200 3638 "-" "Mozilla/5.0 (compatible; MSIE 9.0; Windows NT 6.1; WOW64; Trident/5.0)"
89.247.98.174 - - [08/Jul/2012:12:22:06 +0200] "GET /style.css HTTP/1.1" 200 8418 "http://www.mink-gmbh.de/index.php" "Mozilla/5.0 (Windows NT 6.1; rv:13.0) Gecko/20100101 Firefox/13.0.1"
89.247.98.174 - - [08/Jul/2012:12:22:06 +0200] "GET /modul.css HTTP/1.1" 200 35038 "http://www.mink-gmbh.de/index.php" "Mozilla/5.0 (Windows NT 6.1; rv:13.0) Gecko/20100101 Firefox/13.0.1"
89.247.98.174 - - [08/Jul/2012:12:22:06 +0200] "GET /js_contentserver24_greybox/gb_styles.css HTTP/1.1" 200 2302 "http://www.mink-gmbh.de/index.php" "Mozilla/5.0 (Windows NT 6.1; rv:13.0) Gecko/20100101 Firefox/13.0.1"
89.247.98.174 - - [08/Jul/2012:12:22:06 +0200] "GET /js_contentserver24_greybox/AJS.js HTTP/1.1" 200 10396 "http://www.mink-gmbh.de/index.php" "Mozilla/5.0 (Windows NT 6.1; rv:13.0) Gecko/20100101 Firefox/13.0.1"
89.247.98.174 - - [08/Jul/2012:12:22:06 +0200] "GET /js_contentserver24_greybox/AJS_fx.js HTTP/1.1" 200 3192 "http://www.mink-gmbh.de/index.php" "Mozilla/5.0 (Windows NT 6.1; rv:13.0) Gecko/20100101 Firefox/13.0.1"
89.247.98.174 - - [08/Jul/2012:12:22:06 +0200] "GET /js_contentserver24_greybox/gb_scripts.js HTTP/1.1" 200 11913 "http://www.mink-gmbh.de/index.php" "Mozilla/5.0 (Windows NT 6.1; rv:13.0) Gecko/20100101 Firefox/13.0.1"
89.247.98.174 - - [08/Jul/2012:12:22:06 +0200] "GET /index.php HTTP/1.1" 200 15379 "-" "Mozilla/5.0 (Windows NT 6.1; rv:13.0) Gecko/20100101 Firefox/13.0.1"
89.247.98.174 - - [08/Jul/2012:12:22:07 +0200] "GET /favicon.ico HTTP/1.1" 200 3638 "-" "Mozilla/5.0 (Windows NT 6.1; rv:13.0) Gecko/20100101 Firefox/13.0.1"
89.247.98.174 - - [08/Jul/2012:12:22:07 +0200] "GET /images/mail.jpg HTTP/1.1" 200 11165 "http://www.mink-gmbh.de/index.php" "Mozilla/5.0 (Windows NT 6.1; rv:13.0) Gecko/20100101 Firefox/13.0.1"
89.247.98.174 - - [08/Jul/2012:12:22:07 +0200] "GET /images/kwk.gif HTTP/1.1" 200 6403 "http://www.mink-gmbh.de/index.php" "Mozilla/5.0 (Windows NT 6.1; rv:13.0) Gecko/20100101 Firefox/13.0.1"
89.247.98.174 - - [08/Jul/2012:12:22:07 +0200] "GET /images/wunschpreis.jpg HTTP/1.1" 200 16767 "http://www.mink-gmbh.de/index.php" "Mozilla/5.0 (Windows NT 6.1; rv:13.0) Gecko/20100101 Firefox/13.0.1"
89.247.98.174 - - [08/Jul/2012:12:22:07 +0200] "GET /images/logos.jpg HTTP/1.1" 200 15002 "http://www.mink-gmbh.de/index.php" "Mozilla/5.0 (Windows NT 6.1; rv:13.0) Gecko/20100101 Firefox/13.0.1"
89.247.98.174 - - [08/Jul/2012:12:22:07 +0200] "GET /images/bg.jpg HTTP/1.1" 200 345 "http://www.mink-gmbh.de/style.css" "Mozilla/5.0 (Windows NT 6.1; rv:13.0) Gecko/20100101 Firefox/13.0.1"
89.247.98.174 - - [08/Jul/2012:12:22:07 +0200] "GET /images/freecall.jpg HTTP/1.1" 200 39195 "http://www.mink-gmbh.de/index.php" "Mozilla/5.0 (Windows NT 6.1; rv:13.0) Gecko/20100101 Firefox/13.0.1"
89.247.98.174 - - [08/Jul/2012:12:22:07 +0200] "GET /images/tkw.jpg HTTP/1.1" 200 64031 "http://www.mink-gmbh.de/index.php" "Mozilla/5.0 (Windows NT 6.1; rv:13.0) Gecko/20100101 Firefox/13.0.1"
89.247.98.174 - - [08/Jul/2012:12:22:08 +0200] "GET /js_contentserver24_greybox/w_close.gif HTTP/1.1" 200 74 "http://www.mink-gmbh.de/index.php" "Mozilla/5.0 (Windows NT 6.1; rv:13.0) Gecko/20100101 Firefox/13.0.1"
89.247.98.174 - - [08/Jul/2012:12:22:08 +0200] "GET /images/close.png HTTP/1.1" 200 703 "http://www.mink-gmbh.de/index.php" "Mozilla/5.0 (Windows NT 6.1; rv:13.0) Gecko/20100101 Firefox/13.0.1"
89.247.98.174 - - [08/Jul/2012:12:22:08 +0200] "GET /images/newsletter_bg.jpg HTTP/1.1" 200 33610 "http://www.mink-gmbh.de/index.php" "Mozilla/5.0 (Windows NT 6.1; rv:13.0) Gecko/20100101 Firefox/13.0.1"
89.247.98.174 - - [08/Jul/2012:12:22:08 +0200] "GET /images/newsletter.png HTTP/1.1" 200 14619 "http://www.mink-gmbh.de/style.css" "Mozilla/5.0 (Windows NT 6.1; rv:13.0) Gecko/20100101 Firefox/13.0.1"
89.247.98.174 - - [08/Jul/2012:12:22:08 +0200] "GET /images/wrapperbg.jpg HTTP/1.1" 200 27465 "http://www.mink-gmbh.de/style.css" "Mozilla/5.0 (Windows NT 6.1; rv:13.0) Gecko/20100101 Firefox/13.0.1"
89.247.98.174 - - [08/Jul/2012:12:22:08 +0200] "GET /images/header.jpg HTTP/1.1" 200 24413 "http://www.mink-gmbh.de/style.css" "Mozilla/5.0 (Windows NT 6.1; rv:13.0) Gecko/20100101 Firefox/13.0.1"
89.247.98.174 - - [08/Jul/2012:12:22:08 +0200] "GET /images/navibg.png HTTP/1.1" 200 2803 "http://www.mink-gmbh.de/style.css" "Mozilla/5.0 (Windows NT 6.1; rv:13.0) Gecko/20100101 Firefox/13.0.1"
89.247.98.174 - - [08/Jul/2012:12:22:08 +0200] "GET /images/gleichbleibend.png HTTP/1.1" 200 534 "http://www.mink-gmbh.de/modul.css" "Mozilla/5.0 (Windows NT 6.1; rv:13.0) Gecko/20100101 Firefox/13.0.1"
89.247.98.174 - - [08/Jul/2012:12:22:08 +0200] "GET /images/steigend.png HTTP/1.1" 200 688 "http://www.mink-gmbh.de/modul.css" "Mozilla/5.0 (Windows NT 6.1; rv:13.0) Gecko/20100101 Firefox/13.0.1"
89.247.98.174 - - [08/Jul/2012:12:22:08 +0200] "GET /images/mobil.jpg HTTP/1.1" 200 25293 "http://www.mink-gmbh.de/style.css" "Mozilla/5.0 (Windows NT 6.1; rv:13.0) Gecko/20100101 Firefox/13.0.1"
89.247.98.174 - - [08/Jul/2012:12:22:08 +0200] "GET /images/newsletter.jpg HTTP/1.1" 200 13130 "http://www.mink-gmbh.de/style.css" "Mozilla/5.0 (Windows NT 6.1; rv:13.0) Gecko/20100101 Firefox/13.0.1"
89.247.98.174 - - [08/Jul/2012:12:22:08 +0200] "GET /images/footerbg.jpg HTTP/1.1" 200 2184 "http://www.mink-gmbh.de/style.css" "Mozilla/5.0 (Windows NT 6.1; rv:13.0) Gecko/20100101 Firefox/13.0.1"
89.247.98.174 - - [08/Jul/2012:12:22:08 +0200] "GET /js_contentserver24_greybox/header_bg.gif HTTP/1.1" 200 1188 "http://www.mink-gmbh.de/index.php" "Mozilla/5.0 (Windows NT 6.1; rv:13.0) Gecko/20100101 Firefox/13.0.1"
89.247.98.174 - - [08/Jul/2012:12:22:08 +0200] "GET /js_contentserver24_greybox/g_close.gif HTTP/1.1" 200 541 "http://www.mink-gmbh.de/index.php" "Mozilla/5.0 (Windows NT 6.1; rv:13.0) Gecko/20100101 Firefox/13.0.1"
89.247.98.174 - - [08/Jul/2012:12:22:08 +0200] "GET /js_contentserver24_greybox/indicator.gif HTTP/1.1" 200 8238 "http://www.mink-gmbh.de/index.php" "Mozilla/5.0 (Windows NT 6.1; rv:13.0) Gecko/20100101 Firefox/13.0.1"
89.247.98.174 - - [08/Jul/2012:12:22:09 +0200] "GET /js_contentserver24_greybox/loader_frame.html?s=0 HTTP/1.1" 200 2084 "http://www.mink-gmbh.de/index.php" "Mozilla/5.0 (Windows NT 6.1; rv:13.0) Gecko/20100101 Firefox/13.0.1"
66.249.66.137 - - [08/Jul/2012:13:29:49 +0200] "GET /robots.txt HTTP/1.1" 200 177 "-" "Mozilla/5.0 (compatible; Googlebot/2.1; +http://www.google.com/bot.html)"
66.249.66.137 - - [08/Jul/2012:13:29:49 +0200] "GET /news.php HTTP/1.1" 200 22312 "-" "Mozilla/5.0 (compatible; Googlebot/2.1; +http://www.google.com/bot.html)"
123.125.71.14 - - [08/Jul/2012:13:31:24 +0200] "GET / HTTP/1.1" 200 8776 "-" "Mozilla/5.0 (compatible; Baiduspider/2.0; +http://www.baidu.com/search/spider.html)"
220.181.108.82 - - [08/Jul/2012:13:31:50 +0200] "GET / HTTP/1.1" 200 8776 "-" "Mozilla/5.0 (compatible; Baiduspider/2.0; +http://www.baidu.com/search/spider.html)"
208.115.111.75 - - [08/Jul/2012:13:54:40 +0200] "GET /robots.txt HTTP/1.1" 200 177 "-" "Mozilla/5.0 (compatible; Ezooms/1.0; ezooms.bot@gmail.com)"
208.115.111.75 - - [08/Jul/2012:13:54:41 +0200] "GET /robots.txt HTTP/1.1" 200 177 "-" "Mozilla/5.0 (compatible; Ezooms/1.0; ezooms.bot@gmail.com)"
66.249.66.137 - - [08/Jul/2012:14:00:12 +0200] "GET /news.php?cs_go=archiv&cs_id=2999&cs_search= HTTP/1.1" 200 12100 "-" "Mozilla/5.0 (compatible; Googlebot/2.1; +http://www.google.com/bot.html)"
66.249.66.137 - - [08/Jul/2012:14:03:58 +0200] "GET /news.php?cs_go=archiv&cs_id=3091&cs_search= HTTP/1.1" 200 9860 "-" "Mozilla/5.0 (compatible; Googlebot/2.1; +http://www.google.com/bot.html)"
66.249.66.137 - - [08/Jul/2012:14:19:07 +0200] "GET /news.php?cs_go=archiv&cs_startpos=90 HTTP/1.1" 200 22836 "-" "Mozilla/5.0 (compatible; Googlebot/2.1; +http://www.google.com/bot.html)"
66.249.66.137 - - [08/Jul/2012:14:22:57 +0200] "GET /news.php?cs_go=archiv&cs_id=2686&cs_search= HTTP/1.1" 200 10124 "-" "Mozilla/5.0 (compatible; Googlebot/2.1; +http://www.google.com/bot.html)"
66.249.66.137 - - [08/Jul/2012:14:41:54 +0200] "GET /news.php?cs_go=archiv&cs_id=2560 HTTP/1.1" 200 10049 "-" "Mozilla/5.0 (compatible; Googlebot/2.1; +http://www.google.com/bot.html)"
66.249.71.70 - - [08/Jul/2012:14:49:29 +0200] "GET /news.php?cs_go=archiv&cs_id=3097&cs_search= HTTP/1.1" 200 13547 "-" "Mozilla/5.0 (compatible; Googlebot/2.1; +http://www.google.com/bot.html)"
66.249.71.70 - - [08/Jul/2012:14:57:05 +0200] "GET /news.php?cs_go=archiv&cs_startpos=70 HTTP/1.1" 200 22731 "-" "Mozilla/5.0 (compatible; Googlebot/2.1; +http://www.google.com/bot.html)"
66.249.66.137 - - [08/Jul/2012:15:04:39 +0200] "GET /news.php?cs_go=archiv&cs_id=2631 HTTP/1.1" 200 10103 "-" "Mozilla/5.0 (compatible; Googlebot/2.1; +http://www.google.com/bot.html)"
66.249.66.137 - - [08/Jul/2012:15:08:25 +0200] "GET /news.php?cs_go=archiv&cs_id=3140&cs_search= HTTP/1.1" 200 11488 "-" "Mozilla/5.0 (compatible; Googlebot/2.1; +http://www.google.com/bot.html)"
208.115.111.75 - - [08/Jul/2012:15:32:53 +0200] "GET /robots.txt HTTP/1.1" 200 177 "-" "Mozilla/5.0 (compatible; Ezooms/1.0; ezooms.bot@gmail.com)"
65.36.241.79 - - [08/Jul/2012:15:45:56 +0200] "HEAD / HTTP/1.1" 200 - "-" "InternetSeer.com"
66.249.66.137 - - [08/Jul/2012:15:50:07 +0200] "GET /news.php?cs_go=archiv&cs_startpos=80 HTTP/1.1" 200 23021 "-" "Mozilla/5.0 (compatible; Googlebot/2.1; +http://www.google.com/bot.html)"
66.249.71.70 - - [08/Jul/2012:16:03:34 +0200] "GET /news.php?cs_go=archiv&cs_id=2956 HTTP/1.1" 200 13304 "-" "Mozilla/5.0 (compatible; Googlebot/2.1; +http://www.google.com/bot.html)"
208.115.111.75 - - [08/Jul/2012:16:04:58 +0200] "GET /robots.txt HTTP/1.1" 200 177 "-" "Mozilla/5.0 (compatible; Ezooms/1.0; ezooms.bot@gmail.com)"
208.115.111.75 - - [08/Jul/2012:16:17:08 +0200] "GET /robots.txt HTTP/1.1" 200 177 "-" "Mozilla/5.0 (compatible; Ezooms/1.0; ezooms.bot@gmail.com)"
66.249.66.137 - - [08/Jul/2012:16:54:38 +0200] "GET /news.php?cs_go=archiv&cs_startpos=0 HTTP/1.1" 200 22312 "-" "Mozilla/5.0 (compatible; Googlebot/2.1; +http://www.google.com/bot.html)"
66.249.66.137 - - [08/Jul/2012:17:15:29 +0200] "GET /news.php?cs_go=archiv&cs_id=2752 HTTP/1.1" 200 12188 "-" "Mozilla/5.0 (compatible; Googlebot/2.1; +http://www.google.com/bot.html)"
93.219.172.44 - - [08/Jul/2012:17:51:03 +0200] "GET /style.css HTTP/1.1" 200 8418 "http://www.mink-gmbh.de/" "Mozilla/5.0 (Macintosh; Intel Mac OS X 10.6; rv:13.0) Gecko/20100101 Firefox/13.0.1"
93.219.172.44 - - [08/Jul/2012:17:51:03 +0200] "GET /modul.css HTTP/1.1" 200 35038 "http://www.mink-gmbh.de/" "Mozilla/5.0 (Macintosh; Intel Mac OS X 10.6; rv:13.0) Gecko/20100101 Firefox/13.0.1"
93.219.172.44 - - [08/Jul/2012:17:51:03 +0200] "GET /favicon.ico HTTP/1.1" 200 3638 "-" "Mozilla/5.0 (Macintosh; Intel Mac OS X 10.6; rv:13.0) Gecko/20100101 Firefox/13.0.1"
93.219.172.44 - - [08/Jul/2012:17:51:03 +0200] "GET /js_contentserver24_greybox/gb_styles.css HTTP/1.1" 200 2302 "http://www.mink-gmbh.de/" "Mozilla/5.0 (Macintosh; Intel Mac OS X 10.6; rv:13.0) Gecko/20100101 Firefox/13.0.1"
93.219.172.44 - - [08/Jul/2012:17:51:03 +0200] "GET /js_contentserver24_greybox/AJS.js HTTP/1.1" 200 10396 "http://www.mink-gmbh.de/" "Mozilla/5.0 (Macintosh; Intel Mac OS X 10.6; rv:13.0) Gecko/20100101 Firefox/13.0.1"
93.219.172.44 - - [08/Jul/2012:17:51:03 +0200] "GET /js_contentserver24_greybox/AJS_fx.js HTTP/1.1" 200 3192 "http://www.mink-gmbh.de/" "Mozilla/5.0 (Macintosh; Intel Mac OS X 10.6; rv:13.0) Gecko/20100101 Firefox/13.0.1"
93.219.172.44 - - [08/Jul/2012:17:51:03 +0200] "GET /js_contentserver24_greybox/gb_scripts.js HTTP/1.1" 200 11913 "http://www.mink-gmbh.de/" "Mozilla/5.0 (Macintosh; Intel Mac OS X 10.6; rv:13.0) Gecko/20100101 Firefox/13.0.1"
93.219.172.44 - - [08/Jul/2012:17:51:03 +0200] "GET /images/bg.jpg HTTP/1.1" 200 345 "http://www.mink-gmbh.de/style.css" "Mozilla/5.0 (Macintosh; Intel Mac OS X 10.6; rv:13.0) Gecko/20100101 Firefox/13.0.1"
93.219.172.44 - - [08/Jul/2012:17:51:03 +0200] "GET /images/tkw.jpg HTTP/1.1" 200 64031 "http://www.mink-gmbh.de/" "Mozilla/5.0 (Macintosh; Intel Mac OS X 10.6; rv:13.0) Gecko/20100101 Firefox/13.0.1"
93.219.172.44 - - [08/Jul/2012:17:51:03 +0200] "GET /js_contentserver24_greybox/w_close.gif HTTP/1.1" 200 74 "http://www.mink-gmbh.de/" "Mozilla/5.0 (Macintosh; Intel Mac OS X 10.6; rv:13.0) Gecko/20100101 Firefox/13.0.1"
93.219.172.44 - - [08/Jul/2012:17:51:02 +0200] "GET / HTTP/1.1" 200 15379 "-" "Mozilla/5.0 (Macintosh; Intel Mac OS X 10.6; rv:13.0) Gecko/20100101 Firefox/13.0.1"
93.219.172.44 - - [08/Jul/2012:17:51:03 +0200] "GET /images/close.png HTTP/1.1" 200 703 "http://www.mink-gmbh.de/" "Mozilla/5.0 (Macintosh; Intel Mac OS X 10.6; rv:13.0) Gecko/20100101 Firefox/13.0.1"
93.219.172.44 - - [08/Jul/2012:17:51:03 +0200] "GET /images/newsletter_bg.jpg HTTP/1.1" 200 33610 "http://www.mink-gmbh.de/" "Mozilla/5.0 (Macintosh; Intel Mac OS X 10.6; rv:13.0) Gecko/20100101 Firefox/13.0.1"
93.219.172.44 - - [08/Jul/2012:17:51:03 +0200] "GET /images/newsletter.png HTTP/1.1" 200 14619 "http://www.mink-gmbh.de/style.css" "Mozilla/5.0 (Macintosh; Intel Mac OS X 10.6; rv:13.0) Gecko/20100101 Firefox/13.0.1"
93.219.172.44 - - [08/Jul/2012:17:51:03 +0200] "GET /images/wrapperbg.jpg HTTP/1.1" 200 27465 "http://www.mink-gmbh.de/style.css" "Mozilla/5.0 (Macintosh; Intel Mac OS X 10.6; rv:13.0) Gecko/20100101 Firefox/13.0.1"
93.219.172.44 - - [08/Jul/2012:17:51:03 +0200] "GET /images/header.jpg HTTP/1.1" 200 24413 "http://www.mink-gmbh.de/style.css" "Mozilla/5.0 (Macintosh; Intel Mac OS X 10.6; rv:13.0) Gecko/20100101 Firefox/13.0.1"
93.219.172.44 - - [08/Jul/2012:17:51:03 +0200] "GET /images/navibg.png HTTP/1.1" 200 2803 "http://www.mink-gmbh.de/style.css" "Mozilla/5.0 (Macintosh; Intel Mac OS X 10.6; rv:13.0) Gecko/20100101 Firefox/13.0.1"
93.219.172.44 - - [08/Jul/2012:17:51:03 +0200] "GET /images/steigend.png HTTP/1.1" 200 688 "http://www.mink-gmbh.de/modul.css" "Mozilla/5.0 (Macintosh; Intel Mac OS X 10.6; rv:13.0) Gecko/20100101 Firefox/13.0.1"
93.219.172.44 - - [08/Jul/2012:17:51:03 +0200] "GET /images/gleichbleibend.png HTTP/1.1" 200 534 "http://www.mink-gmbh.de/modul.css" "Mozilla/5.0 (Macintosh; Intel Mac OS X 10.6; rv:13.0) Gecko/20100101 Firefox/13.0.1"
93.219.172.44 - - [08/Jul/2012:17:51:03 +0200] "GET /images/mobil.jpg HTTP/1.1" 200 25293 "http://www.mink-gmbh.de/style.css" "Mozilla/5.0 (Macintosh; Intel Mac OS X 10.6; rv:13.0) Gecko/20100101 Firefox/13.0.1"
93.219.172.44 - - [08/Jul/2012:17:51:04 +0200] "GET /images/newsletter.jpg HTTP/1.1" 200 13130 "http://www.mink-gmbh.de/style.css" "Mozilla/5.0 (Macintosh; Intel Mac OS X 10.6; rv:13.0) Gecko/20100101 Firefox/13.0.1"
93.219.172.44 - - [08/Jul/2012:17:51:04 +0200] "GET /images/freecall.jpg HTTP/1.1" 200 39195 "http://www.mink-gmbh.de/" "Mozilla/5.0 (Macintosh; Intel Mac OS X 10.6; rv:13.0) Gecko/20100101 Firefox/13.0.1"
93.219.172.44 - - [08/Jul/2012:17:51:04 +0200] "GET /images/mail.jpg HTTP/1.1" 200 11165 "http://www.mink-gmbh.de/" "Mozilla/5.0 (Macintosh; Intel Mac OS X 10.6; rv:13.0) Gecko/20100101 Firefox/13.0.1"
93.219.172.44 - - [08/Jul/2012:17:51:04 +0200] "GET /images/kwk.gif HTTP/1.1" 200 6403 "http://www.mink-gmbh.de/" "Mozilla/5.0 (Macintosh; Intel Mac OS X 10.6; rv:13.0) Gecko/20100101 Firefox/13.0.1"
93.219.172.44 - - [08/Jul/2012:17:51:04 +0200] "GET /images/wunschpreis.jpg HTTP/1.1" 200 16767 "http://www.mink-gmbh.de/" "Mozilla/5.0 (Macintosh; Intel Mac OS X 10.6; rv:13.0) Gecko/20100101 Firefox/13.0.1"
93.219.172.44 - - [08/Jul/2012:17:51:04 +0200] "GET /images/logos.jpg HTTP/1.1" 200 15002 "http://www.mink-gmbh.de/" "Mozilla/5.0 (Macintosh; Intel Mac OS X 10.6; rv:13.0) Gecko/20100101 Firefox/13.0.1"
93.219.172.44 - - [08/Jul/2012:17:51:04 +0200] "GET /images/footerbg.jpg HTTP/1.1" 200 2184 "http://www.mink-gmbh.de/style.css" "Mozilla/5.0 (Macintosh; Intel Mac OS X 10.6; rv:13.0) Gecko/20100101 Firefox/13.0.1"
93.219.172.44 - - [08/Jul/2012:17:51:04 +0200] "GET /js_contentserver24_greybox/loader_frame.html?s=0 HTTP/1.1" 200 2084 "http://www.mink-gmbh.de/" "Mozilla/5.0 (Macintosh; Intel Mac OS X 10.6; rv:13.0) Gecko/20100101 Firefox/13.0.1"
93.219.172.44 - - [08/Jul/2012:17:51:04 +0200] "GET /js_contentserver24_greybox/header_bg.gif HTTP/1.1" 200 1188 "http://www.mink-gmbh.de/" "Mozilla/5.0 (Macintosh; Intel Mac OS X 10.6; rv:13.0) Gecko/20100101 Firefox/13.0.1"
93.219.172.44 - - [08/Jul/2012:17:51:05 +0200] "GET /js_contentserver24_greybox/indicator.gif HTTP/1.1" 200 8238 "http://www.mink-gmbh.de/js_contentserver24_greybox/loader_frame.html?s=0" "Mozilla/5.0 (Macintosh; Intel Mac OS X 10.6; rv:13.0) Gecko/20100101 Firefox/13.0.1"
93.219.172.44 - - [08/Jul/2012:17:51:08 +0200] "GET /js_contentserver24_greybox/g_close.gif HTTP/1.1" 200 541 "http://www.mink-gmbh.de/" "Mozilla/5.0 (Macintosh; Intel Mac OS X 10.6; rv:13.0) Gecko/20100101 Firefox/13.0.1"
93.219.172.44 - - [08/Jul/2012:17:52:24 +0200] "GET /preisanfrage.php HTTP/1.1" 200 10549 "http://www.mink-gmbh.de/" "Mozilla/5.0 (Macintosh; Intel Mac OS X 10.6; rv:13.0) Gecko/20100101 Firefox/13.0.1"
213.174.46.58 - - [08/Jul/2012:17:54:39 +0200] "GET /rueckrufservice.php HTTP/1.1" 200 10702 "-" "Mozilla/4.0 (compatible; MSIE 6.0; Windows 98; Win 9x4.90)"
178.154.179.250 - - [08/Jul/2012:17:56:27 +0200] "GET /index.php HTTP/1.1" 200 15379 "-" "Mozilla/5.0 (compatible; YandexBot/3.0; +http://yandex.com/bots)"
66.249.72.166 - - [08/Jul/2012:18:26:52 +0200] "GET /robots.txt HTTP/1.1" 200 177 "-" "Mozilla/5.0 (compatible; Googlebot/2.1; +http://www.google.com/bot.html)"
66.249.72.166 - - [08/Jul/2012:18:26:52 +0200] "GET /news.php?cs_go=archiv&cs_id=2709&cs_search= HTTP/1.1" 200 13494 "-" "Mozilla/5.0 (compatible; Googlebot/2.1; +http://www.google.com/bot.html)"
85.178.225.27 - - [08/Jul/2012:18:42:23 +0200] "GET / HTTP/1.1" 200 15379 "http://alicesuchedns.aol.de/aol/afe_x?s_it=500error_alice&query=www.xn--mink-heizl-mcb.de" "Mozilla/5.0 (Windows NT 5.1; rv:13.0) Gecko/20100101 Firefox/13.0.1"
85.178.225.27 - - [08/Jul/2012:18:42:27 +0200] "GET /js_contentserver24_greybox/loader_frame.html?s=0 HTTP/1.1" 304 - "http://www.mink-gmbh.de/" "Mozilla/5.0 (Windows NT 5.1; rv:13.0) Gecko/20100101 Firefox/13.0.1"
66.249.66.137 - - [08/Jul/2012:19:11:12 +0200] "GET /news.php?cs_go=archiv&cs_id=3223 HTTP/1.1" 200 13439 "-" "Mozilla/5.0 (compatible; Googlebot/2.1; +http://www.google.com/bot.html)"
208.115.111.75 - - [08/Jul/2012:19:56:16 +0200] "GET /robots.txt HTTP/1.1" 200 177 "-" "Mozilla/5.0 (compatible; Ezooms/1.0; ezooms.bot@gmail.com)"
208.115.111.75 - - [08/Jul/2012:19:56:16 +0200] "GET /robots.txt HTTP/1.1" 200 177 "-" "Mozilla/5.0 (compatible; Ezooms/1.0; ezooms.bot@gmail.com)"
89.247.82.105 - - [08/Jul/2012:20:15:20 +0200] "GET /style.css HTTP/1.1" 200 8418 "http://www.mink-gmbh.de/index.php" "Mozilla/5.0 (Windows NT 6.1; rv:13.0) Gecko/20100101 Firefox/13.0.1"
89.247.82.105 - - [08/Jul/2012:20:15:20 +0200] "GET /modul.css HTTP/1.1" 200 35038 "http://www.mink-gmbh.de/index.php" "Mozilla/5.0 (Windows NT 6.1; rv:13.0) Gecko/20100101 Firefox/13.0.1"
89.247.82.105 - - [08/Jul/2012:20:15:20 +0200] "GET /favicon.ico HTTP/1.1" 200 3638 "-" "Mozilla/5.0 (Windows NT 6.1; rv:13.0) Gecko/20100101 Firefox/13.0.1"
89.247.82.105 - - [08/Jul/2012:20:15:20 +0200] "GET /js_contentserver24_greybox/gb_styles.css HTTP/1.1" 200 2302 "http://www.mink-gmbh.de/index.php" "Mozilla/5.0 (Windows NT 6.1; rv:13.0) Gecko/20100101 Firefox/13.0.1"
89.247.82.105 - - [08/Jul/2012:20:15:20 +0200] "GET /js_contentserver24_greybox/AJS.js HTTP/1.1" 200 10396 "http://www.mink-gmbh.de/index.php" "Mozilla/5.0 (Windows NT 6.1; rv:13.0) Gecko/20100101 Firefox/13.0.1"
89.247.82.105 - - [08/Jul/2012:20:15:20 +0200] "GET /js_contentserver24_greybox/AJS_fx.js HTTP/1.1" 200 3192 "http://www.mink-gmbh.de/index.php" "Mozilla/5.0 (Windows NT 6.1; rv:13.0) Gecko/20100101 Firefox/13.0.1"
89.247.82.105 - - [08/Jul/2012:20:15:20 +0200] "GET /js_contentserver24_greybox/gb_scripts.js HTTP/1.1" 200 11913 "http://www.mink-gmbh.de/index.php" "Mozilla/5.0 (Windows NT 6.1; rv:13.0) Gecko/20100101 Firefox/13.0.1"
89.247.82.105 - - [08/Jul/2012:20:15:20 +0200] "GET /index.php HTTP/1.1" 200 15379 "-" "Mozilla/5.0 (Windows NT 6.1; rv:13.0) Gecko/20100101 Firefox/13.0.1"
89.247.82.105 - - [08/Jul/2012:20:15:21 +0200] "GET /images/tkw.jpg HTTP/1.1" 200 64031 "http://www.mink-gmbh.de/index.php" "Mozilla/5.0 (Windows NT 6.1; rv:13.0) Gecko/20100101 Firefox/13.0.1"
89.247.82.105 - - [08/Jul/2012:20:15:21 +0200] "GET /images/freecall.jpg HTTP/1.1" 200 39195 "http://www.mink-gmbh.de/index.php" "Mozilla/5.0 (Windows NT 6.1; rv:13.0) Gecko/20100101 Firefox/13.0.1"
89.247.82.105 - - [08/Jul/2012:20:15:21 +0200] "GET /images/mail.jpg HTTP/1.1" 200 11165 "http://www.mink-gmbh.de/index.php" "Mozilla/5.0 (Windows NT 6.1; rv:13.0) Gecko/20100101 Firefox/13.0.1"
89.247.82.105 - - [08/Jul/2012:20:15:21 +0200] "GET /images/kwk.gif HTTP/1.1" 200 6403 "http://www.mink-gmbh.de/index.php" "Mozilla/5.0 (Windows NT 6.1; rv:13.0) Gecko/20100101 Firefox/13.0.1"
89.247.82.105 - - [08/Jul/2012:20:15:21 +0200] "GET /images/wunschpreis.jpg HTTP/1.1" 200 16767 "http://www.mink-gmbh.de/index.php" "Mozilla/5.0 (Windows NT 6.1; rv:13.0) Gecko/20100101 Firefox/13.0.1"
89.247.82.105 - - [08/Jul/2012:20:15:21 +0200] "GET /images/logos.jpg HTTP/1.1" 200 15002 "http://www.mink-gmbh.de/index.php" "Mozilla/5.0 (Windows NT 6.1; rv:13.0) Gecko/20100101 Firefox/13.0.1"
89.247.82.105 - - [08/Jul/2012:20:15:22 +0200] "GET /images/bg.jpg HTTP/1.1" 200 345 "http://www.mink-gmbh.de/style.css" "Mozilla/5.0 (Windows NT 6.1; rv:13.0) Gecko/20100101 Firefox/13.0.1"
89.247.82.105 - - [08/Jul/2012:20:15:22 +0200] "GET /js_contentserver24_greybox/w_close.gif HTTP/1.1" 200 74 "http://www.mink-gmbh.de/index.php" "Mozilla/5.0 (Windows NT 6.1; rv:13.0) Gecko/20100101 Firefox/13.0.1"
89.247.82.105 - - [08/Jul/2012:20:15:22 +0200] "GET /images/close.png HTTP/1.1" 200 703 "http://www.mink-gmbh.de/index.php" "Mozilla/5.0 (Windows NT 6.1; rv:13.0) Gecko/20100101 Firefox/13.0.1"
89.247.82.105 - - [08/Jul/2012:20:15:22 +0200] "GET /images/newsletter_bg.jpg HTTP/1.1" 200 33610 "http://www.mink-gmbh.de/index.php" "Mozilla/5.0 (Windows NT 6.1; rv:13.0) Gecko/20100101 Firefox/13.0.1"
89.247.82.105 - - [08/Jul/2012:20:15:22 +0200] "GET /images/newsletter.png HTTP/1.1" 200 14619 "http://www.mink-gmbh.de/style.css" "Mozilla/5.0 (Windows NT 6.1; rv:13.0) Gecko/20100101 Firefox/13.0.1"
89.247.82.105 - - [08/Jul/2012:20:15:22 +0200] "GET /images/wrapperbg.jpg HTTP/1.1" 200 27465 "http://www.mink-gmbh.de/style.css" "Mozilla/5.0 (Windows NT 6.1; rv:13.0) Gecko/20100101 Firefox/13.0.1"
89.247.82.105 - - [08/Jul/2012:20:15:22 +0200] "GET /images/header.jpg HTTP/1.1" 200 24413 "http://www.mink-gmbh.de/style.css" "Mozilla/5.0 (Windows NT 6.1; rv:13.0) Gecko/20100101 Firefox/13.0.1"
89.247.82.105 - - [08/Jul/2012:20:15:22 +0200] "GET /images/navibg.png HTTP/1.1" 200 2803 "http://www.mink-gmbh.de/style.css" "Mozilla/5.0 (Windows NT 6.1; rv:13.0) Gecko/20100101 Firefox/13.0.1"
89.247.82.105 - - [08/Jul/2012:20:15:22 +0200] "GET /images/steigend.png HTTP/1.1" 200 688 "http://www.mink-gmbh.de/modul.css" "Mozilla/5.0 (Windows NT 6.1; rv:13.0) Gecko/20100101 Firefox/13.0.1"
89.247.82.105 - - [08/Jul/2012:20:15:22 +0200] "GET /images/gleichbleibend.png HTTP/1.1" 200 534 "http://www.mink-gmbh.de/modul.css" "Mozilla/5.0 (Windows NT 6.1; rv:13.0) Gecko/20100101 Firefox/13.0.1"
89.247.82.105 - - [08/Jul/2012:20:15:22 +0200] "GET /images/mobil.jpg HTTP/1.1" 200 25293 "http://www.mink-gmbh.de/style.css" "Mozilla/5.0 (Windows NT 6.1; rv:13.0) Gecko/20100101 Firefox/13.0.1"
89.247.82.105 - - [08/Jul/2012:20:15:22 +0200] "GET /images/newsletter.jpg HTTP/1.1" 200 13130 "http://www.mink-gmbh.de/style.css" "Mozilla/5.0 (Windows NT 6.1; rv:13.0) Gecko/20100101 Firefox/13.0.1"
89.247.82.105 - - [08/Jul/2012:20:15:22 +0200] "GET /images/footerbg.jpg HTTP/1.1" 200 2184 "http://www.mink-gmbh.de/style.css" "Mozilla/5.0 (Windows NT 6.1; rv:13.0) Gecko/20100101 Firefox/13.0.1"
89.247.82.105 - - [08/Jul/2012:20:15:22 +0200] "GET /js_contentserver24_greybox/header_bg.gif HTTP/1.1" 200 1188 "http://www.mink-gmbh.de/index.php" "Mozilla/5.0 (Windows NT 6.1; rv:13.0) Gecko/20100101 Firefox/13.0.1"
89.247.82.105 - - [08/Jul/2012:20:15:22 +0200] "GET /js_contentserver24_greybox/g_close.gif HTTP/1.1" 200 541 "http://www.mink-gmbh.de/index.php" "Mozilla/5.0 (Windows NT 6.1; rv:13.0) Gecko/20100101 Firefox/13.0.1"
89.247.82.105 - - [08/Jul/2012:20:15:22 +0200] "GET /js_contentserver24_greybox/indicator.gif HTTP/1.1" 200 8238 "http://www.mink-gmbh.de/index.php" "Mozilla/5.0 (Windows NT 6.1; rv:13.0) Gecko/20100101 Firefox/13.0.1"
89.247.82.105 - - [08/Jul/2012:20:15:23 +0200] "GET /js_contentserver24_greybox/loader_frame.html?s=0 HTTP/1.1" 200 2084 "http://www.mink-gmbh.de/index.php" "Mozilla/5.0 (Windows NT 6.1; rv:13.0) Gecko/20100101 Firefox/13.0.1"
89.247.82.105 - - [08/Jul/2012:20:15:45 +0200] "GET /index.php HTTP/1.1" 200 15379 "-" "Mozilla/5.0 (Windows NT 6.1; rv:13.0) Gecko/20100101 Firefox/13.0.1"
89.247.82.105 - - [08/Jul/2012:20:15:46 +0200] "GET /js_contentserver24_greybox/loader_frame.html?s=0 HTTP/1.1" 304 - "http://www.mink-gmbh.de/index.php" "Mozilla/5.0 (Windows NT 6.1; rv:13.0) Gecko/20100101 Firefox/13.0.1"
217.69.133.31 - - [08/Jul/2012:20:30:34 +0200] "GET /robots.txt HTTP/1.0" 200 177 "-" "Mozilla/5.0 (compatible; Mail.RU/2.0)"
65.36.241.79 - - [08/Jul/2012:20:31:30 +0200] "HEAD / HTTP/1.1" 200 - "-" "InternetSeer.com"
88.198.67.134 - - [08/Jul/2012:20:47:48 +0200] "GET /robots.txt HTTP/1.1" 200 177 "-" "Pixray-Seeker/1.1 (Pixray-Seeker; http://www.pixray.com/pixraybot; crawler@pixray.com)"
88.198.67.134 - - [08/Jul/2012:20:47:48 +0200] "GET /news.php?cs_go=archiv&cs_id=1661&cs_search= HTTP/1.1" 200 14069 "-" "Pixray-Seeker/1.1 (Pixray-Seeker; http://www.pixray.com/pixraybot; crawler@pixray.com)"
66.249.66.137 - - [08/Jul/2012:20:58:03 +0200] "GET / HTTP/1.1" 200 15379 "-" "Mozilla/5.0 (compatible; Googlebot/2.1; +http://www.google.com/bot.html)"
89.13.106.153 - - [08/Jul/2012:22:05:33 +0200] "GET /robots.txt HTTP/1.0" 200 177 "-" "Mozilla/5.0 (compatible; MJ12bot/v1.4.3; http://www.majestic12.co.uk/bot.php?+)"
89.13.106.153 - - [08/Jul/2012:22:05:35 +0200] "GET /Heizoel-Berlin.htm HTTP/1.1" 404 - "-" "Mozilla/5.0 (compatible; MJ12bot/v1.4.3; http://www.majestic12.co.uk/bot.php?+)"
89.13.106.153 - - [08/Jul/2012:22:05:36 +0200] "GET /Heizoel.htm HTTP/1.1" 404 - "-" "Mozilla/5.0 (compatible; MJ12bot/v1.4.3; http://www.majestic12.co.uk/bot.php?+)"
89.13.106.153 - - [08/Jul/2012:22:05:38 +0200] "GET /seiten/impres.htm HTTP/1.1" 404 - "-" "Mozilla/5.0 (compatible; MJ12bot/v1.4.3; http://www.majestic12.co.uk/bot.php?+)"
89.13.106.153 - - [08/Jul/2012:22:05:40 +0200] "GET /startseite.htm HTTP/1.1" 404 - "-" "Mozilla/5.0 (compatible; MJ12bot/v1.4.3; http://www.majestic12.co.uk/bot.php?+)"
208.115.111.75 - - [08/Jul/2012:22:10:04 +0200] "GET /robots.txt HTTP/1.1" 200 177 "-" "Mozilla/5.0 (compatible; Ezooms/1.0; ezooms.bot@gmail.com)"
208.115.111.75 - - [08/Jul/2012:22:10:45 +0200] "GET /robots.txt HTTP/1.1" 200 177 "-" "Mozilla/5.0 (compatible; Ezooms/1.0; ezooms.bot@gmail.com)"
213.186.127.14 - - [08/Jul/2012:22:40:46 +0200] "GET /news.php?cs_go=archiv&cs_id=3086&cs_search= HTTP/1.1" 200 12800 "-" "Mozilla/5.0 (compatible; AhrefsBot/3.0; +http://ahrefs.com/robot/)"
65.52.110.199 - - [08/Jul/2012:22:45:55 +0200] "GET /robots.txt HTTP/1.1" 200 177 "-" "Mozilla/5.0 (compatible; bingbot/2.0; +http://www.bing.com/bingbot.htm)"
65.52.110.199 - - [08/Jul/2012:22:46:46 +0200] "GET / HTTP/1.1" 200 15379 "-" "msnbot/2.0b (+http://search.msn.com/msnbot.htm)"
77.20.4.67 - - [08/Jul/2012:22:47:44 +0200] "GET /standard.php HTTP/1.1" 200 9150 "-" "findlinks/2.0.2 (+http://wortschatz.uni-leipzig.de/findlinks/)"
77.20.4.67 - - [08/Jul/2012:22:47:51 +0200] "GET /standard.php HTTP/1.1" 200 9063 "-" "findlinks/2.0.2 (+http://wortschatz.uni-leipzig.de/findlinks/)"
65.52.110.18 - - [08/Jul/2012:23:22:37 +0200] "GET /news.php?cs_go=archiv HTTP/1.1" 200 22312 "-" "Mozilla/5.0 (compatible; bingbot/2.0; +http://www.bing.com/bingbot.htm)"
123.125.71.23 - - [08/Jul/2012:23:31:03 +0200] "GET / HTTP/1.1" 200 8776 "-" "Mozilla/5.0 (compatible; Baiduspider/2.0; +http://www.baidu.com/search/spider.html)"
220.181.108.117 - - [08/Jul/2012:23:31:28 +0200] "GET / HTTP/1.1" 200 6439 "-" "Mozilla/5.0 (compatible; Baiduspider/2.0; +http://www.baidu.com/search/spider.html)"
208.115.111.75 - - [09/Jul/2012:00:34:31 +0200] "GET /robots.txt HTTP/1.1" 200 177 "-" "Mozilla/5.0 (compatible; Ezooms/1.0; ezooms.bot@gmail.com)"
65.36.241.79 - - [09/Jul/2012:01:22:42 +0200] "HEAD / HTTP/1.1" 200 - "-" "InternetSeer.com"
66.249.66.137 - - [09/Jul/2012:01:23:28 +0200] "GET /newsletter.php HTTP/1.1" 200 8839 "-" "Mozilla/5.0 (iPhone; U; CPU iPhone OS 4_1 like Mac OS X; en-us) AppleWebKit/532.9 (KHTML, like Gecko) Version/4.0.5 Mobile/8B117 Safari/6531.22.7 (compatible; Googlebot-Mobile/2.1; +http://www.google.com/bot.html)"
208.115.111.75 - - [09/Jul/2012:01:40:16 +0200] "GET /robots.txt HTTP/1.1" 200 177 "-" "Mozilla/5.0 (compatible; Ezooms/1.0; ezooms.bot@gmail.com)"
208.115.111.75 - - [09/Jul/2012:01:40:31 +0200] "GET /robots.txt HTTP/1.1" 200 177 "-" "Mozilla/5.0 (compatible; Ezooms/1.0; ezooms.bot@gmail.com)"
208.115.111.75 - - [09/Jul/2012:02:29:15 +0200] "GET /robots.txt HTTP/1.1" 200 177 "-" "Mozilla/5.0 (compatible; Ezooms/1.0; ezooms.bot@gmail.com)"
46.4.116.100 - - [09/Jul/2012:03:24:12 +0200] "GET /robots.txt HTTP/1.1" 200 177 "-" "Pixray-Seeker/1.1 (Pixray-Seeker; http://www.pixray.com/pixraybot; crawler@pixray.com)"
46.4.116.100 - - [09/Jul/2012:03:24:12 +0200] "GET /news.php?cs_go=archiv&cs_id=3184&cs_search= HTTP/1.1" 200 13483 "-" "Pixray-Seeker/1.1 (Pixray-Seeker; http://www.pixray.com/pixraybot; crawler@pixray.com)"
176.9.7.28 - - [09/Jul/2012:03:36:42 +0200] "GET /robots.txt HTTP/1.1" 200 177 "-" "Pixray-Seeker/1.1 (Pixray-Seeker; http://www.pixray.com/pixraybot; crawler@pixray.com)"
176.9.7.28 - - [09/Jul/2012:03:36:43 +0200] "GET /news.php?cs_go=archiv&cs_id=3174&cs_search= HTTP/1.1" 200 12253 "-" "Pixray-Seeker/1.1 (Pixray-Seeker; http://www.pixray.com/pixraybot; crawler@pixray.com)"
66.249.66.137 - - [09/Jul/2012:03:54:37 +0200] "GET /lexikon.php?cs_go=3&cs_id=139 HTTP/1.1" 200 8125 "-" "Mozilla/5.0 (compatible; Googlebot/2.1; +http://www.google.com/bot.html)"
46.4.92.141 - - [09/Jul/2012:03:57:15 +0200] "GET /robots.txt HTTP/1.1" 200 177 "-" "Pixray-Seeker/1.1 (Pixray-Seeker; http://www.pixray.com/pixraybot; crawler@pixray.com)"
46.4.92.141 - - [09/Jul/2012:03:57:15 +0200] "GET /news.php?cs_go=archiv&cs_id=1729&cs_search= HTTP/1.1" 200 14256 "-" "Pixray-Seeker/1.1 (Pixray-Seeker; http://www.pixray.com/pixraybot; crawler@pixray.com)"
66.249.66.137 - - [09/Jul/2012:04:03:23 +0200] "GET /news.php?cs_go=archiv&cs_id=2559 HTTP/1.1" 200 5668 "-" "Mozilla/5.0 (compatible; Googlebot/2.1; +http://www.google.com/bot.html)"
66.249.66.137 - - [09/Jul/2012:04:10:06 +0200] "GET /news.php?cs_go=archiv&cs_id=2559 HTTP/1.1" 200 9488 "-" "Mozilla/5.0 (compatible; Googlebot/2.1; +http://www.google.com/bot.html)"
66.249.66.137 - - [09/Jul/2012:04:20:41 +0200] "GET /lexikon.php?cs_go=3&cs_id=140 HTTP/1.1" 200 8676 "-" "Mozilla/5.0 (compatible; Googlebot/2.1; +http://www.google.com/bot.html)"
188.40.85.200 - - [09/Jul/2012:04:23:46 +0200] "GET /robots.txt HTTP/1.1" 200 177 "-" "Pixray-Seeker/1.1 (Pixray-Seeker; http://www.pixray.com/pixraybot; crawler@pixray.com)"
188.40.85.200 - - [09/Jul/2012:04:23:46 +0200] "GET /news.php?cs_go=archiv&cs_id=1788&cs_search= HTTP/1.1" 200 14214 "-" "Pixray-Seeker/1.1 (Pixray-Seeker; http://www.pixray.com/pixraybot; crawler@pixray.com)"
66.249.66.137 - - [09/Jul/2012:04:25:04 +0200] "GET /lexikon.php?cs_go=3&cs_id=211 HTTP/1.1" 200 8494 "-" "Mozilla/5.0 (compatible; Googlebot/2.1; +http://www.google.com/bot.html)"
123.125.71.45 - - [09/Jul/2012:04:30:37 +0200] "GET / HTTP/1.1" 200 15379 "-" "Mozilla/5.0 (compatible; Baiduspider/2.0; +http://www.baidu.com/search/spider.html)"
220.181.108.75 - - [09/Jul/2012:04:30:55 +0200] "GET / HTTP/1.1" 200 7792 "-" "Mozilla/5.0 (compatible; Baiduspider/2.0; +http://www.baidu.com/search/spider.html)"
66.249.66.137 - - [09/Jul/2012:04:33:47 +0200] "GET /lexikon.php?cs_go=3&cs_id=212 HTTP/1.1" 200 8493 "-" "Mozilla/5.0 (compatible; Googlebot/2.1; +http://www.google.com/bot.html)"
94.222.53.32 - - [09/Jul/2012:04:37:38 +0200] "GET /robots.txt HTTP/1.0" 200 177 "-" "Mozilla/5.0 (compatible; MJ12bot/v1.4.3; http://www.majestic12.co.uk/bot.php?+)"
94.222.53.32 - - [09/Jul/2012:04:37:40 +0200] "GET / HTTP/1.1" 200 15379 "-" "Mozilla/5.0 (compatible; MJ12bot/v1.4.3; http://www.majestic12.co.uk/bot.php?+)"
66.249.66.137 - - [09/Jul/2012:04:38:05 +0200] "GET /lexikon.php?cs_go=3&cs_id=92 HTTP/1.1" 200 8461 "-" "Mozilla/5.0 (compatible; Googlebot/2.1; +http://www.google.com/bot.html)"
208.115.111.75 - - [09/Jul/2012:04:38:08 +0200] "GET /robots.txt HTTP/1.1" 200 177 "-" "Mozilla/5.0 (compatible; Ezooms/1.0; ezooms.bot@gmail.com)"
207.46.194.102 - - [09/Jul/2012:04:41:20 +0200] "GET /robots.txt HTTP/1.1" 200 177 "-" "msnbot-media/1.1 (+http://search.msn.com/msnbot.htm)"
207.46.194.102 - - [09/Jul/2012:04:41:20 +0200] "GET /images/logos.jpg HTTP/1.1" 200 15002 "-" "msnbot-media/1.1 (+http://search.msn.com/msnbot.htm)"
207.46.194.102 - - [09/Jul/2012:04:41:21 +0200] "GET / HTTP/1.1" 200 15379 "-" "msnbot-media/1.1 (+http://search.msn.com/msnbot.htm)"
66.249.72.166 - - [09/Jul/2012:04:46:51 +0200] "GET /lexikon.php?cs_go=3&cs_id=209 HTTP/1.1" 200 8227 "-" "Mozilla/5.0 (compatible; Googlebot/2.1; +http://www.google.com/bot.html)"
66.249.72.166 - - [09/Jul/2012:04:51:06 +0200] "GET /lexikon.php?cs_go=3&cs_id=213 HTTP/1.1" 200 8431 "-" "Mozilla/5.0 (compatible; Googlebot/2.1; +http://www.google.com/bot.html)"
66.249.66.137 - - [09/Jul/2012:04:55:33 +0200] "GET /news.php?cs_go=archiv&cs_startpos=0 HTTP/1.1" 200 22312 "-" "Mozilla/5.0 (compatible; Googlebot/2.1; +http://www.google.com/bot.html)"
66.249.66.137 - - [09/Jul/2012:04:59:54 +0200] "GET /news.php?cs_go=archiv&cs_startpos=1450 HTTP/1.1" 200 22486 "-" "Mozilla/5.0 (compatible; Googlebot/2.1; +http://www.google.com/bot.html)"
88.198.67.134 - - [09/Jul/2012:05:00:27 +0200] "GET /robots.txt HTTP/1.1" 200 177 "-" "Pixray-Seeker/1.1 (Pixray-Seeker; http://www.pixray.com/pixraybot; crawler@pixray.com)"
88.198.67.134 - - [09/Jul/2012:05:00:27 +0200] "GET /news.php?cs_go=archiv&cs_id=1800&cs_search= HTTP/1.1" 200 14080 "-" "Pixray-Seeker/1.1 (Pixray-Seeker; http://www.pixray.com/pixraybot; crawler@pixray.com)"
130.83.167.153 - - [09/Jul/2012:05:03:15 +0200] "GET /wunschpreis.php HTTP/1.1" 200 5106 "-" "findlinks/2.6 (+http://wortschatz.uni-leipzig.de/findlinks/)"
130.83.167.153 - - [09/Jul/2012:05:03:16 +0200] "GET /wunschpreis.php HTTP/1.1" 200 11898 "-" "findlinks/2.6 (+http://wortschatz.uni-leipzig.de/findlinks/)"
178.154.179.250 - - [09/Jul/2012:05:04:47 +0200] "GET /robots.txt HTTP/1.1" 200 177 "-" "Mozilla/5.0 (compatible; YandexBot/3.0; +http://yandex.com/bots)"
46.4.92.140 - - [09/Jul/2012:05:10:08 +0200] "GET /robots.txt HTTP/1.1" 200 177 "-" "Pixray-Seeker/1.1 (Pixray-Seeker; http://www.pixray.com/pixraybot; crawler@pixray.com)"
46.4.92.140 - - [09/Jul/2012:05:10:08 +0200] "GET /news.php?cs_go=archiv&cs_id=1790&cs_search= HTTP/1.1" 200 14097 "-" "Pixray-Seeker/1.1 (Pixray-Seeker; http://www.pixray.com/pixraybot; crawler@pixray.com)"
66.249.72.166 - - [09/Jul/2012:05:12:58 +0200] "GET /news.php?cs_go=archiv&cs_id=2874&cs_search= HTTP/1.1" 200 13874 "-" "Mozilla/5.0 (compatible; Googlebot/2.1; +http://www.google.com/bot.html)"
46.4.118.75 - - [09/Jul/2012:05:27:08 +0200] "GET /robots.txt HTTP/1.1" 200 177 "-" "Pixray-Seeker/1.1 (Pixray-Seeker; http://www.pixray.com/pixraybot; crawler@pixray.com)"
46.4.118.75 - - [09/Jul/2012:05:27:08 +0200] "GET /news.php?cs_go=archiv&cs_id=1652&cs_search= HTTP/1.1" 200 13978 "-" "Pixray-Seeker/1.1 (Pixray-Seeker; http://www.pixray.com/pixraybot; crawler@pixray.com)"
46.4.19.85 - - [09/Jul/2012:05:57:27 +0200] "GET /robots.txt HTTP/1.1" 200 177 "-" "Pixray-Seeker/1.1 (Pixray-Seeker; http://www.pixray.com/pixraybot; crawler@pixray.com)"
46.4.19.85 - - [09/Jul/2012:05:57:27 +0200] "GET /news.php?cs_go=archiv&cs_id=1792&cs_search= HTTP/1.1" 200 9495 "-" "Pixray-Seeker/1.1 (Pixray-Seeker; http://www.pixray.com/pixraybot; crawler@pixray.com)"
178.154.179.250 - - [09/Jul/2012:06:04:43 +0200] "GET /news.php HTTP/1.1" 200 22312 "-" "Mozilla/5.0 (compatible; YandexBot/3.0; +http://yandex.com/bots)"
213.186.119.137 - - [09/Jul/2012:06:05:21 +0200] "GET /news.php?cs_go=archiv&cs_id=3172&cs_search= HTTP/1.1" 200 13359 "-" "Mozilla/5.0 (compatible; AhrefsBot/3.1; +http://ahrefs.com/robot/)"
176.9.0.13 - - [09/Jul/2012:06:08:47 +0200] "GET /robots.txt HTTP/1.1" 200 177 "-" "Pixray-Seeker/1.1 (Pixray-Seeker; http://www.pixray.com/pixraybot; crawler@pixray.com)"
176.9.0.13 - - [09/Jul/2012:06:08:47 +0200] "GET /news.php?cs_go=archiv&cs_id=3180&cs_search= HTTP/1.1" 200 13385 "-" "Pixray-Seeker/1.1 (Pixray-Seeker; http://www.pixray.com/pixraybot; crawler@pixray.com)"
213.186.127.5 - - [09/Jul/2012:06:11:39 +0200] "GET /news.php?cs_go=archiv&cs_id=3174&cs_search= HTTP/1.1" 200 12253 "-" "Mozilla/5.0 (compatible; AhrefsBot/3.1; +http://ahrefs.com/robot/)"
213.186.122.2 - - [09/Jul/2012:06:12:52 +0200] "GET /news.php?cs_go=archiv&cs_id=3142&cs_search= HTTP/1.1" 200 11323 "-" "Mozilla/5.0 (compatible; AhrefsBot/3.1; +http://ahrefs.com/robot/)"
213.186.119.142 - - [09/Jul/2012:06:13:19 +0200] "GET /news.php?cs_go=archiv&cs_id=3176&cs_search= HTTP/1.1" 200 13012 "-" "Mozilla/5.0 (compatible; AhrefsBot/3.1; +http://ahrefs.com/robot/)"
213.186.127.8 - - [09/Jul/2012:06:14:29 +0200] "GET /news.php?cs_go=archiv&cs_id=3152&cs_search= HTTP/1.1" 200 9965 "-" "Mozilla/5.0 (compatible; AhrefsBot/3.1; +http://ahrefs.com/robot/)"
212.113.37.106 - - [09/Jul/2012:06:14:41 +0200] "GET /news.php?cs_go=archiv&cs_id=3177&cs_search= HTTP/1.1" 200 13314 "-" "Mozilla/5.0 (compatible; AhrefsBot/3.1; +http://ahrefs.com/robot/)"
213.186.119.144 - - [09/Jul/2012:06:15:41 +0200] "GET /news.php?cs_go=archiv&cs_id=3134&cs_search= HTTP/1.1" 200 12018 "-" "Mozilla/5.0 (compatible; AhrefsBot/3.1; +http://ahrefs.com/robot/)"
213.186.122.3 - - [09/Jul/2012:06:15:43 +0200] "GET /news.php?cs_go=archiv&cs_id=3178&cs_search= HTTP/1.1" 200 9786 "-" "Mozilla/5.0 (compatible; AhrefsBot/3.1; +http://ahrefs.com/robot/)"
213.186.119.137 - - [09/Jul/2012:06:16:36 +0200] "GET /news.php?cs_go=archiv&cs_id=3153&cs_search= HTTP/1.1" 200 14136 "-" "Mozilla/5.0 (compatible; AhrefsBot/3.1; +http://ahrefs.com/robot/)"
213.186.119.131 - - [09/Jul/2012:06:17:38 +0200] "GET /news.php?cs_go=archiv&cs_id=3180&cs_search= HTTP/1.1" 200 13385 "-" "Mozilla/5.0 (compatible; AhrefsBot/3.1; +http://ahrefs.com/robot/)"
46.4.116.100 - - [09/Jul/2012:06:18:30 +0200] "GET /robots.txt HTTP/1.1" 200 177 "-" "Pixray-Seeker/1.1 (Pixray-Seeker; http://www.pixray.com/pixraybot; crawler@pixray.com)"
46.4.116.100 - - [09/Jul/2012:06:18:30 +0200] "GET /news.php?cs_go=archiv&cs_startpos=1461 HTTP/1.1" 200 20914 "-" "Pixray-Seeker/1.1 (Pixray-Seeker; http://www.pixray.com/pixraybot; crawler@pixray.com)"
