93.219.4.5 - - [12/Jul/2012:14:57:43 +0200] "GET /images/fallend.png HTTP/1.1" 200 713 "http://www.mink-gmbh.de/modul.css" "Mozilla/5.0 (Windows NT 6.1; WOW64; rv:13.0) Gecko/20100101 Firefox/13.0.1"
93.219.4.5 - - [12/Jul/2012:14:57:43 +0200] "GET /images/tkw.jpg HTTP/1.1" 200 64031 "http://www.mink-gmbh.de/" "Mozilla/5.0 (Windows NT 6.1; WOW64; rv:13.0) Gecko/20100101 Firefox/13.0.1"
93.219.4.5 - - [12/Jul/2012:14:57:43 +0200] "GET /images/mobil.jpg HTTP/1.1" 200 25293 "http://www.mink-gmbh.de/style.css" "Mozilla/5.0 (Windows NT 6.1; WOW64; rv:13.0) Gecko/20100101 Firefox/13.0.1"
93.219.4.5 - - [12/Jul/2012:14:57:43 +0200] "GET /images/newsletter.jpg HTTP/1.1" 200 13130 "http://www.mink-gmbh.de/style.css" "Mozilla/5.0 (Windows NT 6.1; WOW64; rv:13.0) Gecko/20100101 Firefox/13.0.1"
93.219.4.5 - - [12/Jul/2012:14:57:43 +0200] "GET /js_contentserver24_greybox/loader_frame.html?s=0 HTTP/1.1" 200 2084 "http://www.mink-gmbh.de/" "Mozilla/5.0 (Windows NT 6.1; WOW64; rv:13.0) Gecko/20100101 Firefox/13.0.1"
93.219.4.5 - - [12/Jul/2012:14:57:43 +0200] "GET /js_contentserver24_greybox/header_bg.gif HTTP/1.1" 200 1188 "http://www.mink-gmbh.de/" "Mozilla/5.0 (Windows NT 6.1; WOW64; rv:13.0) Gecko/20100101 Firefox/13.0.1"
93.219.4.5 - - [12/Jul/2012:14:57:43 +0200] "GET /js_contentserver24_greybox/indicator.gif HTTP/1.1" 200 8238 "http://www.mink-gmbh.de/js_contentserver24_greybox/loader_frame.html?s=0" "Mozilla/5.0 (Windows NT 6.1; WOW64; rv:13.0) Gecko/20100101 Firefox/13.0.1"
93.219.4.5 - - [12/Jul/2012:14:57:42 +0200] "GET / HTTP/1.1" 200 15338 "http://www.google.de/url?sa=t&rct=j&q=mink%20oelpreis&source=web&cd=1&ved=0CFYQFjAA&url=http%3A%2F%2Fwww.mink-gmbh.de%2F&ei=ksn-T_q3No_ysgbG15C6AQ&usg=AFQjCNFHX4Iglls9oo-KYXTmDUV_5KOVIg" "Mozilla/5.0 (Windows NT 6.1; WOW64; rv:13.0) Gecko/20100101 Firefox/13.0.1"
93.219.4.5 - - [12/Jul/2012:14:57:43 +0200] "GET /images/freecall.jpg HTTP/1.1" 200 39195 "http://www.mink-gmbh.de/" "Mozilla/5.0 (Windows NT 6.1; WOW64; rv:13.0) Gecko/20100101 Firefox/13.0.1"
93.219.4.5 - - [12/Jul/2012:14:57:43 +0200] "GET /images/mail.jpg HTTP/1.1" 200 11165 "http://www.mink-gmbh.de/" "Mozilla/5.0 (Windows NT 6.1; WOW64; rv:13.0) Gecko/20100101 Firefox/13.0.1"
93.219.4.5 - - [12/Jul/2012:14:57:43 +0200] "GET /images/kwk.gif HTTP/1.1" 200 6403 "http://www.mink-gmbh.de/" "Mozilla/5.0 (Windows NT 6.1; WOW64; rv:13.0) Gecko/20100101 Firefox/13.0.1"
93.219.4.5 - - [12/Jul/2012:14:57:43 +0200] "GET /images/logos.jpg HTTP/1.1" 200 15002 "http://www.mink-gmbh.de/" "Mozilla/5.0 (Windows NT 6.1; WOW64; rv:13.0) Gecko/20100101 Firefox/13.0.1"
93.219.4.5 - - [12/Jul/2012:14:57:43 +0200] "GET /images/wunschpreis.jpg HTTP/1.1" 200 16767 "http://www.mink-gmbh.de/" "Mozilla/5.0 (Windows NT 6.1; WOW64; rv:13.0) Gecko/20100101 Firefox/13.0.1"
93.219.4.5 - - [12/Jul/2012:14:57:43 +0200] "GET /images/footerbg.jpg HTTP/1.1" 200 2184 "http://www.mink-gmbh.de/style.css" "Mozilla/5.0 (Windows NT 6.1; WOW64; rv:13.0) Gecko/20100101 Firefox/13.0.1"
93.219.4.5 - - [12/Jul/2012:14:57:44 +0200] "GET /js_contentserver24_greybox/g_close.gif HTTP/1.1" 200 541 "http://www.mink-gmbh.de/" "Mozilla/5.0 (Windows NT 6.1; WOW64; rv:13.0) Gecko/20100101 Firefox/13.0.1"
93.219.4.5 - - [12/Jul/2012:14:58:20 +0200] "GET /news.php?cs_go=archiv&cs_id=3256 HTTP/1.1" 200 13180 "http://www.mink-gmbh.de/" "Mozilla/5.0 (Windows NT 6.1; WOW64; rv:13.0) Gecko/20100101 Firefox/13.0.1"
93.219.4.5 - - [12/Jul/2012:15:01:09 +0200] "GET / HTTP/1.1" 200 14603 "http://www.google.de/url?sa=t&rct=j&q=mink%20oelpreis&source=web&cd=1&ved=0CFYQFjAA&url=http%3A%2F%2Fwww.mink-gmbh.de%2F&ei=ksn-T_q3No_ysgbG15C6AQ&usg=AFQjCNFHX4Iglls9oo-KYXTmDUV_5KOVIg" "Mozilla/5.0 (Windows NT 6.1; WOW64; rv:13.0) Gecko/20100101 Firefox/13.0.1"
208.115.111.75 - - [12/Jul/2012:15:16:01 +0200] "GET /robots.txt HTTP/1.1" 200 177 "-" "Mozilla/5.0 (compatible; Ezooms/1.0; ezooms.bot@gmail.com)"
208.115.113.91 - - [12/Jul/2012:15:16:07 +0200] "GET /news.php?cs_go=archiv&cs_id=2867&cs_search= HTTP/1.1" 200 13376 "-" "Mozilla/5.0 (compatible; Ezooms/1.0; ezooms.bot@gmail.com)"
209.131.38.42 - - [12/Jul/2012:15:46:28 +0200] "GET /images/logos.jpg HTTP/1.1" 200 15002 "-" "Mozilla/5.0 (iPhone; CPU iPhone OS 5_1_1 like Mac OS X) AppleWebKit/534.46 (KHTML, like Gecko) Version/5.1 Mobile/9B206 Safari/7534.48.3"
66.249.66.147 - - [12/Jul/2012:16:14:52 +0200] "GET /news.php?cs_go=archiv&cs_startpos=0 HTTP/1.1" 200 22224 "-" "Mozilla/5.0 (compatible; Googlebot/2.1; +http://www.google.com/bot.html)"
123.125.71.112 - - [12/Jul/2012:16:22:10 +0200] "GET /js_contentserver24_greybox/gb_styles.css HTTP/1.1" 200 2302 "-" "Mozilla/5.0 (compatible; Baiduspider/2.0; +http://www.baidu.com/search/spider.html)"
88.73.112.211 - - [12/Jul/2012:16:34:31 +0200] "GET / HTTP/1.1" 200 2755 "-" "Mozilla/5.0 (compatible; MSIE 9.0; Windows NT 6.1; WOW64; Trident/5.0)"
88.73.112.211 - - [12/Jul/2012:16:34:32 +0200] "GET /style.css HTTP/1.1" 200 8418 "http://www.mink-gmbh.de/" "Mozilla/5.0 (compatible; MSIE 9.0; Windows NT 6.1; WOW64; Trident/5.0)"
88.73.112.211 - - [12/Jul/2012:16:34:32 +0200] "GET /modul.css HTTP/1.1" 200 35038 "http://www.mink-gmbh.de/" "Mozilla/5.0 (compatible; MSIE 9.0; Windows NT 6.1; WOW64; Trident/5.0)"
88.73.112.211 - - [12/Jul/2012:16:34:32 +0200] "GET /js_contentserver24_greybox/gb_styles.css HTTP/1.1" 200 2302 "http://www.mink-gmbh.de/" "Mozilla/5.0 (compatible; MSIE 9.0; Windows NT 6.1; WOW64; Trident/5.0)"
88.73.112.211 - - [12/Jul/2012:16:34:32 +0200] "GET /js_contentserver24_greybox/AJS.js HTTP/1.1" 200 10396 "http://www.mink-gmbh.de/" "Mozilla/5.0 (compatible; MSIE 9.0; Windows NT 6.1; WOW64; Trident/5.0)"
88.73.112.211 - - [12/Jul/2012:16:34:32 +0200] "GET /js_contentserver24_greybox/AJS_fx.js HTTP/1.1" 200 3192 "http://www.mink-gmbh.de/" "Mozilla/5.0 (compatible; MSIE 9.0; Windows NT 6.1; WOW64; Trident/5.0)"
88.73.112.211 - - [12/Jul/2012:16:34:32 +0200] "GET /js_contentserver24_greybox/gb_scripts.js HTTP/1.1" 200 11913 "http://www.mink-gmbh.de/" "Mozilla/5.0 (compatible; MSIE 9.0; Windows NT 6.1; WOW64; Trident/5.0)"
88.73.112.211 - - [12/Jul/2012:16:34:32 +0200] "GET /images/bg.jpg HTTP/1.1" 200 345 "http://www.mink-gmbh.de/" "Mozilla/5.0 (compatible; MSIE 9.0; Windows NT 6.1; WOW64; Trident/5.0)"
88.73.112.211 - - [12/Jul/2012:16:34:32 +0200] "GET /js_contentserver24_greybox/w_close.gif HTTP/1.1" 200 74 "http://www.mink-gmbh.de/" "Mozilla/5.0 (compatible; MSIE 9.0; Windows NT 6.1; WOW64; Trident/5.0)"
88.73.112.211 - - [12/Jul/2012:16:34:32 +0200] "GET /images/fallend.png HTTP/1.1" 200 713 "http://www.mink-gmbh.de/" "Mozilla/5.0 (compatible; MSIE 9.0; Windows NT 6.1; WOW64; Trident/5.0)"
88.73.112.211 - - [12/Jul/2012:16:34:32 +0200] "GET /images/header.jpg HTTP/1.1" 200 24413 "http://www.mink-gmbh.de/" "Mozilla/5.0 (compatible; MSIE 9.0; Windows NT 6.1; WOW64; Trident/5.0)"
88.73.112.211 - - [12/Jul/2012:16:34:32 +0200] "GET /images/newsletter.png HTTP/1.1" 200 14619 "http://www.mink-gmbh.de/" "Mozilla/5.0 (compatible; MSIE 9.0; Windows NT 6.1; WOW64; Trident/5.0)"
88.73.112.211 - - [12/Jul/2012:16:34:32 +0200] "GET /images/close.png HTTP/1.1" 200 703 "http://www.mink-gmbh.de/" "Mozilla/5.0 (compatible; MSIE 9.0; Windows NT 6.1; WOW64; Trident/5.0)"
88.73.112.211 - - [12/Jul/2012:16:34:32 +0200] "GET /images/navibg.png HTTP/1.1" 200 2803 "http://www.mink-gmbh.de/" "Mozilla/5.0 (compatible; MSIE 9.0; Windows NT 6.1; WOW64; Trident/5.0)"
88.73.112.211 - - [12/Jul/2012:16:34:32 +0200] "GET /images/wrapperbg.jpg HTTP/1.1" 200 27465 "http://www.mink-gmbh.de/" "Mozilla/5.0 (compatible; MSIE 9.0; Windows NT 6.1; WOW64; Trident/5.0)"
88.73.112.211 - - [12/Jul/2012:16:34:31 +0200] "GET / HTTP/1.1" 200 15338 "-" "Mozilla/5.0 (compatible; MSIE 9.0; Windows NT 6.1; WOW64; Trident/5.0)"
88.73.112.211 - - [12/Jul/2012:16:34:32 +0200] "GET /images/newsletter_bg.jpg HTTP/1.1" 200 33610 "http://www.mink-gmbh.de/" "Mozilla/5.0 (compatible; MSIE 9.0; Windows NT 6.1; WOW64; Trident/5.0)"
88.73.112.211 - - [12/Jul/2012:16:34:32 +0200] "GET /images/newsletter.jpg HTTP/1.1" 200 13130 "http://www.mink-gmbh.de/" "Mozilla/5.0 (compatible; MSIE 9.0; Windows NT 6.1; WOW64; Trident/5.0)"
88.73.112.211 - - [12/Jul/2012:16:34:33 +0200] "GET /images/mobil.jpg HTTP/1.1" 200 25293 "http://www.mink-gmbh.de/" "Mozilla/5.0 (compatible; MSIE 9.0; Windows NT 6.1; WOW64; Trident/5.0)"
88.73.112.211 - - [12/Jul/2012:16:34:32 +0200] "GET /images/tkw.jpg HTTP/1.1" 200 64031 "http://www.mink-gmbh.de/" "Mozilla/5.0 (compatible; MSIE 9.0; Windows NT 6.1; WOW64; Trident/5.0)"
88.73.112.211 - - [12/Jul/2012:16:34:33 +0200] "GET /js_contentserver24_greybox/header_bg.gif HTTP/1.1" 200 1188 "http://www.mink-gmbh.de/" "Mozilla/5.0 (compatible; MSIE 9.0; Windows NT 6.1; WOW64; Trident/5.0)"
88.73.112.211 - - [12/Jul/2012:16:34:33 +0200] "GET /images/freecall.jpg HTTP/1.1" 200 39195 "http://www.mink-gmbh.de/" "Mozilla/5.0 (compatible; MSIE 9.0; Windows NT 6.1; WOW64; Trident/5.0)"
88.73.112.211 - - [12/Jul/2012:16:34:33 +0200] "GET /images/mail.jpg HTTP/1.1" 200 11165 "http://www.mink-gmbh.de/" "Mozilla/5.0 (compatible; MSIE 9.0; Windows NT 6.1; WOW64; Trident/5.0)"
88.73.112.211 - - [12/Jul/2012:16:34:33 +0200] "GET /images/kwk.gif HTTP/1.1" 200 6403 "http://www.mink-gmbh.de/" "Mozilla/5.0 (compatible; MSIE 9.0; Windows NT 6.1; WOW64; Trident/5.0)"
88.73.112.211 - - [12/Jul/2012:16:34:33 +0200] "GET /images/wunschpreis.jpg HTTP/1.1" 200 16767 "http://www.mink-gmbh.de/" "Mozilla/5.0 (compatible; MSIE 9.0; Windows NT 6.1; WOW64; Trident/5.0)"
88.73.112.211 - - [12/Jul/2012:16:34:33 +0200] "GET /js_contentserver24_greybox/loader_frame.html?s=0 HTTP/1.1" 200 2084 "http://www.mink-gmbh.de/" "Mozilla/5.0 (compatible; MSIE 9.0; Windows NT 6.1; WOW64; Trident/5.0)"
88.73.112.211 - - [12/Jul/2012:16:34:33 +0200] "GET /images/logos.jpg HTTP/1.1" 200 15002 "http://www.mink-gmbh.de/" "Mozilla/5.0 (compatible; MSIE 9.0; Windows NT 6.1; WOW64; Trident/5.0)"
88.73.112.211 - - [12/Jul/2012:16:34:33 +0200] "GET /images/footerbg.jpg HTTP/1.1" 200 2184 "http://www.mink-gmbh.de/" "Mozilla/5.0 (compatible; MSIE 9.0; Windows NT 6.1; WOW64; Trident/5.0)"
88.73.112.211 - - [12/Jul/2012:16:34:33 +0200] "GET /js_contentserver24_greybox/indicator.gif HTTP/1.1" 200 8238 "http://www.mink-gmbh.de/js_contentserver24_greybox/loader_frame.html?s=0" "Mozilla/5.0 (compatible; MSIE 9.0; Windows NT 6.1; WOW64; Trident/5.0)"
88.73.112.211 - - [12/Jul/2012:16:34:33 +0200] "GET /js_contentserver24_greybox/g_close.gif HTTP/1.1" 200 541 "http://www.mink-gmbh.de/" "Mozilla/5.0 (compatible; MSIE 9.0; Windows NT 6.1; WOW64; Trident/5.0)"
88.73.112.211 - - [12/Jul/2012:16:34:34 +0200] "GET /favicon.ico HTTP/1.1" 200 3638 "-" "Mozilla/5.0 (compatible; MSIE 9.0; Windows NT 6.1; WOW64; Trident/5.0)"
88.73.112.211 - - [12/Jul/2012:16:34:43 +0200] "GET /modernisierung.php HTTP/1.1" 200 11424 "http://my10.contentserver24.de/content.php?key=8cbfc89c6095570b423d&cs_mid=22&cs_go=popupcontent" "Mozilla/5.0 (compatible; MSIE 9.0; Windows NT 6.1; WOW64; Trident/5.0)"
88.73.112.211 - - [12/Jul/2012:16:35:06 +0200] "GET /standard.php HTTP/1.1" 200 9063 "http://www.mink-gmbh.de/modernisierung.php" "Mozilla/5.0 (compatible; MSIE 9.0; Windows NT 6.1; WOW64; Trident/5.0)"
88.73.112.211 - - [12/Jul/2012:16:35:16 +0200] "GET /preisanfrage.php HTTP/1.1" 200 10549 "http://www.mink-gmbh.de/standard.php" "Mozilla/5.0 (compatible; MSIE 9.0; Windows NT 6.1; WOW64; Trident/5.0)"
88.73.112.211 - - [12/Jul/2012:16:35:33 +0200] "GET /wunschpreis.php HTTP/1.1" 200 11898 "http://www.mink-gmbh.de/preisanfrage.php" "Mozilla/5.0 (compatible; MSIE 9.0; Windows NT 6.1; WOW64; Trident/5.0)"
88.73.112.211 - - [12/Jul/2012:16:35:37 +0200] "GET /index.php HTTP/1.1" 200 14603 "http://www.mink-gmbh.de/wunschpreis.php" "Mozilla/5.0 (compatible; MSIE 9.0; Windows NT 6.1; WOW64; Trident/5.0)"
66.249.66.147 - - [12/Jul/2012:16:36:00 +0200] "GET /news.php?cs_go=archiv&cs_startpos=250 HTTP/1.1" 200 22953 "-" "Mozilla/5.0 (compatible; Googlebot/2.1; +http://www.google.com/bot.html)"
88.73.112.211 - - [12/Jul/2012:16:36:16 +0200] "GET /news.php?cs_go=archiv&cs_id=3256 HTTP/1.1" 200 13180 "http://www.mink-gmbh.de/index.php" "Mozilla/5.0 (compatible; MSIE 9.0; Windows NT 6.1; WOW64; Trident/5.0)"
88.73.112.211 - - [12/Jul/2012:16:36:41 +0200] "GET /index.php HTTP/1.1" 200 14603 "http://www.mink-gmbh.de/wunschpreis.php" "Mozilla/5.0 (compatible; MSIE 9.0; Windows NT 6.1; WOW64; Trident/5.0)"
88.73.112.211 - - [12/Jul/2012:16:36:54 +0200] "GET /wunschpreis.php HTTP/1.1" 200 11898 "http://www.mink-gmbh.de/preisanfrage.php" "Mozilla/5.0 (compatible; MSIE 9.0; Windows NT 6.1; WOW64; Trident/5.0)"
88.73.112.211 - - [12/Jul/2012:16:36:59 +0200] "GET /preisanfrage.php HTTP/1.1" 200 10549 "http://www.mink-gmbh.de/standard.php" "Mozilla/5.0 (compatible; MSIE 9.0; Windows NT 6.1; WOW64; Trident/5.0)"
88.73.112.211 - - [12/Jul/2012:16:37:00 +0200] "GET /standard.php HTTP/1.1" 200 9063 "http://www.mink-gmbh.de/modernisierung.php" "Mozilla/5.0 (compatible; MSIE 9.0; Windows NT 6.1; WOW64; Trident/5.0)"
88.73.112.211 - - [12/Jul/2012:16:37:01 +0200] "GET /modernisierung.php HTTP/1.1" 200 11424 "http://my10.contentserver24.de/content.php?key=8cbfc89c6095570b423d&cs_mid=22&cs_go=popupcontent" "Mozilla/5.0 (compatible; MSIE 9.0; Windows NT 6.1; WOW64; Trident/5.0)"
88.73.112.211 - - [12/Jul/2012:16:37:01 +0200] "GET / HTTP/1.1" 200 14603 "-" "Mozilla/5.0 (compatible; MSIE 9.0; Windows NT 6.1; WOW64; Trident/5.0)"
213.186.119.138 - - [12/Jul/2012:16:39:53 +0200] "GET /lexikon.php?cs_go=2&cs_char=p HTTP/1.1" 200 9097 "-" "Mozilla/5.0 (compatible; AhrefsBot/3.0; +http://ahrefs.com/robot/)"
208.115.113.91 - - [12/Jul/2012:17:04:20 +0200] "GET /robots.txt HTTP/1.1" 200 177 "-" "Mozilla/5.0 (compatible; Ezooms/1.0; ezooms.bot@gmail.com)"
66.249.72.169 - - [12/Jul/2012:17:42:56 +0200] "GET /optiplus.php HTTP/1.1" 200 11011 "-" "Mozilla/5.0 (compatible; Googlebot/2.1; +http://www.google.com/bot.html)"
65.52.109.151 - - [12/Jul/2012:17:49:17 +0200] "GET /robots.txt HTTP/1.1" 200 177 "-" "Mozilla/5.0 (compatible; bingbot/2.0; +http://www.bing.com/bingbot.htm)"
66.249.71.108 - - [12/Jul/2012:17:50:03 +0200] "GET /robots.txt HTTP/1.1" 200 177 "-" "Mozilla/5.0 (compatible; Googlebot/2.1; +http://www.google.com/bot.html)"
66.249.71.108 - - [12/Jul/2012:17:50:03 +0200] "GET /images/Optiseite.jpg HTTP/1.1" 200 32107 "-" "Mozilla/5.0 (compatible; Googlebot/2.1; +http://www.google.com/bot.html)"
66.249.71.108 - - [12/Jul/2012:17:50:04 +0200] "GET /images/optiplus.jpg HTTP/1.1" 200 37436 "-" "Mozilla/5.0 (compatible; Googlebot/2.1; +http://www.google.com/bot.html)"
65.52.109.151 - - [12/Jul/2012:17:51:11 +0200] "GET /seiten/impres.htm HTTP/1.1" 404 - "-" "Mozilla/5.0 (compatible; bingbot/2.0; +http://www.bing.com/bingbot.htm)"
66.249.71.108 - - [12/Jul/2012:17:59:49 +0200] "GET /.php HTTP/1.1" 404 - "-" "Mozilla/5.0 (compatible; Googlebot/2.1; +http://www.google.com/bot.html)"
188.40.66.214 - - [12/Jul/2012:18:03:12 +0200] "GET /robots.txt HTTP/1.1" 200 177 "-" "Pixray-Seeker/1.1 (Pixray-Seeker; http://www.pixray.com/pixraybot; crawler@pixray.com)"
188.40.66.214 - - [12/Jul/2012:18:03:12 +0200] "GET /news.php?cs_go=archiv&cs_id=3094&cs_search= HTTP/1.1" 200 10382 "-" "Pixray-Seeker/1.1 (Pixray-Seeker; http://www.pixray.com/pixraybot; crawler@pixray.com)"
66.249.71.108 - - [12/Jul/2012:18:20:30 +0200] "GET /news.php?cs_go=archiv&cs_id=2909&cs_search= HTTP/1.1" 200 14249 "-" "Mozilla/5.0 (compatible; Googlebot/2.1; +http://www.google.com/bot.html)"
89.247.49.112 - - [12/Jul/2012:18:39:59 +0200] "GET /style.css HTTP/1.1" 200 8418 "http://www.mink-gmbh.de/index.php" "Mozilla/5.0 (Windows NT 6.1; rv:13.0) Gecko/20100101 Firefox/13.0.1"
89.247.49.112 - - [12/Jul/2012:18:39:59 +0200] "GET /modul.css HTTP/1.1" 200 35038 "http://www.mink-gmbh.de/index.php" "Mozilla/5.0 (Windows NT 6.1; rv:13.0) Gecko/20100101 Firefox/13.0.1"
89.247.49.112 - - [12/Jul/2012:18:39:59 +0200] "GET /favicon.ico HTTP/1.1" 200 3638 "-" "Mozilla/5.0 (Windows NT 6.1; rv:13.0) Gecko/20100101 Firefox/13.0.1"
89.247.49.112 - - [12/Jul/2012:18:39:59 +0200] "GET /js_contentserver24_greybox/gb_styles.css HTTP/1.1" 200 2302 "http://www.mink-gmbh.de/index.php" "Mozilla/5.0 (Windows NT 6.1; rv:13.0) Gecko/20100101 Firefox/13.0.1"
89.247.49.112 - - [12/Jul/2012:18:39:59 +0200] "GET /js_contentserver24_greybox/AJS.js HTTP/1.1" 200 10396 "http://www.mink-gmbh.de/index.php" "Mozilla/5.0 (Windows NT 6.1; rv:13.0) Gecko/20100101 Firefox/13.0.1"
89.247.49.112 - - [12/Jul/2012:18:39:59 +0200] "GET /js_contentserver24_greybox/AJS_fx.js HTTP/1.1" 200 3192 "http://www.mink-gmbh.de/index.php" "Mozilla/5.0 (Windows NT 6.1; rv:13.0) Gecko/20100101 Firefox/13.0.1"
89.247.49.112 - - [12/Jul/2012:18:40:00 +0200] "GET /js_contentserver24_greybox/gb_scripts.js HTTP/1.1" 200 11913 "http://www.mink-gmbh.de/index.php" "Mozilla/5.0 (Windows NT 6.1; rv:13.0) Gecko/20100101 Firefox/13.0.1"
89.247.49.112 - - [12/Jul/2012:18:39:59 +0200] "GET /index.php HTTP/1.1" 200 15338 "-" "Mozilla/5.0 (Windows NT 6.1; rv:13.0) Gecko/20100101 Firefox/13.0.1"
89.247.49.112 - - [12/Jul/2012:18:41:16 +0200] "GET /style.css HTTP/1.1" 200 8418 "http://www.mink-gmbh.de/index.php" "Mozilla/5.0 (Windows NT 6.1; rv:13.0) Gecko/20100101 Firefox/13.0.1"
89.247.49.112 - - [12/Jul/2012:18:41:16 +0200] "GET /modul.css HTTP/1.1" 200 35038 "http://www.mink-gmbh.de/index.php" "Mozilla/5.0 (Windows NT 6.1; rv:13.0) Gecko/20100101 Firefox/13.0.1"
89.247.49.112 - - [12/Jul/2012:18:41:17 +0200] "GET /favicon.ico HTTP/1.1" 200 3638 "-" "Mozilla/5.0 (Windows NT 6.1; rv:13.0) Gecko/20100101 Firefox/13.0.1"
89.247.49.112 - - [12/Jul/2012:18:41:17 +0200] "GET /js_contentserver24_greybox/gb_styles.css HTTP/1.1" 200 2302 "http://www.mink-gmbh.de/index.php" "Mozilla/5.0 (Windows NT 6.1; rv:13.0) Gecko/20100101 Firefox/13.0.1"
89.247.49.112 - - [12/Jul/2012:18:41:17 +0200] "GET /js_contentserver24_greybox/AJS.js HTTP/1.1" 200 10396 "http://www.mink-gmbh.de/index.php" "Mozilla/5.0 (Windows NT 6.1; rv:13.0) Gecko/20100101 Firefox/13.0.1"
89.247.49.112 - - [12/Jul/2012:18:41:17 +0200] "GET /js_contentserver24_greybox/AJS_fx.js HTTP/1.1" 200 3192 "http://www.mink-gmbh.de/index.php" "Mozilla/5.0 (Windows NT 6.1; rv:13.0) Gecko/20100101 Firefox/13.0.1"
89.247.49.112 - - [12/Jul/2012:18:41:17 +0200] "GET /js_contentserver24_greybox/gb_scripts.js HTTP/1.1" 200 11913 "http://www.mink-gmbh.de/index.php" "Mozilla/5.0 (Windows NT 6.1; rv:13.0) Gecko/20100101 Firefox/13.0.1"
89.247.49.112 - - [12/Jul/2012:18:41:16 +0200] "GET /index.php HTTP/1.1" 200 15338 "-" "Mozilla/5.0 (Windows NT 6.1; rv:13.0) Gecko/20100101 Firefox/13.0.1"
89.247.49.112 - - [12/Jul/2012:18:41:17 +0200] "GET /images/tkw.jpg HTTP/1.1" 200 64031 "http://www.mink-gmbh.de/index.php" "Mozilla/5.0 (Windows NT 6.1; rv:13.0) Gecko/20100101 Firefox/13.0.1"
89.247.49.112 - - [12/Jul/2012:18:41:18 +0200] "GET /images/freecall.jpg HTTP/1.1" 200 39195 "http://www.mink-gmbh.de/index.php" "Mozilla/5.0 (Windows NT 6.1; rv:13.0) Gecko/20100101 Firefox/13.0.1"
89.247.49.112 - - [12/Jul/2012:18:41:18 +0200] "GET /images/mail.jpg HTTP/1.1" 200 11165 "http://www.mink-gmbh.de/index.php" "Mozilla/5.0 (Windows NT 6.1; rv:13.0) Gecko/20100101 Firefox/13.0.1"
89.247.49.112 - - [12/Jul/2012:18:41:18 +0200] "GET /images/kwk.gif HTTP/1.1" 200 6403 "http://www.mink-gmbh.de/index.php" "Mozilla/5.0 (Windows NT 6.1; rv:13.0) Gecko/20100101 Firefox/13.0.1"
89.247.49.112 - - [12/Jul/2012:18:41:18 +0200] "GET /images/wunschpreis.jpg HTTP/1.1" 200 16767 "http://www.mink-gmbh.de/index.php" "Mozilla/5.0 (Windows NT 6.1; rv:13.0) Gecko/20100101 Firefox/13.0.1"
89.247.49.112 - - [12/Jul/2012:18:41:18 +0200] "GET /images/logos.jpg HTTP/1.1" 200 15002 "http://www.mink-gmbh.de/index.php" "Mozilla/5.0 (Windows NT 6.1; rv:13.0) Gecko/20100101 Firefox/13.0.1"
89.247.49.112 - - [12/Jul/2012:18:41:19 +0200] "GET /images/bg.jpg HTTP/1.1" 200 345 "http://www.mink-gmbh.de/style.css" "Mozilla/5.0 (Windows NT 6.1; rv:13.0) Gecko/20100101 Firefox/13.0.1"
89.247.49.112 - - [12/Jul/2012:18:41:19 +0200] "GET /js_contentserver24_greybox/w_close.gif HTTP/1.1" 200 74 "http://www.mink-gmbh.de/index.php" "Mozilla/5.0 (Windows NT 6.1; rv:13.0) Gecko/20100101 Firefox/13.0.1"
89.247.49.112 - - [12/Jul/2012:18:41:19 +0200] "GET /images/close.png HTTP/1.1" 200 703 "http://www.mink-gmbh.de/index.php" "Mozilla/5.0 (Windows NT 6.1; rv:13.0) Gecko/20100101 Firefox/13.0.1"
89.247.49.112 - - [12/Jul/2012:18:41:19 +0200] "GET /images/newsletter_bg.jpg HTTP/1.1" 200 33610 "http://www.mink-gmbh.de/index.php" "Mozilla/5.0 (Windows NT 6.1; rv:13.0) Gecko/20100101 Firefox/13.0.1"
89.247.49.112 - - [12/Jul/2012:18:41:19 +0200] "GET /images/newsletter.png HTTP/1.1" 200 14619 "http://www.mink-gmbh.de/style.css" "Mozilla/5.0 (Windows NT 6.1; rv:13.0) Gecko/20100101 Firefox/13.0.1"
89.247.49.112 - - [12/Jul/2012:18:41:19 +0200] "GET /images/wrapperbg.jpg HTTP/1.1" 200 27465 "http://www.mink-gmbh.de/style.css" "Mozilla/5.0 (Windows NT 6.1; rv:13.0) Gecko/20100101 Firefox/13.0.1"
89.247.49.112 - - [12/Jul/2012:18:41:19 +0200] "GET /images/header.jpg HTTP/1.1" 200 24413 "http://www.mink-gmbh.de/style.css" "Mozilla/5.0 (Windows NT 6.1; rv:13.0) Gecko/20100101 Firefox/13.0.1"
89.247.49.112 - - [12/Jul/2012:18:41:19 +0200] "GET /images/navibg.png HTTP/1.1" 200 2803 "http://www.mink-gmbh.de/style.css" "Mozilla/5.0 (Windows NT 6.1; rv:13.0) Gecko/20100101 Firefox/13.0.1"
89.247.49.112 - - [12/Jul/2012:18:41:19 +0200] "GET /images/fallend.png HTTP/1.1" 200 713 "http://www.mink-gmbh.de/modul.css" "Mozilla/5.0 (Windows NT 6.1; rv:13.0) Gecko/20100101 Firefox/13.0.1"
89.247.49.112 - - [12/Jul/2012:18:41:19 +0200] "GET /images/mobil.jpg HTTP/1.1" 200 25293 "http://www.mink-gmbh.de/style.css" "Mozilla/5.0 (Windows NT 6.1; rv:13.0) Gecko/20100101 Firefox/13.0.1"
89.247.49.112 - - [12/Jul/2012:18:41:19 +0200] "GET /images/newsletter.jpg HTTP/1.1" 200 13130 "http://www.mink-gmbh.de/style.css" "Mozilla/5.0 (Windows NT 6.1; rv:13.0) Gecko/20100101 Firefox/13.0.1"
89.247.49.112 - - [12/Jul/2012:18:41:19 +0200] "GET /images/footerbg.jpg HTTP/1.1" 200 2184 "http://www.mink-gmbh.de/style.css" "Mozilla/5.0 (Windows NT 6.1; rv:13.0) Gecko/20100101 Firefox/13.0.1"
89.247.49.112 - - [12/Jul/2012:18:41:19 +0200] "GET /js_contentserver24_greybox/header_bg.gif HTTP/1.1" 200 1188 "http://www.mink-gmbh.de/index.php" "Mozilla/5.0 (Windows NT 6.1; rv:13.0) Gecko/20100101 Firefox/13.0.1"
89.247.49.112 - - [12/Jul/2012:18:41:19 +0200] "GET /js_contentserver24_greybox/g_close.gif HTTP/1.1" 200 541 "http://www.mink-gmbh.de/index.php" "Mozilla/5.0 (Windows NT 6.1; rv:13.0) Gecko/20100101 Firefox/13.0.1"
89.247.49.112 - - [12/Jul/2012:18:41:19 +0200] "GET /js_contentserver24_greybox/indicator.gif HTTP/1.1" 200 8238 "http://www.mink-gmbh.de/index.php" "Mozilla/5.0 (Windows NT 6.1; rv:13.0) Gecko/20100101 Firefox/13.0.1"
89.247.49.112 - - [12/Jul/2012:18:41:20 +0200] "GET /js_contentserver24_greybox/loader_frame.html?s=0 HTTP/1.1" 200 2084 "http://www.mink-gmbh.de/index.php" "Mozilla/5.0 (Windows NT 6.1; rv:13.0) Gecko/20100101 Firefox/13.0.1"
66.249.71.108 - - [12/Jul/2012:18:43:55 +0200] "GET /lexikon.php?cs_go=3&cs_id=133 HTTP/1.1" 200 8663 "-" "Mozilla/5.0 (compatible; Googlebot/2.1; +http://www.google.com/bot.html)"
208.115.113.91 - - [12/Jul/2012:18:53:13 +0200] "GET /news.php?cs_go=archiv&cs_id=2939&cs_search= HTTP/1.1" 200 13695 "-" "Mozilla/5.0 (compatible; Ezooms/1.0; ezooms.bot@gmail.com)"
208.115.113.91 - - [12/Jul/2012:18:53:18 +0200] "GET /news.php?cs_go=archiv&cs_id=2981&cs_search= HTTP/1.1" 200 11657 "-" "Mozilla/5.0 (compatible; Ezooms/1.0; ezooms.bot@gmail.com)"
123.125.71.78 - - [12/Jul/2012:19:03:38 +0200] "GET /robots.txt HTTP/1.1" 200 177 "-" "Mozilla/5.0 (Windows NT 5.1; rv:6.0.2) Gecko/20100101 Firefox/6.0.2"
66.249.71.108 - - [12/Jul/2012:19:07:31 +0200] "GET /news.php?cs_go=archiv&cs_id=2571&cs_search= HTTP/1.1" 200 14665 "-" "Mozilla/5.0 (compatible; Googlebot/2.1; +http://www.google.com/bot.html)"
208.115.111.75 - - [12/Jul/2012:19:08:50 +0200] "GET /robots.txt HTTP/1.1" 200 177 "-" "Mozilla/5.0 (compatible; Ezooms/1.0; ezooms.bot@gmail.com)"
66.249.71.108 - - [12/Jul/2012:19:09:09 +0200] "GET /kwk.php HTTP/1.1" 200 10815 "-" "Mozilla/5.0 (compatible; Googlebot/2.1; +http://www.google.com/bot.html)"
123.125.71.41 - - [12/Jul/2012:19:21:31 +0200] "GET /preisanfrage.php HTTP/1.1" 200 10636 "-" "Mozilla/5.0 (compatible; Baiduspider/2.0; +http://www.baidu.com/search/spider.html)"
66.249.71.108 - - [12/Jul/2012:19:31:08 +0200] "GET /lexikon.php?cs_go=3&cs_id=178 HTTP/1.1" 200 8411 "-" "Mozilla/5.0 (compatible; Googlebot/2.1; +http://www.google.com/bot.html)"
65.36.241.79 - - [12/Jul/2012:19:32:29 +0200] "HEAD / HTTP/1.1" 200 - "-" "InternetSeer.com"
93.220.22.12 - - [12/Jul/2012:19:56:04 +0200] "GET /preisanfrage.php HTTP/1.1" 200 10636 "http://www.bing.com/local/details.aspx?lid=YN6753x262037457&what=mink%20%20heiz%c3%b6l&where=Berlin%2c%20Berlin&q=mink%20%20heiz%c3%b6l%20Berlin%2c%20Berlin&qt=yp&tid=e94655e61f3c4bcf844121998f30e16a&mkt=de-de&FORM=LLSV" "Mozilla/5.0 (compatible; MSIE 9.0; Windows NT 6.1; WOW64; Trident/5.0)"
93.220.22.12 - - [12/Jul/2012:19:56:04 +0200] "GET /style.css HTTP/1.1" 200 8418 "http://www.mink-gmbh.de/preisanfrage.php" "Mozilla/5.0 (compatible; MSIE 9.0; Windows NT 6.1; WOW64; Trident/5.0)"
93.220.22.12 - - [12/Jul/2012:19:56:04 +0200] "GET /modul.css HTTP/1.1" 200 35038 "http://www.mink-gmbh.de/preisanfrage.php" "Mozilla/5.0 (compatible; MSIE 9.0; Windows NT 6.1; WOW64; Trident/5.0)"
93.220.22.12 - - [12/Jul/2012:19:56:04 +0200] "GET /images/wunschpreis.jpg HTTP/1.1" 200 16767 "http://www.mink-gmbh.de/preisanfrage.php" "Mozilla/5.0 (compatible; MSIE 9.0; Windows NT 6.1; WOW64; Trident/5.0)"
93.220.22.12 - - [12/Jul/2012:19:56:05 +0200] "GET /images/mail.jpg HTTP/1.1" 200 11165 "http://www.mink-gmbh.de/preisanfrage.php" "Mozilla/5.0 (compatible; MSIE 9.0; Windows NT 6.1; WOW64; Trident/5.0)"
93.220.22.12 - - [12/Jul/2012:19:56:05 +0200] "GET /images/logos.jpg HTTP/1.1" 200 15002 "http://www.mink-gmbh.de/preisanfrage.php" "Mozilla/5.0 (compatible; MSIE 9.0; Windows NT 6.1; WOW64; Trident/5.0)"
93.220.22.12 - - [12/Jul/2012:19:56:05 +0200] "GET /images/kwk.gif HTTP/1.1" 200 6403 "http://www.mink-gmbh.de/preisanfrage.php" "Mozilla/5.0 (compatible; MSIE 9.0; Windows NT 6.1; WOW64; Trident/5.0)"
93.220.22.12 - - [12/Jul/2012:19:56:05 +0200] "GET /images/freecall.jpg HTTP/1.1" 200 39195 "http://www.mink-gmbh.de/preisanfrage.php" "Mozilla/5.0 (compatible; MSIE 9.0; Windows NT 6.1; WOW64; Trident/5.0)"
93.220.22.12 - - [12/Jul/2012:19:56:05 +0200] "GET /images/wrapperbg.jpg HTTP/1.1" 200 27465 "http://www.mink-gmbh.de/preisanfrage.php" "Mozilla/5.0 (compatible; MSIE 9.0; Windows NT 6.1; WOW64; Trident/5.0)"
93.220.22.12 - - [12/Jul/2012:19:56:05 +0200] "GET /images/navibg.png HTTP/1.1" 200 2803 "http://www.mink-gmbh.de/preisanfrage.php" "Mozilla/5.0 (compatible; MSIE 9.0; Windows NT 6.1; WOW64; Trident/5.0)"
93.220.22.12 - - [12/Jul/2012:19:56:05 +0200] "GET /images/close.png HTTP/1.1" 200 703 "http://www.mink-gmbh.de/preisanfrage.php" "Mozilla/5.0 (compatible; MSIE 9.0; Windows NT 6.1; WOW64; Trident/5.0)"
93.220.22.12 - - [12/Jul/2012:19:56:05 +0200] "GET /images/newsletter.png HTTP/1.1" 200 14619 "http://www.mink-gmbh.de/preisanfrage.php" "Mozilla/5.0 (compatible; MSIE 9.0; Windows NT 6.1; WOW64; Trident/5.0)"
93.220.22.12 - - [12/Jul/2012:19:56:05 +0200] "GET /images/newsletter_bg.jpg HTTP/1.1" 200 33610 "http://www.mink-gmbh.de/preisanfrage.php" "Mozilla/5.0 (compatible; MSIE 9.0; Windows NT 6.1; WOW64; Trident/5.0)"
93.220.22.12 - - [12/Jul/2012:19:56:05 +0200] "GET /images/bg.jpg HTTP/1.1" 200 345 "http://www.mink-gmbh.de/preisanfrage.php" "Mozilla/5.0 (compatible; MSIE 9.0; Windows NT 6.1; WOW64; Trident/5.0)"
93.220.22.12 - - [12/Jul/2012:19:56:05 +0200] "GET /images/header.jpg HTTP/1.1" 200 24413 "http://www.mink-gmbh.de/preisanfrage.php" "Mozilla/5.0 (compatible; MSIE 9.0; Windows NT 6.1; WOW64; Trident/5.0)"
93.220.22.12 - - [12/Jul/2012:19:56:05 +0200] "GET /images/footerbg.jpg HTTP/1.1" 200 2184 "http://www.mink-gmbh.de/preisanfrage.php" "Mozilla/5.0 (compatible; MSIE 9.0; Windows NT 6.1; WOW64; Trident/5.0)"
93.220.22.12 - - [12/Jul/2012:19:56:05 +0200] "GET /favicon.ico HTTP/1.1" 200 3638 "-" "Mozilla/5.0 (compatible; MSIE 9.0; Windows NT 6.1; WOW64; Trident/5.0)"
178.255.215.64 - - [12/Jul/2012:20:23:40 +0200] "GET /faq.php HTTP/1.1" 200 185673 "-" "Mozilla/5.0 (compatible; Exabot/3.0; +http://www.exabot.com/go/robot)"
66.249.71.108 - - [12/Jul/2012:20:41:40 +0200] "GET /news.php?cs_go=archiv&cs_id=3088&cs_search= HTTP/1.1" 200 9918 "-" "Mozilla/5.0 (compatible; Googlebot/2.1; +http://www.google.com/bot.html)"
66.249.71.108 - - [12/Jul/2012:20:45:55 +0200] "GET /standard.php HTTP/1.1" 200 9150 "-" "Mozilla/5.0 (compatible; Googlebot/2.1; +http://www.google.com/bot.html)"
208.115.113.91 - - [12/Jul/2012:20:51:43 +0200] "GET /robots.txt HTTP/1.1" 200 177 "-" "Mozilla/5.0 (compatible; Ezooms/1.0; ezooms.bot@gmail.com)"
89.247.4.206 - - [12/Jul/2012:21:20:46 +0200] "GET /style.css HTTP/1.1" 200 8418 "http://www.mink-gmbh.de/index.php" "Mozilla/5.0 (Windows NT 6.1; rv:13.0) Gecko/20100101 Firefox/13.0.1"
89.247.4.206 - - [12/Jul/2012:21:20:46 +0200] "GET /modul.css HTTP/1.1" 200 35038 "http://www.mink-gmbh.de/index.php" "Mozilla/5.0 (Windows NT 6.1; rv:13.0) Gecko/20100101 Firefox/13.0.1"
89.247.4.206 - - [12/Jul/2012:21:20:47 +0200] "GET /favicon.ico HTTP/1.1" 200 3638 "-" "Mozilla/5.0 (Windows NT 6.1; rv:13.0) Gecko/20100101 Firefox/13.0.1"
89.247.4.206 - - [12/Jul/2012:21:20:47 +0200] "GET /js_contentserver24_greybox/gb_styles.css HTTP/1.1" 200 2302 "http://www.mink-gmbh.de/index.php" "Mozilla/5.0 (Windows NT 6.1; rv:13.0) Gecko/20100101 Firefox/13.0.1"
89.247.4.206 - - [12/Jul/2012:21:20:47 +0200] "GET /js_contentserver24_greybox/AJS.js HTTP/1.1" 200 10396 "http://www.mink-gmbh.de/index.php" "Mozilla/5.0 (Windows NT 6.1; rv:13.0) Gecko/20100101 Firefox/13.0.1"
89.247.4.206 - - [12/Jul/2012:21:20:47 +0200] "GET /js_contentserver24_greybox/AJS_fx.js HTTP/1.1" 200 3192 "http://www.mink-gmbh.de/index.php" "Mozilla/5.0 (Windows NT 6.1; rv:13.0) Gecko/20100101 Firefox/13.0.1"
89.247.4.206 - - [12/Jul/2012:21:20:47 +0200] "GET /js_contentserver24_greybox/gb_scripts.js HTTP/1.1" 200 11913 "http://www.mink-gmbh.de/index.php" "Mozilla/5.0 (Windows NT 6.1; rv:13.0) Gecko/20100101 Firefox/13.0.1"
89.247.4.206 - - [12/Jul/2012:21:20:47 +0200] "GET /images/bg.jpg HTTP/1.1" 200 345 "http://www.mink-gmbh.de/style.css" "Mozilla/5.0 (Windows NT 6.1; rv:13.0) Gecko/20100101 Firefox/13.0.1"
89.247.4.206 - - [12/Jul/2012:21:20:47 +0200] "GET /js_contentserver24_greybox/w_close.gif HTTP/1.1" 200 74 "http://www.mink-gmbh.de/index.php" "Mozilla/5.0 (Windows NT 6.1; rv:13.0) Gecko/20100101 Firefox/13.0.1"
89.247.4.206 - - [12/Jul/2012:21:20:47 +0200] "GET /images/close.png HTTP/1.1" 200 703 "http://www.mink-gmbh.de/index.php" "Mozilla/5.0 (Windows NT 6.1; rv:13.0) Gecko/20100101 Firefox/13.0.1"
89.247.4.206 - - [12/Jul/2012:21:20:47 +0200] "GET /images/newsletter_bg.jpg HTTP/1.1" 200 33610 "http://www.mink-gmbh.de/index.php" "Mozilla/5.0 (Windows NT 6.1; rv:13.0) Gecko/20100101 Firefox/13.0.1"
89.247.4.206 - - [12/Jul/2012:21:20:47 +0200] "GET /images/newsletter.png HTTP/1.1" 200 14619 "http://www.mink-gmbh.de/style.css" "Mozilla/5.0 (Windows NT 6.1; rv:13.0) Gecko/20100101 Firefox/13.0.1"
89.247.4.206 - - [12/Jul/2012:21:20:47 +0200] "GET /images/wrapperbg.jpg HTTP/1.1" 200 27465 "http://www.mink-gmbh.de/style.css" "Mozilla/5.0 (Windows NT 6.1; rv:13.0) Gecko/20100101 Firefox/13.0.1"
89.247.4.206 - - [12/Jul/2012:21:20:47 +0200] "GET /images/header.jpg HTTP/1.1" 200 24413 "http://www.mink-gmbh.de/style.css" "Mozilla/5.0 (Windows NT 6.1; rv:13.0) Gecko/20100101 Firefox/13.0.1"
89.247.4.206 - - [12/Jul/2012:21:20:47 +0200] "GET /images/navibg.png HTTP/1.1" 200 2803 "http://www.mink-gmbh.de/style.css" "Mozilla/5.0 (Windows NT 6.1; rv:13.0) Gecko/20100101 Firefox/13.0.1"
89.247.4.206 - - [12/Jul/2012:21:20:47 +0200] "GET /images/fallend.png HTTP/1.1" 200 713 "http://www.mink-gmbh.de/modul.css" "Mozilla/5.0 (Windows NT 6.1; rv:13.0) Gecko/20100101 Firefox/13.0.1"
89.247.4.206 - - [12/Jul/2012:21:20:48 +0200] "GET /js_contentserver24_greybox/loader_frame.html?s=0 HTTP/1.1" 200 2084 "http://www.mink-gmbh.de/index.php" "Mozilla/5.0 (Windows NT 6.1; rv:13.0) Gecko/20100101 Firefox/13.0.1"
89.247.4.206 - - [12/Jul/2012:21:20:48 +0200] "GET /js_contentserver24_greybox/indicator.gif HTTP/1.1" 200 8238 "http://www.mink-gmbh.de/js_contentserver24_greybox/loader_frame.html?s=0" "Mozilla/5.0 (Windows NT 6.1; rv:13.0) Gecko/20100101 Firefox/13.0.1"
89.247.4.206 - - [12/Jul/2012:21:20:48 +0200] "GET /images/tkw.jpg HTTP/1.1" 200 64031 "http://www.mink-gmbh.de/index.php" "Mozilla/5.0 (Windows NT 6.1; rv:13.0) Gecko/20100101 Firefox/13.0.1"
89.247.4.206 - - [12/Jul/2012:21:20:46 +0200] "GET /index.php HTTP/1.1" 200 15338 "-" "Mozilla/5.0 (Windows NT 6.1; rv:13.0) Gecko/20100101 Firefox/13.0.1"
89.247.4.206 - - [12/Jul/2012:21:20:48 +0200] "GET /images/freecall.jpg HTTP/1.1" 200 39195 "http://www.mink-gmbh.de/index.php" "Mozilla/5.0 (Windows NT 6.1; rv:13.0) Gecko/20100101 Firefox/13.0.1"
89.247.4.206 - - [12/Jul/2012:21:20:48 +0200] "GET /images/mail.jpg HTTP/1.1" 200 11165 "http://www.mink-gmbh.de/index.php" "Mozilla/5.0 (Windows NT 6.1; rv:13.0) Gecko/20100101 Firefox/13.0.1"
89.247.4.206 - - [12/Jul/2012:21:20:48 +0200] "GET /images/kwk.gif HTTP/1.1" 200 6403 "http://www.mink-gmbh.de/index.php" "Mozilla/5.0 (Windows NT 6.1; rv:13.0) Gecko/20100101 Firefox/13.0.1"
89.247.4.206 - - [12/Jul/2012:21:20:48 +0200] "GET /images/wunschpreis.jpg HTTP/1.1" 200 16767 "http://www.mink-gmbh.de/index.php" "Mozilla/5.0 (Windows NT 6.1; rv:13.0) Gecko/20100101 Firefox/13.0.1"
89.247.4.206 - - [12/Jul/2012:21:20:48 +0200] "GET /images/logos.jpg HTTP/1.1" 200 15002 "http://www.mink-gmbh.de/index.php" "Mozilla/5.0 (Windows NT 6.1; rv:13.0) Gecko/20100101 Firefox/13.0.1"
89.247.4.206 - - [12/Jul/2012:21:20:49 +0200] "GET /images/mobil.jpg HTTP/1.1" 200 25293 "http://www.mink-gmbh.de/style.css" "Mozilla/5.0 (Windows NT 6.1; rv:13.0) Gecko/20100101 Firefox/13.0.1"
89.247.4.206 - - [12/Jul/2012:21:20:49 +0200] "GET /images/newsletter.jpg HTTP/1.1" 200 13130 "http://www.mink-gmbh.de/style.css" "Mozilla/5.0 (Windows NT 6.1; rv:13.0) Gecko/20100101 Firefox/13.0.1"
89.247.4.206 - - [12/Jul/2012:21:20:49 +0200] "GET /images/footerbg.jpg HTTP/1.1" 200 2184 "http://www.mink-gmbh.de/style.css" "Mozilla/5.0 (Windows NT 6.1; rv:13.0) Gecko/20100101 Firefox/13.0.1"
89.247.4.206 - - [12/Jul/2012:21:20:49 +0200] "GET /js_contentserver24_greybox/header_bg.gif HTTP/1.1" 200 1188 "http://www.mink-gmbh.de/index.php" "Mozilla/5.0 (Windows NT 6.1; rv:13.0) Gecko/20100101 Firefox/13.0.1"
89.247.4.206 - - [12/Jul/2012:21:20:49 +0200] "GET /js_contentserver24_greybox/g_close.gif HTTP/1.1" 200 541 "http://www.mink-gmbh.de/index.php" "Mozilla/5.0 (Windows NT 6.1; rv:13.0) Gecko/20100101 Firefox/13.0.1"
66.249.71.108 - - [12/Jul/2012:21:44:01 +0200] "GET /news.php?cs_go=archiv&cs_id=2241&cs_search= HTTP/1.1" 200 10099 "-" "Mozilla/5.0 (compatible; Googlebot/2.1; +http://www.google.com/bot.html)"
66.249.71.108 - - [12/Jul/2012:21:47:53 +0200] "GET /news.php?cs_go=archiv&cs_startpos=31 HTTP/1.1" 200 22806 "-" "Mozilla/5.0 (compatible; Googlebot/2.1; +http://www.google.com/bot.html)"
66.249.71.108 - - [12/Jul/2012:21:55:38 +0200] "GET /news.php?cs_go=archiv&cs_id=2235&cs_search= HTTP/1.1" 200 9897 "-" "Mozilla/5.0 (compatible; Googlebot/2.1; +http://www.google.com/bot.html)"
66.249.71.108 - - [12/Jul/2012:21:59:30 +0200] "GET /news.php?cs_go=archiv&cs_id=2244&cs_search= HTTP/1.1" 200 9698 "-" "Mozilla/5.0 (compatible; Googlebot/2.1; +http://www.google.com/bot.html)"
178.154.179.250 - - [12/Jul/2012:22:05:20 +0200] "GET /robots.txt HTTP/1.1" 200 177 "-" "Mozilla/5.0 (compatible; YandexBot/3.0; +http://yandex.com/bots)"
178.154.179.250 - - [12/Jul/2012:22:05:22 +0200] "GET /index.php HTTP/1.1" 200 15338 "-" "Mozilla/5.0 (compatible; YandexBot/3.0; +http://yandex.com/bots)"
66.249.71.108 - - [12/Jul/2012:22:07:14 +0200] "GET /news.php?cs_go=archiv&cs_startpos=61 HTTP/1.1" 200 22867 "-" "Mozilla/5.0 (compatible; Googlebot/2.1; +http://www.google.com/bot.html)"
66.249.71.108 - - [12/Jul/2012:22:11:07 +0200] "GET /news.php?cs_go=archiv&cs_id=2233&cs_search= HTTP/1.1" 200 9961 "-" "Mozilla/5.0 (compatible; Googlebot/2.1; +http://www.google.com/bot.html)"
66.249.71.108 - - [12/Jul/2012:22:15:00 +0200] "GET /news.php?cs_go=archiv&cs_id=2238&cs_search= HTTP/1.1" 200 9878 "-" "Mozilla/5.0 (compatible; Googlebot/2.1; +http://www.google.com/bot.html)"
66.249.71.108 - - [12/Jul/2012:22:18:52 +0200] "GET /news.php?cs_go=archiv&cs_startpos=41 HTTP/1.1" 200 22961 "-" "Mozilla/5.0 (compatible; Googlebot/2.1; +http://www.google.com/bot.html)"
123.125.71.47 - - [12/Jul/2012:22:20:43 +0200] "GET / HTTP/1.1" 200 15338 "-" "Mozilla/5.0 (compatible; Baiduspider/2.0; +http://www.baidu.com/search/spider.html)"
123.125.71.26 - - [12/Jul/2012:22:20:45 +0200] "GET /kontakt.php HTTP/1.1" 200 9127 "-" "Mozilla/5.0 (compatible; Baiduspider/2.0; +http://www.baidu.com/search/spider.html)"
123.125.71.106 - - [12/Jul/2012:22:20:51 +0200] "GET /news.php?cs_go=archiv&cs_id=3253 HTTP/1.1" 200 10550 "-" "Mozilla/5.0 (compatible; Baiduspider/2.0; +http://www.baidu.com/search/spider.html)"
123.125.71.13 - - [12/Jul/2012:22:20:52 +0200] "GET /news.php?cs_go=archiv&cs_id=3256 HTTP/1.1" 200 13267 "-" "Mozilla/5.0 (compatible; Baiduspider/2.0; +http://www.baidu.com/search/spider.html)"
123.125.71.19 - - [12/Jul/2012:22:20:54 +0200] "GET /news.php?cs_go=archiv&cs_id=3252 HTTP/1.1" 200 9785 "-" "Mozilla/5.0 (compatible; Baiduspider/2.0; +http://www.baidu.com/search/spider.html)"
66.249.71.108 - - [12/Jul/2012:22:22:44 +0200] "GET /news.php?cs_go=archiv&cs_id=2251&cs_search= HTTP/1.1" 200 9778 "-" "Mozilla/5.0 (compatible; Googlebot/2.1; +http://www.google.com/bot.html)"
208.115.113.91 - - [12/Jul/2012:22:30:56 +0200] "GET /news.php?cs_go=archiv&cs_id=3033&cs_search= HTTP/1.1" 200 13515 "-" "Mozilla/5.0 (compatible; Ezooms/1.0; ezooms.bot@gmail.com)"
208.115.113.91 - - [12/Jul/2012:22:31:02 +0200] "GET /news.php?cs_go=archiv&cs_startpos=1200 HTTP/1.1" 200 23007 "-" "Mozilla/5.0 (compatible; Ezooms/1.0; ezooms.bot@gmail.com)"
46.4.125.109 - - [12/Jul/2012:22:51:46 +0200] "GET /robots.txt HTTP/1.1" 200 177 "-" "Pixray-Seeker/1.1 (Pixray-Seeker; http://www.pixray.com/pixraybot; crawler@pixray.com)"
46.4.125.109 - - [12/Jul/2012:22:51:46 +0200] "GET /news.php?cs_go=archiv&cs_id=1846&cs_search= HTTP/1.1" 200 13890 "-" "Pixray-Seeker/1.1 (Pixray-Seeker; http://www.pixray.com/pixraybot; crawler@pixray.com)"
178.154.179.250 - - [12/Jul/2012:22:56:54 +0200] "GET /news.php HTTP/1.1" 200 22224 "-" "Mozilla/5.0 (compatible; YandexBot/3.0; +http://yandex.com/bots)"
88.135.201.228 - - [12/Jul/2012:23:00:47 +0200] "GET /robots.txt HTTP/1.0" 200 177 "-" "Mozilla/5.0 (compatible; MJ12bot/v1.4.3; http://www.majestic12.co.uk/bot.php?+)"
88.135.201.228 - - [12/Jul/2012:23:00:54 +0200] "GET /agb.php HTTP/1.0" 200 19709 "-" "Mozilla/5.0 (compatible; MJ12bot/v1.4.3; http://www.majestic12.co.uk/bot.php?+)"
88.135.201.228 - - [12/Jul/2012:23:00:57 +0200] "GET /news.php?cs_go=archiv&cs_id=2678 HTTP/1.0" 200 9971 "-" "Mozilla/5.0 (compatible; MJ12bot/v1.4.3; http://www.majestic12.co.uk/bot.php?+)"
88.135.201.228 - - [12/Jul/2012:23:01:02 +0200] "GET /news.php?cs_go=archiv&cs_id=2679 HTTP/1.0" 200 10667 "-" "Mozilla/5.0 (compatible; MJ12bot/v1.4.3; http://www.majestic12.co.uk/bot.php?+)"
88.135.201.228 - - [12/Jul/2012:23:01:06 +0200] "GET /news.php?cs_go=archiv&cs_id=2680 HTTP/1.0" 200 13613 "-" "Mozilla/5.0 (compatible; MJ12bot/v1.4.3; http://www.majestic12.co.uk/bot.php?+)"
88.135.201.228 - - [12/Jul/2012:23:01:16 +0200] "GET /news.php?cs_go=archiv&cs_id=2681 HTTP/1.0" 200 10154 "-" "Mozilla/5.0 (compatible; MJ12bot/v1.4.3; http://www.majestic12.co.uk/bot.php?+)"
88.135.201.228 - - [12/Jul/2012:23:01:22 +0200] "GET /news.php?cs_go=archiv&cs_id=2682 HTTP/1.0" 200 10584 "-" "Mozilla/5.0 (compatible; MJ12bot/v1.4.3; http://www.majestic12.co.uk/bot.php?+)"
88.135.201.228 - - [12/Jul/2012:23:01:34 +0200] "GET /news.php?cs_go=archiv&cs_id=2683 HTTP/1.0" 200 13555 "-" "Mozilla/5.0 (compatible; MJ12bot/v1.4.3; http://www.majestic12.co.uk/bot.php?+)"
88.135.201.228 - - [12/Jul/2012:23:01:56 +0200] "GET /news.php?cs_go=archiv&cs_id=2684 HTTP/1.0" 200 10001 "-" "Mozilla/5.0 (compatible; MJ12bot/v1.4.3; http://www.majestic12.co.uk/bot.php?+)"
88.135.201.228 - - [12/Jul/2012:23:02:01 +0200] "GET /news.php?cs_go=archiv&cs_id=2685 HTTP/1.0" 200 9646 "-" "Mozilla/5.0 (compatible; MJ12bot/v1.4.3; http://www.majestic12.co.uk/bot.php?+)"
88.135.201.228 - - [12/Jul/2012:23:02:05 +0200] "GET /news.php?cs_go=archiv&cs_id=2686 HTTP/1.0" 200 10124 "-" "Mozilla/5.0 (compatible; MJ12bot/v1.4.3; http://www.majestic12.co.uk/bot.php?+)"
88.135.201.228 - - [12/Jul/2012:23:02:13 +0200] "GET /news.php?cs_go=archiv&cs_id=2687 HTTP/1.0" 200 10244 "-" "Mozilla/5.0 (compatible; MJ12bot/v1.4.3; http://www.majestic12.co.uk/bot.php?+)"
88.135.201.228 - - [12/Jul/2012:23:02:18 +0200] "GET /news.php?cs_go=archiv&cs_id=2688 HTTP/1.0" 200 13852 "-" "Mozilla/5.0 (compatible; MJ12bot/v1.4.3; http://www.majestic12.co.uk/bot.php?+)"
88.135.201.228 - - [12/Jul/2012:23:02:23 +0200] "GET /news.php?cs_go=archiv&cs_id=2689 HTTP/1.0" 200 10303 "-" "Mozilla/5.0 (compatible; MJ12bot/v1.4.3; http://www.majestic12.co.uk/bot.php?+)"
88.135.201.228 - - [12/Jul/2012:23:02:29 +0200] "GET /news.php?cs_go=archiv&cs_id=2690 HTTP/1.0" 200 10405 "-" "Mozilla/5.0 (compatible; MJ12bot/v1.4.3; http://www.majestic12.co.uk/bot.php?+)"
88.135.201.228 - - [12/Jul/2012:23:02:35 +0200] "GET /news.php?cs_go=archiv&cs_id=2691 HTTP/1.0" 200 13867 "-" "Mozilla/5.0 (compatible; MJ12bot/v1.4.3; http://www.majestic12.co.uk/bot.php?+)"
46.4.125.109 - - [12/Jul/2012:23:04:32 +0200] "GET /robots.txt HTTP/1.1" 200 177 "-" "Pixray-Seeker/1.1 (Pixray-Seeker; http://www.pixray.com/pixraybot; crawler@pixray.com)"
46.4.125.109 - - [12/Jul/2012:23:04:32 +0200] "GET /news.php?cs_go=archiv&cs_startpos=1441 HTTP/1.1" 200 22910 "-" "Pixray-Seeker/1.1 (Pixray-Seeker; http://www.pixray.com/pixraybot; crawler@pixray.com)"
208.115.111.75 - - [12/Jul/2012:23:06:33 +0200] "GET /robots.txt HTTP/1.1" 200 177 "-" "Mozilla/5.0 (compatible; Ezooms/1.0; ezooms.bot@gmail.com)"
66.249.71.108 - - [12/Jul/2012:23:09:13 +0200] "GET /news.php?cs_go=archiv&cs_id=2247&cs_search= HTTP/1.1" 200 9700 "-" "Mozilla/5.0 (compatible; Googlebot/2.1; +http://www.google.com/bot.html)"
188.40.66.214 - - [12/Jul/2012:23:26:39 +0200] "GET /robots.txt HTTP/1.1" 200 177 "-" "Pixray-Seeker/1.1 (Pixray-Seeker; http://www.pixray.com/pixraybot; crawler@pixray.com)"
188.40.66.214 - - [12/Jul/2012:23:26:39 +0200] "GET /news.php?cs_go=archiv&cs_id=3112&cs_search= HTTP/1.1" 200 13426 "-" "Pixray-Seeker/1.1 (Pixray-Seeker; http://www.pixray.com/pixraybot; crawler@pixray.com)"
176.9.0.12 - - [12/Jul/2012:23:32:51 +0200] "GET /robots.txt HTTP/1.1" 200 177 "-" "Pixray-Seeker/1.1 (Pixray-Seeker; http://www.pixray.com/pixraybot; crawler@pixray.com)"
176.9.0.12 - - [12/Jul/2012:23:32:51 +0200] "GET /news.php?cs_go=archiv&cs_id=3096&cs_search= HTTP/1.1" 200 12588 "-" "Pixray-Seeker/1.1 (Pixray-Seeker; http://www.pixray.com/pixraybot; crawler@pixray.com)"
46.4.19.85 - - [12/Jul/2012:23:50:29 +0200] "GET /robots.txt HTTP/1.1" 200 177 "-" "Pixray-Seeker/1.1 (Pixray-Seeker; http://www.pixray.com/pixraybot; crawler@pixray.com)"
46.4.19.85 - - [12/Jul/2012:23:50:29 +0200] "GET /news.php?cs_go=archiv&cs_id=3152&cs_search= HTTP/1.1" 200 9965 "-" "Pixray-Seeker/1.1 (Pixray-Seeker; http://www.pixray.com/pixraybot; crawler@pixray.com)"
66.249.72.169 - - [14/Jul/2012:12:17:17 +0200] "GET /robots.txt HTTP/1.1" 200 177 "-" "Mozilla/5.0 (compatible; Googlebot/2.1; +http://www.google.com/bot.html)"
66.249.72.169 - - [14/Jul/2012:12:17:17 +0200] "GET /news.php HTTP/1.1" 200 22121 "-" "Mozilla/5.0 (compatible; Googlebot/2.1; +http://www.google.com/bot.html)"
178.154.179.250 - - [14/Jul/2012:12:20:12 +0200] "GET /robots.txt HTTP/1.1" 200 177 "-" "Mozilla/5.0 (compatible; YandexBot/3.0; +http://yandex.com/bots)"
123.125.71.38 - - [14/Jul/2012:12:20:40 +0200] "GET /robots.txt HTTP/1.1" 200 177 "-" "Mozilla/5.0 (Windows NT 5.1; rv:6.0.2) Gecko/20100101 Firefox/6.0.2"
66.249.72.169 - - [14/Jul/2012:12:23:20 +0200] "GET /news.php?cs_go=archiv&cs_id=2337&cs_search= HTTP/1.1" 200 13959 "-" "Mozilla/5.0 (compatible; Googlebot/2.1; +http://www.google.com/bot.html)"
65.36.241.76 - - [14/Jul/2012:12:33:30 +0200] "GET / HTTP/1.1" 200 15267 "-" "InternetSeer.com"
65.36.241.76 - - [14/Jul/2012:12:34:01 +0200] "GET / HTTP/1.1" 200 15267 "-" "InternetSeer.com"
65.36.241.76 - - [14/Jul/2012:12:34:02 +0200] "GET / HTTP/1.1" 200 15267 "-" "InternetSeer.com"
66.249.72.169 - - [14/Jul/2012:12:52:56 +0200] "GET /news.php?cs_go=archiv&cs_id=2346&cs_search= HTTP/1.1" 200 9337 "-" "Mozilla/5.0 (compatible; Googlebot/2.1; +http://www.google.com/bot.html)"
66.249.72.169 - - [14/Jul/2012:12:57:55 +0200] "GET /news.php?cs_go=archiv&cs_id=2323&cs_search= HTTP/1.1" 200 9294 "-" "Mozilla/5.0 (compatible; Googlebot/2.1; +http://www.google.com/bot.html)"
66.249.72.169 - - [14/Jul/2012:13:05:23 +0200] "GET /news.php?cs_go=archiv&cs_id=2344&cs_search= HTTP/1.1" 200 9207 "-" "Mozilla/5.0 (compatible; Googlebot/2.1; +http://www.google.com/bot.html)"
66.249.72.169 - - [14/Jul/2012:13:07:52 +0200] "GET /news.php?cs_go=archiv&cs_id=2347&cs_search= HTTP/1.1" 200 13769 "-" "Mozilla/5.0 (compatible; Googlebot/2.1; +http://www.google.com/bot.html)"
66.249.72.169 - - [14/Jul/2012:13:12:51 +0200] "GET /news.php?cs_go=archiv&cs_id=2338&cs_search= HTTP/1.1" 200 9341 "-" "Mozilla/5.0 (compatible; Googlebot/2.1; +http://www.google.com/bot.html)"
66.249.72.169 - - [14/Jul/2012:13:27:47 +0200] "GET /news.php?cs_go=archiv&cs_id=2342&cs_search= HTTP/1.1" 200 11504 "-" "Mozilla/5.0 (compatible; Googlebot/2.1; +http://www.google.com/bot.html)"
66.249.72.169 - - [14/Jul/2012:13:37:45 +0200] "GET /news.php?cs_go=archiv&cs_id=2322&cs_search= HTTP/1.1" 200 13729 "-" "Mozilla/5.0 (compatible; Googlebot/2.1; +http://www.google.com/bot.html)"
66.249.72.169 - - [14/Jul/2012:13:40:14 +0200] "GET /news.php?cs_go=archiv&cs_id=2350&cs_search= HTTP/1.1" 200 9389 "-" "Mozilla/5.0 (compatible; Googlebot/2.1; +http://www.google.com/bot.html)"
66.249.72.169 - - [14/Jul/2012:14:00:07 +0200] "GET /agb.php HTTP/1.1" 200 19709 "-" "Mozilla/5.0 (compatible; Googlebot/2.1; +http://www.google.com/bot.html)"
66.249.72.169 - - [14/Jul/2012:14:02:39 +0200] "GET /news.php?cs_go=archiv&cs_id=2351&cs_search= HTTP/1.1" 200 14135 "-" "Mozilla/5.0 (compatible; Googlebot/2.1; +http://www.google.com/bot.html)"
66.249.72.169 - - [14/Jul/2012:14:10:07 +0200] "GET /news.php?cs_go=archiv&cs_id=2352&cs_search= HTTP/1.1" 200 9714 "-" "Mozilla/5.0 (compatible; Googlebot/2.1; +http://www.google.com/bot.html)"
66.249.72.169 - - [14/Jul/2012:14:12:36 +0200] "GET /news.php?cs_go=archiv&cs_id=2353&cs_search= HTTP/1.1" 200 14242 "-" "Mozilla/5.0 (compatible; Googlebot/2.1; +http://www.google.com/bot.html)"
66.249.72.169 - - [14/Jul/2012:14:15:03 +0200] "GET /news.php?cs_go=archiv&cs_id=2354&cs_search= HTTP/1.1" 200 9418 "-" "Mozilla/5.0 (compatible; Googlebot/2.1; +http://www.google.com/bot.html)"
66.249.72.169 - - [14/Jul/2012:14:29:58 +0200] "GET /news.php?cs_go=archiv&cs_id=2355&cs_search= HTTP/1.1" 200 11295 "-" "Mozilla/5.0 (compatible; Googlebot/2.1; +http://www.google.com/bot.html)"
66.249.72.169 - - [14/Jul/2012:14:35:01 +0200] "GET /news.php?cs_go=archiv&cs_id=2357&cs_search= HTTP/1.1" 200 9245 "-" "Mozilla/5.0 (compatible; Googlebot/2.1; +http://www.google.com/bot.html)"
66.249.72.169 - - [14/Jul/2012:14:42:25 +0200] "GET /news.php?cs_go=archiv&cs_id=2359&cs_search= HTTP/1.1" 200 11004 "-" "Mozilla/5.0 (compatible; Googlebot/2.1; +http://www.google.com/bot.html)"
66.249.72.169 - - [14/Jul/2012:14:53:28 +0200] "GET /news.php?cs_go=archiv&cs_id=2361&cs_search= HTTP/1.1" 200 9105 "-" "Mozilla/5.0 (compatible; Googlebot/2.1; +http://www.google.com/bot.html)"
66.249.72.169 - - [14/Jul/2012:14:54:59 +0200] "GET /news.php?cs_go=archiv&cs_id=2363&cs_search= HTTP/1.1" 200 9499 "-" "Mozilla/5.0 (compatible; Googlebot/2.1; +http://www.google.com/bot.html)"
208.115.113.91 - - [14/Jul/2012:14:58:53 +0200] "GET /robots.txt HTTP/1.1" 200 177 "-" "Mozilla/5.0 (compatible; Ezooms/1.0; ezooms.bot@gmail.com)"
66.249.72.169 - - [14/Jul/2012:15:02:18 +0200] "GET /news.php?cs_go=archiv&cs_id=2340&cs_search= HTTP/1.1" 200 13737 "-" "Mozilla/5.0 (compatible; Googlebot/2.1; +http://www.google.com/bot.html)"
66.249.72.169 - - [14/Jul/2012:15:03:21 +0200] "GET /news.php?cs_go=archiv&cs_id=2336&cs_search= HTTP/1.1" 200 9326 "-" "Mozilla/5.0 (compatible; Googlebot/2.1; +http://www.google.com/bot.html)"
66.249.72.169 - - [14/Jul/2012:15:19:59 +0200] "GET /news.php?cs_go=archiv&cs_id=2365&cs_search= HTTP/1.1" 200 10319 "-" "Mozilla/5.0 (compatible; Googlebot/2.1; +http://www.google.com/bot.html)"
66.249.72.169 - - [14/Jul/2012:15:23:40 +0200] "GET /preisanfrage.php HTTP/1.1" 200 10636 "-" "Mozilla/5.0 (compatible; Googlebot/2.1; +http://www.google.com/bot.html)"
66.249.72.169 - - [14/Jul/2012:15:24:44 +0200] "GET /news.php?cs_go=archiv&cs_id=2366&cs_search= HTTP/1.1" 200 14119 "-" "Mozilla/5.0 (compatible; Googlebot/2.1; +http://www.google.com/bot.html)"
208.115.111.75 - - [14/Jul/2012:15:26:29 +0200] "GET /robots.txt HTTP/1.1" 200 177 "-" "Mozilla/5.0 (compatible; Ezooms/1.0; ezooms.bot@gmail.com)"
66.249.72.169 - - [14/Jul/2012:15:29:38 +0200] "GET /news.php?cs_go=archiv&cs_id=2367&cs_search= HTTP/1.1" 200 9816 "-" "Mozilla/5.0 (compatible; Googlebot/2.1; +http://www.google.com/bot.html)"
