176.4.130.162 - - [17/Jul/2012:10:30:06 +0200] "GET /images/steigend.png HTTP/1.1" 200 688 "http://www.mink-gmbh.de/" "Mozilla/5.0 (iPhone; CPU iPhone OS 5_1_1 like Mac OS X) AppleWebKit/534.46 (KHTML, like Gecko) Version/5.1 Mobile/9B206 Safari/7534.48.3"
176.4.130.162 - - [17/Jul/2012:10:30:06 +0200] "GET /images/gleichbleibend.png HTTP/1.1" 200 534 "http://www.mink-gmbh.de/" "Mozilla/5.0 (iPhone; CPU iPhone OS 5_1_1 like Mac OS X) AppleWebKit/534.46 (KHTML, like Gecko) Version/5.1 Mobile/9B206 Safari/7534.48.3"
176.4.130.162 - - [17/Jul/2012:10:30:06 +0200] "GET /images/footerbg.jpg HTTP/1.1" 200 2184 "http://www.mink-gmbh.de/" "Mozilla/5.0 (iPhone; CPU iPhone OS 5_1_1 like Mac OS X) AppleWebKit/534.46 (KHTML, like Gecko) Version/5.1 Mobile/9B206 Safari/7534.48.3"
176.4.130.162 - - [17/Jul/2012:10:30:06 +0200] "GET /js_contentserver24_greybox/loader_frame.html?s=0 HTTP/1.1" 200 2084 "http://www.mink-gmbh.de/" "Mozilla/5.0 (iPhone; CPU iPhone OS 5_1_1 like Mac OS X) AppleWebKit/534.46 (KHTML, like Gecko) Version/5.1 Mobile/9B206 Safari/7534.48.3"
176.4.130.162 - - [17/Jul/2012:10:30:06 +0200] "GET /js_contentserver24_greybox/header_bg.gif HTTP/1.1" 200 1188 "http://www.mink-gmbh.de/" "Mozilla/5.0 (iPhone; CPU iPhone OS 5_1_1 like Mac OS X) AppleWebKit/534.46 (KHTML, like Gecko) Version/5.1 Mobile/9B206 Safari/7534.48.3"
176.4.130.162 - - [17/Jul/2012:10:30:06 +0200] "GET /images/mobil.jpg HTTP/1.1" 200 25293 "http://www.mink-gmbh.de/" "Mozilla/5.0 (iPhone; CPU iPhone OS 5_1_1 like Mac OS X) AppleWebKit/534.46 (KHTML, like Gecko) Version/5.1 Mobile/9B206 Safari/7534.48.3"
176.4.130.162 - - [17/Jul/2012:10:30:08 +0200] "GET /images/newsletter.jpg HTTP/1.1" 200 13130 "http://www.mink-gmbh.de/" "Mozilla/5.0 (iPhone; CPU iPhone OS 5_1_1 like Mac OS X) AppleWebKit/534.46 (KHTML, like Gecko) Version/5.1 Mobile/9B206 Safari/7534.48.3"
176.4.130.162 - - [17/Jul/2012:10:30:10 +0200] "GET /js_contentserver24_greybox/indicator.gif HTTP/1.1" 200 8238 "http://www.mink-gmbh.de/js_contentserver24_greybox/loader_frame.html?s=0" "Mozilla/5.0 (iPhone; CPU iPhone OS 5_1_1 like Mac OS X) AppleWebKit/534.46 (KHTML, like Gecko) Version/5.1 Mobile/9B206 Safari/7534.48.3"
176.4.130.162 - - [17/Jul/2012:10:30:16 +0200] "GET /js_contentserver24_greybox/g_close.gif HTTP/1.1" 200 541 "http://www.mink-gmbh.de/" "Mozilla/5.0 (iPhone; CPU iPhone OS 5_1_1 like Mac OS X) AppleWebKit/534.46 (KHTML, like Gecko) Version/5.1 Mobile/9B206 Safari/7534.48.3"
176.4.130.162 - - [17/Jul/2012:10:30:17 +0200] "GET /rueckrufservice.php HTTP/1.1" 200 10615 "http://www.mink-gmbh.de/" "Mozilla/5.0 (iPhone; CPU iPhone OS 5_1_1 like Mac OS X) AppleWebKit/534.46 (KHTML, like Gecko) Version/5.1 Mobile/9B206 Safari/7534.48.3"
208.115.113.91 - - [17/Jul/2012:10:39:48 +0200] "GET /news.php?cs_go=archiv&cs_id=1874&cs_search= HTTP/1.1" 200 12810 "-" "Mozilla/5.0 (compatible; Ezooms/1.0; ezooms.bot@gmail.com)"
208.115.113.91 - - [17/Jul/2012:10:39:52 +0200] "GET /news.php?cs_go=archiv&cs_id=2969&cs_search= HTTP/1.1" 200 10694 "-" "Mozilla/5.0 (compatible; Ezooms/1.0; ezooms.bot@gmail.com)"
208.115.113.91 - - [17/Jul/2012:10:39:54 +0200] "GET /news.php?cs_go=archiv&cs_id=3103&cs_search= HTTP/1.1" 200 13786 "-" "Mozilla/5.0 (compatible; Ezooms/1.0; ezooms.bot@gmail.com)"
208.115.113.91 - - [17/Jul/2012:10:39:57 +0200] "GET /news.php?cs_go=archiv&cs_startpos=60 HTTP/1.1" 200 22901 "-" "Mozilla/5.0 (compatible; Ezooms/1.0; ezooms.bot@gmail.com)"
66.249.66.147 - - [17/Jul/2012:10:41:29 +0200] "GET /news.php?cs_go=archiv&cs_id=2317&cs_search= HTTP/1.1" 200 9912 "-" "Mozilla/5.0 (compatible; Googlebot/2.1; +http://www.google.com/bot.html)"
66.249.66.147 - - [17/Jul/2012:10:47:50 +0200] "GET / HTTP/1.1" 200 15344 "-" "Mozilla/5.0 (compatible; Googlebot/2.1; +http://www.google.com/bot.html)"
66.249.66.147 - - [17/Jul/2012:11:00:26 +0200] "GET /news.php?cs_go=archiv&cs_id=2374&cs_search= HTTP/1.1" 200 14406 "-" "Mozilla/5.0 (compatible; Googlebot/2.1; +http://www.google.com/bot.html)"
66.249.66.147 - - [17/Jul/2012:11:10:17 +0200] "GET /news.php?cs_go=archiv&cs_id=3265 HTTP/1.1" 200 12907 "-" "Mozilla/5.0 (compatible; Googlebot/2.1; +http://www.google.com/bot.html)"
66.249.66.147 - - [17/Jul/2012:11:11:44 +0200] "GET /news.php?cs_go=archiv&cs_startpos=1050 HTTP/1.1" 200 23054 "-" "Mozilla/5.0 (compatible; Googlebot/2.1; +http://www.google.com/bot.html)"
66.249.66.147 - - [17/Jul/2012:11:15:09 +0200] "GET /news.php?cs_go=archiv&cs_id=3264 HTTP/1.1" 200 9836 "-" "Mozilla/5.0 (compatible; Googlebot/2.1; +http://www.google.com/bot.html)"
66.249.66.147 - - [17/Jul/2012:11:19:07 +0200] "GET /news.php?cs_go=archiv&cs_id=2259&cs_search= HTTP/1.1" 200 10863 "-" "Mozilla/5.0 (compatible; Googlebot/2.1; +http://www.google.com/bot.html)"
208.115.111.75 - - [17/Jul/2012:11:20:39 +0200] "GET /robots.txt HTTP/1.1" 200 177 "-" "Mozilla/5.0 (compatible; Ezooms/1.0; ezooms.bot@gmail.com)"
66.249.66.147 - - [17/Jul/2012:11:28:49 +0200] "GET /news.php?cs_go=archiv&cs_id=2983 HTTP/1.1" 200 12034 "-" "Mozilla/5.0 (compatible; Googlebot/2.1; +http://www.google.com/bot.html)"
66.249.66.147 - - [17/Jul/2012:11:32:13 +0200] "GET /news.php?cs_go=archiv&cs_id=1995&cs_search= HTTP/1.1" 200 10263 "-" "Mozilla/5.0 (compatible; Googlebot/2.1; +http://www.google.com/bot.html)"
220.181.108.88 - - [17/Jul/2012:11:33:29 +0200] "GET / HTTP/1.1" 200 13360 "-" "Mozilla/5.0 (compatible; Baiduspider/2.0; +http://www.baidu.com/search/spider.html)"
66.249.66.147 - - [17/Jul/2012:11:35:38 +0200] "GET /news.php?cs_go=archiv&cs_id=1981&cs_search= HTTP/1.1" 200 9506 "-" "Mozilla/5.0 (compatible; Googlebot/2.1; +http://www.google.com/bot.html)"
66.249.66.147 - - [17/Jul/2012:11:38:06 +0200] "GET /news.php?cs_go=archiv&cs_id=1985&cs_search= HTTP/1.1" 200 10572 "-" "Mozilla/5.0 (compatible; Googlebot/2.1; +http://www.google.com/bot.html)"
123.125.71.20 - - [17/Jul/2012:11:33:06 +0200] "GET / HTTP/1.1" 200 13361 "-" "Mozilla/5.0 (compatible; Baiduspider/2.0; +http://www.baidu.com/search/spider.html)"
66.249.66.147 - - [17/Jul/2012:11:42:28 +0200] "GET /news.php?cs_go=archiv&cs_startpos=1040 HTTP/1.1" 200 23110 "-" "Mozilla/5.0 (compatible; Googlebot/2.1; +http://www.google.com/bot.html)"
66.249.71.108 - - [17/Jul/2012:11:45:53 +0200] "GET /news.php?cs_go=archiv&cs_id=1984&cs_search= HTTP/1.1" 200 9520 "-" "Mozilla/5.0 (compatible; Googlebot/2.1; +http://www.google.com/bot.html)"
66.249.66.147 - - [17/Jul/2012:11:56:08 +0200] "GET /news.php?cs_go=archiv&cs_startpos=1030 HTTP/1.1" 200 22962 "-" "Mozilla/5.0 (compatible; Googlebot/2.1; +http://www.google.com/bot.html)"
66.249.71.108 - - [17/Jul/2012:11:56:47 +0200] "GET /news.php?cs_go=archiv&cs_id=2006&cs_search= HTTP/1.1" 200 9822 "-" "Mozilla/5.0 (compatible; Googlebot/2.1; +http://www.google.com/bot.html)"
66.249.66.147 - - [17/Jul/2012:11:59:32 +0200] "GET /news.php?cs_go=archiv&cs_id=2004&cs_search= HTTP/1.1" 200 9488 "-" "Mozilla/5.0 (compatible; Googlebot/2.1; +http://www.google.com/bot.html)"
89.247.38.202 - - [17/Jul/2012:12:04:34 +0200] "GET /index.php HTTP/1.1" 200 15344 "-" "Mozilla/5.0 (Windows NT 6.1; rv:13.0) Gecko/20100101 Firefox/13.0.1"
89.247.38.202 - - [17/Jul/2012:12:04:35 +0200] "GET /js_contentserver24_greybox/loader_frame.html?s=0 HTTP/1.1" 304 - "http://www.mink-gmbh.de/index.php" "Mozilla/5.0 (Windows NT 6.1; rv:13.0) Gecko/20100101 Firefox/13.0.1"
46.4.125.109 - - [17/Jul/2012:12:08:10 +0200] "GET /robots.txt HTTP/1.1" 200 177 "-" "Pixray-Seeker/1.1 (Pixray-Seeker; http://www.pixray.com/pixraybot; crawler@pixray.com)"
46.4.125.109 - - [17/Jul/2012:12:08:10 +0200] "GET /news.php?cs_go=archiv&cs_id=1865&cs_search= HTTP/1.1" 200 9685 "-" "Pixray-Seeker/1.1 (Pixray-Seeker; http://www.pixray.com/pixraybot; crawler@pixray.com)"
89.247.38.202 - - [17/Jul/2012:12:10:40 +0200] "GET /index.php HTTP/1.1" 200 15344 "-" "Mozilla/5.0 (Windows NT 6.1; rv:13.0) Gecko/20100101 Firefox/13.0.1"
89.247.38.202 - - [17/Jul/2012:12:10:41 +0200] "GET /js_contentserver24_greybox/loader_frame.html?s=0 HTTP/1.1" 304 - "http://www.mink-gmbh.de/index.php" "Mozilla/5.0 (Windows NT 6.1; rv:13.0) Gecko/20100101 Firefox/13.0.1"
83.133.125.202 - - [17/Jul/2012:12:13:44 +0200] "GET / HTTP/1.1" 200 3405 "http://www.sumaja.de/?such_wert=gmbh" "Mozilla/5.0 (Macintosh; U; Intel Mac OS X 10.6; de-DE; rv:1.9.2.8) Gecko/20100722 Firefox/3.6.8"
66.249.71.108 - - [17/Jul/2012:12:15:39 +0200] "GET /news.php?cs_go=archiv&cs_id=2012&cs_search= HTTP/1.1" 200 10142 "-" "Mozilla/5.0 (compatible; Googlebot/2.1; +http://www.google.com/bot.html)"
66.249.71.108 - - [17/Jul/2012:12:30:20 +0200] "GET /news.php?cs_go=archiv&cs_id=1989&cs_search= HTTP/1.1" 200 9662 "-" "Mozilla/5.0 (compatible; Googlebot/2.1; +http://www.google.com/bot.html)"
66.249.66.147 - - [17/Jul/2012:12:34:27 +0200] "GET /news.php?cs_go=archiv&cs_startpos=1020 HTTP/1.1" 200 23081 "-" "Mozilla/5.0 (compatible; Googlebot/2.1; +http://www.google.com/bot.html)"
66.249.66.147 - - [17/Jul/2012:12:36:53 +0200] "GET /news.php?cs_go=archiv&cs_id=1999&cs_search= HTTP/1.1" 200 9566 "-" "Mozilla/5.0 (compatible; Googlebot/2.1; +http://www.google.com/bot.html)"
66.249.66.147 - - [17/Jul/2012:12:53:30 +0200] "GET /news.php?cs_go=archiv&cs_startpos=890 HTTP/1.1" 200 22746 "-" "Mozilla/5.0 (compatible; Googlebot/2.1; +http://www.google.com/bot.html)"
66.249.66.147 - - [17/Jul/2012:13:12:07 +0200] "GET /news.php?cs_go=archiv&cs_id=1962&cs_search= HTTP/1.1" 200 9481 "-" "Mozilla/5.0 (compatible; Googlebot/2.1; +http://www.google.com/bot.html)"
65.52.104.28 - - [17/Jul/2012:13:17:29 +0200] "GET /robots.txt HTTP/1.1" 200 177 "-" "Mozilla/5.0 (compatible; bingbot/2.0; +http://www.bing.com/bingbot.htm)"
65.52.104.28 - - [17/Jul/2012:13:18:09 +0200] "GET / HTTP/1.1" 200 15347 "-" "Mozilla/5.0 (compatible; bingbot/2.0; +http://www.bing.com/bingbot.htm)"
208.115.113.91 - - [17/Jul/2012:13:26:26 +0200] "GET /robots.txt HTTP/1.1" 200 177 "-" "Mozilla/5.0 (compatible; Ezooms/1.0; ezooms.bot@gmail.com)"
66.249.71.108 - - [17/Jul/2012:13:31:12 +0200] "GET /news.php?cs_go=archiv&cs_id=1965&cs_search= HTTP/1.1" 200 10642 "-" "Mozilla/5.0 (compatible; Googlebot/2.1; +http://www.google.com/bot.html)"
65.36.241.79 - - [17/Jul/2012:13:39:47 +0200] "HEAD / HTTP/1.1" 200 - "-" "InternetSeer.com"
66.249.66.147 - - [17/Jul/2012:13:49:49 +0200] "GET /news.php?cs_go=archiv&cs_id=2176&cs_search= HTTP/1.1" 200 10010 "-" "Mozilla/5.0 (compatible; Googlebot/2.1; +http://www.google.com/bot.html)"
89.247.88.24 - - [17/Jul/2012:13:56:08 +0200] "GET /style.css HTTP/1.1" 200 8418 "http://www.mink-gmbh.de/index.php" "Mozilla/5.0 (Windows NT 6.1; rv:13.0) Gecko/20100101 Firefox/13.0.1"
89.247.88.24 - - [17/Jul/2012:13:56:08 +0200] "GET /modul.css HTTP/1.1" 200 35038 "http://www.mink-gmbh.de/index.php" "Mozilla/5.0 (Windows NT 6.1; rv:13.0) Gecko/20100101 Firefox/13.0.1"
89.247.88.24 - - [17/Jul/2012:13:56:08 +0200] "GET /js_contentserver24_greybox/gb_styles.css HTTP/1.1" 200 2302 "http://www.mink-gmbh.de/index.php" "Mozilla/5.0 (Windows NT 6.1; rv:13.0) Gecko/20100101 Firefox/13.0.1"
89.247.88.24 - - [17/Jul/2012:13:56:08 +0200] "GET /js_contentserver24_greybox/AJS.js HTTP/1.1" 200 10396 "http://www.mink-gmbh.de/index.php" "Mozilla/5.0 (Windows NT 6.1; rv:13.0) Gecko/20100101 Firefox/13.0.1"
89.247.88.24 - - [17/Jul/2012:13:56:08 +0200] "GET /js_contentserver24_greybox/AJS_fx.js HTTP/1.1" 200 3192 "http://www.mink-gmbh.de/index.php" "Mozilla/5.0 (Windows NT 6.1; rv:13.0) Gecko/20100101 Firefox/13.0.1"
89.247.88.24 - - [17/Jul/2012:13:56:08 +0200] "GET /js_contentserver24_greybox/gb_scripts.js HTTP/1.1" 200 11913 "http://www.mink-gmbh.de/index.php" "Mozilla/5.0 (Windows NT 6.1; rv:13.0) Gecko/20100101 Firefox/13.0.1"
89.247.88.24 - - [17/Jul/2012:13:56:08 +0200] "GET /favicon.ico HTTP/1.1" 200 3638 "-" "Mozilla/5.0 (Windows NT 6.1; rv:13.0) Gecko/20100101 Firefox/13.0.1"
89.247.88.24 - - [17/Jul/2012:13:56:08 +0200] "GET /images/tkw.jpg HTTP/1.1" 200 64031 "http://www.mink-gmbh.de/index.php" "Mozilla/5.0 (Windows NT 6.1; rv:13.0) Gecko/20100101 Firefox/13.0.1"
89.247.88.24 - - [17/Jul/2012:13:56:08 +0200] "GET /index.php HTTP/1.1" 200 15321 "-" "Mozilla/5.0 (Windows NT 6.1; rv:13.0) Gecko/20100101 Firefox/13.0.1"
89.247.88.24 - - [17/Jul/2012:13:56:09 +0200] "GET /images/freecall.jpg HTTP/1.1" 200 39195 "http://www.mink-gmbh.de/index.php" "Mozilla/5.0 (Windows NT 6.1; rv:13.0) Gecko/20100101 Firefox/13.0.1"
89.247.88.24 - - [17/Jul/2012:13:56:09 +0200] "GET /images/mail.jpg HTTP/1.1" 200 11165 "http://www.mink-gmbh.de/index.php" "Mozilla/5.0 (Windows NT 6.1; rv:13.0) Gecko/20100101 Firefox/13.0.1"
89.247.88.24 - - [17/Jul/2012:13:56:09 +0200] "GET /images/kwk.gif HTTP/1.1" 200 6403 "http://www.mink-gmbh.de/index.php" "Mozilla/5.0 (Windows NT 6.1; rv:13.0) Gecko/20100101 Firefox/13.0.1"
89.247.88.24 - - [17/Jul/2012:13:56:09 +0200] "GET /images/wunschpreis.jpg HTTP/1.1" 200 16767 "http://www.mink-gmbh.de/index.php" "Mozilla/5.0 (Windows NT 6.1; rv:13.0) Gecko/20100101 Firefox/13.0.1"
89.247.88.24 - - [17/Jul/2012:13:56:09 +0200] "GET /images/logos.jpg HTTP/1.1" 200 15002 "http://www.mink-gmbh.de/index.php" "Mozilla/5.0 (Windows NT 6.1; rv:13.0) Gecko/20100101 Firefox/13.0.1"
89.247.88.24 - - [17/Jul/2012:13:56:10 +0200] "GET /images/bg.jpg HTTP/1.1" 200 345 "http://www.mink-gmbh.de/style.css" "Mozilla/5.0 (Windows NT 6.1; rv:13.0) Gecko/20100101 Firefox/13.0.1"
89.247.88.24 - - [17/Jul/2012:13:56:10 +0200] "GET /js_contentserver24_greybox/w_close.gif HTTP/1.1" 200 74 "http://www.mink-gmbh.de/index.php" "Mozilla/5.0 (Windows NT 6.1; rv:13.0) Gecko/20100101 Firefox/13.0.1"
89.247.88.24 - - [17/Jul/2012:13:56:10 +0200] "GET /images/close.png HTTP/1.1" 200 703 "http://www.mink-gmbh.de/index.php" "Mozilla/5.0 (Windows NT 6.1; rv:13.0) Gecko/20100101 Firefox/13.0.1"
89.247.88.24 - - [17/Jul/2012:13:56:10 +0200] "GET /images/newsletter_bg.jpg HTTP/1.1" 200 33610 "http://www.mink-gmbh.de/index.php" "Mozilla/5.0 (Windows NT 6.1; rv:13.0) Gecko/20100101 Firefox/13.0.1"
89.247.88.24 - - [17/Jul/2012:13:56:10 +0200] "GET /images/newsletter.png HTTP/1.1" 200 14619 "http://www.mink-gmbh.de/style.css" "Mozilla/5.0 (Windows NT 6.1; rv:13.0) Gecko/20100101 Firefox/13.0.1"
89.247.88.24 - - [17/Jul/2012:13:56:10 +0200] "GET /images/wrapperbg.jpg HTTP/1.1" 200 27465 "http://www.mink-gmbh.de/style.css" "Mozilla/5.0 (Windows NT 6.1; rv:13.0) Gecko/20100101 Firefox/13.0.1"
89.247.88.24 - - [17/Jul/2012:13:56:10 +0200] "GET /images/header.jpg HTTP/1.1" 200 24413 "http://www.mink-gmbh.de/style.css" "Mozilla/5.0 (Windows NT 6.1; rv:13.0) Gecko/20100101 Firefox/13.0.1"
89.247.88.24 - - [17/Jul/2012:13:56:10 +0200] "GET /images/navibg.png HTTP/1.1" 200 2803 "http://www.mink-gmbh.de/style.css" "Mozilla/5.0 (Windows NT 6.1; rv:13.0) Gecko/20100101 Firefox/13.0.1"
89.247.88.24 - - [17/Jul/2012:13:56:10 +0200] "GET /images/fallend.png HTTP/1.1" 200 713 "http://www.mink-gmbh.de/modul.css" "Mozilla/5.0 (Windows NT 6.1; rv:13.0) Gecko/20100101 Firefox/13.0.1"
89.247.88.24 - - [17/Jul/2012:13:56:10 +0200] "GET /images/steigend.png HTTP/1.1" 200 688 "http://www.mink-gmbh.de/modul.css" "Mozilla/5.0 (Windows NT 6.1; rv:13.0) Gecko/20100101 Firefox/13.0.1"
89.247.88.24 - - [17/Jul/2012:13:56:10 +0200] "GET /images/gleichbleibend.png HTTP/1.1" 200 534 "http://www.mink-gmbh.de/modul.css" "Mozilla/5.0 (Windows NT 6.1; rv:13.0) Gecko/20100101 Firefox/13.0.1"
89.247.88.24 - - [17/Jul/2012:13:56:10 +0200] "GET /images/mobil.jpg HTTP/1.1" 200 25293 "http://www.mink-gmbh.de/style.css" "Mozilla/5.0 (Windows NT 6.1; rv:13.0) Gecko/20100101 Firefox/13.0.1"
89.247.88.24 - - [17/Jul/2012:13:56:10 +0200] "GET /images/newsletter.jpg HTTP/1.1" 200 13130 "http://www.mink-gmbh.de/style.css" "Mozilla/5.0 (Windows NT 6.1; rv:13.0) Gecko/20100101 Firefox/13.0.1"
89.247.88.24 - - [17/Jul/2012:13:56:10 +0200] "GET /images/footerbg.jpg HTTP/1.1" 200 2184 "http://www.mink-gmbh.de/style.css" "Mozilla/5.0 (Windows NT 6.1; rv:13.0) Gecko/20100101 Firefox/13.0.1"
89.247.88.24 - - [17/Jul/2012:13:56:10 +0200] "GET /js_contentserver24_greybox/header_bg.gif HTTP/1.1" 200 1188 "http://www.mink-gmbh.de/index.php" "Mozilla/5.0 (Windows NT 6.1; rv:13.0) Gecko/20100101 Firefox/13.0.1"
89.247.88.24 - - [17/Jul/2012:13:56:10 +0200] "GET /js_contentserver24_greybox/g_close.gif HTTP/1.1" 200 541 "http://www.mink-gmbh.de/index.php" "Mozilla/5.0 (Windows NT 6.1; rv:13.0) Gecko/20100101 Firefox/13.0.1"
89.247.88.24 - - [17/Jul/2012:13:56:10 +0200] "GET /js_contentserver24_greybox/indicator.gif HTTP/1.1" 200 8238 "http://www.mink-gmbh.de/index.php" "Mozilla/5.0 (Windows NT 6.1; rv:13.0) Gecko/20100101 Firefox/13.0.1"
89.247.88.24 - - [17/Jul/2012:13:56:11 +0200] "GET /js_contentserver24_greybox/loader_frame.html?s=0 HTTP/1.1" 200 2084 "http://www.mink-gmbh.de/index.php" "Mozilla/5.0 (Windows NT 6.1; rv:13.0) Gecko/20100101 Firefox/13.0.1"
89.247.93.59 - - [17/Jul/2012:14:07:52 +0200] "GET /style.css HTTP/1.1" 200 8418 "http://www.mink-gmbh.de/index.php" "Mozilla/5.0 (Windows NT 6.1; rv:13.0) Gecko/20100101 Firefox/13.0.1"
89.247.93.59 - - [17/Jul/2012:14:07:52 +0200] "GET /modul.css HTTP/1.1" 200 35038 "http://www.mink-gmbh.de/index.php" "Mozilla/5.0 (Windows NT 6.1; rv:13.0) Gecko/20100101 Firefox/13.0.1"
89.247.93.59 - - [17/Jul/2012:14:07:52 +0200] "GET /favicon.ico HTTP/1.1" 200 3638 "-" "Mozilla/5.0 (Windows NT 6.1; rv:13.0) Gecko/20100101 Firefox/13.0.1"
89.247.93.59 - - [17/Jul/2012:14:07:52 +0200] "GET /js_contentserver24_greybox/gb_styles.css HTTP/1.1" 200 2302 "http://www.mink-gmbh.de/index.php" "Mozilla/5.0 (Windows NT 6.1; rv:13.0) Gecko/20100101 Firefox/13.0.1"
89.247.93.59 - - [17/Jul/2012:14:07:52 +0200] "GET /js_contentserver24_greybox/AJS.js HTTP/1.1" 200 10396 "http://www.mink-gmbh.de/index.php" "Mozilla/5.0 (Windows NT 6.1; rv:13.0) Gecko/20100101 Firefox/13.0.1"
89.247.93.59 - - [17/Jul/2012:14:07:52 +0200] "GET /js_contentserver24_greybox/AJS_fx.js HTTP/1.1" 200 3192 "http://www.mink-gmbh.de/index.php" "Mozilla/5.0 (Windows NT 6.1; rv:13.0) Gecko/20100101 Firefox/13.0.1"
89.247.93.59 - - [17/Jul/2012:14:07:52 +0200] "GET /js_contentserver24_greybox/gb_scripts.js HTTP/1.1" 200 11913 "http://www.mink-gmbh.de/index.php" "Mozilla/5.0 (Windows NT 6.1; rv:13.0) Gecko/20100101 Firefox/13.0.1"
89.247.93.59 - - [17/Jul/2012:14:07:52 +0200] "GET /images/bg.jpg HTTP/1.1" 200 345 "http://www.mink-gmbh.de/style.css" "Mozilla/5.0 (Windows NT 6.1; rv:13.0) Gecko/20100101 Firefox/13.0.1"
89.247.93.59 - - [17/Jul/2012:14:07:52 +0200] "GET /js_contentserver24_greybox/w_close.gif HTTP/1.1" 200 74 "http://www.mink-gmbh.de/index.php" "Mozilla/5.0 (Windows NT 6.1; rv:13.0) Gecko/20100101 Firefox/13.0.1"
89.247.93.59 - - [17/Jul/2012:14:07:52 +0200] "GET /images/close.png HTTP/1.1" 200 703 "http://www.mink-gmbh.de/index.php" "Mozilla/5.0 (Windows NT 6.1; rv:13.0) Gecko/20100101 Firefox/13.0.1"
89.247.93.59 - - [17/Jul/2012:14:07:52 +0200] "GET /images/newsletter_bg.jpg HTTP/1.1" 200 33610 "http://www.mink-gmbh.de/index.php" "Mozilla/5.0 (Windows NT 6.1; rv:13.0) Gecko/20100101 Firefox/13.0.1"
89.247.93.59 - - [17/Jul/2012:14:07:52 +0200] "GET /images/newsletter.png HTTP/1.1" 200 14619 "http://www.mink-gmbh.de/style.css" "Mozilla/5.0 (Windows NT 6.1; rv:13.0) Gecko/20100101 Firefox/13.0.1"
89.247.93.59 - - [17/Jul/2012:14:07:53 +0200] "GET /images/wrapperbg.jpg HTTP/1.1" 200 27465 "http://www.mink-gmbh.de/style.css" "Mozilla/5.0 (Windows NT 6.1; rv:13.0) Gecko/20100101 Firefox/13.0.1"
89.247.93.59 - - [17/Jul/2012:14:07:53 +0200] "GET /images/header.jpg HTTP/1.1" 200 24413 "http://www.mink-gmbh.de/style.css" "Mozilla/5.0 (Windows NT 6.1; rv:13.0) Gecko/20100101 Firefox/13.0.1"
89.247.93.59 - - [17/Jul/2012:14:07:53 +0200] "GET /images/navibg.png HTTP/1.1" 200 2803 "http://www.mink-gmbh.de/style.css" "Mozilla/5.0 (Windows NT 6.1; rv:13.0) Gecko/20100101 Firefox/13.0.1"
89.247.93.59 - - [17/Jul/2012:14:07:53 +0200] "GET /images/fallend.png HTTP/1.1" 200 713 "http://www.mink-gmbh.de/modul.css" "Mozilla/5.0 (Windows NT 6.1; rv:13.0) Gecko/20100101 Firefox/13.0.1"
89.247.93.59 - - [17/Jul/2012:14:07:53 +0200] "GET /images/steigend.png HTTP/1.1" 200 688 "http://www.mink-gmbh.de/modul.css" "Mozilla/5.0 (Windows NT 6.1; rv:13.0) Gecko/20100101 Firefox/13.0.1"
89.247.93.59 - - [17/Jul/2012:14:07:53 +0200] "GET /images/gleichbleibend.png HTTP/1.1" 200 534 "http://www.mink-gmbh.de/modul.css" "Mozilla/5.0 (Windows NT 6.1; rv:13.0) Gecko/20100101 Firefox/13.0.1"
89.247.93.59 - - [17/Jul/2012:14:07:51 +0200] "GET /index.php HTTP/1.1" 200 15321 "-" "Mozilla/5.0 (Windows NT 6.1; rv:13.0) Gecko/20100101 Firefox/13.0.1"
89.247.93.59 - - [17/Jul/2012:14:07:53 +0200] "GET /images/tkw.jpg HTTP/1.1" 200 64031 "http://www.mink-gmbh.de/index.php" "Mozilla/5.0 (Windows NT 6.1; rv:13.0) Gecko/20100101 Firefox/13.0.1"
89.247.93.59 - - [17/Jul/2012:14:07:53 +0200] "GET /images/freecall.jpg HTTP/1.1" 200 39195 "http://www.mink-gmbh.de/index.php" "Mozilla/5.0 (Windows NT 6.1; rv:13.0) Gecko/20100101 Firefox/13.0.1"
89.247.93.59 - - [17/Jul/2012:14:07:53 +0200] "GET /images/mail.jpg HTTP/1.1" 200 11165 "http://www.mink-gmbh.de/index.php" "Mozilla/5.0 (Windows NT 6.1; rv:13.0) Gecko/20100101 Firefox/13.0.1"
89.247.93.59 - - [17/Jul/2012:14:07:53 +0200] "GET /images/kwk.gif HTTP/1.1" 200 6403 "http://www.mink-gmbh.de/index.php" "Mozilla/5.0 (Windows NT 6.1; rv:13.0) Gecko/20100101 Firefox/13.0.1"
89.247.93.59 - - [17/Jul/2012:14:07:53 +0200] "GET /images/wunschpreis.jpg HTTP/1.1" 200 16767 "http://www.mink-gmbh.de/index.php" "Mozilla/5.0 (Windows NT 6.1; rv:13.0) Gecko/20100101 Firefox/13.0.1"
89.247.93.59 - - [17/Jul/2012:14:07:53 +0200] "GET /images/logos.jpg HTTP/1.1" 200 15002 "http://www.mink-gmbh.de/index.php" "Mozilla/5.0 (Windows NT 6.1; rv:13.0) Gecko/20100101 Firefox/13.0.1"
89.247.93.59 - - [17/Jul/2012:14:07:53 +0200] "GET /images/mobil.jpg HTTP/1.1" 200 25293 "http://www.mink-gmbh.de/style.css" "Mozilla/5.0 (Windows NT 6.1; rv:13.0) Gecko/20100101 Firefox/13.0.1"
89.247.93.59 - - [17/Jul/2012:14:07:53 +0200] "GET /images/newsletter.jpg HTTP/1.1" 200 13130 "http://www.mink-gmbh.de/style.css" "Mozilla/5.0 (Windows NT 6.1; rv:13.0) Gecko/20100101 Firefox/13.0.1"
89.247.93.59 - - [17/Jul/2012:14:07:53 +0200] "GET /images/footerbg.jpg HTTP/1.1" 200 2184 "http://www.mink-gmbh.de/style.css" "Mozilla/5.0 (Windows NT 6.1; rv:13.0) Gecko/20100101 Firefox/13.0.1"
89.247.93.59 - - [17/Jul/2012:14:07:53 +0200] "GET /js_contentserver24_greybox/header_bg.gif HTTP/1.1" 200 1188 "http://www.mink-gmbh.de/index.php" "Mozilla/5.0 (Windows NT 6.1; rv:13.0) Gecko/20100101 Firefox/13.0.1"
89.247.93.59 - - [17/Jul/2012:14:07:53 +0200] "GET /js_contentserver24_greybox/g_close.gif HTTP/1.1" 200 541 "http://www.mink-gmbh.de/index.php" "Mozilla/5.0 (Windows NT 6.1; rv:13.0) Gecko/20100101 Firefox/13.0.1"
89.247.93.59 - - [17/Jul/2012:14:07:53 +0200] "GET /js_contentserver24_greybox/indicator.gif HTTP/1.1" 200 8238 "http://www.mink-gmbh.de/index.php" "Mozilla/5.0 (Windows NT 6.1; rv:13.0) Gecko/20100101 Firefox/13.0.1"
89.247.93.59 - - [17/Jul/2012:14:07:53 +0200] "GET /js_contentserver24_greybox/loader_frame.html?s=0 HTTP/1.1" 200 2084 "http://www.mink-gmbh.de/index.php" "Mozilla/5.0 (Windows NT 6.1; rv:13.0) Gecko/20100101 Firefox/13.0.1"
66.249.66.147 - - [17/Jul/2012:14:08:23 +0200] "GET /news.php?cs_go=archiv&cs_id=2116&cs_search= HTTP/1.1" 200 9945 "-" "Mozilla/5.0 (compatible; Googlebot/2.1; +http://www.google.com/bot.html)"
66.249.66.147 - - [17/Jul/2012:14:15:04 +0200] "GET /news.php?cs_go=archiv&cs_id=1987&cs_search= HTTP/1.1" 200 9499 "-" "Mozilla/5.0 (compatible; Googlebot/2.1; +http://www.google.com/bot.html)"
66.249.66.147 - - [17/Jul/2012:14:27:44 +0200] "GET /news.php?cs_go=archiv&cs_id=2093&cs_search= HTTP/1.1" 200 10260 "-" "Mozilla/5.0 (compatible; Googlebot/2.1; +http://www.google.com/bot.html)"
92.225.119.252 - - [17/Jul/2012:14:31:34 +0200] "GET /style.css HTTP/1.1" 200 8418 "http://www.mink-gmbh.de/" "Mozilla/5.0 (Windows NT 6.1; WOW64; rv:13.0) Gecko/20100101 Firefox/13.0.1"
92.225.119.252 - - [17/Jul/2012:14:31:34 +0200] "GET /favicon.ico HTTP/1.1" 200 3638 "-" "Mozilla/5.0 (Windows NT 6.1; WOW64; rv:13.0) Gecko/20100101 Firefox/13.0.1"
92.225.119.252 - - [17/Jul/2012:14:31:34 +0200] "GET /modul.css HTTP/1.1" 200 35038 "http://www.mink-gmbh.de/" "Mozilla/5.0 (Windows NT 6.1; WOW64; rv:13.0) Gecko/20100101 Firefox/13.0.1"
92.225.119.252 - - [17/Jul/2012:14:31:34 +0200] "GET /js_contentserver24_greybox/gb_styles.css HTTP/1.1" 200 2302 "http://www.mink-gmbh.de/" "Mozilla/5.0 (Windows NT 6.1; WOW64; rv:13.0) Gecko/20100101 Firefox/13.0.1"
92.225.119.252 - - [17/Jul/2012:14:31:34 +0200] "GET /js_contentserver24_greybox/AJS.js HTTP/1.1" 200 10396 "http://www.mink-gmbh.de/" "Mozilla/5.0 (Windows NT 6.1; WOW64; rv:13.0) Gecko/20100101 Firefox/13.0.1"
92.225.119.252 - - [17/Jul/2012:14:31:34 +0200] "GET /js_contentserver24_greybox/AJS_fx.js HTTP/1.1" 200 3192 "http://www.mink-gmbh.de/" "Mozilla/5.0 (Windows NT 6.1; WOW64; rv:13.0) Gecko/20100101 Firefox/13.0.1"
92.225.119.252 - - [17/Jul/2012:14:31:34 +0200] "GET /js_contentserver24_greybox/gb_scripts.js HTTP/1.1" 200 11913 "http://www.mink-gmbh.de/" "Mozilla/5.0 (Windows NT 6.1; WOW64; rv:13.0) Gecko/20100101 Firefox/13.0.1"
92.225.119.252 - - [17/Jul/2012:14:31:34 +0200] "GET /images/tkw.jpg HTTP/1.1" 200 64031 "http://www.mink-gmbh.de/" "Mozilla/5.0 (Windows NT 6.1; WOW64; rv:13.0) Gecko/20100101 Firefox/13.0.1"
92.225.119.252 - - [17/Jul/2012:14:31:34 +0200] "GET /images/bg.jpg HTTP/1.1" 200 345 "http://www.mink-gmbh.de/style.css" "Mozilla/5.0 (Windows NT 6.1; WOW64; rv:13.0) Gecko/20100101 Firefox/13.0.1"
92.225.119.252 - - [17/Jul/2012:14:31:34 +0200] "GET /js_contentserver24_greybox/w_close.gif HTTP/1.1" 200 74 "http://www.mink-gmbh.de/" "Mozilla/5.0 (Windows NT 6.1; WOW64; rv:13.0) Gecko/20100101 Firefox/13.0.1"
92.225.119.252 - - [17/Jul/2012:14:31:34 +0200] "GET /images/close.png HTTP/1.1" 200 703 "http://www.mink-gmbh.de/" "Mozilla/5.0 (Windows NT 6.1; WOW64; rv:13.0) Gecko/20100101 Firefox/13.0.1"
92.225.119.252 - - [17/Jul/2012:14:31:34 +0200] "GET /images/newsletter.png HTTP/1.1" 200 14619 "http://www.mink-gmbh.de/style.css" "Mozilla/5.0 (Windows NT 6.1; WOW64; rv:13.0) Gecko/20100101 Firefox/13.0.1"
92.225.119.252 - - [17/Jul/2012:14:31:33 +0200] "GET / HTTP/1.1" 200 15321 "http://www.google.de/url?sa=t&rct=j&q=energie%20%26%20service%20s%C3%BCd%20ost%20berlin%20%26%20mink%20gmbh%20&source=web&cd=3&ved=0CFcQFjAC&url=http%3A%2F%2Fwww.mink-gmbh.de%2F&ei=GlsFUKmQKsvbsgbLmpyzBg&usg=AFQjCNFHX4Iglls9oo-KYXTmDUV_5KOVIg" "Mozilla/5.0 (Windows NT 6.1; WOW64; rv:13.0) Gecko/20100101 Firefox/13.0.1"
92.225.119.252 - - [17/Jul/2012:14:31:34 +0200] "GET /images/wrapperbg.jpg HTTP/1.1" 200 27465 "http://www.mink-gmbh.de/style.css" "Mozilla/5.0 (Windows NT 6.1; WOW64; rv:13.0) Gecko/20100101 Firefox/13.0.1"
92.225.119.252 - - [17/Jul/2012:14:31:34 +0200] "GET /images/header.jpg HTTP/1.1" 200 24413 "http://www.mink-gmbh.de/style.css" "Mozilla/5.0 (Windows NT 6.1; WOW64; rv:13.0) Gecko/20100101 Firefox/13.0.1"
92.225.119.252 - - [17/Jul/2012:14:31:34 +0200] "GET /images/navibg.png HTTP/1.1" 200 2803 "http://www.mink-gmbh.de/style.css" "Mozilla/5.0 (Windows NT 6.1; WOW64; rv:13.0) Gecko/20100101 Firefox/13.0.1"
92.225.119.252 - - [17/Jul/2012:14:31:34 +0200] "GET /images/fallend.png HTTP/1.1" 200 713 "http://www.mink-gmbh.de/modul.css" "Mozilla/5.0 (Windows NT 6.1; WOW64; rv:13.0) Gecko/20100101 Firefox/13.0.1"
92.225.119.252 - - [17/Jul/2012:14:31:34 +0200] "GET /images/steigend.png HTTP/1.1" 200 688 "http://www.mink-gmbh.de/modul.css" "Mozilla/5.0 (Windows NT 6.1; WOW64; rv:13.0) Gecko/20100101 Firefox/13.0.1"
92.225.119.252 - - [17/Jul/2012:14:31:34 +0200] "GET /images/gleichbleibend.png HTTP/1.1" 200 534 "http://www.mink-gmbh.de/modul.css" "Mozilla/5.0 (Windows NT 6.1; WOW64; rv:13.0) Gecko/20100101 Firefox/13.0.1"
92.225.119.252 - - [17/Jul/2012:14:31:34 +0200] "GET /images/mobil.jpg HTTP/1.1" 200 25293 "http://www.mink-gmbh.de/style.css" "Mozilla/5.0 (Windows NT 6.1; WOW64; rv:13.0) Gecko/20100101 Firefox/13.0.1"
92.225.119.252 - - [17/Jul/2012:14:31:34 +0200] "GET /images/newsletter.jpg HTTP/1.1" 200 13130 "http://www.mink-gmbh.de/style.css" "Mozilla/5.0 (Windows NT 6.1; WOW64; rv:13.0) Gecko/20100101 Firefox/13.0.1"
92.225.119.252 - - [17/Jul/2012:14:31:34 +0200] "GET /images/mail.jpg HTTP/1.1" 200 11165 "http://www.mink-gmbh.de/" "Mozilla/5.0 (Windows NT 6.1; WOW64; rv:13.0) Gecko/20100101 Firefox/13.0.1"
92.225.119.252 - - [17/Jul/2012:14:31:34 +0200] "GET /images/kwk.gif HTTP/1.1" 200 6403 "http://www.mink-gmbh.de/" "Mozilla/5.0 (Windows NT 6.1; WOW64; rv:13.0) Gecko/20100101 Firefox/13.0.1"
92.225.119.252 - - [17/Jul/2012:14:31:34 +0200] "GET /images/newsletter_bg.jpg HTTP/1.1" 200 33610 "http://www.mink-gmbh.de/" "Mozilla/5.0 (Windows NT 6.1; WOW64; rv:13.0) Gecko/20100101 Firefox/13.0.1"
92.225.119.252 - - [17/Jul/2012:14:31:34 +0200] "GET /images/wunschpreis.jpg HTTP/1.1" 200 16767 "http://www.mink-gmbh.de/" "Mozilla/5.0 (Windows NT 6.1; WOW64; rv:13.0) Gecko/20100101 Firefox/13.0.1"
92.225.119.252 - - [17/Jul/2012:14:31:34 +0200] "GET /images/logos.jpg HTTP/1.1" 200 15002 "http://www.mink-gmbh.de/" "Mozilla/5.0 (Windows NT 6.1; WOW64; rv:13.0) Gecko/20100101 Firefox/13.0.1"
92.225.119.252 - - [17/Jul/2012:14:31:34 +0200] "GET /images/freecall.jpg HTTP/1.1" 200 39195 "http://www.mink-gmbh.de/" "Mozilla/5.0 (Windows NT 6.1; WOW64; rv:13.0) Gecko/20100101 Firefox/13.0.1"
92.225.119.252 - - [17/Jul/2012:14:31:35 +0200] "GET /images/footerbg.jpg HTTP/1.1" 200 2184 "http://www.mink-gmbh.de/style.css" "Mozilla/5.0 (Windows NT 6.1; WOW64; rv:13.0) Gecko/20100101 Firefox/13.0.1"
92.225.119.252 - - [17/Jul/2012:14:31:35 +0200] "GET /js_contentserver24_greybox/loader_frame.html?s=0 HTTP/1.1" 200 2084 "http://www.mink-gmbh.de/" "Mozilla/5.0 (Windows NT 6.1; WOW64; rv:13.0) Gecko/20100101 Firefox/13.0.1"
92.225.119.252 - - [17/Jul/2012:14:31:35 +0200] "GET /js_contentserver24_greybox/header_bg.gif HTTP/1.1" 200 1188 "http://www.mink-gmbh.de/" "Mozilla/5.0 (Windows NT 6.1; WOW64; rv:13.0) Gecko/20100101 Firefox/13.0.1"
92.225.119.252 - - [17/Jul/2012:14:31:35 +0200] "GET /js_contentserver24_greybox/indicator.gif HTTP/1.1" 200 8238 "http://www.mink-gmbh.de/js_contentserver24_greybox/loader_frame.html?s=0" "Mozilla/5.0 (Windows NT 6.1; WOW64; rv:13.0) Gecko/20100101 Firefox/13.0.1"
92.225.119.252 - - [17/Jul/2012:14:31:36 +0200] "GET /js_contentserver24_greybox/g_close.gif HTTP/1.1" 200 541 "http://www.mink-gmbh.de/" "Mozilla/5.0 (Windows NT 6.1; WOW64; rv:13.0) Gecko/20100101 Firefox/13.0.1"
92.225.119.252 - - [17/Jul/2012:14:31:56 +0200] "GET /kontakt.php HTTP/1.1" 200 9040 "http://www.mink-gmbh.de/" "Mozilla/5.0 (Windows NT 6.1; WOW64; rv:13.0) Gecko/20100101 Firefox/13.0.1"
92.225.119.252 - - [17/Jul/2012:14:31:58 +0200] "GET /news.php HTTP/1.1" 200 22142 "http://www.mink-gmbh.de/kontakt.php" "Mozilla/5.0 (Windows NT 6.1; WOW64; rv:13.0) Gecko/20100101 Firefox/13.0.1"
92.225.119.252 - - [17/Jul/2012:14:31:59 +0200] "GET /preisanfrage.php HTTP/1.1" 200 10549 "http://www.mink-gmbh.de/news.php" "Mozilla/5.0 (Windows NT 6.1; WOW64; rv:13.0) Gecko/20100101 Firefox/13.0.1"
92.225.119.252 - - [17/Jul/2012:14:32:01 +0200] "GET /wunschpreis.php HTTP/1.1" 200 11898 "http://www.mink-gmbh.de/preisanfrage.php" "Mozilla/5.0 (Windows NT 6.1; WOW64; rv:13.0) Gecko/20100101 Firefox/13.0.1"
92.225.119.252 - - [17/Jul/2012:14:32:02 +0200] "GET /standard.php HTTP/1.1" 200 9063 "http://www.mink-gmbh.de/wunschpreis.php" "Mozilla/5.0 (Windows NT 6.1; WOW64; rv:13.0) Gecko/20100101 Firefox/13.0.1"
66.249.71.108 - - [17/Jul/2012:14:46:10 +0200] "GET /news.php?cs_go=archiv&cs_id=2071&cs_search= HTTP/1.1" 200 10396 "-" "Mozilla/5.0 (compatible; Googlebot/2.1; +http://www.google.com/bot.html)"
66.249.66.147 - - [17/Jul/2012:15:00:48 +0200] "GET /news.php?cs_go=archiv&cs_startpos=411 HTTP/1.1" 200 22858 "-" "Mozilla/5.0 (compatible; Googlebot/2.1; +http://www.google.com/bot.html)"
66.249.71.108 - - [17/Jul/2012:15:17:25 +0200] "GET /news.php?cs_go=archiv&cs_id=2540 HTTP/1.1" 200 11924 "-" "Mozilla/5.0 (compatible; Googlebot/2.1; +http://www.google.com/bot.html)"
208.115.113.91 - - [17/Jul/2012:15:22:40 +0200] "GET /news.php?cs_go=archiv&cs_id=2986&cs_search= HTTP/1.1" 200 12655 "-" "Mozilla/5.0 (compatible; Ezooms/1.0; ezooms.bot@gmail.com)"
66.249.66.147 - - [17/Jul/2012:15:29:37 +0200] "GET /news.php?cs_go=archiv&cs_startpos=1490 HTTP/1.1" 200 10019 "-" "Mozilla/5.0 (compatible; Googlebot/2.1; +http://www.google.com/bot.html)"
178.154.179.250 - - [17/Jul/2012:16:31:31 +0200] "GET /robots.txt HTTP/1.1" 200 177 "-" "Mozilla/5.0 (compatible; YandexBot/3.0; +http://yandex.com/bots)"
178.154.179.250 - - [17/Jul/2012:16:31:33 +0200] "GET /agb.php HTTP/1.1" 200 19709 "-" "Mozilla/5.0 (compatible; YandexBot/3.0; +http://yandex.com/bots)"
208.115.113.91 - - [17/Jul/2012:17:11:37 +0200] "GET /robots.txt HTTP/1.1" 200 177 "-" "Mozilla/5.0 (compatible; Ezooms/1.0; ezooms.bot@gmail.com)"
66.249.66.147 - - [17/Jul/2012:17:40:42 +0200] "GET /robots.txt HTTP/1.1" 200 177 "-" "Mozilla/5.0 (compatible; Googlebot/2.1; +http://www.google.com/bot.html)"
66.249.66.147 - - [17/Jul/2012:17:40:42 +0200] "GET /news.php?cs_go=archiv&cs_startpos=1 HTTP/1.1" 200 22452 "-" "Mozilla/5.0 (compatible; Googlebot/2.1; +http://www.google.com/bot.html)"
217.69.133.31 - - [17/Jul/2012:18:23:16 +0200] "GET /robots.txt HTTP/1.0" 200 177 "-" "Mozilla/5.0 (compatible; Mail.RU/2.0)"
208.115.111.75 - - [17/Jul/2012:18:57:22 +0200] "GET /robots.txt HTTP/1.1" 200 177 "-" "Mozilla/5.0 (compatible; Ezooms/1.0; ezooms.bot@gmail.com)"
208.115.113.91 - - [17/Jul/2012:19:04:01 +0200] "GET /news.php?cs_go=archiv&cs_id=1943&cs_search= HTTP/1.1" 200 13832 "-" "Mozilla/5.0 (compatible; Ezooms/1.0; ezooms.bot@gmail.com)"
208.115.113.91 - - [17/Jul/2012:19:04:14 +0200] "GET /news.php?cs_go=archiv&cs_id=2891&cs_search= HTTP/1.1" 200 14089 "-" "Mozilla/5.0 (compatible; Ezooms/1.0; ezooms.bot@gmail.com)"
208.115.113.91 - - [17/Jul/2012:19:04:19 +0200] "GET /news.php?cs_go=archiv&cs_id=2950&cs_search= HTTP/1.1" 200 12465 "-" "Mozilla/5.0 (compatible; Ezooms/1.0; ezooms.bot@gmail.com)"
66.249.66.147 - - [17/Jul/2012:19:04:55 +0200] "GET /news.php?cs_go=archiv&cs_id=2007&cs_search= HTTP/1.1" 200 10008 "-" "Mozilla/5.0 (compatible; Googlebot/2.1; +http://www.google.com/bot.html)"
65.36.241.79 - - [17/Jul/2012:19:10:33 +0200] "HEAD / HTTP/1.1" 200 - "-" "InternetSeer.com"
66.249.71.108 - - [17/Jul/2012:19:25:07 +0200] "GET /news.php?cs_go=archiv&cs_id=2009&cs_search= HTTP/1.1" 200 10134 "-" "Mozilla/5.0 (compatible; Googlebot/2.1; +http://www.google.com/bot.html)"
66.249.66.147 - - [17/Jul/2012:19:48:21 +0200] "GET /news.php?cs_go=archiv&cs_id=2740&cs_search= HTTP/1.1" 200 9923 "-" "Mozilla/5.0 (compatible; Googlebot/2.1; +http://www.google.com/bot.html)"
66.249.66.147 - - [17/Jul/2012:20:04:03 +0200] "GET /news.php?cs_go=archiv&cs_id=2011&cs_search= HTTP/1.1" 200 10851 "-" "Mozilla/5.0 (compatible; Googlebot/2.1; +http://www.google.com/bot.html)"
66.249.66.147 - - [17/Jul/2012:20:14:18 +0200] "GET /news.php?cs_go=archiv&cs_id=2015&cs_search= HTTP/1.1" 200 9939 "-" "Mozilla/5.0 (compatible; Googlebot/2.1; +http://www.google.com/bot.html)"
66.249.66.147 - - [17/Jul/2012:20:19:29 +0200] "GET /news.php?cs_go=archiv&cs_id=2017&cs_search= HTTP/1.1" 200 9795 "-" "Mozilla/5.0 (compatible; Googlebot/2.1; +http://www.google.com/bot.html)"
66.249.66.147 - - [17/Jul/2012:20:24:34 +0200] "GET /news.php?cs_go=archiv&cs_id=2019&cs_search= HTTP/1.1" 200 10049 "-" "Mozilla/5.0 (compatible; Googlebot/2.1; +http://www.google.com/bot.html)"
66.249.71.108 - - [17/Jul/2012:20:28:05 +0200] "GET /news.php?cs_go=archiv&cs_startpos=11 HTTP/1.1" 200 22517 "-" "Mozilla/5.0 (compatible; Googlebot/2.1; +http://www.google.com/bot.html)"
66.249.66.147 - - [17/Jul/2012:20:39:34 +0200] "GET /news.php?cs_go=archiv&cs_id=2020&cs_search= HTTP/1.1" 200 9947 "-" "Mozilla/5.0 (compatible; Googlebot/2.1; +http://www.google.com/bot.html)"
66.249.66.147 - - [17/Jul/2012:20:42:14 +0200] "GET /news.php?cs_go=archiv&cs_id=2022&cs_search= HTTP/1.1" 200 10328 "-" "Mozilla/5.0 (compatible; Googlebot/2.1; +http://www.google.com/bot.html)"
66.249.71.108 - - [17/Jul/2012:20:55:00 +0200] "GET /news.php?cs_go=archiv&cs_id=2024&cs_search= HTTP/1.1" 200 10233 "-" "Mozilla/5.0 (compatible; Googlebot/2.1; +http://www.google.com/bot.html)"
66.249.71.108 - - [17/Jul/2012:21:08:50 +0200] "GET /news.php?cs_go=archiv&cs_id=2028&cs_search= HTTP/1.1" 200 10119 "-" "Mozilla/5.0 (compatible; Googlebot/2.1; +http://www.google.com/bot.html)"
66.249.71.108 - - [17/Jul/2012:21:10:25 +0200] "GET /news.php?cs_go=archiv&cs_id=2341&cs_search= HTTP/1.1" 200 9215 "-" "Mozilla/5.0 (compatible; Googlebot/2.1; +http://www.google.com/bot.html)"
66.249.66.147 - - [17/Jul/2012:21:15:25 +0200] "GET /news.php?cs_go=archiv&cs_id=2032&cs_search= HTTP/1.1" 200 10536 "-" "Mozilla/5.0 (compatible; Googlebot/2.1; +http://www.google.com/bot.html)"
66.249.66.147 - - [17/Jul/2012:21:17:12 +0200] "GET /news.php?cs_go=archiv&cs_id=2030&cs_search= HTTP/1.1" 200 10296 "-" "Mozilla/5.0 (compatible; Googlebot/2.1; +http://www.google.com/bot.html)"
66.249.66.147 - - [17/Jul/2012:21:21:02 +0200] "GET /news.php?cs_go=archiv&cs_id=2034&cs_search= HTTP/1.1" 200 10439 "-" "Mozilla/5.0 (compatible; Googlebot/2.1; +http://www.google.com/bot.html)"
208.115.113.91 - - [17/Jul/2012:21:45:18 +0200] "GET /robots.txt HTTP/1.1" 200 177 "-" "Mozilla/5.0 (compatible; Ezooms/1.0; ezooms.bot@gmail.com)"
66.249.66.147 - - [17/Jul/2012:21:53:01 +0200] "GET /news.php?cs_go=archiv&cs_id=2068&cs_search= HTTP/1.1" 200 10190 "-" "Mozilla/5.0 (compatible; Googlebot/2.1; +http://www.google.com/bot.html)"
66.249.71.108 - - [17/Jul/2012:21:54:50 +0200] "GET /news.php?cs_go=archiv&cs_id=2655&cs_search= HTTP/1.1" 200 10296 "-" "Mozilla/5.0 (compatible; Googlebot/2.1; +http://www.google.com/bot.html)"
66.249.66.147 - - [17/Jul/2012:21:58:41 +0200] "GET /news.php?cs_go=archiv&cs_id=2039&cs_search= HTTP/1.1" 200 10147 "-" "Mozilla/5.0 (compatible; Googlebot/2.1; +http://www.google.com/bot.html)"
66.249.66.147 - - [17/Jul/2012:22:14:02 +0200] "GET /news.php?cs_go=archiv&cs_id=2038&cs_search= HTTP/1.1" 200 9980 "-" "Mozilla/5.0 (compatible; Googlebot/2.1; +http://www.google.com/bot.html)"
139.18.2.17 - - [17/Jul/2012:22:17:16 +0200] "GET /robots.txt HTTP/1.1" 200 177 "-" "findlinks/2.6 (+http://wortschatz.uni-leipzig.de/findlinks/)"
66.249.71.108 - - [17/Jul/2012:22:17:52 +0200] "GET /news.php?cs_go=archiv&cs_id=2654&cs_search= HTTP/1.1" 200 13357 "-" "Mozilla/5.0 (compatible; Googlebot/2.1; +http://www.google.com/bot.html)"
66.249.66.147 - - [17/Jul/2012:22:21:43 +0200] "GET /news.php?cs_go=archiv&cs_id=2052&cs_search= HTTP/1.1" 200 9988 "-" "Mozilla/5.0 (compatible; Googlebot/2.1; +http://www.google.com/bot.html)"
199.19.110.52 - - [17/Jul/2012:22:23:25 +0200] "GET /robots.txt HTTP/1.0" 200 177 "-" "Mozilla/5.0 (compatible; MJ12bot/v1.4.3; http://www.majestic12.co.uk/bot.php?+)"
199.19.110.52 - - [17/Jul/2012:22:23:27 +0200] "GET /news.php?cs_go=archiv&cs_id=3233 HTTP/1.0" 200 9945 "-" "Mozilla/5.0 (compatible; MJ12bot/v1.4.3; http://www.majestic12.co.uk/bot.php?+)"
199.19.110.52 - - [17/Jul/2012:22:23:29 +0200] "GET /news.php?cs_go=archiv&cs_id=3234 HTTP/1.0" 200 12314 "-" "Mozilla/5.0 (compatible; MJ12bot/v1.4.3; http://www.majestic12.co.uk/bot.php?+)"
199.19.110.52 - - [17/Jul/2012:22:23:30 +0200] "GET /news.php?cs_go=archiv&cs_id=3236 HTTP/1.0" 200 13681 "-" "Mozilla/5.0 (compatible; MJ12bot/v1.4.3; http://www.majestic12.co.uk/bot.php?+)"
199.19.110.52 - - [17/Jul/2012:22:23:32 +0200] "GET /news.php?cs_go=archiv&cs_id=3246 HTTP/1.0" 200 13266 "-" "Mozilla/5.0 (compatible; MJ12bot/v1.4.3; http://www.majestic12.co.uk/bot.php?+)"
199.19.110.52 - - [17/Jul/2012:22:23:34 +0200] "GET /news.php?cs_go=archiv&cs_id=3247 HTTP/1.0" 200 9749 "-" "Mozilla/5.0 (compatible; MJ12bot/v1.4.3; http://www.majestic12.co.uk/bot.php?+)"
199.19.110.52 - - [17/Jul/2012:22:23:36 +0200] "GET /news.php?cs_go=archiv&cs_id=3248 HTTP/1.0" 200 11165 "-" "Mozilla/5.0 (compatible; MJ12bot/v1.4.3; http://www.majestic12.co.uk/bot.php?+)"
199.19.110.52 - - [17/Jul/2012:22:23:38 +0200] "GET /news.php?cs_go=archiv&cs_id=3251 HTTP/1.0" 200 13927 "-" "Mozilla/5.0 (compatible; MJ12bot/v1.4.3; http://www.majestic12.co.uk/bot.php?+)"
199.19.110.52 - - [17/Jul/2012:22:23:39 +0200] "GET /news.php?cs_go=archiv&cs_id=3253 HTTP/1.0" 200 10550 "-" "Mozilla/5.0 (compatible; MJ12bot/v1.4.3; http://www.majestic12.co.uk/bot.php?+)"
199.19.110.52 - - [17/Jul/2012:22:23:41 +0200] "GET /news.php?cs_go=archiv&cs_id=3256 HTTP/1.0" 200 13267 "-" "Mozilla/5.0 (compatible; MJ12bot/v1.4.3; http://www.majestic12.co.uk/bot.php?+)"
199.19.110.52 - - [17/Jul/2012:22:23:43 +0200] "GET /news.php?cs_go=archiv&cs_id=3257 HTTP/1.0" 200 9731 "-" "Mozilla/5.0 (compatible; MJ12bot/v1.4.3; http://www.majestic12.co.uk/bot.php?+)"
199.19.110.52 - - [17/Jul/2012:22:23:45 +0200] "GET /news.php?cs_go=archiv&cs_id=3258 HTTP/1.0" 200 11852 "-" "Mozilla/5.0 (compatible; MJ12bot/v1.4.3; http://www.majestic12.co.uk/bot.php?+)"
66.249.66.147 - - [17/Jul/2012:22:25:34 +0200] "GET /news.php?cs_go=archiv&cs_id=2056&cs_search= HTTP/1.1" 200 10199 "-" "Mozilla/5.0 (compatible; Googlebot/2.1; +http://www.google.com/bot.html)"
66.249.66.147 - - [17/Jul/2012:22:33:13 +0200] "GET /news.php?cs_go=archiv&cs_id=2051&cs_search= HTTP/1.1" 200 10094 "-" "Mozilla/5.0 (compatible; Googlebot/2.1; +http://www.google.com/bot.html)"
93.219.46.219 - - [17/Jul/2012:22:50:35 +0200] "GET /style.css HTTP/1.1" 304 - "http://www.mink-gmbh.de/" "Mozilla/5.0 (Windows NT 6.1; rv:13.0) Gecko/20100101 Firefox/13.0.1"
93.219.46.219 - - [17/Jul/2012:22:50:35 +0200] "GET /modul.css HTTP/1.1" 304 - "http://www.mink-gmbh.de/" "Mozilla/5.0 (Windows NT 6.1; rv:13.0) Gecko/20100101 Firefox/13.0.1"
93.219.46.219 - - [17/Jul/2012:22:50:35 +0200] "GET / HTTP/1.1" 200 15321 "-" "Mozilla/5.0 (Windows NT 6.1; rv:13.0) Gecko/20100101 Firefox/13.0.1"
93.219.46.219 - - [17/Jul/2012:22:50:36 +0200] "GET /images/close.png HTTP/1.1" 304 - "http://www.mink-gmbh.de/" "Mozilla/5.0 (Windows NT 6.1; rv:13.0) Gecko/20100101 Firefox/13.0.1"
93.219.46.219 - - [17/Jul/2012:22:50:36 +0200] "GET /images/newsletter_bg.jpg HTTP/1.1" 304 - "http://www.mink-gmbh.de/" "Mozilla/5.0 (Windows NT 6.1; rv:13.0) Gecko/20100101 Firefox/13.0.1"
93.219.46.219 - - [17/Jul/2012:22:50:36 +0200] "GET /images/newsletter.png HTTP/1.1" 304 - "http://www.mink-gmbh.de/style.css" "Mozilla/5.0 (Windows NT 6.1; rv:13.0) Gecko/20100101 Firefox/13.0.1"
93.219.46.219 - - [17/Jul/2012:22:50:36 +0200] "GET /images/newsletter.jpg HTTP/1.1" 304 - "http://www.mink-gmbh.de/style.css" "Mozilla/5.0 (Windows NT 6.1; rv:13.0) Gecko/20100101 Firefox/13.0.1"
93.219.46.219 - - [17/Jul/2012:22:50:37 +0200] "GET /images/freecall.jpg HTTP/1.1" 304 - "http://www.mink-gmbh.de/" "Mozilla/5.0 (Windows NT 6.1; rv:13.0) Gecko/20100101 Firefox/13.0.1"
93.219.46.219 - - [17/Jul/2012:22:50:37 +0200] "GET /images/mail.jpg HTTP/1.1" 304 - "http://www.mink-gmbh.de/" "Mozilla/5.0 (Windows NT 6.1; rv:13.0) Gecko/20100101 Firefox/13.0.1"
93.219.46.219 - - [17/Jul/2012:22:50:38 +0200] "GET /js_contentserver24_greybox/loader_frame.html?s=0 HTTP/1.1" 304 - "http://www.mink-gmbh.de/" "Mozilla/5.0 (Windows NT 6.1; rv:13.0) Gecko/20100101 Firefox/13.0.1"
93.219.46.219 - - [17/Jul/2012:22:51:03 +0200] "GET /news.php?cs_go=archiv&cs_id=3268 HTTP/1.1" 200 13340 "http://www.mink-gmbh.de/" "Mozilla/5.0 (Windows NT 6.1; rv:13.0) Gecko/20100101 Firefox/13.0.1"
66.249.66.147 - - [17/Jul/2012:23:00:07 +0200] "GET /news.php?cs_go=archiv&cs_id=2041&cs_search= HTTP/1.1" 200 10364 "-" "Mozilla/5.0 (compatible; Googlebot/2.1; +http://www.google.com/bot.html)"
69.28.58.74 - - [17/Jul/2012:23:13:54 +0200] "GET /robots.txt HTTP/1.0" 200 177 "-" "nutch-1.4/Nutch-1.4"
69.28.58.74 - - [17/Jul/2012:23:13:55 +0200] "GET / HTTP/1.0" 200 15321 "-" "nutch-1.4/Nutch-1.4"
178.255.215.64 - - [17/Jul/2012:23:14:46 +0200] "GET /robots.txt HTTP/1.1" 200 177 "-" "Mozilla/5.0 (compatible; Exabot/3.0; +http://www.exabot.com/go/robot)"
178.255.215.64 - - [17/Jul/2012:23:14:46 +0200] "GET /Heizoel-Berlin.htm HTTP/1.1" 404 - "-" "Mozilla/5.0 (compatible; Exabot/3.0; +http://www.exabot.com/go/robot)"
208.115.111.75 - - [17/Jul/2012:23:26:24 +0200] "GET /robots.txt HTTP/1.1" 200 177 "-" "Mozilla/5.0 (compatible; Ezooms/1.0; ezooms.bot@gmail.com)"
123.125.71.16 - - [17/Jul/2012:23:28:33 +0200] "GET / HTTP/1.1" 200 8718 "-" "Mozilla/5.0 (compatible; Baiduspider/2.0; +http://www.baidu.com/search/spider.html)"
220.181.108.103 - - [17/Jul/2012:23:28:59 +0200] "GET / HTTP/1.1" 200 6442 "-" "Mozilla/5.0 (compatible; Baiduspider/2.0; +http://www.baidu.com/search/spider.html)"
66.249.66.147 - - [17/Jul/2012:23:30:51 +0200] "GET /news.php?cs_go=archiv&cs_id=2046&cs_search= HTTP/1.1" 200 10105 "-" "Mozilla/5.0 (compatible; Googlebot/2.1; +http://www.google.com/bot.html)"
208.115.113.91 - - [17/Jul/2012:23:45:15 +0200] "GET /robots.txt HTTP/1.1" 200 177 "-" "Mozilla/5.0 (compatible; Ezooms/1.0; ezooms.bot@gmail.com)"
66.249.71.108 - - [17/Jul/2012:23:50:03 +0200] "GET /news.php?cs_go=archiv&cs_id=2048&cs_search= HTTP/1.1" 200 10137 "-" "Mozilla/5.0 (compatible; Googlebot/2.1; +http://www.google.com/bot.html)"
65.36.241.79 - - [17/Jul/2012:23:59:49 +0200] "HEAD / HTTP/1.1" 200 - "-" "InternetSeer.com"
65.52.111.136 - - [18/Jul/2012:00:27:18 +0200] "GET /preisanfrage.php HTTP/1.1" 200 10636 "-" "Mozilla/4.0 (compatible; MSIE 7.0; Windows NT 5.1; SLCC1; .NET CLR 1.1.4322)"
65.52.111.136 - - [18/Jul/2012:00:27:19 +0200] "GET /style.css HTTP/1.1" 200 8418 "http://www.mink-gmbh.de/preisanfrage.php" "Mozilla/4.0 (compatible; MSIE 7.0; Windows NT 5.1; SLCC1; .NET CLR 1.1.4322)"
65.52.111.136 - - [18/Jul/2012:00:27:20 +0200] "GET /modul.css HTTP/1.1" 200 35038 "http://www.mink-gmbh.de/preisanfrage.php" "Mozilla/4.0 (compatible; MSIE 7.0; Windows NT 5.1; SLCC1; .NET CLR 1.1.4322)"
208.115.113.91 - - [18/Jul/2012:01:32:59 +0200] "GET /news.php?cs_go=archiv&cs_id=2871&cs_search= HTTP/1.1" 200 13594 "-" "Mozilla/5.0 (compatible; Ezooms/1.0; ezooms.bot@gmail.com)"
66.249.66.147 - - [18/Jul/2012:01:42:22 +0200] "GET /index.php HTTP/1.1" 200 15321 "-" "Mozilla/5.0 (iPhone; U; CPU iPhone OS 4_1 like Mac OS X; en-us) AppleWebKit/532.9 (KHTML, like Gecko) Version/4.0.5 Mobile/8B117 Safari/6531.22.7 (compatible; Googlebot-Mobile/2.1; +http://www.google.com/bot.html)"
208.115.113.91 - - [18/Jul/2012:03:28:09 +0200] "GET /robots.txt HTTP/1.1" 200 177 "-" "Mozilla/5.0 (compatible; Ezooms/1.0; ezooms.bot@gmail.com)"
66.249.71.108 - - [18/Jul/2012:04:30:27 +0200] "GET / HTTP/1.1" 200 15321 "-" "DoCoMo/2.0 N905i(c100;TB;W24H16) (compatible; Googlebot-Mobile/2.1; +http://www.google.com/bot.html)"
66.249.71.108 - - [18/Jul/2012:04:41:56 +0200] "GET /news.php?cs_go=archiv HTTP/1.1" 200 22229 "-" "Mozilla/5.0 (compatible; Googlebot/2.1; +http://www.google.com/bot.html)"
65.52.104.28 - - [18/Jul/2012:04:57:07 +0200] "GET /robots.txt HTTP/1.1" 200 177 "-" "Mozilla/5.0 (compatible; bingbot/2.0; +http://www.bing.com/bingbot.htm)"
66.249.66.147 - - [18/Jul/2012:04:57:54 +0200] "GET /news.php?cs_go=archiv&cs_id=3268&cs_search= HTTP/1.1" 200 13427 "-" "Mozilla/5.0 (compatible; Googlebot/2.1; +http://www.google.com/bot.html)"
65.52.104.28 - - [18/Jul/2012:04:58:03 +0200] "GET / HTTP/1.1" 200 15321 "-" "Mozilla/5.0 (compatible; bingbot/2.0; +http://www.bing.com/bingbot.htm)"
65.36.241.79 - - [18/Jul/2012:04:59:04 +0200] "HEAD / HTTP/1.1" 200 - "-" "InternetSeer.com"
208.115.113.91 - - [18/Jul/2012:05:18:52 +0200] "GET /news.php?cs_go=archiv&cs_startpos=120 HTTP/1.1" 200 22805 "-" "Mozilla/5.0 (compatible; Ezooms/1.0; ezooms.bot@gmail.com)"
66.249.66.147 - - [18/Jul/2012:05:28:03 +0200] "GET /news.php?cs_go=archiv&cs_id=2518&cs_search= HTTP/1.1" 200 13448 "-" "Mozilla/5.0 (compatible; Googlebot/2.1; +http://www.google.com/bot.html)"
66.249.66.147 - - [18/Jul/2012:05:43:24 +0200] "GET /news.php?cs_go=archiv&cs_startpos=1110 HTTP/1.1" 200 22877 "-" "Mozilla/5.0 (compatible; Googlebot/2.1; +http://www.google.com/bot.html)"
66.249.66.147 - - [18/Jul/2012:05:47:14 +0200] "GET /news.php?cs_go=archiv&cs_id=2058&cs_search= HTTP/1.1" 200 10107 "-" "Mozilla/5.0 (compatible; Googlebot/2.1; +http://www.google.com/bot.html)"
95.91.61.117 - - [18/Jul/2012:05:48:06 +0200] "GET /robots.txt HTTP/1.0" 200 177 "-" "Mozilla/5.0 (compatible; MJ12bot/v1.4.3; http://www.majestic12.co.uk/bot.php?+)"
95.91.61.117 - - [18/Jul/2012:05:48:08 +0200] "GET / HTTP/1.0" 200 15321 "-" "Mozilla/5.0 (compatible; MJ12bot/v1.4.3; http://www.majestic12.co.uk/bot.php?+)"
66.249.66.147 - - [18/Jul/2012:05:51:00 +0200] "GET /news.php?cs_go=archiv&cs_id=2060&cs_search= HTTP/1.1" 200 10115 "-" "Mozilla/5.0 (compatible; Googlebot/2.1; +http://www.google.com/bot.html)"
66.249.66.147 - - [18/Jul/2012:05:58:46 +0200] "GET /news.php?cs_go=archiv&cs_id=2062&cs_search= HTTP/1.1" 200 10650 "-" "Mozilla/5.0 (compatible; Googlebot/2.1; +http://www.google.com/bot.html)"
66.249.66.147 - - [18/Jul/2012:06:10:17 +0200] "GET /news.php?cs_go=archiv&cs_id=2063&cs_search= HTTP/1.1" 200 10139 "-" "Mozilla/5.0 (compatible; Googlebot/2.1; +http://www.google.com/bot.html)"
66.249.66.147 - - [18/Jul/2012:06:14:02 +0200] "GET /news.php?cs_go=archiv&cs_id=2065&cs_search= HTTP/1.1" 200 10289 "-" "Mozilla/5.0 (compatible; Googlebot/2.1; +http://www.google.com/bot.html)"
66.249.66.147 - - [18/Jul/2012:06:21:49 +0200] "GET /news.php?cs_go=archiv&cs_id=2072&cs_search= HTTP/1.1" 200 10426 "-" "Mozilla/5.0 (compatible; Googlebot/2.1; +http://www.google.com/bot.html)"
66.249.66.147 - - [18/Jul/2012:06:25:33 +0200] "GET /news.php?cs_go=archiv&cs_id=2075&cs_search= HTTP/1.1" 200 10382 "-" "Mozilla/5.0 (compatible; Googlebot/2.1; +http://www.google.com/bot.html)"
66.249.66.147 - - [18/Jul/2012:06:29:30 +0200] "GET /news.php?cs_go=archiv&cs_id=2078&cs_search= HTTP/1.1" 200 10490 "-" "Mozilla/5.0 (compatible; Googlebot/2.1; +http://www.google.com/bot.html)"
