91.66.233.229 - - [11/Jul/2012:10:10:33 +0200] "GET /kontakt.php HTTP/1.1" 200 9040 "http://www.mink-gmbh.de/" "Mozilla/5.0 (Windows NT 6.1; WOW64; rv:13.0) Gecko/20100101 Firefox/13.0.1"
91.66.233.229 - - [11/Jul/2012:10:10:47 +0200] "GET / HTTP/1.1" 200 14554 "http://www.google.de/url?sa=t&rct=j&q=heiz%C3%B6lpreise%20berlin%20%20firma%20mink&source=web&cd=1&ved=0CGEQFjAA&url=http%3A%2F%2Fwww.mink-gmbh.de%2F&ei=djT9T-jCEMvEsgb0ptDVCQ&usg=AFQjCNFHX4Iglls9oo-KYXTmDUV_5KOVIg" "Mozilla/5.0 (Windows NT 6.1; WOW64; rv:13.0) Gecko/20100101 Firefox/13.0.1"
208.115.111.75 - - [11/Jul/2012:10:15:58 +0200] "GET /robots.txt HTTP/1.1" 200 177 "-" "Mozilla/5.0 (compatible; Ezooms/1.0; ezooms.bot@gmail.com)"
212.4.225.4 - - [11/Jul/2012:10:17:33 +0200] "GET /news.php?cs_go=archiv&cs_id=3030&cs_search= HTTP/1.1" 200 12437 "http://www.google.de/url?sa=t&rct=j&q=mink%20photovoltaik&source=web&cd=1&ved=0CGwQFjAA&url=http%3A%2F%2Fwww.mink-gmbh.de%2Fnews.php%3Fcs_go%3Darchiv%26cs_id%3D3030%26cs_search%3D&ei=gjb9T6nJB6eo4gTL-sGTBw&usg=AFQjCNE4YDrRUGAik_useZtys1wwdhpZ7Q&cad=rja" "Mozilla/5.0 (Windows NT 5.1; rv:13.0) Gecko/20100101 Firefox/13.0.1"
212.4.225.4 - - [11/Jul/2012:10:17:33 +0200] "GET /style.css HTTP/1.1" 200 8418 "http://www.mink-gmbh.de/news.php?cs_go=archiv&cs_id=3030&cs_search=" "Mozilla/5.0 (Windows NT 5.1; rv:13.0) Gecko/20100101 Firefox/13.0.1"
212.4.225.4 - - [11/Jul/2012:10:17:33 +0200] "GET /favicon.ico HTTP/1.1" 200 3638 "-" "Mozilla/5.0 (Windows NT 5.1; rv:13.0) Gecko/20100101 Firefox/13.0.1"
212.4.225.4 - - [11/Jul/2012:10:17:33 +0200] "GET /images/mail.jpg HTTP/1.1" 200 11165 "http://www.mink-gmbh.de/news.php?cs_go=archiv&cs_id=3030&cs_search=" "Mozilla/5.0 (Windows NT 5.1; rv:13.0) Gecko/20100101 Firefox/13.0.1"
212.4.225.4 - - [11/Jul/2012:10:17:33 +0200] "GET /modul.css HTTP/1.1" 200 35038 "http://www.mink-gmbh.de/news.php?cs_go=archiv&cs_id=3030&cs_search=" "Mozilla/5.0 (Windows NT 5.1; rv:13.0) Gecko/20100101 Firefox/13.0.1"
212.4.225.4 - - [11/Jul/2012:10:17:33 +0200] "GET /images/kwk.gif HTTP/1.1" 200 6403 "http://www.mink-gmbh.de/news.php?cs_go=archiv&cs_id=3030&cs_search=" "Mozilla/5.0 (Windows NT 5.1; rv:13.0) Gecko/20100101 Firefox/13.0.1"
212.4.225.4 - - [11/Jul/2012:10:17:33 +0200] "GET /images/logos.jpg HTTP/1.1" 200 15002 "http://www.mink-gmbh.de/news.php?cs_go=archiv&cs_id=3030&cs_search=" "Mozilla/5.0 (Windows NT 5.1; rv:13.0) Gecko/20100101 Firefox/13.0.1"
212.4.225.4 - - [11/Jul/2012:10:17:33 +0200] "GET /images/freecall.jpg HTTP/1.1" 200 39195 "http://www.mink-gmbh.de/news.php?cs_go=archiv&cs_id=3030&cs_search=" "Mozilla/5.0 (Windows NT 5.1; rv:13.0) Gecko/20100101 Firefox/13.0.1"
212.4.225.4 - - [11/Jul/2012:10:17:33 +0200] "GET /images/wunschpreis.jpg HTTP/1.1" 200 16767 "http://www.mink-gmbh.de/news.php?cs_go=archiv&cs_id=3030&cs_search=" "Mozilla/5.0 (Windows NT 5.1; rv:13.0) Gecko/20100101 Firefox/13.0.1"
212.4.225.4 - - [11/Jul/2012:10:17:33 +0200] "GET /images/bg.jpg HTTP/1.1" 200 345 "http://www.mink-gmbh.de/style.css" "Mozilla/5.0 (Windows NT 5.1; rv:13.0) Gecko/20100101 Firefox/13.0.1"
212.4.225.4 - - [11/Jul/2012:10:17:33 +0200] "GET /images/close.png HTTP/1.1" 200 703 "http://www.mink-gmbh.de/news.php?cs_go=archiv&cs_id=3030&cs_search=" "Mozilla/5.0 (Windows NT 5.1; rv:13.0) Gecko/20100101 Firefox/13.0.1"
212.4.225.4 - - [11/Jul/2012:10:17:33 +0200] "GET /images/wrapperbg.jpg HTTP/1.1" 200 27465 "http://www.mink-gmbh.de/style.css" "Mozilla/5.0 (Windows NT 5.1; rv:13.0) Gecko/20100101 Firefox/13.0.1"
212.4.225.4 - - [11/Jul/2012:10:17:33 +0200] "GET /images/newsletter.png HTTP/1.1" 200 14619 "http://www.mink-gmbh.de/style.css" "Mozilla/5.0 (Windows NT 5.1; rv:13.0) Gecko/20100101 Firefox/13.0.1"
212.4.225.4 - - [11/Jul/2012:10:17:33 +0200] "GET /images/header.jpg HTTP/1.1" 200 24413 "http://www.mink-gmbh.de/style.css" "Mozilla/5.0 (Windows NT 5.1; rv:13.0) Gecko/20100101 Firefox/13.0.1"
212.4.225.4 - - [11/Jul/2012:10:17:33 +0200] "GET /images/navibg.png HTTP/1.1" 200 2803 "http://www.mink-gmbh.de/style.css" "Mozilla/5.0 (Windows NT 5.1; rv:13.0) Gecko/20100101 Firefox/13.0.1"
212.4.225.4 - - [11/Jul/2012:10:17:33 +0200] "GET /images/newsletter_bg.jpg HTTP/1.1" 200 33610 "http://www.mink-gmbh.de/news.php?cs_go=archiv&cs_id=3030&cs_search=" "Mozilla/5.0 (Windows NT 5.1; rv:13.0) Gecko/20100101 Firefox/13.0.1"
212.4.225.4 - - [11/Jul/2012:10:17:34 +0200] "GET /images/footerbg.jpg HTTP/1.1" 200 2184 "http://www.mink-gmbh.de/style.css" "Mozilla/5.0 (Windows NT 5.1; rv:13.0) Gecko/20100101 Firefox/13.0.1"
212.4.225.4 - - [11/Jul/2012:10:17:48 +0200] "GET /news.php?cs_go=archiv&cs_id=3000&cs_search= HTTP/1.1" 200 15482 "http://www.google.de/url?sa=t&rct=j&q=mink%20photovoltaik&source=web&cd=2&ved=0CG0QFjAB&url=http%3A%2F%2Fwww.mink-gmbh.de%2Fnews.php%3Fcs_go%3Darchiv%26cs_id%3D3000%26cs_search%3D&ei=gjb9T6nJB6eo4gTL-sGTBw&usg=AFQjCNHvE0GiqXnZV7sZK-8BoprxRsPj9A&cad=rja" "Mozilla/5.0 (Windows NT 5.1; rv:13.0) Gecko/20100101 Firefox/13.0.1"
212.4.225.4 - - [11/Jul/2012:10:17:49 +0200] "GET /news.php?cs_go=archiv&cs_id=3211&cs_search= HTTP/1.1" 200 12372 "http://www.google.de/url?sa=t&rct=j&q=mink%20photovoltaik&source=web&cd=3&ved=0CG4QFjAC&url=http%3A%2F%2Fwww.mink-gmbh.de%2Fnews.php%3Fcs_go%3Darchiv%26cs_id%3D3211%26cs_search%3D&ei=gjb9T6nJB6eo4gTL-sGTBw&usg=AFQjCNH_11fSA-jhROy8WBJUpFYROwffkw&cad=rja" "Mozilla/5.0 (Windows NT 5.1; rv:13.0) Gecko/20100101 Firefox/13.0.1"
85.178.207.155 - - [11/Jul/2012:10:37:33 +0200] "GET / HTTP/1.1" 200 15289 "http://alicesuchedns.aol.de/aol/afe_x?s_it=500error_alice&query=www.xn--mink-heizl-mcb.de" "Mozilla/5.0 (Windows NT 5.1; rv:13.0) Gecko/20100101 Firefox/13.0.1"
85.178.207.155 - - [11/Jul/2012:10:37:36 +0200] "GET /js_contentserver24_greybox/loader_frame.html?s=0 HTTP/1.1" 304 - "http://www.mink-gmbh.de/" "Mozilla/5.0 (Windows NT 5.1; rv:13.0) Gecko/20100101 Firefox/13.0.1"
85.178.207.155 - - [11/Jul/2012:10:38:16 +0200] "GET /news.php?cs_go=archiv&cs_id=3248 HTTP/1.1" 200 11078 "http://www.mink-gmbh.de/" "Mozilla/5.0 (Windows NT 5.1; rv:13.0) Gecko/20100101 Firefox/13.0.1"
123.125.71.112 - - [11/Jul/2012:10:59:01 +0200] "GET /wunschpreis.php HTTP/1.1" 200 11985 "-" "Mozilla/5.0 (compatible; Baiduspider/2.0; +http://www.baidu.com/search/spider.html)"
69.64.32.217 - - [11/Jul/2012:11:27:53 +0200] "GET /news.php HTTP/1.1" 200 22271 "-" "Mozilla/4.0 (compatible; MSIE 6.0; Windows 98; Win 9x4.90)"
65.36.241.79 - - [11/Jul/2012:11:50:50 +0200] "HEAD / HTTP/1.1" 200 - "-" "InternetSeer.com"
141.15.33.1 - - [11/Jul/2012:11:51:08 +0200] "GET /news.php?cs_go=archiv&cs_id=2860 HTTP/1.1" 200 12560 "http://www.google.de/url?sa=t&rct=j&q=j%C3%BCrgen%20mink&source=web&cd=219&ved=0CF0QFjAIONIB&url=http%3A%2F%2Fwww.mink-gmbh.de%2Fnews.php%3Fcs_go%3Darchiv%26cs_id%3D2860&ei=YUz9T-nMCczusgaE2tnXBQ&usg=AFQjCNF9sEJCFvkL7-8PgvUlglpJ0CN5ew" "Mozilla/4.0 (compatible; MSIE 8.0; Windows NT 5.1; Trident/4.0; .NET CLR 2.0.50727; .NET CLR 3.0.4506.2152; .NET CLR 3.5.30729; CMDTDF)"
141.15.33.1 - - [11/Jul/2012:11:51:09 +0200] "GET /style.css HTTP/1.1" 200 8418 "http://www.mink-gmbh.de/news.php?cs_go=archiv&cs_id=2860" "Mozilla/4.0 (compatible; MSIE 8.0; Windows NT 5.1; Trident/4.0; .NET CLR 2.0.50727; .NET CLR 3.0.4506.2152; .NET CLR 3.5.30729; CMDTDF)"
141.15.33.1 - - [11/Jul/2012:11:51:09 +0200] "GET /modul.css HTTP/1.1" 200 35038 "http://www.mink-gmbh.de/news.php?cs_go=archiv&cs_id=2860" "Mozilla/4.0 (compatible; MSIE 8.0; Windows NT 5.1; Trident/4.0; .NET CLR 2.0.50727; .NET CLR 3.0.4506.2152; .NET CLR 3.5.30729; CMDTDF)"
141.15.33.1 - - [11/Jul/2012:11:51:09 +0200] "GET /images/freecall.jpg HTTP/1.1" 200 39195 "http://www.mink-gmbh.de/news.php?cs_go=archiv&cs_id=2860" "Mozilla/4.0 (compatible; MSIE 8.0; Windows NT 5.1; Trident/4.0; .NET CLR 2.0.50727; .NET CLR 3.0.4506.2152; .NET CLR 3.5.30729; CMDTDF)"
141.15.33.1 - - [11/Jul/2012:11:51:09 +0200] "GET /images/kwk.gif HTTP/1.1" 200 6403 "http://www.mink-gmbh.de/news.php?cs_go=archiv&cs_id=2860" "Mozilla/4.0 (compatible; MSIE 8.0; Windows NT 5.1; Trident/4.0; .NET CLR 2.0.50727; .NET CLR 3.0.4506.2152; .NET CLR 3.5.30729; CMDTDF)"
141.15.33.1 - - [11/Jul/2012:11:51:09 +0200] "GET /images/bg.jpg HTTP/1.1" 200 345 "http://www.mink-gmbh.de/news.php?cs_go=archiv&cs_id=2860" "Mozilla/4.0 (compatible; MSIE 8.0; Windows NT 5.1; Trident/4.0; .NET CLR 2.0.50727; .NET CLR 3.0.4506.2152; .NET CLR 3.5.30729; CMDTDF)"
141.15.33.1 - - [11/Jul/2012:11:51:09 +0200] "GET /images/mail.jpg HTTP/1.1" 200 11165 "http://www.mink-gmbh.de/news.php?cs_go=archiv&cs_id=2860" "Mozilla/4.0 (compatible; MSIE 8.0; Windows NT 5.1; Trident/4.0; .NET CLR 2.0.50727; .NET CLR 3.0.4506.2152; .NET CLR 3.5.30729; CMDTDF)"
141.15.33.1 - - [11/Jul/2012:11:51:09 +0200] "GET /images/newsletter_bg.jpg HTTP/1.1" 200 33610 "http://www.mink-gmbh.de/news.php?cs_go=archiv&cs_id=2860" "Mozilla/4.0 (compatible; MSIE 8.0; Windows NT 5.1; Trident/4.0; .NET CLR 2.0.50727; .NET CLR 3.0.4506.2152; .NET CLR 3.5.30729; CMDTDF)"
141.15.33.1 - - [11/Jul/2012:11:51:09 +0200] "GET /images/wunschpreis.jpg HTTP/1.1" 200 16767 "http://www.mink-gmbh.de/news.php?cs_go=archiv&cs_id=2860" "Mozilla/4.0 (compatible; MSIE 8.0; Windows NT 5.1; Trident/4.0; .NET CLR 2.0.50727; .NET CLR 3.0.4506.2152; .NET CLR 3.5.30729; CMDTDF)"
141.15.33.1 - - [11/Jul/2012:11:51:09 +0200] "GET /images/logos.jpg HTTP/1.1" 200 15002 "http://www.mink-gmbh.de/news.php?cs_go=archiv&cs_id=2860" "Mozilla/4.0 (compatible; MSIE 8.0; Windows NT 5.1; Trident/4.0; .NET CLR 2.0.50727; .NET CLR 3.0.4506.2152; .NET CLR 3.5.30729; CMDTDF)"
141.15.33.1 - - [11/Jul/2012:11:51:09 +0200] "GET /images/navibg.png HTTP/1.1" 200 2803 "http://www.mink-gmbh.de/news.php?cs_go=archiv&cs_id=2860" "Mozilla/4.0 (compatible; MSIE 8.0; Windows NT 5.1; Trident/4.0; .NET CLR 2.0.50727; .NET CLR 3.0.4506.2152; .NET CLR 3.5.30729; CMDTDF)"
141.15.33.1 - - [11/Jul/2012:11:51:09 +0200] "GET /images/wrapperbg.jpg HTTP/1.1" 200 27465 "http://www.mink-gmbh.de/news.php?cs_go=archiv&cs_id=2860" "Mozilla/4.0 (compatible; MSIE 8.0; Windows NT 5.1; Trident/4.0; .NET CLR 2.0.50727; .NET CLR 3.0.4506.2152; .NET CLR 3.5.30729; CMDTDF)"
141.15.33.1 - - [11/Jul/2012:11:51:09 +0200] "GET /images/close.png HTTP/1.1" 200 703 "http://www.mink-gmbh.de/news.php?cs_go=archiv&cs_id=2860" "Mozilla/4.0 (compatible; MSIE 8.0; Windows NT 5.1; Trident/4.0; .NET CLR 2.0.50727; .NET CLR 3.0.4506.2152; .NET CLR 3.5.30729; CMDTDF)"
141.15.33.1 - - [11/Jul/2012:11:51:10 +0200] "GET /images/footerbg.jpg HTTP/1.1" 200 2184 "http://www.mink-gmbh.de/news.php?cs_go=archiv&cs_id=2860" "Mozilla/4.0 (compatible; MSIE 8.0; Windows NT 5.1; Trident/4.0; .NET CLR 2.0.50727; .NET CLR 3.0.4506.2152; .NET CLR 3.5.30729; CMDTDF)"
141.15.33.1 - - [11/Jul/2012:11:51:10 +0200] "GET /images/header.jpg HTTP/1.1" 200 24413 "http://www.mink-gmbh.de/news.php?cs_go=archiv&cs_id=2860" "Mozilla/4.0 (compatible; MSIE 8.0; Windows NT 5.1; Trident/4.0; .NET CLR 2.0.50727; .NET CLR 3.0.4506.2152; .NET CLR 3.5.30729; CMDTDF)"
141.15.33.1 - - [11/Jul/2012:11:51:10 +0200] "GET /images/newsletter.png HTTP/1.1" 200 14619 "http://www.mink-gmbh.de/news.php?cs_go=archiv&cs_id=2860" "Mozilla/4.0 (compatible; MSIE 8.0; Windows NT 5.1; Trident/4.0; .NET CLR 2.0.50727; .NET CLR 3.0.4506.2152; .NET CLR 3.5.30729; CMDTDF)"
141.15.33.1 - - [11/Jul/2012:11:51:10 +0200] "GET /favicon.ico HTTP/1.1" 200 3638 "-" "Mozilla/4.0 (compatible; MSIE 8.0; Windows NT 5.1; Trident/4.0; .NET CLR 2.0.50727; .NET CLR 3.0.4506.2152; .NET CLR 3.5.30729; CMDTDF)"
141.15.33.1 - - [11/Jul/2012:11:52:38 +0200] "GET /kontakt.php HTTP/1.1" 200 9040 "http://www.mink-gmbh.de/news.php?cs_go=archiv&cs_id=2860" "Mozilla/4.0 (compatible; MSIE 8.0; Windows NT 5.1; Trident/4.0; .NET CLR 2.0.50727; .NET CLR 3.0.4506.2152; .NET CLR 3.5.30729; CMDTDF)"
141.15.33.1 - - [11/Jul/2012:11:53:35 +0200] "GET /index.php HTTP/1.1" 200 15204 "http://www.mink-gmbh.de/kontakt.php" "Mozilla/4.0 (compatible; MSIE 8.0; Windows NT 5.1; Trident/4.0; .NET CLR 2.0.50727; .NET CLR 3.0.4506.2152; .NET CLR 3.5.30729; CMDTDF)"
141.15.33.1 - - [11/Jul/2012:11:53:36 +0200] "GET /js_contentserver24_greybox/gb_styles.css HTTP/1.1" 200 2302 "http://www.mink-gmbh.de/index.php" "Mozilla/4.0 (compatible; MSIE 8.0; Windows NT 5.1; Trident/4.0; .NET CLR 2.0.50727; .NET CLR 3.0.4506.2152; .NET CLR 3.5.30729; CMDTDF)"
141.15.33.1 - - [11/Jul/2012:11:53:36 +0200] "GET /js_contentserver24_greybox/gb_scripts.js HTTP/1.1" 200 11913 "http://www.mink-gmbh.de/index.php" "Mozilla/4.0 (compatible; MSIE 8.0; Windows NT 5.1; Trident/4.0; .NET CLR 2.0.50727; .NET CLR 3.0.4506.2152; .NET CLR 3.5.30729; CMDTDF)"
141.15.33.1 - - [11/Jul/2012:11:53:36 +0200] "GET /js_contentserver24_greybox/AJS.js HTTP/1.1" 200 10396 "http://www.mink-gmbh.de/index.php" "Mozilla/4.0 (compatible; MSIE 8.0; Windows NT 5.1; Trident/4.0; .NET CLR 2.0.50727; .NET CLR 3.0.4506.2152; .NET CLR 3.5.30729; CMDTDF)"
141.15.33.1 - - [11/Jul/2012:11:53:36 +0200] "GET /js_contentserver24_greybox/AJS_fx.js HTTP/1.1" 200 3192 "http://www.mink-gmbh.de/index.php" "Mozilla/4.0 (compatible; MSIE 8.0; Windows NT 5.1; Trident/4.0; .NET CLR 2.0.50727; .NET CLR 3.0.4506.2152; .NET CLR 3.5.30729; CMDTDF)"
141.15.33.1 - - [11/Jul/2012:11:53:37 +0200] "GET /js_contentserver24_greybox/w_close.gif HTTP/1.1" 200 74 "http://www.mink-gmbh.de/index.php" "Mozilla/4.0 (compatible; MSIE 8.0; Windows NT 5.1; Trident/4.0; .NET CLR 2.0.50727; .NET CLR 3.0.4506.2152; .NET CLR 3.5.30729; CMDTDF)"
141.15.33.1 - - [11/Jul/2012:11:53:37 +0200] "GET /images/fallend.png HTTP/1.1" 200 713 "http://www.mink-gmbh.de/index.php" "Mozilla/4.0 (compatible; MSIE 8.0; Windows NT 5.1; Trident/4.0; .NET CLR 2.0.50727; .NET CLR 3.0.4506.2152; .NET CLR 3.5.30729; CMDTDF)"
141.15.33.1 - - [11/Jul/2012:11:53:37 +0200] "GET /images/tkw.jpg HTTP/1.1" 200 64031 "http://www.mink-gmbh.de/index.php" "Mozilla/4.0 (compatible; MSIE 8.0; Windows NT 5.1; Trident/4.0; .NET CLR 2.0.50727; .NET CLR 3.0.4506.2152; .NET CLR 3.5.30729; CMDTDF)"
141.15.33.1 - - [11/Jul/2012:11:53:37 +0200] "GET /images/steigend.png HTTP/1.1" 200 688 "http://www.mink-gmbh.de/index.php" "Mozilla/4.0 (compatible; MSIE 8.0; Windows NT 5.1; Trident/4.0; .NET CLR 2.0.50727; .NET CLR 3.0.4506.2152; .NET CLR 3.5.30729; CMDTDF)"
141.15.33.1 - - [11/Jul/2012:11:53:37 +0200] "GET /images/newsletter.jpg HTTP/1.1" 200 13130 "http://www.mink-gmbh.de/index.php" "Mozilla/4.0 (compatible; MSIE 8.0; Windows NT 5.1; Trident/4.0; .NET CLR 2.0.50727; .NET CLR 3.0.4506.2152; .NET CLR 3.5.30729; CMDTDF)"
141.15.33.1 - - [11/Jul/2012:11:53:37 +0200] "GET /js_contentserver24_greybox/header_bg.gif HTTP/1.1" 200 1188 "http://www.mink-gmbh.de/index.php" "Mozilla/4.0 (compatible; MSIE 8.0; Windows NT 5.1; Trident/4.0; .NET CLR 2.0.50727; .NET CLR 3.0.4506.2152; .NET CLR 3.5.30729; CMDTDF)"
141.15.33.1 - - [11/Jul/2012:11:53:37 +0200] "GET /images/mobil.jpg HTTP/1.1" 200 25293 "http://www.mink-gmbh.de/index.php" "Mozilla/4.0 (compatible; MSIE 8.0; Windows NT 5.1; Trident/4.0; .NET CLR 2.0.50727; .NET CLR 3.0.4506.2152; .NET CLR 3.5.30729; CMDTDF)"
141.15.33.1 - - [11/Jul/2012:11:53:37 +0200] "GET /js_contentserver24_greybox/loader_frame.html?s=0 HTTP/1.1" 200 2084 "http://www.mink-gmbh.de/index.php" "Mozilla/4.0 (compatible; MSIE 8.0; Windows NT 5.1; Trident/4.0; .NET CLR 2.0.50727; .NET CLR 3.0.4506.2152; .NET CLR 3.5.30729; CMDTDF)"
141.15.33.1 - - [11/Jul/2012:11:53:37 +0200] "GET /js_contentserver24_greybox/indicator.gif HTTP/1.1" 200 8238 "http://www.mink-gmbh.de/js_contentserver24_greybox/loader_frame.html?s=0" "Mozilla/4.0 (compatible; MSIE 8.0; Windows NT 5.1; Trident/4.0; .NET CLR 2.0.50727; .NET CLR 3.0.4506.2152; .NET CLR 3.5.30729; CMDTDF)"
141.15.33.1 - - [11/Jul/2012:11:53:38 +0200] "GET /js_contentserver24_greybox/g_close.gif HTTP/1.1" 200 541 "http://www.mink-gmbh.de/index.php" "Mozilla/4.0 (compatible; MSIE 8.0; Windows NT 5.1; Trident/4.0; .NET CLR 2.0.50727; .NET CLR 3.0.4506.2152; .NET CLR 3.5.30729; CMDTDF)"
208.115.113.91 - - [11/Jul/2012:12:04:20 +0200] "GET /robots.txt HTTP/1.1" 200 177 "-" "Mozilla/5.0 (compatible; Ezooms/1.0; ezooms.bot@gmail.com)"
66.249.66.147 - - [11/Jul/2012:12:50:14 +0200] "GET /news.php?cs_go=archiv&cs_startpos=1 HTTP/1.1" 200 22520 "-" "Mozilla/5.0 (compatible; Googlebot/2.1; +http://www.google.com/bot.html)"
123.125.71.99 - - [11/Jul/2012:12:53:33 +0200] "GET /preisanfrage.php HTTP/1.1" 200 10636 "-" "Mozilla/5.0 (compatible; Baiduspider/2.0; +http://www.baidu.com/search/spider.html)"
208.115.111.75 - - [11/Jul/2012:13:15:15 +0200] "GET /robots.txt HTTP/1.1" 200 177 "-" "Mozilla/5.0 (compatible; Ezooms/1.0; ezooms.bot@gmail.com)"
66.249.66.147 - - [11/Jul/2012:13:16:26 +0200] "GET /news.php?cs_go=archiv&cs_id=3247&cs_search= HTTP/1.1" 200 9749 "-" "Mozilla/5.0 (compatible; Googlebot/2.1; +http://www.google.com/bot.html)"
66.249.66.147 - - [11/Jul/2012:13:25:26 +0200] "GET /news.php?cs_go=archiv&cs_id=3009 HTTP/1.1" 200 13745 "-" "Mozilla/5.0 (compatible; Googlebot/2.1; +http://www.google.com/bot.html)"
208.115.111.75 - - [11/Jul/2012:14:02:40 +0200] "GET /robots.txt HTTP/1.1" 200 177 "-" "Mozilla/5.0 (compatible; Ezooms/1.0; ezooms.bot@gmail.com)"
207.46.194.138 - - [11/Jul/2012:14:17:18 +0200] "GET /robots.txt HTTP/1.1" 200 177 "-" "msnbot-media/1.1 (+http://search.msn.com/msnbot.htm)"
207.46.194.138 - - [11/Jul/2012:14:17:18 +0200] "GET /images/freecall.jpg HTTP/1.1" 200 39195 "-" "msnbot-media/1.1 (+http://search.msn.com/msnbot.htm)"
207.46.194.138 - - [11/Jul/2012:14:17:19 +0200] "GET /kwk.php HTTP/1.1" 200 10815 "-" "msnbot-media/1.1 (+http://search.msn.com/msnbot.htm)"
208.115.113.91 - - [11/Jul/2012:15:26:41 +0200] "GET /robots.txt HTTP/1.1" 200 177 "-" "Mozilla/5.0 (compatible; Ezooms/1.0; ezooms.bot@gmail.com)"
123.125.71.76 - - [11/Jul/2012:15:53:21 +0200] "GET /js_contentserver24_greybox/gb_styles.css HTTP/1.1" 200 2302 "-" "Mozilla/5.0 (compatible; Baiduspider/2.0; +http://www.baidu.com/search/spider.html)"
66.249.66.147 - - [11/Jul/2012:16:33:45 +0200] "GET / HTTP/1.1" 200 15334 "-" "Mozilla/5.0 (iPhone; U; CPU iPhone OS 4_1 like Mac OS X; en-us) AppleWebKit/532.9 (KHTML, like Gecko) Version/4.0.5 Mobile/8B117 Safari/6531.22.7 (compatible; Googlebot-Mobile/2.1; +http://www.google.com/bot.html)"
65.36.241.79 - - [11/Jul/2012:16:40:15 +0200] "HEAD / HTTP/1.1" 200 - "-" "InternetSeer.com"
208.115.111.75 - - [11/Jul/2012:16:46:44 +0200] "GET /news.php?cs_go=archiv&cs_id=3021 HTTP/1.1" 200 10813 "-" "Mozilla/5.0 (compatible; Ezooms/1.0; ezooms.bot@gmail.com)"
208.115.111.75 - - [11/Jul/2012:16:46:48 +0200] "GET /news.php?cs_go=archiv&cs_startpos=1180 HTTP/1.1" 200 22944 "-" "Mozilla/5.0 (compatible; Ezooms/1.0; ezooms.bot@gmail.com)"
208.115.111.75 - - [11/Jul/2012:16:46:51 +0200] "GET /news.php?cs_go=archiv&cs_startpos=210 HTTP/1.1" 200 22924 "-" "Mozilla/5.0 (compatible; Ezooms/1.0; ezooms.bot@gmail.com)"
208.115.111.75 - - [11/Jul/2012:17:47:57 +0200] "GET /robots.txt HTTP/1.1" 200 177 "-" "Mozilla/5.0 (compatible; Ezooms/1.0; ezooms.bot@gmail.com)"
89.247.12.43 - - [11/Jul/2012:18:37:38 +0200] "GET /style.css HTTP/1.1" 200 8418 "http://www.mink-gmbh.de/index.php" "Mozilla/5.0 (Windows NT 6.1; rv:13.0) Gecko/20100101 Firefox/13.0.1"
89.247.12.43 - - [11/Jul/2012:18:37:38 +0200] "GET /modul.css HTTP/1.1" 200 35038 "http://www.mink-gmbh.de/index.php" "Mozilla/5.0 (Windows NT 6.1; rv:13.0) Gecko/20100101 Firefox/13.0.1"
89.247.12.43 - - [11/Jul/2012:18:37:38 +0200] "GET /favicon.ico HTTP/1.1" 200 3638 "-" "Mozilla/5.0 (Windows NT 6.1; rv:13.0) Gecko/20100101 Firefox/13.0.1"
89.247.12.43 - - [11/Jul/2012:18:37:39 +0200] "GET /js_contentserver24_greybox/gb_styles.css HTTP/1.1" 200 2302 "http://www.mink-gmbh.de/index.php" "Mozilla/5.0 (Windows NT 6.1; rv:13.0) Gecko/20100101 Firefox/13.0.1"
89.247.12.43 - - [11/Jul/2012:18:37:39 +0200] "GET /js_contentserver24_greybox/AJS.js HTTP/1.1" 200 10396 "http://www.mink-gmbh.de/index.php" "Mozilla/5.0 (Windows NT 6.1; rv:13.0) Gecko/20100101 Firefox/13.0.1"
89.247.12.43 - - [11/Jul/2012:18:37:39 +0200] "GET /js_contentserver24_greybox/AJS_fx.js HTTP/1.1" 200 3192 "http://www.mink-gmbh.de/index.php" "Mozilla/5.0 (Windows NT 6.1; rv:13.0) Gecko/20100101 Firefox/13.0.1"
89.247.12.43 - - [11/Jul/2012:18:37:39 +0200] "GET /js_contentserver24_greybox/gb_scripts.js HTTP/1.1" 200 11913 "http://www.mink-gmbh.de/index.php" "Mozilla/5.0 (Windows NT 6.1; rv:13.0) Gecko/20100101 Firefox/13.0.1"
89.247.12.43 - - [11/Jul/2012:18:37:39 +0200] "GET /images/bg.jpg HTTP/1.1" 200 345 "http://www.mink-gmbh.de/style.css" "Mozilla/5.0 (Windows NT 6.1; rv:13.0) Gecko/20100101 Firefox/13.0.1"
89.247.12.43 - - [11/Jul/2012:18:37:38 +0200] "GET /index.php HTTP/1.1" 200 15334 "-" "Mozilla/5.0 (Windows NT 6.1; rv:13.0) Gecko/20100101 Firefox/13.0.1"
89.247.12.43 - - [11/Jul/2012:18:37:39 +0200] "GET /images/freecall.jpg HTTP/1.1" 200 39195 "http://www.mink-gmbh.de/index.php" "Mozilla/5.0 (Windows NT 6.1; rv:13.0) Gecko/20100101 Firefox/13.0.1"
89.247.12.43 - - [11/Jul/2012:18:37:39 +0200] "GET /images/mail.jpg HTTP/1.1" 200 11165 "http://www.mink-gmbh.de/index.php" "Mozilla/5.0 (Windows NT 6.1; rv:13.0) Gecko/20100101 Firefox/13.0.1"
89.247.12.43 - - [11/Jul/2012:18:37:39 +0200] "GET /images/kwk.gif HTTP/1.1" 200 6403 "http://www.mink-gmbh.de/index.php" "Mozilla/5.0 (Windows NT 6.1; rv:13.0) Gecko/20100101 Firefox/13.0.1"
89.247.12.43 - - [11/Jul/2012:18:37:39 +0200] "GET /images/wunschpreis.jpg HTTP/1.1" 200 16767 "http://www.mink-gmbh.de/index.php" "Mozilla/5.0 (Windows NT 6.1; rv:13.0) Gecko/20100101 Firefox/13.0.1"
89.247.12.43 - - [11/Jul/2012:18:37:39 +0200] "GET /images/logos.jpg HTTP/1.1" 200 15002 "http://www.mink-gmbh.de/index.php" "Mozilla/5.0 (Windows NT 6.1; rv:13.0) Gecko/20100101 Firefox/13.0.1"
89.247.12.43 - - [11/Jul/2012:18:37:39 +0200] "GET /images/tkw.jpg HTTP/1.1" 200 64031 "http://www.mink-gmbh.de/index.php" "Mozilla/5.0 (Windows NT 6.1; rv:13.0) Gecko/20100101 Firefox/13.0.1"
89.247.12.43 - - [11/Jul/2012:18:37:39 +0200] "GET /js_contentserver24_greybox/w_close.gif HTTP/1.1" 200 74 "http://www.mink-gmbh.de/index.php" "Mozilla/5.0 (Windows NT 6.1; rv:13.0) Gecko/20100101 Firefox/13.0.1"
89.247.12.43 - - [11/Jul/2012:18:37:39 +0200] "GET /images/close.png HTTP/1.1" 200 703 "http://www.mink-gmbh.de/index.php" "Mozilla/5.0 (Windows NT 6.1; rv:13.0) Gecko/20100101 Firefox/13.0.1"
89.247.12.43 - - [11/Jul/2012:18:37:39 +0200] "GET /images/newsletter_bg.jpg HTTP/1.1" 200 33610 "http://www.mink-gmbh.de/index.php" "Mozilla/5.0 (Windows NT 6.1; rv:13.0) Gecko/20100101 Firefox/13.0.1"
89.247.12.43 - - [11/Jul/2012:18:37:39 +0200] "GET /images/newsletter.png HTTP/1.1" 200 14619 "http://www.mink-gmbh.de/style.css" "Mozilla/5.0 (Windows NT 6.1; rv:13.0) Gecko/20100101 Firefox/13.0.1"
89.247.12.43 - - [11/Jul/2012:18:37:39 +0200] "GET /images/wrapperbg.jpg HTTP/1.1" 200 27465 "http://www.mink-gmbh.de/style.css" "Mozilla/5.0 (Windows NT 6.1; rv:13.0) Gecko/20100101 Firefox/13.0.1"
89.247.12.43 - - [11/Jul/2012:18:37:39 +0200] "GET /images/header.jpg HTTP/1.1" 200 24413 "http://www.mink-gmbh.de/style.css" "Mozilla/5.0 (Windows NT 6.1; rv:13.0) Gecko/20100101 Firefox/13.0.1"
89.247.12.43 - - [11/Jul/2012:18:37:39 +0200] "GET /images/navibg.png HTTP/1.1" 200 2803 "http://www.mink-gmbh.de/style.css" "Mozilla/5.0 (Windows NT 6.1; rv:13.0) Gecko/20100101 Firefox/13.0.1"
89.247.12.43 - - [11/Jul/2012:18:37:39 +0200] "GET /images/fallend.png HTTP/1.1" 200 713 "http://www.mink-gmbh.de/modul.css" "Mozilla/5.0 (Windows NT 6.1; rv:13.0) Gecko/20100101 Firefox/13.0.1"
89.247.12.43 - - [11/Jul/2012:18:37:39 +0200] "GET /images/mobil.jpg HTTP/1.1" 200 25293 "http://www.mink-gmbh.de/style.css" "Mozilla/5.0 (Windows NT 6.1; rv:13.0) Gecko/20100101 Firefox/13.0.1"
89.247.12.43 - - [11/Jul/2012:18:37:39 +0200] "GET /images/newsletter.jpg HTTP/1.1" 200 13130 "http://www.mink-gmbh.de/style.css" "Mozilla/5.0 (Windows NT 6.1; rv:13.0) Gecko/20100101 Firefox/13.0.1"
89.247.12.43 - - [11/Jul/2012:18:37:39 +0200] "GET /images/footerbg.jpg HTTP/1.1" 200 2184 "http://www.mink-gmbh.de/style.css" "Mozilla/5.0 (Windows NT 6.1; rv:13.0) Gecko/20100101 Firefox/13.0.1"
89.247.12.43 - - [11/Jul/2012:18:37:39 +0200] "GET /js_contentserver24_greybox/header_bg.gif HTTP/1.1" 200 1188 "http://www.mink-gmbh.de/index.php" "Mozilla/5.0 (Windows NT 6.1; rv:13.0) Gecko/20100101 Firefox/13.0.1"
89.247.12.43 - - [11/Jul/2012:18:37:39 +0200] "GET /js_contentserver24_greybox/g_close.gif HTTP/1.1" 200 541 "http://www.mink-gmbh.de/index.php" "Mozilla/5.0 (Windows NT 6.1; rv:13.0) Gecko/20100101 Firefox/13.0.1"
89.247.12.43 - - [11/Jul/2012:18:37:39 +0200] "GET /js_contentserver24_greybox/indicator.gif HTTP/1.1" 200 8238 "http://www.mink-gmbh.de/index.php" "Mozilla/5.0 (Windows NT 6.1; rv:13.0) Gecko/20100101 Firefox/13.0.1"
89.247.12.43 - - [11/Jul/2012:18:37:40 +0200] "GET /js_contentserver24_greybox/loader_frame.html?s=0 HTTP/1.1" 200 2084 "http://www.mink-gmbh.de/index.php" "Mozilla/5.0 (Windows NT 6.1; rv:13.0) Gecko/20100101 Firefox/13.0.1"
123.125.71.43 - - [11/Jul/2012:18:53:10 +0200] "GET /index.php HTTP/1.1" 200 15334 "-" "Mozilla/5.0 (compatible; Baiduspider/2.0; +http://www.baidu.com/search/spider.html)"
123.125.71.19 - - [11/Jul/2012:18:53:12 +0200] "GET / HTTP/1.1" 200 15334 "-" "Mozilla/5.0 (compatible; Baiduspider/2.0; +http://www.baidu.com/search/spider.html)"
208.115.113.91 - - [11/Jul/2012:19:26:13 +0200] "GET /robots.txt HTTP/1.1" 200 177 "-" "Mozilla/5.0 (compatible; Ezooms/1.0; ezooms.bot@gmail.com)"
208.115.111.75 - - [11/Jul/2012:19:39:22 +0200] "GET /robots.txt HTTP/1.1" 200 177 "-" "Mozilla/5.0 (compatible; Ezooms/1.0; ezooms.bot@gmail.com)"
123.125.71.42 - - [11/Jul/2012:19:41:52 +0200] "GET / HTTP/1.1" 200 15334 "-" "Mozilla/5.0 (compatible; Baiduspider/2.0; +http://www.baidu.com/search/spider.html)"
123.125.71.96 - - [11/Jul/2012:19:41:53 +0200] "GET /news.php HTTP/1.1" 200 22291 "-" "Mozilla/5.0 (compatible; Baiduspider/2.0; +http://www.baidu.com/search/spider.html)"
123.125.71.46 - - [11/Jul/2012:19:42:02 +0200] "GET /news.php?cs_go=archiv&cs_id=3248 HTTP/1.1" 200 11165 "-" "Mozilla/5.0 (compatible; Baiduspider/2.0; +http://www.baidu.com/search/spider.html)"
123.125.71.79 - - [11/Jul/2012:19:42:04 +0200] "GET /news.php?cs_go=archiv&cs_id=3251 HTTP/1.1" 200 13927 "-" "Mozilla/5.0 (compatible; Baiduspider/2.0; +http://www.baidu.com/search/spider.html)"
123.125.71.113 - - [11/Jul/2012:19:42:06 +0200] "GET /news.php?cs_go=archiv&cs_id=3247 HTTP/1.1" 200 9749 "-" "Mozilla/5.0 (compatible; Baiduspider/2.0; +http://www.baidu.com/search/spider.html)"
66.249.66.147 - - [11/Jul/2012:20:31:57 +0200] "GET /robots.txt HTTP/1.1" 200 177 "-" "Mozilla/5.0 (compatible; Googlebot/2.1; +http://www.google.com/bot.html)"
66.249.66.147 - - [11/Jul/2012:20:31:57 +0200] "GET /index.php HTTP/1.1" 200 15334 "-" "Mozilla/5.0 (iPhone; U; CPU iPhone OS 4_1 like Mac OS X; en-us) AppleWebKit/532.9 (KHTML, like Gecko) Version/4.0.5 Mobile/8B117 Safari/6531.22.7 (compatible; Googlebot-Mobile/2.1; +http://www.google.com/bot.html)"
46.4.92.141 - - [11/Jul/2012:20:47:51 +0200] "GET /robots.txt HTTP/1.1" 200 177 "-" "Pixray-Seeker/1.1 (Pixray-Seeker; http://www.pixray.com/pixraybot; crawler@pixray.com)"
46.4.92.141 - - [11/Jul/2012:20:47:51 +0200] "GET /news.php?cs_go=archiv&cs_id=1736&cs_search= HTTP/1.1" 200 13482 "-" "Pixray-Seeker/1.1 (Pixray-Seeker; http://www.pixray.com/pixraybot; crawler@pixray.com)"
213.186.119.141 - - [11/Jul/2012:20:58:22 +0200] "GET /standard.php HTTP/1.1" 200 9150 "-" "Mozilla/5.0 (compatible; AhrefsBot/3.0; +http://ahrefs.com/robot/)"
46.4.118.75 - - [11/Jul/2012:21:06:25 +0200] "GET /robots.txt HTTP/1.1" 200 177 "-" "Pixray-Seeker/1.1 (Pixray-Seeker; http://www.pixray.com/pixraybot; crawler@pixray.com)"
46.4.118.75 - - [11/Jul/2012:21:06:25 +0200] "GET /news.php?cs_go=archiv&cs_id=1772&cs_search= HTTP/1.1" 200 9518 "-" "Pixray-Seeker/1.1 (Pixray-Seeker; http://www.pixray.com/pixraybot; crawler@pixray.com)"
66.249.72.169 - - [11/Jul/2012:21:14:00 +0200] "GET /news.php?cs_go=archiv&cs_id=2747&cs_search= HTTP/1.1" 200 9884 "-" "Mozilla/5.0 (compatible; Googlebot/2.1; +http://www.google.com/bot.html)"
66.249.66.147 - - [11/Jul/2012:21:29:43 +0200] "GET /news.php?cs_go=archiv&cs_startpos=1161 HTTP/1.1" 200 22938 "-" "Mozilla/5.0 (compatible; Googlebot/2.1; +http://www.google.com/bot.html)"
65.36.241.79 - - [11/Jul/2012:21:30:00 +0200] "HEAD / HTTP/1.1" 200 - "-" "InternetSeer.com"
46.4.119.231 - - [11/Jul/2012:21:30:39 +0200] "GET /robots.txt HTTP/1.1" 200 177 "-" "Pixray-Seeker/1.1 (Pixray-Seeker; http://www.pixray.com/pixraybot; crawler@pixray.com)"
46.4.119.231 - - [11/Jul/2012:21:30:39 +0200] "GET /news.php?cs_go=archiv&cs_id=3144&cs_search= HTTP/1.1" 200 13426 "-" "Pixray-Seeker/1.1 (Pixray-Seeker; http://www.pixray.com/pixraybot; crawler@pixray.com)"
66.249.66.147 - - [11/Jul/2012:21:34:57 +0200] "GET /news.php?cs_go=archiv&cs_id=2640 HTTP/1.1" 200 10242 "-" "Mozilla/5.0 (compatible; Googlebot/2.1; +http://www.google.com/bot.html)"
66.249.66.147 - - [11/Jul/2012:21:40:11 +0200] "GET /news.php?cs_go=archiv&cs_id=2890&cs_search= HTTP/1.1" 200 10109 "-" "Mozilla/5.0 (compatible; Googlebot/2.1; +http://www.google.com/bot.html)"
66.249.66.147 - - [11/Jul/2012:21:45:26 +0200] "GET /news.php?cs_go=archiv&cs_id=2891&cs_search= HTTP/1.1" 200 14089 "-" "Mozilla/5.0 (compatible; Googlebot/2.1; +http://www.google.com/bot.html)"
46.4.118.75 - - [11/Jul/2012:21:49:13 +0200] "GET /robots.txt HTTP/1.1" 200 177 "-" "Pixray-Seeker/1.1 (Pixray-Seeker; http://www.pixray.com/pixraybot; crawler@pixray.com)"
46.4.118.75 - - [11/Jul/2012:21:49:13 +0200] "GET /news.php?cs_go=archiv&cs_id=1841&cs_search= HTTP/1.1" 200 9485 "-" "Pixray-Seeker/1.1 (Pixray-Seeker; http://www.pixray.com/pixraybot; crawler@pixray.com)"
66.249.66.147 - - [11/Jul/2012:21:50:40 +0200] "GET /news.php?cs_go=archiv&cs_startpos=340 HTTP/1.1" 200 22993 "-" "Mozilla/5.0 (compatible; Googlebot/2.1; +http://www.google.com/bot.html)"
66.249.66.147 - - [11/Jul/2012:21:55:54 +0200] "GET /news.php?cs_go=archiv&cs_startpos=1141 HTTP/1.1" 200 22966 "-" "Mozilla/5.0 (compatible; Googlebot/2.1; +http://www.google.com/bot.html)"
46.4.119.231 - - [11/Jul/2012:21:58:05 +0200] "GET /robots.txt HTTP/1.1" 200 177 "-" "Pixray-Seeker/1.1 (Pixray-Seeker; http://www.pixray.com/pixraybot; crawler@pixray.com)"
46.4.119.231 - - [11/Jul/2012:21:58:05 +0200] "GET /news.php?cs_go=archiv&cs_id=3154&cs_search= HTTP/1.1" 200 9903 "-" "Pixray-Seeker/1.1 (Pixray-Seeker; http://www.pixray.com/pixraybot; crawler@pixray.com)"
66.249.66.147 - - [11/Jul/2012:22:06:23 +0200] "GET /news.php?cs_go=archiv&cs_startpos=1131 HTTP/1.1" 200 22922 "-" "Mozilla/5.0 (compatible; Googlebot/2.1; +http://www.google.com/bot.html)"
66.249.66.147 - - [11/Jul/2012:22:11:37 +0200] "GET /news.php?cs_go=archiv&cs_startpos=1111 HTTP/1.1" 200 23031 "-" "Mozilla/5.0 (compatible; Googlebot/2.1; +http://www.google.com/bot.html)"
46.4.119.231 - - [11/Jul/2012:22:19:05 +0200] "GET /robots.txt HTTP/1.1" 200 177 "-" "Pixray-Seeker/1.1 (Pixray-Seeker; http://www.pixray.com/pixraybot; crawler@pixray.com)"
46.4.119.231 - - [11/Jul/2012:22:19:05 +0200] "GET /news.php?cs_go=archiv&cs_id=3178&cs_search= HTTP/1.1" 200 9786 "-" "Pixray-Seeker/1.1 (Pixray-Seeker; http://www.pixray.com/pixraybot; crawler@pixray.com)"
66.249.66.147 - - [11/Jul/2012:22:22:03 +0200] "GET /news.php?cs_go=archiv&cs_startpos=1121 HTTP/1.1" 200 22928 "-" "Mozilla/5.0 (compatible; Googlebot/2.1; +http://www.google.com/bot.html)"
66.249.66.147 - - [11/Jul/2012:22:22:04 +0200] "GET /news.php?cs_go=archiv&cs_startpos=1101 HTTP/1.1" 200 22952 "-" "Mozilla/5.0 (compatible; Googlebot/2.1; +http://www.google.com/bot.html)"
157.55.16.221 - - [11/Jul/2012:22:26:13 +0200] "GET /robots.txt HTTP/1.1" 200 177 "-" "Mozilla/5.0 (compatible; bingbot/2.0; +http://www.bing.com/bingbot.htm)"
157.55.16.221 - - [11/Jul/2012:22:27:00 +0200] "GET / HTTP/1.1" 200 15334 "-" "Mozilla/5.0 (compatible; bingbot/2.0; +http://www.bing.com/bingbot.htm)"
66.249.66.147 - - [11/Jul/2012:22:27:19 +0200] "GET /news.php?cs_go=archiv&cs_startpos=840 HTTP/1.1" 200 23173 "-" "Mozilla/5.0 (compatible; Googlebot/2.1; +http://www.google.com/bot.html)"
176.9.0.12 - - [11/Jul/2012:22:28:32 +0200] "GET /robots.txt HTTP/1.1" 200 177 "-" "Pixray-Seeker/1.1 (Pixray-Seeker; http://www.pixray.com/pixraybot; crawler@pixray.com)"
176.9.0.12 - - [11/Jul/2012:22:28:32 +0200] "GET /news.php?cs_go=archiv&cs_id=3160&cs_search= HTTP/1.1" 200 14665 "-" "Pixray-Seeker/1.1 (Pixray-Seeker; http://www.pixray.com/pixraybot; crawler@pixray.com)"
66.249.66.147 - - [11/Jul/2012:22:35:13 +0200] "GET /news.php?cs_go=archiv&cs_startpos=1091 HTTP/1.1" 200 22976 "-" "Mozilla/5.0 (compatible; Googlebot/2.1; +http://www.google.com/bot.html)"
208.115.113.91 - - [11/Jul/2012:22:38:46 +0200] "GET /robots.txt HTTP/1.1" 200 177 "-" "Mozilla/5.0 (compatible; Ezooms/1.0; ezooms.bot@gmail.com)"
123.125.71.31 - - [11/Jul/2012:22:42:10 +0200] "GET /news.php?cs_go=archiv HTTP/1.1" 200 22291 "-" "Mozilla/5.0 (compatible; Baiduspider/2.0; +http://www.baidu.com/search/spider.html)"
176.9.0.12 - - [11/Jul/2012:22:43:58 +0200] "GET /robots.txt HTTP/1.1" 200 177 "-" "Pixray-Seeker/1.1 (Pixray-Seeker; http://www.pixray.com/pixraybot; crawler@pixray.com)"
176.9.0.12 - - [11/Jul/2012:22:43:58 +0200] "GET /news.php?cs_go=archiv&cs_id=1839&cs_search= HTTP/1.1" 200 9662 "-" "Pixray-Seeker/1.1 (Pixray-Seeker; http://www.pixray.com/pixraybot; crawler@pixray.com)"
208.115.111.75 - - [11/Jul/2012:22:45:17 +0200] "GET /robots.txt HTTP/1.1" 200 177 "-" "Mozilla/5.0 (compatible; Ezooms/1.0; ezooms.bot@gmail.com)"
66.249.66.147 - - [11/Jul/2012:22:49:07 +0200] "GET /news.php?cs_go=archiv&cs_startpos=1081 HTTP/1.1" 200 23106 "-" "Mozilla/5.0 (compatible; Googlebot/2.1; +http://www.google.com/bot.html)"
188.40.85.200 - - [11/Jul/2012:22:54:44 +0200] "GET /robots.txt HTTP/1.1" 200 177 "-" "Pixray-Seeker/1.1 (Pixray-Seeker; http://www.pixray.com/pixraybot; crawler@pixray.com)"
188.40.85.200 - - [11/Jul/2012:22:54:44 +0200] "GET /news.php?cs_go=archiv&cs_startpos=1230 HTTP/1.1" 200 23144 "-" "Pixray-Seeker/1.1 (Pixray-Seeker; http://www.pixray.com/pixraybot; crawler@pixray.com)"
66.249.66.147 - - [11/Jul/2012:23:01:08 +0200] "GET /news.php?cs_go=archiv&cs_startpos=1071 HTTP/1.1" 200 23210 "-" "Mozilla/5.0 (compatible; Googlebot/2.1; +http://www.google.com/bot.html)"
46.4.92.140 - - [11/Jul/2012:23:11:29 +0200] "GET /robots.txt HTTP/1.1" 200 177 "-" "Pixray-Seeker/1.1 (Pixray-Seeker; http://www.pixray.com/pixraybot; crawler@pixray.com)"
46.4.92.140 - - [11/Jul/2012:23:11:29 +0200] "GET /news.php?cs_go=archiv&cs_id=1791&cs_search= HTTP/1.1" 200 12838 "-" "Pixray-Seeker/1.1 (Pixray-Seeker; http://www.pixray.com/pixraybot; crawler@pixray.com)"
108.59.8.70 - - [11/Jul/2012:23:11:39 +0200] "GET /robots.txt HTTP/1.0" 200 177 "-" "Mozilla/5.0 (compatible; MJ12bot/v1.4.3; http://www.majestic12.co.uk/bot.php?+)"
108.59.8.70 - - [11/Jul/2012:23:11:40 +0200] "GET /Heizoel-Berlin.htm HTTP/1.0" 404 - "-" "Mozilla/5.0 (compatible; MJ12bot/v1.4.3; http://www.majestic12.co.uk/bot.php?+)"
108.59.8.70 - - [11/Jul/2012:23:11:42 +0200] "GET /Heizoel.htm HTTP/1.0" 404 - "-" "Mozilla/5.0 (compatible; MJ12bot/v1.4.3; http://www.majestic12.co.uk/bot.php?+)"
108.59.8.70 - - [11/Jul/2012:23:11:43 +0200] "GET /seiten/impres.htm HTTP/1.0" 404 - "-" "Mozilla/5.0 (compatible; MJ12bot/v1.4.3; http://www.majestic12.co.uk/bot.php?+)"
108.59.8.70 - - [11/Jul/2012:23:11:45 +0200] "GET /startseite.htm HTTP/1.0" 404 - "-" "Mozilla/5.0 (compatible; MJ12bot/v1.4.3; http://www.majestic12.co.uk/bot.php?+)"
66.249.66.147 - - [11/Jul/2012:23:13:40 +0200] "GET /news.php?cs_go=archiv&cs_startpos=1061 HTTP/1.1" 200 22969 "-" "Mozilla/5.0 (compatible; Googlebot/2.1; +http://www.google.com/bot.html)"
46.4.19.85 - - [11/Jul/2012:23:28:23 +0200] "GET /robots.txt HTTP/1.1" 200 177 "-" "Pixray-Seeker/1.1 (Pixray-Seeker; http://www.pixray.com/pixraybot; crawler@pixray.com)"
46.4.19.85 - - [11/Jul/2012:23:28:23 +0200] "GET /news.php?cs_go=archiv&cs_id=1848&cs_search= HTTP/1.1" 200 14204 "-" "Pixray-Seeker/1.1 (Pixray-Seeker; http://www.pixray.com/pixraybot; crawler@pixray.com)"
66.249.66.147 - - [11/Jul/2012:23:30:25 +0200] "GET /news.php?cs_go=archiv&cs_startpos=1051 HTTP/1.1" 200 23053 "-" "Mozilla/5.0 (compatible; Googlebot/2.1; +http://www.google.com/bot.html)"
188.40.65.130 - - [11/Jul/2012:23:42:17 +0200] "GET /robots.txt HTTP/1.1" 200 177 "-" "Pixray-Seeker/1.1 (Pixray-Seeker; http://www.pixray.com/pixraybot; crawler@pixray.com)"
188.40.65.130 - - [11/Jul/2012:23:42:17 +0200] "GET /news.php?cs_go=archiv&cs_id=1801&cs_search= HTTP/1.1" 200 9459 "-" "Pixray-Seeker/1.1 (Pixray-Seeker; http://www.pixray.com/pixraybot; crawler@pixray.com)"
208.115.113.91 - - [11/Jul/2012:23:45:38 +0200] "GET /robots.txt HTTP/1.1" 200 177 "-" "Mozilla/5.0 (compatible; Ezooms/1.0; ezooms.bot@gmail.com)"
66.249.66.147 - - [11/Jul/2012:23:47:43 +0200] "GET /news.php?cs_go=archiv&cs_id=2053&cs_search= HTTP/1.1" 200 10060 "-" "Mozilla/5.0 (compatible; Googlebot/2.1; +http://www.google.com/bot.html)"
66.249.66.147 - - [11/Jul/2012:23:47:44 +0200] "GET /news.php?cs_go=archiv&cs_startpos=1041 HTTP/1.1" 200 22950 "-" "Mozilla/5.0 (compatible; Googlebot/2.1; +http://www.google.com/bot.html)"
178.255.215.64 - - [11/Jul/2012:23:51:06 +0200] "GET /robots.txt HTTP/1.1" 200 177 "-" "Mozilla/5.0 (compatible; Exabot/3.0; +http://www.exabot.com/go/robot)"
178.255.215.64 - - [11/Jul/2012:23:51:06 +0200] "GET /lexikon.php HTTP/1.1" 200 10427 "-" "Mozilla/5.0 (compatible; Exabot/3.0; +http://www.exabot.com/go/robot)"
178.255.215.64 - - [11/Jul/2012:23:51:08 +0200] "GET /foerdermittel.php HTTP/1.1" 200 12853 "-" "Mozilla/5.0 (compatible; Exabot/3.0; +http://www.exabot.com/go/robot)"
208.115.111.75 - - [11/Jul/2012:23:56:55 +0200] "GET /robots.txt HTTP/1.1" 200 177 "-" "Mozilla/5.0 (compatible; Ezooms/1.0; ezooms.bot@gmail.com)"
66.249.72.169 - - [11/Jul/2012:23:59:40 +0200] "GET /news.php?cs_go=archiv&cs_startpos=1031 HTTP/1.1" 200 23154 "-" "Mozilla/5.0 (compatible; Googlebot/2.1; +http://www.google.com/bot.html)"
188.40.85.200 - - [12/Jul/2012:00:06:30 +0200] "GET /robots.txt HTTP/1.1" 200 177 "-" "Pixray-Seeker/1.1 (Pixray-Seeker; http://www.pixray.com/pixraybot; crawler@pixray.com)"
188.40.85.200 - - [12/Jul/2012:00:06:30 +0200] "GET /news.php?cs_go=archiv&cs_id=1648&cs_search= HTTP/1.1" 200 10158 "-" "Pixray-Seeker/1.1 (Pixray-Seeker; http://www.pixray.com/pixraybot; crawler@pixray.com)"
66.249.72.169 - - [12/Jul/2012:00:11:29 +0200] "GET /news.php?cs_go=archiv&cs_startpos=1021 HTTP/1.1" 200 22993 "-" "Mozilla/5.0 (compatible; Googlebot/2.1; +http://www.google.com/bot.html)"
66.249.66.147 - - [12/Jul/2012:00:25:59 +0200] "GET /news.php?cs_go=archiv&cs_startpos=1011 HTTP/1.1" 200 23030 "-" "Mozilla/5.0 (compatible; Googlebot/2.1; +http://www.google.com/bot.html)"
46.4.121.154 - - [12/Jul/2012:00:26:14 +0200] "GET /robots.txt HTTP/1.1" 200 177 "-" "Pixray-Seeker/1.1 (Pixray-Seeker; http://www.pixray.com/pixraybot; crawler@pixray.com)"
46.4.121.154 - - [12/Jul/2012:00:26:14 +0200] "GET /news.php?cs_go=archiv&cs_id=1799&cs_search= HTTP/1.1" 200 9376 "-" "Pixray-Seeker/1.1 (Pixray-Seeker; http://www.pixray.com/pixraybot; crawler@pixray.com)"
46.4.19.85 - - [12/Jul/2012:00:38:56 +0200] "GET /robots.txt HTTP/1.1" 200 177 "-" "Pixray-Seeker/1.1 (Pixray-Seeker; http://www.pixray.com/pixraybot; crawler@pixray.com)"
46.4.19.85 - - [12/Jul/2012:00:38:56 +0200] "GET /news.php?cs_go=archiv&cs_id=3177&cs_search= HTTP/1.1" 200 13314 "-" "Pixray-Seeker/1.1 (Pixray-Seeker; http://www.pixray.com/pixraybot; crawler@pixray.com)"
66.249.66.147 - - [12/Jul/2012:00:43:17 +0200] "GET /news.php?cs_go=archiv&cs_startpos=1001 HTTP/1.1" 200 22886 "-" "Mozilla/5.0 (compatible; Googlebot/2.1; +http://www.google.com/bot.html)"
208.115.111.75 - - [12/Jul/2012:01:04:23 +0200] "GET /robots.txt HTTP/1.1" 200 177 "-" "Mozilla/5.0 (compatible; Ezooms/1.0; ezooms.bot@gmail.com)"
66.249.66.147 - - [12/Jul/2012:01:04:33 +0200] "GET /news.php?cs_go=archiv&cs_startpos=991 HTTP/1.1" 200 23305 "-" "Mozilla/5.0 (compatible; Googlebot/2.1; +http://www.google.com/bot.html)"
46.4.19.85 - - [12/Jul/2012:01:18:24 +0200] "GET /robots.txt HTTP/1.1" 200 177 "-" "Pixray-Seeker/1.1 (Pixray-Seeker; http://www.pixray.com/pixraybot; crawler@pixray.com)"
46.4.19.85 - - [12/Jul/2012:01:18:25 +0200] "GET /news.php?cs_go=archiv&cs_id=3188&cs_search= HTTP/1.1" 200 13847 "-" "Pixray-Seeker/1.1 (Pixray-Seeker; http://www.pixray.com/pixraybot; crawler@pixray.com)"
66.249.66.147 - - [12/Jul/2012:01:18:38 +0200] "GET /news.php?cs_go=archiv&cs_startpos=981 HTTP/1.1" 200 22843 "-" "Mozilla/5.0 (compatible; Googlebot/2.1; +http://www.google.com/bot.html)"
66.249.66.147 - - [12/Jul/2012:01:30:43 +0200] "GET /news.php?cs_go=archiv&cs_startpos=971 HTTP/1.1" 200 22993 "-" "Mozilla/5.0 (compatible; Googlebot/2.1; +http://www.google.com/bot.html)"
66.249.66.147 - - [12/Jul/2012:01:44:34 +0200] "GET /news.php?cs_go=archiv&cs_startpos=961 HTTP/1.1" 200 23211 "-" "Mozilla/5.0 (compatible; Googlebot/2.1; +http://www.google.com/bot.html)"
208.115.113.91 - - [12/Jul/2012:01:47:02 +0200] "GET /robots.txt HTTP/1.1" 200 177 "-" "Mozilla/5.0 (compatible; Ezooms/1.0; ezooms.bot@gmail.com)"
188.40.85.200 - - [12/Jul/2012:01:48:21 +0200] "GET /robots.txt HTTP/1.1" 200 177 "-" "Pixray-Seeker/1.1 (Pixray-Seeker; http://www.pixray.com/pixraybot; crawler@pixray.com)"
188.40.85.200 - - [12/Jul/2012:01:48:21 +0200] "GET /news.php?cs_go=archiv&cs_id=3190&cs_search= HTTP/1.1" 200 9847 "-" "Pixray-Seeker/1.1 (Pixray-Seeker; http://www.pixray.com/pixraybot; crawler@pixray.com)"
66.249.72.169 - - [12/Jul/2012:01:49:03 +0200] "GET /news.php?cs_go=archiv HTTP/1.1" 200 22291 "-" "Mozilla/5.0 (compatible; Googlebot/2.1; +http://www.google.com/bot.html)"
66.249.66.147 - - [12/Jul/2012:01:55:23 +0200] "GET /news.php?cs_go=archiv&cs_startpos=951 HTTP/1.1" 200 23156 "-" "Mozilla/5.0 (compatible; Googlebot/2.1; +http://www.google.com/bot.html)"
176.9.0.13 - - [12/Jul/2012:01:58:04 +0200] "GET /robots.txt HTTP/1.1" 200 177 "-" "Pixray-Seeker/1.1 (Pixray-Seeker; http://www.pixray.com/pixraybot; crawler@pixray.com)"
176.9.0.13 - - [12/Jul/2012:01:58:04 +0200] "GET /news.php?cs_go=archiv&cs_startpos=110 HTTP/1.1" 200 22835 "-" "Pixray-Seeker/1.1 (Pixray-Seeker; http://www.pixray.com/pixraybot; crawler@pixray.com)"
66.249.72.169 - - [12/Jul/2012:02:07:57 +0200] "GET /news.php?cs_go=archiv&cs_id=3251&cs_search= HTTP/1.1" 200 13927 "-" "Mozilla/5.0 (compatible; Googlebot/2.1; +http://www.google.com/bot.html)"
66.249.66.147 - - [12/Jul/2012:02:11:53 +0200] "GET /news.php?cs_go=archiv&cs_id=3248&cs_search= HTTP/1.1" 200 11165 "-" "Mozilla/5.0 (compatible; Googlebot/2.1; +http://www.google.com/bot.html)"
176.9.19.103 - - [12/Jul/2012:02:13:01 +0200] "GET /robots.txt HTTP/1.1" 200 177 "-" "Pixray-Seeker/1.1 (Pixray-Seeker; http://www.pixray.com/pixraybot; crawler@pixray.com)"
176.9.19.103 - - [12/Jul/2012:02:13:01 +0200] "GET /news.php?cs_go=archiv&cs_id=3151&cs_search= HTTP/1.1" 200 13341 "-" "Pixray-Seeker/1.1 (Pixray-Seeker; http://www.pixray.com/pixraybot; crawler@pixray.com)"
66.249.66.147 - - [12/Jul/2012:02:17:09 +0200] "GET /news.php?cs_go=archiv&cs_startpos=941 HTTP/1.1" 200 23109 "-" "Mozilla/5.0 (compatible; Googlebot/2.1; +http://www.google.com/bot.html)"
208.115.113.91 - - [12/Jul/2012:02:24:39 +0200] "GET /robots.txt HTTP/1.1" 200 177 "-" "Mozilla/5.0 (compatible; Ezooms/1.0; ezooms.bot@gmail.com)"
66.249.66.147 - - [12/Jul/2012:02:34:29 +0200] "GET /news.php?cs_go=archiv&cs_startpos=931 HTTP/1.1" 200 22894 "-" "Mozilla/5.0 (compatible; Googlebot/2.1; +http://www.google.com/bot.html)"
66.249.66.147 - - [12/Jul/2012:02:37:00 +0200] "GET /news.php?cs_go=archiv&cs_id=2641 HTTP/1.1" 200 9756 "-" "Mozilla/5.0 (compatible; Googlebot/2.1; +http://www.google.com/bot.html)"
46.4.125.109 - - [12/Jul/2012:02:42:32 +0200] "GET /robots.txt HTTP/1.1" 200 177 "-" "Pixray-Seeker/1.1 (Pixray-Seeker; http://www.pixray.com/pixraybot; crawler@pixray.com)"
46.4.125.109 - - [12/Jul/2012:02:42:32 +0200] "GET /news.php?cs_go=archiv&cs_id=3228&cs_search= HTTP/1.1" 200 13331 "-" "Pixray-Seeker/1.1 (Pixray-Seeker; http://www.pixray.com/pixraybot; crawler@pixray.com)"
66.249.66.147 - - [12/Jul/2012:02:48:06 +0200] "GET /news.php?cs_go=archiv&cs_startpos=921 HTTP/1.1" 200 23091 "-" "Mozilla/5.0 (compatible; Googlebot/2.1; +http://www.google.com/bot.html)"
46.4.121.154 - - [12/Jul/2012:02:55:58 +0200] "GET /robots.txt HTTP/1.1" 200 177 "-" "Pixray-Seeker/1.1 (Pixray-Seeker; http://www.pixray.com/pixraybot; crawler@pixray.com)"
46.4.121.154 - - [12/Jul/2012:02:55:58 +0200] "GET /news.php?cs_go=archiv&cs_startpos=100 HTTP/1.1" 200 22790 "-" "Pixray-Seeker/1.1 (Pixray-Seeker; http://www.pixray.com/pixraybot; crawler@pixray.com)"
46.4.116.100 - - [12/Jul/2012:03:11:36 +0200] "GET /robots.txt HTTP/1.1" 200 177 "-" "Pixray-Seeker/1.1 (Pixray-Seeker; http://www.pixray.com/pixraybot; crawler@pixray.com)"
46.4.116.100 - - [12/Jul/2012:03:11:36 +0200] "GET /news.php?cs_go=archiv&cs_id=3139&cs_search= HTTP/1.1" 200 14329 "-" "Pixray-Seeker/1.1 (Pixray-Seeker; http://www.pixray.com/pixraybot; crawler@pixray.com)"
208.115.111.75 - - [12/Jul/2012:03:15:33 +0200] "GET /robots.txt HTTP/1.1" 200 177 "-" "Mozilla/5.0 (compatible; Ezooms/1.0; ezooms.bot@gmail.com)"
176.9.19.103 - - [12/Jul/2012:03:20:19 +0200] "GET /robots.txt HTTP/1.1" 200 177 "-" "Pixray-Seeker/1.1 (Pixray-Seeker; http://www.pixray.com/pixraybot; crawler@pixray.com)"
176.9.19.103 - - [12/Jul/2012:03:20:19 +0200] "GET /news.php?cs_go=archiv&cs_id=1826&cs_search= HTTP/1.1" 200 10161 "-" "Pixray-Seeker/1.1 (Pixray-Seeker; http://www.pixray.com/pixraybot; crawler@pixray.com)"
65.36.241.79 - - [12/Jul/2012:03:35:38 +0200] "HEAD / HTTP/1.1" 200 - "-" "InternetSeer.com"
46.4.116.100 - - [12/Jul/2012:03:36:03 +0200] "GET /robots.txt HTTP/1.1" 200 177 "-" "Pixray-Seeker/1.1 (Pixray-Seeker; http://www.pixray.com/pixraybot; crawler@pixray.com)"
46.4.116.100 - - [12/Jul/2012:03:36:03 +0200] "GET /news.php?cs_go=archiv&cs_startpos=1451 HTTP/1.1" 200 22729 "-" "Pixray-Seeker/1.1 (Pixray-Seeker; http://www.pixray.com/pixraybot; crawler@pixray.com)"
46.4.125.109 - - [12/Jul/2012:03:50:04 +0200] "GET /robots.txt HTTP/1.1" 200 177 "-" "Pixray-Seeker/1.1 (Pixray-Seeker; http://www.pixray.com/pixraybot; crawler@pixray.com)"
46.4.125.109 - - [12/Jul/2012:03:50:04 +0200] "GET /news.php?cs_go=archiv&cs_startpos=1450 HTTP/1.1" 200 22742 "-" "Pixray-Seeker/1.1 (Pixray-Seeker; http://www.pixray.com/pixraybot; crawler@pixray.com)"
46.4.92.141 - - [12/Jul/2012:04:01:44 +0200] "GET /robots.txt HTTP/1.1" 200 177 "-" "Pixray-Seeker/1.1 (Pixray-Seeker; http://www.pixray.com/pixraybot; crawler@pixray.com)"
46.4.92.141 - - [12/Jul/2012:04:01:44 +0200] "GET /news.php?cs_go=archiv&cs_id=3156&cs_search= HTTP/1.1" 200 13457 "-" "Pixray-Seeker/1.1 (Pixray-Seeker; http://www.pixray.com/pixraybot; crawler@pixray.com)"
66.249.72.169 - - [12/Jul/2012:04:09:29 +0200] "GET /news.php?cs_go=archiv&cs_startpos=131 HTTP/1.1" 200 23033 "-" "Mozilla/5.0 (compatible; Googlebot/2.1; +http://www.google.com/bot.html)"
208.115.113.91 - - [12/Jul/2012:04:15:38 +0200] "GET /news.php?cs_go=archiv&cs_id=3017&cs_search= HTTP/1.1" 200 11737 "-" "Mozilla/5.0 (compatible; Ezooms/1.0; ezooms.bot@gmail.com)"
46.4.119.231 - - [12/Jul/2012:04:17:44 +0200] "GET /robots.txt HTTP/1.1" 200 177 "-" "Pixray-Seeker/1.1 (Pixray-Seeker; http://www.pixray.com/pixraybot; crawler@pixray.com)"
46.4.119.231 - - [12/Jul/2012:04:17:44 +0200] "GET /news.php?cs_go=archiv&cs_id=1794&cs_search= HTTP/1.1" 200 9451 "-" "Pixray-Seeker/1.1 (Pixray-Seeker; http://www.pixray.com/pixraybot; crawler@pixray.com)"
46.4.119.231 - - [12/Jul/2012:04:26:42 +0200] "GET /robots.txt HTTP/1.1" 200 177 "-" "Pixray-Seeker/1.1 (Pixray-Seeker; http://www.pixray.com/pixraybot; crawler@pixray.com)"
46.4.119.231 - - [12/Jul/2012:04:26:42 +0200] "GET /news.php?cs_go=archiv&cs_id=3133&cs_search= HTTP/1.1" 200 11708 "-" "Pixray-Seeker/1.1 (Pixray-Seeker; http://www.pixray.com/pixraybot; crawler@pixray.com)"
188.40.66.214 - - [12/Jul/2012:04:40:38 +0200] "GET /robots.txt HTTP/1.1" 200 177 "-" "Pixray-Seeker/1.1 (Pixray-Seeker; http://www.pixray.com/pixraybot; crawler@pixray.com)"
188.40.66.214 - - [12/Jul/2012:04:40:38 +0200] "GET /news.php?cs_go=archiv&cs_id=3173&cs_search= HTTP/1.1" 200 9774 "-" "Pixray-Seeker/1.1 (Pixray-Seeker; http://www.pixray.com/pixraybot; crawler@pixray.com)"
123.125.71.18 - - [12/Jul/2012:04:41:42 +0200] "GET /standard.php HTTP/1.1" 200 9150 "-" "Mozilla/5.0 (compatible; Baiduspider/2.0; +http://www.baidu.com/search/spider.html)"
199.19.110.52 - - [12/Jul/2012:04:57:11 +0200] "GET /robots.txt HTTP/1.0" 200 177 "-" "Mozilla/5.0 (compatible; MJ12bot/v1.4.3; http://www.majestic12.co.uk/bot.php?+)"
199.19.110.52 - - [12/Jul/2012:04:57:13 +0200] "GET / HTTP/1.0" 200 15334 "-" "Mozilla/5.0 (compatible; MJ12bot/v1.4.3; http://www.majestic12.co.uk/bot.php?+)"
176.9.0.12 - - [12/Jul/2012:05:09:48 +0200] "GET /robots.txt HTTP/1.1" 200 177 "-" "Pixray-Seeker/1.1 (Pixray-Seeker; http://www.pixray.com/pixraybot; crawler@pixray.com)"
176.9.0.12 - - [12/Jul/2012:05:09:48 +0200] "GET /news.php?cs_go=archiv&cs_id=3134&cs_search= HTTP/1.1" 200 12018 "-" "Pixray-Seeker/1.1 (Pixray-Seeker; http://www.pixray.com/pixraybot; crawler@pixray.com)"
66.249.66.147 - - [12/Jul/2012:05:14:08 +0200] "GET /news.php?cs_go=archiv&cs_startpos=1951 HTTP/1.1" 200 8056 "-" "Mozilla/5.0 (compatible; Googlebot/2.1; +http://www.google.com/bot.html)"
213.186.119.141 - - [12/Jul/2012:05:24:44 +0200] "GET /kwk.php?cs_go=3 HTTP/1.1" 200 10216 "-" "Mozilla/5.0 (compatible; AhrefsBot/3.0; +http://ahrefs.com/robot/)"
65.52.109.151 - - [12/Jul/2012:06:55:32 +0200] "GET /robots.txt HTTP/1.1" 200 177 "-" "Mozilla/5.0 (compatible; bingbot/2.0; +http://www.bing.com/bingbot.htm)"
65.52.109.151 - - [12/Jul/2012:07:01:53 +0200] "GET /agb.php HTTP/1.1" 200 19709 "-" "Mozilla/5.0 (compatible; bingbot/2.0; +http://www.bing.com/bingbot.htm)"
