88.74.2.142 - - [07/Jul/2012:17:27:05 +0200] "GET /js_contentserver24_greybox/AJS.js HTTP/1.1" 200 10396 "http://www.mink-gmbh.de/" "Mozilla/5.0 (Windows NT 6.1; rv:13.0) Gecko/20100101 Firefox/13.0.1"
88.74.2.142 - - [07/Jul/2012:17:27:05 +0200] "GET /js_contentserver24_greybox/AJS_fx.js HTTP/1.1" 200 3192 "http://www.mink-gmbh.de/" "Mozilla/5.0 (Windows NT 6.1; rv:13.0) Gecko/20100101 Firefox/13.0.1"
88.74.2.142 - - [07/Jul/2012:17:27:05 +0200] "GET /js_contentserver24_greybox/gb_scripts.js HTTP/1.1" 200 11913 "http://www.mink-gmbh.de/" "Mozilla/5.0 (Windows NT 6.1; rv:13.0) Gecko/20100101 Firefox/13.0.1"
88.74.2.142 - - [07/Jul/2012:17:27:04 +0200] "GET / HTTP/1.1" 200 15379 "http://www.google.de/url?sa=t&rct=j&q=energie%20%26%20service%20s%C3%BCd%20ost%20berlin%20%26%20mink%20gmbh&source=web&cd=1&ved=0CFcQFjAA&url=http%3A%2F%2Fwww.mink-gmbh.de%2F&ei=7VT4T9edGcbCswbw7JGwBQ&usg=AFQjCNFHX4Iglls9oo-KYXTmDUV_5KOVIg" "Mozilla/5.0 (Windows NT 6.1; rv:13.0) Gecko/20100101 Firefox/13.0.1"
88.74.2.142 - - [07/Jul/2012:17:27:05 +0200] "GET /images/tkw.jpg HTTP/1.1" 200 64031 "http://www.mink-gmbh.de/" "Mozilla/5.0 (Windows NT 6.1; rv:13.0) Gecko/20100101 Firefox/13.0.1"
88.74.2.142 - - [07/Jul/2012:17:27:05 +0200] "GET /images/freecall.jpg HTTP/1.1" 200 39195 "http://www.mink-gmbh.de/" "Mozilla/5.0 (Windows NT 6.1; rv:13.0) Gecko/20100101 Firefox/13.0.1"
88.74.2.142 - - [07/Jul/2012:17:27:05 +0200] "GET /images/kwk.gif HTTP/1.1" 200 6403 "http://www.mink-gmbh.de/" "Mozilla/5.0 (Windows NT 6.1; rv:13.0) Gecko/20100101 Firefox/13.0.1"
88.74.2.142 - - [07/Jul/2012:17:27:05 +0200] "GET /images/mail.jpg HTTP/1.1" 200 11165 "http://www.mink-gmbh.de/" "Mozilla/5.0 (Windows NT 6.1; rv:13.0) Gecko/20100101 Firefox/13.0.1"
88.74.2.142 - - [07/Jul/2012:17:27:05 +0200] "GET /images/wunschpreis.jpg HTTP/1.1" 200 16767 "http://www.mink-gmbh.de/" "Mozilla/5.0 (Windows NT 6.1; rv:13.0) Gecko/20100101 Firefox/13.0.1"
88.74.2.142 - - [07/Jul/2012:17:27:05 +0200] "GET /images/logos.jpg HTTP/1.1" 200 15002 "http://www.mink-gmbh.de/" "Mozilla/5.0 (Windows NT 6.1; rv:13.0) Gecko/20100101 Firefox/13.0.1"
88.74.2.142 - - [07/Jul/2012:17:27:06 +0200] "GET /images/bg.jpg HTTP/1.1" 200 345 "http://www.mink-gmbh.de/style.css" "Mozilla/5.0 (Windows NT 6.1; rv:13.0) Gecko/20100101 Firefox/13.0.1"
88.74.2.142 - - [07/Jul/2012:17:27:06 +0200] "GET /js_contentserver24_greybox/w_close.gif HTTP/1.1" 200 74 "http://www.mink-gmbh.de/" "Mozilla/5.0 (Windows NT 6.1; rv:13.0) Gecko/20100101 Firefox/13.0.1"
88.74.2.142 - - [07/Jul/2012:17:27:06 +0200] "GET /images/close.png HTTP/1.1" 200 703 "http://www.mink-gmbh.de/" "Mozilla/5.0 (Windows NT 6.1; rv:13.0) Gecko/20100101 Firefox/13.0.1"
88.74.2.142 - - [07/Jul/2012:17:27:06 +0200] "GET /images/newsletter_bg.jpg HTTP/1.1" 200 33610 "http://www.mink-gmbh.de/" "Mozilla/5.0 (Windows NT 6.1; rv:13.0) Gecko/20100101 Firefox/13.0.1"
88.74.2.142 - - [07/Jul/2012:17:27:06 +0200] "GET /images/newsletter.png HTTP/1.1" 200 14619 "http://www.mink-gmbh.de/style.css" "Mozilla/5.0 (Windows NT 6.1; rv:13.0) Gecko/20100101 Firefox/13.0.1"
88.74.2.142 - - [07/Jul/2012:17:27:06 +0200] "GET /images/wrapperbg.jpg HTTP/1.1" 200 27465 "http://www.mink-gmbh.de/style.css" "Mozilla/5.0 (Windows NT 6.1; rv:13.0) Gecko/20100101 Firefox/13.0.1"
88.74.2.142 - - [07/Jul/2012:17:27:06 +0200] "GET /images/navibg.png HTTP/1.1" 200 2803 "http://www.mink-gmbh.de/style.css" "Mozilla/5.0 (Windows NT 6.1; rv:13.0) Gecko/20100101 Firefox/13.0.1"
88.74.2.142 - - [07/Jul/2012:17:27:06 +0200] "GET /images/header.jpg HTTP/1.1" 200 24413 "http://www.mink-gmbh.de/style.css" "Mozilla/5.0 (Windows NT 6.1; rv:13.0) Gecko/20100101 Firefox/13.0.1"
88.74.2.142 - - [07/Jul/2012:17:27:06 +0200] "GET /images/gleichbleibend.png HTTP/1.1" 200 534 "http://www.mink-gmbh.de/modul.css" "Mozilla/5.0 (Windows NT 6.1; rv:13.0) Gecko/20100101 Firefox/13.0.1"
88.74.2.142 - - [07/Jul/2012:17:27:06 +0200] "GET /images/steigend.png HTTP/1.1" 200 688 "http://www.mink-gmbh.de/modul.css" "Mozilla/5.0 (Windows NT 6.1; rv:13.0) Gecko/20100101 Firefox/13.0.1"
88.74.2.142 - - [07/Jul/2012:17:27:06 +0200] "GET /images/mobil.jpg HTTP/1.1" 200 25293 "http://www.mink-gmbh.de/style.css" "Mozilla/5.0 (Windows NT 6.1; rv:13.0) Gecko/20100101 Firefox/13.0.1"
88.74.2.142 - - [07/Jul/2012:17:27:06 +0200] "GET /images/newsletter.jpg HTTP/1.1" 200 13130 "http://www.mink-gmbh.de/style.css" "Mozilla/5.0 (Windows NT 6.1; rv:13.0) Gecko/20100101 Firefox/13.0.1"
88.74.2.142 - - [07/Jul/2012:17:27:06 +0200] "GET /images/footerbg.jpg HTTP/1.1" 200 2184 "http://www.mink-gmbh.de/style.css" "Mozilla/5.0 (Windows NT 6.1; rv:13.0) Gecko/20100101 Firefox/13.0.1"
88.74.2.142 - - [07/Jul/2012:17:27:06 +0200] "GET /js_contentserver24_greybox/loader_frame.html?s=0 HTTP/1.1" 200 2084 "http://www.mink-gmbh.de/" "Mozilla/5.0 (Windows NT 6.1; rv:13.0) Gecko/20100101 Firefox/13.0.1"
88.74.2.142 - - [07/Jul/2012:17:27:06 +0200] "GET /js_contentserver24_greybox/header_bg.gif HTTP/1.1" 200 1188 "http://www.mink-gmbh.de/" "Mozilla/5.0 (Windows NT 6.1; rv:13.0) Gecko/20100101 Firefox/13.0.1"
88.74.2.142 - - [07/Jul/2012:17:27:07 +0200] "GET /js_contentserver24_greybox/indicator.gif HTTP/1.1" 200 8238 "http://www.mink-gmbh.de/js_contentserver24_greybox/loader_frame.html?s=0" "Mozilla/5.0 (Windows NT 6.1; rv:13.0) Gecko/20100101 Firefox/13.0.1"
88.74.2.142 - - [07/Jul/2012:17:27:07 +0200] "GET /js_contentserver24_greybox/g_close.gif HTTP/1.1" 200 541 "http://www.mink-gmbh.de/" "Mozilla/5.0 (Windows NT 6.1; rv:13.0) Gecko/20100101 Firefox/13.0.1"
88.74.2.142 - - [07/Jul/2012:17:27:23 +0200] "GET /kontakt.php HTTP/1.1" 200 9040 "http://www.mink-gmbh.de/" "Mozilla/5.0 (Windows NT 6.1; rv:13.0) Gecko/20100101 Firefox/13.0.1"
88.74.2.142 - - [07/Jul/2012:17:27:26 +0200] "GET /impressum.php HTTP/1.1" 200 8857 "http://www.mink-gmbh.de/kontakt.php" "Mozilla/5.0 (Windows NT 6.1; rv:13.0) Gecko/20100101 Firefox/13.0.1"
85.178.212.33 - - [07/Jul/2012:17:28:47 +0200] "GET / HTTP/1.1" 200 15379 "-" "Mozilla/5.0 (Windows NT 5.1; rv:13.0) Gecko/20100101 Firefox/13.0.1"
85.178.212.33 - - [07/Jul/2012:17:28:49 +0200] "GET /js_contentserver24_greybox/loader_frame.html?s=0 HTTP/1.1" 304 - "http://www.mink-gmbh.de/" "Mozilla/5.0 (Windows NT 5.1; rv:13.0) Gecko/20100101 Firefox/13.0.1"
46.147.173.207 - - [07/Jul/2012:17:31:35 +0200] "GET /news.php?cs_go=archiv&cs_id=3183&cs_search= HTTP/1.1" 200 11364 "-" "Mozilla/5.0 (compatible; 008/0.83; http://www.80legs.com/webcrawler.html) Gecko/2008032620"
176.52.18.47 - - [07/Jul/2012:17:31:38 +0200] "GET /lexikon.php?cs_go=2&cs_char=g HTTP/1.1" 200 9057 "-" "Mozilla/5.0 (compatible; 008/0.83; http://www.80legs.com/webcrawler.html) Gecko/2008032620"
77.122.42.89 - - [07/Jul/2012:17:31:59 +0200] "GET /lexikon.php?cs_go=2&cs_char=g HTTP/1.1" 200 9057 "-" "Mozilla/5.0 (compatible; 008/0.83; http://www.80legs.com/webcrawler.html) Gecko/2008032620"
89.68.131.224 - - [07/Jul/2012:17:33:07 +0200] "GET /lexikon.php?cs_go=2&cs_char=g HTTP/1.1" 200 9057 "-" "Mozilla/5.0 (compatible; 008/0.83; http://www.80legs.com/webcrawler.html) Gecko/2008032620"
89.68.131.224 - - [07/Jul/2012:17:33:08 +0200] "GET /news.php?cs_go=archiv&cs_id=3183&cs_search= HTTP/1.1" 200 11364 "-" "Mozilla/5.0 (compatible; 008/0.83; http://www.80legs.com/webcrawler.html) Gecko/2008032620"
46.147.173.207 - - [07/Jul/2012:17:33:13 +0200] "GET /lexikon.php?cs_go=2&cs_char=g HTTP/1.1" 200 9057 "-" "Mozilla/5.0 (compatible; 008/0.83; http://www.80legs.com/webcrawler.html) Gecko/2008032620"
46.147.173.207 - - [07/Jul/2012:17:33:16 +0200] "GET /news.php?cs_go=archiv&cs_id=3183&cs_search= HTTP/1.1" 200 11364 "-" "Mozilla/5.0 (compatible; 008/0.83; http://www.80legs.com/webcrawler.html) Gecko/2008032620"
64.125.222.50 - - [07/Jul/2012:17:36:00 +0200] "GET /robots.txt HTTP/1.1" 200 177 "-" "Mozilla/5.0 (compatible; 008/0.83; http://www.80legs.com/webcrawler.html;) Gecko/2008032620"
188.239.1.59 - - [07/Jul/2012:17:36:32 +0200] "GET /lexikon.php?cs_go=2&cs_char=g HTTP/1.1" 200 9057 "-" "Mozilla/5.0 (compatible; 008/0.83; http://www.80legs.com/webcrawler.html) Gecko/2008032620"
188.239.1.59 - - [07/Jul/2012:17:36:33 +0200] "GET /news.php?cs_go=archiv&cs_id=3183&cs_search= HTTP/1.1" 200 11364 "-" "Mozilla/5.0 (compatible; 008/0.83; http://www.80legs.com/webcrawler.html) Gecko/2008032620"
2.61.98.117 - - [07/Jul/2012:17:39:28 +0200] "GET /news.php?cs_go=archiv&cs_id=3215&cs_search= HTTP/1.1" 200 11045 "-" "Mozilla/5.0 (compatible; 008/0.83; http://www.80legs.com/webcrawler.html) Gecko/2008032620"
95.59.152.197 - - [07/Jul/2012:17:39:32 +0200] "GET /news.php?cs_go=archiv&cs_id=3215&cs_search= HTTP/1.1" 200 11045 "-" "Mozilla/5.0 (compatible; 008/0.83; http://www.80legs.com/webcrawler.html) Gecko/2008032620"
95.59.152.197 - - [07/Jul/2012:17:40:24 +0200] "GET /news.php?cs_go=archiv&cs_id=3206&cs_search= HTTP/1.1" 200 12880 "-" "Mozilla/5.0 (compatible; 008/0.83; http://www.80legs.com/webcrawler.html) Gecko/2008032620"
90.189.44.82 - - [07/Jul/2012:17:40:54 +0200] "GET /news.php?cs_go=archiv&cs_startpos=1451 HTTP/1.1" 200 22547 "-" "Mozilla/5.0 (compatible; 008/0.83; http://www.80legs.com/webcrawler.html) Gecko/2008032620"
212.28.94.61 - - [07/Jul/2012:17:40:58 +0200] "GET /news.php?cs_go=archiv&cs_startpos=1451 HTTP/1.1" 200 22547 "-" "Mozilla/5.0 (compatible; 008/0.83; http://www.80legs.com/webcrawler.html) Gecko/2008032620"
95.37.190.177 - - [07/Jul/2012:17:41:18 +0200] "GET /news.php?cs_go=archiv&cs_startpos=1451 HTTP/1.1" 200 22547 "-" "Mozilla/5.0 (compatible; 008/0.83; http://www.80legs.com/webcrawler.html) Gecko/2008032620"
87.117.38.37 - - [07/Jul/2012:17:41:19 +0200] "GET /news.php?cs_go=archiv&cs_startpos=1451 HTTP/1.1" 200 22547 "-" "Mozilla/5.0 (compatible; 008/0.83; http://www.80legs.com/webcrawler.html) Gecko/2008032620"
195.68.202.157 - - [07/Jul/2012:17:44:19 +0200] "GET /news.php?cs_go=archiv&cs_id=3146&cs_search= HTTP/1.1" 200 14102 "-" "Mozilla/5.0 (compatible; 008/0.83; http://www.80legs.com/webcrawler.html) Gecko/2008032620"
195.68.202.157 - - [07/Jul/2012:17:44:26 +0200] "GET /news.php?cs_go=archiv&cs_id=3149&cs_search= HTTP/1.1" 200 9778 "-" "Mozilla/5.0 (compatible; 008/0.83; http://www.80legs.com/webcrawler.html) Gecko/2008032620"
195.68.202.157 - - [07/Jul/2012:17:44:29 +0200] "GET /news.php?cs_go=archiv&cs_id=3215&cs_search= HTTP/1.1" 200 11045 "-" "Mozilla/5.0 (compatible; 008/0.83; http://www.80legs.com/webcrawler.html) Gecko/2008032620"
77.20.4.67 - - [07/Jul/2012:17:50:53 +0200] "GET /rueckrufservice.php HTTP/1.1" 200 10702 "-" "findlinks/2.0.2 (+http://wortschatz.uni-leipzig.de/findlinks/)"
77.20.4.67 - - [07/Jul/2012:17:50:54 +0200] "GET /rueckrufservice.php HTTP/1.1" 200 10615 "-" "findlinks/2.0.2 (+http://wortschatz.uni-leipzig.de/findlinks/)"
208.115.113.91 - - [07/Jul/2012:18:02:34 +0200] "GET /robots.txt HTTP/1.1" 200 177 "-" "Mozilla/5.0 (compatible; Ezooms/1.0; ezooms.bot@gmail.com)"
208.115.111.75 - - [07/Jul/2012:18:05:14 +0200] "GET /robots.txt HTTP/1.1" 200 177 "-" "Mozilla/5.0 (compatible; Ezooms/1.0; ezooms.bot@gmail.com)"
190.234.244.205 - - [07/Jul/2012:18:29:36 +0200] "GET /lexikon.php?cs_go=3&cs_id=218 HTTP/1.1" 200 7949 "-" "Mozilla/5.0 (compatible; 008/0.83; http://www.80legs.com/webcrawler.html) Gecko/2008032620"
95.140.92.70 - - [07/Jul/2012:18:31:16 +0200] "GET /lexikon.php?cs_go=3&cs_id=152 HTTP/1.1" 200 8549 "-" "Mozilla/5.0 (compatible; 008/0.83; http://www.80legs.com/webcrawler.html) Gecko/2008032620"
95.140.92.70 - - [07/Jul/2012:18:31:17 +0200] "GET /lexikon.php?cs_go=3&cs_id=186 HTTP/1.1" 200 8170 "-" "Mozilla/5.0 (compatible; 008/0.83; http://www.80legs.com/webcrawler.html) Gecko/2008032620"
95.140.92.70 - - [07/Jul/2012:18:31:18 +0200] "GET /news.php?cs_go=archiv&cs_id=3157&cs_search= HTTP/1.1" 200 9842 "-" "Mozilla/5.0 (compatible; 008/0.83; http://www.80legs.com/webcrawler.html) Gecko/2008032620"
93.127.124.76 - - [07/Jul/2012:18:32:48 +0200] "GET /lexikon.php?cs_go=3&cs_id=218 HTTP/1.1" 200 7949 "-" "Mozilla/5.0 (compatible; 008/0.83; http://www.80legs.com/webcrawler.html) Gecko/2008032620"
81.25.58.1 - - [07/Jul/2012:18:32:59 +0200] "GET /lexikon.php?cs_go=3&cs_id=230 HTTP/1.1" 200 8499 "-" "Mozilla/5.0 (compatible; 008/0.83; http://www.80legs.com/webcrawler.html) Gecko/2008032620"
81.25.58.1 - - [07/Jul/2012:18:33:02 +0200] "GET /news.php?cs_go=archiv&cs_id=1664&cs_search= HTTP/1.1" 200 14317 "-" "Mozilla/5.0 (compatible; 008/0.83; http://www.80legs.com/webcrawler.html) Gecko/2008032620"
46.72.150.49 - - [07/Jul/2012:18:33:03 +0200] "GET /lexikon.php?cs_go=3&cs_id=230 HTTP/1.1" 200 8499 "-" "Mozilla/5.0 (compatible; 008/0.83; http://www.80legs.com/webcrawler.html) Gecko/2008032620"
81.25.58.1 - - [07/Jul/2012:18:33:03 +0200] "GET /news.php?cs_go=archiv&cs_startpos=130 HTTP/1.1" 200 22995 "-" "Mozilla/5.0 (compatible; 008/0.83; http://www.80legs.com/webcrawler.html) Gecko/2008032620"
46.72.150.49 - - [07/Jul/2012:18:33:05 +0200] "GET /news.php?cs_go=archiv&cs_id=1664&cs_search= HTTP/1.1" 200 14317 "-" "Mozilla/5.0 (compatible; 008/0.83; http://www.80legs.com/webcrawler.html) Gecko/2008032620"
46.72.150.49 - - [07/Jul/2012:18:33:06 +0200] "GET /news.php?cs_go=archiv&cs_startpos=130 HTTP/1.1" 200 22995 "-" "Mozilla/5.0 (compatible; 008/0.83; http://www.80legs.com/webcrawler.html) Gecko/2008032620"
81.25.58.1 - - [07/Jul/2012:18:33:18 +0200] "GET /lexikon.php?cs_go=3&cs_id=224 HTTP/1.1" 200 8207 "-" "Mozilla/5.0 (compatible; 008/0.83; http://www.80legs.com/webcrawler.html) Gecko/2008032620"
81.25.58.1 - - [07/Jul/2012:18:33:20 +0200] "GET /lexikon.php?cs_go=3&cs_id=54 HTTP/1.1" 200 7937 "-" "Mozilla/5.0 (compatible; 008/0.83; http://www.80legs.com/webcrawler.html) Gecko/2008032620"
46.72.150.49 - - [07/Jul/2012:18:33:21 +0200] "GET /lexikon.php?cs_go=3&cs_id=224 HTTP/1.1" 200 8207 "-" "Mozilla/5.0 (compatible; 008/0.83; http://www.80legs.com/webcrawler.html) Gecko/2008032620"
46.72.150.49 - - [07/Jul/2012:18:33:24 +0200] "GET /lexikon.php?cs_go=3&cs_id=54 HTTP/1.1" 200 7937 "-" "Mozilla/5.0 (compatible; 008/0.83; http://www.80legs.com/webcrawler.html) Gecko/2008032620"
95.221.90.199 - - [07/Jul/2012:18:33:25 +0200] "GET /lexikon.php?cs_go=3&cs_id=224 HTTP/1.1" 200 8207 "-" "Mozilla/5.0 (compatible; 008/0.83; http://www.80legs.com/webcrawler.html) Gecko/2008032620"
95.221.90.199 - - [07/Jul/2012:18:33:27 +0200] "GET /lexikon.php?cs_go=3&cs_id=54 HTTP/1.1" 200 7937 "-" "Mozilla/5.0 (compatible; 008/0.83; http://www.80legs.com/webcrawler.html) Gecko/2008032620"
92.46.86.57 - - [07/Jul/2012:18:33:38 +0200] "GET /lexikon.php?cs_go=3&cs_id=128 HTTP/1.1" 200 8424 "-" "Mozilla/5.0 (compatible; 008/0.83; http://www.80legs.com/webcrawler.html) Gecko/2008032620"
79.183.150.62 - - [07/Jul/2012:18:33:42 +0200] "GET /lexikon.php?cs_go=3&cs_id=128 HTTP/1.1" 200 8424 "-" "Mozilla/5.0 (compatible; 008/0.83; http://www.80legs.com/webcrawler.html) Gecko/2008032620"
94.231.178.34 - - [07/Jul/2012:18:33:42 +0200] "GET /lexikon.php?cs_go=3&cs_id=128 HTTP/1.1" 200 8424 "-" "Mozilla/5.0 (compatible; 008/0.83; http://www.80legs.com/webcrawler.html) Gecko/2008032620"
92.46.86.57 - - [07/Jul/2012:18:33:42 +0200] "GET /lexikon.php?cs_go=3&cs_id=167 HTTP/1.1" 200 7937 "-" "Mozilla/5.0 (compatible; 008/0.83; http://www.80legs.com/webcrawler.html) Gecko/2008032620"
79.183.150.62 - - [07/Jul/2012:18:33:46 +0200] "GET /lexikon.php?cs_go=3&cs_id=167 HTTP/1.1" 200 7937 "-" "Mozilla/5.0 (compatible; 008/0.83; http://www.80legs.com/webcrawler.html) Gecko/2008032620"
95.221.90.199 - - [07/Jul/2012:18:33:49 +0200] "GET /lexikon.php?cs_go=3&cs_id=128 HTTP/1.1" 200 8424 "-" "Mozilla/5.0 (compatible; 008/0.83; http://www.80legs.com/webcrawler.html) Gecko/2008032620"
95.221.90.199 - - [07/Jul/2012:18:33:51 +0200] "GET /lexikon.php?cs_go=3&cs_id=167 HTTP/1.1" 200 7937 "-" "Mozilla/5.0 (compatible; 008/0.83; http://www.80legs.com/webcrawler.html) Gecko/2008032620"
94.231.178.34 - - [07/Jul/2012:18:33:55 +0200] "GET /lexikon.php?cs_go=3&cs_id=167 HTTP/1.1" 200 7937 "-" "Mozilla/5.0 (compatible; 008/0.83; http://www.80legs.com/webcrawler.html) Gecko/2008032620"
81.25.58.1 - - [07/Jul/2012:18:33:58 +0200] "GET /lexikon.php?cs_go=3&cs_id=176 HTTP/1.1" 200 8225 "-" "Mozilla/5.0 (compatible; 008/0.83; http://www.80legs.com/webcrawler.html) Gecko/2008032620"
81.25.58.1 - - [07/Jul/2012:18:34:00 +0200] "GET /lexikon.php?cs_go=3&cs_id=182 HTTP/1.1" 200 8341 "-" "Mozilla/5.0 (compatible; 008/0.83; http://www.80legs.com/webcrawler.html) Gecko/2008032620"
81.25.58.1 - - [07/Jul/2012:18:34:01 +0200] "GET /lexikon.php?cs_go=3&cs_id=64 HTTP/1.1" 200 8660 "-" "Mozilla/5.0 (compatible; 008/0.83; http://www.80legs.com/webcrawler.html) Gecko/2008032620"
41.188.20.39 - - [07/Jul/2012:18:34:03 +0200] "GET /lexikon.php?cs_go=3&cs_id=176 HTTP/1.1" 200 8225 "-" "Mozilla/5.0 (compatible; 008/0.83; http://www.80legs.com/webcrawler.html) Gecko/2008032620"
46.72.150.49 - - [07/Jul/2012:18:34:06 +0200] "GET /lexikon.php?cs_go=3&cs_id=176 HTTP/1.1" 200 8225 "-" "Mozilla/5.0 (compatible; 008/0.83; http://www.80legs.com/webcrawler.html) Gecko/2008032620"
46.72.150.49 - - [07/Jul/2012:18:34:07 +0200] "GET /lexikon.php?cs_go=3&cs_id=182 HTTP/1.1" 200 8341 "-" "Mozilla/5.0 (compatible; 008/0.83; http://www.80legs.com/webcrawler.html) Gecko/2008032620"
46.72.150.49 - - [07/Jul/2012:18:34:09 +0200] "GET /lexikon.php?cs_go=3&cs_id=64 HTTP/1.1" 200 8660 "-" "Mozilla/5.0 (compatible; 008/0.83; http://www.80legs.com/webcrawler.html) Gecko/2008032620"
81.25.58.1 - - [07/Jul/2012:18:34:10 +0200] "GET /lexikon.php?cs_go=3&cs_id=176 HTTP/1.1" 200 8225 "-" "Mozilla/5.0 (compatible; 008/0.83; http://www.80legs.com/webcrawler.html) Gecko/2008032620"
81.25.58.1 - - [07/Jul/2012:18:34:11 +0200] "GET /lexikon.php?cs_go=3&cs_id=182 HTTP/1.1" 200 8341 "-" "Mozilla/5.0 (compatible; 008/0.83; http://www.80legs.com/webcrawler.html) Gecko/2008032620"
81.25.58.1 - - [07/Jul/2012:18:34:12 +0200] "GET /lexikon.php?cs_go=3&cs_id=64 HTTP/1.1" 200 8660 "-" "Mozilla/5.0 (compatible; 008/0.83; http://www.80legs.com/webcrawler.html) Gecko/2008032620"
41.188.20.39 - - [07/Jul/2012:18:34:14 +0200] "GET /lexikon.php?cs_go=3&cs_id=182 HTTP/1.1" 200 8341 "-" "Mozilla/5.0 (compatible; 008/0.83; http://www.80legs.com/webcrawler.html) Gecko/2008032620"
41.188.20.39 - - [07/Jul/2012:18:34:18 +0200] "GET /lexikon.php?cs_go=3&cs_id=64 HTTP/1.1" 200 8660 "-" "Mozilla/5.0 (compatible; 008/0.83; http://www.80legs.com/webcrawler.html) Gecko/2008032620"
188.17.14.82 - - [07/Jul/2012:18:34:18 +0200] "GET /lexikon.php?cs_go=3&cs_id=186 HTTP/1.1" 200 8170 "-" "Mozilla/5.0 (compatible; 008/0.83; http://www.80legs.com/webcrawler.html) Gecko/2008032620"
188.17.14.82 - - [07/Jul/2012:18:34:21 +0200] "GET /news.php?cs_go=archiv&cs_id=3157&cs_search= HTTP/1.1" 200 9842 "-" "Mozilla/5.0 (compatible; 008/0.83; http://www.80legs.com/webcrawler.html) Gecko/2008032620"
89.209.100.125 - - [07/Jul/2012:18:34:23 +0200] "GET /lexikon.php?cs_go=3&cs_id=186 HTTP/1.1" 200 8170 "-" "Mozilla/5.0 (compatible; 008/0.83; http://www.80legs.com/webcrawler.html) Gecko/2008032620"
89.209.100.125 - - [07/Jul/2012:18:34:25 +0200] "GET /news.php?cs_go=archiv&cs_id=3157&cs_search= HTTP/1.1" 200 9842 "-" "Mozilla/5.0 (compatible; 008/0.83; http://www.80legs.com/webcrawler.html) Gecko/2008032620"
95.221.90.199 - - [07/Jul/2012:18:34:26 +0200] "GET /lexikon.php?cs_go=3&cs_id=186 HTTP/1.1" 200 8170 "-" "Mozilla/5.0 (compatible; 008/0.83; http://www.80legs.com/webcrawler.html) Gecko/2008032620"
95.221.90.199 - - [07/Jul/2012:18:34:28 +0200] "GET /news.php?cs_go=archiv&cs_id=3157&cs_search= HTTP/1.1" 200 9842 "-" "Mozilla/5.0 (compatible; 008/0.83; http://www.80legs.com/webcrawler.html) Gecko/2008032620"
180.94.85.2 - - [07/Jul/2012:18:35:46 +0200] "GET /lexikon.php?cs_go=3&cs_id=190 HTTP/1.1" 200 8408 "-" "Mozilla/5.0 (compatible; 008/0.83; http://www.80legs.com/webcrawler.html) Gecko/2008032620"
94.228.203.166 - - [07/Jul/2012:18:37:52 +0200] "GET /lexikon.php?cs_go=3&cs_id=152 HTTP/1.1" 200 8549 "-" "Mozilla/5.0 (compatible; 008/0.83; http://www.80legs.com/webcrawler.html) Gecko/2008032620"
94.228.203.166 - - [07/Jul/2012:18:37:53 +0200] "GET /lexikon.php?cs_go=3&cs_id=190 HTTP/1.1" 200 8408 "-" "Mozilla/5.0 (compatible; 008/0.83; http://www.80legs.com/webcrawler.html) Gecko/2008032620"
94.228.203.166 - - [07/Jul/2012:18:37:54 +0200] "GET /lexikon.php?cs_go=3&cs_id=54 HTTP/1.1" 200 7937 "-" "Mozilla/5.0 (compatible; 008/0.83; http://www.80legs.com/webcrawler.html) Gecko/2008032620"
94.228.203.166 - - [07/Jul/2012:18:37:55 +0200] "GET /lexikon.php?cs_go=3&cs_id=224 HTTP/1.1" 200 8207 "-" "Mozilla/5.0 (compatible; 008/0.83; http://www.80legs.com/webcrawler.html) Gecko/2008032620"
41.188.20.39 - - [07/Jul/2012:18:38:08 +0200] "GET /lexikon.php?cs_go=3&cs_id=152 HTTP/1.1" 200 8549 "-" "Mozilla/5.0 (compatible; 008/0.83; http://www.80legs.com/webcrawler.html) Gecko/2008032620"
41.188.20.39 - - [07/Jul/2012:18:38:16 +0200] "GET /lexikon.php?cs_go=3&cs_id=190 HTTP/1.1" 200 8408 "-" "Mozilla/5.0 (compatible; 008/0.83; http://www.80legs.com/webcrawler.html) Gecko/2008032620"
41.188.20.39 - - [07/Jul/2012:18:38:17 +0200] "GET /lexikon.php?cs_go=3&cs_id=224 HTTP/1.1" 200 8207 "-" "Mozilla/5.0 (compatible; 008/0.83; http://www.80legs.com/webcrawler.html) Gecko/2008032620"
41.188.20.39 - - [07/Jul/2012:18:38:19 +0200] "GET /lexikon.php?cs_go=3&cs_id=54 HTTP/1.1" 200 7937 "-" "Mozilla/5.0 (compatible; 008/0.83; http://www.80legs.com/webcrawler.html) Gecko/2008032620"
194.50.9.115 - - [07/Jul/2012:18:38:22 +0200] "GET /lexikon.php?cs_go=3&cs_id=128 HTTP/1.1" 200 8424 "-" "Mozilla/5.0 (compatible; 008/0.83; http://www.80legs.com/webcrawler.html) Gecko/2008032620"
194.50.9.115 - - [07/Jul/2012:18:38:23 +0200] "GET /lexikon.php?cs_go=3&cs_id=167 HTTP/1.1" 200 7937 "-" "Mozilla/5.0 (compatible; 008/0.83; http://www.80legs.com/webcrawler.html) Gecko/2008032620"
194.50.9.115 - - [07/Jul/2012:18:38:25 +0200] "GET /lexikon.php?cs_go=3&cs_id=227 HTTP/1.1" 200 8618 "-" "Mozilla/5.0 (compatible; 008/0.83; http://www.80legs.com/webcrawler.html) Gecko/2008032620"
194.50.9.115 - - [07/Jul/2012:18:38:26 +0200] "GET /lexikon.php?cs_go=3&cs_id=86 HTTP/1.1" 200 8184 "-" "Mozilla/5.0 (compatible; 008/0.83; http://www.80legs.com/webcrawler.html) Gecko/2008032620"
94.228.203.166 - - [07/Jul/2012:18:38:30 +0200] "GET /lexikon.php?cs_go=3&cs_id=128 HTTP/1.1" 200 8424 "-" "Mozilla/5.0 (compatible; 008/0.83; http://www.80legs.com/webcrawler.html) Gecko/2008032620"
94.228.203.166 - - [07/Jul/2012:18:38:32 +0200] "GET /lexikon.php?cs_go=3&cs_id=167 HTTP/1.1" 200 7937 "-" "Mozilla/5.0 (compatible; 008/0.83; http://www.80legs.com/webcrawler.html) Gecko/2008032620"
94.228.203.166 - - [07/Jul/2012:18:38:33 +0200] "GET /lexikon.php?cs_go=3&cs_id=227 HTTP/1.1" 200 8618 "-" "Mozilla/5.0 (compatible; 008/0.83; http://www.80legs.com/webcrawler.html) Gecko/2008032620"
94.228.203.166 - - [07/Jul/2012:18:38:34 +0200] "GET /lexikon.php?cs_go=3&cs_id=86 HTTP/1.1" 200 8184 "-" "Mozilla/5.0 (compatible; 008/0.83; http://www.80legs.com/webcrawler.html) Gecko/2008032620"
194.50.9.115 - - [07/Jul/2012:18:40:59 +0200] "GET /lexikon.php?cs_go=3&cs_id=128 HTTP/1.1" 200 8424 "-" "Mozilla/5.0 (compatible; 008/0.83; http://www.80legs.com/webcrawler.html) Gecko/2008032620"
194.50.9.115 - - [07/Jul/2012:18:41:01 +0200] "GET /lexikon.php?cs_go=3&cs_id=167 HTTP/1.1" 200 7937 "-" "Mozilla/5.0 (compatible; 008/0.83; http://www.80legs.com/webcrawler.html) Gecko/2008032620"
194.50.9.115 - - [07/Jul/2012:18:41:03 +0200] "GET /lexikon.php?cs_go=3&cs_id=227 HTTP/1.1" 200 8618 "-" "Mozilla/5.0 (compatible; 008/0.83; http://www.80legs.com/webcrawler.html) Gecko/2008032620"
194.50.9.115 - - [07/Jul/2012:18:41:04 +0200] "GET /lexikon.php?cs_go=3&cs_id=86 HTTP/1.1" 200 8184 "-" "Mozilla/5.0 (compatible; 008/0.83; http://www.80legs.com/webcrawler.html) Gecko/2008032620"
62.215.116.185 - - [07/Jul/2012:18:41:08 +0200] "GET /lexikon.php?cs_go=3&cs_id=152 HTTP/1.1" 200 8549 "-" "Mozilla/5.0 (compatible; 008/0.83; http://www.80legs.com/webcrawler.html) Gecko/2008032620"
62.215.116.185 - - [07/Jul/2012:18:41:10 +0200] "GET /lexikon.php?cs_go=3&cs_id=190 HTTP/1.1" 200 8408 "-" "Mozilla/5.0 (compatible; 008/0.83; http://www.80legs.com/webcrawler.html) Gecko/2008032620"
50.57.190.90 - - [07/Jul/2012:18:41:10 +0200] "GET /lexikon.php HTTP/1.0" 200 10427 "-" "Mozilla/5.0 (Windows; U; Windows NT 5.1; en-US; rv:1.9) Gecko/2008052906 Firefox/3.0"
62.215.116.185 - - [07/Jul/2012:18:41:11 +0200] "GET /lexikon.php?cs_go=3&cs_id=224 HTTP/1.1" 200 8207 "-" "Mozilla/5.0 (compatible; 008/0.83; http://www.80legs.com/webcrawler.html) Gecko/2008032620"
62.215.116.185 - - [07/Jul/2012:18:41:12 +0200] "GET /lexikon.php?cs_go=3&cs_id=54 HTTP/1.1" 200 7937 "-" "Mozilla/5.0 (compatible; 008/0.83; http://www.80legs.com/webcrawler.html) Gecko/2008032620"
89.169.29.184 - - [07/Jul/2012:18:41:20 +0200] "GET /lexikon.php?cs_go=3&cs_id=152 HTTP/1.1" 200 8549 "-" "Mozilla/5.0 (compatible; 008/0.83; http://www.80legs.com/webcrawler.html) Gecko/2008032620"
89.169.29.184 - - [07/Jul/2012:18:41:21 +0200] "GET /lexikon.php?cs_go=3&cs_id=190 HTTP/1.1" 200 8408 "-" "Mozilla/5.0 (compatible; 008/0.83; http://www.80legs.com/webcrawler.html) Gecko/2008032620"
89.169.29.184 - - [07/Jul/2012:18:41:22 +0200] "GET /lexikon.php?cs_go=3&cs_id=224 HTTP/1.1" 200 8207 "-" "Mozilla/5.0 (compatible; 008/0.83; http://www.80legs.com/webcrawler.html) Gecko/2008032620"
89.169.29.184 - - [07/Jul/2012:18:41:23 +0200] "GET /lexikon.php?cs_go=3&cs_id=54 HTTP/1.1" 200 7937 "-" "Mozilla/5.0 (compatible; 008/0.83; http://www.80legs.com/webcrawler.html) Gecko/2008032620"
89.169.29.184 - - [07/Jul/2012:18:41:32 +0200] "GET /news.php?cs_go=archiv&cs_id=1653&cs_search= HTTP/1.1" 200 11339 "-" "Mozilla/5.0 (compatible; 008/0.83; http://www.80legs.com/webcrawler.html) Gecko/2008032620"
37.52.57.221 - - [07/Jul/2012:18:41:37 +0200] "GET /news.php?cs_go=archiv&cs_id=1653&cs_search= HTTP/1.1" 200 11339 "-" "Mozilla/5.0 (compatible; 008/0.83; http://www.80legs.com/webcrawler.html) Gecko/2008032620"
66.249.66.137 - - [07/Jul/2012:18:44:42 +0200] "GET /news.php?cs_go=archiv&cs_id=3233 HTTP/1.1" 200 9945 "-" "Mozilla/5.0 (compatible; Googlebot/2.1; +http://www.google.com/bot.html)"
72.30.132.44 - - [07/Jul/2012:19:13:14 +0200] "GET /Heizoel-Berlin.htm HTTP/1.1" 404 - "-" "Mozilla/5.0 (compatible; Yahoo! Slurp/3.0; http://help.yahoo.com/help/us/ysearch/slurp)"
65.36.241.79 - - [07/Jul/2012:19:19:13 +0200] "HEAD / HTTP/1.1" 200 - "-" "InternetSeer.com"
207.46.13.157 - - [07/Jul/2012:20:53:00 +0200] "GET /robots.txt HTTP/1.1" 200 177 "-" "Mozilla/5.0 (compatible; bingbot/2.0; +http://www.bing.com/bingbot.htm)"
207.46.13.157 - - [07/Jul/2012:20:53:46 +0200] "GET / HTTP/1.1" 200 15379 "-" "Mozilla/5.0 (compatible; bingbot/2.0; +http://www.bing.com/bingbot.htm)"
66.249.71.70 - - [07/Jul/2012:21:39:29 +0200] "GET /robots.txt HTTP/1.1" 200 177 "-" "Mozilla/5.0 (compatible; Googlebot/2.1; +http://www.google.com/bot.html)"
66.249.71.70 - - [07/Jul/2012:21:39:29 +0200] "GET /news.php?cs_go=archiv&cs_id=3234 HTTP/1.1" 200 12314 "-" "Mozilla/5.0 (compatible; Googlebot/2.1; +http://www.google.com/bot.html)"
208.115.111.75 - - [07/Jul/2012:21:48:48 +0200] "GET /robots.txt HTTP/1.1" 200 177 "-" "Mozilla/5.0 (compatible; Ezooms/1.0; ezooms.bot@gmail.com)"
66.249.71.70 - - [07/Jul/2012:21:51:57 +0200] "GET /lexikon.php?cs_go=3&cs_id=227 HTTP/1.1" 200 8618 "-" "Mozilla/5.0 (compatible; Googlebot/2.1; +http://www.google.com/bot.html)"
66.249.66.137 - - [07/Jul/2012:22:36:42 +0200] "GET /news.php?cs_go=archiv HTTP/1.1" 200 22312 "-" "Mozilla/5.0 (compatible; Googlebot/2.1; +http://www.google.com/bot.html)"
193.47.80.36 - - [07/Jul/2012:22:59:00 +0200] "GET /robots.txt HTTP/1.1" 200 177 "-" "Mozilla/5.0 (compatible; Exabot/3.0; +http://www.exabot.com/go/robot)"
193.47.80.36 - - [07/Jul/2012:22:59:01 +0200] "GET / HTTP/1.1" 200 15379 "-" "Mozilla/5.0 (compatible; Exabot/3.0; +http://www.exabot.com/go/robot)"
178.154.179.250 - - [07/Jul/2012:23:02:42 +0200] "GET /index.php HTTP/1.1" 200 15379 "-" "Mozilla/5.0 (compatible; YandexBot/3.0; +http://yandex.com/bots)"
66.249.66.137 - - [07/Jul/2012:23:05:17 +0200] "GET /lexikon.php?cs_go=2&cs_char=s HTTP/1.1" 200 9999 "-" "Mozilla/5.0 (compatible; Googlebot/2.1; +http://www.google.com/bot.html)"
66.249.71.70 - - [07/Jul/2012:23:08:27 +0200] "GET /lexikon.php?cs_go=3&cs_id=229 HTTP/1.1" 200 7931 "-" "Mozilla/5.0 (compatible; Googlebot/2.1; +http://www.google.com/bot.html)"
66.249.66.137 - - [07/Jul/2012:23:12:24 +0200] "GET /lexikon.php?cs_go=3&cs_id=121 HTTP/1.1" 200 8304 "-" "Mozilla/5.0 (compatible; Googlebot/2.1; +http://www.google.com/bot.html)"
65.52.110.199 - - [07/Jul/2012:23:18:13 +0200] "GET /robots.txt HTTP/1.1" 200 177 "-" "Mozilla/5.0 (compatible; bingbot/2.0; +http://www.bing.com/bingbot.htm)"
66.249.66.137 - - [07/Jul/2012:23:19:34 +0200] "GET /lexikon.php?cs_go=3&cs_id=98 HTTP/1.1" 200 8366 "-" "Mozilla/5.0 (compatible; Googlebot/2.1; +http://www.google.com/bot.html)"
65.52.110.199 - - [07/Jul/2012:23:22:12 +0200] "GET / HTTP/1.1" 200 15379 "-" "Mozilla/5.0 (compatible; bingbot/2.0; +http://www.bing.com/bingbot.htm)"
66.249.71.70 - - [07/Jul/2012:23:23:09 +0200] "GET /lexikon.php?cs_go=3&cs_id=138 HTTP/1.1" 200 8841 "-" "Mozilla/5.0 (compatible; Googlebot/2.1; +http://www.google.com/bot.html)"
66.249.71.70 - - [07/Jul/2012:23:26:43 +0200] "GET /lexikon.php?cs_go=3&cs_id=204 HTTP/1.1" 200 7939 "-" "Mozilla/5.0 (compatible; Googlebot/2.1; +http://www.google.com/bot.html)"
123.125.71.14 - - [07/Jul/2012:23:30:33 +0200] "GET / HTTP/1.1" 200 15379 "-" "Mozilla/5.0 (compatible; Baiduspider/2.0; +http://www.baidu.com/search/spider.html)"
220.181.108.83 - - [07/Jul/2012:23:30:59 +0200] "GET / HTTP/1.1" 200 6439 "-" "Mozilla/5.0 (compatible; Baiduspider/2.0; +http://www.baidu.com/search/spider.html)"
66.249.66.137 - - [07/Jul/2012:23:33:52 +0200] "GET /lexikon.php?cs_go=3&cs_id=226 HTTP/1.1" 200 8706 "-" "Mozilla/5.0 (compatible; Googlebot/2.1; +http://www.google.com/bot.html)"
66.249.71.70 - - [07/Jul/2012:23:37:26 +0200] "GET /lexikon.php?cs_go=3&cs_id=231 HTTP/1.1" 200 8310 "-" "Mozilla/5.0 (compatible; Googlebot/2.1; +http://www.google.com/bot.html)"
208.115.111.75 - - [07/Jul/2012:23:52:57 +0200] "GET /robots.txt HTTP/1.1" 200 177 "-" "Mozilla/5.0 (compatible; Ezooms/1.0; ezooms.bot@gmail.com)"
66.249.71.70 - - [07/Jul/2012:23:58:52 +0200] "GET /lexikon.php?cs_go=3&cs_id=136 HTTP/1.1" 200 7923 "-" "Mozilla/5.0 (compatible; Googlebot/2.1; +http://www.google.com/bot.html)"
65.36.241.79 - - [08/Jul/2012:00:07:55 +0200] "HEAD / HTTP/1.1" 200 - "-" "InternetSeer.com"
213.186.119.144 - - [08/Jul/2012:00:10:29 +0200] "GET /news.php?cs_go=archiv&cs_id=3069&cs_search= HTTP/1.1" 200 9762 "-" "Mozilla/5.0 (compatible; AhrefsBot/3.0; +http://ahrefs.com/robot/)"
66.249.66.137 - - [08/Jul/2012:00:16:44 +0200] "GET /lexikon.php?cs_go=3&cs_id=208 HTTP/1.1" 200 8288 "-" "Mozilla/5.0 (compatible; Googlebot/2.1; +http://www.google.com/bot.html)"
66.249.66.137 - - [08/Jul/2012:00:27:09 +0200] "GET /lexikon.php?cs_go=3&cs_id=55 HTTP/1.1" 200 7952 "-" "Mozilla/5.0 (compatible; Googlebot/2.1; +http://www.google.com/bot.html)"
66.249.66.137 - - [08/Jul/2012:00:27:26 +0200] "GET /lexikon.php?cs_go=3&cs_id=230 HTTP/1.1" 200 8499 "-" "Mozilla/5.0 (compatible; Googlebot/2.1; +http://www.google.com/bot.html)"
213.186.127.3 - - [08/Jul/2012:01:47:20 +0200] "GET /news.php?cs_go=archiv&cs_id=3186&cs_search= HTTP/1.1" 200 9762 "-" "Mozilla/5.0 (compatible; AhrefsBot/3.1; +http://ahrefs.com/robot/)"
212.113.37.106 - - [08/Jul/2012:01:58:35 +0200] "GET /news.php?cs_go=archiv&cs_startpos=1400 HTTP/1.1" 200 22697 "-" "Mozilla/5.0 (compatible; AhrefsBot/3.1; +http://ahrefs.com/robot/)"
213.186.127.2 - - [08/Jul/2012:02:02:20 +0200] "GET /news.php?cs_go=archiv&cs_id=1629&cs_search= HTTP/1.1" 200 10866 "-" "Mozilla/5.0 (compatible; AhrefsBot/3.1; +http://ahrefs.com/robot/)"
213.186.119.136 - - [08/Jul/2012:02:06:05 +0200] "GET /news.php?cs_go=archiv&cs_startpos=1410 HTTP/1.1" 200 22767 "-" "Mozilla/5.0 (compatible; AhrefsBot/3.1; +http://ahrefs.com/robot/)"
213.186.119.141 - - [08/Jul/2012:02:11:36 +0200] "GET /news.php?cs_go=archiv&cs_id=1627&cs_search= HTTP/1.1" 200 12864 "-" "Mozilla/5.0 (compatible; AhrefsBot/3.1; +http://ahrefs.com/robot/)"
208.115.111.75 - - [08/Jul/2012:02:15:49 +0200] "GET /robots.txt HTTP/1.1" 200 177 "-" "Mozilla/5.0 (compatible; Ezooms/1.0; ezooms.bot@gmail.com)"
178.154.179.250 - - [08/Jul/2012:02:17:17 +0200] "GET /robots.txt HTTP/1.1" 200 177 "-" "Mozilla/5.0 (compatible; YandexBot/3.0; +http://yandex.com/bots)"
213.186.127.11 - - [08/Jul/2012:02:17:20 +0200] "GET /news.php?cs_go=archiv&cs_id=1630&cs_search= HTTP/1.1" 200 11959 "-" "Mozilla/5.0 (compatible; AhrefsBot/3.1; +http://ahrefs.com/robot/)"
213.186.127.12 - - [08/Jul/2012:02:21:06 +0200] "GET /news.php?cs_go=archiv&cs_startpos=1430 HTTP/1.1" 200 22869 "-" "Mozilla/5.0 (compatible; AhrefsBot/3.1; +http://ahrefs.com/robot/)"
85.25.95.50 - - [08/Jul/2012:02:23:23 +0200] "GET /standard.php HTTP/1.1" 200 9150 "-" "Mozilla/4.0 (compatible; MSIE 6.0; Windows 98; Win 9x4.90)"
213.186.127.4 - - [08/Jul/2012:02:26:21 +0200] "GET /ansprechpartner.php HTTP/1.1" 404 - "-" "Mozilla/5.0 (compatible; AhrefsBot/3.1; +http://ahrefs.com/robot/)"
213.186.122.2 - - [08/Jul/2012:02:28:39 +0200] "GET /news.php?cs_go=archiv&cs_startpos=1440 HTTP/1.1" 200 22772 "-" "Mozilla/5.0 (compatible; AhrefsBot/3.1; +http://ahrefs.com/robot/)"
46.4.92.141 - - [08/Jul/2012:02:33:50 +0200] "GET /robots.txt HTTP/1.1" 200 177 "-" "Pixray-Seeker/1.1 (Pixray-Seeker; http://www.pixray.com/pixraybot; crawler@pixray.com)"
46.4.92.141 - - [08/Jul/2012:02:33:50 +0200] "GET /news.php?cs_go=archiv&cs_id=1787&cs_search= HTTP/1.1" 200 9813 "-" "Pixray-Seeker/1.1 (Pixray-Seeker; http://www.pixray.com/pixraybot; crawler@pixray.com)"
213.186.127.11 - - [08/Jul/2012:02:36:06 +0200] "GET /news.php?cs_go=archiv&cs_startpos=90 HTTP/1.1" 200 22836 "-" "Mozilla/5.0 (compatible; AhrefsBot/3.1; +http://ahrefs.com/robot/)"
213.186.119.141 - - [08/Jul/2012:02:41:34 +0200] "GET /news.php?cs_go=archiv&cs_id=1628&cs_search= HTTP/1.1" 200 13999 "-" "Mozilla/5.0 (compatible; AhrefsBot/3.1; +http://ahrefs.com/robot/)"
46.4.118.74 - - [08/Jul/2012:02:49:13 +0200] "GET /robots.txt HTTP/1.1" 200 177 "-" "Pixray-Seeker/1.1 (Pixray-Seeker; http://www.pixray.com/pixraybot; crawler@pixray.com)"
46.4.118.74 - - [08/Jul/2012:02:49:13 +0200] "GET /news.php?cs_go=archiv&cs_id=1738&cs_search= HTTP/1.1" 200 14096 "-" "Pixray-Seeker/1.1 (Pixray-Seeker; http://www.pixray.com/pixraybot; crawler@pixray.com)"
66.249.66.137 - - [08/Jul/2012:03:04:38 +0200] "GET /news.php?cs_go=archiv&cs_id=1635&cs_search= HTTP/1.1" 200 10168 "-" "Mozilla/5.0 (compatible; Googlebot/2.1; +http://www.google.com/bot.html)"
46.4.118.75 - - [08/Jul/2012:03:05:34 +0200] "GET /robots.txt HTTP/1.1" 200 177 "-" "Pixray-Seeker/1.1 (Pixray-Seeker; http://www.pixray.com/pixraybot; crawler@pixray.com)"
46.4.118.75 - - [08/Jul/2012:03:05:34 +0200] "GET /news.php?cs_go=archiv&cs_startpos=30 HTTP/1.1" 200 22828 "-" "Pixray-Seeker/1.1 (Pixray-Seeker; http://www.pixray.com/pixraybot; crawler@pixray.com)"
188.40.65.130 - - [08/Jul/2012:03:31:01 +0200] "GET /robots.txt HTTP/1.1" 200 177 "-" "Pixray-Seeker/1.1 (Pixray-Seeker; http://www.pixray.com/pixraybot; crawler@pixray.com)"
188.40.65.130 - - [08/Jul/2012:03:31:01 +0200] "GET /news.php?cs_go=archiv&cs_startpos=1270 HTTP/1.1" 200 23078 "-" "Pixray-Seeker/1.1 (Pixray-Seeker; http://www.pixray.com/pixraybot; crawler@pixray.com)"
66.249.71.70 - - [08/Jul/2012:03:32:07 +0200] "GET / HTTP/1.1" 200 15379 "-" "DoCoMo/2.0 N905i(c100;TB;W24H16) (compatible; Googlebot-Mobile/2.1; +http://www.google.com/bot.html)"
188.40.85.200 - - [08/Jul/2012:03:40:33 +0200] "GET /robots.txt HTTP/1.1" 200 177 "-" "Pixray-Seeker/1.1 (Pixray-Seeker; http://www.pixray.com/pixraybot; crawler@pixray.com)"
188.40.85.200 - - [08/Jul/2012:03:40:33 +0200] "GET /news.php?cs_go=archiv&cs_id=1715&cs_search= HTTP/1.1" 200 13753 "-" "Pixray-Seeker/1.1 (Pixray-Seeker; http://www.pixray.com/pixraybot; crawler@pixray.com)"
178.154.179.250 - - [08/Jul/2012:03:56:25 +0200] "GET /news.php HTTP/1.1" 200 22312 "-" "Mozilla/5.0 (compatible; YandexBot/3.0; +http://yandex.com/bots)"
176.9.0.12 - - [08/Jul/2012:04:10:39 +0200] "GET /robots.txt HTTP/1.1" 200 177 "-" "Pixray-Seeker/1.1 (Pixray-Seeker; http://www.pixray.com/pixraybot; crawler@pixray.com)"
176.9.0.12 - - [08/Jul/2012:04:10:39 +0200] "GET /news.php?cs_go=archiv&cs_id=3176&cs_search= HTTP/1.1" 200 13012 "-" "Pixray-Seeker/1.1 (Pixray-Seeker; http://www.pixray.com/pixraybot; crawler@pixray.com)"
66.249.66.137 - - [08/Jul/2012:04:23:15 +0200] "GET /index.php HTTP/1.1" 200 15379 "-" "Mozilla/5.0 (compatible; Googlebot/2.1; +http://www.google.com/bot.html)"
176.9.7.28 - - [08/Jul/2012:04:53:39 +0200] "GET /robots.txt HTTP/1.1" 200 177 "-" "Pixray-Seeker/1.1 (Pixray-Seeker; http://www.pixray.com/pixraybot; crawler@pixray.com)"
176.9.7.28 - - [08/Jul/2012:04:53:39 +0200] "GET /news.php?cs_go=archiv&cs_id=1633&cs_search= HTTP/1.1" 200 13964 "-" "Pixray-Seeker/1.1 (Pixray-Seeker; http://www.pixray.com/pixraybot; crawler@pixray.com)"
65.36.241.79 - - [08/Jul/2012:04:55:15 +0200] "HEAD / HTTP/1.1" 200 - "-" "InternetSeer.com"
184.107.247.194 - - [08/Jul/2012:05:00:12 +0200] "GET / HTTP/1.0" 200 15379 "http://www.mink-gmbh.de" "Mozilla/5.0 (Windows NT 5.1; rv:11.0) Gecko/20100101 Firefox/11.0"
184.107.247.194 - - [08/Jul/2012:05:00:23 +0200] "GET /favicon.ico HTTP/1.0" 200 3638 "http://www.mink-gmbh.de/" "Mozilla/5.0 (Windows NT 5.1; rv:11.0) Gecko/20100101 Firefox/11.0"
184.107.247.194 - - [08/Jul/2012:05:00:33 +0200] "GET /style.css HTTP/1.0" 200 8418 "http://www.mink-gmbh.de/" "Mozilla/5.0 (Windows NT 5.1; rv:11.0) Gecko/20100101 Firefox/11.0"
184.107.247.194 - - [08/Jul/2012:05:00:46 +0200] "GET /modul.css HTTP/1.0" 200 35038 "http://www.mink-gmbh.de/" "Mozilla/5.0 (Windows NT 5.1; rv:11.0) Gecko/20100101 Firefox/11.0"
184.107.247.194 - - [08/Jul/2012:05:00:58 +0200] "GET /js_contentserver24_greybox/gb_styles.css HTTP/1.0" 200 2302 "http://www.mink-gmbh.de/" "Mozilla/5.0 (Windows NT 5.1; rv:11.0) Gecko/20100101 Firefox/11.0"
184.107.247.194 - - [08/Jul/2012:05:01:00 +0200] "GET /js_contentserver24_greybox/AJS.js HTTP/1.0" 200 10396 "http://www.mink-gmbh.de/" "Mozilla/5.0 (Windows NT 5.1; rv:11.0) Gecko/20100101 Firefox/11.0"
184.107.247.194 - - [08/Jul/2012:05:01:02 +0200] "GET /js_contentserver24_greybox/AJS_fx.js HTTP/1.0" 200 3192 "http://www.mink-gmbh.de/" "Mozilla/5.0 (Windows NT 5.1; rv:11.0) Gecko/20100101 Firefox/11.0"
184.107.247.194 - - [08/Jul/2012:05:01:03 +0200] "GET /js_contentserver24_greybox/gb_scripts.js HTTP/1.0" 200 11913 "http://www.mink-gmbh.de/" "Mozilla/5.0 (Windows NT 5.1; rv:11.0) Gecko/20100101 Firefox/11.0"
184.107.247.194 - - [08/Jul/2012:05:01:05 +0200] "GET /newsletter.php HTTP/1.0" 200 8752 "http://www.mink-gmbh.de/" "Mozilla/5.0 (Windows NT 5.1; rv:11.0) Gecko/20100101 Firefox/11.0"
184.107.247.194 - - [08/Jul/2012:05:01:08 +0200] "GET /index.php HTTP/1.0" 200 14644 "http://www.mink-gmbh.de/" "Mozilla/5.0 (Windows NT 5.1; rv:11.0) Gecko/20100101 Firefox/11.0"
184.107.247.194 - - [08/Jul/2012:05:01:19 +0200] "GET /standard.php HTTP/1.0" 200 9063 "http://www.mink-gmbh.de/" "Mozilla/5.0 (Windows NT 5.1; rv:11.0) Gecko/20100101 Firefox/11.0"
46.4.119.231 - - [08/Jul/2012:05:22:43 +0200] "GET /robots.txt HTTP/1.1" 200 177 "-" "Pixray-Seeker/1.1 (Pixray-Seeker; http://www.pixray.com/pixraybot; crawler@pixray.com)"
46.4.119.231 - - [08/Jul/2012:05:22:43 +0200] "GET /news.php?cs_go=archiv&cs_startpos=1290 HTTP/1.1" 200 23075 "-" "Pixray-Seeker/1.1 (Pixray-Seeker; http://www.pixray.com/pixraybot; crawler@pixray.com)"
46.4.118.75 - - [08/Jul/2012:05:30:42 +0200] "GET /robots.txt HTTP/1.1" 200 177 "-" "Pixray-Seeker/1.1 (Pixray-Seeker; http://www.pixray.com/pixraybot; crawler@pixray.com)"
46.4.118.75 - - [08/Jul/2012:05:30:42 +0200] "GET /news.php?cs_go=archiv&cs_id=1710&cs_search= HTTP/1.1" 200 14241 "-" "Pixray-Seeker/1.1 (Pixray-Seeker; http://www.pixray.com/pixraybot; crawler@pixray.com)"
66.249.66.137 - - [08/Jul/2012:05:41:32 +0200] "GET /news.php?cs_go=archiv&cs_id=2933&cs_search= HTTP/1.1" 200 9862 "-" "Mozilla/5.0 (compatible; Googlebot/2.1; +http://www.google.com/bot.html)"
208.115.111.75 - - [08/Jul/2012:05:57:18 +0200] "GET /robots.txt HTTP/1.1" 200 177 "-" "Mozilla/5.0 (compatible; Ezooms/1.0; ezooms.bot@gmail.com)"
173.242.125.196 - - [08/Jul/2012:06:04:22 +0200] "GET /robots.txt HTTP/1.0" 200 177 "-" "Mozilla/5.0 (compatible; MJ12bot/v1.4.3; http://www.majestic12.co.uk/bot.php?+)"
173.242.125.196 - - [08/Jul/2012:06:04:24 +0200] "GET / HTTP/1.0" 200 15379 "-" "Mozilla/5.0 (compatible; MJ12bot/v1.4.3; http://www.majestic12.co.uk/bot.php?+)"
176.9.0.12 - - [08/Jul/2012:06:05:28 +0200] "GET /robots.txt HTTP/1.1" 200 177 "-" "Pixray-Seeker/1.1 (Pixray-Seeker; http://www.pixray.com/pixraybot; crawler@pixray.com)"
176.9.0.12 - - [08/Jul/2012:06:05:28 +0200] "GET /news.php?cs_go=archiv&cs_id=1728&cs_search= HTTP/1.1" 200 11006 "-" "Pixray-Seeker/1.1 (Pixray-Seeker; http://www.pixray.com/pixraybot; crawler@pixray.com)"
176.9.19.103 - - [08/Jul/2012:06:18:03 +0200] "GET /robots.txt HTTP/1.1" 200 177 "-" "Pixray-Seeker/1.1 (Pixray-Seeker; http://www.pixray.com/pixraybot; crawler@pixray.com)"
176.9.19.103 - - [08/Jul/2012:06:18:03 +0200] "GET /news.php?cs_go=archiv&cs_id=1731&cs_search= HTTP/1.1" 200 14338 "-" "Pixray-Seeker/1.1 (Pixray-Seeker; http://www.pixray.com/pixraybot; crawler@pixray.com)"
123.125.71.52 - - [08/Jul/2012:06:29:26 +0200] "GET / HTTP/1.1" 200 11752 "-" "Mozilla/5.0 (compatible; Baiduspider/2.0; +http://www.baidu.com/search/spider.html)"
220.181.108.122 - - [08/Jul/2012:06:29:50 +0200] "GET / HTTP/1.1" 200 13395 "-" "Mozilla/5.0 (compatible; Baiduspider/2.0; +http://www.baidu.com/search/spider.html)"
46.4.116.100 - - [08/Jul/2012:06:41:06 +0200] "GET /robots.txt HTTP/1.1" 200 177 "-" "Pixray-Seeker/1.1 (Pixray-Seeker; http://www.pixray.com/pixraybot; crawler@pixray.com)"
46.4.116.100 - - [08/Jul/2012:06:41:06 +0200] "GET /news.php?cs_go=archiv&cs_id=1627&cs_search= HTTP/1.1" 200 12864 "-" "Pixray-Seeker/1.1 (Pixray-Seeker; http://www.pixray.com/pixraybot; crawler@pixray.com)"
46.4.19.85 - - [08/Jul/2012:07:02:48 +0200] "GET /robots.txt HTTP/1.1" 200 177 "-" "Pixray-Seeker/1.1 (Pixray-Seeker; http://www.pixray.com/pixraybot; crawler@pixray.com)"
46.4.19.85 - - [08/Jul/2012:07:02:49 +0200] "GET /news.php?cs_go=archiv&cs_id=3171&cs_search= HTTP/1.1" 200 9757 "-" "Pixray-Seeker/1.1 (Pixray-Seeker; http://www.pixray.com/pixraybot; crawler@pixray.com)"
176.9.7.28 - - [08/Jul/2012:07:12:15 +0200] "GET /robots.txt HTTP/1.1" 200 177 "-" "Pixray-Seeker/1.1 (Pixray-Seeker; http://www.pixray.com/pixraybot; crawler@pixray.com)"
176.9.7.28 - - [08/Jul/2012:07:12:15 +0200] "GET /news.php?cs_go=archiv&cs_id=1679&cs_search= HTTP/1.1" 200 14440 "-" "Pixray-Seeker/1.1 (Pixray-Seeker; http://www.pixray.com/pixraybot; crawler@pixray.com)"
208.115.113.91 - - [08/Jul/2012:07:12:40 +0200] "GET /robots.txt HTTP/1.1" 200 177 "-" "Mozilla/5.0 (compatible; Ezooms/1.0; ezooms.bot@gmail.com)"
208.115.111.75 - - [08/Jul/2012:07:19:03 +0200] "GET /robots.txt HTTP/1.1" 200 177 "-" "Mozilla/5.0 (compatible; Ezooms/1.0; ezooms.bot@gmail.com)"
208.115.111.75 - - [08/Jul/2012:07:19:04 +0200] "GET /robots.txt HTTP/1.1" 200 177 "-" "Mozilla/5.0 (compatible; Ezooms/1.0; ezooms.bot@gmail.com)"
208.115.113.91 - - [08/Jul/2012:07:20:01 +0200] "GET /robots.txt HTTP/1.1" 200 177 "-" "Mozilla/5.0 (compatible; Ezooms/1.0; ezooms.bot@gmail.com)"
176.9.7.28 - - [08/Jul/2012:07:21:59 +0200] "GET /robots.txt HTTP/1.1" 200 177 "-" "Pixray-Seeker/1.1 (Pixray-Seeker; http://www.pixray.com/pixraybot; crawler@pixray.com)"
176.9.7.28 - - [08/Jul/2012:07:21:59 +0200] "GET /news.php?cs_go=archiv&cs_id=3234&cs_search= HTTP/1.1" 200 12314 "-" "Pixray-Seeker/1.1 (Pixray-Seeker; http://www.pixray.com/pixraybot; crawler@pixray.com)"
46.4.116.100 - - [08/Jul/2012:07:36:08 +0200] "GET /robots.txt HTTP/1.1" 200 177 "-" "Pixray-Seeker/1.1 (Pixray-Seeker; http://www.pixray.com/pixraybot; crawler@pixray.com)"
46.4.116.100 - - [08/Jul/2012:07:36:08 +0200] "GET /news.php?cs_go=archiv&cs_id=1669&cs_search= HTTP/1.1" 200 14130 "-" "Pixray-Seeker/1.1 (Pixray-Seeker; http://www.pixray.com/pixraybot; crawler@pixray.com)"
188.40.65.130 - - [08/Jul/2012:07:48:18 +0200] "GET /robots.txt HTTP/1.1" 200 177 "-" "Pixray-Seeker/1.1 (Pixray-Seeker; http://www.pixray.com/pixraybot; crawler@pixray.com)"
188.40.65.130 - - [08/Jul/2012:07:48:18 +0200] "GET /news.php?cs_go=archiv&cs_id=1660&cs_search= HTTP/1.1" 200 14182 "-" "Pixray-Seeker/1.1 (Pixray-Seeker; http://www.pixray.com/pixraybot; crawler@pixray.com)"
176.9.19.103 - - [08/Jul/2012:07:59:19 +0200] "GET /robots.txt HTTP/1.1" 200 177 "-" "Pixray-Seeker/1.1 (Pixray-Seeker; http://www.pixray.com/pixraybot; crawler@pixray.com)"
176.9.19.103 - - [08/Jul/2012:07:59:19 +0200] "GET /news.php?cs_go=archiv&cs_startpos=1300 HTTP/1.1" 200 23118 "-" "Pixray-Seeker/1.1 (Pixray-Seeker; http://www.pixray.com/pixraybot; crawler@pixray.com)"
188.40.65.130 - - [08/Jul/2012:08:27:05 +0200] "GET /robots.txt HTTP/1.1" 200 177 "-" "Pixray-Seeker/1.1 (Pixray-Seeker; http://www.pixray.com/pixraybot; crawler@pixray.com)"
188.40.65.130 - - [08/Jul/2012:08:27:05 +0200] "GET /news.php?cs_go=archiv&cs_id=1670&cs_search= HTTP/1.1" 200 13060 "-" "Pixray-Seeker/1.1 (Pixray-Seeker; http://www.pixray.com/pixraybot; crawler@pixray.com)"
123.125.71.28 - - [08/Jul/2012:08:30:52 +0200] "GET / HTTP/1.1" 200 10308 "-" "Mozilla/5.0 (compatible; Baiduspider/2.0; +http://www.baidu.com/search/spider.html)"
220.181.108.121 - - [08/Jul/2012:08:31:18 +0200] "GET / HTTP/1.1" 200 15379 "-" "Mozilla/5.0 (compatible; Baiduspider/2.0; +http://www.baidu.com/search/spider.html)"
66.249.66.137 - - [08/Jul/2012:09:03:37 +0200] "GET /news.php?cs_go=archiv HTTP/1.1" 200 22312 "-" "Mozilla/5.0 (iPhone; U; CPU iPhone OS 4_1 like Mac OS X; en-us) AppleWebKit/532.9 (KHTML, like Gecko) Version/4.0.5 Mobile/8B117 Safari/6531.22.7 (compatible; Googlebot-Mobile/2.1; +http://www.google.com/bot.html)"
194.97.135.132 - - [08/Jul/2012:09:30:39 +0200] "GET /style.css HTTP/1.1" 200 8418 "http://www.mink-gmbh.de/" "Mozilla/5.0 (X11; U; Linux x86_64; C) AppleWebKit/533.3 (KHTML, like Gecko) Qt/4.7.1 Safari/533.3"
194.97.135.132 - - [08/Jul/2012:09:30:39 +0200] "GET /modul.css HTTP/1.1" 200 35038 "http://www.mink-gmbh.de/" "Mozilla/5.0 (X11; U; Linux x86_64; C) AppleWebKit/533.3 (KHTML, like Gecko) Qt/4.7.1 Safari/533.3"
194.97.135.132 - - [08/Jul/2012:09:30:39 +0200] "GET /js_contentserver24_greybox/AJS.js HTTP/1.1" 200 10396 "http://www.mink-gmbh.de/" "Mozilla/5.0 (X11; U; Linux x86_64; C) AppleWebKit/533.3 (KHTML, like Gecko) Qt/4.7.1 Safari/533.3"
194.97.135.132 - - [08/Jul/2012:09:30:39 +0200] "GET /js_contentserver24_greybox/gb_scripts.js HTTP/1.1" 200 11913 "http://www.mink-gmbh.de/" "Mozilla/5.0 (X11; U; Linux x86_64; C) AppleWebKit/533.3 (KHTML, like Gecko) Qt/4.7.1 Safari/533.3"
194.97.135.132 - - [08/Jul/2012:09:30:39 +0200] "GET /js_contentserver24_greybox/gb_styles.css HTTP/1.1" 200 2302 "http://www.mink-gmbh.de/" "Mozilla/5.0 (X11; U; Linux x86_64; C) AppleWebKit/533.3 (KHTML, like Gecko) Qt/4.7.1 Safari/533.3"
194.97.135.132 - - [08/Jul/2012:09:30:39 +0200] "GET /js_contentserver24_greybox/AJS_fx.js HTTP/1.1" 200 3192 "http://www.mink-gmbh.de/" "Mozilla/5.0 (X11; U; Linux x86_64; C) AppleWebKit/533.3 (KHTML, like Gecko) Qt/4.7.1 Safari/533.3"
194.97.135.132 - - [08/Jul/2012:09:30:39 +0200] "GET /images/bg.jpg HTTP/1.1" 200 345 "http://www.mink-gmbh.de/" "Mozilla/5.0 (X11; U; Linux x86_64; C) AppleWebKit/533.3 (KHTML, like Gecko) Qt/4.7.1 Safari/533.3"
194.97.135.132 - - [08/Jul/2012:09:30:40 +0200] "GET /js_contentserver24_greybox/w_close.gif HTTP/1.1" 200 74 "http://www.mink-gmbh.de/" "Mozilla/5.0 (X11; U; Linux x86_64; C) AppleWebKit/533.3 (KHTML, like Gecko) Qt/4.7.1 Safari/533.3"
194.97.135.132 - - [08/Jul/2012:09:30:40 +0200] "GET /images/newsletter.png HTTP/1.1" 200 14619 "http://www.mink-gmbh.de/" "Mozilla/5.0 (X11; U; Linux x86_64; C) AppleWebKit/533.3 (KHTML, like Gecko) Qt/4.7.1 Safari/533.3"
194.97.135.132 - - [08/Jul/2012:09:30:40 +0200] "GET /images/close.png HTTP/1.1" 200 703 "http://www.mink-gmbh.de/" "Mozilla/5.0 (X11; U; Linux x86_64; C) AppleWebKit/533.3 (KHTML, like Gecko) Qt/4.7.1 Safari/533.3"
194.97.135.132 - - [08/Jul/2012:09:30:40 +0200] "GET /images/wrapperbg.jpg HTTP/1.1" 200 27465 "http://www.mink-gmbh.de/" "Mozilla/5.0 (X11; U; Linux x86_64; C) AppleWebKit/533.3 (KHTML, like Gecko) Qt/4.7.1 Safari/533.3"
194.97.135.132 - - [08/Jul/2012:09:30:40 +0200] "GET /images/newsletter_bg.jpg HTTP/1.1" 200 33610 "http://www.mink-gmbh.de/" "Mozilla/5.0 (X11; U; Linux x86_64; C) AppleWebKit/533.3 (KHTML, like Gecko) Qt/4.7.1 Safari/533.3"
194.97.135.132 - - [08/Jul/2012:09:30:40 +0200] "GET /images/navibg.png HTTP/1.1" 200 2803 "http://www.mink-gmbh.de/" "Mozilla/5.0 (X11; U; Linux x86_64; C) AppleWebKit/533.3 (KHTML, like Gecko) Qt/4.7.1 Safari/533.3"
194.97.135.132 - - [08/Jul/2012:09:30:40 +0200] "GET /images/gleichbleibend.png HTTP/1.1" 200 534 "http://www.mink-gmbh.de/" "Mozilla/5.0 (X11; U; Linux x86_64; C) AppleWebKit/533.3 (KHTML, like Gecko) Qt/4.7.1 Safari/533.3"
194.97.135.132 - - [08/Jul/2012:09:30:40 +0200] "GET /images/header.jpg HTTP/1.1" 200 24413 "http://www.mink-gmbh.de/" "Mozilla/5.0 (X11; U; Linux x86_64; C) AppleWebKit/533.3 (KHTML, like Gecko) Qt/4.7.1 Safari/533.3"
194.97.135.132 - - [08/Jul/2012:09:30:40 +0200] "GET /images/steigend.png HTTP/1.1" 200 688 "http://www.mink-gmbh.de/" "Mozilla/5.0 (X11; U; Linux x86_64; C) AppleWebKit/533.3 (KHTML, like Gecko) Qt/4.7.1 Safari/533.3"
194.97.135.132 - - [08/Jul/2012:09:30:40 +0200] "GET /images/newsletter.jpg HTTP/1.1" 200 13130 "http://www.mink-gmbh.de/" "Mozilla/5.0 (X11; U; Linux x86_64; C) AppleWebKit/533.3 (KHTML, like Gecko) Qt/4.7.1 Safari/533.3"
