176.9.139.113 - - [15/Jul/2012:12:16:35 +0200] "GET /lexikon.php?cs_go=3&cs_id=46 HTTP/1.1" 200 7938 "-" "Mozilla/5.0 (compatible; SISTRIX Crawler; http://crawler.sistrix.net/)"
176.9.139.113 - - [15/Jul/2012:12:16:35 +0200] "GET /lexikon.php?cs_go=3&cs_id=5 HTTP/1.1" 200 8119 "-" "Mozilla/5.0 (compatible; SISTRIX Crawler; http://crawler.sistrix.net/)"
176.9.139.113 - - [15/Jul/2012:12:16:36 +0200] "GET /lexikon.php?cs_go=3&cs_id=103 HTTP/1.1" 200 9170 "-" "Mozilla/5.0 (compatible; SISTRIX Crawler; http://crawler.sistrix.net/)"
176.9.139.113 - - [15/Jul/2012:12:16:36 +0200] "GET /lexikon.php?cs_go=3&cs_id=209 HTTP/1.1" 200 8227 "-" "Mozilla/5.0 (compatible; SISTRIX Crawler; http://crawler.sistrix.net/)"
176.9.139.113 - - [15/Jul/2012:12:16:36 +0200] "GET /lexikon.php?cs_go=3&cs_id=133 HTTP/1.1" 200 8663 "-" "Mozilla/5.0 (compatible; SISTRIX Crawler; http://crawler.sistrix.net/)"
176.9.139.113 - - [15/Jul/2012:12:16:36 +0200] "GET /lexikon.php?cs_go=3&cs_id=11 HTTP/1.1" 200 8106 "-" "Mozilla/5.0 (compatible; SISTRIX Crawler; http://crawler.sistrix.net/)"
176.9.139.113 - - [15/Jul/2012:12:16:37 +0200] "GET /lexikon.php?cs_go=3&cs_id=66 HTTP/1.1" 200 7932 "-" "Mozilla/5.0 (compatible; SISTRIX Crawler; http://crawler.sistrix.net/)"
176.9.139.113 - - [15/Jul/2012:12:16:37 +0200] "GET /lexikon.php?cs_go=3&cs_id=174 HTTP/1.1" 200 8662 "-" "Mozilla/5.0 (compatible; SISTRIX Crawler; http://crawler.sistrix.net/)"
176.9.139.113 - - [15/Jul/2012:12:16:37 +0200] "GET /lexikon.php?cs_go=3&cs_id=220 HTTP/1.1" 200 7956 "-" "Mozilla/5.0 (compatible; SISTRIX Crawler; http://crawler.sistrix.net/)"
176.9.139.113 - - [15/Jul/2012:12:16:37 +0200] "GET /lexikon.php?cs_go=3&cs_id=64 HTTP/1.1" 200 8660 "-" "Mozilla/5.0 (compatible; SISTRIX Crawler; http://crawler.sistrix.net/)"
176.9.139.113 - - [15/Jul/2012:12:16:38 +0200] "GET /lexikon.php?cs_go=3&cs_id=107 HTTP/1.1" 200 8326 "-" "Mozilla/5.0 (compatible; SISTRIX Crawler; http://crawler.sistrix.net/)"
176.9.139.113 - - [15/Jul/2012:12:16:38 +0200] "GET /lexikon.php?cs_go=3&cs_id=62 HTTP/1.1" 200 8499 "-" "Mozilla/5.0 (compatible; SISTRIX Crawler; http://crawler.sistrix.net/)"
176.9.139.113 - - [15/Jul/2012:12:16:38 +0200] "GET /lexikon.php?cs_go=3&cs_id=202 HTTP/1.1" 200 8450 "-" "Mozilla/5.0 (compatible; SISTRIX Crawler; http://crawler.sistrix.net/)"
176.9.139.113 - - [15/Jul/2012:12:16:39 +0200] "GET /lexikon.php?cs_go=3&cs_id=8 HTTP/1.1" 200 9172 "-" "Mozilla/5.0 (compatible; SISTRIX Crawler; http://crawler.sistrix.net/)"
176.9.139.113 - - [15/Jul/2012:12:16:39 +0200] "GET /lexikon.php?cs_go=3&cs_id=55 HTTP/1.1" 200 7952 "-" "Mozilla/5.0 (compatible; SISTRIX Crawler; http://crawler.sistrix.net/)"
176.9.139.113 - - [15/Jul/2012:12:16:39 +0200] "GET /lexikon.php?cs_go=3&cs_id=144 HTTP/1.1" 200 9800 "-" "Mozilla/5.0 (compatible; SISTRIX Crawler; http://crawler.sistrix.net/)"
176.9.139.113 - - [15/Jul/2012:12:16:39 +0200] "GET /lexikon.php?cs_go=3&cs_id=78 HTTP/1.1" 200 8196 "-" "Mozilla/5.0 (compatible; SISTRIX Crawler; http://crawler.sistrix.net/)"
176.9.139.113 - - [15/Jul/2012:12:16:40 +0200] "GET /lexikon.php?cs_go=3&cs_id=121 HTTP/1.1" 200 8304 "-" "Mozilla/5.0 (compatible; SISTRIX Crawler; http://crawler.sistrix.net/)"
176.9.139.113 - - [15/Jul/2012:12:16:40 +0200] "GET /lexikon.php?cs_go=3&cs_id=67 HTTP/1.1" 200 8557 "-" "Mozilla/5.0 (compatible; SISTRIX Crawler; http://crawler.sistrix.net/)"
176.9.139.113 - - [15/Jul/2012:12:16:40 +0200] "GET /lexikon.php?cs_go=3&cs_id=28 HTTP/1.1" 200 8260 "-" "Mozilla/5.0 (compatible; SISTRIX Crawler; http://crawler.sistrix.net/)"
176.9.139.113 - - [15/Jul/2012:12:16:40 +0200] "GET /lexikon.php?cs_go=3&cs_id=138 HTTP/1.1" 200 8841 "-" "Mozilla/5.0 (compatible; SISTRIX Crawler; http://crawler.sistrix.net/)"
176.9.139.113 - - [15/Jul/2012:12:16:41 +0200] "GET /lexikon.php?cs_go=3&cs_id=212 HTTP/1.1" 200 8493 "-" "Mozilla/5.0 (compatible; SISTRIX Crawler; http://crawler.sistrix.net/)"
66.249.66.147 - - [15/Jul/2012:12:29:44 +0200] "GET /news.php?cs_go=archiv&cs_id=2318&cs_search= HTTP/1.1" 200 13715 "-" "Mozilla/5.0 (compatible; Googlebot/2.1; +http://www.google.com/bot.html)"
130.83.167.153 - - [15/Jul/2012:12:42:52 +0200] "GET /robots.txt HTTP/1.1" 200 177 "-" "findlinks/2.6 (+http://wortschatz.uni-leipzig.de/findlinks/)"
66.249.66.147 - - [15/Jul/2012:12:53:31 +0200] "GET /news.php?cs_go=archiv&cs_id=2319&cs_search= HTTP/1.1" 200 9250 "-" "Mozilla/5.0 (compatible; Googlebot/2.1; +http://www.google.com/bot.html)"
66.249.66.147 - - [15/Jul/2012:13:07:20 +0200] "GET /news.php?cs_go=archiv&cs_id=2321&cs_search= HTTP/1.1" 200 11112 "-" "Mozilla/5.0 (compatible; Googlebot/2.1; +http://www.google.com/bot.html)"
66.249.66.147 - - [15/Jul/2012:13:07:20 +0200] "GET /news.php?cs_go=archiv&cs_id=2096&cs_search= HTTP/1.1" 200 10315 "-" "Mozilla/5.0 (compatible; Googlebot/2.1; +http://www.google.com/bot.html)"
208.115.113.91 - - [15/Jul/2012:13:09:11 +0200] "GET /ansprechpartner.php HTTP/1.1" 404 - "-" "Mozilla/5.0 (compatible; Ezooms/1.0; ezooms.bot@gmail.com)"
208.115.113.91 - - [15/Jul/2012:13:09:14 +0200] "GET /news.php?cs_go=archiv&cs_id=1834&cs_search= HTTP/1.1" 200 14193 "-" "Mozilla/5.0 (compatible; Ezooms/1.0; ezooms.bot@gmail.com)"
208.115.113.91 - - [15/Jul/2012:13:09:17 +0200] "GET /news.php?cs_go=archiv&cs_id=1882&cs_search= HTTP/1.1" 200 14111 "-" "Mozilla/5.0 (compatible; Ezooms/1.0; ezooms.bot@gmail.com)"
66.249.66.147 - - [15/Jul/2012:13:14:19 +0200] "GET /news.php?cs_go=archiv&cs_id=2328&cs_search= HTTP/1.1" 200 9337 "-" "Mozilla/5.0 (compatible; Googlebot/2.1; +http://www.google.com/bot.html)"
178.154.179.250 - - [15/Jul/2012:13:24:33 +0200] "GET /index.php HTTP/1.1" 200 15262 "-" "Mozilla/5.0 (compatible; YandexBot/3.0; +http://yandex.com/bots)"
66.249.66.147 - - [15/Jul/2012:13:36:23 +0200] "GET /news.php?cs_go=archiv&cs_id=2396&cs_search= HTTP/1.1" 200 14525 "-" "Mozilla/5.0 (compatible; Googlebot/2.1; +http://www.google.com/bot.html)"
66.249.71.108 - - [15/Jul/2012:13:39:44 +0200] "GET /news.php?cs_go=archiv&cs_id=1779&cs_search= HTTP/1.1" 200 9355 "-" "Mozilla/5.0 (compatible; Googlebot/2.1; +http://www.google.com/bot.html)"
66.249.66.147 - - [15/Jul/2012:13:42:44 +0200] "GET /news.php?cs_go=archiv&cs_id=2397&cs_search= HTTP/1.1" 200 9278 "-" "Mozilla/5.0 (compatible; Googlebot/2.1; +http://www.google.com/bot.html)"
66.249.66.147 - - [15/Jul/2012:13:44:33 +0200] "GET /news.php?cs_go=archiv&cs_id=2398&cs_search= HTTP/1.1" 200 9545 "-" "Mozilla/5.0 (compatible; Googlebot/2.1; +http://www.google.com/bot.html)"
89.247.38.245 - - [15/Jul/2012:14:00:12 +0200] "GET /style.css HTTP/1.1" 200 8418 "http://www.mink-gmbh.de/index.php" "Mozilla/5.0 (Windows NT 6.1; rv:13.0) Gecko/20100101 Firefox/13.0.1"
89.247.38.245 - - [15/Jul/2012:14:00:12 +0200] "GET /modul.css HTTP/1.1" 200 35038 "http://www.mink-gmbh.de/index.php" "Mozilla/5.0 (Windows NT 6.1; rv:13.0) Gecko/20100101 Firefox/13.0.1"
89.247.38.245 - - [15/Jul/2012:14:00:13 +0200] "GET /favicon.ico HTTP/1.1" 200 3638 "-" "Mozilla/5.0 (Windows NT 6.1; rv:13.0) Gecko/20100101 Firefox/13.0.1"
89.247.38.245 - - [15/Jul/2012:14:00:13 +0200] "GET /js_contentserver24_greybox/gb_styles.css HTTP/1.1" 200 2302 "http://www.mink-gmbh.de/index.php" "Mozilla/5.0 (Windows NT 6.1; rv:13.0) Gecko/20100101 Firefox/13.0.1"
89.247.38.245 - - [15/Jul/2012:14:00:13 +0200] "GET /js_contentserver24_greybox/AJS.js HTTP/1.1" 200 10396 "http://www.mink-gmbh.de/index.php" "Mozilla/5.0 (Windows NT 6.1; rv:13.0) Gecko/20100101 Firefox/13.0.1"
89.247.38.245 - - [15/Jul/2012:14:00:13 +0200] "GET /js_contentserver24_greybox/AJS_fx.js HTTP/1.1" 200 3192 "http://www.mink-gmbh.de/index.php" "Mozilla/5.0 (Windows NT 6.1; rv:13.0) Gecko/20100101 Firefox/13.0.1"
89.247.38.245 - - [15/Jul/2012:14:00:13 +0200] "GET /js_contentserver24_greybox/gb_scripts.js HTTP/1.1" 200 11913 "http://www.mink-gmbh.de/index.php" "Mozilla/5.0 (Windows NT 6.1; rv:13.0) Gecko/20100101 Firefox/13.0.1"
89.247.38.245 - - [15/Jul/2012:14:00:13 +0200] "GET /images/tkw.jpg HTTP/1.1" 200 64031 "http://www.mink-gmbh.de/index.php" "Mozilla/5.0 (Windows NT 6.1; rv:13.0) Gecko/20100101 Firefox/13.0.1"
89.247.38.245 - - [15/Jul/2012:14:00:12 +0200] "GET /index.php HTTP/1.1" 200 15262 "-" "Mozilla/5.0 (Windows NT 6.1; rv:13.0) Gecko/20100101 Firefox/13.0.1"
89.247.38.245 - - [15/Jul/2012:14:00:13 +0200] "GET /images/bg.jpg HTTP/1.1" 200 345 "http://www.mink-gmbh.de/style.css" "Mozilla/5.0 (Windows NT 6.1; rv:13.0) Gecko/20100101 Firefox/13.0.1"
89.247.38.245 - - [15/Jul/2012:14:00:13 +0200] "GET /js_contentserver24_greybox/w_close.gif HTTP/1.1" 200 74 "http://www.mink-gmbh.de/index.php" "Mozilla/5.0 (Windows NT 6.1; rv:13.0) Gecko/20100101 Firefox/13.0.1"
89.247.38.245 - - [15/Jul/2012:14:00:13 +0200] "GET /images/close.png HTTP/1.1" 200 703 "http://www.mink-gmbh.de/index.php" "Mozilla/5.0 (Windows NT 6.1; rv:13.0) Gecko/20100101 Firefox/13.0.1"
89.247.38.245 - - [15/Jul/2012:14:00:13 +0200] "GET /images/newsletter_bg.jpg HTTP/1.1" 200 33610 "http://www.mink-gmbh.de/index.php" "Mozilla/5.0 (Windows NT 6.1; rv:13.0) Gecko/20100101 Firefox/13.0.1"
89.247.38.245 - - [15/Jul/2012:14:00:13 +0200] "GET /images/newsletter.png HTTP/1.1" 200 14619 "http://www.mink-gmbh.de/style.css" "Mozilla/5.0 (Windows NT 6.1; rv:13.0) Gecko/20100101 Firefox/13.0.1"
89.247.38.245 - - [15/Jul/2012:14:00:13 +0200] "GET /images/wrapperbg.jpg HTTP/1.1" 200 27465 "http://www.mink-gmbh.de/style.css" "Mozilla/5.0 (Windows NT 6.1; rv:13.0) Gecko/20100101 Firefox/13.0.1"
89.247.38.245 - - [15/Jul/2012:14:00:13 +0200] "GET /images/header.jpg HTTP/1.1" 200 24413 "http://www.mink-gmbh.de/style.css" "Mozilla/5.0 (Windows NT 6.1; rv:13.0) Gecko/20100101 Firefox/13.0.1"
89.247.38.245 - - [15/Jul/2012:14:00:13 +0200] "GET /images/navibg.png HTTP/1.1" 200 2803 "http://www.mink-gmbh.de/style.css" "Mozilla/5.0 (Windows NT 6.1; rv:13.0) Gecko/20100101 Firefox/13.0.1"
89.247.38.245 - - [15/Jul/2012:14:00:13 +0200] "GET /images/gleichbleibend.png HTTP/1.1" 200 534 "http://www.mink-gmbh.de/modul.css" "Mozilla/5.0 (Windows NT 6.1; rv:13.0) Gecko/20100101 Firefox/13.0.1"
89.247.38.245 - - [15/Jul/2012:14:00:13 +0200] "GET /images/steigend.png HTTP/1.1" 200 688 "http://www.mink-gmbh.de/modul.css" "Mozilla/5.0 (Windows NT 6.1; rv:13.0) Gecko/20100101 Firefox/13.0.1"
89.247.38.245 - - [15/Jul/2012:14:00:13 +0200] "GET /images/mobil.jpg HTTP/1.1" 200 25293 "http://www.mink-gmbh.de/style.css" "Mozilla/5.0 (Windows NT 6.1; rv:13.0) Gecko/20100101 Firefox/13.0.1"
89.247.38.245 - - [15/Jul/2012:14:00:14 +0200] "GET /images/newsletter.jpg HTTP/1.1" 200 13130 "http://www.mink-gmbh.de/style.css" "Mozilla/5.0 (Windows NT 6.1; rv:13.0) Gecko/20100101 Firefox/13.0.1"
89.247.38.245 - - [15/Jul/2012:14:00:14 +0200] "GET /images/mail.jpg HTTP/1.1" 200 11165 "http://www.mink-gmbh.de/index.php" "Mozilla/5.0 (Windows NT 6.1; rv:13.0) Gecko/20100101 Firefox/13.0.1"
89.247.38.245 - - [15/Jul/2012:14:00:14 +0200] "GET /images/kwk.gif HTTP/1.1" 200 6403 "http://www.mink-gmbh.de/index.php" "Mozilla/5.0 (Windows NT 6.1; rv:13.0) Gecko/20100101 Firefox/13.0.1"
89.247.38.245 - - [15/Jul/2012:14:00:14 +0200] "GET /images/wunschpreis.jpg HTTP/1.1" 200 16767 "http://www.mink-gmbh.de/index.php" "Mozilla/5.0 (Windows NT 6.1; rv:13.0) Gecko/20100101 Firefox/13.0.1"
89.247.38.245 - - [15/Jul/2012:14:00:14 +0200] "GET /images/logos.jpg HTTP/1.1" 200 15002 "http://www.mink-gmbh.de/index.php" "Mozilla/5.0 (Windows NT 6.1; rv:13.0) Gecko/20100101 Firefox/13.0.1"
89.247.38.245 - - [15/Jul/2012:14:00:14 +0200] "GET /images/footerbg.jpg HTTP/1.1" 200 2184 "http://www.mink-gmbh.de/style.css" "Mozilla/5.0 (Windows NT 6.1; rv:13.0) Gecko/20100101 Firefox/13.0.1"
89.247.38.245 - - [15/Jul/2012:14:00:14 +0200] "GET /images/freecall.jpg HTTP/1.1" 200 39195 "http://www.mink-gmbh.de/index.php" "Mozilla/5.0 (Windows NT 6.1; rv:13.0) Gecko/20100101 Firefox/13.0.1"
89.247.38.245 - - [15/Jul/2012:14:00:14 +0200] "GET /js_contentserver24_greybox/header_bg.gif HTTP/1.1" 200 1188 "http://www.mink-gmbh.de/index.php" "Mozilla/5.0 (Windows NT 6.1; rv:13.0) Gecko/20100101 Firefox/13.0.1"
89.247.38.245 - - [15/Jul/2012:14:00:14 +0200] "GET /js_contentserver24_greybox/g_close.gif HTTP/1.1" 200 541 "http://www.mink-gmbh.de/index.php" "Mozilla/5.0 (Windows NT 6.1; rv:13.0) Gecko/20100101 Firefox/13.0.1"
89.247.38.245 - - [15/Jul/2012:14:00:14 +0200] "GET /js_contentserver24_greybox/indicator.gif HTTP/1.1" 200 8238 "http://www.mink-gmbh.de/index.php" "Mozilla/5.0 (Windows NT 6.1; rv:13.0) Gecko/20100101 Firefox/13.0.1"
89.247.38.245 - - [15/Jul/2012:14:00:14 +0200] "GET /js_contentserver24_greybox/loader_frame.html?s=0 HTTP/1.1" 200 2084 "http://www.mink-gmbh.de/index.php" "Mozilla/5.0 (Windows NT 6.1; rv:13.0) Gecko/20100101 Firefox/13.0.1"
66.249.71.108 - - [15/Jul/2012:14:02:19 +0200] "GET / HTTP/1.1" 200 15262 "-" "Mozilla/5.0 (compatible; Googlebot/2.1; +http://www.google.com/bot.html)"
66.249.66.147 - - [15/Jul/2012:14:05:22 +0200] "GET /news.php HTTP/1.1" 200 22121 "-" "Mozilla/5.0 (compatible; Googlebot/2.1; +http://www.google.com/bot.html)"
65.36.241.79 - - [15/Jul/2012:14:25:31 +0200] "HEAD / HTTP/1.1" 200 - "-" "InternetSeer.com"
66.249.66.147 - - [15/Jul/2012:14:26:48 +0200] "GET /news.php?cs_go=archiv&cs_id=2970&cs_search= HTTP/1.1" 200 12217 "-" "Mozilla/5.0 (compatible; Googlebot/2.1; +http://www.google.com/bot.html)"
66.249.66.147 - - [15/Jul/2012:14:29:51 +0200] "GET /news.php?cs_go=archiv&cs_id=1946&cs_search= HTTP/1.1" 200 9414 "-" "Mozilla/5.0 (compatible; Googlebot/2.1; +http://www.google.com/bot.html)"
66.249.71.108 - - [15/Jul/2012:14:35:59 +0200] "GET /news.php?cs_go=archiv&cs_startpos=1240 HTTP/1.1" 200 22929 "-" "Mozilla/5.0 (compatible; Googlebot/2.1; +http://www.google.com/bot.html)"
66.249.66.147 - - [15/Jul/2012:14:42:06 +0200] "GET /news.php?cs_go=archiv&cs_id=3171&cs_search= HTTP/1.1" 200 9757 "-" "Mozilla/5.0 (compatible; Googlebot/2.1; +http://www.google.com/bot.html)"
66.249.66.147 - - [15/Jul/2012:14:48:14 +0200] "GET /news.php?cs_go=archiv&cs_id=3148&cs_search= HTTP/1.1" 200 12991 "-" "Mozilla/5.0 (compatible; Googlebot/2.1; +http://www.google.com/bot.html)"
66.249.66.147 - - [15/Jul/2012:14:51:18 +0200] "GET /news.php?cs_go=archiv&cs_id=2399&cs_search= HTTP/1.1" 200 14564 "-" "Mozilla/5.0 (compatible; Googlebot/2.1; +http://www.google.com/bot.html)"
66.249.66.147 - - [15/Jul/2012:14:57:25 +0200] "GET /news.php?cs_go=archiv&cs_id=1948&cs_search= HTTP/1.1" 200 10018 "-" "Mozilla/5.0 (compatible; Googlebot/2.1; +http://www.google.com/bot.html)"
208.115.113.91 - - [15/Jul/2012:15:04:20 +0200] "GET /robots.txt HTTP/1.1" 200 177 "-" "Mozilla/5.0 (compatible; Ezooms/1.0; ezooms.bot@gmail.com)"
66.249.66.147 - - [15/Jul/2012:15:12:43 +0200] "GET /news.php?cs_go=archiv&cs_id=1854&cs_search= HTTP/1.1" 200 14188 "-" "Mozilla/5.0 (compatible; Googlebot/2.1; +http://www.google.com/bot.html)"
123.125.71.85 - - [15/Jul/2012:15:19:56 +0200] "GET /robots.txt HTTP/1.1" 200 177 "-" "Mozilla/5.0 (Windows NT 5.1; rv:6.0.2) Gecko/20100101 Firefox/6.0.2"
66.249.66.147 - - [15/Jul/2012:15:24:58 +0200] "GET /news.php?cs_go=archiv&cs_id=1944&cs_search= HTTP/1.1" 200 9771 "-" "Mozilla/5.0 (compatible; Googlebot/2.1; +http://www.google.com/bot.html)"
123.125.71.30 - - [15/Jul/2012:15:26:57 +0200] "GET / HTTP/1.1" 200 15262 "-" "Mozilla/5.0 (compatible; Baiduspider/2.0; +http://www.baidu.com/search/spider.html)"
220.181.108.103 - - [15/Jul/2012:15:27:20 +0200] "GET / HTTP/1.1" 200 10191 "-" "Mozilla/5.0 (compatible; Baiduspider/2.0; +http://www.baidu.com/search/spider.html)"
66.249.66.147 - - [15/Jul/2012:15:31:05 +0200] "GET /news.php?cs_go=archiv&cs_startpos=220 HTTP/1.1" 200 22965 "-" "Mozilla/5.0 (compatible; Googlebot/2.1; +http://www.google.com/bot.html)"
139.18.2.209 - - [15/Jul/2012:15:57:37 +0200] "GET /standard.php HTTP/1.1" 200 7081 "-" "findlinks/2.6 (+http://wortschatz.uni-leipzig.de/findlinks/)"
139.18.2.209 - - [15/Jul/2012:15:57:37 +0200] "GET /standard.php HTTP/1.1" 200 9063 "-" "findlinks/2.6 (+http://wortschatz.uni-leipzig.de/findlinks/)"
66.249.71.108 - - [15/Jul/2012:16:01:26 +0200] "GET /news.php?cs_go=archiv&cs_id=1951&cs_search= HTTP/1.1" 200 13986 "-" "Mozilla/5.0 (compatible; Googlebot/2.1; +http://www.google.com/bot.html)"
178.255.215.64 - - [15/Jul/2012:16:49:58 +0200] "GET /robots.txt HTTP/1.1" 200 177 "-" "Mozilla/5.0 (compatible; Exabot/3.0; +http://www.exabot.com/go/robot)"
178.255.215.64 - - [15/Jul/2012:16:49:58 +0200] "GET /energiesparcheck.php HTTP/1.1" 200 13490 "-" "Mozilla/5.0 (compatible; Exabot/3.0; +http://www.exabot.com/go/robot)"
65.52.109.151 - - [15/Jul/2012:17:33:52 +0200] "GET /robots.txt HTTP/1.1" 200 177 "-" "Mozilla/5.0 (compatible; bingbot/2.0; +http://www.bing.com/bingbot.htm)"
65.52.109.151 - - [15/Jul/2012:17:39:18 +0200] "GET /seiten/optiplus_detail.php?det=lager HTTP/1.1" 404 - "-" "Mozilla/5.0 (compatible; bingbot/2.0; +http://www.bing.com/bingbot.htm)"
208.115.113.91 - - [15/Jul/2012:17:56:26 +0200] "GET /robots.txt HTTP/1.1" 200 177 "-" "Mozilla/5.0 (compatible; Ezooms/1.0; ezooms.bot@gmail.com)"
178.154.179.250 - - [15/Jul/2012:18:08:32 +0200] "GET /news.php HTTP/1.1" 200 22121 "-" "Mozilla/5.0 (compatible; YandexBot/3.0; +http://yandex.com/bots)"
65.52.109.151 - - [15/Jul/2012:18:15:02 +0200] "GET /faq.php HTTP/1.1" 200 185673 "-" "Mozilla/5.0 (compatible; bingbot/2.0; +http://www.bing.com/bingbot.htm)"
89.247.35.246 - - [15/Jul/2012:18:16:44 +0200] "GET /style.css HTTP/1.1" 200 8418 "http://www.mink-gmbh.de/index.php" "Mozilla/5.0 (Windows NT 6.1; rv:13.0) Gecko/20100101 Firefox/13.0.1"
89.247.35.246 - - [15/Jul/2012:18:16:44 +0200] "GET /modul.css HTTP/1.1" 200 35038 "http://www.mink-gmbh.de/index.php" "Mozilla/5.0 (Windows NT 6.1; rv:13.0) Gecko/20100101 Firefox/13.0.1"
89.247.35.246 - - [15/Jul/2012:18:16:44 +0200] "GET /favicon.ico HTTP/1.1" 200 3638 "-" "Mozilla/5.0 (Windows NT 6.1; rv:13.0) Gecko/20100101 Firefox/13.0.1"
89.247.35.246 - - [15/Jul/2012:18:16:44 +0200] "GET /js_contentserver24_greybox/gb_styles.css HTTP/1.1" 200 2302 "http://www.mink-gmbh.de/index.php" "Mozilla/5.0 (Windows NT 6.1; rv:13.0) Gecko/20100101 Firefox/13.0.1"
89.247.35.246 - - [15/Jul/2012:18:16:44 +0200] "GET /js_contentserver24_greybox/AJS.js HTTP/1.1" 200 10396 "http://www.mink-gmbh.de/index.php" "Mozilla/5.0 (Windows NT 6.1; rv:13.0) Gecko/20100101 Firefox/13.0.1"
89.247.35.246 - - [15/Jul/2012:18:16:44 +0200] "GET /js_contentserver24_greybox/AJS_fx.js HTTP/1.1" 200 3192 "http://www.mink-gmbh.de/index.php" "Mozilla/5.0 (Windows NT 6.1; rv:13.0) Gecko/20100101 Firefox/13.0.1"
89.247.35.246 - - [15/Jul/2012:18:16:44 +0200] "GET /js_contentserver24_greybox/gb_scripts.js HTTP/1.1" 200 11913 "http://www.mink-gmbh.de/index.php" "Mozilla/5.0 (Windows NT 6.1; rv:13.0) Gecko/20100101 Firefox/13.0.1"
89.247.35.246 - - [15/Jul/2012:18:16:45 +0200] "GET /images/tkw.jpg HTTP/1.1" 200 64031 "http://www.mink-gmbh.de/index.php" "Mozilla/5.0 (Windows NT 6.1; rv:13.0) Gecko/20100101 Firefox/13.0.1"
89.247.35.246 - - [15/Jul/2012:18:16:44 +0200] "GET /index.php HTTP/1.1" 200 15262 "-" "Mozilla/5.0 (Windows NT 6.1; rv:13.0) Gecko/20100101 Firefox/13.0.1"
89.247.35.246 - - [15/Jul/2012:18:16:45 +0200] "GET /images/bg.jpg HTTP/1.1" 200 345 "http://www.mink-gmbh.de/style.css" "Mozilla/5.0 (Windows NT 6.1; rv:13.0) Gecko/20100101 Firefox/13.0.1"
89.247.35.246 - - [15/Jul/2012:18:16:45 +0200] "GET /js_contentserver24_greybox/w_close.gif HTTP/1.1" 200 74 "http://www.mink-gmbh.de/index.php" "Mozilla/5.0 (Windows NT 6.1; rv:13.0) Gecko/20100101 Firefox/13.0.1"
89.247.35.246 - - [15/Jul/2012:18:16:45 +0200] "GET /images/close.png HTTP/1.1" 200 703 "http://www.mink-gmbh.de/index.php" "Mozilla/5.0 (Windows NT 6.1; rv:13.0) Gecko/20100101 Firefox/13.0.1"
89.247.35.246 - - [15/Jul/2012:18:16:45 +0200] "GET /images/newsletter_bg.jpg HTTP/1.1" 200 33610 "http://www.mink-gmbh.de/index.php" "Mozilla/5.0 (Windows NT 6.1; rv:13.0) Gecko/20100101 Firefox/13.0.1"
89.247.35.246 - - [15/Jul/2012:18:16:45 +0200] "GET /images/newsletter.png HTTP/1.1" 200 14619 "http://www.mink-gmbh.de/style.css" "Mozilla/5.0 (Windows NT 6.1; rv:13.0) Gecko/20100101 Firefox/13.0.1"
89.247.35.246 - - [15/Jul/2012:18:16:45 +0200] "GET /images/wrapperbg.jpg HTTP/1.1" 200 27465 "http://www.mink-gmbh.de/style.css" "Mozilla/5.0 (Windows NT 6.1; rv:13.0) Gecko/20100101 Firefox/13.0.1"
89.247.35.246 - - [15/Jul/2012:18:16:45 +0200] "GET /images/header.jpg HTTP/1.1" 200 24413 "http://www.mink-gmbh.de/style.css" "Mozilla/5.0 (Windows NT 6.1; rv:13.0) Gecko/20100101 Firefox/13.0.1"
89.247.35.246 - - [15/Jul/2012:18:16:45 +0200] "GET /images/navibg.png HTTP/1.1" 200 2803 "http://www.mink-gmbh.de/style.css" "Mozilla/5.0 (Windows NT 6.1; rv:13.0) Gecko/20100101 Firefox/13.0.1"
89.247.35.246 - - [15/Jul/2012:18:16:45 +0200] "GET /images/gleichbleibend.png HTTP/1.1" 200 534 "http://www.mink-gmbh.de/modul.css" "Mozilla/5.0 (Windows NT 6.1; rv:13.0) Gecko/20100101 Firefox/13.0.1"
89.247.35.246 - - [15/Jul/2012:18:16:45 +0200] "GET /images/steigend.png HTTP/1.1" 200 688 "http://www.mink-gmbh.de/modul.css" "Mozilla/5.0 (Windows NT 6.1; rv:13.0) Gecko/20100101 Firefox/13.0.1"
89.247.35.246 - - [15/Jul/2012:18:16:45 +0200] "GET /images/mobil.jpg HTTP/1.1" 200 25293 "http://www.mink-gmbh.de/style.css" "Mozilla/5.0 (Windows NT 6.1; rv:13.0) Gecko/20100101 Firefox/13.0.1"
89.247.35.246 - - [15/Jul/2012:18:16:45 +0200] "GET /images/newsletter.jpg HTTP/1.1" 200 13130 "http://www.mink-gmbh.de/style.css" "Mozilla/5.0 (Windows NT 6.1; rv:13.0) Gecko/20100101 Firefox/13.0.1"
89.247.35.246 - - [15/Jul/2012:18:16:45 +0200] "GET /images/freecall.jpg HTTP/1.1" 200 39195 "http://www.mink-gmbh.de/index.php" "Mozilla/5.0 (Windows NT 6.1; rv:13.0) Gecko/20100101 Firefox/13.0.1"
89.247.35.246 - - [15/Jul/2012:18:16:45 +0200] "GET /images/mail.jpg HTTP/1.1" 200 11165 "http://www.mink-gmbh.de/index.php" "Mozilla/5.0 (Windows NT 6.1; rv:13.0) Gecko/20100101 Firefox/13.0.1"
89.247.35.246 - - [15/Jul/2012:18:16:45 +0200] "GET /images/kwk.gif HTTP/1.1" 200 6403 "http://www.mink-gmbh.de/index.php" "Mozilla/5.0 (Windows NT 6.1; rv:13.0) Gecko/20100101 Firefox/13.0.1"
89.247.35.246 - - [15/Jul/2012:18:16:45 +0200] "GET /images/wunschpreis.jpg HTTP/1.1" 200 16767 "http://www.mink-gmbh.de/index.php" "Mozilla/5.0 (Windows NT 6.1; rv:13.0) Gecko/20100101 Firefox/13.0.1"
89.247.35.246 - - [15/Jul/2012:18:16:45 +0200] "GET /images/logos.jpg HTTP/1.1" 200 15002 "http://www.mink-gmbh.de/index.php" "Mozilla/5.0 (Windows NT 6.1; rv:13.0) Gecko/20100101 Firefox/13.0.1"
89.247.35.246 - - [15/Jul/2012:18:16:46 +0200] "GET /images/footerbg.jpg HTTP/1.1" 200 2184 "http://www.mink-gmbh.de/style.css" "Mozilla/5.0 (Windows NT 6.1; rv:13.0) Gecko/20100101 Firefox/13.0.1"
89.247.35.246 - - [15/Jul/2012:18:16:46 +0200] "GET /js_contentserver24_greybox/header_bg.gif HTTP/1.1" 200 1188 "http://www.mink-gmbh.de/index.php" "Mozilla/5.0 (Windows NT 6.1; rv:13.0) Gecko/20100101 Firefox/13.0.1"
89.247.35.246 - - [15/Jul/2012:18:16:46 +0200] "GET /js_contentserver24_greybox/g_close.gif HTTP/1.1" 200 541 "http://www.mink-gmbh.de/index.php" "Mozilla/5.0 (Windows NT 6.1; rv:13.0) Gecko/20100101 Firefox/13.0.1"
89.247.35.246 - - [15/Jul/2012:18:16:46 +0200] "GET /js_contentserver24_greybox/indicator.gif HTTP/1.1" 200 8238 "http://www.mink-gmbh.de/index.php" "Mozilla/5.0 (Windows NT 6.1; rv:13.0) Gecko/20100101 Firefox/13.0.1"
89.247.35.246 - - [15/Jul/2012:18:16:46 +0200] "GET /js_contentserver24_greybox/loader_frame.html?s=0 HTTP/1.1" 200 2084 "http://www.mink-gmbh.de/index.php" "Mozilla/5.0 (Windows NT 6.1; rv:13.0) Gecko/20100101 Firefox/13.0.1"
66.249.66.147 - - [15/Jul/2012:18:29:19 +0200] "GET /news.php?cs_go=archiv&cs_id=2477&cs_search= HTTP/1.1" 200 10983 "-" "Mozilla/5.0 (compatible; Googlebot/2.1; +http://www.google.com/bot.html)"
66.249.71.108 - - [15/Jul/2012:18:41:55 +0200] "GET /www.kfw.de HTTP/1.1" 404 - "-" "Mozilla/5.0 (compatible; Googlebot/2.1; +http://www.google.com/bot.html)"
66.249.66.147 - - [15/Jul/2012:18:50:30 +0200] "GET /www.deutschland-macht-plus.de HTTP/1.1" 404 - "-" "Mozilla/5.0 (compatible; Googlebot/2.1; +http://www.google.com/bot.html)"
66.249.71.108 - - [15/Jul/2012:18:53:38 +0200] "GET /optiplus.php HTTP/1.1" 200 11011 "-" "Mozilla/5.0 (iPhone; U; CPU iPhone OS 4_1 like Mac OS X; en-us) AppleWebKit/532.9 (KHTML, like Gecko) Version/4.0.5 Mobile/8B117 Safari/6531.22.7 (compatible; Googlebot-Mobile/2.1; +http://www.google.com/bot.html)"
66.249.71.108 - - [15/Jul/2012:19:26:06 +0200] "GET /robots.txt HTTP/1.1" 200 177 "-" "Mozilla/5.0 (compatible; Googlebot/2.1; +http://www.google.com/bot.html)"
66.249.66.147 - - [15/Jul/2012:19:26:06 +0200] "GET /news.php?cs_go=archiv&cs_id=2177&cs_search= HTTP/1.1" 200 13836 "-" "Mozilla/5.0 (compatible; Googlebot/2.1; +http://www.google.com/bot.html)"
65.36.241.79 - - [15/Jul/2012:19:40:45 +0200] "HEAD / HTTP/1.1" 200 - "-" "InternetSeer.com"
208.115.113.91 - - [15/Jul/2012:19:48:10 +0200] "GET /news.php?cs_go=archiv&cs_id=2912&cs_search= HTTP/1.1" 200 9701 "-" "Mozilla/5.0 (compatible; Ezooms/1.0; ezooms.bot@gmail.com)"
208.115.113.91 - - [15/Jul/2012:19:48:15 +0200] "GET /news.php?cs_go=archiv&cs_startpos=1110 HTTP/1.1" 200 23013 "-" "Mozilla/5.0 (compatible; Ezooms/1.0; ezooms.bot@gmail.com)"
88.198.67.134 - - [15/Jul/2012:19:57:13 +0200] "GET /robots.txt HTTP/1.1" 200 177 "-" "Pixray-Seeker/1.1 (Pixray-Seeker; http://www.pixray.com/pixraybot; crawler@pixray.com)"
88.198.67.134 - - [15/Jul/2012:19:57:13 +0200] "GET /news.php?cs_go=archiv&cs_id=1862&cs_search= HTTP/1.1" 200 10108 "-" "Pixray-Seeker/1.1 (Pixray-Seeker; http://www.pixray.com/pixraybot; crawler@pixray.com)"
66.249.66.147 - - [15/Jul/2012:20:25:48 +0200] "GET /news.php?cs_go=archiv&cs_id=2206&cs_search= HTTP/1.1" 200 14081 "-" "Mozilla/5.0 (compatible; Googlebot/2.1; +http://www.google.com/bot.html)"
208.115.111.75 - - [15/Jul/2012:21:03:54 +0200] "GET /robots.txt HTTP/1.1" 200 177 "-" "Mozilla/5.0 (compatible; Ezooms/1.0; ezooms.bot@gmail.com)"
208.115.113.91 - - [15/Jul/2012:21:06:21 +0200] "GET /robots.txt HTTP/1.1" 200 177 "-" "Mozilla/5.0 (compatible; Ezooms/1.0; ezooms.bot@gmail.com)"
130.83.167.153 - - [15/Jul/2012:21:22:37 +0200] "GET /rueckrufservice.php HTTP/1.1" 200 6900 "-" "findlinks/2.6 (+http://wortschatz.uni-leipzig.de/findlinks/)"
130.83.167.153 - - [15/Jul/2012:21:22:37 +0200] "GET /rueckrufservice.php HTTP/1.1" 200 10615 "-" "findlinks/2.6 (+http://wortschatz.uni-leipzig.de/findlinks/)"
89.247.16.84 - - [15/Jul/2012:21:50:29 +0200] "GET /style.css HTTP/1.1" 200 8418 "http://www.mink-gmbh.de/index.php" "Mozilla/5.0 (Windows NT 6.1; rv:13.0) Gecko/20100101 Firefox/13.0.1"
89.247.16.84 - - [15/Jul/2012:21:50:29 +0200] "GET /modul.css HTTP/1.1" 200 35038 "http://www.mink-gmbh.de/index.php" "Mozilla/5.0 (Windows NT 6.1; rv:13.0) Gecko/20100101 Firefox/13.0.1"
89.247.16.84 - - [15/Jul/2012:21:50:29 +0200] "GET /favicon.ico HTTP/1.1" 200 3638 "-" "Mozilla/5.0 (Windows NT 6.1; rv:13.0) Gecko/20100101 Firefox/13.0.1"
89.247.16.84 - - [15/Jul/2012:21:50:29 +0200] "GET /js_contentserver24_greybox/gb_styles.css HTTP/1.1" 200 2302 "http://www.mink-gmbh.de/index.php" "Mozilla/5.0 (Windows NT 6.1; rv:13.0) Gecko/20100101 Firefox/13.0.1"
89.247.16.84 - - [15/Jul/2012:21:50:29 +0200] "GET /js_contentserver24_greybox/AJS.js HTTP/1.1" 200 10396 "http://www.mink-gmbh.de/index.php" "Mozilla/5.0 (Windows NT 6.1; rv:13.0) Gecko/20100101 Firefox/13.0.1"
89.247.16.84 - - [15/Jul/2012:21:50:29 +0200] "GET /js_contentserver24_greybox/AJS_fx.js HTTP/1.1" 200 3192 "http://www.mink-gmbh.de/index.php" "Mozilla/5.0 (Windows NT 6.1; rv:13.0) Gecko/20100101 Firefox/13.0.1"
89.247.16.84 - - [15/Jul/2012:21:50:30 +0200] "GET /js_contentserver24_greybox/gb_scripts.js HTTP/1.1" 200 11913 "http://www.mink-gmbh.de/index.php" "Mozilla/5.0 (Windows NT 6.1; rv:13.0) Gecko/20100101 Firefox/13.0.1"
89.247.16.84 - - [15/Jul/2012:21:50:29 +0200] "GET /index.php HTTP/1.1" 200 15262 "-" "Mozilla/5.0 (Windows NT 6.1; rv:13.0) Gecko/20100101 Firefox/13.0.1"
89.247.16.84 - - [15/Jul/2012:21:50:30 +0200] "GET /images/freecall.jpg HTTP/1.1" 200 39195 "http://www.mink-gmbh.de/index.php" "Mozilla/5.0 (Windows NT 6.1; rv:13.0) Gecko/20100101 Firefox/13.0.1"
89.247.16.84 - - [15/Jul/2012:21:50:30 +0200] "GET /images/mail.jpg HTTP/1.1" 200 11165 "http://www.mink-gmbh.de/index.php" "Mozilla/5.0 (Windows NT 6.1; rv:13.0) Gecko/20100101 Firefox/13.0.1"
89.247.16.84 - - [15/Jul/2012:21:50:30 +0200] "GET /images/kwk.gif HTTP/1.1" 200 6403 "http://www.mink-gmbh.de/index.php" "Mozilla/5.0 (Windows NT 6.1; rv:13.0) Gecko/20100101 Firefox/13.0.1"
89.247.16.84 - - [15/Jul/2012:21:50:30 +0200] "GET /images/wunschpreis.jpg HTTP/1.1" 200 16767 "http://www.mink-gmbh.de/index.php" "Mozilla/5.0 (Windows NT 6.1; rv:13.0) Gecko/20100101 Firefox/13.0.1"
89.247.16.84 - - [15/Jul/2012:21:50:30 +0200] "GET /images/logos.jpg HTTP/1.1" 200 15002 "http://www.mink-gmbh.de/index.php" "Mozilla/5.0 (Windows NT 6.1; rv:13.0) Gecko/20100101 Firefox/13.0.1"
89.247.16.84 - - [15/Jul/2012:21:50:30 +0200] "GET /images/tkw.jpg HTTP/1.1" 200 64031 "http://www.mink-gmbh.de/index.php" "Mozilla/5.0 (Windows NT 6.1; rv:13.0) Gecko/20100101 Firefox/13.0.1"
89.247.16.84 - - [15/Jul/2012:21:50:31 +0200] "GET /images/bg.jpg HTTP/1.1" 200 345 "http://www.mink-gmbh.de/style.css" "Mozilla/5.0 (Windows NT 6.1; rv:13.0) Gecko/20100101 Firefox/13.0.1"
89.247.16.84 - - [15/Jul/2012:21:50:31 +0200] "GET /js_contentserver24_greybox/w_close.gif HTTP/1.1" 200 74 "http://www.mink-gmbh.de/index.php" "Mozilla/5.0 (Windows NT 6.1; rv:13.0) Gecko/20100101 Firefox/13.0.1"
89.247.16.84 - - [15/Jul/2012:21:50:31 +0200] "GET /images/close.png HTTP/1.1" 200 703 "http://www.mink-gmbh.de/index.php" "Mozilla/5.0 (Windows NT 6.1; rv:13.0) Gecko/20100101 Firefox/13.0.1"
89.247.16.84 - - [15/Jul/2012:21:50:31 +0200] "GET /images/newsletter_bg.jpg HTTP/1.1" 200 33610 "http://www.mink-gmbh.de/index.php" "Mozilla/5.0 (Windows NT 6.1; rv:13.0) Gecko/20100101 Firefox/13.0.1"
89.247.16.84 - - [15/Jul/2012:21:50:31 +0200] "GET /images/newsletter.png HTTP/1.1" 200 14619 "http://www.mink-gmbh.de/style.css" "Mozilla/5.0 (Windows NT 6.1; rv:13.0) Gecko/20100101 Firefox/13.0.1"
89.247.16.84 - - [15/Jul/2012:21:50:31 +0200] "GET /images/wrapperbg.jpg HTTP/1.1" 200 27465 "http://www.mink-gmbh.de/style.css" "Mozilla/5.0 (Windows NT 6.1; rv:13.0) Gecko/20100101 Firefox/13.0.1"
89.247.16.84 - - [15/Jul/2012:21:50:31 +0200] "GET /images/header.jpg HTTP/1.1" 200 24413 "http://www.mink-gmbh.de/style.css" "Mozilla/5.0 (Windows NT 6.1; rv:13.0) Gecko/20100101 Firefox/13.0.1"
89.247.16.84 - - [15/Jul/2012:21:50:31 +0200] "GET /images/navibg.png HTTP/1.1" 200 2803 "http://www.mink-gmbh.de/style.css" "Mozilla/5.0 (Windows NT 6.1; rv:13.0) Gecko/20100101 Firefox/13.0.1"
89.247.16.84 - - [15/Jul/2012:21:50:31 +0200] "GET /images/gleichbleibend.png HTTP/1.1" 200 534 "http://www.mink-gmbh.de/modul.css" "Mozilla/5.0 (Windows NT 6.1; rv:13.0) Gecko/20100101 Firefox/13.0.1"
89.247.16.84 - - [15/Jul/2012:21:50:31 +0200] "GET /images/steigend.png HTTP/1.1" 200 688 "http://www.mink-gmbh.de/modul.css" "Mozilla/5.0 (Windows NT 6.1; rv:13.0) Gecko/20100101 Firefox/13.0.1"
89.247.16.84 - - [15/Jul/2012:21:50:31 +0200] "GET /images/mobil.jpg HTTP/1.1" 200 25293 "http://www.mink-gmbh.de/style.css" "Mozilla/5.0 (Windows NT 6.1; rv:13.0) Gecko/20100101 Firefox/13.0.1"
89.247.16.84 - - [15/Jul/2012:21:50:31 +0200] "GET /images/newsletter.jpg HTTP/1.1" 200 13130 "http://www.mink-gmbh.de/style.css" "Mozilla/5.0 (Windows NT 6.1; rv:13.0) Gecko/20100101 Firefox/13.0.1"
89.247.16.84 - - [15/Jul/2012:21:50:31 +0200] "GET /images/footerbg.jpg HTTP/1.1" 200 2184 "http://www.mink-gmbh.de/style.css" "Mozilla/5.0 (Windows NT 6.1; rv:13.0) Gecko/20100101 Firefox/13.0.1"
89.247.16.84 - - [15/Jul/2012:21:50:31 +0200] "GET /js_contentserver24_greybox/header_bg.gif HTTP/1.1" 200 1188 "http://www.mink-gmbh.de/index.php" "Mozilla/5.0 (Windows NT 6.1; rv:13.0) Gecko/20100101 Firefox/13.0.1"
89.247.16.84 - - [15/Jul/2012:21:50:31 +0200] "GET /js_contentserver24_greybox/g_close.gif HTTP/1.1" 200 541 "http://www.mink-gmbh.de/index.php" "Mozilla/5.0 (Windows NT 6.1; rv:13.0) Gecko/20100101 Firefox/13.0.1"
89.247.16.84 - - [15/Jul/2012:21:50:31 +0200] "GET /js_contentserver24_greybox/indicator.gif HTTP/1.1" 200 8238 "http://www.mink-gmbh.de/index.php" "Mozilla/5.0 (Windows NT 6.1; rv:13.0) Gecko/20100101 Firefox/13.0.1"
89.247.16.84 - - [15/Jul/2012:21:50:31 +0200] "GET /js_contentserver24_greybox/loader_frame.html?s=0 HTTP/1.1" 200 2084 "http://www.mink-gmbh.de/index.php" "Mozilla/5.0 (Windows NT 6.1; rv:13.0) Gecko/20100101 Firefox/13.0.1"
79.201.114.207 - - [15/Jul/2012:22:22:44 +0200] "GET /js_contentserver24_greybox/loader_frame.html?s=0 HTTP/1.1" 304 - "http://www.mink-gmbh.de/" "Mozilla/5.0 (Windows NT 6.1; rv:13.0) Gecko/20100101 Firefox/13.0.1"
79.201.114.207 - - [15/Jul/2012:22:22:43 +0200] "GET / HTTP/1.1" 200 15262 "-" "Mozilla/5.0 (Windows NT 6.1; rv:13.0) Gecko/20100101 Firefox/13.0.1"
66.249.66.147 - - [15/Jul/2012:22:35:24 +0200] "GET /news.php?cs_go=archiv&cs_id=1950&cs_search= HTTP/1.1" 200 9298 "-" "Mozilla/5.0 (compatible; Googlebot/2.1; +http://www.google.com/bot.html)"
66.249.66.147 - - [15/Jul/2012:22:53:51 +0200] "GET /news.php?cs_go=archiv&cs_id=1952&cs_search= HTTP/1.1" 200 9548 "-" "Mozilla/5.0 (compatible; Googlebot/2.1; +http://www.google.com/bot.html)"
208.115.113.91 - - [15/Jul/2012:22:57:57 +0200] "GET /news.php?cs_go=archiv&cs_id=2912&cs_search= HTTP/1.1" 200 9701 "-" "Mozilla/5.0 (compatible; Ezooms/1.0; ezooms.bot@gmail.com)"
208.115.113.91 - - [15/Jul/2012:22:58:00 +0200] "GET /news.php?cs_go=archiv&cs_startpos=1110 HTTP/1.1" 200 23013 "-" "Mozilla/5.0 (compatible; Ezooms/1.0; ezooms.bot@gmail.com)"
66.249.66.147 - - [15/Jul/2012:23:09:21 +0200] "GET /news.php?cs_go=archiv&cs_id=1955&cs_search= HTTP/1.1" 200 9585 "-" "Mozilla/5.0 (compatible; Googlebot/2.1; +http://www.google.com/bot.html)"
66.249.66.147 - - [15/Jul/2012:23:24:42 +0200] "GET /news.php?cs_go=archiv&cs_id=1956&cs_search= HTTP/1.1" 200 11511 "-" "Mozilla/5.0 (compatible; Googlebot/2.1; +http://www.google.com/bot.html)"
220.181.108.116 - - [15/Jul/2012:23:28:40 +0200] "GET / HTTP/1.1" 200 6439 "-" "Mozilla/5.0 (compatible; Baiduspider/2.0; +http://www.baidu.com/search/spider.html)"
208.115.111.75 - - [15/Jul/2012:23:35:06 +0200] "GET /robots.txt HTTP/1.1" 200 177 "-" "Mozilla/5.0 (compatible; Ezooms/1.0; ezooms.bot@gmail.com)"
66.249.71.108 - - [15/Jul/2012:23:37:08 +0200] "GET /news.php?cs_go=archiv&cs_id=1959&cs_search= HTTP/1.1" 200 9450 "-" "Mozilla/5.0 (compatible; Googlebot/2.1; +http://www.google.com/bot.html)"
66.249.66.147 - - [15/Jul/2012:23:52:33 +0200] "GET /news.php?cs_go=archiv&cs_id=1961&cs_search= HTTP/1.1" 200 10333 "-" "Mozilla/5.0 (compatible; Googlebot/2.1; +http://www.google.com/bot.html)"
109.189.105.143 - - [16/Jul/2012:00:00:06 +0200] "GET /robots.txt HTTP/1.0" 200 177 "-" "Mozilla/5.0 (compatible; MJ12bot/v1.4.3; http://www.majestic12.co.uk/bot.php?+)"
109.189.105.143 - - [16/Jul/2012:00:00:07 +0200] "GET /agb.php HTTP/1.0" 200 19709 "-" "Mozilla/5.0 (compatible; MJ12bot/v1.4.3; http://www.majestic12.co.uk/bot.php?+)"
109.189.105.143 - - [16/Jul/2012:00:00:09 +0200] "GET /news.php?cs_go=archiv&cs_id=2678 HTTP/1.0" 200 9971 "-" "Mozilla/5.0 (compatible; MJ12bot/v1.4.3; http://www.majestic12.co.uk/bot.php?+)"
109.189.105.143 - - [16/Jul/2012:00:00:10 +0200] "GET /news.php?cs_go=archiv&cs_id=2679 HTTP/1.0" 200 10667 "-" "Mozilla/5.0 (compatible; MJ12bot/v1.4.3; http://www.majestic12.co.uk/bot.php?+)"
109.189.105.143 - - [16/Jul/2012:00:00:12 +0200] "GET /news.php?cs_go=archiv&cs_id=2680 HTTP/1.0" 200 13613 "-" "Mozilla/5.0 (compatible; MJ12bot/v1.4.3; http://www.majestic12.co.uk/bot.php?+)"
109.189.105.143 - - [16/Jul/2012:00:00:31 +0200] "GET /news.php?cs_go=archiv&cs_id=2681 HTTP/1.0" 200 10154 "-" "Mozilla/5.0 (compatible; MJ12bot/v1.4.3; http://www.majestic12.co.uk/bot.php?+)"
109.189.105.143 - - [16/Jul/2012:00:00:33 +0200] "GET /news.php?cs_go=archiv&cs_id=2682 HTTP/1.0" 200 10584 "-" "Mozilla/5.0 (compatible; MJ12bot/v1.4.3; http://www.majestic12.co.uk/bot.php?+)"
109.189.105.143 - - [16/Jul/2012:00:00:36 +0200] "GET /news.php?cs_go=archiv&cs_id=2683 HTTP/1.0" 200 13555 "-" "Mozilla/5.0 (compatible; MJ12bot/v1.4.3; http://www.majestic12.co.uk/bot.php?+)"
109.189.105.143 - - [16/Jul/2012:00:00:38 +0200] "GET /news.php?cs_go=archiv&cs_id=2684 HTTP/1.0" 200 10001 "-" "Mozilla/5.0 (compatible; MJ12bot/v1.4.3; http://www.majestic12.co.uk/bot.php?+)"
109.189.105.143 - - [16/Jul/2012:00:00:40 +0200] "GET /news.php?cs_go=archiv&cs_id=2685 HTTP/1.0" 200 9646 "-" "Mozilla/5.0 (compatible; MJ12bot/v1.4.3; http://www.majestic12.co.uk/bot.php?+)"
109.189.105.143 - - [16/Jul/2012:00:00:43 +0200] "GET /news.php?cs_go=archiv&cs_id=2686 HTTP/1.0" 200 10124 "-" "Mozilla/5.0 (compatible; MJ12bot/v1.4.3; http://www.majestic12.co.uk/bot.php?+)"
109.189.105.143 - - [16/Jul/2012:00:00:45 +0200] "GET /news.php?cs_go=archiv&cs_id=2687 HTTP/1.0" 200 10244 "-" "Mozilla/5.0 (compatible; MJ12bot/v1.4.3; http://www.majestic12.co.uk/bot.php?+)"
109.189.105.143 - - [16/Jul/2012:00:00:50 +0200] "GET /news.php?cs_go=archiv&cs_id=2688 HTTP/1.0" 200 13852 "-" "Mozilla/5.0 (compatible; MJ12bot/v1.4.3; http://www.majestic12.co.uk/bot.php?+)"
109.189.105.143 - - [16/Jul/2012:00:01:02 +0200] "GET /news.php?cs_go=archiv&cs_id=2689 HTTP/1.0" 200 10303 "-" "Mozilla/5.0 (compatible; MJ12bot/v1.4.3; http://www.majestic12.co.uk/bot.php?+)"
109.189.105.143 - - [16/Jul/2012:00:01:17 +0200] "GET /news.php?cs_go=archiv&cs_id=2690 HTTP/1.0" 200 10405 "-" "Mozilla/5.0 (compatible; MJ12bot/v1.4.3; http://www.majestic12.co.uk/bot.php?+)"
109.189.105.143 - - [16/Jul/2012:00:01:26 +0200] "GET /news.php?cs_go=archiv&cs_id=2691 HTTP/1.0" 200 13867 "-" "Mozilla/5.0 (compatible; MJ12bot/v1.4.3; http://www.majestic12.co.uk/bot.php?+)"
66.249.66.147 - - [16/Jul/2012:00:04:52 +0200] "GET /news.php?cs_go=archiv&cs_id=1966&cs_search= HTTP/1.1" 200 10021 "-" "Mozilla/5.0 (compatible; Googlebot/2.1; +http://www.google.com/bot.html)"
66.249.66.147 - - [16/Jul/2012:00:07:38 +0200] "GET /news.php?cs_go=archiv&cs_id=1968&cs_search= HTTP/1.1" 200 9703 "-" "Mozilla/5.0 (compatible; Googlebot/2.1; +http://www.google.com/bot.html)"
157.55.16.86 - - [16/Jul/2012:00:19:52 +0200] "GET /robots.txt HTTP/1.1" 200 177 "-" "Mozilla/5.0 (compatible; bingbot/2.0; +http://www.bing.com/bingbot.htm)"
157.55.16.86 - - [16/Jul/2012:00:20:40 +0200] "GET /optiplus.php HTTP/1.1" 200 11011 "-" "Mozilla/5.0 (compatible; bingbot/2.0; +http://www.bing.com/bingbot.htm)"
66.249.66.147 - - [16/Jul/2012:00:29:30 +0200] "GET /news.php?cs_go=archiv&cs_id=1970&cs_search= HTTP/1.1" 200 9420 "-" "Mozilla/5.0 (compatible; Googlebot/2.1; +http://www.google.com/bot.html)"
65.36.241.79 - - [16/Jul/2012:00:30:17 +0200] "HEAD / HTTP/1.1" 200 - "-" "InternetSeer.com"
66.249.66.147 - - [16/Jul/2012:00:35:27 +0200] "GET /news.php?cs_go=archiv&cs_id=1972&cs_search= HTTP/1.1" 200 9429 "-" "Mozilla/5.0 (compatible; Googlebot/2.1; +http://www.google.com/bot.html)"
208.115.113.91 - - [16/Jul/2012:00:49:21 +0200] "GET /robots.txt HTTP/1.1" 200 177 "-" "Mozilla/5.0 (compatible; Ezooms/1.0; ezooms.bot@gmail.com)"
66.249.71.108 - - [16/Jul/2012:00:52:26 +0200] "GET /news.php?cs_go=archiv&cs_id=1976&cs_search= HTTP/1.1" 200 9572 "-" "Mozilla/5.0 (compatible; Googlebot/2.1; +http://www.google.com/bot.html)"
173.236.21.106 - - [16/Jul/2012:02:15:59 +0200] "GET /robots.txt HTTP/1.0" 200 177 "-" "Mozilla/5.0 (compatible; MJ12bot/v1.4.3; http://www.majestic12.co.uk/bot.php?+)"
173.236.21.106 - - [16/Jul/2012:02:16:01 +0200] "GET /Heizoel.htm HTTP/1.0" 404 - "-" "Mozilla/5.0 (compatible; MJ12bot/v1.4.3; http://www.majestic12.co.uk/bot.php?+)"
173.236.21.106 - - [16/Jul/2012:02:16:02 +0200] "GET /seiten/kontakt.php HTTP/1.0" 404 - "-" "Mozilla/5.0 (compatible; MJ12bot/v1.4.3; http://www.majestic12.co.uk/bot.php?+)"
157.55.16.221 - - [16/Jul/2012:02:28:20 +0200] "GET /robots.txt HTTP/1.1" 200 177 "-" "Mozilla/5.0 (compatible; bingbot/2.0; +http://www.bing.com/bingbot.htm)"
157.55.16.221 - - [16/Jul/2012:02:29:08 +0200] "GET / HTTP/1.1" 200 15262 "-" "Mozilla/5.0 (compatible; bingbot/2.0; +http://www.bing.com/bingbot.htm)"
208.115.113.91 - - [16/Jul/2012:02:37:53 +0200] "GET /news.php?cs_go=archiv&cs_startpos=1230 HTTP/1.1" 200 23080 "-" "Mozilla/5.0 (compatible; Ezooms/1.0; ezooms.bot@gmail.com)"
208.115.113.91 - - [16/Jul/2012:02:37:57 +0200] "GET /standard.php HTTP/1.1" 200 9150 "-" "Mozilla/5.0 (compatible; Ezooms/1.0; ezooms.bot@gmail.com)"
46.4.90.168 - - [16/Jul/2012:02:46:07 +0200] "GET /standard.php HTTP/1.1" 200 9150 "-" "Mozilla/4.0 (compatible; MSIE 6.0; Windows 98; Win 9x4.90)"
66.249.66.147 - - [16/Jul/2012:03:27:11 +0200] "GET /news.php?cs_go=archiv&cs_id=2073&cs_search= HTTP/1.1" 200 13510 "-" "Mozilla/5.0 (compatible; Googlebot/2.1; +http://www.google.com/bot.html)"
208.115.113.91 - - [16/Jul/2012:04:32:26 +0200] "GET /robots.txt HTTP/1.1" 200 177 "-" "Mozilla/5.0 (compatible; Ezooms/1.0; ezooms.bot@gmail.com)"
213.186.127.7 - - [16/Jul/2012:05:01:35 +0200] "GET /news.php?cs_go=archiv&cs_id=3100&cs_search= HTTP/1.1" 200 13470 "-" "Mozilla/5.0 (compatible; AhrefsBot/3.0; +http://ahrefs.com/robot/)"
65.36.241.79 - - [16/Jul/2012:05:22:09 +0200] "HEAD / HTTP/1.1" 200 - "-" "InternetSeer.com"
188.40.66.214 - - [16/Jul/2012:05:36:27 +0200] "GET /robots.txt HTTP/1.1" 200 177 "-" "Pixray-Seeker/1.1 (Pixray-Seeker; http://www.pixray.com/pixraybot; crawler@pixray.com)"
188.40.66.214 - - [16/Jul/2012:05:36:27 +0200] "GET /news.php?cs_go=archiv&cs_id=1864&cs_search= HTTP/1.1" 200 14791 "-" "Pixray-Seeker/1.1 (Pixray-Seeker; http://www.pixray.com/pixraybot; crawler@pixray.com)"
66.249.66.147 - - [16/Jul/2012:06:00:37 +0200] "GET /news.php?cs_go=archiv&cs_id=2115&cs_search= HTTP/1.1" 200 13845 "-" "Mozilla/5.0 (compatible; Googlebot/2.1; +http://www.google.com/bot.html)"
46.4.118.75 - - [16/Jul/2012:06:05:02 +0200] "GET /robots.txt HTTP/1.1" 200 177 "-" "Pixray-Seeker/1.1 (Pixray-Seeker; http://www.pixray.com/pixraybot; crawler@pixray.com)"
46.4.118.75 - - [16/Jul/2012:06:05:02 +0200] "GET /news.php?cs_go=archiv&cs_id=3006&cs_search= HTTP/1.1" 200 11715 "-" "Pixray-Seeker/1.1 (Pixray-Seeker; http://www.pixray.com/pixraybot; crawler@pixray.com)"
66.249.66.147 - - [16/Jul/2012:06:06:39 +0200] "GET /news.php?cs_go=archiv&cs_id=2095&cs_search= HTTP/1.1" 200 15125 "-" "Mozilla/5.0 (compatible; Googlebot/2.1; +http://www.google.com/bot.html)"
66.249.66.147 - - [16/Jul/2012:06:10:21 +0200] "GET /news.php?cs_go=archiv&cs_id=2097&cs_search= HTTP/1.1" 200 15095 "-" "Mozilla/5.0 (compatible; Googlebot/2.1; +http://www.google.com/bot.html)"
66.249.66.147 - - [16/Jul/2012:06:14:04 +0200] "GET /news.php?cs_go=archiv&cs_id=2094&cs_search= HTTP/1.1" 200 14949 "-" "Mozilla/5.0 (compatible; Googlebot/2.1; +http://www.google.com/bot.html)"
66.249.66.147 - - [16/Jul/2012:06:20:59 +0200] "GET /news.php?cs_go=archiv&cs_id=2170&cs_search= HTTP/1.1" 200 13725 "-" "Mozilla/5.0 (compatible; Googlebot/2.1; +http://www.google.com/bot.html)"
66.249.66.147 - - [16/Jul/2012:06:21:27 +0200] "GET /news.php?cs_go=archiv&cs_id=2092&cs_search= HTTP/1.1" 200 15136 "-" "Mozilla/5.0 (compatible; Googlebot/2.1; +http://www.google.com/bot.html)"
66.249.71.108 - - [16/Jul/2012:06:25:11 +0200] "GET /news.php?cs_go=archiv&cs_id=2119&cs_search= HTTP/1.1" 200 13855 "-" "Mozilla/5.0 (compatible; Googlebot/2.1; +http://www.google.com/bot.html)"
208.115.113.91 - - [16/Jul/2012:06:25:58 +0200] "GET /news.php?cs_go=archiv&cs_id=2949&cs_search= HTTP/1.1" 200 11456 "-" "Mozilla/5.0 (compatible; Ezooms/1.0; ezooms.bot@gmail.com)"
208.115.113.91 - - [16/Jul/2012:06:26:06 +0200] "GET /news.php?cs_go=archiv&cs_id=2972&cs_search= HTTP/1.1" 200 14106 "-" "Mozilla/5.0 (compatible; Ezooms/1.0; ezooms.bot@gmail.com)"
208.115.113.91 - - [16/Jul/2012:06:26:10 +0200] "GET /wunschpreis.php HTTP/1.1" 200 11985 "-" "Mozilla/5.0 (compatible; Ezooms/1.0; ezooms.bot@gmail.com)"
66.249.66.147 - - [16/Jul/2012:06:28:53 +0200] "GET /news.php?cs_go=archiv&cs_id=2106&cs_search= HTTP/1.1" 200 14048 "-" "Mozilla/5.0 (compatible; Googlebot/2.1; +http://www.google.com/bot.html)"
188.40.65.130 - - [16/Jul/2012:06:32:27 +0200] "GET /robots.txt HTTP/1.1" 200 177 "-" "Pixray-Seeker/1.1 (Pixray-Seeker; http://www.pixray.com/pixraybot; crawler@pixray.com)"
188.40.65.130 - - [16/Jul/2012:06:32:27 +0200] "GET /news.php?cs_go=archiv&cs_id=3015&cs_search= HTTP/1.1" 200 13573 "-" "Pixray-Seeker/1.1 (Pixray-Seeker; http://www.pixray.com/pixraybot; crawler@pixray.com)"
66.249.71.108 - - [16/Jul/2012:06:32:35 +0200] "GET /news.php?cs_go=archiv&cs_id=2110&cs_search= HTTP/1.1" 200 13896 "-" "Mozilla/5.0 (compatible; Googlebot/2.1; +http://www.google.com/bot.html)"
66.249.66.147 - - [16/Jul/2012:06:38:50 +0200] "GET /news.php?cs_go=archiv&cs_id=2358&cs_search= HTTP/1.1" 200 11317 "-" "Mozilla/5.0 (compatible; Googlebot/2.1; +http://www.google.com/bot.html)"
123.125.71.107 - - [16/Jul/2012:06:50:18 +0200] "GET / HTTP/1.1" 200 15262 "-" "Mozilla/5.0 (compatible; Baiduspider/2.0; +http://www.baidu.com/search/spider.html)"
123.125.71.102 - - [16/Jul/2012:06:50:28 +0200] "GET /rueckrufservice.php HTTP/1.1" 200 10702 "-" "Mozilla/5.0 (compatible; Baiduspider/2.0; +http://www.baidu.com/search/spider.html)"
123.125.71.95 - - [16/Jul/2012:06:50:32 +0200] "GET /index.php HTTP/1.1" 200 15262 "-" "Mozilla/5.0 (compatible; Baiduspider/2.0; +http://www.baidu.com/search/spider.html)"
123.125.71.12 - - [16/Jul/2012:06:50:33 +0200] "GET /news.php?cs_go=archiv HTTP/1.1" 200 22121 "-" "Mozilla/5.0 (compatible; Baiduspider/2.0; +http://www.baidu.com/search/spider.html)"
123.125.71.110 - - [16/Jul/2012:06:50:35 +0200] "GET / HTTP/1.1" 200 15262 "-" "Mozilla/5.0 (compatible; Baiduspider/2.0; +http://www.baidu.com/search/spider.html)"
123.125.71.30 - - [16/Jul/2012:06:50:36 +0200] "GET /preisanfrage.php HTTP/1.1" 200 10636 "-" "Mozilla/5.0 (compatible; Baiduspider/2.0; +http://www.baidu.com/search/spider.html)"
123.125.71.24 - - [16/Jul/2012:06:50:38 +0200] "GET /standard.php HTTP/1.1" 200 9150 "-" "Mozilla/5.0 (compatible; Baiduspider/2.0; +http://www.baidu.com/search/spider.html)"
123.125.71.77 - - [16/Jul/2012:06:50:39 +0200] "GET /wunschpreis.php HTTP/1.1" 200 11985 "-" "Mozilla/5.0 (compatible; Baiduspider/2.0; +http://www.baidu.com/search/spider.html)"
123.125.71.111 - - [16/Jul/2012:06:50:40 +0200] "GET /optiplus.php HTTP/1.1" 200 11011 "-" "Mozilla/5.0 (compatible; Baiduspider/2.0; +http://www.baidu.com/search/spider.html)"
123.125.71.108 - - [16/Jul/2012:06:50:42 +0200] "GET /modul.css HTTP/1.1" 200 35038 "-" "Mozilla/5.0 (compatible; Baiduspider/2.0; +http://www.baidu.com/search/spider.html)"
123.125.71.53 - - [16/Jul/2012:06:50:46 +0200] "GET /impressum.php HTTP/1.1" 200 8944 "-" "Mozilla/5.0 (compatible; Baiduspider/2.0; +http://www.baidu.com/search/spider.html)"
123.125.71.76 - - [16/Jul/2012:06:50:44 +0200] "GET /newsletter.php HTTP/1.1" 200 8839 "-" "Mozilla/5.0 (compatible; Baiduspider/2.0; +http://www.baidu.com/search/spider.html)"
123.125.71.96 - - [16/Jul/2012:06:50:48 +0200] "GET /kontakt.php HTTP/1.1" 200 9127 "-" "Mozilla/5.0 (compatible; Baiduspider/2.0; +http://www.baidu.com/search/spider.html)"
123.125.71.101 - - [16/Jul/2012:06:50:50 +0200] "GET /kwk.php HTTP/1.1" 200 10815 "-" "Mozilla/5.0 (compatible; Baiduspider/2.0; +http://www.baidu.com/search/spider.html)"
123.125.71.19 - - [16/Jul/2012:06:50:52 +0200] "GET /news.php HTTP/1.1" 200 22121 "-" "Mozilla/5.0 (compatible; Baiduspider/2.0; +http://www.baidu.com/search/spider.html)"
123.125.71.94 - - [16/Jul/2012:06:50:54 +0200] "GET /agb.php HTTP/1.1" 200 19709 "-" "Mozilla/5.0 (compatible; Baiduspider/2.0; +http://www.baidu.com/search/spider.html)"
123.125.71.16 - - [16/Jul/2012:06:50:59 +0200] "GET /js_contentserver24_greybox/gb_styles.css HTTP/1.1" 200 2302 "-" "Mozilla/5.0 (compatible; Baiduspider/2.0; +http://www.baidu.com/search/spider.html)"
66.249.72.59 - - [16/Jul/2012:06:58:30 +0200] "GET /news.php?cs_go=archiv&cs_id=2102&cs_search= HTTP/1.1" 200 15208 "-" "Mozilla/5.0 (compatible; Googlebot/2.1; +http://www.google.com/bot.html)"
66.249.71.108 - - [16/Jul/2012:06:59:13 +0200] "GET /news.php?cs_go=archiv&cs_id=2122&cs_search= HTTP/1.1" 200 14087 "-" "Mozilla/5.0 (compatible; Googlebot/2.1; +http://www.google.com/bot.html)"
66.249.66.147 - - [16/Jul/2012:07:02:11 +0200] "GET /news.php?cs_go=archiv&cs_id=2124&cs_search= HTTP/1.1" 200 13860 "-" "Mozilla/5.0 (compatible; Googlebot/2.1; +http://www.google.com/bot.html)"
66.249.71.108 - - [16/Jul/2012:07:19:40 +0200] "GET /news.php?cs_go=archiv&cs_id=2142&cs_search= HTTP/1.1" 200 13807 "-" "Mozilla/5.0 (compatible; Googlebot/2.1; +http://www.google.com/bot.html)"
66.249.66.147 - - [16/Jul/2012:07:35:31 +0200] "GET /news.php?cs_go=archiv&cs_id=2099&cs_search= HTTP/1.1" 200 15005 "-" "Mozilla/5.0 (compatible; Googlebot/2.1; +http://www.google.com/bot.html)"
66.249.71.108 - - [16/Jul/2012:07:39:13 +0200] "GET /news.php?cs_go=archiv&cs_startpos=1 HTTP/1.1" 200 22429 "-" "Mozilla/5.0 (compatible; Googlebot/2.1; +http://www.google.com/bot.html)"
66.249.71.108 - - [16/Jul/2012:07:40:07 +0200] "GET /news.php?cs_go=archiv&cs_id=2228&cs_search= HTTP/1.1" 200 13868 "-" "Mozilla/5.0 (compatible; Googlebot/2.1; +http://www.google.com/bot.html)"
66.249.66.147 - - [16/Jul/2012:08:00:33 +0200] "GET /news.php?cs_go=archiv&cs_id=2184&cs_search= HTTP/1.1" 200 13910 "-" "Mozilla/5.0 (compatible; Googlebot/2.1; +http://www.google.com/bot.html)"
66.249.66.147 - - [16/Jul/2012:08:01:08 +0200] "GET /news.php?cs_go=archiv&cs_id=3261&cs_search= HTTP/1.1" 200 9775 "-" "Mozilla/5.0 (compatible; Googlebot/2.1; +http://www.google.com/bot.html)"
66.249.66.147 - - [16/Jul/2012:08:02:54 +0200] "GET /news.php?cs_go=archiv&cs_id=3260&cs_search= HTTP/1.1" 200 13371 "-" "Mozilla/5.0 (compatible; Googlebot/2.1; +http://www.google.com/bot.html)"
