88.67.37.171 - - [04/Nov/2012:10:10:10 +0100] "GET /modul.css HTTP/1.1" 200 35038 "http://www.mink-gmbh.de/optiplus.php" "Mozilla/4.0 (compatible; MSIE 8.0; Windows NT 5.1; Trident/4.0; .NET CLR 1.1.4322; .NET CLR 2.0.50727; .NET CLR 3.0.4506.2152; .NET CLR 3.5.30729; OfficeLiveConnector.1.5; OfficeLivePatch.1.3)"
88.67.37.171 - - [04/Nov/2012:10:10:10 +0100] "GET /images/optiplus.jpg HTTP/1.1" 200 37436 "http://www.mink-gmbh.de/optiplus.php" "Mozilla/4.0 (compatible; MSIE 8.0; Windows NT 5.1; Trident/4.0; .NET CLR 1.1.4322; .NET CLR 2.0.50727; .NET CLR 3.0.4506.2152; .NET CLR 3.5.30729; OfficeLiveConnector.1.5; OfficeLivePatch.1.3)"
88.67.37.171 - - [04/Nov/2012:10:10:10 +0100] "GET /images/mail.jpg HTTP/1.1" 200 11165 "http://www.mink-gmbh.de/optiplus.php" "Mozilla/4.0 (compatible; MSIE 8.0; Windows NT 5.1; Trident/4.0; .NET CLR 1.1.4322; .NET CLR 2.0.50727; .NET CLR 3.0.4506.2152; .NET CLR 3.5.30729; OfficeLiveConnector.1.5; OfficeLivePatch.1.3)"
88.67.37.171 - - [04/Nov/2012:10:10:10 +0100] "GET /images/freecall.jpg HTTP/1.1" 200 39195 "http://www.mink-gmbh.de/optiplus.php" "Mozilla/4.0 (compatible; MSIE 8.0; Windows NT 5.1; Trident/4.0; .NET CLR 1.1.4322; .NET CLR 2.0.50727; .NET CLR 3.0.4506.2152; .NET CLR 3.5.30729; OfficeLiveConnector.1.5; OfficeLivePatch.1.3)"
88.67.37.171 - - [04/Nov/2012:10:10:10 +0100] "GET /images/Optiseite.jpg HTTP/1.1" 200 32107 "http://www.mink-gmbh.de/optiplus.php" "Mozilla/4.0 (compatible; MSIE 8.0; Windows NT 5.1; Trident/4.0; .NET CLR 1.1.4322; .NET CLR 2.0.50727; .NET CLR 3.0.4506.2152; .NET CLR 3.5.30729; OfficeLiveConnector.1.5; OfficeLivePatch.1.3)"
88.67.37.171 - - [04/Nov/2012:10:10:10 +0100] "GET /images/bg.jpg HTTP/1.1" 200 345 "http://www.mink-gmbh.de/optiplus.php" "Mozilla/4.0 (compatible; MSIE 8.0; Windows NT 5.1; Trident/4.0; .NET CLR 1.1.4322; .NET CLR 2.0.50727; .NET CLR 3.0.4506.2152; .NET CLR 3.5.30729; OfficeLiveConnector.1.5; OfficeLivePatch.1.3)"
88.67.37.171 - - [04/Nov/2012:10:10:11 +0100] "GET /images/kwk.gif HTTP/1.1" 200 6403 "http://www.mink-gmbh.de/optiplus.php" "Mozilla/4.0 (compatible; MSIE 8.0; Windows NT 5.1; Trident/4.0; .NET CLR 1.1.4322; .NET CLR 2.0.50727; .NET CLR 3.0.4506.2152; .NET CLR 3.5.30729; OfficeLiveConnector.1.5; OfficeLivePatch.1.3)"
88.67.37.171 - - [04/Nov/2012:10:10:11 +0100] "GET /images/wunschpreis.jpg HTTP/1.1" 200 16767 "http://www.mink-gmbh.de/optiplus.php" "Mozilla/4.0 (compatible; MSIE 8.0; Windows NT 5.1; Trident/4.0; .NET CLR 1.1.4322; .NET CLR 2.0.50727; .NET CLR 3.0.4506.2152; .NET CLR 3.5.30729; OfficeLiveConnector.1.5; OfficeLivePatch.1.3)"
88.67.37.171 - - [04/Nov/2012:10:10:11 +0100] "GET /images/newsletter_bg.jpg HTTP/1.1" 200 33610 "http://www.mink-gmbh.de/optiplus.php" "Mozilla/4.0 (compatible; MSIE 8.0; Windows NT 5.1; Trident/4.0; .NET CLR 1.1.4322; .NET CLR 2.0.50727; .NET CLR 3.0.4506.2152; .NET CLR 3.5.30729; OfficeLiveConnector.1.5; OfficeLivePatch.1.3)"
88.67.37.171 - - [04/Nov/2012:10:10:11 +0100] "GET /images/logos.jpg HTTP/1.1" 200 15002 "http://www.mink-gmbh.de/optiplus.php" "Mozilla/4.0 (compatible; MSIE 8.0; Windows NT 5.1; Trident/4.0; .NET CLR 1.1.4322; .NET CLR 2.0.50727; .NET CLR 3.0.4506.2152; .NET CLR 3.5.30729; OfficeLiveConnector.1.5; OfficeLivePatch.1.3)"
88.67.37.171 - - [04/Nov/2012:10:10:11 +0100] "GET /images/wrapperbg.jpg HTTP/1.1" 200 27465 "http://www.mink-gmbh.de/optiplus.php" "Mozilla/4.0 (compatible; MSIE 8.0; Windows NT 5.1; Trident/4.0; .NET CLR 1.1.4322; .NET CLR 2.0.50727; .NET CLR 3.0.4506.2152; .NET CLR 3.5.30729; OfficeLiveConnector.1.5; OfficeLivePatch.1.3)"
88.67.37.171 - - [04/Nov/2012:10:10:11 +0100] "GET /images/navibg.png HTTP/1.1" 200 2803 "http://www.mink-gmbh.de/optiplus.php" "Mozilla/4.0 (compatible; MSIE 8.0; Windows NT 5.1; Trident/4.0; .NET CLR 1.1.4322; .NET CLR 2.0.50727; .NET CLR 3.0.4506.2152; .NET CLR 3.5.30729; OfficeLiveConnector.1.5; OfficeLivePatch.1.3)"
88.67.37.171 - - [04/Nov/2012:10:10:11 +0100] "GET /images/close.png HTTP/1.1" 200 703 "http://www.mink-gmbh.de/optiplus.php" "Mozilla/4.0 (compatible; MSIE 8.0; Windows NT 5.1; Trident/4.0; .NET CLR 1.1.4322; .NET CLR 2.0.50727; .NET CLR 3.0.4506.2152; .NET CLR 3.5.30729; OfficeLiveConnector.1.5; OfficeLivePatch.1.3)"
88.67.37.171 - - [04/Nov/2012:10:10:11 +0100] "GET /images/newsletter.png HTTP/1.1" 200 14619 "http://www.mink-gmbh.de/optiplus.php" "Mozilla/4.0 (compatible; MSIE 8.0; Windows NT 5.1; Trident/4.0; .NET CLR 1.1.4322; .NET CLR 2.0.50727; .NET CLR 3.0.4506.2152; .NET CLR 3.5.30729; OfficeLiveConnector.1.5; OfficeLivePatch.1.3)"
88.67.37.171 - - [04/Nov/2012:10:10:11 +0100] "GET /images/header.jpg HTTP/1.1" 200 24413 "http://www.mink-gmbh.de/optiplus.php" "Mozilla/4.0 (compatible; MSIE 8.0; Windows NT 5.1; Trident/4.0; .NET CLR 1.1.4322; .NET CLR 2.0.50727; .NET CLR 3.0.4506.2152; .NET CLR 3.5.30729; OfficeLiveConnector.1.5; OfficeLivePatch.1.3)"
88.67.37.171 - - [04/Nov/2012:10:10:11 +0100] "GET /images/footerbg.jpg HTTP/1.1" 200 2184 "http://www.mink-gmbh.de/optiplus.php" "Mozilla/4.0 (compatible; MSIE 8.0; Windows NT 5.1; Trident/4.0; .NET CLR 1.1.4322; .NET CLR 2.0.50727; .NET CLR 3.0.4506.2152; .NET CLR 3.5.30729; OfficeLiveConnector.1.5; OfficeLivePatch.1.3)"
5.9.25.69 - - [04/Nov/2012:10:21:46 +0100] "GET /robots.txt HTTP/1.1" 200 177 "-" "Pixray-Seeker/2.0 (Pixray-Seeker; +http://www.pixray.com/pixraybot; +crawler@pixray.com)"
5.9.25.69 - - [04/Nov/2012:10:21:46 +0100] "GET /news.php?cs_go=archiv&cs_id=2076&cs_search= HTTP/1.1" 200 7887 "-" "Pixray-Seeker/2.0 (Pixray-Seeker; +http://www.pixray.com/pixraybot; +crawler@pixray.com)"
87.118.116.25 - - [04/Nov/2012:10:36:49 +0100] "GET /news.php?cs_go=archiv&cs_id=3306&cs_search= HTTP/1.1" 200 10053 "-" "Mozilla/5.0 (compatible; UnisterBot; crawler@unister.de)"
84.19.190.126 - - [04/Nov/2012:10:38:36 +0100] "GET /news.php?cs_go=archiv&cs_id=3262&cs_search= HTTP/1.1" 200 10451 "-" "Mozilla/5.0 (compatible; UnisterBot; crawler@unister.de)"
84.19.190.126 - - [04/Nov/2012:10:39:25 +0100] "GET /news.php?cs_go=archiv&cs_id=3311&cs_search= HTTP/1.1" 200 13501 "-" "Mozilla/5.0 (compatible; UnisterBot; crawler@unister.de)"
5.9.25.71 - - [04/Nov/2012:10:39:26 +0100] "GET /robots.txt HTTP/1.1" 200 177 "-" "Pixray-Seeker/2.0 (Pixray-Seeker; +http://www.pixray.com/pixraybot; +crawler@pixray.com)"
5.9.25.71 - - [04/Nov/2012:10:39:26 +0100] "GET /news.php?cs_go=archiv&cs_id=2814&cs_search= HTTP/1.1" 200 13608 "-" "Pixray-Seeker/2.0 (Pixray-Seeker; +http://www.pixray.com/pixraybot; +crawler@pixray.com)"
87.118.116.25 - - [04/Nov/2012:10:40:05 +0100] "GET /news.php?cs_go=archiv&cs_id=3318&cs_search= HTTP/1.1" 200 9846 "-" "Mozilla/5.0 (compatible; UnisterBot; crawler@unister.de)"
84.19.190.126 - - [04/Nov/2012:10:40:53 +0100] "GET /news.php?cs_go=archiv&cs_id=3260&cs_search= HTTP/1.1" 200 13435 "-" "Mozilla/5.0 (compatible; UnisterBot; crawler@unister.de)"
87.118.116.25 - - [04/Nov/2012:10:41:33 +0100] "GET /news.php?cs_go=archiv&cs_id=3308&cs_search= HTTP/1.1" 200 13470 "-" "Mozilla/5.0 (compatible; UnisterBot; crawler@unister.de)"
87.118.116.25 - - [04/Nov/2012:10:42:12 +0100] "GET /news.php?cs_go=archiv&cs_id=3312&cs_search= HTTP/1.1" 200 9837 "-" "Mozilla/5.0 (compatible; UnisterBot; crawler@unister.de)"
66.249.71.6 - - [04/Nov/2012:10:45:42 +0100] "GET /robots.txt HTTP/1.1" 200 177 "-" "Mozilla/5.0 (compatible; Googlebot/2.1; +http://www.google.com/bot.html)"
66.249.71.6 - - [04/Nov/2012:10:45:43 +0100] "GET /news.php?cs_go=archiv&cs_id=2249&cs_search= HTTP/1.1" 200 7887 "-" "Mozilla/5.0 (compatible; Googlebot/2.1; +http://www.google.com/bot.html)"
213.186.119.133 - - [04/Nov/2012:10:50:51 +0100] "GET /news.php?cs_go=archiv&cs_startpos=1580 HTTP/1.1" 200 8126 "-" "Mozilla/5.0 (compatible; AhrefsBot/3.1; +http://ahrefs.com/robot/)"
66.249.71.6 - - [04/Nov/2012:11:10:29 +0100] "GET /news.php?cs_go=archiv&cs_id=2119&cs_search= HTTP/1.1" 200 7887 "-" "Mozilla/5.0 (compatible; Googlebot/2.1; +http://www.google.com/bot.html)"
5.9.25.69 - - [04/Nov/2012:11:19:03 +0100] "GET /robots.txt HTTP/1.1" 200 177 "-" "Pixray-Seeker/2.0 (Pixray-Seeker; +http://www.pixray.com/pixraybot; +crawler@pixray.com)"
5.9.25.69 - - [04/Nov/2012:11:19:03 +0100] "GET /news.php?cs_go=archiv&cs_id=2681&cs_search= HTTP/1.1" 200 7887 "-" "Pixray-Seeker/2.0 (Pixray-Seeker; +http://www.pixray.com/pixraybot; +crawler@pixray.com)"
5.9.25.69 - - [04/Nov/2012:11:19:23 +0100] "GET /robots.txt HTTP/1.1" 200 177 "-" "Pixray-Seeker/2.0 (Pixray-Seeker; +http://www.pixray.com/pixraybot; +crawler@pixray.com)"
5.9.25.69 - - [04/Nov/2012:11:19:23 +0100] "GET /news.php?cs_go=archiv&cs_id=3149 HTTP/1.1" 200 9842 "-" "Pixray-Seeker/2.0 (Pixray-Seeker; +http://www.pixray.com/pixraybot; +crawler@pixray.com)"
66.249.71.6 - - [04/Nov/2012:11:27:16 +0100] "GET /news.php?cs_go=archiv&cs_id=2106&cs_search= HTTP/1.1" 200 7887 "-" "Mozilla/5.0 (compatible; Googlebot/2.1; +http://www.google.com/bot.html)"
84.19.190.126 - - [04/Nov/2012:11:27:44 +0100] "GET /news.php?cs_go=archiv&cs_id=3313&cs_search= HTTP/1.1" 200 13688 "-" "Mozilla/5.0 (compatible; UnisterBot; crawler@unister.de)"
87.118.116.25 - - [04/Nov/2012:11:29:33 +0100] "GET /news.php?cs_go=archiv&cs_id=3384&cs_search= HTTP/1.1" 200 12042 "-" "Mozilla/5.0 (compatible; UnisterBot; crawler@unister.de)"
84.19.190.126 - - [04/Nov/2012:11:30:26 +0100] "GET /news.php?cs_go=archiv&cs_id=3392&cs_search= HTTP/1.1" 200 13370 "-" "Mozilla/5.0 (compatible; UnisterBot; crawler@unister.de)"
46.4.119.231 - - [04/Nov/2012:11:30:32 +0100] "GET /robots.txt HTTP/1.1" 200 177 "-" "Pixray-Seeker/2.0 (Pixray-Seeker; +http://www.pixray.com/pixraybot; +crawler@pixray.com)"
46.4.119.231 - - [04/Nov/2012:11:30:32 +0100] "GET /news.php?cs_go=archiv&cs_id=1865&cs_search= HTTP/1.1" 200 7887 "-" "Pixray-Seeker/2.0 (Pixray-Seeker; +http://www.pixray.com/pixraybot; +crawler@pixray.com)"
87.118.116.25 - - [04/Nov/2012:11:31:05 +0100] "GET /news.php?cs_go=archiv&cs_id=3309&cs_search= HTTP/1.1" 200 9928 "-" "Mozilla/5.0 (compatible; UnisterBot; crawler@unister.de)"
5.9.25.81 - - [04/Nov/2012:11:36:07 +0100] "GET /robots.txt HTTP/1.1" 200 177 "-" "Pixray-Seeker/2.0 (Pixray-Seeker; +http://www.pixray.com/pixraybot; +crawler@pixray.com)"
5.9.25.81 - - [04/Nov/2012:11:36:08 +0100] "GET /news.php?cs_go=archiv&cs_id=3091&cs_search= HTTP/1.1" 200 9924 "-" "Pixray-Seeker/2.0 (Pixray-Seeker; +http://www.pixray.com/pixraybot; +crawler@pixray.com)"
66.249.71.6 - - [04/Nov/2012:11:38:42 +0100] "GET /news.php?cs_go=archiv&cs_id=2578 HTTP/1.1" 200 7887 "-" "Mozilla/5.0 (compatible; Googlebot/2.1; +http://www.google.com/bot.html)"
66.249.71.6 - - [04/Nov/2012:11:44:01 +0100] "GET /news.php?cs_go=archiv&cs_id=2110&cs_search= HTTP/1.1" 200 7887 "-" "Mozilla/5.0 (compatible; Googlebot/2.1; +http://www.google.com/bot.html)"
5.9.25.82 - - [04/Nov/2012:11:47:05 +0100] "GET /robots.txt HTTP/1.1" 200 177 "-" "Pixray-Seeker/2.0 (Pixray-Seeker; +http://www.pixray.com/pixraybot; +crawler@pixray.com)"
5.9.25.82 - - [04/Nov/2012:11:47:05 +0100] "GET /news.php?cs_go=archiv&cs_id=2943&cs_search= HTTP/1.1" 200 13461 "-" "Pixray-Seeker/2.0 (Pixray-Seeker; +http://www.pixray.com/pixraybot; +crawler@pixray.com)"
66.249.71.6 - - [04/Nov/2012:11:47:40 +0100] "GET /news.php?cs_go=archiv&cs_id=2584&cs_search= HTTP/1.1" 200 7887 "-" "Mozilla/5.0 (compatible; Googlebot/2.1; +http://www.google.com/bot.html)"
66.249.71.6 - - [04/Nov/2012:11:48:06 +0100] "GET /news.php?cs_go=archiv&cs_id=1848&cs_search= HTTP/1.1" 200 7887 "-" "Mozilla/5.0 (compatible; Googlebot/2.1; +http://www.google.com/bot.html)"
66.249.71.6 - - [04/Nov/2012:11:48:48 +0100] "GET /news.php?cs_go=archiv&cs_id=2664&cs_search= HTTP/1.1" 200 7887 "-" "Mozilla/5.0 (compatible; Googlebot/2.1; +http://www.google.com/bot.html)"
66.249.71.6 - - [04/Nov/2012:11:49:31 +0100] "GET /news.php?cs_go=archiv&cs_id=2523&cs_search= HTTP/1.1" 200 7887 "-" "Mozilla/5.0 (compatible; Googlebot/2.1; +http://www.google.com/bot.html)"
66.249.71.6 - - [04/Nov/2012:11:50:13 +0100] "GET /news.php?cs_go=archiv&cs_id=2338&cs_search= HTTP/1.1" 200 7887 "-" "Mozilla/5.0 (compatible; Googlebot/2.1; +http://www.google.com/bot.html)"
66.249.71.6 - - [04/Nov/2012:11:50:56 +0100] "GET /news.php?cs_go=archiv&cs_id=2365&cs_search= HTTP/1.1" 200 7887 "-" "Mozilla/5.0 (compatible; Googlebot/2.1; +http://www.google.com/bot.html)"
66.249.71.6 - - [04/Nov/2012:11:51:38 +0100] "GET /news.php?cs_go=archiv&cs_id=2700 HTTP/1.1" 200 7887 "-" "Mozilla/5.0 (compatible; Googlebot/2.1; +http://www.google.com/bot.html)"
66.249.71.6 - - [04/Nov/2012:11:52:21 +0100] "GET /news.php?cs_go=archiv&cs_id=2305&cs_search= HTTP/1.1" 200 7887 "-" "Mozilla/5.0 (compatible; Googlebot/2.1; +http://www.google.com/bot.html)"
66.249.71.6 - - [04/Nov/2012:11:53:03 +0100] "GET /news.php?cs_go=archiv&cs_id=1705&cs_search= HTTP/1.1" 200 7887 "-" "Mozilla/5.0 (compatible; Googlebot/2.1; +http://www.google.com/bot.html)"
66.249.71.6 - - [04/Nov/2012:11:53:46 +0100] "GET /news.php?cs_go=archiv&cs_id=2586&cs_search= HTTP/1.1" 200 7887 "-" "Mozilla/5.0 (compatible; Googlebot/2.1; +http://www.google.com/bot.html)"
157.55.35.82 - - [04/Nov/2012:11:53:57 +0100] "GET /robots.txt HTTP/1.1" 200 177 "-" "Mozilla/5.0 (compatible; bingbot/2.0; +http://www.bing.com/bingbot.htm)"
66.249.71.6 - - [04/Nov/2012:11:54:28 +0100] "GET /news.php?cs_go=archiv&cs_id=2215&cs_search= HTTP/1.1" 200 7887 "-" "Mozilla/5.0 (compatible; Googlebot/2.1; +http://www.google.com/bot.html)"
66.249.71.6 - - [04/Nov/2012:11:55:11 +0100] "GET /news.php?cs_go=archiv&cs_id=2517&cs_search= HTTP/1.1" 200 7887 "-" "Mozilla/5.0 (compatible; Googlebot/2.1; +http://www.google.com/bot.html)"
66.249.71.6 - - [04/Nov/2012:11:55:53 +0100] "GET /news.php?cs_go=archiv&cs_id=2102&cs_search= HTTP/1.1" 200 7887 "-" "Mozilla/5.0 (compatible; Googlebot/2.1; +http://www.google.com/bot.html)"
66.249.71.6 - - [04/Nov/2012:11:56:36 +0100] "GET /news.php?cs_go=archiv&cs_id=2240&cs_search= HTTP/1.1" 200 7887 "-" "Mozilla/5.0 (compatible; Googlebot/2.1; +http://www.google.com/bot.html)"
66.249.71.6 - - [04/Nov/2012:11:57:18 +0100] "GET /news.php?cs_go=archiv&cs_id=2634&cs_search= HTTP/1.1" 200 7887 "-" "Mozilla/5.0 (compatible; Googlebot/2.1; +http://www.google.com/bot.html)"
157.55.35.82 - - [04/Nov/2012:11:57:42 +0100] "GET / HTTP/1.1" 200 15328 "-" "Mozilla/5.0 (compatible; bingbot/2.0; +http://www.bing.com/bingbot.htm)"
66.249.71.6 - - [04/Nov/2012:11:58:43 +0100] "GET /news.php?cs_go=archiv&cs_id=2642&cs_search= HTTP/1.1" 200 7887 "-" "Mozilla/5.0 (compatible; Googlebot/2.1; +http://www.google.com/bot.html)"
66.249.71.6 - - [04/Nov/2012:11:59:26 +0100] "GET /news.php?cs_go=archiv&cs_id=2095&cs_search= HTTP/1.1" 200 7887 "-" "Mozilla/5.0 (compatible; Googlebot/2.1; +http://www.google.com/bot.html)"
66.249.71.6 - - [04/Nov/2012:12:00:08 +0100] "GET /news.php?cs_go=archiv&cs_id=2097&cs_search= HTTP/1.1" 200 7887 "-" "Mozilla/5.0 (compatible; Googlebot/2.1; +http://www.google.com/bot.html)"
66.249.71.6 - - [04/Nov/2012:12:00:51 +0100] "GET /news.php?cs_go=archiv&cs_id=2094&cs_search= HTTP/1.1" 200 7887 "-" "Mozilla/5.0 (compatible; Googlebot/2.1; +http://www.google.com/bot.html)"
66.249.71.6 - - [04/Nov/2012:12:01:33 +0100] "GET /news.php?cs_go=archiv&cs_id=2092&cs_search= HTTP/1.1" 200 7887 "-" "Mozilla/5.0 (compatible; Googlebot/2.1; +http://www.google.com/bot.html)"
66.249.71.6 - - [04/Nov/2012:12:03:21 +0100] "GET /news.php?cs_go=archiv&cs_id=2159&cs_search= HTTP/1.1" 200 7887 "-" "Mozilla/5.0 (compatible; Googlebot/2.1; +http://www.google.com/bot.html)"
66.249.71.6 - - [04/Nov/2012:12:03:41 +0100] "GET /news.php?cs_go=archiv&cs_id=2124&cs_search= HTTP/1.1" 200 7887 "-" "Mozilla/5.0 (compatible; Googlebot/2.1; +http://www.google.com/bot.html)"
66.249.71.6 - - [04/Nov/2012:12:04:23 +0100] "GET /news.php?cs_go=archiv&cs_id=2099&cs_search= HTTP/1.1" 200 7887 "-" "Mozilla/5.0 (compatible; Googlebot/2.1; +http://www.google.com/bot.html)"
66.249.71.6 - - [04/Nov/2012:12:05:06 +0100] "GET /news.php?cs_go=archiv&cs_id=2129&cs_search= HTTP/1.1" 200 7887 "-" "Mozilla/5.0 (compatible; Googlebot/2.1; +http://www.google.com/bot.html)"
66.249.71.6 - - [04/Nov/2012:12:05:49 +0100] "GET /news.php?cs_go=archiv&cs_id=2132&cs_search= HTTP/1.1" 200 7887 "-" "Mozilla/5.0 (compatible; Googlebot/2.1; +http://www.google.com/bot.html)"
66.249.71.6 - - [04/Nov/2012:12:06:31 +0100] "GET /news.php?cs_go=archiv&cs_id=2154&cs_search= HTTP/1.1" 200 7887 "-" "Mozilla/5.0 (compatible; Googlebot/2.1; +http://www.google.com/bot.html)"
66.249.71.6 - - [04/Nov/2012:12:07:14 +0100] "GET /news.php?cs_go=archiv&cs_id=2156&cs_search= HTTP/1.1" 200 7887 "-" "Mozilla/5.0 (compatible; Googlebot/2.1; +http://www.google.com/bot.html)"
66.249.71.6 - - [04/Nov/2012:12:07:56 +0100] "GET /news.php?cs_go=archiv&cs_id=2158&cs_search= HTTP/1.1" 200 7887 "-" "Mozilla/5.0 (compatible; Googlebot/2.1; +http://www.google.com/bot.html)"
66.249.71.6 - - [04/Nov/2012:12:08:39 +0100] "GET /news.php?cs_go=archiv&cs_id=2160&cs_search= HTTP/1.1" 200 7887 "-" "Mozilla/5.0 (compatible; Googlebot/2.1; +http://www.google.com/bot.html)"
66.249.71.6 - - [04/Nov/2012:12:09:21 +0100] "GET /news.php?cs_go=archiv&cs_id=2166&cs_search= HTTP/1.1" 200 7887 "-" "Mozilla/5.0 (compatible; Googlebot/2.1; +http://www.google.com/bot.html)"
66.249.71.6 - - [04/Nov/2012:12:10:04 +0100] "GET /news.php?cs_go=archiv&cs_id=2168&cs_search= HTTP/1.1" 200 7887 "-" "Mozilla/5.0 (compatible; Googlebot/2.1; +http://www.google.com/bot.html)"
66.249.71.6 - - [04/Nov/2012:12:10:46 +0100] "GET /news.php?cs_go=archiv&cs_id=2172&cs_search= HTTP/1.1" 200 7887 "-" "Mozilla/5.0 (compatible; Googlebot/2.1; +http://www.google.com/bot.html)"
66.249.71.6 - - [04/Nov/2012:12:11:29 +0100] "GET /news.php?cs_go=archiv&cs_id=2180&cs_search= HTTP/1.1" 200 7887 "-" "Mozilla/5.0 (compatible; Googlebot/2.1; +http://www.google.com/bot.html)"
66.249.71.6 - - [04/Nov/2012:12:12:11 +0100] "GET /news.php?cs_go=archiv&cs_id=2182&cs_search= HTTP/1.1" 200 7887 "-" "Mozilla/5.0 (compatible; Googlebot/2.1; +http://www.google.com/bot.html)"
66.249.71.6 - - [04/Nov/2012:12:12:13 +0100] "GET /news.php?cs_go=archiv&cs_id=1727&cs_search= HTTP/1.1" 200 7887 "-" "Mozilla/5.0 (compatible; Googlebot/2.1; +http://www.google.com/bot.html)"
66.249.71.6 - - [04/Nov/2012:12:12:54 +0100] "GET /news.php?cs_go=archiv&cs_id=2188&cs_search= HTTP/1.1" 200 7887 "-" "Mozilla/5.0 (compatible; Googlebot/2.1; +http://www.google.com/bot.html)"
66.249.71.6 - - [04/Nov/2012:12:13:36 +0100] "GET /news.php?cs_go=archiv&cs_id=2190&cs_search= HTTP/1.1" 200 7887 "-" "Mozilla/5.0 (compatible; Googlebot/2.1; +http://www.google.com/bot.html)"
84.19.190.126 - - [04/Nov/2012:12:13:50 +0100] "GET /news.php?cs_go=archiv&cs_id=3256&cs_search= HTTP/1.1" 200 13331 "-" "Mozilla/5.0 (compatible; UnisterBot; crawler@unister.de)"
66.249.71.6 - - [04/Nov/2012:12:14:19 +0100] "GET /news.php?cs_go=archiv&cs_id=2202&cs_search= HTTP/1.1" 200 7887 "-" "Mozilla/5.0 (compatible; Googlebot/2.1; +http://www.google.com/bot.html)"
66.249.71.6 - - [04/Nov/2012:12:15:01 +0100] "GET /news.php?cs_go=archiv&cs_id=2250&cs_search= HTTP/1.1" 200 7887 "-" "Mozilla/5.0 (compatible; Googlebot/2.1; +http://www.google.com/bot.html)"
66.249.71.6 - - [04/Nov/2012:12:15:44 +0100] "GET /news.php?cs_go=archiv&cs_id=2225&cs_search= HTTP/1.1" 200 7887 "-" "Mozilla/5.0 (compatible; Googlebot/2.1; +http://www.google.com/bot.html)"
66.249.71.6 - - [04/Nov/2012:12:16:26 +0100] "GET /news.php?cs_go=archiv&cs_id=2219&cs_search= HTTP/1.1" 200 7887 "-" "Mozilla/5.0 (compatible; Googlebot/2.1; +http://www.google.com/bot.html)"
66.249.71.6 - - [04/Nov/2012:12:17:09 +0100] "GET /news.php?cs_go=archiv&cs_id=2222&cs_search= HTTP/1.1" 200 7887 "-" "Mozilla/5.0 (compatible; Googlebot/2.1; +http://www.google.com/bot.html)"
66.249.71.6 - - [04/Nov/2012:12:17:51 +0100] "GET /news.php?cs_go=archiv&cs_id=2253&cs_search= HTTP/1.1" 200 7887 "-" "Mozilla/5.0 (compatible; Googlebot/2.1; +http://www.google.com/bot.html)"
66.249.71.6 - - [04/Nov/2012:12:18:34 +0100] "GET /news.php?cs_go=archiv&cs_id=2237&cs_search= HTTP/1.1" 200 7887 "-" "Mozilla/5.0 (compatible; Googlebot/2.1; +http://www.google.com/bot.html)"
66.249.71.6 - - [04/Nov/2012:12:19:16 +0100] "GET /news.php?cs_go=archiv&cs_id=2257&cs_search= HTTP/1.1" 200 7887 "-" "Mozilla/5.0 (compatible; Googlebot/2.1; +http://www.google.com/bot.html)"
66.249.71.6 - - [04/Nov/2012:12:19:59 +0100] "GET /news.php?cs_go=archiv&cs_id=2256&cs_search= HTTP/1.1" 200 7887 "-" "Mozilla/5.0 (compatible; Googlebot/2.1; +http://www.google.com/bot.html)"
66.249.71.6 - - [04/Nov/2012:12:20:41 +0100] "GET /news.php?cs_go=archiv&cs_id=2293&cs_search= HTTP/1.1" 200 7887 "-" "Mozilla/5.0 (compatible; Googlebot/2.1; +http://www.google.com/bot.html)"
66.249.71.6 - - [04/Nov/2012:12:21:24 +0100] "GET /news.php?cs_go=archiv&cs_id=2301&cs_search= HTTP/1.1" 200 7887 "-" "Mozilla/5.0 (compatible; Googlebot/2.1; +http://www.google.com/bot.html)"
66.249.71.6 - - [04/Nov/2012:12:22:06 +0100] "GET /news.php?cs_go=archiv&cs_id=2349&cs_search= HTTP/1.1" 200 7887 "-" "Mozilla/5.0 (compatible; Googlebot/2.1; +http://www.google.com/bot.html)"
66.249.71.6 - - [04/Nov/2012:12:22:44 +0100] "GET /news.php?cs_go=archiv&cs_id=2179&cs_search= HTTP/1.1" 200 7887 "-" "Mozilla/5.0 (compatible; Googlebot/2.1; +http://www.google.com/bot.html)"
66.249.71.6 - - [04/Nov/2012:12:22:49 +0100] "GET /news.php?cs_go=archiv&cs_id=2500&cs_search= HTTP/1.1" 200 7887 "-" "Mozilla/5.0 (compatible; Googlebot/2.1; +http://www.google.com/bot.html)"
66.249.71.6 - - [04/Nov/2012:12:23:31 +0100] "GET /news.php?cs_go=archiv&cs_id=2472&cs_search= HTTP/1.1" 200 7887 "-" "Mozilla/5.0 (compatible; Googlebot/2.1; +http://www.google.com/bot.html)"
66.249.71.6 - - [04/Nov/2012:12:24:14 +0100] "GET /news.php?cs_go=archiv&cs_id=2339&cs_search= HTTP/1.1" 200 7887 "-" "Mozilla/5.0 (compatible; Googlebot/2.1; +http://www.google.com/bot.html)"
66.249.71.6 - - [04/Nov/2012:12:24:56 +0100] "GET /news.php?cs_go=archiv&cs_id=1945&cs_search= HTTP/1.1" 200 7887 "-" "Mozilla/5.0 (compatible; Googlebot/2.1; +http://www.google.com/bot.html)"
66.249.71.6 - - [04/Nov/2012:12:25:39 +0100] "GET /news.php?cs_go=archiv&cs_id=1953&cs_search= HTTP/1.1" 200 7887 "-" "Mozilla/5.0 (compatible; Googlebot/2.1; +http://www.google.com/bot.html)"
66.249.71.6 - - [04/Nov/2012:12:26:21 +0100] "GET /news.php?cs_go=archiv&cs_id=2531 HTTP/1.1" 200 7887 "-" "Mozilla/5.0 (compatible; Googlebot/2.1; +http://www.google.com/bot.html)"
66.249.71.6 - - [04/Nov/2012:12:27:04 +0100] "GET /news.php?cs_go=archiv&cs_id=1973&cs_search= HTTP/1.1" 200 7887 "-" "Mozilla/5.0 (compatible; Googlebot/2.1; +http://www.google.com/bot.html)"
66.249.71.6 - - [04/Nov/2012:12:27:46 +0100] "GET /news.php?cs_go=archiv&cs_id=1975&cs_search= HTTP/1.1" 200 7887 "-" "Mozilla/5.0 (compatible; Googlebot/2.1; +http://www.google.com/bot.html)"
66.249.71.6 - - [04/Nov/2012:12:28:29 +0100] "GET /news.php?cs_go=archiv&cs_id=1977&cs_search= HTTP/1.1" 200 7887 "-" "Mozilla/5.0 (compatible; Googlebot/2.1; +http://www.google.com/bot.html)"
66.249.71.6 - - [04/Nov/2012:12:29:11 +0100] "GET /news.php?cs_go=archiv&cs_id=1982&cs_search= HTTP/1.1" 200 7887 "-" "Mozilla/5.0 (compatible; Googlebot/2.1; +http://www.google.com/bot.html)"
66.249.71.6 - - [04/Nov/2012:12:29:54 +0100] "GET /news.php?cs_go=archiv&cs_id=2013&cs_search= HTTP/1.1" 200 7887 "-" "Mozilla/5.0 (compatible; Googlebot/2.1; +http://www.google.com/bot.html)"
5.9.25.76 - - [04/Nov/2012:12:30:23 +0100] "GET /robots.txt HTTP/1.1" 200 177 "-" "Pixray-Seeker/2.0 (Pixray-Seeker; +http://www.pixray.com/pixraybot; +crawler@pixray.com)"
5.9.25.76 - - [04/Nov/2012:12:30:23 +0100] "GET /news.php?cs_go=archiv&cs_id=2914&cs_search= HTTP/1.1" 200 10556 "-" "Pixray-Seeker/2.0 (Pixray-Seeker; +http://www.pixray.com/pixraybot; +crawler@pixray.com)"
66.249.71.6 - - [04/Nov/2012:12:30:36 +0100] "GET /news.php?cs_go=archiv&cs_id=2035&cs_search= HTTP/1.1" 200 7887 "-" "Mozilla/5.0 (compatible; Googlebot/2.1; +http://www.google.com/bot.html)"
66.249.71.6 - - [04/Nov/2012:12:31:19 +0100] "GET /news.php?cs_go=archiv&cs_id=2693&cs_search= HTTP/1.1" 200 7887 "-" "Mozilla/5.0 (compatible; Googlebot/2.1; +http://www.google.com/bot.html)"
66.249.71.6 - - [04/Nov/2012:12:32:01 +0100] "GET /news.php?cs_go=archiv&cs_id=2329&cs_search= HTTP/1.1" 200 7887 "-" "Mozilla/5.0 (compatible; Googlebot/2.1; +http://www.google.com/bot.html)"
66.249.71.6 - - [04/Nov/2012:12:32:44 +0100] "GET /news.php?cs_go=archiv&cs_id=1805&cs_search= HTTP/1.1" 200 7887 "-" "Mozilla/5.0 (compatible; Googlebot/2.1; +http://www.google.com/bot.html)"
66.249.71.6 - - [04/Nov/2012:12:33:26 +0100] "GET /news.php?cs_go=archiv&cs_id=2479&cs_search= HTTP/1.1" 200 7887 "-" "Mozilla/5.0 (compatible; Googlebot/2.1; +http://www.google.com/bot.html)"
213.186.127.11 - - [04/Nov/2012:12:33:53 +0100] "GET /news.php?cs_go=archiv&cs_startpos=20 HTTP/1.1" 200 22485 "-" "Mozilla/5.0 (compatible; AhrefsBot/3.1; +http://ahrefs.com/robot/)"
66.249.71.6 - - [04/Nov/2012:12:34:09 +0100] "GET /news.php?cs_go=archiv&cs_id=1757&cs_search= HTTP/1.1" 200 7887 "-" "Mozilla/5.0 (compatible; Googlebot/2.1; +http://www.google.com/bot.html)"
66.249.71.6 - - [04/Nov/2012:12:34:51 +0100] "GET /news.php?cs_go=archiv&cs_id=2545&cs_search= HTTP/1.1" 200 7887 "-" "Mozilla/5.0 (compatible; Googlebot/2.1; +http://www.google.com/bot.html)"
66.249.71.6 - - [04/Nov/2012:12:35:34 +0100] "GET /news.php?cs_go=archiv&cs_id=1703&cs_search= HTTP/1.1" 200 7887 "-" "Mozilla/5.0 (compatible; Googlebot/2.1; +http://www.google.com/bot.html)"
66.249.71.6 - - [04/Nov/2012:12:36:16 +0100] "GET /news.php?cs_go=archiv&cs_id=1732&cs_search= HTTP/1.1" 200 7887 "-" "Mozilla/5.0 (compatible; Googlebot/2.1; +http://www.google.com/bot.html)"
5.9.25.77 - - [04/Nov/2012:12:36:50 +0100] "GET /robots.txt HTTP/1.1" 200 177 "-" "Pixray-Seeker/2.0 (Pixray-Seeker; +http://www.pixray.com/pixraybot; +crawler@pixray.com)"
5.9.25.77 - - [04/Nov/2012:12:36:50 +0100] "GET /news.php?cs_go=archiv&cs_id=2439&cs_search= HTTP/1.1" 200 7887 "-" "Pixray-Seeker/2.0 (Pixray-Seeker; +http://www.pixray.com/pixraybot; +crawler@pixray.com)"
66.249.71.6 - - [04/Nov/2012:12:36:59 +0100] "GET /news.php?cs_go=archiv&cs_id=1699&cs_search= HTTP/1.1" 200 7887 "-" "Mozilla/5.0 (compatible; Googlebot/2.1; +http://www.google.com/bot.html)"
66.249.71.6 - - [04/Nov/2012:12:37:41 +0100] "GET /news.php?cs_go=archiv&cs_id=1783&cs_search= HTTP/1.1" 200 7887 "-" "Mozilla/5.0 (compatible; Googlebot/2.1; +http://www.google.com/bot.html)"
66.249.71.6 - - [04/Nov/2012:12:38:24 +0100] "GET /news.php?cs_go=archiv&cs_id=1814&cs_search= HTTP/1.1" 200 7887 "-" "Mozilla/5.0 (compatible; Googlebot/2.1; +http://www.google.com/bot.html)"
66.249.71.6 - - [04/Nov/2012:12:39:06 +0100] "GET /news.php?cs_go=archiv&cs_id=1671&cs_search= HTTP/1.1" 200 7887 "-" "Mozilla/5.0 (compatible; Googlebot/2.1; +http://www.google.com/bot.html)"
66.249.71.6 - - [04/Nov/2012:12:39:49 +0100] "GET /news.php?cs_go=archiv&cs_id=1677&cs_search= HTTP/1.1" 200 7887 "-" "Mozilla/5.0 (compatible; Googlebot/2.1; +http://www.google.com/bot.html)"
66.249.71.6 - - [04/Nov/2012:12:40:31 +0100] "GET /news.php?cs_go=archiv&cs_id=1780&cs_search= HTTP/1.1" 200 7887 "-" "Mozilla/5.0 (compatible; Googlebot/2.1; +http://www.google.com/bot.html)"
5.9.25.75 - - [04/Nov/2012:12:40:52 +0100] "GET /robots.txt HTTP/1.1" 200 177 "-" "Pixray-Seeker/2.0 (Pixray-Seeker; +http://www.pixray.com/pixraybot; +crawler@pixray.com)"
5.9.25.75 - - [04/Nov/2012:12:40:52 +0100] "GET /news.php?cs_go=archiv&cs_startpos=1481 HTTP/1.1" 200 8126 "-" "Pixray-Seeker/2.0 (Pixray-Seeker; +http://www.pixray.com/pixraybot; +crawler@pixray.com)"
66.249.71.6 - - [04/Nov/2012:12:41:14 +0100] "GET /news.php?cs_go=archiv&cs_id=1800&cs_search= HTTP/1.1" 200 7887 "-" "Mozilla/5.0 (compatible; Googlebot/2.1; +http://www.google.com/bot.html)"
66.249.71.6 - - [04/Nov/2012:12:41:56 +0100] "GET /news.php?cs_go=archiv&cs_id=2646&cs_search= HTTP/1.1" 200 7887 "-" "Mozilla/5.0 (compatible; Googlebot/2.1; +http://www.google.com/bot.html)"
66.249.71.6 - - [04/Nov/2012:12:41:59 +0100] "GET /news.php?cs_go=archiv&cs_id=2058&cs_search= HTTP/1.1" 200 7887 "-" "Mozilla/5.0 (compatible; Googlebot/2.1; +http://www.google.com/bot.html)"
66.249.71.6 - - [04/Nov/2012:12:42:39 +0100] "GET /news.php?cs_go=archiv&cs_id=2647 HTTP/1.1" 200 7887 "-" "Mozilla/5.0 (compatible; Googlebot/2.1; +http://www.google.com/bot.html)"
66.249.71.6 - - [04/Nov/2012:12:43:22 +0100] "GET /news.php?cs_go=archiv&cs_id=2695 HTTP/1.1" 200 7887 "-" "Mozilla/5.0 (compatible; Googlebot/2.1; +http://www.google.com/bot.html)"
66.249.71.6 - - [04/Nov/2012:12:44:04 +0100] "GET /news.php?cs_go=archiv&cs_id=2659&cs_search= HTTP/1.1" 200 7887 "-" "Mozilla/5.0 (compatible; Googlebot/2.1; +http://www.google.com/bot.html)"
66.249.71.6 - - [04/Nov/2012:12:44:47 +0100] "GET /news.php?cs_go=archiv&cs_id=1992&cs_search= HTTP/1.1" 200 7887 "-" "Mozilla/5.0 (compatible; Googlebot/2.1; +http://www.google.com/bot.html)"
66.249.71.6 - - [04/Nov/2012:12:45:29 +0100] "GET /news.php?cs_go=archiv&cs_id=1884&cs_search= HTTP/1.1" 200 7887 "-" "Mozilla/5.0 (compatible; Googlebot/2.1; +http://www.google.com/bot.html)"
66.249.71.6 - - [04/Nov/2012:12:46:12 +0100] "GET /news.php?cs_go=archiv&cs_id=1698&cs_search= HTTP/1.1" 200 7887 "-" "Mozilla/5.0 (compatible; Googlebot/2.1; +http://www.google.com/bot.html)"
123.125.71.56 - - [04/Nov/2012:12:46:17 +0100] "GET / HTTP/1.1" 200 13351 "-" "Mozilla/5.0 (compatible; Baiduspider/2.0; +http://www.baidu.com/search/spider.html)"
220.181.108.113 - - [04/Nov/2012:12:46:38 +0100] "GET / HTTP/1.1" 200 7822 "-" "Mozilla/5.0 (compatible; Baiduspider/2.0; +http://www.baidu.com/search/spider.html)"
66.249.71.6 - - [04/Nov/2012:12:46:54 +0100] "GET /news.php?cs_go=archiv&cs_id=1825&cs_search= HTTP/1.1" 200 7887 "-" "Mozilla/5.0 (compatible; Googlebot/2.1; +http://www.google.com/bot.html)"
66.249.71.6 - - [04/Nov/2012:12:47:37 +0100] "GET /news.php?cs_go=archiv&cs_id=1753&cs_search= HTTP/1.1" 200 7887 "-" "Mozilla/5.0 (compatible; Googlebot/2.1; +http://www.google.com/bot.html)"
66.249.71.6 - - [04/Nov/2012:12:48:19 +0100] "GET /news.php?cs_go=archiv&cs_id=2105&cs_search= HTTP/1.1" 200 7887 "-" "Mozilla/5.0 (compatible; Googlebot/2.1; +http://www.google.com/bot.html)"
66.249.71.6 - - [04/Nov/2012:12:49:02 +0100] "GET /news.php?cs_go=archiv&cs_id=1899&cs_search= HTTP/1.1" 200 7887 "-" "Mozilla/5.0 (compatible; Googlebot/2.1; +http://www.google.com/bot.html)"
66.249.71.6 - - [04/Nov/2012:12:49:44 +0100] "GET /news.php?cs_go=archiv&cs_id=1904&cs_search= HTTP/1.1" 200 7887 "-" "Mozilla/5.0 (compatible; Googlebot/2.1; +http://www.google.com/bot.html)"
66.249.71.6 - - [04/Nov/2012:12:50:27 +0100] "GET /news.php?cs_go=archiv&cs_id=2135&cs_search= HTTP/1.1" 200 7887 "-" "Mozilla/5.0 (compatible; Googlebot/2.1; +http://www.google.com/bot.html)"
66.249.71.6 - - [04/Nov/2012:12:51:09 +0100] "GET /news.php?cs_go=archiv&cs_id=1628&cs_search= HTTP/1.1" 200 7887 "-" "Mozilla/5.0 (compatible; Googlebot/2.1; +http://www.google.com/bot.html)"
66.249.71.6 - - [04/Nov/2012:12:51:52 +0100] "GET /news.php?cs_go=archiv&cs_id=2620&cs_search= HTTP/1.1" 200 7887 "-" "Mozilla/5.0 (compatible; Googlebot/2.1; +http://www.google.com/bot.html)"
66.249.71.6 - - [04/Nov/2012:12:52:34 +0100] "GET /news.php?cs_go=archiv&cs_id=2657 HTTP/1.1" 200 7887 "-" "Mozilla/5.0 (compatible; Googlebot/2.1; +http://www.google.com/bot.html)"
66.249.71.6 - - [04/Nov/2012:12:53:17 +0100] "GET /news.php?cs_go=archiv&cs_id=1738&cs_search= HTTP/1.1" 200 7887 "-" "Mozilla/5.0 (compatible; Googlebot/2.1; +http://www.google.com/bot.html)"
66.249.71.6 - - [04/Nov/2012:12:53:59 +0100] "GET /news.php?cs_go=archiv&cs_id=2712&cs_search= HTTP/1.1" 200 7887 "-" "Mozilla/5.0 (compatible; Googlebot/2.1; +http://www.google.com/bot.html)"
66.249.71.6 - - [04/Nov/2012:12:55:24 +0100] "GET /news.php?cs_go=archiv&cs_id=2161&cs_search= HTTP/1.1" 200 7887 "-" "Mozilla/5.0 (compatible; Googlebot/2.1; +http://www.google.com/bot.html)"
5.9.25.80 - - [04/Nov/2012:12:56:22 +0100] "GET /robots.txt HTTP/1.1" 200 177 "-" "Pixray-Seeker/2.0 (Pixray-Seeker; +http://www.pixray.com/pixraybot; +crawler@pixray.com)"
5.9.25.80 - - [04/Nov/2012:12:56:22 +0100] "GET /news.php?cs_go=archiv&cs_id=1736&cs_search= HTTP/1.1" 200 7887 "-" "Pixray-Seeker/2.0 (Pixray-Seeker; +http://www.pixray.com/pixraybot; +crawler@pixray.com)"
66.249.71.6 - - [04/Nov/2012:12:56:49 +0100] "GET /news.php?cs_go=archiv&cs_id=2218&cs_search= HTTP/1.1" 200 7887 "-" "Mozilla/5.0 (compatible; Googlebot/2.1; +http://www.google.com/bot.html)"
66.249.71.6 - - [04/Nov/2012:12:58:14 +0100] "GET /news.php?cs_go=archiv&cs_id=1966&cs_search= HTTP/1.1" 200 7887 "-" "Mozilla/5.0 (compatible; Googlebot/2.1; +http://www.google.com/bot.html)"
84.19.190.126 - - [04/Nov/2012:12:58:46 +0100] "GET /news.php?cs_go=archiv&cs_id=3383&cs_search= HTTP/1.1" 200 12797 "-" "Mozilla/5.0 (compatible; UnisterBot; crawler@unister.de)"
66.249.71.6 - - [04/Nov/2012:12:58:57 +0100] "GET /news.php?cs_go=archiv&cs_id=1793&cs_search= HTTP/1.1" 200 7887 "-" "Mozilla/5.0 (compatible; Googlebot/2.1; +http://www.google.com/bot.html)"
66.249.71.6 - - [04/Nov/2012:12:59:39 +0100] "GET /news.php?cs_go=archiv&cs_id=1684&cs_search= HTTP/1.1" 200 7887 "-" "Mozilla/5.0 (compatible; Googlebot/2.1; +http://www.google.com/bot.html)"
66.249.71.6 - - [04/Nov/2012:13:00:22 +0100] "GET /news.php?cs_go=archiv&cs_id=1987&cs_search= HTTP/1.1" 200 7887 "-" "Mozilla/5.0 (compatible; Googlebot/2.1; +http://www.google.com/bot.html)"
66.249.71.6 - - [04/Nov/2012:13:01:04 +0100] "GET /news.php?cs_go=archiv&cs_id=1916&cs_search= HTTP/1.1" 200 7887 "-" "Mozilla/5.0 (compatible; Googlebot/2.1; +http://www.google.com/bot.html)"
66.249.71.6 - - [04/Nov/2012:13:01:25 +0100] "GET /news.php?cs_go=archiv&cs_id=1771&cs_search= HTTP/1.1" 200 7887 "-" "Mozilla/5.0 (compatible; Googlebot/2.1; +http://www.google.com/bot.html)"
66.249.71.6 - - [04/Nov/2012:13:01:47 +0100] "GET /news.php?cs_go=archiv&cs_id=1688&cs_search= HTTP/1.1" 200 7887 "-" "Mozilla/5.0 (compatible; Googlebot/2.1; +http://www.google.com/bot.html)"
66.249.71.6 - - [04/Nov/2012:13:02:30 +0100] "GET /news.php?cs_go=archiv&cs_id=1674&cs_search= HTTP/1.1" 200 7887 "-" "Mozilla/5.0 (compatible; Googlebot/2.1; +http://www.google.com/bot.html)"
66.249.71.6 - - [04/Nov/2012:13:03:12 +0100] "GET /news.php?cs_go=archiv&cs_id=1642&cs_search= HTTP/1.1" 200 7887 "-" "Mozilla/5.0 (compatible; Googlebot/2.1; +http://www.google.com/bot.html)"
66.249.71.6 - - [04/Nov/2012:13:03:54 +0100] "GET /news.php?cs_go=archiv&cs_id=1685&cs_search= HTTP/1.1" 200 7887 "-" "Mozilla/5.0 (compatible; Googlebot/2.1; +http://www.google.com/bot.html)"
66.249.71.6 - - [04/Nov/2012:13:04:37 +0100] "GET /news.php?cs_go=archiv&cs_id=1670&cs_search= HTTP/1.1" 200 7887 "-" "Mozilla/5.0 (compatible; Googlebot/2.1; +http://www.google.com/bot.html)"
66.249.71.6 - - [04/Nov/2012:13:06:02 +0100] "GET /news.php?cs_go=archiv&cs_id=1651&cs_search= HTTP/1.1" 200 7887 "-" "Mozilla/5.0 (compatible; Googlebot/2.1; +http://www.google.com/bot.html)"
66.249.71.6 - - [04/Nov/2012:13:06:44 +0100] "GET /news.php?cs_go=archiv&cs_id=1657&cs_search= HTTP/1.1" 200 7887 "-" "Mozilla/5.0 (compatible; Googlebot/2.1; +http://www.google.com/bot.html)"
213.186.119.142 - - [04/Nov/2012:13:06:58 +0100] "GET /news.php?cs_go=archiv&cs_id=3500&cs_search= HTTP/1.1" 200 13320 "-" "Mozilla/5.0 (compatible; AhrefsBot/3.1; +http://ahrefs.com/robot/)"
66.249.71.6 - - [04/Nov/2012:13:07:27 +0100] "GET /news.php?cs_go=archiv&cs_id=1637&cs_search= HTTP/1.1" 200 7887 "-" "Mozilla/5.0 (compatible; Googlebot/2.1; +http://www.google.com/bot.html)"
66.249.71.6 - - [04/Nov/2012:13:08:09 +0100] "GET /news.php?cs_go=archiv&cs_id=1822&cs_search= HTTP/1.1" 200 7887 "-" "Mozilla/5.0 (compatible; Googlebot/2.1; +http://www.google.com/bot.html)"
66.249.71.6 - - [04/Nov/2012:13:08:52 +0100] "GET /news.php?cs_go=archiv&cs_id=1672&cs_search= HTTP/1.1" 200 7887 "-" "Mozilla/5.0 (compatible; Googlebot/2.1; +http://www.google.com/bot.html)"
66.249.71.6 - - [04/Nov/2012:13:09:34 +0100] "GET /news.php?cs_go=archiv&cs_id=1832&cs_search= HTTP/1.1" 200 7887 "-" "Mozilla/5.0 (compatible; Googlebot/2.1; +http://www.google.com/bot.html)"
66.249.71.6 - - [04/Nov/2012:13:10:17 +0100] "GET /news.php?cs_go=archiv&cs_id=1834&cs_search= HTTP/1.1" 200 7887 "-" "Mozilla/5.0 (compatible; Googlebot/2.1; +http://www.google.com/bot.html)"
157.55.35.82 - - [04/Nov/2012:13:10:31 +0100] "GET /robots.txt HTTP/1.1" 200 177 "-" "Mozilla/5.0 (compatible; bingbot/2.0; +http://www.bing.com/bingbot.htm)"
66.249.71.6 - - [04/Nov/2012:13:10:59 +0100] "GET /news.php?cs_go=archiv&cs_id=1679&cs_search= HTTP/1.1" 200 7887 "-" "Mozilla/5.0 (compatible; Googlebot/2.1; +http://www.google.com/bot.html)"
66.249.71.6 - - [04/Nov/2012:13:11:42 +0100] "GET /news.php?cs_go=archiv&cs_id=1765&cs_search= HTTP/1.1" 200 7887 "-" "Mozilla/5.0 (compatible; Googlebot/2.1; +http://www.google.com/bot.html)"
66.249.71.6 - - [04/Nov/2012:13:12:24 +0100] "GET /news.php?cs_go=archiv&cs_id=1675&cs_search= HTTP/1.1" 200 7887 "-" "Mozilla/5.0 (compatible; Googlebot/2.1; +http://www.google.com/bot.html)"
66.249.71.6 - - [04/Nov/2012:13:13:07 +0100] "GET /news.php?cs_go=archiv&cs_id=1769&cs_search= HTTP/1.1" 200 7887 "-" "Mozilla/5.0 (compatible; Googlebot/2.1; +http://www.google.com/bot.html)"
66.249.71.6 - - [04/Nov/2012:13:13:49 +0100] "GET /news.php?cs_go=archiv&cs_id=1820&cs_search= HTTP/1.1" 200 7887 "-" "Mozilla/5.0 (compatible; Googlebot/2.1; +http://www.google.com/bot.html)"
66.249.71.6 - - [04/Nov/2012:13:14:32 +0100] "GET /news.php?cs_go=archiv&cs_id=1722&cs_search= HTTP/1.1" 200 7887 "-" "Mozilla/5.0 (compatible; Googlebot/2.1; +http://www.google.com/bot.html)"
66.249.71.6 - - [04/Nov/2012:13:15:14 +0100] "GET /news.php?cs_go=archiv&cs_id=1773&cs_search= HTTP/1.1" 200 7887 "-" "Mozilla/5.0 (compatible; Googlebot/2.1; +http://www.google.com/bot.html)"
66.249.71.6 - - [04/Nov/2012:13:15:57 +0100] "GET /news.php?cs_go=archiv&cs_id=1740&cs_search= HTTP/1.1" 200 7887 "-" "Mozilla/5.0 (compatible; Googlebot/2.1; +http://www.google.com/bot.html)"
66.249.71.6 - - [04/Nov/2012:13:16:39 +0100] "GET /news.php?cs_go=archiv&cs_id=1778&cs_search= HTTP/1.1" 200 7887 "-" "Mozilla/5.0 (compatible; Googlebot/2.1; +http://www.google.com/bot.html)"
66.249.71.6 - - [04/Nov/2012:13:17:22 +0100] "GET /news.php?cs_go=archiv&cs_id=1777&cs_search= HTTP/1.1" 200 7887 "-" "Mozilla/5.0 (compatible; Googlebot/2.1; +http://www.google.com/bot.html)"
66.249.71.6 - - [04/Nov/2012:13:18:05 +0100] "GET /news.php?cs_go=archiv&cs_id=1782&cs_search= HTTP/1.1" 200 7887 "-" "Mozilla/5.0 (compatible; Googlebot/2.1; +http://www.google.com/bot.html)"
66.249.71.6 - - [04/Nov/2012:13:18:47 +0100] "GET /news.php?cs_go=archiv&cs_id=1797&cs_search= HTTP/1.1" 200 7887 "-" "Mozilla/5.0 (compatible; Googlebot/2.1; +http://www.google.com/bot.html)"
66.249.71.6 - - [04/Nov/2012:13:19:30 +0100] "GET /news.php?cs_go=archiv&cs_id=1795&cs_search= HTTP/1.1" 200 7887 "-" "Mozilla/5.0 (compatible; Googlebot/2.1; +http://www.google.com/bot.html)"
66.249.71.6 - - [04/Nov/2012:13:20:12 +0100] "GET /news.php?cs_go=archiv&cs_id=1798&cs_search= HTTP/1.1" 200 7887 "-" "Mozilla/5.0 (compatible; Googlebot/2.1; +http://www.google.com/bot.html)"
66.249.71.6 - - [04/Nov/2012:13:20:55 +0100] "GET /news.php?cs_go=archiv&cs_id=1836&cs_search= HTTP/1.1" 200 7887 "-" "Mozilla/5.0 (compatible; Googlebot/2.1; +http://www.google.com/bot.html)"
66.249.71.6 - - [04/Nov/2012:13:21:37 +0100] "GET /news.php?cs_go=archiv&cs_id=1842&cs_search= HTTP/1.1" 200 7887 "-" "Mozilla/5.0 (compatible; Googlebot/2.1; +http://www.google.com/bot.html)"
66.249.71.6 - - [04/Nov/2012:13:22:20 +0100] "GET /news.php?cs_go=archiv&cs_id=1689&cs_search= HTTP/1.1" 200 7887 "-" "Mozilla/5.0 (compatible; Googlebot/2.1; +http://www.google.com/bot.html)"
66.249.71.6 - - [04/Nov/2012:13:23:02 +0100] "GET /news.php?cs_go=archiv&cs_id=1868&cs_search= HTTP/1.1" 200 7887 "-" "Mozilla/5.0 (compatible; Googlebot/2.1; +http://www.google.com/bot.html)"
157.55.35.82 - - [04/Nov/2012:13:23:30 +0100] "GET / HTTP/1.1" 200 15326 "-" "Mozilla/5.0 (compatible; bingbot/2.0; +http://www.bing.com/bingbot.htm)"
66.249.71.6 - - [04/Nov/2012:13:23:45 +0100] "GET /news.php?cs_go=archiv&cs_id=1806&cs_search= HTTP/1.1" 200 7887 "-" "Mozilla/5.0 (compatible; Googlebot/2.1; +http://www.google.com/bot.html)"
84.191.37.102 - - [04/Nov/2012:13:23:48 +0100] "GET / HTTP/1.1" 200 15326 "http://suche.aol.de/aol/search?q=Mink+Gmbh&s_it=tb50-ff-winamp-chromesbox-en-us" "Mozilla/5.0 (Windows NT 6.1; rv:15.0) Gecko/20100101 Firefox/15.0.1"
84.191.37.102 - - [04/Nov/2012:13:23:49 +0100] "GET /style.css HTTP/1.1" 200 8418 "http://www.mink-gmbh.de/" "Mozilla/5.0 (Windows NT 6.1; rv:15.0) Gecko/20100101 Firefox/15.0.1"
84.191.37.102 - - [04/Nov/2012:13:23:49 +0100] "GET /js_contentserver24_greybox/gb_styles.css HTTP/1.1" 200 2302 "http://www.mink-gmbh.de/" "Mozilla/5.0 (Windows NT 6.1; rv:15.0) Gecko/20100101 Firefox/15.0.1"
84.191.37.102 - - [04/Nov/2012:13:23:49 +0100] "GET /js_contentserver24_greybox/AJS.js HTTP/1.1" 200 10396 "http://www.mink-gmbh.de/" "Mozilla/5.0 (Windows NT 6.1; rv:15.0) Gecko/20100101 Firefox/15.0.1"
84.191.37.102 - - [04/Nov/2012:13:23:49 +0100] "GET /js_contentserver24_greybox/AJS_fx.js HTTP/1.1" 200 3192 "http://www.mink-gmbh.de/" "Mozilla/5.0 (Windows NT 6.1; rv:15.0) Gecko/20100101 Firefox/15.0.1"
84.191.37.102 - - [04/Nov/2012:13:23:49 +0100] "GET /js_contentserver24_greybox/gb_scripts.js HTTP/1.1" 200 11913 "http://www.mink-gmbh.de/" "Mozilla/5.0 (Windows NT 6.1; rv:15.0) Gecko/20100101 Firefox/15.0.1"
84.191.37.102 - - [04/Nov/2012:13:23:49 +0100] "GET /modul.css HTTP/1.1" 200 35038 "http://www.mink-gmbh.de/" "Mozilla/5.0 (Windows NT 6.1; rv:15.0) Gecko/20100101 Firefox/15.0.1"
84.191.37.102 - - [04/Nov/2012:13:23:49 +0100] "GET /images/tkw.jpg HTTP/1.1" 200 64031 "http://www.mink-gmbh.de/" "Mozilla/5.0 (Windows NT 6.1; rv:15.0) Gecko/20100101 Firefox/15.0.1"
84.191.37.102 - - [04/Nov/2012:13:23:49 +0100] "GET /images/freecall.jpg HTTP/1.1" 200 39195 "http://www.mink-gmbh.de/" "Mozilla/5.0 (Windows NT 6.1; rv:15.0) Gecko/20100101 Firefox/15.0.1"
84.191.37.102 - - [04/Nov/2012:13:23:49 +0100] "GET /images/mail.jpg HTTP/1.1" 200 11165 "http://www.mink-gmbh.de/" "Mozilla/5.0 (Windows NT 6.1; rv:15.0) Gecko/20100101 Firefox/15.0.1"
84.191.37.102 - - [04/Nov/2012:13:23:49 +0100] "GET /images/kwk.gif HTTP/1.1" 200 6403 "http://www.mink-gmbh.de/" "Mozilla/5.0 (Windows NT 6.1; rv:15.0) Gecko/20100101 Firefox/15.0.1"
84.191.37.102 - - [04/Nov/2012:13:23:49 +0100] "GET /images/wunschpreis.jpg HTTP/1.1" 200 16767 "http://www.mink-gmbh.de/" "Mozilla/5.0 (Windows NT 6.1; rv:15.0) Gecko/20100101 Firefox/15.0.1"
84.191.37.102 - - [04/Nov/2012:13:23:49 +0100] "GET /images/logos.jpg HTTP/1.1" 200 15002 "http://www.mink-gmbh.de/" "Mozilla/5.0 (Windows NT 6.1; rv:15.0) Gecko/20100101 Firefox/15.0.1"
84.191.37.102 - - [04/Nov/2012:13:23:49 +0100] "GET /favicon.ico HTTP/1.1" 200 3638 "-" "Mozilla/5.0 (Windows NT 6.1; rv:15.0) Gecko/20100101 Firefox/15.0.1"
84.191.37.102 - - [04/Nov/2012:13:23:50 +0100] "GET /images/bg.jpg HTTP/1.1" 200 345 "http://www.mink-gmbh.de/style.css" "Mozilla/5.0 (Windows NT 6.1; rv:15.0) Gecko/20100101 Firefox/15.0.1"
84.191.37.102 - - [04/Nov/2012:13:23:50 +0100] "GET /js_contentserver24_greybox/w_close.gif HTTP/1.1" 200 74 "http://www.mink-gmbh.de/" "Mozilla/5.0 (Windows NT 6.1; rv:15.0) Gecko/20100101 Firefox/15.0.1"
84.191.37.102 - - [04/Nov/2012:13:23:50 +0100] "GET /images/close.png HTTP/1.1" 200 703 "http://www.mink-gmbh.de/" "Mozilla/5.0 (Windows NT 6.1; rv:15.0) Gecko/20100101 Firefox/15.0.1"
84.191.37.102 - - [04/Nov/2012:13:23:50 +0100] "GET /images/newsletter_bg.jpg HTTP/1.1" 200 33610 "http://www.mink-gmbh.de/" "Mozilla/5.0 (Windows NT 6.1; rv:15.0) Gecko/20100101 Firefox/15.0.1"
84.191.37.102 - - [04/Nov/2012:13:23:50 +0100] "GET /images/newsletter.png HTTP/1.1" 200 14619 "http://www.mink-gmbh.de/style.css" "Mozilla/5.0 (Windows NT 6.1; rv:15.0) Gecko/20100101 Firefox/15.0.1"
84.191.37.102 - - [04/Nov/2012:13:23:50 +0100] "GET /images/wrapperbg.jpg HTTP/1.1" 200 27465 "http://www.mink-gmbh.de/style.css" "Mozilla/5.0 (Windows NT 6.1; rv:15.0) Gecko/20100101 Firefox/15.0.1"
84.191.37.102 - - [04/Nov/2012:13:23:51 +0100] "GET /images/header.jpg HTTP/1.1" 200 24413 "http://www.mink-gmbh.de/style.css" "Mozilla/5.0 (Windows NT 6.1; rv:15.0) Gecko/20100101 Firefox/15.0.1"
84.191.37.102 - - [04/Nov/2012:13:23:51 +0100] "GET /images/navibg.png HTTP/1.1" 200 2803 "http://www.mink-gmbh.de/style.css" "Mozilla/5.0 (Windows NT 6.1; rv:15.0) Gecko/20100101 Firefox/15.0.1"
84.191.37.102 - - [04/Nov/2012:13:23:51 +0100] "GET /images/gleichbleibend.png HTTP/1.1" 200 534 "http://www.mink-gmbh.de/modul.css" "Mozilla/5.0 (Windows NT 6.1; rv:15.0) Gecko/20100101 Firefox/15.0.1"
84.191.37.102 - - [04/Nov/2012:13:23:51 +0100] "GET /images/steigend.png HTTP/1.1" 200 688 "http://www.mink-gmbh.de/modul.css" "Mozilla/5.0 (Windows NT 6.1; rv:15.0) Gecko/20100101 Firefox/15.0.1"
84.191.37.102 - - [04/Nov/2012:13:23:51 +0100] "GET /images/fallend.png HTTP/1.1" 200 713 "http://www.mink-gmbh.de/modul.css" "Mozilla/5.0 (Windows NT 6.1; rv:15.0) Gecko/20100101 Firefox/15.0.1"
84.191.37.102 - - [04/Nov/2012:13:23:51 +0100] "GET /images/mobil.jpg HTTP/1.1" 200 25293 "http://www.mink-gmbh.de/style.css" "Mozilla/5.0 (Windows NT 6.1; rv:15.0) Gecko/20100101 Firefox/15.0.1"
84.191.37.102 - - [04/Nov/2012:13:23:51 +0100] "GET /images/newsletter.jpg HTTP/1.1" 200 13130 "http://www.mink-gmbh.de/style.css" "Mozilla/5.0 (Windows NT 6.1; rv:15.0) Gecko/20100101 Firefox/15.0.1"
84.191.37.102 - - [04/Nov/2012:13:23:51 +0100] "GET /images/footerbg.jpg HTTP/1.1" 200 2184 "http://www.mink-gmbh.de/style.css" "Mozilla/5.0 (Windows NT 6.1; rv:15.0) Gecko/20100101 Firefox/15.0.1"
84.191.37.102 - - [04/Nov/2012:13:23:51 +0100] "GET /js_contentserver24_greybox/loader_frame.html?s=0 HTTP/1.1" 200 2084 "http://www.mink-gmbh.de/" "Mozilla/5.0 (Windows NT 6.1; rv:15.0) Gecko/20100101 Firefox/15.0.1"
84.191.37.102 - - [04/Nov/2012:13:23:51 +0100] "GET /js_contentserver24_greybox/header_bg.gif HTTP/1.1" 200 1188 "http://www.mink-gmbh.de/" "Mozilla/5.0 (Windows NT 6.1; rv:15.0) Gecko/20100101 Firefox/15.0.1"
84.191.37.102 - - [04/Nov/2012:13:23:51 +0100] "GET /js_contentserver24_greybox/indicator.gif HTTP/1.1" 200 8238 "http://www.mink-gmbh.de/js_contentserver24_greybox/loader_frame.html?s=0" "Mozilla/5.0 (Windows NT 6.1; rv:15.0) Gecko/20100101 Firefox/15.0.1"
84.191.37.102 - - [04/Nov/2012:13:23:52 +0100] "GET /js_contentserver24_greybox/g_close.gif HTTP/1.1" 200 541 "http://www.mink-gmbh.de/" "Mozilla/5.0 (Windows NT 6.1; rv:15.0) Gecko/20100101 Firefox/15.0.1"
66.249.71.6 - - [04/Nov/2012:13:24:27 +0100] "GET /news.php?cs_go=archiv&cs_id=1682&cs_search= HTTP/1.1" 200 7887 "-" "Mozilla/5.0 (compatible; Googlebot/2.1; +http://www.google.com/bot.html)"
66.249.71.6 - - [04/Nov/2012:13:25:10 +0100] "GET /news.php?cs_go=archiv&cs_id=1870&cs_search= HTTP/1.1" 200 7887 "-" "Mozilla/5.0 (compatible; Googlebot/2.1; +http://www.google.com/bot.html)"
84.191.37.102 - - [04/Nov/2012:13:25:16 +0100] "GET / HTTP/1.1" 200 14585 "http://suche.aol.de/aol/search?q=Mink+Gmbh&s_it=tb50-ff-winamp-chromesbox-en-us" "Mozilla/5.0 (Windows NT 6.1; rv:15.0) Gecko/20100101 Firefox/15.0.1"
84.191.37.102 - - [04/Nov/2012:13:25:33 +0100] "GET /wunschpreis.php HTTP/1.1" 200 11997 "http://www.mink-gmbh.de/" "Mozilla/5.0 (Windows NT 6.1; rv:15.0) Gecko/20100101 Firefox/15.0.1"
84.191.37.102 - - [04/Nov/2012:13:25:51 +0100] "GET / HTTP/1.1" 200 14585 "http://suche.aol.de/aol/search?q=Mink+Gmbh&s_it=tb50-ff-winamp-chromesbox-en-us" "Mozilla/5.0 (Windows NT 6.1; rv:15.0) Gecko/20100101 Firefox/15.0.1"
66.249.71.6 - - [04/Nov/2012:13:25:52 +0100] "GET /news.php?cs_go=archiv&cs_id=1686&cs_search= HTTP/1.1" 200 7887 "-" "Mozilla/5.0 (compatible; Googlebot/2.1; +http://www.google.com/bot.html)"
66.249.71.6 - - [04/Nov/2012:13:26:35 +0100] "GET /news.php?cs_go=archiv&cs_id=1681&cs_search= HTTP/1.1" 200 7887 "-" "Mozilla/5.0 (compatible; Googlebot/2.1; +http://www.google.com/bot.html)"
66.249.71.6 - - [04/Nov/2012:13:27:17 +0100] "GET /news.php?cs_go=archiv&cs_id=1714&cs_search= HTTP/1.1" 200 7887 "-" "Mozilla/5.0 (compatible; Googlebot/2.1; +http://www.google.com/bot.html)"
84.191.37.102 - - [04/Nov/2012:13:27:20 +0100] "GET /preisanfrage.php HTTP/1.1" 200 10647 "http://www.mink-gmbh.de/" "Mozilla/5.0 (Windows NT 6.1; rv:15.0) Gecko/20100101 Firefox/15.0.1"
84.191.37.102 - - [04/Nov/2012:13:27:44 +0100] "GET / HTTP/1.1" 200 14585 "http://suche.aol.de/aol/search?q=Mink+Gmbh&s_it=tb50-ff-winamp-chromesbox-en-us" "Mozilla/5.0 (Windows NT 6.1; rv:15.0) Gecko/20100101 Firefox/15.0.1"
66.249.71.6 - - [04/Nov/2012:13:28:00 +0100] "GET /news.php?cs_go=archiv&cs_id=1876&cs_search= HTTP/1.1" 200 7887 "-" "Mozilla/5.0 (compatible; Googlebot/2.1; +http://www.google.com/bot.html)"
84.191.37.102 - - [04/Nov/2012:13:28:12 +0100] "GET /news.php?cs_go=archiv&cs_id=3619 HTTP/1.1" 200 10696 "http://www.mink-gmbh.de/" "Mozilla/5.0 (Windows NT 6.1; rv:15.0) Gecko/20100101 Firefox/15.0.1"
84.191.37.102 - - [04/Nov/2012:13:28:35 +0100] "GET / HTTP/1.1" 200 14585 "http://suche.aol.de/aol/search?q=Mink+Gmbh&s_it=tb50-ff-winamp-chromesbox-en-us" "Mozilla/5.0 (Windows NT 6.1; rv:15.0) Gecko/20100101 Firefox/15.0.1"
66.249.71.6 - - [04/Nov/2012:13:28:42 +0100] "GET /news.php?cs_go=archiv&cs_id=1718&cs_search= HTTP/1.1" 200 7887 "-" "Mozilla/5.0 (compatible; Googlebot/2.1; +http://www.google.com/bot.html)"
66.249.71.6 - - [04/Nov/2012:13:29:25 +0100] "GET /news.php?cs_go=archiv&cs_id=1879&cs_search= HTTP/1.1" 200 7887 "-" "Mozilla/5.0 (compatible; Googlebot/2.1; +http://www.google.com/bot.html)"
66.249.71.6 - - [04/Nov/2012:13:30:07 +0100] "GET /news.php?cs_go=archiv&cs_id=1881&cs_search= HTTP/1.1" 200 7887 "-" "Mozilla/5.0 (compatible; Googlebot/2.1; +http://www.google.com/bot.html)"
