84.191.37.102 - - [04/Nov/2012:13:30:27 +0100] "GET /preisanfrage.php HTTP/1.1" 200 10647 "http://www.mink-gmbh.de/" "Mozilla/5.0 (Windows NT 6.1; rv:15.0) Gecko/20100101 Firefox/15.0.1"
84.191.37.102 - - [04/Nov/2012:13:30:36 +0100] "GET /wunschpreis.php HTTP/1.1" 200 11997 "http://www.mink-gmbh.de/preisanfrage.php" "Mozilla/5.0 (Windows NT 6.1; rv:15.0) Gecko/20100101 Firefox/15.0.1"
84.191.37.102 - - [04/Nov/2012:13:30:48 +0100] "GET /preisanfrage.php HTTP/1.1" 200 10647 "http://www.mink-gmbh.de/" "Mozilla/5.0 (Windows NT 6.1; rv:15.0) Gecko/20100101 Firefox/15.0.1"
66.249.71.6 - - [04/Nov/2012:13:30:50 +0100] "GET /news.php?cs_go=archiv&cs_id=1888&cs_search= HTTP/1.1" 200 7887 "-" "Mozilla/5.0 (compatible; Googlebot/2.1; +http://www.google.com/bot.html)"
84.191.37.102 - - [04/Nov/2012:13:30:54 +0100] "GET / HTTP/1.1" 200 14585 "http://suche.aol.de/aol/search?q=Mink+Gmbh&s_it=tb50-ff-winamp-chromesbox-en-us" "Mozilla/5.0 (Windows NT 6.1; rv:15.0) Gecko/20100101 Firefox/15.0.1"
66.249.71.6 - - [04/Nov/2012:13:31:32 +0100] "GET /news.php?cs_go=archiv&cs_id=1720&cs_search= HTTP/1.1" 200 7887 "-" "Mozilla/5.0 (compatible; Googlebot/2.1; +http://www.google.com/bot.html)"
66.249.71.6 - - [04/Nov/2012:13:32:15 +0100] "GET /news.php?cs_go=archiv&cs_id=1723&cs_search= HTTP/1.1" 200 7887 "-" "Mozilla/5.0 (compatible; Googlebot/2.1; +http://www.google.com/bot.html)"
66.249.71.6 - - [04/Nov/2012:13:32:57 +0100] "GET /news.php?cs_go=archiv&cs_id=1746&cs_search= HTTP/1.1" 200 7887 "-" "Mozilla/5.0 (compatible; Googlebot/2.1; +http://www.google.com/bot.html)"
66.249.71.6 - - [04/Nov/2012:13:33:40 +0100] "GET /news.php?cs_go=archiv&cs_id=1721&cs_search= HTTP/1.1" 200 7887 "-" "Mozilla/5.0 (compatible; Googlebot/2.1; +http://www.google.com/bot.html)"
66.249.71.6 - - [04/Nov/2012:13:34:22 +0100] "GET /news.php?cs_go=archiv&cs_id=1748&cs_search= HTTP/1.1" 200 7887 "-" "Mozilla/5.0 (compatible; Googlebot/2.1; +http://www.google.com/bot.html)"
66.249.71.6 - - [04/Nov/2012:13:35:05 +0100] "GET /news.php?cs_go=archiv&cs_id=1750&cs_search= HTTP/1.1" 200 7887 "-" "Mozilla/5.0 (compatible; Googlebot/2.1; +http://www.google.com/bot.html)"
66.249.71.6 - - [04/Nov/2012:13:35:47 +0100] "GET /news.php?cs_go=archiv&cs_id=1751&cs_search= HTTP/1.1" 200 7887 "-" "Mozilla/5.0 (compatible; Googlebot/2.1; +http://www.google.com/bot.html)"
66.249.71.6 - - [04/Nov/2012:13:36:30 +0100] "GET /news.php?cs_go=archiv&cs_id=1752&cs_search= HTTP/1.1" 200 7887 "-" "Mozilla/5.0 (compatible; Googlebot/2.1; +http://www.google.com/bot.html)"
66.249.71.6 - - [04/Nov/2012:13:37:12 +0100] "GET /news.php?cs_go=archiv&cs_id=1803&cs_search= HTTP/1.1" 200 7887 "-" "Mozilla/5.0 (compatible; Googlebot/2.1; +http://www.google.com/bot.html)"
66.249.71.6 - - [04/Nov/2012:13:37:55 +0100] "GET /news.php?cs_go=archiv&cs_id=1804&cs_search= HTTP/1.1" 200 7887 "-" "Mozilla/5.0 (compatible; Googlebot/2.1; +http://www.google.com/bot.html)"
66.249.71.6 - - [04/Nov/2012:13:40:02 +0100] "GET /news.php?cs_go=archiv&cs_id=1844&cs_search= HTTP/1.1" 200 7887 "-" "Mozilla/5.0 (compatible; Googlebot/2.1; +http://www.google.com/bot.html)"
66.249.71.6 - - [04/Nov/2012:13:40:45 +0100] "GET /news.php?cs_go=archiv&cs_id=1891&cs_search= HTTP/1.1" 200 7887 "-" "Mozilla/5.0 (compatible; Googlebot/2.1; +http://www.google.com/bot.html)"
66.249.71.6 - - [04/Nov/2012:13:41:27 +0100] "GET /news.php?cs_go=archiv&cs_id=1850&cs_search= HTTP/1.1" 200 7887 "-" "Mozilla/5.0 (compatible; Googlebot/2.1; +http://www.google.com/bot.html)"
213.186.127.11 - - [04/Nov/2012:13:41:29 +0100] "GET /news.php?cs_go=archiv&cs_startpos=660 HTTP/1.1" 200 22633 "-" "Mozilla/5.0 (compatible; AhrefsBot/3.1; +http://ahrefs.com/robot/)"
66.249.71.6 - - [04/Nov/2012:13:42:10 +0100] "GET /news.php?cs_go=archiv&cs_id=1695&cs_search= HTTP/1.1" 200 7887 "-" "Mozilla/5.0 (compatible; Googlebot/2.1; +http://www.google.com/bot.html)"
66.249.71.6 - - [04/Nov/2012:13:42:52 +0100] "GET /news.php?cs_go=archiv&cs_id=1840&cs_search= HTTP/1.1" 200 7887 "-" "Mozilla/5.0 (compatible; Googlebot/2.1; +http://www.google.com/bot.html)"
66.249.71.6 - - [04/Nov/2012:13:43:35 +0100] "GET /news.php?cs_go=archiv&cs_id=1676&cs_search= HTTP/1.1" 200 7887 "-" "Mozilla/5.0 (compatible; Googlebot/2.1; +http://www.google.com/bot.html)"
66.249.71.6 - - [04/Nov/2012:13:44:17 +0100] "GET /news.php?cs_go=archiv&cs_id=1701&cs_search= HTTP/1.1" 200 7887 "-" "Mozilla/5.0 (compatible; Googlebot/2.1; +http://www.google.com/bot.html)"
66.249.71.6 - - [04/Nov/2012:13:45:00 +0100] "GET /news.php?cs_go=archiv&cs_id=1696&cs_search= HTTP/1.1" 200 7887 "-" "Mozilla/5.0 (compatible; Googlebot/2.1; +http://www.google.com/bot.html)"
66.249.71.6 - - [04/Nov/2012:13:45:42 +0100] "GET /news.php?cs_go=archiv&cs_id=2066&cs_search= HTTP/1.1" 200 7887 "-" "Mozilla/5.0 (compatible; Googlebot/2.1; +http://www.google.com/bot.html)"
84.19.190.126 - - [04/Nov/2012:13:46:09 +0100] "GET /robots.txt HTTP/1.1" 200 177 "-" "Mozilla/5.0 (compatible; UnisterBot; crawler@unister.de)"
84.19.190.126 - - [04/Nov/2012:13:46:09 +0100] "GET /news.php?cs_go=archiv&cs_id=3319&cs_search= HTTP/1.1" 200 12261 "-" "Mozilla/5.0 (compatible; UnisterBot; crawler@unister.de)"
66.249.71.6 - - [04/Nov/2012:13:46:25 +0100] "GET /news.php?cs_go=archiv&cs_id=1952&cs_search= HTTP/1.1" 200 7887 "-" "Mozilla/5.0 (compatible; Googlebot/2.1; +http://www.google.com/bot.html)"
66.249.71.6 - - [04/Nov/2012:13:47:50 +0100] "GET /news.php?cs_go=archiv&cs_id=2167&cs_search= HTTP/1.1" 200 7887 "-" "Mozilla/5.0 (compatible; Googlebot/2.1; +http://www.google.com/bot.html)"
87.118.116.25 - - [04/Nov/2012:13:48:14 +0100] "GET /news.php?cs_go=archiv&cs_id=3315&cs_search= HTTP/1.1" 200 13524 "-" "Mozilla/5.0 (compatible; UnisterBot; crawler@unister.de)"
84.19.190.126 - - [04/Nov/2012:13:49:06 +0100] "GET /news.php?cs_go=archiv&cs_id=3310&cs_search= HTTP/1.1" 200 12968 "-" "Mozilla/5.0 (compatible; UnisterBot; crawler@unister.de)"
66.249.71.6 - - [04/Nov/2012:13:49:57 +0100] "GET /news.php?cs_go=archiv&cs_id=1908&cs_search= HTTP/1.1" 200 7887 "-" "Mozilla/5.0 (compatible; Googlebot/2.1; +http://www.google.com/bot.html)"
66.249.71.6 - - [04/Nov/2012:13:50:40 +0100] "GET /news.php?cs_go=archiv&cs_id=1926&cs_search= HTTP/1.1" 200 7887 "-" "Mozilla/5.0 (compatible; Googlebot/2.1; +http://www.google.com/bot.html)"
66.249.71.6 - - [04/Nov/2012:13:52:05 +0100] "GET /news.php?cs_go=archiv&cs_id=1910&cs_search= HTTP/1.1" 200 7887 "-" "Mozilla/5.0 (compatible; Googlebot/2.1; +http://www.google.com/bot.html)"
5.9.25.83 - - [04/Nov/2012:13:53:44 +0100] "GET /robots.txt HTTP/1.1" 200 177 "-" "Pixray-Seeker/2.0 (Pixray-Seeker; +http://www.pixray.com/pixraybot; +crawler@pixray.com)"
5.9.25.83 - - [04/Nov/2012:13:53:44 +0100] "GET /news.php?cs_go=archiv&cs_id=1638&cs_search= HTTP/1.1" 200 7887 "-" "Pixray-Seeker/2.0 (Pixray-Seeker; +http://www.pixray.com/pixraybot; +crawler@pixray.com)"
66.249.71.6 - - [04/Nov/2012:13:54:55 +0100] "GET /news.php?cs_go=archiv&cs_id=1914&cs_search= HTTP/1.1" 200 7887 "-" "Mozilla/5.0 (compatible; Googlebot/2.1; +http://www.google.com/bot.html)"
66.249.71.6 - - [04/Nov/2012:13:55:38 +0100] "GET /news.php?cs_go=archiv&cs_id=1929&cs_search= HTTP/1.1" 200 7887 "-" "Mozilla/5.0 (compatible; Googlebot/2.1; +http://www.google.com/bot.html)"
66.249.71.6 - - [04/Nov/2012:13:57:03 +0100] "GET /news.php?cs_go=archiv&cs_id=1925&cs_search= HTTP/1.1" 200 7887 "-" "Mozilla/5.0 (compatible; Googlebot/2.1; +http://www.google.com/bot.html)"
65.36.241.79 - - [04/Nov/2012:13:57:17 +0100] "HEAD / HTTP/1.1" 200 - "-" "InternetSeer.com"
66.249.71.6 - - [04/Nov/2012:13:59:10 +0100] "GET /news.php?cs_go=archiv&cs_id=1659&cs_search= HTTP/1.1" 200 7887 "-" "Mozilla/5.0 (compatible; Googlebot/2.1; +http://www.google.com/bot.html)"
66.249.71.6 - - [04/Nov/2012:13:59:53 +0100] "GET /news.php?cs_go=archiv&cs_id=1931&cs_search= HTTP/1.1" 200 7887 "-" "Mozilla/5.0 (compatible; Googlebot/2.1; +http://www.google.com/bot.html)"
66.249.71.6 - - [04/Nov/2012:14:01:18 +0100] "GET /news.php?cs_go=archiv&cs_id=1941&cs_search= HTTP/1.1" 200 7887 "-" "Mozilla/5.0 (compatible; Googlebot/2.1; +http://www.google.com/bot.html)"
66.249.71.6 - - [04/Nov/2012:14:02:00 +0100] "GET /news.php?cs_go=archiv&cs_id=1894&cs_search= HTTP/1.1" 200 7887 "-" "Mozilla/5.0 (compatible; Googlebot/2.1; +http://www.google.com/bot.html)"
66.249.71.6 - - [04/Nov/2012:14:02:43 +0100] "GET /news.php?cs_go=archiv&cs_id=1896&cs_search= HTTP/1.1" 200 7887 "-" "Mozilla/5.0 (compatible; Googlebot/2.1; +http://www.google.com/bot.html)"
66.249.71.6 - - [04/Nov/2012:14:06:15 +0100] "GET /news.php?cs_go=archiv&cs_id=1901&cs_search= HTTP/1.1" 200 7887 "-" "Mozilla/5.0 (compatible; Googlebot/2.1; +http://www.google.com/bot.html)"
5.9.25.79 - - [04/Nov/2012:14:06:56 +0100] "GET /robots.txt HTTP/1.1" 200 177 "-" "Pixray-Seeker/2.0 (Pixray-Seeker; +http://www.pixray.com/pixraybot; +crawler@pixray.com)"
5.9.25.79 - - [04/Nov/2012:14:06:56 +0100] "GET /modernisierung.php HTTP/1.1" 200 11578 "-" "Pixray-Seeker/2.0 (Pixray-Seeker; +http://www.pixray.com/pixraybot; +crawler@pixray.com)"
66.249.71.6 - - [04/Nov/2012:14:10:30 +0100] "GET /news.php?cs_go=archiv&cs_id=1707&cs_search= HTTP/1.1" 200 7887 "-" "Mozilla/5.0 (compatible; Googlebot/2.1; +http://www.google.com/bot.html)"
66.249.71.6 - - [04/Nov/2012:14:12:38 +0100] "GET /news.php?cs_go=archiv&cs_id=1643&cs_search= HTTP/1.1" 200 7887 "-" "Mozilla/5.0 (compatible; Googlebot/2.1; +http://www.google.com/bot.html)"
66.249.71.6 - - [04/Nov/2012:14:12:43 +0100] "GET /news.php?cs_go=archiv&cs_id=1886&cs_search= HTTP/1.1" 200 7887 "-" "Mozilla/5.0 (compatible; Googlebot/2.1; +http://www.google.com/bot.html)"
213.186.127.7 - - [04/Nov/2012:14:13:51 +0100] "GET /lexikon.php?cs_go=2&cs_char=j HTTP/1.1" 200 8582 "-" "Mozilla/5.0 (compatible; AhrefsBot/3.1; +http://ahrefs.com/robot/)"
66.249.71.6 - - [04/Nov/2012:14:14:03 +0100] "GET /news.php?cs_go=archiv&cs_id=1653&cs_search= HTTP/1.1" 200 7887 "-" "Mozilla/5.0 (compatible; Googlebot/2.1; +http://www.google.com/bot.html)"
5.9.25.74 - - [04/Nov/2012:14:14:46 +0100] "GET /robots.txt HTTP/1.1" 200 177 "-" "Pixray-Seeker/2.0 (Pixray-Seeker; +http://www.pixray.com/pixraybot; +crawler@pixray.com)"
5.9.25.74 - - [04/Nov/2012:14:14:46 +0100] "GET /news.php?cs_go=archiv&cs_id=3635&cs_search= HTTP/1.1" 200 13377 "-" "Pixray-Seeker/2.0 (Pixray-Seeker; +http://www.pixray.com/pixraybot; +crawler@pixray.com)"
66.249.71.6 - - [04/Nov/2012:14:16:10 +0100] "GET /news.php?cs_go=archiv&cs_id=1648&cs_search= HTTP/1.1" 200 7887 "-" "Mozilla/5.0 (compatible; Googlebot/2.1; +http://www.google.com/bot.html)"
5.9.25.84 - - [04/Nov/2012:14:17:01 +0100] "GET /robots.txt HTTP/1.1" 200 177 "-" "Pixray-Seeker/2.0 (Pixray-Seeker; +http://www.pixray.com/pixraybot; +crawler@pixray.com)"
5.9.25.84 - - [04/Nov/2012:14:17:01 +0100] "GET /news.php?cs_go=archiv&cs_id=2650&cs_search= HTTP/1.1" 200 7887 "-" "Pixray-Seeker/2.0 (Pixray-Seeker; +http://www.pixray.com/pixraybot; +crawler@pixray.com)"
66.249.71.6 - - [04/Nov/2012:14:18:18 +0100] "GET / HTTP/1.1" 200 15326 "-" "Mozilla/5.0 (compatible; Googlebot/2.1; +http://www.google.com/bot.html)"
66.249.71.6 - - [04/Nov/2012:14:19:43 +0100] "GET /news.php?cs_go=archiv&cs_id=3332&cs_search= HTTP/1.1" 200 11244 "-" "Mozilla/5.0 (compatible; Googlebot/2.1; +http://www.google.com/bot.html)"
66.249.71.6 - - [04/Nov/2012:14:20:25 +0100] "GET /news.php?cs_go=archiv&cs_id=157&cs_search= HTTP/1.1" 200 7887 "-" "Mozilla/5.0 (compatible; Googlebot/2.1; +http://www.google.com/bot.html)"
66.249.74.49 - - [04/Nov/2012:14:21:08 +0100] "GET /robots.txt HTTP/1.1" 200 177 "-" "Mozilla/5.0 (compatible; Googlebot/2.1; +http://www.google.com/bot.html)"
66.249.74.49 - - [04/Nov/2012:14:21:09 +0100] "GET /news.php?cs_go=archiv&cs_id=858&cs_search= HTTP/1.1" 200 7887 "-" "Mozilla/5.0 (compatible; Googlebot/2.1; +http://www.google.com/bot.html)"
66.249.74.49 - - [04/Nov/2012:14:22:33 +0100] "GET /news.php?cs_go=archiv&cs_id=1603&cs_search= HTTP/1.1" 200 7887 "-" "Mozilla/5.0 (compatible; Googlebot/2.1; +http://www.google.com/bot.html)"
66.249.74.49 - - [04/Nov/2012:14:23:16 +0100] "GET /news.php?cs_go=archiv&cs_id=690&cs_search= HTTP/1.1" 200 7887 "-" "Mozilla/5.0 (compatible; Googlebot/2.1; +http://www.google.com/bot.html)"
66.249.74.49 - - [04/Nov/2012:14:23:58 +0100] "GET /news.php?cs_go=archiv&cs_id=288&cs_search= HTTP/1.1" 200 7887 "-" "Mozilla/5.0 (compatible; Googlebot/2.1; +http://www.google.com/bot.html)"
66.249.74.49 - - [04/Nov/2012:14:25:18 +0100] "GET /news.php?cs_go=archiv&cs_id=3619 HTTP/1.1" 200 10783 "-" "Mozilla/5.0 (compatible; Googlebot/2.1; +http://www.google.com/bot.html)"
66.249.74.49 - - [04/Nov/2012:14:25:23 +0100] "GET /news.php?cs_go=archiv&cs_id=703&cs_search= HTTP/1.1" 200 7887 "-" "Mozilla/5.0 (compatible; Googlebot/2.1; +http://www.google.com/bot.html)"
66.249.74.49 - - [04/Nov/2012:14:25:34 +0100] "GET /news.php?cs_go=archiv&cs_id=3618 HTTP/1.1" 200 12341 "-" "Mozilla/5.0 (compatible; Googlebot/2.1; +http://www.google.com/bot.html)"
66.249.74.49 - - [04/Nov/2012:14:26:06 +0100] "GET /news.php?cs_go=archiv&cs_id=645&cs_search= HTTP/1.1" 200 7887 "-" "Mozilla/5.0 (compatible; Googlebot/2.1; +http://www.google.com/bot.html)"
66.249.74.49 - - [04/Nov/2012:14:28:13 +0100] "GET /news.php?cs_go=archiv&cs_id=149&cs_search= HTTP/1.1" 200 7887 "-" "Mozilla/5.0 (compatible; Googlebot/2.1; +http://www.google.com/bot.html)"
66.249.74.49 - - [04/Nov/2012:14:29:38 +0100] "GET /news.php?cs_go=archiv&cs_id=466&cs_search= HTTP/1.1" 200 7887 "-" "Mozilla/5.0 (compatible; Googlebot/2.1; +http://www.google.com/bot.html)"
66.249.74.49 - - [04/Nov/2012:14:30:21 +0100] "GET /news.php?cs_go=archiv&cs_id=152&cs_search= HTTP/1.1" 200 7887 "-" "Mozilla/5.0 (compatible; Googlebot/2.1; +http://www.google.com/bot.html)"
66.249.74.49 - - [04/Nov/2012:14:31:46 +0100] "GET /news.php?cs_go=archiv&cs_id=118&cs_search= HTTP/1.1" 200 7887 "-" "Mozilla/5.0 (compatible; Googlebot/2.1; +http://www.google.com/bot.html)"
66.249.74.49 - - [04/Nov/2012:14:33:53 +0100] "GET /news.php?cs_go=archiv&cs_id=1618&cs_search= HTTP/1.1" 200 7887 "-" "Mozilla/5.0 (compatible; Googlebot/2.1; +http://www.google.com/bot.html)"
66.249.74.49 - - [04/Nov/2012:14:34:36 +0100] "GET /news.php?cs_go=archiv&cs_id=353&cs_search= HTTP/1.1" 200 7887 "-" "Mozilla/5.0 (compatible; Googlebot/2.1; +http://www.google.com/bot.html)"
66.249.74.49 - - [04/Nov/2012:14:35:18 +0100] "GET /news.php?cs_go=archiv&cs_id=1610&cs_search= HTTP/1.1" 200 7887 "-" "Mozilla/5.0 (compatible; Googlebot/2.1; +http://www.google.com/bot.html)"
66.249.74.49 - - [04/Nov/2012:14:36:01 +0100] "GET /news.php?cs_go=archiv&cs_id=364&cs_search= HTTP/1.1" 200 7887 "-" "Mozilla/5.0 (compatible; Googlebot/2.1; +http://www.google.com/bot.html)"
123.125.71.30 - - [04/Nov/2012:14:36:06 +0100] "GET / HTTP/1.1" 200 13269 "-" "Mozilla/5.0 (compatible; Baiduspider/2.0; +http://www.baidu.com/search/spider.html)"
66.249.74.49 - - [04/Nov/2012:14:37:26 +0100] "GET /news.php?cs_go=archiv&cs_id=529&cs_search= HTTP/1.1" 200 7887 "-" "Mozilla/5.0 (compatible; Googlebot/2.1; +http://www.google.com/bot.html)"
66.249.74.49 - - [04/Nov/2012:14:38:08 +0100] "GET /news.php?cs_go=archiv&cs_startpos=1750 HTTP/1.1" 200 8126 "-" "Mozilla/5.0 (compatible; Googlebot/2.1; +http://www.google.com/bot.html)"
66.249.74.49 - - [04/Nov/2012:14:38:51 +0100] "GET /news.php?cs_go=archiv&cs_id=1486&cs_search= HTTP/1.1" 200 7887 "-" "Mozilla/5.0 (compatible; Googlebot/2.1; +http://www.google.com/bot.html)"
87.118.116.25 - - [04/Nov/2012:14:39:38 +0100] "GET /news.php?cs_go=archiv&cs_id=3279&cs_search= HTTP/1.1" 200 13404 "-" "Mozilla/5.0 (compatible; UnisterBot; crawler@unister.de)"
66.249.74.49 - - [04/Nov/2012:14:40:16 +0100] "GET /news.php?cs_go=archiv&cs_id=315&cs_search= HTTP/1.1" 200 7887 "-" "Mozilla/5.0 (compatible; Googlebot/2.1; +http://www.google.com/bot.html)"
87.169.237.21 - - [04/Nov/2012:14:40:39 +0100] "GET /jobs.php HTTP/1.1" 200 10066 "-" "Mozilla/5.0 /Windows; U; Windows NT 6.1; de; rv:1.9.1.5) Gecko/20091102 Firefox/3.5.5"
220.181.108.108 - - [04/Nov/2012:14:35:57 +0100] "GET / HTTP/1.1" 200 15326 "-" "Mozilla/5.0 (compatible; Baiduspider/2.0; +http://www.baidu.com/search/spider.html)"
66.249.74.49 - - [04/Nov/2012:14:41:41 +0100] "GET /news.php?cs_go=archiv&cs_id=475&cs_search= HTTP/1.1" 200 7887 "-" "Mozilla/5.0 (compatible; Googlebot/2.1; +http://www.google.com/bot.html)"
84.19.190.126 - - [04/Nov/2012:14:41:45 +0100] "GET /news.php?cs_go=archiv&cs_id=3432&cs_search= HTTP/1.1" 200 13557 "-" "Mozilla/5.0 (compatible; UnisterBot; crawler@unister.de)"
66.249.74.49 - - [04/Nov/2012:14:42:23 +0100] "GET /news.php?cs_go=archiv&cs_id=577&cs_search= HTTP/1.1" 200 7887 "-" "Mozilla/5.0 (compatible; Googlebot/2.1; +http://www.google.com/bot.html)"
87.118.116.25 - - [04/Nov/2012:14:42:42 +0100] "GET /news.php?cs_go=archiv&cs_id=3430&cs_search= HTTP/1.1" 200 19477 "-" "Mozilla/5.0 (compatible; UnisterBot; crawler@unister.de)"
66.249.74.49 - - [04/Nov/2012:14:43:06 +0100] "GET /news.php?cs_go=archiv&cs_id=15&cs_search= HTTP/1.1" 200 7887 "-" "Mozilla/5.0 (compatible; Googlebot/2.1; +http://www.google.com/bot.html)"
87.118.116.25 - - [04/Nov/2012:14:43:30 +0100] "GET /news.php?cs_go=archiv&cs_id=3188&cs_search= HTTP/1.1" 200 13911 "-" "Mozilla/5.0 (compatible; UnisterBot; crawler@unister.de)"
66.249.74.49 - - [04/Nov/2012:14:43:48 +0100] "GET /news.php?cs_go=archiv&cs_id=379&cs_search= HTTP/1.1" 200 7887 "-" "Mozilla/5.0 (compatible; Googlebot/2.1; +http://www.google.com/bot.html)"
87.118.116.25 - - [04/Nov/2012:14:44:18 +0100] "GET /news.php?cs_go=archiv&cs_id=3264&cs_search= HTTP/1.1" 200 9900 "-" "Mozilla/5.0 (compatible; UnisterBot; crawler@unister.de)"
84.19.190.126 - - [04/Nov/2012:14:45:01 +0100] "GET /news.php?cs_go=archiv&cs_startpos=350 HTTP/1.1" 200 22908 "-" "Mozilla/5.0 (compatible; UnisterBot; crawler@unister.de)"
84.19.190.126 - - [04/Nov/2012:14:45:52 +0100] "GET /news.php?cs_go=archiv&cs_startpos=340 HTTP/1.1" 200 22620 "-" "Mozilla/5.0 (compatible; UnisterBot; crawler@unister.de)"
66.249.74.49 - - [04/Nov/2012:14:45:56 +0100] "GET /news.php?cs_go=archiv&cs_id=572&cs_search= HTTP/1.1" 200 7887 "-" "Mozilla/5.0 (compatible; Googlebot/2.1; +http://www.google.com/bot.html)"
87.118.116.25 - - [04/Nov/2012:14:46:33 +0100] "GET /news.php?cs_go=archiv&cs_startpos=330 HTTP/1.1" 200 22743 "-" "Mozilla/5.0 (compatible; UnisterBot; crawler@unister.de)"
66.249.74.49 - - [04/Nov/2012:14:46:38 +0100] "GET /news.php?cs_go=archiv&cs_startpos=1710 HTTP/1.1" 200 8126 "-" "Mozilla/5.0 (compatible; Googlebot/2.1; +http://www.google.com/bot.html)"
66.249.74.49 - - [04/Nov/2012:14:47:21 +0100] "GET /news.php?cs_go=archiv&cs_id=1533&cs_search= HTTP/1.1" 200 7887 "-" "Mozilla/5.0 (compatible; Googlebot/2.1; +http://www.google.com/bot.html)"
84.19.190.126 - - [04/Nov/2012:14:47:24 +0100] "GET /news.php?cs_go=archiv&cs_id=3190&cs_search= HTTP/1.1" 200 9911 "-" "Mozilla/5.0 (compatible; UnisterBot; crawler@unister.de)"
87.118.116.25 - - [04/Nov/2012:14:48:20 +0100] "GET /news.php?cs_go=archiv&cs_id=3428&cs_search= HTTP/1.1" 200 13539 "-" "Mozilla/5.0 (compatible; UnisterBot; crawler@unister.de)"
66.249.74.49 - - [04/Nov/2012:14:48:46 +0100] "GET /news.php?cs_go=archiv&cs_startpos=1650 HTTP/1.1" 200 8126 "-" "Mozilla/5.0 (compatible; Googlebot/2.1; +http://www.google.com/bot.html)"
84.19.190.126 - - [04/Nov/2012:14:49:04 +0100] "GET /news.php?cs_go=archiv&cs_id=3433&cs_search= HTTP/1.1" 200 9888 "-" "Mozilla/5.0 (compatible; UnisterBot; crawler@unister.de)"
213.186.127.12 - - [04/Nov/2012:14:49:05 +0100] "GET /news.php?cs_go=archiv&cs_startpos=670 HTTP/1.1" 200 22743 "-" "Mozilla/5.0 (compatible; AhrefsBot/3.1; +http://ahrefs.com/robot/)"
66.249.74.49 - - [04/Nov/2012:14:49:28 +0100] "GET /news.php?cs_go=archiv&cs_id=233&cs_search= HTTP/1.1" 200 7887 "-" "Mozilla/5.0 (compatible; Googlebot/2.1; +http://www.google.com/bot.html)"
87.118.116.25 - - [04/Nov/2012:14:49:55 +0100] "GET /news.php?cs_go=archiv&cs_id=3187&cs_search= HTTP/1.1" 200 11992 "-" "Mozilla/5.0 (compatible; UnisterBot; crawler@unister.de)"
66.249.74.49 - - [04/Nov/2012:14:50:11 +0100] "GET /news.php?cs_go=archiv&cs_id=151&cs_search= HTTP/1.1" 200 7887 "-" "Mozilla/5.0 (compatible; Googlebot/2.1; +http://www.google.com/bot.html)"
66.249.74.49 - - [04/Nov/2012:14:50:53 +0100] "GET /news.php?cs_go=archiv&cs_id=332&cs_search= HTTP/1.1" 200 7887 "-" "Mozilla/5.0 (compatible; Googlebot/2.1; +http://www.google.com/bot.html)"
5.9.25.81 - - [04/Nov/2012:14:51:31 +0100] "GET /robots.txt HTTP/1.1" 200 177 "-" "Pixray-Seeker/2.0 (Pixray-Seeker; +http://www.pixray.com/pixraybot; +crawler@pixray.com)"
5.9.25.81 - - [04/Nov/2012:14:51:31 +0100] "GET /news.php?cs_go=archiv&cs_id=2805&cs_search= HTTP/1.1" 200 10047 "-" "Pixray-Seeker/2.0 (Pixray-Seeker; +http://www.pixray.com/pixraybot; +crawler@pixray.com)"
66.249.74.49 - - [04/Nov/2012:14:51:36 +0100] "GET /news.php?cs_go=archiv&cs_id=1556&cs_search= HTTP/1.1" 200 7887 "-" "Mozilla/5.0 (compatible; Googlebot/2.1; +http://www.google.com/bot.html)"
66.249.74.49 - - [04/Nov/2012:14:52:18 +0100] "GET /news.php?cs_go=archiv&cs_id=850&cs_search= HTTP/1.1" 200 7887 "-" "Mozilla/5.0 (compatible; Googlebot/2.1; +http://www.google.com/bot.html)"
66.249.74.49 - - [04/Nov/2012:14:53:01 +0100] "GET /news.php?cs_go=archiv&cs_id=832&cs_search= HTTP/1.1" 200 7887 "-" "Mozilla/5.0 (compatible; Googlebot/2.1; +http://www.google.com/bot.html)"
66.249.74.49 - - [04/Nov/2012:14:53:43 +0100] "GET /news.php?cs_go=archiv&cs_id=70&cs_search= HTTP/1.1" 200 7887 "-" "Mozilla/5.0 (compatible; Googlebot/2.1; +http://www.google.com/bot.html)"
66.249.74.49 - - [04/Nov/2012:14:55:08 +0100] "GET /news.php?cs_go=archiv&cs_id=246&cs_search= HTTP/1.1" 200 7887 "-" "Mozilla/5.0 (compatible; Googlebot/2.1; +http://www.google.com/bot.html)"
66.249.74.49 - - [04/Nov/2012:14:55:51 +0100] "GET /news.php?cs_go=archiv&cs_id=339&cs_search= HTTP/1.1" 200 7887 "-" "Mozilla/5.0 (compatible; Googlebot/2.1; +http://www.google.com/bot.html)"
66.249.74.49 - - [04/Nov/2012:14:56:34 +0100] "GET /news.php?cs_go=archiv&cs_id=428&cs_search= HTTP/1.1" 200 7887 "-" "Mozilla/5.0 (compatible; Googlebot/2.1; +http://www.google.com/bot.html)"
87.169.237.21 - - [04/Nov/2012:14:57:11 +0100] "GET /jobs.php HTTP/1.1" 200 10066 "-" "Mozilla/5.0 /Windows; U; Windows NT 6.1; de; rv:1.9.1.5) Gecko/20091102 Firefox/3.5.5"
66.249.74.49 - - [04/Nov/2012:14:57:16 +0100] "GET /news.php?cs_go=archiv&cs_id=439&cs_search= HTTP/1.1" 200 7887 "-" "Mozilla/5.0 (compatible; Googlebot/2.1; +http://www.google.com/bot.html)"
5.9.25.78 - - [04/Nov/2012:14:57:31 +0100] "GET /robots.txt HTTP/1.1" 200 177 "-" "Pixray-Seeker/2.0 (Pixray-Seeker; +http://www.pixray.com/pixraybot; +crawler@pixray.com)"
5.9.25.78 - - [04/Nov/2012:14:57:31 +0100] "GET /news.php?cs_go=archiv&cs_id=1790&cs_search= HTTP/1.1" 200 7887 "-" "Pixray-Seeker/2.0 (Pixray-Seeker; +http://www.pixray.com/pixraybot; +crawler@pixray.com)"
66.249.74.49 - - [04/Nov/2012:14:57:59 +0100] "GET /news.php?cs_go=archiv&cs_id=527&cs_search= HTTP/1.1" 200 7887 "-" "Mozilla/5.0 (compatible; Googlebot/2.1; +http://www.google.com/bot.html)"
66.249.74.49 - - [04/Nov/2012:14:59:24 +0100] "GET /news.php?cs_go=archiv&cs_id=348&cs_search= HTTP/1.1" 200 7887 "-" "Mozilla/5.0 (compatible; Googlebot/2.1; +http://www.google.com/bot.html)"
66.249.74.49 - - [04/Nov/2012:15:00:06 +0100] "GET /news.php?cs_go=archiv&cs_id=1570&cs_search= HTTP/1.1" 200 7887 "-" "Mozilla/5.0 (compatible; Googlebot/2.1; +http://www.google.com/bot.html)"
66.249.74.49 - - [04/Nov/2012:15:00:49 +0100] "GET /news.php?cs_go=archiv&cs_id=225&cs_search= HTTP/1.1" 200 7887 "-" "Mozilla/5.0 (compatible; Googlebot/2.1; +http://www.google.com/bot.html)"
66.249.74.49 - - [04/Nov/2012:15:01:31 +0100] "GET /news.php?cs_go=archiv&cs_id=931&cs_search= HTTP/1.1" 200 7887 "-" "Mozilla/5.0 (compatible; Googlebot/2.1; +http://www.google.com/bot.html)"
66.249.74.49 - - [04/Nov/2012:15:02:14 +0100] "GET /news.php?cs_go=archiv&cs_id=688&cs_search= HTTP/1.1" 200 7887 "-" "Mozilla/5.0 (compatible; Googlebot/2.1; +http://www.google.com/bot.html)"
66.249.74.49 - - [04/Nov/2012:15:02:56 +0100] "GET /news.php?cs_go=archiv&cs_id=319&cs_search= HTTP/1.1" 200 7887 "-" "Mozilla/5.0 (compatible; Googlebot/2.1; +http://www.google.com/bot.html)"
66.249.74.49 - - [04/Nov/2012:15:03:39 +0100] "GET /news.php?cs_go=archiv&cs_id=636&cs_search= HTTP/1.1" 200 7887 "-" "Mozilla/5.0 (compatible; Googlebot/2.1; +http://www.google.com/bot.html)"
130.83.167.153 - - [04/Nov/2012:15:04:16 +0100] "GET /.php HTTP/1.1" 404 - "-" "findlinks/2.6 (+http://wortschatz.uni-leipzig.de/findlinks/)"
66.249.74.49 - - [04/Nov/2012:15:04:21 +0100] "GET /news.php?cs_go=archiv&cs_id=31&cs_search= HTTP/1.1" 200 7887 "-" "Mozilla/5.0 (compatible; Googlebot/2.1; +http://www.google.com/bot.html)"
66.249.74.49 - - [04/Nov/2012:15:05:04 +0100] "GET /news.php?cs_go=archiv&cs_id=338&cs_search= HTTP/1.1" 200 7887 "-" "Mozilla/5.0 (compatible; Googlebot/2.1; +http://www.google.com/bot.html)"
66.249.74.49 - - [04/Nov/2012:15:05:46 +0100] "GET /news.php?cs_go=archiv&cs_id=154&cs_search= HTTP/1.1" 200 7887 "-" "Mozilla/5.0 (compatible; Googlebot/2.1; +http://www.google.com/bot.html)"
66.249.74.49 - - [04/Nov/2012:15:06:29 +0100] "GET /news.php?cs_go=archiv&cs_id=97&cs_search= HTTP/1.1" 200 7887 "-" "Mozilla/5.0 (compatible; Googlebot/2.1; +http://www.google.com/bot.html)"
66.249.74.49 - - [04/Nov/2012:15:07:11 +0100] "GET /news.php?cs_go=archiv&cs_id=45&cs_search= HTTP/1.1" 200 7887 "-" "Mozilla/5.0 (compatible; Googlebot/2.1; +http://www.google.com/bot.html)"
66.249.74.49 - - [04/Nov/2012:15:07:54 +0100] "GET /news.php?cs_go=archiv&cs_id=96&cs_search= HTTP/1.1" 200 7887 "-" "Mozilla/5.0 (compatible; Googlebot/2.1; +http://www.google.com/bot.html)"
66.249.74.49 - - [04/Nov/2012:15:08:36 +0100] "GET /news.php?cs_go=archiv&cs_id=1578&cs_search= HTTP/1.1" 200 7887 "-" "Mozilla/5.0 (compatible; Googlebot/2.1; +http://www.google.com/bot.html)"
66.249.74.49 - - [04/Nov/2012:15:09:19 +0100] "GET /news.php?cs_go=archiv&cs_id=148&cs_search= HTTP/1.1" 200 7887 "-" "Mozilla/5.0 (compatible; Googlebot/2.1; +http://www.google.com/bot.html)"
66.249.74.49 - - [04/Nov/2012:15:10:01 +0100] "GET /news.php?cs_go=archiv&cs_id=971&cs_search= HTTP/1.1" 200 7887 "-" "Mozilla/5.0 (compatible; Googlebot/2.1; +http://www.google.com/bot.html)"
66.249.74.49 - - [04/Nov/2012:15:10:44 +0100] "GET /news.php?cs_go=archiv&cs_id=535&cs_search= HTTP/1.1" 200 7887 "-" "Mozilla/5.0 (compatible; Googlebot/2.1; +http://www.google.com/bot.html)"
66.249.74.49 - - [04/Nov/2012:15:11:26 +0100] "GET /news.php?cs_go=archiv&cs_id=227&cs_search= HTTP/1.1" 200 7887 "-" "Mozilla/5.0 (compatible; Googlebot/2.1; +http://www.google.com/bot.html)"
66.249.74.49 - - [04/Nov/2012:15:12:09 +0100] "GET /news.php?cs_go=archiv&cs_id=85&cs_search= HTTP/1.1" 200 7887 "-" "Mozilla/5.0 (compatible; Googlebot/2.1; +http://www.google.com/bot.html)"
66.249.74.49 - - [04/Nov/2012:15:12:51 +0100] "GET /news.php?cs_go=archiv&cs_id=500&cs_search= HTTP/1.1" 200 7887 "-" "Mozilla/5.0 (compatible; Googlebot/2.1; +http://www.google.com/bot.html)"
66.249.74.49 - - [04/Nov/2012:15:13:34 +0100] "GET /news.php?cs_go=archiv&cs_id=356&cs_search= HTTP/1.1" 200 7887 "-" "Mozilla/5.0 (compatible; Googlebot/2.1; +http://www.google.com/bot.html)"
66.249.74.49 - - [04/Nov/2012:15:14:16 +0100] "GET /news.php?cs_go=archiv&cs_id=449&cs_search= HTTP/1.1" 200 7887 "-" "Mozilla/5.0 (compatible; Googlebot/2.1; +http://www.google.com/bot.html)"
66.249.74.49 - - [04/Nov/2012:15:14:59 +0100] "GET /news.php?cs_go=archiv&cs_id=286&cs_search= HTTP/1.1" 200 7887 "-" "Mozilla/5.0 (compatible; Googlebot/2.1; +http://www.google.com/bot.html)"
66.249.74.49 - - [04/Nov/2012:15:15:41 +0100] "GET /news.php?cs_go=archiv&cs_id=414&cs_search= HTTP/1.1" 200 7887 "-" "Mozilla/5.0 (compatible; Googlebot/2.1; +http://www.google.com/bot.html)"
66.249.74.49 - - [04/Nov/2012:15:16:24 +0100] "GET /news.php?cs_go=archiv&cs_startpos=1670 HTTP/1.1" 200 8126 "-" "Mozilla/5.0 (compatible; Googlebot/2.1; +http://www.google.com/bot.html)"
66.249.74.49 - - [04/Nov/2012:15:17:06 +0100] "GET /news.php?cs_go=archiv&cs_id=1545&cs_search= HTTP/1.1" 200 7887 "-" "Mozilla/5.0 (compatible; Googlebot/2.1; +http://www.google.com/bot.html)"
66.249.74.49 - - [04/Nov/2012:15:17:49 +0100] "GET /news.php?cs_go=archiv&cs_id=786&cs_search= HTTP/1.1" 200 7887 "-" "Mozilla/5.0 (compatible; Googlebot/2.1; +http://www.google.com/bot.html)"
66.249.74.49 - - [04/Nov/2012:15:18:31 +0100] "GET /news.php?cs_go=archiv&cs_id=50&cs_search= HTTP/1.1" 200 7887 "-" "Mozilla/5.0 (compatible; Googlebot/2.1; +http://www.google.com/bot.html)"
66.249.74.49 - - [04/Nov/2012:15:19:14 +0100] "GET /news.php?cs_go=archiv&cs_id=94&cs_search= HTTP/1.1" 200 7887 "-" "Mozilla/5.0 (compatible; Googlebot/2.1; +http://www.google.com/bot.html)"
66.249.74.49 - - [04/Nov/2012:15:19:56 +0100] "GET /news.php?cs_go=archiv&cs_id=201&cs_search= HTTP/1.1" 200 7887 "-" "Mozilla/5.0 (compatible; Googlebot/2.1; +http://www.google.com/bot.html)"
66.249.74.49 - - [04/Nov/2012:15:20:39 +0100] "GET /news.php?cs_go=archiv&cs_id=798&cs_search= HTTP/1.1" 200 7887 "-" "Mozilla/5.0 (compatible; Googlebot/2.1; +http://www.google.com/bot.html)"
66.249.74.49 - - [04/Nov/2012:15:21:21 +0100] "GET /news.php?cs_go=archiv&cs_id=1599&cs_search= HTTP/1.1" 200 7887 "-" "Mozilla/5.0 (compatible; Googlebot/2.1; +http://www.google.com/bot.html)"
5.9.25.79 - - [04/Nov/2012:15:21:23 +0100] "GET /robots.txt HTTP/1.1" 200 177 "-" "Pixray-Seeker/2.0 (Pixray-Seeker; +http://www.pixray.com/pixraybot; +crawler@pixray.com)"
213.186.127.8 - - [04/Nov/2012:15:21:23 +0100] "GET /news.php?cs_go=archiv&cs_id=3501&cs_search= HTTP/1.1" 200 9880 "-" "Mozilla/5.0 (compatible; AhrefsBot/3.1; +http://ahrefs.com/robot/)"
5.9.25.79 - - [04/Nov/2012:15:21:23 +0100] "GET /news.php?cs_go=archiv&cs_id=2125&cs_search= HTTP/1.1" 200 7887 "-" "Pixray-Seeker/2.0 (Pixray-Seeker; +http://www.pixray.com/pixraybot; +crawler@pixray.com)"
66.249.74.49 - - [04/Nov/2012:15:22:04 +0100] "GET /news.php?cs_go=archiv&cs_id=738&cs_search= HTTP/1.1" 200 7887 "-" "Mozilla/5.0 (compatible; Googlebot/2.1; +http://www.google.com/bot.html)"
5.9.25.76 - - [04/Nov/2012:15:22:36 +0100] "GET /robots.txt HTTP/1.1" 200 177 "-" "Pixray-Seeker/2.0 (Pixray-Seeker; +http://www.pixray.com/pixraybot; +crawler@pixray.com)"
5.9.25.76 - - [04/Nov/2012:15:22:36 +0100] "GET /news.php?cs_go=archiv&cs_id=3622 HTTP/1.1" 200 11727 "-" "Pixray-Seeker/2.0 (Pixray-Seeker; +http://www.pixray.com/pixraybot; +crawler@pixray.com)"
66.249.74.49 - - [04/Nov/2012:15:22:46 +0100] "GET /news.php?cs_go=archiv&cs_id=479&cs_search= HTTP/1.1" 200 7887 "-" "Mozilla/5.0 (compatible; Googlebot/2.1; +http://www.google.com/bot.html)"
66.249.74.49 - - [04/Nov/2012:15:23:29 +0100] "GET /news.php?cs_go=archiv&cs_id=477&cs_search= HTTP/1.1" 200 7887 "-" "Mozilla/5.0 (compatible; Googlebot/2.1; +http://www.google.com/bot.html)"
66.249.74.49 - - [04/Nov/2012:15:24:11 +0100] "GET /news.php?cs_go=archiv&cs_id=448&cs_search= HTTP/1.1" 200 7887 "-" "Mozilla/5.0 (compatible; Googlebot/2.1; +http://www.google.com/bot.html)"
66.249.74.49 - - [04/Nov/2012:15:24:54 +0100] "GET /news.php?cs_go=archiv&cs_id=818&cs_search= HTTP/1.1" 200 7887 "-" "Mozilla/5.0 (compatible; Googlebot/2.1; +http://www.google.com/bot.html)"
66.249.74.49 - - [04/Nov/2012:15:25:36 +0100] "GET /news.php?cs_go=archiv&cs_id=73&cs_search= HTTP/1.1" 200 7887 "-" "Mozilla/5.0 (compatible; Googlebot/2.1; +http://www.google.com/bot.html)"
5.9.25.72 - - [04/Nov/2012:15:25:55 +0100] "GET /robots.txt HTTP/1.1" 200 177 "-" "Pixray-Seeker/2.0 (Pixray-Seeker; +http://www.pixray.com/pixraybot; +crawler@pixray.com)"
5.9.25.72 - - [04/Nov/2012:15:25:56 +0100] "GET /news.php?cs_go=archiv&cs_startpos=360 HTTP/1.1" 200 22720 "-" "Pixray-Seeker/2.0 (Pixray-Seeker; +http://www.pixray.com/pixraybot; +crawler@pixray.com)"
66.249.74.49 - - [04/Nov/2012:15:26:19 +0100] "GET /news.php?cs_go=archiv&cs_id=54&cs_search= HTTP/1.1" 200 7887 "-" "Mozilla/5.0 (compatible; Googlebot/2.1; +http://www.google.com/bot.html)"
66.249.74.49 - - [04/Nov/2012:15:27:01 +0100] "GET /news.php?cs_go=archiv&cs_id=334&cs_search= HTTP/1.1" 200 7887 "-" "Mozilla/5.0 (compatible; Googlebot/2.1; +http://www.google.com/bot.html)"
66.249.74.49 - - [04/Nov/2012:15:27:44 +0100] "GET /news.php?cs_go=archiv&cs_id=347&cs_search= HTTP/1.1" 200 7887 "-" "Mozilla/5.0 (compatible; Googlebot/2.1; +http://www.google.com/bot.html)"
66.249.74.49 - - [04/Nov/2012:15:28:26 +0100] "GET /news.php?cs_go=archiv&cs_id=429&cs_search= HTTP/1.1" 200 7887 "-" "Mozilla/5.0 (compatible; Googlebot/2.1; +http://www.google.com/bot.html)"
66.249.74.49 - - [04/Nov/2012:15:29:09 +0100] "GET /news.php?cs_go=archiv&cs_id=612&cs_search= HTTP/1.1" 200 7887 "-" "Mozilla/5.0 (compatible; Googlebot/2.1; +http://www.google.com/bot.html)"
66.249.74.49 - - [04/Nov/2012:15:29:51 +0100] "GET /news.php?cs_go=archiv&cs_id=627&cs_search= HTTP/1.1" 200 7887 "-" "Mozilla/5.0 (compatible; Googlebot/2.1; +http://www.google.com/bot.html)"
66.249.74.49 - - [04/Nov/2012:15:30:34 +0100] "GET /news.php?cs_go=archiv&cs_id=33&cs_search= HTTP/1.1" 200 7887 "-" "Mozilla/5.0 (compatible; Googlebot/2.1; +http://www.google.com/bot.html)"
66.249.74.49 - - [04/Nov/2012:15:31:17 +0100] "GET /news.php?cs_go=archiv&cs_id=435&cs_search= HTTP/1.1" 200 7887 "-" "Mozilla/5.0 (compatible; Googlebot/2.1; +http://www.google.com/bot.html)"
66.249.74.49 - - [04/Nov/2012:15:31:59 +0100] "GET /news.php?cs_go=archiv&cs_id=842&cs_search= HTTP/1.1" 200 7887 "-" "Mozilla/5.0 (compatible; Googlebot/2.1; +http://www.google.com/bot.html)"
66.249.74.49 - - [04/Nov/2012:15:32:41 +0100] "GET /news.php?cs_go=archiv&cs_id=204&cs_search= HTTP/1.1" 200 7887 "-" "Mozilla/5.0 (compatible; Googlebot/2.1; +http://www.google.com/bot.html)"
66.249.74.49 - - [04/Nov/2012:15:33:24 +0100] "GET /news.php?cs_go=archiv&cs_id=566&cs_search= HTTP/1.1" 200 7887 "-" "Mozilla/5.0 (compatible; Googlebot/2.1; +http://www.google.com/bot.html)"
84.19.190.126 - - [04/Nov/2012:15:33:51 +0100] "GET /news.php?cs_go=archiv&cs_id=3273&cs_search= HTTP/1.1" 200 13512 "-" "Mozilla/5.0 (compatible; UnisterBot; crawler@unister.de)"
66.249.74.49 - - [04/Nov/2012:15:34:07 +0100] "GET /news.php?cs_go=archiv&cs_id=436&cs_search= HTTP/1.1" 200 7887 "-" "Mozilla/5.0 (compatible; Googlebot/2.1; +http://www.google.com/bot.html)"
66.249.74.49 - - [04/Nov/2012:15:34:49 +0100] "GET /news.php?cs_go=archiv&cs_id=896&cs_search= HTTP/1.1" 200 7887 "-" "Mozilla/5.0 (compatible; Googlebot/2.1; +http://www.google.com/bot.html)"
66.249.74.49 - - [04/Nov/2012:15:35:32 +0100] "GET /news.php?cs_go=archiv&cs_id=729&cs_search= HTTP/1.1" 200 7887 "-" "Mozilla/5.0 (compatible; Googlebot/2.1; +http://www.google.com/bot.html)"
66.249.74.49 - - [04/Nov/2012:15:36:14 +0100] "GET /news.php?cs_go=archiv&cs_id=279&cs_search= HTTP/1.1" 200 7887 "-" "Mozilla/5.0 (compatible; Googlebot/2.1; +http://www.google.com/bot.html)"
87.118.116.25 - - [04/Nov/2012:15:36:20 +0100] "GET /news.php?cs_go=archiv&cs_id=3189&cs_search= HTTP/1.1" 200 11602 "-" "Mozilla/5.0 (compatible; UnisterBot; crawler@unister.de)"
66.249.74.49 - - [04/Nov/2012:15:36:57 +0100] "GET /news.php?cs_go=archiv&cs_id=516&cs_search= HTTP/1.1" 200 7887 "-" "Mozilla/5.0 (compatible; Googlebot/2.1; +http://www.google.com/bot.html)"
84.19.190.126 - - [04/Nov/2012:15:37:25 +0100] "GET /news.php?cs_go=archiv&cs_id=3205&cs_search= HTTP/1.1" 200 9862 "-" "Mozilla/5.0 (compatible; UnisterBot; crawler@unister.de)"
66.249.74.49 - - [04/Nov/2012:15:37:39 +0100] "GET /news.php?cs_go=archiv&cs_id=263&cs_search= HTTP/1.1" 200 7887 "-" "Mozilla/5.0 (compatible; Googlebot/2.1; +http://www.google.com/bot.html)"
66.249.74.49 - - [04/Nov/2012:15:38:22 +0100] "GET /news.php?cs_go=archiv&cs_id=28&cs_search= HTTP/1.1" 200 7887 "-" "Mozilla/5.0 (compatible; Googlebot/2.1; +http://www.google.com/bot.html)"
84.19.190.126 - - [04/Nov/2012:15:38:27 +0100] "GET /news.php?cs_go=archiv&cs_id=3182&cs_search= HTTP/1.1" 200 9905 "-" "Mozilla/5.0 (compatible; UnisterBot; crawler@unister.de)"
66.249.74.49 - - [04/Nov/2012:15:39:04 +0100] "GET /news.php?cs_go=archiv&cs_id=1509&cs_search= HTTP/1.1" 200 7887 "-" "Mozilla/5.0 (compatible; Googlebot/2.1; +http://www.google.com/bot.html)"
84.19.190.126 - - [04/Nov/2012:15:39:17 +0100] "GET /news.php?cs_go=archiv&cs_id=3201&cs_search= HTTP/1.1" 200 9881 "-" "Mozilla/5.0 (compatible; UnisterBot; crawler@unister.de)"
66.249.74.49 - - [04/Nov/2012:15:39:47 +0100] "GET /news.php?cs_go=archiv&cs_id=150&cs_search= HTTP/1.1" 200 7887 "-" "Mozilla/5.0 (compatible; Googlebot/2.1; +http://www.google.com/bot.html)"
84.19.190.126 - - [04/Nov/2012:15:40:26 +0100] "GET /news.php?cs_go=archiv&cs_id=3284&cs_search= HTTP/1.1" 200 13781 "-" "Mozilla/5.0 (compatible; UnisterBot; crawler@unister.de)"
66.249.74.49 - - [04/Nov/2012:15:40:29 +0100] "GET /news.php?cs_go=archiv&cs_id=921&cs_search= HTTP/1.1" 200 7887 "-" "Mozilla/5.0 (compatible; Googlebot/2.1; +http://www.google.com/bot.html)"
66.249.74.49 - - [04/Nov/2012:15:41:12 +0100] "GET /news.php?cs_go=archiv&cs_id=596&cs_search= HTTP/1.1" 200 7887 "-" "Mozilla/5.0 (compatible; Googlebot/2.1; +http://www.google.com/bot.html)"
87.118.116.25 - - [04/Nov/2012:15:41:23 +0100] "GET /news.php?cs_go=archiv&cs_id=3427&cs_search= HTTP/1.1" 200 12494 "-" "Mozilla/5.0 (compatible; UnisterBot; crawler@unister.de)"
87.118.116.25 - - [04/Nov/2012:15:42:27 +0100] "GET /news.php?cs_go=archiv&cs_id=3270&cs_search= HTTP/1.1" 200 13409 "-" "Mozilla/5.0 (compatible; UnisterBot; crawler@unister.de)"
66.249.74.49 - - [04/Nov/2012:15:42:37 +0100] "GET /news.php?cs_go=archiv&cs_id=468&cs_search= HTTP/1.1" 200 7887 "-" "Mozilla/5.0 (compatible; Googlebot/2.1; +http://www.google.com/bot.html)"
66.249.74.49 - - [04/Nov/2012:15:43:19 +0100] "GET /news.php?cs_go=archiv&cs_id=2507&cs_search= HTTP/1.1" 200 7887 "-" "Mozilla/5.0 (compatible; Googlebot/2.1; +http://www.google.com/bot.html)"
87.118.116.25 - - [04/Nov/2012:15:43:33 +0100] "GET /news.php?cs_go=archiv&cs_startpos=310 HTTP/1.1" 200 22792 "-" "Mozilla/5.0 (compatible; UnisterBot; crawler@unister.de)"
84.19.190.126 - - [04/Nov/2012:15:44:30 +0100] "GET /news.php?cs_go=archiv&cs_id=3425&cs_search= HTTP/1.1" 200 13474 "-" "Mozilla/5.0 (compatible; UnisterBot; crawler@unister.de)"
66.249.74.49 - - [04/Nov/2012:15:44:44 +0100] "GET /news.php?cs_go=archiv&cs_id=1407&cs_search= HTTP/1.1" 200 7887 "-" "Mozilla/5.0 (compatible; Googlebot/2.1; +http://www.google.com/bot.html)"
84.19.190.126 - - [04/Nov/2012:15:45:23 +0100] "GET /news.php?cs_go=archiv&cs_id=3183&cs_search= HTTP/1.1" 200 11428 "-" "Mozilla/5.0 (compatible; UnisterBot; crawler@unister.de)"
66.249.74.49 - - [04/Nov/2012:15:45:27 +0100] "GET /news.php?cs_go=archiv&cs_id=80&cs_search= HTTP/1.1" 200 7887 "-" "Mozilla/5.0 (compatible; Googlebot/2.1; +http://www.google.com/bot.html)"
66.249.74.49 - - [04/Nov/2012:15:46:09 +0100] "GET /news.php?cs_go=archiv&cs_id=662&cs_search= HTTP/1.1" 200 7887 "-" "Mozilla/5.0 (compatible; Googlebot/2.1; +http://www.google.com/bot.html)"
84.19.190.126 - - [04/Nov/2012:15:46:18 +0100] "GET /news.php?cs_go=archiv&cs_id=3202&cs_search= HTTP/1.1" 200 11629 "-" "Mozilla/5.0 (compatible; UnisterBot; crawler@unister.de)"
66.249.74.49 - - [04/Nov/2012:15:46:52 +0100] "GET /news.php?cs_go=archiv&cs_id=1475&cs_search= HTTP/1.1" 200 7887 "-" "Mozilla/5.0 (compatible; Googlebot/2.1; +http://www.google.com/bot.html)"
87.118.116.25 - - [04/Nov/2012:15:47:18 +0100] "GET /news.php?cs_go=archiv&cs_id=3275&cs_search= HTTP/1.1" 200 11350 "-" "Mozilla/5.0 (compatible; UnisterBot; crawler@unister.de)"
87.118.116.25 - - [04/Nov/2012:15:48:17 +0100] "GET /news.php?cs_go=archiv&cs_id=3194&cs_search= HTTP/1.1" 200 13330 "-" "Mozilla/5.0 (compatible; UnisterBot; crawler@unister.de)"
5.9.25.69 - - [04/Nov/2012:15:48:32 +0100] "GET /robots.txt HTTP/1.1" 200 177 "-" "Pixray-Seeker/2.0 (Pixray-Seeker; +http://www.pixray.com/pixraybot; +crawler@pixray.com)"
5.9.25.69 - - [04/Nov/2012:15:48:32 +0100] "GET /news.php?cs_go=archiv&cs_id=2205&cs_search= HTTP/1.1" 200 7887 "-" "Pixray-Seeker/2.0 (Pixray-Seeker; +http://www.pixray.com/pixraybot; +crawler@pixray.com)"
84.19.190.126 - - [04/Nov/2012:15:49:11 +0100] "GET /news.php?cs_go=archiv&cs_id=3277&cs_search= HTTP/1.1" 200 13719 "-" "Mozilla/5.0 (compatible; UnisterBot; crawler@unister.de)"
66.249.74.49 - - [04/Nov/2012:15:49:42 +0100] "GET /news.php?cs_go=archiv&cs_id=26&cs_search= HTTP/1.1" 200 7887 "-" "Mozilla/5.0 (compatible; Googlebot/2.1; +http://www.google.com/bot.html)"
84.19.190.126 - - [04/Nov/2012:15:50:02 +0100] "GET /news.php?cs_go=archiv&cs_id=3196&cs_search= HTTP/1.1" 200 13583 "-" "Mozilla/5.0 (compatible; UnisterBot; crawler@unister.de)"
84.19.190.126 - - [04/Nov/2012:15:50:55 +0100] "GET /news.php?cs_go=archiv&cs_id=3429&cs_search= HTTP/1.1" 200 9828 "-" "Mozilla/5.0 (compatible; UnisterBot; crawler@unister.de)"
66.249.74.49 - - [04/Nov/2012:15:52:32 +0100] "GET /news.php?cs_go=archiv&cs_id=55&cs_search= HTTP/1.1" 200 7887 "-" "Mozilla/5.0 (compatible; Googlebot/2.1; +http://www.google.com/bot.html)"
66.249.74.49 - - [04/Nov/2012:15:53:14 +0100] "GET /news.php?cs_go=archiv&cs_id=374&cs_search= HTTP/1.1" 200 7887 "-" "Mozilla/5.0 (compatible; Googlebot/2.1; +http://www.google.com/bot.html)"
66.249.74.49 - - [04/Nov/2012:15:54:39 +0100] "GET /news.php?cs_go=archiv&cs_id=1494&cs_search= HTTP/1.1" 200 7887 "-" "Mozilla/5.0 (compatible; Googlebot/2.1; +http://www.google.com/bot.html)"
66.249.74.49 - - [04/Nov/2012:15:55:22 +0100] "GET /news.php?cs_go=archiv&cs_id=1586&cs_search= HTTP/1.1" 200 7887 "-" "Mozilla/5.0 (compatible; Googlebot/2.1; +http://www.google.com/bot.html)"
213.186.119.140 - - [04/Nov/2012:15:56:21 +0100] "GET /news.php?cs_go=archiv&cs_startpos=70 HTTP/1.1" 200 22767 "-" "Mozilla/5.0 (compatible; AhrefsBot/3.1; +http://ahrefs.com/robot/)"
66.249.74.49 - - [04/Nov/2012:15:56:47 +0100] "GET /news.php?cs_go=archiv&cs_id=831&cs_search= HTTP/1.1" 200 7887 "-" "Mozilla/5.0 (compatible; Googlebot/2.1; +http://www.google.com/bot.html)"
66.249.74.49 - - [04/Nov/2012:15:58:12 +0100] "GET /news.php?cs_go=archiv&cs_id=1584&cs_search= HTTP/1.1" 200 7887 "-" "Mozilla/5.0 (compatible; Googlebot/2.1; +http://www.google.com/bot.html)"
66.249.74.49 - - [04/Nov/2012:15:58:54 +0100] "GET /news.php?cs_go=archiv&cs_id=819&cs_search= HTTP/1.1" 200 7887 "-" "Mozilla/5.0 (compatible; Googlebot/2.1; +http://www.google.com/bot.html)"
66.249.74.49 - - [04/Nov/2012:15:59:37 +0100] "GET /news.php?cs_go=archiv&cs_id=1488&cs_search= HTTP/1.1" 200 7887 "-" "Mozilla/5.0 (compatible; Googlebot/2.1; +http://www.google.com/bot.html)"
66.249.74.49 - - [04/Nov/2012:16:00:19 +0100] "GET /news.php?cs_go=archiv&cs_id=76&cs_search= HTTP/1.1" 200 7887 "-" "Mozilla/5.0 (compatible; Googlebot/2.1; +http://www.google.com/bot.html)"
66.249.74.49 - - [04/Nov/2012:16:01:02 +0100] "GET /news.php?cs_go=archiv&cs_id=24&cs_search= HTTP/1.1" 200 7887 "-" "Mozilla/5.0 (compatible; Googlebot/2.1; +http://www.google.com/bot.html)"
5.9.25.77 - - [04/Nov/2012:16:01:21 +0100] "GET /robots.txt HTTP/1.1" 200 177 "-" "Pixray-Seeker/2.0 (Pixray-Seeker; +http://www.pixray.com/pixraybot; +crawler@pixray.com)"
5.9.25.77 - - [04/Nov/2012:16:01:21 +0100] "GET /news.php?cs_go=archiv&cs_id=1740&cs_search= HTTP/1.1" 200 7887 "-" "Pixray-Seeker/2.0 (Pixray-Seeker; +http://www.pixray.com/pixraybot; +crawler@pixray.com)"
66.249.74.49 - - [04/Nov/2012:16:01:44 +0100] "GET /news.php?cs_go=archiv&cs_startpos=1311 HTTP/1.1" 200 8126 "-" "Mozilla/5.0 (compatible; Googlebot/2.1; +http://www.google.com/bot.html)"
66.249.74.49 - - [04/Nov/2012:16:03:41 +0100] "GET /news.php?cs_go=archiv&cs_id=2881&cs_search= HTTP/1.1" 200 13211 "-" "Mozilla/5.0 (compatible; Googlebot/2.1; +http://www.google.com/bot.html)"
66.249.74.49 - - [04/Nov/2012:16:04:01 +0100] "GET /news.php?cs_go=archiv&cs_id=327&cs_search= HTTP/1.1" 200 7887 "-" "Mozilla/5.0 (compatible; Googlebot/2.1; +http://www.google.com/bot.html)"
66.249.74.49 - - [04/Nov/2012:16:04:34 +0100] "GET /news.php?cs_go=archiv&cs_id=1430&cs_search= HTTP/1.1" 200 7887 "-" "Mozilla/5.0 (compatible; Googlebot/2.1; +http://www.google.com/bot.html)"
66.249.74.49 - - [04/Nov/2012:16:05:17 +0100] "GET /news.php?cs_go=archiv&cs_id=293&cs_search= HTTP/1.1" 200 7887 "-" "Mozilla/5.0 (compatible; Googlebot/2.1; +http://www.google.com/bot.html)"
66.249.74.49 - - [04/Nov/2012:16:06:42 +0100] "GET /news.php?cs_go=archiv&cs_id=1601&cs_search= HTTP/1.1" 200 7887 "-" "Mozilla/5.0 (compatible; Googlebot/2.1; +http://www.google.com/bot.html)"
66.249.74.49 - - [04/Nov/2012:16:06:55 +0100] "GET /news.php?cs_go=archiv&cs_id=2531&cs_search= HTTP/1.1" 200 7887 "-" "Mozilla/5.0 (compatible; Googlebot/2.1; +http://www.google.com/bot.html)"
66.249.74.49 - - [04/Nov/2012:16:07:03 +0100] "GET /news.php?cs_go=archiv&cs_id=2647&cs_search= HTTP/1.1" 200 7887 "-" "Mozilla/5.0 (compatible; Googlebot/2.1; +http://www.google.com/bot.html)"
66.249.74.49 - - [04/Nov/2012:16:07:10 +0100] "GET /news.php?cs_go=archiv&cs_id=2695&cs_search= HTTP/1.1" 200 7887 "-" "Mozilla/5.0 (compatible; Googlebot/2.1; +http://www.google.com/bot.html)"
66.249.74.49 - - [04/Nov/2012:16:07:17 +0100] "GET /news.php?cs_go=archiv&cs_id=2700&cs_search= HTTP/1.1" 200 7887 "-" "Mozilla/5.0 (compatible; Googlebot/2.1; +http://www.google.com/bot.html)"
66.249.74.49 - - [04/Nov/2012:16:07:22 +0100] "GET /news.php?cs_go=archiv&cs_id=2578&cs_search= HTTP/1.1" 200 7887 "-" "Mozilla/5.0 (compatible; Googlebot/2.1; +http://www.google.com/bot.html)"
66.249.74.49 - - [04/Nov/2012:16:07:27 +0100] "GET /news.php?cs_go=archiv&cs_startpos=2210 HTTP/1.1" 200 8126 "-" "Mozilla/5.0 (compatible; Googlebot/2.1; +http://www.google.com/bot.html)"
66.249.74.49 - - [04/Nov/2012:16:07:32 +0100] "GET /news.php?cs_go=archiv&cs_id=2657&cs_search= HTTP/1.1" 200 7887 "-" "Mozilla/5.0 (compatible; Googlebot/2.1; +http://www.google.com/bot.html)"
66.249.74.49 - - [04/Nov/2012:16:08:07 +0100] "GET /news.php?cs_go=archiv&cs_id=294&cs_search= HTTP/1.1" 200 7887 "-" "Mozilla/5.0 (compatible; Googlebot/2.1; +http://www.google.com/bot.html)"
66.249.74.49 - - [04/Nov/2012:16:08:49 +0100] "GET /news.php?cs_go=archiv&cs_id=292&cs_search= HTTP/1.1" 200 7887 "-" "Mozilla/5.0 (compatible; Googlebot/2.1; +http://www.google.com/bot.html)"
66.249.74.49 - - [04/Nov/2012:16:09:32 +0100] "GET /news.php?cs_go=archiv&cs_id=186&cs_search= HTTP/1.1" 200 7887 "-" "Mozilla/5.0 (compatible; Googlebot/2.1; +http://www.google.com/bot.html)"
66.249.74.49 - - [04/Nov/2012:16:10:14 +0100] "GET /news.php?cs_go=archiv&cs_id=125&cs_search= HTTP/1.1" 200 7887 "-" "Mozilla/5.0 (compatible; Googlebot/2.1; +http://www.google.com/bot.html)"
66.249.74.49 - - [04/Nov/2012:16:11:39 +0100] "GET /news.php?cs_go=archiv&cs_id=1104&cs_search= HTTP/1.1" 200 7887 "-" "Mozilla/5.0 (compatible; Googlebot/2.1; +http://www.google.com/bot.html)"
66.249.74.49 - - [04/Nov/2012:16:12:22 +0100] "GET /news.php?cs_go=archiv&cs_id=691&cs_search= HTTP/1.1" 200 7887 "-" "Mozilla/5.0 (compatible; Googlebot/2.1; +http://www.google.com/bot.html)"
66.249.74.49 - - [04/Nov/2012:16:13:47 +0100] "GET /news.php?cs_go=archiv&cs_id=682&cs_search= HTTP/1.1" 200 7887 "-" "Mozilla/5.0 (compatible; Googlebot/2.1; +http://www.google.com/bot.html)"
66.249.74.49 - - [04/Nov/2012:16:15:12 +0100] "GET /news.php?cs_go=archiv&cs_id=540&cs_search= HTTP/1.1" 200 7887 "-" "Mozilla/5.0 (compatible; Googlebot/2.1; +http://www.google.com/bot.html)"
84.135.120.179 - - [04/Nov/2012:16:15:20 +0100] "GET / HTTP/1.1" 200 15326 "http://www.zapmeta.de/?query=heiz%C3%B6l%20preise%20berlin&tag=3505734178I1352041858&vid=l84135120179I1352041858&sr=r&target=web_zapmeta_de&pp=8&clt=topic&awc=zmde1&asid=zapmeta_de1_c700&cl=res&node=0,0.1,0.1.1&ndv=y&list=24" "Mozilla/5.0 (compatible; MSIE 9.0; Windows NT 6.1; WOW64; Trident/5.0)"
84.135.120.179 - - [04/Nov/2012:16:15:21 +0100] "GET /style.css HTTP/1.1" 200 8418 "http://www.mink-gmbh.de/" "Mozilla/5.0 (compatible; MSIE 9.0; Windows NT 6.1; WOW64; Trident/5.0)"
84.135.120.179 - - [04/Nov/2012:16:15:21 +0100] "GET /modul.css HTTP/1.1" 200 35038 "http://www.mink-gmbh.de/" "Mozilla/5.0 (compatible; MSIE 9.0; Windows NT 6.1; WOW64; Trident/5.0)"
84.135.120.179 - - [04/Nov/2012:16:15:21 +0100] "GET /js_contentserver24_greybox/gb_styles.css HTTP/1.1" 200 2302 "http://www.mink-gmbh.de/" "Mozilla/5.0 (compatible; MSIE 9.0; Windows NT 6.1; WOW64; Trident/5.0)"
84.135.120.179 - - [04/Nov/2012:16:15:21 +0100] "GET /js_contentserver24_greybox/AJS.js HTTP/1.1" 200 10396 "http://www.mink-gmbh.de/" "Mozilla/5.0 (compatible; MSIE 9.0; Windows NT 6.1; WOW64; Trident/5.0)"
84.135.120.179 - - [04/Nov/2012:16:15:21 +0100] "GET /js_contentserver24_greybox/gb_scripts.js HTTP/1.1" 200 11913 "http://www.mink-gmbh.de/" "Mozilla/5.0 (compatible; MSIE 9.0; Windows NT 6.1; WOW64; Trident/5.0)"
84.135.120.179 - - [04/Nov/2012:16:15:21 +0100] "GET /js_contentserver24_greybox/AJS_fx.js HTTP/1.1" 200 3192 "http://www.mink-gmbh.de/" "Mozilla/5.0 (compatible; MSIE 9.0; Windows NT 6.1; WOW64; Trident/5.0)"
84.135.120.179 - - [04/Nov/2012:16:15:21 +0100] "GET /images/mail.jpg HTTP/1.1" 200 11165 "http://www.mink-gmbh.de/" "Mozilla/5.0 (compatible; MSIE 9.0; Windows NT 6.1; WOW64; Trident/5.0)"
84.135.120.179 - - [04/Nov/2012:16:15:22 +0100] "GET /images/kwk.gif HTTP/1.1" 200 6403 "http://www.mink-gmbh.de/" "Mozilla/5.0 (compatible; MSIE 9.0; Windows NT 6.1; WOW64; Trident/5.0)"
84.135.120.179 - - [04/Nov/2012:16:15:22 +0100] "GET /images/wunschpreis.jpg HTTP/1.1" 200 16767 "http://www.mink-gmbh.de/" "Mozilla/5.0 (compatible; MSIE 9.0; Windows NT 6.1; WOW64; Trident/5.0)"
84.135.120.179 - - [04/Nov/2012:16:15:22 +0100] "GET /images/logos.jpg HTTP/1.1" 200 15002 "http://www.mink-gmbh.de/" "Mozilla/5.0 (compatible; MSIE 9.0; Windows NT 6.1; WOW64; Trident/5.0)"
