66.249.74.49 - - [05/Nov/2012:08:19:35 +0100] "GET /news.php?cs_go=archiv&cs_id=2169&cs_search= HTTP/1.1" 200 7887 "-" "Mozilla/5.0 (compatible; Googlebot/2.1; +http://www.google.com/bot.html)"
66.249.74.49 - - [05/Nov/2012:08:22:46 +0100] "GET /news.php?cs_go=archiv&cs_id=3457 HTTP/1.1" 200 13530 "-" "Mozilla/5.0 (compatible; Googlebot/2.1; +http://www.google.com/bot.html)"
66.249.74.49 - - [05/Nov/2012:08:25:54 +0100] "GET /news.php?cs_go=archiv&cs_startpos=201 HTTP/1.1" 200 23049 "-" "Mozilla/5.0 (compatible; Googlebot/2.1; +http://www.google.com/bot.html)"
66.249.74.49 - - [05/Nov/2012:08:29:09 +0100] "GET /news.php?cs_go=archiv&cs_id=2345&cs_search= HTTP/1.1" 200 7887 "-" "Mozilla/5.0 (compatible; Googlebot/2.1; +http://www.google.com/bot.html)"
66.249.74.49 - - [05/Nov/2012:08:32:20 +0100] "GET /news.php?cs_go=archiv&cs_id=1954&cs_search= HTTP/1.1" 200 7887 "-" "Mozilla/5.0 (compatible; Googlebot/2.1; +http://www.google.com/bot.html)"
66.249.74.49 - - [05/Nov/2012:08:35:27 +0100] "GET /news.php?cs_go=archiv&cs_id=1958&cs_search= HTTP/1.1" 200 7887 "-" "Mozilla/5.0 (compatible; Googlebot/2.1; +http://www.google.com/bot.html)"
66.249.74.49 - - [05/Nov/2012:08:38:43 +0100] "GET /news.php?cs_go=archiv&cs_id=1983&cs_search= HTTP/1.1" 200 7887 "-" "Mozilla/5.0 (compatible; Googlebot/2.1; +http://www.google.com/bot.html)"
66.249.74.49 - - [05/Nov/2012:08:41:54 +0100] "GET /news.php?cs_go=archiv&cs_id=2264&cs_search= HTTP/1.1" 200 7887 "-" "Mozilla/5.0 (compatible; Googlebot/2.1; +http://www.google.com/bot.html)"
5.9.25.70 - - [05/Nov/2012:08:45:05 +0100] "GET /robots.txt HTTP/1.1" 200 177 "-" "Pixray-Seeker/2.0 (Pixray-Seeker; +http://www.pixray.com/pixraybot; +crawler@pixray.com)"
5.9.25.70 - - [05/Nov/2012:08:45:05 +0100] "GET /news.php?cs_go=archiv&cs_id=2078&cs_search= HTTP/1.1" 200 7887 "-" "Pixray-Seeker/2.0 (Pixray-Seeker; +http://www.pixray.com/pixraybot; +crawler@pixray.com)"
66.249.74.49 - - [05/Nov/2012:08:45:05 +0100] "GET /news.php?cs_go=archiv&cs_id=2311&cs_search= HTTP/1.1" 200 7887 "-" "Mozilla/5.0 (compatible; Googlebot/2.1; +http://www.google.com/bot.html)"
66.249.74.49 - - [05/Nov/2012:08:48:16 +0100] "GET /news.php?cs_go=archiv&cs_id=2079&cs_search= HTTP/1.1" 200 7887 "-" "Mozilla/5.0 (compatible; Googlebot/2.1; +http://www.google.com/bot.html)"
66.249.74.49 - - [05/Nov/2012:08:51:28 +0100] "GET /news.php?cs_go=archiv&cs_id=2089&cs_search= HTTP/1.1" 200 7887 "-" "Mozilla/5.0 (compatible; Googlebot/2.1; +http://www.google.com/bot.html)"
5.9.25.69 - - [05/Nov/2012:08:54:12 +0100] "GET /robots.txt HTTP/1.1" 200 177 "-" "Pixray-Seeker/2.0 (Pixray-Seeker; +http://www.pixray.com/pixraybot; +crawler@pixray.com)"
5.9.25.69 - - [05/Nov/2012:08:54:12 +0100] "GET /news.php?cs_go=archiv&cs_id=2620&cs_search= HTTP/1.1" 200 7887 "-" "Pixray-Seeker/2.0 (Pixray-Seeker; +http://www.pixray.com/pixraybot; +crawler@pixray.com)"
66.249.74.49 - - [05/Nov/2012:08:54:39 +0100] "GET /news.php?cs_go=archiv&cs_id=2644&cs_search= HTTP/1.1" 200 7887 "-" "Mozilla/5.0 (compatible; Googlebot/2.1; +http://www.google.com/bot.html)"
5.9.25.73 - - [05/Nov/2012:08:56:57 +0100] "GET /robots.txt HTTP/1.1" 200 177 "-" "Pixray-Seeker/2.0 (Pixray-Seeker; +http://www.pixray.com/pixraybot; +crawler@pixray.com)"
5.9.25.73 - - [05/Nov/2012:08:56:57 +0100] "GET /news.php?cs_go=archiv&cs_id=2677&cs_search= HTTP/1.1" 200 7887 "-" "Pixray-Seeker/2.0 (Pixray-Seeker; +http://www.pixray.com/pixraybot; +crawler@pixray.com)"
66.249.74.49 - - [05/Nov/2012:08:57:45 +0100] "GET /news.php?cs_go=archiv&cs_id=2072&cs_search= HTTP/1.1" 200 7887 "-" "Mozilla/5.0 (compatible; Googlebot/2.1; +http://www.google.com/bot.html)"
5.9.25.69 - - [05/Nov/2012:09:00:58 +0100] "GET /robots.txt HTTP/1.1" 200 177 "-" "Pixray-Seeker/2.0 (Pixray-Seeker; +http://www.pixray.com/pixraybot; +crawler@pixray.com)"
5.9.25.69 - - [05/Nov/2012:09:00:58 +0100] "GET /news.php?cs_go=archiv&cs_startpos=150 HTTP/1.1" 200 22959 "-" "Pixray-Seeker/2.0 (Pixray-Seeker; +http://www.pixray.com/pixraybot; +crawler@pixray.com)"
66.249.74.49 - - [05/Nov/2012:09:01:02 +0100] "GET /news.php?cs_go=archiv&cs_id=2060&cs_search= HTTP/1.1" 200 7887 "-" "Mozilla/5.0 (compatible; Googlebot/2.1; +http://www.google.com/bot.html)"
5.9.25.73 - - [05/Nov/2012:09:01:53 +0100] "GET /robots.txt HTTP/1.1" 200 177 "-" "Pixray-Seeker/2.0 (Pixray-Seeker; +http://www.pixray.com/pixraybot; +crawler@pixray.com)"
5.9.25.73 - - [05/Nov/2012:09:01:53 +0100] "GET /news.php?cs_go=archiv&cs_id=2384&cs_search= HTTP/1.1" 200 7887 "-" "Pixray-Seeker/2.0 (Pixray-Seeker; +http://www.pixray.com/pixraybot; +crawler@pixray.com)"
66.249.74.49 - - [05/Nov/2012:09:04:13 +0100] "GET /news.php?cs_go=archiv&cs_id=1946&cs_search= HTTP/1.1" 200 7887 "-" "Mozilla/5.0 (compatible; Googlebot/2.1; +http://www.google.com/bot.html)"
66.249.74.49 - - [05/Nov/2012:09:07:19 +0100] "GET /news.php?cs_go=archiv&cs_id=1956&cs_search= HTTP/1.1" 200 7887 "-" "Mozilla/5.0 (compatible; Googlebot/2.1; +http://www.google.com/bot.html)"
66.249.74.49 - - [05/Nov/2012:09:10:35 +0100] "GET /news.php?cs_go=archiv&cs_id=1959&cs_search= HTTP/1.1" 200 7887 "-" "Mozilla/5.0 (compatible; Googlebot/2.1; +http://www.google.com/bot.html)"
66.249.74.49 - - [05/Nov/2012:09:13:09 +0100] "GET /news.php?cs_go=archiv&cs_id=380&cs_search= HTTP/1.1" 200 7887 "-" "Mozilla/5.0 (compatible; Googlebot/2.1; +http://www.google.com/bot.html)"
66.249.74.49 - - [05/Nov/2012:09:13:42 +0100] "GET /news.php?cs_go=archiv&cs_id=1972&cs_search= HTTP/1.1" 200 7887 "-" "Mozilla/5.0 (compatible; Googlebot/2.1; +http://www.google.com/bot.html)"
5.9.25.79 - - [05/Nov/2012:09:16:04 +0100] "GET /robots.txt HTTP/1.1" 200 177 "-" "Pixray-Seeker/2.0 (Pixray-Seeker; +http://www.pixray.com/pixraybot; +crawler@pixray.com)"
5.9.25.79 - - [05/Nov/2012:09:16:04 +0100] "GET /news.php?cs_go=archiv&cs_startpos=290 HTTP/1.1" 200 22886 "-" "Pixray-Seeker/2.0 (Pixray-Seeker; +http://www.pixray.com/pixraybot; +crawler@pixray.com)"
66.249.74.49 - - [05/Nov/2012:09:16:58 +0100] "GET /news.php?cs_go=archiv&cs_id=1995&cs_search= HTTP/1.1" 200 7887 "-" "Mozilla/5.0 (compatible; Googlebot/2.1; +http://www.google.com/bot.html)"
66.249.74.49 - - [05/Nov/2012:09:20:03 +0100] "GET /news.php?cs_go=archiv&cs_id=1700&cs_search= HTTP/1.1" 200 7887 "-" "Mozilla/5.0 (compatible; Googlebot/2.1; +http://www.google.com/bot.html)"
213.186.119.131 - - [05/Nov/2012:09:22:55 +0100] "GET /news.php?cs_go=archiv&cs_id=3514&cs_search= HTTP/1.1" 200 14386 "-" "Mozilla/5.0 (compatible; AhrefsBot/3.1; +http://ahrefs.com/robot/)"
66.249.74.49 - - [05/Nov/2012:09:23:18 +0100] "GET /news.php?cs_go=archiv&cs_id=2054&cs_search= HTTP/1.1" 200 7887 "-" "Mozilla/5.0 (compatible; Googlebot/2.1; +http://www.google.com/bot.html)"
66.249.74.49 - - [05/Nov/2012:09:26:32 +0100] "GET /news.php?cs_go=archiv&cs_id=2612&cs_search= HTTP/1.1" 200 7887 "-" "Mozilla/5.0 (compatible; Googlebot/2.1; +http://www.google.com/bot.html)"
66.249.74.49 - - [05/Nov/2012:09:29:17 +0100] "GET /news.php?cs_go=archiv&cs_id=1739&cs_search= HTTP/1.1" 200 7887 "-" "Mozilla/5.0 (compatible; Googlebot/2.1; +http://www.google.com/bot.html)"
66.249.74.49 - - [05/Nov/2012:09:32:15 +0100] "GET /news.php?cs_go=archiv&cs_id=2076&cs_search= HTTP/1.1" 200 7887 "-" "Mozilla/5.0 (compatible; Googlebot/2.1; +http://www.google.com/bot.html)"
84.19.190.126 - - [05/Nov/2012:09:34:23 +0100] "GET /news.php?cs_go=archiv&cs_id=3146&cs_search= HTTP/1.1" 200 14166 "-" "Mozilla/5.0 (compatible; UnisterBot; crawler@unister.de)"
66.249.74.49 - - [05/Nov/2012:09:34:51 +0100] "GET /news.php?cs_go=archiv&cs_id=2084&cs_search= HTTP/1.1" 200 7887 "-" "Mozilla/5.0 (compatible; Googlebot/2.1; +http://www.google.com/bot.html)"
84.19.190.126 - - [05/Nov/2012:09:36:33 +0100] "GET /news.php?cs_go=archiv&cs_id=3224&cs_search= HTTP/1.1" 200 9938 "-" "Mozilla/5.0 (compatible; UnisterBot; crawler@unister.de)"
66.249.74.49 - - [05/Nov/2012:09:37:18 +0100] "GET /news.php?cs_go=archiv&cs_id=2614&cs_search= HTTP/1.1" 200 7887 "-" "Mozilla/5.0 (compatible; Googlebot/2.1; +http://www.google.com/bot.html)"
87.118.116.25 - - [05/Nov/2012:09:37:49 +0100] "GET /news.php?cs_go=archiv&cs_id=3143&cs_search= HTTP/1.1" 200 10959 "-" "Mozilla/5.0 (compatible; UnisterBot; crawler@unister.de)"
87.118.116.25 - - [05/Nov/2012:09:38:49 +0100] "GET /news.php?cs_go=archiv&cs_id=3230&cs_search= HTTP/1.1" 200 13257 "-" "Mozilla/5.0 (compatible; UnisterBot; crawler@unister.de)"
66.249.74.49 - - [05/Nov/2012:09:39:41 +0100] "GET /news.php?cs_go=archiv&cs_id=2069&cs_search= HTTP/1.1" 200 7887 "-" "Mozilla/5.0 (compatible; Googlebot/2.1; +http://www.google.com/bot.html)"
84.19.190.126 - - [05/Nov/2012:09:39:50 +0100] "GET /news.php?cs_go=archiv&cs_id=3161&cs_search= HTTP/1.1" 200 9912 "-" "Mozilla/5.0 (compatible; UnisterBot; crawler@unister.de)"
92.225.140.204 - - [05/Nov/2012:09:40:25 +0100] "GET /optiplus.php HTTP/1.1" 200 11100 "http://www.google.de/url?sa=t&rct=j&q=&esrc=s&source=web&cd=2&ved=0CDcQFjAB&url=http%3A%2F%2Fwww.mink-gmbh.de%2Foptiplus.php&ei=9XqXUO7pLNHptQahhYCgAw&usg=AFQjCNEouGCMmLgK9iGVLaDNxyZZMZ_YPQ" "Mozilla/5.0 (Windows NT 5.1) AppleWebKit/537.4 (KHTML, like Gecko) Chrome/22.0.1229.94 Safari/537.4"
92.225.140.204 - - [05/Nov/2012:09:40:25 +0100] "GET /style.css HTTP/1.1" 200 8418 "http://www.mink-gmbh.de/optiplus.php" "Mozilla/5.0 (Windows NT 5.1) AppleWebKit/537.4 (KHTML, like Gecko) Chrome/22.0.1229.94 Safari/537.4"
92.225.140.204 - - [05/Nov/2012:09:40:25 +0100] "GET /modul.css HTTP/1.1" 200 35038 "http://www.mink-gmbh.de/optiplus.php" "Mozilla/5.0 (Windows NT 5.1) AppleWebKit/537.4 (KHTML, like Gecko) Chrome/22.0.1229.94 Safari/537.4"
92.225.140.204 - - [05/Nov/2012:09:40:26 +0100] "GET /images/bg.jpg HTTP/1.1" 200 345 "http://www.mink-gmbh.de/optiplus.php" "Mozilla/5.0 (Windows NT 5.1) AppleWebKit/537.4 (KHTML, like Gecko) Chrome/22.0.1229.94 Safari/537.4"
92.225.140.204 - - [05/Nov/2012:09:40:26 +0100] "GET /images/close.png HTTP/1.1" 200 703 "http://www.mink-gmbh.de/optiplus.php" "Mozilla/5.0 (Windows NT 5.1) AppleWebKit/537.4 (KHTML, like Gecko) Chrome/22.0.1229.94 Safari/537.4"
92.225.140.204 - - [05/Nov/2012:09:40:26 +0100] "GET /images/newsletter_bg.jpg HTTP/1.1" 200 33610 "http://www.mink-gmbh.de/optiplus.php" "Mozilla/5.0 (Windows NT 5.1) AppleWebKit/537.4 (KHTML, like Gecko) Chrome/22.0.1229.94 Safari/537.4"
92.225.140.204 - - [05/Nov/2012:09:40:26 +0100] "GET /images/newsletter.png HTTP/1.1" 200 14619 "http://www.mink-gmbh.de/optiplus.php" "Mozilla/5.0 (Windows NT 5.1) AppleWebKit/537.4 (KHTML, like Gecko) Chrome/22.0.1229.94 Safari/537.4"
92.225.140.204 - - [05/Nov/2012:09:40:26 +0100] "GET /images/wrapperbg.jpg HTTP/1.1" 200 27465 "http://www.mink-gmbh.de/optiplus.php" "Mozilla/5.0 (Windows NT 5.1) AppleWebKit/537.4 (KHTML, like Gecko) Chrome/22.0.1229.94 Safari/537.4"
92.225.140.204 - - [05/Nov/2012:09:40:26 +0100] "GET /images/header.jpg HTTP/1.1" 200 24413 "http://www.mink-gmbh.de/optiplus.php" "Mozilla/5.0 (Windows NT 5.1) AppleWebKit/537.4 (KHTML, like Gecko) Chrome/22.0.1229.94 Safari/537.4"
92.225.140.204 - - [05/Nov/2012:09:40:26 +0100] "GET /images/navibg.png HTTP/1.1" 200 2803 "http://www.mink-gmbh.de/optiplus.php" "Mozilla/5.0 (Windows NT 5.1) AppleWebKit/537.4 (KHTML, like Gecko) Chrome/22.0.1229.94 Safari/537.4"
92.225.140.204 - - [05/Nov/2012:09:40:26 +0100] "GET /images/Optiseite.jpg HTTP/1.1" 200 32107 "http://www.mink-gmbh.de/optiplus.php" "Mozilla/5.0 (Windows NT 5.1) AppleWebKit/537.4 (KHTML, like Gecko) Chrome/22.0.1229.94 Safari/537.4"
92.225.140.204 - - [05/Nov/2012:09:40:26 +0100] "GET /images/freecall.jpg HTTP/1.1" 200 39195 "http://www.mink-gmbh.de/optiplus.php" "Mozilla/5.0 (Windows NT 5.1) AppleWebKit/537.4 (KHTML, like Gecko) Chrome/22.0.1229.94 Safari/537.4"
92.225.140.204 - - [05/Nov/2012:09:40:26 +0100] "GET /images/mail.jpg HTTP/1.1" 200 11165 "http://www.mink-gmbh.de/optiplus.php" "Mozilla/5.0 (Windows NT 5.1) AppleWebKit/537.4 (KHTML, like Gecko) Chrome/22.0.1229.94 Safari/537.4"
92.225.140.204 - - [05/Nov/2012:09:40:26 +0100] "GET /images/kwk.gif HTTP/1.1" 200 6403 "http://www.mink-gmbh.de/optiplus.php" "Mozilla/5.0 (Windows NT 5.1) AppleWebKit/537.4 (KHTML, like Gecko) Chrome/22.0.1229.94 Safari/537.4"
92.225.140.204 - - [05/Nov/2012:09:40:26 +0100] "GET /images/wunschpreis.jpg HTTP/1.1" 200 16767 "http://www.mink-gmbh.de/optiplus.php" "Mozilla/5.0 (Windows NT 5.1) AppleWebKit/537.4 (KHTML, like Gecko) Chrome/22.0.1229.94 Safari/537.4"
92.225.140.204 - - [05/Nov/2012:09:40:26 +0100] "GET /images/logos.jpg HTTP/1.1" 200 15002 "http://www.mink-gmbh.de/optiplus.php" "Mozilla/5.0 (Windows NT 5.1) AppleWebKit/537.4 (KHTML, like Gecko) Chrome/22.0.1229.94 Safari/537.4"
92.225.140.204 - - [05/Nov/2012:09:40:26 +0100] "GET /images/footerbg.jpg HTTP/1.1" 200 2184 "http://www.mink-gmbh.de/optiplus.php" "Mozilla/5.0 (Windows NT 5.1) AppleWebKit/537.4 (KHTML, like Gecko) Chrome/22.0.1229.94 Safari/537.4"
92.225.140.204 - - [05/Nov/2012:09:40:26 +0100] "GET /images/optiplus.jpg HTTP/1.1" 200 37436 "http://www.mink-gmbh.de/optiplus.php" "Mozilla/5.0 (Windows NT 5.1) AppleWebKit/537.4 (KHTML, like Gecko) Chrome/22.0.1229.94 Safari/537.4"
92.225.140.204 - - [05/Nov/2012:09:40:27 +0100] "GET /favicon.ico HTTP/1.1" 200 3638 "-" "Mozilla/5.0 (Windows NT 5.1) AppleWebKit/537.4 (KHTML, like Gecko) Chrome/22.0.1229.94 Safari/537.4"
92.225.140.204 - - [05/Nov/2012:09:40:33 +0100] "GET /preisanfrage.php HTTP/1.1" 200 10647 "http://www.mink-gmbh.de/optiplus.php" "Mozilla/5.0 (Windows NT 5.1) AppleWebKit/537.4 (KHTML, like Gecko) Chrome/22.0.1229.94 Safari/537.4"
84.19.190.126 - - [05/Nov/2012:09:40:55 +0100] "GET /news.php?cs_go=archiv&cs_id=3228&cs_search= HTTP/1.1" 200 13395 "-" "Mozilla/5.0 (compatible; UnisterBot; crawler@unister.de)"
92.225.140.204 - - [05/Nov/2012:09:41:06 +0100] "GET /optiplus.php HTTP/1.1" 200 11013 "http://www.google.de/url?sa=t&rct=j&q=&esrc=s&source=web&cd=2&ved=0CDcQFjAB&url=http%3A%2F%2Fwww.mink-gmbh.de%2Foptiplus.php&ei=9XqXUO7pLNHptQahhYCgAw&usg=AFQjCNEouGCMmLgK9iGVLaDNxyZZMZ_YPQ" "Mozilla/5.0 (Windows NT 5.1) AppleWebKit/537.4 (KHTML, like Gecko) Chrome/22.0.1229.94 Safari/537.4"
84.19.190.126 - - [05/Nov/2012:09:41:46 +0100] "GET /news.php?cs_go=archiv&cs_id=3167&cs_search= HTTP/1.1" 200 9952 "-" "Mozilla/5.0 (compatible; UnisterBot; crawler@unister.de)"
66.249.74.49 - - [05/Nov/2012:09:42:17 +0100] "GET /news.php?cs_go=archiv&cs_id=2074&cs_search= HTTP/1.1" 200 7887 "-" "Mozilla/5.0 (compatible; Googlebot/2.1; +http://www.google.com/bot.html)"
84.19.190.126 - - [05/Nov/2012:09:42:47 +0100] "GET /news.php?cs_go=archiv&cs_id=3232&cs_search= HTTP/1.1" 200 13831 "-" "Mozilla/5.0 (compatible; UnisterBot; crawler@unister.de)"
84.19.190.126 - - [05/Nov/2012:09:43:37 +0100] "GET /news.php?cs_go=archiv&cs_id=3169&cs_search= HTTP/1.1" 200 14282 "-" "Mozilla/5.0 (compatible; UnisterBot; crawler@unister.de)"
87.118.116.25 - - [05/Nov/2012:09:44:47 +0100] "GET /news.php?cs_go=archiv&cs_id=3159&cs_search= HTTP/1.1" 200 13385 "-" "Mozilla/5.0 (compatible; UnisterBot; crawler@unister.de)"
66.249.74.49 - - [05/Nov/2012:09:44:50 +0100] "GET /news.php?cs_go=archiv&cs_id=1873&cs_search= HTTP/1.1" 200 7887 "-" "Mozilla/5.0 (compatible; Googlebot/2.1; +http://www.google.com/bot.html)"
84.19.190.126 - - [05/Nov/2012:09:45:48 +0100] "GET /news.php?cs_go=archiv&cs_id=3145&cs_search= HTTP/1.1" 200 11830 "-" "Mozilla/5.0 (compatible; UnisterBot; crawler@unister.de)"
84.19.190.126 - - [05/Nov/2012:09:46:38 +0100] "GET /news.php?cs_go=archiv&cs_id=3234&cs_search= HTTP/1.1" 200 12378 "-" "Mozilla/5.0 (compatible; UnisterBot; crawler@unister.de)"
84.19.190.126 - - [05/Nov/2012:09:47:29 +0100] "GET /news.php?cs_go=archiv&cs_id=3223&cs_search= HTTP/1.1" 200 13503 "-" "Mozilla/5.0 (compatible; UnisterBot; crawler@unister.de)"
84.19.190.126 - - [05/Nov/2012:09:48:21 +0100] "GET /news.php?cs_go=archiv&cs_id=3225&cs_search= HTTP/1.1" 200 12215 "-" "Mozilla/5.0 (compatible; UnisterBot; crawler@unister.de)"
87.118.116.25 - - [05/Nov/2012:09:49:22 +0100] "GET /news.php?cs_go=archiv&cs_id=3233&cs_search= HTTP/1.1" 200 10009 "-" "Mozilla/5.0 (compatible; UnisterBot; crawler@unister.de)"
84.19.190.126 - - [05/Nov/2012:09:50:08 +0100] "GET /news.php?cs_go=archiv&cs_id=3229&cs_search= HTTP/1.1" 200 9853 "-" "Mozilla/5.0 (compatible; UnisterBot; crawler@unister.de)"
84.19.190.126 - - [05/Nov/2012:09:50:55 +0100] "GET /news.php?cs_go=archiv&cs_id=3165&cs_search= HTTP/1.1" 200 9963 "-" "Mozilla/5.0 (compatible; UnisterBot; crawler@unister.de)"
87.118.116.25 - - [05/Nov/2012:09:51:53 +0100] "GET /news.php?cs_go=archiv&cs_id=3163&cs_search= HTTP/1.1" 200 13613 "-" "Mozilla/5.0 (compatible; UnisterBot; crawler@unister.de)"
66.249.74.49 - - [05/Nov/2012:09:56:35 +0100] "GET /news.php?cs_go=archiv&cs_id=1779&cs_search= HTTP/1.1" 200 7887 "-" "Mozilla/5.0 (compatible; Googlebot/2.1; +http://www.google.com/bot.html)"
78.52.142.36 - - [05/Nov/2012:09:57:23 +0100] "GET /style.css HTTP/1.1" 200 8418 "http://www.mink-gmbh.de/" "Mozilla/5.0 (Windows NT 6.0) AppleWebKit/537.4 (KHTML, like Gecko) Chrome/22.0.1229.94 Safari/537.4"
78.52.142.36 - - [05/Nov/2012:09:57:23 +0100] "GET /js_contentserver24_greybox/gb_styles.css HTTP/1.1" 200 2302 "http://www.mink-gmbh.de/" "Mozilla/5.0 (Windows NT 6.0) AppleWebKit/537.4 (KHTML, like Gecko) Chrome/22.0.1229.94 Safari/537.4"
78.52.142.36 - - [05/Nov/2012:09:57:23 +0100] "GET /js_contentserver24_greybox/gb_scripts.js HTTP/1.1" 200 11913 "http://www.mink-gmbh.de/" "Mozilla/5.0 (Windows NT 6.0) AppleWebKit/537.4 (KHTML, like Gecko) Chrome/22.0.1229.94 Safari/537.4"
78.52.142.36 - - [05/Nov/2012:09:57:23 +0100] "GET /js_contentserver24_greybox/AJS.js HTTP/1.1" 200 10396 "http://www.mink-gmbh.de/" "Mozilla/5.0 (Windows NT 6.0) AppleWebKit/537.4 (KHTML, like Gecko) Chrome/22.0.1229.94 Safari/537.4"
78.52.142.36 - - [05/Nov/2012:09:57:23 +0100] "GET /js_contentserver24_greybox/AJS_fx.js HTTP/1.1" 200 3192 "http://www.mink-gmbh.de/" "Mozilla/5.0 (Windows NT 6.0) AppleWebKit/537.4 (KHTML, like Gecko) Chrome/22.0.1229.94 Safari/537.4"
78.52.142.36 - - [05/Nov/2012:09:57:23 +0100] "GET /modul.css HTTP/1.1" 200 35038 "http://www.mink-gmbh.de/" "Mozilla/5.0 (Windows NT 6.0) AppleWebKit/537.4 (KHTML, like Gecko) Chrome/22.0.1229.94 Safari/537.4"
78.52.142.36 - - [05/Nov/2012:09:57:23 +0100] "GET / HTTP/1.1" 200 15316 "http://www.google.de/url?sa=t&rct=j&q=&esrc=s&source=web&cd=1&ved=0CCEQFjAA&url=http%3A%2F%2Fwww.mink-gmbh.de%2F&ei=DX-XUJvdHcTPtAal14DwAw&usg=AFQjCNFHX4Iglls9oo-KYXTmDUV_5KOVIg&sig2=kNjywC6HuT2TYd1Mb7yE9g" "Mozilla/5.0 (Windows NT 6.0) AppleWebKit/537.4 (KHTML, like Gecko) Chrome/22.0.1229.94 Safari/537.4"
78.52.142.36 - - [05/Nov/2012:09:57:24 +0100] "GET /images/bg.jpg HTTP/1.1" 200 345 "http://www.mink-gmbh.de/" "Mozilla/5.0 (Windows NT 6.0) AppleWebKit/537.4 (KHTML, like Gecko) Chrome/22.0.1229.94 Safari/537.4"
78.52.142.36 - - [05/Nov/2012:09:57:24 +0100] "GET /images/mail.jpg HTTP/1.1" 200 11165 "http://www.mink-gmbh.de/" "Mozilla/5.0 (Windows NT 6.0) AppleWebKit/537.4 (KHTML, like Gecko) Chrome/22.0.1229.94 Safari/537.4"
78.52.142.36 - - [05/Nov/2012:09:57:24 +0100] "GET /images/kwk.gif HTTP/1.1" 200 6403 "http://www.mink-gmbh.de/" "Mozilla/5.0 (Windows NT 6.0) AppleWebKit/537.4 (KHTML, like Gecko) Chrome/22.0.1229.94 Safari/537.4"
78.52.142.36 - - [05/Nov/2012:09:57:24 +0100] "GET /images/wunschpreis.jpg HTTP/1.1" 200 16767 "http://www.mink-gmbh.de/" "Mozilla/5.0 (Windows NT 6.0) AppleWebKit/537.4 (KHTML, like Gecko) Chrome/22.0.1229.94 Safari/537.4"
78.52.142.36 - - [05/Nov/2012:09:57:24 +0100] "GET /images/logos.jpg HTTP/1.1" 200 15002 "http://www.mink-gmbh.de/" "Mozilla/5.0 (Windows NT 6.0) AppleWebKit/537.4 (KHTML, like Gecko) Chrome/22.0.1229.94 Safari/537.4"
78.52.142.36 - - [05/Nov/2012:09:57:24 +0100] "GET /js_contentserver24_greybox/w_close.gif HTTP/1.1" 200 74 "http://www.mink-gmbh.de/" "Mozilla/5.0 (Windows NT 6.0) AppleWebKit/537.4 (KHTML, like Gecko) Chrome/22.0.1229.94 Safari/537.4"
78.52.142.36 - - [05/Nov/2012:09:57:24 +0100] "GET /images/close.png HTTP/1.1" 200 703 "http://www.mink-gmbh.de/" "Mozilla/5.0 (Windows NT 6.0) AppleWebKit/537.4 (KHTML, like Gecko) Chrome/22.0.1229.94 Safari/537.4"
78.52.142.36 - - [05/Nov/2012:09:57:24 +0100] "GET /images/tkw.jpg HTTP/1.1" 200 64031 "http://www.mink-gmbh.de/" "Mozilla/5.0 (Windows NT 6.0) AppleWebKit/537.4 (KHTML, like Gecko) Chrome/22.0.1229.94 Safari/537.4"
78.52.142.36 - - [05/Nov/2012:09:57:24 +0100] "GET /js_contentserver24_greybox/loader_frame.html?s=0 HTTP/1.1" 200 2084 "http://www.mink-gmbh.de/" "Mozilla/5.0 (Windows NT 6.0) AppleWebKit/537.4 (KHTML, like Gecko) Chrome/22.0.1229.94 Safari/537.4"
78.52.142.36 - - [05/Nov/2012:09:57:24 +0100] "GET /images/freecall.jpg HTTP/1.1" 200 39195 "http://www.mink-gmbh.de/" "Mozilla/5.0 (Windows NT 6.0) AppleWebKit/537.4 (KHTML, like Gecko) Chrome/22.0.1229.94 Safari/537.4"
78.52.142.36 - - [05/Nov/2012:09:57:25 +0100] "GET /images/newsletter.png HTTP/1.1" 200 14619 "http://www.mink-gmbh.de/" "Mozilla/5.0 (Windows NT 6.0) AppleWebKit/537.4 (KHTML, like Gecko) Chrome/22.0.1229.94 Safari/537.4"
78.52.142.36 - - [05/Nov/2012:09:57:25 +0100] "GET /images/header.jpg HTTP/1.1" 200 24413 "http://www.mink-gmbh.de/" "Mozilla/5.0 (Windows NT 6.0) AppleWebKit/537.4 (KHTML, like Gecko) Chrome/22.0.1229.94 Safari/537.4"
78.52.142.36 - - [05/Nov/2012:09:57:24 +0100] "GET /images/newsletter_bg.jpg HTTP/1.1" 200 33610 "http://www.mink-gmbh.de/" "Mozilla/5.0 (Windows NT 6.0) AppleWebKit/537.4 (KHTML, like Gecko) Chrome/22.0.1229.94 Safari/537.4"
78.52.142.36 - - [05/Nov/2012:09:57:25 +0100] "GET /images/navibg.png HTTP/1.1" 200 2803 "http://www.mink-gmbh.de/" "Mozilla/5.0 (Windows NT 6.0) AppleWebKit/537.4 (KHTML, like Gecko) Chrome/22.0.1229.94 Safari/537.4"
78.52.142.36 - - [05/Nov/2012:09:57:25 +0100] "GET /images/gleichbleibend.png HTTP/1.1" 200 534 "http://www.mink-gmbh.de/" "Mozilla/5.0 (Windows NT 6.0) AppleWebKit/537.4 (KHTML, like Gecko) Chrome/22.0.1229.94 Safari/537.4"
78.52.142.36 - - [05/Nov/2012:09:57:25 +0100] "GET /images/steigend.png HTTP/1.1" 200 688 "http://www.mink-gmbh.de/" "Mozilla/5.0 (Windows NT 6.0) AppleWebKit/537.4 (KHTML, like Gecko) Chrome/22.0.1229.94 Safari/537.4"
78.52.142.36 - - [05/Nov/2012:09:57:25 +0100] "GET /images/fallend.png HTTP/1.1" 200 713 "http://www.mink-gmbh.de/" "Mozilla/5.0 (Windows NT 6.0) AppleWebKit/537.4 (KHTML, like Gecko) Chrome/22.0.1229.94 Safari/537.4"
78.52.142.36 - - [05/Nov/2012:09:57:25 +0100] "GET /images/mobil.jpg HTTP/1.1" 200 25293 "http://www.mink-gmbh.de/" "Mozilla/5.0 (Windows NT 6.0) AppleWebKit/537.4 (KHTML, like Gecko) Chrome/22.0.1229.94 Safari/537.4"
78.52.142.36 - - [05/Nov/2012:09:57:25 +0100] "GET /images/newsletter.jpg HTTP/1.1" 200 13130 "http://www.mink-gmbh.de/" "Mozilla/5.0 (Windows NT 6.0) AppleWebKit/537.4 (KHTML, like Gecko) Chrome/22.0.1229.94 Safari/537.4"
78.52.142.36 - - [05/Nov/2012:09:57:25 +0100] "GET /images/footerbg.jpg HTTP/1.1" 200 2184 "http://www.mink-gmbh.de/" "Mozilla/5.0 (Windows NT 6.0) AppleWebKit/537.4 (KHTML, like Gecko) Chrome/22.0.1229.94 Safari/537.4"
78.52.142.36 - - [05/Nov/2012:09:57:25 +0100] "GET /js_contentserver24_greybox/header_bg.gif HTTP/1.1" 200 1188 "http://www.mink-gmbh.de/" "Mozilla/5.0 (Windows NT 6.0) AppleWebKit/537.4 (KHTML, like Gecko) Chrome/22.0.1229.94 Safari/537.4"
78.52.142.36 - - [05/Nov/2012:09:57:25 +0100] "GET /js_contentserver24_greybox/indicator.gif HTTP/1.1" 200 8238 "http://www.mink-gmbh.de/js_contentserver24_greybox/loader_frame.html?s=0" "Mozilla/5.0 (Windows NT 6.0) AppleWebKit/537.4 (KHTML, like Gecko) Chrome/22.0.1229.94 Safari/537.4"
78.52.142.36 - - [05/Nov/2012:09:57:25 +0100] "GET /images/wrapperbg.jpg HTTP/1.1" 200 27465 "http://www.mink-gmbh.de/" "Mozilla/5.0 (Windows NT 6.0) AppleWebKit/537.4 (KHTML, like Gecko) Chrome/22.0.1229.94 Safari/537.4"
78.52.142.36 - - [05/Nov/2012:09:57:26 +0100] "GET /js_contentserver24_greybox/g_close.gif HTTP/1.1" 200 541 "http://www.mink-gmbh.de/" "Mozilla/5.0 (Windows NT 6.0) AppleWebKit/537.4 (KHTML, like Gecko) Chrome/22.0.1229.94 Safari/537.4"
78.52.142.36 - - [05/Nov/2012:09:57:26 +0100] "GET /favicon.ico HTTP/1.1" 200 3638 "-" "Mozilla/5.0 (Windows NT 6.0) AppleWebKit/537.4 (KHTML, like Gecko) Chrome/22.0.1229.94 Safari/537.4"
78.52.142.36 - - [05/Nov/2012:09:57:35 +0100] "GET /kontakt.php HTTP/1.1" 200 9111 "http://www.mink-gmbh.de/" "Mozilla/5.0 (Windows NT 6.0) AppleWebKit/537.4 (KHTML, like Gecko) Chrome/22.0.1229.94 Safari/537.4"
66.249.74.49 - - [05/Nov/2012:10:00:28 +0100] "GET /news.php?cs_go=archiv&cs_id=1857&cs_search= HTTP/1.1" 200 7887 "-" "Mozilla/5.0 (compatible; Googlebot/2.1; +http://www.google.com/bot.html)"
125.176.223.177 - - [05/Nov/2012:10:10:11 +0100] "GET / HTTP/1.1" 200 15316 "-" "Mozilla/5.0 (compatible; MSIE 9.0; Windows NT 6.1; WOW64; Trident/5.0)"
66.249.74.49 - - [05/Nov/2012:10:16:34 +0100] "GET /news.php?cs_go=archiv&cs_id=1760&cs_search= HTTP/1.1" 200 7887 "-" "Mozilla/5.0 (compatible; Googlebot/2.1; +http://www.google.com/bot.html)"
84.19.190.126 - - [05/Nov/2012:10:23:05 +0100] "GET /news.php?cs_go=archiv&cs_id=3166&cs_search= HTTP/1.1" 200 13667 "-" "Mozilla/5.0 (compatible; UnisterBot; crawler@unister.de)"
82.94.179.38 - - [05/Nov/2012:10:23:30 +0100] "GET /robots.txt HTTP/1.0" 200 177 "-" "Mozilla/4.0 (compatible; Vagabondo/4.0/EU; http://webagent.wise-guys.nl/)"
82.94.179.38 - - [05/Nov/2012:10:23:30 +0100] "GET /news.php?cs_go=archiv&cs_id=3600 HTTP/1.1" 200 13422 "http://www.mink-gmbh.de/" "Mozilla/4.0 (compatible; Vagabondo/4.0/EU; http://www.wise-guys.nl/)"
82.94.179.38 - - [05/Nov/2012:10:23:34 +0100] "GET /news.php?cs_go=archiv&cs_id=3628 HTTP/1.1" 200 10018 "http://www.mink-gmbh.de/index.php" "Mozilla/4.0 (compatible; Vagabondo/4.0/EU; http://www.wise-guys.nl/)"
82.94.179.38 - - [05/Nov/2012:10:23:39 +0100] "GET /news.php?cs_go=archiv&cs_id=3629 HTTP/1.1" 200 13330 "http://www.mink-gmbh.de/index.php" "Mozilla/4.0 (compatible; Vagabondo/4.0/EU; http://www.wise-guys.nl/)"
82.94.179.38 - - [05/Nov/2012:10:23:44 +0100] "GET /news.php?cs_go=archiv&cs_id=3578 HTTP/1.1" 200 11462 "http://www.mink-gmbh.de/index.php" "Mozilla/4.0 (compatible; Vagabondo/4.0/EU; http://www.wise-guys.nl/)"
82.94.179.38 - - [05/Nov/2012:10:23:49 +0100] "GET /news.php?cs_go=archiv&cs_startpos=390 HTTP/1.1" 200 22932 "http://www.mink-gmbh.de/news.php?cs_go=archiv&cs_startpos=340" "Mozilla/4.0 (compatible; Vagabondo/4.0/EU; http://www.wise-guys.nl/)"
82.94.179.38 - - [05/Nov/2012:10:23:53 +0100] "GET /news.php?cs_go=archiv&cs_id=3606 HTTP/1.1" 200 11890 "http://www.mink-gmbh.de/index.php" "Mozilla/4.0 (compatible; Vagabondo/4.0/EU; http://www.wise-guys.nl/)"
82.94.179.38 - - [05/Nov/2012:10:23:58 +0100] "GET /news.php?cs_go=archiv&cs_id=3631 HTTP/1.1" 200 9927 "http://www.mink-gmbh.de/" "Mozilla/4.0 (compatible; Vagabondo/4.0/EU; http://www.wise-guys.nl/)"
82.94.179.38 - - [05/Nov/2012:10:24:03 +0100] "GET /news.php?cs_go=archiv&cs_id=2952 HTTP/1.1" 200 14065 "http://www.mink-gmbh.de/news.php?cs_go=archiv&cs_startpos=320" "Mozilla/4.0 (compatible; Vagabondo/4.0/EU; http://www.wise-guys.nl/)"
82.94.179.38 - - [05/Nov/2012:10:24:08 +0100] "GET /news.php?cs_go=archiv&cs_id=3633 HTTP/1.1" 200 13307 "http://www.mink-gmbh.de/index.php" "Mozilla/4.0 (compatible; Vagabondo/4.0/EU; http://www.wise-guys.nl/)"
82.94.179.38 - - [05/Nov/2012:10:24:13 +0100] "GET /news.php?cs_go=archiv&cs_id=3622 HTTP/1.1" 200 11727 "http://www.mink-gmbh.de/" "Mozilla/4.0 (compatible; Vagabondo/4.0/EU; http://www.wise-guys.nl/)"
82.94.179.38 - - [05/Nov/2012:10:24:17 +0100] "GET /news.php?cs_go=archiv&cs_startpos=700 HTTP/1.1" 200 14172 "http://www.mink-gmbh.de/news.php" "Mozilla/4.0 (compatible; Vagabondo/4.0/EU; http://www.wise-guys.nl/)"
82.94.179.38 - - [05/Nov/2012:10:24:21 +0100] "GET /news.php?cs_go=archiv&cs_startpos=690 HTTP/1.1" 200 22368 "http://www.mink-gmbh.de/news.php?cs_go=archiv" "Mozilla/4.0 (compatible; Vagabondo/4.0/EU; http://www.wise-guys.nl/)"
82.94.179.38 - - [05/Nov/2012:10:24:26 +0100] "GET /news.php?cs_go=archiv&cs_id=3634 HTTP/1.1" 200 9818 "http://www.mink-gmbh.de/" "Mozilla/4.0 (compatible; Vagabondo/4.0/EU; http://www.wise-guys.nl/)"
82.94.179.38 - - [05/Nov/2012:10:24:31 +0100] "GET /news.php?cs_go=archiv&cs_id=3635 HTTP/1.1" 200 13377 "http://www.mink-gmbh.de/" "Mozilla/4.0 (compatible; Vagabondo/4.0/EU; http://www.wise-guys.nl/)"
82.94.179.38 - - [05/Nov/2012:10:24:35 +0100] "GET /news.php?cs_go=archiv&cs_startpos=0 HTTP/1.1" 200 21986 "http://www.mink-gmbh.de/news.php" "Mozilla/4.0 (compatible; Vagabondo/4.0/EU; http://www.wise-guys.nl/)"
82.94.179.38 - - [05/Nov/2012:10:24:40 +0100] "GET /news.php?cs_go=archiv&cs_id=3618 HTTP/1.1" 200 12341 "http://www.mink-gmbh.de/" "Mozilla/4.0 (compatible; Vagabondo/4.0/EU; http://www.wise-guys.nl/)"
82.94.179.38 - - [05/Nov/2012:10:24:45 +0100] "GET /news.php?cs_go=archiv&cs_startpos=681 HTTP/1.1" 200 22340 "http://www.mink-gmbh.de/news.php?cs_go=archiv" "Mozilla/4.0 (compatible; Vagabondo/4.0/EU; http://www.wise-guys.nl/)"
82.94.179.38 - - [05/Nov/2012:10:24:50 +0100] "GET /news.php?cs_go=archiv&cs_startpos=691 HTTP/1.1" 200 22388 "http://www.mink-gmbh.de/news.php?cs_go=archiv" "Mozilla/4.0 (compatible; Vagabondo/4.0/EU; http://www.wise-guys.nl/)"
82.94.179.38 - - [05/Nov/2012:10:24:54 +0100] "GET /news.php?cs_go=archiv&cs_startpos=651 HTTP/1.1" 200 22771 "http://www.mink-gmbh.de/news.php?cs_go=archiv&cs_startpos=661" "Mozilla/4.0 (compatible; Vagabondo/4.0/EU; http://www.wise-guys.nl/)"
82.94.179.38 - - [05/Nov/2012:10:24:59 +0100] "GET /news.php?cs_go=archiv&cs_startpos=671 HTTP/1.1" 200 22660 "http://www.mink-gmbh.de/news.php?cs_go=archiv&cs_startpos=661" "Mozilla/4.0 (compatible; Vagabondo/4.0/EU; http://www.wise-guys.nl/)"
82.94.179.38 - - [05/Nov/2012:10:25:04 +0100] "GET /news.php?cs_go=archiv&cs_id=2951 HTTP/1.1" 200 9992 "http://www.mink-gmbh.de/news.php?cs_go=archiv&cs_startpos=330" "Mozilla/4.0 (compatible; Vagabondo/4.0/EU; http://www.wise-guys.nl/)"
82.94.179.38 - - [05/Nov/2012:10:25:10 +0100] "GET /news.php?cs_go=archiv&cs_startpos=380 HTTP/1.1" 200 22914 "http://www.mink-gmbh.de/news.php?cs_go=archiv&cs_startpos=350" "Mozilla/4.0 (compatible; Vagabondo/4.0/EU; http://www.wise-guys.nl/)"
82.94.179.38 - - [05/Nov/2012:10:25:17 +0100] "GET /news.php?cs_go=archiv&cs_startpos=400 HTTP/1.1" 200 22834 "http://www.mink-gmbh.de/news.php?cs_go=archiv&cs_startpos=350" "Mozilla/4.0 (compatible; Vagabondo/4.0/EU; http://www.wise-guys.nl/)"
82.94.179.38 - - [05/Nov/2012:10:25:24 +0100] "GET /news.php?cs_go=archiv&cs_id=3596 HTTP/1.1" 200 11257 "http://www.mink-gmbh.de/" "Mozilla/4.0 (compatible; Vagabondo/4.0/EU; http://www.wise-guys.nl/)"
82.94.179.38 - - [05/Nov/2012:10:25:32 +0100] "GET /news.php?cs_go=archiv&cs_id=3597 HTTP/1.1" 200 10712 "http://www.mink-gmbh.de/" "Mozilla/4.0 (compatible; Vagabondo/4.0/EU; http://www.wise-guys.nl/)"
82.94.179.38 - - [05/Nov/2012:10:25:39 +0100] "GET /news.php?cs_go=archiv&cs_id=3616 HTTP/1.1" 200 9862 "http://www.mink-gmbh.de/" "Mozilla/4.0 (compatible; Vagabondo/4.0/EU; http://www.wise-guys.nl/)"
82.94.179.38 - - [05/Nov/2012:10:25:45 +0100] "GET /news.php?cs_go=archiv&cs_id=3625 HTTP/1.1" 200 14107 "http://www.mink-gmbh.de/" "Mozilla/4.0 (compatible; Vagabondo/4.0/EU; http://www.wise-guys.nl/)"
82.94.179.38 - - [05/Nov/2012:10:25:52 +0100] "GET /news.php?cs_go=archiv&cs_id=3624 HTTP/1.1" 200 10078 "http://www.mink-gmbh.de/index.php" "Mozilla/4.0 (compatible; Vagabondo/4.0/EU; http://www.wise-guys.nl/)"
82.94.179.38 - - [05/Nov/2012:10:25:59 +0100] "GET /news.php?cs_go=archiv&cs_id=3599 HTTP/1.1" 200 11651 "http://www.mink-gmbh.de/index.php" "Mozilla/4.0 (compatible; Vagabondo/4.0/EU; http://www.wise-guys.nl/)"
82.94.179.38 - - [05/Nov/2012:10:26:07 +0100] "GET /news.php?cs_go=archiv&cs_id=3623 HTTP/1.1" 200 13477 "http://www.mink-gmbh.de/" "Mozilla/4.0 (compatible; Vagabondo/4.0/EU; http://www.wise-guys.nl/)"
82.94.179.38 - - [05/Nov/2012:10:26:14 +0100] "GET /news.php?cs_go=archiv&cs_id=3598 HTTP/1.1" 200 10854 "http://www.mink-gmbh.de/" "Mozilla/4.0 (compatible; Vagabondo/4.0/EU; http://www.wise-guys.nl/)"
82.94.179.38 - - [05/Nov/2012:10:26:20 +0100] "GET / HTTP/1.1" 200 15295 "-" "Mozilla/4.0 (compatible; Vagabondo/4.0/EU; http://www.wise-guys.nl/)"
82.94.179.38 - - [05/Nov/2012:10:26:28 +0100] "GET /index.php HTTP/1.1" 200 12179 "http://www.mink-gmbh.de/" "Mozilla/4.0 (compatible; Vagabondo/4.0/EU; http://www.wise-guys.nl/)"
82.94.179.38 - - [05/Nov/2012:10:26:35 +0100] "GET /news.php?cs_go=archiv&cs_startpos=581 HTTP/1.1" 200 23023 "http://www.mink-gmbh.de/news.php?cs_go=archiv" "Mozilla/4.0 (compatible; Vagabondo/4.0/EU; http://www.wise-guys.nl/)"
82.94.179.38 - - [05/Nov/2012:10:26:46 +0100] "GET /news.php?cs_go=archiv HTTP/1.1" 200 21986 "http://www.mink-gmbh.de/" "Mozilla/4.0 (compatible; Vagabondo/4.0/EU; http://www.wise-guys.nl/)"
82.94.179.38 - - [05/Nov/2012:10:26:56 +0100] "GET /news.php?cs_go=archiv&cs_startpos=540 HTTP/1.1" 200 22895 "http://www.mink-gmbh.de/news.php?cs_go=archiv&cs_startpos=581" "Mozilla/4.0 (compatible; Vagabondo/4.0/EU; http://www.wise-guys.nl/)"
82.94.179.38 - - [05/Nov/2012:10:27:07 +0100] "GET /news.php?cs_go=archiv&cs_startpos=170 HTTP/1.1" 200 22841 "http://www.mink-gmbh.de/news.php?cs_go=archiv&cs_startpos=150" "Mozilla/4.0 (compatible; Vagabondo/4.0/EU; http://www.wise-guys.nl/)"
82.94.179.38 - - [05/Nov/2012:10:27:18 +0100] "GET /news.php?cs_go=archiv&cs_startpos=230 HTTP/1.1" 200 22729 "http://www.mink-gmbh.de/news.php?cs_go=archiv&cs_startpos=190" "Mozilla/4.0 (compatible; Vagabondo/4.0/EU; http://www.wise-guys.nl/)"
82.94.179.38 - - [05/Nov/2012:10:27:30 +0100] "GET /news.php?cs_go=archiv&cs_startpos=250 HTTP/1.1" 200 22798 "http://www.mink-gmbh.de/news.php?cs_go=archiv&cs_startpos=200" "Mozilla/4.0 (compatible; Vagabondo/4.0/EU; http://www.wise-guys.nl/)"
82.94.179.38 - - [05/Nov/2012:10:27:41 +0100] "GET /news.php?cs_go=archiv&cs_startpos=190 HTTP/1.1" 200 22923 "http://www.mink-gmbh.de/news.php?cs_go=archiv&cs_startpos=140" "Mozilla/4.0 (compatible; Vagabondo/4.0/EU; http://www.wise-guys.nl/)"
82.94.179.38 - - [05/Nov/2012:10:27:53 +0100] "GET /news.php?cs_go=archiv&cs_startpos=620 HTTP/1.1" 200 22957 "http://www.mink-gmbh.de/news.php?cs_go=archiv" "Mozilla/4.0 (compatible; Vagabondo/4.0/EU; http://www.wise-guys.nl/)"
82.94.179.38 - - [05/Nov/2012:10:28:04 +0100] "GET /news.php?cs_go=archiv&cs_startpos=571 HTTP/1.1" 200 22777 "http://www.mink-gmbh.de/news.php?cs_go=archiv&cs_startpos=581" "Mozilla/4.0 (compatible; Vagabondo/4.0/EU; http://www.wise-guys.nl/)"
82.94.179.38 - - [05/Nov/2012:10:28:14 +0100] "GET /news.php?cs_go=archiv&cs_startpos=210 HTTP/1.1" 200 23046 "http://www.mink-gmbh.de/news.php?cs_go=archiv&cs_startpos=200" "Mozilla/4.0 (compatible; Vagabondo/4.0/EU; http://www.wise-guys.nl/)"
82.94.179.38 - - [05/Nov/2012:10:28:25 +0100] "GET /news.php?cs_go=archiv&cs_startpos=560 HTTP/1.1" 200 22664 "http://www.mink-gmbh.de/news.php?cs_go=archiv&cs_startpos=581" "Mozilla/4.0 (compatible; Vagabondo/4.0/EU; http://www.wise-guys.nl/)"
82.94.179.38 - - [05/Nov/2012:10:28:36 +0100] "GET /news.php?cs_go=archiv&cs_startpos=200 HTTP/1.1" 200 23175 "http://www.mink-gmbh.de/news.php?cs_go=archiv&cs_startpos=150" "Mozilla/4.0 (compatible; Vagabondo/4.0/EU; http://www.wise-guys.nl/)"
82.94.179.38 - - [05/Nov/2012:10:28:48 +0100] "GET /news.php?cs_go=archiv&cs_startpos=100 HTTP/1.1" 200 22905 "http://www.mink-gmbh.de/news.php?cs_go=archiv&cs_startpos=50" "Mozilla/4.0 (compatible; Vagabondo/4.0/EU; http://www.wise-guys.nl/)"
82.94.179.38 - - [05/Nov/2012:10:29:00 +0100] "GET /news.php?cs_go=archiv&cs_startpos=610 HTTP/1.1" 200 22807 "http://www.mink-gmbh.de/news.php" "Mozilla/4.0 (compatible; Vagabondo/4.0/EU; http://www.wise-guys.nl/)"
82.94.179.38 - - [05/Nov/2012:10:29:11 +0100] "GET /news.php?cs_go=archiv&cs_startpos=180 HTTP/1.1" 200 22873 "http://www.mink-gmbh.de/news.php?cs_go=archiv&cs_startpos=140" "Mozilla/4.0 (compatible; Vagabondo/4.0/EU; http://www.wise-guys.nl/)"
82.94.179.38 - - [05/Nov/2012:10:29:23 +0100] "GET /news.php?cs_go=archiv&cs_startpos=240 HTTP/1.1" 200 22821 "http://www.mink-gmbh.de/news.php?cs_go=archiv&cs_startpos=200" "Mozilla/4.0 (compatible; Vagabondo/4.0/EU; http://www.wise-guys.nl/)"
82.94.179.38 - - [05/Nov/2012:10:29:35 +0100] "GET /news.php?cs_go=archiv&cs_startpos=600 HTTP/1.1" 200 22802 "http://www.mink-gmbh.de/news.php?cs_go=archiv" "Mozilla/4.0 (compatible; Vagabondo/4.0/EU; http://www.wise-guys.nl/)"
82.94.179.38 - - [05/Nov/2012:10:29:45 +0100] "GET /news.php?cs_go=archiv&cs_startpos=120 HTTP/1.1" 200 22830 "http://www.mink-gmbh.de/news.php?cs_go=archiv&cs_startpos=80" "Mozilla/4.0 (compatible; Vagabondo/4.0/EU; http://www.wise-guys.nl/)"
213.186.127.13 - - [05/Nov/2012:10:29:55 +0100] "GET /kwk.php?cs_go=3 HTTP/1.1" 200 10285 "-" "Mozilla/5.0 (compatible; AhrefsBot/3.1; +http://ahrefs.com/robot/)"
82.94.179.38 - - [05/Nov/2012:10:29:58 +0100] "GET /news.php?cs_go=archiv&cs_startpos=140 HTTP/1.1" 200 22679 "http://www.mink-gmbh.de/news.php?cs_go=archiv&cs_startpos=100" "Mozilla/4.0 (compatible; Vagabondo/4.0/EU; http://www.wise-guys.nl/)"
82.94.179.38 - - [05/Nov/2012:10:30:12 +0100] "GET /news.php HTTP/1.1" 200 21986 "http://www.mink-gmbh.de/" "Mozilla/4.0 (compatible; Vagabondo/4.0/EU; http://www.wise-guys.nl/)"
82.94.179.38 - - [05/Nov/2012:10:30:24 +0100] "GET /news.php?cs_go=archiv&cs_startpos=160 HTTP/1.1" 200 23037 "http://www.mink-gmbh.de/news.php?cs_go=archiv&cs_startpos=150" "Mozilla/4.0 (compatible; Vagabondo/4.0/EU; http://www.wise-guys.nl/)"
82.94.179.38 - - [05/Nov/2012:10:30:33 +0100] "GET /news.php?cs_go=archiv&cs_startpos=90 HTTP/1.1" 200 22671 "http://www.mink-gmbh.de/news.php?cs_go=archiv&cs_startpos=40" "Mozilla/4.0 (compatible; Vagabondo/4.0/EU; http://www.wise-guys.nl/)"
82.94.179.38 - - [05/Nov/2012:10:30:41 +0100] "GET /news.php?cs_go=archiv&cs_startpos=110 HTTP/1.1" 200 22774 "http://www.mink-gmbh.de/news.php?cs_go=archiv&cs_startpos=80" "Mozilla/4.0 (compatible; Vagabondo/4.0/EU; http://www.wise-guys.nl/)"
82.94.179.38 - - [05/Nov/2012:10:30:48 +0100] "GET /news.php?cs_go=archiv&cs_startpos=550 HTTP/1.1" 200 22834 "http://www.mink-gmbh.de/news.php?cs_go=archiv&cs_startpos=581" "Mozilla/4.0 (compatible; Vagabondo/4.0/EU; http://www.wise-guys.nl/)"
82.94.179.38 - - [05/Nov/2012:10:30:56 +0100] "GET /news.php?cs_go=archiv&cs_startpos=60 HTTP/1.1" 200 22592 "http://www.mink-gmbh.de/news.php?cs_go=archiv&cs_startpos=50" "Mozilla/4.0 (compatible; Vagabondo/4.0/EU; http://www.wise-guys.nl/)"
82.94.179.38 - - [05/Nov/2012:10:31:04 +0100] "GET /news.php?cs_go=archiv&cs_startpos=130 HTTP/1.1" 200 22790 "http://www.mink-gmbh.de/news.php?cs_go=archiv&cs_startpos=80" "Mozilla/4.0 (compatible; Vagabondo/4.0/EU; http://www.wise-guys.nl/)"
82.94.179.38 - - [05/Nov/2012:10:31:13 +0100] "GET /news.php?cs_go=archiv&cs_startpos=30 HTTP/1.1" 200 22602 "http://www.mink-gmbh.de/news.php" "Mozilla/4.0 (compatible; Vagabondo/4.0/EU; http://www.wise-guys.nl/)"
82.94.179.38 - - [05/Nov/2012:10:31:22 +0100] "GET /news.php?cs_go=archiv&cs_startpos=150 HTTP/1.1" 200 23068 "http://www.mink-gmbh.de/news.php?cs_go=archiv&cs_startpos=100" "Mozilla/4.0 (compatible; Vagabondo/4.0/EU; http://www.wise-guys.nl/)"
82.94.179.38 - - [05/Nov/2012:10:31:31 +0100] "GET /news.php?cs_go=archiv&cs_startpos=650 HTTP/1.1" 200 22711 "http://www.mink-gmbh.de/news.php?cs_go=archiv&cs_startpos=610" "Mozilla/4.0 (compatible; Vagabondo/4.0/EU; http://www.wise-guys.nl/)"
66.249.74.49 - - [05/Nov/2012:10:31:36 +0100] "GET /news.php?cs_go=archiv&cs_id=324&cs_search= HTTP/1.1" 200 7887 "-" "Mozilla/5.0 (compatible; Googlebot/2.1; +http://www.google.com/bot.html)"
82.94.179.38 - - [05/Nov/2012:10:31:40 +0100] "GET /news.php?cs_go=archiv&cs_startpos=570 HTTP/1.1" 200 22846 "http://www.mink-gmbh.de/news.php?cs_go=archiv&cs_startpos=581" "Mozilla/4.0 (compatible; Vagabondo/4.0/EU; http://www.wise-guys.nl/)"
82.94.179.38 - - [05/Nov/2012:10:31:47 +0100] "GET /news.php?cs_go=archiv&cs_startpos=70 HTTP/1.1" 200 22715 "http://www.mink-gmbh.de/news.php?cs_go=archiv&cs_startpos=20" "Mozilla/4.0 (compatible; Vagabondo/4.0/EU; http://www.wise-guys.nl/)"
82.94.179.38 - - [05/Nov/2012:10:31:56 +0100] "GET /news.php?cs_go=archiv&cs_startpos=591 HTTP/1.1" 200 22936 "http://www.mink-gmbh.de/news.php?cs_go=archiv&cs_startpos=581" "Mozilla/4.0 (compatible; Vagabondo/4.0/EU; http://www.wise-guys.nl/)"
82.94.179.38 - - [05/Nov/2012:10:32:05 +0100] "GET /news.php?cs_go=archiv&cs_startpos=580 HTTP/1.1" 200 22999 "http://www.mink-gmbh.de/news.php?cs_go=archiv&cs_startpos=581" "Mozilla/4.0 (compatible; Vagabondo/4.0/EU; http://www.wise-guys.nl/)"
82.94.179.38 - - [05/Nov/2012:10:32:14 +0100] "GET /news.php?cs_go=archiv&cs_startpos=40 HTTP/1.1" 200 22835 "http://www.mink-gmbh.de/news.php" "Mozilla/4.0 (compatible; Vagabondo/4.0/EU; http://www.wise-guys.nl/)"
82.94.179.38 - - [05/Nov/2012:10:32:22 +0100] "GET /news.php?cs_go=archiv&cs_startpos=220 HTTP/1.1" 200 22888 "http://www.mink-gmbh.de/news.php?cs_go=archiv&cs_startpos=170" "Mozilla/4.0 (compatible; Vagabondo/4.0/EU; http://www.wise-guys.nl/)"
82.94.179.38 - - [05/Nov/2012:10:32:31 +0100] "GET /news.php?cs_go=archiv&cs_startpos=590 HTTP/1.1" 200 22948 "http://www.mink-gmbh.de/news.php" "Mozilla/4.0 (compatible; Vagabondo/4.0/EU; http://www.wise-guys.nl/)"
82.94.179.38 - - [05/Nov/2012:10:32:39 +0100] "GET /news.php?cs_go=archiv&cs_startpos=80 HTTP/1.1" 200 23004 "http://www.mink-gmbh.de/news.php?cs_go=archiv&cs_startpos=50" "Mozilla/4.0 (compatible; Vagabondo/4.0/EU; http://www.wise-guys.nl/)"
82.94.179.38 - - [05/Nov/2012:10:32:48 +0100] "GET /news.php?cs_go=archiv&cs_startpos=530 HTTP/1.1" 200 22791 "http://www.mink-gmbh.de/news.php?cs_go=archiv&cs_startpos=581" "Mozilla/4.0 (compatible; Vagabondo/4.0/EU; http://www.wise-guys.nl/)"
82.94.179.38 - - [05/Nov/2012:10:32:57 +0100] "GET /news.php?cs_go=archiv&cs_startpos=50 HTTP/1.1" 200 22915 "http://www.mink-gmbh.de/news.php?cs_go=archiv" "Mozilla/4.0 (compatible; Vagabondo/4.0/EU; http://www.wise-guys.nl/)"
82.94.179.38 - - [05/Nov/2012:10:33:04 +0100] "GET /news.php?cs_go=archiv&cs_startpos=20 HTTP/1.1" 200 22552 "http://www.mink-gmbh.de/news.php" "Mozilla/4.0 (compatible; Vagabondo/4.0/EU; http://www.wise-guys.nl/)"
82.94.179.38 - - [05/Nov/2012:10:33:12 +0100] "GET /news.php?cs_go=archiv&cs_startpos=10 HTTP/1.1" 200 22213 "http://www.mink-gmbh.de/news.php" "Mozilla/4.0 (compatible; Vagabondo/4.0/EU; http://www.wise-guys.nl/)"
82.94.179.38 - - [05/Nov/2012:10:33:20 +0100] "GET /news.php?cs_go=archiv&cs_startpos=500 HTTP/1.1" 200 22971 "http://www.mink-gmbh.de/news.php?cs_go=archiv&cs_startpos=540" "Mozilla/4.0 (compatible; Vagabondo/4.0/EU; http://www.wise-guys.nl/)"
82.94.179.38 - - [05/Nov/2012:10:33:28 +0100] "GET /news.php?cs_go=archiv&cs_startpos=480 HTTP/1.1" 200 22880 "http://www.mink-gmbh.de/news.php?cs_go=archiv&cs_startpos=530" "Mozilla/4.0 (compatible; Vagabondo/4.0/EU; http://www.wise-guys.nl/)"
82.94.179.38 - - [05/Nov/2012:10:33:37 +0100] "GET /news.php?cs_go=archiv&cs_startpos=520 HTTP/1.1" 200 23189 "http://www.mink-gmbh.de/news.php?cs_go=archiv&cs_startpos=560" "Mozilla/4.0 (compatible; Vagabondo/4.0/EU; http://www.wise-guys.nl/)"
82.94.179.38 - - [05/Nov/2012:10:33:45 +0100] "GET /news.php?cs_go=archiv&cs_startpos=490 HTTP/1.1" 200 22888 "http://www.mink-gmbh.de/news.php?cs_go=archiv&cs_startpos=540" "Mozilla/4.0 (compatible; Vagabondo/4.0/EU; http://www.wise-guys.nl/)"
82.94.179.38 - - [05/Nov/2012:10:33:53 +0100] "GET /news.php?cs_go=archiv&cs_startpos=430 HTTP/1.1" 200 22998 "http://www.mink-gmbh.de/news.php?cs_go=archiv&cs_startpos=380" "Mozilla/4.0 (compatible; Vagabondo/4.0/EU; http://www.wise-guys.nl/)"
82.94.179.38 - - [05/Nov/2012:10:34:02 +0100] "GET /news.php?cs_go=archiv&cs_startpos=510 HTTP/1.1" 200 22825 "http://www.mink-gmbh.de/news.php?cs_go=archiv&cs_startpos=550" "Mozilla/4.0 (compatible; Vagabondo/4.0/EU; http://www.wise-guys.nl/)"
82.94.179.38 - - [05/Nov/2012:10:34:10 +0100] "GET /news.php?cs_go=archiv&cs_startpos=420 HTTP/1.1" 200 22753 "http://www.mink-gmbh.de/news.php?cs_go=archiv&cs_startpos=380" "Mozilla/4.0 (compatible; Vagabondo/4.0/EU; http://www.wise-guys.nl/)"
82.94.179.38 - - [05/Nov/2012:10:34:18 +0100] "GET /news.php?cs_go=archiv&cs_startpos=460 HTTP/1.1" 200 22917 "http://www.mink-gmbh.de/news.php?cs_go=archiv&cs_startpos=490" "Mozilla/4.0 (compatible; Vagabondo/4.0/EU; http://www.wise-guys.nl/)"
82.94.179.38 - - [05/Nov/2012:10:34:26 +0100] "GET /news.php?cs_go=archiv&cs_startpos=440 HTTP/1.1" 200 23010 "http://www.mink-gmbh.de/news.php?cs_go=archiv&cs_startpos=400" "Mozilla/4.0 (compatible; Vagabondo/4.0/EU; http://www.wise-guys.nl/)"
82.94.179.38 - - [05/Nov/2012:10:34:34 +0100] "GET /news.php?cs_go=archiv&cs_startpos=410 HTTP/1.1" 200 22980 "http://www.mink-gmbh.de/news.php?cs_go=archiv&cs_startpos=390" "Mozilla/4.0 (compatible; Vagabondo/4.0/EU; http://www.wise-guys.nl/)"
82.94.179.38 - - [05/Nov/2012:10:34:42 +0100] "GET /news.php?cs_go=archiv&cs_startpos=450 HTTP/1.1" 200 22904 "http://www.mink-gmbh.de/news.php?cs_go=archiv&cs_startpos=400" "Mozilla/4.0 (compatible; Vagabondo/4.0/EU; http://www.wise-guys.nl/)"
66.249.74.49 - - [05/Nov/2012:10:34:44 +0100] "GET /news.php?cs_go=archiv&cs_id=2679&cs_search= HTTP/1.1" 200 7887 "-" "Mozilla/5.0 (compatible; Googlebot/2.1; +http://www.google.com/bot.html)"
82.94.179.38 - - [05/Nov/2012:10:34:49 +0100] "GET /news.php?cs_go=archiv&cs_startpos=470 HTTP/1.1" 200 22671 "http://www.mink-gmbh.de/news.php?cs_go=archiv&cs_startpos=480" "Mozilla/4.0 (compatible; Vagabondo/4.0/EU; http://www.wise-guys.nl/)"
66.249.74.49 - - [05/Nov/2012:10:59:16 +0100] "GET /news.php?cs_go=archiv&cs_id=8&cs_search= HTTP/1.1" 200 7887 "-" "Mozilla/5.0 (compatible; Googlebot/2.1; +http://www.google.com/bot.html)"
93.219.158.71 - - [05/Nov/2012:11:30:25 +0100] "GET /modul.css HTTP/1.1" 200 35038 "http://www.mink-gmbh.de/" "Mozilla/5.0 (Macintosh; Intel Mac OS X 10.6; rv:14.0) Gecko/20100101 Firefox/14.0.1"
93.219.158.71 - - [05/Nov/2012:11:30:25 +0100] "GET /style.css HTTP/1.1" 200 8418 "http://www.mink-gmbh.de/" "Mozilla/5.0 (Macintosh; Intel Mac OS X 10.6; rv:14.0) Gecko/20100101 Firefox/14.0.1"
93.219.158.71 - - [05/Nov/2012:11:30:25 +0100] "GET /favicon.ico HTTP/1.1" 200 3638 "-" "Mozilla/5.0 (Macintosh; Intel Mac OS X 10.6; rv:14.0) Gecko/20100101 Firefox/14.0.1"
93.219.158.71 - - [05/Nov/2012:11:30:26 +0100] "GET /js_contentserver24_greybox/gb_styles.css HTTP/1.1" 200 2302 "http://www.mink-gmbh.de/" "Mozilla/5.0 (Macintosh; Intel Mac OS X 10.6; rv:14.0) Gecko/20100101 Firefox/14.0.1"
93.219.158.71 - - [05/Nov/2012:11:30:26 +0100] "GET /js_contentserver24_greybox/AJS.js HTTP/1.1" 200 10396 "http://www.mink-gmbh.de/" "Mozilla/5.0 (Macintosh; Intel Mac OS X 10.6; rv:14.0) Gecko/20100101 Firefox/14.0.1"
93.219.158.71 - - [05/Nov/2012:11:30:26 +0100] "GET /js_contentserver24_greybox/AJS_fx.js HTTP/1.1" 200 3192 "http://www.mink-gmbh.de/" "Mozilla/5.0 (Macintosh; Intel Mac OS X 10.6; rv:14.0) Gecko/20100101 Firefox/14.0.1"
93.219.158.71 - - [05/Nov/2012:11:30:26 +0100] "GET /js_contentserver24_greybox/gb_scripts.js HTTP/1.1" 200 11913 "http://www.mink-gmbh.de/" "Mozilla/5.0 (Macintosh; Intel Mac OS X 10.6; rv:14.0) Gecko/20100101 Firefox/14.0.1"
93.219.158.71 - - [05/Nov/2012:11:30:26 +0100] "GET /images/bg.jpg HTTP/1.1" 200 345 "http://www.mink-gmbh.de/style.css" "Mozilla/5.0 (Macintosh; Intel Mac OS X 10.6; rv:14.0) Gecko/20100101 Firefox/14.0.1"
93.219.158.71 - - [05/Nov/2012:11:30:26 +0100] "GET /js_contentserver24_greybox/w_close.gif HTTP/1.1" 200 74 "http://www.mink-gmbh.de/" "Mozilla/5.0 (Macintosh; Intel Mac OS X 10.6; rv:14.0) Gecko/20100101 Firefox/14.0.1"
93.219.158.71 - - [05/Nov/2012:11:30:26 +0100] "GET /images/close.png HTTP/1.1" 200 703 "http://www.mink-gmbh.de/" "Mozilla/5.0 (Macintosh; Intel Mac OS X 10.6; rv:14.0) Gecko/20100101 Firefox/14.0.1"
93.219.158.71 - - [05/Nov/2012:11:30:26 +0100] "GET /images/newsletter_bg.jpg HTTP/1.1" 200 33610 "http://www.mink-gmbh.de/" "Mozilla/5.0 (Macintosh; Intel Mac OS X 10.6; rv:14.0) Gecko/20100101 Firefox/14.0.1"
93.219.158.71 - - [05/Nov/2012:11:30:26 +0100] "GET /images/newsletter.png HTTP/1.1" 200 14619 "http://www.mink-gmbh.de/style.css" "Mozilla/5.0 (Macintosh; Intel Mac OS X 10.6; rv:14.0) Gecko/20100101 Firefox/14.0.1"
93.219.158.71 - - [05/Nov/2012:11:30:26 +0100] "GET /images/wrapperbg.jpg HTTP/1.1" 200 27465 "http://www.mink-gmbh.de/style.css" "Mozilla/5.0 (Macintosh; Intel Mac OS X 10.6; rv:14.0) Gecko/20100101 Firefox/14.0.1"
93.219.158.71 - - [05/Nov/2012:11:30:26 +0100] "GET /images/header.jpg HTTP/1.1" 200 24413 "http://www.mink-gmbh.de/style.css" "Mozilla/5.0 (Macintosh; Intel Mac OS X 10.6; rv:14.0) Gecko/20100101 Firefox/14.0.1"
93.219.158.71 - - [05/Nov/2012:11:30:26 +0100] "GET /images/navibg.png HTTP/1.1" 200 2803 "http://www.mink-gmbh.de/style.css" "Mozilla/5.0 (Macintosh; Intel Mac OS X 10.6; rv:14.0) Gecko/20100101 Firefox/14.0.1"
93.219.158.71 - - [05/Nov/2012:11:30:27 +0100] "GET /images/gleichbleibend.png HTTP/1.1" 200 534 "http://www.mink-gmbh.de/modul.css" "Mozilla/5.0 (Macintosh; Intel Mac OS X 10.6; rv:14.0) Gecko/20100101 Firefox/14.0.1"
93.219.158.71 - - [05/Nov/2012:11:30:27 +0100] "GET /images/steigend.png HTTP/1.1" 200 688 "http://www.mink-gmbh.de/modul.css" "Mozilla/5.0 (Macintosh; Intel Mac OS X 10.6; rv:14.0) Gecko/20100101 Firefox/14.0.1"
93.219.158.71 - - [05/Nov/2012:11:30:27 +0100] "GET /images/fallend.png HTTP/1.1" 200 713 "http://www.mink-gmbh.de/modul.css" "Mozilla/5.0 (Macintosh; Intel Mac OS X 10.6; rv:14.0) Gecko/20100101 Firefox/14.0.1"
93.219.158.71 - - [05/Nov/2012:11:30:27 +0100] "GET /js_contentserver24_greybox/loader_frame.html?s=0 HTTP/1.1" 200 2084 "http://www.mink-gmbh.de/" "Mozilla/5.0 (Macintosh; Intel Mac OS X 10.6; rv:14.0) Gecko/20100101 Firefox/14.0.1"
93.219.158.71 - - [05/Nov/2012:11:30:25 +0100] "GET / HTTP/1.1" 200 15295 "-" "Mozilla/5.0 (Macintosh; Intel Mac OS X 10.6; rv:14.0) Gecko/20100101 Firefox/14.0.1"
