82.94.179.38 - - [04/Nov/2012:17:09:01 +0100] "GET /news.php?cs_go=archiv&cs_id=3571 HTTP/1.1" 200 9877 "http://www.mink-gmbh.de/news.php?cs_go=archiv" "Mozilla/4.0 (compatible; Vagabondo/4.0/EU; http://www.wise-guys.nl/)"
66.249.74.49 - - [04/Nov/2012:17:09:03 +0100] "GET /news.php?cs_go=archiv&cs_id=1444&cs_search= HTTP/1.1" 200 7887 "-" "Mozilla/5.0 (compatible; Googlebot/2.1; +http://www.google.com/bot.html)"
82.94.179.38 - - [04/Nov/2012:17:09:06 +0100] "GET /news.php?cs_go=archiv&cs_id=3515 HTTP/1.1" 200 13749 "http://www.mink-gmbh.de/news.php?cs_go=archiv&cs_startpos=20" "Mozilla/4.0 (compatible; Vagabondo/4.0/EU; http://www.wise-guys.nl/)"
82.94.179.38 - - [04/Nov/2012:17:09:11 +0100] "GET /news.php?cs_go=archiv&cs_id=3516 HTTP/1.1" 200 12364 "http://www.mink-gmbh.de/news.php?cs_go=archiv&cs_startpos=10" "Mozilla/4.0 (compatible; Vagabondo/4.0/EU; http://www.wise-guys.nl/)"
82.94.179.38 - - [04/Nov/2012:17:09:15 +0100] "GET /news.php?cs_go=archiv&cs_id=2867 HTTP/1.1" 200 13440 "http://www.mink-gmbh.de/news.php?cs_go=archiv&cs_startpos=510" "Mozilla/4.0 (compatible; Vagabondo/4.0/EU; http://www.wise-guys.nl/)"
84.19.190.126 - - [04/Nov/2012:17:09:17 +0100] "GET /news.php?cs_go=archiv&cs_id=3200&cs_search= HTTP/1.1" 200 13401 "-" "Mozilla/5.0 (compatible; UnisterBot; crawler@unister.de)"
82.94.179.38 - - [04/Nov/2012:17:09:20 +0100] "GET /news.php?cs_go=archiv&cs_id=2866 HTTP/1.1" 200 10110 "http://www.mink-gmbh.de/news.php?cs_go=archiv&cs_startpos=510" "Mozilla/4.0 (compatible; Vagabondo/4.0/EU; http://www.wise-guys.nl/)"
82.94.179.38 - - [04/Nov/2012:17:09:25 +0100] "GET /news.php?cs_go=archiv&cs_id=2897 HTTP/1.1" 200 10653 "http://www.mink-gmbh.de/news.php?cs_go=archiv&cs_startpos=470" "Mozilla/4.0 (compatible; Vagabondo/4.0/EU; http://www.wise-guys.nl/)"
82.94.179.38 - - [04/Nov/2012:17:09:29 +0100] "GET /news.php?cs_go=archiv&cs_id=2888 HTTP/1.1" 200 10987 "http://www.mink-gmbh.de/news.php?cs_go=archiv&cs_startpos=490" "Mozilla/4.0 (compatible; Vagabondo/4.0/EU; http://www.wise-guys.nl/)"
82.94.179.38 - - [04/Nov/2012:17:09:33 +0100] "GET /news.php?cs_go=archiv&cs_id=2835 HTTP/1.1" 200 10108 "http://www.mink-gmbh.de/news.php?cs_go=archiv&cs_startpos=550" "Mozilla/4.0 (compatible; Vagabondo/4.0/EU; http://www.wise-guys.nl/)"
82.94.179.38 - - [04/Nov/2012:17:09:37 +0100] "GET /news.php?cs_go=archiv&cs_id=2909 HTTP/1.1" 200 14313 "http://www.mink-gmbh.de/news.php?cs_go=archiv&cs_startpos=470" "Mozilla/4.0 (compatible; Vagabondo/4.0/EU; http://www.wise-guys.nl/)"
82.94.179.38 - - [04/Nov/2012:17:09:42 +0100] "GET /news.php?cs_go=archiv&cs_id=3543 HTTP/1.1" 200 11415 "http://www.mink-gmbh.de/news.php" "Mozilla/4.0 (compatible; Vagabondo/4.0/EU; http://www.wise-guys.nl/)"
66.249.74.49 - - [04/Nov/2012:17:09:45 +0100] "GET /news.php?cs_go=archiv&cs_id=251&cs_search= HTTP/1.1" 200 7887 "-" "Mozilla/5.0 (compatible; Googlebot/2.1; +http://www.google.com/bot.html)"
82.94.179.38 - - [04/Nov/2012:17:09:47 +0100] "GET /news.php?cs_go=archiv&cs_id=2896 HTTP/1.1" 200 9909 "http://www.mink-gmbh.de/news.php?cs_go=archiv&cs_startpos=470" "Mozilla/4.0 (compatible; Vagabondo/4.0/EU; http://www.wise-guys.nl/)"
87.118.116.25 - - [04/Nov/2012:17:10:17 +0100] "GET /news.php?cs_go=archiv&cs_id=3268&cs_search= HTTP/1.1" 200 13491 "-" "Mozilla/5.0 (compatible; UnisterBot; crawler@unister.de)"
66.249.74.49 - - [04/Nov/2012:17:10:28 +0100] "GET /news.php?cs_go=archiv&cs_id=51&cs_search= HTTP/1.1" 200 7887 "-" "Mozilla/5.0 (compatible; Googlebot/2.1; +http://www.google.com/bot.html)"
66.249.74.49 - - [04/Nov/2012:17:11:10 +0100] "GET /news.php?cs_go=archiv&cs_id=555&cs_search= HTTP/1.1" 200 7887 "-" "Mozilla/5.0 (compatible; Googlebot/2.1; +http://www.google.com/bot.html)"
87.118.116.25 - - [04/Nov/2012:17:11:19 +0100] "GET /news.php?cs_go=archiv&cs_id=3278&cs_search= HTTP/1.1" 200 9955 "-" "Mozilla/5.0 (compatible; UnisterBot; crawler@unister.de)"
66.249.74.49 - - [04/Nov/2012:17:11:53 +0100] "GET /news.php?cs_go=archiv&cs_id=361&cs_search= HTTP/1.1" 200 7887 "-" "Mozilla/5.0 (compatible; Googlebot/2.1; +http://www.google.com/bot.html)"
66.249.74.49 - - [04/Nov/2012:17:12:35 +0100] "GET /news.php?cs_go=archiv&cs_id=594&cs_search= HTTP/1.1" 200 7887 "-" "Mozilla/5.0 (compatible; Googlebot/2.1; +http://www.google.com/bot.html)"
66.249.74.49 - - [04/Nov/2012:17:13:18 +0100] "GET /news.php?cs_go=archiv&cs_id=131&cs_search= HTTP/1.1" 200 7887 "-" "Mozilla/5.0 (compatible; Googlebot/2.1; +http://www.google.com/bot.html)"
66.249.74.49 - - [04/Nov/2012:17:14:00 +0100] "GET /news.php?cs_go=archiv&cs_id=1124&cs_search= HTTP/1.1" 200 7887 "-" "Mozilla/5.0 (compatible; Googlebot/2.1; +http://www.google.com/bot.html)"
66.249.74.49 - - [04/Nov/2012:17:14:43 +0100] "GET /news.php?cs_go=archiv&cs_id=1480&cs_search= HTTP/1.1" 200 7887 "-" "Mozilla/5.0 (compatible; Googlebot/2.1; +http://www.google.com/bot.html)"
66.249.74.49 - - [04/Nov/2012:17:15:25 +0100] "GET /news.php?cs_go=archiv&cs_id=1362&cs_search= HTTP/1.1" 200 7887 "-" "Mozilla/5.0 (compatible; Googlebot/2.1; +http://www.google.com/bot.html)"
66.249.74.49 - - [04/Nov/2012:17:16:08 +0100] "GET /news.php?cs_go=archiv&cs_id=92&cs_search= HTTP/1.1" 200 7887 "-" "Mozilla/5.0 (compatible; Googlebot/2.1; +http://www.google.com/bot.html)"
66.249.74.49 - - [04/Nov/2012:17:16:50 +0100] "GET /news.php?cs_go=archiv&cs_id=1524&cs_search= HTTP/1.1" 200 7887 "-" "Mozilla/5.0 (compatible; Googlebot/2.1; +http://www.google.com/bot.html)"
66.249.74.49 - - [04/Nov/2012:17:17:33 +0100] "GET /news.php?cs_go=archiv&cs_id=297&cs_search= HTTP/1.1" 200 7887 "-" "Mozilla/5.0 (compatible; Googlebot/2.1; +http://www.google.com/bot.html)"
66.249.74.49 - - [04/Nov/2012:17:18:15 +0100] "GET /news.php?cs_go=archiv&cs_id=883&cs_search= HTTP/1.1" 200 7887 "-" "Mozilla/5.0 (compatible; Googlebot/2.1; +http://www.google.com/bot.html)"
66.249.74.49 - - [04/Nov/2012:17:18:58 +0100] "GET /news.php?cs_go=archiv&cs_id=1398&cs_search= HTTP/1.1" 200 7887 "-" "Mozilla/5.0 (compatible; Googlebot/2.1; +http://www.google.com/bot.html)"
66.249.74.49 - - [04/Nov/2012:17:19:40 +0100] "GET /news.php?cs_go=archiv&cs_id=391&cs_search= HTTP/1.1" 200 7887 "-" "Mozilla/5.0 (compatible; Googlebot/2.1; +http://www.google.com/bot.html)"
66.249.74.49 - - [04/Nov/2012:17:20:23 +0100] "GET /news.php?cs_go=archiv&cs_id=1040&cs_search= HTTP/1.1" 200 7887 "-" "Mozilla/5.0 (compatible; Googlebot/2.1; +http://www.google.com/bot.html)"
66.249.74.49 - - [04/Nov/2012:17:21:05 +0100] "GET /news.php?cs_go=archiv&cs_id=41&cs_search= HTTP/1.1" 200 7887 "-" "Mozilla/5.0 (compatible; Googlebot/2.1; +http://www.google.com/bot.html)"
66.249.74.49 - - [04/Nov/2012:17:21:48 +0100] "GET /news.php?cs_go=archiv&cs_id=953&cs_search= HTTP/1.1" 200 7887 "-" "Mozilla/5.0 (compatible; Googlebot/2.1; +http://www.google.com/bot.html)"
66.249.74.49 - - [04/Nov/2012:17:22:30 +0100] "GET /news.php?cs_go=archiv&cs_id=1469&cs_search= HTTP/1.1" 200 7887 "-" "Mozilla/5.0 (compatible; Googlebot/2.1; +http://www.google.com/bot.html)"
66.249.74.49 - - [04/Nov/2012:17:23:13 +0100] "GET /news.php?cs_go=archiv&cs_id=291&cs_search= HTTP/1.1" 200 7887 "-" "Mozilla/5.0 (compatible; Googlebot/2.1; +http://www.google.com/bot.html)"
66.249.74.49 - - [04/Nov/2012:17:23:55 +0100] "GET /news.php?cs_go=archiv&cs_id=2544 HTTP/1.1" 200 7887 "-" "Mozilla/5.0 (compatible; Googlebot/2.1; +http://www.google.com/bot.html)"
82.94.179.38 - - [04/Nov/2012:17:24:19 +0100] "GET /news.php?cs_go=archiv&cs_startpos=611 HTTP/1.1" 200 22751 "http://www.mink-gmbh.de/news.php?cs_go=archiv&cs_startpos=601" "Mozilla/4.0 (compatible; Vagabondo/4.0/EU; http://www.wise-guys.nl/)"
82.94.179.38 - - [04/Nov/2012:17:24:24 +0100] "GET /news.php?cs_go=archiv&cs_startpos=561 HTTP/1.1" 200 22714 "http://www.mink-gmbh.de/news.php?cs_go=archiv&cs_startpos=571" "Mozilla/4.0 (compatible; Vagabondo/4.0/EU; http://www.wise-guys.nl/)"
82.94.179.38 - - [04/Nov/2012:17:24:28 +0100] "GET /news.php?cs_go=archiv&cs_startpos=490 HTTP/1.1" 200 22901 "http://www.mink-gmbh.de/news.php?cs_go=archiv&cs_startpos=540" "Mozilla/4.0 (compatible; Vagabondo/4.0/EU; http://www.wise-guys.nl/)"
82.94.179.38 - - [04/Nov/2012:17:24:33 +0100] "GET /news.php?cs_go=archiv&cs_startpos=460 HTTP/1.1" 200 22830 "http://www.mink-gmbh.de/news.php?cs_go=archiv&cs_startpos=490" "Mozilla/4.0 (compatible; Vagabondo/4.0/EU; http://www.wise-guys.nl/)"
82.94.179.38 - - [04/Nov/2012:17:24:37 +0100] "GET /news.php?cs_go=archiv&cs_startpos=430 HTTP/1.1" 200 22908 "http://www.mink-gmbh.de/news.php?cs_go=archiv&cs_startpos=380" "Mozilla/4.0 (compatible; Vagabondo/4.0/EU; http://www.wise-guys.nl/)"
66.249.74.49 - - [04/Nov/2012:17:24:38 +0100] "GET /news.php?cs_go=archiv&cs_id=59&cs_search= HTTP/1.1" 200 7887 "-" "Mozilla/5.0 (compatible; Googlebot/2.1; +http://www.google.com/bot.html)"
82.94.179.38 - - [04/Nov/2012:17:24:42 +0100] "GET /news.php?cs_go=archiv&cs_startpos=470 HTTP/1.1" 200 22768 "http://www.mink-gmbh.de/news.php?cs_go=archiv&cs_startpos=480" "Mozilla/4.0 (compatible; Vagabondo/4.0/EU; http://www.wise-guys.nl/)"
82.94.179.38 - - [04/Nov/2012:17:24:48 +0100] "GET /news.php?cs_go=archiv&cs_startpos=450 HTTP/1.1" 200 22921 "http://www.mink-gmbh.de/news.php?cs_go=archiv&cs_startpos=400" "Mozilla/4.0 (compatible; Vagabondo/4.0/EU; http://www.wise-guys.nl/)"
82.94.179.38 - - [04/Nov/2012:17:24:54 +0100] "GET /news.php?cs_go=archiv&cs_startpos=480 HTTP/1.1" 200 22870 "http://www.mink-gmbh.de/news.php?cs_go=archiv&cs_startpos=530" "Mozilla/4.0 (compatible; Vagabondo/4.0/EU; http://www.wise-guys.nl/)"
82.94.179.38 - - [04/Nov/2012:17:24:59 +0100] "GET /news.php?cs_go=archiv&cs_startpos=420 HTTP/1.1" 200 22874 "http://www.mink-gmbh.de/news.php?cs_go=archiv&cs_startpos=380" "Mozilla/4.0 (compatible; Vagabondo/4.0/EU; http://www.wise-guys.nl/)"
82.94.179.38 - - [04/Nov/2012:17:25:04 +0100] "GET /news.php?cs_go=archiv&cs_startpos=510 HTTP/1.1" 200 22979 "http://www.mink-gmbh.de/news.php?cs_go=archiv&cs_startpos=550" "Mozilla/4.0 (compatible; Vagabondo/4.0/EU; http://www.wise-guys.nl/)"
82.94.179.38 - - [04/Nov/2012:17:25:10 +0100] "GET /news.php?cs_go=archiv&cs_startpos=630 HTTP/1.1" 200 22731 "http://www.mink-gmbh.de/news.php" "Mozilla/4.0 (compatible; Vagabondo/4.0/EU; http://www.wise-guys.nl/)"
82.94.179.38 - - [04/Nov/2012:17:25:16 +0100] "GET /news.php?cs_go=archiv&cs_startpos=410 HTTP/1.1" 200 22893 "http://www.mink-gmbh.de/news.php?cs_go=archiv&cs_startpos=390" "Mozilla/4.0 (compatible; Vagabondo/4.0/EU; http://www.wise-guys.nl/)"
66.249.74.49 - - [04/Nov/2012:17:25:20 +0100] "GET /news.php?cs_go=archiv&cs_id=1452&cs_search= HTTP/1.1" 200 7887 "-" "Mozilla/5.0 (compatible; Googlebot/2.1; +http://www.google.com/bot.html)"
82.94.179.38 - - [04/Nov/2012:17:25:23 +0100] "GET /news.php?cs_go=archiv&cs_startpos=440 HTTP/1.1" 200 23001 "http://www.mink-gmbh.de/news.php?cs_go=archiv&cs_startpos=400" "Mozilla/4.0 (compatible; Vagabondo/4.0/EU; http://www.wise-guys.nl/)"
82.94.179.38 - - [04/Nov/2012:17:25:29 +0100] "GET /news.php?cs_go=archiv&cs_startpos=520 HTTP/1.1" 200 22992 "http://www.mink-gmbh.de/news.php?cs_go=archiv&cs_startpos=560" "Mozilla/4.0 (compatible; Vagabondo/4.0/EU; http://www.wise-guys.nl/)"
82.94.179.38 - - [04/Nov/2012:17:25:35 +0100] "GET /news.php?cs_go=archiv&cs_startpos=660 HTTP/1.1" 200 22633 "http://www.mink-gmbh.de/news.php?cs_go=archiv&cs_startpos=650" "Mozilla/4.0 (compatible; Vagabondo/4.0/EU; http://www.wise-guys.nl/)"
82.94.179.38 - - [04/Nov/2012:17:25:41 +0100] "GET /news.php?cs_go=archiv&cs_startpos=500 HTTP/1.1" 200 22951 "http://www.mink-gmbh.de/news.php?cs_go=archiv&cs_startpos=540" "Mozilla/4.0 (compatible; Vagabondo/4.0/EU; http://www.wise-guys.nl/)"
82.94.179.38 - - [04/Nov/2012:17:25:48 +0100] "GET /news.php?cs_go=archiv&cs_startpos=640 HTTP/1.1" 200 22647 "http://www.mink-gmbh.de/news.php?cs_go=archiv&cs_startpos=601" "Mozilla/4.0 (compatible; Vagabondo/4.0/EU; http://www.wise-guys.nl/)"
82.94.179.38 - - [04/Nov/2012:17:25:55 +0100] "GET /news.php?cs_go=archiv&cs_startpos=601 HTTP/1.1" 200 22865 "http://www.mink-gmbh.de/news.php?cs_go=archiv&cs_startpos=591" "Mozilla/4.0 (compatible; Vagabondo/4.0/EU; http://www.wise-guys.nl/)"
66.249.74.49 - - [04/Nov/2012:17:26:03 +0100] "GET /news.php?cs_go=archiv&cs_id=289&cs_search= HTTP/1.1" 200 7887 "-" "Mozilla/5.0 (compatible; Googlebot/2.1; +http://www.google.com/bot.html)"
82.94.179.38 - - [04/Nov/2012:17:26:03 +0100] "GET /news.php?cs_go=archiv&cs_startpos=551 HTTP/1.1" 200 22749 "http://www.mink-gmbh.de/news.php?cs_go=archiv&cs_startpos=561" "Mozilla/4.0 (compatible; Vagabondo/4.0/EU; http://www.wise-guys.nl/)"
82.94.179.38 - - [04/Nov/2012:17:26:10 +0100] "GET /news.php?cs_go=archiv&cs_id=3445 HTTP/1.1" 200 13586 "http://www.mink-gmbh.de/index.php" "Mozilla/4.0 (compatible; Vagabondo/4.0/EU; http://www.wise-guys.nl/)"
82.94.179.38 - - [04/Nov/2012:17:26:17 +0100] "GET /news.php?cs_go=archiv&cs_id=3407 HTTP/1.1" 200 9975 "http://www.mink-gmbh.de/" "Mozilla/4.0 (compatible; Vagabondo/4.0/EU; http://www.wise-guys.nl/)"
82.94.179.38 - - [04/Nov/2012:17:26:25 +0100] "GET /news.php?cs_go=archiv&cs_id=2953 HTTP/1.1" 200 9948 "http://www.mink-gmbh.de/news.php?cs_go=archiv&cs_startpos=320" "Mozilla/4.0 (compatible; Vagabondo/4.0/EU; http://www.wise-guys.nl/)"
82.94.179.38 - - [04/Nov/2012:17:26:33 +0100] "GET /news.php?cs_go=archiv&cs_id=3558 HTTP/1.1" 200 11730 "http://www.mink-gmbh.de/news.php" "Mozilla/4.0 (compatible; Vagabondo/4.0/EU; http://www.wise-guys.nl/)"
82.94.179.38 - - [04/Nov/2012:17:26:42 +0100] "GET /news.php?cs_go=archiv&cs_startpos=670 HTTP/1.1" 200 22743 "http://www.mink-gmbh.de/news.php" "Mozilla/4.0 (compatible; Vagabondo/4.0/EU; http://www.wise-guys.nl/)"
66.249.74.49 - - [04/Nov/2012:17:26:47 +0100] "GET /news.php?cs_go=archiv&cs_id=140&cs_search= HTTP/1.1" 200 7887 "-" "Mozilla/5.0 (compatible; Googlebot/2.1; +http://www.google.com/bot.html)"
82.94.179.38 - - [04/Nov/2012:17:26:49 +0100] "GET /news.php?cs_go=archiv&cs_id=3579 HTTP/1.1" 200 10208 "http://www.mink-gmbh.de/index.php" "Mozilla/4.0 (compatible; Vagabondo/4.0/EU; http://www.wise-guys.nl/)"
82.94.179.38 - - [04/Nov/2012:17:26:57 +0100] "GET /news.php?cs_go=archiv&cs_id=3581 HTTP/1.1" 200 11821 "http://www.mink-gmbh.de/index.php" "Mozilla/4.0 (compatible; Vagabondo/4.0/EU; http://www.wise-guys.nl/)"
82.94.179.38 - - [04/Nov/2012:17:27:04 +0100] "GET /news.php?cs_go=archiv&cs_id=3587 HTTP/1.1" 200 9779 "http://www.mink-gmbh.de/news.php?cs_go=archiv" "Mozilla/4.0 (compatible; Vagabondo/4.0/EU; http://www.wise-guys.nl/)"
82.94.179.38 - - [04/Nov/2012:17:27:12 +0100] "GET /news.php?cs_go=archiv&cs_id=3590 HTTP/1.1" 200 9799 "http://www.mink-gmbh.de/" "Mozilla/4.0 (compatible; Vagabondo/4.0/EU; http://www.wise-guys.nl/)"
82.94.179.38 - - [04/Nov/2012:17:27:19 +0100] "GET /news.php?cs_go=archiv&cs_id=3604 HTTP/1.1" 200 9768 "http://www.mink-gmbh.de/news.php?cs_go=archiv" "Mozilla/4.0 (compatible; Vagabondo/4.0/EU; http://www.wise-guys.nl/)"
82.94.179.38 - - [04/Nov/2012:17:27:27 +0100] "GET /news.php?cs_go=archiv&cs_id=3593 HTTP/1.1" 200 10732 "http://www.mink-gmbh.de/" "Mozilla/4.0 (compatible; Vagabondo/4.0/EU; http://www.wise-guys.nl/)"
66.249.74.49 - - [04/Nov/2012:17:27:28 +0100] "GET /news.php?cs_go=archiv&cs_id=181&cs_search= HTTP/1.1" 200 7887 "-" "Mozilla/5.0 (compatible; Googlebot/2.1; +http://www.google.com/bot.html)"
82.94.179.38 - - [04/Nov/2012:17:27:34 +0100] "GET /news.php?cs_go=archiv&cs_id=3595 HTTP/1.1" 200 9794 "http://www.mink-gmbh.de/index.php" "Mozilla/4.0 (compatible; Vagabondo/4.0/EU; http://www.wise-guys.nl/)"
82.94.179.38 - - [04/Nov/2012:17:27:40 +0100] "GET /news.php?cs_go=archiv&cs_startpos=680 HTTP/1.1" 200 22297 "http://www.mink-gmbh.de/news.php?cs_go=archiv" "Mozilla/4.0 (compatible; Vagabondo/4.0/EU; http://www.wise-guys.nl/)"
82.94.179.38 - - [04/Nov/2012:17:27:47 +0100] "GET /news.php?cs_go=archiv&cs_id=3573 HTTP/1.1" 200 10255 "http://www.mink-gmbh.de/news.php" "Mozilla/4.0 (compatible; Vagabondo/4.0/EU; http://www.wise-guys.nl/)"
82.94.179.38 - - [04/Nov/2012:17:27:54 +0100] "GET /news.php?cs_go=archiv&cs_id=3607 HTTP/1.1" 200 13322 "http://www.mink-gmbh.de/index.php" "Mozilla/4.0 (compatible; Vagabondo/4.0/EU; http://www.wise-guys.nl/)"
82.94.179.38 - - [04/Nov/2012:17:28:00 +0100] "GET /news.php?cs_go=archiv&cs_id=3603 HTTP/1.1" 200 13344 "http://www.mink-gmbh.de/" "Mozilla/4.0 (compatible; Vagabondo/4.0/EU; http://www.wise-guys.nl/)"
82.94.179.38 - - [04/Nov/2012:17:28:05 +0100] "GET /news.php?cs_go=archiv&cs_id=3589 HTTP/1.1" 200 13538 "http://www.mink-gmbh.de/news.php?cs_go=archiv" "Mozilla/4.0 (compatible; Vagabondo/4.0/EU; http://www.wise-guys.nl/)"
66.249.74.49 - - [04/Nov/2012:17:28:10 +0100] "GET /news.php?cs_go=archiv&cs_id=1422&cs_search= HTTP/1.1" 200 7887 "-" "Mozilla/5.0 (compatible; Googlebot/2.1; +http://www.google.com/bot.html)"
82.94.179.38 - - [04/Nov/2012:17:28:11 +0100] "GET /news.php?cs_go=archiv&cs_id=3610 HTTP/1.1" 200 13435 "http://www.mink-gmbh.de/" "Mozilla/4.0 (compatible; Vagabondo/4.0/EU; http://www.wise-guys.nl/)"
82.94.179.38 - - [04/Nov/2012:17:28:16 +0100] "GET /news.php?cs_go=archiv&cs_id=3594 HTTP/1.1" 200 13584 "http://www.mink-gmbh.de/" "Mozilla/4.0 (compatible; Vagabondo/4.0/EU; http://www.wise-guys.nl/)"
82.94.179.38 - - [04/Nov/2012:17:28:21 +0100] "GET /news.php?cs_go=archiv&cs_id=3611 HTTP/1.1" 200 9737 "http://www.mink-gmbh.de/index.php" "Mozilla/4.0 (compatible; Vagabondo/4.0/EU; http://www.wise-guys.nl/)"
82.94.179.38 - - [04/Nov/2012:17:28:26 +0100] "GET /news.php?cs_go=archiv&cs_id=3613 HTTP/1.1" 200 10255 "http://www.mink-gmbh.de/index.php" "Mozilla/4.0 (compatible; Vagabondo/4.0/EU; http://www.wise-guys.nl/)"
82.94.179.38 - - [04/Nov/2012:17:28:31 +0100] "GET /news.php?cs_go=archiv&cs_id=3582 HTTP/1.1" 200 9775 "http://www.mink-gmbh.de/news.php?cs_go=archiv&cs_startpos=10" "Mozilla/4.0 (compatible; Vagabondo/4.0/EU; http://www.wise-guys.nl/)"
82.94.179.38 - - [04/Nov/2012:17:28:36 +0100] "GET /news.php?cs_go=archiv&cs_id=3615 HTTP/1.1" 200 13308 "http://www.mink-gmbh.de/" "Mozilla/4.0 (compatible; Vagabondo/4.0/EU; http://www.wise-guys.nl/)"
82.94.179.38 - - [04/Nov/2012:17:28:40 +0100] "GET /news.php?cs_go=archiv&cs_id=3608 HTTP/1.1" 200 9772 "http://www.mink-gmbh.de/index.php" "Mozilla/4.0 (compatible; Vagabondo/4.0/EU; http://www.wise-guys.nl/)"
82.94.179.38 - - [04/Nov/2012:17:28:44 +0100] "GET /news.php?cs_go=archiv&cs_id=3586 HTTP/1.1" 200 16243 "http://www.mink-gmbh.de/news.php" "Mozilla/4.0 (compatible; Vagabondo/4.0/EU; http://www.wise-guys.nl/)"
82.94.179.38 - - [04/Nov/2012:17:28:48 +0100] "GET /news.php?cs_go=archiv&cs_id=3560 HTTP/1.1" 200 12322 "http://www.mink-gmbh.de/index.php" "Mozilla/4.0 (compatible; Vagabondo/4.0/EU; http://www.wise-guys.nl/)"
66.249.74.49 - - [04/Nov/2012:17:28:53 +0100] "GET /news.php?cs_go=archiv&cs_id=280&cs_search= HTTP/1.1" 200 7887 "-" "Mozilla/5.0 (compatible; Googlebot/2.1; +http://www.google.com/bot.html)"
82.94.179.38 - - [04/Nov/2012:17:28:53 +0100] "GET /news.php?cs_go=archiv&cs_id=3575 HTTP/1.1" 200 11805 "http://www.mink-gmbh.de/" "Mozilla/4.0 (compatible; Vagabondo/4.0/EU; http://www.wise-guys.nl/)"
82.94.179.38 - - [04/Nov/2012:17:28:58 +0100] "GET /news.php?cs_go=archiv&cs_id=3534 HTTP/1.1" 200 12306 "http://www.mink-gmbh.de/" "Mozilla/4.0 (compatible; Vagabondo/4.0/EU; http://www.wise-guys.nl/)"
82.94.179.38 - - [04/Nov/2012:17:29:03 +0100] "GET /news.php?cs_go=archiv&cs_id=3585 HTTP/1.1" 200 13562 "http://www.mink-gmbh.de/news.php?cs_go=archiv" "Mozilla/4.0 (compatible; Vagabondo/4.0/EU; http://www.wise-guys.nl/)"
82.94.179.38 - - [04/Nov/2012:17:29:07 +0100] "GET /news.php?cs_go=archiv&cs_startpos=541 HTTP/1.1" 200 22893 "http://www.mink-gmbh.de/news.php?cs_go=archiv&cs_startpos=551" "Mozilla/4.0 (compatible; Vagabondo/4.0/EU; http://www.wise-guys.nl/)"
82.94.179.38 - - [04/Nov/2012:17:29:12 +0100] "GET /news.php?cs_go=archiv&cs_startpos=621 HTTP/1.1" 200 22924 "http://www.mink-gmbh.de/news.php?cs_go=archiv&cs_startpos=611" "Mozilla/4.0 (compatible; Vagabondo/4.0/EU; http://www.wise-guys.nl/)"
82.94.179.38 - - [04/Nov/2012:17:29:17 +0100] "GET /news.php?cs_go=archiv&cs_startpos=661 HTTP/1.1" 200 22594 "http://www.mink-gmbh.de/news.php?cs_go=archiv" "Mozilla/4.0 (compatible; Vagabondo/4.0/EU; http://www.wise-guys.nl/)"
66.249.74.49 - - [04/Nov/2012:17:29:35 +0100] "GET /news.php?cs_go=archiv&cs_id=933&cs_search= HTTP/1.1" 200 7887 "-" "Mozilla/5.0 (compatible; Googlebot/2.1; +http://www.google.com/bot.html)"
66.249.74.49 - - [04/Nov/2012:17:30:18 +0100] "GET /news.php?cs_go=archiv&cs_id=654&cs_search= HTTP/1.1" 200 7887 "-" "Mozilla/5.0 (compatible; Googlebot/2.1; +http://www.google.com/bot.html)"
66.249.74.49 - - [04/Nov/2012:17:31:01 +0100] "GET /news.php?cs_go=archiv&cs_id=75&cs_search= HTTP/1.1" 200 7887 "-" "Mozilla/5.0 (compatible; Googlebot/2.1; +http://www.google.com/bot.html)"
66.249.74.49 - - [04/Nov/2012:17:31:43 +0100] "GET /news.php?cs_go=archiv&cs_id=977&cs_search= HTTP/1.1" 200 7887 "-" "Mozilla/5.0 (compatible; Googlebot/2.1; +http://www.google.com/bot.html)"
66.249.74.49 - - [04/Nov/2012:17:32:26 +0100] "GET /news.php?cs_go=archiv&cs_id=1589&cs_search= HTTP/1.1" 200 7887 "-" "Mozilla/5.0 (compatible; Googlebot/2.1; +http://www.google.com/bot.html)"
66.249.74.49 - - [04/Nov/2012:17:33:08 +0100] "GET /news.php?cs_go=archiv&cs_id=1573&cs_search= HTTP/1.1" 200 7887 "-" "Mozilla/5.0 (compatible; Googlebot/2.1; +http://www.google.com/bot.html)"
66.249.74.49 - - [04/Nov/2012:17:33:51 +0100] "GET /news.php?cs_go=archiv&cs_id=134&cs_search= HTTP/1.1" 200 7887 "-" "Mozilla/5.0 (compatible; Googlebot/2.1; +http://www.google.com/bot.html)"
66.249.74.49 - - [04/Nov/2012:17:34:33 +0100] "GET /news.php?cs_go=archiv&cs_id=66&cs_search= HTTP/1.1" 200 7887 "-" "Mozilla/5.0 (compatible; Googlebot/2.1; +http://www.google.com/bot.html)"
66.249.74.49 - - [04/Nov/2012:17:35:16 +0100] "GET /news.php?cs_go=archiv&cs_id=60&cs_search= HTTP/1.1" 200 7887 "-" "Mozilla/5.0 (compatible; Googlebot/2.1; +http://www.google.com/bot.html)"
66.249.74.49 - - [04/Nov/2012:17:35:58 +0100] "GET /news.php?cs_go=archiv&cs_id=187&cs_search= HTTP/1.1" 200 7887 "-" "Mozilla/5.0 (compatible; Googlebot/2.1; +http://www.google.com/bot.html)"
66.249.74.49 - - [04/Nov/2012:17:36:41 +0100] "GET /news.php?cs_go=archiv&cs_startpos=1740 HTTP/1.1" 200 8126 "-" "Mozilla/5.0 (compatible; Googlebot/2.1; +http://www.google.com/bot.html)"
213.186.127.10 - - [04/Nov/2012:17:36:46 +0100] "GET /news.php?cs_go=archiv&cs_id=3502&cs_search= HTTP/1.1" 200 10261 "-" "Mozilla/5.0 (compatible; AhrefsBot/3.1; +http://ahrefs.com/robot/)"
66.249.74.49 - - [04/Nov/2012:17:37:23 +0100] "GET /news.php?cs_go=archiv&cs_id=1571&cs_search= HTTP/1.1" 200 7887 "-" "Mozilla/5.0 (compatible; Googlebot/2.1; +http://www.google.com/bot.html)"
66.249.74.49 - - [04/Nov/2012:17:38:06 +0100] "GET /news.php?cs_go=archiv&cs_id=261&cs_search= HTTP/1.1" 200 7887 "-" "Mozilla/5.0 (compatible; Googlebot/2.1; +http://www.google.com/bot.html)"
66.249.74.49 - - [04/Nov/2012:17:38:48 +0100] "GET /news.php?cs_go=archiv&cs_id=65&cs_search= HTTP/1.1" 200 7887 "-" "Mozilla/5.0 (compatible; Googlebot/2.1; +http://www.google.com/bot.html)"
66.249.74.49 - - [04/Nov/2012:17:39:31 +0100] "GET /news.php?cs_go=archiv&cs_id=1477&cs_search= HTTP/1.1" 200 7887 "-" "Mozilla/5.0 (compatible; Googlebot/2.1; +http://www.google.com/bot.html)"
66.249.74.49 - - [04/Nov/2012:17:40:13 +0100] "GET /news.php?cs_go=archiv&cs_id=252&cs_search= HTTP/1.1" 200 7887 "-" "Mozilla/5.0 (compatible; Googlebot/2.1; +http://www.google.com/bot.html)"
66.249.74.49 - - [04/Nov/2012:17:40:56 +0100] "GET /news.php?cs_go=archiv&cs_id=1520&cs_search= HTTP/1.1" 200 7887 "-" "Mozilla/5.0 (compatible; Googlebot/2.1; +http://www.google.com/bot.html)"
66.249.74.49 - - [04/Nov/2012:17:41:38 +0100] "GET /news.php?cs_go=archiv&cs_id=561&cs_search= HTTP/1.1" 200 7887 "-" "Mozilla/5.0 (compatible; Googlebot/2.1; +http://www.google.com/bot.html)"
66.249.74.49 - - [04/Nov/2012:17:42:21 +0100] "GET /news.php?cs_go=archiv&cs_id=1439&cs_search= HTTP/1.1" 200 7887 "-" "Mozilla/5.0 (compatible; Googlebot/2.1; +http://www.google.com/bot.html)"
66.249.74.49 - - [04/Nov/2012:17:43:03 +0100] "GET /news.php?cs_go=archiv&cs_id=567&cs_search= HTTP/1.1" 200 7887 "-" "Mozilla/5.0 (compatible; Googlebot/2.1; +http://www.google.com/bot.html)"
5.9.25.74 - - [04/Nov/2012:17:43:23 +0100] "GET /robots.txt HTTP/1.1" 200 177 "-" "Pixray-Seeker/2.0 (Pixray-Seeker; +http://www.pixray.com/pixraybot; +crawler@pixray.com)"
5.9.25.74 - - [04/Nov/2012:17:43:23 +0100] "GET /news.php?cs_go=archiv&cs_id=1631&cs_search= HTTP/1.1" 200 7887 "-" "Pixray-Seeker/2.0 (Pixray-Seeker; +http://www.pixray.com/pixraybot; +crawler@pixray.com)"
66.249.74.49 - - [04/Nov/2012:17:43:46 +0100] "GET /news.php?cs_go=archiv&cs_id=270&cs_search= HTTP/1.1" 200 7887 "-" "Mozilla/5.0 (compatible; Googlebot/2.1; +http://www.google.com/bot.html)"
66.249.74.49 - - [04/Nov/2012:17:44:28 +0100] "GET /news.php?cs_go=archiv&cs_id=48&cs_search= HTTP/1.1" 200 7887 "-" "Mozilla/5.0 (compatible; Googlebot/2.1; +http://www.google.com/bot.html)"
88.130.184.100 - - [04/Nov/2012:17:45:00 +0100] "GET / HTTP/1.1" 200 15326 "http://www.google.de/url?sa=t&rct=j&q=heiz%C3%B6l%20in%20berlin&source=web&cd=20&ved=0CHQQFjAJOAo&url=http%3A%2F%2Fwww.mink-gmbh.de%2F&ei=opqWUIneO9DAswbUh4DwAw&usg=AFQjCNFHX4Iglls9oo-KYXTmDUV_5KOVIg" "Mozilla/5.0 (compatible; MSIE 9.0; Windows NT 6.1; Trident/5.0; tb-gmx/1.8.2)"
88.130.184.100 - - [04/Nov/2012:17:45:01 +0100] "GET /modul.css HTTP/1.1" 200 35038 "http://www.mink-gmbh.de/" "Mozilla/5.0 (compatible; MSIE 9.0; Windows NT 6.1; Trident/5.0; tb-gmx/1.8.2)"
88.130.184.100 - - [04/Nov/2012:17:45:01 +0100] "GET /style.css HTTP/1.1" 200 8418 "http://www.mink-gmbh.de/" "Mozilla/5.0 (compatible; MSIE 9.0; Windows NT 6.1; Trident/5.0; tb-gmx/1.8.2)"
88.130.184.100 - - [04/Nov/2012:17:45:01 +0100] "GET /images/wunschpreis.jpg HTTP/1.1" 200 16767 "http://www.mink-gmbh.de/" "Mozilla/5.0 (compatible; MSIE 9.0; Windows NT 6.1; Trident/5.0; tb-gmx/1.8.2)"
88.130.184.100 - - [04/Nov/2012:17:45:01 +0100] "GET /js_contentserver24_greybox/AJS.js HTTP/1.1" 200 10396 "http://www.mink-gmbh.de/" "Mozilla/5.0 (compatible; MSIE 9.0; Windows NT 6.1; Trident/5.0; tb-gmx/1.8.2)"
88.130.184.100 - - [04/Nov/2012:17:45:01 +0100] "GET /images/mail.jpg HTTP/1.1" 200 11165 "http://www.mink-gmbh.de/" "Mozilla/5.0 (compatible; MSIE 9.0; Windows NT 6.1; Trident/5.0; tb-gmx/1.8.2)"
88.130.184.100 - - [04/Nov/2012:17:45:01 +0100] "GET /images/freecall.jpg HTTP/1.1" 200 39195 "http://www.mink-gmbh.de/" "Mozilla/5.0 (compatible; MSIE 9.0; Windows NT 6.1; Trident/5.0; tb-gmx/1.8.2)"
88.130.184.100 - - [04/Nov/2012:17:45:01 +0100] "GET /js_contentserver24_greybox/gb_scripts.js HTTP/1.1" 200 11913 "http://www.mink-gmbh.de/" "Mozilla/5.0 (compatible; MSIE 9.0; Windows NT 6.1; Trident/5.0; tb-gmx/1.8.2)"
88.130.184.100 - - [04/Nov/2012:17:45:01 +0100] "GET /images/logos.jpg HTTP/1.1" 200 15002 "http://www.mink-gmbh.de/" "Mozilla/5.0 (compatible; MSIE 9.0; Windows NT 6.1; Trident/5.0; tb-gmx/1.8.2)"
88.130.184.100 - - [04/Nov/2012:17:45:01 +0100] "GET /js_contentserver24_greybox/gb_styles.css HTTP/1.1" 200 2302 "http://www.mink-gmbh.de/" "Mozilla/5.0 (compatible; MSIE 9.0; Windows NT 6.1; Trident/5.0; tb-gmx/1.8.2)"
88.130.184.100 - - [04/Nov/2012:17:45:01 +0100] "GET /js_contentserver24_greybox/AJS_fx.js HTTP/1.1" 200 3192 "http://www.mink-gmbh.de/" "Mozilla/5.0 (compatible; MSIE 9.0; Windows NT 6.1; Trident/5.0; tb-gmx/1.8.2)"
88.130.184.100 - - [04/Nov/2012:17:45:01 +0100] "GET /images/kwk.gif HTTP/1.1" 200 6403 "http://www.mink-gmbh.de/" "Mozilla/5.0 (compatible; MSIE 9.0; Windows NT 6.1; Trident/5.0; tb-gmx/1.8.2)"
88.130.184.100 - - [04/Nov/2012:17:45:01 +0100] "GET /images/tkw.jpg HTTP/1.1" 200 64031 "http://www.mink-gmbh.de/" "Mozilla/5.0 (compatible; MSIE 9.0; Windows NT 6.1; Trident/5.0; tb-gmx/1.8.2)"
88.130.184.100 - - [04/Nov/2012:17:45:01 +0100] "GET /images/bg.jpg HTTP/1.1" 200 345 "http://www.mink-gmbh.de/" "Mozilla/5.0 (compatible; MSIE 9.0; Windows NT 6.1; Trident/5.0; tb-gmx/1.8.2)"
88.130.184.100 - - [04/Nov/2012:17:45:01 +0100] "GET /js_contentserver24_greybox/w_close.gif HTTP/1.1" 200 74 "http://www.mink-gmbh.de/" "Mozilla/5.0 (compatible; MSIE 9.0; Windows NT 6.1; Trident/5.0; tb-gmx/1.8.2)"
88.130.184.100 - - [04/Nov/2012:17:45:01 +0100] "GET /images/mobil.jpg HTTP/1.1" 200 25293 "http://www.mink-gmbh.de/" "Mozilla/5.0 (compatible; MSIE 9.0; Windows NT 6.1; Trident/5.0; tb-gmx/1.8.2)"
88.130.184.100 - - [04/Nov/2012:17:45:01 +0100] "GET /images/fallend.png HTTP/1.1" 200 713 "http://www.mink-gmbh.de/" "Mozilla/5.0 (compatible; MSIE 9.0; Windows NT 6.1; Trident/5.0; tb-gmx/1.8.2)"
88.130.184.100 - - [04/Nov/2012:17:45:01 +0100] "GET /images/close.png HTTP/1.1" 200 703 "http://www.mink-gmbh.de/" "Mozilla/5.0 (compatible; MSIE 9.0; Windows NT 6.1; Trident/5.0; tb-gmx/1.8.2)"
88.130.184.100 - - [04/Nov/2012:17:45:01 +0100] "GET /images/navibg.png HTTP/1.1" 200 2803 "http://www.mink-gmbh.de/" "Mozilla/5.0 (compatible; MSIE 9.0; Windows NT 6.1; Trident/5.0; tb-gmx/1.8.2)"
88.130.184.100 - - [04/Nov/2012:17:45:01 +0100] "GET /images/gleichbleibend.png HTTP/1.1" 200 534 "http://www.mink-gmbh.de/" "Mozilla/5.0 (compatible; MSIE 9.0; Windows NT 6.1; Trident/5.0; tb-gmx/1.8.2)"
88.130.184.100 - - [04/Nov/2012:17:45:01 +0100] "GET /images/wrapperbg.jpg HTTP/1.1" 200 27465 "http://www.mink-gmbh.de/" "Mozilla/5.0 (compatible; MSIE 9.0; Windows NT 6.1; Trident/5.0; tb-gmx/1.8.2)"
88.130.184.100 - - [04/Nov/2012:17:45:01 +0100] "GET /images/newsletter_bg.jpg HTTP/1.1" 200 33610 "http://www.mink-gmbh.de/" "Mozilla/5.0 (compatible; MSIE 9.0; Windows NT 6.1; Trident/5.0; tb-gmx/1.8.2)"
88.130.184.100 - - [04/Nov/2012:17:45:01 +0100] "GET /images/steigend.png HTTP/1.1" 200 688 "http://www.mink-gmbh.de/" "Mozilla/5.0 (compatible; MSIE 9.0; Windows NT 6.1; Trident/5.0; tb-gmx/1.8.2)"
88.130.184.100 - - [04/Nov/2012:17:45:01 +0100] "GET /images/header.jpg HTTP/1.1" 200 24413 "http://www.mink-gmbh.de/" "Mozilla/5.0 (compatible; MSIE 9.0; Windows NT 6.1; Trident/5.0; tb-gmx/1.8.2)"
88.130.184.100 - - [04/Nov/2012:17:45:01 +0100] "GET /images/newsletter.png HTTP/1.1" 200 14619 "http://www.mink-gmbh.de/" "Mozilla/5.0 (compatible; MSIE 9.0; Windows NT 6.1; Trident/5.0; tb-gmx/1.8.2)"
88.130.184.100 - - [04/Nov/2012:17:45:01 +0100] "GET /images/newsletter.jpg HTTP/1.1" 200 13130 "http://www.mink-gmbh.de/" "Mozilla/5.0 (compatible; MSIE 9.0; Windows NT 6.1; Trident/5.0; tb-gmx/1.8.2)"
88.130.184.100 - - [04/Nov/2012:17:45:01 +0100] "GET /js_contentserver24_greybox/header_bg.gif HTTP/1.1" 200 1188 "http://www.mink-gmbh.de/" "Mozilla/5.0 (compatible; MSIE 9.0; Windows NT 6.1; Trident/5.0; tb-gmx/1.8.2)"
88.130.184.100 - - [04/Nov/2012:17:45:01 +0100] "GET /images/footerbg.jpg HTTP/1.1" 200 2184 "http://www.mink-gmbh.de/" "Mozilla/5.0 (compatible; MSIE 9.0; Windows NT 6.1; Trident/5.0; tb-gmx/1.8.2)"
88.130.184.100 - - [04/Nov/2012:17:45:01 +0100] "GET /js_contentserver24_greybox/loader_frame.html?s=0 HTTP/1.1" 200 2084 "http://www.mink-gmbh.de/" "Mozilla/5.0 (compatible; MSIE 9.0; Windows NT 6.1; Trident/5.0; tb-gmx/1.8.2)"
88.130.184.100 - - [04/Nov/2012:17:45:01 +0100] "GET /js_contentserver24_greybox/indicator.gif HTTP/1.1" 200 8238 "http://www.mink-gmbh.de/js_contentserver24_greybox/loader_frame.html?s=0" "Mozilla/5.0 (compatible; MSIE 9.0; Windows NT 6.1; Trident/5.0; tb-gmx/1.8.2)"
88.130.184.100 - - [04/Nov/2012:17:45:02 +0100] "GET /js_contentserver24_greybox/g_close.gif HTTP/1.1" 200 541 "http://www.mink-gmbh.de/" "Mozilla/5.0 (compatible; MSIE 9.0; Windows NT 6.1; Trident/5.0; tb-gmx/1.8.2)"
88.130.184.100 - - [04/Nov/2012:17:45:02 +0100] "GET /favicon.ico HTTP/1.1" 200 3638 "-" "Mozilla/5.0 (compatible; MSIE 9.0; Windows NT 6.1; Trident/5.0; tb-gmx/1.8.2)"
66.249.74.49 - - [04/Nov/2012:17:45:11 +0100] "GET /news.php?cs_go=archiv&cs_id=1375&cs_search= HTTP/1.1" 200 7887 "-" "Mozilla/5.0 (compatible; Googlebot/2.1; +http://www.google.com/bot.html)"
88.130.184.100 - - [04/Nov/2012:17:45:31 +0100] "GET /preisanfrage.php HTTP/1.1" 200 10647 "http://www.mink-gmbh.de/" "Mozilla/5.0 (compatible; MSIE 9.0; Windows NT 6.1; Trident/5.0; tb-gmx/1.8.2)"
66.249.74.49 - - [04/Nov/2012:17:45:53 +0100] "GET /news.php?cs_go=archiv&cs_id=301&cs_search= HTTP/1.1" 200 7887 "-" "Mozilla/5.0 (compatible; Googlebot/2.1; +http://www.google.com/bot.html)"
88.130.184.100 - - [04/Nov/2012:17:46:05 +0100] "GET / HTTP/1.1" 200 14585 "http://www.google.de/url?sa=t&rct=j&q=heiz%C3%B6l%20in%20berlin&source=web&cd=20&ved=0CHQQFjAJOAo&url=http%3A%2F%2Fwww.mink-gmbh.de%2F&ei=opqWUIneO9DAswbUh4DwAw&usg=AFQjCNFHX4Iglls9oo-KYXTmDUV_5KOVIg" "Mozilla/5.0 (compatible; MSIE 9.0; Windows NT 6.1; Trident/5.0; tb-gmx/1.8.2)"
66.249.74.49 - - [04/Nov/2012:17:46:36 +0100] "GET /news.php?cs_go=archiv&cs_id=17&cs_search= HTTP/1.1" 200 7887 "-" "Mozilla/5.0 (compatible; Googlebot/2.1; +http://www.google.com/bot.html)"
5.9.25.84 - - [04/Nov/2012:17:47:10 +0100] "GET /robots.txt HTTP/1.1" 200 177 "-" "Pixray-Seeker/2.0 (Pixray-Seeker; +http://www.pixray.com/pixraybot; +crawler@pixray.com)"
5.9.25.84 - - [04/Nov/2012:17:47:11 +0100] "GET /news.php?cs_go=archiv&cs_id=1628&cs_search= HTTP/1.1" 200 7887 "-" "Pixray-Seeker/2.0 (Pixray-Seeker; +http://www.pixray.com/pixraybot; +crawler@pixray.com)"
66.249.74.49 - - [04/Nov/2012:17:47:18 +0100] "GET /news.php?cs_go=archiv&cs_id=295&cs_search= HTTP/1.1" 200 7887 "-" "Mozilla/5.0 (compatible; Googlebot/2.1; +http://www.google.com/bot.html)"
66.249.74.49 - - [04/Nov/2012:17:48:01 +0100] "GET /news.php?cs_go=archiv&cs_id=779&cs_search= HTTP/1.1" 200 7887 "-" "Mozilla/5.0 (compatible; Googlebot/2.1; +http://www.google.com/bot.html)"
66.249.74.49 - - [04/Nov/2012:17:48:43 +0100] "GET /news.php?cs_go=archiv&cs_id=86&cs_search= HTTP/1.1" 200 7887 "-" "Mozilla/5.0 (compatible; Googlebot/2.1; +http://www.google.com/bot.html)"
66.249.74.49 - - [04/Nov/2012:17:49:26 +0100] "GET /news.php?cs_go=archiv&cs_id=474&cs_search= HTTP/1.1" 200 7887 "-" "Mozilla/5.0 (compatible; Googlebot/2.1; +http://www.google.com/bot.html)"
66.249.74.49 - - [04/Nov/2012:17:50:08 +0100] "GET /news.php?cs_go=archiv&cs_id=113&cs_search= HTTP/1.1" 200 7887 "-" "Mozilla/5.0 (compatible; Googlebot/2.1; +http://www.google.com/bot.html)"
66.249.74.49 - - [04/Nov/2012:17:50:51 +0100] "GET /news.php?cs_go=archiv&cs_id=681&cs_search= HTTP/1.1" 200 7887 "-" "Mozilla/5.0 (compatible; Googlebot/2.1; +http://www.google.com/bot.html)"
66.249.74.49 - - [04/Nov/2012:17:51:33 +0100] "GET /news.php?cs_go=archiv&cs_id=243&cs_search= HTTP/1.1" 200 7887 "-" "Mozilla/5.0 (compatible; Googlebot/2.1; +http://www.google.com/bot.html)"
66.249.74.49 - - [04/Nov/2012:17:52:16 +0100] "GET /news.php?cs_go=archiv&cs_id=285&cs_search= HTTP/1.1" 200 7887 "-" "Mozilla/5.0 (compatible; Googlebot/2.1; +http://www.google.com/bot.html)"
84.19.190.126 - - [04/Nov/2012:17:52:38 +0100] "GET /robots.txt HTTP/1.1" 200 177 "-" "Mozilla/5.0 (compatible; UnisterBot; crawler@unister.de)"
84.19.190.126 - - [04/Nov/2012:17:52:38 +0100] "GET /news.php?cs_go=archiv&cs_id=3186&cs_search= HTTP/1.1" 200 9826 "-" "Mozilla/5.0 (compatible; UnisterBot; crawler@unister.de)"
66.249.74.49 - - [04/Nov/2012:17:52:58 +0100] "GET /news.php?cs_go=archiv&cs_id=1580&cs_search= HTTP/1.1" 200 7887 "-" "Mozilla/5.0 (compatible; Googlebot/2.1; +http://www.google.com/bot.html)"
66.249.74.49 - - [04/Nov/2012:17:53:41 +0100] "GET /news.php?cs_go=archiv&cs_id=1569&cs_search= HTTP/1.1" 200 7887 "-" "Mozilla/5.0 (compatible; Googlebot/2.1; +http://www.google.com/bot.html)"
66.249.74.49 - - [04/Nov/2012:17:54:23 +0100] "GET /news.php?cs_go=archiv&cs_id=581&cs_search= HTTP/1.1" 200 7887 "-" "Mozilla/5.0 (compatible; Googlebot/2.1; +http://www.google.com/bot.html)"
84.19.190.126 - - [04/Nov/2012:17:54:27 +0100] "GET /news.php?cs_go=archiv&cs_id=3192&cs_search= HTTP/1.1" 200 13469 "-" "Mozilla/5.0 (compatible; UnisterBot; crawler@unister.de)"
5.9.25.79 - - [04/Nov/2012:17:54:44 +0100] "GET /robots.txt HTTP/1.1" 200 177 "-" "Pixray-Seeker/2.0 (Pixray-Seeker; +http://www.pixray.com/pixraybot; +crawler@pixray.com)"
5.9.25.79 - - [04/Nov/2012:17:54:44 +0100] "GET /news.php?cs_go=archiv&cs_startpos=1511 HTTP/1.1" 200 8126 "-" "Pixray-Seeker/2.0 (Pixray-Seeker; +http://www.pixray.com/pixraybot; +crawler@pixray.com)"
66.249.74.49 - - [04/Nov/2012:17:55:48 +0100] "GET /news.php?cs_go=archiv&cs_id=25&cs_search= HTTP/1.1" 200 7887 "-" "Mozilla/5.0 (compatible; Googlebot/2.1; +http://www.google.com/bot.html)"
66.249.74.49 - - [04/Nov/2012:17:57:13 +0100] "GET /news.php?cs_go=archiv&cs_id=1456&cs_search= HTTP/1.1" 200 7887 "-" "Mozilla/5.0 (compatible; Googlebot/2.1; +http://www.google.com/bot.html)"
66.249.74.49 - - [04/Nov/2012:17:58:38 +0100] "GET /news.php?cs_go=archiv&cs_id=422&cs_search= HTTP/1.1" 200 7887 "-" "Mozilla/5.0 (compatible; Googlebot/2.1; +http://www.google.com/bot.html)"
66.249.74.49 - - [04/Nov/2012:17:59:21 +0100] "GET /news.php?cs_go=archiv&cs_id=235&cs_search= HTTP/1.1" 200 7887 "-" "Mozilla/5.0 (compatible; Googlebot/2.1; +http://www.google.com/bot.html)"
66.249.74.49 - - [04/Nov/2012:18:00:03 +0100] "GET /news.php?cs_go=archiv&cs_id=172&cs_search= HTTP/1.1" 200 7887 "-" "Mozilla/5.0 (compatible; Googlebot/2.1; +http://www.google.com/bot.html)"
66.249.74.49 - - [04/Nov/2012:18:02:11 +0100] "GET /news.php?cs_go=archiv&cs_id=138&cs_search= HTTP/1.1" 200 7887 "-" "Mozilla/5.0 (compatible; Googlebot/2.1; +http://www.google.com/bot.html)"
66.249.74.49 - - [04/Nov/2012:18:02:53 +0100] "GET /news.php?cs_go=archiv&cs_id=341&cs_search= HTTP/1.1" 200 7887 "-" "Mozilla/5.0 (compatible; Googlebot/2.1; +http://www.google.com/bot.html)"
66.249.74.49 - - [04/Nov/2012:18:03:36 +0100] "GET /news.php?cs_go=archiv&cs_id=865&cs_search= HTTP/1.1" 200 7887 "-" "Mozilla/5.0 (compatible; Googlebot/2.1; +http://www.google.com/bot.html)"
66.249.74.49 - - [04/Nov/2012:18:04:18 +0100] "GET /news.php?cs_go=archiv&cs_id=2975&cs_search= HTTP/1.1" 200 9860 "-" "Mozilla/5.0 (compatible; Googlebot/2.1; +http://www.google.com/bot.html)"
66.249.74.49 - - [04/Nov/2012:18:05:44 +0100] "GET /news.php?cs_go=archiv&cs_startpos=390 HTTP/1.1" 200 22946 "-" "Mozilla/5.0 (compatible; Googlebot/2.1; +http://www.google.com/bot.html)"
66.249.74.49 - - [04/Nov/2012:18:07:09 +0100] "GET /news.php?cs_go=archiv&cs_id=3265 HTTP/1.1" 200 12971 "-" "Mozilla/5.0 (compatible; Googlebot/2.1; +http://www.google.com/bot.html)"
66.249.74.49 - - [04/Nov/2012:18:09:59 +0100] "GET /news.php?cs_go=archiv&cs_id=2031&cs_search= HTTP/1.1" 200 7887 "-" "Mozilla/5.0 (compatible; Googlebot/2.1; +http://www.google.com/bot.html)"
139.18.2.17 - - [04/Nov/2012:18:10:21 +0100] "GET /preisanfrage.php HTTP/1.1" 200 5528 "-" "findlinks/2.6 (+http://wortschatz.uni-leipzig.de/findlinks/)"
139.18.2.17 - - [04/Nov/2012:18:10:21 +0100] "GET /preisanfrage.php HTTP/1.1" 200 10647 "-" "findlinks/2.6 (+http://wortschatz.uni-leipzig.de/findlinks/)"
66.249.74.49 - - [04/Nov/2012:18:11:24 +0100] "GET /news.php?cs_go=archiv&cs_id=3103&cs_search= HTTP/1.1" 200 13850 "-" "Mozilla/5.0 (compatible; Googlebot/2.1; +http://www.google.com/bot.html)"
66.249.74.49 - - [04/Nov/2012:18:14:14 +0100] "GET /news.php?cs_go=archiv&cs_id=2640 HTTP/1.1" 200 7887 "-" "Mozilla/5.0 (compatible; Googlebot/2.1; +http://www.google.com/bot.html)"
66.249.74.49 - - [04/Nov/2012:18:14:56 +0100] "GET /news.php?cs_go=archiv&cs_id=3094&cs_search= HTTP/1.1" 200 10446 "-" "Mozilla/5.0 (compatible; Googlebot/2.1; +http://www.google.com/bot.html)"
66.249.74.49 - - [04/Nov/2012:18:15:41 +0100] "GET /news.php?cs_go=archiv&cs_id=3077&cs_search= HTTP/1.1" 200 9940 "-" "Mozilla/5.0 (compatible; Googlebot/2.1; +http://www.google.com/bot.html)"
66.249.74.49 - - [04/Nov/2012:18:16:21 +0100] "GET /news.php?cs_go=archiv&cs_id=2775&cs_search= HTTP/1.1" 200 10324 "-" "Mozilla/5.0 (compatible; Googlebot/2.1; +http://www.google.com/bot.html)"
5.9.25.71 - - [04/Nov/2012:18:16:48 +0100] "GET /robots.txt HTTP/1.1" 200 177 "-" "Pixray-Seeker/2.0 (Pixray-Seeker; +http://www.pixray.com/pixraybot; +crawler@pixray.com)"
5.9.25.71 - - [04/Nov/2012:18:16:48 +0100] "GET /news.php?cs_go=archiv&cs_startpos=1391 HTTP/1.1" 200 8126 "-" "Pixray-Seeker/2.0 (Pixray-Seeker; +http://www.pixray.com/pixraybot; +crawler@pixray.com)"
5.9.25.71 - - [04/Nov/2012:18:17:01 +0100] "GET /robots.txt HTTP/1.1" 200 177 "-" "Pixray-Seeker/2.0 (Pixray-Seeker; +http://www.pixray.com/pixraybot; +crawler@pixray.com)"
5.9.25.71 - - [04/Nov/2012:18:17:01 +0100] "GET /news.php?cs_go=archiv&cs_id=2780&cs_search= HTTP/1.1" 200 10089 "-" "Pixray-Seeker/2.0 (Pixray-Seeker; +http://www.pixray.com/pixraybot; +crawler@pixray.com)"
66.249.74.49 - - [04/Nov/2012:18:18:29 +0100] "GET /news.php?cs_go=archiv&cs_id=2514&cs_search= HTTP/1.1" 200 7887 "-" "Mozilla/5.0 (compatible; Googlebot/2.1; +http://www.google.com/bot.html)"
66.249.74.49 - - [04/Nov/2012:18:19:11 +0100] "GET /news.php?cs_go=archiv&cs_id=2704&cs_search= HTTP/1.1" 200 7887 "-" "Mozilla/5.0 (compatible; Googlebot/2.1; +http://www.google.com/bot.html)"
66.249.74.49 - - [04/Nov/2012:18:19:54 +0100] "GET /news.php?cs_go=archiv&cs_id=3503 HTTP/1.1" 200 12960 "-" "Mozilla/5.0 (compatible; Googlebot/2.1; +http://www.google.com/bot.html)"
66.249.74.49 - - [04/Nov/2012:18:22:01 +0100] "GET /news.php?cs_go=archiv&cs_startpos=920 HTTP/1.1" 200 8125 "-" "Mozilla/5.0 (compatible; Googlebot/2.1; +http://www.google.com/bot.html)"
66.249.74.49 - - [04/Nov/2012:18:25:34 +0100] "GET /news.php?cs_go=archiv&cs_id=823&cs_search= HTTP/1.1" 200 7887 "-" "Mozilla/5.0 (compatible; Googlebot/2.1; +http://www.google.com/bot.html)"
66.249.74.49 - - [04/Nov/2012:18:26:16 +0100] "GET /news.php?cs_go=archiv&cs_id=530&cs_search= HTTP/1.1" 200 7887 "-" "Mozilla/5.0 (compatible; Googlebot/2.1; +http://www.google.com/bot.html)"
46.165.197.151 - - [04/Nov/2012:18:26:53 +0100] "GET /robots.txt HTTP/1.0" 200 177 "-" "Mozilla/5.0 (compatible; MJ12bot/v1.4.3; http://www.majestic12.co.uk/bot.php?+)"
46.165.197.151 - - [04/Nov/2012:18:26:54 +0100] "GET / HTTP/1.0" 200 15326 "-" "Mozilla/5.0 (compatible; MJ12bot/v1.4.3; http://www.majestic12.co.uk/bot.php?+)"
66.249.74.49 - - [04/Nov/2012:18:26:59 +0100] "GET /news.php?cs_go=archiv&cs_id=471&cs_search= HTTP/1.1" 200 7887 "-" "Mozilla/5.0 (compatible; Googlebot/2.1; +http://www.google.com/bot.html)"
66.249.74.49 - - [04/Nov/2012:18:29:06 +0100] "GET /news.php?cs_go=archiv&cs_id=1516&cs_search= HTTP/1.1" 200 7887 "-" "Mozilla/5.0 (compatible; Googlebot/2.1; +http://www.google.com/bot.html)"
46.4.119.231 - - [04/Nov/2012:18:29:19 +0100] "GET /robots.txt HTTP/1.1" 200 177 "-" "Pixray-Seeker/2.0 (Pixray-Seeker; +http://www.pixray.com/pixraybot; +crawler@pixray.com)"
46.4.119.231 - - [04/Nov/2012:18:29:19 +0100] "GET /news.php?cs_go=archiv&cs_startpos=260 HTTP/1.1" 200 22776 "-" "Pixray-Seeker/2.0 (Pixray-Seeker; +http://www.pixray.com/pixraybot; +crawler@pixray.com)"
66.249.74.49 - - [04/Nov/2012:18:30:31 +0100] "GET /news.php?cs_go=archiv&cs_id=1479&cs_search= HTTP/1.1" 200 7887 "-" "Mozilla/5.0 (compatible; Googlebot/2.1; +http://www.google.com/bot.html)"
66.249.74.49 - - [04/Nov/2012:18:33:21 +0100] "GET /news.php?cs_go=archiv&cs_id=217&cs_search= HTTP/1.1" 200 7887 "-" "Mozilla/5.0 (compatible; Googlebot/2.1; +http://www.google.com/bot.html)"
66.249.74.49 - - [04/Nov/2012:18:34:04 +0100] "GET /news.php?cs_go=archiv&cs_id=1461&cs_search= HTTP/1.1" 200 7887 "-" "Mozilla/5.0 (compatible; Googlebot/2.1; +http://www.google.com/bot.html)"
66.249.74.49 - - [04/Nov/2012:18:34:46 +0100] "GET /news.php?cs_go=archiv&cs_id=574&cs_search= HTTP/1.1" 200 7887 "-" "Mozilla/5.0 (compatible; Googlebot/2.1; +http://www.google.com/bot.html)"
66.249.74.49 - - [04/Nov/2012:18:35:29 +0100] "GET /news.php?cs_go=archiv&cs_id=1622&cs_search= HTTP/1.1" 200 7887 "-" "Mozilla/5.0 (compatible; Googlebot/2.1; +http://www.google.com/bot.html)"
66.249.74.49 - - [04/Nov/2012:18:36:11 +0100] "GET /news.php?cs_go=archiv&cs_id=300&cs_search= HTTP/1.1" 200 7887 "-" "Mozilla/5.0 (compatible; Googlebot/2.1; +http://www.google.com/bot.html)"
66.249.74.49 - - [04/Nov/2012:18:36:54 +0100] "GET /news.php?cs_go=archiv&cs_id=268&cs_search= HTTP/1.1" 200 7887 "-" "Mozilla/5.0 (compatible; Googlebot/2.1; +http://www.google.com/bot.html)"
5.9.25.72 - - [04/Nov/2012:18:38:12 +0100] "GET /robots.txt HTTP/1.1" 200 177 "-" "Pixray-Seeker/2.0 (Pixray-Seeker; +http://www.pixray.com/pixraybot; +crawler@pixray.com)"
5.9.25.72 - - [04/Nov/2012:18:38:12 +0100] "GET /news.php?cs_go=archiv&cs_startpos=790 HTTP/1.1" 200 8125 "-" "Pixray-Seeker/2.0 (Pixray-Seeker; +http://www.pixray.com/pixraybot; +crawler@pixray.com)"
66.249.74.49 - - [04/Nov/2012:18:38:19 +0100] "GET /news.php?cs_go=archiv&cs_id=147&cs_search= HTTP/1.1" 200 7887 "-" "Mozilla/5.0 (compatible; Googlebot/2.1; +http://www.google.com/bot.html)"
66.249.74.49 - - [04/Nov/2012:18:39:44 +0100] "GET /news.php?cs_go=archiv&cs_id=665&cs_search= HTTP/1.1" 200 7887 "-" "Mozilla/5.0 (compatible; Googlebot/2.1; +http://www.google.com/bot.html)"
66.249.74.49 - - [04/Nov/2012:18:42:34 +0100] "GET /news.php?cs_go=archiv&cs_id=1543&cs_search= HTTP/1.1" 200 7887 "-" "Mozilla/5.0 (compatible; Googlebot/2.1; +http://www.google.com/bot.html)"
66.249.74.49 - - [04/Nov/2012:18:43:17 +0100] "GET /news.php?cs_go=archiv&cs_id=876&cs_search= HTTP/1.1" 200 7887 "-" "Mozilla/5.0 (compatible; Googlebot/2.1; +http://www.google.com/bot.html)"
84.19.190.126 - - [04/Nov/2012:18:43:49 +0100] "GET /news.php?cs_go=archiv&cs_id=3269&cs_search= HTTP/1.1" 200 9796 "-" "Mozilla/5.0 (compatible; UnisterBot; crawler@unister.de)"
87.118.116.25 - - [04/Nov/2012:18:45:48 +0100] "GET /news.php?cs_go=archiv&cs_startpos=280 HTTP/1.1" 200 23008 "-" "Mozilla/5.0 (compatible; UnisterBot; crawler@unister.de)"
66.249.74.49 - - [04/Nov/2012:18:46:07 +0100] "GET /news.php?cs_go=archiv&cs_id=1575&cs_search= HTTP/1.1" 200 7887 "-" "Mozilla/5.0 (compatible; Googlebot/2.1; +http://www.google.com/bot.html)"
66.249.74.49 - - [04/Nov/2012:18:46:49 +0100] "GET /news.php?cs_go=archiv&cs_id=640&cs_search= HTTP/1.1" 200 7887 "-" "Mozilla/5.0 (compatible; Googlebot/2.1; +http://www.google.com/bot.html)"
84.19.190.126 - - [04/Nov/2012:18:46:51 +0100] "GET /news.php?cs_go=archiv&cs_id=3274&cs_search= HTTP/1.1" 200 9977 "-" "Mozilla/5.0 (compatible; UnisterBot; crawler@unister.de)"
87.118.116.25 - - [04/Nov/2012:18:47:52 +0100] "GET /news.php?cs_go=archiv&cs_id=3434&cs_search= HTTP/1.1" 200 10315 "-" "Mozilla/5.0 (compatible; UnisterBot; crawler@unister.de)"
66.249.74.49 - - [04/Nov/2012:18:48:14 +0100] "GET /news.php?cs_go=archiv&cs_id=355&cs_search= HTTP/1.1" 200 7887 "-" "Mozilla/5.0 (compatible; Googlebot/2.1; +http://www.google.com/bot.html)"
66.249.74.49 - - [04/Nov/2012:18:48:57 +0100] "GET /news.php?cs_go=archiv&cs_id=1006&cs_search= HTTP/1.1" 200 7887 "-" "Mozilla/5.0 (compatible; Googlebot/2.1; +http://www.google.com/bot.html)"
5.9.25.82 - - [04/Nov/2012:18:49:00 +0100] "GET /robots.txt HTTP/1.1" 200 177 "-" "Pixray-Seeker/2.0 (Pixray-Seeker; +http://www.pixray.com/pixraybot; +crawler@pixray.com)"
5.9.25.82 - - [04/Nov/2012:18:49:00 +0100] "GET /news.php?cs_go=archiv&cs_id=2578&cs_search= HTTP/1.1" 200 7887 "-" "Pixray-Seeker/2.0 (Pixray-Seeker; +http://www.pixray.com/pixraybot; +crawler@pixray.com)"
66.249.74.49 - - [04/Nov/2012:18:50:22 +0100] "GET /news.php?cs_go=archiv&cs_id=427&cs_search= HTTP/1.1" 200 7887 "-" "Mozilla/5.0 (compatible; Googlebot/2.1; +http://www.google.com/bot.html)"
66.249.74.49 - - [04/Nov/2012:18:51:47 +0100] "GET /news.php?cs_go=archiv&cs_id=457&cs_search= HTTP/1.1" 200 7887 "-" "Mozilla/5.0 (compatible; Googlebot/2.1; +http://www.google.com/bot.html)"
66.249.74.49 - - [04/Nov/2012:18:52:29 +0100] "GET /news.php?cs_go=archiv&cs_startpos=1640 HTTP/1.1" 200 8126 "-" "Mozilla/5.0 (compatible; Googlebot/2.1; +http://www.google.com/bot.html)"
66.249.74.49 - - [04/Nov/2012:18:53:12 +0100] "GET /news.php?cs_go=archiv&cs_id=701&cs_search= HTTP/1.1" 200 7887 "-" "Mozilla/5.0 (compatible; Googlebot/2.1; +http://www.google.com/bot.html)"
66.249.74.49 - - [04/Nov/2012:18:53:54 +0100] "GET /news.php?cs_go=archiv&cs_id=277&cs_search= HTTP/1.1" 200 7887 "-" "Mozilla/5.0 (compatible; Googlebot/2.1; +http://www.google.com/bot.html)"
66.249.74.49 - - [04/Nov/2012:18:54:37 +0100] "GET /news.php?cs_go=archiv&cs_id=764&cs_search= HTTP/1.1" 200 7887 "-" "Mozilla/5.0 (compatible; Googlebot/2.1; +http://www.google.com/bot.html)"
66.249.74.49 - - [04/Nov/2012:18:55:19 +0100] "GET /news.php?cs_go=archiv&cs_id=95&cs_search= HTTP/1.1" 200 7887 "-" "Mozilla/5.0 (compatible; Googlebot/2.1; +http://www.google.com/bot.html)"
66.249.74.49 - - [04/Nov/2012:18:56:02 +0100] "GET /news.php?cs_go=archiv&cs_id=1447&cs_search= HTTP/1.1" 200 7887 "-" "Mozilla/5.0 (compatible; Googlebot/2.1; +http://www.google.com/bot.html)"
66.249.74.49 - - [04/Nov/2012:18:56:44 +0100] "GET /news.php?cs_go=archiv&cs_id=1487&cs_search= HTTP/1.1" 200 7887 "-" "Mozilla/5.0 (compatible; Googlebot/2.1; +http://www.google.com/bot.html)"
66.249.74.49 - - [04/Nov/2012:18:58:09 +0100] "GET /news.php?cs_go=archiv&cs_id=1525&cs_search= HTTP/1.1" 200 7887 "-" "Mozilla/5.0 (compatible; Googlebot/2.1; +http://www.google.com/bot.html)"
66.249.74.49 - - [04/Nov/2012:18:58:52 +0100] "GET /news.php?cs_go=archiv&cs_id=318&cs_search= HTTP/1.1" 200 7887 "-" "Mozilla/5.0 (compatible; Googlebot/2.1; +http://www.google.com/bot.html)"
66.249.74.49 - - [04/Nov/2012:18:59:34 +0100] "GET /news.php?cs_go=archiv&cs_id=47&cs_search= HTTP/1.1" 200 7887 "-" "Mozilla/5.0 (compatible; Googlebot/2.1; +http://www.google.com/bot.html)"
66.249.74.49 - - [04/Nov/2012:19:00:17 +0100] "GET /news.php?cs_go=archiv&cs_id=778&cs_search= HTTP/1.1" 200 7887 "-" "Mozilla/5.0 (compatible; Googlebot/2.1; +http://www.google.com/bot.html)"
5.9.25.72 - - [04/Nov/2012:19:00:31 +0100] "GET /robots.txt HTTP/1.1" 200 177 "-" "Pixray-Seeker/2.0 (Pixray-Seeker; +http://www.pixray.com/pixraybot; +crawler@pixray.com)"
