78.30.200.81 - - [06/Nov/2012:23:03:08 +0100] "GET /news.php?cs_go=archiv&cs_id=3594 HTTP/1.0" 200 13584 "-" "Mozilla/5.0 (compatible; MJ12bot/v1.4.3; http://www.majestic12.co.uk/bot.php?+)"
78.30.200.81 - - [06/Nov/2012:23:03:10 +0100] "GET /news.php?cs_go=archiv&cs_id=3595 HTTP/1.0" 200 9794 "-" "Mozilla/5.0 (compatible; MJ12bot/v1.4.3; http://www.majestic12.co.uk/bot.php?+)"
78.30.200.81 - - [06/Nov/2012:23:03:12 +0100] "GET /news.php?cs_go=archiv&cs_id=3596 HTTP/1.0" 200 11257 "-" "Mozilla/5.0 (compatible; MJ12bot/v1.4.3; http://www.majestic12.co.uk/bot.php?+)"
78.30.200.81 - - [06/Nov/2012:23:03:15 +0100] "GET /news.php?cs_go=archiv&cs_id=3598 HTTP/1.0" 200 10854 "-" "Mozilla/5.0 (compatible; MJ12bot/v1.4.3; http://www.majestic12.co.uk/bot.php?+)"
78.30.200.81 - - [06/Nov/2012:23:03:17 +0100] "GET /news.php?cs_go=archiv&cs_id=3599 HTTP/1.0" 200 11651 "-" "Mozilla/5.0 (compatible; MJ12bot/v1.4.3; http://www.majestic12.co.uk/bot.php?+)"
78.30.200.81 - - [06/Nov/2012:23:03:19 +0100] "GET /news.php?cs_go=archiv&cs_id=3603 HTTP/1.0" 200 13344 "-" "Mozilla/5.0 (compatible; MJ12bot/v1.4.3; http://www.majestic12.co.uk/bot.php?+)"
78.30.200.81 - - [06/Nov/2012:23:03:22 +0100] "GET /news.php?cs_go=archiv&cs_id=3615 HTTP/1.0" 200 13308 "-" "Mozilla/5.0 (compatible; MJ12bot/v1.4.3; http://www.majestic12.co.uk/bot.php?+)"
78.30.200.81 - - [06/Nov/2012:23:03:24 +0100] "GET /news.php?cs_go=archiv&cs_id=3616 HTTP/1.0" 200 9862 "-" "Mozilla/5.0 (compatible; MJ12bot/v1.4.3; http://www.majestic12.co.uk/bot.php?+)"
78.30.200.81 - - [06/Nov/2012:23:03:26 +0100] "GET /news.php?cs_go=archiv&cs_id=3623 HTTP/1.0" 200 13477 "-" "Mozilla/5.0 (compatible; MJ12bot/v1.4.3; http://www.majestic12.co.uk/bot.php?+)"
78.30.200.81 - - [06/Nov/2012:23:03:28 +0100] "GET /news.php?cs_go=archiv&cs_id=3624 HTTP/1.0" 200 10078 "-" "Mozilla/5.0 (compatible; MJ12bot/v1.4.3; http://www.majestic12.co.uk/bot.php?+)"
78.30.200.81 - - [06/Nov/2012:23:03:30 +0100] "GET /news.php?cs_go=archiv&cs_id=3625 HTTP/1.0" 200 14107 "-" "Mozilla/5.0 (compatible; MJ12bot/v1.4.3; http://www.majestic12.co.uk/bot.php?+)"
78.30.200.81 - - [06/Nov/2012:23:03:33 +0100] "GET /newsletter.php HTTP/1.0" 200 8928 "-" "Mozilla/5.0 (compatible; MJ12bot/v1.4.3; http://www.majestic12.co.uk/bot.php?+)"
78.30.200.81 - - [06/Nov/2012:23:03:35 +0100] "GET /optiplus.php HTTP/1.0" 200 11100 "-" "Mozilla/5.0 (compatible; MJ12bot/v1.4.3; http://www.majestic12.co.uk/bot.php?+)"
78.30.200.81 - - [06/Nov/2012:23:03:37 +0100] "GET /preisanfrage.php HTTP/1.0" 200 10734 "-" "Mozilla/5.0 (compatible; MJ12bot/v1.4.3; http://www.majestic12.co.uk/bot.php?+)"
78.30.200.81 - - [06/Nov/2012:23:03:39 +0100] "GET /rueckrufservice.php HTTP/1.0" 200 10770 "-" "Mozilla/5.0 (compatible; MJ12bot/v1.4.3; http://www.majestic12.co.uk/bot.php?+)"
78.30.200.81 - - [06/Nov/2012:23:03:41 +0100] "GET /standard.php HTTP/1.0" 200 9218 "-" "Mozilla/5.0 (compatible; MJ12bot/v1.4.3; http://www.majestic12.co.uk/bot.php?+)"
78.30.200.81 - - [06/Nov/2012:23:03:43 +0100] "GET /wunschpreis.php HTTP/1.0" 200 12084 "-" "Mozilla/5.0 (compatible; MJ12bot/v1.4.3; http://www.majestic12.co.uk/bot.php?+)"
66.249.75.46 - - [06/Nov/2012:23:04:08 +0100] "GET /news.php?cs_go=archiv&cs_id=2072&cs_search= HTTP/1.1" 200 7887 "-" "Mozilla/5.0 (compatible; Googlebot/2.1; +http://www.google.com/bot.html)"
66.249.75.46 - - [06/Nov/2012:23:05:43 +0100] "GET /news.php?cs_go=archiv&cs_id=2060&cs_search= HTTP/1.1" 200 7887 "-" "Mozilla/5.0 (compatible; Googlebot/2.1; +http://www.google.com/bot.html)"
66.249.75.46 - - [06/Nov/2012:23:07:18 +0100] "GET /news.php?cs_go=archiv&cs_id=2569 HTTP/1.1" 200 7887 "-" "Mozilla/5.0 (compatible; Googlebot/2.1; +http://www.google.com/bot.html)"
173.199.118.171 - - [06/Nov/2012:23:07:49 +0100] "GET /robots.txt HTTP/1.1" 200 177 "-" "Mozilla/5.0 (compatible; AhrefsBot/4.0; +http://ahrefs.com/robot/)"
5.9.25.84 - - [06/Nov/2012:23:08:33 +0100] "GET /robots.txt HTTP/1.1" 200 177 "-" "Pixray-Seeker/2.0 (Pixray-Seeker; +http://www.pixray.com/pixraybot; +crawler@pixray.com)"
5.9.25.84 - - [06/Nov/2012:23:08:33 +0100] "GET /news.php?cs_go=archiv&cs_id=2463&cs_search= HTTP/1.1" 200 7887 "-" "Pixray-Seeker/2.0 (Pixray-Seeker; +http://www.pixray.com/pixraybot; +crawler@pixray.com)"
66.249.75.46 - - [06/Nov/2012:23:08:53 +0100] "GET /news.php?cs_go=archiv&cs_id=1946&cs_search= HTTP/1.1" 200 7887 "-" "Mozilla/5.0 (compatible; Googlebot/2.1; +http://www.google.com/bot.html)"
66.249.75.46 - - [06/Nov/2012:23:10:28 +0100] "GET /news.php?cs_go=archiv&cs_id=1966&cs_search= HTTP/1.1" 200 7887 "-" "Mozilla/5.0 (compatible; Googlebot/2.1; +http://www.google.com/bot.html)"
178.154.179.250 - - [06/Nov/2012:23:10:31 +0100] "GET /news.php?cs_go=archiv&cs_id=3635 HTTP/1.1" 200 13377 "-" "Mozilla/5.0 (compatible; YandexBot/3.0; +http://yandex.com/bots)"
5.9.25.83 - - [06/Nov/2012:23:10:47 +0100] "GET /robots.txt HTTP/1.1" 200 177 "-" "Pixray-Seeker/2.0 (Pixray-Seeker; +http://www.pixray.com/pixraybot; +crawler@pixray.com)"
5.9.25.83 - - [06/Nov/2012:23:10:47 +0100] "GET /news.php?cs_go=archiv&cs_id=1792&cs_search= HTTP/1.1" 200 7887 "-" "Pixray-Seeker/2.0 (Pixray-Seeker; +http://www.pixray.com/pixraybot; +crawler@pixray.com)"
66.249.75.46 - - [06/Nov/2012:23:11:56 +0100] "GET /news.php?cs_go=archiv&cs_id=1529&cs_search= HTTP/1.1" 200 7887 "-" "Mozilla/5.0 (compatible; Googlebot/2.1; +http://www.google.com/bot.html)"
66.249.75.46 - - [06/Nov/2012:23:12:05 +0100] "GET /news.php?cs_go=archiv&cs_id=1956&cs_search= HTTP/1.1" 200 7887 "-" "Mozilla/5.0 (compatible; Googlebot/2.1; +http://www.google.com/bot.html)"
66.249.75.46 - - [06/Nov/2012:23:13:41 +0100] "GET /news.php?cs_go=archiv&cs_id=2066&cs_search= HTTP/1.1" 200 7887 "-" "Mozilla/5.0 (compatible; Googlebot/2.1; +http://www.google.com/bot.html)"
66.249.75.46 - - [06/Nov/2012:23:15:17 +0100] "GET /news.php?cs_go=archiv&cs_id=1959&cs_search= HTTP/1.1" 200 7887 "-" "Mozilla/5.0 (compatible; Googlebot/2.1; +http://www.google.com/bot.html)"
173.199.118.171 - - [06/Nov/2012:23:16:34 +0100] "GET /robots.txt HTTP/1.1" 200 177 "-" "Mozilla/5.0 (compatible; AhrefsBot/4.0; +http://ahrefs.com/robot/)"
66.249.75.46 - - [06/Nov/2012:23:16:54 +0100] "GET /news.php?cs_go=archiv&cs_id=1972&cs_search= HTTP/1.1" 200 7887 "-" "Mozilla/5.0 (compatible; Googlebot/2.1; +http://www.google.com/bot.html)"
66.249.75.46 - - [06/Nov/2012:23:18:30 +0100] "GET /news.php?cs_go=archiv&cs_id=1995&cs_search= HTTP/1.1" 200 7887 "-" "Mozilla/5.0 (compatible; Googlebot/2.1; +http://www.google.com/bot.html)"
66.249.75.46 - - [06/Nov/2012:23:20:47 +0100] "GET /news.php?cs_go=archiv&cs_id=2169&cs_search= HTTP/1.1" 200 7887 "-" "Mozilla/5.0 (compatible; Googlebot/2.1; +http://www.google.com/bot.html)"
66.249.75.46 - - [06/Nov/2012:23:21:41 +0100] "GET /news.php?cs_go=archiv&cs_id=2167&cs_search= HTTP/1.1" 200 7887 "-" "Mozilla/5.0 (compatible; Googlebot/2.1; +http://www.google.com/bot.html)"
66.249.75.46 - - [06/Nov/2012:23:23:18 +0100] "GET /news.php?cs_go=archiv&cs_id=2679&cs_search= HTTP/1.1" 200 7887 "-" "Mozilla/5.0 (compatible; Googlebot/2.1; +http://www.google.com/bot.html)"
173.199.118.171 - - [06/Nov/2012:23:24:42 +0100] "GET /robots.txt HTTP/1.1" 200 177 "-" "Mozilla/5.0 (compatible; AhrefsBot/4.0; +http://ahrefs.com/robot/)"
66.249.75.46 - - [06/Nov/2012:23:26:31 +0100] "GET /news.php?cs_go=archiv&cs_id=1925&cs_search= HTTP/1.1" 200 7887 "-" "Mozilla/5.0 (compatible; Googlebot/2.1; +http://www.google.com/bot.html)"
66.249.75.46 - - [06/Nov/2012:23:28:08 +0100] "GET /news.php?cs_go=archiv&cs_id=1931&cs_search= HTTP/1.1" 200 7887 "-" "Mozilla/5.0 (compatible; Googlebot/2.1; +http://www.google.com/bot.html)"
66.249.75.46 - - [06/Nov/2012:23:29:44 +0100] "GET /news.php?cs_go=archiv&cs_id=1674&cs_search= HTTP/1.1" 200 7887 "-" "Mozilla/5.0 (compatible; Googlebot/2.1; +http://www.google.com/bot.html)"
66.249.75.46 - - [06/Nov/2012:23:32:57 +0100] "GET /news.php?cs_go=archiv&cs_id=1642&cs_search= HTTP/1.1" 200 7887 "-" "Mozilla/5.0 (compatible; Googlebot/2.1; +http://www.google.com/bot.html)"
66.249.75.46 - - [06/Nov/2012:23:34:34 +0100] "GET /news.php?cs_go=archiv&cs_id=1684&cs_search= HTTP/1.1" 200 7887 "-" "Mozilla/5.0 (compatible; Googlebot/2.1; +http://www.google.com/bot.html)"
5.9.25.80 - - [06/Nov/2012:23:38:06 +0100] "GET /robots.txt HTTP/1.1" 200 177 "-" "Pixray-Seeker/2.0 (Pixray-Seeker; +http://www.pixray.com/pixraybot; +crawler@pixray.com)"
5.9.25.80 - - [06/Nov/2012:23:38:06 +0100] "GET /news.php?cs_go=archiv&cs_id=3409&cs_search= HTTP/1.1" 200 9833 "-" "Pixray-Seeker/2.0 (Pixray-Seeker; +http://www.pixray.com/pixraybot; +crawler@pixray.com)"
66.249.75.46 - - [06/Nov/2012:23:39:24 +0100] "GET /news.php?cs_go=archiv&cs_id=1685&cs_search= HTTP/1.1" 200 7887 "-" "Mozilla/5.0 (compatible; Googlebot/2.1; +http://www.google.com/bot.html)"
5.9.25.67 - - [06/Nov/2012:23:40:02 +0100] "GET /robots.txt HTTP/1.1" 200 177 "-" "Pixray-Seeker/2.0 (Pixray-Seeker; +http://www.pixray.com/pixraybot; +crawler@pixray.com)"
5.9.25.67 - - [06/Nov/2012:23:40:02 +0100] "GET /news.php?cs_go=archiv&cs_id=2265&cs_search= HTTP/1.1" 200 7887 "-" "Pixray-Seeker/2.0 (Pixray-Seeker; +http://www.pixray.com/pixraybot; +crawler@pixray.com)"
66.249.75.46 - - [06/Nov/2012:23:45:55 +0100] "GET /lexikon.php?cs_go=3&cs_id=68 HTTP/1.1" 200 8526 "-" "Mozilla/5.0 (compatible; Googlebot/2.1; +http://www.google.com/bot.html)"
66.249.75.46 - - [06/Nov/2012:23:50:48 +0100] "GET /lexikon.php?cs_go=3&cs_id=197 HTTP/1.1" 200 7997 "-" "Mozilla/5.0 (compatible; Googlebot/2.1; +http://www.google.com/bot.html)"
66.249.75.46 - - [06/Nov/2012:23:57:19 +0100] "GET /lexikon.php?cs_go=3&cs_id=48 HTTP/1.1" 200 9448 "-" "Mozilla/5.0 (compatible; Googlebot/2.1; +http://www.google.com/bot.html)"
66.249.75.46 - - [06/Nov/2012:23:58:44 +0100] "GET /news.php?cs_go=archiv&cs_id=2569&cs_search= HTTP/1.1" 200 7887 "-" "Mozilla/5.0 (compatible; Googlebot/2.1; +http://www.google.com/bot.html)"
66.249.75.46 - - [07/Nov/2012:00:02:12 +0100] "GET /news.php?cs_go=archiv&cs_startpos=691 HTTP/1.1" 200 22226 "-" "Mozilla/5.0 (compatible; Googlebot/2.1; +http://www.google.com/bot.html)"
66.249.75.46 - - [07/Nov/2012:00:05:27 +0100] "GET /news.php?cs_go=archiv&cs_id=3498&cs_search= HTTP/1.1" 200 15863 "-" "Mozilla/5.0 (compatible; Googlebot/2.1; +http://www.google.com/bot.html)"
66.249.75.46 - - [07/Nov/2012:00:07:05 +0100] "GET /news.php?cs_go=archiv&cs_id=3499&cs_search= HTTP/1.1" 200 9866 "-" "Mozilla/5.0 (compatible; Googlebot/2.1; +http://www.google.com/bot.html)"
66.249.75.46 - - [07/Nov/2012:00:16:53 +0100] "GET /news.php?cs_go=archiv&cs_id=3407&cs_search= HTTP/1.1" 200 9975 "-" "Mozilla/5.0 (compatible; Googlebot/2.1; +http://www.google.com/bot.html)"
46.118.95.38 - - [07/Nov/2012:00:18:40 +0100] "GET /robots.txt HTTP/1.1" 200 177 "-" "Mozilla/5.0 (compatible; 008/0.83; http://www.80legs.com/webcrawler.html;) Gecko/2008032620"
46.118.95.38 - - [07/Nov/2012:00:18:40 +0100] "GET / HTTP/1.1" 200 15380 "-" "Mozilla/5.0 (compatible; 008/0.83; http://www.80legs.com/webcrawler.html) Gecko/2008032620"
66.249.75.46 - - [07/Nov/2012:00:20:10 +0100] "GET /news.php?cs_go=archiv&cs_id=3511&cs_search= HTTP/1.1" 200 11721 "-" "Mozilla/5.0 (compatible; Googlebot/2.1; +http://www.google.com/bot.html)"
5.9.25.69 - - [07/Nov/2012:00:20:57 +0100] "GET /robots.txt HTTP/1.1" 200 177 "-" "Pixray-Seeker/2.0 (Pixray-Seeker; +http://www.pixray.com/pixraybot; +crawler@pixray.com)"
5.9.25.69 - - [07/Nov/2012:00:20:57 +0100] "GET /news.php?cs_go=archiv&cs_id=2594&cs_search= HTTP/1.1" 200 7887 "-" "Pixray-Seeker/2.0 (Pixray-Seeker; +http://www.pixray.com/pixraybot; +crawler@pixray.com)"
66.249.75.46 - - [07/Nov/2012:00:21:49 +0100] "GET /news.php?cs_go=archiv&cs_id=3370&cs_search= HTTP/1.1" 200 13528 "-" "Mozilla/5.0 (compatible; Googlebot/2.1; +http://www.google.com/bot.html)"
178.154.179.250 - - [07/Nov/2012:00:24:26 +0100] "GET /jobs.php HTTP/1.1" 200 10066 "-" "Mozilla/5.0 (compatible; YandexBot/3.0; +http://yandex.com/bots)"
66.249.75.46 - - [07/Nov/2012:00:26:44 +0100] "GET /news.php?cs_go=archiv&cs_id=3367&cs_search= HTTP/1.1" 200 11457 "-" "Mozilla/5.0 (compatible; Googlebot/2.1; +http://www.google.com/bot.html)"
23.20.119.144 - - [07/Nov/2012:00:30:53 +0100] "GET / HTTP/1.0" 200 15380 "-" "Mozilla/5.0 (compatible; NetcraftSurveyAgent/1.0; +info@netcraft.com)"
69.28.58.9 - - [07/Nov/2012:00:39:20 +0100] "GET / HTTP/1.1" 200 15380 "-" "Wget/1.9+cvs-stable (Red Hat modified)"
5.9.25.83 - - [07/Nov/2012:00:42:48 +0100] "GET /robots.txt HTTP/1.1" 200 177 "-" "Pixray-Seeker/2.0 (Pixray-Seeker; +http://www.pixray.com/pixraybot; +crawler@pixray.com)"
5.9.25.83 - - [07/Nov/2012:00:42:48 +0100] "GET /news.php?cs_go=archiv&cs_id=3408&cs_search= HTTP/1.1" 200 13321 "-" "Pixray-Seeker/2.0 (Pixray-Seeker; +http://www.pixray.com/pixraybot; +crawler@pixray.com)"
66.249.75.46 - - [07/Nov/2012:00:48:16 +0100] "GET /news.php?cs_go=archiv&cs_id=3388 HTTP/1.1" 200 9831 "-" "Mozilla/5.0 (compatible; Googlebot/2.1; +http://www.google.com/bot.html)"
5.9.25.85 - - [07/Nov/2012:00:48:44 +0100] "GET /robots.txt HTTP/1.1" 200 177 "-" "Pixray-Seeker/2.0 (Pixray-Seeker; +http://www.pixray.com/pixraybot; +crawler@pixray.com)"
5.9.25.85 - - [07/Nov/2012:00:48:44 +0100] "GET /news.php?cs_go=archiv&cs_id=2110&cs_search= HTTP/1.1" 200 7887 "-" "Pixray-Seeker/2.0 (Pixray-Seeker; +http://www.pixray.com/pixraybot; +crawler@pixray.com)"
66.249.75.46 - - [07/Nov/2012:00:49:56 +0100] "GET /news.php?cs_go=archiv&cs_id=3412&cs_search= HTTP/1.1" 200 9866 "-" "Mozilla/5.0 (compatible; Googlebot/2.1; +http://www.google.com/bot.html)"
66.249.75.46 - - [07/Nov/2012:00:51:36 +0100] "GET /news.php?cs_go=archiv&cs_id=3521 HTTP/1.1" 200 13261 "-" "Mozilla/5.0 (compatible; Googlebot/2.1; +http://www.google.com/bot.html)"
66.249.75.46 - - [07/Nov/2012:00:56:41 +0100] "GET /news.php?cs_go=archiv&cs_id=1421&cs_search= HTTP/1.1" 200 7887 "-" "Mozilla/5.0 (compatible; Googlebot/2.1; +http://www.google.com/bot.html)"
66.249.75.46 - - [07/Nov/2012:00:58:19 +0100] "GET /news.php?cs_go=archiv&cs_id=3505 HTTP/1.1" 200 11897 "-" "Mozilla/5.0 (compatible; Googlebot/2.1; +http://www.google.com/bot.html)"
66.249.75.46 - - [07/Nov/2012:00:59:58 +0100] "GET /news.php?cs_go=archiv&cs_id=3387&cs_search= HTTP/1.1" 200 13353 "-" "Mozilla/5.0 (compatible; Googlebot/2.1; +http://www.google.com/bot.html)"
66.249.75.46 - - [07/Nov/2012:01:01:40 +0100] "GET /news.php?cs_go=archiv&cs_startpos=630 HTTP/1.1" 200 22823 "-" "Mozilla/5.0 (compatible; Googlebot/2.1; +http://www.google.com/bot.html)"
66.249.75.46 - - [07/Nov/2012:01:03:21 +0100] "GET /news.php?cs_go=archiv&cs_id=3389&cs_search= HTTP/1.1" 200 13643 "-" "Mozilla/5.0 (compatible; Googlebot/2.1; +http://www.google.com/bot.html)"
5.9.25.83 - - [07/Nov/2012:01:10:05 +0100] "GET /robots.txt HTTP/1.1" 200 177 "-" "Pixray-Seeker/2.0 (Pixray-Seeker; +http://www.pixray.com/pixraybot; +crawler@pixray.com)"
5.9.25.83 - - [07/Nov/2012:01:10:05 +0100] "GET /news.php?cs_go=archiv&cs_id=3225&cs_search= HTTP/1.1" 200 12215 "-" "Pixray-Seeker/2.0 (Pixray-Seeker; +http://www.pixray.com/pixraybot; +crawler@pixray.com)"
66.249.75.46 - - [07/Nov/2012:01:13:31 +0100] "GET /news.php?cs_go=archiv&cs_id=3258&cs_search= HTTP/1.1" 200 11921 "-" "Mozilla/5.0 (compatible; Googlebot/2.1; +http://www.google.com/bot.html)"
5.9.25.79 - - [07/Nov/2012:01:22:56 +0100] "GET /robots.txt HTTP/1.1" 200 177 "-" "Pixray-Seeker/2.0 (Pixray-Seeker; +http://www.pixray.com/pixraybot; +crawler@pixray.com)"
5.9.25.79 - - [07/Nov/2012:01:22:57 +0100] "GET /news.php?cs_go=archiv&cs_id=2836&cs_search= HTTP/1.1" 200 10776 "-" "Pixray-Seeker/2.0 (Pixray-Seeker; +http://www.pixray.com/pixraybot; +crawler@pixray.com)"
178.154.179.250 - - [07/Nov/2012:01:23:29 +0100] "GET /index.php HTTP/1.1" 200 15380 "-" "Mozilla/5.0 (compatible; YandexBot/3.0; +http://yandex.com/bots)"
66.249.75.46 - - [07/Nov/2012:01:23:49 +0100] "GET /news.php?cs_go=archiv&cs_id=3394&cs_search= HTTP/1.1" 200 14064 "-" "Mozilla/5.0 (compatible; Googlebot/2.1; +http://www.google.com/bot.html)"
66.249.75.46 - - [07/Nov/2012:01:27:16 +0100] "GET /news.php?cs_go=archiv&cs_id=3016&cs_search= HTTP/1.1" 200 11117 "-" "Mozilla/5.0 (compatible; Googlebot/2.1; +http://www.google.com/bot.html)"
5.9.25.76 - - [07/Nov/2012:01:29:03 +0100] "GET /robots.txt HTTP/1.1" 200 177 "-" "Pixray-Seeker/2.0 (Pixray-Seeker; +http://www.pixray.com/pixraybot; +crawler@pixray.com)"
5.9.25.76 - - [07/Nov/2012:01:29:03 +0100] "GET /news.php?cs_go=archiv&cs_id=2947&cs_search= HTTP/1.1" 200 9891 "-" "Pixray-Seeker/2.0 (Pixray-Seeker; +http://www.pixray.com/pixraybot; +crawler@pixray.com)"
66.249.75.46 - - [07/Nov/2012:01:31:36 +0100] "GET /news.php?cs_go=archiv&cs_id=722&cs_search= HTTP/1.1" 200 7887 "-" "Mozilla/5.0 (compatible; Googlebot/2.1; +http://www.google.com/bot.html)"
64.125.222.50 - - [07/Nov/2012:01:31:53 +0100] "GET /robots.txt HTTP/1.1" 200 177 "-" "Mozilla/5.0 (compatible; 008/0.83; http://www.80legs.com/webcrawler.html;) Gecko/2008032620"
190.95.161.126 - - [07/Nov/2012:01:33:32 +0100] "GET / HTTP/1.1" 200 15380 "-" "Mozilla/5.0 (compatible; 008/0.83; http://www.80legs.com/webcrawler.html) Gecko/2008032620"
77.222.153.68 - - [07/Nov/2012:01:33:38 +0100] "GET / HTTP/1.1" 200 15380 "-" "Mozilla/5.0 (compatible; 008/0.83; http://www.80legs.com/webcrawler.html) Gecko/2008032620"
77.222.153.68 - - [07/Nov/2012:01:33:41 +0100] "GET / HTTP/1.1" 200 15380 "-" "Mozilla/5.0 (compatible; 008/0.83; http://www.80legs.com/webcrawler.html) Gecko/2008032620"
190.95.161.126 - - [07/Nov/2012:01:33:41 +0100] "GET / HTTP/1.1" 200 15380 "-" "Mozilla/5.0 (compatible; 008/0.83; http://www.80legs.com/webcrawler.html) Gecko/2008032620"
77.222.153.68 - - [07/Nov/2012:01:33:43 +0100] "GET / HTTP/1.1" 200 15380 "-" "Mozilla/5.0 (compatible; 008/0.83; http://www.80legs.com/webcrawler.html) Gecko/2008032620"
66.249.75.46 - - [07/Nov/2012:01:35:59 +0100] "GET /news.php?cs_go=archiv&cs_id=3442&cs_search= HTTP/1.1" 200 12622 "-" "Mozilla/5.0 (compatible; Googlebot/2.1; +http://www.google.com/bot.html)"
66.249.75.46 - - [07/Nov/2012:01:41:16 +0100] "GET /news.php?cs_go=archiv&cs_startpos=100 HTTP/1.1" 200 22775 "-" "Mozilla/5.0 (compatible; Googlebot/2.1; +http://www.google.com/bot.html)"
5.9.25.79 - - [07/Nov/2012:01:44:10 +0100] "GET /robots.txt HTTP/1.1" 200 177 "-" "Pixray-Seeker/2.0 (Pixray-Seeker; +http://www.pixray.com/pixraybot; +crawler@pixray.com)"
5.9.25.79 - - [07/Nov/2012:01:44:10 +0100] "GET /news.php?cs_go=archiv&cs_id=2806&cs_search= HTTP/1.1" 200 12248 "-" "Pixray-Seeker/2.0 (Pixray-Seeker; +http://www.pixray.com/pixraybot; +crawler@pixray.com)"
66.249.75.46 - - [07/Nov/2012:01:44:50 +0100] "GET /news.php?cs_go=archiv&cs_id=3243&cs_search= HTTP/1.1" 200 9827 "-" "Mozilla/5.0 (compatible; Googlebot/2.1; +http://www.google.com/bot.html)"
66.249.75.46 - - [07/Nov/2012:01:46:36 +0100] "GET /news.php?cs_go=archiv&cs_startpos=540 HTTP/1.1" 200 22841 "-" "Mozilla/5.0 (compatible; Googlebot/2.1; +http://www.google.com/bot.html)"
66.249.75.46 - - [07/Nov/2012:01:48:24 +0100] "GET /news.php?cs_go=archiv&cs_startpos=680 HTTP/1.1" 200 22650 "-" "Mozilla/5.0 (compatible; Googlebot/2.1; +http://www.google.com/bot.html)"
66.249.75.46 - - [07/Nov/2012:01:50:11 +0100] "GET /news.php?cs_go=archiv&cs_startpos=220 HTTP/1.1" 200 23090 "-" "Mozilla/5.0 (compatible; Googlebot/2.1; +http://www.google.com/bot.html)"
66.249.75.46 - - [07/Nov/2012:01:51:58 +0100] "GET /news.php?cs_go=archiv&cs_id=2749&cs_search= HTTP/1.1" 200 12562 "-" "Mozilla/5.0 (compatible; Googlebot/2.1; +http://www.google.com/bot.html)"
66.249.75.46 - - [07/Nov/2012:01:57:22 +0100] "GET /news.php?cs_go=archiv&cs_id=3153&cs_search= HTTP/1.1" 200 14200 "-" "Mozilla/5.0 (compatible; Googlebot/2.1; +http://www.google.com/bot.html)"
66.249.75.46 - - [07/Nov/2012:01:59:08 +0100] "GET /lexikon.php?cs_go=3&cs_id=20 HTTP/1.1" 200 8978 "-" "Mozilla/5.0 (compatible; Googlebot/2.1; +http://www.google.com/bot.html)"
66.249.75.46 - - [07/Nov/2012:02:00:55 +0100] "GET /news.php?cs_go=archiv&cs_id=3157&cs_search= HTTP/1.1" 200 9906 "-" "Mozilla/5.0 (compatible; Googlebot/2.1; +http://www.google.com/bot.html)"
66.249.75.46 - - [07/Nov/2012:02:02:43 +0100] "GET /news.php?cs_go=archiv&cs_id=3488 HTTP/1.1" 200 13325 "-" "Mozilla/5.0 (compatible; Googlebot/2.1; +http://www.google.com/bot.html)"
66.249.75.46 - - [07/Nov/2012:02:04:29 +0100] "GET /news.php?cs_go=archiv&cs_startpos=710 HTTP/1.1" 200 8585 "-" "Mozilla/5.0 (compatible; Googlebot/2.1; +http://www.google.com/bot.html)"
66.249.75.46 - - [07/Nov/2012:02:08:05 +0100] "GET /news.php?cs_go=archiv&cs_id=3514&cs_search= HTTP/1.1" 200 14386 "-" "Mozilla/5.0 (compatible; Googlebot/2.1; +http://www.google.com/bot.html)"
66.249.75.46 - - [07/Nov/2012:02:09:52 +0100] "GET /news.php?cs_go=archiv&cs_id=2873 HTTP/1.1" 200 15540 "-" "Mozilla/5.0 (compatible; Googlebot/2.1; +http://www.google.com/bot.html)"
66.249.75.46 - - [07/Nov/2012:02:15:17 +0100] "GET /news.php?cs_go=archiv&cs_id=2773 HTTP/1.1" 200 15275 "-" "Mozilla/5.0 (compatible; Googlebot/2.1; +http://www.google.com/bot.html)"
5.9.25.68 - - [07/Nov/2012:02:17:29 +0100] "GET /robots.txt HTTP/1.1" 200 177 "-" "Pixray-Seeker/2.0 (Pixray-Seeker; +http://www.pixray.com/pixraybot; +crawler@pixray.com)"
5.9.25.68 - - [07/Nov/2012:02:17:29 +0100] "GET /news.php?cs_go=archiv&cs_id=3634 HTTP/1.1" 200 9818 "-" "Pixray-Seeker/2.0 (Pixray-Seeker; +http://www.pixray.com/pixraybot; +crawler@pixray.com)"
5.9.25.70 - - [07/Nov/2012:02:18:28 +0100] "GET /robots.txt HTTP/1.1" 200 177 "-" "Pixray-Seeker/2.0 (Pixray-Seeker; +http://www.pixray.com/pixraybot; +crawler@pixray.com)"
5.9.25.70 - - [07/Nov/2012:02:18:28 +0100] "GET /news.php?cs_go=archiv&cs_id=2117&cs_search= HTTP/1.1" 200 7887 "-" "Pixray-Seeker/2.0 (Pixray-Seeker; +http://www.pixray.com/pixraybot; +crawler@pixray.com)"
178.154.179.250 - - [07/Nov/2012:02:20:15 +0100] "GET /news.php?cs_go=archiv&cs_id=3622 HTTP/1.1" 200 11727 "-" "Mozilla/5.0 (compatible; YandexBot/3.0; +http://yandex.com/bots)"
178.212.195.104 - - [07/Nov/2012:02:20:36 +0100] "GET /kontakt.php HTTP/1.1" 200 9198 "-" "Mozilla/5.0 (compatible; 008/0.83; http://www.80legs.com/webcrawler.html) Gecko/2008032620"
66.249.75.46 - - [07/Nov/2012:02:20:41 +0100] "GET /news.php?cs_go=archiv&cs_id=3128&cs_search= HTTP/1.1" 200 13411 "-" "Mozilla/5.0 (compatible; Googlebot/2.1; +http://www.google.com/bot.html)"
190.209.45.177 - - [07/Nov/2012:02:21:03 +0100] "GET /../optiplus.php HTTP/1.1" 404 - "-" "Mozilla/5.0 (compatible; 008/0.83; http://www.80legs.com/webcrawler.html) Gecko/2008032620"
66.249.75.46 - - [07/Nov/2012:02:24:18 +0100] "GET /modernisierung.php HTTP/1.1" 200 11578 "-" "Mozilla/5.0 (compatible; Googlebot/2.1; +http://www.google.com/bot.html)"
92.39.68.63 - - [07/Nov/2012:02:24:25 +0100] "GET /newsletter.php HTTP/1.0" 200 8928 "-" "Mozilla/5.0 (compatible; 008/0.83; http://www.80legs.com/webcrawler.html) Gecko/2008032620"
66.249.75.46 - - [07/Nov/2012:02:26:06 +0100] "GET /news.php?cs_go=archiv&cs_id=3458 HTTP/1.1" 200 9854 "-" "Mozilla/5.0 (compatible; Googlebot/2.1; +http://www.google.com/bot.html)"
95.32.91.154 - - [07/Nov/2012:02:28:41 +0100] "GET /rueckrufservice.php HTTP/1.1" 200 10770 "-" "Mozilla/5.0 (compatible; 008/0.83; http://www.80legs.com/webcrawler.html) Gecko/2008032620"
5.9.25.71 - - [07/Nov/2012:02:30:06 +0100] "GET /robots.txt HTTP/1.1" 200 177 "-" "Pixray-Seeker/2.0 (Pixray-Seeker; +http://www.pixray.com/pixraybot; +crawler@pixray.com)"
5.9.25.71 - - [07/Nov/2012:02:30:06 +0100] "GET /news.php?cs_go=archiv&cs_startpos=1411 HTTP/1.1" 200 8126 "-" "Pixray-Seeker/2.0 (Pixray-Seeker; +http://www.pixray.com/pixraybot; +crawler@pixray.com)"
5.9.25.79 - - [07/Nov/2012:02:30:58 +0100] "GET /robots.txt HTTP/1.1" 200 177 "-" "Pixray-Seeker/2.0 (Pixray-Seeker; +http://www.pixray.com/pixraybot; +crawler@pixray.com)"
5.9.25.79 - - [07/Nov/2012:02:30:58 +0100] "GET /news.php?cs_go=archiv&cs_id=2593&cs_search= HTTP/1.1" 200 7887 "-" "Pixray-Seeker/2.0 (Pixray-Seeker; +http://www.pixray.com/pixraybot; +crawler@pixray.com)"
113.53.24.209 - - [07/Nov/2012:02:32:45 +0100] "GET /jobs.php HTTP/1.1" 200 10066 "-" "Mozilla/5.0 (compatible; 008/0.83; http://www.80legs.com/webcrawler.html) Gecko/2008032620"
37.229.63.109 - - [07/Nov/2012:02:34:36 +0100] "GET /impressum.php HTTP/1.1" 200 8582 "-" "Mozilla/5.0 (compatible; 008/0.83; http://www.80legs.com/webcrawler.html) Gecko/2008032620"
188.128.8.238 - - [07/Nov/2012:02:35:30 +0100] "GET /index.php HTTP/1.1" 200 15380 "-" "Mozilla/5.0 (compatible; 008/0.83; http://www.80legs.com/webcrawler.html) Gecko/2008032620"
188.134.43.23 - - [07/Nov/2012:02:40:28 +0100] "GET /optiplus.php HTTP/1.1" 200 11100 "-" "Mozilla/5.0 (compatible; 008/0.83; http://www.80legs.com/webcrawler.html) Gecko/2008032620"
77.247.186.125 - - [07/Nov/2012:02:41:37 +0100] "GET /news.php HTTP/1.1" 200 22146 "-" "Mozilla/5.0 (compatible; 008/0.83; http://www.80legs.com/webcrawler.html) Gecko/2008032620"
178.150.2.217 - - [07/Nov/2012:02:42:33 +0100] "GET /news.php?cs_go=archiv&cs_id=3643 HTTP/1.1" 200 13285 "-" "Mozilla/5.0 (compatible; 008/0.83; http://www.80legs.com/webcrawler.html) Gecko/2008032620"
188.227.82.156 - - [07/Nov/2012:02:42:39 +0100] "GET /news.php?cs_go=archiv&cs_id=3621 HTTP/1.1" 200 13052 "-" "Mozilla/5.0 (compatible; 008/0.83; http://www.80legs.com/webcrawler.html) Gecko/2008032620"
46.138.53.117 - - [07/Nov/2012:02:43:29 +0100] "GET /kwk.php HTTP/1.1" 200 10884 "-" "Mozilla/5.0 (compatible; 008/0.83; http://www.80legs.com/webcrawler.html) Gecko/2008032620"
213.87.134.9 - - [07/Nov/2012:02:44:05 +0100] "GET /agb.php HTTP/1.1" 200 19709 "-" "Mozilla/5.0 (compatible; 008/0.83; http://www.80legs.com/webcrawler.html) Gecko/2008032620"
66.249.75.46 - - [07/Nov/2012:02:44:35 +0100] "GET /news.php?cs_go=archiv&cs_startpos=30 HTTP/1.1" 200 22544 "-" "Mozilla/5.0 (compatible; Googlebot/2.1; +http://www.google.com/bot.html)"
37.113.39.110 - - [07/Nov/2012:02:46:21 +0100] "GET /news.php?cs_go=archiv HTTP/1.1" 200 22146 "-" "Mozilla/5.0 (compatible; 008/0.83; http://www.80legs.com/webcrawler.html) Gecko/2008032620"
66.249.75.46 - - [07/Nov/2012:02:46:28 +0100] "GET /news.php?cs_go=archiv&cs_id=3604&cs_search= HTTP/1.1" 200 9768 "-" "Mozilla/5.0 (compatible; Googlebot/2.1; +http://www.google.com/bot.html)"
66.249.75.46 - - [07/Nov/2012:02:46:28 +0100] "GET /news.php?cs_go=archiv&cs_startpos=470 HTTP/1.1" 200 22834 "-" "Mozilla/5.0 (compatible; Googlebot/2.1; +http://www.google.com/bot.html)"
66.249.75.46 - - [07/Nov/2012:02:48:23 +0100] "GET /news.php?cs_go=archiv&cs_id=3161&cs_search= HTTP/1.1" 200 9912 "-" "Mozilla/5.0 (compatible; Googlebot/2.1; +http://www.google.com/bot.html)"
66.249.75.46 - - [07/Nov/2012:02:50:16 +0100] "GET /news.php?cs_go=archiv&cs_id=2889&cs_search= HTTP/1.1" 200 13664 "-" "Mozilla/5.0 (compatible; Googlebot/2.1; +http://www.google.com/bot.html)"
195.140.231.142 - - [07/Nov/2012:02:51:30 +0100] "GET /standard.php HTTP/1.1" 200 9218 "-" "Mozilla/5.0 (compatible; 008/0.83; http://www.80legs.com/webcrawler.html) Gecko/2008032620"
66.249.75.46 - - [07/Nov/2012:02:54:03 +0100] "GET /news.php?cs_go=archiv&cs_id=3371&cs_search= HTTP/1.1" 200 9903 "-" "Mozilla/5.0 (compatible; Googlebot/2.1; +http://www.google.com/bot.html)"
175.139.29.81 - - [07/Nov/2012:02:55:30 +0100] "GET /newsletter.php HTTP/1.1" 200 8928 "-" "Mozilla/5.0 (compatible; 008/0.83; http://www.80legs.com/webcrawler.html) Gecko/2008032620"
66.249.75.46 - - [07/Nov/2012:02:55:56 +0100] "GET /news.php?cs_go=archiv&cs_id=3474 HTTP/1.1" 200 13357 "-" "Mozilla/5.0 (compatible; Googlebot/2.1; +http://www.google.com/bot.html)"
66.249.75.46 - - [07/Nov/2012:02:57:50 +0100] "GET /news.php?cs_go=archiv&cs_id=1641&cs_search= HTTP/1.1" 200 7887 "-" "Mozilla/5.0 (compatible; Googlebot/2.1; +http://www.google.com/bot.html)"
66.249.75.46 - - [07/Nov/2012:02:59:43 +0100] "GET /news.php?cs_go=archiv&cs_id=2878&cs_search= HTTP/1.1" 200 13547 "-" "Mozilla/5.0 (compatible; Googlebot/2.1; +http://www.google.com/bot.html)"
5.9.25.76 - - [07/Nov/2012:03:00:14 +0100] "GET /robots.txt HTTP/1.1" 200 177 "-" "Pixray-Seeker/2.0 (Pixray-Seeker; +http://www.pixray.com/pixraybot; +crawler@pixray.com)"
5.9.25.76 - - [07/Nov/2012:03:00:14 +0100] "GET /news.php?cs_go=archiv&cs_id=1721&cs_search= HTTP/1.1" 200 7887 "-" "Pixray-Seeker/2.0 (Pixray-Seeker; +http://www.pixray.com/pixraybot; +crawler@pixray.com)"
180.243.30.96 - - [07/Nov/2012:03:03:58 +0100] "GET /agb.php HTTP/1.1" 200 19709 "-" "Mozilla/5.0 (compatible; 008/0.83; http://www.80legs.com/webcrawler.html) Gecko/2008032620"
110.138.100.38 - - [07/Nov/2012:03:03:03 +0100] "GET /preisanfrage.php HTTP/1.1" 200 10734 "-" "Mozilla/5.0 (compatible; 008/0.83; http://www.80legs.com/webcrawler.html) Gecko/2008032620"
110.138.100.38 - - [07/Nov/2012:03:03:13 +0100] "GET /preisanfrage.php HTTP/1.1" 200 10734 "-" "Mozilla/5.0 (compatible; 008/0.83; http://www.80legs.com/webcrawler.html) Gecko/2008032620"
66.249.75.46 - - [07/Nov/2012:03:03:30 +0100] "GET /news.php?cs_go=archiv&cs_startpos=631 HTTP/1.1" 200 22767 "-" "Mozilla/5.0 (compatible; Googlebot/2.1; +http://www.google.com/bot.html)"
91.76.18.77 - - [07/Nov/2012:03:04:25 +0100] "GET /news.php?cs_go=archiv&cs_id=3639 HTTP/1.1" 200 13649 "-" "Mozilla/5.0 (compatible; 008/0.83; http://www.80legs.com/webcrawler.html) Gecko/2008032620"
66.249.75.46 - - [07/Nov/2012:03:07:17 +0100] "GET /news.php?cs_go=archiv&cs_id=2724 HTTP/1.1" 200 13865 "-" "Mozilla/5.0 (compatible; Googlebot/2.1; +http://www.google.com/bot.html)"
66.249.75.46 - - [07/Nov/2012:03:11:08 +0100] "GET /news.php?cs_go=archiv&cs_id=3372&cs_search= HTTP/1.1" 200 11793 "-" "Mozilla/5.0 (compatible; Googlebot/2.1; +http://www.google.com/bot.html)"
213.221.56.2 - - [07/Nov/2012:03:12:26 +0100] "GET /wunschpreis.php HTTP/1.1" 200 12084 "-" "Mozilla/5.0 (compatible; 008/0.83; http://www.80legs.com/webcrawler.html) Gecko/2008032620"
98.245.78.46 - - [07/Nov/2012:03:12:43 +0100] "GET /rueckrufservice.php HTTP/1.1" 200 10770 "-" "Mozilla/5.0 (compatible; 008/0.83; http://www.80legs.com/webcrawler.html) Gecko/2008032620"
37.113.39.110 - - [07/Nov/2012:03:13:29 +0100] "GET /newsletter.php HTTP/1.1" 200 8928 "-" "Mozilla/5.0 (compatible; 008/0.83; http://www.80legs.com/webcrawler.html) Gecko/2008032620"
61.28.160.118 - - [07/Nov/2012:03:14:34 +0100] "GET /news.php?cs_go=archiv&cs_id=3641 HTTP/1.1" 200 10079 "-" "Mozilla/5.0 (compatible; 008/0.83; http://www.80legs.com/webcrawler.html) Gecko/2008032620"
37.194.133.63 - - [07/Nov/2012:03:15:07 +0100] "GET /news.php?cs_go=archiv&cs_id=3641 HTTP/1.1" 200 10079 "-" "Mozilla/5.0 (compatible; 008/0.83; http://www.80legs.com/webcrawler.html) Gecko/2008032620"
194.187.49.235 - - [07/Nov/2012:03:15:09 +0100] "GET /optiplus.php HTTP/1.1" 200 11100 "-" "Mozilla/5.0 (compatible; 008/0.83; http://www.80legs.com/webcrawler.html) Gecko/2008032620"
194.187.49.235 - - [07/Nov/2012:03:15:11 +0100] "GET /preisanfrage.php HTTP/1.1" 200 10734 "-" "Mozilla/5.0 (compatible; 008/0.83; http://www.80legs.com/webcrawler.html) Gecko/2008032620"
66.249.75.46 - - [07/Nov/2012:03:20:28 +0100] "GET /news.php?cs_go=archiv&cs_id=3633 HTTP/1.1" 200 13307 "-" "Mozilla/5.0 (iPhone; U; CPU iPhone OS 4_1 like Mac OS X; en-us) AppleWebKit/532.9 (KHTML, like Gecko) Version/4.0.5 Mobile/8B117 Safari/6531.22.7 (compatible; Googlebot-Mobile/2.1; +http://www.google.com/bot.html)"
66.249.75.46 - - [07/Nov/2012:03:20:54 +0100] "GET /news.php?cs_go=archiv&cs_id=3386&cs_search= HTTP/1.1" 200 9939 "-" "Mozilla/5.0 (compatible; Googlebot/2.1; +http://www.google.com/bot.html)"
89.189.170.55 - - [07/Nov/2012:03:23:39 +0100] "GET /jobs.php HTTP/1.1" 200 10066 "-" "Mozilla/5.0 (compatible; 008/0.83; http://www.80legs.com/webcrawler.html) Gecko/2008032620"
193.19.165.99 - - [07/Nov/2012:03:25:00 +0100] "GET /../standard.php HTTP/1.1" 404 - "-" "Mozilla/5.0 (compatible; 008/0.83; http://www.80legs.com/webcrawler.html) Gecko/2008032620"
37.147.61.71 - - [07/Nov/2012:03:25:34 +0100] "GET /../standard.php HTTP/1.1" 404 - "-" "Mozilla/5.0 (compatible; 008/0.83; http://www.80legs.com/webcrawler.html) Gecko/2008032620"
109.165.31.116 - - [07/Nov/2012:03:25:58 +0100] "GET /optiplus.php HTTP/1.1" 200 11100 "-" "Mozilla/5.0 (compatible; 008/0.83; http://www.80legs.com/webcrawler.html) Gecko/2008032620"
109.202.20.64 - - [07/Nov/2012:03:26:24 +0100] "GET /optiplus.php HTTP/1.1" 200 11100 "-" "Mozilla/5.0 (compatible; 008/0.83; http://www.80legs.com/webcrawler.html) Gecko/2008032620"
85.254.17.14 - - [07/Nov/2012:03:26:29 +0100] "GET /preisanfrage.php HTTP/1.1" 200 10734 "-" "Mozilla/5.0 (compatible; 008/0.83; http://www.80legs.com/webcrawler.html) Gecko/2008032620"
66.249.75.46 - - [07/Nov/2012:03:28:46 +0100] "GET /news.php?cs_go=archiv&cs_id=2860 HTTP/1.1" 200 12624 "-" "Mozilla/5.0 (compatible; Googlebot/2.1; +http://www.google.com/bot.html)"
178.154.179.250 - - [07/Nov/2012:03:30:07 +0100] "GET /news.php HTTP/1.1" 200 22146 "-" "Mozilla/5.0 (compatible; YandexBot/3.0; +http://yandex.com/bots)"
66.249.75.46 - - [07/Nov/2012:03:30:46 +0100] "GET /news.php?cs_go=archiv&cs_id=2624 HTTP/1.1" 200 7887 "-" "Mozilla/5.0 (compatible; Googlebot/2.1; +http://www.google.com/bot.html)"
66.249.75.46 - - [07/Nov/2012:03:32:46 +0100] "GET /news.php?cs_go=archiv&cs_id=2839 HTTP/1.1" 200 11587 "-" "Mozilla/5.0 (compatible; Googlebot/2.1; +http://www.google.com/bot.html)"
66.249.75.46 - - [07/Nov/2012:03:34:47 +0100] "GET /news.php?cs_go=archiv&cs_id=3447 HTTP/1.1" 200 11152 "-" "Mozilla/5.0 (compatible; Googlebot/2.1; +http://www.google.com/bot.html)"
65.36.241.79 - - [07/Nov/2012:03:38:51 +0100] "HEAD / HTTP/1.1" 200 - "-" "InternetSeer.com"
66.249.75.46 - - [07/Nov/2012:03:41:00 +0100] "GET /news.php?cs_go=archiv&cs_id=3548 HTTP/1.1" 200 9873 "-" "Mozilla/5.0 (compatible; Googlebot/2.1; +http://www.google.com/bot.html)"
66.249.75.46 - - [07/Nov/2012:03:45:08 +0100] "GET /news.php?cs_go=archiv&cs_id=3515 HTTP/1.1" 200 13749 "-" "Mozilla/5.0 (compatible; Googlebot/2.1; +http://www.google.com/bot.html)"
66.249.75.46 - - [07/Nov/2012:03:47:15 +0100] "GET /news.php?cs_go=archiv&cs_id=3547 HTTP/1.1" 200 13336 "-" "Mozilla/5.0 (compatible; Googlebot/2.1; +http://www.google.com/bot.html)"
157.55.32.162 - - [07/Nov/2012:03:48:16 +0100] "GET /robots.txt HTTP/1.1" 200 177 "-" "Mozilla/5.0 (compatible; bingbot/2.0; +http://www.bing.com/bingbot.htm)"
66.249.75.46 - - [07/Nov/2012:03:49:18 +0100] "GET /news.php?cs_go=archiv&cs_id=3516 HTTP/1.1" 200 12364 "-" "Mozilla/5.0 (compatible; Googlebot/2.1; +http://www.google.com/bot.html)"
157.55.32.162 - - [07/Nov/2012:03:50:48 +0100] "GET /impressum.php HTTP/1.1" 200 8582 "-" "Mozilla/5.0 (compatible; bingbot/2.0; +http://www.bing.com/bingbot.htm)"
188.134.41.82 - - [07/Nov/2012:03:54:35 +0100] "GET /news.php?cs_go=archiv&cs_id=3643 HTTP/1.1" 200 13285 "-" "Mozilla/5.0 (compatible; 008/0.83; http://www.80legs.com/webcrawler.html) Gecko/2008032620"
178.234.244.123 - - [07/Nov/2012:03:54:53 +0100] "GET /news.php?cs_go=archiv&cs_id=3643 HTTP/1.1" 200 13285 "-" "Mozilla/5.0 (compatible; 008/0.83; http://www.80legs.com/webcrawler.html) Gecko/2008032620"
66.249.75.46 - - [07/Nov/2012:03:55:35 +0100] "GET /news.php?cs_go=archiv&cs_startpos=520 HTTP/1.1" 200 23093 "-" "Mozilla/5.0 (compatible; Googlebot/2.1; +http://www.google.com/bot.html)"
66.249.75.46 - - [07/Nov/2012:03:59:32 +0100] "GET /news.php?cs_go=archiv&cs_id=867&cs_search= HTTP/1.1" 200 7887 "-" "Mozilla/5.0 (compatible; Googlebot/2.1; +http://www.google.com/bot.html)"
66.249.75.46 - - [07/Nov/2012:03:59:47 +0100] "GET /news.php?cs_go=archiv&cs_id=3446 HTTP/1.1" 200 9854 "-" "Mozilla/5.0 (compatible; Googlebot/2.1; +http://www.google.com/bot.html)"
66.249.75.46 - - [07/Nov/2012:04:01:55 +0100] "GET /news.php?cs_go=archiv&cs_startpos=190 HTTP/1.1" 200 22932 "-" "Mozilla/5.0 (compatible; Googlebot/2.1; +http://www.google.com/bot.html)"
66.249.75.46 - - [07/Nov/2012:04:04:04 +0100] "GET /news.php?cs_go=archiv&cs_id=3159&cs_search= HTTP/1.1" 200 13385 "-" "Mozilla/5.0 (compatible; Googlebot/2.1; +http://www.google.com/bot.html)"
66.249.75.46 - - [07/Nov/2012:04:06:13 +0100] "GET /news.php?cs_go=archiv&cs_id=2946 HTTP/1.1" 200 15482 "-" "Mozilla/5.0 (compatible; Googlebot/2.1; +http://www.google.com/bot.html)"
95.32.155.210 - - [07/Nov/2012:04:08:57 +0100] "GET /news.php?cs_go=archiv&cs_id=3643 HTTP/1.1" 200 13285 "-" "Mozilla/5.0 (compatible; 008/0.83; http://www.80legs.com/webcrawler.html) Gecko/2008032620"
66.249.75.46 - - [07/Nov/2012:04:10:34 +0100] "GET /news.php?cs_go=archiv&cs_id=3526 HTTP/1.1" 200 13155 "-" "Mozilla/5.0 (compatible; Googlebot/2.1; +http://www.google.com/bot.html)"
66.249.75.46 - - [07/Nov/2012:04:14:57 +0100] "GET /news.php?cs_go=archiv&cs_startpos=641 HTTP/1.1" 200 22893 "-" "Mozilla/5.0 (compatible; Googlebot/2.1; +http://www.google.com/bot.html)"
66.249.75.46 - - [07/Nov/2012:04:17:09 +0100] "GET /news.php?cs_go=archiv&cs_id=3305&cs_search= HTTP/1.1" 200 9910 "-" "Mozilla/5.0 (compatible; Googlebot/2.1; +http://www.google.com/bot.html)"
66.249.75.46 - - [07/Nov/2012:04:19:23 +0100] "GET /news.php?cs_go=archiv&cs_id=3522 HTTP/1.1" 200 9955 "-" "Mozilla/5.0 (compatible; Googlebot/2.1; +http://www.google.com/bot.html)"
66.249.75.46 - - [07/Nov/2012:04:21:38 +0100] "GET /news.php?cs_go=archiv&cs_startpos=120 HTTP/1.1" 200 22833 "-" "Mozilla/5.0 (compatible; Googlebot/2.1; +http://www.google.com/bot.html)"
66.249.75.46 - - [07/Nov/2012:04:23:54 +0100] "GET /news.php?cs_go=archiv&cs_startpos=140 HTTP/1.1" 200 22571 "-" "Mozilla/5.0 (compatible; Googlebot/2.1; +http://www.google.com/bot.html)"
66.249.75.46 - - [07/Nov/2012:04:24:36 +0100] "GET /robots.txt HTTP/1.1" 200 177 "-" "Mozilla/5.0 (compatible; Googlebot/2.1; +http://www.google.com/bot.html)"
66.249.75.46 - - [07/Nov/2012:04:24:37 +0100] "GET /news.php?cs_go=archiv&cs_id=3458&cs_search= HTTP/1.1" 200 9854 "-" "Mozilla/5.0 (compatible; Googlebot/2.1; +http://www.google.com/bot.html)"
66.249.75.46 - - [07/Nov/2012:04:26:08 +0100] "GET /news.php?cs_go=archiv&cs_id=3452 HTTP/1.1" 200 10158 "-" "Mozilla/5.0 (compatible; Googlebot/2.1; +http://www.google.com/bot.html)"
66.249.75.46 - - [07/Nov/2012:04:28:24 +0100] "GET /news.php?cs_go=archiv&cs_startpos=500 HTTP/1.1" 200 22889 "-" "Mozilla/5.0 (compatible; Googlebot/2.1; +http://www.google.com/bot.html)"
66.249.75.46 - - [07/Nov/2012:04:32:55 +0100] "GET /news.php?cs_go=archiv&cs_id=3219 HTTP/1.1" 200 10008 "-" "Mozilla/5.0 (compatible; Googlebot/2.1; +http://www.google.com/bot.html)"
66.249.75.46 - - [07/Nov/2012:04:37:39 +0100] "GET /news.php?cs_go=archiv&cs_id=3210&cs_search= HTTP/1.1" 200 10022 "-" "Mozilla/5.0 (compatible; Googlebot/2.1; +http://www.google.com/bot.html)"
64.125.222.50 - - [07/Nov/2012:04:37:59 +0100] "GET /robots.txt HTTP/1.1" 200 177 "-" "Mozilla/5.0 (compatible; 008/0.83; http://www.80legs.com/webcrawler.html;) Gecko/2008032620"
66.249.75.46 - - [07/Nov/2012:04:40:04 +0100] "GET /news.php?cs_go=archiv&cs_id=2859 HTTP/1.1" 200 9950 "-" "Mozilla/5.0 (compatible; Googlebot/2.1; +http://www.google.com/bot.html)"
66.249.75.46 - - [07/Nov/2012:04:42:27 +0100] "GET /news.php?cs_go=archiv&cs_startpos=471 HTTP/1.1" 200 22802 "-" "Mozilla/5.0 (compatible; Googlebot/2.1; +http://www.google.com/bot.html)"
178.154.179.250 - - [07/Nov/2012:04:43:47 +0100] "GET /news.php?cs_go=archiv&cs_id=3618 HTTP/1.1" 200 12341 "-" "Mozilla/5.0 (compatible; YandexBot/3.0; +http://yandex.com/bots)"
66.249.75.46 - - [07/Nov/2012:04:44:48 +0100] "GET /lexikon.php?cs_go=3&cs_id=36 HTTP/1.1" 200 8717 "-" "Mozilla/5.0 (compatible; Googlebot/2.1; +http://www.google.com/bot.html)"
66.249.75.46 - - [07/Nov/2012:04:47:13 +0100] "GET /news.php?cs_go=archiv&cs_startpos=400 HTTP/1.1" 200 22729 "-" "Mozilla/5.0 (compatible; Googlebot/2.1; +http://www.google.com/bot.html)"
66.249.75.46 - - [07/Nov/2012:04:49:36 +0100] "GET /news.php?cs_go=archiv&cs_id=3253&cs_search= HTTP/1.1" 200 10614 "-" "Mozilla/5.0 (compatible; Googlebot/2.1; +http://www.google.com/bot.html)"
66.249.75.46 - - [07/Nov/2012:04:51:59 +0100] "GET /news.php?cs_go=archiv&cs_id=3425&cs_search= HTTP/1.1" 200 13474 "-" "Mozilla/5.0 (compatible; Googlebot/2.1; +http://www.google.com/bot.html)"
109.184.248.70 - - [07/Nov/2012:04:53:08 +0100] "GET /preisanfrage.php HTTP/1.1" 200 10734 "-" "Mozilla/5.0 (compatible; 008/0.83; http://www.80legs.com/webcrawler.html) Gecko/2008032620"
118.99.122.88 - - [07/Nov/2012:04:53:29 +0100] "GET /preisanfrage.php HTTP/1.1" 200 10734 "-" "Mozilla/5.0 (compatible; 008/0.83; http://www.80legs.com/webcrawler.html) Gecko/2008032620"
5.164.196.103 - - [07/Nov/2012:04:53:34 +0100] "GET /preisanfrage.php HTTP/1.1" 200 10734 "-" "Mozilla/5.0 (compatible; 008/0.83; http://www.80legs.com/webcrawler.html) Gecko/2008032620"
128.70.76.11 - - [07/Nov/2012:04:53:39 +0100] "GET /preisanfrage.php HTTP/1.1" 200 10734 "-" "Mozilla/5.0 (compatible; 008/0.83; http://www.80legs.com/webcrawler.html) Gecko/2008032620"
178.120.72.14 - - [07/Nov/2012:04:54:01 +0100] "GET /preisanfrage.php HTTP/1.1" 200 10734 "-" "Mozilla/5.0 (compatible; 008/0.83; http://www.80legs.com/webcrawler.html) Gecko/2008032620"
112.203.71.23 - - [07/Nov/2012:04:54:04 +0100] "GET /preisanfrage.php HTTP/1.1" 200 10734 "-" "Mozilla/5.0 (compatible; 008/0.83; http://www.80legs.com/webcrawler.html) Gecko/2008032620"
180.243.30.96 - - [07/Nov/2012:04:54:11 +0100] "GET /preisanfrage.php HTTP/1.1" 200 10734 "-" "Mozilla/5.0 (compatible; 008/0.83; http://www.80legs.com/webcrawler.html) Gecko/2008032620"
110.136.144.57 - - [07/Nov/2012:04:54:13 +0100] "GET /preisanfrage.php HTTP/1.1" 200 10734 "-" "Mozilla/5.0 (compatible; 008/0.83; http://www.80legs.com/webcrawler.html) Gecko/2008032620"
37.104.18.23 - - [07/Nov/2012:04:54:18 +0100] "GET /preisanfrage.php HTTP/1.1" 200 10734 "-" "Mozilla/5.0 (compatible; 008/0.83; http://www.80legs.com/webcrawler.html) Gecko/2008032620"
66.249.75.46 - - [07/Nov/2012:04:54:22 +0100] "GET /news.php?cs_go=archiv&cs_id=3531 HTTP/1.1" 200 10352 "-" "Mozilla/5.0 (compatible; Googlebot/2.1; +http://www.google.com/bot.html)"
78.132.198.0 - - [07/Nov/2012:04:54:23 +0100] "GET /preisanfrage.php HTTP/1.1" 200 10734 "-" "Mozilla/5.0 (compatible; 008/0.83; http://www.80legs.com/webcrawler.html) Gecko/2008032620"
109.184.248.70 - - [07/Nov/2012:04:54:41 +0100] "GET /preisanfrage.php HTTP/1.1" 200 10734 "-" "Mozilla/5.0 (compatible; 008/0.83; http://www.80legs.com/webcrawler.html) Gecko/2008032620"
178.120.72.14 - - [07/Nov/2012:04:54:54 +0100] "GET /preisanfrage.php HTTP/1.1" 200 10734 "-" "Mozilla/5.0 (compatible; 008/0.83; http://www.80legs.com/webcrawler.html) Gecko/2008032620"
66.249.75.46 - - [07/Nov/2012:04:56:48 +0100] "GET /news.php?cs_go=archiv&cs_id=3570 HTTP/1.1" 200 13486 "-" "Mozilla/5.0 (compatible; Googlebot/2.1; +http://www.google.com/bot.html)"
66.249.75.46 - - [07/Nov/2012:05:01:42 +0100] "GET /news.php?cs_go=archiv&cs_startpos=371 HTTP/1.1" 200 22599 "-" "Mozilla/5.0 (compatible; Googlebot/2.1; +http://www.google.com/bot.html)"
66.249.75.46 - - [07/Nov/2012:05:04:14 +0100] "GET /news.php?cs_go=archiv&cs_id=3555&cs_search= HTTP/1.1" 200 9934 "-" "Mozilla/5.0 (compatible; Googlebot/2.1; +http://www.google.com/bot.html)"
66.249.75.46 - - [07/Nov/2012:05:06:42 +0100] "GET /news.php?cs_go=archiv&cs_id=3256 HTTP/1.1" 200 13331 "-" "Mozilla/5.0 (compatible; Googlebot/2.1; +http://www.google.com/bot.html)"
66.249.75.46 - - [07/Nov/2012:05:09:11 +0100] "GET /news.php?cs_go=archiv&cs_id=3420 HTTP/1.1" 200 9845 "-" "Mozilla/5.0 (compatible; Googlebot/2.1; +http://www.google.com/bot.html)"
66.249.75.46 - - [07/Nov/2012:05:11:42 +0100] "GET /news.php?cs_go=archiv&cs_id=3421 HTTP/1.1" 200 11771 "-" "Mozilla/5.0 (compatible; Googlebot/2.1; +http://www.google.com/bot.html)"
66.249.75.46 - - [07/Nov/2012:05:14:17 +0100] "GET /news.php?cs_go=archiv&cs_id=3544&cs_search= HTTP/1.1" 200 9874 "-" "Mozilla/5.0 (compatible; Googlebot/2.1; +http://www.google.com/bot.html)"
66.249.75.46 - - [07/Nov/2012:05:17:00 +0100] "GET /news.php?cs_go=archiv&cs_startpos=711 HTTP/1.1" 200 8585 "-" "Mozilla/5.0 (compatible; Googlebot/2.1; +http://www.google.com/bot.html)"
66.249.75.46 - - [07/Nov/2012:05:19:43 +0100] "GET /news.php?cs_go=archiv&cs_startpos=560 HTTP/1.1" 200 22780 "-" "Mozilla/5.0 (compatible; Googlebot/2.1; +http://www.google.com/bot.html)"
66.249.75.46 - - [07/Nov/2012:05:22:30 +0100] "GET /news.php?cs_go=archiv&cs_id=3438 HTTP/1.1" 200 13142 "-" "Mozilla/5.0 (compatible; Googlebot/2.1; +http://www.google.com/bot.html)"
66.249.75.46 - - [07/Nov/2012:05:25:12 +0100] "GET /news.php?cs_go=archiv&cs_startpos=721 HTTP/1.1" 200 8493 "-" "Mozilla/5.0 (compatible; Googlebot/2.1; +http://www.google.com/bot.html)"
66.249.75.46 - - [07/Nov/2012:05:27:55 +0100] "GET /news.php?cs_go=archiv&cs_startpos=250 HTTP/1.1" 200 22809 "-" "Mozilla/5.0 (compatible; Googlebot/2.1; +http://www.google.com/bot.html)"
66.249.75.46 - - [07/Nov/2012:05:30:37 +0100] "GET /news.php?cs_go=archiv&cs_id=3550&cs_search= HTTP/1.1" 200 13313 "-" "Mozilla/5.0 (compatible; Googlebot/2.1; +http://www.google.com/bot.html)"
37.147.68.110 - - [07/Nov/2012:05:31:57 +0100] "GET /robots.txt HTTP/1.1" 200 177 "-" "Mozilla/5.0 (compatible; 008/0.83; http://www.80legs.com/webcrawler.html;) Gecko/2008032620"
37.147.68.110 - - [07/Nov/2012:05:31:58 +0100] "GET /news.php?cs_go=archiv&cs_startpos=40 HTTP/1.1" 200 22746 "-" "Mozilla/5.0 (compatible; 008/0.83; http://www.80legs.com/webcrawler.html) Gecko/2008032620"
66.249.75.46 - - [07/Nov/2012:05:36:33 +0100] "GET /news.php?cs_go=archiv&cs_id=3377 HTTP/1.1" 200 13330 "-" "Mozilla/5.0 (compatible; Googlebot/2.1; +http://www.google.com/bot.html)"
67.191.30.100 - - [07/Nov/2012:05:37:55 +0100] "GET /kwk.php?cs_go=4 HTTP/1.1" 200 10255 "-" "Mozilla/5.0 (compatible; 008/0.83; http://www.80legs.com/webcrawler.html) Gecko/2008032620"
66.249.75.46 - - [07/Nov/2012:05:38:44 +0100] "GET /lexikon.php HTTP/1.1" 200 10523 "-" "Mozilla/5.0 (compatible; Googlebot/2.1; +http://www.google.com/bot.html)"
66.249.75.46 - - [07/Nov/2012:05:41:27 +0100] "GET /kwk.php?cs_go=4 HTTP/1.1" 200 10255 "-" "Mozilla/5.0 (compatible; Googlebot/2.1; +http://www.google.com/bot.html)"
66.249.75.46 - - [07/Nov/2012:05:47:24 +0100] "GET /news.php?cs_go=archiv&cs_id=3007&cs_search= HTTP/1.1" 200 11620 "-" "Mozilla/5.0 (compatible; Googlebot/2.1; +http://www.google.com/bot.html)"
178.154.179.250 - - [07/Nov/2012:05:48:28 +0100] "GET /news.php?cs_go=archiv&cs_id=3634 HTTP/1.1" 200 9818 "-" "Mozilla/5.0 (compatible; YandexBot/3.0; +http://yandex.com/bots)"
66.249.75.46 - - [07/Nov/2012:05:48:58 +0100] "GET /news.php?cs_go=archiv&cs_id=2968&cs_search= HTTP/1.1" 200 10939 "-" "Mozilla/5.0 (compatible; Googlebot/2.1; +http://www.google.com/bot.html)"
178.94.227.225 - - [07/Nov/2012:05:51:02 +0100] "GET /modernisierung.php HTTP/1.1" 200 11578 "-" "Mozilla/5.0 (compatible; 008/0.83; http://www.80legs.com/webcrawler.html) Gecko/2008032620"
66.249.75.46 - - [07/Nov/2012:05:51:08 +0100] "GET /news.php?cs_go=archiv&cs_id=3030&cs_search= HTTP/1.1" 200 12501 "-" "Mozilla/5.0 (compatible; Googlebot/2.1; +http://www.google.com/bot.html)"
66.249.75.46 - - [07/Nov/2012:05:53:19 +0100] "GET /news.php?cs_go=archiv&cs_id=2797&cs_search= HTTP/1.1" 200 16622 "-" "Mozilla/5.0 (compatible; Googlebot/2.1; +http://www.google.com/bot.html)"
46.118.94.148 - - [07/Nov/2012:05:55:30 +0100] "GET /additive.php HTTP/1.1" 200 8372 "-" "Mozilla/5.0 (compatible; 008/0.83; http://www.80legs.com/webcrawler.html) Gecko/2008032620"
66.249.75.46 - - [07/Nov/2012:05:55:31 +0100] "GET /modernisierung.php?cs_gp_go=description HTTP/1.1" 200 10771 "-" "Mozilla/5.0 (compatible; Googlebot/2.1; +http://www.google.com/bot.html)"
37.235.136.4 - - [07/Nov/2012:05:56:36 +0100] "GET /news.php?cs_go=archiv&cs_id=3637&cs_search= HTTP/1.1" 200 9674 "-" "Mozilla/5.0 (compatible; 008/0.83; http://www.80legs.com/webcrawler.html) Gecko/2008032620"
66.249.75.46 - - [07/Nov/2012:05:57:42 +0100] "GET /news.php?cs_go=archiv&cs_id=3575&cs_search= HTTP/1.1" 200 11805 "-" "Mozilla/5.0 (compatible; Googlebot/2.1; +http://www.google.com/bot.html)"
2.95.131.28 - - [07/Nov/2012:05:58:29 +0100] "GET /news.php?cs_go=archiv&cs_startpos=700 HTTP/1.1" 200 19552 "-" "Mozilla/5.0 (compatible; 008/0.83; http://www.80legs.com/webcrawler.html) Gecko/2008032620"
178.154.179.250 - - [07/Nov/2012:05:58:45 +0100] "GET /news.php?cs_go=archiv&cs_id=3555 HTTP/1.1" 200 9934 "-" "Mozilla/5.0 (compatible; YandexBot/3.0; +http://yandex.com/bots)"
178.206.19.38 - - [07/Nov/2012:05:59:23 +0100] "GET /.php HTTP/1.1" 404 - "-" "Mozilla/5.0 (compatible; 008/0.83; http://www.80legs.com/webcrawler.html) Gecko/2008032620"
66.249.75.46 - - [07/Nov/2012:05:59:59 +0100] "GET /news.php?cs_go=archiv&cs_id=3440 HTTP/1.1" 200 13342 "-" "Mozilla/5.0 (compatible; Googlebot/2.1; +http://www.google.com/bot.html)"
66.249.75.46 - - [07/Nov/2012:06:02:20 +0100] "GET /news.php?cs_go=archiv&cs_startpos=600 HTTP/1.1" 200 23023 "-" "Mozilla/5.0 (compatible; Googlebot/2.1; +http://www.google.com/bot.html)"
66.249.75.46 - - [07/Nov/2012:06:04:50 +0100] "GET /lexikon.php?cs_go=3&cs_id=90 HTTP/1.1" 200 9606 "-" "Mozilla/5.0 (compatible; Googlebot/2.1; +http://www.google.com/bot.html)"
66.249.75.46 - - [07/Nov/2012:06:06:14 +0100] "GET /news.php?cs_go=archiv&cs_id=324&cs_search= HTTP/1.1" 200 7887 "-" "Mozilla/5.0 (compatible; Googlebot/2.1; +http://www.google.com/bot.html)"
136.169.204.130 - - [07/Nov/2012:06:06:16 +0100] "GET /kwk.php?cs_go=1 HTTP/1.1" 200 10884 "-" "Mozilla/5.0 (compatible; 008/0.83; http://www.80legs.com/webcrawler.html) Gecko/2008032620"
89.169.120.31 - - [07/Nov/2012:06:09:23 +0100] "GET /edl.php HTTP/1.1" 200 10801 "-" "Mozilla/5.0 (compatible; 008/0.83; http://www.80legs.com/webcrawler.html) Gecko/2008032620"
66.249.75.46 - - [07/Nov/2012:06:12:38 +0100] "GET /news.php?cs_go=archiv&cs_id=3433 HTTP/1.1" 200 9888 "-" "Mozilla/5.0 (compatible; Googlebot/2.1; +http://www.google.com/bot.html)"
