66.249.71.6 - - [02/Nov/2012:22:31:13 +0100] "GET /news.php?cs_go=archiv&cs_id=88&cs_search= HTTP/1.1" 200 7887 "-" "Mozilla/5.0 (compatible; Googlebot/2.1; +http://www.google.com/bot.html)"
66.249.71.6 - - [02/Nov/2012:22:32:03 +0100] "GET /news.php?cs_go=archiv&cs_id=608&cs_search= HTTP/1.1" 200 7887 "-" "Mozilla/5.0 (compatible; Googlebot/2.1; +http://www.google.com/bot.html)"
5.9.25.79 - - [02/Nov/2012:22:32:19 +0100] "GET /robots.txt HTTP/1.1" 200 177 "-" "Pixray-Seeker/2.0 (Pixray-Seeker; +http://www.pixray.com/pixraybot; +crawler@pixray.com)"
5.9.25.79 - - [02/Nov/2012:22:32:19 +0100] "GET /news.php?cs_go=archiv&cs_id=1834&cs_search= HTTP/1.1" 200 7887 "-" "Pixray-Seeker/2.0 (Pixray-Seeker; +http://www.pixray.com/pixraybot; +crawler@pixray.com)"
91.13.82.6 - - [02/Nov/2012:22:33:58 +0100] "GET /news.php?cs_go=archiv&cs_id=3560 HTTP/1.1" 200 12322 "http://www.google.de/url?sa=t&rct=j&q=altanlagen%20windkraftanlage&source=web&cd=34&ved=0CEQQFjADOB4&url=http%3A%2F%2Fwww.mink-gmbh.de%2Fnews.php%3Fcs_go%3Darchiv%26cs_id%3D3560&ei=uzuUUOiGAqWO4gT0kYGwCQ&usg=AFQjCNHcytVzp-ZX0P3WgPVBpBHsdc-hOQ" "Mozilla/5.0 (compatible; MSIE 9.0; Windows NT 6.1; WOW64; Trident/5.0)"
123.125.71.53 - - [02/Nov/2012:22:33:57 +0100] "GET / HTTP/1.1" 200 8723 "-" "Mozilla/5.0 (compatible; Baiduspider/2.0; +http://www.baidu.com/search/spider.html)"
91.13.82.6 - - [02/Nov/2012:22:33:59 +0100] "GET /style.css HTTP/1.1" 200 8418 "http://www.mink-gmbh.de/news.php?cs_go=archiv&cs_id=3560" "Mozilla/5.0 (compatible; MSIE 9.0; Windows NT 6.1; WOW64; Trident/5.0)"
91.13.82.6 - - [02/Nov/2012:22:33:59 +0100] "GET /modul.css HTTP/1.1" 200 35038 "http://www.mink-gmbh.de/news.php?cs_go=archiv&cs_id=3560" "Mozilla/5.0 (compatible; MSIE 9.0; Windows NT 6.1; WOW64; Trident/5.0)"
91.13.82.6 - - [02/Nov/2012:22:34:00 +0100] "GET /images/logos.jpg HTTP/1.1" 200 15002 "http://www.mink-gmbh.de/news.php?cs_go=archiv&cs_id=3560" "Mozilla/5.0 (compatible; MSIE 9.0; Windows NT 6.1; WOW64; Trident/5.0)"
91.13.82.6 - - [02/Nov/2012:22:34:00 +0100] "GET /images/wunschpreis.jpg HTTP/1.1" 200 16767 "http://www.mink-gmbh.de/news.php?cs_go=archiv&cs_id=3560" "Mozilla/5.0 (compatible; MSIE 9.0; Windows NT 6.1; WOW64; Trident/5.0)"
91.13.82.6 - - [02/Nov/2012:22:34:00 +0100] "GET /images/mail.jpg HTTP/1.1" 200 11165 "http://www.mink-gmbh.de/news.php?cs_go=archiv&cs_id=3560" "Mozilla/5.0 (compatible; MSIE 9.0; Windows NT 6.1; WOW64; Trident/5.0)"
91.13.82.6 - - [02/Nov/2012:22:34:00 +0100] "GET /images/kwk.gif HTTP/1.1" 200 6403 "http://www.mink-gmbh.de/news.php?cs_go=archiv&cs_id=3560" "Mozilla/5.0 (compatible; MSIE 9.0; Windows NT 6.1; WOW64; Trident/5.0)"
91.13.82.6 - - [02/Nov/2012:22:34:00 +0100] "GET /images/freecall.jpg HTTP/1.1" 200 39195 "http://www.mink-gmbh.de/news.php?cs_go=archiv&cs_id=3560" "Mozilla/5.0 (compatible; MSIE 9.0; Windows NT 6.1; WOW64; Trident/5.0)"
91.13.82.6 - - [02/Nov/2012:22:34:06 +0100] "GET /images/newsletter_bg.jpg HTTP/1.1" 200 33610 "http://www.mink-gmbh.de/news.php?cs_go=archiv&cs_id=3560" "Mozilla/5.0 (compatible; MSIE 9.0; Windows NT 6.1; WOW64; Trident/5.0)"
91.13.82.6 - - [02/Nov/2012:22:34:06 +0100] "GET /images/bg.jpg HTTP/1.1" 200 345 "http://www.mink-gmbh.de/news.php?cs_go=archiv&cs_id=3560" "Mozilla/5.0 (compatible; MSIE 9.0; Windows NT 6.1; WOW64; Trident/5.0)"
91.13.82.6 - - [02/Nov/2012:22:34:06 +0100] "GET /images/close.png HTTP/1.1" 200 703 "http://www.mink-gmbh.de/news.php?cs_go=archiv&cs_id=3560" "Mozilla/5.0 (compatible; MSIE 9.0; Windows NT 6.1; WOW64; Trident/5.0)"
91.13.82.6 - - [02/Nov/2012:22:34:06 +0100] "GET /images/navibg.png HTTP/1.1" 200 2803 "http://www.mink-gmbh.de/news.php?cs_go=archiv&cs_id=3560" "Mozilla/5.0 (compatible; MSIE 9.0; Windows NT 6.1; WOW64; Trident/5.0)"
91.13.82.6 - - [02/Nov/2012:22:34:06 +0100] "GET /images/newsletter.png HTTP/1.1" 200 14619 "http://www.mink-gmbh.de/news.php?cs_go=archiv&cs_id=3560" "Mozilla/5.0 (compatible; MSIE 9.0; Windows NT 6.1; WOW64; Trident/5.0)"
91.13.82.6 - - [02/Nov/2012:22:34:07 +0100] "GET /images/footerbg.jpg HTTP/1.1" 200 2184 "http://www.mink-gmbh.de/news.php?cs_go=archiv&cs_id=3560" "Mozilla/5.0 (compatible; MSIE 9.0; Windows NT 6.1; WOW64; Trident/5.0)"
91.13.82.6 - - [02/Nov/2012:22:34:06 +0100] "GET /images/wrapperbg.jpg HTTP/1.1" 200 27465 "http://www.mink-gmbh.de/news.php?cs_go=archiv&cs_id=3560" "Mozilla/5.0 (compatible; MSIE 9.0; Windows NT 6.1; WOW64; Trident/5.0)"
91.13.82.6 - - [02/Nov/2012:22:34:07 +0100] "GET /images/header.jpg HTTP/1.1" 200 24413 "http://www.mink-gmbh.de/news.php?cs_go=archiv&cs_id=3560" "Mozilla/5.0 (compatible; MSIE 9.0; Windows NT 6.1; WOW64; Trident/5.0)"
91.13.82.6 - - [02/Nov/2012:22:34:13 +0100] "GET /favicon.ico HTTP/1.1" 200 3638 "-" "Mozilla/5.0 (compatible; MSIE 9.0; Windows NT 6.1; WOW64; Trident/5.0)"
220.181.108.91 - - [02/Nov/2012:22:34:26 +0100] "GET / HTTP/1.1" 200 8723 "-" "Mozilla/5.0 (compatible; Baiduspider/2.0; +http://www.baidu.com/search/spider.html)"
66.249.71.6 - - [02/Nov/2012:22:34:33 +0100] "GET /news.php?cs_go=archiv&cs_id=1428&cs_search= HTTP/1.1" 200 7887 "-" "Mozilla/5.0 (compatible; Googlebot/2.1; +http://www.google.com/bot.html)"
66.249.71.6 - - [02/Nov/2012:22:35:23 +0100] "GET /news.php?cs_go=archiv&cs_id=98&cs_search= HTTP/1.1" 200 7887 "-" "Mozilla/5.0 (compatible; Googlebot/2.1; +http://www.google.com/bot.html)"
91.13.82.6 - - [02/Nov/2012:22:35:37 +0100] "GET /news.php?cs_go=archiv&cs_id=3560 HTTP/1.1" 200 12235 "http://www.google.de/url?sa=t&rct=j&q=altanlagen%20windkraftanlage%20mink&source=web&cd=1&sqi=2&ved=0CDUQFjAA&url=http%3A%2F%2Fwww.mink-gmbh.de%2Fnews.php%3Fcs_go%3Darchiv%26cs_id%3D3560&ei=aTyUULahIqT14QSKqICQCQ&usg=AFQjCNHcytVzp-ZX0P3WgPVBpBHsdc-hOQ" "Mozilla/5.0 (compatible; MSIE 9.0; Windows NT 6.1; WOW64; Trident/5.0)"
91.13.82.6 - - [02/Nov/2012:22:35:58 +0100] "GET / HTTP/1.1" 200 14701 "-" "Mozilla/5.0 (compatible; MSIE 9.0; Windows NT 6.1; WOW64; Trident/5.0)"
91.13.82.6 - - [02/Nov/2012:22:35:59 +0100] "GET /images/tkw.jpg HTTP/1.1" 200 64031 "http://www.mink-gmbh.de/" "Mozilla/5.0 (compatible; MSIE 9.0; Windows NT 6.1; WOW64; Trident/5.0)"
91.13.82.6 - - [02/Nov/2012:22:36:02 +0100] "GET /images/fallend.png HTTP/1.1" 200 713 "http://www.mink-gmbh.de/" "Mozilla/5.0 (compatible; MSIE 9.0; Windows NT 6.1; WOW64; Trident/5.0)"
91.13.82.6 - - [02/Nov/2012:22:36:02 +0100] "GET /images/newsletter.jpg HTTP/1.1" 200 13130 "http://www.mink-gmbh.de/" "Mozilla/5.0 (compatible; MSIE 9.0; Windows NT 6.1; WOW64; Trident/5.0)"
91.13.82.6 - - [02/Nov/2012:22:36:02 +0100] "GET /images/mobil.jpg HTTP/1.1" 200 25293 "http://www.mink-gmbh.de/" "Mozilla/5.0 (compatible; MSIE 9.0; Windows NT 6.1; WOW64; Trident/5.0)"
91.13.82.6 - - [02/Nov/2012:22:36:02 +0100] "GET /standard.php HTTP/1.1" 200 9131 "http://www.mink-gmbh.de/" "Mozilla/5.0 (compatible; MSIE 9.0; Windows NT 6.1; WOW64; Trident/5.0)"
91.13.82.6 - - [02/Nov/2012:22:36:05 +0100] "GET /wunschpreis.php HTTP/1.1" 200 11997 "http://www.mink-gmbh.de/standard.php" "Mozilla/5.0 (compatible; MSIE 9.0; Windows NT 6.1; WOW64; Trident/5.0)"
91.13.82.6 - - [02/Nov/2012:22:36:09 +0100] "GET /news.php HTTP/1.1" 200 21979 "http://www.mink-gmbh.de/wunschpreis.php" "Mozilla/5.0 (compatible; MSIE 9.0; Windows NT 6.1; WOW64; Trident/5.0)"
91.13.82.6 - - [02/Nov/2012:22:36:14 +0100] "GET /wunschpreis.php HTTP/1.1" 200 11997 "http://www.mink-gmbh.de/standard.php" "Mozilla/5.0 (compatible; MSIE 9.0; Windows NT 6.1; WOW64; Trident/5.0)"
91.13.82.6 - - [02/Nov/2012:22:36:15 +0100] "GET /standard.php HTTP/1.1" 200 9131 "http://www.mink-gmbh.de/" "Mozilla/5.0 (compatible; MSIE 9.0; Windows NT 6.1; WOW64; Trident/5.0)"
91.13.82.6 - - [02/Nov/2012:22:36:16 +0100] "GET / HTTP/1.1" 200 14616 "-" "Mozilla/5.0 (compatible; MSIE 9.0; Windows NT 6.1; WOW64; Trident/5.0)"
91.13.82.6 - - [02/Nov/2012:22:36:18 +0100] "GET /images/newsletter.jpg HTTP/1.1" 206 9978 "http://www.mink-gmbh.de/" "Mozilla/5.0 (compatible; MSIE 9.0; Windows NT 6.1; WOW64; Trident/5.0)"
91.13.82.6 - - [02/Nov/2012:22:36:18 +0100] "GET /images/mobil.jpg HTTP/1.1" 200 25293 "http://www.mink-gmbh.de/" "Mozilla/5.0 (compatible; MSIE 9.0; Windows NT 6.1; WOW64; Trident/5.0)"
91.13.82.6 - - [02/Nov/2012:22:36:18 +0100] "GET /standard.php HTTP/1.1" 200 9131 "http://www.mink-gmbh.de/" "Mozilla/5.0 (compatible; MSIE 9.0; Windows NT 6.1; WOW64; Trident/5.0)"
91.13.82.6 - - [02/Nov/2012:22:36:20 +0100] "GET /news.php?cs_go=archiv&cs_id=3560 HTTP/1.1" 200 12235 "http://www.google.de/url?sa=t&rct=j&q=altanlagen%20windkraftanlage%20mink&source=web&cd=1&sqi=2&ved=0CDUQFjAA&url=http%3A%2F%2Fwww.mink-gmbh.de%2Fnews.php%3Fcs_go%3Darchiv%26cs_id%3D3560&ei=aTyUULahIqT14QSKqICQCQ&usg=AFQjCNHcytVzp-ZX0P3WgPVBpBHsdc-hOQ" "Mozilla/5.0 (compatible; MSIE 9.0; Windows NT 6.1; WOW64; Trident/5.0)"
66.249.71.6 - - [02/Nov/2012:22:37:03 +0100] "GET /news.php?cs_go=archiv&cs_id=1442&cs_search= HTTP/1.1" 200 7887 "-" "Mozilla/5.0 (compatible; Googlebot/2.1; +http://www.google.com/bot.html)"
46.4.119.231 - - [02/Nov/2012:22:37:53 +0100] "GET /robots.txt HTTP/1.1" 200 177 "-" "Pixray-Seeker/2.0 (Pixray-Seeker; +http://www.pixray.com/pixraybot; +crawler@pixray.com)"
46.4.119.231 - - [02/Nov/2012:22:37:53 +0100] "GET /news.php?cs_go=archiv&cs_id=3174&cs_search= HTTP/1.1" 200 12317 "-" "Pixray-Seeker/2.0 (Pixray-Seeker; +http://www.pixray.com/pixraybot; +crawler@pixray.com)"
66.249.71.6 - - [02/Nov/2012:22:37:53 +0100] "GET /news.php?cs_go=archiv&cs_id=517&cs_search= HTTP/1.1" 200 7887 "-" "Mozilla/5.0 (compatible; Googlebot/2.1; +http://www.google.com/bot.html)"
66.249.71.6 - - [02/Nov/2012:22:38:43 +0100] "GET /news.php?cs_go=archiv&cs_id=363&cs_search= HTTP/1.1" 200 7887 "-" "Mozilla/5.0 (compatible; Googlebot/2.1; +http://www.google.com/bot.html)"
5.9.25.72 - - [02/Nov/2012:22:39:26 +0100] "GET /robots.txt HTTP/1.1" 200 177 "-" "Pixray-Seeker/2.0 (Pixray-Seeker; +http://www.pixray.com/pixraybot; +crawler@pixray.com)"
5.9.25.72 - - [02/Nov/2012:22:39:26 +0100] "GET /news.php?cs_go=archiv&cs_id=1658&cs_search= HTTP/1.1" 200 7887 "-" "Pixray-Seeker/2.0 (Pixray-Seeker; +http://www.pixray.com/pixraybot; +crawler@pixray.com)"
66.249.71.6 - - [02/Nov/2012:22:39:33 +0100] "GET /news.php?cs_go=archiv&cs_id=773&cs_search= HTTP/1.1" 200 7887 "-" "Mozilla/5.0 (compatible; Googlebot/2.1; +http://www.google.com/bot.html)"
66.249.71.6 - - [02/Nov/2012:22:40:23 +0100] "GET /news.php?cs_go=archiv&cs_id=197&cs_search= HTTP/1.1" 200 7887 "-" "Mozilla/5.0 (compatible; Googlebot/2.1; +http://www.google.com/bot.html)"
173.199.114.131 - - [02/Nov/2012:22:40:30 +0100] "GET /news.php?cs_go=archiv&cs_id=3599&cs_search= HTTP/1.1" 200 11651 "-" "Mozilla/5.0 (compatible; AhrefsBot/4.0; +http://ahrefs.com/robot/)"
66.249.71.6 - - [02/Nov/2012:22:42:03 +0100] "GET /news.php?cs_go=archiv&cs_id=168&cs_search= HTTP/1.1" 200 7887 "-" "Mozilla/5.0 (compatible; Googlebot/2.1; +http://www.google.com/bot.html)"
5.9.25.77 - - [02/Nov/2012:22:42:03 +0100] "GET /robots.txt HTTP/1.1" 200 177 "-" "Pixray-Seeker/2.0 (Pixray-Seeker; +http://www.pixray.com/pixraybot; +crawler@pixray.com)"
5.9.25.77 - - [02/Nov/2012:22:42:03 +0100] "GET /news.php?cs_go=archiv&cs_id=2597&cs_search= HTTP/1.1" 200 7887 "-" "Pixray-Seeker/2.0 (Pixray-Seeker; +http://www.pixray.com/pixraybot; +crawler@pixray.com)"
66.249.71.6 - - [02/Nov/2012:22:42:53 +0100] "GET /news.php?cs_go=archiv&cs_id=110&cs_search= HTTP/1.1" 200 7887 "-" "Mozilla/5.0 (compatible; Googlebot/2.1; +http://www.google.com/bot.html)"
66.249.71.6 - - [02/Nov/2012:22:44:33 +0100] "GET /news.php?cs_go=archiv&cs_id=248&cs_search= HTTP/1.1" 200 7887 "-" "Mozilla/5.0 (compatible; Googlebot/2.1; +http://www.google.com/bot.html)"
66.249.71.6 - - [02/Nov/2012:22:45:23 +0100] "GET /news.php?cs_go=archiv&cs_id=362&cs_search= HTTP/1.1" 200 7887 "-" "Mozilla/5.0 (compatible; Googlebot/2.1; +http://www.google.com/bot.html)"
66.249.71.6 - - [02/Nov/2012:22:46:13 +0100] "GET /news.php?cs_go=archiv&cs_id=1481&cs_search= HTTP/1.1" 200 7887 "-" "Mozilla/5.0 (compatible; Googlebot/2.1; +http://www.google.com/bot.html)"
66.249.71.6 - - [02/Nov/2012:22:47:02 +0100] "GET /news.php?cs_go=archiv&cs_id=568&cs_search= HTTP/1.1" 200 7887 "-" "Mozilla/5.0 (compatible; Googlebot/2.1; +http://www.google.com/bot.html)"
66.249.71.6 - - [02/Nov/2012:22:47:53 +0100] "GET /news.php?cs_go=archiv&cs_id=230&cs_search= HTTP/1.1" 200 7887 "-" "Mozilla/5.0 (compatible; Googlebot/2.1; +http://www.google.com/bot.html)"
66.249.71.6 - - [02/Nov/2012:22:48:43 +0100] "GET /news.php?cs_go=archiv&cs_id=723&cs_search= HTTP/1.1" 200 7887 "-" "Mozilla/5.0 (compatible; Googlebot/2.1; +http://www.google.com/bot.html)"
66.249.71.6 - - [02/Nov/2012:22:49:33 +0100] "GET /news.php?cs_go=archiv&cs_id=276&cs_search= HTTP/1.1" 200 7887 "-" "Mozilla/5.0 (compatible; Googlebot/2.1; +http://www.google.com/bot.html)"
173.199.116.27 - - [02/Nov/2012:22:49:52 +0100] "GET /news.php?cs_go=archiv&cs_startpos=20 HTTP/1.1" 200 22478 "-" "Mozilla/5.0 (compatible; AhrefsBot/4.0; +http://ahrefs.com/robot/)"
66.249.71.6 - - [02/Nov/2012:22:50:23 +0100] "GET /news.php?cs_go=archiv&cs_id=1500&cs_search= HTTP/1.1" 200 7887 "-" "Mozilla/5.0 (compatible; Googlebot/2.1; +http://www.google.com/bot.html)"
66.249.71.6 - - [02/Nov/2012:22:51:13 +0100] "GET /news.php?cs_go=archiv&cs_id=317&cs_search= HTTP/1.1" 200 7887 "-" "Mozilla/5.0 (compatible; Googlebot/2.1; +http://www.google.com/bot.html)"
66.249.71.6 - - [02/Nov/2012:22:52:03 +0100] "GET /news.php?cs_go=archiv&cs_id=753&cs_search= HTTP/1.1" 200 7887 "-" "Mozilla/5.0 (compatible; Googlebot/2.1; +http://www.google.com/bot.html)"
66.249.71.6 - - [02/Nov/2012:22:52:53 +0100] "GET /news.php?cs_go=archiv&cs_id=556&cs_search= HTTP/1.1" 200 7887 "-" "Mozilla/5.0 (compatible; Googlebot/2.1; +http://www.google.com/bot.html)"
66.249.71.6 - - [02/Nov/2012:22:53:43 +0100] "GET /news.php?cs_go=archiv&cs_id=87&cs_search= HTTP/1.1" 200 7887 "-" "Mozilla/5.0 (compatible; Googlebot/2.1; +http://www.google.com/bot.html)"
65.36.241.79 - - [02/Nov/2012:22:54:24 +0100] "HEAD / HTTP/1.1" 200 - "-" "InternetSeer.com"
66.249.71.6 - - [02/Nov/2012:22:54:33 +0100] "GET /news.php?cs_go=archiv&cs_id=12&cs_search= HTTP/1.1" 200 7887 "-" "Mozilla/5.0 (compatible; Googlebot/2.1; +http://www.google.com/bot.html)"
178.154.179.250 - - [02/Nov/2012:22:54:50 +0100] "GET /news.php HTTP/1.1" 200 22066 "-" "Mozilla/5.0 (compatible; YandexBot/3.0; +http://yandex.com/bots)"
66.249.71.6 - - [02/Nov/2012:22:55:22 +0100] "GET /news.php?cs_go=archiv&cs_id=1560&cs_search= HTTP/1.1" 200 7887 "-" "Mozilla/5.0 (compatible; Googlebot/2.1; +http://www.google.com/bot.html)"
66.249.71.6 - - [02/Nov/2012:22:56:12 +0100] "GET /news.php?cs_go=archiv&cs_id=1497&cs_search= HTTP/1.1" 200 7887 "-" "Mozilla/5.0 (compatible; Googlebot/2.1; +http://www.google.com/bot.html)"
66.249.71.6 - - [02/Nov/2012:22:57:10 +0100] "GET /news.php?cs_go=archiv&cs_id=585&cs_search= HTTP/1.1" 200 7887 "-" "Mozilla/5.0 (compatible; Googlebot/2.1; +http://www.google.com/bot.html)"
5.9.25.78 - - [02/Nov/2012:22:57:44 +0100] "GET /robots.txt HTTP/1.1" 200 177 "-" "Pixray-Seeker/2.0 (Pixray-Seeker; +http://www.pixray.com/pixraybot; +crawler@pixray.com)"
5.9.25.78 - - [02/Nov/2012:22:57:44 +0100] "GET /news.php?cs_go=archiv&cs_id=3204&cs_search= HTTP/1.1" 200 13481 "-" "Pixray-Seeker/2.0 (Pixray-Seeker; +http://www.pixray.com/pixraybot; +crawler@pixray.com)"
66.249.71.6 - - [02/Nov/2012:22:58:42 +0100] "GET /news.php?cs_go=archiv&cs_id=89&cs_search= HTTP/1.1" 200 7887 "-" "Mozilla/5.0 (compatible; Googlebot/2.1; +http://www.google.com/bot.html)"
173.199.120.107 - - [02/Nov/2012:22:59:15 +0100] "GET /kwk.php?cs_go=1 HTTP/1.1" 200 10884 "-" "Mozilla/5.0 (compatible; AhrefsBot/4.0; +http://ahrefs.com/robot/)"
66.249.71.6 - - [02/Nov/2012:22:59:32 +0100] "GET /news.php?cs_go=archiv&cs_id=93&cs_search= HTTP/1.1" 200 7887 "-" "Mozilla/5.0 (compatible; Googlebot/2.1; +http://www.google.com/bot.html)"
66.249.71.6 - - [02/Nov/2012:23:00:22 +0100] "GET /news.php?cs_go=archiv&cs_id=1595&cs_search= HTTP/1.1" 200 7887 "-" "Mozilla/5.0 (compatible; Googlebot/2.1; +http://www.google.com/bot.html)"
66.249.71.6 - - [02/Nov/2012:23:01:12 +0100] "GET /news.php?cs_go=archiv&cs_id=2510&cs_search= HTTP/1.1" 200 7887 "-" "Mozilla/5.0 (compatible; Googlebot/2.1; +http://www.google.com/bot.html)"
66.249.71.6 - - [02/Nov/2012:23:02:02 +0100] "GET /news.php?cs_go=archiv&cs_id=1423&cs_search= HTTP/1.1" 200 7887 "-" "Mozilla/5.0 (compatible; Googlebot/2.1; +http://www.google.com/bot.html)"
66.249.71.6 - - [02/Nov/2012:23:02:52 +0100] "GET /news.php?cs_go=archiv&cs_id=399&cs_search= HTTP/1.1" 200 7887 "-" "Mozilla/5.0 (compatible; Googlebot/2.1; +http://www.google.com/bot.html)"
66.249.71.6 - - [02/Nov/2012:23:03:42 +0100] "GET /news.php?cs_go=archiv&cs_id=278&cs_search= HTTP/1.1" 200 7887 "-" "Mozilla/5.0 (compatible; Googlebot/2.1; +http://www.google.com/bot.html)"
66.249.71.6 - - [02/Nov/2012:23:04:32 +0100] "GET /news.php?cs_go=archiv&cs_id=238&cs_search= HTTP/1.1" 200 7887 "-" "Mozilla/5.0 (compatible; Googlebot/2.1; +http://www.google.com/bot.html)"
66.249.71.6 - - [02/Nov/2012:23:05:19 +0100] "GET /news.php?cs_go=archiv&cs_id=254&cs_search= HTTP/1.1" 200 7887 "-" "Mozilla/5.0 (compatible; Googlebot/2.1; +http://www.google.com/bot.html)"
66.249.71.6 - - [02/Nov/2012:23:06:08 +0100] "GET /news.php?cs_go=archiv&cs_id=72&cs_search= HTTP/1.1" 200 7887 "-" "Mozilla/5.0 (compatible; Googlebot/2.1; +http://www.google.com/bot.html)"
66.249.71.6 - - [02/Nov/2012:23:06:57 +0100] "GET /news.php?cs_go=archiv&cs_id=122&cs_search= HTTP/1.1" 200 7887 "-" "Mozilla/5.0 (compatible; Googlebot/2.1; +http://www.google.com/bot.html)"
66.249.71.6 - - [02/Nov/2012:23:07:42 +0100] "GET /news.php?cs_go=archiv&cs_id=498&cs_search= HTTP/1.1" 200 7887 "-" "Mozilla/5.0 (compatible; Googlebot/2.1; +http://www.google.com/bot.html)"
66.249.71.6 - - [02/Nov/2012:23:08:29 +0100] "GET /news.php?cs_go=archiv&cs_id=648&cs_search= HTTP/1.1" 200 7887 "-" "Mozilla/5.0 (compatible; Googlebot/2.1; +http://www.google.com/bot.html)"
66.249.71.6 - - [02/Nov/2012:23:09:15 +0100] "GET /news.php?cs_go=archiv&cs_id=42&cs_search= HTTP/1.1" 200 7887 "-" "Mozilla/5.0 (compatible; Googlebot/2.1; +http://www.google.com/bot.html)"
66.249.71.6 - - [02/Nov/2012:23:09:57 +0100] "GET /news.php?cs_go=archiv&cs_id=349&cs_search= HTTP/1.1" 200 7887 "-" "Mozilla/5.0 (compatible; Googlebot/2.1; +http://www.google.com/bot.html)"
66.249.71.6 - - [02/Nov/2012:23:10:42 +0100] "GET /news.php?cs_go=archiv&cs_id=1541&cs_search= HTTP/1.1" 200 7887 "-" "Mozilla/5.0 (compatible; Googlebot/2.1; +http://www.google.com/bot.html)"
66.249.71.6 - - [02/Nov/2012:23:11:26 +0100] "GET /news.php?cs_go=archiv&cs_id=322&cs_search= HTTP/1.1" 200 7887 "-" "Mozilla/5.0 (compatible; Googlebot/2.1; +http://www.google.com/bot.html)"
66.249.71.6 - - [02/Nov/2012:23:12:06 +0100] "GET /news.php?cs_go=archiv&cs_id=489&cs_search= HTTP/1.1" 200 7887 "-" "Mozilla/5.0 (compatible; Googlebot/2.1; +http://www.google.com/bot.html)"
66.249.71.6 - - [02/Nov/2012:23:12:49 +0100] "GET /news.php?cs_go=archiv&cs_id=20&cs_search= HTTP/1.1" 200 7887 "-" "Mozilla/5.0 (compatible; Googlebot/2.1; +http://www.google.com/bot.html)"
66.249.71.6 - - [02/Nov/2012:23:13:31 +0100] "GET /news.php?cs_go=archiv&cs_id=121&cs_search= HTTP/1.1" 200 7887 "-" "Mozilla/5.0 (compatible; Googlebot/2.1; +http://www.google.com/bot.html)"
66.249.71.6 - - [02/Nov/2012:23:14:14 +0100] "GET /news.php?cs_go=archiv&cs_id=323&cs_search= HTTP/1.1" 200 7887 "-" "Mozilla/5.0 (compatible; Googlebot/2.1; +http://www.google.com/bot.html)"
66.249.71.6 - - [02/Nov/2012:23:14:56 +0100] "GET /news.php?cs_go=archiv&cs_id=671&cs_search= HTTP/1.1" 200 7887 "-" "Mozilla/5.0 (compatible; Googlebot/2.1; +http://www.google.com/bot.html)"
66.249.71.6 - - [02/Nov/2012:23:15:38 +0100] "GET /news.php?cs_go=archiv&cs_id=312&cs_search= HTTP/1.1" 200 7887 "-" "Mozilla/5.0 (compatible; Googlebot/2.1; +http://www.google.com/bot.html)"
66.249.71.6 - - [02/Nov/2012:23:16:20 +0100] "GET /news.php?cs_go=archiv&cs_id=184&cs_search= HTTP/1.1" 200 7887 "-" "Mozilla/5.0 (compatible; Googlebot/2.1; +http://www.google.com/bot.html)"
66.249.71.6 - - [02/Nov/2012:23:17:03 +0100] "GET /news.php?cs_go=archiv&cs_id=583&cs_search= HTTP/1.1" 200 7887 "-" "Mozilla/5.0 (compatible; Googlebot/2.1; +http://www.google.com/bot.html)"
66.249.71.6 - - [02/Nov/2012:23:17:45 +0100] "GET /news.php?cs_go=archiv&cs_id=884&cs_search= HTTP/1.1" 200 7887 "-" "Mozilla/5.0 (compatible; Googlebot/2.1; +http://www.google.com/bot.html)"
173.199.116.35 - - [02/Nov/2012:23:17:56 +0100] "GET /news.php?cs_go=archiv&cs_id=3600&cs_search= HTTP/1.1" 200 13422 "-" "Mozilla/5.0 (compatible; AhrefsBot/4.0; +http://ahrefs.com/robot/)"
66.249.71.6 - - [02/Nov/2012:23:18:28 +0100] "GET /news.php?cs_go=archiv&cs_id=1625&cs_search= HTTP/1.1" 200 7887 "-" "Mozilla/5.0 (compatible; Googlebot/2.1; +http://www.google.com/bot.html)"
66.249.71.6 - - [02/Nov/2012:23:19:10 +0100] "GET /news.php?cs_go=archiv&cs_id=932&cs_search= HTTP/1.1" 200 7887 "-" "Mozilla/5.0 (compatible; Googlebot/2.1; +http://www.google.com/bot.html)"
66.249.71.6 - - [02/Nov/2012:23:19:53 +0100] "GET /news.php?cs_go=archiv&cs_id=239&cs_search= HTTP/1.1" 200 7887 "-" "Mozilla/5.0 (compatible; Googlebot/2.1; +http://www.google.com/bot.html)"
66.249.71.6 - - [02/Nov/2012:23:20:36 +0100] "GET /news.php?cs_go=archiv&cs_id=538&cs_search= HTTP/1.1" 200 7887 "-" "Mozilla/5.0 (compatible; Googlebot/2.1; +http://www.google.com/bot.html)"
66.249.71.6 - - [02/Nov/2012:23:21:18 +0100] "GET /news.php?cs_go=archiv&cs_id=490&cs_search= HTTP/1.1" 200 7887 "-" "Mozilla/5.0 (compatible; Googlebot/2.1; +http://www.google.com/bot.html)"
66.249.71.6 - - [02/Nov/2012:23:22:01 +0100] "GET /news.php?cs_go=archiv&cs_id=2545 HTTP/1.1" 200 7887 "-" "Mozilla/5.0 (compatible; Googlebot/2.1; +http://www.google.com/bot.html)"
66.249.71.6 - - [02/Nov/2012:23:22:44 +0100] "GET /news.php?cs_go=archiv&cs_id=1514&cs_search= HTTP/1.1" 200 7887 "-" "Mozilla/5.0 (compatible; Googlebot/2.1; +http://www.google.com/bot.html)"
66.249.71.6 - - [02/Nov/2012:23:23:27 +0100] "GET /news.php?cs_go=archiv&cs_id=145&cs_search= HTTP/1.1" 200 7887 "-" "Mozilla/5.0 (compatible; Googlebot/2.1; +http://www.google.com/bot.html)"
66.249.71.6 - - [02/Nov/2012:23:24:10 +0100] "GET /news.php?cs_go=archiv&cs_id=392&cs_search= HTTP/1.1" 200 7887 "-" "Mozilla/5.0 (compatible; Googlebot/2.1; +http://www.google.com/bot.html)"
66.249.71.6 - - [02/Nov/2012:23:24:53 +0100] "GET /news.php?cs_go=archiv&cs_id=748&cs_search= HTTP/1.1" 200 7887 "-" "Mozilla/5.0 (compatible; Googlebot/2.1; +http://www.google.com/bot.html)"
66.249.71.6 - - [02/Nov/2012:23:25:37 +0100] "GET /news.php?cs_go=archiv&cs_id=58&cs_search= HTTP/1.1" 200 7887 "-" "Mozilla/5.0 (compatible; Googlebot/2.1; +http://www.google.com/bot.html)"
66.249.71.6 - - [02/Nov/2012:23:26:20 +0100] "GET /news.php?cs_go=archiv&cs_id=901&cs_search= HTTP/1.1" 200 7887 "-" "Mozilla/5.0 (compatible; Googlebot/2.1; +http://www.google.com/bot.html)"
66.249.71.6 - - [02/Nov/2012:23:27:03 +0100] "GET /news.php?cs_go=archiv&cs_id=1016&cs_search= HTTP/1.1" 200 7887 "-" "Mozilla/5.0 (compatible; Googlebot/2.1; +http://www.google.com/bot.html)"
173.199.116.251 - - [02/Nov/2012:23:27:23 +0100] "GET /news.php?cs_go=archiv&cs_startpos=40 HTTP/1.1" 200 22747 "-" "Mozilla/5.0 (compatible; AhrefsBot/4.0; +http://ahrefs.com/robot/)"
66.249.71.6 - - [02/Nov/2012:23:27:46 +0100] "GET /news.php?cs_go=archiv&cs_id=1617&cs_search= HTTP/1.1" 200 7887 "-" "Mozilla/5.0 (compatible; Googlebot/2.1; +http://www.google.com/bot.html)"
66.249.71.6 - - [02/Nov/2012:23:28:30 +0100] "GET /news.php?cs_go=archiv&cs_id=485&cs_search= HTTP/1.1" 200 7887 "-" "Mozilla/5.0 (compatible; Googlebot/2.1; +http://www.google.com/bot.html)"
66.249.71.6 - - [02/Nov/2012:23:29:13 +0100] "GET /news.php?cs_go=archiv&cs_id=52&cs_search= HTTP/1.1" 200 7887 "-" "Mozilla/5.0 (compatible; Googlebot/2.1; +http://www.google.com/bot.html)"
5.9.25.69 - - [02/Nov/2012:23:29:55 +0100] "GET /robots.txt HTTP/1.1" 200 177 "-" "Pixray-Seeker/2.0 (Pixray-Seeker; +http://www.pixray.com/pixraybot; +crawler@pixray.com)"
5.9.25.69 - - [02/Nov/2012:23:29:55 +0100] "GET /news.php?cs_go=archiv&cs_id=2592&cs_search= HTTP/1.1" 200 7887 "-" "Pixray-Seeker/2.0 (Pixray-Seeker; +http://www.pixray.com/pixraybot; +crawler@pixray.com)"
66.249.71.6 - - [02/Nov/2012:23:29:57 +0100] "GET /news.php?cs_go=archiv&cs_id=1492&cs_search= HTTP/1.1" 200 7887 "-" "Mozilla/5.0 (compatible; Googlebot/2.1; +http://www.google.com/bot.html)"
66.249.71.6 - - [02/Nov/2012:23:30:41 +0100] "GET /news.php?cs_go=archiv&cs_id=944&cs_search= HTTP/1.1" 200 7887 "-" "Mozilla/5.0 (compatible; Googlebot/2.1; +http://www.google.com/bot.html)"
66.249.71.6 - - [02/Nov/2012:23:31:24 +0100] "GET /news.php?cs_go=archiv&cs_id=829&cs_search= HTTP/1.1" 200 7887 "-" "Mozilla/5.0 (compatible; Googlebot/2.1; +http://www.google.com/bot.html)"
66.249.71.6 - - [02/Nov/2012:23:32:08 +0100] "GET /news.php?cs_go=archiv&cs_id=836&cs_search= HTTP/1.1" 200 7887 "-" "Mozilla/5.0 (compatible; Googlebot/2.1; +http://www.google.com/bot.html)"
66.249.71.6 - - [02/Nov/2012:23:32:52 +0100] "GET /news.php?cs_go=archiv&cs_id=423&cs_search= HTTP/1.1" 200 7887 "-" "Mozilla/5.0 (compatible; Googlebot/2.1; +http://www.google.com/bot.html)"
123.125.71.59 - - [02/Nov/2012:23:33:06 +0100] "GET / HTTP/1.1" 200 8723 "-" "Mozilla/5.0 (compatible; Baiduspider/2.0; +http://www.baidu.com/search/spider.html)"
220.181.108.106 - - [02/Nov/2012:23:33:33 +0100] "GET / HTTP/1.1" 200 7825 "-" "Mozilla/5.0 (compatible; Baiduspider/2.0; +http://www.baidu.com/search/spider.html)"
66.249.71.6 - - [02/Nov/2012:23:33:36 +0100] "GET /news.php?cs_go=archiv&cs_id=811&cs_search= HTTP/1.1" 200 7887 "-" "Mozilla/5.0 (compatible; Googlebot/2.1; +http://www.google.com/bot.html)"
66.249.71.6 - - [02/Nov/2012:23:34:20 +0100] "GET /news.php?cs_go=archiv&cs_id=260&cs_search= HTTP/1.1" 200 7887 "-" "Mozilla/5.0 (compatible; Googlebot/2.1; +http://www.google.com/bot.html)"
5.9.25.74 - - [02/Nov/2012:23:35:00 +0100] "GET /robots.txt HTTP/1.1" 200 177 "-" "Pixray-Seeker/2.0 (Pixray-Seeker; +http://www.pixray.com/pixraybot; +crawler@pixray.com)"
5.9.25.74 - - [02/Nov/2012:23:35:00 +0100] "GET /news.php?cs_go=archiv&cs_id=1705&cs_search= HTTP/1.1" 200 7887 "-" "Pixray-Seeker/2.0 (Pixray-Seeker; +http://www.pixray.com/pixraybot; +crawler@pixray.com)"
66.249.71.6 - - [02/Nov/2012:23:35:04 +0100] "GET /news.php?cs_go=archiv&cs_id=416&cs_search= HTTP/1.1" 200 7887 "-" "Mozilla/5.0 (compatible; Googlebot/2.1; +http://www.google.com/bot.html)"
66.249.71.6 - - [02/Nov/2012:23:35:49 +0100] "GET /news.php?cs_go=archiv&cs_id=309&cs_search= HTTP/1.1" 200 7887 "-" "Mozilla/5.0 (compatible; Googlebot/2.1; +http://www.google.com/bot.html)"
5.9.25.84 - - [02/Nov/2012:23:36:08 +0100] "GET /robots.txt HTTP/1.1" 200 177 "-" "Pixray-Seeker/2.0 (Pixray-Seeker; +http://www.pixray.com/pixraybot; +crawler@pixray.com)"
5.9.25.84 - - [02/Nov/2012:23:36:08 +0100] "GET /news.php?cs_go=archiv&cs_id=1676&cs_search= HTTP/1.1" 200 7887 "-" "Pixray-Seeker/2.0 (Pixray-Seeker; +http://www.pixray.com/pixraybot; +crawler@pixray.com)"
66.249.71.6 - - [02/Nov/2012:23:36:33 +0100] "GET /news.php?cs_go=archiv&cs_id=79&cs_search= HTTP/1.1" 200 7887 "-" "Mozilla/5.0 (compatible; Googlebot/2.1; +http://www.google.com/bot.html)"
173.199.115.139 - - [02/Nov/2012:23:36:45 +0100] "GET /edl.php HTTP/1.1" 200 10801 "-" "Mozilla/5.0 (compatible; AhrefsBot/4.0; +http://ahrefs.com/robot/)"
66.249.71.6 - - [02/Nov/2012:23:37:18 +0100] "GET /news.php?cs_go=archiv&cs_id=684&cs_search= HTTP/1.1" 200 7887 "-" "Mozilla/5.0 (compatible; Googlebot/2.1; +http://www.google.com/bot.html)"
66.249.71.6 - - [02/Nov/2012:23:38:02 +0100] "GET /news.php?cs_go=archiv&cs_id=1491&cs_search= HTTP/1.1" 200 7887 "-" "Mozilla/5.0 (compatible; Googlebot/2.1; +http://www.google.com/bot.html)"
66.249.71.6 - - [02/Nov/2012:23:38:47 +0100] "GET /news.php?cs_go=archiv&cs_id=1564&cs_search= HTTP/1.1" 200 7887 "-" "Mozilla/5.0 (compatible; Googlebot/2.1; +http://www.google.com/bot.html)"
66.249.71.6 - - [02/Nov/2012:23:39:32 +0100] "GET /news.php?cs_go=archiv&cs_id=258&cs_search= HTTP/1.1" 200 7887 "-" "Mozilla/5.0 (compatible; Googlebot/2.1; +http://www.google.com/bot.html)"
66.249.71.6 - - [02/Nov/2012:23:40:17 +0100] "GET /news.php?cs_go=archiv&cs_id=56&cs_search= HTTP/1.1" 200 7887 "-" "Mozilla/5.0 (compatible; Googlebot/2.1; +http://www.google.com/bot.html)"
66.249.71.6 - - [02/Nov/2012:23:41:02 +0100] "GET /news.php?cs_go=archiv&cs_id=1002&cs_search= HTTP/1.1" 200 7887 "-" "Mozilla/5.0 (compatible; Googlebot/2.1; +http://www.google.com/bot.html)"
66.249.71.6 - - [02/Nov/2012:23:41:47 +0100] "GET /news.php?cs_go=archiv&cs_id=257&cs_search= HTTP/1.1" 200 7887 "-" "Mozilla/5.0 (compatible; Googlebot/2.1; +http://www.google.com/bot.html)"
66.249.71.6 - - [02/Nov/2012:23:42:32 +0100] "GET /news.php?cs_go=archiv&cs_id=801&cs_search= HTTP/1.1" 200 7887 "-" "Mozilla/5.0 (compatible; Googlebot/2.1; +http://www.google.com/bot.html)"
66.249.71.6 - - [02/Nov/2012:23:43:17 +0100] "GET /news.php?cs_go=archiv&cs_id=508&cs_search= HTTP/1.1" 200 7887 "-" "Mozilla/5.0 (compatible; Googlebot/2.1; +http://www.google.com/bot.html)"
66.249.71.6 - - [02/Nov/2012:23:44:02 +0100] "GET /news.php?cs_go=archiv&cs_id=631&cs_search= HTTP/1.1" 200 7887 "-" "Mozilla/5.0 (compatible; Googlebot/2.1; +http://www.google.com/bot.html)"
66.249.71.6 - - [02/Nov/2012:23:44:48 +0100] "GET /news.php?cs_go=archiv&cs_id=491&cs_search= HTTP/1.1" 200 7887 "-" "Mozilla/5.0 (compatible; Googlebot/2.1; +http://www.google.com/bot.html)"
66.249.71.6 - - [02/Nov/2012:23:45:34 +0100] "GET /news.php?cs_go=archiv&cs_id=589&cs_search= HTTP/1.1" 200 7887 "-" "Mozilla/5.0 (compatible; Googlebot/2.1; +http://www.google.com/bot.html)"
173.199.115.67 - - [02/Nov/2012:23:46:08 +0100] "GET /news.php?cs_go=archiv&cs_startpos=50 HTTP/1.1" 200 22809 "-" "Mozilla/5.0 (compatible; AhrefsBot/4.0; +http://ahrefs.com/robot/)"
66.249.71.6 - - [02/Nov/2012:23:46:20 +0100] "GET /news.php?cs_go=archiv&cs_id=1473&cs_search= HTTP/1.1" 200 7887 "-" "Mozilla/5.0 (compatible; Googlebot/2.1; +http://www.google.com/bot.html)"
66.249.71.6 - - [02/Nov/2012:23:47:06 +0100] "GET /news.php?cs_go=archiv&cs_id=35&cs_search= HTTP/1.1" 200 7887 "-" "Mozilla/5.0 (compatible; Googlebot/2.1; +http://www.google.com/bot.html)"
66.249.71.6 - - [02/Nov/2012:23:47:52 +0100] "GET /news.php?cs_go=archiv&cs_id=1459&cs_search= HTTP/1.1" 200 7887 "-" "Mozilla/5.0 (compatible; Googlebot/2.1; +http://www.google.com/bot.html)"
66.249.71.6 - - [02/Nov/2012:23:48:38 +0100] "GET /news.php?cs_go=archiv&cs_startpos=1630 HTTP/1.1" 200 8126 "-" "Mozilla/5.0 (compatible; Googlebot/2.1; +http://www.google.com/bot.html)"
66.249.71.6 - - [02/Nov/2012:23:49:25 +0100] "GET /news.php?cs_go=archiv&cs_id=424&cs_search= HTTP/1.1" 200 7887 "-" "Mozilla/5.0 (compatible; Googlebot/2.1; +http://www.google.com/bot.html)"
66.249.71.6 - - [02/Nov/2012:23:50:11 +0100] "GET /news.php?cs_go=archiv&cs_id=231&cs_search= HTTP/1.1" 200 7887 "-" "Mozilla/5.0 (compatible; Googlebot/2.1; +http://www.google.com/bot.html)"
66.249.71.6 - - [02/Nov/2012:23:50:58 +0100] "GET /news.php?cs_go=archiv&cs_id=302&cs_search= HTTP/1.1" 200 7887 "-" "Mozilla/5.0 (compatible; Googlebot/2.1; +http://www.google.com/bot.html)"
66.249.71.6 - - [02/Nov/2012:23:51:45 +0100] "GET /news.php?cs_go=archiv&cs_id=350&cs_search= HTTP/1.1" 200 7887 "-" "Mozilla/5.0 (compatible; Googlebot/2.1; +http://www.google.com/bot.html)"
5.9.25.71 - - [02/Nov/2012:23:51:48 +0100] "GET /robots.txt HTTP/1.1" 200 177 "-" "Pixray-Seeker/2.0 (Pixray-Seeker; +http://www.pixray.com/pixraybot; +crawler@pixray.com)"
5.9.25.71 - - [02/Nov/2012:23:51:48 +0100] "GET /news.php?cs_go=archiv&cs_id=1725&cs_search= HTTP/1.1" 200 7887 "-" "Pixray-Seeker/2.0 (Pixray-Seeker; +http://www.pixray.com/pixraybot; +crawler@pixray.com)"
66.249.71.6 - - [02/Nov/2012:23:52:32 +0100] "GET /news.php?cs_go=archiv&cs_id=236&cs_search= HTTP/1.1" 200 7887 "-" "Mozilla/5.0 (compatible; Googlebot/2.1; +http://www.google.com/bot.html)"
66.249.71.6 - - [02/Nov/2012:23:53:19 +0100] "GET /news.php?cs_go=archiv&cs_id=404&cs_search= HTTP/1.1" 200 7887 "-" "Mozilla/5.0 (compatible; Googlebot/2.1; +http://www.google.com/bot.html)"
66.249.71.6 - - [02/Nov/2012:23:54:07 +0100] "GET /news.php?cs_go=archiv&cs_id=1539&cs_search= HTTP/1.1" 200 7887 "-" "Mozilla/5.0 (compatible; Googlebot/2.1; +http://www.google.com/bot.html)"
66.249.71.6 - - [02/Nov/2012:23:54:54 +0100] "GET /news.php?cs_go=archiv&cs_id=220&cs_search= HTTP/1.1" 200 7887 "-" "Mozilla/5.0 (compatible; Googlebot/2.1; +http://www.google.com/bot.html)"
173.199.120.67 - - [02/Nov/2012:23:55:31 +0100] "GET /news.php?cs_go=archiv&cs_id=3606&cs_search= HTTP/1.1" 200 11890 "-" "Mozilla/5.0 (compatible; AhrefsBot/4.0; +http://ahrefs.com/robot/)"
66.249.71.6 - - [02/Nov/2012:23:55:42 +0100] "GET /news.php?cs_go=archiv&cs_id=1032&cs_search= HTTP/1.1" 200 7887 "-" "Mozilla/5.0 (compatible; Googlebot/2.1; +http://www.google.com/bot.html)"
66.249.71.6 - - [02/Nov/2012:23:56:30 +0100] "GET /news.php?cs_go=archiv&cs_id=450&cs_search= HTTP/1.1" 200 7887 "-" "Mozilla/5.0 (compatible; Googlebot/2.1; +http://www.google.com/bot.html)"
66.249.71.6 - - [02/Nov/2012:23:57:18 +0100] "GET /news.php?cs_go=archiv&cs_id=605&cs_search= HTTP/1.1" 200 7887 "-" "Mozilla/5.0 (compatible; Googlebot/2.1; +http://www.google.com/bot.html)"
66.249.71.6 - - [02/Nov/2012:23:58:07 +0100] "GET /news.php?cs_go=archiv&cs_id=893&cs_search= HTTP/1.1" 200 7887 "-" "Mozilla/5.0 (compatible; Googlebot/2.1; +http://www.google.com/bot.html)"
66.249.71.6 - - [02/Nov/2012:23:58:54 +0100] "GET /news.php?cs_go=archiv&cs_id=390&cs_search= HTTP/1.1" 200 7887 "-" "Mozilla/5.0 (compatible; Googlebot/2.1; +http://www.google.com/bot.html)"
66.249.71.6 - - [02/Nov/2012:23:59:44 +0100] "GET /news.php?cs_go=archiv&cs_id=61&cs_search= HTTP/1.1" 200 7887 "-" "Mozilla/5.0 (compatible; Googlebot/2.1; +http://www.google.com/bot.html)"
66.249.71.6 - - [03/Nov/2012:00:00:33 +0100] "GET /news.php?cs_go=archiv&cs_id=425&cs_search= HTTP/1.1" 200 7887 "-" "Mozilla/5.0 (compatible; Googlebot/2.1; +http://www.google.com/bot.html)"
5.9.25.77 - - [03/Nov/2012:00:02:35 +0100] "GET /robots.txt HTTP/1.1" 200 177 "-" "Pixray-Seeker/2.0 (Pixray-Seeker; +http://www.pixray.com/pixraybot; +crawler@pixray.com)"
5.9.25.77 - - [03/Nov/2012:00:02:35 +0100] "GET /news.php?cs_go=archiv&cs_id=3234&cs_search= HTTP/1.1" 200 12378 "-" "Pixray-Seeker/2.0 (Pixray-Seeker; +http://www.pixray.com/pixraybot; +crawler@pixray.com)"
66.249.71.6 - - [03/Nov/2012:00:01:22 +0100] "GET /news.php?cs_go=archiv&cs_id=1431&cs_search= HTTP/1.1" 200 7887 "-" "Mozilla/5.0 (compatible; Googlebot/2.1; +http://www.google.com/bot.html)"
66.249.71.6 - - [03/Nov/2012:00:03:06 +0100] "GET /news.php?cs_go=archiv&cs_id=486&cs_search= HTTP/1.1" 200 7887 "-" "Mozilla/5.0 (compatible; Googlebot/2.1; +http://www.google.com/bot.html)"
66.249.71.6 - - [03/Nov/2012:00:03:33 +0100] "GET /news.php?cs_go=archiv&cs_id=1620&cs_search= HTTP/1.1" 200 7887 "-" "Mozilla/5.0 (compatible; Googlebot/2.1; +http://www.google.com/bot.html)"
66.249.71.6 - - [03/Nov/2012:00:03:57 +0100] "GET /news.php?cs_go=archiv&cs_id=281&cs_search= HTTP/1.1" 200 7887 "-" "Mozilla/5.0 (compatible; Googlebot/2.1; +http://www.google.com/bot.html)"
66.249.71.6 - - [03/Nov/2012:00:04:38 +0100] "GET /news.php?cs_go=archiv&cs_id=43&cs_search= HTTP/1.1" 200 7887 "-" "Mozilla/5.0 (compatible; Googlebot/2.1; +http://www.google.com/bot.html)"
173.199.114.163 - - [03/Nov/2012:00:04:53 +0100] "GET /news.php?cs_go=archiv&cs_startpos=690 HTTP/1.1" 200 22173 "-" "Mozilla/5.0 (compatible; AhrefsBot/4.0; +http://ahrefs.com/robot/)"
66.249.71.6 - - [03/Nov/2012:00:05:29 +0100] "GET /news.php?cs_go=archiv&cs_startpos=2380 HTTP/1.1" 200 8126 "-" "Mozilla/5.0 (compatible; Googlebot/2.1; +http://www.google.com/bot.html)"
66.249.71.6 - - [03/Nov/2012:00:06:21 +0100] "GET /news.php?cs_go=archiv&cs_id=419&cs_search= HTTP/1.1" 200 7887 "-" "Mozilla/5.0 (compatible; Googlebot/2.1; +http://www.google.com/bot.html)"
24.134.146.36 - - [03/Nov/2012:00:06:22 +0100] "GET /energiesparcheck.php HTTP/1.1" 200 13581 "-" "findlinks/2.0.2 (+http://wortschatz.uni-leipzig.de/findlinks/)"
24.134.146.36 - - [03/Nov/2012:00:06:22 +0100] "GET /energiesparcheck.php HTTP/1.1" 200 13494 "-" "findlinks/2.0.2 (+http://wortschatz.uni-leipzig.de/findlinks/)"
66.249.71.6 - - [03/Nov/2012:00:07:11 +0100] "GET /news.php?cs_go=archiv&cs_id=90&cs_search= HTTP/1.1" 200 7887 "-" "Mozilla/5.0 (compatible; Googlebot/2.1; +http://www.google.com/bot.html)"
66.249.71.6 - - [03/Nov/2012:00:08:04 +0100] "GET /news.php?cs_go=archiv&cs_startpos=1730 HTTP/1.1" 200 8126 "-" "Mozilla/5.0 (compatible; Googlebot/2.1; +http://www.google.com/bot.html)"
178.154.179.250 - - [03/Nov/2012:00:08:34 +0100] "GET /index.php HTTP/1.1" 200 15357 "-" "Mozilla/5.0 (compatible; YandexBot/3.0; +http://yandex.com/bots)"
66.249.71.6 - - [03/Nov/2012:00:08:56 +0100] "GET /news.php?cs_go=archiv&cs_id=1211&cs_search= HTTP/1.1" 200 7887 "-" "Mozilla/5.0 (compatible; Googlebot/2.1; +http://www.google.com/bot.html)"
5.9.25.83 - - [03/Nov/2012:00:09:20 +0100] "GET /robots.txt HTTP/1.1" 200 177 "-" "Pixray-Seeker/2.0 (Pixray-Seeker; +http://www.pixray.com/pixraybot; +crawler@pixray.com)"
5.9.25.83 - - [03/Nov/2012:00:09:20 +0100] "GET /news.php?cs_go=archiv&cs_startpos=330 HTTP/1.1" 200 22722 "-" "Pixray-Seeker/2.0 (Pixray-Seeker; +http://www.pixray.com/pixraybot; +crawler@pixray.com)"
66.249.71.6 - - [03/Nov/2012:00:10:42 +0100] "GET /news.php?cs_go=archiv&cs_id=1088&cs_search= HTTP/1.1" 200 7887 "-" "Mozilla/5.0 (compatible; Googlebot/2.1; +http://www.google.com/bot.html)"
66.249.71.6 - - [03/Nov/2012:00:11:35 +0100] "GET /news.php?cs_go=archiv&cs_id=91&cs_search= HTTP/1.1" 200 7887 "-" "Mozilla/5.0 (compatible; Googlebot/2.1; +http://www.google.com/bot.html)"
66.249.71.6 - - [03/Nov/2012:00:12:29 +0100] "GET /news.php?cs_go=archiv&cs_id=598&cs_search= HTTP/1.1" 200 7887 "-" "Mozilla/5.0 (compatible; Googlebot/2.1; +http://www.google.com/bot.html)"
66.249.71.6 - - [03/Nov/2012:00:13:24 +0100] "GET /news.php?cs_go=archiv&cs_id=1565&cs_search= HTTP/1.1" 200 7887 "-" "Mozilla/5.0 (compatible; Googlebot/2.1; +http://www.google.com/bot.html)"
173.199.116.11 - - [03/Nov/2012:00:14:16 +0100] "GET /kwk.php?cs_go=2 HTTP/1.1" 200 11855 "-" "Mozilla/5.0 (compatible; AhrefsBot/4.0; +http://ahrefs.com/robot/)"
66.249.71.6 - - [03/Nov/2012:00:15:15 +0100] "GET /news.php?cs_go=archiv&cs_id=27&cs_search= HTTP/1.1" 200 7887 "-" "Mozilla/5.0 (compatible; Googlebot/2.1; +http://www.google.com/bot.html)"
66.249.71.6 - - [03/Nov/2012:00:16:11 +0100] "GET /news.php?cs_go=archiv&cs_id=124&cs_search= HTTP/1.1" 200 7887 "-" "Mozilla/5.0 (compatible; Googlebot/2.1; +http://www.google.com/bot.html)"
66.249.71.6 - - [03/Nov/2012:00:17:09 +0100] "GET /news.php?cs_go=archiv&cs_id=84&cs_search= HTTP/1.1" 200 7887 "-" "Mozilla/5.0 (compatible; Googlebot/2.1; +http://www.google.com/bot.html)"
66.249.71.6 - - [03/Nov/2012:00:19:06 +0100] "GET /news.php?cs_go=archiv&cs_id=23&cs_search= HTTP/1.1" 200 7887 "-" "Mozilla/5.0 (compatible; Googlebot/2.1; +http://www.google.com/bot.html)"
66.249.71.6 - - [03/Nov/2012:00:20:06 +0100] "GET /news.php?cs_go=archiv&cs_id=600&cs_search= HTTP/1.1" 200 7887 "-" "Mozilla/5.0 (compatible; Googlebot/2.1; +http://www.google.com/bot.html)"
66.249.71.6 - - [03/Nov/2012:00:21:07 +0100] "GET /news.php?cs_go=archiv&cs_id=417&cs_search= HTTP/1.1" 200 7887 "-" "Mozilla/5.0 (compatible; Googlebot/2.1; +http://www.google.com/bot.html)"
66.249.71.6 - - [03/Nov/2012:00:22:07 +0100] "GET /news.php?cs_go=archiv&cs_id=74&cs_search= HTTP/1.1" 200 7887 "-" "Mozilla/5.0 (compatible; Googlebot/2.1; +http://www.google.com/bot.html)"
109.169.61.126 - - [03/Nov/2012:00:22:16 +0100] "GET /news.php?cs_go=archiv&cs_id=3540 HTTP/1.1" 200 9904 "-" "Mozilla/4.0 (compatible; MSIE 6.0; Windows NT 5.1; SV1; TencentTraveler ; Mozilla/4.0 (compatible; MSIE 6.0; Windows NT 5.1; SV1) ; .NET CLR 2.0.50727)"
66.249.71.6 - - [03/Nov/2012:00:23:15 +0100] "GET /news.php?cs_go=archiv&cs_id=126&cs_search= HTTP/1.1" 200 7887 "-" "Mozilla/5.0 (compatible; Googlebot/2.1; +http://www.google.com/bot.html)"
173.199.115.155 - - [03/Nov/2012:00:23:38 +0100] "GET /news.php?cs_go=archiv&cs_startpos=691 HTTP/1.1" 200 20907 "-" "Mozilla/5.0 (compatible; AhrefsBot/4.0; +http://ahrefs.com/robot/)"
66.249.71.6 - - [03/Nov/2012:00:24:21 +0100] "GET /news.php?cs_go=archiv&cs_id=515&cs_search= HTTP/1.1" 200 7887 "-" "Mozilla/5.0 (compatible; Googlebot/2.1; +http://www.google.com/bot.html)"
66.249.71.6 - - [03/Nov/2012:00:25:31 +0100] "GET /news.php?cs_go=archiv&cs_startpos=1690 HTTP/1.1" 200 8126 "-" "Mozilla/5.0 (compatible; Googlebot/2.1; +http://www.google.com/bot.html)"
66.249.71.6 - - [03/Nov/2012:00:26:43 +0100] "GET /news.php?cs_go=archiv&cs_id=1605&cs_search= HTTP/1.1" 200 7887 "-" "Mozilla/5.0 (compatible; Googlebot/2.1; +http://www.google.com/bot.html)"
66.249.71.6 - - [03/Nov/2012:00:29:27 +0100] "GET /news.php HTTP/1.1" 200 22066 "-" "Mozilla/5.0 (compatible; Googlebot/2.1; +http://www.google.com/bot.html)"
173.199.120.91 - - [03/Nov/2012:00:33:02 +0100] "GET /news.php?cs_go=archiv&cs_id=3622 HTTP/1.1" 200 11727 "-" "Mozilla/5.0 (compatible; AhrefsBot/4.0; +http://ahrefs.com/robot/)"
66.249.71.6 - - [03/Nov/2012:00:34:22 +0100] "GET /news.php?cs_go=archiv&cs_id=2626 HTTP/1.1" 200 7887 "-" "Mozilla/5.0 (compatible; Googlebot/2.1; +http://www.google.com/bot.html)"
66.249.71.6 - - [03/Nov/2012:00:35:02 +0100] "GET /news.php?cs_go=archiv&cs_id=3578&cs_search= HTTP/1.1" 200 11462 "-" "Mozilla/5.0 (compatible; Googlebot/2.1; +http://www.google.com/bot.html)"
66.249.71.6 - - [03/Nov/2012:00:35:02 +0100] "GET /news.php?cs_go=archiv&cs_id=3631&cs_search= HTTP/1.1" 200 9927 "-" "Mozilla/5.0 (compatible; Googlebot/2.1; +http://www.google.com/bot.html)"
66.249.71.6 - - [03/Nov/2012:00:38:05 +0100] "GET /news.php?cs_go=archiv&cs_id=2656&cs_search= HTTP/1.1" 200 7887 "-" "Mozilla/5.0 (compatible; Googlebot/2.1; +http://www.google.com/bot.html)"
66.249.71.6 - - [03/Nov/2012:00:41:48 +0100] "GET /news.php?cs_go=archiv&cs_id=2593&cs_search= HTTP/1.1" 200 7887 "-" "Mozilla/5.0 (compatible; Googlebot/2.1; +http://www.google.com/bot.html)"
5.9.25.85 - - [03/Nov/2012:00:42:19 +0100] "GET /robots.txt HTTP/1.1" 200 177 "-" "Pixray-Seeker/2.0 (Pixray-Seeker; +http://www.pixray.com/pixraybot; +crawler@pixray.com)"
5.9.25.85 - - [03/Nov/2012:00:42:19 +0100] "GET /news.php?cs_go=archiv&cs_id=3292&cs_search= HTTP/1.1" 200 12058 "-" "Pixray-Seeker/2.0 (Pixray-Seeker; +http://www.pixray.com/pixraybot; +crawler@pixray.com)"
5.9.25.83 - - [03/Nov/2012:00:43:04 +0100] "GET /robots.txt HTTP/1.1" 200 177 "-" "Pixray-Seeker/2.0 (Pixray-Seeker; +http://www.pixray.com/pixraybot; +crawler@pixray.com)"
5.9.25.83 - - [03/Nov/2012:00:43:04 +0100] "GET /news.php?cs_go=archiv&cs_id=2714&cs_search= HTTP/1.1" 200 10360 "-" "Pixray-Seeker/2.0 (Pixray-Seeker; +http://www.pixray.com/pixraybot; +crawler@pixray.com)"
66.249.71.6 - - [03/Nov/2012:00:45:30 +0100] "GET /news.php?cs_go=archiv&cs_id=2039&cs_search= HTTP/1.1" 200 7887 "-" "Mozilla/5.0 (compatible; Googlebot/2.1; +http://www.google.com/bot.html)"
5.9.25.73 - - [03/Nov/2012:00:46:52 +0100] "GET /robots.txt HTTP/1.1" 200 177 "-" "Pixray-Seeker/2.0 (Pixray-Seeker; +http://www.pixray.com/pixraybot; +crawler@pixray.com)"
5.9.25.73 - - [03/Nov/2012:00:46:52 +0100] "GET /news.php?cs_go=archiv&cs_id=2359&cs_search= HTTP/1.1" 200 7887 "-" "Pixray-Seeker/2.0 (Pixray-Seeker; +http://www.pixray.com/pixraybot; +crawler@pixray.com)"
66.249.71.6 - - [03/Nov/2012:00:49:12 +0100] "GET /news.php?cs_go=archiv&cs_id=2038&cs_search= HTTP/1.1" 200 7887 "-" "Mozilla/5.0 (compatible; Googlebot/2.1; +http://www.google.com/bot.html)"
178.154.179.250 - - [03/Nov/2012:00:50:37 +0100] "GET /news.php?cs_go=archiv&cs_id=3597 HTTP/1.1" 200 10712 "-" "Mozilla/5.0 (compatible; YandexBot/3.0; +http://yandex.com/bots)"
173.199.115.75 - - [03/Nov/2012:00:51:47 +0100] "GET /additive.php HTTP/1.1" 200 8372 "-" "Mozilla/5.0 (compatible; AhrefsBot/4.0; +http://ahrefs.com/robot/)"
66.249.71.6 - - [03/Nov/2012:00:52:52 +0100] "GET /news.php?cs_go=archiv&cs_id=2041&cs_search= HTTP/1.1" 200 7887 "-" "Mozilla/5.0 (compatible; Googlebot/2.1; +http://www.google.com/bot.html)"
66.249.71.6 - - [03/Nov/2012:00:55:21 +0100] "GET /news.php?cs_go=archiv&cs_id=1109&cs_search= HTTP/1.1" 200 7887 "-" "Mozilla/5.0 (compatible; Googlebot/2.1; +http://www.google.com/bot.html)"
66.249.71.6 - - [03/Nov/2012:00:55:26 +0100] "GET /news.php?cs_go=archiv&cs_id=935&cs_search= HTTP/1.1" 200 7887 "-" "Mozilla/5.0 (compatible; Googlebot/2.1; +http://www.google.com/bot.html)"
66.249.71.6 - - [03/Nov/2012:01:00:17 +0100] "GET /news.php?cs_go=archiv&cs_id=2051&cs_search= HTTP/1.1" 200 7887 "-" "Mozilla/5.0 (compatible; Googlebot/2.1; +http://www.google.com/bot.html)"
139.18.2.17 - - [03/Nov/2012:01:00:39 +0100] "GET /jobs.php HTTP/1.1" 200 6407 "-" "findlinks/2.6 (+http://wortschatz.uni-leipzig.de/findlinks/)"
139.18.2.17 - - [03/Nov/2012:01:00:39 +0100] "GET /jobs.php HTTP/1.1" 200 9979 "-" "findlinks/2.6 (+http://wortschatz.uni-leipzig.de/findlinks/)"
5.9.25.84 - - [03/Nov/2012:01:02:12 +0100] "GET /robots.txt HTTP/1.1" 200 177 "-" "Pixray-Seeker/2.0 (Pixray-Seeker; +http://www.pixray.com/pixraybot; +crawler@pixray.com)"
5.9.25.84 - - [03/Nov/2012:01:02:12 +0100] "GET /news.php?cs_go=archiv&cs_id=2428&cs_search= HTTP/1.1" 200 7887 "-" "Pixray-Seeker/2.0 (Pixray-Seeker; +http://www.pixray.com/pixraybot; +crawler@pixray.com)"
157.55.32.162 - - [03/Nov/2012:01:04:40 +0100] "GET /robots.txt HTTP/1.1" 200 177 "-" "Mozilla/5.0 (compatible; bingbot/2.0; +http://www.bing.com/bingbot.htm)"
173.199.114.243 - - [03/Nov/2012:01:10:32 +0100] "GET /news.php?cs_go=archiv&cs_id=3622&cs_search= HTTP/1.1" 200 11727 "-" "Mozilla/5.0 (compatible; AhrefsBot/4.0; +http://ahrefs.com/robot/)"
217.230.184.120 - - [03/Nov/2012:01:13:51 +0100] "GET / HTTP/1.0" 200 1519 "http://www.backlink-webkatalog.de/" "Mozilla/4.0 (compatible; MSIE 8.0; Windows NT 5.1; Trident/4.0; FBSMTWB; ATC/1.0; .NET CLR 1.1.4322; ATC/1.0; .NET CLR 2.0.50727; .NET CLR 3.0.4506.2152; .NET CLR 3.5.30729)"
66.249.71.6 - - [03/Nov/2012:01:15:05 +0100] "GET /news.php?cs_go=archiv&cs_id=2015&cs_search= HTTP/1.1" 200 7887 "-" "Mozilla/5.0 (compatible; Googlebot/2.1; +http://www.google.com/bot.html)"
66.249.71.6 - - [03/Nov/2012:01:18:47 +0100] "GET /news.php?cs_go=archiv&cs_id=1738&cs_search= HTTP/1.1" 200 7887 "-" "Mozilla/5.0 (compatible; Googlebot/2.1; +http://www.google.com/bot.html)"
66.249.71.6 - - [03/Nov/2012:01:20:01 +0100] "GET /news.php?cs_go=archiv&cs_id=1513&cs_search= HTTP/1.1" 200 7887 "-" "Mozilla/5.0 (compatible; Googlebot/2.1; +http://www.google.com/bot.html)"
66.249.71.6 - - [03/Nov/2012:01:20:01 +0100] "GET /news.php?cs_go=archiv&cs_id=624&cs_search= HTTP/1.1" 200 7887 "-" "Mozilla/5.0 (compatible; Googlebot/2.1; +http://www.google.com/bot.html)"
178.154.179.250 - - [03/Nov/2012:01:25:55 +0100] "GET /news.php?cs_go=archiv&cs_id=3623 HTTP/1.1" 200 13477 "-" "Mozilla/5.0 (compatible; YandexBot/3.0; +http://yandex.com/bots)"
173.199.114.147 - - [03/Nov/2012:01:29:17 +0100] "GET /kwk.php?cs_go=3 HTTP/1.1" 200 10285 "-" "Mozilla/5.0 (compatible; AhrefsBot/4.0; +http://ahrefs.com/robot/)"
66.249.71.6 - - [03/Nov/2012:01:33:34 +0100] "GET /news.php?cs_go=archiv&cs_id=2659&cs_search= HTTP/1.1" 200 7887 "-" "Mozilla/5.0 (compatible; Googlebot/2.1; +http://www.google.com/bot.html)"
5.9.25.82 - - [03/Nov/2012:01:36:14 +0100] "GET /robots.txt HTTP/1.1" 200 177 "-" "Pixray-Seeker/2.0 (Pixray-Seeker; +http://www.pixray.com/pixraybot; +crawler@pixray.com)"
5.9.25.82 - - [03/Nov/2012:01:36:14 +0100] "GET /news.php?cs_go=archiv&cs_id=2389&cs_search= HTTP/1.1" 200 7887 "-" "Pixray-Seeker/2.0 (Pixray-Seeker; +http://www.pixray.com/pixraybot; +crawler@pixray.com)"
173.199.116.11 - - [03/Nov/2012:01:48:02 +0100] "GET /news.php?cs_go=archiv&cs_id=3624&cs_search= HTTP/1.1" 200 10078 "-" "Mozilla/5.0 (compatible; AhrefsBot/4.0; +http://ahrefs.com/robot/)"
46.4.119.231 - - [03/Nov/2012:01:50:02 +0100] "GET /news.php?cs_go=archiv&cs_id=2939&cs_search= HTTP/1.1" 200 13759 "-" "Pixray-Seeker/2.0 (Pixray-Seeker; +http://www.pixray.com/pixraybot; +crawler@pixray.com)"
5.9.25.73 - - [03/Nov/2012:01:50:26 +0100] "GET /robots.txt HTTP/1.1" 200 177 "-" "Pixray-Seeker/2.0 (Pixray-Seeker; +http://www.pixray.com/pixraybot; +crawler@pixray.com)"
5.9.25.73 - - [03/Nov/2012:01:50:26 +0100] "GET /news.php?cs_go=archiv&cs_id=1785&cs_search= HTTP/1.1" 200 7887 "-" "Pixray-Seeker/2.0 (Pixray-Seeker; +http://www.pixray.com/pixraybot; +crawler@pixray.com)"
66.249.71.6 - - [03/Nov/2012:02:05:40 +0100] "GET /news.php?cs_go=archiv&cs_id=1758&cs_search= HTTP/1.1" 200 7887 "-" "Mozilla/5.0 (compatible; Googlebot/2.1; +http://www.google.com/bot.html)"
173.199.120.155 - - [03/Nov/2012:02:06:47 +0100] "GET /energiesparcheck.php HTTP/1.1" 200 13581 "-" "Mozilla/5.0 (compatible; AhrefsBot/4.0; +http://ahrefs.com/robot/)"
85.25.71.100 - - [03/Nov/2012:02:10:19 +0100] "GET /robots.txt HTTP/1.1" 200 177 "-" "Mozilla/5.0 (X11; U; Linux i686; de; rv:1.9.0.1; compatible; iCjobs Stellenangebote Jobs; http://www.icjobs.de) Gecko/20100401 iCjobs/3.2.3"
85.25.71.100 - - [03/Nov/2012:02:10:19 +0100] "GET / HTTP/1.1" 200 15357 "-" "Mozilla/5.0 (X11; U; Linux i686; de; rv:1.9.0.1; compatible; iCjobs Stellenangebote Jobs; http://www.icjobs.de) Gecko/20100401 iCjobs/3.2.3"
85.25.71.100 - - [03/Nov/2012:02:10:20 +0100] "GET / HTTP/1.1" 200 14616 "-" "Mozilla/5.0 (X11; U; Linux i686; de; rv:1.9.0.1; compatible; iCjobs Stellenangebote Jobs; http://www.icjobs.de) Gecko/20100401 iCjobs/3.2.3"
85.25.71.100 - - [03/Nov/2012:02:10:22 +0100] "GET /jobs.php HTTP/1.1" 200 9979 "-" "Mozilla/5.0 (X11; U; Linux i686; de; rv:1.9.0.1; compatible; iCjobs Stellenangebote Jobs; http://www.icjobs.de) Gecko/20100401 iCjobs/3.2.3"
