66.249.75.46 - - [06/Nov/2012:18:44:55 +0100] "GET /news.php?cs_go=archiv&cs_id=1620&cs_search= HTTP/1.1" 200 7887 "-" "Mozilla/5.0 (compatible; Googlebot/2.1; +http://www.google.com/bot.html)"
66.249.75.46 - - [06/Nov/2012:18:45:40 +0100] "GET /news.php?cs_go=archiv&cs_id=281&cs_search= HTTP/1.1" 200 7887 "-" "Mozilla/5.0 (compatible; Googlebot/2.1; +http://www.google.com/bot.html)"
66.249.75.46 - - [06/Nov/2012:18:47:09 +0100] "GET /news.php?cs_go=archiv&cs_id=43&cs_search= HTTP/1.1" 200 7887 "-" "Mozilla/5.0 (compatible; Googlebot/2.1; +http://www.google.com/bot.html)"
66.249.75.46 - - [06/Nov/2012:18:49:23 +0100] "GET /news.php?cs_go=archiv&cs_id=419&cs_search= HTTP/1.1" 200 7887 "-" "Mozilla/5.0 (compatible; Googlebot/2.1; +http://www.google.com/bot.html)"
5.9.25.68 - - [06/Nov/2012:18:54:11 +0100] "GET /robots.txt HTTP/1.1" 200 177 "-" "Pixray-Seeker/2.0 (Pixray-Seeker; +http://www.pixray.com/pixraybot; +crawler@pixray.com)"
5.9.25.68 - - [06/Nov/2012:18:54:11 +0100] "GET /news.php?cs_go=archiv&cs_id=2081&cs_search= HTTP/1.1" 200 7887 "-" "Pixray-Seeker/2.0 (Pixray-Seeker; +http://www.pixray.com/pixraybot; +crawler@pixray.com)"
66.249.75.46 - - [06/Nov/2012:18:56:05 +0100] "GET /news.php?cs_go=archiv&cs_id=1211&cs_search= HTTP/1.1" 200 7887 "-" "Mozilla/5.0 (compatible; Googlebot/2.1; +http://www.google.com/bot.html)"
5.9.25.83 - - [06/Nov/2012:18:58:29 +0100] "GET /robots.txt HTTP/1.1" 200 177 "-" "Pixray-Seeker/2.0 (Pixray-Seeker; +http://www.pixray.com/pixraybot; +crawler@pixray.com)"
5.9.25.83 - - [06/Nov/2012:18:58:29 +0100] "GET /news.php?cs_go=archiv&cs_id=3194&cs_search= HTTP/1.1" 200 13330 "-" "Pixray-Seeker/2.0 (Pixray-Seeker; +http://www.pixray.com/pixraybot; +crawler@pixray.com)"
123.125.71.22 - - [06/Nov/2012:18:58:30 +0100] "GET / HTTP/1.1" 200 15380 "-" "Mozilla/5.0 (compatible; Baiduspider/2.0; +http://www.baidu.com/search/spider.html)"
66.249.75.46 - - [06/Nov/2012:18:59:35 +0100] "GET /news.php?cs_go=archiv&cs_id=1088&cs_search= HTTP/1.1" 200 7887 "-" "Mozilla/5.0 (compatible; Googlebot/2.1; +http://www.google.com/bot.html)"
123.125.71.105 - - [06/Nov/2012:19:01:50 +0100] "GET /news.php?cs_go=archiv&cs_id=3621 HTTP/1.1" 200 13052 "-" "Mozilla/5.0 (compatible; Baiduspider/2.0; +http://www.baidu.com/search/spider.html)"
66.249.75.46 - - [06/Nov/2012:19:03:48 +0100] "GET /news.php?cs_go=archiv&cs_id=1565&cs_search= HTTP/1.1" 200 7887 "-" "Mozilla/5.0 (compatible; Googlebot/2.1; +http://www.google.com/bot.html)"
123.125.71.84 - - [06/Nov/2012:19:05:10 +0100] "GET /news.php?cs_go=archiv&cs_id=3643 HTTP/1.1" 200 13285 "-" "Mozilla/5.0 (compatible; Baiduspider/2.0; +http://www.baidu.com/search/spider.html)"
66.249.75.46 - - [06/Nov/2012:19:05:57 +0100] "GET /news.php?cs_go=archiv&cs_id=27&cs_search= HTTP/1.1" 200 7887 "-" "Mozilla/5.0 (compatible; Googlebot/2.1; +http://www.google.com/bot.html)"
5.9.25.67 - - [06/Nov/2012:19:07:47 +0100] "GET /robots.txt HTTP/1.1" 200 177 "-" "Pixray-Seeker/2.0 (Pixray-Seeker; +http://www.pixray.com/pixraybot; +crawler@pixray.com)"
5.9.25.67 - - [06/Nov/2012:19:07:47 +0100] "GET /news.php?cs_go=archiv&cs_id=1771&cs_search= HTTP/1.1" 200 7887 "-" "Pixray-Seeker/2.0 (Pixray-Seeker; +http://www.pixray.com/pixraybot; +crawler@pixray.com)"
123.125.71.29 - - [06/Nov/2012:19:08:30 +0100] "GET /news.php?cs_go=archiv&cs_id=3641 HTTP/1.1" 200 10079 "-" "Mozilla/5.0 (compatible; Baiduspider/2.0; +http://www.baidu.com/search/spider.html)"
66.249.75.46 - - [06/Nov/2012:19:09:36 +0100] "GET /news.php?cs_go=archiv&cs_id=124&cs_search= HTTP/1.1" 200 7887 "-" "Mozilla/5.0 (compatible; Googlebot/2.1; +http://www.google.com/bot.html)"
5.9.25.77 - - [06/Nov/2012:19:11:31 +0100] "GET /robots.txt HTTP/1.1" 200 177 "-" "Pixray-Seeker/2.0 (Pixray-Seeker; +http://www.pixray.com/pixraybot; +crawler@pixray.com)"
5.9.25.77 - - [06/Nov/2012:19:11:32 +0100] "GET /news.php?cs_go=archiv&cs_id=2886&cs_search= HTTP/1.1" 200 10341 "-" "Pixray-Seeker/2.0 (Pixray-Seeker; +http://www.pixray.com/pixraybot; +crawler@pixray.com)"
66.249.75.46 - - [06/Nov/2012:19:11:51 +0100] "GET /news.php?cs_go=archiv&cs_id=23&cs_search= HTTP/1.1" 200 7887 "-" "Mozilla/5.0 (compatible; Googlebot/2.1; +http://www.google.com/bot.html)"
66.249.75.46 - - [06/Nov/2012:19:11:54 +0100] "GET /news.php?cs_go=archiv&cs_id=674&cs_search= HTTP/1.1" 200 7887 "-" "Mozilla/5.0 (compatible; Googlebot/2.1; +http://www.google.com/bot.html)"
82.94.176.164 - - [06/Nov/2012:19:14:05 +0100] "GET /jobs.php HTTP/1.1" 200 10066 "-" "Mozilla/4.0 (compatible; MSIE 5.5; Windows NT)"
66.249.75.46 - - [06/Nov/2012:19:18:52 +0100] "GET /news.php?cs_go=archiv&cs_id=417&cs_search= HTTP/1.1" 200 7887 "-" "Mozilla/5.0 (compatible; Googlebot/2.1; +http://www.google.com/bot.html)"
84.19.190.126 - - [06/Nov/2012:19:21:20 +0100] "GET /robots.txt HTTP/1.1" 200 177 "-" "Mozilla/5.0 (compatible; UnisterBot; crawler@unister.de)"
84.19.190.126 - - [06/Nov/2012:19:21:20 +0100] "GET /news.php?cs_go=archiv&cs_id=2730&cs_search= HTTP/1.1" 200 12416 "-" "Mozilla/5.0 (compatible; UnisterBot; crawler@unister.de)"
5.9.25.76 - - [06/Nov/2012:19:21:31 +0100] "GET /robots.txt HTTP/1.1" 200 177 "-" "Pixray-Seeker/2.0 (Pixray-Seeker; +http://www.pixray.com/pixraybot; +crawler@pixray.com)"
5.9.25.76 - - [06/Nov/2012:19:21:31 +0100] "GET /news.php?cs_go=archiv&cs_id=1662&cs_search= HTTP/1.1" 200 7887 "-" "Pixray-Seeker/2.0 (Pixray-Seeker; +http://www.pixray.com/pixraybot; +crawler@pixray.com)"
84.19.190.126 - - [06/Nov/2012:19:23:06 +0100] "GET /news.php?cs_go=archiv&cs_id=2912&cs_search= HTTP/1.1" 200 9765 "-" "Mozilla/5.0 (compatible; UnisterBot; crawler@unister.de)"
66.249.75.46 - - [06/Nov/2012:19:23:51 +0100] "GET /news.php?cs_go=archiv&cs_id=126&cs_search= HTTP/1.1" 200 7887 "-" "Mozilla/5.0 (compatible; Googlebot/2.1; +http://www.google.com/bot.html)"
87.118.116.25 - - [06/Nov/2012:19:24:01 +0100] "GET /news.php?cs_go=archiv&cs_id=2897&cs_search= HTTP/1.1" 200 10653 "-" "Mozilla/5.0 (compatible; UnisterBot; crawler@unister.de)"
84.19.190.126 - - [06/Nov/2012:19:24:51 +0100] "GET /news.php?cs_go=archiv&cs_id=2738&cs_search= HTTP/1.1" 200 11564 "-" "Mozilla/5.0 (compatible; UnisterBot; crawler@unister.de)"
84.19.190.126 - - [06/Nov/2012:19:25:45 +0100] "GET /news.php?cs_go=archiv&cs_id=2740&cs_search= HTTP/1.1" 200 9987 "-" "Mozilla/5.0 (compatible; UnisterBot; crawler@unister.de)"
66.249.75.46 - - [06/Nov/2012:19:26:04 +0100] "GET /optiplus.php HTTP/1.1" 200 11100 "-" "Mozilla/5.0 (compatible; Googlebot/2.1; +http://www.google.com/bot.html)"
84.19.190.126 - - [06/Nov/2012:19:26:38 +0100] "GET /news.php?cs_go=archiv&cs_id=2882&cs_search= HTTP/1.1" 200 10260 "-" "Mozilla/5.0 (compatible; UnisterBot; crawler@unister.de)"
87.118.116.25 - - [06/Nov/2012:19:27:36 +0100] "GET /news.php?cs_go=archiv&cs_id=2885&cs_search= HTTP/1.1" 200 13578 "-" "Mozilla/5.0 (compatible; UnisterBot; crawler@unister.de)"
87.118.116.25 - - [06/Nov/2012:19:28:25 +0100] "GET /news.php?cs_go=archiv&cs_id=2735&cs_search= HTTP/1.1" 200 9795 "-" "Mozilla/5.0 (compatible; UnisterBot; crawler@unister.de)"
87.118.116.25 - - [06/Nov/2012:19:29:13 +0100] "GET /news.php?cs_go=archiv&cs_id=2739&cs_search= HTTP/1.1" 200 13871 "-" "Mozilla/5.0 (compatible; UnisterBot; crawler@unister.de)"
87.118.116.25 - - [06/Nov/2012:19:30:00 +0100] "GET /news.php?cs_go=archiv&cs_id=2852&cs_search= HTTP/1.1" 200 15931 "-" "Mozilla/5.0 (compatible; UnisterBot; crawler@unister.de)"
84.19.190.126 - - [06/Nov/2012:19:30:49 +0100] "GET /news.php?cs_go=archiv&cs_id=2723&cs_search= HTTP/1.1" 200 14260 "-" "Mozilla/5.0 (compatible; UnisterBot; crawler@unister.de)"
66.249.75.46 - - [06/Nov/2012:19:31:07 +0100] "GET /news.php?cs_go=archiv&cs_id=1605&cs_search= HTTP/1.1" 200 7887 "-" "Mozilla/5.0 (compatible; Googlebot/2.1; +http://www.google.com/bot.html)"
84.19.190.126 - - [06/Nov/2012:19:31:41 +0100] "GET /news.php?cs_go=archiv&cs_id=2854&cs_search= HTTP/1.1" 200 14468 "-" "Mozilla/5.0 (compatible; UnisterBot; crawler@unister.de)"
84.19.190.126 - - [06/Nov/2012:19:32:18 +0100] "GET /news.php?cs_go=archiv&cs_id=2741&cs_search= HTTP/1.1" 200 14094 "-" "Mozilla/5.0 (compatible; UnisterBot; crawler@unister.de)"
84.19.190.126 - - [06/Nov/2012:19:33:08 +0100] "GET /news.php?cs_go=archiv&cs_id=2906&cs_search= HTTP/1.1" 200 13656 "-" "Mozilla/5.0 (compatible; UnisterBot; crawler@unister.de)"
84.19.190.126 - - [06/Nov/2012:19:33:45 +0100] "GET /news.php?cs_go=archiv&cs_id=2726&cs_search= HTTP/1.1" 200 10273 "-" "Mozilla/5.0 (compatible; UnisterBot; crawler@unister.de)"
84.19.190.126 - - [06/Nov/2012:19:34:35 +0100] "GET /news.php?cs_go=archiv&cs_id=2911&cs_search= HTTP/1.1" 200 13845 "-" "Mozilla/5.0 (compatible; UnisterBot; crawler@unister.de)"
87.118.116.25 - - [06/Nov/2012:19:35:15 +0100] "GET /news.php?cs_go=archiv&cs_id=2910&cs_search= HTTP/1.1" 200 10783 "-" "Mozilla/5.0 (compatible; UnisterBot; crawler@unister.de)"
84.19.190.126 - - [06/Nov/2012:19:36:02 +0100] "GET /news.php?cs_go=archiv&cs_id=2851&cs_search= HTTP/1.1" 200 15029 "-" "Mozilla/5.0 (compatible; UnisterBot; crawler@unister.de)"
84.19.190.126 - - [06/Nov/2012:19:36:50 +0100] "GET /news.php?cs_go=archiv&cs_id=2728&cs_search= HTTP/1.1" 200 11530 "-" "Mozilla/5.0 (compatible; UnisterBot; crawler@unister.de)"
66.249.75.46 - - [06/Nov/2012:19:37:18 +0100] "GET /news.php?cs_go=archiv HTTP/1.1" 200 22146 "-" "Mozilla/5.0 (compatible; Googlebot/2.1; +http://www.google.com/bot.html)"
178.154.179.250 - - [06/Nov/2012:19:37:32 +0100] "GET / HTTP/1.1" 200 15380 "-" "Mozilla/5.0 (compatible; YandexBot/3.0; +http://yandex.com/bots)"
84.19.190.126 - - [06/Nov/2012:19:37:39 +0100] "GET /news.php?cs_go=archiv&cs_id=2889&cs_search= HTTP/1.1" 200 13664 "-" "Mozilla/5.0 (compatible; UnisterBot; crawler@unister.de)"
84.19.190.126 - - [06/Nov/2012:19:38:17 +0100] "GET /news.php?cs_go=archiv&cs_id=2909&cs_search= HTTP/1.1" 200 14313 "-" "Mozilla/5.0 (compatible; UnisterBot; crawler@unister.de)"
87.118.116.25 - - [06/Nov/2012:19:39:06 +0100] "GET /news.php?cs_go=archiv&cs_id=2883&cs_search= HTTP/1.1" 200 13456 "-" "Mozilla/5.0 (compatible; UnisterBot; crawler@unister.de)"
66.249.75.46 - - [06/Nov/2012:19:42:08 +0100] "GET /kwk.php?cs_go=2 HTTP/1.1" 200 11855 "-" "Mozilla/5.0 (compatible; Googlebot/2.1; +http://www.google.com/bot.html)"
66.249.75.46 - - [06/Nov/2012:19:45:11 +0100] "GET /news.php?cs_go=archiv&cs_id=3643&cs_search= HTTP/1.1" 200 13285 "-" "Mozilla/5.0 (compatible; Googlebot/2.1; +http://www.google.com/bot.html)"
66.249.75.46 - - [06/Nov/2012:19:46:35 +0100] "GET /news.php?cs_go=archiv&cs_id=2007&cs_search= HTTP/1.1" 200 7887 "-" "Mozilla/5.0 (compatible; Googlebot/2.1; +http://www.google.com/bot.html)"
66.249.75.46 - - [06/Nov/2012:19:48:13 +0100] "GET /news.php?cs_go=archiv&cs_id=2009&cs_search= HTTP/1.1" 200 7887 "-" "Mozilla/5.0 (compatible; Googlebot/2.1; +http://www.google.com/bot.html)"
66.249.75.46 - - [06/Nov/2012:19:49:50 +0100] "GET /news.php?cs_go=archiv&cs_id=2004&cs_search= HTTP/1.1" 200 7887 "-" "Mozilla/5.0 (compatible; Googlebot/2.1; +http://www.google.com/bot.html)"
5.9.25.85 - - [06/Nov/2012:19:51:06 +0100] "GET /robots.txt HTTP/1.1" 200 177 "-" "Pixray-Seeker/2.0 (Pixray-Seeker; +http://www.pixray.com/pixraybot; +crawler@pixray.com)"
5.9.25.85 - - [06/Nov/2012:19:51:06 +0100] "GET /news.php?cs_go=archiv&cs_id=2945&cs_search= HTTP/1.1" 200 12154 "-" "Pixray-Seeker/2.0 (Pixray-Seeker; +http://www.pixray.com/pixraybot; +crawler@pixray.com)"
66.249.75.46 - - [06/Nov/2012:19:51:28 +0100] "GET /news.php?cs_go=archiv&cs_id=1989&cs_search= HTTP/1.1" 200 7887 "-" "Mozilla/5.0 (compatible; Googlebot/2.1; +http://www.google.com/bot.html)"
66.249.75.46 - - [06/Nov/2012:19:53:06 +0100] "GET /news.php?cs_go=archiv&cs_id=2011&cs_search= HTTP/1.1" 200 7887 "-" "Mozilla/5.0 (compatible; Googlebot/2.1; +http://www.google.com/bot.html)"
91.61.93.85 - - [06/Nov/2012:19:54:36 +0100] "GET /jobs.php HTTP/1.1" 200 10066 "-" "Mozilla/5.0 /Windows; U; Windows NT 6.1; de; rv:1.9.1.5) Gecko/20091102 Firefox/3.5.5"
66.249.75.46 - - [06/Nov/2012:19:54:43 +0100] "GET /news.php?cs_go=archiv&cs_id=2145&cs_search= HTTP/1.1" 200 7887 "-" "Mozilla/5.0 (compatible; Googlebot/2.1; +http://www.google.com/bot.html)"
5.9.25.79 - - [06/Nov/2012:19:55:36 +0100] "GET /robots.txt HTTP/1.1" 200 177 "-" "Pixray-Seeker/2.0 (Pixray-Seeker; +http://www.pixray.com/pixraybot; +crawler@pixray.com)"
5.9.25.79 - - [06/Nov/2012:19:55:36 +0100] "GET /news.php?cs_go=archiv&cs_id=2688&cs_search= HTTP/1.1" 200 7887 "-" "Pixray-Seeker/2.0 (Pixray-Seeker; +http://www.pixray.com/pixraybot; +crawler@pixray.com)"
66.249.75.46 - - [06/Nov/2012:19:56:21 +0100] "GET /news.php?cs_go=archiv&cs_id=2147&cs_search= HTTP/1.1" 200 7887 "-" "Mozilla/5.0 (compatible; Googlebot/2.1; +http://www.google.com/bot.html)"
5.9.25.85 - - [06/Nov/2012:19:57:02 +0100] "GET /robots.txt HTTP/1.1" 200 177 "-" "Pixray-Seeker/2.0 (Pixray-Seeker; +http://www.pixray.com/pixraybot; +crawler@pixray.com)"
5.9.25.85 - - [06/Nov/2012:19:57:02 +0100] "GET /news.php?cs_go=archiv&cs_id=1731&cs_search= HTTP/1.1" 200 7887 "-" "Pixray-Seeker/2.0 (Pixray-Seeker; +http://www.pixray.com/pixraybot; +crawler@pixray.com)"
66.249.75.46 - - [06/Nov/2012:19:57:59 +0100] "GET /news.php?cs_go=archiv&cs_id=2153&cs_search= HTTP/1.1" 200 7887 "-" "Mozilla/5.0 (compatible; Googlebot/2.1; +http://www.google.com/bot.html)"
78.42.112.43 - - [06/Nov/2012:19:58:28 +0100] "GET /news.php?cs_go=archiv&cs_id=3133&cs_search= HTTP/1.1" 200 22146 "-" "Mozilla/5.0 (Windows; U; Windows NT 5.1; en-US; rv:1.9.1) Gecko/20090624 Firefox/3.5"
78.42.112.43 - - [06/Nov/2012:19:59:18 +0100] "GET /news.php?cs_go=archiv&cs_id=3004&cs_search= HTTP/1.1" 200 22146 "-" "Mozilla/5.0 (Windows; U; Windows NT 5.1; en-US; rv:1.9.1) Gecko/20090624 Firefox/3.5"
66.249.75.46 - - [06/Nov/2012:19:59:36 +0100] "GET /news.php?cs_go=archiv&cs_id=2157&cs_search= HTTP/1.1" 200 7887 "-" "Mozilla/5.0 (compatible; Googlebot/2.1; +http://www.google.com/bot.html)"
66.249.75.46 - - [06/Nov/2012:20:01:14 +0100] "GET /news.php?cs_go=archiv&cs_id=2155&cs_search= HTTP/1.1" 200 7887 "-" "Mozilla/5.0 (compatible; Googlebot/2.1; +http://www.google.com/bot.html)"
66.249.75.46 - - [06/Nov/2012:20:02:52 +0100] "GET /news.php?cs_go=archiv&cs_id=2163&cs_search= HTTP/1.1" 200 7887 "-" "Mozilla/5.0 (compatible; Googlebot/2.1; +http://www.google.com/bot.html)"
78.42.112.43 - - [06/Nov/2012:20:03:56 +0100] "GET /news.php?cs_go=archiv&cs_id=3012&cs_search= HTTP/1.1" 200 22146 "-" "Mozilla/5.0 (Windows; U; Windows NT 5.1; en-US; rv:1.9.1) Gecko/20090624 Firefox/3.5"
78.42.112.43 - - [06/Nov/2012:20:04:23 +0100] "GET /news.php?cs_go=archiv&cs_id=3028&cs_search= HTTP/1.1" 200 22146 "-" "Mozilla/5.0 (Windows; U; Windows NT 5.1; en-US; rv:1.9.1) Gecko/20090624 Firefox/3.5"
66.249.75.46 - - [06/Nov/2012:20:04:31 +0100] "GET /news.php?cs_go=archiv&cs_id=2194&cs_search= HTTP/1.1" 200 7887 "-" "Mozilla/5.0 (compatible; Googlebot/2.1; +http://www.google.com/bot.html)"
66.249.75.46 - - [06/Nov/2012:20:06:09 +0100] "GET /news.php?cs_go=archiv&cs_id=2181&cs_search= HTTP/1.1" 200 7887 "-" "Mozilla/5.0 (compatible; Googlebot/2.1; +http://www.google.com/bot.html)"
84.19.190.126 - - [06/Nov/2012:20:07:40 +0100] "GET /news.php?cs_go=archiv&cs_id=2742&cs_search= HTTP/1.1" 200 11170 "-" "Mozilla/5.0 (compatible; UnisterBot; crawler@unister.de)"
66.249.75.46 - - [06/Nov/2012:20:07:47 +0100] "GET /news.php?cs_go=archiv&cs_id=2197&cs_search= HTTP/1.1" 200 7887 "-" "Mozilla/5.0 (compatible; Googlebot/2.1; +http://www.google.com/bot.html)"
66.249.75.46 - - [06/Nov/2012:20:09:25 +0100] "GET /news.php?cs_go=archiv&cs_id=2200&cs_search= HTTP/1.1" 200 7887 "-" "Mozilla/5.0 (compatible; Googlebot/2.1; +http://www.google.com/bot.html)"
84.19.190.126 - - [06/Nov/2012:20:09:57 +0100] "GET /news.php?cs_go=archiv&cs_id=2731&cs_search= HTTP/1.1" 200 10096 "-" "Mozilla/5.0 (compatible; UnisterBot; crawler@unister.de)"
87.118.116.25 - - [06/Nov/2012:20:10:53 +0100] "GET /news.php?cs_go=archiv&cs_id=2908&cs_search= HTTP/1.1" 200 9872 "-" "Mozilla/5.0 (compatible; UnisterBot; crawler@unister.de)"
66.249.75.46 - - [06/Nov/2012:20:11:03 +0100] "GET /news.php?cs_go=archiv&cs_id=2217&cs_search= HTTP/1.1" 200 7887 "-" "Mozilla/5.0 (compatible; Googlebot/2.1; +http://www.google.com/bot.html)"
87.118.116.25 - - [06/Nov/2012:20:12:03 +0100] "GET /news.php?cs_go=archiv&cs_id=2886&cs_search= HTTP/1.1" 200 10341 "-" "Mozilla/5.0 (compatible; UnisterBot; crawler@unister.de)"
66.249.75.46 - - [06/Nov/2012:20:12:42 +0100] "GET /news.php?cs_go=archiv&cs_id=2218&cs_search= HTTP/1.1" 200 7887 "-" "Mozilla/5.0 (compatible; Googlebot/2.1; +http://www.google.com/bot.html)"
87.118.116.25 - - [06/Nov/2012:20:12:50 +0100] "GET /news.php?cs_go=archiv&cs_id=2721&cs_search= HTTP/1.1" 200 10999 "-" "Mozilla/5.0 (compatible; UnisterBot; crawler@unister.de)"
66.249.75.46 - - [06/Nov/2012:20:12:53 +0100] "GET /news.php?cs_go=archiv&cs_id=643&cs_search= HTTP/1.1" 200 7887 "-" "Mozilla/5.0 (compatible; Googlebot/2.1; +http://www.google.com/bot.html)"
84.19.190.126 - - [06/Nov/2012:20:13:49 +0100] "GET /news.php?cs_go=archiv&cs_id=2736&cs_search= HTTP/1.1" 200 13908 "-" "Mozilla/5.0 (compatible; UnisterBot; crawler@unister.de)"
66.249.75.46 - - [06/Nov/2012:20:14:20 +0100] "GET /news.php?cs_go=archiv&cs_id=2226&cs_search= HTTP/1.1" 200 7887 "-" "Mozilla/5.0 (compatible; Googlebot/2.1; +http://www.google.com/bot.html)"
84.19.190.126 - - [06/Nov/2012:20:14:44 +0100] "GET /news.php?cs_go=archiv&cs_id=2724&cs_search= HTTP/1.1" 200 13865 "-" "Mozilla/5.0 (compatible; UnisterBot; crawler@unister.de)"
87.118.116.25 - - [06/Nov/2012:20:15:39 +0100] "GET /news.php?cs_go=archiv&cs_id=2722&cs_search= HTTP/1.1" 200 10276 "-" "Mozilla/5.0 (compatible; UnisterBot; crawler@unister.de)"
66.249.75.46 - - [06/Nov/2012:20:15:59 +0100] "GET /news.php?cs_go=archiv&cs_id=2223&cs_search= HTTP/1.1" 200 7887 "-" "Mozilla/5.0 (compatible; Googlebot/2.1; +http://www.google.com/bot.html)"
84.19.190.126 - - [06/Nov/2012:20:16:38 +0100] "GET /news.php?cs_go=archiv&cs_id=2729&cs_search= HTTP/1.1" 200 13429 "-" "Mozilla/5.0 (compatible; UnisterBot; crawler@unister.de)"
5.9.25.69 - - [06/Nov/2012:20:17:34 +0100] "GET /robots.txt HTTP/1.1" 200 177 "-" "Pixray-Seeker/2.0 (Pixray-Seeker; +http://www.pixray.com/pixraybot; +crawler@pixray.com)"
84.19.190.126 - - [06/Nov/2012:20:17:34 +0100] "GET /news.php?cs_go=archiv&cs_id=2907&cs_search= HTTP/1.1" 200 10014 "-" "Mozilla/5.0 (compatible; UnisterBot; crawler@unister.de)"
5.9.25.69 - - [06/Nov/2012:20:17:34 +0100] "GET /news.php?cs_go=archiv&cs_startpos=610 HTTP/1.1" 200 22857 "-" "Pixray-Seeker/2.0 (Pixray-Seeker; +http://www.pixray.com/pixraybot; +crawler@pixray.com)"
66.249.75.46 - - [06/Nov/2012:20:17:37 +0100] "GET /news.php?cs_go=archiv&cs_id=2220&cs_search= HTTP/1.1" 200 7887 "-" "Mozilla/5.0 (compatible; Googlebot/2.1; +http://www.google.com/bot.html)"
87.118.116.25 - - [06/Nov/2012:20:18:29 +0100] "GET /news.php?cs_go=archiv&cs_id=2884&cs_search= HTTP/1.1" 200 10317 "-" "Mozilla/5.0 (compatible; UnisterBot; crawler@unister.de)"
66.249.75.46 - - [06/Nov/2012:20:19:16 +0100] "GET /news.php?cs_go=archiv&cs_id=2230&cs_search= HTTP/1.1" 200 7887 "-" "Mozilla/5.0 (compatible; Googlebot/2.1; +http://www.google.com/bot.html)"
87.118.116.25 - - [06/Nov/2012:20:19:22 +0100] "GET /news.php?cs_go=archiv&cs_id=2732&cs_search= HTTP/1.1" 200 10390 "-" "Mozilla/5.0 (compatible; UnisterBot; crawler@unister.de)"
84.19.190.126 - - [06/Nov/2012:20:20:18 +0100] "GET /news.php?cs_go=archiv&cs_id=2737&cs_search= HTTP/1.1" 200 10079 "-" "Mozilla/5.0 (compatible; UnisterBot; crawler@unister.de)"
66.249.75.46 - - [06/Nov/2012:20:20:55 +0100] "GET /news.php?cs_go=archiv&cs_id=2044&cs_search= HTTP/1.1" 200 7887 "-" "Mozilla/5.0 (compatible; Googlebot/2.1; +http://www.google.com/bot.html)"
66.249.75.46 - - [06/Nov/2012:20:22:34 +0100] "GET /news.php?cs_go=archiv&cs_id=2062&cs_search= HTTP/1.1" 200 7887 "-" "Mozilla/5.0 (compatible; Googlebot/2.1; +http://www.google.com/bot.html)"
66.249.75.46 - - [06/Nov/2012:20:24:13 +0100] "GET /news.php?cs_go=archiv&cs_id=2075&cs_search= HTTP/1.1" 200 7887 "-" "Mozilla/5.0 (compatible; Googlebot/2.1; +http://www.google.com/bot.html)"
66.249.75.46 - - [06/Nov/2012:20:25:52 +0100] "GET /news.php?cs_go=archiv&cs_id=2058&cs_search= HTTP/1.1" 200 7887 "-" "Mozilla/5.0 (compatible; Googlebot/2.1; +http://www.google.com/bot.html)"
91.61.93.85 - - [06/Nov/2012:20:26:09 +0100] "GET /jobs.php HTTP/1.1" 200 10066 "-" "Mozilla/5.0 /Windows; U; Windows NT 6.1; de; rv:1.9.1.5) Gecko/20091102 Firefox/3.5.5"
66.249.75.46 - - [06/Nov/2012:20:27:31 +0100] "GET /news.php?cs_go=archiv&cs_id=2063&cs_search= HTTP/1.1" 200 7887 "-" "Mozilla/5.0 (compatible; Googlebot/2.1; +http://www.google.com/bot.html)"
66.249.75.46 - - [06/Nov/2012:20:29:11 +0100] "GET /news.php?cs_go=archiv&cs_id=2065&cs_search= HTTP/1.1" 200 7887 "-" "Mozilla/5.0 (compatible; Googlebot/2.1; +http://www.google.com/bot.html)"
66.249.75.46 - - [06/Nov/2012:20:30:50 +0100] "GET /news.php?cs_go=archiv&cs_id=2077&cs_search= HTTP/1.1" 200 7887 "-" "Mozilla/5.0 (compatible; Googlebot/2.1; +http://www.google.com/bot.html)"
66.249.75.46 - - [06/Nov/2012:20:32:29 +0100] "GET /news.php?cs_go=archiv&cs_id=2078&cs_search= HTTP/1.1" 200 7887 "-" "Mozilla/5.0 (compatible; Googlebot/2.1; +http://www.google.com/bot.html)"
66.249.75.46 - - [06/Nov/2012:20:34:09 +0100] "GET /news.php?cs_go=archiv&cs_id=2080&cs_search= HTTP/1.1" 200 7887 "-" "Mozilla/5.0 (compatible; Googlebot/2.1; +http://www.google.com/bot.html)"
66.249.75.46 - - [06/Nov/2012:20:35:48 +0100] "GET /news.php?cs_go=archiv&cs_id=1793&cs_search= HTTP/1.1" 200 7887 "-" "Mozilla/5.0 (compatible; Googlebot/2.1; +http://www.google.com/bot.html)"
66.249.75.46 - - [06/Nov/2012:20:37:27 +0100] "GET /news.php?cs_go=archiv&cs_id=1763&cs_search= HTTP/1.1" 200 7887 "-" "Mozilla/5.0 (compatible; Googlebot/2.1; +http://www.google.com/bot.html)"
66.249.75.46 - - [06/Nov/2012:20:39:07 +0100] "GET /news.php?cs_go=archiv&cs_id=2143&cs_search= HTTP/1.1" 200 7887 "-" "Mozilla/5.0 (compatible; Googlebot/2.1; +http://www.google.com/bot.html)"
66.249.75.46 - - [06/Nov/2012:20:40:47 +0100] "GET /news.php?cs_go=archiv&cs_id=2462&cs_search= HTTP/1.1" 200 7887 "-" "Mozilla/5.0 (compatible; Googlebot/2.1; +http://www.google.com/bot.html)"
66.249.75.46 - - [06/Nov/2012:20:42:28 +0100] "GET /news.php?cs_go=archiv&cs_id=2463&cs_search= HTTP/1.1" 200 7887 "-" "Mozilla/5.0 (compatible; Googlebot/2.1; +http://www.google.com/bot.html)"
66.249.75.46 - - [06/Nov/2012:20:44:08 +0100] "GET /news.php?cs_go=archiv&cs_id=2464&cs_search= HTTP/1.1" 200 7887 "-" "Mozilla/5.0 (compatible; Googlebot/2.1; +http://www.google.com/bot.html)"
91.61.93.85 - - [06/Nov/2012:20:44:16 +0100] "GET /jobs.php HTTP/1.1" 200 10066 "-" "Mozilla/5.0 /Windows; U; Windows NT 6.1; de; rv:1.9.1.5) Gecko/20091102 Firefox/3.5.5"
66.249.75.46 - - [06/Nov/2012:20:45:48 +0100] "GET /news.php?cs_go=archiv&cs_id=2478&cs_search= HTTP/1.1" 200 7887 "-" "Mozilla/5.0 (compatible; Googlebot/2.1; +http://www.google.com/bot.html)"
66.249.75.46 - - [06/Nov/2012:20:47:28 +0100] "GET /news.php?cs_go=archiv&cs_id=2496&cs_search= HTTP/1.1" 200 7887 "-" "Mozilla/5.0 (compatible; Googlebot/2.1; +http://www.google.com/bot.html)"
66.249.75.46 - - [06/Nov/2012:20:49:09 +0100] "GET /news.php?cs_go=archiv&cs_id=2483&cs_search= HTTP/1.1" 200 7887 "-" "Mozilla/5.0 (compatible; Googlebot/2.1; +http://www.google.com/bot.html)"
66.249.75.46 - - [06/Nov/2012:20:50:49 +0100] "GET /news.php?cs_go=archiv&cs_id=2489&cs_search= HTTP/1.1" 200 7887 "-" "Mozilla/5.0 (compatible; Googlebot/2.1; +http://www.google.com/bot.html)"
66.249.75.46 - - [06/Nov/2012:20:52:30 +0100] "GET /news.php?cs_go=archiv&cs_id=2484&cs_search= HTTP/1.1" 200 7887 "-" "Mozilla/5.0 (compatible; Googlebot/2.1; +http://www.google.com/bot.html)"
66.249.75.46 - - [06/Nov/2012:20:54:11 +0100] "GET /news.php?cs_go=archiv&cs_id=2576&cs_search= HTTP/1.1" 200 7887 "-" "Mozilla/5.0 (compatible; Googlebot/2.1; +http://www.google.com/bot.html)"
84.19.190.126 - - [06/Nov/2012:20:55:43 +0100] "GET /news.php?cs_go=archiv&cs_id=2881&cs_search= HTTP/1.1" 200 13211 "-" "Mozilla/5.0 (compatible; UnisterBot; crawler@unister.de)"
66.249.75.46 - - [06/Nov/2012:20:55:52 +0100] "GET /news.php?cs_go=archiv&cs_id=1744&cs_search= HTTP/1.1" 200 7887 "-" "Mozilla/5.0 (compatible; Googlebot/2.1; +http://www.google.com/bot.html)"
66.249.75.46 - - [06/Nov/2012:20:57:32 +0100] "GET /news.php?cs_go=archiv&cs_id=1688&cs_search= HTTP/1.1" 200 7887 "-" "Mozilla/5.0 (compatible; Googlebot/2.1; +http://www.google.com/bot.html)"
5.9.25.73 - - [06/Nov/2012:20:58:06 +0100] "GET /robots.txt HTTP/1.1" 200 177 "-" "Pixray-Seeker/2.0 (Pixray-Seeker; +http://www.pixray.com/pixraybot; +crawler@pixray.com)"
5.9.25.73 - - [06/Nov/2012:20:58:06 +0100] "GET /news.php?cs_go=archiv&cs_id=3578&cs_search= HTTP/1.1" 200 11462 "-" "Pixray-Seeker/2.0 (Pixray-Seeker; +http://www.pixray.com/pixraybot; +crawler@pixray.com)"
66.249.75.46 - - [06/Nov/2012:20:59:13 +0100] "GET /news.php?cs_go=archiv&cs_id=2490&cs_search= HTTP/1.1" 200 7887 "-" "Mozilla/5.0 (compatible; Googlebot/2.1; +http://www.google.com/bot.html)"
66.249.75.46 - - [06/Nov/2012:21:00:54 +0100] "GET /news.php?cs_go=archiv&cs_id=2461&cs_search= HTTP/1.1" 200 7887 "-" "Mozilla/5.0 (compatible; Googlebot/2.1; +http://www.google.com/bot.html)"
66.249.75.46 - - [06/Nov/2012:21:02:34 +0100] "GET /news.php?cs_go=archiv&cs_id=2465&cs_search= HTTP/1.1" 200 7887 "-" "Mozilla/5.0 (compatible; Googlebot/2.1; +http://www.google.com/bot.html)"
66.249.75.46 - - [06/Nov/2012:21:04:15 +0100] "GET /news.php?cs_go=archiv&cs_id=1730&cs_search= HTTP/1.1" 200 7887 "-" "Mozilla/5.0 (compatible; Googlebot/2.1; +http://www.google.com/bot.html)"
66.249.75.46 - - [06/Nov/2012:21:05:56 +0100] "GET /news.php?cs_go=archiv&cs_id=1811&cs_search= HTTP/1.1" 200 7887 "-" "Mozilla/5.0 (compatible; Googlebot/2.1; +http://www.google.com/bot.html)"
66.249.75.46 - - [06/Nov/2012:21:07:38 +0100] "GET /news.php?cs_go=archiv&cs_id=1725&cs_search= HTTP/1.1" 200 7887 "-" "Mozilla/5.0 (compatible; Googlebot/2.1; +http://www.google.com/bot.html)"
24.134.146.36 - - [06/Nov/2012:21:09:01 +0100] "GET /robots.txt HTTP/1.1" 200 177 "-" "findlinks/2.0.2 (+http://wortschatz.uni-leipzig.de/findlinks/)"
66.249.75.46 - - [06/Nov/2012:21:09:19 +0100] "GET /news.php?cs_go=archiv&cs_id=1726&cs_search= HTTP/1.1" 200 7887 "-" "Mozilla/5.0 (compatible; Googlebot/2.1; +http://www.google.com/bot.html)"
5.9.25.73 - - [06/Nov/2012:21:11:52 +0100] "GET /robots.txt HTTP/1.1" 200 177 "-" "Pixray-Seeker/2.0 (Pixray-Seeker; +http://www.pixray.com/pixraybot; +crawler@pixray.com)"
5.9.25.73 - - [06/Nov/2012:21:11:52 +0100] "GET /news.php?cs_go=archiv&cs_id=3402&cs_search= HTTP/1.1" 200 9856 "-" "Pixray-Seeker/2.0 (Pixray-Seeker; +http://www.pixray.com/pixraybot; +crawler@pixray.com)"
5.9.25.84 - - [06/Nov/2012:21:24:01 +0100] "GET /robots.txt HTTP/1.1" 200 177 "-" "Pixray-Seeker/2.0 (Pixray-Seeker; +http://www.pixray.com/pixraybot; +crawler@pixray.com)"
5.9.25.84 - - [06/Nov/2012:21:24:01 +0100] "GET /news.php?cs_go=archiv&cs_id=2965&cs_search= HTTP/1.1" 200 9751 "-" "Pixray-Seeker/2.0 (Pixray-Seeker; +http://www.pixray.com/pixraybot; +crawler@pixray.com)"
66.249.75.46 - - [06/Nov/2012:21:31:50 +0100] "GET /news.php?cs_go=archiv&cs_id=2543 HTTP/1.1" 200 7887 "-" "Mozilla/5.0 (compatible; Googlebot/2.1; +http://www.google.com/bot.html)"
5.9.25.71 - - [06/Nov/2012:21:50:52 +0100] "GET /robots.txt HTTP/1.1" 200 177 "-" "Pixray-Seeker/2.0 (Pixray-Seeker; +http://www.pixray.com/pixraybot; +crawler@pixray.com)"
5.9.25.71 - - [06/Nov/2012:21:50:52 +0100] "GET /news.php?cs_go=archiv&cs_id=3600&cs_search= HTTP/1.1" 200 13422 "-" "Pixray-Seeker/2.0 (Pixray-Seeker; +http://www.pixray.com/pixraybot; +crawler@pixray.com)"
5.9.25.84 - - [06/Nov/2012:21:51:55 +0100] "GET /robots.txt HTTP/1.1" 200 177 "-" "Pixray-Seeker/2.0 (Pixray-Seeker; +http://www.pixray.com/pixraybot; +crawler@pixray.com)"
5.9.25.84 - - [06/Nov/2012:21:51:56 +0100] "GET /news.php?cs_go=archiv&cs_id=3126&cs_search= HTTP/1.1" 200 14072 "-" "Pixray-Seeker/2.0 (Pixray-Seeker; +http://www.pixray.com/pixraybot; +crawler@pixray.com)"
5.9.25.76 - - [06/Nov/2012:21:55:27 +0100] "GET /robots.txt HTTP/1.1" 200 177 "-" "Pixray-Seeker/2.0 (Pixray-Seeker; +http://www.pixray.com/pixraybot; +crawler@pixray.com)"
5.9.25.76 - - [06/Nov/2012:21:55:27 +0100] "GET /news.php?cs_go=archiv&cs_id=2916&cs_search= HTTP/1.1" 200 13419 "-" "Pixray-Seeker/2.0 (Pixray-Seeker; +http://www.pixray.com/pixraybot; +crawler@pixray.com)"
65.36.241.79 - - [06/Nov/2012:21:55:28 +0100] "HEAD / HTTP/1.1" 200 - "-" "InternetSeer.com"
178.154.179.250 - - [06/Nov/2012:22:03:59 +0100] "GET /robots.txt HTTP/1.1" 200 177 "-" "Mozilla/5.0 (compatible; YandexBot/3.0; +http://yandex.com/bots)"
66.249.75.46 - - [06/Nov/2012:22:08:02 +0100] "GET /news.php?cs_go=archiv&cs_id=2171&cs_search= HTTP/1.1" 200 7887 "-" "Mozilla/5.0 (compatible; Googlebot/2.1; +http://www.google.com/bot.html)"
66.249.75.46 - - [06/Nov/2012:22:09:34 +0100] "GET /news.php?cs_go=archiv&cs_id=1729&cs_search= HTTP/1.1" 200 7887 "-" "Mozilla/5.0 (compatible; Googlebot/2.1; +http://www.google.com/bot.html)"
66.249.75.46 - - [06/Nov/2012:22:11:07 +0100] "GET /news.php?cs_go=archiv&cs_id=1731&cs_search= HTTP/1.1" 200 7887 "-" "Mozilla/5.0 (compatible; Googlebot/2.1; +http://www.google.com/bot.html)"
66.249.75.46 - - [06/Nov/2012:22:12:40 +0100] "GET /news.php?cs_go=archiv&cs_id=1733&cs_search= HTTP/1.1" 200 7887 "-" "Mozilla/5.0 (compatible; Googlebot/2.1; +http://www.google.com/bot.html)"
66.249.75.46 - - [06/Nov/2012:22:14:12 +0100] "GET /news.php?cs_go=archiv&cs_id=1732&cs_search= HTTP/1.1" 200 7887 "-" "Mozilla/5.0 (compatible; Googlebot/2.1; +http://www.google.com/bot.html)"
66.249.75.46 - - [06/Nov/2012:22:15:45 +0100] "GET /news.php?cs_go=archiv&cs_id=1857&cs_search= HTTP/1.1" 200 7887 "-" "Mozilla/5.0 (compatible; Googlebot/2.1; +http://www.google.com/bot.html)"
66.249.75.46 - - [06/Nov/2012:22:17:17 +0100] "GET /news.php?cs_go=archiv&cs_id=1760&cs_search= HTTP/1.1" 200 7887 "-" "Mozilla/5.0 (compatible; Googlebot/2.1; +http://www.google.com/bot.html)"
66.249.75.46 - - [06/Nov/2012:22:18:50 +0100] "GET /news.php?cs_go=archiv&cs_id=1767&cs_search= HTTP/1.1" 200 7887 "-" "Mozilla/5.0 (compatible; Googlebot/2.1; +http://www.google.com/bot.html)"
66.249.75.46 - - [06/Nov/2012:22:20:23 +0100] "GET /news.php?cs_go=archiv&cs_id=1846&cs_search= HTTP/1.1" 200 7887 "-" "Mozilla/5.0 (compatible; Googlebot/2.1; +http://www.google.com/bot.html)"
66.249.75.46 - - [06/Nov/2012:22:21:55 +0100] "GET /news.php?cs_go=archiv&cs_id=1838&cs_search= HTTP/1.1" 200 7887 "-" "Mozilla/5.0 (compatible; Googlebot/2.1; +http://www.google.com/bot.html)"
66.249.75.46 - - [06/Nov/2012:22:23:28 +0100] "GET /news.php?cs_go=archiv&cs_id=1852&cs_search= HTTP/1.1" 200 7887 "-" "Mozilla/5.0 (compatible; Googlebot/2.1; +http://www.google.com/bot.html)"
66.249.75.46 - - [06/Nov/2012:22:25:01 +0100] "GET /news.php?cs_go=archiv&cs_id=1813&cs_search= HTTP/1.1" 200 7887 "-" "Mozilla/5.0 (compatible; Googlebot/2.1; +http://www.google.com/bot.html)"
66.249.75.46 - - [06/Nov/2012:22:26:33 +0100] "GET /news.php?cs_go=archiv&cs_id=1873&cs_search= HTTP/1.1" 200 7887 "-" "Mozilla/5.0 (compatible; Googlebot/2.1; +http://www.google.com/bot.html)"
66.249.75.46 - - [06/Nov/2012:22:28:06 +0100] "GET /news.php?cs_go=archiv&cs_id=1670&cs_search= HTTP/1.1" 200 7887 "-" "Mozilla/5.0 (compatible; Googlebot/2.1; +http://www.google.com/bot.html)"
66.249.75.46 - - [06/Nov/2012:22:29:39 +0100] "GET /news.php?cs_go=archiv&cs_id=1631&cs_search= HTTP/1.1" 200 7887 "-" "Mozilla/5.0 (compatible; Googlebot/2.1; +http://www.google.com/bot.html)"
66.249.75.46 - - [06/Nov/2012:22:31:12 +0100] "GET /news.php?cs_go=archiv&cs_id=1771&cs_search= HTTP/1.1" 200 7887 "-" "Mozilla/5.0 (compatible; Googlebot/2.1; +http://www.google.com/bot.html)"
173.199.118.171 - - [06/Nov/2012:22:32:28 +0100] "GET /robots.txt HTTP/1.1" 200 177 "-" "Mozilla/5.0 (compatible; AhrefsBot/4.0; +http://ahrefs.com/robot/)"
66.249.75.46 - - [06/Nov/2012:22:32:45 +0100] "GET /news.php?cs_go=archiv&cs_id=1634&cs_search= HTTP/1.1" 200 7887 "-" "Mozilla/5.0 (compatible; Googlebot/2.1; +http://www.google.com/bot.html)"
66.249.75.46 - - [06/Nov/2012:22:34:18 +0100] "GET /news.php?cs_go=archiv&cs_id=1651&cs_search= HTTP/1.1" 200 7887 "-" "Mozilla/5.0 (compatible; Googlebot/2.1; +http://www.google.com/bot.html)"
5.9.25.68 - - [06/Nov/2012:22:35:15 +0100] "GET /robots.txt HTTP/1.1" 200 177 "-" "Pixray-Seeker/2.0 (Pixray-Seeker; +http://www.pixray.com/pixraybot; +crawler@pixray.com)"
5.9.25.68 - - [06/Nov/2012:22:35:15 +0100] "GET /news.php?cs_go=archiv&cs_id=3403&cs_search= HTTP/1.1" 200 11470 "-" "Pixray-Seeker/2.0 (Pixray-Seeker; +http://www.pixray.com/pixraybot; +crawler@pixray.com)"
66.249.75.46 - - [06/Nov/2012:22:35:51 +0100] "GET /news.php?cs_go=archiv&cs_id=1657&cs_search= HTTP/1.1" 200 7887 "-" "Mozilla/5.0 (compatible; Googlebot/2.1; +http://www.google.com/bot.html)"
66.249.75.46 - - [06/Nov/2012:22:37:25 +0100] "GET /news.php?cs_go=archiv&cs_id=1637&cs_search= HTTP/1.1" 200 7887 "-" "Mozilla/5.0 (compatible; Googlebot/2.1; +http://www.google.com/bot.html)"
66.249.75.46 - - [06/Nov/2012:22:38:59 +0100] "GET /news.php?cs_go=archiv&cs_id=1679&cs_search= HTTP/1.1" 200 7887 "-" "Mozilla/5.0 (compatible; Googlebot/2.1; +http://www.google.com/bot.html)"
5.9.25.84 - - [06/Nov/2012:22:40:16 +0100] "GET /robots.txt HTTP/1.1" 200 177 "-" "Pixray-Seeker/2.0 (Pixray-Seeker; +http://www.pixray.com/pixraybot; +crawler@pixray.com)"
5.9.25.84 - - [06/Nov/2012:22:40:16 +0100] "GET /news.php?cs_go=archiv&cs_startpos=650 HTTP/1.1" 200 22579 "-" "Pixray-Seeker/2.0 (Pixray-Seeker; +http://www.pixray.com/pixraybot; +crawler@pixray.com)"
66.249.75.46 - - [06/Nov/2012:22:40:32 +0100] "GET /news.php?cs_go=archiv&cs_id=1769&cs_search= HTTP/1.1" 200 7887 "-" "Mozilla/5.0 (compatible; Googlebot/2.1; +http://www.google.com/bot.html)"
66.249.75.46 - - [06/Nov/2012:22:42:06 +0100] "GET /news.php?cs_go=archiv&cs_id=1741&cs_search= HTTP/1.1" 200 7887 "-" "Mozilla/5.0 (compatible; Googlebot/2.1; +http://www.google.com/bot.html)"
66.249.75.46 - - [06/Nov/2012:22:43:40 +0100] "GET /news.php?cs_go=archiv&cs_id=1778&cs_search= HTTP/1.1" 200 7887 "-" "Mozilla/5.0 (compatible; Googlebot/2.1; +http://www.google.com/bot.html)"
66.249.75.46 - - [06/Nov/2012:22:45:14 +0100] "GET /news.php?cs_go=archiv&cs_id=1682&cs_search= HTTP/1.1" 200 7887 "-" "Mozilla/5.0 (compatible; Googlebot/2.1; +http://www.google.com/bot.html)"
66.249.75.46 - - [06/Nov/2012:22:46:48 +0100] "GET /news.php?cs_go=archiv&cs_id=1686&cs_search= HTTP/1.1" 200 7887 "-" "Mozilla/5.0 (compatible; Googlebot/2.1; +http://www.google.com/bot.html)"
66.249.75.46 - - [06/Nov/2012:22:48:22 +0100] "GET /news.php?cs_go=archiv&cs_id=1736&cs_search= HTTP/1.1" 200 7887 "-" "Mozilla/5.0 (compatible; Googlebot/2.1; +http://www.google.com/bot.html)"
66.249.75.46 - - [06/Nov/2012:22:49:57 +0100] "GET /news.php?cs_go=archiv&cs_id=1876&cs_search= HTTP/1.1" 200 7887 "-" "Mozilla/5.0 (compatible; Googlebot/2.1; +http://www.google.com/bot.html)"
173.199.118.171 - - [06/Nov/2012:22:51:02 +0100] "GET /robots.txt HTTP/1.1" 200 177 "-" "Mozilla/5.0 (compatible; AhrefsBot/4.0; +http://ahrefs.com/robot/)"
66.249.75.46 - - [06/Nov/2012:22:51:31 +0100] "GET /news.php?cs_go=archiv&cs_id=1879&cs_search= HTTP/1.1" 200 7887 "-" "Mozilla/5.0 (compatible; Googlebot/2.1; +http://www.google.com/bot.html)"
66.249.75.46 - - [06/Nov/2012:22:53:05 +0100] "GET /news.php?cs_go=archiv&cs_id=1723&cs_search= HTTP/1.1" 200 7887 "-" "Mozilla/5.0 (compatible; Googlebot/2.1; +http://www.google.com/bot.html)"
66.249.75.46 - - [06/Nov/2012:22:54:40 +0100] "GET /news.php?cs_go=archiv&cs_id=1749&cs_search= HTTP/1.1" 200 7887 "-" "Mozilla/5.0 (compatible; Googlebot/2.1; +http://www.google.com/bot.html)"
123.125.71.89 - - [06/Nov/2012:22:55:28 +0100] "GET /images/RAL_Guetezeichen_Energiehandel.pdf HTTP/1.1" 200 288367 "-" "Mozilla/5.0 (compatible; Baiduspider/2.0; +http://www.baidu.com/search/spider.html)"
66.249.75.46 - - [06/Nov/2012:22:56:14 +0100] "GET /news.php?cs_go=archiv&cs_id=1695&cs_search= HTTP/1.1" 200 7887 "-" "Mozilla/5.0 (compatible; Googlebot/2.1; +http://www.google.com/bot.html)"
66.249.75.46 - - [06/Nov/2012:22:57:49 +0100] "GET /news.php?cs_go=archiv&cs_id=1629&cs_search= HTTP/1.1" 200 7887 "-" "Mozilla/5.0 (compatible; Googlebot/2.1; +http://www.google.com/bot.html)"
66.249.75.46 - - [06/Nov/2012:22:59:23 +0100] "GET /news.php?cs_go=archiv&cs_id=1745&cs_search= HTTP/1.1" 200 7887 "-" "Mozilla/5.0 (compatible; Googlebot/2.1; +http://www.google.com/bot.html)"
87.123.91.226 - - [06/Nov/2012:22:59:24 +0100] "GET /style.css HTTP/1.1" 200 8418 "http://www.mink-gmbh.de/" "Mozilla/5.0 (iPhone; CPU iPhone OS 6_0 like Mac OS X) AppleWebKit/536.26 (KHTML, like Gecko) Version/6.0 Mobile/10A403 Safari/8536.25"
87.123.91.226 - - [06/Nov/2012:22:59:24 +0100] "GET /modul.css HTTP/1.1" 200 35038 "http://www.mink-gmbh.de/" "Mozilla/5.0 (iPhone; CPU iPhone OS 6_0 like Mac OS X) AppleWebKit/536.26 (KHTML, like Gecko) Version/6.0 Mobile/10A403 Safari/8536.25"
87.123.91.226 - - [06/Nov/2012:22:59:25 +0100] "GET /js_contentserver24_greybox/gb_styles.css HTTP/1.1" 200 2302 "http://www.mink-gmbh.de/" "Mozilla/5.0 (iPhone; CPU iPhone OS 6_0 like Mac OS X) AppleWebKit/536.26 (KHTML, like Gecko) Version/6.0 Mobile/10A403 Safari/8536.25"
87.123.91.226 - - [06/Nov/2012:22:59:24 +0100] "GET / HTTP/1.1" 200 15380 "-" "Mozilla/5.0 (iPhone; CPU iPhone OS 6_0 like Mac OS X) AppleWebKit/536.26 (KHTML, like Gecko) Version/6.0 Mobile/10A403 Safari/8536.25"
87.123.91.226 - - [06/Nov/2012:22:59:25 +0100] "GET /js_contentserver24_greybox/AJS.js HTTP/1.1" 200 10396 "http://www.mink-gmbh.de/" "Mozilla/5.0 (iPhone; CPU iPhone OS 6_0 like Mac OS X) AppleWebKit/536.26 (KHTML, like Gecko) Version/6.0 Mobile/10A403 Safari/8536.25"
87.123.91.226 - - [06/Nov/2012:22:59:25 +0100] "GET /js_contentserver24_greybox/AJS_fx.js HTTP/1.1" 200 3192 "http://www.mink-gmbh.de/" "Mozilla/5.0 (iPhone; CPU iPhone OS 6_0 like Mac OS X) AppleWebKit/536.26 (KHTML, like Gecko) Version/6.0 Mobile/10A403 Safari/8536.25"
87.123.91.226 - - [06/Nov/2012:22:59:25 +0100] "GET /js_contentserver24_greybox/gb_scripts.js HTTP/1.1" 200 11913 "http://www.mink-gmbh.de/" "Mozilla/5.0 (iPhone; CPU iPhone OS 6_0 like Mac OS X) AppleWebKit/536.26 (KHTML, like Gecko) Version/6.0 Mobile/10A403 Safari/8536.25"
87.123.91.226 - - [06/Nov/2012:22:59:26 +0100] "GET /images/bg.jpg HTTP/1.1" 200 345 "http://www.mink-gmbh.de/" "Mozilla/5.0 (iPhone; CPU iPhone OS 6_0 like Mac OS X) AppleWebKit/536.26 (KHTML, like Gecko) Version/6.0 Mobile/10A403 Safari/8536.25"
87.123.91.226 - - [06/Nov/2012:22:59:26 +0100] "GET /images/tkw.jpg HTTP/1.1" 200 64031 "http://www.mink-gmbh.de/" "Mozilla/5.0 (iPhone; CPU iPhone OS 6_0 like Mac OS X) AppleWebKit/536.26 (KHTML, like Gecko) Version/6.0 Mobile/10A403 Safari/8536.25"
87.123.91.226 - - [06/Nov/2012:22:59:26 +0100] "GET /images/freecall.jpg HTTP/1.1" 200 39195 "http://www.mink-gmbh.de/" "Mozilla/5.0 (iPhone; CPU iPhone OS 6_0 like Mac OS X) AppleWebKit/536.26 (KHTML, like Gecko) Version/6.0 Mobile/10A403 Safari/8536.25"
87.123.91.226 - - [06/Nov/2012:22:59:26 +0100] "GET /images/mail.jpg HTTP/1.1" 200 11165 "http://www.mink-gmbh.de/" "Mozilla/5.0 (iPhone; CPU iPhone OS 6_0 like Mac OS X) AppleWebKit/536.26 (KHTML, like Gecko) Version/6.0 Mobile/10A403 Safari/8536.25"
87.123.91.226 - - [06/Nov/2012:22:59:26 +0100] "GET /images/kwk.gif HTTP/1.1" 200 6403 "http://www.mink-gmbh.de/" "Mozilla/5.0 (iPhone; CPU iPhone OS 6_0 like Mac OS X) AppleWebKit/536.26 (KHTML, like Gecko) Version/6.0 Mobile/10A403 Safari/8536.25"
87.123.91.226 - - [06/Nov/2012:22:59:26 +0100] "GET /images/wunschpreis.jpg HTTP/1.1" 200 16767 "http://www.mink-gmbh.de/" "Mozilla/5.0 (iPhone; CPU iPhone OS 6_0 like Mac OS X) AppleWebKit/536.26 (KHTML, like Gecko) Version/6.0 Mobile/10A403 Safari/8536.25"
87.123.91.226 - - [06/Nov/2012:22:59:26 +0100] "GET /images/logos.jpg HTTP/1.1" 200 15002 "http://www.mink-gmbh.de/" "Mozilla/5.0 (iPhone; CPU iPhone OS 6_0 like Mac OS X) AppleWebKit/536.26 (KHTML, like Gecko) Version/6.0 Mobile/10A403 Safari/8536.25"
87.123.91.226 - - [06/Nov/2012:22:59:26 +0100] "GET /js_contentserver24_greybox/w_close.gif HTTP/1.1" 200 74 "http://www.mink-gmbh.de/" "Mozilla/5.0 (iPhone; CPU iPhone OS 6_0 like Mac OS X) AppleWebKit/536.26 (KHTML, like Gecko) Version/6.0 Mobile/10A403 Safari/8536.25"
87.123.91.226 - - [06/Nov/2012:22:59:27 +0100] "GET /images/close.png HTTP/1.1" 200 703 "http://www.mink-gmbh.de/" "Mozilla/5.0 (iPhone; CPU iPhone OS 6_0 like Mac OS X) AppleWebKit/536.26 (KHTML, like Gecko) Version/6.0 Mobile/10A403 Safari/8536.25"
87.123.91.226 - - [06/Nov/2012:22:59:27 +0100] "GET /images/newsletter_bg.jpg HTTP/1.1" 200 33610 "http://www.mink-gmbh.de/" "Mozilla/5.0 (iPhone; CPU iPhone OS 6_0 like Mac OS X) AppleWebKit/536.26 (KHTML, like Gecko) Version/6.0 Mobile/10A403 Safari/8536.25"
87.123.91.226 - - [06/Nov/2012:22:59:27 +0100] "GET /images/newsletter.png HTTP/1.1" 200 14619 "http://www.mink-gmbh.de/" "Mozilla/5.0 (iPhone; CPU iPhone OS 6_0 like Mac OS X) AppleWebKit/536.26 (KHTML, like Gecko) Version/6.0 Mobile/10A403 Safari/8536.25"
87.123.91.226 - - [06/Nov/2012:22:59:27 +0100] "GET /images/wrapperbg.jpg HTTP/1.1" 200 27465 "http://www.mink-gmbh.de/" "Mozilla/5.0 (iPhone; CPU iPhone OS 6_0 like Mac OS X) AppleWebKit/536.26 (KHTML, like Gecko) Version/6.0 Mobile/10A403 Safari/8536.25"
87.123.91.226 - - [06/Nov/2012:22:59:27 +0100] "GET /images/header.jpg HTTP/1.1" 200 24413 "http://www.mink-gmbh.de/" "Mozilla/5.0 (iPhone; CPU iPhone OS 6_0 like Mac OS X) AppleWebKit/536.26 (KHTML, like Gecko) Version/6.0 Mobile/10A403 Safari/8536.25"
87.123.91.226 - - [06/Nov/2012:22:59:27 +0100] "GET /images/navibg.png HTTP/1.1" 200 2803 "http://www.mink-gmbh.de/" "Mozilla/5.0 (iPhone; CPU iPhone OS 6_0 like Mac OS X) AppleWebKit/536.26 (KHTML, like Gecko) Version/6.0 Mobile/10A403 Safari/8536.25"
87.123.91.226 - - [06/Nov/2012:22:59:27 +0100] "GET /images/gleichbleibend.png HTTP/1.1" 200 534 "http://www.mink-gmbh.de/" "Mozilla/5.0 (iPhone; CPU iPhone OS 6_0 like Mac OS X) AppleWebKit/536.26 (KHTML, like Gecko) Version/6.0 Mobile/10A403 Safari/8536.25"
87.123.91.226 - - [06/Nov/2012:22:59:27 +0100] "GET /images/mobil.jpg HTTP/1.1" 200 25293 "http://www.mink-gmbh.de/" "Mozilla/5.0 (iPhone; CPU iPhone OS 6_0 like Mac OS X) AppleWebKit/536.26 (KHTML, like Gecko) Version/6.0 Mobile/10A403 Safari/8536.25"
87.123.91.226 - - [06/Nov/2012:22:59:27 +0100] "GET /images/steigend.png HTTP/1.1" 200 688 "http://www.mink-gmbh.de/" "Mozilla/5.0 (iPhone; CPU iPhone OS 6_0 like Mac OS X) AppleWebKit/536.26 (KHTML, like Gecko) Version/6.0 Mobile/10A403 Safari/8536.25"
87.123.91.226 - - [06/Nov/2012:22:59:27 +0100] "GET /images/newsletter.jpg HTTP/1.1" 200 13130 "http://www.mink-gmbh.de/" "Mozilla/5.0 (iPhone; CPU iPhone OS 6_0 like Mac OS X) AppleWebKit/536.26 (KHTML, like Gecko) Version/6.0 Mobile/10A403 Safari/8536.25"
87.123.91.226 - - [06/Nov/2012:22:59:29 +0100] "GET /images/footerbg.jpg HTTP/1.1" 200 2184 "http://www.mink-gmbh.de/" "Mozilla/5.0 (iPhone; CPU iPhone OS 6_0 like Mac OS X) AppleWebKit/536.26 (KHTML, like Gecko) Version/6.0 Mobile/10A403 Safari/8536.25"
87.123.91.226 - - [06/Nov/2012:22:59:30 +0100] "GET /js_contentserver24_greybox/loader_frame.html?s=0 HTTP/1.1" 200 2084 "http://www.mink-gmbh.de/" "Mozilla/5.0 (iPhone; CPU iPhone OS 6_0 like Mac OS X) AppleWebKit/536.26 (KHTML, like Gecko) Version/6.0 Mobile/10A403 Safari/8536.25"
87.123.91.226 - - [06/Nov/2012:22:59:30 +0100] "GET /js_contentserver24_greybox/header_bg.gif HTTP/1.1" 200 1188 "http://www.mink-gmbh.de/" "Mozilla/5.0 (iPhone; CPU iPhone OS 6_0 like Mac OS X) AppleWebKit/536.26 (KHTML, like Gecko) Version/6.0 Mobile/10A403 Safari/8536.25"
87.123.91.226 - - [06/Nov/2012:22:59:30 +0100] "GET /js_contentserver24_greybox/indicator.gif HTTP/1.1" 200 8238 "http://www.mink-gmbh.de/js_contentserver24_greybox/loader_frame.html?s=0" "Mozilla/5.0 (iPhone; CPU iPhone OS 6_0 like Mac OS X) AppleWebKit/536.26 (KHTML, like Gecko) Version/6.0 Mobile/10A403 Safari/8536.25"
87.123.91.226 - - [06/Nov/2012:22:59:31 +0100] "GET /js_contentserver24_greybox/g_close.gif HTTP/1.1" 200 541 "http://www.mink-gmbh.de/" "Mozilla/5.0 (iPhone; CPU iPhone OS 6_0 like Mac OS X) AppleWebKit/536.26 (KHTML, like Gecko) Version/6.0 Mobile/10A403 Safari/8536.25"
87.123.91.226 - - [06/Nov/2012:23:00:18 +0100] "GET /apple-touch-icon-57x57-precomposed.png HTTP/1.1" 404 - "-" "MobileSafari/8536.25 CFNetwork/609 Darwin/13.0.0"
87.123.91.226 - - [06/Nov/2012:23:00:20 +0100] "GET /apple-touch-icon-57x57.png HTTP/1.1" 404 - "-" "MobileSafari/8536.25 CFNetwork/609 Darwin/13.0.0"
87.123.91.226 - - [06/Nov/2012:23:00:20 +0100] "GET /apple-touch-icon-precomposed.png HTTP/1.1" 404 - "-" "MobileSafari/8536.25 CFNetwork/609 Darwin/13.0.0"
87.123.91.226 - - [06/Nov/2012:23:00:20 +0100] "GET /apple-touch-icon.png HTTP/1.1" 404 - "-" "MobileSafari/8536.25 CFNetwork/609 Darwin/13.0.0"
66.249.75.46 - - [06/Nov/2012:23:00:58 +0100] "GET /news.php?cs_go=archiv&cs_id=1696&cs_search= HTTP/1.1" 200 7887 "-" "Mozilla/5.0 (compatible; Googlebot/2.1; +http://www.google.com/bot.html)"
78.30.200.81 - - [06/Nov/2012:23:02:14 +0100] "GET /robots.txt HTTP/1.0" 200 177 "-" "Mozilla/5.0 (compatible; MJ12bot/v1.4.3; http://www.majestic12.co.uk/bot.php?+)"
78.30.200.81 - - [06/Nov/2012:23:02:15 +0100] "GET /agb.php HTTP/1.0" 200 19709 "-" "Mozilla/5.0 (compatible; MJ12bot/v1.4.3; http://www.majestic12.co.uk/bot.php?+)"
78.30.200.81 - - [06/Nov/2012:23:02:18 +0100] "GET /edl.php HTTP/1.0" 200 10801 "-" "Mozilla/5.0 (compatible; MJ12bot/v1.4.3; http://www.majestic12.co.uk/bot.php?+)"
78.30.200.81 - - [06/Nov/2012:23:02:20 +0100] "GET /energiesparcheck.php HTTP/1.0" 200 13581 "-" "Mozilla/5.0 (compatible; MJ12bot/v1.4.3; http://www.majestic12.co.uk/bot.php?+)"
78.30.200.81 - - [06/Nov/2012:23:02:23 +0100] "GET /faq.php HTTP/1.0" 200 185803 "-" "Mozilla/5.0 (compatible; MJ12bot/v1.4.3; http://www.majestic12.co.uk/bot.php?+)"
78.30.200.81 - - [06/Nov/2012:23:02:25 +0100] "GET /foerdermittel.php HTTP/1.0" 200 12908 "-" "Mozilla/5.0 (compatible; MJ12bot/v1.4.3; http://www.majestic12.co.uk/bot.php?+)"
66.249.75.46 - - [06/Nov/2012:23:02:26 +0100] "GET /img/lay08.gif HTTP/1.1" 404 - "-" "Googlebot-Image/1.0"
78.30.200.81 - - [06/Nov/2012:23:02:27 +0100] "GET /impressum.php HTTP/1.0" 200 8582 "-" "Mozilla/5.0 (compatible; MJ12bot/v1.4.3; http://www.majestic12.co.uk/bot.php?+)"
78.30.200.81 - - [06/Nov/2012:23:02:29 +0100] "GET /index.php HTTP/1.0" 200 15380 "-" "Mozilla/5.0 (compatible; MJ12bot/v1.4.3; http://www.majestic12.co.uk/bot.php?+)"
78.30.200.81 - - [06/Nov/2012:23:02:33 +0100] "GET /jobs.php HTTP/1.0" 200 10066 "-" "Mozilla/5.0 (compatible; MJ12bot/v1.4.3; http://www.majestic12.co.uk/bot.php?+)"
66.249.75.46 - - [06/Nov/2012:23:02:33 +0100] "GET /news.php?cs_go=archiv&cs_id=1687&cs_search= HTTP/1.1" 200 7887 "-" "Mozilla/5.0 (compatible; Googlebot/2.1; +http://www.google.com/bot.html)"
78.30.200.81 - - [06/Nov/2012:23:02:35 +0100] "GET /kontakt.php HTTP/1.0" 200 9198 "-" "Mozilla/5.0 (compatible; MJ12bot/v1.4.3; http://www.majestic12.co.uk/bot.php?+)"
78.30.200.81 - - [06/Nov/2012:23:02:37 +0100] "GET /kwk.php HTTP/1.0" 200 10884 "-" "Mozilla/5.0 (compatible; MJ12bot/v1.4.3; http://www.majestic12.co.uk/bot.php?+)"
78.30.200.81 - - [06/Nov/2012:23:02:39 +0100] "GET /lexikon.php HTTP/1.0" 200 10523 "-" "Mozilla/5.0 (compatible; MJ12bot/v1.4.3; http://www.majestic12.co.uk/bot.php?+)"
78.30.200.81 - - [06/Nov/2012:23:02:42 +0100] "GET /modernisierung.php HTTP/1.0" 200 11578 "-" "Mozilla/5.0 (compatible; MJ12bot/v1.4.3; http://www.majestic12.co.uk/bot.php?+)"
78.30.200.81 - - [06/Nov/2012:23:02:44 +0100] "GET /news.php HTTP/1.0" 200 22146 "-" "Mozilla/5.0 (compatible; MJ12bot/v1.4.3; http://www.majestic12.co.uk/bot.php?+)"
78.30.200.81 - - [06/Nov/2012:23:02:46 +0100] "GET /news.php?cs_go=archiv HTTP/1.0" 200 22146 "-" "Mozilla/5.0 (compatible; MJ12bot/v1.4.3; http://www.majestic12.co.uk/bot.php?+)"
78.30.200.81 - - [06/Nov/2012:23:02:48 +0100] "GET /news.php?cs_go=archiv&cs_id=3534 HTTP/1.0" 200 12306 "-" "Mozilla/5.0 (compatible; MJ12bot/v1.4.3; http://www.majestic12.co.uk/bot.php?+)"
78.30.200.81 - - [06/Nov/2012:23:02:50 +0100] "GET /news.php?cs_go=archiv&cs_id=3574 HTTP/1.0" 200 11095 "-" "Mozilla/5.0 (compatible; MJ12bot/v1.4.3; http://www.majestic12.co.uk/bot.php?+)"
78.30.200.81 - - [06/Nov/2012:23:02:53 +0100] "GET /news.php?cs_go=archiv&cs_id=3575 HTTP/1.0" 200 11805 "-" "Mozilla/5.0 (compatible; MJ12bot/v1.4.3; http://www.majestic12.co.uk/bot.php?+)"
78.30.200.81 - - [06/Nov/2012:23:02:55 +0100] "GET /news.php?cs_go=archiv&cs_id=3576 HTTP/1.0" 200 13343 "-" "Mozilla/5.0 (compatible; MJ12bot/v1.4.3; http://www.majestic12.co.uk/bot.php?+)"
78.30.200.81 - - [06/Nov/2012:23:02:57 +0100] "GET /news.php?cs_go=archiv&cs_id=3577 HTTP/1.0" 200 9891 "-" "Mozilla/5.0 (compatible; MJ12bot/v1.4.3; http://www.majestic12.co.uk/bot.php?+)"
78.30.200.81 - - [06/Nov/2012:23:02:59 +0100] "GET /news.php?cs_go=archiv&cs_id=3580 HTTP/1.0" 200 13518 "-" "Mozilla/5.0 (compatible; MJ12bot/v1.4.3; http://www.majestic12.co.uk/bot.php?+)"
78.30.200.81 - - [06/Nov/2012:23:03:01 +0100] "GET /news.php?cs_go=archiv&cs_id=3581 HTTP/1.0" 200 11821 "-" "Mozilla/5.0 (compatible; MJ12bot/v1.4.3; http://www.majestic12.co.uk/bot.php?+)"
78.30.200.81 - - [06/Nov/2012:23:03:03 +0100] "GET /news.php?cs_go=archiv&cs_id=3589 HTTP/1.0" 200 13538 "-" "Mozilla/5.0 (compatible; MJ12bot/v1.4.3; http://www.majestic12.co.uk/bot.php?+)"
78.30.200.81 - - [06/Nov/2012:23:03:05 +0100] "GET /news.php?cs_go=archiv&cs_id=3590 HTTP/1.0" 200 9799 "-" "Mozilla/5.0 (compatible; MJ12bot/v1.4.3; http://www.majestic12.co.uk/bot.php?+)"
