178.154.179.250 - - [01/Nov/2012:18:17:51 +0100] "GET /robots.txt HTTP/1.1" 200 177 "-" "Mozilla/5.0 (compatible; YandexBot/3.0; +http://yandex.com/bots)"
82.94.176.164 - - [01/Nov/2012:19:17:30 +0100] "GET /jobs.php HTTP/1.1" 200 10066 "-" "Mozilla/4.0 (compatible; MSIE 5.5; Windows NT)"
65.36.241.79 - - [01/Nov/2012:19:19:45 +0100] "HEAD / HTTP/1.1" 200 - "-" "InternetSeer.com"
139.18.2.17 - - [01/Nov/2012:19:31:28 +0100] "GET /robots.txt HTTP/1.1" 200 177 "-" "findlinks/2.6 (+http://wortschatz.uni-leipzig.de/findlinks/)"
173.242.124.160 - - [01/Nov/2012:20:02:01 +0100] "GET /robots.txt HTTP/1.0" 200 177 "-" "Mozilla/5.0 (compatible; MJ12bot/v1.4.3; http://www.majestic12.co.uk/bot.php?+)"
173.242.124.160 - - [01/Nov/2012:20:02:02 +0100] "GET /agb.php HTTP/1.0" 200 19709 "-" "Mozilla/5.0 (compatible; MJ12bot/v1.4.3; http://www.majestic12.co.uk/bot.php?+)"
173.242.124.160 - - [01/Nov/2012:20:02:46 +0100] "GET /news.php?cs_go=archiv&cs_id=2679 HTTP/1.0" 200 7887 "-" "Mozilla/5.0 (compatible; MJ12bot/v1.4.3; http://www.majestic12.co.uk/bot.php?+)"
173.242.124.160 - - [01/Nov/2012:20:02:04 +0100] "GET /news.php?cs_go=archiv&cs_id=2678 HTTP/1.0" 200 7887 "-" "Mozilla/5.0 (compatible; MJ12bot/v1.4.3; http://www.majestic12.co.uk/bot.php?+)"
173.242.124.160 - - [01/Nov/2012:20:03:11 +0100] "GET /news.php?cs_go=archiv&cs_id=2680 HTTP/1.0" 200 7887 "-" "Mozilla/5.0 (compatible; MJ12bot/v1.4.3; http://www.majestic12.co.uk/bot.php?+)"
173.242.124.160 - - [01/Nov/2012:20:03:15 +0100] "GET /news.php?cs_go=archiv&cs_id=2681 HTTP/1.0" 200 7887 "-" "Mozilla/5.0 (compatible; MJ12bot/v1.4.3; http://www.majestic12.co.uk/bot.php?+)"
173.242.124.160 - - [01/Nov/2012:20:03:26 +0100] "GET /news.php?cs_go=archiv&cs_id=2682 HTTP/1.0" 200 7887 "-" "Mozilla/5.0 (compatible; MJ12bot/v1.4.3; http://www.majestic12.co.uk/bot.php?+)"
173.242.124.160 - - [01/Nov/2012:20:03:29 +0100] "GET /news.php?cs_go=archiv&cs_id=2683 HTTP/1.0" 200 7887 "-" "Mozilla/5.0 (compatible; MJ12bot/v1.4.3; http://www.majestic12.co.uk/bot.php?+)"
173.242.124.160 - - [01/Nov/2012:20:03:31 +0100] "GET /news.php?cs_go=archiv&cs_id=2684 HTTP/1.0" 200 7887 "-" "Mozilla/5.0 (compatible; MJ12bot/v1.4.3; http://www.majestic12.co.uk/bot.php?+)"
173.242.124.160 - - [01/Nov/2012:20:03:33 +0100] "GET /news.php?cs_go=archiv&cs_id=2685 HTTP/1.0" 200 7887 "-" "Mozilla/5.0 (compatible; MJ12bot/v1.4.3; http://www.majestic12.co.uk/bot.php?+)"
173.242.124.160 - - [01/Nov/2012:20:03:36 +0100] "GET /news.php?cs_go=archiv&cs_id=2686 HTTP/1.0" 200 7887 "-" "Mozilla/5.0 (compatible; MJ12bot/v1.4.3; http://www.majestic12.co.uk/bot.php?+)"
173.242.124.160 - - [01/Nov/2012:20:03:37 +0100] "GET /news.php?cs_go=archiv&cs_id=2687 HTTP/1.0" 200 7887 "-" "Mozilla/5.0 (compatible; MJ12bot/v1.4.3; http://www.majestic12.co.uk/bot.php?+)"
173.242.124.160 - - [01/Nov/2012:20:03:40 +0100] "GET /news.php?cs_go=archiv&cs_id=2688 HTTP/1.0" 200 7887 "-" "Mozilla/5.0 (compatible; MJ12bot/v1.4.3; http://www.majestic12.co.uk/bot.php?+)"
173.242.124.160 - - [01/Nov/2012:20:03:43 +0100] "GET /news.php?cs_go=archiv&cs_id=2689 HTTP/1.0" 200 7887 "-" "Mozilla/5.0 (compatible; MJ12bot/v1.4.3; http://www.majestic12.co.uk/bot.php?+)"
173.242.124.160 - - [01/Nov/2012:20:03:45 +0100] "GET /news.php?cs_go=archiv&cs_id=2690 HTTP/1.0" 200 7887 "-" "Mozilla/5.0 (compatible; MJ12bot/v1.4.3; http://www.majestic12.co.uk/bot.php?+)"
173.242.124.160 - - [01/Nov/2012:20:03:47 +0100] "GET /news.php?cs_go=archiv&cs_id=2691 HTTP/1.0" 200 7887 "-" "Mozilla/5.0 (compatible; MJ12bot/v1.4.3; http://www.majestic12.co.uk/bot.php?+)"
66.249.71.6 - - [01/Nov/2012:20:22:13 +0100] "GET /news.php?cs_go=archiv&cs_id=123&cs_search= HTTP/1.1" 200 7887 "-" "Mozilla/5.0 (compatible; Googlebot/2.1; +http://www.google.com/bot.html)"
66.249.71.6 - - [01/Nov/2012:21:38:07 +0100] "GET /news.php?cs_go=archiv&cs_id=3455&cs_search= HTTP/1.1" 200 9859 "-" "Mozilla/5.0 (iPhone; U; CPU iPhone OS 4_1 like Mac OS X; en-us) AppleWebKit/532.9 (KHTML, like Gecko) Version/4.0.5 Mobile/8B117 Safari/6531.22.7 (compatible; Googlebot-Mobile/2.1; +http://www.google.com/bot.html)"
91.89.21.208 - - [01/Nov/2012:22:08:44 +0100] "GET /style.css HTTP/1.1" 200 8418 "http://www.mink-gmbh.de/" "Mozilla/5.0 (compatible; MSIE 9.0; Windows NT 6.1; WOW64; Trident/5.0)"
91.89.21.208 - - [01/Nov/2012:22:08:44 +0100] "GET /modul.css HTTP/1.1" 200 35038 "http://www.mink-gmbh.de/" "Mozilla/5.0 (compatible; MSIE 9.0; Windows NT 6.1; WOW64; Trident/5.0)"
91.89.21.208 - - [01/Nov/2012:22:08:44 +0100] "GET /js_contentserver24_greybox/gb_styles.css HTTP/1.1" 200 2302 "http://www.mink-gmbh.de/" "Mozilla/5.0 (compatible; MSIE 9.0; Windows NT 6.1; WOW64; Trident/5.0)"
91.89.21.208 - - [01/Nov/2012:22:08:44 +0100] "GET /js_contentserver24_greybox/AJS.js HTTP/1.1" 200 10396 "http://www.mink-gmbh.de/" "Mozilla/5.0 (compatible; MSIE 9.0; Windows NT 6.1; WOW64; Trident/5.0)"
91.89.21.208 - - [01/Nov/2012:22:08:44 +0100] "GET /js_contentserver24_greybox/AJS_fx.js HTTP/1.1" 200 3192 "http://www.mink-gmbh.de/" "Mozilla/5.0 (compatible; MSIE 9.0; Windows NT 6.1; WOW64; Trident/5.0)"
91.89.21.208 - - [01/Nov/2012:22:08:44 +0100] "GET /js_contentserver24_greybox/gb_scripts.js HTTP/1.1" 200 11913 "http://www.mink-gmbh.de/" "Mozilla/5.0 (compatible; MSIE 9.0; Windows NT 6.1; WOW64; Trident/5.0)"
91.89.21.208 - - [01/Nov/2012:22:08:44 +0100] "GET /images/bg.jpg HTTP/1.1" 200 345 "http://www.mink-gmbh.de/" "Mozilla/5.0 (compatible; MSIE 9.0; Windows NT 6.1; WOW64; Trident/5.0)"
91.89.21.208 - - [01/Nov/2012:22:08:44 +0100] "GET /js_contentserver24_greybox/w_close.gif HTTP/1.1" 200 74 "http://www.mink-gmbh.de/" "Mozilla/5.0 (compatible; MSIE 9.0; Windows NT 6.1; WOW64; Trident/5.0)"
91.89.21.208 - - [01/Nov/2012:22:08:44 +0100] "GET /images/steigend.png HTTP/1.1" 200 688 "http://www.mink-gmbh.de/" "Mozilla/5.0 (compatible; MSIE 9.0; Windows NT 6.1; WOW64; Trident/5.0)"
91.89.21.208 - - [01/Nov/2012:22:08:44 +0100] "GET /images/newsletter.png HTTP/1.1" 200 14619 "http://www.mink-gmbh.de/" "Mozilla/5.0 (compatible; MSIE 9.0; Windows NT 6.1; WOW64; Trident/5.0)"
91.89.21.208 - - [01/Nov/2012:22:08:44 +0100] "GET /images/header.jpg HTTP/1.1" 200 24413 "http://www.mink-gmbh.de/" "Mozilla/5.0 (compatible; MSIE 9.0; Windows NT 6.1; WOW64; Trident/5.0)"
91.89.21.208 - - [01/Nov/2012:22:08:44 +0100] "GET /images/fallend.png HTTP/1.1" 200 713 "http://www.mink-gmbh.de/" "Mozilla/5.0 (compatible; MSIE 9.0; Windows NT 6.1; WOW64; Trident/5.0)"
91.89.21.208 - - [01/Nov/2012:22:08:44 +0100] "GET /images/navibg.png HTTP/1.1" 200 2803 "http://www.mink-gmbh.de/" "Mozilla/5.0 (compatible; MSIE 9.0; Windows NT 6.1; WOW64; Trident/5.0)"
91.89.21.208 - - [01/Nov/2012:22:08:44 +0100] "GET /images/close.png HTTP/1.1" 200 703 "http://www.mink-gmbh.de/" "Mozilla/5.0 (compatible; MSIE 9.0; Windows NT 6.1; WOW64; Trident/5.0)"
91.89.21.208 - - [01/Nov/2012:22:08:44 +0100] "GET /images/wrapperbg.jpg HTTP/1.1" 200 27465 "http://www.mink-gmbh.de/" "Mozilla/5.0 (compatible; MSIE 9.0; Windows NT 6.1; WOW64; Trident/5.0)"
91.89.21.208 - - [01/Nov/2012:22:08:44 +0100] "GET /images/newsletter_bg.jpg HTTP/1.1" 200 33610 "http://www.mink-gmbh.de/" "Mozilla/5.0 (compatible; MSIE 9.0; Windows NT 6.1; WOW64; Trident/5.0)"
91.89.21.208 - - [01/Nov/2012:22:08:44 +0100] "GET /images/newsletter.jpg HTTP/1.1" 200 13130 "http://www.mink-gmbh.de/" "Mozilla/5.0 (compatible; MSIE 9.0; Windows NT 6.1; WOW64; Trident/5.0)"
91.89.21.208 - - [01/Nov/2012:22:08:44 +0100] "GET /images/mobil.jpg HTTP/1.1" 200 25293 "http://www.mink-gmbh.de/" "Mozilla/5.0 (compatible; MSIE 9.0; Windows NT 6.1; WOW64; Trident/5.0)"
91.89.21.208 - - [01/Nov/2012:22:08:45 +0100] "GET /js_contentserver24_greybox/header_bg.gif HTTP/1.1" 200 1188 "http://www.mink-gmbh.de/" "Mozilla/5.0 (compatible; MSIE 9.0; Windows NT 6.1; WOW64; Trident/5.0)"
91.89.21.208 - - [01/Nov/2012:22:08:44 +0100] "GET /images/tkw.jpg HTTP/1.1" 200 64031 "http://www.mink-gmbh.de/" "Mozilla/5.0 (compatible; MSIE 9.0; Windows NT 6.1; WOW64; Trident/5.0)"
91.89.21.208 - - [01/Nov/2012:22:08:44 +0100] "GET / HTTP/1.1" 200 15296 "http://www.google.de/url?sa=t&rct=j&q=&esrc=s&frm=1&source=web&cd=1&sqi=2&ved=0CCEQFjAA&url=http%3A%2F%2Fwww.mink-gmbh.de%2F&ei=rOSSUNeVG4n1sgbuvICYDQ&usg=AFQjCNFHX4Iglls9oo-KYXTmDUV_5KOVIg&sig2=0Qee_tOcXMQrVFRrx7_Gig" "Mozilla/5.0 (compatible; MSIE 9.0; Windows NT 6.1; WOW64; Trident/5.0)"
91.89.21.208 - - [01/Nov/2012:22:08:45 +0100] "GET /images/freecall.jpg HTTP/1.1" 200 39195 "http://www.mink-gmbh.de/" "Mozilla/5.0 (compatible; MSIE 9.0; Windows NT 6.1; WOW64; Trident/5.0)"
91.89.21.208 - - [01/Nov/2012:22:08:45 +0100] "GET /images/mail.jpg HTTP/1.1" 200 11165 "http://www.mink-gmbh.de/" "Mozilla/5.0 (compatible; MSIE 9.0; Windows NT 6.1; WOW64; Trident/5.0)"
91.89.21.208 - - [01/Nov/2012:22:08:45 +0100] "GET /images/wunschpreis.jpg HTTP/1.1" 200 16767 "http://www.mink-gmbh.de/" "Mozilla/5.0 (compatible; MSIE 9.0; Windows NT 6.1; WOW64; Trident/5.0)"
91.89.21.208 - - [01/Nov/2012:22:08:45 +0100] "GET /images/kwk.gif HTTP/1.1" 200 6403 "http://www.mink-gmbh.de/" "Mozilla/5.0 (compatible; MSIE 9.0; Windows NT 6.1; WOW64; Trident/5.0)"
91.89.21.208 - - [01/Nov/2012:22:08:45 +0100] "GET /images/logos.jpg HTTP/1.1" 200 15002 "http://www.mink-gmbh.de/" "Mozilla/5.0 (compatible; MSIE 9.0; Windows NT 6.1; WOW64; Trident/5.0)"
91.89.21.208 - - [01/Nov/2012:22:08:45 +0100] "GET /images/footerbg.jpg HTTP/1.1" 200 2184 "http://www.mink-gmbh.de/" "Mozilla/5.0 (compatible; MSIE 9.0; Windows NT 6.1; WOW64; Trident/5.0)"
91.89.21.208 - - [01/Nov/2012:22:08:45 +0100] "GET /js_contentserver24_greybox/loader_frame.html?s=0 HTTP/1.1" 200 2084 "http://www.mink-gmbh.de/" "Mozilla/5.0 (compatible; MSIE 9.0; Windows NT 6.1; WOW64; Trident/5.0)"
91.89.21.208 - - [01/Nov/2012:22:08:45 +0100] "GET /js_contentserver24_greybox/indicator.gif HTTP/1.1" 200 8238 "http://www.mink-gmbh.de/js_contentserver24_greybox/loader_frame.html?s=0" "Mozilla/5.0 (compatible; MSIE 9.0; Windows NT 6.1; WOW64; Trident/5.0)"
91.89.21.208 - - [01/Nov/2012:22:08:45 +0100] "GET /js_contentserver24_greybox/g_close.gif HTTP/1.1" 200 541 "http://www.mink-gmbh.de/" "Mozilla/5.0 (compatible; MSIE 9.0; Windows NT 6.1; WOW64; Trident/5.0)"
91.89.21.208 - - [01/Nov/2012:22:08:45 +0100] "GET /favicon.ico HTTP/1.1" 200 3638 "-" "Mozilla/5.0 (compatible; MSIE 9.0; Windows NT 6.1; WOW64; Trident/5.0)"
91.89.21.208 - - [01/Nov/2012:22:09:05 +0100] "GET /preisanfrage.php HTTP/1.1" 200 10647 "http://www.mink-gmbh.de/" "Mozilla/5.0 (compatible; MSIE 9.0; Windows NT 6.1; WOW64; Trident/5.0)"
91.89.21.208 - - [01/Nov/2012:22:09:27 +0100] "GET /wunschpreis.php HTTP/1.1" 200 11997 "http://www.mink-gmbh.de/preisanfrage.php" "Mozilla/5.0 (compatible; MSIE 9.0; Windows NT 6.1; WOW64; Trident/5.0)"
91.89.21.208 - - [01/Nov/2012:22:09:35 +0100] "GET /standard.php HTTP/1.1" 200 9131 "http://www.mink-gmbh.de/wunschpreis.php" "Mozilla/5.0 (compatible; MSIE 9.0; Windows NT 6.1; WOW64; Trident/5.0)"
91.89.21.208 - - [01/Nov/2012:22:09:47 +0100] "GET /index.php HTTP/1.1" 200 14555 "http://www.mink-gmbh.de/standard.php" "Mozilla/5.0 (compatible; MSIE 9.0; Windows NT 6.1; WOW64; Trident/5.0)"
91.89.21.208 - - [01/Nov/2012:22:10:18 +0100] "GET /standard.php HTTP/1.1" 200 9131 "http://www.mink-gmbh.de/wunschpreis.php" "Mozilla/5.0 (compatible; MSIE 9.0; Windows NT 6.1; WOW64; Trident/5.0)"
91.89.21.208 - - [01/Nov/2012:22:11:25 +0100] "GET /wunschpreis.php HTTP/1.1" 200 11997 "http://www.mink-gmbh.de/preisanfrage.php" "Mozilla/5.0 (compatible; MSIE 9.0; Windows NT 6.1; WOW64; Trident/5.0)"
91.89.21.208 - - [01/Nov/2012:22:11:28 +0100] "GET /preisanfrage.php HTTP/1.1" 200 10647 "http://www.mink-gmbh.de/" "Mozilla/5.0 (compatible; MSIE 9.0; Windows NT 6.1; WOW64; Trident/5.0)"
91.89.21.208 - - [01/Nov/2012:22:11:29 +0100] "GET / HTTP/1.1" 200 14555 "http://www.google.de/url?sa=t&rct=j&q=&esrc=s&frm=1&source=web&cd=1&sqi=2&ved=0CCEQFjAA&url=http%3A%2F%2Fwww.mink-gmbh.de%2F&ei=rOSSUNeVG4n1sgbuvICYDQ&usg=AFQjCNFHX4Iglls9oo-KYXTmDUV_5KOVIg&sig2=0Qee_tOcXMQrVFRrx7_Gig" "Mozilla/5.0 (compatible; MSIE 9.0; Windows NT 6.1; WOW64; Trident/5.0)"
123.125.71.53 - - [01/Nov/2012:23:33:18 +0100] "GET / HTTP/1.1" 200 8662 "-" "Mozilla/5.0 (compatible; Baiduspider/2.0; +http://www.baidu.com/search/spider.html)"
220.181.108.85 - - [01/Nov/2012:23:33:46 +0100] "GET / HTTP/1.1" 200 7822 "-" "Mozilla/5.0 (compatible; Baiduspider/2.0; +http://www.baidu.com/search/spider.html)"
66.249.71.6 - - [02/Nov/2012:00:25:18 +0100] "GET /news.php?cs_go=archiv&cs_id=747&cs_search= HTTP/1.1" 200 7887 "-" "Mozilla/5.0 (compatible; Googlebot/2.1; +http://www.google.com/bot.html)"
65.36.241.79 - - [02/Nov/2012:00:26:09 +0100] "HEAD / HTTP/1.1" 200 - "-" "InternetSeer.com"
178.154.179.250 - - [02/Nov/2012:00:29:52 +0100] "GET /news.php?cs_go=archiv&cs_id=3616 HTTP/1.1" 200 9862 "-" "Mozilla/5.0 (compatible; YandexBot/3.0; +http://yandex.com/bots)"
66.249.71.6 - - [02/Nov/2012:00:51:09 +0100] "GET /news.php?cs_go=archiv&cs_id=2245&cs_search= HTTP/1.1" 200 7887 "-" "Mozilla/5.0 (compatible; Googlebot/2.1; +http://www.google.com/bot.html)"
66.249.71.6 - - [02/Nov/2012:00:51:29 +0100] "GET /news.php?cs_go=archiv&cs_id=150&cs_search= HTTP/1.1" 200 7887 "-" "Mozilla/5.0 (compatible; Googlebot/2.1; +http://www.google.com/bot.html)"
66.249.71.6 - - [02/Nov/2012:01:18:41 +0100] "GET /news.php?cs_go=archiv&cs_id=1680&cs_search= HTTP/1.1" 200 7887 "-" "Mozilla/5.0 (compatible; Googlebot/2.1; +http://www.google.com/bot.html)"
66.249.71.6 - - [02/Nov/2012:01:21:58 +0100] "GET /news.php?cs_go=archiv&cs_id=2567&cs_search= HTTP/1.1" 200 7887 "-" "Mozilla/5.0 (compatible; Googlebot/2.1; +http://www.google.com/bot.html)"
64.125.222.50 - - [02/Nov/2012:01:23:59 +0100] "GET /robots.txt HTTP/1.1" 200 177 "-" "Mozilla/5.0 (compatible; 008/0.83; http://www.80legs.com/webcrawler.html;) Gecko/2008032620"
66.249.71.6 - - [02/Nov/2012:01:25:28 +0100] "GET /news.php?cs_go=archiv&cs_id=2522&cs_search= HTTP/1.1" 200 7887 "-" "Mozilla/5.0 (compatible; Googlebot/2.1; +http://www.google.com/bot.html)"
66.249.71.6 - - [02/Nov/2012:01:28:57 +0100] "GET /news.php?cs_go=archiv&cs_id=2151&cs_search= HTTP/1.1" 200 7887 "-" "Mozilla/5.0 (compatible; Googlebot/2.1; +http://www.google.com/bot.html)"
66.249.71.6 - - [02/Nov/2012:01:32:28 +0100] "GET /news.php?cs_go=archiv&cs_id=2600&cs_search= HTTP/1.1" 200 7887 "-" "Mozilla/5.0 (compatible; Googlebot/2.1; +http://www.google.com/bot.html)"
66.249.71.6 - - [02/Nov/2012:01:35:58 +0100] "GET /news.php?cs_go=archiv&cs_id=2602&cs_search= HTTP/1.1" 200 7887 "-" "Mozilla/5.0 (compatible; Googlebot/2.1; +http://www.google.com/bot.html)"
89.169.54.58 - - [02/Nov/2012:01:36:33 +0100] "GET / HTTP/1.1" 200 15296 "-" "Mozilla/5.0 (compatible; 008/0.83; http://www.80legs.com/webcrawler.html) Gecko/2008032620"
94.243.219.214 - - [02/Nov/2012:01:38:01 +0100] "GET / HTTP/1.1" 200 15296 "-" "Mozilla/5.0 (compatible; 008/0.83; http://www.80legs.com/webcrawler.html) Gecko/2008032620"
66.249.71.6 - - [02/Nov/2012:01:39:28 +0100] "GET /news.php?cs_go=archiv&cs_id=2056&cs_search= HTTP/1.1" 200 7887 "-" "Mozilla/5.0 (compatible; Googlebot/2.1; +http://www.google.com/bot.html)"
66.249.71.6 - - [02/Nov/2012:01:42:57 +0100] "GET /news.php?cs_go=archiv&cs_id=2052&cs_search= HTTP/1.1" 200 7887 "-" "Mozilla/5.0 (compatible; Googlebot/2.1; +http://www.google.com/bot.html)"
66.249.71.6 - - [02/Nov/2012:01:46:27 +0100] "GET /news.php?cs_go=archiv&cs_id=2017&cs_search= HTTP/1.1" 200 7887 "-" "Mozilla/5.0 (compatible; Googlebot/2.1; +http://www.google.com/bot.html)"
66.249.71.6 - - [02/Nov/2012:01:49:56 +0100] "GET /news.php?cs_go=archiv&cs_id=2024&cs_search= HTTP/1.1" 200 7887 "-" "Mozilla/5.0 (compatible; Googlebot/2.1; +http://www.google.com/bot.html)"
66.249.71.6 - - [02/Nov/2012:01:53:27 +0100] "GET /news.php?cs_go=archiv&cs_id=2243&cs_search= HTTP/1.1" 200 7887 "-" "Mozilla/5.0 (compatible; Googlebot/2.1; +http://www.google.com/bot.html)"
66.249.71.6 - - [02/Nov/2012:01:53:28 +0100] "GET /news.php?cs_go=archiv&cs_id=2028&cs_search= HTTP/1.1" 200 7887 "-" "Mozilla/5.0 (compatible; Googlebot/2.1; +http://www.google.com/bot.html)"
66.249.71.6 - - [02/Nov/2012:01:57:16 +0100] "GET /news.php?cs_go=archiv&cs_id=2030&cs_search= HTTP/1.1" 200 7887 "-" "Mozilla/5.0 (compatible; Googlebot/2.1; +http://www.google.com/bot.html)"
66.249.71.6 - - [02/Nov/2012:02:00:26 +0100] "GET /news.php?cs_go=archiv&cs_id=2032&cs_search= HTTP/1.1" 200 7887 "-" "Mozilla/5.0 (compatible; Googlebot/2.1; +http://www.google.com/bot.html)"
66.249.71.6 - - [02/Nov/2012:02:03:56 +0100] "GET /news.php?cs_go=archiv&cs_id=2034&cs_search= HTTP/1.1" 200 7887 "-" "Mozilla/5.0 (compatible; Googlebot/2.1; +http://www.google.com/bot.html)"
66.249.71.6 - - [02/Nov/2012:02:07:25 +0100] "GET /news.php?cs_go=archiv&cs_id=2192&cs_search= HTTP/1.1" 200 7887 "-" "Mozilla/5.0 (compatible; Googlebot/2.1; +http://www.google.com/bot.html)"
66.249.71.6 - - [02/Nov/2012:02:10:56 +0100] "GET /news.php?cs_go=archiv&cs_id=2597&cs_search= HTTP/1.1" 200 7887 "-" "Mozilla/5.0 (compatible; Googlebot/2.1; +http://www.google.com/bot.html)"
66.249.71.6 - - [02/Nov/2012:02:14:26 +0100] "GET /news.php?cs_go=archiv&cs_id=1719&cs_search= HTTP/1.1" 200 7887 "-" "Mozilla/5.0 (compatible; Googlebot/2.1; +http://www.google.com/bot.html)"
66.249.71.6 - - [02/Nov/2012:02:17:55 +0100] "GET /news.php?cs_go=archiv&cs_id=2407&cs_search= HTTP/1.1" 200 7887 "-" "Mozilla/5.0 (compatible; Googlebot/2.1; +http://www.google.com/bot.html)"
91.61.75.125 - - [02/Nov/2012:02:21:15 +0100] "GET /jobs.php HTTP/1.1" 200 10066 "-" "Mozilla/5.0 /Windows; U; Windows NT 6.1; de; rv:1.9.1.5) Gecko/20091102 Firefox/3.5.5"
66.249.71.6 - - [02/Nov/2012:02:24:55 +0100] "GET /news.php?cs_go=archiv&cs_id=2591 HTTP/1.1" 200 7887 "-" "Mozilla/5.0 (compatible; Googlebot/2.1; +http://www.google.com/bot.html)"
66.249.71.6 - - [02/Nov/2012:02:28:25 +0100] "GET /news.php?cs_go=archiv&cs_id=2672 HTTP/1.1" 200 7887 "-" "Mozilla/5.0 (compatible; Googlebot/2.1; +http://www.google.com/bot.html)"
66.249.71.6 - - [02/Nov/2012:02:30:12 +0100] "GET /news.php?cs_go=archiv&cs_id=2672&cs_search= HTTP/1.1" 200 7887 "-" "Mozilla/5.0 (compatible; Googlebot/2.1; +http://www.google.com/bot.html)"
66.249.71.6 - - [02/Nov/2012:02:31:15 +0100] "GET /news.php?cs_go=archiv&cs_id=3613&cs_search= HTTP/1.1" 200 10255 "-" "Mozilla/5.0 (iPhone; U; CPU iPhone OS 4_1 like Mac OS X; en-us) AppleWebKit/532.9 (KHTML, like Gecko) Version/4.0.5 Mobile/8B117 Safari/6531.22.7 (compatible; Googlebot-Mobile/2.1; +http://www.google.com/bot.html)"
66.249.71.6 - - [02/Nov/2012:02:31:54 +0100] "GET /news.php?cs_go=archiv&cs_id=2406&cs_search= HTTP/1.1" 200 7887 "-" "Mozilla/5.0 (compatible; Googlebot/2.1; +http://www.google.com/bot.html)"
66.249.71.6 - - [02/Nov/2012:02:35:25 +0100] "GET /news.php?cs_go=archiv&cs_id=2314&cs_search= HTTP/1.1" 200 7887 "-" "Mozilla/5.0 (compatible; Googlebot/2.1; +http://www.google.com/bot.html)"
128.72.34.184 - - [02/Nov/2012:02:35:58 +0100] "GET /agb.php HTTP/1.1" 200 19709 "-" "Mozilla/5.0 (compatible; 008/0.83; http://www.80legs.com/webcrawler.html) Gecko/2008032620"
128.72.34.184 - - [02/Nov/2012:02:36:00 +0100] "GET /jobs.php HTTP/1.1" 200 10066 "-" "Mozilla/5.0 (compatible; 008/0.83; http://www.80legs.com/webcrawler.html) Gecko/2008032620"
128.72.34.184 - - [02/Nov/2012:02:36:02 +0100] "GET /news.php?cs_go=archiv HTTP/1.1" 200 21937 "-" "Mozilla/5.0 (compatible; 008/0.83; http://www.80legs.com/webcrawler.html) Gecko/2008032620"
128.72.34.184 - - [02/Nov/2012:02:36:28 +0100] "GET /news.php?cs_go=archiv&cs_id=3631 HTTP/1.1" 200 9927 "-" "Mozilla/5.0 (compatible; 008/0.83; http://www.80legs.com/webcrawler.html) Gecko/2008032620"
128.72.34.184 - - [02/Nov/2012:02:36:31 +0100] "GET /optiplus.php HTTP/1.1" 200 11100 "-" "Mozilla/5.0 (compatible; 008/0.83; http://www.80legs.com/webcrawler.html) Gecko/2008032620"
128.72.34.184 - - [02/Nov/2012:02:36:33 +0100] "GET /rueckrufservice.php HTTP/1.1" 200 10770 "-" "Mozilla/5.0 (compatible; 008/0.83; http://www.80legs.com/webcrawler.html) Gecko/2008032620"
66.249.71.6 - - [02/Nov/2012:02:38:54 +0100] "GET /news.php?cs_go=archiv&cs_id=2690 HTTP/1.1" 200 7887 "-" "Mozilla/5.0 (compatible; Googlebot/2.1; +http://www.google.com/bot.html)"
66.249.71.6 - - [02/Nov/2012:02:42:24 +0100] "GET /news.php?cs_go=archiv&cs_id=2590 HTTP/1.1" 200 7887 "-" "Mozilla/5.0 (compatible; Googlebot/2.1; +http://www.google.com/bot.html)"
91.61.75.125 - - [02/Nov/2012:02:42:42 +0100] "GET /jobs.php HTTP/1.1" 200 10066 "-" "Mozilla/5.0 /Windows; U; Windows NT 6.1; de; rv:1.9.1.5) Gecko/20091102 Firefox/3.5.5"
112.200.191.130 - - [02/Nov/2012:02:43:56 +0100] "GET /kwk.php HTTP/1.1" 200 10884 "-" "Mozilla/5.0 (compatible; 008/0.83; http://www.80legs.com/webcrawler.html) Gecko/2008032620"
112.200.191.130 - - [02/Nov/2012:02:44:08 +0100] "GET /news.php?cs_go=archiv&cs_id=3633 HTTP/1.1" 200 13307 "-" "Mozilla/5.0 (compatible; 008/0.83; http://www.80legs.com/webcrawler.html) Gecko/2008032620"
66.249.71.6 - - [02/Nov/2012:02:45:54 +0100] "GET /news.php?cs_go=archiv&cs_id=2508&cs_search= HTTP/1.1" 200 7887 "-" "Mozilla/5.0 (compatible; Googlebot/2.1; +http://www.google.com/bot.html)"
178.219.244.140 - - [02/Nov/2012:02:48:37 +0100] "GET /news.php?cs_go=archiv&cs_id=3578 HTTP/1.1" 200 11462 "-" "Mozilla/5.0 (compatible; 008/0.83; http://www.80legs.com/webcrawler.html) Gecko/2008032620"
178.219.244.140 - - [02/Nov/2012:02:48:40 +0100] "GET /standard.php HTTP/1.1" 200 9218 "-" "Mozilla/5.0 (compatible; 008/0.83; http://www.80legs.com/webcrawler.html) Gecko/2008032620"
66.249.71.6 - - [02/Nov/2012:02:49:24 +0100] "GET /news.php?cs_go=archiv&cs_id=2042&cs_search= HTTP/1.1" 200 7887 "-" "Mozilla/5.0 (compatible; Googlebot/2.1; +http://www.google.com/bot.html)"
178.129.100.238 - - [02/Nov/2012:02:50:30 +0100] "GET /news.php?cs_go=archiv&cs_id=3606 HTTP/1.1" 200 11890 "-" "Mozilla/5.0 (compatible; 008/0.83; http://www.80legs.com/webcrawler.html) Gecko/2008032620"
71.72.22.167 - - [02/Nov/2012:02:50:34 +0100] "GET /impressum.php HTTP/1.1" 200 8582 "-" "Mozilla/5.0 (compatible; 008/0.83; http://www.80legs.com/webcrawler.html) Gecko/2008032620"
188.255.101.174 - - [02/Nov/2012:02:51:26 +0100] "GET /preisanfrage.php HTTP/1.1" 200 10734 "-" "Mozilla/5.0 (compatible; 008/0.83; http://www.80legs.com/webcrawler.html) Gecko/2008032620"
194.8.156.227 - - [02/Nov/2012:02:52:36 +0100] "GET /index.php HTTP/1.1" 200 15296 "-" "Mozilla/5.0 (compatible; 008/0.83; http://www.80legs.com/webcrawler.html) Gecko/2008032620"
194.8.156.227 - - [02/Nov/2012:02:52:38 +0100] "GET /newsletter.php HTTP/1.1" 200 8928 "-" "Mozilla/5.0 (compatible; 008/0.83; http://www.80legs.com/webcrawler.html) Gecko/2008032620"
66.249.71.6 - - [02/Nov/2012:02:52:54 +0100] "GET /news.php?cs_go=archiv&cs_id=1834&cs_search= HTTP/1.1" 200 7887 "-" "Mozilla/5.0 (compatible; Googlebot/2.1; +http://www.google.com/bot.html)"
173.60.125.14 - - [02/Nov/2012:02:53:09 +0100] "GET /standard.php HTTP/1.1" 200 9218 "-" "Mozilla/5.0 (compatible; 008/0.83; http://www.80legs.com/webcrawler.html) Gecko/2008032620"
115.79.224.63 - - [02/Nov/2012:02:55:05 +0100] "GET /kontakt.php HTTP/1.1" 200 9198 "-" "Mozilla/5.0 (compatible; 008/0.83; http://www.80legs.com/webcrawler.html) Gecko/2008032620"
115.79.224.63 - - [02/Nov/2012:02:55:14 +0100] "GET /news.php?cs_go=archiv&cs_id=3578 HTTP/1.1" 200 11462 "-" "Mozilla/5.0 (compatible; 008/0.83; http://www.80legs.com/webcrawler.html) Gecko/2008032620"
77.120.228.189 - - [02/Nov/2012:02:55:15 +0100] "GET /../standard.php HTTP/1.1" 404 - "-" "Mozilla/5.0 (compatible; 008/0.83; http://www.80legs.com/webcrawler.html) Gecko/2008032620"
115.79.224.63 - - [02/Nov/2012:02:55:21 +0100] "GET /preisanfrage.php HTTP/1.1" 200 10734 "-" "Mozilla/5.0 (compatible; 008/0.83; http://www.80legs.com/webcrawler.html) Gecko/2008032620"
66.249.71.6 - - [02/Nov/2012:02:56:23 +0100] "GET /news.php?cs_go=archiv&cs_id=1832&cs_search= HTTP/1.1" 200 7887 "-" "Mozilla/5.0 (compatible; Googlebot/2.1; +http://www.google.com/bot.html)"
117.74.121.146 - - [02/Nov/2012:02:56:56 +0100] "GET /../standard.php HTTP/1.1" 404 - "-" "Mozilla/5.0 (compatible; 008/0.83; http://www.80legs.com/webcrawler.html) Gecko/2008032620"
176.215.103.96 - - [02/Nov/2012:02:57:14 +0100] "GET /kontakt.php HTTP/1.1" 200 9198 "-" "Mozilla/5.0 (compatible; 008/0.83; http://www.80legs.com/webcrawler.html) Gecko/2008032620"
176.215.103.96 - - [02/Nov/2012:02:57:16 +0100] "GET /news.php?cs_go=archiv&cs_id=3578 HTTP/1.1" 200 11462 "-" "Mozilla/5.0 (compatible; 008/0.83; http://www.80legs.com/webcrawler.html) Gecko/2008032620"
188.255.101.174 - - [02/Nov/2012:02:57:17 +0100] "GET /newsletter.php HTTP/1.1" 200 8928 "-" "Mozilla/5.0 (compatible; 008/0.83; http://www.80legs.com/webcrawler.html) Gecko/2008032620"
176.215.103.96 - - [02/Nov/2012:02:57:18 +0100] "GET /news.php?cs_go=archiv&cs_id=3606 HTTP/1.1" 200 11890 "-" "Mozilla/5.0 (compatible; 008/0.83; http://www.80legs.com/webcrawler.html) Gecko/2008032620"
212.109.6.12 - - [02/Nov/2012:02:57:38 +0100] "GET /../optiplus.php HTTP/1.1" 404 - "-" "Mozilla/5.0 (compatible; 008/0.83; http://www.80legs.com/webcrawler.html) Gecko/2008032620"
212.109.6.12 - - [02/Nov/2012:02:57:40 +0100] "GET /index.php HTTP/1.1" 200 15296 "-" "Mozilla/5.0 (compatible; 008/0.83; http://www.80legs.com/webcrawler.html) Gecko/2008032620"
79.164.126.182 - - [02/Nov/2012:02:58:36 +0100] "GET /news.php HTTP/1.1" 200 21937 "-" "Mozilla/5.0 (compatible; 008/0.83; http://www.80legs.com/webcrawler.html) Gecko/2008032620"
66.249.71.6 - - [02/Nov/2012:02:59:53 +0100] "GET /news.php?cs_go=archiv&cs_id=1806&cs_search= HTTP/1.1" 200 7887 "-" "Mozilla/5.0 (compatible; Googlebot/2.1; +http://www.google.com/bot.html)"
66.249.71.6 - - [02/Nov/2012:03:03:23 +0100] "GET /news.php?cs_go=archiv&cs_id=1836&cs_search= HTTP/1.1" 200 7887 "-" "Mozilla/5.0 (compatible; Googlebot/2.1; +http://www.google.com/bot.html)"
66.249.71.6 - - [02/Nov/2012:03:06:52 +0100] "GET /news.php?cs_go=archiv&cs_id=1714&cs_search= HTTP/1.1" 200 7887 "-" "Mozilla/5.0 (compatible; Googlebot/2.1; +http://www.google.com/bot.html)"
66.249.71.6 - - [02/Nov/2012:03:12:06 +0100] "GET /news.php?cs_go=archiv&cs_id=1844&cs_search= HTTP/1.1" 200 7887 "-" "Mozilla/5.0 (compatible; Googlebot/2.1; +http://www.google.com/bot.html)"
66.249.71.6 - - [02/Nov/2012:03:14:11 +0100] "GET /news.php?cs_go=archiv&cs_id=1421&cs_search= HTTP/1.1" 200 7887 "-" "Mozilla/5.0 (compatible; Googlebot/2.1; +http://www.google.com/bot.html)"
188.114.18.123 - - [02/Nov/2012:03:14:14 +0100] "GET /news.php HTTP/1.1" 200 21937 "-" "Mozilla/5.0 (compatible; 008/0.83; http://www.80legs.com/webcrawler.html) Gecko/2008032620"
188.114.18.123 - - [02/Nov/2012:03:14:21 +0100] "GET /wunschpreis.php HTTP/1.1" 200 12084 "-" "Mozilla/5.0 (compatible; 008/0.83; http://www.80legs.com/webcrawler.html) Gecko/2008032620"
66.249.71.6 - - [02/Nov/2012:03:21:11 +0100] "GET /news.php?cs_go=archiv&cs_id=1720&cs_search= HTTP/1.1" 200 7887 "-" "Mozilla/5.0 (compatible; Googlebot/2.1; +http://www.google.com/bot.html)"
66.249.71.6 - - [02/Nov/2012:03:22:03 +0100] "GET /news.php?cs_go=archiv&cs_id=1850&cs_search= HTTP/1.1" 200 7887 "-" "Mozilla/5.0 (compatible; Googlebot/2.1; +http://www.google.com/bot.html)"
66.249.71.6 - - [02/Nov/2012:03:22:50 +0100] "GET /news.php?cs_go=archiv&cs_id=1765&cs_search= HTTP/1.1" 200 7887 "-" "Mozilla/5.0 (compatible; Googlebot/2.1; +http://www.google.com/bot.html)"
66.249.71.6 - - [02/Nov/2012:03:24:19 +0100] "GET /news.php?cs_go=archiv&cs_id=1718&cs_search= HTTP/1.1" 200 7887 "-" "Mozilla/5.0 (compatible; Googlebot/2.1; +http://www.google.com/bot.html)"
80.250.232.92 - - [02/Nov/2012:03:27:30 +0100] "GET /wunschpreis.php HTTP/1.1" 200 12084 "-" "Mozilla/5.0 (compatible; 008/0.83; http://www.80legs.com/webcrawler.html) Gecko/2008032620"
80.250.232.92 - - [02/Nov/2012:03:27:28 +0100] "GET /news.php HTTP/1.1" 200 21937 "-" "Mozilla/5.0 (compatible; 008/0.83; http://www.80legs.com/webcrawler.html) Gecko/2008032620"
66.249.71.6 - - [02/Nov/2012:03:27:49 +0100] "GET /news.php?cs_go=archiv&cs_id=1840&cs_search= HTTP/1.1" 200 7887 "-" "Mozilla/5.0 (compatible; Googlebot/2.1; +http://www.google.com/bot.html)"
66.249.71.6 - - [02/Nov/2012:03:31:19 +0100] "GET /news.php?cs_go=archiv&cs_id=1689&cs_search= HTTP/1.1" 200 7887 "-" "Mozilla/5.0 (compatible; Googlebot/2.1; +http://www.google.com/bot.html)"
66.249.71.6 - - [02/Nov/2012:03:34:49 +0100] "GET /news.php?cs_go=archiv&cs_id=1652&cs_search= HTTP/1.1" 200 7887 "-" "Mozilla/5.0 (compatible; Googlebot/2.1; +http://www.google.com/bot.html)"
66.249.71.6 - - [02/Nov/2012:03:38:19 +0100] "GET /news.php?cs_go=archiv&cs_id=1660&cs_search= HTTP/1.1" 200 7887 "-" "Mozilla/5.0 (compatible; Googlebot/2.1; +http://www.google.com/bot.html)"
66.249.71.6 - - [02/Nov/2012:03:43:11 +0100] "GET /news.php?cs_go=archiv&cs_id=1830&cs_search= HTTP/1.1" 200 7887 "-" "Mozilla/5.0 (compatible; Googlebot/2.1; +http://www.google.com/bot.html)"
66.249.71.6 - - [02/Nov/2012:03:46:41 +0100] "GET /news.php?cs_go=archiv&cs_id=1743&cs_search= HTTP/1.1" 200 7887 "-" "Mozilla/5.0 (compatible; Googlebot/2.1; +http://www.google.com/bot.html)"
66.249.71.6 - - [02/Nov/2012:03:50:10 +0100] "GET /news.php?cs_go=archiv&cs_id=1822&cs_search= HTTP/1.1" 200 7887 "-" "Mozilla/5.0 (compatible; Googlebot/2.1; +http://www.google.com/bot.html)"
66.249.71.6 - - [02/Nov/2012:03:53:40 +0100] "GET /news.php?cs_go=archiv&cs_id=1672&cs_search= HTTP/1.1" 200 7887 "-" "Mozilla/5.0 (compatible; Googlebot/2.1; +http://www.google.com/bot.html)"
83.69.26.89 - - [02/Nov/2012:03:54:53 +0100] "GET /news.php?cs_go=archiv&cs_id=3628&cs_search= HTTP/1.1" 200 10018 "-" "Mozilla/5.0 (compatible; 008/0.83; http://www.80legs.com/webcrawler.html) Gecko/2008032620"
83.69.26.89 - - [02/Nov/2012:03:54:56 +0100] "GET /news.php?cs_go=archiv&cs_startpos=50 HTTP/1.1" 200 22705 "-" "Mozilla/5.0 (compatible; 008/0.83; http://www.80legs.com/webcrawler.html) Gecko/2008032620"
210.195.238.115 - - [02/Nov/2012:03:55:30 +0100] "GET /news.php?cs_go=archiv&cs_id=3628&cs_search= HTTP/1.1" 200 10018 "-" "Mozilla/5.0 (compatible; 008/0.83; http://www.80legs.com/webcrawler.html) Gecko/2008032620"
210.195.238.115 - - [02/Nov/2012:03:55:36 +0100] "GET /news.php?cs_go=archiv&cs_startpos=50 HTTP/1.1" 200 22705 "-" "Mozilla/5.0 (compatible; 008/0.83; http://www.80legs.com/webcrawler.html) Gecko/2008032620"
66.249.71.6 - - [02/Nov/2012:03:57:10 +0100] "GET /news.php?cs_go=archiv&cs_id=1675&cs_search= HTTP/1.1" 200 7887 "-" "Mozilla/5.0 (compatible; Googlebot/2.1; +http://www.google.com/bot.html)"
66.249.71.6 - - [02/Nov/2012:03:57:11 +0100] "GET /news.php?cs_go=archiv&cs_id=722&cs_search= HTTP/1.1" 200 7887 "-" "Mozilla/5.0 (compatible; Googlebot/2.1; +http://www.google.com/bot.html)"
66.249.71.6 - - [02/Nov/2012:03:58:21 +0100] "GET /news.php?cs_go=archiv&cs_id=1740&cs_search= HTTP/1.1" 200 7887 "-" "Mozilla/5.0 (compatible; Googlebot/2.1; +http://www.google.com/bot.html)"
66.249.71.6 - - [02/Nov/2012:04:00:42 +0100] "GET /news.php?cs_go=archiv&cs_id=1681&cs_search= HTTP/1.1" 200 7887 "-" "Mozilla/5.0 (compatible; Googlebot/2.1; +http://www.google.com/bot.html)"
66.249.71.6 - - [02/Nov/2012:04:03:02 +0100] "GET /news.php?cs_go=archiv&cs_id=1751&cs_search= HTTP/1.1" 200 7887 "-" "Mozilla/5.0 (compatible; Googlebot/2.1; +http://www.google.com/bot.html)"
71.72.22.167 - - [02/Nov/2012:04:05:22 +0100] "GET /news.php?cs_go=archiv&cs_id=3606&cs_search= HTTP/1.1" 200 11890 "-" "Mozilla/5.0 (compatible; 008/0.83; http://www.80legs.com/webcrawler.html) Gecko/2008032620"
66.249.71.6 - - [02/Nov/2012:04:05:22 +0100] "GET /news.php?cs_go=archiv&cs_id=1752&cs_search= HTTP/1.1" 200 7887 "-" "Mozilla/5.0 (compatible; Googlebot/2.1; +http://www.google.com/bot.html)"
37.112.236.122 - - [02/Nov/2012:04:06:47 +0100] "GET /news.php?cs_go=archiv&cs_startpos=0 HTTP/1.1" 200 21937 "-" "Mozilla/5.0 (compatible; 008/0.83; http://www.80legs.com/webcrawler.html) Gecko/2008032620"
66.249.71.6 - - [02/Nov/2012:04:07:37 +0100] "GET /news.php?cs_go=archiv&cs_id=383&cs_search= HTTP/1.1" 200 7887 "-" "Mozilla/5.0 (compatible; Googlebot/2.1; +http://www.google.com/bot.html)"
66.249.71.6 - - [02/Nov/2012:04:07:43 +0100] "GET /news.php?cs_go=archiv&cs_id=1746&cs_search= HTTP/1.1" 200 7887 "-" "Mozilla/5.0 (compatible; Googlebot/2.1; +http://www.google.com/bot.html)"
87.117.190.107 - - [02/Nov/2012:04:09:05 +0100] "GET /../jobs.php HTTP/1.1" 404 - "-" "Mozilla/5.0 (compatible; 008/0.83; http://www.80legs.com/webcrawler.html) Gecko/2008032620"
87.117.190.107 - - [02/Nov/2012:04:09:08 +0100] "GET /news.php?cs_go=archiv&cs_id=3606&cs_search= HTTP/1.1" 200 11890 "-" "Mozilla/5.0 (compatible; 008/0.83; http://www.80legs.com/webcrawler.html) Gecko/2008032620"
66.249.71.6 - - [02/Nov/2012:04:09:21 +0100] "GET /news.php?cs_go=archiv&cs_id=3569 HTTP/1.1" 200 7887 "-" "Mozilla/5.0 (compatible; Googlebot/2.1; +http://www.google.com/bot.html)"
5.164.49.88 - - [02/Nov/2012:04:09:56 +0100] "GET /news.php?cs_go=archiv&cs_id=3606&cs_search= HTTP/1.1" 200 11890 "-" "Mozilla/5.0 (compatible; 008/0.83; http://www.80legs.com/webcrawler.html) Gecko/2008032620"
66.249.71.6 - - [02/Nov/2012:04:10:04 +0100] "GET /news.php?cs_go=archiv&cs_id=1650&cs_search= HTTP/1.1" 200 7887 "-" "Mozilla/5.0 (compatible; Googlebot/2.1; +http://www.google.com/bot.html)"
87.117.190.107 - - [02/Nov/2012:04:10:15 +0100] "GET /../jobs.php HTTP/1.1" 404 - "-" "Mozilla/5.0 (compatible; 008/0.83; http://www.80legs.com/webcrawler.html) Gecko/2008032620"
87.117.190.107 - - [02/Nov/2012:04:10:18 +0100] "GET /news.php?cs_go=archiv&cs_id=3606&cs_search= HTTP/1.1" 200 11890 "-" "Mozilla/5.0 (compatible; 008/0.83; http://www.80legs.com/webcrawler.html) Gecko/2008032620"
109.169.162.42 - - [02/Nov/2012:04:11:56 +0100] "GET /news.php?cs_go=archiv&cs_id=3624&cs_search= HTTP/1.1" 200 10078 "-" "Mozilla/5.0 (compatible; 008/0.83; http://www.80legs.com/webcrawler.html) Gecko/2008032620"
66.249.71.6 - - [02/Nov/2012:04:12:25 +0100] "GET /news.php?cs_go=archiv&cs_id=1664&cs_search= HTTP/1.1" 200 7887 "-" "Mozilla/5.0 (compatible; Googlebot/2.1; +http://www.google.com/bot.html)"
66.249.71.6 - - [02/Nov/2012:04:14:45 +0100] "GET /news.php?cs_go=archiv&cs_id=1667&cs_search= HTTP/1.1" 200 7887 "-" "Mozilla/5.0 (compatible; Googlebot/2.1; +http://www.google.com/bot.html)"
188.239.1.161 - - [02/Nov/2012:04:15:14 +0100] "GET /news.php?cs_go=archiv&cs_id=3599&cs_search= HTTP/1.1" 200 11651 "-" "Mozilla/5.0 (compatible; 008/0.83; http://www.80legs.com/webcrawler.html) Gecko/2008032620"
178.45.88.183 - - [02/Nov/2012:04:16:17 +0100] "GET /kwk.php?cs_go=3 HTTP/1.1" 200 10285 "-" "Mozilla/5.0 (compatible; 008/0.83; http://www.80legs.com/webcrawler.html) Gecko/2008032620"
195.230.103.1 - - [02/Nov/2012:04:17:11 +0100] "GET /news.php?cs_go=archiv&cs_id=3629&cs_search= HTTP/1.1" 200 13330 "-" "Mozilla/5.0 (compatible; 008/0.83; http://www.80legs.com/webcrawler.html) Gecko/2008032620"
195.230.103.1 - - [02/Nov/2012:04:17:13 +0100] "GET /news.php?cs_go=archiv&cs_startpos=0 HTTP/1.1" 200 21937 "-" "Mozilla/5.0 (compatible; 008/0.83; http://www.80legs.com/webcrawler.html) Gecko/2008032620"
188.52.147.64 - - [02/Nov/2012:04:17:20 +0100] "GET /news.php?cs_go=archiv&cs_id=3599&cs_search= HTTP/1.1" 200 11651 "-" "Mozilla/5.0 (compatible; 008/0.83; http://www.80legs.com/webcrawler.html) Gecko/2008032620"
109.169.162.42 - - [02/Nov/2012:04:18:06 +0100] "GET /kwk.php?cs_go=3 HTTP/1.1" 200 10285 "-" "Mozilla/5.0 (compatible; 008/0.83; http://www.80legs.com/webcrawler.html) Gecko/2008032620"
109.169.162.42 - - [02/Nov/2012:04:18:10 +0100] "GET /news.php?cs_go=archiv&cs_startpos=40 HTTP/1.1" 200 22932 "-" "Mozilla/5.0 (compatible; 008/0.83; http://www.80legs.com/webcrawler.html) Gecko/2008032620"
71.72.22.167 - - [02/Nov/2012:04:18:13 +0100] "GET /kwk.php?cs_go=2 HTTP/1.1" 200 11855 "-" "Mozilla/5.0 (compatible; 008/0.83; http://www.80legs.com/webcrawler.html) Gecko/2008032620"
93.94.178.235 - - [02/Nov/2012:04:18:34 +0100] "GET /kwk.php?cs_go=3 HTTP/1.1" 200 10285 "-" "Mozilla/5.0 (compatible; 008/0.83; http://www.80legs.com/webcrawler.html) Gecko/2008032620"
93.94.178.235 - - [02/Nov/2012:04:18:38 +0100] "GET /news.php?cs_go=archiv&cs_startpos=40 HTTP/1.1" 200 22932 "-" "Mozilla/5.0 (compatible; 008/0.83; http://www.80legs.com/webcrawler.html) Gecko/2008032620"
71.72.22.167 - - [02/Nov/2012:04:18:43 +0100] "GET /kwk.php?cs_go=2 HTTP/1.1" 200 11855 "-" "Mozilla/5.0 (compatible; 008/0.83; http://www.80legs.com/webcrawler.html) Gecko/2008032620"
66.249.71.6 - - [02/Nov/2012:04:19:27 +0100] "GET /news.php?cs_go=archiv&cs_id=1669&cs_search= HTTP/1.1" 200 7887 "-" "Mozilla/5.0 (compatible; Googlebot/2.1; +http://www.google.com/bot.html)"
109.169.162.42 - - [02/Nov/2012:04:20:49 +0100] "GET /kwk.php?cs_go=4 HTTP/1.1" 200 10255 "-" "Mozilla/5.0 (compatible; 008/0.83; http://www.80legs.com/webcrawler.html) Gecko/2008032620"
93.94.178.239 - - [02/Nov/2012:04:21:14 +0100] "GET /kwk.php?cs_go=4 HTTP/1.1" 200 10255 "-" "Mozilla/5.0 (compatible; 008/0.83; http://www.80legs.com/webcrawler.html) Gecko/2008032620"
93.94.178.239 - - [02/Nov/2012:04:21:30 +0100] "GET /energiesparcheck.php HTTP/1.1" 200 13581 "-" "Mozilla/5.0 (compatible; 008/0.83; http://www.80legs.com/webcrawler.html) Gecko/2008032620"
66.249.71.6 - - [02/Nov/2012:04:21:48 +0100] "GET /news.php?cs_go=archiv&cs_id=1668&cs_search= HTTP/1.1" 200 7887 "-" "Mozilla/5.0 (compatible; Googlebot/2.1; +http://www.google.com/bot.html)"
59.103.215.232 - - [02/Nov/2012:04:21:53 +0100] "GET /energiesparcheck.php HTTP/1.1" 200 13581 "-" "Mozilla/5.0 (compatible; 008/0.83; http://www.80legs.com/webcrawler.html) Gecko/2008032620"
31.163.64.153 - - [02/Nov/2012:04:22:08 +0100] "GET /news.php?cs_go=archiv&cs_id=3625&cs_search= HTTP/1.1" 200 14107 "-" "Mozilla/5.0 (compatible; 008/0.83; http://www.80legs.com/webcrawler.html) Gecko/2008032620"
87.117.190.107 - - [02/Nov/2012:04:22:15 +0100] "GET /news.php?cs_go=archiv&cs_id=3625&cs_search= HTTP/1.1" 200 14107 "-" "Mozilla/5.0 (compatible; 008/0.83; http://www.80legs.com/webcrawler.html) Gecko/2008032620"
175.145.133.2 - - [02/Nov/2012:04:22:24 +0100] "GET /news.php?cs_go=archiv&cs_id=3625&cs_search= HTTP/1.1" 200 14107 "-" "Mozilla/5.0 (compatible; 008/0.83; http://www.80legs.com/webcrawler.html) Gecko/2008032620"
186.106.20.125 - - [02/Nov/2012:04:22:35 +0100] "GET /news.php?cs_go=archiv&cs_id=3625&cs_search= HTTP/1.1" 200 14107 "-" "Mozilla/5.0 (compatible; 008/0.83; http://www.80legs.com/webcrawler.html) Gecko/2008032620"
178.206.113.209 - - [02/Nov/2012:04:22:37 +0100] "GET /news.php?cs_go=archiv&cs_id=3625&cs_search= HTTP/1.1" 200 14107 "-" "Mozilla/5.0 (compatible; 008/0.83; http://www.80legs.com/webcrawler.html) Gecko/2008032620"
83.69.22.129 - - [02/Nov/2012:04:22:44 +0100] "GET /news.php?cs_go=archiv&cs_id=3600&cs_search= HTTP/1.1" 200 13422 "-" "Mozilla/5.0 (compatible; 008/0.83; http://www.80legs.com/webcrawler.html) Gecko/2008032620"
66.249.71.6 - - [02/Nov/2012:04:24:08 +0100] "GET /news.php?cs_go=archiv&cs_id=1665&cs_search= HTTP/1.1" 200 7887 "-" "Mozilla/5.0 (compatible; Googlebot/2.1; +http://www.google.com/bot.html)"
64.125.222.50 - - [02/Nov/2012:04:24:38 +0100] "GET /robots.txt HTTP/1.1" 200 177 "-" "Mozilla/5.0 (compatible; 008/0.83; http://www.80legs.com/webcrawler.html;) Gecko/2008032620"
37.112.236.122 - - [02/Nov/2012:04:24:51 +0100] "GET /diesel.php HTTP/1.1" 200 10639 "-" "Mozilla/5.0 (compatible; 008/0.83; http://www.80legs.com/webcrawler.html) Gecko/2008032620"
46.181.158.231 - - [02/Nov/2012:04:24:53 +0100] "GET /diesel.php HTTP/1.1" 200 10639 "-" "Mozilla/5.0 (compatible; 008/0.83; http://www.80legs.com/webcrawler.html) Gecko/2008032620"
109.169.162.42 - - [02/Nov/2012:04:24:56 +0100] "GET /diesel.php HTTP/1.1" 200 10639 "-" "Mozilla/5.0 (compatible; 008/0.83; http://www.80legs.com/webcrawler.html) Gecko/2008032620"
178.45.88.183 - - [02/Nov/2012:04:24:59 +0100] "GET /diesel.php HTTP/1.1" 200 10639 "-" "Mozilla/5.0 (compatible; 008/0.83; http://www.80legs.com/webcrawler.html) Gecko/2008032620"
93.94.178.239 - - [02/Nov/2012:04:25:07 +0100] "GET /diesel.php HTTP/1.1" 200 10639 "-" "Mozilla/5.0 (compatible; 008/0.83; http://www.80legs.com/webcrawler.html) Gecko/2008032620"
195.230.103.1 - - [02/Nov/2012:04:25:16 +0100] "GET /diesel.php HTTP/1.1" 200 10639 "-" "Mozilla/5.0 (compatible; 008/0.83; http://www.80legs.com/webcrawler.html) Gecko/2008032620"
66.249.71.6 - - [02/Nov/2012:04:26:29 +0100] "GET /news.php?cs_go=archiv&cs_id=1636&cs_search= HTTP/1.1" 200 7887 "-" "Mozilla/5.0 (compatible; Googlebot/2.1; +http://www.google.com/bot.html)"
109.229.138.71 - - [02/Nov/2012:04:28:05 +0100] "GET /modernisierung.php HTTP/1.1" 200 11578 "-" "Mozilla/5.0 (compatible; 008/0.83; http://www.80legs.com/webcrawler.html) Gecko/2008032620"
92.32.196.23 - - [02/Nov/2012:04:28:20 +0100] "GET /modernisierung.php HTTP/1.1" 200 11578 "-" "Mozilla/5.0 (compatible; 008/0.83; http://www.80legs.com/webcrawler.html) Gecko/2008032620"
62.5.229.70 - - [02/Nov/2012:04:28:26 +0100] "GET /modernisierung.php HTTP/1.1" 200 11578 "-" "Mozilla/5.0 (compatible; 008/0.83; http://www.80legs.com/webcrawler.html) Gecko/2008032620"
87.117.190.107 - - [02/Nov/2012:04:28:37 +0100] "GET /modernisierung.php HTTP/1.1" 200 11578 "-" "Mozilla/5.0 (compatible; 008/0.83; http://www.80legs.com/webcrawler.html) Gecko/2008032620"
5.164.49.88 - - [02/Nov/2012:04:30:19 +0100] "GET /additive.php HTTP/1.1" 200 8372 "-" "Mozilla/5.0 (compatible; 008/0.83; http://www.80legs.com/webcrawler.html) Gecko/2008032620"
175.145.133.2 - - [02/Nov/2012:04:30:25 +0100] "GET /lexikon.php HTTP/1.1" 200 10523 "-" "Mozilla/5.0 (compatible; 008/0.83; http://www.80legs.com/webcrawler.html) Gecko/2008032620"
175.145.133.2 - - [02/Nov/2012:04:30:31 +0100] "GET /news.php?cs_go=archiv&cs_startpos=10 HTTP/1.1" 200 22330 "-" "Mozilla/5.0 (compatible; 008/0.83; http://www.80legs.com/webcrawler.html) Gecko/2008032620"
210.195.238.115 - - [02/Nov/2012:04:30:47 +0100] "GET /additive.php HTTP/1.1" 200 8372 "-" "Mozilla/5.0 (compatible; 008/0.83; http://www.80legs.com/webcrawler.html) Gecko/2008032620"
92.50.161.149 - - [02/Nov/2012:04:30:48 +0100] "GET /lexikon.php HTTP/1.1" 200 10523 "-" "Mozilla/5.0 (compatible; 008/0.83; http://www.80legs.com/webcrawler.html) Gecko/2008032620"
92.50.161.149 - - [02/Nov/2012:04:30:51 +0100] "GET /news.php?cs_go=archiv&cs_startpos=10 HTTP/1.1" 200 22330 "-" "Mozilla/5.0 (compatible; 008/0.83; http://www.80legs.com/webcrawler.html) Gecko/2008032620"
66.249.71.6 - - [02/Nov/2012:04:31:10 +0100] "GET /news.php?cs_go=archiv&cs_id=1775&cs_search= HTTP/1.1" 200 7887 "-" "Mozilla/5.0 (compatible; Googlebot/2.1; +http://www.google.com/bot.html)"
91.219.166.130 - - [02/Nov/2012:04:31:51 +0100] "GET /news.php?cs_go=archiv&cs_id=3600&cs_search= HTTP/1.1" 200 13422 "-" "Mozilla/5.0 (compatible; 008/0.83; http://www.80legs.com/webcrawler.html) Gecko/2008032620"
91.219.166.130 - - [02/Nov/2012:04:32:17 +0100] "GET /news.php?cs_go=archiv&cs_id=3629&cs_search= HTTP/1.1" 200 13330 "-" "Mozilla/5.0 (compatible; 008/0.83; http://www.80legs.com/webcrawler.html) Gecko/2008032620"
91.219.166.130 - - [02/Nov/2012:04:32:19 +0100] "GET /news.php?cs_go=archiv&cs_startpos=0 HTTP/1.1" 200 21937 "-" "Mozilla/5.0 (compatible; 008/0.83; http://www.80legs.com/webcrawler.html) Gecko/2008032620"
66.249.71.6 - - [02/Nov/2012:04:33:31 +0100] "GET /news.php?cs_go=archiv&cs_id=1638&cs_search= HTTP/1.1" 200 7887 "-" "Mozilla/5.0 (compatible; Googlebot/2.1; +http://www.google.com/bot.html)"
91.192.219.145 - - [02/Nov/2012:04:34:40 +0100] "GET /.php HTTP/1.1" 404 - "-" "Mozilla/5.0 (compatible; 008/0.83; http://www.80legs.com/webcrawler.html) Gecko/2008032620"
77.40.100.25 - - [02/Nov/2012:04:34:58 +0100] "GET /.php HTTP/1.1" 404 - "-" "Mozilla/5.0 (compatible; 008/0.83; http://www.80legs.com/webcrawler.html) Gecko/2008032620"
95.134.246.111 - - [02/Nov/2012:04:35:06 +0100] "GET /news.php?cs_go=archiv&cs_id=3631&cs_search= HTTP/1.1" 200 9927 "-" "Mozilla/5.0 (compatible; 008/0.83; http://www.80legs.com/webcrawler.html) Gecko/2008032620"
83.69.26.89 - - [02/Nov/2012:04:35:20 +0100] "GET /news.php?cs_go=archiv&cs_id=3631&cs_search= HTTP/1.1" 200 9927 "-" "Mozilla/5.0 (compatible; 008/0.83; http://www.80legs.com/webcrawler.html) Gecko/2008032620"
93.94.178.235 - - [02/Nov/2012:04:35:30 +0100] "GET /faq.php HTTP/1.1" 200 185803 "-" "Mozilla/5.0 (compatible; 008/0.83; http://www.80legs.com/webcrawler.html) Gecko/2008032620"
93.94.178.239 - - [02/Nov/2012:04:35:36 +0100] "GET /news.php?cs_go=archiv&cs_id=3578&cs_search= HTTP/1.1" 200 11462 "-" "Mozilla/5.0 (compatible; 008/0.83; http://www.80legs.com/webcrawler.html) Gecko/2008032620"
59.103.215.232 - - [02/Nov/2012:04:35:43 +0100] "GET /faq.php HTTP/1.1" 200 185803 "-" "Mozilla/5.0 (compatible; 008/0.83; http://www.80legs.com/webcrawler.html) Gecko/2008032620"
59.103.215.232 - - [02/Nov/2012:04:35:52 +0100] "GET /news.php?cs_go=archiv&cs_id=3578&cs_search= HTTP/1.1" 200 11462 "-" "Mozilla/5.0 (compatible; 008/0.83; http://www.80legs.com/webcrawler.html) Gecko/2008032620"
175.145.133.2 - - [02/Nov/2012:04:39:26 +0100] "GET /news.php?cs_go=archiv&cs_id=3633&cs_search= HTTP/1.1" 200 13307 "-" "Mozilla/5.0 (compatible; 008/0.83; http://www.80legs.com/webcrawler.html) Gecko/2008032620"
175.145.133.2 - - [02/Nov/2012:04:41:30 +0100] "GET /kwk.php?cs_go=1 HTTP/1.1" 200 10884 "-" "Mozilla/5.0 (compatible; 008/0.83; http://www.80legs.com/webcrawler.html) Gecko/2008032620"
93.94.178.235 - - [02/Nov/2012:04:42:39 +0100] "GET /news.php?cs_go=archiv&cs_startpos=30 HTTP/1.1" 200 22643 "-" "Mozilla/5.0 (compatible; 008/0.83; http://www.80legs.com/webcrawler.html) Gecko/2008032620"
98.127.18.184 - - [02/Nov/2012:04:42:43 +0100] "GET /news.php?cs_go=archiv&cs_startpos=30 HTTP/1.1" 200 22643 "-" "Mozilla/5.0 (compatible; 008/0.83; http://www.80legs.com/webcrawler.html) Gecko/2008032620"
46.39.35.194 - - [02/Nov/2012:04:42:45 +0100] "GET /news.php?cs_go=archiv&cs_startpos=30 HTTP/1.1" 200 22643 "-" "Mozilla/5.0 (compatible; 008/0.83; http://www.80legs.com/webcrawler.html) Gecko/2008032620"
46.37.151.134 - - [02/Nov/2012:04:42:50 +0100] "GET /news.php?cs_go=archiv&cs_startpos=30 HTTP/1.1" 200 22643 "-" "Mozilla/5.0 (compatible; 008/0.83; http://www.80legs.com/webcrawler.html) Gecko/2008032620"
66.249.71.6 - - [02/Nov/2012:04:42:53 +0100] "GET /news.php?cs_go=archiv&cs_id=1654&cs_search= HTTP/1.1" 200 7887 "-" "Mozilla/5.0 (compatible; Googlebot/2.1; +http://www.google.com/bot.html)"
85.249.146.7 - - [02/Nov/2012:04:42:53 +0100] "GET /news.php?cs_go=archiv&cs_startpos=30 HTTP/1.1" 200 22643 "-" "Mozilla/5.0 (compatible; 008/0.83; http://www.80legs.com/webcrawler.html) Gecko/2008032620"
66.249.71.6 - - [02/Nov/2012:04:45:14 +0100] "GET /news.php?cs_go=archiv&cs_id=1663&cs_search= HTTP/1.1" 200 7887 "-" "Mozilla/5.0 (compatible; Googlebot/2.1; +http://www.google.com/bot.html)"
37.112.4.2 - - [02/Nov/2012:04:46:55 +0100] "GET /edl.php HTTP/1.1" 200 10801 "-" "Mozilla/5.0 (compatible; 008/0.83; http://www.80legs.com/webcrawler.html) Gecko/2008032620"
46.72.226.196 - - [02/Nov/2012:04:48:24 +0100] "GET /news.php?cs_go=archiv&cs_startpos=690 HTTP/1.1" 200 18227 "-" "Mozilla/5.0 (compatible; 008/0.83; http://www.80legs.com/webcrawler.html) Gecko/2008032620"
84.253.108.116 - - [02/Nov/2012:04:48:28 +0100] "GET /news.php?cs_go=archiv&cs_startpos=690 HTTP/1.1" 200 18227 "-" "Mozilla/5.0 (compatible; 008/0.83; http://www.80legs.com/webcrawler.html) Gecko/2008032620"
89.112.99.186 - - [02/Nov/2012:04:48:29 +0100] "GET /news.php?cs_go=archiv&cs_startpos=690 HTTP/1.1" 200 18227 "-" "Mozilla/5.0 (compatible; 008/0.83; http://www.80legs.com/webcrawler.html) Gecko/2008032620"
178.45.88.183 - - [02/Nov/2012:04:48:34 +0100] "GET /news.php?cs_go=archiv&cs_startpos=690 HTTP/1.1" 200 18227 "-" "Mozilla/5.0 (compatible; 008/0.83; http://www.80legs.com/webcrawler.html) Gecko/2008032620"
94.25.229.41 - - [02/Nov/2012:04:48:41 +0100] "GET /news.php?cs_go=archiv&cs_startpos=690 HTTP/1.1" 200 18227 "-" "Mozilla/5.0 (compatible; 008/0.83; http://www.80legs.com/webcrawler.html) Gecko/2008032620"
83.149.21.50 - - [02/Nov/2012:04:51:16 +0100] "GET /news.php?cs_go=archiv&cs_startpos=20 HTTP/1.1" 200 22523 "-" "Mozilla/5.0 (compatible; 008/0.83; http://www.80legs.com/webcrawler.html) Gecko/2008032620"
66.249.71.6 - - [02/Nov/2012:04:52:14 +0100] "GET /news.php?cs_go=archiv&cs_id=1820&cs_search= HTTP/1.1" 200 7887 "-" "Mozilla/5.0 (compatible; Googlebot/2.1; +http://www.google.com/bot.html)"
217.150.47.193 - - [02/Nov/2012:04:53:33 +0100] "GET /foerdermittel.php HTTP/1.1" 200 12908 "-" "Mozilla/5.0 (compatible; 008/0.83; http://www.80legs.com/webcrawler.html) Gecko/2008032620"
66.249.71.6 - - [02/Nov/2012:04:54:34 +0100] "GET /news.php?cs_go=archiv&cs_id=2483&cs_search= HTTP/1.1" 200 7887 "-" "Mozilla/5.0 (compatible; Googlebot/2.1; +http://www.google.com/bot.html)"
117.235.222.161 - - [02/Nov/2012:05:02:25 +0100] "GET /additive.php HTTP/1.1" 200 8372 "-" "Mozilla/5.0 (compatible; 008/0.83; http://www.80legs.com/webcrawler.html) Gecko/2008032620"
117.235.222.161 - - [02/Nov/2012:05:02:35 +0100] "GET /news.php?cs_go=archiv&cs_id=3629&cs_search= HTTP/1.1" 200 13330 "-" "Mozilla/5.0 (compatible; 008/0.83; http://www.80legs.com/webcrawler.html) Gecko/2008032620"
117.235.222.161 - - [02/Nov/2012:05:02:39 +0100] "GET /additive.php HTTP/1.1" 200 8372 "-" "Mozilla/5.0 (compatible; 008/0.83; http://www.80legs.com/webcrawler.html) Gecko/2008032620"
117.235.222.161 - - [02/Nov/2012:05:02:49 +0100] "GET /news.php?cs_go=archiv&cs_id=3629&cs_search= HTTP/1.1" 200 13330 "-" "Mozilla/5.0 (compatible; 008/0.83; http://www.80legs.com/webcrawler.html) Gecko/2008032620"
93.94.178.235 - - [02/Nov/2012:05:03:48 +0100] "GET /additive.php HTTP/1.1" 200 8372 "-" "Mozilla/5.0 (compatible; 008/0.83; http://www.80legs.com/webcrawler.html) Gecko/2008032620"
