93.210.104.191 - - [04/Nov/2012:21:17:30 +0100] "GET /standard.php HTTP/1.1" 200 9131 "http://www.mink-gmbh.de/" "Mozilla/5.0 (compatible; MSIE 9.0; Windows NT 6.0; Trident/5.0)"
93.210.104.191 - - [04/Nov/2012:21:17:31 +0100] "GET / HTTP/1.1" 200 14585 "http://www.google.de/url?sa=t&rct=j&q=mink%20heiz%C3%B6l&source=web&cd=1&sqi=2&ved=0CCEQFjAA&url=http%3A%2F%2Fwww.mink-gmbh.de%2F&ei=o8yWUICbAYTPsgajx4C4BA&usg=AFQjCNFHX4Iglls9oo-KYXTmDUV_5KOVIg" "Mozilla/5.0 (compatible; MSIE 9.0; Windows NT 6.0; Trident/5.0)"
66.249.74.49 - - [04/Nov/2012:21:17:43 +0100] "GET /news.php?cs_go=archiv&cs_id=2488&cs_search= HTTP/1.1" 200 7887 "-" "Mozilla/5.0 (compatible; Googlebot/2.1; +http://www.google.com/bot.html)"
66.249.74.49 - - [04/Nov/2012:21:18:26 +0100] "GET /news.php?cs_go=archiv&cs_id=2550&cs_search= HTTP/1.1" 200 7887 "-" "Mozilla/5.0 (compatible; Googlebot/2.1; +http://www.google.com/bot.html)"
66.249.74.49 - - [04/Nov/2012:21:19:06 +0100] "GET /www.solartechnikberater.de HTTP/1.1" 404 - "-" "Mozilla/5.0 (compatible; Googlebot/2.1; +http://www.google.com/bot.html)"
66.249.74.49 - - [04/Nov/2012:21:19:08 +0100] "GET /news.php?cs_go=archiv&cs_id=2691 HTTP/1.1" 200 7887 "-" "Mozilla/5.0 (compatible; Googlebot/2.1; +http://www.google.com/bot.html)"
66.249.74.49 - - [04/Nov/2012:21:19:51 +0100] "GET /news.php?cs_go=archiv&cs_id=2537&cs_search= HTTP/1.1" 200 7887 "-" "Mozilla/5.0 (compatible; Googlebot/2.1; +http://www.google.com/bot.html)"
66.249.74.49 - - [04/Nov/2012:21:20:23 +0100] "GET /news.php?cs_go=archiv&cs_id=2243&cs_search= HTTP/1.1" 200 7887 "-" "Mozilla/5.0 (compatible; Googlebot/2.1; +http://www.google.com/bot.html)"
66.249.74.49 - - [04/Nov/2012:21:20:33 +0100] "GET /news.php?cs_go=archiv&cs_id=2589 HTTP/1.1" 200 7887 "-" "Mozilla/5.0 (compatible; Googlebot/2.1; +http://www.google.com/bot.html)"
66.249.74.49 - - [04/Nov/2012:21:21:16 +0100] "GET /news.php?cs_go=archiv&cs_id=2306&cs_search= HTTP/1.1" 200 7887 "-" "Mozilla/5.0 (compatible; Googlebot/2.1; +http://www.google.com/bot.html)"
66.249.74.49 - - [04/Nov/2012:21:21:59 +0100] "GET /news.php?cs_go=archiv&cs_id=2280&cs_search= HTTP/1.1" 200 7887 "-" "Mozilla/5.0 (compatible; Googlebot/2.1; +http://www.google.com/bot.html)"
66.249.74.49 - - [04/Nov/2012:21:22:41 +0100] "GET /news.php?cs_go=archiv&cs_id=2288&cs_search= HTTP/1.1" 200 7887 "-" "Mozilla/5.0 (compatible; Googlebot/2.1; +http://www.google.com/bot.html)"
66.249.74.49 - - [04/Nov/2012:21:23:24 +0100] "GET /news.php?cs_go=archiv&cs_id=2313&cs_search= HTTP/1.1" 200 7887 "-" "Mozilla/5.0 (compatible; Googlebot/2.1; +http://www.google.com/bot.html)"
66.249.74.49 - - [04/Nov/2012:21:24:06 +0100] "GET /news.php?cs_go=archiv&cs_id=2002&cs_search= HTTP/1.1" 200 7887 "-" "Mozilla/5.0 (compatible; Googlebot/2.1; +http://www.google.com/bot.html)"
5.9.25.81 - - [04/Nov/2012:21:24:19 +0100] "GET /robots.txt HTTP/1.1" 200 177 "-" "Pixray-Seeker/2.0 (Pixray-Seeker; +http://www.pixray.com/pixraybot; +crawler@pixray.com)"
5.9.25.81 - - [04/Nov/2012:21:24:19 +0100] "GET /news.php?cs_go=archiv&cs_startpos=420 HTTP/1.1" 200 22874 "-" "Pixray-Seeker/2.0 (Pixray-Seeker; +http://www.pixray.com/pixraybot; +crawler@pixray.com)"
66.249.74.49 - - [04/Nov/2012:21:24:49 +0100] "GET /news.php?cs_go=archiv&cs_id=2093&cs_search= HTTP/1.1" 200 7887 "-" "Mozilla/5.0 (compatible; Googlebot/2.1; +http://www.google.com/bot.html)"
66.249.74.49 - - [04/Nov/2012:21:26:14 +0100] "GET /news.php?cs_go=archiv&cs_id=2116&cs_search= HTTP/1.1" 200 7887 "-" "Mozilla/5.0 (compatible; Googlebot/2.1; +http://www.google.com/bot.html)"
66.249.74.49 - - [04/Nov/2012:21:27:39 +0100] "GET /news.php?cs_go=archiv&cs_id=2176&cs_search= HTTP/1.1" 200 7887 "-" "Mozilla/5.0 (compatible; Googlebot/2.1; +http://www.google.com/bot.html)"
66.249.74.49 - - [04/Nov/2012:21:29:04 +0100] "GET /news.php?cs_go=archiv&cs_id=2101&cs_search= HTTP/1.1" 200 7887 "-" "Mozilla/5.0 (compatible; Googlebot/2.1; +http://www.google.com/bot.html)"
5.9.25.82 - - [04/Nov/2012:21:29:06 +0100] "GET /robots.txt HTTP/1.1" 200 177 "-" "Pixray-Seeker/2.0 (Pixray-Seeker; +http://www.pixray.com/pixraybot; +crawler@pixray.com)"
5.9.25.82 - - [04/Nov/2012:21:29:06 +0100] "GET /news.php?cs_go=archiv&cs_id=1670&cs_search= HTTP/1.1" 200 7887 "-" "Pixray-Seeker/2.0 (Pixray-Seeker; +http://www.pixray.com/pixraybot; +crawler@pixray.com)"
66.249.74.49 - - [04/Nov/2012:21:30:29 +0100] "GET /rueckrufservice.php HTTP/1.1" 200 10770 "-" "Mozilla/5.0 (compatible; Googlebot/2.1; +http://www.google.com/bot.html)"
66.249.74.49 - - [04/Nov/2012:21:31:11 +0100] "GET /optiplus.php HTTP/1.1" 200 11100 "-" "Mozilla/5.0 (compatible; Googlebot/2.1; +http://www.google.com/bot.html)"
5.9.25.69 - - [04/Nov/2012:21:31:18 +0100] "GET /robots.txt HTTP/1.1" 200 177 "-" "Pixray-Seeker/2.0 (Pixray-Seeker; +http://www.pixray.com/pixraybot; +crawler@pixray.com)"
5.9.25.69 - - [04/Nov/2012:21:31:18 +0100] "GET /news.php?cs_go=archiv&cs_id=2501&cs_search= HTTP/1.1" 200 7887 "-" "Pixray-Seeker/2.0 (Pixray-Seeker; +http://www.pixray.com/pixraybot; +crawler@pixray.com)"
66.249.74.49 - - [04/Nov/2012:21:31:54 +0100] "GET /news.php?cs_go=archiv&cs_id=2165&cs_search= HTTP/1.1" 200 7887 "-" "Mozilla/5.0 (compatible; Googlebot/2.1; +http://www.google.com/bot.html)"
66.249.74.49 - - [04/Nov/2012:21:32:36 +0100] "GET /news.php?cs_go=archiv&cs_id=2128&cs_search= HTTP/1.1" 200 7887 "-" "Mozilla/5.0 (compatible; Googlebot/2.1; +http://www.google.com/bot.html)"
66.249.74.49 - - [04/Nov/2012:21:33:19 +0100] "GET /news.php?cs_go=archiv&cs_id=1997&cs_search= HTTP/1.1" 200 7887 "-" "Mozilla/5.0 (compatible; Googlebot/2.1; +http://www.google.com/bot.html)"
66.249.74.49 - - [04/Nov/2012:21:34:01 +0100] "GET /news.php?cs_go=archiv&cs_id=2649 HTTP/1.1" 200 7887 "-" "Mozilla/5.0 (compatible; Googlebot/2.1; +http://www.google.com/bot.html)"
66.249.74.49 - - [04/Nov/2012:21:34:44 +0100] "GET /news.php?cs_go=archiv&cs_id=560&cs_search= HTTP/1.1" 200 7887 "-" "Mozilla/5.0 (compatible; Googlebot/2.1; +http://www.google.com/bot.html)"
66.249.74.49 - - [04/Nov/2012:21:35:26 +0100] "GET /news.php?cs_go=archiv&cs_id=44&cs_search= HTTP/1.1" 200 7887 "-" "Mozilla/5.0 (compatible; Googlebot/2.1; +http://www.google.com/bot.html)"
66.249.74.49 - - [04/Nov/2012:21:36:08 +0100] "GET /news.php?cs_go=archiv&cs_id=88&cs_search= HTTP/1.1" 200 7887 "-" "Mozilla/5.0 (compatible; Googlebot/2.1; +http://www.google.com/bot.html)"
66.249.74.49 - - [04/Nov/2012:21:38:16 +0100] "GET /news.php?cs_go=archiv&cs_id=608&cs_search= HTTP/1.1" 200 7887 "-" "Mozilla/5.0 (compatible; Googlebot/2.1; +http://www.google.com/bot.html)"
66.249.74.49 - - [04/Nov/2012:21:38:58 +0100] "GET /news.php?cs_go=archiv&cs_id=1428&cs_search= HTTP/1.1" 200 7887 "-" "Mozilla/5.0 (compatible; Googlebot/2.1; +http://www.google.com/bot.html)"
66.249.74.49 - - [04/Nov/2012:21:39:40 +0100] "GET /news.php?cs_go=archiv&cs_id=98&cs_search= HTTP/1.1" 200 7887 "-" "Mozilla/5.0 (compatible; Googlebot/2.1; +http://www.google.com/bot.html)"
66.249.74.49 - - [04/Nov/2012:21:41:05 +0100] "GET /news.php?cs_go=archiv&cs_id=1442&cs_search= HTTP/1.1" 200 7887 "-" "Mozilla/5.0 (compatible; Googlebot/2.1; +http://www.google.com/bot.html)"
5.9.25.69 - - [04/Nov/2012:21:41:26 +0100] "GET /robots.txt HTTP/1.1" 200 177 "-" "Pixray-Seeker/2.0 (Pixray-Seeker; +http://www.pixray.com/pixraybot; +crawler@pixray.com)"
5.9.25.69 - - [04/Nov/2012:21:41:26 +0100] "GET /news.php?cs_go=archiv&cs_id=2344&cs_search= HTTP/1.1" 200 7887 "-" "Pixray-Seeker/2.0 (Pixray-Seeker; +http://www.pixray.com/pixraybot; +crawler@pixray.com)"
66.249.74.49 - - [04/Nov/2012:21:43:54 +0100] "GET /news.php?cs_go=archiv&cs_id=517&cs_search= HTTP/1.1" 200 7887 "-" "Mozilla/5.0 (compatible; Googlebot/2.1; +http://www.google.com/bot.html)"
66.249.74.49 - - [04/Nov/2012:21:44:36 +0100] "GET /news.php?cs_go=archiv&cs_id=363&cs_search= HTTP/1.1" 200 7887 "-" "Mozilla/5.0 (compatible; Googlebot/2.1; +http://www.google.com/bot.html)"
66.249.74.49 - - [04/Nov/2012:21:45:18 +0100] "GET /news.php?cs_go=archiv&cs_id=773&cs_search= HTTP/1.1" 200 7887 "-" "Mozilla/5.0 (compatible; Googlebot/2.1; +http://www.google.com/bot.html)"
66.249.74.49 - - [04/Nov/2012:21:46:01 +0100] "GET /news.php?cs_go=archiv&cs_id=197&cs_search= HTTP/1.1" 200 7887 "-" "Mozilla/5.0 (compatible; Googlebot/2.1; +http://www.google.com/bot.html)"
66.249.74.49 - - [04/Nov/2012:21:46:43 +0100] "GET /news.php?cs_go=archiv&cs_id=168&cs_search= HTTP/1.1" 200 7887 "-" "Mozilla/5.0 (compatible; Googlebot/2.1; +http://www.google.com/bot.html)"
66.249.74.49 - - [04/Nov/2012:21:47:25 +0100] "GET /news.php?cs_go=archiv&cs_id=110&cs_search= HTTP/1.1" 200 7887 "-" "Mozilla/5.0 (compatible; Googlebot/2.1; +http://www.google.com/bot.html)"
66.249.74.49 - - [04/Nov/2012:21:48:08 +0100] "GET /news.php?cs_go=archiv&cs_id=248&cs_search= HTTP/1.1" 200 7887 "-" "Mozilla/5.0 (compatible; Googlebot/2.1; +http://www.google.com/bot.html)"
5.9.25.76 - - [04/Nov/2012:21:48:45 +0100] "GET /robots.txt HTTP/1.1" 200 177 "-" "Pixray-Seeker/2.0 (Pixray-Seeker; +http://www.pixray.com/pixraybot; +crawler@pixray.com)"
5.9.25.76 - - [04/Nov/2012:21:48:45 +0100] "GET /news.php?cs_go=archiv&cs_id=2472&cs_search= HTTP/1.1" 200 7887 "-" "Pixray-Seeker/2.0 (Pixray-Seeker; +http://www.pixray.com/pixraybot; +crawler@pixray.com)"
66.249.74.49 - - [04/Nov/2012:21:48:50 +0100] "GET /news.php?cs_go=archiv&cs_id=362&cs_search= HTTP/1.1" 200 7887 "-" "Mozilla/5.0 (compatible; Googlebot/2.1; +http://www.google.com/bot.html)"
66.249.74.49 - - [04/Nov/2012:21:49:32 +0100] "GET /news.php?cs_go=archiv&cs_id=1481&cs_search= HTTP/1.1" 200 7887 "-" "Mozilla/5.0 (compatible; Googlebot/2.1; +http://www.google.com/bot.html)"
66.249.74.49 - - [04/Nov/2012:21:50:14 +0100] "GET /news.php?cs_go=archiv&cs_id=568&cs_search= HTTP/1.1" 200 7887 "-" "Mozilla/5.0 (compatible; Googlebot/2.1; +http://www.google.com/bot.html)"
66.249.74.49 - - [04/Nov/2012:21:50:57 +0100] "GET /news.php?cs_go=archiv&cs_id=230&cs_search= HTTP/1.1" 200 7887 "-" "Mozilla/5.0 (compatible; Googlebot/2.1; +http://www.google.com/bot.html)"
66.249.74.49 - - [04/Nov/2012:21:51:39 +0100] "GET /news.php?cs_go=archiv&cs_id=723&cs_search= HTTP/1.1" 200 7887 "-" "Mozilla/5.0 (compatible; Googlebot/2.1; +http://www.google.com/bot.html)"
5.9.25.84 - - [04/Nov/2012:21:52:16 +0100] "GET /robots.txt HTTP/1.1" 200 177 "-" "Pixray-Seeker/2.0 (Pixray-Seeker; +http://www.pixray.com/pixraybot; +crawler@pixray.com)"
5.9.25.84 - - [04/Nov/2012:21:52:16 +0100] "GET /news.php?cs_go=archiv&cs_id=1678&cs_search= HTTP/1.1" 200 7887 "-" "Pixray-Seeker/2.0 (Pixray-Seeker; +http://www.pixray.com/pixraybot; +crawler@pixray.com)"
66.249.74.49 - - [04/Nov/2012:21:52:21 +0100] "GET /news.php?cs_go=archiv&cs_id=276&cs_search= HTTP/1.1" 200 7887 "-" "Mozilla/5.0 (compatible; Googlebot/2.1; +http://www.google.com/bot.html)"
66.249.74.49 - - [04/Nov/2012:21:53:04 +0100] "GET /news.php?cs_go=archiv&cs_id=1500&cs_search= HTTP/1.1" 200 7887 "-" "Mozilla/5.0 (compatible; Googlebot/2.1; +http://www.google.com/bot.html)"
66.249.74.49 - - [04/Nov/2012:21:53:46 +0100] "GET /news.php?cs_go=archiv&cs_id=317&cs_search= HTTP/1.1" 200 7887 "-" "Mozilla/5.0 (compatible; Googlebot/2.1; +http://www.google.com/bot.html)"
66.249.74.49 - - [04/Nov/2012:21:54:28 +0100] "GET /news.php?cs_go=archiv&cs_id=753&cs_search= HTTP/1.1" 200 7887 "-" "Mozilla/5.0 (compatible; Googlebot/2.1; +http://www.google.com/bot.html)"
66.249.74.49 - - [04/Nov/2012:21:55:10 +0100] "GET /news.php?cs_go=archiv&cs_id=556&cs_search= HTTP/1.1" 200 7887 "-" "Mozilla/5.0 (compatible; Googlebot/2.1; +http://www.google.com/bot.html)"
66.249.74.49 - - [04/Nov/2012:21:55:53 +0100] "GET /news.php?cs_go=archiv&cs_id=87&cs_search= HTTP/1.1" 200 7887 "-" "Mozilla/5.0 (compatible; Googlebot/2.1; +http://www.google.com/bot.html)"
66.249.74.49 - - [04/Nov/2012:21:56:35 +0100] "GET /news.php?cs_go=archiv&cs_id=12&cs_search= HTTP/1.1" 200 7887 "-" "Mozilla/5.0 (compatible; Googlebot/2.1; +http://www.google.com/bot.html)"
66.249.74.49 - - [04/Nov/2012:21:57:17 +0100] "GET /news.php?cs_go=archiv&cs_id=1560&cs_search= HTTP/1.1" 200 7887 "-" "Mozilla/5.0 (compatible; Googlebot/2.1; +http://www.google.com/bot.html)"
66.249.74.49 - - [04/Nov/2012:21:58:00 +0100] "GET /news.php?cs_go=archiv&cs_id=1497&cs_search= HTTP/1.1" 200 7887 "-" "Mozilla/5.0 (compatible; Googlebot/2.1; +http://www.google.com/bot.html)"
66.249.74.49 - - [04/Nov/2012:21:58:42 +0100] "GET /news.php?cs_go=archiv&cs_id=585&cs_search= HTTP/1.1" 200 7887 "-" "Mozilla/5.0 (compatible; Googlebot/2.1; +http://www.google.com/bot.html)"
130.83.167.153 - - [04/Nov/2012:21:58:44 +0100] "GET /rueckrufservice.php HTTP/1.1" 200 7006 "-" "findlinks/2.6 (+http://wortschatz.uni-leipzig.de/findlinks/)"
130.83.167.153 - - [04/Nov/2012:21:58:44 +0100] "GET /rueckrufservice.php HTTP/1.1" 200 10683 "-" "findlinks/2.6 (+http://wortschatz.uni-leipzig.de/findlinks/)"
87.118.116.25 - - [04/Nov/2012:21:59:15 +0100] "GET /robots.txt HTTP/1.1" 200 177 "-" "Mozilla/5.0 (compatible; UnisterBot; crawler@unister.de)"
87.118.116.25 - - [04/Nov/2012:21:59:15 +0100] "GET /news.php?cs_go=archiv&cs_id=3139&cs_search= HTTP/1.1" 200 14393 "-" "Mozilla/5.0 (compatible; UnisterBot; crawler@unister.de)"
66.249.74.49 - - [04/Nov/2012:21:59:24 +0100] "GET /news.php?cs_go=archiv&cs_id=89&cs_search= HTTP/1.1" 200 7887 "-" "Mozilla/5.0 (compatible; Googlebot/2.1; +http://www.google.com/bot.html)"
66.249.74.49 - - [04/Nov/2012:22:00:06 +0100] "GET /news.php?cs_go=archiv&cs_id=93&cs_search= HTTP/1.1" 200 7887 "-" "Mozilla/5.0 (compatible; Googlebot/2.1; +http://www.google.com/bot.html)"
66.249.74.49 - - [04/Nov/2012:22:00:49 +0100] "GET /news.php?cs_go=archiv&cs_id=1595&cs_search= HTTP/1.1" 200 7887 "-" "Mozilla/5.0 (compatible; Googlebot/2.1; +http://www.google.com/bot.html)"
66.249.74.49 - - [04/Nov/2012:22:01:31 +0100] "GET /news.php?cs_go=archiv&cs_id=2510&cs_search= HTTP/1.1" 200 7887 "-" "Mozilla/5.0 (compatible; Googlebot/2.1; +http://www.google.com/bot.html)"
84.19.190.126 - - [04/Nov/2012:22:01:52 +0100] "GET /news.php?cs_go=archiv&cs_id=3140&cs_search= HTTP/1.1" 200 11552 "-" "Mozilla/5.0 (compatible; UnisterBot; crawler@unister.de)"
66.249.74.49 - - [04/Nov/2012:22:02:13 +0100] "GET /news.php?cs_go=archiv&cs_id=1423&cs_search= HTTP/1.1" 200 7887 "-" "Mozilla/5.0 (compatible; Googlebot/2.1; +http://www.google.com/bot.html)"
66.249.74.49 - - [04/Nov/2012:22:02:55 +0100] "GET /news.php?cs_go=archiv&cs_id=399&cs_search= HTTP/1.1" 200 7887 "-" "Mozilla/5.0 (compatible; Googlebot/2.1; +http://www.google.com/bot.html)"
87.118.116.25 - - [04/Nov/2012:22:03:12 +0100] "GET /news.php?cs_go=archiv&cs_id=3137&cs_search= HTTP/1.1" 200 9847 "-" "Mozilla/5.0 (compatible; UnisterBot; crawler@unister.de)"
66.249.74.49 - - [04/Nov/2012:22:03:38 +0100] "GET /news.php?cs_go=archiv&cs_id=278&cs_search= HTTP/1.1" 200 7887 "-" "Mozilla/5.0 (compatible; Googlebot/2.1; +http://www.google.com/bot.html)"
87.118.116.25 - - [04/Nov/2012:22:04:14 +0100] "GET /news.php?cs_go=archiv&cs_id=3156&cs_search= HTTP/1.1" 200 13521 "-" "Mozilla/5.0 (compatible; UnisterBot; crawler@unister.de)"
66.249.74.49 - - [04/Nov/2012:22:04:20 +0100] "GET /news.php?cs_go=archiv&cs_id=238&cs_search= HTTP/1.1" 200 7887 "-" "Mozilla/5.0 (compatible; Googlebot/2.1; +http://www.google.com/bot.html)"
66.249.74.49 - - [04/Nov/2012:22:04:43 +0100] "GET / HTTP/1.1" 200 15326 "-" "SAMSUNG-SGH-E250/1.0 Profile/MIDP-2.0 Configuration/CLDC-1.1 UP.Browser/6.2.3.3.c.1.101 (GUI) MMP/2.0 (compatible; Googlebot-Mobile/2.1; +http://www.google.com/bot.html)"
66.249.74.49 - - [04/Nov/2012:22:05:02 +0100] "GET /news.php?cs_go=archiv&cs_id=254&cs_search= HTTP/1.1" 200 7887 "-" "Mozilla/5.0 (compatible; Googlebot/2.1; +http://www.google.com/bot.html)"
84.19.190.126 - - [04/Nov/2012:22:05:15 +0100] "GET /news.php?cs_go=archiv&cs_id=3128&cs_search= HTTP/1.1" 200 13411 "-" "Mozilla/5.0 (compatible; UnisterBot; crawler@unister.de)"
66.249.74.49 - - [04/Nov/2012:22:05:45 +0100] "GET /news.php?cs_go=archiv&cs_id=72&cs_search= HTTP/1.1" 200 7887 "-" "Mozilla/5.0 (compatible; Googlebot/2.1; +http://www.google.com/bot.html)"
84.19.190.126 - - [04/Nov/2012:22:06:24 +0100] "GET /news.php?cs_go=archiv&cs_id=3151&cs_search= HTTP/1.1" 200 13405 "-" "Mozilla/5.0 (compatible; UnisterBot; crawler@unister.de)"
66.249.74.49 - - [04/Nov/2012:22:06:27 +0100] "GET /news.php?cs_go=archiv&cs_id=122&cs_search= HTTP/1.1" 200 7887 "-" "Mozilla/5.0 (compatible; Googlebot/2.1; +http://www.google.com/bot.html)"
213.186.119.139 - - [04/Nov/2012:22:07:04 +0100] "GET /news.php?cs_go=archiv&cs_id=3509&cs_search= HTTP/1.1" 200 17019 "-" "Mozilla/5.0 (compatible; AhrefsBot/3.1; +http://ahrefs.com/robot/)"
66.249.74.49 - - [04/Nov/2012:22:07:09 +0100] "GET /news.php?cs_go=archiv&cs_id=498&cs_search= HTTP/1.1" 200 7887 "-" "Mozilla/5.0 (compatible; Googlebot/2.1; +http://www.google.com/bot.html)"
84.19.190.126 - - [04/Nov/2012:22:07:23 +0100] "GET /news.php?cs_go=archiv&cs_id=3134&cs_search= HTTP/1.1" 200 12087 "-" "Mozilla/5.0 (compatible; UnisterBot; crawler@unister.de)"
66.249.74.49 - - [04/Nov/2012:22:07:52 +0100] "GET /news.php?cs_go=archiv&cs_id=648&cs_search= HTTP/1.1" 200 7887 "-" "Mozilla/5.0 (compatible; Googlebot/2.1; +http://www.google.com/bot.html)"
84.19.190.126 - - [04/Nov/2012:22:08:21 +0100] "GET /news.php?cs_go=archiv&cs_startpos=390 HTTP/1.1" 200 22946 "-" "Mozilla/5.0 (compatible; UnisterBot; crawler@unister.de)"
66.249.74.49 - - [04/Nov/2012:22:08:34 +0100] "GET /news.php?cs_go=archiv&cs_id=42&cs_search= HTTP/1.1" 200 7887 "-" "Mozilla/5.0 (compatible; Googlebot/2.1; +http://www.google.com/bot.html)"
66.249.74.49 - - [04/Nov/2012:22:09:16 +0100] "GET /news.php?cs_go=archiv&cs_id=349&cs_search= HTTP/1.1" 200 7887 "-" "Mozilla/5.0 (compatible; Googlebot/2.1; +http://www.google.com/bot.html)"
84.19.190.126 - - [04/Nov/2012:22:09:29 +0100] "GET /news.php?cs_go=archiv&cs_id=3142&cs_search= HTTP/1.1" 200 11392 "-" "Mozilla/5.0 (compatible; UnisterBot; crawler@unister.de)"
66.249.74.49 - - [04/Nov/2012:22:09:59 +0100] "GET /news.php?cs_go=archiv&cs_id=1541&cs_search= HTTP/1.1" 200 7887 "-" "Mozilla/5.0 (compatible; Googlebot/2.1; +http://www.google.com/bot.html)"
84.19.190.126 - - [04/Nov/2012:22:10:28 +0100] "GET /news.php?cs_go=archiv&cs_id=3130&cs_search= HTTP/1.1" 200 11188 "-" "Mozilla/5.0 (compatible; UnisterBot; crawler@unister.de)"
66.249.74.49 - - [04/Nov/2012:22:10:41 +0100] "GET /news.php?cs_go=archiv&cs_id=322&cs_search= HTTP/1.1" 200 7887 "-" "Mozilla/5.0 (compatible; Googlebot/2.1; +http://www.google.com/bot.html)"
5.9.25.84 - - [04/Nov/2012:22:11:22 +0100] "GET /robots.txt HTTP/1.1" 200 177 "-" "Pixray-Seeker/2.0 (Pixray-Seeker; +http://www.pixray.com/pixraybot; +crawler@pixray.com)"
5.9.25.84 - - [04/Nov/2012:22:11:22 +0100] "GET /news.php?cs_go=archiv&cs_id=1727&cs_search= HTTP/1.1" 200 7887 "-" "Pixray-Seeker/2.0 (Pixray-Seeker; +http://www.pixray.com/pixraybot; +crawler@pixray.com)"
66.249.74.49 - - [04/Nov/2012:22:11:23 +0100] "GET /news.php?cs_go=archiv&cs_id=489&cs_search= HTTP/1.1" 200 7887 "-" "Mozilla/5.0 (compatible; Googlebot/2.1; +http://www.google.com/bot.html)"
84.19.190.126 - - [04/Nov/2012:22:11:28 +0100] "GET /news.php?cs_go=archiv&cs_id=3157&cs_search= HTTP/1.1" 200 9906 "-" "Mozilla/5.0 (compatible; UnisterBot; crawler@unister.de)"
66.249.74.49 - - [04/Nov/2012:22:12:06 +0100] "GET /news.php?cs_go=archiv&cs_id=20&cs_search= HTTP/1.1" 200 7887 "-" "Mozilla/5.0 (compatible; Googlebot/2.1; +http://www.google.com/bot.html)"
84.19.190.126 - - [04/Nov/2012:22:12:30 +0100] "GET /news.php?cs_go=archiv&cs_id=3133&cs_search= HTTP/1.1" 200 11772 "-" "Mozilla/5.0 (compatible; UnisterBot; crawler@unister.de)"
66.249.74.49 - - [04/Nov/2012:22:12:48 +0100] "GET /news.php?cs_go=archiv&cs_id=121&cs_search= HTTP/1.1" 200 7887 "-" "Mozilla/5.0 (compatible; Googlebot/2.1; +http://www.google.com/bot.html)"
66.249.74.49 - - [04/Nov/2012:22:13:30 +0100] "GET /news.php?cs_go=archiv&cs_id=323&cs_search= HTTP/1.1" 200 7887 "-" "Mozilla/5.0 (compatible; Googlebot/2.1; +http://www.google.com/bot.html)"
87.118.116.25 - - [04/Nov/2012:22:13:32 +0100] "GET /news.php?cs_go=archiv&cs_id=3141&cs_search= HTTP/1.1" 200 11621 "-" "Mozilla/5.0 (compatible; UnisterBot; crawler@unister.de)"
5.9.25.68 - - [04/Nov/2012:22:13:39 +0100] "GET /robots.txt HTTP/1.1" 200 177 "-" "Pixray-Seeker/2.0 (Pixray-Seeker; +http://www.pixray.com/pixraybot; +crawler@pixray.com)"
5.9.25.68 - - [04/Nov/2012:22:13:39 +0100] "GET /news.php?cs_go=archiv&cs_id=2761&cs_search= HTTP/1.1" 200 13657 "-" "Pixray-Seeker/2.0 (Pixray-Seeker; +http://www.pixray.com/pixraybot; +crawler@pixray.com)"
66.249.74.49 - - [04/Nov/2012:22:14:12 +0100] "GET /news.php?cs_go=archiv&cs_id=671&cs_search= HTTP/1.1" 200 7887 "-" "Mozilla/5.0 (compatible; Googlebot/2.1; +http://www.google.com/bot.html)"
66.249.74.49 - - [04/Nov/2012:22:14:55 +0100] "GET /news.php?cs_go=archiv&cs_id=312&cs_search= HTTP/1.1" 200 7887 "-" "Mozilla/5.0 (compatible; Googlebot/2.1; +http://www.google.com/bot.html)"
66.249.74.49 - - [04/Nov/2012:22:15:11 +0100] "GET /kontakt.php HTTP/1.1" 200 9198 "-" "Mozilla/5.0 (iPhone; U; CPU iPhone OS 4_1 like Mac OS X; en-us) AppleWebKit/532.9 (KHTML, like Gecko) Version/4.0.5 Mobile/8B117 Safari/6531.22.7 (compatible; Googlebot-Mobile/2.1; +http://www.google.com/bot.html)"
66.249.74.49 - - [04/Nov/2012:22:15:37 +0100] "GET /news.php?cs_go=archiv&cs_id=184&cs_search= HTTP/1.1" 200 7887 "-" "Mozilla/5.0 (compatible; Googlebot/2.1; +http://www.google.com/bot.html)"
66.249.74.49 - - [04/Nov/2012:22:16:19 +0100] "GET /news.php?cs_go=archiv&cs_id=583&cs_search= HTTP/1.1" 200 7887 "-" "Mozilla/5.0 (compatible; Googlebot/2.1; +http://www.google.com/bot.html)"
66.249.74.49 - - [04/Nov/2012:22:17:01 +0100] "GET /news.php?cs_go=archiv&cs_id=884&cs_search= HTTP/1.1" 200 7887 "-" "Mozilla/5.0 (compatible; Googlebot/2.1; +http://www.google.com/bot.html)"
66.249.74.49 - - [04/Nov/2012:22:17:44 +0100] "GET /news.php?cs_go=archiv&cs_id=1625&cs_search= HTTP/1.1" 200 7887 "-" "Mozilla/5.0 (compatible; Googlebot/2.1; +http://www.google.com/bot.html)"
66.249.74.49 - - [04/Nov/2012:22:18:26 +0100] "GET /news.php?cs_go=archiv&cs_id=932&cs_search= HTTP/1.1" 200 7887 "-" "Mozilla/5.0 (compatible; Googlebot/2.1; +http://www.google.com/bot.html)"
66.249.74.49 - - [04/Nov/2012:22:19:08 +0100] "GET /news.php?cs_go=archiv&cs_id=239&cs_search= HTTP/1.1" 200 7887 "-" "Mozilla/5.0 (compatible; Googlebot/2.1; +http://www.google.com/bot.html)"
66.249.74.49 - - [04/Nov/2012:22:19:51 +0100] "GET /news.php?cs_go=archiv&cs_id=538&cs_search= HTTP/1.1" 200 7887 "-" "Mozilla/5.0 (compatible; Googlebot/2.1; +http://www.google.com/bot.html)"
66.249.74.49 - - [04/Nov/2012:22:20:00 +0100] "GET /news.php?cs_go=archiv&cs_id=392&cs_search= HTTP/1.1" 200 7887 "-" "Mozilla/5.0 (compatible; Googlebot/2.1; +http://www.google.com/bot.html)"
66.249.74.49 - - [04/Nov/2012:22:20:33 +0100] "GET /news.php?cs_go=archiv&cs_id=490&cs_search= HTTP/1.1" 200 7887 "-" "Mozilla/5.0 (compatible; Googlebot/2.1; +http://www.google.com/bot.html)"
66.249.74.49 - - [04/Nov/2012:22:21:15 +0100] "GET /news.php?cs_go=archiv&cs_id=2545 HTTP/1.1" 200 7887 "-" "Mozilla/5.0 (compatible; Googlebot/2.1; +http://www.google.com/bot.html)"
66.249.74.49 - - [04/Nov/2012:22:21:57 +0100] "GET /news.php?cs_go=archiv&cs_id=1514&cs_search= HTTP/1.1" 200 7887 "-" "Mozilla/5.0 (compatible; Googlebot/2.1; +http://www.google.com/bot.html)"
5.9.25.73 - - [04/Nov/2012:22:22:34 +0100] "GET /robots.txt HTTP/1.1" 200 177 "-" "Pixray-Seeker/2.0 (Pixray-Seeker; +http://www.pixray.com/pixraybot; +crawler@pixray.com)"
5.9.25.73 - - [04/Nov/2012:22:22:34 +0100] "GET /news.php?cs_go=archiv&cs_id=2627&cs_search= HTTP/1.1" 200 7887 "-" "Pixray-Seeker/2.0 (Pixray-Seeker; +http://www.pixray.com/pixraybot; +crawler@pixray.com)"
66.249.74.49 - - [04/Nov/2012:22:22:40 +0100] "GET /news.php?cs_go=archiv&cs_id=145&cs_search= HTTP/1.1" 200 7887 "-" "Mozilla/5.0 (compatible; Googlebot/2.1; +http://www.google.com/bot.html)"
66.249.74.49 - - [04/Nov/2012:22:24:04 +0100] "GET /news.php?cs_go=archiv&cs_id=748&cs_search= HTTP/1.1" 200 7887 "-" "Mozilla/5.0 (compatible; Googlebot/2.1; +http://www.google.com/bot.html)"
66.249.74.49 - - [04/Nov/2012:22:24:46 +0100] "GET /news.php?cs_go=archiv&cs_id=58&cs_search= HTTP/1.1" 200 7887 "-" "Mozilla/5.0 (compatible; Googlebot/2.1; +http://www.google.com/bot.html)"
66.249.74.49 - - [04/Nov/2012:22:25:27 +0100] "GET /news.php?cs_go=archiv&cs_id=901&cs_search= HTTP/1.1" 200 7887 "-" "Mozilla/5.0 (compatible; Googlebot/2.1; +http://www.google.com/bot.html)"
66.249.74.49 - - [04/Nov/2012:22:26:09 +0100] "GET /news.php?cs_go=archiv&cs_id=1016&cs_search= HTTP/1.1" 200 7887 "-" "Mozilla/5.0 (compatible; Googlebot/2.1; +http://www.google.com/bot.html)"
66.249.74.49 - - [04/Nov/2012:22:27:01 +0100] "GET /news.php?cs_go=archiv&cs_id=1617&cs_search= HTTP/1.1" 200 7887 "-" "Mozilla/5.0 (compatible; Googlebot/2.1; +http://www.google.com/bot.html)"
66.249.74.49 - - [04/Nov/2012:22:27:32 +0100] "GET /news.php?cs_go=archiv&cs_id=485&cs_search= HTTP/1.1" 200 7887 "-" "Mozilla/5.0 (compatible; Googlebot/2.1; +http://www.google.com/bot.html)"
66.249.74.49 - - [04/Nov/2012:22:28:12 +0100] "GET /news.php?cs_go=archiv&cs_id=1109&cs_search= HTTP/1.1" 200 7887 "-" "Mozilla/5.0 (compatible; Googlebot/2.1; +http://www.google.com/bot.html)"
66.249.74.49 - - [04/Nov/2012:22:28:14 +0100] "GET /news.php?cs_go=archiv&cs_id=52&cs_search= HTTP/1.1" 200 7887 "-" "Mozilla/5.0 (compatible; Googlebot/2.1; +http://www.google.com/bot.html)"
66.249.74.49 - - [04/Nov/2012:22:28:56 +0100] "GET /news.php?cs_go=archiv&cs_id=1492&cs_search= HTTP/1.1" 200 7887 "-" "Mozilla/5.0 (compatible; Googlebot/2.1; +http://www.google.com/bot.html)"
66.249.74.49 - - [04/Nov/2012:22:29:33 +0100] "GET /news.php?cs_go=archiv&cs_id=944&cs_search= HTTP/1.1" 200 7887 "-" "Mozilla/5.0 (compatible; Googlebot/2.1; +http://www.google.com/bot.html)"
66.249.74.49 - - [04/Nov/2012:22:30:12 +0100] "GET /news.php?cs_go=archiv&cs_id=829&cs_search= HTTP/1.1" 200 7887 "-" "Mozilla/5.0 (compatible; Googlebot/2.1; +http://www.google.com/bot.html)"
66.249.74.49 - - [04/Nov/2012:22:30:51 +0100] "GET /news.php?cs_go=archiv&cs_id=836&cs_search= HTTP/1.1" 200 7887 "-" "Mozilla/5.0 (compatible; Googlebot/2.1; +http://www.google.com/bot.html)"
88.74.96.33 - - [04/Nov/2012:22:30:59 +0100] "GET /style.css HTTP/1.1" 200 8418 "http://www.mink-gmbh.de/index.php" "Mozilla/5.0 (Windows NT 6.1; WOW64; rv:16.0) Gecko/20100101 Firefox/16.0"
88.74.96.33 - - [04/Nov/2012:22:30:59 +0100] "GET /modul.css HTTP/1.1" 200 35038 "http://www.mink-gmbh.de/index.php" "Mozilla/5.0 (Windows NT 6.1; WOW64; rv:16.0) Gecko/20100101 Firefox/16.0"
88.74.96.33 - - [04/Nov/2012:22:30:59 +0100] "GET /favicon.ico HTTP/1.1" 200 3638 "-" "Mozilla/5.0 (Windows NT 6.1; WOW64; rv:16.0) Gecko/20100101 Firefox/16.0"
88.74.96.33 - - [04/Nov/2012:22:31:00 +0100] "GET /js_contentserver24_greybox/gb_styles.css HTTP/1.1" 200 2302 "http://www.mink-gmbh.de/index.php" "Mozilla/5.0 (Windows NT 6.1; WOW64; rv:16.0) Gecko/20100101 Firefox/16.0"
88.74.96.33 - - [04/Nov/2012:22:31:00 +0100] "GET /js_contentserver24_greybox/AJS.js HTTP/1.1" 200 10396 "http://www.mink-gmbh.de/index.php" "Mozilla/5.0 (Windows NT 6.1; WOW64; rv:16.0) Gecko/20100101 Firefox/16.0"
88.74.96.33 - - [04/Nov/2012:22:31:00 +0100] "GET /js_contentserver24_greybox/AJS_fx.js HTTP/1.1" 200 3192 "http://www.mink-gmbh.de/index.php" "Mozilla/5.0 (Windows NT 6.1; WOW64; rv:16.0) Gecko/20100101 Firefox/16.0"
88.74.96.33 - - [04/Nov/2012:22:31:00 +0100] "GET /js_contentserver24_greybox/gb_scripts.js HTTP/1.1" 200 11913 "http://www.mink-gmbh.de/index.php" "Mozilla/5.0 (Windows NT 6.1; WOW64; rv:16.0) Gecko/20100101 Firefox/16.0"
88.74.96.33 - - [04/Nov/2012:22:31:00 +0100] "GET /images/bg.jpg HTTP/1.1" 200 345 "http://www.mink-gmbh.de/style.css" "Mozilla/5.0 (Windows NT 6.1; WOW64; rv:16.0) Gecko/20100101 Firefox/16.0"
88.74.96.33 - - [04/Nov/2012:22:31:00 +0100] "GET /js_contentserver24_greybox/w_close.gif HTTP/1.1" 200 74 "http://www.mink-gmbh.de/index.php" "Mozilla/5.0 (Windows NT 6.1; WOW64; rv:16.0) Gecko/20100101 Firefox/16.0"
88.74.96.33 - - [04/Nov/2012:22:31:00 +0100] "GET /images/close.png HTTP/1.1" 200 703 "http://www.mink-gmbh.de/index.php" "Mozilla/5.0 (Windows NT 6.1; WOW64; rv:16.0) Gecko/20100101 Firefox/16.0"
88.74.96.33 - - [04/Nov/2012:22:31:00 +0100] "GET /images/newsletter_bg.jpg HTTP/1.1" 200 33610 "http://www.mink-gmbh.de/index.php" "Mozilla/5.0 (Windows NT 6.1; WOW64; rv:16.0) Gecko/20100101 Firefox/16.0"
88.74.96.33 - - [04/Nov/2012:22:31:00 +0100] "GET /images/newsletter.png HTTP/1.1" 200 14619 "http://www.mink-gmbh.de/style.css" "Mozilla/5.0 (Windows NT 6.1; WOW64; rv:16.0) Gecko/20100101 Firefox/16.0"
88.74.96.33 - - [04/Nov/2012:22:31:00 +0100] "GET /images/wrapperbg.jpg HTTP/1.1" 200 27465 "http://www.mink-gmbh.de/style.css" "Mozilla/5.0 (Windows NT 6.1; WOW64; rv:16.0) Gecko/20100101 Firefox/16.0"
88.74.96.33 - - [04/Nov/2012:22:31:00 +0100] "GET /images/header.jpg HTTP/1.1" 200 24413 "http://www.mink-gmbh.de/style.css" "Mozilla/5.0 (Windows NT 6.1; WOW64; rv:16.0) Gecko/20100101 Firefox/16.0"
88.74.96.33 - - [04/Nov/2012:22:31:00 +0100] "GET /images/navibg.png HTTP/1.1" 200 2803 "http://www.mink-gmbh.de/style.css" "Mozilla/5.0 (Windows NT 6.1; WOW64; rv:16.0) Gecko/20100101 Firefox/16.0"
88.74.96.33 - - [04/Nov/2012:22:31:00 +0100] "GET /images/gleichbleibend.png HTTP/1.1" 200 534 "http://www.mink-gmbh.de/modul.css" "Mozilla/5.0 (Windows NT 6.1; WOW64; rv:16.0) Gecko/20100101 Firefox/16.0"
88.74.96.33 - - [04/Nov/2012:22:31:00 +0100] "GET /images/steigend.png HTTP/1.1" 200 688 "http://www.mink-gmbh.de/modul.css" "Mozilla/5.0 (Windows NT 6.1; WOW64; rv:16.0) Gecko/20100101 Firefox/16.0"
88.74.96.33 - - [04/Nov/2012:22:31:00 +0100] "GET /images/fallend.png HTTP/1.1" 200 713 "http://www.mink-gmbh.de/modul.css" "Mozilla/5.0 (Windows NT 6.1; WOW64; rv:16.0) Gecko/20100101 Firefox/16.0"
88.74.96.33 - - [04/Nov/2012:22:31:00 +0100] "GET /images/mobil.jpg HTTP/1.1" 200 25293 "http://www.mink-gmbh.de/style.css" "Mozilla/5.0 (Windows NT 6.1; WOW64; rv:16.0) Gecko/20100101 Firefox/16.0"
88.74.96.33 - - [04/Nov/2012:22:31:00 +0100] "GET /images/newsletter.jpg HTTP/1.1" 200 13130 "http://www.mink-gmbh.de/style.css" "Mozilla/5.0 (Windows NT 6.1; WOW64; rv:16.0) Gecko/20100101 Firefox/16.0"
88.74.96.33 - - [04/Nov/2012:22:30:59 +0100] "GET /index.php HTTP/1.1" 200 15326 "-" "Mozilla/5.0 (Windows NT 6.1; WOW64; rv:16.0) Gecko/20100101 Firefox/16.0"
88.74.96.33 - - [04/Nov/2012:22:31:00 +0100] "GET /js_contentserver24_greybox/loader_frame.html?s=0 HTTP/1.1" 200 2084 "http://www.mink-gmbh.de/index.php" "Mozilla/5.0 (Windows NT 6.1; WOW64; rv:16.0) Gecko/20100101 Firefox/16.0"
88.74.96.33 - - [04/Nov/2012:22:31:00 +0100] "GET /js_contentserver24_greybox/header_bg.gif HTTP/1.1" 200 1188 "http://www.mink-gmbh.de/index.php" "Mozilla/5.0 (Windows NT 6.1; WOW64; rv:16.0) Gecko/20100101 Firefox/16.0"
88.74.96.33 - - [04/Nov/2012:22:31:00 +0100] "GET /images/tkw.jpg HTTP/1.1" 200 64031 "http://www.mink-gmbh.de/index.php" "Mozilla/5.0 (Windows NT 6.1; WOW64; rv:16.0) Gecko/20100101 Firefox/16.0"
88.74.96.33 - - [04/Nov/2012:22:31:00 +0100] "GET /images/freecall.jpg HTTP/1.1" 200 39195 "http://www.mink-gmbh.de/index.php" "Mozilla/5.0 (Windows NT 6.1; WOW64; rv:16.0) Gecko/20100101 Firefox/16.0"
88.74.96.33 - - [04/Nov/2012:22:31:00 +0100] "GET /images/mail.jpg HTTP/1.1" 200 11165 "http://www.mink-gmbh.de/index.php" "Mozilla/5.0 (Windows NT 6.1; WOW64; rv:16.0) Gecko/20100101 Firefox/16.0"
88.74.96.33 - - [04/Nov/2012:22:31:00 +0100] "GET /images/kwk.gif HTTP/1.1" 200 6403 "http://www.mink-gmbh.de/index.php" "Mozilla/5.0 (Windows NT 6.1; WOW64; rv:16.0) Gecko/20100101 Firefox/16.0"
88.74.96.33 - - [04/Nov/2012:22:31:00 +0100] "GET /images/wunschpreis.jpg HTTP/1.1" 200 16767 "http://www.mink-gmbh.de/index.php" "Mozilla/5.0 (Windows NT 6.1; WOW64; rv:16.0) Gecko/20100101 Firefox/16.0"
88.74.96.33 - - [04/Nov/2012:22:31:00 +0100] "GET /images/logos.jpg HTTP/1.1" 200 15002 "http://www.mink-gmbh.de/index.php" "Mozilla/5.0 (Windows NT 6.1; WOW64; rv:16.0) Gecko/20100101 Firefox/16.0"
88.74.96.33 - - [04/Nov/2012:22:31:00 +0100] "GET /images/footerbg.jpg HTTP/1.1" 200 2184 "http://www.mink-gmbh.de/style.css" "Mozilla/5.0 (Windows NT 6.1; WOW64; rv:16.0) Gecko/20100101 Firefox/16.0"
88.74.96.33 - - [04/Nov/2012:22:31:00 +0100] "GET /js_contentserver24_greybox/indicator.gif HTTP/1.1" 200 8238 "http://www.mink-gmbh.de/js_contentserver24_greybox/loader_frame.html?s=0" "Mozilla/5.0 (Windows NT 6.1; WOW64; rv:16.0) Gecko/20100101 Firefox/16.0"
88.74.96.33 - - [04/Nov/2012:22:31:01 +0100] "GET /js_contentserver24_greybox/g_close.gif HTTP/1.1" 200 541 "http://www.mink-gmbh.de/index.php" "Mozilla/5.0 (Windows NT 6.1; WOW64; rv:16.0) Gecko/20100101 Firefox/16.0"
66.249.74.49 - - [04/Nov/2012:22:31:30 +0100] "GET /news.php?cs_go=archiv&cs_id=423&cs_search= HTTP/1.1" 200 7887 "-" "Mozilla/5.0 (compatible; Googlebot/2.1; +http://www.google.com/bot.html)"
88.74.96.33 - - [04/Nov/2012:22:31:38 +0100] "GET /wunschpreis.php HTTP/1.1" 200 11997 "http://www.mink-gmbh.de/index.php" "Mozilla/5.0 (Windows NT 6.1; WOW64; rv:16.0) Gecko/20100101 Firefox/16.0"
88.74.96.33 - - [04/Nov/2012:22:31:41 +0100] "GET /preisanfrage.php HTTP/1.1" 200 10647 "http://www.mink-gmbh.de/wunschpreis.php" "Mozilla/5.0 (Windows NT 6.1; WOW64; rv:16.0) Gecko/20100101 Firefox/16.0"
88.74.96.33 - - [04/Nov/2012:22:31:47 +0100] "GET /preisanfrage.php HTTP/1.1" 200 10647 "http://www.mink-gmbh.de/preisanfrage.php" "Mozilla/5.0 (Windows NT 6.1; WOW64; rv:16.0) Gecko/20100101 Firefox/16.0"
66.249.74.49 - - [04/Nov/2012:22:32:04 +0100] "GET /news.php?cs_go=archiv&cs_id=811&cs_search= HTTP/1.1" 200 7887 "-" "Mozilla/5.0 (compatible; Googlebot/2.1; +http://www.google.com/bot.html)"
66.249.74.49 - - [04/Nov/2012:22:32:41 +0100] "GET /news.php?cs_go=archiv&cs_id=260&cs_search= HTTP/1.1" 200 7887 "-" "Mozilla/5.0 (compatible; Googlebot/2.1; +http://www.google.com/bot.html)"
66.249.74.49 - - [04/Nov/2012:22:33:18 +0100] "GET /news.php?cs_go=archiv&cs_id=416&cs_search= HTTP/1.1" 200 7887 "-" "Mozilla/5.0 (compatible; Googlebot/2.1; +http://www.google.com/bot.html)"
66.249.74.49 - - [04/Nov/2012:22:33:52 +0100] "GET /news.php?cs_go=archiv&cs_id=309&cs_search= HTTP/1.1" 200 7887 "-" "Mozilla/5.0 (compatible; Googlebot/2.1; +http://www.google.com/bot.html)"
88.74.96.33 - - [04/Nov/2012:22:34:15 +0100] "POST /preisanfrage.php HTTP/1.1" 200 7299 "http://www.mink-gmbh.de/preisanfrage.php" "Mozilla/5.0 (Windows NT 6.1; WOW64; rv:16.0) Gecko/20100101 Firefox/16.0"
66.249.74.49 - - [04/Nov/2012:22:34:28 +0100] "GET /news.php?cs_go=archiv&cs_id=79&cs_search= HTTP/1.1" 200 7887 "-" "Mozilla/5.0 (compatible; Googlebot/2.1; +http://www.google.com/bot.html)"
123.125.71.27 - - [04/Nov/2012:22:35:02 +0100] "GET / HTTP/1.1" 200 1519 "-" "Mozilla/5.0 (compatible; Baiduspider/2.0; +http://www.baidu.com/search/spider.html)"
66.249.74.49 - - [04/Nov/2012:22:35:03 +0100] "GET /news.php?cs_go=archiv&cs_id=684&cs_search= HTTP/1.1" 200 7887 "-" "Mozilla/5.0 (compatible; Googlebot/2.1; +http://www.google.com/bot.html)"
220.181.108.93 - - [04/Nov/2012:22:35:30 +0100] "GET / HTTP/1.1" 200 7820 "-" "Mozilla/5.0 (compatible; Baiduspider/2.0; +http://www.baidu.com/search/spider.html)"
66.249.74.49 - - [04/Nov/2012:22:35:39 +0100] "GET /news.php?cs_go=archiv&cs_id=1491&cs_search= HTTP/1.1" 200 7887 "-" "Mozilla/5.0 (compatible; Googlebot/2.1; +http://www.google.com/bot.html)"
66.249.74.49 - - [04/Nov/2012:22:36:14 +0100] "GET /news.php?cs_go=archiv&cs_id=1564&cs_search= HTTP/1.1" 200 7887 "-" "Mozilla/5.0 (compatible; Googlebot/2.1; +http://www.google.com/bot.html)"
66.249.74.49 - - [04/Nov/2012:22:36:50 +0100] "GET /news.php?cs_go=archiv&cs_id=258&cs_search= HTTP/1.1" 200 7887 "-" "Mozilla/5.0 (compatible; Googlebot/2.1; +http://www.google.com/bot.html)"
66.249.74.49 - - [04/Nov/2012:22:37:25 +0100] "GET /news.php?cs_go=archiv&cs_id=56&cs_search= HTTP/1.1" 200 7887 "-" "Mozilla/5.0 (compatible; Googlebot/2.1; +http://www.google.com/bot.html)"
66.249.74.49 - - [04/Nov/2012:22:38:01 +0100] "GET /news.php?cs_go=archiv&cs_id=1002&cs_search= HTTP/1.1" 200 7887 "-" "Mozilla/5.0 (compatible; Googlebot/2.1; +http://www.google.com/bot.html)"
66.249.74.49 - - [04/Nov/2012:22:38:36 +0100] "GET /news.php?cs_go=archiv&cs_id=257&cs_search= HTTP/1.1" 200 7887 "-" "Mozilla/5.0 (compatible; Googlebot/2.1; +http://www.google.com/bot.html)"
66.249.74.49 - - [04/Nov/2012:22:39:11 +0100] "GET /news.php?cs_go=archiv&cs_id=801&cs_search= HTTP/1.1" 200 7887 "-" "Mozilla/5.0 (compatible; Googlebot/2.1; +http://www.google.com/bot.html)"
66.249.74.49 - - [04/Nov/2012:22:39:47 +0100] "GET /news.php?cs_go=archiv&cs_id=508&cs_search= HTTP/1.1" 200 7887 "-" "Mozilla/5.0 (compatible; Googlebot/2.1; +http://www.google.com/bot.html)"
66.249.74.49 - - [04/Nov/2012:22:40:23 +0100] "GET /news.php?cs_go=archiv&cs_id=631&cs_search= HTTP/1.1" 200 7887 "-" "Mozilla/5.0 (compatible; Googlebot/2.1; +http://www.google.com/bot.html)"
178.154.179.250 - - [04/Nov/2012:22:40:45 +0100] "GET / HTTP/1.1" 200 15326 "-" "Mozilla/5.0 (compatible; YandexBot/3.0; +http://yandex.com/bots)"
66.249.74.49 - - [04/Nov/2012:22:40:58 +0100] "GET /news.php?cs_go=archiv&cs_id=491&cs_search= HTTP/1.1" 200 7887 "-" "Mozilla/5.0 (compatible; Googlebot/2.1; +http://www.google.com/bot.html)"
66.249.74.49 - - [04/Nov/2012:22:41:32 +0100] "GET /news.php?cs_go=archiv&cs_id=589&cs_search= HTTP/1.1" 200 7887 "-" "Mozilla/5.0 (compatible; Googlebot/2.1; +http://www.google.com/bot.html)"
66.249.74.49 - - [04/Nov/2012:22:42:07 +0100] "GET /news.php?cs_go=archiv&cs_id=1473&cs_search= HTTP/1.1" 200 7887 "-" "Mozilla/5.0 (compatible; Googlebot/2.1; +http://www.google.com/bot.html)"
66.249.74.49 - - [04/Nov/2012:22:42:42 +0100] "GET /news.php?cs_go=archiv&cs_id=35&cs_search= HTTP/1.1" 200 7887 "-" "Mozilla/5.0 (compatible; Googlebot/2.1; +http://www.google.com/bot.html)"
66.249.74.49 - - [04/Nov/2012:22:43:17 +0100] "GET /news.php?cs_go=archiv&cs_id=1459&cs_search= HTTP/1.1" 200 7887 "-" "Mozilla/5.0 (compatible; Googlebot/2.1; +http://www.google.com/bot.html)"
66.249.74.49 - - [04/Nov/2012:22:43:51 +0100] "GET /news.php?cs_go=archiv&cs_startpos=1630 HTTP/1.1" 200 8126 "-" "Mozilla/5.0 (compatible; Googlebot/2.1; +http://www.google.com/bot.html)"
66.249.74.49 - - [04/Nov/2012:22:44:26 +0100] "GET /news.php?cs_go=archiv&cs_id=424&cs_search= HTTP/1.1" 200 7887 "-" "Mozilla/5.0 (compatible; Googlebot/2.1; +http://www.google.com/bot.html)"
66.249.74.49 - - [04/Nov/2012:22:45:00 +0100] "GET /news.php?cs_go=archiv&cs_id=231&cs_search= HTTP/1.1" 200 7887 "-" "Mozilla/5.0 (compatible; Googlebot/2.1; +http://www.google.com/bot.html)"
66.249.74.49 - - [04/Nov/2012:22:45:35 +0100] "GET /news.php?cs_go=archiv&cs_id=302&cs_search= HTTP/1.1" 200 7887 "-" "Mozilla/5.0 (compatible; Googlebot/2.1; +http://www.google.com/bot.html)"
66.249.74.49 - - [04/Nov/2012:22:46:10 +0100] "GET /news.php?cs_go=archiv&cs_id=350&cs_search= HTTP/1.1" 200 7887 "-" "Mozilla/5.0 (compatible; Googlebot/2.1; +http://www.google.com/bot.html)"
5.9.25.77 - - [04/Nov/2012:22:46:31 +0100] "GET /robots.txt HTTP/1.1" 200 177 "-" "Pixray-Seeker/2.0 (Pixray-Seeker; +http://www.pixray.com/pixraybot; +crawler@pixray.com)"
5.9.25.77 - - [04/Nov/2012:22:46:31 +0100] "GET /news.php?cs_go=archiv&cs_id=3180&cs_search= HTTP/1.1" 200 13449 "-" "Pixray-Seeker/2.0 (Pixray-Seeker; +http://www.pixray.com/pixraybot; +crawler@pixray.com)"
66.249.74.49 - - [04/Nov/2012:22:46:45 +0100] "GET /news.php?cs_go=archiv&cs_id=236&cs_search= HTTP/1.1" 200 7887 "-" "Mozilla/5.0 (compatible; Googlebot/2.1; +http://www.google.com/bot.html)"
66.249.74.49 - - [04/Nov/2012:22:47:20 +0100] "GET /news.php?cs_go=archiv&cs_id=404&cs_search= HTTP/1.1" 200 7887 "-" "Mozilla/5.0 (compatible; Googlebot/2.1; +http://www.google.com/bot.html)"
84.19.190.126 - - [04/Nov/2012:22:47:36 +0100] "GET /news.php?cs_go=archiv&cs_id=3129&cs_search= HTTP/1.1" 200 12169 "-" "Mozilla/5.0 (compatible; UnisterBot; crawler@unister.de)"
66.249.74.49 - - [04/Nov/2012:22:47:46 +0100] "GET /news.php?cs_go=archiv&cs_id=1539&cs_search= HTTP/1.1" 200 7887 "-" "Mozilla/5.0 (compatible; Googlebot/2.1; +http://www.google.com/bot.html)"
66.249.74.49 - - [04/Nov/2012:22:48:20 +0100] "GET /news.php?cs_go=archiv&cs_id=220&cs_search= HTTP/1.1" 200 7887 "-" "Mozilla/5.0 (compatible; Googlebot/2.1; +http://www.google.com/bot.html)"
84.19.190.126 - - [04/Nov/2012:22:49:29 +0100] "GET /news.php?cs_go=archiv&cs_id=3152&cs_search= HTTP/1.1" 200 10029 "-" "Mozilla/5.0 (compatible; UnisterBot; crawler@unister.de)"
66.249.74.49 - - [04/Nov/2012:22:49:31 +0100] "GET /news.php?cs_go=archiv&cs_id=1032&cs_search= HTTP/1.1" 200 7887 "-" "Mozilla/5.0 (compatible; Googlebot/2.1; +http://www.google.com/bot.html)"
66.249.74.49 - - [04/Nov/2012:22:50:06 +0100] "GET /news.php?cs_go=archiv&cs_id=450&cs_search= HTTP/1.1" 200 7887 "-" "Mozilla/5.0 (compatible; Googlebot/2.1; +http://www.google.com/bot.html)"
87.118.116.25 - - [04/Nov/2012:22:50:50 +0100] "GET /news.php?cs_go=archiv&cs_id=3154&cs_search= HTTP/1.1" 200 9967 "-" "Mozilla/5.0 (compatible; UnisterBot; crawler@unister.de)"
66.249.74.49 - - [04/Nov/2012:22:51:17 +0100] "GET /news.php?cs_go=archiv&cs_id=605&cs_search= HTTP/1.1" 200 7887 "-" "Mozilla/5.0 (compatible; Googlebot/2.1; +http://www.google.com/bot.html)"
84.19.190.126 - - [04/Nov/2012:22:51:46 +0100] "GET /news.php?cs_go=archiv&cs_id=3144&cs_search= HTTP/1.1" 200 13490 "-" "Mozilla/5.0 (compatible; UnisterBot; crawler@unister.de)"
66.249.74.49 - - [04/Nov/2012:22:53:03 +0100] "GET /news.php?cs_go=archiv&cs_id=893&cs_search= HTTP/1.1" 200 7887 "-" "Mozilla/5.0 (compatible; Googlebot/2.1; +http://www.google.com/bot.html)"
66.249.74.49 - - [04/Nov/2012:22:53:39 +0100] "GET /news.php?cs_go=archiv&cs_id=390&cs_search= HTTP/1.1" 200 7887 "-" "Mozilla/5.0 (compatible; Googlebot/2.1; +http://www.google.com/bot.html)"
66.249.74.49 - - [04/Nov/2012:22:54:15 +0100] "GET /news.php?cs_go=archiv&cs_id=61&cs_search= HTTP/1.1" 200 7887 "-" "Mozilla/5.0 (compatible; Googlebot/2.1; +http://www.google.com/bot.html)"
66.249.74.49 - - [04/Nov/2012:22:54:51 +0100] "GET /news.php?cs_go=archiv&cs_id=425&cs_search= HTTP/1.1" 200 7887 "-" "Mozilla/5.0 (compatible; Googlebot/2.1; +http://www.google.com/bot.html)"
66.249.74.49 - - [04/Nov/2012:22:55:27 +0100] "GET /news.php?cs_go=archiv&cs_id=1431&cs_search= HTTP/1.1" 200 7887 "-" "Mozilla/5.0 (compatible; Googlebot/2.1; +http://www.google.com/bot.html)"
66.249.74.49 - - [04/Nov/2012:22:56:03 +0100] "GET /news.php?cs_go=archiv&cs_id=486&cs_search= HTTP/1.1" 200 7887 "-" "Mozilla/5.0 (compatible; Googlebot/2.1; +http://www.google.com/bot.html)"
66.249.74.49 - - [04/Nov/2012:22:57:15 +0100] "GET /news.php?cs_go=archiv&cs_id=1620&cs_search= HTTP/1.1" 200 7887 "-" "Mozilla/5.0 (compatible; Googlebot/2.1; +http://www.google.com/bot.html)"
5.9.25.84 - - [04/Nov/2012:22:57:18 +0100] "GET /robots.txt HTTP/1.1" 200 177 "-" "Pixray-Seeker/2.0 (Pixray-Seeker; +http://www.pixray.com/pixraybot; +crawler@pixray.com)"
5.9.25.84 - - [04/Nov/2012:22:57:18 +0100] "GET /news.php?cs_go=archiv&cs_startpos=1230 HTTP/1.1" 200 8126 "-" "Pixray-Seeker/2.0 (Pixray-Seeker; +http://www.pixray.com/pixraybot; +crawler@pixray.com)"
66.249.74.49 - - [04/Nov/2012:22:59:41 +0100] "GET /news.php?cs_go=archiv&cs_id=281&cs_search= HTTP/1.1" 200 7887 "-" "Mozilla/5.0 (compatible; Googlebot/2.1; +http://www.google.com/bot.html)"
66.249.74.49 - - [04/Nov/2012:23:00:54 +0100] "GET /news.php?cs_go=archiv&cs_id=43&cs_search= HTTP/1.1" 200 7887 "-" "Mozilla/5.0 (compatible; Googlebot/2.1; +http://www.google.com/bot.html)"
66.249.74.49 - - [04/Nov/2012:23:02:08 +0100] "GET /news.php?cs_go=archiv&cs_startpos=2380 HTTP/1.1" 200 8126 "-" "Mozilla/5.0 (compatible; Googlebot/2.1; +http://www.google.com/bot.html)"
66.249.74.49 - - [04/Nov/2012:23:02:45 +0100] "GET /news.php?cs_go=archiv&cs_id=419&cs_search= HTTP/1.1" 200 7887 "-" "Mozilla/5.0 (compatible; Googlebot/2.1; +http://www.google.com/bot.html)"
66.249.74.49 - - [04/Nov/2012:23:03:22 +0100] "GET /news.php?cs_go=archiv&cs_id=90&cs_search= HTTP/1.1" 200 7887 "-" "Mozilla/5.0 (compatible; Googlebot/2.1; +http://www.google.com/bot.html)"
66.249.74.49 - - [04/Nov/2012:23:04:00 +0100] "GET /news.php?cs_go=archiv&cs_startpos=1730 HTTP/1.1" 200 8126 "-" "Mozilla/5.0 (compatible; Googlebot/2.1; +http://www.google.com/bot.html)"
66.249.74.49 - - [04/Nov/2012:23:05:15 +0100] "GET /news.php?cs_go=archiv&cs_id=1211&cs_search= HTTP/1.1" 200 7887 "-" "Mozilla/5.0 (compatible; Googlebot/2.1; +http://www.google.com/bot.html)"
66.249.74.49 - - [04/Nov/2012:23:05:52 +0100] "GET /news.php?cs_go=archiv&cs_id=1088&cs_search= HTTP/1.1" 200 7887 "-" "Mozilla/5.0 (compatible; Googlebot/2.1; +http://www.google.com/bot.html)"
66.249.74.49 - - [04/Nov/2012:23:06:30 +0100] "GET /news.php?cs_go=archiv&cs_id=91&cs_search= HTTP/1.1" 200 7887 "-" "Mozilla/5.0 (compatible; Googlebot/2.1; +http://www.google.com/bot.html)"
66.249.74.49 - - [04/Nov/2012:23:09:02 +0100] "GET /news.php?cs_go=archiv&cs_id=598&cs_search= HTTP/1.1" 200 7887 "-" "Mozilla/5.0 (compatible; Googlebot/2.1; +http://www.google.com/bot.html)"
66.249.74.49 - - [04/Nov/2012:23:09:41 +0100] "GET /news.php?cs_go=archiv&cs_id=1565&cs_search= HTTP/1.1" 200 7887 "-" "Mozilla/5.0 (compatible; Googlebot/2.1; +http://www.google.com/bot.html)"
66.249.74.49 - - [04/Nov/2012:23:10:19 +0100] "GET /news.php?cs_go=archiv&cs_id=27&cs_search= HTTP/1.1" 200 7887 "-" "Mozilla/5.0 (compatible; Googlebot/2.1; +http://www.google.com/bot.html)"
66.249.74.49 - - [04/Nov/2012:23:11:37 +0100] "GET /news.php?cs_go=archiv&cs_id=124&cs_search= HTTP/1.1" 200 7887 "-" "Mozilla/5.0 (compatible; Googlebot/2.1; +http://www.google.com/bot.html)"
66.249.74.49 - - [04/Nov/2012:23:14:54 +0100] "GET /news.php?cs_go=archiv&cs_id=84&cs_search= HTTP/1.1" 200 7887 "-" "Mozilla/5.0 (compatible; Googlebot/2.1; +http://www.google.com/bot.html)"
66.249.74.49 - - [04/Nov/2012:23:17:34 +0100] "GET /news.php?cs_go=archiv&cs_id=23&cs_search= HTTP/1.1" 200 7887 "-" "Mozilla/5.0 (compatible; Googlebot/2.1; +http://www.google.com/bot.html)"
66.249.74.49 - - [04/Nov/2012:23:18:15 +0100] "GET /news.php?cs_go=archiv&cs_id=600&cs_search= HTTP/1.1" 200 7887 "-" "Mozilla/5.0 (compatible; Googlebot/2.1; +http://www.google.com/bot.html)"
139.18.2.17 - - [04/Nov/2012:23:18:36 +0100] "GET /agb.php HTTP/1.1" 200 19709 "-" "findlinks/2.6 (+http://wortschatz.uni-leipzig.de/findlinks/)"
139.18.2.17 - - [04/Nov/2012:23:18:36 +0100] "GET /agb.php HTTP/1.1" 200 19622 "-" "findlinks/2.6 (+http://wortschatz.uni-leipzig.de/findlinks/)"
66.249.74.49 - - [04/Nov/2012:23:21:00 +0100] "GET /news.php?cs_go=archiv&cs_id=417&cs_search= HTTP/1.1" 200 7887 "-" "Mozilla/5.0 (compatible; Googlebot/2.1; +http://www.google.com/bot.html)"
66.249.74.49 - - [04/Nov/2012:23:23:50 +0100] "GET /news.php?cs_go=archiv&cs_id=74&cs_search= HTTP/1.1" 200 7887 "-" "Mozilla/5.0 (compatible; Googlebot/2.1; +http://www.google.com/bot.html)"
5.9.25.83 - - [04/Nov/2012:23:26:13 +0100] "GET /robots.txt HTTP/1.1" 200 177 "-" "Pixray-Seeker/2.0 (Pixray-Seeker; +http://www.pixray.com/pixraybot; +crawler@pixray.com)"
5.9.25.83 - - [04/Nov/2012:23:26:13 +0100] "GET /news.php?cs_go=archiv&cs_id=1726&cs_search= HTTP/1.1" 200 7887 "-" "Pixray-Seeker/2.0 (Pixray-Seeker; +http://www.pixray.com/pixraybot; +crawler@pixray.com)"
66.249.74.49 - - [04/Nov/2012:23:27:31 +0100] "GET /news.php?cs_go=archiv&cs_id=126&cs_search= HTTP/1.1" 200 7887 "-" "Mozilla/5.0 (compatible; Googlebot/2.1; +http://www.google.com/bot.html)"
66.249.74.49 - - [04/Nov/2012:23:32:54 +0100] "GET /news.php?cs_go=archiv&cs_id=515&cs_search= HTTP/1.1" 200 7887 "-" "Mozilla/5.0 (compatible; Googlebot/2.1; +http://www.google.com/bot.html)"
123.125.71.45 - - [04/Nov/2012:23:34:03 +0100] "GET / HTTP/1.1" 200 8692 "-" "Mozilla/5.0 (compatible; Baiduspider/2.0; +http://www.baidu.com/search/spider.html)"
220.181.108.102 - - [04/Nov/2012:23:34:32 +0100] "GET / HTTP/1.1" 200 6435 "-" "Mozilla/5.0 (compatible; Baiduspider/2.0; +http://www.baidu.com/search/spider.html)"
66.249.74.49 - - [04/Nov/2012:23:38:01 +0100] "GET /news.php?cs_go=archiv&cs_startpos=1690 HTTP/1.1" 200 8126 "-" "Mozilla/5.0 (compatible; Googlebot/2.1; +http://www.google.com/bot.html)"
66.249.74.49 - - [04/Nov/2012:23:40:51 +0100] "GET /news.php?cs_go=archiv&cs_id=1605&cs_search= HTTP/1.1" 200 7887 "-" "Mozilla/5.0 (compatible; Googlebot/2.1; +http://www.google.com/bot.html)"
87.118.116.25 - - [04/Nov/2012:23:40:56 +0100] "GET /news.php?cs_go=archiv&cs_id=3131&cs_search= HTTP/1.1" 200 9912 "-" "Mozilla/5.0 (compatible; UnisterBot; crawler@unister.de)"
84.19.190.126 - - [04/Nov/2012:23:43:21 +0100] "GET /news.php?cs_go=archiv&cs_id=3135&cs_search= HTTP/1.1" 200 13325 "-" "Mozilla/5.0 (compatible; UnisterBot; crawler@unister.de)"
84.19.190.126 - - [04/Nov/2012:23:44:40 +0100] "GET /news.php?cs_go=archiv&cs_id=3147&cs_search= HTTP/1.1" 200 9902 "-" "Mozilla/5.0 (compatible; UnisterBot; crawler@unister.de)"
84.19.190.126 - - [04/Nov/2012:23:45:55 +0100] "GET /news.php?cs_go=archiv&cs_id=3153&cs_search= HTTP/1.1" 200 14200 "-" "Mozilla/5.0 (compatible; UnisterBot; crawler@unister.de)"
5.9.25.73 - - [04/Nov/2012:23:50:39 +0100] "GET /robots.txt HTTP/1.1" 200 177 "-" "Pixray-Seeker/2.0 (Pixray-Seeker; +http://www.pixray.com/pixraybot; +crawler@pixray.com)"
5.9.25.73 - - [04/Nov/2012:23:50:39 +0100] "GET /news.php?cs_go=archiv&cs_id=1846&cs_search= HTTP/1.1" 200 7887 "-" "Pixray-Seeker/2.0 (Pixray-Seeker; +http://www.pixray.com/pixraybot; +crawler@pixray.com)"
66.249.74.49 - - [04/Nov/2012:23:51:37 +0100] "GET /news.php?cs_go=archiv&cs_id=2515&cs_search= HTTP/1.1" 200 7887 "-" "Mozilla/5.0 (compatible; Googlebot/2.1; +http://www.google.com/bot.html)"
