84.135.120.179 - - [04/Nov/2012:16:15:22 +0100] "GET /images/bg.jpg HTTP/1.1" 200 345 "http://www.mink-gmbh.de/" "Mozilla/5.0 (compatible; MSIE 9.0; Windows NT 6.1; WOW64; Trident/5.0)"
84.135.120.179 - - [04/Nov/2012:16:15:21 +0100] "GET /images/tkw.jpg HTTP/1.1" 200 64031 "http://www.mink-gmbh.de/" "Mozilla/5.0 (compatible; MSIE 9.0; Windows NT 6.1; WOW64; Trident/5.0)"
84.135.120.179 - - [04/Nov/2012:16:15:22 +0100] "GET /js_contentserver24_greybox/w_close.gif HTTP/1.1" 200 74 "http://www.mink-gmbh.de/" "Mozilla/5.0 (compatible; MSIE 9.0; Windows NT 6.1; WOW64; Trident/5.0)"
84.135.120.179 - - [04/Nov/2012:16:15:21 +0100] "GET /images/freecall.jpg HTTP/1.1" 200 39195 "http://www.mink-gmbh.de/" "Mozilla/5.0 (compatible; MSIE 9.0; Windows NT 6.1; WOW64; Trident/5.0)"
84.135.120.179 - - [04/Nov/2012:16:15:22 +0100] "GET /images/newsletter_bg.jpg HTTP/1.1" 200 33610 "http://www.mink-gmbh.de/" "Mozilla/5.0 (compatible; MSIE 9.0; Windows NT 6.1; WOW64; Trident/5.0)"
84.135.120.179 - - [04/Nov/2012:16:15:22 +0100] "GET /images/wrapperbg.jpg HTTP/1.1" 200 27465 "http://www.mink-gmbh.de/" "Mozilla/5.0 (compatible; MSIE 9.0; Windows NT 6.1; WOW64; Trident/5.0)"
84.135.120.179 - - [04/Nov/2012:16:15:22 +0100] "GET /images/navibg.png HTTP/1.1" 200 2803 "http://www.mink-gmbh.de/" "Mozilla/5.0 (compatible; MSIE 9.0; Windows NT 6.1; WOW64; Trident/5.0)"
84.135.120.179 - - [04/Nov/2012:16:15:22 +0100] "GET /images/close.png HTTP/1.1" 200 703 "http://www.mink-gmbh.de/" "Mozilla/5.0 (compatible; MSIE 9.0; Windows NT 6.1; WOW64; Trident/5.0)"
84.135.120.179 - - [04/Nov/2012:16:15:22 +0100] "GET /images/newsletter.png HTTP/1.1" 200 14619 "http://www.mink-gmbh.de/" "Mozilla/5.0 (compatible; MSIE 9.0; Windows NT 6.1; WOW64; Trident/5.0)"
84.135.120.179 - - [04/Nov/2012:16:15:22 +0100] "GET /images/header.jpg HTTP/1.1" 200 24413 "http://www.mink-gmbh.de/" "Mozilla/5.0 (compatible; MSIE 9.0; Windows NT 6.1; WOW64; Trident/5.0)"
84.135.120.179 - - [04/Nov/2012:16:15:22 +0100] "GET /images/gleichbleibend.png HTTP/1.1" 200 534 "http://www.mink-gmbh.de/" "Mozilla/5.0 (compatible; MSIE 9.0; Windows NT 6.1; WOW64; Trident/5.0)"
84.135.120.179 - - [04/Nov/2012:16:15:22 +0100] "GET /images/steigend.png HTTP/1.1" 200 688 "http://www.mink-gmbh.de/" "Mozilla/5.0 (compatible; MSIE 9.0; Windows NT 6.1; WOW64; Trident/5.0)"
84.135.120.179 - - [04/Nov/2012:16:15:22 +0100] "GET /images/fallend.png HTTP/1.1" 200 713 "http://www.mink-gmbh.de/" "Mozilla/5.0 (compatible; MSIE 9.0; Windows NT 6.1; WOW64; Trident/5.0)"
84.135.120.179 - - [04/Nov/2012:16:15:22 +0100] "GET /images/mobil.jpg HTTP/1.1" 200 25293 "http://www.mink-gmbh.de/" "Mozilla/5.0 (compatible; MSIE 9.0; Windows NT 6.1; WOW64; Trident/5.0)"
84.135.120.179 - - [04/Nov/2012:16:15:22 +0100] "GET /js_contentserver24_greybox/loader_frame.html?s=0 HTTP/1.1" 200 2084 "http://www.mink-gmbh.de/" "Mozilla/5.0 (compatible; MSIE 9.0; Windows NT 6.1; WOW64; Trident/5.0)"
84.135.120.179 - - [04/Nov/2012:16:15:22 +0100] "GET /images/newsletter.jpg HTTP/1.1" 200 13130 "http://www.mink-gmbh.de/" "Mozilla/5.0 (compatible; MSIE 9.0; Windows NT 6.1; WOW64; Trident/5.0)"
84.135.120.179 - - [04/Nov/2012:16:15:22 +0100] "GET /images/footerbg.jpg HTTP/1.1" 200 2184 "http://www.mink-gmbh.de/" "Mozilla/5.0 (compatible; MSIE 9.0; Windows NT 6.1; WOW64; Trident/5.0)"
84.135.120.179 - - [04/Nov/2012:16:15:22 +0100] "GET /js_contentserver24_greybox/header_bg.gif HTTP/1.1" 200 1188 "http://www.mink-gmbh.de/" "Mozilla/5.0 (compatible; MSIE 9.0; Windows NT 6.1; WOW64; Trident/5.0)"
84.135.120.179 - - [04/Nov/2012:16:15:22 +0100] "GET /js_contentserver24_greybox/indicator.gif HTTP/1.1" 200 8238 "http://www.mink-gmbh.de/js_contentserver24_greybox/loader_frame.html?s=0" "Mozilla/5.0 (compatible; MSIE 9.0; Windows NT 6.1; WOW64; Trident/5.0)"
84.135.120.179 - - [04/Nov/2012:16:15:24 +0100] "GET /js_contentserver24_greybox/g_close.gif HTTP/1.1" 200 541 "http://www.mink-gmbh.de/" "Mozilla/5.0 (compatible; MSIE 9.0; Windows NT 6.1; WOW64; Trident/5.0)"
84.135.120.179 - - [04/Nov/2012:16:15:24 +0100] "GET /favicon.ico HTTP/1.1" 200 3638 "-" "Mozilla/5.0 (compatible; MSIE 9.0; Windows NT 6.1; WOW64; Trident/5.0)"
84.135.120.179 - - [04/Nov/2012:16:15:40 +0100] "GET /wunschpreis.php HTTP/1.1" 200 11997 "http://www.mink-gmbh.de/" "Mozilla/5.0 (compatible; MSIE 9.0; Windows NT 6.1; WOW64; Trident/5.0)"
84.135.120.179 - - [04/Nov/2012:16:15:46 +0100] "GET /preisanfrage.php HTTP/1.1" 200 10647 "http://www.mink-gmbh.de/wunschpreis.php" "Mozilla/5.0 (compatible; MSIE 9.0; Windows NT 6.1; WOW64; Trident/5.0)"
84.135.120.179 - - [04/Nov/2012:16:15:51 +0100] "GET /standard.php HTTP/1.1" 200 9131 "http://www.mink-gmbh.de/preisanfrage.php" "Mozilla/5.0 (compatible; MSIE 9.0; Windows NT 6.1; WOW64; Trident/5.0)"
66.249.74.49 - - [04/Nov/2012:16:15:54 +0100] "GET /news.php?cs_go=archiv&cs_id=99&cs_search= HTTP/1.1" 200 7887 "-" "Mozilla/5.0 (compatible; Googlebot/2.1; +http://www.google.com/bot.html)"
84.135.120.179 - - [04/Nov/2012:16:16:08 +0100] "GET /preisanfrage.php HTTP/1.1" 200 10647 "http://www.mink-gmbh.de/standard.php" "Mozilla/5.0 (compatible; MSIE 9.0; Windows NT 6.1; WOW64; Trident/5.0)"
84.135.120.179 - - [04/Nov/2012:16:16:24 +0100] "GET /standard.php HTTP/1.1" 200 9131 "http://www.mink-gmbh.de/preisanfrage.php" "Mozilla/5.0 (compatible; MSIE 9.0; Windows NT 6.1; WOW64; Trident/5.0)"
84.135.120.179 - - [04/Nov/2012:16:16:26 +0100] "GET /preisanfrage.php HTTP/1.1" 200 10647 "http://www.mink-gmbh.de/wunschpreis.php" "Mozilla/5.0 (compatible; MSIE 9.0; Windows NT 6.1; WOW64; Trident/5.0)"
84.135.120.179 - - [04/Nov/2012:16:16:28 +0100] "GET /wunschpreis.php HTTP/1.1" 200 11997 "http://www.mink-gmbh.de/" "Mozilla/5.0 (compatible; MSIE 9.0; Windows NT 6.1; WOW64; Trident/5.0)"
84.135.120.179 - - [04/Nov/2012:16:16:29 +0100] "GET / HTTP/1.1" 200 14585 "http://www.zapmeta.de/?query=heiz%C3%B6l%20preise%20berlin&tag=3505734178I1352041858&vid=l84135120179I1352041858&sr=r&target=web_zapmeta_de&pp=8&clt=topic&awc=zmde1&asid=zapmeta_de1_c700&cl=res&node=0,0.1,0.1.1&ndv=y&list=24" "Mozilla/5.0 (compatible; MSIE 9.0; Windows NT 6.1; WOW64; Trident/5.0)"
66.249.74.49 - - [04/Nov/2012:16:16:37 +0100] "GET /news.php?cs_go=archiv&cs_id=63&cs_search= HTTP/1.1" 200 7887 "-" "Mozilla/5.0 (compatible; Googlebot/2.1; +http://www.google.com/bot.html)"
66.249.74.49 - - [04/Nov/2012:16:17:19 +0100] "GET /news.php?cs_go=archiv&cs_id=1144&cs_search= HTTP/1.1" 200 7887 "-" "Mozilla/5.0 (compatible; Googlebot/2.1; +http://www.google.com/bot.html)"
66.249.74.49 - - [04/Nov/2012:16:18:02 +0100] "GET /news.php?cs_go=archiv&cs_id=21&cs_search= HTTP/1.1" 200 7887 "-" "Mozilla/5.0 (compatible; Googlebot/2.1; +http://www.google.com/bot.html)"
66.249.74.49 - - [04/Nov/2012:16:19:27 +0100] "GET /news.php?cs_go=archiv&cs_startpos=1700 HTTP/1.1" 200 8126 "-" "Mozilla/5.0 (compatible; Googlebot/2.1; +http://www.google.com/bot.html)"
66.249.74.49 - - [04/Nov/2012:16:20:52 +0100] "GET /news.php?cs_go=archiv&cs_id=767&cs_search= HTTP/1.1" 200 7887 "-" "Mozilla/5.0 (compatible; Googlebot/2.1; +http://www.google.com/bot.html)"
66.249.74.49 - - [04/Nov/2012:16:21:34 +0100] "GET /news.php?cs_go=archiv&cs_id=1021&cs_search= HTTP/1.1" 200 7887 "-" "Mozilla/5.0 (compatible; Googlebot/2.1; +http://www.google.com/bot.html)"
84.19.190.126 - - [04/Nov/2012:16:21:59 +0100] "GET /news.php?cs_go=archiv&cs_id=3198&cs_search= HTTP/1.1" 200 11440 "-" "Mozilla/5.0 (compatible; UnisterBot; crawler@unister.de)"
66.249.74.49 - - [04/Nov/2012:16:22:17 +0100] "GET /news.php?cs_go=archiv&cs_id=214&cs_search= HTTP/1.1" 200 7887 "-" "Mozilla/5.0 (compatible; Googlebot/2.1; +http://www.google.com/bot.html)"
66.249.74.49 - - [04/Nov/2012:16:23:00 +0100] "GET /news.php?cs_go=archiv&cs_id=638&cs_search= HTTP/1.1" 200 7887 "-" "Mozilla/5.0 (compatible; Googlebot/2.1; +http://www.google.com/bot.html)"
66.249.74.49 - - [04/Nov/2012:16:23:42 +0100] "GET /news.php?cs_go=archiv&cs_id=410&cs_search= HTTP/1.1" 200 7887 "-" "Mozilla/5.0 (compatible; Googlebot/2.1; +http://www.google.com/bot.html)"
87.118.116.25 - - [04/Nov/2012:16:24:00 +0100] "GET /news.php?cs_go=archiv&cs_id=3204&cs_search= HTTP/1.1" 200 13481 "-" "Mozilla/5.0 (compatible; UnisterBot; crawler@unister.de)"
66.249.74.49 - - [04/Nov/2012:16:24:25 +0100] "GET /news.php?cs_go=archiv&cs_id=381&cs_search= HTTP/1.1" 200 7887 "-" "Mozilla/5.0 (compatible; Googlebot/2.1; +http://www.google.com/bot.html)"
5.9.25.69 - - [04/Nov/2012:16:24:25 +0100] "GET /robots.txt HTTP/1.1" 200 177 "-" "Pixray-Seeker/2.0 (Pixray-Seeker; +http://www.pixray.com/pixraybot; +crawler@pixray.com)"
5.9.25.69 - - [04/Nov/2012:16:24:26 +0100] "GET /news.php?cs_go=archiv&cs_id=2385&cs_search= HTTP/1.1" 200 7887 "-" "Pixray-Seeker/2.0 (Pixray-Seeker; +http://www.pixray.com/pixraybot; +crawler@pixray.com)"
84.19.190.126 - - [04/Nov/2012:16:25:03 +0100] "GET /news.php?cs_go=archiv&cs_id=3180&cs_search= HTTP/1.1" 200 13449 "-" "Mozilla/5.0 (compatible; UnisterBot; crawler@unister.de)"
66.249.74.49 - - [04/Nov/2012:16:25:50 +0100] "GET /news.php?cs_go=archiv&cs_id=1484&cs_search= HTTP/1.1" 200 7887 "-" "Mozilla/5.0 (compatible; Googlebot/2.1; +http://www.google.com/bot.html)"
66.249.74.49 - - [04/Nov/2012:16:27:57 +0100] "GET /news.php?cs_go=archiv&cs_id=330&cs_search= HTTP/1.1" 200 7887 "-" "Mozilla/5.0 (compatible; Googlebot/2.1; +http://www.google.com/bot.html)"
66.249.74.49 - - [04/Nov/2012:16:28:40 +0100] "GET /news.php?cs_go=archiv&cs_id=591&cs_search= HTTP/1.1" 200 7887 "-" "Mozilla/5.0 (compatible; Googlebot/2.1; +http://www.google.com/bot.html)"
66.249.74.49 - - [04/Nov/2012:16:29:22 +0100] "GET /news.php?cs_go=archiv&cs_id=264&cs_search= HTTP/1.1" 200 7887 "-" "Mozilla/5.0 (compatible; Googlebot/2.1; +http://www.google.com/bot.html)"
66.249.74.49 - - [04/Nov/2012:16:30:05 +0100] "GET /news.php?cs_go=archiv&cs_id=1530&cs_search= HTTP/1.1" 200 7887 "-" "Mozilla/5.0 (compatible; Googlebot/2.1; +http://www.google.com/bot.html)"
66.249.74.49 - - [04/Nov/2012:16:30:47 +0100] "GET /news.php?cs_go=archiv&cs_id=959&cs_search= HTTP/1.1" 200 7887 "-" "Mozilla/5.0 (compatible; Googlebot/2.1; +http://www.google.com/bot.html)"
66.249.74.49 - - [04/Nov/2012:16:31:30 +0100] "GET /news.php?cs_go=archiv&cs_id=209&cs_search= HTTP/1.1" 200 7887 "-" "Mozilla/5.0 (compatible; Googlebot/2.1; +http://www.google.com/bot.html)"
66.249.74.49 - - [04/Nov/2012:16:32:12 +0100] "GET /news.php?cs_go=archiv&cs_id=575&cs_search= HTTP/1.1" 200 7887 "-" "Mozilla/5.0 (compatible; Googlebot/2.1; +http://www.google.com/bot.html)"
66.249.74.49 - - [04/Nov/2012:16:32:55 +0100] "GET /news.php?cs_go=archiv&cs_id=996&cs_search= HTTP/1.1" 200 7887 "-" "Mozilla/5.0 (compatible; Googlebot/2.1; +http://www.google.com/bot.html)"
66.249.74.49 - - [04/Nov/2012:16:33:37 +0100] "GET /news.php?cs_go=archiv&cs_id=115&cs_search= HTTP/1.1" 200 7887 "-" "Mozilla/5.0 (compatible; Googlebot/2.1; +http://www.google.com/bot.html)"
66.249.74.49 - - [04/Nov/2012:16:34:20 +0100] "GET /news.php?cs_go=archiv&cs_id=705&cs_search= HTTP/1.1" 200 7887 "-" "Mozilla/5.0 (compatible; Googlebot/2.1; +http://www.google.com/bot.html)"
66.249.74.49 - - [04/Nov/2012:16:35:02 +0100] "GET /news.php?cs_go=archiv&cs_id=1057&cs_search= HTTP/1.1" 200 7887 "-" "Mozilla/5.0 (compatible; Googlebot/2.1; +http://www.google.com/bot.html)"
66.249.74.49 - - [04/Nov/2012:16:35:45 +0100] "GET /news.php?cs_go=archiv&cs_id=237&cs_search= HTTP/1.1" 200 7887 "-" "Mozilla/5.0 (compatible; Googlebot/2.1; +http://www.google.com/bot.html)"
66.249.74.49 - - [04/Nov/2012:16:36:27 +0100] "GET /news.php?cs_go=archiv&cs_id=163&cs_search= HTTP/1.1" 200 7887 "-" "Mozilla/5.0 (compatible; Googlebot/2.1; +http://www.google.com/bot.html)"
66.249.74.49 - - [04/Nov/2012:16:37:10 +0100] "GET /news.php?cs_go=archiv&cs_id=53&cs_search= HTTP/1.1" 200 7887 "-" "Mozilla/5.0 (compatible; Googlebot/2.1; +http://www.google.com/bot.html)"
66.249.74.49 - - [04/Nov/2012:16:37:52 +0100] "GET /news.php?cs_go=archiv&cs_id=36&cs_search= HTTP/1.1" 200 7887 "-" "Mozilla/5.0 (compatible; Googlebot/2.1; +http://www.google.com/bot.html)"
66.249.74.49 - - [04/Nov/2012:16:38:35 +0100] "GET /news.php?cs_go=archiv&cs_id=1502&cs_search= HTTP/1.1" 200 7887 "-" "Mozilla/5.0 (compatible; Googlebot/2.1; +http://www.google.com/bot.html)"
66.249.74.49 - - [04/Nov/2012:16:39:17 +0100] "GET /news.php?cs_go=archiv&cs_id=169&cs_search= HTTP/1.1" 200 7887 "-" "Mozilla/5.0 (compatible; Googlebot/2.1; +http://www.google.com/bot.html)"
66.249.74.49 - - [04/Nov/2012:16:40:00 +0100] "GET /news.php?cs_go=archiv&cs_id=1544&cs_search= HTTP/1.1" 200 7887 "-" "Mozilla/5.0 (compatible; Googlebot/2.1; +http://www.google.com/bot.html)"
66.249.74.49 - - [04/Nov/2012:16:40:42 +0100] "GET /news.php?cs_go=archiv&cs_id=1546&cs_search= HTTP/1.1" 200 7887 "-" "Mozilla/5.0 (compatible; Googlebot/2.1; +http://www.google.com/bot.html)"
66.249.74.49 - - [04/Nov/2012:16:41:25 +0100] "GET /news.php?cs_go=archiv&cs_id=333&cs_search= HTTP/1.1" 200 7887 "-" "Mozilla/5.0 (compatible; Googlebot/2.1; +http://www.google.com/bot.html)"
66.249.74.49 - - [04/Nov/2012:16:42:07 +0100] "GET /news.php?cs_go=archiv&cs_id=621&cs_search= HTTP/1.1" 200 7887 "-" "Mozilla/5.0 (compatible; Googlebot/2.1; +http://www.google.com/bot.html)"
66.249.74.49 - - [04/Nov/2012:16:42:50 +0100] "GET /news.php?cs_go=archiv&cs_id=329&cs_search= HTTP/1.1" 200 7887 "-" "Mozilla/5.0 (compatible; Googlebot/2.1; +http://www.google.com/bot.html)"
66.249.74.49 - - [04/Nov/2012:16:43:32 +0100] "GET /news.php?cs_go=archiv&cs_id=114&cs_search= HTTP/1.1" 200 7887 "-" "Mozilla/5.0 (compatible; Googlebot/2.1; +http://www.google.com/bot.html)"
66.249.74.49 - - [04/Nov/2012:16:44:15 +0100] "GET /news.php?cs_go=archiv&cs_id=1602&cs_search= HTTP/1.1" 200 7887 "-" "Mozilla/5.0 (compatible; Googlebot/2.1; +http://www.google.com/bot.html)"
66.249.74.49 - - [04/Nov/2012:16:44:57 +0100] "GET /news.php?cs_go=archiv&cs_id=403&cs_search= HTTP/1.1" 200 7887 "-" "Mozilla/5.0 (compatible; Googlebot/2.1; +http://www.google.com/bot.html)"
66.249.74.49 - - [04/Nov/2012:16:45:40 +0100] "GET /news.php?cs_go=archiv&cs_id=509&cs_search= HTTP/1.1" 200 7887 "-" "Mozilla/5.0 (compatible; Googlebot/2.1; +http://www.google.com/bot.html)"
66.249.74.49 - - [04/Nov/2012:16:46:23 +0100] "GET /news.php?cs_go=archiv&cs_id=1495&cs_search= HTTP/1.1" 200 7887 "-" "Mozilla/5.0 (compatible; Googlebot/2.1; +http://www.google.com/bot.html)"
66.249.74.49 - - [04/Nov/2012:16:47:05 +0100] "GET /news.php?cs_go=archiv&cs_id=821&cs_search= HTTP/1.1" 200 7887 "-" "Mozilla/5.0 (compatible; Googlebot/2.1; +http://www.google.com/bot.html)"
66.249.74.49 - - [04/Nov/2012:16:47:47 +0100] "GET /news.php?cs_go=archiv&cs_id=71&cs_search= HTTP/1.1" 200 7887 "-" "Mozilla/5.0 (compatible; Googlebot/2.1; +http://www.google.com/bot.html)"
66.249.74.49 - - [04/Nov/2012:16:48:30 +0100] "GET /news.php?cs_go=archiv&cs_id=1427&cs_search= HTTP/1.1" 200 7887 "-" "Mozilla/5.0 (compatible; Googlebot/2.1; +http://www.google.com/bot.html)"
66.249.74.49 - - [04/Nov/2012:16:49:12 +0100] "GET /news.php?cs_go=archiv&cs_id=1521&cs_search= HTTP/1.1" 200 7887 "-" "Mozilla/5.0 (compatible; Googlebot/2.1; +http://www.google.com/bot.html)"
66.249.74.49 - - [04/Nov/2012:16:49:55 +0100] "GET /news.php?cs_go=archiv&cs_id=1078&cs_search= HTTP/1.1" 200 7887 "-" "Mozilla/5.0 (compatible; Googlebot/2.1; +http://www.google.com/bot.html)"
5.9.25.70 - - [04/Nov/2012:16:50:13 +0100] "GET /robots.txt HTTP/1.1" 200 177 "-" "Pixray-Seeker/2.0 (Pixray-Seeker; +http://www.pixray.com/pixraybot; +crawler@pixray.com)"
5.9.25.70 - - [04/Nov/2012:16:50:13 +0100] "GET /news.php?cs_go=archiv&cs_id=2600&cs_search= HTTP/1.1" 200 7887 "-" "Pixray-Seeker/2.0 (Pixray-Seeker; +http://www.pixray.com/pixraybot; +crawler@pixray.com)"
66.249.74.49 - - [04/Nov/2012:16:50:37 +0100] "GET /news.php?cs_go=archiv&cs_id=533&cs_search= HTTP/1.1" 200 7887 "-" "Mozilla/5.0 (compatible; Googlebot/2.1; +http://www.google.com/bot.html)"
66.249.74.49 - - [04/Nov/2012:16:51:20 +0100] "GET /news.php?cs_go=archiv&cs_id=815&cs_search= HTTP/1.1" 200 7887 "-" "Mozilla/5.0 (compatible; Googlebot/2.1; +http://www.google.com/bot.html)"
66.249.74.49 - - [04/Nov/2012:16:52:02 +0100] "GET /news.php?cs_go=archiv&cs_id=247&cs_search= HTTP/1.1" 200 7887 "-" "Mozilla/5.0 (compatible; Googlebot/2.1; +http://www.google.com/bot.html)"
66.249.74.49 - - [04/Nov/2012:16:52:45 +0100] "GET /news.php?cs_go=archiv&cs_id=656&cs_search= HTTP/1.1" 200 7887 "-" "Mozilla/5.0 (compatible; Googlebot/2.1; +http://www.google.com/bot.html)"
66.249.74.49 - - [04/Nov/2012:16:53:27 +0100] "GET /news.php?cs_go=archiv&cs_id=758&cs_search= HTTP/1.1" 200 7887 "-" "Mozilla/5.0 (compatible; Googlebot/2.1; +http://www.google.com/bot.html)"
66.249.74.49 - - [04/Nov/2012:16:54:10 +0100] "GET /news.php?cs_go=archiv&cs_id=226&cs_search= HTTP/1.1" 200 7887 "-" "Mozilla/5.0 (compatible; Googlebot/2.1; +http://www.google.com/bot.html)"
66.249.74.49 - - [04/Nov/2012:16:54:52 +0100] "GET /news.php?cs_go=archiv&cs_id=838&cs_search= HTTP/1.1" 200 7887 "-" "Mozilla/5.0 (compatible; Googlebot/2.1; +http://www.google.com/bot.html)"
66.249.74.49 - - [04/Nov/2012:16:55:35 +0100] "GET /news.php?cs_go=archiv&cs_id=611&cs_search= HTTP/1.1" 200 7887 "-" "Mozilla/5.0 (compatible; Googlebot/2.1; +http://www.google.com/bot.html)"
66.249.74.49 - - [04/Nov/2012:16:56:18 +0100] "GET /news.php?cs_go=archiv&cs_id=519&cs_search= HTTP/1.1" 200 7887 "-" "Mozilla/5.0 (compatible; Googlebot/2.1; +http://www.google.com/bot.html)"
5.9.25.70 - - [04/Nov/2012:16:56:52 +0100] "GET /news.php?cs_go=archiv&cs_id=2974&cs_search= HTTP/1.1" 200 13420 "-" "Pixray-Seeker/2.0 (Pixray-Seeker; +http://www.pixray.com/pixraybot; +crawler@pixray.com)"
66.249.74.49 - - [04/Nov/2012:16:57:00 +0100] "GET /news.php?cs_go=archiv&cs_id=1001&cs_search= HTTP/1.1" 200 7887 "-" "Mozilla/5.0 (compatible; Googlebot/2.1; +http://www.google.com/bot.html)"
66.249.74.49 - - [04/Nov/2012:16:57:43 +0100] "GET /news.php?cs_go=archiv&cs_id=331&cs_search= HTTP/1.1" 200 7887 "-" "Mozilla/5.0 (compatible; Googlebot/2.1; +http://www.google.com/bot.html)"
82.94.179.38 - - [04/Nov/2012:16:58:23 +0100] "GET /robots.txt HTTP/1.0" 200 177 "-" "Mozilla/4.0 (compatible; Vagabondo/4.0/EU; http://webagent.wise-guys.nl/)"
82.94.179.38 - - [04/Nov/2012:16:58:23 +0100] "GET /jobs.php HTTP/1.1" 200 10066 "http://www.mink-gmbh.de/" "Mozilla/4.0 (compatible; Vagabondo/4.0/EU; http://www.wise-guys.nl/)"
66.249.74.49 - - [04/Nov/2012:16:58:25 +0100] "GET /news.php?cs_go=archiv&cs_id=614&cs_search= HTTP/1.1" 200 7887 "-" "Mozilla/5.0 (compatible; Googlebot/2.1; +http://www.google.com/bot.html)"
82.94.179.38 - - [04/Nov/2012:16:58:27 +0100] "GET /faq.php HTTP/1.1" 200 185803 "http://www.mink-gmbh.de/kwk.php" "Mozilla/4.0 (compatible; Vagabondo/4.0/EU; http://www.wise-guys.nl/)"
82.94.179.38 - - [04/Nov/2012:16:58:31 +0100] "GET /news.php?cs_go=archiv&cs_id=2787 HTTP/1.1" 200 14146 "http://www.mink-gmbh.de/news.php?cs_go=archiv&cs_startpos=550" "Mozilla/4.0 (compatible; Vagabondo/4.0/EU; http://www.wise-guys.nl/)"
82.94.179.38 - - [04/Nov/2012:16:58:36 +0100] "GET /news.php?cs_go=archiv&cs_id=2790 HTTP/1.1" 200 13907 "http://www.mink-gmbh.de/news.php?cs_go=archiv&cs_startpos=550" "Mozilla/4.0 (compatible; Vagabondo/4.0/EU; http://www.wise-guys.nl/)"
82.94.179.38 - - [04/Nov/2012:16:58:41 +0100] "GET /news.php?cs_go=archiv&cs_id=2777 HTTP/1.1" 200 9488 "http://www.mink-gmbh.de/news.php?cs_go=archiv&cs_startpos=550" "Mozilla/4.0 (compatible; Vagabondo/4.0/EU; http://www.wise-guys.nl/)"
82.94.179.38 - - [04/Nov/2012:16:58:48 +0100] "GET /news.php?cs_go=archiv&cs_id=2799 HTTP/1.1" 200 13253 "http://www.mink-gmbh.de/news.php?cs_go=archiv&cs_startpos=530" "Mozilla/4.0 (compatible; Vagabondo/4.0/EU; http://www.wise-guys.nl/)"
82.94.179.38 - - [04/Nov/2012:16:58:54 +0100] "GET /news.php?cs_go=archiv&cs_id=2795 HTTP/1.1" 200 9892 "http://www.mink-gmbh.de/news.php?cs_go=archiv&cs_startpos=540" "Mozilla/4.0 (compatible; Vagabondo/4.0/EU; http://www.wise-guys.nl/)"
82.94.179.38 - - [04/Nov/2012:16:59:00 +0100] "GET /news.php?cs_go=archiv&cs_id=2852 HTTP/1.1" 200 15931 "http://www.mink-gmbh.de/news.php?cs_go=archiv&cs_startpos=480" "Mozilla/4.0 (compatible; Vagabondo/4.0/EU; http://www.wise-guys.nl/)"
82.94.179.38 - - [04/Nov/2012:16:59:06 +0100] "GET /news.php?cs_go=archiv&cs_id=2789 HTTP/1.1" 200 10551 "http://www.mink-gmbh.de/news.php?cs_go=archiv&cs_startpos=540" "Mozilla/4.0 (compatible; Vagabondo/4.0/EU; http://www.wise-guys.nl/)"
66.249.74.49 - - [04/Nov/2012:16:59:08 +0100] "GET /news.php?cs_go=archiv&cs_id=203&cs_search= HTTP/1.1" 200 7887 "-" "Mozilla/5.0 (compatible; Googlebot/2.1; +http://www.google.com/bot.html)"
82.94.179.38 - - [04/Nov/2012:16:59:12 +0100] "GET /news.php?cs_go=archiv&cs_id=2803 HTTP/1.1" 200 14178 "http://www.mink-gmbh.de/news.php?cs_go=archiv&cs_startpos=540" "Mozilla/4.0 (compatible; Vagabondo/4.0/EU; http://www.wise-guys.nl/)"
82.94.179.38 - - [04/Nov/2012:16:59:19 +0100] "GET /news.php?cs_go=archiv&cs_id=2778 HTTP/1.1" 200 14137 "http://www.mink-gmbh.de/news.php?cs_go=archiv&cs_startpos=550" "Mozilla/4.0 (compatible; Vagabondo/4.0/EU; http://www.wise-guys.nl/)"
82.94.179.38 - - [04/Nov/2012:16:59:26 +0100] "GET /news.php?cs_go=archiv&cs_id=2814 HTTP/1.1" 200 13608 "http://www.mink-gmbh.de/news.php?cs_go=archiv&cs_startpos=530" "Mozilla/4.0 (compatible; Vagabondo/4.0/EU; http://www.wise-guys.nl/)"
82.94.179.38 - - [04/Nov/2012:16:59:33 +0100] "GET /news.php?cs_go=archiv&cs_id=2775 HTTP/1.1" 200 10324 "http://www.mink-gmbh.de/news.php?cs_go=archiv&cs_startpos=560" "Mozilla/4.0 (compatible; Vagabondo/4.0/EU; http://www.wise-guys.nl/)"
82.94.179.38 - - [04/Nov/2012:16:59:40 +0100] "GET /news.php?cs_go=archiv&cs_id=2807 HTTP/1.1" 200 13552 "http://www.mink-gmbh.de/news.php?cs_go=archiv&cs_startpos=530" "Mozilla/4.0 (compatible; Vagabondo/4.0/EU; http://www.wise-guys.nl/)"
82.94.179.38 - - [04/Nov/2012:16:59:46 +0100] "GET /news.php?cs_go=archiv&cs_id=2847 HTTP/1.1" 200 11118 "http://www.mink-gmbh.de/news.php?cs_go=archiv&cs_startpos=490" "Mozilla/4.0 (compatible; Vagabondo/4.0/EU; http://www.wise-guys.nl/)"
66.249.74.49 - - [04/Nov/2012:16:59:50 +0100] "GET /news.php?cs_go=archiv&cs_id=218&cs_search= HTTP/1.1" 200 7887 "-" "Mozilla/5.0 (compatible; Googlebot/2.1; +http://www.google.com/bot.html)"
82.94.179.38 - - [04/Nov/2012:16:59:52 +0100] "GET /news.php?cs_go=archiv&cs_id=2851 HTTP/1.1" 200 15029 "http://www.mink-gmbh.de/news.php?cs_go=archiv&cs_startpos=480" "Mozilla/4.0 (compatible; Vagabondo/4.0/EU; http://www.wise-guys.nl/)"
82.94.179.38 - - [04/Nov/2012:16:59:57 +0100] "GET /news.php?cs_go=archiv&cs_id=2809 HTTP/1.1" 200 10046 "http://www.mink-gmbh.de/news.php?cs_go=archiv&cs_startpos=530" "Mozilla/4.0 (compatible; Vagabondo/4.0/EU; http://www.wise-guys.nl/)"
82.94.179.38 - - [04/Nov/2012:17:00:04 +0100] "GET /news.php?cs_go=archiv&cs_id=2784 HTTP/1.1" 200 10033 "http://www.mink-gmbh.de/news.php?cs_go=archiv&cs_startpos=550" "Mozilla/4.0 (compatible; Vagabondo/4.0/EU; http://www.wise-guys.nl/)"
82.94.179.38 - - [04/Nov/2012:17:00:10 +0100] "GET /news.php?cs_go=archiv&cs_id=2848 HTTP/1.1" 200 19286 "http://www.mink-gmbh.de/news.php?cs_go=archiv&cs_startpos=490" "Mozilla/4.0 (compatible; Vagabondo/4.0/EU; http://www.wise-guys.nl/)"
82.94.179.38 - - [04/Nov/2012:17:00:17 +0100] "GET /news.php?cs_go=archiv&cs_id=2849 HTTP/1.1" 200 13757 "http://www.mink-gmbh.de/news.php?cs_go=archiv&cs_startpos=480" "Mozilla/4.0 (compatible; Vagabondo/4.0/EU; http://www.wise-guys.nl/)"
82.94.179.38 - - [04/Nov/2012:17:00:23 +0100] "GET /news.php?cs_go=archiv&cs_id=2780 HTTP/1.1" 200 10089 "http://www.mink-gmbh.de/news.php?cs_go=archiv&cs_startpos=550" "Mozilla/4.0 (compatible; Vagabondo/4.0/EU; http://www.wise-guys.nl/)"
82.94.179.38 - - [04/Nov/2012:17:00:30 +0100] "GET /news.php?cs_go=archiv&cs_id=2783 HTTP/1.1" 200 14321 "http://www.mink-gmbh.de/news.php?cs_go=archiv&cs_startpos=550" "Mozilla/4.0 (compatible; Vagabondo/4.0/EU; http://www.wise-guys.nl/)"
66.249.74.49 - - [04/Nov/2012:17:00:33 +0100] "GET /news.php?cs_go=archiv&cs_id=1388&cs_search= HTTP/1.1" 200 7887 "-" "Mozilla/5.0 (compatible; Googlebot/2.1; +http://www.google.com/bot.html)"
82.94.179.38 - - [04/Nov/2012:17:00:37 +0100] "GET /news.php?cs_go=archiv&cs_id=2873 HTTP/1.1" 200 15540 "http://www.mink-gmbh.de/news.php?cs_go=archiv&cs_startpos=490" "Mozilla/4.0 (compatible; Vagabondo/4.0/EU; http://www.wise-guys.nl/)"
82.94.179.38 - - [04/Nov/2012:17:00:43 +0100] "GET /news.php?cs_go=archiv&cs_id=2813 HTTP/1.1" 200 16037 "http://www.mink-gmbh.de/news.php?cs_go=archiv&cs_startpos=530" "Mozilla/4.0 (compatible; Vagabondo/4.0/EU; http://www.wise-guys.nl/)"
82.94.179.38 - - [04/Nov/2012:17:00:49 +0100] "GET /news.php?cs_go=archiv&cs_id=2806 HTTP/1.1" 200 12248 "http://www.mink-gmbh.de/news.php?cs_go=archiv&cs_startpos=530" "Mozilla/4.0 (compatible; Vagabondo/4.0/EU; http://www.wise-guys.nl/)"
82.94.179.38 - - [04/Nov/2012:17:00:53 +0100] "GET /news.php?cs_go=archiv&cs_id=2811 HTTP/1.1" 200 13430 "http://www.mink-gmbh.de/news.php?cs_go=archiv&cs_startpos=530" "Mozilla/4.0 (compatible; Vagabondo/4.0/EU; http://www.wise-guys.nl/)"
82.94.179.38 - - [04/Nov/2012:17:00:57 +0100] "GET /news.php?cs_go=archiv&cs_id=2810 HTTP/1.1" 200 12687 "http://www.mink-gmbh.de/news.php?cs_go=archiv&cs_startpos=530" "Mozilla/4.0 (compatible; Vagabondo/4.0/EU; http://www.wise-guys.nl/)"
82.94.179.38 - - [04/Nov/2012:17:01:01 +0100] "GET /news.php?cs_go=archiv&cs_id=2785 HTTP/1.1" 200 11885 "http://www.mink-gmbh.de/news.php?cs_go=archiv&cs_startpos=550" "Mozilla/4.0 (compatible; Vagabondo/4.0/EU; http://www.wise-guys.nl/)"
82.94.179.38 - - [04/Nov/2012:17:01:05 +0100] "GET /news.php?cs_go=archiv&cs_id=2801 HTTP/1.1" 200 10117 "http://www.mink-gmbh.de/news.php?cs_go=archiv&cs_startpos=540" "Mozilla/4.0 (compatible; Vagabondo/4.0/EU; http://www.wise-guys.nl/)"
82.94.179.38 - - [04/Nov/2012:17:01:09 +0100] "GET /news.php?cs_go=archiv&cs_id=2797 HTTP/1.1" 200 16622 "http://www.mink-gmbh.de/news.php?cs_go=archiv&cs_startpos=540" "Mozilla/4.0 (compatible; Vagabondo/4.0/EU; http://www.wise-guys.nl/)"
82.94.179.38 - - [04/Nov/2012:17:01:13 +0100] "GET /news.php?cs_go=archiv&cs_id=2782 HTTP/1.1" 200 12128 "http://www.mink-gmbh.de/news.php?cs_go=archiv&cs_startpos=550" "Mozilla/4.0 (compatible; Vagabondo/4.0/EU; http://www.wise-guys.nl/)"
66.249.74.49 - - [04/Nov/2012:17:01:15 +0100] "GET /news.php?cs_go=archiv&cs_id=1125&cs_search= HTTP/1.1" 200 7887 "-" "Mozilla/5.0 (compatible; Googlebot/2.1; +http://www.google.com/bot.html)"
82.94.179.38 - - [04/Nov/2012:17:01:18 +0100] "GET /news.php?cs_go=archiv&cs_id=2788 HTTP/1.1" 200 9898 "http://www.mink-gmbh.de/news.php?cs_go=archiv&cs_startpos=550" "Mozilla/4.0 (compatible; Vagabondo/4.0/EU; http://www.wise-guys.nl/)"
82.94.179.38 - - [04/Nov/2012:17:01:23 +0100] "GET /news.php?cs_go=archiv&cs_id=2874 HTTP/1.1" 200 13938 "http://www.mink-gmbh.de/news.php?cs_go=archiv&cs_startpos=490" "Mozilla/4.0 (compatible; Vagabondo/4.0/EU; http://www.wise-guys.nl/)"
82.94.179.38 - - [04/Nov/2012:17:01:28 +0100] "GET /news.php?cs_go=archiv&cs_id=2854 HTTP/1.1" 200 14468 "http://www.mink-gmbh.de/news.php?cs_go=archiv&cs_startpos=480" "Mozilla/4.0 (compatible; Vagabondo/4.0/EU; http://www.wise-guys.nl/)"
82.94.179.38 - - [04/Nov/2012:17:01:32 +0100] "GET /news.php?cs_go=archiv&cs_id=2792 HTTP/1.1" 200 9850 "http://www.mink-gmbh.de/news.php?cs_go=archiv&cs_startpos=540" "Mozilla/4.0 (compatible; Vagabondo/4.0/EU; http://www.wise-guys.nl/)"
82.94.179.38 - - [04/Nov/2012:17:01:40 +0100] "GET /news.php?cs_go=archiv&cs_id=2805 HTTP/1.1" 200 10047 "http://www.mink-gmbh.de/news.php?cs_go=archiv&cs_startpos=530" "Mozilla/4.0 (compatible; Vagabondo/4.0/EU; http://www.wise-guys.nl/)"
82.94.179.38 - - [04/Nov/2012:17:01:48 +0100] "GET /news.php?cs_go=archiv&cs_id=2804 HTTP/1.1" 200 14076 "http://www.mink-gmbh.de/news.php?cs_go=archiv&cs_startpos=540" "Mozilla/4.0 (compatible; Vagabondo/4.0/EU; http://www.wise-guys.nl/)"
82.94.179.38 - - [04/Nov/2012:17:01:56 +0100] "GET /news.php?cs_go=archiv&cs_id=2812 HTTP/1.1" 200 9971 "http://www.mink-gmbh.de/news.php?cs_go=archiv&cs_startpos=530" "Mozilla/4.0 (compatible; Vagabondo/4.0/EU; http://www.wise-guys.nl/)"
66.249.74.49 - - [04/Nov/2012:17:01:58 +0100] "GET /news.php?cs_go=archiv&cs_id=1035&cs_search= HTTP/1.1" 200 7887 "-" "Mozilla/5.0 (compatible; Googlebot/2.1; +http://www.google.com/bot.html)"
82.94.179.38 - - [04/Nov/2012:17:02:04 +0100] "GET /news.php?cs_go=archiv&cs_id=2881 HTTP/1.1" 200 13211 "http://www.mink-gmbh.de/news.php?cs_go=archiv&cs_startpos=480" "Mozilla/4.0 (compatible; Vagabondo/4.0/EU; http://www.wise-guys.nl/)"
82.94.179.38 - - [04/Nov/2012:17:02:12 +0100] "GET /news.php?cs_go=archiv&cs_id=2794 HTTP/1.1" 200 13711 "http://www.mink-gmbh.de/news.php?cs_go=archiv&cs_startpos=540" "Mozilla/4.0 (compatible; Vagabondo/4.0/EU; http://www.wise-guys.nl/)"
82.94.179.38 - - [04/Nov/2012:17:02:20 +0100] "GET /news.php?cs_go=archiv&cs_id=2798 HTTP/1.1" 200 13647 "http://www.mink-gmbh.de/news.php?cs_go=archiv&cs_startpos=540" "Mozilla/4.0 (compatible; Vagabondo/4.0/EU; http://www.wise-guys.nl/)"
82.94.179.38 - - [04/Nov/2012:17:02:27 +0100] "GET /news.php?cs_go=archiv&cs_id=2877 HTTP/1.1" 200 14488 "http://www.mink-gmbh.de/news.php?cs_go=archiv&cs_startpos=490" "Mozilla/4.0 (compatible; Vagabondo/4.0/EU; http://www.wise-guys.nl/)"
82.94.179.38 - - [04/Nov/2012:17:02:34 +0100] "GET /news.php?cs_go=archiv&cs_id=2872 HTTP/1.1" 200 10266 "http://www.mink-gmbh.de/news.php?cs_go=archiv&cs_startpos=490" "Mozilla/4.0 (compatible; Vagabondo/4.0/EU; http://www.wise-guys.nl/)"
66.249.74.49 - - [04/Nov/2012:17:02:40 +0100] "GET /news.php?cs_go=archiv&cs_id=382&cs_search= HTTP/1.1" 200 7887 "-" "Mozilla/5.0 (compatible; Googlebot/2.1; +http://www.google.com/bot.html)"
82.94.179.38 - - [04/Nov/2012:17:02:42 +0100] "GET /news.php?cs_go=archiv&cs_id=2844 HTTP/1.1" 200 10776 "http://www.mink-gmbh.de/news.php?cs_go=archiv&cs_startpos=510" "Mozilla/4.0 (compatible; Vagabondo/4.0/EU; http://www.wise-guys.nl/)"
82.94.179.38 - - [04/Nov/2012:17:02:49 +0100] "GET /news.php?cs_go=archiv&cs_id=2845 HTTP/1.1" 200 11036 "http://www.mink-gmbh.de/news.php?cs_go=archiv&cs_startpos=510" "Mozilla/4.0 (compatible; Vagabondo/4.0/EU; http://www.wise-guys.nl/)"
82.94.179.38 - - [04/Nov/2012:17:02:56 +0100] "GET /news.php?cs_go=archiv&cs_id=2796 HTTP/1.1" 200 10574 "http://www.mink-gmbh.de/news.php?cs_go=archiv&cs_startpos=540" "Mozilla/4.0 (compatible; Vagabondo/4.0/EU; http://www.wise-guys.nl/)"
82.94.179.38 - - [04/Nov/2012:17:03:03 +0100] "GET /news.php?cs_go=archiv&cs_id=2883 HTTP/1.1" 200 13456 "http://www.mink-gmbh.de/news.php?cs_go=archiv&cs_startpos=480" "Mozilla/4.0 (compatible; Vagabondo/4.0/EU; http://www.wise-guys.nl/)"
82.94.179.38 - - [04/Nov/2012:17:03:10 +0100] "GET /news.php?cs_go=archiv&cs_id=3512 HTTP/1.1" 200 12506 "http://www.mink-gmbh.de/index.php" "Mozilla/4.0 (compatible; Vagabondo/4.0/EU; http://www.wise-guys.nl/)"
82.94.179.38 - - [04/Nov/2012:17:03:17 +0100] "GET /news.php?cs_go=archiv&cs_id=2875 HTTP/1.1" 200 10874 "http://www.mink-gmbh.de/news.php?cs_go=archiv&cs_startpos=490" "Mozilla/4.0 (compatible; Vagabondo/4.0/EU; http://www.wise-guys.nl/)"
66.249.74.49 - - [04/Nov/2012:17:03:23 +0100] "GET /news.php?cs_go=archiv&cs_id=804&cs_search= HTTP/1.1" 200 7887 "-" "Mozilla/5.0 (compatible; Googlebot/2.1; +http://www.google.com/bot.html)"
82.94.179.38 - - [04/Nov/2012:17:03:25 +0100] "GET /news.php?cs_go=archiv&cs_id=2853 HTTP/1.1" 200 9990 "http://www.mink-gmbh.de/news.php?cs_go=archiv&cs_startpos=520" "Mozilla/4.0 (compatible; Vagabondo/4.0/EU; http://www.wise-guys.nl/)"
82.94.179.38 - - [04/Nov/2012:17:03:33 +0100] "GET /news.php?cs_go=archiv&cs_id=2886 HTTP/1.1" 200 10341 "http://www.mink-gmbh.de/news.php?cs_go=archiv&cs_startpos=480" "Mozilla/4.0 (compatible; Vagabondo/4.0/EU; http://www.wise-guys.nl/)"
82.94.179.38 - - [04/Nov/2012:17:03:40 +0100] "GET /news.php?cs_go=archiv&cs_id=2882 HTTP/1.1" 200 10260 "http://www.mink-gmbh.de/news.php?cs_go=archiv&cs_startpos=480" "Mozilla/4.0 (compatible; Vagabondo/4.0/EU; http://www.wise-guys.nl/)"
213.186.119.140 - - [04/Nov/2012:17:03:41 +0100] "GET /www.solartechnikberater.de HTTP/1.1" 404 - "-" "Mozilla/5.0 (compatible; AhrefsBot/3.1; +http://ahrefs.com/robot/)"
82.94.179.38 - - [04/Nov/2012:17:03:48 +0100] "GET /news.php?cs_go=archiv&cs_id=2876 HTTP/1.1" 200 10176 "http://www.mink-gmbh.de/news.php?cs_go=archiv&cs_startpos=490" "Mozilla/4.0 (compatible; Vagabondo/4.0/EU; http://www.wise-guys.nl/)"
82.94.179.38 - - [04/Nov/2012:17:03:55 +0100] "GET /news.php?cs_go=archiv&cs_id=2880 HTTP/1.1" 200 10178 "http://www.mink-gmbh.de/news.php?cs_go=archiv&cs_startpos=490" "Mozilla/4.0 (compatible; Vagabondo/4.0/EU; http://www.wise-guys.nl/)"
82.94.179.38 - - [04/Nov/2012:17:04:02 +0100] "GET /news.php?cs_go=archiv&cs_id=2842 HTTP/1.1" 200 10029 "http://www.mink-gmbh.de/news.php?cs_go=archiv&cs_startpos=520" "Mozilla/4.0 (compatible; Vagabondo/4.0/EU; http://www.wise-guys.nl/)"
66.249.74.49 - - [04/Nov/2012:17:04:05 +0100] "GET /news.php?cs_go=archiv&cs_id=1485&cs_search= HTTP/1.1" 200 7887 "-" "Mozilla/5.0 (compatible; Googlebot/2.1; +http://www.google.com/bot.html)"
82.94.179.38 - - [04/Nov/2012:17:04:08 +0100] "GET /news.php?cs_go=archiv&cs_id=3514 HTTP/1.1" 200 14386 "http://www.mink-gmbh.de/index.php" "Mozilla/4.0 (compatible; Vagabondo/4.0/EU; http://www.wise-guys.nl/)"
82.94.179.38 - - [04/Nov/2012:17:04:12 +0100] "GET /news.php?cs_go=archiv&cs_id=2855 HTTP/1.1" 200 14099 "http://www.mink-gmbh.de/news.php?cs_go=archiv&cs_startpos=520" "Mozilla/4.0 (compatible; Vagabondo/4.0/EU; http://www.wise-guys.nl/)"
82.94.179.38 - - [04/Nov/2012:17:04:16 +0100] "GET /news.php?cs_go=archiv&cs_id=2843 HTTP/1.1" 200 12733 "http://www.mink-gmbh.de/news.php?cs_go=archiv&cs_startpos=510" "Mozilla/4.0 (compatible; Vagabondo/4.0/EU; http://www.wise-guys.nl/)"
82.94.179.38 - - [04/Nov/2012:17:04:21 +0100] "GET /news.php?cs_go=archiv&cs_id=2885 HTTP/1.1" 200 13578 "http://www.mink-gmbh.de/news.php?cs_go=archiv&cs_startpos=480" "Mozilla/4.0 (compatible; Vagabondo/4.0/EU; http://www.wise-guys.nl/)"
82.94.179.38 - - [04/Nov/2012:17:04:26 +0100] "GET /news.php?cs_go=archiv&cs_id=2850 HTTP/1.1" 200 13590 "http://www.mink-gmbh.de/news.php?cs_go=archiv&cs_startpos=520" "Mozilla/4.0 (compatible; Vagabondo/4.0/EU; http://www.wise-guys.nl/)"
82.94.179.38 - - [04/Nov/2012:17:04:30 +0100] "GET /news.php?cs_go=archiv&cs_id=2884 HTTP/1.1" 200 10317 "http://www.mink-gmbh.de/news.php?cs_go=archiv&cs_startpos=480" "Mozilla/4.0 (compatible; Vagabondo/4.0/EU; http://www.wise-guys.nl/)"
82.94.179.38 - - [04/Nov/2012:17:04:34 +0100] "GET /news.php?cs_go=archiv&cs_id=2878 HTTP/1.1" 200 13547 "http://www.mink-gmbh.de/news.php?cs_go=archiv&cs_startpos=490" "Mozilla/4.0 (compatible; Vagabondo/4.0/EU; http://www.wise-guys.nl/)"
82.94.179.38 - - [04/Nov/2012:17:04:39 +0100] "GET /news.php?cs_go=archiv&cs_id=2846 HTTP/1.1" 200 10833 "http://www.mink-gmbh.de/news.php?cs_go=archiv&cs_startpos=500" "Mozilla/4.0 (compatible; Vagabondo/4.0/EU; http://www.wise-guys.nl/)"
82.94.179.38 - - [04/Nov/2012:17:04:44 +0100] "GET /news.php?cs_go=archiv&cs_id=2895 HTTP/1.1" 200 13633 "http://www.mink-gmbh.de/news.php?cs_go=archiv&cs_startpos=470" "Mozilla/4.0 (compatible; Vagabondo/4.0/EU; http://www.wise-guys.nl/)"
66.249.74.49 - - [04/Nov/2012:17:04:48 +0100] "GET /news.php?cs_go=archiv&cs_id=1553&cs_search= HTTP/1.1" 200 7887 "-" "Mozilla/5.0 (compatible; Googlebot/2.1; +http://www.google.com/bot.html)"
82.94.179.38 - - [04/Nov/2012:17:04:49 +0100] "GET /news.php?cs_go=archiv&cs_id=3525 HTTP/1.1" 200 11977 "http://www.mink-gmbh.de/" "Mozilla/4.0 (compatible; Vagabondo/4.0/EU; http://www.wise-guys.nl/)"
82.94.179.38 - - [04/Nov/2012:17:04:54 +0100] "GET /news.php?cs_go=archiv&cs_id=2862 HTTP/1.1" 200 13946 "http://www.mink-gmbh.de/news.php?cs_go=archiv&cs_startpos=510" "Mozilla/4.0 (compatible; Vagabondo/4.0/EU; http://www.wise-guys.nl/)"
82.94.179.38 - - [04/Nov/2012:17:04:58 +0100] "GET /news.php?cs_go=archiv&cs_id=2892 HTTP/1.1" 200 13403 "http://www.mink-gmbh.de/news.php?cs_go=archiv&cs_startpos=470" "Mozilla/4.0 (compatible; Vagabondo/4.0/EU; http://www.wise-guys.nl/)"
82.94.179.38 - - [04/Nov/2012:17:05:02 +0100] "GET /news.php?cs_go=archiv&cs_id=3577 HTTP/1.1" 200 9891 "http://www.mink-gmbh.de/" "Mozilla/4.0 (compatible; Vagabondo/4.0/EU; http://www.wise-guys.nl/)"
82.94.179.38 - - [04/Nov/2012:17:05:07 +0100] "GET /news.php?cs_go=archiv&cs_id=3565 HTTP/1.1" 200 13507 "http://www.mink-gmbh.de/news.php?cs_go=archiv&cs_startpos=10" "Mozilla/4.0 (compatible; Vagabondo/4.0/EU; http://www.wise-guys.nl/)"
82.94.179.38 - - [04/Nov/2012:17:05:12 +0100] "GET /news.php?cs_go=archiv&cs_id=3551 HTTP/1.1" 200 9802 "http://www.mink-gmbh.de/news.php?cs_go=archiv&cs_startpos=10" "Mozilla/4.0 (compatible; Vagabondo/4.0/EU; http://www.wise-guys.nl/)"
82.94.179.38 - - [04/Nov/2012:17:05:16 +0100] "GET /news.php?cs_go=archiv&cs_id=2916 HTTP/1.1" 200 13419 "http://www.mink-gmbh.de/news.php?cs_go=archiv&cs_startpos=460" "Mozilla/4.0 (compatible; Vagabondo/4.0/EU; http://www.wise-guys.nl/)"
82.94.179.38 - - [04/Nov/2012:17:05:21 +0100] "GET /news.php?cs_go=archiv&cs_id=3561 HTTP/1.1" 200 9991 "http://www.mink-gmbh.de/news.php?cs_go=archiv" "Mozilla/4.0 (compatible; Vagabondo/4.0/EU; http://www.wise-guys.nl/)"
82.94.179.38 - - [04/Nov/2012:17:05:26 +0100] "GET /news.php?cs_go=archiv&cs_id=2836 HTTP/1.1" 200 10776 "http://www.mink-gmbh.de/news.php?cs_go=archiv&cs_startpos=550" "Mozilla/4.0 (compatible; Vagabondo/4.0/EU; http://www.wise-guys.nl/)"
66.249.74.49 - - [04/Nov/2012:17:05:30 +0100] "GET /news.php?cs_go=archiv&cs_id=1100&cs_search= HTTP/1.1" 200 7887 "-" "Mozilla/5.0 (compatible; Googlebot/2.1; +http://www.google.com/bot.html)"
82.94.179.38 - - [04/Nov/2012:17:05:31 +0100] "GET /news.php?cs_go=archiv&cs_id=2893 HTTP/1.1" 200 10007 "http://www.mink-gmbh.de/news.php?cs_go=archiv&cs_startpos=470" "Mozilla/4.0 (compatible; Vagabondo/4.0/EU; http://www.wise-guys.nl/)"
82.94.179.38 - - [04/Nov/2012:17:05:35 +0100] "GET /news.php?cs_go=archiv&cs_id=2837 HTTP/1.1" 200 13691 "http://www.mink-gmbh.de/news.php?cs_go=archiv&cs_startpos=550" "Mozilla/4.0 (compatible; Vagabondo/4.0/EU; http://www.wise-guys.nl/)"
82.94.179.38 - - [04/Nov/2012:17:05:39 +0100] "GET /news.php?cs_go=archiv&cs_id=2869 HTTP/1.1" 200 13381 "http://www.mink-gmbh.de/news.php?cs_go=archiv&cs_startpos=500" "Mozilla/4.0 (compatible; Vagabondo/4.0/EU; http://www.wise-guys.nl/)"
82.94.179.38 - - [04/Nov/2012:17:05:44 +0100] "GET /news.php?cs_go=archiv&cs_id=3548 HTTP/1.1" 200 9873 "http://www.mink-gmbh.de/news.php?cs_go=archiv&cs_startpos=10" "Mozilla/4.0 (compatible; Vagabondo/4.0/EU; http://www.wise-guys.nl/)"
82.94.179.38 - - [04/Nov/2012:17:05:49 +0100] "GET /news.php?cs_go=archiv&cs_id=2887 HTTP/1.1" 200 13500 "http://www.mink-gmbh.de/news.php?cs_go=archiv&cs_startpos=490" "Mozilla/4.0 (compatible; Vagabondo/4.0/EU; http://www.wise-guys.nl/)"
82.94.179.38 - - [04/Nov/2012:17:05:53 +0100] "GET /news.php?cs_go=archiv&cs_id=3428 HTTP/1.1" 200 13539 "http://www.mink-gmbh.de/" "Mozilla/4.0 (compatible; Vagabondo/4.0/EU; http://www.wise-guys.nl/)"
82.94.179.38 - - [04/Nov/2012:17:05:58 +0100] "GET /news.php?cs_go=archiv&cs_id=2912 HTTP/1.1" 200 9765 "http://www.mink-gmbh.de/news.php?cs_go=archiv&cs_startpos=460" "Mozilla/4.0 (compatible; Vagabondo/4.0/EU; http://www.wise-guys.nl/)"
82.94.179.38 - - [04/Nov/2012:17:06:02 +0100] "GET /news.php?cs_go=archiv&cs_id=2906 HTTP/1.1" 200 13656 "http://www.mink-gmbh.de/news.php?cs_go=archiv&cs_startpos=470" "Mozilla/4.0 (compatible; Vagabondo/4.0/EU; http://www.wise-guys.nl/)"
82.94.179.38 - - [04/Nov/2012:17:06:07 +0100] "GET /news.php?cs_go=archiv&cs_id=2859 HTTP/1.1" 200 9950 "http://www.mink-gmbh.de/news.php?cs_go=archiv&cs_startpos=520" "Mozilla/4.0 (compatible; Vagabondo/4.0/EU; http://www.wise-guys.nl/)"
82.94.179.38 - - [04/Nov/2012:17:06:11 +0100] "GET /news.php?cs_go=archiv&cs_id=2879 HTTP/1.1" 200 13521 "http://www.mink-gmbh.de/news.php?cs_go=archiv&cs_startpos=500" "Mozilla/4.0 (compatible; Vagabondo/4.0/EU; http://www.wise-guys.nl/)"
66.249.74.49 - - [04/Nov/2012:17:06:13 +0100] "GET /news.php?cs_go=archiv&cs_id=384&cs_search= HTTP/1.1" 200 7887 "-" "Mozilla/5.0 (compatible; Googlebot/2.1; +http://www.google.com/bot.html)"
82.94.179.38 - - [04/Nov/2012:17:06:15 +0100] "GET /news.php?cs_go=archiv&cs_id=3555 HTTP/1.1" 200 9934 "http://www.mink-gmbh.de/news.php?cs_go=archiv&cs_startpos=10" "Mozilla/4.0 (compatible; Vagabondo/4.0/EU; http://www.wise-guys.nl/)"
82.94.179.38 - - [04/Nov/2012:17:06:19 +0100] "GET /news.php?cs_go=archiv&cs_id=3517 HTTP/1.1" 200 12249 "http://www.mink-gmbh.de/news.php?cs_go=archiv&cs_startpos=10" "Mozilla/4.0 (compatible; Vagabondo/4.0/EU; http://www.wise-guys.nl/)"
82.94.179.38 - - [04/Nov/2012:17:06:24 +0100] "GET /news.php?cs_go=archiv&cs_id=2890 HTTP/1.1" 200 10173 "http://www.mink-gmbh.de/news.php?cs_go=archiv&cs_startpos=490" "Mozilla/4.0 (compatible; Vagabondo/4.0/EU; http://www.wise-guys.nl/)"
82.94.179.38 - - [04/Nov/2012:17:06:29 +0100] "GET /news.php?cs_go=archiv&cs_id=2894 HTTP/1.1" 200 12603 "http://www.mink-gmbh.de/news.php?cs_go=archiv&cs_startpos=470" "Mozilla/4.0 (compatible; Vagabondo/4.0/EU; http://www.wise-guys.nl/)"
82.94.179.38 - - [04/Nov/2012:17:06:33 +0100] "GET /news.php?cs_go=archiv&cs_id=2908 HTTP/1.1" 200 9872 "http://www.mink-gmbh.de/news.php?cs_go=archiv&cs_startpos=470" "Mozilla/4.0 (compatible; Vagabondo/4.0/EU; http://www.wise-guys.nl/)"
82.94.179.38 - - [04/Nov/2012:17:06:37 +0100] "GET /news.php?cs_go=archiv&cs_id=2861 HTTP/1.1" 200 13929 "http://www.mink-gmbh.de/news.php?cs_go=archiv&cs_startpos=520" "Mozilla/4.0 (compatible; Vagabondo/4.0/EU; http://www.wise-guys.nl/)"
82.94.179.38 - - [04/Nov/2012:17:06:41 +0100] "GET /news.php?cs_go=archiv&cs_id=2868 HTTP/1.1" 200 10230 "http://www.mink-gmbh.de/news.php?cs_go=archiv&cs_startpos=510" "Mozilla/4.0 (compatible; Vagabondo/4.0/EU; http://www.wise-guys.nl/)"
82.94.179.38 - - [04/Nov/2012:17:06:45 +0100] "GET /news.php?cs_go=archiv&cs_id=3570 HTTP/1.1" 200 13486 "http://www.mink-gmbh.de/news.php?cs_go=archiv" "Mozilla/4.0 (compatible; Vagabondo/4.0/EU; http://www.wise-guys.nl/)"
82.94.179.38 - - [04/Nov/2012:17:06:49 +0100] "GET /news.php?cs_go=archiv&cs_id=3566 HTTP/1.1" 200 9933 "http://www.mink-gmbh.de/news.php?cs_go=archiv" "Mozilla/4.0 (compatible; Vagabondo/4.0/EU; http://www.wise-guys.nl/)"
82.94.179.38 - - [04/Nov/2012:17:06:54 +0100] "GET /news.php?cs_go=archiv&cs_id=3554 HTTP/1.1" 200 13474 "http://www.mink-gmbh.de/news.php?cs_go=archiv&cs_startpos=10" "Mozilla/4.0 (compatible; Vagabondo/4.0/EU; http://www.wise-guys.nl/)"
66.249.74.49 - - [04/Nov/2012:17:06:55 +0100] "GET /news.php?cs_go=archiv&cs_id=1582&cs_search= HTTP/1.1" 200 7887 "-" "Mozilla/5.0 (compatible; Googlebot/2.1; +http://www.google.com/bot.html)"
82.94.179.38 - - [04/Nov/2012:17:06:59 +0100] "GET /news.php?cs_go=archiv&cs_id=3547 HTTP/1.1" 200 13336 "http://www.mink-gmbh.de/news.php?cs_go=archiv&cs_startpos=10" "Mozilla/4.0 (compatible; Vagabondo/4.0/EU; http://www.wise-guys.nl/)"
82.94.179.38 - - [04/Nov/2012:17:07:04 +0100] "GET /news.php?cs_go=archiv&cs_id=3427 HTTP/1.1" 200 12494 "http://www.mink-gmbh.de/index.php" "Mozilla/4.0 (compatible; Vagabondo/4.0/EU; http://www.wise-guys.nl/)"
82.94.179.38 - - [04/Nov/2012:17:07:08 +0100] "GET /news.php?cs_go=archiv&cs_id=2840 HTTP/1.1" 200 10867 "http://www.mink-gmbh.de/news.php?cs_go=archiv&cs_startpos=540" "Mozilla/4.0 (compatible; Vagabondo/4.0/EU; http://www.wise-guys.nl/)"
84.19.190.126 - - [04/Nov/2012:17:07:09 +0100] "GET /news.php?cs_go=archiv&cs_id=3184&cs_search= HTTP/1.1" 200 13547 "-" "Mozilla/5.0 (compatible; UnisterBot; crawler@unister.de)"
82.94.179.38 - - [04/Nov/2012:17:07:13 +0100] "GET /news.php?cs_go=archiv&cs_id=2870 HTTP/1.1" 200 10275 "http://www.mink-gmbh.de/news.php?cs_go=archiv&cs_startpos=500" "Mozilla/4.0 (compatible; Vagabondo/4.0/EU; http://www.wise-guys.nl/)"
82.94.179.38 - - [04/Nov/2012:17:07:17 +0100] "GET /news.php?cs_go=archiv&cs_id=2907 HTTP/1.1" 200 10014 "http://www.mink-gmbh.de/news.php?cs_go=archiv&cs_startpos=470" "Mozilla/4.0 (compatible; Vagabondo/4.0/EU; http://www.wise-guys.nl/)"
82.94.179.38 - - [04/Nov/2012:17:07:22 +0100] "GET /news.php?cs_go=archiv&cs_id=3531 HTTP/1.1" 200 10352 "http://www.mink-gmbh.de/news.php?cs_go=archiv" "Mozilla/4.0 (compatible; Vagabondo/4.0/EU; http://www.wise-guys.nl/)"
82.94.179.38 - - [04/Nov/2012:17:07:26 +0100] "GET /news.php?cs_go=archiv&cs_id=3532 HTTP/1.1" 200 11710 "http://www.mink-gmbh.de/news.php?cs_go=archiv&cs_startpos=10" "Mozilla/4.0 (compatible; Vagabondo/4.0/EU; http://www.wise-guys.nl/)"
82.94.179.38 - - [04/Nov/2012:17:07:31 +0100] "GET /news.php?cs_go=archiv&cs_id=3574 HTTP/1.1" 200 11095 "http://www.mink-gmbh.de/index.php" "Mozilla/4.0 (compatible; Vagabondo/4.0/EU; http://www.wise-guys.nl/)"
82.94.179.38 - - [04/Nov/2012:17:07:36 +0100] "GET /news.php?cs_go=archiv&cs_id=2860 HTTP/1.1" 200 12624 "http://www.mink-gmbh.de/news.php?cs_go=archiv&cs_startpos=520" "Mozilla/4.0 (compatible; Vagabondo/4.0/EU; http://www.wise-guys.nl/)"
66.249.74.49 - - [04/Nov/2012:17:07:38 +0100] "GET /news.php?cs_go=archiv&cs_id=1522&cs_search= HTTP/1.1" 200 7887 "-" "Mozilla/5.0 (compatible; Googlebot/2.1; +http://www.google.com/bot.html)"
82.94.179.38 - - [04/Nov/2012:17:07:40 +0100] "GET /news.php?cs_go=archiv&cs_id=2871 HTTP/1.1" 200 13658 "http://www.mink-gmbh.de/news.php?cs_go=archiv&cs_startpos=500" "Mozilla/4.0 (compatible; Vagabondo/4.0/EU; http://www.wise-guys.nl/)"
82.94.179.38 - - [04/Nov/2012:17:07:45 +0100] "GET /news.php?cs_go=archiv&cs_id=3580 HTTP/1.1" 200 13518 "http://www.mink-gmbh.de/" "Mozilla/4.0 (compatible; Vagabondo/4.0/EU; http://www.wise-guys.nl/)"
82.94.179.38 - - [04/Nov/2012:17:07:49 +0100] "GET /news.php?cs_go=archiv&cs_id=2863 HTTP/1.1" 200 12071 "http://www.mink-gmbh.de/news.php?cs_go=archiv&cs_startpos=510" "Mozilla/4.0 (compatible; Vagabondo/4.0/EU; http://www.wise-guys.nl/)"
82.94.179.38 - - [04/Nov/2012:17:07:54 +0100] "GET /news.php?cs_go=archiv&cs_id=2891 HTTP/1.1" 200 14153 "http://www.mink-gmbh.de/news.php?cs_go=archiv&cs_startpos=490" "Mozilla/4.0 (compatible; Vagabondo/4.0/EU; http://www.wise-guys.nl/)"
82.94.179.38 - - [04/Nov/2012:17:07:58 +0100] "GET /news.php?cs_go=archiv&cs_id=2841 HTTP/1.1" 200 13538 "http://www.mink-gmbh.de/news.php?cs_go=archiv&cs_startpos=540" "Mozilla/4.0 (compatible; Vagabondo/4.0/EU; http://www.wise-guys.nl/)"
82.94.179.38 - - [04/Nov/2012:17:08:03 +0100] "GET /news.php?cs_go=archiv&cs_id=2856 HTTP/1.1" 200 9932 "http://www.mink-gmbh.de/news.php?cs_go=archiv&cs_startpos=520" "Mozilla/4.0 (compatible; Vagabondo/4.0/EU; http://www.wise-guys.nl/)"
82.94.179.38 - - [04/Nov/2012:17:08:08 +0100] "GET /news.php?cs_go=archiv&cs_id=2910 HTTP/1.1" 200 10783 "http://www.mink-gmbh.de/news.php?cs_go=archiv&cs_startpos=460" "Mozilla/4.0 (compatible; Vagabondo/4.0/EU; http://www.wise-guys.nl/)"
82.94.179.38 - - [04/Nov/2012:17:08:12 +0100] "GET /news.php?cs_go=archiv&cs_id=2865 HTTP/1.1" 200 13631 "http://www.mink-gmbh.de/news.php?cs_go=archiv&cs_startpos=510" "Mozilla/4.0 (compatible; Vagabondo/4.0/EU; http://www.wise-guys.nl/)"
82.94.179.38 - - [04/Nov/2012:17:08:17 +0100] "GET /news.php?cs_go=archiv&cs_id=2838 HTTP/1.1" 200 9980 "http://www.mink-gmbh.de/news.php?cs_go=archiv&cs_startpos=540" "Mozilla/4.0 (compatible; Vagabondo/4.0/EU; http://www.wise-guys.nl/)"
66.249.74.49 - - [04/Nov/2012:17:08:20 +0100] "GET /news.php?cs_go=archiv&cs_id=1503&cs_search= HTTP/1.1" 200 7887 "-" "Mozilla/5.0 (compatible; Googlebot/2.1; +http://www.google.com/bot.html)"
82.94.179.38 - - [04/Nov/2012:17:08:21 +0100] "GET /news.php?cs_go=archiv&cs_id=2839 HTTP/1.1" 200 11587 "http://www.mink-gmbh.de/news.php?cs_go=archiv&cs_startpos=540" "Mozilla/4.0 (compatible; Vagabondo/4.0/EU; http://www.wise-guys.nl/)"
82.94.179.38 - - [04/Nov/2012:17:08:25 +0100] "GET /news.php?cs_go=archiv&cs_id=3576 HTTP/1.1" 200 13343 "http://www.mink-gmbh.de/index.php" "Mozilla/4.0 (compatible; Vagabondo/4.0/EU; http://www.wise-guys.nl/)"
82.94.179.38 - - [04/Nov/2012:17:08:29 +0100] "GET /news.php?cs_go=archiv&cs_id=3544 HTTP/1.1" 200 9874 "http://www.mink-gmbh.de/news.php?cs_go=archiv&cs_startpos=20" "Mozilla/4.0 (compatible; Vagabondo/4.0/EU; http://www.wise-guys.nl/)"
82.94.179.38 - - [04/Nov/2012:17:08:34 +0100] "GET /news.php?cs_go=archiv&cs_id=2864 HTTP/1.1" 200 10211 "http://www.mink-gmbh.de/news.php?cs_go=archiv&cs_startpos=510" "Mozilla/4.0 (compatible; Vagabondo/4.0/EU; http://www.wise-guys.nl/)"
82.94.179.38 - - [04/Nov/2012:17:08:39 +0100] "GET /news.php?cs_go=archiv&cs_id=2857 HTTP/1.1" 200 11566 "http://www.mink-gmbh.de/news.php?cs_go=archiv&cs_startpos=520" "Mozilla/4.0 (compatible; Vagabondo/4.0/EU; http://www.wise-guys.nl/)"
82.94.179.38 - - [04/Nov/2012:17:08:43 +0100] "GET /news.php?cs_go=archiv&cs_id=2858 HTTP/1.1" 200 14189 "http://www.mink-gmbh.de/news.php?cs_go=archiv&cs_startpos=520" "Mozilla/4.0 (compatible; Vagabondo/4.0/EU; http://www.wise-guys.nl/)"
82.94.179.38 - - [04/Nov/2012:17:08:48 +0100] "GET /news.php?cs_go=archiv&cs_id=3550 HTTP/1.1" 200 13313 "http://www.mink-gmbh.de/news.php?cs_go=archiv&cs_startpos=10" "Mozilla/4.0 (compatible; Vagabondo/4.0/EU; http://www.wise-guys.nl/)"
82.94.179.38 - - [04/Nov/2012:17:08:52 +0100] "GET /news.php?cs_go=archiv&cs_id=2911 HTTP/1.1" 200 13845 "http://www.mink-gmbh.de/news.php?cs_go=archiv&cs_startpos=460" "Mozilla/4.0 (compatible; Vagabondo/4.0/EU; http://www.wise-guys.nl/)"
82.94.179.38 - - [04/Nov/2012:17:08:56 +0100] "GET /news.php?cs_go=archiv&cs_id=2889 HTTP/1.1" 200 13664 "http://www.mink-gmbh.de/news.php?cs_go=archiv&cs_startpos=500" "Mozilla/4.0 (compatible; Vagabondo/4.0/EU; http://www.wise-guys.nl/)"
