66.249.73.109 - - [06/Nov/2012:09:27:43 +0100] "GET /news.php?cs_go=archiv&cs_id=2076&cs_search= HTTP/1.1" 200 7887 "-" "Mozilla/5.0 (compatible; Googlebot/2.1; +http://www.google.com/bot.html)"
66.249.73.109 - - [06/Nov/2012:09:28:58 +0100] "GET /news.php?cs_go=archiv&cs_id=2084&cs_search= HTTP/1.1" 200 7887 "-" "Mozilla/5.0 (compatible; Googlebot/2.1; +http://www.google.com/bot.html)"
66.249.73.109 - - [06/Nov/2012:09:30:12 +0100] "GET /news.php?cs_go=archiv&cs_id=2089&cs_search= HTTP/1.1" 200 7887 "-" "Mozilla/5.0 (compatible; Googlebot/2.1; +http://www.google.com/bot.html)"
66.249.73.109 - - [06/Nov/2012:09:31:26 +0100] "GET /news.php?cs_go=archiv&cs_id=2633 HTTP/1.1" 200 7887 "-" "Mozilla/5.0 (compatible; Googlebot/2.1; +http://www.google.com/bot.html)"
5.9.25.85 - - [06/Nov/2012:09:32:05 +0100] "GET /robots.txt HTTP/1.1" 200 177 "-" "Pixray-Seeker/2.0 (Pixray-Seeker; +http://www.pixray.com/pixraybot; +crawler@pixray.com)"
5.9.25.85 - - [06/Nov/2012:09:32:05 +0100] "GET /images/freecall.jpg HTTP/1.1" 200 39195 "-" "Pixray-Seeker/2.0 (Pixray-Seeker; +http://www.pixray.com/pixraybot; +crawler@pixray.com)"
157.55.35.82 - - [06/Nov/2012:09:32:37 +0100] "GET / HTTP/1.1" 200 15349 "-" "Mozilla/5.0 (compatible; bingbot/2.0; +http://www.bing.com/bingbot.htm)"
66.249.73.109 - - [06/Nov/2012:09:32:41 +0100] "GET /news.php?cs_go=archiv&cs_id=1700&cs_search= HTTP/1.1" 200 7887 "-" "Mozilla/5.0 (compatible; Googlebot/2.1; +http://www.google.com/bot.html)"
66.249.73.109 - - [06/Nov/2012:09:33:55 +0100] "GET /news.php?cs_go=archiv&cs_id=1805&cs_search= HTTP/1.1" 200 7887 "-" "Mozilla/5.0 (compatible; Googlebot/2.1; +http://www.google.com/bot.html)"
66.249.73.109 - - [06/Nov/2012:09:35:09 +0100] "GET /news.php?cs_go=archiv&cs_id=2691 HTTP/1.1" 200 7887 "-" "Mozilla/5.0 (compatible; Googlebot/2.1; +http://www.google.com/bot.html)"
66.249.73.109 - - [06/Nov/2012:09:36:24 +0100] "GET /news.php?cs_go=archiv&cs_id=2651 HTTP/1.1" 200 7887 "-" "Mozilla/5.0 (compatible; Googlebot/2.1; +http://www.google.com/bot.html)"
5.9.25.72 - - [06/Nov/2012:09:37:31 +0100] "GET /robots.txt HTTP/1.1" 200 177 "-" "Pixray-Seeker/2.0 (Pixray-Seeker; +http://www.pixray.com/pixraybot; +crawler@pixray.com)"
5.9.25.72 - - [06/Nov/2012:09:37:31 +0100] "GET /news.php?cs_go=archiv&cs_startpos=620 HTTP/1.1" 200 22942 "-" "Pixray-Seeker/2.0 (Pixray-Seeker; +http://www.pixray.com/pixraybot; +crawler@pixray.com)"
66.249.73.109 - - [06/Nov/2012:09:37:38 +0100] "GET /news.php?cs_go=archiv&cs_id=1705&cs_search= HTTP/1.1" 200 7887 "-" "Mozilla/5.0 (compatible; Googlebot/2.1; +http://www.google.com/bot.html)"
125.176.223.177 - - [06/Nov/2012:09:37:55 +0100] "GET / HTTP/1.1" 200 15349 "-" "Mozilla/5.0 (compatible; MSIE 9.0; Windows NT 6.1; WOW64; Trident/5.0)"
66.249.73.109 - - [06/Nov/2012:09:38:52 +0100] "GET /news.php?cs_go=archiv&cs_id=2587 HTTP/1.1" 200 7887 "-" "Mozilla/5.0 (compatible; Googlebot/2.1; +http://www.google.com/bot.html)"
66.249.73.109 - - [06/Nov/2012:09:40:07 +0100] "GET /news.php?cs_go=archiv&cs_id=2589 HTTP/1.1" 200 7887 "-" "Mozilla/5.0 (compatible; Googlebot/2.1; +http://www.google.com/bot.html)"
66.249.73.109 - - [06/Nov/2012:09:41:21 +0100] "GET /news.php?cs_go=archiv&cs_id=2675&cs_search= HTTP/1.1" 200 7887 "-" "Mozilla/5.0 (compatible; Googlebot/2.1; +http://www.google.com/bot.html)"
66.249.73.109 - - [06/Nov/2012:09:42:35 +0100] "GET /news.php?cs_go=archiv&cs_id=1699&cs_search= HTTP/1.1" 200 7887 "-" "Mozilla/5.0 (compatible; Googlebot/2.1; +http://www.google.com/bot.html)"
66.249.73.109 - - [06/Nov/2012:09:43:50 +0100] "GET /news.php?cs_go=archiv&cs_id=1783&cs_search= HTTP/1.1" 200 7887 "-" "Mozilla/5.0 (compatible; Googlebot/2.1; +http://www.google.com/bot.html)"
66.249.73.109 - - [06/Nov/2012:09:45:04 +0100] "GET /news.php?cs_go=archiv&cs_id=1814&cs_search= HTTP/1.1" 200 7887 "-" "Mozilla/5.0 (compatible; Googlebot/2.1; +http://www.google.com/bot.html)"
66.249.73.109 - - [06/Nov/2012:09:46:18 +0100] "GET /news.php?cs_go=archiv&cs_id=2648 HTTP/1.1" 200 7887 "-" "Mozilla/5.0 (compatible; Googlebot/2.1; +http://www.google.com/bot.html)"
66.249.73.109 - - [06/Nov/2012:09:47:33 +0100] "GET /news.php?cs_go=archiv&cs_id=2619&cs_search= HTTP/1.1" 200 7887 "-" "Mozilla/5.0 (compatible; Googlebot/2.1; +http://www.google.com/bot.html)"
66.249.73.109 - - [06/Nov/2012:09:48:47 +0100] "GET /news.php?cs_go=archiv&cs_id=2649 HTTP/1.1" 200 7887 "-" "Mozilla/5.0 (compatible; Googlebot/2.1; +http://www.google.com/bot.html)"
66.249.73.109 - - [06/Nov/2012:09:50:02 +0100] "GET /news.php?cs_go=archiv&cs_id=1671&cs_search= HTTP/1.1" 200 7887 "-" "Mozilla/5.0 (compatible; Googlebot/2.1; +http://www.google.com/bot.html)"
66.249.73.109 - - [06/Nov/2012:09:51:16 +0100] "GET /news.php?cs_go=archiv&cs_id=1739&cs_search= HTTP/1.1" 200 7887 "-" "Mozilla/5.0 (compatible; Googlebot/2.1; +http://www.google.com/bot.html)"
66.249.73.109 - - [06/Nov/2012:09:52:30 +0100] "GET /news.php?cs_go=archiv&cs_id=1677&cs_search= HTTP/1.1" 200 7887 "-" "Mozilla/5.0 (compatible; Googlebot/2.1; +http://www.google.com/bot.html)"
66.249.73.109 - - [06/Nov/2012:09:53:45 +0100] "GET /news.php?cs_go=archiv&cs_id=1780&cs_search= HTTP/1.1" 200 7887 "-" "Mozilla/5.0 (compatible; Googlebot/2.1; +http://www.google.com/bot.html)"
66.249.73.109 - - [06/Nov/2012:09:54:59 +0100] "GET /news.php?cs_go=archiv&cs_id=1800&cs_search= HTTP/1.1" 200 7887 "-" "Mozilla/5.0 (compatible; Googlebot/2.1; +http://www.google.com/bot.html)"
66.249.73.109 - - [06/Nov/2012:09:55:49 +0100] "GET /news.php?cs_go=archiv&cs_id=1784&cs_search= HTTP/1.1" 200 7887 "-" "Mozilla/5.0 (compatible; Googlebot/2.1; +http://www.google.com/bot.html)"
66.249.73.109 - - [06/Nov/2012:09:56:13 +0100] "GET /news.php?cs_go=archiv&cs_id=2550&cs_search= HTTP/1.1" 200 7887 "-" "Mozilla/5.0 (compatible; Googlebot/2.1; +http://www.google.com/bot.html)"
66.249.73.109 - - [06/Nov/2012:09:57:28 +0100] "GET /news.php?cs_go=archiv&cs_id=2002&cs_search= HTTP/1.1" 200 7887 "-" "Mozilla/5.0 (compatible; Googlebot/2.1; +http://www.google.com/bot.html)"
84.56.242.54 - - [06/Nov/2012:09:58:19 +0100] "GET /optiplus.php HTTP/1.1" 200 11100 "http://www.google.de/search?sourceid=navclient&aq=&oq=Optiplus&hl=de&ie=UTF-8&rlz=1T4GGLL_deDE379DE380&q=optiplus+heiz%c3%b6l&gs_l=hp..2.0l4j0i30.0.0.1.864406...........0.GFJfBpJ9i1Q" "Mozilla/4.0 (compatible; MSIE 7.0; Windows NT 5.1; GTB7.4; .NET CLR 2.0.50727; .NET CLR 3.0.4506.2152; .NET CLR 3.5.30729; .NET4.0C; .NET4.0E)"
84.56.242.54 - - [06/Nov/2012:09:58:20 +0100] "GET /style.css HTTP/1.1" 200 8418 "http://www.mink-gmbh.de/optiplus.php" "Mozilla/4.0 (compatible; MSIE 7.0; Windows NT 5.1; GTB7.4; .NET CLR 2.0.50727; .NET CLR 3.0.4506.2152; .NET CLR 3.5.30729; .NET4.0C; .NET4.0E)"
84.56.242.54 - - [06/Nov/2012:09:58:20 +0100] "GET /modul.css HTTP/1.1" 200 35038 "http://www.mink-gmbh.de/optiplus.php" "Mozilla/4.0 (compatible; MSIE 7.0; Windows NT 5.1; GTB7.4; .NET CLR 2.0.50727; .NET CLR 3.0.4506.2152; .NET CLR 3.5.30729; .NET4.0C; .NET4.0E)"
84.56.242.54 - - [06/Nov/2012:09:58:20 +0100] "GET /images/Optiseite.jpg HTTP/1.1" 200 32107 "http://www.mink-gmbh.de/optiplus.php" "Mozilla/4.0 (compatible; MSIE 7.0; Windows NT 5.1; GTB7.4; .NET CLR 2.0.50727; .NET CLR 3.0.4506.2152; .NET CLR 3.5.30729; .NET4.0C; .NET4.0E)"
84.56.242.54 - - [06/Nov/2012:09:58:20 +0100] "GET /images/optiplus.jpg HTTP/1.1" 200 37436 "http://www.mink-gmbh.de/optiplus.php" "Mozilla/4.0 (compatible; MSIE 7.0; Windows NT 5.1; GTB7.4; .NET CLR 2.0.50727; .NET CLR 3.0.4506.2152; .NET CLR 3.5.30729; .NET4.0C; .NET4.0E)"
84.56.242.54 - - [06/Nov/2012:09:58:20 +0100] "GET /images/bg.jpg HTTP/1.1" 200 345 "http://www.mink-gmbh.de/optiplus.php" "Mozilla/4.0 (compatible; MSIE 7.0; Windows NT 5.1; GTB7.4; .NET CLR 2.0.50727; .NET CLR 3.0.4506.2152; .NET CLR 3.5.30729; .NET4.0C; .NET4.0E)"
84.56.242.54 - - [06/Nov/2012:09:58:20 +0100] "GET /images/freecall.jpg HTTP/1.1" 200 39195 "http://www.mink-gmbh.de/optiplus.php" "Mozilla/4.0 (compatible; MSIE 7.0; Windows NT 5.1; GTB7.4; .NET CLR 2.0.50727; .NET CLR 3.0.4506.2152; .NET CLR 3.5.30729; .NET4.0C; .NET4.0E)"
84.56.242.54 - - [06/Nov/2012:09:58:20 +0100] "GET /images/newsletter_bg.jpg HTTP/1.1" 200 33610 "http://www.mink-gmbh.de/optiplus.php" "Mozilla/4.0 (compatible; MSIE 7.0; Windows NT 5.1; GTB7.4; .NET CLR 2.0.50727; .NET CLR 3.0.4506.2152; .NET CLR 3.5.30729; .NET4.0C; .NET4.0E)"
84.56.242.54 - - [06/Nov/2012:09:58:20 +0100] "GET /images/mail.jpg HTTP/1.1" 200 11165 "http://www.mink-gmbh.de/optiplus.php" "Mozilla/4.0 (compatible; MSIE 7.0; Windows NT 5.1; GTB7.4; .NET CLR 2.0.50727; .NET CLR 3.0.4506.2152; .NET CLR 3.5.30729; .NET4.0C; .NET4.0E)"
84.56.242.54 - - [06/Nov/2012:09:58:20 +0100] "GET /images/kwk.gif HTTP/1.1" 200 6403 "http://www.mink-gmbh.de/optiplus.php" "Mozilla/4.0 (compatible; MSIE 7.0; Windows NT 5.1; GTB7.4; .NET CLR 2.0.50727; .NET CLR 3.0.4506.2152; .NET CLR 3.5.30729; .NET4.0C; .NET4.0E)"
84.56.242.54 - - [06/Nov/2012:09:58:20 +0100] "GET /images/wunschpreis.jpg HTTP/1.1" 200 16767 "http://www.mink-gmbh.de/optiplus.php" "Mozilla/4.0 (compatible; MSIE 7.0; Windows NT 5.1; GTB7.4; .NET CLR 2.0.50727; .NET CLR 3.0.4506.2152; .NET CLR 3.5.30729; .NET4.0C; .NET4.0E)"
84.56.242.54 - - [06/Nov/2012:09:58:20 +0100] "GET /images/logos.jpg HTTP/1.1" 200 15002 "http://www.mink-gmbh.de/optiplus.php" "Mozilla/4.0 (compatible; MSIE 7.0; Windows NT 5.1; GTB7.4; .NET CLR 2.0.50727; .NET CLR 3.0.4506.2152; .NET CLR 3.5.30729; .NET4.0C; .NET4.0E)"
84.56.242.54 - - [06/Nov/2012:09:58:20 +0100] "GET /images/wrapperbg.jpg HTTP/1.1" 200 27465 "http://www.mink-gmbh.de/optiplus.php" "Mozilla/4.0 (compatible; MSIE 7.0; Windows NT 5.1; GTB7.4; .NET CLR 2.0.50727; .NET CLR 3.0.4506.2152; .NET CLR 3.5.30729; .NET4.0C; .NET4.0E)"
84.56.242.54 - - [06/Nov/2012:09:58:20 +0100] "GET /images/navibg.png HTTP/1.1" 200 2803 "http://www.mink-gmbh.de/optiplus.php" "Mozilla/4.0 (compatible; MSIE 7.0; Windows NT 5.1; GTB7.4; .NET CLR 2.0.50727; .NET CLR 3.0.4506.2152; .NET CLR 3.5.30729; .NET4.0C; .NET4.0E)"
84.56.242.54 - - [06/Nov/2012:09:58:20 +0100] "GET /images/header.jpg HTTP/1.1" 200 24413 "http://www.mink-gmbh.de/optiplus.php" "Mozilla/4.0 (compatible; MSIE 7.0; Windows NT 5.1; GTB7.4; .NET CLR 2.0.50727; .NET CLR 3.0.4506.2152; .NET CLR 3.5.30729; .NET4.0C; .NET4.0E)"
84.56.242.54 - - [06/Nov/2012:09:58:20 +0100] "GET /images/footerbg.jpg HTTP/1.1" 200 2184 "http://www.mink-gmbh.de/optiplus.php" "Mozilla/4.0 (compatible; MSIE 7.0; Windows NT 5.1; GTB7.4; .NET CLR 2.0.50727; .NET CLR 3.0.4506.2152; .NET CLR 3.5.30729; .NET4.0C; .NET4.0E)"
84.56.242.54 - - [06/Nov/2012:09:58:20 +0100] "GET /images/close.png HTTP/1.1" 200 703 "http://www.mink-gmbh.de/optiplus.php" "Mozilla/4.0 (compatible; MSIE 7.0; Windows NT 5.1; GTB7.4; .NET CLR 2.0.50727; .NET CLR 3.0.4506.2152; .NET CLR 3.5.30729; .NET4.0C; .NET4.0E)"
84.56.242.54 - - [06/Nov/2012:09:58:20 +0100] "GET /images/newsletter.png HTTP/1.1" 200 14619 "http://www.mink-gmbh.de/optiplus.php" "Mozilla/4.0 (compatible; MSIE 7.0; Windows NT 5.1; GTB7.4; .NET CLR 2.0.50727; .NET CLR 3.0.4506.2152; .NET CLR 3.5.30729; .NET4.0C; .NET4.0E)"
84.56.242.54 - - [06/Nov/2012:09:58:20 +0100] "GET /favicon.ico HTTP/1.1" 200 3638 "-" "Mozilla/4.0 (compatible; MSIE 7.0; Windows NT 5.1; GTB7.4; .NET CLR 2.0.50727; .NET CLR 3.0.4506.2152; .NET CLR 3.5.30729; .NET4.0C; .NET4.0E)"
66.249.73.109 - - [06/Nov/2012:09:58:42 +0100] "GET /news.php?cs_go=archiv&cs_id=1985&cs_search= HTTP/1.1" 200 7887 "-" "Mozilla/5.0 (compatible; Googlebot/2.1; +http://www.google.com/bot.html)"
66.249.73.109 - - [06/Nov/2012:09:59:56 +0100] "GET /news.php?cs_go=archiv&cs_id=2006&cs_search= HTTP/1.1" 200 7887 "-" "Mozilla/5.0 (compatible; Googlebot/2.1; +http://www.google.com/bot.html)"
66.249.73.109 - - [06/Nov/2012:10:01:11 +0100] "GET /news.php?cs_go=archiv&cs_id=1884&cs_search= HTTP/1.1" 200 7887 "-" "Mozilla/5.0 (compatible; Googlebot/2.1; +http://www.google.com/bot.html)"
66.249.73.109 - - [06/Nov/2012:10:02:25 +0100] "GET /news.php?cs_go=archiv&cs_id=1848&cs_search= HTTP/1.1" 200 7887 "-" "Mozilla/5.0 (compatible; Googlebot/2.1; +http://www.google.com/bot.html)"
66.249.73.109 - - [06/Nov/2012:10:03:39 +0100] "GET /news.php?cs_go=archiv&cs_id=1698&cs_search= HTTP/1.1" 200 7887 "-" "Mozilla/5.0 (compatible; Googlebot/2.1; +http://www.google.com/bot.html)"
5.9.25.73 - - [06/Nov/2012:10:04:25 +0100] "GET /robots.txt HTTP/1.1" 200 177 "-" "Pixray-Seeker/2.0 (Pixray-Seeker; +http://www.pixray.com/pixraybot; +crawler@pixray.com)"
5.9.25.73 - - [06/Nov/2012:10:04:25 +0100] "GET /images/wunschpreis.jpg HTTP/1.1" 200 16767 "-" "Pixray-Seeker/2.0 (Pixray-Seeker; +http://www.pixray.com/pixraybot; +crawler@pixray.com)"
66.249.73.109 - - [06/Nov/2012:10:04:54 +0100] "GET /news.php?cs_go=archiv&cs_id=1825&cs_search= HTTP/1.1" 200 7887 "-" "Mozilla/5.0 (compatible; Googlebot/2.1; +http://www.google.com/bot.html)"
66.249.73.109 - - [06/Nov/2012:10:06:08 +0100] "GET /news.php?cs_go=archiv&cs_id=1753&cs_search= HTTP/1.1" 200 7887 "-" "Mozilla/5.0 (compatible; Googlebot/2.1; +http://www.google.com/bot.html)"
66.249.73.109 - - [06/Nov/2012:10:07:22 +0100] "GET /news.php?cs_go=archiv&cs_id=2329&cs_search= HTTP/1.1" 200 7887 "-" "Mozilla/5.0 (compatible; Googlebot/2.1; +http://www.google.com/bot.html)"
178.238.235.184 - - [06/Nov/2012:10:08:09 +0100] "GET /kontakt.php HTTP/1.1" 200 9198 "-" "Mozilla/5.0 (Windows; U; Windows NT 5.1; en-US; rv:1.9.1.3) Gecko/20090824 Firefox/3.5.3 GTB5"
195.190.13.138 - - [06/Nov/2012:10:08:09 +0100] "POST /kontakt.php HTTP/1.0" 200 7235 "-" "Mozilla/5.0 (Windows; U; Windows NT 5.1; en-US; rv:1.9.1.3) Gecko/20090824 Firefox/3.5.3 GTB5"
178.238.235.184 - - [06/Nov/2012:10:08:10 +0100] "GET /kontakt.php HTTP/1.1" 200 9198 "-" "Mozilla/5.0 (Windows; U; Windows NT 5.1; en-US; rv:1.9.0.7) Gecko/2009021910 Firefox/3.0.7"
178.238.235.184 - - [06/Nov/2012:10:08:10 +0100] "GET / HTTP/1.1" 200 15372 "-" "Mozilla/5.0 (Windows; U; Windows NT 5.1; en-US; rv:1.9.0.7) Gecko/2009021910 Firefox/3.0.7"
66.249.73.109 - - [06/Nov/2012:10:08:37 +0100] "GET /news.php?cs_go=archiv&cs_id=2620&cs_search= HTTP/1.1" 200 7887 "-" "Mozilla/5.0 (compatible; Googlebot/2.1; +http://www.google.com/bot.html)"
66.249.73.109 - - [06/Nov/2012:10:09:51 +0100] "GET /news.php?cs_go=archiv&cs_id=2655&cs_search= HTTP/1.1" 200 7887 "-" "Mozilla/5.0 (compatible; Googlebot/2.1; +http://www.google.com/bot.html)"
66.249.73.109 - - [06/Nov/2012:10:11:05 +0100] "GET /news.php?cs_go=archiv&cs_id=2654&cs_search= HTTP/1.1" 200 7887 "-" "Mozilla/5.0 (compatible; Googlebot/2.1; +http://www.google.com/bot.html)"
66.249.73.109 - - [06/Nov/2012:10:12:20 +0100] "GET /news.php?cs_go=archiv&cs_id=2012&cs_search= HTTP/1.1" 200 7887 "-" "Mozilla/5.0 (compatible; Googlebot/2.1; +http://www.google.com/bot.html)"
66.249.73.109 - - [06/Nov/2012:10:13:34 +0100] "GET /news.php?cs_go=archiv&cs_id=2116&cs_search= HTTP/1.1" 200 7887 "-" "Mozilla/5.0 (compatible; Googlebot/2.1; +http://www.google.com/bot.html)"
66.249.73.109 - - [06/Nov/2012:10:14:48 +0100] "GET /news.php?cs_go=archiv&cs_id=1899&cs_search= HTTP/1.1" 200 7887 "-" "Mozilla/5.0 (compatible; Googlebot/2.1; +http://www.google.com/bot.html)"
66.249.73.109 - - [06/Nov/2012:10:16:03 +0100] "GET /news.php?cs_go=archiv&cs_id=2176&cs_search= HTTP/1.1" 200 7887 "-" "Mozilla/5.0 (compatible; Googlebot/2.1; +http://www.google.com/bot.html)"
66.249.73.109 - - [06/Nov/2012:10:17:17 +0100] "GET /news.php?cs_go=archiv&cs_id=1904&cs_search= HTTP/1.1" 200 7887 "-" "Mozilla/5.0 (compatible; Googlebot/2.1; +http://www.google.com/bot.html)"
66.249.73.109 - - [06/Nov/2012:10:18:32 +0100] "GET /news.php?cs_go=archiv&cs_id=2476&cs_search= HTTP/1.1" 200 7887 "-" "Mozilla/5.0 (compatible; Googlebot/2.1; +http://www.google.com/bot.html)"
66.249.73.109 - - [06/Nov/2012:10:19:46 +0100] "GET /news.php?cs_go=archiv&cs_id=2454&cs_search= HTTP/1.1" 200 7887 "-" "Mozilla/5.0 (compatible; Googlebot/2.1; +http://www.google.com/bot.html)"
66.249.73.109 - - [06/Nov/2012:10:21:00 +0100] "GET /news.php?cs_go=archiv&cs_id=2412&cs_search= HTTP/1.1" 200 7887 "-" "Mozilla/5.0 (compatible; Googlebot/2.1; +http://www.google.com/bot.html)"
66.249.73.109 - - [06/Nov/2012:10:21:51 +0100] "GET /news.php?cs_go=archiv&cs_id=2101&cs_search= HTTP/1.1" 200 7887 "-" "Mozilla/5.0 (compatible; Googlebot/2.1; +http://www.google.com/bot.html)"
66.249.73.109 - - [06/Nov/2012:10:22:15 +0100] "GET /news.php?cs_go=archiv&cs_id=1628&cs_search= HTTP/1.1" 200 7887 "-" "Mozilla/5.0 (compatible; Googlebot/2.1; +http://www.google.com/bot.html)"
66.249.73.109 - - [06/Nov/2012:10:23:29 +0100] "GET /news.php?cs_go=archiv&cs_id=1862&cs_search= HTTP/1.1" 200 7887 "-" "Mozilla/5.0 (compatible; Googlebot/2.1; +http://www.google.com/bot.html)"
66.249.73.109 - - [06/Nov/2012:10:24:43 +0100] "GET /news.php?cs_go=archiv&cs_id=2611&cs_search= HTTP/1.1" 200 7887 "-" "Mozilla/5.0 (compatible; Googlebot/2.1; +http://www.google.com/bot.html)"
66.249.73.109 - - [06/Nov/2012:10:25:30 +0100] "GET /news.php?cs_go=archiv&cs_id=2093&cs_search= HTTP/1.1" 200 7887 "-" "Mozilla/5.0 (compatible; Googlebot/2.1; +http://www.google.com/bot.html)"
66.249.73.109 - - [06/Nov/2012:10:26:31 +0100] "GET /news.php?cs_go=archiv&cs_id=2712&cs_search= HTTP/1.1" 200 7887 "-" "Mozilla/5.0 (compatible; Googlebot/2.1; +http://www.google.com/bot.html)"
83.133.125.202 - - [06/Nov/2012:10:27:57 +0100] "GET / HTTP/1.1" 200 1519 "http://www.bigfinder.de/online-11.html" "Mozilla/4.0 (compatible; MSIE 9.0; Windows NT 5.1)"
83.133.125.202 - - [06/Nov/2012:10:27:57 +0100] "GET / HTTP/1.0" 200 15372 "-" "-"
83.133.125.202 - - [06/Nov/2012:10:27:59 +0100] "GET / HTTP/1.0" 200 6432 "-" "-"
66.249.73.109 - - [06/Nov/2012:10:29:32 +0100] "GET /news.php?cs_go=archiv&cs_id=2545&cs_search= HTTP/1.1" 200 7887 "-" "Mozilla/5.0 (compatible; Googlebot/2.1; +http://www.google.com/bot.html)"
66.249.73.109 - - [06/Nov/2012:10:30:33 +0100] "GET /news.php?cs_go=archiv&cs_id=2538 HTTP/1.1" 200 7887 "-" "Mozilla/5.0 (compatible; Googlebot/2.1; +http://www.google.com/bot.html)"
66.249.73.109 - - [06/Nov/2012:10:31:34 +0100] "GET /news.php?cs_go=archiv&cs_id=1779&cs_search= HTTP/1.1" 200 7887 "-" "Mozilla/5.0 (compatible; Googlebot/2.1; +http://www.google.com/bot.html)"
65.36.241.79 - - [06/Nov/2012:10:31:50 +0100] "HEAD / HTTP/1.1" 200 - "-" "InternetSeer.com"
66.249.73.109 - - [06/Nov/2012:10:33:35 +0100] "GET /news.php?cs_go=archiv&cs_id=2644&cs_search= HTTP/1.1" 200 7887 "-" "Mozilla/5.0 (compatible; Googlebot/2.1; +http://www.google.com/bot.html)"
66.249.73.109 - - [06/Nov/2012:10:35:36 +0100] "GET /news.php?cs_go=archiv&cs_id=2713&cs_search= HTTP/1.1" 200 7887 "-" "Mozilla/5.0 (compatible; Googlebot/2.1; +http://www.google.com/bot.html)"
66.249.73.109 - - [06/Nov/2012:10:37:37 +0100] "GET /news.php?cs_go=archiv&cs_id=1997&cs_search= HTTP/1.1" 200 7887 "-" "Mozilla/5.0 (compatible; Googlebot/2.1; +http://www.google.com/bot.html)"
66.249.73.109 - - [06/Nov/2012:10:38:38 +0100] "GET /news.php?cs_go=archiv&cs_id=1992&cs_search= HTTP/1.1" 200 7887 "-" "Mozilla/5.0 (compatible; Googlebot/2.1; +http://www.google.com/bot.html)"
66.249.73.109 - - [06/Nov/2012:10:40:39 +0100] "GET /news.php?cs_go=archiv&cs_id=2692 HTTP/1.1" 200 7887 "-" "Mozilla/5.0 (compatible; Googlebot/2.1; +http://www.google.com/bot.html)"
66.249.73.109 - - [06/Nov/2012:10:41:40 +0100] "GET /news.php?cs_go=archiv&cs_id=2105&cs_search= HTTP/1.1" 200 7887 "-" "Mozilla/5.0 (compatible; Googlebot/2.1; +http://www.google.com/bot.html)"
66.249.73.109 - - [06/Nov/2012:10:42:40 +0100] "GET /news.php?cs_go=archiv&cs_id=2128&cs_search= HTTP/1.1" 200 7887 "-" "Mozilla/5.0 (compatible; Googlebot/2.1; +http://www.google.com/bot.html)"
66.249.73.109 - - [06/Nov/2012:10:44:42 +0100] "GET /news.php?cs_go=archiv&cs_id=2130&cs_search= HTTP/1.1" 200 7887 "-" "Mozilla/5.0 (compatible; Googlebot/2.1; +http://www.google.com/bot.html)"
66.249.73.109 - - [06/Nov/2012:10:45:42 +0100] "GET /news.php?cs_go=archiv&cs_id=2136&cs_search= HTTP/1.1" 200 7887 "-" "Mozilla/5.0 (compatible; Googlebot/2.1; +http://www.google.com/bot.html)"
66.249.73.109 - - [06/Nov/2012:10:46:43 +0100] "GET /news.php?cs_go=archiv&cs_id=2135&cs_search= HTTP/1.1" 200 7887 "-" "Mozilla/5.0 (compatible; Googlebot/2.1; +http://www.google.com/bot.html)"
66.249.73.109 - - [06/Nov/2012:10:48:03 +0100] "GET /news.php?cs_go=archiv&cs_id=2165&cs_search= HTTP/1.1" 200 7887 "-" "Mozilla/5.0 (compatible; Googlebot/2.1; +http://www.google.com/bot.html)"
66.249.73.109 - - [06/Nov/2012:10:48:44 +0100] "GET /news.php?cs_go=archiv&cs_id=2138&cs_search= HTTP/1.1" 200 7887 "-" "Mozilla/5.0 (compatible; Googlebot/2.1; +http://www.google.com/bot.html)"
66.249.73.109 - - [06/Nov/2012:10:51:46 +0100] "GET /news.php?cs_go=archiv&cs_id=2161&cs_search= HTTP/1.1" 200 7887 "-" "Mozilla/5.0 (compatible; Googlebot/2.1; +http://www.google.com/bot.html)"
66.249.73.109 - - [06/Nov/2012:10:52:46 +0100] "GET /news.php?cs_go=archiv&cs_id=2179&cs_search= HTTP/1.1" 200 7887 "-" "Mozilla/5.0 (compatible; Googlebot/2.1; +http://www.google.com/bot.html)"
85.25.100.239 - - [06/Nov/2012:10:53:15 +0100] "GET /rueckrufservice.php HTTP/1.1" 200 10770 "-" "Mozilla/4.0 (compatible; MSIE 6.0; Windows 98; Win 9x4.90)"
66.249.73.109 - - [06/Nov/2012:10:53:47 +0100] "GET / HTTP/1.1" 200 15372 "-" "Mozilla/5.0 (compatible; Googlebot/2.1; +http://www.google.com/bot.html)"
66.249.73.109 - - [06/Nov/2012:10:54:48 +0100] "GET /news.php?cs_go=archiv&cs_id=157&cs_search= HTTP/1.1" 200 7887 "-" "Mozilla/5.0 (compatible; Googlebot/2.1; +http://www.google.com/bot.html)"
66.249.73.109 - - [06/Nov/2012:10:55:48 +0100] "GET /news.php?cs_go=archiv&cs_id=858&cs_search= HTTP/1.1" 200 7887 "-" "Mozilla/5.0 (compatible; Googlebot/2.1; +http://www.google.com/bot.html)"
66.249.73.109 - - [06/Nov/2012:10:56:49 +0100] "GET /news.php?cs_go=archiv&cs_id=1603&cs_search= HTTP/1.1" 200 7887 "-" "Mozilla/5.0 (compatible; Googlebot/2.1; +http://www.google.com/bot.html)"
66.249.73.109 - - [06/Nov/2012:10:57:49 +0100] "GET /news.php?cs_go=archiv&cs_id=690&cs_search= HTTP/1.1" 200 7887 "-" "Mozilla/5.0 (compatible; Googlebot/2.1; +http://www.google.com/bot.html)"
66.249.73.109 - - [06/Nov/2012:10:59:50 +0100] "GET /news.php?cs_go=archiv&cs_id=288&cs_search= HTTP/1.1" 200 7887 "-" "Mozilla/5.0 (compatible; Googlebot/2.1; +http://www.google.com/bot.html)"
66.249.73.109 - - [06/Nov/2012:11:00:51 +0100] "GET /news.php?cs_go=archiv&cs_id=703&cs_search= HTTP/1.1" 200 7887 "-" "Mozilla/5.0 (compatible; Googlebot/2.1; +http://www.google.com/bot.html)"
66.249.73.109 - - [06/Nov/2012:11:00:56 +0100] "GET /news.php?cs_go=archiv&cs_id=3621 HTTP/1.1" 200 13052 "-" "Mozilla/5.0 (compatible; Googlebot/2.1; +http://www.google.com/bot.html)"
66.249.73.109 - - [06/Nov/2012:11:01:52 +0100] "GET /news.php?cs_go=archiv&cs_id=645&cs_search= HTTP/1.1" 200 7887 "-" "Mozilla/5.0 (compatible; Googlebot/2.1; +http://www.google.com/bot.html)"
66.249.73.109 - - [06/Nov/2012:11:02:52 +0100] "GET /news.php?cs_go=archiv&cs_id=149&cs_search= HTTP/1.1" 200 7887 "-" "Mozilla/5.0 (compatible; Googlebot/2.1; +http://www.google.com/bot.html)"
66.249.73.109 - - [06/Nov/2012:11:03:53 +0100] "GET /news.php?cs_go=archiv&cs_id=466&cs_search= HTTP/1.1" 200 7887 "-" "Mozilla/5.0 (compatible; Googlebot/2.1; +http://www.google.com/bot.html)"
157.55.33.17 - - [06/Nov/2012:11:03:53 +0100] "GET /robots.txt HTTP/1.1" 200 177 "-" "Mozilla/5.0 (compatible; bingbot/2.0; +http://www.bing.com/bingbot.htm)"
66.249.73.109 - - [06/Nov/2012:11:03:54 +0100] "GET /news.php?cs_go=archiv&cs_id=3639 HTTP/1.1" 200 13649 "-" "Mozilla/5.0 (compatible; Googlebot/2.1; +http://www.google.com/bot.html)"
157.55.35.46 - - [06/Nov/2012:11:04:43 +0100] "GET /news.php?cs_go=archiv&cs_id=3516 HTTP/1.1" 200 12364 "-" "Mozilla/5.0 (compatible; bingbot/2.0; +http://www.bing.com/bingbot.htm)"
66.249.73.109 - - [06/Nov/2012:11:04:54 +0100] "GET /news.php?cs_go=archiv&cs_id=152&cs_search= HTTP/1.1" 200 7887 "-" "Mozilla/5.0 (compatible; Googlebot/2.1; +http://www.google.com/bot.html)"
157.55.33.17 - - [06/Nov/2012:11:05:33 +0100] "GET /news.php?cs_go=archiv&cs_id=3547 HTTP/1.1" 200 13336 "-" "Mozilla/5.0 (compatible; bingbot/2.0; +http://www.bing.com/bingbot.htm)"
66.249.73.109 - - [06/Nov/2012:11:05:54 +0100] "GET /news.php?cs_go=archiv&cs_id=118&cs_search= HTTP/1.1" 200 7887 "-" "Mozilla/5.0 (compatible; Googlebot/2.1; +http://www.google.com/bot.html)"
66.249.73.109 - - [06/Nov/2012:11:06:55 +0100] "GET /news.php?cs_go=archiv&cs_id=1618&cs_search= HTTP/1.1" 200 7887 "-" "Mozilla/5.0 (compatible; Googlebot/2.1; +http://www.google.com/bot.html)"
5.9.25.75 - - [06/Nov/2012:11:07:03 +0100] "GET /robots.txt HTTP/1.1" 200 177 "-" "Pixray-Seeker/2.0 (Pixray-Seeker; +http://www.pixray.com/pixraybot; +crawler@pixray.com)"
5.9.25.75 - - [06/Nov/2012:11:07:03 +0100] "GET /news.php?cs_go=archiv&cs_id=1688&cs_search= HTTP/1.1" 200 7887 "-" "Pixray-Seeker/2.0 (Pixray-Seeker; +http://www.pixray.com/pixraybot; +crawler@pixray.com)"
66.249.73.109 - - [06/Nov/2012:11:07:16 +0100] "GET /news.php?cs_go=archiv&cs_id=3641 HTTP/1.1" 200 10079 "-" "Mozilla/5.0 (compatible; Googlebot/2.1; +http://www.google.com/bot.html)"
66.249.73.109 - - [06/Nov/2012:11:07:55 +0100] "GET /news.php?cs_go=archiv&cs_id=353&cs_search= HTTP/1.1" 200 7887 "-" "Mozilla/5.0 (compatible; Googlebot/2.1; +http://www.google.com/bot.html)"
66.249.73.109 - - [06/Nov/2012:11:08:56 +0100] "GET /news.php?cs_go=archiv&cs_id=1610&cs_search= HTTP/1.1" 200 7887 "-" "Mozilla/5.0 (compatible; Googlebot/2.1; +http://www.google.com/bot.html)"
66.249.73.109 - - [06/Nov/2012:11:09:57 +0100] "GET /news.php?cs_go=archiv&cs_id=364&cs_search= HTTP/1.1" 200 7887 "-" "Mozilla/5.0 (compatible; Googlebot/2.1; +http://www.google.com/bot.html)"
66.249.73.109 - - [06/Nov/2012:11:10:57 +0100] "GET /news.php?cs_go=archiv&cs_id=3637 HTTP/1.1" 200 9674 "-" "Mozilla/5.0 (compatible; Googlebot/2.1; +http://www.google.com/bot.html)"
66.249.73.109 - - [06/Nov/2012:11:10:58 +0100] "GET /news.php?cs_go=archiv&cs_id=529&cs_search= HTTP/1.1" 200 7887 "-" "Mozilla/5.0 (compatible; Googlebot/2.1; +http://www.google.com/bot.html)"
66.249.73.109 - - [06/Nov/2012:11:11:58 +0100] "GET /news.php?cs_go=archiv&cs_startpos=1750 HTTP/1.1" 200 8126 "-" "Mozilla/5.0 (compatible; Googlebot/2.1; +http://www.google.com/bot.html)"
66.249.73.109 - - [06/Nov/2012:11:12:59 +0100] "GET /news.php?cs_go=archiv&cs_id=1486&cs_search= HTTP/1.1" 200 7887 "-" "Mozilla/5.0 (compatible; Googlebot/2.1; +http://www.google.com/bot.html)"
66.249.73.109 - - [06/Nov/2012:11:15:00 +0100] "GET /news.php?cs_go=archiv&cs_id=315&cs_search= HTTP/1.1" 200 7887 "-" "Mozilla/5.0 (compatible; Googlebot/2.1; +http://www.google.com/bot.html)"
66.249.73.109 - - [06/Nov/2012:11:16:00 +0100] "GET /news.php?cs_go=archiv&cs_id=475&cs_search= HTTP/1.1" 200 7887 "-" "Mozilla/5.0 (compatible; Googlebot/2.1; +http://www.google.com/bot.html)"
89.247.71.159 - - [06/Nov/2012:11:17:01 +0100] "GET /style.css HTTP/1.1" 200 8418 "http://www.mink-gmbh.de/index.php" "Mozilla/5.0 (Windows NT 6.1; rv:16.0) Gecko/20100101 Firefox/16.0"
89.247.71.159 - - [06/Nov/2012:11:17:01 +0100] "GET /modul.css HTTP/1.1" 200 35038 "http://www.mink-gmbh.de/index.php" "Mozilla/5.0 (Windows NT 6.1; rv:16.0) Gecko/20100101 Firefox/16.0"
89.247.71.159 - - [06/Nov/2012:11:17:01 +0100] "GET /favicon.ico HTTP/1.1" 200 3638 "-" "Mozilla/5.0 (Windows NT 6.1; rv:16.0) Gecko/20100101 Firefox/16.0"
89.247.71.159 - - [06/Nov/2012:11:17:01 +0100] "GET /images/bg.jpg HTTP/1.1" 200 345 "http://www.mink-gmbh.de/style.css" "Mozilla/5.0 (Windows NT 6.1; rv:16.0) Gecko/20100101 Firefox/16.0"
66.249.73.109 - - [06/Nov/2012:11:17:01 +0100] "GET /news.php?cs_go=archiv&cs_id=577&cs_search= HTTP/1.1" 200 7887 "-" "Mozilla/5.0 (compatible; Googlebot/2.1; +http://www.google.com/bot.html)"
89.247.71.159 - - [06/Nov/2012:11:17:01 +0100] "GET /js_contentserver24_greybox/gb_styles.css HTTP/1.1" 200 2302 "http://www.mink-gmbh.de/index.php" "Mozilla/5.0 (Windows NT 6.1; rv:16.0) Gecko/20100101 Firefox/16.0"
89.247.71.159 - - [06/Nov/2012:11:17:01 +0100] "GET /js_contentserver24_greybox/AJS_fx.js HTTP/1.1" 200 3192 "http://www.mink-gmbh.de/index.php" "Mozilla/5.0 (Windows NT 6.1; rv:16.0) Gecko/20100101 Firefox/16.0"
89.247.71.159 - - [06/Nov/2012:11:17:01 +0100] "GET /js_contentserver24_greybox/AJS.js HTTP/1.1" 200 10396 "http://www.mink-gmbh.de/index.php" "Mozilla/5.0 (Windows NT 6.1; rv:16.0) Gecko/20100101 Firefox/16.0"
89.247.71.159 - - [06/Nov/2012:11:17:01 +0100] "GET /js_contentserver24_greybox/gb_scripts.js HTTP/1.1" 200 11913 "http://www.mink-gmbh.de/index.php" "Mozilla/5.0 (Windows NT 6.1; rv:16.0) Gecko/20100101 Firefox/16.0"
89.247.71.159 - - [06/Nov/2012:11:17:01 +0100] "GET /js_contentserver24_greybox/w_close.gif HTTP/1.1" 200 74 "http://www.mink-gmbh.de/index.php" "Mozilla/5.0 (Windows NT 6.1; rv:16.0) Gecko/20100101 Firefox/16.0"
89.247.71.159 - - [06/Nov/2012:11:17:01 +0100] "GET /images/close.png HTTP/1.1" 200 703 "http://www.mink-gmbh.de/index.php" "Mozilla/5.0 (Windows NT 6.1; rv:16.0) Gecko/20100101 Firefox/16.0"
89.247.71.159 - - [06/Nov/2012:11:17:01 +0100] "GET /images/newsletter_bg.jpg HTTP/1.1" 200 33610 "http://www.mink-gmbh.de/index.php" "Mozilla/5.0 (Windows NT 6.1; rv:16.0) Gecko/20100101 Firefox/16.0"
89.247.71.159 - - [06/Nov/2012:11:17:01 +0100] "GET /images/newsletter.png HTTP/1.1" 200 14619 "http://www.mink-gmbh.de/style.css" "Mozilla/5.0 (Windows NT 6.1; rv:16.0) Gecko/20100101 Firefox/16.0"
89.247.71.159 - - [06/Nov/2012:11:17:01 +0100] "GET /images/wrapperbg.jpg HTTP/1.1" 200 27465 "http://www.mink-gmbh.de/style.css" "Mozilla/5.0 (Windows NT 6.1; rv:16.0) Gecko/20100101 Firefox/16.0"
89.247.71.159 - - [06/Nov/2012:11:17:01 +0100] "GET /images/header.jpg HTTP/1.1" 200 24413 "http://www.mink-gmbh.de/style.css" "Mozilla/5.0 (Windows NT 6.1; rv:16.0) Gecko/20100101 Firefox/16.0"
89.247.71.159 - - [06/Nov/2012:11:17:01 +0100] "GET /images/navibg.png HTTP/1.1" 200 2803 "http://www.mink-gmbh.de/style.css" "Mozilla/5.0 (Windows NT 6.1; rv:16.0) Gecko/20100101 Firefox/16.0"
89.247.71.159 - - [06/Nov/2012:11:17:01 +0100] "GET /images/steigend.png HTTP/1.1" 200 688 "http://www.mink-gmbh.de/modul.css" "Mozilla/5.0 (Windows NT 6.1; rv:16.0) Gecko/20100101 Firefox/16.0"
89.247.71.159 - - [06/Nov/2012:11:17:01 +0100] "GET /images/gleichbleibend.png HTTP/1.1" 200 534 "http://www.mink-gmbh.de/modul.css" "Mozilla/5.0 (Windows NT 6.1; rv:16.0) Gecko/20100101 Firefox/16.0"
89.247.71.159 - - [06/Nov/2012:11:17:01 +0100] "GET /images/tkw.jpg HTTP/1.1" 200 64031 "http://www.mink-gmbh.de/index.php" "Mozilla/5.0 (Windows NT 6.1; rv:16.0) Gecko/20100101 Firefox/16.0"
89.247.71.159 - - [06/Nov/2012:11:17:02 +0100] "GET /js_contentserver24_greybox/loader_frame.html?s=0 HTTP/1.1" 200 2084 "http://www.mink-gmbh.de/index.php" "Mozilla/5.0 (Windows NT 6.1; rv:16.0) Gecko/20100101 Firefox/16.0"
89.247.71.159 - - [06/Nov/2012:11:17:02 +0100] "GET /js_contentserver24_greybox/header_bg.gif HTTP/1.1" 200 1188 "http://www.mink-gmbh.de/index.php" "Mozilla/5.0 (Windows NT 6.1; rv:16.0) Gecko/20100101 Firefox/16.0"
89.247.71.159 - - [06/Nov/2012:11:17:02 +0100] "GET /images/mobil.jpg HTTP/1.1" 200 25293 "http://www.mink-gmbh.de/style.css" "Mozilla/5.0 (Windows NT 6.1; rv:16.0) Gecko/20100101 Firefox/16.0"
89.247.71.159 - - [06/Nov/2012:11:17:02 +0100] "GET /js_contentserver24_greybox/indicator.gif HTTP/1.1" 200 8238 "http://www.mink-gmbh.de/js_contentserver24_greybox/loader_frame.html?s=0" "Mozilla/5.0 (Windows NT 6.1; rv:16.0) Gecko/20100101 Firefox/16.0"
89.247.71.159 - - [06/Nov/2012:11:17:02 +0100] "GET /images/newsletter.jpg HTTP/1.1" 200 13130 "http://www.mink-gmbh.de/style.css" "Mozilla/5.0 (Windows NT 6.1; rv:16.0) Gecko/20100101 Firefox/16.0"
89.247.71.159 - - [06/Nov/2012:11:17:01 +0100] "GET /index.php HTTP/1.1" 200 15372 "-" "Mozilla/5.0 (Windows NT 6.1; rv:16.0) Gecko/20100101 Firefox/16.0"
89.247.71.159 - - [06/Nov/2012:11:17:02 +0100] "GET /images/freecall.jpg HTTP/1.1" 200 39195 "http://www.mink-gmbh.de/index.php" "Mozilla/5.0 (Windows NT 6.1; rv:16.0) Gecko/20100101 Firefox/16.0"
89.247.71.159 - - [06/Nov/2012:11:17:02 +0100] "GET /images/mail.jpg HTTP/1.1" 200 11165 "http://www.mink-gmbh.de/index.php" "Mozilla/5.0 (Windows NT 6.1; rv:16.0) Gecko/20100101 Firefox/16.0"
89.247.71.159 - - [06/Nov/2012:11:17:02 +0100] "GET /images/kwk.gif HTTP/1.1" 200 6403 "http://www.mink-gmbh.de/index.php" "Mozilla/5.0 (Windows NT 6.1; rv:16.0) Gecko/20100101 Firefox/16.0"
89.247.71.159 - - [06/Nov/2012:11:17:02 +0100] "GET /images/wunschpreis.jpg HTTP/1.1" 200 16767 "http://www.mink-gmbh.de/index.php" "Mozilla/5.0 (Windows NT 6.1; rv:16.0) Gecko/20100101 Firefox/16.0"
89.247.71.159 - - [06/Nov/2012:11:17:02 +0100] "GET /images/logos.jpg HTTP/1.1" 200 15002 "http://www.mink-gmbh.de/index.php" "Mozilla/5.0 (Windows NT 6.1; rv:16.0) Gecko/20100101 Firefox/16.0"
89.247.71.159 - - [06/Nov/2012:11:17:02 +0100] "GET /images/footerbg.jpg HTTP/1.1" 200 2184 "http://www.mink-gmbh.de/style.css" "Mozilla/5.0 (Windows NT 6.1; rv:16.0) Gecko/20100101 Firefox/16.0"
89.247.71.159 - - [06/Nov/2012:11:17:02 +0100] "GET /js_contentserver24_greybox/g_close.gif HTTP/1.1" 200 541 "http://www.mink-gmbh.de/index.php" "Mozilla/5.0 (Windows NT 6.1; rv:16.0) Gecko/20100101 Firefox/16.0"
66.249.73.109 - - [06/Nov/2012:11:17:03 +0100] "GET /news.php?cs_go=archiv&cs_id=1712&cs_search= HTTP/1.1" 200 7887 "-" "Mozilla/5.0 (compatible; Googlebot/2.1; +http://www.google.com/bot.html)"
66.249.73.109 - - [06/Nov/2012:11:18:02 +0100] "GET /news.php?cs_go=archiv&cs_id=15&cs_search= HTTP/1.1" 200 7887 "-" "Mozilla/5.0 (compatible; Googlebot/2.1; +http://www.google.com/bot.html)"
5.9.25.69 - - [06/Nov/2012:11:19:07 +0100] "GET /robots.txt HTTP/1.1" 200 177 "-" "Pixray-Seeker/2.0 (Pixray-Seeker; +http://www.pixray.com/pixraybot; +crawler@pixray.com)"
5.9.25.69 - - [06/Nov/2012:11:19:07 +0100] "GET /news.php?cs_go=archiv&cs_id=3186&cs_search= HTTP/1.1" 200 9826 "-" "Pixray-Seeker/2.0 (Pixray-Seeker; +http://www.pixray.com/pixraybot; +crawler@pixray.com)"
66.249.73.109 - - [06/Nov/2012:11:20:03 +0100] "GET /news.php?cs_go=archiv&cs_id=379&cs_search= HTTP/1.1" 200 7887 "-" "Mozilla/5.0 (compatible; Googlebot/2.1; +http://www.google.com/bot.html)"
66.249.73.109 - - [06/Nov/2012:11:21:03 +0100] "GET /news.php?cs_go=archiv&cs_id=572&cs_search= HTTP/1.1" 200 7887 "-" "Mozilla/5.0 (compatible; Googlebot/2.1; +http://www.google.com/bot.html)"
66.249.73.109 - - [06/Nov/2012:11:22:07 +0100] "GET /news.php?cs_go=archiv&cs_startpos=1710 HTTP/1.1" 200 8126 "-" "Mozilla/5.0 (compatible; Googlebot/2.1; +http://www.google.com/bot.html)"
66.249.73.109 - - [06/Nov/2012:11:23:05 +0100] "GET /news.php?cs_go=archiv&cs_id=1533&cs_search= HTTP/1.1" 200 7887 "-" "Mozilla/5.0 (compatible; Googlebot/2.1; +http://www.google.com/bot.html)"
66.249.73.109 - - [06/Nov/2012:11:24:05 +0100] "GET /news.php?cs_go=archiv&cs_startpos=1650 HTTP/1.1" 200 8126 "-" "Mozilla/5.0 (compatible; Googlebot/2.1; +http://www.google.com/bot.html)"
66.249.73.109 - - [06/Nov/2012:11:25:06 +0100] "GET /news.php?cs_go=archiv&cs_id=233&cs_search= HTTP/1.1" 200 7887 "-" "Mozilla/5.0 (compatible; Googlebot/2.1; +http://www.google.com/bot.html)"
66.249.73.109 - - [06/Nov/2012:11:26:06 +0100] "GET /news.php?cs_go=archiv&cs_id=151&cs_search= HTTP/1.1" 200 7887 "-" "Mozilla/5.0 (compatible; Googlebot/2.1; +http://www.google.com/bot.html)"
66.249.73.109 - - [06/Nov/2012:11:27:07 +0100] "GET /news.php?cs_go=archiv&cs_id=332&cs_search= HTTP/1.1" 200 7887 "-" "Mozilla/5.0 (compatible; Googlebot/2.1; +http://www.google.com/bot.html)"
66.249.73.109 - - [06/Nov/2012:11:28:08 +0100] "GET /news.php?cs_go=archiv&cs_id=1556&cs_search= HTTP/1.1" 200 7887 "-" "Mozilla/5.0 (compatible; Googlebot/2.1; +http://www.google.com/bot.html)"
66.249.73.109 - - [06/Nov/2012:11:29:08 +0100] "GET /news.php?cs_go=archiv&cs_id=850&cs_search= HTTP/1.1" 200 7887 "-" "Mozilla/5.0 (compatible; Googlebot/2.1; +http://www.google.com/bot.html)"
66.249.73.109 - - [06/Nov/2012:11:30:09 +0100] "GET /news.php?cs_go=archiv&cs_id=832&cs_search= HTTP/1.1" 200 7887 "-" "Mozilla/5.0 (compatible; Googlebot/2.1; +http://www.google.com/bot.html)"
66.249.73.109 - - [06/Nov/2012:11:31:09 +0100] "GET /news.php?cs_go=archiv&cs_id=70&cs_search= HTTP/1.1" 200 7887 "-" "Mozilla/5.0 (compatible; Googlebot/2.1; +http://www.google.com/bot.html)"
66.249.73.109 - - [06/Nov/2012:11:32:10 +0100] "GET /news.php?cs_go=archiv&cs_id=246&cs_search= HTTP/1.1" 200 7887 "-" "Mozilla/5.0 (compatible; Googlebot/2.1; +http://www.google.com/bot.html)"
66.249.73.109 - - [06/Nov/2012:11:33:11 +0100] "GET /news.php?cs_go=archiv&cs_id=339&cs_search= HTTP/1.1" 200 7887 "-" "Mozilla/5.0 (compatible; Googlebot/2.1; +http://www.google.com/bot.html)"
66.249.73.109 - - [06/Nov/2012:11:34:11 +0100] "GET /news.php?cs_go=archiv&cs_id=428&cs_search= HTTP/1.1" 200 7887 "-" "Mozilla/5.0 (compatible; Googlebot/2.1; +http://www.google.com/bot.html)"
66.249.73.109 - - [06/Nov/2012:11:35:12 +0100] "GET /news.php?cs_go=archiv&cs_id=439&cs_search= HTTP/1.1" 200 7887 "-" "Mozilla/5.0 (compatible; Googlebot/2.1; +http://www.google.com/bot.html)"
66.249.73.109 - - [06/Nov/2012:11:36:12 +0100] "GET /news.php?cs_go=archiv&cs_id=527&cs_search= HTTP/1.1" 200 7887 "-" "Mozilla/5.0 (compatible; Googlebot/2.1; +http://www.google.com/bot.html)"
66.249.73.109 - - [06/Nov/2012:11:37:13 +0100] "GET /news.php?cs_go=archiv&cs_id=348&cs_search= HTTP/1.1" 200 7887 "-" "Mozilla/5.0 (compatible; Googlebot/2.1; +http://www.google.com/bot.html)"
66.249.73.109 - - [06/Nov/2012:11:38:14 +0100] "GET /news.php?cs_go=archiv&cs_id=1570&cs_search= HTTP/1.1" 200 7887 "-" "Mozilla/5.0 (compatible; Googlebot/2.1; +http://www.google.com/bot.html)"
66.249.73.109 - - [06/Nov/2012:11:39:14 +0100] "GET /news.php?cs_go=archiv&cs_id=225&cs_search= HTTP/1.1" 200 7887 "-" "Mozilla/5.0 (compatible; Googlebot/2.1; +http://www.google.com/bot.html)"
66.249.73.109 - - [06/Nov/2012:11:40:15 +0100] "GET /news.php?cs_go=archiv&cs_id=931&cs_search= HTTP/1.1" 200 7887 "-" "Mozilla/5.0 (compatible; Googlebot/2.1; +http://www.google.com/bot.html)"
66.249.73.109 - - [06/Nov/2012:11:41:15 +0100] "GET /news.php?cs_go=archiv&cs_id=688&cs_search= HTTP/1.1" 200 7887 "-" "Mozilla/5.0 (compatible; Googlebot/2.1; +http://www.google.com/bot.html)"
5.9.25.84 - - [06/Nov/2012:11:43:09 +0100] "GET /robots.txt HTTP/1.1" 200 177 "-" "Pixray-Seeker/2.0 (Pixray-Seeker; +http://www.pixray.com/pixraybot; +crawler@pixray.com)"
5.9.25.84 - - [06/Nov/2012:11:43:09 +0100] "GET /news.php?cs_go=archiv&cs_id=2444&cs_search= HTTP/1.1" 200 7887 "-" "Pixray-Seeker/2.0 (Pixray-Seeker; +http://www.pixray.com/pixraybot; +crawler@pixray.com)"
66.249.73.109 - - [06/Nov/2012:11:43:17 +0100] "GET /news.php?cs_go=archiv&cs_id=319&cs_search= HTTP/1.1" 200 7887 "-" "Mozilla/5.0 (compatible; Googlebot/2.1; +http://www.google.com/bot.html)"
66.249.73.109 - - [06/Nov/2012:11:44:17 +0100] "GET /news.php?cs_go=archiv&cs_id=636&cs_search= HTTP/1.1" 200 7887 "-" "Mozilla/5.0 (compatible; Googlebot/2.1; +http://www.google.com/bot.html)"
66.249.73.109 - - [06/Nov/2012:11:45:19 +0100] "GET /news.php?cs_go=archiv&cs_id=31&cs_search= HTTP/1.1" 200 7887 "-" "Mozilla/5.0 (compatible; Googlebot/2.1; +http://www.google.com/bot.html)"
66.249.73.109 - - [06/Nov/2012:11:46:19 +0100] "GET /news.php?cs_go=archiv&cs_id=338&cs_search= HTTP/1.1" 200 7887 "-" "Mozilla/5.0 (compatible; Googlebot/2.1; +http://www.google.com/bot.html)"
66.249.73.109 - - [06/Nov/2012:11:47:19 +0100] "GET /news.php?cs_go=archiv&cs_id=154&cs_search= HTTP/1.1" 200 7887 "-" "Mozilla/5.0 (compatible; Googlebot/2.1; +http://www.google.com/bot.html)"
66.249.73.109 - - [06/Nov/2012:11:48:20 +0100] "GET /news.php?cs_go=archiv&cs_id=97&cs_search= HTTP/1.1" 200 7887 "-" "Mozilla/5.0 (compatible; Googlebot/2.1; +http://www.google.com/bot.html)"
66.249.73.109 - - [06/Nov/2012:11:49:20 +0100] "GET /news.php?cs_go=archiv&cs_id=45&cs_search= HTTP/1.1" 200 7887 "-" "Mozilla/5.0 (compatible; Googlebot/2.1; +http://www.google.com/bot.html)"
66.249.73.109 - - [06/Nov/2012:11:50:21 +0100] "GET /news.php?cs_go=archiv&cs_id=96&cs_search= HTTP/1.1" 200 7887 "-" "Mozilla/5.0 (compatible; Googlebot/2.1; +http://www.google.com/bot.html)"
66.249.73.109 - - [06/Nov/2012:11:51:21 +0100] "GET /news.php?cs_go=archiv&cs_id=1578&cs_search= HTTP/1.1" 200 7887 "-" "Mozilla/5.0 (compatible; Googlebot/2.1; +http://www.google.com/bot.html)"
5.9.25.72 - - [06/Nov/2012:11:52:15 +0100] "GET /robots.txt HTTP/1.1" 200 177 "-" "Pixray-Seeker/2.0 (Pixray-Seeker; +http://www.pixray.com/pixraybot; +crawler@pixray.com)"
5.9.25.72 - - [06/Nov/2012:11:52:15 +0100] "GET /news.php?cs_go=archiv&cs_id=3401&cs_search= HTTP/1.1" 200 13324 "-" "Pixray-Seeker/2.0 (Pixray-Seeker; +http://www.pixray.com/pixraybot; +crawler@pixray.com)"
66.249.73.109 - - [06/Nov/2012:11:52:22 +0100] "GET /news.php?cs_go=archiv&cs_id=148&cs_search= HTTP/1.1" 200 7887 "-" "Mozilla/5.0 (compatible; Googlebot/2.1; +http://www.google.com/bot.html)"
66.249.73.109 - - [06/Nov/2012:11:53:23 +0100] "GET /news.php?cs_go=archiv&cs_id=971&cs_search= HTTP/1.1" 200 7887 "-" "Mozilla/5.0 (compatible; Googlebot/2.1; +http://www.google.com/bot.html)"
66.249.73.109 - - [06/Nov/2012:11:54:23 +0100] "GET /news.php?cs_go=archiv&cs_id=535&cs_search= HTTP/1.1" 200 7887 "-" "Mozilla/5.0 (compatible; Googlebot/2.1; +http://www.google.com/bot.html)"
5.9.25.74 - - [06/Nov/2012:11:54:57 +0100] "GET /robots.txt HTTP/1.1" 200 177 "-" "Pixray-Seeker/2.0 (Pixray-Seeker; +http://www.pixray.com/pixraybot; +crawler@pixray.com)"
5.9.25.74 - - [06/Nov/2012:11:54:57 +0100] "GET /news.php?cs_go=archiv&cs_id=1866&cs_search= HTTP/1.1" 200 7887 "-" "Pixray-Seeker/2.0 (Pixray-Seeker; +http://www.pixray.com/pixraybot; +crawler@pixray.com)"
66.249.73.109 - - [06/Nov/2012:11:55:24 +0100] "GET /news.php?cs_go=archiv&cs_id=227&cs_search= HTTP/1.1" 200 7887 "-" "Mozilla/5.0 (compatible; Googlebot/2.1; +http://www.google.com/bot.html)"
66.249.73.109 - - [06/Nov/2012:11:56:25 +0100] "GET /news.php?cs_go=archiv&cs_id=85&cs_search= HTTP/1.1" 200 7887 "-" "Mozilla/5.0 (compatible; Googlebot/2.1; +http://www.google.com/bot.html)"
66.249.73.109 - - [06/Nov/2012:11:57:25 +0100] "GET /news.php?cs_go=archiv&cs_id=500&cs_search= HTTP/1.1" 200 7887 "-" "Mozilla/5.0 (compatible; Googlebot/2.1; +http://www.google.com/bot.html)"
66.249.73.109 - - [06/Nov/2012:11:58:26 +0100] "GET /news.php?cs_go=archiv&cs_id=356&cs_search= HTTP/1.1" 200 7887 "-" "Mozilla/5.0 (compatible; Googlebot/2.1; +http://www.google.com/bot.html)"
66.249.73.109 - - [06/Nov/2012:11:59:26 +0100] "GET /news.php?cs_go=archiv&cs_id=449&cs_search= HTTP/1.1" 200 7887 "-" "Mozilla/5.0 (compatible; Googlebot/2.1; +http://www.google.com/bot.html)"
66.249.73.109 - - [06/Nov/2012:12:00:27 +0100] "GET /news.php?cs_go=archiv&cs_id=286&cs_search= HTTP/1.1" 200 7887 "-" "Mozilla/5.0 (compatible; Googlebot/2.1; +http://www.google.com/bot.html)"
66.249.73.109 - - [06/Nov/2012:12:02:19 +0100] "GET /news.php?cs_go=archiv&cs_id=414&cs_search= HTTP/1.1" 200 7887 "-" "Mozilla/5.0 (compatible; Googlebot/2.1; +http://www.google.com/bot.html)"
66.249.73.109 - - [06/Nov/2012:12:02:47 +0100] "GET /news.php?cs_go=archiv&cs_startpos=1670 HTTP/1.1" 200 8126 "-" "Mozilla/5.0 (compatible; Googlebot/2.1; +http://www.google.com/bot.html)"
66.249.73.109 - - [06/Nov/2012:12:03:29 +0100] "GET /news.php?cs_go=archiv&cs_id=1545&cs_search= HTTP/1.1" 200 7887 "-" "Mozilla/5.0 (compatible; Googlebot/2.1; +http://www.google.com/bot.html)"
66.249.73.109 - - [06/Nov/2012:12:04:38 +0100] "GET /news.php?cs_go=archiv&cs_id=786&cs_search= HTTP/1.1" 200 7887 "-" "Mozilla/5.0 (compatible; Googlebot/2.1; +http://www.google.com/bot.html)"
66.249.73.109 - - [06/Nov/2012:12:05:30 +0100] "GET /news.php?cs_go=archiv&cs_id=50&cs_search= HTTP/1.1" 200 7887 "-" "Mozilla/5.0 (compatible; Googlebot/2.1; +http://www.google.com/bot.html)"
66.249.73.109 - - [06/Nov/2012:12:06:30 +0100] "GET /news.php?cs_go=archiv&cs_id=94&cs_search= HTTP/1.1" 200 7887 "-" "Mozilla/5.0 (compatible; Googlebot/2.1; +http://www.google.com/bot.html)"
66.249.73.109 - - [06/Nov/2012:12:07:31 +0100] "GET /news.php?cs_go=archiv&cs_id=201&cs_search= HTTP/1.1" 200 7887 "-" "Mozilla/5.0 (compatible; Googlebot/2.1; +http://www.google.com/bot.html)"
66.249.73.109 - - [06/Nov/2012:12:08:32 +0100] "GET /news.php?cs_go=archiv&cs_id=798&cs_search= HTTP/1.1" 200 7887 "-" "Mozilla/5.0 (compatible; Googlebot/2.1; +http://www.google.com/bot.html)"
157.55.35.82 - - [06/Nov/2012:12:08:59 +0100] "GET /robots.txt HTTP/1.1" 200 177 "-" "Mozilla/5.0 (compatible; bingbot/2.0; +http://www.bing.com/bingbot.htm)"
66.249.73.109 - - [06/Nov/2012:12:09:32 +0100] "GET /news.php?cs_go=archiv&cs_id=1599&cs_search= HTTP/1.1" 200 7887 "-" "Mozilla/5.0 (compatible; Googlebot/2.1; +http://www.google.com/bot.html)"
66.249.73.109 - - [06/Nov/2012:12:10:33 +0100] "GET /news.php?cs_go=archiv&cs_id=738&cs_search= HTTP/1.1" 200 7887 "-" "Mozilla/5.0 (compatible; Googlebot/2.1; +http://www.google.com/bot.html)"
66.249.73.109 - - [06/Nov/2012:12:11:34 +0100] "GET /news.php?cs_go=archiv&cs_id=479&cs_search= HTTP/1.1" 200 7887 "-" "Mozilla/5.0 (compatible; Googlebot/2.1; +http://www.google.com/bot.html)"
66.249.73.109 - - [06/Nov/2012:12:12:34 +0100] "GET /news.php?cs_go=archiv&cs_id=477&cs_search= HTTP/1.1" 200 7887 "-" "Mozilla/5.0 (compatible; Googlebot/2.1; +http://www.google.com/bot.html)"
66.249.73.109 - - [06/Nov/2012:12:13:35 +0100] "GET /news.php?cs_go=archiv&cs_id=448&cs_search= HTTP/1.1" 200 7887 "-" "Mozilla/5.0 (compatible; Googlebot/2.1; +http://www.google.com/bot.html)"
66.249.73.109 - - [06/Nov/2012:12:14:35 +0100] "GET /news.php?cs_go=archiv&cs_id=818&cs_search= HTTP/1.1" 200 7887 "-" "Mozilla/5.0 (compatible; Googlebot/2.1; +http://www.google.com/bot.html)"
5.9.25.81 - - [06/Nov/2012:12:14:55 +0100] "GET /robots.txt HTTP/1.1" 200 177 "-" "Pixray-Seeker/2.0 (Pixray-Seeker; +http://www.pixray.com/pixraybot; +crawler@pixray.com)"
5.9.25.81 - - [06/Nov/2012:12:14:55 +0100] "GET /news.php?cs_go=archiv&cs_id=2529&cs_search= HTTP/1.1" 200 7887 "-" "Pixray-Seeker/2.0 (Pixray-Seeker; +http://www.pixray.com/pixraybot; +crawler@pixray.com)"
66.249.73.109 - - [06/Nov/2012:12:15:36 +0100] "GET /news.php?cs_go=archiv&cs_id=73&cs_search= HTTP/1.1" 200 7887 "-" "Mozilla/5.0 (compatible; Googlebot/2.1; +http://www.google.com/bot.html)"
87.118.116.25 - - [06/Nov/2012:12:16:06 +0100] "GET /robots.txt HTTP/1.1" 200 177 "-" "Mozilla/5.0 (compatible; UnisterBot; crawler@unister.de)"
87.118.116.25 - - [06/Nov/2012:12:16:07 +0100] "GET /news.php?cs_go=archiv&cs_id=2794&cs_search= HTTP/1.1" 200 13711 "-" "Mozilla/5.0 (compatible; UnisterBot; crawler@unister.de)"
66.249.73.109 - - [06/Nov/2012:12:16:37 +0100] "GET /news.php?cs_go=archiv&cs_id=54&cs_search= HTTP/1.1" 200 7887 "-" "Mozilla/5.0 (compatible; Googlebot/2.1; +http://www.google.com/bot.html)"
66.249.73.109 - - [06/Nov/2012:12:17:38 +0100] "GET /news.php?cs_go=archiv&cs_id=334&cs_search= HTTP/1.1" 200 7887 "-" "Mozilla/5.0 (compatible; Googlebot/2.1; +http://www.google.com/bot.html)"
66.249.73.109 - - [06/Nov/2012:12:18:38 +0100] "GET /news.php?cs_go=archiv&cs_id=347&cs_search= HTTP/1.1" 200 7887 "-" "Mozilla/5.0 (compatible; Googlebot/2.1; +http://www.google.com/bot.html)"
66.249.73.109 - - [06/Nov/2012:12:19:38 +0100] "GET /news.php?cs_go=archiv&cs_id=429&cs_search= HTTP/1.1" 200 7887 "-" "Mozilla/5.0 (compatible; Googlebot/2.1; +http://www.google.com/bot.html)"
87.118.116.25 - - [06/Nov/2012:12:20:00 +0100] "GET /news.php?cs_go=archiv&cs_id=2829&cs_search= HTTP/1.1" 200 10048 "-" "Mozilla/5.0 (compatible; UnisterBot; crawler@unister.de)"
66.249.73.109 - - [06/Nov/2012:12:20:39 +0100] "GET /news.php?cs_go=archiv&cs_id=612&cs_search= HTTP/1.1" 200 7887 "-" "Mozilla/5.0 (compatible; Googlebot/2.1; +http://www.google.com/bot.html)"
87.118.116.25 - - [06/Nov/2012:12:21:33 +0100] "GET /news.php?cs_go=archiv&cs_id=2764&cs_search= HTTP/1.1" 200 14217 "-" "Mozilla/5.0 (compatible; UnisterBot; crawler@unister.de)"
66.249.73.109 - - [06/Nov/2012:12:21:40 +0100] "GET /news.php?cs_go=archiv&cs_id=627&cs_search= HTTP/1.1" 200 7887 "-" "Mozilla/5.0 (compatible; Googlebot/2.1; +http://www.google.com/bot.html)"
66.249.73.109 - - [06/Nov/2012:12:22:40 +0100] "GET /news.php?cs_go=archiv&cs_id=33&cs_search= HTTP/1.1" 200 7887 "-" "Mozilla/5.0 (compatible; Googlebot/2.1; +http://www.google.com/bot.html)"
84.19.190.126 - - [06/Nov/2012:12:23:09 +0100] "GET /news.php?cs_go=archiv&cs_id=2819&cs_search= HTTP/1.1" 200 10217 "-" "Mozilla/5.0 (compatible; UnisterBot; crawler@unister.de)"
66.249.73.109 - - [06/Nov/2012:12:23:40 +0100] "GET /news.php?cs_go=archiv&cs_id=435&cs_search= HTTP/1.1" 200 7887 "-" "Mozilla/5.0 (compatible; Googlebot/2.1; +http://www.google.com/bot.html)"
87.118.116.25 - - [06/Nov/2012:12:24:37 +0100] "GET /news.php?cs_go=archiv&cs_id=2766&cs_search= HTTP/1.1" 200 11745 "-" "Mozilla/5.0 (compatible; UnisterBot; crawler@unister.de)"
66.249.73.109 - - [06/Nov/2012:12:24:41 +0100] "GET /news.php?cs_go=archiv&cs_id=842&cs_search= HTTP/1.1" 200 7887 "-" "Mozilla/5.0 (compatible; Googlebot/2.1; +http://www.google.com/bot.html)"
66.249.73.109 - - [06/Nov/2012:12:25:41 +0100] "GET /news.php?cs_go=archiv&cs_id=204&cs_search= HTTP/1.1" 200 7887 "-" "Mozilla/5.0 (compatible; Googlebot/2.1; +http://www.google.com/bot.html)"
87.118.116.25 - - [06/Nov/2012:12:25:50 +0100] "GET /news.php?cs_go=archiv&cs_id=2839&cs_search= HTTP/1.1" 200 11587 "-" "Mozilla/5.0 (compatible; UnisterBot; crawler@unister.de)"
66.249.73.109 - - [06/Nov/2012:12:26:41 +0100] "GET /news.php?cs_go=archiv&cs_id=566&cs_search= HTTP/1.1" 200 7887 "-" "Mozilla/5.0 (compatible; Googlebot/2.1; +http://www.google.com/bot.html)"
157.55.35.82 - - [06/Nov/2012:12:26:43 +0100] "GET / HTTP/1.1" 200 15372 "-" "Mozilla/5.0 (compatible; bingbot/2.0; +http://www.bing.com/bingbot.htm)"
