84.19.190.126 - - [05/Nov/2012:17:40:04 +0100] "GET /news.php?cs_go=archiv&cs_id=2939&cs_search= HTTP/1.1" 200 13759 "-" "Mozilla/5.0 (compatible; UnisterBot; crawler@unister.de)"
87.118.116.25 - - [05/Nov/2012:17:42:11 +0100] "GET /news.php?cs_go=archiv&cs_id=2951&cs_search= HTTP/1.1" 200 9992 "-" "Mozilla/5.0 (compatible; UnisterBot; crawler@unister.de)"
84.19.190.126 - - [05/Nov/2012:17:43:10 +0100] "GET /news.php?cs_go=archiv&cs_id=2954&cs_search= HTTP/1.1" 200 13411 "-" "Mozilla/5.0 (compatible; UnisterBot; crawler@unister.de)"
84.19.190.126 - - [05/Nov/2012:17:44:08 +0100] "GET /news.php?cs_go=archiv&cs_id=2956&cs_search= HTTP/1.1" 200 13368 "-" "Mozilla/5.0 (compatible; UnisterBot; crawler@unister.de)"
87.118.116.25 - - [05/Nov/2012:17:45:05 +0100] "GET /news.php?cs_go=archiv&cs_id=2942&cs_search= HTTP/1.1" 200 12338 "-" "Mozilla/5.0 (compatible; UnisterBot; crawler@unister.de)"
87.118.116.25 - - [05/Nov/2012:17:45:59 +0100] "GET /news.php?cs_go=archiv&cs_id=2941&cs_search= HTTP/1.1" 200 14237 "-" "Mozilla/5.0 (compatible; UnisterBot; crawler@unister.de)"
87.118.116.25 - - [05/Nov/2012:17:46:51 +0100] "GET /news.php?cs_go=archiv&cs_id=2940&cs_search= HTTP/1.1" 200 10376 "-" "Mozilla/5.0 (compatible; UnisterBot; crawler@unister.de)"
87.118.116.25 - - [05/Nov/2012:17:47:50 +0100] "GET /news.php?cs_go=archiv&cs_startpos=540 HTTP/1.1" 200 22853 "-" "Mozilla/5.0 (compatible; UnisterBot; crawler@unister.de)"
87.118.116.25 - - [05/Nov/2012:17:48:43 +0100] "GET /news.php?cs_go=archiv&cs_id=2955&cs_search= HTTP/1.1" 200 9863 "-" "Mozilla/5.0 (compatible; UnisterBot; crawler@unister.de)"
87.118.116.25 - - [05/Nov/2012:17:49:41 +0100] "GET /news.php?cs_go=archiv&cs_id=2953&cs_search= HTTP/1.1" 200 9948 "-" "Mozilla/5.0 (compatible; UnisterBot; crawler@unister.de)"
84.19.190.126 - - [05/Nov/2012:17:50:29 +0100] "GET /news.php?cs_go=archiv&cs_id=2944&cs_search= HTTP/1.1" 200 11608 "-" "Mozilla/5.0 (compatible; UnisterBot; crawler@unister.de)"
66.249.73.109 - - [05/Nov/2012:18:04:48 +0100] "GET /news.php?cs_go=archiv&cs_id=412&cs_search= HTTP/1.1" 200 7887 "-" "Mozilla/5.0 (compatible; Googlebot/2.1; +http://www.google.com/bot.html)"
212.113.37.106 - - [05/Nov/2012:18:21:11 +0100] "GET /news.php?cs_go=archiv&cs_id=3537&cs_search= HTTP/1.1" 200 13371 "-" "Mozilla/5.0 (compatible; AhrefsBot/3.1; +http://ahrefs.com/robot/)"
66.249.73.109 - - [05/Nov/2012:18:22:13 +0100] "GET /optiplus.php HTTP/1.1" 200 11100 "-" "Mozilla/5.0 (iPhone; U; CPU iPhone OS 4_1 like Mac OS X; en-us) AppleWebKit/532.9 (KHTML, like Gecko) Version/4.0.5 Mobile/8B117 Safari/6531.22.7 (compatible; Googlebot-Mobile/2.1; +http://www.google.com/bot.html)"
84.19.190.126 - - [05/Nov/2012:18:34:19 +0100] "GET /news.php?cs_go=archiv&cs_id=2952&cs_search= HTTP/1.1" 200 14065 "-" "Mozilla/5.0 (compatible; UnisterBot; crawler@unister.de)"
178.154.179.250 - - [05/Nov/2012:19:08:28 +0100] "GET / HTTP/1.1" 200 15291 "-" "Mozilla/5.0 (compatible; YandexBot/3.0; +http://yandex.com/bots)"
178.154.179.250 - - [05/Nov/2012:19:08:31 +0100] "GET / HTTP/1.1" 200 15291 "-" "Mozilla/5.0 (compatible; YandexBot/3.0; +http://yandex.com/bots)"
82.94.176.164 - - [05/Nov/2012:19:18:53 +0100] "GET /jobs.php HTTP/1.1" 200 10066 "-" "Mozilla/4.0 (compatible; MSIE 5.5; Windows NT)"
213.186.119.135 - - [05/Nov/2012:19:28:43 +0100] "GET /kwk.php?cs_go=4 HTTP/1.1" 200 10255 "-" "Mozilla/5.0 (compatible; AhrefsBot/3.1; +http://ahrefs.com/robot/)"
84.164.151.198 - - [05/Nov/2012:19:54:02 +0100] "GET / HTTP/1.1" 200 15291 "http://search.chatzum.com/?q=mink&s=web&as=0&dns=0" "Mozilla/5.0 (Windows NT 6.1; WOW64; rv:16.0) Gecko/20100101 Firefox/16.0"
84.164.151.198 - - [05/Nov/2012:19:54:03 +0100] "GET /style.css HTTP/1.1" 200 8418 "http://www.mink-gmbh.de/" "Mozilla/5.0 (Windows NT 6.1; WOW64; rv:16.0) Gecko/20100101 Firefox/16.0"
84.164.151.198 - - [05/Nov/2012:19:54:03 +0100] "GET /js_contentserver24_greybox/gb_styles.css HTTP/1.1" 200 2302 "http://www.mink-gmbh.de/" "Mozilla/5.0 (Windows NT 6.1; WOW64; rv:16.0) Gecko/20100101 Firefox/16.0"
84.164.151.198 - - [05/Nov/2012:19:54:03 +0100] "GET /modul.css HTTP/1.1" 200 35038 "http://www.mink-gmbh.de/" "Mozilla/5.0 (Windows NT 6.1; WOW64; rv:16.0) Gecko/20100101 Firefox/16.0"
84.164.151.198 - - [05/Nov/2012:19:54:03 +0100] "GET /js_contentserver24_greybox/AJS_fx.js HTTP/1.1" 200 3192 "http://www.mink-gmbh.de/" "Mozilla/5.0 (Windows NT 6.1; WOW64; rv:16.0) Gecko/20100101 Firefox/16.0"
84.164.151.198 - - [05/Nov/2012:19:54:03 +0100] "GET /js_contentserver24_greybox/AJS.js HTTP/1.1" 200 10396 "http://www.mink-gmbh.de/" "Mozilla/5.0 (Windows NT 6.1; WOW64; rv:16.0) Gecko/20100101 Firefox/16.0"
84.164.151.198 - - [05/Nov/2012:19:54:03 +0100] "GET /js_contentserver24_greybox/gb_scripts.js HTTP/1.1" 200 11913 "http://www.mink-gmbh.de/" "Mozilla/5.0 (Windows NT 6.1; WOW64; rv:16.0) Gecko/20100101 Firefox/16.0"
84.164.151.198 - - [05/Nov/2012:19:54:03 +0100] "GET /images/mail.jpg HTTP/1.1" 200 11165 "http://www.mink-gmbh.de/" "Mozilla/5.0 (Windows NT 6.1; WOW64; rv:16.0) Gecko/20100101 Firefox/16.0"
84.164.151.198 - - [05/Nov/2012:19:54:03 +0100] "GET /images/kwk.gif HTTP/1.1" 200 6403 "http://www.mink-gmbh.de/" "Mozilla/5.0 (Windows NT 6.1; WOW64; rv:16.0) Gecko/20100101 Firefox/16.0"
84.164.151.198 - - [05/Nov/2012:19:54:03 +0100] "GET /images/wunschpreis.jpg HTTP/1.1" 200 16767 "http://www.mink-gmbh.de/" "Mozilla/5.0 (Windows NT 6.1; WOW64; rv:16.0) Gecko/20100101 Firefox/16.0"
84.164.151.198 - - [05/Nov/2012:19:54:03 +0100] "GET /images/freecall.jpg HTTP/1.1" 200 39195 "http://www.mink-gmbh.de/" "Mozilla/5.0 (Windows NT 6.1; WOW64; rv:16.0) Gecko/20100101 Firefox/16.0"
84.164.151.198 - - [05/Nov/2012:19:54:03 +0100] "GET /images/logos.jpg HTTP/1.1" 200 15002 "http://www.mink-gmbh.de/" "Mozilla/5.0 (Windows NT 6.1; WOW64; rv:16.0) Gecko/20100101 Firefox/16.0"
84.164.151.198 - - [05/Nov/2012:19:54:03 +0100] "GET /favicon.ico HTTP/1.1" 200 3638 "-" "Mozilla/5.0 (Windows NT 6.1; WOW64; rv:16.0) Gecko/20100101 Firefox/16.0"
84.164.151.198 - - [05/Nov/2012:19:54:03 +0100] "GET /images/tkw.jpg HTTP/1.1" 200 64031 "http://www.mink-gmbh.de/" "Mozilla/5.0 (Windows NT 6.1; WOW64; rv:16.0) Gecko/20100101 Firefox/16.0"
84.164.151.198 - - [05/Nov/2012:19:54:03 +0100] "GET /images/bg.jpg HTTP/1.1" 200 345 "http://www.mink-gmbh.de/style.css" "Mozilla/5.0 (Windows NT 6.1; WOW64; rv:16.0) Gecko/20100101 Firefox/16.0"
84.164.151.198 - - [05/Nov/2012:19:54:03 +0100] "GET /js_contentserver24_greybox/w_close.gif HTTP/1.1" 200 74 "http://www.mink-gmbh.de/" "Mozilla/5.0 (Windows NT 6.1; WOW64; rv:16.0) Gecko/20100101 Firefox/16.0"
84.164.151.198 - - [05/Nov/2012:19:54:03 +0100] "GET /images/close.png HTTP/1.1" 200 703 "http://www.mink-gmbh.de/" "Mozilla/5.0 (Windows NT 6.1; WOW64; rv:16.0) Gecko/20100101 Firefox/16.0"
84.164.151.198 - - [05/Nov/2012:19:54:03 +0100] "GET /images/newsletter.png HTTP/1.1" 200 14619 "http://www.mink-gmbh.de/style.css" "Mozilla/5.0 (Windows NT 6.1; WOW64; rv:16.0) Gecko/20100101 Firefox/16.0"
84.164.151.198 - - [05/Nov/2012:19:54:03 +0100] "GET /images/newsletter_bg.jpg HTTP/1.1" 200 33610 "http://www.mink-gmbh.de/" "Mozilla/5.0 (Windows NT 6.1; WOW64; rv:16.0) Gecko/20100101 Firefox/16.0"
84.164.151.198 - - [05/Nov/2012:19:54:03 +0100] "GET /images/wrapperbg.jpg HTTP/1.1" 200 27465 "http://www.mink-gmbh.de/style.css" "Mozilla/5.0 (Windows NT 6.1; WOW64; rv:16.0) Gecko/20100101 Firefox/16.0"
84.164.151.198 - - [05/Nov/2012:19:54:03 +0100] "GET /images/header.jpg HTTP/1.1" 200 24413 "http://www.mink-gmbh.de/style.css" "Mozilla/5.0 (Windows NT 6.1; WOW64; rv:16.0) Gecko/20100101 Firefox/16.0"
84.164.151.198 - - [05/Nov/2012:19:54:03 +0100] "GET /images/navibg.png HTTP/1.1" 200 2803 "http://www.mink-gmbh.de/style.css" "Mozilla/5.0 (Windows NT 6.1; WOW64; rv:16.0) Gecko/20100101 Firefox/16.0"
84.164.151.198 - - [05/Nov/2012:19:54:03 +0100] "GET /images/steigend.png HTTP/1.1" 200 688 "http://www.mink-gmbh.de/modul.css" "Mozilla/5.0 (Windows NT 6.1; WOW64; rv:16.0) Gecko/20100101 Firefox/16.0"
84.164.151.198 - - [05/Nov/2012:19:54:03 +0100] "GET /images/gleichbleibend.png HTTP/1.1" 200 534 "http://www.mink-gmbh.de/modul.css" "Mozilla/5.0 (Windows NT 6.1; WOW64; rv:16.0) Gecko/20100101 Firefox/16.0"
84.164.151.198 - - [05/Nov/2012:19:54:03 +0100] "GET /images/newsletter.jpg HTTP/1.1" 200 13130 "http://www.mink-gmbh.de/style.css" "Mozilla/5.0 (Windows NT 6.1; WOW64; rv:16.0) Gecko/20100101 Firefox/16.0"
84.164.151.198 - - [05/Nov/2012:19:54:03 +0100] "GET /images/mobil.jpg HTTP/1.1" 200 25293 "http://www.mink-gmbh.de/style.css" "Mozilla/5.0 (Windows NT 6.1; WOW64; rv:16.0) Gecko/20100101 Firefox/16.0"
84.164.151.198 - - [05/Nov/2012:19:54:03 +0100] "GET /images/footerbg.jpg HTTP/1.1" 200 2184 "http://www.mink-gmbh.de/style.css" "Mozilla/5.0 (Windows NT 6.1; WOW64; rv:16.0) Gecko/20100101 Firefox/16.0"
84.164.151.198 - - [05/Nov/2012:19:54:03 +0100] "GET /js_contentserver24_greybox/header_bg.gif HTTP/1.1" 200 1188 "http://www.mink-gmbh.de/" "Mozilla/5.0 (Windows NT 6.1; WOW64; rv:16.0) Gecko/20100101 Firefox/16.0"
84.164.151.198 - - [05/Nov/2012:19:54:03 +0100] "GET /js_contentserver24_greybox/g_close.gif HTTP/1.1" 200 541 "http://www.mink-gmbh.de/" "Mozilla/5.0 (Windows NT 6.1; WOW64; rv:16.0) Gecko/20100101 Firefox/16.0"
84.164.151.198 - - [05/Nov/2012:19:54:03 +0100] "GET /js_contentserver24_greybox/indicator.gif HTTP/1.1" 200 8238 "http://www.mink-gmbh.de/" "Mozilla/5.0 (Windows NT 6.1; WOW64; rv:16.0) Gecko/20100101 Firefox/16.0"
84.164.151.198 - - [05/Nov/2012:19:54:03 +0100] "GET /js_contentserver24_greybox/loader_frame.html?s=0 HTTP/1.1" 200 2084 "http://www.mink-gmbh.de/" "Mozilla/5.0 (Windows NT 6.1; WOW64; rv:16.0) Gecko/20100101 Firefox/16.0"
178.77.126.55 - - [05/Nov/2012:20:14:42 +0100] "GET /robots.txt HTTP/1.1" 200 177 "-" "Mozilla/5.0 (compatible; CareerBot/1.1; +http://www.career-x.de/bot.html)"
178.77.126.55 - - [05/Nov/2012:20:14:42 +0100] "GET / HTTP/1.1" 200 15291 "-" "Mozilla/5.0 (compatible; CareerBot/1.1; +http://www.career-x.de/bot.html)"
66.249.73.109 - - [05/Nov/2012:20:26:18 +0100] "GET /agb.php HTTP/1.1" 200 19709 "-" "Mozilla/5.0 (compatible; Googlebot/2.1; +http://www.google.com/bot.html)"
66.249.73.109 - - [05/Nov/2012:20:26:19 +0100] "GET /news.php?cs_go=archiv&cs_id=324&cs_search= HTTP/1.1" 200 7887 "-" "Mozilla/5.0 (compatible; Googlebot/2.1; +http://www.google.com/bot.html)"
213.186.119.140 - - [05/Nov/2012:20:36:12 +0100] "GET /news.php?cs_go=archiv&cs_id=3540&cs_search= HTTP/1.1" 200 9904 "-" "Mozilla/5.0 (compatible; AhrefsBot/3.1; +http://ahrefs.com/robot/)"
66.249.73.109 - - [05/Nov/2012:20:40:58 +0100] "GET /faq.php HTTP/1.1" 200 185803 "-" "Mozilla/5.0 (compatible; Googlebot/2.1; +http://www.google.com/bot.html)"
66.249.73.109 - - [05/Nov/2012:20:48:04 +0100] "GET /kwk.php HTTP/1.1" 200 10884 "-" "Mozilla/5.0 (compatible; Googlebot/2.1; +http://www.google.com/bot.html)"
24.134.146.36 - - [05/Nov/2012:21:00:52 +0100] "GET /index.php HTTP/1.1" 200 8657 "-" "findlinks/2.0.2 (+http://wortschatz.uni-leipzig.de/findlinks/)"
24.134.146.36 - - [05/Nov/2012:21:00:53 +0100] "GET /index.php HTTP/1.1" 200 14550 "-" "findlinks/2.0.2 (+http://wortschatz.uni-leipzig.de/findlinks/)"
24.134.146.36 - - [05/Nov/2012:21:10:50 +0100] "GET /energiesparcheck.php HTTP/1.1" 200 13581 "-" "findlinks/2.0.2 (+http://wortschatz.uni-leipzig.de/findlinks/)"
24.134.146.36 - - [05/Nov/2012:21:10:54 +0100] "GET /energiesparcheck.php HTTP/1.1" 200 13494 "-" "findlinks/2.0.2 (+http://wortschatz.uni-leipzig.de/findlinks/)"
66.249.73.109 - - [05/Nov/2012:21:20:34 +0100] "GET /news.php?cs_go=archiv&cs_id=2579 HTTP/1.1" 200 7887 "-" "Mozilla/5.0 (compatible; Googlebot/2.1; +http://www.google.com/bot.html)"
157.55.32.162 - - [05/Nov/2012:21:20:40 +0100] "GET /robots.txt HTTP/1.1" 200 177 "-" "Mozilla/5.0 (compatible; bingbot/2.0; +http://www.bing.com/bingbot.htm)"
66.249.73.109 - - [05/Nov/2012:21:23:12 +0100] "GET /edl.php HTTP/1.1" 200 10801 "-" "Mozilla/5.0 (compatible; Googlebot/2.1; +http://www.google.com/bot.html)"
66.249.73.109 - - [05/Nov/2012:21:30:41 +0100] "GET /news.php?cs_go=archiv&cs_id=2577 HTTP/1.1" 200 7887 "-" "Mozilla/5.0 (compatible; Googlebot/2.1; +http://www.google.com/bot.html)"
66.249.73.109 - - [05/Nov/2012:21:40:49 +0100] "GET /news.php?cs_go=archiv&cs_id=2581&cs_search= HTTP/1.1" 200 7887 "-" "Mozilla/5.0 (compatible; Googlebot/2.1; +http://www.google.com/bot.html)"
130.83.167.153 - - [05/Nov/2012:21:43:19 +0100] "GET /news.php?cs_go=archiv&cs_startpos=630 HTTP/1.1" 200 8440 "-" "findlinks/2.6 (+http://wortschatz.uni-leipzig.de/findlinks/)"
130.83.167.153 - - [05/Nov/2012:21:43:20 +0100] "GET /news.php?cs_go=archiv&cs_startpos=630 HTTP/1.1" 200 22648 "-" "findlinks/2.6 (+http://wortschatz.uni-leipzig.de/findlinks/)"
65.55.52.116 - - [05/Nov/2012:21:43:29 +0100] "GET /documente/ HTTP/1.1" 404 - "-" "Mozilla/5.0 (compatible; bingbot/2.0; +http://www.bing.com/bingbot.htm)"
212.113.37.106 - - [05/Nov/2012:21:43:43 +0100] "GET /news.php HTTP/1.1" 200 22002 "-" "Mozilla/5.0 (compatible; AhrefsBot/3.1; +http://ahrefs.com/robot/)"
87.118.116.25 - - [05/Nov/2012:21:43:50 +0100] "GET /robots.txt HTTP/1.1" 200 177 "-" "Mozilla/5.0 (compatible; UnisterBot; crawler@unister.de)"
87.118.116.25 - - [05/Nov/2012:21:43:50 +0100] "GET /news.php?cs_go=archiv&cs_id=3009&cs_search= HTTP/1.1" 200 13809 "-" "Mozilla/5.0 (compatible; UnisterBot; crawler@unister.de)"
66.249.73.109 - - [05/Nov/2012:21:44:19 +0100] "GET /jobs.php HTTP/1.1" 200 10066 "-" "Mozilla/5.0 (compatible; Googlebot/2.1; +http://www.google.com/bot.html)"
87.118.116.25 - - [05/Nov/2012:21:46:09 +0100] "GET /news.php?cs_go=archiv&cs_id=2921&cs_search= HTTP/1.1" 200 13600 "-" "Mozilla/5.0 (compatible; UnisterBot; crawler@unister.de)"
84.19.190.126 - - [05/Nov/2012:21:47:22 +0100] "GET /news.php?cs_go=archiv&cs_id=2998&cs_search= HTTP/1.1" 200 9980 "-" "Mozilla/5.0 (compatible; UnisterBot; crawler@unister.de)"
87.118.116.25 - - [05/Nov/2012:21:48:21 +0100] "GET /news.php?cs_go=archiv&cs_id=2933&cs_search= HTTP/1.1" 200 9926 "-" "Mozilla/5.0 (compatible; UnisterBot; crawler@unister.de)"
87.118.116.25 - - [05/Nov/2012:21:49:24 +0100] "GET /news.php?cs_go=archiv&cs_id=2936&cs_search= HTTP/1.1" 200 9829 "-" "Mozilla/5.0 (compatible; UnisterBot; crawler@unister.de)"
84.19.190.126 - - [05/Nov/2012:21:50:22 +0100] "GET /news.php?cs_go=archiv&cs_id=2922&cs_search= HTTP/1.1" 200 9852 "-" "Mozilla/5.0 (compatible; UnisterBot; crawler@unister.de)"
66.249.73.109 - - [05/Nov/2012:21:50:57 +0100] "GET /news.php?cs_go=archiv&cs_id=2526&cs_search= HTTP/1.1" 200 7887 "-" "Mozilla/5.0 (compatible; Googlebot/2.1; +http://www.google.com/bot.html)"
87.118.116.25 - - [05/Nov/2012:21:51:25 +0100] "GET /news.php?cs_go=archiv&cs_id=2919&cs_search= HTTP/1.1" 200 9774 "-" "Mozilla/5.0 (compatible; UnisterBot; crawler@unister.de)"
84.19.190.126 - - [05/Nov/2012:21:52:25 +0100] "GET /news.php?cs_go=archiv&cs_id=2913&cs_search= HTTP/1.1" 200 11522 "-" "Mozilla/5.0 (compatible; UnisterBot; crawler@unister.de)"
84.19.190.126 - - [05/Nov/2012:21:53:17 +0100] "GET /news.php?cs_go=archiv&cs_startpos=560 HTTP/1.1" 200 22776 "-" "Mozilla/5.0 (compatible; UnisterBot; crawler@unister.de)"
87.118.116.25 - - [05/Nov/2012:21:54:21 +0100] "GET /news.php?cs_go=archiv&cs_startpos=470 HTTP/1.1" 200 22771 "-" "Mozilla/5.0 (compatible; UnisterBot; crawler@unister.de)"
84.19.190.126 - - [05/Nov/2012:21:55:07 +0100] "GET /news.php?cs_go=archiv&cs_id=2915&cs_search= HTTP/1.1" 200 11258 "-" "Mozilla/5.0 (compatible; UnisterBot; crawler@unister.de)"
84.19.190.126 - - [05/Nov/2012:21:55:56 +0100] "GET /news.php?cs_go=archiv&cs_id=2934&cs_search= HTTP/1.1" 200 13591 "-" "Mozilla/5.0 (compatible; UnisterBot; crawler@unister.de)"
178.154.179.250 - - [05/Nov/2012:21:56:20 +0100] "GET /robots.txt HTTP/1.1" 200 177 "-" "Mozilla/5.0 (compatible; YandexBot/3.0; +http://yandex.com/bots)"
84.19.190.126 - - [05/Nov/2012:21:56:47 +0100] "GET /news.php?cs_go=archiv&cs_id=2983&cs_search= HTTP/1.1" 200 12098 "-" "Mozilla/5.0 (compatible; UnisterBot; crawler@unister.de)"
87.118.116.25 - - [05/Nov/2012:21:57:41 +0100] "GET /news.php?cs_go=archiv&cs_id=2917&cs_search= HTTP/1.1" 200 10004 "-" "Mozilla/5.0 (compatible; UnisterBot; crawler@unister.de)"
87.118.116.25 - - [05/Nov/2012:21:58:37 +0100] "GET /news.php?cs_go=archiv&cs_id=3011&cs_search= HTTP/1.1" 200 10124 "-" "Mozilla/5.0 (compatible; UnisterBot; crawler@unister.de)"
84.19.190.126 - - [05/Nov/2012:21:59:31 +0100] "GET /news.php?cs_go=archiv&cs_id=2982&cs_search= HTTP/1.1" 200 11561 "-" "Mozilla/5.0 (compatible; UnisterBot; crawler@unister.de)"
84.19.190.126 - - [05/Nov/2012:22:00:23 +0100] "GET /news.php?cs_go=archiv&cs_id=2947&cs_search= HTTP/1.1" 200 9891 "-" "Mozilla/5.0 (compatible; UnisterBot; crawler@unister.de)"
66.249.73.109 - - [05/Nov/2012:22:01:05 +0100] "GET /news.php?cs_go=archiv&cs_id=2552&cs_search= HTTP/1.1" 200 7887 "-" "Mozilla/5.0 (compatible; Googlebot/2.1; +http://www.google.com/bot.html)"
84.19.190.126 - - [05/Nov/2012:22:01:21 +0100] "GET /news.php?cs_go=archiv&cs_id=2920&cs_search= HTTP/1.1" 200 11648 "-" "Mozilla/5.0 (compatible; UnisterBot; crawler@unister.de)"
84.19.190.126 - - [05/Nov/2012:22:02:16 +0100] "GET /news.php?cs_go=archiv&cs_id=2935&cs_search= HTTP/1.1" 200 13397 "-" "Mozilla/5.0 (compatible; UnisterBot; crawler@unister.de)"
84.19.190.126 - - [05/Nov/2012:22:03:12 +0100] "GET /news.php?cs_go=archiv&cs_id=2916&cs_search= HTTP/1.1" 200 13419 "-" "Mozilla/5.0 (compatible; UnisterBot; crawler@unister.de)"
87.118.116.25 - - [05/Nov/2012:22:04:10 +0100] "GET /news.php?cs_go=archiv&cs_id=2943&cs_search= HTTP/1.1" 200 13461 "-" "Mozilla/5.0 (compatible; UnisterBot; crawler@unister.de)"
66.249.73.109 - - [05/Nov/2012:22:04:29 +0100] "GET /news.php HTTP/1.1" 200 22002 "-" "Mozilla/5.0 (compatible; Googlebot/2.1; +http://www.google.com/bot.html)"
84.19.190.126 - - [05/Nov/2012:22:04:53 +0100] "GET /news.php?cs_go=archiv&cs_id=2918&cs_search= HTTP/1.1" 200 13531 "-" "Mozilla/5.0 (compatible; UnisterBot; crawler@unister.de)"
84.19.190.126 - - [05/Nov/2012:22:05:44 +0100] "GET /news.php?cs_go=archiv&cs_id=2914&cs_search= HTTP/1.1" 200 10556 "-" "Mozilla/5.0 (compatible; UnisterBot; crawler@unister.de)"
157.55.32.162 - - [05/Nov/2012:22:11:02 +0100] "GET /images/ HTTP/1.1" 404 - "-" "Mozilla/5.0 (compatible; bingbot/2.0; +http://www.bing.com/bingbot.htm)"
66.249.73.109 - - [05/Nov/2012:22:11:13 +0100] "GET /news.php?cs_go=archiv&cs_id=2670 HTTP/1.1" 200 7887 "-" "Mozilla/5.0 (compatible; Googlebot/2.1; +http://www.google.com/bot.html)"
66.249.73.109 - - [05/Nov/2012:22:21:21 +0100] "GET /news.php?cs_go=archiv&cs_id=2671 HTTP/1.1" 200 7887 "-" "Mozilla/5.0 (compatible; Googlebot/2.1; +http://www.google.com/bot.html)"
66.249.73.109 - - [05/Nov/2012:22:25:17 +0100] "GET /index.php HTTP/1.1" 200 15291 "-" "Mozilla/5.0 (compatible; Googlebot/2.1; +http://www.google.com/bot.html)"
66.249.73.109 - - [05/Nov/2012:22:31:29 +0100] "GET /news.php?cs_go=archiv&cs_id=2596&cs_search= HTTP/1.1" 200 7887 "-" "Mozilla/5.0 (compatible; Googlebot/2.1; +http://www.google.com/bot.html)"
66.249.73.109 - - [05/Nov/2012:22:33:25 +0100] "GET /news.php?cs_go=archiv&cs_startpos=1950 HTTP/1.1" 200 8126 "-" "Mozilla/5.0 (compatible; Googlebot/2.1; +http://www.google.com/bot.html)"
87.118.116.25 - - [05/Nov/2012:22:38:47 +0100] "GET /news.php?cs_go=archiv&cs_startpos=570 HTTP/1.1" 200 22721 "-" "Mozilla/5.0 (compatible; UnisterBot; crawler@unister.de)"
87.118.116.25 - - [05/Nov/2012:22:40:26 +0100] "GET /news.php?cs_go=archiv&cs_id=2937&cs_search= HTTP/1.1" 200 10941 "-" "Mozilla/5.0 (compatible; UnisterBot; crawler@unister.de)"
66.249.73.109 - - [05/Nov/2012:22:41:37 +0100] "GET /news.php?cs_go=archiv&cs_id=2523&cs_search= HTTP/1.1" 200 7887 "-" "Mozilla/5.0 (compatible; Googlebot/2.1; +http://www.google.com/bot.html)"
130.83.167.153 - - [05/Nov/2012:22:44:50 +0100] "GET /news.php?cs_go=archiv&cs_id=3525 HTTP/1.1" 200 6992 "-" "findlinks/2.6 (+http://wortschatz.uni-leipzig.de/findlinks/)"
130.83.167.153 - - [05/Nov/2012:22:44:51 +0100] "GET /news.php?cs_go=archiv&cs_id=3525 HTTP/1.1" 200 11890 "-" "findlinks/2.6 (+http://wortschatz.uni-leipzig.de/findlinks/)"
66.249.73.109 - - [05/Nov/2012:22:47:32 +0100] "GET /lexikon.php HTTP/1.1" 200 10523 "-" "Mozilla/5.0 (compatible; Googlebot/2.1; +http://www.google.com/bot.html)"
213.186.119.132 - - [05/Nov/2012:22:51:14 +0100] "GET /news.php?cs_go=archiv&cs_id=3542&cs_search= HTTP/1.1" 200 13418 "-" "Mozilla/5.0 (compatible; AhrefsBot/3.1; +http://ahrefs.com/robot/)"
66.249.73.109 - - [05/Nov/2012:22:51:48 +0100] "GET /news.php?cs_go=archiv&cs_id=2537&cs_search= HTTP/1.1" 200 7887 "-" "Mozilla/5.0 (compatible; Googlebot/2.1; +http://www.google.com/bot.html)"
66.249.73.109 - - [05/Nov/2012:23:01:53 +0100] "GET /news.php?cs_go=archiv&cs_id=2306&cs_search= HTTP/1.1" 200 7887 "-" "Mozilla/5.0 (compatible; Googlebot/2.1; +http://www.google.com/bot.html)"
66.249.73.109 - - [05/Nov/2012:23:09:27 +0100] "GET /kontakt.php HTTP/1.1" 200 9198 "-" "Mozilla/5.0 (compatible; Googlebot/2.1; +http://www.google.com/bot.html)"
65.36.241.79 - - [05/Nov/2012:23:10:29 +0100] "HEAD / HTTP/1.1" 200 - "-" "InternetSeer.com"
66.249.73.109 - - [05/Nov/2012:23:28:45 +0100] "GET /standard.php HTTP/1.1" 200 9218 "-" "Mozilla/5.0 (compatible; Googlebot/2.1; +http://www.google.com/bot.html)"
84.19.190.126 - - [05/Nov/2012:23:29:41 +0100] "GET /news.php?cs_go=archiv&cs_id=2996&cs_search= HTTP/1.1" 200 13717 "-" "Mozilla/5.0 (compatible; UnisterBot; crawler@unister.de)"
87.118.116.25 - - [05/Nov/2012:23:31:26 +0100] "GET /news.php?cs_go=archiv&cs_id=2938&cs_search= HTTP/1.1" 200 10952 "-" "Mozilla/5.0 (compatible; UnisterBot; crawler@unister.de)"
84.19.190.126 - - [05/Nov/2012:23:32:22 +0100] "GET /news.php?cs_go=archiv&cs_id=2948&cs_search= HTTP/1.1" 200 13835 "-" "Mozilla/5.0 (compatible; UnisterBot; crawler@unister.de)"
123.125.71.33 - - [05/Nov/2012:23:35:20 +0100] "GET / HTTP/1.1" 200 8657 "-" "Mozilla/5.0 (compatible; Baiduspider/2.0; +http://www.baidu.com/search/spider.html)"
220.181.108.94 - - [05/Nov/2012:23:35:49 +0100] "GET / HTTP/1.1" 200 6432 "-" "Mozilla/5.0 (compatible; Baiduspider/2.0; +http://www.baidu.com/search/spider.html)"
5.9.25.75 - - [05/Nov/2012:23:36:33 +0100] "GET /robots.txt HTTP/1.1" 200 177 "-" "Pixray-Seeker/2.0 (Pixray-Seeker; +http://www.pixray.com/pixraybot; +crawler@pixray.com)"
5.9.25.75 - - [05/Nov/2012:23:36:33 +0100] "GET /news.php?cs_go=archiv&cs_id=3160&cs_search= HTTP/1.1" 200 14729 "-" "Pixray-Seeker/2.0 (Pixray-Seeker; +http://www.pixray.com/pixraybot; +crawler@pixray.com)"
5.9.25.76 - - [05/Nov/2012:23:40:02 +0100] "GET /robots.txt HTTP/1.1" 200 177 "-" "Pixray-Seeker/2.0 (Pixray-Seeker; +http://www.pixray.com/pixraybot; +crawler@pixray.com)"
5.9.25.76 - - [05/Nov/2012:23:40:02 +0100] "GET /news.php?cs_go=archiv&cs_id=1820&cs_search= HTTP/1.1" 200 7887 "-" "Pixray-Seeker/2.0 (Pixray-Seeker; +http://www.pixray.com/pixraybot; +crawler@pixray.com)"
66.249.73.109 - - [05/Nov/2012:23:48:17 +0100] "GET /impressum.php HTTP/1.1" 200 8582 "-" "Mozilla/5.0 (compatible; Googlebot/2.1; +http://www.google.com/bot.html)"
178.154.179.250 - - [05/Nov/2012:23:57:32 +0100] "GET /index.php HTTP/1.1" 200 15291 "-" "Mozilla/5.0 (compatible; YandexBot/3.0; +http://yandex.com/bots)"
66.249.73.109 - - [06/Nov/2012:00:03:20 +0100] "GET /wunschpreis.php HTTP/1.1" 200 12084 "-" "Mozilla/5.0 (compatible; Googlebot/2.1; +http://www.google.com/bot.html)"
66.249.73.109 - - [06/Nov/2012:00:03:49 +0100] "GET /newsletter.php HTTP/1.1" 200 8928 "-" "Mozilla/5.0 (compatible; Googlebot/2.1; +http://www.google.com/bot.html)"
84.19.190.126 - - [06/Nov/2012:00:15:03 +0100] "GET /news.php?cs_go=archiv&cs_id=2995&cs_search= HTTP/1.1" 200 9914 "-" "Mozilla/5.0 (compatible; UnisterBot; crawler@unister.de)"
5.9.25.82 - - [06/Nov/2012:00:21:43 +0100] "GET /robots.txt HTTP/1.1" 200 177 "-" "Pixray-Seeker/2.0 (Pixray-Seeker; +http://www.pixray.com/pixraybot; +crawler@pixray.com)"
5.9.25.82 - - [06/Nov/2012:00:21:43 +0100] "GET /news.php?cs_go=archiv&cs_id=3156&cs_search= HTTP/1.1" 200 13521 "-" "Pixray-Seeker/2.0 (Pixray-Seeker; +http://www.pixray.com/pixraybot; +crawler@pixray.com)"
87.189.125.65 - - [06/Nov/2012:00:25:04 +0100] "GET /jobs.php HTTP/1.1" 200 10066 "-" "Mozilla/5.0 /Windows; U; Windows NT 6.1; de; rv:1.9.1.5) Gecko/20091102 Firefox/3.5.5"
66.249.73.109 - - [06/Nov/2012:00:26:15 +0100] "GET /foerdermittel.php HTTP/1.1" 200 12908 "-" "Mozilla/5.0 (compatible; Googlebot/2.1; +http://www.google.com/bot.html)"
66.249.73.109 - - [06/Nov/2012:00:37:36 +0100] "GET /modernisierung.php HTTP/1.1" 200 11578 "-" "Mozilla/5.0 (compatible; Googlebot/2.1; +http://www.google.com/bot.html)"
87.189.125.65 - - [06/Nov/2012:00:44:37 +0100] "GET /jobs.php HTTP/1.1" 200 10066 "-" "Mozilla/5.0 /Windows; U; Windows NT 6.1; de; rv:1.9.1.5) Gecko/20091102 Firefox/3.5.5"
5.9.25.77 - - [06/Nov/2012:00:47:46 +0100] "GET /robots.txt HTTP/1.1" 200 177 "-" "Pixray-Seeker/2.0 (Pixray-Seeker; +http://www.pixray.com/pixraybot; +crawler@pixray.com)"
5.9.25.77 - - [06/Nov/2012:00:47:46 +0100] "GET /news.php?cs_go=archiv&cs_startpos=1340 HTTP/1.1" 200 8126 "-" "Pixray-Seeker/2.0 (Pixray-Seeker; +http://www.pixray.com/pixraybot; +crawler@pixray.com)"
123.125.71.105 - - [06/Nov/2012:00:52:52 +0100] "GET / HTTP/1.1" 200 15291 "-" "Mozilla/5.0 (compatible; Baiduspider/2.0; +http://www.baidu.com/search/spider.html)"
5.9.25.78 - - [06/Nov/2012:00:54:36 +0100] "GET /robots.txt HTTP/1.1" 200 177 "-" "Pixray-Seeker/2.0 (Pixray-Seeker; +http://www.pixray.com/pixraybot; +crawler@pixray.com)"
5.9.25.78 - - [06/Nov/2012:00:54:36 +0100] "GET /news.php?cs_go=archiv&cs_startpos=490 HTTP/1.1" 200 22798 "-" "Pixray-Seeker/2.0 (Pixray-Seeker; +http://www.pixray.com/pixraybot; +crawler@pixray.com)"
123.125.71.28 - - [06/Nov/2012:00:56:12 +0100] "GET /news.php?cs_go=archiv&cs_id=3637 HTTP/1.1" 200 9674 "-" "Mozilla/5.0 (compatible; Baiduspider/2.0; +http://www.baidu.com/search/spider.html)"
5.9.25.68 - - [06/Nov/2012:00:57:23 +0100] "GET /robots.txt HTTP/1.1" 200 177 "-" "Pixray-Seeker/2.0 (Pixray-Seeker; +http://www.pixray.com/pixraybot; +crawler@pixray.com)"
5.9.25.68 - - [06/Nov/2012:00:57:23 +0100] "GET /news.php?cs_go=archiv&cs_startpos=1320 HTTP/1.1" 200 8126 "-" "Pixray-Seeker/2.0 (Pixray-Seeker; +http://www.pixray.com/pixraybot; +crawler@pixray.com)"
66.249.73.109 - - [06/Nov/2012:00:57:45 +0100] "GET /news.php?cs_go=archiv&cs_id=2579&cs_search= HTTP/1.1" 200 7887 "-" "Mozilla/5.0 (compatible; Googlebot/2.1; +http://www.google.com/bot.html)"
66.249.73.109 - - [06/Nov/2012:00:57:46 +0100] "GET /news.php?cs_go=archiv&cs_id=2670&cs_search= HTTP/1.1" 200 7887 "-" "Mozilla/5.0 (compatible; Googlebot/2.1; +http://www.google.com/bot.html)"
66.249.73.109 - - [06/Nov/2012:00:57:51 +0100] "GET /news.php?cs_go=archiv&cs_id=2577&cs_search= HTTP/1.1" 200 7887 "-" "Mozilla/5.0 (compatible; Googlebot/2.1; +http://www.google.com/bot.html)"
66.249.73.109 - - [06/Nov/2012:00:58:28 +0100] "GET /news.php?cs_go=archiv&cs_id=2671&cs_search= HTTP/1.1" 200 7887 "-" "Mozilla/5.0 (compatible; Googlebot/2.1; +http://www.google.com/bot.html)"
123.125.71.78 - - [06/Nov/2012:00:59:32 +0100] "GET /news.php?cs_go=archiv&cs_id=3639 HTTP/1.1" 200 13649 "-" "Mozilla/5.0 (compatible; Baiduspider/2.0; +http://www.baidu.com/search/spider.html)"
123.125.71.97 - - [06/Nov/2012:01:02:52 +0100] "GET /news.php?cs_go=archiv&cs_id=3620 HTTP/1.1" 200 11765 "-" "Mozilla/5.0 (compatible; Baiduspider/2.0; +http://www.baidu.com/search/spider.html)"
213.186.127.9 - - [06/Nov/2012:01:06:15 +0100] "GET /news.php?cs_go=archiv&cs_id=3543&cs_search= HTTP/1.1" 200 11415 "-" "Mozilla/5.0 (compatible; AhrefsBot/3.1; +http://ahrefs.com/robot/)"
5.9.25.70 - - [06/Nov/2012:01:15:48 +0100] "GET /robots.txt HTTP/1.1" 200 177 "-" "Pixray-Seeker/2.0 (Pixray-Seeker; +http://www.pixray.com/pixraybot; +crawler@pixray.com)"
5.9.25.70 - - [06/Nov/2012:01:15:48 +0100] "GET /news.php?cs_go=archiv&cs_id=3060&cs_search= HTTP/1.1" 200 13727 "-" "Pixray-Seeker/2.0 (Pixray-Seeker; +http://www.pixray.com/pixraybot; +crawler@pixray.com)"
5.9.25.82 - - [06/Nov/2012:01:25:50 +0100] "GET /robots.txt HTTP/1.1" 200 177 "-" "Pixray-Seeker/2.0 (Pixray-Seeker; +http://www.pixray.com/pixraybot; +crawler@pixray.com)"
5.9.25.82 - - [06/Nov/2012:01:25:50 +0100] "GET /news.php?cs_go=archiv&cs_id=2542&cs_search= HTTP/1.1" 200 7887 "-" "Pixray-Seeker/2.0 (Pixray-Seeker; +http://www.pixray.com/pixraybot; +crawler@pixray.com)"
66.249.73.109 - - [06/Nov/2012:01:27:07 +0100] "GET /rueckrufservice.php HTTP/1.1" 200 10770 "-" "Mozilla/5.0 (compatible; Googlebot/2.1; +http://www.google.com/bot.html)"
5.9.25.84 - - [06/Nov/2012:01:28:31 +0100] "GET /robots.txt HTTP/1.1" 200 177 "-" "Pixray-Seeker/2.0 (Pixray-Seeker; +http://www.pixray.com/pixraybot; +crawler@pixray.com)"
5.9.25.84 - - [06/Nov/2012:01:28:32 +0100] "GET /news.php?cs_go=archiv&cs_id=3631&cs_search= HTTP/1.1" 200 9927 "-" "Pixray-Seeker/2.0 (Pixray-Seeker; +http://www.pixray.com/pixraybot; +crawler@pixray.com)"
5.9.25.69 - - [06/Nov/2012:01:30:26 +0100] "GET /robots.txt HTTP/1.1" 200 177 "-" "Pixray-Seeker/2.0 (Pixray-Seeker; +http://www.pixray.com/pixraybot; +crawler@pixray.com)"
5.9.25.69 - - [06/Nov/2012:01:30:26 +0100] "GET /news.php?cs_go=archiv&cs_id=1643&cs_search= HTTP/1.1" 200 7887 "-" "Pixray-Seeker/2.0 (Pixray-Seeker; +http://www.pixray.com/pixraybot; +crawler@pixray.com)"
5.9.25.69 - - [06/Nov/2012:01:33:17 +0100] "GET /news.php?cs_go=archiv&cs_startpos=380 HTTP/1.1" 200 22758 "-" "Pixray-Seeker/2.0 (Pixray-Seeker; +http://www.pixray.com/pixraybot; +crawler@pixray.com)"
5.9.25.71 - - [06/Nov/2012:01:35:14 +0100] "GET /robots.txt HTTP/1.1" 200 177 "-" "Pixray-Seeker/2.0 (Pixray-Seeker; +http://www.pixray.com/pixraybot; +crawler@pixray.com)"
5.9.25.71 - - [06/Nov/2012:01:35:14 +0100] "GET /news.php?cs_go=archiv&cs_id=1788&cs_search= HTTP/1.1" 200 7887 "-" "Pixray-Seeker/2.0 (Pixray-Seeker; +http://www.pixray.com/pixraybot; +crawler@pixray.com)"
5.9.25.73 - - [06/Nov/2012:01:44:24 +0100] "GET /robots.txt HTTP/1.1" 200 177 "-" "Pixray-Seeker/2.0 (Pixray-Seeker; +http://www.pixray.com/pixraybot; +crawler@pixray.com)"
5.9.25.73 - - [06/Nov/2012:01:44:24 +0100] "GET /news.php?cs_go=archiv&cs_id=2641&cs_search= HTTP/1.1" 200 7887 "-" "Pixray-Seeker/2.0 (Pixray-Seeker; +http://www.pixray.com/pixraybot; +crawler@pixray.com)"
178.154.179.250 - - [06/Nov/2012:01:56:43 +0100] "GET /jobs.php HTTP/1.1" 200 10066 "-" "Mozilla/5.0 (compatible; YandexBot/3.0; +http://yandex.com/bots)"
5.9.25.77 - - [06/Nov/2012:02:06:48 +0100] "GET /robots.txt HTTP/1.1" 200 177 "-" "Pixray-Seeker/2.0 (Pixray-Seeker; +http://www.pixray.com/pixraybot; +crawler@pixray.com)"
5.9.25.77 - - [06/Nov/2012:02:06:48 +0100] "GET /news.php?cs_go=archiv&cs_id=2876&cs_search= HTTP/1.1" 200 10176 "-" "Pixray-Seeker/2.0 (Pixray-Seeker; +http://www.pixray.com/pixraybot; +crawler@pixray.com)"
5.9.25.74 - - [06/Nov/2012:02:08:34 +0100] "GET /robots.txt HTTP/1.1" 200 177 "-" "Pixray-Seeker/2.0 (Pixray-Seeker; +http://www.pixray.com/pixraybot; +crawler@pixray.com)"
5.9.25.74 - - [06/Nov/2012:02:08:34 +0100] "GET /news.php?cs_go=archiv&cs_id=2742&cs_search= HTTP/1.1" 200 11170 "-" "Pixray-Seeker/2.0 (Pixray-Seeker; +http://www.pixray.com/pixraybot; +crawler@pixray.com)"
213.186.127.5 - - [06/Nov/2012:02:14:28 +0100] "GET /news.php?cs_go=archiv HTTP/1.1" 200 22002 "-" "Mozilla/5.0 (compatible; AhrefsBot/3.1; +http://ahrefs.com/robot/)"
5.9.25.69 - - [06/Nov/2012:02:20:06 +0100] "GET /robots.txt HTTP/1.1" 200 177 "-" "Pixray-Seeker/2.0 (Pixray-Seeker; +http://www.pixray.com/pixraybot; +crawler@pixray.com)"
5.9.25.69 - - [06/Nov/2012:02:20:06 +0100] "GET /news.php?cs_go=archiv&cs_id=1689&cs_search= HTTP/1.1" 200 7887 "-" "Pixray-Seeker/2.0 (Pixray-Seeker; +http://www.pixray.com/pixraybot; +crawler@pixray.com)"
66.249.73.109 - - [06/Nov/2012:02:21:06 +0100] "GET /energiesparcheck.php HTTP/1.1" 200 13581 "-" "Mozilla/5.0 (compatible; Googlebot/2.1; +http://www.google.com/bot.html)"
5.9.25.85 - - [06/Nov/2012:02:30:54 +0100] "GET /robots.txt HTTP/1.1" 200 177 "-" "Pixray-Seeker/2.0 (Pixray-Seeker; +http://www.pixray.com/pixraybot; +crawler@pixray.com)"
5.9.25.85 - - [06/Nov/2012:02:30:54 +0100] "GET /news.php?cs_go=archiv&cs_id=3096&cs_search= HTTP/1.1" 200 12652 "-" "Pixray-Seeker/2.0 (Pixray-Seeker; +http://www.pixray.com/pixraybot; +crawler@pixray.com)"
84.19.190.126 - - [06/Nov/2012:02:42:38 +0100] "GET /robots.txt HTTP/1.1" 200 177 "-" "Mozilla/5.0 (compatible; UnisterBot; crawler@unister.de)"
84.19.190.126 - - [06/Nov/2012:02:42:38 +0100] "GET /news.php?cs_go=archiv&cs_id=2973&cs_search= HTTP/1.1" 200 9720 "-" "Mozilla/5.0 (compatible; UnisterBot; crawler@unister.de)"
84.19.190.126 - - [06/Nov/2012:02:45:21 +0100] "GET /news.php?cs_go=archiv&cs_id=2843&cs_search= HTTP/1.1" 200 12733 "-" "Mozilla/5.0 (compatible; UnisterBot; crawler@unister.de)"
84.19.190.126 - - [06/Nov/2012:02:46:49 +0100] "GET /news.php?cs_go=archiv&cs_id=2868&cs_search= HTTP/1.1" 200 10230 "-" "Mozilla/5.0 (compatible; UnisterBot; crawler@unister.de)"
84.19.190.126 - - [06/Nov/2012:02:47:59 +0100] "GET /news.php?cs_go=archiv&cs_id=2967&cs_search= HTTP/1.1" 200 11290 "-" "Mozilla/5.0 (compatible; UnisterBot; crawler@unister.de)"
84.19.190.126 - - [06/Nov/2012:02:49:11 +0100] "GET /news.php?cs_go=archiv&cs_id=2846&cs_search= HTTP/1.1" 200 10833 "-" "Mozilla/5.0 (compatible; UnisterBot; crawler@unister.de)"
84.19.190.126 - - [06/Nov/2012:02:50:30 +0100] "GET /news.php?cs_go=archiv&cs_id=2878&cs_search= HTTP/1.1" 200 13547 "-" "Mozilla/5.0 (compatible; UnisterBot; crawler@unister.de)"
84.19.190.126 - - [06/Nov/2012:02:51:43 +0100] "GET /news.php?cs_go=archiv&cs_id=2844&cs_search= HTTP/1.1" 200 10776 "-" "Mozilla/5.0 (compatible; UnisterBot; crawler@unister.de)"
5.9.25.69 - - [06/Nov/2012:02:52:29 +0100] "GET /robots.txt HTTP/1.1" 200 177 "-" "Pixray-Seeker/2.0 (Pixray-Seeker; +http://www.pixray.com/pixraybot; +crawler@pixray.com)"
5.9.25.69 - - [06/Nov/2012:02:52:29 +0100] "GET /news.php?cs_go=archiv&cs_id=1682&cs_search= HTTP/1.1" 200 7887 "-" "Pixray-Seeker/2.0 (Pixray-Seeker; +http://www.pixray.com/pixraybot; +crawler@pixray.com)"
87.118.116.25 - - [06/Nov/2012:02:52:56 +0100] "GET /news.php?cs_go=archiv&cs_id=2975&cs_search= HTTP/1.1" 200 9860 "-" "Mozilla/5.0 (compatible; UnisterBot; crawler@unister.de)"
84.19.190.126 - - [06/Nov/2012:02:53:51 +0100] "GET /news.php?cs_go=archiv&cs_id=2876&cs_search= HTTP/1.1" 200 10176 "-" "Mozilla/5.0 (compatible; UnisterBot; crawler@unister.de)"
84.19.190.126 - - [06/Nov/2012:02:54:56 +0100] "GET /news.php?cs_go=archiv&cs_id=2873&cs_search= HTTP/1.1" 200 15540 "-" "Mozilla/5.0 (compatible; UnisterBot; crawler@unister.de)"
5.9.25.69 - - [06/Nov/2012:02:56:01 +0100] "GET /robots.txt HTTP/1.1" 200 177 "-" "Pixray-Seeker/2.0 (Pixray-Seeker; +http://www.pixray.com/pixraybot; +crawler@pixray.com)"
5.9.25.69 - - [06/Nov/2012:02:56:01 +0100] "GET /news.php?cs_go=archiv&cs_id=2896&cs_search= HTTP/1.1" 200 9909 "-" "Pixray-Seeker/2.0 (Pixray-Seeker; +http://www.pixray.com/pixraybot; +crawler@pixray.com)"
84.19.190.126 - - [06/Nov/2012:02:56:05 +0100] "GET /news.php?cs_go=archiv&cs_id=2867&cs_search= HTTP/1.1" 200 13440 "-" "Mozilla/5.0 (compatible; UnisterBot; crawler@unister.de)"
84.19.190.126 - - [06/Nov/2012:02:57:00 +0100] "GET /news.php?cs_go=archiv&cs_id=2963&cs_search= HTTP/1.1" 200 11138 "-" "Mozilla/5.0 (compatible; UnisterBot; crawler@unister.de)"
84.19.190.126 - - [06/Nov/2012:02:58:07 +0100] "GET /news.php?cs_go=archiv&cs_id=2871&cs_search= HTTP/1.1" 200 13658 "-" "Mozilla/5.0 (compatible; UnisterBot; crawler@unister.de)"
84.19.190.126 - - [06/Nov/2012:02:58:59 +0100] "GET /news.php?cs_go=archiv&cs_id=2869&cs_search= HTTP/1.1" 200 13381 "-" "Mozilla/5.0 (compatible; UnisterBot; crawler@unister.de)"
84.19.190.126 - - [06/Nov/2012:03:00:03 +0100] "GET /news.php?cs_go=archiv&cs_id=2847&cs_search= HTTP/1.1" 200 11118 "-" "Mozilla/5.0 (compatible; UnisterBot; crawler@unister.de)"
87.118.116.25 - - [06/Nov/2012:03:01:07 +0100] "GET /news.php?cs_go=archiv&cs_id=2848&cs_search= HTTP/1.1" 200 19286 "-" "Mozilla/5.0 (compatible; UnisterBot; crawler@unister.de)"
84.19.190.126 - - [06/Nov/2012:03:02:05 +0100] "GET /news.php?cs_go=archiv&cs_id=2866&cs_search= HTTP/1.1" 200 10110 "-" "Mozilla/5.0 (compatible; UnisterBot; crawler@unister.de)"
84.19.190.126 - - [06/Nov/2012:03:03:04 +0100] "GET /news.php?cs_go=archiv&cs_id=2870&cs_search= HTTP/1.1" 200 10275 "-" "Mozilla/5.0 (compatible; UnisterBot; crawler@unister.de)"
5.9.25.82 - - [06/Nov/2012:03:08:47 +0100] "GET /robots.txt HTTP/1.1" 200 177 "-" "Pixray-Seeker/2.0 (Pixray-Seeker; +http://www.pixray.com/pixraybot; +crawler@pixray.com)"
5.9.25.82 - - [06/Nov/2012:03:08:47 +0100] "GET /news.php?cs_go=archiv&cs_id=3116&cs_search= HTTP/1.1" 200 9948 "-" "Pixray-Seeker/2.0 (Pixray-Seeker; +http://www.pixray.com/pixraybot; +crawler@pixray.com)"
213.186.119.140 - - [06/Nov/2012:03:22:38 +0100] "GET /news.php?cs_go=archiv&cs_id=3544&cs_search= HTTP/1.1" 200 9874 "-" "Mozilla/5.0 (compatible; AhrefsBot/3.1; +http://ahrefs.com/robot/)"
84.19.190.126 - - [06/Nov/2012:03:36:29 +0100] "GET /news.php?cs_go=archiv&cs_id=2865&cs_search= HTTP/1.1" 200 13631 "-" "Mozilla/5.0 (compatible; UnisterBot; crawler@unister.de)"
87.118.116.25 - - [06/Nov/2012:03:39:13 +0100] "GET /news.php?cs_go=archiv&cs_id=2974&cs_search= HTTP/1.1" 200 13507 "-" "Mozilla/5.0 (compatible; UnisterBot; crawler@unister.de)"
84.19.190.126 - - [06/Nov/2012:03:40:26 +0100] "GET /news.php?cs_go=archiv&cs_id=2978&cs_search= HTTP/1.1" 200 9880 "-" "Mozilla/5.0 (compatible; UnisterBot; crawler@unister.de)"
84.19.190.126 - - [06/Nov/2012:03:41:41 +0100] "GET /news.php?cs_go=archiv&cs_id=2875&cs_search= HTTP/1.1" 200 10874 "-" "Mozilla/5.0 (compatible; UnisterBot; crawler@unister.de)"
178.154.179.250 - - [06/Nov/2012:03:42:03 +0100] "GET /news.php HTTP/1.1" 200 22002 "-" "Mozilla/5.0 (compatible; YandexBot/3.0; +http://yandex.com/bots)"
84.19.190.126 - - [06/Nov/2012:03:42:58 +0100] "GET /news.php?cs_go=archiv&cs_id=2977&cs_search= HTTP/1.1" 200 13902 "-" "Mozilla/5.0 (compatible; UnisterBot; crawler@unister.de)"
84.19.190.126 - - [06/Nov/2012:03:43:56 +0100] "GET /news.php?cs_go=archiv&cs_startpos=620 HTTP/1.1" 200 22966 "-" "Mozilla/5.0 (compatible; UnisterBot; crawler@unister.de)"
87.118.116.25 - - [06/Nov/2012:03:45:05 +0100] "GET /news.php?cs_go=archiv&cs_id=2845&cs_search= HTTP/1.1" 200 11036 "-" "Mozilla/5.0 (compatible; UnisterBot; crawler@unister.de)"
66.249.73.109 - - [06/Nov/2012:03:55:52 +0100] "GET /news.php?cs_go=archiv&cs_startpos=1970 HTTP/1.1" 200 8126 "-" "Mozilla/5.0 (compatible; Googlebot/2.1; +http://www.google.com/bot.html)"
66.249.73.109 - - [06/Nov/2012:04:24:21 +0100] "GET /news.php?cs_go=archiv&cs_startpos=1940 HTTP/1.1" 200 8126 "-" "Mozilla/5.0 (compatible; Googlebot/2.1; +http://www.google.com/bot.html)"
84.19.190.126 - - [06/Nov/2012:04:24:59 +0100] "GET /news.php?cs_go=archiv&cs_id=2872&cs_search= HTTP/1.1" 200 10266 "-" "Mozilla/5.0 (compatible; UnisterBot; crawler@unister.de)"
84.19.190.126 - - [06/Nov/2012:04:27:19 +0100] "GET /news.php?cs_go=archiv&cs_id=2877&cs_search= HTTP/1.1" 200 14488 "-" "Mozilla/5.0 (compatible; UnisterBot; crawler@unister.de)"
84.19.190.126 - - [06/Nov/2012:04:28:31 +0100] "GET /news.php?cs_go=archiv&cs_id=2961&cs_search= HTTP/1.1" 200 11716 "-" "Mozilla/5.0 (compatible; UnisterBot; crawler@unister.de)"
65.36.241.79 - - [06/Nov/2012:04:28:39 +0100] "HEAD / HTTP/1.1" 200 - "-" "InternetSeer.com"
84.19.190.126 - - [06/Nov/2012:04:29:32 +0100] "GET /news.php?cs_go=archiv&cs_id=2966&cs_search= HTTP/1.1" 200 12220 "-" "Mozilla/5.0 (compatible; UnisterBot; crawler@unister.de)"
84.19.190.126 - - [06/Nov/2012:04:30:36 +0100] "GET /news.php?cs_go=archiv&cs_id=2874&cs_search= HTTP/1.1" 200 13938 "-" "Mozilla/5.0 (compatible; UnisterBot; crawler@unister.de)"
66.249.73.109 - - [06/Nov/2012:04:34:32 +0100] "GET /news.php?cs_go=archiv&cs_startpos=1920 HTTP/1.1" 200 8126 "-" "Mozilla/5.0 (compatible; Googlebot/2.1; +http://www.google.com/bot.html)"
5.9.25.77 - - [06/Nov/2012:04:35:36 +0100] "GET /robots.txt HTTP/1.1" 200 177 "-" "Pixray-Seeker/2.0 (Pixray-Seeker; +http://www.pixray.com/pixraybot; +crawler@pixray.com)"
5.9.25.77 - - [06/Nov/2012:04:35:36 +0100] "GET /news.php?cs_go=archiv&cs_id=1738&cs_search= HTTP/1.1" 200 7887 "-" "Pixray-Seeker/2.0 (Pixray-Seeker; +http://www.pixray.com/pixraybot; +crawler@pixray.com)"
66.249.73.109 - - [06/Nov/2012:05:00:25 +0100] "GET /news.php?cs_go=archiv&cs_id=3184&cs_search= HTTP/1.1" 200 13547 "-" "Mozilla/5.0 (compatible; Googlebot/2.1; +http://www.google.com/bot.html)"
5.9.25.78 - - [06/Nov/2012:05:00:54 +0100] "GET /robots.txt HTTP/1.1" 200 177 "-" "Pixray-Seeker/2.0 (Pixray-Seeker; +http://www.pixray.com/pixraybot; +crawler@pixray.com)"
5.9.25.78 - - [06/Nov/2012:05:00:54 +0100] "GET /news.php?cs_go=archiv&cs_startpos=520 HTTP/1.1" 200 23151 "-" "Pixray-Seeker/2.0 (Pixray-Seeker; +http://www.pixray.com/pixraybot; +crawler@pixray.com)"
66.249.73.109 - - [06/Nov/2012:05:05:04 +0100] "GET /news.php?cs_go=archiv&cs_startpos=1890 HTTP/1.1" 200 8126 "-" "Mozilla/5.0 (compatible; Googlebot/2.1; +http://www.google.com/bot.html)"
5.9.25.68 - - [06/Nov/2012:05:05:23 +0100] "GET /robots.txt HTTP/1.1" 200 177 "-" "Pixray-Seeker/2.0 (Pixray-Seeker; +http://www.pixray.com/pixraybot; +crawler@pixray.com)"
5.9.25.68 - - [06/Nov/2012:05:05:23 +0100] "GET /news.php?cs_go=archiv&cs_id=2454&cs_search= HTTP/1.1" 200 7887 "-" "Pixray-Seeker/2.0 (Pixray-Seeker; +http://www.pixray.com/pixraybot; +crawler@pixray.com)"
5.9.25.80 - - [06/Nov/2012:05:07:06 +0100] "GET /robots.txt HTTP/1.1" 200 177 "-" "Pixray-Seeker/2.0 (Pixray-Seeker; +http://www.pixray.com/pixraybot; +crawler@pixray.com)"
5.9.25.80 - - [06/Nov/2012:05:07:06 +0100] "GET /news.php?cs_go=archiv&cs_id=1916&cs_search= HTTP/1.1" 200 7887 "-" "Pixray-Seeker/2.0 (Pixray-Seeker; +http://www.pixray.com/pixraybot; +crawler@pixray.com)"
5.9.25.71 - - [06/Nov/2012:05:07:32 +0100] "GET /robots.txt HTTP/1.1" 200 177 "-" "Pixray-Seeker/2.0 (Pixray-Seeker; +http://www.pixray.com/pixraybot; +crawler@pixray.com)"
5.9.25.71 - - [06/Nov/2012:05:07:32 +0100] "GET /news.php?cs_go=archiv&cs_id=1701&cs_search= HTTP/1.1" 200 7887 "-" "Pixray-Seeker/2.0 (Pixray-Seeker; +http://www.pixray.com/pixraybot; +crawler@pixray.com)"
5.9.25.71 - - [06/Nov/2012:05:19:13 +0100] "GET /robots.txt HTTP/1.1" 200 177 "-" "Pixray-Seeker/2.0 (Pixray-Seeker; +http://www.pixray.com/pixraybot; +crawler@pixray.com)"
5.9.25.71 - - [06/Nov/2012:05:19:13 +0100] "GET /news.php?cs_go=archiv&cs_id=1669&cs_search= HTTP/1.1" 200 7887 "-" "Pixray-Seeker/2.0 (Pixray-Seeker; +http://www.pixray.com/pixraybot; +crawler@pixray.com)"
130.83.167.153 - - [06/Nov/2012:05:30:57 +0100] "GET /news.php?cs_go=archiv&cs_startpos=50 HTTP/1.1" 200 8440 "-" "findlinks/2.6 (+http://wortschatz.uni-leipzig.de/findlinks/)"
130.83.167.153 - - [06/Nov/2012:05:30:57 +0100] "GET /news.php?cs_go=archiv&cs_startpos=50 HTTP/1.1" 200 22842 "-" "findlinks/2.6 (+http://wortschatz.uni-leipzig.de/findlinks/)"
5.9.25.78 - - [06/Nov/2012:05:34:46 +0100] "GET /robots.txt HTTP/1.1" 200 177 "-" "Pixray-Seeker/2.0 (Pixray-Seeker; +http://www.pixray.com/pixraybot; +crawler@pixray.com)"
5.9.25.78 - - [06/Nov/2012:05:34:46 +0100] "GET /news.php?cs_go=archiv&cs_startpos=250 HTTP/1.1" 200 22701 "-" "Pixray-Seeker/2.0 (Pixray-Seeker; +http://www.pixray.com/pixraybot; +crawler@pixray.com)"
66.249.73.109 - - [06/Nov/2012:05:40:54 +0100] "GET /images/RAL_Guetezeichen_Energiehandel.pdf HTTP/1.1" 200 288367 "-" "Mozilla/5.0 (compatible; Googlebot/2.1; +http://www.google.com/bot.html)"
87.118.116.25 - - [06/Nov/2012:05:56:57 +0100] "GET /news.php?cs_go=archiv&cs_id=2962&cs_search= HTTP/1.1" 200 11377 "-" "Mozilla/5.0 (compatible; UnisterBot; crawler@unister.de)"
5.9.25.72 - - [06/Nov/2012:06:08:15 +0100] "GET /robots.txt HTTP/1.1" 200 177 "-" "Pixray-Seeker/2.0 (Pixray-Seeker; +http://www.pixray.com/pixraybot; +crawler@pixray.com)"
5.9.25.72 - - [06/Nov/2012:06:08:15 +0100] "GET /kwk.php?cs_go=1 HTTP/1.1" 200 10884 "-" "Pixray-Seeker/2.0 (Pixray-Seeker; +http://www.pixray.com/pixraybot; +crawler@pixray.com)"
5.9.25.78 - - [06/Nov/2012:06:41:46 +0100] "GET /robots.txt HTTP/1.1" 200 177 "-" "Pixray-Seeker/2.0 (Pixray-Seeker; +http://www.pixray.com/pixraybot; +crawler@pixray.com)"
5.9.25.78 - - [06/Nov/2012:06:41:46 +0100] "GET /news.php?cs_go=archiv&cs_id=2453&cs_search= HTTP/1.1" 200 7887 "-" "Pixray-Seeker/2.0 (Pixray-Seeker; +http://www.pixray.com/pixraybot; +crawler@pixray.com)"
85.25.71.97 - - [06/Nov/2012:06:45:27 +0100] "GET /robots.txt HTTP/1.1" 200 177 "-" "Mozilla/5.0 (X11; U; Linux i686; de; rv:1.9.0.1; compatible; iCjobs Stellenangebote Jobs; http://www.icjobs.de) Gecko/20100401 iCjobs/3.2.3"
85.25.71.97 - - [06/Nov/2012:06:45:27 +0100] "GET / HTTP/1.1" 200 15291 "-" "Mozilla/5.0 (X11; U; Linux i686; de; rv:1.9.0.1; compatible; iCjobs Stellenangebote Jobs; http://www.icjobs.de) Gecko/20100401 iCjobs/3.2.3"
85.25.71.97 - - [06/Nov/2012:06:45:58 +0100] "GET / HTTP/1.1" 200 14550 "-" "Mozilla/5.0 (X11; U; Linux i686; de; rv:1.9.0.1; compatible; iCjobs Stellenangebote Jobs; http://www.icjobs.de) Gecko/20100401 iCjobs/3.2.3"
85.25.71.97 - - [06/Nov/2012:06:46:10 +0100] "GET /jobs.php HTTP/1.1" 200 9979 "-" "Mozilla/5.0 (X11; U; Linux i686; de; rv:1.9.0.1; compatible; iCjobs Stellenangebote Jobs; http://www.icjobs.de) Gecko/20100401 iCjobs/3.2.3"
85.25.71.97 - - [06/Nov/2012:06:46:12 +0100] "GET /style.css HTTP/1.1" 200 8418 "-" "Mozilla/5.0 (X11; U; Linux i686; de; rv:1.9.0.1; compatible; iCjobs Stellenangebote Jobs; http://www.icjobs.de) Gecko/20100401 iCjobs/3.2.3"
85.25.71.97 - - [06/Nov/2012:06:46:12 +0100] "GET /modul.css HTTP/1.1" 200 35038 "-" "Mozilla/5.0 (X11; U; Linux i686; de; rv:1.9.0.1; compatible; iCjobs Stellenangebote Jobs; http://www.icjobs.de) Gecko/20100401 iCjobs/3.2.3"
85.25.71.97 - - [06/Nov/2012:06:46:52 +0100] "GET /kontakt.php HTTP/1.1" 200 9111 "-" "Mozilla/5.0 (X11; U; Linux i686; de; rv:1.9.0.1; compatible; iCjobs Stellenangebote Jobs; http://www.icjobs.de) Gecko/20100401 iCjobs/3.2.3"
85.25.71.97 - - [06/Nov/2012:06:46:55 +0100] "GET /index.php HTTP/1.1" 200 14550 "-" "Mozilla/5.0 (X11; U; Linux i686; de; rv:1.9.0.1; compatible; iCjobs Stellenangebote Jobs; http://www.icjobs.de) Gecko/20100401 iCjobs/3.2.3"
85.25.71.97 - - [06/Nov/2012:06:46:56 +0100] "GET /standard.php HTTP/1.1" 200 9131 "-" "Mozilla/5.0 (X11; U; Linux i686; de; rv:1.9.0.1; compatible; iCjobs Stellenangebote Jobs; http://www.icjobs.de) Gecko/20100401 iCjobs/3.2.3"
85.25.71.97 - - [06/Nov/2012:06:47:01 +0100] "GET /wunschpreis.php HTTP/1.1" 200 11997 "-" "Mozilla/5.0 (X11; U; Linux i686; de; rv:1.9.0.1; compatible; iCjobs Stellenangebote Jobs; http://www.icjobs.de) Gecko/20100401 iCjobs/3.2.3"
85.25.71.97 - - [06/Nov/2012:06:47:13 +0100] "GET /preisanfrage.php HTTP/1.1" 200 10647 "-" "Mozilla/5.0 (X11; U; Linux i686; de; rv:1.9.0.1; compatible; iCjobs Stellenangebote Jobs; http://www.icjobs.de) Gecko/20100401 iCjobs/3.2.3"
85.25.71.97 - - [06/Nov/2012:06:47:21 +0100] "GET /news.php HTTP/1.1" 200 21915 "-" "Mozilla/5.0 (X11; U; Linux i686; de; rv:1.9.0.1; compatible; iCjobs Stellenangebote Jobs; http://www.icjobs.de) Gecko/20100401 iCjobs/3.2.3"
85.25.71.97 - - [06/Nov/2012:06:47:32 +0100] "GET /news.php?cs_go=archiv&cs_id=3639&cs_search= HTTP/1.1" 200 13562 "-" "Mozilla/5.0 (X11; U; Linux i686; de; rv:1.9.0.1; compatible; iCjobs Stellenangebote Jobs; http://www.icjobs.de) Gecko/20100401 iCjobs/3.2.3"
85.25.71.97 - - [06/Nov/2012:06:47:38 +0100] "GET /news.php?cs_go=archiv&cs_id=3637&cs_search= HTTP/1.1" 200 9587 "-" "Mozilla/5.0 (X11; U; Linux i686; de; rv:1.9.0.1; compatible; iCjobs Stellenangebote Jobs; http://www.icjobs.de) Gecko/20100401 iCjobs/3.2.3"
85.25.71.97 - - [06/Nov/2012:06:47:41 +0100] "GET /news.php?cs_go=archiv&cs_id=3620&cs_search= HTTP/1.1" 200 11678 "-" "Mozilla/5.0 (X11; U; Linux i686; de; rv:1.9.0.1; compatible; iCjobs Stellenangebote Jobs; http://www.icjobs.de) Gecko/20100401 iCjobs/3.2.3"
85.25.71.97 - - [06/Nov/2012:06:47:45 +0100] "GET /news.php?cs_go=archiv&cs_id=3619&cs_search= HTTP/1.1" 200 10696 "-" "Mozilla/5.0 (X11; U; Linux i686; de; rv:1.9.0.1; compatible; iCjobs Stellenangebote Jobs; http://www.icjobs.de) Gecko/20100401 iCjobs/3.2.3"
85.25.71.97 - - [06/Nov/2012:06:47:53 +0100] "GET /news.php?cs_go=archiv&cs_id=3618&cs_search= HTTP/1.1" 200 12254 "-" "Mozilla/5.0 (X11; U; Linux i686; de; rv:1.9.0.1; compatible; iCjobs Stellenangebote Jobs; http://www.icjobs.de) Gecko/20100401 iCjobs/3.2.3"
85.25.71.97 - - [06/Nov/2012:06:47:57 +0100] "GET /news.php?cs_go=archiv&cs_id=3635&cs_search= HTTP/1.1" 200 13290 "-" "Mozilla/5.0 (X11; U; Linux i686; de; rv:1.9.0.1; compatible; iCjobs Stellenangebote Jobs; http://www.icjobs.de) Gecko/20100401 iCjobs/3.2.3"
85.25.71.97 - - [06/Nov/2012:06:48:01 +0100] "GET /news.php?cs_go=archiv&cs_id=3622&cs_search= HTTP/1.1" 200 11640 "-" "Mozilla/5.0 (X11; U; Linux i686; de; rv:1.9.0.1; compatible; iCjobs Stellenangebote Jobs; http://www.icjobs.de) Gecko/20100401 iCjobs/3.2.3"
85.25.71.97 - - [06/Nov/2012:06:48:07 +0100] "GET /news.php?cs_go=archiv&cs_id=3634&cs_search= HTTP/1.1" 200 9731 "-" "Mozilla/5.0 (X11; U; Linux i686; de; rv:1.9.0.1; compatible; iCjobs Stellenangebote Jobs; http://www.icjobs.de) Gecko/20100401 iCjobs/3.2.3"
85.25.71.97 - - [06/Nov/2012:06:48:11 +0100] "GET /news.php?cs_go=archiv&cs_id=3633&cs_search= HTTP/1.1" 200 13220 "-" "Mozilla/5.0 (X11; U; Linux i686; de; rv:1.9.0.1; compatible; iCjobs Stellenangebote Jobs; http://www.icjobs.de) Gecko/20100401 iCjobs/3.2.3"
85.25.71.97 - - [06/Nov/2012:06:48:15 +0100] "GET /news.php?cs_go=archiv&cs_id=3578&cs_search= HTTP/1.1" 200 11375 "-" "Mozilla/5.0 (X11; U; Linux i686; de; rv:1.9.0.1; compatible; iCjobs Stellenangebote Jobs; http://www.icjobs.de) Gecko/20100401 iCjobs/3.2.3"
