5.9.25.78 - - [03/Nov/2012:06:49:01 +0100] "GET /news.php?cs_go=archiv&cs_id=1864&cs_search= HTTP/1.1" 200 7887 "-" "Pixray-Seeker/2.0 (Pixray-Seeker; +http://www.pixray.com/pixraybot; +crawler@pixray.com)"
5.9.25.82 - - [03/Nov/2012:07:01:38 +0100] "GET /robots.txt HTTP/1.1" 200 177 "-" "Pixray-Seeker/2.0 (Pixray-Seeker; +http://www.pixray.com/pixraybot; +crawler@pixray.com)"
5.9.25.82 - - [03/Nov/2012:07:01:38 +0100] "GET /news.php?cs_go=archiv&cs_id=3183&cs_search= HTTP/1.1" 200 11428 "-" "Pixray-Seeker/2.0 (Pixray-Seeker; +http://www.pixray.com/pixraybot; +crawler@pixray.com)"
173.199.115.155 - - [03/Nov/2012:07:06:52 +0100] "GET /foerdermittel.php HTTP/1.1" 200 12908 "-" "Mozilla/5.0 (compatible; AhrefsBot/4.0; +http://ahrefs.com/robot/)"
5.9.25.85 - - [03/Nov/2012:07:18:13 +0100] "GET /robots.txt HTTP/1.1" 200 177 "-" "Pixray-Seeker/2.0 (Pixray-Seeker; +http://www.pixray.com/pixraybot; +crawler@pixray.com)"
5.9.25.85 - - [03/Nov/2012:07:18:13 +0100] "GET /news.php?cs_go=archiv&cs_id=3173&cs_search= HTTP/1.1" 200 9838 "-" "Pixray-Seeker/2.0 (Pixray-Seeker; +http://www.pixray.com/pixraybot; +crawler@pixray.com)"
5.9.25.84 - - [03/Nov/2012:07:18:55 +0100] "GET /robots.txt HTTP/1.1" 200 177 "-" "Pixray-Seeker/2.0 (Pixray-Seeker; +http://www.pixray.com/pixraybot; +crawler@pixray.com)"
5.9.25.84 - - [03/Nov/2012:07:18:55 +0100] "GET /news.php?cs_go=archiv&cs_id=2833&cs_search= HTTP/1.1" 200 12112 "-" "Pixray-Seeker/2.0 (Pixray-Seeker; +http://www.pixray.com/pixraybot; +crawler@pixray.com)"
173.199.115.139 - - [03/Nov/2012:07:25:36 +0100] "GET /news.php?cs_go=archiv&cs_id=3635&cs_search= HTTP/1.1" 200 13377 "-" "Mozilla/5.0 (compatible; AhrefsBot/4.0; +http://ahrefs.com/robot/)"
5.9.25.81 - - [03/Nov/2012:07:30:58 +0100] "GET /robots.txt HTTP/1.1" 200 177 "-" "Pixray-Seeker/2.0 (Pixray-Seeker; +http://www.pixray.com/pixraybot; +crawler@pixray.com)"
5.9.25.81 - - [03/Nov/2012:07:30:58 +0100] "GET /news.php?cs_go=archiv&cs_id=2637&cs_search= HTTP/1.1" 200 7887 "-" "Pixray-Seeker/2.0 (Pixray-Seeker; +http://www.pixray.com/pixraybot; +crawler@pixray.com)"
173.199.118.171 - - [03/Nov/2012:07:44:21 +0100] "GET /news.php?cs_go=archiv&cs_id=3578&cs_search= HTTP/1.1" 200 11462 "-" "Mozilla/5.0 (compatible; AhrefsBot/4.0; +http://ahrefs.com/robot/)"
213.186.119.141 - - [03/Nov/2012:07:50:30 +0100] "GET /news.php?cs_go=archiv&cs_id=3574&cs_search= HTTP/1.1" 200 11095 "-" "Mozilla/5.0 (compatible; AhrefsBot/3.1; +http://ahrefs.com/robot/)"
5.9.25.84 - - [03/Nov/2012:07:51:33 +0100] "GET /robots.txt HTTP/1.1" 200 177 "-" "Pixray-Seeker/2.0 (Pixray-Seeker; +http://www.pixray.com/pixraybot; +crawler@pixray.com)"
5.9.25.84 - - [03/Nov/2012:07:51:33 +0100] "GET /news.php?cs_go=archiv&cs_startpos=900 HTTP/1.1" 200 8125 "-" "Pixray-Seeker/2.0 (Pixray-Seeker; +http://www.pixray.com/pixraybot; +crawler@pixray.com)"
5.9.25.84 - - [03/Nov/2012:07:52:29 +0100] "GET /robots.txt HTTP/1.1" 200 177 "-" "Pixray-Seeker/2.0 (Pixray-Seeker; +http://www.pixray.com/pixraybot; +crawler@pixray.com)"
5.9.25.84 - - [03/Nov/2012:07:52:29 +0100] "GET /news.php?cs_go=archiv&cs_id=3269&cs_search= HTTP/1.1" 200 9796 "-" "Pixray-Seeker/2.0 (Pixray-Seeker; +http://www.pixray.com/pixraybot; +crawler@pixray.com)"
50.22.245.218 - - [03/Nov/2012:07:54:57 +0100] "GET /robots.txt HTTP/1.1" 200 177 "-" "PagesInventory (robot http://www.pagesinvenotry.com)"
50.22.245.218 - - [03/Nov/2012:07:54:57 +0100] "GET / HTTP/1.1" 200 15371 "-" "PagesInventory (robot http://www.pagesinventory.com)"
5.9.25.74 - - [03/Nov/2012:08:02:10 +0100] "GET /robots.txt HTTP/1.1" 200 177 "-" "Pixray-Seeker/2.0 (Pixray-Seeker; +http://www.pixray.com/pixraybot; +crawler@pixray.com)"
5.9.25.74 - - [03/Nov/2012:08:02:10 +0100] "GET /news.php?cs_go=archiv&cs_id=2735&cs_search= HTTP/1.1" 200 9795 "-" "Pixray-Seeker/2.0 (Pixray-Seeker; +http://www.pixray.com/pixraybot; +crawler@pixray.com)"
173.199.116.235 - - [03/Nov/2012:08:03:07 +0100] "GET /news.php?cs_go=archiv&cs_startpos=0 HTTP/1.1" 200 22049 "-" "Mozilla/5.0 (compatible; AhrefsBot/4.0; +http://ahrefs.com/robot/)"
5.9.25.78 - - [03/Nov/2012:08:08:35 +0100] "GET /robots.txt HTTP/1.1" 200 177 "-" "Pixray-Seeker/2.0 (Pixray-Seeker; +http://www.pixray.com/pixraybot; +crawler@pixray.com)"
5.9.25.78 - - [03/Nov/2012:08:08:35 +0100] "GET /news.php?cs_go=archiv&cs_id=1755&cs_search= HTTP/1.1" 200 7887 "-" "Pixray-Seeker/2.0 (Pixray-Seeker; +http://www.pixray.com/pixraybot; +crawler@pixray.com)"
5.9.25.73 - - [03/Nov/2012:08:14:42 +0100] "GET /robots.txt HTTP/1.1" 200 177 "-" "Pixray-Seeker/2.0 (Pixray-Seeker; +http://www.pixray.com/pixraybot; +crawler@pixray.com)"
5.9.25.73 - - [03/Nov/2012:08:14:42 +0100] "GET /news.php?cs_go=archiv&cs_id=2765&cs_search= HTTP/1.1" 200 10218 "-" "Pixray-Seeker/2.0 (Pixray-Seeker; +http://www.pixray.com/pixraybot; +crawler@pixray.com)"
5.9.25.80 - - [03/Nov/2012:08:45:37 +0100] "GET /robots.txt HTTP/1.1" 200 177 "-" "Pixray-Seeker/2.0 (Pixray-Seeker; +http://www.pixray.com/pixraybot; +crawler@pixray.com)"
5.9.25.80 - - [03/Nov/2012:08:45:37 +0100] "GET /news.php?cs_go=archiv&cs_id=2511&cs_search= HTTP/1.1" 200 7887 "-" "Pixray-Seeker/2.0 (Pixray-Seeker; +http://www.pixray.com/pixraybot; +crawler@pixray.com)"
5.9.25.83 - - [03/Nov/2012:08:48:47 +0100] "GET /robots.txt HTTP/1.1" 200 177 "-" "Pixray-Seeker/2.0 (Pixray-Seeker; +http://www.pixray.com/pixraybot; +crawler@pixray.com)"
5.9.25.83 - - [03/Nov/2012:08:48:47 +0100] "GET /news.php?cs_go=archiv&cs_id=2854&cs_search= HTTP/1.1" 200 14468 "-" "Pixray-Seeker/2.0 (Pixray-Seeker; +http://www.pixray.com/pixraybot; +crawler@pixray.com)"
5.9.25.68 - - [03/Nov/2012:08:50:35 +0100] "GET /robots.txt HTTP/1.1" 200 177 "-" "Pixray-Seeker/2.0 (Pixray-Seeker; +http://www.pixray.com/pixraybot; +crawler@pixray.com)"
5.9.25.68 - - [03/Nov/2012:08:50:35 +0100] "GET /news.php?cs_go=archiv&cs_startpos=320 HTTP/1.1" 200 22772 "-" "Pixray-Seeker/2.0 (Pixray-Seeker; +http://www.pixray.com/pixraybot; +crawler@pixray.com)"
213.186.127.3 - - [03/Nov/2012:08:58:03 +0100] "GET /index.php HTTP/1.1" 200 15371 "-" "Mozilla/5.0 (compatible; AhrefsBot/3.1; +http://ahrefs.com/robot/)"
65.36.241.79 - - [03/Nov/2012:09:13:12 +0100] "HEAD / HTTP/1.1" 200 - "-" "InternetSeer.com"
5.9.25.74 - - [03/Nov/2012:09:21:01 +0100] "GET /robots.txt HTTP/1.1" 200 177 "-" "Pixray-Seeker/2.0 (Pixray-Seeker; +http://www.pixray.com/pixraybot; +crawler@pixray.com)"
5.9.25.74 - - [03/Nov/2012:09:21:01 +0100] "GET /news.php?cs_go=archiv&cs_id=3015&cs_search= HTTP/1.1" 200 13637 "-" "Pixray-Seeker/2.0 (Pixray-Seeker; +http://www.pixray.com/pixraybot; +crawler@pixray.com)"
5.9.25.76 - - [03/Nov/2012:09:30:12 +0100] "GET /robots.txt HTTP/1.1" 200 177 "-" "Pixray-Seeker/2.0 (Pixray-Seeker; +http://www.pixray.com/pixraybot; +crawler@pixray.com)"
5.9.25.76 - - [03/Nov/2012:09:30:12 +0100] "GET /news.php?cs_go=archiv&cs_id=3209&cs_search= HTTP/1.1" 200 13682 "-" "Pixray-Seeker/2.0 (Pixray-Seeker; +http://www.pixray.com/pixraybot; +crawler@pixray.com)"
5.9.25.84 - - [03/Nov/2012:09:40:52 +0100] "GET /robots.txt HTTP/1.1" 200 177 "-" "Pixray-Seeker/2.0 (Pixray-Seeker; +http://www.pixray.com/pixraybot; +crawler@pixray.com)"
5.9.25.84 - - [03/Nov/2012:09:40:52 +0100] "GET /news.php?cs_go=archiv&cs_startpos=1461 HTTP/1.1" 200 8126 "-" "Pixray-Seeker/2.0 (Pixray-Seeker; +http://www.pixray.com/pixraybot; +crawler@pixray.com)"
66.249.71.6 - - [03/Nov/2012:09:46:04 +0100] "GET /news.php?cs_go=archiv&cs_id=324&cs_search= HTTP/1.1" 200 7887 "-" "Mozilla/5.0 (compatible; Googlebot/2.1; +http://www.google.com/bot.html)"
5.9.25.83 - - [03/Nov/2012:09:46:18 +0100] "GET /robots.txt HTTP/1.1" 200 177 "-" "Pixray-Seeker/2.0 (Pixray-Seeker; +http://www.pixray.com/pixraybot; +crawler@pixray.com)"
5.9.25.83 - - [03/Nov/2012:09:46:18 +0100] "GET /news.php?cs_go=archiv&cs_id=2342&cs_search= HTTP/1.1" 200 7887 "-" "Pixray-Seeker/2.0 (Pixray-Seeker; +http://www.pixray.com/pixraybot; +crawler@pixray.com)"
5.9.25.79 - - [03/Nov/2012:09:46:26 +0100] "GET /robots.txt HTTP/1.1" 200 177 "-" "Pixray-Seeker/2.0 (Pixray-Seeker; +http://www.pixray.com/pixraybot; +crawler@pixray.com)"
5.9.25.79 - - [03/Nov/2012:09:46:26 +0100] "GET /news.php?cs_go=archiv&cs_id=2774&cs_search= HTTP/1.1" 200 10621 "-" "Pixray-Seeker/2.0 (Pixray-Seeker; +http://www.pixray.com/pixraybot; +crawler@pixray.com)"
130.83.167.153 - - [03/Nov/2012:09:47:31 +0100] "GET /modernisierung.php HTTP/1.1" 200 7013 "-" "findlinks/2.6 (+http://wortschatz.uni-leipzig.de/findlinks/)"
130.83.167.153 - - [03/Nov/2012:09:47:32 +0100] "GET /modernisierung.php HTTP/1.1" 200 11491 "-" "findlinks/2.6 (+http://wortschatz.uni-leipzig.de/findlinks/)"
5.9.25.83 - - [03/Nov/2012:09:51:19 +0100] "GET /robots.txt HTTP/1.1" 200 177 "-" "Pixray-Seeker/2.0 (Pixray-Seeker; +http://www.pixray.com/pixraybot; +crawler@pixray.com)"
5.9.25.83 - - [03/Nov/2012:09:51:19 +0100] "GET /news.php?cs_go=archiv&cs_id=2766&cs_search= HTTP/1.1" 200 11745 "-" "Pixray-Seeker/2.0 (Pixray-Seeker; +http://www.pixray.com/pixraybot; +crawler@pixray.com)"
5.9.25.78 - - [03/Nov/2012:10:03:31 +0100] "GET /robots.txt HTTP/1.1" 200 177 "-" "Pixray-Seeker/2.0 (Pixray-Seeker; +http://www.pixray.com/pixraybot; +crawler@pixray.com)"
5.9.25.78 - - [03/Nov/2012:10:03:31 +0100] "GET /lexikon.php?cs_go=3&cs_id=131 HTTP/1.1" 200 8378 "-" "Pixray-Seeker/2.0 (Pixray-Seeker; +http://www.pixray.com/pixraybot; +crawler@pixray.com)"
213.186.127.8 - - [03/Nov/2012:10:05:31 +0100] "GET /news.php?cs_go=archiv&cs_id=3575 HTTP/1.1" 200 11805 "-" "Mozilla/5.0 (compatible; AhrefsBot/3.1; +http://ahrefs.com/robot/)"
46.4.119.231 - - [03/Nov/2012:10:08:53 +0100] "GET /robots.txt HTTP/1.1" 200 177 "-" "Pixray-Seeker/2.0 (Pixray-Seeker; +http://www.pixray.com/pixraybot; +crawler@pixray.com)"
46.4.119.231 - - [03/Nov/2012:10:08:54 +0100] "GET /news.php?cs_go=archiv&cs_id=3144&cs_search= HTTP/1.1" 200 13490 "-" "Pixray-Seeker/2.0 (Pixray-Seeker; +http://www.pixray.com/pixraybot; +crawler@pixray.com)"
173.199.118.35 - - [03/Nov/2012:10:17:49 +0100] "GET /modernisierung.php?cs_gp_go=plus HTTP/1.1" 200 11578 "-" "Mozilla/5.0 (compatible; AhrefsBot/4.0; +http://ahrefs.com/robot/)"
5.9.25.83 - - [03/Nov/2012:10:20:11 +0100] "GET /robots.txt HTTP/1.1" 200 177 "-" "Pixray-Seeker/2.0 (Pixray-Seeker; +http://www.pixray.com/pixraybot; +crawler@pixray.com)"
5.9.25.83 - - [03/Nov/2012:10:20:11 +0100] "GET /news.php?cs_go=archiv&cs_id=2843&cs_search= HTTP/1.1" 200 12733 "-" "Pixray-Seeker/2.0 (Pixray-Seeker; +http://www.pixray.com/pixraybot; +crawler@pixray.com)"
173.199.116.187 - - [03/Nov/2012:10:27:06 +0100] "GET /news.php?cs_go=archiv&cs_id=3580&cs_search= HTTP/1.1" 200 13518 "-" "Mozilla/5.0 (compatible; AhrefsBot/4.0; +http://ahrefs.com/robot/)"
173.199.120.43 - - [03/Nov/2012:10:36:29 +0100] "GET /lexikon.php?cs_go=2&cs_char=n HTTP/1.1" 200 8578 "-" "Mozilla/5.0 (compatible; AhrefsBot/4.0; +http://ahrefs.com/robot/)"
173.199.116.219 - - [03/Nov/2012:10:45:57 +0100] "GET /news.php?cs_go=archiv&cs_id=3582&cs_search= HTTP/1.1" 200 9775 "-" "Mozilla/5.0 (compatible; AhrefsBot/4.0; +http://ahrefs.com/robot/)"
66.249.71.6 - - [03/Nov/2012:10:47:44 +0100] "GET /news.php?cs_go=archiv&cs_id=2515&cs_search= HTTP/1.1" 200 7887 "-" "Mozilla/5.0 (compatible; Googlebot/2.1; +http://www.google.com/bot.html)"
173.199.120.155 - - [03/Nov/2012:10:55:20 +0100] "GET /news.php?cs_go=archiv&cs_id=2714&cs_search= HTTP/1.1" 200 10360 "-" "Mozilla/5.0 (compatible; AhrefsBot/4.0; +http://ahrefs.com/robot/)"
173.199.119.131 - - [03/Nov/2012:11:04:42 +0100] "GET /news.php?cs_go=archiv&cs_id=3595&cs_search= HTTP/1.1" 200 9794 "-" "Mozilla/5.0 (compatible; AhrefsBot/4.0; +http://ahrefs.com/robot/)"
5.9.25.72 - - [03/Nov/2012:11:10:22 +0100] "GET /robots.txt HTTP/1.1" 200 177 "-" "Pixray-Seeker/2.0 (Pixray-Seeker; +http://www.pixray.com/pixraybot; +crawler@pixray.com)"
5.9.25.72 - - [03/Nov/2012:11:10:22 +0100] "GET /news.php?cs_go=archiv&cs_id=2863&cs_search= HTTP/1.1" 200 12071 "-" "Pixray-Seeker/2.0 (Pixray-Seeker; +http://www.pixray.com/pixraybot; +crawler@pixray.com)"
66.249.71.6 - - [03/Nov/2012:11:13:48 +0100] "GET /news.php?cs_go=archiv&cs_id=2297&cs_search= HTTP/1.1" 200 7887 "-" "Mozilla/5.0 (compatible; Googlebot/2.1; +http://www.google.com/bot.html)"
66.249.71.6 - - [03/Nov/2012:11:18:26 +0100] "GET /news.php?cs_go=archiv&cs_id=2373&cs_search= HTTP/1.1" 200 7887 "-" "Mozilla/5.0 (compatible; Googlebot/2.1; +http://www.google.com/bot.html)"
173.199.115.123 - - [03/Nov/2012:11:18:46 +0100] "GET /news.php?cs_go=archiv&cs_id=3596&cs_search= HTTP/1.1" 200 11257 "-" "Mozilla/5.0 (compatible; AhrefsBot/4.0; +http://ahrefs.com/robot/)"
66.249.71.6 - - [03/Nov/2012:11:23:06 +0100] "GET /news.php?cs_go=archiv&cs_id=2567&cs_search= HTTP/1.1" 200 7887 "-" "Mozilla/5.0 (compatible; Googlebot/2.1; +http://www.google.com/bot.html)"
173.199.115.155 - - [03/Nov/2012:11:24:46 +0100] "GET /news.php?cs_go=archiv&cs_id=2715&cs_search= HTTP/1.1" 200 15854 "-" "Mozilla/5.0 (compatible; AhrefsBot/4.0; +http://ahrefs.com/robot/)"
157.55.35.82 - - [03/Nov/2012:11:25:05 +0100] "GET /robots.txt HTTP/1.1" 200 177 "-" "Mozilla/5.0 (compatible; bingbot/2.0; +http://www.bing.com/bingbot.htm)"
66.249.71.6 - - [03/Nov/2012:11:27:43 +0100] "GET /news.php?cs_go=archiv&cs_id=2597&cs_search= HTTP/1.1" 200 7887 "-" "Mozilla/5.0 (compatible; Googlebot/2.1; +http://www.google.com/bot.html)"
173.199.115.187 - - [03/Nov/2012:11:28:08 +0100] "GET /news.php?cs_go=archiv&cs_id=3597&cs_search= HTTP/1.1" 200 10712 "-" "Mozilla/5.0 (compatible; AhrefsBot/4.0; +http://ahrefs.com/robot/)"
5.9.25.85 - - [03/Nov/2012:11:31:58 +0100] "GET /robots.txt HTTP/1.1" 200 177 "-" "Pixray-Seeker/2.0 (Pixray-Seeker; +http://www.pixray.com/pixraybot; +crawler@pixray.com)"
5.9.25.85 - - [03/Nov/2012:11:31:58 +0100] "GET /news.php?cs_go=archiv&cs_id=3006&cs_search= HTTP/1.1" 200 11779 "-" "Pixray-Seeker/2.0 (Pixray-Seeker; +http://www.pixray.com/pixraybot; +crawler@pixray.com)"
173.199.114.91 - - [03/Nov/2012:11:32:45 +0100] "GET /lexikon.php?cs_go=2&cs_char=o HTTP/1.1" 200 9261 "-" "Mozilla/5.0 (compatible; AhrefsBot/4.0; +http://ahrefs.com/robot/)"
66.249.71.6 - - [03/Nov/2012:11:36:59 +0100] "GET /news.php?cs_go=archiv&cs_id=2602&cs_search= HTTP/1.1" 200 7887 "-" "Mozilla/5.0 (compatible; Googlebot/2.1; +http://www.google.com/bot.html)"
173.199.116.35 - - [03/Nov/2012:11:37:52 +0100] "GET /news.php?cs_go=archiv&cs_id=3598&cs_search= HTTP/1.1" 200 10854 "-" "Mozilla/5.0 (compatible; AhrefsBot/4.0; +http://ahrefs.com/robot/)"
66.249.71.6 - - [03/Nov/2012:11:41:35 +0100] "GET /news.php?cs_go=archiv&cs_id=2600&cs_search= HTTP/1.1" 200 7887 "-" "Mozilla/5.0 (compatible; Googlebot/2.1; +http://www.google.com/bot.html)"
173.199.116.187 - - [03/Nov/2012:11:42:12 +0100] "GET /news.php?cs_go=archiv&cs_id=2716&cs_search= HTTP/1.1" 200 13460 "-" "Mozilla/5.0 (compatible; AhrefsBot/4.0; +http://ahrefs.com/robot/)"
173.199.119.147 - - [03/Nov/2012:11:46:52 +0100] "GET /news.php?cs_go=archiv&cs_id=3603&cs_search= HTTP/1.1" 200 13344 "-" "Mozilla/5.0 (compatible; AhrefsBot/4.0; +http://ahrefs.com/robot/)"
66.249.71.6 - - [03/Nov/2012:11:47:35 +0100] "GET /news.php?cs_go=archiv&cs_id=1501&cs_search= HTTP/1.1" 200 7887 "-" "Mozilla/5.0 (compatible; Googlebot/2.1; +http://www.google.com/bot.html)"
66.249.71.6 - - [03/Nov/2012:11:47:39 +0100] "GET /news.php?cs_go=archiv&cs_id=643&cs_search= HTTP/1.1" 200 7887 "-" "Mozilla/5.0 (compatible; Googlebot/2.1; +http://www.google.com/bot.html)"
66.249.71.6 - - [03/Nov/2012:11:48:14 +0100] "GET /news.php?cs_go=archiv&cs_id=383&cs_search= HTTP/1.1" 200 7887 "-" "Mozilla/5.0 (compatible; Googlebot/2.1; +http://www.google.com/bot.html)"
66.249.71.6 - - [03/Nov/2012:11:50:52 +0100] "GET /news.php?cs_go=archiv&cs_id=2289&cs_search= HTTP/1.1" 200 7887 "-" "Mozilla/5.0 (compatible; Googlebot/2.1; +http://www.google.com/bot.html)"
66.249.71.6 - - [03/Nov/2012:11:51:14 +0100] "GET /news.php?cs_go=archiv&cs_id=2407&cs_search= HTTP/1.1" 200 7887 "-" "Mozilla/5.0 (compatible; Googlebot/2.1; +http://www.google.com/bot.html)"
173.199.114.99 - - [03/Nov/2012:11:51:36 +0100] "GET /lexikon.php?cs_go=2&cs_char=g HTTP/1.1" 200 9126 "-" "Mozilla/5.0 (compatible; AhrefsBot/4.0; +http://ahrefs.com/robot/)"
173.199.117.195 - - [03/Nov/2012:11:56:15 +0100] "GET /news.php?cs_go=archiv&cs_id=3604&cs_search= HTTP/1.1" 200 9768 "-" "Mozilla/5.0 (compatible; AhrefsBot/4.0; +http://ahrefs.com/robot/)"
173.199.120.67 - - [03/Nov/2012:12:00:52 +0100] "GET /news.php?cs_go=archiv&cs_id=2717&cs_search= HTTP/1.1" 200 10262 "-" "Mozilla/5.0 (compatible; AhrefsBot/4.0; +http://ahrefs.com/robot/)"
157.55.35.82 - - [03/Nov/2012:12:01:13 +0100] "GET / HTTP/1.1" 200 15371 "-" "Mozilla/5.0 (compatible; bingbot/2.0; +http://www.bing.com/bingbot.htm)"
66.249.71.6 - - [03/Nov/2012:12:04:47 +0100] "GET /news.php?cs_go=archiv&cs_id=2056&cs_search= HTTP/1.1" 200 7887 "-" "Mozilla/5.0 (compatible; Googlebot/2.1; +http://www.google.com/bot.html)"
173.199.116.243 - - [03/Nov/2012:12:05:36 +0100] "GET /news.php?cs_go=archiv&cs_id=3607&cs_search= HTTP/1.1" 200 13322 "-" "Mozilla/5.0 (compatible; AhrefsBot/4.0; +http://ahrefs.com/robot/)"
66.249.71.6 - - [03/Nov/2012:12:06:23 +0100] "GET /news.php?cs_go=archiv&cs_id=1542&cs_search= HTTP/1.1" 200 7887 "-" "Mozilla/5.0 (compatible; Googlebot/2.1; +http://www.google.com/bot.html)"
66.249.71.6 - - [03/Nov/2012:12:09:24 +0100] "GET /news.php?cs_go=archiv&cs_id=2052&cs_search= HTTP/1.1" 200 7887 "-" "Mozilla/5.0 (compatible; Googlebot/2.1; +http://www.google.com/bot.html)"
173.199.115.43 - - [03/Nov/2012:12:10:20 +0100] "GET /lexikon.php?cs_go=2&cs_char=p HTTP/1.1" 200 9166 "-" "Mozilla/5.0 (compatible; AhrefsBot/4.0; +http://ahrefs.com/robot/)"
66.249.71.6 - - [03/Nov/2012:12:14:03 +0100] "GET /news.php?cs_go=archiv&cs_id=2017&cs_search= HTTP/1.1" 200 7887 "-" "Mozilla/5.0 (compatible; Googlebot/2.1; +http://www.google.com/bot.html)"
173.199.115.115 - - [03/Nov/2012:12:14:54 +0100] "GET /news.php?cs_go=archiv&cs_id=3608&cs_search= HTTP/1.1" 200 9772 "-" "Mozilla/5.0 (compatible; AhrefsBot/4.0; +http://ahrefs.com/robot/)"
66.249.71.6 - - [03/Nov/2012:12:18:41 +0100] "GET /news.php?cs_go=archiv&cs_id=2024&cs_search= HTTP/1.1" 200 7887 "-" "Mozilla/5.0 (compatible; Googlebot/2.1; +http://www.google.com/bot.html)"
173.199.115.171 - - [03/Nov/2012:12:19:38 +0100] "GET /news.php?cs_go=archiv&cs_id=2718&cs_search= HTTP/1.1" 200 13357 "-" "Mozilla/5.0 (compatible; AhrefsBot/4.0; +http://ahrefs.com/robot/)"
66.249.71.6 - - [03/Nov/2012:12:23:18 +0100] "GET /news.php?cs_go=archiv&cs_id=2028&cs_search= HTTP/1.1" 200 7887 "-" "Mozilla/5.0 (compatible; Googlebot/2.1; +http://www.google.com/bot.html)"
173.199.115.171 - - [03/Nov/2012:12:24:21 +0100] "GET /news.php?cs_go=archiv&cs_id=3610&cs_search= HTTP/1.1" 200 13435 "-" "Mozilla/5.0 (compatible; AhrefsBot/4.0; +http://ahrefs.com/robot/)"
66.249.71.6 - - [03/Nov/2012:12:27:54 +0100] "GET /news.php?cs_go=archiv&cs_id=2030&cs_search= HTTP/1.1" 200 7887 "-" "Mozilla/5.0 (compatible; Googlebot/2.1; +http://www.google.com/bot.html)"
173.199.119.51 - - [03/Nov/2012:12:29:00 +0100] "GET /lexikon.php?cs_go=2&cs_char=c HTTP/1.1" 200 8836 "-" "Mozilla/5.0 (compatible; AhrefsBot/4.0; +http://ahrefs.com/robot/)"
5.9.25.69 - - [03/Nov/2012:12:31:57 +0100] "GET /robots.txt HTTP/1.1" 200 177 "-" "Pixray-Seeker/2.0 (Pixray-Seeker; +http://www.pixray.com/pixraybot; +crawler@pixray.com)"
5.9.25.69 - - [03/Nov/2012:12:31:57 +0100] "GET /news.php?cs_go=archiv&cs_id=1963&cs_search= HTTP/1.1" 200 7887 "-" "Pixray-Seeker/2.0 (Pixray-Seeker; +http://www.pixray.com/pixraybot; +crawler@pixray.com)"
66.249.71.6 - - [03/Nov/2012:12:32:34 +0100] "GET /news.php?cs_go=archiv&cs_id=2032&cs_search= HTTP/1.1" 200 7887 "-" "Mozilla/5.0 (compatible; Googlebot/2.1; +http://www.google.com/bot.html)"
173.199.114.115 - - [03/Nov/2012:12:33:38 +0100] "GET /news.php?cs_go=archiv&cs_id=3611&cs_search= HTTP/1.1" 200 9737 "-" "Mozilla/5.0 (compatible; AhrefsBot/4.0; +http://ahrefs.com/robot/)"
5.9.25.73 - - [03/Nov/2012:12:36:02 +0100] "GET /robots.txt HTTP/1.1" 200 177 "-" "Pixray-Seeker/2.0 (Pixray-Seeker; +http://www.pixray.com/pixraybot; +crawler@pixray.com)"
5.9.25.73 - - [03/Nov/2012:12:36:02 +0100] "GET /news.php?cs_go=archiv&cs_id=1657&cs_search= HTTP/1.1" 200 7887 "-" "Pixray-Seeker/2.0 (Pixray-Seeker; +http://www.pixray.com/pixraybot; +crawler@pixray.com)"
5.9.25.81 - - [03/Nov/2012:12:36:21 +0100] "GET /robots.txt HTTP/1.1" 200 177 "-" "Pixray-Seeker/2.0 (Pixray-Seeker; +http://www.pixray.com/pixraybot; +crawler@pixray.com)"
5.9.25.81 - - [03/Nov/2012:12:36:21 +0100] "GET /news.php?cs_go=archiv&cs_startpos=460 HTTP/1.1" 200 22852 "-" "Pixray-Seeker/2.0 (Pixray-Seeker; +http://www.pixray.com/pixraybot; +crawler@pixray.com)"
173.199.119.27 - - [03/Nov/2012:12:38:43 +0100] "GET /news.php?cs_go=archiv&cs_id=2719&cs_search= HTTP/1.1" 200 10362 "-" "Mozilla/5.0 (compatible; AhrefsBot/4.0; +http://ahrefs.com/robot/)"
66.249.71.6 - - [03/Nov/2012:12:41:50 +0100] "GET /news.php?cs_go=archiv&cs_id=2034&cs_search= HTTP/1.1" 200 7887 "-" "Mozilla/5.0 (compatible; Googlebot/2.1; +http://www.google.com/bot.html)"
173.199.116.59 - - [03/Nov/2012:12:43:05 +0100] "GET /news.php?cs_go=archiv&cs_id=3613&cs_search= HTTP/1.1" 200 10255 "-" "Mozilla/5.0 (compatible; AhrefsBot/4.0; +http://ahrefs.com/robot/)"
5.9.25.82 - - [03/Nov/2012:12:43:12 +0100] "GET /robots.txt HTTP/1.1" 200 177 "-" "Pixray-Seeker/2.0 (Pixray-Seeker; +http://www.pixray.com/pixraybot; +crawler@pixray.com)"
5.9.25.82 - - [03/Nov/2012:12:43:12 +0100] "GET /news.php?cs_go=archiv&cs_id=1707&cs_search= HTTP/1.1" 200 7887 "-" "Pixray-Seeker/2.0 (Pixray-Seeker; +http://www.pixray.com/pixraybot; +crawler@pixray.com)"
173.199.114.75 - - [03/Nov/2012:12:47:51 +0100] "GET /lexikon.php?cs_go=2&cs_char=q HTTP/1.1" 200 8162 "-" "Mozilla/5.0 (compatible; AhrefsBot/4.0; +http://ahrefs.com/robot/)"
66.249.71.6 - - [03/Nov/2012:12:51:06 +0100] "GET /news.php?cs_go=archiv&cs_id=2151&cs_search= HTTP/1.1" 200 7887 "-" "Mozilla/5.0 (compatible; Googlebot/2.1; +http://www.google.com/bot.html)"
173.199.116.243 - - [03/Nov/2012:12:52:53 +0100] "GET /news.php?cs_go=archiv&cs_id=3615&cs_search= HTTP/1.1" 200 13308 "-" "Mozilla/5.0 (compatible; AhrefsBot/4.0; +http://ahrefs.com/robot/)"
66.249.71.6 - - [03/Nov/2012:12:55:44 +0100] "GET /news.php?cs_go=archiv&cs_id=2690 HTTP/1.1" 200 7887 "-" "Mozilla/5.0 (compatible; Googlebot/2.1; +http://www.google.com/bot.html)"
66.249.71.6 - - [03/Nov/2012:12:56:06 +0100] "GET /news.php?cs_go=archiv&cs_id=2243&cs_search= HTTP/1.1" 200 7887 "-" "Mozilla/5.0 (compatible; Googlebot/2.1; +http://www.google.com/bot.html)"
173.199.119.35 - - [03/Nov/2012:12:57:08 +0100] "GET /news.php?cs_go=archiv&cs_id=2720&cs_search= HTTP/1.1" 200 13816 "-" "Mozilla/5.0 (compatible; AhrefsBot/4.0; +http://ahrefs.com/robot/)"
66.249.71.6 - - [03/Nov/2012:13:00:22 +0100] "GET /news.php?cs_go=archiv&cs_id=2192&cs_search= HTTP/1.1" 200 7887 "-" "Mozilla/5.0 (compatible; Googlebot/2.1; +http://www.google.com/bot.html)"
173.199.119.19 - - [03/Nov/2012:13:01:44 +0100] "GET /news.php?cs_go=archiv&cs_id=3616&cs_search= HTTP/1.1" 200 9862 "-" "Mozilla/5.0 (compatible; AhrefsBot/4.0; +http://ahrefs.com/robot/)"
66.249.71.6 - - [03/Nov/2012:13:05:20 +0100] "GET /news.php?cs_go=archiv&cs_id=867&cs_search= HTTP/1.1" 200 7887 "-" "Mozilla/5.0 (compatible; Googlebot/2.1; +http://www.google.com/bot.html)"
173.199.114.171 - - [03/Nov/2012:13:06:31 +0100] "GET /lexikon.php?cs_go=2&cs_char=h HTTP/1.1" 200 8687 "-" "Mozilla/5.0 (compatible; AhrefsBot/4.0; +http://ahrefs.com/robot/)"
66.249.71.6 - - [03/Nov/2012:13:09:38 +0100] "GET /news.php?cs_go=archiv&cs_id=2591 HTTP/1.1" 200 7887 "-" "Mozilla/5.0 (compatible; Googlebot/2.1; +http://www.google.com/bot.html)"
173.199.120.155 - - [03/Nov/2012:13:11:06 +0100] "GET /news.php?cs_go=archiv&cs_id=3618&cs_search= HTTP/1.1" 200 12341 "-" "Mozilla/5.0 (compatible; AhrefsBot/4.0; +http://ahrefs.com/robot/)"
5.9.25.84 - - [03/Nov/2012:13:13:25 +0100] "GET /robots.txt HTTP/1.1" 200 177 "-" "Pixray-Seeker/2.0 (Pixray-Seeker; +http://www.pixray.com/pixraybot; +crawler@pixray.com)"
5.9.25.84 - - [03/Nov/2012:13:13:26 +0100] "GET /news.php?cs_go=archiv&cs_id=1660&cs_search= HTTP/1.1" 200 7887 "-" "Pixray-Seeker/2.0 (Pixray-Seeker; +http://www.pixray.com/pixraybot; +crawler@pixray.com)"
66.249.71.6 - - [03/Nov/2012:13:14:13 +0100] "GET /news.php?cs_go=archiv&cs_id=2590 HTTP/1.1" 200 7887 "-" "Mozilla/5.0 (compatible; Googlebot/2.1; +http://www.google.com/bot.html)"
173.199.120.59 - - [03/Nov/2012:13:15:58 +0100] "GET /news.php?cs_go=archiv&cs_id=2722&cs_search= HTTP/1.1" 200 10276 "-" "Mozilla/5.0 (compatible; AhrefsBot/4.0; +http://ahrefs.com/robot/)"
173.199.120.107 - - [03/Nov/2012:13:20:34 +0100] "GET /news.php?cs_go=archiv&cs_id=3623&cs_search= HTTP/1.1" 200 13477 "-" "Mozilla/5.0 (compatible; AhrefsBot/4.0; +http://ahrefs.com/robot/)"
5.9.25.75 - - [03/Nov/2012:13:21:25 +0100] "GET /robots.txt HTTP/1.1" 200 177 "-" "Pixray-Seeker/2.0 (Pixray-Seeker; +http://www.pixray.com/pixraybot; +crawler@pixray.com)"
5.9.25.75 - - [03/Nov/2012:13:21:25 +0100] "GET /news.php?cs_go=archiv&cs_id=2625&cs_search= HTTP/1.1" 200 7887 "-" "Pixray-Seeker/2.0 (Pixray-Seeker; +http://www.pixray.com/pixraybot; +crawler@pixray.com)"
173.199.115.139 - - [03/Nov/2012:13:25:21 +0100] "GET /lexikon.php?cs_go=2&cs_char=r HTTP/1.1" 200 9732 "-" "Mozilla/5.0 (compatible; AhrefsBot/4.0; +http://ahrefs.com/robot/)"
66.249.71.6 - - [03/Nov/2012:13:28:07 +0100] "GET /news.php?cs_go=archiv&cs_id=2245&cs_search= HTTP/1.1" 200 7887 "-" "Mozilla/5.0 (compatible; Googlebot/2.1; +http://www.google.com/bot.html)"
173.199.115.51 - - [03/Nov/2012:13:29:50 +0100] "GET /news.php?cs_go=archiv&cs_startpos=100 HTTP/1.1" 200 22799 "-" "Mozilla/5.0 (compatible; AhrefsBot/4.0; +http://ahrefs.com/robot/)"
5.9.25.74 - - [03/Nov/2012:13:31:11 +0100] "GET /robots.txt HTTP/1.1" 200 177 "-" "Pixray-Seeker/2.0 (Pixray-Seeker; +http://www.pixray.com/pixraybot; +crawler@pixray.com)"
5.9.25.74 - - [03/Nov/2012:13:31:11 +0100] "GET /news.php?cs_go=archiv&cs_id=2953&cs_search= HTTP/1.1" 200 9948 "-" "Pixray-Seeker/2.0 (Pixray-Seeker; +http://www.pixray.com/pixraybot; +crawler@pixray.com)"
173.199.114.91 - - [03/Nov/2012:13:34:43 +0100] "GET /news.php?cs_go=archiv&cs_id=2724&cs_search= HTTP/1.1" 200 13865 "-" "Mozilla/5.0 (compatible; AhrefsBot/4.0; +http://ahrefs.com/robot/)"
84.19.190.126 - - [03/Nov/2012:13:37:31 +0100] "GET /robots.txt HTTP/1.1" 200 177 "-" "Mozilla/5.0 (compatible; UnisterBot; crawler@unister.de)"
84.19.190.126 - - [03/Nov/2012:13:37:31 +0100] "GET / HTTP/1.1" 200 15368 "-" "Mozilla/5.0 (compatible; UnisterBot; crawler@unister.de)"
5.9.25.70 - - [03/Nov/2012:13:37:43 +0100] "GET /robots.txt HTTP/1.1" 200 177 "-" "Pixray-Seeker/2.0 (Pixray-Seeker; +http://www.pixray.com/pixraybot; +crawler@pixray.com)"
5.9.25.70 - - [03/Nov/2012:13:37:43 +0100] "GET /news.php?cs_go=archiv&cs_id=2803&cs_search= HTTP/1.1" 200 14178 "-" "Pixray-Seeker/2.0 (Pixray-Seeker; +http://www.pixray.com/pixraybot; +crawler@pixray.com)"
173.199.120.75 - - [03/Nov/2012:13:39:18 +0100] "GET /news.php?cs_go=archiv&cs_startpos=60 HTTP/1.1" 200 22617 "-" "Mozilla/5.0 (compatible; AhrefsBot/4.0; +http://ahrefs.com/robot/)"
5.9.25.82 - - [03/Nov/2012:13:40:25 +0100] "GET /robots.txt HTTP/1.1" 200 177 "-" "Pixray-Seeker/2.0 (Pixray-Seeker; +http://www.pixray.com/pixraybot; +crawler@pixray.com)"
5.9.25.82 - - [03/Nov/2012:13:40:25 +0100] "GET /news.php?cs_go=archiv&cs_id=2379&cs_search= HTTP/1.1" 200 7887 "-" "Pixray-Seeker/2.0 (Pixray-Seeker; +http://www.pixray.com/pixraybot; +crawler@pixray.com)"
173.199.116.35 - - [03/Nov/2012:13:44:07 +0100] "GET /lexikon.php?cs_go=2&cs_char=a HTTP/1.1" 200 9803 "-" "Mozilla/5.0 (compatible; AhrefsBot/4.0; +http://ahrefs.com/robot/)"
123.125.71.17 - - [03/Nov/2012:13:45:32 +0100] "GET / HTTP/1.1" 200 8734 "-" "Mozilla/5.0 (compatible; Baiduspider/2.0; +http://www.baidu.com/search/spider.html)"
220.181.108.110 - - [03/Nov/2012:13:45:37 +0100] "GET / HTTP/1.1" 200 13391 "-" "Mozilla/5.0 (compatible; Baiduspider/2.0; +http://www.baidu.com/search/spider.html)"
173.199.120.19 - - [03/Nov/2012:13:48:39 +0100] "GET /news.php?cs_go=archiv&cs_startpos=640 HTTP/1.1" 200 22554 "-" "Mozilla/5.0 (compatible; AhrefsBot/4.0; +http://ahrefs.com/robot/)"
5.9.25.82 - - [03/Nov/2012:13:50:26 +0100] "GET /robots.txt HTTP/1.1" 200 177 "-" "Pixray-Seeker/2.0 (Pixray-Seeker; +http://www.pixray.com/pixraybot; +crawler@pixray.com)"
5.9.25.82 - - [03/Nov/2012:13:50:26 +0100] "GET /news.php?cs_go=archiv&cs_id=3273&cs_search= HTTP/1.1" 200 13512 "-" "Pixray-Seeker/2.0 (Pixray-Seeker; +http://www.pixray.com/pixraybot; +crawler@pixray.com)"
109.169.61.126 - - [03/Nov/2012:13:50:42 +0100] "GET /news.php?cs_go=archiv&cs_id=3540 HTTP/1.1" 200 9904 "-" "Mozilla/4.0 (compatible; MSIE 6.0; Windows NT 5.1; SV1; TencentTraveler ; Mozilla/4.0 (compatible; MSIE 6.0; Windows NT 5.1; SV1) ; .NET CLR 2.0.50727)"
173.199.114.243 - - [03/Nov/2012:13:53:29 +0100] "GET /news.php?cs_go=archiv&cs_id=3516&cs_search= HTTP/1.1" 200 12364 "-" "Mozilla/5.0 (compatible; AhrefsBot/4.0; +http://ahrefs.com/robot/)"
173.199.115.67 - - [03/Nov/2012:13:58:02 +0100] "GET /news.php?cs_go=archiv&cs_startpos=650 HTTP/1.1" 200 22796 "-" "Mozilla/5.0 (compatible; AhrefsBot/4.0; +http://ahrefs.com/robot/)"
173.199.116.43 - - [03/Nov/2012:14:02:52 +0100] "GET /lexikon.php?cs_go=2&cs_char=s HTTP/1.1" 200 10068 "-" "Mozilla/5.0 (compatible; AhrefsBot/4.0; +http://ahrefs.com/robot/)"
5.9.25.84 - - [03/Nov/2012:14:07:07 +0100] "GET /robots.txt HTTP/1.1" 200 177 "-" "Pixray-Seeker/2.0 (Pixray-Seeker; +http://www.pixray.com/pixraybot; +crawler@pixray.com)"
5.9.25.84 - - [03/Nov/2012:14:07:07 +0100] "GET /news.php?cs_go=archiv&cs_id=3303&cs_search= HTTP/1.1" 200 10421 "-" "Pixray-Seeker/2.0 (Pixray-Seeker; +http://www.pixray.com/pixraybot; +crawler@pixray.com)"
173.199.120.147 - - [03/Nov/2012:14:08:11 +0100] "GET /news.php?cs_go=archiv&cs_startpos=660 HTTP/1.1" 200 22594 "-" "Mozilla/5.0 (compatible; AhrefsBot/4.0; +http://ahrefs.com/robot/)"
173.199.120.35 - - [03/Nov/2012:14:12:14 +0100] "GET /news.php?cs_go=archiv&cs_id=3517&cs_search= HTTP/1.1" 200 12249 "-" "Mozilla/5.0 (compatible; AhrefsBot/4.0; +http://ahrefs.com/robot/)"
173.199.114.179 - - [03/Nov/2012:14:16:46 +0100] "GET /news.php?cs_go=archiv&cs_startpos=670 HTTP/1.1" 200 22782 "-" "Mozilla/5.0 (compatible; AhrefsBot/4.0; +http://ahrefs.com/robot/)"
5.9.25.69 - - [03/Nov/2012:14:18:07 +0100] "GET /robots.txt HTTP/1.1" 200 177 "-" "Pixray-Seeker/2.0 (Pixray-Seeker; +http://www.pixray.com/pixraybot; +crawler@pixray.com)"
5.9.25.69 - - [03/Nov/2012:14:18:07 +0100] "GET /news.php?cs_go=archiv&cs_id=2591&cs_search= HTTP/1.1" 200 7887 "-" "Pixray-Seeker/2.0 (Pixray-Seeker; +http://www.pixray.com/pixraybot; +crawler@pixray.com)"
173.199.117.235 - - [03/Nov/2012:14:21:37 +0100] "GET /lexikon.php?cs_go=2&cs_char=i HTTP/1.1" 200 8402 "-" "Mozilla/5.0 (compatible; AhrefsBot/4.0; +http://ahrefs.com/robot/)"
173.199.115.99 - - [03/Nov/2012:14:26:08 +0100] "GET /news.php?cs_go=archiv&cs_startpos=680 HTTP/1.1" 200 22382 "-" "Mozilla/5.0 (compatible; AhrefsBot/4.0; +http://ahrefs.com/robot/)"
173.199.116.227 - - [03/Nov/2012:14:30:59 +0100] "GET /news.php?cs_go=archiv&cs_id=3531&cs_search= HTTP/1.1" 200 10352 "-" "Mozilla/5.0 (compatible; AhrefsBot/4.0; +http://ahrefs.com/robot/)"
173.199.114.195 - - [03/Nov/2012:14:35:30 +0100] "GET /news.php?cs_go=archiv&cs_startpos=70 HTTP/1.1" 200 22791 "-" "Mozilla/5.0 (compatible; AhrefsBot/4.0; +http://ahrefs.com/robot/)"
213.186.119.135 - - [03/Nov/2012:14:35:38 +0100] "GET /news.php?cs_go=archiv&cs_id=3577&cs_search= HTTP/1.1" 200 9891 "-" "Mozilla/5.0 (compatible; AhrefsBot/3.1; +http://ahrefs.com/robot/)"
220.181.108.102 - - [03/Nov/2012:14:36:39 +0100] "GET / HTTP/1.1" 200 10277 "-" "Mozilla/5.0 (compatible; Baiduspider/2.0; +http://www.baidu.com/search/spider.html)"
123.125.71.25 - - [03/Nov/2012:14:37:46 +0100] "GET / HTTP/1.1" 200 7822 "-" "Mozilla/5.0 (compatible; Baiduspider/2.0; +http://www.baidu.com/search/spider.html)"
66.249.71.6 - - [03/Nov/2012:14:38:20 +0100] "GET /robots.txt HTTP/1.1" 200 177 "-" "Mozilla/5.0 (compatible; Googlebot/2.1; +http://www.google.com/bot.html)"
66.249.71.6 - - [03/Nov/2012:14:38:20 +0100] "GET /news.php?cs_go=archiv&cs_id=2591&cs_search= HTTP/1.1" 200 7887 "-" "Mozilla/5.0 (compatible; Googlebot/2.1; +http://www.google.com/bot.html)"
66.249.71.6 - - [03/Nov/2012:14:38:21 +0100] "GET /news.php?cs_go=archiv&cs_id=2590&cs_search= HTTP/1.1" 200 7887 "-" "Mozilla/5.0 (compatible; Googlebot/2.1; +http://www.google.com/bot.html)"
66.249.71.6 - - [03/Nov/2012:14:38:22 +0100] "GET /news.php?cs_go=archiv&cs_id=2690&cs_search= HTTP/1.1" 200 7887 "-" "Mozilla/5.0 (compatible; Googlebot/2.1; +http://www.google.com/bot.html)"
173.199.114.179 - - [03/Nov/2012:14:40:22 +0100] "GET /lexikon.php?cs_go=2&cs_char=t HTTP/1.1" 200 8765 "-" "Mozilla/5.0 (compatible; AhrefsBot/4.0; +http://ahrefs.com/robot/)"
173.199.119.139 - - [03/Nov/2012:14:44:52 +0100] "GET /news.php?cs_go=archiv&cs_startpos=700 HTTP/1.1" 200 10055 "-" "Mozilla/5.0 (compatible; AhrefsBot/4.0; +http://ahrefs.com/robot/)"
173.199.114.139 - - [03/Nov/2012:14:49:40 +0100] "GET /news.php?cs_go=archiv&cs_id=3532&cs_search= HTTP/1.1" 200 11710 "-" "Mozilla/5.0 (compatible; AhrefsBot/4.0; +http://ahrefs.com/robot/)"
173.199.115.51 - - [03/Nov/2012:14:54:14 +0100] "GET /news.php?cs_go=archiv&cs_startpos=80 HTTP/1.1" 200 22929 "-" "Mozilla/5.0 (compatible; AhrefsBot/4.0; +http://ahrefs.com/robot/)"
173.199.114.195 - - [03/Nov/2012:14:59:07 +0100] "GET /lexikon.php?cs_go=2&cs_char=d HTTP/1.1" 200 9421 "-" "Mozilla/5.0 (compatible; AhrefsBot/4.0; +http://ahrefs.com/robot/)"
65.36.241.79 - - [03/Nov/2012:15:00:56 +0100] "HEAD / HTTP/1.1" 200 - "-" "InternetSeer.com"
173.199.115.131 - - [03/Nov/2012:15:03:37 +0100] "GET /news.php?cs_go=archiv&cs_startpos=90 HTTP/1.1" 200 22748 "-" "Mozilla/5.0 (compatible; AhrefsBot/4.0; +http://ahrefs.com/robot/)"
173.199.119.11 - - [03/Nov/2012:15:08:32 +0100] "GET /news.php?cs_go=archiv&cs_id=3534&cs_search= HTTP/1.1" 200 12306 "-" "Mozilla/5.0 (compatible; AhrefsBot/4.0; +http://ahrefs.com/robot/)"
84.19.190.126 - - [03/Nov/2012:15:08:51 +0100] "GET /news.php?cs_go=archiv&cs_id=3634 HTTP/1.1" 200 9818 "-" "Mozilla/5.0 (compatible; UnisterBot; crawler@unister.de)"
188.40.55.74 - - [03/Nov/2012:15:10:56 +0100] "GET /robots.txt HTTP/1.1" 200 177 "-" "Mozilla/5.0 (compatible; SearchmetricsBot; http://www.searchmetrics.com/en/searchmetrics-bot/)"
188.40.55.74 - - [03/Nov/2012:15:10:56 +0100] "GET / HTTP/1.1" 200 15368 "-" "Mozilla/5.0 (compatible; SearchmetricsBot; http://www.searchmetrics.com/en/searchmetrics-bot/)"
188.40.55.74 - - [03/Nov/2012:15:10:58 +0100] "GET /news.php?cs_go=archiv HTTP/1.1" 200 21962 "-" "Mozilla/5.0 (compatible; SearchmetricsBot; http://www.searchmetrics.com/en/searchmetrics-bot/)"
188.40.55.74 - - [03/Nov/2012:15:10:59 +0100] "GET /news.php?cs_go=archiv&cs_id=2913 HTTP/1.1" 200 11435 "-" "Mozilla/5.0 (compatible; SearchmetricsBot; http://www.searchmetrics.com/en/searchmetrics-bot/)"
84.19.190.126 - - [03/Nov/2012:15:11:02 +0100] "GET /news.php?cs_go=archiv&cs_id=3622 HTTP/1.1" 200 11727 "-" "Mozilla/5.0 (compatible; UnisterBot; crawler@unister.de)"
188.40.55.74 - - [03/Nov/2012:15:11:13 +0100] "GET /news.php?cs_go=archiv&cs_id=2916 HTTP/1.1" 200 13332 "-" "Mozilla/5.0 (compatible; SearchmetricsBot; http://www.searchmetrics.com/en/searchmetrics-bot/)"
188.40.55.74 - - [03/Nov/2012:15:11:13 +0100] "GET /impressum.php HTTP/1.1" 200 8495 "-" "Mozilla/5.0 (compatible; SearchmetricsBot; http://www.searchmetrics.com/en/searchmetrics-bot/)"
188.40.55.74 - - [03/Nov/2012:15:11:13 +0100] "GET /news.php?cs_go=archiv&cs_id=2912 HTTP/1.1" 200 9678 "-" "Mozilla/5.0 (compatible; SearchmetricsBot; http://www.searchmetrics.com/en/searchmetrics-bot/)"
188.40.55.74 - - [03/Nov/2012:15:11:13 +0100] "GET /kontakt.php HTTP/1.1" 200 9111 "-" "Mozilla/5.0 (compatible; SearchmetricsBot; http://www.searchmetrics.com/en/searchmetrics-bot/)"
188.40.55.74 - - [03/Nov/2012:15:11:14 +0100] "GET /index.php HTTP/1.1" 200 14627 "-" "Mozilla/5.0 (compatible; SearchmetricsBot; http://www.searchmetrics.com/en/searchmetrics-bot/)"
188.40.55.74 - - [03/Nov/2012:15:11:15 +0100] "GET /agb.php HTTP/1.1" 200 19622 "-" "Mozilla/5.0 (compatible; SearchmetricsBot; http://www.searchmetrics.com/en/searchmetrics-bot/)"
188.40.55.74 - - [03/Nov/2012:15:11:15 +0100] "GET /../standard.php HTTP/1.1" 404 - "-" "Mozilla/5.0 (compatible; SearchmetricsBot; http://www.searchmetrics.com/en/searchmetrics-bot/)"
188.40.55.74 - - [03/Nov/2012:15:11:15 +0100] "GET /wunschpreis.php HTTP/1.1" 200 11997 "-" "Mozilla/5.0 (compatible; SearchmetricsBot; http://www.searchmetrics.com/en/searchmetrics-bot/)"
188.40.55.74 - - [03/Nov/2012:15:11:15 +0100] "GET /standard.php HTTP/1.1" 200 9131 "-" "Mozilla/5.0 (compatible; SearchmetricsBot; http://www.searchmetrics.com/en/searchmetrics-bot/)"
188.40.55.74 - - [03/Nov/2012:15:11:15 +0100] "GET /preisanfrage.php HTTP/1.1" 200 10647 "-" "Mozilla/5.0 (compatible; SearchmetricsBot; http://www.searchmetrics.com/en/searchmetrics-bot/)"
188.40.55.74 - - [03/Nov/2012:15:11:16 +0100] "GET /news.php?cs_go=archiv&cs_id=2914 HTTP/1.1" 200 10469 "-" "Mozilla/5.0 (compatible; SearchmetricsBot; http://www.searchmetrics.com/en/searchmetrics-bot/)"
188.40.55.74 - - [03/Nov/2012:15:11:16 +0100] "GET /newsletter.php HTTP/1.1" 200 8841 "-" "Mozilla/5.0 (compatible; SearchmetricsBot; http://www.searchmetrics.com/en/searchmetrics-bot/)"
188.40.55.74 - - [03/Nov/2012:15:11:16 +0100] "GET /../optiplus.php HTTP/1.1" 404 - "-" "Mozilla/5.0 (compatible; SearchmetricsBot; http://www.searchmetrics.com/en/searchmetrics-bot/)"
188.40.55.74 - - [03/Nov/2012:15:11:16 +0100] "GET /optiplus.php HTTP/1.1" 200 11013 "-" "Mozilla/5.0 (compatible; SearchmetricsBot; http://www.searchmetrics.com/en/searchmetrics-bot/)"
188.40.55.74 - - [03/Nov/2012:15:11:17 +0100] "GET /kwk.php HTTP/1.1" 200 10797 "-" "Mozilla/5.0 (compatible; SearchmetricsBot; http://www.searchmetrics.com/en/searchmetrics-bot/)"
188.40.55.74 - - [03/Nov/2012:15:11:17 +0100] "GET /rueckrufservice.php HTTP/1.1" 200 10683 "-" "Mozilla/5.0 (compatible; SearchmetricsBot; http://www.searchmetrics.com/en/searchmetrics-bot/)"
188.40.55.74 - - [03/Nov/2012:15:11:17 +0100] "GET /news.php HTTP/1.1" 200 21962 "-" "Mozilla/5.0 (compatible; SearchmetricsBot; http://www.searchmetrics.com/en/searchmetrics-bot/)"
188.40.55.74 - - [03/Nov/2012:15:11:18 +0100] "GET /foerdermittel.php HTTP/1.1" 200 12821 "-" "Mozilla/5.0 (compatible; SearchmetricsBot; http://www.searchmetrics.com/en/searchmetrics-bot/)"
188.40.55.74 - - [03/Nov/2012:15:11:18 +0100] "GET /news.php?cs_go=archiv&cs_startpos=10 HTTP/1.1" 200 22250 "-" "Mozilla/5.0 (compatible; SearchmetricsBot; http://www.searchmetrics.com/en/searchmetrics-bot/)"
188.40.55.74 - - [03/Nov/2012:15:11:18 +0100] "GET /news.php?cs_go=archiv&cs_id=2913&cs_search= HTTP/1.1" 200 11435 "-" "Mozilla/5.0 (compatible; SearchmetricsBot; http://www.searchmetrics.com/en/searchmetrics-bot/)"
188.40.55.74 - - [03/Nov/2012:15:11:19 +0100] "GET /news.php?cs_go=archiv&cs_startpos=30 HTTP/1.1" 200 22561 "-" "Mozilla/5.0 (compatible; SearchmetricsBot; http://www.searchmetrics.com/en/searchmetrics-bot/)"
188.40.55.74 - - [03/Nov/2012:15:11:19 +0100] "GET /kwk.php?cs_go=2 HTTP/1.1" 200 11768 "-" "Mozilla/5.0 (compatible; SearchmetricsBot; http://www.searchmetrics.com/en/searchmetrics-bot/)"
188.40.55.74 - - [03/Nov/2012:15:11:20 +0100] "GET /news.php?cs_go=archiv&cs_id=2909&cs_search= HTTP/1.1" 200 14226 "-" "Mozilla/5.0 (compatible; SearchmetricsBot; http://www.searchmetrics.com/en/searchmetrics-bot/)"
188.40.55.74 - - [03/Nov/2012:15:11:20 +0100] "GET /modernisierung.php HTTP/1.1" 200 11491 "-" "Mozilla/5.0 (compatible; SearchmetricsBot; http://www.searchmetrics.com/en/searchmetrics-bot/)"
188.40.55.74 - - [03/Nov/2012:15:11:20 +0100] "GET /news.php?cs_go=archiv&cs_startpos=20 HTTP/1.1" 200 22389 "-" "Mozilla/5.0 (compatible; SearchmetricsBot; http://www.searchmetrics.com/en/searchmetrics-bot/)"
188.40.55.74 - - [03/Nov/2012:15:11:21 +0100] "GET /faq.php HTTP/1.1" 200 185716 "-" "Mozilla/5.0 (compatible; SearchmetricsBot; http://www.searchmetrics.com/en/searchmetrics-bot/)"
188.40.55.74 - - [03/Nov/2012:15:11:22 +0100] "GET /lexikon.php HTTP/1.1" 200 10436 "-" "Mozilla/5.0 (compatible; SearchmetricsBot; http://www.searchmetrics.com/en/searchmetrics-bot/)"
188.40.55.74 - - [03/Nov/2012:15:11:22 +0100] "GET /news.php?cs_go=archiv&cs_startpos=0 HTTP/1.1" 200 21962 "-" "Mozilla/5.0 (compatible; SearchmetricsBot; http://www.searchmetrics.com/en/searchmetrics-bot/)"
188.40.55.74 - - [03/Nov/2012:15:11:22 +0100] "GET /kwk.php?cs_go=3 HTTP/1.1" 200 10198 "-" "Mozilla/5.0 (compatible; SearchmetricsBot; http://www.searchmetrics.com/en/searchmetrics-bot/)"
188.40.55.74 - - [03/Nov/2012:15:11:23 +0100] "GET /news.php?cs_go=archiv&cs_id=2906&cs_search= HTTP/1.1" 200 13569 "-" "Mozilla/5.0 (compatible; SearchmetricsBot; http://www.searchmetrics.com/en/searchmetrics-bot/)"
188.40.55.74 - - [03/Nov/2012:15:11:23 +0100] "GET /energiesparcheck.php HTTP/1.1" 200 13494 "-" "Mozilla/5.0 (compatible; SearchmetricsBot; http://www.searchmetrics.com/en/searchmetrics-bot/)"
188.40.55.74 - - [03/Nov/2012:15:11:23 +0100] "GET /news.php?cs_go=archiv&cs_startpos=40 HTTP/1.1" 200 22648 "-" "Mozilla/5.0 (compatible; SearchmetricsBot; http://www.searchmetrics.com/en/searchmetrics-bot/)"
188.40.55.74 - - [03/Nov/2012:15:11:24 +0100] "GET /.php HTTP/1.1" 404 - "-" "Mozilla/5.0 (compatible; SearchmetricsBot; http://www.searchmetrics.com/en/searchmetrics-bot/)"
188.40.55.74 - - [03/Nov/2012:15:11:24 +0100] "GET /news.php?cs_go=archiv&cs_id=2914&cs_search= HTTP/1.1" 200 10469 "-" "Mozilla/5.0 (compatible; SearchmetricsBot; http://www.searchmetrics.com/en/searchmetrics-bot/)"
188.40.55.74 - - [03/Nov/2012:15:11:24 +0100] "GET /news.php?cs_go=archiv&cs_id=2910&cs_search= HTTP/1.1" 200 10696 "-" "Mozilla/5.0 (compatible; SearchmetricsBot; http://www.searchmetrics.com/en/searchmetrics-bot/)"
188.40.55.74 - - [03/Nov/2012:15:11:24 +0100] "GET /news.php?cs_go=archiv&cs_startpos=50 HTTP/1.1" 200 22808 "-" "Mozilla/5.0 (compatible; SearchmetricsBot; http://www.searchmetrics.com/en/searchmetrics-bot/)"
188.40.55.74 - - [03/Nov/2012:15:11:25 +0100] "GET /news.php?cs_go=archiv&cs_id=2916&cs_search= HTTP/1.1" 200 13332 "-" "Mozilla/5.0 (compatible; SearchmetricsBot; http://www.searchmetrics.com/en/searchmetrics-bot/)"
188.40.55.74 - - [03/Nov/2012:15:11:25 +0100] "GET /news.php?cs_go=archiv&cs_id=2912&cs_search= HTTP/1.1" 200 9678 "-" "Mozilla/5.0 (compatible; SearchmetricsBot; http://www.searchmetrics.com/en/searchmetrics-bot/)"
188.40.55.74 - - [03/Nov/2012:15:11:26 +0100] "GET /news.php?cs_go=archiv&cs_startpos=1210 HTTP/1.1" 200 8039 "-" "Mozilla/5.0 (compatible; SearchmetricsBot; http://www.searchmetrics.com/en/searchmetrics-bot/)"
188.40.55.74 - - [03/Nov/2012:15:11:26 +0100] "GET /additive.php HTTP/1.1" 200 8285 "-" "Mozilla/5.0 (compatible; SearchmetricsBot; http://www.searchmetrics.com/en/searchmetrics-bot/)"
188.40.55.74 - - [03/Nov/2012:15:11:26 +0100] "GET /news.php?cs_go=archiv&cs_id=2908&cs_search= HTTP/1.1" 200 9785 "-" "Mozilla/5.0 (compatible; SearchmetricsBot; http://www.searchmetrics.com/en/searchmetrics-bot/)"
188.40.55.74 - - [03/Nov/2012:15:11:27 +0100] "GET /edl.php HTTP/1.1" 200 10714 "-" "Mozilla/5.0 (compatible; SearchmetricsBot; http://www.searchmetrics.com/en/searchmetrics-bot/)"
188.40.55.74 - - [03/Nov/2012:15:11:27 +0100] "GET /kwk.php?cs_go=1 HTTP/1.1" 200 10797 "-" "Mozilla/5.0 (compatible; SearchmetricsBot; http://www.searchmetrics.com/en/searchmetrics-bot/)"
188.40.55.74 - - [03/Nov/2012:15:11:28 +0100] "GET /news.php?cs_go=archiv&cs_id=2907&cs_search= HTTP/1.1" 200 9927 "-" "Mozilla/5.0 (compatible; SearchmetricsBot; http://www.searchmetrics.com/en/searchmetrics-bot/)"
188.40.55.74 - - [03/Nov/2012:15:11:28 +0100] "GET /kwk.php?cs_go=4 HTTP/1.1" 200 10168 "-" "Mozilla/5.0 (compatible; SearchmetricsBot; http://www.searchmetrics.com/en/searchmetrics-bot/)"
188.40.55.74 - - [03/Nov/2012:15:11:28 +0100] "GET /news.php?cs_go=archiv&cs_id=2911&cs_search= HTTP/1.1" 200 13758 "-" "Mozilla/5.0 (compatible; SearchmetricsBot; http://www.searchmetrics.com/en/searchmetrics-bot/)"
188.40.55.74 - - [03/Nov/2012:15:11:37 +0100] "GET /diesel.php HTTP/1.1" 200 10552 "-" "Mozilla/5.0 (compatible; SearchmetricsBot; http://www.searchmetrics.com/en/searchmetrics-bot/)"
188.40.55.74 - - [03/Nov/2012:15:11:38 +0100] "GET /news.php?cs_go=archiv&cs_id=2887&cs_search= HTTP/1.1" 200 13413 "-" "Mozilla/5.0 (compatible; SearchmetricsBot; http://www.searchmetrics.com/en/searchmetrics-bot/)"
188.40.55.74 - - [03/Nov/2012:15:11:38 +0100] "GET /news.php?cs_go=archiv&cs_id=2846&cs_search= HTTP/1.1" 200 10746 "-" "Mozilla/5.0 (compatible; SearchmetricsBot; http://www.searchmetrics.com/en/searchmetrics-bot/)"
188.40.55.74 - - [03/Nov/2012:15:11:38 +0100] "GET /news.php?cs_go=archiv&cs_id=2883&cs_search= HTTP/1.1" 200 13369 "-" "Mozilla/5.0 (compatible; SearchmetricsBot; http://www.searchmetrics.com/en/searchmetrics-bot/)"
188.40.55.74 - - [03/Nov/2012:15:11:39 +0100] "GET /news.php?cs_go=archiv&cs_id=1629&cs_search= HTTP/1.1" 200 7800 "-" "Mozilla/5.0 (compatible; SearchmetricsBot; http://www.searchmetrics.com/en/searchmetrics-bot/)"
188.40.55.74 - - [03/Nov/2012:15:11:39 +0100] "GET /news.php?cs_go=archiv&cs_id=2869&cs_search= HTTP/1.1" 200 13294 "-" "Mozilla/5.0 (compatible; SearchmetricsBot; http://www.searchmetrics.com/en/searchmetrics-bot/)"
188.40.55.74 - - [03/Nov/2012:15:11:39 +0100] "GET /news.php?cs_go=archiv&cs_id=2861&cs_search= HTTP/1.1" 200 13842 "-" "Mozilla/5.0 (compatible; SearchmetricsBot; http://www.searchmetrics.com/en/searchmetrics-bot/)"
188.40.55.74 - - [03/Nov/2012:15:11:40 +0100] "GET /news.php?cs_go=archiv&cs_id=2865&cs_search= HTTP/1.1" 200 13544 "-" "Mozilla/5.0 (compatible; SearchmetricsBot; http://www.searchmetrics.com/en/searchmetrics-bot/)"
188.40.55.74 - - [03/Nov/2012:15:11:40 +0100] "GET /lexikon.php?cs_go=2&cs_char=n HTTP/1.1" 200 8491 "-" "Mozilla/5.0 (compatible; SearchmetricsBot; http://www.searchmetrics.com/en/searchmetrics-bot/)"
188.40.55.74 - - [03/Nov/2012:15:11:40 +0100] "GET /news.php?cs_go=archiv&cs_id=2873&cs_search= HTTP/1.1" 200 15453 "-" "Mozilla/5.0 (compatible; SearchmetricsBot; http://www.searchmetrics.com/en/searchmetrics-bot/)"
188.40.55.74 - - [03/Nov/2012:15:11:40 +0100] "GET /news.php?cs_go=archiv&cs_id=2877&cs_search= HTTP/1.1" 200 14401 "-" "Mozilla/5.0 (compatible; SearchmetricsBot; http://www.searchmetrics.com/en/searchmetrics-bot/)"
188.40.55.74 - - [03/Nov/2012:15:11:41 +0100] "GET /ansprechpartner.php HTTP/1.1" 404 - "-" "Mozilla/5.0 (compatible; SearchmetricsBot; http://www.searchmetrics.com/en/searchmetrics-bot/)"
188.40.55.74 - - [03/Nov/2012:15:11:41 +0100] "GET /modernisierung.php?cs_gp_go=coupon HTTP/1.1" 200 10105 "-" "Mozilla/5.0 (compatible; SearchmetricsBot; http://www.searchmetrics.com/en/searchmetrics-bot/)"
188.40.55.74 - - [03/Nov/2012:15:11:41 +0100] "GET /lexikon.php?cs_go=2&cs_char=j HTTP/1.1" 200 8495 "-" "Mozilla/5.0 (compatible; SearchmetricsBot; http://www.searchmetrics.com/en/searchmetrics-bot/)"
188.40.55.74 - - [03/Nov/2012:15:11:41 +0100] "GET /lexikon.php?cs_go=2&cs_char=b HTTP/1.1" 200 9643 "-" "Mozilla/5.0 (compatible; SearchmetricsBot; http://www.searchmetrics.com/en/searchmetrics-bot/)"
188.40.55.74 - - [03/Nov/2012:15:11:42 +0100] "GET /lexikon.php?cs_go=2&cs_char=f HTTP/1.1" 200 9508 "-" "Mozilla/5.0 (compatible; SearchmetricsBot; http://www.searchmetrics.com/en/searchmetrics-bot/)"
188.40.55.74 - - [03/Nov/2012:15:11:42 +0100] "GET /news.php?cs_go=archiv&cs_id=2854&cs_search= HTTP/1.1" 200 14381 "-" "Mozilla/5.0 (compatible; SearchmetricsBot; http://www.searchmetrics.com/en/searchmetrics-bot/)"
188.40.55.74 - - [03/Nov/2012:15:11:43 +0100] "GET /news.php?cs_go=archiv&cs_id=2895&cs_search= HTTP/1.1" 200 13546 "-" "Mozilla/5.0 (compatible; SearchmetricsBot; http://www.searchmetrics.com/en/searchmetrics-bot/)"
188.40.55.74 - - [03/Nov/2012:15:11:43 +0100] "GET /news.php?cs_go=archiv&cs_id=2891&cs_search= HTTP/1.1" 200 14066 "-" "Mozilla/5.0 (compatible; SearchmetricsBot; http://www.searchmetrics.com/en/searchmetrics-bot/)"
188.40.55.74 - - [03/Nov/2012:15:11:44 +0100] "GET /lexikon.php?cs_go=2&cs_char=v HTTP/1.1" 200 9030 "-" "Mozilla/5.0 (compatible; SearchmetricsBot; http://www.searchmetrics.com/en/searchmetrics-bot/)"
188.40.55.74 - - [03/Nov/2012:15:11:44 +0100] "GET /lexikon.php?cs_go=2&cs_char=r HTTP/1.1" 200 9645 "-" "Mozilla/5.0 (compatible; SearchmetricsBot; http://www.searchmetrics.com/en/searchmetrics-bot/)"
188.40.55.74 - - [03/Nov/2012:15:11:44 +0100] "GET /news.php?cs_go=archiv&cs_id=2858&cs_search= HTTP/1.1" 200 14102 "-" "Mozilla/5.0 (compatible; SearchmetricsBot; http://www.searchmetrics.com/en/searchmetrics-bot/)"
188.40.55.74 - - [03/Nov/2012:15:11:45 +0100] "GET /lexikon.php?cs_go=2&cs_char=z HTTP/1.1" 200 8174 "-" "Mozilla/5.0 (compatible; SearchmetricsBot; http://www.searchmetrics.com/en/searchmetrics-bot/)"
188.40.55.74 - - [03/Nov/2012:15:11:45 +0100] "GET /news.php?cs_go=archiv&cs_startpos=70 HTTP/1.1" 200 22704 "-" "Mozilla/5.0 (compatible; SearchmetricsBot; http://www.searchmetrics.com/en/searchmetrics-bot/)"
188.40.55.74 - - [03/Nov/2012:15:11:45 +0100] "GET /news.php?cs_go=archiv&cs_startpos=1180 HTTP/1.1" 200 8039 "-" "Mozilla/5.0 (compatible; SearchmetricsBot; http://www.searchmetrics.com/en/searchmetrics-bot/)"
188.40.55.74 - - [03/Nov/2012:15:11:46 +0100] "GET /lexikon.php?cs_go=2&cs_char=s HTTP/1.1" 200 9981 "-" "Mozilla/5.0 (compatible; SearchmetricsBot; http://www.searchmetrics.com/en/searchmetrics-bot/)"
188.40.55.74 - - [03/Nov/2012:15:11:46 +0100] "GET /lexikon.php?cs_go=2&cs_char=w HTTP/1.1" 200 8500 "-" "Mozilla/5.0 (compatible; SearchmetricsBot; http://www.searchmetrics.com/en/searchmetrics-bot/)"
