173.199.115.99 - - [03/Nov/2012:16:32:53 +0100] "GET /lexikon.php?cs_go=2&cs_char=w HTTP/1.1" 200 8587 "-" "Mozilla/5.0 (compatible; AhrefsBot/4.0; +http://ahrefs.com/robot/)"
89.246.67.178 - - [03/Nov/2012:16:36:05 +0100] "GET / HTTP/1.1" 200 15368 "http://adresse.gelbeseiten.de/1054525687/esso-berlin-mineraloele/berlin/mariendorf" "Mozilla/5.0 (Windows NT 6.1; rv:16.0) Gecko/20100101 Firefox/16.0"
89.246.67.178 - - [03/Nov/2012:16:36:06 +0100] "GET /style.css HTTP/1.1" 200 8418 "http://www.mink-gmbh.de/" "Mozilla/5.0 (Windows NT 6.1; rv:16.0) Gecko/20100101 Firefox/16.0"
89.246.67.178 - - [03/Nov/2012:16:36:07 +0100] "GET /modul.css HTTP/1.1" 200 35038 "http://www.mink-gmbh.de/" "Mozilla/5.0 (Windows NT 6.1; rv:16.0) Gecko/20100101 Firefox/16.0"
89.246.67.178 - - [03/Nov/2012:16:36:07 +0100] "GET /js_contentserver24_greybox/gb_styles.css HTTP/1.1" 200 2302 "http://www.mink-gmbh.de/" "Mozilla/5.0 (Windows NT 6.1; rv:16.0) Gecko/20100101 Firefox/16.0"
89.246.67.178 - - [03/Nov/2012:16:36:07 +0100] "GET /js_contentserver24_greybox/AJS_fx.js HTTP/1.1" 200 3192 "http://www.mink-gmbh.de/" "Mozilla/5.0 (Windows NT 6.1; rv:16.0) Gecko/20100101 Firefox/16.0"
89.246.67.178 - - [03/Nov/2012:16:36:07 +0100] "GET /js_contentserver24_greybox/AJS.js HTTP/1.1" 200 10396 "http://www.mink-gmbh.de/" "Mozilla/5.0 (Windows NT 6.1; rv:16.0) Gecko/20100101 Firefox/16.0"
89.246.67.178 - - [03/Nov/2012:16:36:07 +0100] "GET /js_contentserver24_greybox/gb_scripts.js HTTP/1.1" 200 11913 "http://www.mink-gmbh.de/" "Mozilla/5.0 (Windows NT 6.1; rv:16.0) Gecko/20100101 Firefox/16.0"
89.246.67.178 - - [03/Nov/2012:16:36:07 +0100] "GET /images/mail.jpg HTTP/1.1" 200 11165 "http://www.mink-gmbh.de/" "Mozilla/5.0 (Windows NT 6.1; rv:16.0) Gecko/20100101 Firefox/16.0"
89.246.67.178 - - [03/Nov/2012:16:36:07 +0100] "GET /images/kwk.gif HTTP/1.1" 200 6403 "http://www.mink-gmbh.de/" "Mozilla/5.0 (Windows NT 6.1; rv:16.0) Gecko/20100101 Firefox/16.0"
89.246.67.178 - - [03/Nov/2012:16:36:07 +0100] "GET /images/wunschpreis.jpg HTTP/1.1" 200 16767 "http://www.mink-gmbh.de/" "Mozilla/5.0 (Windows NT 6.1; rv:16.0) Gecko/20100101 Firefox/16.0"
89.246.67.178 - - [03/Nov/2012:16:36:07 +0100] "GET /images/logos.jpg HTTP/1.1" 200 15002 "http://www.mink-gmbh.de/" "Mozilla/5.0 (Windows NT 6.1; rv:16.0) Gecko/20100101 Firefox/16.0"
89.246.67.178 - - [03/Nov/2012:16:36:07 +0100] "GET /favicon.ico HTTP/1.1" 200 3638 "-" "Mozilla/5.0 (Windows NT 6.1; rv:16.0) Gecko/20100101 Firefox/16.0"
89.246.67.178 - - [03/Nov/2012:16:36:07 +0100] "GET /images/tkw.jpg HTTP/1.1" 200 64031 "http://www.mink-gmbh.de/" "Mozilla/5.0 (Windows NT 6.1; rv:16.0) Gecko/20100101 Firefox/16.0"
89.246.67.178 - - [03/Nov/2012:16:36:07 +0100] "GET /images/freecall.jpg HTTP/1.1" 200 39195 "http://www.mink-gmbh.de/" "Mozilla/5.0 (Windows NT 6.1; rv:16.0) Gecko/20100101 Firefox/16.0"
89.246.67.178 - - [03/Nov/2012:16:36:08 +0100] "GET /images/bg.jpg HTTP/1.1" 200 345 "http://www.mink-gmbh.de/style.css" "Mozilla/5.0 (Windows NT 6.1; rv:16.0) Gecko/20100101 Firefox/16.0"
89.246.67.178 - - [03/Nov/2012:16:36:08 +0100] "GET /js_contentserver24_greybox/w_close.gif HTTP/1.1" 200 74 "http://www.mink-gmbh.de/" "Mozilla/5.0 (Windows NT 6.1; rv:16.0) Gecko/20100101 Firefox/16.0"
89.246.67.178 - - [03/Nov/2012:16:36:08 +0100] "GET /images/newsletter.png HTTP/1.1" 200 14619 "http://www.mink-gmbh.de/style.css" "Mozilla/5.0 (Windows NT 6.1; rv:16.0) Gecko/20100101 Firefox/16.0"
89.246.67.178 - - [03/Nov/2012:16:36:08 +0100] "GET /images/navibg.png HTTP/1.1" 200 2803 "http://www.mink-gmbh.de/style.css" "Mozilla/5.0 (Windows NT 6.1; rv:16.0) Gecko/20100101 Firefox/16.0"
89.246.67.178 - - [03/Nov/2012:16:36:08 +0100] "GET /images/newsletter_bg.jpg HTTP/1.1" 200 33610 "http://www.mink-gmbh.de/" "Mozilla/5.0 (Windows NT 6.1; rv:16.0) Gecko/20100101 Firefox/16.0"
89.246.67.178 - - [03/Nov/2012:16:36:08 +0100] "GET /images/wrapperbg.jpg HTTP/1.1" 200 27465 "http://www.mink-gmbh.de/style.css" "Mozilla/5.0 (Windows NT 6.1; rv:16.0) Gecko/20100101 Firefox/16.0"
89.246.67.178 - - [03/Nov/2012:16:36:08 +0100] "GET /images/close.png HTTP/1.1" 200 703 "http://www.mink-gmbh.de/" "Mozilla/5.0 (Windows NT 6.1; rv:16.0) Gecko/20100101 Firefox/16.0"
89.246.67.178 - - [03/Nov/2012:16:36:08 +0100] "GET /images/header.jpg HTTP/1.1" 200 24413 "http://www.mink-gmbh.de/style.css" "Mozilla/5.0 (Windows NT 6.1; rv:16.0) Gecko/20100101 Firefox/16.0"
89.246.67.178 - - [03/Nov/2012:16:36:08 +0100] "GET /images/steigend.png HTTP/1.1" 200 688 "http://www.mink-gmbh.de/modul.css" "Mozilla/5.0 (Windows NT 6.1; rv:16.0) Gecko/20100101 Firefox/16.0"
89.246.67.178 - - [03/Nov/2012:16:36:08 +0100] "GET /images/fallend.png HTTP/1.1" 200 713 "http://www.mink-gmbh.de/modul.css" "Mozilla/5.0 (Windows NT 6.1; rv:16.0) Gecko/20100101 Firefox/16.0"
89.246.67.178 - - [03/Nov/2012:16:36:08 +0100] "GET /images/mobil.jpg HTTP/1.1" 200 25293 "http://www.mink-gmbh.de/style.css" "Mozilla/5.0 (Windows NT 6.1; rv:16.0) Gecko/20100101 Firefox/16.0"
89.246.67.178 - - [03/Nov/2012:16:36:08 +0100] "GET /images/newsletter.jpg HTTP/1.1" 200 13130 "http://www.mink-gmbh.de/style.css" "Mozilla/5.0 (Windows NT 6.1; rv:16.0) Gecko/20100101 Firefox/16.0"
89.246.67.178 - - [03/Nov/2012:16:36:08 +0100] "GET /images/footerbg.jpg HTTP/1.1" 200 2184 "http://www.mink-gmbh.de/style.css" "Mozilla/5.0 (Windows NT 6.1; rv:16.0) Gecko/20100101 Firefox/16.0"
89.246.67.178 - - [03/Nov/2012:16:36:08 +0100] "GET /js_contentserver24_greybox/loader_frame.html?s=0 HTTP/1.1" 200 2084 "http://www.mink-gmbh.de/" "Mozilla/5.0 (Windows NT 6.1; rv:16.0) Gecko/20100101 Firefox/16.0"
89.246.67.178 - - [03/Nov/2012:16:36:08 +0100] "GET /js_contentserver24_greybox/header_bg.gif HTTP/1.1" 200 1188 "http://www.mink-gmbh.de/" "Mozilla/5.0 (Windows NT 6.1; rv:16.0) Gecko/20100101 Firefox/16.0"
89.246.67.178 - - [03/Nov/2012:16:36:09 +0100] "GET /js_contentserver24_greybox/indicator.gif HTTP/1.1" 200 8238 "http://www.mink-gmbh.de/js_contentserver24_greybox/loader_frame.html?s=0" "Mozilla/5.0 (Windows NT 6.1; rv:16.0) Gecko/20100101 Firefox/16.0"
89.246.67.178 - - [03/Nov/2012:16:36:09 +0100] "GET /js_contentserver24_greybox/g_close.gif HTTP/1.1" 200 541 "http://www.mink-gmbh.de/" "Mozilla/5.0 (Windows NT 6.1; rv:16.0) Gecko/20100101 Firefox/16.0"
89.246.67.178 - - [03/Nov/2012:16:36:16 +0100] "GET /standard.php HTTP/1.1" 200 9131 "http://www.mink-gmbh.de/" "Mozilla/5.0 (Windows NT 6.1; rv:16.0) Gecko/20100101 Firefox/16.0"
89.246.67.178 - - [03/Nov/2012:16:36:20 +0100] "GET /optiplus.php HTTP/1.1" 200 11013 "http://www.mink-gmbh.de/standard.php" "Mozilla/5.0 (Windows NT 6.1; rv:16.0) Gecko/20100101 Firefox/16.0"
89.246.67.178 - - [03/Nov/2012:16:36:20 +0100] "GET /images/Optiseite.jpg HTTP/1.1" 200 32107 "http://www.mink-gmbh.de/optiplus.php" "Mozilla/5.0 (Windows NT 6.1; rv:16.0) Gecko/20100101 Firefox/16.0"
89.246.67.178 - - [03/Nov/2012:16:36:20 +0100] "GET /images/optiplus.jpg HTTP/1.1" 200 37436 "http://www.mink-gmbh.de/optiplus.php" "Mozilla/5.0 (Windows NT 6.1; rv:16.0) Gecko/20100101 Firefox/16.0"
89.246.67.178 - - [03/Nov/2012:16:36:23 +0100] "GET /preisanfrage.php HTTP/1.1" 200 10647 "http://www.mink-gmbh.de/optiplus.php" "Mozilla/5.0 (Windows NT 6.1; rv:16.0) Gecko/20100101 Firefox/16.0"
89.246.67.178 - - [03/Nov/2012:16:36:25 +0100] "GET /news.php HTTP/1.1" 200 21962 "http://www.mink-gmbh.de/preisanfrage.php" "Mozilla/5.0 (Windows NT 6.1; rv:16.0) Gecko/20100101 Firefox/16.0"
89.246.67.178 - - [03/Nov/2012:16:36:28 +0100] "GET /jobs.php HTTP/1.1" 200 9979 "http://www.mink-gmbh.de/news.php" "Mozilla/5.0 (Windows NT 6.1; rv:16.0) Gecko/20100101 Firefox/16.0"
84.19.190.126 - - [03/Nov/2012:16:41:47 +0100] "GET /news.php?cs_go=archiv&cs_id=3599&cs_search= HTTP/1.1" 200 11651 "-" "Mozilla/5.0 (compatible; UnisterBot; crawler@unister.de)"
173.199.116.203 - - [03/Nov/2012:16:42:16 +0100] "GET /news.php?cs_go=archiv&cs_id=3555&cs_search= HTTP/1.1" 200 9934 "-" "Mozilla/5.0 (compatible; AhrefsBot/4.0; +http://ahrefs.com/robot/)"
84.19.190.126 - - [03/Nov/2012:16:44:42 +0100] "GET /news.php?cs_go=archiv&cs_id=3615&cs_search= HTTP/1.1" 200 13308 "-" "Mozilla/5.0 (compatible; UnisterBot; crawler@unister.de)"
84.19.190.126 - - [03/Nov/2012:16:46:18 +0100] "GET /news.php?cs_go=archiv&cs_id=3600&cs_search= HTTP/1.1" 200 13422 "-" "Mozilla/5.0 (compatible; UnisterBot; crawler@unister.de)"
84.19.190.126 - - [03/Nov/2012:16:47:46 +0100] "GET /modernisierung.php?cs_gp_go=plus HTTP/1.1" 200 11578 "-" "Mozilla/5.0 (compatible; UnisterBot; crawler@unister.de)"
84.19.190.126 - - [03/Nov/2012:16:49:28 +0100] "GET /news.php?cs_go=archiv&cs_id=3551&cs_search= HTTP/1.1" 200 9802 "-" "Mozilla/5.0 (compatible; UnisterBot; crawler@unister.de)"
84.19.190.126 - - [03/Nov/2012:16:50:55 +0100] "GET /news.php?cs_go=archiv&cs_id=3566&cs_search= HTTP/1.1" 200 9933 "-" "Mozilla/5.0 (compatible; UnisterBot; crawler@unister.de)"
173.199.120.107 - - [03/Nov/2012:16:51:38 +0100] "GET /lexikon.php?cs_go=2&cs_char=k HTTP/1.1" 200 9879 "-" "Mozilla/5.0 (compatible; AhrefsBot/4.0; +http://ahrefs.com/robot/)"
84.19.190.126 - - [03/Nov/2012:16:52:25 +0100] "GET /news.php?cs_go=archiv HTTP/1.1" 200 22049 "-" "Mozilla/5.0 (compatible; UnisterBot; crawler@unister.de)"
84.19.190.126 - - [03/Nov/2012:16:53:51 +0100] "GET /news.php?cs_go=archiv&cs_id=3565&cs_search= HTTP/1.1" 200 13507 "-" "Mozilla/5.0 (compatible; UnisterBot; crawler@unister.de)"
84.19.190.126 - - [03/Nov/2012:16:55:15 +0100] "GET /news.php?cs_go=archiv&cs_id=3543&cs_search= HTTP/1.1" 200 11415 "-" "Mozilla/5.0 (compatible; UnisterBot; crawler@unister.de)"
84.19.190.126 - - [03/Nov/2012:16:56:40 +0100] "GET /preisanfrage.php HTTP/1.1" 200 10734 "-" "Mozilla/5.0 (compatible; UnisterBot; crawler@unister.de)"
84.19.190.126 - - [03/Nov/2012:16:58:06 +0100] "GET /news.php?cs_go=archiv&cs_id=3598&cs_search= HTTP/1.1" 200 10854 "-" "Mozilla/5.0 (compatible; UnisterBot; crawler@unister.de)"
84.19.190.126 - - [03/Nov/2012:16:59:19 +0100] "GET /news.php?cs_go=archiv&cs_id=3624&cs_search= HTTP/1.1" 200 10078 "-" "Mozilla/5.0 (compatible; UnisterBot; crawler@unister.de)"
84.19.190.126 - - [03/Nov/2012:17:00:45 +0100] "GET /news.php?cs_go=archiv&cs_id=3577&cs_search= HTTP/1.1" 200 9891 "-" "Mozilla/5.0 (compatible; UnisterBot; crawler@unister.de)"
173.199.114.99 - - [03/Nov/2012:17:01:01 +0100] "GET /news.php?cs_go=archiv&cs_id=3558&cs_search= HTTP/1.1" 200 11730 "-" "Mozilla/5.0 (compatible; AhrefsBot/4.0; +http://ahrefs.com/robot/)"
84.19.190.126 - - [03/Nov/2012:17:02:14 +0100] "GET /news.php?cs_go=archiv&cs_id=3574&cs_search= HTTP/1.1" 200 11095 "-" "Mozilla/5.0 (compatible; UnisterBot; crawler@unister.de)"
84.19.190.126 - - [03/Nov/2012:17:03:30 +0100] "GET /modernisierung.php?cs_gp_go=description HTTP/1.1" 200 10771 "-" "Mozilla/5.0 (compatible; UnisterBot; crawler@unister.de)"
84.19.190.126 - - [03/Nov/2012:17:04:56 +0100] "GET /news.php?cs_go=archiv&cs_id=3623&cs_search= HTTP/1.1" 200 13477 "-" "Mozilla/5.0 (compatible; UnisterBot; crawler@unister.de)"
84.19.190.126 - - [03/Nov/2012:17:06:01 +0100] "GET /news.php?cs_go=archiv&cs_id=3558&cs_search= HTTP/1.1" 200 11730 "-" "Mozilla/5.0 (compatible; UnisterBot; crawler@unister.de)"
87.118.116.25 - - [03/Nov/2012:17:07:02 +0100] "GET /news.php?cs_go=archiv&cs_id=3635&cs_search= HTTP/1.1" 200 13377 "-" "Mozilla/5.0 (compatible; UnisterBot; crawler@unister.de)"
84.19.190.126 - - [03/Nov/2012:17:07:44 +0100] "GET /news.php?cs_go=archiv&cs_startpos=60 HTTP/1.1" 200 22617 "-" "Mozilla/5.0 (compatible; UnisterBot; crawler@unister.de)"
87.118.116.25 - - [03/Nov/2012:17:08:40 +0100] "GET /modernisierung.php?cs_gp_go=coupon HTTP/1.1" 200 10192 "-" "Mozilla/5.0 (compatible; UnisterBot; crawler@unister.de)"
84.19.190.126 - - [03/Nov/2012:17:09:26 +0100] "GET /news.php?cs_go=archiv&cs_id=3561&cs_search= HTTP/1.1" 200 9991 "-" "Mozilla/5.0 (compatible; UnisterBot; crawler@unister.de)"
84.19.190.126 - - [03/Nov/2012:17:10:13 +0100] "GET /news.php?cs_go=archiv&cs_id=3531&cs_search= HTTP/1.1" 200 10352 "-" "Mozilla/5.0 (compatible; UnisterBot; crawler@unister.de)"
173.199.114.3 - - [03/Nov/2012:17:10:24 +0100] "GET /lexikon.php?cs_go=2&cs_char=x HTTP/1.1" 200 8582 "-" "Mozilla/5.0 (compatible; AhrefsBot/4.0; +http://ahrefs.com/robot/)"
87.118.116.25 - - [03/Nov/2012:17:11:04 +0100] "GET /news.php?cs_go=archiv&cs_id=3625&cs_search= HTTP/1.1" 200 14107 "-" "Mozilla/5.0 (compatible; UnisterBot; crawler@unister.de)"
87.118.116.25 - - [03/Nov/2012:17:11:54 +0100] "GET /kontakt.php HTTP/1.1" 200 9198 "-" "Mozilla/5.0 (compatible; UnisterBot; crawler@unister.de)"
87.118.116.25 - - [03/Nov/2012:17:12:39 +0100] "GET /news.php?cs_go=archiv&cs_id=3517&cs_search= HTTP/1.1" 200 12249 "-" "Mozilla/5.0 (compatible; UnisterBot; crawler@unister.de)"
84.19.190.126 - - [03/Nov/2012:17:13:17 +0100] "GET /news.php?cs_go=archiv&cs_id=3580&cs_search= HTTP/1.1" 200 13518 "-" "Mozilla/5.0 (compatible; UnisterBot; crawler@unister.de)"
87.118.116.25 - - [03/Nov/2012:17:14:05 +0100] "GET /news.php?cs_go=archiv&cs_id=3550&cs_search= HTTP/1.1" 200 13313 "-" "Mozilla/5.0 (compatible; UnisterBot; crawler@unister.de)"
173.199.119.139 - - [03/Nov/2012:17:19:46 +0100] "GET /news.php?cs_go=archiv&cs_id=3560&cs_search= HTTP/1.1" 200 12322 "-" "Mozilla/5.0 (compatible; AhrefsBot/4.0; +http://ahrefs.com/robot/)"
178.77.126.55 - - [03/Nov/2012:17:23:09 +0100] "GET /robots.txt HTTP/1.1" 200 177 "-" "Mozilla/5.0 (compatible; CareerBot/1.1; +http://www.career-x.de/bot.html)"
178.77.126.55 - - [03/Nov/2012:17:23:09 +0100] "GET / HTTP/1.1" 200 15368 "-" "Mozilla/5.0 (compatible; CareerBot/1.1; +http://www.career-x.de/bot.html)"
178.77.126.55 - - [03/Nov/2012:17:23:10 +0100] "GET /news.php?cs_go=archiv&cs_id=3622 HTTP/1.1" 200 11640 "-" "Mozilla/5.0 (compatible; CareerBot/1.1; +http://www.career-x.de/bot.html)"
173.199.116.251 - - [03/Nov/2012:17:29:09 +0100] "GET /lexikon.php?cs_go=2&cs_char=e HTTP/1.1" 200 9079 "-" "Mozilla/5.0 (compatible; AhrefsBot/4.0; +http://ahrefs.com/robot/)"
84.19.190.126 - - [03/Nov/2012:17:33:15 +0100] "GET /news.php?cs_go=archiv&cs_id=3544&cs_search= HTTP/1.1" 200 9874 "-" "Mozilla/5.0 (compatible; UnisterBot; crawler@unister.de)"
87.118.116.25 - - [03/Nov/2012:17:34:36 +0100] "GET /news.php?cs_go=archiv&cs_id=3582&cs_search= HTTP/1.1" 200 9775 "-" "Mozilla/5.0 (compatible; UnisterBot; crawler@unister.de)"
87.118.116.25 - - [03/Nov/2012:17:35:25 +0100] "GET /news.php?cs_go=archiv&cs_id=3532&cs_search= HTTP/1.1" 200 11710 "-" "Mozilla/5.0 (compatible; UnisterBot; crawler@unister.de)"
87.118.116.25 - - [03/Nov/2012:17:36:06 +0100] "GET /news.php?cs_go=archiv&cs_id=3516&cs_search= HTTP/1.1" 200 12364 "-" "Mozilla/5.0 (compatible; UnisterBot; crawler@unister.de)"
84.19.190.126 - - [03/Nov/2012:17:36:50 +0100] "GET /news.php?cs_go=archiv&cs_id=3570&cs_search= HTTP/1.1" 200 13486 "-" "Mozilla/5.0 (compatible; UnisterBot; crawler@unister.de)"
87.118.116.25 - - [03/Nov/2012:17:37:27 +0100] "GET /kwk.php HTTP/1.1" 200 10884 "-" "Mozilla/5.0 (compatible; UnisterBot; crawler@unister.de)"
84.19.190.126 - - [03/Nov/2012:17:38:12 +0100] "GET /robots.txt HTTP/1.1" 200 177 "-" "Mozilla/5.0 (compatible; UnisterBot; crawler@unister.de)"
84.19.190.126 - - [03/Nov/2012:17:38:12 +0100] "GET /news.php?cs_go=archiv&cs_startpos=700 HTTP/1.1" 200 10055 "-" "Mozilla/5.0 (compatible; UnisterBot; crawler@unister.de)"
173.199.114.75 - - [03/Nov/2012:17:38:31 +0100] "GET /news.php?cs_go=archiv&cs_id=3561&cs_search= HTTP/1.1" 200 9991 "-" "Mozilla/5.0 (compatible; AhrefsBot/4.0; +http://ahrefs.com/robot/)"
87.118.116.25 - - [03/Nov/2012:17:38:49 +0100] "GET /news.php?cs_go=archiv&cs_id=3633&cs_search= HTTP/1.1" 200 13307 "-" "Mozilla/5.0 (compatible; UnisterBot; crawler@unister.de)"
84.19.190.126 - - [03/Nov/2012:17:39:35 +0100] "GET /news.php?cs_go=archiv&cs_id=3514&cs_search= HTTP/1.1" 200 14386 "-" "Mozilla/5.0 (compatible; UnisterBot; crawler@unister.de)"
84.19.190.126 - - [03/Nov/2012:17:40:09 +0100] "GET /news.php?cs_go=archiv&cs_id=3622&cs_search= HTTP/1.1" 200 11727 "-" "Mozilla/5.0 (compatible; UnisterBot; crawler@unister.de)"
84.19.190.126 - - [03/Nov/2012:17:40:56 +0100] "GET /news.php?cs_go=archiv&cs_startpos=0 HTTP/1.1" 200 22049 "-" "Mozilla/5.0 (compatible; UnisterBot; crawler@unister.de)"
84.19.190.126 - - [03/Nov/2012:17:41:34 +0100] "GET /foerdermittel.php HTTP/1.1" 200 12908 "-" "Mozilla/5.0 (compatible; UnisterBot; crawler@unister.de)"
84.19.190.126 - - [03/Nov/2012:17:42:10 +0100] "GET /news.php?cs_go=archiv&cs_id=3616&cs_search= HTTP/1.1" 200 9862 "-" "Mozilla/5.0 (compatible; UnisterBot; crawler@unister.de)"
87.118.116.25 - - [03/Nov/2012:17:42:53 +0100] "GET /news.php?cs_go=archiv&cs_startpos=30 HTTP/1.1" 200 22648 "-" "Mozilla/5.0 (compatible; UnisterBot; crawler@unister.de)"
84.19.190.126 - - [03/Nov/2012:17:43:33 +0100] "GET /news.php?cs_go=archiv&cs_startpos=20 HTTP/1.1" 200 22476 "-" "Mozilla/5.0 (compatible; UnisterBot; crawler@unister.de)"
84.19.190.126 - - [03/Nov/2012:17:44:10 +0100] "GET /news.php?cs_go=archiv&cs_startpos=80 HTTP/1.1" 200 22929 "-" "Mozilla/5.0 (compatible; UnisterBot; crawler@unister.de)"
84.19.190.126 - - [03/Nov/2012:17:44:48 +0100] "GET /news.php?cs_go=archiv&cs_startpos=90 HTTP/1.1" 200 22748 "-" "Mozilla/5.0 (compatible; UnisterBot; crawler@unister.de)"
84.19.190.126 - - [03/Nov/2012:17:45:26 +0100] "GET /news.php?cs_go=archiv&cs_id=3585&cs_search= HTTP/1.1" 200 13562 "-" "Mozilla/5.0 (compatible; UnisterBot; crawler@unister.de)"
84.19.190.126 - - [03/Nov/2012:17:46:03 +0100] "GET /news.php?cs_go=archiv&cs_id=3515&cs_search= HTTP/1.1" 200 13749 "-" "Mozilla/5.0 (compatible; UnisterBot; crawler@unister.de)"
84.19.190.126 - - [03/Nov/2012:17:46:38 +0100] "GET /news.php?cs_go=archiv&cs_id=3512&cs_search= HTTP/1.1" 200 12506 "-" "Mozilla/5.0 (compatible; UnisterBot; crawler@unister.de)"
87.118.116.25 - - [03/Nov/2012:17:47:19 +0100] "GET /news.php?cs_go=archiv&cs_id=3540&cs_search= HTTP/1.1" 200 9904 "-" "Mozilla/5.0 (compatible; UnisterBot; crawler@unister.de)"
173.199.115.171 - - [03/Nov/2012:17:47:54 +0100] "GET /lexikon.php?cs_go=2&cs_char=y HTTP/1.1" 200 8582 "-" "Mozilla/5.0 (compatible; AhrefsBot/4.0; +http://ahrefs.com/robot/)"
87.118.116.25 - - [03/Nov/2012:17:48:00 +0100] "GET /lexikon.php HTTP/1.1" 200 10523 "-" "Mozilla/5.0 (compatible; UnisterBot; crawler@unister.de)"
84.19.190.126 - - [03/Nov/2012:17:48:38 +0100] "GET /news.php?cs_go=archiv&cs_id=3576&cs_search= HTTP/1.1" 200 13343 "-" "Mozilla/5.0 (compatible; UnisterBot; crawler@unister.de)"
84.19.190.126 - - [03/Nov/2012:17:49:15 +0100] "GET /news.php?cs_go=archiv&cs_id=3596&cs_search= HTTP/1.1" 200 11257 "-" "Mozilla/5.0 (compatible; UnisterBot; crawler@unister.de)"
84.19.190.126 - - [03/Nov/2012:17:49:53 +0100] "GET /impressum.php HTTP/1.1" 200 8582 "-" "Mozilla/5.0 (compatible; UnisterBot; crawler@unister.de)"
87.118.116.25 - - [03/Nov/2012:17:50:35 +0100] "GET /news.php?cs_go=archiv&cs_id=3597&cs_search= HTTP/1.1" 200 10712 "-" "Mozilla/5.0 (compatible; UnisterBot; crawler@unister.de)"
87.118.116.25 - - [03/Nov/2012:17:51:14 +0100] "GET /news.php?cs_go=archiv&cs_id=3571&cs_search= HTTP/1.1" 200 9877 "-" "Mozilla/5.0 (compatible; UnisterBot; crawler@unister.de)"
173.199.114.99 - - [03/Nov/2012:17:57:16 +0100] "GET /news.php?cs_go=archiv&cs_id=3565&cs_search= HTTP/1.1" 200 13507 "-" "Mozilla/5.0 (compatible; AhrefsBot/4.0; +http://ahrefs.com/robot/)"
173.199.114.3 - - [03/Nov/2012:18:06:39 +0100] "GET /lexikon.php?cs_go=2&cs_char=l HTTP/1.1" 200 8773 "-" "Mozilla/5.0 (compatible; AhrefsBot/4.0; +http://ahrefs.com/robot/)"
66.249.71.6 - - [03/Nov/2012:18:09:56 +0100] "GET /news.php?cs_go=archiv&cs_id=747&cs_search= HTTP/1.1" 200 7887 "-" "Mozilla/5.0 (compatible; Googlebot/2.1; +http://www.google.com/bot.html)"
173.199.120.59 - - [03/Nov/2012:18:16:01 +0100] "GET /news.php?cs_go=archiv&cs_id=3566&cs_search= HTTP/1.1" 200 9933 "-" "Mozilla/5.0 (compatible; AhrefsBot/4.0; +http://ahrefs.com/robot/)"
87.118.116.25 - - [03/Nov/2012:18:19:55 +0100] "GET /energiesparcheck.php HTTP/1.1" 200 13581 "-" "Mozilla/5.0 (compatible; UnisterBot; crawler@unister.de)"
84.19.190.126 - - [03/Nov/2012:18:21:23 +0100] "GET /news.php?cs_go=archiv&cs_id=3628&cs_search= HTTP/1.1" 200 10018 "-" "Mozilla/5.0 (compatible; UnisterBot; crawler@unister.de)"
87.118.116.25 - - [03/Nov/2012:18:22:08 +0100] "GET /news.php?cs_go=archiv&cs_id=3509&cs_search= HTTP/1.1" 200 17019 "-" "Mozilla/5.0 (compatible; UnisterBot; crawler@unister.de)"
84.19.190.126 - - [03/Nov/2012:18:22:57 +0100] "GET /news.php?cs_go=archiv&cs_startpos=110 HTTP/1.1" 200 22858 "-" "Mozilla/5.0 (compatible; UnisterBot; crawler@unister.de)"
84.19.190.126 - - [03/Nov/2012:18:23:38 +0100] "GET /news.php?cs_go=archiv&cs_startpos=70 HTTP/1.1" 200 22791 "-" "Mozilla/5.0 (compatible; UnisterBot; crawler@unister.de)"
87.118.116.25 - - [03/Nov/2012:18:24:20 +0100] "GET /news.php?cs_go=archiv&cs_id=3554&cs_search= HTTP/1.1" 200 13474 "-" "Mozilla/5.0 (compatible; UnisterBot; crawler@unister.de)"
84.19.190.126 - - [03/Nov/2012:18:25:01 +0100] "GET /news.php?cs_go=archiv&cs_id=3547&cs_search= HTTP/1.1" 200 13336 "-" "Mozilla/5.0 (compatible; UnisterBot; crawler@unister.de)"
173.199.120.163 - - [03/Nov/2012:18:25:25 +0100] "GET /lexikon.php?cs_go=2&cs_char=z HTTP/1.1" 200 8261 "-" "Mozilla/5.0 (compatible; AhrefsBot/4.0; +http://ahrefs.com/robot/)"
87.118.116.25 - - [03/Nov/2012:18:25:42 +0100] "GET /news.php?cs_go=archiv&cs_id=3548&cs_search= HTTP/1.1" 200 9873 "-" "Mozilla/5.0 (compatible; UnisterBot; crawler@unister.de)"
173.199.114.195 - - [03/Nov/2012:18:34:47 +0100] "GET /news.php?cs_go=archiv&cs_id=3570&cs_search= HTTP/1.1" 200 13486 "-" "Mozilla/5.0 (compatible; AhrefsBot/4.0; +http://ahrefs.com/robot/)"
66.249.71.6 - - [03/Nov/2012:18:41:03 +0100] "GET /news.php HTTP/1.1" 200 22049 "-" "Mozilla/5.0 (iPhone; U; CPU iPhone OS 4_1 like Mac OS X; en-us) AppleWebKit/532.9 (KHTML, like Gecko) Version/4.0.5 Mobile/8B117 Safari/6531.22.7 (compatible; Googlebot-Mobile/2.1; +http://www.google.com/bot.html)"
173.199.114.99 - - [03/Nov/2012:18:44:10 +0100] "GET /lexikon.php?cs_go=2&cs_char=b HTTP/1.1" 200 9730 "-" "Mozilla/5.0 (compatible; AhrefsBot/4.0; +http://ahrefs.com/robot/)"
173.199.116.235 - - [03/Nov/2012:18:53:33 +0100] "GET /news.php?cs_go=archiv&cs_id=3571&cs_search= HTTP/1.1" 200 9877 "-" "Mozilla/5.0 (compatible; AhrefsBot/4.0; +http://ahrefs.com/robot/)"
65.52.111.81 - - [03/Nov/2012:18:56:59 +0100] "GET /optiplus.php HTTP/1.1" 200 11100 "-" "Mozilla/4.0 (compatible; MSIE 7.0; Windows NT 5.2; SLCC1; .NET CLR 1.1.4325; .NET CLR 2.0.50727; .NET CLR 3.0.04506.648)"
65.52.111.81 - - [03/Nov/2012:18:57:01 +0100] "GET /style.css HTTP/1.1" 200 8418 "http://www.mink-gmbh.de/optiplus.php" "Mozilla/4.0 (compatible; MSIE 7.0; Windows NT 5.2; SLCC1; .NET CLR 1.1.4325; .NET CLR 2.0.50727; .NET CLR 3.0.04506.648)"
65.52.111.81 - - [03/Nov/2012:18:57:01 +0100] "GET /modul.css HTTP/1.1" 200 35038 "http://www.mink-gmbh.de/optiplus.php" "Mozilla/4.0 (compatible; MSIE 7.0; Windows NT 5.2; SLCC1; .NET CLR 1.1.4325; .NET CLR 2.0.50727; .NET CLR 3.0.04506.648)"
173.199.115.59 - - [03/Nov/2012:19:02:55 +0100] "GET /modernisierung.php?cs_gp_go=coupon HTTP/1.1" 200 10192 "-" "Mozilla/5.0 (compatible; AhrefsBot/4.0; +http://ahrefs.com/robot/)"
87.118.116.25 - - [03/Nov/2012:19:04:18 +0100] "GET /news.php?cs_go=archiv&cs_id=3594&cs_search= HTTP/1.1" 200 13584 "-" "Mozilla/5.0 (compatible; UnisterBot; crawler@unister.de)"
87.118.116.25 - - [03/Nov/2012:19:05:45 +0100] "GET /kwk.php?cs_go=2 HTTP/1.1" 200 11855 "-" "Mozilla/5.0 (compatible; UnisterBot; crawler@unister.de)"
84.19.190.126 - - [03/Nov/2012:19:06:30 +0100] "GET /kwk.php?cs_go=4 HTTP/1.1" 200 10255 "-" "Mozilla/5.0 (compatible; UnisterBot; crawler@unister.de)"
213.186.119.136 - - [03/Nov/2012:19:06:33 +0100] "GET /news.php?cs_go=archiv&cs_id=3581 HTTP/1.1" 200 11821 "-" "Mozilla/5.0 (compatible; AhrefsBot/3.1; +http://ahrefs.com/robot/)"
84.19.190.126 - - [03/Nov/2012:19:07:19 +0100] "GET /kwk.php?cs_go=3 HTTP/1.1" 200 10285 "-" "Mozilla/5.0 (compatible; UnisterBot; crawler@unister.de)"
84.19.190.126 - - [03/Nov/2012:19:08:07 +0100] "GET /news.php?cs_go=archiv&cs_id=3485&cs_search= HTTP/1.1" 200 13695 "-" "Mozilla/5.0 (compatible; UnisterBot; crawler@unister.de)"
87.118.116.25 - - [03/Nov/2012:19:08:53 +0100] "GET /news.php?cs_go=archiv&cs_id=3500&cs_search= HTTP/1.1" 200 13320 "-" "Mozilla/5.0 (compatible; UnisterBot; crawler@unister.de)"
84.19.190.126 - - [03/Nov/2012:19:09:31 +0100] "GET /news.php?cs_go=archiv&cs_id=3542&cs_search= HTTP/1.1" 200 13418 "-" "Mozilla/5.0 (compatible; UnisterBot; crawler@unister.de)"
87.118.116.25 - - [03/Nov/2012:19:10:17 +0100] "GET /news.php?cs_go=archiv&cs_id=3590&cs_search= HTTP/1.1" 200 9799 "-" "Mozilla/5.0 (compatible; UnisterBot; crawler@unister.de)"
84.19.190.126 - - [03/Nov/2012:19:10:57 +0100] "GET /news.php?cs_go=archiv&cs_id=3489&cs_search= HTTP/1.1" 200 9885 "-" "Mozilla/5.0 (compatible; UnisterBot; crawler@unister.de)"
87.118.116.25 - - [03/Nov/2012:19:11:39 +0100] "GET /news.php?cs_go=archiv&cs_id=3573&cs_search= HTTP/1.1" 200 10255 "-" "Mozilla/5.0 (compatible; UnisterBot; crawler@unister.de)"
173.199.114.235 - - [03/Nov/2012:19:12:17 +0100] "GET /news.php?cs_go=archiv&cs_id=3574&cs_search= HTTP/1.1" 200 11095 "-" "Mozilla/5.0 (compatible; AhrefsBot/4.0; +http://ahrefs.com/robot/)"
87.118.116.25 - - [03/Nov/2012:19:12:19 +0100] "GET /news.php?cs_go=archiv&cs_id=3498&cs_search= HTTP/1.1" 200 15863 "-" "Mozilla/5.0 (compatible; UnisterBot; crawler@unister.de)"
82.94.176.164 - - [03/Nov/2012:19:13:01 +0100] "GET /jobs.php HTTP/1.1" 200 10066 "-" "Mozilla/4.0 (compatible; MSIE 5.5; Windows NT)"
84.19.190.126 - - [03/Nov/2012:19:13:03 +0100] "GET /news.php?cs_go=archiv&cs_id=3505&cs_search= HTTP/1.1" 200 11897 "-" "Mozilla/5.0 (compatible; UnisterBot; crawler@unister.de)"
87.118.116.25 - - [03/Nov/2012:19:13:41 +0100] "GET /news.php?cs_go=archiv&cs_id=3555&cs_search= HTTP/1.1" 200 9934 "-" "Mozilla/5.0 (compatible; UnisterBot; crawler@unister.de)"
84.19.190.126 - - [03/Nov/2012:19:14:28 +0100] "GET /news.php?cs_go=archiv&cs_startpos=140 HTTP/1.1" 200 22820 "-" "Mozilla/5.0 (compatible; UnisterBot; crawler@unister.de)"
87.118.116.25 - - [03/Nov/2012:19:15:13 +0100] "GET /news.php?cs_go=archiv&cs_id=3511&cs_search= HTTP/1.1" 200 11721 "-" "Mozilla/5.0 (compatible; UnisterBot; crawler@unister.de)"
84.19.190.126 - - [03/Nov/2012:19:15:51 +0100] "GET /news.php?cs_go=archiv&cs_id=3589&cs_search= HTTP/1.1" 200 13538 "-" "Mozilla/5.0 (compatible; UnisterBot; crawler@unister.de)"
87.118.116.25 - - [03/Nov/2012:19:16:29 +0100] "GET /news.php?cs_go=archiv&cs_id=3575&cs_search= HTTP/1.1" 200 11805 "-" "Mozilla/5.0 (compatible; UnisterBot; crawler@unister.de)"
173.199.114.243 - - [03/Nov/2012:19:21:41 +0100] "GET /lexikon.php?cs_go=2&cs_char=m HTTP/1.1" 200 9073 "-" "Mozilla/5.0 (compatible; AhrefsBot/4.0; +http://ahrefs.com/robot/)"
173.199.116.251 - - [03/Nov/2012:19:31:02 +0100] "GET /news.php?cs_go=archiv&cs_id=3576&cs_search= HTTP/1.1" 200 13343 "-" "Mozilla/5.0 (compatible; AhrefsBot/4.0; +http://ahrefs.com/robot/)"
173.199.119.147 - - [03/Nov/2012:19:41:04 +0100] "GET /modernisierung.php?cs_gp_go=description HTTP/1.1" 200 10771 "-" "Mozilla/5.0 (compatible; AhrefsBot/4.0; +http://ahrefs.com/robot/)"
84.19.190.126 - - [03/Nov/2012:19:49:20 +0100] "GET /news.php?cs_go=archiv&cs_id=3457&cs_search= HTTP/1.1" 200 13530 "-" "Mozilla/5.0 (compatible; UnisterBot; crawler@unister.de)"
173.199.117.195 - - [03/Nov/2012:19:49:47 +0100] "GET /news.php?cs_go=archiv&cs_id=3577&cs_search= HTTP/1.1" 200 9891 "-" "Mozilla/5.0 (compatible; AhrefsBot/4.0; +http://ahrefs.com/robot/)"
87.118.116.25 - - [03/Nov/2012:19:50:54 +0100] "GET /news.php?cs_go=archiv&cs_id=3461&cs_search= HTTP/1.1" 200 9773 "-" "Mozilla/5.0 (compatible; UnisterBot; crawler@unister.de)"
65.36.241.79 - - [03/Nov/2012:19:51:36 +0100] "HEAD / HTTP/1.1" 200 - "-" "InternetSeer.com"
84.19.190.126 - - [03/Nov/2012:19:51:50 +0100] "GET /news.php?cs_go=archiv&cs_id=3595&cs_search= HTTP/1.1" 200 9794 "-" "Mozilla/5.0 (compatible; UnisterBot; crawler@unister.de)"
84.19.190.126 - - [03/Nov/2012:19:52:37 +0100] "GET /news.php?cs_go=archiv&cs_id=3503&cs_search= HTTP/1.1" 200 12960 "-" "Mozilla/5.0 (compatible; UnisterBot; crawler@unister.de)"
87.118.116.25 - - [03/Nov/2012:19:53:22 +0100] "GET /news.php?cs_go=archiv&cs_id=3586&cs_search= HTTP/1.1" 200 16243 "-" "Mozilla/5.0 (compatible; UnisterBot; crawler@unister.de)"
87.118.116.25 - - [03/Nov/2012:19:54:05 +0100] "GET /news.php?cs_go=archiv&cs_id=3518&cs_search= HTTP/1.1" 200 10034 "-" "Mozilla/5.0 (compatible; UnisterBot; crawler@unister.de)"
84.19.190.126 - - [03/Nov/2012:19:54:51 +0100] "GET /news.php?cs_go=archiv&cs_id=3501&cs_search= HTTP/1.1" 200 9880 "-" "Mozilla/5.0 (compatible; UnisterBot; crawler@unister.de)"
84.19.190.126 - - [03/Nov/2012:19:55:37 +0100] "GET /news.php?cs_go=archiv&cs_id=3492&cs_search= HTTP/1.1" 200 13273 "-" "Mozilla/5.0 (compatible; UnisterBot; crawler@unister.de)"
87.118.116.25 - - [03/Nov/2012:19:56:21 +0100] "GET /news.php?cs_go=archiv&cs_id=3510&cs_search= HTTP/1.1" 200 10259 "-" "Mozilla/5.0 (compatible; UnisterBot; crawler@unister.de)"
84.19.190.126 - - [03/Nov/2012:19:57:06 +0100] "GET /news.php?cs_go=archiv&cs_id=3519&cs_search= HTTP/1.1" 200 11809 "-" "Mozilla/5.0 (compatible; UnisterBot; crawler@unister.de)"
87.118.116.25 - - [03/Nov/2012:19:57:46 +0100] "GET /news.php?cs_go=archiv&cs_id=3526&cs_search= HTTP/1.1" 200 13155 "-" "Mozilla/5.0 (compatible; UnisterBot; crawler@unister.de)"
84.19.190.126 - - [03/Nov/2012:19:58:32 +0100] "GET /news.php?cs_go=archiv&cs_id=3587&cs_search= HTTP/1.1" 200 9779 "-" "Mozilla/5.0 (compatible; UnisterBot; crawler@unister.de)"
173.199.116.203 - - [03/Nov/2012:19:59:11 +0100] "GET /lexikon.php?cs_go=2&cs_char=f HTTP/1.1" 200 9595 "-" "Mozilla/5.0 (compatible; AhrefsBot/4.0; +http://ahrefs.com/robot/)"
84.19.190.126 - - [03/Nov/2012:19:59:20 +0100] "GET /news.php?cs_go=archiv&cs_id=3483&cs_search= HTTP/1.1" 200 9913 "-" "Mozilla/5.0 (compatible; UnisterBot; crawler@unister.de)"
87.118.116.25 - - [03/Nov/2012:20:00:04 +0100] "GET /news.php?cs_go=archiv&cs_id=3513&cs_search= HTTP/1.1" 200 13529 "-" "Mozilla/5.0 (compatible; UnisterBot; crawler@unister.de)"
87.118.116.25 - - [03/Nov/2012:20:00:46 +0100] "GET /news.php?cs_go=archiv&cs_id=3481&cs_search= HTTP/1.1" 200 13525 "-" "Mozilla/5.0 (compatible; UnisterBot; crawler@unister.de)"
84.19.190.126 - - [03/Nov/2012:20:01:41 +0100] "GET /news.php?cs_go=archiv&cs_id=3494&cs_search= HTTP/1.1" 200 10663 "-" "Mozilla/5.0 (compatible; UnisterBot; crawler@unister.de)"
87.118.116.25 - - [03/Nov/2012:20:02:20 +0100] "GET /news.php?cs_go=archiv&cs_id=3506&cs_search= HTTP/1.1" 200 11404 "-" "Mozilla/5.0 (compatible; UnisterBot; crawler@unister.de)"
69.28.58.35 - - [03/Nov/2012:20:01:35 +0100] "GET / HTTP/1.1" 200 15368 "-" "Wget/1.9+cvs-stable (Red Hat modified)"
173.199.115.123 - - [03/Nov/2012:20:08:48 +0100] "GET /news.php?cs_go=archiv&cs_id=3579&cs_search= HTTP/1.1" 200 10208 "-" "Mozilla/5.0 (compatible; AhrefsBot/4.0; +http://ahrefs.com/robot/)"
213.186.127.14 - - [03/Nov/2012:20:14:18 +0100] "GET /news.php?cs_go=archiv&cs_id=3494&cs_search= HTTP/1.1" 200 10663 "-" "Mozilla/5.0 (compatible; AhrefsBot/3.1; +http://ahrefs.com/robot/)"
66.249.71.6 - - [03/Nov/2012:20:15:52 +0100] "GET /news.php?cs_go=archiv&cs_id=1421&cs_search= HTTP/1.1" 200 7887 "-" "Mozilla/5.0 (compatible; Googlebot/2.1; +http://www.google.com/bot.html)"
178.154.179.250 - - [03/Nov/2012:20:21:25 +0100] "GET /robots.txt HTTP/1.1" 200 177 "-" "Mozilla/5.0 (compatible; YandexBot/3.0; +http://yandex.com/bots)"
87.118.116.25 - - [03/Nov/2012:20:42:17 +0100] "GET /news.php?cs_go=archiv&cs_id=3522&cs_search= HTTP/1.1" 200 9955 "-" "Mozilla/5.0 (compatible; UnisterBot; crawler@unister.de)"
66.249.71.6 - - [03/Nov/2012:20:42:49 +0100] "GET /news.php?cs_go=archiv&cs_id=722&cs_search= HTTP/1.1" 200 7887 "-" "Mozilla/5.0 (compatible; Googlebot/2.1; +http://www.google.com/bot.html)"
87.118.116.25 - - [03/Nov/2012:20:43:36 +0100] "GET /news.php?cs_go=archiv&cs_id=3458&cs_search= HTTP/1.1" 200 9854 "-" "Mozilla/5.0 (compatible; UnisterBot; crawler@unister.de)"
139.18.2.17 - - [03/Nov/2012:20:43:56 +0100] "GET /impressum.php HTTP/1.1" 200 8582 "-" "findlinks/2.6 (+http://wortschatz.uni-leipzig.de/findlinks/)"
139.18.2.17 - - [03/Nov/2012:20:43:56 +0100] "GET /impressum.php HTTP/1.1" 200 8495 "-" "findlinks/2.6 (+http://wortschatz.uni-leipzig.de/findlinks/)"
87.118.116.25 - - [03/Nov/2012:20:44:31 +0100] "GET /news.php?cs_go=archiv&cs_startpos=150 HTTP/1.1" 200 22957 "-" "Mozilla/5.0 (compatible; UnisterBot; crawler@unister.de)"
87.118.116.25 - - [03/Nov/2012:20:45:16 +0100] "GET /news.php?cs_go=archiv&cs_id=3504&cs_search= HTTP/1.1" 200 14791 "-" "Mozilla/5.0 (compatible; UnisterBot; crawler@unister.de)"
87.118.116.25 - - [03/Nov/2012:20:45:59 +0100] "GET /news.php?cs_go=archiv&cs_id=3407&cs_search= HTTP/1.1" 200 9975 "-" "Mozilla/5.0 (compatible; UnisterBot; crawler@unister.de)"
87.118.116.25 - - [03/Nov/2012:20:46:39 +0100] "GET /news.php?cs_go=archiv&cs_id=3459&cs_search= HTTP/1.1" 200 12440 "-" "Mozilla/5.0 (compatible; UnisterBot; crawler@unister.de)"
84.19.190.126 - - [03/Nov/2012:20:47:26 +0100] "GET /news.php?cs_go=archiv&cs_id=3460&cs_search= HTTP/1.1" 200 13326 "-" "Mozilla/5.0 (compatible; UnisterBot; crawler@unister.de)"
84.19.190.126 - - [03/Nov/2012:20:48:05 +0100] "GET /news.php?cs_go=archiv&cs_id=3493&cs_search= HTTP/1.1" 200 9847 "-" "Mozilla/5.0 (compatible; UnisterBot; crawler@unister.de)"
84.19.190.126 - - [03/Nov/2012:20:48:55 +0100] "GET /news.php?cs_go=archiv&cs_id=3521&cs_search= HTTP/1.1" 200 13261 "-" "Mozilla/5.0 (compatible; UnisterBot; crawler@unister.de)"
213.186.127.2 - - [03/Nov/2012:21:20:42 +0100] "GET /news.php?cs_go=archiv&cs_id=3582&cs_search= HTTP/1.1" 200 9775 "-" "Mozilla/5.0 (compatible; AhrefsBot/3.1; +http://ahrefs.com/robot/)"
87.118.116.25 - - [03/Nov/2012:21:34:48 +0100] "GET /news.php?cs_go=archiv&cs_id=3581&cs_search= HTTP/1.1" 200 11821 "-" "Mozilla/5.0 (compatible; UnisterBot; crawler@unister.de)"
84.19.190.126 - - [03/Nov/2012:21:36:30 +0100] "GET /news.php?cs_go=archiv&cs_id=3525&cs_search= HTTP/1.1" 200 11977 "-" "Mozilla/5.0 (compatible; UnisterBot; crawler@unister.de)"
87.118.116.25 - - [03/Nov/2012:21:37:20 +0100] "GET /news.php?cs_go=archiv&cs_id=3484&cs_search= HTTP/1.1" 200 13066 "-" "Mozilla/5.0 (compatible; UnisterBot; crawler@unister.de)"
87.118.116.25 - - [03/Nov/2012:21:38:03 +0100] "GET /news.php?cs_go=archiv&cs_id=3529&cs_search= HTTP/1.1" 200 9913 "-" "Mozilla/5.0 (compatible; UnisterBot; crawler@unister.de)"
87.118.116.25 - - [03/Nov/2012:21:38:45 +0100] "GET /robots.txt HTTP/1.1" 200 177 "-" "Mozilla/5.0 (compatible; UnisterBot; crawler@unister.de)"
87.118.116.25 - - [03/Nov/2012:21:38:45 +0100] "GET /news.php?cs_go=archiv&cs_id=3452&cs_search= HTTP/1.1" 200 10158 "-" "Mozilla/5.0 (compatible; UnisterBot; crawler@unister.de)"
157.55.32.162 - - [03/Nov/2012:22:03:03 +0100] "GET /robots.txt HTTP/1.1" 200 177 "-" "Mozilla/5.0 (compatible; bingbot/2.0; +http://www.bing.com/bingbot.htm)"
87.118.116.25 - - [03/Nov/2012:22:23:46 +0100] "GET /news.php?cs_go=archiv&cs_id=3593&cs_search= HTTP/1.1" 200 10732 "-" "Mozilla/5.0 (compatible; UnisterBot; crawler@unister.de)"
87.118.116.25 - - [03/Nov/2012:22:25:26 +0100] "GET /news.php?cs_go=archiv&cs_id=3499&cs_search= HTTP/1.1" 200 9866 "-" "Mozilla/5.0 (compatible; UnisterBot; crawler@unister.de)"
84.19.190.126 - - [03/Nov/2012:22:26:11 +0100] "GET /news.php?cs_go=archiv&cs_id=3502&cs_search= HTTP/1.1" 200 10261 "-" "Mozilla/5.0 (compatible; UnisterBot; crawler@unister.de)"
84.19.190.126 - - [03/Nov/2012:22:26:58 +0100] "GET /news.php?cs_go=archiv&cs_id=3455&cs_search= HTTP/1.1" 200 9859 "-" "Mozilla/5.0 (compatible; UnisterBot; crawler@unister.de)"
84.19.190.126 - - [03/Nov/2012:22:27:45 +0100] "GET /news.php?cs_go=archiv&cs_id=3488&cs_search= HTTP/1.1" 200 13325 "-" "Mozilla/5.0 (compatible; UnisterBot; crawler@unister.de)"
212.113.37.105 - - [03/Nov/2012:22:28:13 +0100] "GET /lexikon.php?cs_go=2&cs_char=h HTTP/1.1" 200 8687 "-" "Mozilla/5.0 (compatible; AhrefsBot/3.1; +http://ahrefs.com/robot/)"
84.19.190.126 - - [03/Nov/2012:22:28:28 +0100] "GET /news.php?cs_go=archiv&cs_id=3451&cs_search= HTTP/1.1" 200 9850 "-" "Mozilla/5.0 (compatible; UnisterBot; crawler@unister.de)"
66.249.71.6 - - [03/Nov/2012:22:38:04 +0100] "GET /news.php?cs_go=archiv&cs_id=2543 HTTP/1.1" 200 7887 "-" "Mozilla/5.0 (compatible; Googlebot/2.1; +http://www.google.com/bot.html)"
66.249.71.6 - - [03/Nov/2012:22:38:05 +0100] "GET /news.php?cs_go=archiv&cs_id=632&cs_search= HTTP/1.1" 200 7887 "-" "Mozilla/5.0 (compatible; Googlebot/2.1; +http://www.google.com/bot.html)"
178.154.179.250 - - [03/Nov/2012:22:48:53 +0100] "GET / HTTP/1.1" 200 15368 "-" "Mozilla/5.0 (compatible; YandexBot/3.0; +http://yandex.com/bots)"
157.55.32.162 - - [03/Nov/2012:22:50:05 +0100] "GET /edl.php HTTP/1.1" 200 10801 "-" "Mozilla/5.0 (compatible; bingbot/2.0; +http://www.bing.com/bingbot.htm)"
66.249.71.6 - - [03/Nov/2012:22:57:12 +0100] "GET /news.php?cs_go=archiv&cs_id=964&cs_search= HTTP/1.1" 200 7887 "-" "Mozilla/5.0 (compatible; Googlebot/2.1; +http://www.google.com/bot.html)"
84.19.190.126 - - [03/Nov/2012:23:08:39 +0100] "GET /news.php?cs_go=archiv&cs_id=3408&cs_search= HTTP/1.1" 200 13321 "-" "Mozilla/5.0 (compatible; UnisterBot; crawler@unister.de)"
84.19.190.126 - - [03/Nov/2012:23:10:22 +0100] "GET /news.php?cs_go=archiv&cs_id=3402&cs_search= HTTP/1.1" 200 9856 "-" "Mozilla/5.0 (compatible; UnisterBot; crawler@unister.de)"
87.118.116.25 - - [03/Nov/2012:23:11:12 +0100] "GET /news.php?cs_go=archiv&cs_startpos=180 HTTP/1.1" 200 22900 "-" "Mozilla/5.0 (compatible; UnisterBot; crawler@unister.de)"
87.118.116.25 - - [03/Nov/2012:23:11:58 +0100] "GET /news.php?cs_go=archiv&cs_startpos=120 HTTP/1.1" 200 22826 "-" "Mozilla/5.0 (compatible; UnisterBot; crawler@unister.de)"
84.19.190.126 - - [03/Nov/2012:23:12:43 +0100] "GET /news.php?cs_go=archiv&cs_id=3398&cs_search= HTTP/1.1" 200 9833 "-" "Mozilla/5.0 (compatible; UnisterBot; crawler@unister.de)"
87.118.116.25 - - [03/Nov/2012:23:13:31 +0100] "GET /news.php?cs_go=archiv&cs_id=3497&cs_search= HTTP/1.1" 200 13297 "-" "Mozilla/5.0 (compatible; UnisterBot; crawler@unister.de)"
87.118.116.25 - - [03/Nov/2012:23:14:12 +0100] "GET /news.php?cs_go=archiv&cs_id=3454&cs_search= HTTP/1.1" 200 13612 "-" "Mozilla/5.0 (compatible; UnisterBot; crawler@unister.de)"
87.118.116.25 - - [03/Nov/2012:23:14:53 +0100] "GET /news.php?cs_go=archiv&cs_id=3376&cs_search= HTTP/1.1" 200 11273 "-" "Mozilla/5.0 (compatible; UnisterBot; crawler@unister.de)"
157.55.32.162 - - [03/Nov/2012:23:15:00 +0100] "GET /robots.txt HTTP/1.1" 200 177 "-" "Mozilla/5.0 (compatible; bingbot/2.0; +http://www.bing.com/bingbot.htm)"
87.118.116.25 - - [03/Nov/2012:23:15:33 +0100] "GET /news.php?cs_go=archiv&cs_id=3393&cs_search= HTTP/1.1" 200 9864 "-" "Mozilla/5.0 (compatible; UnisterBot; crawler@unister.de)"
178.154.179.250 - - [03/Nov/2012:23:30:22 +0100] "GET / HTTP/1.1" 200 15368 "-" "Mozilla/5.0 (compatible; YandexBot/3.0; +http://yandex.com/bots)"
213.186.119.132 - - [03/Nov/2012:23:35:43 +0100] "GET /news.php?cs_go=archiv&cs_id=3585&cs_search= HTTP/1.1" 200 13562 "-" "Mozilla/5.0 (compatible; AhrefsBot/3.1; +http://ahrefs.com/robot/)"
123.125.71.41 - - [03/Nov/2012:23:45:27 +0100] "GET / HTTP/1.1" 200 15368 "-" "Mozilla/5.0 (compatible; Baiduspider/2.0; +http://www.baidu.com/search/spider.html)"
123.125.71.115 - - [03/Nov/2012:23:48:47 +0100] "GET /js_contentserver24_greybox/AJS_fx.js HTTP/1.1" 200 3192 "-" "Mozilla/5.0 (compatible; Baiduspider/2.0; +http://www.baidu.com/search/spider.html)"
123.125.71.39 - - [03/Nov/2012:23:52:07 +0100] "GET /js_contentserver24_greybox/AJS.js HTTP/1.1" 200 10396 "-" "Mozilla/5.0 (compatible; Baiduspider/2.0; +http://www.baidu.com/search/spider.html)"
66.249.71.6 - - [03/Nov/2012:23:53:49 +0100] "GET /news.php?cs_go=archiv&cs_id=1775&cs_search= HTTP/1.1" 200 7887 "-" "Mozilla/5.0 (compatible; Googlebot/2.1; +http://www.google.com/bot.html)"
87.118.116.25 - - [03/Nov/2012:23:54:16 +0100] "GET /news.php?cs_go=archiv&cs_id=3394&cs_search= HTTP/1.1" 200 14064 "-" "Mozilla/5.0 (compatible; UnisterBot; crawler@unister.de)"
123.125.71.17 - - [03/Nov/2012:23:55:27 +0100] "GET /agb.php HTTP/1.1" 200 19709 "-" "Mozilla/5.0 (compatible; Baiduspider/2.0; +http://www.baidu.com/search/spider.html)"
84.19.190.126 - - [03/Nov/2012:23:55:36 +0100] "GET /news.php?cs_go=archiv&cs_startpos=190 HTTP/1.1" 200 23024 "-" "Mozilla/5.0 (compatible; UnisterBot; crawler@unister.de)"
87.118.116.25 - - [03/Nov/2012:23:56:29 +0100] "GET /news.php?cs_go=archiv&cs_id=3537&cs_search= HTTP/1.1" 200 13371 "-" "Mozilla/5.0 (compatible; UnisterBot; crawler@unister.de)"
87.118.116.25 - - [03/Nov/2012:23:57:15 +0100] "GET /news.php?cs_go=archiv&cs_id=3397&cs_search= HTTP/1.1" 200 13343 "-" "Mozilla/5.0 (compatible; UnisterBot; crawler@unister.de)"
123.125.71.20 - - [03/Nov/2012:23:58:47 +0100] "GET /jobs.php HTTP/1.1" 200 10066 "-" "Mozilla/5.0 (compatible; Baiduspider/2.0; +http://www.baidu.com/search/spider.html)"
66.249.71.6 - - [04/Nov/2012:00:03:14 +0100] "GET /news.php?cs_go=archiv&cs_id=1636&cs_search= HTTP/1.1" 200 7887 "-" "Mozilla/5.0 (compatible; Googlebot/2.1; +http://www.google.com/bot.html)"
123.125.71.105 - - [04/Nov/2012:00:02:07 +0100] "GET /news.php HTTP/1.1" 200 22049 "-" "Mozilla/5.0 (compatible; Baiduspider/2.0; +http://www.baidu.com/search/spider.html)"
123.125.71.74 - - [04/Nov/2012:00:05:27 +0100] "GET /js_contentserver24_greybox/gb_scripts.js HTTP/1.1" 200 11913 "-" "Mozilla/5.0 (compatible; Baiduspider/2.0; +http://www.baidu.com/search/spider.html)"
123.125.71.38 - - [04/Nov/2012:00:08:47 +0100] "GET /impressum.php HTTP/1.1" 200 8582 "-" "Mozilla/5.0 (compatible; Baiduspider/2.0; +http://www.baidu.com/search/spider.html)"
123.125.71.40 - - [04/Nov/2012:00:12:07 +0100] "GET /news.php?cs_go=archiv&cs_id=3618 HTTP/1.1" 200 12341 "-" "Mozilla/5.0 (compatible; Baiduspider/2.0; +http://www.baidu.com/search/spider.html)"
123.125.71.117 - - [04/Nov/2012:00:15:27 +0100] "GET /wunschpreis.php HTTP/1.1" 200 12084 "-" "Mozilla/5.0 (compatible; Baiduspider/2.0; +http://www.baidu.com/search/spider.html)"
123.125.71.102 - - [04/Nov/2012:00:18:47 +0100] "GET /standard.php HTTP/1.1" 200 9218 "-" "Mozilla/5.0 (compatible; Baiduspider/2.0; +http://www.baidu.com/search/spider.html)"
123.125.71.53 - - [04/Nov/2012:00:22:07 +0100] "GET /optiplus.php HTTP/1.1" 200 11100 "-" "Mozilla/5.0 (compatible; Baiduspider/2.0; +http://www.baidu.com/search/spider.html)"
123.125.71.53 - - [04/Nov/2012:00:25:27 +0100] "GET /news.php?cs_go=archiv&cs_id=3635 HTTP/1.1" 200 13377 "-" "Mozilla/5.0 (compatible; Baiduspider/2.0; +http://www.baidu.com/search/spider.html)"
80.31.106.106 - - [04/Nov/2012:00:27:19 +0100] "GET / HTTP/1.1" 200 15368 "-" "Java/1.6.0_24"
80.31.106.106 - - [04/Nov/2012:00:27:27 +0100] "GET /agb.php HTTP/1.1" 200 19709 "-" "Java/1.6.0_24"
80.31.106.106 - - [04/Nov/2012:00:27:28 +0100] "GET /impressum.php HTTP/1.1" 200 8582 "-" "Java/1.6.0_24"
80.31.106.106 - - [04/Nov/2012:00:27:28 +0100] "GET /index.php HTTP/1.1" 200 15368 "-" "Java/1.6.0_24"
80.31.106.106 - - [04/Nov/2012:00:27:30 +0100] "GET /jobs.php HTTP/1.1" 200 10066 "-" "Java/1.6.0_24"
80.31.106.106 - - [04/Nov/2012:00:27:30 +0100] "GET /kontakt.php HTTP/1.1" 200 9198 "-" "Java/1.6.0_24"
80.31.106.106 - - [04/Nov/2012:00:27:31 +0100] "GET /kwk.php HTTP/1.1" 200 10884 "-" "Java/1.6.0_24"
80.31.106.106 - - [04/Nov/2012:00:27:32 +0100] "GET /news.php HTTP/1.1" 200 22049 "-" "Java/1.6.0_24"
80.31.106.106 - - [04/Nov/2012:00:27:33 +0100] "GET /newsletter.php HTTP/1.1" 200 8928 "-" "Java/1.6.0_24"
80.31.106.106 - - [04/Nov/2012:00:27:34 +0100] "GET /optiplus.php HTTP/1.1" 200 11100 "-" "Java/1.6.0_24"
80.31.106.106 - - [04/Nov/2012:00:27:34 +0100] "GET /preisanfrage.php HTTP/1.1" 200 10734 "-" "Java/1.6.0_24"
80.31.106.106 - - [04/Nov/2012:00:27:35 +0100] "GET /rueckrufservice.php HTTP/1.1" 200 10770 "-" "Java/1.6.0_24"
80.31.106.106 - - [04/Nov/2012:00:27:36 +0100] "GET /standard.php HTTP/1.1" 200 9218 "-" "Java/1.6.0_24"
80.31.106.106 - - [04/Nov/2012:00:27:37 +0100] "GET /wunschpreis.php HTTP/1.1" 200 12084 "-" "Java/1.6.0_24"
80.31.106.106 - - [04/Nov/2012:00:27:38 +0100] "GET /edl.php HTTP/1.1" 200 10801 "-" "Java/1.6.0_24"
80.31.106.106 - - [04/Nov/2012:00:27:39 +0100] "GET /energiesparcheck.php HTTP/1.1" 200 13581 "-" "Java/1.6.0_24"
80.31.106.106 - - [04/Nov/2012:00:27:39 +0100] "GET /faq.php HTTP/1.1" 200 185803 "-" "Java/1.6.0_24"
80.31.106.106 - - [04/Nov/2012:00:27:44 +0100] "GET /foerdermittel.php HTTP/1.1" 200 12908 "-" "Java/1.6.0_24"
80.31.106.106 - - [04/Nov/2012:00:27:45 +0100] "GET /lexikon.php HTTP/1.1" 200 10523 "-" "Java/1.6.0_24"
80.31.106.106 - - [04/Nov/2012:00:27:45 +0100] "GET /modernisierung.php HTTP/1.1" 200 11578 "-" "Java/1.6.0_24"
80.31.106.106 - - [04/Nov/2012:00:27:46 +0100] "GET /.php HTTP/1.1" 404 - "-" "Java/1.6.0_24"
80.31.106.106 - - [04/Nov/2012:00:27:47 +0100] "GET /additive.php HTTP/1.1" 200 8372 "-" "Java/1.6.0_24"
80.31.106.106 - - [04/Nov/2012:00:27:48 +0100] "GET /diesel.php HTTP/1.1" 200 10639 "-" "Java/1.6.0_24"
80.31.106.106 - - [04/Nov/2012:00:27:51 +0100] "GET /www.solartechnikberater.de HTTP/1.1" 404 - "-" "Java/1.6.0_24"
80.31.106.106 - - [04/Nov/2012:00:27:52 +0100] "GET /js_contentserver24_greybox/AJS.js HTTP/1.1" 200 10396 "-" "Java/1.6.0_24"
80.31.106.106 - - [04/Nov/2012:00:27:53 +0100] "GET /js_contentserver24_greybox/AJS_fx.js HTTP/1.1" 200 3192 "-" "Java/1.6.0_24"
80.31.106.106 - - [04/Nov/2012:00:27:53 +0100] "GET /js_contentserver24_greybox/gb_scripts.js HTTP/1.1" 200 11913 "-" "Java/1.6.0_24"
80.31.106.106 - - [04/Nov/2012:00:27:54 +0100] "GET /js_contentserver24_greybox/loader_frame.html HTTP/1.1" 200 2084 "-" "Java/1.6.0_24"
80.31.106.106 - - [04/Nov/2012:00:27:55 +0100] "GET /js_contentserver24_greybox/' + gb_url + ' HTTP/1.1" 404 - "-" "Java/1.6.0_24"
80.31.106.106 - - [04/Nov/2012:00:27:55 +0100] "GET /news.php?cs_go=archiv HTTP/1.1" 200 22049 "-" "Java/1.6.0_24"
80.31.106.106 - - [04/Nov/2012:00:27:56 +0100] "GET /kwk.php?cs_go=1 HTTP/1.1" 200 10884 "-" "Java/1.6.0_24"
80.31.106.106 - - [04/Nov/2012:00:27:57 +0100] "GET /lexikon.php?cs_go=2 HTTP/1.1" 200 8582 "-" "Java/1.6.0_24"
80.31.106.106 - - [04/Nov/2012:00:27:58 +0100] "GET /modernisierung.php?cs_gp_go=coupon HTTP/1.1" 200 10192 "-" "Java/1.6.0_24"
123.125.71.53 - - [04/Nov/2012:00:28:47 +0100] "GET /kwk.php HTTP/1.1" 200 10884 "-" "Mozilla/5.0 (compatible; Baiduspider/2.0; +http://www.baidu.com/search/spider.html)"
178.154.179.250 - - [04/Nov/2012:00:31:40 +0100] "GET /news.php?cs_go=archiv&cs_id=3623 HTTP/1.1" 200 13477 "-" "Mozilla/5.0 (compatible; YandexBot/3.0; +http://yandex.com/bots)"
123.125.71.54 - - [04/Nov/2012:00:32:07 +0100] "GET /js_contentserver24_greybox/gb_styles.css HTTP/1.1" 200 2302 "-" "Mozilla/5.0 (compatible; Baiduspider/2.0; +http://www.baidu.com/search/spider.html)"
123.125.71.76 - - [04/Nov/2012:00:35:28 +0100] "GET /modul.css HTTP/1.1" 200 35038 "-" "Mozilla/5.0 (compatible; Baiduspider/2.0; +http://www.baidu.com/search/spider.html)"
123.125.71.17 - - [04/Nov/2012:00:38:48 +0100] "GET /newsletter.php HTTP/1.1" 200 8928 "-" "Mozilla/5.0 (compatible; Baiduspider/2.0; +http://www.baidu.com/search/spider.html)"
66.249.71.6 - - [04/Nov/2012:00:39:00 +0100] "GET /news.php?cs_go=archiv&cs_id=2042&cs_search= HTTP/1.1" 200 7887 "-" "Mozilla/5.0 (compatible; Googlebot/2.1; +http://www.google.com/bot.html)"
123.125.71.91 - - [04/Nov/2012:00:42:08 +0100] "GET /news.php?cs_go=archiv&cs_id=3622 HTTP/1.1" 200 11727 "-" "Mozilla/5.0 (compatible; Baiduspider/2.0; +http://www.baidu.com/search/spider.html)"
213.186.127.6 - - [04/Nov/2012:00:43:14 +0100] "GET /news.php?cs_go=archiv&cs_id=3497&cs_search= HTTP/1.1" 200 13297 "-" "Mozilla/5.0 (compatible; AhrefsBot/3.1; +http://ahrefs.com/robot/)"
87.118.116.25 - - [04/Nov/2012:00:43:52 +0100] "GET /news.php?cs_go=archiv&cs_startpos=100 HTTP/1.1" 200 22799 "-" "Mozilla/5.0 (compatible; UnisterBot; crawler@unister.de)"
123.125.71.98 - - [04/Nov/2012:00:45:28 +0100] "GET /style.css HTTP/1.1" 200 8418 "-" "Mozilla/5.0 (compatible; Baiduspider/2.0; +http://www.baidu.com/search/spider.html)"
66.249.71.6 - - [04/Nov/2012:00:47:15 +0100] "GET /news.php?cs_go=archiv&cs_id=2314&cs_search= HTTP/1.1" 200 7887 "-" "Mozilla/5.0 (compatible; Googlebot/2.1; +http://www.google.com/bot.html)"
123.125.71.95 - - [04/Nov/2012:00:48:51 +0100] "GET /kontakt.php HTTP/1.1" 200 9198 "-" "Mozilla/5.0 (compatible; Baiduspider/2.0; +http://www.baidu.com/search/spider.html)"
123.125.71.50 - - [04/Nov/2012:00:52:08 +0100] "GET /index.php HTTP/1.1" 200 15368 "-" "Mozilla/5.0 (compatible; Baiduspider/2.0; +http://www.baidu.com/search/spider.html)"
123.125.71.31 - - [04/Nov/2012:00:52:09 +0100] "GET / HTTP/1.1" 200 15368 "-" "Mozilla/5.0 (compatible; Baiduspider/2.0; +http://www.baidu.com/search/spider.html)"
123.125.71.52 - - [04/Nov/2012:00:55:28 +0100] "GET /rueckrufservice.php HTTP/1.1" 200 10770 "-" "Mozilla/5.0 (compatible; Baiduspider/2.0; +http://www.baidu.com/search/spider.html)"
66.249.71.6 - - [04/Nov/2012:00:55:33 +0100] "GET /news.php?cs_go=archiv&cs_id=2412&cs_search= HTTP/1.1" 200 7887 "-" "Mozilla/5.0 (compatible; Googlebot/2.1; +http://www.google.com/bot.html)"
65.36.241.79 - - [04/Nov/2012:00:58:04 +0100] "HEAD / HTTP/1.1" 200 - "-" "InternetSeer.com"
123.125.71.111 - - [04/Nov/2012:00:58:48 +0100] "GET /news.php?cs_go=archiv HTTP/1.1" 200 22049 "-" "Mozilla/5.0 (compatible; Baiduspider/2.0; +http://www.baidu.com/search/spider.html)"
123.125.71.22 - - [04/Nov/2012:01:02:08 +0100] "GET /news.php?cs_go=archiv&cs_id=3634 HTTP/1.1" 200 9818 "-" "Mozilla/5.0 (compatible; Baiduspider/2.0; +http://www.baidu.com/search/spider.html)"
