188.102.45.245 - - [02/Nov/2012:12:19:08 +0100] "GET /js_contentserver24_greybox/indicator.gif HTTP/1.1" 200 8238 "http://www.mink-gmbh.de/js_contentserver24_greybox/loader_frame.html?s=0" "Mozilla/5.0 (Windows NT 6.1; WOW64) AppleWebKit/535.2 (KHTML, like Gecko) Iron/15.0.900.2 Chrome/15.0.900.2 Safari/535.2"
188.102.45.245 - - [02/Nov/2012:12:19:08 +0100] "GET /images/freecall.jpg HTTP/1.1" 200 39195 "http://www.mink-gmbh.de/" "Mozilla/5.0 (Windows NT 6.1; WOW64) AppleWebKit/535.2 (KHTML, like Gecko) Iron/15.0.900.2 Chrome/15.0.900.2 Safari/535.2"
188.102.45.245 - - [02/Nov/2012:12:19:08 +0100] "GET /images/mail.jpg HTTP/1.1" 200 11165 "http://www.mink-gmbh.de/" "Mozilla/5.0 (Windows NT 6.1; WOW64) AppleWebKit/535.2 (KHTML, like Gecko) Iron/15.0.900.2 Chrome/15.0.900.2 Safari/535.2"
188.102.45.245 - - [02/Nov/2012:12:19:08 +0100] "GET /images/kwk.gif HTTP/1.1" 200 6403 "http://www.mink-gmbh.de/" "Mozilla/5.0 (Windows NT 6.1; WOW64) AppleWebKit/535.2 (KHTML, like Gecko) Iron/15.0.900.2 Chrome/15.0.900.2 Safari/535.2"
188.102.45.245 - - [02/Nov/2012:12:19:08 +0100] "GET /images/wunschpreis.jpg HTTP/1.1" 200 16767 "http://www.mink-gmbh.de/" "Mozilla/5.0 (Windows NT 6.1; WOW64) AppleWebKit/535.2 (KHTML, like Gecko) Iron/15.0.900.2 Chrome/15.0.900.2 Safari/535.2"
188.102.45.245 - - [02/Nov/2012:12:19:08 +0100] "GET /images/logos.jpg HTTP/1.1" 200 15002 "http://www.mink-gmbh.de/" "Mozilla/5.0 (Windows NT 6.1; WOW64) AppleWebKit/535.2 (KHTML, like Gecko) Iron/15.0.900.2 Chrome/15.0.900.2 Safari/535.2"
188.102.45.245 - - [02/Nov/2012:12:19:08 +0100] "GET /images/footerbg.jpg HTTP/1.1" 200 2184 "http://www.mink-gmbh.de/" "Mozilla/5.0 (Windows NT 6.1; WOW64) AppleWebKit/535.2 (KHTML, like Gecko) Iron/15.0.900.2 Chrome/15.0.900.2 Safari/535.2"
188.102.45.245 - - [02/Nov/2012:12:19:08 +0100] "GET /js_contentserver24_greybox/g_close.gif HTTP/1.1" 200 541 "http://www.mink-gmbh.de/" "Mozilla/5.0 (Windows NT 6.1; WOW64) AppleWebKit/535.2 (KHTML, like Gecko) Iron/15.0.900.2 Chrome/15.0.900.2 Safari/535.2"
188.102.45.245 - - [02/Nov/2012:12:19:08 +0100] "GET /favicon.ico HTTP/1.1" 200 3638 "-" "Mozilla/5.0 (Windows NT 6.1; WOW64) AppleWebKit/535.2 (KHTML, like Gecko) Iron/15.0.900.2 Chrome/15.0.900.2 Safari/535.2"
188.102.45.245 - - [02/Nov/2012:12:19:13 +0100] "GET /impressum.php HTTP/1.1" 200 8495 "http://www.mink-gmbh.de/" "Mozilla/5.0 (Windows NT 6.1; WOW64) AppleWebKit/535.2 (KHTML, like Gecko) Iron/15.0.900.2 Chrome/15.0.900.2 Safari/535.2"
5.9.25.77 - - [02/Nov/2012:12:30:25 +0100] "GET /robots.txt HTTP/1.1" 200 177 "-" "Pixray-Seeker/2.0 (Pixray-Seeker; +http://www.pixray.com/pixraybot; +crawler@pixray.com)"
5.9.25.77 - - [02/Nov/2012:12:30:25 +0100] "GET /standard.php HTTP/1.1" 200 9218 "-" "Pixray-Seeker/2.0 (Pixray-Seeker; +http://www.pixray.com/pixraybot; +crawler@pixray.com)"
65.36.241.79 - - [02/Nov/2012:12:32:19 +0100] "HEAD / HTTP/1.1" 200 - "-" "InternetSeer.com"
66.249.71.6 - - [02/Nov/2012:12:32:57 +0100] "GET /news.php?cs_go=archiv&cs_id=2327&cs_search= HTTP/1.1" 200 7887 "-" "Mozilla/5.0 (compatible; Googlebot/2.1; +http://www.google.com/bot.html)"
66.249.71.6 - - [02/Nov/2012:12:33:17 +0100] "GET /news.php?cs_go=archiv&cs_id=690&cs_search= HTTP/1.1" 200 7887 "-" "Mozilla/5.0 (compatible; Googlebot/2.1; +http://www.google.com/bot.html)"
66.249.71.6 - - [02/Nov/2012:12:35:20 +0100] "GET /news.php?cs_go=archiv&cs_id=8&cs_search= HTTP/1.1" 200 7887 "-" "Mozilla/5.0 (compatible; Googlebot/2.1; +http://www.google.com/bot.html)"
66.249.71.6 - - [02/Nov/2012:12:36:08 +0100] "GET /news.php?cs_go=archiv&cs_id=2290&cs_search= HTTP/1.1" 200 7887 "-" "Mozilla/5.0 (compatible; Googlebot/2.1; +http://www.google.com/bot.html)"
5.9.25.71 - - [02/Nov/2012:12:37:21 +0100] "GET /robots.txt HTTP/1.1" 200 177 "-" "Pixray-Seeker/2.0 (Pixray-Seeker; +http://www.pixray.com/pixraybot; +crawler@pixray.com)"
5.9.25.71 - - [02/Nov/2012:12:37:21 +0100] "GET /news.php?cs_go=archiv&cs_id=2382&cs_search= HTTP/1.1" 200 7887 "-" "Pixray-Seeker/2.0 (Pixray-Seeker; +http://www.pixray.com/pixraybot; +crawler@pixray.com)"
5.9.25.77 - - [02/Nov/2012:12:38:51 +0100] "GET /robots.txt HTTP/1.1" 200 177 "-" "Pixray-Seeker/2.0 (Pixray-Seeker; +http://www.pixray.com/pixraybot; +crawler@pixray.com)"
5.9.25.77 - - [02/Nov/2012:12:38:51 +0100] "GET /news.php?cs_go=archiv&cs_startpos=1420 HTTP/1.1" 200 8126 "-" "Pixray-Seeker/2.0 (Pixray-Seeker; +http://www.pixray.com/pixraybot; +crawler@pixray.com)"
66.249.71.6 - - [02/Nov/2012:12:40:23 +0100] "GET /news.php?cs_go=archiv&cs_id=2479&cs_search= HTTP/1.1" 200 7887 "-" "Mozilla/5.0 (compatible; Googlebot/2.1; +http://www.google.com/bot.html)"
66.249.71.6 - - [02/Nov/2012:12:41:15 +0100] "GET /news.php?cs_go=archiv&cs_id=2156&cs_search= HTTP/1.1" 200 7887 "-" "Mozilla/5.0 (compatible; Googlebot/2.1; +http://www.google.com/bot.html)"
66.249.71.6 - - [02/Nov/2012:12:42:08 +0100] "GET /news.php?cs_go=archiv&cs_id=2621&cs_search= HTTP/1.1" 200 7887 "-" "Mozilla/5.0 (compatible; Googlebot/2.1; +http://www.google.com/bot.html)"
66.249.71.6 - - [02/Nov/2012:12:43:00 +0100] "GET /news.php?cs_go=archiv&cs_id=2634&cs_search= HTTP/1.1" 200 7887 "-" "Mozilla/5.0 (compatible; Googlebot/2.1; +http://www.google.com/bot.html)"
173.199.116.179 - - [02/Nov/2012:12:43:12 +0100] "GET /kwk.php HTTP/1.1" 200 10884 "-" "Mozilla/5.0 (compatible; AhrefsBot/4.0; +http://ahrefs.com/robot/)"
66.249.71.6 - - [02/Nov/2012:12:43:53 +0100] "GET /news.php?cs_go=archiv&cs_id=2701&cs_search= HTTP/1.1" 200 7887 "-" "Mozilla/5.0 (compatible; Googlebot/2.1; +http://www.google.com/bot.html)"
5.9.25.81 - - [02/Nov/2012:12:43:57 +0100] "GET /robots.txt HTTP/1.1" 200 177 "-" "Pixray-Seeker/2.0 (Pixray-Seeker; +http://www.pixray.com/pixraybot; +crawler@pixray.com)"
5.9.25.81 - - [02/Nov/2012:12:43:57 +0100] "GET /news.php?cs_go=archiv&cs_id=3233&cs_search= HTTP/1.1" 200 10009 "-" "Pixray-Seeker/2.0 (Pixray-Seeker; +http://www.pixray.com/pixraybot; +crawler@pixray.com)"
157.55.35.82 - - [02/Nov/2012:12:44:45 +0100] "GET /robots.txt HTTP/1.1" 200 177 "-" "Mozilla/5.0 (compatible; bingbot/2.0; +http://www.bing.com/bingbot.htm)"
66.249.71.6 - - [02/Nov/2012:12:44:45 +0100] "GET /news.php?cs_go=archiv&cs_id=2703&cs_search= HTTP/1.1" 200 7887 "-" "Mozilla/5.0 (compatible; Googlebot/2.1; +http://www.google.com/bot.html)"
66.249.71.6 - - [02/Nov/2012:12:45:38 +0100] "GET /news.php?cs_go=archiv&cs_id=1703&cs_search= HTTP/1.1" 200 7887 "-" "Mozilla/5.0 (compatible; Googlebot/2.1; +http://www.google.com/bot.html)"
66.249.71.6 - - [02/Nov/2012:12:46:30 +0100] "GET /news.php?cs_go=archiv&cs_id=2416&cs_search= HTTP/1.1" 200 7887 "-" "Mozilla/5.0 (compatible; Googlebot/2.1; +http://www.google.com/bot.html)"
5.9.25.71 - - [02/Nov/2012:12:46:53 +0100] "GET /news.php?cs_go=archiv&cs_id=2539&cs_search= HTTP/1.1" 200 7800 "-" "Pixray-Seeker/2.0 (Pixray-Seeker; +http://www.pixray.com/pixraybot; +crawler@pixray.com)"
66.249.71.6 - - [02/Nov/2012:12:47:22 +0100] "GET /news.php?cs_go=archiv&cs_id=2529 HTTP/1.1" 200 7887 "-" "Mozilla/5.0 (compatible; Googlebot/2.1; +http://www.google.com/bot.html)"
66.249.71.6 - - [02/Nov/2012:12:48:15 +0100] "GET /news.php?cs_go=archiv&cs_id=2533 HTTP/1.1" 200 7887 "-" "Mozilla/5.0 (compatible; Googlebot/2.1; +http://www.google.com/bot.html)"
66.249.71.6 - - [02/Nov/2012:12:49:07 +0100] "GET /news.php?cs_go=archiv&cs_id=2530 HTTP/1.1" 200 7887 "-" "Mozilla/5.0 (compatible; Googlebot/2.1; +http://www.google.com/bot.html)"
66.249.71.6 - - [02/Nov/2012:12:50:00 +0100] "GET /news.php?cs_go=archiv&cs_id=2532&cs_search= HTTP/1.1" 200 7887 "-" "Mozilla/5.0 (compatible; Googlebot/2.1; +http://www.google.com/bot.html)"
66.249.71.6 - - [02/Nov/2012:12:50:32 +0100] "GET /news.php?cs_go=archiv&cs_id=315&cs_search= HTTP/1.1" 200 7887 "-" "Mozilla/5.0 (compatible; Googlebot/2.1; +http://www.google.com/bot.html)"
66.249.71.6 - - [02/Nov/2012:12:50:52 +0100] "GET /news.php?cs_go=archiv&cs_id=2103&cs_search= HTTP/1.1" 200 7887 "-" "Mozilla/5.0 (compatible; Googlebot/2.1; +http://www.google.com/bot.html)"
66.249.71.6 - - [02/Nov/2012:12:51:45 +0100] "GET /news.php?cs_go=archiv&cs_id=1916&cs_search= HTTP/1.1" 200 7887 "-" "Mozilla/5.0 (compatible; Googlebot/2.1; +http://www.google.com/bot.html)"
157.55.35.82 - - [02/Nov/2012:12:52:31 +0100] "GET / HTTP/1.1" 200 15347 "-" "Mozilla/5.0 (compatible; bingbot/2.0; +http://www.bing.com/bingbot.htm)"
66.249.71.6 - - [02/Nov/2012:12:52:37 +0100] "GET /news.php?cs_go=archiv&cs_id=2263&cs_search= HTTP/1.1" 200 7887 "-" "Mozilla/5.0 (compatible; Googlebot/2.1; +http://www.google.com/bot.html)"
66.249.71.6 - - [02/Nov/2012:12:52:48 +0100] "GET /news.php?cs_go=archiv&cs_id=2533&cs_search= HTTP/1.1" 200 7887 "-" "Mozilla/5.0 (compatible; Googlebot/2.1; +http://www.google.com/bot.html)"
66.249.71.6 - - [02/Nov/2012:12:53:11 +0100] "GET /news.php?cs_go=archiv&cs_id=2529&cs_search= HTTP/1.1" 200 7887 "-" "Mozilla/5.0 (compatible; Googlebot/2.1; +http://www.google.com/bot.html)"
66.249.71.6 - - [02/Nov/2012:12:53:32 +0100] "GET /news.php?cs_go=archiv&cs_id=2324&cs_search= HTTP/1.1" 200 7887 "-" "Mozilla/5.0 (compatible; Googlebot/2.1; +http://www.google.com/bot.html)"
66.249.71.6 - - [02/Nov/2012:12:54:22 +0100] "GET /news.php?cs_go=archiv&cs_id=2609&cs_search= HTTP/1.1" 200 7887 "-" "Mozilla/5.0 (compatible; Googlebot/2.1; +http://www.google.com/bot.html)"
66.249.71.6 - - [02/Nov/2012:12:55:15 +0100] "GET /news.php?cs_go=archiv&cs_id=2266&cs_search= HTTP/1.1" 200 7887 "-" "Mozilla/5.0 (compatible; Googlebot/2.1; +http://www.google.com/bot.html)"
66.249.71.6 - - [02/Nov/2012:12:56:07 +0100] "GET /news.php?cs_go=archiv&cs_id=2267&cs_search= HTTP/1.1" 200 7887 "-" "Mozilla/5.0 (compatible; Googlebot/2.1; +http://www.google.com/bot.html)"
66.249.71.6 - - [02/Nov/2012:12:56:59 +0100] "GET /news.php?cs_go=archiv&cs_id=2286&cs_search= HTTP/1.1" 200 7887 "-" "Mozilla/5.0 (compatible; Googlebot/2.1; +http://www.google.com/bot.html)"
66.249.71.6 - - [02/Nov/2012:12:57:52 +0100] "GET /news.php?cs_go=archiv&cs_id=2309&cs_search= HTTP/1.1" 200 7887 "-" "Mozilla/5.0 (compatible; Googlebot/2.1; +http://www.google.com/bot.html)"
66.249.71.6 - - [02/Nov/2012:12:58:44 +0100] "GET /news.php?cs_go=archiv&cs_id=2592 HTTP/1.1" 200 7887 "-" "Mozilla/5.0 (compatible; Googlebot/2.1; +http://www.google.com/bot.html)"
5.9.25.69 - - [02/Nov/2012:12:59:19 +0100] "GET /robots.txt HTTP/1.1" 200 177 "-" "Pixray-Seeker/2.0 (Pixray-Seeker; +http://www.pixray.com/pixraybot; +crawler@pixray.com)"
5.9.25.69 - - [02/Nov/2012:12:59:19 +0100] "GET /news.php?cs_go=archiv&cs_id=2596&cs_search= HTTP/1.1" 200 7887 "-" "Pixray-Seeker/2.0 (Pixray-Seeker; +http://www.pixray.com/pixraybot; +crawler@pixray.com)"
66.249.71.6 - - [02/Nov/2012:12:59:37 +0100] "GET /news.php?cs_go=archiv&cs_id=2588 HTTP/1.1" 200 7887 "-" "Mozilla/5.0 (compatible; Googlebot/2.1; +http://www.google.com/bot.html)"
66.249.71.6 - - [02/Nov/2012:13:00:29 +0100] "GET /news.php?cs_go=archiv&cs_id=2646&cs_search= HTTP/1.1" 200 7887 "-" "Mozilla/5.0 (compatible; Googlebot/2.1; +http://www.google.com/bot.html)"
5.9.25.84 - - [02/Nov/2012:13:00:41 +0100] "GET /robots.txt HTTP/1.1" 200 177 "-" "Pixray-Seeker/2.0 (Pixray-Seeker; +http://www.pixray.com/pixraybot; +crawler@pixray.com)"
5.9.25.84 - - [02/Nov/2012:13:00:41 +0100] "GET /news.php?cs_go=archiv&cs_id=3133&cs_search= HTTP/1.1" 200 11772 "-" "Pixray-Seeker/2.0 (Pixray-Seeker; +http://www.pixray.com/pixraybot; +crawler@pixray.com)"
5.9.25.68 - - [02/Nov/2012:13:00:44 +0100] "GET /robots.txt HTTP/1.1" 200 177 "-" "Pixray-Seeker/2.0 (Pixray-Seeker; +http://www.pixray.com/pixraybot; +crawler@pixray.com)"
5.9.25.68 - - [02/Nov/2012:13:00:44 +0100] "GET /news.php?cs_go=archiv&cs_id=3202&cs_search= HTTP/1.1" 200 11629 "-" "Pixray-Seeker/2.0 (Pixray-Seeker; +http://www.pixray.com/pixraybot; +crawler@pixray.com)"
66.249.71.6 - - [02/Nov/2012:13:01:22 +0100] "GET /news.php?cs_go=archiv&cs_id=2647 HTTP/1.1" 200 7887 "-" "Mozilla/5.0 (compatible; Googlebot/2.1; +http://www.google.com/bot.html)"
66.249.71.6 - - [02/Nov/2012:13:02:14 +0100] "GET /news.php?cs_go=archiv&cs_id=2695 HTTP/1.1" 200 7887 "-" "Mozilla/5.0 (compatible; Googlebot/2.1; +http://www.google.com/bot.html)"
66.249.71.6 - - [02/Nov/2012:13:03:07 +0100] "GET /news.php?cs_go=archiv&cs_id=2657 HTTP/1.1" 200 7887 "-" "Mozilla/5.0 (compatible; Googlebot/2.1; +http://www.google.com/bot.html)"
66.249.71.6 - - [02/Nov/2012:13:03:59 +0100] "GET /news.php?cs_go=archiv&cs_id=1676&cs_search= HTTP/1.1" 200 7887 "-" "Mozilla/5.0 (compatible; Googlebot/2.1; +http://www.google.com/bot.html)"
66.249.71.6 - - [02/Nov/2012:13:04:51 +0100] "GET /news.php?cs_go=archiv&cs_id=1952&cs_search= HTTP/1.1" 200 7887 "-" "Mozilla/5.0 (compatible; Googlebot/2.1; +http://www.google.com/bot.html)"
66.249.71.6 - - [02/Nov/2012:13:06:36 +0100] "GET /news.php?cs_go=archiv&cs_id=1773&cs_search= HTTP/1.1" 200 7887 "-" "Mozilla/5.0 (compatible; Googlebot/2.1; +http://www.google.com/bot.html)"
66.249.71.6 - - [02/Nov/2012:13:07:29 +0100] "GET /news.php?cs_go=archiv&cs_id=1777&cs_search= HTTP/1.1" 200 7887 "-" "Mozilla/5.0 (compatible; Googlebot/2.1; +http://www.google.com/bot.html)"
66.249.71.6 - - [02/Nov/2012:13:07:49 +0100] "GET /news.php?cs_go=archiv&cs_id=154&cs_search= HTTP/1.1" 200 7887 "-" "Mozilla/5.0 (compatible; Googlebot/2.1; +http://www.google.com/bot.html)"
66.249.71.6 - - [02/Nov/2012:13:08:21 +0100] "GET /news.php?cs_go=archiv&cs_id=1782&cs_search= HTTP/1.1" 200 7887 "-" "Mozilla/5.0 (compatible; Googlebot/2.1; +http://www.google.com/bot.html)"
66.249.71.6 - - [02/Nov/2012:13:09:14 +0100] "GET /news.php?cs_go=archiv&cs_id=1797&cs_search= HTTP/1.1" 200 7887 "-" "Mozilla/5.0 (compatible; Googlebot/2.1; +http://www.google.com/bot.html)"
66.249.71.6 - - [02/Nov/2012:13:10:06 +0100] "GET /news.php?cs_go=archiv&cs_id=1795&cs_search= HTTP/1.1" 200 7887 "-" "Mozilla/5.0 (compatible; Googlebot/2.1; +http://www.google.com/bot.html)"
66.249.71.6 - - [02/Nov/2012:13:10:59 +0100] "GET /news.php?cs_go=archiv&cs_id=1798&cs_search= HTTP/1.1" 200 7887 "-" "Mozilla/5.0 (compatible; Googlebot/2.1; +http://www.google.com/bot.html)"
66.249.71.6 - - [02/Nov/2012:13:11:51 +0100] "GET /news.php?cs_go=archiv&cs_id=1842&cs_search= HTTP/1.1" 200 7887 "-" "Mozilla/5.0 (compatible; Googlebot/2.1; +http://www.google.com/bot.html)"
66.249.71.6 - - [02/Nov/2012:13:12:43 +0100] "GET /news.php?cs_go=archiv&cs_id=1868&cs_search= HTTP/1.1" 200 7887 "-" "Mozilla/5.0 (compatible; Googlebot/2.1; +http://www.google.com/bot.html)"
66.249.71.6 - - [02/Nov/2012:13:13:36 +0100] "GET /news.php?cs_go=archiv&cs_id=1870&cs_search= HTTP/1.1" 200 7887 "-" "Mozilla/5.0 (compatible; Googlebot/2.1; +http://www.google.com/bot.html)"
66.249.71.6 - - [02/Nov/2012:13:14:38 +0100] "GET /news.php?cs_go=archiv&cs_id=1881&cs_search= HTTP/1.1" 200 7887 "-" "Mozilla/5.0 (compatible; Googlebot/2.1; +http://www.google.com/bot.html)"
66.249.71.6 - - [02/Nov/2012:13:15:40 +0100] "GET /news.php?cs_go=archiv&cs_id=1888&cs_search= HTTP/1.1" 200 7887 "-" "Mozilla/5.0 (compatible; Googlebot/2.1; +http://www.google.com/bot.html)"
5.9.25.79 - - [02/Nov/2012:13:17:19 +0100] "GET /robots.txt HTTP/1.1" 200 177 "-" "Pixray-Seeker/2.0 (Pixray-Seeker; +http://www.pixray.com/pixraybot; +crawler@pixray.com)"
5.9.25.79 - - [02/Nov/2012:13:17:19 +0100] "GET /news.php?cs_go=archiv&cs_id=2421&cs_search= HTTP/1.1" 200 7887 "-" "Pixray-Seeker/2.0 (Pixray-Seeker; +http://www.pixray.com/pixraybot; +crawler@pixray.com)"
5.9.25.84 - - [02/Nov/2012:13:17:36 +0100] "GET /robots.txt HTTP/1.1" 200 177 "-" "Pixray-Seeker/2.0 (Pixray-Seeker; +http://www.pixray.com/pixraybot; +crawler@pixray.com)"
5.9.25.84 - - [02/Nov/2012:13:17:36 +0100] "GET /news.php?cs_go=archiv&cs_id=3064&cs_search= HTTP/1.1" 200 13507 "-" "Pixray-Seeker/2.0 (Pixray-Seeker; +http://www.pixray.com/pixraybot; +crawler@pixray.com)"
66.249.71.6 - - [02/Nov/2012:13:17:45 +0100] "GET /news.php?cs_go=archiv&cs_id=1721&cs_search= HTTP/1.1" 200 7887 "-" "Mozilla/5.0 (compatible; Googlebot/2.1; +http://www.google.com/bot.html)"
66.249.71.6 - - [02/Nov/2012:13:18:47 +0100] "GET /news.php?cs_go=archiv&cs_id=1748&cs_search= HTTP/1.1" 200 7887 "-" "Mozilla/5.0 (compatible; Googlebot/2.1; +http://www.google.com/bot.html)"
66.249.71.6 - - [02/Nov/2012:13:19:49 +0100] "GET /news.php?cs_go=archiv&cs_id=1750&cs_search= HTTP/1.1" 200 7887 "-" "Mozilla/5.0 (compatible; Googlebot/2.1; +http://www.google.com/bot.html)"
173.199.119.147 - - [02/Nov/2012:13:20:43 +0100] "GET /optiplus.php HTTP/1.1" 200 11100 "-" "Mozilla/5.0 (compatible; AhrefsBot/4.0; +http://ahrefs.com/robot/)"
66.249.71.6 - - [02/Nov/2012:13:20:51 +0100] "GET /news.php?cs_go=archiv&cs_id=1803&cs_search= HTTP/1.1" 200 7887 "-" "Mozilla/5.0 (compatible; Googlebot/2.1; +http://www.google.com/bot.html)"
66.249.71.6 - - [02/Nov/2012:13:21:53 +0100] "GET /news.php?cs_go=archiv&cs_id=1804&cs_search= HTTP/1.1" 200 7887 "-" "Mozilla/5.0 (compatible; Googlebot/2.1; +http://www.google.com/bot.html)"
66.249.71.6 - - [02/Nov/2012:13:24:59 +0100] "GET /news.php?cs_go=archiv&cs_id=1891&cs_search= HTTP/1.1" 200 7887 "-" "Mozilla/5.0 (compatible; Googlebot/2.1; +http://www.google.com/bot.html)"
66.249.71.6 - - [02/Nov/2012:13:25:08 +0100] "GET /news.php?cs_go=archiv&cs_id=535&cs_search= HTTP/1.1" 200 7887 "-" "Mozilla/5.0 (compatible; Googlebot/2.1; +http://www.google.com/bot.html)"
66.249.71.6 - - [02/Nov/2012:13:26:01 +0100] "GET /news.php?cs_go=archiv&cs_id=1908&cs_search= HTTP/1.1" 200 7887 "-" "Mozilla/5.0 (compatible; Googlebot/2.1; +http://www.google.com/bot.html)"
66.249.71.6 - - [02/Nov/2012:13:27:04 +0100] "GET /news.php?cs_go=archiv&cs_id=1926&cs_search= HTTP/1.1" 200 7887 "-" "Mozilla/5.0 (compatible; Googlebot/2.1; +http://www.google.com/bot.html)"
66.249.71.6 - - [02/Nov/2012:13:28:06 +0100] "GET /news.php?cs_go=archiv&cs_id=1910&cs_search= HTTP/1.1" 200 7887 "-" "Mozilla/5.0 (compatible; Googlebot/2.1; +http://www.google.com/bot.html)"
66.249.71.6 - - [02/Nov/2012:13:29:08 +0100] "GET /news.php?cs_go=archiv&cs_id=1914&cs_search= HTTP/1.1" 200 7887 "-" "Mozilla/5.0 (compatible; Googlebot/2.1; +http://www.google.com/bot.html)"
66.249.71.6 - - [02/Nov/2012:13:31:12 +0100] "GET /news.php?cs_go=archiv&cs_id=1941&cs_search= HTTP/1.1" 200 7887 "-" "Mozilla/5.0 (compatible; Googlebot/2.1; +http://www.google.com/bot.html)"
66.249.71.6 - - [02/Nov/2012:13:32:14 +0100] "GET /news.php?cs_go=archiv&cs_id=1896&cs_search= HTTP/1.1" 200 7887 "-" "Mozilla/5.0 (compatible; Googlebot/2.1; +http://www.google.com/bot.html)"
66.249.71.6 - - [02/Nov/2012:13:33:16 +0100] "GET /news.php?cs_go=archiv&cs_id=1659&cs_search= HTTP/1.1" 200 7887 "-" "Mozilla/5.0 (compatible; Googlebot/2.1; +http://www.google.com/bot.html)"
66.249.71.6 - - [02/Nov/2012:13:34:18 +0100] "GET /news.php?cs_go=archiv&cs_id=1929&cs_search= HTTP/1.1" 200 7887 "-" "Mozilla/5.0 (compatible; Googlebot/2.1; +http://www.google.com/bot.html)"
66.249.71.6 - - [02/Nov/2012:13:35:21 +0100] "GET /news.php?cs_go=archiv&cs_id=1894&cs_search= HTTP/1.1" 200 7887 "-" "Mozilla/5.0 (compatible; Googlebot/2.1; +http://www.google.com/bot.html)"
5.9.25.71 - - [02/Nov/2012:13:37:09 +0100] "GET /robots.txt HTTP/1.1" 200 177 "-" "Pixray-Seeker/2.0 (Pixray-Seeker; +http://www.pixray.com/pixraybot; +crawler@pixray.com)"
5.9.25.71 - - [02/Nov/2012:13:37:09 +0100] "GET /news.php?cs_go=archiv&cs_id=3094&cs_search= HTTP/1.1" 200 10446 "-" "Pixray-Seeker/2.0 (Pixray-Seeker; +http://www.pixray.com/pixraybot; +crawler@pixray.com)"
66.249.71.6 - - [02/Nov/2012:13:37:25 +0100] "GET /news.php?cs_go=archiv&cs_id=1901&cs_search= HTTP/1.1" 200 7887 "-" "Mozilla/5.0 (compatible; Googlebot/2.1; +http://www.google.com/bot.html)"
66.249.71.6 - - [02/Nov/2012:13:38:27 +0100] "GET /news.php?cs_go=archiv&cs_id=1707&cs_search= HTTP/1.1" 200 7887 "-" "Mozilla/5.0 (compatible; Googlebot/2.1; +http://www.google.com/bot.html)"
157.55.35.82 - - [02/Nov/2012:13:39:24 +0100] "GET /robots.txt HTTP/1.1" 200 177 "-" "Mozilla/5.0 (compatible; bingbot/2.0; +http://www.bing.com/bingbot.htm)"
66.249.71.6 - - [02/Nov/2012:13:39:29 +0100] "GET /news.php?cs_go=archiv&cs_id=1643&cs_search= HTTP/1.1" 200 7887 "-" "Mozilla/5.0 (compatible; Googlebot/2.1; +http://www.google.com/bot.html)"
66.249.71.6 - - [02/Nov/2012:13:40:31 +0100] "GET /news.php?cs_go=archiv&cs_id=1653&cs_search= HTTP/1.1" 200 7887 "-" "Mozilla/5.0 (compatible; Googlebot/2.1; +http://www.google.com/bot.html)"
220.181.108.105 - - [02/Nov/2012:13:41:16 +0100] "GET / HTTP/1.1" 200 10266 "-" "Mozilla/5.0 (compatible; Baiduspider/2.0; +http://www.baidu.com/search/spider.html)"
66.249.71.6 - - [02/Nov/2012:13:42:22 +0100] "GET /news.php?cs_go=archiv&cs_id=33&cs_search= HTTP/1.1" 200 7887 "-" "Mozilla/5.0 (compatible; Googlebot/2.1; +http://www.google.com/bot.html)"
66.249.71.6 - - [02/Nov/2012:13:42:35 +0100] "GET /news.php?cs_go=archiv&cs_id=1648&cs_search= HTTP/1.1" 200 7887 "-" "Mozilla/5.0 (compatible; Googlebot/2.1; +http://www.google.com/bot.html)"
66.249.71.6 - - [02/Nov/2012:13:43:37 +0100] "GET /news.php?cs_go=archiv&cs_id=1701&cs_search= HTTP/1.1" 200 7887 "-" "Mozilla/5.0 (compatible; Googlebot/2.1; +http://www.google.com/bot.html)"
157.55.35.82 - - [02/Nov/2012:13:44:06 +0100] "GET / HTTP/1.1" 200 15357 "-" "Mozilla/5.0 (compatible; bingbot/2.0; +http://www.bing.com/bingbot.htm)"
66.249.71.6 - - [02/Nov/2012:13:45:42 +0100] "GET /news.php?cs_go=archiv&cs_id=2167&cs_search= HTTP/1.1" 200 7887 "-" "Mozilla/5.0 (compatible; Googlebot/2.1; +http://www.google.com/bot.html)"
66.249.71.6 - - [02/Nov/2012:13:46:44 +0100] "GET / HTTP/1.1" 200 15357 "-" "Mozilla/5.0 (compatible; Googlebot/2.1; +http://www.google.com/bot.html)"
66.249.71.6 - - [02/Nov/2012:13:47:46 +0100] "GET /lexikon.php?cs_go=3&cs_id=127 HTTP/1.1" 200 10084 "-" "Mozilla/5.0 (compatible; Googlebot/2.1; +http://www.google.com/bot.html)"
66.249.71.6 - - [02/Nov/2012:13:48:48 +0100] "GET /news.php?cs_go=archiv&cs_id=157&cs_search= HTTP/1.1" 200 7887 "-" "Mozilla/5.0 (compatible; Googlebot/2.1; +http://www.google.com/bot.html)"
66.249.71.6 - - [02/Nov/2012:13:49:50 +0100] "GET /news.php?cs_go=archiv&cs_id=858&cs_search= HTTP/1.1" 200 7887 "-" "Mozilla/5.0 (compatible; Googlebot/2.1; +http://www.google.com/bot.html)"
66.249.71.6 - - [02/Nov/2012:13:50:52 +0100] "GET /news.php?cs_go=archiv&cs_id=1603&cs_search= HTTP/1.1" 200 7887 "-" "Mozilla/5.0 (compatible; Googlebot/2.1; +http://www.google.com/bot.html)"
66.249.71.6 - - [02/Nov/2012:13:52:57 +0100] "GET /news.php?cs_go=archiv&cs_id=288&cs_search= HTTP/1.1" 200 7887 "-" "Mozilla/5.0 (compatible; Googlebot/2.1; +http://www.google.com/bot.html)"
5.9.25.79 - - [02/Nov/2012:13:53:40 +0100] "GET /robots.txt HTTP/1.1" 200 177 "-" "Pixray-Seeker/2.0 (Pixray-Seeker; +http://www.pixray.com/pixraybot; +crawler@pixray.com)"
5.9.25.79 - - [02/Nov/2012:13:53:40 +0100] "GET /news.php?cs_go=archiv&cs_id=2500&cs_search= HTTP/1.1" 200 7887 "-" "Pixray-Seeker/2.0 (Pixray-Seeker; +http://www.pixray.com/pixraybot; +crawler@pixray.com)"
66.249.71.6 - - [02/Nov/2012:13:53:59 +0100] "GET /news.php?cs_go=archiv&cs_id=703&cs_search= HTTP/1.1" 200 7887 "-" "Mozilla/5.0 (compatible; Googlebot/2.1; +http://www.google.com/bot.html)"
66.249.71.6 - - [02/Nov/2012:13:55:01 +0100] "GET /news.php?cs_go=archiv&cs_id=645&cs_search= HTTP/1.1" 200 7887 "-" "Mozilla/5.0 (compatible; Googlebot/2.1; +http://www.google.com/bot.html)"
66.249.71.6 - - [02/Nov/2012:13:56:03 +0100] "GET /news.php?cs_go=archiv&cs_id=466&cs_search= HTTP/1.1" 200 7887 "-" "Mozilla/5.0 (compatible; Googlebot/2.1; +http://www.google.com/bot.html)"
66.249.71.6 - - [02/Nov/2012:13:57:05 +0100] "GET /news.php?cs_go=archiv&cs_id=152&cs_search= HTTP/1.1" 200 7887 "-" "Mozilla/5.0 (compatible; Googlebot/2.1; +http://www.google.com/bot.html)"
66.249.71.6 - - [02/Nov/2012:13:58:07 +0100] "GET /news.php?cs_go=archiv&cs_id=1618&cs_search= HTTP/1.1" 200 7887 "-" "Mozilla/5.0 (compatible; Googlebot/2.1; +http://www.google.com/bot.html)"
173.199.119.131 - - [02/Nov/2012:13:58:14 +0100] "GET /index.php HTTP/1.1" 200 15357 "-" "Mozilla/5.0 (compatible; AhrefsBot/4.0; +http://ahrefs.com/robot/)"
66.249.71.6 - - [02/Nov/2012:13:59:09 +0100] "GET /news.php?cs_go=archiv&cs_id=353&cs_search= HTTP/1.1" 200 7887 "-" "Mozilla/5.0 (compatible; Googlebot/2.1; +http://www.google.com/bot.html)"
66.249.71.6 - - [02/Nov/2012:13:59:40 +0100] "GET /news.php?cs_go=archiv&cs_id=435&cs_search= HTTP/1.1" 200 7887 "-" "Mozilla/5.0 (compatible; Googlebot/2.1; +http://www.google.com/bot.html)"
66.249.71.6 - - [02/Nov/2012:14:00:11 +0100] "GET /news.php?cs_go=archiv&cs_id=1610&cs_search= HTTP/1.1" 200 7887 "-" "Mozilla/5.0 (compatible; Googlebot/2.1; +http://www.google.com/bot.html)"
66.249.71.6 - - [02/Nov/2012:14:02:16 +0100] "GET /news.php?cs_go=archiv&cs_id=364&cs_search= HTTP/1.1" 200 7887 "-" "Mozilla/5.0 (compatible; Googlebot/2.1; +http://www.google.com/bot.html)"
66.249.71.6 - - [02/Nov/2012:14:03:24 +0100] "GET /news.php?cs_go=archiv&cs_id=3635 HTTP/1.1" 200 13377 "-" "Mozilla/5.0 (compatible; Googlebot/2.1; +http://www.google.com/bot.html)"
66.249.71.6 - - [02/Nov/2012:14:03:24 +0100] "GET /news.php?cs_go=archiv&cs_id=3633 HTTP/1.1" 200 13307 "-" "Mozilla/5.0 (compatible; Googlebot/2.1; +http://www.google.com/bot.html)"
66.249.71.6 - - [02/Nov/2012:14:03:25 +0100] "GET /news.php?cs_go=archiv&cs_id=3622 HTTP/1.1" 200 11727 "-" "Mozilla/5.0 (compatible; Googlebot/2.1; +http://www.google.com/bot.html)"
66.249.71.6 - - [02/Nov/2012:14:03:26 +0100] "GET /news.php?cs_go=archiv&cs_id=3634 HTTP/1.1" 200 9818 "-" "Mozilla/5.0 (compatible; Googlebot/2.1; +http://www.google.com/bot.html)"
66.249.71.6 - - [02/Nov/2012:14:04:20 +0100] "GET /news.php?cs_go=archiv&cs_id=529&cs_search= HTTP/1.1" 200 7887 "-" "Mozilla/5.0 (compatible; Googlebot/2.1; +http://www.google.com/bot.html)"
66.249.71.6 - - [02/Nov/2012:14:05:22 +0100] "GET /news.php?cs_go=archiv&cs_startpos=1750 HTTP/1.1" 200 8126 "-" "Mozilla/5.0 (compatible; Googlebot/2.1; +http://www.google.com/bot.html)"
66.249.71.6 - - [02/Nov/2012:14:08:28 +0100] "GET /news.php?cs_go=archiv&cs_id=475&cs_search= HTTP/1.1" 200 7887 "-" "Mozilla/5.0 (compatible; Googlebot/2.1; +http://www.google.com/bot.html)"
66.249.71.6 - - [02/Nov/2012:14:09:31 +0100] "GET /news.php?cs_go=archiv&cs_id=577&cs_search= HTTP/1.1" 200 7887 "-" "Mozilla/5.0 (compatible; Googlebot/2.1; +http://www.google.com/bot.html)"
66.249.71.6 - - [02/Nov/2012:14:10:33 +0100] "GET /news.php?cs_go=archiv&cs_id=379&cs_search= HTTP/1.1" 200 7887 "-" "Mozilla/5.0 (compatible; Googlebot/2.1; +http://www.google.com/bot.html)"
66.249.71.6 - - [02/Nov/2012:14:11:35 +0100] "GET /news.php?cs_go=archiv&cs_id=572&cs_search= HTTP/1.1" 200 7887 "-" "Mozilla/5.0 (compatible; Googlebot/2.1; +http://www.google.com/bot.html)"
66.249.71.6 - - [02/Nov/2012:14:12:37 +0100] "GET /news.php?cs_go=archiv&cs_startpos=1710 HTTP/1.1" 200 8126 "-" "Mozilla/5.0 (compatible; Googlebot/2.1; +http://www.google.com/bot.html)"
66.249.71.6 - - [02/Nov/2012:14:13:39 +0100] "GET /news.php?cs_go=archiv&cs_id=1533&cs_search= HTTP/1.1" 200 7887 "-" "Mozilla/5.0 (compatible; Googlebot/2.1; +http://www.google.com/bot.html)"
66.249.71.6 - - [02/Nov/2012:14:14:41 +0100] "GET /news.php?cs_go=archiv&cs_startpos=1650 HTTP/1.1" 200 8126 "-" "Mozilla/5.0 (compatible; Googlebot/2.1; +http://www.google.com/bot.html)"
157.56.93.204 - - [02/Nov/2012:14:15:03 +0100] "GET /images/RAL_Guetezeichen_Energiehandel.pdf HTTP/1.1" 200 288367 "-" "Mozilla/5.0 (compatible; bingbot/2.0; +http://www.bing.com/bingbot.htm)"
66.249.71.6 - - [02/Nov/2012:14:15:43 +0100] "GET /news.php?cs_go=archiv&cs_id=233&cs_search= HTTP/1.1" 200 7887 "-" "Mozilla/5.0 (compatible; Googlebot/2.1; +http://www.google.com/bot.html)"
66.249.71.6 - - [02/Nov/2012:14:16:45 +0100] "GET /news.php?cs_go=archiv&cs_id=151&cs_search= HTTP/1.1" 200 7887 "-" "Mozilla/5.0 (compatible; Googlebot/2.1; +http://www.google.com/bot.html)"
66.249.71.6 - - [02/Nov/2012:14:16:57 +0100] "GET /news.php?cs_go=archiv&cs_id=566&cs_search= HTTP/1.1" 200 7887 "-" "Mozilla/5.0 (compatible; Googlebot/2.1; +http://www.google.com/bot.html)"
66.249.71.6 - - [02/Nov/2012:14:17:48 +0100] "GET /news.php?cs_go=archiv&cs_id=332&cs_search= HTTP/1.1" 200 7887 "-" "Mozilla/5.0 (compatible; Googlebot/2.1; +http://www.google.com/bot.html)"
66.249.71.6 - - [02/Nov/2012:14:18:50 +0100] "GET /news.php?cs_go=archiv&cs_id=1556&cs_search= HTTP/1.1" 200 7887 "-" "Mozilla/5.0 (compatible; Googlebot/2.1; +http://www.google.com/bot.html)"
66.249.71.6 - - [02/Nov/2012:14:19:52 +0100] "GET /robots.txt HTTP/1.1" 200 177 "-" "Mozilla/5.0 (compatible; Googlebot/2.1; +http://www.google.com/bot.html)"
66.249.71.6 - - [02/Nov/2012:14:19:52 +0100] "GET /news.php?cs_go=archiv&cs_id=850&cs_search= HTTP/1.1" 200 7887 "-" "Mozilla/5.0 (compatible; Googlebot/2.1; +http://www.google.com/bot.html)"
66.249.71.6 - - [02/Nov/2012:14:20:54 +0100] "GET /news.php?cs_go=archiv&cs_id=2543 HTTP/1.1" 200 7887 "-" "Mozilla/5.0 (compatible; Googlebot/2.1; +http://www.google.com/bot.html)"
66.249.71.6 - - [02/Nov/2012:14:20:55 +0100] "GET /news.php?cs_go=archiv&cs_id=832&cs_search= HTTP/1.1" 200 7887 "-" "Mozilla/5.0 (compatible; Googlebot/2.1; +http://www.google.com/bot.html)"
66.249.71.6 - - [02/Nov/2012:14:21:56 +0100] "GET /news.php?cs_go=archiv&cs_id=70&cs_search= HTTP/1.1" 200 7887 "-" "Mozilla/5.0 (compatible; Googlebot/2.1; +http://www.google.com/bot.html)"
66.249.71.6 - - [02/Nov/2012:14:22:58 +0100] "GET /news.php?cs_go=archiv&cs_id=246&cs_search= HTTP/1.1" 200 7887 "-" "Mozilla/5.0 (compatible; Googlebot/2.1; +http://www.google.com/bot.html)"
66.249.71.6 - - [02/Nov/2012:14:24:00 +0100] "GET /news.php?cs_go=archiv&cs_id=339&cs_search= HTTP/1.1" 200 7887 "-" "Mozilla/5.0 (compatible; Googlebot/2.1; +http://www.google.com/bot.html)"
66.249.71.6 - - [02/Nov/2012:14:25:02 +0100] "GET /news.php?cs_go=archiv&cs_id=428&cs_search= HTTP/1.1" 200 7887 "-" "Mozilla/5.0 (compatible; Googlebot/2.1; +http://www.google.com/bot.html)"
66.249.71.6 - - [02/Nov/2012:14:26:05 +0100] "GET /news.php?cs_go=archiv&cs_id=439&cs_search= HTTP/1.1" 200 7887 "-" "Mozilla/5.0 (compatible; Googlebot/2.1; +http://www.google.com/bot.html)"
66.249.71.6 - - [02/Nov/2012:14:27:07 +0100] "GET /news.php?cs_go=archiv&cs_id=527&cs_search= HTTP/1.1" 200 7887 "-" "Mozilla/5.0 (compatible; Googlebot/2.1; +http://www.google.com/bot.html)"
66.249.71.6 - - [02/Nov/2012:14:27:10 +0100] "GET /news.php?cs_go=archiv&cs_id=2588&cs_search= HTTP/1.1" 200 7887 "-" "Mozilla/5.0 (compatible; Googlebot/2.1; +http://www.google.com/bot.html)"
66.249.71.6 - - [02/Nov/2012:14:28:27 +0100] "GET /news.php?cs_go=archiv&cs_id=2592&cs_search= HTTP/1.1" 200 7887 "-" "Mozilla/5.0 (compatible; Googlebot/2.1; +http://www.google.com/bot.html)"
66.249.71.6 - - [02/Nov/2012:14:28:27 +0100] "GET /news.php?cs_go=archiv&cs_id=2530&cs_search= HTTP/1.1" 200 7887 "-" "Mozilla/5.0 (compatible; Googlebot/2.1; +http://www.google.com/bot.html)"
66.249.71.6 - - [02/Nov/2012:14:29:11 +0100] "GET /news.php?cs_go=archiv&cs_id=348&cs_search= HTTP/1.1" 200 7887 "-" "Mozilla/5.0 (compatible; Googlebot/2.1; +http://www.google.com/bot.html)"
66.249.71.6 - - [02/Nov/2012:14:30:13 +0100] "GET /news.php?cs_go=archiv&cs_id=1570&cs_search= HTTP/1.1" 200 7887 "-" "Mozilla/5.0 (compatible; Googlebot/2.1; +http://www.google.com/bot.html)"
66.249.71.6 - - [02/Nov/2012:14:31:15 +0100] "GET /news.php?cs_go=archiv&cs_id=225&cs_search= HTTP/1.1" 200 7887 "-" "Mozilla/5.0 (compatible; Googlebot/2.1; +http://www.google.com/bot.html)"
66.249.71.6 - - [02/Nov/2012:14:32:17 +0100] "GET /news.php?cs_go=archiv&cs_id=931&cs_search= HTTP/1.1" 200 7887 "-" "Mozilla/5.0 (compatible; Googlebot/2.1; +http://www.google.com/bot.html)"
66.249.71.6 - - [02/Nov/2012:14:33:19 +0100] "GET /news.php?cs_go=archiv&cs_id=688&cs_search= HTTP/1.1" 200 7887 "-" "Mozilla/5.0 (compatible; Googlebot/2.1; +http://www.google.com/bot.html)"
66.249.71.6 - - [02/Nov/2012:14:34:09 +0100] "GET /news.php?cs_go=archiv&cs_id=263&cs_search= HTTP/1.1" 200 7887 "-" "Mozilla/5.0 (compatible; Googlebot/2.1; +http://www.google.com/bot.html)"
66.249.71.6 - - [02/Nov/2012:14:34:22 +0100] "GET /news.php?cs_go=archiv&cs_id=319&cs_search= HTTP/1.1" 200 7887 "-" "Mozilla/5.0 (compatible; Googlebot/2.1; +http://www.google.com/bot.html)"
66.249.71.6 - - [02/Nov/2012:14:35:24 +0100] "GET /news.php?cs_go=archiv&cs_id=636&cs_search= HTTP/1.1" 200 7887 "-" "Mozilla/5.0 (compatible; Googlebot/2.1; +http://www.google.com/bot.html)"
173.199.116.19 - - [02/Nov/2012:14:35:44 +0100] "GET /preisanfrage.php HTTP/1.1" 200 10734 "-" "Mozilla/5.0 (compatible; AhrefsBot/4.0; +http://ahrefs.com/robot/)"
66.249.71.6 - - [02/Nov/2012:14:36:26 +0100] "GET /news.php?cs_go=archiv&cs_id=31&cs_search= HTTP/1.1" 200 7887 "-" "Mozilla/5.0 (compatible; Googlebot/2.1; +http://www.google.com/bot.html)"
66.249.71.6 - - [02/Nov/2012:14:37:28 +0100] "GET /news.php?cs_go=archiv&cs_id=338&cs_search= HTTP/1.1" 200 7887 "-" "Mozilla/5.0 (compatible; Googlebot/2.1; +http://www.google.com/bot.html)"
66.249.71.6 - - [02/Nov/2012:14:39:32 +0100] "GET /news.php?cs_go=archiv&cs_id=97&cs_search= HTTP/1.1" 200 7887 "-" "Mozilla/5.0 (compatible; Googlebot/2.1; +http://www.google.com/bot.html)"
66.249.71.6 - - [02/Nov/2012:14:40:34 +0100] "GET /news.php?cs_go=archiv&cs_id=45&cs_search= HTTP/1.1" 200 7887 "-" "Mozilla/5.0 (compatible; Googlebot/2.1; +http://www.google.com/bot.html)"
5.9.25.76 - - [02/Nov/2012:14:41:20 +0100] "GET /robots.txt HTTP/1.1" 200 177 "-" "Pixray-Seeker/2.0 (Pixray-Seeker; +http://www.pixray.com/pixraybot; +crawler@pixray.com)"
5.9.25.76 - - [02/Nov/2012:14:41:21 +0100] "GET /news.php?cs_go=archiv&cs_startpos=1300 HTTP/1.1" 200 8126 "-" "Pixray-Seeker/2.0 (Pixray-Seeker; +http://www.pixray.com/pixraybot; +crawler@pixray.com)"
66.249.71.6 - - [02/Nov/2012:14:41:36 +0100] "GET /news.php?cs_go=archiv&cs_id=96&cs_search= HTTP/1.1" 200 7887 "-" "Mozilla/5.0 (compatible; Googlebot/2.1; +http://www.google.com/bot.html)"
66.249.71.6 - - [02/Nov/2012:14:42:39 +0100] "GET /news.php?cs_go=archiv&cs_id=1578&cs_search= HTTP/1.1" 200 7887 "-" "Mozilla/5.0 (compatible; Googlebot/2.1; +http://www.google.com/bot.html)"
66.249.71.6 - - [02/Nov/2012:14:44:43 +0100] "GET /news.php?cs_go=archiv&cs_id=971&cs_search= HTTP/1.1" 200 7887 "-" "Mozilla/5.0 (compatible; Googlebot/2.1; +http://www.google.com/bot.html)"
66.249.71.6 - - [02/Nov/2012:14:46:47 +0100] "GET /news.php?cs_go=archiv&cs_id=227&cs_search= HTTP/1.1" 200 7887 "-" "Mozilla/5.0 (compatible; Googlebot/2.1; +http://www.google.com/bot.html)"
66.249.71.6 - - [02/Nov/2012:14:47:49 +0100] "GET /news.php?cs_go=archiv&cs_id=85&cs_search= HTTP/1.1" 200 7887 "-" "Mozilla/5.0 (compatible; Googlebot/2.1; +http://www.google.com/bot.html)"
66.249.71.6 - - [02/Nov/2012:14:48:51 +0100] "GET /news.php?cs_go=archiv&cs_id=500&cs_search= HTTP/1.1" 200 7887 "-" "Mozilla/5.0 (compatible; Googlebot/2.1; +http://www.google.com/bot.html)"
66.249.71.6 - - [02/Nov/2012:14:49:53 +0100] "GET /news.php?cs_go=archiv&cs_id=356&cs_search= HTTP/1.1" 200 7887 "-" "Mozilla/5.0 (compatible; Googlebot/2.1; +http://www.google.com/bot.html)"
66.249.71.6 - - [02/Nov/2012:14:50:56 +0100] "GET /news.php?cs_go=archiv&cs_id=449&cs_search= HTTP/1.1" 200 7887 "-" "Mozilla/5.0 (compatible; Googlebot/2.1; +http://www.google.com/bot.html)"
66.249.71.6 - - [02/Nov/2012:14:51:25 +0100] "GET /news.php?cs_go=archiv&cs_id=1771&cs_search= HTTP/1.1" 200 7887 "-" "Mozilla/5.0 (compatible; Googlebot/2.1; +http://www.google.com/bot.html)"
66.249.71.6 - - [02/Nov/2012:14:51:58 +0100] "GET /news.php?cs_go=archiv&cs_id=286&cs_search= HTTP/1.1" 200 7887 "-" "Mozilla/5.0 (compatible; Googlebot/2.1; +http://www.google.com/bot.html)"
66.249.71.6 - - [02/Nov/2012:14:53:00 +0100] "GET /news.php?cs_go=archiv&cs_id=414&cs_search= HTTP/1.1" 200 7887 "-" "Mozilla/5.0 (compatible; Googlebot/2.1; +http://www.google.com/bot.html)"
66.249.71.6 - - [02/Nov/2012:14:55:04 +0100] "GET /news.php?cs_go=archiv&cs_startpos=1670 HTTP/1.1" 200 8126 "-" "Mozilla/5.0 (compatible; Googlebot/2.1; +http://www.google.com/bot.html)"
66.249.71.6 - - [02/Nov/2012:14:56:06 +0100] "GET /news.php?cs_go=archiv&cs_id=1545&cs_search= HTTP/1.1" 200 7887 "-" "Mozilla/5.0 (compatible; Googlebot/2.1; +http://www.google.com/bot.html)"
5.9.25.77 - - [02/Nov/2012:14:56:27 +0100] "GET /robots.txt HTTP/1.1" 200 177 "-" "Pixray-Seeker/2.0 (Pixray-Seeker; +http://www.pixray.com/pixraybot; +crawler@pixray.com)"
5.9.25.77 - - [02/Nov/2012:14:56:30 +0100] "GET /news.php?cs_go=archiv&cs_id=3229&cs_search= HTTP/1.1" 200 9853 "-" "Pixray-Seeker/2.0 (Pixray-Seeker; +http://www.pixray.com/pixraybot; +crawler@pixray.com)"
66.249.71.6 - - [02/Nov/2012:14:57:08 +0100] "GET /news.php?cs_go=archiv&cs_id=786&cs_search= HTTP/1.1" 200 7887 "-" "Mozilla/5.0 (compatible; Googlebot/2.1; +http://www.google.com/bot.html)"
66.249.71.6 - - [02/Nov/2012:14:57:48 +0100] "GET /news.php?cs_go=archiv&cs_id=50&cs_search= HTTP/1.1" 200 7887 "-" "Mozilla/5.0 (compatible; Googlebot/2.1; +http://www.google.com/bot.html)"
66.249.71.6 - - [02/Nov/2012:14:58:39 +0100] "GET /news.php?cs_go=archiv&cs_id=94&cs_search= HTTP/1.1" 200 7887 "-" "Mozilla/5.0 (compatible; Googlebot/2.1; +http://www.google.com/bot.html)"
66.249.71.6 - - [02/Nov/2012:14:59:30 +0100] "GET /news.php?cs_go=archiv&cs_id=201&cs_search= HTTP/1.1" 200 7887 "-" "Mozilla/5.0 (compatible; Googlebot/2.1; +http://www.google.com/bot.html)"
66.249.71.6 - - [02/Nov/2012:15:00:21 +0100] "GET /news.php?cs_go=archiv&cs_id=798&cs_search= HTTP/1.1" 200 7887 "-" "Mozilla/5.0 (compatible; Googlebot/2.1; +http://www.google.com/bot.html)"
66.249.71.6 - - [02/Nov/2012:15:01:12 +0100] "GET /news.php?cs_go=archiv&cs_id=1599&cs_search= HTTP/1.1" 200 7887 "-" "Mozilla/5.0 (compatible; Googlebot/2.1; +http://www.google.com/bot.html)"
66.249.71.6 - - [02/Nov/2012:15:01:51 +0100] "GET /news.php?cs_go=archiv&cs_id=2249&cs_search= HTTP/1.1" 200 7887 "-" "Mozilla/5.0 (compatible; Googlebot/2.1; +http://www.google.com/bot.html)"
66.249.71.6 - - [02/Nov/2012:15:02:03 +0100] "GET /news.php?cs_go=archiv&cs_id=738&cs_search= HTTP/1.1" 200 7887 "-" "Mozilla/5.0 (compatible; Googlebot/2.1; +http://www.google.com/bot.html)"
66.249.71.6 - - [02/Nov/2012:15:02:54 +0100] "GET /news.php?cs_go=archiv&cs_id=479&cs_search= HTTP/1.1" 200 7887 "-" "Mozilla/5.0 (compatible; Googlebot/2.1; +http://www.google.com/bot.html)"
66.249.71.6 - - [02/Nov/2012:15:03:45 +0100] "GET /news.php?cs_go=archiv&cs_id=477&cs_search= HTTP/1.1" 200 7887 "-" "Mozilla/5.0 (compatible; Googlebot/2.1; +http://www.google.com/bot.html)"
66.249.71.6 - - [02/Nov/2012:15:04:37 +0100] "GET /news.php?cs_go=archiv&cs_id=448&cs_search= HTTP/1.1" 200 7887 "-" "Mozilla/5.0 (compatible; Googlebot/2.1; +http://www.google.com/bot.html)"
66.249.71.6 - - [02/Nov/2012:15:05:27 +0100] "GET /news.php?cs_go=archiv&cs_id=818&cs_search= HTTP/1.1" 200 7887 "-" "Mozilla/5.0 (compatible; Googlebot/2.1; +http://www.google.com/bot.html)"
66.249.71.6 - - [02/Nov/2012:15:06:19 +0100] "GET /news.php?cs_go=archiv&cs_id=73&cs_search= HTTP/1.1" 200 7887 "-" "Mozilla/5.0 (compatible; Googlebot/2.1; +http://www.google.com/bot.html)"
66.249.71.6 - - [02/Nov/2012:15:07:10 +0100] "GET /news.php?cs_go=archiv&cs_id=54&cs_search= HTTP/1.1" 200 7887 "-" "Mozilla/5.0 (compatible; Googlebot/2.1; +http://www.google.com/bot.html)"
66.249.71.6 - - [02/Nov/2012:15:08:01 +0100] "GET /news.php?cs_go=archiv&cs_id=334&cs_search= HTTP/1.1" 200 7887 "-" "Mozilla/5.0 (compatible; Googlebot/2.1; +http://www.google.com/bot.html)"
66.249.71.6 - - [02/Nov/2012:15:08:52 +0100] "GET /news.php?cs_go=archiv&cs_id=347&cs_search= HTTP/1.1" 200 7887 "-" "Mozilla/5.0 (compatible; Googlebot/2.1; +http://www.google.com/bot.html)"
66.249.71.6 - - [02/Nov/2012:15:09:43 +0100] "GET /news.php?cs_go=archiv&cs_id=429&cs_search= HTTP/1.1" 200 7887 "-" "Mozilla/5.0 (compatible; Googlebot/2.1; +http://www.google.com/bot.html)"
66.249.71.6 - - [02/Nov/2012:15:10:34 +0100] "GET /news.php?cs_go=archiv&cs_id=612&cs_search= HTTP/1.1" 200 7887 "-" "Mozilla/5.0 (compatible; Googlebot/2.1; +http://www.google.com/bot.html)"
66.249.71.6 - - [02/Nov/2012:15:11:25 +0100] "GET /news.php?cs_go=archiv&cs_id=627&cs_search= HTTP/1.1" 200 7887 "-" "Mozilla/5.0 (compatible; Googlebot/2.1; +http://www.google.com/bot.html)"
173.199.119.131 - - [02/Nov/2012:15:13:18 +0100] "GET /news.php HTTP/1.1" 200 22066 "-" "Mozilla/5.0 (compatible; AhrefsBot/4.0; +http://ahrefs.com/robot/)"
66.249.71.6 - - [02/Nov/2012:15:13:58 +0100] "GET /news.php?cs_go=archiv&cs_id=842&cs_search= HTTP/1.1" 200 7887 "-" "Mozilla/5.0 (compatible; Googlebot/2.1; +http://www.google.com/bot.html)"
66.249.71.6 - - [02/Nov/2012:15:14:49 +0100] "GET /news.php?cs_go=archiv&cs_id=204&cs_search= HTTP/1.1" 200 7887 "-" "Mozilla/5.0 (compatible; Googlebot/2.1; +http://www.google.com/bot.html)"
5.9.25.82 - - [02/Nov/2012:15:15:29 +0100] "GET /robots.txt HTTP/1.1" 200 177 "-" "Pixray-Seeker/2.0 (Pixray-Seeker; +http://www.pixray.com/pixraybot; +crawler@pixray.com)"
5.9.25.82 - - [02/Nov/2012:15:15:29 +0100] "GET /news.php?cs_go=archiv&cs_id=3160 HTTP/1.1" 200 14729 "-" "Pixray-Seeker/2.0 (Pixray-Seeker; +http://www.pixray.com/pixraybot; +crawler@pixray.com)"
66.249.71.6 - - [02/Nov/2012:15:16:31 +0100] "GET /news.php?cs_go=archiv&cs_id=436&cs_search= HTTP/1.1" 200 7887 "-" "Mozilla/5.0 (compatible; Googlebot/2.1; +http://www.google.com/bot.html)"
66.249.71.6 - - [02/Nov/2012:15:17:22 +0100] "GET /news.php?cs_go=archiv&cs_id=896&cs_search= HTTP/1.1" 200 7887 "-" "Mozilla/5.0 (compatible; Googlebot/2.1; +http://www.google.com/bot.html)"
66.249.71.6 - - [02/Nov/2012:15:18:13 +0100] "GET /news.php?cs_go=archiv&cs_id=729&cs_search= HTTP/1.1" 200 7887 "-" "Mozilla/5.0 (compatible; Googlebot/2.1; +http://www.google.com/bot.html)"
66.249.71.6 - - [02/Nov/2012:15:19:04 +0100] "GET /news.php?cs_go=archiv&cs_id=279&cs_search= HTTP/1.1" 200 7887 "-" "Mozilla/5.0 (compatible; Googlebot/2.1; +http://www.google.com/bot.html)"
66.249.71.6 - - [02/Nov/2012:15:20:46 +0100] "GET /news.php?cs_go=archiv&cs_id=516&cs_search= HTTP/1.1" 200 7887 "-" "Mozilla/5.0 (compatible; Googlebot/2.1; +http://www.google.com/bot.html)"
66.249.71.6 - - [02/Nov/2012:15:23:19 +0100] "GET /news.php?cs_go=archiv&cs_id=28&cs_search= HTTP/1.1" 200 7887 "-" "Mozilla/5.0 (compatible; Googlebot/2.1; +http://www.google.com/bot.html)"
5.9.25.84 - - [02/Nov/2012:15:23:24 +0100] "GET /robots.txt HTTP/1.1" 200 177 "-" "Pixray-Seeker/2.0 (Pixray-Seeker; +http://www.pixray.com/pixraybot; +crawler@pixray.com)"
5.9.25.84 - - [02/Nov/2012:15:23:24 +0100] "GET /news.php?cs_go=archiv&cs_id=2214&cs_search= HTTP/1.1" 200 7887 "-" "Pixray-Seeker/2.0 (Pixray-Seeker; +http://www.pixray.com/pixraybot; +crawler@pixray.com)"
157.55.32.162 - - [02/Nov/2012:15:23:43 +0100] "GET /robots.txt HTTP/1.1" 200 177 "-" "Mozilla/5.0 (compatible; bingbot/2.0; +http://www.bing.com/bingbot.htm)"
66.249.71.6 - - [02/Nov/2012:15:24:10 +0100] "GET /news.php?cs_go=archiv&cs_id=1509&cs_search= HTTP/1.1" 200 7887 "-" "Mozilla/5.0 (compatible; Googlebot/2.1; +http://www.google.com/bot.html)"
157.55.32.162 - - [02/Nov/2012:15:24:53 +0100] "GET /seiten/optiplus_detail.php?det=pumpe HTTP/1.1" 404 - "-" "Mozilla/5.0 (compatible; bingbot/2.0; +http://www.bing.com/bingbot.htm)"
66.249.71.6 - - [02/Nov/2012:15:25:01 +0100] "GET /news.php?cs_go=archiv&cs_id=921&cs_search= HTTP/1.1" 200 7887 "-" "Mozilla/5.0 (compatible; Googlebot/2.1; +http://www.google.com/bot.html)"
66.249.71.6 - - [02/Nov/2012:15:25:52 +0100] "GET /news.php?cs_go=archiv&cs_id=596&cs_search= HTTP/1.1" 200 7887 "-" "Mozilla/5.0 (compatible; Googlebot/2.1; +http://www.google.com/bot.html)"
66.249.71.6 - - [02/Nov/2012:15:25:56 +0100] "GET /news.php?cs_go=archiv&cs_id=2762&cs_search= HTTP/1.1" 200 10522 "-" "Mozilla/5.0 (compatible; Googlebot/2.1; +http://www.google.com/bot.html)"
66.249.71.6 - - [02/Nov/2012:15:26:43 +0100] "GET /news.php?cs_go=archiv&cs_id=468&cs_search= HTTP/1.1" 200 7887 "-" "Mozilla/5.0 (compatible; Googlebot/2.1; +http://www.google.com/bot.html)"
66.249.71.6 - - [02/Nov/2012:15:27:34 +0100] "GET /news.php?cs_go=archiv&cs_id=2507&cs_search= HTTP/1.1" 200 7887 "-" "Mozilla/5.0 (compatible; Googlebot/2.1; +http://www.google.com/bot.html)"
66.249.71.6 - - [02/Nov/2012:15:29:17 +0100] "GET /news.php?cs_go=archiv&cs_id=80&cs_search= HTTP/1.1" 200 7887 "-" "Mozilla/5.0 (compatible; Googlebot/2.1; +http://www.google.com/bot.html)"
66.249.71.6 - - [02/Nov/2012:15:30:08 +0100] "GET /news.php?cs_go=archiv&cs_id=662&cs_search= HTTP/1.1" 200 7887 "-" "Mozilla/5.0 (compatible; Googlebot/2.1; +http://www.google.com/bot.html)"
5.9.25.77 - - [02/Nov/2012:15:30:17 +0100] "GET /robots.txt HTTP/1.1" 200 177 "-" "Pixray-Seeker/2.0 (Pixray-Seeker; +http://www.pixray.com/pixraybot; +crawler@pixray.com)"
5.9.25.77 - - [02/Nov/2012:15:30:17 +0100] "GET /news.php?cs_go=archiv&cs_id=1715&cs_search= HTTP/1.1" 200 7887 "-" "Pixray-Seeker/2.0 (Pixray-Seeker; +http://www.pixray.com/pixraybot; +crawler@pixray.com)"
66.249.71.6 - - [02/Nov/2012:15:30:59 +0100] "GET /news.php?cs_go=archiv&cs_id=26&cs_search= HTTP/1.1" 200 7887 "-" "Mozilla/5.0 (compatible; Googlebot/2.1; +http://www.google.com/bot.html)"
66.249.71.6 - - [02/Nov/2012:15:31:50 +0100] "GET /news.php?cs_go=archiv&cs_id=55&cs_search= HTTP/1.1" 200 7887 "-" "Mozilla/5.0 (compatible; Googlebot/2.1; +http://www.google.com/bot.html)"
5.9.25.79 - - [02/Nov/2012:15:32:43 +0100] "GET /robots.txt HTTP/1.1" 200 177 "-" "Pixray-Seeker/2.0 (Pixray-Seeker; +http://www.pixray.com/pixraybot; +crawler@pixray.com)"
5.9.25.79 - - [02/Nov/2012:15:32:43 +0100] "GET /news.php?cs_go=archiv&cs_id=1666&cs_search= HTTP/1.1" 200 7887 "-" "Pixray-Seeker/2.0 (Pixray-Seeker; +http://www.pixray.com/pixraybot; +crawler@pixray.com)"
5.9.25.82 - - [02/Nov/2012:15:33:07 +0100] "GET /robots.txt HTTP/1.1" 200 177 "-" "Pixray-Seeker/2.0 (Pixray-Seeker; +http://www.pixray.com/pixraybot; +crawler@pixray.com)"
5.9.25.82 - - [02/Nov/2012:15:33:07 +0100] "GET /news.php?cs_go=archiv&cs_id=3279&cs_search= HTTP/1.1" 200 13404 "-" "Pixray-Seeker/2.0 (Pixray-Seeker; +http://www.pixray.com/pixraybot; +crawler@pixray.com)"
5.9.25.69 - - [02/Nov/2012:15:33:28 +0100] "GET /robots.txt HTTP/1.1" 200 177 "-" "Pixray-Seeker/2.0 (Pixray-Seeker; +http://www.pixray.com/pixraybot; +crawler@pixray.com)"
5.9.25.69 - - [02/Nov/2012:15:33:28 +0100] "GET /news.php?cs_go=archiv&cs_id=2909&cs_search= HTTP/1.1" 200 14313 "-" "Pixray-Seeker/2.0 (Pixray-Seeker; +http://www.pixray.com/pixraybot; +crawler@pixray.com)"
5.9.25.79 - - [02/Nov/2012:15:33:50 +0100] "GET /robots.txt HTTP/1.1" 200 177 "-" "Pixray-Seeker/2.0 (Pixray-Seeker; +http://www.pixray.com/pixraybot; +crawler@pixray.com)"
5.9.25.79 - - [02/Nov/2012:15:33:50 +0100] "GET /news.php?cs_go=archiv&cs_startpos=770 HTTP/1.1" 200 8125 "-" "Pixray-Seeker/2.0 (Pixray-Seeker; +http://www.pixray.com/pixraybot; +crawler@pixray.com)"
139.18.2.17 - - [02/Nov/2012:15:36:00 +0100] "GET /kwk.php HTTP/1.1" 200 5767 "-" "findlinks/2.6 (+http://wortschatz.uni-leipzig.de/findlinks/)"
139.18.2.17 - - [02/Nov/2012:15:36:00 +0100] "GET /kwk.php HTTP/1.1" 200 10797 "-" "findlinks/2.6 (+http://wortschatz.uni-leipzig.de/findlinks/)"
66.249.71.6 - - [02/Nov/2012:15:36:05 +0100] "GET /news.php?cs_go=archiv&cs_id=374&cs_search= HTTP/1.1" 200 7887 "-" "Mozilla/5.0 (compatible; Googlebot/2.1; +http://www.google.com/bot.html)"
66.249.71.6 - - [02/Nov/2012:15:36:56 +0100] "GET /news.php?cs_go=archiv&cs_id=1586&cs_search= HTTP/1.1" 200 7887 "-" "Mozilla/5.0 (compatible; Googlebot/2.1; +http://www.google.com/bot.html)"
66.249.71.6 - - [02/Nov/2012:15:37:47 +0100] "GET /news.php?cs_go=archiv&cs_id=831&cs_search= HTTP/1.1" 200 7887 "-" "Mozilla/5.0 (compatible; Googlebot/2.1; +http://www.google.com/bot.html)"
66.249.71.6 - - [02/Nov/2012:15:38:39 +0100] "GET /news.php?cs_go=archiv&cs_id=1584&cs_search= HTTP/1.1" 200 7887 "-" "Mozilla/5.0 (compatible; Googlebot/2.1; +http://www.google.com/bot.html)"
5.9.25.85 - - [02/Nov/2012:15:38:50 +0100] "GET /robots.txt HTTP/1.1" 200 177 "-" "Pixray-Seeker/2.0 (Pixray-Seeker; +http://www.pixray.com/pixraybot; +crawler@pixray.com)"
5.9.25.85 - - [02/Nov/2012:15:38:50 +0100] "GET /news.php?cs_go=archiv&cs_startpos=1491 HTTP/1.1" 200 8126 "-" "Pixray-Seeker/2.0 (Pixray-Seeker; +http://www.pixray.com/pixraybot; +crawler@pixray.com)"
66.249.71.6 - - [02/Nov/2012:15:39:29 +0100] "GET /news.php?cs_go=archiv&cs_id=819&cs_search= HTTP/1.1" 200 7887 "-" "Mozilla/5.0 (compatible; Googlebot/2.1; +http://www.google.com/bot.html)"
66.249.71.6 - - [02/Nov/2012:15:40:20 +0100] "GET /news.php?cs_go=archiv&cs_id=76&cs_search= HTTP/1.1" 200 7887 "-" "Mozilla/5.0 (compatible; Googlebot/2.1; +http://www.google.com/bot.html)"
66.249.71.6 - - [02/Nov/2012:15:41:11 +0100] "GET /news.php?cs_go=archiv&cs_id=24&cs_search= HTTP/1.1" 200 7887 "-" "Mozilla/5.0 (compatible; Googlebot/2.1; +http://www.google.com/bot.html)"
66.249.71.6 - - [02/Nov/2012:15:42:02 +0100] "GET /news.php?cs_go=archiv&cs_id=2760&cs_search= HTTP/1.1" 200 11131 "-" "Mozilla/5.0 (compatible; Googlebot/2.1; +http://www.google.com/bot.html)"
66.249.71.6 - - [02/Nov/2012:15:43:13 +0100] "GET /news.php?cs_go=archiv&cs_id=36&cs_search= HTTP/1.1" 200 7887 "-" "Mozilla/5.0 (compatible; Googlebot/2.1; +http://www.google.com/bot.html)"
66.249.71.6 - - [02/Nov/2012:15:43:44 +0100] "GET /news.php?cs_go=archiv&cs_id=1769&cs_search= HTTP/1.1" 200 7887 "-" "Mozilla/5.0 (compatible; Googlebot/2.1; +http://www.google.com/bot.html)"
66.249.71.6 - - [02/Nov/2012:15:44:35 +0100] "GET /news.php?cs_go=archiv&cs_id=2759&cs_search= HTTP/1.1" 200 12231 "-" "Mozilla/5.0 (compatible; Googlebot/2.1; +http://www.google.com/bot.html)"
66.249.71.6 - - [02/Nov/2012:15:45:26 +0100] "GET /news.php?cs_go=archiv&cs_id=3001 HTTP/1.1" 200 11294 "-" "Mozilla/5.0 (compatible; Googlebot/2.1; +http://www.google.com/bot.html)"
66.249.71.6 - - [02/Nov/2012:15:46:17 +0100] "GET /news.php?cs_go=archiv&cs_id=1688&cs_search= HTTP/1.1" 200 7887 "-" "Mozilla/5.0 (compatible; Googlebot/2.1; +http://www.google.com/bot.html)"
