5.9.25.77 - - [04/Nov/2012:23:52:07 +0100] "GET /robots.txt HTTP/1.1" 200 177 "-" "Pixray-Seeker/2.0 (Pixray-Seeker; +http://www.pixray.com/pixraybot; +crawler@pixray.com)"
5.9.25.77 - - [04/Nov/2012:23:52:07 +0100] "GET /modernisierung.php?cs_gp_go=plus HTTP/1.1" 200 11578 "-" "Pixray-Seeker/2.0 (Pixray-Seeker; +http://www.pixray.com/pixraybot; +crawler@pixray.com)"
66.249.74.49 - - [04/Nov/2012:23:54:01 +0100] "GET /news.php?cs_go=archiv&cs_id=1749&cs_search= HTTP/1.1" 200 7887 "-" "Mozilla/5.0 (compatible; Googlebot/2.1; +http://www.google.com/bot.html)"
178.154.179.250 - - [05/Nov/2012:00:14:44 +0100] "GET /news.php?cs_go=archiv&cs_id=3597 HTTP/1.1" 200 10712 "-" "Mozilla/5.0 (compatible; YandexBot/3.0; +http://yandex.com/bots)"
213.186.119.144 - - [05/Nov/2012:00:21:08 +0100] "GET /news.php?cs_go=archiv&cs_id=3510&cs_search= HTTP/1.1" 200 10259 "-" "Mozilla/5.0 (compatible; AhrefsBot/3.1; +http://ahrefs.com/robot/)"
66.249.74.49 - - [05/Nov/2012:00:22:51 +0100] "GET /news.php?cs_go=archiv&cs_id=2289&cs_search= HTTP/1.1" 200 7887 "-" "Mozilla/5.0 (compatible; Googlebot/2.1; +http://www.google.com/bot.html)"
5.9.25.75 - - [05/Nov/2012:00:24:27 +0100] "GET /robots.txt HTTP/1.1" 200 177 "-" "Pixray-Seeker/2.0 (Pixray-Seeker; +http://www.pixray.com/pixraybot; +crawler@pixray.com)"
5.9.25.75 - - [05/Nov/2012:00:24:27 +0100] "GET /news.php?cs_go=archiv&cs_id=3205&cs_search= HTTP/1.1" 200 9862 "-" "Pixray-Seeker/2.0 (Pixray-Seeker; +http://www.pixray.com/pixraybot; +crawler@pixray.com)"
66.249.74.49 - - [05/Nov/2012:00:34:58 +0100] "GET /news.php?cs_go=archiv&cs_id=1513&cs_search= HTTP/1.1" 200 7887 "-" "Mozilla/5.0 (compatible; Googlebot/2.1; +http://www.google.com/bot.html)"
65.36.241.79 - - [05/Nov/2012:00:43:24 +0100] "HEAD / HTTP/1.1" 200 - "-" "InternetSeer.com"
5.9.25.77 - - [05/Nov/2012:00:45:23 +0100] "GET /robots.txt HTTP/1.1" 200 177 "-" "Pixray-Seeker/2.0 (Pixray-Seeker; +http://www.pixray.com/pixraybot; +crawler@pixray.com)"
5.9.25.77 - - [05/Nov/2012:00:45:23 +0100] "GET /news.php?cs_go=archiv&cs_id=1728&cs_search= HTTP/1.1" 200 7887 "-" "Pixray-Seeker/2.0 (Pixray-Seeker; +http://www.pixray.com/pixraybot; +crawler@pixray.com)"
5.9.25.68 - - [05/Nov/2012:00:51:54 +0100] "GET /robots.txt HTTP/1.1" 200 177 "-" "Pixray-Seeker/2.0 (Pixray-Seeker; +http://www.pixray.com/pixraybot; +crawler@pixray.com)"
5.9.25.68 - - [05/Nov/2012:00:51:54 +0100] "GET /news.php?cs_go=archiv&cs_id=2845&cs_search= HTTP/1.1" 200 11036 "-" "Pixray-Seeker/2.0 (Pixray-Seeker; +http://www.pixray.com/pixraybot; +crawler@pixray.com)"
66.249.74.49 - - [05/Nov/2012:00:59:20 +0100] "GET /lexikon.php?cs_go=3&cs_id=58 HTTP/1.1" 200 10841 "-" "Mozilla/5.0 (compatible; Googlebot/2.1; +http://www.google.com/bot.html)"
5.9.25.84 - - [05/Nov/2012:00:59:40 +0100] "GET /robots.txt HTTP/1.1" 200 177 "-" "Pixray-Seeker/2.0 (Pixray-Seeker; +http://www.pixray.com/pixraybot; +crawler@pixray.com)"
5.9.25.84 - - [05/Nov/2012:00:59:40 +0100] "GET /news.php?cs_go=archiv&cs_id=1750&cs_search= HTTP/1.1" 200 7887 "-" "Pixray-Seeker/2.0 (Pixray-Seeker; +http://www.pixray.com/pixraybot; +crawler@pixray.com)"
5.9.25.85 - - [05/Nov/2012:01:00:09 +0100] "GET /robots.txt HTTP/1.1" 200 177 "-" "Pixray-Seeker/2.0 (Pixray-Seeker; +http://www.pixray.com/pixraybot; +crawler@pixray.com)"
5.9.25.85 - - [05/Nov/2012:01:00:10 +0100] "GET /news.php?cs_go=archiv&cs_id=1648&cs_search= HTTP/1.1" 200 7887 "-" "Pixray-Seeker/2.0 (Pixray-Seeker; +http://www.pixray.com/pixraybot; +crawler@pixray.com)"
66.249.74.49 - - [05/Nov/2012:01:04:14 +0100] "GET /news.php?cs_go=archiv&cs_startpos=2120 HTTP/1.1" 200 8126 "-" "Mozilla/5.0 (compatible; Googlebot/2.1; +http://www.google.com/bot.html)"
66.249.74.49 - - [05/Nov/2012:01:09:11 +0100] "GET /news.php?cs_go=archiv&cs_startpos=2150 HTTP/1.1" 200 8126 "-" "Mozilla/5.0 (compatible; Googlebot/2.1; +http://www.google.com/bot.html)"
178.154.179.250 - - [05/Nov/2012:01:10:03 +0100] "GET /index.php HTTP/1.1" 200 15326 "-" "Mozilla/5.0 (compatible; YandexBot/3.0; +http://yandex.com/bots)"
5.9.25.81 - - [05/Nov/2012:01:17:00 +0100] "GET /robots.txt HTTP/1.1" 200 177 "-" "Pixray-Seeker/2.0 (Pixray-Seeker; +http://www.pixray.com/pixraybot; +crawler@pixray.com)"
5.9.25.81 - - [05/Nov/2012:01:17:00 +0100] "GET /news.php?cs_go=archiv&cs_id=2875&cs_search= HTTP/1.1" 200 10874 "-" "Pixray-Seeker/2.0 (Pixray-Seeker; +http://www.pixray.com/pixraybot; +crawler@pixray.com)"
66.249.74.49 - - [05/Nov/2012:01:21:34 +0100] "GET /news.php?cs_go=archiv&cs_startpos=2140 HTTP/1.1" 200 8126 "-" "Mozilla/5.0 (compatible; Googlebot/2.1; +http://www.google.com/bot.html)"
66.249.74.49 - - [05/Nov/2012:01:28:59 +0100] "GET /news.php?cs_go=archiv&cs_startpos=2130 HTTP/1.1" 200 8126 "-" "Mozilla/5.0 (compatible; Googlebot/2.1; +http://www.google.com/bot.html)"
213.186.119.138 - - [05/Nov/2012:01:29:41 +0100] "GET /kwk.php?cs_go=2 HTTP/1.1" 200 11855 "-" "Mozilla/5.0 (compatible; AhrefsBot/3.1; +http://ahrefs.com/robot/)"
66.249.74.49 - - [05/Nov/2012:01:34:00 +0100] "GET /news.php?cs_go=archiv&cs_startpos=2080 HTTP/1.1" 200 8126 "-" "Mozilla/5.0 (compatible; Googlebot/2.1; +http://www.google.com/bot.html)"
66.249.74.49 - - [05/Nov/2012:01:41:32 +0100] "GET /news.php?cs_go=archiv&cs_startpos=2060 HTTP/1.1" 200 8126 "-" "Mozilla/5.0 (compatible; Googlebot/2.1; +http://www.google.com/bot.html)"
66.249.74.49 - - [05/Nov/2012:01:44:01 +0100] "GET /news.php?cs_go=archiv&cs_startpos=2200 HTTP/1.1" 200 8126 "-" "Mozilla/5.0 (compatible; Googlebot/2.1; +http://www.google.com/bot.html)"
66.249.74.49 - - [05/Nov/2012:01:46:32 +0100] "GET /news.php?cs_go=archiv&cs_startpos=2090 HTTP/1.1" 200 8126 "-" "Mozilla/5.0 (compatible; Googlebot/2.1; +http://www.google.com/bot.html)"
66.249.74.49 - - [05/Nov/2012:01:51:33 +0100] "GET /news.php?cs_go=archiv&cs_startpos=2050 HTTP/1.1" 200 8126 "-" "Mozilla/5.0 (compatible; Googlebot/2.1; +http://www.google.com/bot.html)"
178.154.179.250 - - [05/Nov/2012:01:52:38 +0100] "GET /news.php HTTP/1.1" 200 22042 "-" "Mozilla/5.0 (compatible; YandexBot/3.0; +http://yandex.com/bots)"
66.249.74.49 - - [05/Nov/2012:01:54:03 +0100] "GET /news.php?cs_go=archiv&cs_startpos=2070 HTTP/1.1" 200 8126 "-" "Mozilla/5.0 (compatible; Googlebot/2.1; +http://www.google.com/bot.html)"
66.249.74.49 - - [05/Nov/2012:01:56:34 +0100] "GET /news.php?cs_go=archiv&cs_startpos=2110 HTTP/1.1" 200 8126 "-" "Mozilla/5.0 (compatible; Googlebot/2.1; +http://www.google.com/bot.html)"
66.249.74.49 - - [05/Nov/2012:02:06:42 +0100] "GET /news.php?cs_go=archiv&cs_id=3432&cs_search= HTTP/1.1" 200 13557 "-" "Mozilla/5.0 (compatible; Googlebot/2.1; +http://www.google.com/bot.html)"
66.249.74.49 - - [05/Nov/2012:02:16:51 +0100] "GET /news.php?cs_go=archiv&cs_startpos=270 HTTP/1.1" 200 22859 "-" "Mozilla/5.0 (compatible; Googlebot/2.1; +http://www.google.com/bot.html)"
66.249.74.49 - - [05/Nov/2012:02:21:57 +0100] "GET /news.php?cs_go=archiv&cs_id=3346&cs_search= HTTP/1.1" 200 13403 "-" "Mozilla/5.0 (compatible; Googlebot/2.1; +http://www.google.com/bot.html)"
66.249.74.49 - - [05/Nov/2012:02:24:31 +0100] "GET /news.php?cs_go=archiv&cs_id=3343&cs_search= HTTP/1.1" 200 16242 "-" "Mozilla/5.0 (compatible; Googlebot/2.1; +http://www.google.com/bot.html)"
66.249.74.49 - - [05/Nov/2012:02:27:05 +0100] "GET /news.php?cs_go=archiv&cs_id=3366&cs_search= HTTP/1.1" 200 9872 "-" "Mozilla/5.0 (compatible; Googlebot/2.1; +http://www.google.com/bot.html)"
5.9.25.76 - - [05/Nov/2012:02:29:36 +0100] "GET /robots.txt HTTP/1.1" 200 177 "-" "Pixray-Seeker/2.0 (Pixray-Seeker; +http://www.pixray.com/pixraybot; +crawler@pixray.com)"
5.9.25.76 - - [05/Nov/2012:02:29:36 +0100] "GET /news.php?cs_go=archiv&cs_id=2204&cs_search= HTTP/1.1" 200 7887 "-" "Pixray-Seeker/2.0 (Pixray-Seeker; +http://www.pixray.com/pixraybot; +crawler@pixray.com)"
66.249.74.49 - - [05/Nov/2012:02:29:40 +0100] "GET /news.php?cs_go=archiv&cs_id=2130&cs_search= HTTP/1.1" 200 7887 "-" "Mozilla/5.0 (compatible; Googlebot/2.1; +http://www.google.com/bot.html)"
66.249.74.49 - - [05/Nov/2012:02:32:14 +0100] "GET /news.php?cs_go=archiv&cs_id=2230&cs_search= HTTP/1.1" 200 7887 "-" "Mozilla/5.0 (compatible; Googlebot/2.1; +http://www.google.com/bot.html)"
66.249.74.49 - - [05/Nov/2012:02:34:49 +0100] "GET /news.php?cs_go=archiv&cs_id=2136&cs_search= HTTP/1.1" 200 7887 "-" "Mozilla/5.0 (compatible; Googlebot/2.1; +http://www.google.com/bot.html)"
213.186.119.133 - - [05/Nov/2012:02:36:44 +0100] "GET /news.php?cs_go=archiv&cs_id=3511&cs_search= HTTP/1.1" 200 11721 "-" "Mozilla/5.0 (compatible; AhrefsBot/3.1; +http://ahrefs.com/robot/)"
66.249.74.49 - - [05/Nov/2012:02:37:25 +0100] "GET /news.php?cs_go=archiv&cs_id=2356&cs_search= HTTP/1.1" 200 7887 "-" "Mozilla/5.0 (compatible; Googlebot/2.1; +http://www.google.com/bot.html)"
5.9.25.84 - - [05/Nov/2012:02:38:23 +0100] "GET /robots.txt HTTP/1.1" 200 177 "-" "Pixray-Seeker/2.0 (Pixray-Seeker; +http://www.pixray.com/pixraybot; +crawler@pixray.com)"
5.9.25.84 - - [05/Nov/2012:02:38:23 +0100] "GET /news.php?cs_go=archiv&cs_id=2726&cs_search= HTTP/1.1" 200 10273 "-" "Pixray-Seeker/2.0 (Pixray-Seeker; +http://www.pixray.com/pixraybot; +crawler@pixray.com)"
178.154.179.250 - - [05/Nov/2012:02:39:29 +0100] "GET /news.php?cs_go=archiv&cs_id=3623 HTTP/1.1" 200 13477 "-" "Mozilla/5.0 (compatible; YandexBot/3.0; +http://yandex.com/bots)"
66.249.74.49 - - [05/Nov/2012:02:39:59 +0100] "GET /news.php?cs_go=archiv&cs_id=2077&cs_search= HTTP/1.1" 200 7887 "-" "Mozilla/5.0 (compatible; Googlebot/2.1; +http://www.google.com/bot.html)"
5.9.25.80 - - [05/Nov/2012:02:40:15 +0100] "GET /robots.txt HTTP/1.1" 200 177 "-" "Pixray-Seeker/2.0 (Pixray-Seeker; +http://www.pixray.com/pixraybot; +crawler@pixray.com)"
5.9.25.80 - - [05/Nov/2012:02:40:15 +0100] "GET /jobs.php HTTP/1.1" 200 10066 "-" "Pixray-Seeker/2.0 (Pixray-Seeker; +http://www.pixray.com/pixraybot; +crawler@pixray.com)"
66.249.71.184 - - [05/Nov/2012:02:42:11 +0100] "GET /news.php?cs_go=archiv&cs_id=2542 HTTP/1.1" 200 7887 "-" "Mozilla/5.0 (compatible; Googlebot/2.1; +http://www.google.com/bot.html)"
66.249.74.49 - - [05/Nov/2012:02:42:34 +0100] "GET /news.php?cs_go=archiv&cs_id=2078&cs_search= HTTP/1.1" 200 7887 "-" "Mozilla/5.0 (compatible; Googlebot/2.1; +http://www.google.com/bot.html)"
66.249.74.49 - - [05/Nov/2012:02:45:09 +0100] "GET /news.php?cs_go=archiv&cs_id=2080&cs_search= HTTP/1.1" 200 7887 "-" "Mozilla/5.0 (compatible; Googlebot/2.1; +http://www.google.com/bot.html)"
157.55.35.82 - - [05/Nov/2012:02:45:55 +0100] "GET /robots.txt HTTP/1.1" 200 177 "-" "Mozilla/5.0 (compatible; bingbot/2.0; +http://www.bing.com/bingbot.htm)"
66.249.74.49 - - [05/Nov/2012:02:47:44 +0100] "GET /news.php?cs_go=archiv&cs_id=2255&cs_search= HTTP/1.1" 200 7887 "-" "Mozilla/5.0 (compatible; Googlebot/2.1; +http://www.google.com/bot.html)"
5.9.25.72 - - [05/Nov/2012:02:49:08 +0100] "GET /robots.txt HTTP/1.1" 200 177 "-" "Pixray-Seeker/2.0 (Pixray-Seeker; +http://www.pixray.com/pixraybot; +crawler@pixray.com)"
5.9.25.72 - - [05/Nov/2012:02:49:08 +0100] "GET /news.php?cs_go=archiv&cs_id=3606&cs_search= HTTP/1.1" 200 11890 "-" "Pixray-Seeker/2.0 (Pixray-Seeker; +http://www.pixray.com/pixraybot; +crawler@pixray.com)"
66.249.74.49 - - [05/Nov/2012:02:50:19 +0100] "GET /news.php?cs_go=archiv&cs_id=2138&cs_search= HTTP/1.1" 200 7887 "-" "Mozilla/5.0 (compatible; Googlebot/2.1; +http://www.google.com/bot.html)"
84.19.190.126 - - [05/Nov/2012:02:51:59 +0100] "GET /robots.txt HTTP/1.1" 200 177 "-" "Mozilla/5.0 (compatible; UnisterBot; crawler@unister.de)"
84.19.190.126 - - [05/Nov/2012:02:51:59 +0100] "GET /news.php?cs_go=archiv&cs_id=3220&cs_search= HTTP/1.1" 200 12759 "-" "Mozilla/5.0 (compatible; UnisterBot; crawler@unister.de)"
66.249.74.49 - - [05/Nov/2012:02:52:54 +0100] "GET /news.php?cs_go=archiv&cs_id=2145&cs_search= HTTP/1.1" 200 7887 "-" "Mozilla/5.0 (compatible; Googlebot/2.1; +http://www.google.com/bot.html)"
84.19.190.126 - - [05/Nov/2012:02:54:40 +0100] "GET /news.php?cs_go=archiv&cs_startpos=270 HTTP/1.1" 200 22859 "-" "Mozilla/5.0 (compatible; UnisterBot; crawler@unister.de)"
66.249.74.49 - - [05/Nov/2012:02:55:29 +0100] "GET /news.php?cs_go=archiv&cs_id=2271&cs_search= HTTP/1.1" 200 7887 "-" "Mozilla/5.0 (compatible; Googlebot/2.1; +http://www.google.com/bot.html)"
84.19.190.126 - - [05/Nov/2012:02:55:54 +0100] "GET /news.php?cs_go=archiv&cs_id=3209&cs_search= HTTP/1.1" 200 13682 "-" "Mozilla/5.0 (compatible; UnisterBot; crawler@unister.de)"
84.19.190.126 - - [05/Nov/2012:02:57:11 +0100] "GET /news.php?cs_go=archiv&cs_id=3211&cs_search= HTTP/1.1" 200 12523 "-" "Mozilla/5.0 (compatible; UnisterBot; crawler@unister.de)"
66.249.74.49 - - [05/Nov/2012:02:58:03 +0100] "GET /news.php?cs_go=archiv&cs_id=2147&cs_search= HTTP/1.1" 200 7887 "-" "Mozilla/5.0 (compatible; Googlebot/2.1; +http://www.google.com/bot.html)"
87.118.116.25 - - [05/Nov/2012:02:58:28 +0100] "GET /news.php?cs_go=archiv&cs_id=3214&cs_search= HTTP/1.1" 200 9884 "-" "Mozilla/5.0 (compatible; UnisterBot; crawler@unister.de)"
84.19.190.126 - - [05/Nov/2012:02:59:33 +0100] "GET /news.php?cs_go=archiv&cs_id=3218&cs_search= HTTP/1.1" 200 13621 "-" "Mozilla/5.0 (compatible; UnisterBot; crawler@unister.de)"
84.19.190.126 - - [05/Nov/2012:03:00:36 +0100] "GET /news.php?cs_go=archiv&cs_id=3213&cs_search= HTTP/1.1" 200 13410 "-" "Mozilla/5.0 (compatible; UnisterBot; crawler@unister.de)"
66.249.74.49 - - [05/Nov/2012:03:00:39 +0100] "GET /news.php?cs_go=archiv&cs_id=2360&cs_search= HTTP/1.1" 200 7887 "-" "Mozilla/5.0 (compatible; Googlebot/2.1; +http://www.google.com/bot.html)"
5.9.25.70 - - [05/Nov/2012:03:00:52 +0100] "GET /robots.txt HTTP/1.1" 200 177 "-" "Pixray-Seeker/2.0 (Pixray-Seeker; +http://www.pixray.com/pixraybot; +crawler@pixray.com)"
5.9.25.70 - - [05/Nov/2012:03:00:52 +0100] "GET /news.php?cs_go=archiv&cs_startpos=1490 HTTP/1.1" 200 8126 "-" "Pixray-Seeker/2.0 (Pixray-Seeker; +http://www.pixray.com/pixraybot; +crawler@pixray.com)"
139.18.2.17 - - [05/Nov/2012:03:01:40 +0100] "GET /lexikon.php HTTP/1.1" 200 7008 "-" "findlinks/2.6 (+http://wortschatz.uni-leipzig.de/findlinks/)"
139.18.2.17 - - [05/Nov/2012:03:01:40 +0100] "GET /lexikon.php HTTP/1.1" 200 10436 "-" "findlinks/2.6 (+http://wortschatz.uni-leipzig.de/findlinks/)"
157.55.35.82 - - [05/Nov/2012:03:03:16 +0100] "GET / HTTP/1.1" 200 3409 "-" "Mozilla/5.0 (compatible; bingbot/2.0; +http://www.bing.com/bingbot.htm)"
66.249.74.49 - - [05/Nov/2012:03:03:15 +0100] "GET /news.php?cs_go=archiv&cs_id=2362&cs_search= HTTP/1.1" 200 7887 "-" "Mozilla/5.0 (compatible; Googlebot/2.1; +http://www.google.com/bot.html)"
66.249.74.49 - - [05/Nov/2012:03:06:15 +0100] "GET /news.php?cs_go=archiv&cs_id=2485&cs_search= HTTP/1.1" 200 7887 "-" "Mozilla/5.0 (compatible; Googlebot/2.1; +http://www.google.com/bot.html)"
66.249.74.49 - - [05/Nov/2012:03:08:25 +0100] "GET /news.php?cs_go=archiv&cs_id=2153&cs_search= HTTP/1.1" 200 7887 "-" "Mozilla/5.0 (compatible; Googlebot/2.1; +http://www.google.com/bot.html)"
66.249.74.49 - - [05/Nov/2012:03:09:39 +0100] "GET /news.php?cs_go=archiv&cs_id=2362&cs_search= HTTP/1.1" 200 7887 "-" "Mozilla/5.0 (compatible; Googlebot/2.1; +http://www.google.com/bot.html)"
66.249.74.49 - - [05/Nov/2012:03:13:37 +0100] "GET /news.php?cs_go=archiv&cs_id=2157&cs_search= HTTP/1.1" 200 7887 "-" "Mozilla/5.0 (compatible; Googlebot/2.1; +http://www.google.com/bot.html)"
66.249.74.49 - - [05/Nov/2012:03:16:12 +0100] "GET /news.php?cs_go=archiv&cs_id=2516&cs_search= HTTP/1.1" 200 7887 "-" "Mozilla/5.0 (compatible; Googlebot/2.1; +http://www.google.com/bot.html)"
157.55.35.82 - - [05/Nov/2012:03:17:47 +0100] "GET / HTTP/1.0" 200 15326 "-" "Mozilla/5.0 (compatible; bingbot/2.0; +http://www.bing.com/bingbot.htm)"
66.249.74.49 - - [05/Nov/2012:03:18:48 +0100] "GET /news.php?cs_go=archiv&cs_id=2155&cs_search= HTTP/1.1" 200 7887 "-" "Mozilla/5.0 (compatible; Googlebot/2.1; +http://www.google.com/bot.html)"
66.249.74.49 - - [05/Nov/2012:03:21:26 +0100] "GET /news.php?cs_go=archiv&cs_id=2163&cs_search= HTTP/1.1" 200 7887 "-" "Mozilla/5.0 (compatible; Googlebot/2.1; +http://www.google.com/bot.html)"
66.249.74.49 - - [05/Nov/2012:03:24:02 +0100] "GET /news.php?cs_go=archiv&cs_id=2194&cs_search= HTTP/1.1" 200 7887 "-" "Mozilla/5.0 (compatible; Googlebot/2.1; +http://www.google.com/bot.html)"
66.249.74.49 - - [05/Nov/2012:03:26:41 +0100] "GET /news.php?cs_go=archiv&cs_id=2181&cs_search= HTTP/1.1" 200 7887 "-" "Mozilla/5.0 (compatible; Googlebot/2.1; +http://www.google.com/bot.html)"
66.249.74.49 - - [05/Nov/2012:03:29:18 +0100] "GET /news.php?cs_go=archiv&cs_id=2197&cs_search= HTTP/1.1" 200 7887 "-" "Mozilla/5.0 (compatible; Googlebot/2.1; +http://www.google.com/bot.html)"
5.9.25.78 - - [05/Nov/2012:03:31:08 +0100] "GET /robots.txt HTTP/1.1" 200 177 "-" "Pixray-Seeker/2.0 (Pixray-Seeker; +http://www.pixray.com/pixraybot; +crawler@pixray.com)"
5.9.25.78 - - [05/Nov/2012:03:31:08 +0100] "GET /impressum.php HTTP/1.1" 200 8582 "-" "Pixray-Seeker/2.0 (Pixray-Seeker; +http://www.pixray.com/pixraybot; +crawler@pixray.com)"
66.249.74.49 - - [05/Nov/2012:03:31:56 +0100] "GET /news.php?cs_go=archiv&cs_id=2200&cs_search= HTTP/1.1" 200 7887 "-" "Mozilla/5.0 (compatible; Googlebot/2.1; +http://www.google.com/bot.html)"
5.9.25.79 - - [05/Nov/2012:03:34:34 +0100] "GET /robots.txt HTTP/1.1" 200 177 "-" "Pixray-Seeker/2.0 (Pixray-Seeker; +http://www.pixray.com/pixraybot; +crawler@pixray.com)"
66.249.74.49 - - [05/Nov/2012:03:34:34 +0100] "GET /news.php?cs_go=archiv&cs_id=2217&cs_search= HTTP/1.1" 200 7887 "-" "Mozilla/5.0 (compatible; Googlebot/2.1; +http://www.google.com/bot.html)"
5.9.25.79 - - [05/Nov/2012:03:34:34 +0100] "GET /news.php?cs_go=archiv&cs_id=2696&cs_search= HTTP/1.1" 200 7887 "-" "Pixray-Seeker/2.0 (Pixray-Seeker; +http://www.pixray.com/pixraybot; +crawler@pixray.com)"
66.249.74.49 - - [05/Nov/2012:03:37:10 +0100] "GET /news.php?cs_go=archiv&cs_id=2226&cs_search= HTTP/1.1" 200 7887 "-" "Mozilla/5.0 (compatible; Googlebot/2.1; +http://www.google.com/bot.html)"
66.249.74.49 - - [05/Nov/2012:03:39:49 +0100] "GET /news.php?cs_go=archiv&cs_id=2223&cs_search= HTTP/1.1" 200 7887 "-" "Mozilla/5.0 (compatible; Googlebot/2.1; +http://www.google.com/bot.html)"
66.249.74.49 - - [05/Nov/2012:03:42:28 +0100] "GET /news.php?cs_go=archiv&cs_id=2220&cs_search= HTTP/1.1" 200 7887 "-" "Mozilla/5.0 (compatible; Googlebot/2.1; +http://www.google.com/bot.html)"
178.154.179.250 - - [05/Nov/2012:03:42:40 +0100] "GET /news.php?cs_go=archiv&cs_id=3576 HTTP/1.1" 200 13343 "-" "Mozilla/5.0 (compatible; YandexBot/3.0; +http://yandex.com/bots)"
84.19.190.126 - - [05/Nov/2012:03:43:52 +0100] "GET /news.php?cs_go=archiv&cs_startpos=320 HTTP/1.1" 200 22825 "-" "Mozilla/5.0 (compatible; UnisterBot; crawler@unister.de)"
66.249.74.49 - - [05/Nov/2012:03:45:06 +0100] "GET /news.php?cs_go=archiv&cs_id=2062&cs_search= HTTP/1.1" 200 7887 "-" "Mozilla/5.0 (compatible; Googlebot/2.1; +http://www.google.com/bot.html)"
84.19.190.126 - - [05/Nov/2012:03:46:40 +0100] "GET /news.php?cs_go=archiv&cs_id=3215&cs_search= HTTP/1.1" 200 11114 "-" "Mozilla/5.0 (compatible; UnisterBot; crawler@unister.de)"
66.249.74.49 - - [05/Nov/2012:03:47:45 +0100] "GET /news.php?cs_go=archiv&cs_id=2528 HTTP/1.1" 200 7887 "-" "Mozilla/5.0 (compatible; Googlebot/2.1; +http://www.google.com/bot.html)"
84.19.190.126 - - [05/Nov/2012:03:47:51 +0100] "GET /news.php?cs_go=archiv&cs_id=3206&cs_search= HTTP/1.1" 200 12944 "-" "Mozilla/5.0 (compatible; UnisterBot; crawler@unister.de)"
66.249.74.49 - - [05/Nov/2012:03:50:24 +0100] "GET /news.php?cs_go=archiv&cs_id=2633 HTTP/1.1" 200 7887 "-" "Mozilla/5.0 (compatible; Googlebot/2.1; +http://www.google.com/bot.html)"
66.249.74.49 - - [05/Nov/2012:03:53:02 +0100] "GET /news.php?cs_go=archiv&cs_id=3494 HTTP/1.1" 200 10663 "-" "Mozilla/5.0 (compatible; Googlebot/2.1; +http://www.google.com/bot.html)"
66.249.74.49 - - [05/Nov/2012:03:55:41 +0100] "GET /news.php?cs_go=archiv&cs_id=3509 HTTP/1.1" 200 17019 "-" "Mozilla/5.0 (compatible; Googlebot/2.1; +http://www.google.com/bot.html)"
66.249.74.49 - - [05/Nov/2012:03:58:20 +0100] "GET /news.php?cs_go=archiv&cs_id=2064&cs_search= HTTP/1.1" 200 7887 "-" "Mozilla/5.0 (compatible; Googlebot/2.1; +http://www.google.com/bot.html)"
5.9.25.83 - - [05/Nov/2012:04:00:25 +0100] "GET /robots.txt HTTP/1.1" 200 177 "-" "Pixray-Seeker/2.0 (Pixray-Seeker; +http://www.pixray.com/pixraybot; +crawler@pixray.com)"
5.9.25.83 - - [05/Nov/2012:04:00:25 +0100] "GET /news.php?cs_go=archiv&cs_id=1935&cs_search= HTTP/1.1" 200 7887 "-" "Pixray-Seeker/2.0 (Pixray-Seeker; +http://www.pixray.com/pixraybot; +crawler@pixray.com)"
66.249.74.49 - - [05/Nov/2012:04:01:01 +0100] "GET /news.php?cs_go=archiv&cs_id=2538 HTTP/1.1" 200 7887 "-" "Mozilla/5.0 (compatible; Googlebot/2.1; +http://www.google.com/bot.html)"
66.249.74.49 - - [05/Nov/2012:04:03:40 +0100] "GET /news.php?cs_go=archiv&cs_id=3506 HTTP/1.1" 200 11404 "-" "Mozilla/5.0 (compatible; Googlebot/2.1; +http://www.google.com/bot.html)"
66.249.74.49 - - [05/Nov/2012:04:06:19 +0100] "GET /news.php?cs_go=archiv&cs_id=2648 HTTP/1.1" 200 7887 "-" "Mozilla/5.0 (compatible; Googlebot/2.1; +http://www.google.com/bot.html)"
66.249.74.49 - - [05/Nov/2012:04:08:59 +0100] "GET /news.php?cs_go=archiv&cs_id=2315&cs_search= HTTP/1.1" 200 7887 "-" "Mozilla/5.0 (compatible; Googlebot/2.1; +http://www.google.com/bot.html)"
5.9.25.79 - - [05/Nov/2012:04:10:30 +0100] "GET /robots.txt HTTP/1.1" 200 177 "-" "Pixray-Seeker/2.0 (Pixray-Seeker; +http://www.pixray.com/pixraybot; +crawler@pixray.com)"
5.9.25.79 - - [05/Nov/2012:04:10:30 +0100] "GET /news.php?cs_go=archiv&cs_id=2541&cs_search= HTTP/1.1" 200 7887 "-" "Pixray-Seeker/2.0 (Pixray-Seeker; +http://www.pixray.com/pixraybot; +crawler@pixray.com)"
66.249.74.49 - - [05/Nov/2012:04:11:39 +0100] "GET /news.php?cs_go=archiv&cs_id=3146&cs_search= HTTP/1.1" 200 14166 "-" "Mozilla/5.0 (compatible; Googlebot/2.1; +http://www.google.com/bot.html)"
66.249.74.49 - - [05/Nov/2012:04:14:20 +0100] "GET /news.php?cs_go=archiv&cs_id=2394&cs_search= HTTP/1.1" 200 7887 "-" "Mozilla/5.0 (compatible; Googlebot/2.1; +http://www.google.com/bot.html)"
66.249.74.49 - - [05/Nov/2012:04:17:00 +0100] "GET /news.php?cs_go=archiv&cs_id=2347&cs_search= HTTP/1.1" 200 7887 "-" "Mozilla/5.0 (compatible; Googlebot/2.1; +http://www.google.com/bot.html)"
66.249.74.49 - - [05/Nov/2012:04:19:41 +0100] "GET /news.php?cs_go=archiv&cs_id=2353&cs_search= HTTP/1.1" 200 7887 "-" "Mozilla/5.0 (compatible; Googlebot/2.1; +http://www.google.com/bot.html)"
66.249.74.49 - - [05/Nov/2012:04:22:22 +0100] "GET /news.php?cs_go=archiv&cs_id=2378&cs_search= HTTP/1.1" 200 7887 "-" "Mozilla/5.0 (compatible; Googlebot/2.1; +http://www.google.com/bot.html)"
66.249.74.49 - - [05/Nov/2012:04:25:00 +0100] "GET /news.php?cs_go=archiv&cs_id=2380&cs_search= HTTP/1.1" 200 7887 "-" "Mozilla/5.0 (compatible; Googlebot/2.1; +http://www.google.com/bot.html)"
66.249.74.49 - - [05/Nov/2012:04:30:22 +0100] "GET /news.php?cs_go=archiv&cs_id=2384&cs_search= HTTP/1.1" 200 7887 "-" "Mozilla/5.0 (compatible; Googlebot/2.1; +http://www.google.com/bot.html)"
66.249.74.49 - - [05/Nov/2012:04:33:03 +0100] "GET /news.php?cs_go=archiv&cs_id=2366&cs_search= HTTP/1.1" 200 7887 "-" "Mozilla/5.0 (compatible; Googlebot/2.1; +http://www.google.com/bot.html)"
5.9.25.85 - - [05/Nov/2012:04:35:01 +0100] "GET /robots.txt HTTP/1.1" 200 177 "-" "Pixray-Seeker/2.0 (Pixray-Seeker; +http://www.pixray.com/pixraybot; +crawler@pixray.com)"
5.9.25.85 - - [05/Nov/2012:04:35:01 +0100] "GET /news.php?cs_go=archiv&cs_id=1661&cs_search= HTTP/1.1" 200 7887 "-" "Pixray-Seeker/2.0 (Pixray-Seeker; +http://www.pixray.com/pixraybot; +crawler@pixray.com)"
66.249.74.49 - - [05/Nov/2012:04:35:44 +0100] "GET /news.php?cs_go=archiv&cs_id=2506&cs_search= HTTP/1.1" 200 7887 "-" "Mozilla/5.0 (compatible; Googlebot/2.1; +http://www.google.com/bot.html)"
84.19.190.126 - - [05/Nov/2012:04:37:35 +0100] "GET /news.php?cs_go=archiv&cs_id=3210&cs_search= HTTP/1.1" 200 10022 "-" "Mozilla/5.0 (compatible; UnisterBot; crawler@unister.de)"
66.249.74.49 - - [05/Nov/2012:04:38:23 +0100] "GET /news.php?cs_go=archiv&cs_id=2262&cs_search= HTTP/1.1" 200 7887 "-" "Mozilla/5.0 (compatible; Googlebot/2.1; +http://www.google.com/bot.html)"
84.19.190.126 - - [05/Nov/2012:04:40:34 +0100] "GET /news.php?cs_go=archiv&cs_id=3219&cs_search= HTTP/1.1" 200 10008 "-" "Mozilla/5.0 (compatible; UnisterBot; crawler@unister.de)"
66.249.74.49 - - [05/Nov/2012:04:41:05 +0100] "GET /news.php?cs_go=archiv&cs_id=1988&cs_search= HTTP/1.1" 200 7887 "-" "Mozilla/5.0 (compatible; Googlebot/2.1; +http://www.google.com/bot.html)"
66.249.74.49 - - [05/Nov/2012:04:43:45 +0100] "GET /news.php?cs_go=archiv&cs_id=2003&cs_search= HTTP/1.1" 200 7887 "-" "Mozilla/5.0 (compatible; Googlebot/2.1; +http://www.google.com/bot.html)"
66.249.74.49 - - [05/Nov/2012:04:46:26 +0100] "GET /news.php?cs_go=archiv&cs_id=2476&cs_search= HTTP/1.1" 200 7887 "-" "Mozilla/5.0 (compatible; Googlebot/2.1; +http://www.google.com/bot.html)"
66.249.74.49 - - [05/Nov/2012:04:49:01 +0100] "GET /news.php?cs_go=archiv&cs_id=674&cs_search= HTTP/1.1" 200 7887 "-" "Mozilla/5.0 (compatible; Googlebot/2.1; +http://www.google.com/bot.html)"
66.249.74.49 - - [05/Nov/2012:04:49:06 +0100] "GET /news.php?cs_go=archiv&cs_id=1967&cs_search= HTTP/1.1" 200 7887 "-" "Mozilla/5.0 (compatible; Googlebot/2.1; +http://www.google.com/bot.html)"
66.249.74.49 - - [05/Nov/2012:04:51:49 +0100] "GET /news.php?cs_go=archiv&cs_id=2075&cs_search= HTTP/1.1" 200 7887 "-" "Mozilla/5.0 (compatible; Googlebot/2.1; +http://www.google.com/bot.html)"
213.186.119.136 - - [05/Nov/2012:04:52:49 +0100] "GET /news.php?cs_go=archiv&cs_id=3512&cs_search= HTTP/1.1" 200 12506 "-" "Mozilla/5.0 (compatible; AhrefsBot/3.1; +http://ahrefs.com/robot/)"
66.249.74.49 - - [05/Nov/2012:04:54:31 +0100] "GET /news.php?cs_go=archiv&cs_id=2063&cs_search= HTTP/1.1" 200 7887 "-" "Mozilla/5.0 (compatible; Googlebot/2.1; +http://www.google.com/bot.html)"
5.9.25.75 - - [05/Nov/2012:04:59:10 +0100] "GET /robots.txt HTTP/1.1" 200 177 "-" "Pixray-Seeker/2.0 (Pixray-Seeker; +http://www.pixray.com/pixraybot; +crawler@pixray.com)"
5.9.25.75 - - [05/Nov/2012:04:59:10 +0100] "GET /news.php?cs_go=archiv&cs_id=1647&cs_search= HTTP/1.1" 200 7887 "-" "Pixray-Seeker/2.0 (Pixray-Seeker; +http://www.pixray.com/pixraybot; +crawler@pixray.com)"
66.249.74.49 - - [05/Nov/2012:04:59:53 +0100] "GET /news.php?cs_go=archiv&cs_id=2065&cs_search= HTTP/1.1" 200 7887 "-" "Mozilla/5.0 (compatible; Googlebot/2.1; +http://www.google.com/bot.html)"
66.249.74.49 - - [05/Nov/2012:05:02:36 +0100] "GET /news.php?cs_go=archiv&cs_id=2569 HTTP/1.1" 200 7887 "-" "Mozilla/5.0 (compatible; Googlebot/2.1; +http://www.google.com/bot.html)"
66.249.74.49 - - [05/Nov/2012:05:05:18 +0100] "GET /news.php?cs_go=archiv&cs_id=1763&cs_search= HTTP/1.1" 200 7887 "-" "Mozilla/5.0 (compatible; Googlebot/2.1; +http://www.google.com/bot.html)"
66.249.74.49 - - [05/Nov/2012:05:08:00 +0100] "GET /news.php?cs_go=archiv&cs_id=3390&cs_search= HTTP/1.1" 200 9876 "-" "Mozilla/5.0 (compatible; Googlebot/2.1; +http://www.google.com/bot.html)"
66.249.74.49 - - [05/Nov/2012:05:10:40 +0100] "GET /news.php?cs_go=archiv&cs_id=2143&cs_search= HTTP/1.1" 200 7887 "-" "Mozilla/5.0 (compatible; Googlebot/2.1; +http://www.google.com/bot.html)"
66.249.74.49 - - [05/Nov/2012:05:13:23 +0100] "GET /news.php?cs_go=archiv&cs_id=2462&cs_search= HTTP/1.1" 200 7887 "-" "Mozilla/5.0 (compatible; Googlebot/2.1; +http://www.google.com/bot.html)"
66.249.74.49 - - [05/Nov/2012:05:16:07 +0100] "GET /news.php?cs_go=archiv&cs_id=2608&cs_search= HTTP/1.1" 200 7887 "-" "Mozilla/5.0 (compatible; Googlebot/2.1; +http://www.google.com/bot.html)"
66.249.74.49 - - [05/Nov/2012:05:18:50 +0100] "GET /news.php?cs_go=archiv&cs_id=2478&cs_search= HTTP/1.1" 200 7887 "-" "Mozilla/5.0 (compatible; Googlebot/2.1; +http://www.google.com/bot.html)"
66.249.74.49 - - [05/Nov/2012:05:21:33 +0100] "GET /news.php?cs_go=archiv&cs_id=2496&cs_search= HTTP/1.1" 200 7887 "-" "Mozilla/5.0 (compatible; Googlebot/2.1; +http://www.google.com/bot.html)"
5.9.25.74 - - [05/Nov/2012:05:22:57 +0100] "GET /robots.txt HTTP/1.1" 200 177 "-" "Pixray-Seeker/2.0 (Pixray-Seeker; +http://www.pixray.com/pixraybot; +crawler@pixray.com)"
5.9.25.74 - - [05/Nov/2012:05:22:57 +0100] "GET /news.php?cs_go=archiv&cs_id=1791&cs_search= HTTP/1.1" 200 7887 "-" "Pixray-Seeker/2.0 (Pixray-Seeker; +http://www.pixray.com/pixraybot; +crawler@pixray.com)"
178.154.179.250 - - [05/Nov/2012:05:23:47 +0100] "GET /news.php?cs_go=archiv&cs_id=3504 HTTP/1.1" 200 14791 "-" "Mozilla/5.0 (compatible; YandexBot/3.0; +http://yandex.com/bots)"
66.249.74.49 - - [05/Nov/2012:05:26:58 +0100] "GET /news.php?cs_go=archiv&cs_startpos=91 HTTP/1.1" 200 22748 "-" "Mozilla/5.0 (compatible; Googlebot/2.1; +http://www.google.com/bot.html)"
66.249.74.49 - - [05/Nov/2012:05:29:42 +0100] "GET /news.php?cs_go=archiv&cs_id=3167 HTTP/1.1" 200 9952 "-" "Mozilla/5.0 (compatible; Googlebot/2.1; +http://www.google.com/bot.html)"
66.249.74.49 - - [05/Nov/2012:05:32:25 +0100] "GET /news.php?cs_go=archiv&cs_id=2045&cs_search= HTTP/1.1" 200 7887 "-" "Mozilla/5.0 (compatible; Googlebot/2.1; +http://www.google.com/bot.html)"
66.249.74.49 - - [05/Nov/2012:05:35:08 +0100] "GET /news.php?cs_go=archiv&cs_id=2260&cs_search= HTTP/1.1" 200 7887 "-" "Mozilla/5.0 (compatible; Googlebot/2.1; +http://www.google.com/bot.html)"
66.249.74.49 - - [05/Nov/2012:05:37:50 +0100] "GET /news.php?cs_go=archiv&cs_id=2617&cs_search= HTTP/1.1" 200 7887 "-" "Mozilla/5.0 (compatible; Googlebot/2.1; +http://www.google.com/bot.html)"
5.9.25.83 - - [05/Nov/2012:05:38:35 +0100] "GET /robots.txt HTTP/1.1" 200 177 "-" "Pixray-Seeker/2.0 (Pixray-Seeker; +http://www.pixray.com/pixraybot; +crawler@pixray.com)"
5.9.25.83 - - [05/Nov/2012:05:38:35 +0100] "GET /news.php?cs_go=archiv&cs_id=1934&cs_search= HTTP/1.1" 200 7887 "-" "Pixray-Seeker/2.0 (Pixray-Seeker; +http://www.pixray.com/pixraybot; +crawler@pixray.com)"
66.249.74.49 - - [05/Nov/2012:05:40:34 +0100] "GET /news.php?cs_go=archiv&cs_id=2298&cs_search= HTTP/1.1" 200 7887 "-" "Mozilla/5.0 (compatible; Googlebot/2.1; +http://www.google.com/bot.html)"
66.249.74.49 - - [05/Nov/2012:05:43:17 +0100] "GET /news.php?cs_go=archiv&cs_id=2481&cs_search= HTTP/1.1" 200 7887 "-" "Mozilla/5.0 (compatible; Googlebot/2.1; +http://www.google.com/bot.html)"
66.249.74.49 - - [05/Nov/2012:05:46:00 +0100] "GET /news.php?cs_go=archiv&cs_id=2495&cs_search= HTTP/1.1" 200 7887 "-" "Mozilla/5.0 (compatible; Googlebot/2.1; +http://www.google.com/bot.html)"
66.249.74.49 - - [05/Nov/2012:05:48:42 +0100] "GET /news.php?cs_go=archiv&cs_id=2497&cs_search= HTTP/1.1" 200 7887 "-" "Mozilla/5.0 (compatible; Googlebot/2.1; +http://www.google.com/bot.html)"
66.249.74.49 - - [05/Nov/2012:05:51:26 +0100] "GET /news.php?cs_go=archiv&cs_startpos=681 HTTP/1.1" 200 22382 "-" "Mozilla/5.0 (compatible; Googlebot/2.1; +http://www.google.com/bot.html)"
65.36.241.79 - - [05/Nov/2012:05:53:26 +0100] "HEAD / HTTP/1.1" 200 - "-" "InternetSeer.com"
66.249.74.49 - - [05/Nov/2012:05:54:11 +0100] "GET /news.php?cs_go=archiv&cs_id=2016&cs_search= HTTP/1.1" 200 7887 "-" "Mozilla/5.0 (compatible; Googlebot/2.1; +http://www.google.com/bot.html)"
66.249.74.49 - - [05/Nov/2012:05:56:58 +0100] "GET /news.php?cs_go=archiv&cs_id=2021&cs_search= HTTP/1.1" 200 7887 "-" "Mozilla/5.0 (compatible; Googlebot/2.1; +http://www.google.com/bot.html)"
66.249.74.49 - - [05/Nov/2012:05:59:43 +0100] "GET /news.php?cs_go=archiv&cs_id=2027&cs_search= HTTP/1.1" 200 7887 "-" "Mozilla/5.0 (compatible; Googlebot/2.1; +http://www.google.com/bot.html)"
66.249.74.49 - - [05/Nov/2012:06:02:30 +0100] "GET /news.php?cs_go=archiv&cs_id=1979&cs_search= HTTP/1.1" 200 7887 "-" "Mozilla/5.0 (compatible; Googlebot/2.1; +http://www.google.com/bot.html)"
66.249.74.49 - - [05/Nov/2012:06:05:16 +0100] "GET /news.php?cs_go=archiv&cs_id=2029&cs_search= HTTP/1.1" 200 7887 "-" "Mozilla/5.0 (compatible; Googlebot/2.1; +http://www.google.com/bot.html)"
66.249.74.49 - - [05/Nov/2012:06:05:56 +0100] "GET /news.php?cs_go=archiv&cs_id=123&cs_search= HTTP/1.1" 200 7887 "-" "Mozilla/5.0 (compatible; Googlebot/2.1; +http://www.google.com/bot.html)"
66.249.74.49 - - [05/Nov/2012:06:06:00 +0100] "GET /news.php?cs_go=archiv&cs_id=867&cs_search= HTTP/1.1" 200 7887 "-" "Mozilla/5.0 (compatible; Googlebot/2.1; +http://www.google.com/bot.html)"
5.9.25.76 - - [05/Nov/2012:06:07:15 +0100] "GET /robots.txt HTTP/1.1" 200 177 "-" "Pixray-Seeker/2.0 (Pixray-Seeker; +http://www.pixray.com/pixraybot; +crawler@pixray.com)"
5.9.25.76 - - [05/Nov/2012:06:07:15 +0100] "GET /news.php?cs_go=archiv&cs_id=2581&cs_search= HTTP/1.1" 200 7887 "-" "Pixray-Seeker/2.0 (Pixray-Seeker; +http://www.pixray.com/pixraybot; +crawler@pixray.com)"
66.249.74.49 - - [05/Nov/2012:06:08:01 +0100] "GET /news.php?cs_go=archiv&cs_id=2171&cs_search= HTTP/1.1" 200 7887 "-" "Mozilla/5.0 (compatible; Googlebot/2.1; +http://www.google.com/bot.html)"
178.154.179.250 - - [05/Nov/2012:06:08:31 +0100] "GET /news.php?cs_go=archiv&cs_id=3548 HTTP/1.1" 200 9873 "-" "Mozilla/5.0 (compatible; YandexBot/3.0; +http://yandex.com/bots)"
46.4.119.231 - - [05/Nov/2012:06:10:00 +0100] "GET /robots.txt HTTP/1.1" 200 177 "-" "Pixray-Seeker/2.0 (Pixray-Seeker; +http://www.pixray.com/pixraybot; +crawler@pixray.com)"
46.4.119.231 - - [05/Nov/2012:06:10:00 +0100] "GET /news.php?cs_go=archiv&cs_id=2716&cs_search= HTTP/1.1" 200 13460 "-" "Pixray-Seeker/2.0 (Pixray-Seeker; +http://www.pixray.com/pixraybot; +crawler@pixray.com)"
66.249.74.49 - - [05/Nov/2012:06:10:48 +0100] "GET /news.php?cs_go=archiv&cs_id=3156 HTTP/1.1" 200 13521 "-" "Mozilla/5.0 (compatible; Googlebot/2.1; +http://www.google.com/bot.html)"
123.125.71.56 - - [05/Nov/2012:06:12:04 +0100] "GET / HTTP/1.1" 200 15326 "-" "Mozilla/5.0 (compatible; Baiduspider/2.0; +http://www.baidu.com/search/spider.html)"
5.9.25.80 - - [05/Nov/2012:06:12:11 +0100] "GET /robots.txt HTTP/1.1" 200 177 "-" "Pixray-Seeker/2.0 (Pixray-Seeker; +http://www.pixray.com/pixraybot; +crawler@pixray.com)"
5.9.25.80 - - [05/Nov/2012:06:12:11 +0100] "GET /news.php?cs_go=archiv&cs_id=1787&cs_search= HTTP/1.1" 200 7887 "-" "Pixray-Seeker/2.0 (Pixray-Seeker; +http://www.pixray.com/pixraybot; +crawler@pixray.com)"
84.19.190.126 - - [05/Nov/2012:06:12:17 +0100] "GET /news.php?cs_go=archiv&cs_startpos=430 HTTP/1.1" 200 22908 "-" "Mozilla/5.0 (compatible; UnisterBot; crawler@unister.de)"
66.249.74.49 - - [05/Nov/2012:06:13:35 +0100] "GET /news.php?cs_go=archiv&cs_id=2023&cs_search= HTTP/1.1" 200 7887 "-" "Mozilla/5.0 (compatible; Googlebot/2.1; +http://www.google.com/bot.html)"
5.9.25.76 - - [05/Nov/2012:06:13:50 +0100] "GET /robots.txt HTTP/1.1" 200 177 "-" "Pixray-Seeker/2.0 (Pixray-Seeker; +http://www.pixray.com/pixraybot; +crawler@pixray.com)"
5.9.25.76 - - [05/Nov/2012:06:13:50 +0100] "GET /news.php?cs_go=archiv&cs_id=1966&cs_search= HTTP/1.1" 200 7887 "-" "Pixray-Seeker/2.0 (Pixray-Seeker; +http://www.pixray.com/pixraybot; +crawler@pixray.com)"
5.9.25.80 - - [05/Nov/2012:06:15:03 +0100] "GET /robots.txt HTTP/1.1" 200 177 "-" "Pixray-Seeker/2.0 (Pixray-Seeker; +http://www.pixray.com/pixraybot; +crawler@pixray.com)"
5.9.25.80 - - [05/Nov/2012:06:15:03 +0100] "GET /news.php?cs_go=archiv&cs_id=2533&cs_search= HTTP/1.1" 200 7887 "-" "Pixray-Seeker/2.0 (Pixray-Seeker; +http://www.pixray.com/pixraybot; +crawler@pixray.com)"
84.19.190.126 - - [05/Nov/2012:06:15:07 +0100] "GET /news.php?cs_go=archiv&cs_startpos=420 HTTP/1.1" 200 22874 "-" "Mozilla/5.0 (compatible; UnisterBot; crawler@unister.de)"
123.125.71.69 - - [05/Nov/2012:06:15:24 +0100] "GET /news.php?cs_go=archiv&cs_id=3619 HTTP/1.1" 200 10783 "-" "Mozilla/5.0 (compatible; Baiduspider/2.0; +http://www.baidu.com/search/spider.html)"
5.9.25.82 - - [05/Nov/2012:06:15:34 +0100] "GET /robots.txt HTTP/1.1" 200 177 "-" "Pixray-Seeker/2.0 (Pixray-Seeker; +http://www.pixray.com/pixraybot; +crawler@pixray.com)"
5.9.25.82 - - [05/Nov/2012:06:15:34 +0100] "GET /news.php?cs_go=archiv&cs_startpos=720 HTTP/1.1" 200 8493 "-" "Pixray-Seeker/2.0 (Pixray-Seeker; +http://www.pixray.com/pixraybot; +crawler@pixray.com)"
66.249.74.49 - - [05/Nov/2012:06:16:20 +0100] "GET /news.php?cs_go=archiv&cs_id=2025&cs_search= HTTP/1.1" 200 7887 "-" "Mozilla/5.0 (compatible; Googlebot/2.1; +http://www.google.com/bot.html)"
84.19.190.126 - - [05/Nov/2012:06:16:31 +0100] "GET /news.php?cs_go=archiv&cs_startpos=370 HTTP/1.1" 200 22756 "-" "Mozilla/5.0 (compatible; UnisterBot; crawler@unister.de)"
84.19.190.126 - - [05/Nov/2012:06:18:03 +0100] "GET /news.php?cs_go=archiv&cs_startpos=360 HTTP/1.1" 200 22720 "-" "Mozilla/5.0 (compatible; UnisterBot; crawler@unister.de)"
66.249.74.49 - - [05/Nov/2012:06:19:06 +0100] "GET /news.php?cs_go=archiv&cs_id=2033&cs_search= HTTP/1.1" 200 7887 "-" "Mozilla/5.0 (compatible; Googlebot/2.1; +http://www.google.com/bot.html)"
84.19.190.126 - - [05/Nov/2012:06:19:28 +0100] "GET /news.php?cs_go=archiv&cs_startpos=380 HTTP/1.1" 200 22824 "-" "Mozilla/5.0 (compatible; UnisterBot; crawler@unister.de)"
87.118.116.25 - - [05/Nov/2012:06:20:57 +0100] "GET /news.php?cs_go=archiv&cs_id=3077&cs_search= HTTP/1.1" 200 9940 "-" "Mozilla/5.0 (compatible; UnisterBot; crawler@unister.de)"
66.249.74.49 - - [05/Nov/2012:06:21:52 +0100] "GET /news.php?cs_go=archiv&cs_id=2428&cs_search= HTTP/1.1" 200 7887 "-" "Mozilla/5.0 (compatible; Googlebot/2.1; +http://www.google.com/bot.html)"
87.118.116.25 - - [05/Nov/2012:06:22:02 +0100] "GET /news.php?cs_go=archiv&cs_id=3078&cs_search= HTTP/1.1" 200 13505 "-" "Mozilla/5.0 (compatible; UnisterBot; crawler@unister.de)"
178.154.179.250 - - [05/Nov/2012:06:22:40 +0100] "GET /news.php?cs_go=archiv&cs_id=3522 HTTP/1.1" 200 9955 "-" "Mozilla/5.0 (compatible; YandexBot/3.0; +http://yandex.com/bots)"
87.118.116.25 - - [05/Nov/2012:06:23:17 +0100] "GET /news.php?cs_go=archiv&cs_id=3028&cs_search= HTTP/1.1" 200 12789 "-" "Mozilla/5.0 (compatible; UnisterBot; crawler@unister.de)"
87.118.116.25 - - [05/Nov/2012:06:24:24 +0100] "GET /news.php?cs_go=archiv&cs_id=3022&cs_search= HTTP/1.1" 200 11981 "-" "Mozilla/5.0 (compatible; UnisterBot; crawler@unister.de)"
66.249.74.49 - - [05/Nov/2012:06:24:38 +0100] "GET /news.php?cs_go=archiv&cs_id=2611&cs_search= HTTP/1.1" 200 7887 "-" "Mozilla/5.0 (compatible; Googlebot/2.1; +http://www.google.com/bot.html)"
84.19.190.126 - - [05/Nov/2012:06:25:23 +0100] "GET /news.php?cs_go=archiv&cs_id=3076&cs_search= HTTP/1.1" 200 13876 "-" "Mozilla/5.0 (compatible; UnisterBot; crawler@unister.de)"
66.249.74.49 - - [05/Nov/2012:06:26:05 +0100] "GET /news.php?cs_go=archiv&cs_id=747&cs_search= HTTP/1.1" 200 7887 "-" "Mozilla/5.0 (compatible; Googlebot/2.1; +http://www.google.com/bot.html)"
77.78.109.73 - - [05/Nov/2012:06:26:21 +0100] "GET / HTTP/1.1" 200 15326 "http://www.pagesinventory.com/domain/www.mink-gmbh.de.html" "Mozilla/5.0 (Windows; U; Windows NT 5.1; cs; rv:1.9.0.11) Gecko/2009060215 Firefox/3.0.11"
87.118.116.25 - - [05/Nov/2012:06:26:44 +0100] "GET /news.php?cs_go=archiv&cs_id=3027&cs_search= HTTP/1.1" 200 13367 "-" "Mozilla/5.0 (compatible; UnisterBot; crawler@unister.de)"
66.249.74.49 - - [05/Nov/2012:06:27:23 +0100] "GET /news.php?cs_go=archiv&cs_id=2454&cs_search= HTTP/1.1" 200 7887 "-" "Mozilla/5.0 (compatible; Googlebot/2.1; +http://www.google.com/bot.html)"
87.118.116.25 - - [05/Nov/2012:06:27:56 +0100] "GET /news.php?cs_go=archiv&cs_id=3074&cs_search= HTTP/1.1" 200 9914 "-" "Mozilla/5.0 (compatible; UnisterBot; crawler@unister.de)"
66.249.74.49 - - [05/Nov/2012:06:30:10 +0100] "GET /news.php?cs_go=archiv&cs_startpos=620 HTTP/1.1" 200 22969 "-" "Mozilla/5.0 (compatible; Googlebot/2.1; +http://www.google.com/bot.html)"
66.249.74.49 - - [05/Nov/2012:06:33:01 +0100] "GET /news.php?cs_go=archiv&cs_id=1862&cs_search= HTTP/1.1" 200 7887 "-" "Mozilla/5.0 (compatible; Googlebot/2.1; +http://www.google.com/bot.html)"
66.249.74.49 - - [05/Nov/2012:06:35:51 +0100] "GET /news.php?cs_go=archiv&cs_id=2484&cs_search= HTTP/1.1" 200 7887 "-" "Mozilla/5.0 (compatible; Googlebot/2.1; +http://www.google.com/bot.html)"
66.249.74.49 - - [05/Nov/2012:06:41:32 +0100] "GET /news.php?cs_go=archiv&cs_id=2464&cs_search= HTTP/1.1" 200 7887 "-" "Mozilla/5.0 (compatible; Googlebot/2.1; +http://www.google.com/bot.html)"
66.249.74.49 - - [05/Nov/2012:06:44:25 +0100] "GET /news.php?cs_go=archiv&cs_id=2490&cs_search= HTTP/1.1" 200 7887 "-" "Mozilla/5.0 (compatible; Googlebot/2.1; +http://www.google.com/bot.html)"
66.249.74.49 - - [05/Nov/2012:06:47:16 +0100] "GET /news.php?cs_go=archiv&cs_id=3415&cs_search= HTTP/1.1" 200 13355 "-" "Mozilla/5.0 (compatible; Googlebot/2.1; +http://www.google.com/bot.html)"
5.9.25.81 - - [05/Nov/2012:06:48:26 +0100] "GET /robots.txt HTTP/1.1" 200 177 "-" "Pixray-Seeker/2.0 (Pixray-Seeker; +http://www.pixray.com/pixraybot; +crawler@pixray.com)"
5.9.25.81 - - [05/Nov/2012:06:48:26 +0100] "GET /images/mail.jpg HTTP/1.1" 200 11165 "-" "Pixray-Seeker/2.0 (Pixray-Seeker; +http://www.pixray.com/pixraybot; +crawler@pixray.com)"
66.249.74.49 - - [05/Nov/2012:06:50:08 +0100] "GET /news.php?cs_go=archiv&cs_id=2328&cs_search= HTTP/1.1" 200 7887 "-" "Mozilla/5.0 (compatible; Googlebot/2.1; +http://www.google.com/bot.html)"
178.154.179.250 - - [05/Nov/2012:06:50:57 +0100] "GET /news.php?cs_go=archiv&cs_id=3526 HTTP/1.1" 200 13155 "-" "Mozilla/5.0 (compatible; YandexBot/3.0; +http://yandex.com/bots)"
66.249.74.49 - - [05/Nov/2012:06:52:57 +0100] "GET /news.php?cs_go=archiv&cs_id=3141&cs_search= HTTP/1.1" 200 11621 "-" "Mozilla/5.0 (compatible; Googlebot/2.1; +http://www.google.com/bot.html)"
5.9.25.77 - - [05/Nov/2012:06:55:39 +0100] "GET /robots.txt HTTP/1.1" 200 177 "-" "Pixray-Seeker/2.0 (Pixray-Seeker; +http://www.pixray.com/pixraybot; +crawler@pixray.com)"
5.9.25.77 - - [05/Nov/2012:06:55:39 +0100] "GET /news.php?cs_go=archiv&cs_id=2432&cs_search= HTTP/1.1" 200 7887 "-" "Pixray-Seeker/2.0 (Pixray-Seeker; +http://www.pixray.com/pixraybot; +crawler@pixray.com)"
66.249.74.49 - - [05/Nov/2012:06:55:50 +0100] "GET /news.php?cs_go=archiv&cs_id=2391&cs_search= HTTP/1.1" 200 7887 "-" "Mozilla/5.0 (compatible; Googlebot/2.1; +http://www.google.com/bot.html)"
84.19.190.126 - - [05/Nov/2012:06:56:59 +0100] "GET /robots.txt HTTP/1.1" 200 177 "-" "Mozilla/5.0 (compatible; UnisterBot; crawler@unister.de)"
84.19.190.126 - - [05/Nov/2012:06:56:59 +0100] "GET /news.php?cs_go=archiv&cs_startpos=400 HTTP/1.1" 200 22870 "-" "Mozilla/5.0 (compatible; UnisterBot; crawler@unister.de)"
66.249.74.49 - - [05/Nov/2012:06:58:42 +0100] "GET /news.php?cs_go=archiv&cs_id=2351&cs_search= HTTP/1.1" 200 7887 "-" "Mozilla/5.0 (compatible; Googlebot/2.1; +http://www.google.com/bot.html)"
84.19.190.126 - - [05/Nov/2012:06:59:19 +0100] "GET /news.php?cs_go=archiv&cs_startpos=440 HTTP/1.1" 200 23001 "-" "Mozilla/5.0 (compatible; UnisterBot; crawler@unister.de)"
84.19.190.126 - - [05/Nov/2012:07:00:37 +0100] "GET /news.php?cs_go=archiv&cs_startpos=410 HTTP/1.1" 200 22893 "-" "Mozilla/5.0 (compatible; UnisterBot; crawler@unister.de)"
66.249.74.49 - - [05/Nov/2012:07:01:31 +0100] "GET /news.php?cs_go=archiv&cs_id=2321&cs_search= HTTP/1.1" 200 7887 "-" "Mozilla/5.0 (compatible; Googlebot/2.1; +http://www.google.com/bot.html)"
66.249.74.49 - - [05/Nov/2012:07:04:24 +0100] "GET /news.php?cs_go=archiv&cs_id=2316&cs_search= HTTP/1.1" 200 7887 "-" "Mozilla/5.0 (compatible; Googlebot/2.1; +http://www.google.com/bot.html)"
66.249.74.49 - - [05/Nov/2012:07:07:18 +0100] "GET /news.php?cs_go=archiv&cs_id=2340&cs_search= HTTP/1.1" 200 7887 "-" "Mozilla/5.0 (compatible; Googlebot/2.1; +http://www.google.com/bot.html)"
213.186.127.7 - - [05/Nov/2012:07:07:42 +0100] "GET /news.php?cs_go=archiv&cs_id=3513&cs_search= HTTP/1.1" 200 13529 "-" "Mozilla/5.0 (compatible; AhrefsBot/3.1; +http://ahrefs.com/robot/)"
66.249.74.49 - - [05/Nov/2012:07:10:16 +0100] "GET /news.php?cs_go=archiv&cs_id=2396&cs_search= HTTP/1.1" 200 7887 "-" "Mozilla/5.0 (compatible; Googlebot/2.1; +http://www.google.com/bot.html)"
5.9.25.69 - - [05/Nov/2012:07:12:23 +0100] "GET /robots.txt HTTP/1.1" 200 177 "-" "Pixray-Seeker/2.0 (Pixray-Seeker; +http://www.pixray.com/pixraybot; +crawler@pixray.com)"
5.9.25.69 - - [05/Nov/2012:07:12:23 +0100] "GET /news.php?cs_go=archiv&cs_id=2383&cs_search= HTTP/1.1" 200 7887 "-" "Pixray-Seeker/2.0 (Pixray-Seeker; +http://www.pixray.com/pixraybot; +crawler@pixray.com)"
66.249.74.49 - - [05/Nov/2012:07:13:12 +0100] "GET /news.php?cs_go=archiv&cs_id=2389&cs_search= HTTP/1.1" 200 7887 "-" "Mozilla/5.0 (compatible; Googlebot/2.1; +http://www.google.com/bot.html)"
66.249.74.49 - - [05/Nov/2012:07:16:12 +0100] "GET /news.php?cs_go=archiv&cs_id=2376&cs_search= HTTP/1.1" 200 7887 "-" "Mozilla/5.0 (compatible; Googlebot/2.1; +http://www.google.com/bot.html)"
66.249.74.49 - - [05/Nov/2012:07:19:09 +0100] "GET /news.php?cs_go=archiv&cs_id=2370&cs_search= HTTP/1.1" 200 7887 "-" "Mozilla/5.0 (compatible; Googlebot/2.1; +http://www.google.com/bot.html)"
66.249.74.49 - - [05/Nov/2012:07:22:08 +0100] "GET /news.php?cs_go=archiv&cs_id=2385&cs_search= HTTP/1.1" 200 7887 "-" "Mozilla/5.0 (compatible; Googlebot/2.1; +http://www.google.com/bot.html)"
66.249.74.49 - - [05/Nov/2012:07:25:06 +0100] "GET /news.php?cs_go=archiv&cs_id=2319&cs_search= HTTP/1.1" 200 7887 "-" "Mozilla/5.0 (compatible; Googlebot/2.1; +http://www.google.com/bot.html)"
178.154.179.250 - - [05/Nov/2012:07:25:47 +0100] "GET /news.php?cs_go=archiv&cs_id=3521 HTTP/1.1" 200 13261 "-" "Mozilla/5.0 (compatible; YandexBot/3.0; +http://yandex.com/bots)"
66.249.74.49 - - [05/Nov/2012:07:28:04 +0100] "GET /news.php?cs_go=archiv&cs_id=2399&cs_search= HTTP/1.1" 200 7887 "-" "Mozilla/5.0 (compatible; Googlebot/2.1; +http://www.google.com/bot.html)"
66.249.74.49 - - [05/Nov/2012:07:28:26 +0100] "GET /news.php?cs_go=archiv&cs_id=624&cs_search= HTTP/1.1" 200 7887 "-" "Mozilla/5.0 (compatible; Googlebot/2.1; +http://www.google.com/bot.html)"
66.249.74.49 - - [05/Nov/2012:07:31:02 +0100] "GET /news.php?cs_go=archiv&cs_id=2713&cs_search= HTTP/1.1" 200 7887 "-" "Mozilla/5.0 (compatible; Googlebot/2.1; +http://www.google.com/bot.html)"
66.249.74.49 - - [05/Nov/2012:07:34:00 +0100] "GET /news.php?cs_go=archiv&cs_id=2008&cs_search= HTTP/1.1" 200 7887 "-" "Mozilla/5.0 (compatible; Googlebot/2.1; +http://www.google.com/bot.html)"
66.249.74.49 - - [05/Nov/2012:07:36:58 +0100] "GET /news.php?cs_go=archiv&cs_id=1991&cs_search= HTTP/1.1" 200 7887 "-" "Mozilla/5.0 (compatible; Googlebot/2.1; +http://www.google.com/bot.html)"
5.9.25.77 - - [05/Nov/2012:07:42:35 +0100] "GET /robots.txt HTTP/1.1" 200 177 "-" "Pixray-Seeker/2.0 (Pixray-Seeker; +http://www.pixray.com/pixraybot; +crawler@pixray.com)"
5.9.25.77 - - [05/Nov/2012:07:42:35 +0100] "GET /news.php?cs_go=archiv&cs_id=2531&cs_search= HTTP/1.1" 200 7887 "-" "Pixray-Seeker/2.0 (Pixray-Seeker; +http://www.pixray.com/pixraybot; +crawler@pixray.com)"
66.249.74.49 - - [05/Nov/2012:07:42:51 +0100] "GET /news.php?cs_go=archiv&cs_id=2005&cs_search= HTTP/1.1" 200 7887 "-" "Mozilla/5.0 (compatible; Googlebot/2.1; +http://www.google.com/bot.html)"
66.249.74.49 - - [05/Nov/2012:07:45:52 +0100] "GET /news.php?cs_go=archiv&cs_id=2463&cs_search= HTTP/1.1" 200 7887 "-" "Mozilla/5.0 (compatible; Googlebot/2.1; +http://www.google.com/bot.html)"
84.19.190.126 - - [05/Nov/2012:07:46:19 +0100] "GET /news.php?cs_go=archiv&cs_id=3021&cs_search= HTTP/1.1" 200 10877 "-" "Mozilla/5.0 (compatible; UnisterBot; crawler@unister.de)"
84.19.190.126 - - [05/Nov/2012:07:48:21 +0100] "GET /news.php?cs_go=archiv&cs_id=3079&cs_search= HTTP/1.1" 200 9828 "-" "Mozilla/5.0 (compatible; UnisterBot; crawler@unister.de)"
66.249.74.49 - - [05/Nov/2012:07:48:56 +0100] "GET /news.php?cs_go=archiv&cs_id=2047&cs_search= HTTP/1.1" 200 7887 "-" "Mozilla/5.0 (compatible; Googlebot/2.1; +http://www.google.com/bot.html)"
84.19.190.126 - - [05/Nov/2012:07:49:33 +0100] "GET /news.php?cs_go=archiv&cs_id=3073&cs_search= HTTP/1.1" 200 14082 "-" "Mozilla/5.0 (compatible; UnisterBot; crawler@unister.de)"
66.249.74.49 - - [05/Nov/2012:07:51:54 +0100] "GET /news.php?cs_go=archiv&cs_id=2465&cs_search= HTTP/1.1" 200 7887 "-" "Mozilla/5.0 (compatible; Googlebot/2.1; +http://www.google.com/bot.html)"
66.249.74.49 - - [05/Nov/2012:07:54:57 +0100] "GET /news.php?cs_go=archiv&cs_id=2461&cs_search= HTTP/1.1" 200 7887 "-" "Mozilla/5.0 (compatible; Googlebot/2.1; +http://www.google.com/bot.html)"
66.249.74.49 - - [05/Nov/2012:07:57:58 +0100] "GET /news.php?cs_go=archiv&cs_id=1811&cs_search= HTTP/1.1" 200 7887 "-" "Mozilla/5.0 (compatible; Googlebot/2.1; +http://www.google.com/bot.html)"
66.249.74.49 - - [05/Nov/2012:08:01:05 +0100] "GET /news.php?cs_go=archiv&cs_id=1852&cs_search= HTTP/1.1" 200 7887 "-" "Mozilla/5.0 (compatible; Googlebot/2.1; +http://www.google.com/bot.html)"
66.249.74.49 - - [05/Nov/2012:08:04:09 +0100] "GET /news.php?cs_go=archiv&cs_id=1838&cs_search= HTTP/1.1" 200 7887 "-" "Mozilla/5.0 (compatible; Googlebot/2.1; +http://www.google.com/bot.html)"
66.249.74.49 - - [05/Nov/2012:08:07:13 +0100] "GET /news.php?cs_go=archiv&cs_id=1846&cs_search= HTTP/1.1" 200 7887 "-" "Mozilla/5.0 (compatible; Googlebot/2.1; +http://www.google.com/bot.html)"
66.249.74.49 - - [05/Nov/2012:08:10:13 +0100] "GET /news.php?cs_go=archiv&cs_id=1813&cs_search= HTTP/1.1" 200 7887 "-" "Mozilla/5.0 (compatible; Googlebot/2.1; +http://www.google.com/bot.html)"
66.249.74.49 - - [05/Nov/2012:08:13:21 +0100] "GET /news.php?cs_go=archiv&cs_id=1767&cs_search= HTTP/1.1" 200 7887 "-" "Mozilla/5.0 (compatible; Googlebot/2.1; +http://www.google.com/bot.html)"
213.186.120.196 - - [05/Nov/2012:08:15:36 +0100] "GET /lexikon.php?cs_go=2&cs_char=v HTTP/1.1" 200 9117 "-" "Mozilla/5.0 (compatible; AhrefsBot/3.1; +http://ahrefs.com/robot/)"
66.249.74.49 - - [05/Nov/2012:08:16:32 +0100] "GET /news.php?cs_go=archiv&cs_id=1745&cs_search= HTTP/1.1" 200 7887 "-" "Mozilla/5.0 (compatible; Googlebot/2.1; +http://www.google.com/bot.html)"
