66.249.71.6 - - [04/Nov/2012:01:03:49 +0100] "GET /news.php?cs_go=archiv&cs_id=1719&cs_search= HTTP/1.1" 200 7887 "-" "Mozilla/5.0 (compatible; Googlebot/2.1; +http://www.google.com/bot.html)"
178.154.179.250 - - [04/Nov/2012:01:04:33 +0100] "GET /index.php HTTP/1.1" 200 15368 "-" "Mozilla/5.0 (compatible; YandexBot/3.0; +http://yandex.com/bots)"
123.125.71.108 - - [04/Nov/2012:01:05:28 +0100] "GET /preisanfrage.php HTTP/1.1" 200 10734 "-" "Mozilla/5.0 (compatible; Baiduspider/2.0; +http://www.baidu.com/search/spider.html)"
66.249.71.6 - - [04/Nov/2012:01:12:03 +0100] "GET /news.php?cs_go=archiv&cs_id=2692 HTTP/1.1" 200 7887 "-" "Mozilla/5.0 (compatible; Googlebot/2.1; +http://www.google.com/bot.html)"
66.249.71.6 - - [04/Nov/2012:01:20:21 +0100] "GET /news.php?cs_go=archiv&cs_id=1784&cs_search= HTTP/1.1" 200 7887 "-" "Mozilla/5.0 (compatible; Googlebot/2.1; +http://www.google.com/bot.html)"
66.249.71.6 - - [04/Nov/2012:01:28:35 +0100] "GET /news.php?cs_go=archiv&cs_id=1736&cs_search= HTTP/1.1" 200 7887 "-" "Mozilla/5.0 (compatible; Googlebot/2.1; +http://www.google.com/bot.html)"
178.154.179.250 - - [04/Nov/2012:01:36:23 +0100] "GET /news.php?cs_go=archiv&cs_id=3597 HTTP/1.1" 200 10712 "-" "Mozilla/5.0 (compatible; YandexBot/3.0; +http://yandex.com/bots)"
84.19.190.126 - - [04/Nov/2012:01:36:28 +0100] "GET /news.php?cs_go=archiv&cs_id=3436&cs_search= HTTP/1.1" 200 13522 "-" "Mozilla/5.0 (compatible; UnisterBot; crawler@unister.de)"
66.249.71.6 - - [04/Nov/2012:01:36:52 +0100] "GET /news.php?cs_go=archiv&cs_id=1687&cs_search= HTTP/1.1" 200 7887 "-" "Mozilla/5.0 (compatible; Googlebot/2.1; +http://www.google.com/bot.html)"
84.19.190.126 - - [04/Nov/2012:01:38:20 +0100] "GET /news.php?cs_go=archiv&cs_id=3353&cs_search= HTTP/1.1" 200 12342 "-" "Mozilla/5.0 (compatible; UnisterBot; crawler@unister.de)"
84.19.190.126 - - [04/Nov/2012:01:39:17 +0100] "GET /robots.txt HTTP/1.1" 200 177 "-" "Mozilla/5.0 (compatible; UnisterBot; crawler@unister.de)"
84.19.190.126 - - [04/Nov/2012:01:39:17 +0100] "GET /news.php?cs_go=archiv&cs_id=3441&cs_search= HTTP/1.1" 200 9863 "-" "Mozilla/5.0 (compatible; UnisterBot; crawler@unister.de)"
87.118.116.25 - - [04/Nov/2012:01:40:05 +0100] "GET /news.php?cs_go=archiv&cs_id=3446&cs_search= HTTP/1.1" 200 9854 "-" "Mozilla/5.0 (compatible; UnisterBot; crawler@unister.de)"
87.118.116.25 - - [04/Nov/2012:01:40:50 +0100] "GET /news.php?cs_go=archiv&cs_startpos=220 HTTP/1.1" 200 22865 "-" "Mozilla/5.0 (compatible; UnisterBot; crawler@unister.de)"
87.118.116.25 - - [04/Nov/2012:01:41:32 +0100] "GET /news.php?cs_go=archiv&cs_id=3356&cs_search= HTTP/1.1" 200 13498 "-" "Mozilla/5.0 (compatible; UnisterBot; crawler@unister.de)"
87.118.116.25 - - [04/Nov/2012:01:42:14 +0100] "GET /news.php?cs_go=archiv&cs_id=3437&cs_search= HTTP/1.1" 200 9895 "-" "Mozilla/5.0 (compatible; UnisterBot; crawler@unister.de)"
87.118.116.25 - - [04/Nov/2012:01:43:01 +0100] "GET /news.php?cs_go=archiv&cs_id=3395&cs_search= HTTP/1.1" 200 13697 "-" "Mozilla/5.0 (compatible; UnisterBot; crawler@unister.de)"
87.118.116.25 - - [04/Nov/2012:01:43:45 +0100] "GET /news.php?cs_go=archiv&cs_id=3438&cs_search= HTTP/1.1" 200 13142 "-" "Mozilla/5.0 (compatible; UnisterBot; crawler@unister.de)"
84.19.190.126 - - [04/Nov/2012:01:44:34 +0100] "GET /news.php?cs_go=archiv&cs_id=3401&cs_search= HTTP/1.1" 200 13324 "-" "Mozilla/5.0 (compatible; UnisterBot; crawler@unister.de)"
66.249.71.6 - - [04/Nov/2012:01:45:09 +0100] "GET /news.php?cs_go=archiv&cs_id=2483&cs_search= HTTP/1.1" 200 7887 "-" "Mozilla/5.0 (compatible; Googlebot/2.1; +http://www.google.com/bot.html)"
213.186.119.144 - - [04/Nov/2012:01:50:44 +0100] "GET /news.php?cs_go=archiv&cs_id=3586&cs_search= HTTP/1.1" 200 16243 "-" "Mozilla/5.0 (compatible; AhrefsBot/3.1; +http://ahrefs.com/robot/)"
66.249.71.6 - - [04/Nov/2012:01:53:23 +0100] "GET /news.php?cs_go=archiv&cs_id=2489&cs_search= HTTP/1.1" 200 7887 "-" "Mozilla/5.0 (compatible; Googlebot/2.1; +http://www.google.com/bot.html)"
66.249.71.6 - - [04/Nov/2012:02:01:41 +0100] "GET /news.php?cs_go=archiv&cs_id=2576&cs_search= HTTP/1.1" 200 7887 "-" "Mozilla/5.0 (compatible; Googlebot/2.1; +http://www.google.com/bot.html)"
66.249.71.6 - - [04/Nov/2012:02:09:57 +0100] "GET /news.php?cs_go=archiv&cs_id=1650&cs_search= HTTP/1.1" 200 7887 "-" "Mozilla/5.0 (compatible; Googlebot/2.1; +http://www.google.com/bot.html)"
178.154.179.250 - - [04/Nov/2012:02:11:34 +0100] "GET /news.php HTTP/1.1" 200 22049 "-" "Mozilla/5.0 (compatible; YandexBot/3.0; +http://yandex.com/bots)"
66.249.71.6 - - [04/Nov/2012:02:18:14 +0100] "GET /news.php?cs_go=archiv&cs_id=1660&cs_search= HTTP/1.1" 200 7887 "-" "Mozilla/5.0 (compatible; Googlebot/2.1; +http://www.google.com/bot.html)"
157.55.32.162 - - [04/Nov/2012:02:25:18 +0100] "GET /impressum.php HTTP/1.1" 200 8582 "-" "Mozilla/5.0 (compatible; bingbot/2.0; +http://www.bing.com/bingbot.htm)"
65.55.208.47 - - [04/Nov/2012:02:25:18 +0100] "GET /impressum.php HTTP/1.1" 200 8582 "-" "Mozilla/5.0 (Windows NT 6.1; WOW64) AppleWebKit/534+ (KHTML, like Gecko) BingPreview/1.0b"
65.55.208.47 - - [04/Nov/2012:02:25:24 +0100] "GET /style.css HTTP/1.1" 200 8418 "-" "Mozilla/5.0 (Windows NT 6.1; WOW64) AppleWebKit/534+ (KHTML, like Gecko) BingPreview/1.0b"
65.55.208.47 - - [04/Nov/2012:02:25:24 +0100] "GET /modul.css HTTP/1.1" 200 35038 "-" "Mozilla/5.0 (Windows NT 6.1; WOW64) AppleWebKit/534+ (KHTML, like Gecko) BingPreview/1.0b"
66.249.71.6 - - [04/Nov/2012:02:26:28 +0100] "GET /news.php?cs_go=archiv&cs_id=1664&cs_search= HTTP/1.1" 200 7887 "-" "Mozilla/5.0 (compatible; Googlebot/2.1; +http://www.google.com/bot.html)"
84.19.190.126 - - [04/Nov/2012:02:28:20 +0100] "GET /news.php?cs_go=archiv&cs_id=3440&cs_search= HTTP/1.1" 200 13342 "-" "Mozilla/5.0 (compatible; UnisterBot; crawler@unister.de)"
84.19.190.126 - - [04/Nov/2012:02:29:54 +0100] "GET /news.php?cs_go=archiv&cs_id=3362&cs_search= HTTP/1.1" 200 9888 "-" "Mozilla/5.0 (compatible; UnisterBot; crawler@unister.de)"
84.19.190.126 - - [04/Nov/2012:02:30:42 +0100] "GET /news.php?cs_go=archiv&cs_id=3352&cs_search= HTTP/1.1" 200 9914 "-" "Mozilla/5.0 (compatible; UnisterBot; crawler@unister.de)"
87.118.116.25 - - [04/Nov/2012:02:31:29 +0100] "GET /news.php?cs_go=archiv&cs_id=3358&cs_search= HTTP/1.1" 200 12930 "-" "Mozilla/5.0 (compatible; UnisterBot; crawler@unister.de)"
87.118.116.25 - - [04/Nov/2012:02:32:08 +0100] "GET /news.php?cs_go=archiv&cs_startpos=170 HTTP/1.1" 200 22883 "-" "Mozilla/5.0 (compatible; UnisterBot; crawler@unister.de)"
87.118.116.25 - - [04/Nov/2012:02:32:47 +0100] "GET /news.php?cs_go=archiv&cs_id=3445&cs_search= HTTP/1.1" 200 13586 "-" "Mozilla/5.0 (compatible; UnisterBot; crawler@unister.de)"
84.19.190.126 - - [04/Nov/2012:02:33:35 +0100] "GET /news.php?cs_go=archiv&cs_id=3363&cs_search= HTTP/1.1" 200 10530 "-" "Mozilla/5.0 (compatible; UnisterBot; crawler@unister.de)"
66.249.71.6 - - [04/Nov/2012:02:34:44 +0100] "GET /news.php?cs_go=archiv&cs_id=1667&cs_search= HTTP/1.1" 200 7887 "-" "Mozilla/5.0 (compatible; Googlebot/2.1; +http://www.google.com/bot.html)"
66.249.71.6 - - [04/Nov/2012:02:37:30 +0100] "GET /news.php?cs_go=archiv&cs_id=412&cs_search= HTTP/1.1" 200 7887 "-" "Mozilla/5.0 (compatible; Googlebot/2.1; +http://www.google.com/bot.html)"
66.249.71.6 - - [04/Nov/2012:02:43:00 +0100] "GET /news.php?cs_go=archiv&cs_id=1669&cs_search= HTTP/1.1" 200 7887 "-" "Mozilla/5.0 (compatible; Googlebot/2.1; +http://www.google.com/bot.html)"
66.249.71.6 - - [04/Nov/2012:02:51:17 +0100] "GET /news.php?cs_go=archiv&cs_id=1668&cs_search= HTTP/1.1" 200 7887 "-" "Mozilla/5.0 (compatible; Googlebot/2.1; +http://www.google.com/bot.html)"
213.186.119.132 - - [04/Nov/2012:02:59:29 +0100] "GET /jobs.php HTTP/1.1" 200 10066 "-" "Mozilla/5.0 (compatible; AhrefsBot/3.1; +http://ahrefs.com/robot/)"
66.249.71.6 - - [04/Nov/2012:02:59:34 +0100] "GET /news.php?cs_go=archiv&cs_id=1652&cs_search= HTTP/1.1" 200 7887 "-" "Mozilla/5.0 (compatible; Googlebot/2.1; +http://www.google.com/bot.html)"
178.154.179.250 - - [04/Nov/2012:03:05:46 +0100] "GET /news.php?cs_go=archiv&cs_id=3548 HTTP/1.1" 200 9873 "-" "Mozilla/5.0 (compatible; YandexBot/3.0; +http://yandex.com/bots)"
66.249.71.6 - - [04/Nov/2012:03:07:50 +0100] "GET /news.php?cs_go=archiv&cs_id=1665&cs_search= HTTP/1.1" 200 7887 "-" "Mozilla/5.0 (compatible; Googlebot/2.1; +http://www.google.com/bot.html)"
84.19.190.126 - - [04/Nov/2012:03:13:22 +0100] "GET /news.php?cs_go=archiv&cs_id=3341&cs_search= HTTP/1.1" 200 13351 "-" "Mozilla/5.0 (compatible; UnisterBot; crawler@unister.de)"
87.118.116.25 - - [04/Nov/2012:03:15:03 +0100] "GET /news.php?cs_go=archiv&cs_id=3357&cs_search= HTTP/1.1" 200 9824 "-" "Mozilla/5.0 (compatible; UnisterBot; crawler@unister.de)"
87.118.116.25 - - [04/Nov/2012:03:15:54 +0100] "GET /news.php?cs_go=archiv&cs_id=3339&cs_search= HTTP/1.1" 200 13531 "-" "Mozilla/5.0 (compatible; UnisterBot; crawler@unister.de)"
87.118.116.25 - - [04/Nov/2012:03:16:35 +0100] "GET /news.php?cs_go=archiv&cs_id=3337&cs_search= HTTP/1.1" 200 13799 "-" "Mozilla/5.0 (compatible; UnisterBot; crawler@unister.de)"
84.19.190.126 - - [04/Nov/2012:03:17:23 +0100] "GET /news.php?cs_go=archiv&cs_id=3403&cs_search= HTTP/1.1" 200 11470 "-" "Mozilla/5.0 (compatible; UnisterBot; crawler@unister.de)"
87.118.116.25 - - [04/Nov/2012:03:18:10 +0100] "GET /news.php?cs_go=archiv&cs_startpos=160 HTTP/1.1" 200 22983 "-" "Mozilla/5.0 (compatible; UnisterBot; crawler@unister.de)"
87.118.116.25 - - [04/Nov/2012:03:18:52 +0100] "GET /news.php?cs_go=archiv&cs_id=3347&cs_search= HTTP/1.1" 200 9888 "-" "Mozilla/5.0 (compatible; UnisterBot; crawler@unister.de)"
87.118.116.25 - - [04/Nov/2012:03:19:30 +0100] "GET /news.php?cs_go=archiv&cs_id=3338&cs_search= HTTP/1.1" 200 9807 "-" "Mozilla/5.0 (compatible; UnisterBot; crawler@unister.de)"
84.19.190.126 - - [04/Nov/2012:03:20:20 +0100] "GET /news.php?cs_go=archiv&cs_id=3447&cs_search= HTTP/1.1" 200 11152 "-" "Mozilla/5.0 (compatible; UnisterBot; crawler@unister.de)"
84.19.190.126 - - [04/Nov/2012:03:21:01 +0100] "GET /news.php?cs_go=archiv&cs_id=3343&cs_search= HTTP/1.1" 200 16242 "-" "Mozilla/5.0 (compatible; UnisterBot; crawler@unister.de)"
66.249.71.6 - - [04/Nov/2012:03:25:20 +0100] "GET /news.php?cs_go=archiv&cs_id=1638&cs_search= HTTP/1.1" 200 7887 "-" "Mozilla/5.0 (compatible; Googlebot/2.1; +http://www.google.com/bot.html)"
66.249.71.6 - - [04/Nov/2012:03:38:14 +0100] "GET /news.php?cs_go=archiv&cs_id=1654&cs_search= HTTP/1.1" 200 7887 "-" "Mozilla/5.0 (compatible; Googlebot/2.1; +http://www.google.com/bot.html)"
178.154.179.250 - - [04/Nov/2012:03:39:15 +0100] "GET /news.php?cs_go=archiv&cs_id=3576 HTTP/1.1" 200 13343 "-" "Mozilla/5.0 (compatible; YandexBot/3.0; +http://yandex.com/bots)"
87.118.116.25 - - [04/Nov/2012:03:58:30 +0100] "GET /news.php?cs_go=archiv&cs_id=3450&cs_search= HTTP/1.1" 200 13602 "-" "Mozilla/5.0 (compatible; UnisterBot; crawler@unister.de)"
84.19.190.126 - - [04/Nov/2012:04:00:21 +0100] "GET /news.php?cs_go=archiv&cs_id=3462&cs_search= HTTP/1.1" 200 12939 "-" "Mozilla/5.0 (compatible; UnisterBot; crawler@unister.de)"
87.118.116.25 - - [04/Nov/2012:04:01:15 +0100] "GET /news.php?cs_go=archiv&cs_id=3477&cs_search= HTTP/1.1" 200 9938 "-" "Mozilla/5.0 (compatible; UnisterBot; crawler@unister.de)"
84.19.190.126 - - [04/Nov/2012:04:02:14 +0100] "GET /news.php?cs_go=archiv&cs_id=3442&cs_search= HTTP/1.1" 200 12622 "-" "Mozilla/5.0 (compatible; UnisterBot; crawler@unister.de)"
84.19.190.126 - - [04/Nov/2012:04:02:55 +0100] "GET /news.php?cs_go=archiv&cs_id=3335&cs_search= HTTP/1.1" 200 11767 "-" "Mozilla/5.0 (compatible; UnisterBot; crawler@unister.de)"
66.249.71.6 - - [04/Nov/2012:04:03:56 +0100] "GET /news.php?cs_go=archiv&cs_id=1830&cs_search= HTTP/1.1" 200 7887 "-" "Mozilla/5.0 (compatible; Googlebot/2.1; +http://www.google.com/bot.html)"
213.186.120.196 - - [04/Nov/2012:04:05:46 +0100] "GET /news.php?cs_go=archiv&cs_id=3587&cs_search= HTTP/1.1" 200 9779 "-" "Mozilla/5.0 (compatible; AhrefsBot/3.1; +http://ahrefs.com/robot/)"
130.83.167.153 - - [04/Nov/2012:04:17:21 +0100] "GET /edl.php HTTP/1.1" 200 6455 "-" "findlinks/2.6 (+http://wortschatz.uni-leipzig.de/findlinks/)"
130.83.167.153 - - [04/Nov/2012:04:17:21 +0100] "GET /edl.php HTTP/1.1" 200 10714 "-" "findlinks/2.6 (+http://wortschatz.uni-leipzig.de/findlinks/)"
66.249.71.6 - - [04/Nov/2012:04:23:16 +0100] "GET /news.php?cs_go=archiv&cs_id=1663&cs_search= HTTP/1.1" 200 7887 "-" "Mozilla/5.0 (compatible; Googlebot/2.1; +http://www.google.com/bot.html)"
66.249.71.6 - - [04/Nov/2012:04:36:11 +0100] "GET /news.php?cs_go=archiv&cs_id=1743&cs_search= HTTP/1.1" 200 7887 "-" "Mozilla/5.0 (compatible; Googlebot/2.1; +http://www.google.com/bot.html)"
130.83.167.153 - - [04/Nov/2012:04:39:59 +0100] "GET /foerdermittel.php HTTP/1.1" 200 8456 "-" "findlinks/2.6 (+http://wortschatz.uni-leipzig.de/findlinks/)"
130.83.167.153 - - [04/Nov/2012:04:39:59 +0100] "GET /foerdermittel.php HTTP/1.1" 200 12821 "-" "findlinks/2.6 (+http://wortschatz.uni-leipzig.de/findlinks/)"
178.154.179.250 - - [04/Nov/2012:04:40:16 +0100] "GET /news.php?cs_go=archiv&cs_id=3526 HTTP/1.1" 200 13155 "-" "Mozilla/5.0 (compatible; YandexBot/3.0; +http://yandex.com/bots)"
84.19.190.126 - - [04/Nov/2012:04:45:51 +0100] "GET /news.php?cs_go=archiv&cs_id=3351&cs_search= HTTP/1.1" 200 13344 "-" "Mozilla/5.0 (compatible; UnisterBot; crawler@unister.de)"
84.19.190.126 - - [04/Nov/2012:04:47:45 +0100] "GET /news.php?cs_go=archiv&cs_id=3361&cs_search= HTTP/1.1" 200 13441 "-" "Mozilla/5.0 (compatible; UnisterBot; crawler@unister.de)"
84.19.190.126 - - [04/Nov/2012:04:48:38 +0100] "GET /news.php?cs_go=archiv&cs_id=3465&cs_search= HTTP/1.1" 200 9863 "-" "Mozilla/5.0 (compatible; UnisterBot; crawler@unister.de)"
84.19.190.126 - - [04/Nov/2012:04:49:29 +0100] "GET /news.php?cs_go=archiv&cs_startpos=250 HTTP/1.1" 200 22858 "-" "Mozilla/5.0 (compatible; UnisterBot; crawler@unister.de)"
84.19.190.126 - - [04/Nov/2012:04:50:07 +0100] "GET /news.php?cs_go=archiv&cs_startpos=230 HTTP/1.1" 200 22807 "-" "Mozilla/5.0 (compatible; UnisterBot; crawler@unister.de)"
87.118.116.25 - - [04/Nov/2012:04:50:54 +0100] "GET /news.php?cs_go=archiv&cs_id=3292&cs_search= HTTP/1.1" 200 12058 "-" "Mozilla/5.0 (compatible; UnisterBot; crawler@unister.de)"
84.19.190.126 - - [04/Nov/2012:04:51:36 +0100] "GET /news.php?cs_go=archiv&cs_id=3346&cs_search= HTTP/1.1" 200 13403 "-" "Mozilla/5.0 (compatible; UnisterBot; crawler@unister.de)"
87.118.116.25 - - [04/Nov/2012:04:52:24 +0100] "GET /news.php?cs_go=archiv&cs_id=3298&cs_search= HTTP/1.1" 200 13602 "-" "Mozilla/5.0 (compatible; UnisterBot; crawler@unister.de)"
178.154.179.250 - - [04/Nov/2012:05:05:11 +0100] "GET /news.php?cs_go=archiv&cs_id=3522 HTTP/1.1" 200 9955 "-" "Mozilla/5.0 (compatible; YandexBot/3.0; +http://yandex.com/bots)"
213.186.127.5 - - [04/Nov/2012:05:13:43 +0100] "GET /news.php?cs_go=archiv&cs_id=3498&cs_search= HTTP/1.1" 200 15863 "-" "Mozilla/5.0 (compatible; AhrefsBot/3.1; +http://ahrefs.com/robot/)"
178.154.179.250 - - [04/Nov/2012:05:24:48 +0100] "GET /news.php?cs_go=archiv&cs_id=3521 HTTP/1.1" 200 13261 "-" "Mozilla/5.0 (compatible; YandexBot/3.0; +http://yandex.com/bots)"
178.154.179.250 - - [04/Nov/2012:05:28:59 +0100] "GET /news.php?cs_go=archiv&cs_id=3504 HTTP/1.1" 200 14791 "-" "Mozilla/5.0 (compatible; YandexBot/3.0; +http://yandex.com/bots)"
66.249.71.6 - - [04/Nov/2012:05:29:30 +0100] "GET /news.php?cs_go=archiv&cs_id=380&cs_search= HTTP/1.1" 200 7887 "-" "Mozilla/5.0 (compatible; Googlebot/2.1; +http://www.google.com/bot.html)"
82.94.179.38 - - [04/Nov/2012:05:36:58 +0100] "GET /robots.txt HTTP/1.0" 200 177 "-" "Mozilla/4.0 (compatible; Vagabondo/4.0/EU; http://webagent.wise-guys.nl/)"
82.94.179.38 - - [04/Nov/2012:05:36:58 +0100] "GET /index.php HTTP/1.1" 200 15368 "http://www.mink-gmbh.de/" "Mozilla/4.0 (compatible; Vagabondo/4.0/EU; http://www.wise-guys.nl/)"
82.94.179.38 - - [04/Nov/2012:05:37:05 +0100] "GET / HTTP/1.1" 200 15368 "-" "Mozilla/4.0 (compatible; Vagabondo/4.0/EU; http://www.wise-guys.nl/)"
82.94.179.38 - - [04/Nov/2012:05:37:14 +0100] "GET /news.php?cs_go=archiv&cs_startpos=610 HTTP/1.1" 200 22751 "http://www.mink-gmbh.de/news.php" "Mozilla/4.0 (compatible; Vagabondo/4.0/EU; http://www.wise-guys.nl/)"
82.94.179.38 - - [04/Nov/2012:05:37:24 +0100] "GET /news.php?cs_go=archiv&cs_startpos=650 HTTP/1.1" 200 22796 "http://www.mink-gmbh.de/news.php?cs_go=archiv&cs_startpos=610" "Mozilla/4.0 (compatible; Vagabondo/4.0/EU; http://www.wise-guys.nl/)"
82.94.179.38 - - [04/Nov/2012:05:37:34 +0100] "GET /news.php?cs_go=archiv&cs_startpos=560 HTTP/1.1" 200 22714 "http://www.mink-gmbh.de/news.php?cs_go=archiv&cs_startpos=581" "Mozilla/4.0 (compatible; Vagabondo/4.0/EU; http://www.wise-guys.nl/)"
82.94.179.38 - - [04/Nov/2012:05:37:44 +0100] "GET /news.php?cs_go=archiv&cs_startpos=230 HTTP/1.1" 200 22807 "http://www.mink-gmbh.de/news.php?cs_go=archiv&cs_startpos=190" "Mozilla/4.0 (compatible; Vagabondo/4.0/EU; http://www.wise-guys.nl/)"
82.94.179.38 - - [04/Nov/2012:05:37:54 +0100] "GET /news.php?cs_go=archiv&cs_startpos=70 HTTP/1.1" 200 22791 "http://www.mink-gmbh.de/news.php?cs_go=archiv&cs_startpos=20" "Mozilla/4.0 (compatible; Vagabondo/4.0/EU; http://www.wise-guys.nl/)"
82.94.179.38 - - [04/Nov/2012:05:38:02 +0100] "GET /news.php?cs_go=archiv&cs_startpos=581 HTTP/1.1" 200 22938 "http://www.mink-gmbh.de/news.php?cs_go=archiv" "Mozilla/4.0 (compatible; Vagabondo/4.0/EU; http://www.wise-guys.nl/)"
82.94.179.38 - - [04/Nov/2012:05:38:12 +0100] "GET /news.php?cs_go=archiv&cs_startpos=20 HTTP/1.1" 200 22476 "http://www.mink-gmbh.de/news.php" "Mozilla/4.0 (compatible; Vagabondo/4.0/EU; http://www.wise-guys.nl/)"
82.94.179.38 - - [04/Nov/2012:05:38:22 +0100] "GET /news.php?cs_go=archiv&cs_startpos=50 HTTP/1.1" 200 22895 "http://www.mink-gmbh.de/news.php?cs_go=archiv" "Mozilla/4.0 (compatible; Vagabondo/4.0/EU; http://www.wise-guys.nl/)"
82.94.179.38 - - [04/Nov/2012:05:38:32 +0100] "GET /news.php?cs_go=archiv&cs_startpos=110 HTTP/1.1" 200 22858 "http://www.mink-gmbh.de/news.php?cs_go=archiv&cs_startpos=80" "Mozilla/4.0 (compatible; Vagabondo/4.0/EU; http://www.wise-guys.nl/)"
82.94.179.38 - - [04/Nov/2012:05:38:41 +0100] "GET /news.php?cs_go=archiv&cs_startpos=150 HTTP/1.1" 200 22957 "http://www.mink-gmbh.de/news.php?cs_go=archiv&cs_startpos=100" "Mozilla/4.0 (compatible; Vagabondo/4.0/EU; http://www.wise-guys.nl/)"
82.94.179.38 - - [04/Nov/2012:05:38:50 +0100] "GET /news.php?cs_go=archiv&cs_startpos=40 HTTP/1.1" 200 22735 "http://www.mink-gmbh.de/news.php" "Mozilla/4.0 (compatible; Vagabondo/4.0/EU; http://www.wise-guys.nl/)"
84.19.190.126 - - [04/Nov/2012:05:38:59 +0100] "GET /news.php?cs_go=archiv&cs_id=3334&cs_search= HTTP/1.1" 200 10005 "-" "Mozilla/5.0 (compatible; UnisterBot; crawler@unister.de)"
82.94.179.38 - - [04/Nov/2012:05:39:00 +0100] "GET /news.php?cs_go=archiv HTTP/1.1" 200 22049 "http://www.mink-gmbh.de/" "Mozilla/4.0 (compatible; Vagabondo/4.0/EU; http://www.wise-guys.nl/)"
82.94.179.38 - - [04/Nov/2012:05:39:08 +0100] "GET /news.php?cs_go=archiv&cs_startpos=10 HTTP/1.1" 200 22337 "http://www.mink-gmbh.de/news.php" "Mozilla/4.0 (compatible; Vagabondo/4.0/EU; http://www.wise-guys.nl/)"
82.94.179.38 - - [04/Nov/2012:05:39:17 +0100] "GET /news.php?cs_go=archiv&cs_startpos=90 HTTP/1.1" 200 22748 "http://www.mink-gmbh.de/news.php?cs_go=archiv&cs_startpos=40" "Mozilla/4.0 (compatible; Vagabondo/4.0/EU; http://www.wise-guys.nl/)"
82.94.179.38 - - [04/Nov/2012:05:39:27 +0100] "GET /news.php?cs_go=archiv&cs_startpos=30 HTTP/1.1" 200 22648 "http://www.mink-gmbh.de/news.php" "Mozilla/4.0 (compatible; Vagabondo/4.0/EU; http://www.wise-guys.nl/)"
82.94.179.38 - - [04/Nov/2012:05:39:37 +0100] "GET /news.php?cs_go=archiv&cs_startpos=590 HTTP/1.1" 200 22978 "http://www.mink-gmbh.de/news.php" "Mozilla/4.0 (compatible; Vagabondo/4.0/EU; http://www.wise-guys.nl/)"
82.94.179.38 - - [04/Nov/2012:05:39:46 +0100] "GET /news.php HTTP/1.1" 200 22049 "http://www.mink-gmbh.de/" "Mozilla/4.0 (compatible; Vagabondo/4.0/EU; http://www.wise-guys.nl/)"
82.94.179.38 - - [04/Nov/2012:05:39:55 +0100] "GET /news.php?cs_go=archiv&cs_startpos=130 HTTP/1.1" 200 22759 "http://www.mink-gmbh.de/news.php?cs_go=archiv&cs_startpos=80" "Mozilla/4.0 (compatible; Vagabondo/4.0/EU; http://www.wise-guys.nl/)"
82.94.179.38 - - [04/Nov/2012:05:40:04 +0100] "GET /news.php?cs_go=archiv&cs_startpos=60 HTTP/1.1" 200 22617 "http://www.mink-gmbh.de/news.php?cs_go=archiv&cs_startpos=50" "Mozilla/4.0 (compatible; Vagabondo/4.0/EU; http://www.wise-guys.nl/)"
82.94.179.38 - - [04/Nov/2012:05:40:12 +0100] "GET /news.php?cs_go=archiv&cs_startpos=620 HTTP/1.1" 200 22924 "http://www.mink-gmbh.de/news.php?cs_go=archiv" "Mozilla/4.0 (compatible; Vagabondo/4.0/EU; http://www.wise-guys.nl/)"
82.94.179.38 - - [04/Nov/2012:05:40:20 +0100] "GET /news.php?cs_go=archiv&cs_startpos=550 HTTP/1.1" 200 22749 "http://www.mink-gmbh.de/news.php?cs_go=archiv&cs_startpos=581" "Mozilla/4.0 (compatible; Vagabondo/4.0/EU; http://www.wise-guys.nl/)"
82.94.179.38 - - [04/Nov/2012:05:40:28 +0100] "GET /news.php?cs_go=archiv&cs_startpos=80 HTTP/1.1" 200 22929 "http://www.mink-gmbh.de/news.php?cs_go=archiv&cs_startpos=50" "Mozilla/4.0 (compatible; Vagabondo/4.0/EU; http://www.wise-guys.nl/)"
82.94.179.38 - - [04/Nov/2012:05:40:35 +0100] "GET /news.php?cs_go=archiv&cs_startpos=200 HTTP/1.1" 200 23024 "http://www.mink-gmbh.de/news.php?cs_go=archiv&cs_startpos=150" "Mozilla/4.0 (compatible; Vagabondo/4.0/EU; http://www.wise-guys.nl/)"
84.19.190.126 - - [04/Nov/2012:05:40:38 +0100] "GET /robots.txt HTTP/1.1" 200 177 "-" "Mozilla/5.0 (compatible; UnisterBot; crawler@unister.de)"
84.19.190.126 - - [04/Nov/2012:05:40:38 +0100] "GET /news.php?cs_go=archiv&cs_id=3342&cs_search= HTTP/1.1" 200 9897 "-" "Mozilla/5.0 (compatible; UnisterBot; crawler@unister.de)"
82.94.179.38 - - [04/Nov/2012:05:40:43 +0100] "GET /news.php?cs_go=archiv&cs_startpos=540 HTTP/1.1" 200 22893 "http://www.mink-gmbh.de/news.php?cs_go=archiv&cs_startpos=581" "Mozilla/4.0 (compatible; Vagabondo/4.0/EU; http://www.wise-guys.nl/)"
82.94.179.38 - - [04/Nov/2012:05:40:51 +0100] "GET /news.php?cs_go=archiv&cs_startpos=570 HTTP/1.1" 200 22974 "http://www.mink-gmbh.de/news.php?cs_go=archiv&cs_startpos=581" "Mozilla/4.0 (compatible; Vagabondo/4.0/EU; http://www.wise-guys.nl/)"
82.94.179.38 - - [04/Nov/2012:05:40:59 +0100] "GET /news.php?cs_go=archiv&cs_startpos=600 HTTP/1.1" 200 22865 "http://www.mink-gmbh.de/news.php?cs_go=archiv" "Mozilla/4.0 (compatible; Vagabondo/4.0/EU; http://www.wise-guys.nl/)"
82.94.179.38 - - [04/Nov/2012:05:41:06 +0100] "GET /news.php?cs_go=archiv&cs_startpos=210 HTTP/1.1" 200 23066 "http://www.mink-gmbh.de/news.php?cs_go=archiv&cs_startpos=200" "Mozilla/4.0 (compatible; Vagabondo/4.0/EU; http://www.wise-guys.nl/)"
82.94.179.38 - - [04/Nov/2012:05:41:13 +0100] "GET /news.php?cs_go=archiv&cs_startpos=190 HTTP/1.1" 200 23024 "http://www.mink-gmbh.de/news.php?cs_go=archiv&cs_startpos=140" "Mozilla/4.0 (compatible; Vagabondo/4.0/EU; http://www.wise-guys.nl/)"
82.94.179.38 - - [04/Nov/2012:05:41:21 +0100] "GET /news.php?cs_go=archiv&cs_startpos=220 HTTP/1.1" 200 22865 "http://www.mink-gmbh.de/news.php?cs_go=archiv&cs_startpos=170" "Mozilla/4.0 (compatible; Vagabondo/4.0/EU; http://www.wise-guys.nl/)"
82.94.179.38 - - [04/Nov/2012:05:41:28 +0100] "GET /news.php?cs_go=archiv&cs_startpos=530 HTTP/1.1" 200 22864 "http://www.mink-gmbh.de/news.php?cs_go=archiv&cs_startpos=581" "Mozilla/4.0 (compatible; Vagabondo/4.0/EU; http://www.wise-guys.nl/)"
84.19.190.126 - - [04/Nov/2012:05:41:28 +0100] "GET /news.php?cs_go=archiv&cs_id=3301&cs_search= HTTP/1.1" 200 12773 "-" "Mozilla/5.0 (compatible; UnisterBot; crawler@unister.de)"
82.94.179.38 - - [04/Nov/2012:05:41:36 +0100] "GET /news.php?cs_go=archiv&cs_startpos=170 HTTP/1.1" 200 22883 "http://www.mink-gmbh.de/news.php?cs_go=archiv&cs_startpos=150" "Mozilla/4.0 (compatible; Vagabondo/4.0/EU; http://www.wise-guys.nl/)"
82.94.179.38 - - [04/Nov/2012:05:41:44 +0100] "GET /news.php?cs_go=archiv&cs_startpos=591 HTTP/1.1" 200 22935 "http://www.mink-gmbh.de/news.php?cs_go=archiv&cs_startpos=581" "Mozilla/4.0 (compatible; Vagabondo/4.0/EU; http://www.wise-guys.nl/)"
82.94.179.38 - - [04/Nov/2012:05:41:51 +0100] "GET /news.php?cs_go=archiv&cs_startpos=100 HTTP/1.1" 200 22799 "http://www.mink-gmbh.de/news.php?cs_go=archiv&cs_startpos=50" "Mozilla/4.0 (compatible; Vagabondo/4.0/EU; http://www.wise-guys.nl/)"
82.94.179.38 - - [04/Nov/2012:05:41:58 +0100] "GET /news.php?cs_go=archiv&cs_startpos=160 HTTP/1.1" 200 22983 "http://www.mink-gmbh.de/news.php?cs_go=archiv&cs_startpos=150" "Mozilla/4.0 (compatible; Vagabondo/4.0/EU; http://www.wise-guys.nl/)"
82.94.179.38 - - [04/Nov/2012:05:42:06 +0100] "GET /news.php?cs_go=archiv&cs_startpos=140 HTTP/1.1" 200 22820 "http://www.mink-gmbh.de/news.php?cs_go=archiv&cs_startpos=100" "Mozilla/4.0 (compatible; Vagabondo/4.0/EU; http://www.wise-guys.nl/)"
87.118.116.25 - - [04/Nov/2012:05:42:11 +0100] "GET /news.php?cs_go=archiv&cs_startpos=210 HTTP/1.1" 200 23066 "-" "Mozilla/5.0 (compatible; UnisterBot; crawler@unister.de)"
82.94.179.38 - - [04/Nov/2012:05:42:14 +0100] "GET /news.php?cs_go=archiv&cs_startpos=571 HTTP/1.1" 200 22902 "http://www.mink-gmbh.de/news.php?cs_go=archiv&cs_startpos=581" "Mozilla/4.0 (compatible; Vagabondo/4.0/EU; http://www.wise-guys.nl/)"
82.94.179.38 - - [04/Nov/2012:05:42:21 +0100] "GET /news.php?cs_go=archiv&cs_startpos=250 HTTP/1.1" 200 22858 "http://www.mink-gmbh.de/news.php?cs_go=archiv&cs_startpos=200" "Mozilla/4.0 (compatible; Vagabondo/4.0/EU; http://www.wise-guys.nl/)"
82.94.179.38 - - [04/Nov/2012:05:42:29 +0100] "GET /news.php?cs_go=archiv&cs_startpos=240 HTTP/1.1" 200 22722 "http://www.mink-gmbh.de/news.php?cs_go=archiv&cs_startpos=200" "Mozilla/4.0 (compatible; Vagabondo/4.0/EU; http://www.wise-guys.nl/)"
82.94.179.38 - - [04/Nov/2012:05:42:36 +0100] "GET /news.php?cs_go=archiv&cs_startpos=120 HTTP/1.1" 200 22826 "http://www.mink-gmbh.de/news.php?cs_go=archiv&cs_startpos=80" "Mozilla/4.0 (compatible; Vagabondo/4.0/EU; http://www.wise-guys.nl/)"
82.94.179.38 - - [04/Nov/2012:05:42:44 +0100] "GET /news.php?cs_go=archiv&cs_startpos=180 HTTP/1.1" 200 22900 "http://www.mink-gmbh.de/news.php?cs_go=archiv&cs_startpos=140" "Mozilla/4.0 (compatible; Vagabondo/4.0/EU; http://www.wise-guys.nl/)"
87.118.116.25 - - [04/Nov/2012:05:42:51 +0100] "GET /news.php?cs_go=archiv&cs_startpos=260 HTTP/1.1" 200 22838 "-" "Mozilla/5.0 (compatible; UnisterBot; crawler@unister.de)"
82.94.179.38 - - [04/Nov/2012:05:42:53 +0100] "GET /news.php?cs_go=archiv&cs_startpos=580 HTTP/1.1" 200 22925 "http://www.mink-gmbh.de/news.php?cs_go=archiv&cs_startpos=581" "Mozilla/4.0 (compatible; Vagabondo/4.0/EU; http://www.wise-guys.nl/)"
87.118.116.25 - - [04/Nov/2012:05:43:38 +0100] "GET /news.php?cs_go=archiv&cs_id=3349&cs_search= HTTP/1.1" 200 12075 "-" "Mozilla/5.0 (compatible; UnisterBot; crawler@unister.de)"
87.118.116.25 - - [04/Nov/2012:05:44:20 +0100] "GET /news.php?cs_go=archiv&cs_id=3466&cs_search= HTTP/1.1" 200 12022 "-" "Mozilla/5.0 (compatible; UnisterBot; crawler@unister.de)"
84.19.190.126 - - [04/Nov/2012:05:45:01 +0100] "GET /news.php?cs_go=archiv&cs_id=3469&cs_search= HTTP/1.1" 200 13440 "-" "Mozilla/5.0 (compatible; UnisterBot; crawler@unister.de)"
87.118.116.25 - - [04/Nov/2012:05:45:40 +0100] "GET /news.php?cs_go=archiv&cs_id=3470&cs_search= HTTP/1.1" 200 9949 "-" "Mozilla/5.0 (compatible; UnisterBot; crawler@unister.de)"
123.125.71.24 - - [04/Nov/2012:05:44:33 +0100] "GET /images/RAL_Guetezeichen_Energiehandel.pdf HTTP/1.1" 200 288367 "-" "Mozilla/5.0 (compatible; Baiduspider/2.0; +http://www.baidu.com/search/spider.html)"
84.19.190.126 - - [04/Nov/2012:05:46:30 +0100] "GET /news.php?cs_go=archiv&cs_id=3296&cs_search= HTTP/1.1" 200 9902 "-" "Mozilla/5.0 (compatible; UnisterBot; crawler@unister.de)"
5.9.25.71 - - [04/Nov/2012:05:46:34 +0100] "GET /robots.txt HTTP/1.1" 200 177 "-" "Pixray-Seeker/2.0 (Pixray-Seeker; +http://www.pixray.com/pixraybot; +crawler@pixray.com)"
5.9.25.71 - - [04/Nov/2012:05:46:34 +0100] "GET /news.php?cs_go=archiv&cs_startpos=120 HTTP/1.1" 200 22826 "-" "Pixray-Seeker/2.0 (Pixray-Seeker; +http://www.pixray.com/pixraybot; +crawler@pixray.com)"
84.19.190.126 - - [04/Nov/2012:05:47:09 +0100] "GET /news.php?cs_go=archiv&cs_id=3305&cs_search= HTTP/1.1" 200 9910 "-" "Mozilla/5.0 (compatible; UnisterBot; crawler@unister.de)"
5.9.25.69 - - [04/Nov/2012:06:01:50 +0100] "GET /robots.txt HTTP/1.1" 200 177 "-" "Pixray-Seeker/2.0 (Pixray-Seeker; +http://www.pixray.com/pixraybot; +crawler@pixray.com)"
5.9.25.69 - - [04/Nov/2012:06:01:50 +0100] "GET /news.php?cs_go=archiv&cs_id=2687&cs_search= HTTP/1.1" 200 7887 "-" "Pixray-Seeker/2.0 (Pixray-Seeker; +http://www.pixray.com/pixraybot; +crawler@pixray.com)"
5.9.25.71 - - [04/Nov/2012:06:03:31 +0100] "GET /robots.txt HTTP/1.1" 200 177 "-" "Pixray-Seeker/2.0 (Pixray-Seeker; +http://www.pixray.com/pixraybot; +crawler@pixray.com)"
5.9.25.71 - - [04/Nov/2012:06:03:31 +0100] "GET /news.php?cs_go=archiv&cs_id=3274&cs_search= HTTP/1.1" 200 9977 "-" "Pixray-Seeker/2.0 (Pixray-Seeker; +http://www.pixray.com/pixraybot; +crawler@pixray.com)"
5.9.25.71 - - [04/Nov/2012:06:14:27 +0100] "GET /robots.txt HTTP/1.1" 200 177 "-" "Pixray-Seeker/2.0 (Pixray-Seeker; +http://www.pixray.com/pixraybot; +crawler@pixray.com)"
5.9.25.71 - - [04/Nov/2012:06:14:27 +0100] "GET /lexikon.php?cs_go=3&cs_id=115 HTTP/1.1" 200 9608 "-" "Pixray-Seeker/2.0 (Pixray-Seeker; +http://www.pixray.com/pixraybot; +crawler@pixray.com)"
5.9.25.84 - - [04/Nov/2012:06:18:03 +0100] "GET /robots.txt HTTP/1.1" 200 177 "-" "Pixray-Seeker/2.0 (Pixray-Seeker; +http://www.pixray.com/pixraybot; +crawler@pixray.com)"
5.9.25.84 - - [04/Nov/2012:06:18:03 +0100] "GET /news.php?cs_go=archiv&cs_id=2532&cs_search= HTTP/1.1" 200 7887 "-" "Pixray-Seeker/2.0 (Pixray-Seeker; +http://www.pixray.com/pixraybot; +crawler@pixray.com)"
5.9.25.73 - - [04/Nov/2012:06:20:24 +0100] "GET /robots.txt HTTP/1.1" 200 177 "-" "Pixray-Seeker/2.0 (Pixray-Seeker; +http://www.pixray.com/pixraybot; +crawler@pixray.com)"
5.9.25.73 - - [04/Nov/2012:06:20:24 +0100] "GET /news.php?cs_go=archiv&cs_id=2820&cs_search= HTTP/1.1" 200 14254 "-" "Pixray-Seeker/2.0 (Pixray-Seeker; +http://www.pixray.com/pixraybot; +crawler@pixray.com)"
213.186.119.136 - - [04/Nov/2012:06:20:51 +0100] "GET /news.php?cs_go=archiv&cs_id=3593 HTTP/1.1" 200 10732 "-" "Mozilla/5.0 (compatible; AhrefsBot/3.1; +http://ahrefs.com/robot/)"
84.19.190.126 - - [04/Nov/2012:06:32:37 +0100] "GET /news.php?cs_go=archiv&cs_id=3464&cs_search= HTTP/1.1" 200 13339 "-" "Mozilla/5.0 (compatible; UnisterBot; crawler@unister.de)"
84.19.190.126 - - [04/Nov/2012:06:34:30 +0100] "GET /news.php?cs_go=archiv&cs_id=3297&cs_search= HTTP/1.1" 200 11872 "-" "Mozilla/5.0 (compatible; UnisterBot; crawler@unister.de)"
84.19.190.126 - - [04/Nov/2012:06:35:15 +0100] "GET /news.php?cs_go=archiv&cs_id=3300&cs_search= HTTP/1.1" 200 9883 "-" "Mozilla/5.0 (compatible; UnisterBot; crawler@unister.de)"
87.118.116.25 - - [04/Nov/2012:06:35:59 +0100] "GET /news.php?cs_go=archiv&cs_id=3304&cs_search= HTTP/1.1" 200 13531 "-" "Mozilla/5.0 (compatible; UnisterBot; crawler@unister.de)"
87.118.116.25 - - [04/Nov/2012:06:36:37 +0100] "GET /news.php?cs_go=archiv&cs_id=3377&cs_search= HTTP/1.1" 200 13330 "-" "Mozilla/5.0 (compatible; UnisterBot; crawler@unister.de)"
84.19.190.126 - - [04/Nov/2012:06:37:24 +0100] "GET /news.php?cs_go=archiv&cs_id=3378&cs_search= HTTP/1.1" 200 12461 "-" "Mozilla/5.0 (compatible; UnisterBot; crawler@unister.de)"
87.118.116.25 - - [04/Nov/2012:06:37:59 +0100] "GET /news.php?cs_go=archiv&cs_id=3478&cs_search= HTTP/1.1" 200 12084 "-" "Mozilla/5.0 (compatible; UnisterBot; crawler@unister.de)"
87.118.116.25 - - [04/Nov/2012:06:38:39 +0100] "GET /news.php?cs_go=archiv&cs_id=3385&cs_search= HTTP/1.1" 200 13344 "-" "Mozilla/5.0 (compatible; UnisterBot; crawler@unister.de)"
87.118.116.25 - - [04/Nov/2012:06:39:20 +0100] "GET /news.php?cs_go=archiv&cs_id=3367&cs_search= HTTP/1.1" 200 11457 "-" "Mozilla/5.0 (compatible; UnisterBot; crawler@unister.de)"
87.118.116.25 - - [04/Nov/2012:06:40:01 +0100] "GET /news.php?cs_go=archiv&cs_id=3474&cs_search= HTTP/1.1" 200 13357 "-" "Mozilla/5.0 (compatible; UnisterBot; crawler@unister.de)"
84.19.190.126 - - [04/Nov/2012:06:40:40 +0100] "GET /news.php?cs_go=archiv&cs_id=3371&cs_search= HTTP/1.1" 200 9903 "-" "Mozilla/5.0 (compatible; UnisterBot; crawler@unister.de)"
84.19.190.126 - - [04/Nov/2012:06:41:18 +0100] "GET /news.php?cs_go=archiv&cs_id=3370&cs_search= HTTP/1.1" 200 13528 "-" "Mozilla/5.0 (compatible; UnisterBot; crawler@unister.de)"
5.9.25.72 - - [04/Nov/2012:06:47:32 +0100] "GET /robots.txt HTTP/1.1" 200 177 "-" "Pixray-Seeker/2.0 (Pixray-Seeker; +http://www.pixray.com/pixraybot; +crawler@pixray.com)"
5.9.25.72 - - [04/Nov/2012:06:47:32 +0100] "GET /news.php?cs_go=archiv&cs_startpos=1370 HTTP/1.1" 200 8126 "-" "Pixray-Seeker/2.0 (Pixray-Seeker; +http://www.pixray.com/pixraybot; +crawler@pixray.com)"
5.9.25.70 - - [04/Nov/2012:06:50:29 +0100] "GET /robots.txt HTTP/1.1" 200 177 "-" "Pixray-Seeker/2.0 (Pixray-Seeker; +http://www.pixray.com/pixraybot; +crawler@pixray.com)"
5.9.25.70 - - [04/Nov/2012:06:50:29 +0100] "GET /news.php?cs_go=archiv&cs_id=2588&cs_search= HTTP/1.1" 200 7887 "-" "Pixray-Seeker/2.0 (Pixray-Seeker; +http://www.pixray.com/pixraybot; +crawler@pixray.com)"
5.9.25.85 - - [04/Nov/2012:06:54:17 +0100] "GET /robots.txt HTTP/1.1" 200 177 "-" "Pixray-Seeker/2.0 (Pixray-Seeker; +http://www.pixray.com/pixraybot; +crawler@pixray.com)"
5.9.25.85 - - [04/Nov/2012:06:54:17 +0100] "GET /news.php?cs_go=archiv&cs_id=2334&cs_search= HTTP/1.1" 200 7887 "-" "Pixray-Seeker/2.0 (Pixray-Seeker; +http://www.pixray.com/pixraybot; +crawler@pixray.com)"
5.9.25.78 - - [04/Nov/2012:06:54:22 +0100] "GET /robots.txt HTTP/1.1" 200 177 "-" "Pixray-Seeker/2.0 (Pixray-Seeker; +http://www.pixray.com/pixraybot; +crawler@pixray.com)"
5.9.25.78 - - [04/Nov/2012:06:54:22 +0100] "GET /news.php?cs_go=archiv&cs_id=1767&cs_search= HTTP/1.1" 200 7887 "-" "Pixray-Seeker/2.0 (Pixray-Seeker; +http://www.pixray.com/pixraybot; +crawler@pixray.com)"
65.36.241.79 - - [04/Nov/2012:06:54:37 +0100] "HEAD / HTTP/1.1" 200 - "-" "InternetSeer.com"
46.4.119.231 - - [04/Nov/2012:06:55:11 +0100] "GET /robots.txt HTTP/1.1" 200 177 "-" "Pixray-Seeker/2.0 (Pixray-Seeker; +http://www.pixray.com/pixraybot; +crawler@pixray.com)"
46.4.119.231 - - [04/Nov/2012:06:55:11 +0100] "GET /news.php?cs_go=archiv&cs_id=3176&cs_search= HTTP/1.1" 200 13076 "-" "Pixray-Seeker/2.0 (Pixray-Seeker; +http://www.pixray.com/pixraybot; +crawler@pixray.com)"
157.55.33.81 - - [04/Nov/2012:06:56:29 +0100] "GET /robots.txt HTTP/1.1" 200 177 "-" "Mozilla/5.0 (compatible; bingbot/2.0; +http://www.bing.com/bingbot.htm)"
157.55.33.81 - - [04/Nov/2012:06:57:23 +0100] "GET /lexikon.php?cs_go=2&cs_char=f HTTP/1.1" 200 9595 "-" "Mozilla/5.0 (compatible; bingbot/2.0; +http://www.bing.com/bingbot.htm)"
157.55.33.81 - - [04/Nov/2012:06:57:23 +0100] "GET /lexikon.php?cs_go=2&cs_char=g HTTP/1.1" 200 9126 "-" "Mozilla/5.0 (compatible; bingbot/2.0; +http://www.bing.com/bingbot.htm)"
157.55.33.81 - - [04/Nov/2012:06:57:28 +0100] "GET /lexikon.php?cs_go=2&cs_char=k HTTP/1.1" 200 9879 "-" "Mozilla/5.0 (compatible; bingbot/2.0; +http://www.bing.com/bingbot.htm)"
157.55.33.81 - - [04/Nov/2012:06:57:28 +0100] "GET /lexikon.php?cs_go=2&cs_char=x HTTP/1.1" 200 8582 "-" "Mozilla/5.0 (compatible; bingbot/2.0; +http://www.bing.com/bingbot.htm)"
157.55.33.81 - - [04/Nov/2012:06:57:29 +0100] "GET /news.php?cs_go=archiv&cs_id=3440 HTTP/1.1" 200 13342 "-" "Mozilla/5.0 (compatible; bingbot/2.0; +http://www.bing.com/bingbot.htm)"
157.55.33.81 - - [04/Nov/2012:06:57:29 +0100] "GET /news.php?cs_go=archiv&cs_id=3437 HTTP/1.1" 200 9895 "-" "Mozilla/5.0 (compatible; bingbot/2.0; +http://www.bing.com/bingbot.htm)"
157.55.33.81 - - [04/Nov/2012:06:57:31 +0100] "GET /news.php?cs_go=archiv&cs_id=3607 HTTP/1.1" 200 13322 "-" "Mozilla/5.0 (compatible; bingbot/2.0; +http://www.bing.com/bingbot.htm)"
157.55.33.81 - - [04/Nov/2012:06:57:31 +0100] "GET /news.php?cs_go=archiv&cs_id=3478 HTTP/1.1" 200 12084 "-" "Mozilla/5.0 (compatible; bingbot/2.0; +http://www.bing.com/bingbot.htm)"
157.55.35.113 - - [04/Nov/2012:07:01:48 +0100] "GET /newsletter.php HTTP/1.1" 200 8928 "-" "Mozilla/5.0 (compatible; bingbot/2.0; +http://www.bing.com/bingbot.htm)"
157.55.35.82 - - [04/Nov/2012:07:01:56 +0100] "GET /kwk.php HTTP/1.1" 200 10884 "-" "Mozilla/5.0 (compatible; bingbot/2.0; +http://www.bing.com/bingbot.htm)"
157.55.35.113 - - [04/Nov/2012:07:01:58 +0100] "GET /lexikon.php?cs_go=2&cs_char=b HTTP/1.1" 200 9730 "-" "Mozilla/5.0 (compatible; bingbot/2.0; +http://www.bing.com/bingbot.htm)"
157.55.35.113 - - [04/Nov/2012:07:02:03 +0100] "GET /lexikon.php?cs_go=2&cs_char=n HTTP/1.1" 200 8578 "-" "Mozilla/5.0 (compatible; bingbot/2.0; +http://www.bing.com/bingbot.htm)"
5.9.25.68 - - [04/Nov/2012:07:02:05 +0100] "GET /robots.txt HTTP/1.1" 200 177 "-" "Pixray-Seeker/2.0 (Pixray-Seeker; +http://www.pixray.com/pixraybot; +crawler@pixray.com)"
5.9.25.68 - - [04/Nov/2012:07:02:05 +0100] "GET /news.php?cs_go=archiv&cs_id=2449&cs_search= HTTP/1.1" 200 7887 "-" "Pixray-Seeker/2.0 (Pixray-Seeker; +http://www.pixray.com/pixraybot; +crawler@pixray.com)"
157.55.35.113 - - [04/Nov/2012:07:02:06 +0100] "GET /lexikon.php?cs_go=2&cs_char=v HTTP/1.1" 200 9117 "-" "Mozilla/5.0 (compatible; bingbot/2.0; +http://www.bing.com/bingbot.htm)"
157.55.35.113 - - [04/Nov/2012:07:02:08 +0100] "GET /news.php?cs_go=archiv&cs_id=3433 HTTP/1.1" 200 9888 "-" "Mozilla/5.0 (compatible; bingbot/2.0; +http://www.bing.com/bingbot.htm)"
157.55.35.113 - - [04/Nov/2012:07:02:10 +0100] "GET /news.php?cs_go=archiv&cs_id=3434 HTTP/1.1" 200 10315 "-" "Mozilla/5.0 (compatible; bingbot/2.0; +http://www.bing.com/bingbot.htm)"
157.55.35.113 - - [04/Nov/2012:07:02:11 +0100] "GET /news.php?cs_go=archiv&cs_id=3481 HTTP/1.1" 200 13525 "-" "Mozilla/5.0 (compatible; bingbot/2.0; +http://www.bing.com/bingbot.htm)"
157.55.35.82 - - [04/Nov/2012:07:02:12 +0100] "GET /lexikon.php?cs_go=2&cs_char=t HTTP/1.1" 200 8765 "-" "Mozilla/5.0 (compatible; bingbot/2.0; +http://www.bing.com/bingbot.htm)"
157.55.35.113 - - [04/Nov/2012:07:02:12 +0100] "GET /news.php?cs_go=archiv&cs_id=3534 HTTP/1.1" 200 12306 "-" "Mozilla/5.0 (compatible; bingbot/2.0; +http://www.bing.com/bingbot.htm)"
157.55.35.113 - - [04/Nov/2012:07:02:13 +0100] "GET /news.php?cs_go=archiv&cs_id=3596 HTTP/1.1" 200 11257 "-" "Mozilla/5.0 (compatible; bingbot/2.0; +http://www.bing.com/bingbot.htm)"
65.55.55.231 - - [04/Nov/2012:07:05:16 +0100] "GET /rueckrufservice.php HTTP/1.1" 200 10770 "-" "Mozilla/5.0 (compatible; bingbot/2.0; +http://www.bing.com/bingbot.htm)"
65.55.55.231 - - [04/Nov/2012:07:05:16 +0100] "GET /news.php HTTP/1.1" 200 22042 "-" "Mozilla/5.0 (compatible; bingbot/2.0; +http://www.bing.com/bingbot.htm)"
65.55.55.231 - - [04/Nov/2012:07:05:19 +0100] "GET /lexikon.php?cs_go=2&cs_char=i HTTP/1.1" 200 8402 "-" "Mozilla/5.0 (compatible; bingbot/2.0; +http://www.bing.com/bingbot.htm)"
65.55.55.231 - - [04/Nov/2012:07:05:19 +0100] "GET /news.php?cs_go=archiv&cs_id=3464&cs_search= HTTP/1.1" 200 13339 "-" "Mozilla/5.0 (compatible; bingbot/2.0; +http://www.bing.com/bingbot.htm)"
65.55.55.231 - - [04/Nov/2012:07:05:20 +0100] "GET /news.php?cs_go=archiv&cs_id=3465&cs_search= HTTP/1.1" 200 9863 "-" "Mozilla/5.0 (compatible; bingbot/2.0; +http://www.bing.com/bingbot.htm)"
65.55.55.231 - - [04/Nov/2012:07:05:20 +0100] "GET /news.php?cs_go=archiv&cs_id=3477&cs_search= HTTP/1.1" 200 9938 "-" "Mozilla/5.0 (compatible; bingbot/2.0; +http://www.bing.com/bingbot.htm)"
65.55.55.231 - - [04/Nov/2012:07:05:21 +0100] "GET /news.php?cs_go=archiv&cs_id=3576 HTTP/1.1" 200 13343 "-" "Mozilla/5.0 (compatible; bingbot/2.0; +http://www.bing.com/bingbot.htm)"
157.55.33.17 - - [04/Nov/2012:07:06:50 +0100] "GET /lexikon.php?cs_go=2&cs_char=j HTTP/1.1" 200 8582 "-" "Mozilla/5.0 (compatible; bingbot/2.0; +http://www.bing.com/bingbot.htm)"
157.55.33.17 - - [04/Nov/2012:07:07:00 +0100] "GET /lexikon.php?cs_go=2&cs_char=u HTTP/1.1" 200 8744 "-" "Mozilla/5.0 (compatible; bingbot/2.0; +http://www.bing.com/bingbot.htm)"
157.55.33.17 - - [04/Nov/2012:07:07:03 +0100] "GET /lexikon.php?cs_go=2&cs_char=y HTTP/1.1" 200 8582 "-" "Mozilla/5.0 (compatible; bingbot/2.0; +http://www.bing.com/bingbot.htm)"
157.55.33.17 - - [04/Nov/2012:07:07:05 +0100] "GET /modernisierung.php?cs_gp_go=coupon HTTP/1.1" 200 10192 "-" "Mozilla/5.0 (compatible; bingbot/2.0; +http://www.bing.com/bingbot.htm)"
157.55.33.17 - - [04/Nov/2012:07:07:07 +0100] "GET /news.php?cs_go=archiv&cs_id=3474 HTTP/1.1" 200 13357 "-" "Mozilla/5.0 (compatible; bingbot/2.0; +http://www.bing.com/bingbot.htm)"
157.55.33.17 - - [04/Nov/2012:07:07:08 +0100] "GET /news.php?cs_go=archiv&cs_id=3512 HTTP/1.1" 200 12506 "-" "Mozilla/5.0 (compatible; bingbot/2.0; +http://www.bing.com/bingbot.htm)"
157.55.36.54 - - [04/Nov/2012:07:07:50 +0100] "GET /lexikon.php?cs_go=2&cs_char=d HTTP/1.1" 200 9421 "-" "Mozilla/5.0 (compatible; bingbot/2.0; +http://www.bing.com/bingbot.htm)"
157.55.35.113 - - [04/Nov/2012:07:07:52 +0100] "GET /news.php?cs_go=archiv&cs_id=3608 HTTP/1.1" 200 9772 "-" "Mozilla/5.0 (compatible; bingbot/2.0; +http://www.bing.com/bingbot.htm)"
157.55.34.166 - - [04/Nov/2012:07:07:54 +0100] "GET /lexikon.php?cs_go=2&cs_char=h HTTP/1.1" 200 8687 "-" "Mozilla/5.0 (compatible; bingbot/2.0; +http://www.bing.com/bingbot.htm)"
157.55.36.54 - - [04/Nov/2012:07:08:05 +0100] "GET /lexikon.php?cs_go=2&cs_char=e HTTP/1.1" 200 9079 "-" "Mozilla/5.0 (compatible; bingbot/2.0; +http://www.bing.com/bingbot.htm)"
157.55.36.54 - - [04/Nov/2012:07:08:12 +0100] "GET /lexikon.php?cs_go=2&cs_char=w HTTP/1.1" 200 8587 "-" "Mozilla/5.0 (compatible; bingbot/2.0; +http://www.bing.com/bingbot.htm)"
157.55.34.166 - - [04/Nov/2012:07:08:12 +0100] "GET /lexikon.php?cs_go=2&cs_char=o HTTP/1.1" 200 9261 "-" "Mozilla/5.0 (compatible; bingbot/2.0; +http://www.bing.com/bingbot.htm)"
157.55.34.166 - - [04/Nov/2012:07:12:52 +0100] "GET /modernisierung.php?cs_gp_go=plus HTTP/1.1" 200 11578 "-" "Mozilla/5.0 (compatible; bingbot/2.0; +http://www.bing.com/bingbot.htm)"
157.56.93.204 - - [04/Nov/2012:07:12:56 +0100] "GET /kwk.php?cs_go=4 HTTP/1.1" 200 10255 "-" "Mozilla/5.0 (compatible; bingbot/2.0; +http://www.bing.com/bingbot.htm)"
157.55.34.166 - - [04/Nov/2012:07:13:08 +0100] "GET /news.php?cs_go=archiv&cs_id=3470&cs_search= HTTP/1.1" 200 9949 "-" "Mozilla/5.0 (compatible; bingbot/2.0; +http://www.bing.com/bingbot.htm)"
157.55.35.82 - - [04/Nov/2012:07:19:19 +0100] "GET /news.php?cs_go=archiv&cs_id=2721&cs_search= HTTP/1.1" 200 10999 "-" "Mozilla/5.0 (compatible; bingbot/2.0; +http://www.bing.com/bingbot.htm)"
157.55.35.82 - - [04/Nov/2012:07:19:19 +0100] "GET /news.php?cs_go=archiv&cs_id=3514 HTTP/1.1" 200 14386 "-" "Mozilla/5.0 (compatible; bingbot/2.0; +http://www.bing.com/bingbot.htm)"
157.55.36.54 - - [04/Nov/2012:07:19:24 +0100] "GET /news.php?cs_go=archiv&cs_id=3407 HTTP/1.1" 200 9975 "-" "Mozilla/5.0 (compatible; bingbot/2.0; +http://www.bing.com/bingbot.htm)"
157.55.35.82 - - [04/Nov/2012:07:19:28 +0100] "GET /news.php?cs_go=archiv&cs_id=3616 HTTP/1.1" 200 9862 "-" "Mozilla/5.0 (compatible; bingbot/2.0; +http://www.bing.com/bingbot.htm)"
157.55.36.54 - - [04/Nov/2012:07:19:34 +0100] "GET /news.php?cs_go=archiv&cs_id=3438 HTTP/1.1" 200 13142 "-" "Mozilla/5.0 (compatible; bingbot/2.0; +http://www.bing.com/bingbot.htm)"
157.55.36.54 - - [04/Nov/2012:07:19:40 +0100] "GET /news.php?cs_go=archiv&cs_id=3477 HTTP/1.1" 200 9938 "-" "Mozilla/5.0 (compatible; bingbot/2.0; +http://www.bing.com/bingbot.htm)"
157.55.36.54 - - [04/Nov/2012:07:19:44 +0100] "GET /news.php?cs_go=archiv&cs_id=3509&cs_search= HTTP/1.1" 200 17019 "-" "Mozilla/5.0 (compatible; bingbot/2.0; +http://www.bing.com/bingbot.htm)"
87.118.116.25 - - [04/Nov/2012:07:19:45 +0100] "GET /news.php?cs_go=archiv&cs_id=3381&cs_search= HTTP/1.1" 200 9878 "-" "Mozilla/5.0 (compatible; UnisterBot; crawler@unister.de)"
87.118.116.25 - - [04/Nov/2012:07:21:01 +0100] "GET /news.php?cs_go=archiv&cs_startpos=200 HTTP/1.1" 200 23049 "-" "Mozilla/5.0 (compatible; UnisterBot; crawler@unister.de)"
87.118.116.25 - - [04/Nov/2012:07:21:40 +0100] "GET /news.php?cs_go=archiv&cs_id=3366&cs_search= HTTP/1.1" 200 9872 "-" "Mozilla/5.0 (compatible; UnisterBot; crawler@unister.de)"
157.55.36.54 - - [04/Nov/2012:07:25:24 +0100] "GET /news.php?cs_go=archiv&cs_id=3542 HTTP/1.1" 200 13418 "-" "Mozilla/5.0 (compatible; bingbot/2.0; +http://www.bing.com/bingbot.htm)"
157.55.36.54 - - [04/Nov/2012:07:25:34 +0100] "GET /news.php?cs_go=archiv&cs_id=3542&cs_search= HTTP/1.1" 200 13418 "-" "Mozilla/5.0 (compatible; bingbot/2.0; +http://www.bing.com/bingbot.htm)"
157.55.36.54 - - [04/Nov/2012:07:25:38 +0100] "GET /news.php?cs_go=archiv&cs_id=3560 HTTP/1.1" 200 12322 "-" "Mozilla/5.0 (compatible; bingbot/2.0; +http://www.bing.com/bingbot.htm)"
157.55.34.166 - - [04/Nov/2012:07:26:54 +0100] "GET /seiten/produkte_hzoel.php HTTP/1.1" 404 - "-" "Mozilla/5.0 (compatible; bingbot/2.0; +http://www.bing.com/bingbot.htm)"
157.56.93.204 - - [04/Nov/2012:07:28:44 +0100] "GET /lexikon.php?cs_go=2&cs_char=c HTTP/1.1" 200 8836 "-" "Mozilla/5.0 (compatible; bingbot/2.0; +http://www.bing.com/bingbot.htm)"
5.9.25.70 - - [04/Nov/2012:07:29:51 +0100] "GET /robots.txt HTTP/1.1" 200 177 "-" "Pixray-Seeker/2.0 (Pixray-Seeker; +http://www.pixray.com/pixraybot; +crawler@pixray.com)"
5.9.25.70 - - [04/Nov/2012:07:29:51 +0100] "GET /news.php?cs_go=archiv&cs_startpos=1410 HTTP/1.1" 200 8126 "-" "Pixray-Seeker/2.0 (Pixray-Seeker; +http://www.pixray.com/pixraybot; +crawler@pixray.com)"
213.186.120.196 - - [04/Nov/2012:07:30:18 +0100] "GET /lexikon.php?cs_go=2&cs_char=i HTTP/1.1" 200 8402 "-" "Mozilla/5.0 (compatible; AhrefsBot/3.1; +http://ahrefs.com/robot/)"
5.9.25.84 - - [04/Nov/2012:07:31:03 +0100] "GET /robots.txt HTTP/1.1" 200 177 "-" "Pixray-Seeker/2.0 (Pixray-Seeker; +http://www.pixray.com/pixraybot; +crawler@pixray.com)"
5.9.25.84 - - [04/Nov/2012:07:31:03 +0100] "GET /news.php?cs_go=archiv&cs_id=1965&cs_search= HTTP/1.1" 200 7887 "-" "Pixray-Seeker/2.0 (Pixray-Seeker; +http://www.pixray.com/pixraybot; +crawler@pixray.com)"
46.4.119.231 - - [04/Nov/2012:07:46:49 +0100] "GET /robots.txt HTTP/1.1" 200 177 "-" "Pixray-Seeker/2.0 (Pixray-Seeker; +http://www.pixray.com/pixraybot; +crawler@pixray.com)"
46.4.119.231 - - [04/Nov/2012:07:46:49 +0100] "GET /news.php?cs_go=archiv&cs_id=3275&cs_search= HTTP/1.1" 200 11350 "-" "Pixray-Seeker/2.0 (Pixray-Seeker; +http://www.pixray.com/pixraybot; +crawler@pixray.com)"
5.9.25.71 - - [04/Nov/2012:07:47:52 +0100] "GET /robots.txt HTTP/1.1" 200 177 "-" "Pixray-Seeker/2.0 (Pixray-Seeker; +http://www.pixray.com/pixraybot; +crawler@pixray.com)"
5.9.25.71 - - [04/Nov/2012:07:47:52 +0100] "GET /news.php?cs_go=archiv&cs_id=2395&cs_search= HTTP/1.1" 200 7887 "-" "Pixray-Seeker/2.0 (Pixray-Seeker; +http://www.pixray.com/pixraybot; +crawler@pixray.com)"
5.9.25.69 - - [04/Nov/2012:07:59:01 +0100] "GET /robots.txt HTTP/1.1" 200 177 "-" "Pixray-Seeker/2.0 (Pixray-Seeker; +http://www.pixray.com/pixraybot; +crawler@pixray.com)"
5.9.25.69 - - [04/Nov/2012:07:59:01 +0100] "GET /edl.php HTTP/1.1" 200 10801 "-" "Pixray-Seeker/2.0 (Pixray-Seeker; +http://www.pixray.com/pixraybot; +crawler@pixray.com)"
84.19.190.126 - - [04/Nov/2012:08:04:42 +0100] "GET /news.php?cs_go=archiv&cs_id=3303&cs_search= HTTP/1.1" 200 10421 "-" "Mozilla/5.0 (compatible; UnisterBot; crawler@unister.de)"
84.19.190.126 - - [04/Nov/2012:08:06:18 +0100] "GET /news.php?cs_go=archiv&cs_id=3382&cs_search= HTTP/1.1" 200 13454 "-" "Mozilla/5.0 (compatible; UnisterBot; crawler@unister.de)"
82.94.179.38 - - [04/Nov/2012:08:06:52 +0100] "GET /robots.txt HTTP/1.0" 200 177 "-" "Mozilla/4.0 (compatible; Vagabondo/4.0/EU; http://webagent.wise-guys.nl/)"
82.94.179.38 - - [04/Nov/2012:08:06:52 +0100] "GET /news.php?cs_go=archiv&cs_id=1627 HTTP/1.1" 200 7887 "http://www.mink-gmbh.de/news.php?cs_go=archiv&cs_startpos=1560" "Mozilla/4.0 (compatible; Vagabondo/4.0/EU; http://www.wise-guys.nl/)"
82.94.179.38 - - [04/Nov/2012:08:07:00 +0100] "GET /news.php?cs_go=archiv&cs_id=2714 HTTP/1.1" 200 10360 "http://www.mink-gmbh.de/news.php?cs_go=archiv&cs_startpos=610" "Mozilla/4.0 (compatible; Vagabondo/4.0/EU; http://www.wise-guys.nl/)"
82.94.179.38 - - [04/Nov/2012:08:07:07 +0100] "GET /news.php?cs_go=archiv&cs_id=2830 HTTP/1.1" 200 12909 "http://www.mink-gmbh.de/news.php?cs_go=archiv&cs_startpos=530" "Mozilla/4.0 (compatible; Vagabondo/4.0/EU; http://www.wise-guys.nl/)"
87.118.116.25 - - [04/Nov/2012:08:07:09 +0100] "GET /news.php?cs_go=archiv&cs_id=3365&cs_search= HTTP/1.1" 200 13733 "-" "Mozilla/5.0 (compatible; UnisterBot; crawler@unister.de)"
82.94.179.38 - - [04/Nov/2012:08:07:15 +0100] "GET /news.php?cs_go=archiv&cs_id=2749 HTTP/1.1" 200 12562 "http://www.mink-gmbh.de/news.php?cs_go=archiv&cs_startpos=580" "Mozilla/4.0 (compatible; Vagabondo/4.0/EU; http://www.wise-guys.nl/)"
82.94.179.38 - - [04/Nov/2012:08:07:22 +0100] "GET /news.php?cs_go=archiv&cs_id=2760 HTTP/1.1" 200 11131 "http://www.mink-gmbh.de/news.php?cs_go=archiv&cs_startpos=570" "Mozilla/4.0 (compatible; Vagabondo/4.0/EU; http://www.wise-guys.nl/)"
82.94.179.38 - - [04/Nov/2012:08:07:29 +0100] "GET /news.php?cs_go=archiv&cs_id=2763 HTTP/1.1" 200 13023 "http://www.mink-gmbh.de/news.php?cs_go=archiv&cs_startpos=571" "Mozilla/4.0 (compatible; Vagabondo/4.0/EU; http://www.wise-guys.nl/)"
82.94.179.38 - - [04/Nov/2012:08:07:36 +0100] "GET /news.php?cs_go=archiv&cs_id=2829 HTTP/1.1" 200 10048 "http://www.mink-gmbh.de/news.php?cs_go=archiv&cs_startpos=530" "Mozilla/4.0 (compatible; Vagabondo/4.0/EU; http://www.wise-guys.nl/)"
82.94.179.38 - - [04/Nov/2012:08:07:42 +0100] "GET /news.php?cs_go=archiv&cs_id=2766 HTTP/1.1" 200 11745 "http://www.mink-gmbh.de/news.php?cs_go=archiv&cs_startpos=560" "Mozilla/4.0 (compatible; Vagabondo/4.0/EU; http://www.wise-guys.nl/)"
