125.162.137.180 - - [15/Feb/2013:17:43:02 +0100] "GET /js_contentserver24_greybox/gb_styles.css HTTP/1.1" 200 2302 "http://www.mink-gmbh.de/" "Mozilla/4.0 (compatible; MSIE 8.0; Win32)"
125.162.137.180 - - [15/Feb/2013:17:43:03 +0100] "GET /js_contentserver24_greybox/AJS.js HTTP/1.1" 200 10396 "http://www.mink-gmbh.de/" "Mozilla/4.0 (compatible; MSIE 8.0; Win32)"
125.162.137.180 - - [15/Feb/2013:17:43:03 +0100] "GET /js_contentserver24_greybox/AJS_fx.js HTTP/1.1" 200 3192 "http://www.mink-gmbh.de/" "Mozilla/4.0 (compatible; MSIE 8.0; Win32)"
88.152.1.94 - - [15/Feb/2013:17:49:07 +0100] "GET /style.css HTTP/1.1" 200 8418 "http://www.mink-gmbh.de/" "Mozilla/5.0 (Windows NT 6.1) AppleWebKit/537.17 (KHTML, like Gecko) Chrome/24.0.1312.57 Safari/537.17"
88.152.1.94 - - [15/Feb/2013:17:49:07 +0100] "GET /js_contentserver24_greybox/gb_styles.css HTTP/1.1" 200 2302 "http://www.mink-gmbh.de/" "Mozilla/5.0 (Windows NT 6.1) AppleWebKit/537.17 (KHTML, like Gecko) Chrome/24.0.1312.57 Safari/537.17"
88.152.1.94 - - [15/Feb/2013:17:49:07 +0100] "GET /js_contentserver24_greybox/AJS_fx.js HTTP/1.1" 200 3192 "http://www.mink-gmbh.de/" "Mozilla/5.0 (Windows NT 6.1) AppleWebKit/537.17 (KHTML, like Gecko) Chrome/24.0.1312.57 Safari/537.17"
88.152.1.94 - - [15/Feb/2013:17:49:07 +0100] "GET /js_contentserver24_greybox/AJS.js HTTP/1.1" 200 10396 "http://www.mink-gmbh.de/" "Mozilla/5.0 (Windows NT 6.1) AppleWebKit/537.17 (KHTML, like Gecko) Chrome/24.0.1312.57 Safari/537.17"
88.152.1.94 - - [15/Feb/2013:17:49:07 +0100] "GET /modul.css HTTP/1.1" 200 35038 "http://www.mink-gmbh.de/" "Mozilla/5.0 (Windows NT 6.1) AppleWebKit/537.17 (KHTML, like Gecko) Chrome/24.0.1312.57 Safari/537.17"
88.152.1.94 - - [15/Feb/2013:17:49:07 +0100] "GET /js_contentserver24_greybox/gb_scripts.js HTTP/1.1" 200 11913 "http://www.mink-gmbh.de/" "Mozilla/5.0 (Windows NT 6.1) AppleWebKit/537.17 (KHTML, like Gecko) Chrome/24.0.1312.57 Safari/537.17"
88.152.1.94 - - [15/Feb/2013:17:49:07 +0100] "GET / HTTP/1.1" 200 15357 "-" "Mozilla/5.0 (Windows NT 6.1) AppleWebKit/537.17 (KHTML, like Gecko) Chrome/24.0.1312.57 Safari/537.17"
88.152.1.94 - - [15/Feb/2013:17:49:08 +0100] "GET /js_contentserver24_greybox/w_close.gif HTTP/1.1" 200 74 "http://www.mink-gmbh.de/" "Mozilla/5.0 (Windows NT 6.1) AppleWebKit/537.17 (KHTML, like Gecko) Chrome/24.0.1312.57 Safari/537.17"
88.152.1.94 - - [15/Feb/2013:17:49:08 +0100] "GET /images/close.png HTTP/1.1" 200 703 "http://www.mink-gmbh.de/" "Mozilla/5.0 (Windows NT 6.1) AppleWebKit/537.17 (KHTML, like Gecko) Chrome/24.0.1312.57 Safari/537.17"
88.152.1.94 - - [15/Feb/2013:17:49:08 +0100] "GET /images/newsletter.png HTTP/1.1" 200 14619 "http://www.mink-gmbh.de/" "Mozilla/5.0 (Windows NT 6.1) AppleWebKit/537.17 (KHTML, like Gecko) Chrome/24.0.1312.57 Safari/537.17"
88.152.1.94 - - [15/Feb/2013:17:49:08 +0100] "GET /images/navibg.png HTTP/1.1" 200 2803 "http://www.mink-gmbh.de/" "Mozilla/5.0 (Windows NT 6.1) AppleWebKit/537.17 (KHTML, like Gecko) Chrome/24.0.1312.57 Safari/537.17"
88.152.1.94 - - [15/Feb/2013:17:49:08 +0100] "GET /images/newsletter_bg.jpg HTTP/1.1" 200 33610 "http://www.mink-gmbh.de/" "Mozilla/5.0 (Windows NT 6.1) AppleWebKit/537.17 (KHTML, like Gecko) Chrome/24.0.1312.57 Safari/537.17"
88.152.1.94 - - [15/Feb/2013:17:49:08 +0100] "GET /images/wrapperbg.jpg HTTP/1.1" 200 27465 "http://www.mink-gmbh.de/" "Mozilla/5.0 (Windows NT 6.1) AppleWebKit/537.17 (KHTML, like Gecko) Chrome/24.0.1312.57 Safari/537.17"
88.152.1.94 - - [15/Feb/2013:17:49:08 +0100] "GET /images/header.jpg HTTP/1.1" 200 24413 "http://www.mink-gmbh.de/" "Mozilla/5.0 (Windows NT 6.1) AppleWebKit/537.17 (KHTML, like Gecko) Chrome/24.0.1312.57 Safari/537.17"
88.152.1.94 - - [15/Feb/2013:17:49:08 +0100] "GET /images/fallend.png HTTP/1.1" 200 713 "http://www.mink-gmbh.de/" "Mozilla/5.0 (Windows NT 6.1) AppleWebKit/537.17 (KHTML, like Gecko) Chrome/24.0.1312.57 Safari/537.17"
88.152.1.94 - - [15/Feb/2013:17:49:09 +0100] "GET /images/bg.jpg HTTP/1.1" 200 345 "http://www.mink-gmbh.de/" "Mozilla/5.0 (Windows NT 6.1) AppleWebKit/537.17 (KHTML, like Gecko) Chrome/24.0.1312.57 Safari/537.17"
88.152.1.94 - - [15/Feb/2013:17:49:09 +0100] "GET /images/tkw.jpg HTTP/1.1" 200 64031 "http://www.mink-gmbh.de/" "Mozilla/5.0 (Windows NT 6.1) AppleWebKit/537.17 (KHTML, like Gecko) Chrome/24.0.1312.57 Safari/537.17"
88.152.1.94 - - [15/Feb/2013:17:49:09 +0100] "GET /images/newsletter.jpg HTTP/1.1" 200 13130 "http://www.mink-gmbh.de/" "Mozilla/5.0 (Windows NT 6.1) AppleWebKit/537.17 (KHTML, like Gecko) Chrome/24.0.1312.57 Safari/537.17"
88.152.1.94 - - [15/Feb/2013:17:49:09 +0100] "GET /images/mobil.jpg HTTP/1.1" 200 25293 "http://www.mink-gmbh.de/" "Mozilla/5.0 (Windows NT 6.1) AppleWebKit/537.17 (KHTML, like Gecko) Chrome/24.0.1312.57 Safari/537.17"
88.152.1.94 - - [15/Feb/2013:17:49:09 +0100] "GET /images/wunschpreis.jpg HTTP/1.1" 200 16767 "http://www.mink-gmbh.de/" "Mozilla/5.0 (Windows NT 6.1) AppleWebKit/537.17 (KHTML, like Gecko) Chrome/24.0.1312.57 Safari/537.17"
88.152.1.94 - - [15/Feb/2013:17:49:09 +0100] "GET /images/logos.jpg HTTP/1.1" 200 15002 "http://www.mink-gmbh.de/" "Mozilla/5.0 (Windows NT 6.1) AppleWebKit/537.17 (KHTML, like Gecko) Chrome/24.0.1312.57 Safari/537.17"
88.152.1.94 - - [15/Feb/2013:17:49:09 +0100] "GET /js_contentserver24_greybox/loader_frame.html?s=0 HTTP/1.1" 200 2084 "http://www.mink-gmbh.de/" "Mozilla/5.0 (Windows NT 6.1) AppleWebKit/537.17 (KHTML, like Gecko) Chrome/24.0.1312.57 Safari/537.17"
88.152.1.94 - - [15/Feb/2013:17:49:09 +0100] "GET /images/footerbg.jpg HTTP/1.1" 200 2184 "http://www.mink-gmbh.de/" "Mozilla/5.0 (Windows NT 6.1) AppleWebKit/537.17 (KHTML, like Gecko) Chrome/24.0.1312.57 Safari/537.17"
88.152.1.94 - - [15/Feb/2013:17:49:09 +0100] "GET /js_contentserver24_greybox/header_bg.gif HTTP/1.1" 200 1188 "http://www.mink-gmbh.de/" "Mozilla/5.0 (Windows NT 6.1) AppleWebKit/537.17 (KHTML, like Gecko) Chrome/24.0.1312.57 Safari/537.17"
88.152.1.94 - - [15/Feb/2013:17:49:09 +0100] "GET /images/mail.jpg HTTP/1.1" 200 11165 "http://www.mink-gmbh.de/" "Mozilla/5.0 (Windows NT 6.1) AppleWebKit/537.17 (KHTML, like Gecko) Chrome/24.0.1312.57 Safari/537.17"
88.152.1.94 - - [15/Feb/2013:17:49:09 +0100] "GET /images/kwk.gif HTTP/1.1" 200 6403 "http://www.mink-gmbh.de/" "Mozilla/5.0 (Windows NT 6.1) AppleWebKit/537.17 (KHTML, like Gecko) Chrome/24.0.1312.57 Safari/537.17"
88.152.1.94 - - [15/Feb/2013:17:49:09 +0100] "GET /images/freecall.jpg HTTP/1.1" 200 39195 "http://www.mink-gmbh.de/" "Mozilla/5.0 (Windows NT 6.1) AppleWebKit/537.17 (KHTML, like Gecko) Chrome/24.0.1312.57 Safari/537.17"
88.152.1.94 - - [15/Feb/2013:17:49:10 +0100] "GET /js_contentserver24_greybox/indicator.gif HTTP/1.1" 200 8238 "http://www.mink-gmbh.de/js_contentserver24_greybox/loader_frame.html?s=0" "Mozilla/5.0 (Windows NT 6.1) AppleWebKit/537.17 (KHTML, like Gecko) Chrome/24.0.1312.57 Safari/537.17"
88.152.1.94 - - [15/Feb/2013:17:49:10 +0100] "GET /js_contentserver24_greybox/g_close.gif HTTP/1.1" 200 541 "http://www.mink-gmbh.de/" "Mozilla/5.0 (Windows NT 6.1) AppleWebKit/537.17 (KHTML, like Gecko) Chrome/24.0.1312.57 Safari/537.17"
88.152.1.94 - - [15/Feb/2013:17:49:10 +0100] "GET /favicon.ico HTTP/1.1" 200 3638 "-" "Mozilla/5.0 (Windows NT 6.1) AppleWebKit/537.17 (KHTML, like Gecko) Chrome/24.0.1312.57 Safari/537.17"
141.8.147.12 - - [15/Feb/2013:18:05:51 +0100] "GET /news.php?cs_go=archiv&cs_id=2736&cs_search= HTTP/1.1" 200 13908 "-" "Mozilla/5.0 (compatible; YandexBot/3.0; +http://yandex.com/bots)"
81.30.151.218 - - [15/Feb/2013:18:09:33 +0100] "GET /news.php?cs_go=archiv&cs_id=3127&cs_search= HTTP/1.1" 200 16246 "-" "Pixray-Seeker/2.0 (Pixray-Seeker; +http://www.pixray.com/pixraybot; +crawler@pixray.com)"
141.8.147.12 - - [15/Feb/2013:18:21:17 +0100] "GET /lexikon.php?cs_go=3&cs_id=231 HTTP/1.1" 200 8371 "-" "Mozilla/5.0 (compatible; YandexBot/3.0; +http://yandex.com/bots)"
141.8.147.12 - - [15/Feb/2013:18:32:52 +0100] "GET /news.php?cs_go=archiv&cs_id=2722&cs_search= HTTP/1.1" 200 10276 "-" "Mozilla/5.0 (compatible; YandexBot/3.0; +http://yandex.com/bots)"
208.115.111.75 - - [15/Feb/2013:18:39:50 +0100] "GET /robots.txt HTTP/1.1" 200 177 "-" "Mozilla/5.0 (compatible; Ezooms/1.0; ezooms.bot@gmail.com)"
141.8.147.12 - - [15/Feb/2013:18:46:43 +0100] "GET /news.php?cs_go=archiv&cs_id=2724&cs_search= HTTP/1.1" 200 13865 "-" "Mozilla/5.0 (compatible; YandexBot/3.0; +http://yandex.com/bots)"
208.115.111.75 - - [15/Feb/2013:19:02:33 +0100] "GET /news.php?cs_go=archiv&cs_id=3903 HTTP/1.1" 200 13479 "-" "Mozilla/5.0 (compatible; Ezooms/1.0; ezooms.bot@gmail.com)"
141.8.147.12 - - [15/Feb/2013:19:08:36 +0100] "GET /robots.txt HTTP/1.1" 200 177 "-" "Mozilla/5.0 (compatible; YandexBot/3.0; +http://yandex.com/bots)"
81.30.151.218 - - [15/Feb/2013:19:10:41 +0100] "GET /news.php?cs_go=archiv&cs_id=1660&cs_search= HTTP/1.1" 200 7887 "-" "Pixray-Seeker/2.0 (Pixray-Seeker; +http://www.pixray.com/pixraybot; +crawler@pixray.com)"
66.249.78.46 - - [15/Feb/2013:19:14:28 +0100] "GET /news.php?cs_go=archiv&cs_id=3174&cs_search= HTTP/1.1" 200 12317 "-" "Mozilla/5.0 (compatible; Googlebot/2.1; +http://www.google.com/bot.html)"
5.9.86.85 - - [15/Feb/2013:19:18:17 +0100] "GET /.php HTTP/1.1" 404 - "-" "Mozilla/5.0 (compatible; Infohelfer/1.3.3; +http://www.infohelfer.de/crawler.php)"
141.8.147.12 - - [15/Feb/2013:19:20:33 +0100] "GET /news.php?cs_go=archiv&cs_id=2714&cs_search= HTTP/1.1" 200 10360 "-" "Mozilla/5.0 (compatible; YandexBot/3.0; +http://yandex.com/bots)"
5.9.86.85 - - [15/Feb/2013:19:20:37 +0100] "GET /impressum.php?cs_go=archiv&cs_id=3906 HTTP/1.1" 200 8582 "-" "Mozilla/5.0 (compatible; Infohelfer/1.3.3; +http://www.infohelfer.de/crawler.php)"
5.9.73.202 - - [15/Feb/2013:19:22:14 +0100] "GET /impressum.php?cs_go=archiv&cs_id=3905 HTTP/1.1" 200 8582 "-" "Mozilla/5.0 (compatible; Infohelfer/1.3.3; +http://www.infohelfer.de/crawler.php)"
5.9.86.85 - - [15/Feb/2013:19:23:42 +0100] "GET /impressum.php?cs_go=archiv&cs_id=3907 HTTP/1.1" 200 8582 "-" "Mozilla/5.0 (compatible; Infohelfer/1.3.3; +http://www.infohelfer.de/crawler.php)"
5.9.86.85 - - [15/Feb/2013:19:26:27 +0100] "GET /news.php?cs_go=archiv&cs_id=3899&cs_search= HTTP/1.1" 200 10242 "-" "Mozilla/5.0 (compatible; Infohelfer/1.3.3; +http://www.infohelfer.de/crawler.php)"
141.8.147.12 - - [15/Feb/2013:19:35:51 +0100] "GET /news.php?cs_go=archiv&cs_id=3606&cs_search= HTTP/1.1" 200 11890 "-" "Mozilla/5.0 (compatible; YandexBot/3.0; +http://yandex.com/bots)"
141.8.147.12 - - [15/Feb/2013:19:47:35 +0100] "GET /news.php?cs_go=archiv&cs_id=2738&cs_search= HTTP/1.1" 200 11564 "-" "Mozilla/5.0 (compatible; YandexBot/3.0; +http://yandex.com/bots)"
66.249.76.46 - - [15/Feb/2013:19:59:34 +0100] "GET /kwk.php HTTP/1.1" 200 10884 "-" "DoCoMo/2.0 N905i(c100;TB;W24H16) (compatible; Googlebot-Mobile/2.1; +http://www.google.com/bot.html)"
82.94.176.164 - - [15/Feb/2013:20:00:23 +0100] "GET /jobs.php HTTP/1.1" 200 10090 "-" "Mozilla/4.0 (compatible; MSIE 5.5; Windows NT)"
5.9.7.208 - - [15/Feb/2013:20:00:47 +0100] "GET /robots.txt HTTP/1.0" 200 177 "-" "Mozilla/5.0 (compatible; MJ12bot/v1.4.3; http://www.majestic12.co.uk/bot.php?+)"
5.9.7.208 - - [15/Feb/2013:20:00:57 +0100] "GET /news.php?cs_go=archiv&cs_id=3938 HTTP/1.0" 200 9838 "-" "Mozilla/5.0 (compatible; MJ12bot/v1.4.3; http://www.majestic12.co.uk/bot.php?+)"
5.9.7.208 - - [15/Feb/2013:20:01:07 +0100] "GET /news.php?cs_go=archiv&cs_id=3939 HTTP/1.0" 200 10245 "-" "Mozilla/5.0 (compatible; MJ12bot/v1.4.3; http://www.majestic12.co.uk/bot.php?+)"
5.9.7.208 - - [15/Feb/2013:20:01:13 +0100] "GET /news.php?cs_go=archiv&cs_id=3940 HTTP/1.0" 200 9881 "-" "Mozilla/5.0 (compatible; MJ12bot/v1.4.3; http://www.majestic12.co.uk/bot.php?+)"
141.8.147.12 - - [15/Feb/2013:20:01:47 +0100] "GET /news.php?cs_go=archiv&cs_id=2718&cs_search= HTTP/1.1" 200 13357 "-" "Mozilla/5.0 (compatible; YandexBot/3.0; +http://yandex.com/bots)"
141.8.147.12 - - [15/Feb/2013:20:15:08 +0100] "GET /news.php?cs_go=archiv&cs_id=2789&cs_search= HTTP/1.1" 200 10551 "-" "Mozilla/5.0 (compatible; YandexBot/3.0; +http://yandex.com/bots)"
81.30.151.218 - - [15/Feb/2013:20:21:13 +0100] "GET /news.php?cs_go=archiv&cs_id=2078&cs_search= HTTP/1.1" 200 7887 "-" "Pixray-Seeker/2.0 (Pixray-Seeker; +http://www.pixray.com/pixraybot; +crawler@pixray.com)"
141.8.147.12 - - [15/Feb/2013:20:33:45 +0100] "GET /news.php?cs_go=archiv&cs_id=3901&cs_search= HTTP/1.1" 200 9798 "-" "Mozilla/5.0 (compatible; YandexBot/3.0; +http://yandex.com/bots)"
208.115.111.75 - - [15/Feb/2013:20:37:14 +0100] "GET /energiesparcheck.php HTTP/1.1" 200 13581 "-" "Mozilla/5.0 (compatible; Ezooms/1.0; ezooms.bot@gmail.com)"
208.115.111.75 - - [15/Feb/2013:20:37:17 +0100] "GET /kwk.php?cs_go=1 HTTP/1.1" 200 10884 "-" "Mozilla/5.0 (compatible; Ezooms/1.0; ezooms.bot@gmail.com)"
208.115.111.75 - - [15/Feb/2013:20:37:20 +0100] "GET /lexikon.php?cs_go=2&cs_char=l HTTP/1.1" 200 7815 "-" "Mozilla/5.0 (compatible; Ezooms/1.0; ezooms.bot@gmail.com)"
65.36.241.79 - - [15/Feb/2013:20:37:26 +0100] "HEAD / HTTP/1.1" 200 - "-" "InternetSeer.com"
208.115.113.91 - - [15/Feb/2013:20:38:46 +0100] "GET /robots.txt HTTP/1.1" 200 177 "-" "Mozilla/5.0 (compatible; Ezooms/1.0; ezooms.bot@gmail.com)"
141.8.147.12 - - [15/Feb/2013:20:49:12 +0100] "GET /news.php?cs_go=archiv&cs_id=2784&cs_search= HTTP/1.1" 200 10033 "-" "Mozilla/5.0 (compatible; YandexBot/3.0; +http://yandex.com/bots)"
66.249.76.46 - - [15/Feb/2013:20:55:35 +0100] "GET /robots.txt HTTP/1.1" 200 177 "-" "Mozilla/5.0 (compatible; Googlebot/2.1; +http://www.google.com/bot.html)"
66.249.78.46 - - [15/Feb/2013:20:55:35 +0100] "GET /kontakt.php HTTP/1.1" 200 9198 "-" "SAMSUNG-SGH-E250/1.0 Profile/MIDP-2.0 Configuration/CLDC-1.1 UP.Browser/6.2.3.3.c.1.101 (GUI) MMP/2.0 (compatible; Googlebot-Mobile/2.1; +http://www.google.com/bot.html)"
141.8.147.12 - - [15/Feb/2013:20:59:29 +0100] "GET /news.php?cs_go=archiv&cs_id=3663&cs_search= HTTP/1.1" 200 10154 "-" "Mozilla/5.0 (compatible; YandexBot/3.0; +http://yandex.com/bots)"
81.30.151.218 - - [15/Feb/2013:21:02:38 +0100] "GET /news.php?cs_go=archiv&cs_id=1767&cs_search= HTTP/1.1" 200 7887 "-" "Pixray-Seeker/2.0 (Pixray-Seeker; +http://www.pixray.com/pixraybot; +crawler@pixray.com)"
141.8.147.12 - - [15/Feb/2013:21:08:56 +0100] "GET /news.php?cs_go=archiv&cs_id=3907 HTTP/1.1" 200 9791 "-" "Mozilla/5.0 (compatible; YandexBot/3.0; +http://yandex.com/bots)"
141.8.147.12 - - [15/Feb/2013:21:24:42 +0100] "GET /news.php?cs_go=archiv&cs_id=2783&cs_search= HTTP/1.1" 200 14321 "-" "Mozilla/5.0 (compatible; YandexBot/3.0; +http://yandex.com/bots)"
141.8.147.12 - - [15/Feb/2013:21:34:12 +0100] "GET /news.php?cs_go=archiv&cs_id=3902&cs_search= HTTP/1.1" 200 9749 "-" "Mozilla/5.0 (compatible; YandexBot/3.0; +http://yandex.com/bots)"
81.30.151.218 - - [15/Feb/2013:21:34:33 +0100] "GET /news.php?cs_go=archiv&cs_id=2386&cs_search= HTTP/1.1" 200 7887 "-" "Pixray-Seeker/2.0 (Pixray-Seeker; +http://www.pixray.com/pixraybot; +crawler@pixray.com)"
5.9.88.119 - - [15/Feb/2013:21:38:23 +0100] "GET /additive.php HTTP/1.1" 200 8372 "-" "Mozilla/5.0 (compatible; Infohelfer/1.3.3; +http://www.infohelfer.de/crawler.php)"
141.8.147.12 - - [15/Feb/2013:21:42:43 +0100] "GET /news.php?cs_go=archiv&cs_id=2805&cs_search= HTTP/1.1" 200 10047 "-" "Mozilla/5.0 (compatible; YandexBot/3.0; +http://yandex.com/bots)"
5.9.88.119 - - [15/Feb/2013:21:42:54 +0100] "GET /optiplus.php?cs_go=archiv&cs_id=3907 HTTP/1.1" 200 11100 "-" "Mozilla/5.0 (compatible; Infohelfer/1.3.3; +http://www.infohelfer.de/crawler.php)"
66.249.76.46 - - [15/Feb/2013:21:44:53 +0100] "GET /news.php?cs_go=archiv&cs_id=3817 HTTP/1.1" 200 9820 "-" "DoCoMo/2.0 N905i(c100;TB;W24H16) (compatible; Googlebot-Mobile/2.1; +http://www.google.com/bot.html)"
5.9.88.119 - - [15/Feb/2013:21:45:50 +0100] "GET /kontakt.php?cs_go=archiv&cs_id=3906 HTTP/1.1" 200 9198 "-" "Mozilla/5.0 (compatible; Infohelfer/1.3.3; +http://www.infohelfer.de/crawler.php)"
141.8.147.12 - - [15/Feb/2013:21:52:12 +0100] "GET /news.php?cs_go=archiv&cs_id=3901 HTTP/1.1" 200 9798 "-" "Mozilla/5.0 (compatible; YandexBot/3.0; +http://yandex.com/bots)"
141.8.147.12 - - [15/Feb/2013:22:02:04 +0100] "GET /news.php?cs_go=archiv&cs_id=3905&cs_search= HTTP/1.1" 200 15131 "-" "Mozilla/5.0 (compatible; YandexBot/3.0; +http://yandex.com/bots)"
66.249.78.46 - - [15/Feb/2013:22:20:18 +0100] "GET /news.php?cs_go=archiv&cs_id=3419 HTTP/1.1" 200 13334 "-" "Mozilla/5.0 (compatible; Googlebot/2.1; +http://www.google.com/bot.html)"
141.8.147.12 - - [15/Feb/2013:22:21:56 +0100] "GET /news.php?cs_go=archiv&cs_id=2790&cs_search= HTTP/1.1" 200 13907 "-" "Mozilla/5.0 (compatible; YandexBot/3.0; +http://yandex.com/bots)"
66.249.78.46 - - [15/Feb/2013:22:23:29 +0100] "GET /news.php?cs_go=archiv&cs_id=2723&cs_search= HTTP/1.1" 200 14260 "-" "Mozilla/5.0 (compatible; Googlebot/2.1; +http://www.google.com/bot.html)"
5.9.73.202 - - [15/Feb/2013:22:33:16 +0100] "GET /agb.php?cs_go=archiv&cs_id=3906 HTTP/1.1" 200 19709 "-" "Mozilla/5.0 (compatible; Infohelfer/1.3.3; +http://www.infohelfer.de/crawler.php)"
5.9.73.202 - - [15/Feb/2013:22:34:17 +0100] "GET /diesel.php HTTP/1.1" 200 10639 "-" "Mozilla/5.0 (compatible; Infohelfer/1.3.3; +http://www.infohelfer.de/crawler.php)"
5.9.73.202 - - [15/Feb/2013:22:35:42 +0100] "GET /lexikon.php?cs_go=archiv&cs_id=3907 HTTP/1.1" 200 7816 "-" "Mozilla/5.0 (compatible; Infohelfer/1.3.3; +http://www.infohelfer.de/crawler.php)"
208.115.111.75 - - [15/Feb/2013:22:38:39 +0100] "GET /robots.txt HTTP/1.1" 200 177 "-" "Mozilla/5.0 (compatible; Ezooms/1.0; ezooms.bot@gmail.com)"
141.8.147.12 - - [15/Feb/2013:22:41:44 +0100] "GET /news.php?cs_go=archiv&cs_id=2770&cs_search= HTTP/1.1" 200 9493 "-" "Mozilla/5.0 (compatible; YandexBot/3.0; +http://yandex.com/bots)"
208.115.113.91 - - [15/Feb/2013:22:52:48 +0100] "GET /news.php?cs_go=archiv&cs_id=3824&cs_search= HTTP/1.1" 200 9794 "-" "Mozilla/5.0 (compatible; Ezooms/1.0; ezooms.bot@gmail.com)"
141.8.147.12 - - [15/Feb/2013:22:54:55 +0100] "GET /news.php?cs_go=archiv&cs_id=2746&cs_search= HTTP/1.1" 200 14468 "-" "Mozilla/5.0 (compatible; YandexBot/3.0; +http://yandex.com/bots)"
5.9.86.118 - - [15/Feb/2013:23:00:25 +0100] "GET /news.php?cs_go=archiv&cs_startpos=20 HTTP/1.1" 200 22551 "-" "Mozilla/5.0 (compatible; Infohelfer/1.3.3; +http://www.infohelfer.de/crawler.php)"
5.9.86.118 - - [15/Feb/2013:23:01:54 +0100] "GET /kwk.php?cs_go=archiv&cs_id=3905 HTTP/1.1" 200 8148 "-" "Mozilla/5.0 (compatible; Infohelfer/1.3.3; +http://www.infohelfer.de/crawler.php)"
5.9.86.118 - - [15/Feb/2013:23:02:54 +0100] "GET /kontakt.php?cs_go=archiv&cs_id=3905 HTTP/1.1" 200 9198 "-" "Mozilla/5.0 (compatible; Infohelfer/1.3.3; +http://www.infohelfer.de/crawler.php)"
5.9.86.118 - - [15/Feb/2013:23:03:56 +0100] "GET /faq.php?cs_go=archiv&cs_id=3906 HTTP/1.1" 200 197188 "-" "Mozilla/5.0 (compatible; Infohelfer/1.3.3; +http://www.infohelfer.de/crawler.php)"
141.8.147.12 - - [15/Feb/2013:23:04:49 +0100] "GET /news.php?cs_go=archiv&cs_id=2749&cs_search= HTTP/1.1" 200 12562 "-" "Mozilla/5.0 (compatible; YandexBot/3.0; +http://yandex.com/bots)"
5.9.73.202 - - [15/Feb/2013:23:05:20 +0100] "GET /rueckrufservice.php HTTP/1.1" 200 10770 "-" "Mozilla/5.0 (compatible; Infohelfer/1.3.3; +http://www.infohelfer.de/crawler.php)"
5.9.73.202 - - [15/Feb/2013:23:06:40 +0100] "GET /optiplus.php?cs_go=archiv&cs_id=3906 HTTP/1.1" 200 11100 "-" "Mozilla/5.0 (compatible; Infohelfer/1.3.3; +http://www.infohelfer.de/crawler.php)"
5.9.73.202 - - [15/Feb/2013:23:09:19 +0100] "GET /standard.php?cs_go=archiv&cs_id=3907 HTTP/1.1" 200 7707 "-" "Mozilla/5.0 (compatible; Infohelfer/1.3.3; +http://www.infohelfer.de/crawler.php)"
81.30.151.218 - - [15/Feb/2013:23:21:25 +0100] "GET /news.php?cs_go=archiv&cs_id=3002&cs_search= HTTP/1.1" 200 11241 "-" "Pixray-Seeker/2.0 (Pixray-Seeker; +http://www.pixray.com/pixraybot; +crawler@pixray.com)"
141.8.147.12 - - [15/Feb/2013:23:24:33 +0100] "GET /news.php?cs_go=archiv&cs_id=3906&cs_search= HTTP/1.1" 200 11109 "-" "Mozilla/5.0 (compatible; YandexBot/3.0; +http://yandex.com/bots)"
141.8.147.12 - - [15/Feb/2013:23:48:00 +0100] "GET /news.php?cs_go=archiv&cs_id=2777&cs_search= HTTP/1.1" 200 9488 "-" "Mozilla/5.0 (compatible; YandexBot/3.0; +http://yandex.com/bots)"
78.30.200.81 - - [15/Feb/2013:23:58:09 +0100] "GET /robots.txt HTTP/1.0" 200 177 "-" "Mozilla/5.0 (compatible; MJ12bot/v1.4.3; http://www.majestic12.co.uk/bot.php?+)"
78.30.200.81 - - [15/Feb/2013:23:58:11 +0100] "GET /news.php?cs_go=archiv&cs_id=3935 HTTP/1.0" 200 9902 "-" "Mozilla/5.0 (compatible; MJ12bot/v1.4.3; http://www.majestic12.co.uk/bot.php?+)"
78.30.200.81 - - [15/Feb/2013:23:58:14 +0100] "GET /news.php?cs_go=archiv&cs_id=3936 HTTP/1.0" 200 12048 "-" "Mozilla/5.0 (compatible; MJ12bot/v1.4.3; http://www.majestic12.co.uk/bot.php?+)"
81.30.151.218 - - [16/Feb/2013:00:07:44 +0100] "GET /news.php?cs_go=archiv&cs_id=3200&cs_search= HTTP/1.1" 200 13401 "-" "Pixray-Seeker/2.0 (Pixray-Seeker; +http://www.pixray.com/pixraybot; +crawler@pixray.com)"
141.8.147.12 - - [16/Feb/2013:00:08:03 +0100] "GET /news.php?cs_go=archiv&cs_id=2761&cs_search= HTTP/1.1" 200 13657 "-" "Mozilla/5.0 (compatible; YandexBot/3.0; +http://yandex.com/bots)"
141.8.147.12 - - [16/Feb/2013:00:18:10 +0100] "GET /news.php?cs_go=archiv&cs_id=2774&cs_search= HTTP/1.1" 200 10621 "-" "Mozilla/5.0 (compatible; YandexBot/3.0; +http://yandex.com/bots)"
141.8.147.12 - - [16/Feb/2013:00:27:59 +0100] "GET /news.php?cs_go=archiv&cs_id=3908&cs_search= HTTP/1.1" 200 11958 "-" "Mozilla/5.0 (compatible; YandexBot/3.0; +http://yandex.com/bots)"
208.115.111.75 - - [16/Feb/2013:00:35:06 +0100] "GET /kwk.php?cs_go=3 HTTP/1.1" 200 10285 "-" "Mozilla/5.0 (compatible; Ezooms/1.0; ezooms.bot@gmail.com)"
208.115.111.75 - - [16/Feb/2013:00:35:10 +0100] "GET /lexikon.php?cs_go=2&cs_char=j HTTP/1.1" 200 8582 "-" "Mozilla/5.0 (compatible; Ezooms/1.0; ezooms.bot@gmail.com)"
81.30.151.218 - - [16/Feb/2013:00:37:03 +0100] "GET /news.php?cs_go=archiv&cs_id=3932&cs_search= HTTP/1.1" 200 9861 "-" "Pixray-Seeker/2.0 (Pixray-Seeker; +http://www.pixray.com/pixraybot; +crawler@pixray.com)"
141.8.147.12 - - [16/Feb/2013:00:48:09 +0100] "GET /index.php HTTP/1.1" 200 15357 "-" "Mozilla/5.0 (compatible; YandexBot/3.0; +http://yandex.com/bots)"
141.8.147.12 - - [16/Feb/2013:00:55:55 +0100] "GET /news.php HTTP/1.1" 200 22029 "-" "Mozilla/5.0 (compatible; YandexBot/3.0; +http://yandex.com/bots)"
66.249.76.46 - - [16/Feb/2013:01:07:12 +0100] "GET /news.php?cs_go=archiv&cs_id=2730 HTTP/1.1" 200 12416 "-" "Mozilla/5.0 (compatible; Googlebot/2.1; +http://www.google.com/bot.html)"
5.199.133.88 - - [16/Feb/2013:01:08:53 +0100] "GET /robots.txt HTTP/1.0" 200 177 "-" "Mozilla/5.0 (compatible; MJ12bot/v1.4.3; http://www.majestic12.co.uk/bot.php?+)"
5.199.133.88 - - [16/Feb/2013:01:08:54 +0100] "GET /.php HTTP/1.0" 404 - "-" "Mozilla/5.0 (compatible; MJ12bot/v1.4.3; http://www.majestic12.co.uk/bot.php?+)"
5.199.133.88 - - [16/Feb/2013:01:08:56 +0100] "GET /additive.php HTTP/1.0" 200 8372 "-" "Mozilla/5.0 (compatible; MJ12bot/v1.4.3; http://www.majestic12.co.uk/bot.php?+)"
5.199.133.88 - - [16/Feb/2013:01:08:57 +0100] "GET /diesel.php HTTP/1.0" 200 10639 "-" "Mozilla/5.0 (compatible; MJ12bot/v1.4.3; http://www.majestic12.co.uk/bot.php?+)"
141.8.147.12 - - [16/Feb/2013:01:09:48 +0100] "GET /news.php?cs_go=archiv&cs_id=2771&cs_search= HTTP/1.1" 200 13780 "-" "Mozilla/5.0 (compatible; YandexBot/3.0; +http://yandex.com/bots)"
141.8.147.12 - - [16/Feb/2013:01:18:41 +0100] "GET /news.php?cs_go=archiv&cs_id=2814&cs_search= HTTP/1.1" 200 13608 "-" "Mozilla/5.0 (compatible; YandexBot/3.0; +http://yandex.com/bots)"
141.8.147.12 - - [16/Feb/2013:01:27:08 +0100] "GET /news.php?cs_go=archiv&cs_id=3668&cs_search= HTTP/1.1" 200 11365 "-" "Mozilla/5.0 (compatible; YandexBot/3.0; +http://yandex.com/bots)"
87.149.189.254 - - [16/Feb/2013:01:35:58 +0100] "GET / HTTP/1.1" 200 15357 "-" "-"
141.8.147.12 - - [16/Feb/2013:01:38:16 +0100] "GET /news.php?cs_go=archiv&cs_id=3904 HTTP/1.1" 200 14802 "-" "Mozilla/5.0 (compatible; YandexBot/3.0; +http://yandex.com/bots)"
141.8.147.12 - - [16/Feb/2013:01:46:44 +0100] "GET /news.php?cs_go=archiv&cs_id=2787&cs_search= HTTP/1.1" 200 14146 "-" "Mozilla/5.0 (compatible; YandexBot/3.0; +http://yandex.com/bots)"
178.77.126.55 - - [16/Feb/2013:01:52:54 +0100] "GET /robots.txt HTTP/1.1" 200 177 "-" "Mozilla/5.0 (compatible; CareerBot/1.1; +http://www.career-x.de/bot.html)"
178.77.126.55 - - [16/Feb/2013:01:52:54 +0100] "GET / HTTP/1.1" 200 15357 "-" "Mozilla/5.0 (compatible; CareerBot/1.1; +http://www.career-x.de/bot.html)"
178.77.126.55 - - [16/Feb/2013:01:52:55 +0100] "GET /news.php?cs_go=archiv&cs_id=3942 HTTP/1.1" 200 12667 "-" "Mozilla/5.0 (compatible; CareerBot/1.1; +http://www.career-x.de/bot.html)"
178.77.126.55 - - [16/Feb/2013:01:52:55 +0100] "GET /news.php?cs_go=archiv&cs_id=3943 HTTP/1.1" 200 12762 "-" "Mozilla/5.0 (compatible; CareerBot/1.1; +http://www.career-x.de/bot.html)"
141.8.147.12 - - [16/Feb/2013:01:55:09 +0100] "GET /news.php?cs_go=archiv&cs_id=2767&cs_search= HTTP/1.1" 200 13697 "-" "Mozilla/5.0 (compatible; YandexBot/3.0; +http://yandex.com/bots)"
141.8.147.12 - - [16/Feb/2013:02:03:37 +0100] "GET /news.php?cs_go=archiv&cs_id=3903&cs_search= HTTP/1.1" 200 13479 "-" "Mozilla/5.0 (compatible; YandexBot/3.0; +http://yandex.com/bots)"
204.12.208.218 - - [16/Feb/2013:02:06:52 +0100] "GET /robots.txt HTTP/1.0" 200 177 "-" "Mozilla/5.0 (compatible; MJ12bot/v1.4.3; http://www.majestic12.co.uk/bot.php?+)"
204.12.208.218 - - [16/Feb/2013:02:06:54 +0100] "GET /news.php?cs_go=archiv&cs_id=3935 HTTP/1.0" 200 9902 "-" "Mozilla/5.0 (compatible; MJ12bot/v1.4.3; http://www.majestic12.co.uk/bot.php?+)"
204.12.208.218 - - [16/Feb/2013:02:06:55 +0100] "GET /news.php?cs_go=archiv&cs_id=3936 HTTP/1.0" 200 12048 "-" "Mozilla/5.0 (compatible; MJ12bot/v1.4.3; http://www.majestic12.co.uk/bot.php?+)"
204.12.208.218 - - [16/Feb/2013:02:06:57 +0100] "GET /news.php?cs_go=archiv&cs_id=3937 HTTP/1.0" 200 13324 "-" "Mozilla/5.0 (compatible; MJ12bot/v1.4.3; http://www.majestic12.co.uk/bot.php?+)"
204.12.208.218 - - [16/Feb/2013:02:08:11 +0100] "GET /robots.txt HTTP/1.0" 200 177 "-" "Mozilla/5.0 (compatible; MJ12bot/v1.4.3; http://www.majestic12.co.uk/bot.php?+)"
204.12.208.218 - - [16/Feb/2013:02:08:12 +0100] "GET /edl.php HTTP/1.0" 200 10801 "-" "Mozilla/5.0 (compatible; MJ12bot/v1.4.3; http://www.majestic12.co.uk/bot.php?+)"
204.12.208.218 - - [16/Feb/2013:02:08:14 +0100] "GET /energiesparcheck.php HTTP/1.0" 200 13581 "-" "Mozilla/5.0 (compatible; MJ12bot/v1.4.3; http://www.majestic12.co.uk/bot.php?+)"
204.12.208.218 - - [16/Feb/2013:02:08:16 +0100] "GET /faq.php HTTP/1.0" 200 197188 "-" "Mozilla/5.0 (compatible; MJ12bot/v1.4.3; http://www.majestic12.co.uk/bot.php?+)"
204.12.208.218 - - [16/Feb/2013:02:08:19 +0100] "GET /foerdermittel.php HTTP/1.0" 200 12908 "-" "Mozilla/5.0 (compatible; MJ12bot/v1.4.3; http://www.majestic12.co.uk/bot.php?+)"
204.12.208.218 - - [16/Feb/2013:02:08:21 +0100] "GET /lexikon.php HTTP/1.0" 200 10523 "-" "Mozilla/5.0 (compatible; MJ12bot/v1.4.3; http://www.majestic12.co.uk/bot.php?+)"
204.12.208.218 - - [16/Feb/2013:02:08:23 +0100] "GET /modernisierung.php HTTP/1.0" 200 11578 "-" "Mozilla/5.0 (compatible; MJ12bot/v1.4.3; http://www.majestic12.co.uk/bot.php?+)"
141.8.147.12 - - [16/Feb/2013:02:12:07 +0100] "GET /news.php?cs_go=archiv&cs_id=2760&cs_search= HTTP/1.1" 200 11131 "-" "Mozilla/5.0 (compatible; YandexBot/3.0; +http://yandex.com/bots)"
141.8.147.12 - - [16/Feb/2013:02:20:23 +0100] "GET /news.php?cs_go=archiv&cs_id=2796&cs_search= HTTP/1.1" 200 10574 "-" "Mozilla/5.0 (compatible; YandexBot/3.0; +http://yandex.com/bots)"
141.8.147.12 - - [16/Feb/2013:02:30:04 +0100] "GET /news.php?cs_go=archiv&cs_id=2762&cs_search= HTTP/1.1" 200 10522 "-" "Mozilla/5.0 (compatible; YandexBot/3.0; +http://yandex.com/bots)"
141.8.147.12 - - [16/Feb/2013:02:38:32 +0100] "GET /news.php?cs_go=archiv&cs_id=3903 HTTP/1.1" 200 13479 "-" "Mozilla/5.0 (compatible; YandexBot/3.0; +http://yandex.com/bots)"
81.30.151.218 - - [16/Feb/2013:02:42:19 +0100] "GET /news.php?cs_go=archiv&cs_id=2594&cs_search= HTTP/1.1" 200 7887 "-" "Pixray-Seeker/2.0 (Pixray-Seeker; +http://www.pixray.com/pixraybot; +crawler@pixray.com)"
93.158.148.31 - - [16/Feb/2013:02:43:13 +0100] "GET / HTTP/1.1" 200 15357 "-" "Mozilla/5.0 (compatible; YandexBot/3.0; +http://yandex.com/bots)"
141.8.147.12 - - [16/Feb/2013:02:54:51 +0100] "GET /news.php?cs_go=archiv&cs_id=2780&cs_search= HTTP/1.1" 200 10089 "-" "Mozilla/5.0 (compatible; YandexBot/3.0; +http://yandex.com/bots)"
208.115.111.75 - - [16/Feb/2013:02:56:15 +0100] "GET /robots.txt HTTP/1.1" 200 177 "-" "Mozilla/5.0 (compatible; Ezooms/1.0; ezooms.bot@gmail.com)"
65.36.241.79 - - [16/Feb/2013:03:00:22 +0100] "HEAD / HTTP/1.1" 200 - "-" "InternetSeer.com"
141.8.147.12 - - [16/Feb/2013:03:03:06 +0100] "GET /news.php?cs_go=archiv&cs_id=2788&cs_search= HTTP/1.1" 200 9898 "-" "Mozilla/5.0 (compatible; YandexBot/3.0; +http://yandex.com/bots)"
141.8.147.12 - - [16/Feb/2013:03:11:32 +0100] "GET /news.php?cs_go=archiv&cs_id=2798&cs_search= HTTP/1.1" 200 13647 "-" "Mozilla/5.0 (compatible; YandexBot/3.0; +http://yandex.com/bots)"
141.8.147.12 - - [16/Feb/2013:03:17:30 +0100] "GET /news.php?cs_go=archiv&cs_id=3905 HTTP/1.1" 200 6143 "-" "Mozilla/5.0 (compatible; YandexBot/3.0; +http://yandex.com/bots)"
141.8.147.12 - - [16/Feb/2013:03:20:02 +0100] "GET /news.php?cs_go=archiv&cs_id=3905 HTTP/1.1" 200 6143 "-" "Mozilla/5.0 (compatible; YandexBot/3.0; +http://yandex.com/bots)"
141.8.147.12 - - [16/Feb/2013:03:22:46 +0100] "GET /news.php?cs_go=archiv&cs_id=3905 HTTP/1.1" 200 7800 "-" "Mozilla/5.0 (compatible; YandexBot/3.0; +http://yandex.com/bots)"
141.8.147.12 - - [16/Feb/2013:03:25:45 +0100] "GET /news.php?cs_go=archiv&cs_id=3905 HTTP/1.1" 200 7800 "-" "Mozilla/5.0 (compatible; YandexBot/3.0; +http://yandex.com/bots)"
66.249.76.46 - - [16/Feb/2013:03:31:51 +0100] "GET /robots.txt HTTP/1.1" 200 177 "-" "Mozilla/5.0 (compatible; Googlebot/2.1; +http://www.google.com/bot.html)"
141.8.147.12 - - [16/Feb/2013:03:30:05 +0100] "GET /news.php?cs_go=archiv&cs_id=3667&cs_search= HTTP/1.1" 200 6143 "-" "Mozilla/5.0 (compatible; YandexBot/3.0; +http://yandex.com/bots)"
81.30.151.218 - - [16/Feb/2013:03:31:38 +0100] "GET /news.php?cs_go=archiv&cs_id=3045&cs_search= HTTP/1.1" 200 7800 "-" "Pixray-Seeker/2.0 (Pixray-Seeker; +http://www.pixray.com/pixraybot; +crawler@pixray.com)"
66.249.78.46 - - [16/Feb/2013:03:31:51 +0100] "GET / HTTP/1.1" 200 4547 "-" "Mozilla/5.0 (compatible; Googlebot/2.1; +http://www.google.com/bot.html)"
66.249.78.46 - - [16/Feb/2013:03:33:08 +0100] "GET /news.php?cs_go=archiv&cs_id=3464 HTTP/1.1" 200 7800 "-" "Mozilla/5.0 (compatible; Googlebot/2.1; +http://www.google.com/bot.html)"
141.8.147.12 - - [16/Feb/2013:03:33:35 +0100] "GET /news.php?cs_go=archiv&cs_id=3667&cs_search= HTTP/1.1" 200 7800 "-" "Mozilla/5.0 (compatible; YandexBot/3.0; +http://yandex.com/bots)"
141.8.147.12 - - [16/Feb/2013:03:38:04 +0100] "GET /news.php?cs_go=archiv&cs_id=3667&cs_search= HTTP/1.1" 200 7800 "-" "Mozilla/5.0 (compatible; YandexBot/3.0; +http://yandex.com/bots)"
66.249.76.46 - - [16/Feb/2013:03:42:08 +0100] "GET / HTTP/1.1" 200 4547 "-" "Mozilla/5.0 (compatible; Googlebot/2.1; +http://www.google.com/bot.html)"
141.8.147.12 - - [16/Feb/2013:03:43:33 +0100] "GET /news.php?cs_go=archiv&cs_id=3667&cs_search= HTTP/1.1" 200 6143 "-" "Mozilla/5.0 (compatible; YandexBot/3.0; +http://yandex.com/bots)"
66.249.78.46 - - [16/Feb/2013:03:48:09 +0100] "GET /news.php?cs_go=archiv&cs_id=3464 HTTP/1.1" 200 7800 "-" "Mozilla/5.0 (compatible; Googlebot/2.1; +http://www.google.com/bot.html)"
141.8.147.12 - - [16/Feb/2013:03:51:02 +0100] "GET /news.php?cs_go=archiv&cs_id=3657&cs_search= HTTP/1.1" 200 7800 "-" "Mozilla/5.0 (compatible; YandexBot/3.0; +http://yandex.com/bots)"
66.249.78.46 - - [16/Feb/2013:03:51:09 +0100] "GET /news.php?cs_go=archiv&cs_id=3252&cs_search= HTTP/1.1" 200 7800 "-" "Mozilla/5.0 (compatible; Googlebot/2.1; +http://www.google.com/bot.html)"
66.249.78.46 - - [16/Feb/2013:03:56:00 +0100] "GET / HTTP/1.1" 200 15357 "-" "Mozilla/5.0 (compatible; Googlebot/2.1; +http://www.google.com/bot.html)"
66.249.78.46 - - [16/Feb/2013:03:56:29 +0100] "GET /news.php?cs_go=archiv&cs_id=3464 HTTP/1.1" 200 13339 "-" "Mozilla/5.0 (compatible; Googlebot/2.1; +http://www.google.com/bot.html)"
192.166.166.4 - - [16/Feb/2013:03:57:05 +0100] "GET /style.css HTTP/1.0" 200 8418 "http://www.mink-gmbh.de/" "Mozilla/5.0 (X11; U; Linux x86_64; C) AppleWebKit/533.3 (KHTML, like Gecko) Qt/4.7.1 Safari/533.3"
192.166.166.4 - - [16/Feb/2013:03:57:05 +0100] "GET /modul.css HTTP/1.0" 200 35038 "http://www.mink-gmbh.de/" "Mozilla/5.0 (X11; U; Linux x86_64; C) AppleWebKit/533.3 (KHTML, like Gecko) Qt/4.7.1 Safari/533.3"
192.166.166.4 - - [16/Feb/2013:03:57:06 +0100] "GET /js_contentserver24_greybox/gb_styles.css HTTP/1.0" 200 2302 "http://www.mink-gmbh.de/" "Mozilla/5.0 (X11; U; Linux x86_64; C) AppleWebKit/533.3 (KHTML, like Gecko) Qt/4.7.1 Safari/533.3"
192.166.166.4 - - [16/Feb/2013:03:57:06 +0100] "GET /js_contentserver24_greybox/AJS_fx.js HTTP/1.0" 200 3192 "http://www.mink-gmbh.de/" "Mozilla/5.0 (X11; U; Linux x86_64; C) AppleWebKit/533.3 (KHTML, like Gecko) Qt/4.7.1 Safari/533.3"
192.166.166.4 - - [16/Feb/2013:03:57:06 +0100] "GET /js_contentserver24_greybox/gb_scripts.js HTTP/1.0" 200 11913 "http://www.mink-gmbh.de/" "Mozilla/5.0 (X11; U; Linux x86_64; C) AppleWebKit/533.3 (KHTML, like Gecko) Qt/4.7.1 Safari/533.3"
192.166.166.4 - - [16/Feb/2013:03:57:06 +0100] "GET /images/bg.jpg HTTP/1.0" 200 345 "http://www.mink-gmbh.de/" "Mozilla/5.0 (X11; U; Linux x86_64; C) AppleWebKit/533.3 (KHTML, like Gecko) Qt/4.7.1 Safari/533.3"
192.166.166.4 - - [16/Feb/2013:03:57:06 +0100] "GET /js_contentserver24_greybox/AJS.js HTTP/1.0" 200 10396 "http://www.mink-gmbh.de/" "Mozilla/5.0 (X11; U; Linux x86_64; C) AppleWebKit/533.3 (KHTML, like Gecko) Qt/4.7.1 Safari/533.3"
192.166.166.4 - - [16/Feb/2013:03:57:06 +0100] "GET /images/newsletter.png HTTP/1.0" 200 14619 "http://www.mink-gmbh.de/" "Mozilla/5.0 (X11; U; Linux x86_64; C) AppleWebKit/533.3 (KHTML, like Gecko) Qt/4.7.1 Safari/533.3"
192.166.166.4 - - [16/Feb/2013:03:57:06 +0100] "GET /images/close.png HTTP/1.0" 200 703 "http://www.mink-gmbh.de/" "Mozilla/5.0 (X11; U; Linux x86_64; C) AppleWebKit/533.3 (KHTML, like Gecko) Qt/4.7.1 Safari/533.3"
192.166.166.4 - - [16/Feb/2013:03:57:06 +0100] "GET /js_contentserver24_greybox/w_close.gif HTTP/1.0" 200 74 "http://www.mink-gmbh.de/" "Mozilla/5.0 (X11; U; Linux x86_64; C) AppleWebKit/533.3 (KHTML, like Gecko) Qt/4.7.1 Safari/533.3"
192.166.166.4 - - [16/Feb/2013:03:57:06 +0100] "GET /images/header.jpg HTTP/1.0" 200 24413 "http://www.mink-gmbh.de/" "Mozilla/5.0 (X11; U; Linux x86_64; C) AppleWebKit/533.3 (KHTML, like Gecko) Qt/4.7.1 Safari/533.3"
192.166.166.4 - - [16/Feb/2013:03:57:06 +0100] "GET /images/navibg.png HTTP/1.0" 200 2803 "http://www.mink-gmbh.de/" "Mozilla/5.0 (X11; U; Linux x86_64; C) AppleWebKit/533.3 (KHTML, like Gecko) Qt/4.7.1 Safari/533.3"
192.166.166.4 - - [16/Feb/2013:03:57:06 +0100] "GET /images/newsletter_bg.jpg HTTP/1.0" 200 33610 "http://www.mink-gmbh.de/" "Mozilla/5.0 (X11; U; Linux x86_64; C) AppleWebKit/533.3 (KHTML, like Gecko) Qt/4.7.1 Safari/533.3"
192.166.166.4 - - [16/Feb/2013:03:57:06 +0100] "GET /images/fallend.png HTTP/1.0" 200 713 "http://www.mink-gmbh.de/" "Mozilla/5.0 (X11; U; Linux x86_64; C) AppleWebKit/533.3 (KHTML, like Gecko) Qt/4.7.1 Safari/533.3"
192.166.166.4 - - [16/Feb/2013:03:57:06 +0100] "GET /images/wrapperbg.jpg HTTP/1.0" 200 27465 "http://www.mink-gmbh.de/" "Mozilla/5.0 (X11; U; Linux x86_64; C) AppleWebKit/533.3 (KHTML, like Gecko) Qt/4.7.1 Safari/533.3"
192.166.166.4 - - [16/Feb/2013:03:57:06 +0100] "GET /images/mobil.jpg HTTP/1.0" 200 25293 "http://www.mink-gmbh.de/" "Mozilla/5.0 (X11; U; Linux x86_64; C) AppleWebKit/533.3 (KHTML, like Gecko) Qt/4.7.1 Safari/533.3"
192.166.166.4 - - [16/Feb/2013:03:57:06 +0100] "GET /images/newsletter.jpg HTTP/1.0" 200 13130 "http://www.mink-gmbh.de/" "Mozilla/5.0 (X11; U; Linux x86_64; C) AppleWebKit/533.3 (KHTML, like Gecko) Qt/4.7.1 Safari/533.3"
192.166.166.4 - - [16/Feb/2013:03:57:06 +0100] "GET /images/tkw.jpg HTTP/1.0" 200 64031 "http://www.mink-gmbh.de/" "Mozilla/5.0 (X11; U; Linux x86_64; C) AppleWebKit/533.3 (KHTML, like Gecko) Qt/4.7.1 Safari/533.3"
192.166.166.4 - - [16/Feb/2013:03:57:06 +0100] "GET /js_contentserver24_greybox/loader_frame.html?s=0 HTTP/1.0" 200 2084 "http://www.mink-gmbh.de/" "Mozilla/5.0 (X11; U; Linux x86_64; C) AppleWebKit/533.3 (KHTML, like Gecko) Qt/4.7.1 Safari/533.3"
192.166.166.4 - - [16/Feb/2013:03:57:06 +0100] "GET /js_contentserver24_greybox/header_bg.gif HTTP/1.0" 200 1188 "http://www.mink-gmbh.de/" "Mozilla/5.0 (X11; U; Linux x86_64; C) AppleWebKit/533.3 (KHTML, like Gecko) Qt/4.7.1 Safari/533.3"
192.166.166.4 - - [16/Feb/2013:03:57:05 +0100] "GET / HTTP/1.0" 200 15357 "-" "Mozilla/5.0 (X11; U; Linux x86_64; C) AppleWebKit/533.3 (KHTML, like Gecko) Qt/4.7.1 Safari/533.3"
192.166.166.4 - - [16/Feb/2013:03:57:06 +0100] "GET /js_contentserver24_greybox/indicator.gif HTTP/1.0" 200 8238 "http://www.mink-gmbh.de/js_contentserver24_greybox/loader_frame.html?s=0" "Mozilla/5.0 (X11; U; Linux x86_64; C) AppleWebKit/533.3 (KHTML, like Gecko) Qt/4.7.1 Safari/533.3"
192.166.166.4 - - [16/Feb/2013:03:57:06 +0100] "GET /images/freecall.jpg HTTP/1.0" 200 39195 "http://www.mink-gmbh.de/" "Mozilla/5.0 (X11; U; Linux x86_64; C) AppleWebKit/533.3 (KHTML, like Gecko) Qt/4.7.1 Safari/533.3"
192.166.166.4 - - [16/Feb/2013:03:57:06 +0100] "GET /images/kwk.gif HTTP/1.0" 200 6403 "http://www.mink-gmbh.de/" "Mozilla/5.0 (X11; U; Linux x86_64; C) AppleWebKit/533.3 (KHTML, like Gecko) Qt/4.7.1 Safari/533.3"
192.166.166.4 - - [16/Feb/2013:03:57:06 +0100] "GET /images/mail.jpg HTTP/1.0" 200 11165 "http://www.mink-gmbh.de/" "Mozilla/5.0 (X11; U; Linux x86_64; C) AppleWebKit/533.3 (KHTML, like Gecko) Qt/4.7.1 Safari/533.3"
192.166.166.4 - - [16/Feb/2013:03:57:06 +0100] "GET /images/wunschpreis.jpg HTTP/1.0" 200 16767 "http://www.mink-gmbh.de/" "Mozilla/5.0 (X11; U; Linux x86_64; C) AppleWebKit/533.3 (KHTML, like Gecko) Qt/4.7.1 Safari/533.3"
192.166.166.4 - - [16/Feb/2013:03:57:06 +0100] "GET /images/logos.jpg HTTP/1.0" 200 15002 "http://www.mink-gmbh.de/" "Mozilla/5.0 (X11; U; Linux x86_64; C) AppleWebKit/533.3 (KHTML, like Gecko) Qt/4.7.1 Safari/533.3"
192.166.166.4 - - [16/Feb/2013:03:57:06 +0100] "GET /images/footerbg.jpg HTTP/1.0" 200 2184 "http://www.mink-gmbh.de/" "Mozilla/5.0 (X11; U; Linux x86_64; C) AppleWebKit/533.3 (KHTML, like Gecko) Qt/4.7.1 Safari/533.3"
192.166.166.4 - - [16/Feb/2013:03:57:07 +0100] "GET /js_contentserver24_greybox/g_close.gif HTTP/1.0" 200 541 "http://www.mink-gmbh.de/" "Mozilla/5.0 (X11; U; Linux x86_64; C) AppleWebKit/533.3 (KHTML, like Gecko) Qt/4.7.1 Safari/533.3"
66.249.78.46 - - [16/Feb/2013:03:57:36 +0100] "GET /news.php?cs_go=archiv&cs_id=3252&cs_search= HTTP/1.1" 200 9849 "-" "Mozilla/5.0 (compatible; Googlebot/2.1; +http://www.google.com/bot.html)"
141.8.147.12 - - [16/Feb/2013:04:01:31 +0100] "GET /news.php?cs_go=archiv&cs_id=3657&cs_search= HTTP/1.1" 200 7800 "-" "Mozilla/5.0 (compatible; YandexBot/3.0; +http://yandex.com/bots)"
66.249.76.46 - - [16/Feb/2013:04:05:47 +0100] "GET /news.php?cs_go=archiv&cs_id=3943 HTTP/1.1" 200 7800 "-" "Mozilla/5.0 (compatible; Googlebot/2.1; +http://www.google.com/bot.html)"
66.249.78.46 - - [16/Feb/2013:04:08:51 +0100] "GET /news.php?cs_go=archiv&cs_id=3942 HTTP/1.1" 200 12754 "-" "Mozilla/5.0 (compatible; Googlebot/2.1; +http://www.google.com/bot.html)"
66.249.78.46 - - [16/Feb/2013:04:09:36 +0100] "GET /news.php?cs_go=archiv&cs_id=3941 HTTP/1.1" 200 9804 "-" "Mozilla/5.0 (compatible; Googlebot/2.1; +http://www.google.com/bot.html)"
66.249.78.46 - - [16/Feb/2013:04:09:58 +0100] "GET /news.php?cs_go=archiv&cs_id=3441&cs_search= HTTP/1.1" 200 9863 "-" "Mozilla/5.0 (compatible; Googlebot/2.1; +http://www.google.com/bot.html)"
66.249.78.46 - - [16/Feb/2013:04:11:55 +0100] "GET /news.php?cs_go=archiv&cs_id=3943 HTTP/1.1" 200 12849 "-" "Mozilla/5.0 (compatible; Googlebot/2.1; +http://www.google.com/bot.html)"
66.249.78.46 - - [16/Feb/2013:04:12:09 +0100] "GET /news.php?cs_go=archiv&cs_id=2934&cs_search= HTTP/1.1" 200 13591 "-" "Mozilla/5.0 (compatible; Googlebot/2.1; +http://www.google.com/bot.html)"
141.8.147.12 - - [16/Feb/2013:04:14:00 +0100] "GET /news.php?cs_go=archiv&cs_id=3657&cs_search= HTTP/1.1" 200 13330 "-" "Mozilla/5.0 (compatible; YandexBot/3.0; +http://yandex.com/bots)"
141.8.147.12 - - [16/Feb/2013:04:14:02 +0100] "GET /news.php?cs_go=archiv&cs_id=3900&cs_search= HTTP/1.1" 200 13356 "-" "Mozilla/5.0 (compatible; YandexBot/3.0; +http://yandex.com/bots)"
141.8.147.12 - - [16/Feb/2013:04:14:05 +0100] "GET /news.php?cs_go=archiv&cs_id=3909&cs_search= HTTP/1.1" 200 13486 "-" "Mozilla/5.0 (compatible; YandexBot/3.0; +http://yandex.com/bots)"
141.8.147.12 - - [16/Feb/2013:04:14:07 +0100] "GET /news.php?cs_go=archiv&cs_id=3908 HTTP/1.1" 200 11958 "-" "Mozilla/5.0 (compatible; YandexBot/3.0; +http://yandex.com/bots)"
141.8.147.12 - - [16/Feb/2013:04:14:09 +0100] "GET /news.php?cs_go=archiv&cs_id=3909 HTTP/1.1" 200 13486 "-" "Mozilla/5.0 (compatible; YandexBot/3.0; +http://yandex.com/bots)"
141.8.147.12 - - [16/Feb/2013:04:14:11 +0100] "GET /news.php?cs_go=archiv&cs_id=2764&cs_search= HTTP/1.1" 200 14217 "-" "Mozilla/5.0 (compatible; YandexBot/3.0; +http://yandex.com/bots)"
141.8.147.12 - - [16/Feb/2013:04:14:14 +0100] "GET /news.php?cs_go=archiv&cs_id=2769&cs_search= HTTP/1.1" 200 10295 "-" "Mozilla/5.0 (compatible; YandexBot/3.0; +http://yandex.com/bots)"
141.8.147.12 - - [16/Feb/2013:04:14:16 +0100] "GET /news.php?cs_go=archiv&cs_id=3666&cs_search= HTTP/1.1" 200 13510 "-" "Mozilla/5.0 (compatible; YandexBot/3.0; +http://yandex.com/bots)"
141.8.147.12 - - [16/Feb/2013:04:14:18 +0100] "GET /news.php?cs_go=archiv&cs_id=3906 HTTP/1.1" 200 11109 "-" "Mozilla/5.0 (compatible; YandexBot/3.0; +http://yandex.com/bots)"
141.8.147.12 - - [16/Feb/2013:04:14:20 +0100] "GET /news.php?cs_go=archiv&cs_id=3904&cs_search= HTTP/1.1" 200 14802 "-" "Mozilla/5.0 (compatible; YandexBot/3.0; +http://yandex.com/bots)"
66.249.76.46 - - [16/Feb/2013:04:17:09 +0100] "GET /news.php?cs_go=archiv&cs_id=3944 HTTP/1.1" 200 13649 "-" "Mozilla/5.0 (compatible; Googlebot/2.1; +http://www.google.com/bot.html)"
141.8.147.12 - - [16/Feb/2013:04:26:32 +0100] "GET /news.php?cs_go=archiv&cs_id=2794&cs_search= HTTP/1.1" 200 13711 "-" "Mozilla/5.0 (compatible; YandexBot/3.0; +http://yandex.com/bots)"
141.8.147.12 - - [16/Feb/2013:04:35:19 +0100] "GET /news.php?cs_go=archiv&cs_id=3907&cs_search= HTTP/1.1" 200 9791 "-" "Mozilla/5.0 (compatible; YandexBot/3.0; +http://yandex.com/bots)"
81.30.151.218 - - [16/Feb/2013:04:38:09 +0100] "GET /news.php?cs_go=archiv&cs_id=1657&cs_search= HTTP/1.1" 200 7887 "-" "Pixray-Seeker/2.0 (Pixray-Seeker; +http://www.pixray.com/pixraybot; +crawler@pixray.com)"
208.115.113.91 - - [16/Feb/2013:04:39:54 +0100] "GET /robots.txt HTTP/1.1" 200 177 "-" "Mozilla/5.0 (compatible; Ezooms/1.0; ezooms.bot@gmail.com)"
130.83.167.153 - - [16/Feb/2013:04:46:04 +0100] "GET /robots.txt HTTP/1.1" 200 177 "-" "findlinks/2.6 (+http://wortschatz.uni-leipzig.de/findlinks/)"
208.115.111.75 - - [16/Feb/2013:04:48:04 +0100] "GET /lexikon.php?cs_go=2&cs_char=h HTTP/1.1" 200 8800 "-" "Mozilla/5.0 (compatible; Ezooms/1.0; ezooms.bot@gmail.com)"
173.208.165.194 - - [16/Feb/2013:04:50:50 +0100] "GET /robots.txt HTTP/1.0" 200 177 "-" "Mozilla/5.0 (compatible; MJ12bot/v1.4.3; http://www.majestic12.co.uk/bot.php?+)"
173.208.165.194 - - [16/Feb/2013:04:50:52 +0100] "GET /news.php?cs_go=archiv&cs_id=3935 HTTP/1.0" 200 9902 "-" "Mozilla/5.0 (compatible; MJ12bot/v1.4.3; http://www.majestic12.co.uk/bot.php?+)"
173.208.165.194 - - [16/Feb/2013:04:50:57 +0100] "GET /news.php?cs_go=archiv&cs_id=3936 HTTP/1.0" 200 12048 "-" "Mozilla/5.0 (compatible; MJ12bot/v1.4.3; http://www.majestic12.co.uk/bot.php?+)"
173.208.165.194 - - [16/Feb/2013:04:50:59 +0100] "GET /news.php?cs_go=archiv&cs_id=3937 HTTP/1.0" 200 13324 "-" "Mozilla/5.0 (compatible; MJ12bot/v1.4.3; http://www.majestic12.co.uk/bot.php?+)"
141.8.147.12 - - [16/Feb/2013:04:52:49 +0100] "GET /news.php?cs_go=archiv&cs_id=3654&cs_search= HTTP/1.1" 200 9837 "-" "Mozilla/5.0 (compatible; YandexBot/3.0; +http://yandex.com/bots)"
141.8.147.12 - - [16/Feb/2013:05:06:49 +0100] "GET /news.php?cs_go=archiv&cs_id=2766&cs_search= HTTP/1.1" 200 11745 "-" "Mozilla/5.0 (compatible; YandexBot/3.0; +http://yandex.com/bots)"
66.249.78.46 - - [16/Feb/2013:05:09:18 +0100] "GET /news.php?cs_go=archiv&cs_id=2773 HTTP/1.1" 200 15275 "-" "Mozilla/5.0 (compatible; Googlebot/2.1; +http://www.google.com/bot.html)"
81.30.151.218 - - [16/Feb/2013:05:22:12 +0100] "GET /news.php?cs_go=archiv&cs_id=3929&cs_search= HTTP/1.1" 200 12403 "-" "Pixray-Seeker/2.0 (Pixray-Seeker; +http://www.pixray.com/pixraybot; +crawler@pixray.com)"
141.8.147.12 - - [16/Feb/2013:05:23:26 +0100] "GET /news.php?cs_go=archiv&cs_id=3664&cs_search= HTTP/1.1" 200 9992 "-" "Mozilla/5.0 (compatible; YandexBot/3.0; +http://yandex.com/bots)"
141.8.147.12 - - [16/Feb/2013:05:30:10 +0100] "GET /news.php?cs_go=archiv&cs_id=2748&cs_search= HTTP/1.1" 200 11746 "-" "Mozilla/5.0 (compatible; YandexBot/3.0; +http://yandex.com/bots)"
81.30.151.218 - - [16/Feb/2013:05:30:23 +0100] "GET /news.php?cs_go=archiv&cs_id=3038&cs_search= HTTP/1.1" 200 9913 "-" "Pixray-Seeker/2.0 (Pixray-Seeker; +http://www.pixray.com/pixraybot; +crawler@pixray.com)"
141.8.147.12 - - [16/Feb/2013:05:30:33 +0100] "GET /news.php?cs_go=archiv&cs_id=3902 HTTP/1.1" 200 9749 "-" "Mozilla/5.0 (compatible; YandexBot/3.0; +http://yandex.com/bots)"
66.249.78.46 - - [16/Feb/2013:05:31:13 +0100] "GET /news.php?cs_go=archiv&cs_id=3639 HTTP/1.1" 200 13649 "-" "Mozilla/5.0 (compatible; Googlebot/2.1; +http://www.google.com/bot.html)"
66.249.76.46 - - [16/Feb/2013:05:41:31 +0100] "GET /news.php?cs_go=archiv&cs_id=3925 HTTP/1.1" 200 10052 "-" "SAMSUNG-SGH-E250/1.0 Profile/MIDP-2.0 Configuration/CLDC-1.1 UP.Browser/6.2.3.3.c.1.101 (GUI) MMP/2.0 (compatible; Googlebot-Mobile/2.1; +http://www.google.com/bot.html)"
66.249.78.46 - - [16/Feb/2013:05:48:12 +0100] "GET /news.php?cs_go=archiv&cs_id=3234 HTTP/1.1" 200 12378 "-" "Mozilla/5.0 (compatible; Googlebot/2.1; +http://www.google.com/bot.html)"
66.249.76.46 - - [16/Feb/2013:06:03:39 +0100] "GET /news.php?cs_go=archiv&cs_id=3924&cs_search= HTTP/1.1" 200 10176 "-" "DoCoMo/2.0 N905i(c100;TB;W24H16) (compatible; Googlebot-Mobile/2.1; +http://www.google.com/bot.html)"
123.125.71.47 - - [16/Feb/2013:06:29:47 +0100] "GET / HTTP/1.1" 200 7825 "-" "Mozilla/5.0 (compatible; Baiduspider/2.0; +http://www.baidu.com/search/spider.html)"
220.181.108.75 - - [16/Feb/2013:06:30:15 +0100] "GET / HTTP/1.1" 200 8718 "-" "Mozilla/5.0 (compatible; Baiduspider/2.0; +http://www.baidu.com/search/spider.html)"
208.115.111.75 - - [16/Feb/2013:06:38:51 +0100] "GET /robots.txt HTTP/1.1" 200 177 "-" "Mozilla/5.0 (compatible; Ezooms/1.0; ezooms.bot@gmail.com)"
66.249.76.46 - - [16/Feb/2013:06:53:06 +0100] "GET /news.php?cs_go=archiv HTTP/1.1" 200 22029 "-" "Mozilla/5.0 (iPhone; U; CPU iPhone OS 4_1 like Mac OS X; en-us) AppleWebKit/532.9 (KHTML, like Gecko) Version/4.0.5 Mobile/8B117 Safari/6531.22.7 (compatible; Googlebot-Mobile/2.1; +http://www.google.com/bot.html)"
208.115.113.91 - - [16/Feb/2013:06:53:15 +0100] "GET /faq.php HTTP/1.1" 200 197188 "-" "Mozilla/5.0 (compatible; Ezooms/1.0; ezooms.bot@gmail.com)"
208.115.113.91 - - [16/Feb/2013:06:53:26 +0100] "GET /news.php?cs_go=archiv HTTP/1.1" 200 22029 "-" "Mozilla/5.0 (compatible; Ezooms/1.0; ezooms.bot@gmail.com)"
89.123.49.124 - - [16/Feb/2013:06:56:24 +0100] "GET / HTTP/1.1" 200 15357 "-" "Java/1.6.0_04"
89.123.49.124 - - [16/Feb/2013:06:56:48 +0100] "GET /agb.php HTTP/1.1" 200 19709 "-" "Java/1.6.0_04"
89.123.49.124 - - [16/Feb/2013:06:56:49 +0100] "GET /impressum.php HTTP/1.1" 200 8582 "-" "Java/1.6.0_04"
89.123.49.124 - - [16/Feb/2013:06:56:49 +0100] "GET /index.php HTTP/1.1" 200 15357 "-" "Java/1.6.0_04"
89.123.49.124 - - [16/Feb/2013:06:56:50 +0100] "GET /jobs.php HTTP/1.1" 200 10090 "-" "Java/1.6.0_04"
89.123.49.124 - - [16/Feb/2013:06:56:51 +0100] "GET /kontakt.php HTTP/1.1" 200 9198 "-" "Java/1.6.0_04"
89.123.49.124 - - [16/Feb/2013:06:56:51 +0100] "GET /kwk.php HTTP/1.1" 200 10884 "-" "Java/1.6.0_04"
89.123.49.124 - - [16/Feb/2013:06:56:51 +0100] "GET /news.php HTTP/1.1" 200 22029 "-" "Java/1.6.0_04"
89.123.49.124 - - [16/Feb/2013:06:56:52 +0100] "GET /newsletter.php HTTP/1.1" 200 8928 "-" "Java/1.6.0_04"
89.123.49.124 - - [16/Feb/2013:06:56:52 +0100] "GET /optiplus.php HTTP/1.1" 200 11100 "-" "Java/1.6.0_04"
89.123.49.124 - - [16/Feb/2013:06:56:52 +0100] "GET /preisanfrage.php HTTP/1.1" 200 10734 "-" "Java/1.6.0_04"
89.123.49.124 - - [16/Feb/2013:06:56:53 +0100] "GET /rueckrufservice.php HTTP/1.1" 200 10770 "-" "Java/1.6.0_04"
89.123.49.124 - - [16/Feb/2013:06:56:53 +0100] "GET /standard.php HTTP/1.1" 200 9218 "-" "Java/1.6.0_04"
89.123.49.124 - - [16/Feb/2013:06:56:54 +0100] "GET /wunschpreis.php HTTP/1.1" 200 12084 "-" "Java/1.6.0_04"
89.123.49.124 - - [16/Feb/2013:06:57:25 +0100] "GET /edl.php HTTP/1.1" 200 10801 "-" "Java/1.6.0_04"
89.123.49.124 - - [16/Feb/2013:06:57:26 +0100] "GET /energiesparcheck.php HTTP/1.1" 200 13581 "-" "Java/1.6.0_04"
89.123.49.124 - - [16/Feb/2013:06:57:27 +0100] "GET /faq.php HTTP/1.1" 200 197188 "-" "Java/1.6.0_04"
89.123.49.124 - - [16/Feb/2013:06:57:29 +0100] "GET /foerdermittel.php HTTP/1.1" 200 12908 "-" "Java/1.6.0_04"
89.123.49.124 - - [16/Feb/2013:06:57:29 +0100] "GET /lexikon.php HTTP/1.1" 200 10523 "-" "Java/1.6.0_04"
89.123.49.124 - - [16/Feb/2013:06:57:30 +0100] "GET /modernisierung.php HTTP/1.1" 200 11578 "-" "Java/1.6.0_04"
89.123.49.124 - - [16/Feb/2013:06:57:30 +0100] "GET /.php HTTP/1.1" 404 - "-" "Java/1.6.0_04"
89.123.49.124 - - [16/Feb/2013:06:57:30 +0100] "GET /additive.php HTTP/1.1" 200 8372 "-" "Java/1.6.0_04"
