89.123.49.124 - - [16/Feb/2013:06:57:31 +0100] "GET /diesel.php HTTP/1.1" 200 10639 "-" "Java/1.6.0_04"
89.123.49.124 - - [16/Feb/2013:06:58:39 +0100] "GET /js_contentserver24_greybox/AJS.js HTTP/1.1" 200 10396 "-" "Java/1.6.0_04"
89.123.49.124 - - [16/Feb/2013:06:58:39 +0100] "GET /js_contentserver24_greybox/AJS_fx.js HTTP/1.1" 200 3192 "-" "Java/1.6.0_04"
89.123.49.124 - - [16/Feb/2013:06:58:39 +0100] "GET /js_contentserver24_greybox/gb_scripts.js HTTP/1.1" 200 11913 "-" "Java/1.6.0_04"
89.123.49.124 - - [16/Feb/2013:06:58:46 +0100] "GET /js_contentserver24_greybox/loader_frame.html HTTP/1.1" 200 2084 "-" "Java/1.6.0_04"
66.249.78.46 - - [16/Feb/2013:06:59:07 +0100] "GET /modul.css HTTP/1.1" 200 35038 "-" "Mozilla/5.0 (compatible; Googlebot/2.1; +http://www.google.com/bot.html)"
66.249.76.46 - - [16/Feb/2013:06:59:08 +0100] "GET /style.css HTTP/1.1" 200 8418 "-" "Mozilla/5.0 (compatible; Googlebot/2.1; +http://www.google.com/bot.html)"
81.30.151.218 - - [16/Feb/2013:07:09:24 +0100] "GET /news.php?cs_go=archiv&cs_id=3928&cs_search= HTTP/1.1" 200 9891 "-" "Pixray-Seeker/2.0 (Pixray-Seeker; +http://www.pixray.com/pixraybot; +crawler@pixray.com)"
66.249.78.46 - - [16/Feb/2013:07:13:07 +0100] "GET /preisanfrage.php HTTP/1.1" 200 10734 "-" "Mozilla/5.0 (compatible; Googlebot/2.1; +http://www.google.com/bot.html)"
141.8.147.12 - - [16/Feb/2013:07:15:26 +0100] "GET /robots.txt HTTP/1.1" 200 177 "-" "Mozilla/5.0 (compatible; YandexBot/3.0; +http://yandex.com/bots)"
66.249.78.46 - - [16/Feb/2013:07:33:12 +0100] "GET /news.php?cs_go=archiv&cs_id=3511&cs_search= HTTP/1.1" 200 11721 "-" "Mozilla/5.0 (compatible; Googlebot/2.1; +http://www.google.com/bot.html)"
81.30.151.218 - - [16/Feb/2013:07:33:52 +0100] "GET /news.php?cs_go=archiv&cs_id=3933&cs_search= HTTP/1.1" 200 11219 "-" "Pixray-Seeker/2.0 (Pixray-Seeker; +http://www.pixray.com/pixraybot; +crawler@pixray.com)"
83.133.125.202 - - [16/Feb/2013:07:44:57 +0100] "GET / HTTP/1.1" 200 1519 "http://www.bigfinder.de/online-11.html" "Mozilla/4.0 (compatible; MSIE 9.0; Windows NT 5.1)"
83.133.125.202 - - [16/Feb/2013:07:44:57 +0100] "GET / HTTP/1.0" 200 15357 "-" "-"
83.133.125.202 - - [16/Feb/2013:07:44:58 +0100] "GET / HTTP/1.0" 200 6440 "-" "-"
123.125.71.69 - - [16/Feb/2013:07:46:00 +0100] "GET /robots.txt HTTP/1.1" 200 177 "-" "Mozilla/5.0 (Windows NT 5.1; rv:6.0.2) Gecko/20100101 Firefox/6.0.2"
65.36.241.79 - - [16/Feb/2013:07:47:35 +0100] "HEAD / HTTP/1.1" 200 - "-" "InternetSeer.com"
66.249.76.46 - - [16/Feb/2013:08:26:43 +0100] "GET /news.php?cs_go=archiv&cs_id=3292&cs_search= HTTP/1.1" 200 12058 "-" "Mozilla/5.0 (compatible; Googlebot/2.1; +http://www.google.com/bot.html)"
208.115.111.75 - - [16/Feb/2013:08:38:23 +0100] "GET /lexikon.php?cs_go=2&cs_char=f HTTP/1.1" 200 9595 "-" "Mozilla/5.0 (compatible; Ezooms/1.0; ezooms.bot@gmail.com)"
157.55.32.141 - - [16/Feb/2013:09:01:48 +0100] "GET /robots.txt HTTP/1.1" 200 177 "-" "Mozilla/5.0 (compatible; bingbot/2.0; +http://www.bing.com/bingbot.htm)"
157.55.32.141 - - [16/Feb/2013:09:03:49 +0100] "GET / HTTP/1.1" 200 15357 "-" "Mozilla/5.0 (compatible; bingbot/2.0; +http://www.bing.com/bingbot.htm)"
81.30.151.218 - - [16/Feb/2013:09:08:48 +0100] "GET /news.php?cs_go=archiv&cs_id=3935&cs_search= HTTP/1.1" 200 9902 "-" "Pixray-Seeker/2.0 (Pixray-Seeker; +http://www.pixray.com/pixraybot; +crawler@pixray.com)"
81.30.151.218 - - [16/Feb/2013:09:26:53 +0100] "GET /news.php?cs_go=archiv&cs_startpos=350 HTTP/1.1" 200 8125 "-" "Pixray-Seeker/2.0 (Pixray-Seeker; +http://www.pixray.com/pixraybot; +crawler@pixray.com)"
95.96.224.110 - - [16/Feb/2013:09:28:18 +0100] "GET /robots.txt HTTP/1.0" 200 177 "-" "Mozilla/5.0 (compatible; MJ12bot/v1.4.3; http://www.majestic12.co.uk/bot.php?+)"
95.96.224.110 - - [16/Feb/2013:09:28:19 +0100] "GET /agb.php HTTP/1.1" 200 19709 "-" "Mozilla/5.0 (compatible; MJ12bot/v1.4.3; http://www.majestic12.co.uk/bot.php?+)"
95.96.224.110 - - [16/Feb/2013:09:28:21 +0100] "GET /impressum.php HTTP/1.1" 200 8582 "-" "Mozilla/5.0 (compatible; MJ12bot/v1.4.3; http://www.majestic12.co.uk/bot.php?+)"
95.96.224.110 - - [16/Feb/2013:09:28:23 +0100] "GET /index.php HTTP/1.1" 200 15357 "-" "Mozilla/5.0 (compatible; MJ12bot/v1.4.3; http://www.majestic12.co.uk/bot.php?+)"
95.96.224.110 - - [16/Feb/2013:09:28:25 +0100] "GET /jobs.php HTTP/1.1" 200 10090 "-" "Mozilla/5.0 (compatible; MJ12bot/v1.4.3; http://www.majestic12.co.uk/bot.php?+)"
95.96.224.110 - - [16/Feb/2013:09:28:27 +0100] "GET /kontakt.php HTTP/1.1" 200 9198 "-" "Mozilla/5.0 (compatible; MJ12bot/v1.4.3; http://www.majestic12.co.uk/bot.php?+)"
95.96.224.110 - - [16/Feb/2013:09:28:29 +0100] "GET /kwk.php HTTP/1.1" 200 10884 "-" "Mozilla/5.0 (compatible; MJ12bot/v1.4.3; http://www.majestic12.co.uk/bot.php?+)"
95.96.224.110 - - [16/Feb/2013:09:28:30 +0100] "GET /news.php HTTP/1.1" 200 22029 "-" "Mozilla/5.0 (compatible; MJ12bot/v1.4.3; http://www.majestic12.co.uk/bot.php?+)"
95.96.224.110 - - [16/Feb/2013:09:28:32 +0100] "GET /news.php?cs_go=archiv HTTP/1.1" 200 22029 "-" "Mozilla/5.0 (compatible; MJ12bot/v1.4.3; http://www.majestic12.co.uk/bot.php?+)"
95.96.224.110 - - [16/Feb/2013:09:28:34 +0100] "GET /news.php?cs_go=archiv&cs_id=3928 HTTP/1.1" 200 9891 "-" "Mozilla/5.0 (compatible; MJ12bot/v1.4.3; http://www.majestic12.co.uk/bot.php?+)"
95.96.224.110 - - [16/Feb/2013:09:28:36 +0100] "GET /news.php?cs_go=archiv&cs_id=3929 HTTP/1.1" 200 12403 "-" "Mozilla/5.0 (compatible; MJ12bot/v1.4.3; http://www.majestic12.co.uk/bot.php?+)"
95.96.224.110 - - [16/Feb/2013:09:28:38 +0100] "GET /news.php?cs_go=archiv&cs_id=3930 HTTP/1.1" 200 10743 "-" "Mozilla/5.0 (compatible; MJ12bot/v1.4.3; http://www.majestic12.co.uk/bot.php?+)"
95.96.224.110 - - [16/Feb/2013:09:28:40 +0100] "GET /news.php?cs_go=archiv&cs_id=3931 HTTP/1.1" 200 13536 "-" "Mozilla/5.0 (compatible; MJ12bot/v1.4.3; http://www.majestic12.co.uk/bot.php?+)"
95.96.224.110 - - [16/Feb/2013:09:28:41 +0100] "GET /newsletter.php HTTP/1.1" 200 8928 "-" "Mozilla/5.0 (compatible; MJ12bot/v1.4.3; http://www.majestic12.co.uk/bot.php?+)"
95.96.224.110 - - [16/Feb/2013:09:28:44 +0100] "GET /optiplus.php HTTP/1.1" 200 11100 "-" "Mozilla/5.0 (compatible; MJ12bot/v1.4.3; http://www.majestic12.co.uk/bot.php?+)"
95.96.224.110 - - [16/Feb/2013:09:28:46 +0100] "GET /preisanfrage.php HTTP/1.1" 200 10734 "-" "Mozilla/5.0 (compatible; MJ12bot/v1.4.3; http://www.majestic12.co.uk/bot.php?+)"
95.96.224.110 - - [16/Feb/2013:09:28:47 +0100] "GET /rueckrufservice.php HTTP/1.1" 200 10770 "-" "Mozilla/5.0 (compatible; MJ12bot/v1.4.3; http://www.majestic12.co.uk/bot.php?+)"
95.96.224.110 - - [16/Feb/2013:09:28:49 +0100] "GET /standard.php HTTP/1.1" 200 9218 "-" "Mozilla/5.0 (compatible; MJ12bot/v1.4.3; http://www.majestic12.co.uk/bot.php?+)"
95.96.224.110 - - [16/Feb/2013:09:28:51 +0100] "GET /wunschpreis.php HTTP/1.1" 200 12084 "-" "Mozilla/5.0 (compatible; MJ12bot/v1.4.3; http://www.majestic12.co.uk/bot.php?+)"
81.30.151.218 - - [16/Feb/2013:09:43:01 +0100] "GET /news.php?cs_go=archiv&cs_id=3931&cs_search= HTTP/1.1" 200 13536 "-" "Pixray-Seeker/2.0 (Pixray-Seeker; +http://www.pixray.com/pixraybot; +crawler@pixray.com)"
66.249.76.46 - - [16/Feb/2013:09:48:47 +0100] "GET /news.php?cs_go=archiv&cs_id=3411&cs_search= HTTP/1.1" 200 13619 "-" "Mozilla/5.0 (compatible; Googlebot/2.1; +http://www.google.com/bot.html)"
141.8.147.12 - - [16/Feb/2013:10:04:32 +0100] "GET / HTTP/1.1" 200 15357 "-" "Mozilla/5.0 (compatible; YandexBot/3.0; +http://yandex.com/bots)"
66.249.76.46 - - [16/Feb/2013:10:15:59 +0100] "GET /news.php?cs_go=archiv&cs_id=3815 HTTP/1.1" 200 13195 "-" "Mozilla/5.0 (compatible; Googlebot/2.1; +http://www.google.com/bot.html)"
66.249.78.46 - - [16/Feb/2013:10:34:23 +0100] "GET /js_contentserver24_greybox/gb_styles.css HTTP/1.1" 200 2302 "-" "Mozilla/5.0 (compatible; Googlebot/2.1; +http://www.google.com/bot.html)"
208.115.111.75 - - [16/Feb/2013:10:39:20 +0100] "GET /robots.txt HTTP/1.1" 200 177 "-" "Mozilla/5.0 (compatible; Ezooms/1.0; ezooms.bot@gmail.com)"
46.105.114.127 - - [16/Feb/2013:10:39:34 +0100] "GET /seiten/impres.htm HTTP/1.1" 404 - "-" "Mozilla/5.0 (X11; Linux i686; rv:6.0) Gecko/20100101 Firefox/6.0"
5.9.7.208 - - [16/Feb/2013:10:50:18 +0100] "GET /robots.txt HTTP/1.0" 200 177 "-" "Mozilla/5.0 (compatible; MJ12bot/v1.4.3; http://www.majestic12.co.uk/bot.php?+)"
5.9.7.208 - - [16/Feb/2013:10:50:22 +0100] "GET /news.php?cs_go=archiv&cs_id=3935 HTTP/1.0" 200 9902 "-" "Mozilla/5.0 (compatible; MJ12bot/v1.4.3; http://www.majestic12.co.uk/bot.php?+)"
5.9.7.208 - - [16/Feb/2013:10:50:25 +0100] "GET /news.php?cs_go=archiv&cs_id=3936 HTTP/1.0" 200 12048 "-" "Mozilla/5.0 (compatible; MJ12bot/v1.4.3; http://www.majestic12.co.uk/bot.php?+)"
5.9.7.208 - - [16/Feb/2013:10:50:27 +0100] "GET /news.php?cs_go=archiv&cs_id=3937 HTTP/1.0" 200 13324 "-" "Mozilla/5.0 (compatible; MJ12bot/v1.4.3; http://www.majestic12.co.uk/bot.php?+)"
5.9.7.208 - - [16/Feb/2013:10:51:16 +0100] "GET /robots.txt HTTP/1.0" 200 177 "-" "Mozilla/5.0 (compatible; MJ12bot/v1.4.3; http://www.majestic12.co.uk/bot.php?+)"
5.9.7.208 - - [16/Feb/2013:10:51:18 +0100] "GET /agb.php HTTP/1.0" 200 19709 "-" "Mozilla/5.0 (compatible; MJ12bot/v1.4.3; http://www.majestic12.co.uk/bot.php?+)"
5.9.7.208 - - [16/Feb/2013:10:51:20 +0100] "GET /impressum.php HTTP/1.0" 200 8582 "-" "Mozilla/5.0 (compatible; MJ12bot/v1.4.3; http://www.majestic12.co.uk/bot.php?+)"
5.9.7.208 - - [16/Feb/2013:10:51:23 +0100] "GET /index.php HTTP/1.0" 200 15357 "-" "Mozilla/5.0 (compatible; MJ12bot/v1.4.3; http://www.majestic12.co.uk/bot.php?+)"
5.9.7.208 - - [16/Feb/2013:10:51:26 +0100] "GET /jobs.php HTTP/1.0" 200 10090 "-" "Mozilla/5.0 (compatible; MJ12bot/v1.4.3; http://www.majestic12.co.uk/bot.php?+)"
5.9.7.208 - - [16/Feb/2013:10:51:27 +0100] "GET /kontakt.php HTTP/1.0" 200 9198 "-" "Mozilla/5.0 (compatible; MJ12bot/v1.4.3; http://www.majestic12.co.uk/bot.php?+)"
5.9.7.208 - - [16/Feb/2013:10:51:29 +0100] "GET /kwk.php HTTP/1.0" 200 10884 "-" "Mozilla/5.0 (compatible; MJ12bot/v1.4.3; http://www.majestic12.co.uk/bot.php?+)"
5.9.7.208 - - [16/Feb/2013:10:51:31 +0100] "GET /news.php HTTP/1.0" 200 22029 "-" "Mozilla/5.0 (compatible; MJ12bot/v1.4.3; http://www.majestic12.co.uk/bot.php?+)"
5.9.7.208 - - [16/Feb/2013:10:51:33 +0100] "GET /news.php?cs_go=archiv HTTP/1.0" 200 22029 "-" "Mozilla/5.0 (compatible; MJ12bot/v1.4.3; http://www.majestic12.co.uk/bot.php?+)"
5.9.7.208 - - [16/Feb/2013:10:51:35 +0100] "GET /news.php?cs_go=archiv&cs_id=3931 HTTP/1.0" 200 13536 "-" "Mozilla/5.0 (compatible; MJ12bot/v1.4.3; http://www.majestic12.co.uk/bot.php?+)"
5.9.7.208 - - [16/Feb/2013:10:51:37 +0100] "GET /news.php?cs_go=archiv&cs_id=3932 HTTP/1.0" 200 9861 "-" "Mozilla/5.0 (compatible; MJ12bot/v1.4.3; http://www.majestic12.co.uk/bot.php?+)"
5.9.7.208 - - [16/Feb/2013:10:51:39 +0100] "GET /news.php?cs_go=archiv&cs_id=3933 HTTP/1.0" 200 11219 "-" "Mozilla/5.0 (compatible; MJ12bot/v1.4.3; http://www.majestic12.co.uk/bot.php?+)"
5.9.7.208 - - [16/Feb/2013:10:51:41 +0100] "GET /news.php?cs_go=archiv&cs_id=3934 HTTP/1.0" 200 13333 "-" "Mozilla/5.0 (compatible; MJ12bot/v1.4.3; http://www.majestic12.co.uk/bot.php?+)"
5.9.7.208 - - [16/Feb/2013:10:51:43 +0100] "GET /newsletter.php HTTP/1.0" 200 8928 "-" "Mozilla/5.0 (compatible; MJ12bot/v1.4.3; http://www.majestic12.co.uk/bot.php?+)"
5.9.7.208 - - [16/Feb/2013:10:51:45 +0100] "GET /optiplus.php HTTP/1.0" 200 11100 "-" "Mozilla/5.0 (compatible; MJ12bot/v1.4.3; http://www.majestic12.co.uk/bot.php?+)"
5.9.7.208 - - [16/Feb/2013:10:51:47 +0100] "GET /preisanfrage.php HTTP/1.0" 200 10734 "-" "Mozilla/5.0 (compatible; MJ12bot/v1.4.3; http://www.majestic12.co.uk/bot.php?+)"
5.9.7.208 - - [16/Feb/2013:10:51:49 +0100] "GET /rueckrufservice.php HTTP/1.0" 200 10770 "-" "Mozilla/5.0 (compatible; MJ12bot/v1.4.3; http://www.majestic12.co.uk/bot.php?+)"
5.9.7.208 - - [16/Feb/2013:10:51:51 +0100] "GET /standard.php HTTP/1.0" 200 9218 "-" "Mozilla/5.0 (compatible; MJ12bot/v1.4.3; http://www.majestic12.co.uk/bot.php?+)"
5.9.7.208 - - [16/Feb/2013:10:51:54 +0100] "GET /wunschpreis.php HTTP/1.0" 200 12084 "-" "Mozilla/5.0 (compatible; MJ12bot/v1.4.3; http://www.majestic12.co.uk/bot.php?+)"
173.208.150.250 - - [16/Feb/2013:11:23:17 +0100] "GET /robots.txt HTTP/1.0" 200 177 "-" "Mozilla/5.0 (compatible; MJ12bot/v1.4.3; http://www.majestic12.co.uk/bot.php?+)"
173.208.150.250 - - [16/Feb/2013:11:23:18 +0100] "GET / HTTP/1.0" 200 15357 "-" "Mozilla/5.0 (compatible; MJ12bot/v1.4.3; http://www.majestic12.co.uk/bot.php?+)"
81.30.151.218 - - [16/Feb/2013:11:35:07 +0100] "GET /news.php?cs_go=archiv&cs_id=3934&cs_search= HTTP/1.1" 200 13333 "-" "Pixray-Seeker/2.0 (Pixray-Seeker; +http://www.pixray.com/pixraybot; +crawler@pixray.com)"
66.249.78.46 - - [16/Feb/2013:11:56:15 +0100] "GET /news.php?cs_go=archiv&cs_id=2792 HTTP/1.1" 200 9850 "-" "Mozilla/5.0 (compatible; Googlebot/2.1; +http://www.google.com/bot.html)"
65.55.213.39 - - [16/Feb/2013:11:58:54 +0100] "GET /style.css HTTP/1.1" 200 8418 "http://www.mink-gmbh.de/" "Mozilla/4.0 (compatible; MSIE 7.0; Windows NT 5.1; SLCC1; .NET CLR 1.1.4325; .NET CLR 2.0.40607; .NET CLR 3.0.30729; .NET CLR 3.5.30729)"
65.55.213.39 - - [16/Feb/2013:11:58:53 +0100] "GET / HTTP/1.1" 200 15357 "-" "Mozilla/4.0 (compatible; MSIE 7.0; Windows NT 5.1; SLCC1; .NET CLR 1.1.4325; .NET CLR 2.0.40607; .NET CLR 3.0.30729; .NET CLR 3.5.30729)"
65.55.213.39 - - [16/Feb/2013:11:58:54 +0100] "GET /modul.css HTTP/1.1" 200 35038 "http://www.mink-gmbh.de/" "Mozilla/4.0 (compatible; MSIE 7.0; Windows NT 5.1; SLCC1; .NET CLR 1.1.4325; .NET CLR 2.0.40607; .NET CLR 3.0.30729; .NET CLR 3.5.30729)"
65.55.213.39 - - [16/Feb/2013:11:58:57 +0100] "GET /js_contentserver24_greybox/gb_styles.css HTTP/1.1" 200 2302 "http://www.mink-gmbh.de/" "Mozilla/4.0 (compatible; MSIE 7.0; Windows NT 5.1; SLCC1; .NET CLR 1.1.4325; .NET CLR 2.0.40607; .NET CLR 3.0.30729; .NET CLR 3.5.30729)"
65.55.213.39 - - [16/Feb/2013:11:58:57 +0100] "GET /js_contentserver24_greybox/AJS.js HTTP/1.1" 200 10396 "http://www.mink-gmbh.de/" "Mozilla/4.0 (compatible; MSIE 7.0; Windows NT 5.1; SLCC1; .NET CLR 1.1.4325; .NET CLR 2.0.40607; .NET CLR 3.0.30729; .NET CLR 3.5.30729)"
65.55.213.39 - - [16/Feb/2013:11:58:58 +0100] "GET /js_contentserver24_greybox/AJS_fx.js HTTP/1.1" 200 3192 "http://www.mink-gmbh.de/" "Mozilla/4.0 (compatible; MSIE 7.0; Windows NT 5.1; SLCC1; .NET CLR 1.1.4325; .NET CLR 2.0.40607; .NET CLR 3.0.30729; .NET CLR 3.5.30729)"
65.55.213.39 - - [16/Feb/2013:11:58:58 +0100] "GET /js_contentserver24_greybox/gb_scripts.js HTTP/1.1" 200 11913 "http://www.mink-gmbh.de/" "Mozilla/4.0 (compatible; MSIE 7.0; Windows NT 5.1; SLCC1; .NET CLR 1.1.4325; .NET CLR 2.0.40607; .NET CLR 3.0.30729; .NET CLR 3.5.30729)"
65.55.213.39 - - [16/Feb/2013:11:59:11 +0100] "GET /js_contentserver24_greybox/loader_frame.html?s=0 HTTP/1.1" 200 2084 "http://www.mink-gmbh.de/" "Mozilla/4.0 (compatible; MSIE 7.0; Windows NT 5.1; SLCC1; .NET CLR 1.1.4325; .NET CLR 2.0.40607; .NET CLR 3.0.30729; .NET CLR 3.5.30729)"
65.55.213.39 - - [16/Feb/2013:11:59:12 +0100] "GET /js_contentserver24_greybox/AJS.js HTTP/1.1" 304 - "http://www.mink-gmbh.de/js_contentserver24_greybox/loader_frame.html?s=0" "Mozilla/4.0 (compatible; MSIE 7.0; Windows NT 5.1; SLCC1; .NET CLR 1.1.4325; .NET CLR 2.0.40607; .NET CLR 3.0.30729; .NET CLR 3.5.30729)"
65.55.213.39 - - [16/Feb/2013:11:59:12 +0100] "GET /js_contentserver24_greybox/AJS_fx.js HTTP/1.1" 304 - "http://www.mink-gmbh.de/js_contentserver24_greybox/loader_frame.html?s=0" "Mozilla/4.0 (compatible; MSIE 7.0; Windows NT 5.1; SLCC1; .NET CLR 1.1.4325; .NET CLR 2.0.40607; .NET CLR 3.0.30729; .NET CLR 3.5.30729)"
81.30.151.218 - - [16/Feb/2013:12:14:11 +0100] "GET /news.php?cs_go=archiv&cs_id=2438&cs_search= HTTP/1.1" 200 7887 "-" "Pixray-Seeker/2.0 (Pixray-Seeker; +http://www.pixray.com/pixraybot; +crawler@pixray.com)"
123.125.71.27 - - [16/Feb/2013:12:31:03 +0100] "GET / HTTP/1.1" 200 7825 "-" "Mozilla/5.0 (compatible; Baiduspider/2.0; +http://www.baidu.com/search/spider.html)"
220.181.108.77 - - [16/Feb/2013:12:31:33 +0100] "GET / HTTP/1.1" 200 10260 "-" "Mozilla/5.0 (compatible; Baiduspider/2.0; +http://www.baidu.com/search/spider.html)"
85.8.28.206 - - [16/Feb/2013:12:35:34 +0100] "GET /robots.txt HTTP/1.0" 200 177 "-" "Mozilla/5.0 (compatible; MJ12bot/v1.4.3; http://www.majestic12.co.uk/bot.php?+)"
85.8.28.206 - - [16/Feb/2013:12:35:35 +0100] "GET /agb.php HTTP/1.1" 200 19709 "-" "Mozilla/5.0 (compatible; MJ12bot/v1.4.3; http://www.majestic12.co.uk/bot.php?+)"
85.8.28.206 - - [16/Feb/2013:12:35:37 +0100] "GET /news.php?cs_go=archiv&cs_id=2678 HTTP/1.1" 200 7887 "-" "Mozilla/5.0 (compatible; MJ12bot/v1.4.3; http://www.majestic12.co.uk/bot.php?+)"
85.8.28.206 - - [16/Feb/2013:12:35:38 +0100] "GET /news.php?cs_go=archiv&cs_id=2679 HTTP/1.1" 200 7887 "-" "Mozilla/5.0 (compatible; MJ12bot/v1.4.3; http://www.majestic12.co.uk/bot.php?+)"
85.8.28.206 - - [16/Feb/2013:12:35:40 +0100] "GET /news.php?cs_go=archiv&cs_id=2680 HTTP/1.1" 200 7887 "-" "Mozilla/5.0 (compatible; MJ12bot/v1.4.3; http://www.majestic12.co.uk/bot.php?+)"
85.8.28.206 - - [16/Feb/2013:12:35:42 +0100] "GET /news.php?cs_go=archiv&cs_id=2681 HTTP/1.1" 200 7887 "-" "Mozilla/5.0 (compatible; MJ12bot/v1.4.3; http://www.majestic12.co.uk/bot.php?+)"
85.8.28.206 - - [16/Feb/2013:12:35:43 +0100] "GET /news.php?cs_go=archiv&cs_id=2682 HTTP/1.1" 200 7887 "-" "Mozilla/5.0 (compatible; MJ12bot/v1.4.3; http://www.majestic12.co.uk/bot.php?+)"
85.8.28.206 - - [16/Feb/2013:12:35:45 +0100] "GET /news.php?cs_go=archiv&cs_id=2683 HTTP/1.1" 200 7887 "-" "Mozilla/5.0 (compatible; MJ12bot/v1.4.3; http://www.majestic12.co.uk/bot.php?+)"
85.8.28.206 - - [16/Feb/2013:12:35:47 +0100] "GET /news.php?cs_go=archiv&cs_id=2684 HTTP/1.1" 200 7887 "-" "Mozilla/5.0 (compatible; MJ12bot/v1.4.3; http://www.majestic12.co.uk/bot.php?+)"
85.8.28.206 - - [16/Feb/2013:12:35:49 +0100] "GET /news.php?cs_go=archiv&cs_id=2685 HTTP/1.1" 200 7887 "-" "Mozilla/5.0 (compatible; MJ12bot/v1.4.3; http://www.majestic12.co.uk/bot.php?+)"
85.8.28.206 - - [16/Feb/2013:12:35:50 +0100] "GET /news.php?cs_go=archiv&cs_id=2686 HTTP/1.1" 200 7887 "-" "Mozilla/5.0 (compatible; MJ12bot/v1.4.3; http://www.majestic12.co.uk/bot.php?+)"
85.8.28.206 - - [16/Feb/2013:12:35:52 +0100] "GET /news.php?cs_go=archiv&cs_id=2687 HTTP/1.1" 200 7887 "-" "Mozilla/5.0 (compatible; MJ12bot/v1.4.3; http://www.majestic12.co.uk/bot.php?+)"
85.8.28.206 - - [16/Feb/2013:12:35:54 +0100] "GET /news.php?cs_go=archiv&cs_id=2688 HTTP/1.1" 200 7887 "-" "Mozilla/5.0 (compatible; MJ12bot/v1.4.3; http://www.majestic12.co.uk/bot.php?+)"
85.8.28.206 - - [16/Feb/2013:12:35:55 +0100] "GET /news.php?cs_go=archiv&cs_id=2689 HTTP/1.1" 200 7887 "-" "Mozilla/5.0 (compatible; MJ12bot/v1.4.3; http://www.majestic12.co.uk/bot.php?+)"
85.8.28.206 - - [16/Feb/2013:12:35:57 +0100] "GET /news.php?cs_go=archiv&cs_id=2690 HTTP/1.1" 200 7887 "-" "Mozilla/5.0 (compatible; MJ12bot/v1.4.3; http://www.majestic12.co.uk/bot.php?+)"
85.8.28.206 - - [16/Feb/2013:12:35:59 +0100] "GET /news.php?cs_go=archiv&cs_id=2691 HTTP/1.1" 200 7887 "-" "Mozilla/5.0 (compatible; MJ12bot/v1.4.3; http://www.majestic12.co.uk/bot.php?+)"
208.115.111.75 - - [16/Feb/2013:12:37:43 +0100] "GET /lexikon.php?cs_go=2&cs_char=d HTTP/1.1" 200 9421 "-" "Mozilla/5.0 (compatible; Ezooms/1.0; ezooms.bot@gmail.com)"
208.115.111.75 - - [16/Feb/2013:12:37:46 +0100] "GET /news.php?cs_go=archiv&cs_id=3823&cs_search= HTTP/1.1" 200 11538 "-" "Mozilla/5.0 (compatible; Ezooms/1.0; ezooms.bot@gmail.com)"
208.115.111.75 - - [16/Feb/2013:12:37:49 +0100] "GET /news.php?cs_go=archiv&cs_id=3836&cs_search= HTTP/1.1" 200 9872 "-" "Mozilla/5.0 (compatible; Ezooms/1.0; ezooms.bot@gmail.com)"
178.25.93.230 - - [16/Feb/2013:12:53:54 +0100] "GET /robots.txt HTTP/1.0" 200 177 "-" "Mozilla/5.0 (compatible; MJ12bot/v1.4.3; http://www.majestic12.co.uk/bot.php?+)"
178.25.93.230 - - [16/Feb/2013:12:53:56 +0100] "GET /news.php?cs_go=archiv&cs_id=3928 HTTP/1.1" 200 9891 "-" "Mozilla/5.0 (compatible; MJ12bot/v1.4.3; http://www.majestic12.co.uk/bot.php?+)"
141.8.147.12 - - [16/Feb/2013:12:55:26 +0100] "GET /news.php?cs_go=archiv&cs_id=3879&cs_search= HTTP/1.1" 200 11074 "-" "Mozilla/5.0 (compatible; YandexBot/3.0; +http://yandex.com/bots)"
66.249.78.46 - - [16/Feb/2013:13:01:39 +0100] "GET /news.php?cs_go=archiv&cs_id=2789 HTTP/1.1" 200 10551 "-" "Mozilla/5.0 (compatible; Googlebot/2.1; +http://www.google.com/bot.html)"
81.30.151.218 - - [16/Feb/2013:13:03:32 +0100] "GET /news.php?cs_go=archiv&cs_startpos=1460 HTTP/1.1" 200 8126 "-" "Pixray-Seeker/2.0 (Pixray-Seeker; +http://www.pixray.com/pixraybot; +crawler@pixray.com)"
81.30.151.218 - - [16/Feb/2013:13:09:33 +0100] "GET /news.php?cs_go=archiv&cs_id=1732&cs_search= HTTP/1.1" 200 7887 "-" "Pixray-Seeker/2.0 (Pixray-Seeker; +http://www.pixray.com/pixraybot; +crawler@pixray.com)"
66.249.78.46 - - [16/Feb/2013:13:14:43 +0100] "GET /lexikon.php?cs_go=3&cs_id=164 HTTP/1.1" 200 8273 "-" "Mozilla/5.0 (compatible; Googlebot/2.1; +http://www.google.com/bot.html)"
65.36.241.79 - - [16/Feb/2013:13:52:39 +0100] "HEAD / HTTP/1.1" 200 - "-" "InternetSeer.com"
66.249.78.46 - - [16/Feb/2013:13:54:06 +0100] "GET /news.php?cs_go=archiv&cs_id=3297&cs_search= HTTP/1.1" 200 11872 "-" "Mozilla/5.0 (compatible; Googlebot/2.1; +http://www.google.com/bot.html)"
66.249.78.46 - - [16/Feb/2013:14:07:15 +0100] "GET /news.php?cs_go=archiv&cs_id=3370&cs_search= HTTP/1.1" 200 13528 "-" "Mozilla/5.0 (compatible; Googlebot/2.1; +http://www.google.com/bot.html)"
81.30.151.218 - - [16/Feb/2013:14:11:51 +0100] "GET /news.php?cs_go=archiv&cs_id=2876&cs_search= HTTP/1.1" 200 10176 "-" "Pixray-Seeker/2.0 (Pixray-Seeker; +http://www.pixray.com/pixraybot; +crawler@pixray.com)"
66.249.78.46 - - [16/Feb/2013:14:20:16 +0100] "GET /news.php?cs_go=archiv&cs_id=3371&cs_search= HTTP/1.1" 200 9903 "-" "Mozilla/5.0 (compatible; Googlebot/2.1; +http://www.google.com/bot.html)"
81.30.151.218 - - [16/Feb/2013:14:26:16 +0100] "GET /news.php?cs_go=archiv&cs_id=3470&cs_search= HTTP/1.1" 200 9949 "-" "Pixray-Seeker/2.0 (Pixray-Seeker; +http://www.pixray.com/pixraybot; +crawler@pixray.com)"
208.115.111.75 - - [16/Feb/2013:14:38:25 +0100] "GET /robots.txt HTTP/1.1" 200 177 "-" "Mozilla/5.0 (compatible; Ezooms/1.0; ezooms.bot@gmail.com)"
123.125.71.75 - - [16/Feb/2013:14:48:51 +0100] "GET /jobs.php HTTP/1.1" 200 10090 "-" "Mozilla/5.0 (compatible; Baiduspider/2.0; +http://www.baidu.com/search/spider.html)"
81.30.151.218 - - [16/Feb/2013:14:51:51 +0100] "GET /news.php?cs_go=archiv&cs_id=2969&cs_search= HTTP/1.1" 200 10758 "-" "Pixray-Seeker/2.0 (Pixray-Seeker; +http://www.pixray.com/pixraybot; +crawler@pixray.com)"
66.249.76.46 - - [16/Feb/2013:14:59:31 +0100] "GET /news.php?cs_go=archiv&cs_id=3894 HTTP/1.1" 200 9787 "-" "Mozilla/5.0 (compatible; Googlebot/2.1; +http://www.google.com/bot.html)"
81.30.151.218 - - [16/Feb/2013:15:24:40 +0100] "GET /robots.txt HTTP/1.1" 200 177 "-" "Pixray-Seeker/2.0 (Pixray-Seeker; +http://www.pixray.com/pixraybot; +crawler@pixray.com)"
81.30.151.218 - - [16/Feb/2013:15:24:40 +0100] "GET /news.php?cs_go=archiv&cs_id=2986&cs_search= HTTP/1.1" 200 12719 "-" "Pixray-Seeker/2.0 (Pixray-Seeker; +http://www.pixray.com/pixraybot; +crawler@pixray.com)"
5.9.10.179 - - [16/Feb/2013:15:28:29 +0100] "GET /robots.txt HTTP/1.1" 200 177 "-" "Mozilla/5.0 (compatible; Infohelfer/1.3.3; +http://www.infohelfer.de/crawler.php)"
5.9.10.179 - - [16/Feb/2013:15:28:29 +0100] "GET /energiesparcheck.php?cs_go=archiv&cs_id=3905 HTTP/1.1" 200 13581 "-" "Mozilla/5.0 (compatible; Infohelfer/1.3.3; +http://www.infohelfer.de/crawler.php)"
81.30.151.218 - - [16/Feb/2013:15:36:55 +0100] "GET /news.php?cs_go=archiv&cs_id=2914&cs_search= HTTP/1.1" 200 10556 "-" "Pixray-Seeker/2.0 (Pixray-Seeker; +http://www.pixray.com/pixraybot; +crawler@pixray.com)"
66.249.74.49 - - [16/Feb/2013:15:38:45 +0100] "GET /robots.txt HTTP/1.1" 200 177 "-" "Mozilla/5.0 (compatible; Googlebot/2.1; +http://www.google.com/bot.html)"
66.249.78.46 - - [16/Feb/2013:15:38:45 +0100] "GET /jobs.php HTTP/1.1" 200 10090 "-" "Mozilla/5.0 (compatible; Googlebot/2.1; +http://www.google.com/bot.html)"
208.115.111.75 - - [16/Feb/2013:16:36:06 +0100] "GET /lexikon.php?cs_go=2&cs_char=b HTTP/1.1" 200 9730 "-" "Mozilla/5.0 (compatible; Ezooms/1.0; ezooms.bot@gmail.com)"
81.30.151.218 - - [16/Feb/2013:16:54:11 +0100] "GET /news.php?cs_go=archiv&cs_id=3174 HTTP/1.1" 200 12317 "-" "Pixray-Seeker/2.0 (Pixray-Seeker; +http://www.pixray.com/pixraybot; +crawler@pixray.com)"
89.247.224.115 - - [16/Feb/2013:17:17:45 +0100] "GET /style.css HTTP/1.1" 200 8418 "http://www.mink-gmbh.de/" "Mozilla/5.0 (Windows NT 6.1; WOW64; rv:18.0) Gecko/20100101 Firefox/18.0"
89.247.224.115 - - [16/Feb/2013:17:17:45 +0100] "GET /favicon.ico HTTP/1.1" 200 3638 "-" "Mozilla/5.0 (Windows NT 6.1; WOW64; rv:18.0) Gecko/20100101 Firefox/18.0"
89.247.224.115 - - [16/Feb/2013:17:17:45 +0100] "GET /js_contentserver24_greybox/gb_styles.css HTTP/1.1" 200 2302 "http://www.mink-gmbh.de/" "Mozilla/5.0 (Windows NT 6.1; WOW64; rv:18.0) Gecko/20100101 Firefox/18.0"
89.247.224.115 - - [16/Feb/2013:17:17:45 +0100] "GET /js_contentserver24_greybox/AJS.js HTTP/1.1" 200 10396 "http://www.mink-gmbh.de/" "Mozilla/5.0 (Windows NT 6.1; WOW64; rv:18.0) Gecko/20100101 Firefox/18.0"
89.247.224.115 - - [16/Feb/2013:17:17:45 +0100] "GET /js_contentserver24_greybox/AJS_fx.js HTTP/1.1" 200 3192 "http://www.mink-gmbh.de/" "Mozilla/5.0 (Windows NT 6.1; WOW64; rv:18.0) Gecko/20100101 Firefox/18.0"
89.247.224.115 - - [16/Feb/2013:17:17:45 +0100] "GET /js_contentserver24_greybox/gb_scripts.js HTTP/1.1" 200 11913 "http://www.mink-gmbh.de/" "Mozilla/5.0 (Windows NT 6.1; WOW64; rv:18.0) Gecko/20100101 Firefox/18.0"
89.247.224.115 - - [16/Feb/2013:17:17:45 +0100] "GET /modul.css HTTP/1.1" 200 35038 "http://www.mink-gmbh.de/" "Mozilla/5.0 (Windows NT 6.1; WOW64; rv:18.0) Gecko/20100101 Firefox/18.0"
89.247.224.115 - - [16/Feb/2013:17:17:45 +0100] "GET / HTTP/1.1" 200 15357 "http://www.google.de/url?sa=t&rct=j&q=&esrc=s&source=web&cd=1&sqi=2&ved=0CDAQFjAA&url=http%3A%2F%2Fwww.mink-gmbh.de%2F&ei=1LAfUfKyB4jEsgbltoGoDQ&usg=AFQjCNFHX4Iglls9oo-KYXTmDUV_5KOVIg" "Mozilla/5.0 (Windows NT 6.1; WOW64; rv:18.0) Gecko/20100101 Firefox/18.0"
89.247.224.115 - - [16/Feb/2013:17:17:45 +0100] "GET /images/tkw.jpg HTTP/1.1" 200 64031 "http://www.mink-gmbh.de/" "Mozilla/5.0 (Windows NT 6.1; WOW64; rv:18.0) Gecko/20100101 Firefox/18.0"
89.247.224.115 - - [16/Feb/2013:17:17:46 +0100] "GET /images/freecall.jpg HTTP/1.1" 200 39195 "http://www.mink-gmbh.de/" "Mozilla/5.0 (Windows NT 6.1; WOW64; rv:18.0) Gecko/20100101 Firefox/18.0"
89.247.224.115 - - [16/Feb/2013:17:17:46 +0100] "GET /images/mail.jpg HTTP/1.1" 200 11165 "http://www.mink-gmbh.de/" "Mozilla/5.0 (Windows NT 6.1; WOW64; rv:18.0) Gecko/20100101 Firefox/18.0"
89.247.224.115 - - [16/Feb/2013:17:17:46 +0100] "GET /images/kwk.gif HTTP/1.1" 200 6403 "http://www.mink-gmbh.de/" "Mozilla/5.0 (Windows NT 6.1; WOW64; rv:18.0) Gecko/20100101 Firefox/18.0"
89.247.224.115 - - [16/Feb/2013:17:17:46 +0100] "GET /images/logos.jpg HTTP/1.1" 200 15002 "http://www.mink-gmbh.de/" "Mozilla/5.0 (Windows NT 6.1; WOW64; rv:18.0) Gecko/20100101 Firefox/18.0"
89.247.224.115 - - [16/Feb/2013:17:17:46 +0100] "GET /images/wunschpreis.jpg HTTP/1.1" 200 16767 "http://www.mink-gmbh.de/" "Mozilla/5.0 (Windows NT 6.1; WOW64; rv:18.0) Gecko/20100101 Firefox/18.0"
89.247.224.115 - - [16/Feb/2013:17:17:46 +0100] "GET /images/bg.jpg HTTP/1.1" 200 345 "http://www.mink-gmbh.de/style.css" "Mozilla/5.0 (Windows NT 6.1; WOW64; rv:18.0) Gecko/20100101 Firefox/18.0"
89.247.224.115 - - [16/Feb/2013:17:17:46 +0100] "GET /js_contentserver24_greybox/w_close.gif HTTP/1.1" 200 74 "http://www.mink-gmbh.de/" "Mozilla/5.0 (Windows NT 6.1; WOW64; rv:18.0) Gecko/20100101 Firefox/18.0"
89.247.224.115 - - [16/Feb/2013:17:17:46 +0100] "GET /images/close.png HTTP/1.1" 200 703 "http://www.mink-gmbh.de/" "Mozilla/5.0 (Windows NT 6.1; WOW64; rv:18.0) Gecko/20100101 Firefox/18.0"
89.247.224.115 - - [16/Feb/2013:17:17:46 +0100] "GET /images/newsletter_bg.jpg HTTP/1.1" 200 33610 "http://www.mink-gmbh.de/" "Mozilla/5.0 (Windows NT 6.1; WOW64; rv:18.0) Gecko/20100101 Firefox/18.0"
89.247.224.115 - - [16/Feb/2013:17:17:46 +0100] "GET /images/newsletter.png HTTP/1.1" 200 14619 "http://www.mink-gmbh.de/style.css" "Mozilla/5.0 (Windows NT 6.1; WOW64; rv:18.0) Gecko/20100101 Firefox/18.0"
89.247.224.115 - - [16/Feb/2013:17:17:46 +0100] "GET /images/wrapperbg.jpg HTTP/1.1" 200 27465 "http://www.mink-gmbh.de/style.css" "Mozilla/5.0 (Windows NT 6.1; WOW64; rv:18.0) Gecko/20100101 Firefox/18.0"
89.247.224.115 - - [16/Feb/2013:17:17:46 +0100] "GET /images/header.jpg HTTP/1.1" 200 24413 "http://www.mink-gmbh.de/style.css" "Mozilla/5.0 (Windows NT 6.1; WOW64; rv:18.0) Gecko/20100101 Firefox/18.0"
89.247.224.115 - - [16/Feb/2013:17:17:46 +0100] "GET /images/navibg.png HTTP/1.1" 200 2803 "http://www.mink-gmbh.de/style.css" "Mozilla/5.0 (Windows NT 6.1; WOW64; rv:18.0) Gecko/20100101 Firefox/18.0"
89.247.224.115 - - [16/Feb/2013:17:17:46 +0100] "GET /images/fallend.png HTTP/1.1" 200 713 "http://www.mink-gmbh.de/modul.css" "Mozilla/5.0 (Windows NT 6.1; WOW64; rv:18.0) Gecko/20100101 Firefox/18.0"
89.247.224.115 - - [16/Feb/2013:17:17:46 +0100] "GET /images/mobil.jpg HTTP/1.1" 200 25293 "http://www.mink-gmbh.de/style.css" "Mozilla/5.0 (Windows NT 6.1; WOW64; rv:18.0) Gecko/20100101 Firefox/18.0"
89.247.224.115 - - [16/Feb/2013:17:17:46 +0100] "GET /images/newsletter.jpg HTTP/1.1" 200 13130 "http://www.mink-gmbh.de/style.css" "Mozilla/5.0 (Windows NT 6.1; WOW64; rv:18.0) Gecko/20100101 Firefox/18.0"
89.247.224.115 - - [16/Feb/2013:17:17:46 +0100] "GET /images/footerbg.jpg HTTP/1.1" 200 2184 "http://www.mink-gmbh.de/style.css" "Mozilla/5.0 (Windows NT 6.1; WOW64; rv:18.0) Gecko/20100101 Firefox/18.0"
89.247.224.115 - - [16/Feb/2013:17:17:46 +0100] "GET /js_contentserver24_greybox/loader_frame.html?s=0 HTTP/1.1" 200 2084 "http://www.mink-gmbh.de/" "Mozilla/5.0 (Windows NT 6.1; WOW64; rv:18.0) Gecko/20100101 Firefox/18.0"
89.247.224.115 - - [16/Feb/2013:17:17:46 +0100] "GET /js_contentserver24_greybox/header_bg.gif HTTP/1.1" 200 1188 "http://www.mink-gmbh.de/" "Mozilla/5.0 (Windows NT 6.1; WOW64; rv:18.0) Gecko/20100101 Firefox/18.0"
89.247.224.115 - - [16/Feb/2013:17:17:46 +0100] "GET /js_contentserver24_greybox/indicator.gif HTTP/1.1" 200 8238 "http://www.mink-gmbh.de/js_contentserver24_greybox/loader_frame.html?s=0" "Mozilla/5.0 (Windows NT 6.1; WOW64; rv:18.0) Gecko/20100101 Firefox/18.0"
89.247.224.115 - - [16/Feb/2013:17:17:48 +0100] "GET /js_contentserver24_greybox/g_close.gif HTTP/1.1" 200 541 "http://www.mink-gmbh.de/" "Mozilla/5.0 (Windows NT 6.1; WOW64; rv:18.0) Gecko/20100101 Firefox/18.0"
89.247.224.115 - - [16/Feb/2013:17:18:44 +0100] "GET /preisanfrage.php HTTP/1.1" 200 10647 "http://www.mink-gmbh.de/" "Mozilla/5.0 (Windows NT 6.1; WOW64; rv:18.0) Gecko/20100101 Firefox/18.0"
89.247.224.115 - - [16/Feb/2013:17:19:05 +0100] "POST /preisanfrage.php HTTP/1.1" 200 10814 "http://www.mink-gmbh.de/preisanfrage.php" "Mozilla/5.0 (Windows NT 6.1; WOW64; rv:18.0) Gecko/20100101 Firefox/18.0"
89.247.224.115 - - [16/Feb/2013:17:19:13 +0100] "GET /preisanfrage.php HTTP/1.1" 200 10647 "http://www.mink-gmbh.de/" "Mozilla/5.0 (Windows NT 6.1; WOW64; rv:18.0) Gecko/20100101 Firefox/18.0"
89.247.224.115 - - [16/Feb/2013:17:19:15 +0100] "GET / HTTP/1.1" 200 14616 "http://www.google.de/url?sa=t&rct=j&q=&esrc=s&source=web&cd=1&sqi=2&ved=0CDAQFjAA&url=http%3A%2F%2Fwww.mink-gmbh.de%2F&ei=1LAfUfKyB4jEsgbltoGoDQ&usg=AFQjCNFHX4Iglls9oo-KYXTmDUV_5KOVIg" "Mozilla/5.0 (Windows NT 6.1; WOW64; rv:18.0) Gecko/20100101 Firefox/18.0"
130.83.167.153 - - [16/Feb/2013:17:37:21 +0100] "GET /news.php?cs_go=archiv&cs_id=3812&cs_search= HTTP/1.1" 200 6992 "-" "findlinks/2.6 (+http://wortschatz.uni-leipzig.de/findlinks/)"
130.83.167.153 - - [16/Feb/2013:17:37:22 +0100] "GET /news.php?cs_go=archiv&cs_id=3812&cs_search= HTTP/1.1" 200 13276 "-" "findlinks/2.6 (+http://wortschatz.uni-leipzig.de/findlinks/)"
208.115.111.75 - - [16/Feb/2013:18:38:32 +0100] "GET /robots.txt HTTP/1.1" 200 177 "-" "Mozilla/5.0 (compatible; Ezooms/1.0; ezooms.bot@gmail.com)"
66.249.74.49 - - [16/Feb/2013:18:54:24 +0100] "GET /optiplus.php HTTP/1.1" 200 11100 "-" "SAMSUNG-SGH-E250/1.0 Profile/MIDP-2.0 Configuration/CLDC-1.1 UP.Browser/6.2.3.3.c.1.101 (GUI) MMP/2.0 (compatible; Googlebot-Mobile/2.1; +http://www.google.com/bot.html)"
208.115.111.75 - - [16/Feb/2013:19:01:37 +0100] "GET / HTTP/1.1" 200 15357 "-" "Mozilla/5.0 (compatible; Ezooms/1.0; ezooms.bot@gmail.com)"
65.36.241.79 - - [16/Feb/2013:19:13:44 +0100] "HEAD / HTTP/1.1" 200 - "-" "InternetSeer.com"
93.63.195.11 - - [16/Feb/2013:19:26:56 +0100] "GET /robots.txt HTTP/1.0" 200 177 "-" "Mozilla/5.0 (compatible; MJ12bot/v1.4.3; http://www.majestic12.co.uk/bot.php?+)"
93.63.195.11 - - [16/Feb/2013:19:27:00 +0100] "GET /edl.php HTTP/1.1" 200 10801 "-" "Mozilla/5.0 (compatible; MJ12bot/v1.4.3; http://www.majestic12.co.uk/bot.php?+)"
93.63.195.11 - - [16/Feb/2013:19:27:02 +0100] "GET /energiesparcheck.php HTTP/1.1" 200 13581 "-" "Mozilla/5.0 (compatible; MJ12bot/v1.4.3; http://www.majestic12.co.uk/bot.php?+)"
93.63.195.11 - - [16/Feb/2013:19:27:03 +0100] "GET /faq.php HTTP/1.1" 200 197188 "-" "Mozilla/5.0 (compatible; MJ12bot/v1.4.3; http://www.majestic12.co.uk/bot.php?+)"
93.63.195.11 - - [16/Feb/2013:19:27:06 +0100] "GET /foerdermittel.php HTTP/1.1" 200 12908 "-" "Mozilla/5.0 (compatible; MJ12bot/v1.4.3; http://www.majestic12.co.uk/bot.php?+)"
93.63.195.11 - - [16/Feb/2013:19:27:08 +0100] "GET /lexikon.php HTTP/1.1" 200 10523 "-" "Mozilla/5.0 (compatible; MJ12bot/v1.4.3; http://www.majestic12.co.uk/bot.php?+)"
93.63.195.11 - - [16/Feb/2013:19:27:10 +0100] "GET /modernisierung.php HTTP/1.1" 200 11578 "-" "Mozilla/5.0 (compatible; MJ12bot/v1.4.3; http://www.majestic12.co.uk/bot.php?+)"
93.63.195.11 - - [16/Feb/2013:19:27:12 +0100] "GET /news.php?cs_go=archiv&cs_id=3928 HTTP/1.1" 200 9891 "-" "Mozilla/5.0 (compatible; MJ12bot/v1.4.3; http://www.majestic12.co.uk/bot.php?+)"
82.94.176.164 - - [16/Feb/2013:19:39:45 +0100] "GET /jobs.php HTTP/1.1" 200 10090 "-" "Mozilla/4.0 (compatible; MSIE 5.5; Windows NT)"
64.56.64.136 - - [16/Feb/2013:19:59:57 +0100] "GET /robots.txt HTTP/1.0" 200 177 "-" "Mozilla/5.0 (compatible; MJ12bot/v1.4.3; http://www.majestic12.co.uk/bot.php?+)"
64.56.64.136 - - [16/Feb/2013:20:00:01 +0100] "GET /news.php?cs_go=archiv&cs_id=3938 HTTP/1.0" 200 9838 "-" "Mozilla/5.0 (compatible; MJ12bot/v1.4.3; http://www.majestic12.co.uk/bot.php?+)"
64.56.64.136 - - [16/Feb/2013:20:00:06 +0100] "GET /news.php?cs_go=archiv&cs_id=3939 HTTP/1.0" 200 10245 "-" "Mozilla/5.0 (compatible; MJ12bot/v1.4.3; http://www.majestic12.co.uk/bot.php?+)"
64.56.64.136 - - [16/Feb/2013:20:00:08 +0100] "GET /news.php?cs_go=archiv&cs_id=3940 HTTP/1.0" 200 9881 "-" "Mozilla/5.0 (compatible; MJ12bot/v1.4.3; http://www.majestic12.co.uk/bot.php?+)"
130.83.167.153 - - [16/Feb/2013:20:05:14 +0100] "GET /news.php?cs_go=archiv&cs_id=3744&cs_search= HTTP/1.1" 200 6992 "-" "findlinks/2.6 (+http://wortschatz.uni-leipzig.de/findlinks/)"
130.83.167.153 - - [16/Feb/2013:20:05:14 +0100] "GET /news.php?cs_go=archiv&cs_id=3744&cs_search= HTTP/1.1" 200 12110 "-" "findlinks/2.6 (+http://wortschatz.uni-leipzig.de/findlinks/)"
208.115.111.75 - - [16/Feb/2013:20:37:20 +0100] "GET /news.php?cs_go=archiv&cs_startpos=190 HTTP/1.1" 200 22925 "-" "Mozilla/5.0 (compatible; Ezooms/1.0; ezooms.bot@gmail.com)"
5.9.7.208 - - [16/Feb/2013:20:37:50 +0100] "GET /robots.txt HTTP/1.0" 200 177 "-" "Mozilla/5.0 (compatible; MJ12bot/v1.4.3; http://www.majestic12.co.uk/bot.php?+)"
5.9.7.208 - - [16/Feb/2013:20:38:00 +0100] "GET /news.php?cs_go=archiv&cs_id=3941 HTTP/1.0" 200 9804 "-" "Mozilla/5.0 (compatible; MJ12bot/v1.4.3; http://www.majestic12.co.uk/bot.php?+)"
5.9.7.208 - - [16/Feb/2013:20:38:15 +0100] "GET /news.php?cs_go=archiv&cs_id=3942 HTTP/1.0" 200 12754 "-" "Mozilla/5.0 (compatible; MJ12bot/v1.4.3; http://www.majestic12.co.uk/bot.php?+)"
5.9.7.208 - - [16/Feb/2013:20:38:28 +0100] "GET /news.php?cs_go=archiv&cs_id=3943 HTTP/1.0" 200 12849 "-" "Mozilla/5.0 (compatible; MJ12bot/v1.4.3; http://www.majestic12.co.uk/bot.php?+)"
5.9.7.208 - - [16/Feb/2013:20:39:55 +0100] "GET /robots.txt HTTP/1.0" 200 177 "-" "Mozilla/5.0 (compatible; MJ12bot/v1.4.3; http://www.majestic12.co.uk/bot.php?+)"
5.9.7.208 - - [16/Feb/2013:20:40:07 +0100] "GET /news.php?cs_go=archiv&cs_id=3944 HTTP/1.0" 200 13649 "-" "Mozilla/5.0 (compatible; MJ12bot/v1.4.3; http://www.majestic12.co.uk/bot.php?+)"
66.249.74.49 - - [16/Feb/2013:21:42:07 +0100] "GET /news.php?cs_go=archiv&cs_id=3926 HTTP/1.1" 200 13063 "-" "SAMSUNG-SGH-E250/1.0 Profile/MIDP-2.0 Configuration/CLDC-1.1 UP.Browser/6.2.3.3.c.1.101 (GUI) MMP/2.0 (compatible; Googlebot-Mobile/2.1; +http://www.google.com/bot.html)"
84.60.198.193 - - [16/Feb/2013:22:36:08 +0100] "POST / HTTP/1.1" 404 - "-" "Mozilla/5.0 (Windows; U; Windows NT 5.1; de; rv:1.9.2.13) Gecko/20101203 Firefox/3.6.13Referer: http://www.werkplaats-kantoorunits.de"
66.249.74.49 - - [16/Feb/2013:22:47:43 +0100] "GET /news.php?cs_go=archiv&cs_id=3838 HTTP/1.1" 200 12156 "-" "SAMSUNG-SGH-E250/1.0 Profile/MIDP-2.0 Configuration/CLDC-1.1 UP.Browser/6.2.3.3.c.1.101 (GUI) MMP/2.0 (compatible; Googlebot-Mobile/2.1; +http://www.google.com/bot.html)"
66.249.78.46 - - [16/Feb/2013:22:58:33 +0100] "GET /lexikon.php?cs_go=3&cs_id=10 HTTP/1.1" 200 8557 "-" "Mozilla/5.0 (compatible; Googlebot/2.1; +http://www.google.com/bot.html)"
66.249.74.49 - - [16/Feb/2013:23:45:28 +0100] "GET /lexikon.php?cs_go=3&cs_id=125 HTTP/1.1" 200 8979 "-" "Mozilla/5.0 (compatible; Googlebot/2.1; +http://www.google.com/bot.html)"
85.13.131.53 - - [16/Feb/2013:23:50:19 +0100] "GET / HTTP/1.0" 200 6440 "-" "-"
85.13.131.53 - - [16/Feb/2013:23:50:20 +0100] "GET / HTTP/1.0" 200 3409 "-" "-"
65.36.241.79 - - [16/Feb/2013:23:57:32 +0100] "HEAD / HTTP/1.1" 200 - "-" "InternetSeer.com"
208.115.113.91 - - [17/Feb/2013:00:44:35 +0100] "GET /robots.txt HTTP/1.1" 200 177 "-" "Mozilla/5.0 (compatible; Ezooms/1.0; ezooms.bot@gmail.com)"
123.125.71.113 - - [17/Feb/2013:01:25:22 +0100] "GET /index.php HTTP/1.1" 200 15357 "-" "Mozilla/5.0 (compatible; Baiduspider/2.0; +http://www.baidu.com/search/spider.html)"
123.125.71.109 - - [17/Feb/2013:01:25:23 +0100] "GET / HTTP/1.1" 200 15357 "-" "Mozilla/5.0 (compatible; Baiduspider/2.0; +http://www.baidu.com/search/spider.html)"
139.18.2.209 - - [17/Feb/2013:01:40:15 +0100] "GET /news.php?cs_go=archiv&cs_startpos=40 HTTP/1.1" 200 6992 "-" "findlinks/2.6 (+http://wortschatz.uni-leipzig.de/findlinks/)"
139.18.2.209 - - [17/Feb/2013:01:40:15 +0100] "GET /news.php?cs_go=archiv&cs_startpos=40 HTTP/1.1" 200 22749 "-" "findlinks/2.6 (+http://wortschatz.uni-leipzig.de/findlinks/)"
119.63.196.93 - - [17/Feb/2013:01:52:33 +0100] "GET / HTTP/1.1" 200 15357 "-" "Mozilla/5.0 (compatible; Baiduspider/2.0; +http://www.baidu.com/search/spider.html)"
66.249.78.46 - - [17/Feb/2013:02:06:10 +0100] "GET /news.php?cs_go=archiv&cs_id=2851&cs_search= HTTP/1.1" 200 15029 "-" "Mozilla/5.0 (compatible; Googlebot/2.1; +http://www.google.com/bot.html)"
66.249.74.49 - - [17/Feb/2013:02:10:57 +0100] "GET /news.php?cs_go=archiv&cs_id=3548 HTTP/1.1" 200 9873 "-" "Mozilla/5.0 (compatible; Googlebot/2.1; +http://www.google.com/bot.html)"
66.249.74.49 - - [17/Feb/2013:02:20:20 +0100] "GET /news.php?cs_go=archiv&cs_id=3547 HTTP/1.1" 200 13336 "-" "Mozilla/5.0 (compatible; Googlebot/2.1; +http://www.google.com/bot.html)"
66.249.78.46 - - [17/Feb/2013:02:38:47 +0100] "GET /news.php?cs_go=archiv&cs_id=3808 HTTP/1.1" 200 13450 "-" "Mozilla/5.0 (compatible; Googlebot/2.1; +http://www.google.com/bot.html)"
66.249.74.49 - - [17/Feb/2013:02:40:33 +0100] "GET /news.php HTTP/1.1" 200 22029 "-" "DoCoMo/2.0 N905i(c100;TB;W24H16) (compatible; Googlebot-Mobile/2.1; +http://www.google.com/bot.html)"
66.249.74.49 - - [17/Feb/2013:02:43:16 +0100] "GET /news.php?cs_go=archiv&cs_id=3807 HTTP/1.1" 200 10071 "-" "Mozilla/5.0 (compatible; Googlebot/2.1; +http://www.google.com/bot.html)"
208.115.113.91 - - [17/Feb/2013:02:46:22 +0100] "GET /news.php?cs_go=archiv&cs_id=3827&cs_search= HTTP/1.1" 200 12637 "-" "Mozilla/5.0 (compatible; Ezooms/1.0; ezooms.bot@gmail.com)"
66.249.74.49 - - [17/Feb/2013:02:47:50 +0100] "GET /lexikon.php?cs_go=3&cs_id=20 HTTP/1.1" 200 8978 "-" "Mozilla/5.0 (compatible; Googlebot/2.1; +http://www.google.com/bot.html)"
66.249.78.46 - - [17/Feb/2013:02:57:11 +0100] "GET /news.php?cs_go=archiv&cs_id=3778 HTTP/1.1" 200 10011 "-" "Mozilla/5.0 (compatible; Googlebot/2.1; +http://www.google.com/bot.html)"
66.249.78.46 - - [17/Feb/2013:03:01:54 +0100] "GET /news.php?cs_go=archiv&cs_id=3377 HTTP/1.1" 200 13330 "-" "Mozilla/5.0 (compatible; Googlebot/2.1; +http://www.google.com/bot.html)"
91.121.81.175 - - [17/Feb/2013:03:35:34 +0100] "GET /robots.txt HTTP/1.0" 200 177 "-" "Mozilla/5.0 (compatible; MJ12bot/v1.4.3; http://www.majestic12.co.uk/bot.php?+)"
91.121.81.175 - - [17/Feb/2013:03:35:35 +0100] "GET /news.php?cs_go=archiv&cs_id=3941 HTTP/1.0" 200 9804 "-" "Mozilla/5.0 (compatible; MJ12bot/v1.4.3; http://www.majestic12.co.uk/bot.php?+)"
91.121.81.175 - - [17/Feb/2013:03:35:37 +0100] "GET /news.php?cs_go=archiv&cs_id=3942 HTTP/1.0" 200 12754 "-" "Mozilla/5.0 (compatible; MJ12bot/v1.4.3; http://www.majestic12.co.uk/bot.php?+)"
91.121.81.175 - - [17/Feb/2013:03:35:38 +0100] "GET /news.php?cs_go=archiv&cs_id=3943 HTTP/1.0" 200 12849 "-" "Mozilla/5.0 (compatible; MJ12bot/v1.4.3; http://www.majestic12.co.uk/bot.php?+)"
91.121.81.175 - - [17/Feb/2013:03:35:40 +0100] "GET /news.php?cs_go=archiv&cs_id=3944 HTTP/1.0" 200 13649 "-" "Mozilla/5.0 (compatible; MJ12bot/v1.4.3; http://www.majestic12.co.uk/bot.php?+)"
66.249.74.49 - - [17/Feb/2013:03:51:00 +0100] "GET /news.php?cs_go=archiv&cs_id=3781 HTTP/1.1" 200 11328 "-" "DoCoMo/2.0 N905i(c100;TB;W24H16) (compatible; Googlebot-Mobile/2.1; +http://www.google.com/bot.html)"
68.47.129.55 - - [17/Feb/2013:04:00:33 +0100] "GET /robots.txt HTTP/1.1" 200 177 "-" "Mozilla/5.0 (compatible; CompSpyBot/1.0; +http://www.compspy.com/spider.html)"
66.249.74.49 - - [17/Feb/2013:04:07:51 +0100] "GET /news.php?cs_go=archiv&cs_id=2868&cs_search= HTTP/1.1" 200 10230 "-" "Mozilla/5.0 (compatible; Googlebot/2.1; +http://www.google.com/bot.html)"
66.249.78.46 - - [17/Feb/2013:04:21:48 +0100] "GET /news.php?cs_go=archiv&cs_id=3740 HTTP/1.1" 200 12081 "-" "Mozilla/5.0 (compatible; Googlebot/2.1; +http://www.google.com/bot.html)"
65.36.241.79 - - [17/Feb/2013:04:42:39 +0100] "HEAD / HTTP/1.1" 200 - "-" "InternetSeer.com"
66.249.78.46 - - [17/Feb/2013:04:53:59 +0100] "GET /news.php?cs_go=archiv&cs_id=3433 HTTP/1.1" 200 9888 "-" "Mozilla/5.0 (compatible; Googlebot/2.1; +http://www.google.com/bot.html)"
5.9.7.208 - - [17/Feb/2013:05:15:17 +0100] "GET /robots.txt HTTP/1.0" 200 177 "-" "Mozilla/5.0 (compatible; MJ12bot/v1.4.3; http://www.majestic12.co.uk/bot.php?+)"
5.9.7.208 - - [17/Feb/2013:05:15:53 +0100] "GET /news.php?cs_go=archiv&cs_id=3941 HTTP/1.0" 200 9804 "-" "Mozilla/5.0 (compatible; MJ12bot/v1.4.3; http://www.majestic12.co.uk/bot.php?+)"
5.9.7.208 - - [17/Feb/2013:05:16:13 +0100] "GET /news.php?cs_go=archiv&cs_id=3942 HTTP/1.0" 200 12754 "-" "Mozilla/5.0 (compatible; MJ12bot/v1.4.3; http://www.majestic12.co.uk/bot.php?+)"
5.9.7.208 - - [17/Feb/2013:05:16:26 +0100] "GET /news.php?cs_go=archiv&cs_id=3943 HTTP/1.0" 200 12849 "-" "Mozilla/5.0 (compatible; MJ12bot/v1.4.3; http://www.majestic12.co.uk/bot.php?+)"
5.9.7.208 - - [17/Feb/2013:05:16:38 +0100] "GET /news.php?cs_go=archiv&cs_id=3944 HTTP/1.0" 200 13649 "-" "Mozilla/5.0 (compatible; MJ12bot/v1.4.3; http://www.majestic12.co.uk/bot.php?+)"
66.249.78.46 - - [17/Feb/2013:06:15:42 +0100] "GET /lexikon.php?cs_go=3&cs_id=72 HTTP/1.1" 200 9400 "-" "Mozilla/5.0 (compatible; Googlebot/2.1; +http://www.google.com/bot.html)"
66.249.74.49 - - [17/Feb/2013:06:30:46 +0100] "GET /lexikon.php?cs_go=3&cs_id=25 HTTP/1.1" 200 8404 "-" "Mozilla/5.0 (compatible; Googlebot/2.1; +http://www.google.com/bot.html)"
66.249.78.46 - - [17/Feb/2013:06:38:19 +0100] "GET /news.php?cs_go=archiv&cs_id=2894&cs_search= HTTP/1.1" 200 12603 "-" "Mozilla/5.0 (compatible; Googlebot/2.1; +http://www.google.com/bot.html)"
66.249.78.46 - - [17/Feb/2013:06:53:23 +0100] "GET /news.php?cs_go=archiv&cs_id=2780&cs_search= HTTP/1.1" 200 10089 "-" "Mozilla/5.0 (compatible; Googlebot/2.1; +http://www.google.com/bot.html)"
66.249.78.46 - - [17/Feb/2013:07:01:08 +0100] "GET /news.php?cs_go=archiv&cs_id=2974&cs_search= HTTP/1.1" 200 13507 "-" "Mozilla/5.0 (compatible; Googlebot/2.1; +http://www.google.com/bot.html)"
88.198.24.173 - - [17/Feb/2013:07:20:18 +0100] "GET /robots.txt HTTP/1.1" 200 177 "-" "ssearch_bot (sSearch Crawler; http://www.semantissimo.de)"
88.198.24.173 - - [17/Feb/2013:07:20:18 +0100] "GET / HTTP/1.1" 200 15357 "-" "ssearch_bot (sSearch Crawler; http://www.semantissimo.de)"
5.9.7.208 - - [17/Feb/2013:07:24:02 +0100] "GET /robots.txt HTTP/1.0" 200 177 "-" "Mozilla/5.0 (compatible; MJ12bot/v1.4.3; http://www.majestic12.co.uk/bot.php?+)"
5.9.7.208 - - [17/Feb/2013:07:24:54 +0100] "GET /news.php?cs_go=archiv&cs_id=3941 HTTP/1.0" 200 9804 "-" "Mozilla/5.0 (compatible; MJ12bot/v1.4.3; http://www.majestic12.co.uk/bot.php?+)"
5.9.7.208 - - [17/Feb/2013:07:25:05 +0100] "GET /news.php?cs_go=archiv&cs_id=3942 HTTP/1.0" 200 12754 "-" "Mozilla/5.0 (compatible; MJ12bot/v1.4.3; http://www.majestic12.co.uk/bot.php?+)"
5.9.7.208 - - [17/Feb/2013:07:25:07 +0100] "GET /news.php?cs_go=archiv&cs_id=3943 HTTP/1.0" 200 12849 "-" "Mozilla/5.0 (compatible; MJ12bot/v1.4.3; http://www.majestic12.co.uk/bot.php?+)"
5.9.7.208 - - [17/Feb/2013:07:25:19 +0100] "GET /news.php?cs_go=archiv&cs_id=3944 HTTP/1.0" 200 13649 "-" "Mozilla/5.0 (compatible; MJ12bot/v1.4.3; http://www.majestic12.co.uk/bot.php?+)"
130.83.167.153 - - [17/Feb/2013:07:36:30 +0100] "GET /agb.php HTTP/1.1" 200 14517 "-" "findlinks/2.6 (+http://wortschatz.uni-leipzig.de/findlinks/)"
130.83.167.153 - - [17/Feb/2013:07:36:30 +0100] "GET /agb.php HTTP/1.1" 200 19622 "-" "findlinks/2.6 (+http://wortschatz.uni-leipzig.de/findlinks/)"
81.30.151.218 - - [17/Feb/2013:07:40:08 +0100] "GET /lexikon.php?cs_go=3&cs_id=31 HTTP/1.1" 200 8002 "-" "Pixray-Seeker/2.0 (Pixray-Seeker; +http://www.pixray.com/pixraybot; +crawler@pixray.com)"
81.30.151.218 - - [17/Feb/2013:07:57:14 +0100] "GET /lexikon.php?cs_go=3&cs_id=165 HTTP/1.1" 200 8286 "-" "Pixray-Seeker/2.0 (Pixray-Seeker; +http://www.pixray.com/pixraybot; +crawler@pixray.com)"
66.249.78.46 - - [17/Feb/2013:08:01:14 +0100] "GET /news.php?cs_go=archiv&cs_id=2783 HTTP/1.1" 200 14321 "-" "Mozilla/5.0 (compatible; Googlebot/2.1; +http://www.google.com/bot.html)"
139.18.2.209 - - [17/Feb/2013:08:04:14 +0100] "GET /additive.php HTTP/1.1" 200 6302 "-" "findlinks/2.6 (+http://wortschatz.uni-leipzig.de/findlinks/)"
139.18.2.209 - - [17/Feb/2013:08:04:15 +0100] "GET /additive.php HTTP/1.1" 200 8285 "-" "findlinks/2.6 (+http://wortschatz.uni-leipzig.de/findlinks/)"
5.9.88.119 - - [17/Feb/2013:08:04:59 +0100] "GET /preisanfrage.php?cs_go=archiv&cs_id=3905 HTTP/1.1" 200 10734 "-" "Mozilla/5.0 (compatible; Infohelfer/1.3.3; +http://www.infohelfer.de/crawler.php)"
37.29.88.219 - - [17/Feb/2013:08:15:57 +0100] "GET /images/freecall.jpg HTTP/1.1" 200 39195 "http://images.yandex.ru/yandsearch?p=2&text=freecall&noreask=1&pos=80&rpt=simage&lr=11499&img_url=http%3A%2F%2Fwww.mink-gmbh.de%2Fimages%2Ffreecall.jpg" "Mozilla/5.0 (Macintosh; Intel Mac OS X 10_7_2) AppleWebKit/534.51.22 (KHTML, like Gecko) Version/5.1.1 Safari/534.51.22"
66.249.78.46 - - [17/Feb/2013:08:16:19 +0100] "GET /news.php?cs_go=archiv&cs_id=2820 HTTP/1.1" 200 14254 "-" "Mozilla/5.0 (compatible; Googlebot/2.1; +http://www.google.com/bot.html)"
66.249.74.49 - - [17/Feb/2013:08:57:47 +0100] "GET /impressum.php HTTP/1.1" 200 8582 "-" "Mozilla/5.0 (iPhone; U; CPU iPhone OS 4_1 like Mac OS X; en-us) AppleWebKit/532.9 (KHTML, like Gecko) Version/4.0.5 Mobile/8B117 Safari/6531.22.7 (compatible; Googlebot-Mobile/2.1; +http://www.google.com/bot.html)"
66.249.78.46 - - [17/Feb/2013:09:01:33 +0100] "GET /lexikon.php?cs_go=3&cs_id=97 HTTP/1.1" 200 11491 "-" "Mozilla/5.0 (compatible; Googlebot/2.1; +http://www.google.com/bot.html)"
66.249.78.46 - - [17/Feb/2013:09:08:04 +0100] "GET /style.css HTTP/1.1" 200 8418 "-" "Mozilla/5.0 (compatible; Googlebot/2.1; +http://www.google.com/bot.html)"
66.249.78.46 - - [17/Feb/2013:09:08:05 +0100] "GET /modul.css HTTP/1.1" 200 35038 "-" "Mozilla/5.0 (compatible; Googlebot/2.1; +http://www.google.com/bot.html)"
92.198.65.145 - - [17/Feb/2013:09:46:41 +0100] "HEAD / HTTP/1.1" 200 - "-" "Mozilla/5.0 (Windows; U; Windows NT 5.1; rv:1.7.3) Gecko/20041001 Firefox/0.10.1"
66.35.60.122 - - [17/Feb/2013:09:46:41 +0100] "GET / HTTP/1.1" 200 15357 "-" "Mozilla/5.0 (Windows; U; Windows NT 6.0; en-US; rv:1.9.2.3) Gecko/20100401 Firefox/3.6.3 (.NET CLR 3.5.30729)"
208.115.111.75 - - [17/Feb/2013:10:37:15 +0100] "GET /robots.txt HTTP/1.1" 200 177 "-" "Mozilla/5.0 (compatible; Ezooms/1.0; ezooms.bot@gmail.com)"
65.36.241.79 - - [17/Feb/2013:11:07:49 +0100] "HEAD / HTTP/1.1" 200 - "-" "InternetSeer.com"
188.102.19.71 - - [17/Feb/2013:11:18:49 +0100] "GET / HTTP/1.1" 200 15357 "http://www.google.de/url?sa=t&rct=j&q=firma%20mink%20heiz%C3%B6l&source=web&cd=1&ved=0CDwQFjAA&url=http%3A%2F%2Fwww.mink-gmbh.de%2F&ei=Kq4gUdO8FYeYtQbI7IDoDA&usg=AFQjCNFHX4Iglls9oo-KYXTmDUV_5KOVIg&bvm=bv.42553238,d.Yms" "Mozilla/5.0 (compatible; MSIE 9.0; Windows NT 6.1; WOW64; Trident/5.0)"
188.102.19.71 - - [17/Feb/2013:11:18:50 +0100] "GET /modul.css HTTP/1.1" 200 35038 "http://www.mink-gmbh.de/" "Mozilla/5.0 (compatible; MSIE 9.0; Windows NT 6.1; WOW64; Trident/5.0)"
188.102.19.71 - - [17/Feb/2013:11:18:50 +0100] "GET /style.css HTTP/1.1" 200 8418 "http://www.mink-gmbh.de/" "Mozilla/5.0 (compatible; MSIE 9.0; Windows NT 6.1; WOW64; Trident/5.0)"
