65.36.241.79 - - [02/Feb/2013:07:59:04 +0100] "HEAD / HTTP/1.1" 200 - "-" "InternetSeer.com"
66.249.76.46 - - [02/Feb/2013:08:06:13 +0100] "GET /news.php?cs_go=archiv&cs_id=3860&cs_search= HTTP/1.1" 200 10981 "-" "DoCoMo/2.0 N905i(c100;TB;W24H16) (compatible; Googlebot-Mobile/2.1; +http://www.google.com/bot.html)"
208.115.113.91 - - [02/Feb/2013:08:34:16 +0100] "GET /robots.txt HTTP/1.1" 200 177 "-" "Mozilla/5.0 (compatible; Ezooms/1.0; ezooms.bot@gmail.com)"
139.18.2.17 - - [02/Feb/2013:08:57:37 +0100] "GET /.php HTTP/1.1" 404 - "-" "findlinks/2.6 (+http://wortschatz.uni-leipzig.de/findlinks/)"
141.8.147.1 - - [02/Feb/2013:09:16:27 +0100] "GET /lexikon.php?cs_go=3&cs_id=142 HTTP/1.1" 200 8581 "-" "Mozilla/5.0 (compatible; YandexBot/3.0; +http://yandex.com/bots)"
66.249.76.46 - - [02/Feb/2013:09:20:05 +0100] "GET /kontakt.php HTTP/1.1" 200 9198 "-" "Mozilla/5.0 (iPhone; U; CPU iPhone OS 4_1 like Mac OS X; en-us) AppleWebKit/532.9 (KHTML, like Gecko) Version/4.0.5 Mobile/8B117 Safari/6531.22.7 (compatible; Googlebot-Mobile/2.1; +http://www.google.com/bot.html)"
66.249.76.46 - - [02/Feb/2013:09:34:25 +0100] "GET /modul.css HTTP/1.1" 200 35038 "-" "Mozilla/5.0 (compatible; Googlebot/2.1; +http://www.google.com/bot.html)"
66.249.76.46 - - [02/Feb/2013:09:34:26 +0100] "GET /style.css HTTP/1.1" 200 8418 "-" "Mozilla/5.0 (compatible; Googlebot/2.1; +http://www.google.com/bot.html)"
66.249.76.46 - - [02/Feb/2013:10:17:23 +0100] "GET /kwk.php?cs_go=1 HTTP/1.1" 200 10884 "-" "SAMSUNG-SGH-E250/1.0 Profile/MIDP-2.0 Configuration/CLDC-1.1 UP.Browser/6.2.3.3.c.1.101 (GUI) MMP/2.0 (compatible; Googlebot-Mobile/2.1; +http://www.google.com/bot.html)"
141.8.147.1 - - [02/Feb/2013:10:22:36 +0100] "GET /news.php?cs_go=archiv&cs_id=3886 HTTP/1.1" 200 9814 "-" "Mozilla/5.0 (compatible; YandexBot/3.0; +http://yandex.com/bots)"
208.115.111.75 - - [02/Feb/2013:10:34:49 +0100] "GET /robots.txt HTTP/1.1" 200 177 "-" "Mozilla/5.0 (compatible; Ezooms/1.0; ezooms.bot@gmail.com)"
173.199.119.43 - - [02/Feb/2013:10:47:09 +0100] "GET /lexikon.php?cs_go=3&cs_id=185 HTTP/1.1" 200 8346 "-" "Mozilla/5.0 (compatible; AhrefsBot/4.0; +http://ahrefs.com/robot/)"
208.115.113.91 - - [02/Feb/2013:10:57:12 +0100] "GET /news.php?cs_go=archiv&cs_startpos=1080 HTTP/1.1" 200 8126 "-" "Mozilla/5.0 (compatible; Ezooms/1.0; ezooms.bot@gmail.com)"
130.83.167.153 - - [02/Feb/2013:11:06:15 +0100] "GET /wunschpreis.php HTTP/1.1" 200 5177 "-" "findlinks/2.6 (+http://wortschatz.uni-leipzig.de/findlinks/)"
130.83.167.153 - - [02/Feb/2013:11:06:15 +0100] "GET /wunschpreis.php HTTP/1.1" 200 11997 "-" "findlinks/2.6 (+http://wortschatz.uni-leipzig.de/findlinks/)"
141.8.147.1 - - [02/Feb/2013:11:17:15 +0100] "GET /news.php?cs_go=archiv&cs_id=3888 HTTP/1.1" 200 13349 "-" "Mozilla/5.0 (compatible; YandexBot/3.0; +http://yandex.com/bots)"
173.199.119.43 - - [02/Feb/2013:11:17:40 +0100] "GET /news.php?cs_go=archiv&cs_id=3898 HTTP/1.1" 200 9937 "-" "Mozilla/5.0 (compatible; AhrefsBot/4.0; +http://ahrefs.com/robot/)"
141.8.147.1 - - [02/Feb/2013:12:00:28 +0100] "GET /news.php?cs_go=archiv&cs_startpos=171 HTTP/1.1" 200 22989 "-" "Mozilla/5.0 (compatible; YandexBot/3.0; +http://yandex.com/bots)"
130.83.167.153 - - [02/Feb/2013:12:11:30 +0100] "GET /edl.php HTTP/1.1" 200 7035 "-" "findlinks/2.6 (+http://wortschatz.uni-leipzig.de/findlinks/)"
130.83.167.153 - - [02/Feb/2013:12:11:30 +0100] "GET /edl.php HTTP/1.1" 200 10714 "-" "findlinks/2.6 (+http://wortschatz.uni-leipzig.de/findlinks/)"
85.178.129.194 - - [02/Feb/2013:12:24:08 +0100] "GET /style.css HTTP/1.1" 200 8418 "http://www.mink-gmbh.de/" "Mozilla/5.0 (Macintosh; Intel Mac OS X 10_6_8) AppleWebKit/534.57.2 (KHTML, like Gecko) Version/5.1.7 Safari/534.57.2"
85.178.129.194 - - [02/Feb/2013:12:24:08 +0100] "GET /modul.css HTTP/1.1" 200 35038 "http://www.mink-gmbh.de/" "Mozilla/5.0 (Macintosh; Intel Mac OS X 10_6_8) AppleWebKit/534.57.2 (KHTML, like Gecko) Version/5.1.7 Safari/534.57.2"
85.178.129.194 - - [02/Feb/2013:12:24:08 +0100] "GET /js_contentserver24_greybox/AJS.js HTTP/1.1" 200 10396 "http://www.mink-gmbh.de/" "Mozilla/5.0 (Macintosh; Intel Mac OS X 10_6_8) AppleWebKit/534.57.2 (KHTML, like Gecko) Version/5.1.7 Safari/534.57.2"
85.178.129.194 - - [02/Feb/2013:12:24:08 +0100] "GET /js_contentserver24_greybox/gb_styles.css HTTP/1.1" 200 2302 "http://www.mink-gmbh.de/" "Mozilla/5.0 (Macintosh; Intel Mac OS X 10_6_8) AppleWebKit/534.57.2 (KHTML, like Gecko) Version/5.1.7 Safari/534.57.2"
85.178.129.194 - - [02/Feb/2013:12:24:08 +0100] "GET /js_contentserver24_greybox/gb_scripts.js HTTP/1.1" 200 11913 "http://www.mink-gmbh.de/" "Mozilla/5.0 (Macintosh; Intel Mac OS X 10_6_8) AppleWebKit/534.57.2 (KHTML, like Gecko) Version/5.1.7 Safari/534.57.2"
85.178.129.194 - - [02/Feb/2013:12:24:08 +0100] "GET /js_contentserver24_greybox/AJS_fx.js HTTP/1.1" 200 3192 "http://www.mink-gmbh.de/" "Mozilla/5.0 (Macintosh; Intel Mac OS X 10_6_8) AppleWebKit/534.57.2 (KHTML, like Gecko) Version/5.1.7 Safari/534.57.2"
85.178.129.194 - - [02/Feb/2013:12:24:08 +0100] "GET /images/bg.jpg HTTP/1.1" 200 345 "http://www.mink-gmbh.de/" "Mozilla/5.0 (Macintosh; Intel Mac OS X 10_6_8) AppleWebKit/534.57.2 (KHTML, like Gecko) Version/5.1.7 Safari/534.57.2"
85.178.129.194 - - [02/Feb/2013:12:24:08 +0100] "GET /images/tkw.jpg HTTP/1.1" 200 64031 "http://www.mink-gmbh.de/" "Mozilla/5.0 (Macintosh; Intel Mac OS X 10_6_8) AppleWebKit/534.57.2 (KHTML, like Gecko) Version/5.1.7 Safari/534.57.2"
85.178.129.194 - - [02/Feb/2013:12:24:08 +0100] "GET /images/close.png HTTP/1.1" 200 703 "http://www.mink-gmbh.de/" "Mozilla/5.0 (Macintosh; Intel Mac OS X 10_6_8) AppleWebKit/534.57.2 (KHTML, like Gecko) Version/5.1.7 Safari/534.57.2"
85.178.129.194 - - [02/Feb/2013:12:24:08 +0100] "GET /js_contentserver24_greybox/w_close.gif HTTP/1.1" 200 74 "http://www.mink-gmbh.de/" "Mozilla/5.0 (Macintosh; Intel Mac OS X 10_6_8) AppleWebKit/534.57.2 (KHTML, like Gecko) Version/5.1.7 Safari/534.57.2"
85.178.129.194 - - [02/Feb/2013:12:24:08 +0100] "GET /images/newsletter.png HTTP/1.1" 200 14619 "http://www.mink-gmbh.de/" "Mozilla/5.0 (Macintosh; Intel Mac OS X 10_6_8) AppleWebKit/534.57.2 (KHTML, like Gecko) Version/5.1.7 Safari/534.57.2"
85.178.129.194 - - [02/Feb/2013:12:24:08 +0100] "GET /images/newsletter_bg.jpg HTTP/1.1" 200 33610 "http://www.mink-gmbh.de/" "Mozilla/5.0 (Macintosh; Intel Mac OS X 10_6_8) AppleWebKit/534.57.2 (KHTML, like Gecko) Version/5.1.7 Safari/534.57.2"
85.178.129.194 - - [02/Feb/2013:12:24:08 +0100] "GET /images/wrapperbg.jpg HTTP/1.1" 200 27465 "http://www.mink-gmbh.de/" "Mozilla/5.0 (Macintosh; Intel Mac OS X 10_6_8) AppleWebKit/534.57.2 (KHTML, like Gecko) Version/5.1.7 Safari/534.57.2"
85.178.129.194 - - [02/Feb/2013:12:24:08 +0100] "GET /images/header.jpg HTTP/1.1" 200 24413 "http://www.mink-gmbh.de/" "Mozilla/5.0 (Macintosh; Intel Mac OS X 10_6_8) AppleWebKit/534.57.2 (KHTML, like Gecko) Version/5.1.7 Safari/534.57.2"
85.178.129.194 - - [02/Feb/2013:12:24:07 +0100] "GET / HTTP/1.1" 200 15365 "http://www.google.de/url?sa=t&rct=j&q=mink%20heiz%C3%B6l&source=web&cd=1&ved=0CEMQFjAA&url=http%3A%2F%2Fwww.mink-gmbh.de%2F&ei=CfcMUdDcOIeRswam34GIDg&usg=AFQjCNFHX4Iglls9oo-KYXTmDUV_5KOVIg&bvm=bv.41867550,d.Yms" "Mozilla/5.0 (Macintosh; Intel Mac OS X 10_6_8) AppleWebKit/534.57.2 (KHTML, like Gecko) Version/5.1.7 Safari/534.57.2"
85.178.129.194 - - [02/Feb/2013:12:24:09 +0100] "GET /images/navibg.png HTTP/1.1" 200 2803 "http://www.mink-gmbh.de/" "Mozilla/5.0 (Macintosh; Intel Mac OS X 10_6_8) AppleWebKit/534.57.2 (KHTML, like Gecko) Version/5.1.7 Safari/534.57.2"
85.178.129.194 - - [02/Feb/2013:12:24:09 +0100] "GET /images/steigend.png HTTP/1.1" 200 688 "http://www.mink-gmbh.de/" "Mozilla/5.0 (Macintosh; Intel Mac OS X 10_6_8) AppleWebKit/534.57.2 (KHTML, like Gecko) Version/5.1.7 Safari/534.57.2"
85.178.129.194 - - [02/Feb/2013:12:24:09 +0100] "GET /js_contentserver24_greybox/loader_frame.html?s=0 HTTP/1.1" 200 2084 "http://www.mink-gmbh.de/" "Mozilla/5.0 (Macintosh; Intel Mac OS X 10_6_8) AppleWebKit/534.57.2 (KHTML, like Gecko) Version/5.1.7 Safari/534.57.2"
85.178.129.194 - - [02/Feb/2013:12:24:09 +0100] "GET /images/mobil.jpg HTTP/1.1" 200 25293 "http://www.mink-gmbh.de/" "Mozilla/5.0 (Macintosh; Intel Mac OS X 10_6_8) AppleWebKit/534.57.2 (KHTML, like Gecko) Version/5.1.7 Safari/534.57.2"
85.178.129.194 - - [02/Feb/2013:12:24:09 +0100] "GET /images/newsletter.jpg HTTP/1.1" 200 13130 "http://www.mink-gmbh.de/" "Mozilla/5.0 (Macintosh; Intel Mac OS X 10_6_8) AppleWebKit/534.57.2 (KHTML, like Gecko) Version/5.1.7 Safari/534.57.2"
85.178.129.194 - - [02/Feb/2013:12:24:09 +0100] "GET /images/freecall.jpg HTTP/1.1" 200 39195 "http://www.mink-gmbh.de/" "Mozilla/5.0 (Macintosh; Intel Mac OS X 10_6_8) AppleWebKit/534.57.2 (KHTML, like Gecko) Version/5.1.7 Safari/534.57.2"
85.178.129.194 - - [02/Feb/2013:12:24:09 +0100] "GET /images/mail.jpg HTTP/1.1" 200 11165 "http://www.mink-gmbh.de/" "Mozilla/5.0 (Macintosh; Intel Mac OS X 10_6_8) AppleWebKit/534.57.2 (KHTML, like Gecko) Version/5.1.7 Safari/534.57.2"
85.178.129.194 - - [02/Feb/2013:12:24:09 +0100] "GET /images/kwk.gif HTTP/1.1" 200 6403 "http://www.mink-gmbh.de/" "Mozilla/5.0 (Macintosh; Intel Mac OS X 10_6_8) AppleWebKit/534.57.2 (KHTML, like Gecko) Version/5.1.7 Safari/534.57.2"
85.178.129.194 - - [02/Feb/2013:12:24:09 +0100] "GET /images/wunschpreis.jpg HTTP/1.1" 200 16767 "http://www.mink-gmbh.de/" "Mozilla/5.0 (Macintosh; Intel Mac OS X 10_6_8) AppleWebKit/534.57.2 (KHTML, like Gecko) Version/5.1.7 Safari/534.57.2"
85.178.129.194 - - [02/Feb/2013:12:24:09 +0100] "GET /images/logos.jpg HTTP/1.1" 200 15002 "http://www.mink-gmbh.de/" "Mozilla/5.0 (Macintosh; Intel Mac OS X 10_6_8) AppleWebKit/534.57.2 (KHTML, like Gecko) Version/5.1.7 Safari/534.57.2"
85.178.129.194 - - [02/Feb/2013:12:24:09 +0100] "GET /images/footerbg.jpg HTTP/1.1" 200 2184 "http://www.mink-gmbh.de/" "Mozilla/5.0 (Macintosh; Intel Mac OS X 10_6_8) AppleWebKit/534.57.2 (KHTML, like Gecko) Version/5.1.7 Safari/534.57.2"
85.178.129.194 - - [02/Feb/2013:12:24:09 +0100] "GET /js_contentserver24_greybox/header_bg.gif HTTP/1.1" 200 1188 "http://www.mink-gmbh.de/" "Mozilla/5.0 (Macintosh; Intel Mac OS X 10_6_8) AppleWebKit/534.57.2 (KHTML, like Gecko) Version/5.1.7 Safari/534.57.2"
85.178.129.194 - - [02/Feb/2013:12:24:09 +0100] "GET /js_contentserver24_greybox/indicator.gif HTTP/1.1" 200 8238 "http://www.mink-gmbh.de/js_contentserver24_greybox/loader_frame.html?s=0" "Mozilla/5.0 (Macintosh; Intel Mac OS X 10_6_8) AppleWebKit/534.57.2 (KHTML, like Gecko) Version/5.1.7 Safari/534.57.2"
85.178.129.194 - - [02/Feb/2013:12:24:09 +0100] "GET /js_contentserver24_greybox/g_close.gif HTTP/1.1" 200 541 "http://www.mink-gmbh.de/" "Mozilla/5.0 (Macintosh; Intel Mac OS X 10_6_8) AppleWebKit/534.57.2 (KHTML, like Gecko) Version/5.1.7 Safari/534.57.2"
85.178.129.194 - - [02/Feb/2013:12:24:10 +0100] "GET /favicon.ico HTTP/1.1" 200 3638 "http://www.mink-gmbh.de/" "Mozilla/5.0 (Macintosh; Intel Mac OS X 10_6_8) AppleWebKit/534.57.2 (KHTML, like Gecko) Version/5.1.7 Safari/534.57.2"
85.178.129.194 - - [02/Feb/2013:12:24:24 +0100] "GET /preisanfrage.php HTTP/1.1" 200 10647 "http://www.mink-gmbh.de/" "Mozilla/5.0 (Macintosh; Intel Mac OS X 10_6_8) AppleWebKit/534.57.2 (KHTML, like Gecko) Version/5.1.7 Safari/534.57.2"
208.115.111.75 - - [02/Feb/2013:12:38:35 +0100] "GET /news.php?cs_go=archiv&cs_id=3825&cs_search= HTTP/1.1" 200 11336 "-" "Mozilla/5.0 (compatible; Ezooms/1.0; ezooms.bot@gmail.com)"
173.199.119.43 - - [02/Feb/2013:12:39:16 +0100] "GET /news.php?cs_go=archiv&cs_id=3740&cs_search= HTTP/1.1" 200 12081 "-" "Mozilla/5.0 (compatible; AhrefsBot/4.0; +http://ahrefs.com/robot/)"
141.8.147.1 - - [02/Feb/2013:12:43:37 +0100] "GET /news.php?cs_go=archiv&cs_id=3847 HTTP/1.1" 200 12028 "-" "Mozilla/5.0 (compatible; YandexBot/3.0; +http://yandex.com/bots)"
65.36.241.79 - - [02/Feb/2013:12:48:35 +0100] "HEAD / HTTP/1.1" 200 - "-" "InternetSeer.com"
141.8.147.1 - - [02/Feb/2013:13:26:11 +0100] "GET /news.php?cs_go=archiv&cs_id=3879 HTTP/1.1" 200 11074 "-" "Mozilla/5.0 (compatible; YandexBot/3.0; +http://yandex.com/bots)"
123.125.71.33 - - [02/Feb/2013:13:39:34 +0100] "GET / HTTP/1.1" 200 13308 "-" "Mozilla/5.0 (compatible; Baiduspider/2.0; +http://www.baidu.com/search/spider.html)"
220.181.108.95 - - [02/Feb/2013:13:40:07 +0100] "GET / HTTP/1.1" 200 7816 "-" "Mozilla/5.0 (compatible; Baiduspider/2.0; +http://www.baidu.com/search/spider.html)"
173.199.119.43 - - [02/Feb/2013:13:44:28 +0100] "GET /news.php?cs_go=archiv&cs_id=3897 HTTP/1.1" 200 13535 "-" "Mozilla/5.0 (compatible; AhrefsBot/4.0; +http://ahrefs.com/robot/)"
173.199.119.43 - - [02/Feb/2013:13:55:40 +0100] "GET /energiesparcheck.php HTTP/1.1" 200 13581 "-" "Mozilla/5.0 (compatible; AhrefsBot/4.0; +http://ahrefs.com/robot/)"
157.55.32.98 - - [02/Feb/2013:14:04:25 +0100] "GET /robots.txt HTTP/1.1" 200 177 "-" "Mozilla/5.0 (compatible; bingbot/2.0; +http://www.bing.com/bingbot.htm)"
157.55.32.98 - - [02/Feb/2013:14:06:00 +0100] "GET / HTTP/1.1" 200 15365 "-" "Mozilla/5.0 (compatible; bingbot/2.0; +http://www.bing.com/bingbot.htm)"
65.55.210.245 - - [02/Feb/2013:14:06:02 +0100] "GET /style.css HTTP/1.1" 200 8418 "http://www.mink-gmbh.de/" "Mozilla/5.0 (Windows NT 6.1; WOW64) AppleWebKit/534+ (KHTML, like Gecko) BingPreview/1.0b"
65.55.210.245 - - [02/Feb/2013:14:06:02 +0100] "GET /modul.css HTTP/1.1" 200 35038 "http://www.mink-gmbh.de/" "Mozilla/5.0 (Windows NT 6.1; WOW64) AppleWebKit/534+ (KHTML, like Gecko) BingPreview/1.0b"
65.55.210.245 - - [02/Feb/2013:14:06:02 +0100] "GET / HTTP/1.1" 200 15365 "-" "Mozilla/5.0 (Windows NT 6.1; WOW64) AppleWebKit/534+ (KHTML, like Gecko) BingPreview/1.0b"
65.55.210.245 - - [02/Feb/2013:14:06:03 +0100] "GET /js_contentserver24_greybox/gb_styles.css HTTP/1.1" 200 2302 "http://www.mink-gmbh.de/" "Mozilla/5.0 (Windows NT 6.1; WOW64) AppleWebKit/534+ (KHTML, like Gecko) BingPreview/1.0b"
65.55.210.245 - - [02/Feb/2013:14:06:03 +0100] "GET /js_contentserver24_greybox/AJS_fx.js HTTP/1.1" 200 3192 "http://www.mink-gmbh.de/" "Mozilla/5.0 (Windows NT 6.1; WOW64) AppleWebKit/534+ (KHTML, like Gecko) BingPreview/1.0b"
65.55.210.245 - - [02/Feb/2013:14:06:03 +0100] "GET /js_contentserver24_greybox/AJS.js HTTP/1.1" 200 10396 "http://www.mink-gmbh.de/" "Mozilla/5.0 (Windows NT 6.1; WOW64) AppleWebKit/534+ (KHTML, like Gecko) BingPreview/1.0b"
65.55.210.245 - - [02/Feb/2013:14:06:03 +0100] "GET /js_contentserver24_greybox/gb_scripts.js HTTP/1.1" 200 11913 "http://www.mink-gmbh.de/" "Mozilla/5.0 (Windows NT 6.1; WOW64) AppleWebKit/534+ (KHTML, like Gecko) BingPreview/1.0b"
65.55.210.245 - - [02/Feb/2013:14:06:04 +0100] "GET /js_contentserver24_greybox/loader_frame.html?s=0 HTTP/1.1" 200 2084 "http://www.mink-gmbh.de/" "Mozilla/5.0 (Windows NT 6.1; WOW64) AppleWebKit/534+ (KHTML, like Gecko) BingPreview/1.0b"
141.8.147.1 - - [02/Feb/2013:14:13:34 +0100] "GET /robots.txt HTTP/1.1" 200 177 "-" "Mozilla/5.0 (compatible; YandexBot/3.0; +http://yandex.com/bots)"
173.199.119.43 - - [02/Feb/2013:14:23:24 +0100] "GET /lexikon.php HTTP/1.1" 200 10523 "-" "Mozilla/5.0 (compatible; AhrefsBot/4.0; +http://ahrefs.com/robot/)"
141.8.147.1 - - [02/Feb/2013:14:43:14 +0100] "GET /news.php?cs_go=archiv&cs_startpos=510 HTTP/1.1" 200 8125 "-" "Mozilla/5.0 (compatible; YandexBot/3.0; +http://yandex.com/bots)"
81.30.151.218 - - [02/Feb/2013:14:47:43 +0100] "GET /robots.txt HTTP/1.1" 200 177 "-" "Pixray-Seeker/2.0 (Pixray-Seeker; +http://www.pixray.com/pixraybot; +crawler@pixray.com)"
81.30.151.218 - - [02/Feb/2013:14:47:43 +0100] "GET /news.php?cs_go=archiv&cs_id=3841&cs_search= HTTP/1.1" 200 9866 "-" "Pixray-Seeker/2.0 (Pixray-Seeker; +http://www.pixray.com/pixraybot; +crawler@pixray.com)"
141.8.147.1 - - [02/Feb/2013:15:22:22 +0100] "GET /news.php?cs_go=archiv&cs_id=3887 HTTP/1.1" 200 16034 "-" "Mozilla/5.0 (compatible; YandexBot/3.0; +http://yandex.com/bots)"
157.55.32.98 - - [02/Feb/2013:15:35:39 +0100] "GET /robots.txt HTTP/1.1" 200 177 "-" "Mozilla/5.0 (compatible; bingbot/2.0; +http://www.bing.com/bingbot.htm)"
157.55.32.98 - - [02/Feb/2013:15:37:32 +0100] "GET / HTTP/1.1" 200 15365 "-" "Mozilla/5.0 (compatible; bingbot/2.0; +http://www.bing.com/bingbot.htm)"
130.83.167.153 - - [02/Feb/2013:15:40:27 +0100] "GET /news.php?cs_go=archiv&cs_startpos=210 HTTP/1.1" 200 6992 "-" "findlinks/2.6 (+http://wortschatz.uni-leipzig.de/findlinks/)"
130.83.167.153 - - [02/Feb/2013:15:40:28 +0100] "GET /news.php?cs_go=archiv&cs_startpos=210 HTTP/1.1" 200 17959 "-" "findlinks/2.6 (+http://wortschatz.uni-leipzig.de/findlinks/)"
141.8.147.1 - - [02/Feb/2013:16:00:59 +0100] "GET /news.php?cs_go=archiv&cs_id=3889 HTTP/1.1" 200 9808 "-" "Mozilla/5.0 (compatible; YandexBot/3.0; +http://yandex.com/bots)"
66.249.76.46 - - [02/Feb/2013:16:11:30 +0100] "GET /news.php?cs_go=archiv&cs_id=3313&cs_search= HTTP/1.1" 200 13688 "-" "Mozilla/5.0 (compatible; Googlebot/2.1; +http://www.google.com/bot.html)"
66.249.76.46 - - [02/Feb/2013:16:19:38 +0100] "GET /news.php?cs_go=archiv&cs_id=3113&cs_search= HTTP/1.1" 200 9869 "-" "Mozilla/5.0 (compatible; Googlebot/2.1; +http://www.google.com/bot.html)"
66.249.76.46 - - [02/Feb/2013:16:23:39 +0100] "GET /news.php?cs_go=archiv&cs_id=3137 HTTP/1.1" 200 9847 "-" "Mozilla/5.0 (compatible; Googlebot/2.1; +http://www.google.com/bot.html)"
66.249.76.46 - - [02/Feb/2013:16:35:47 +0100] "GET /news.php?cs_go=archiv&cs_startpos=571 HTTP/1.1" 200 8125 "-" "Mozilla/5.0 (compatible; Googlebot/2.1; +http://www.google.com/bot.html)"
141.8.147.1 - - [02/Feb/2013:16:37:28 +0100] "GET /news.php?cs_go=archiv&cs_id=3831 HTTP/1.1" 200 13526 "-" "Mozilla/5.0 (compatible; YandexBot/3.0; +http://yandex.com/bots)"
123.125.71.35 - - [02/Feb/2013:16:39:37 +0100] "GET / HTTP/1.1" 200 15365 "-" "Mozilla/5.0 (compatible; Baiduspider/2.0; +http://www.baidu.com/search/spider.html)"
123.125.71.40 - - [02/Feb/2013:16:42:57 +0100] "GET /news.php?cs_go=archiv&cs_id=3904 HTTP/1.1" 200 14802 "-" "Mozilla/5.0 (compatible; Baiduspider/2.0; +http://www.baidu.com/search/spider.html)"
123.125.71.100 - - [02/Feb/2013:16:46:20 +0100] "GET /news.php?cs_go=archiv&cs_id=3902 HTTP/1.1" 200 9749 "-" "Mozilla/5.0 (compatible; Baiduspider/2.0; +http://www.baidu.com/search/spider.html)"
66.249.76.46 - - [02/Feb/2013:16:47:58 +0100] "GET /news.php?cs_go=archiv&cs_id=3149&cs_search= HTTP/1.1" 200 9842 "-" "Mozilla/5.0 (compatible; Googlebot/2.1; +http://www.google.com/bot.html)"
123.125.71.51 - - [02/Feb/2013:16:49:46 +0100] "GET /news.php?cs_go=archiv&cs_id=3903 HTTP/1.1" 200 13479 "-" "Mozilla/5.0 (compatible; Baiduspider/2.0; +http://www.baidu.com/search/spider.html)"
66.249.76.46 - - [02/Feb/2013:16:52:01 +0100] "GET /news.php?cs_go=archiv&cs_id=2884 HTTP/1.1" 200 10317 "-" "Mozilla/5.0 (compatible; Googlebot/2.1; +http://www.google.com/bot.html)"
123.125.71.47 - - [02/Feb/2013:16:52:57 +0100] "GET /news.php?cs_go=archiv&cs_id=3901 HTTP/1.1" 200 9798 "-" "Mozilla/5.0 (compatible; Baiduspider/2.0; +http://www.baidu.com/search/spider.html)"
66.249.76.46 - - [02/Feb/2013:17:00:06 +0100] "GET /news.php?cs_go=archiv&cs_id=2910&cs_search= HTTP/1.1" 200 10783 "-" "Mozilla/5.0 (compatible; Googlebot/2.1; +http://www.google.com/bot.html)"
141.8.147.1 - - [02/Feb/2013:17:19:15 +0100] "GET /news.php?cs_go=archiv&cs_id=3804 HTTP/1.1" 200 10011 "-" "Mozilla/5.0 (compatible; YandexBot/3.0; +http://yandex.com/bots)"
66.249.76.46 - - [02/Feb/2013:17:20:20 +0100] "GET /news.php?cs_go=archiv&cs_id=2819&cs_search= HTTP/1.1" 200 10217 "-" "Mozilla/5.0 (compatible; Googlebot/2.1; +http://www.google.com/bot.html)"
66.249.76.46 - - [02/Feb/2013:17:24:23 +0100] "GET /news.php?cs_go=archiv&cs_id=3093&cs_search= HTTP/1.1" 200 12358 "-" "Mozilla/5.0 (compatible; Googlebot/2.1; +http://www.google.com/bot.html)"
123.125.71.26 - - [02/Feb/2013:17:41:41 +0100] "GET / HTTP/1.1" 200 15365 "-" "Mozilla/5.0 (compatible; Baiduspider/2.0; +http://www.baidu.com/search/spider.html)"
220.181.108.86 - - [02/Feb/2013:17:43:18 +0100] "GET / HTTP/1.1" 200 10268 "-" "Mozilla/5.0 (compatible; Baiduspider/2.0; +http://www.baidu.com/search/spider.html)"
81.30.151.218 - - [02/Feb/2013:17:48:03 +0100] "GET /news.php?cs_go=archiv&cs_id=3679&cs_search= HTTP/1.1" 200 13679 "-" "Pixray-Seeker/2.0 (Pixray-Seeker; +http://www.pixray.com/pixraybot; +crawler@pixray.com)"
65.36.241.79 - - [02/Feb/2013:17:50:35 +0100] "HEAD / HTTP/1.1" 200 - "-" "InternetSeer.com"
66.249.76.46 - - [02/Feb/2013:17:52:39 +0100] "GET /news.php?cs_go=archiv&cs_id=3143&cs_search= HTTP/1.1" 200 10959 "-" "Mozilla/5.0 (compatible; Googlebot/2.1; +http://www.google.com/bot.html)"
141.8.147.1 - - [02/Feb/2013:18:02:41 +0100] "GET /news.php?cs_go=archiv&cs_id=3874 HTTP/1.1" 200 12941 "-" "Mozilla/5.0 (compatible; YandexBot/3.0; +http://yandex.com/bots)"
66.249.76.46 - - [02/Feb/2013:18:08:52 +0100] "GET /news.php?cs_go=archiv&cs_id=3460 HTTP/1.1" 200 13326 "-" "Mozilla/5.0 (compatible; Googlebot/2.1; +http://www.google.com/bot.html)"
81.30.151.218 - - [02/Feb/2013:18:17:48 +0100] "GET /news.php?cs_go=archiv&cs_id=3838&cs_search= HTTP/1.1" 200 12156 "-" "Pixray-Seeker/2.0 (Pixray-Seeker; +http://www.pixray.com/pixraybot; +crawler@pixray.com)"
66.249.76.46 - - [02/Feb/2013:18:25:05 +0100] "GET /robots.txt HTTP/1.1" 200 177 "-" "Mozilla/5.0 (compatible; Googlebot/2.1; +http://www.google.com/bot.html)"
66.249.76.46 - - [02/Feb/2013:18:25:05 +0100] "GET /news.php?cs_go=archiv&cs_id=2940 HTTP/1.1" 200 10376 "-" "Mozilla/5.0 (compatible; Googlebot/2.1; +http://www.google.com/bot.html)"
208.115.111.75 - - [02/Feb/2013:18:31:26 +0100] "GET /robots.txt HTTP/1.1" 200 177 "-" "Mozilla/5.0 (compatible; Ezooms/1.0; ezooms.bot@gmail.com)"
141.8.147.1 - - [02/Feb/2013:18:37:56 +0100] "GET /news.php?cs_go=archiv&cs_startpos=730 HTTP/1.1" 200 8125 "-" "Mozilla/5.0 (compatible; YandexBot/3.0; +http://yandex.com/bots)"
141.8.147.1 - - [02/Feb/2013:19:09:33 +0100] "GET /news.php?cs_go=archiv&cs_id=3881 HTTP/1.1" 200 11720 "-" "Mozilla/5.0 (compatible; YandexBot/3.0; +http://yandex.com/bots)"
66.249.76.46 - - [02/Feb/2013:19:33:18 +0100] "GET /lexikon.php?cs_go=3&cs_id=96 HTTP/1.1" 200 8307 "-" "Mozilla/5.0 (compatible; Googlebot/2.1; +http://www.google.com/bot.html)"
141.8.147.1 - - [02/Feb/2013:19:41:56 +0100] "GET /news.php?cs_go=archiv&cs_startpos=211 HTTP/1.1" 200 16693 "-" "Mozilla/5.0 (compatible; YandexBot/3.0; +http://yandex.com/bots)"
82.94.176.164 - - [02/Feb/2013:19:45:30 +0100] "GET /jobs.php HTTP/1.1" 200 10090 "-" "Mozilla/4.0 (compatible; MSIE 5.5; Windows NT)"
141.8.147.1 - - [02/Feb/2013:20:02:02 +0100] "GET /news.php?cs_go=archiv&cs_startpos=631 HTTP/1.1" 200 8125 "-" "Mozilla/5.0 (compatible; YandexBot/3.0; +http://yandex.com/bots)"
66.249.76.46 - - [02/Feb/2013:20:05:14 +0100] "GET /optiplus.php HTTP/1.1" 200 11100 "-" "DoCoMo/2.0 N905i(c100;TB;W24H16) (compatible; Googlebot-Mobile/2.1; +http://www.google.com/bot.html)"
95.108.151.244 - - [02/Feb/2013:20:15:55 +0100] "GET /robots.txt HTTP/1.1" 200 177 "-" "Mozilla/5.0 (compatible; YandexBot/3.0; +http://yandex.com/bots)"
95.108.151.244 - - [02/Feb/2013:20:15:56 +0100] "GET / HTTP/1.1" 200 15365 "-" "Mozilla/5.0 (compatible; YandexBot/3.0; +http://yandex.com/bots)"
95.108.151.244 - - [02/Feb/2013:20:15:57 +0100] "GET / HTTP/1.1" 200 15365 "-" "Mozilla/5.0 (compatible; YandexBot/3.0; +http://yandex.com/bots)"
66.249.76.46 - - [02/Feb/2013:20:24:56 +0100] "GET /news.php?cs_go=archiv&cs_id=2984 HTTP/1.1" 200 11592 "-" "Mozilla/5.0 (compatible; Googlebot/2.1; +http://www.google.com/bot.html)"
208.115.111.75 - - [02/Feb/2013:20:34:49 +0100] "GET /news.php?cs_go=archiv&cs_id=3590&cs_search= HTTP/1.1" 200 9799 "-" "Mozilla/5.0 (compatible; Ezooms/1.0; ezooms.bot@gmail.com)"
208.115.113.91 - - [02/Feb/2013:20:37:47 +0100] "GET /robots.txt HTTP/1.1" 200 177 "-" "Mozilla/5.0 (compatible; Ezooms/1.0; ezooms.bot@gmail.com)"
141.8.147.1 - - [02/Feb/2013:20:41:26 +0100] "GET /news.php?cs_go=archiv&cs_id=3702&cs_search= HTTP/1.1" 200 10044 "-" "Mozilla/5.0 (compatible; YandexBot/3.0; +http://yandex.com/bots)"
66.249.76.46 - - [02/Feb/2013:20:53:44 +0100] "GET /news.php HTTP/1.1" 200 22273 "-" "SAMSUNG-SGH-E250/1.0 Profile/MIDP-2.0 Configuration/CLDC-1.1 UP.Browser/6.2.3.3.c.1.101 (GUI) MMP/2.0 (compatible; Googlebot-Mobile/2.1; +http://www.google.com/bot.html)"
157.55.32.98 - - [02/Feb/2013:21:10:30 +0100] "GET /robots.txt HTTP/1.1" 200 177 "-" "Mozilla/5.0 (compatible; bingbot/2.0; +http://www.bing.com/bingbot.htm)"
157.55.32.98 - - [02/Feb/2013:21:12:34 +0100] "GET /kontakt.php HTTP/1.1" 200 9198 "-" "Mozilla/5.0 (compatible; bingbot/2.0; +http://www.bing.com/bingbot.htm)"
130.83.167.153 - - [02/Feb/2013:21:23:39 +0100] "GET /news.php?cs_go=archiv&cs_id=3813&cs_search= HTTP/1.1" 200 8193 "-" "findlinks/2.6 (+http://wortschatz.uni-leipzig.de/findlinks/)"
130.83.167.153 - - [02/Feb/2013:21:23:39 +0100] "GET /news.php?cs_go=archiv&cs_id=3813&cs_search= HTTP/1.1" 200 10172 "-" "findlinks/2.6 (+http://wortschatz.uni-leipzig.de/findlinks/)"
141.8.147.1 - - [02/Feb/2013:21:25:06 +0100] "GET /news.php?cs_go=archiv&cs_id=3880&cs_search= HTTP/1.1" 200 13538 "-" "Mozilla/5.0 (compatible; YandexBot/3.0; +http://yandex.com/bots)"
141.8.147.1 - - [02/Feb/2013:21:51:12 +0100] "GET /news.php?cs_go=archiv&cs_id=3883&cs_search= HTTP/1.1" 200 10346 "-" "Mozilla/5.0 (compatible; YandexBot/3.0; +http://yandex.com/bots)"
141.8.147.1 - - [02/Feb/2013:22:15:31 +0100] "GET /news.php?cs_go=archiv&cs_id=3878&cs_search= HTTP/1.1" 200 9840 "-" "Mozilla/5.0 (compatible; YandexBot/3.0; +http://yandex.com/bots)"
87.189.126.134 - - [02/Feb/2013:22:24:53 +0100] "GET / HTTP/1.1" 200 15365 "-" "Mozilla/5.0 /Windows; U; Windows NT 6.1; de; rv:1.9.1.5) Gecko/20091102 Firefox/3.5.5"
208.115.113.91 - - [02/Feb/2013:22:34:34 +0100] "GET /news.php?cs_go=archiv&cs_id=3833&cs_search= HTTP/1.1" 200 10304 "-" "Mozilla/5.0 (compatible; Ezooms/1.0; ezooms.bot@gmail.com)"
130.83.167.153 - - [02/Feb/2013:22:35:05 +0100] "GET /kontakt.php HTTP/1.1" 200 7141 "-" "findlinks/2.6 (+http://wortschatz.uni-leipzig.de/findlinks/)"
130.83.167.153 - - [02/Feb/2013:22:35:05 +0100] "GET /kontakt.php HTTP/1.1" 200 9111 "-" "findlinks/2.6 (+http://wortschatz.uni-leipzig.de/findlinks/)"
141.8.147.1 - - [02/Feb/2013:22:38:40 +0100] "GET /news.php?cs_go=archiv&cs_id=3884&cs_search= HTTP/1.1" 200 11202 "-" "Mozilla/5.0 (compatible; YandexBot/3.0; +http://yandex.com/bots)"
64.125.222.50 - - [02/Feb/2013:22:59:05 +0100] "GET /robots.txt HTTP/1.1" 200 177 "-" "Mozilla/5.0 (compatible; 008/0.83; http://www.80legs.com/webcrawler.html;) Gecko/2008032620"
141.8.147.1 - - [02/Feb/2013:22:59:39 +0100] "GET /news.php?cs_go=archiv&cs_id=3874&cs_search= HTTP/1.1" 200 12941 "-" "Mozilla/5.0 (compatible; YandexBot/3.0; +http://yandex.com/bots)"
141.8.147.1 - - [02/Feb/2013:23:21:58 +0100] "GET /news.php?cs_go=archiv&cs_id=3881&cs_search= HTTP/1.1" 200 11720 "-" "Mozilla/5.0 (compatible; YandexBot/3.0; +http://yandex.com/bots)"
193.84.22.38 - - [02/Feb/2013:23:34:03 +0100] "GET /news.php?cs_go=archiv&cs_startpos=50 HTTP/1.1" 200 22831 "-" "Mozilla/5.0 (compatible; 008/0.85; http://www.80legs.com/webcrawler.html) Gecko/2008032620"
66.249.76.46 - - [02/Feb/2013:23:35:21 +0100] "GET /news.php?cs_go=archiv&cs_id=3818 HTTP/1.1" 200 13352 "-" "DoCoMo/2.0 N905i(c100;TB;W24H16) (compatible; Googlebot-Mobile/2.1; +http://www.google.com/bot.html)"
62.122.64.118 - - [02/Feb/2013:23:40:01 +0100] "GET /news.php?cs_go=archiv&cs_id=3889&cs_search= HTTP/1.1" 200 9808 "-" "Mozilla/5.0 (compatible; 008/0.85; http://www.80legs.com/webcrawler.html) Gecko/2008032620"
109.87.54.56 - - [02/Feb/2013:23:42:57 +0100] "GET /foerdermittel.php HTTP/1.1" 200 12908 "-" "Mozilla/5.0 (compatible; 008/0.85; http://www.80legs.com/webcrawler.html) Gecko/2008032620"
66.249.76.46 - - [02/Feb/2013:23:43:03 +0100] "GET /kwk.php?cs_go=3 HTTP/1.1" 200 10285 "-" "Mozilla/5.0 (compatible; Googlebot/2.1; +http://www.google.com/bot.html)"
213.227.228.39 - - [02/Feb/2013:23:43:59 +0100] "GET /faq.php HTTP/1.1" 200 185910 "-" "Mozilla/5.0 (compatible; 008/0.85; http://www.80legs.com/webcrawler.html) Gecko/2008032620"
65.36.241.79 - - [02/Feb/2013:23:46:53 +0100] "HEAD / HTTP/1.1" 200 - "-" "InternetSeer.com"
141.8.147.1 - - [02/Feb/2013:23:47:07 +0100] "GET /news.php?cs_go=archiv&cs_id=3882&cs_search= HTTP/1.1" 200 9842 "-" "Mozilla/5.0 (compatible; YandexBot/3.0; +http://yandex.com/bots)"
66.249.76.46 - - [02/Feb/2013:23:49:54 +0100] "GET /news.php?cs_go=archiv&cs_id=3083&cs_search= HTTP/1.1" 200 13736 "-" "Mozilla/5.0 (compatible; Googlebot/2.1; +http://www.google.com/bot.html)"
78.111.28.11 - - [02/Feb/2013:23:52:42 +0100] "GET /energiesparcheck.php HTTP/1.1" 200 13581 "-" "Mozilla/5.0 (compatible; 008/0.85; http://www.80legs.com/webcrawler.html) Gecko/2008032620"
78.111.28.11 - - [03/Feb/2013:00:01:50 +0100] "GET /news.php?cs_go=archiv&cs_id=3890&cs_search= HTTP/1.1" 200 11275 "-" "Mozilla/5.0 (compatible; 008/0.85; http://www.80legs.com/webcrawler.html) Gecko/2008032620"
78.111.28.11 - - [03/Feb/2013:00:01:58 +0100] "GET /news.php?cs_go=archiv&cs_id=3890&cs_search= HTTP/1.1" 200 11275 "-" "Mozilla/5.0 (compatible; 008/0.85; http://www.80legs.com/webcrawler.html) Gecko/2008032620"
94.190.123.86 - - [03/Feb/2013:00:05:47 +0100] "GET /news.php?cs_go=archiv&cs_id=3892&cs_search= HTTP/1.1" 200 11775 "-" "Mozilla/5.0 (compatible; 008/0.85; http://www.80legs.com/webcrawler.html) Gecko/2008032620"
91.203.153.13 - - [03/Feb/2013:00:06:33 +0100] "GET /diesel.php HTTP/1.1" 200 10639 "-" "Mozilla/5.0 (compatible; 008/0.85; http://www.80legs.com/webcrawler.html) Gecko/2008032620"
213.227.228.39 - - [03/Feb/2013:00:08:04 +0100] "GET /kwk.php?cs_go=3 HTTP/1.1" 200 10285 "-" "Mozilla/5.0 (compatible; 008/0.85; http://www.80legs.com/webcrawler.html) Gecko/2008032620"
141.8.147.1 - - [03/Feb/2013:00:08:28 +0100] "GET /news.php?cs_go=archiv&cs_id=3885&cs_search= HTTP/1.1" 200 13537 "-" "Mozilla/5.0 (compatible; YandexBot/3.0; +http://yandex.com/bots)"
91.234.196.23 - - [03/Feb/2013:00:10:02 +0100] "GET /kwk.php?cs_go=4 HTTP/1.1" 200 10255 "-" "Mozilla/5.0 (compatible; 008/0.85; http://www.80legs.com/webcrawler.html) Gecko/2008032620"
91.210.120.93 - - [03/Feb/2013:00:15:26 +0100] "GET /.php HTTP/1.1" 404 - "-" "Mozilla/5.0 (compatible; 008/0.85; http://www.80legs.com/webcrawler.html) Gecko/2008032620"
91.203.153.13 - - [03/Feb/2013:00:16:36 +0100] "GET /news.php?cs_go=archiv&cs_id=3893&cs_search= HTTP/1.1" 200 13565 "-" "Mozilla/5.0 (compatible; 008/0.85; http://www.80legs.com/webcrawler.html) Gecko/2008032620"
195.160.205.38 - - [03/Feb/2013:00:17:03 +0100] "GET /news.php?cs_go=archiv&cs_id=3887&cs_search= HTTP/1.1" 200 16034 "-" "Mozilla/5.0 (compatible; 008/0.85; http://www.80legs.com/webcrawler.html) Gecko/2008032620"
195.160.205.38 - - [03/Feb/2013:00:17:05 +0100] "GET /news.php?cs_go=archiv&cs_startpos=10 HTTP/1.1" 200 22471 "-" "Mozilla/5.0 (compatible; 008/0.85; http://www.80legs.com/webcrawler.html) Gecko/2008032620"
77.40.27.1 - - [03/Feb/2013:00:18:30 +0100] "GET /news.php?cs_go=archiv&cs_id=3886&cs_search= HTTP/1.1" 200 9814 "-" "Mozilla/5.0 (compatible; 008/0.85; http://www.80legs.com/webcrawler.html) Gecko/2008032620"
188.231.190.238 - - [03/Feb/2013:00:19:22 +0100] "GET /news.php?cs_go=archiv&cs_id=3892&cs_search= HTTP/1.1" 200 11775 "-" "Mozilla/5.0 (compatible; 008/0.85; http://www.80legs.com/webcrawler.html) Gecko/2008032620"
124.6.181.201 - - [03/Feb/2013:00:19:36 +0100] "GET /kwk.php?cs_go=3 HTTP/1.1" 200 10285 "-" "Mozilla/5.0 (compatible; 008/0.85; http://www.80legs.com/webcrawler.html) Gecko/2008032620"
124.6.181.201 - - [03/Feb/2013:00:19:40 +0100] "GET /news.php?cs_go=archiv&cs_id=3888&cs_search= HTTP/1.1" 200 13349 "-" "Mozilla/5.0 (compatible; 008/0.85; http://www.80legs.com/webcrawler.html) Gecko/2008032620"
193.106.136.83 - - [03/Feb/2013:00:19:47 +0100] "GET /news.php?cs_go=archiv&cs_startpos=40 HTTP/1.1" 200 22632 "-" "Mozilla/5.0 (compatible; 008/0.85; http://www.80legs.com/webcrawler.html) Gecko/2008032620"
217.146.246.2 - - [03/Feb/2013:00:20:22 +0100] "GET /modernisierung.php HTTP/1.1" 200 11578 "-" "Mozilla/5.0 (compatible; 008/0.85; http://www.80legs.com/webcrawler.html) Gecko/2008032620"
109.86.199.198 - - [03/Feb/2013:00:20:32 +0100] "GET /edl.php HTTP/1.1" 200 10801 "-" "Mozilla/5.0 (compatible; 008/0.85; http://www.80legs.com/webcrawler.html) Gecko/2008032620"
109.86.199.198 - - [03/Feb/2013:00:20:34 +0100] "GET /news.php?cs_go=archiv&cs_startpos=0 HTTP/1.1" 200 22273 "-" "Mozilla/5.0 (compatible; 008/0.85; http://www.80legs.com/webcrawler.html) Gecko/2008032620"
91.203.153.13 - - [03/Feb/2013:00:20:42 +0100] "GET /news.php?cs_go=archiv&cs_startpos=210 HTTP/1.1" 200 18046 "-" "Mozilla/5.0 (compatible; 008/0.85; http://www.80legs.com/webcrawler.html) Gecko/2008032620"
66.249.76.46 - - [03/Feb/2013:00:20:53 +0100] "GET /ansprechpartner.php HTTP/1.1" 404 - "-" "Mozilla/5.0 (compatible; Googlebot/2.1; +http://www.google.com/bot.html)"
95.154.136.145 - - [03/Feb/2013:00:20:57 +0100] "GET /kwk.php?cs_go=1 HTTP/1.1" 200 10884 "-" "Mozilla/5.0 (compatible; 008/0.85; http://www.80legs.com/webcrawler.html) Gecko/2008032620"
149.255.3.59 - - [03/Feb/2013:00:21:08 +0100] "GET /news.php?cs_go=archiv&cs_startpos=30 HTTP/1.1" 200 22616 "-" "Mozilla/5.0 (compatible; 008/0.85; http://www.80legs.com/webcrawler.html) Gecko/2008032620"
80.70.228.215 - - [03/Feb/2013:00:21:57 +0100] "GET /news.php?cs_go=archiv&cs_id=3894&cs_search= HTTP/1.1" 200 9787 "-" "Mozilla/5.0 (compatible; 008/0.85; http://www.80legs.com/webcrawler.html) Gecko/2008032620"
37.112.227.3 - - [03/Feb/2013:00:22:26 +0100] "GET /news.php?cs_go=archiv&cs_id=3893&cs_search= HTTP/1.1" 200 13565 "-" "Mozilla/5.0 (compatible; 008/0.85; http://www.80legs.com/webcrawler.html) Gecko/2008032620"
80.70.228.215 - - [03/Feb/2013:00:23:45 +0100] "GET /kwk.php?cs_go=2 HTTP/1.1" 200 11855 "-" "Mozilla/5.0 (compatible; 008/0.85; http://www.80legs.com/webcrawler.html) Gecko/2008032620"
80.70.228.215 - - [03/Feb/2013:00:23:46 +0100] "GET /news.php?cs_go=archiv&cs_id=3890&cs_search= HTTP/1.1" 200 11275 "-" "Mozilla/5.0 (compatible; 008/0.85; http://www.80legs.com/webcrawler.html) Gecko/2008032620"
195.160.205.38 - - [03/Feb/2013:00:25:04 +0100] "GET /news.php?cs_go=archiv&cs_id=3894&cs_search= HTTP/1.1" 200 9787 "-" "Mozilla/5.0 (compatible; 008/0.85; http://www.80legs.com/webcrawler.html) Gecko/2008032620"
141.8.147.1 - - [03/Feb/2013:00:25:08 +0100] "GET /news.php?cs_go=archiv&cs_id=3578&cs_search= HTTP/1.1" 200 11462 "-" "Mozilla/5.0 (compatible; YandexBot/3.0; +http://yandex.com/bots)"
89.169.232.244 - - [03/Feb/2013:00:29:50 +0100] "GET /kwk.php?cs_go=2 HTTP/1.1" 200 11855 "-" "Mozilla/5.0 (compatible; 008/0.85; http://www.80legs.com/webcrawler.html) Gecko/2008032620"
89.169.232.244 - - [03/Feb/2013:00:29:53 +0100] "GET /news.php?cs_go=archiv&cs_id=3890&cs_search= HTTP/1.1" 200 11275 "-" "Mozilla/5.0 (compatible; 008/0.85; http://www.80legs.com/webcrawler.html) Gecko/2008032620"
109.86.199.198 - - [03/Feb/2013:00:30:11 +0100] "GET /kwk.php?cs_go=2 HTTP/1.1" 200 11855 "-" "Mozilla/5.0 (compatible; 008/0.85; http://www.80legs.com/webcrawler.html) Gecko/2008032620"
109.86.199.198 - - [03/Feb/2013:00:30:12 +0100] "GET /news.php?cs_go=archiv&cs_id=3890&cs_search= HTTP/1.1" 200 11275 "-" "Mozilla/5.0 (compatible; 008/0.85; http://www.80legs.com/webcrawler.html) Gecko/2008032620"
66.249.76.46 - - [03/Feb/2013:00:33:44 +0100] "GET /news.php?cs_go=archiv&cs_id=3315&cs_search= HTTP/1.1" 200 13524 "-" "Mozilla/5.0 (compatible; Googlebot/2.1; +http://www.google.com/bot.html)"
91.203.153.13 - - [03/Feb/2013:00:35:56 +0100] "GET /news.php?cs_go=archiv&cs_id=3888&cs_search= HTTP/1.1" 200 13349 "-" "Mozilla/5.0 (compatible; 008/0.85; http://www.80legs.com/webcrawler.html) Gecko/2008032620"
66.249.76.46 - - [03/Feb/2013:00:36:39 +0100] "GET /news.php?cs_go=archiv&cs_id=3056&cs_search= HTTP/1.1" 200 9839 "-" "Mozilla/5.0 (compatible; Googlebot/2.1; +http://www.google.com/bot.html)"
141.8.147.1 - - [03/Feb/2013:00:46:29 +0100] "GET /news.php?cs_go=archiv&cs_id=3890 HTTP/1.1" 200 11275 "-" "Mozilla/5.0 (compatible; YandexBot/3.0; +http://yandex.com/bots)"
141.8.147.1 - - [03/Feb/2013:01:05:32 +0100] "GET /news.php?cs_go=archiv&cs_id=3600&cs_search= HTTP/1.1" 200 13422 "-" "Mozilla/5.0 (compatible; YandexBot/3.0; +http://yandex.com/bots)"
66.249.76.46 - - [03/Feb/2013:01:20:28 +0100] "GET /news.php?cs_go=archiv&cs_id=3172&cs_search= HTTP/1.1" 200 13423 "-" "Mozilla/5.0 (compatible; Googlebot/2.1; +http://www.google.com/bot.html)"
141.8.147.1 - - [03/Feb/2013:01:24:24 +0100] "GET /news.php?cs_go=archiv&cs_id=3633&cs_search= HTTP/1.1" 200 13307 "-" "Mozilla/5.0 (compatible; YandexBot/3.0; +http://yandex.com/bots)"
141.8.147.1 - - [03/Feb/2013:01:46:44 +0100] "GET /news.php?cs_go=archiv&cs_id=3892 HTTP/1.1" 200 11775 "-" "Mozilla/5.0 (compatible; YandexBot/3.0; +http://yandex.com/bots)"
141.8.147.1 - - [03/Feb/2013:02:01:44 +0100] "GET /news.php?cs_go=archiv&cs_id=3893 HTTP/1.1" 200 13565 "-" "Mozilla/5.0 (compatible; YandexBot/3.0; +http://yandex.com/bots)"
66.249.76.46 - - [03/Feb/2013:02:07:13 +0100] "GET /news.php?cs_go=archiv&cs_id=2860 HTTP/1.1" 200 12624 "-" "Mozilla/5.0 (compatible; Googlebot/2.1; +http://www.google.com/bot.html)"
141.8.147.1 - - [03/Feb/2013:02:19:42 +0100] "GET /robots.txt HTTP/1.1" 200 177 "-" "Mozilla/5.0 (compatible; YandexBot/3.0; +http://yandex.com/bots)"
66.249.76.46 - - [03/Feb/2013:02:27:40 +0100] "GET /lexikon.php?cs_go=3&cs_id=19 HTTP/1.1" 200 9902 "-" "Mozilla/5.0 (compatible; Googlebot/2.1; +http://www.google.com/bot.html)"
141.8.147.1 - - [03/Feb/2013:02:30:03 +0100] "GET /news.php?cs_go=archiv&cs_id=2731&cs_search= HTTP/1.1" 200 10096 "-" "Mozilla/5.0 (compatible; YandexBot/3.0; +http://yandex.com/bots)"
208.115.111.75 - - [03/Feb/2013:02:33:56 +0100] "GET /robots.txt HTTP/1.1" 200 177 "-" "Mozilla/5.0 (compatible; Ezooms/1.0; ezooms.bot@gmail.com)"
141.8.147.1 - - [03/Feb/2013:02:40:27 +0100] "GET /news.php?cs_go=archiv&cs_id=3880 HTTP/1.1" 200 13538 "-" "Mozilla/5.0 (compatible; YandexBot/3.0; +http://yandex.com/bots)"
157.55.32.98 - - [03/Feb/2013:02:40:29 +0100] "GET /robots.txt HTTP/1.1" 200 177 "-" "Mozilla/5.0 (compatible; bingbot/2.0; +http://www.bing.com/bingbot.htm)"
157.55.32.98 - - [03/Feb/2013:02:42:10 +0100] "GET /kontakt.php HTTP/1.1" 200 9198 "-" "Mozilla/5.0 (compatible; bingbot/2.0; +http://www.bing.com/bingbot.htm)"
157.55.32.98 - - [03/Feb/2013:02:42:10 +0100] "GET / HTTP/1.1" 200 15365 "-" "Mozilla/5.0 (compatible; bingbot/2.0; +http://www.bing.com/bingbot.htm)"
157.55.32.98 - - [03/Feb/2013:02:42:12 +0100] "GET /news.php?cs_go=archiv&cs_id=3714&cs_search= HTTP/1.1" 200 11586 "-" "Mozilla/5.0 (compatible; bingbot/2.0; +http://www.bing.com/bingbot.htm)"
157.55.32.98 - - [03/Feb/2013:02:42:12 +0100] "GET /news.php?cs_go=archiv&cs_id=3743 HTTP/1.1" 200 10811 "-" "Mozilla/5.0 (compatible; bingbot/2.0; +http://www.bing.com/bingbot.htm)"
157.55.32.98 - - [03/Feb/2013:02:42:13 +0100] "GET /news.php?cs_go=archiv&cs_id=3777 HTTP/1.1" 200 11980 "-" "Mozilla/5.0 (compatible; bingbot/2.0; +http://www.bing.com/bingbot.htm)"
157.55.32.98 - - [03/Feb/2013:02:42:13 +0100] "GET /news.php?cs_go=archiv&cs_id=3813 HTTP/1.1" 200 10259 "-" "Mozilla/5.0 (compatible; bingbot/2.0; +http://www.bing.com/bingbot.htm)"
157.55.32.98 - - [03/Feb/2013:02:42:14 +0100] "GET /news.php?cs_go=archiv&cs_id=3827 HTTP/1.1" 200 12637 "-" "Mozilla/5.0 (compatible; bingbot/2.0; +http://www.bing.com/bingbot.htm)"
157.55.32.98 - - [03/Feb/2013:02:42:14 +0100] "GET /news.php?cs_go=archiv&cs_id=3888 HTTP/1.1" 200 13349 "-" "Mozilla/5.0 (compatible; bingbot/2.0; +http://www.bing.com/bingbot.htm)"
157.55.32.98 - - [03/Feb/2013:02:42:16 +0100] "GET /news.php?cs_go=archiv&cs_startpos=200 HTTP/1.1" 200 22513 "-" "Mozilla/5.0 (compatible; bingbot/2.0; +http://www.bing.com/bingbot.htm)"
157.55.34.171 - - [03/Feb/2013:02:44:42 +0100] "GET /news.php?cs_go=archiv&cs_id=3811 HTTP/1.1" 200 10104 "-" "Mozilla/5.0 (compatible; bingbot/2.0; +http://www.bing.com/bingbot.htm)"
157.55.34.171 - - [03/Feb/2013:02:44:42 +0100] "GET /news.php?cs_go=archiv&cs_id=3511 HTTP/1.1" 200 11721 "-" "Mozilla/5.0 (compatible; bingbot/2.0; +http://www.bing.com/bingbot.htm)"
157.55.34.171 - - [03/Feb/2013:02:44:46 +0100] "GET /lexikon.php?cs_go=3&cs_id=108 HTTP/1.1" 200 9616 "-" "Mozilla/5.0 (compatible; bingbot/2.0; +http://www.bing.com/bingbot.htm)"
157.55.34.171 - - [03/Feb/2013:02:44:46 +0100] "GET /lexikon.php?cs_go=3&cs_id=115 HTTP/1.1" 200 9602 "-" "Mozilla/5.0 (compatible; bingbot/2.0; +http://www.bing.com/bingbot.htm)"
157.56.229.23 - - [03/Feb/2013:02:45:46 +0100] "GET /news.php?cs_go=archiv&cs_id=3711 HTTP/1.1" 200 11150 "-" "Mozilla/5.0 (compatible; bingbot/2.0; +http://www.bing.com/bingbot.htm)"
157.56.229.23 - - [03/Feb/2013:02:45:54 +0100] "GET /news.php?cs_go=archiv&cs_id=3713 HTTP/1.1" 200 16092 "-" "Mozilla/5.0 (compatible; bingbot/2.0; +http://www.bing.com/bingbot.htm)"
157.56.229.23 - - [03/Feb/2013:02:46:00 +0100] "GET /news.php?cs_go=archiv&cs_id=3742&cs_search= HTTP/1.1" 200 12415 "-" "Mozilla/5.0 (compatible; bingbot/2.0; +http://www.bing.com/bingbot.htm)"
157.56.229.23 - - [03/Feb/2013:02:46:04 +0100] "GET /news.php?cs_go=archiv&cs_id=3780 HTTP/1.1" 200 12947 "-" "Mozilla/5.0 (compatible; bingbot/2.0; +http://www.bing.com/bingbot.htm)"
157.56.229.23 - - [03/Feb/2013:02:46:08 +0100] "GET /news.php?cs_go=archiv&cs_id=3793 HTTP/1.1" 200 9899 "-" "Mozilla/5.0 (compatible; bingbot/2.0; +http://www.bing.com/bingbot.htm)"
157.56.229.23 - - [03/Feb/2013:02:47:14 +0100] "GET /news.php?cs_go=archiv&cs_id=3804 HTTP/1.1" 200 10011 "-" "Mozilla/5.0 (compatible; bingbot/2.0; +http://www.bing.com/bingbot.htm)"
157.56.229.23 - - [03/Feb/2013:02:47:20 +0100] "GET /news.php?cs_go=archiv&cs_id=3812 HTTP/1.1" 200 13363 "-" "Mozilla/5.0 (compatible; bingbot/2.0; +http://www.bing.com/bingbot.htm)"
157.56.229.23 - - [03/Feb/2013:02:47:23 +0100] "GET /news.php?cs_go=archiv&cs_id=3813&cs_search= HTTP/1.1" 200 10259 "-" "Mozilla/5.0 (compatible; bingbot/2.0; +http://www.bing.com/bingbot.htm)"
157.56.229.23 - - [03/Feb/2013:02:47:26 +0100] "GET /news.php?cs_go=archiv&cs_id=3838 HTTP/1.1" 200 12156 "-" "Mozilla/5.0 (compatible; bingbot/2.0; +http://www.bing.com/bingbot.htm)"
157.56.229.23 - - [03/Feb/2013:02:47:27 +0100] "GET /news.php?cs_go=archiv&cs_id=3839 HTTP/1.1" 200 13533 "-" "Mozilla/5.0 (compatible; bingbot/2.0; +http://www.bing.com/bingbot.htm)"
157.56.229.23 - - [03/Feb/2013:02:47:28 +0100] "GET /lexikon.php?cs_go=3&cs_id=110 HTTP/1.1" 200 8703 "-" "Mozilla/5.0 (compatible; bingbot/2.0; +http://www.bing.com/bingbot.htm)"
157.56.229.23 - - [03/Feb/2013:02:47:29 +0100] "GET /lexikon.php?cs_go=3&cs_id=114 HTTP/1.1" 200 8684 "-" "Mozilla/5.0 (compatible; bingbot/2.0; +http://www.bing.com/bingbot.htm)"
157.55.32.86 - - [03/Feb/2013:02:52:44 +0100] "GET /news.php?cs_go=archiv&cs_id=3513 HTTP/1.1" 200 13529 "-" "Mozilla/5.0 (compatible; bingbot/2.0; +http://www.bing.com/bingbot.htm)"
157.55.32.86 - - [03/Feb/2013:02:52:44 +0100] "GET /news.php?cs_go=archiv&cs_id=3805 HTTP/1.1" 200 13370 "-" "Mozilla/5.0 (compatible; bingbot/2.0; +http://www.bing.com/bingbot.htm)"
157.55.32.86 - - [03/Feb/2013:02:52:56 +0100] "GET /news.php?cs_go=archiv&cs_id=3884 HTTP/1.1" 200 11202 "-" "Mozilla/5.0 (compatible; bingbot/2.0; +http://www.bing.com/bingbot.htm)"
157.55.33.18 - - [03/Feb/2013:02:54:39 +0100] "GET /impressum.php HTTP/1.1" 200 8582 "-" "Mozilla/5.0 (compatible; bingbot/2.0; +http://www.bing.com/bingbot.htm)"
157.55.34.35 - - [03/Feb/2013:02:54:40 +0100] "GET /news.php?cs_go=archiv&cs_id=3743&cs_search= HTTP/1.1" 200 10811 "-" "Mozilla/5.0 (compatible; bingbot/2.0; +http://www.bing.com/bingbot.htm)"
157.55.34.35 - - [03/Feb/2013:02:54:40 +0100] "GET /news.php?cs_go=archiv&cs_id=3792 HTTP/1.1" 200 13473 "-" "Mozilla/5.0 (compatible; bingbot/2.0; +http://www.bing.com/bingbot.htm)"
157.55.33.18 - - [03/Feb/2013:02:54:39 +0100] "GET /faq.php HTTP/1.1" 200 185910 "-" "Mozilla/5.0 (compatible; bingbot/2.0; +http://www.bing.com/bingbot.htm)"
157.55.34.35 - - [03/Feb/2013:02:54:41 +0100] "GET /news.php?cs_go=archiv&cs_id=3887 HTTP/1.1" 200 16034 "-" "Mozilla/5.0 (compatible; bingbot/2.0; +http://www.bing.com/bingbot.htm)"
157.55.33.18 - - [03/Feb/2013:02:54:42 +0100] "GET /news.php?cs_go=archiv&cs_id=3502 HTTP/1.1" 200 10261 "-" "Mozilla/5.0 (compatible; bingbot/2.0; +http://www.bing.com/bingbot.htm)"
157.55.33.18 - - [03/Feb/2013:02:54:42 +0100] "GET /news.php?cs_go=archiv&cs_id=3505 HTTP/1.1" 200 11897 "-" "Mozilla/5.0 (compatible; bingbot/2.0; +http://www.bing.com/bingbot.htm)"
157.55.34.35 - - [03/Feb/2013:02:54:41 +0100] "GET /news.php?cs_go=archiv&cs_id=3807 HTTP/1.1" 200 10071 "-" "Mozilla/5.0 (compatible; bingbot/2.0; +http://www.bing.com/bingbot.htm)"
157.55.34.35 - - [03/Feb/2013:02:54:42 +0100] "GET /news.php?cs_go=archiv&cs_startpos=0 HTTP/1.1" 200 22273 "-" "Mozilla/5.0 (compatible; bingbot/2.0; +http://www.bing.com/bingbot.htm)"
157.55.33.18 - - [03/Feb/2013:02:54:43 +0100] "GET /news.php?cs_go=archiv&cs_id=3620&cs_search= HTTP/1.1" 200 11765 "-" "Mozilla/5.0 (compatible; bingbot/2.0; +http://www.bing.com/bingbot.htm)"
157.55.33.18 - - [03/Feb/2013:02:54:43 +0100] "GET /news.php?cs_go=archiv&cs_id=3744 HTTP/1.1" 200 12197 "-" "Mozilla/5.0 (compatible; bingbot/2.0; +http://www.bing.com/bingbot.htm)"
157.55.34.35 - - [03/Feb/2013:02:54:43 +0100] "GET /lexikon.php?cs_go=3&cs_id=112 HTTP/1.1" 200 9151 "-" "Mozilla/5.0 (compatible; bingbot/2.0; +http://www.bing.com/bingbot.htm)"
157.55.33.18 - - [03/Feb/2013:02:54:44 +0100] "GET /news.php?cs_go=archiv&cs_id=3811&cs_search= HTTP/1.1" 200 10104 "-" "Mozilla/5.0 (compatible; bingbot/2.0; +http://www.bing.com/bingbot.htm)"
157.55.33.18 - - [03/Feb/2013:02:54:44 +0100] "GET /news.php?cs_go=archiv&cs_id=3836 HTTP/1.1" 200 9872 "-" "Mozilla/5.0 (compatible; bingbot/2.0; +http://www.bing.com/bingbot.htm)"
157.55.33.18 - - [03/Feb/2013:02:54:45 +0100] "GET /news.php?cs_go=archiv&cs_id=3882 HTTP/1.1" 200 9842 "-" "Mozilla/5.0 (compatible; bingbot/2.0; +http://www.bing.com/bingbot.htm)"
157.55.33.18 - - [03/Feb/2013:02:54:45 +0100] "GET /news.php?cs_go=archiv&cs_id=3883 HTTP/1.1" 200 10346 "-" "Mozilla/5.0 (compatible; bingbot/2.0; +http://www.bing.com/bingbot.htm)"
157.55.33.18 - - [03/Feb/2013:02:54:46 +0100] "GET /lexikon.php?cs_go=3&cs_id=106 HTTP/1.1" 200 8460 "-" "Mozilla/5.0 (compatible; bingbot/2.0; +http://www.bing.com/bingbot.htm)"
157.55.33.18 - - [03/Feb/2013:02:54:46 +0100] "GET /news.php?cs_go=archiv&cs_id=3885 HTTP/1.1" 200 13537 "-" "Mozilla/5.0 (compatible; bingbot/2.0; +http://www.bing.com/bingbot.htm)"
157.55.33.18 - - [03/Feb/2013:02:54:47 +0100] "GET /lexikon.php?cs_go=3&cs_id=111 HTTP/1.1" 200 8057 "-" "Mozilla/5.0 (compatible; bingbot/2.0; +http://www.bing.com/bingbot.htm)"
141.8.147.1 - - [03/Feb/2013:02:56:48 +0100] "GET /news.php?cs_go=archiv&cs_id=2732&cs_search= HTTP/1.1" 200 10390 "-" "Mozilla/5.0 (compatible; YandexBot/3.0; +http://yandex.com/bots)"
173.199.119.43 - - [03/Feb/2013:02:58:21 +0100] "GET /impressum.php HTTP/1.1" 200 8582 "-" "Mozilla/5.0 (compatible; AhrefsBot/4.0; +http://ahrefs.com/robot/)"
157.55.32.164 - - [03/Feb/2013:02:59:10 +0100] "GET /news.php?cs_go=archiv&cs_id=3721 HTTP/1.1" 200 11058 "-" "Mozilla/5.0 (compatible; bingbot/2.0; +http://www.bing.com/bingbot.htm)"
157.55.32.164 - - [03/Feb/2013:02:59:10 +0100] "GET /news.php?cs_go=archiv&cs_id=3618&cs_search= HTTP/1.1" 200 12341 "-" "Mozilla/5.0 (compatible; bingbot/2.0; +http://www.bing.com/bingbot.htm)"
157.55.32.164 - - [03/Feb/2013:02:59:16 +0100] "GET /news.php?cs_go=archiv&cs_id=3742 HTTP/1.1" 200 12415 "-" "Mozilla/5.0 (compatible; bingbot/2.0; +http://www.bing.com/bingbot.htm)"
157.55.32.164 - - [03/Feb/2013:02:59:16 +0100] "GET /news.php?cs_go=archiv&cs_id=3796 HTTP/1.1" 200 13539 "-" "Mozilla/5.0 (compatible; bingbot/2.0; +http://www.bing.com/bingbot.htm)"
157.55.32.164 - - [03/Feb/2013:02:59:20 +0100] "GET /news.php?cs_go=archiv&cs_id=3812&cs_search= HTTP/1.1" 200 13363 "-" "Mozilla/5.0 (compatible; bingbot/2.0; +http://www.bing.com/bingbot.htm)"
157.55.32.164 - - [03/Feb/2013:02:59:20 +0100] "GET /news.php?cs_go=archiv&cs_id=3808 HTTP/1.1" 200 13450 "-" "Mozilla/5.0 (compatible; bingbot/2.0; +http://www.bing.com/bingbot.htm)"
157.55.32.164 - - [03/Feb/2013:02:59:21 +0100] "GET /news.php?cs_go=archiv&cs_id=3886 HTTP/1.1" 200 9814 "-" "Mozilla/5.0 (compatible; bingbot/2.0; +http://www.bing.com/bingbot.htm)"
157.55.32.164 - - [03/Feb/2013:02:59:21 +0100] "GET /lexikon.php?cs_go=3&cs_id=107 HTTP/1.1" 200 8389 "-" "Mozilla/5.0 (compatible; bingbot/2.0; +http://www.bing.com/bingbot.htm)"
157.55.32.164 - - [03/Feb/2013:02:59:22 +0100] "GET /lexikon.php?cs_go=3&cs_id=113 HTTP/1.1" 200 8176 "-" "Mozilla/5.0 (compatible; bingbot/2.0; +http://www.bing.com/bingbot.htm)"
157.55.32.164 - - [03/Feb/2013:02:59:22 +0100] "GET /lexikon.php?cs_go=3&cs_id=116 HTTP/1.1" 200 9366 "-" "Mozilla/5.0 (compatible; bingbot/2.0; +http://www.bing.com/bingbot.htm)"
157.55.33.84 - - [03/Feb/2013:03:00:10 +0100] "GET /news.php?cs_go=archiv&cs_id=3714 HTTP/1.1" 200 11586 "-" "Mozilla/5.0 (compatible; bingbot/2.0; +http://www.bing.com/bingbot.htm)"
157.55.33.84 - - [03/Feb/2013:03:00:11 +0100] "GET /lexikon.php?cs_go=3&cs_id=109 HTTP/1.1" 200 9501 "-" "Mozilla/5.0 (compatible; bingbot/2.0; +http://www.bing.com/bingbot.htm)"
66.249.76.46 - - [03/Feb/2013:03:11:33 +0100] "GET /news.php?cs_go=archiv&cs_id=3738 HTTP/1.1" 200 11508 "-" "Mozilla/5.0 (compatible; Googlebot/2.1; +http://www.google.com/bot.html)"
66.249.76.46 - - [03/Feb/2013:03:15:40 +0100] "GET /news.php HTTP/1.1" 200 22273 "-" "Mozilla/5.0 (iPhone; U; CPU iPhone OS 4_1 like Mac OS X; en-us) AppleWebKit/532.9 (KHTML, like Gecko) Version/4.0.5 Mobile/8B117 Safari/6531.22.7 (compatible; Googlebot-Mobile/2.1; +http://www.google.com/bot.html)"
141.8.147.1 - - [03/Feb/2013:03:19:34 +0100] "GET /news.php?cs_go=archiv&cs_id=3872&cs_search= HTTP/1.1" 200 9923 "-" "Mozilla/5.0 (compatible; YandexBot/3.0; +http://yandex.com/bots)"
