66.249.78.46 - - [01/Feb/2013:00:10:58 +0100] "GET /news.php?cs_go=archiv&cs_startpos=481 HTTP/1.1" 200 8125 "-" "Mozilla/5.0 (compatible; Googlebot/2.1; +http://www.google.com/bot.html)"
65.36.241.79 - - [01/Feb/2013:00:17:59 +0100] "HEAD / HTTP/1.1" 200 - "-" "InternetSeer.com"
139.18.2.209 - - [01/Feb/2013:00:30:24 +0100] "GET /standard.php HTTP/1.1" 200 7148 "-" "findlinks/2.6 (+http://wortschatz.uni-leipzig.de/findlinks/)"
139.18.2.209 - - [01/Feb/2013:00:30:24 +0100] "GET /standard.php HTTP/1.1" 200 9131 "-" "findlinks/2.6 (+http://wortschatz.uni-leipzig.de/findlinks/)"
208.115.111.75 - - [01/Feb/2013:00:44:36 +0100] "GET /lexikon.php?cs_go=2&cs_char=h HTTP/1.1" 200 8800 "-" "Mozilla/5.0 (compatible; Ezooms/1.0; ezooms.bot@gmail.com)"
66.249.75.46 - - [01/Feb/2013:00:59:15 +0100] "GET /index.php HTTP/1.1" 200 15369 "-" "DoCoMo/2.0 N905i(c100;TB;W24H16) (compatible; Googlebot-Mobile/2.1; +http://www.google.com/bot.html)"
141.8.147.1 - - [01/Feb/2013:01:36:50 +0100] "GET /robots.txt HTTP/1.1" 200 177 "-" "Mozilla/5.0 (compatible; YandexBot/3.0; +http://yandex.com/bots)"
66.249.78.46 - - [01/Feb/2013:01:45:37 +0100] "GET /news.php?cs_go=archiv&cs_startpos=651 HTTP/1.1" 200 8125 "-" "Mozilla/5.0 (compatible; Googlebot/2.1; +http://www.google.com/bot.html)"
66.249.78.46 - - [01/Feb/2013:01:55:24 +0100] "GET / HTTP/1.1" 200 15369 "-" "Mozilla/5.0 (compatible; Googlebot/2.1; +http://www.google.com/bot.html)"
66.249.78.46 - - [01/Feb/2013:02:08:59 +0100] "GET /style.css HTTP/1.1" 200 8418 "-" "Mozilla/5.0 (compatible; Googlebot/2.1; +http://www.google.com/bot.html)"
66.249.78.46 - - [01/Feb/2013:02:09:10 +0100] "GET /news.php?cs_go=archiv&cs_id=3897 HTTP/1.1" 200 13535 "-" "Mozilla/5.0 (compatible; Googlebot/2.1; +http://www.google.com/bot.html)"
66.249.75.46 - - [01/Feb/2013:02:12:03 +0100] "GET /news.php?cs_go=archiv&cs_id=3899 HTTP/1.1" 200 10243 "-" "Mozilla/5.0 (compatible; Googlebot/2.1; +http://www.google.com/bot.html)"
66.249.78.46 - - [01/Feb/2013:02:14:54 +0100] "GET /news.php?cs_go=archiv&cs_id=3900 HTTP/1.1" 200 13356 "-" "Mozilla/5.0 (compatible; Googlebot/2.1; +http://www.google.com/bot.html)"
66.249.78.46 - - [01/Feb/2013:02:19:48 +0100] "GET /news.php?cs_go=archiv&cs_id=3898 HTTP/1.1" 200 9937 "-" "Mozilla/5.0 (compatible; Googlebot/2.1; +http://www.google.com/bot.html)"
208.115.111.75 - - [01/Feb/2013:02:32:22 +0100] "GET /robots.txt HTTP/1.1" 200 177 "-" "Mozilla/5.0 (compatible; Ezooms/1.0; ezooms.bot@gmail.com)"
139.18.2.17 - - [01/Feb/2013:02:55:30 +0100] "GET /news.php?cs_go=archiv&cs_id=3732&cs_search= HTTP/1.1" 200 6992 "-" "findlinks/2.6 (+http://wortschatz.uni-leipzig.de/findlinks/)"
139.18.2.17 - - [01/Feb/2013:02:55:30 +0100] "GET /news.php?cs_go=archiv&cs_id=3732&cs_search= HTTP/1.1" 200 11820 "-" "findlinks/2.6 (+http://wortschatz.uni-leipzig.de/findlinks/)"
157.55.32.98 - - [01/Feb/2013:03:07:20 +0100] "GET /robots.txt HTTP/1.1" 200 177 "-" "Mozilla/5.0 (compatible; bingbot/2.0; +http://www.bing.com/bingbot.htm)"
157.55.32.98 - - [01/Feb/2013:03:08:57 +0100] "GET / HTTP/1.1" 200 15369 "-" "Mozilla/5.0 (compatible; bingbot/2.0; +http://www.bing.com/bingbot.htm)"
66.249.75.46 - - [01/Feb/2013:03:13:37 +0100] "GET /news.php?cs_go=archiv&cs_id=3865 HTTP/1.1" 200 13478 "-" "SAMSUNG-SGH-E250/1.0 Profile/MIDP-2.0 Configuration/CLDC-1.1 UP.Browser/6.2.3.3.c.1.101 (GUI) MMP/2.0 (compatible; Googlebot-Mobile/2.1; +http://www.google.com/bot.html)"
66.249.78.46 - - [01/Feb/2013:03:18:19 +0100] "GET /news.php?cs_go=archiv&cs_id=3105&cs_search= HTTP/1.1" 200 11668 "-" "Mozilla/5.0 (compatible; Googlebot/2.1; +http://www.google.com/bot.html)"
123.125.71.83 - - [01/Feb/2013:03:38:09 +0100] "GET /images/mail.jpg HTTP/1.1" 200 11165 "http://image.baidu.com/i?ct=503316480&z=0&tn=baiduimagedetail" "Baiduspider-image+(+http://www.baidu.com/search/spider.htm)"
66.249.78.46 - - [01/Feb/2013:03:42:42 +0100] "GET /news.php?cs_go=archiv&cs_id=3061 HTTP/1.1" 200 9873 "-" "Mozilla/5.0 (compatible; Googlebot/2.1; +http://www.google.com/bot.html)"
66.249.78.46 - - [01/Feb/2013:03:52:27 +0100] "GET /news.php?cs_go=archiv&cs_id=2912 HTTP/1.1" 200 9765 "-" "Mozilla/5.0 (compatible; Googlebot/2.1; +http://www.google.com/bot.html)"
141.8.147.1 - - [01/Feb/2013:03:58:02 +0100] "GET /news.php?cs_go=archiv&cs_id=3548&cs_search= HTTP/1.1" 200 9873 "-" "Mozilla/5.0 (compatible; YandexBot/3.0; +http://yandex.com/bots)"
66.249.78.46 - - [01/Feb/2013:04:18:31 +0100] "GET /news.php?cs_go=archiv&cs_id=3152&cs_search= HTTP/1.1" 200 10029 "-" "Mozilla/5.0 (compatible; Googlebot/2.1; +http://www.google.com/bot.html)"
208.115.111.75 - - [01/Feb/2013:04:42:18 +0100] "GET /lexikon.php?cs_go=2&cs_char=f HTTP/1.1" 200 9595 "-" "Mozilla/5.0 (compatible; Ezooms/1.0; ezooms.bot@gmail.com)"
66.249.78.46 - - [01/Feb/2013:04:55:51 +0100] "GET /news.php?cs_go=archiv&cs_id=3118&cs_search= HTTP/1.1" 200 13656 "-" "Mozilla/5.0 (compatible; Googlebot/2.1; +http://www.google.com/bot.html)"
65.36.241.79 - - [01/Feb/2013:05:10:23 +0100] "HEAD / HTTP/1.1" 200 - "-" "InternetSeer.com"
66.249.78.46 - - [01/Feb/2013:05:10:30 +0100] "GET /news.php?cs_go=archiv&cs_startpos=601 HTTP/1.1" 200 8125 "-" "Mozilla/5.0 (compatible; Googlebot/2.1; +http://www.google.com/bot.html)"
66.249.78.46 - - [01/Feb/2013:05:15:22 +0100] "GET /news.php?cs_go=archiv&cs_startpos=571 HTTP/1.1" 200 8125 "-" "Mozilla/5.0 (compatible; Googlebot/2.1; +http://www.google.com/bot.html)"
66.249.78.46 - - [01/Feb/2013:05:34:50 +0100] "GET /news.php?cs_go=archiv&cs_id=2999&cs_search= HTTP/1.1" 200 12164 "-" "Mozilla/5.0 (compatible; Googlebot/2.1; +http://www.google.com/bot.html)"
66.249.75.46 - - [01/Feb/2013:05:38:09 +0100] "GET /news.php?cs_go=archiv&cs_id=3781 HTTP/1.1" 200 11328 "-" "DoCoMo/2.0 N905i(c100;TB;W24H16) (compatible; Googlebot-Mobile/2.1; +http://www.google.com/bot.html)"
66.249.78.46 - - [01/Feb/2013:05:49:31 +0100] "GET /news.php?cs_go=archiv&cs_id=3841 HTTP/1.1" 200 9866 "-" "Mozilla/5.0 (compatible; Googlebot/2.1; +http://www.google.com/bot.html)"
141.8.147.1 - - [01/Feb/2013:06:27:40 +0100] "GET /news.php?cs_go=archiv&cs_id=3542&cs_search= HTTP/1.1" 200 13418 "-" "Mozilla/5.0 (compatible; YandexBot/3.0; +http://yandex.com/bots)"
66.249.78.46 - - [01/Feb/2013:06:47:59 +0100] "GET /news.php?cs_go=archiv&cs_id=3844 HTTP/1.1" 200 13387 "-" "Mozilla/5.0 (compatible; Googlebot/2.1; +http://www.google.com/bot.html)"
208.115.111.75 - - [01/Feb/2013:06:49:25 +0100] "GET /robots.txt HTTP/1.1" 200 177 "-" "Mozilla/5.0 (compatible; Ezooms/1.0; ezooms.bot@gmail.com)"
66.249.78.46 - - [01/Feb/2013:06:52:55 +0100] "GET /news.php?cs_go=archiv&cs_id=3361&cs_search= HTTP/1.1" 200 13441 "-" "Mozilla/5.0 (compatible; Googlebot/2.1; +http://www.google.com/bot.html)"
66.249.78.46 - - [01/Feb/2013:06:57:44 +0100] "GET /news.php?cs_go=archiv&cs_id=3727 HTTP/1.1" 200 9672 "-" "Mozilla/5.0 (compatible; Googlebot/2.1; +http://www.google.com/bot.html)"
81.30.151.218 - - [01/Feb/2013:06:58:11 +0100] "GET /robots.txt HTTP/1.1" 200 177 "-" "Pixray-Seeker/2.0 (Pixray-Seeker; +http://www.pixray.com/pixraybot; +crawler@pixray.com)"
81.30.151.218 - - [01/Feb/2013:06:58:11 +0100] "GET /news.php?cs_go=archiv&cs_id=3668&cs_search= HTTP/1.1" 200 11365 "-" "Pixray-Seeker/2.0 (Pixray-Seeker; +http://www.pixray.com/pixraybot; +crawler@pixray.com)"
66.249.75.46 - - [01/Feb/2013:06:58:31 +0100] "GET /modul.css HTTP/1.1" 200 35038 "http://www.mink-gmbh.de/news.php?cs_go=archiv&cs_id=3844" "Mozilla/5.0 (compatible; Googlebot/2.1; +http://www.google.com/bot.html)"
66.249.78.46 - - [01/Feb/2013:07:07:33 +0100] "GET /news.php?cs_go=archiv&cs_id=3714&cs_search= HTTP/1.1" 200 11586 "-" "Mozilla/5.0 (compatible; Googlebot/2.1; +http://www.google.com/bot.html)"
130.83.167.153 - - [01/Feb/2013:07:24:25 +0100] "GET /energiesparcheck.php HTTP/1.1" 200 8461 "-" "findlinks/2.6 (+http://wortschatz.uni-leipzig.de/findlinks/)"
130.83.167.153 - - [01/Feb/2013:07:24:26 +0100] "GET /energiesparcheck.php HTTP/1.1" 200 13494 "-" "findlinks/2.6 (+http://wortschatz.uni-leipzig.de/findlinks/)"
66.249.78.46 - - [01/Feb/2013:07:27:02 +0100] "GET /news.php?cs_go=archiv&cs_id=3425&cs_search= HTTP/1.1" 200 13474 "-" "Mozilla/5.0 (compatible; Googlebot/2.1; +http://www.google.com/bot.html)"
66.249.78.46 - - [01/Feb/2013:07:28:36 +0100] "GET /news.php?cs_go=archiv HTTP/1.1" 200 22293 "-" "Mozilla/5.0 (iPhone; U; CPU iPhone OS 4_1 like Mac OS X; en-us) AppleWebKit/532.9 (KHTML, like Gecko) Version/4.0.5 Mobile/8B117 Safari/6531.22.7 (compatible; Googlebot-Mobile/2.1; +http://www.google.com/bot.html)"
139.18.2.17 - - [01/Feb/2013:07:28:45 +0100] "GET /news.php?cs_go=archiv&cs_id=3808 HTTP/1.1" 200 6992 "-" "findlinks/2.6 (+http://wortschatz.uni-leipzig.de/findlinks/)"
139.18.2.17 - - [01/Feb/2013:07:28:45 +0100] "GET /news.php?cs_go=archiv&cs_id=3808 HTTP/1.1" 200 13363 "-" "findlinks/2.6 (+http://wortschatz.uni-leipzig.de/findlinks/)"
66.249.75.46 - - [01/Feb/2013:07:56:19 +0100] "GET /news.php?cs_go=archiv&cs_id=3725 HTTP/1.1" 200 13804 "-" "Mozilla/5.0 (compatible; Googlebot/2.1; +http://www.google.com/bot.html)"
141.8.147.1 - - [01/Feb/2013:08:07:56 +0100] "GET /news.php?cs_go=archiv&cs_id=3871&cs_search= HTTP/1.1" 200 13455 "-" "Mozilla/5.0 (compatible; YandexBot/3.0; +http://yandex.com/bots)"
66.249.78.46 - - [01/Feb/2013:08:25:44 +0100] "GET /news.php?cs_go=archiv&cs_id=3224&cs_search= HTTP/1.1" 200 9938 "-" "Mozilla/5.0 (compatible; Googlebot/2.1; +http://www.google.com/bot.html)"
157.55.34.171 - - [01/Feb/2013:08:28:30 +0100] "GET /robots.txt HTTP/1.1" 200 177 "-" "Mozilla/5.0 (compatible; bingbot/2.0; +http://www.bing.com/bingbot.htm)"
66.249.78.46 - - [01/Feb/2013:08:30:28 +0100] "GET /news.php?cs_go=archiv&cs_id=3343&cs_search= HTTP/1.1" 200 16242 "-" "Mozilla/5.0 (compatible; Googlebot/2.1; +http://www.google.com/bot.html)"
157.55.34.171 - - [01/Feb/2013:08:30:29 +0100] "GET /news.php?cs_go=archiv&cs_id=3811 HTTP/1.1" 200 10104 "-" "Mozilla/5.0 (compatible; bingbot/2.0; +http://www.bing.com/bingbot.htm)"
157.55.34.171 - - [01/Feb/2013:08:30:29 +0100] "GET /news.php?cs_go=archiv&cs_id=3511 HTTP/1.1" 200 11721 "-" "Mozilla/5.0 (compatible; bingbot/2.0; +http://www.bing.com/bingbot.htm)"
157.55.34.171 - - [01/Feb/2013:08:30:46 +0100] "GET /lexikon.php?cs_go=3&cs_id=115 HTTP/1.1" 200 9602 "-" "Mozilla/5.0 (compatible; bingbot/2.0; +http://www.bing.com/bingbot.htm)"
157.55.34.171 - - [01/Feb/2013:08:30:46 +0100] "GET /lexikon.php?cs_go=3&cs_id=108 HTTP/1.1" 200 9616 "-" "Mozilla/5.0 (compatible; bingbot/2.0; +http://www.bing.com/bingbot.htm)"
178.192.100.97 - - [01/Feb/2013:08:32:11 +0100] "GET /index.php HTTP/1.1" 200 15327 "-" "findlinks/2.6 (+http://wortschatz.uni-leipzig.de/findlinks/)"
178.192.100.97 - - [01/Feb/2013:08:32:12 +0100] "GET /index.php HTTP/1.1" 200 14586 "-" "findlinks/2.6 (+http://wortschatz.uni-leipzig.de/findlinks/)"
66.249.78.46 - - [01/Feb/2013:08:40:13 +0100] "GET /modernisierung.php?cs_gp_go=coupon HTTP/1.1" 200 10192 "-" "Mozilla/5.0 (compatible; Googlebot/2.1; +http://www.google.com/bot.html)"
208.115.111.75 - - [01/Feb/2013:08:41:55 +0100] "GET /lexikon.php?cs_go=2&cs_char=d HTTP/1.1" 200 9421 "-" "Mozilla/5.0 (compatible; Ezooms/1.0; ezooms.bot@gmail.com)"
208.115.111.75 - - [01/Feb/2013:08:41:58 +0100] "GET /news.php?cs_go=archiv&cs_id=3823&cs_search= HTTP/1.1" 200 11538 "-" "Mozilla/5.0 (compatible; Ezooms/1.0; ezooms.bot@gmail.com)"
208.115.111.75 - - [01/Feb/2013:08:42:01 +0100] "GET /news.php?cs_go=archiv&cs_id=3836&cs_search= HTTP/1.1" 200 9872 "-" "Mozilla/5.0 (compatible; Ezooms/1.0; ezooms.bot@gmail.com)"
141.8.147.1 - - [01/Feb/2013:08:44:19 +0100] "GET /news.php?cs_go=archiv&cs_id=3595&cs_search= HTTP/1.1" 200 9794 "-" "Mozilla/5.0 (compatible; YandexBot/3.0; +http://yandex.com/bots)"
157.55.34.180 - - [01/Feb/2013:08:53:12 +0100] "GET /news.php?cs_go=archiv&cs_id=3805 HTTP/1.1" 200 13370 "-" "Mozilla/5.0 (compatible; bingbot/2.0; +http://www.bing.com/bingbot.htm)"
157.55.34.180 - - [01/Feb/2013:08:53:12 +0100] "GET /news.php?cs_go=archiv&cs_id=3513 HTTP/1.1" 200 13529 "-" "Mozilla/5.0 (compatible; bingbot/2.0; +http://www.bing.com/bingbot.htm)"
157.55.34.180 - - [01/Feb/2013:08:53:16 +0100] "GET /news.php?cs_go=archiv&cs_id=3884 HTTP/1.1" 200 11202 "-" "Mozilla/5.0 (compatible; bingbot/2.0; +http://www.bing.com/bingbot.htm)"
157.55.32.98 - - [01/Feb/2013:08:54:08 +0100] "GET /kontakt.php HTTP/1.1" 200 9198 "-" "Mozilla/5.0 (compatible; bingbot/2.0; +http://www.bing.com/bingbot.htm)"
157.55.32.98 - - [01/Feb/2013:08:54:08 +0100] "GET / HTTP/1.1" 200 15327 "-" "Mozilla/5.0 (compatible; bingbot/2.0; +http://www.bing.com/bingbot.htm)"
157.55.32.98 - - [01/Feb/2013:08:54:09 +0100] "GET /news.php?cs_go=archiv&cs_id=3714&cs_search= HTTP/1.1" 200 11586 "-" "Mozilla/5.0 (compatible; bingbot/2.0; +http://www.bing.com/bingbot.htm)"
157.55.32.98 - - [01/Feb/2013:08:54:09 +0100] "GET /news.php?cs_go=archiv&cs_id=3743 HTTP/1.1" 200 10811 "-" "Mozilla/5.0 (compatible; bingbot/2.0; +http://www.bing.com/bingbot.htm)"
157.55.32.98 - - [01/Feb/2013:08:54:10 +0100] "GET /news.php?cs_go=archiv&cs_id=3777 HTTP/1.1" 200 11980 "-" "Mozilla/5.0 (compatible; bingbot/2.0; +http://www.bing.com/bingbot.htm)"
157.55.32.98 - - [01/Feb/2013:08:54:10 +0100] "GET /news.php?cs_go=archiv&cs_id=3813 HTTP/1.1" 200 10259 "-" "Mozilla/5.0 (compatible; bingbot/2.0; +http://www.bing.com/bingbot.htm)"
157.55.32.98 - - [01/Feb/2013:08:54:11 +0100] "GET /news.php?cs_go=archiv&cs_id=3827 HTTP/1.1" 200 12637 "-" "Mozilla/5.0 (compatible; bingbot/2.0; +http://www.bing.com/bingbot.htm)"
157.55.32.98 - - [01/Feb/2013:08:54:11 +0100] "GET /news.php?cs_go=archiv&cs_id=3888 HTTP/1.1" 200 13349 "-" "Mozilla/5.0 (compatible; bingbot/2.0; +http://www.bing.com/bingbot.htm)"
157.55.32.98 - - [01/Feb/2013:08:54:12 +0100] "GET /news.php?cs_go=archiv&cs_startpos=200 HTTP/1.1" 200 22659 "-" "Mozilla/5.0 (compatible; bingbot/2.0; +http://www.bing.com/bingbot.htm)"
157.56.229.23 - - [01/Feb/2013:08:56:08 +0100] "GET /news.php?cs_go=archiv&cs_id=3886 HTTP/1.1" 200 9814 "-" "Mozilla/5.0 (compatible; bingbot/2.0; +http://www.bing.com/bingbot.htm)"
157.56.229.23 - - [01/Feb/2013:08:56:08 +0100] "GET /news.php?cs_go=archiv&cs_id=3721 HTTP/1.1" 200 11058 "-" "Mozilla/5.0 (compatible; bingbot/2.0; +http://www.bing.com/bingbot.htm)"
157.56.229.23 - - [01/Feb/2013:08:56:09 +0100] "GET /lexikon.php?cs_go=3&cs_id=113 HTTP/1.1" 200 8176 "-" "Mozilla/5.0 (compatible; bingbot/2.0; +http://www.bing.com/bingbot.htm)"
157.55.34.35 - - [01/Feb/2013:08:58:08 +0100] "GET /news.php?cs_go=archiv&cs_id=3743&cs_search= HTTP/1.1" 200 10811 "-" "Mozilla/5.0 (compatible; bingbot/2.0; +http://www.bing.com/bingbot.htm)"
157.55.34.35 - - [01/Feb/2013:08:58:08 +0100] "GET /news.php?cs_go=archiv&cs_id=3792 HTTP/1.1" 200 13473 "-" "Mozilla/5.0 (compatible; bingbot/2.0; +http://www.bing.com/bingbot.htm)"
157.55.34.35 - - [01/Feb/2013:08:58:09 +0100] "GET /news.php?cs_go=archiv&cs_id=3807 HTTP/1.1" 200 10071 "-" "Mozilla/5.0 (compatible; bingbot/2.0; +http://www.bing.com/bingbot.htm)"
157.55.34.35 - - [01/Feb/2013:08:58:09 +0100] "GET /news.php?cs_go=archiv&cs_id=3887 HTTP/1.1" 200 16034 "-" "Mozilla/5.0 (compatible; bingbot/2.0; +http://www.bing.com/bingbot.htm)"
157.55.34.35 - - [01/Feb/2013:08:58:10 +0100] "GET /lexikon.php?cs_go=3&cs_id=112 HTTP/1.1" 200 9151 "-" "Mozilla/5.0 (compatible; bingbot/2.0; +http://www.bing.com/bingbot.htm)"
157.55.34.35 - - [01/Feb/2013:08:58:10 +0100] "GET /news.php?cs_go=archiv&cs_startpos=0 HTTP/1.1" 200 22202 "-" "Mozilla/5.0 (compatible; bingbot/2.0; +http://www.bing.com/bingbot.htm)"
157.55.33.18 - - [01/Feb/2013:09:01:08 +0100] "GET /impressum.php HTTP/1.1" 200 8582 "-" "Mozilla/5.0 (compatible; bingbot/2.0; +http://www.bing.com/bingbot.htm)"
157.55.33.18 - - [01/Feb/2013:09:01:08 +0100] "GET /faq.php HTTP/1.1" 200 185910 "-" "Mozilla/5.0 (compatible; bingbot/2.0; +http://www.bing.com/bingbot.htm)"
157.55.33.18 - - [01/Feb/2013:09:01:09 +0100] "GET /news.php?cs_go=archiv&cs_id=3502 HTTP/1.1" 200 10261 "-" "Mozilla/5.0 (compatible; bingbot/2.0; +http://www.bing.com/bingbot.htm)"
157.55.33.18 - - [01/Feb/2013:09:01:10 +0100] "GET /news.php?cs_go=archiv&cs_id=3505 HTTP/1.1" 200 11897 "-" "Mozilla/5.0 (compatible; bingbot/2.0; +http://www.bing.com/bingbot.htm)"
157.55.33.18 - - [01/Feb/2013:09:01:10 +0100] "GET /news.php?cs_go=archiv&cs_id=3620&cs_search= HTTP/1.1" 200 11765 "-" "Mozilla/5.0 (compatible; bingbot/2.0; +http://www.bing.com/bingbot.htm)"
157.55.33.18 - - [01/Feb/2013:09:01:11 +0100] "GET /news.php?cs_go=archiv&cs_id=3744 HTTP/1.1" 200 12197 "-" "Mozilla/5.0 (compatible; bingbot/2.0; +http://www.bing.com/bingbot.htm)"
157.55.33.18 - - [01/Feb/2013:09:01:11 +0100] "GET /news.php?cs_go=archiv&cs_id=3811&cs_search= HTTP/1.1" 200 10104 "-" "Mozilla/5.0 (compatible; bingbot/2.0; +http://www.bing.com/bingbot.htm)"
157.55.33.18 - - [01/Feb/2013:09:01:12 +0100] "GET /news.php?cs_go=archiv&cs_id=3882 HTTP/1.1" 200 9842 "-" "Mozilla/5.0 (compatible; bingbot/2.0; +http://www.bing.com/bingbot.htm)"
157.55.33.18 - - [01/Feb/2013:09:01:12 +0100] "GET /news.php?cs_go=archiv&cs_id=3836 HTTP/1.1" 200 9872 "-" "Mozilla/5.0 (compatible; bingbot/2.0; +http://www.bing.com/bingbot.htm)"
157.55.33.18 - - [01/Feb/2013:09:01:13 +0100] "GET /news.php?cs_go=archiv&cs_id=3883 HTTP/1.1" 200 10346 "-" "Mozilla/5.0 (compatible; bingbot/2.0; +http://www.bing.com/bingbot.htm)"
157.55.33.18 - - [01/Feb/2013:09:01:13 +0100] "GET /news.php?cs_go=archiv&cs_id=3885 HTTP/1.1" 200 13537 "-" "Mozilla/5.0 (compatible; bingbot/2.0; +http://www.bing.com/bingbot.htm)"
157.55.33.18 - - [01/Feb/2013:09:01:14 +0100] "GET /lexikon.php?cs_go=3&cs_id=106 HTTP/1.1" 200 8460 "-" "Mozilla/5.0 (compatible; bingbot/2.0; +http://www.bing.com/bingbot.htm)"
157.55.33.18 - - [01/Feb/2013:09:01:14 +0100] "GET /lexikon.php?cs_go=3&cs_id=111 HTTP/1.1" 200 8057 "-" "Mozilla/5.0 (compatible; bingbot/2.0; +http://www.bing.com/bingbot.htm)"
141.8.147.1 - - [01/Feb/2013:09:22:13 +0100] "GET /news.php?cs_go=archiv&cs_id=3565&cs_search= HTTP/1.1" 200 13507 "-" "Mozilla/5.0 (compatible; YandexBot/3.0; +http://yandex.com/bots)"
66.249.78.46 - - [01/Feb/2013:09:24:06 +0100] "GET /lexikon.php?cs_go=3&cs_id=121 HTTP/1.1" 200 8373 "-" "Mozilla/5.0 (compatible; Googlebot/2.1; +http://www.google.com/bot.html)"
141.8.147.1 - - [01/Feb/2013:09:57:45 +0100] "GET /lexikon.php?cs_go=3&cs_id=201 HTTP/1.1" 200 8794 "-" "Mozilla/5.0 (compatible; YandexBot/3.0; +http://yandex.com/bots)"
66.249.75.46 - - [01/Feb/2013:09:58:16 +0100] "GET /news.php?cs_go=archiv&cs_id=2971&cs_search= HTTP/1.1" 200 12258 "-" "Mozilla/5.0 (compatible; Googlebot/2.1; +http://www.google.com/bot.html)"
81.30.151.218 - - [01/Feb/2013:10:17:42 +0100] "GET /news.php?cs_go=archiv&cs_id=3829&cs_search= HTTP/1.1" 200 11971 "-" "Pixray-Seeker/2.0 (Pixray-Seeker; +http://www.pixray.com/pixraybot; +crawler@pixray.com)"
208.115.111.75 - - [01/Feb/2013:10:33:02 +0100] "GET /robots.txt HTTP/1.1" 200 177 "-" "Mozilla/5.0 (compatible; Ezooms/1.0; ezooms.bot@gmail.com)"
141.8.147.1 - - [01/Feb/2013:10:33:17 +0100] "GET /news.php?cs_go=archiv&cs_id=3616&cs_search= HTTP/1.1" 200 9862 "-" "Mozilla/5.0 (compatible; YandexBot/3.0; +http://yandex.com/bots)"
66.249.75.46 - - [01/Feb/2013:10:41:21 +0100] "GET /news.php?cs_go=archiv&cs_startpos=360 HTTP/1.1" 200 8125 "-" "Mozilla/5.0 (compatible; Googlebot/2.1; +http://www.google.com/bot.html)"
66.249.78.46 - - [01/Feb/2013:10:50:21 +0100] "GET /news.php?cs_go=archiv&cs_id=3383 HTTP/1.1" 200 12797 "-" "Mozilla/5.0 (compatible; Googlebot/2.1; +http://www.google.com/bot.html)"
66.249.75.46 - - [01/Feb/2013:10:50:26 +0100] "GET /news.php?cs_go=archiv&cs_startpos=10 HTTP/1.1" 200 22419 "-" "Mozilla/5.0 (compatible; Googlebot/2.1; +http://www.google.com/bot.html)"
141.8.147.1 - - [01/Feb/2013:11:05:37 +0100] "GET /news.php?cs_go=archiv&cs_id=3707&cs_search= HTTP/1.1" 200 13473 "-" "Mozilla/5.0 (compatible; YandexBot/3.0; +http://yandex.com/bots)"
66.249.78.46 - - [01/Feb/2013:11:07:46 +0100] "GET /news.php?cs_go=archiv&cs_id=3624&cs_search= HTTP/1.1" 200 10078 "-" "Mozilla/5.0 (compatible; Googlebot/2.1; +http://www.google.com/bot.html)"
65.36.241.79 - - [01/Feb/2013:11:19:07 +0100] "HEAD / HTTP/1.1" 200 - "-" "InternetSeer.com"
81.30.151.218 - - [01/Feb/2013:11:31:15 +0100] "GET /news.php?cs_go=archiv&cs_id=3666&cs_search= HTTP/1.1" 200 13510 "-" "Pixray-Seeker/2.0 (Pixray-Seeker; +http://www.pixray.com/pixraybot; +crawler@pixray.com)"
141.8.147.1 - - [01/Feb/2013:11:40:55 +0100] "GET /news.php?cs_go=archiv&cs_id=3590&cs_search= HTTP/1.1" 200 9799 "-" "Mozilla/5.0 (compatible; YandexBot/3.0; +http://yandex.com/bots)"
66.249.78.46 - - [01/Feb/2013:12:19:42 +0100] "GET /news.php?cs_go=archiv&cs_id=3726 HTTP/1.1" 200 12050 "-" "Mozilla/5.0 (compatible; Googlebot/2.1; +http://www.google.com/bot.html)"
141.8.147.1 - - [01/Feb/2013:12:22:32 +0100] "GET /news.php?cs_go=archiv&cs_id=3499&cs_search= HTTP/1.1" 200 9866 "-" "Mozilla/5.0 (compatible; YandexBot/3.0; +http://yandex.com/bots)"
208.115.113.91 - - [01/Feb/2013:12:34:57 +0100] "GET /robots.txt HTTP/1.1" 200 177 "-" "Mozilla/5.0 (compatible; Ezooms/1.0; ezooms.bot@gmail.com)"
208.115.111.75 - - [01/Feb/2013:12:40:26 +0100] "GET /lexikon.php?cs_go=2&cs_char=b HTTP/1.1" 200 9730 "-" "Mozilla/5.0 (compatible; Ezooms/1.0; ezooms.bot@gmail.com)"
141.8.147.1 - - [01/Feb/2013:12:51:27 +0100] "GET /news.php?cs_go=archiv&cs_id=3561&cs_search= HTTP/1.1" 200 9991 "-" "Mozilla/5.0 (compatible; YandexBot/3.0; +http://yandex.com/bots)"
141.8.147.1 - - [01/Feb/2013:13:32:00 +0100] "GET /robots.txt HTTP/1.1" 200 177 "-" "Mozilla/5.0 (compatible; YandexBot/3.0; +http://yandex.com/bots)"
178.77.126.55 - - [01/Feb/2013:13:56:01 +0100] "GET /robots.txt HTTP/1.1" 200 177 "-" "Mozilla/5.0 (compatible; CareerBot/1.1; +http://www.career-x.de/bot.html)"
178.77.126.55 - - [01/Feb/2013:13:56:01 +0100] "GET / HTTP/1.1" 200 15359 "-" "Mozilla/5.0 (compatible; CareerBot/1.1; +http://www.career-x.de/bot.html)"
141.8.147.1 - - [01/Feb/2013:14:10:36 +0100] "GET /news.php?cs_go=archiv&cs_id=3613&cs_search= HTTP/1.1" 200 10256 "-" "Mozilla/5.0 (compatible; YandexBot/3.0; +http://yandex.com/bots)"
176.8.90.217 - - [01/Feb/2013:14:17:54 +0100] "GET /news.php?cs_go=archiv&cs_id=788&cs_search=+++++++++++++++Result:+%ED%E5+%ED%E0%F8%EB%EE%F1%FC+%F4%EE%F0%EC%FB+%E4%EB%FF+%EE%F2%EF%F0%E0%E2%EA%E8; HTTP/1.0" 200 7887 "http://www.mink-gmbh.de/news.php?cs_go=archiv&cs_id=788&cs_search=+++++++++++++++Result:+%ED%E5+%ED%E0%F8%EB%EE%F1%FC+%F4%EE%F0%EC%FB+%E4%EB%FF+%EE%F2%EF%F0%E0%E2%EA%E8;" "Mozilla/5.0 (Windows NT 6.1; WOW64) AppleWebKit/537.11 (KHTML, like Gecko) Chrome/23.0.1.0 Safari/537.11"
208.115.111.75 - - [01/Feb/2013:14:31:25 +0100] "GET /robots.txt HTTP/1.1" 200 177 "-" "Mozilla/5.0 (compatible; Ezooms/1.0; ezooms.bot@gmail.com)"
141.8.147.1 - - [01/Feb/2013:14:43:40 +0100] "GET /news.php?cs_go=archiv&cs_id=3604&cs_search= HTTP/1.1" 200 9768 "-" "Mozilla/5.0 (compatible; YandexBot/3.0; +http://yandex.com/bots)"
208.115.113.91 - - [01/Feb/2013:14:58:55 +0100] "GET /news.php?cs_go=archiv&cs_id=3827&cs_search= HTTP/1.1" 200 12637 "-" "Mozilla/5.0 (compatible; Ezooms/1.0; ezooms.bot@gmail.com)"
208.115.111.75 - - [01/Feb/2013:15:01:14 +0100] "GET / HTTP/1.1" 200 15365 "-" "Mozilla/5.0 (compatible; Ezooms/1.0; ezooms.bot@gmail.com)"
178.0.78.82 - - [01/Feb/2013:15:04:24 +0100] "GET /news.php?cs_go=archiv&cs_id=3708&cs_search= HTTP/1.1" 200 15548 "http://www.google.de/url?sa=t&rct=j&q=mink%20waschmaschienen&source=web&cd=2&ved=0CFEQFjAB&url=http%3A%2F%2Fwww.mink-gmbh.de%2Fnews.php%3Fcs_go%3Darchiv%26cs_id%3D3708%26cs_search%3D&ei=FssLUb_qJYjNhAePioGgBQ&usg=AFQjCNHQlaRLZcEmvzkNhFqMCn-CiGWBPA&bvm=bv.41867550,d.ZG4" "Mozilla/5.0 (X11; Ubuntu; Linux x86_64; rv:18.0) Gecko/20100101 Firefox/18.0"
178.0.78.82 - - [01/Feb/2013:15:04:24 +0100] "GET /style.css HTTP/1.1" 200 8418 "http://www.mink-gmbh.de/news.php?cs_go=archiv&cs_id=3708&cs_search=" "Mozilla/5.0 (X11; Ubuntu; Linux x86_64; rv:18.0) Gecko/20100101 Firefox/18.0"
178.0.78.82 - - [01/Feb/2013:15:04:24 +0100] "GET /favicon.ico HTTP/1.1" 200 3638 "-" "Mozilla/5.0 (X11; Ubuntu; Linux x86_64; rv:18.0) Gecko/20100101 Firefox/18.0"
178.0.78.82 - - [01/Feb/2013:15:04:24 +0100] "GET /images/mail.jpg HTTP/1.1" 200 11165 "http://www.mink-gmbh.de/news.php?cs_go=archiv&cs_id=3708&cs_search=" "Mozilla/5.0 (X11; Ubuntu; Linux x86_64; rv:18.0) Gecko/20100101 Firefox/18.0"
178.0.78.82 - - [01/Feb/2013:15:04:24 +0100] "GET /images/kwk.gif HTTP/1.1" 200 6403 "http://www.mink-gmbh.de/news.php?cs_go=archiv&cs_id=3708&cs_search=" "Mozilla/5.0 (X11; Ubuntu; Linux x86_64; rv:18.0) Gecko/20100101 Firefox/18.0"
178.0.78.82 - - [01/Feb/2013:15:04:24 +0100] "GET /modul.css HTTP/1.1" 200 35038 "http://www.mink-gmbh.de/news.php?cs_go=archiv&cs_id=3708&cs_search=" "Mozilla/5.0 (X11; Ubuntu; Linux x86_64; rv:18.0) Gecko/20100101 Firefox/18.0"
178.0.78.82 - - [01/Feb/2013:15:04:24 +0100] "GET /images/logos.jpg HTTP/1.1" 200 15002 "http://www.mink-gmbh.de/news.php?cs_go=archiv&cs_id=3708&cs_search=" "Mozilla/5.0 (X11; Ubuntu; Linux x86_64; rv:18.0) Gecko/20100101 Firefox/18.0"
178.0.78.82 - - [01/Feb/2013:15:04:24 +0100] "GET /images/freecall.jpg HTTP/1.1" 200 39195 "http://www.mink-gmbh.de/news.php?cs_go=archiv&cs_id=3708&cs_search=" "Mozilla/5.0 (X11; Ubuntu; Linux x86_64; rv:18.0) Gecko/20100101 Firefox/18.0"
178.0.78.82 - - [01/Feb/2013:15:04:24 +0100] "GET /images/wunschpreis.jpg HTTP/1.1" 200 16767 "http://www.mink-gmbh.de/news.php?cs_go=archiv&cs_id=3708&cs_search=" "Mozilla/5.0 (X11; Ubuntu; Linux x86_64; rv:18.0) Gecko/20100101 Firefox/18.0"
178.0.78.82 - - [01/Feb/2013:15:04:25 +0100] "GET /images/bg.jpg HTTP/1.1" 200 345 "http://www.mink-gmbh.de/style.css" "Mozilla/5.0 (X11; Ubuntu; Linux x86_64; rv:18.0) Gecko/20100101 Firefox/18.0"
178.0.78.82 - - [01/Feb/2013:15:04:25 +0100] "GET /images/close.png HTTP/1.1" 200 703 "http://www.mink-gmbh.de/news.php?cs_go=archiv&cs_id=3708&cs_search=" "Mozilla/5.0 (X11; Ubuntu; Linux x86_64; rv:18.0) Gecko/20100101 Firefox/18.0"
178.0.78.82 - - [01/Feb/2013:15:04:25 +0100] "GET /images/newsletter_bg.jpg HTTP/1.1" 200 33610 "http://www.mink-gmbh.de/news.php?cs_go=archiv&cs_id=3708&cs_search=" "Mozilla/5.0 (X11; Ubuntu; Linux x86_64; rv:18.0) Gecko/20100101 Firefox/18.0"
178.0.78.82 - - [01/Feb/2013:15:04:25 +0100] "GET /images/newsletter.png HTTP/1.1" 200 14619 "http://www.mink-gmbh.de/style.css" "Mozilla/5.0 (X11; Ubuntu; Linux x86_64; rv:18.0) Gecko/20100101 Firefox/18.0"
178.0.78.82 - - [01/Feb/2013:15:04:25 +0100] "GET /images/navibg.png HTTP/1.1" 200 2803 "http://www.mink-gmbh.de/style.css" "Mozilla/5.0 (X11; Ubuntu; Linux x86_64; rv:18.0) Gecko/20100101 Firefox/18.0"
178.0.78.82 - - [01/Feb/2013:15:04:25 +0100] "GET /images/footerbg.jpg HTTP/1.1" 200 2184 "http://www.mink-gmbh.de/style.css" "Mozilla/5.0 (X11; Ubuntu; Linux x86_64; rv:18.0) Gecko/20100101 Firefox/18.0"
178.0.78.82 - - [01/Feb/2013:15:04:25 +0100] "GET /images/wrapperbg.jpg HTTP/1.1" 200 27465 "http://www.mink-gmbh.de/style.css" "Mozilla/5.0 (X11; Ubuntu; Linux x86_64; rv:18.0) Gecko/20100101 Firefox/18.0"
178.0.78.82 - - [01/Feb/2013:15:04:25 +0100] "GET /images/header.jpg HTTP/1.1" 200 24413 "http://www.mink-gmbh.de/style.css" "Mozilla/5.0 (X11; Ubuntu; Linux x86_64; rv:18.0) Gecko/20100101 Firefox/18.0"
178.0.78.82 - - [01/Feb/2013:15:04:38 +0100] "GET /standard.php HTTP/1.1" 200 9131 "http://www.mink-gmbh.de/news.php?cs_go=archiv&cs_id=3708&cs_search=" "Mozilla/5.0 (X11; Ubuntu; Linux x86_64; rv:18.0) Gecko/20100101 Firefox/18.0"
81.30.151.218 - - [01/Feb/2013:15:09:58 +0100] "GET /news.php?cs_go=archiv&cs_id=3682&cs_search= HTTP/1.1" 200 9817 "-" "Pixray-Seeker/2.0 (Pixray-Seeker; +http://www.pixray.com/pixraybot; +crawler@pixray.com)"
141.8.147.1 - - [01/Feb/2013:15:15:49 +0100] "GET /news.php?cs_go=archiv&cs_id=3779&cs_search= HTTP/1.1" 200 9890 "-" "Mozilla/5.0 (compatible; YandexBot/3.0; +http://yandex.com/bots)"
66.249.78.46 - - [01/Feb/2013:15:34:53 +0100] "GET /news.php?cs_go=archiv&cs_id=3558 HTTP/1.1" 200 11730 "-" "Mozilla/5.0 (compatible; Googlebot/2.1; +http://www.google.com/bot.html)"
141.8.147.1 - - [01/Feb/2013:15:35:09 +0100] "GET /news.php?cs_go=archiv&cs_id=3529&cs_search= HTTP/1.1" 200 9913 "-" "Mozilla/5.0 (compatible; YandexBot/3.0; +http://yandex.com/bots)"
157.55.32.98 - - [01/Feb/2013:15:38:07 +0100] "GET /robots.txt HTTP/1.1" 200 177 "-" "Mozilla/5.0 (compatible; bingbot/2.0; +http://www.bing.com/bingbot.htm)"
157.55.32.98 - - [01/Feb/2013:15:39:39 +0100] "GET / HTTP/1.1" 200 15365 "-" "Mozilla/5.0 (compatible; bingbot/2.0; +http://www.bing.com/bingbot.htm)"
81.30.151.218 - - [01/Feb/2013:15:40:42 +0100] "GET /news.php?cs_go=archiv&cs_id=2723&cs_search= HTTP/1.1" 200 14260 "-" "Pixray-Seeker/2.0 (Pixray-Seeker; +http://www.pixray.com/pixraybot; +crawler@pixray.com)"
141.8.147.1 - - [01/Feb/2013:15:55:21 +0100] "GET /news.php?cs_go=archiv&cs_id=3705&cs_search= HTTP/1.1" 200 9813 "-" "Mozilla/5.0 (compatible; YandexBot/3.0; +http://yandex.com/bots)"
81.30.151.218 - - [01/Feb/2013:16:01:12 +0100] "GET /news.php?cs_go=archiv&cs_id=3848&cs_search= HTTP/1.1" 200 13537 "-" "Pixray-Seeker/2.0 (Pixray-Seeker; +http://www.pixray.com/pixraybot; +crawler@pixray.com)"
65.36.241.79 - - [01/Feb/2013:16:09:45 +0100] "HEAD / HTTP/1.1" 200 - "-" "InternetSeer.com"
141.8.147.1 - - [01/Feb/2013:16:14:32 +0100] "GET /news.php?cs_go=archiv&cs_id=3483&cs_search= HTTP/1.1" 200 9913 "-" "Mozilla/5.0 (compatible; YandexBot/3.0; +http://yandex.com/bots)"
81.169.134.32 - - [01/Feb/2013:16:18:52 +0100] "GET / HTTP/1.1" 200 15365 "http://www.mink-gmbh.de/" "Opera/9.80 (Windows NT 5.1; U; en) Presto/2.10.289 Version/12.01"
81.169.134.32 - - [01/Feb/2013:16:19:28 +0100] "GET /impressum.php HTTP/1.1" 200 8495 "http://www.mink-gmbh.de/" "Opera/9.80 (Windows NT 5.1; U; en) Presto/2.10.289 Version/12.01"
81.169.134.32 - - [01/Feb/2013:16:19:28 +0100] "GET /kontakt.php HTTP/1.1" 200 9111 "http://www.mink-gmbh.de/" "Opera/9.80 (Windows NT 5.1; U; en) Presto/2.10.289 Version/12.01"
130.83.167.153 - - [01/Feb/2013:16:31:16 +0100] "GET /impressum.php HTTP/1.1" 200 8582 "-" "findlinks/2.6 (+http://wortschatz.uni-leipzig.de/findlinks/)"
130.83.167.153 - - [01/Feb/2013:16:31:16 +0100] "GET /impressum.php HTTP/1.1" 200 8495 "-" "findlinks/2.6 (+http://wortschatz.uni-leipzig.de/findlinks/)"
141.8.147.1 - - [01/Feb/2013:16:32:37 +0100] "GET /news.php?cs_go=archiv&cs_id=3502&cs_search= HTTP/1.1" 200 10261 "-" "Mozilla/5.0 (compatible; YandexBot/3.0; +http://yandex.com/bots)"
81.30.151.218 - - [01/Feb/2013:16:34:50 +0100] "GET /robots.txt HTTP/1.1" 200 177 "-" "Pixray-Seeker/2.0 (Pixray-Seeker; +http://www.pixray.com/pixraybot; +crawler@pixray.com)"
81.30.151.218 - - [01/Feb/2013:16:34:50 +0100] "GET /news.php?cs_go=archiv&cs_id=3825&cs_search= HTTP/1.1" 200 11336 "-" "Pixray-Seeker/2.0 (Pixray-Seeker; +http://www.pixray.com/pixraybot; +crawler@pixray.com)"
208.115.111.75 - - [01/Feb/2013:16:44:37 +0100] "GET /news.php?cs_go=archiv&cs_startpos=1300 HTTP/1.1" 200 8126 "-" "Mozilla/5.0 (compatible; Ezooms/1.0; ezooms.bot@gmail.com)"
208.115.111.75 - - [01/Feb/2013:16:44:39 +0100] "GET /news.php?cs_go=archiv&cs_startpos=1561 HTTP/1.1" 200 8126 "-" "Mozilla/5.0 (compatible; Ezooms/1.0; ezooms.bot@gmail.com)"
208.115.111.75 - - [01/Feb/2013:16:44:42 +0100] "GET /news.php?cs_go=archiv&cs_startpos=190 HTTP/1.1" 200 22675 "-" "Mozilla/5.0 (compatible; Ezooms/1.0; ezooms.bot@gmail.com)"
141.8.147.1 - - [01/Feb/2013:16:50:46 +0100] "GET /news.php?cs_go=archiv&cs_id=3506&cs_search= HTTP/1.1" 200 11404 "-" "Mozilla/5.0 (compatible; YandexBot/3.0; +http://yandex.com/bots)"
141.8.147.1 - - [01/Feb/2013:17:08:08 +0100] "GET /news.php?cs_go=archiv&cs_id=3514&cs_search= HTTP/1.1" 200 14386 "-" "Mozilla/5.0 (compatible; YandexBot/3.0; +http://yandex.com/bots)"
141.8.147.1 - - [01/Feb/2013:17:25:47 +0100] "GET /news.php?cs_go=archiv&cs_id=3577&cs_search= HTTP/1.1" 200 9891 "-" "Mozilla/5.0 (compatible; YandexBot/3.0; +http://yandex.com/bots)"
141.8.147.1 - - [01/Feb/2013:17:42:55 +0100] "GET /news.php?cs_go=archiv&cs_id=3521&cs_search= HTTP/1.1" 200 13261 "-" "Mozilla/5.0 (compatible; YandexBot/3.0; +http://yandex.com/bots)"
92.225.100.196 - - [01/Feb/2013:17:46:18 +0100] "GET /style.css HTTP/1.1" 200 8418 "http://www.mink-gmbh.de/" "Mozilla/5.0 (Windows NT 6.0; rv:18.0) Gecko/20100101 Firefox/18.0"
92.225.100.196 - - [01/Feb/2013:17:46:18 +0100] "GET /favicon.ico HTTP/1.1" 200 3638 "-" "Mozilla/5.0 (Windows NT 6.0; rv:18.0) Gecko/20100101 Firefox/18.0"
92.225.100.196 - - [01/Feb/2013:17:46:18 +0100] "GET /modul.css HTTP/1.1" 200 35038 "http://www.mink-gmbh.de/" "Mozilla/5.0 (Windows NT 6.0; rv:18.0) Gecko/20100101 Firefox/18.0"
92.225.100.196 - - [01/Feb/2013:17:46:22 +0100] "GET /js_contentserver24_greybox/gb_styles.css HTTP/1.1" 200 2302 "http://www.mink-gmbh.de/" "Mozilla/5.0 (Windows NT 6.0; rv:18.0) Gecko/20100101 Firefox/18.0"
92.225.100.196 - - [01/Feb/2013:17:46:22 +0100] "GET /js_contentserver24_greybox/AJS.js HTTP/1.1" 200 10396 "http://www.mink-gmbh.de/" "Mozilla/5.0 (Windows NT 6.0; rv:18.0) Gecko/20100101 Firefox/18.0"
92.225.100.196 - - [01/Feb/2013:17:46:22 +0100] "GET /js_contentserver24_greybox/AJS_fx.js HTTP/1.1" 200 3192 "http://www.mink-gmbh.de/" "Mozilla/5.0 (Windows NT 6.0; rv:18.0) Gecko/20100101 Firefox/18.0"
92.225.100.196 - - [01/Feb/2013:17:46:22 +0100] "GET /js_contentserver24_greybox/gb_scripts.js HTTP/1.1" 200 11913 "http://www.mink-gmbh.de/" "Mozilla/5.0 (Windows NT 6.0; rv:18.0) Gecko/20100101 Firefox/18.0"
92.225.100.196 - - [01/Feb/2013:17:46:23 +0100] "GET /images/bg.jpg HTTP/1.1" 200 345 "http://www.mink-gmbh.de/style.css" "Mozilla/5.0 (Windows NT 6.0; rv:18.0) Gecko/20100101 Firefox/18.0"
92.225.100.196 - - [01/Feb/2013:17:46:23 +0100] "GET /js_contentserver24_greybox/w_close.gif HTTP/1.1" 200 74 "http://www.mink-gmbh.de/" "Mozilla/5.0 (Windows NT 6.0; rv:18.0) Gecko/20100101 Firefox/18.0"
92.225.100.196 - - [01/Feb/2013:17:46:23 +0100] "GET /images/close.png HTTP/1.1" 200 703 "http://www.mink-gmbh.de/" "Mozilla/5.0 (Windows NT 6.0; rv:18.0) Gecko/20100101 Firefox/18.0"
92.225.100.196 - - [01/Feb/2013:17:46:23 +0100] "GET /images/newsletter.png HTTP/1.1" 200 14619 "http://www.mink-gmbh.de/style.css" "Mozilla/5.0 (Windows NT 6.0; rv:18.0) Gecko/20100101 Firefox/18.0"
92.225.100.196 - - [01/Feb/2013:17:46:23 +0100] "GET /images/wrapperbg.jpg HTTP/1.1" 200 27465 "http://www.mink-gmbh.de/style.css" "Mozilla/5.0 (Windows NT 6.0; rv:18.0) Gecko/20100101 Firefox/18.0"
92.225.100.196 - - [01/Feb/2013:17:46:23 +0100] "GET /images/navibg.png HTTP/1.1" 200 2803 "http://www.mink-gmbh.de/style.css" "Mozilla/5.0 (Windows NT 6.0; rv:18.0) Gecko/20100101 Firefox/18.0"
92.225.100.196 - - [01/Feb/2013:17:46:23 +0100] "GET /images/newsletter_bg.jpg HTTP/1.1" 200 33610 "http://www.mink-gmbh.de/" "Mozilla/5.0 (Windows NT 6.0; rv:18.0) Gecko/20100101 Firefox/18.0"
92.225.100.196 - - [01/Feb/2013:17:46:23 +0100] "GET /images/header.jpg HTTP/1.1" 200 24413 "http://www.mink-gmbh.de/style.css" "Mozilla/5.0 (Windows NT 6.0; rv:18.0) Gecko/20100101 Firefox/18.0"
92.225.100.196 - - [01/Feb/2013:17:46:23 +0100] "GET /images/steigend.png HTTP/1.1" 200 688 "http://www.mink-gmbh.de/modul.css" "Mozilla/5.0 (Windows NT 6.0; rv:18.0) Gecko/20100101 Firefox/18.0"
92.225.100.196 - - [01/Feb/2013:17:46:23 +0100] "GET /images/tkw.jpg HTTP/1.1" 200 64031 "http://www.mink-gmbh.de/" "Mozilla/5.0 (Windows NT 6.0; rv:18.0) Gecko/20100101 Firefox/18.0"
92.225.100.196 - - [01/Feb/2013:17:46:17 +0100] "GET / HTTP/1.1" 200 15365 "http://www.google.de/url?sa=t&rct=j&q=heiz%C3%B6lpreise%20berlin%20mink&source=web&cd=1&ved=0CDAQFjAA&url=http%3A%2F%2Fwww.mink-gmbh.de%2F&ei=GvELUbnLHYTCtAamu4Bg&usg=AFQjCNFHX4Iglls9oo-KYXTmDUV_5KOVIg" "Mozilla/5.0 (Windows NT 6.0; rv:18.0) Gecko/20100101 Firefox/18.0"
92.225.100.196 - - [01/Feb/2013:17:46:24 +0100] "GET /js_contentserver24_greybox/loader_frame.html?s=0 HTTP/1.1" 200 2084 "http://www.mink-gmbh.de/" "Mozilla/5.0 (Windows NT 6.0; rv:18.0) Gecko/20100101 Firefox/18.0"
92.225.100.196 - - [01/Feb/2013:17:46:24 +0100] "GET /js_contentserver24_greybox/header_bg.gif HTTP/1.1" 200 1188 "http://www.mink-gmbh.de/" "Mozilla/5.0 (Windows NT 6.0; rv:18.0) Gecko/20100101 Firefox/18.0"
92.225.100.196 - - [01/Feb/2013:17:46:24 +0100] "GET /images/mobil.jpg HTTP/1.1" 200 25293 "http://www.mink-gmbh.de/style.css" "Mozilla/5.0 (Windows NT 6.0; rv:18.0) Gecko/20100101 Firefox/18.0"
92.225.100.196 - - [01/Feb/2013:17:46:24 +0100] "GET /images/newsletter.jpg HTTP/1.1" 200 13130 "http://www.mink-gmbh.de/style.css" "Mozilla/5.0 (Windows NT 6.0; rv:18.0) Gecko/20100101 Firefox/18.0"
92.225.100.196 - - [01/Feb/2013:17:46:24 +0100] "GET /images/freecall.jpg HTTP/1.1" 200 39195 "http://www.mink-gmbh.de/" "Mozilla/5.0 (Windows NT 6.0; rv:18.0) Gecko/20100101 Firefox/18.0"
92.225.100.196 - - [01/Feb/2013:17:46:24 +0100] "GET /images/mail.jpg HTTP/1.1" 200 11165 "http://www.mink-gmbh.de/" "Mozilla/5.0 (Windows NT 6.0; rv:18.0) Gecko/20100101 Firefox/18.0"
92.225.100.196 - - [01/Feb/2013:17:46:24 +0100] "GET /images/kwk.gif HTTP/1.1" 200 6403 "http://www.mink-gmbh.de/" "Mozilla/5.0 (Windows NT 6.0; rv:18.0) Gecko/20100101 Firefox/18.0"
92.225.100.196 - - [01/Feb/2013:17:46:24 +0100] "GET /images/wunschpreis.jpg HTTP/1.1" 200 16767 "http://www.mink-gmbh.de/" "Mozilla/5.0 (Windows NT 6.0; rv:18.0) Gecko/20100101 Firefox/18.0"
92.225.100.196 - - [01/Feb/2013:17:46:24 +0100] "GET /images/logos.jpg HTTP/1.1" 200 15002 "http://www.mink-gmbh.de/" "Mozilla/5.0 (Windows NT 6.0; rv:18.0) Gecko/20100101 Firefox/18.0"
92.225.100.196 - - [01/Feb/2013:17:46:24 +0100] "GET /images/footerbg.jpg HTTP/1.1" 200 2184 "http://www.mink-gmbh.de/style.css" "Mozilla/5.0 (Windows NT 6.0; rv:18.0) Gecko/20100101 Firefox/18.0"
92.225.100.196 - - [01/Feb/2013:17:46:24 +0100] "GET /js_contentserver24_greybox/indicator.gif HTTP/1.1" 200 8238 "http://www.mink-gmbh.de/js_contentserver24_greybox/loader_frame.html?s=0" "Mozilla/5.0 (Windows NT 6.0; rv:18.0) Gecko/20100101 Firefox/18.0"
92.225.100.196 - - [01/Feb/2013:17:46:25 +0100] "GET /js_contentserver24_greybox/g_close.gif HTTP/1.1" 200 541 "http://www.mink-gmbh.de/" "Mozilla/5.0 (Windows NT 6.0; rv:18.0) Gecko/20100101 Firefox/18.0"
92.225.100.196 - - [01/Feb/2013:17:47:39 +0100] "GET /standard.php HTTP/1.1" 200 9131 "http://www.mink-gmbh.de/" "Mozilla/5.0 (Windows NT 6.0; rv:18.0) Gecko/20100101 Firefox/18.0"
92.225.100.196 - - [01/Feb/2013:17:48:01 +0100] "GET /optiplus.php HTTP/1.1" 200 11013 "http://www.mink-gmbh.de/standard.php" "Mozilla/5.0 (Windows NT 6.0; rv:18.0) Gecko/20100101 Firefox/18.0"
92.225.100.196 - - [01/Feb/2013:17:48:01 +0100] "GET /images/Optiseite.jpg HTTP/1.1" 200 32107 "http://www.mink-gmbh.de/optiplus.php" "Mozilla/5.0 (Windows NT 6.0; rv:18.0) Gecko/20100101 Firefox/18.0"
92.225.100.196 - - [01/Feb/2013:17:48:01 +0100] "GET /images/optiplus.jpg HTTP/1.1" 200 37436 "http://www.mink-gmbh.de/optiplus.php" "Mozilla/5.0 (Windows NT 6.0; rv:18.0) Gecko/20100101 Firefox/18.0"
92.225.100.196 - - [01/Feb/2013:17:48:30 +0100] "GET /additive.php HTTP/1.1" 200 8285 "http://www.mink-gmbh.de/optiplus.php" "Mozilla/5.0 (Windows NT 6.0; rv:18.0) Gecko/20100101 Firefox/18.0"
92.225.100.196 - - [01/Feb/2013:17:48:45 +0100] "GET /.php HTTP/1.1" 404 - "http://www.mink-gmbh.de/additive.php" "Mozilla/5.0 (Windows NT 6.0; rv:18.0) Gecko/20100101 Firefox/18.0"
92.225.100.196 - - [01/Feb/2013:17:48:47 +0100] "GET /additive.php HTTP/1.1" 200 8285 "http://www.mink-gmbh.de/optiplus.php" "Mozilla/5.0 (Windows NT 6.0; rv:18.0) Gecko/20100101 Firefox/18.0"
92.225.100.196 - - [01/Feb/2013:17:48:51 +0100] "GET /optiplus.php HTTP/1.1" 200 11013 "http://www.mink-gmbh.de/standard.php" "Mozilla/5.0 (Windows NT 6.0; rv:18.0) Gecko/20100101 Firefox/18.0"
92.225.100.196 - - [01/Feb/2013:17:48:53 +0100] "GET /standard.php HTTP/1.1" 200 9131 "http://www.mink-gmbh.de/" "Mozilla/5.0 (Windows NT 6.0; rv:18.0) Gecko/20100101 Firefox/18.0"
92.225.100.196 - - [01/Feb/2013:17:48:54 +0100] "GET / HTTP/1.1" 200 14624 "http://www.google.de/url?sa=t&rct=j&q=heiz%C3%B6lpreise%20berlin%20mink&source=web&cd=1&ved=0CDAQFjAA&url=http%3A%2F%2Fwww.mink-gmbh.de%2F&ei=GvELUbnLHYTCtAamu4Bg&usg=AFQjCNFHX4Iglls9oo-KYXTmDUV_5KOVIg" "Mozilla/5.0 (Windows NT 6.0; rv:18.0) Gecko/20100101 Firefox/18.0"
141.8.147.1 - - [01/Feb/2013:17:59:08 +0100] "GET /news.php?cs_go=archiv&cs_id=3582&cs_search= HTTP/1.1" 200 9775 "-" "Mozilla/5.0 (compatible; YandexBot/3.0; +http://yandex.com/bots)"
91.66.42.125 - - [01/Feb/2013:18:09:26 +0100] "GET /style.css HTTP/1.1" 200 8418 "http://www.mink-gmbh.de/" "Mozilla/5.0 (Windows NT 6.1; rv:18.0) Gecko/20100101 Firefox/18.0"
91.66.42.125 - - [01/Feb/2013:18:09:26 +0100] "GET /favicon.ico HTTP/1.1" 200 3638 "-" "Mozilla/5.0 (Windows NT 6.1; rv:18.0) Gecko/20100101 Firefox/18.0"
91.66.42.125 - - [01/Feb/2013:18:09:26 +0100] "GET /modul.css HTTP/1.1" 200 35038 "http://www.mink-gmbh.de/" "Mozilla/5.0 (Windows NT 6.1; rv:18.0) Gecko/20100101 Firefox/18.0"
91.66.42.125 - - [01/Feb/2013:18:09:26 +0100] "GET /js_contentserver24_greybox/gb_styles.css HTTP/1.1" 200 2302 "http://www.mink-gmbh.de/" "Mozilla/5.0 (Windows NT 6.1; rv:18.0) Gecko/20100101 Firefox/18.0"
91.66.42.125 - - [01/Feb/2013:18:09:26 +0100] "GET /js_contentserver24_greybox/AJS.js HTTP/1.1" 200 10396 "http://www.mink-gmbh.de/" "Mozilla/5.0 (Windows NT 6.1; rv:18.0) Gecko/20100101 Firefox/18.0"
91.66.42.125 - - [01/Feb/2013:18:09:26 +0100] "GET /js_contentserver24_greybox/AJS_fx.js HTTP/1.1" 200 3192 "http://www.mink-gmbh.de/" "Mozilla/5.0 (Windows NT 6.1; rv:18.0) Gecko/20100101 Firefox/18.0"
91.66.42.125 - - [01/Feb/2013:18:09:26 +0100] "GET /js_contentserver24_greybox/gb_scripts.js HTTP/1.1" 200 11913 "http://www.mink-gmbh.de/" "Mozilla/5.0 (Windows NT 6.1; rv:18.0) Gecko/20100101 Firefox/18.0"
91.66.42.125 - - [01/Feb/2013:18:09:26 +0100] "GET /images/bg.jpg HTTP/1.1" 200 345 "http://www.mink-gmbh.de/style.css" "Mozilla/5.0 (Windows NT 6.1; rv:18.0) Gecko/20100101 Firefox/18.0"
91.66.42.125 - - [01/Feb/2013:18:09:26 +0100] "GET /js_contentserver24_greybox/w_close.gif HTTP/1.1" 200 74 "http://www.mink-gmbh.de/" "Mozilla/5.0 (Windows NT 6.1; rv:18.0) Gecko/20100101 Firefox/18.0"
91.66.42.125 - - [01/Feb/2013:18:09:26 +0100] "GET /images/close.png HTTP/1.1" 200 703 "http://www.mink-gmbh.de/" "Mozilla/5.0 (Windows NT 6.1; rv:18.0) Gecko/20100101 Firefox/18.0"
91.66.42.125 - - [01/Feb/2013:18:09:26 +0100] "GET /images/newsletter_bg.jpg HTTP/1.1" 200 33610 "http://www.mink-gmbh.de/" "Mozilla/5.0 (Windows NT 6.1; rv:18.0) Gecko/20100101 Firefox/18.0"
91.66.42.125 - - [01/Feb/2013:18:09:26 +0100] "GET /images/newsletter.png HTTP/1.1" 200 14619 "http://www.mink-gmbh.de/style.css" "Mozilla/5.0 (Windows NT 6.1; rv:18.0) Gecko/20100101 Firefox/18.0"
91.66.42.125 - - [01/Feb/2013:18:09:26 +0100] "GET /images/wrapperbg.jpg HTTP/1.1" 200 27465 "http://www.mink-gmbh.de/style.css" "Mozilla/5.0 (Windows NT 6.1; rv:18.0) Gecko/20100101 Firefox/18.0"
91.66.42.125 - - [01/Feb/2013:18:09:26 +0100] "GET /images/header.jpg HTTP/1.1" 200 24413 "http://www.mink-gmbh.de/style.css" "Mozilla/5.0 (Windows NT 6.1; rv:18.0) Gecko/20100101 Firefox/18.0"
91.66.42.125 - - [01/Feb/2013:18:09:26 +0100] "GET /images/navibg.png HTTP/1.1" 200 2803 "http://www.mink-gmbh.de/style.css" "Mozilla/5.0 (Windows NT 6.1; rv:18.0) Gecko/20100101 Firefox/18.0"
91.66.42.125 - - [01/Feb/2013:18:09:26 +0100] "GET /images/steigend.png HTTP/1.1" 200 688 "http://www.mink-gmbh.de/modul.css" "Mozilla/5.0 (Windows NT 6.1; rv:18.0) Gecko/20100101 Firefox/18.0"
91.66.42.125 - - [01/Feb/2013:18:09:26 +0100] "GET /images/tkw.jpg HTTP/1.1" 200 64031 "http://www.mink-gmbh.de/" "Mozilla/5.0 (Windows NT 6.1; rv:18.0) Gecko/20100101 Firefox/18.0"
91.66.42.125 - - [01/Feb/2013:18:09:27 +0100] "GET /js_contentserver24_greybox/loader_frame.html?s=0 HTTP/1.1" 200 2084 "http://www.mink-gmbh.de/" "Mozilla/5.0 (Windows NT 6.1; rv:18.0) Gecko/20100101 Firefox/18.0"
91.66.42.125 - - [01/Feb/2013:18:09:26 +0100] "GET / HTTP/1.1" 200 15365 "http://www.google.de/url?sa=t&rct=j&q=mink&source=web&cd=4&ved=0CEcQFjAD&url=http%3A%2F%2Fwww.mink-gmbh.de%2F&ei=gvYLUcCGI8TAswbk4oDoDA&usg=AFQjCNFHX4Iglls9oo-KYXTmDUV_5KOVIg&bvm=bv.41867550,d.Yms" "Mozilla/5.0 (Windows NT 6.1; rv:18.0) Gecko/20100101 Firefox/18.0"
91.66.42.125 - - [01/Feb/2013:18:09:27 +0100] "GET /images/mobil.jpg HTTP/1.1" 200 25293 "http://www.mink-gmbh.de/style.css" "Mozilla/5.0 (Windows NT 6.1; rv:18.0) Gecko/20100101 Firefox/18.0"
91.66.42.125 - - [01/Feb/2013:18:09:27 +0100] "GET /js_contentserver24_greybox/header_bg.gif HTTP/1.1" 200 1188 "http://www.mink-gmbh.de/" "Mozilla/5.0 (Windows NT 6.1; rv:18.0) Gecko/20100101 Firefox/18.0"
91.66.42.125 - - [01/Feb/2013:18:09:27 +0100] "GET /images/newsletter.jpg HTTP/1.1" 200 13130 "http://www.mink-gmbh.de/style.css" "Mozilla/5.0 (Windows NT 6.1; rv:18.0) Gecko/20100101 Firefox/18.0"
91.66.42.125 - - [01/Feb/2013:18:09:27 +0100] "GET /js_contentserver24_greybox/indicator.gif HTTP/1.1" 200 8238 "http://www.mink-gmbh.de/js_contentserver24_greybox/loader_frame.html?s=0" "Mozilla/5.0 (Windows NT 6.1; rv:18.0) Gecko/20100101 Firefox/18.0"
91.66.42.125 - - [01/Feb/2013:18:09:27 +0100] "GET /images/freecall.jpg HTTP/1.1" 200 39195 "http://www.mink-gmbh.de/" "Mozilla/5.0 (Windows NT 6.1; rv:18.0) Gecko/20100101 Firefox/18.0"
91.66.42.125 - - [01/Feb/2013:18:09:27 +0100] "GET /images/mail.jpg HTTP/1.1" 200 11165 "http://www.mink-gmbh.de/" "Mozilla/5.0 (Windows NT 6.1; rv:18.0) Gecko/20100101 Firefox/18.0"
91.66.42.125 - - [01/Feb/2013:18:09:27 +0100] "GET /images/kwk.gif HTTP/1.1" 200 6403 "http://www.mink-gmbh.de/" "Mozilla/5.0 (Windows NT 6.1; rv:18.0) Gecko/20100101 Firefox/18.0"
91.66.42.125 - - [01/Feb/2013:18:09:27 +0100] "GET /images/wunschpreis.jpg HTTP/1.1" 200 16767 "http://www.mink-gmbh.de/" "Mozilla/5.0 (Windows NT 6.1; rv:18.0) Gecko/20100101 Firefox/18.0"
91.66.42.125 - - [01/Feb/2013:18:09:27 +0100] "GET /images/logos.jpg HTTP/1.1" 200 15002 "http://www.mink-gmbh.de/" "Mozilla/5.0 (Windows NT 6.1; rv:18.0) Gecko/20100101 Firefox/18.0"
91.66.42.125 - - [01/Feb/2013:18:09:27 +0100] "GET /images/footerbg.jpg HTTP/1.1" 200 2184 "http://www.mink-gmbh.de/style.css" "Mozilla/5.0 (Windows NT 6.1; rv:18.0) Gecko/20100101 Firefox/18.0"
91.66.42.125 - - [01/Feb/2013:18:09:27 +0100] "GET /js_contentserver24_greybox/g_close.gif HTTP/1.1" 200 541 "http://www.mink-gmbh.de/" "Mozilla/5.0 (Windows NT 6.1; rv:18.0) Gecko/20100101 Firefox/18.0"
91.66.42.125 - - [01/Feb/2013:18:10:02 +0100] "GET /standard.php HTTP/1.1" 200 9131 "http://www.mink-gmbh.de/" "Mozilla/5.0 (Windows NT 6.1; rv:18.0) Gecko/20100101 Firefox/18.0"
66.249.76.46 - - [01/Feb/2013:18:17:35 +0100] "GET /robots.txt HTTP/1.1" 200 177 "-" "Mozilla/5.0 (compatible; Googlebot/2.1; +http://www.google.com/bot.html)"
66.249.76.46 - - [01/Feb/2013:18:17:35 +0100] "GET /news.php?cs_go=archiv&cs_id=3826 HTTP/1.1" 200 9931 "-" "Mozilla/5.0 (compatible; Googlebot/2.1; +http://www.google.com/bot.html)"
83.76.147.29 - - [01/Feb/2013:18:23:40 +0100] "GET /images/freecall.jpg HTTP/1.1" 200 39195 "-" "Google/2.5.1.13455 CFNetwork/609.1.4 Darwin/13.0.0"
83.76.147.29 - - [01/Feb/2013:18:23:40 +0100] "GET /images/wunschpreis.jpg HTTP/1.1" 200 16767 "-" "Google/2.5.1.13455 CFNetwork/609.1.4 Darwin/13.0.0"
83.76.147.29 - - [01/Feb/2013:18:23:41 +0100] "GET /images/kwk.gif HTTP/1.1" 200 6403 "-" "Google/2.5.1.13455 CFNetwork/609.1.4 Darwin/13.0.0"
83.76.147.29 - - [01/Feb/2013:18:23:44 +0100] "GET /images/logos.jpg HTTP/1.1" 200 15002 "-" "Google/2.5.1.13455 CFNetwork/609.1.4 Darwin/13.0.0"
141.8.147.1 - - [01/Feb/2013:18:26:00 +0100] "GET /lexikon.php?cs_go=2&cs_char=l HTTP/1.1" 200 8773 "-" "Mozilla/5.0 (compatible; YandexBot/3.0; +http://yandex.com/bots)"
141.8.147.1 - - [01/Feb/2013:18:46:16 +0100] "GET /news.php?cs_go=archiv&cs_id=3494&cs_search= HTTP/1.1" 200 10663 "-" "Mozilla/5.0 (compatible; YandexBot/3.0; +http://yandex.com/bots)"
66.249.76.46 - - [01/Feb/2013:18:58:15 +0100] "GET /kontakt.php HTTP/1.1" 200 9198 "-" "Mozilla/5.0 (compatible; Googlebot/2.1; +http://www.google.com/bot.html)"
141.8.147.1 - - [01/Feb/2013:19:06:15 +0100] "GET /lexikon.php?cs_go=2&cs_char=s HTTP/1.1" 200 10068 "-" "Mozilla/5.0 (compatible; YandexBot/3.0; +http://yandex.com/bots)"
141.8.147.1 - - [01/Feb/2013:19:47:27 +0100] "GET /lexikon.php?cs_go=2&cs_char=h HTTP/1.1" 200 8800 "-" "Mozilla/5.0 (compatible; YandexBot/3.0; +http://yandex.com/bots)"
82.94.176.164 - - [01/Feb/2013:20:00:53 +0100] "GET /jobs.php HTTP/1.1" 200 10090 "-" "Mozilla/4.0 (compatible; MSIE 5.5; Windows NT)"
141.8.147.1 - - [01/Feb/2013:20:09:18 +0100] "GET /lexikon.php?cs_go=2&cs_char=d HTTP/1.1" 200 9421 "-" "Mozilla/5.0 (compatible; YandexBot/3.0; +http://yandex.com/bots)"
66.249.76.46 - - [01/Feb/2013:20:16:55 +0100] "GET /news.php?cs_go=archiv HTTP/1.1" 200 22273 "-" "SAMSUNG-SGH-E250/1.0 Profile/MIDP-2.0 Configuration/CLDC-1.1 UP.Browser/6.2.3.3.c.1.101 (GUI) MMP/2.0 (compatible; Googlebot-Mobile/2.1; +http://www.google.com/bot.html)"
85.25.71.152 - - [01/Feb/2013:20:25:38 +0100] "GET /robots.txt HTTP/1.1" 200 177 "-" "Mozilla/5.0 (X11; U; Linux i686; de; rv:1.9.0.1; compatible; iCjobs Stellenangebote Jobs; http://www.icjobs.de) Gecko/20100401 iCjobs/3.2.3"
85.25.71.152 - - [01/Feb/2013:20:25:38 +0100] "GET / HTTP/1.1" 200 15365 "-" "Mozilla/5.0 (X11; U; Linux i686; de; rv:1.9.0.1; compatible; iCjobs Stellenangebote Jobs; http://www.icjobs.de) Gecko/20100401 iCjobs/3.2.3"
85.25.71.152 - - [01/Feb/2013:20:25:39 +0100] "GET / HTTP/1.1" 200 14624 "-" "Mozilla/5.0 (X11; U; Linux i686; de; rv:1.9.0.1; compatible; iCjobs Stellenangebote Jobs; http://www.icjobs.de) Gecko/20100401 iCjobs/3.2.3"
85.25.71.152 - - [01/Feb/2013:20:25:45 +0100] "GET /jobs.php HTTP/1.1" 200 10003 "-" "Mozilla/5.0 (X11; U; Linux i686; de; rv:1.9.0.1; compatible; iCjobs Stellenangebote Jobs; http://www.icjobs.de) Gecko/20100401 iCjobs/3.2.3"
