85.25.71.119 - - [13/Feb/2013:23:12:53 +0100] "GET /news.php?cs_go=archiv&cs_id=3779&cs_search= HTTP/1.1" 200 9803 "-" "Mozilla/5.0 (X11; U; Linux i686; de; rv:1.9.0.1; compatible; iCjobs Stellenangebote Jobs; http://www.icjobs.de) Gecko/20100401 iCjobs/3.2.3"
85.25.71.119 - - [13/Feb/2013:23:12:56 +0100] "GET /news.php?cs_go=archiv&cs_id=3776&cs_search= HTTP/1.1" 200 13316 "-" "Mozilla/5.0 (X11; U; Linux i686; de; rv:1.9.0.1; compatible; iCjobs Stellenangebote Jobs; http://www.icjobs.de) Gecko/20100401 iCjobs/3.2.3"
85.25.71.119 - - [13/Feb/2013:23:13:01 +0100] "GET /news.php?cs_go=archiv&cs_id=3714&cs_search= HTTP/1.1" 200 11499 "-" "Mozilla/5.0 (X11; U; Linux i686; de; rv:1.9.0.1; compatible; iCjobs Stellenangebote Jobs; http://www.icjobs.de) Gecko/20100401 iCjobs/3.2.3"
85.25.71.119 - - [13/Feb/2013:23:13:07 +0100] "GET /news.php?cs_go=archiv&cs_id=3775&cs_search= HTTP/1.1" 200 9780 "-" "Mozilla/5.0 (X11; U; Linux i686; de; rv:1.9.0.1; compatible; iCjobs Stellenangebote Jobs; http://www.icjobs.de) Gecko/20100401 iCjobs/3.2.3"
85.25.71.119 - - [13/Feb/2013:23:13:10 +0100] "GET /news.php?cs_go=archiv&cs_id=3726&cs_search= HTTP/1.1" 200 11963 "-" "Mozilla/5.0 (X11; U; Linux i686; de; rv:1.9.0.1; compatible; iCjobs Stellenangebote Jobs; http://www.icjobs.de) Gecko/20100401 iCjobs/3.2.3"
85.25.71.119 - - [13/Feb/2013:23:13:14 +0100] "GET /news.php?cs_go=archiv&cs_id=3719&cs_search= HTTP/1.1" 200 11631 "-" "Mozilla/5.0 (X11; U; Linux i686; de; rv:1.9.0.1; compatible; iCjobs Stellenangebote Jobs; http://www.icjobs.de) Gecko/20100401 iCjobs/3.2.3"
85.25.71.119 - - [13/Feb/2013:23:13:27 +0100] "GET /news.php?cs_go=archiv&cs_startpos=170 HTTP/1.1" 200 22872 "-" "Mozilla/5.0 (X11; U; Linux i686; de; rv:1.9.0.1; compatible; iCjobs Stellenangebote Jobs; http://www.icjobs.de) Gecko/20100401 iCjobs/3.2.3"
85.25.71.119 - - [13/Feb/2013:23:13:36 +0100] "GET /news.php?cs_go=archiv&cs_id=3774&cs_search= HTTP/1.1" 200 13602 "-" "Mozilla/5.0 (X11; U; Linux i686; de; rv:1.9.0.1; compatible; iCjobs Stellenangebote Jobs; http://www.icjobs.de) Gecko/20100401 iCjobs/3.2.3"
85.25.71.119 - - [13/Feb/2013:23:13:40 +0100] "GET /news.php?cs_go=archiv&cs_id=3697&cs_search= HTTP/1.1" 200 11546 "-" "Mozilla/5.0 (X11; U; Linux i686; de; rv:1.9.0.1; compatible; iCjobs Stellenangebote Jobs; http://www.icjobs.de) Gecko/20100401 iCjobs/3.2.3"
85.25.71.119 - - [13/Feb/2013:23:13:44 +0100] "GET /news.php?cs_go=archiv&cs_id=3773&cs_search= HTTP/1.1" 200 9797 "-" "Mozilla/5.0 (X11; U; Linux i686; de; rv:1.9.0.1; compatible; iCjobs Stellenangebote Jobs; http://www.icjobs.de) Gecko/20100401 iCjobs/3.2.3"
85.25.71.119 - - [13/Feb/2013:23:13:48 +0100] "GET /news.php?cs_go=archiv&cs_id=3772&cs_search= HTTP/1.1" 200 13409 "-" "Mozilla/5.0 (X11; U; Linux i686; de; rv:1.9.0.1; compatible; iCjobs Stellenangebote Jobs; http://www.icjobs.de) Gecko/20100401 iCjobs/3.2.3"
85.25.71.119 - - [13/Feb/2013:23:13:51 +0100] "GET /news.php?cs_go=archiv&cs_id=3771&cs_search= HTTP/1.1" 200 9781 "-" "Mozilla/5.0 (X11; U; Linux i686; de; rv:1.9.0.1; compatible; iCjobs Stellenangebote Jobs; http://www.icjobs.de) Gecko/20100401 iCjobs/3.2.3"
85.25.71.119 - - [13/Feb/2013:23:13:56 +0100] "GET /news.php?cs_go=archiv&cs_id=3769&cs_search= HTTP/1.1" 200 10169 "-" "Mozilla/5.0 (X11; U; Linux i686; de; rv:1.9.0.1; compatible; iCjobs Stellenangebote Jobs; http://www.icjobs.de) Gecko/20100401 iCjobs/3.2.3"
85.25.71.119 - - [13/Feb/2013:23:14:00 +0100] "GET /news.php?cs_go=archiv&cs_id=3768&cs_search= HTTP/1.1" 200 10133 "-" "Mozilla/5.0 (X11; U; Linux i686; de; rv:1.9.0.1; compatible; iCjobs Stellenangebote Jobs; http://www.icjobs.de) Gecko/20100401 iCjobs/3.2.3"
85.25.71.119 - - [13/Feb/2013:23:14:05 +0100] "GET /news.php?cs_go=archiv&cs_id=3766&cs_search= HTTP/1.1" 200 13405 "-" "Mozilla/5.0 (X11; U; Linux i686; de; rv:1.9.0.1; compatible; iCjobs Stellenangebote Jobs; http://www.icjobs.de) Gecko/20100401 iCjobs/3.2.3"
85.25.71.119 - - [13/Feb/2013:23:14:09 +0100] "GET /news.php?cs_go=archiv&cs_id=3756&cs_search= HTTP/1.1" 200 13414 "-" "Mozilla/5.0 (X11; U; Linux i686; de; rv:1.9.0.1; compatible; iCjobs Stellenangebote Jobs; http://www.icjobs.de) Gecko/20100401 iCjobs/3.2.3"
85.25.71.119 - - [13/Feb/2013:23:14:15 +0100] "GET /news.php?cs_go=archiv&cs_id=3763&cs_search= HTTP/1.1" 200 9796 "-" "Mozilla/5.0 (X11; U; Linux i686; de; rv:1.9.0.1; compatible; iCjobs Stellenangebote Jobs; http://www.icjobs.de) Gecko/20100401 iCjobs/3.2.3"
85.25.71.119 - - [13/Feb/2013:23:14:18 +0100] "GET /news.php?cs_go=archiv&cs_startpos=180 HTTP/1.1" 200 22896 "-" "Mozilla/5.0 (X11; U; Linux i686; de; rv:1.9.0.1; compatible; iCjobs Stellenangebote Jobs; http://www.icjobs.de) Gecko/20100401 iCjobs/3.2.3"
85.25.71.119 - - [13/Feb/2013:23:14:28 +0100] "GET /news.php?cs_go=archiv&cs_id=3762&cs_search= HTTP/1.1" 200 13553 "-" "Mozilla/5.0 (X11; U; Linux i686; de; rv:1.9.0.1; compatible; iCjobs Stellenangebote Jobs; http://www.icjobs.de) Gecko/20100401 iCjobs/3.2.3"
85.25.71.119 - - [13/Feb/2013:23:14:32 +0100] "GET /news.php?cs_go=archiv&cs_id=3713&cs_search= HTTP/1.1" 200 16005 "-" "Mozilla/5.0 (X11; U; Linux i686; de; rv:1.9.0.1; compatible; iCjobs Stellenangebote Jobs; http://www.icjobs.de) Gecko/20100401 iCjobs/3.2.3"
85.25.71.119 - - [13/Feb/2013:23:14:37 +0100] "GET /news.php?cs_go=archiv&cs_id=3760&cs_search= HTTP/1.1" 200 9798 "-" "Mozilla/5.0 (X11; U; Linux i686; de; rv:1.9.0.1; compatible; iCjobs Stellenangebote Jobs; http://www.icjobs.de) Gecko/20100401 iCjobs/3.2.3"
85.25.71.119 - - [13/Feb/2013:23:14:39 +0100] "GET /news.php?cs_go=archiv&cs_id=3759&cs_search= HTTP/1.1" 200 13315 "-" "Mozilla/5.0 (X11; U; Linux i686; de; rv:1.9.0.1; compatible; iCjobs Stellenangebote Jobs; http://www.icjobs.de) Gecko/20100401 iCjobs/3.2.3"
85.25.71.119 - - [13/Feb/2013:23:14:45 +0100] "GET /news.php?cs_go=archiv&cs_id=3753&cs_search= HTTP/1.1" 200 13767 "-" "Mozilla/5.0 (X11; U; Linux i686; de; rv:1.9.0.1; compatible; iCjobs Stellenangebote Jobs; http://www.icjobs.de) Gecko/20100401 iCjobs/3.2.3"
85.25.71.119 - - [13/Feb/2013:23:14:49 +0100] "GET /news.php?cs_go=archiv&cs_id=3757&cs_search= HTTP/1.1" 200 10012 "-" "Mozilla/5.0 (X11; U; Linux i686; de; rv:1.9.0.1; compatible; iCjobs Stellenangebote Jobs; http://www.icjobs.de) Gecko/20100401 iCjobs/3.2.3"
85.25.71.119 - - [13/Feb/2013:23:14:51 +0100] "GET /news.php?cs_go=archiv&cs_id=3738&cs_search= HTTP/1.1" 200 11421 "-" "Mozilla/5.0 (X11; U; Linux i686; de; rv:1.9.0.1; compatible; iCjobs Stellenangebote Jobs; http://www.icjobs.de) Gecko/20100401 iCjobs/3.2.3"
85.25.71.119 - - [13/Feb/2013:23:14:55 +0100] "GET /news.php?cs_go=archiv&cs_id=3718&cs_search= HTTP/1.1" 200 11422 "-" "Mozilla/5.0 (X11; U; Linux i686; de; rv:1.9.0.1; compatible; iCjobs Stellenangebote Jobs; http://www.icjobs.de) Gecko/20100401 iCjobs/3.2.3"
85.25.71.119 - - [13/Feb/2013:23:14:59 +0100] "GET /news.php?cs_go=archiv&cs_id=3754&cs_search= HTTP/1.1" 200 13593 "-" "Mozilla/5.0 (X11; U; Linux i686; de; rv:1.9.0.1; compatible; iCjobs Stellenangebote Jobs; http://www.icjobs.de) Gecko/20100401 iCjobs/3.2.3"
85.25.71.119 - - [13/Feb/2013:23:15:04 +0100] "GET /news.php?cs_go=archiv&cs_id=3731&cs_search= HTTP/1.1" 200 13767 "-" "Mozilla/5.0 (X11; U; Linux i686; de; rv:1.9.0.1; compatible; iCjobs Stellenangebote Jobs; http://www.icjobs.de) Gecko/20100401 iCjobs/3.2.3"
85.25.71.119 - - [13/Feb/2013:23:15:08 +0100] "GET /news.php?cs_go=archiv&cs_startpos=190 HTTP/1.1" 200 22822 "-" "Mozilla/5.0 (X11; U; Linux i686; de; rv:1.9.0.1; compatible; iCjobs Stellenangebote Jobs; http://www.icjobs.de) Gecko/20100401 iCjobs/3.2.3"
85.25.71.119 - - [13/Feb/2013:23:15:17 +0100] "GET /news.php?cs_go=archiv&cs_id=3751&cs_search= HTTP/1.1" 200 9741 "-" "Mozilla/5.0 (X11; U; Linux i686; de; rv:1.9.0.1; compatible; iCjobs Stellenangebote Jobs; http://www.icjobs.de) Gecko/20100401 iCjobs/3.2.3"
85.25.71.119 - - [13/Feb/2013:23:15:20 +0100] "GET /news.php?cs_go=archiv&cs_id=3749&cs_search= HTTP/1.1" 200 13548 "-" "Mozilla/5.0 (X11; U; Linux i686; de; rv:1.9.0.1; compatible; iCjobs Stellenangebote Jobs; http://www.icjobs.de) Gecko/20100401 iCjobs/3.2.3"
85.25.71.119 - - [13/Feb/2013:23:15:24 +0100] "GET /news.php?cs_go=archiv&cs_id=3746&cs_search= HTTP/1.1" 200 10169 "-" "Mozilla/5.0 (X11; U; Linux i686; de; rv:1.9.0.1; compatible; iCjobs Stellenangebote Jobs; http://www.icjobs.de) Gecko/20100401 iCjobs/3.2.3"
85.25.71.119 - - [13/Feb/2013:23:15:27 +0100] "GET /news.php?cs_go=archiv&cs_id=3747&cs_search= HTTP/1.1" 200 9683 "-" "Mozilla/5.0 (X11; U; Linux i686; de; rv:1.9.0.1; compatible; iCjobs Stellenangebote Jobs; http://www.icjobs.de) Gecko/20100401 iCjobs/3.2.3"
85.25.71.119 - - [13/Feb/2013:23:15:29 +0100] "GET /news.php?cs_go=archiv&cs_id=3745&cs_search= HTTP/1.1" 200 13457 "-" "Mozilla/5.0 (X11; U; Linux i686; de; rv:1.9.0.1; compatible; iCjobs Stellenangebote Jobs; http://www.icjobs.de) Gecko/20100401 iCjobs/3.2.3"
85.25.71.119 - - [13/Feb/2013:23:15:33 +0100] "GET /news.php?cs_go=archiv&cs_id=3711&cs_search= HTTP/1.1" 200 11063 "-" "Mozilla/5.0 (X11; U; Linux i686; de; rv:1.9.0.1; compatible; iCjobs Stellenangebote Jobs; http://www.icjobs.de) Gecko/20100401 iCjobs/3.2.3"
85.25.71.119 - - [13/Feb/2013:23:15:39 +0100] "GET /news.php?cs_go=archiv&cs_id=3728&cs_search= HTTP/1.1" 200 9721 "-" "Mozilla/5.0 (X11; U; Linux i686; de; rv:1.9.0.1; compatible; iCjobs Stellenangebote Jobs; http://www.icjobs.de) Gecko/20100401 iCjobs/3.2.3"
85.25.71.119 - - [13/Feb/2013:23:15:43 +0100] "GET /news.php?cs_go=archiv&cs_id=3725&cs_search= HTTP/1.1" 200 13717 "-" "Mozilla/5.0 (X11; U; Linux i686; de; rv:1.9.0.1; compatible; iCjobs Stellenangebote Jobs; http://www.icjobs.de) Gecko/20100401 iCjobs/3.2.3"
85.25.71.119 - - [13/Feb/2013:23:15:49 +0100] "GET /news.php?cs_go=archiv&cs_id=3710&cs_search= HTTP/1.1" 200 14148 "-" "Mozilla/5.0 (X11; U; Linux i686; de; rv:1.9.0.1; compatible; iCjobs Stellenangebote Jobs; http://www.icjobs.de) Gecko/20100401 iCjobs/3.2.3"
85.25.71.119 - - [13/Feb/2013:23:15:52 +0100] "GET /news.php?cs_go=archiv&cs_id=3722&cs_search= HTTP/1.1" 200 9650 "-" "Mozilla/5.0 (X11; U; Linux i686; de; rv:1.9.0.1; compatible; iCjobs Stellenangebote Jobs; http://www.icjobs.de) Gecko/20100401 iCjobs/3.2.3"
85.25.71.119 - - [13/Feb/2013:23:15:55 +0100] "GET /news.php?cs_go=archiv&cs_startpos=200 HTTP/1.1" 200 22647 "-" "Mozilla/5.0 (X11; U; Linux i686; de; rv:1.9.0.1; compatible; iCjobs Stellenangebote Jobs; http://www.icjobs.de) Gecko/20100401 iCjobs/3.2.3"
85.25.71.119 - - [13/Feb/2013:23:16:01 +0100] "GET /news.php?cs_go=archiv&cs_id=3720&cs_search= HTTP/1.1" 200 13363 "-" "Mozilla/5.0 (X11; U; Linux i686; de; rv:1.9.0.1; compatible; iCjobs Stellenangebote Jobs; http://www.icjobs.de) Gecko/20100401 iCjobs/3.2.3"
85.25.71.119 - - [13/Feb/2013:23:16:04 +0100] "GET /news.php?cs_go=archiv&cs_id=3709&cs_search= HTTP/1.1" 200 11868 "-" "Mozilla/5.0 (X11; U; Linux i686; de; rv:1.9.0.1; compatible; iCjobs Stellenangebote Jobs; http://www.icjobs.de) Gecko/20100401 iCjobs/3.2.3"
85.25.71.119 - - [13/Feb/2013:23:16:09 +0100] "GET /news.php?cs_go=archiv&cs_id=3717&cs_search= HTTP/1.1" 200 9722 "-" "Mozilla/5.0 (X11; U; Linux i686; de; rv:1.9.0.1; compatible; iCjobs Stellenangebote Jobs; http://www.icjobs.de) Gecko/20100401 iCjobs/3.2.3"
85.25.71.119 - - [13/Feb/2013:23:16:13 +0100] "GET /news.php?cs_go=archiv&cs_id=3708&cs_search= HTTP/1.1" 200 15461 "-" "Mozilla/5.0 (X11; U; Linux i686; de; rv:1.9.0.1; compatible; iCjobs Stellenangebote Jobs; http://www.icjobs.de) Gecko/20100401 iCjobs/3.2.3"
85.25.71.119 - - [13/Feb/2013:23:16:18 +0100] "GET /news.php?cs_go=archiv&cs_id=3707&cs_search= HTTP/1.1" 200 13386 "-" "Mozilla/5.0 (X11; U; Linux i686; de; rv:1.9.0.1; compatible; iCjobs Stellenangebote Jobs; http://www.icjobs.de) Gecko/20100401 iCjobs/3.2.3"
85.25.71.119 - - [13/Feb/2013:23:16:22 +0100] "GET /news.php?cs_go=archiv&cs_id=3702&cs_search= HTTP/1.1" 200 9957 "-" "Mozilla/5.0 (X11; U; Linux i686; de; rv:1.9.0.1; compatible; iCjobs Stellenangebote Jobs; http://www.icjobs.de) Gecko/20100401 iCjobs/3.2.3"
85.25.71.119 - - [13/Feb/2013:23:16:27 +0100] "GET /news.php?cs_go=archiv&cs_id=3705&cs_search= HTTP/1.1" 200 9726 "-" "Mozilla/5.0 (X11; U; Linux i686; de; rv:1.9.0.1; compatible; iCjobs Stellenangebote Jobs; http://www.icjobs.de) Gecko/20100401 iCjobs/3.2.3"
85.25.71.119 - - [13/Feb/2013:23:16:31 +0100] "GET /news.php?cs_go=archiv&cs_id=3704&cs_search= HTTP/1.1" 200 13783 "-" "Mozilla/5.0 (X11; U; Linux i686; de; rv:1.9.0.1; compatible; iCjobs Stellenangebote Jobs; http://www.icjobs.de) Gecko/20100401 iCjobs/3.2.3"
85.25.71.119 - - [13/Feb/2013:23:16:34 +0100] "GET /news.php?cs_go=archiv&cs_id=3699&cs_search= HTTP/1.1" 200 10172 "-" "Mozilla/5.0 (X11; U; Linux i686; de; rv:1.9.0.1; compatible; iCjobs Stellenangebote Jobs; http://www.icjobs.de) Gecko/20100401 iCjobs/3.2.3"
85.25.71.119 - - [13/Feb/2013:23:16:37 +0100] "GET /news.php?cs_go=archiv&cs_id=3700&cs_search= HTTP/1.1" 200 9779 "-" "Mozilla/5.0 (X11; U; Linux i686; de; rv:1.9.0.1; compatible; iCjobs Stellenangebote Jobs; http://www.icjobs.de) Gecko/20100401 iCjobs/3.2.3"
85.25.71.119 - - [13/Feb/2013:23:16:42 +0100] "GET /news.php?cs_go=archiv&cs_startpos=210 HTTP/1.1" 200 22591 "-" "Mozilla/5.0 (X11; U; Linux i686; de; rv:1.9.0.1; compatible; iCjobs Stellenangebote Jobs; http://www.icjobs.de) Gecko/20100401 iCjobs/3.2.3"
85.25.71.119 - - [13/Feb/2013:23:16:50 +0100] "GET /news.php?cs_go=archiv&cs_id=3678&cs_search= HTTP/1.1" 200 11540 "-" "Mozilla/5.0 (X11; U; Linux i686; de; rv:1.9.0.1; compatible; iCjobs Stellenangebote Jobs; http://www.icjobs.de) Gecko/20100401 iCjobs/3.2.3"
85.25.71.119 - - [13/Feb/2013:23:16:53 +0100] "GET /news.php?cs_go=archiv&cs_id=3673&cs_search= HTTP/1.1" 200 11296 "-" "Mozilla/5.0 (X11; U; Linux i686; de; rv:1.9.0.1; compatible; iCjobs Stellenangebote Jobs; http://www.icjobs.de) Gecko/20100401 iCjobs/3.2.3"
85.25.71.119 - - [13/Feb/2013:23:16:58 +0100] "GET /news.php?cs_go=archiv&cs_id=3696&cs_search= HTTP/1.1" 200 13393 "-" "Mozilla/5.0 (X11; U; Linux i686; de; rv:1.9.0.1; compatible; iCjobs Stellenangebote Jobs; http://www.icjobs.de) Gecko/20100401 iCjobs/3.2.3"
85.25.71.119 - - [13/Feb/2013:23:17:01 +0100] "GET /news.php?cs_go=archiv&cs_id=3692&cs_search= HTTP/1.1" 200 9770 "-" "Mozilla/5.0 (X11; U; Linux i686; de; rv:1.9.0.1; compatible; iCjobs Stellenangebote Jobs; http://www.icjobs.de) Gecko/20100401 iCjobs/3.2.3"
85.25.71.119 - - [13/Feb/2013:23:17:03 +0100] "GET /news.php?cs_go=archiv&cs_id=3691&cs_search= HTTP/1.1" 200 13520 "-" "Mozilla/5.0 (X11; U; Linux i686; de; rv:1.9.0.1; compatible; iCjobs Stellenangebote Jobs; http://www.icjobs.de) Gecko/20100401 iCjobs/3.2.3"
85.25.71.119 - - [13/Feb/2013:23:17:08 +0100] "GET /news.php?cs_go=archiv&cs_id=3689&cs_search= HTTP/1.1" 200 9921 "-" "Mozilla/5.0 (X11; U; Linux i686; de; rv:1.9.0.1; compatible; iCjobs Stellenangebote Jobs; http://www.icjobs.de) Gecko/20100401 iCjobs/3.2.3"
85.25.71.119 - - [13/Feb/2013:23:17:13 +0100] "GET /news.php?cs_go=archiv&cs_id=3687&cs_search= HTTP/1.1" 200 13246 "-" "Mozilla/5.0 (X11; U; Linux i686; de; rv:1.9.0.1; compatible; iCjobs Stellenangebote Jobs; http://www.icjobs.de) Gecko/20100401 iCjobs/3.2.3"
85.25.71.119 - - [13/Feb/2013:23:17:18 +0100] "GET /news.php?cs_go=archiv&cs_id=3569&cs_search= HTTP/1.1" 200 13619 "-" "Mozilla/5.0 (X11; U; Linux i686; de; rv:1.9.0.1; compatible; iCjobs Stellenangebote Jobs; http://www.icjobs.de) Gecko/20100401 iCjobs/3.2.3"
85.25.71.119 - - [13/Feb/2013:23:17:22 +0100] "GET /news.php?cs_go=archiv&cs_id=3685&cs_search= HTTP/1.1" 200 9831 "-" "Mozilla/5.0 (X11; U; Linux i686; de; rv:1.9.0.1; compatible; iCjobs Stellenangebote Jobs; http://www.icjobs.de) Gecko/20100401 iCjobs/3.2.3"
85.25.71.119 - - [13/Feb/2013:23:17:26 +0100] "GET /news.php?cs_go=archiv&cs_id=3533&cs_search= HTTP/1.1" 200 11649 "-" "Mozilla/5.0 (X11; U; Linux i686; de; rv:1.9.0.1; compatible; iCjobs Stellenangebote Jobs; http://www.icjobs.de) Gecko/20100401 iCjobs/3.2.3"
85.25.71.119 - - [13/Feb/2013:23:17:29 +0100] "GET /news.php?cs_go=archiv&cs_startpos=220 HTTP/1.1" 200 20913 "-" "Mozilla/5.0 (X11; U; Linux i686; de; rv:1.9.0.1; compatible; iCjobs Stellenangebote Jobs; http://www.icjobs.de) Gecko/20100401 iCjobs/3.2.3"
85.25.71.119 - - [13/Feb/2013:23:17:36 +0100] "GET /news.php?cs_go=archiv&cs_id=3684&cs_search= HTTP/1.1" 200 13431 "-" "Mozilla/5.0 (X11; U; Linux i686; de; rv:1.9.0.1; compatible; iCjobs Stellenangebote Jobs; http://www.icjobs.de) Gecko/20100401 iCjobs/3.2.3"
85.25.71.119 - - [13/Feb/2013:23:17:39 +0100] "GET /news.php?cs_go=archiv&cs_id=3665&cs_search= HTTP/1.1" 200 10251 "-" "Mozilla/5.0 (X11; U; Linux i686; de; rv:1.9.0.1; compatible; iCjobs Stellenangebote Jobs; http://www.icjobs.de) Gecko/20100401 iCjobs/3.2.3"
85.25.71.119 - - [13/Feb/2013:23:17:42 +0100] "GET /news.php?cs_go=archiv&cs_id=3682&cs_search= HTTP/1.1" 200 9730 "-" "Mozilla/5.0 (X11; U; Linux i686; de; rv:1.9.0.1; compatible; iCjobs Stellenangebote Jobs; http://www.icjobs.de) Gecko/20100401 iCjobs/3.2.3"
85.25.71.119 - - [13/Feb/2013:23:17:46 +0100] "GET /news.php?cs_go=archiv&cs_id=3679&cs_search= HTTP/1.1" 200 13592 "-" "Mozilla/5.0 (X11; U; Linux i686; de; rv:1.9.0.1; compatible; iCjobs Stellenangebote Jobs; http://www.icjobs.de) Gecko/20100401 iCjobs/3.2.3"
85.25.71.119 - - [13/Feb/2013:23:17:48 +0100] "GET /news.php?cs_go=archiv&cs_id=3668&cs_search= HTTP/1.1" 200 11278 "-" "Mozilla/5.0 (X11; U; Linux i686; de; rv:1.9.0.1; compatible; iCjobs Stellenangebote Jobs; http://www.icjobs.de) Gecko/20100401 iCjobs/3.2.3"
85.25.71.119 - - [13/Feb/2013:23:17:53 +0100] "GET /news.php?cs_go=archiv&cs_id=3667&cs_search= HTTP/1.1" 200 9961 "-" "Mozilla/5.0 (X11; U; Linux i686; de; rv:1.9.0.1; compatible; iCjobs Stellenangebote Jobs; http://www.icjobs.de) Gecko/20100401 iCjobs/3.2.3"
85.25.71.119 - - [13/Feb/2013:23:17:55 +0100] "GET /news.php?cs_go=archiv&cs_id=3666&cs_search= HTTP/1.1" 200 13423 "-" "Mozilla/5.0 (X11; U; Linux i686; de; rv:1.9.0.1; compatible; iCjobs Stellenangebote Jobs; http://www.icjobs.de) Gecko/20100401 iCjobs/3.2.3"
85.25.71.119 - - [13/Feb/2013:23:17:59 +0100] "GET /news.php?cs_go=archiv&cs_id=3664&cs_search= HTTP/1.1" 200 9905 "-" "Mozilla/5.0 (X11; U; Linux i686; de; rv:1.9.0.1; compatible; iCjobs Stellenangebote Jobs; http://www.icjobs.de) Gecko/20100401 iCjobs/3.2.3"
85.25.71.119 - - [13/Feb/2013:23:18:04 +0100] "GET /news.php?cs_go=archiv&cs_id=3663&cs_search= HTTP/1.1" 200 10067 "-" "Mozilla/5.0 (X11; U; Linux i686; de; rv:1.9.0.1; compatible; iCjobs Stellenangebote Jobs; http://www.icjobs.de) Gecko/20100401 iCjobs/3.2.3"
85.25.71.119 - - [13/Feb/2013:23:18:08 +0100] "GET /news.php?cs_go=archiv&cs_id=3937 HTTP/1.1" 200 13237 "-" "Mozilla/5.0 (X11; U; Linux i686; de; rv:1.9.0.1; compatible; iCjobs Stellenangebote Jobs; http://www.icjobs.de) Gecko/20100401 iCjobs/3.2.3"
85.25.71.119 - - [13/Feb/2013:23:18:09 +0100] "GET /news.php?cs_go=archiv&cs_id=3936 HTTP/1.1" 200 11961 "-" "Mozilla/5.0 (X11; U; Linux i686; de; rv:1.9.0.1; compatible; iCjobs Stellenangebote Jobs; http://www.icjobs.de) Gecko/20100401 iCjobs/3.2.3"
85.25.71.119 - - [13/Feb/2013:23:18:10 +0100] "GET /news.php?cs_go=archiv&cs_id=3935 HTTP/1.1" 200 9815 "-" "Mozilla/5.0 (X11; U; Linux i686; de; rv:1.9.0.1; compatible; iCjobs Stellenangebote Jobs; http://www.icjobs.de) Gecko/20100401 iCjobs/3.2.3"
85.25.71.119 - - [13/Feb/2013:23:18:10 +0100] "GET /news.php?cs_go=archiv&cs_id=3934 HTTP/1.1" 200 13246 "-" "Mozilla/5.0 (X11; U; Linux i686; de; rv:1.9.0.1; compatible; iCjobs Stellenangebote Jobs; http://www.icjobs.de) Gecko/20100401 iCjobs/3.2.3"
85.25.71.119 - - [13/Feb/2013:23:18:10 +0100] "GET /news.php?cs_go=archiv HTTP/1.1" 200 22116 "-" "Mozilla/5.0 (X11; U; Linux i686; de; rv:1.9.0.1; compatible; iCjobs Stellenangebote Jobs; http://www.icjobs.de) Gecko/20100401 iCjobs/3.2.3"
85.25.71.119 - - [13/Feb/2013:23:18:11 +0100] "GET /rueckrufservice.php HTTP/1.1" 200 10683 "-" "Mozilla/5.0 (X11; U; Linux i686; de; rv:1.9.0.1; compatible; iCjobs Stellenangebote Jobs; http://www.icjobs.de) Gecko/20100401 iCjobs/3.2.3"
85.25.71.119 - - [13/Feb/2013:23:18:16 +0100] "GET /kwk.php HTTP/1.1" 200 10797 "-" "Mozilla/5.0 (X11; U; Linux i686; de; rv:1.9.0.1; compatible; iCjobs Stellenangebote Jobs; http://www.icjobs.de) Gecko/20100401 iCjobs/3.2.3"
85.25.71.119 - - [13/Feb/2013:23:18:21 +0100] "GET /optiplus.php HTTP/1.1" 200 11013 "-" "Mozilla/5.0 (X11; U; Linux i686; de; rv:1.9.0.1; compatible; iCjobs Stellenangebote Jobs; http://www.icjobs.de) Gecko/20100401 iCjobs/3.2.3"
85.25.71.119 - - [13/Feb/2013:23:18:24 +0100] "GET /agb.php HTTP/1.1" 200 19622 "-" "Mozilla/5.0 (X11; U; Linux i686; de; rv:1.9.0.1; compatible; iCjobs Stellenangebote Jobs; http://www.icjobs.de) Gecko/20100401 iCjobs/3.2.3"
85.25.71.119 - - [13/Feb/2013:23:25:58 +0100] "GET /images/RAL_Guetezeichen_Energiehandel.pdf HTTP/1.1" 200 288367 "-" "Mozilla/5.0 (X11; U; Linux i686; de; rv:1.9.0.1; compatible; iCjobs Stellenangebote Jobs; http://www.icjobs.de) Gecko/20100401 iCjobs/3.2.3"
85.25.71.119 - - [13/Feb/2013:23:26:07 +0100] "GET /.php HTTP/1.1" 404 - "-" "Mozilla/5.0 (X11; U; Linux i686; de; rv:1.9.0.1; compatible; iCjobs Stellenangebote Jobs; http://www.icjobs.de) Gecko/20100401 iCjobs/3.2.3"
85.25.71.119 - - [13/Feb/2013:23:26:07 +0100] "GET /diesel.php HTTP/1.1" 200 10552 "-" "Mozilla/5.0 (X11; U; Linux i686; de; rv:1.9.0.1; compatible; iCjobs Stellenangebote Jobs; http://www.icjobs.de) Gecko/20100401 iCjobs/3.2.3"
85.25.71.119 - - [13/Feb/2013:23:26:10 +0100] "GET /additive.php HTTP/1.1" 200 8285 "-" "Mozilla/5.0 (X11; U; Linux i686; de; rv:1.9.0.1; compatible; iCjobs Stellenangebote Jobs; http://www.icjobs.de) Gecko/20100401 iCjobs/3.2.3"
85.25.71.119 - - [13/Feb/2013:23:26:12 +0100] "GET /energiesparcheck.php HTTP/1.1" 200 13494 "-" "Mozilla/5.0 (X11; U; Linux i686; de; rv:1.9.0.1; compatible; iCjobs Stellenangebote Jobs; http://www.icjobs.de) Gecko/20100401 iCjobs/3.2.3"
85.25.71.119 - - [13/Feb/2013:23:26:16 +0100] "GET /foerdermittel.php HTTP/1.1" 200 12821 "-" "Mozilla/5.0 (X11; U; Linux i686; de; rv:1.9.0.1; compatible; iCjobs Stellenangebote Jobs; http://www.icjobs.de) Gecko/20100401 iCjobs/3.2.3"
85.25.71.119 - - [13/Feb/2013:23:26:20 +0100] "GET /modernisierung.php HTTP/1.1" 200 11491 "-" "Mozilla/5.0 (X11; U; Linux i686; de; rv:1.9.0.1; compatible; iCjobs Stellenangebote Jobs; http://www.icjobs.de) Gecko/20100401 iCjobs/3.2.3"
85.25.71.119 - - [13/Feb/2013:23:26:21 +0100] "GET /edl.php HTTP/1.1" 200 10714 "-" "Mozilla/5.0 (X11; U; Linux i686; de; rv:1.9.0.1; compatible; iCjobs Stellenangebote Jobs; http://www.icjobs.de) Gecko/20100401 iCjobs/3.2.3"
85.25.71.119 - - [13/Feb/2013:23:26:24 +0100] "GET /kwk.php?cs_go=1 HTTP/1.1" 200 10797 "-" "Mozilla/5.0 (X11; U; Linux i686; de; rv:1.9.0.1; compatible; iCjobs Stellenangebote Jobs; http://www.icjobs.de) Gecko/20100401 iCjobs/3.2.3"
85.25.71.119 - - [13/Feb/2013:23:26:24 +0100] "GET /kwk.php?cs_go=2 HTTP/1.1" 200 11768 "-" "Mozilla/5.0 (X11; U; Linux i686; de; rv:1.9.0.1; compatible; iCjobs Stellenangebote Jobs; http://www.icjobs.de) Gecko/20100401 iCjobs/3.2.3"
85.25.71.119 - - [13/Feb/2013:23:26:26 +0100] "GET /kwk.php?cs_go=3 HTTP/1.1" 200 10198 "-" "Mozilla/5.0 (X11; U; Linux i686; de; rv:1.9.0.1; compatible; iCjobs Stellenangebote Jobs; http://www.icjobs.de) Gecko/20100401 iCjobs/3.2.3"
85.25.71.119 - - [13/Feb/2013:23:26:28 +0100] "GET /kwk.php?cs_go=4 HTTP/1.1" 200 10168 "-" "Mozilla/5.0 (X11; U; Linux i686; de; rv:1.9.0.1; compatible; iCjobs Stellenangebote Jobs; http://www.icjobs.de) Gecko/20100401 iCjobs/3.2.3"
85.25.71.119 - - [13/Feb/2013:23:26:31 +0100] "GET /modernisierung.php?cs_gp_go=plus HTTP/1.1" 200 11491 "-" "Mozilla/5.0 (X11; U; Linux i686; de; rv:1.9.0.1; compatible; iCjobs Stellenangebote Jobs; http://www.icjobs.de) Gecko/20100401 iCjobs/3.2.3"
85.25.71.119 - - [13/Feb/2013:23:26:31 +0100] "GET /modernisierung.php?cs_gp_go=description HTTP/1.1" 200 10684 "-" "Mozilla/5.0 (X11; U; Linux i686; de; rv:1.9.0.1; compatible; iCjobs Stellenangebote Jobs; http://www.icjobs.de) Gecko/20100401 iCjobs/3.2.3"
85.25.71.119 - - [13/Feb/2013:23:26:33 +0100] "GET /modernisierung.php?cs_gp_go=coupon HTTP/1.1" 200 10105 "-" "Mozilla/5.0 (X11; U; Linux i686; de; rv:1.9.0.1; compatible; iCjobs Stellenangebote Jobs; http://www.icjobs.de) Gecko/20100401 iCjobs/3.2.3"
85.25.71.119 - - [13/Feb/2013:23:26:36 +0100] "GET /ansprechpartner.php HTTP/1.1" 404 - "-" "Mozilla/5.0 (X11; U; Linux i686; de; rv:1.9.0.1; compatible; iCjobs Stellenangebote Jobs; http://www.icjobs.de) Gecko/20100401 iCjobs/3.2.3"
5.9.7.208 - - [13/Feb/2013:23:36:00 +0100] "GET /robots.txt HTTP/1.0" 200 177 "-" "Mozilla/5.0 (compatible; MJ12bot/v1.4.3; http://www.majestic12.co.uk/bot.php?+)"
5.9.7.208 - - [13/Feb/2013:23:36:01 +0100] "GET / HTTP/1.0" 200 15302 "-" "Mozilla/5.0 (compatible; MJ12bot/v1.4.3; http://www.majestic12.co.uk/bot.php?+)"
81.30.151.218 - - [13/Feb/2013:23:37:06 +0100] "GET /news.php HTTP/1.1" 200 22203 "-" "Pixray-Seeker/2.0 (Pixray-Seeker; +http://www.pixray.com/pixraybot; +crawler@pixray.com)"
5.9.7.208 - - [14/Feb/2013:00:08:21 +0100] "GET /robots.txt HTTP/1.0" 200 177 "-" "Mozilla/5.0 (compatible; MJ12bot/v1.4.3; http://www.majestic12.co.uk/bot.php?+)"
5.9.7.208 - - [14/Feb/2013:00:08:23 +0100] "GET / HTTP/1.0" 200 15302 "-" "Mozilla/5.0 (compatible; MJ12bot/v1.4.3; http://www.majestic12.co.uk/bot.php?+)"
66.249.76.46 - - [14/Feb/2013:00:14:23 +0100] "GET /impressum.php HTTP/1.1" 200 8582 "-" "Mozilla/5.0 (compatible; Googlebot/2.1; +http://www.google.com/bot.html)"
178.255.215.64 - - [14/Feb/2013:00:22:04 +0100] "GET /robots.txt HTTP/1.1" 200 177 "-" "Mozilla/5.0 (compatible; Exabot/3.0; +http://www.exabot.com/go/robot)"
178.255.215.64 - - [14/Feb/2013:00:22:04 +0100] "GET /modernisierung.php HTTP/1.1" 200 11578 "-" "Mozilla/5.0 (compatible; Exabot/3.0; +http://www.exabot.com/go/robot)"
66.249.76.46 - - [14/Feb/2013:00:31:20 +0100] "GET /news.php?cs_go=archiv&cs_id=3836 HTTP/1.1" 200 9872 "-" "SAMSUNG-SGH-E250/1.0 Profile/MIDP-2.0 Configuration/CLDC-1.1 UP.Browser/6.2.3.3.c.1.101 (GUI) MMP/2.0 (compatible; Googlebot-Mobile/2.1; +http://www.google.com/bot.html)"
178.25.93.230 - - [14/Feb/2013:00:38:12 +0100] "GET /robots.txt HTTP/1.0" 200 177 "-" "Mozilla/5.0 (compatible; MJ12bot/v1.4.3; http://www.majestic12.co.uk/bot.php?+)"
178.25.93.230 - - [14/Feb/2013:00:38:14 +0100] "GET /agb.php HTTP/1.1" 200 19709 "-" "Mozilla/5.0 (compatible; MJ12bot/v1.4.3; http://www.majestic12.co.uk/bot.php?+)"
178.25.93.230 - - [14/Feb/2013:00:38:16 +0100] "GET /edl.php HTTP/1.1" 200 10801 "-" "Mozilla/5.0 (compatible; MJ12bot/v1.4.3; http://www.majestic12.co.uk/bot.php?+)"
178.25.93.230 - - [14/Feb/2013:00:38:17 +0100] "GET /energiesparcheck.php HTTP/1.1" 200 13581 "-" "Mozilla/5.0 (compatible; MJ12bot/v1.4.3; http://www.majestic12.co.uk/bot.php?+)"
178.25.93.230 - - [14/Feb/2013:00:38:19 +0100] "GET /faq.php HTTP/1.1" 200 207978 "-" "Mozilla/5.0 (compatible; MJ12bot/v1.4.3; http://www.majestic12.co.uk/bot.php?+)"
178.25.93.230 - - [14/Feb/2013:00:38:21 +0100] "GET /foerdermittel.php HTTP/1.1" 200 12908 "-" "Mozilla/5.0 (compatible; MJ12bot/v1.4.3; http://www.majestic12.co.uk/bot.php?+)"
178.25.93.230 - - [14/Feb/2013:00:38:22 +0100] "GET /lexikon.php HTTP/1.1" 200 10523 "-" "Mozilla/5.0 (compatible; MJ12bot/v1.4.3; http://www.majestic12.co.uk/bot.php?+)"
178.25.93.230 - - [14/Feb/2013:00:38:24 +0100] "GET /modernisierung.php HTTP/1.1" 200 11578 "-" "Mozilla/5.0 (compatible; MJ12bot/v1.4.3; http://www.majestic12.co.uk/bot.php?+)"
208.115.113.91 - - [14/Feb/2013:00:39:49 +0100] "GET /robots.txt HTTP/1.1" 200 177 "-" "Mozilla/5.0 (compatible; Ezooms/1.0; ezooms.bot@gmail.com)"
5.9.7.208 - - [14/Feb/2013:00:53:09 +0100] "GET /robots.txt HTTP/1.0" 200 177 "-" "Mozilla/5.0 (compatible; MJ12bot/v1.4.3; http://www.majestic12.co.uk/bot.php?+)"
5.9.7.208 - - [14/Feb/2013:00:53:11 +0100] "GET /impressum.php HTTP/1.0" 200 8582 "-" "Mozilla/5.0 (compatible; MJ12bot/v1.4.3; http://www.majestic12.co.uk/bot.php?+)"
5.9.7.208 - - [14/Feb/2013:00:53:15 +0100] "GET /index.php HTTP/1.0" 200 15302 "-" "Mozilla/5.0 (compatible; MJ12bot/v1.4.3; http://www.majestic12.co.uk/bot.php?+)"
5.9.7.208 - - [14/Feb/2013:00:53:22 +0100] "GET /robots.txt HTTP/1.0" 200 177 "-" "Mozilla/5.0 (compatible; MJ12bot/v1.4.3; http://www.majestic12.co.uk/bot.php?+)"
5.9.7.208 - - [14/Feb/2013:00:53:24 +0100] "GET /jobs.php HTTP/1.0" 200 10090 "-" "Mozilla/5.0 (compatible; MJ12bot/v1.4.3; http://www.majestic12.co.uk/bot.php?+)"
5.9.7.208 - - [14/Feb/2013:00:53:26 +0100] "GET /kontakt.php HTTP/1.0" 200 9198 "-" "Mozilla/5.0 (compatible; MJ12bot/v1.4.3; http://www.majestic12.co.uk/bot.php?+)"
5.9.7.208 - - [14/Feb/2013:00:53:28 +0100] "GET /kwk.php HTTP/1.0" 200 10884 "-" "Mozilla/5.0 (compatible; MJ12bot/v1.4.3; http://www.majestic12.co.uk/bot.php?+)"
5.9.7.208 - - [14/Feb/2013:00:53:31 +0100] "GET /news.php HTTP/1.0" 200 22203 "-" "Mozilla/5.0 (compatible; MJ12bot/v1.4.3; http://www.majestic12.co.uk/bot.php?+)"
5.9.7.208 - - [14/Feb/2013:00:53:33 +0100] "GET /news.php?cs_go=archiv HTTP/1.0" 200 22203 "-" "Mozilla/5.0 (compatible; MJ12bot/v1.4.3; http://www.majestic12.co.uk/bot.php?+)"
5.9.7.208 - - [14/Feb/2013:00:53:35 +0100] "GET /robots.txt HTTP/1.0" 200 177 "-" "Mozilla/5.0 (compatible; MJ12bot/v1.4.3; http://www.majestic12.co.uk/bot.php?+)"
5.9.7.208 - - [14/Feb/2013:00:53:37 +0100] "GET /news.php?cs_go=archiv&cs_id=3929 HTTP/1.0" 200 12403 "-" "Mozilla/5.0 (compatible; MJ12bot/v1.4.3; http://www.majestic12.co.uk/bot.php?+)"
5.9.7.208 - - [14/Feb/2013:00:53:39 +0100] "GET /news.php?cs_go=archiv&cs_id=3930 HTTP/1.0" 200 10743 "-" "Mozilla/5.0 (compatible; MJ12bot/v1.4.3; http://www.majestic12.co.uk/bot.php?+)"
5.9.7.208 - - [14/Feb/2013:01:00:31 +0100] "GET /robots.txt HTTP/1.0" 200 177 "-" "Mozilla/5.0 (compatible; MJ12bot/v1.4.3; http://www.majestic12.co.uk/bot.php?+)"
5.9.7.208 - - [14/Feb/2013:01:00:34 +0100] "GET /news.php?cs_go=archiv&cs_id=3929 HTTP/1.0" 200 12403 "-" "Mozilla/5.0 (compatible; MJ12bot/v1.4.3; http://www.majestic12.co.uk/bot.php?+)"
5.9.7.208 - - [14/Feb/2013:01:00:35 +0100] "GET /news.php?cs_go=archiv&cs_id=3930 HTTP/1.0" 200 10743 "-" "Mozilla/5.0 (compatible; MJ12bot/v1.4.3; http://www.majestic12.co.uk/bot.php?+)"
5.9.7.208 - - [14/Feb/2013:01:00:37 +0100] "GET /news.php?cs_go=archiv&cs_id=3931 HTTP/1.0" 200 13536 "-" "Mozilla/5.0 (compatible; MJ12bot/v1.4.3; http://www.majestic12.co.uk/bot.php?+)"
5.9.7.208 - - [14/Feb/2013:01:00:39 +0100] "GET /news.php?cs_go=archiv&cs_id=3932 HTTP/1.0" 200 9861 "-" "Mozilla/5.0 (compatible; MJ12bot/v1.4.3; http://www.majestic12.co.uk/bot.php?+)"
5.9.7.208 - - [14/Feb/2013:01:00:41 +0100] "GET /newsletter.php HTTP/1.0" 200 8928 "-" "Mozilla/5.0 (compatible; MJ12bot/v1.4.3; http://www.majestic12.co.uk/bot.php?+)"
5.9.7.208 - - [14/Feb/2013:01:00:42 +0100] "GET /optiplus.php HTTP/1.0" 200 11100 "-" "Mozilla/5.0 (compatible; MJ12bot/v1.4.3; http://www.majestic12.co.uk/bot.php?+)"
5.9.7.208 - - [14/Feb/2013:01:00:44 +0100] "GET /preisanfrage.php HTTP/1.0" 200 10734 "-" "Mozilla/5.0 (compatible; MJ12bot/v1.4.3; http://www.majestic12.co.uk/bot.php?+)"
5.9.7.208 - - [14/Feb/2013:01:00:46 +0100] "GET /rueckrufservice.php HTTP/1.0" 200 10770 "-" "Mozilla/5.0 (compatible; MJ12bot/v1.4.3; http://www.majestic12.co.uk/bot.php?+)"
5.9.7.208 - - [14/Feb/2013:01:00:48 +0100] "GET /standard.php HTTP/1.0" 200 9218 "-" "Mozilla/5.0 (compatible; MJ12bot/v1.4.3; http://www.majestic12.co.uk/bot.php?+)"
5.9.7.208 - - [14/Feb/2013:01:00:49 +0100] "GET /wunschpreis.php HTTP/1.0" 200 12084 "-" "Mozilla/5.0 (compatible; MJ12bot/v1.4.3; http://www.majestic12.co.uk/bot.php?+)"
81.30.151.218 - - [14/Feb/2013:01:08:57 +0100] "GET /news.php?cs_go=archiv&cs_id=2965&cs_search= HTTP/1.1" 200 9751 "-" "Pixray-Seeker/2.0 (Pixray-Seeker; +http://www.pixray.com/pixraybot; +crawler@pixray.com)"
119.63.196.95 - - [14/Feb/2013:01:48:11 +0100] "GET / HTTP/1.1" 200 15302 "-" "Mozilla/5.0 (compatible; Baiduspider/2.0; +http://www.baidu.com/search/spider.html)"
81.30.151.218 - - [14/Feb/2013:02:16:15 +0100] "GET /robots.txt HTTP/1.1" 200 177 "-" "Pixray-Seeker/2.0 (Pixray-Seeker; +http://www.pixray.com/pixraybot; +crawler@pixray.com)"
81.30.151.218 - - [14/Feb/2013:02:16:15 +0100] "GET /news.php?cs_go=archiv&cs_id=1752&cs_search= HTTP/1.1" 200 7887 "-" "Pixray-Seeker/2.0 (Pixray-Seeker; +http://www.pixray.com/pixraybot; +crawler@pixray.com)"
66.249.76.46 - - [14/Feb/2013:02:22:15 +0100] "GET /news.php?cs_go=archiv&cs_id=3558 HTTP/1.1" 200 11730 "-" "Mozilla/5.0 (compatible; Googlebot/2.1; +http://www.google.com/bot.html)"
81.30.151.218 - - [14/Feb/2013:02:36:37 +0100] "GET /news.php?cs_go=archiv&cs_id=2896&cs_search= HTTP/1.1" 200 9909 "-" "Pixray-Seeker/2.0 (Pixray-Seeker; +http://www.pixray.com/pixraybot; +crawler@pixray.com)"
208.115.111.75 - - [14/Feb/2013:02:38:39 +0100] "GET /robots.txt HTTP/1.1" 200 177 "-" "Mozilla/5.0 (compatible; Ezooms/1.0; ezooms.bot@gmail.com)"
178.238.235.184 - - [14/Feb/2013:02:50:36 +0100] "GET / HTTP/1.1" 200 15302 "-" "Mozilla/5.0 (Windows; U; Windows NT 5.1; en-US; rv:1.9.1.3) Gecko/20090824 Firefox/3.5.3 GTB5"
208.115.113.91 - - [14/Feb/2013:02:52:59 +0100] "GET /news.php?cs_go=archiv&cs_id=3884&cs_search= HTTP/1.1" 200 11209 "-" "Mozilla/5.0 (compatible; Ezooms/1.0; ezooms.bot@gmail.com)"
81.30.151.218 - - [14/Feb/2013:02:56:48 +0100] "GET /news.php?cs_go=archiv&cs_id=1788&cs_search= HTTP/1.1" 200 7887 "-" "Pixray-Seeker/2.0 (Pixray-Seeker; +http://www.pixray.com/pixraybot; +crawler@pixray.com)"
65.36.241.79 - - [14/Feb/2013:03:24:50 +0100] "HEAD / HTTP/1.1" 200 - "-" "InternetSeer.com"
46.4.101.183 - - [14/Feb/2013:03:38:43 +0100] "GET /robots.txt HTTP/1.1" 200 177 "-" "Domnutch-Bot/Nutch-1.0 (Domnutch; http://www.Nutch.de/)"
46.4.101.183 - - [14/Feb/2013:03:38:43 +0100] "GET / HTTP/1.1" 200 15302 "-" "Domnutch-Bot/Nutch-1.0 (Domnutch; http://www.Nutch.de/)"
66.249.78.46 - - [14/Feb/2013:03:46:38 +0100] "GET /news.php?cs_go=archiv&cs_id=3397&cs_search= HTTP/1.1" 200 13343 "-" "Mozilla/5.0 (compatible; Googlebot/2.1; +http://www.google.com/bot.html)"
81.30.151.218 - - [14/Feb/2013:04:00:10 +0100] "GET /news.php?cs_go=archiv&cs_id=3600&cs_search= HTTP/1.1" 200 13422 "-" "Pixray-Seeker/2.0 (Pixray-Seeker; +http://www.pixray.com/pixraybot; +crawler@pixray.com)"
66.249.78.46 - - [14/Feb/2013:04:10:05 +0100] "GET /news.php?cs_go=archiv&cs_id=3604 HTTP/1.1" 200 9768 "-" "Mozilla/5.0 (compatible; Googlebot/2.1; +http://www.google.com/bot.html)"
81.30.151.218 - - [14/Feb/2013:04:23:00 +0100] "GET /news.php?cs_go=archiv&cs_id=1711&cs_search= HTTP/1.1" 200 7887 "-" "Pixray-Seeker/2.0 (Pixray-Seeker; +http://www.pixray.com/pixraybot; +crawler@pixray.com)"
66.249.78.46 - - [14/Feb/2013:04:29:18 +0100] "GET /news.php?cs_go=archiv&cs_id=3657&cs_search= HTTP/1.1" 200 13330 "-" "Mozilla/5.0 (compatible; Googlebot/2.1; +http://www.google.com/bot.html)"
66.249.78.46 - - [14/Feb/2013:04:34:31 +0100] "GET /news.php?cs_go=archiv&cs_id=2848&cs_search= HTTP/1.1" 200 19286 "-" "Mozilla/5.0 (compatible; Googlebot/2.1; +http://www.google.com/bot.html)"
66.249.78.46 - - [14/Feb/2013:04:36:17 +0100] "GET /news.php?cs_go=archiv&cs_id=3678 HTTP/1.1" 200 11627 "-" "Mozilla/5.0 (compatible; Googlebot/2.1; +http://www.google.com/bot.html)"
208.115.111.75 - - [14/Feb/2013:04:40:59 +0100] "GET /modernisierung.php?cs_gp_go=coupon HTTP/1.1" 200 10192 "-" "Mozilla/5.0 (compatible; Ezooms/1.0; ezooms.bot@gmail.com)"
208.115.111.75 - - [14/Feb/2013:04:41:04 +0100] "GET /news.php?cs_go=archiv&cs_id=3819&cs_search= HTTP/1.1" 200 9882 "-" "Mozilla/5.0 (compatible; Ezooms/1.0; ezooms.bot@gmail.com)"
66.249.76.46 - - [14/Feb/2013:04:43:20 +0100] "GET /news.php?cs_go=archiv&cs_id=3387&cs_search= HTTP/1.1" 200 13353 "-" "Mozilla/5.0 (compatible; Googlebot/2.1; +http://www.google.com/bot.html)"
46.165.197.142 - - [14/Feb/2013:04:46:11 +0100] "GET /robots.txt HTTP/1.0" 200 177 "-" "Mozilla/5.0 (compatible; MJ12bot/v1.4.3; http://www.majestic12.co.uk/bot.php?+)"
46.165.197.142 - - [14/Feb/2013:04:46:12 +0100] "GET / HTTP/1.0" 200 15302 "-" "Mozilla/5.0 (compatible; MJ12bot/v1.4.3; http://www.majestic12.co.uk/bot.php?+)"
66.249.78.46 - - [14/Feb/2013:04:50:25 +0100] "GET /lexikon.php?cs_go=3&cs_id=184 HTTP/1.1" 200 7998 "-" "Mozilla/5.0 (compatible; Googlebot/2.1; +http://www.google.com/bot.html)"
5.9.6.232 - - [14/Feb/2013:04:59:46 +0100] "GET / HTTP/1.1" 200 15302 "-" "Mozilla/5.0 (Windows NT 6.1; rv:8.0) Gecko/20100101 Firefox/8.0"
5.9.6.232 - - [14/Feb/2013:04:59:51 +0100] "GET / HTTP/1.1" 200 15302 "-" "Mozilla/5.0 (iPhone; U; CPU iPhone OS 3_0 like Mac OS X; en-us) AppleWebKit/528.18 (KHTML, like Gecko) Version/4.0 Mobile/7A341 Safari/528.16"
5.9.6.232 - - [14/Feb/2013:04:59:53 +0100] "GET / HTTP/1.1" 200 15302 "-" "Mozilla/5.0 (Windows NT 6.1; rv:8.0) Gecko/20100101 Firefox/8.0"
66.249.78.46 - - [14/Feb/2013:05:01:07 +0100] "GET /news.php?cs_go=archiv&cs_id=3389&cs_search= HTTP/1.1" 200 13643 "-" "Mozilla/5.0 (compatible; Googlebot/2.1; +http://www.google.com/bot.html)"
66.249.78.46 - - [14/Feb/2013:05:02:54 +0100] "GET /news.php?cs_go=archiv&cs_id=3386&cs_search= HTTP/1.1" 200 9939 "-" "Mozilla/5.0 (compatible; Googlebot/2.1; +http://www.google.com/bot.html)"
66.249.76.46 - - [14/Feb/2013:05:04:42 +0100] "GET /news.php?cs_go=archiv&cs_id=3492&cs_search= HTTP/1.1" 200 13273 "-" "Mozilla/5.0 (compatible; Googlebot/2.1; +http://www.google.com/bot.html)"
66.249.78.46 - - [14/Feb/2013:05:06:29 +0100] "GET /news.php?cs_go=archiv&cs_id=3338&cs_search= HTTP/1.1" 200 9807 "-" "Mozilla/5.0 (compatible; Googlebot/2.1; +http://www.google.com/bot.html)"
66.249.78.46 - - [14/Feb/2013:05:08:15 +0100] "GET /news.php?cs_go=archiv&cs_id=3687 HTTP/1.1" 200 13333 "-" "Mozilla/5.0 (compatible; Googlebot/2.1; +http://www.google.com/bot.html)"
66.249.76.46 - - [14/Feb/2013:05:10:03 +0100] "GET /lexikon.php?cs_go=3&cs_id=140 HTTP/1.1" 200 8744 "-" "Mozilla/5.0 (compatible; Googlebot/2.1; +http://www.google.com/bot.html)"
66.249.78.46 - - [14/Feb/2013:05:13:37 +0100] "GET /news.php?cs_go=archiv&cs_id=3590&cs_search= HTTP/1.1" 200 9799 "-" "Mozilla/5.0 (compatible; Googlebot/2.1; +http://www.google.com/bot.html)"
66.249.78.46 - - [14/Feb/2013:05:17:12 +0100] "GET /news.php?cs_go=archiv&cs_id=3223 HTTP/1.1" 200 13503 "-" "Mozilla/5.0 (compatible; Googlebot/2.1; +http://www.google.com/bot.html)"
66.249.78.46 - - [14/Feb/2013:05:19:00 +0100] "GET /news.php?cs_go=archiv&cs_id=3230&cs_search= HTTP/1.1" 200 13257 "-" "Mozilla/5.0 (compatible; Googlebot/2.1; +http://www.google.com/bot.html)"
66.249.78.46 - - [14/Feb/2013:05:22:35 +0100] "GET /lexikon.php?cs_go=3&cs_id=82 HTTP/1.1" 200 8389 "-" "Mozilla/5.0 (compatible; Googlebot/2.1; +http://www.google.com/bot.html)"
66.249.78.46 - - [14/Feb/2013:05:24:22 +0100] "GET /news.php?cs_go=archiv&cs_id=3229&cs_search= HTTP/1.1" 200 9853 "-" "Mozilla/5.0 (compatible; Googlebot/2.1; +http://www.google.com/bot.html)"
66.249.78.46 - - [14/Feb/2013:05:35:10 +0100] "GET /news.php?cs_go=archiv&cs_id=3608 HTTP/1.1" 200 9772 "-" "Mozilla/5.0 (compatible; Googlebot/2.1; +http://www.google.com/bot.html)"
66.249.76.46 - - [14/Feb/2013:05:37:00 +0100] "GET /news.php?cs_go=archiv&cs_id=3173&cs_search= HTTP/1.1" 200 9838 "-" "Mozilla/5.0 (compatible; Googlebot/2.1; +http://www.google.com/bot.html)"
66.249.76.46 - - [14/Feb/2013:05:42:29 +0100] "GET /news.php?cs_go=archiv&cs_id=3291&cs_search= HTTP/1.1" 200 9903 "-" "Mozilla/5.0 (compatible; Googlebot/2.1; +http://www.google.com/bot.html)"
81.30.151.218 - - [14/Feb/2013:05:46:42 +0100] "GET /news.php?cs_go=archiv&cs_startpos=900 HTTP/1.1" 200 8125 "-" "Pixray-Seeker/2.0 (Pixray-Seeker; +http://www.pixray.com/pixraybot; +crawler@pixray.com)"
66.249.78.46 - - [14/Feb/2013:05:49:49 +0100] "GET /news.php?cs_go=archiv&cs_id=3204&cs_search= HTTP/1.1" 200 13481 "-" "Mozilla/5.0 (compatible; Googlebot/2.1; +http://www.google.com/bot.html)"
66.249.76.46 - - [14/Feb/2013:05:51:39 +0100] "GET /news.php?cs_go=archiv&cs_id=3177&cs_search= HTTP/1.1" 200 13378 "-" "Mozilla/5.0 (compatible; Googlebot/2.1; +http://www.google.com/bot.html)"
66.249.76.46 - - [14/Feb/2013:05:53:00 +0100] "GET / HTTP/1.1" 200 15302 "-" "Mozilla/5.0 (iPhone; U; CPU iPhone OS 4_1 like Mac OS X; en-us) AppleWebKit/532.9 (KHTML, like Gecko) Version/4.0.5 Mobile/8B117 Safari/6531.22.7 (compatible; Googlebot-Mobile/2.1; +http://www.google.com/bot.html)"
66.249.78.46 - - [14/Feb/2013:05:53:30 +0100] "GET /news.php?cs_go=archiv&cs_id=3163 HTTP/1.1" 200 13613 "-" "Mozilla/5.0 (compatible; Googlebot/2.1; +http://www.google.com/bot.html)"
66.249.78.46 - - [14/Feb/2013:05:57:13 +0100] "GET /news.php?cs_go=archiv&cs_id=3432&cs_search= HTTP/1.1" 200 13557 "-" "Mozilla/5.0 (compatible; Googlebot/2.1; +http://www.google.com/bot.html)"
66.249.78.46 - - [14/Feb/2013:06:00:56 +0100] "GET /news.php?cs_go=archiv&cs_id=3708&cs_search= HTTP/1.1" 200 15548 "-" "Mozilla/5.0 (compatible; Googlebot/2.1; +http://www.google.com/bot.html)"
66.249.76.46 - - [14/Feb/2013:06:13:58 +0100] "GET /news.php?cs_go=archiv&cs_id=3664 HTTP/1.1" 200 9992 "-" "Mozilla/5.0 (compatible; Googlebot/2.1; +http://www.google.com/bot.html)"
66.249.76.46 - - [14/Feb/2013:06:19:36 +0100] "GET /news.php?cs_go=archiv&cs_id=3427 HTTP/1.1" 200 12494 "-" "Mozilla/5.0 (compatible; Googlebot/2.1; +http://www.google.com/bot.html)"
66.249.76.46 - - [14/Feb/2013:06:21:28 +0100] "GET /news.php?cs_go=archiv&cs_id=3429&cs_search= HTTP/1.1" 200 9828 "-" "Mozilla/5.0 (compatible; Googlebot/2.1; +http://www.google.com/bot.html)"
66.249.78.46 - - [14/Feb/2013:06:23:21 +0100] "GET /news.php?cs_go=archiv&cs_id=3428&cs_search= HTTP/1.1" 200 13539 "-" "Mozilla/5.0 (compatible; Googlebot/2.1; +http://www.google.com/bot.html)"
81.30.151.218 - - [14/Feb/2013:06:30:24 +0100] "GET /news.php?cs_go=archiv&cs_id=3065&cs_search= HTTP/1.1" 200 9810 "-" "Pixray-Seeker/2.0 (Pixray-Seeker; +http://www.pixray.com/pixraybot; +crawler@pixray.com)"
66.249.78.46 - - [14/Feb/2013:06:30:50 +0100] "GET /news.php?cs_go=archiv&cs_id=3376&cs_search= HTTP/1.1" 200 11273 "-" "Mozilla/5.0 (compatible; Googlebot/2.1; +http://www.google.com/bot.html)"
213.203.215.146 - - [14/Feb/2013:06:32:54 +0100] "GET /news.php%3Fcs_go%3Darchiv%26cs_startpos%3D40 HTTP/1.1" 404 - "-" "Mozilla/4.0"
66.249.78.46 - - [14/Feb/2013:06:38:26 +0100] "GET /news.php?cs_go=archiv&cs_id=3525 HTTP/1.1" 200 11977 "-" "Mozilla/5.0 (compatible; Googlebot/2.1; +http://www.google.com/bot.html)"
66.249.78.46 - - [14/Feb/2013:06:40:19 +0100] "GET /news.php?cs_go=archiv&cs_id=3289&cs_search= HTTP/1.1" 200 10909 "-" "Mozilla/5.0 (compatible; Googlebot/2.1; +http://www.google.com/bot.html)"
66.249.76.46 - - [14/Feb/2013:07:00:09 +0100] "GET /style.css HTTP/1.1" 200 8418 "http://www.mink-gmbh.de/lexikon.php?cs_go=3&cs_id=140" "Mozilla/5.0 (compatible; Googlebot/2.1; +http://www.google.com/bot.html)"
66.249.78.46 - - [14/Feb/2013:07:00:09 +0100] "GET /modul.css HTTP/1.1" 200 35038 "http://www.mink-gmbh.de/lexikon.php?cs_go=3&cs_id=140" "Mozilla/5.0 (compatible; Googlebot/2.1; +http://www.google.com/bot.html)"
5.9.7.208 - - [14/Feb/2013:07:07:08 +0100] "GET /robots.txt HTTP/1.0" 200 177 "-" "Mozilla/5.0 (compatible; MJ12bot/v1.4.3; http://www.majestic12.co.uk/bot.php?+)"
5.9.7.208 - - [14/Feb/2013:07:07:11 +0100] "GET / HTTP/1.0" 200 15302 "-" "Mozilla/5.0 (compatible; MJ12bot/v1.4.3; http://www.majestic12.co.uk/bot.php?+)"
199.21.99.67 - - [14/Feb/2013:07:17:40 +0100] "GET /robots.txt HTTP/1.1" 200 177 "-" "Mozilla/5.0 (compatible; YandexBot/3.0; +http://yandex.com/bots)"
199.21.99.67 - - [14/Feb/2013:07:17:43 +0100] "GET / HTTP/1.1" 200 15298 "-" "Mozilla/5.0 (compatible; YandexBot/3.0; +http://yandex.com/bots)"
81.30.151.218 - - [14/Feb/2013:07:22:03 +0100] "GET /news.php?cs_go=archiv&cs_id=2619&cs_search= HTTP/1.1" 200 7887 "-" "Pixray-Seeker/2.0 (Pixray-Seeker; +http://www.pixray.com/pixraybot; +crawler@pixray.com)"
66.249.76.46 - - [14/Feb/2013:07:23:40 +0100] "GET /news.php?cs_go=archiv&cs_id=3285&cs_search= HTTP/1.1" 200 9855 "-" "Mozilla/5.0 (compatible; Googlebot/2.1; +http://www.google.com/bot.html)"
123.125.71.32 - - [14/Feb/2013:07:31:43 +0100] "GET / HTTP/1.1" 200 8651 "-" "Mozilla/5.0 (compatible; Baiduspider/2.0; +http://www.baidu.com/search/spider.html)"
220.181.108.108 - - [14/Feb/2013:07:32:10 +0100] "GET / HTTP/1.1" 200 10193 "-" "Mozilla/5.0 (compatible; Baiduspider/2.0; +http://www.baidu.com/search/spider.html)"
66.249.76.46 - - [14/Feb/2013:07:33:44 +0100] "GET /news.php?cs_go=archiv&cs_id=3300&cs_search= HTTP/1.1" 200 9883 "-" "Mozilla/5.0 (compatible; Googlebot/2.1; +http://www.google.com/bot.html)"
157.55.35.91 - - [14/Feb/2013:07:36:30 +0100] "GET /robots.txt HTTP/1.1" 200 177 "-" "Mozilla/5.0 (compatible; bingbot/2.0; +http://www.bing.com/bingbot.htm)"
157.55.35.91 - - [14/Feb/2013:07:38:27 +0100] "GET / HTTP/1.1" 200 15290 "-" "Mozilla/5.0 (compatible; bingbot/2.0; +http://www.bing.com/bingbot.htm)"
66.249.78.46 - - [14/Feb/2013:07:49:51 +0100] "GET /news.php?cs_go=archiv&cs_id=3661 HTTP/1.1" 200 13380 "-" "Mozilla/5.0 (compatible; Googlebot/2.1; +http://www.google.com/bot.html)"
5.9.112.66 - - [14/Feb/2013:08:02:36 +0100] "GET /robots.txt HTTP/1.1" 200 177 "-" "Mozilla/5.0 (compatible; SISTRIX Crawler; http://crawler.sistrix.net/)"
5.9.112.66 - - [14/Feb/2013:08:02:36 +0100] "GET / HTTP/1.1" 200 15290 "-" "Mozilla/5.0 (compatible; SISTRIX Crawler; http://crawler.sistrix.net/)"
66.249.76.46 - - [14/Feb/2013:08:10:17 +0100] "GET /news.php?cs_go=archiv&cs_id=3668&cs_search= HTTP/1.1" 200 11365 "-" "Mozilla/5.0 (compatible; Googlebot/2.1; +http://www.google.com/bot.html)"
65.36.241.79 - - [14/Feb/2013:08:15:38 +0100] "HEAD / HTTP/1.1" 200 - "-" "InternetSeer.com"
123.125.71.60 - - [14/Feb/2013:08:31:05 +0100] "GET / HTTP/1.1" 200 8651 "-" "Mozilla/5.0 (compatible; Baiduspider/2.0; +http://www.baidu.com/search/spider.html)"
220.181.108.117 - - [14/Feb/2013:08:31:37 +0100] "GET / HTTP/1.1" 200 7819 "-" "Mozilla/5.0 (compatible; Baiduspider/2.0; +http://www.baidu.com/search/spider.html)"
208.115.113.91 - - [14/Feb/2013:08:39:35 +0100] "GET /robots.txt HTTP/1.1" 200 177 "-" "Mozilla/5.0 (compatible; Ezooms/1.0; ezooms.bot@gmail.com)"
66.249.78.46 - - [14/Feb/2013:08:52:39 +0100] "GET /news.php?cs_go=archiv&cs_id=3667&cs_search= HTTP/1.1" 200 10048 "-" "Mozilla/5.0 (compatible; Googlebot/2.1; +http://www.google.com/bot.html)"
157.55.35.91 - - [14/Feb/2013:08:54:11 +0100] "GET /robots.txt HTTP/1.1" 200 177 "-" "Mozilla/5.0 (compatible; bingbot/2.0; +http://www.bing.com/bingbot.htm)"
157.55.35.91 - - [14/Feb/2013:08:56:14 +0100] "GET / HTTP/1.1" 200 15290 "-" "Mozilla/5.0 (compatible; bingbot/2.0; +http://www.bing.com/bingbot.htm)"
66.249.76.46 - - [14/Feb/2013:08:56:58 +0100] "GET /news.php?cs_go=archiv&cs_id=3560 HTTP/1.1" 200 12322 "-" "Mozilla/5.0 (compatible; Googlebot/2.1; +http://www.google.com/bot.html)"
66.249.76.46 - - [14/Feb/2013:09:03:27 +0100] "GET /news.php?cs_go=archiv&cs_id=3003 HTTP/1.1" 200 12194 "-" "Mozilla/5.0 (compatible; Googlebot/2.1; +http://www.google.com/bot.html)"
66.249.78.46 - - [14/Feb/2013:09:14:42 +0100] "GET /lexikon.php?cs_go=3&cs_id=149 HTTP/1.1" 200 9729 "-" "Mozilla/5.0 (compatible; Googlebot/2.1; +http://www.google.com/bot.html)"
66.249.76.46 - - [14/Feb/2013:09:16:57 +0100] "GET /news.php?cs_go=archiv&cs_id=2834&cs_search= HTTP/1.1" 200 15111 "-" "Mozilla/5.0 (compatible; Googlebot/2.1; +http://www.google.com/bot.html)"
66.249.78.46 - - [14/Feb/2013:09:21:30 +0100] "GET /news.php?cs_go=archiv&cs_id=3699 HTTP/1.1" 200 10259 "-" "Mozilla/5.0 (compatible; Googlebot/2.1; +http://www.google.com/bot.html)"
81.30.151.218 - - [14/Feb/2013:09:24:04 +0100] "GET /news.php?cs_go=archiv&cs_id=2541&cs_search= HTTP/1.1" 200 7887 "-" "Pixray-Seeker/2.0 (Pixray-Seeker; +http://www.pixray.com/pixraybot; +crawler@pixray.com)"
66.249.78.46 - - [14/Feb/2013:09:35:10 +0100] "GET /news.php?cs_go=archiv&cs_id=3700 HTTP/1.1" 200 9866 "-" "Mozilla/5.0 (compatible; Googlebot/2.1; +http://www.google.com/bot.html)"
5.9.107.48 - - [14/Feb/2013:09:37:34 +0100] "GET /robots.txt HTTP/1.0" 200 177 "-" "Mozilla/5.0 (compatible; MJ12bot/v1.4.3; http://www.majestic12.co.uk/bot.php?+)"
5.9.107.48 - - [14/Feb/2013:09:37:38 +0100] "GET /agb.php HTTP/1.0" 200 19709 "-" "Mozilla/5.0 (compatible; MJ12bot/v1.4.3; http://www.majestic12.co.uk/bot.php?+)"
5.9.107.48 - - [14/Feb/2013:09:37:41 +0100] "GET /impressum.php HTTP/1.0" 200 8582 "-" "Mozilla/5.0 (compatible; MJ12bot/v1.4.3; http://www.majestic12.co.uk/bot.php?+)"
5.9.107.48 - - [14/Feb/2013:09:37:44 +0100] "GET /index.php HTTP/1.0" 200 15290 "-" "Mozilla/5.0 (compatible; MJ12bot/v1.4.3; http://www.majestic12.co.uk/bot.php?+)"
5.9.107.48 - - [14/Feb/2013:09:37:48 +0100] "GET /jobs.php HTTP/1.0" 200 10090 "-" "Mozilla/5.0 (compatible; MJ12bot/v1.4.3; http://www.majestic12.co.uk/bot.php?+)"
5.9.107.48 - - [14/Feb/2013:09:37:52 +0100] "GET /kontakt.php HTTP/1.0" 200 9198 "-" "Mozilla/5.0 (compatible; MJ12bot/v1.4.3; http://www.majestic12.co.uk/bot.php?+)"
5.9.107.48 - - [14/Feb/2013:09:37:55 +0100] "GET /kwk.php HTTP/1.0" 200 10884 "-" "Mozilla/5.0 (compatible; MJ12bot/v1.4.3; http://www.majestic12.co.uk/bot.php?+)"
5.9.107.48 - - [14/Feb/2013:09:37:58 +0100] "GET /news.php HTTP/1.0" 200 22087 "-" "Mozilla/5.0 (compatible; MJ12bot/v1.4.3; http://www.majestic12.co.uk/bot.php?+)"
5.9.107.48 - - [14/Feb/2013:09:38:01 +0100] "GET /news.php?cs_go=archiv HTTP/1.0" 200 22087 "-" "Mozilla/5.0 (compatible; MJ12bot/v1.4.3; http://www.majestic12.co.uk/bot.php?+)"
5.9.107.48 - - [14/Feb/2013:09:38:04 +0100] "GET /news.php?cs_go=archiv&cs_id=3931 HTTP/1.0" 200 13536 "-" "Mozilla/5.0 (compatible; MJ12bot/v1.4.3; http://www.majestic12.co.uk/bot.php?+)"
5.9.107.48 - - [14/Feb/2013:09:38:08 +0100] "GET /news.php?cs_go=archiv&cs_id=3932 HTTP/1.0" 200 9861 "-" "Mozilla/5.0 (compatible; MJ12bot/v1.4.3; http://www.majestic12.co.uk/bot.php?+)"
