66.249.78.46 - - [06/Feb/2013:00:31:52 +0100] "GET /news.php?cs_go=archiv&cs_startpos=110 HTTP/1.1" 200 22953 "-" "Mozilla/5.0 (compatible; Googlebot/2.1; +http://www.google.com/bot.html)"
208.115.111.75 - - [06/Feb/2013:00:34:39 +0100] "GET /additive.php HTTP/1.1" 200 8372 "-" "Mozilla/5.0 (compatible; Ezooms/1.0; ezooms.bot@gmail.com)"
141.8.147.1 - - [06/Feb/2013:00:34:47 +0100] "GET /lexikon.php?cs_go=3&cs_id=74 HTTP/1.1" 200 8669 "-" "Mozilla/5.0 (compatible; YandexBot/3.0; +http://yandex.com/bots)"
66.249.78.46 - - [06/Feb/2013:00:36:48 +0100] "GET /news.php?cs_go=archiv&cs_startpos=211 HTTP/1.1" 200 22372 "-" "Mozilla/5.0 (compatible; Googlebot/2.1; +http://www.google.com/bot.html)"
81.30.151.218 - - [06/Feb/2013:00:49:09 +0100] "GET /standard.php HTTP/1.1" 200 9218 "-" "Pixray-Seeker/2.0 (Pixray-Seeker; +http://www.pixray.com/pixraybot; +crawler@pixray.com)"
141.8.147.1 - - [06/Feb/2013:00:50:02 +0100] "GET /lexikon.php?cs_go=3&cs_id=218 HTTP/1.1" 200 8016 "-" "Mozilla/5.0 (compatible; YandexBot/3.0; +http://yandex.com/bots)"
95.211.139.1 - - [06/Feb/2013:00:53:24 +0100] "GET /robots.txt HTTP/1.0" 200 177 "-" "Mozilla/5.0 (compatible; AcoonBot/4.11.1; +http://www.acoon.de/robot.asp)"
95.211.139.1 - - [06/Feb/2013:00:53:24 +0100] "GET /jobs.php HTTP/1.0" 200 10090 "-" "Mozilla/5.0 (compatible; AcoonBot/4.11.1; +http://www.acoon.de/robot.asp)"
66.249.78.46 - - [06/Feb/2013:00:56:34 +0100] "GET /news.php?cs_go=archiv&cs_id=3784 HTTP/1.1" 200 13694 "-" "Mozilla/5.0 (compatible; Googlebot/2.1; +http://www.google.com/bot.html)"
141.8.147.1 - - [06/Feb/2013:01:01:26 +0100] "GET /lexikon.php?cs_go=3&cs_id=36 HTTP/1.1" 200 8683 "-" "Mozilla/5.0 (compatible; YandexBot/3.0; +http://yandex.com/bots)"
141.8.147.1 - - [06/Feb/2013:01:09:02 +0100] "GET /lexikon.php?cs_go=3&cs_id=123 HTTP/1.1" 200 8056 "-" "Mozilla/5.0 (compatible; YandexBot/3.0; +http://yandex.com/bots)"
141.8.147.1 - - [06/Feb/2013:01:28:38 +0100] "GET /lexikon.php?cs_go=3&cs_id=205 HTTP/1.1" 200 8299 "-" "Mozilla/5.0 (compatible; YandexBot/3.0; +http://yandex.com/bots)"
141.8.147.1 - - [06/Feb/2013:01:38:35 +0100] "GET /lexikon.php?cs_go=3&cs_id=59 HTTP/1.1" 200 8709 "-" "Mozilla/5.0 (compatible; YandexBot/3.0; +http://yandex.com/bots)"
141.8.147.1 - - [06/Feb/2013:01:46:02 +0100] "GET /lexikon.php?cs_go=3&cs_id=52 HTTP/1.1" 200 8753 "-" "Mozilla/5.0 (compatible; YandexBot/3.0; +http://yandex.com/bots)"
141.8.147.1 - - [06/Feb/2013:01:53:28 +0100] "GET /lexikon.php?cs_go=3&cs_id=88 HTTP/1.1" 200 8816 "-" "Mozilla/5.0 (compatible; YandexBot/3.0; +http://yandex.com/bots)"
66.249.75.46 - - [06/Feb/2013:02:00:56 +0100] "GET /news.php?cs_go=archiv&cs_id=3785 HTTP/1.1" 200 9755 "-" "Mozilla/5.0 (compatible; Googlebot/2.1; +http://www.google.com/bot.html)"
141.8.147.1 - - [06/Feb/2013:02:04:33 +0100] "GET /lexikon.php?cs_go=3&cs_id=200 HTTP/1.1" 200 10000 "-" "Mozilla/5.0 (compatible; YandexBot/3.0; +http://yandex.com/bots)"
141.8.147.1 - - [06/Feb/2013:02:11:56 +0100] "GET /lexikon.php?cs_go=3&cs_id=162 HTTP/1.1" 200 9400 "-" "Mozilla/5.0 (compatible; YandexBot/3.0; +http://yandex.com/bots)"
95.211.139.1 - - [06/Feb/2013:02:13:48 +0100] "GET /optiplus.php HTTP/1.0" 200 11100 "-" "Mozilla/5.0 (compatible; AcoonBot/4.11.1; +http://www.acoon.de/robot.asp)"
141.8.147.1 - - [06/Feb/2013:02:20:22 +0100] "GET /lexikon.php?cs_go=3&cs_id=193 HTTP/1.1" 200 8007 "-" "Mozilla/5.0 (compatible; YandexBot/3.0; +http://yandex.com/bots)"
66.249.78.46 - - [06/Feb/2013:02:20:42 +0100] "GET /news.php?cs_go=archiv&cs_startpos=101 HTTP/1.1" 200 22536 "-" "Mozilla/5.0 (compatible; Googlebot/2.1; +http://www.google.com/bot.html)"
66.249.75.46 - - [06/Feb/2013:02:24:36 +0100] "GET /news.php?cs_go=archiv&cs_id=2854&cs_search= HTTP/1.1" 200 14468 "-" "Mozilla/5.0 (compatible; Googlebot/2.1; +http://www.google.com/bot.html)"
141.8.147.1 - - [06/Feb/2013:02:27:49 +0100] "GET /lexikon.php?cs_go=3&cs_id=176 HTTP/1.1" 200 8287 "-" "Mozilla/5.0 (compatible; YandexBot/3.0; +http://yandex.com/bots)"
208.115.111.75 - - [06/Feb/2013:02:29:26 +0100] "GET /robots.txt HTTP/1.1" 200 177 "-" "Mozilla/5.0 (compatible; Ezooms/1.0; ezooms.bot@gmail.com)"
81.30.151.218 - - [06/Feb/2013:02:29:52 +0100] "GET /news.php?cs_go=archiv&cs_id=1715&cs_search= HTTP/1.1" 200 7887 "-" "Pixray-Seeker/2.0 (Pixray-Seeker; +http://www.pixray.com/pixraybot; +crawler@pixray.com)"
95.211.139.1 - - [06/Feb/2013:02:31:24 +0100] "GET /newsletter.php HTTP/1.0" 200 8928 "-" "Mozilla/5.0 (compatible; AcoonBot/4.11.1; +http://www.acoon.de/robot.asp)"
141.8.147.1 - - [06/Feb/2013:02:38:55 +0100] "GET /lexikon.php?cs_go=3&cs_id=64 HTTP/1.1" 200 8729 "-" "Mozilla/5.0 (compatible; YandexBot/3.0; +http://yandex.com/bots)"
141.8.147.1 - - [06/Feb/2013:02:45:46 +0100] "GET /lexikon.php?cs_go=3&cs_id=51 HTTP/1.1" 200 8711 "-" "Mozilla/5.0 (compatible; YandexBot/3.0; +http://yandex.com/bots)"
66.249.78.46 - - [06/Feb/2013:02:54:33 +0100] "GET /index.php HTTP/1.1" 200 15364 "-" "Mozilla/5.0 (compatible; Googlebot/2.1; +http://www.google.com/bot.html)"
141.8.147.1 - - [06/Feb/2013:02:55:05 +0100] "GET /lexikon.php?cs_go=3&cs_id=85 HTTP/1.1" 200 8618 "-" "Mozilla/5.0 (compatible; YandexBot/3.0; +http://yandex.com/bots)"
141.8.147.1 - - [06/Feb/2013:03:03:13 +0100] "GET /lexikon.php?cs_go=3&cs_id=168 HTTP/1.1" 200 7072 "-" "Mozilla/5.0 (compatible; YandexBot/3.0; +http://yandex.com/bots)"
141.8.147.1 - - [06/Feb/2013:03:05:45 +0100] "GET /lexikon.php?cs_go=3&cs_id=168 HTTP/1.1" 200 9138 "-" "Mozilla/5.0 (compatible; YandexBot/3.0; +http://yandex.com/bots)"
141.8.147.1 - - [06/Feb/2013:03:14:01 +0100] "GET /lexikon.php?cs_go=3&cs_id=151 HTTP/1.1" 200 8683 "-" "Mozilla/5.0 (compatible; YandexBot/3.0; +http://yandex.com/bots)"
157.56.229.189 - - [06/Feb/2013:03:18:20 +0100] "GET /robots.txt HTTP/1.1" 200 177 "-" "Mozilla/5.0 (compatible; bingbot/2.0; +http://www.bing.com/bingbot.htm)"
66.249.78.46 - - [06/Feb/2013:03:19:18 +0100] "GET /news.php HTTP/1.1" 200 22344 "-" "Mozilla/5.0 (compatible; Googlebot/2.1; +http://www.google.com/bot.html)"
141.8.147.1 - - [06/Feb/2013:03:19:37 +0100] "GET /lexikon.php?cs_go=3&cs_id=199 HTTP/1.1" 200 7815 "-" "Mozilla/5.0 (compatible; YandexBot/3.0; +http://yandex.com/bots)"
157.56.229.189 - - [06/Feb/2013:03:19:54 +0100] "GET / HTTP/1.1" 200 15364 "-" "Mozilla/5.0 (compatible; bingbot/2.0; +http://www.bing.com/bingbot.htm)"
157.56.229.189 - - [06/Feb/2013:03:19:54 +0100] "GET / HTTP/1.1" 200 15364 "-" "Mozilla/5.0 (compatible; bingbot/2.0; +http://www.bing.com/bingbot.htm)"
141.8.147.1 - - [06/Feb/2013:03:25:47 +0100] "GET /lexikon.php?cs_go=3&cs_id=10 HTTP/1.1" 200 8557 "-" "Mozilla/5.0 (compatible; YandexBot/3.0; +http://yandex.com/bots)"
66.249.75.46 - - [06/Feb/2013:03:29:20 +0100] "GET /news.php?cs_go=archiv&cs_id=3909&cs_search= HTTP/1.1" 200 13486 "-" "Mozilla/5.0 (compatible; Googlebot/2.1; +http://www.google.com/bot.html)"
141.8.147.1 - - [06/Feb/2013:03:32:24 +0100] "GET /lexikon.php?cs_go=3&cs_id=154 HTTP/1.1" 200 8226 "-" "Mozilla/5.0 (compatible; YandexBot/3.0; +http://yandex.com/bots)"
141.8.147.1 - - [06/Feb/2013:03:44:20 +0100] "GET /lexikon.php?cs_go=3&cs_id=102 HTTP/1.1" 200 7990 "-" "Mozilla/5.0 (compatible; YandexBot/3.0; +http://yandex.com/bots)"
141.8.147.1 - - [06/Feb/2013:03:56:17 +0100] "GET /lexikon.php?cs_go=3&cs_id=135 HTTP/1.1" 200 9197 "-" "Mozilla/5.0 (compatible; YandexBot/3.0; +http://yandex.com/bots)"
141.8.147.1 - - [06/Feb/2013:04:08:08 +0100] "GET /lexikon.php?cs_go=3&cs_id=27 HTTP/1.1" 200 8477 "-" "Mozilla/5.0 (compatible; YandexBot/3.0; +http://yandex.com/bots)"
81.30.151.218 - - [06/Feb/2013:04:16:51 +0100] "GET /lexikon.php?cs_go=3&cs_id=131 HTTP/1.1" 200 8378 "-" "Pixray-Seeker/2.0 (Pixray-Seeker; +http://www.pixray.com/pixraybot; +crawler@pixray.com)"
141.8.147.1 - - [06/Feb/2013:04:18:10 +0100] "GET /lexikon.php?cs_go=3&cs_id=76 HTTP/1.1" 200 8523 "-" "Mozilla/5.0 (compatible; YandexBot/3.0; +http://yandex.com/bots)"
208.115.111.75 - - [06/Feb/2013:04:33:21 +0100] "GET /news.php?cs_go=archiv&cs_id=3822&cs_search= HTTP/1.1" 200 13619 "-" "Mozilla/5.0 (compatible; Ezooms/1.0; ezooms.bot@gmail.com)"
141.8.147.1 - - [06/Feb/2013:04:37:00 +0100] "GET /lexikon.php?cs_go=3&cs_id=195 HTTP/1.1" 200 9007 "-" "Mozilla/5.0 (compatible; YandexBot/3.0; +http://yandex.com/bots)"
208.115.113.91 - - [06/Feb/2013:04:37:43 +0100] "GET /robots.txt HTTP/1.1" 200 177 "-" "Mozilla/5.0 (compatible; Ezooms/1.0; ezooms.bot@gmail.com)"
81.30.151.218 - - [06/Feb/2013:04:38:20 +0100] "GET /news.php?cs_go=archiv&cs_id=3209&cs_search= HTTP/1.1" 200 13682 "-" "Pixray-Seeker/2.0 (Pixray-Seeker; +http://www.pixray.com/pixraybot; +crawler@pixray.com)"
141.8.147.1 - - [06/Feb/2013:04:41:49 +0100] "GET /lexikon.php?cs_go=3&cs_id=113 HTTP/1.1" 200 8176 "-" "Mozilla/5.0 (compatible; YandexBot/3.0; +http://yandex.com/bots)"
141.8.147.1 - - [06/Feb/2013:04:41:51 +0100] "GET /lexikon.php?cs_go=3&cs_id=16 HTTP/1.1" 200 8903 "-" "Mozilla/5.0 (compatible; YandexBot/3.0; +http://yandex.com/bots)"
141.8.147.1 - - [06/Feb/2013:04:45:39 +0100] "GET /lexikon.php?cs_go=3&cs_id=71 HTTP/1.1" 200 9121 "-" "Mozilla/5.0 (compatible; YandexBot/3.0; +http://yandex.com/bots)"
141.8.147.1 - - [06/Feb/2013:04:53:11 +0100] "GET /lexikon.php?cs_go=3&cs_id=204 HTTP/1.1" 200 8006 "-" "Mozilla/5.0 (compatible; YandexBot/3.0; +http://yandex.com/bots)"
141.8.147.1 - - [06/Feb/2013:05:06:57 +0100] "GET /lexikon.php?cs_go=3&cs_id=75 HTTP/1.1" 200 8596 "-" "Mozilla/5.0 (compatible; YandexBot/3.0; +http://yandex.com/bots)"
65.36.241.79 - - [06/Feb/2013:05:09:04 +0100] "HEAD / HTTP/1.1" 200 - "-" "InternetSeer.com"
178.255.215.64 - - [06/Feb/2013:05:10:48 +0100] "GET /robots.txt HTTP/1.1" 200 177 "-" "Mozilla/5.0 (compatible; Exabot/3.0; +http://www.exabot.com/go/robot)"
178.255.215.64 - - [06/Feb/2013:05:10:48 +0100] "GET /news.php?cs_go=archiv&cs_id=3205 HTTP/1.1" 200 9862 "-" "Mozilla/5.0 (compatible; Exabot/3.0; +http://www.exabot.com/go/robot)"
141.8.147.1 - - [06/Feb/2013:05:15:49 +0100] "GET /lexikon.php?cs_go=3&cs_id=165 HTTP/1.1" 200 8286 "-" "Mozilla/5.0 (compatible; YandexBot/3.0; +http://yandex.com/bots)"
141.8.147.1 - - [06/Feb/2013:05:23:40 +0100] "GET /lexikon.php?cs_go=3&cs_id=3 HTTP/1.1" 200 8485 "-" "Mozilla/5.0 (compatible; YandexBot/3.0; +http://yandex.com/bots)"
141.8.147.1 - - [06/Feb/2013:05:26:07 +0100] "GET /lexikon.php?cs_go=3&cs_id=79 HTTP/1.1" 200 8001 "-" "Mozilla/5.0 (compatible; YandexBot/3.0; +http://yandex.com/bots)"
141.8.147.1 - - [06/Feb/2013:05:34:39 +0100] "GET /lexikon.php?cs_go=3&cs_id=55 HTTP/1.1" 200 8019 "-" "Mozilla/5.0 (compatible; YandexBot/3.0; +http://yandex.com/bots)"
141.8.147.1 - - [06/Feb/2013:05:38:27 +0100] "GET /lexikon.php?cs_go=3&cs_id=1 HTTP/1.1" 200 8557 "-" "Mozilla/5.0 (compatible; YandexBot/3.0; +http://yandex.com/bots)"
141.8.147.1 - - [06/Feb/2013:05:41:57 +0100] "GET /lexikon.php?cs_go=3&cs_id=180 HTTP/1.1" 200 9077 "-" "Mozilla/5.0 (compatible; YandexBot/3.0; +http://yandex.com/bots)"
141.8.147.1 - - [06/Feb/2013:05:45:08 +0100] "GET /lexikon.php?cs_go=3&cs_id=2 HTTP/1.1" 200 8424 "-" "Mozilla/5.0 (compatible; YandexBot/3.0; +http://yandex.com/bots)"
141.8.147.1 - - [06/Feb/2013:05:49:16 +0100] "GET /lexikon.php?cs_go=3&cs_id=35 HTTP/1.1" 200 8410 "-" "Mozilla/5.0 (compatible; YandexBot/3.0; +http://yandex.com/bots)"
141.8.147.1 - - [06/Feb/2013:05:51:35 +0100] "GET /lexikon.php?cs_go=3&cs_id=81 HTTP/1.1" 200 8420 "-" "Mozilla/5.0 (compatible; YandexBot/3.0; +http://yandex.com/bots)"
141.8.147.1 - - [06/Feb/2013:05:52:41 +0100] "GET /lexikon.php?cs_go=3&cs_id=14 HTTP/1.1" 200 8545 "-" "Mozilla/5.0 (compatible; YandexBot/3.0; +http://yandex.com/bots)"
141.8.147.1 - - [06/Feb/2013:05:53:46 +0100] "GET /lexikon.php?cs_go=3&cs_id=60 HTTP/1.1" 200 8500 "-" "Mozilla/5.0 (compatible; YandexBot/3.0; +http://yandex.com/bots)"
141.8.147.1 - - [06/Feb/2013:05:54:52 +0100] "GET /lexikon.php?cs_go=3&cs_id=167 HTTP/1.1" 200 8004 "-" "Mozilla/5.0 (compatible; YandexBot/3.0; +http://yandex.com/bots)"
141.8.147.1 - - [06/Feb/2013:05:56:50 +0100] "GET /lexikon.php?cs_go=3&cs_id=119 HTTP/1.1" 200 8142 "-" "Mozilla/5.0 (compatible; YandexBot/3.0; +http://yandex.com/bots)"
141.8.147.1 - - [06/Feb/2013:05:57:42 +0100] "GET /lexikon.php?cs_go=3&cs_id=156 HTTP/1.1" 200 8721 "-" "Mozilla/5.0 (compatible; YandexBot/3.0; +http://yandex.com/bots)"
141.8.147.1 - - [06/Feb/2013:05:58:34 +0100] "GET /lexikon.php?cs_go=3&cs_id=31 HTTP/1.1" 200 8002 "-" "Mozilla/5.0 (compatible; YandexBot/3.0; +http://yandex.com/bots)"
141.8.147.1 - - [06/Feb/2013:05:59:23 +0100] "GET /lexikon.php?cs_go=3&cs_id=159 HTTP/1.1" 200 9759 "-" "Mozilla/5.0 (compatible; YandexBot/3.0; +http://yandex.com/bots)"
66.249.78.46 - - [06/Feb/2013:06:13:26 +0100] "GET /news.php?cs_go=archiv&cs_id=3897 HTTP/1.1" 200 13535 "-" "SAMSUNG-SGH-E250/1.0 Profile/MIDP-2.0 Configuration/CLDC-1.1 UP.Browser/6.2.3.3.c.1.101 (GUI) MMP/2.0 (compatible; Googlebot-Mobile/2.1; +http://www.google.com/bot.html)"
123.125.71.33 - - [06/Feb/2013:06:22:58 +0100] "GET /robots.txt HTTP/1.1" 200 177 "-" "Mozilla/5.0 (Windows NT 5.1; rv:6.0.2) Gecko/20100101 Firefox/6.0.2"
66.249.78.46 - - [06/Feb/2013:06:25:04 +0100] "GET /lexikon.php?cs_go=3&cs_id=77 HTTP/1.1" 200 8672 "-" "Mozilla/5.0 (compatible; Googlebot/2.1; +http://www.google.com/bot.html)"
81.30.151.218 - - [06/Feb/2013:06:36:00 +0100] "GET /news.php?cs_go=archiv&cs_id=2539&cs_search= HTTP/1.1" 200 7887 "-" "Pixray-Seeker/2.0 (Pixray-Seeker; +http://www.pixray.com/pixraybot; +crawler@pixray.com)"
66.249.78.46 - - [06/Feb/2013:06:40:27 +0100] "GET /news.php?cs_go=archiv&cs_id=2741 HTTP/1.1" 200 14094 "-" "Mozilla/5.0 (compatible; Googlebot/2.1; +http://www.google.com/bot.html)"
208.115.113.91 - - [06/Feb/2013:06:50:14 +0100] "GET /news.php?cs_go=archiv&cs_id=3838&cs_search= HTTP/1.1" 200 12156 "-" "Mozilla/5.0 (compatible; Ezooms/1.0; ezooms.bot@gmail.com)"
157.56.229.189 - - [06/Feb/2013:06:56:00 +0100] "GET /robots.txt HTTP/1.1" 200 177 "-" "Mozilla/5.0 (compatible; bingbot/2.0; +http://www.bing.com/bingbot.htm)"
157.56.229.189 - - [06/Feb/2013:06:58:13 +0100] "GET / HTTP/1.1" 200 15364 "-" "Mozilla/5.0 (compatible; bingbot/2.0; +http://www.bing.com/bingbot.htm)"
66.249.75.46 - - [06/Feb/2013:07:02:57 +0100] "GET /rueckrufservice.php HTTP/1.1" 200 10770 "-" "Mozilla/5.0 (iPhone; U; CPU iPhone OS 4_1 like Mac OS X; en-us) AppleWebKit/532.9 (KHTML, like Gecko) Version/4.0.5 Mobile/8B117 Safari/6531.22.7 (compatible; Googlebot-Mobile/2.1; +http://www.google.com/bot.html)"
66.249.75.46 - - [06/Feb/2013:07:18:13 +0100] "GET /news.php?cs_go=archiv&cs_id=3722 HTTP/1.1" 200 9737 "-" "Mozilla/5.0 (compatible; Googlebot/2.1; +http://www.google.com/bot.html)"
66.249.75.46 - - [06/Feb/2013:07:37:58 +0100] "GET /news.php?cs_go=archiv&cs_id=3885 HTTP/1.1" 200 13537 "-" "DoCoMo/2.0 N905i(c100;TB;W24H16) (compatible; Googlebot-Mobile/2.1; +http://www.google.com/bot.html)"
141.8.147.1 - - [06/Feb/2013:07:39:42 +0100] "GET /robots.txt HTTP/1.1" 200 177 "-" "Mozilla/5.0 (compatible; YandexBot/3.0; +http://yandex.com/bots)"
95.211.139.1 - - [06/Feb/2013:07:54:32 +0100] "GET /preisanfrage.php HTTP/1.0" 200 10734 "-" "Mozilla/5.0 (compatible; AcoonBot/4.11.1; +http://www.acoon.de/robot.asp)"
141.8.147.1 - - [06/Feb/2013:08:03:06 +0100] "GET /additive.php HTTP/1.1" 200 8372 "-" "Mozilla/5.0 (compatible; YandexBot/3.0; +http://yandex.com/bots)"
141.8.147.1 - - [06/Feb/2013:08:26:29 +0100] "GET /lexikon.php?cs_go=3&cs_id=97 HTTP/1.1" 200 11491 "-" "Mozilla/5.0 (compatible; YandexBot/3.0; +http://yandex.com/bots)"
208.115.113.91 - - [06/Feb/2013:08:39:14 +0100] "GET /robots.txt HTTP/1.1" 200 177 "-" "Mozilla/5.0 (compatible; Ezooms/1.0; ezooms.bot@gmail.com)"
141.8.147.1 - - [06/Feb/2013:08:47:17 +0100] "GET /news.php?cs_go=archiv&cs_startpos=120 HTTP/1.1" 200 22687 "-" "Mozilla/5.0 (compatible; YandexBot/3.0; +http://yandex.com/bots)"
141.8.147.1 - - [06/Feb/2013:09:07:58 +0100] "GET /news.php?cs_go=archiv&cs_id=3798&cs_search= HTTP/1.1" 200 13086 "-" "Mozilla/5.0 (compatible; YandexBot/3.0; +http://yandex.com/bots)"
178.255.215.64 - - [06/Feb/2013:09:26:11 +0100] "GET /standard.php HTTP/1.1" 200 9218 "-" "Mozilla/5.0 (compatible; Exabot/3.0; +http://www.exabot.com/go/robot)"
141.8.147.1 - - [06/Feb/2013:09:27:11 +0100] "GET /news.php?cs_go=archiv&cs_id=3570&cs_search= HTTP/1.1" 200 13486 "-" "Mozilla/5.0 (compatible; YandexBot/3.0; +http://yandex.com/bots)"
66.249.78.46 - - [06/Feb/2013:09:44:38 +0100] "GET /news.php?cs_go=archiv&cs_id=3318&cs_search= HTTP/1.1" 200 9846 "-" "Mozilla/5.0 (compatible; Googlebot/2.1; +http://www.google.com/bot.html)"
141.8.147.1 - - [06/Feb/2013:09:50:12 +0100] "GET /news.php?cs_go=archiv&cs_id=3512&cs_search= HTTP/1.1" 200 12506 "-" "Mozilla/5.0 (compatible; YandexBot/3.0; +http://yandex.com/bots)"
84.57.156.170 - - [06/Feb/2013:10:06:27 +0100] "GET /style.css HTTP/1.1" 200 8418 "http://www.mink-gmbh.de/" "Mozilla/5.0 (Windows NT 6.1; WOW64; rv:16.0) Gecko/20100101 Firefox/16.0"
84.57.156.170 - - [06/Feb/2013:10:06:27 +0100] "GET /modul.css HTTP/1.1" 200 35038 "http://www.mink-gmbh.de/" "Mozilla/5.0 (Windows NT 6.1; WOW64; rv:16.0) Gecko/20100101 Firefox/16.0"
84.57.156.170 - - [06/Feb/2013:10:06:27 +0100] "GET /favicon.ico HTTP/1.1" 200 3638 "-" "Mozilla/5.0 (Windows NT 6.1; WOW64; rv:16.0) Gecko/20100101 Firefox/16.0"
84.57.156.170 - - [06/Feb/2013:10:06:27 +0100] "GET /js_contentserver24_greybox/gb_styles.css HTTP/1.1" 200 2302 "http://www.mink-gmbh.de/" "Mozilla/5.0 (Windows NT 6.1; WOW64; rv:16.0) Gecko/20100101 Firefox/16.0"
84.57.156.170 - - [06/Feb/2013:10:06:27 +0100] "GET /js_contentserver24_greybox/AJS.js HTTP/1.1" 200 10396 "http://www.mink-gmbh.de/" "Mozilla/5.0 (Windows NT 6.1; WOW64; rv:16.0) Gecko/20100101 Firefox/16.0"
84.57.156.170 - - [06/Feb/2013:10:06:27 +0100] "GET /js_contentserver24_greybox/AJS_fx.js HTTP/1.1" 200 3192 "http://www.mink-gmbh.de/" "Mozilla/5.0 (Windows NT 6.1; WOW64; rv:16.0) Gecko/20100101 Firefox/16.0"
84.57.156.170 - - [06/Feb/2013:10:06:27 +0100] "GET /js_contentserver24_greybox/gb_scripts.js HTTP/1.1" 200 11913 "http://www.mink-gmbh.de/" "Mozilla/5.0 (Windows NT 6.1; WOW64; rv:16.0) Gecko/20100101 Firefox/16.0"
84.57.156.170 - - [06/Feb/2013:10:06:27 +0100] "GET /images/bg.jpg HTTP/1.1" 200 345 "http://www.mink-gmbh.de/style.css" "Mozilla/5.0 (Windows NT 6.1; WOW64; rv:16.0) Gecko/20100101 Firefox/16.0"
84.57.156.170 - - [06/Feb/2013:10:06:27 +0100] "GET /js_contentserver24_greybox/w_close.gif HTTP/1.1" 200 74 "http://www.mink-gmbh.de/" "Mozilla/5.0 (Windows NT 6.1; WOW64; rv:16.0) Gecko/20100101 Firefox/16.0"
84.57.156.170 - - [06/Feb/2013:10:06:27 +0100] "GET /images/close.png HTTP/1.1" 200 703 "http://www.mink-gmbh.de/" "Mozilla/5.0 (Windows NT 6.1; WOW64; rv:16.0) Gecko/20100101 Firefox/16.0"
84.57.156.170 - - [06/Feb/2013:10:06:27 +0100] "GET /images/newsletter_bg.jpg HTTP/1.1" 200 33610 "http://www.mink-gmbh.de/" "Mozilla/5.0 (Windows NT 6.1; WOW64; rv:16.0) Gecko/20100101 Firefox/16.0"
84.57.156.170 - - [06/Feb/2013:10:06:27 +0100] "GET /images/wrapperbg.jpg HTTP/1.1" 200 27465 "http://www.mink-gmbh.de/style.css" "Mozilla/5.0 (Windows NT 6.1; WOW64; rv:16.0) Gecko/20100101 Firefox/16.0"
84.57.156.170 - - [06/Feb/2013:10:06:27 +0100] "GET /images/header.jpg HTTP/1.1" 200 24413 "http://www.mink-gmbh.de/style.css" "Mozilla/5.0 (Windows NT 6.1; WOW64; rv:16.0) Gecko/20100101 Firefox/16.0"
84.57.156.170 - - [06/Feb/2013:10:06:27 +0100] "GET /images/navibg.png HTTP/1.1" 200 2803 "http://www.mink-gmbh.de/style.css" "Mozilla/5.0 (Windows NT 6.1; WOW64; rv:16.0) Gecko/20100101 Firefox/16.0"
84.57.156.170 - - [06/Feb/2013:10:06:27 +0100] "GET /images/steigend.png HTTP/1.1" 200 688 "http://www.mink-gmbh.de/modul.css" "Mozilla/5.0 (Windows NT 6.1; WOW64; rv:16.0) Gecko/20100101 Firefox/16.0"
84.57.156.170 - - [06/Feb/2013:10:06:27 +0100] "GET /images/fallend.png HTTP/1.1" 200 713 "http://www.mink-gmbh.de/modul.css" "Mozilla/5.0 (Windows NT 6.1; WOW64; rv:16.0) Gecko/20100101 Firefox/16.0"
84.57.156.170 - - [06/Feb/2013:10:06:27 +0100] "GET /images/newsletter.png HTTP/1.1" 200 14619 "http://www.mink-gmbh.de/style.css" "Mozilla/5.0 (Windows NT 6.1; WOW64; rv:16.0) Gecko/20100101 Firefox/16.0"
84.57.156.170 - - [06/Feb/2013:10:06:27 +0100] "GET /images/mobil.jpg HTTP/1.1" 200 25293 "http://www.mink-gmbh.de/style.css" "Mozilla/5.0 (Windows NT 6.1; WOW64; rv:16.0) Gecko/20100101 Firefox/16.0"
84.57.156.170 - - [06/Feb/2013:10:06:27 +0100] "GET /images/newsletter.jpg HTTP/1.1" 200 13130 "http://www.mink-gmbh.de/style.css" "Mozilla/5.0 (Windows NT 6.1; WOW64; rv:16.0) Gecko/20100101 Firefox/16.0"
84.57.156.170 - - [06/Feb/2013:10:06:27 +0100] "GET /images/tkw.jpg HTTP/1.1" 200 64031 "http://www.mink-gmbh.de/" "Mozilla/5.0 (Windows NT 6.1; WOW64; rv:16.0) Gecko/20100101 Firefox/16.0"
84.57.156.170 - - [06/Feb/2013:10:06:26 +0100] "GET / HTTP/1.1" 200 15351 "http://www.google.de/url?sa=t&rct=j&q=&esrc=s&source=web&cd=8&ved=0CGEQFjAH&url=http%3A%2F%2Fwww.mink-gmbh.de%2F&ei=fRsSUfzzEojwsgasyoH4Cw&usg=AFQjCNFHX4Iglls9oo-KYXTmDUV_5KOVIg&bvm=bv.41934586,d.Yms" "Mozilla/5.0 (Windows NT 6.1; WOW64; rv:16.0) Gecko/20100101 Firefox/16.0"
84.57.156.170 - - [06/Feb/2013:10:06:27 +0100] "GET /js_contentserver24_greybox/loader_frame.html?s=0 HTTP/1.1" 200 2084 "http://www.mink-gmbh.de/" "Mozilla/5.0 (Windows NT 6.1; WOW64; rv:16.0) Gecko/20100101 Firefox/16.0"
84.57.156.170 - - [06/Feb/2013:10:06:27 +0100] "GET /js_contentserver24_greybox/header_bg.gif HTTP/1.1" 200 1188 "http://www.mink-gmbh.de/" "Mozilla/5.0 (Windows NT 6.1; WOW64; rv:16.0) Gecko/20100101 Firefox/16.0"
84.57.156.170 - - [06/Feb/2013:10:06:27 +0100] "GET /images/freecall.jpg HTTP/1.1" 200 39195 "http://www.mink-gmbh.de/" "Mozilla/5.0 (Windows NT 6.1; WOW64; rv:16.0) Gecko/20100101 Firefox/16.0"
84.57.156.170 - - [06/Feb/2013:10:06:27 +0100] "GET /images/mail.jpg HTTP/1.1" 200 11165 "http://www.mink-gmbh.de/" "Mozilla/5.0 (Windows NT 6.1; WOW64; rv:16.0) Gecko/20100101 Firefox/16.0"
84.57.156.170 - - [06/Feb/2013:10:06:27 +0100] "GET /images/kwk.gif HTTP/1.1" 200 6403 "http://www.mink-gmbh.de/" "Mozilla/5.0 (Windows NT 6.1; WOW64; rv:16.0) Gecko/20100101 Firefox/16.0"
84.57.156.170 - - [06/Feb/2013:10:06:27 +0100] "GET /images/wunschpreis.jpg HTTP/1.1" 200 16767 "http://www.mink-gmbh.de/" "Mozilla/5.0 (Windows NT 6.1; WOW64; rv:16.0) Gecko/20100101 Firefox/16.0"
84.57.156.170 - - [06/Feb/2013:10:06:27 +0100] "GET /images/logos.jpg HTTP/1.1" 200 15002 "http://www.mink-gmbh.de/" "Mozilla/5.0 (Windows NT 6.1; WOW64; rv:16.0) Gecko/20100101 Firefox/16.0"
84.57.156.170 - - [06/Feb/2013:10:06:27 +0100] "GET /images/footerbg.jpg HTTP/1.1" 200 2184 "http://www.mink-gmbh.de/style.css" "Mozilla/5.0 (Windows NT 6.1; WOW64; rv:16.0) Gecko/20100101 Firefox/16.0"
84.57.156.170 - - [06/Feb/2013:10:06:27 +0100] "GET /js_contentserver24_greybox/indicator.gif HTTP/1.1" 200 8238 "http://www.mink-gmbh.de/js_contentserver24_greybox/loader_frame.html?s=0" "Mozilla/5.0 (Windows NT 6.1; WOW64; rv:16.0) Gecko/20100101 Firefox/16.0"
84.57.156.170 - - [06/Feb/2013:10:06:28 +0100] "GET /js_contentserver24_greybox/g_close.gif HTTP/1.1" 200 541 "http://www.mink-gmbh.de/" "Mozilla/5.0 (Windows NT 6.1; WOW64; rv:16.0) Gecko/20100101 Firefox/16.0"
84.57.156.170 - - [06/Feb/2013:10:06:36 +0100] "GET /modernisierung.php HTTP/1.1" 200 11491 "http://my.contentserver24.de/content.php?key=8cbfc89c6095570b423d&cs_mid=22&cs_go=popupcontent" "Mozilla/5.0 (Windows NT 6.1; WOW64; rv:16.0) Gecko/20100101 Firefox/16.0"
84.57.156.170 - - [06/Feb/2013:10:07:04 +0100] "GET / HTTP/1.1" 200 14610 "http://www.google.de/url?sa=t&rct=j&q=&esrc=s&source=web&cd=8&ved=0CGEQFjAH&url=http%3A%2F%2Fwww.mink-gmbh.de%2F&ei=fRsSUfzzEojwsgasyoH4Cw&usg=AFQjCNFHX4Iglls9oo-KYXTmDUV_5KOVIg&bvm=bv.41934586,d.Yms" "Mozilla/5.0 (Windows NT 6.1; WOW64; rv:16.0) Gecko/20100101 Firefox/16.0"
141.8.147.1 - - [06/Feb/2013:10:12:04 +0100] "GET /news.php?cs_go=archiv&cs_id=3513&cs_search= HTTP/1.1" 200 13529 "-" "Mozilla/5.0 (compatible; YandexBot/3.0; +http://yandex.com/bots)"
87.161.242.163 - - [06/Feb/2013:10:12:07 +0100] "GET / HTTP/1.1" 200 15351 "http://www.google.de/url?sa=t&rct=j&q=&esrc=s&source=web&cd=1&ved=0CDIQFjAA&url=http%3A%2F%2Fwww.mink-gmbh.de%2F&ei=Th4SUbPjMonIswazl4HQAg&usg=AFQjCNFHX4Iglls9oo-KYXTmDUV_5KOVIg&sig2=xMQZR8kfD0_CCPmr7JBHCA&bvm=bv.41934586,d.Yms" "Mozilla/5.0 (Windows NT 6.1; rv:15.0) Gecko/20100101 Firefox/15.0.1"
87.161.242.163 - - [06/Feb/2013:10:12:08 +0100] "GET /style.css HTTP/1.1" 200 8418 "http://www.mink-gmbh.de/" "Mozilla/5.0 (Windows NT 6.1; rv:15.0) Gecko/20100101 Firefox/15.0.1"
87.161.242.163 - - [06/Feb/2013:10:12:08 +0100] "GET /modul.css HTTP/1.1" 200 35038 "http://www.mink-gmbh.de/" "Mozilla/5.0 (Windows NT 6.1; rv:15.0) Gecko/20100101 Firefox/15.0.1"
87.161.242.163 - - [06/Feb/2013:10:12:08 +0100] "GET /js_contentserver24_greybox/AJS.js HTTP/1.1" 200 10396 "http://www.mink-gmbh.de/" "Mozilla/5.0 (Windows NT 6.1; rv:15.0) Gecko/20100101 Firefox/15.0.1"
87.161.242.163 - - [06/Feb/2013:10:12:08 +0100] "GET /js_contentserver24_greybox/gb_styles.css HTTP/1.1" 200 2302 "http://www.mink-gmbh.de/" "Mozilla/5.0 (Windows NT 6.1; rv:15.0) Gecko/20100101 Firefox/15.0.1"
87.161.242.163 - - [06/Feb/2013:10:12:08 +0100] "GET /js_contentserver24_greybox/AJS_fx.js HTTP/1.1" 200 3192 "http://www.mink-gmbh.de/" "Mozilla/5.0 (Windows NT 6.1; rv:15.0) Gecko/20100101 Firefox/15.0.1"
87.161.242.163 - - [06/Feb/2013:10:12:08 +0100] "GET /js_contentserver24_greybox/gb_scripts.js HTTP/1.1" 200 11913 "http://www.mink-gmbh.de/" "Mozilla/5.0 (Windows NT 6.1; rv:15.0) Gecko/20100101 Firefox/15.0.1"
87.161.242.163 - - [06/Feb/2013:10:12:08 +0100] "GET /favicon.ico HTTP/1.1" 200 3638 "-" "Mozilla/5.0 (Windows NT 6.1; rv:15.0) Gecko/20100101 Firefox/15.0.1"
87.161.242.163 - - [06/Feb/2013:10:12:08 +0100] "GET /images/freecall.jpg HTTP/1.1" 200 39195 "http://www.mink-gmbh.de/" "Mozilla/5.0 (Windows NT 6.1; rv:15.0) Gecko/20100101 Firefox/15.0.1"
87.161.242.163 - - [06/Feb/2013:10:12:08 +0100] "GET /images/mail.jpg HTTP/1.1" 200 11165 "http://www.mink-gmbh.de/" "Mozilla/5.0 (Windows NT 6.1; rv:15.0) Gecko/20100101 Firefox/15.0.1"
87.161.242.163 - - [06/Feb/2013:10:12:08 +0100] "GET /images/tkw.jpg HTTP/1.1" 200 64031 "http://www.mink-gmbh.de/" "Mozilla/5.0 (Windows NT 6.1; rv:15.0) Gecko/20100101 Firefox/15.0.1"
87.161.242.163 - - [06/Feb/2013:10:12:08 +0100] "GET /images/kwk.gif HTTP/1.1" 200 6403 "http://www.mink-gmbh.de/" "Mozilla/5.0 (Windows NT 6.1; rv:15.0) Gecko/20100101 Firefox/15.0.1"
87.161.242.163 - - [06/Feb/2013:10:12:08 +0100] "GET /images/wunschpreis.jpg HTTP/1.1" 200 16767 "http://www.mink-gmbh.de/" "Mozilla/5.0 (Windows NT 6.1; rv:15.0) Gecko/20100101 Firefox/15.0.1"
87.161.242.163 - - [06/Feb/2013:10:12:08 +0100] "GET /images/logos.jpg HTTP/1.1" 200 15002 "http://www.mink-gmbh.de/" "Mozilla/5.0 (Windows NT 6.1; rv:15.0) Gecko/20100101 Firefox/15.0.1"
87.161.242.163 - - [06/Feb/2013:10:12:08 +0100] "GET /images/bg.jpg HTTP/1.1" 200 345 "http://www.mink-gmbh.de/style.css" "Mozilla/5.0 (Windows NT 6.1; rv:15.0) Gecko/20100101 Firefox/15.0.1"
87.161.242.163 - - [06/Feb/2013:10:12:08 +0100] "GET /js_contentserver24_greybox/w_close.gif HTTP/1.1" 200 74 "http://www.mink-gmbh.de/" "Mozilla/5.0 (Windows NT 6.1; rv:15.0) Gecko/20100101 Firefox/15.0.1"
87.161.242.163 - - [06/Feb/2013:10:12:09 +0100] "GET /images/close.png HTTP/1.1" 200 703 "http://www.mink-gmbh.de/" "Mozilla/5.0 (Windows NT 6.1; rv:15.0) Gecko/20100101 Firefox/15.0.1"
87.161.242.163 - - [06/Feb/2013:10:12:09 +0100] "GET /images/newsletter_bg.jpg HTTP/1.1" 200 33610 "http://www.mink-gmbh.de/" "Mozilla/5.0 (Windows NT 6.1; rv:15.0) Gecko/20100101 Firefox/15.0.1"
87.161.242.163 - - [06/Feb/2013:10:12:09 +0100] "GET /images/newsletter.png HTTP/1.1" 200 14619 "http://www.mink-gmbh.de/style.css" "Mozilla/5.0 (Windows NT 6.1; rv:15.0) Gecko/20100101 Firefox/15.0.1"
87.161.242.163 - - [06/Feb/2013:10:12:09 +0100] "GET /images/wrapperbg.jpg HTTP/1.1" 200 27465 "http://www.mink-gmbh.de/style.css" "Mozilla/5.0 (Windows NT 6.1; rv:15.0) Gecko/20100101 Firefox/15.0.1"
87.161.242.163 - - [06/Feb/2013:10:12:09 +0100] "GET /images/header.jpg HTTP/1.1" 200 24413 "http://www.mink-gmbh.de/style.css" "Mozilla/5.0 (Windows NT 6.1; rv:15.0) Gecko/20100101 Firefox/15.0.1"
87.161.242.163 - - [06/Feb/2013:10:12:09 +0100] "GET /images/navibg.png HTTP/1.1" 200 2803 "http://www.mink-gmbh.de/style.css" "Mozilla/5.0 (Windows NT 6.1; rv:15.0) Gecko/20100101 Firefox/15.0.1"
87.161.242.163 - - [06/Feb/2013:10:12:09 +0100] "GET /images/steigend.png HTTP/1.1" 200 688 "http://www.mink-gmbh.de/modul.css" "Mozilla/5.0 (Windows NT 6.1; rv:15.0) Gecko/20100101 Firefox/15.0.1"
87.161.242.163 - - [06/Feb/2013:10:12:09 +0100] "GET /images/fallend.png HTTP/1.1" 200 713 "http://www.mink-gmbh.de/modul.css" "Mozilla/5.0 (Windows NT 6.1; rv:15.0) Gecko/20100101 Firefox/15.0.1"
87.161.242.163 - - [06/Feb/2013:10:12:09 +0100] "GET /images/mobil.jpg HTTP/1.1" 200 25293 "http://www.mink-gmbh.de/style.css" "Mozilla/5.0 (Windows NT 6.1; rv:15.0) Gecko/20100101 Firefox/15.0.1"
87.161.242.163 - - [06/Feb/2013:10:12:09 +0100] "GET /images/newsletter.jpg HTTP/1.1" 200 13130 "http://www.mink-gmbh.de/style.css" "Mozilla/5.0 (Windows NT 6.1; rv:15.0) Gecko/20100101 Firefox/15.0.1"
87.161.242.163 - - [06/Feb/2013:10:12:09 +0100] "GET /images/footerbg.jpg HTTP/1.1" 200 2184 "http://www.mink-gmbh.de/style.css" "Mozilla/5.0 (Windows NT 6.1; rv:15.0) Gecko/20100101 Firefox/15.0.1"
87.161.242.163 - - [06/Feb/2013:10:12:09 +0100] "GET /js_contentserver24_greybox/loader_frame.html?s=0 HTTP/1.1" 200 2084 "http://www.mink-gmbh.de/" "Mozilla/5.0 (Windows NT 6.1; rv:15.0) Gecko/20100101 Firefox/15.0.1"
87.161.242.163 - - [06/Feb/2013:10:12:09 +0100] "GET /js_contentserver24_greybox/header_bg.gif HTTP/1.1" 200 1188 "http://www.mink-gmbh.de/" "Mozilla/5.0 (Windows NT 6.1; rv:15.0) Gecko/20100101 Firefox/15.0.1"
87.161.242.163 - - [06/Feb/2013:10:12:09 +0100] "GET /js_contentserver24_greybox/indicator.gif HTTP/1.1" 200 8238 "http://www.mink-gmbh.de/js_contentserver24_greybox/loader_frame.html?s=0" "Mozilla/5.0 (Windows NT 6.1; rv:15.0) Gecko/20100101 Firefox/15.0.1"
87.161.242.163 - - [06/Feb/2013:10:12:09 +0100] "GET /js_contentserver24_greybox/g_close.gif HTTP/1.1" 200 541 "http://www.mink-gmbh.de/" "Mozilla/5.0 (Windows NT 6.1; rv:15.0) Gecko/20100101 Firefox/15.0.1"
87.161.242.163 - - [06/Feb/2013:10:12:38 +0100] "GET /impressum.php HTTP/1.1" 200 8495 "http://www.mink-gmbh.de/" "Mozilla/5.0 (Windows NT 6.1; rv:15.0) Gecko/20100101 Firefox/15.0.1"
81.30.151.218 - - [06/Feb/2013:10:28:02 +0100] "GET /news.php?cs_go=archiv&cs_id=2592&cs_search= HTTP/1.1" 200 7887 "-" "Pixray-Seeker/2.0 (Pixray-Seeker; +http://www.pixray.com/pixraybot; +crawler@pixray.com)"
208.115.111.75 - - [06/Feb/2013:10:30:34 +0100] "GET /robots.txt HTTP/1.1" 200 177 "-" "Mozilla/5.0 (compatible; Ezooms/1.0; ezooms.bot@gmail.com)"
141.8.147.1 - - [06/Feb/2013:10:32:15 +0100] "GET /news.php?cs_go=archiv&cs_id=3728&cs_search= HTTP/1.1" 200 9808 "-" "Mozilla/5.0 (compatible; YandexBot/3.0; +http://yandex.com/bots)"
208.115.113.91 - - [06/Feb/2013:10:43:41 +0100] "GET /foerdermittel.php HTTP/1.1" 200 12908 "-" "Mozilla/5.0 (compatible; Ezooms/1.0; ezooms.bot@gmail.com)"
141.8.147.1 - - [06/Feb/2013:10:51:14 +0100] "GET /news.php?cs_go=archiv&cs_id=3547&cs_search= HTTP/1.1" 200 13336 "-" "Mozilla/5.0 (compatible; YandexBot/3.0; +http://yandex.com/bots)"
141.8.147.1 - - [06/Feb/2013:11:12:19 +0100] "GET /news.php?cs_go=archiv&cs_id=3532&cs_search= HTTP/1.1" 200 11710 "-" "Mozilla/5.0 (compatible; YandexBot/3.0; +http://yandex.com/bots)"
65.36.241.79 - - [06/Feb/2013:11:29:25 +0100] "HEAD / HTTP/1.1" 200 - "-" "InternetSeer.com"
141.8.147.1 - - [06/Feb/2013:11:32:15 +0100] "GET /lexikon.php?cs_go=3&cs_id=232 HTTP/1.1" 200 7973 "-" "Mozilla/5.0 (compatible; YandexBot/3.0; +http://yandex.com/bots)"
87.161.242.163 - - [06/Feb/2013:11:39:38 +0100] "GET /impressum.php HTTP/1.1" 200 8582 "-" "Mozilla/5.0 (Windows NT 6.1; rv:15.0) Gecko/20100101 Firefox/15.0.1"
87.161.242.163 - - [06/Feb/2013:11:39:53 +0100] "GET /index.php HTTP/1.1" 200 14695 "http://www.mink-gmbh.de/impressum.php" "Mozilla/5.0 (Windows NT 6.1; rv:15.0) Gecko/20100101 Firefox/15.0.1"
87.161.242.163 - - [06/Feb/2013:11:39:59 +0100] "GET /impressum.php HTTP/1.1" 200 8495 "http://www.mink-gmbh.de/index.php" "Mozilla/5.0 (Windows NT 6.1; rv:15.0) Gecko/20100101 Firefox/15.0.1"
66.249.78.46 - - [06/Feb/2013:11:40:34 +0100] "GET /news.php?cs_go=archiv&cs_startpos=50 HTTP/1.1" 200 22777 "-" "Mozilla/5.0 (compatible; Googlebot/2.1; +http://www.google.com/bot.html)"
95.211.139.1 - - [06/Feb/2013:11:45:34 +0100] "GET /robots.txt HTTP/1.0" 200 177 "-" "Mozilla/5.0 (compatible; AcoonBot/4.11.1; +http://www.acoon.de/robot.asp)"
95.211.139.1 - - [06/Feb/2013:11:45:34 +0100] "GET /news.php?cs_go=archiv&cs_id=3907 HTTP/1.0" 200 9791 "-" "Mozilla/5.0 (compatible; AcoonBot/4.11.1; +http://www.acoon.de/robot.asp)"
66.249.78.46 - - [06/Feb/2013:11:52:16 +0100] "GET /news.php?cs_go=archiv&cs_id=3862&cs_search= HTTP/1.1" 200 9854 "-" "Mozilla/5.0 (compatible; Googlebot/2.1; +http://www.google.com/bot.html)"
66.249.78.46 - - [06/Feb/2013:11:52:17 +0100] "GET /news.php?cs_go=archiv&cs_id=3863&cs_search= HTTP/1.1" 200 12933 "-" "Mozilla/5.0 (compatible; Googlebot/2.1; +http://www.google.com/bot.html)"
141.8.147.1 - - [06/Feb/2013:11:53:18 +0100] "GET /news.php?cs_go=archiv&cs_id=3805&cs_search= HTTP/1.1" 200 13370 "-" "Mozilla/5.0 (compatible; YandexBot/3.0; +http://yandex.com/bots)"
178.164.165.162 - - [06/Feb/2013:11:55:02 +0100] "GET /images/kwk.gif HTTP/1.1" 200 6403 "http://www.google.hu/search?q=gebrauchte+Kraft+W%C3%A4rme+Kopplung+%5BKWK&oe=UTF-8&hl=hu&client=safari&um=1&ie=UTF-8&tbm=isch&source=og&sa=N&tab=wi&ei=8DUSUeXWHYXitQa1koDoCw&biw=1024&bih=672&sei=_jUSUaX_Dc_csgbJioGgCA#biv=i|25;d|dFYHeadQyhYfaM:" "Mozilla/5.0 (iPad; CPU OS 5_0_1 like Mac OS X) AppleWebKit/534.46 (KHTML, like Gecko) Version/5.1 Mobile/9A405 Safari/7534.48.3"
66.249.78.46 - - [06/Feb/2013:11:58:32 +0100] "GET /news.php?cs_go=archiv&cs_id=3864&cs_search= HTTP/1.1" 200 9967 "-" "Mozilla/5.0 (compatible; Googlebot/2.1; +http://www.google.com/bot.html)"
141.8.147.1 - - [06/Feb/2013:12:12:15 +0100] "GET /news.php?cs_go=archiv&cs_id=3737&cs_search= HTTP/1.1" 200 11179 "-" "Mozilla/5.0 (compatible; YandexBot/3.0; +http://yandex.com/bots)"
88.72.209.254 - - [06/Feb/2013:12:31:53 +0100] "GET / HTTP/1.1" 200 15351 "http://www.google.de/url?sa=t&rct=j&q=mink-gmbh&source=web&cd=8&ved=0CFEQFjAH&url=http%3A%2F%2Fwww.mink-gmbh.de%2F&ei=BT8SUda8G8uRswbK2IHYBg&usg=AFQjCNFHX4Iglls9oo-KYXTmDUV_5KOVIg&bvm=bv.41934586,d.Yms" "Mozilla/5.0 (Windows NT 6.1; WOW64; rv:18.0) Gecko/20100101 Firefox/18.0"
88.72.209.254 - - [06/Feb/2013:12:31:54 +0100] "GET /style.css HTTP/1.1" 200 8418 "http://www.mink-gmbh.de/" "Mozilla/5.0 (Windows NT 6.1; WOW64; rv:18.0) Gecko/20100101 Firefox/18.0"
88.72.209.254 - - [06/Feb/2013:12:31:54 +0100] "GET /js_contentserver24_greybox/gb_styles.css HTTP/1.1" 200 2302 "http://www.mink-gmbh.de/" "Mozilla/5.0 (Windows NT 6.1; WOW64; rv:18.0) Gecko/20100101 Firefox/18.0"
88.72.209.254 - - [06/Feb/2013:12:31:54 +0100] "GET /js_contentserver24_greybox/AJS.js HTTP/1.1" 200 10396 "http://www.mink-gmbh.de/" "Mozilla/5.0 (Windows NT 6.1; WOW64; rv:18.0) Gecko/20100101 Firefox/18.0"
88.72.209.254 - - [06/Feb/2013:12:31:54 +0100] "GET /js_contentserver24_greybox/AJS_fx.js HTTP/1.1" 200 3192 "http://www.mink-gmbh.de/" "Mozilla/5.0 (Windows NT 6.1; WOW64; rv:18.0) Gecko/20100101 Firefox/18.0"
88.72.209.254 - - [06/Feb/2013:12:31:54 +0100] "GET /js_contentserver24_greybox/gb_scripts.js HTTP/1.1" 200 11913 "http://www.mink-gmbh.de/" "Mozilla/5.0 (Windows NT 6.1; WOW64; rv:18.0) Gecko/20100101 Firefox/18.0"
88.72.209.254 - - [06/Feb/2013:12:31:55 +0100] "GET /images/mail.jpg HTTP/1.1" 200 11165 "http://www.mink-gmbh.de/" "Mozilla/5.0 (Windows NT 6.1; WOW64; rv:18.0) Gecko/20100101 Firefox/18.0"
88.72.209.254 - - [06/Feb/2013:12:31:54 +0100] "GET /images/tkw.jpg HTTP/1.1" 200 64031 "http://www.mink-gmbh.de/" "Mozilla/5.0 (Windows NT 6.1; WOW64; rv:18.0) Gecko/20100101 Firefox/18.0"
88.72.209.254 - - [06/Feb/2013:12:31:55 +0100] "GET /images/kwk.gif HTTP/1.1" 200 6403 "http://www.mink-gmbh.de/" "Mozilla/5.0 (Windows NT 6.1; WOW64; rv:18.0) Gecko/20100101 Firefox/18.0"
88.72.209.254 - - [06/Feb/2013:12:31:55 +0100] "GET /images/wunschpreis.jpg HTTP/1.1" 200 16767 "http://www.mink-gmbh.de/" "Mozilla/5.0 (Windows NT 6.1; WOW64; rv:18.0) Gecko/20100101 Firefox/18.0"
88.72.209.254 - - [06/Feb/2013:12:31:55 +0100] "GET /images/logos.jpg HTTP/1.1" 200 15002 "http://www.mink-gmbh.de/" "Mozilla/5.0 (Windows NT 6.1; WOW64; rv:18.0) Gecko/20100101 Firefox/18.0"
88.72.209.254 - - [06/Feb/2013:12:31:54 +0100] "GET /modul.css HTTP/1.1" 200 35038 "http://www.mink-gmbh.de/" "Mozilla/5.0 (Windows NT 6.1; WOW64; rv:18.0) Gecko/20100101 Firefox/18.0"
88.72.209.254 - - [06/Feb/2013:12:31:55 +0100] "GET /favicon.ico HTTP/1.1" 200 3638 "-" "Mozilla/5.0 (Windows NT 6.1; WOW64; rv:18.0) Gecko/20100101 Firefox/18.0"
88.72.209.254 - - [06/Feb/2013:12:31:55 +0100] "GET /images/freecall.jpg HTTP/1.1" 200 39195 "http://www.mink-gmbh.de/" "Mozilla/5.0 (Windows NT 6.1; WOW64; rv:18.0) Gecko/20100101 Firefox/18.0"
88.72.209.254 - - [06/Feb/2013:12:31:55 +0100] "GET /images/bg.jpg HTTP/1.1" 200 345 "http://www.mink-gmbh.de/style.css" "Mozilla/5.0 (Windows NT 6.1; WOW64; rv:18.0) Gecko/20100101 Firefox/18.0"
88.72.209.254 - - [06/Feb/2013:12:31:56 +0100] "GET /js_contentserver24_greybox/w_close.gif HTTP/1.1" 200 74 "http://www.mink-gmbh.de/" "Mozilla/5.0 (Windows NT 6.1; WOW64; rv:18.0) Gecko/20100101 Firefox/18.0"
88.72.209.254 - - [06/Feb/2013:12:31:56 +0100] "GET /images/close.png HTTP/1.1" 200 703 "http://www.mink-gmbh.de/" "Mozilla/5.0 (Windows NT 6.1; WOW64; rv:18.0) Gecko/20100101 Firefox/18.0"
88.72.209.254 - - [06/Feb/2013:12:31:56 +0100] "GET /images/newsletter_bg.jpg HTTP/1.1" 200 33610 "http://www.mink-gmbh.de/" "Mozilla/5.0 (Windows NT 6.1; WOW64; rv:18.0) Gecko/20100101 Firefox/18.0"
88.72.209.254 - - [06/Feb/2013:12:31:56 +0100] "GET /images/newsletter.png HTTP/1.1" 200 14619 "http://www.mink-gmbh.de/style.css" "Mozilla/5.0 (Windows NT 6.1; WOW64; rv:18.0) Gecko/20100101 Firefox/18.0"
88.72.209.254 - - [06/Feb/2013:12:31:56 +0100] "GET /images/wrapperbg.jpg HTTP/1.1" 200 27465 "http://www.mink-gmbh.de/style.css" "Mozilla/5.0 (Windows NT 6.1; WOW64; rv:18.0) Gecko/20100101 Firefox/18.0"
88.72.209.254 - - [06/Feb/2013:12:31:56 +0100] "GET /images/header.jpg HTTP/1.1" 200 24413 "http://www.mink-gmbh.de/style.css" "Mozilla/5.0 (Windows NT 6.1; WOW64; rv:18.0) Gecko/20100101 Firefox/18.0"
88.72.209.254 - - [06/Feb/2013:12:31:56 +0100] "GET /images/navibg.png HTTP/1.1" 200 2803 "http://www.mink-gmbh.de/style.css" "Mozilla/5.0 (Windows NT 6.1; WOW64; rv:18.0) Gecko/20100101 Firefox/18.0"
88.72.209.254 - - [06/Feb/2013:12:31:56 +0100] "GET /images/steigend.png HTTP/1.1" 200 688 "http://www.mink-gmbh.de/modul.css" "Mozilla/5.0 (Windows NT 6.1; WOW64; rv:18.0) Gecko/20100101 Firefox/18.0"
88.72.209.254 - - [06/Feb/2013:12:31:56 +0100] "GET /images/fallend.png HTTP/1.1" 200 713 "http://www.mink-gmbh.de/modul.css" "Mozilla/5.0 (Windows NT 6.1; WOW64; rv:18.0) Gecko/20100101 Firefox/18.0"
88.72.209.254 - - [06/Feb/2013:12:31:56 +0100] "GET /images/mobil.jpg HTTP/1.1" 200 25293 "http://www.mink-gmbh.de/style.css" "Mozilla/5.0 (Windows NT 6.1; WOW64; rv:18.0) Gecko/20100101 Firefox/18.0"
88.72.209.254 - - [06/Feb/2013:12:31:56 +0100] "GET /images/newsletter.jpg HTTP/1.1" 200 13130 "http://www.mink-gmbh.de/style.css" "Mozilla/5.0 (Windows NT 6.1; WOW64; rv:18.0) Gecko/20100101 Firefox/18.0"
88.72.209.254 - - [06/Feb/2013:12:31:56 +0100] "GET /images/footerbg.jpg HTTP/1.1" 200 2184 "http://www.mink-gmbh.de/style.css" "Mozilla/5.0 (Windows NT 6.1; WOW64; rv:18.0) Gecko/20100101 Firefox/18.0"
88.72.209.254 - - [06/Feb/2013:12:31:56 +0100] "GET /js_contentserver24_greybox/loader_frame.html?s=0 HTTP/1.1" 200 2084 "http://www.mink-gmbh.de/" "Mozilla/5.0 (Windows NT 6.1; WOW64; rv:18.0) Gecko/20100101 Firefox/18.0"
88.72.209.254 - - [06/Feb/2013:12:31:56 +0100] "GET /js_contentserver24_greybox/header_bg.gif HTTP/1.1" 200 1188 "http://www.mink-gmbh.de/" "Mozilla/5.0 (Windows NT 6.1; WOW64; rv:18.0) Gecko/20100101 Firefox/18.0"
88.72.209.254 - - [06/Feb/2013:12:31:56 +0100] "GET /js_contentserver24_greybox/indicator.gif HTTP/1.1" 200 8238 "http://www.mink-gmbh.de/js_contentserver24_greybox/loader_frame.html?s=0" "Mozilla/5.0 (Windows NT 6.1; WOW64; rv:18.0) Gecko/20100101 Firefox/18.0"
88.72.209.254 - - [06/Feb/2013:12:31:57 +0100] "GET /js_contentserver24_greybox/g_close.gif HTTP/1.1" 200 541 "http://www.mink-gmbh.de/" "Mozilla/5.0 (Windows NT 6.1; WOW64; rv:18.0) Gecko/20100101 Firefox/18.0"
88.72.209.254 - - [06/Feb/2013:12:32:26 +0100] "GET /preisanfrage.php HTTP/1.1" 200 10647 "http://www.mink-gmbh.de/" "Mozilla/5.0 (Windows NT 6.1; WOW64; rv:18.0) Gecko/20100101 Firefox/18.0"
88.72.209.254 - - [06/Feb/2013:12:32:50 +0100] "GET / HTTP/1.1" 200 14610 "http://www.google.de/url?sa=t&rct=j&q=mink-gmbh&source=web&cd=8&ved=0CFEQFjAH&url=http%3A%2F%2Fwww.mink-gmbh.de%2F&ei=BT8SUda8G8uRswbK2IHYBg&usg=AFQjCNFHX4Iglls9oo-KYXTmDUV_5KOVIg&bvm=bv.41934586,d.Yms" "Mozilla/5.0 (Windows NT 6.1; WOW64; rv:18.0) Gecko/20100101 Firefox/18.0"
141.8.147.1 - - [06/Feb/2013:12:33:15 +0100] "GET /news.php?cs_go=archiv&cs_id=3608&cs_search= HTTP/1.1" 200 9772 "-" "Mozilla/5.0 (compatible; YandexBot/3.0; +http://yandex.com/bots)"
208.115.111.75 - - [06/Feb/2013:12:39:35 +0100] "GET /news.php?cs_go=archiv&cs_startpos=200 HTTP/1.1" 200 22682 "-" "Mozilla/5.0 (compatible; Ezooms/1.0; ezooms.bot@gmail.com)"
66.249.75.46 - - [06/Feb/2013:12:49:54 +0100] "GET /lexikon.php?cs_go=3&cs_id=204 HTTP/1.1" 200 8006 "-" "Mozilla/5.0 (compatible; Googlebot/2.1; +http://www.google.com/bot.html)"
141.8.147.1 - - [06/Feb/2013:12:53:42 +0100] "GET /lexikon.php?cs_go=3&cs_id=127 HTTP/1.1" 200 10078 "-" "Mozilla/5.0 (compatible; YandexBot/3.0; +http://yandex.com/bots)"
178.77.126.55 - - [06/Feb/2013:12:53:48 +0100] "GET /robots.txt HTTP/1.1" 200 177 "-" "Mozilla/5.0 (compatible; CareerBot/1.1; +http://www.career-x.de/bot.html)"
178.77.126.55 - - [06/Feb/2013:12:53:48 +0100] "GET / HTTP/1.1" 200 15351 "-" "Mozilla/5.0 (compatible; CareerBot/1.1; +http://www.career-x.de/bot.html)"
217.69.133.67 - - [06/Feb/2013:13:05:53 +0100] "GET /robots.txt HTTP/1.0" 200 177 "-" "Mozilla/5.0 (compatible; Mail.RU_Bot/2.0; +http://go.mail.ru/help/robots)"
141.8.147.1 - - [06/Feb/2013:13:14:47 +0100] "GET /news.php?cs_go=archiv&cs_id=3725&cs_search= HTTP/1.1" 200 13804 "-" "Mozilla/5.0 (compatible; YandexBot/3.0; +http://yandex.com/bots)"
141.8.147.1 - - [06/Feb/2013:13:33:45 +0100] "GET /news.php?cs_go=archiv&cs_id=3796&cs_search= HTTP/1.1" 200 13539 "-" "Mozilla/5.0 (compatible; YandexBot/3.0; +http://yandex.com/bots)"
141.8.147.1 - - [06/Feb/2013:13:54:49 +0100] "GET /news.php?cs_go=archiv&cs_id=3790&cs_search= HTTP/1.1" 200 10256 "-" "Mozilla/5.0 (compatible; YandexBot/3.0; +http://yandex.com/bots)"
178.25.93.230 - - [06/Feb/2013:14:01:33 +0100] "GET /robots.txt HTTP/1.0" 200 177 "-" "Mozilla/5.0 (compatible; MJ12bot/v1.4.3; http://www.majestic12.co.uk/bot.php?+)"
178.25.93.230 - - [06/Feb/2013:14:01:35 +0100] "GET / HTTP/1.1" 200 15342 "-" "Mozilla/5.0 (compatible; MJ12bot/v1.4.3; http://www.majestic12.co.uk/bot.php?+)"
157.55.32.80 - - [06/Feb/2013:14:23:28 +0100] "GET /robots.txt HTTP/1.1" 200 177 "-" "Mozilla/5.0 (compatible; bingbot/2.0; +http://www.bing.com/bingbot.htm)"
157.55.32.80 - - [06/Feb/2013:14:26:33 +0100] "GET /wunschpreis.php HTTP/1.1" 200 12084 "-" "Mozilla/5.0 (compatible; bingbot/2.0; +http://www.bing.com/bingbot.htm)"
141.8.147.1 - - [06/Feb/2013:14:39:24 +0100] "GET /robots.txt HTTP/1.1" 200 177 "-" "Mozilla/5.0 (compatible; YandexBot/3.0; +http://yandex.com/bots)"
208.115.111.75 - - [06/Feb/2013:14:50:34 +0100] "GET /robots.txt HTTP/1.1" 200 177 "-" "Mozilla/5.0 (compatible; Ezooms/1.0; ezooms.bot@gmail.com)"
78.42.255.234 - - [06/Feb/2013:14:56:07 +0100] "GET /style.css HTTP/1.1" 200 8418 "http://www.mink-gmbh.de/" "Mozilla/5.0 (Windows NT 6.1; WOW64) AppleWebKit/537.17 (KHTML, like Gecko) Chrome/24.0.1312.57 Safari/537.17"
78.42.255.234 - - [06/Feb/2013:14:56:08 +0100] "GET /js_contentserver24_greybox/gb_styles.css HTTP/1.1" 200 2302 "http://www.mink-gmbh.de/" "Mozilla/5.0 (Windows NT 6.1; WOW64) AppleWebKit/537.17 (KHTML, like Gecko) Chrome/24.0.1312.57 Safari/537.17"
78.42.255.234 - - [06/Feb/2013:14:56:07 +0100] "GET /modul.css HTTP/1.1" 200 35038 "http://www.mink-gmbh.de/" "Mozilla/5.0 (Windows NT 6.1; WOW64) AppleWebKit/537.17 (KHTML, like Gecko) Chrome/24.0.1312.57 Safari/537.17"
78.42.255.234 - - [06/Feb/2013:14:56:08 +0100] "GET /js_contentserver24_greybox/AJS.js HTTP/1.1" 200 10396 "http://www.mink-gmbh.de/" "Mozilla/5.0 (Windows NT 6.1; WOW64) AppleWebKit/537.17 (KHTML, like Gecko) Chrome/24.0.1312.57 Safari/537.17"
78.42.255.234 - - [06/Feb/2013:14:56:08 +0100] "GET /js_contentserver24_greybox/AJS_fx.js HTTP/1.1" 200 3192 "http://www.mink-gmbh.de/" "Mozilla/5.0 (Windows NT 6.1; WOW64) AppleWebKit/537.17 (KHTML, like Gecko) Chrome/24.0.1312.57 Safari/537.17"
78.42.255.234 - - [06/Feb/2013:14:56:08 +0100] "GET /js_contentserver24_greybox/gb_scripts.js HTTP/1.1" 200 11913 "http://www.mink-gmbh.de/" "Mozilla/5.0 (Windows NT 6.1; WOW64) AppleWebKit/537.17 (KHTML, like Gecko) Chrome/24.0.1312.57 Safari/537.17"
78.42.255.234 - - [06/Feb/2013:14:56:08 +0100] "GET /images/bg.jpg HTTP/1.1" 200 345 "http://www.mink-gmbh.de/" "Mozilla/5.0 (Windows NT 6.1; WOW64) AppleWebKit/537.17 (KHTML, like Gecko) Chrome/24.0.1312.57 Safari/537.17"
78.42.255.234 - - [06/Feb/2013:14:56:08 +0100] "GET /images/close.png HTTP/1.1" 200 703 "http://www.mink-gmbh.de/" "Mozilla/5.0 (Windows NT 6.1; WOW64) AppleWebKit/537.17 (KHTML, like Gecko) Chrome/24.0.1312.57 Safari/537.17"
78.42.255.234 - - [06/Feb/2013:14:56:08 +0100] "GET /images/newsletter.png HTTP/1.1" 200 14619 "http://www.mink-gmbh.de/" "Mozilla/5.0 (Windows NT 6.1; WOW64) AppleWebKit/537.17 (KHTML, like Gecko) Chrome/24.0.1312.57 Safari/537.17"
78.42.255.234 - - [06/Feb/2013:14:56:08 +0100] "GET /js_contentserver24_greybox/w_close.gif HTTP/1.1" 200 74 "http://www.mink-gmbh.de/" "Mozilla/5.0 (Windows NT 6.1; WOW64) AppleWebKit/537.17 (KHTML, like Gecko) Chrome/24.0.1312.57 Safari/537.17"
78.42.255.234 - - [06/Feb/2013:14:56:08 +0100] "GET /images/newsletter_bg.jpg HTTP/1.1" 200 33610 "http://www.mink-gmbh.de/" "Mozilla/5.0 (Windows NT 6.1; WOW64) AppleWebKit/537.17 (KHTML, like Gecko) Chrome/24.0.1312.57 Safari/537.17"
78.42.255.234 - - [06/Feb/2013:14:56:08 +0100] "GET /images/wrapperbg.jpg HTTP/1.1" 200 27465 "http://www.mink-gmbh.de/" "Mozilla/5.0 (Windows NT 6.1; WOW64) AppleWebKit/537.17 (KHTML, like Gecko) Chrome/24.0.1312.57 Safari/537.17"
78.42.255.234 - - [06/Feb/2013:14:56:08 +0100] "GET /images/header.jpg HTTP/1.1" 200 24413 "http://www.mink-gmbh.de/" "Mozilla/5.0 (Windows NT 6.1; WOW64) AppleWebKit/537.17 (KHTML, like Gecko) Chrome/24.0.1312.57 Safari/537.17"
78.42.255.234 - - [06/Feb/2013:14:56:08 +0100] "GET /images/navibg.png HTTP/1.1" 200 2803 "http://www.mink-gmbh.de/" "Mozilla/5.0 (Windows NT 6.1; WOW64) AppleWebKit/537.17 (KHTML, like Gecko) Chrome/24.0.1312.57 Safari/537.17"
78.42.255.234 - - [06/Feb/2013:14:56:08 +0100] "GET /images/steigend.png HTTP/1.1" 200 688 "http://www.mink-gmbh.de/" "Mozilla/5.0 (Windows NT 6.1; WOW64) AppleWebKit/537.17 (KHTML, like Gecko) Chrome/24.0.1312.57 Safari/537.17"
78.42.255.234 - - [06/Feb/2013:14:56:08 +0100] "GET /images/newsletter.jpg HTTP/1.1" 200 13130 "http://www.mink-gmbh.de/" "Mozilla/5.0 (Windows NT 6.1; WOW64) AppleWebKit/537.17 (KHTML, like Gecko) Chrome/24.0.1312.57 Safari/537.17"
78.42.255.234 - - [06/Feb/2013:14:56:08 +0100] "GET /images/mobil.jpg HTTP/1.1" 200 25293 "http://www.mink-gmbh.de/" "Mozilla/5.0 (Windows NT 6.1; WOW64) AppleWebKit/537.17 (KHTML, like Gecko) Chrome/24.0.1312.57 Safari/537.17"
78.42.255.234 - - [06/Feb/2013:14:56:08 +0100] "GET /images/tkw.jpg HTTP/1.1" 200 64031 "http://www.mink-gmbh.de/" "Mozilla/5.0 (Windows NT 6.1; WOW64) AppleWebKit/537.17 (KHTML, like Gecko) Chrome/24.0.1312.57 Safari/537.17"
78.42.255.234 - - [06/Feb/2013:14:56:08 +0100] "GET /js_contentserver24_greybox/loader_frame.html?s=0 HTTP/1.1" 200 2084 "http://www.mink-gmbh.de/" "Mozilla/5.0 (Windows NT 6.1; WOW64) AppleWebKit/537.17 (KHTML, like Gecko) Chrome/24.0.1312.57 Safari/537.17"
78.42.255.234 - - [06/Feb/2013:14:56:08 +0100] "GET /js_contentserver24_greybox/header_bg.gif HTTP/1.1" 200 1188 "http://www.mink-gmbh.de/" "Mozilla/5.0 (Windows NT 6.1; WOW64) AppleWebKit/537.17 (KHTML, like Gecko) Chrome/24.0.1312.57 Safari/537.17"
78.42.255.234 - - [06/Feb/2013:14:56:07 +0100] "GET / HTTP/1.1" 200 15342 "http://www1.dastelefonbuch.de/?cmd=detail&recuid=IL2LF7L7H2YSZEJQOSYFLVPQZLXJU35HEP27KAQ&recSelected=0&bi=1&kw=Mink&ci=Berlin&ciid=3336&seed=1632621854&ort_ok=1&vert_ok=1&buab=300000&cx=197514&cy=173467&cmd=detail&searchid=15118_13830_20130206144756912205244_14118267659501_0122&pageNo=1&sp=51&aktion=38&showCall=1" "Mozilla/5.0 (Windows NT 6.1; WOW64) AppleWebKit/537.17 (KHTML, like Gecko) Chrome/24.0.1312.57 Safari/537.17"
78.42.255.234 - - [06/Feb/2013:14:56:08 +0100] "GET /js_contentserver24_greybox/indicator.gif HTTP/1.1" 200 8238 "http://www.mink-gmbh.de/js_contentserver24_greybox/loader_frame.html?s=0" "Mozilla/5.0 (Windows NT 6.1; WOW64) AppleWebKit/537.17 (KHTML, like Gecko) Chrome/24.0.1312.57 Safari/537.17"
78.42.255.234 - - [06/Feb/2013:14:56:08 +0100] "GET /images/freecall.jpg HTTP/1.1" 200 39195 "http://www.mink-gmbh.de/" "Mozilla/5.0 (Windows NT 6.1; WOW64) AppleWebKit/537.17 (KHTML, like Gecko) Chrome/24.0.1312.57 Safari/537.17"
78.42.255.234 - - [06/Feb/2013:14:56:08 +0100] "GET /images/mail.jpg HTTP/1.1" 200 11165 "http://www.mink-gmbh.de/" "Mozilla/5.0 (Windows NT 6.1; WOW64) AppleWebKit/537.17 (KHTML, like Gecko) Chrome/24.0.1312.57 Safari/537.17"
