178.13.239.133 - - [07/Feb/2013:21:39:06 +0100] "GET /images/mail.jpg HTTP/1.1" 200 11165 "http://www.mink-gmbh.de/news.php?cs_go=archiv&cs_id=3905" "Mozilla/5.0 (Windows NT 6.1; WOW64) AppleWebKit/537.17 (KHTML, like Gecko) Chrome/24.0.1312.57 Safari/537.17"
178.13.239.133 - - [07/Feb/2013:21:39:06 +0100] "GET /images/kwk.gif HTTP/1.1" 200 6403 "http://www.mink-gmbh.de/news.php?cs_go=archiv&cs_id=3905" "Mozilla/5.0 (Windows NT 6.1; WOW64) AppleWebKit/537.17 (KHTML, like Gecko) Chrome/24.0.1312.57 Safari/537.17"
178.13.239.133 - - [07/Feb/2013:21:39:06 +0100] "GET /images/header.jpg HTTP/1.1" 200 24413 "http://www.mink-gmbh.de/news.php?cs_go=archiv&cs_id=3905" "Mozilla/5.0 (Windows NT 6.1; WOW64) AppleWebKit/537.17 (KHTML, like Gecko) Chrome/24.0.1312.57 Safari/537.17"
178.13.239.133 - - [07/Feb/2013:21:39:06 +0100] "GET /images/wrapperbg.jpg HTTP/1.1" 200 27465 "http://www.mink-gmbh.de/news.php?cs_go=archiv&cs_id=3905" "Mozilla/5.0 (Windows NT 6.1; WOW64) AppleWebKit/537.17 (KHTML, like Gecko) Chrome/24.0.1312.57 Safari/537.17"
178.13.239.133 - - [07/Feb/2013:21:39:06 +0100] "GET /images/wunschpreis.jpg HTTP/1.1" 200 16767 "http://www.mink-gmbh.de/news.php?cs_go=archiv&cs_id=3905" "Mozilla/5.0 (Windows NT 6.1; WOW64) AppleWebKit/537.17 (KHTML, like Gecko) Chrome/24.0.1312.57 Safari/537.17"
178.13.239.133 - - [07/Feb/2013:21:39:06 +0100] "GET /images/logos.jpg HTTP/1.1" 200 15002 "http://www.mink-gmbh.de/news.php?cs_go=archiv&cs_id=3905" "Mozilla/5.0 (Windows NT 6.1; WOW64) AppleWebKit/537.17 (KHTML, like Gecko) Chrome/24.0.1312.57 Safari/537.17"
178.13.239.133 - - [07/Feb/2013:21:39:06 +0100] "GET /images/footerbg.jpg HTTP/1.1" 200 2184 "http://www.mink-gmbh.de/news.php?cs_go=archiv&cs_id=3905" "Mozilla/5.0 (Windows NT 6.1; WOW64) AppleWebKit/537.17 (KHTML, like Gecko) Chrome/24.0.1312.57 Safari/537.17"
178.13.239.133 - - [07/Feb/2013:21:39:07 +0100] "GET /favicon.ico HTTP/1.1" 200 3638 "-" "Mozilla/5.0 (Windows NT 6.1; WOW64) AppleWebKit/537.17 (KHTML, like Gecko) Chrome/24.0.1312.57 Safari/537.17"
123.125.71.108 - - [07/Feb/2013:21:48:54 +0100] "GET /wunschpreis.php HTTP/1.1" 200 12084 "-" "Mozilla/5.0 (compatible; Baiduspider/2.0; +http://www.baidu.com/search/spider.html)"
178.255.87.241 - - [07/Feb/2013:21:56:13 +0100] "GET /robots.txt HTTP/1.0" 200 177 "-" "COMODOSpider/Nutch-1.2"
178.255.87.241 - - [07/Feb/2013:21:56:13 +0100] "GET / HTTP/1.0" 200 15346 "-" "COMODOSpider/Nutch-1.2"
81.30.151.218 - - [07/Feb/2013:22:20:15 +0100] "GET /news.php?cs_go=archiv&cs_id=1895&cs_search= HTTP/1.1" 200 7887 "-" "Pixray-Seeker/2.0 (Pixray-Seeker; +http://www.pixray.com/pixraybot; +crawler@pixray.com)"
123.125.71.42 - - [07/Feb/2013:22:22:14 +0100] "GET /news.php?cs_go=archiv&cs_id=3921 HTTP/1.1" 200 10242 "-" "Mozilla/5.0 (compatible; Baiduspider/2.0; +http://www.baidu.com/search/spider.html)"
173.199.115.147 - - [07/Feb/2013:22:47:04 +0100] "GET /index.php HTTP/1.1" 200 15346 "-" "Mozilla/5.0 (compatible; AhrefsBot/4.0; +http://ahrefs.com/robot/)"
123.125.71.108 - - [07/Feb/2013:22:55:34 +0100] "GET /preisanfrage.php HTTP/1.1" 200 10734 "-" "Mozilla/5.0 (compatible; Baiduspider/2.0; +http://www.baidu.com/search/spider.html)"
130.83.167.153 - - [07/Feb/2013:23:17:39 +0100] "GET /news.php?cs_go=archiv&cs_id=3811&cs_search= HTTP/1.1" 200 8038 "-" "findlinks/2.6 (+http://wortschatz.uni-leipzig.de/findlinks/)"
130.83.167.153 - - [07/Feb/2013:23:17:41 +0100] "GET /news.php?cs_go=archiv&cs_id=3811&cs_search= HTTP/1.1" 200 10017 "-" "findlinks/2.6 (+http://wortschatz.uni-leipzig.de/findlinks/)"
123.125.71.13 - - [07/Feb/2013:23:28:55 +0100] "GET /js_contentserver24_greybox/AJS.js HTTP/1.1" 200 10396 "-" "Mozilla/5.0 (compatible; Baiduspider/2.0; +http://www.baidu.com/search/spider.html)"
157.55.35.76 - - [07/Feb/2013:23:35:05 +0100] "GET /robots.txt HTTP/1.1" 200 177 "-" "Mozilla/5.0 (compatible; bingbot/2.0; +http://www.bing.com/bingbot.htm)"
157.55.35.76 - - [07/Feb/2013:23:37:06 +0100] "GET / HTTP/1.1" 200 15346 "-" "Mozilla/5.0 (compatible; bingbot/2.0; +http://www.bing.com/bingbot.htm)"
157.55.35.76 - - [07/Feb/2013:23:37:22 +0100] "GET /js_contentserver24_greybox/gb_styles.css HTTP/1.1" 200 2302 "-" "Mozilla/5.0 (compatible; bingbot/2.0; +http://www.bing.com/bingbot.htm)"
65.36.241.79 - - [07/Feb/2013:23:47:11 +0100] "HEAD / HTTP/1.1" 200 - "-" "InternetSeer.com"
217.69.133.67 - - [07/Feb/2013:23:59:29 +0100] "GET /robots.txt HTTP/1.0" 200 177 "-" "Mozilla/5.0 (compatible; Mail.RU_Bot/2.0; +http://go.mail.ru/help/robots)"
123.125.71.104 - - [08/Feb/2013:00:02:15 +0100] "GET /kontakt.php HTTP/1.1" 200 9198 "-" "Mozilla/5.0 (compatible; Baiduspider/2.0; +http://www.baidu.com/search/spider.html)"
81.30.151.218 - - [08/Feb/2013:00:13:41 +0100] "GET /news.php?cs_go=archiv&cs_id=2588&cs_search= HTTP/1.1" 200 7887 "-" "Pixray-Seeker/2.0 (Pixray-Seeker; +http://www.pixray.com/pixraybot; +crawler@pixray.com)"
81.30.151.218 - - [08/Feb/2013:00:32:49 +0100] "GET /news.php?cs_go=archiv&cs_id=2511&cs_search= HTTP/1.1" 200 7887 "-" "Pixray-Seeker/2.0 (Pixray-Seeker; +http://www.pixray.com/pixraybot; +crawler@pixray.com)"
123.125.71.86 - - [08/Feb/2013:00:35:36 +0100] "GET /style.css HTTP/1.1" 200 8418 "-" "Mozilla/5.0 (compatible; Baiduspider/2.0; +http://www.baidu.com/search/spider.html)"
208.115.113.91 - - [08/Feb/2013:00:40:41 +0100] "GET /robots.txt HTTP/1.1" 200 177 "-" "Mozilla/5.0 (compatible; Ezooms/1.0; ezooms.bot@gmail.com)"
123.125.71.51 - - [08/Feb/2013:01:08:56 +0100] "GET /kwk.php HTTP/1.1" 200 10884 "-" "Mozilla/5.0 (compatible; Baiduspider/2.0; +http://www.baidu.com/search/spider.html)"
173.199.115.147 - - [08/Feb/2013:01:09:36 +0100] "GET /faq.php HTTP/1.1" 200 186365 "-" "Mozilla/5.0 (compatible; AhrefsBot/4.0; +http://ahrefs.com/robot/)"
66.249.78.46 - - [08/Feb/2013:01:11:54 +0100] "GET /robots.txt HTTP/1.1" 200 177 "-" "Mozilla/5.0 (compatible; Googlebot/2.1; +http://www.google.com/bot.html)"
66.249.75.46 - - [08/Feb/2013:01:11:54 +0100] "GET /news.php HTTP/1.1" 200 22236 "-" "DoCoMo/2.0 N905i(c100;TB;W24H16) (compatible; Googlebot-Mobile/2.1; +http://www.google.com/bot.html)"
81.30.151.218 - - [08/Feb/2013:01:13:52 +0100] "GET /news.php?cs_go=archiv&cs_id=2939&cs_search= HTTP/1.1" 200 13759 "-" "Pixray-Seeker/2.0 (Pixray-Seeker; +http://www.pixray.com/pixraybot; +crawler@pixray.com)"
81.30.151.218 - - [08/Feb/2013:01:20:04 +0100] "GET /news.php?cs_go=archiv&cs_id=3910 HTTP/1.1" 200 9801 "-" "Pixray-Seeker/2.0 (Pixray-Seeker; +http://www.pixray.com/pixraybot; +crawler@pixray.com)"
123.125.71.35 - - [08/Feb/2013:01:42:17 +0100] "GET /jobs.php HTTP/1.1" 200 10090 "-" "Mozilla/5.0 (compatible; Baiduspider/2.0; +http://www.baidu.com/search/spider.html)"
173.199.115.147 - - [08/Feb/2013:01:53:49 +0100] "GET /lexikon.php?cs_go=2&cs_char=a HTTP/1.1" 200 9803 "-" "Mozilla/5.0 (compatible; AhrefsBot/4.0; +http://ahrefs.com/robot/)"
123.125.71.51 - - [08/Feb/2013:02:15:37 +0100] "GET /standard.php HTTP/1.1" 200 9218 "-" "Mozilla/5.0 (compatible; Baiduspider/2.0; +http://www.baidu.com/search/spider.html)"
139.18.2.209 - - [08/Feb/2013:02:23:29 +0100] "GET /rueckrufservice.php HTTP/1.1" 200 5858 "-" "findlinks/2.6 (+http://wortschatz.uni-leipzig.de/findlinks/)"
139.18.2.209 - - [08/Feb/2013:02:23:29 +0100] "GET /rueckrufservice.php HTTP/1.1" 200 10683 "-" "findlinks/2.6 (+http://wortschatz.uni-leipzig.de/findlinks/)"
81.30.151.218 - - [08/Feb/2013:02:28:33 +0100] "GET /news.php?cs_go=archiv&cs_id=3149 HTTP/1.1" 200 9842 "-" "Pixray-Seeker/2.0 (Pixray-Seeker; +http://www.pixray.com/pixraybot; +crawler@pixray.com)"
173.199.115.147 - - [08/Feb/2013:02:36:15 +0100] "GET /news.php HTTP/1.1" 200 22236 "-" "Mozilla/5.0 (compatible; AhrefsBot/4.0; +http://ahrefs.com/robot/)"
81.169.178.64 - - [08/Feb/2013:02:42:51 +0100] "GET / HTTP/1.1" 200 15346 "http://www.mink-gmbh.de/" "Opera/9.80 (Windows NT 5.1; U; en) Presto/2.10.289 Version/12.01"
81.169.178.64 - - [08/Feb/2013:02:42:57 +0100] "GET /impressum.php HTTP/1.1" 200 8495 "http://www.mink-gmbh.de/" "Opera/9.80 (Windows NT 5.1; U; en) Presto/2.10.289 Version/12.01"
81.169.178.64 - - [08/Feb/2013:02:42:57 +0100] "GET /kontakt.php HTTP/1.1" 200 9111 "http://www.mink-gmbh.de/" "Opera/9.80 (Windows NT 5.1; U; en) Presto/2.10.289 Version/12.01"
81.169.178.64 - - [08/Feb/2013:02:45:49 +0100] "GET / HTTP/1.1" 200 15346 "http://www.mink-gmbh.de/" "Opera/9.80 (Windows NT 5.1; U; en) Presto/2.10.289 Version/12.01"
5.9.7.208 - - [08/Feb/2013:02:45:54 +0100] "GET /robots.txt HTTP/1.0" 200 177 "-" "Mozilla/5.0 (compatible; MJ12bot/v1.4.3; http://www.majestic12.co.uk/bot.php?+)"
5.9.7.208 - - [08/Feb/2013:02:45:58 +0100] "GET /agb.php HTTP/1.0" 200 19709 "-" "Mozilla/5.0 (compatible; MJ12bot/v1.4.3; http://www.majestic12.co.uk/bot.php?+)"
81.169.178.64 - - [08/Feb/2013:02:45:59 +0100] "GET /impressum.php HTTP/1.1" 200 8495 "http://www.mink-gmbh.de/" "Opera/9.80 (Windows NT 5.1; U; en) Presto/2.10.289 Version/12.01"
81.169.178.64 - - [08/Feb/2013:02:45:59 +0100] "GET /kontakt.php HTTP/1.1" 200 9111 "http://www.mink-gmbh.de/" "Opera/9.80 (Windows NT 5.1; U; en) Presto/2.10.289 Version/12.01"
5.9.7.208 - - [08/Feb/2013:02:46:01 +0100] "GET /news.php?cs_go=archiv&cs_id=2678 HTTP/1.0" 200 7887 "-" "Mozilla/5.0 (compatible; MJ12bot/v1.4.3; http://www.majestic12.co.uk/bot.php?+)"
5.9.7.208 - - [08/Feb/2013:02:46:04 +0100] "GET /news.php?cs_go=archiv&cs_id=2679 HTTP/1.0" 200 7887 "-" "Mozilla/5.0 (compatible; MJ12bot/v1.4.3; http://www.majestic12.co.uk/bot.php?+)"
5.9.7.208 - - [08/Feb/2013:02:46:07 +0100] "GET /news.php?cs_go=archiv&cs_id=2680 HTTP/1.0" 200 7887 "-" "Mozilla/5.0 (compatible; MJ12bot/v1.4.3; http://www.majestic12.co.uk/bot.php?+)"
5.9.7.208 - - [08/Feb/2013:02:46:11 +0100] "GET /news.php?cs_go=archiv&cs_id=2681 HTTP/1.0" 200 7887 "-" "Mozilla/5.0 (compatible; MJ12bot/v1.4.3; http://www.majestic12.co.uk/bot.php?+)"
5.9.7.208 - - [08/Feb/2013:02:46:13 +0100] "GET /news.php?cs_go=archiv&cs_id=2682 HTTP/1.0" 200 7887 "-" "Mozilla/5.0 (compatible; MJ12bot/v1.4.3; http://www.majestic12.co.uk/bot.php?+)"
5.9.7.208 - - [08/Feb/2013:02:46:16 +0100] "GET /news.php?cs_go=archiv&cs_id=2683 HTTP/1.0" 200 7887 "-" "Mozilla/5.0 (compatible; MJ12bot/v1.4.3; http://www.majestic12.co.uk/bot.php?+)"
5.9.7.208 - - [08/Feb/2013:02:46:18 +0100] "GET /news.php?cs_go=archiv&cs_id=2684 HTTP/1.0" 200 7887 "-" "Mozilla/5.0 (compatible; MJ12bot/v1.4.3; http://www.majestic12.co.uk/bot.php?+)"
5.9.7.208 - - [08/Feb/2013:02:46:20 +0100] "GET /news.php?cs_go=archiv&cs_id=2685 HTTP/1.0" 200 7887 "-" "Mozilla/5.0 (compatible; MJ12bot/v1.4.3; http://www.majestic12.co.uk/bot.php?+)"
5.9.7.208 - - [08/Feb/2013:02:46:23 +0100] "GET /news.php?cs_go=archiv&cs_id=2686 HTTP/1.0" 200 7887 "-" "Mozilla/5.0 (compatible; MJ12bot/v1.4.3; http://www.majestic12.co.uk/bot.php?+)"
5.9.7.208 - - [08/Feb/2013:02:46:25 +0100] "GET /news.php?cs_go=archiv&cs_id=2687 HTTP/1.0" 200 7887 "-" "Mozilla/5.0 (compatible; MJ12bot/v1.4.3; http://www.majestic12.co.uk/bot.php?+)"
5.9.7.208 - - [08/Feb/2013:02:46:28 +0100] "GET /news.php?cs_go=archiv&cs_id=2688 HTTP/1.0" 200 7887 "-" "Mozilla/5.0 (compatible; MJ12bot/v1.4.3; http://www.majestic12.co.uk/bot.php?+)"
5.9.7.208 - - [08/Feb/2013:02:46:30 +0100] "GET /news.php?cs_go=archiv&cs_id=2689 HTTP/1.0" 200 7887 "-" "Mozilla/5.0 (compatible; MJ12bot/v1.4.3; http://www.majestic12.co.uk/bot.php?+)"
5.9.7.208 - - [08/Feb/2013:02:46:33 +0100] "GET /news.php?cs_go=archiv&cs_id=2690 HTTP/1.0" 200 7887 "-" "Mozilla/5.0 (compatible; MJ12bot/v1.4.3; http://www.majestic12.co.uk/bot.php?+)"
5.9.7.208 - - [08/Feb/2013:02:46:36 +0100] "GET /news.php?cs_go=archiv&cs_id=2691 HTTP/1.0" 200 7887 "-" "Mozilla/5.0 (compatible; MJ12bot/v1.4.3; http://www.majestic12.co.uk/bot.php?+)"
81.169.178.64 - - [08/Feb/2013:02:47:13 +0100] "GET / HTTP/1.1" 200 15346 "http://www.mink-gmbh.de/" "Opera/9.80 (Windows NT 5.1; U; en) Presto/2.10.289 Version/12.01"
81.169.178.64 - - [08/Feb/2013:02:47:18 +0100] "GET /impressum.php HTTP/1.1" 200 8495 "http://www.mink-gmbh.de/" "Opera/9.80 (Windows NT 5.1; U; en) Presto/2.10.289 Version/12.01"
81.169.178.64 - - [08/Feb/2013:02:47:18 +0100] "GET /kontakt.php HTTP/1.1" 200 9111 "http://www.mink-gmbh.de/" "Opera/9.80 (Windows NT 5.1; U; en) Presto/2.10.289 Version/12.01"
208.115.113.91 - - [08/Feb/2013:02:50:03 +0100] "GET /news.php?cs_go=archiv&cs_id=3727&cs_search= HTTP/1.1" 200 9667 "-" "Mozilla/5.0 (compatible; Ezooms/1.0; ezooms.bot@gmail.com)"
208.115.113.91 - - [08/Feb/2013:02:50:13 +0100] "GET /news.php?cs_go=archiv&cs_id=3853 HTTP/1.1" 200 9972 "-" "Mozilla/5.0 (compatible; Ezooms/1.0; ezooms.bot@gmail.com)"
81.30.151.218 - - [08/Feb/2013:02:52:36 +0100] "GET /news.php?cs_go=archiv&cs_id=3275&cs_search= HTTP/1.1" 200 11350 "-" "Pixray-Seeker/2.0 (Pixray-Seeker; +http://www.pixray.com/pixraybot; +crawler@pixray.com)"
66.249.75.46 - - [08/Feb/2013:03:02:57 +0100] "GET /news.php?cs_go=archiv&cs_id=3899 HTTP/1.1" 200 10242 "-" "SAMSUNG-SGH-E250/1.0 Profile/MIDP-2.0 Configuration/CLDC-1.1 UP.Browser/6.2.3.3.c.1.101 (GUI) MMP/2.0 (compatible; Googlebot-Mobile/2.1; +http://www.google.com/bot.html)"
66.249.75.46 - - [08/Feb/2013:03:09:29 +0100] "GET /news.php?cs_go=archiv&cs_id=3899 HTTP/1.1" 200 10242 "-" "SAMSUNG-SGH-E250/1.0 Profile/MIDP-2.0 Configuration/CLDC-1.1 UP.Browser/6.2.3.3.c.1.101 (GUI) MMP/2.0 (compatible; Googlebot-Mobile/2.1; +http://www.google.com/bot.html)"
157.55.35.76 - - [08/Feb/2013:03:40:11 +0100] "GET /robots.txt HTTP/1.1" 200 177 "-" "Mozilla/5.0 (compatible; bingbot/2.0; +http://www.bing.com/bingbot.htm)"
157.55.35.76 - - [08/Feb/2013:03:42:36 +0100] "GET / HTTP/1.1" 200 8191 "-" "Mozilla/5.0 (compatible; bingbot/2.0; +http://www.bing.com/bingbot.htm)"
66.249.78.46 - - [08/Feb/2013:04:30:29 +0100] "GET /lexikon.php?cs_go=3&cs_id=43 HTTP/1.1" 200 8005 "-" "Mozilla/5.0 (compatible; Googlebot/2.1; +http://www.google.com/bot.html)"
65.36.241.79 - - [08/Feb/2013:04:32:03 +0100] "HEAD / HTTP/1.1" 200 - "-" "InternetSeer.com"
139.18.2.209 - - [08/Feb/2013:05:01:32 +0100] "GET /news.php?cs_go=archiv&cs_startpos=50 HTTP/1.1" 200 8440 "-" "findlinks/2.6 (+http://wortschatz.uni-leipzig.de/findlinks/)"
139.18.2.209 - - [08/Feb/2013:05:01:32 +0100] "GET /news.php?cs_go=archiv&cs_startpos=50 HTTP/1.1" 200 22651 "-" "findlinks/2.6 (+http://wortschatz.uni-leipzig.de/findlinks/)"
81.30.151.218 - - [08/Feb/2013:05:02:22 +0100] "GET /news.php?cs_go=archiv&cs_id=1896&cs_search= HTTP/1.1" 200 7887 "-" "Pixray-Seeker/2.0 (Pixray-Seeker; +http://www.pixray.com/pixraybot; +crawler@pixray.com)"
66.249.78.46 - - [08/Feb/2013:05:18:33 +0100] "GET /news.php?cs_go=archiv&cs_id=3286&cs_search= HTTP/1.1" 200 10837 "-" "Mozilla/5.0 (compatible; Googlebot/2.1; +http://www.google.com/bot.html)"
77.20.155.143 - - [08/Feb/2013:05:45:28 +0100] "GET /news.php?cs_go=archiv&cs_id=3808&cs_search= HTTP/1.1" 200 7004 "-" "findlinks/2.0.2 (+http://wortschatz.uni-leipzig.de/findlinks/)"
77.20.155.143 - - [08/Feb/2013:05:45:28 +0100] "GET /news.php?cs_go=archiv&cs_id=3808&cs_search= HTTP/1.1" 200 13363 "-" "findlinks/2.0.2 (+http://wortschatz.uni-leipzig.de/findlinks/)"
66.249.75.46 - - [08/Feb/2013:05:58:26 +0100] "GET /jobs.php HTTP/1.1" 200 10090 "-" "Mozilla/5.0 (iPhone; U; CPU iPhone OS 4_1 like Mac OS X; en-us) AppleWebKit/532.9 (KHTML, like Gecko) Version/4.0.5 Mobile/8B117 Safari/6531.22.7 (compatible; Googlebot-Mobile/2.1; +http://www.google.com/bot.html)"
81.30.151.218 - - [08/Feb/2013:05:59:07 +0100] "GET /news.php?cs_go=archiv&cs_id=2548&cs_search= HTTP/1.1" 200 7887 "-" "Pixray-Seeker/2.0 (Pixray-Seeker; +http://www.pixray.com/pixraybot; +crawler@pixray.com)"
81.30.151.218 - - [08/Feb/2013:06:02:16 +0100] "GET /news.php?cs_go=archiv&cs_id=2845&cs_search= HTTP/1.1" 200 10949 "-" "Pixray-Seeker/2.0 (Pixray-Seeker; +http://www.pixray.com/pixraybot; +crawler@pixray.com)"
66.249.75.46 - - [08/Feb/2013:06:06:34 +0100] "GET /news.php?cs_go=archiv&cs_id=3295&cs_search= HTTP/1.1" 200 13533 "-" "Mozilla/5.0 (compatible; Googlebot/2.1; +http://www.google.com/bot.html)"
66.249.75.46 - - [08/Feb/2013:06:09:59 +0100] "GET /style.css HTTP/1.1" 200 8418 "-" "Mozilla/5.0 (compatible; Googlebot/2.1; +http://www.google.com/bot.html)"
66.249.78.46 - - [08/Feb/2013:06:10:00 +0100] "GET /modul.css HTTP/1.1" 200 35038 "-" "Mozilla/5.0 (compatible; Googlebot/2.1; +http://www.google.com/bot.html)"
208.115.111.75 - - [08/Feb/2013:06:37:19 +0100] "GET /robots.txt HTTP/1.1" 200 177 "-" "Mozilla/5.0 (compatible; Ezooms/1.0; ezooms.bot@gmail.com)"
81.30.151.218 - - [08/Feb/2013:07:54:57 +0100] "GET /news.php?cs_go=archiv&cs_id=2512&cs_search= HTTP/1.1" 200 7887 "-" "Pixray-Seeker/2.0 (Pixray-Seeker; +http://www.pixray.com/pixraybot; +crawler@pixray.com)"
66.249.78.46 - - [08/Feb/2013:07:58:55 +0100] "GET /news.php?cs_go=archiv&cs_id=3233 HTTP/1.1" 200 10009 "-" "Mozilla/5.0 (compatible; Googlebot/2.1; +http://www.google.com/bot.html)"
208.115.111.75 - - [08/Feb/2013:08:39:15 +0100] "GET /agb.php HTTP/1.1" 200 19709 "-" "Mozilla/5.0 (compatible; Ezooms/1.0; ezooms.bot@gmail.com)"
81.30.151.218 - - [08/Feb/2013:08:48:52 +0100] "GET /news.php?cs_go=archiv&cs_id=2214&cs_search= HTTP/1.1" 200 7887 "-" "Pixray-Seeker/2.0 (Pixray-Seeker; +http://www.pixray.com/pixraybot; +crawler@pixray.com)"
81.30.151.218 - - [08/Feb/2013:08:50:12 +0100] "GET /news.php?cs_go=archiv&cs_id=2600&cs_search= HTTP/1.1" 200 7887 "-" "Pixray-Seeker/2.0 (Pixray-Seeker; +http://www.pixray.com/pixraybot; +crawler@pixray.com)"
81.30.151.218 - - [08/Feb/2013:08:55:51 +0100] "GET /images/mail.jpg HTTP/1.1" 200 11165 "-" "Pixray-Seeker/2.0 (Pixray-Seeker; +http://www.pixray.com/pixraybot; +crawler@pixray.com)"
66.249.78.46 - - [08/Feb/2013:09:03:10 +0100] "GET /news.php?cs_go=archiv&cs_id=3751 HTTP/1.1" 200 9828 "-" "Mozilla/5.0 (compatible; Googlebot/2.1; +http://www.google.com/bot.html)"
85.13.131.53 - - [08/Feb/2013:09:13:07 +0100] "GET / HTTP/1.0" 200 6431 "-" "-"
85.13.131.53 - - [08/Feb/2013:09:13:07 +0100] "GET / HTTP/1.0" 200 3409 "-" "-"
81.30.151.218 - - [08/Feb/2013:09:17:09 +0100] "GET /news.php?cs_go=archiv&cs_id=2677&cs_search= HTTP/1.1" 200 7887 "-" "Pixray-Seeker/2.0 (Pixray-Seeker; +http://www.pixray.com/pixraybot; +crawler@pixray.com)"
66.249.78.46 - - [08/Feb/2013:09:19:03 +0100] "GET /news.php?cs_go=archiv&cs_id=3754 HTTP/1.1" 200 13680 "-" "Mozilla/5.0 (compatible; Googlebot/2.1; +http://www.google.com/bot.html)"
107.22.111.149 - - [08/Feb/2013:09:20:31 +0100] "GET /news.php?cs_go=archiv&cs_id=3512 HTTP/1.0" 200 12506 "-" "linkdex.com/v2.0"
81.30.151.218 - - [08/Feb/2013:09:26:49 +0100] "GET /news.php?cs_go=archiv&cs_id=3911 HTTP/1.1" 200 12591 "-" "Pixray-Seeker/2.0 (Pixray-Seeker; +http://www.pixray.com/pixraybot; +crawler@pixray.com)"
123.125.71.36 - - [08/Feb/2013:09:32:05 +0100] "GET / HTTP/1.1" 200 10242 "-" "Mozilla/5.0 (compatible; Baiduspider/2.0; +http://www.baidu.com/search/spider.html)"
220.181.108.91 - - [08/Feb/2013:09:32:38 +0100] "GET / HTTP/1.1" 200 7816 "-" "Mozilla/5.0 (compatible; Baiduspider/2.0; +http://www.baidu.com/search/spider.html)"
123.125.71.114 - - [08/Feb/2013:09:43:18 +0100] "GET /robots.txt HTTP/1.1" 200 177 "-" "Mozilla/5.0 (Windows NT 5.1; rv:6.0.2) Gecko/20100101 Firefox/6.0.2"
65.36.241.79 - - [08/Feb/2013:09:43:36 +0100] "HEAD / HTTP/1.1" 200 - "-" "InternetSeer.com"
66.249.75.46 - - [08/Feb/2013:09:55:35 +0100] "GET /news.php?cs_go=archiv&cs_id=3886 HTTP/1.1" 200 9814 "-" "DoCoMo/2.0 N905i(c100;TB;W24H16) (compatible; Googlebot-Mobile/2.1; +http://www.google.com/bot.html)"
66.249.78.46 - - [08/Feb/2013:10:07:06 +0100] "GET /news.php?cs_go=archiv HTTP/1.1" 200 22160 "-" "Mozilla/5.0 (compatible; Googlebot/2.1; +http://www.google.com/bot.html)"
23.20.88.245 - - [08/Feb/2013:10:07:26 +0100] "GET / HTTP/1.0" 200 15340 "-" "linkdex.com/v2.0"
66.249.78.46 - - [08/Feb/2013:10:22:11 +0100] "GET /news.php?cs_go=archiv&cs_id=3918&cs_search= HTTP/1.1" 200 9830 "-" "Mozilla/5.0 (compatible; Googlebot/2.1; +http://www.google.com/bot.html)"
66.249.75.46 - - [08/Feb/2013:10:22:12 +0100] "GET /news.php?cs_go=archiv&cs_id=3921&cs_search= HTTP/1.1" 200 10242 "-" "Mozilla/5.0 (compatible; Googlebot/2.1; +http://www.google.com/bot.html)"
66.249.78.46 - - [08/Feb/2013:10:24:13 +0100] "GET /news.php?cs_go=archiv&cs_id=3919&cs_search= HTTP/1.1" 200 13282 "-" "Mozilla/5.0 (compatible; Googlebot/2.1; +http://www.google.com/bot.html)"
66.249.75.46 - - [08/Feb/2013:10:26:31 +0100] "GET /news.php?cs_go=archiv&cs_id=3924&cs_search= HTTP/1.1" 200 10099 "-" "Mozilla/5.0 (compatible; Googlebot/2.1; +http://www.google.com/bot.html)"
66.249.75.46 - - [08/Feb/2013:10:28:33 +0100] "GET /news.php?cs_go=archiv&cs_id=3922&cs_search= HTTP/1.1" 200 13536 "-" "Mozilla/5.0 (compatible; Googlebot/2.1; +http://www.google.com/bot.html)"
66.249.78.46 - - [08/Feb/2013:10:30:45 +0100] "GET /news.php?cs_go=archiv&cs_id=3923&cs_search= HTTP/1.1" 200 9801 "-" "Mozilla/5.0 (compatible; Googlebot/2.1; +http://www.google.com/bot.html)"
66.249.78.46 - - [08/Feb/2013:10:33:12 +0100] "GET /news.php?cs_go=archiv&cs_id=3920&cs_search= HTTP/1.1" 200 11734 "-" "Mozilla/5.0 (compatible; Googlebot/2.1; +http://www.google.com/bot.html)"
81.30.151.218 - - [08/Feb/2013:10:36:31 +0100] "GET /diesel.php HTTP/1.1" 200 10639 "-" "Pixray-Seeker/2.0 (Pixray-Seeker; +http://www.pixray.com/pixraybot; +crawler@pixray.com)"
66.249.75.46 - - [08/Feb/2013:10:39:38 +0100] "GET /news.php?cs_go=archiv&cs_id=3750 HTTP/1.1" 200 13158 "-" "Mozilla/5.0 (compatible; Googlebot/2.1; +http://www.google.com/bot.html)"
94.27.70.182 - - [08/Feb/2013:10:43:13 +0100] "GET /news.php?cs_go=archiv&cs_startpos=100 HTTP/1.0" 200 22763 "http://www.mink-gmbh.de/news.php?cs_go=archiv&cs_startpos=100" "Opera/9.80 (Windows NT 6.1; WOW64; U; ru) Presto/2.10.289 Version/12.02"
66.249.75.46 - - [08/Feb/2013:10:52:47 +0100] "GET /index.php HTTP/1.1" 200 15340 "-" "Mozilla/5.0 (compatible; Googlebot/2.1; +http://www.google.com/bot.html)"
81.30.151.218 - - [08/Feb/2013:11:05:46 +0100] "GET /news.php?cs_go=archiv&cs_id=2875&cs_search= HTTP/1.1" 200 10874 "-" "Pixray-Seeker/2.0 (Pixray-Seeker; +http://www.pixray.com/pixraybot; +crawler@pixray.com)"
173.199.115.147 - - [08/Feb/2013:11:27:22 +0100] "GET /lexikon.php?cs_go=2&cs_char=h HTTP/1.1" 200 8800 "-" "Mozilla/5.0 (compatible; AhrefsBot/4.0; +http://ahrefs.com/robot/)"
173.199.115.147 - - [08/Feb/2013:11:38:49 +0100] "GET /kwk.php?cs_go=1 HTTP/1.1" 200 10884 "-" "Mozilla/5.0 (compatible; AhrefsBot/4.0; +http://ahrefs.com/robot/)"
81.30.151.218 - - [08/Feb/2013:11:45:52 +0100] "GET /additive.php HTTP/1.1" 200 8372 "-" "Pixray-Seeker/2.0 (Pixray-Seeker; +http://www.pixray.com/pixraybot; +crawler@pixray.com)"
81.30.151.218 - - [08/Feb/2013:11:56:18 +0100] "GET /news.php?cs_go=archiv&cs_startpos=1410 HTTP/1.1" 200 8126 "-" "Pixray-Seeker/2.0 (Pixray-Seeker; +http://www.pixray.com/pixraybot; +crawler@pixray.com)"
81.30.151.218 - - [08/Feb/2013:12:03:20 +0100] "GET /news.php?cs_go=archiv&cs_id=3635&cs_search= HTTP/1.1" 200 13377 "-" "Pixray-Seeker/2.0 (Pixray-Seeker; +http://www.pixray.com/pixraybot; +crawler@pixray.com)"
141.8.147.1 - - [08/Feb/2013:12:28:23 +0100] "GET /robots.txt HTTP/1.1" 200 177 "-" "Mozilla/5.0 (compatible; YandexBot/3.0; +http://yandex.com/bots)"
173.199.115.147 - - [08/Feb/2013:13:01:09 +0100] "GET /lexikon.php?cs_go=2&cs_char=d HTTP/1.1" 200 9421 "-" "Mozilla/5.0 (compatible; AhrefsBot/4.0; +http://ahrefs.com/robot/)"
173.199.115.147 - - [08/Feb/2013:13:02:15 +0100] "GET /lexikon.php?cs_go=3&cs_id=115 HTTP/1.1" 200 9602 "-" "Mozilla/5.0 (compatible; AhrefsBot/4.0; +http://ahrefs.com/robot/)"
141.8.147.1 - - [08/Feb/2013:13:26:57 +0100] "GET /news.php?cs_go=archiv&cs_id=3566&cs_search= HTTP/1.1" 200 9933 "-" "Mozilla/5.0 (compatible; YandexBot/3.0; +http://yandex.com/bots)"
81.30.151.218 - - [08/Feb/2013:13:28:37 +0100] "GET /news.php?cs_go=archiv&cs_id=2625&cs_search= HTTP/1.1" 200 7887 "-" "Pixray-Seeker/2.0 (Pixray-Seeker; +http://www.pixray.com/pixraybot; +crawler@pixray.com)"
173.199.115.147 - - [08/Feb/2013:13:56:31 +0100] "GET /lexikon.php?cs_go=2&cs_char=m HTTP/1.1" 200 9073 "-" "Mozilla/5.0 (compatible; AhrefsBot/4.0; +http://ahrefs.com/robot/)"
173.199.115.147 - - [08/Feb/2013:13:57:45 +0100] "GET /optiplus.php HTTP/1.1" 200 11100 "-" "Mozilla/5.0 (compatible; AhrefsBot/4.0; +http://ahrefs.com/robot/)"
81.30.151.218 - - [08/Feb/2013:14:11:31 +0100] "GET /news.php?cs_go=archiv&cs_id=2076&cs_search= HTTP/1.1" 200 7887 "-" "Pixray-Seeker/2.0 (Pixray-Seeker; +http://www.pixray.com/pixraybot; +crawler@pixray.com)"
141.8.147.1 - - [08/Feb/2013:14:19:33 +0100] "GET /news.php?cs_go=archiv&cs_id=3543&cs_search= HTTP/1.1" 200 11415 "-" "Mozilla/5.0 (compatible; YandexBot/3.0; +http://yandex.com/bots)"
81.30.151.218 - - [08/Feb/2013:14:42:42 +0100] "GET /news.php?cs_go=archiv&cs_id=1787&cs_search= HTTP/1.1" 200 7887 "-" "Pixray-Seeker/2.0 (Pixray-Seeker; +http://www.pixray.com/pixraybot; +crawler@pixray.com)"
141.8.147.1 - - [08/Feb/2013:15:12:07 +0100] "GET /news.php?cs_go=archiv&cs_id=3550&cs_search= HTTP/1.1" 200 13313 "-" "Mozilla/5.0 (compatible; YandexBot/3.0; +http://yandex.com/bots)"
81.30.151.218 - - [08/Feb/2013:15:14:30 +0100] "GET /news.php?cs_go=archiv&cs_id=2537&cs_search= HTTP/1.1" 200 7887 "-" "Pixray-Seeker/2.0 (Pixray-Seeker; +http://www.pixray.com/pixraybot; +crawler@pixray.com)"
173.199.115.147 - - [08/Feb/2013:15:18:46 +0100] "GET /kwk.php?cs_go=2 HTTP/1.1" 200 11855 "-" "Mozilla/5.0 (compatible; AhrefsBot/4.0; +http://ahrefs.com/robot/)"
157.55.35.76 - - [08/Feb/2013:15:22:38 +0100] "GET /robots.txt HTTP/1.1" 200 177 "-" "Mozilla/5.0 (compatible; bingbot/2.0; +http://www.bing.com/bingbot.htm)"
157.55.35.76 - - [08/Feb/2013:15:24:50 +0100] "GET / HTTP/1.1" 200 15402 "-" "Mozilla/5.0 (compatible; bingbot/2.0; +http://www.bing.com/bingbot.htm)"
173.199.115.147 - - [08/Feb/2013:15:50:37 +0100] "GET /lexikon.php?cs_go=2&cs_char=n HTTP/1.1" 200 8578 "-" "Mozilla/5.0 (compatible; AhrefsBot/4.0; +http://ahrefs.com/robot/)"
141.8.147.1 - - [08/Feb/2013:16:04:54 +0100] "GET /news.php?cs_go=archiv&cs_id=3518&cs_search= HTTP/1.1" 200 10034 "-" "Mozilla/5.0 (compatible; YandexBot/3.0; +http://yandex.com/bots)"
65.36.241.79 - - [08/Feb/2013:16:07:40 +0100] "HEAD / HTTP/1.1" 200 - "-" "InternetSeer.com"
66.249.75.46 - - [08/Feb/2013:16:15:28 +0100] "GET /news.php?cs_go=archiv&cs_id=3206&cs_search= HTTP/1.1" 200 12944 "-" "Mozilla/5.0 (compatible; Googlebot/2.1; +http://www.google.com/bot.html)"
81.30.151.218 - - [08/Feb/2013:16:28:32 +0100] "GET /news.php?cs_go=archiv&cs_id=2205&cs_search= HTTP/1.1" 200 7887 "-" "Pixray-Seeker/2.0 (Pixray-Seeker; +http://www.pixray.com/pixraybot; +crawler@pixray.com)"
66.249.78.46 - - [08/Feb/2013:16:31:48 +0100] "GET /news.php?cs_go=archiv&cs_startpos=191 HTTP/1.1" 200 22784 "-" "Mozilla/5.0 (compatible; Googlebot/2.1; +http://www.google.com/bot.html)"
173.199.115.147 - - [08/Feb/2013:16:33:48 +0100] "GET /lexikon.php?cs_go=2&cs_char=k HTTP/1.1" 200 9879 "-" "Mozilla/5.0 (compatible; AhrefsBot/4.0; +http://ahrefs.com/robot/)"
173.199.115.147 - - [08/Feb/2013:16:38:17 +0100] "GET /kwk.php?cs_go=3 HTTP/1.1" 200 10285 "-" "Mozilla/5.0 (compatible; AhrefsBot/4.0; +http://ahrefs.com/robot/)"
2.174.67.123 - - [08/Feb/2013:16:45:44 +0100] "GET /kontakt.php HTTP/1.1" 200 9198 "-" "Mozilla/5.0 (iPhone; CPU iPhone OS 6_1 like Mac OS X) AppleWebKit/536.26 (KHTML, like Gecko) Version/6.0 Mobile/10B143 Safari/8536.25"
2.174.67.123 - - [08/Feb/2013:16:45:44 +0100] "GET /modul.css HTTP/1.1" 200 35038 "http://www.mink-gmbh.de/kontakt.php" "Mozilla/5.0 (iPhone; CPU iPhone OS 6_1 like Mac OS X) AppleWebKit/536.26 (KHTML, like Gecko) Version/6.0 Mobile/10B143 Safari/8536.25"
2.174.67.123 - - [08/Feb/2013:16:45:44 +0100] "GET /style.css HTTP/1.1" 200 8418 "http://www.mink-gmbh.de/kontakt.php" "Mozilla/5.0 (iPhone; CPU iPhone OS 6_1 like Mac OS X) AppleWebKit/536.26 (KHTML, like Gecko) Version/6.0 Mobile/10B143 Safari/8536.25"
2.174.67.123 - - [08/Feb/2013:16:45:46 +0100] "GET /images/mail.jpg HTTP/1.1" 200 11165 "http://www.mink-gmbh.de/kontakt.php" "Mozilla/5.0 (iPhone; CPU iPhone OS 6_1 like Mac OS X) AppleWebKit/536.26 (KHTML, like Gecko) Version/6.0 Mobile/10B143 Safari/8536.25"
2.174.67.123 - - [08/Feb/2013:16:45:46 +0100] "GET /images/freecall.jpg HTTP/1.1" 200 39195 "http://www.mink-gmbh.de/kontakt.php" "Mozilla/5.0 (iPhone; CPU iPhone OS 6_1 like Mac OS X) AppleWebKit/536.26 (KHTML, like Gecko) Version/6.0 Mobile/10B143 Safari/8536.25"
2.174.67.123 - - [08/Feb/2013:16:45:46 +0100] "GET /images/kwk.gif HTTP/1.1" 200 6403 "http://www.mink-gmbh.de/kontakt.php" "Mozilla/5.0 (iPhone; CPU iPhone OS 6_1 like Mac OS X) AppleWebKit/536.26 (KHTML, like Gecko) Version/6.0 Mobile/10B143 Safari/8536.25"
2.174.67.123 - - [08/Feb/2013:16:45:46 +0100] "GET /images/wunschpreis.jpg HTTP/1.1" 200 16767 "http://www.mink-gmbh.de/kontakt.php" "Mozilla/5.0 (iPhone; CPU iPhone OS 6_1 like Mac OS X) AppleWebKit/536.26 (KHTML, like Gecko) Version/6.0 Mobile/10B143 Safari/8536.25"
2.174.67.123 - - [08/Feb/2013:16:45:46 +0100] "GET /images/logos.jpg HTTP/1.1" 200 15002 "http://www.mink-gmbh.de/kontakt.php" "Mozilla/5.0 (iPhone; CPU iPhone OS 6_1 like Mac OS X) AppleWebKit/536.26 (KHTML, like Gecko) Version/6.0 Mobile/10B143 Safari/8536.25"
2.174.67.123 - - [08/Feb/2013:16:45:46 +0100] "GET /images/bg.jpg HTTP/1.1" 200 345 "http://www.mink-gmbh.de/kontakt.php" "Mozilla/5.0 (iPhone; CPU iPhone OS 6_1 like Mac OS X) AppleWebKit/536.26 (KHTML, like Gecko) Version/6.0 Mobile/10B143 Safari/8536.25"
2.174.67.123 - - [08/Feb/2013:16:45:46 +0100] "GET /images/newsletter.png HTTP/1.1" 200 14619 "http://www.mink-gmbh.de/kontakt.php" "Mozilla/5.0 (iPhone; CPU iPhone OS 6_1 like Mac OS X) AppleWebKit/536.26 (KHTML, like Gecko) Version/6.0 Mobile/10B143 Safari/8536.25"
2.174.67.123 - - [08/Feb/2013:16:45:46 +0100] "GET /images/close.png HTTP/1.1" 200 703 "http://www.mink-gmbh.de/kontakt.php" "Mozilla/5.0 (iPhone; CPU iPhone OS 6_1 like Mac OS X) AppleWebKit/536.26 (KHTML, like Gecko) Version/6.0 Mobile/10B143 Safari/8536.25"
2.174.67.123 - - [08/Feb/2013:16:45:46 +0100] "GET /images/navibg.png HTTP/1.1" 200 2803 "http://www.mink-gmbh.de/kontakt.php" "Mozilla/5.0 (iPhone; CPU iPhone OS 6_1 like Mac OS X) AppleWebKit/536.26 (KHTML, like Gecko) Version/6.0 Mobile/10B143 Safari/8536.25"
2.174.67.123 - - [08/Feb/2013:16:45:46 +0100] "GET /images/newsletter_bg.jpg HTTP/1.1" 200 33610 "http://www.mink-gmbh.de/kontakt.php" "Mozilla/5.0 (iPhone; CPU iPhone OS 6_1 like Mac OS X) AppleWebKit/536.26 (KHTML, like Gecko) Version/6.0 Mobile/10B143 Safari/8536.25"
2.174.67.123 - - [08/Feb/2013:16:45:46 +0100] "GET /images/footerbg.jpg HTTP/1.1" 200 2184 "http://www.mink-gmbh.de/kontakt.php" "Mozilla/5.0 (iPhone; CPU iPhone OS 6_1 like Mac OS X) AppleWebKit/536.26 (KHTML, like Gecko) Version/6.0 Mobile/10B143 Safari/8536.25"
2.174.67.123 - - [08/Feb/2013:16:45:46 +0100] "GET /images/wrapperbg.jpg HTTP/1.1" 200 27465 "http://www.mink-gmbh.de/kontakt.php" "Mozilla/5.0 (iPhone; CPU iPhone OS 6_1 like Mac OS X) AppleWebKit/536.26 (KHTML, like Gecko) Version/6.0 Mobile/10B143 Safari/8536.25"
2.174.67.123 - - [08/Feb/2013:16:45:46 +0100] "GET /images/header.jpg HTTP/1.1" 200 24413 "http://www.mink-gmbh.de/kontakt.php" "Mozilla/5.0 (iPhone; CPU iPhone OS 6_1 like Mac OS X) AppleWebKit/536.26 (KHTML, like Gecko) Version/6.0 Mobile/10B143 Safari/8536.25"
2.174.67.123 - - [08/Feb/2013:16:46:34 +0100] "GET /wunschpreis.php HTTP/1.1" 200 11997 "http://www.mink-gmbh.de/kontakt.php" "Mozilla/5.0 (iPhone; CPU iPhone OS 6_1 like Mac OS X) AppleWebKit/536.26 (KHTML, like Gecko) Version/6.0 Mobile/10B143 Safari/8536.25"
66.249.75.46 - - [08/Feb/2013:16:48:16 +0100] "GET /news.php?cs_go=archiv&cs_id=2759&cs_search= HTTP/1.1" 200 12231 "-" "Mozilla/5.0 (compatible; Googlebot/2.1; +http://www.google.com/bot.html)"
139.18.2.209 - - [08/Feb/2013:17:03:31 +0100] "GET /news.php?cs_go=archiv&cs_id=3740&cs_search= HTTP/1.1" 200 8440 "-" "findlinks/2.6 (+http://wortschatz.uni-leipzig.de/findlinks/)"
139.18.2.209 - - [08/Feb/2013:17:03:31 +0100] "GET /news.php?cs_go=archiv&cs_id=3740&cs_search= HTTP/1.1" 200 11994 "-" "findlinks/2.6 (+http://wortschatz.uni-leipzig.de/findlinks/)"
141.8.147.1 - - [08/Feb/2013:17:03:40 +0100] "GET /news.php?cs_go=archiv&cs_id=3511&cs_search= HTTP/1.1" 200 11721 "-" "Mozilla/5.0 (compatible; YandexBot/3.0; +http://yandex.com/bots)"
93.219.211.237 - - [08/Feb/2013:17:18:06 +0100] "GET / HTTP/1.1" 200 15402 "http://www.google.de/url?sa=t&rct=j&q=heiz%C3%B6lpreise%20berlin&source=web&cd=20&ved=0CH0QFjAJOAo&url=http%3A%2F%2Fwww.mink-gmbh.de%2F&ei=aiQVUf7UAsiphAfrkIGgCQ&usg=AFQjCNFHX4Iglls9oo-KYXTmDUV_5KOVIg" "Mozilla/5.0 (Windows NT 5.1; rv:18.0) Gecko/20100101 Firefox/18.0"
93.219.211.237 - - [08/Feb/2013:17:18:07 +0100] "GET /style.css HTTP/1.1" 200 8418 "http://www.mink-gmbh.de/" "Mozilla/5.0 (Windows NT 5.1; rv:18.0) Gecko/20100101 Firefox/18.0"
93.219.211.237 - - [08/Feb/2013:17:18:07 +0100] "GET /js_contentserver24_greybox/gb_styles.css HTTP/1.1" 200 2302 "http://www.mink-gmbh.de/" "Mozilla/5.0 (Windows NT 5.1; rv:18.0) Gecko/20100101 Firefox/18.0"
93.219.211.237 - - [08/Feb/2013:17:18:07 +0100] "GET /js_contentserver24_greybox/AJS.js HTTP/1.1" 200 10396 "http://www.mink-gmbh.de/" "Mozilla/5.0 (Windows NT 5.1; rv:18.0) Gecko/20100101 Firefox/18.0"
93.219.211.237 - - [08/Feb/2013:17:18:07 +0100] "GET /js_contentserver24_greybox/AJS_fx.js HTTP/1.1" 200 3192 "http://www.mink-gmbh.de/" "Mozilla/5.0 (Windows NT 5.1; rv:18.0) Gecko/20100101 Firefox/18.0"
93.219.211.237 - - [08/Feb/2013:17:18:07 +0100] "GET /js_contentserver24_greybox/gb_scripts.js HTTP/1.1" 200 11913 "http://www.mink-gmbh.de/" "Mozilla/5.0 (Windows NT 5.1; rv:18.0) Gecko/20100101 Firefox/18.0"
93.219.211.237 - - [08/Feb/2013:17:18:07 +0100] "GET /modul.css HTTP/1.1" 200 35038 "http://www.mink-gmbh.de/" "Mozilla/5.0 (Windows NT 5.1; rv:18.0) Gecko/20100101 Firefox/18.0"
93.219.211.237 - - [08/Feb/2013:17:18:07 +0100] "GET /images/freecall.jpg HTTP/1.1" 200 39195 "http://www.mink-gmbh.de/" "Mozilla/5.0 (Windows NT 5.1; rv:18.0) Gecko/20100101 Firefox/18.0"
93.219.211.237 - - [08/Feb/2013:17:18:07 +0100] "GET /images/mail.jpg HTTP/1.1" 200 11165 "http://www.mink-gmbh.de/" "Mozilla/5.0 (Windows NT 5.1; rv:18.0) Gecko/20100101 Firefox/18.0"
93.219.211.237 - - [08/Feb/2013:17:18:07 +0100] "GET /images/kwk.gif HTTP/1.1" 200 6403 "http://www.mink-gmbh.de/" "Mozilla/5.0 (Windows NT 5.1; rv:18.0) Gecko/20100101 Firefox/18.0"
93.219.211.237 - - [08/Feb/2013:17:18:07 +0100] "GET /images/wunschpreis.jpg HTTP/1.1" 200 16767 "http://www.mink-gmbh.de/" "Mozilla/5.0 (Windows NT 5.1; rv:18.0) Gecko/20100101 Firefox/18.0"
93.219.211.237 - - [08/Feb/2013:17:18:07 +0100] "GET /images/logos.jpg HTTP/1.1" 200 15002 "http://www.mink-gmbh.de/" "Mozilla/5.0 (Windows NT 5.1; rv:18.0) Gecko/20100101 Firefox/18.0"
93.219.211.237 - - [08/Feb/2013:17:18:07 +0100] "GET /images/tkw.jpg HTTP/1.1" 200 64031 "http://www.mink-gmbh.de/" "Mozilla/5.0 (Windows NT 5.1; rv:18.0) Gecko/20100101 Firefox/18.0"
93.219.211.237 - - [08/Feb/2013:17:18:07 +0100] "GET /favicon.ico HTTP/1.1" 200 3638 "-" "Mozilla/5.0 (Windows NT 5.1; rv:18.0) Gecko/20100101 Firefox/18.0"
93.219.211.237 - - [08/Feb/2013:17:18:07 +0100] "GET /images/bg.jpg HTTP/1.1" 200 345 "http://www.mink-gmbh.de/style.css" "Mozilla/5.0 (Windows NT 5.1; rv:18.0) Gecko/20100101 Firefox/18.0"
93.219.211.237 - - [08/Feb/2013:17:18:08 +0100] "GET /images/close.png HTTP/1.1" 200 703 "http://www.mink-gmbh.de/" "Mozilla/5.0 (Windows NT 5.1; rv:18.0) Gecko/20100101 Firefox/18.0"
93.219.211.237 - - [08/Feb/2013:17:18:08 +0100] "GET /js_contentserver24_greybox/w_close.gif HTTP/1.1" 200 74 "http://www.mink-gmbh.de/" "Mozilla/5.0 (Windows NT 5.1; rv:18.0) Gecko/20100101 Firefox/18.0"
93.219.211.237 - - [08/Feb/2013:17:18:08 +0100] "GET /images/newsletter_bg.jpg HTTP/1.1" 200 33610 "http://www.mink-gmbh.de/" "Mozilla/5.0 (Windows NT 5.1; rv:18.0) Gecko/20100101 Firefox/18.0"
93.219.211.237 - - [08/Feb/2013:17:18:08 +0100] "GET /images/newsletter.png HTTP/1.1" 200 14619 "http://www.mink-gmbh.de/style.css" "Mozilla/5.0 (Windows NT 5.1; rv:18.0) Gecko/20100101 Firefox/18.0"
93.219.211.237 - - [08/Feb/2013:17:18:08 +0100] "GET /images/wrapperbg.jpg HTTP/1.1" 200 27465 "http://www.mink-gmbh.de/style.css" "Mozilla/5.0 (Windows NT 5.1; rv:18.0) Gecko/20100101 Firefox/18.0"
93.219.211.237 - - [08/Feb/2013:17:18:08 +0100] "GET /images/header.jpg HTTP/1.1" 200 24413 "http://www.mink-gmbh.de/style.css" "Mozilla/5.0 (Windows NT 5.1; rv:18.0) Gecko/20100101 Firefox/18.0"
93.219.211.237 - - [08/Feb/2013:17:18:08 +0100] "GET /images/navibg.png HTTP/1.1" 200 2803 "http://www.mink-gmbh.de/style.css" "Mozilla/5.0 (Windows NT 5.1; rv:18.0) Gecko/20100101 Firefox/18.0"
93.219.211.237 - - [08/Feb/2013:17:18:08 +0100] "GET /images/steigend.png HTTP/1.1" 200 688 "http://www.mink-gmbh.de/modul.css" "Mozilla/5.0 (Windows NT 5.1; rv:18.0) Gecko/20100101 Firefox/18.0"
93.219.211.237 - - [08/Feb/2013:17:18:08 +0100] "GET /images/footerbg.jpg HTTP/1.1" 200 2184 "http://www.mink-gmbh.de/style.css" "Mozilla/5.0 (Windows NT 5.1; rv:18.0) Gecko/20100101 Firefox/18.0"
93.219.211.237 - - [08/Feb/2013:17:18:08 +0100] "GET /images/mobil.jpg HTTP/1.1" 200 25293 "http://www.mink-gmbh.de/style.css" "Mozilla/5.0 (Windows NT 5.1; rv:18.0) Gecko/20100101 Firefox/18.0"
93.219.211.237 - - [08/Feb/2013:17:18:08 +0100] "GET /images/newsletter.jpg HTTP/1.1" 200 13130 "http://www.mink-gmbh.de/style.css" "Mozilla/5.0 (Windows NT 5.1; rv:18.0) Gecko/20100101 Firefox/18.0"
93.219.211.237 - - [08/Feb/2013:17:18:08 +0100] "GET /js_contentserver24_greybox/loader_frame.html?s=0 HTTP/1.1" 200 2084 "http://www.mink-gmbh.de/" "Mozilla/5.0 (Windows NT 5.1; rv:18.0) Gecko/20100101 Firefox/18.0"
93.219.211.237 - - [08/Feb/2013:17:18:08 +0100] "GET /js_contentserver24_greybox/header_bg.gif HTTP/1.1" 200 1188 "http://www.mink-gmbh.de/" "Mozilla/5.0 (Windows NT 5.1; rv:18.0) Gecko/20100101 Firefox/18.0"
93.219.211.237 - - [08/Feb/2013:17:18:08 +0100] "GET /js_contentserver24_greybox/indicator.gif HTTP/1.1" 200 8238 "http://www.mink-gmbh.de/js_contentserver24_greybox/loader_frame.html?s=0" "Mozilla/5.0 (Windows NT 5.1; rv:18.0) Gecko/20100101 Firefox/18.0"
93.219.211.237 - - [08/Feb/2013:17:18:08 +0100] "GET /js_contentserver24_greybox/g_close.gif HTTP/1.1" 200 541 "http://www.mink-gmbh.de/" "Mozilla/5.0 (Windows NT 5.1; rv:18.0) Gecko/20100101 Firefox/18.0"
93.219.211.237 - - [08/Feb/2013:17:18:24 +0100] "GET /wunschpreis.php HTTP/1.1" 200 11997 "http://www.mink-gmbh.de/" "Mozilla/5.0 (Windows NT 5.1; rv:18.0) Gecko/20100101 Firefox/18.0"
93.219.211.237 - - [08/Feb/2013:17:18:32 +0100] "GET / HTTP/1.1" 200 14661 "http://www.google.de/url?sa=t&rct=j&q=heiz%C3%B6lpreise%20berlin&source=web&cd=20&ved=0CH0QFjAJOAo&url=http%3A%2F%2Fwww.mink-gmbh.de%2F&ei=aiQVUf7UAsiphAfrkIGgCQ&usg=AFQjCNFHX4Iglls9oo-KYXTmDUV_5KOVIg" "Mozilla/5.0 (Windows NT 5.1; rv:18.0) Gecko/20100101 Firefox/18.0"
93.219.211.237 - - [08/Feb/2013:17:18:40 +0100] "GET /preisanfrage.php HTTP/1.1" 200 10647 "http://www.mink-gmbh.de/" "Mozilla/5.0 (Windows NT 5.1; rv:18.0) Gecko/20100101 Firefox/18.0"
93.219.211.237 - - [08/Feb/2013:17:18:42 +0100] "GET / HTTP/1.1" 200 14661 "http://www.google.de/url?sa=t&rct=j&q=heiz%C3%B6lpreise%20berlin&source=web&cd=20&ved=0CH0QFjAJOAo&url=http%3A%2F%2Fwww.mink-gmbh.de%2F&ei=aiQVUf7UAsiphAfrkIGgCQ&usg=AFQjCNFHX4Iglls9oo-KYXTmDUV_5KOVIg" "Mozilla/5.0 (Windows NT 5.1; rv:18.0) Gecko/20100101 Firefox/18.0"
66.249.78.46 - - [08/Feb/2013:17:21:03 +0100] "GET /lexikon.php?cs_go=3&cs_id=127 HTTP/1.1" 200 10078 "-" "Mozilla/5.0 (compatible; Googlebot/2.1; +http://www.google.com/bot.html)"
81.30.151.218 - - [08/Feb/2013:17:23:18 +0100] "GET /news.php?cs_go=archiv&cs_startpos=230 HTTP/1.1" 200 8585 "-" "Pixray-Seeker/2.0 (Pixray-Seeker; +http://www.pixray.com/pixraybot; +crawler@pixray.com)"
173.199.115.147 - - [08/Feb/2013:17:32:39 +0100] "GET /jobs.php HTTP/1.1" 200 10090 "-" "Mozilla/5.0 (compatible; AhrefsBot/4.0; +http://ahrefs.com/robot/)"
66.249.78.46 - - [08/Feb/2013:17:45:36 +0100] "GET /news.php?cs_go=archiv&cs_id=3517&cs_search= HTTP/1.1" 200 12249 "-" "Mozilla/5.0 (compatible; Googlebot/2.1; +http://www.google.com/bot.html)"
141.8.147.1 - - [08/Feb/2013:17:53:27 +0100] "GET /news.php?cs_go=archiv&cs_id=3510&cs_search= HTTP/1.1" 200 10260 "-" "Mozilla/5.0 (compatible; YandexBot/3.0; +http://yandex.com/bots)"
66.249.78.46 - - [08/Feb/2013:17:53:47 +0100] "GET /news.php?cs_go=archiv&cs_id=3228&cs_search= HTTP/1.1" 200 13395 "-" "Mozilla/5.0 (compatible; Googlebot/2.1; +http://www.google.com/bot.html)"
141.8.147.1 - - [08/Feb/2013:18:45:57 +0100] "GET /news.php?cs_go=archiv&cs_id=3582&cs_search= HTTP/1.1" 200 9775 "-" "Mozilla/5.0 (compatible; YandexBot/3.0; +http://yandex.com/bots)"
66.249.75.46 - - [08/Feb/2013:18:51:10 +0100] "GET /news.php?cs_go=archiv&cs_id=3679 HTTP/1.1" 200 13679 "-" "Mozilla/5.0 (compatible; Googlebot/2.1; +http://www.google.com/bot.html)"
66.249.78.46 - - [08/Feb/2013:19:07:33 +0100] "GET /news.php?cs_go=archiv&cs_id=3018&cs_search= HTTP/1.1" 200 15348 "-" "Mozilla/5.0 (compatible; Googlebot/2.1; +http://www.google.com/bot.html)"
141.8.147.1 - - [08/Feb/2013:19:38:00 +0100] "GET /news.php?cs_go=archiv&cs_id=3506&cs_search= HTTP/1.1" 200 11404 "-" "Mozilla/5.0 (compatible; YandexBot/3.0; +http://yandex.com/bots)"
82.94.176.164 - - [08/Feb/2013:20:01:00 +0100] "GET /jobs.php HTTP/1.1" 200 10090 "-" "Mozilla/4.0 (compatible; MSIE 5.5; Windows NT)"
173.199.115.147 - - [08/Feb/2013:20:09:51 +0100] "GET /kwk.php?cs_go=4 HTTP/1.1" 200 10255 "-" "Mozilla/5.0 (compatible; AhrefsBot/4.0; +http://ahrefs.com/robot/)"
173.199.115.147 - - [08/Feb/2013:20:11:21 +0100] "GET /wunschpreis.php HTTP/1.1" 200 12084 "-" "Mozilla/5.0 (compatible; AhrefsBot/4.0; +http://ahrefs.com/robot/)"
173.199.115.147 - - [08/Feb/2013:20:12:15 +0100] "GET /additive.php HTTP/1.1" 200 8372 "-" "Mozilla/5.0 (compatible; AhrefsBot/4.0; +http://ahrefs.com/robot/)"
65.36.241.79 - - [08/Feb/2013:20:25:45 +0100] "HEAD / HTTP/1.1" 200 - "-" "InternetSeer.com"
141.8.147.1 - - [08/Feb/2013:20:31:57 +0100] "GET /news.php?cs_go=archiv&cs_id=3711&cs_search= HTTP/1.1" 200 11150 "-" "Mozilla/5.0 (compatible; YandexBot/3.0; +http://yandex.com/bots)"
173.199.115.147 - - [08/Feb/2013:20:59:44 +0100] "GET /lexikon.php?cs_go=2&cs_char=g HTTP/1.1" 200 9126 "-" "Mozilla/5.0 (compatible; AhrefsBot/4.0; +http://ahrefs.com/robot/)"
141.8.147.1 - - [08/Feb/2013:21:25:09 +0100] "GET /news.php?cs_go=archiv&cs_id=3558&cs_search= HTTP/1.1" 200 11730 "-" "Mozilla/5.0 (compatible; YandexBot/3.0; +http://yandex.com/bots)"
141.8.147.1 - - [08/Feb/2013:22:17:40 +0100] "GET /news.php?cs_go=archiv&cs_id=3483&cs_search= HTTP/1.1" 200 9913 "-" "Mozilla/5.0 (compatible; YandexBot/3.0; +http://yandex.com/bots)"
141.8.147.1 - - [08/Feb/2013:22:43:27 +0100] "GET /news.php?cs_go=archiv&cs_id=3802&cs_search= HTTP/1.1" 200 13169 "-" "Mozilla/5.0 (compatible; YandexBot/3.0; +http://yandex.com/bots)"
208.115.111.75 - - [08/Feb/2013:22:48:31 +0100] "GET /robots.txt HTTP/1.1" 200 177 "-" "Mozilla/5.0 (compatible; Ezooms/1.0; ezooms.bot@gmail.com)"
66.249.75.46 - - [08/Feb/2013:22:51:17 +0100] "GET /news.php?cs_go=archiv HTTP/1.1" 200 22270 "-" "Mozilla/5.0 (iPhone; U; CPU iPhone OS 4_1 like Mac OS X; en-us) AppleWebKit/532.9 (KHTML, like Gecko) Version/4.0.5 Mobile/8B117 Safari/6531.22.7 (compatible; Googlebot-Mobile/2.1; +http://www.google.com/bot.html)"
66.249.78.46 - - [08/Feb/2013:23:02:53 +0100] "GET / HTTP/1.1" 200 15402 "-" "Mozilla/5.0 (compatible; Googlebot/2.1; +http://www.google.com/bot.html)"
66.249.78.46 - - [08/Feb/2013:23:08:58 +0100] "GET /news.php?cs_go=archiv&cs_id=3097&cs_search= HTTP/1.1" 200 13611 "-" "Mozilla/5.0 (compatible; Googlebot/2.1; +http://www.google.com/bot.html)"
66.249.78.46 - - [08/Feb/2013:23:18:25 +0100] "GET /index.php HTTP/1.1" 200 15402 "-" "SAMSUNG-SGH-E250/1.0 Profile/MIDP-2.0 Configuration/CLDC-1.1 UP.Browser/6.2.3.3.c.1.101 (GUI) MMP/2.0 (compatible; Googlebot-Mobile/2.1; +http://www.google.com/bot.html)"
66.249.78.46 - - [08/Feb/2013:23:19:19 +0100] "GET /js_contentserver24_greybox/gb_styles.css HTTP/1.1" 200 2302 "-" "Mozilla/5.0 (compatible; Googlebot/2.1; +http://www.google.com/bot.html)"
66.249.75.46 - - [08/Feb/2013:23:20:03 +0100] "GET /news.php?cs_go=archiv&cs_id=3926 HTTP/1.1" 200 13063 "-" "Mozilla/5.0 (compatible; Googlebot/2.1; +http://www.google.com/bot.html)"
66.249.78.46 - - [08/Feb/2013:23:20:03 +0100] "GET /news.php?cs_go=archiv&cs_id=3925 HTTP/1.1" 200 10052 "-" "Mozilla/5.0 (compatible; Googlebot/2.1; +http://www.google.com/bot.html)"
66.249.78.46 - - [08/Feb/2013:23:27:13 +0100] "GET /news.php?cs_go=archiv&cs_id=3927 HTTP/1.1" 200 13512 "-" "Mozilla/5.0 (compatible; Googlebot/2.1; +http://www.google.com/bot.html)"
66.249.78.46 - - [08/Feb/2013:23:33:16 +0100] "GET /news.php?cs_go=archiv&cs_id=3739 HTTP/1.1" 200 13528 "-" "Mozilla/5.0 (compatible; Googlebot/2.1; +http://www.google.com/bot.html)"
66.249.75.46 - - [09/Feb/2013:00:06:25 +0100] "GET /wunschpreis.php HTTP/1.1" 200 12084 "-" "DoCoMo/2.0 N905i(c100;TB;W24H16) (compatible; Googlebot-Mobile/2.1; +http://www.google.com/bot.html)"
208.115.111.75 - - [09/Feb/2013:00:37:42 +0100] "GET /news.php?cs_go=archiv&cs_startpos=210 HTTP/1.1" 200 22650 "-" "Mozilla/5.0 (compatible; Ezooms/1.0; ezooms.bot@gmail.com)"
180.76.5.168 - - [09/Feb/2013:00:41:44 +0100] "GET /robots.txt HTTP/1.1" 200 177 "-" "Mozilla/5.0 (Windows NT 5.1; rv:6.0.2) Gecko/20100101 Firefox/6.0.2"
77.20.155.143 - - [09/Feb/2013:00:47:42 +0100] "GET /index.php HTTP/1.1" 200 6557 "-" "findlinks/2.0.2 (+http://wortschatz.uni-leipzig.de/findlinks/)"
77.20.155.143 - - [09/Feb/2013:00:47:42 +0100] "GET /index.php HTTP/1.1" 200 14661 "-" "findlinks/2.0.2 (+http://wortschatz.uni-leipzig.de/findlinks/)"
66.249.78.46 - - [09/Feb/2013:00:49:35 +0100] "GET /news.php?cs_go=archiv&cs_id=3811 HTTP/1.1" 200 10104 "-" "Mozilla/5.0 (compatible; Googlebot/2.1; +http://www.google.com/bot.html)"
69.64.58.114 - - [09/Feb/2013:01:04:00 +0100] "GET / HTTP/1.0" 200 7816 "-" "-"
69.64.58.114 - - [09/Feb/2013:01:04:02 +0100] "GET / HTTP/1.0" 200 6557 "-" "-"
130.83.167.153 - - [09/Feb/2013:01:13:26 +0100] "GET /kwk.php HTTP/1.1" 200 5786 "-" "findlinks/2.6 (+http://wortschatz.uni-leipzig.de/findlinks/)"
130.83.167.153 - - [09/Feb/2013:01:13:26 +0100] "GET /kwk.php HTTP/1.1" 200 10797 "-" "findlinks/2.6 (+http://wortschatz.uni-leipzig.de/findlinks/)"
65.36.241.79 - - [09/Feb/2013:01:15:57 +0100] "HEAD / HTTP/1.1" 200 - "-" "InternetSeer.com"
66.249.75.46 - - [09/Feb/2013:01:29:15 +0100] "GET /robots.txt HTTP/1.1" 200 177 "-" "Mozilla/5.0 (compatible; Googlebot/2.1; +http://www.google.com/bot.html)"
66.249.75.46 - - [09/Feb/2013:01:29:15 +0100] "GET /news.php?cs_go=archiv&cs_id=3620 HTTP/1.1" 200 11765 "-" "Mozilla/5.0 (compatible; Googlebot/2.1; +http://www.google.com/bot.html)"
66.249.78.46 - - [09/Feb/2013:01:41:27 +0100] "GET /news.php?cs_go=archiv&cs_startpos=210 HTTP/1.1" 200 22650 "-" "Mozilla/5.0 (compatible; Googlebot/2.1; +http://www.google.com/bot.html)"
178.77.126.55 - - [09/Feb/2013:01:43:09 +0100] "GET /robots.txt HTTP/1.1" 200 177 "-" "Mozilla/5.0 (compatible; CareerBot/1.1; +http://www.career-x.de/bot.html)"
178.77.126.55 - - [09/Feb/2013:01:43:09 +0100] "GET / HTTP/1.1" 200 15402 "-" "Mozilla/5.0 (compatible; CareerBot/1.1; +http://www.career-x.de/bot.html)"
178.77.126.55 - - [09/Feb/2013:01:43:10 +0100] "GET /news.php?cs_go=archiv&cs_id=3926 HTTP/1.1" 200 12976 "-" "Mozilla/5.0 (compatible; CareerBot/1.1; +http://www.career-x.de/bot.html)"
157.55.35.76 - - [09/Feb/2013:01:50:15 +0100] "GET /robots.txt HTTP/1.1" 200 177 "-" "Mozilla/5.0 (compatible; bingbot/2.0; +http://www.bing.com/bingbot.htm)"
157.55.35.76 - - [09/Feb/2013:01:51:54 +0100] "GET / HTTP/1.1" 200 15402 "-" "Mozilla/5.0 (compatible; bingbot/2.0; +http://www.bing.com/bingbot.htm)"
66.249.75.46 - - [09/Feb/2013:03:01:19 +0100] "GET /news.php?cs_go=archiv&cs_id=3750 HTTP/1.1" 200 13158 "-" "DoCoMo/2.0 N905i(c100;TB;W24H16) (compatible; Googlebot-Mobile/2.1; +http://www.google.com/bot.html)"
139.18.2.209 - - [09/Feb/2013:03:01:58 +0100] "GET /news.php?cs_go=archiv&cs_id=3741&cs_search= HTTP/1.1" 200 7004 "-" "findlinks/2.6 (+http://wortschatz.uni-leipzig.de/findlinks/)"
139.18.2.209 - - [09/Feb/2013:03:01:58 +0100] "GET /news.php?cs_go=archiv&cs_id=3741&cs_search= HTTP/1.1" 200 16744 "-" "findlinks/2.6 (+http://wortschatz.uni-leipzig.de/findlinks/)"
66.249.78.46 - - [09/Feb/2013:03:15:37 +0100] "GET /news.php?cs_go=archiv&cs_startpos=90 HTTP/1.1" 200 22938 "-" "Mozilla/5.0 (compatible; Googlebot/2.1; +http://www.google.com/bot.html)"
66.249.75.46 - - [09/Feb/2013:04:26:44 +0100] "GET /news.php?cs_go=archiv&cs_id=3610 HTTP/1.1" 200 13435 "-" "Mozilla/5.0 (compatible; Googlebot/2.1; +http://www.google.com/bot.html)"
208.115.113.91 - - [09/Feb/2013:04:38:25 +0100] "GET /robots.txt HTTP/1.1" 200 177 "-" "Mozilla/5.0 (compatible; Ezooms/1.0; ezooms.bot@gmail.com)"
66.249.78.46 - - [09/Feb/2013:04:52:48 +0100] "GET /news.php?cs_go=archiv&cs_id=3870 HTTP/1.1" 200 10154 "-" "Mozilla/5.0 (compatible; Googlebot/2.1; +http://www.google.com/bot.html)"
81.30.151.218 - - [09/Feb/2013:05:03:45 +0100] "GET /news.php?cs_go=archiv&cs_id=2650&cs_search= HTTP/1.1" 200 7887 "-" "Pixray-Seeker/2.0 (Pixray-Seeker; +http://www.pixray.com/pixraybot; +crawler@pixray.com)"
66.249.75.46 - - [09/Feb/2013:05:23:34 +0100] "GET /news.php?cs_go=archiv&cs_id=3752 HTTP/1.1" 200 10359 "-" "Mozilla/5.0 (compatible; Googlebot/2.1; +http://www.google.com/bot.html)"
66.249.78.46 - - [09/Feb/2013:06:10:01 +0100] "GET /news.php?cs_go=archiv&cs_id=3565 HTTP/1.1" 200 13507 "-" "Mozilla/5.0 (compatible; Googlebot/2.1; +http://www.google.com/bot.html)"
81.30.151.218 - - [09/Feb/2013:06:27:03 +0100] "GET /news.php?cs_go=archiv&cs_id=2342&cs_search= HTTP/1.1" 200 7887 "-" "Pixray-Seeker/2.0 (Pixray-Seeker; +http://www.pixray.com/pixraybot; +crawler@pixray.com)"
