173.199.114.131 - - [12/Feb/2013:19:40:15 +0100] "GET /news.php?cs_go=archiv&cs_id=3915&cs_search= HTTP/1.1" 200 10203 "-" "Mozilla/5.0 (compatible; AhrefsBot/4.0; +http://ahrefs.com/robot/)"
82.94.176.164 - - [12/Feb/2013:19:43:13 +0100] "GET /jobs.php HTTP/1.1" 200 10090 "-" "Mozilla/4.0 (compatible; MSIE 5.5; Windows NT)"
173.199.114.131 - - [12/Feb/2013:19:51:46 +0100] "GET /lexikon.php?cs_go=3&cs_id=175 HTTP/1.1" 200 8183 "-" "Mozilla/5.0 (compatible; AhrefsBot/4.0; +http://ahrefs.com/robot/)"
141.8.147.12 - - [12/Feb/2013:19:54:13 +0100] "GET /news.php?cs_go=archiv&cs_id=3909&cs_search= HTTP/1.1" 200 13486 "-" "Mozilla/5.0 (compatible; YandexBot/3.0; +http://yandex.com/bots)"
157.55.32.188 - - [12/Feb/2013:19:58:06 +0100] "GET /edl.php HTTP/1.1" 200 10801 "-" "Mozilla/5.0 (compatible; bingbot/2.0; +http://www.bing.com/bingbot.htm)"
65.36.241.79 - - [12/Feb/2013:20:03:38 +0100] "HEAD / HTTP/1.1" 200 - "-" "InternetSeer.com"
141.8.147.12 - - [12/Feb/2013:20:06:03 +0100] "GET /news.php?cs_go=archiv&cs_id=2762&cs_search= HTTP/1.1" 200 10522 "-" "Mozilla/5.0 (compatible; YandexBot/3.0; +http://yandex.com/bots)"
141.8.147.12 - - [12/Feb/2013:20:16:32 +0100] "GET /news.php?cs_go=archiv&cs_id=3901&cs_search= HTTP/1.1" 200 9798 "-" "Mozilla/5.0 (compatible; YandexBot/3.0; +http://yandex.com/bots)"
66.249.78.46 - - [12/Feb/2013:20:22:40 +0100] "GET /robots.txt HTTP/1.1" 200 177 "-" "Mozilla/5.0 (compatible; Googlebot/2.1; +http://www.google.com/bot.html)"
66.249.76.46 - - [12/Feb/2013:20:22:40 +0100] "GET /news.php?cs_go=archiv&cs_startpos=11 HTTP/1.1" 200 22495 "-" "Mozilla/5.0 (compatible; Googlebot/2.1; +http://www.google.com/bot.html)"
66.249.76.46 - - [12/Feb/2013:20:30:04 +0100] "GET /news.php?cs_go=archiv&cs_id=3279&cs_search= HTTP/1.1" 200 13404 "-" "Mozilla/5.0 (compatible; Googlebot/2.1; +http://www.google.com/bot.html)"
141.8.147.12 - - [12/Feb/2013:20:34:00 +0100] "GET /news.php?cs_go=archiv&cs_id=3901 HTTP/1.1" 200 9798 "-" "Mozilla/5.0 (compatible; YandexBot/3.0; +http://yandex.com/bots)"
208.115.113.91 - - [12/Feb/2013:20:42:02 +0100] "GET /robots.txt HTTP/1.1" 200 177 "-" "Mozilla/5.0 (compatible; Ezooms/1.0; ezooms.bot@gmail.com)"
208.115.111.75 - - [12/Feb/2013:20:42:58 +0100] "GET /news.php?cs_go=archiv&cs_startpos=140 HTTP/1.1" 200 22691 "-" "Mozilla/5.0 (compatible; Ezooms/1.0; ezooms.bot@gmail.com)"
173.199.114.131 - - [12/Feb/2013:20:44:43 +0100] "GET /lexikon.php?cs_go=3&cs_id=158 HTTP/1.1" 200 8354 "-" "Mozilla/5.0 (compatible; AhrefsBot/4.0; +http://ahrefs.com/robot/)"
141.8.147.12 - - [12/Feb/2013:20:47:59 +0100] "GET /news.php?cs_go=archiv&cs_id=2769&cs_search= HTTP/1.1" 200 10295 "-" "Mozilla/5.0 (compatible; YandexBot/3.0; +http://yandex.com/bots)"
173.199.114.131 - - [12/Feb/2013:21:06:58 +0100] "GET /lexikon.php?cs_go=3&cs_id=176 HTTP/1.1" 200 8287 "-" "Mozilla/5.0 (compatible; AhrefsBot/4.0; +http://ahrefs.com/robot/)"
141.8.147.12 - - [12/Feb/2013:21:10:29 +0100] "GET /news.php?cs_go=archiv&cs_id=3904 HTTP/1.1" 200 14802 "-" "Mozilla/5.0 (compatible; YandexBot/3.0; +http://yandex.com/bots)"
173.199.114.131 - - [12/Feb/2013:21:13:21 +0100] "GET /lexikon.php?cs_go=3&cs_id=29 HTTP/1.1" 200 8354 "-" "Mozilla/5.0 (compatible; AhrefsBot/4.0; +http://ahrefs.com/robot/)"
173.199.114.131 - - [12/Feb/2013:21:18:45 +0100] "GET /lexikon.php?cs_go=3&cs_id=146 HTTP/1.1" 200 8617 "-" "Mozilla/5.0 (compatible; AhrefsBot/4.0; +http://ahrefs.com/robot/)"
141.8.147.12 - - [12/Feb/2013:21:26:09 +0100] "GET /news.php?cs_go=archiv&cs_id=2771&cs_search= HTTP/1.1" 200 13780 "-" "Mozilla/5.0 (compatible; YandexBot/3.0; +http://yandex.com/bots)"
208.107.30.29 - - [12/Feb/2013:21:31:47 +0100] "GET /robots.txt HTTP/1.0" 200 177 "-" "Mozilla/5.0 (compatible; MJ12bot/v1.4.3; http://www.majestic12.co.uk/bot.php?+)"
208.107.30.29 - - [12/Feb/2013:21:31:49 +0100] "GET / HTTP/1.1" 200 15351 "-" "Mozilla/5.0 (compatible; MJ12bot/v1.4.3; http://www.majestic12.co.uk/bot.php?+)"
173.199.114.131 - - [12/Feb/2013:21:35:41 +0100] "GET /lexikon.php?cs_go=3&cs_id=216 HTTP/1.1" 200 8120 "-" "Mozilla/5.0 (compatible; AhrefsBot/4.0; +http://ahrefs.com/robot/)"
173.199.114.131 - - [12/Feb/2013:21:35:47 +0100] "GET /lexikon.php?cs_go=3&cs_id=82 HTTP/1.1" 200 8389 "-" "Mozilla/5.0 (compatible; AhrefsBot/4.0; +http://ahrefs.com/robot/)"
173.199.114.131 - - [12/Feb/2013:21:44:04 +0100] "GET /lexikon.php?cs_go=3&cs_id=26 HTTP/1.1" 200 10808 "-" "Mozilla/5.0 (compatible; AhrefsBot/4.0; +http://ahrefs.com/robot/)"
220.181.108.150 - - [12/Feb/2013:21:44:26 +0100] "GET /images/wunschpreis.jpg HTTP/1.1" 200 16767 "http://image.baidu.com/i?ct=503316480&z=0&tn=baiduimagedetail" "Baiduspider-image+(+http://www.baidu.com/search/spider.htm)"
141.8.147.12 - - [12/Feb/2013:21:46:30 +0100] "GET /news.php?cs_go=archiv&cs_id=3909 HTTP/1.1" 200 13486 "-" "Mozilla/5.0 (compatible; YandexBot/3.0; +http://yandex.com/bots)"
66.249.78.46 - - [12/Feb/2013:21:58:54 +0100] "GET /news.php?cs_go=archiv&cs_id=2877&cs_search= HTTP/1.1" 200 14488 "-" "Mozilla/5.0 (compatible; Googlebot/2.1; +http://www.google.com/bot.html)"
141.8.147.12 - - [12/Feb/2013:22:11:39 +0100] "GET /index.php HTTP/1.1" 200 15351 "-" "Mozilla/5.0 (compatible; YandexBot/3.0; +http://yandex.com/bots)"
130.83.167.153 - - [12/Feb/2013:22:21:46 +0100] "GET /faq.php HTTP/1.1" 200 7019 "-" "findlinks/2.6 (+http://wortschatz.uni-leipzig.de/findlinks/)"
130.83.167.153 - - [12/Feb/2013:22:21:46 +0100] "GET /faq.php HTTP/1.1" 200 204492 "-" "findlinks/2.6 (+http://wortschatz.uni-leipzig.de/findlinks/)"
141.8.147.12 - - [12/Feb/2013:22:24:21 +0100] "GET / HTTP/1.1" 200 15351 "-" "Mozilla/5.0 (compatible; YandexBot/3.0; +http://yandex.com/bots)"
141.8.147.12 - - [12/Feb/2013:22:40:44 +0100] "GET /news.php HTTP/1.1" 200 22386 "-" "Mozilla/5.0 (compatible; YandexBot/3.0; +http://yandex.com/bots)"
141.8.147.12 - - [12/Feb/2013:22:50:53 +0100] "GET /news.php?cs_go=archiv&cs_id=2760&cs_search= HTTP/1.1" 200 11131 "-" "Mozilla/5.0 (compatible; YandexBot/3.0; +http://yandex.com/bots)"
208.115.113.91 - - [12/Feb/2013:22:58:27 +0100] "GET /ansprechpartner.php HTTP/1.1" 404 - "-" "Mozilla/5.0 (compatible; Ezooms/1.0; ezooms.bot@gmail.com)"
141.8.147.12 - - [12/Feb/2013:22:59:40 +0100] "GET /news.php?cs_go=archiv&cs_id=2789&cs_search= HTTP/1.1" 200 10551 "-" "Mozilla/5.0 (compatible; YandexBot/3.0; +http://yandex.com/bots)"
141.8.147.12 - - [12/Feb/2013:23:08:33 +0100] "GET /news.php?cs_go=archiv&cs_id=2783&cs_search= HTTP/1.1" 200 14321 "-" "Mozilla/5.0 (compatible; YandexBot/3.0; +http://yandex.com/bots)"
141.8.147.12 - - [12/Feb/2013:23:17:24 +0100] "GET /news.php?cs_go=archiv&cs_id=3908 HTTP/1.1" 200 11958 "-" "Mozilla/5.0 (compatible; YandexBot/3.0; +http://yandex.com/bots)"
141.8.147.12 - - [12/Feb/2013:23:26:10 +0100] "GET /news.php?cs_go=archiv&cs_id=3900&cs_search= HTTP/1.1" 200 13356 "-" "Mozilla/5.0 (compatible; YandexBot/3.0; +http://yandex.com/bots)"
141.8.147.12 - - [12/Feb/2013:23:34:56 +0100] "GET /news.php?cs_go=archiv&cs_id=2805&cs_search= HTTP/1.1" 200 10047 "-" "Mozilla/5.0 (compatible; YandexBot/3.0; +http://yandex.com/bots)"
141.8.147.12 - - [12/Feb/2013:23:43:39 +0100] "GET /news.php?cs_go=archiv&cs_id=2748&cs_search= HTTP/1.1" 200 11746 "-" "Mozilla/5.0 (compatible; YandexBot/3.0; +http://yandex.com/bots)"
141.8.147.12 - - [12/Feb/2013:23:52:31 +0100] "GET /news.php?cs_go=archiv&cs_id=2767&cs_search= HTTP/1.1" 200 13697 "-" "Mozilla/5.0 (compatible; YandexBot/3.0; +http://yandex.com/bots)"
141.8.147.12 - - [13/Feb/2013:00:01:23 +0100] "GET /news.php?cs_go=archiv&cs_id=2774&cs_search= HTTP/1.1" 200 10621 "-" "Mozilla/5.0 (compatible; YandexBot/3.0; +http://yandex.com/bots)"
141.8.147.12 - - [13/Feb/2013:00:11:28 +0100] "GET /news.php?cs_go=archiv&cs_id=3902 HTTP/1.1" 200 9749 "-" "Mozilla/5.0 (compatible; YandexBot/3.0; +http://yandex.com/bots)"
141.8.147.12 - - [13/Feb/2013:00:20:09 +0100] "GET /news.php?cs_go=archiv&cs_id=3904&cs_search= HTTP/1.1" 200 14802 "-" "Mozilla/5.0 (compatible; YandexBot/3.0; +http://yandex.com/bots)"
141.8.147.12 - - [13/Feb/2013:00:28:52 +0100] "GET /news.php?cs_go=archiv&cs_id=2777&cs_search= HTTP/1.1" 200 9488 "-" "Mozilla/5.0 (compatible; YandexBot/3.0; +http://yandex.com/bots)"
157.55.32.61 - - [13/Feb/2013:00:31:24 +0100] "GET /robots.txt HTTP/1.1" 200 177 "-" "Mozilla/5.0 (compatible; bingbot/2.0; +http://www.bing.com/bingbot.htm)"
157.55.32.61 - - [13/Feb/2013:00:33:36 +0100] "GET /documente/ HTTP/1.1" 404 - "-" "Mozilla/5.0 (compatible; bingbot/2.0; +http://www.bing.com/bingbot.htm)"
208.115.113.91 - - [13/Feb/2013:00:35:38 +0100] "GET /robots.txt HTTP/1.1" 200 177 "-" "Mozilla/5.0 (compatible; Ezooms/1.0; ezooms.bot@gmail.com)"
141.8.147.12 - - [13/Feb/2013:00:37:34 +0100] "GET /news.php?cs_go=archiv&cs_id=3667&cs_search= HTTP/1.1" 200 10048 "-" "Mozilla/5.0 (compatible; YandexBot/3.0; +http://yandex.com/bots)"
141.8.147.12 - - [13/Feb/2013:00:46:16 +0100] "GET /news.php?cs_go=archiv&cs_id=3664&cs_search= HTTP/1.1" 200 9992 "-" "Mozilla/5.0 (compatible; YandexBot/3.0; +http://yandex.com/bots)"
157.55.32.61 - - [13/Feb/2013:00:47:38 +0100] "GET /documente/ HTTP/1.1" 404 - "-" "Mozilla/5.0 (compatible; bingbot/2.0; +http://www.bing.com/bingbot.htm)"
141.8.147.12 - - [13/Feb/2013:00:54:57 +0100] "GET /news.php?cs_go=archiv&cs_id=3906 HTTP/1.1" 200 11109 "-" "Mozilla/5.0 (compatible; YandexBot/3.0; +http://yandex.com/bots)"
65.36.241.79 - - [13/Feb/2013:00:57:21 +0100] "HEAD / HTTP/1.1" 200 - "-" "InternetSeer.com"
66.249.78.46 - - [13/Feb/2013:00:59:32 +0100] "GET /rueckrufservice.php HTTP/1.1" 200 10770 "-" "SAMSUNG-SGH-E250/1.0 Profile/MIDP-2.0 Configuration/CLDC-1.1 UP.Browser/6.2.3.3.c.1.101 (GUI) MMP/2.0 (compatible; Googlebot-Mobile/2.1; +http://www.google.com/bot.html)"
141.8.147.12 - - [13/Feb/2013:01:03:38 +0100] "GET /news.php?cs_go=archiv&cs_id=2749&cs_search= HTTP/1.1" 200 12562 "-" "Mozilla/5.0 (compatible; YandexBot/3.0; +http://yandex.com/bots)"
208.115.113.91 - - [13/Feb/2013:01:09:09 +0100] "GET /jobs.php HTTP/1.1" 200 10090 "-" "Mozilla/5.0 (compatible; Ezooms/1.0; ezooms.bot@gmail.com)"
141.8.147.12 - - [13/Feb/2013:01:12:19 +0100] "GET /news.php?cs_go=archiv&cs_id=2788&cs_search= HTTP/1.1" 200 9898 "-" "Mozilla/5.0 (compatible; YandexBot/3.0; +http://yandex.com/bots)"
141.8.147.12 - - [13/Feb/2013:01:21:02 +0100] "GET /news.php?cs_go=archiv&cs_id=3663&cs_search= HTTP/1.1" 200 10154 "-" "Mozilla/5.0 (compatible; YandexBot/3.0; +http://yandex.com/bots)"
141.8.147.12 - - [13/Feb/2013:01:29:43 +0100] "GET /news.php?cs_go=archiv&cs_id=3654&cs_search= HTTP/1.1" 200 9837 "-" "Mozilla/5.0 (compatible; YandexBot/3.0; +http://yandex.com/bots)"
141.8.147.12 - - [13/Feb/2013:01:38:23 +0100] "GET /news.php?cs_go=archiv&cs_id=2780&cs_search= HTTP/1.1" 200 10089 "-" "Mozilla/5.0 (compatible; YandexBot/3.0; +http://yandex.com/bots)"
141.8.147.12 - - [13/Feb/2013:01:47:05 +0100] "GET /news.php?cs_go=archiv&cs_id=3902&cs_search= HTTP/1.1" 200 9749 "-" "Mozilla/5.0 (compatible; YandexBot/3.0; +http://yandex.com/bots)"
141.8.147.12 - - [13/Feb/2013:01:55:44 +0100] "GET /news.php?cs_go=archiv&cs_id=2796&cs_search= HTTP/1.1" 200 10574 "-" "Mozilla/5.0 (compatible; YandexBot/3.0; +http://yandex.com/bots)"
141.8.147.12 - - [13/Feb/2013:02:04:24 +0100] "GET /news.php?cs_go=archiv&cs_id=3903 HTTP/1.1" 200 13479 "-" "Mozilla/5.0 (compatible; YandexBot/3.0; +http://yandex.com/bots)"
141.8.147.12 - - [13/Feb/2013:02:13:02 +0100] "GET /news.php?cs_go=archiv&cs_id=2746&cs_search= HTTP/1.1" 200 14468 "-" "Mozilla/5.0 (compatible; YandexBot/3.0; +http://yandex.com/bots)"
141.8.147.12 - - [13/Feb/2013:02:21:40 +0100] "GET /news.php?cs_go=archiv&cs_id=3657&cs_search= HTTP/1.1" 200 13330 "-" "Mozilla/5.0 (compatible; YandexBot/3.0; +http://yandex.com/bots)"
141.8.147.12 - - [13/Feb/2013:02:30:19 +0100] "GET /news.php?cs_go=archiv&cs_id=2770&cs_search= HTTP/1.1" 200 9493 "-" "Mozilla/5.0 (compatible; YandexBot/3.0; +http://yandex.com/bots)"
139.18.2.209 - - [13/Feb/2013:02:31:30 +0100] "GET /news.php?cs_go=archiv&cs_id=3739&cs_search= HTTP/1.1" 200 7004 "-" "findlinks/2.6 (+http://wortschatz.uni-leipzig.de/findlinks/)"
139.18.2.209 - - [13/Feb/2013:02:31:30 +0100] "GET /news.php?cs_go=archiv&cs_id=3739&cs_search= HTTP/1.1" 200 13441 "-" "findlinks/2.6 (+http://wortschatz.uni-leipzig.de/findlinks/)"
141.8.147.12 - - [13/Feb/2013:02:39:00 +0100] "GET /news.php?cs_go=archiv&cs_id=2798&cs_search= HTTP/1.1" 200 13647 "-" "Mozilla/5.0 (compatible; YandexBot/3.0; +http://yandex.com/bots)"
141.8.147.12 - - [13/Feb/2013:02:47:38 +0100] "GET /news.php?cs_go=archiv&cs_id=3903&cs_search= HTTP/1.1" 200 13479 "-" "Mozilla/5.0 (compatible; YandexBot/3.0; +http://yandex.com/bots)"
141.8.147.12 - - [13/Feb/2013:02:56:16 +0100] "GET /news.php?cs_go=archiv&cs_id=3907&cs_search= HTTP/1.1" 200 9791 "-" "Mozilla/5.0 (compatible; YandexBot/3.0; +http://yandex.com/bots)"
66.249.78.46 - - [13/Feb/2013:02:58:29 +0100] "GET / HTTP/1.1" 200 15351 "-" "Mozilla/5.0 (compatible; Googlebot/2.1; +http://www.google.com/bot.html)"
141.8.147.12 - - [13/Feb/2013:03:04:54 +0100] "GET /news.php?cs_go=archiv&cs_id=2787&cs_search= HTTP/1.1" 200 14146 "-" "Mozilla/5.0 (compatible; YandexBot/3.0; +http://yandex.com/bots)"
81.30.151.218 - - [13/Feb/2013:03:04:03 +0100] "GET /news.php?cs_go=archiv&cs_id=3912 HTTP/1.1" 200 11611 "-" "Pixray-Seeker/2.0 (Pixray-Seeker; +http://www.pixray.com/pixraybot; +crawler@pixray.com)"
66.249.76.46 - - [13/Feb/2013:03:08:30 +0100] "GET /news.php?cs_go=archiv&cs_id=3932 HTTP/1.1" 200 9861 "-" "Mozilla/5.0 (compatible; Googlebot/2.1; +http://www.google.com/bot.html)"
66.249.76.46 - - [13/Feb/2013:03:11:26 +0100] "GET /news.php?cs_go=archiv&cs_id=3934 HTTP/1.1" 200 13341 "-" "Mozilla/5.0 (compatible; Googlebot/2.1; +http://www.google.com/bot.html)"
141.8.147.12 - - [13/Feb/2013:03:14:43 +0100] "GET /news.php?cs_go=archiv&cs_id=2790&cs_search= HTTP/1.1" 200 13907 "-" "Mozilla/5.0 (compatible; YandexBot/3.0; +http://yandex.com/bots)"
66.249.78.46 - - [13/Feb/2013:03:15:00 +0100] "GET /js_contentserver24_greybox/gb_styles.css HTTP/1.1" 200 2302 "-" "Mozilla/5.0 (compatible; Googlebot/2.1; +http://www.google.com/bot.html)"
66.249.78.46 - - [13/Feb/2013:03:15:01 +0100] "GET /modul.css HTTP/1.1" 200 35038 "-" "Mozilla/5.0 (compatible; Googlebot/2.1; +http://www.google.com/bot.html)"
66.249.78.46 - - [13/Feb/2013:03:15:01 +0100] "GET /style.css HTTP/1.1" 200 8418 "-" "Mozilla/5.0 (compatible; Googlebot/2.1; +http://www.google.com/bot.html)"
66.249.78.46 - - [13/Feb/2013:03:16:19 +0100] "GET /news.php?cs_go=archiv&cs_id=3933 HTTP/1.1" 200 11219 "-" "Mozilla/5.0 (compatible; Googlebot/2.1; +http://www.google.com/bot.html)"
141.8.147.12 - - [13/Feb/2013:03:20:40 +0100] "GET /news.php?cs_go=archiv&cs_id=3905&cs_search= HTTP/1.1" 200 15131 "-" "Mozilla/5.0 (compatible; YandexBot/3.0; +http://yandex.com/bots)"
66.249.76.46 - - [13/Feb/2013:03:28:24 +0100] "GET /news.php?cs_go=archiv HTTP/1.1" 200 22386 "-" "DoCoMo/2.0 N905i(c100;TB;W24H16) (compatible; Googlebot-Mobile/2.1; +http://www.google.com/bot.html)"
81.30.151.218 - - [13/Feb/2013:03:31:45 +0100] "GET /news.php?cs_go=archiv&cs_id=2947&cs_search= HTTP/1.1" 200 9891 "-" "Pixray-Seeker/2.0 (Pixray-Seeker; +http://www.pixray.com/pixraybot; +crawler@pixray.com)"
81.30.151.218 - - [13/Feb/2013:03:39:30 +0100] "GET /faq.php HTTP/1.1" 200 208189 "-" "Pixray-Seeker/2.0 (Pixray-Seeker; +http://www.pixray.com/pixraybot; +crawler@pixray.com)"
141.8.147.12 - - [13/Feb/2013:04:10:10 +0100] "GET /robots.txt HTTP/1.1" 200 177 "-" "Mozilla/5.0 (compatible; YandexBot/3.0; +http://yandex.com/bots)"
5.9.6.232 - - [13/Feb/2013:04:38:58 +0100] "GET / HTTP/1.1" 200 15351 "-" "Mozilla/5.0 (Windows NT 6.1; rv:8.0) Gecko/20100101 Firefox/8.0"
5.9.6.232 - - [13/Feb/2013:04:39:02 +0100] "GET / HTTP/1.1" 200 15351 "-" "Mozilla/5.0 (iPhone; U; CPU iPhone OS 3_0 like Mac OS X; en-us) AppleWebKit/528.18 (KHTML, like Gecko) Version/4.0 Mobile/7A341 Safari/528.16"
5.9.6.232 - - [13/Feb/2013:04:39:05 +0100] "GET / HTTP/1.1" 200 15351 "-" "Mozilla/5.0 (Windows NT 6.1; rv:8.0) Gecko/20100101 Firefox/8.0"
81.30.151.218 - - [13/Feb/2013:04:42:00 +0100] "GET /news.php?cs_go=archiv&cs_id=1670&cs_search= HTTP/1.1" 200 7887 "-" "Pixray-Seeker/2.0 (Pixray-Seeker; +http://www.pixray.com/pixraybot; +crawler@pixray.com)"
130.83.167.153 - - [13/Feb/2013:06:02:42 +0100] "GET /edl.php HTTP/1.1" 200 7035 "-" "findlinks/2.6 (+http://wortschatz.uni-leipzig.de/findlinks/)"
130.83.167.153 - - [13/Feb/2013:06:02:42 +0100] "GET /edl.php HTTP/1.1" 200 10714 "-" "findlinks/2.6 (+http://wortschatz.uni-leipzig.de/findlinks/)"
81.30.151.218 - - [13/Feb/2013:06:16:06 +0100] "GET /news.php?cs_go=archiv&cs_id=3100&cs_search= HTTP/1.1" 200 13534 "-" "Pixray-Seeker/2.0 (Pixray-Seeker; +http://www.pixray.com/pixraybot; +crawler@pixray.com)"
65.36.241.79 - - [13/Feb/2013:06:37:00 +0100] "HEAD / HTTP/1.1" 200 - "-" "InternetSeer.com"
208.115.111.75 - - [13/Feb/2013:06:38:53 +0100] "GET /robots.txt HTTP/1.1" 200 177 "-" "Mozilla/5.0 (compatible; Ezooms/1.0; ezooms.bot@gmail.com)"
81.30.151.218 - - [13/Feb/2013:07:01:03 +0100] "GET /news.php?cs_go=archiv&cs_id=3177&cs_search= HTTP/1.1" 200 13378 "-" "Pixray-Seeker/2.0 (Pixray-Seeker; +http://www.pixray.com/pixraybot; +crawler@pixray.com)"
66.249.76.46 - - [13/Feb/2013:07:18:04 +0100] "GET /news.php?cs_go=archiv HTTP/1.1" 200 22473 "-" "Mozilla/5.0 (compatible; Googlebot/2.1; +http://www.google.com/bot.html)"
66.249.76.46 - - [13/Feb/2013:07:19:07 +0100] "GET /news.php?cs_go=archiv&cs_id=3935&cs_search= HTTP/1.1" 200 9902 "-" "Mozilla/5.0 (compatible; Googlebot/2.1; +http://www.google.com/bot.html)"
139.18.2.209 - - [13/Feb/2013:07:32:09 +0100] "GET /newsletter.php HTTP/1.1" 200 6868 "-" "findlinks/2.6 (+http://wortschatz.uni-leipzig.de/findlinks/)"
139.18.2.209 - - [13/Feb/2013:07:32:09 +0100] "GET /newsletter.php HTTP/1.1" 200 8841 "-" "findlinks/2.6 (+http://wortschatz.uni-leipzig.de/findlinks/)"
81.30.151.218 - - [13/Feb/2013:07:32:09 +0100] "GET /news.php?cs_go=archiv&cs_id=3210&cs_search= HTTP/1.1" 200 10022 "-" "Pixray-Seeker/2.0 (Pixray-Seeker; +http://www.pixray.com/pixraybot; +crawler@pixray.com)"
141.8.147.12 - - [13/Feb/2013:08:07:03 +0100] "GET /news.php?cs_go=archiv&cs_id=3895&cs_search= HTTP/1.1" 200 12543 "-" "Mozilla/5.0 (compatible; YandexBot/3.0; +http://yandex.com/bots)"
66.249.78.46 - - [13/Feb/2013:08:19:49 +0100] "GET /news.php?cs_go=archiv&cs_id=3665 HTTP/1.1" 200 10338 "-" "Mozilla/5.0 (compatible; Googlebot/2.1; +http://www.google.com/bot.html)"
123.125.71.51 - - [13/Feb/2013:08:30:24 +0100] "GET / HTTP/1.1" 200 6431 "-" "Mozilla/5.0 (compatible; Baiduspider/2.0; +http://www.baidu.com/search/spider.html)"
91.55.118.142 - - [13/Feb/2013:08:30:55 +0100] "GET /style.css HTTP/1.1" 200 8418 "http://www.mink-gmbh.de/" "Mozilla/5.0 (Linux; U; Android 4.0.4; de-de; GT-I9100 Build/IMM76D) AppleWebKit/534.30 (KHTML, like Gecko) Version/4.0 Mobile Safari/534.30"
91.55.118.142 - - [13/Feb/2013:08:30:55 +0100] "GET /modul.css HTTP/1.1" 200 35038 "http://www.mink-gmbh.de/" "Mozilla/5.0 (Linux; U; Android 4.0.4; de-de; GT-I9100 Build/IMM76D) AppleWebKit/534.30 (KHTML, like Gecko) Version/4.0 Mobile Safari/534.30"
91.55.118.142 - - [13/Feb/2013:08:30:55 +0100] "GET /js_contentserver24_greybox/gb_styles.css HTTP/1.1" 200 2302 "http://www.mink-gmbh.de/" "Mozilla/5.0 (Linux; U; Android 4.0.4; de-de; GT-I9100 Build/IMM76D) AppleWebKit/534.30 (KHTML, like Gecko) Version/4.0 Mobile Safari/534.30"
91.55.118.142 - - [13/Feb/2013:08:30:55 +0100] "GET /js_contentserver24_greybox/AJS.js HTTP/1.1" 200 10396 "http://www.mink-gmbh.de/" "Mozilla/5.0 (Linux; U; Android 4.0.4; de-de; GT-I9100 Build/IMM76D) AppleWebKit/534.30 (KHTML, like Gecko) Version/4.0 Mobile Safari/534.30"
91.55.118.142 - - [13/Feb/2013:08:30:55 +0100] "GET /js_contentserver24_greybox/AJS_fx.js HTTP/1.1" 200 3192 "http://www.mink-gmbh.de/" "Mozilla/5.0 (Linux; U; Android 4.0.4; de-de; GT-I9100 Build/IMM76D) AppleWebKit/534.30 (KHTML, like Gecko) Version/4.0 Mobile Safari/534.30"
91.55.118.142 - - [13/Feb/2013:08:30:55 +0100] "GET /js_contentserver24_greybox/gb_scripts.js HTTP/1.1" 200 11913 "http://www.mink-gmbh.de/" "Mozilla/5.0 (Linux; U; Android 4.0.4; de-de; GT-I9100 Build/IMM76D) AppleWebKit/534.30 (KHTML, like Gecko) Version/4.0 Mobile Safari/534.30"
91.55.118.142 - - [13/Feb/2013:08:30:55 +0100] "GET / HTTP/1.1" 200 15344 "http://www.google.com/search?hl=de&redir_esc=&client=ms-android-hms-tef-unknown&source=android-search-app&v=141400000&qsubts=1360740616576&q=mink+gmbh" "Mozilla/5.0 (Linux; U; Android 4.0.4; de-de; GT-I9100 Build/IMM76D) AppleWebKit/534.30 (KHTML, like Gecko) Version/4.0 Mobile Safari/534.30"
91.55.118.142 - - [13/Feb/2013:08:30:56 +0100] "GET /js_contentserver24_greybox/w_close.gif HTTP/1.1" 200 74 "http://www.mink-gmbh.de/" "Mozilla/5.0 (Linux; U; Android 4.0.4; de-de; GT-I9100 Build/IMM76D) AppleWebKit/534.30 (KHTML, like Gecko) Version/4.0 Mobile Safari/534.30"
91.55.118.142 - - [13/Feb/2013:08:30:56 +0100] "GET /images/bg.jpg HTTP/1.1" 200 345 "http://www.mink-gmbh.de/" "Mozilla/5.0 (Linux; U; Android 4.0.4; de-de; GT-I9100 Build/IMM76D) AppleWebKit/534.30 (KHTML, like Gecko) Version/4.0 Mobile Safari/534.30"
91.55.118.142 - - [13/Feb/2013:08:30:56 +0100] "GET /images/newsletter.png HTTP/1.1" 200 14619 "http://www.mink-gmbh.de/" "Mozilla/5.0 (Linux; U; Android 4.0.4; de-de; GT-I9100 Build/IMM76D) AppleWebKit/534.30 (KHTML, like Gecko) Version/4.0 Mobile Safari/534.30"
91.55.118.142 - - [13/Feb/2013:08:30:56 +0100] "GET /images/newsletter_bg.jpg HTTP/1.1" 200 33610 "http://www.mink-gmbh.de/" "Mozilla/5.0 (Linux; U; Android 4.0.4; de-de; GT-I9100 Build/IMM76D) AppleWebKit/534.30 (KHTML, like Gecko) Version/4.0 Mobile Safari/534.30"
91.55.118.142 - - [13/Feb/2013:08:30:56 +0100] "GET /images/close.png HTTP/1.1" 200 703 "http://www.mink-gmbh.de/" "Mozilla/5.0 (Linux; U; Android 4.0.4; de-de; GT-I9100 Build/IMM76D) AppleWebKit/534.30 (KHTML, like Gecko) Version/4.0 Mobile Safari/534.30"
91.55.118.142 - - [13/Feb/2013:08:30:56 +0100] "GET /images/navibg.png HTTP/1.1" 200 2803 "http://www.mink-gmbh.de/" "Mozilla/5.0 (Linux; U; Android 4.0.4; de-de; GT-I9100 Build/IMM76D) AppleWebKit/534.30 (KHTML, like Gecko) Version/4.0 Mobile Safari/534.30"
91.55.118.142 - - [13/Feb/2013:08:30:56 +0100] "GET /images/steigend.png HTTP/1.1" 200 688 "http://www.mink-gmbh.de/" "Mozilla/5.0 (Linux; U; Android 4.0.4; de-de; GT-I9100 Build/IMM76D) AppleWebKit/534.30 (KHTML, like Gecko) Version/4.0 Mobile Safari/534.30"
91.55.118.142 - - [13/Feb/2013:08:30:56 +0100] "GET /images/wrapperbg.jpg HTTP/1.1" 200 27465 "http://www.mink-gmbh.de/" "Mozilla/5.0 (Linux; U; Android 4.0.4; de-de; GT-I9100 Build/IMM76D) AppleWebKit/534.30 (KHTML, like Gecko) Version/4.0 Mobile Safari/534.30"
91.55.118.142 - - [13/Feb/2013:08:30:56 +0100] "GET /images/header.jpg HTTP/1.1" 200 24413 "http://www.mink-gmbh.de/" "Mozilla/5.0 (Linux; U; Android 4.0.4; de-de; GT-I9100 Build/IMM76D) AppleWebKit/534.30 (KHTML, like Gecko) Version/4.0 Mobile Safari/534.30"
91.55.118.142 - - [13/Feb/2013:08:30:56 +0100] "GET /images/kwk.gif HTTP/1.1" 200 6403 "http://www.mink-gmbh.de/" "Mozilla/5.0 (Linux; U; Android 4.0.4; de-de; GT-I9100 Build/IMM76D) AppleWebKit/534.30 (KHTML, like Gecko) Version/4.0 Mobile Safari/534.30"
91.55.118.142 - - [13/Feb/2013:08:30:56 +0100] "GET /images/logos.jpg HTTP/1.1" 200 15002 "http://www.mink-gmbh.de/" "Mozilla/5.0 (Linux; U; Android 4.0.4; de-de; GT-I9100 Build/IMM76D) AppleWebKit/534.30 (KHTML, like Gecko) Version/4.0 Mobile Safari/534.30"
91.55.118.142 - - [13/Feb/2013:08:30:56 +0100] "GET /images/newsletter.jpg HTTP/1.1" 200 13130 "http://www.mink-gmbh.de/" "Mozilla/5.0 (Linux; U; Android 4.0.4; de-de; GT-I9100 Build/IMM76D) AppleWebKit/534.30 (KHTML, like Gecko) Version/4.0 Mobile Safari/534.30"
91.55.118.142 - - [13/Feb/2013:08:30:56 +0100] "GET /images/mail.jpg HTTP/1.1" 200 11165 "http://www.mink-gmbh.de/" "Mozilla/5.0 (Linux; U; Android 4.0.4; de-de; GT-I9100 Build/IMM76D) AppleWebKit/534.30 (KHTML, like Gecko) Version/4.0 Mobile Safari/534.30"
91.55.118.142 - - [13/Feb/2013:08:30:56 +0100] "GET /images/mobil.jpg HTTP/1.1" 200 25293 "http://www.mink-gmbh.de/" "Mozilla/5.0 (Linux; U; Android 4.0.4; de-de; GT-I9100 Build/IMM76D) AppleWebKit/534.30 (KHTML, like Gecko) Version/4.0 Mobile Safari/534.30"
91.55.118.142 - - [13/Feb/2013:08:30:56 +0100] "GET /images/wunschpreis.jpg HTTP/1.1" 200 16767 "http://www.mink-gmbh.de/" "Mozilla/5.0 (Linux; U; Android 4.0.4; de-de; GT-I9100 Build/IMM76D) AppleWebKit/534.30 (KHTML, like Gecko) Version/4.0 Mobile Safari/534.30"
91.55.118.142 - - [13/Feb/2013:08:30:56 +0100] "GET /images/footerbg.jpg HTTP/1.1" 200 2184 "http://www.mink-gmbh.de/" "Mozilla/5.0 (Linux; U; Android 4.0.4; de-de; GT-I9100 Build/IMM76D) AppleWebKit/534.30 (KHTML, like Gecko) Version/4.0 Mobile Safari/534.30"
91.55.118.142 - - [13/Feb/2013:08:30:56 +0100] "GET /images/tkw.jpg HTTP/1.1" 200 64031 "http://www.mink-gmbh.de/" "Mozilla/5.0 (Linux; U; Android 4.0.4; de-de; GT-I9100 Build/IMM76D) AppleWebKit/534.30 (KHTML, like Gecko) Version/4.0 Mobile Safari/534.30"
91.55.118.142 - - [13/Feb/2013:08:30:56 +0100] "GET /js_contentserver24_greybox/loader_frame.html?s=0 HTTP/1.1" 200 2084 "http://www.mink-gmbh.de/" "Mozilla/5.0 (Linux; U; Android 4.0.4; de-de; GT-I9100 Build/IMM76D) AppleWebKit/534.30 (KHTML, like Gecko) Version/4.0 Mobile Safari/534.30"
91.55.118.142 - - [13/Feb/2013:08:30:56 +0100] "GET /js_contentserver24_greybox/header_bg.gif HTTP/1.1" 200 1188 "http://www.mink-gmbh.de/" "Mozilla/5.0 (Linux; U; Android 4.0.4; de-de; GT-I9100 Build/IMM76D) AppleWebKit/534.30 (KHTML, like Gecko) Version/4.0 Mobile Safari/534.30"
91.55.118.142 - - [13/Feb/2013:08:30:56 +0100] "GET /images/freecall.jpg HTTP/1.1" 200 39195 "http://www.mink-gmbh.de/" "Mozilla/5.0 (Linux; U; Android 4.0.4; de-de; GT-I9100 Build/IMM76D) AppleWebKit/534.30 (KHTML, like Gecko) Version/4.0 Mobile Safari/534.30"
91.55.118.142 - - [13/Feb/2013:08:30:57 +0100] "GET /js_contentserver24_greybox/indicator.gif HTTP/1.1" 200 8238 "http://www.mink-gmbh.de/js_contentserver24_greybox/loader_frame.html?s=0" "Mozilla/5.0 (Linux; U; Android 4.0.4; de-de; GT-I9100 Build/IMM76D) AppleWebKit/534.30 (KHTML, like Gecko) Version/4.0 Mobile Safari/534.30"
220.181.108.121 - - [13/Feb/2013:08:30:56 +0100] "GET / HTTP/1.1" 200 8705 "-" "Mozilla/5.0 (compatible; Baiduspider/2.0; +http://www.baidu.com/search/spider.html)"
91.55.118.142 - - [13/Feb/2013:08:30:57 +0100] "GET /js_contentserver24_greybox/g_close.gif HTTP/1.1" 200 541 "http://www.mink-gmbh.de/" "Mozilla/5.0 (Linux; U; Android 4.0.4; de-de; GT-I9100 Build/IMM76D) AppleWebKit/534.30 (KHTML, like Gecko) Version/4.0 Mobile Safari/534.30"
91.55.118.142 - - [13/Feb/2013:08:30:57 +0100] "GET /favicon.ico HTTP/1.1" 200 3638 "http://www.mink-gmbh.de/" "Mozilla/5.0 (Linux; U; Android 4.0.4; de-de; GT-I9100 Build/IMM76D) AppleWebKit/534.30 (KHTML, like Gecko) Version/4.0 Mobile Safari/534.30"
81.30.151.218 - - [13/Feb/2013:08:32:43 +0100] "GET /news.php?cs_go=archiv&cs_id=2897&cs_search= HTTP/1.1" 200 10653 "-" "Pixray-Seeker/2.0 (Pixray-Seeker; +http://www.pixray.com/pixraybot; +crawler@pixray.com)"
208.115.113.91 - - [13/Feb/2013:08:38:37 +0100] "GET /robots.txt HTTP/1.1" 200 177 "-" "Mozilla/5.0 (compatible; Ezooms/1.0; ezooms.bot@gmail.com)"
157.55.35.91 - - [13/Feb/2013:08:42:34 +0100] "GET /robots.txt HTTP/1.1" 200 177 "-" "Mozilla/5.0 (compatible; bingbot/2.0; +http://www.bing.com/bingbot.htm)"
157.55.35.91 - - [13/Feb/2013:08:45:32 +0100] "GET / HTTP/1.1" 200 15344 "-" "Mozilla/5.0 (compatible; bingbot/2.0; +http://www.bing.com/bingbot.htm)"
88.65.31.182 - - [13/Feb/2013:08:46:42 +0100] "GET /style.css HTTP/1.1" 200 8418 "http://www.mink-gmbh.de/news.php?cs_go=archiv&cs_id=3713" "Mozilla/5.0 (Windows NT 6.1; WOW64; rv:18.0) Gecko/20100101 Firefox/18.0"
88.65.31.182 - - [13/Feb/2013:08:46:42 +0100] "GET /modul.css HTTP/1.1" 200 35038 "http://www.mink-gmbh.de/news.php?cs_go=archiv&cs_id=3713" "Mozilla/5.0 (Windows NT 6.1; WOW64; rv:18.0) Gecko/20100101 Firefox/18.0"
88.65.31.182 - - [13/Feb/2013:08:46:42 +0100] "GET /favicon.ico HTTP/1.1" 200 3638 "-" "Mozilla/5.0 (Windows NT 6.1; WOW64; rv:18.0) Gecko/20100101 Firefox/18.0"
88.65.31.182 - - [13/Feb/2013:08:46:42 +0100] "GET /news.php?cs_go=archiv&cs_id=3713 HTTP/1.1" 200 16092 "http://www.google.de/url?sa=t&rct=j&q=&esrc=s&source=web&cd=1&ved=0CDAQFjAA&url=http%3A%2F%2Fwww.mink-gmbh.de%2Fnews.php%3Fcs_go%3Darchiv%26cs_id%3D3713&ei=ykQbUeS2L4fatAaP6oGQAg&usg=AFQjCNGz2Zb6VpJkyXc3iHLXHcIA5YdxXQ&bvm=bv.42261806,d.bGE" "Mozilla/5.0 (Windows NT 6.1; WOW64; rv:18.0) Gecko/20100101 Firefox/18.0"
88.65.31.182 - - [13/Feb/2013:08:46:42 +0100] "GET /images/freecall.jpg HTTP/1.1" 200 39195 "http://www.mink-gmbh.de/news.php?cs_go=archiv&cs_id=3713" "Mozilla/5.0 (Windows NT 6.1; WOW64; rv:18.0) Gecko/20100101 Firefox/18.0"
88.65.31.182 - - [13/Feb/2013:08:46:42 +0100] "GET /images/mail.jpg HTTP/1.1" 200 11165 "http://www.mink-gmbh.de/news.php?cs_go=archiv&cs_id=3713" "Mozilla/5.0 (Windows NT 6.1; WOW64; rv:18.0) Gecko/20100101 Firefox/18.0"
88.65.31.182 - - [13/Feb/2013:08:46:42 +0100] "GET /images/kwk.gif HTTP/1.1" 200 6403 "http://www.mink-gmbh.de/news.php?cs_go=archiv&cs_id=3713" "Mozilla/5.0 (Windows NT 6.1; WOW64; rv:18.0) Gecko/20100101 Firefox/18.0"
88.65.31.182 - - [13/Feb/2013:08:46:42 +0100] "GET /images/wunschpreis.jpg HTTP/1.1" 200 16767 "http://www.mink-gmbh.de/news.php?cs_go=archiv&cs_id=3713" "Mozilla/5.0 (Windows NT 6.1; WOW64; rv:18.0) Gecko/20100101 Firefox/18.0"
88.65.31.182 - - [13/Feb/2013:08:46:42 +0100] "GET /images/logos.jpg HTTP/1.1" 200 15002 "http://www.mink-gmbh.de/news.php?cs_go=archiv&cs_id=3713" "Mozilla/5.0 (Windows NT 6.1; WOW64; rv:18.0) Gecko/20100101 Firefox/18.0"
88.65.31.182 - - [13/Feb/2013:08:46:42 +0100] "GET /images/bg.jpg HTTP/1.1" 200 345 "http://www.mink-gmbh.de/style.css" "Mozilla/5.0 (Windows NT 6.1; WOW64; rv:18.0) Gecko/20100101 Firefox/18.0"
88.65.31.182 - - [13/Feb/2013:08:46:42 +0100] "GET /images/close.png HTTP/1.1" 200 703 "http://www.mink-gmbh.de/news.php?cs_go=archiv&cs_id=3713" "Mozilla/5.0 (Windows NT 6.1; WOW64; rv:18.0) Gecko/20100101 Firefox/18.0"
88.65.31.182 - - [13/Feb/2013:08:46:42 +0100] "GET /images/newsletter_bg.jpg HTTP/1.1" 200 33610 "http://www.mink-gmbh.de/news.php?cs_go=archiv&cs_id=3713" "Mozilla/5.0 (Windows NT 6.1; WOW64; rv:18.0) Gecko/20100101 Firefox/18.0"
88.65.31.182 - - [13/Feb/2013:08:46:42 +0100] "GET /images/newsletter.png HTTP/1.1" 200 14619 "http://www.mink-gmbh.de/style.css" "Mozilla/5.0 (Windows NT 6.1; WOW64; rv:18.0) Gecko/20100101 Firefox/18.0"
88.65.31.182 - - [13/Feb/2013:08:46:42 +0100] "GET /images/wrapperbg.jpg HTTP/1.1" 200 27465 "http://www.mink-gmbh.de/style.css" "Mozilla/5.0 (Windows NT 6.1; WOW64; rv:18.0) Gecko/20100101 Firefox/18.0"
88.65.31.182 - - [13/Feb/2013:08:46:42 +0100] "GET /images/header.jpg HTTP/1.1" 200 24413 "http://www.mink-gmbh.de/style.css" "Mozilla/5.0 (Windows NT 6.1; WOW64; rv:18.0) Gecko/20100101 Firefox/18.0"
88.65.31.182 - - [13/Feb/2013:08:46:42 +0100] "GET /images/navibg.png HTTP/1.1" 200 2803 "http://www.mink-gmbh.de/style.css" "Mozilla/5.0 (Windows NT 6.1; WOW64; rv:18.0) Gecko/20100101 Firefox/18.0"
88.65.31.182 - - [13/Feb/2013:08:46:42 +0100] "GET /images/footerbg.jpg HTTP/1.1" 200 2184 "http://www.mink-gmbh.de/style.css" "Mozilla/5.0 (Windows NT 6.1; WOW64; rv:18.0) Gecko/20100101 Firefox/18.0"
208.115.111.75 - - [13/Feb/2013:08:50:40 +0100] "GET /news.php?cs_go=archiv&cs_startpos=70 HTTP/1.1" 200 22766 "-" "Mozilla/5.0 (compatible; Ezooms/1.0; ezooms.bot@gmail.com)"
180.153.236.179 - - [13/Feb/2013:09:09:57 +0100] "GET / HTTP/1.1" 200 15344 "http://www.mink-gmbh.de/" "Mozilla/5.0 (Windows; U; Windows NT 5.1; zh-CN; rv:1.8.0.11) Gecko/20070312 Firefox/1.5.0.11; 360Spider"
66.249.76.46 - - [13/Feb/2013:09:22:03 +0100] "GET /news.php?cs_go=archiv&cs_id=3721 HTTP/1.1" 200 11058 "-" "Mozilla/5.0 (compatible; Googlebot/2.1; +http://www.google.com/bot.html)"
81.30.151.218 - - [13/Feb/2013:09:30:00 +0100] "GET /news.php?cs_go=archiv&cs_id=2681&cs_search= HTTP/1.1" 200 7887 "-" "Pixray-Seeker/2.0 (Pixray-Seeker; +http://www.pixray.com/pixraybot; +crawler@pixray.com)"
66.249.78.46 - - [13/Feb/2013:09:37:37 +0100] "GET /standard.php HTTP/1.1" 200 9218 "-" "Mozilla/5.0 (iPhone; U; CPU iPhone OS 4_1 like Mac OS X; en-us) AppleWebKit/532.9 (KHTML, like Gecko) Version/4.0.5 Mobile/8B117 Safari/6531.22.7 (compatible; Googlebot-Mobile/2.1; +http://www.google.com/bot.html)"
66.249.78.46 - - [13/Feb/2013:09:41:01 +0100] "GET /news.php?cs_go=archiv&cs_id=3342&cs_search= HTTP/1.1" 200 9897 "-" "Mozilla/5.0 (compatible; Googlebot/2.1; +http://www.google.com/bot.html)"
91.66.234.104 - - [13/Feb/2013:09:54:09 +0100] "GET / HTTP/1.1" 200 15344 "http://www.google.de/url?sa=f&rct=j&url=http://www.mink-gmbh.de/&q=%C3%B6l+mink+berlin&ei=mlQbUYLaNYLRtAaIk4GYCg&usg=AFQjCNGAbIXk1ug0lB-y8wpHCbSGGYrF2w" "Mozilla/5.0 (Windows NT 6.1; WOW64) AppleWebKit/537.17 (KHTML, like Gecko) Chrome/24.0.1312.57 Safari/537.17"
91.66.234.104 - - [13/Feb/2013:09:54:09 +0100] "GET /style.css HTTP/1.1" 200 8418 "http://www.mink-gmbh.de/" "Mozilla/5.0 (Windows NT 6.1; WOW64) AppleWebKit/537.17 (KHTML, like Gecko) Chrome/24.0.1312.57 Safari/537.17"
91.66.234.104 - - [13/Feb/2013:09:54:09 +0100] "GET /js_contentserver24_greybox/gb_styles.css HTTP/1.1" 200 2302 "http://www.mink-gmbh.de/" "Mozilla/5.0 (Windows NT 6.1; WOW64) AppleWebKit/537.17 (KHTML, like Gecko) Chrome/24.0.1312.57 Safari/537.17"
91.66.234.104 - - [13/Feb/2013:09:54:09 +0100] "GET /js_contentserver24_greybox/gb_scripts.js HTTP/1.1" 200 11913 "http://www.mink-gmbh.de/" "Mozilla/5.0 (Windows NT 6.1; WOW64) AppleWebKit/537.17 (KHTML, like Gecko) Chrome/24.0.1312.57 Safari/537.17"
91.66.234.104 - - [13/Feb/2013:09:54:09 +0100] "GET /js_contentserver24_greybox/AJS.js HTTP/1.1" 200 10396 "http://www.mink-gmbh.de/" "Mozilla/5.0 (Windows NT 6.1; WOW64) AppleWebKit/537.17 (KHTML, like Gecko) Chrome/24.0.1312.57 Safari/537.17"
91.66.234.104 - - [13/Feb/2013:09:54:09 +0100] "GET /js_contentserver24_greybox/AJS_fx.js HTTP/1.1" 200 3192 "http://www.mink-gmbh.de/" "Mozilla/5.0 (Windows NT 6.1; WOW64) AppleWebKit/537.17 (KHTML, like Gecko) Chrome/24.0.1312.57 Safari/537.17"
91.66.234.104 - - [13/Feb/2013:09:54:09 +0100] "GET /modul.css HTTP/1.1" 200 35038 "http://www.mink-gmbh.de/" "Mozilla/5.0 (Windows NT 6.1; WOW64) AppleWebKit/537.17 (KHTML, like Gecko) Chrome/24.0.1312.57 Safari/537.17"
91.66.234.104 - - [13/Feb/2013:09:54:10 +0100] "GET /images/bg.jpg HTTP/1.1" 200 345 "http://www.mink-gmbh.de/" "Mozilla/5.0 (Windows NT 6.1; WOW64) AppleWebKit/537.17 (KHTML, like Gecko) Chrome/24.0.1312.57 Safari/537.17"
91.66.234.104 - - [13/Feb/2013:09:54:10 +0100] "GET /images/mail.jpg HTTP/1.1" 200 11165 "http://www.mink-gmbh.de/" "Mozilla/5.0 (Windows NT 6.1; WOW64) AppleWebKit/537.17 (KHTML, like Gecko) Chrome/24.0.1312.57 Safari/537.17"
91.66.234.104 - - [13/Feb/2013:09:54:10 +0100] "GET /images/kwk.gif HTTP/1.1" 200 6403 "http://www.mink-gmbh.de/" "Mozilla/5.0 (Windows NT 6.1; WOW64) AppleWebKit/537.17 (KHTML, like Gecko) Chrome/24.0.1312.57 Safari/537.17"
91.66.234.104 - - [13/Feb/2013:09:54:10 +0100] "GET /images/wunschpreis.jpg HTTP/1.1" 200 16767 "http://www.mink-gmbh.de/" "Mozilla/5.0 (Windows NT 6.1; WOW64) AppleWebKit/537.17 (KHTML, like Gecko) Chrome/24.0.1312.57 Safari/537.17"
91.66.234.104 - - [13/Feb/2013:09:54:10 +0100] "GET /images/logos.jpg HTTP/1.1" 200 15002 "http://www.mink-gmbh.de/" "Mozilla/5.0 (Windows NT 6.1; WOW64) AppleWebKit/537.17 (KHTML, like Gecko) Chrome/24.0.1312.57 Safari/537.17"
91.66.234.104 - - [13/Feb/2013:09:54:10 +0100] "GET /js_contentserver24_greybox/w_close.gif HTTP/1.1" 200 74 "http://www.mink-gmbh.de/" "Mozilla/5.0 (Windows NT 6.1; WOW64) AppleWebKit/537.17 (KHTML, like Gecko) Chrome/24.0.1312.57 Safari/537.17"
91.66.234.104 - - [13/Feb/2013:09:54:10 +0100] "GET /images/close.png HTTP/1.1" 200 703 "http://www.mink-gmbh.de/" "Mozilla/5.0 (Windows NT 6.1; WOW64) AppleWebKit/537.17 (KHTML, like Gecko) Chrome/24.0.1312.57 Safari/537.17"
91.66.234.104 - - [13/Feb/2013:09:54:10 +0100] "GET /images/newsletter.png HTTP/1.1" 200 14619 "http://www.mink-gmbh.de/" "Mozilla/5.0 (Windows NT 6.1; WOW64) AppleWebKit/537.17 (KHTML, like Gecko) Chrome/24.0.1312.57 Safari/537.17"
91.66.234.104 - - [13/Feb/2013:09:54:10 +0100] "GET /images/newsletter_bg.jpg HTTP/1.1" 200 33610 "http://www.mink-gmbh.de/" "Mozilla/5.0 (Windows NT 6.1; WOW64) AppleWebKit/537.17 (KHTML, like Gecko) Chrome/24.0.1312.57 Safari/537.17"
91.66.234.104 - - [13/Feb/2013:09:54:10 +0100] "GET /images/tkw.jpg HTTP/1.1" 200 64031 "http://www.mink-gmbh.de/" "Mozilla/5.0 (Windows NT 6.1; WOW64) AppleWebKit/537.17 (KHTML, like Gecko) Chrome/24.0.1312.57 Safari/537.17"
91.66.234.104 - - [13/Feb/2013:09:54:10 +0100] "GET /images/wrapperbg.jpg HTTP/1.1" 200 27465 "http://www.mink-gmbh.de/" "Mozilla/5.0 (Windows NT 6.1; WOW64) AppleWebKit/537.17 (KHTML, like Gecko) Chrome/24.0.1312.57 Safari/537.17"
91.66.234.104 - - [13/Feb/2013:09:54:10 +0100] "GET /images/header.jpg HTTP/1.1" 200 24413 "http://www.mink-gmbh.de/" "Mozilla/5.0 (Windows NT 6.1; WOW64) AppleWebKit/537.17 (KHTML, like Gecko) Chrome/24.0.1312.57 Safari/537.17"
91.66.234.104 - - [13/Feb/2013:09:54:10 +0100] "GET /images/freecall.jpg HTTP/1.1" 200 39195 "http://www.mink-gmbh.de/" "Mozilla/5.0 (Windows NT 6.1; WOW64) AppleWebKit/537.17 (KHTML, like Gecko) Chrome/24.0.1312.57 Safari/537.17"
91.66.234.104 - - [13/Feb/2013:09:54:10 +0100] "GET /images/navibg.png HTTP/1.1" 200 2803 "http://www.mink-gmbh.de/" "Mozilla/5.0 (Windows NT 6.1; WOW64) AppleWebKit/537.17 (KHTML, like Gecko) Chrome/24.0.1312.57 Safari/537.17"
91.66.234.104 - - [13/Feb/2013:09:54:10 +0100] "GET /images/steigend.png HTTP/1.1" 200 688 "http://www.mink-gmbh.de/" "Mozilla/5.0 (Windows NT 6.1; WOW64) AppleWebKit/537.17 (KHTML, like Gecko) Chrome/24.0.1312.57 Safari/537.17"
91.66.234.104 - - [13/Feb/2013:09:54:10 +0100] "GET /images/mobil.jpg HTTP/1.1" 200 25293 "http://www.mink-gmbh.de/" "Mozilla/5.0 (Windows NT 6.1; WOW64) AppleWebKit/537.17 (KHTML, like Gecko) Chrome/24.0.1312.57 Safari/537.17"
91.66.234.104 - - [13/Feb/2013:09:54:10 +0100] "GET /images/newsletter.jpg HTTP/1.1" 200 13130 "http://www.mink-gmbh.de/" "Mozilla/5.0 (Windows NT 6.1; WOW64) AppleWebKit/537.17 (KHTML, like Gecko) Chrome/24.0.1312.57 Safari/537.17"
91.66.234.104 - - [13/Feb/2013:09:54:10 +0100] "GET /images/footerbg.jpg HTTP/1.1" 200 2184 "http://www.mink-gmbh.de/" "Mozilla/5.0 (Windows NT 6.1; WOW64) AppleWebKit/537.17 (KHTML, like Gecko) Chrome/24.0.1312.57 Safari/537.17"
91.66.234.104 - - [13/Feb/2013:09:54:10 +0100] "GET /js_contentserver24_greybox/header_bg.gif HTTP/1.1" 200 1188 "http://www.mink-gmbh.de/" "Mozilla/5.0 (Windows NT 6.1; WOW64) AppleWebKit/537.17 (KHTML, like Gecko) Chrome/24.0.1312.57 Safari/537.17"
91.66.234.104 - - [13/Feb/2013:09:54:10 +0100] "GET /js_contentserver24_greybox/indicator.gif HTTP/1.1" 200 8238 "http://www.mink-gmbh.de/" "Mozilla/5.0 (Windows NT 6.1; WOW64) AppleWebKit/537.17 (KHTML, like Gecko) Chrome/24.0.1312.57 Safari/537.17"
91.66.234.104 - - [13/Feb/2013:09:54:10 +0100] "GET /js_contentserver24_greybox/g_close.gif HTTP/1.1" 200 541 "http://www.mink-gmbh.de/" "Mozilla/5.0 (Windows NT 6.1; WOW64) AppleWebKit/537.17 (KHTML, like Gecko) Chrome/24.0.1312.57 Safari/537.17"
91.66.234.104 - - [13/Feb/2013:09:54:12 +0100] "GET /js_contentserver24_greybox/loader_frame.html?s=0 HTTP/1.1" 200 2084 "http://www.mink-gmbh.de/" "Mozilla/5.0 (Windows NT 6.1; WOW64) AppleWebKit/537.17 (KHTML, like Gecko) Chrome/24.0.1312.57 Safari/537.17"
91.66.234.104 - - [13/Feb/2013:09:54:23 +0100] "GET / HTTP/1.1" 200 14603 "http://www.google.de/url?sa=t&rct=j&q=%C3%B6l%20mink%20berlin&source=web&cd=3&ved=0CFIQFjAC&url=http%3A%2F%2Fwww.mink-gmbh.de%2F&ei=mlQbUYLaNYLRtAaIk4GYCg&usg=AFQjCNFHX4Iglls9oo-KYXTmDUV_5KOVIg" "Mozilla/5.0 (Windows NT 6.1; WOW64) AppleWebKit/537.17 (KHTML, like Gecko) Chrome/24.0.1312.57 Safari/537.17"
91.66.234.104 - - [13/Feb/2013:09:54:24 +0100] "GET /favicon.ico HTTP/1.1" 200 3638 "-" "Mozilla/5.0 (Windows NT 6.1; WOW64) AppleWebKit/537.17 (KHTML, like Gecko) Chrome/24.0.1312.57 Safari/537.17"
91.66.234.104 - - [13/Feb/2013:09:54:47 +0100] "GET /standard.php HTTP/1.1" 200 9131 "http://www.mink-gmbh.de/" "Mozilla/5.0 (Windows NT 6.1; WOW64) AppleWebKit/537.17 (KHTML, like Gecko) Chrome/24.0.1312.57 Safari/537.17"
91.66.234.104 - - [13/Feb/2013:09:54:59 +0100] "GET /preisanfrage.php HTTP/1.1" 200 10647 "http://www.mink-gmbh.de/standard.php" "Mozilla/5.0 (Windows NT 6.1; WOW64) AppleWebKit/537.17 (KHTML, like Gecko) Chrome/24.0.1312.57 Safari/537.17"
91.66.234.104 - - [13/Feb/2013:09:55:02 +0100] "GET /news.php HTTP/1.1" 200 22386 "http://www.mink-gmbh.de/preisanfrage.php" "Mozilla/5.0 (Windows NT 6.1; WOW64) AppleWebKit/537.17 (KHTML, like Gecko) Chrome/24.0.1312.57 Safari/537.17"
91.66.234.104 - - [13/Feb/2013:09:55:07 +0100] "GET /kontakt.php HTTP/1.1" 200 9111 "http://www.mink-gmbh.de/news.php" "Mozilla/5.0 (Windows NT 6.1; WOW64) AppleWebKit/537.17 (KHTML, like Gecko) Chrome/24.0.1312.57 Safari/537.17"
91.66.234.104 - - [13/Feb/2013:09:55:09 +0100] "GET /kontakt.php HTTP/1.1" 200 9111 "http://www.mink-gmbh.de/kontakt.php" "Mozilla/5.0 (Windows NT 6.1; WOW64) AppleWebKit/537.17 (KHTML, like Gecko) Chrome/24.0.1312.57 Safari/537.17"
91.66.234.104 - - [13/Feb/2013:09:55:10 +0100] "GET /impressum.php HTTP/1.1" 200 8495 "http://www.mink-gmbh.de/kontakt.php" "Mozilla/5.0 (Windows NT 6.1; WOW64) AppleWebKit/537.17 (KHTML, like Gecko) Chrome/24.0.1312.57 Safari/537.17"
91.66.234.104 - - [13/Feb/2013:09:55:31 +0100] "GET /standard.php HTTP/1.1" 200 9131 "http://www.mink-gmbh.de/impressum.php" "Mozilla/5.0 (Windows NT 6.1; WOW64) AppleWebKit/537.17 (KHTML, like Gecko) Chrome/24.0.1312.57 Safari/537.17"
66.249.78.46 - - [13/Feb/2013:09:59:57 +0100] "GET /news.php?cs_go=archiv&cs_id=3305&cs_search= HTTP/1.1" 200 9910 "-" "Mozilla/5.0 (compatible; Googlebot/2.1; +http://www.google.com/bot.html)"
81.30.151.218 - - [13/Feb/2013:10:21:52 +0100] "GET /news.php?cs_go=archiv&cs_id=2906&cs_search= HTTP/1.1" 200 13656 "-" "Pixray-Seeker/2.0 (Pixray-Seeker; +http://www.pixray.com/pixraybot; +crawler@pixray.com)"
157.55.35.85 - - [13/Feb/2013:10:22:46 +0100] "GET /robots.txt HTTP/1.1" 200 177 "-" "Mozilla/5.0 (compatible; bingbot/2.0; +http://www.bing.com/bingbot.htm)"
157.55.35.85 - - [13/Feb/2013:10:25:10 +0100] "GET /diesel.php HTTP/1.1" 200 10639 "-" "Mozilla/5.0 (compatible; bingbot/2.0; +http://www.bing.com/bingbot.htm)"
208.115.111.75 - - [13/Feb/2013:10:41:07 +0100] "GET /robots.txt HTTP/1.1" 200 177 "-" "Mozilla/5.0 (compatible; Ezooms/1.0; ezooms.bot@gmail.com)"
66.249.78.46 - - [13/Feb/2013:10:50:32 +0100] "GET /news.php?cs_go=archiv&cs_id=3356&cs_search= HTTP/1.1" 200 13498 "-" "Mozilla/5.0 (compatible; Googlebot/2.1; +http://www.google.com/bot.html)"
208.115.113.91 - - [13/Feb/2013:10:56:49 +0100] "GET /standard.php HTTP/1.1" 200 9218 "-" "Mozilla/5.0 (compatible; Ezooms/1.0; ezooms.bot@gmail.com)"
66.249.78.46 - - [13/Feb/2013:10:56:52 +0100] "GET /news.php?cs_go=archiv&cs_id=3385&cs_search= HTTP/1.1" 200 13344 "-" "Mozilla/5.0 (compatible; Googlebot/2.1; +http://www.google.com/bot.html)"
85.19.205.124 - - [13/Feb/2013:11:15:34 +0100] "GET /robots.txt HTTP/1.0" 200 177 "-" "Mozilla/5.0 (compatible; MJ12bot/v1.4.3; http://www.majestic12.co.uk/bot.php?+)"
85.19.205.124 - - [13/Feb/2013:11:15:37 +0100] "GET /impressum.php HTTP/1.0" 200 8582 "-" "Mozilla/5.0 (compatible; MJ12bot/v1.4.3; http://www.majestic12.co.uk/bot.php?+)"
85.19.205.124 - - [13/Feb/2013:11:15:41 +0100] "GET /index.php HTTP/1.0" 200 15307 "-" "Mozilla/5.0 (compatible; MJ12bot/v1.4.3; http://www.majestic12.co.uk/bot.php?+)"
85.19.205.124 - - [13/Feb/2013:11:15:45 +0100] "GET /jobs.php HTTP/1.0" 200 10090 "-" "Mozilla/5.0 (compatible; MJ12bot/v1.4.3; http://www.majestic12.co.uk/bot.php?+)"
85.19.205.124 - - [13/Feb/2013:11:15:50 +0100] "GET /kontakt.php HTTP/1.0" 200 9198 "-" "Mozilla/5.0 (compatible; MJ12bot/v1.4.3; http://www.majestic12.co.uk/bot.php?+)"
85.19.205.124 - - [13/Feb/2013:11:15:55 +0100] "GET /kwk.php HTTP/1.0" 200 10884 "-" "Mozilla/5.0 (compatible; MJ12bot/v1.4.3; http://www.majestic12.co.uk/bot.php?+)"
85.19.205.124 - - [13/Feb/2013:11:16:00 +0100] "GET /news.php HTTP/1.0" 200 22213 "-" "Mozilla/5.0 (compatible; MJ12bot/v1.4.3; http://www.majestic12.co.uk/bot.php?+)"
85.19.205.124 - - [13/Feb/2013:11:16:06 +0100] "GET /news.php?cs_go=archiv HTTP/1.0" 200 22213 "-" "Mozilla/5.0 (compatible; MJ12bot/v1.4.3; http://www.majestic12.co.uk/bot.php?+)"
85.19.205.124 - - [13/Feb/2013:11:16:10 +0100] "GET /news.php?cs_go=archiv&cs_id=3931 HTTP/1.0" 200 13536 "-" "Mozilla/5.0 (compatible; MJ12bot/v1.4.3; http://www.majestic12.co.uk/bot.php?+)"
85.19.205.124 - - [13/Feb/2013:11:16:14 +0100] "GET /news.php?cs_go=archiv&cs_id=3932 HTTP/1.0" 200 9861 "-" "Mozilla/5.0 (compatible; MJ12bot/v1.4.3; http://www.majestic12.co.uk/bot.php?+)"
85.19.205.124 - - [13/Feb/2013:11:16:18 +0100] "GET /news.php?cs_go=archiv&cs_id=3933 HTTP/1.0" 200 11219 "-" "Mozilla/5.0 (compatible; MJ12bot/v1.4.3; http://www.majestic12.co.uk/bot.php?+)"
85.19.205.124 - - [13/Feb/2013:11:16:22 +0100] "GET /news.php?cs_go=archiv&cs_id=3934 HTTP/1.0" 200 13341 "-" "Mozilla/5.0 (compatible; MJ12bot/v1.4.3; http://www.majestic12.co.uk/bot.php?+)"
85.19.205.124 - - [13/Feb/2013:11:16:27 +0100] "GET /newsletter.php HTTP/1.0" 200 8928 "-" "Mozilla/5.0 (compatible; MJ12bot/v1.4.3; http://www.majestic12.co.uk/bot.php?+)"
85.19.205.124 - - [13/Feb/2013:11:16:31 +0100] "GET /optiplus.php HTTP/1.0" 200 11100 "-" "Mozilla/5.0 (compatible; MJ12bot/v1.4.3; http://www.majestic12.co.uk/bot.php?+)"
85.19.205.124 - - [13/Feb/2013:11:16:34 +0100] "GET /preisanfrage.php HTTP/1.0" 200 10734 "-" "Mozilla/5.0 (compatible; MJ12bot/v1.4.3; http://www.majestic12.co.uk/bot.php?+)"
85.19.205.124 - - [13/Feb/2013:11:16:38 +0100] "GET /rueckrufservice.php HTTP/1.0" 200 10770 "-" "Mozilla/5.0 (compatible; MJ12bot/v1.4.3; http://www.majestic12.co.uk/bot.php?+)"
85.19.205.124 - - [13/Feb/2013:11:16:42 +0100] "GET /standard.php HTTP/1.0" 200 9218 "-" "Mozilla/5.0 (compatible; MJ12bot/v1.4.3; http://www.majestic12.co.uk/bot.php?+)"
85.19.205.124 - - [13/Feb/2013:11:16:47 +0100] "GET /wunschpreis.php HTTP/1.0" 200 12084 "-" "Mozilla/5.0 (compatible; MJ12bot/v1.4.3; http://www.majestic12.co.uk/bot.php?+)"
81.30.151.218 - - [13/Feb/2013:11:30:11 +0100] "GET /news.php?cs_go=archiv&cs_startpos=380 HTTP/1.1" 200 8125 "-" "Pixray-Seeker/2.0 (Pixray-Seeker; +http://www.pixray.com/pixraybot; +crawler@pixray.com)"
85.178.202.127 - - [13/Feb/2013:11:31:25 +0100] "GET /style.css HTTP/1.1" 200 8418 "http://www.mink-gmbh.de/" "Mozilla/5.0 (Windows NT 6.1; WOW64; rv:16.0) Gecko/20100101 Firefox/16.0"
85.178.202.127 - - [13/Feb/2013:11:31:25 +0100] "GET /modul.css HTTP/1.1" 200 35038 "http://www.mink-gmbh.de/" "Mozilla/5.0 (Windows NT 6.1; WOW64; rv:16.0) Gecko/20100101 Firefox/16.0"
85.178.202.127 - - [13/Feb/2013:11:31:26 +0100] "GET /favicon.ico HTTP/1.1" 200 3638 "-" "Mozilla/5.0 (Windows NT 6.1; WOW64; rv:16.0) Gecko/20100101 Firefox/16.0"
85.178.202.127 - - [13/Feb/2013:11:31:26 +0100] "GET /js_contentserver24_greybox/gb_styles.css HTTP/1.1" 200 2302 "http://www.mink-gmbh.de/" "Mozilla/5.0 (Windows NT 6.1; WOW64; rv:16.0) Gecko/20100101 Firefox/16.0"
85.178.202.127 - - [13/Feb/2013:11:31:26 +0100] "GET /js_contentserver24_greybox/AJS.js HTTP/1.1" 200 10396 "http://www.mink-gmbh.de/" "Mozilla/5.0 (Windows NT 6.1; WOW64; rv:16.0) Gecko/20100101 Firefox/16.0"
85.178.202.127 - - [13/Feb/2013:11:31:26 +0100] "GET /js_contentserver24_greybox/AJS_fx.js HTTP/1.1" 200 3192 "http://www.mink-gmbh.de/" "Mozilla/5.0 (Windows NT 6.1; WOW64; rv:16.0) Gecko/20100101 Firefox/16.0"
85.178.202.127 - - [13/Feb/2013:11:31:26 +0100] "GET /js_contentserver24_greybox/gb_scripts.js HTTP/1.1" 200 11913 "http://www.mink-gmbh.de/" "Mozilla/5.0 (Windows NT 6.1; WOW64; rv:16.0) Gecko/20100101 Firefox/16.0"
85.178.202.127 - - [13/Feb/2013:11:31:26 +0100] "GET /images/bg.jpg HTTP/1.1" 200 345 "http://www.mink-gmbh.de/style.css" "Mozilla/5.0 (Windows NT 6.1; WOW64; rv:16.0) Gecko/20100101 Firefox/16.0"
85.178.202.127 - - [13/Feb/2013:11:31:26 +0100] "GET /images/tkw.jpg HTTP/1.1" 200 64031 "http://www.mink-gmbh.de/" "Mozilla/5.0 (Windows NT 6.1; WOW64; rv:16.0) Gecko/20100101 Firefox/16.0"
85.178.202.127 - - [13/Feb/2013:11:31:25 +0100] "GET / HTTP/1.1" 200 15307 "http://www.google.de/url?q=http://www.mink-gmbh.de/&sa=U&rct=j&ei=H2obUbrSBoejtAa84ICwCw&ved=0CCoQFjAAOAo&usg=AFQjCNFA0nvuYqEc8xrHw2Dc1-qqJGyb-g&cad=rja" "Mozilla/5.0 (Windows NT 6.1; WOW64; rv:16.0) Gecko/20100101 Firefox/16.0"
85.178.202.127 - - [13/Feb/2013:11:31:26 +0100] "GET /js_contentserver24_greybox/w_close.gif HTTP/1.1" 200 74 "http://www.mink-gmbh.de/" "Mozilla/5.0 (Windows NT 6.1; WOW64; rv:16.0) Gecko/20100101 Firefox/16.0"
85.178.202.127 - - [13/Feb/2013:11:31:26 +0100] "GET /images/close.png HTTP/1.1" 200 703 "http://www.mink-gmbh.de/" "Mozilla/5.0 (Windows NT 6.1; WOW64; rv:16.0) Gecko/20100101 Firefox/16.0"
85.178.202.127 - - [13/Feb/2013:11:31:26 +0100] "GET /images/newsletter_bg.jpg HTTP/1.1" 200 33610 "http://www.mink-gmbh.de/" "Mozilla/5.0 (Windows NT 6.1; WOW64; rv:16.0) Gecko/20100101 Firefox/16.0"
85.178.202.127 - - [13/Feb/2013:11:31:26 +0100] "GET /images/newsletter.png HTTP/1.1" 200 14619 "http://www.mink-gmbh.de/style.css" "Mozilla/5.0 (Windows NT 6.1; WOW64; rv:16.0) Gecko/20100101 Firefox/16.0"
85.178.202.127 - - [13/Feb/2013:11:31:26 +0100] "GET /images/wrapperbg.jpg HTTP/1.1" 200 27465 "http://www.mink-gmbh.de/style.css" "Mozilla/5.0 (Windows NT 6.1; WOW64; rv:16.0) Gecko/20100101 Firefox/16.0"
85.178.202.127 - - [13/Feb/2013:11:31:26 +0100] "GET /images/header.jpg HTTP/1.1" 200 24413 "http://www.mink-gmbh.de/style.css" "Mozilla/5.0 (Windows NT 6.1; WOW64; rv:16.0) Gecko/20100101 Firefox/16.0"
