207.179.31.89 - - [18/Feb/2013:10:29:07 +0100] "GET /images/footerbg.jpg HTTP/1.1" 200 2184 "http://www.mink-gmbh.de/" "Mozilla/4.0 (compatible; MSIE 8.0; Windows NT 6.1; Trident/4.0; SLCC2; .NET CLR 2.0.50727; .NET CLR 3.5.30729; .NET CLR 3.0.30729; Media Center PC 6.0; .NET4.0C; .NET4.0E; InfoPath.3; MS-RTC LM 8; Tablet PC 2.0)"
207.179.31.89 - - [18/Feb/2013:10:29:07 +0100] "GET /js_contentserver24_greybox/indicator.gif HTTP/1.1" 200 8238 "http://www.mink-gmbh.de/js_contentserver24_greybox/loader_frame.html?s=0" "Mozilla/4.0 (compatible; MSIE 8.0; Windows NT 6.1; Trident/4.0; SLCC2; .NET CLR 2.0.50727; .NET CLR 3.5.30729; .NET CLR 3.0.30729; Media Center PC 6.0; .NET4.0C; .NET4.0E; InfoPath.3; MS-RTC LM 8; Tablet PC 2.0)"
207.179.31.89 - - [18/Feb/2013:10:29:07 +0100] "GET /js_contentserver24_greybox/header_bg.gif HTTP/1.1" 200 1188 "http://www.mink-gmbh.de/" "Mozilla/4.0 (compatible; MSIE 8.0; Windows NT 6.1; Trident/4.0; SLCC2; .NET CLR 2.0.50727; .NET CLR 3.5.30729; .NET CLR 3.0.30729; Media Center PC 6.0; .NET4.0C; .NET4.0E; InfoPath.3; MS-RTC LM 8; Tablet PC 2.0)"
207.179.31.89 - - [18/Feb/2013:10:29:08 +0100] "GET /favicon.ico HTTP/1.1" 200 3638 "-" "Mozilla/4.0 (compatible; MSIE 8.0; Windows NT 6.1; Trident/4.0; SLCC2; .NET CLR 2.0.50727; .NET CLR 3.5.30729; .NET CLR 3.0.30729; Media Center PC 6.0; .NET4.0C; .NET4.0E; InfoPath.3; MS-RTC LM 8; Tablet PC 2.0)"
207.179.31.89 - - [18/Feb/2013:10:29:08 +0100] "GET /js_contentserver24_greybox/g_close.gif HTTP/1.1" 200 541 "http://www.mink-gmbh.de/" "Mozilla/4.0 (compatible; MSIE 8.0; Windows NT 6.1; Trident/4.0; SLCC2; .NET CLR 2.0.50727; .NET CLR 3.5.30729; .NET CLR 3.0.30729; Media Center PC 6.0; .NET4.0C; .NET4.0E; InfoPath.3; MS-RTC LM 8; Tablet PC 2.0)"
207.179.31.89 - - [18/Feb/2013:10:29:35 +0100] "GET /newsletter.php HTTP/1.1" 200 8841 "http://www.mink-gmbh.de/" "Mozilla/4.0 (compatible; MSIE 8.0; Windows NT 6.1; Trident/4.0; SLCC2; .NET CLR 2.0.50727; .NET CLR 3.5.30729; .NET CLR 3.0.30729; Media Center PC 6.0; .NET4.0C; .NET4.0E; InfoPath.3; MS-RTC LM 8; Tablet PC 2.0)"
207.179.31.89 - - [18/Feb/2013:10:29:59 +0100] "POST /newsletter.php HTTP/1.1" 200 8006 "http://www.mink-gmbh.de/newsletter.php" "Mozilla/4.0 (compatible; MSIE 8.0; Windows NT 6.1; Trident/4.0; SLCC2; .NET CLR 2.0.50727; .NET CLR 3.5.30729; .NET CLR 3.0.30729; Media Center PC 6.0; .NET4.0C; .NET4.0E; InfoPath.3; MS-RTC LM 8; Tablet PC 2.0)"
207.179.31.89 - - [18/Feb/2013:10:30:29 +0100] "GET /wunschpreis.php HTTP/1.1" 200 11997 "http://www.mink-gmbh.de/newsletter.php" "Mozilla/4.0 (compatible; MSIE 8.0; Windows NT 6.1; Trident/4.0; SLCC2; .NET CLR 2.0.50727; .NET CLR 3.5.30729; .NET CLR 3.0.30729; Media Center PC 6.0; .NET4.0C; .NET4.0E; InfoPath.3; MS-RTC LM 8; Tablet PC 2.0)"
66.249.75.46 - - [18/Feb/2013:10:30:37 +0100] "GET /news.php?cs_go=archiv&cs_id=2880 HTTP/1.1" 200 10178 "-" "Mozilla/5.0 (compatible; Googlebot/2.1; +http://www.google.com/bot.html)"
207.179.31.89 - - [18/Feb/2013:10:30:53 +0100] "GET /index.php HTTP/1.1" 200 14600 "http://www.mink-gmbh.de/wunschpreis.php" "Mozilla/4.0 (compatible; MSIE 8.0; Windows NT 6.1; Trident/4.0; SLCC2; .NET CLR 2.0.50727; .NET CLR 3.5.30729; .NET CLR 3.0.30729; Media Center PC 6.0; .NET4.0C; .NET4.0E; InfoPath.3; MS-RTC LM 8; Tablet PC 2.0)"
207.179.31.89 - - [18/Feb/2013:10:31:28 +0100] "GET /wunschpreis.php HTTP/1.1" 200 11997 "http://www.mink-gmbh.de/newsletter.php" "Mozilla/4.0 (compatible; MSIE 8.0; Windows NT 6.1; Trident/4.0; SLCC2; .NET CLR 2.0.50727; .NET CLR 3.5.30729; .NET CLR 3.0.30729; Media Center PC 6.0; .NET4.0C; .NET4.0E; InfoPath.3; MS-RTC LM 8; Tablet PC 2.0)"
207.179.31.89 - - [18/Feb/2013:10:31:31 +0100] "GET /newsletter.php HTTP/1.1" 200 8841 "http://www.mink-gmbh.de/" "Mozilla/4.0 (compatible; MSIE 8.0; Windows NT 6.1; Trident/4.0; SLCC2; .NET CLR 2.0.50727; .NET CLR 3.5.30729; .NET CLR 3.0.30729; Media Center PC 6.0; .NET4.0C; .NET4.0E; InfoPath.3; MS-RTC LM 8; Tablet PC 2.0)"
207.179.31.89 - - [18/Feb/2013:10:31:32 +0100] "GET / HTTP/1.1" 200 14600 "http://www.google.de/url?sa=t&rct=j&q=heiz%C3%B6lpreise%20berlin%20mink&source=web&cd=1&ved=0CDoQFjAA&url=http%3A%2F%2Fwww.mink-gmbh.de%2F&ei=6_MhUeKKB8T42QXdjoC4Cw&usg=AFQjCNFHX4Iglls9oo-KYXTmDUV_5KOVIg" "Mozilla/4.0 (compatible; MSIE 8.0; Windows NT 6.1; Trident/4.0; SLCC2; .NET CLR 2.0.50727; .NET CLR 3.5.30729; .NET CLR 3.0.30729; Media Center PC 6.0; .NET4.0C; .NET4.0E; InfoPath.3; MS-RTC LM 8; Tablet PC 2.0)"
66.249.78.46 - - [18/Feb/2013:10:38:11 +0100] "GET /news.php HTTP/1.1" 200 22055 "-" "Mozilla/5.0 (compatible; Googlebot/2.1; +http://www.google.com/bot.html)"
66.249.78.46 - - [18/Feb/2013:10:45:17 +0100] "GET /news.php?cs_go=archiv&cs_id=3945&cs_search= HTTP/1.1" 200 10046 "-" "Mozilla/5.0 (compatible; Googlebot/2.1; +http://www.google.com/bot.html)"
66.249.78.46 - - [18/Feb/2013:10:50:47 +0100] "GET /news.php?cs_go=archiv&cs_id=3637 HTTP/1.1" 200 9674 "-" "Mozilla/5.0 (compatible; Googlebot/2.1; +http://www.google.com/bot.html)"
66.249.78.46 - - [18/Feb/2013:10:53:20 +0100] "GET /news.php?cs_go=archiv&cs_id=3946&cs_search= HTTP/1.1" 200 10004 "-" "Mozilla/5.0 (compatible; Googlebot/2.1; +http://www.google.com/bot.html)"
5.9.7.208 - - [18/Feb/2013:10:55:31 +0100] "GET /robots.txt HTTP/1.0" 200 177 "-" "Mozilla/5.0 (compatible; MJ12bot/v1.4.3; http://www.majestic12.co.uk/bot.php?+)"
5.9.7.208 - - [18/Feb/2013:10:55:33 +0100] "GET / HTTP/1.0" 200 15341 "-" "Mozilla/5.0 (compatible; MJ12bot/v1.4.3; http://www.majestic12.co.uk/bot.php?+)"
66.249.75.46 - - [18/Feb/2013:11:13:40 +0100] "GET /news.php?cs_go=archiv HTTP/1.1" 200 22055 "-" "Mozilla/5.0 (compatible; Googlebot/2.1; +http://www.google.com/bot.html)"
66.249.78.46 - - [18/Feb/2013:11:21:22 +0100] "GET /news.php?cs_go=archiv&cs_startpos=250 HTTP/1.1" 200 8401 "-" "Mozilla/5.0 (compatible; Googlebot/2.1; +http://www.google.com/bot.html)"
66.249.75.46 - - [18/Feb/2013:11:23:57 +0100] "GET /news.php?cs_go=archiv&cs_id=3719 HTTP/1.1" 200 11718 "-" "Mozilla/5.0 (compatible; Googlebot/2.1; +http://www.google.com/bot.html)"
157.55.32.141 - - [18/Feb/2013:11:26:58 +0100] "GET /robots.txt HTTP/1.1" 200 177 "-" "Mozilla/5.0 (compatible; bingbot/2.0; +http://www.bing.com/bingbot.htm)"
66.249.78.46 - - [18/Feb/2013:11:31:43 +0100] "GET /news.php?cs_go=archiv&cs_id=3236&cs_search= HTTP/1.1" 200 13745 "-" "Mozilla/5.0 (compatible; Googlebot/2.1; +http://www.google.com/bot.html)"
66.249.78.46 - - [18/Feb/2013:11:34:22 +0100] "GET /news.php?cs_go=archiv&cs_id=3634 HTTP/1.1" 200 9818 "-" "Mozilla/5.0 (compatible; Googlebot/2.1; +http://www.google.com/bot.html)"
66.249.75.46 - - [18/Feb/2013:11:37:01 +0100] "GET /lexikon.php?cs_go=3&cs_id=90 HTTP/1.1" 200 9565 "-" "Mozilla/5.0 (compatible; Googlebot/2.1; +http://www.google.com/bot.html)"
157.55.32.141 - - [18/Feb/2013:11:38:03 +0100] "GET / HTTP/1.1" 200 15341 "-" "Mozilla/5.0 (compatible; bingbot/2.0; +http://www.bing.com/bingbot.htm)"
66.249.78.46 - - [18/Feb/2013:11:39:38 +0100] "GET /news.php?cs_go=archiv&cs_startpos=200 HTTP/1.1" 200 22782 "-" "Mozilla/5.0 (compatible; Googlebot/2.1; +http://www.google.com/bot.html)"
66.249.78.46 - - [18/Feb/2013:11:50:16 +0100] "GET /news.php?cs_go=archiv&cs_startpos=40 HTTP/1.1" 200 22824 "-" "Mozilla/5.0 (compatible; Googlebot/2.1; +http://www.google.com/bot.html)"
81.30.151.218 - - [18/Feb/2013:11:51:07 +0100] "GET /news.php?cs_go=archiv&cs_id=3083&cs_search= HTTP/1.1" 200 13736 "-" "Pixray-Seeker/2.0 (Pixray-Seeker; +http://www.pixray.com/pixraybot; +crawler@pixray.com)"
66.249.78.46 - - [18/Feb/2013:12:00:56 +0100] "GET /news.php?cs_go=archiv&cs_id=3352 HTTP/1.1" 200 9914 "-" "Mozilla/5.0 (compatible; Googlebot/2.1; +http://www.google.com/bot.html)"
66.249.75.46 - - [18/Feb/2013:12:03:34 +0100] "GET /news.php?cs_go=archiv&cs_id=3504 HTTP/1.1" 200 14791 "-" "Mozilla/5.0 (compatible; Googlebot/2.1; +http://www.google.com/bot.html)"
81.30.151.218 - - [18/Feb/2013:12:03:10 +0100] "GET /news.php?cs_go=archiv&cs_id=3824&cs_search= HTTP/1.1" 200 9794 "-" "Pixray-Seeker/2.0 (Pixray-Seeker; +http://www.pixray.com/pixraybot; +crawler@pixray.com)"
66.249.75.46 - - [18/Feb/2013:12:06:55 +0100] "GET /kontakt.php HTTP/1.1" 200 9198 "-" "Mozilla/5.0 (compatible; Googlebot/2.1; +http://www.google.com/bot.html)"
66.249.75.46 - - [18/Feb/2013:12:08:56 +0100] "GET /news.php?cs_go=archiv&cs_id=3753&cs_search= HTTP/1.1" 200 13854 "-" "Mozilla/5.0 (compatible; Googlebot/2.1; +http://www.google.com/bot.html)"
66.249.78.46 - - [18/Feb/2013:12:10:17 +0100] "GET /style.css HTTP/1.1" 200 8418 "-" "Mozilla/5.0 (compatible; Googlebot/2.1; +http://www.google.com/bot.html)"
66.249.78.46 - - [18/Feb/2013:12:10:41 +0100] "GET /modul.css HTTP/1.1" 200 35038 "-" "Mozilla/5.0 (compatible; Googlebot/2.1; +http://www.google.com/bot.html)"
66.249.75.46 - - [18/Feb/2013:12:11:41 +0100] "GET /news.php?cs_go=archiv&cs_id=3904 HTTP/1.1" 200 14802 "-" "Mozilla/5.0 (compatible; Googlebot/2.1; +http://www.google.com/bot.html)"
123.125.71.59 - - [18/Feb/2013:12:13:44 +0100] "GET /robots.txt HTTP/1.1" 200 177 "-" "Mozilla/5.0 (Windows NT 5.1; rv:6.0.2) Gecko/20100101 Firefox/6.0.2"
66.249.75.46 - - [18/Feb/2013:12:14:20 +0100] "GET /news.php?cs_go=archiv&cs_id=3901 HTTP/1.1" 200 9798 "-" "Mozilla/5.0 (compatible; Googlebot/2.1; +http://www.google.com/bot.html)"
66.249.78.46 - - [18/Feb/2013:12:17:05 +0100] "GET /news.php?cs_go=archiv&cs_id=3902 HTTP/1.1" 200 9749 "-" "Mozilla/5.0 (compatible; Googlebot/2.1; +http://www.google.com/bot.html)"
66.249.75.46 - - [18/Feb/2013:12:22:29 +0100] "GET /news.php?cs_go=archiv&cs_id=3903 HTTP/1.1" 200 13479 "-" "Mozilla/5.0 (compatible; Googlebot/2.1; +http://www.google.com/bot.html)"
66.249.78.46 - - [18/Feb/2013:12:33:17 +0100] "GET /news.php?cs_go=archiv&cs_id=3434 HTTP/1.1" 200 10333 "-" "Mozilla/5.0 (compatible; Googlebot/2.1; +http://www.google.com/bot.html)"
66.249.78.46 - - [18/Feb/2013:12:38:49 +0100] "GET /news.php?cs_go=archiv&cs_id=3805 HTTP/1.1" 200 13370 "-" "Mozilla/5.0 (compatible; Googlebot/2.1; +http://www.google.com/bot.html)"
66.249.78.46 - - [18/Feb/2013:12:41:34 +0100] "GET /news.php?cs_go=archiv&cs_id=3600 HTTP/1.1" 200 13422 "-" "Mozilla/5.0 (compatible; Googlebot/2.1; +http://www.google.com/bot.html)"
66.249.78.46 - - [18/Feb/2013:12:52:52 +0100] "GET /lexikon.php?cs_go=3&cs_id=57 HTTP/1.1" 200 10077 "-" "Mozilla/5.0 (compatible; Googlebot/2.1; +http://www.google.com/bot.html)"
66.249.78.46 - - [18/Feb/2013:12:55:44 +0100] "GET /news.php?cs_go=archiv&cs_id=3689 HTTP/1.1" 200 10008 "-" "Mozilla/5.0 (compatible; Googlebot/2.1; +http://www.google.com/bot.html)"
5.9.7.208 - - [18/Feb/2013:12:58:09 +0100] "GET /robots.txt HTTP/1.0" 200 177 "-" "Mozilla/5.0 (compatible; MJ12bot/v1.4.3; http://www.majestic12.co.uk/bot.php?+)"
5.9.7.208 - - [18/Feb/2013:12:58:17 +0100] "GET / HTTP/1.0" 200 15341 "-" "Mozilla/5.0 (compatible; MJ12bot/v1.4.3; http://www.majestic12.co.uk/bot.php?+)"
65.36.241.79 - - [18/Feb/2013:13:01:19 +0100] "HEAD / HTTP/1.1" 200 - "-" "InternetSeer.com"
66.249.75.46 - - [18/Feb/2013:13:01:24 +0100] "GET /news.php?cs_go=archiv&cs_id=2738&cs_search= HTTP/1.1" 200 11564 "-" "Mozilla/5.0 (compatible; Googlebot/2.1; +http://www.google.com/bot.html)"
66.249.78.46 - - [18/Feb/2013:13:04:14 +0100] "GET /news.php?cs_go=archiv&cs_id=2914&cs_search= HTTP/1.1" 200 10556 "-" "Mozilla/5.0 (compatible; Googlebot/2.1; +http://www.google.com/bot.html)"
66.249.78.46 - - [18/Feb/2013:13:18:55 +0100] "GET /news.php?cs_go=archiv&cs_id=3436&cs_search= HTTP/1.1" 200 13522 "-" "Mozilla/5.0 (compatible; Googlebot/2.1; +http://www.google.com/bot.html)"
81.30.151.218 - - [18/Feb/2013:13:19:09 +0100] "GET /news.php?cs_go=archiv&cs_id=3736&cs_search= HTTP/1.1" 200 13333 "-" "Pixray-Seeker/2.0 (Pixray-Seeker; +http://www.pixray.com/pixraybot; +crawler@pixray.com)"
66.249.78.46 - - [18/Feb/2013:13:21:53 +0100] "GET /news.php?cs_go=archiv&cs_id=2794&cs_search= HTTP/1.1" 200 13711 "-" "Mozilla/5.0 (compatible; Googlebot/2.1; +http://www.google.com/bot.html)"
66.249.78.46 - - [18/Feb/2013:13:27:48 +0100] "GET /robots.txt HTTP/1.1" 200 177 "-" "Mozilla/5.0 (compatible; Googlebot/2.1; +http://www.google.com/bot.html)"
66.249.78.46 - - [18/Feb/2013:13:27:48 +0100] "GET /news.php?cs_go=archiv&cs_id=2954 HTTP/1.1" 200 13411 "-" "Mozilla/5.0 (compatible; Googlebot/2.1; +http://www.google.com/bot.html)"
81.30.151.218 - - [18/Feb/2013:13:27:52 +0100] "GET /news.php?cs_go=archiv&cs_id=3193&cs_search= HTTP/1.1" 200 9864 "-" "Pixray-Seeker/2.0 (Pixray-Seeker; +http://www.pixray.com/pixraybot; +crawler@pixray.com)"
66.249.78.46 - - [18/Feb/2013:13:30:42 +0100] "GET /news.php?cs_go=archiv&cs_id=3014&cs_search= HTTP/1.1" 200 10945 "-" "Mozilla/5.0 (compatible; Googlebot/2.1; +http://www.google.com/bot.html)"
66.249.78.46 - - [18/Feb/2013:14:04:03 +0100] "GET /news.php?cs_go=archiv&cs_id=3375&cs_search= HTTP/1.1" 200 13511 "-" "Mozilla/5.0 (compatible; Googlebot/2.1; +http://www.google.com/bot.html)"
5.9.7.208 - - [18/Feb/2013:14:37:52 +0100] "GET /robots.txt HTTP/1.0" 200 177 "-" "Mozilla/5.0 (compatible; MJ12bot/v1.4.3; http://www.majestic12.co.uk/bot.php?+)"
5.9.7.208 - - [18/Feb/2013:14:37:56 +0100] "GET / HTTP/1.0" 200 16087 "-" "Mozilla/5.0 (compatible; MJ12bot/v1.4.3; http://www.majestic12.co.uk/bot.php?+)"
208.115.111.75 - - [18/Feb/2013:14:43:02 +0100] "GET /robots.txt HTTP/1.1" 200 177 "-" "Mozilla/5.0 (compatible; Ezooms/1.0; ezooms.bot@gmail.com)"
141.8.147.12 - - [18/Feb/2013:14:52:55 +0100] "GET /news.php?cs_go=archiv&cs_id=3839&cs_search= HTTP/1.1" 200 13533 "-" "Mozilla/5.0 (compatible; YandexBot/3.0; +http://yandex.com/bots)"
66.249.78.46 - - [18/Feb/2013:14:57:52 +0100] "GET /diesel.php HTTP/1.1" 200 10639 "-" "Mozilla/5.0 (compatible; Googlebot/2.1; +http://www.google.com/bot.html)"
213.54.189.114 - - [18/Feb/2013:14:59:54 +0100] "GET /style.css HTTP/1.1" 200 8418 "http://www.mink-gmbh.de/" "Mozilla/5.0 (Windows NT 5.1) AppleWebKit/537.17 (KHTML, like Gecko) Chrome/24.0.1312.57 Safari/537.17"
213.54.189.114 - - [18/Feb/2013:14:59:54 +0100] "GET /modul.css HTTP/1.1" 200 35038 "http://www.mink-gmbh.de/" "Mozilla/5.0 (Windows NT 5.1) AppleWebKit/537.17 (KHTML, like Gecko) Chrome/24.0.1312.57 Safari/537.17"
213.54.189.114 - - [18/Feb/2013:14:59:54 +0100] "GET /images/bg.jpg HTTP/1.1" 200 345 "http://www.mink-gmbh.de/" "Mozilla/5.0 (Windows NT 5.1) AppleWebKit/537.17 (KHTML, like Gecko) Chrome/24.0.1312.57 Safari/537.17"
213.54.189.114 - - [18/Feb/2013:14:59:54 +0100] "GET /images/close.png HTTP/1.1" 200 703 "http://www.mink-gmbh.de/" "Mozilla/5.0 (Windows NT 5.1) AppleWebKit/537.17 (KHTML, like Gecko) Chrome/24.0.1312.57 Safari/537.17"
213.54.189.114 - - [18/Feb/2013:14:59:54 +0100] "GET /images/newsletter_bg.jpg HTTP/1.1" 200 33610 "http://www.mink-gmbh.de/" "Mozilla/5.0 (Windows NT 5.1) AppleWebKit/537.17 (KHTML, like Gecko) Chrome/24.0.1312.57 Safari/537.17"
213.54.189.114 - - [18/Feb/2013:14:59:54 +0100] "GET /images/newsletter.png HTTP/1.1" 200 14619 "http://www.mink-gmbh.de/" "Mozilla/5.0 (Windows NT 5.1) AppleWebKit/537.17 (KHTML, like Gecko) Chrome/24.0.1312.57 Safari/537.17"
213.54.189.114 - - [18/Feb/2013:14:59:54 +0100] "GET /images/wrapperbg.jpg HTTP/1.1" 200 27465 "http://www.mink-gmbh.de/" "Mozilla/5.0 (Windows NT 5.1) AppleWebKit/537.17 (KHTML, like Gecko) Chrome/24.0.1312.57 Safari/537.17"
213.54.189.114 - - [18/Feb/2013:14:59:54 +0100] "GET /images/header.jpg HTTP/1.1" 200 24413 "http://www.mink-gmbh.de/" "Mozilla/5.0 (Windows NT 5.1) AppleWebKit/537.17 (KHTML, like Gecko) Chrome/24.0.1312.57 Safari/537.17"
213.54.189.114 - - [18/Feb/2013:14:59:54 +0100] "GET /images/navibg.png HTTP/1.1" 200 2803 "http://www.mink-gmbh.de/" "Mozilla/5.0 (Windows NT 5.1) AppleWebKit/537.17 (KHTML, like Gecko) Chrome/24.0.1312.57 Safari/537.17"
213.54.189.114 - - [18/Feb/2013:14:59:54 +0100] "GET /images/steigend.png HTTP/1.1" 200 688 "http://www.mink-gmbh.de/" "Mozilla/5.0 (Windows NT 5.1) AppleWebKit/537.17 (KHTML, like Gecko) Chrome/24.0.1312.57 Safari/537.17"
213.54.189.114 - - [18/Feb/2013:14:59:54 +0100] "GET /images/gleichbleibend.png HTTP/1.1" 200 534 "http://www.mink-gmbh.de/" "Mozilla/5.0 (Windows NT 5.1) AppleWebKit/537.17 (KHTML, like Gecko) Chrome/24.0.1312.57 Safari/537.17"
213.54.189.114 - - [18/Feb/2013:14:59:54 +0100] "GET /images/fallend.png HTTP/1.1" 200 713 "http://www.mink-gmbh.de/" "Mozilla/5.0 (Windows NT 5.1) AppleWebKit/537.17 (KHTML, like Gecko) Chrome/24.0.1312.57 Safari/537.17"
213.54.189.114 - - [18/Feb/2013:14:59:54 +0100] "GET /images/mobil.jpg HTTP/1.1" 200 25293 "http://www.mink-gmbh.de/" "Mozilla/5.0 (Windows NT 5.1) AppleWebKit/537.17 (KHTML, like Gecko) Chrome/24.0.1312.57 Safari/537.17"
213.54.189.114 - - [18/Feb/2013:14:59:54 +0100] "GET /images/newsletter.jpg HTTP/1.1" 200 13130 "http://www.mink-gmbh.de/" "Mozilla/5.0 (Windows NT 5.1) AppleWebKit/537.17 (KHTML, like Gecko) Chrome/24.0.1312.57 Safari/537.17"
213.54.189.114 - - [18/Feb/2013:14:59:54 +0100] "GET / HTTP/1.1" 200 16087 "http://web2.cylex.de/reviews/viewcompanywebsite.aspx?firmaName=herbert-mink-gmbh&companyId=5251604" "Mozilla/5.0 (Windows NT 5.1) AppleWebKit/537.17 (KHTML, like Gecko) Chrome/24.0.1312.57 Safari/537.17"
213.54.189.114 - - [18/Feb/2013:14:59:54 +0100] "GET /images/tkw.jpg HTTP/1.1" 200 64031 "http://www.mink-gmbh.de/" "Mozilla/5.0 (Windows NT 5.1) AppleWebKit/537.17 (KHTML, like Gecko) Chrome/24.0.1312.57 Safari/537.17"
213.54.189.114 - - [18/Feb/2013:14:59:55 +0100] "GET /images/freecall.jpg HTTP/1.1" 200 39195 "http://www.mink-gmbh.de/" "Mozilla/5.0 (Windows NT 5.1) AppleWebKit/537.17 (KHTML, like Gecko) Chrome/24.0.1312.57 Safari/537.17"
213.54.189.114 - - [18/Feb/2013:14:59:55 +0100] "GET /images/mail.jpg HTTP/1.1" 200 11165 "http://www.mink-gmbh.de/" "Mozilla/5.0 (Windows NT 5.1) AppleWebKit/537.17 (KHTML, like Gecko) Chrome/24.0.1312.57 Safari/537.17"
213.54.189.114 - - [18/Feb/2013:14:59:55 +0100] "GET /images/kwk.gif HTTP/1.1" 200 6403 "http://www.mink-gmbh.de/" "Mozilla/5.0 (Windows NT 5.1) AppleWebKit/537.17 (KHTML, like Gecko) Chrome/24.0.1312.57 Safari/537.17"
213.54.189.114 - - [18/Feb/2013:14:59:55 +0100] "GET /images/wunschpreis.jpg HTTP/1.1" 200 16767 "http://www.mink-gmbh.de/" "Mozilla/5.0 (Windows NT 5.1) AppleWebKit/537.17 (KHTML, like Gecko) Chrome/24.0.1312.57 Safari/537.17"
213.54.189.114 - - [18/Feb/2013:14:59:55 +0100] "GET /images/logos.jpg HTTP/1.1" 200 15002 "http://www.mink-gmbh.de/" "Mozilla/5.0 (Windows NT 5.1) AppleWebKit/537.17 (KHTML, like Gecko) Chrome/24.0.1312.57 Safari/537.17"
213.54.189.114 - - [18/Feb/2013:14:59:55 +0100] "GET /images/footerbg.jpg HTTP/1.1" 200 2184 "http://www.mink-gmbh.de/" "Mozilla/5.0 (Windows NT 5.1) AppleWebKit/537.17 (KHTML, like Gecko) Chrome/24.0.1312.57 Safari/537.17"
139.18.2.209 - - [18/Feb/2013:15:41:26 +0100] "GET /modernisierung.php HTTP/1.1" 200 7013 "-" "findlinks/2.6 (+http://wortschatz.uni-leipzig.de/findlinks/)"
139.18.2.209 - - [18/Feb/2013:15:41:26 +0100] "GET /modernisierung.php HTTP/1.1" 200 11491 "-" "findlinks/2.6 (+http://wortschatz.uni-leipzig.de/findlinks/)"
66.249.78.46 - - [18/Feb/2013:16:03:49 +0100] "GET /lexikon.php?cs_go=3&cs_id=171 HTTP/1.1" 200 8008 "-" "Mozilla/5.0 (compatible; Googlebot/2.1; +http://www.google.com/bot.html)"
123.125.71.58 - - [18/Feb/2013:16:19:07 +0100] "GET /newsletter.php HTTP/1.1" 200 8928 "-" "Mozilla/5.0 (compatible; Baiduspider/2.0; +http://www.baidu.com/search/spider.html)"
93.219.54.253 - - [18/Feb/2013:16:25:24 +0100] "GET /style.css HTTP/1.1" 200 8418 "http://www.mink-gmbh.de/" "Mozilla/4.0 (compatible; MSIE 7.0; Windows NT 6.0; GTB7.4; Mozilla/4.0 (compatible; MSIE 6.0; Windows NT 5.1; SV1) ; SLCC1; .NET CLR 2.0.50727; Media Center PC 5.0; .NET CLR 1.1.4322; .NET CLR 3.5.30729; .NET CLR 3.0.30618)"
93.219.54.253 - - [18/Feb/2013:16:25:24 +0100] "GET /modul.css HTTP/1.1" 200 35038 "http://www.mink-gmbh.de/" "Mozilla/4.0 (compatible; MSIE 7.0; Windows NT 6.0; GTB7.4; Mozilla/4.0 (compatible; MSIE 6.0; Windows NT 5.1; SV1) ; SLCC1; .NET CLR 2.0.50727; Media Center PC 5.0; .NET CLR 1.1.4322; .NET CLR 3.5.30729; .NET CLR 3.0.30618)"
93.219.54.253 - - [18/Feb/2013:16:25:23 +0100] "GET / HTTP/1.1" 200 15314 "http://search.conduit.com/Results.aspx?q=mink+berlin+oel&Suggest=&stype=Homepage&SelfSearch=1&SearchType=SearchWeb&SearchSource=10&ctid=CT3042917&octid=CT3042917" "Mozilla/4.0 (compatible; MSIE 7.0; Windows NT 6.0; GTB7.4; Mozilla/4.0 (compatible; MSIE 6.0; Windows NT 5.1; SV1) ; SLCC1; .NET CLR 2.0.50727; Media Center PC 5.0; .NET CLR 1.1.4322; .NET CLR 3.5.30729; .NET CLR 3.0.30618)"
93.219.54.253 - - [18/Feb/2013:16:25:24 +0100] "GET /images/bg.jpg HTTP/1.1" 200 345 "http://www.mink-gmbh.de/" "Mozilla/4.0 (compatible; MSIE 7.0; Windows NT 6.0; GTB7.4; Mozilla/4.0 (compatible; MSIE 6.0; Windows NT 5.1; SV1) ; SLCC1; .NET CLR 2.0.50727; Media Center PC 5.0; .NET CLR 1.1.4322; .NET CLR 3.5.30729; .NET CLR 3.0.30618)"
93.219.54.253 - - [18/Feb/2013:16:25:24 +0100] "GET /js_contentserver24_greybox/gb_styles.css HTTP/1.1" 200 2302 "http://www.mink-gmbh.de/" "Mozilla/4.0 (compatible; MSIE 7.0; Windows NT 6.0; GTB7.4; Mozilla/4.0 (compatible; MSIE 6.0; Windows NT 5.1; SV1) ; SLCC1; .NET CLR 2.0.50727; Media Center PC 5.0; .NET CLR 1.1.4322; .NET CLR 3.5.30729; .NET CLR 3.0.30618)"
93.219.54.253 - - [18/Feb/2013:16:25:24 +0100] "GET /js_contentserver24_greybox/AJS.js HTTP/1.1" 200 10396 "http://www.mink-gmbh.de/" "Mozilla/4.0 (compatible; MSIE 7.0; Windows NT 6.0; GTB7.4; Mozilla/4.0 (compatible; MSIE 6.0; Windows NT 5.1; SV1) ; SLCC1; .NET CLR 2.0.50727; Media Center PC 5.0; .NET CLR 1.1.4322; .NET CLR 3.5.30729; .NET CLR 3.0.30618)"
93.219.54.253 - - [18/Feb/2013:16:25:24 +0100] "GET /js_contentserver24_greybox/AJS_fx.js HTTP/1.1" 200 3192 "http://www.mink-gmbh.de/" "Mozilla/4.0 (compatible; MSIE 7.0; Windows NT 6.0; GTB7.4; Mozilla/4.0 (compatible; MSIE 6.0; Windows NT 5.1; SV1) ; SLCC1; .NET CLR 2.0.50727; Media Center PC 5.0; .NET CLR 1.1.4322; .NET CLR 3.5.30729; .NET CLR 3.0.30618)"
93.219.54.253 - - [18/Feb/2013:16:25:25 +0100] "GET /js_contentserver24_greybox/gb_scripts.js HTTP/1.1" 200 11913 "http://www.mink-gmbh.de/" "Mozilla/4.0 (compatible; MSIE 7.0; Windows NT 6.0; GTB7.4; Mozilla/4.0 (compatible; MSIE 6.0; Windows NT 5.1; SV1) ; SLCC1; .NET CLR 2.0.50727; Media Center PC 5.0; .NET CLR 1.1.4322; .NET CLR 3.5.30729; .NET CLR 3.0.30618)"
93.219.54.253 - - [18/Feb/2013:16:25:25 +0100] "GET /js_contentserver24_greybox/w_close.gif HTTP/1.1" 200 74 "http://www.mink-gmbh.de/" "Mozilla/4.0 (compatible; MSIE 7.0; Windows NT 6.0; GTB7.4; Mozilla/4.0 (compatible; MSIE 6.0; Windows NT 5.1; SV1) ; SLCC1; .NET CLR 2.0.50727; Media Center PC 5.0; .NET CLR 1.1.4322; .NET CLR 3.5.30729; .NET CLR 3.0.30618)"
93.219.54.253 - - [18/Feb/2013:16:25:25 +0100] "GET /js_contentserver24_greybox/header_bg.gif HTTP/1.1" 200 1188 "http://www.mink-gmbh.de/" "Mozilla/4.0 (compatible; MSIE 7.0; Windows NT 6.0; GTB7.4; Mozilla/4.0 (compatible; MSIE 6.0; Windows NT 5.1; SV1) ; SLCC1; .NET CLR 2.0.50727; Media Center PC 5.0; .NET CLR 1.1.4322; .NET CLR 3.5.30729; .NET CLR 3.0.30618)"
93.219.54.253 - - [18/Feb/2013:16:25:25 +0100] "GET /images/newsletter_bg.jpg HTTP/1.1" 200 33610 "http://www.mink-gmbh.de/" "Mozilla/4.0 (compatible; MSIE 7.0; Windows NT 6.0; GTB7.4; Mozilla/4.0 (compatible; MSIE 6.0; Windows NT 5.1; SV1) ; SLCC1; .NET CLR 2.0.50727; Media Center PC 5.0; .NET CLR 1.1.4322; .NET CLR 3.5.30729; .NET CLR 3.0.30618)"
93.219.54.253 - - [18/Feb/2013:16:25:25 +0100] "GET /images/wrapperbg.jpg HTTP/1.1" 200 27465 "http://www.mink-gmbh.de/" "Mozilla/4.0 (compatible; MSIE 7.0; Windows NT 6.0; GTB7.4; Mozilla/4.0 (compatible; MSIE 6.0; Windows NT 5.1; SV1) ; SLCC1; .NET CLR 2.0.50727; Media Center PC 5.0; .NET CLR 1.1.4322; .NET CLR 3.5.30729; .NET CLR 3.0.30618)"
93.219.54.253 - - [18/Feb/2013:16:25:25 +0100] "GET /images/tkw.jpg HTTP/1.1" 200 64031 "http://www.mink-gmbh.de/" "Mozilla/4.0 (compatible; MSIE 7.0; Windows NT 6.0; GTB7.4; Mozilla/4.0 (compatible; MSIE 6.0; Windows NT 5.1; SV1) ; SLCC1; .NET CLR 2.0.50727; Media Center PC 5.0; .NET CLR 1.1.4322; .NET CLR 3.5.30729; .NET CLR 3.0.30618)"
93.219.54.253 - - [18/Feb/2013:16:25:25 +0100] "GET /images/navibg.png HTTP/1.1" 200 2803 "http://www.mink-gmbh.de/" "Mozilla/4.0 (compatible; MSIE 7.0; Windows NT 6.0; GTB7.4; Mozilla/4.0 (compatible; MSIE 6.0; Windows NT 5.1; SV1) ; SLCC1; .NET CLR 2.0.50727; Media Center PC 5.0; .NET CLR 1.1.4322; .NET CLR 3.5.30729; .NET CLR 3.0.30618)"
93.219.54.253 - - [18/Feb/2013:16:25:25 +0100] "GET /images/freecall.jpg HTTP/1.1" 200 39195 "http://www.mink-gmbh.de/" "Mozilla/4.0 (compatible; MSIE 7.0; Windows NT 6.0; GTB7.4; Mozilla/4.0 (compatible; MSIE 6.0; Windows NT 5.1; SV1) ; SLCC1; .NET CLR 2.0.50727; Media Center PC 5.0; .NET CLR 1.1.4322; .NET CLR 3.5.30729; .NET CLR 3.0.30618)"
93.219.54.253 - - [18/Feb/2013:16:25:25 +0100] "GET /images/mail.jpg HTTP/1.1" 200 11165 "http://www.mink-gmbh.de/" "Mozilla/4.0 (compatible; MSIE 7.0; Windows NT 6.0; GTB7.4; Mozilla/4.0 (compatible; MSIE 6.0; Windows NT 5.1; SV1) ; SLCC1; .NET CLR 2.0.50727; Media Center PC 5.0; .NET CLR 1.1.4322; .NET CLR 3.5.30729; .NET CLR 3.0.30618)"
93.219.54.253 - - [18/Feb/2013:16:25:25 +0100] "GET /images/kwk.gif HTTP/1.1" 200 6403 "http://www.mink-gmbh.de/" "Mozilla/4.0 (compatible; MSIE 7.0; Windows NT 6.0; GTB7.4; Mozilla/4.0 (compatible; MSIE 6.0; Windows NT 5.1; SV1) ; SLCC1; .NET CLR 2.0.50727; Media Center PC 5.0; .NET CLR 1.1.4322; .NET CLR 3.5.30729; .NET CLR 3.0.30618)"
93.219.54.253 - - [18/Feb/2013:16:25:25 +0100] "GET /images/wunschpreis.jpg HTTP/1.1" 200 16767 "http://www.mink-gmbh.de/" "Mozilla/4.0 (compatible; MSIE 7.0; Windows NT 6.0; GTB7.4; Mozilla/4.0 (compatible; MSIE 6.0; Windows NT 5.1; SV1) ; SLCC1; .NET CLR 2.0.50727; Media Center PC 5.0; .NET CLR 1.1.4322; .NET CLR 3.5.30729; .NET CLR 3.0.30618)"
93.219.54.253 - - [18/Feb/2013:16:25:25 +0100] "GET /images/logos.jpg HTTP/1.1" 200 15002 "http://www.mink-gmbh.de/" "Mozilla/4.0 (compatible; MSIE 7.0; Windows NT 6.0; GTB7.4; Mozilla/4.0 (compatible; MSIE 6.0; Windows NT 5.1; SV1) ; SLCC1; .NET CLR 2.0.50727; Media Center PC 5.0; .NET CLR 1.1.4322; .NET CLR 3.5.30729; .NET CLR 3.0.30618)"
93.219.54.253 - - [18/Feb/2013:16:25:25 +0100] "GET /images/header.jpg HTTP/1.1" 200 24413 "http://www.mink-gmbh.de/" "Mozilla/4.0 (compatible; MSIE 7.0; Windows NT 6.0; GTB7.4; Mozilla/4.0 (compatible; MSIE 6.0; Windows NT 5.1; SV1) ; SLCC1; .NET CLR 2.0.50727; Media Center PC 5.0; .NET CLR 1.1.4322; .NET CLR 3.5.30729; .NET CLR 3.0.30618)"
93.219.54.253 - - [18/Feb/2013:16:25:25 +0100] "GET /images/steigend.png HTTP/1.1" 200 688 "http://www.mink-gmbh.de/" "Mozilla/4.0 (compatible; MSIE 7.0; Windows NT 6.0; GTB7.4; Mozilla/4.0 (compatible; MSIE 6.0; Windows NT 5.1; SV1) ; SLCC1; .NET CLR 2.0.50727; Media Center PC 5.0; .NET CLR 1.1.4322; .NET CLR 3.5.30729; .NET CLR 3.0.30618)"
93.219.54.253 - - [18/Feb/2013:16:25:25 +0100] "GET /images/gleichbleibend.png HTTP/1.1" 200 534 "http://www.mink-gmbh.de/" "Mozilla/4.0 (compatible; MSIE 7.0; Windows NT 6.0; GTB7.4; Mozilla/4.0 (compatible; MSIE 6.0; Windows NT 5.1; SV1) ; SLCC1; .NET CLR 2.0.50727; Media Center PC 5.0; .NET CLR 1.1.4322; .NET CLR 3.5.30729; .NET CLR 3.0.30618)"
93.219.54.253 - - [18/Feb/2013:16:25:25 +0100] "GET /images/fallend.png HTTP/1.1" 200 713 "http://www.mink-gmbh.de/" "Mozilla/4.0 (compatible; MSIE 7.0; Windows NT 6.0; GTB7.4; Mozilla/4.0 (compatible; MSIE 6.0; Windows NT 5.1; SV1) ; SLCC1; .NET CLR 2.0.50727; Media Center PC 5.0; .NET CLR 1.1.4322; .NET CLR 3.5.30729; .NET CLR 3.0.30618)"
93.219.54.253 - - [18/Feb/2013:16:25:25 +0100] "GET /images/mobil.jpg HTTP/1.1" 200 25293 "http://www.mink-gmbh.de/" "Mozilla/4.0 (compatible; MSIE 7.0; Windows NT 6.0; GTB7.4; Mozilla/4.0 (compatible; MSIE 6.0; Windows NT 5.1; SV1) ; SLCC1; .NET CLR 2.0.50727; Media Center PC 5.0; .NET CLR 1.1.4322; .NET CLR 3.5.30729; .NET CLR 3.0.30618)"
93.219.54.253 - - [18/Feb/2013:16:25:25 +0100] "GET /images/newsletter.jpg HTTP/1.1" 200 13130 "http://www.mink-gmbh.de/" "Mozilla/4.0 (compatible; MSIE 7.0; Windows NT 6.0; GTB7.4; Mozilla/4.0 (compatible; MSIE 6.0; Windows NT 5.1; SV1) ; SLCC1; .NET CLR 2.0.50727; Media Center PC 5.0; .NET CLR 1.1.4322; .NET CLR 3.5.30729; .NET CLR 3.0.30618)"
93.219.54.253 - - [18/Feb/2013:16:25:25 +0100] "GET /images/footerbg.jpg HTTP/1.1" 200 2184 "http://www.mink-gmbh.de/" "Mozilla/4.0 (compatible; MSIE 7.0; Windows NT 6.0; GTB7.4; Mozilla/4.0 (compatible; MSIE 6.0; Windows NT 5.1; SV1) ; SLCC1; .NET CLR 2.0.50727; Media Center PC 5.0; .NET CLR 1.1.4322; .NET CLR 3.5.30729; .NET CLR 3.0.30618)"
93.219.54.253 - - [18/Feb/2013:16:25:25 +0100] "GET /images/close.png HTTP/1.1" 200 703 "http://www.mink-gmbh.de/" "Mozilla/4.0 (compatible; MSIE 7.0; Windows NT 6.0; GTB7.4; Mozilla/4.0 (compatible; MSIE 6.0; Windows NT 5.1; SV1) ; SLCC1; .NET CLR 2.0.50727; Media Center PC 5.0; .NET CLR 1.1.4322; .NET CLR 3.5.30729; .NET CLR 3.0.30618)"
93.219.54.253 - - [18/Feb/2013:16:25:25 +0100] "GET /images/newsletter.png HTTP/1.1" 200 14619 "http://www.mink-gmbh.de/" "Mozilla/4.0 (compatible; MSIE 7.0; Windows NT 6.0; GTB7.4; Mozilla/4.0 (compatible; MSIE 6.0; Windows NT 5.1; SV1) ; SLCC1; .NET CLR 2.0.50727; Media Center PC 5.0; .NET CLR 1.1.4322; .NET CLR 3.5.30729; .NET CLR 3.0.30618)"
93.219.54.253 - - [18/Feb/2013:16:25:25 +0100] "GET /js_contentserver24_greybox/loader_frame.html?s=0 HTTP/1.1" 200 2084 "http://www.mink-gmbh.de/" "Mozilla/4.0 (compatible; MSIE 7.0; Windows NT 6.0; GTB7.4; Mozilla/4.0 (compatible; MSIE 6.0; Windows NT 5.1; SV1) ; SLCC1; .NET CLR 2.0.50727; Media Center PC 5.0; .NET CLR 1.1.4322; .NET CLR 3.5.30729; .NET CLR 3.0.30618)"
93.219.54.253 - - [18/Feb/2013:16:25:25 +0100] "GET /js_contentserver24_greybox/indicator.gif HTTP/1.1" 200 8238 "http://www.mink-gmbh.de/js_contentserver24_greybox/loader_frame.html?s=0" "Mozilla/4.0 (compatible; MSIE 7.0; Windows NT 6.0; GTB7.4; Mozilla/4.0 (compatible; MSIE 6.0; Windows NT 5.1; SV1) ; SLCC1; .NET CLR 2.0.50727; Media Center PC 5.0; .NET CLR 1.1.4322; .NET CLR 3.5.30729; .NET CLR 3.0.30618)"
93.219.54.253 - - [18/Feb/2013:16:25:26 +0100] "GET /favicon.ico HTTP/1.1" 200 3638 "-" "Mozilla/4.0 (compatible; MSIE 7.0; Windows NT 6.0; GTB7.4; Mozilla/4.0 (compatible; MSIE 6.0; Windows NT 5.1; SV1) ; SLCC1; .NET CLR 2.0.50727; Media Center PC 5.0; .NET CLR 1.1.4322; .NET CLR 3.5.30729; .NET CLR 3.0.30618)"
93.219.54.253 - - [18/Feb/2013:16:25:27 +0100] "GET /js_contentserver24_greybox/g_close.gif HTTP/1.1" 200 541 "http://www.mink-gmbh.de/" "Mozilla/4.0 (compatible; MSIE 7.0; Windows NT 6.0; GTB7.4; Mozilla/4.0 (compatible; MSIE 6.0; Windows NT 5.1; SV1) ; SLCC1; .NET CLR 2.0.50727; Media Center PC 5.0; .NET CLR 1.1.4322; .NET CLR 3.5.30729; .NET CLR 3.0.30618)"
93.219.54.253 - - [18/Feb/2013:16:25:27 +0100] "GET /favicon.ico HTTP/1.1" 200 3638 "-" "Mozilla/5.0 (compatible; Google Desktop/5.9.1005.12335; http://desktop.google.com/)"
93.219.54.253 - - [18/Feb/2013:16:25:49 +0100] "GET /kontakt.php HTTP/1.1" 200 9111 "http://www.mink-gmbh.de/" "Mozilla/4.0 (compatible; MSIE 7.0; Windows NT 6.0; GTB7.4; Mozilla/4.0 (compatible; MSIE 6.0; Windows NT 5.1; SV1) ; SLCC1; .NET CLR 2.0.50727; Media Center PC 5.0; .NET CLR 1.1.4322; .NET CLR 3.5.30729; .NET CLR 3.0.30618)"
93.219.54.253 - - [18/Feb/2013:16:25:54 +0100] "GET /impressum.php HTTP/1.1" 200 8495 "http://www.mink-gmbh.de/kontakt.php" "Mozilla/4.0 (compatible; MSIE 7.0; Windows NT 6.0; GTB7.4; Mozilla/4.0 (compatible; MSIE 6.0; Windows NT 5.1; SV1) ; SLCC1; .NET CLR 2.0.50727; Media Center PC 5.0; .NET CLR 1.1.4322; .NET CLR 3.5.30729; .NET CLR 3.0.30618)"
5.9.7.208 - - [18/Feb/2013:16:26:31 +0100] "GET /robots.txt HTTP/1.0" 200 177 "-" "Mozilla/5.0 (compatible; MJ12bot/v1.4.3; http://www.majestic12.co.uk/bot.php?+)"
5.9.7.208 - - [18/Feb/2013:16:26:33 +0100] "GET / HTTP/1.0" 200 15314 "-" "Mozilla/5.0 (compatible; MJ12bot/v1.4.3; http://www.majestic12.co.uk/bot.php?+)"
93.219.54.253 - - [18/Feb/2013:16:28:19 +0100] "GET /preisanfrage.php HTTP/1.1" 200 10647 "http://www.mink-gmbh.de/impressum.php" "Mozilla/4.0 (compatible; MSIE 7.0; Windows NT 6.0; GTB7.4; Mozilla/4.0 (compatible; MSIE 6.0; Windows NT 5.1; SV1) ; SLCC1; .NET CLR 2.0.50727; Media Center PC 5.0; .NET CLR 1.1.4322; .NET CLR 3.5.30729; .NET CLR 3.0.30618)"
93.219.54.253 - - [18/Feb/2013:16:28:22 +0100] "GET /wunschpreis.php HTTP/1.1" 200 11997 "http://www.mink-gmbh.de/preisanfrage.php" "Mozilla/4.0 (compatible; MSIE 7.0; Windows NT 6.0; GTB7.4; Mozilla/4.0 (compatible; MSIE 6.0; Windows NT 5.1; SV1) ; SLCC1; .NET CLR 2.0.50727; Media Center PC 5.0; .NET CLR 1.1.4322; .NET CLR 3.5.30729; .NET CLR 3.0.30618)"
208.115.111.75 - - [18/Feb/2013:16:41:45 +0100] "GET /news.php?cs_go=archiv&cs_id=3858 HTTP/1.1" 200 12466 "-" "Mozilla/5.0 (compatible; Ezooms/1.0; ezooms.bot@gmail.com)"
208.115.113.91 - - [18/Feb/2013:16:47:33 +0100] "GET /robots.txt HTTP/1.1" 200 177 "-" "Mozilla/5.0 (compatible; Ezooms/1.0; ezooms.bot@gmail.com)"
141.8.147.12 - - [18/Feb/2013:16:59:48 +0100] "GET /robots.txt HTTP/1.1" 200 177 "-" "Mozilla/5.0 (compatible; YandexBot/3.0; +http://yandex.com/bots)"
93.219.150.249 - - [18/Feb/2013:17:11:40 +0100] "GET /modul.css HTTP/1.1" 200 35038 "http://www.mink-gmbh.de/" "Mozilla/5.0 (Macintosh; Intel Mac OS X 10.6; rv:18.0) Gecko/20100101 Firefox/18.0"
93.219.150.249 - - [18/Feb/2013:17:11:40 +0100] "GET /style.css HTTP/1.1" 200 8418 "http://www.mink-gmbh.de/" "Mozilla/5.0 (Macintosh; Intel Mac OS X 10.6; rv:18.0) Gecko/20100101 Firefox/18.0"
93.219.150.249 - - [18/Feb/2013:17:11:41 +0100] "GET /favicon.ico HTTP/1.1" 200 3638 "-" "Mozilla/5.0 (Macintosh; Intel Mac OS X 10.6; rv:18.0) Gecko/20100101 Firefox/18.0"
93.219.150.249 - - [18/Feb/2013:17:11:40 +0100] "GET / HTTP/1.1" 200 15314 "-" "Mozilla/5.0 (Macintosh; Intel Mac OS X 10.6; rv:18.0) Gecko/20100101 Firefox/18.0"
93.219.150.249 - - [18/Feb/2013:17:11:42 +0100] "GET /js_contentserver24_greybox/AJS.js HTTP/1.1" 200 10396 "http://www.mink-gmbh.de/" "Mozilla/5.0 (Macintosh; Intel Mac OS X 10.6; rv:18.0) Gecko/20100101 Firefox/18.0"
93.219.150.249 - - [18/Feb/2013:17:11:42 +0100] "GET /js_contentserver24_greybox/AJS_fx.js HTTP/1.1" 200 3192 "http://www.mink-gmbh.de/" "Mozilla/5.0 (Macintosh; Intel Mac OS X 10.6; rv:18.0) Gecko/20100101 Firefox/18.0"
93.219.150.249 - - [18/Feb/2013:17:11:42 +0100] "GET /images/freecall.jpg HTTP/1.1" 200 39195 "http://www.mink-gmbh.de/" "Mozilla/5.0 (Macintosh; Intel Mac OS X 10.6; rv:18.0) Gecko/20100101 Firefox/18.0"
93.219.150.249 - - [18/Feb/2013:17:11:42 +0100] "GET /images/tkw.jpg HTTP/1.1" 200 64031 "http://www.mink-gmbh.de/" "Mozilla/5.0 (Macintosh; Intel Mac OS X 10.6; rv:18.0) Gecko/20100101 Firefox/18.0"
93.219.150.249 - - [18/Feb/2013:17:11:42 +0100] "GET /images/mail.jpg HTTP/1.1" 200 11165 "http://www.mink-gmbh.de/" "Mozilla/5.0 (Macintosh; Intel Mac OS X 10.6; rv:18.0) Gecko/20100101 Firefox/18.0"
93.219.150.249 - - [18/Feb/2013:17:11:42 +0100] "GET /images/kwk.gif HTTP/1.1" 200 6403 "http://www.mink-gmbh.de/" "Mozilla/5.0 (Macintosh; Intel Mac OS X 10.6; rv:18.0) Gecko/20100101 Firefox/18.0"
93.219.150.249 - - [18/Feb/2013:17:11:42 +0100] "GET /images/wunschpreis.jpg HTTP/1.1" 200 16767 "http://www.mink-gmbh.de/" "Mozilla/5.0 (Macintosh; Intel Mac OS X 10.6; rv:18.0) Gecko/20100101 Firefox/18.0"
93.219.150.249 - - [18/Feb/2013:17:11:43 +0100] "GET /images/logos.jpg HTTP/1.1" 200 15002 "http://www.mink-gmbh.de/" "Mozilla/5.0 (Macintosh; Intel Mac OS X 10.6; rv:18.0) Gecko/20100101 Firefox/18.0"
93.219.150.249 - - [18/Feb/2013:17:11:43 +0100] "GET /images/bg.jpg HTTP/1.1" 200 345 "http://www.mink-gmbh.de/style.css" "Mozilla/5.0 (Macintosh; Intel Mac OS X 10.6; rv:18.0) Gecko/20100101 Firefox/18.0"
93.219.150.249 - - [18/Feb/2013:17:11:43 +0100] "GET /js_contentserver24_greybox/gb_scripts.js HTTP/1.1" 200 11913 "http://www.mink-gmbh.de/" "Mozilla/5.0 (Macintosh; Intel Mac OS X 10.6; rv:18.0) Gecko/20100101 Firefox/18.0"
93.219.150.249 - - [18/Feb/2013:17:11:43 +0100] "GET /js_contentserver24_greybox/gb_styles.css HTTP/1.1" 200 2302 "http://www.mink-gmbh.de/" "Mozilla/5.0 (Macintosh; Intel Mac OS X 10.6; rv:18.0) Gecko/20100101 Firefox/18.0"
93.219.150.249 - - [18/Feb/2013:17:11:45 +0100] "GET /js_contentserver24_greybox/w_close.gif HTTP/1.1" 200 74 "http://www.mink-gmbh.de/" "Mozilla/5.0 (Macintosh; Intel Mac OS X 10.6; rv:18.0) Gecko/20100101 Firefox/18.0"
93.219.150.249 - - [18/Feb/2013:17:11:45 +0100] "GET /images/close.png HTTP/1.1" 200 703 "http://www.mink-gmbh.de/" "Mozilla/5.0 (Macintosh; Intel Mac OS X 10.6; rv:18.0) Gecko/20100101 Firefox/18.0"
93.219.150.249 - - [18/Feb/2013:17:11:45 +0100] "GET /images/newsletter_bg.jpg HTTP/1.1" 200 33610 "http://www.mink-gmbh.de/" "Mozilla/5.0 (Macintosh; Intel Mac OS X 10.6; rv:18.0) Gecko/20100101 Firefox/18.0"
93.219.150.249 - - [18/Feb/2013:17:11:45 +0100] "GET /images/newsletter.png HTTP/1.1" 200 14619 "http://www.mink-gmbh.de/style.css" "Mozilla/5.0 (Macintosh; Intel Mac OS X 10.6; rv:18.0) Gecko/20100101 Firefox/18.0"
93.219.150.249 - - [18/Feb/2013:17:11:45 +0100] "GET /images/wrapperbg.jpg HTTP/1.1" 200 27465 "http://www.mink-gmbh.de/style.css" "Mozilla/5.0 (Macintosh; Intel Mac OS X 10.6; rv:18.0) Gecko/20100101 Firefox/18.0"
93.219.150.249 - - [18/Feb/2013:17:11:45 +0100] "GET /images/header.jpg HTTP/1.1" 200 24413 "http://www.mink-gmbh.de/style.css" "Mozilla/5.0 (Macintosh; Intel Mac OS X 10.6; rv:18.0) Gecko/20100101 Firefox/18.0"
93.219.150.249 - - [18/Feb/2013:17:11:45 +0100] "GET /images/navibg.png HTTP/1.1" 200 2803 "http://www.mink-gmbh.de/style.css" "Mozilla/5.0 (Macintosh; Intel Mac OS X 10.6; rv:18.0) Gecko/20100101 Firefox/18.0"
93.219.150.249 - - [18/Feb/2013:17:11:45 +0100] "GET /images/steigend.png HTTP/1.1" 200 688 "http://www.mink-gmbh.de/modul.css" "Mozilla/5.0 (Macintosh; Intel Mac OS X 10.6; rv:18.0) Gecko/20100101 Firefox/18.0"
93.219.150.249 - - [18/Feb/2013:17:11:45 +0100] "GET /images/gleichbleibend.png HTTP/1.1" 200 534 "http://www.mink-gmbh.de/modul.css" "Mozilla/5.0 (Macintosh; Intel Mac OS X 10.6; rv:18.0) Gecko/20100101 Firefox/18.0"
93.219.150.249 - - [18/Feb/2013:17:11:45 +0100] "GET /images/fallend.png HTTP/1.1" 200 713 "http://www.mink-gmbh.de/modul.css" "Mozilla/5.0 (Macintosh; Intel Mac OS X 10.6; rv:18.0) Gecko/20100101 Firefox/18.0"
93.219.150.249 - - [18/Feb/2013:17:11:45 +0100] "GET /images/mobil.jpg HTTP/1.1" 200 25293 "http://www.mink-gmbh.de/style.css" "Mozilla/5.0 (Macintosh; Intel Mac OS X 10.6; rv:18.0) Gecko/20100101 Firefox/18.0"
93.219.150.249 - - [18/Feb/2013:17:11:45 +0100] "GET /images/newsletter.jpg HTTP/1.1" 200 13130 "http://www.mink-gmbh.de/style.css" "Mozilla/5.0 (Macintosh; Intel Mac OS X 10.6; rv:18.0) Gecko/20100101 Firefox/18.0"
93.219.150.249 - - [18/Feb/2013:17:11:45 +0100] "GET /images/footerbg.jpg HTTP/1.1" 200 2184 "http://www.mink-gmbh.de/style.css" "Mozilla/5.0 (Macintosh; Intel Mac OS X 10.6; rv:18.0) Gecko/20100101 Firefox/18.0"
93.219.150.249 - - [18/Feb/2013:17:11:45 +0100] "GET /js_contentserver24_greybox/loader_frame.html?s=0 HTTP/1.1" 200 2084 "http://www.mink-gmbh.de/" "Mozilla/5.0 (Macintosh; Intel Mac OS X 10.6; rv:18.0) Gecko/20100101 Firefox/18.0"
93.219.150.249 - - [18/Feb/2013:17:11:45 +0100] "GET /js_contentserver24_greybox/header_bg.gif HTTP/1.1" 200 1188 "http://www.mink-gmbh.de/" "Mozilla/5.0 (Macintosh; Intel Mac OS X 10.6; rv:18.0) Gecko/20100101 Firefox/18.0"
93.219.150.249 - - [18/Feb/2013:17:11:47 +0100] "GET /js_contentserver24_greybox/indicator.gif HTTP/1.1" 200 8238 "http://www.mink-gmbh.de/js_contentserver24_greybox/loader_frame.html?s=0" "Mozilla/5.0 (Macintosh; Intel Mac OS X 10.6; rv:18.0) Gecko/20100101 Firefox/18.0"
93.219.150.249 - - [18/Feb/2013:17:11:48 +0100] "GET /js_contentserver24_greybox/g_close.gif HTTP/1.1" 200 541 "http://www.mink-gmbh.de/" "Mozilla/5.0 (Macintosh; Intel Mac OS X 10.6; rv:18.0) Gecko/20100101 Firefox/18.0"
93.219.150.249 - - [18/Feb/2013:17:12:40 +0100] "GET /kontakt.php HTTP/1.1" 200 9111 "http://www.mink-gmbh.de/" "Mozilla/5.0 (Macintosh; Intel Mac OS X 10.6; rv:18.0) Gecko/20100101 Firefox/18.0"
93.219.150.249 - - [18/Feb/2013:17:12:58 +0100] "GET /impressum.php HTTP/1.1" 200 8495 "http://www.mink-gmbh.de/kontakt.php" "Mozilla/5.0 (Macintosh; Intel Mac OS X 10.6; rv:18.0) Gecko/20100101 Firefox/18.0"
66.249.78.46 - - [18/Feb/2013:17:29:42 +0100] "GET /preisanfrage.php HTTP/1.1" 200 10734 "-" "SAMSUNG-SGH-E250/1.0 Profile/MIDP-2.0 Configuration/CLDC-1.1 UP.Browser/6.2.3.3.c.1.101 (GUI) MMP/2.0 (compatible; Googlebot-Mobile/2.1; +http://www.google.com/bot.html)"
65.36.241.79 - - [18/Feb/2013:18:05:45 +0100] "HEAD / HTTP/1.1" 200 - "-" "InternetSeer.com"
139.18.2.209 - - [18/Feb/2013:18:09:38 +0100] "GET /jobs.php HTTP/1.1" 200 6407 "-" "findlinks/2.6 (+http://wortschatz.uni-leipzig.de/findlinks/)"
139.18.2.209 - - [18/Feb/2013:18:09:38 +0100] "GET /jobs.php HTTP/1.1" 200 10003 "-" "findlinks/2.6 (+http://wortschatz.uni-leipzig.de/findlinks/)"
82.128.253.85 - - [18/Feb/2013:18:09:57 +0100] "GET /robots.txt HTTP/1.0" 200 177 "-" "Mozilla/5.0 (compatible; MJ12bot/v1.4.3; http://www.majestic12.co.uk/bot.php?+)"
82.128.253.85 - - [18/Feb/2013:18:10:00 +0100] "GET / HTTP/1.0" 200 15314 "-" "Mozilla/5.0 (compatible; MJ12bot/v1.4.3; http://www.majestic12.co.uk/bot.php?+)"
78.46.35.47 - - [18/Feb/2013:18:16:31 +0100] "GET / HTTP/1.1" 200 15314 "-" "Mozilla/5.0 (Windows NT 5.1; rv:6.0.2) Gecko/20100101 Firefox/6.0.2"
66.249.78.46 - - [18/Feb/2013:18:26:00 +0100] "GET /lexikon.php?cs_go=3&cs_id=78 HTTP/1.1" 200 8258 "-" "Mozilla/5.0 (compatible; Googlebot/2.1; +http://www.google.com/bot.html)"
208.115.111.75 - - [18/Feb/2013:18:42:38 +0100] "GET /robots.txt HTTP/1.1" 200 177 "-" "Mozilla/5.0 (compatible; Ezooms/1.0; ezooms.bot@gmail.com)"
66.249.75.46 - - [18/Feb/2013:18:48:00 +0100] "GET /news.php?cs_go=archiv HTTP/1.1" 200 22063 "-" "DoCoMo/2.0 N905i(c100;TB;W24H16) (compatible; Googlebot-Mobile/2.1; +http://www.google.com/bot.html)"
208.115.113.91 - - [18/Feb/2013:18:57:10 +0100] "GET /lexikon.php?cs_go=2&cs_char=y HTTP/1.1" 200 8582 "-" "Mozilla/5.0 (compatible; Ezooms/1.0; ezooms.bot@gmail.com)"
208.115.113.91 - - [18/Feb/2013:18:57:14 +0100] "GET /news.php?cs_go=archiv&cs_startpos=90 HTTP/1.1" 200 22838 "-" "Mozilla/5.0 (compatible; Ezooms/1.0; ezooms.bot@gmail.com)"
141.8.147.12 - - [18/Feb/2013:19:21:36 +0100] "GET / HTTP/1.1" 200 15314 "-" "Mozilla/5.0 (compatible; YandexBot/3.0; +http://yandex.com/bots)"
82.94.176.164 - - [18/Feb/2013:19:44:15 +0100] "GET /jobs.php HTTP/1.1" 200 10090 "-" "Mozilla/4.0 (compatible; MSIE 5.5; Windows NT)"
208.115.111.75 - - [18/Feb/2013:20:37:46 +0100] "GET /news.php?cs_go=archiv&cs_id=3839&cs_search= HTTP/1.1" 200 13533 "-" "Mozilla/5.0 (compatible; Ezooms/1.0; ezooms.bot@gmail.com)"
208.115.111.75 - - [18/Feb/2013:20:37:51 +0100] "GET /news.php?cs_go=archiv&cs_startpos=50 HTTP/1.1" 200 22893 "-" "Mozilla/5.0 (compatible; Ezooms/1.0; ezooms.bot@gmail.com)"
139.18.2.17 - - [18/Feb/2013:20:43:54 +0100] "GET /news.php?cs_go=archiv&cs_startpos=10 HTTP/1.1" 200 22369 "-" "findlinks/2.6 (+http://wortschatz.uni-leipzig.de/findlinks/)"
139.18.2.17 - - [18/Feb/2013:20:43:53 +0100] "GET /news.php?cs_go=archiv&cs_startpos=10 HTTP/1.1" 200 22456 "-" "findlinks/2.6 (+http://wortschatz.uni-leipzig.de/findlinks/)"
208.115.113.91 - - [18/Feb/2013:20:46:23 +0100] "GET /robots.txt HTTP/1.1" 200 177 "-" "Mozilla/5.0 (compatible; Ezooms/1.0; ezooms.bot@gmail.com)"
139.18.2.209 - - [18/Feb/2013:20:46:24 +0100] "GET /news.php?cs_go=archiv&cs_startpos=50 HTTP/1.1" 200 6992 "-" "findlinks/2.6 (+http://wortschatz.uni-leipzig.de/findlinks/)"
139.18.2.209 - - [18/Feb/2013:20:46:24 +0100] "GET /news.php?cs_go=archiv&cs_startpos=50 HTTP/1.1" 200 22806 "-" "findlinks/2.6 (+http://wortschatz.uni-leipzig.de/findlinks/)"
139.18.2.209 - - [18/Feb/2013:21:16:24 +0100] "GET /news.php?cs_go=archiv&cs_startpos=30 HTTP/1.1" 200 6992 "-" "findlinks/2.6 (+http://wortschatz.uni-leipzig.de/findlinks/)"
139.18.2.209 - - [18/Feb/2013:21:16:24 +0100] "GET /news.php?cs_go=archiv&cs_startpos=30 HTTP/1.1" 200 22638 "-" "findlinks/2.6 (+http://wortschatz.uni-leipzig.de/findlinks/)"
141.8.147.12 - - [18/Feb/2013:21:43:54 +0100] "GET /news.php?cs_go=archiv&cs_id=3828&cs_search= HTTP/1.1" 200 10056 "-" "Mozilla/5.0 (compatible; YandexBot/3.0; +http://yandex.com/bots)"
66.249.75.46 - - [18/Feb/2013:21:52:25 +0100] "GET /news.php?cs_go=archiv&cs_id=3926 HTTP/1.1" 200 13063 "-" "DoCoMo/2.0 N905i(c100;TB;W24H16) (compatible; Googlebot-Mobile/2.1; +http://www.google.com/bot.html)"
123.125.71.73 - - [18/Feb/2013:21:55:31 +0100] "GET / HTTP/1.1" 200 15314 "-" "Mozilla/5.0 (compatible; Baiduspider/2.0; +http://www.baidu.com/search/spider.html)"
208.115.111.75 - - [18/Feb/2013:22:40:01 +0100] "GET /robots.txt HTTP/1.1" 200 177 "-" "Mozilla/5.0 (compatible; Ezooms/1.0; ezooms.bot@gmail.com)"
157.55.35.80 - - [18/Feb/2013:22:49:21 +0100] "GET /robots.txt HTTP/1.1" 200 177 "-" "Mozilla/5.0 (compatible; bingbot/2.0; +http://www.bing.com/bingbot.htm)"
157.55.35.80 - - [18/Feb/2013:22:52:13 +0100] "GET /modernisierung.php HTTP/1.1" 200 11578 "-" "Mozilla/5.0 (compatible; bingbot/2.0; +http://www.bing.com/bingbot.htm)"
208.115.113.91 - - [18/Feb/2013:22:54:59 +0100] "GET /lexikon.php?cs_go=2&cs_char=w HTTP/1.1" 200 8587 "-" "Mozilla/5.0 (compatible; Ezooms/1.0; ezooms.bot@gmail.com)"
157.55.35.80 - - [18/Feb/2013:23:25:19 +0100] "GET /robots.txt HTTP/1.1" 200 177 "-" "Mozilla/5.0 (compatible; bingbot/2.0; +http://www.bing.com/bingbot.htm)"
157.55.35.80 - - [18/Feb/2013:23:28:16 +0100] "GET /Heizoel-Berlin.html HTTP/1.1" 404 - "-" "Mozilla/5.0 (compatible; bingbot/2.0; +http://www.bing.com/bingbot.htm)"
66.249.78.46 - - [18/Feb/2013:23:43:19 +0100] "GET /favicon.ico HTTP/1.1" 304 - "-" "Googlebot-Image/1.0"
66.249.75.46 - - [18/Feb/2013:23:48:48 +0100] "GET /news.php?cs_go=archiv&cs_id=3861 HTTP/1.1" 200 13777 "-" "DoCoMo/2.0 N905i(c100;TB;W24H16) (compatible; Googlebot-Mobile/2.1; +http://www.google.com/bot.html)"
65.36.241.79 - - [18/Feb/2013:23:49:09 +0100] "HEAD / HTTP/1.1" 200 - "-" "InternetSeer.com"
123.125.71.89 - - [18/Feb/2013:23:56:45 +0100] "GET /agb.php HTTP/1.1" 200 19709 "-" "Mozilla/5.0 (compatible; Baiduspider/2.0; +http://www.baidu.com/search/spider.html)"
208.115.111.75 - - [19/Feb/2013:00:35:50 +0100] "GET /news.php?cs_go=archiv&cs_id=3854 HTTP/1.1" 200 10243 "-" "Mozilla/5.0 (compatible; Ezooms/1.0; ezooms.bot@gmail.com)"
208.115.113.91 - - [19/Feb/2013:00:44:51 +0100] "GET /robots.txt HTTP/1.1" 200 177 "-" "Mozilla/5.0 (compatible; Ezooms/1.0; ezooms.bot@gmail.com)"
141.8.147.12 - - [19/Feb/2013:00:46:45 +0100] "GET /news.php?cs_go=archiv&cs_id=3841&cs_search= HTTP/1.1" 200 9866 "-" "Mozilla/5.0 (compatible; YandexBot/3.0; +http://yandex.com/bots)"
178.77.126.55 - - [19/Feb/2013:00:50:59 +0100] "GET /robots.txt HTTP/1.1" 200 177 "-" "Mozilla/5.0 (compatible; CareerBot/1.1; +http://www.career-x.de/bot.html)"
178.77.126.55 - - [19/Feb/2013:00:50:59 +0100] "GET / HTTP/1.1" 200 15314 "-" "Mozilla/5.0 (compatible; CareerBot/1.1; +http://www.career-x.de/bot.html)"
66.249.75.46 - - [19/Feb/2013:01:28:57 +0100] "GET /news.php?cs_go=archiv&cs_id=3885 HTTP/1.1" 200 13537 "-" "DoCoMo/2.0 N905i(c100;TB;W24H16) (compatible; Googlebot-Mobile/2.1; +http://www.google.com/bot.html)"
66.249.75.46 - - [19/Feb/2013:01:50:03 +0100] "GET /news.php?cs_go=archiv&cs_id=3921&cs_search= HTTP/1.1" 200 10242 "-" "Mozilla/5.0 (compatible; Googlebot/2.1; +http://www.google.com/bot.html)"
101.226.167.223 - - [19/Feb/2013:01:56:12 +0100] "GET / HTTP/1.1" 200 15314 "http://www.mink-gmbh.de/" "Mozilla/4.0 (compatible; MSIE 8.0; Windows NT 6.1; Trident/4.0; SLCC2; .NET CLR 2.0.50727; .NET CLR 3.5.30729; .NET CLR 3.0.30729; Media Center PC 6.0; MDDR; .NET4.0C; .NET4.0E; .NET CLR 1.1.4322; Tablet PC 2.0); 360Spider"
66.249.75.46 - - [19/Feb/2013:02:19:13 +0100] "GET /news.php?cs_go=archiv&cs_id=3925 HTTP/1.1" 200 10052 "-" "DoCoMo/2.0 N905i(c100;TB;W24H16) (compatible; Googlebot-Mobile/2.1; +http://www.google.com/bot.html)"
66.249.78.46 - - [19/Feb/2013:02:35:34 +0100] "GET /news.php?cs_go=archiv&cs_id=3895 HTTP/1.1" 200 12543 "-" "SAMSUNG-SGH-E250/1.0 Profile/MIDP-2.0 Configuration/CLDC-1.1 UP.Browser/6.2.3.3.c.1.101 (GUI) MMP/2.0 (compatible; Googlebot-Mobile/2.1; +http://www.google.com/bot.html)"
208.115.113.91 - - [19/Feb/2013:02:36:09 +0100] "GET /lexikon.php?cs_go=2&cs_char=u HTTP/1.1" 200 8744 "-" "Mozilla/5.0 (compatible; Ezooms/1.0; ezooms.bot@gmail.com)"
66.249.78.46 - - [19/Feb/2013:03:31:57 +0100] "GET /news.php?cs_go=archiv&cs_startpos=220 HTTP/1.1" 200 22436 "-" "Mozilla/5.0 (compatible; Googlebot/2.1; +http://www.google.com/bot.html)"
141.8.147.12 - - [19/Feb/2013:03:38:02 +0100] "GET /news.php?cs_go=archiv&cs_id=3826&cs_search= HTTP/1.1" 200 9931 "-" "Mozilla/5.0 (compatible; YandexBot/3.0; +http://yandex.com/bots)"
141.8.147.12 - - [19/Feb/2013:04:13:09 +0100] "GET /news.php?cs_go=archiv&cs_id=3582&cs_search= HTTP/1.1" 200 9775 "-" "Mozilla/5.0 (compatible; YandexBot/3.0; +http://yandex.com/bots)"
66.249.78.46 - - [19/Feb/2013:04:17:54 +0100] "GET /news.php?cs_go=archiv&cs_id=2889&cs_search= HTTP/1.1" 200 13664 "-" "Mozilla/5.0 (compatible; Googlebot/2.1; +http://www.google.com/bot.html)"
141.8.147.12 - - [19/Feb/2013:04:27:49 +0100] "GET /news.php?cs_go=archiv&cs_id=3713 HTTP/1.1" 200 16092 "-" "Mozilla/5.0 (compatible; YandexBot/3.0; +http://yandex.com/bots)"
64.125.222.50 - - [19/Feb/2013:04:29:15 +0100] "GET /robots.txt HTTP/1.1" 200 177 "-" "Mozilla/5.0 (compatible; 008/0.83; http://www.80legs.com/webcrawler.html;) Gecko/2008032620"
66.249.78.46 - - [19/Feb/2013:04:29:54 +0100] "GET /news.php?cs_go=archiv&cs_id=2795&cs_search= HTTP/1.1" 200 9892 "-" "Mozilla/5.0 (compatible; Googlebot/2.1; +http://www.google.com/bot.html)"
66.249.78.46 - - [19/Feb/2013:04:41:53 +0100] "GET /news.php?cs_go=archiv&cs_id=3167 HTTP/1.1" 200 9952 "-" "Mozilla/5.0 (compatible; Googlebot/2.1; +http://www.google.com/bot.html)"
