46.115.64.102 - - [10/Feb/2013:17:59:12 +0100] "GET /modul.css HTTP/1.1" 200 35038 "http://www.mink-gmbh.de/" "Mozilla/5.0 (iPhone; CPU iPhone OS 5_1_1 like Mac OS X) AppleWebKit/534.46 (KHTML, like Gecko) Version/5.1 Mobile/9B206 Safari/7534.48.3"
46.115.64.102 - - [10/Feb/2013:17:59:12 +0100] "GET /js_contentserver24_greybox/gb_styles.css HTTP/1.1" 200 2302 "http://www.mink-gmbh.de/" "Mozilla/5.0 (iPhone; CPU iPhone OS 5_1_1 like Mac OS X) AppleWebKit/534.46 (KHTML, like Gecko) Version/5.1 Mobile/9B206 Safari/7534.48.3"
46.115.64.102 - - [10/Feb/2013:17:59:11 +0100] "GET / HTTP/1.1" 200 15405 "http://m.11880.com/?action=detail&entryId=QXJWJYOW7C709B&prevaction=metasearch&what=Heiz%C3%B6l&trade=&tradeid=&where=12247&addressNumber=&start=0&isseo=0&long=&lat=" "Mozilla/5.0 (iPhone; CPU iPhone OS 5_1_1 like Mac OS X) AppleWebKit/534.46 (KHTML, like Gecko) Version/5.1 Mobile/9B206 Safari/7534.48.3"
46.115.64.102 - - [10/Feb/2013:17:59:13 +0100] "GET /js_contentserver24_greybox/AJS.js HTTP/1.1" 200 10396 "http://www.mink-gmbh.de/" "Mozilla/5.0 (iPhone; CPU iPhone OS 5_1_1 like Mac OS X) AppleWebKit/534.46 (KHTML, like Gecko) Version/5.1 Mobile/9B206 Safari/7534.48.3"
46.115.64.102 - - [10/Feb/2013:17:59:13 +0100] "GET /js_contentserver24_greybox/AJS_fx.js HTTP/1.1" 200 3192 "http://www.mink-gmbh.de/" "Mozilla/5.0 (iPhone; CPU iPhone OS 5_1_1 like Mac OS X) AppleWebKit/534.46 (KHTML, like Gecko) Version/5.1 Mobile/9B206 Safari/7534.48.3"
46.115.64.102 - - [10/Feb/2013:17:59:13 +0100] "GET /js_contentserver24_greybox/gb_scripts.js HTTP/1.1" 200 11913 "http://www.mink-gmbh.de/" "Mozilla/5.0 (iPhone; CPU iPhone OS 5_1_1 like Mac OS X) AppleWebKit/534.46 (KHTML, like Gecko) Version/5.1 Mobile/9B206 Safari/7534.48.3"
46.115.64.102 - - [10/Feb/2013:17:59:13 +0100] "GET /images/tkw.jpg HTTP/1.1" 200 64031 "http://www.mink-gmbh.de/" "Mozilla/5.0 (iPhone; CPU iPhone OS 5_1_1 like Mac OS X) AppleWebKit/534.46 (KHTML, like Gecko) Version/5.1 Mobile/9B206 Safari/7534.48.3"
46.115.64.102 - - [10/Feb/2013:17:59:13 +0100] "GET /images/freecall.jpg HTTP/1.1" 200 39195 "http://www.mink-gmbh.de/" "Mozilla/5.0 (iPhone; CPU iPhone OS 5_1_1 like Mac OS X) AppleWebKit/534.46 (KHTML, like Gecko) Version/5.1 Mobile/9B206 Safari/7534.48.3"
46.115.64.102 - - [10/Feb/2013:17:59:13 +0100] "GET /images/mail.jpg HTTP/1.1" 200 11165 "http://www.mink-gmbh.de/" "Mozilla/5.0 (iPhone; CPU iPhone OS 5_1_1 like Mac OS X) AppleWebKit/534.46 (KHTML, like Gecko) Version/5.1 Mobile/9B206 Safari/7534.48.3"
46.115.64.102 - - [10/Feb/2013:17:59:13 +0100] "GET /images/kwk.gif HTTP/1.1" 200 6403 "http://www.mink-gmbh.de/" "Mozilla/5.0 (iPhone; CPU iPhone OS 5_1_1 like Mac OS X) AppleWebKit/534.46 (KHTML, like Gecko) Version/5.1 Mobile/9B206 Safari/7534.48.3"
46.115.64.102 - - [10/Feb/2013:17:59:13 +0100] "GET /images/bg.jpg HTTP/1.1" 200 345 "http://www.mink-gmbh.de/" "Mozilla/5.0 (iPhone; CPU iPhone OS 5_1_1 like Mac OS X) AppleWebKit/534.46 (KHTML, like Gecko) Version/5.1 Mobile/9B206 Safari/7534.48.3"
46.115.64.102 - - [10/Feb/2013:17:59:13 +0100] "GET /js_contentserver24_greybox/w_close.gif HTTP/1.1" 200 74 "http://www.mink-gmbh.de/" "Mozilla/5.0 (iPhone; CPU iPhone OS 5_1_1 like Mac OS X) AppleWebKit/534.46 (KHTML, like Gecko) Version/5.1 Mobile/9B206 Safari/7534.48.3"
46.115.64.102 - - [10/Feb/2013:17:59:13 +0100] "GET /images/close.png HTTP/1.1" 200 703 "http://www.mink-gmbh.de/" "Mozilla/5.0 (iPhone; CPU iPhone OS 5_1_1 like Mac OS X) AppleWebKit/534.46 (KHTML, like Gecko) Version/5.1 Mobile/9B206 Safari/7534.48.3"
46.115.64.102 - - [10/Feb/2013:17:59:13 +0100] "GET /images/newsletter_bg.jpg HTTP/1.1" 200 33610 "http://www.mink-gmbh.de/" "Mozilla/5.0 (iPhone; CPU iPhone OS 5_1_1 like Mac OS X) AppleWebKit/534.46 (KHTML, like Gecko) Version/5.1 Mobile/9B206 Safari/7534.48.3"
46.115.64.102 - - [10/Feb/2013:17:59:13 +0100] "GET /images/newsletter.png HTTP/1.1" 200 14619 "http://www.mink-gmbh.de/" "Mozilla/5.0 (iPhone; CPU iPhone OS 5_1_1 like Mac OS X) AppleWebKit/534.46 (KHTML, like Gecko) Version/5.1 Mobile/9B206 Safari/7534.48.3"
46.115.64.102 - - [10/Feb/2013:17:59:13 +0100] "GET /images/logos.jpg HTTP/1.1" 200 15002 "http://www.mink-gmbh.de/" "Mozilla/5.0 (iPhone; CPU iPhone OS 5_1_1 like Mac OS X) AppleWebKit/534.46 (KHTML, like Gecko) Version/5.1 Mobile/9B206 Safari/7534.48.3"
46.115.64.102 - - [10/Feb/2013:17:59:13 +0100] "GET /images/wrapperbg.jpg HTTP/1.1" 200 27465 "http://www.mink-gmbh.de/" "Mozilla/5.0 (iPhone; CPU iPhone OS 5_1_1 like Mac OS X) AppleWebKit/534.46 (KHTML, like Gecko) Version/5.1 Mobile/9B206 Safari/7534.48.3"
46.115.64.102 - - [10/Feb/2013:17:59:13 +0100] "GET /images/wunschpreis.jpg HTTP/1.1" 200 16767 "http://www.mink-gmbh.de/" "Mozilla/5.0 (iPhone; CPU iPhone OS 5_1_1 like Mac OS X) AppleWebKit/534.46 (KHTML, like Gecko) Version/5.1 Mobile/9B206 Safari/7534.48.3"
46.115.64.102 - - [10/Feb/2013:17:59:13 +0100] "GET /images/header.jpg HTTP/1.1" 200 24413 "http://www.mink-gmbh.de/" "Mozilla/5.0 (iPhone; CPU iPhone OS 5_1_1 like Mac OS X) AppleWebKit/534.46 (KHTML, like Gecko) Version/5.1 Mobile/9B206 Safari/7534.48.3"
46.115.64.102 - - [10/Feb/2013:17:59:13 +0100] "GET /images/navibg.png HTTP/1.1" 200 2803 "http://www.mink-gmbh.de/" "Mozilla/5.0 (iPhone; CPU iPhone OS 5_1_1 like Mac OS X) AppleWebKit/534.46 (KHTML, like Gecko) Version/5.1 Mobile/9B206 Safari/7534.48.3"
46.115.64.102 - - [10/Feb/2013:17:59:13 +0100] "GET /images/steigend.png HTTP/1.1" 200 688 "http://www.mink-gmbh.de/" "Mozilla/5.0 (iPhone; CPU iPhone OS 5_1_1 like Mac OS X) AppleWebKit/534.46 (KHTML, like Gecko) Version/5.1 Mobile/9B206 Safari/7534.48.3"
46.115.64.102 - - [10/Feb/2013:17:59:13 +0100] "GET /images/fallend.png HTTP/1.1" 200 713 "http://www.mink-gmbh.de/" "Mozilla/5.0 (iPhone; CPU iPhone OS 5_1_1 like Mac OS X) AppleWebKit/534.46 (KHTML, like Gecko) Version/5.1 Mobile/9B206 Safari/7534.48.3"
46.115.64.102 - - [10/Feb/2013:17:59:13 +0100] "GET /images/newsletter.jpg HTTP/1.1" 200 13130 "http://www.mink-gmbh.de/" "Mozilla/5.0 (iPhone; CPU iPhone OS 5_1_1 like Mac OS X) AppleWebKit/534.46 (KHTML, like Gecko) Version/5.1 Mobile/9B206 Safari/7534.48.3"
46.115.64.102 - - [10/Feb/2013:17:59:13 +0100] "GET /images/mobil.jpg HTTP/1.1" 200 25293 "http://www.mink-gmbh.de/" "Mozilla/5.0 (iPhone; CPU iPhone OS 5_1_1 like Mac OS X) AppleWebKit/534.46 (KHTML, like Gecko) Version/5.1 Mobile/9B206 Safari/7534.48.3"
46.115.64.102 - - [10/Feb/2013:17:59:15 +0100] "GET /images/footerbg.jpg HTTP/1.1" 200 2184 "http://www.mink-gmbh.de/" "Mozilla/5.0 (iPhone; CPU iPhone OS 5_1_1 like Mac OS X) AppleWebKit/534.46 (KHTML, like Gecko) Version/5.1 Mobile/9B206 Safari/7534.48.3"
46.115.64.102 - - [10/Feb/2013:17:59:15 +0100] "GET /js_contentserver24_greybox/header_bg.gif HTTP/1.1" 200 1188 "http://www.mink-gmbh.de/" "Mozilla/5.0 (iPhone; CPU iPhone OS 5_1_1 like Mac OS X) AppleWebKit/534.46 (KHTML, like Gecko) Version/5.1 Mobile/9B206 Safari/7534.48.3"
46.115.64.102 - - [10/Feb/2013:17:59:15 +0100] "GET /js_contentserver24_greybox/loader_frame.html?s=0 HTTP/1.1" 200 2084 "http://www.mink-gmbh.de/" "Mozilla/5.0 (iPhone; CPU iPhone OS 5_1_1 like Mac OS X) AppleWebKit/534.46 (KHTML, like Gecko) Version/5.1 Mobile/9B206 Safari/7534.48.3"
46.115.64.102 - - [10/Feb/2013:17:59:15 +0100] "GET /js_contentserver24_greybox/g_close.gif HTTP/1.1" 200 541 "http://www.mink-gmbh.de/" "Mozilla/5.0 (iPhone; CPU iPhone OS 5_1_1 like Mac OS X) AppleWebKit/534.46 (KHTML, like Gecko) Version/5.1 Mobile/9B206 Safari/7534.48.3"
46.115.64.102 - - [10/Feb/2013:17:59:15 +0100] "GET /js_contentserver24_greybox/indicator.gif HTTP/1.1" 200 8238 "http://www.mink-gmbh.de/" "Mozilla/5.0 (iPhone; CPU iPhone OS 5_1_1 like Mac OS X) AppleWebKit/534.46 (KHTML, like Gecko) Version/5.1 Mobile/9B206 Safari/7534.48.3"
141.8.147.1 - - [10/Feb/2013:18:04:35 +0100] "GET /lexikon.php?cs_go=3&cs_id=225 HTTP/1.1" 200 8216 "-" "Mozilla/5.0 (compatible; YandexBot/3.0; +http://yandex.com/bots)"
66.249.76.46 - - [10/Feb/2013:18:21:25 +0100] "GET /robots.txt HTTP/1.1" 200 177 "-" "Mozilla/5.0 (compatible; Googlebot/2.1; +http://www.google.com/bot.html)"
66.249.78.46 - - [10/Feb/2013:18:21:25 +0100] "GET /news.php?cs_go=archiv&cs_startpos=591 HTTP/1.1" 200 8125 "-" "Mozilla/5.0 (compatible; Googlebot/2.1; +http://www.google.com/bot.html)"
141.8.147.1 - - [10/Feb/2013:18:34:24 +0100] "GET /lexikon.php?cs_go=3&cs_id=177 HTTP/1.1" 200 7984 "-" "Mozilla/5.0 (compatible; YandexBot/3.0; +http://yandex.com/bots)"
141.8.147.1 - - [10/Feb/2013:19:04:21 +0100] "GET /lexikon.php?cs_go=3&cs_id=224 HTTP/1.1" 200 8276 "-" "Mozilla/5.0 (compatible; YandexBot/3.0; +http://yandex.com/bots)"
82.94.176.164 - - [10/Feb/2013:19:32:31 +0100] "GET /jobs.php HTTP/1.1" 200 10090 "-" "Mozilla/4.0 (compatible; MSIE 5.5; Windows NT)"
141.8.147.1 - - [10/Feb/2013:19:34:23 +0100] "GET /lexikon.php?cs_go=3&cs_id=161 HTTP/1.1" 200 8023 "-" "Mozilla/5.0 (compatible; YandexBot/3.0; +http://yandex.com/bots)"
65.36.241.79 - - [10/Feb/2013:19:56:39 +0100] "HEAD / HTTP/1.1" 200 - "-" "InternetSeer.com"
141.8.147.1 - - [10/Feb/2013:20:04:12 +0100] "GET /lexikon.php?cs_go=3&cs_id=181 HTTP/1.1" 200 7995 "-" "Mozilla/5.0 (compatible; YandexBot/3.0; +http://yandex.com/bots)"
66.249.76.46 - - [10/Feb/2013:20:13:54 +0100] "GET /news.php?cs_go=archiv&cs_id=2766&cs_search= HTTP/1.1" 200 11745 "-" "Mozilla/5.0 (compatible; Googlebot/2.1; +http://www.google.com/bot.html)"
66.249.78.46 - - [10/Feb/2013:20:18:32 +0100] "GET /kwk.php HTTP/1.1" 200 10884 "-" "SAMSUNG-SGH-E250/1.0 Profile/MIDP-2.0 Configuration/CLDC-1.1 UP.Browser/6.2.3.3.c.1.101 (GUI) MMP/2.0 (compatible; Googlebot-Mobile/2.1; +http://www.google.com/bot.html)"
141.8.147.1 - - [10/Feb/2013:20:25:48 +0100] "GET /lexikon.php?cs_go=3&cs_id=25 HTTP/1.1" 200 8404 "-" "Mozilla/5.0 (compatible; YandexBot/3.0; +http://yandex.com/bots)"
123.125.71.51 - - [10/Feb/2013:20:31:45 +0100] "GET / HTTP/1.1" 200 8765 "-" "Mozilla/5.0 (compatible; Baiduspider/2.0; +http://www.baidu.com/search/spider.html)"
220.181.108.96 - - [10/Feb/2013:20:32:17 +0100] "GET / HTTP/1.1" 200 6434 "-" "Mozilla/5.0 (compatible; Baiduspider/2.0; +http://www.baidu.com/search/spider.html)"
66.249.78.46 - - [10/Feb/2013:20:40:04 +0100] "GET /lexikon.php?cs_go=2&cs_char=u HTTP/1.1" 200 8744 "-" "Mozilla/5.0 (compatible; Googlebot/2.1; +http://www.google.com/bot.html)"
208.115.113.91 - - [10/Feb/2013:20:41:26 +0100] "GET /robots.txt HTTP/1.1" 200 177 "-" "Mozilla/5.0 (compatible; Ezooms/1.0; ezooms.bot@gmail.com)"
141.8.147.1 - - [10/Feb/2013:20:56:36 +0100] "GET /lexikon.php?cs_go=3&cs_id=112 HTTP/1.1" 200 9151 "-" "Mozilla/5.0 (compatible; YandexBot/3.0; +http://yandex.com/bots)"
178.255.215.64 - - [10/Feb/2013:20:59:19 +0100] "GET /newsletter.php HTTP/1.1" 200 8928 "-" "Mozilla/5.0 (compatible; Exabot/3.0; +http://www.exabot.com/go/robot)"
66.249.76.46 - - [10/Feb/2013:21:03:59 +0100] "GET /index.php HTTP/1.1" 200 15405 "-" "DoCoMo/2.0 N905i(c100;TB;W24H16) (compatible; Googlebot-Mobile/2.1; +http://www.google.com/bot.html)"
139.18.2.209 - - [10/Feb/2013:21:17:51 +0100] "GET /optiplus.php HTTP/1.1" 200 11100 "-" "findlinks/2.6 (+http://wortschatz.uni-leipzig.de/findlinks/)"
139.18.2.209 - - [10/Feb/2013:21:17:52 +0100] "GET /optiplus.php HTTP/1.1" 200 11013 "-" "findlinks/2.6 (+http://wortschatz.uni-leipzig.de/findlinks/)"
141.8.147.1 - - [10/Feb/2013:21:19:15 +0100] "GET /lexikon.php?cs_go=3&cs_id=18 HTTP/1.1" 200 8004 "-" "Mozilla/5.0 (compatible; YandexBot/3.0; +http://yandex.com/bots)"
141.8.147.1 - - [10/Feb/2013:21:31:52 +0100] "GET /lexikon.php?cs_go=3&cs_id=211 HTTP/1.1" 200 8563 "-" "Mozilla/5.0 (compatible; YandexBot/3.0; +http://yandex.com/bots)"
141.8.147.1 - - [10/Feb/2013:21:45:07 +0100] "GET /lexikon.php?cs_go=3&cs_id=111 HTTP/1.1" 200 8057 "-" "Mozilla/5.0 (compatible; YandexBot/3.0; +http://yandex.com/bots)"
173.199.114.131 - - [10/Feb/2013:22:10:21 +0100] "GET /lexikon.php?cs_go=3&cs_id=99 HTTP/1.1" 200 9500 "-" "Mozilla/5.0 (compatible; AhrefsBot/4.0; +http://ahrefs.com/robot/)"
141.8.147.1 - - [10/Feb/2013:22:19:13 +0100] "GET /lexikon.php?cs_go=3&cs_id=216 HTTP/1.1" 200 8120 "-" "Mozilla/5.0 (compatible; YandexBot/3.0; +http://yandex.com/bots)"
141.8.147.1 - - [10/Feb/2013:22:38:05 +0100] "GET /lexikon.php?cs_go=3&cs_id=131 HTTP/1.1" 200 8378 "-" "Mozilla/5.0 (compatible; YandexBot/3.0; +http://yandex.com/bots)"
208.115.111.75 - - [10/Feb/2013:22:40:11 +0100] "GET /robots.txt HTTP/1.1" 200 177 "-" "Mozilla/5.0 (compatible; Ezooms/1.0; ezooms.bot@gmail.com)"
208.115.113.91 - - [10/Feb/2013:22:57:24 +0100] "GET /news.php?cs_go=archiv&cs_startpos=0 HTTP/1.1" 200 22270 "-" "Mozilla/5.0 (compatible; Ezooms/1.0; ezooms.bot@gmail.com)"
141.8.147.1 - - [10/Feb/2013:22:57:34 +0100] "GET /lexikon.php?cs_go=3&cs_id=184 HTTP/1.1" 200 7998 "-" "Mozilla/5.0 (compatible; YandexBot/3.0; +http://yandex.com/bots)"
173.199.114.131 - - [10/Feb/2013:23:16:03 +0100] "GET /lexikon.php?cs_go=2&cs_char=y HTTP/1.1" 200 8582 "-" "Mozilla/5.0 (compatible; AhrefsBot/4.0; +http://ahrefs.com/robot/)"
139.18.2.209 - - [10/Feb/2013:23:21:10 +0100] "GET /rueckrufservice.php HTTP/1.1" 200 8051 "-" "findlinks/2.6 (+http://wortschatz.uni-leipzig.de/findlinks/)"
139.18.2.209 - - [10/Feb/2013:23:21:10 +0100] "GET /rueckrufservice.php HTTP/1.1" 200 10683 "-" "findlinks/2.6 (+http://wortschatz.uni-leipzig.de/findlinks/)"
141.8.147.1 - - [10/Feb/2013:23:29:38 +0100] "GET /lexikon.php?cs_go=3&cs_id=169 HTTP/1.1" 200 8037 "-" "Mozilla/5.0 (compatible; YandexBot/3.0; +http://yandex.com/bots)"
173.199.114.131 - - [10/Feb/2013:23:30:48 +0100] "GET /lexikon.php?cs_go=3&cs_id=40 HTTP/1.1" 200 12171 "-" "Mozilla/5.0 (compatible; AhrefsBot/4.0; +http://ahrefs.com/robot/)"
139.18.2.209 - - [10/Feb/2013:23:50:19 +0100] "GET /news.php?cs_go=archiv&cs_id=3813&cs_search= HTTP/1.1" 200 6993 "-" "findlinks/2.6 (+http://wortschatz.uni-leipzig.de/findlinks/)"
139.18.2.209 - - [10/Feb/2013:23:50:19 +0100] "GET /news.php?cs_go=archiv&cs_id=3813&cs_search= HTTP/1.1" 200 10172 "-" "findlinks/2.6 (+http://wortschatz.uni-leipzig.de/findlinks/)"
141.8.147.1 - - [10/Feb/2013:23:55:22 +0100] "GET /lexikon.php?cs_go=3&cs_id=153 HTTP/1.1" 200 8749 "-" "Mozilla/5.0 (compatible; YandexBot/3.0; +http://yandex.com/bots)"
141.8.147.1 - - [11/Feb/2013:00:09:07 +0100] "GET /lexikon.php?cs_go=3&cs_id=209 HTTP/1.1" 200 8296 "-" "Mozilla/5.0 (compatible; YandexBot/3.0; +http://yandex.com/bots)"
91.66.160.15 - - [11/Feb/2013:00:23:02 +0100] "GET /news.php?cs_go=archiv&cs_id=3740&cs_search= HTTP/1.1" 200 6992 "-" "findlinks/2.6 (+http://wortschatz.uni-leipzig.de/findlinks/)"
91.66.160.15 - - [11/Feb/2013:00:23:02 +0100] "GET /news.php?cs_go=archiv&cs_id=3740&cs_search= HTTP/1.1" 200 11994 "-" "findlinks/2.6 (+http://wortschatz.uni-leipzig.de/findlinks/)"
173.199.114.131 - - [11/Feb/2013:00:25:06 +0100] "GET /news.php?cs_go=archiv&cs_id=3607&cs_search= HTTP/1.1" 200 13322 "-" "Mozilla/5.0 (compatible; AhrefsBot/4.0; +http://ahrefs.com/robot/)"
141.8.147.1 - - [11/Feb/2013:00:28:44 +0100] "GET /lexikon.php?cs_go=3&cs_id=136 HTTP/1.1" 200 7990 "-" "Mozilla/5.0 (compatible; YandexBot/3.0; +http://yandex.com/bots)"
65.36.241.79 - - [11/Feb/2013:00:35:36 +0100] "HEAD / HTTP/1.1" 200 - "-" "InternetSeer.com"
173.199.114.131 - - [11/Feb/2013:00:38:21 +0100] "GET /lexikon.php?cs_go=3&cs_id=143 HTTP/1.1" 200 9298 "-" "Mozilla/5.0 (compatible; AhrefsBot/4.0; +http://ahrefs.com/robot/)"
208.115.111.75 - - [11/Feb/2013:00:40:29 +0100] "GET /news.php?cs_go=archiv&cs_id=3837&cs_search= HTTP/1.1" 200 11870 "-" "Mozilla/5.0 (compatible; Ezooms/1.0; ezooms.bot@gmail.com)"
141.8.147.1 - - [11/Feb/2013:00:53:21 +0100] "GET /news.php?cs_go=archiv&cs_id=3544&cs_search= HTTP/1.1" 200 9874 "-" "Mozilla/5.0 (compatible; YandexBot/3.0; +http://yandex.com/bots)"
173.199.114.131 - - [11/Feb/2013:01:18:21 +0100] "GET /lexikon.php?cs_go=3&cs_id=41 HTTP/1.1" 200 8353 "-" "Mozilla/5.0 (compatible; AhrefsBot/4.0; +http://ahrefs.com/robot/)"
173.199.114.131 - - [11/Feb/2013:01:19:14 +0100] "GET /diesel.php HTTP/1.1" 200 10639 "-" "Mozilla/5.0 (compatible; AhrefsBot/4.0; +http://ahrefs.com/robot/)"
141.8.147.1 - - [11/Feb/2013:01:19:25 +0100] "GET /news.php?cs_go=archiv&cs_id=3848&cs_search= HTTP/1.1" 200 13537 "-" "Mozilla/5.0 (compatible; YandexBot/3.0; +http://yandex.com/bots)"
157.55.35.91 - - [11/Feb/2013:01:22:56 +0100] "GET /robots.txt HTTP/1.1" 200 177 "-" "Mozilla/5.0 (compatible; bingbot/2.0; +http://www.bing.com/bingbot.htm)"
173.199.114.131 - - [11/Feb/2013:01:24:15 +0100] "GET /lexikon.php?cs_go=2&cs_char=l HTTP/1.1" 200 8773 "-" "Mozilla/5.0 (compatible; AhrefsBot/4.0; +http://ahrefs.com/robot/)"
157.55.35.91 - - [11/Feb/2013:01:24:28 +0100] "GET / HTTP/1.1" 200 15404 "-" "Mozilla/5.0 (compatible; bingbot/2.0; +http://www.bing.com/bingbot.htm)"
173.199.114.131 - - [11/Feb/2013:01:53:25 +0100] "GET /news.php?cs_go=archiv&cs_startpos=220 HTTP/1.1" 200 14081 "-" "Mozilla/5.0 (compatible; AhrefsBot/4.0; +http://ahrefs.com/robot/)"
173.199.114.131 - - [11/Feb/2013:01:55:32 +0100] "GET /lexikon.php?cs_go=3&cs_id=24 HTTP/1.1" 200 8034 "-" "Mozilla/5.0 (compatible; AhrefsBot/4.0; +http://ahrefs.com/robot/)"
141.8.147.1 - - [11/Feb/2013:01:55:37 +0100] "GET /robots.txt HTTP/1.1" 200 177 "-" "Mozilla/5.0 (compatible; YandexBot/3.0; +http://yandex.com/bots)"
173.199.114.131 - - [11/Feb/2013:02:01:44 +0100] "GET /lexikon.php?cs_go=3&cs_id=221 HTTP/1.1" 200 8017 "-" "Mozilla/5.0 (compatible; AhrefsBot/4.0; +http://ahrefs.com/robot/)"
173.199.114.131 - - [11/Feb/2013:02:12:26 +0100] "GET /lexikon.php?cs_go=3&cs_id=77 HTTP/1.1" 200 8672 "-" "Mozilla/5.0 (compatible; AhrefsBot/4.0; +http://ahrefs.com/robot/)"
173.199.114.131 - - [11/Feb/2013:02:17:22 +0100] "GET /lexikon.php?cs_go=2&cs_char=i HTTP/1.1" 200 8402 "-" "Mozilla/5.0 (compatible; AhrefsBot/4.0; +http://ahrefs.com/robot/)"
141.8.147.1 - - [11/Feb/2013:02:19:22 +0100] "GET /news.php?cs_go=archiv&cs_id=3804&cs_search= HTTP/1.1" 200 10011 "-" "Mozilla/5.0 (compatible; YandexBot/3.0; +http://yandex.com/bots)"
173.199.114.131 - - [11/Feb/2013:02:22:10 +0100] "GET /lexikon.php?cs_go=3&cs_id=59 HTTP/1.1" 200 8709 "-" "Mozilla/5.0 (compatible; AhrefsBot/4.0; +http://ahrefs.com/robot/)"
173.199.114.131 - - [11/Feb/2013:02:25:50 +0100] "GET /standard.php HTTP/1.1" 200 9218 "-" "Mozilla/5.0 (compatible; AhrefsBot/4.0; +http://ahrefs.com/robot/)"
173.199.114.131 - - [11/Feb/2013:02:32:09 +0100] "GET /lexikon.php?cs_go=2&cs_char=z HTTP/1.1" 200 8261 "-" "Mozilla/5.0 (compatible; AhrefsBot/4.0; +http://ahrefs.com/robot/)"
173.199.114.131 - - [11/Feb/2013:02:33:56 +0100] "GET /news.php?cs_go=archiv&cs_id=3916&cs_search= HTTP/1.1" 200 11199 "-" "Mozilla/5.0 (compatible; AhrefsBot/4.0; +http://ahrefs.com/robot/)"
141.8.147.1 - - [11/Feb/2013:02:40:16 +0100] "GET /news.php?cs_go=archiv&cs_id=3792&cs_search= HTTP/1.1" 200 13473 "-" "Mozilla/5.0 (compatible; YandexBot/3.0; +http://yandex.com/bots)"
173.199.114.131 - - [11/Feb/2013:02:47:44 +0100] "GET /lexikon.php?cs_go=3&cs_id=34 HTTP/1.1" 200 8366 "-" "Mozilla/5.0 (compatible; AhrefsBot/4.0; +http://ahrefs.com/robot/)"
141.8.147.1 - - [11/Feb/2013:02:51:06 +0100] "GET /news.php?cs_go=archiv&cs_id=3540&cs_search= HTTP/1.1" 200 9904 "-" "Mozilla/5.0 (compatible; YandexBot/3.0; +http://yandex.com/bots)"
66.249.78.46 - - [11/Feb/2013:03:02:12 +0100] "GET /robots.txt HTTP/1.1" 200 177 "-" "Mozilla/5.0 (compatible; Googlebot/2.1; +http://www.google.com/bot.html)"
66.249.78.46 - - [11/Feb/2013:03:02:12 +0100] "GET /news.php?cs_go=archiv&cs_id=3743&cs_search= HTTP/1.1" 200 10811 "-" "Mozilla/5.0 (compatible; Googlebot/2.1; +http://www.google.com/bot.html)"
141.8.147.1 - - [11/Feb/2013:03:08:49 +0100] "GET /news.php?cs_go=archiv&cs_id=3800&cs_search= HTTP/1.1" 200 9621 "-" "Mozilla/5.0 (compatible; YandexBot/3.0; +http://yandex.com/bots)"
173.199.114.131 - - [11/Feb/2013:03:15:42 +0100] "GET /lexikon.php?cs_go=3&cs_id=138 HTTP/1.1" 200 8904 "-" "Mozilla/5.0 (compatible; AhrefsBot/4.0; +http://ahrefs.com/robot/)"
173.199.114.131 - - [11/Feb/2013:03:16:35 +0100] "GET /lexikon.php?cs_go=3&cs_id=233 HTTP/1.1" 200 9000 "-" "Mozilla/5.0 (compatible; AhrefsBot/4.0; +http://ahrefs.com/robot/)"
141.8.147.1 - - [11/Feb/2013:03:28:49 +0100] "GET /news.php?cs_go=archiv&cs_id=3531&cs_search= HTTP/1.1" 200 10354 "-" "Mozilla/5.0 (compatible; YandexBot/3.0; +http://yandex.com/bots)"
173.199.114.131 - - [11/Feb/2013:03:31:14 +0100] "GET /lexikon.php?cs_go=3&cs_id=21 HTTP/1.1" 200 9070 "-" "Mozilla/5.0 (compatible; AhrefsBot/4.0; +http://ahrefs.com/robot/)"
173.199.114.131 - - [11/Feb/2013:03:36:10 +0100] "GET /lexikon.php?cs_go=3&cs_id=84 HTTP/1.1" 200 8355 "-" "Mozilla/5.0 (compatible; AhrefsBot/4.0; +http://ahrefs.com/robot/)"
173.199.114.131 - - [11/Feb/2013:03:37:45 +0100] "GET /lexikon.php?cs_go=2&cs_char=w HTTP/1.1" 200 8587 "-" "Mozilla/5.0 (compatible; AhrefsBot/4.0; +http://ahrefs.com/robot/)"
173.199.114.131 - - [11/Feb/2013:03:41:54 +0100] "GET /lexikon.php?cs_go=3&cs_id=61 HTTP/1.1" 200 8792 "-" "Mozilla/5.0 (compatible; AhrefsBot/4.0; +http://ahrefs.com/robot/)"
66.249.78.46 - - [11/Feb/2013:03:55:49 +0100] "GET /news.php?cs_go=archiv&cs_id=3116 HTTP/1.1" 200 9948 "-" "Mozilla/5.0 (compatible; Googlebot/2.1; +http://www.google.com/bot.html)"
81.30.151.218 - - [11/Feb/2013:04:19:20 +0100] "GET /news.php?cs_go=archiv&cs_id=3160&cs_search= HTTP/1.1" 200 14729 "-" "Pixray-Seeker/2.0 (Pixray-Seeker; +http://www.pixray.com/pixraybot; +crawler@pixray.com)"
141.8.147.1 - - [11/Feb/2013:04:25:26 +0100] "GET /news.php?cs_go=archiv&cs_id=3488&cs_search= HTTP/1.1" 200 13325 "-" "Mozilla/5.0 (compatible; YandexBot/3.0; +http://yandex.com/bots)"
141.8.147.1 - - [11/Feb/2013:04:32:19 +0100] "GET /news.php?cs_go=archiv&cs_id=3555&cs_search= HTTP/1.1" 200 9934 "-" "Mozilla/5.0 (compatible; YandexBot/3.0; +http://yandex.com/bots)"
208.115.113.91 - - [11/Feb/2013:04:39:54 +0100] "GET /robots.txt HTTP/1.1" 200 177 "-" "Mozilla/5.0 (compatible; Ezooms/1.0; ezooms.bot@gmail.com)"
141.8.147.1 - - [11/Feb/2013:04:53:01 +0100] "GET /news.php?cs_go=archiv&cs_id=3747&cs_search= HTTP/1.1" 200 9770 "-" "Mozilla/5.0 (compatible; YandexBot/3.0; +http://yandex.com/bots)"
92.76.125.65 - - [11/Feb/2013:04:56:13 +0100] "GET /robots.txt HTTP/1.0" 200 177 "-" "Mozilla/5.0 (compatible; MJ12bot/v1.4.3; http://www.majestic12.co.uk/bot.php?+)"
92.76.125.65 - - [11/Feb/2013:04:56:15 +0100] "GET /agb.php HTTP/1.0" 200 19709 "-" "Mozilla/5.0 (compatible; MJ12bot/v1.4.3; http://www.majestic12.co.uk/bot.php?+)"
92.76.125.65 - - [11/Feb/2013:04:56:17 +0100] "GET /news.php?cs_go=archiv&cs_id=2678 HTTP/1.0" 200 7887 "-" "Mozilla/5.0 (compatible; MJ12bot/v1.4.3; http://www.majestic12.co.uk/bot.php?+)"
92.76.125.65 - - [11/Feb/2013:04:56:19 +0100] "GET /news.php?cs_go=archiv&cs_id=2679 HTTP/1.0" 200 7887 "-" "Mozilla/5.0 (compatible; MJ12bot/v1.4.3; http://www.majestic12.co.uk/bot.php?+)"
92.76.125.65 - - [11/Feb/2013:04:56:21 +0100] "GET /news.php?cs_go=archiv&cs_id=2680 HTTP/1.0" 200 7887 "-" "Mozilla/5.0 (compatible; MJ12bot/v1.4.3; http://www.majestic12.co.uk/bot.php?+)"
92.76.125.65 - - [11/Feb/2013:04:56:23 +0100] "GET /news.php?cs_go=archiv&cs_id=2681 HTTP/1.0" 200 7887 "-" "Mozilla/5.0 (compatible; MJ12bot/v1.4.3; http://www.majestic12.co.uk/bot.php?+)"
92.76.125.65 - - [11/Feb/2013:04:56:25 +0100] "GET /news.php?cs_go=archiv&cs_id=2682 HTTP/1.0" 200 7887 "-" "Mozilla/5.0 (compatible; MJ12bot/v1.4.3; http://www.majestic12.co.uk/bot.php?+)"
92.76.125.65 - - [11/Feb/2013:04:56:27 +0100] "GET /news.php?cs_go=archiv&cs_id=2683 HTTP/1.0" 200 7887 "-" "Mozilla/5.0 (compatible; MJ12bot/v1.4.3; http://www.majestic12.co.uk/bot.php?+)"
92.76.125.65 - - [11/Feb/2013:04:56:29 +0100] "GET /news.php?cs_go=archiv&cs_id=2684 HTTP/1.0" 200 7887 "-" "Mozilla/5.0 (compatible; MJ12bot/v1.4.3; http://www.majestic12.co.uk/bot.php?+)"
92.76.125.65 - - [11/Feb/2013:04:56:31 +0100] "GET /news.php?cs_go=archiv&cs_id=2685 HTTP/1.0" 200 7887 "-" "Mozilla/5.0 (compatible; MJ12bot/v1.4.3; http://www.majestic12.co.uk/bot.php?+)"
92.76.125.65 - - [11/Feb/2013:04:56:33 +0100] "GET /news.php?cs_go=archiv&cs_id=2686 HTTP/1.0" 200 7887 "-" "Mozilla/5.0 (compatible; MJ12bot/v1.4.3; http://www.majestic12.co.uk/bot.php?+)"
92.76.125.65 - - [11/Feb/2013:04:56:35 +0100] "GET /news.php?cs_go=archiv&cs_id=2687 HTTP/1.0" 200 7887 "-" "Mozilla/5.0 (compatible; MJ12bot/v1.4.3; http://www.majestic12.co.uk/bot.php?+)"
92.76.125.65 - - [11/Feb/2013:04:56:37 +0100] "GET /news.php?cs_go=archiv&cs_id=2688 HTTP/1.0" 200 7887 "-" "Mozilla/5.0 (compatible; MJ12bot/v1.4.3; http://www.majestic12.co.uk/bot.php?+)"
92.76.125.65 - - [11/Feb/2013:04:56:39 +0100] "GET /news.php?cs_go=archiv&cs_id=2689 HTTP/1.0" 200 7887 "-" "Mozilla/5.0 (compatible; MJ12bot/v1.4.3; http://www.majestic12.co.uk/bot.php?+)"
92.76.125.65 - - [11/Feb/2013:04:56:41 +0100] "GET /news.php?cs_go=archiv&cs_id=2690 HTTP/1.0" 200 7887 "-" "Mozilla/5.0 (compatible; MJ12bot/v1.4.3; http://www.majestic12.co.uk/bot.php?+)"
92.76.125.65 - - [11/Feb/2013:04:56:44 +0100] "GET /news.php?cs_go=archiv&cs_id=2691 HTTP/1.0" 200 7887 "-" "Mozilla/5.0 (compatible; MJ12bot/v1.4.3; http://www.majestic12.co.uk/bot.php?+)"
141.8.147.1 - - [11/Feb/2013:04:59:55 +0100] "GET /lexikon.php?cs_go=3&cs_id=214 HTTP/1.1" 200 8139 "-" "Mozilla/5.0 (compatible; YandexBot/3.0; +http://yandex.com/bots)"
141.8.147.1 - - [11/Feb/2013:05:13:42 +0100] "GET /news.php?cs_go=archiv&cs_id=3875&cs_search= HTTP/1.1" 200 12259 "-" "Mozilla/5.0 (compatible; YandexBot/3.0; +http://yandex.com/bots)"
81.30.151.218 - - [11/Feb/2013:05:23:30 +0100] "GET /news.php?cs_go=archiv&cs_id=2082&cs_search= HTTP/1.1" 200 7887 "-" "Pixray-Seeker/2.0 (Pixray-Seeker; +http://www.pixray.com/pixraybot; +crawler@pixray.com)"
66.249.76.46 - - [11/Feb/2013:05:25:15 +0100] "GET /news.php?cs_go=archiv&cs_id=3888 HTTP/1.1" 200 13349 "-" "DoCoMo/2.0 N905i(c100;TB;W24H16) (compatible; Googlebot-Mobile/2.1; +http://www.google.com/bot.html)"
141.8.147.1 - - [11/Feb/2013:06:01:27 +0100] "GET /lexikon.php?cs_go=3&cs_id=139 HTTP/1.1" 200 8194 "-" "Mozilla/5.0 (compatible; YandexBot/3.0; +http://yandex.com/bots)"
66.249.78.46 - - [11/Feb/2013:06:02:35 +0100] "GET /news.php HTTP/1.1" 200 22270 "-" "Mozilla/5.0 (iPhone; U; CPU iPhone OS 4_1 like Mac OS X; en-us) AppleWebKit/532.9 (KHTML, like Gecko) Version/4.0.5 Mobile/8B117 Safari/6531.22.7 (compatible; Googlebot-Mobile/2.1; +http://www.google.com/bot.html)"
81.30.151.218 - - [11/Feb/2013:06:32:05 +0100] "GET /news.php?cs_go=archiv&cs_id=2682&cs_search= HTTP/1.1" 200 7887 "-" "Pixray-Seeker/2.0 (Pixray-Seeker; +http://www.pixray.com/pixraybot; +crawler@pixray.com)"
141.8.147.1 - - [11/Feb/2013:06:41:25 +0100] "GET /news.php?cs_go=archiv&cs_id=3502&cs_search= HTTP/1.1" 200 10261 "-" "Mozilla/5.0 (compatible; YandexBot/3.0; +http://yandex.com/bots)"
81.30.151.218 - - [11/Feb/2013:06:46:14 +0100] "GET /news.php?cs_go=archiv&cs_id=1662&cs_search= HTTP/1.1" 200 7887 "-" "Pixray-Seeker/2.0 (Pixray-Seeker; +http://www.pixray.com/pixraybot; +crawler@pixray.com)"
173.199.114.131 - - [11/Feb/2013:06:56:26 +0100] "GET /news.php?cs_go=archiv HTTP/1.1" 200 22270 "-" "Mozilla/5.0 (compatible; AhrefsBot/4.0; +http://ahrefs.com/robot/)"
208.115.113.91 - - [11/Feb/2013:06:59:28 +0100] "GET /news.php?cs_go=archiv&cs_id=3860 HTTP/1.1" 200 10981 "-" "Mozilla/5.0 (compatible; Ezooms/1.0; ezooms.bot@gmail.com)"
141.8.147.1 - - [11/Feb/2013:07:00:14 +0100] "GET /news.php?cs_go=archiv&cs_id=3851&cs_search= HTTP/1.1" 200 9863 "-" "Mozilla/5.0 (compatible; YandexBot/3.0; +http://yandex.com/bots)"
65.36.241.79 - - [11/Feb/2013:07:01:37 +0100] "HEAD / HTTP/1.1" 200 - "-" "InternetSeer.com"
66.249.76.46 - - [11/Feb/2013:07:01:41 +0100] "GET /images/optiplus.jpg HTTP/1.1" 304 - "-" "Googlebot-Image/1.0"
173.199.114.131 - - [11/Feb/2013:07:03:24 +0100] "GET /lexikon.php?cs_go=3&cs_id=45 HTTP/1.1" 200 7998 "-" "Mozilla/5.0 (compatible; AhrefsBot/4.0; +http://ahrefs.com/robot/)"
141.8.147.1 - - [11/Feb/2013:07:05:30 +0100] "GET /news.php?cs_go=archiv&cs_id=3574&cs_search= HTTP/1.1" 200 11095 "-" "Mozilla/5.0 (compatible; YandexBot/3.0; +http://yandex.com/bots)"
141.8.147.1 - - [11/Feb/2013:07:16:00 +0100] "GET /news.php?cs_go=archiv&cs_id=3577&cs_search= HTTP/1.1" 200 9891 "-" "Mozilla/5.0 (compatible; YandexBot/3.0; +http://yandex.com/bots)"
173.199.114.131 - - [11/Feb/2013:07:20:42 +0100] "GET /lexikon.php?cs_go=3&cs_id=208 HTTP/1.1" 200 8357 "-" "Mozilla/5.0 (compatible; AhrefsBot/4.0; +http://ahrefs.com/robot/)"
141.8.147.1 - - [11/Feb/2013:07:24:45 +0100] "GET /news.php?cs_go=archiv&cs_id=3797&cs_search= HTTP/1.1" 200 9938 "-" "Mozilla/5.0 (compatible; YandexBot/3.0; +http://yandex.com/bots)"
141.8.147.1 - - [11/Feb/2013:07:28:48 +0100] "GET /news.php?cs_go=archiv&cs_id=3580&cs_search= HTTP/1.1" 200 13518 "-" "Mozilla/5.0 (compatible; YandexBot/3.0; +http://yandex.com/bots)"
141.8.147.1 - - [11/Feb/2013:07:35:51 +0100] "GET /lexikon.php?cs_go=3&cs_id=24 HTTP/1.1" 200 8034 "-" "Mozilla/5.0 (compatible; YandexBot/3.0; +http://yandex.com/bots)"
173.199.114.131 - - [11/Feb/2013:07:41:47 +0100] "GET /lexikon.php?cs_go=3&cs_id=136 HTTP/1.1" 200 7990 "-" "Mozilla/5.0 (compatible; AhrefsBot/4.0; +http://ahrefs.com/robot/)"
81.30.151.218 - - [11/Feb/2013:07:43:51 +0100] "GET /news.php?cs_go=archiv&cs_id=2333&cs_search= HTTP/1.1" 200 7887 "-" "Pixray-Seeker/2.0 (Pixray-Seeker; +http://www.pixray.com/pixraybot; +crawler@pixray.com)"
141.8.147.1 - - [11/Feb/2013:07:56:47 +0100] "GET /lexikon.php?cs_go=3&cs_id=155 HTTP/1.1" 200 7999 "-" "Mozilla/5.0 (compatible; YandexBot/3.0; +http://yandex.com/bots)"
173.199.114.131 - - [11/Feb/2013:08:02:05 +0100] "GET /lexikon.php?cs_go=3&cs_id=124 HTTP/1.1" 200 8491 "-" "Mozilla/5.0 (compatible; AhrefsBot/4.0; +http://ahrefs.com/robot/)"
173.199.114.131 - - [11/Feb/2013:08:05:01 +0100] "GET /lexikon.php?cs_go=3&cs_id=58 HTTP/1.1" 200 10831 "-" "Mozilla/5.0 (compatible; AhrefsBot/4.0; +http://ahrefs.com/robot/)"
173.199.114.131 - - [11/Feb/2013:08:08:09 +0100] "GET /lexikon.php?cs_go=3&cs_id=123 HTTP/1.1" 200 8056 "-" "Mozilla/5.0 (compatible; AhrefsBot/4.0; +http://ahrefs.com/robot/)"
173.199.114.131 - - [11/Feb/2013:08:09:38 +0100] "GET /lexikon.php?cs_go=3&cs_id=65 HTTP/1.1" 200 8606 "-" "Mozilla/5.0 (compatible; AhrefsBot/4.0; +http://ahrefs.com/robot/)"
173.199.114.131 - - [11/Feb/2013:08:11:17 +0100] "GET /lexikon.php?cs_go=3&cs_id=48 HTTP/1.1" 200 9410 "-" "Mozilla/5.0 (compatible; AhrefsBot/4.0; +http://ahrefs.com/robot/)"
141.8.147.1 - - [11/Feb/2013:08:21:26 +0100] "GET /lexikon.php?cs_go=3&cs_id=54 HTTP/1.1" 200 8004 "-" "Mozilla/5.0 (compatible; YandexBot/3.0; +http://yandex.com/bots)"
81.30.151.218 - - [11/Feb/2013:08:28:51 +0100] "GET /news.php?cs_go=archiv&cs_id=1691&cs_search= HTTP/1.1" 200 7887 "-" "Pixray-Seeker/2.0 (Pixray-Seeker; +http://www.pixray.com/pixraybot; +crawler@pixray.com)"
173.199.114.131 - - [11/Feb/2013:08:30:39 +0100] "GET /lexikon.php?cs_go=3&cs_id=122 HTTP/1.1" 200 8219 "-" "Mozilla/5.0 (compatible; AhrefsBot/4.0; +http://ahrefs.com/robot/)"
66.249.78.46 - - [11/Feb/2013:08:32:36 +0100] "GET /news.php?cs_go=archiv&cs_id=3768 HTTP/1.1" 200 10220 "-" "Mozilla/5.0 (compatible; Googlebot/2.1; +http://www.google.com/bot.html)"
141.8.147.1 - - [11/Feb/2013:08:35:10 +0100] "GET /news.php?cs_go=archiv&cs_id=3607&cs_search= HTTP/1.1" 200 13322 "-" "Mozilla/5.0 (compatible; YandexBot/3.0; +http://yandex.com/bots)"
173.199.114.131 - - [11/Feb/2013:08:36:54 +0100] "GET /lexikon.php?cs_go=3&cs_id=67 HTTP/1.1" 200 8626 "-" "Mozilla/5.0 (compatible; AhrefsBot/4.0; +http://ahrefs.com/robot/)"
208.115.113.91 - - [11/Feb/2013:08:38:10 +0100] "GET /robots.txt HTTP/1.1" 200 177 "-" "Mozilla/5.0 (compatible; Ezooms/1.0; ezooms.bot@gmail.com)"
141.8.147.1 - - [11/Feb/2013:08:48:47 +0100] "GET /news.php?cs_go=archiv&cs_id=3843&cs_search= HTTP/1.1" 200 10535 "-" "Mozilla/5.0 (compatible; YandexBot/3.0; +http://yandex.com/bots)"
173.199.114.131 - - [11/Feb/2013:08:56:00 +0100] "GET /lexikon.php?cs_go=3&cs_id=217 HTTP/1.1" 200 8121 "-" "Mozilla/5.0 (compatible; AhrefsBot/4.0; +http://ahrefs.com/robot/)"
141.8.147.1 - - [11/Feb/2013:08:58:34 +0100] "GET /lexikon.php?cs_go=3&cs_id=221 HTTP/1.1" 200 8017 "-" "Mozilla/5.0 (compatible; YandexBot/3.0; +http://yandex.com/bots)"
66.249.78.46 - - [11/Feb/2013:09:04:04 +0100] "GET /news.php?cs_go=archiv&cs_startpos=10 HTTP/1.1" 200 22473 "-" "SAMSUNG-SGH-E250/1.0 Profile/MIDP-2.0 Configuration/CLDC-1.1 UP.Browser/6.2.3.3.c.1.101 (GUI) MMP/2.0 (compatible; Googlebot-Mobile/2.1; +http://www.google.com/bot.html)"
173.199.114.131 - - [11/Feb/2013:09:10:10 +0100] "GET /lexikon.php?cs_go=3&cs_id=63 HTTP/1.1" 200 8362 "-" "Mozilla/5.0 (compatible; AhrefsBot/4.0; +http://ahrefs.com/robot/)"
141.8.147.1 - - [11/Feb/2013:09:11:47 +0100] "GET /lexikon.php?cs_go=3&cs_id=194 HTTP/1.1" 200 8012 "-" "Mozilla/5.0 (compatible; YandexBot/3.0; +http://yandex.com/bots)"
141.8.147.1 - - [11/Feb/2013:09:27:23 +0100] "GET /lexikon.php?cs_go=3&cs_id=104 HTTP/1.1" 200 8474 "-" "Mozilla/5.0 (compatible; YandexBot/3.0; +http://yandex.com/bots)"
173.199.114.131 - - [11/Feb/2013:09:28:00 +0100] "GET /lexikon.php?cs_go=3&cs_id=54 HTTP/1.1" 200 8004 "-" "Mozilla/5.0 (compatible; AhrefsBot/4.0; +http://ahrefs.com/robot/)"
81.30.151.218 - - [11/Feb/2013:09:31:31 +0100] "GET /news.php?cs_go=archiv&cs_id=2531&cs_search= HTTP/1.1" 200 7887 "-" "Pixray-Seeker/2.0 (Pixray-Seeker; +http://www.pixray.com/pixraybot; +crawler@pixray.com)"
173.199.114.131 - - [11/Feb/2013:09:37:24 +0100] "GET /lexikon.php?cs_go=3&cs_id=204 HTTP/1.1" 200 8006 "-" "Mozilla/5.0 (compatible; AhrefsBot/4.0; +http://ahrefs.com/robot/)"
81.30.151.218 - - [11/Feb/2013:09:40:28 +0100] "GET /news.php?cs_go=archiv&cs_id=1916&cs_search= HTTP/1.1" 200 7800 "-" "Pixray-Seeker/2.0 (Pixray-Seeker; +http://www.pixray.com/pixraybot; +crawler@pixray.com)"
66.249.78.46 - - [11/Feb/2013:09:43:31 +0100] "GET /news.php?cs_go=archiv&cs_id=3774 HTTP/1.1" 200 13689 "-" "Mozilla/5.0 (compatible; Googlebot/2.1; +http://www.google.com/bot.html)"
64.246.165.190 - - [11/Feb/2013:09:55:28 +0100] "GET /robots.txt HTTP/1.0" 200 177 "-" "Mozilla/5.0 (Windows; U; Windows NT 5.1; en; rv:1.9.0.13) Gecko/2009073022 Firefox/3.5.2 (.NET CLR 3.5.30729) SurveyBot/2.3 (DomainTools)"
64.246.165.190 - - [11/Feb/2013:09:55:28 +0100] "GET / HTTP/1.1" 200 15479 "http://whois.domaintools.com/mink-gmbh.de" "Mozilla/5.0 (Windows; U; Windows NT 5.1; en; rv:1.9.0.13) Gecko/2009073022 Firefox/3.5.2 (.NET CLR 3.5.30729) SurveyBot/2.3 (DomainTools)"
173.199.114.131 - - [11/Feb/2013:10:14:02 +0100] "GET /lexikon.php?cs_go=3&cs_id=79 HTTP/1.1" 200 8001 "-" "Mozilla/5.0 (compatible; AhrefsBot/4.0; +http://ahrefs.com/robot/)"
141.8.147.1 - - [11/Feb/2013:10:14:44 +0100] "GET /news.php?cs_go=archiv&cs_id=3897&cs_search= HTTP/1.1" 200 13535 "-" "Mozilla/5.0 (compatible; YandexBot/3.0; +http://yandex.com/bots)"
173.199.114.131 - - [11/Feb/2013:10:16:00 +0100] "GET /lexikon.php?cs_go=2&cs_char=u HTTP/1.1" 200 8744 "-" "Mozilla/5.0 (compatible; AhrefsBot/4.0; +http://ahrefs.com/robot/)"
173.199.114.131 - - [11/Feb/2013:10:18:40 +0100] "GET /lexikon.php?cs_go=3&cs_id=128 HTTP/1.1" 200 8493 "-" "Mozilla/5.0 (compatible; AhrefsBot/4.0; +http://ahrefs.com/robot/)"
66.249.78.46 - - [11/Feb/2013:10:19:03 +0100] "GET /news.php?cs_go=archiv&cs_id=3884 HTTP/1.1" 200 11209 "-" "Mozilla/5.0 (compatible; Googlebot/2.1; +http://www.google.com/bot.html)"
81.30.151.218 - - [11/Feb/2013:10:20:48 +0100] "GET /news.php?cs_go=archiv&cs_id=2641&cs_search= HTTP/1.1" 200 7887 "-" "Pixray-Seeker/2.0 (Pixray-Seeker; +http://www.pixray.com/pixraybot; +crawler@pixray.com)"
173.199.114.131 - - [11/Feb/2013:10:23:33 +0100] "GET /news.php?cs_go=archiv&cs_id=3918&cs_search= HTTP/1.1" 200 9830 "-" "Mozilla/5.0 (compatible; AhrefsBot/4.0; +http://ahrefs.com/robot/)"
173.199.114.131 - - [11/Feb/2013:10:29:25 +0100] "GET /lexikon.php?cs_go=3&cs_id=44 HTTP/1.1" 200 8005 "-" "Mozilla/5.0 (compatible; AhrefsBot/4.0; +http://ahrefs.com/robot/)"
141.8.147.1 - - [11/Feb/2013:10:32:12 +0100] "GET /news.php?cs_go=archiv&cs_id=3899&cs_search= HTTP/1.1" 200 10242 "-" "Mozilla/5.0 (compatible; YandexBot/3.0; +http://yandex.com/bots)"
2.174.67.123 - - [11/Feb/2013:10:35:29 +0100] "GET /js_contentserver24_greybox/gb_styles.css HTTP/1.1" 200 2302 "http://www.mink-gmbh.de/" "Mozilla/5.0 (iPhone; CPU iPhone OS 6_1 like Mac OS X) AppleWebKit/536.26 (KHTML, like Gecko) Version/6.0 Mobile/10B143 Safari/8536.25"
2.174.67.123 - - [11/Feb/2013:10:35:29 +0100] "GET / HTTP/1.1" 200 15479 "-" "Mozilla/5.0 (iPhone; CPU iPhone OS 6_1 like Mac OS X) AppleWebKit/536.26 (KHTML, like Gecko) Version/6.0 Mobile/10B143 Safari/8536.25"
2.174.67.123 - - [11/Feb/2013:10:35:30 +0100] "GET /js_contentserver24_greybox/AJS.js HTTP/1.1" 200 10396 "http://www.mink-gmbh.de/" "Mozilla/5.0 (iPhone; CPU iPhone OS 6_1 like Mac OS X) AppleWebKit/536.26 (KHTML, like Gecko) Version/6.0 Mobile/10B143 Safari/8536.25"
2.174.67.123 - - [11/Feb/2013:10:35:30 +0100] "GET /js_contentserver24_greybox/AJS_fx.js HTTP/1.1" 200 3192 "http://www.mink-gmbh.de/" "Mozilla/5.0 (iPhone; CPU iPhone OS 6_1 like Mac OS X) AppleWebKit/536.26 (KHTML, like Gecko) Version/6.0 Mobile/10B143 Safari/8536.25"
2.174.67.123 - - [11/Feb/2013:10:35:30 +0100] "GET /js_contentserver24_greybox/gb_scripts.js HTTP/1.1" 200 11913 "http://www.mink-gmbh.de/" "Mozilla/5.0 (iPhone; CPU iPhone OS 6_1 like Mac OS X) AppleWebKit/536.26 (KHTML, like Gecko) Version/6.0 Mobile/10B143 Safari/8536.25"
2.174.67.123 - - [11/Feb/2013:10:35:30 +0100] "GET /js_contentserver24_greybox/AJS.js HTTP/1.1" 200 10396 "http://www.mink-gmbh.de/" "Mozilla/5.0 (iPhone; CPU iPhone OS 6_1 like Mac OS X) AppleWebKit/536.26 (KHTML, like Gecko) Version/6.0 Mobile/10B143 Safari/8536.25"
2.174.67.123 - - [11/Feb/2013:10:35:30 +0100] "GET /images/tkw.jpg HTTP/1.1" 200 64031 "http://www.mink-gmbh.de/" "Mozilla/5.0 (iPhone; CPU iPhone OS 6_1 like Mac OS X) AppleWebKit/536.26 (KHTML, like Gecko) Version/6.0 Mobile/10B143 Safari/8536.25"
2.174.67.123 - - [11/Feb/2013:10:35:31 +0100] "GET /js_contentserver24_greybox/w_close.gif HTTP/1.1" 200 74 "http://www.mink-gmbh.de/" "Mozilla/5.0 (iPhone; CPU iPhone OS 6_1 like Mac OS X) AppleWebKit/536.26 (KHTML, like Gecko) Version/6.0 Mobile/10B143 Safari/8536.25"
2.174.67.123 - - [11/Feb/2013:10:35:31 +0100] "GET /images/steigend.png HTTP/1.1" 200 688 "http://www.mink-gmbh.de/" "Mozilla/5.0 (iPhone; CPU iPhone OS 6_1 like Mac OS X) AppleWebKit/536.26 (KHTML, like Gecko) Version/6.0 Mobile/10B143 Safari/8536.25"
2.174.67.123 - - [11/Feb/2013:10:35:31 +0100] "GET /images/newsletter.jpg HTTP/1.1" 200 13130 "http://www.mink-gmbh.de/" "Mozilla/5.0 (iPhone; CPU iPhone OS 6_1 like Mac OS X) AppleWebKit/536.26 (KHTML, like Gecko) Version/6.0 Mobile/10B143 Safari/8536.25"
2.174.67.123 - - [11/Feb/2013:10:35:31 +0100] "GET /images/fallend.png HTTP/1.1" 200 713 "http://www.mink-gmbh.de/" "Mozilla/5.0 (iPhone; CPU iPhone OS 6_1 like Mac OS X) AppleWebKit/536.26 (KHTML, like Gecko) Version/6.0 Mobile/10B143 Safari/8536.25"
2.174.67.123 - - [11/Feb/2013:10:35:31 +0100] "GET /images/mobil.jpg HTTP/1.1" 200 25293 "http://www.mink-gmbh.de/" "Mozilla/5.0 (iPhone; CPU iPhone OS 6_1 like Mac OS X) AppleWebKit/536.26 (KHTML, like Gecko) Version/6.0 Mobile/10B143 Safari/8536.25"
2.174.67.123 - - [11/Feb/2013:10:35:31 +0100] "GET /js_contentserver24_greybox/loader_frame.html?s=0 HTTP/1.1" 200 2084 "http://www.mink-gmbh.de/" "Mozilla/5.0 (iPhone; CPU iPhone OS 6_1 like Mac OS X) AppleWebKit/536.26 (KHTML, like Gecko) Version/6.0 Mobile/10B143 Safari/8536.25"
2.174.67.123 - - [11/Feb/2013:10:35:31 +0100] "GET /js_contentserver24_greybox/header_bg.gif HTTP/1.1" 200 1188 "http://www.mink-gmbh.de/" "Mozilla/5.0 (iPhone; CPU iPhone OS 6_1 like Mac OS X) AppleWebKit/536.26 (KHTML, like Gecko) Version/6.0 Mobile/10B143 Safari/8536.25"
2.174.67.123 - - [11/Feb/2013:10:35:31 +0100] "GET /js_contentserver24_greybox/g_close.gif HTTP/1.1" 200 541 "http://www.mink-gmbh.de/" "Mozilla/5.0 (iPhone; CPU iPhone OS 6_1 like Mac OS X) AppleWebKit/536.26 (KHTML, like Gecko) Version/6.0 Mobile/10B143 Safari/8536.25"
2.174.67.123 - - [11/Feb/2013:10:35:31 +0100] "GET /js_contentserver24_greybox/indicator.gif HTTP/1.1" 200 8238 "http://www.mink-gmbh.de/" "Mozilla/5.0 (iPhone; CPU iPhone OS 6_1 like Mac OS X) AppleWebKit/536.26 (KHTML, like Gecko) Version/6.0 Mobile/10B143 Safari/8536.25"
66.249.78.46 - - [11/Feb/2013:10:35:45 +0100] "GET /style.css HTTP/1.1" 200 8418 "http://www.mink-gmbh.de/news.php?cs_go=archiv&cs_id=3884" "Mozilla/5.0 (compatible; Googlebot/2.1; +http://www.google.com/bot.html)"
66.249.78.46 - - [11/Feb/2013:10:35:45 +0100] "GET /modul.css HTTP/1.1" 200 35038 "http://www.mink-gmbh.de/news.php?cs_go=archiv&cs_id=3884" "Mozilla/5.0 (compatible; Googlebot/2.1; +http://www.google.com/bot.html)"
173.199.114.131 - - [11/Feb/2013:10:37:43 +0100] "GET /news.php?cs_go=archiv&cs_id=3913&cs_search= HTTP/1.1" 200 13499 "-" "Mozilla/5.0 (compatible; AhrefsBot/4.0; +http://ahrefs.com/robot/)"
81.30.151.218 - - [11/Feb/2013:10:38:31 +0100] "GET /news.php?cs_go=archiv&cs_id=2696&cs_search= HTTP/1.1" 200 7887 "-" "Pixray-Seeker/2.0 (Pixray-Seeker; +http://www.pixray.com/pixraybot; +crawler@pixray.com)"
81.30.151.218 - - [11/Feb/2013:10:39:36 +0100] "GET /news.php?cs_go=archiv&cs_id=2472&cs_search= HTTP/1.1" 200 7887 "-" "Pixray-Seeker/2.0 (Pixray-Seeker; +http://www.pixray.com/pixraybot; +crawler@pixray.com)"
173.199.114.131 - - [11/Feb/2013:10:45:54 +0100] "GET /lexikon.php?cs_go=3&cs_id=131 HTTP/1.1" 200 8378 "-" "Mozilla/5.0 (compatible; AhrefsBot/4.0; +http://ahrefs.com/robot/)"
141.8.147.1 - - [11/Feb/2013:10:47:50 +0100] "GET /news.php?cs_go=archiv&cs_id=3893&cs_search= HTTP/1.1" 200 13565 "-" "Mozilla/5.0 (compatible; YandexBot/3.0; +http://yandex.com/bots)"
208.115.111.75 - - [11/Feb/2013:10:55:03 +0100] "GET /robots.txt HTTP/1.1" 200 177 "-" "Mozilla/5.0 (compatible; Ezooms/1.0; ezooms.bot@gmail.com)"
141.8.147.1 - - [11/Feb/2013:10:57:48 +0100] "GET /news.php?cs_go=archiv&cs_id=3894&cs_search= HTTP/1.1" 200 9787 "-" "Mozilla/5.0 (compatible; YandexBot/3.0; +http://yandex.com/bots)"
208.115.113.91 - - [11/Feb/2013:10:58:32 +0100] "GET /news.php?cs_go=archiv&cs_startpos=160 HTTP/1.1" 200 22841 "-" "Mozilla/5.0 (compatible; Ezooms/1.0; ezooms.bot@gmail.com)"
141.8.147.1 - - [11/Feb/2013:11:07:25 +0100] "GET /lexikon.php?cs_go=3&cs_id=182 HTTP/1.1" 200 8410 "-" "Mozilla/5.0 (compatible; YandexBot/3.0; +http://yandex.com/bots)"
173.199.114.131 - - [11/Feb/2013:11:11:51 +0100] "GET /lexikon.php?cs_go=3&cs_id=172 HTTP/1.1" 200 8406 "-" "Mozilla/5.0 (compatible; AhrefsBot/4.0; +http://ahrefs.com/robot/)"
141.8.147.1 - - [11/Feb/2013:11:16:56 +0100] "GET /news.php?cs_go=archiv&cs_id=3793&cs_search= HTTP/1.1" 200 9899 "-" "Mozilla/5.0 (compatible; YandexBot/3.0; +http://yandex.com/bots)"
173.199.114.131 - - [11/Feb/2013:11:17:09 +0100] "GET /lexikon.php?cs_go=3&cs_id=230 HTTP/1.1" 200 8560 "-" "Mozilla/5.0 (compatible; AhrefsBot/4.0; +http://ahrefs.com/robot/)"
141.8.147.1 - - [11/Feb/2013:11:21:42 +0100] "GET /news.php?cs_go=archiv&cs_id=3579&cs_search= HTTP/1.1" 200 10208 "-" "Mozilla/5.0 (compatible; YandexBot/3.0; +http://yandex.com/bots)"
141.8.147.1 - - [11/Feb/2013:11:31:13 +0100] "GET /news.php?cs_go=archiv&cs_id=3615&cs_search= HTTP/1.1" 200 13308 "-" "Mozilla/5.0 (compatible; YandexBot/3.0; +http://yandex.com/bots)"
81.30.151.218 - - [11/Feb/2013:11:31:31 +0100] "GET /news.php?cs_go=archiv&cs_id=1659&cs_search= HTTP/1.1" 200 7887 "-" "Pixray-Seeker/2.0 (Pixray-Seeker; +http://www.pixray.com/pixraybot; +crawler@pixray.com)"
141.8.147.1 - - [11/Feb/2013:11:42:04 +0100] "GET /lexikon.php?cs_go=3&cs_id=197 HTTP/1.1" 200 7995 "-" "Mozilla/5.0 (compatible; YandexBot/3.0; +http://yandex.com/bots)"
173.199.114.131 - - [11/Feb/2013:11:42:22 +0100] "GET /lexikon.php?cs_go=3&cs_id=39 HTTP/1.1" 200 8357 "-" "Mozilla/5.0 (compatible; AhrefsBot/4.0; +http://ahrefs.com/robot/)"
81.30.151.218 - - [11/Feb/2013:11:43:05 +0100] "GET /news.php?cs_go=archiv&cs_id=2383&cs_search= HTTP/1.1" 200 7887 "-" "Pixray-Seeker/2.0 (Pixray-Seeker; +http://www.pixray.com/pixraybot; +crawler@pixray.com)"
65.36.241.79 - - [11/Feb/2013:11:48:56 +0100] "HEAD / HTTP/1.1" 200 - "-" "InternetSeer.com"
141.8.147.1 - - [11/Feb/2013:11:51:15 +0100] "GET /lexikon.php?cs_go=3&cs_id=158 HTTP/1.1" 200 8354 "-" "Mozilla/5.0 (compatible; YandexBot/3.0; +http://yandex.com/bots)"
173.199.114.131 - - [11/Feb/2013:11:54:10 +0100] "GET /lexikon.php?cs_go=3&cs_id=135 HTTP/1.1" 200 9197 "-" "Mozilla/5.0 (compatible; AhrefsBot/4.0; +http://ahrefs.com/robot/)"
141.8.147.1 - - [11/Feb/2013:11:57:41 +0100] "GET /lexikon.php?cs_go=3&cs_id=220 HTTP/1.1" 200 8023 "-" "Mozilla/5.0 (compatible; YandexBot/3.0; +http://yandex.com/bots)"
141.8.147.1 - - [11/Feb/2013:12:00:19 +0100] "GET /lexikon.php?cs_go=3&cs_id=132 HTTP/1.1" 200 7986 "-" "Mozilla/5.0 (compatible; YandexBot/3.0; +http://yandex.com/bots)"
141.8.147.1 - - [11/Feb/2013:12:05:04 +0100] "GET /lexikon.php?cs_go=3&cs_id=207 HTTP/1.1" 200 8005 "-" "Mozilla/5.0 (compatible; YandexBot/3.0; +http://yandex.com/bots)"
173.199.114.131 - - [11/Feb/2013:12:13:58 +0100] "GET /lexikon.php?cs_go=3&cs_id=170 HTTP/1.1" 200 9424 "-" "Mozilla/5.0 (compatible; AhrefsBot/4.0; +http://ahrefs.com/robot/)"
141.8.147.1 - - [11/Feb/2013:12:14:23 +0100] "GET /lexikon.php?cs_go=3&cs_id=192 HTTP/1.1" 200 8407 "-" "Mozilla/5.0 (compatible; YandexBot/3.0; +http://yandex.com/bots)"
173.199.114.131 - - [11/Feb/2013:12:24:46 +0100] "GET /lexikon.php?cs_go=3&cs_id=178 HTTP/1.1" 200 8473 "-" "Mozilla/5.0 (compatible; AhrefsBot/4.0; +http://ahrefs.com/robot/)"
178.77.126.55 - - [11/Feb/2013:12:25:41 +0100] "GET /robots.txt HTTP/1.1" 200 177 "-" "Mozilla/5.0 (compatible; CareerBot/1.1; +http://www.career-x.de/bot.html)"
178.77.126.55 - - [11/Feb/2013:12:25:41 +0100] "GET / HTTP/1.1" 200 15479 "-" "Mozilla/5.0 (compatible; CareerBot/1.1; +http://www.career-x.de/bot.html)"
178.77.126.55 - - [11/Feb/2013:12:25:42 +0100] "GET /news.php?cs_go=archiv&cs_id=3926 HTTP/1.1" 200 12976 "-" "Mozilla/5.0 (compatible; CareerBot/1.1; +http://www.career-x.de/bot.html)"
141.8.147.1 - - [11/Feb/2013:12:27:59 +0100] "GET /news.php?cs_go=archiv&cs_id=3846&cs_search= HTTP/1.1" 200 11425 "-" "Mozilla/5.0 (compatible; YandexBot/3.0; +http://yandex.com/bots)"
173.199.114.131 - - [11/Feb/2013:12:31:14 +0100] "GET /lexikon.php?cs_go=3&cs_id=50 HTTP/1.1" 200 8733 "-" "Mozilla/5.0 (compatible; AhrefsBot/4.0; +http://ahrefs.com/robot/)"
141.8.147.1 - - [11/Feb/2013:12:32:25 +0100] "GET /lexikon.php?cs_go=3&cs_id=45 HTTP/1.1" 200 7998 "-" "Mozilla/5.0 (compatible; YandexBot/3.0; +http://yandex.com/bots)"
173.199.114.131 - - [11/Feb/2013:12:35:51 +0100] "GET /lexikon.php?cs_go=3&cs_id=43 HTTP/1.1" 200 8005 "-" "Mozilla/5.0 (compatible; AhrefsBot/4.0; +http://ahrefs.com/robot/)"
141.8.147.1 - - [11/Feb/2013:12:41:16 +0100] "GET /news.php?cs_go=archiv&cs_id=3611&cs_search= HTTP/1.1" 200 9737 "-" "Mozilla/5.0 (compatible; YandexBot/3.0; +http://yandex.com/bots)"
141.8.147.1 - - [11/Feb/2013:12:49:58 +0100] "GET /lexikon.php?cs_go=3&cs_id=117 HTTP/1.1" 200 8369 "-" "Mozilla/5.0 (compatible; YandexBot/3.0; +http://yandex.com/bots)"
208.115.111.75 - - [11/Feb/2013:12:51:05 +0100] "GET /news.php?cs_go=archiv&cs_id=3882&cs_search= HTTP/1.1" 200 9842 "-" "Mozilla/5.0 (compatible; Ezooms/1.0; ezooms.bot@gmail.com)"
173.199.114.131 - - [11/Feb/2013:13:01:20 +0100] "GET /lexikon.php?cs_go=3&cs_id=93 HTTP/1.1" 200 7993 "-" "Mozilla/5.0 (compatible; AhrefsBot/4.0; +http://ahrefs.com/robot/)"
141.8.147.1 - - [11/Feb/2013:13:02:22 +0100] "GET /lexikon.php?cs_go=3&cs_id=186 HTTP/1.1" 200 8239 "-" "Mozilla/5.0 (compatible; YandexBot/3.0; +http://yandex.com/bots)"
141.8.147.1 - - [11/Feb/2013:13:06:26 +0100] "GET /lexikon.php?cs_go=3&cs_id=189 HTTP/1.1" 200 8225 "-" "Mozilla/5.0 (compatible; YandexBot/3.0; +http://yandex.com/bots)"
173.199.114.131 - - [11/Feb/2013:13:16:03 +0100] "GET /lexikon.php?cs_go=3&cs_id=69 HTTP/1.1" 200 10107 "-" "Mozilla/5.0 (compatible; AhrefsBot/4.0; +http://ahrefs.com/robot/)"
141.8.147.1 - - [11/Feb/2013:13:25:19 +0100] "GET /lexikon.php?cs_go=3&cs_id=30 HTTP/1.1" 200 7997 "-" "Mozilla/5.0 (compatible; YandexBot/3.0; +http://yandex.com/bots)"
141.8.147.1 - - [11/Feb/2013:13:32:08 +0100] "GET /news.php?cs_go=archiv&cs_id=3571&cs_search= HTTP/1.1" 200 9877 "-" "Mozilla/5.0 (compatible; YandexBot/3.0; +http://yandex.com/bots)"
81.30.151.218 - - [11/Feb/2013:13:34:43 +0100] "GET /news.php?cs_go=archiv&cs_id=1826&cs_search= HTTP/1.1" 200 7887 "-" "Pixray-Seeker/2.0 (Pixray-Seeker; +http://www.pixray.com/pixraybot; +crawler@pixray.com)"
141.8.147.1 - - [11/Feb/2013:13:41:59 +0100] "GET /lexikon.php?cs_go=3&cs_id=13 HTTP/1.1" 200 8062 "-" "Mozilla/5.0 (compatible; YandexBot/3.0; +http://yandex.com/bots)"
141.8.147.1 - - [11/Feb/2013:13:51:08 +0100] "GET /robots.txt HTTP/1.1" 200 177 "-" "Mozilla/5.0 (compatible; YandexBot/3.0; +http://yandex.com/bots)"
81.30.151.218 - - [11/Feb/2013:13:53:00 +0100] "GET /news.php?cs_go=archiv&cs_id=3279&cs_search= HTTP/1.1" 200 13404 "-" "Pixray-Seeker/2.0 (Pixray-Seeker; +http://www.pixray.com/pixraybot; +crawler@pixray.com)"
173.199.114.131 - - [11/Feb/2013:13:55:04 +0100] "GET /news.php?cs_go=archiv&cs_id=3920 HTTP/1.1" 200 11734 "-" "Mozilla/5.0 (compatible; AhrefsBot/4.0; +http://ahrefs.com/robot/)"
141.8.147.1 - - [11/Feb/2013:13:56:45 +0100] "GET /lexikon.php?cs_go=3&cs_id=121 HTTP/1.1" 200 8373 "-" "Mozilla/5.0 (compatible; YandexBot/3.0; +http://yandex.com/bots)"
141.8.147.1 - - [11/Feb/2013:13:58:08 +0100] "GET /lexikon.php?cs_go=3&cs_id=175 HTTP/1.1" 200 8183 "-" "Mozilla/5.0 (compatible; YandexBot/3.0; +http://yandex.com/bots)"
66.249.78.46 - - [11/Feb/2013:14:00:46 +0100] "GET /robots.txt HTTP/1.1" 200 177 "-" "Mozilla/5.0 (compatible; Googlebot/2.1; +http://www.google.com/bot.html)"
66.249.78.46 - - [11/Feb/2013:14:00:46 +0100] "GET /wunschpreis.php HTTP/1.1" 200 12084 "-" "Mozilla/5.0 (compatible; Googlebot/2.1; +http://www.google.com/bot.html)"
