5.9.107.48 - - [14/Feb/2013:09:38:10 +0100] "GET /news.php?cs_go=archiv&cs_id=3933 HTTP/1.0" 200 11219 "-" "Mozilla/5.0 (compatible; MJ12bot/v1.4.3; http://www.majestic12.co.uk/bot.php?+)"
5.9.107.48 - - [14/Feb/2013:09:38:14 +0100] "GET /news.php?cs_go=archiv&cs_id=3934 HTTP/1.0" 200 13333 "-" "Mozilla/5.0 (compatible; MJ12bot/v1.4.3; http://www.majestic12.co.uk/bot.php?+)"
5.9.107.48 - - [14/Feb/2013:09:38:18 +0100] "GET /newsletter.php HTTP/1.0" 200 8928 "-" "Mozilla/5.0 (compatible; MJ12bot/v1.4.3; http://www.majestic12.co.uk/bot.php?+)"
5.9.107.48 - - [14/Feb/2013:09:38:21 +0100] "GET /optiplus.php HTTP/1.0" 200 11100 "-" "Mozilla/5.0 (compatible; MJ12bot/v1.4.3; http://www.majestic12.co.uk/bot.php?+)"
5.9.107.48 - - [14/Feb/2013:09:38:23 +0100] "GET /preisanfrage.php HTTP/1.0" 200 10734 "-" "Mozilla/5.0 (compatible; MJ12bot/v1.4.3; http://www.majestic12.co.uk/bot.php?+)"
5.9.107.48 - - [14/Feb/2013:09:38:26 +0100] "GET /rueckrufservice.php HTTP/1.0" 200 10770 "-" "Mozilla/5.0 (compatible; MJ12bot/v1.4.3; http://www.majestic12.co.uk/bot.php?+)"
5.9.107.48 - - [14/Feb/2013:09:38:29 +0100] "GET /standard.php HTTP/1.0" 200 9218 "-" "Mozilla/5.0 (compatible; MJ12bot/v1.4.3; http://www.majestic12.co.uk/bot.php?+)"
5.9.107.48 - - [14/Feb/2013:09:38:33 +0100] "GET /wunschpreis.php HTTP/1.0" 200 12084 "-" "Mozilla/5.0 (compatible; MJ12bot/v1.4.3; http://www.majestic12.co.uk/bot.php?+)"
141.8.147.12 - - [14/Feb/2013:09:46:21 +0100] "GET /robots.txt HTTP/1.1" 200 177 "-" "Mozilla/5.0 (compatible; YandexBot/3.0; +http://yandex.com/bots)"
141.8.147.12 - - [14/Feb/2013:09:46:24 +0100] "GET /lexikon.php?cs_go=3&cs_id=112 HTTP/1.1" 200 9151 "-" "Mozilla/5.0 (compatible; YandexBot/3.0; +http://yandex.com/bots)"
141.8.147.12 - - [14/Feb/2013:09:46:26 +0100] "GET /lexikon.php?cs_go=3&cs_id=177 HTTP/1.1" 200 7984 "-" "Mozilla/5.0 (compatible; YandexBot/3.0; +http://yandex.com/bots)"
141.8.147.12 - - [14/Feb/2013:09:46:28 +0100] "GET /lexikon.php?cs_go=3&cs_id=25 HTTP/1.1" 200 8404 "-" "Mozilla/5.0 (compatible; YandexBot/3.0; +http://yandex.com/bots)"
141.8.147.12 - - [14/Feb/2013:09:46:30 +0100] "GET /lexikon.php?cs_go=3&cs_id=171 HTTP/1.1" 200 8008 "-" "Mozilla/5.0 (compatible; YandexBot/3.0; +http://yandex.com/bots)"
141.8.147.12 - - [14/Feb/2013:09:46:33 +0100] "GET /lexikon.php?cs_go=3&cs_id=225 HTTP/1.1" 200 8216 "-" "Mozilla/5.0 (compatible; YandexBot/3.0; +http://yandex.com/bots)"
141.8.147.12 - - [14/Feb/2013:09:46:35 +0100] "GET /lexikon.php?cs_go=3&cs_id=224 HTTP/1.1" 200 8276 "-" "Mozilla/5.0 (compatible; YandexBot/3.0; +http://yandex.com/bots)"
141.8.147.12 - - [14/Feb/2013:09:46:37 +0100] "GET /lexikon.php?cs_go=3&cs_id=216 HTTP/1.1" 200 8120 "-" "Mozilla/5.0 (compatible; YandexBot/3.0; +http://yandex.com/bots)"
141.8.147.12 - - [14/Feb/2013:09:46:40 +0100] "GET /lexikon.php?cs_go=3&cs_id=150 HTTP/1.1" 200 8218 "-" "Mozilla/5.0 (compatible; YandexBot/3.0; +http://yandex.com/bots)"
141.8.147.12 - - [14/Feb/2013:09:46:42 +0100] "GET /lexikon.php?cs_go=3&cs_id=184 HTTP/1.1" 200 7998 "-" "Mozilla/5.0 (compatible; YandexBot/3.0; +http://yandex.com/bots)"
141.8.147.12 - - [14/Feb/2013:09:46:45 +0100] "GET /lexikon.php?cs_go=3&cs_id=17 HTTP/1.1" 200 8461 "-" "Mozilla/5.0 (compatible; YandexBot/3.0; +http://yandex.com/bots)"
141.8.147.12 - - [14/Feb/2013:09:46:47 +0100] "GET /lexikon.php?cs_go=3&cs_id=153 HTTP/1.1" 200 8749 "-" "Mozilla/5.0 (compatible; YandexBot/3.0; +http://yandex.com/bots)"
141.8.147.12 - - [14/Feb/2013:09:46:49 +0100] "GET /lexikon.php?cs_go=3&cs_id=181 HTTP/1.1" 200 7995 "-" "Mozilla/5.0 (compatible; YandexBot/3.0; +http://yandex.com/bots)"
141.8.147.12 - - [14/Feb/2013:09:46:52 +0100] "GET /lexikon.php?cs_go=3&cs_id=161 HTTP/1.1" 200 8023 "-" "Mozilla/5.0 (compatible; YandexBot/3.0; +http://yandex.com/bots)"
141.8.147.12 - - [14/Feb/2013:09:46:54 +0100] "GET /lexikon.php?cs_go=3&cs_id=111 HTTP/1.1" 200 8057 "-" "Mozilla/5.0 (compatible; YandexBot/3.0; +http://yandex.com/bots)"
141.8.147.12 - - [14/Feb/2013:09:46:58 +0100] "GET /lexikon.php?cs_go=3&cs_id=21 HTTP/1.1" 200 9070 "-" "Mozilla/5.0 (compatible; YandexBot/3.0; +http://yandex.com/bots)"
141.8.147.12 - - [14/Feb/2013:09:47:00 +0100] "GET /lexikon.php?cs_go=3&cs_id=131 HTTP/1.1" 200 8378 "-" "Mozilla/5.0 (compatible; YandexBot/3.0; +http://yandex.com/bots)"
141.8.147.12 - - [14/Feb/2013:09:47:02 +0100] "GET /lexikon.php?cs_go=3&cs_id=211 HTTP/1.1" 200 8563 "-" "Mozilla/5.0 (compatible; YandexBot/3.0; +http://yandex.com/bots)"
141.8.147.12 - - [14/Feb/2013:09:47:05 +0100] "GET /lexikon.php?cs_go=3&cs_id=169 HTTP/1.1" 200 8037 "-" "Mozilla/5.0 (compatible; YandexBot/3.0; +http://yandex.com/bots)"
141.8.147.12 - - [14/Feb/2013:09:47:08 +0100] "GET /lexikon.php?cs_go=3&cs_id=18 HTTP/1.1" 200 8004 "-" "Mozilla/5.0 (compatible; YandexBot/3.0; +http://yandex.com/bots)"
141.8.147.12 - - [14/Feb/2013:09:52:00 +0100] "GET /news.php?cs_go=archiv&cs_id=3851&cs_search= HTTP/1.1" 200 9863 "-" "Mozilla/5.0 (compatible; YandexBot/3.0; +http://yandex.com/bots)"
141.8.147.12 - - [14/Feb/2013:09:58:05 +0100] "GET /news.php?cs_go=archiv&cs_id=3580&cs_search= HTTP/1.1" 200 13518 "-" "Mozilla/5.0 (compatible; YandexBot/3.0; +http://yandex.com/bots)"
141.8.147.12 - - [14/Feb/2013:10:02:28 +0100] "GET /news.php?cs_go=archiv&cs_id=3488&cs_search= HTTP/1.1" 200 13325 "-" "Mozilla/5.0 (compatible; YandexBot/3.0; +http://yandex.com/bots)"
141.8.147.12 - - [14/Feb/2013:10:05:17 +0100] "GET /news.php?cs_go=archiv&cs_id=3540&cs_search= HTTP/1.1" 200 9904 "-" "Mozilla/5.0 (compatible; YandexBot/3.0; +http://yandex.com/bots)"
141.8.147.12 - - [14/Feb/2013:10:08:02 +0100] "GET /news.php?cs_go=archiv&cs_id=3531&cs_search= HTTP/1.1" 200 10354 "-" "Mozilla/5.0 (compatible; YandexBot/3.0; +http://yandex.com/bots)"
141.8.147.12 - - [14/Feb/2013:10:09:22 +0100] "GET /lexikon.php?cs_go=3&cs_id=209 HTTP/1.1" 200 8296 "-" "Mozilla/5.0 (compatible; YandexBot/3.0; +http://yandex.com/bots)"
141.8.147.12 - - [14/Feb/2013:10:11:57 +0100] "GET /news.php?cs_go=archiv&cs_id=3797&cs_search= HTTP/1.1" 200 9938 "-" "Mozilla/5.0 (compatible; YandexBot/3.0; +http://yandex.com/bots)"
141.8.147.12 - - [14/Feb/2013:10:13:12 +0100] "GET /lexikon.php?cs_go=3&cs_id=136 HTTP/1.1" 200 7990 "-" "Mozilla/5.0 (compatible; YandexBot/3.0; +http://yandex.com/bots)"
141.8.147.12 - - [14/Feb/2013:10:16:29 +0100] "GET /lexikon.php?cs_go=3&cs_id=139 HTTP/1.1" 200 8194 "-" "Mozilla/5.0 (compatible; YandexBot/3.0; +http://yandex.com/bots)"
141.8.147.12 - - [14/Feb/2013:10:17:34 +0100] "GET /news.php?cs_go=archiv&cs_id=3804&cs_search= HTTP/1.1" 200 10011 "-" "Mozilla/5.0 (compatible; YandexBot/3.0; +http://yandex.com/bots)"
141.8.147.12 - - [14/Feb/2013:10:18:40 +0100] "GET /news.php?cs_go=archiv&cs_id=3544&cs_search= HTTP/1.1" 200 9874 "-" "Mozilla/5.0 (compatible; YandexBot/3.0; +http://yandex.com/bots)"
141.8.147.12 - - [14/Feb/2013:10:20:46 +0100] "GET /news.php?cs_go=archiv&cs_id=3792&cs_search= HTTP/1.1" 200 13473 "-" "Mozilla/5.0 (compatible; YandexBot/3.0; +http://yandex.com/bots)"
66.249.78.46 - - [14/Feb/2013:10:20:52 +0100] "GET /news.php?cs_go=archiv&cs_id=3802 HTTP/1.1" 200 13169 "-" "Mozilla/5.0 (compatible; Googlebot/2.1; +http://www.google.com/bot.html)"
83.133.125.202 - - [14/Feb/2013:10:21:21 +0100] "GET / HTTP/1.1" 200 1519 "http://www.sumaja.de/?such_wert=berlin" "Mozilla/5.0 (Windows; U; Windows NT 5.1; de; rv:1.9.0.12) Gecko/2009070611 Firefox/3.0.12 GTB7.1 (.NET CLR 3.5.30729)"
141.8.147.12 - - [14/Feb/2013:10:21:50 +0100] "GET /news.php?cs_go=archiv&cs_id=3848&cs_search= HTTP/1.1" 200 13537 "-" "Mozilla/5.0 (compatible; YandexBot/3.0; +http://yandex.com/bots)"
141.8.147.12 - - [14/Feb/2013:10:22:49 +0100] "GET /lexikon.php?cs_go=3&cs_id=214 HTTP/1.1" 200 8139 "-" "Mozilla/5.0 (compatible; YandexBot/3.0; +http://yandex.com/bots)"
141.8.147.12 - - [14/Feb/2013:10:23:48 +0100] "GET /news.php?cs_go=archiv&cs_id=3577&cs_search= HTTP/1.1" 200 9891 "-" "Mozilla/5.0 (compatible; YandexBot/3.0; +http://yandex.com/bots)"
141.8.147.12 - - [14/Feb/2013:10:24:47 +0100] "GET /news.php?cs_go=archiv&cs_id=3555&cs_search= HTTP/1.1" 200 9934 "-" "Mozilla/5.0 (compatible; YandexBot/3.0; +http://yandex.com/bots)"
141.8.147.12 - - [14/Feb/2013:10:25:46 +0100] "GET /news.php?cs_go=archiv&cs_id=3502&cs_search= HTTP/1.1" 200 10261 "-" "Mozilla/5.0 (compatible; YandexBot/3.0; +http://yandex.com/bots)"
141.8.147.12 - - [14/Feb/2013:10:26:45 +0100] "GET /news.php?cs_go=archiv&cs_id=3574&cs_search= HTTP/1.1" 200 11095 "-" "Mozilla/5.0 (compatible; YandexBot/3.0; +http://yandex.com/bots)"
141.8.147.12 - - [14/Feb/2013:10:27:44 +0100] "GET /news.php?cs_go=archiv&cs_id=3747&cs_search= HTTP/1.1" 200 9770 "-" "Mozilla/5.0 (compatible; YandexBot/3.0; +http://yandex.com/bots)"
141.8.147.12 - - [14/Feb/2013:10:29:22 +0100] "GET /news.php?cs_go=archiv&cs_id=3800&cs_search= HTTP/1.1" 200 9621 "-" "Mozilla/5.0 (compatible; YandexBot/3.0; +http://yandex.com/bots)"
141.8.147.12 - - [14/Feb/2013:10:30:14 +0100] "GET /news.php?cs_go=archiv&cs_id=3875&cs_search= HTTP/1.1" 200 12259 "-" "Mozilla/5.0 (compatible; YandexBot/3.0; +http://yandex.com/bots)"
66.249.78.46 - - [14/Feb/2013:10:30:55 +0100] "GET /news.php?cs_go=archiv&cs_id=3800 HTTP/1.1" 200 9621 "-" "Mozilla/5.0 (compatible; Googlebot/2.1; +http://www.google.com/bot.html)"
81.30.151.218 - - [14/Feb/2013:10:44:13 +0100] "GET /kwk.php HTTP/1.1" 200 10884 "-" "Pixray-Seeker/2.0 (Pixray-Seeker; +http://www.pixray.com/pixraybot; +crawler@pixray.com)"
208.115.113.91 - - [14/Feb/2013:10:57:08 +0100] "GET /news.php?cs_go=archiv&cs_id=3691&cs_search= HTTP/1.1" 200 13607 "-" "Mozilla/5.0 (compatible; Ezooms/1.0; ezooms.bot@gmail.com)"
66.249.78.46 - - [14/Feb/2013:11:00:14 +0100] "GET / HTTP/1.1" 200 15290 "-" "Mozilla/5.0 (compatible; Googlebot/2.1; +http://www.google.com/bot.html)"
141.8.147.12 - - [14/Feb/2013:11:00:23 +0100] "GET /news.php?cs_go=archiv&cs_id=3897&cs_search= HTTP/1.1" 200 13535 "-" "Mozilla/5.0 (compatible; YandexBot/3.0; +http://yandex.com/bots)"
66.249.78.46 - - [14/Feb/2013:11:01:31 +0100] "GET /news.php?cs_go=archiv&cs_id=2811&cs_search= HTTP/1.1" 200 13430 "-" "Mozilla/5.0 (compatible; Googlebot/2.1; +http://www.google.com/bot.html)"
81.30.151.218 - - [14/Feb/2013:11:08:37 +0100] "GET /news.php?cs_go=archiv&cs_id=3069&cs_search= HTTP/1.1" 200 9826 "-" "Pixray-Seeker/2.0 (Pixray-Seeker; +http://www.pixray.com/pixraybot; +crawler@pixray.com)"
141.8.147.12 - - [14/Feb/2013:11:09:26 +0100] "GET /news.php?cs_go=archiv&cs_id=3893&cs_search= HTTP/1.1" 200 13565 "-" "Mozilla/5.0 (compatible; YandexBot/3.0; +http://yandex.com/bots)"
66.249.76.46 - - [14/Feb/2013:11:17:37 +0100] "GET /news.php?cs_go=archiv&cs_id=3938 HTTP/1.1" 200 9836 "-" "Mozilla/5.0 (compatible; Googlebot/2.1; +http://www.google.com/bot.html)"
66.249.78.46 - - [14/Feb/2013:11:17:38 +0100] "GET /news.php?cs_go=archiv&cs_id=3939 HTTP/1.1" 200 10245 "-" "Mozilla/5.0 (compatible; Googlebot/2.1; +http://www.google.com/bot.html)"
141.8.147.12 - - [14/Feb/2013:11:20:09 +0100] "GET /news.php?cs_go=archiv&cs_id=3894&cs_search= HTTP/1.1" 200 9787 "-" "Mozilla/5.0 (compatible; YandexBot/3.0; +http://yandex.com/bots)"
66.249.76.46 - - [14/Feb/2013:11:53:39 +0100] "GET /news.php?cs_go=archiv&cs_id=3198&cs_search= HTTP/1.1" 200 11440 "-" "Mozilla/5.0 (compatible; Googlebot/2.1; +http://www.google.com/bot.html)"
141.8.147.12 - - [14/Feb/2013:11:56:32 +0100] "GET /lexikon.php?cs_go=3&cs_id=194 HTTP/1.1" 200 8012 "-" "Mozilla/5.0 (compatible; YandexBot/3.0; +http://yandex.com/bots)"
141.8.147.12 - - [14/Feb/2013:12:01:53 +0100] "GET /lexikon.php?cs_go=3&cs_id=121 HTTP/1.1" 200 8373 "-" "Mozilla/5.0 (compatible; YandexBot/3.0; +http://yandex.com/bots)"
141.8.147.12 - - [14/Feb/2013:12:12:35 +0100] "GET /lexikon.php?cs_go=3&cs_id=185 HTTP/1.1" 200 8346 "-" "Mozilla/5.0 (compatible; YandexBot/3.0; +http://yandex.com/bots)"
66.249.78.46 - - [14/Feb/2013:12:13:15 +0100] "GET /news.php?cs_go=archiv&cs_startpos=140 HTTP/1.1" 200 22743 "-" "Mozilla/5.0 (compatible; Googlebot/2.1; +http://www.google.com/bot.html)"
141.8.147.12 - - [14/Feb/2013:12:18:48 +0100] "GET /news.php?cs_go=archiv&cs_id=3615&cs_search= HTTP/1.1" 200 13308 "-" "Mozilla/5.0 (compatible; YandexBot/3.0; +http://yandex.com/bots)"
87.123.112.237 - - [14/Feb/2013:12:21:44 +0100] "GET /style.css HTTP/1.1" 200 8418 "http://www.mink-gmbh.de/" "Mozilla/5.0 (Windows NT 6.1; rv:18.0) Gecko/20100101 Firefox/18.0"
87.123.112.237 - - [14/Feb/2013:12:21:44 +0100] "GET /modul.css HTTP/1.1" 200 35038 "http://www.mink-gmbh.de/" "Mozilla/5.0 (Windows NT 6.1; rv:18.0) Gecko/20100101 Firefox/18.0"
87.123.112.237 - - [14/Feb/2013:12:21:44 +0100] "GET /favicon.ico HTTP/1.1" 200 3638 "-" "Mozilla/5.0 (Windows NT 6.1; rv:18.0) Gecko/20100101 Firefox/18.0"
87.123.112.237 - - [14/Feb/2013:12:21:44 +0100] "GET /js_contentserver24_greybox/gb_styles.css HTTP/1.1" 200 2302 "http://www.mink-gmbh.de/" "Mozilla/5.0 (Windows NT 6.1; rv:18.0) Gecko/20100101 Firefox/18.0"
87.123.112.237 - - [14/Feb/2013:12:21:44 +0100] "GET /js_contentserver24_greybox/AJS_fx.js HTTP/1.1" 200 3192 "http://www.mink-gmbh.de/" "Mozilla/5.0 (Windows NT 6.1; rv:18.0) Gecko/20100101 Firefox/18.0"
87.123.112.237 - - [14/Feb/2013:12:21:44 +0100] "GET /js_contentserver24_greybox/AJS.js HTTP/1.1" 200 10396 "http://www.mink-gmbh.de/" "Mozilla/5.0 (Windows NT 6.1; rv:18.0) Gecko/20100101 Firefox/18.0"
87.123.112.237 - - [14/Feb/2013:12:21:44 +0100] "GET /js_contentserver24_greybox/gb_scripts.js HTTP/1.1" 200 11913 "http://www.mink-gmbh.de/" "Mozilla/5.0 (Windows NT 6.1; rv:18.0) Gecko/20100101 Firefox/18.0"
87.123.112.237 - - [14/Feb/2013:12:21:44 +0100] "GET /images/bg.jpg HTTP/1.1" 200 345 "http://www.mink-gmbh.de/style.css" "Mozilla/5.0 (Windows NT 6.1; rv:18.0) Gecko/20100101 Firefox/18.0"
87.123.112.237 - - [14/Feb/2013:12:21:44 +0100] "GET /js_contentserver24_greybox/w_close.gif HTTP/1.1" 200 74 "http://www.mink-gmbh.de/" "Mozilla/5.0 (Windows NT 6.1; rv:18.0) Gecko/20100101 Firefox/18.0"
87.123.112.237 - - [14/Feb/2013:12:21:44 +0100] "GET /images/close.png HTTP/1.1" 200 703 "http://www.mink-gmbh.de/" "Mozilla/5.0 (Windows NT 6.1; rv:18.0) Gecko/20100101 Firefox/18.0"
87.123.112.237 - - [14/Feb/2013:12:21:44 +0100] "GET /images/newsletter_bg.jpg HTTP/1.1" 200 33610 "http://www.mink-gmbh.de/" "Mozilla/5.0 (Windows NT 6.1; rv:18.0) Gecko/20100101 Firefox/18.0"
87.123.112.237 - - [14/Feb/2013:12:21:44 +0100] "GET /images/newsletter.png HTTP/1.1" 200 14619 "http://www.mink-gmbh.de/style.css" "Mozilla/5.0 (Windows NT 6.1; rv:18.0) Gecko/20100101 Firefox/18.0"
87.123.112.237 - - [14/Feb/2013:12:21:44 +0100] "GET /images/wrapperbg.jpg HTTP/1.1" 200 27465 "http://www.mink-gmbh.de/style.css" "Mozilla/5.0 (Windows NT 6.1; rv:18.0) Gecko/20100101 Firefox/18.0"
87.123.112.237 - - [14/Feb/2013:12:21:44 +0100] "GET /images/navibg.png HTTP/1.1" 200 2803 "http://www.mink-gmbh.de/style.css" "Mozilla/5.0 (Windows NT 6.1; rv:18.0) Gecko/20100101 Firefox/18.0"
87.123.112.237 - - [14/Feb/2013:12:21:44 +0100] "GET /images/header.jpg HTTP/1.1" 200 24413 "http://www.mink-gmbh.de/style.css" "Mozilla/5.0 (Windows NT 6.1; rv:18.0) Gecko/20100101 Firefox/18.0"
87.123.112.237 - - [14/Feb/2013:12:21:44 +0100] "GET /images/fallend.png HTTP/1.1" 200 713 "http://www.mink-gmbh.de/modul.css" "Mozilla/5.0 (Windows NT 6.1; rv:18.0) Gecko/20100101 Firefox/18.0"
87.123.112.237 - - [14/Feb/2013:12:21:44 +0100] "GET /images/steigend.png HTTP/1.1" 200 688 "http://www.mink-gmbh.de/modul.css" "Mozilla/5.0 (Windows NT 6.1; rv:18.0) Gecko/20100101 Firefox/18.0"
87.123.112.237 - - [14/Feb/2013:12:21:44 +0100] "GET /images/tkw.jpg HTTP/1.1" 200 64031 "http://www.mink-gmbh.de/" "Mozilla/5.0 (Windows NT 6.1; rv:18.0) Gecko/20100101 Firefox/18.0"
87.123.112.237 - - [14/Feb/2013:12:21:43 +0100] "GET / HTTP/1.1" 200 15330 "http://www.google.de/url?sa=t&rct=j&q=mink%20heiz%C3%B6l&source=web&cd=1&ved=0CDAQFjAA&url=http%3A%2F%2Fwww.mink-gmbh.de%2F&ei=jsgcUezSMsbOsgbzpoGQBw&usg=AFQjCNFHX4Iglls9oo-KYXTmDUV_5KOVIg&bvm=bv.42452523,d.Yms" "Mozilla/5.0 (Windows NT 6.1; rv:18.0) Gecko/20100101 Firefox/18.0"
87.123.112.237 - - [14/Feb/2013:12:21:45 +0100] "GET /images/freecall.jpg HTTP/1.1" 200 39195 "http://www.mink-gmbh.de/" "Mozilla/5.0 (Windows NT 6.1; rv:18.0) Gecko/20100101 Firefox/18.0"
87.123.112.237 - - [14/Feb/2013:12:21:45 +0100] "GET /images/kwk.gif HTTP/1.1" 200 6403 "http://www.mink-gmbh.de/" "Mozilla/5.0 (Windows NT 6.1; rv:18.0) Gecko/20100101 Firefox/18.0"
87.123.112.237 - - [14/Feb/2013:12:21:45 +0100] "GET /images/mail.jpg HTTP/1.1" 200 11165 "http://www.mink-gmbh.de/" "Mozilla/5.0 (Windows NT 6.1; rv:18.0) Gecko/20100101 Firefox/18.0"
87.123.112.237 - - [14/Feb/2013:12:21:45 +0100] "GET /images/wunschpreis.jpg HTTP/1.1" 200 16767 "http://www.mink-gmbh.de/" "Mozilla/5.0 (Windows NT 6.1; rv:18.0) Gecko/20100101 Firefox/18.0"
87.123.112.237 - - [14/Feb/2013:12:21:45 +0100] "GET /images/logos.jpg HTTP/1.1" 200 15002 "http://www.mink-gmbh.de/" "Mozilla/5.0 (Windows NT 6.1; rv:18.0) Gecko/20100101 Firefox/18.0"
87.123.112.237 - - [14/Feb/2013:12:21:45 +0100] "GET /images/mobil.jpg HTTP/1.1" 200 25293 "http://www.mink-gmbh.de/style.css" "Mozilla/5.0 (Windows NT 6.1; rv:18.0) Gecko/20100101 Firefox/18.0"
87.123.112.237 - - [14/Feb/2013:12:21:45 +0100] "GET /images/newsletter.jpg HTTP/1.1" 200 13130 "http://www.mink-gmbh.de/style.css" "Mozilla/5.0 (Windows NT 6.1; rv:18.0) Gecko/20100101 Firefox/18.0"
87.123.112.237 - - [14/Feb/2013:12:21:45 +0100] "GET /images/footerbg.jpg HTTP/1.1" 200 2184 "http://www.mink-gmbh.de/style.css" "Mozilla/5.0 (Windows NT 6.1; rv:18.0) Gecko/20100101 Firefox/18.0"
87.123.112.237 - - [14/Feb/2013:12:21:45 +0100] "GET /js_contentserver24_greybox/loader_frame.html?s=0 HTTP/1.1" 200 2084 "http://www.mink-gmbh.de/" "Mozilla/5.0 (Windows NT 6.1; rv:18.0) Gecko/20100101 Firefox/18.0"
87.123.112.237 - - [14/Feb/2013:12:21:45 +0100] "GET /js_contentserver24_greybox/header_bg.gif HTTP/1.1" 200 1188 "http://www.mink-gmbh.de/" "Mozilla/5.0 (Windows NT 6.1; rv:18.0) Gecko/20100101 Firefox/18.0"
87.123.112.237 - - [14/Feb/2013:12:21:45 +0100] "GET /js_contentserver24_greybox/indicator.gif HTTP/1.1" 200 8238 "http://www.mink-gmbh.de/js_contentserver24_greybox/loader_frame.html?s=0" "Mozilla/5.0 (Windows NT 6.1; rv:18.0) Gecko/20100101 Firefox/18.0"
87.123.112.237 - - [14/Feb/2013:12:21:46 +0100] "GET /js_contentserver24_greybox/g_close.gif HTTP/1.1" 200 541 "http://www.mink-gmbh.de/" "Mozilla/5.0 (Windows NT 6.1; rv:18.0) Gecko/20100101 Firefox/18.0"
141.8.147.12 - - [14/Feb/2013:12:24:09 +0100] "GET /lexikon.php?cs_go=3&cs_id=46 HTTP/1.1" 200 8005 "-" "Mozilla/5.0 (compatible; YandexBot/3.0; +http://yandex.com/bots)"
141.8.147.12 - - [14/Feb/2013:12:34:50 +0100] "GET /lexikon.php?cs_go=3&cs_id=44 HTTP/1.1" 200 8005 "-" "Mozilla/5.0 (compatible; YandexBot/3.0; +http://yandex.com/bots)"
208.115.113.91 - - [14/Feb/2013:12:40:19 +0100] "GET /robots.txt HTTP/1.1" 200 177 "-" "Mozilla/5.0 (compatible; Ezooms/1.0; ezooms.bot@gmail.com)"
141.8.147.12 - - [14/Feb/2013:12:45:31 +0100] "GET /news.php?cs_go=archiv&cs_id=3793&cs_search= HTTP/1.1" 200 9899 "-" "Mozilla/5.0 (compatible; YandexBot/3.0; +http://yandex.com/bots)"
66.249.76.46 - - [14/Feb/2013:12:46:08 +0100] "GET /news.php?cs_go=archiv&cs_id=3711&cs_search= HTTP/1.1" 200 11150 "-" "Mozilla/5.0 (iPhone; U; CPU iPhone OS 4_1 like Mac OS X; en-us) AppleWebKit/532.9 (KHTML, like Gecko) Version/4.0.5 Mobile/8B117 Safari/6531.22.7 (compatible; Googlebot-Mobile/2.1; +http://www.google.com/bot.html)"
141.8.147.12 - - [14/Feb/2013:12:56:31 +0100] "GET /lexikon.php?cs_go=3&cs_id=15 HTTP/1.1" 200 8036 "-" "Mozilla/5.0 (compatible; YandexBot/3.0; +http://yandex.com/bots)"
88.72.208.180 - - [14/Feb/2013:12:59:52 +0100] "GET /style.css HTTP/1.1" 200 8418 "http://www.mink-gmbh.de/" "Mozilla/4.0 (compatible; MSIE 8.0; Windows NT 5.1; Trident/4.0; Arcor 5.008; GTB7.4; .NET CLR 1.1.4322; .NET CLR 2.0.50727; .NET CLR 3.0.04506.648; .NET CLR 3.5.21022; .NET CLR 3.0.4506.2152; .NET CLR 3.5.30729; OfficeLiveConnector.1.5; OfficeLivePatch.1.3)"
88.72.208.180 - - [14/Feb/2013:12:59:53 +0100] "GET /modul.css HTTP/1.1" 200 35038 "http://www.mink-gmbh.de/" "Mozilla/4.0 (compatible; MSIE 8.0; Windows NT 5.1; Trident/4.0; Arcor 5.008; GTB7.4; .NET CLR 1.1.4322; .NET CLR 2.0.50727; .NET CLR 3.0.04506.648; .NET CLR 3.5.21022; .NET CLR 3.0.4506.2152; .NET CLR 3.5.30729; OfficeLiveConnector.1.5; OfficeLivePatch.1.3)"
88.72.208.180 - - [14/Feb/2013:12:59:53 +0100] "GET /js_contentserver24_greybox/gb_styles.css HTTP/1.1" 200 2302 "http://www.mink-gmbh.de/" "Mozilla/4.0 (compatible; MSIE 8.0; Windows NT 5.1; Trident/4.0; Arcor 5.008; GTB7.4; .NET CLR 1.1.4322; .NET CLR 2.0.50727; .NET CLR 3.0.04506.648; .NET CLR 3.5.21022; .NET CLR 3.0.4506.2152; .NET CLR 3.5.30729; OfficeLiveConnector.1.5; OfficeLivePatch.1.3)"
88.72.208.180 - - [14/Feb/2013:12:59:53 +0100] "GET /js_contentserver24_greybox/AJS_fx.js HTTP/1.1" 200 3192 "http://www.mink-gmbh.de/" "Mozilla/4.0 (compatible; MSIE 8.0; Windows NT 5.1; Trident/4.0; Arcor 5.008; GTB7.4; .NET CLR 1.1.4322; .NET CLR 2.0.50727; .NET CLR 3.0.04506.648; .NET CLR 3.5.21022; .NET CLR 3.0.4506.2152; .NET CLR 3.5.30729; OfficeLiveConnector.1.5; OfficeLivePatch.1.3)"
88.72.208.180 - - [14/Feb/2013:12:59:53 +0100] "GET /js_contentserver24_greybox/gb_scripts.js HTTP/1.1" 200 11913 "http://www.mink-gmbh.de/" "Mozilla/4.0 (compatible; MSIE 8.0; Windows NT 5.1; Trident/4.0; Arcor 5.008; GTB7.4; .NET CLR 1.1.4322; .NET CLR 2.0.50727; .NET CLR 3.0.04506.648; .NET CLR 3.5.21022; .NET CLR 3.0.4506.2152; .NET CLR 3.5.30729; OfficeLiveConnector.1.5; OfficeLivePatch.1.3)"
88.72.208.180 - - [14/Feb/2013:12:59:53 +0100] "GET /js_contentserver24_greybox/AJS.js HTTP/1.1" 200 10396 "http://www.mink-gmbh.de/" "Mozilla/4.0 (compatible; MSIE 8.0; Windows NT 5.1; Trident/4.0; Arcor 5.008; GTB7.4; .NET CLR 1.1.4322; .NET CLR 2.0.50727; .NET CLR 3.0.04506.648; .NET CLR 3.5.21022; .NET CLR 3.0.4506.2152; .NET CLR 3.5.30729; OfficeLiveConnector.1.5; OfficeLivePatch.1.3)"
88.72.208.180 - - [14/Feb/2013:12:59:53 +0100] "GET /images/bg.jpg HTTP/1.1" 200 345 "http://www.mink-gmbh.de/" "Mozilla/4.0 (compatible; MSIE 8.0; Windows NT 5.1; Trident/4.0; Arcor 5.008; GTB7.4; .NET CLR 1.1.4322; .NET CLR 2.0.50727; .NET CLR 3.0.04506.648; .NET CLR 3.5.21022; .NET CLR 3.0.4506.2152; .NET CLR 3.5.30729; OfficeLiveConnector.1.5; OfficeLivePatch.1.3)"
88.72.208.180 - - [14/Feb/2013:12:59:53 +0100] "GET /js_contentserver24_greybox/w_close.gif HTTP/1.1" 200 74 "http://www.mink-gmbh.de/" "Mozilla/4.0 (compatible; MSIE 8.0; Windows NT 5.1; Trident/4.0; Arcor 5.008; GTB7.4; .NET CLR 1.1.4322; .NET CLR 2.0.50727; .NET CLR 3.0.04506.648; .NET CLR 3.5.21022; .NET CLR 3.0.4506.2152; .NET CLR 3.5.30729; OfficeLiveConnector.1.5; OfficeLivePatch.1.3)"
88.72.208.180 - - [14/Feb/2013:12:59:53 +0100] "GET /images/close.png HTTP/1.1" 200 703 "http://www.mink-gmbh.de/" "Mozilla/4.0 (compatible; MSIE 8.0; Windows NT 5.1; Trident/4.0; Arcor 5.008; GTB7.4; .NET CLR 1.1.4322; .NET CLR 2.0.50727; .NET CLR 3.0.04506.648; .NET CLR 3.5.21022; .NET CLR 3.0.4506.2152; .NET CLR 3.5.30729; OfficeLiveConnector.1.5; OfficeLivePatch.1.3)"
88.72.208.180 - - [14/Feb/2013:12:59:53 +0100] "GET /images/newsletter.png HTTP/1.1" 200 14619 "http://www.mink-gmbh.de/" "Mozilla/4.0 (compatible; MSIE 8.0; Windows NT 5.1; Trident/4.0; Arcor 5.008; GTB7.4; .NET CLR 1.1.4322; .NET CLR 2.0.50727; .NET CLR 3.0.04506.648; .NET CLR 3.5.21022; .NET CLR 3.0.4506.2152; .NET CLR 3.5.30729; OfficeLiveConnector.1.5; OfficeLivePatch.1.3)"
88.72.208.180 - - [14/Feb/2013:12:59:53 +0100] "GET /images/newsletter_bg.jpg HTTP/1.1" 200 33610 "http://www.mink-gmbh.de/" "Mozilla/4.0 (compatible; MSIE 8.0; Windows NT 5.1; Trident/4.0; Arcor 5.008; GTB7.4; .NET CLR 1.1.4322; .NET CLR 2.0.50727; .NET CLR 3.0.04506.648; .NET CLR 3.5.21022; .NET CLR 3.0.4506.2152; .NET CLR 3.5.30729; OfficeLiveConnector.1.5; OfficeLivePatch.1.3)"
88.72.208.180 - - [14/Feb/2013:12:59:53 +0100] "GET /images/header.jpg HTTP/1.1" 200 24413 "http://www.mink-gmbh.de/" "Mozilla/4.0 (compatible; MSIE 8.0; Windows NT 5.1; Trident/4.0; Arcor 5.008; GTB7.4; .NET CLR 1.1.4322; .NET CLR 2.0.50727; .NET CLR 3.0.04506.648; .NET CLR 3.5.21022; .NET CLR 3.0.4506.2152; .NET CLR 3.5.30729; OfficeLiveConnector.1.5; OfficeLivePatch.1.3)"
88.72.208.180 - - [14/Feb/2013:12:59:53 +0100] "GET /images/navibg.png HTTP/1.1" 200 2803 "http://www.mink-gmbh.de/" "Mozilla/4.0 (compatible; MSIE 8.0; Windows NT 5.1; Trident/4.0; Arcor 5.008; GTB7.4; .NET CLR 1.1.4322; .NET CLR 2.0.50727; .NET CLR 3.0.04506.648; .NET CLR 3.5.21022; .NET CLR 3.0.4506.2152; .NET CLR 3.5.30729; OfficeLiveConnector.1.5; OfficeLivePatch.1.3)"
88.72.208.180 - - [14/Feb/2013:12:59:53 +0100] "GET /images/wrapperbg.jpg HTTP/1.1" 200 27465 "http://www.mink-gmbh.de/" "Mozilla/4.0 (compatible; MSIE 8.0; Windows NT 5.1; Trident/4.0; Arcor 5.008; GTB7.4; .NET CLR 1.1.4322; .NET CLR 2.0.50727; .NET CLR 3.0.04506.648; .NET CLR 3.5.21022; .NET CLR 3.0.4506.2152; .NET CLR 3.5.30729; OfficeLiveConnector.1.5; OfficeLivePatch.1.3)"
88.72.208.180 - - [14/Feb/2013:12:59:52 +0100] "GET / HTTP/1.1" 200 15330 "-" "Mozilla/4.0 (compatible; MSIE 8.0; Windows NT 5.1; Trident/4.0; Arcor 5.008; GTB7.4; .NET CLR 1.1.4322; .NET CLR 2.0.50727; .NET CLR 3.0.04506.648; .NET CLR 3.5.21022; .NET CLR 3.0.4506.2152; .NET CLR 3.5.30729; OfficeLiveConnector.1.5; OfficeLivePatch.1.3)"
88.72.208.180 - - [14/Feb/2013:12:59:53 +0100] "GET /images/fallend.png HTTP/1.1" 200 713 "http://www.mink-gmbh.de/" "Mozilla/4.0 (compatible; MSIE 8.0; Windows NT 5.1; Trident/4.0; Arcor 5.008; GTB7.4; .NET CLR 1.1.4322; .NET CLR 2.0.50727; .NET CLR 3.0.04506.648; .NET CLR 3.5.21022; .NET CLR 3.0.4506.2152; .NET CLR 3.5.30729; OfficeLiveConnector.1.5; OfficeLivePatch.1.3)"
88.72.208.180 - - [14/Feb/2013:12:59:53 +0100] "GET /images/steigend.png HTTP/1.1" 200 688 "http://www.mink-gmbh.de/" "Mozilla/4.0 (compatible; MSIE 8.0; Windows NT 5.1; Trident/4.0; Arcor 5.008; GTB7.4; .NET CLR 1.1.4322; .NET CLR 2.0.50727; .NET CLR 3.0.04506.648; .NET CLR 3.5.21022; .NET CLR 3.0.4506.2152; .NET CLR 3.5.30729; OfficeLiveConnector.1.5; OfficeLivePatch.1.3)"
88.72.208.180 - - [14/Feb/2013:12:59:53 +0100] "GET /images/mobil.jpg HTTP/1.1" 200 25293 "http://www.mink-gmbh.de/" "Mozilla/4.0 (compatible; MSIE 8.0; Windows NT 5.1; Trident/4.0; Arcor 5.008; GTB7.4; .NET CLR 1.1.4322; .NET CLR 2.0.50727; .NET CLR 3.0.04506.648; .NET CLR 3.5.21022; .NET CLR 3.0.4506.2152; .NET CLR 3.5.30729; OfficeLiveConnector.1.5; OfficeLivePatch.1.3)"
88.72.208.180 - - [14/Feb/2013:12:59:53 +0100] "GET /images/newsletter.jpg HTTP/1.1" 200 13130 "http://www.mink-gmbh.de/" "Mozilla/4.0 (compatible; MSIE 8.0; Windows NT 5.1; Trident/4.0; Arcor 5.008; GTB7.4; .NET CLR 1.1.4322; .NET CLR 2.0.50727; .NET CLR 3.0.04506.648; .NET CLR 3.5.21022; .NET CLR 3.0.4506.2152; .NET CLR 3.5.30729; OfficeLiveConnector.1.5; OfficeLivePatch.1.3)"
88.72.208.180 - - [14/Feb/2013:12:59:53 +0100] "GET /js_contentserver24_greybox/header_bg.gif HTTP/1.1" 200 1188 "http://www.mink-gmbh.de/" "Mozilla/4.0 (compatible; MSIE 8.0; Windows NT 5.1; Trident/4.0; Arcor 5.008; GTB7.4; .NET CLR 1.1.4322; .NET CLR 2.0.50727; .NET CLR 3.0.04506.648; .NET CLR 3.5.21022; .NET CLR 3.0.4506.2152; .NET CLR 3.5.30729; OfficeLiveConnector.1.5; OfficeLivePatch.1.3)"
88.72.208.180 - - [14/Feb/2013:12:59:53 +0100] "GET /images/kwk.gif HTTP/1.1" 200 6403 "http://www.mink-gmbh.de/" "Mozilla/4.0 (compatible; MSIE 8.0; Windows NT 5.1; Trident/4.0; Arcor 5.008; GTB7.4; .NET CLR 1.1.4322; .NET CLR 2.0.50727; .NET CLR 3.0.04506.648; .NET CLR 3.5.21022; .NET CLR 3.0.4506.2152; .NET CLR 3.5.30729; OfficeLiveConnector.1.5; OfficeLivePatch.1.3)"
88.72.208.180 - - [14/Feb/2013:12:59:53 +0100] "GET /images/freecall.jpg HTTP/1.1" 200 39195 "http://www.mink-gmbh.de/" "Mozilla/4.0 (compatible; MSIE 8.0; Windows NT 5.1; Trident/4.0; Arcor 5.008; GTB7.4; .NET CLR 1.1.4322; .NET CLR 2.0.50727; .NET CLR 3.0.04506.648; .NET CLR 3.5.21022; .NET CLR 3.0.4506.2152; .NET CLR 3.5.30729; OfficeLiveConnector.1.5; OfficeLivePatch.1.3)"
88.72.208.180 - - [14/Feb/2013:12:59:53 +0100] "GET /images/wunschpreis.jpg HTTP/1.1" 200 16767 "http://www.mink-gmbh.de/" "Mozilla/4.0 (compatible; MSIE 8.0; Windows NT 5.1; Trident/4.0; Arcor 5.008; GTB7.4; .NET CLR 1.1.4322; .NET CLR 2.0.50727; .NET CLR 3.0.04506.648; .NET CLR 3.5.21022; .NET CLR 3.0.4506.2152; .NET CLR 3.5.30729; OfficeLiveConnector.1.5; OfficeLivePatch.1.3)"
88.72.208.180 - - [14/Feb/2013:12:59:53 +0100] "GET /images/mail.jpg HTTP/1.1" 200 11165 "http://www.mink-gmbh.de/" "Mozilla/4.0 (compatible; MSIE 8.0; Windows NT 5.1; Trident/4.0; Arcor 5.008; GTB7.4; .NET CLR 1.1.4322; .NET CLR 2.0.50727; .NET CLR 3.0.04506.648; .NET CLR 3.5.21022; .NET CLR 3.0.4506.2152; .NET CLR 3.5.30729; OfficeLiveConnector.1.5; OfficeLivePatch.1.3)"
88.72.208.180 - - [14/Feb/2013:12:59:53 +0100] "GET /images/tkw.jpg HTTP/1.1" 200 64031 "http://www.mink-gmbh.de/" "Mozilla/4.0 (compatible; MSIE 8.0; Windows NT 5.1; Trident/4.0; Arcor 5.008; GTB7.4; .NET CLR 1.1.4322; .NET CLR 2.0.50727; .NET CLR 3.0.04506.648; .NET CLR 3.5.21022; .NET CLR 3.0.4506.2152; .NET CLR 3.5.30729; OfficeLiveConnector.1.5; OfficeLivePatch.1.3)"
88.72.208.180 - - [14/Feb/2013:12:59:53 +0100] "GET /images/footerbg.jpg HTTP/1.1" 200 2184 "http://www.mink-gmbh.de/" "Mozilla/4.0 (compatible; MSIE 8.0; Windows NT 5.1; Trident/4.0; Arcor 5.008; GTB7.4; .NET CLR 1.1.4322; .NET CLR 2.0.50727; .NET CLR 3.0.04506.648; .NET CLR 3.5.21022; .NET CLR 3.0.4506.2152; .NET CLR 3.5.30729; OfficeLiveConnector.1.5; OfficeLivePatch.1.3)"
88.72.208.180 - - [14/Feb/2013:12:59:54 +0100] "GET /images/logos.jpg HTTP/1.1" 200 15002 "http://www.mink-gmbh.de/" "Mozilla/4.0 (compatible; MSIE 8.0; Windows NT 5.1; Trident/4.0; Arcor 5.008; GTB7.4; .NET CLR 1.1.4322; .NET CLR 2.0.50727; .NET CLR 3.0.04506.648; .NET CLR 3.5.21022; .NET CLR 3.0.4506.2152; .NET CLR 3.5.30729; OfficeLiveConnector.1.5; OfficeLivePatch.1.3)"
88.72.208.180 - - [14/Feb/2013:12:59:54 +0100] "GET /js_contentserver24_greybox/loader_frame.html?s=0 HTTP/1.1" 200 2084 "http://www.mink-gmbh.de/" "Mozilla/4.0 (compatible; MSIE 8.0; Windows NT 5.1; Trident/4.0; Arcor 5.008; GTB7.4; .NET CLR 1.1.4322; .NET CLR 2.0.50727; .NET CLR 3.0.04506.648; .NET CLR 3.5.21022; .NET CLR 3.0.4506.2152; .NET CLR 3.5.30729; OfficeLiveConnector.1.5; OfficeLivePatch.1.3)"
88.72.208.180 - - [14/Feb/2013:12:59:54 +0100] "GET /js_contentserver24_greybox/indicator.gif HTTP/1.1" 200 8238 "http://www.mink-gmbh.de/js_contentserver24_greybox/loader_frame.html?s=0" "Mozilla/4.0 (compatible; MSIE 8.0; Windows NT 5.1; Trident/4.0; Arcor 5.008; GTB7.4; .NET CLR 1.1.4322; .NET CLR 2.0.50727; .NET CLR 3.0.04506.648; .NET CLR 3.5.21022; .NET CLR 3.0.4506.2152; .NET CLR 3.5.30729; OfficeLiveConnector.1.5; OfficeLivePatch.1.3)"
88.72.208.180 - - [14/Feb/2013:12:59:54 +0100] "GET /favicon.ico HTTP/1.1" 200 3638 "-" "Mozilla/4.0 (compatible; MSIE 8.0; Windows NT 5.1; Trident/4.0; Arcor 5.008; GTB7.4; .NET CLR 1.1.4322; .NET CLR 2.0.50727; .NET CLR 3.0.04506.648; .NET CLR 3.5.21022; .NET CLR 3.0.4506.2152; .NET CLR 3.5.30729; OfficeLiveConnector.1.5; OfficeLivePatch.1.3)"
88.72.208.180 - - [14/Feb/2013:12:59:55 +0100] "GET /js_contentserver24_greybox/g_close.gif HTTP/1.1" 200 541 "http://www.mink-gmbh.de/" "Mozilla/4.0 (compatible; MSIE 8.0; Windows NT 5.1; Trident/4.0; Arcor 5.008; GTB7.4; .NET CLR 1.1.4322; .NET CLR 2.0.50727; .NET CLR 3.0.04506.648; .NET CLR 3.5.21022; .NET CLR 3.0.4506.2152; .NET CLR 3.5.30729; OfficeLiveConnector.1.5; OfficeLivePatch.1.3)"
141.8.147.12 - - [14/Feb/2013:13:01:57 +0100] "GET /news.php?cs_go=archiv&cs_id=3611&cs_search= HTTP/1.1" 200 9737 "-" "Mozilla/5.0 (compatible; YandexBot/3.0; +http://yandex.com/bots)"
141.8.147.12 - - [14/Feb/2013:13:15:49 +0100] "GET /lexikon.php?cs_go=3&cs_id=221 HTTP/1.1" 200 8017 "-" "Mozilla/5.0 (compatible; YandexBot/3.0; +http://yandex.com/bots)"
66.249.76.46 - - [14/Feb/2013:13:20:26 +0100] "GET /news.php?cs_go=archiv&cs_id=2788&cs_search= HTTP/1.1" 200 9898 "-" "Mozilla/5.0 (compatible; Googlebot/2.1; +http://www.google.com/bot.html)"
65.36.241.79 - - [14/Feb/2013:13:33:07 +0100] "HEAD / HTTP/1.1" 200 - "-" "InternetSeer.com"
81.30.151.218 - - [14/Feb/2013:13:47:04 +0100] "GET /news.php?cs_go=archiv&cs_id=3232&cs_search= HTTP/1.1" 200 13831 "-" "Pixray-Seeker/2.0 (Pixray-Seeker; +http://www.pixray.com/pixraybot; +crawler@pixray.com)"
5.9.7.208 - - [14/Feb/2013:13:58:51 +0100] "GET /robots.txt HTTP/1.0" 200 177 "-" "Mozilla/5.0 (compatible; MJ12bot/v1.4.3; http://www.majestic12.co.uk/bot.php?+)"
5.9.7.208 - - [14/Feb/2013:13:58:52 +0100] "GET / HTTP/1.0" 200 15333 "-" "Mozilla/5.0 (compatible; MJ12bot/v1.4.3; http://www.majestic12.co.uk/bot.php?+)"
5.9.7.208 - - [14/Feb/2013:14:29:38 +0100] "GET /robots.txt HTTP/1.0" 200 177 "-" "Mozilla/5.0 (compatible; MJ12bot/v1.4.3; http://www.majestic12.co.uk/bot.php?+)"
5.9.7.208 - - [14/Feb/2013:14:29:42 +0100] "GET / HTTP/1.0" 200 15333 "-" "Mozilla/5.0 (compatible; MJ12bot/v1.4.3; http://www.majestic12.co.uk/bot.php?+)"
208.115.111.75 - - [14/Feb/2013:14:37:01 +0100] "GET /robots.txt HTTP/1.1" 200 177 "-" "Mozilla/5.0 (compatible; Ezooms/1.0; ezooms.bot@gmail.com)"
123.125.71.13 - - [14/Feb/2013:14:48:32 +0100] "GET /robots.txt HTTP/1.1" 200 177 "-" "Mozilla/5.0 (Windows NT 5.1; rv:6.0.2) Gecko/20100101 Firefox/6.0.2"
208.115.113.91 - - [14/Feb/2013:14:51:41 +0100] "GET /news.php?cs_go=archiv&cs_id=3673&cs_search= HTTP/1.1" 200 11383 "-" "Mozilla/5.0 (compatible; Ezooms/1.0; ezooms.bot@gmail.com)"
141.58.45.31 - - [14/Feb/2013:15:13:35 +0100] "GET /robots.txt HTTP/1.0" 200 177 "-" "Mozilla/5.0 (compatible; MJ12bot/v1.4.3; http://www.majestic12.co.uk/bot.php?+)"
141.58.45.31 - - [14/Feb/2013:15:14:13 +0100] "GET /impressum.php HTTP/1.0" 200 8582 "-" "Mozilla/5.0 (compatible; MJ12bot/v1.4.3; http://www.majestic12.co.uk/bot.php?+)"
141.58.45.31 - - [14/Feb/2013:15:14:15 +0100] "GET /index.php HTTP/1.0" 200 15333 "-" "Mozilla/5.0 (compatible; MJ12bot/v1.4.3; http://www.majestic12.co.uk/bot.php?+)"
141.58.45.31 - - [14/Feb/2013:15:14:18 +0100] "GET /jobs.php HTTP/1.0" 200 10090 "-" "Mozilla/5.0 (compatible; MJ12bot/v1.4.3; http://www.majestic12.co.uk/bot.php?+)"
141.58.45.31 - - [14/Feb/2013:15:14:20 +0100] "GET /kontakt.php HTTP/1.0" 200 9198 "-" "Mozilla/5.0 (compatible; MJ12bot/v1.4.3; http://www.majestic12.co.uk/bot.php?+)"
141.58.45.31 - - [14/Feb/2013:15:14:22 +0100] "GET /kwk.php HTTP/1.0" 200 10884 "-" "Mozilla/5.0 (compatible; MJ12bot/v1.4.3; http://www.majestic12.co.uk/bot.php?+)"
141.58.45.31 - - [14/Feb/2013:15:14:24 +0100] "GET /news.php HTTP/1.0" 200 22067 "-" "Mozilla/5.0 (compatible; MJ12bot/v1.4.3; http://www.majestic12.co.uk/bot.php?+)"
141.58.45.31 - - [14/Feb/2013:15:14:28 +0100] "GET /news.php?cs_go=archiv HTTP/1.0" 200 22067 "-" "Mozilla/5.0 (compatible; MJ12bot/v1.4.3; http://www.majestic12.co.uk/bot.php?+)"
141.58.45.31 - - [14/Feb/2013:15:14:31 +0100] "GET /news.php?cs_go=archiv&cs_id=3929 HTTP/1.0" 200 12403 "-" "Mozilla/5.0 (compatible; MJ12bot/v1.4.3; http://www.majestic12.co.uk/bot.php?+)"
141.58.45.31 - - [14/Feb/2013:15:14:33 +0100] "GET /news.php?cs_go=archiv&cs_id=3930 HTTP/1.0" 200 10743 "-" "Mozilla/5.0 (compatible; MJ12bot/v1.4.3; http://www.majestic12.co.uk/bot.php?+)"
141.58.45.31 - - [14/Feb/2013:15:14:34 +0100] "GET /news.php?cs_go=archiv&cs_id=3931 HTTP/1.0" 200 13536 "-" "Mozilla/5.0 (compatible; MJ12bot/v1.4.3; http://www.majestic12.co.uk/bot.php?+)"
141.58.45.31 - - [14/Feb/2013:15:14:36 +0100] "GET /news.php?cs_go=archiv&cs_id=3932 HTTP/1.0" 200 9861 "-" "Mozilla/5.0 (compatible; MJ12bot/v1.4.3; http://www.majestic12.co.uk/bot.php?+)"
141.58.45.31 - - [14/Feb/2013:15:14:38 +0100] "GET /newsletter.php HTTP/1.0" 200 8928 "-" "Mozilla/5.0 (compatible; MJ12bot/v1.4.3; http://www.majestic12.co.uk/bot.php?+)"
141.58.45.31 - - [14/Feb/2013:15:14:40 +0100] "GET /optiplus.php HTTP/1.0" 200 11100 "-" "Mozilla/5.0 (compatible; MJ12bot/v1.4.3; http://www.majestic12.co.uk/bot.php?+)"
141.58.45.31 - - [14/Feb/2013:15:14:42 +0100] "GET /preisanfrage.php HTTP/1.0" 200 10734 "-" "Mozilla/5.0 (compatible; MJ12bot/v1.4.3; http://www.majestic12.co.uk/bot.php?+)"
141.58.45.31 - - [14/Feb/2013:15:14:44 +0100] "GET /rueckrufservice.php HTTP/1.0" 200 10770 "-" "Mozilla/5.0 (compatible; MJ12bot/v1.4.3; http://www.majestic12.co.uk/bot.php?+)"
141.58.45.31 - - [14/Feb/2013:15:14:46 +0100] "GET /standard.php HTTP/1.0" 200 9218 "-" "Mozilla/5.0 (compatible; MJ12bot/v1.4.3; http://www.majestic12.co.uk/bot.php?+)"
141.58.45.31 - - [14/Feb/2013:15:14:48 +0100] "GET /wunschpreis.php HTTP/1.0" 200 12084 "-" "Mozilla/5.0 (compatible; MJ12bot/v1.4.3; http://www.majestic12.co.uk/bot.php?+)"
81.30.151.218 - - [14/Feb/2013:15:28:05 +0100] "GET /news.php?cs_go=archiv&cs_startpos=810 HTTP/1.1" 200 8125 "-" "Pixray-Seeker/2.0 (Pixray-Seeker; +http://www.pixray.com/pixraybot; +crawler@pixray.com)"
157.55.35.91 - - [14/Feb/2013:16:05:20 +0100] "GET /robots.txt HTTP/1.1" 200 177 "-" "Mozilla/5.0 (compatible; bingbot/2.0; +http://www.bing.com/bingbot.htm)"
157.55.35.91 - - [14/Feb/2013:16:07:21 +0100] "GET /jobs.php HTTP/1.1" 200 10090 "-" "Mozilla/5.0 (compatible; bingbot/2.0; +http://www.bing.com/bingbot.htm)"
208.115.111.75 - - [14/Feb/2013:16:40:55 +0100] "GET /lexikon.php?cs_go=2&cs_char=z HTTP/1.1" 200 8261 "-" "Mozilla/5.0 (compatible; Ezooms/1.0; ezooms.bot@gmail.com)"
208.115.113.91 - - [14/Feb/2013:16:41:07 +0100] "GET /robots.txt HTTP/1.1" 200 177 "-" "Mozilla/5.0 (compatible; Ezooms/1.0; ezooms.bot@gmail.com)"
139.18.2.209 - - [14/Feb/2013:17:12:43 +0100] "GET /news.php?cs_go=archiv&cs_id=3742&cs_search= HTTP/1.1" 200 6992 "-" "findlinks/2.6 (+http://wortschatz.uni-leipzig.de/findlinks/)"
139.18.2.209 - - [14/Feb/2013:17:12:43 +0100] "GET /news.php?cs_go=archiv&cs_id=3742&cs_search= HTTP/1.1" 200 12328 "-" "findlinks/2.6 (+http://wortschatz.uni-leipzig.de/findlinks/)"
208.115.111.75 - - [14/Feb/2013:18:39:21 +0100] "GET /robots.txt HTTP/1.1" 200 177 "-" "Mozilla/5.0 (compatible; Ezooms/1.0; ezooms.bot@gmail.com)"
141.8.147.12 - - [14/Feb/2013:18:39:24 +0100] "GET /robots.txt HTTP/1.1" 200 177 "-" "Mozilla/5.0 (compatible; YandexBot/3.0; +http://yandex.com/bots)"
208.115.113.91 - - [14/Feb/2013:18:55:25 +0100] "GET /news.php?cs_go=archiv&cs_startpos=60 HTTP/1.1" 200 22773 "-" "Mozilla/5.0 (compatible; Ezooms/1.0; ezooms.bot@gmail.com)"
65.36.241.79 - - [14/Feb/2013:19:17:17 +0100] "HEAD / HTTP/1.1" 200 - "-" "InternetSeer.com"
123.125.71.32 - - [14/Feb/2013:19:35:21 +0100] "GET / HTTP/1.1" 200 10236 "-" "Mozilla/5.0 (compatible; Baiduspider/2.0; +http://www.baidu.com/search/spider.html)"
220.181.108.123 - - [14/Feb/2013:19:35:55 +0100] "GET / HTTP/1.1" 200 6563 "-" "Mozilla/5.0 (compatible; Baiduspider/2.0; +http://www.baidu.com/search/spider.html)"
82.94.176.164 - - [14/Feb/2013:19:59:18 +0100] "GET /jobs.php HTTP/1.1" 200 10090 "-" "Mozilla/4.0 (compatible; MSIE 5.5; Windows NT)"
66.249.78.46 - - [14/Feb/2013:20:06:22 +0100] "GET /robots.txt HTTP/1.1" 200 177 "-" "Mozilla/5.0 (compatible; Googlebot/2.1; +http://www.google.com/bot.html)"
66.249.76.46 - - [14/Feb/2013:20:06:22 +0100] "GET /agb.php HTTP/1.1" 200 19709 "-" "Mozilla/5.0 (compatible; Googlebot/2.1; +http://www.google.com/bot.html)"
78.30.200.81 - - [14/Feb/2013:20:27:12 +0100] "GET /robots.txt HTTP/1.0" 200 177 "-" "Mozilla/5.0 (compatible; MJ12bot/v1.4.3; http://www.majestic12.co.uk/bot.php?+)"
78.30.200.81 - - [14/Feb/2013:20:27:13 +0100] "GET /impressum.php HTTP/1.0" 200 8582 "-" "Mozilla/5.0 (compatible; MJ12bot/v1.4.3; http://www.majestic12.co.uk/bot.php?+)"
78.30.200.81 - - [14/Feb/2013:20:27:14 +0100] "GET /index.php HTTP/1.0" 200 15333 "-" "Mozilla/5.0 (compatible; MJ12bot/v1.4.3; http://www.majestic12.co.uk/bot.php?+)"
78.30.200.81 - - [14/Feb/2013:20:27:17 +0100] "GET /jobs.php HTTP/1.0" 200 10090 "-" "Mozilla/5.0 (compatible; MJ12bot/v1.4.3; http://www.majestic12.co.uk/bot.php?+)"
78.30.200.81 - - [14/Feb/2013:20:27:19 +0100] "GET /kontakt.php HTTP/1.0" 200 9198 "-" "Mozilla/5.0 (compatible; MJ12bot/v1.4.3; http://www.majestic12.co.uk/bot.php?+)"
78.30.200.81 - - [14/Feb/2013:20:27:20 +0100] "GET /kwk.php HTTP/1.0" 200 10884 "-" "Mozilla/5.0 (compatible; MJ12bot/v1.4.3; http://www.majestic12.co.uk/bot.php?+)"
78.30.200.81 - - [14/Feb/2013:20:27:22 +0100] "GET /news.php HTTP/1.0" 200 22067 "-" "Mozilla/5.0 (compatible; MJ12bot/v1.4.3; http://www.majestic12.co.uk/bot.php?+)"
78.30.200.81 - - [14/Feb/2013:20:27:24 +0100] "GET /news.php?cs_go=archiv HTTP/1.0" 200 22067 "-" "Mozilla/5.0 (compatible; MJ12bot/v1.4.3; http://www.majestic12.co.uk/bot.php?+)"
78.30.200.81 - - [14/Feb/2013:20:27:26 +0100] "GET /news.php?cs_go=archiv&cs_id=3928 HTTP/1.0" 200 9891 "-" "Mozilla/5.0 (compatible; MJ12bot/v1.4.3; http://www.majestic12.co.uk/bot.php?+)"
78.30.200.81 - - [14/Feb/2013:20:27:28 +0100] "GET /news.php?cs_go=archiv&cs_id=3929 HTTP/1.0" 200 12403 "-" "Mozilla/5.0 (compatible; MJ12bot/v1.4.3; http://www.majestic12.co.uk/bot.php?+)"
78.30.200.81 - - [14/Feb/2013:20:27:29 +0100] "GET /news.php?cs_go=archiv&cs_id=3930 HTTP/1.0" 200 10743 "-" "Mozilla/5.0 (compatible; MJ12bot/v1.4.3; http://www.majestic12.co.uk/bot.php?+)"
78.30.200.81 - - [14/Feb/2013:20:27:31 +0100] "GET /news.php?cs_go=archiv&cs_id=3931 HTTP/1.0" 200 13536 "-" "Mozilla/5.0 (compatible; MJ12bot/v1.4.3; http://www.majestic12.co.uk/bot.php?+)"
78.30.200.81 - - [14/Feb/2013:20:27:32 +0100] "GET /newsletter.php HTTP/1.0" 200 8928 "-" "Mozilla/5.0 (compatible; MJ12bot/v1.4.3; http://www.majestic12.co.uk/bot.php?+)"
78.30.200.81 - - [14/Feb/2013:20:27:34 +0100] "GET /optiplus.php HTTP/1.0" 200 11100 "-" "Mozilla/5.0 (compatible; MJ12bot/v1.4.3; http://www.majestic12.co.uk/bot.php?+)"
78.30.200.81 - - [14/Feb/2013:20:27:36 +0100] "GET /preisanfrage.php HTTP/1.0" 200 10734 "-" "Mozilla/5.0 (compatible; MJ12bot/v1.4.3; http://www.majestic12.co.uk/bot.php?+)"
78.30.200.81 - - [14/Feb/2013:20:27:37 +0100] "GET /rueckrufservice.php HTTP/1.0" 200 10770 "-" "Mozilla/5.0 (compatible; MJ12bot/v1.4.3; http://www.majestic12.co.uk/bot.php?+)"
78.30.200.81 - - [14/Feb/2013:20:27:39 +0100] "GET /standard.php HTTP/1.0" 200 9218 "-" "Mozilla/5.0 (compatible; MJ12bot/v1.4.3; http://www.majestic12.co.uk/bot.php?+)"
78.30.200.81 - - [14/Feb/2013:20:27:41 +0100] "GET /wunschpreis.php HTTP/1.0" 200 12084 "-" "Mozilla/5.0 (compatible; MJ12bot/v1.4.3; http://www.majestic12.co.uk/bot.php?+)"
123.125.71.36 - - [14/Feb/2013:20:32:17 +0100] "GET / HTTP/1.1" 200 1519 "-" "Mozilla/5.0 (compatible; Baiduspider/2.0; +http://www.baidu.com/search/spider.html)"
220.181.108.81 - - [14/Feb/2013:20:32:51 +0100] "GET / HTTP/1.1" 200 8694 "-" "Mozilla/5.0 (compatible; Baiduspider/2.0; +http://www.baidu.com/search/spider.html)"
208.115.111.75 - - [14/Feb/2013:20:40:43 +0100] "GET /lexikon.php?cs_go=2&cs_char=x HTTP/1.1" 200 8582 "-" "Mozilla/5.0 (compatible; Ezooms/1.0; ezooms.bot@gmail.com)"
208.115.111.75 - - [14/Feb/2013:20:40:46 +0100] "GET /news.php?cs_go=archiv&cs_startpos=20 HTTP/1.1" 200 22658 "-" "Mozilla/5.0 (compatible; Ezooms/1.0; ezooms.bot@gmail.com)"
141.8.147.12 - - [14/Feb/2013:20:44:45 +0100] "GET /news.php?cs_go=archiv&cs_startpos=640 HTTP/1.1" 200 8125 "-" "Mozilla/5.0 (compatible; YandexBot/3.0; +http://yandex.com/bots)"
157.55.32.141 - - [14/Feb/2013:20:56:03 +0100] "GET /robots.txt HTTP/1.1" 200 177 "-" "Mozilla/5.0 (compatible; bingbot/2.0; +http://www.bing.com/bingbot.htm)"
157.55.32.141 - - [14/Feb/2013:20:57:53 +0100] "GET / HTTP/1.1" 200 15333 "-" "Mozilla/5.0 (compatible; bingbot/2.0; +http://www.bing.com/bingbot.htm)"
66.249.78.46 - - [14/Feb/2013:21:03:24 +0100] "GET /news.php?cs_go=archiv HTTP/1.1" 200 22067 "-" "SAMSUNG-SGH-E250/1.0 Profile/MIDP-2.0 Configuration/CLDC-1.1 UP.Browser/6.2.3.3.c.1.101 (GUI) MMP/2.0 (compatible; Googlebot-Mobile/2.1; +http://www.google.com/bot.html)"
141.8.147.12 - - [14/Feb/2013:22:02:22 +0100] "GET /news.php?cs_go=archiv&cs_startpos=710 HTTP/1.1" 200 8125 "-" "Mozilla/5.0 (compatible; YandexBot/3.0; +http://yandex.com/bots)"
208.115.111.75 - - [14/Feb/2013:22:38:27 +0100] "GET /robots.txt HTTP/1.1" 200 177 "-" "Mozilla/5.0 (compatible; Ezooms/1.0; ezooms.bot@gmail.com)"
173.242.125.191 - - [14/Feb/2013:23:25:45 +0100] "GET /robots.txt HTTP/1.0" 200 177 "-" "Mozilla/5.0 (compatible; MJ12bot/v1.4.3; http://www.majestic12.co.uk/bot.php?+)"
173.242.125.191 - - [14/Feb/2013:23:25:46 +0100] "GET / HTTP/1.0" 200 15333 "-" "Mozilla/5.0 (compatible; MJ12bot/v1.4.3; http://www.majestic12.co.uk/bot.php?+)"
141.8.147.12 - - [14/Feb/2013:23:46:56 +0100] "GET /news.php?cs_go=archiv&cs_startpos=700 HTTP/1.1" 200 8125 "-" "Mozilla/5.0 (compatible; YandexBot/3.0; +http://yandex.com/bots)"
217.69.133.67 - - [14/Feb/2013:23:48:30 +0100] "GET /robots.txt HTTP/1.0" 200 177 "-" "Mozilla/5.0 (compatible; Mail.RU_Bot/2.0; +http://go.mail.ru/help/robots)"
65.36.241.79 - - [14/Feb/2013:23:59:35 +0100] "HEAD / HTTP/1.1" 200 - "-" "InternetSeer.com"
208.115.111.75 - - [15/Feb/2013:00:37:53 +0100] "GET /lexikon.php?cs_go=2&cs_char=v HTTP/1.1" 200 9117 "-" "Mozilla/5.0 (compatible; Ezooms/1.0; ezooms.bot@gmail.com)"
208.115.111.75 - - [15/Feb/2013:00:37:58 +0100] "GET /news.php?cs_go=archiv&cs_id=3887&cs_search= HTTP/1.1" 200 16034 "-" "Mozilla/5.0 (compatible; Ezooms/1.0; ezooms.bot@gmail.com)"
208.115.111.75 - - [15/Feb/2013:00:38:01 +0100] "GET /preisanfrage.php HTTP/1.1" 200 10734 "-" "Mozilla/5.0 (compatible; Ezooms/1.0; ezooms.bot@gmail.com)"
141.8.147.12 - - [15/Feb/2013:00:50:42 +0100] "GET /news.php?cs_go=archiv&cs_id=3639&cs_search= HTTP/1.1" 200 13649 "-" "Mozilla/5.0 (compatible; YandexBot/3.0; +http://yandex.com/bots)"
66.249.78.46 - - [15/Feb/2013:01:04:30 +0100] "GET /news.php?cs_go=archiv&cs_startpos=0 HTTP/1.1" 200 22067 "-" "SAMSUNG-SGH-E250/1.0 Profile/MIDP-2.0 Configuration/CLDC-1.1 UP.Browser/6.2.3.3.c.1.101 (GUI) MMP/2.0 (compatible; Googlebot-Mobile/2.1; +http://www.google.com/bot.html)"
46.119.124.93 - - [15/Feb/2013:01:07:43 +0100] "GET /robots.txt HTTP/1.0" 200 177 "-" "Mozilla/5.0 (compatible; MJ12bot/v1.4.3; http://www.majestic12.co.uk/bot.php?+)"
46.119.124.93 - - [15/Feb/2013:01:07:45 +0100] "GET /edl.php HTTP/1.1" 200 10801 "-" "Mozilla/5.0 (compatible; MJ12bot/v1.4.3; http://www.majestic12.co.uk/bot.php?+)"
46.119.124.93 - - [15/Feb/2013:01:07:46 +0100] "GET /energiesparcheck.php HTTP/1.1" 200 13581 "-" "Mozilla/5.0 (compatible; MJ12bot/v1.4.3; http://www.majestic12.co.uk/bot.php?+)"
46.119.124.93 - - [15/Feb/2013:01:07:48 +0100] "GET /faq.php HTTP/1.1" 200 208250 "-" "Mozilla/5.0 (compatible; MJ12bot/v1.4.3; http://www.majestic12.co.uk/bot.php?+)"
46.119.124.93 - - [15/Feb/2013:01:07:50 +0100] "GET /foerdermittel.php HTTP/1.1" 200 12908 "-" "Mozilla/5.0 (compatible; MJ12bot/v1.4.3; http://www.majestic12.co.uk/bot.php?+)"
46.119.124.93 - - [15/Feb/2013:01:07:52 +0100] "GET /lexikon.php HTTP/1.1" 200 10523 "-" "Mozilla/5.0 (compatible; MJ12bot/v1.4.3; http://www.majestic12.co.uk/bot.php?+)"
46.119.124.93 - - [15/Feb/2013:01:07:54 +0100] "GET /modernisierung.php HTTP/1.1" 200 11578 "-" "Mozilla/5.0 (compatible; MJ12bot/v1.4.3; http://www.majestic12.co.uk/bot.php?+)"
46.119.124.93 - - [15/Feb/2013:01:07:55 +0100] "GET /news.php?cs_go=archiv&cs_id=3928 HTTP/1.1" 200 9891 "-" "Mozilla/5.0 (compatible; MJ12bot/v1.4.3; http://www.majestic12.co.uk/bot.php?+)"
66.249.76.46 - - [15/Feb/2013:01:15:49 +0100] "GET /news.php?cs_go=archiv&cs_id=2936&cs_search= HTTP/1.1" 200 9829 "-" "Mozilla/5.0 (compatible; Googlebot/2.1; +http://www.google.com/bot.html)"
139.18.2.209 - - [15/Feb/2013:01:30:34 +0100] "GET /news.php?cs_go=archiv&cs_id=3741&cs_search= HTTP/1.1" 200 6992 "-" "findlinks/2.6 (+http://wortschatz.uni-leipzig.de/findlinks/)"
139.18.2.209 - - [15/Feb/2013:01:30:34 +0100] "GET /news.php?cs_go=archiv&cs_id=3741&cs_search= HTTP/1.1" 200 16744 "-" "findlinks/2.6 (+http://wortschatz.uni-leipzig.de/findlinks/)"
130.83.167.153 - - [15/Feb/2013:01:31:17 +0100] "GET /.php HTTP/1.1" 404 - "-" "findlinks/2.6 (+http://wortschatz.uni-leipzig.de/findlinks/)"
141.8.147.12 - - [15/Feb/2013:01:50:05 +0100] "GET /news.php?cs_go=archiv&cs_id=3618&cs_search= HTTP/1.1" 200 12341 "-" "Mozilla/5.0 (compatible; YandexBot/3.0; +http://yandex.com/bots)"
194.195.3.95 - - [15/Feb/2013:01:57:06 +0100] "GET / HTTP/1.1" 200 15333 "-" "-"
194.195.3.95 - - [15/Feb/2013:01:57:07 +0100] "GET / HTTP/1.1" 200 15333 "-" "-"
194.195.3.95 - - [15/Feb/2013:01:57:07 +0100] "GET /newsletter.php HTTP/1.1" 200 8928 "-" "-"
194.195.3.95 - - [15/Feb/2013:01:57:08 +0100] "GET /newsletter.php HTTP/1.1" 200 8928 "-" "-"
194.195.3.95 - - [15/Feb/2013:01:57:08 +0100] "GET /index.php HTTP/1.1" 200 15333 "-" "-"
194.195.3.95 - - [15/Feb/2013:01:57:09 +0100] "GET /index.php HTTP/1.1" 200 15333 "-" "-"
194.195.3.95 - - [15/Feb/2013:01:57:10 +0100] "GET /standard.php HTTP/1.1" 200 9218 "-" "-"
194.195.3.95 - - [15/Feb/2013:01:57:10 +0100] "GET /standard.php HTTP/1.1" 200 9218 "-" "-"
194.195.3.95 - - [15/Feb/2013:01:57:10 +0100] "GET /wunschpreis.php HTTP/1.1" 200 12084 "-" "-"
194.195.3.95 - - [15/Feb/2013:01:57:10 +0100] "GET /wunschpreis.php HTTP/1.1" 200 12084 "-" "-"
194.195.3.95 - - [15/Feb/2013:01:57:11 +0100] "GET /preisanfrage.php HTTP/1.1" 200 10734 "-" "-"
194.195.3.95 - - [15/Feb/2013:01:57:11 +0100] "GET /preisanfrage.php HTTP/1.1" 200 10734 "-" "-"
194.195.3.95 - - [15/Feb/2013:01:57:11 +0100] "GET /news.php HTTP/1.1" 200 22067 "-" "-"
194.195.3.95 - - [15/Feb/2013:01:57:12 +0100] "GET /news.php HTTP/1.1" 200 22067 "-" "-"
194.195.3.95 - - [15/Feb/2013:01:57:12 +0100] "GET /kontakt.php HTTP/1.1" 200 9198 "-" "-"
194.195.3.95 - - [15/Feb/2013:01:57:12 +0100] "GET /kontakt.php HTTP/1.1" 200 9198 "-" "-"
194.195.3.95 - - [15/Feb/2013:01:57:13 +0100] "GET /jobs.php HTTP/1.1" 200 10090 "-" "-"
194.195.3.95 - - [15/Feb/2013:01:57:13 +0100] "GET /jobs.php HTTP/1.1" 200 10090 "-" "-"
194.195.3.95 - - [15/Feb/2013:01:57:13 +0100] "GET /impressum.php HTTP/1.1" 200 8582 "-" "-"
194.195.3.95 - - [15/Feb/2013:01:57:13 +0100] "GET /impressum.php HTTP/1.1" 200 8582 "-" "-"
