81.30.151.218 - - [05/Feb/2013:11:17:21 +0100] "GET /news.php?cs_go=archiv&cs_id=3144&cs_search= HTTP/1.1" 200 13490 "-" "Pixray-Seeker/2.0 (Pixray-Seeker; +http://www.pixray.com/pixraybot; +crawler@pixray.com)"
5.9.86.118 - - [05/Feb/2013:11:18:07 +0100] "GET /robots.txt HTTP/1.1" 200 177 "-" "Mozilla/5.0 (compatible; Infohelfer/1.3.3; +http://www.infohelfer.de/crawler.php)"
5.9.86.118 - - [05/Feb/2013:11:18:07 +0100] "GET /optiplus.php?cs_go=archiv&cs_id=3857 HTTP/1.1" 200 11100 "-" "Mozilla/5.0 (compatible; Infohelfer/1.3.3; +http://www.infohelfer.de/crawler.php)"
5.9.10.179 - - [05/Feb/2013:11:19:08 +0100] "GET /news.php?cs_go=archiv&cs_id=3853&cs_search= HTTP/1.1" 200 9972 "-" "Mozilla/5.0 (compatible; Infohelfer/1.3.3; +http://www.infohelfer.de/crawler.php)"
5.9.10.179 - - [05/Feb/2013:11:20:08 +0100] "GET /news.php?cs_go=archiv&cs_startpos=0 HTTP/1.1" 200 22238 "-" "Mozilla/5.0 (compatible; Infohelfer/1.3.3; +http://www.infohelfer.de/crawler.php)"
5.9.86.112 - - [05/Feb/2013:11:21:18 +0100] "GET /news.php?cs_go=archiv&cs_id=3849&cs_search= HTTP/1.1" 200 12993 "-" "Mozilla/5.0 (compatible; Infohelfer/1.3.3; +http://www.infohelfer.de/crawler.php)"
5.9.39.69 - - [05/Feb/2013:11:22:21 +0100] "GET /kontakt.php?cs_go=archiv&cs_id=3857 HTTP/1.1" 200 9198 "-" "Mozilla/5.0 (compatible; Infohelfer/1.3.3; +http://www.infohelfer.de/crawler.php)"
5.9.10.179 - - [05/Feb/2013:11:23:24 +0100] "GET /news.php?cs_go=archiv&cs_id=3852&cs_search= HTTP/1.1" 200 13505 "-" "Mozilla/5.0 (compatible; Infohelfer/1.3.3; +http://www.infohelfer.de/crawler.php)"
5.9.10.179 - - [05/Feb/2013:11:24:42 +0100] "GET /news.php?cs_go=archiv&cs_startpos=20 HTTP/1.1" 200 22500 "-" "Mozilla/5.0 (compatible; Infohelfer/1.3.3; +http://www.infohelfer.de/crawler.php)"
5.9.86.112 - - [05/Feb/2013:11:25:52 +0100] "GET /agb.php?cs_go=archiv&cs_id=3857 HTTP/1.1" 200 19709 "-" "Mozilla/5.0 (compatible; Infohelfer/1.3.3; +http://www.infohelfer.de/crawler.php)"
5.9.56.116 - - [05/Feb/2013:11:27:21 +0100] "GET /energiesparcheck.php HTTP/1.1" 200 13581 "-" "Mozilla/5.0 (compatible; Infohelfer/1.3.3; +http://www.infohelfer.de/crawler.php)"
5.9.88.119 - - [05/Feb/2013:11:28:26 +0100] "GET /impressum.php?cs_go=archiv&cs_id=3857 HTTP/1.1" 200 8582 "-" "Mozilla/5.0 (compatible; Infohelfer/1.3.3; +http://www.infohelfer.de/crawler.php)"
5.9.10.179 - - [05/Feb/2013:11:30:33 +0100] "GET /impressum.php?cs_go=archiv&cs_id=3858 HTTP/1.1" 200 8582 "-" "Mozilla/5.0 (compatible; Infohelfer/1.3.3; +http://www.infohelfer.de/crawler.php)"
5.9.88.119 - - [05/Feb/2013:11:38:13 +0100] "GET /kwk.php?cs_go=archiv&cs_id=3857 HTTP/1.1" 200 8148 "-" "Mozilla/5.0 (compatible; Infohelfer/1.3.3; +http://www.infohelfer.de/crawler.php)"
66.249.76.46 - - [05/Feb/2013:11:39:10 +0100] "GET /news.php?cs_go=archiv&cs_startpos=30 HTTP/1.1" 200 22637 "-" "Mozilla/5.0 (compatible; Googlebot/2.1; +http://www.google.com/bot.html)"
81.30.151.218 - - [05/Feb/2013:11:39:49 +0100] "GET /news.php?cs_go=archiv&cs_id=2843&cs_search= HTTP/1.1" 200 12733 "-" "Pixray-Seeker/2.0 (Pixray-Seeker; +http://www.pixray.com/pixraybot; +crawler@pixray.com)"
5.9.86.112 - - [05/Feb/2013:11:40:45 +0100] "GET /lexikon.php HTTP/1.1" 200 10523 "-" "Mozilla/5.0 (compatible; Infohelfer/1.3.3; +http://www.infohelfer.de/crawler.php)"
5.9.86.118 - - [05/Feb/2013:11:41:50 +0100] "GET /foerdermittel.php HTTP/1.1" 200 12908 "-" "Mozilla/5.0 (compatible; Infohelfer/1.3.3; +http://www.infohelfer.de/crawler.php)"
5.9.86.118 - - [05/Feb/2013:11:43:19 +0100] "GET /news.php?cs_go=archiv&cs_startpos=10 HTTP/1.1" 200 22584 "-" "Mozilla/5.0 (compatible; Infohelfer/1.3.3; +http://www.infohelfer.de/crawler.php)"
5.9.56.116 - - [05/Feb/2013:11:44:27 +0100] "GET /optiplus.php?cs_go=archiv&cs_id=3858 HTTP/1.1" 200 11100 "-" "Mozilla/5.0 (compatible; Infohelfer/1.3.3; +http://www.infohelfer.de/crawler.php)"
141.8.147.1 - - [05/Feb/2013:11:48:15 +0100] "GET /lexikon.php?cs_go=3&cs_id=166 HTTP/1.1" 200 9191 "-" "Mozilla/5.0 (compatible; YandexBot/3.0; +http://yandex.com/bots)"
5.9.73.202 - - [05/Feb/2013:11:48:44 +0100] "GET /news.php?cs_go=archiv&cs_id=3861&cs_search= HTTP/1.1" 200 13831 "-" "Mozilla/5.0 (compatible; Infohelfer/1.3.3; +http://www.infohelfer.de/crawler.php)"
5.9.86.85 - - [05/Feb/2013:11:49:47 +0100] "GET /wunschpreis.php?cs_go=archiv&cs_id=3858 HTTP/1.1" 200 12084 "-" "Mozilla/5.0 (compatible; Infohelfer/1.3.3; +http://www.infohelfer.de/crawler.php)"
5.9.86.85 - - [05/Feb/2013:11:51:09 +0100] "GET /foerdermittel.php?cs_go=archiv&cs_id=3858 HTTP/1.1" 200 12908 "-" "Mozilla/5.0 (compatible; Infohelfer/1.3.3; +http://www.infohelfer.de/crawler.php)"
5.9.31.15 - - [05/Feb/2013:11:52:18 +0100] "GET /modernisierung.php?cs_go=archiv&cs_id=3861 HTTP/1.1" 200 11578 "-" "Mozilla/5.0 (compatible; Infohelfer/1.3.3; +http://www.infohelfer.de/crawler.php)"
66.249.76.46 - - [05/Feb/2013:11:55:07 +0100] "GET /style.css HTTP/1.1" 200 8418 "-" "Mozilla/5.0 (compatible; Googlebot/2.1; +http://www.google.com/bot.html)"
202.207.160.28 - - [05/Feb/2013:11:56:16 +0100] "GET / HTTP/1.1" 200 15356 "-" "Mozilla/5.0 (Windows NT 5.1; rv:10.0.2) Gecko/20100101 Firefox/10.0.2"
5.9.88.119 - - [05/Feb/2013:12:01:39 +0100] "GET /edl.php?cs_go=archiv&cs_id=3858 HTTP/1.1" 200 10801 "-" "Mozilla/5.0 (compatible; Infohelfer/1.3.3; +http://www.infohelfer.de/crawler.php)"
66.249.76.46 - - [05/Feb/2013:12:02:48 +0100] "GET /lexikon.php?cs_go=3&cs_id=95 HTTP/1.1" 200 8734 "-" "Mozilla/5.0 (compatible; Googlebot/2.1; +http://www.google.com/bot.html)"
5.9.88.119 - - [05/Feb/2013:12:02:55 +0100] "GET /lexikon.php?cs_go=archiv&cs_id=3857 HTTP/1.1" 200 7816 "-" "Mozilla/5.0 (compatible; Infohelfer/1.3.3; +http://www.infohelfer.de/crawler.php)"
5.9.39.69 - - [05/Feb/2013:12:05:20 +0100] "GET /agb.php?cs_go=archiv&cs_id=3858 HTTP/1.1" 200 19709 "-" "Mozilla/5.0 (compatible; Infohelfer/1.3.3; +http://www.infohelfer.de/crawler.php)"
5.9.39.69 - - [05/Feb/2013:12:06:41 +0100] "GET /kontakt.php?cs_go=archiv&cs_id=3861 HTTP/1.1" 200 9198 "-" "Mozilla/5.0 (compatible; Infohelfer/1.3.3; +http://www.infohelfer.de/crawler.php)"
5.9.86.85 - - [05/Feb/2013:12:12:48 +0100] "GET /jobs.php?cs_go=archiv&cs_id=3857 HTTP/1.1" 200 10090 "-" "Mozilla/5.0 (compatible; Infohelfer/1.3.3; +http://www.infohelfer.de/crawler.php)"
95.211.139.1 - - [05/Feb/2013:12:17:04 +0100] "GET /robots.txt HTTP/1.0" 200 177 "-" "Mozilla/5.0 (compatible; AcoonBot/4.11.1; +http://www.acoon.de/robot.asp)"
95.211.139.1 - - [05/Feb/2013:12:17:04 +0100] "GET /news.php?cs_go=archiv HTTP/1.0" 200 22238 "-" "Mozilla/5.0 (compatible; AcoonBot/4.11.1; +http://www.acoon.de/robot.asp)"
66.249.76.46 - - [05/Feb/2013:12:18:33 +0100] "GET /news.php?cs_go=archiv&cs_id=3684 HTTP/1.1" 200 13518 "-" "Mozilla/5.0 (compatible; Googlebot/2.1; +http://www.google.com/bot.html)"
66.249.76.46 - - [05/Feb/2013:12:26:27 +0100] "GET /news.php?cs_go=archiv&cs_id=3796 HTTP/1.1" 200 13539 "-" "Mozilla/5.0 (compatible; Googlebot/2.1; +http://www.google.com/bot.html)"
81.30.151.218 - - [05/Feb/2013:12:26:37 +0100] "GET /news.php?cs_go=archiv&cs_id=2953&cs_search= HTTP/1.1" 200 9948 "-" "Pixray-Seeker/2.0 (Pixray-Seeker; +http://www.pixray.com/pixraybot; +crawler@pixray.com)"
66.249.76.46 - - [05/Feb/2013:12:34:16 +0100] "GET /news.php?cs_go=archiv&cs_id=3094&cs_search= HTTP/1.1" 200 10446 "-" "Mozilla/5.0 (compatible; Googlebot/2.1; +http://www.google.com/bot.html)"
141.8.147.1 - - [05/Feb/2013:12:38:56 +0100] "GET /news.php?cs_go=archiv&cs_id=3836&cs_search= HTTP/1.1" 200 9872 "-" "Mozilla/5.0 (compatible; YandexBot/3.0; +http://yandex.com/bots)"
5.9.86.85 - - [05/Feb/2013:12:50:01 +0100] "GET /kontakt.php?cs_go=archiv&cs_id=3858 HTTP/1.1" 200 9198 "-" "Mozilla/5.0 (compatible; Infohelfer/1.3.3; +http://www.infohelfer.de/crawler.php)"
5.9.86.112 - - [05/Feb/2013:12:52:29 +0100] "GET /preisanfrage.php?cs_go=archiv&cs_id=3861 HTTP/1.1" 200 10734 "-" "Mozilla/5.0 (compatible; Infohelfer/1.3.3; +http://www.infohelfer.de/crawler.php)"
62.156.187.249 - - [05/Feb/2013:13:17:02 +0100] "GET /style.css HTTP/1.1" 200 8418 "http://www.mink-gmbh.de/" "Mozilla/5.0 (Windows NT 5.1; rv:18.0) Gecko/20100101 Firefox/18.0"
62.156.187.249 - - [05/Feb/2013:13:17:02 +0100] "GET /favicon.ico HTTP/1.1" 200 3638 "-" "Mozilla/5.0 (Windows NT 5.1; rv:18.0) Gecko/20100101 Firefox/18.0"
62.156.187.249 - - [05/Feb/2013:13:17:02 +0100] "GET /modul.css HTTP/1.1" 200 35038 "http://www.mink-gmbh.de/" "Mozilla/5.0 (Windows NT 5.1; rv:18.0) Gecko/20100101 Firefox/18.0"
62.156.187.249 - - [05/Feb/2013:13:17:02 +0100] "GET /js_contentserver24_greybox/gb_styles.css HTTP/1.1" 200 2302 "http://www.mink-gmbh.de/" "Mozilla/5.0 (Windows NT 5.1; rv:18.0) Gecko/20100101 Firefox/18.0"
62.156.187.249 - - [05/Feb/2013:13:17:02 +0100] "GET /js_contentserver24_greybox/AJS.js HTTP/1.1" 200 10396 "http://www.mink-gmbh.de/" "Mozilla/5.0 (Windows NT 5.1; rv:18.0) Gecko/20100101 Firefox/18.0"
62.156.187.249 - - [05/Feb/2013:13:17:02 +0100] "GET /js_contentserver24_greybox/AJS_fx.js HTTP/1.1" 200 3192 "http://www.mink-gmbh.de/" "Mozilla/5.0 (Windows NT 5.1; rv:18.0) Gecko/20100101 Firefox/18.0"
62.156.187.249 - - [05/Feb/2013:13:17:03 +0100] "GET /js_contentserver24_greybox/gb_scripts.js HTTP/1.1" 200 11913 "http://www.mink-gmbh.de/" "Mozilla/5.0 (Windows NT 5.1; rv:18.0) Gecko/20100101 Firefox/18.0"
62.156.187.249 - - [05/Feb/2013:13:17:03 +0100] "GET /images/bg.jpg HTTP/1.1" 200 345 "http://www.mink-gmbh.de/style.css" "Mozilla/5.0 (Windows NT 5.1; rv:18.0) Gecko/20100101 Firefox/18.0"
62.156.187.249 - - [05/Feb/2013:13:17:03 +0100] "GET /js_contentserver24_greybox/w_close.gif HTTP/1.1" 200 74 "http://www.mink-gmbh.de/" "Mozilla/5.0 (Windows NT 5.1; rv:18.0) Gecko/20100101 Firefox/18.0"
62.156.187.249 - - [05/Feb/2013:13:17:03 +0100] "GET /images/close.png HTTP/1.1" 200 703 "http://www.mink-gmbh.de/" "Mozilla/5.0 (Windows NT 5.1; rv:18.0) Gecko/20100101 Firefox/18.0"
62.156.187.249 - - [05/Feb/2013:13:17:03 +0100] "GET /images/newsletter.png HTTP/1.1" 200 14619 "http://www.mink-gmbh.de/style.css" "Mozilla/5.0 (Windows NT 5.1; rv:18.0) Gecko/20100101 Firefox/18.0"
62.156.187.249 - - [05/Feb/2013:13:17:03 +0100] "GET /images/steigend.png HTTP/1.1" 200 688 "http://www.mink-gmbh.de/modul.css" "Mozilla/5.0 (Windows NT 5.1; rv:18.0) Gecko/20100101 Firefox/18.0"
62.156.187.249 - - [05/Feb/2013:13:17:03 +0100] "GET /images/navibg.png HTTP/1.1" 200 2803 "http://www.mink-gmbh.de/style.css" "Mozilla/5.0 (Windows NT 5.1; rv:18.0) Gecko/20100101 Firefox/18.0"
62.156.187.249 - - [05/Feb/2013:13:17:03 +0100] "GET /images/fallend.png HTTP/1.1" 200 713 "http://www.mink-gmbh.de/modul.css" "Mozilla/5.0 (Windows NT 5.1; rv:18.0) Gecko/20100101 Firefox/18.0"
62.156.187.249 - - [05/Feb/2013:13:17:03 +0100] "GET /images/newsletter_bg.jpg HTTP/1.1" 200 33610 "http://www.mink-gmbh.de/" "Mozilla/5.0 (Windows NT 5.1; rv:18.0) Gecko/20100101 Firefox/18.0"
62.156.187.249 - - [05/Feb/2013:13:17:03 +0100] "GET /images/header.jpg HTTP/1.1" 200 24413 "http://www.mink-gmbh.de/style.css" "Mozilla/5.0 (Windows NT 5.1; rv:18.0) Gecko/20100101 Firefox/18.0"
62.156.187.249 - - [05/Feb/2013:13:17:03 +0100] "GET /images/wrapperbg.jpg HTTP/1.1" 200 27465 "http://www.mink-gmbh.de/style.css" "Mozilla/5.0 (Windows NT 5.1; rv:18.0) Gecko/20100101 Firefox/18.0"
62.156.187.249 - - [05/Feb/2013:13:17:03 +0100] "GET /js_contentserver24_greybox/loader_frame.html?s=0 HTTP/1.1" 200 2084 "http://www.mink-gmbh.de/" "Mozilla/5.0 (Windows NT 5.1; rv:18.0) Gecko/20100101 Firefox/18.0"
62.156.187.249 - - [05/Feb/2013:13:17:03 +0100] "GET /js_contentserver24_greybox/header_bg.gif HTTP/1.1" 200 1188 "http://www.mink-gmbh.de/" "Mozilla/5.0 (Windows NT 5.1; rv:18.0) Gecko/20100101 Firefox/18.0"
62.156.187.249 - - [05/Feb/2013:13:17:03 +0100] "GET /js_contentserver24_greybox/indicator.gif HTTP/1.1" 200 8238 "http://www.mink-gmbh.de/js_contentserver24_greybox/loader_frame.html?s=0" "Mozilla/5.0 (Windows NT 5.1; rv:18.0) Gecko/20100101 Firefox/18.0"
62.156.187.249 - - [05/Feb/2013:13:17:03 +0100] "GET /images/tkw.jpg HTTP/1.1" 200 64031 "http://www.mink-gmbh.de/" "Mozilla/5.0 (Windows NT 5.1; rv:18.0) Gecko/20100101 Firefox/18.0"
62.156.187.249 - - [05/Feb/2013:13:17:03 +0100] "GET /images/newsletter.jpg HTTP/1.1" 200 13130 "http://www.mink-gmbh.de/style.css" "Mozilla/5.0 (Windows NT 5.1; rv:18.0) Gecko/20100101 Firefox/18.0"
62.156.187.249 - - [05/Feb/2013:13:17:03 +0100] "GET /images/mobil.jpg HTTP/1.1" 200 25293 "http://www.mink-gmbh.de/style.css" "Mozilla/5.0 (Windows NT 5.1; rv:18.0) Gecko/20100101 Firefox/18.0"
62.156.187.249 - - [05/Feb/2013:13:17:02 +0100] "GET / HTTP/1.1" 200 15356 "-" "Mozilla/5.0 (Windows NT 5.1; rv:18.0) Gecko/20100101 Firefox/18.0"
62.156.187.249 - - [05/Feb/2013:13:17:03 +0100] "GET /images/mail.jpg HTTP/1.1" 200 11165 "http://www.mink-gmbh.de/" "Mozilla/5.0 (Windows NT 5.1; rv:18.0) Gecko/20100101 Firefox/18.0"
62.156.187.249 - - [05/Feb/2013:13:17:03 +0100] "GET /images/kwk.gif HTTP/1.1" 200 6403 "http://www.mink-gmbh.de/" "Mozilla/5.0 (Windows NT 5.1; rv:18.0) Gecko/20100101 Firefox/18.0"
62.156.187.249 - - [05/Feb/2013:13:17:03 +0100] "GET /images/wunschpreis.jpg HTTP/1.1" 200 16767 "http://www.mink-gmbh.de/" "Mozilla/5.0 (Windows NT 5.1; rv:18.0) Gecko/20100101 Firefox/18.0"
62.156.187.249 - - [05/Feb/2013:13:17:03 +0100] "GET /images/logos.jpg HTTP/1.1" 200 15002 "http://www.mink-gmbh.de/" "Mozilla/5.0 (Windows NT 5.1; rv:18.0) Gecko/20100101 Firefox/18.0"
62.156.187.249 - - [05/Feb/2013:13:17:03 +0100] "GET /images/freecall.jpg HTTP/1.1" 200 39195 "http://www.mink-gmbh.de/" "Mozilla/5.0 (Windows NT 5.1; rv:18.0) Gecko/20100101 Firefox/18.0"
62.156.187.249 - - [05/Feb/2013:13:17:04 +0100] "GET /images/footerbg.jpg HTTP/1.1" 200 2184 "http://www.mink-gmbh.de/style.css" "Mozilla/5.0 (Windows NT 5.1; rv:18.0) Gecko/20100101 Firefox/18.0"
62.156.187.249 - - [05/Feb/2013:13:17:04 +0100] "GET /js_contentserver24_greybox/g_close.gif HTTP/1.1" 200 541 "http://www.mink-gmbh.de/" "Mozilla/5.0 (Windows NT 5.1; rv:18.0) Gecko/20100101 Firefox/18.0"
62.156.187.249 - - [05/Feb/2013:13:17:10 +0100] "GET /impressum.php HTTP/1.1" 200 8495 "http://www.mink-gmbh.de/" "Mozilla/5.0 (Windows NT 5.1; rv:18.0) Gecko/20100101 Firefox/18.0"
95.211.139.1 - - [05/Feb/2013:13:20:51 +0100] "GET /news.php?cs_go=archiv&cs_id=3908 HTTP/1.0" 200 11958 "-" "Mozilla/5.0 (compatible; AcoonBot/4.11.1; +http://www.acoon.de/robot.asp)"
141.8.147.1 - - [05/Feb/2013:13:34:39 +0100] "GET /lexikon.php?cs_go=3&cs_id=99 HTTP/1.1" 200 9500 "-" "Mozilla/5.0 (compatible; YandexBot/3.0; +http://yandex.com/bots)"
66.249.76.46 - - [05/Feb/2013:13:37:15 +0100] "GET /news.php?cs_go=archiv&cs_id=3790 HTTP/1.1" 200 10256 "-" "Mozilla/5.0 (compatible; Googlebot/2.1; +http://www.google.com/bot.html)"
95.211.139.1 - - [05/Feb/2013:13:38:54 +0100] "GET /index.php HTTP/1.0" 200 15354 "-" "Mozilla/5.0 (compatible; AcoonBot/4.11.1; +http://www.acoon.de/robot.asp)"
65.36.241.79 - - [05/Feb/2013:13:43:20 +0100] "HEAD / HTTP/1.1" 200 - "-" "InternetSeer.com"
66.249.76.46 - - [05/Feb/2013:13:53:06 +0100] "GET /news.php?cs_go=archiv&cs_id=3789 HTTP/1.1" 200 9858 "-" "Mozilla/5.0 (compatible; Googlebot/2.1; +http://www.google.com/bot.html)"
66.249.76.46 - - [05/Feb/2013:14:00:58 +0100] "GET /news.php?cs_go=archiv&cs_id=3497 HTTP/1.1" 200 13297 "-" "Mozilla/5.0 (compatible; Googlebot/2.1; +http://www.google.com/bot.html)"
141.8.147.1 - - [05/Feb/2013:14:28:09 +0100] "GET /news.php?cs_go=archiv&cs_id=3854&cs_search= HTTP/1.1" 200 10244 "-" "Mozilla/5.0 (compatible; YandexBot/3.0; +http://yandex.com/bots)"
95.211.139.1 - - [05/Feb/2013:14:35:53 +0100] "GET /standard.php HTTP/1.0" 200 9218 "-" "Mozilla/5.0 (compatible; AcoonBot/4.11.1; +http://www.acoon.de/robot.asp)"
194.195.3.95 - - [05/Feb/2013:14:39:46 +0100] "GET / HTTP/1.1" 200 15364 "-" "-"
194.195.3.95 - - [05/Feb/2013:14:39:47 +0100] "GET / HTTP/1.1" 200 15364 "-" "-"
66.249.76.46 - - [05/Feb/2013:14:40:18 +0100] "GET /news.php?cs_go=archiv&cs_id=3401&cs_search= HTTP/1.1" 200 13324 "-" "Mozilla/5.0 (compatible; Googlebot/2.1; +http://www.google.com/bot.html)"
93.220.25.224 - - [05/Feb/2013:14:40:42 +0100] "GET / HTTP/1.1" 200 15364 "http://www.google.de/url?sa=t&rct=j&q=heiz%C3%B6l%20berlin&source=web&cd=29&ved=0CHMQFjAIOBQ&url=http%3A%2F%2Fwww.mink-gmbh.de%2F&ei=sQoRUYP5KIuAhQfZlYHYCg&usg=AFQjCNFHX4Iglls9oo-KYXTmDUV_5KOVIg" "Mozilla/5.0 (compatible; MSIE 9.0; TOB 6.13; Windows NT 6.1; WOW64; Trident/5.0)"
93.220.25.224 - - [05/Feb/2013:14:40:43 +0100] "GET /style.css HTTP/1.1" 200 8418 "http://www.mink-gmbh.de/" "Mozilla/5.0 (compatible; MSIE 9.0; TOB 6.13; Windows NT 6.1; WOW64; Trident/5.0)"
93.220.25.224 - - [05/Feb/2013:14:40:43 +0100] "GET /modul.css HTTP/1.1" 200 35038 "http://www.mink-gmbh.de/" "Mozilla/5.0 (compatible; MSIE 9.0; TOB 6.13; Windows NT 6.1; WOW64; Trident/5.0)"
93.220.25.224 - - [05/Feb/2013:14:40:43 +0100] "GET /js_contentserver24_greybox/gb_styles.css HTTP/1.1" 200 2302 "http://www.mink-gmbh.de/" "Mozilla/5.0 (compatible; MSIE 9.0; TOB 6.13; Windows NT 6.1; WOW64; Trident/5.0)"
93.220.25.224 - - [05/Feb/2013:14:40:43 +0100] "GET /js_contentserver24_greybox/AJS.js HTTP/1.1" 200 10396 "http://www.mink-gmbh.de/" "Mozilla/5.0 (compatible; MSIE 9.0; TOB 6.13; Windows NT 6.1; WOW64; Trident/5.0)"
93.220.25.224 - - [05/Feb/2013:14:40:43 +0100] "GET /js_contentserver24_greybox/AJS_fx.js HTTP/1.1" 200 3192 "http://www.mink-gmbh.de/" "Mozilla/5.0 (compatible; MSIE 9.0; TOB 6.13; Windows NT 6.1; WOW64; Trident/5.0)"
93.220.25.224 - - [05/Feb/2013:14:40:43 +0100] "GET /js_contentserver24_greybox/gb_scripts.js HTTP/1.1" 200 11913 "http://www.mink-gmbh.de/" "Mozilla/5.0 (compatible; MSIE 9.0; TOB 6.13; Windows NT 6.1; WOW64; Trident/5.0)"
93.220.25.224 - - [05/Feb/2013:14:40:44 +0100] "GET /images/tkw.jpg HTTP/1.1" 200 64031 "http://www.mink-gmbh.de/" "Mozilla/5.0 (compatible; MSIE 9.0; TOB 6.13; Windows NT 6.1; WOW64; Trident/5.0)"
93.220.25.224 - - [05/Feb/2013:14:40:44 +0100] "GET /images/freecall.jpg HTTP/1.1" 200 39195 "http://www.mink-gmbh.de/" "Mozilla/5.0 (compatible; MSIE 9.0; TOB 6.13; Windows NT 6.1; WOW64; Trident/5.0)"
93.220.25.224 - - [05/Feb/2013:14:40:44 +0100] "GET /images/mail.jpg HTTP/1.1" 200 11165 "http://www.mink-gmbh.de/" "Mozilla/5.0 (compatible; MSIE 9.0; TOB 6.13; Windows NT 6.1; WOW64; Trident/5.0)"
93.220.25.224 - - [05/Feb/2013:14:40:44 +0100] "GET /images/kwk.gif HTTP/1.1" 200 6403 "http://www.mink-gmbh.de/" "Mozilla/5.0 (compatible; MSIE 9.0; TOB 6.13; Windows NT 6.1; WOW64; Trident/5.0)"
93.220.25.224 - - [05/Feb/2013:14:40:44 +0100] "GET /images/wunschpreis.jpg HTTP/1.1" 200 16767 "http://www.mink-gmbh.de/" "Mozilla/5.0 (compatible; MSIE 9.0; TOB 6.13; Windows NT 6.1; WOW64; Trident/5.0)"
93.220.25.224 - - [05/Feb/2013:14:40:44 +0100] "GET /images/logos.jpg HTTP/1.1" 200 15002 "http://www.mink-gmbh.de/" "Mozilla/5.0 (compatible; MSIE 9.0; TOB 6.13; Windows NT 6.1; WOW64; Trident/5.0)"
93.220.25.224 - - [05/Feb/2013:14:40:44 +0100] "GET /images/bg.jpg HTTP/1.1" 200 345 "http://www.mink-gmbh.de/" "Mozilla/5.0 (compatible; MSIE 9.0; TOB 6.13; Windows NT 6.1; WOW64; Trident/5.0)"
93.220.25.224 - - [05/Feb/2013:14:40:44 +0100] "GET /js_contentserver24_greybox/w_close.gif HTTP/1.1" 200 74 "http://www.mink-gmbh.de/" "Mozilla/5.0 (compatible; MSIE 9.0; TOB 6.13; Windows NT 6.1; WOW64; Trident/5.0)"
93.220.25.224 - - [05/Feb/2013:14:40:44 +0100] "GET /images/newsletter.jpg HTTP/1.1" 200 13130 "http://www.mink-gmbh.de/" "Mozilla/5.0 (compatible; MSIE 9.0; TOB 6.13; Windows NT 6.1; WOW64; Trident/5.0)"
93.220.25.224 - - [05/Feb/2013:14:40:44 +0100] "GET /images/mobil.jpg HTTP/1.1" 200 25293 "http://www.mink-gmbh.de/" "Mozilla/5.0 (compatible; MSIE 9.0; TOB 6.13; Windows NT 6.1; WOW64; Trident/5.0)"
93.220.25.224 - - [05/Feb/2013:14:40:44 +0100] "GET /images/fallend.png HTTP/1.1" 200 713 "http://www.mink-gmbh.de/" "Mozilla/5.0 (compatible; MSIE 9.0; TOB 6.13; Windows NT 6.1; WOW64; Trident/5.0)"
93.220.25.224 - - [05/Feb/2013:14:40:44 +0100] "GET /js_contentserver24_greybox/loader_frame.html?s=0 HTTP/1.1" 200 2084 "http://www.mink-gmbh.de/" "Mozilla/5.0 (compatible; MSIE 9.0; TOB 6.13; Windows NT 6.1; WOW64; Trident/5.0)"
93.220.25.224 - - [05/Feb/2013:14:40:44 +0100] "GET /images/steigend.png HTTP/1.1" 200 688 "http://www.mink-gmbh.de/" "Mozilla/5.0 (compatible; MSIE 9.0; TOB 6.13; Windows NT 6.1; WOW64; Trident/5.0)"
93.220.25.224 - - [05/Feb/2013:14:40:44 +0100] "GET /images/header.jpg HTTP/1.1" 200 24413 "http://www.mink-gmbh.de/" "Mozilla/5.0 (compatible; MSIE 9.0; TOB 6.13; Windows NT 6.1; WOW64; Trident/5.0)"
93.220.25.224 - - [05/Feb/2013:14:40:44 +0100] "GET /images/newsletter.png HTTP/1.1" 200 14619 "http://www.mink-gmbh.de/" "Mozilla/5.0 (compatible; MSIE 9.0; TOB 6.13; Windows NT 6.1; WOW64; Trident/5.0)"
93.220.25.224 - - [05/Feb/2013:14:40:44 +0100] "GET /images/close.png HTTP/1.1" 200 703 "http://www.mink-gmbh.de/" "Mozilla/5.0 (compatible; MSIE 9.0; TOB 6.13; Windows NT 6.1; WOW64; Trident/5.0)"
93.220.25.224 - - [05/Feb/2013:14:40:44 +0100] "GET /images/navibg.png HTTP/1.1" 200 2803 "http://www.mink-gmbh.de/" "Mozilla/5.0 (compatible; MSIE 9.0; TOB 6.13; Windows NT 6.1; WOW64; Trident/5.0)"
93.220.25.224 - - [05/Feb/2013:14:40:44 +0100] "GET /images/wrapperbg.jpg HTTP/1.1" 200 27465 "http://www.mink-gmbh.de/" "Mozilla/5.0 (compatible; MSIE 9.0; TOB 6.13; Windows NT 6.1; WOW64; Trident/5.0)"
93.220.25.224 - - [05/Feb/2013:14:40:44 +0100] "GET /images/newsletter_bg.jpg HTTP/1.1" 200 33610 "http://www.mink-gmbh.de/" "Mozilla/5.0 (compatible; MSIE 9.0; TOB 6.13; Windows NT 6.1; WOW64; Trident/5.0)"
93.220.25.224 - - [05/Feb/2013:14:40:44 +0100] "GET /images/footerbg.jpg HTTP/1.1" 200 2184 "http://www.mink-gmbh.de/" "Mozilla/5.0 (compatible; MSIE 9.0; TOB 6.13; Windows NT 6.1; WOW64; Trident/5.0)"
93.220.25.224 - - [05/Feb/2013:14:40:44 +0100] "GET /js_contentserver24_greybox/header_bg.gif HTTP/1.1" 200 1188 "http://www.mink-gmbh.de/" "Mozilla/5.0 (compatible; MSIE 9.0; TOB 6.13; Windows NT 6.1; WOW64; Trident/5.0)"
93.220.25.224 - - [05/Feb/2013:14:40:44 +0100] "GET /js_contentserver24_greybox/indicator.gif HTTP/1.1" 200 8238 "http://www.mink-gmbh.de/js_contentserver24_greybox/loader_frame.html?s=0" "Mozilla/5.0 (compatible; MSIE 9.0; TOB 6.13; Windows NT 6.1; WOW64; Trident/5.0)"
93.220.25.224 - - [05/Feb/2013:14:40:44 +0100] "GET /favicon.ico HTTP/1.1" 200 3638 "-" "T-Online Browser"
93.220.25.224 - - [05/Feb/2013:14:40:44 +0100] "GET /js_contentserver24_greybox/g_close.gif HTTP/1.1" 200 541 "http://www.mink-gmbh.de/" "Mozilla/5.0 (compatible; MSIE 9.0; TOB 6.13; Windows NT 6.1; WOW64; Trident/5.0)"
194.195.3.95 - - [05/Feb/2013:14:40:57 +0100] "GET / HTTP/1.1" 200 15364 "-" "-"
194.195.3.95 - - [05/Feb/2013:14:40:58 +0100] "GET / HTTP/1.1" 200 15364 "-" "-"
93.220.25.224 - - [05/Feb/2013:14:41:04 +0100] "GET /preisanfrage.php HTTP/1.1" 200 10647 "http://www.mink-gmbh.de/" "Mozilla/5.0 (compatible; MSIE 9.0; TOB 6.13; Windows NT 6.1; WOW64; Trident/5.0)"
93.220.25.224 - - [05/Feb/2013:14:41:59 +0100] "POST /preisanfrage.php HTTP/1.1" 200 10868 "http://www.mink-gmbh.de/preisanfrage.php" "Mozilla/5.0 (compatible; MSIE 9.0; TOB 6.13; Windows NT 6.1; WOW64; Trident/5.0)"
93.220.25.224 - - [05/Feb/2013:14:42:14 +0100] "POST /preisanfrage.php HTTP/1.1" 200 7299 "http://www.mink-gmbh.de/preisanfrage.php" "Mozilla/5.0 (compatible; MSIE 9.0; TOB 6.13; Windows NT 6.1; WOW64; Trident/5.0)"
93.220.25.224 - - [05/Feb/2013:14:42:19 +0100] "GET /preisanfrage.php HTTP/1.1" 200 10647 "http://www.mink-gmbh.de/" "Mozilla/5.0 (compatible; MSIE 9.0; TOB 6.13; Windows NT 6.1; WOW64; Trident/5.0)"
93.220.25.224 - - [05/Feb/2013:14:42:20 +0100] "GET / HTTP/1.1" 200 14623 "http://www.google.de/url?sa=t&rct=j&q=heiz%C3%B6l%20berlin&source=web&cd=29&ved=0CHMQFjAIOBQ&url=http%3A%2F%2Fwww.mink-gmbh.de%2F&ei=sQoRUYP5KIuAhQfZlYHYCg&usg=AFQjCNFHX4Iglls9oo-KYXTmDUV_5KOVIg" "Mozilla/5.0 (compatible; MSIE 9.0; TOB 6.13; Windows NT 6.1; WOW64; Trident/5.0)"
141.8.147.1 - - [05/Feb/2013:15:15:23 +0100] "GET /lexikon.php?cs_go=3&cs_id=137 HTTP/1.1" 200 9326 "-" "Mozilla/5.0 (compatible; YandexBot/3.0; +http://yandex.com/bots)"
81.30.151.218 - - [05/Feb/2013:15:19:08 +0100] "GET /news.php?cs_go=archiv&cs_id=2982&cs_search= HTTP/1.1" 200 11561 "-" "Pixray-Seeker/2.0 (Pixray-Seeker; +http://www.pixray.com/pixraybot; +crawler@pixray.com)"
157.55.32.98 - - [05/Feb/2013:15:27:51 +0100] "GET /robots.txt HTTP/1.1" 200 177 "-" "Mozilla/5.0 (compatible; bingbot/2.0; +http://www.bing.com/bingbot.htm)"
157.55.32.98 - - [05/Feb/2013:15:29:19 +0100] "GET / HTTP/1.1" 200 15364 "-" "Mozilla/5.0 (compatible; bingbot/2.0; +http://www.bing.com/bingbot.htm)"
141.8.147.1 - - [05/Feb/2013:16:03:35 +0100] "GET /lexikon.php?cs_go=3&cs_id=228 HTTP/1.1" 200 9244 "-" "Mozilla/5.0 (compatible; YandexBot/3.0; +http://yandex.com/bots)"
95.211.139.1 - - [05/Feb/2013:16:29:26 +0100] "GET /news.php?cs_go=archiv&cs_id=3906 HTTP/1.0" 200 11109 "-" "Mozilla/5.0 (compatible; AcoonBot/4.11.1; +http://www.acoon.de/robot.asp)"
66.249.78.46 - - [05/Feb/2013:16:35:58 +0100] "GET /robots.txt HTTP/1.1" 200 177 "-" "Mozilla/5.0 (compatible; Googlebot/2.1; +http://www.google.com/bot.html)"
66.249.75.46 - - [05/Feb/2013:16:35:58 +0100] "GET /news.php?cs_go=archiv&cs_id=2742&cs_search= HTTP/1.1" 200 11170 "-" "Mozilla/5.0 (compatible; Googlebot/2.1; +http://www.google.com/bot.html)"
81.30.151.218 - - [05/Feb/2013:16:51:54 +0100] "GET /news.php?cs_go=archiv&cs_id=1707&cs_search= HTTP/1.1" 200 7887 "-" "Pixray-Seeker/2.0 (Pixray-Seeker; +http://www.pixray.com/pixraybot; +crawler@pixray.com)"
141.8.147.1 - - [05/Feb/2013:16:54:55 +0100] "GET /lexikon.php?cs_go=3&cs_id=92 HTTP/1.1" 200 8525 "-" "Mozilla/5.0 (compatible; YandexBot/3.0; +http://yandex.com/bots)"
173.45.73.18 - - [05/Feb/2013:17:03:14 +0100] "GET / HTTP/1.1" 200 15364 "-" "Mozilla/5.0 (Windows NT 6.1; rv:16.0) Gecko/20100101 Firefox/16.0"
95.211.139.1 - - [05/Feb/2013:17:35:19 +0100] "GET /news.php?cs_go=archiv&cs_id=3909 HTTP/1.0" 200 13486 "-" "Mozilla/5.0 (compatible; AcoonBot/4.11.1; +http://www.acoon.de/robot.asp)"
141.8.147.1 - - [05/Feb/2013:17:44:07 +0100] "GET /lexikon.php?cs_go=3&cs_id=138 HTTP/1.1" 200 8904 "-" "Mozilla/5.0 (compatible; YandexBot/3.0; +http://yandex.com/bots)"
81.30.151.218 - - [05/Feb/2013:17:50:20 +0100] "GET /news.php?cs_go=archiv&cs_startpos=1491 HTTP/1.1" 200 8126 "-" "Pixray-Seeker/2.0 (Pixray-Seeker; +http://www.pixray.com/pixraybot; +crawler@pixray.com)"
95.211.139.1 - - [05/Feb/2013:18:17:13 +0100] "GET /agb.php HTTP/1.0" 200 19709 "-" "Mozilla/5.0 (compatible; AcoonBot/4.11.1; +http://www.acoon.de/robot.asp)"
141.8.147.1 - - [05/Feb/2013:18:22:46 +0100] "GET /robots.txt HTTP/1.1" 200 177 "-" "Mozilla/5.0 (compatible; YandexBot/3.0; +http://yandex.com/bots)"
141.8.147.1 - - [05/Feb/2013:18:34:25 +0100] "GET /news.php?cs_go=archiv&cs_id=3867&cs_search= HTTP/1.1" 200 11887 "-" "Mozilla/5.0 (compatible; YandexBot/3.0; +http://yandex.com/bots)"
81.30.151.218 - - [05/Feb/2013:18:35:24 +0100] "GET /index.php HTTP/1.1" 200 15364 "-" "Pixray-Seeker/2.0 (Pixray-Seeker; +http://www.pixray.com/pixraybot; +crawler@pixray.com)"
141.8.147.1 - - [05/Feb/2013:18:46:03 +0100] "GET /lexikon.php?cs_go=3&cs_id=94 HTTP/1.1" 200 8478 "-" "Mozilla/5.0 (compatible; YandexBot/3.0; +http://yandex.com/bots)"
141.8.147.1 - - [05/Feb/2013:19:01:10 +0100] "GET /lexikon.php?cs_go=3&cs_id=93 HTTP/1.1" 200 7993 "-" "Mozilla/5.0 (compatible; YandexBot/3.0; +http://yandex.com/bots)"
141.8.147.1 - - [05/Feb/2013:19:13:26 +0100] "GET /news.php?cs_go=archiv&cs_id=3868&cs_search= HTTP/1.1" 200 11820 "-" "Mozilla/5.0 (compatible; YandexBot/3.0; +http://yandex.com/bots)"
81.30.151.218 - - [05/Feb/2013:19:17:24 +0100] "GET /news.php?cs_go=archiv&cs_id=3104&cs_search= HTTP/1.1" 200 9931 "-" "Pixray-Seeker/2.0 (Pixray-Seeker; +http://www.pixray.com/pixraybot; +crawler@pixray.com)"
66.249.78.46 - - [05/Feb/2013:19:26:04 +0100] "GET /news.php HTTP/1.1" 200 22344 "-" "SAMSUNG-SGH-E250/1.0 Profile/MIDP-2.0 Configuration/CLDC-1.1 UP.Browser/6.2.3.3.c.1.101 (GUI) MMP/2.0 (compatible; Googlebot-Mobile/2.1; +http://www.google.com/bot.html)"
141.8.147.1 - - [05/Feb/2013:19:26:56 +0100] "GET /news.php?cs_go=archiv&cs_id=3876&cs_search= HTTP/1.1" 200 13610 "-" "Mozilla/5.0 (compatible; YandexBot/3.0; +http://yandex.com/bots)"
66.249.78.46 - - [05/Feb/2013:19:30:28 +0100] "GET /lexikon.php?cs_go=3&cs_id=76 HTTP/1.1" 200 8523 "-" "Mozilla/5.0 (compatible; Googlebot/2.1; +http://www.google.com/bot.html)"
65.36.241.79 - - [05/Feb/2013:19:38:02 +0100] "HEAD / HTTP/1.1" 200 - "-" "InternetSeer.com"
141.8.147.1 - - [05/Feb/2013:19:42:12 +0100] "GET /lexikon.php?cs_go=3&cs_id=229 HTTP/1.1" 200 7998 "-" "Mozilla/5.0 (compatible; YandexBot/3.0; +http://yandex.com/bots)"
82.94.176.164 - - [05/Feb/2013:19:42:34 +0100] "GET /jobs.php HTTP/1.1" 200 10090 "-" "Mozilla/4.0 (compatible; MSIE 5.5; Windows NT)"
141.8.147.1 - - [05/Feb/2013:19:55:38 +0100] "GET /lexikon.php?cs_go=3&cs_id=56 HTTP/1.1" 200 8006 "-" "Mozilla/5.0 (compatible; YandexBot/3.0; +http://yandex.com/bots)"
95.211.139.1 - - [05/Feb/2013:19:56:04 +0100] "GET /impressum.php HTTP/1.0" 200 8582 "-" "Mozilla/5.0 (compatible; AcoonBot/4.11.1; +http://www.acoon.de/robot.asp)"
81.30.151.218 - - [05/Feb/2013:19:58:56 +0100] "GET /news.php?cs_go=archiv&cs_id=1785&cs_search= HTTP/1.1" 200 7887 "-" "Pixray-Seeker/2.0 (Pixray-Seeker; +http://www.pixray.com/pixraybot; +crawler@pixray.com)"
141.8.147.1 - - [05/Feb/2013:20:07:48 +0100] "GET /lexikon.php?cs_go=3&cs_id=68 HTTP/1.1" 200 8518 "-" "Mozilla/5.0 (compatible; YandexBot/3.0; +http://yandex.com/bots)"
141.8.147.1 - - [05/Feb/2013:20:13:29 +0100] "GET /lexikon.php?cs_go=3&cs_id=69 HTTP/1.1" 200 10107 "-" "Mozilla/5.0 (compatible; YandexBot/3.0; +http://yandex.com/bots)"
95.211.139.1 - - [05/Feb/2013:20:18:59 +0100] "GET /wunschpreis.php HTTP/1.0" 200 12084 "-" "Mozilla/5.0 (compatible; AcoonBot/4.11.1; +http://www.acoon.de/robot.asp)"
141.8.147.1 - - [05/Feb/2013:20:23:54 +0100] "GET /lexikon.php?cs_go=3&cs_id=126 HTTP/1.1" 200 8362 "-" "Mozilla/5.0 (compatible; YandexBot/3.0; +http://yandex.com/bots)"
66.249.75.46 - - [05/Feb/2013:20:32:30 +0100] "GET /rueckrufservice.php HTTP/1.1" 200 10770 "-" "DoCoMo/2.0 N905i(c100;TB;W24H16) (compatible; Googlebot-Mobile/2.1; +http://www.google.com/bot.html)"
208.115.113.91 - - [05/Feb/2013:20:34:07 +0100] "GET /robots.txt HTTP/1.1" 200 177 "-" "Mozilla/5.0 (compatible; Ezooms/1.0; ezooms.bot@gmail.com)"
141.8.147.1 - - [05/Feb/2013:20:36:30 +0100] "GET /lexikon.php?cs_go=3&cs_id=12 HTTP/1.1" 200 8543 "-" "Mozilla/5.0 (compatible; YandexBot/3.0; +http://yandex.com/bots)"
92.227.130.59 - - [05/Feb/2013:20:38:53 +0100] "GET /style.css HTTP/1.1" 200 8418 "http://www.mink-gmbh.de/news.php?cs_go=archiv&cs_id=3892" "Mozilla/5.0 (Windows NT 6.0; rv:18.0) Gecko/20100101 Firefox/18.0"
92.227.130.59 - - [05/Feb/2013:20:38:53 +0100] "GET /favicon.ico HTTP/1.1" 200 3638 "-" "Mozilla/5.0 (Windows NT 6.0; rv:18.0) Gecko/20100101 Firefox/18.0"
92.227.130.59 - - [05/Feb/2013:20:38:53 +0100] "GET /modul.css HTTP/1.1" 200 35038 "http://www.mink-gmbh.de/news.php?cs_go=archiv&cs_id=3892" "Mozilla/5.0 (Windows NT 6.0; rv:18.0) Gecko/20100101 Firefox/18.0"
92.227.130.59 - - [05/Feb/2013:20:38:53 +0100] "GET /images/bg.jpg HTTP/1.1" 200 345 "http://www.mink-gmbh.de/style.css" "Mozilla/5.0 (Windows NT 6.0; rv:18.0) Gecko/20100101 Firefox/18.0"
92.227.130.59 - - [05/Feb/2013:20:38:53 +0100] "GET /news.php?cs_go=archiv&cs_id=3892 HTTP/1.1" 200 11775 "http://www.google.de/url?sa=t&rct=j&q=&esrc=s&source=web&cd=9&cad=rja&ved=0CFYQFjAI&url=http%3A%2F%2Fwww.mink-gmbh.de%2Fnews.php%3Fcs_go%3Darchiv%26cs_id%3D3892&ei=cF8RUbDYKIaVswaRnICYDw&usg=AFQjCNGCTVLw6tFzEwXMStVDU50EEXu3Gg&bvm=bv.41934586,d.Yms" "Mozilla/5.0 (Windows NT 6.0; rv:18.0) Gecko/20100101 Firefox/18.0"
92.227.130.59 - - [05/Feb/2013:20:38:53 +0100] "GET /images/mail.jpg HTTP/1.1" 200 11165 "http://www.mink-gmbh.de/news.php?cs_go=archiv&cs_id=3892" "Mozilla/5.0 (Windows NT 6.0; rv:18.0) Gecko/20100101 Firefox/18.0"
92.227.130.59 - - [05/Feb/2013:20:38:53 +0100] "GET /images/kwk.gif HTTP/1.1" 200 6403 "http://www.mink-gmbh.de/news.php?cs_go=archiv&cs_id=3892" "Mozilla/5.0 (Windows NT 6.0; rv:18.0) Gecko/20100101 Firefox/18.0"
92.227.130.59 - - [05/Feb/2013:20:38:53 +0100] "GET /images/wunschpreis.jpg HTTP/1.1" 200 16767 "http://www.mink-gmbh.de/news.php?cs_go=archiv&cs_id=3892" "Mozilla/5.0 (Windows NT 6.0; rv:18.0) Gecko/20100101 Firefox/18.0"
92.227.130.59 - - [05/Feb/2013:20:38:53 +0100] "GET /images/logos.jpg HTTP/1.1" 200 15002 "http://www.mink-gmbh.de/news.php?cs_go=archiv&cs_id=3892" "Mozilla/5.0 (Windows NT 6.0; rv:18.0) Gecko/20100101 Firefox/18.0"
92.227.130.59 - - [05/Feb/2013:20:38:53 +0100] "GET /images/close.png HTTP/1.1" 200 703 "http://www.mink-gmbh.de/news.php?cs_go=archiv&cs_id=3892" "Mozilla/5.0 (Windows NT 6.0; rv:18.0) Gecko/20100101 Firefox/18.0"
92.227.130.59 - - [05/Feb/2013:20:38:53 +0100] "GET /images/freecall.jpg HTTP/1.1" 200 39195 "http://www.mink-gmbh.de/news.php?cs_go=archiv&cs_id=3892" "Mozilla/5.0 (Windows NT 6.0; rv:18.0) Gecko/20100101 Firefox/18.0"
92.227.130.59 - - [05/Feb/2013:20:38:53 +0100] "GET /images/newsletter.png HTTP/1.1" 200 14619 "http://www.mink-gmbh.de/style.css" "Mozilla/5.0 (Windows NT 6.0; rv:18.0) Gecko/20100101 Firefox/18.0"
92.227.130.59 - - [05/Feb/2013:20:38:53 +0100] "GET /images/header.jpg HTTP/1.1" 200 24413 "http://www.mink-gmbh.de/style.css" "Mozilla/5.0 (Windows NT 6.0; rv:18.0) Gecko/20100101 Firefox/18.0"
92.227.130.59 - - [05/Feb/2013:20:38:53 +0100] "GET /images/navibg.png HTTP/1.1" 200 2803 "http://www.mink-gmbh.de/style.css" "Mozilla/5.0 (Windows NT 6.0; rv:18.0) Gecko/20100101 Firefox/18.0"
92.227.130.59 - - [05/Feb/2013:20:38:53 +0100] "GET /images/footerbg.jpg HTTP/1.1" 200 2184 "http://www.mink-gmbh.de/style.css" "Mozilla/5.0 (Windows NT 6.0; rv:18.0) Gecko/20100101 Firefox/18.0"
92.227.130.59 - - [05/Feb/2013:20:38:53 +0100] "GET /images/wrapperbg.jpg HTTP/1.1" 200 27465 "http://www.mink-gmbh.de/style.css" "Mozilla/5.0 (Windows NT 6.0; rv:18.0) Gecko/20100101 Firefox/18.0"
92.227.130.59 - - [05/Feb/2013:20:38:53 +0100] "GET /images/newsletter_bg.jpg HTTP/1.1" 200 33610 "http://www.mink-gmbh.de/news.php?cs_go=archiv&cs_id=3892" "Mozilla/5.0 (Windows NT 6.0; rv:18.0) Gecko/20100101 Firefox/18.0"
92.227.130.59 - - [05/Feb/2013:20:39:11 +0100] "GET /impressum.php HTTP/1.1" 200 8495 "http://www.mink-gmbh.de/news.php?cs_go=archiv&cs_id=3892" "Mozilla/5.0 (Windows NT 6.0; rv:18.0) Gecko/20100101 Firefox/18.0"
141.8.147.1 - - [05/Feb/2013:20:46:23 +0100] "GET /lexikon.php?cs_go=3&cs_id=124 HTTP/1.1" 200 8491 "-" "Mozilla/5.0 (compatible; YandexBot/3.0; +http://yandex.com/bots)"
95.211.139.1 - - [05/Feb/2013:20:49:32 +0100] "GET /kwk.php HTTP/1.0" 200 10884 "-" "Mozilla/5.0 (compatible; AcoonBot/4.11.1; +http://www.acoon.de/robot.asp)"
141.8.147.1 - - [05/Feb/2013:20:55:02 +0100] "GET /lexikon.php?cs_go=3&cs_id=77 HTTP/1.1" 200 8672 "-" "Mozilla/5.0 (compatible; YandexBot/3.0; +http://yandex.com/bots)"
141.8.147.1 - - [05/Feb/2013:21:03:18 +0100] "GET /lexikon.php?cs_go=3&cs_id=33 HTTP/1.1" 200 8757 "-" "Mozilla/5.0 (compatible; YandexBot/3.0; +http://yandex.com/bots)"
81.30.151.218 - - [05/Feb/2013:21:09:11 +0100] "GET /news.php?cs_go=archiv&cs_id=2874&cs_search= HTTP/1.1" 200 13938 "-" "Pixray-Seeker/2.0 (Pixray-Seeker; +http://www.pixray.com/pixraybot; +crawler@pixray.com)"
141.8.147.1 - - [05/Feb/2013:21:11:59 +0100] "GET /lexikon.php?cs_go=3&cs_id=80 HTTP/1.1" 200 8403 "-" "Mozilla/5.0 (compatible; YandexBot/3.0; +http://yandex.com/bots)"
141.8.147.1 - - [05/Feb/2013:21:18:54 +0100] "GET /lexikon.php?cs_go=3&cs_id=125 HTTP/1.1" 200 8979 "-" "Mozilla/5.0 (compatible; YandexBot/3.0; +http://yandex.com/bots)"
141.8.147.1 - - [05/Feb/2013:21:27:41 +0100] "GET /lexikon.php?cs_go=3&cs_id=65 HTTP/1.1" 200 8606 "-" "Mozilla/5.0 (compatible; YandexBot/3.0; +http://yandex.com/bots)"
141.8.147.1 - - [05/Feb/2013:21:40:50 +0100] "GET /lexikon.php?cs_go=3&cs_id=222 HTTP/1.1" 200 9623 "-" "Mozilla/5.0 (compatible; YandexBot/3.0; +http://yandex.com/bots)"
95.211.139.1 - - [05/Feb/2013:21:41:58 +0100] "GET /rueckrufservice.php HTTP/1.0" 200 10770 "-" "Mozilla/5.0 (compatible; AcoonBot/4.11.1; +http://www.acoon.de/robot.asp)"
141.8.147.1 - - [05/Feb/2013:21:49:37 +0100] "GET /lexikon.php?cs_go=3&cs_id=34 HTTP/1.1" 200 8366 "-" "Mozilla/5.0 (compatible; YandexBot/3.0; +http://yandex.com/bots)"
81.30.151.218 - - [05/Feb/2013:21:50:29 +0100] "GET /news.php?cs_go=archiv&cs_id=3273&cs_search= HTTP/1.1" 200 13512 "-" "Pixray-Seeker/2.0 (Pixray-Seeker; +http://www.pixray.com/pixraybot; +crawler@pixray.com)"
107.21.182.69 - - [05/Feb/2013:22:00:25 +0100] "GET / HTTP/1.0" 200 15364 "-" "Mozilla/5.0 (compatible; NetcraftSurveyAgent/1.0; +info@netcraft.com)"
141.8.147.1 - - [05/Feb/2013:22:06:16 +0100] "GET /lexikon.php?cs_go=3&cs_id=122 HTTP/1.1" 200 8219 "-" "Mozilla/5.0 (compatible; YandexBot/3.0; +http://yandex.com/bots)"
66.249.78.46 - - [05/Feb/2013:22:07:42 +0100] "GET /news.php?cs_go=archiv&cs_id=3755 HTTP/1.1" 200 13072 "-" "SAMSUNG-SGH-E250/1.0 Profile/MIDP-2.0 Configuration/CLDC-1.1 UP.Browser/6.2.3.3.c.1.101 (GUI) MMP/2.0 (compatible; Googlebot-Mobile/2.1; +http://www.google.com/bot.html)"
141.8.147.1 - - [05/Feb/2013:22:17:45 +0100] "GET /lexikon.php?cs_go=3&cs_id=196 HTTP/1.1" 200 8291 "-" "Mozilla/5.0 (compatible; YandexBot/3.0; +http://yandex.com/bots)"
141.8.147.1 - - [05/Feb/2013:22:25:24 +0100] "GET /lexikon.php?cs_go=3&cs_id=50 HTTP/1.1" 200 8733 "-" "Mozilla/5.0 (compatible; YandexBot/3.0; +http://yandex.com/bots)"
95.211.139.1 - - [05/Feb/2013:22:28:52 +0100] "GET /kontakt.php HTTP/1.0" 200 9198 "-" "Mozilla/5.0 (compatible; AcoonBot/4.11.1; +http://www.acoon.de/robot.asp)"
208.115.111.75 - - [05/Feb/2013:22:30:56 +0100] "GET /robots.txt HTTP/1.1" 200 177 "-" "Mozilla/5.0 (compatible; Ezooms/1.0; ezooms.bot@gmail.com)"
141.8.147.1 - - [05/Feb/2013:22:33:03 +0100] "GET /lexikon.php?cs_go=3&cs_id=7 HTTP/1.1" 200 8498 "-" "Mozilla/5.0 (compatible; YandexBot/3.0; +http://yandex.com/bots)"
81.30.151.218 - - [05/Feb/2013:22:34:46 +0100] "GET /news.php?cs_go=archiv&cs_id=2359&cs_search= HTTP/1.1" 200 7887 "-" "Pixray-Seeker/2.0 (Pixray-Seeker; +http://www.pixray.com/pixraybot; +crawler@pixray.com)"
141.8.147.1 - - [05/Feb/2013:22:40:42 +0100] "GET /lexikon.php?cs_go=3&cs_id=49 HTTP/1.1" 200 9135 "-" "Mozilla/5.0 (compatible; YandexBot/3.0; +http://yandex.com/bots)"
141.8.147.1 - - [05/Feb/2013:22:48:21 +0100] "GET /lexikon.php?cs_go=3&cs_id=128 HTTP/1.1" 200 8493 "-" "Mozilla/5.0 (compatible; YandexBot/3.0; +http://yandex.com/bots)"
208.115.113.91 - - [05/Feb/2013:22:52:51 +0100] "GET /news.php?cs_go=archiv&cs_startpos=30 HTTP/1.1" 200 22558 "-" "Mozilla/5.0 (compatible; Ezooms/1.0; ezooms.bot@gmail.com)"
208.115.113.91 - - [05/Feb/2013:22:52:57 +0100] "GET /news.php?cs_go=archiv&cs_startpos=970 HTTP/1.1" 200 8125 "-" "Mozilla/5.0 (compatible; Ezooms/1.0; ezooms.bot@gmail.com)"
141.8.147.1 - - [05/Feb/2013:23:02:35 +0100] "GET /lexikon.php?cs_go=3&cs_id=116 HTTP/1.1" 200 9366 "-" "Mozilla/5.0 (compatible; YandexBot/3.0; +http://yandex.com/bots)"
141.8.147.1 - - [05/Feb/2013:23:10:12 +0100] "GET /lexikon.php?cs_go=3&cs_id=145 HTTP/1.1" 200 8910 "-" "Mozilla/5.0 (compatible; YandexBot/3.0; +http://yandex.com/bots)"
141.8.147.1 - - [05/Feb/2013:23:22:00 +0100] "GET /lexikon.php?cs_go=3&cs_id=198 HTTP/1.1" 200 9022 "-" "Mozilla/5.0 (compatible; YandexBot/3.0; +http://yandex.com/bots)"
66.249.75.46 - - [05/Feb/2013:23:22:42 +0100] "GET / HTTP/1.1" 200 15364 "-" "Mozilla/5.0 (compatible; Googlebot/2.1; +http://www.google.com/bot.html)"
141.8.147.1 - - [05/Feb/2013:23:29:53 +0100] "GET /lexikon.php?cs_go=3&cs_id=61 HTTP/1.1" 200 8792 "-" "Mozilla/5.0 (compatible; YandexBot/3.0; +http://yandex.com/bots)"
66.249.78.46 - - [05/Feb/2013:23:34:59 +0100] "GET /news.php?cs_go=archiv&cs_id=3911 HTTP/1.1" 200 12591 "-" "Mozilla/5.0 (compatible; Googlebot/2.1; +http://www.google.com/bot.html)"
66.249.75.46 - - [05/Feb/2013:23:36:47 +0100] "GET /news.php?cs_go=archiv&cs_id=3650 HTTP/1.1" 200 13362 "-" "Mozilla/5.0 (compatible; Googlebot/2.1; +http://www.google.com/bot.html)"
66.249.78.46 - - [05/Feb/2013:23:36:47 +0100] "GET /news.php?cs_go=archiv&cs_id=3912 HTTP/1.1" 200 11611 "-" "Mozilla/5.0 (compatible; Googlebot/2.1; +http://www.google.com/bot.html)"
66.249.78.46 - - [05/Feb/2013:23:36:52 +0100] "GET /js_contentserver24_greybox/gb_styles.css HTTP/1.1" 200 2302 "-" "Mozilla/5.0 (compatible; Googlebot/2.1; +http://www.google.com/bot.html)"
66.249.75.46 - - [05/Feb/2013:23:36:53 +0100] "GET /modul.css HTTP/1.1" 200 35038 "-" "Mozilla/5.0 (compatible; Googlebot/2.1; +http://www.google.com/bot.html)"
66.249.75.46 - - [05/Feb/2013:23:39:33 +0100] "GET /lexikon.php?cs_go=2&cs_char=a HTTP/1.1" 200 9803 "-" "Mozilla/5.0 (compatible; Googlebot/2.1; +http://www.google.com/bot.html)"
66.249.78.46 - - [05/Feb/2013:23:40:09 +0100] "GET /news.php?cs_go=archiv&cs_id=3913 HTTP/1.1" 200 13499 "-" "Mozilla/5.0 (compatible; Googlebot/2.1; +http://www.google.com/bot.html)"
141.8.147.1 - - [05/Feb/2013:23:41:54 +0100] "GET /lexikon.php?cs_go=3&cs_id=129 HTTP/1.1" 200 8647 "-" "Mozilla/5.0 (compatible; YandexBot/3.0; +http://yandex.com/bots)"
66.249.75.46 - - [05/Feb/2013:23:51:43 +0100] "GET /news.php?cs_go=archiv&cs_id=3910 HTTP/1.1" 200 9801 "-" "Mozilla/5.0 (compatible; Googlebot/2.1; +http://www.google.com/bot.html)"
141.8.147.1 - - [05/Feb/2013:23:52:14 +0100] "GET / HTTP/1.1" 200 15364 "-" "Mozilla/5.0 (compatible; YandexBot/3.0; MirrorDetector; +http://yandex.com/bots)"
141.8.147.1 - - [05/Feb/2013:23:52:28 +0100] "GET / HTTP/1.1" 200 15364 "-" "Mozilla/5.0 (compatible; YandexBot/3.0; MirrorDetector; +http://yandex.com/bots)"
81.30.151.218 - - [06/Feb/2013:00:00:15 +0100] "GET /robots.txt HTTP/1.1" 200 177 "-" "Pixray-Seeker/2.0 (Pixray-Seeker; +http://www.pixray.com/pixraybot; +crawler@pixray.com)"
141.8.147.1 - - [06/Feb/2013:00:00:11 +0100] "GET /lexikon.php?cs_go=3&cs_id=62 HTTP/1.1" 200 8568 "-" "Mozilla/5.0 (compatible; YandexBot/3.0; +http://yandex.com/bots)"
81.30.151.218 - - [06/Feb/2013:00:00:15 +0100] "GET /news.php?cs_go=archiv&cs_startpos=570 HTTP/1.1" 200 8125 "-" "Pixray-Seeker/2.0 (Pixray-Seeker; +http://www.pixray.com/pixraybot; +crawler@pixray.com)"
141.8.147.1 - - [06/Feb/2013:00:07:57 +0100] "GET /lexikon.php?cs_go=3&cs_id=219 HTTP/1.1" 200 7995 "-" "Mozilla/5.0 (compatible; YandexBot/3.0; +http://yandex.com/bots)"
141.8.147.1 - - [06/Feb/2013:00:15:40 +0100] "GET /lexikon.php?cs_go=3&cs_id=163 HTTP/1.1" 200 8230 "-" "Mozilla/5.0 (compatible; YandexBot/3.0; +http://yandex.com/bots)"
65.36.241.79 - - [06/Feb/2013:00:16:46 +0100] "HEAD / HTTP/1.1" 200 - "-" "InternetSeer.com"
86.201.79.191 - - [06/Feb/2013:00:21:28 +0100] "GET /style.css HTTP/1.1" 200 8418 "http://www.mink-gmbh.de/" "Mozilla/5.0 (Windows NT 6.1; WOW64; rv:18.0) Gecko/20100101 Firefox/18.0"
86.201.79.191 - - [06/Feb/2013:00:21:28 +0100] "GET /favicon.ico HTTP/1.1" 200 3638 "-" "Mozilla/5.0 (Windows NT 6.1; WOW64; rv:18.0) Gecko/20100101 Firefox/18.0"
86.201.79.191 - - [06/Feb/2013:00:21:28 +0100] "GET /modul.css HTTP/1.1" 200 35038 "http://www.mink-gmbh.de/" "Mozilla/5.0 (Windows NT 6.1; WOW64; rv:18.0) Gecko/20100101 Firefox/18.0"
86.201.79.191 - - [06/Feb/2013:00:21:29 +0100] "GET /js_contentserver24_greybox/AJS.js HTTP/1.1" 200 10396 "http://www.mink-gmbh.de/" "Mozilla/5.0 (Windows NT 6.1; WOW64; rv:18.0) Gecko/20100101 Firefox/18.0"
86.201.79.191 - - [06/Feb/2013:00:21:29 +0100] "GET /js_contentserver24_greybox/AJS_fx.js HTTP/1.1" 200 3192 "http://www.mink-gmbh.de/" "Mozilla/5.0 (Windows NT 6.1; WOW64; rv:18.0) Gecko/20100101 Firefox/18.0"
86.201.79.191 - - [06/Feb/2013:00:21:29 +0100] "GET /js_contentserver24_greybox/gb_styles.css HTTP/1.1" 200 2302 "http://www.mink-gmbh.de/" "Mozilla/5.0 (Windows NT 6.1; WOW64; rv:18.0) Gecko/20100101 Firefox/18.0"
86.201.79.191 - - [06/Feb/2013:00:21:28 +0100] "GET / HTTP/1.1" 200 15364 "http://www.ralf-balzer.de/EDV/referenzen.php" "Mozilla/5.0 (Windows NT 6.1; WOW64; rv:18.0) Gecko/20100101 Firefox/18.0"
86.201.79.191 - - [06/Feb/2013:00:21:29 +0100] "GET /js_contentserver24_greybox/gb_scripts.js HTTP/1.1" 200 11913 "http://www.mink-gmbh.de/" "Mozilla/5.0 (Windows NT 6.1; WOW64; rv:18.0) Gecko/20100101 Firefox/18.0"
86.201.79.191 - - [06/Feb/2013:00:21:29 +0100] "GET /images/tkw.jpg HTTP/1.1" 200 64031 "http://www.mink-gmbh.de/" "Mozilla/5.0 (Windows NT 6.1; WOW64; rv:18.0) Gecko/20100101 Firefox/18.0"
86.201.79.191 - - [06/Feb/2013:00:21:29 +0100] "GET /images/freecall.jpg HTTP/1.1" 200 39195 "http://www.mink-gmbh.de/" "Mozilla/5.0 (Windows NT 6.1; WOW64; rv:18.0) Gecko/20100101 Firefox/18.0"
86.201.79.191 - - [06/Feb/2013:00:21:29 +0100] "GET /images/kwk.gif HTTP/1.1" 200 6403 "http://www.mink-gmbh.de/" "Mozilla/5.0 (Windows NT 6.1; WOW64; rv:18.0) Gecko/20100101 Firefox/18.0"
86.201.79.191 - - [06/Feb/2013:00:21:29 +0100] "GET /images/mail.jpg HTTP/1.1" 200 11165 "http://www.mink-gmbh.de/" "Mozilla/5.0 (Windows NT 6.1; WOW64; rv:18.0) Gecko/20100101 Firefox/18.0"
86.201.79.191 - - [06/Feb/2013:00:21:29 +0100] "GET /images/wunschpreis.jpg HTTP/1.1" 200 16767 "http://www.mink-gmbh.de/" "Mozilla/5.0 (Windows NT 6.1; WOW64; rv:18.0) Gecko/20100101 Firefox/18.0"
86.201.79.191 - - [06/Feb/2013:00:21:29 +0100] "GET /images/logos.jpg HTTP/1.1" 200 15002 "http://www.mink-gmbh.de/" "Mozilla/5.0 (Windows NT 6.1; WOW64; rv:18.0) Gecko/20100101 Firefox/18.0"
86.201.79.191 - - [06/Feb/2013:00:21:30 +0100] "GET /images/bg.jpg HTTP/1.1" 200 345 "http://www.mink-gmbh.de/style.css" "Mozilla/5.0 (Windows NT 6.1; WOW64; rv:18.0) Gecko/20100101 Firefox/18.0"
86.201.79.191 - - [06/Feb/2013:00:21:30 +0100] "GET /js_contentserver24_greybox/w_close.gif HTTP/1.1" 200 74 "http://www.mink-gmbh.de/" "Mozilla/5.0 (Windows NT 6.1; WOW64; rv:18.0) Gecko/20100101 Firefox/18.0"
86.201.79.191 - - [06/Feb/2013:00:21:30 +0100] "GET /images/newsletter.png HTTP/1.1" 200 14619 "http://www.mink-gmbh.de/style.css" "Mozilla/5.0 (Windows NT 6.1; WOW64; rv:18.0) Gecko/20100101 Firefox/18.0"
86.201.79.191 - - [06/Feb/2013:00:21:30 +0100] "GET /images/header.jpg HTTP/1.1" 200 24413 "http://www.mink-gmbh.de/style.css" "Mozilla/5.0 (Windows NT 6.1; WOW64; rv:18.0) Gecko/20100101 Firefox/18.0"
86.201.79.191 - - [06/Feb/2013:00:21:30 +0100] "GET /images/close.png HTTP/1.1" 200 703 "http://www.mink-gmbh.de/" "Mozilla/5.0 (Windows NT 6.1; WOW64; rv:18.0) Gecko/20100101 Firefox/18.0"
86.201.79.191 - - [06/Feb/2013:00:21:30 +0100] "GET /images/newsletter_bg.jpg HTTP/1.1" 200 33610 "http://www.mink-gmbh.de/" "Mozilla/5.0 (Windows NT 6.1; WOW64; rv:18.0) Gecko/20100101 Firefox/18.0"
86.201.79.191 - - [06/Feb/2013:00:21:30 +0100] "GET /images/wrapperbg.jpg HTTP/1.1" 200 27465 "http://www.mink-gmbh.de/style.css" "Mozilla/5.0 (Windows NT 6.1; WOW64; rv:18.0) Gecko/20100101 Firefox/18.0"
86.201.79.191 - - [06/Feb/2013:00:21:30 +0100] "GET /images/navibg.png HTTP/1.1" 200 2803 "http://www.mink-gmbh.de/style.css" "Mozilla/5.0 (Windows NT 6.1; WOW64; rv:18.0) Gecko/20100101 Firefox/18.0"
86.201.79.191 - - [06/Feb/2013:00:21:30 +0100] "GET /images/steigend.png HTTP/1.1" 200 688 "http://www.mink-gmbh.de/modul.css" "Mozilla/5.0 (Windows NT 6.1; WOW64; rv:18.0) Gecko/20100101 Firefox/18.0"
86.201.79.191 - - [06/Feb/2013:00:21:30 +0100] "GET /images/fallend.png HTTP/1.1" 200 713 "http://www.mink-gmbh.de/modul.css" "Mozilla/5.0 (Windows NT 6.1; WOW64; rv:18.0) Gecko/20100101 Firefox/18.0"
86.201.79.191 - - [06/Feb/2013:00:21:30 +0100] "GET /images/newsletter.jpg HTTP/1.1" 200 13130 "http://www.mink-gmbh.de/style.css" "Mozilla/5.0 (Windows NT 6.1; WOW64; rv:18.0) Gecko/20100101 Firefox/18.0"
86.201.79.191 - - [06/Feb/2013:00:21:30 +0100] "GET /images/mobil.jpg HTTP/1.1" 200 25293 "http://www.mink-gmbh.de/style.css" "Mozilla/5.0 (Windows NT 6.1; WOW64; rv:18.0) Gecko/20100101 Firefox/18.0"
86.201.79.191 - - [06/Feb/2013:00:21:30 +0100] "GET /images/footerbg.jpg HTTP/1.1" 200 2184 "http://www.mink-gmbh.de/style.css" "Mozilla/5.0 (Windows NT 6.1; WOW64; rv:18.0) Gecko/20100101 Firefox/18.0"
86.201.79.191 - - [06/Feb/2013:00:21:30 +0100] "GET /js_contentserver24_greybox/header_bg.gif HTTP/1.1" 200 1188 "http://www.mink-gmbh.de/" "Mozilla/5.0 (Windows NT 6.1; WOW64; rv:18.0) Gecko/20100101 Firefox/18.0"
86.201.79.191 - - [06/Feb/2013:00:21:30 +0100] "GET /js_contentserver24_greybox/loader_frame.html?s=0 HTTP/1.1" 200 2084 "http://www.mink-gmbh.de/" "Mozilla/5.0 (Windows NT 6.1; WOW64; rv:18.0) Gecko/20100101 Firefox/18.0"
86.201.79.191 - - [06/Feb/2013:00:21:30 +0100] "GET /js_contentserver24_greybox/indicator.gif HTTP/1.1" 200 8238 "http://www.mink-gmbh.de/js_contentserver24_greybox/loader_frame.html?s=0" "Mozilla/5.0 (Windows NT 6.1; WOW64; rv:18.0) Gecko/20100101 Firefox/18.0"
86.201.79.191 - - [06/Feb/2013:00:21:32 +0100] "GET /js_contentserver24_greybox/g_close.gif HTTP/1.1" 200 541 "http://www.mink-gmbh.de/" "Mozilla/5.0 (Windows NT 6.1; WOW64; rv:18.0) Gecko/20100101 Firefox/18.0"
150.70.64.210 - - [06/Feb/2013:00:22:25 +0100] "GET /js_contentserver24_greybox/loader_frame.html?s=0 HTTP/1.0" 200 2084 "-" "Mozilla/4.0 (compatible; MSIE 6.0; Windows NT 5.1)"
141.8.147.1 - - [06/Feb/2013:00:23:22 +0100] "GET /lexikon.php?cs_go=3&cs_id=43 HTTP/1.1" 200 8005 "-" "Mozilla/5.0 (compatible; YandexBot/3.0; +http://yandex.com/bots)"
150.70.64.210 - - [06/Feb/2013:00:23:27 +0100] "GET /js_contentserver24_greybox/gb_scripts.js HTTP/1.0" 200 11913 "-" "Mozilla/4.0 (compatible; MSIE 6.0; Windows NT 5.1)"
150.70.172.109 - - [06/Feb/2013:00:24:59 +0100] "GET / HTTP/1.0" 200 15364 "-" "Mozilla/4.0 (compatible; MSIE 6.0; Windows NT 5.1)"
150.70.172.109 - - [06/Feb/2013:00:25:04 +0100] "GET /js_contentserver24_greybox/AJS_fx.js HTTP/1.0" 200 3192 "-" "Mozilla/4.0 (compatible; MSIE 6.0; Windows NT 5.1)"
150.70.172.103 - - [06/Feb/2013:00:26:47 +0100] "GET /js_contentserver24_greybox/AJS.js HTTP/1.0" 200 10396 "-" "Mozilla/4.0 (compatible; MSIE 6.0; Windows NT 5.1)"
