141.8.147.1 - - [11/Feb/2013:14:00:58 +0100] "GET /lexikon.php?cs_go=3&cs_id=107 HTTP/1.1" 200 8389 "-" "Mozilla/5.0 (compatible; YandexBot/3.0; +http://yandex.com/bots)"
173.199.114.131 - - [11/Feb/2013:14:05:23 +0100] "GET /lexikon.php?cs_go=2&cs_char=e HTTP/1.1" 200 9079 "-" "Mozilla/5.0 (compatible; AhrefsBot/4.0; +http://ahrefs.com/robot/)"
141.8.147.1 - - [11/Feb/2013:14:06:20 +0100] "GET /lexikon.php?cs_go=3&cs_id=44 HTTP/1.1" 200 8005 "-" "Mozilla/5.0 (compatible; YandexBot/3.0; +http://yandex.com/bots)"
141.8.147.1 - - [11/Feb/2013:14:08:53 +0100] "GET /lexikon.php?cs_go=3&cs_id=15 HTTP/1.1" 200 8036 "-" "Mozilla/5.0 (compatible; YandexBot/3.0; +http://yandex.com/bots)"
141.8.147.1 - - [11/Feb/2013:14:11:26 +0100] "GET /lexikon.php?cs_go=3&cs_id=223 HTTP/1.1" 200 7991 "-" "Mozilla/5.0 (compatible; YandexBot/3.0; +http://yandex.com/bots)"
141.8.147.1 - - [11/Feb/2013:14:17:16 +0100] "GET /lexikon.php?cs_go=3&cs_id=46 HTTP/1.1" 200 8005 "-" "Mozilla/5.0 (compatible; YandexBot/3.0; +http://yandex.com/bots)"
141.8.147.1 - - [11/Feb/2013:14:19:21 +0100] "GET /lexikon.php?cs_go=3&cs_id=143 HTTP/1.1" 200 9298 "-" "Mozilla/5.0 (compatible; YandexBot/3.0; +http://yandex.com/bots)"
81.30.151.218 - - [11/Feb/2013:14:19:32 +0100] "GET /news.php?cs_go=archiv&cs_startpos=620 HTTP/1.1" 200 8125 "-" "Pixray-Seeker/2.0 (Pixray-Seeker; +http://www.pixray.com/pixraybot; +crawler@pixray.com)"
141.8.147.1 - - [11/Feb/2013:14:21:26 +0100] "GET /news.php?cs_go=archiv&cs_id=3597&cs_search= HTTP/1.1" 200 10712 "-" "Mozilla/5.0 (compatible; YandexBot/3.0; +http://yandex.com/bots)"
141.8.147.1 - - [11/Feb/2013:14:25:11 +0100] "GET /lexikon.php?cs_go=3&cs_id=114 HTTP/1.1" 200 8684 "-" "Mozilla/5.0 (compatible; YandexBot/3.0; +http://yandex.com/bots)"
141.8.147.1 - - [11/Feb/2013:14:26:51 +0100] "GET /lexikon.php?cs_go=3&cs_id=185 HTTP/1.1" 200 8346 "-" "Mozilla/5.0 (compatible; YandexBot/3.0; +http://yandex.com/bots)"
141.8.147.1 - - [11/Feb/2013:14:28:31 +0100] "GET /lexikon.php?cs_go=2&cs_char=h HTTP/1.1" 200 8800 "-" "Mozilla/5.0 (compatible; YandexBot/3.0; +http://yandex.com/bots)"
141.8.147.1 - - [11/Feb/2013:14:28:52 +0100] "GET /lexikon.php?cs_go=3&cs_id=188 HTTP/1.1" 200 8004 "-" "Mozilla/5.0 (compatible; YandexBot/3.0; +http://yandex.com/bots)"
157.55.35.91 - - [11/Feb/2013:14:33:23 +0100] "GET /robots.txt HTTP/1.1" 200 177 "-" "Mozilla/5.0 (compatible; bingbot/2.0; +http://www.bing.com/bingbot.htm)"
157.55.35.91 - - [11/Feb/2013:14:35:11 +0100] "GET / HTTP/1.1" 200 15410 "-" "Mozilla/5.0 (compatible; bingbot/2.0; +http://www.bing.com/bingbot.htm)"
173.199.114.131 - - [11/Feb/2013:14:35:28 +0100] "GET /lexikon.php?cs_go=3&cs_id=56 HTTP/1.1" 200 8006 "-" "Mozilla/5.0 (compatible; AhrefsBot/4.0; +http://ahrefs.com/robot/)"
81.30.151.218 - - [11/Feb/2013:14:36:03 +0100] "GET /news.php?cs_go=archiv&cs_id=2382&cs_search= HTTP/1.1" 200 7887 "-" "Pixray-Seeker/2.0 (Pixray-Seeker; +http://www.pixray.com/pixraybot; +crawler@pixray.com)"
173.199.114.131 - - [11/Feb/2013:14:37:32 +0100] "GET /lexikon.php?cs_go=3&cs_id=133 HTTP/1.1" 200 8732 "-" "Mozilla/5.0 (compatible; AhrefsBot/4.0; +http://ahrefs.com/robot/)"
66.249.78.46 - - [11/Feb/2013:15:04:17 +0100] "GET /images/logos.jpg HTTP/1.1" 304 - "-" "Googlebot-Image/1.0"
81.30.151.218 - - [11/Feb/2013:15:21:09 +0100] "GET /news.php?cs_go=archiv&cs_id=2805&cs_search= HTTP/1.1" 200 10047 "-" "Pixray-Seeker/2.0 (Pixray-Seeker; +http://www.pixray.com/pixraybot; +crawler@pixray.com)"
173.199.114.131 - - [11/Feb/2013:15:21:36 +0100] "GET /lexikon.php?cs_go=3&cs_id=205 HTTP/1.1" 200 8299 "-" "Mozilla/5.0 (compatible; AhrefsBot/4.0; +http://ahrefs.com/robot/)"
173.199.114.131 - - [11/Feb/2013:15:24:03 +0100] "GET /lexikon.php?cs_go=3&cs_id=22 HTTP/1.1" 200 8717 "-" "Mozilla/5.0 (compatible; AhrefsBot/4.0; +http://ahrefs.com/robot/)"
141.8.147.1 - - [11/Feb/2013:15:28:57 +0100] "GET /news.php?cs_go=archiv&cs_startpos=621 HTTP/1.1" 200 8125 "-" "Mozilla/5.0 (compatible; YandexBot/3.0; +http://yandex.com/bots)"
81.30.151.218 - - [11/Feb/2013:16:03:58 +0100] "GET /edl.php HTTP/1.1" 200 10801 "-" "Pixray-Seeker/2.0 (Pixray-Seeker; +http://www.pixray.com/pixraybot; +crawler@pixray.com)"
81.30.151.218 - - [11/Feb/2013:16:09:25 +0100] "GET /news.php?cs_go=archiv&cs_id=2915&cs_search= HTTP/1.1" 200 11258 "-" "Pixray-Seeker/2.0 (Pixray-Seeker; +http://www.pixray.com/pixraybot; +crawler@pixray.com)"
141.8.147.1 - - [11/Feb/2013:16:45:37 +0100] "GET /news.php?cs_go=archiv&cs_startpos=161 HTTP/1.1" 200 22863 "-" "Mozilla/5.0 (compatible; YandexBot/3.0; +http://yandex.com/bots)"
66.249.78.46 - - [11/Feb/2013:16:48:17 +0100] "GET /news.php?cs_go=archiv&cs_id=3822 HTTP/1.1" 200 13619 "-" "Mozilla/5.0 (iPhone; U; CPU iPhone OS 4_1 like Mac OS X; en-us) AppleWebKit/532.9 (KHTML, like Gecko) Version/4.0.5 Mobile/8B117 Safari/6531.22.7 (compatible; Googlebot-Mobile/2.1; +http://www.google.com/bot.html)"
66.249.76.46 - - [11/Feb/2013:17:05:56 +0100] "GET / HTTP/1.1" 200 15410 "-" "Mozilla/5.0 (compatible; Googlebot/2.1; +http://www.google.com/bot.html)"
81.30.151.218 - - [11/Feb/2013:17:07:52 +0100] "GET /news.php?cs_go=archiv&cs_startpos=1470 HTTP/1.1" 200 8126 "-" "Pixray-Seeker/2.0 (Pixray-Seeker; +http://www.pixray.com/pixraybot; +crawler@pixray.com)"
66.249.76.46 - - [11/Feb/2013:17:13:33 +0100] "GET /js_contentserver24_greybox/gb_styles.css HTTP/1.1" 200 2302 "-" "Mozilla/5.0 (compatible; Googlebot/2.1; +http://www.google.com/bot.html)"
66.249.78.46 - - [11/Feb/2013:17:14:02 +0100] "GET /news.php?cs_go=archiv&cs_id=3928 HTTP/1.1" 200 9891 "-" "Mozilla/5.0 (compatible; Googlebot/2.1; +http://www.google.com/bot.html)"
66.249.78.46 - - [11/Feb/2013:17:16:54 +0100] "GET /news.php?cs_go=archiv&cs_id=3930 HTTP/1.1" 200 10743 "-" "Mozilla/5.0 (compatible; Googlebot/2.1; +http://www.google.com/bot.html)"
81.30.151.218 - - [11/Feb/2013:17:18:26 +0100] "GET /news.php?cs_go=archiv&cs_id=3071&cs_search= HTTP/1.1" 200 9992 "-" "Pixray-Seeker/2.0 (Pixray-Seeker; +http://www.pixray.com/pixraybot; +crawler@pixray.com)"
66.249.76.46 - - [11/Feb/2013:17:20:04 +0100] "GET /news.php?cs_go=archiv&cs_id=3931 HTTP/1.1" 200 13536 "-" "Mozilla/5.0 (compatible; Googlebot/2.1; +http://www.google.com/bot.html)"
66.249.78.46 - - [11/Feb/2013:17:24:51 +0100] "GET /news.php?cs_go=archiv&cs_id=3929 HTTP/1.1" 200 12403 "-" "Mozilla/5.0 (compatible; Googlebot/2.1; +http://www.google.com/bot.html)"
65.36.241.79 - - [11/Feb/2013:17:34:32 +0100] "HEAD / HTTP/1.1" 200 - "-" "InternetSeer.com"
139.18.2.209 - - [11/Feb/2013:17:49:22 +0100] "GET /robots.txt HTTP/1.1" 200 177 "-" "findlinks/2.6 (+http://wortschatz.uni-leipzig.de/findlinks/)"
157.55.35.91 - - [11/Feb/2013:17:56:12 +0100] "GET /robots.txt HTTP/1.1" 200 177 "-" "Mozilla/5.0 (compatible; bingbot/2.0; +http://www.bing.com/bingbot.htm)"
157.55.35.91 - - [11/Feb/2013:17:57:44 +0100] "GET / HTTP/1.1" 200 15410 "-" "Mozilla/5.0 (compatible; bingbot/2.0; +http://www.bing.com/bingbot.htm)"
141.8.147.1 - - [11/Feb/2013:18:02:51 +0100] "GET /news.php?cs_go=archiv&cs_startpos=731 HTTP/1.1" 200 8125 "-" "Mozilla/5.0 (compatible; YandexBot/3.0; +http://yandex.com/bots)"
82.168.50.134 - - [11/Feb/2013:18:14:48 +0100] "GET / HTTP/1.1" 200 15410 "-" "Java/1.6.0_04"
82.168.50.134 - - [11/Feb/2013:18:14:54 +0100] "GET /agb.php HTTP/1.1" 200 19709 "-" "Java/1.6.0_04"
82.168.50.134 - - [11/Feb/2013:18:14:54 +0100] "GET /impressum.php HTTP/1.1" 200 8582 "-" "Java/1.6.0_04"
82.168.50.134 - - [11/Feb/2013:18:14:54 +0100] "GET /index.php HTTP/1.1" 200 15410 "-" "Java/1.6.0_04"
82.168.50.134 - - [11/Feb/2013:18:14:55 +0100] "GET /jobs.php HTTP/1.1" 200 10090 "-" "Java/1.6.0_04"
82.168.50.134 - - [11/Feb/2013:18:14:55 +0100] "GET /kontakt.php HTTP/1.1" 200 9198 "-" "Java/1.6.0_04"
82.168.50.134 - - [11/Feb/2013:18:14:56 +0100] "GET /kwk.php HTTP/1.1" 200 10884 "-" "Java/1.6.0_04"
82.168.50.134 - - [11/Feb/2013:18:14:56 +0100] "GET /news.php HTTP/1.1" 200 22377 "-" "Java/1.6.0_04"
82.168.50.134 - - [11/Feb/2013:18:14:57 +0100] "GET /newsletter.php HTTP/1.1" 200 8928 "-" "Java/1.6.0_04"
82.168.50.134 - - [11/Feb/2013:18:14:57 +0100] "GET /optiplus.php HTTP/1.1" 200 11100 "-" "Java/1.6.0_04"
82.168.50.134 - - [11/Feb/2013:18:14:57 +0100] "GET /preisanfrage.php HTTP/1.1" 200 10734 "-" "Java/1.6.0_04"
82.168.50.134 - - [11/Feb/2013:18:14:57 +0100] "GET /rueckrufservice.php HTTP/1.1" 200 10770 "-" "Java/1.6.0_04"
82.168.50.134 - - [11/Feb/2013:18:14:58 +0100] "GET /standard.php HTTP/1.1" 200 9218 "-" "Java/1.6.0_04"
82.168.50.134 - - [11/Feb/2013:18:14:58 +0100] "GET /wunschpreis.php HTTP/1.1" 200 12084 "-" "Java/1.6.0_04"
82.168.50.134 - - [11/Feb/2013:18:14:58 +0100] "GET /edl.php HTTP/1.1" 200 10801 "-" "Java/1.6.0_04"
82.168.50.134 - - [11/Feb/2013:18:14:58 +0100] "GET /energiesparcheck.php HTTP/1.1" 200 13581 "-" "Java/1.6.0_04"
82.168.50.134 - - [11/Feb/2013:18:14:59 +0100] "GET /faq.php HTTP/1.1" 200 208189 "-" "Java/1.6.0_04"
82.168.50.134 - - [11/Feb/2013:18:14:59 +0100] "GET /foerdermittel.php HTTP/1.1" 200 12908 "-" "Java/1.6.0_04"
82.168.50.134 - - [11/Feb/2013:18:15:00 +0100] "GET /lexikon.php HTTP/1.1" 200 10523 "-" "Java/1.6.0_04"
82.168.50.134 - - [11/Feb/2013:18:15:00 +0100] "GET /modernisierung.php HTTP/1.1" 200 11578 "-" "Java/1.6.0_04"
82.168.50.134 - - [11/Feb/2013:18:15:00 +0100] "GET /.php HTTP/1.1" 404 - "-" "Java/1.6.0_04"
82.168.50.134 - - [11/Feb/2013:18:15:00 +0100] "GET /additive.php HTTP/1.1" 200 8372 "-" "Java/1.6.0_04"
82.168.50.134 - - [11/Feb/2013:18:15:01 +0100] "GET /diesel.php HTTP/1.1" 200 10639 "-" "Java/1.6.0_04"
82.168.50.134 - - [11/Feb/2013:18:15:04 +0100] "GET /js_contentserver24_greybox/AJS.js HTTP/1.1" 200 10396 "-" "Java/1.6.0_04"
82.168.50.134 - - [11/Feb/2013:18:15:04 +0100] "GET /js_contentserver24_greybox/AJS_fx.js HTTP/1.1" 200 3192 "-" "Java/1.6.0_04"
82.168.50.134 - - [11/Feb/2013:18:15:04 +0100] "GET /js_contentserver24_greybox/gb_scripts.js HTTP/1.1" 200 11913 "-" "Java/1.6.0_04"
82.168.50.134 - - [11/Feb/2013:18:15:04 +0100] "GET /js_contentserver24_greybox/loader_frame.html HTTP/1.1" 200 2084 "-" "Java/1.6.0_04"
82.168.50.134 - - [11/Feb/2013:18:15:05 +0100] "GET /js_contentserver24_greybox/' + gb_url + ' HTTP/1.1" 404 - "-" "Java/1.6.0_04"
82.168.50.134 - - [11/Feb/2013:18:15:05 +0100] "GET /\\"http://www.brennstoffboerse.de/index.php?go=fluessiggas_pruefung\\" HTTP/1.1" 404 - "-" "Java/1.6.0_04"
82.168.50.134 - - [11/Feb/2013:18:15:05 +0100] "GET /news.php?cs_go=archiv HTTP/1.1" 200 22377 "-" "Java/1.6.0_04"
82.168.50.134 - - [11/Feb/2013:18:15:05 +0100] "GET /lexikon.php?cs_go=2&cs_char=a HTTP/1.1" 200 9803 "-" "Java/1.6.0_04"
82.168.50.134 - - [11/Feb/2013:18:15:05 +0100] "GET /modernisierung.php?cs_gp_go=coupon HTTP/1.1" 200 10192 "-" "Java/1.6.0_04"
82.168.50.134 - - [11/Feb/2013:18:15:06 +0100] "GET /news.php?cs_go=archiv&cs_id=3928 HTTP/1.1" 200 22377 "-" "Java/1.6.0_04"
81.30.151.218 - - [11/Feb/2013:18:16:02 +0100] "GET /news.php?cs_go=archiv&cs_startpos=1320 HTTP/1.1" 200 8126 "-" "Pixray-Seeker/2.0 (Pixray-Seeker; +http://www.pixray.com/pixraybot; +crawler@pixray.com)"
208.115.111.75 - - [11/Feb/2013:18:44:22 +0100] "GET /robots.txt HTTP/1.1" 200 177 "-" "Mozilla/5.0 (compatible; Ezooms/1.0; ezooms.bot@gmail.com)"
81.30.151.218 - - [11/Feb/2013:18:59:29 +0100] "GET /news.php?cs_go=archiv&cs_id=1628&cs_search= HTTP/1.1" 200 7887 "-" "Pixray-Seeker/2.0 (Pixray-Seeker; +http://www.pixray.com/pixraybot; +crawler@pixray.com)"
66.249.76.46 - - [11/Feb/2013:19:02:36 +0100] "GET /news.php?cs_go=archiv&cs_id=3771 HTTP/1.1" 200 9868 "-" "Mozilla/5.0 (compatible; Googlebot/2.1; +http://www.google.com/bot.html)"
80.95.42.177 - - [11/Feb/2013:19:07:54 +0100] "GET /news.php?cs_go=archiv&cs_id=3876&cs_search= HTTP/1.1" 200 13610 "-" "Mozilla/5.0 (Windows; U; Windows NT 5.1; en-US; rv:1.9.1.6) Gecko/20091201 Firefox/3.5.6 (.NET CLR 2.0.50727; .NET CLR 3.0.4506.2152; .NET CLR 3.5.30729)"
157.55.33.18 - - [11/Feb/2013:19:12:14 +0100] "GET /robots.txt HTTP/1.1" 200 177 "-" "Mozilla/5.0 (compatible; bingbot/2.0; +http://www.bing.com/bingbot.htm)"
157.55.33.18 - - [11/Feb/2013:19:14:01 +0100] "GET /images/ HTTP/1.1" 404 - "-" "Mozilla/5.0 (compatible; bingbot/2.0; +http://www.bing.com/bingbot.htm)"
81.30.151.218 - - [11/Feb/2013:19:21:20 +0100] "GET /robots.txt HTTP/1.1" 200 177 "-" "Pixray-Seeker/2.0 (Pixray-Seeker; +http://www.pixray.com/pixraybot; +crawler@pixray.com)"
81.30.151.218 - - [11/Feb/2013:19:21:20 +0100] "GET /news.php?cs_go=archiv&cs_id=2581&cs_search= HTTP/1.1" 200 7887 "-" "Pixray-Seeker/2.0 (Pixray-Seeker; +http://www.pixray.com/pixraybot; +crawler@pixray.com)"
66.249.78.46 - - [11/Feb/2013:19:23:28 +0100] "GET /news.php?cs_go=archiv&cs_id=3773 HTTP/1.1" 200 9884 "-" "Mozilla/5.0 (compatible; Googlebot/2.1; +http://www.google.com/bot.html)"
141.8.147.1 - - [11/Feb/2013:19:36:44 +0100] "GET /news.php?cs_go=archiv&cs_id=3492&cs_search= HTTP/1.1" 200 13273 "-" "Mozilla/5.0 (compatible; YandexBot/3.0; +http://yandex.com/bots)"
82.94.176.164 - - [11/Feb/2013:19:47:48 +0100] "GET /jobs.php HTTP/1.1" 200 10090 "-" "Mozilla/4.0 (compatible; MSIE 5.5; Windows NT)"
141.8.147.1 - - [11/Feb/2013:20:24:25 +0100] "GET /news.php?cs_go=archiv&cs_startpos=500 HTTP/1.1" 200 8125 "-" "Mozilla/5.0 (compatible; YandexBot/3.0; +http://yandex.com/bots)"
84.254.32.5 - - [11/Feb/2013:20:26:09 +0100] "POST /news.php?cs_go=archiv'&cs_id=3858' HTTP/1.1" 200 12474 "-" "-"
66.249.76.46 - - [11/Feb/2013:20:40:09 +0100] "GET /news.php?cs_go=archiv&cs_id=3769 HTTP/1.1" 200 10256 "-" "Mozilla/5.0 (compatible; Googlebot/2.1; +http://www.google.com/bot.html)"
208.115.111.75 - - [11/Feb/2013:20:42:21 +0100] "GET /lexikon.php HTTP/1.1" 200 10523 "-" "Mozilla/5.0 (compatible; Ezooms/1.0; ezooms.bot@gmail.com)"
208.115.113.91 - - [11/Feb/2013:20:46:10 +0100] "GET /robots.txt HTTP/1.1" 200 177 "-" "Mozilla/5.0 (compatible; Ezooms/1.0; ezooms.bot@gmail.com)"
81.30.151.218 - - [11/Feb/2013:20:49:16 +0100] "GET /news.php?cs_go=archiv&cs_id=3401&cs_search= HTTP/1.1" 200 13324 "-" "Pixray-Seeker/2.0 (Pixray-Seeker; +http://www.pixray.com/pixraybot; +crawler@pixray.com)"
81.30.151.218 - - [11/Feb/2013:20:58:37 +0100] "GET /news.php?cs_go=archiv&cs_startpos=550 HTTP/1.1" 200 8125 "-" "Pixray-Seeker/2.0 (Pixray-Seeker; +http://www.pixray.com/pixraybot; +crawler@pixray.com)"
87.151.74.248 - - [11/Feb/2013:21:09:46 +0100] "GET /news.php?cs_go=archiv&cs_id=3915 HTTP/1.1" 200 10203 "-" "Mozilla/5.0 (Windows; U; Windows NT 5.1; en-US; rv:1.9.1) Gecko/20090624 Firefox/3.5"
46.223.250.66 - - [11/Feb/2013:21:11:05 +0100] "GET /news.php?cs_go=archiv&cs_id=3925 HTTP/1.1" 200 10052 "-" "Mozilla/5.0 (Windows; U; Windows NT 5.1; en-US; rv:1.9.1) Gecko/20090624 Firefox/3.5"
141.8.147.1 - - [11/Feb/2013:21:25:13 +0100] "GET /news.php?cs_go=archiv&cs_id=3894 HTTP/1.1" 200 9787 "-" "Mozilla/5.0 (compatible; YandexBot/3.0; +http://yandex.com/bots)"
5.135.125.180 - - [11/Feb/2013:21:31:31 +0100] "GET / HTTP/1.1" 200 15410 "-" "Mozilla/5.0 (Windows; I; Windows NT 5.1; en; rv:1.9.2.13) Gecko/20100101 Firefox/5.0.1"
5.135.125.180 - - [11/Feb/2013:21:31:34 +0100] "GET /newsletter.php HTTP/1.1" 200 8928 "-" "Mozilla/5.0 (Windows NT 5.1; U; en-US; rv:1.9.1.6) Gecko/20091201 Firefox/3.5.6 Opera 10.70"
5.135.125.180 - - [11/Feb/2013:21:31:35 +0100] "GET ./images/RAL_Guetezeichen_Energiehandel.pdf HTTP/1.1" 404 - "-" "Mozilla/5.0 (X11; Linux x86_64) AppleWebKit/535.11 (KHTML, like Gecko) Chrome/17.0.963.12 Safari/535.11"
5.135.125.180 - - [11/Feb/2013:21:31:36 +0100] "GET /kontakt.php HTTP/1.1" 200 9198 "-" "Opera/9.80 (Macintosh; Intel Mac OS X 10.6.8; U; en) Presto/2.9.168 Version/11.52"
81.30.151.218 - - [11/Feb/2013:21:38:49 +0100] "GET /news.php?cs_go=archiv&cs_id=2975&cs_search= HTTP/1.1" 200 9860 "-" "Pixray-Seeker/2.0 (Pixray-Seeker; +http://www.pixray.com/pixraybot; +crawler@pixray.com)"
81.30.151.218 - - [11/Feb/2013:21:39:55 +0100] "GET /news.php?cs_go=archiv&cs_id=1751&cs_search= HTTP/1.1" 200 7887 "-" "Pixray-Seeker/2.0 (Pixray-Seeker; +http://www.pixray.com/pixraybot; +crawler@pixray.com)"
65.36.241.79 - - [11/Feb/2013:21:43:16 +0100] "HEAD / HTTP/1.1" 200 - "-" "InternetSeer.com"
173.199.114.131 - - [11/Feb/2013:22:15:31 +0100] "GET /lexikon.php?cs_go=3&cs_id=177 HTTP/1.1" 200 7984 "-" "Mozilla/5.0 (compatible; AhrefsBot/4.0; +http://ahrefs.com/robot/)"
87.143.243.96 - - [11/Feb/2013:22:16:16 +0100] "GET / HTTP/1.1" 200 15410 "http://adresse.gelbeseiten.de/1056511363/mink/berlin/mariendorf" "Mozilla/5.0 (Windows NT 6.0; rv:18.0) Gecko/20100101 Firefox/18.0"
87.143.243.96 - - [11/Feb/2013:22:16:17 +0100] "GET /style.css HTTP/1.1" 200 8418 "http://www.mink-gmbh.de/" "Mozilla/5.0 (Windows NT 6.0; rv:18.0) Gecko/20100101 Firefox/18.0"
87.143.243.96 - - [11/Feb/2013:22:16:17 +0100] "GET /js_contentserver24_greybox/gb_scripts.js HTTP/1.1" 200 11913 "http://www.mink-gmbh.de/" "Mozilla/5.0 (Windows NT 6.0; rv:18.0) Gecko/20100101 Firefox/18.0"
87.143.243.96 - - [11/Feb/2013:22:16:17 +0100] "GET /js_contentserver24_greybox/AJS_fx.js HTTP/1.1" 200 3192 "http://www.mink-gmbh.de/" "Mozilla/5.0 (Windows NT 6.0; rv:18.0) Gecko/20100101 Firefox/18.0"
87.143.243.96 - - [11/Feb/2013:22:16:17 +0100] "GET /js_contentserver24_greybox/gb_styles.css HTTP/1.1" 200 2302 "http://www.mink-gmbh.de/" "Mozilla/5.0 (Windows NT 6.0; rv:18.0) Gecko/20100101 Firefox/18.0"
87.143.243.96 - - [11/Feb/2013:22:16:17 +0100] "GET /js_contentserver24_greybox/AJS.js HTTP/1.1" 200 10396 "http://www.mink-gmbh.de/" "Mozilla/5.0 (Windows NT 6.0; rv:18.0) Gecko/20100101 Firefox/18.0"
87.143.243.96 - - [11/Feb/2013:22:16:17 +0100] "GET /images/mail.jpg HTTP/1.1" 200 11165 "http://www.mink-gmbh.de/" "Mozilla/5.0 (Windows NT 6.0; rv:18.0) Gecko/20100101 Firefox/18.0"
87.143.243.96 - - [11/Feb/2013:22:16:17 +0100] "GET /images/tkw.jpg HTTP/1.1" 200 64031 "http://www.mink-gmbh.de/" "Mozilla/5.0 (Windows NT 6.0; rv:18.0) Gecko/20100101 Firefox/18.0"
87.143.243.96 - - [11/Feb/2013:22:16:17 +0100] "GET /modul.css HTTP/1.1" 200 35038 "http://www.mink-gmbh.de/" "Mozilla/5.0 (Windows NT 6.0; rv:18.0) Gecko/20100101 Firefox/18.0"
87.143.243.96 - - [11/Feb/2013:22:16:17 +0100] "GET /images/kwk.gif HTTP/1.1" 200 6403 "http://www.mink-gmbh.de/" "Mozilla/5.0 (Windows NT 6.0; rv:18.0) Gecko/20100101 Firefox/18.0"
87.143.243.96 - - [11/Feb/2013:22:16:17 +0100] "GET /images/freecall.jpg HTTP/1.1" 200 39195 "http://www.mink-gmbh.de/" "Mozilla/5.0 (Windows NT 6.0; rv:18.0) Gecko/20100101 Firefox/18.0"
87.143.243.96 - - [11/Feb/2013:22:16:17 +0100] "GET /images/wunschpreis.jpg HTTP/1.1" 200 16767 "http://www.mink-gmbh.de/" "Mozilla/5.0 (Windows NT 6.0; rv:18.0) Gecko/20100101 Firefox/18.0"
87.143.243.96 - - [11/Feb/2013:22:16:17 +0100] "GET /images/logos.jpg HTTP/1.1" 200 15002 "http://www.mink-gmbh.de/" "Mozilla/5.0 (Windows NT 6.0; rv:18.0) Gecko/20100101 Firefox/18.0"
87.143.243.96 - - [11/Feb/2013:22:16:17 +0100] "GET /favicon.ico HTTP/1.1" 200 3638 "-" "Mozilla/5.0 (Windows NT 6.0; rv:18.0) Gecko/20100101 Firefox/18.0"
87.143.243.96 - - [11/Feb/2013:22:16:17 +0100] "GET /images/bg.jpg HTTP/1.1" 200 345 "http://www.mink-gmbh.de/style.css" "Mozilla/5.0 (Windows NT 6.0; rv:18.0) Gecko/20100101 Firefox/18.0"
87.143.243.96 - - [11/Feb/2013:22:16:17 +0100] "GET /js_contentserver24_greybox/w_close.gif HTTP/1.1" 200 74 "http://www.mink-gmbh.de/" "Mozilla/5.0 (Windows NT 6.0; rv:18.0) Gecko/20100101 Firefox/18.0"
87.143.243.96 - - [11/Feb/2013:22:16:17 +0100] "GET /images/newsletter.png HTTP/1.1" 200 14619 "http://www.mink-gmbh.de/style.css" "Mozilla/5.0 (Windows NT 6.0; rv:18.0) Gecko/20100101 Firefox/18.0"
87.143.243.96 - - [11/Feb/2013:22:16:17 +0100] "GET /images/navibg.png HTTP/1.1" 200 2803 "http://www.mink-gmbh.de/style.css" "Mozilla/5.0 (Windows NT 6.0; rv:18.0) Gecko/20100101 Firefox/18.0"
87.143.243.96 - - [11/Feb/2013:22:16:18 +0100] "GET /images/close.png HTTP/1.1" 200 703 "http://www.mink-gmbh.de/" "Mozilla/5.0 (Windows NT 6.0; rv:18.0) Gecko/20100101 Firefox/18.0"
87.143.243.96 - - [11/Feb/2013:22:16:18 +0100] "GET /images/steigend.png HTTP/1.1" 200 688 "http://www.mink-gmbh.de/modul.css" "Mozilla/5.0 (Windows NT 6.0; rv:18.0) Gecko/20100101 Firefox/18.0"
87.143.243.96 - - [11/Feb/2013:22:16:18 +0100] "GET /images/fallend.png HTTP/1.1" 200 713 "http://www.mink-gmbh.de/modul.css" "Mozilla/5.0 (Windows NT 6.0; rv:18.0) Gecko/20100101 Firefox/18.0"
87.143.243.96 - - [11/Feb/2013:22:16:18 +0100] "GET /images/mobil.jpg HTTP/1.1" 200 25293 "http://www.mink-gmbh.de/style.css" "Mozilla/5.0 (Windows NT 6.0; rv:18.0) Gecko/20100101 Firefox/18.0"
87.143.243.96 - - [11/Feb/2013:22:16:18 +0100] "GET /images/newsletter.jpg HTTP/1.1" 200 13130 "http://www.mink-gmbh.de/style.css" "Mozilla/5.0 (Windows NT 6.0; rv:18.0) Gecko/20100101 Firefox/18.0"
87.143.243.96 - - [11/Feb/2013:22:16:18 +0100] "GET /images/newsletter_bg.jpg HTTP/1.1" 200 33610 "http://www.mink-gmbh.de/" "Mozilla/5.0 (Windows NT 6.0; rv:18.0) Gecko/20100101 Firefox/18.0"
87.143.243.96 - - [11/Feb/2013:22:16:17 +0100] "GET /images/wrapperbg.jpg HTTP/1.1" 200 27465 "http://www.mink-gmbh.de/style.css" "Mozilla/5.0 (Windows NT 6.0; rv:18.0) Gecko/20100101 Firefox/18.0"
87.143.243.96 - - [11/Feb/2013:22:16:18 +0100] "GET /images/footerbg.jpg HTTP/1.1" 200 2184 "http://www.mink-gmbh.de/style.css" "Mozilla/5.0 (Windows NT 6.0; rv:18.0) Gecko/20100101 Firefox/18.0"
87.143.243.96 - - [11/Feb/2013:22:16:18 +0100] "GET /images/header.jpg HTTP/1.1" 200 24413 "http://www.mink-gmbh.de/style.css" "Mozilla/5.0 (Windows NT 6.0; rv:18.0) Gecko/20100101 Firefox/18.0"
87.143.243.96 - - [11/Feb/2013:22:16:18 +0100] "GET /js_contentserver24_greybox/header_bg.gif HTTP/1.1" 200 1188 "http://www.mink-gmbh.de/" "Mozilla/5.0 (Windows NT 6.0; rv:18.0) Gecko/20100101 Firefox/18.0"
87.143.243.96 - - [11/Feb/2013:22:16:18 +0100] "GET /js_contentserver24_greybox/loader_frame.html?s=0 HTTP/1.1" 200 2084 "http://www.mink-gmbh.de/" "Mozilla/5.0 (Windows NT 6.0; rv:18.0) Gecko/20100101 Firefox/18.0"
87.143.243.96 - - [11/Feb/2013:22:16:18 +0100] "GET /js_contentserver24_greybox/indicator.gif HTTP/1.1" 200 8238 "http://www.mink-gmbh.de/js_contentserver24_greybox/loader_frame.html?s=0" "Mozilla/5.0 (Windows NT 6.0; rv:18.0) Gecko/20100101 Firefox/18.0"
87.143.243.96 - - [11/Feb/2013:22:16:18 +0100] "GET /js_contentserver24_greybox/g_close.gif HTTP/1.1" 200 541 "http://www.mink-gmbh.de/" "Mozilla/5.0 (Windows NT 6.0; rv:18.0) Gecko/20100101 Firefox/18.0"
87.143.243.96 - - [11/Feb/2013:22:16:24 +0100] "GET /jobs.php HTTP/1.1" 200 10003 "http://www.mink-gmbh.de/" "Mozilla/5.0 (Windows NT 6.0; rv:18.0) Gecko/20100101 Firefox/18.0"
81.30.151.218 - - [11/Feb/2013:22:25:57 +0100] "GET /news.php?cs_go=archiv&cs_id=2810&cs_search= HTTP/1.1" 200 12687 "-" "Pixray-Seeker/2.0 (Pixray-Seeker; +http://www.pixray.com/pixraybot; +crawler@pixray.com)"
84.60.168.95 - - [11/Feb/2013:22:32:59 +0100] "GET / HTTP/1.1" 200 15410 "http://www.google.de/url?sa=t&rct=j&q=&esrc=s&source=web&cd=5&ved=0CFAQFjAE&url=http%3A%2F%2Fwww.mink-gmbh.de%2F&ei=AWMZUc2HFbD44QTpn4GIBQ&usg=AFQjCNFHX4Iglls9oo-KYXTmDUV_5KOVIg&bvm=bv.42080656,d.bGE" "Mozilla/5.0 (Windows NT 6.1; WOW64; rv:18.0) Gecko/20100101 Firefox/18.0"
84.60.168.95 - - [11/Feb/2013:22:33:00 +0100] "GET /style.css HTTP/1.1" 200 8418 "http://www.mink-gmbh.de/" "Mozilla/5.0 (Windows NT 6.1; WOW64; rv:18.0) Gecko/20100101 Firefox/18.0"
84.60.168.95 - - [11/Feb/2013:22:33:00 +0100] "GET /js_contentserver24_greybox/gb_styles.css HTTP/1.1" 200 2302 "http://www.mink-gmbh.de/" "Mozilla/5.0 (Windows NT 6.1; WOW64; rv:18.0) Gecko/20100101 Firefox/18.0"
84.60.168.95 - - [11/Feb/2013:22:33:00 +0100] "GET /js_contentserver24_greybox/AJS.js HTTP/1.1" 200 10396 "http://www.mink-gmbh.de/" "Mozilla/5.0 (Windows NT 6.1; WOW64; rv:18.0) Gecko/20100101 Firefox/18.0"
84.60.168.95 - - [11/Feb/2013:22:33:00 +0100] "GET /js_contentserver24_greybox/AJS_fx.js HTTP/1.1" 200 3192 "http://www.mink-gmbh.de/" "Mozilla/5.0 (Windows NT 6.1; WOW64; rv:18.0) Gecko/20100101 Firefox/18.0"
84.60.168.95 - - [11/Feb/2013:22:33:00 +0100] "GET /js_contentserver24_greybox/gb_scripts.js HTTP/1.1" 200 11913 "http://www.mink-gmbh.de/" "Mozilla/5.0 (Windows NT 6.1; WOW64; rv:18.0) Gecko/20100101 Firefox/18.0"
84.60.168.95 - - [11/Feb/2013:22:33:01 +0100] "GET /images/mail.jpg HTTP/1.1" 200 11165 "http://www.mink-gmbh.de/" "Mozilla/5.0 (Windows NT 6.1; WOW64; rv:18.0) Gecko/20100101 Firefox/18.0"
84.60.168.95 - - [11/Feb/2013:22:33:01 +0100] "GET /images/tkw.jpg HTTP/1.1" 200 64031 "http://www.mink-gmbh.de/" "Mozilla/5.0 (Windows NT 6.1; WOW64; rv:18.0) Gecko/20100101 Firefox/18.0"
84.60.168.95 - - [11/Feb/2013:22:33:01 +0100] "GET /images/kwk.gif HTTP/1.1" 200 6403 "http://www.mink-gmbh.de/" "Mozilla/5.0 (Windows NT 6.1; WOW64; rv:18.0) Gecko/20100101 Firefox/18.0"
84.60.168.95 - - [11/Feb/2013:22:33:02 +0100] "GET /images/wunschpreis.jpg HTTP/1.1" 200 16767 "http://www.mink-gmbh.de/" "Mozilla/5.0 (Windows NT 6.1; WOW64; rv:18.0) Gecko/20100101 Firefox/18.0"
84.60.168.95 - - [11/Feb/2013:22:33:02 +0100] "GET /images/logos.jpg HTTP/1.1" 200 15002 "http://www.mink-gmbh.de/" "Mozilla/5.0 (Windows NT 6.1; WOW64; rv:18.0) Gecko/20100101 Firefox/18.0"
84.60.168.95 - - [11/Feb/2013:22:33:00 +0100] "GET /modul.css HTTP/1.1" 200 35038 "http://www.mink-gmbh.de/" "Mozilla/5.0 (Windows NT 6.1; WOW64; rv:18.0) Gecko/20100101 Firefox/18.0"
84.60.168.95 - - [11/Feb/2013:22:33:02 +0100] "GET /favicon.ico HTTP/1.1" 200 3638 "-" "Mozilla/5.0 (Windows NT 6.1; WOW64; rv:18.0) Gecko/20100101 Firefox/18.0"
84.60.168.95 - - [11/Feb/2013:22:33:01 +0100] "GET /images/freecall.jpg HTTP/1.1" 200 39195 "http://www.mink-gmbh.de/" "Mozilla/5.0 (Windows NT 6.1; WOW64; rv:18.0) Gecko/20100101 Firefox/18.0"
84.60.168.95 - - [11/Feb/2013:22:33:03 +0100] "GET /images/bg.jpg HTTP/1.1" 200 345 "http://www.mink-gmbh.de/style.css" "Mozilla/5.0 (Windows NT 6.1; WOW64; rv:18.0) Gecko/20100101 Firefox/18.0"
84.60.168.95 - - [11/Feb/2013:22:33:03 +0100] "GET /js_contentserver24_greybox/w_close.gif HTTP/1.1" 200 74 "http://www.mink-gmbh.de/" "Mozilla/5.0 (Windows NT 6.1; WOW64; rv:18.0) Gecko/20100101 Firefox/18.0"
84.60.168.95 - - [11/Feb/2013:22:33:03 +0100] "GET /images/newsletter_bg.jpg HTTP/1.1" 200 33610 "http://www.mink-gmbh.de/" "Mozilla/5.0 (Windows NT 6.1; WOW64; rv:18.0) Gecko/20100101 Firefox/18.0"
84.60.168.95 - - [11/Feb/2013:22:33:03 +0100] "GET /images/wrapperbg.jpg HTTP/1.1" 200 27465 "http://www.mink-gmbh.de/style.css" "Mozilla/5.0 (Windows NT 6.1; WOW64; rv:18.0) Gecko/20100101 Firefox/18.0"
84.60.168.95 - - [11/Feb/2013:22:33:04 +0100] "GET /images/header.jpg HTTP/1.1" 200 24413 "http://www.mink-gmbh.de/style.css" "Mozilla/5.0 (Windows NT 6.1; WOW64; rv:18.0) Gecko/20100101 Firefox/18.0"
84.60.168.95 - - [11/Feb/2013:22:33:04 +0100] "GET /images/close.png HTTP/1.1" 200 703 "http://www.mink-gmbh.de/" "Mozilla/5.0 (Windows NT 6.1; WOW64; rv:18.0) Gecko/20100101 Firefox/18.0"
84.60.168.95 - - [11/Feb/2013:22:33:04 +0100] "GET /images/newsletter.png HTTP/1.1" 200 14619 "http://www.mink-gmbh.de/style.css" "Mozilla/5.0 (Windows NT 6.1; WOW64; rv:18.0) Gecko/20100101 Firefox/18.0"
84.60.168.95 - - [11/Feb/2013:22:33:04 +0100] "GET /images/navibg.png HTTP/1.1" 200 2803 "http://www.mink-gmbh.de/style.css" "Mozilla/5.0 (Windows NT 6.1; WOW64; rv:18.0) Gecko/20100101 Firefox/18.0"
84.60.168.95 - - [11/Feb/2013:22:33:04 +0100] "GET /images/steigend.png HTTP/1.1" 200 688 "http://www.mink-gmbh.de/modul.css" "Mozilla/5.0 (Windows NT 6.1; WOW64; rv:18.0) Gecko/20100101 Firefox/18.0"
84.60.168.95 - - [11/Feb/2013:22:33:04 +0100] "GET /images/fallend.png HTTP/1.1" 200 713 "http://www.mink-gmbh.de/modul.css" "Mozilla/5.0 (Windows NT 6.1; WOW64; rv:18.0) Gecko/20100101 Firefox/18.0"
84.60.168.95 - - [11/Feb/2013:22:33:04 +0100] "GET /images/mobil.jpg HTTP/1.1" 200 25293 "http://www.mink-gmbh.de/style.css" "Mozilla/5.0 (Windows NT 6.1; WOW64; rv:18.0) Gecko/20100101 Firefox/18.0"
84.60.168.95 - - [11/Feb/2013:22:33:04 +0100] "GET /images/newsletter.jpg HTTP/1.1" 200 13130 "http://www.mink-gmbh.de/style.css" "Mozilla/5.0 (Windows NT 6.1; WOW64; rv:18.0) Gecko/20100101 Firefox/18.0"
84.60.168.95 - - [11/Feb/2013:22:33:04 +0100] "GET /images/footerbg.jpg HTTP/1.1" 200 2184 "http://www.mink-gmbh.de/style.css" "Mozilla/5.0 (Windows NT 6.1; WOW64; rv:18.0) Gecko/20100101 Firefox/18.0"
84.60.168.95 - - [11/Feb/2013:22:33:04 +0100] "GET /js_contentserver24_greybox/loader_frame.html?s=0 HTTP/1.1" 200 2084 "http://www.mink-gmbh.de/" "Mozilla/5.0 (Windows NT 6.1; WOW64; rv:18.0) Gecko/20100101 Firefox/18.0"
84.60.168.95 - - [11/Feb/2013:22:33:04 +0100] "GET /js_contentserver24_greybox/header_bg.gif HTTP/1.1" 200 1188 "http://www.mink-gmbh.de/" "Mozilla/5.0 (Windows NT 6.1; WOW64; rv:18.0) Gecko/20100101 Firefox/18.0"
84.60.168.95 - - [11/Feb/2013:22:33:05 +0100] "GET /js_contentserver24_greybox/indicator.gif HTTP/1.1" 200 8238 "http://www.mink-gmbh.de/js_contentserver24_greybox/loader_frame.html?s=0" "Mozilla/5.0 (Windows NT 6.1; WOW64; rv:18.0) Gecko/20100101 Firefox/18.0"
84.60.168.95 - - [11/Feb/2013:22:33:06 +0100] "GET /js_contentserver24_greybox/g_close.gif HTTP/1.1" 200 541 "http://www.mink-gmbh.de/" "Mozilla/5.0 (Windows NT 6.1; WOW64; rv:18.0) Gecko/20100101 Firefox/18.0"
173.199.114.131 - - [11/Feb/2013:22:36:35 +0100] "GET /lexikon.php?cs_go=3&cs_id=87 HTTP/1.1" 200 8341 "-" "Mozilla/5.0 (compatible; AhrefsBot/4.0; +http://ahrefs.com/robot/)"
141.8.147.1 - - [11/Feb/2013:22:36:39 +0100] "GET /news.php?cs_go=archiv&cs_startpos=640 HTTP/1.1" 200 8125 "-" "Mozilla/5.0 (compatible; YandexBot/3.0; +http://yandex.com/bots)"
173.199.114.131 - - [11/Feb/2013:22:36:46 +0100] "GET /lexikon.php?cs_go=3&cs_id=210 HTTP/1.1" 200 9541 "-" "Mozilla/5.0 (compatible; AhrefsBot/4.0; +http://ahrefs.com/robot/)"
173.199.114.131 - - [11/Feb/2013:22:37:14 +0100] "GET /lexikon.php?cs_go=3&cs_id=86 HTTP/1.1" 200 8253 "-" "Mozilla/5.0 (compatible; AhrefsBot/4.0; +http://ahrefs.com/robot/)"
173.199.114.131 - - [11/Feb/2013:22:37:58 +0100] "GET /lexikon.php?cs_go=3&cs_id=149 HTTP/1.1" 200 9729 "-" "Mozilla/5.0 (compatible; AhrefsBot/4.0; +http://ahrefs.com/robot/)"
208.115.113.91 - - [11/Feb/2013:22:45:25 +0100] "GET /news.php?cs_go=archiv&cs_id=3828&cs_search= HTTP/1.1" 200 10056 "-" "Mozilla/5.0 (compatible; Ezooms/1.0; ezooms.bot@gmail.com)"
208.115.113.91 - - [11/Feb/2013:22:45:30 +0100] "GET /news.php?cs_go=archiv&cs_id=3835&cs_search= HTTP/1.1" 200 13584 "-" "Mozilla/5.0 (compatible; Ezooms/1.0; ezooms.bot@gmail.com)"
208.115.113.91 - - [11/Feb/2013:22:45:35 +0100] "GET /news.php?cs_go=archiv&cs_startpos=10 HTTP/1.1" 200 22578 "-" "Mozilla/5.0 (compatible; Ezooms/1.0; ezooms.bot@gmail.com)"
130.83.167.153 - - [11/Feb/2013:22:48:03 +0100] "GET /news.php?cs_go=archiv&cs_id=3812&cs_search= HTTP/1.1" 200 6992 "-" "findlinks/2.6 (+http://wortschatz.uni-leipzig.de/findlinks/)"
130.83.167.153 - - [11/Feb/2013:22:48:03 +0100] "GET /news.php?cs_go=archiv&cs_id=3812&cs_search= HTTP/1.1" 200 13276 "-" "findlinks/2.6 (+http://wortschatz.uni-leipzig.de/findlinks/)"
173.199.114.131 - - [11/Feb/2013:22:54:28 +0100] "GET /lexikon.php?cs_go=3&cs_id=166 HTTP/1.1" 200 9191 "-" "Mozilla/5.0 (compatible; AhrefsBot/4.0; +http://ahrefs.com/robot/)"
81.30.151.218 - - [11/Feb/2013:23:02:02 +0100] "GET /news.php?cs_go=archiv&cs_id=2502&cs_search= HTTP/1.1" 200 7887 "-" "Pixray-Seeker/2.0 (Pixray-Seeker; +http://www.pixray.com/pixraybot; +crawler@pixray.com)"
180.76.6.231 - - [11/Feb/2013:23:28:31 +0100] "GET /robots.txt HTTP/1.1" 200 177 "-" "Mozilla/5.0 (Windows NT 5.1; rv:6.0.2) Gecko/20100101 Firefox/6.0.2"
141.8.147.1 - - [11/Feb/2013:23:29:58 +0100] "GET /news.php?cs_go=archiv&cs_startpos=700 HTTP/1.1" 200 8125 "-" "Mozilla/5.0 (compatible; YandexBot/3.0; +http://yandex.com/bots)"
173.199.114.131 - - [11/Feb/2013:23:36:23 +0100] "GET /lexikon.php?cs_go=3&cs_id=228 HTTP/1.1" 200 9244 "-" "Mozilla/5.0 (compatible; AhrefsBot/4.0; +http://ahrefs.com/robot/)"
81.30.151.218 - - [12/Feb/2013:00:06:48 +0100] "GET /news.php?cs_go=archiv&cs_id=1721&cs_search= HTTP/1.1" 200 7887 "-" "Pixray-Seeker/2.0 (Pixray-Seeker; +http://www.pixray.com/pixraybot; +crawler@pixray.com)"
173.199.114.131 - - [12/Feb/2013:00:08:16 +0100] "GET /lexikon.php?cs_go=3&cs_id=25 HTTP/1.1" 200 8404 "-" "Mozilla/5.0 (compatible; AhrefsBot/4.0; +http://ahrefs.com/robot/)"
141.8.147.1 - - [12/Feb/2013:00:18:11 +0100] "GET /news.php?cs_go=archiv&cs_id=3639&cs_search= HTTP/1.1" 200 13649 "-" "Mozilla/5.0 (compatible; YandexBot/3.0; +http://yandex.com/bots)"
81.30.151.218 - - [12/Feb/2013:00:28:12 +0100] "GET /news.php?cs_go=archiv&cs_id=1688&cs_search= HTTP/1.1" 200 7887 "-" "Pixray-Seeker/2.0 (Pixray-Seeker; +http://www.pixray.com/pixraybot; +crawler@pixray.com)"
77.20.155.143 - - [12/Feb/2013:00:32:54 +0100] "GET /news.php?cs_go=archiv&cs_id=3744&cs_search= HTTP/1.1" 200 6992 "-" "findlinks/2.0.2 (+http://wortschatz.uni-leipzig.de/findlinks/)"
77.20.155.143 - - [12/Feb/2013:00:32:54 +0100] "GET /news.php?cs_go=archiv&cs_id=3744&cs_search= HTTP/1.1" 200 12110 "-" "findlinks/2.0.2 (+http://wortschatz.uni-leipzig.de/findlinks/)"
208.115.113.91 - - [12/Feb/2013:00:42:20 +0100] "GET /robots.txt HTTP/1.1" 200 177 "-" "Mozilla/5.0 (compatible; Ezooms/1.0; ezooms.bot@gmail.com)"
173.199.114.131 - - [12/Feb/2013:00:47:23 +0100] "GET /lexikon.php?cs_go=3&cs_id=80 HTTP/1.1" 200 8403 "-" "Mozilla/5.0 (compatible; AhrefsBot/4.0; +http://ahrefs.com/robot/)"
173.199.114.131 - - [12/Feb/2013:01:01:20 +0100] "GET / HTTP/1.1" 200 15410 "-" "Mozilla/5.0 (compatible; AhrefsBot/4.0; +http://ahrefs.com/robot/)"
141.8.147.1 - - [12/Feb/2013:01:10:00 +0100] "GET /news.php?cs_go=archiv&cs_id=3618&cs_search= HTTP/1.1" 200 12341 "-" "Mozilla/5.0 (compatible; YandexBot/3.0; +http://yandex.com/bots)"
81.30.151.218 - - [12/Feb/2013:01:18:42 +0100] "GET /news.php?cs_go=archiv&cs_id=3173 HTTP/1.1" 200 9838 "-" "Pixray-Seeker/2.0 (Pixray-Seeker; +http://www.pixray.com/pixraybot; +crawler@pixray.com)"
66.249.78.46 - - [12/Feb/2013:01:25:07 +0100] "GET /news.php?cs_go=archiv&cs_id=3755 HTTP/1.1" 200 13072 "-" "Mozilla/5.0 (compatible; Googlebot/2.1; +http://www.google.com/bot.html)"
66.249.76.46 - - [12/Feb/2013:01:31:22 +0100] "GET /news.php?cs_go=archiv&cs_startpos=230 HTTP/1.1" 200 8585 "-" "Mozilla/5.0 (compatible; Googlebot/2.1; +http://www.google.com/bot.html)"
66.249.76.46 - - [12/Feb/2013:01:32:10 +0100] "GET /news.php HTTP/1.1" 200 22377 "-" "SAMSUNG-SGH-E250/1.0 Profile/MIDP-2.0 Configuration/CLDC-1.1 UP.Browser/6.2.3.3.c.1.101 (GUI) MMP/2.0 (compatible; Googlebot-Mobile/2.1; +http://www.google.com/bot.html)"
173.199.114.131 - - [12/Feb/2013:01:41:50 +0100] "GET /lexikon.php?cs_go=3&cs_id=31 HTTP/1.1" 200 8002 "-" "Mozilla/5.0 (compatible; AhrefsBot/4.0; +http://ahrefs.com/robot/)"
66.249.76.46 - - [12/Feb/2013:01:50:13 +0100] "GET /news.php?cs_go=archiv&cs_id=3110 HTTP/1.1" 200 13463 "-" "Mozilla/5.0 (compatible; Googlebot/2.1; +http://www.google.com/bot.html)"
81.30.151.218 - - [12/Feb/2013:02:00:09 +0100] "GET /news.php?cs_go=archiv&cs_id=2955&cs_search= HTTP/1.1" 200 9863 "-" "Pixray-Seeker/2.0 (Pixray-Seeker; +http://www.pixray.com/pixraybot; +crawler@pixray.com)"
141.8.147.1 - - [12/Feb/2013:02:06:23 +0100] "GET /robots.txt HTTP/1.1" 200 177 "-" "Mozilla/5.0 (compatible; YandexBot/3.0; +http://yandex.com/bots)"
173.199.114.131 - - [12/Feb/2013:02:07:06 +0100] "GET /news.php?cs_go=archiv&cs_startpos=0 HTTP/1.1" 200 22377 "-" "Mozilla/5.0 (compatible; AhrefsBot/4.0; +http://ahrefs.com/robot/)"
141.8.147.1 - - [12/Feb/2013:02:11:02 +0100] "GET /news.php?cs_go=archiv&cs_startpos=710 HTTP/1.1" 200 8125 "-" "Mozilla/5.0 (compatible; YandexBot/3.0; +http://yandex.com/bots)"
66.249.76.46 - - [12/Feb/2013:02:36:52 +0100] "GET /news.php?cs_go=archiv&cs_id=3827 HTTP/1.1" 200 12637 "-" "SAMSUNG-SGH-E250/1.0 Profile/MIDP-2.0 Configuration/CLDC-1.1 UP.Browser/6.2.3.3.c.1.101 (GUI) MMP/2.0 (compatible; Googlebot-Mobile/2.1; +http://www.google.com/bot.html)"
208.115.111.75 - - [12/Feb/2013:02:39:36 +0100] "GET /robots.txt HTTP/1.1" 200 177 "-" "Mozilla/5.0 (compatible; Ezooms/1.0; ezooms.bot@gmail.com)"
81.30.151.218 - - [12/Feb/2013:02:40:26 +0100] "GET /news.php?cs_go=archiv&cs_id=1701&cs_search= HTTP/1.1" 200 7887 "-" "Pixray-Seeker/2.0 (Pixray-Seeker; +http://www.pixray.com/pixraybot; +crawler@pixray.com)"
208.115.113.91 - - [12/Feb/2013:02:53:56 +0100] "GET /news.php?cs_go=archiv&cs_id=3886&cs_search= HTTP/1.1" 200 9814 "-" "Mozilla/5.0 (compatible; Ezooms/1.0; ezooms.bot@gmail.com)"
141.8.147.1 - - [12/Feb/2013:02:55:51 +0100] "GET /news.php?cs_go=archiv&cs_startpos=770 HTTP/1.1" 200 8125 "-" "Mozilla/5.0 (compatible; YandexBot/3.0; +http://yandex.com/bots)"
173.199.114.131 - - [12/Feb/2013:03:02:14 +0100] "GET /lexikon.php?cs_go=3&cs_id=132 HTTP/1.1" 200 7986 "-" "Mozilla/5.0 (compatible; AhrefsBot/4.0; +http://ahrefs.com/robot/)"
173.199.114.131 - - [12/Feb/2013:03:08:08 +0100] "GET /modernisierung.php?cs_gp_go=coupon HTTP/1.1" 200 10192 "-" "Mozilla/5.0 (compatible; AhrefsBot/4.0; +http://ahrefs.com/robot/)"
66.249.78.46 - - [12/Feb/2013:03:16:15 +0100] "GET /images/RAL_Guetezeichen_Energiehandel.pdf HTTP/1.1" 304 - "-" "Mozilla/5.0 (compatible; Googlebot/2.1; +http://www.google.com/bot.html)"
173.199.114.131 - - [12/Feb/2013:03:29:08 +0100] "GET /lexikon.php?cs_go=3&cs_id=218 HTTP/1.1" 200 8016 "-" "Mozilla/5.0 (compatible; AhrefsBot/4.0; +http://ahrefs.com/robot/)"
65.36.241.79 - - [12/Feb/2013:03:34:35 +0100] "HEAD / HTTP/1.1" 200 - "-" "InternetSeer.com"
81.30.151.218 - - [12/Feb/2013:03:47:15 +0100] "GET /news.php?cs_go=archiv&cs_id=2806&cs_search= HTTP/1.1" 200 12248 "-" "Pixray-Seeker/2.0 (Pixray-Seeker; +http://www.pixray.com/pixraybot; +crawler@pixray.com)"
141.8.147.1 - - [12/Feb/2013:03:49:20 +0100] "GET /news.php?cs_go=archiv&cs_startpos=760 HTTP/1.1" 200 8125 "-" "Mozilla/5.0 (compatible; YandexBot/3.0; +http://yandex.com/bots)"
81.30.151.218 - - [12/Feb/2013:04:11:04 +0100] "GET /news.php?cs_go=archiv&cs_id=3589&cs_search= HTTP/1.1" 200 13538 "-" "Pixray-Seeker/2.0 (Pixray-Seeker; +http://www.pixray.com/pixraybot; +crawler@pixray.com)"
141.8.147.1 - - [12/Feb/2013:04:25:42 +0100] "GET /news.php?cs_go=archiv&cs_id=2726&cs_search= HTTP/1.1" 200 10273 "-" "Mozilla/5.0 (compatible; YandexBot/3.0; +http://yandex.com/bots)"
173.199.114.131 - - [12/Feb/2013:04:29:18 +0100] "GET /lexikon.php?cs_go=3&cs_id=96 HTTP/1.1" 200 8307 "-" "Mozilla/5.0 (compatible; AhrefsBot/4.0; +http://ahrefs.com/robot/)"
208.115.111.75 - - [12/Feb/2013:04:37:47 +0100] "GET /impressum.php HTTP/1.1" 200 8582 "-" "Mozilla/5.0 (compatible; Ezooms/1.0; ezooms.bot@gmail.com)"
208.115.111.75 - - [12/Feb/2013:04:37:50 +0100] "GET /news.php?cs_go=archiv&cs_startpos=80 HTTP/1.1" 200 22903 "-" "Mozilla/5.0 (compatible; Ezooms/1.0; ezooms.bot@gmail.com)"
173.199.114.131 - - [12/Feb/2013:04:40:37 +0100] "GET /news.php?cs_go=archiv&cs_startpos=70 HTTP/1.1" 200 22800 "-" "Mozilla/5.0 (compatible; AhrefsBot/4.0; +http://ahrefs.com/robot/)"
173.199.114.131 - - [12/Feb/2013:04:43:21 +0100] "GET /news.php?cs_go=archiv&cs_startpos=50 HTTP/1.1" 200 22820 "-" "Mozilla/5.0 (compatible; AhrefsBot/4.0; +http://ahrefs.com/robot/)"
173.199.114.131 - - [12/Feb/2013:04:44:10 +0100] "GET /lexikon.php?cs_go=3&cs_id=141 HTTP/1.1" 200 8876 "-" "Mozilla/5.0 (compatible; AhrefsBot/4.0; +http://ahrefs.com/robot/)"
81.30.151.218 - - [12/Feb/2013:04:44:26 +0100] "GET /news.php?cs_go=archiv&cs_id=3204&cs_search= HTTP/1.1" 200 13481 "-" "Pixray-Seeker/2.0 (Pixray-Seeker; +http://www.pixray.com/pixraybot; +crawler@pixray.com)"
81.30.151.218 - - [12/Feb/2013:04:49:39 +0100] "GET /news.php?cs_go=archiv&cs_id=3156&cs_search= HTTP/1.1" 200 13521 "-" "Pixray-Seeker/2.0 (Pixray-Seeker; +http://www.pixray.com/pixraybot; +crawler@pixray.com)"
173.199.114.131 - - [12/Feb/2013:04:54:57 +0100] "GET /lexikon.php?cs_go=3&cs_id=171 HTTP/1.1" 200 8008 "-" "Mozilla/5.0 (compatible; AhrefsBot/4.0; +http://ahrefs.com/robot/)"
130.83.167.153 - - [12/Feb/2013:05:00:16 +0100] "GET /news.php?cs_go=archiv&cs_startpos=40 HTTP/1.1" 200 7003 "-" "findlinks/2.6 (+http://wortschatz.uni-leipzig.de/findlinks/)"
130.83.167.153 - - [12/Feb/2013:05:00:16 +0100] "GET /news.php?cs_go=archiv&cs_startpos=40 HTTP/1.1" 200 22594 "-" "findlinks/2.6 (+http://wortschatz.uni-leipzig.de/findlinks/)"
173.199.114.131 - - [12/Feb/2013:05:02:44 +0100] "GET /lexikon.php?cs_go=3&cs_id=36 HTTP/1.1" 200 8683 "-" "Mozilla/5.0 (compatible; AhrefsBot/4.0; +http://ahrefs.com/robot/)"
173.199.114.131 - - [12/Feb/2013:05:10:51 +0100] "GET /news.php?cs_go=archiv&cs_startpos=60 HTTP/1.1" 200 22652 "-" "Mozilla/5.0 (compatible; AhrefsBot/4.0; +http://ahrefs.com/robot/)"
141.8.147.1 - - [12/Feb/2013:05:17:28 +0100] "GET /news.php?cs_go=archiv&cs_id=2728&cs_search= HTTP/1.1" 200 11530 "-" "Mozilla/5.0 (compatible; YandexBot/3.0; +http://yandex.com/bots)"
173.199.114.131 - - [12/Feb/2013:05:34:45 +0100] "GET /lexikon.php?cs_go=3&cs_id=38 HTTP/1.1" 200 8135 "-" "Mozilla/5.0 (compatible; AhrefsBot/4.0; +http://ahrefs.com/robot/)"
173.199.114.131 - - [12/Feb/2013:05:43:23 +0100] "GET /lexikon.php?cs_go=3&cs_id=33 HTTP/1.1" 200 8757 "-" "Mozilla/5.0 (compatible; AhrefsBot/4.0; +http://ahrefs.com/robot/)"
81.30.151.218 - - [12/Feb/2013:05:47:05 +0100] "GET /news.php?cs_go=archiv&cs_id=3006&cs_search= HTTP/1.1" 200 11779 "-" "Pixray-Seeker/2.0 (Pixray-Seeker; +http://www.pixray.com/pixraybot; +crawler@pixray.com)"
141.8.147.1 - - [12/Feb/2013:06:08:27 +0100] "GET /news.php?cs_go=archiv&cs_id=2735&cs_search= HTTP/1.1" 200 9795 "-" "Mozilla/5.0 (compatible; YandexBot/3.0; +http://yandex.com/bots)"
83.86.163.216 - - [12/Feb/2013:06:08:45 +0100] "GET /robots.txt HTTP/1.0" 200 177 "-" "Mozilla/5.0 (compatible; MJ12bot/v1.4.3; http://www.majestic12.co.uk/bot.php?+)"
83.86.163.216 - - [12/Feb/2013:06:08:47 +0100] "GET / HTTP/1.1" 200 15410 "-" "Mozilla/5.0 (compatible; MJ12bot/v1.4.3; http://www.majestic12.co.uk/bot.php?+)"
141.8.147.1 - - [12/Feb/2013:06:19:09 +0100] "GET /news.php?cs_go=archiv&cs_id=2729&cs_search= HTTP/1.1" 200 13429 "-" "Mozilla/5.0 (compatible; YandexBot/3.0; +http://yandex.com/bots)"
199.21.99.79 - - [12/Feb/2013:06:19:12 +0100] "GET / HTTP/1.1" 200 15410 "-" "Mozilla/5.0 (compatible; YandexBot/3.0; +http://yandex.com/bots)"
123.125.71.99 - - [12/Feb/2013:06:27:31 +0100] "GET /robots.txt HTTP/1.1" 200 177 "-" "Mozilla/5.0 (Windows NT 5.1; rv:6.0.2) Gecko/20100101 Firefox/6.0.2"
173.199.114.131 - - [12/Feb/2013:06:33:34 +0100] "GET /lexikon.php?cs_go=3&cs_id=156 HTTP/1.1" 200 8721 "-" "Mozilla/5.0 (compatible; AhrefsBot/4.0; +http://ahrefs.com/robot/)"
81.30.151.218 - - [12/Feb/2013:06:42:44 +0100] "GET /news.php?cs_go=archiv&cs_id=2639&cs_search= HTTP/1.1" 200 7887 "-" "Pixray-Seeker/2.0 (Pixray-Seeker; +http://www.pixray.com/pixraybot; +crawler@pixray.com)"
66.249.78.46 - - [12/Feb/2013:06:44:31 +0100] "GET /news.php?cs_go=archiv&cs_id=3744&cs_search= HTTP/1.1" 200 12197 "-" "SAMSUNG-SGH-E250/1.0 Profile/MIDP-2.0 Configuration/CLDC-1.1 UP.Browser/6.2.3.3.c.1.101 (GUI) MMP/2.0 (compatible; Googlebot-Mobile/2.1; +http://www.google.com/bot.html)"
66.249.78.46 - - [12/Feb/2013:07:04:23 +0100] "GET /wunschpreis.php HTTP/1.1" 200 12084 "-" "Mozilla/5.0 (iPhone; U; CPU iPhone OS 4_1 like Mac OS X; en-us) AppleWebKit/532.9 (KHTML, like Gecko) Version/4.0.5 Mobile/8B117 Safari/6531.22.7 (compatible; Googlebot-Mobile/2.1; +http://www.google.com/bot.html)"
173.199.114.131 - - [12/Feb/2013:07:19:35 +0100] "GET /lexikon.php?cs_go=3&cs_id=223 HTTP/1.1" 200 7991 "-" "Mozilla/5.0 (compatible; AhrefsBot/4.0; +http://ahrefs.com/robot/)"
141.8.147.1 - - [12/Feb/2013:07:24:03 +0100] "GET /news.php?cs_go=archiv&cs_startpos=720 HTTP/1.1" 200 8125 "-" "Mozilla/5.0 (compatible; YandexBot/3.0; +http://yandex.com/bots)"
173.45.73.18 - - [12/Feb/2013:07:34:00 +0100] "GET / HTTP/1.1" 200 15399 "-" "Mozilla/5.0 (Windows NT 6.1; rv:16.0) Gecko/20100101 Firefox/16.0"
173.199.114.131 - - [12/Feb/2013:07:40:03 +0100] "GET /lexikon.php?cs_go=3&cs_id=159 HTTP/1.1" 200 9759 "-" "Mozilla/5.0 (compatible; AhrefsBot/4.0; +http://ahrefs.com/robot/)"
173.199.114.131 - - [12/Feb/2013:07:48:44 +0100] "GET /lexikon.php?cs_go=3&cs_id=225 HTTP/1.1" 200 8216 "-" "Mozilla/5.0 (compatible; AhrefsBot/4.0; +http://ahrefs.com/robot/)"
81.30.151.218 - - [12/Feb/2013:08:05:37 +0100] "GET /news.php?cs_go=archiv&cs_id=2533&cs_search= HTTP/1.1" 200 7887 "-" "Pixray-Seeker/2.0 (Pixray-Seeker; +http://www.pixray.com/pixraybot; +crawler@pixray.com)"
81.30.151.218 - - [12/Feb/2013:08:27:03 +0100] "GET /news.php?cs_go=archiv&cs_id=2335&cs_search= HTTP/1.1" 200 7887 "-" "Pixray-Seeker/2.0 (Pixray-Seeker; +http://www.pixray.com/pixraybot; +crawler@pixray.com)"
173.199.114.131 - - [12/Feb/2013:08:28:56 +0100] "GET /lexikon.php?cs_go=3&cs_id=226 HTTP/1.1" 200 8753 "-" "Mozilla/5.0 (compatible; AhrefsBot/4.0; +http://ahrefs.com/robot/)"
173.199.114.131 - - [12/Feb/2013:08:34:33 +0100] "GET /lexikon.php?cs_go=3&cs_id=76 HTTP/1.1" 200 8523 "-" "Mozilla/5.0 (compatible; AhrefsBot/4.0; +http://ahrefs.com/robot/)"
173.242.124.160 - - [12/Feb/2013:08:35:30 +0100] "GET /robots.txt HTTP/1.0" 200 177 "-" "Mozilla/5.0 (compatible; MJ12bot/v1.4.3; http://www.majestic12.co.uk/bot.php?+)"
173.242.124.160 - - [12/Feb/2013:08:35:32 +0100] "GET / HTTP/1.0" 200 15399 "-" "Mozilla/5.0 (compatible; MJ12bot/v1.4.3; http://www.majestic12.co.uk/bot.php?+)"
141.8.147.1 - - [12/Feb/2013:08:41:42 +0100] "GET /news.php?cs_go=archiv&cs_id=2721&cs_search= HTTP/1.1" 200 10999 "-" "Mozilla/5.0 (compatible; YandexBot/3.0; +http://yandex.com/bots)"
173.199.114.131 - - [12/Feb/2013:08:49:26 +0100] "GET /lexikon.php?cs_go=3&cs_id=117 HTTP/1.1" 200 8369 "-" "Mozilla/5.0 (compatible; AhrefsBot/4.0; +http://ahrefs.com/robot/)"
81.30.151.218 - - [12/Feb/2013:08:50:13 +0100] "GET /news.php?cs_go=archiv&cs_id=3140&cs_search= HTTP/1.1" 200 11552 "-" "Pixray-Seeker/2.0 (Pixray-Seeker; +http://www.pixray.com/pixraybot; +crawler@pixray.com)"
173.199.114.131 - - [12/Feb/2013:09:25:14 +0100] "GET /lexikon.php?cs_go=3&cs_id=215 HTTP/1.1" 200 8641 "-" "Mozilla/5.0 (compatible; AhrefsBot/4.0; +http://ahrefs.com/robot/)"
173.199.114.131 - - [12/Feb/2013:09:26:52 +0100] "GET /lexikon.php?cs_go=3&cs_id=19 HTTP/1.1" 200 9902 "-" "Mozilla/5.0 (compatible; AhrefsBot/4.0; +http://ahrefs.com/robot/)"
65.36.241.79 - - [12/Feb/2013:09:27:31 +0100] "HEAD / HTTP/1.1" 200 - "-" "InternetSeer.com"
173.199.114.131 - - [12/Feb/2013:09:29:30 +0100] "GET /modernisierung.php?cs_gp_go=plus HTTP/1.1" 200 11578 "-" "Mozilla/5.0 (compatible; AhrefsBot/4.0; +http://ahrefs.com/robot/)"
173.199.114.131 - - [12/Feb/2013:09:30:50 +0100] "GET /lexikon.php?cs_go=3&cs_id=164 HTTP/1.1" 200 8273 "-" "Mozilla/5.0 (compatible; AhrefsBot/4.0; +http://ahrefs.com/robot/)"
130.83.167.153 - - [12/Feb/2013:09:34:14 +0100] "GET /agb.php HTTP/1.1" 200 19709 "-" "findlinks/2.6 (+http://wortschatz.uni-leipzig.de/findlinks/)"
130.83.167.153 - - [12/Feb/2013:09:34:14 +0100] "GET /agb.php HTTP/1.1" 200 19622 "-" "findlinks/2.6 (+http://wortschatz.uni-leipzig.de/findlinks/)"
125.176.223.177 - - [12/Feb/2013:09:36:38 +0100] "GET /optiplus.php HTTP/1.1" 200 11100 "http://www.mink-gmbh.de/" "Mozilla/5.0 (compatible; MSIE 9.0; Windows NT 6.1; WOW64; Trident/5.0)"
141.8.147.1 - - [12/Feb/2013:09:40:17 +0100] "GET /news.php?cs_go=archiv&cs_startpos=680 HTTP/1.1" 200 8125 "-" "Mozilla/5.0 (compatible; YandexBot/3.0; +http://yandex.com/bots)"
173.199.114.131 - - [12/Feb/2013:09:43:57 +0100] "GET /ansprechpartner.php HTTP/1.1" 404 - "-" "Mozilla/5.0 (compatible; AhrefsBot/4.0; +http://ahrefs.com/robot/)"
173.199.114.131 - - [12/Feb/2013:09:46:40 +0100] "GET /news.php?cs_go=archiv&cs_id=3921&cs_search= HTTP/1.1" 200 10242 "-" "Mozilla/5.0 (compatible; AhrefsBot/4.0; +http://ahrefs.com/robot/)"
139.18.2.209 - - [12/Feb/2013:09:56:49 +0100] "GET /additive.php HTTP/1.1" 200 6302 "-" "findlinks/2.6 (+http://wortschatz.uni-leipzig.de/findlinks/)"
139.18.2.209 - - [12/Feb/2013:09:56:49 +0100] "GET /additive.php HTTP/1.1" 200 8285 "-" "findlinks/2.6 (+http://wortschatz.uni-leipzig.de/findlinks/)"
173.199.114.131 - - [12/Feb/2013:10:11:26 +0100] "GET /lexikon.php?cs_go=3&cs_id=55 HTTP/1.1" 200 8019 "-" "Mozilla/5.0 (compatible; AhrefsBot/4.0; +http://ahrefs.com/robot/)"
66.249.78.46 - - [12/Feb/2013:10:27:32 +0100] "GET /rueckrufservice.php HTTP/1.1" 200 10770 "-" "Mozilla/5.0 (compatible; Googlebot/2.1; +http://www.google.com/bot.html)"
141.8.147.1 - - [12/Feb/2013:10:27:42 +0100] "GET /news.php?cs_go=archiv&cs_id=3606&cs_search= HTTP/1.1" 200 11890 "-" "Mozilla/5.0 (compatible; YandexBot/3.0; +http://yandex.com/bots)"
199.30.228.132 - - [12/Feb/2013:10:37:15 +0100] "GET / HTTP/1.1" 200 15382 "-" "Mozilla/4.0 (compatible; MSIE 7.0; Windows NT 5.1; Trident/4.0)"
199.30.228.132 - - [12/Feb/2013:10:37:19 +0100] "GET /style.css HTTP/1.1" 200 8418 "http://www.mink-gmbh.de/" "Mozilla/4.0 (compatible; MSIE 7.0; Windows NT 5.1; Trident/4.0)"
199.30.228.132 - - [12/Feb/2013:10:37:20 +0100] "GET /modul.css HTTP/1.1" 200 35038 "http://www.mink-gmbh.de/" "Mozilla/4.0 (compatible; MSIE 7.0; Windows NT 5.1; Trident/4.0)"
199.30.228.132 - - [12/Feb/2013:10:37:21 +0100] "GET /js_contentserver24_greybox/gb_styles.css HTTP/1.1" 200 2302 "http://www.mink-gmbh.de/" "Mozilla/4.0 (compatible; MSIE 7.0; Windows NT 5.1; Trident/4.0)"
199.30.228.132 - - [12/Feb/2013:10:37:21 +0100] "GET /js_contentserver24_greybox/AJS.js HTTP/1.1" 200 10396 "http://www.mink-gmbh.de/" "Mozilla/4.0 (compatible; MSIE 7.0; Windows NT 5.1; Trident/4.0)"
199.30.228.132 - - [12/Feb/2013:10:37:23 +0100] "GET /js_contentserver24_greybox/AJS_fx.js HTTP/1.1" 200 3192 "http://www.mink-gmbh.de/" "Mozilla/4.0 (compatible; MSIE 7.0; Windows NT 5.1; Trident/4.0)"
199.30.228.132 - - [12/Feb/2013:10:37:23 +0100] "GET /js_contentserver24_greybox/gb_scripts.js HTTP/1.1" 200 11913 "http://www.mink-gmbh.de/" "Mozilla/4.0 (compatible; MSIE 7.0; Windows NT 5.1; Trident/4.0)"
199.30.228.132 - - [12/Feb/2013:10:37:27 +0100] "GET /images/bg.jpg HTTP/1.1" 200 345 "http://www.mink-gmbh.de/" "Mozilla/4.0 (compatible; MSIE 7.0; Windows NT 5.1; Trident/4.0)"
