157.55.32.98 - - [03/Feb/2013:03:33:10 +0100] "GET /robots.txt HTTP/1.1" 200 177 "-" "Mozilla/5.0 (compatible; bingbot/2.0; +http://www.bing.com/bingbot.htm)"
157.55.32.98 - - [03/Feb/2013:03:35:11 +0100] "GET / HTTP/1.1" 200 15365 "-" "Mozilla/5.0 (compatible; bingbot/2.0; +http://www.bing.com/bingbot.htm)"
141.8.147.1 - - [03/Feb/2013:03:41:02 +0100] "GET / HTTP/1.1" 200 15365 "-" "Mozilla/5.0 (compatible; YandexBot/3.0; +http://yandex.com/bots)"
66.249.76.46 - - [03/Feb/2013:03:58:38 +0100] "GET /news.php?cs_go=archiv&cs_id=3812 HTTP/1.1" 200 13363 "-" "Mozilla/5.0 (compatible; Googlebot/2.1; +http://www.google.com/bot.html)"
141.8.147.1 - - [03/Feb/2013:04:01:28 +0100] "GET /news.php HTTP/1.1" 200 22273 "-" "Mozilla/5.0 (compatible; YandexBot/3.0; +http://yandex.com/bots)"
66.249.76.46 - - [03/Feb/2013:04:15:17 +0100] "GET /news.php?cs_go=archiv&cs_id=3861 HTTP/1.1" 200 13831 "-" "DoCoMo/2.0 N905i(c100;TB;W24H16) (compatible; Googlebot-Mobile/2.1; +http://www.google.com/bot.html)"
141.8.147.1 - - [03/Feb/2013:04:20:08 +0100] "GET /index.php HTTP/1.1" 200 15365 "-" "Mozilla/5.0 (compatible; YandexBot/3.0; +http://yandex.com/bots)"
66.249.76.46 - - [03/Feb/2013:04:28:05 +0100] "GET /news.php?cs_go=archiv&cs_id=3215&cs_search= HTTP/1.1" 200 11114 "-" "Mozilla/5.0 (compatible; Googlebot/2.1; +http://www.google.com/bot.html)"
217.69.133.67 - - [03/Feb/2013:04:34:15 +0100] "GET / HTTP/1.0" 200 15365 "-" "Mozilla/5.0 (compatible; Mail.RU_Bot/2.0; +http://go.mail.ru/help/robots)"
141.8.147.1 - - [03/Feb/2013:04:37:59 +0100] "GET /news.php?cs_go=archiv&cs_id=3889&cs_search= HTTP/1.1" 200 9808 "-" "Mozilla/5.0 (compatible; YandexBot/3.0; +http://yandex.com/bots)"
208.115.113.91 - - [03/Feb/2013:04:40:34 +0100] "GET /robots.txt HTTP/1.1" 200 177 "-" "Mozilla/5.0 (compatible; Ezooms/1.0; ezooms.bot@gmail.com)"
208.115.111.75 - - [03/Feb/2013:04:42:09 +0100] "GET /news.php?cs_go=archiv&cs_startpos=1500 HTTP/1.1" 200 8126 "-" "Mozilla/5.0 (compatible; Ezooms/1.0; ezooms.bot@gmail.com)"
141.8.147.1 - - [03/Feb/2013:04:55:56 +0100] "GET /news.php?cs_go=archiv&cs_id=3873&cs_search= HTTP/1.1" 200 11629 "-" "Mozilla/5.0 (compatible; YandexBot/3.0; +http://yandex.com/bots)"
65.36.241.79 - - [03/Feb/2013:04:58:21 +0100] "HEAD / HTTP/1.1" 200 - "-" "InternetSeer.com"
66.249.76.46 - - [03/Feb/2013:05:09:18 +0100] "GET /news.php?cs_go=archiv&cs_id=2836&cs_search= HTTP/1.1" 200 10776 "-" "Mozilla/5.0 (compatible; Googlebot/2.1; +http://www.google.com/bot.html)"
141.8.147.1 - - [03/Feb/2013:05:14:46 +0100] "GET /news.php?cs_go=archiv&cs_id=3892&cs_search= HTTP/1.1" 200 11775 "-" "Mozilla/5.0 (compatible; YandexBot/3.0; +http://yandex.com/bots)"
141.8.147.1 - - [03/Feb/2013:05:32:31 +0100] "GET /news.php?cs_go=archiv&cs_id=3867&cs_search= HTTP/1.1" 200 11887 "-" "Mozilla/5.0 (compatible; YandexBot/3.0; +http://yandex.com/bots)"
66.249.76.46 - - [03/Feb/2013:05:32:51 +0100] "GET /news.php?cs_go=archiv&cs_id=3647 HTTP/1.1" 200 13379 "-" "Mozilla/5.0 (compatible; Googlebot/2.1; +http://www.google.com/bot.html)"
66.249.76.46 - - [03/Feb/2013:05:47:34 +0100] "GET /news.php?cs_go=archiv&cs_id=3189 HTTP/1.1" 200 11602 "-" "Mozilla/5.0 (compatible; Googlebot/2.1; +http://www.google.com/bot.html)"
141.8.147.1 - - [03/Feb/2013:05:49:18 +0100] "GET /news.php?cs_go=archiv&cs_id=3869&cs_search= HTTP/1.1" 200 9386 "-" "Mozilla/5.0 (compatible; YandexBot/3.0; +http://yandex.com/bots)"
66.249.76.46 - - [03/Feb/2013:05:53:25 +0100] "GET /lexikon.php?cs_go=3&cs_id=179 HTTP/1.1" 200 11583 "-" "Mozilla/5.0 (compatible; Googlebot/2.1; +http://www.google.com/bot.html)"
66.249.76.46 - - [03/Feb/2013:05:59:20 +0100] "GET /news.php?cs_go=archiv&cs_id=3666 HTTP/1.1" 200 13510 "-" "Mozilla/5.0 (compatible; Googlebot/2.1; +http://www.google.com/bot.html)"
141.8.147.1 - - [03/Feb/2013:06:07:32 +0100] "GET /news.php?cs_go=archiv&cs_id=3868&cs_search= HTTP/1.1" 200 11820 "-" "Mozilla/5.0 (compatible; YandexBot/3.0; +http://yandex.com/bots)"
66.249.76.46 - - [03/Feb/2013:06:17:00 +0100] "GET /news.php?cs_go=archiv&cs_id=3702 HTTP/1.1" 200 10044 "-" "Mozilla/5.0 (compatible; Googlebot/2.1; +http://www.google.com/bot.html)"
141.8.147.1 - - [03/Feb/2013:06:26:13 +0100] "GET /news.php?cs_go=archiv&cs_id=3619&cs_search= HTTP/1.1" 200 10783 "-" "Mozilla/5.0 (compatible; YandexBot/3.0; +http://yandex.com/bots)"
141.8.147.1 - - [03/Feb/2013:06:44:36 +0100] "GET /news.php?cs_go=archiv&cs_id=3887&cs_search= HTTP/1.1" 200 16034 "-" "Mozilla/5.0 (compatible; YandexBot/3.0; +http://yandex.com/bots)"
66.249.76.46 - - [03/Feb/2013:06:52:35 +0100] "GET /kwk.php?cs_go=2 HTTP/1.1" 200 11855 "-" "SAMSUNG-SGH-E250/1.0 Profile/MIDP-2.0 Configuration/CLDC-1.1 UP.Browser/6.2.3.3.c.1.101 (GUI) MMP/2.0 (compatible; Googlebot-Mobile/2.1; +http://www.google.com/bot.html)"
66.249.76.46 - - [03/Feb/2013:06:55:16 +0100] "GET /lexikon.php?cs_go=3&cs_id=100 HTTP/1.1" 200 8700 "-" "Mozilla/5.0 (compatible; Googlebot/2.1; +http://www.google.com/bot.html)"
141.8.147.1 - - [03/Feb/2013:07:01:56 +0100] "GET /news.php?cs_go=archiv&cs_id=3870&cs_search= HTTP/1.1" 200 10153 "-" "Mozilla/5.0 (compatible; YandexBot/3.0; +http://yandex.com/bots)"
208.115.113.91 - - [03/Feb/2013:07:03:12 +0100] "GET /lexikon.php?cs_go=2&cs_char=y HTTP/1.1" 200 8582 "-" "Mozilla/5.0 (compatible; Ezooms/1.0; ezooms.bot@gmail.com)"
208.115.113.91 - - [03/Feb/2013:07:03:15 +0100] "GET /news.php?cs_go=archiv&cs_startpos=90 HTTP/1.1" 200 22349 "-" "Mozilla/5.0 (compatible; Ezooms/1.0; ezooms.bot@gmail.com)"
157.55.32.98 - - [03/Feb/2013:07:07:55 +0100] "GET /robots.txt HTTP/1.1" 200 177 "-" "Mozilla/5.0 (compatible; bingbot/2.0; +http://www.bing.com/bingbot.htm)"
157.55.32.98 - - [03/Feb/2013:07:09:42 +0100] "GET /kwk.php HTTP/1.1" 200 10884 "-" "Mozilla/5.0 (compatible; bingbot/2.0; +http://www.bing.com/bingbot.htm)"
157.55.32.98 - - [03/Feb/2013:07:09:42 +0100] "GET / HTTP/1.1" 200 15365 "-" "Mozilla/5.0 (compatible; bingbot/2.0; +http://www.bing.com/bingbot.htm)"
66.249.76.46 - - [03/Feb/2013:07:15:53 +0100] "GET /news.php?cs_go=archiv&cs_id=3440 HTTP/1.1" 200 13342 "-" "Mozilla/5.0 (compatible; Googlebot/2.1; +http://www.google.com/bot.html)"
141.8.147.1 - - [03/Feb/2013:07:19:22 +0100] "GET /news.php?cs_go=archiv&cs_id=3622&cs_search= HTTP/1.1" 200 11727 "-" "Mozilla/5.0 (compatible; YandexBot/3.0; +http://yandex.com/bots)"
141.8.147.1 - - [03/Feb/2013:07:36:45 +0100] "GET /news.php?cs_go=archiv&cs_id=3890&cs_search= HTTP/1.1" 200 11275 "-" "Mozilla/5.0 (compatible; YandexBot/3.0; +http://yandex.com/bots)"
141.8.147.1 - - [03/Feb/2013:07:54:40 +0100] "GET /news.php?cs_go=archiv&cs_id=3886&cs_search= HTTP/1.1" 200 9814 "-" "Mozilla/5.0 (compatible; YandexBot/3.0; +http://yandex.com/bots)"
141.8.147.1 - - [03/Feb/2013:08:11:59 +0100] "GET /news.php?cs_go=archiv&cs_id=3876&cs_search= HTTP/1.1" 200 13610 "-" "Mozilla/5.0 (compatible; YandexBot/3.0; +http://yandex.com/bots)"
141.8.147.1 - - [03/Feb/2013:08:28:43 +0100] "GET /news.php?cs_go=archiv&cs_id=3635&cs_search= HTTP/1.1" 200 13377 "-" "Mozilla/5.0 (compatible; YandexBot/3.0; +http://yandex.com/bots)"
141.8.147.1 - - [03/Feb/2013:08:31:46 +0100] "GET /news.php?cs_go=archiv&cs_id=3888&cs_search= HTTP/1.1" 200 13349 "-" "Mozilla/5.0 (compatible; YandexBot/3.0; +http://yandex.com/bots)"
123.125.71.52 - - [03/Feb/2013:08:32:33 +0100] "GET / HTTP/1.1" 200 10267 "-" "Mozilla/5.0 (compatible; Baiduspider/2.0; +http://www.baidu.com/search/spider.html)"
220.181.108.122 - - [03/Feb/2013:08:33:05 +0100] "GET / HTTP/1.1" 200 11711 "-" "Mozilla/5.0 (compatible; Baiduspider/2.0; +http://www.baidu.com/search/spider.html)"
81.30.151.218 - - [03/Feb/2013:08:34:49 +0100] "GET /news.php?cs_go=archiv&cs_id=1941&cs_search= HTTP/1.1" 200 7887 "-" "Pixray-Seeker/2.0 (Pixray-Seeker; +http://www.pixray.com/pixraybot; +crawler@pixray.com)"
81.30.151.218 - - [03/Feb/2013:08:35:35 +0100] "GET /news.php?cs_go=archiv&cs_id=3858&cs_search= HTTP/1.1" 200 12466 "-" "Pixray-Seeker/2.0 (Pixray-Seeker; +http://www.pixray.com/pixraybot; +crawler@pixray.com)"
208.115.113.91 - - [03/Feb/2013:08:35:39 +0100] "GET /robots.txt HTTP/1.1" 200 177 "-" "Mozilla/5.0 (compatible; Ezooms/1.0; ezooms.bot@gmail.com)"
123.125.71.76 - - [03/Feb/2013:08:44:42 +0100] "GET /robots.txt HTTP/1.1" 200 177 "-" "Mozilla/5.0 (Windows NT 5.1; rv:6.0.2) Gecko/20100101 Firefox/6.0.2"
66.249.76.46 - - [03/Feb/2013:09:12:45 +0100] "GET /news.php?cs_go=archiv&cs_id=3481 HTTP/1.1" 200 13525 "-" "Mozilla/5.0 (compatible; Googlebot/2.1; +http://www.google.com/bot.html)"
65.36.241.79 - - [03/Feb/2013:09:20:45 +0100] "HEAD / HTTP/1.1" 200 - "-" "InternetSeer.com"
66.249.76.46 - - [03/Feb/2013:09:45:30 +0100] "GET /news.php?cs_go=archiv&cs_startpos=450 HTTP/1.1" 200 8125 "-" "Mozilla/5.0 (compatible; Googlebot/2.1; +http://www.google.com/bot.html)"
66.249.76.46 - - [03/Feb/2013:10:35:31 +0100] "GET /news.php?cs_go=archiv&cs_startpos=641 HTTP/1.1" 200 8125 "-" "Mozilla/5.0 (compatible; Googlebot/2.1; +http://www.google.com/bot.html)"
208.115.113.91 - - [03/Feb/2013:10:51:52 +0100] "GET /lexikon.php?cs_go=2&cs_char=w HTTP/1.1" 200 8587 "-" "Mozilla/5.0 (compatible; Ezooms/1.0; ezooms.bot@gmail.com)"
208.115.113.91 - - [03/Feb/2013:10:51:55 +0100] "GET /news.php?cs_go=archiv&cs_startpos=1480 HTTP/1.1" 200 8126 "-" "Mozilla/5.0 (compatible; Ezooms/1.0; ezooms.bot@gmail.com)"
208.115.113.91 - - [03/Feb/2013:10:51:57 +0100] "GET /news.php?cs_go=archiv&cs_startpos=330 HTTP/1.1" 200 8125 "-" "Mozilla/5.0 (compatible; Ezooms/1.0; ezooms.bot@gmail.com)"
66.249.76.46 - - [03/Feb/2013:11:13:02 +0100] "GET /news.php?cs_go=archiv&cs_startpos=361 HTTP/1.1" 200 8125 "-" "Mozilla/5.0 (compatible; Googlebot/2.1; +http://www.google.com/bot.html)"
66.249.76.46 - - [03/Feb/2013:11:19:17 +0100] "GET / HTTP/1.1" 200 15365 "-" "Mozilla/5.0 (compatible; Googlebot/2.1; +http://www.google.com/bot.html)"
66.249.76.46 - - [03/Feb/2013:11:25:32 +0100] "GET /news.php?cs_go=archiv&cs_id=2928&cs_search= HTTP/1.1" 200 9773 "-" "Mozilla/5.0 (compatible; Googlebot/2.1; +http://www.google.com/bot.html)"
66.249.76.46 - - [03/Feb/2013:11:26:54 +0100] "GET /js_contentserver24_greybox/gb_styles.css HTTP/1.1" 200 2302 "-" "Mozilla/5.0 (compatible; Googlebot/2.1; +http://www.google.com/bot.html)"
66.249.76.46 - - [03/Feb/2013:11:44:18 +0100] "GET /news.php?cs_go=archiv&cs_id=3165&cs_search= HTTP/1.1" 200 9963 "-" "Mozilla/5.0 (compatible; Googlebot/2.1; +http://www.google.com/bot.html)"
66.249.76.46 - - [03/Feb/2013:11:50:33 +0100] "GET /news.php?cs_go=archiv&cs_startpos=111 HTTP/1.1" 200 22639 "-" "Mozilla/5.0 (compatible; Googlebot/2.1; +http://www.google.com/bot.html)"
208.115.113.91 - - [03/Feb/2013:12:39:27 +0100] "GET /robots.txt HTTP/1.1" 200 177 "-" "Mozilla/5.0 (compatible; Ezooms/1.0; ezooms.bot@gmail.com)"
82.94.179.38 - - [03/Feb/2013:13:38:56 +0100] "GET /robots.txt HTTP/1.0" 200 177 "-" "Mozilla/4.0 (compatible; Vagabondo/4.0/EU; http://webagent.wise-guys.nl/)"
82.94.179.38 - - [03/Feb/2013:13:38:56 +0100] "GET /news.php?cs_go=archiv&cs_id=3445 HTTP/1.1" 200 13586 "http://www.mink-gmbh.de/index.php" "Mozilla/4.0 (compatible; Vagabondo/4.0/EU; http://www.wise-guys.nl/)"
82.94.179.38 - - [03/Feb/2013:13:39:05 +0100] "GET /news.php?cs_go=archiv&cs_id=3427 HTTP/1.1" 200 12494 "http://www.mink-gmbh.de/index.php" "Mozilla/4.0 (compatible; Vagabondo/4.0/EU; http://www.wise-guys.nl/)"
82.94.179.38 - - [03/Feb/2013:13:39:15 +0100] "GET /news.php?cs_go=archiv&cs_id=3525 HTTP/1.1" 200 11977 "http://www.mink-gmbh.de/" "Mozilla/4.0 (compatible; Vagabondo/4.0/EU; http://www.wise-guys.nl/)"
82.94.179.38 - - [03/Feb/2013:13:39:24 +0100] "GET /news.php?cs_go=archiv&cs_id=2953 HTTP/1.1" 200 9948 "http://www.mink-gmbh.de/news.php?cs_go=archiv&cs_startpos=320" "Mozilla/4.0 (compatible; Vagabondo/4.0/EU; http://www.wise-guys.nl/)"
82.94.179.38 - - [03/Feb/2013:13:39:33 +0100] "GET /news.php?cs_go=archiv&cs_id=3407 HTTP/1.1" 200 9975 "http://www.mink-gmbh.de/" "Mozilla/4.0 (compatible; Vagabondo/4.0/EU; http://www.wise-guys.nl/)"
82.94.179.38 - - [03/Feb/2013:13:39:42 +0100] "GET /news.php?cs_go=archiv&cs_id=3428 HTTP/1.1" 200 13539 "http://www.mink-gmbh.de/" "Mozilla/4.0 (compatible; Vagabondo/4.0/EU; http://www.wise-guys.nl/)"
82.94.179.38 - - [03/Feb/2013:13:39:51 +0100] "GET /news.php?cs_go=archiv&cs_startpos=661 HTTP/1.1" 200 8125 "http://www.mink-gmbh.de/news.php?cs_go=archiv" "Mozilla/4.0 (compatible; Vagabondo/4.0/EU; http://www.wise-guys.nl/)"
82.94.179.38 - - [03/Feb/2013:13:40:01 +0100] "GET /news.php?cs_go=archiv&cs_startpos=700 HTTP/1.1" 200 8125 "http://www.mink-gmbh.de/news.php" "Mozilla/4.0 (compatible; Vagabondo/4.0/EU; http://www.wise-guys.nl/)"
82.94.179.38 - - [03/Feb/2013:13:40:09 +0100] "GET /news.php?cs_go=archiv&cs_startpos=670 HTTP/1.1" 200 8125 "http://www.mink-gmbh.de/news.php" "Mozilla/4.0 (compatible; Vagabondo/4.0/EU; http://www.wise-guys.nl/)"
82.94.179.38 - - [03/Feb/2013:13:40:18 +0100] "GET /news.php?cs_go=archiv&cs_startpos=680 HTTP/1.1" 200 8125 "http://www.mink-gmbh.de/news.php?cs_go=archiv" "Mozilla/4.0 (compatible; Vagabondo/4.0/EU; http://www.wise-guys.nl/)"
82.94.179.38 - - [03/Feb/2013:13:40:26 +0100] "GET /news.php?cs_go=archiv&cs_startpos=691 HTTP/1.1" 200 8125 "http://www.mink-gmbh.de/news.php?cs_go=archiv" "Mozilla/4.0 (compatible; Vagabondo/4.0/EU; http://www.wise-guys.nl/)"
82.94.179.38 - - [03/Feb/2013:13:40:35 +0100] "GET /news.php?cs_go=archiv&cs_startpos=690 HTTP/1.1" 200 8125 "http://www.mink-gmbh.de/news.php?cs_go=archiv" "Mozilla/4.0 (compatible; Vagabondo/4.0/EU; http://www.wise-guys.nl/)"
82.94.179.38 - - [03/Feb/2013:13:40:44 +0100] "GET /news.php?cs_go=archiv&cs_startpos=380 HTTP/1.1" 200 8125 "http://www.mink-gmbh.de/news.php?cs_go=archiv&cs_startpos=350" "Mozilla/4.0 (compatible; Vagabondo/4.0/EU; http://www.wise-guys.nl/)"
82.94.179.38 - - [03/Feb/2013:13:40:53 +0100] "GET /news.php?cs_go=archiv&cs_startpos=681 HTTP/1.1" 200 8125 "http://www.mink-gmbh.de/news.php?cs_go=archiv" "Mozilla/4.0 (compatible; Vagabondo/4.0/EU; http://www.wise-guys.nl/)"
82.94.179.38 - - [03/Feb/2013:13:41:02 +0100] "GET /news.php?cs_go=archiv&cs_startpos=671 HTTP/1.1" 200 8125 "http://www.mink-gmbh.de/news.php?cs_go=archiv&cs_startpos=661" "Mozilla/4.0 (compatible; Vagabondo/4.0/EU; http://www.wise-guys.nl/)"
130.83.167.153 - - [03/Feb/2013:14:15:07 +0100] "GET /robots.txt HTTP/1.1" 200 177 "-" "findlinks/2.6 (+http://wortschatz.uni-leipzig.de/findlinks/)"
141.8.147.1 - - [03/Feb/2013:14:26:39 +0100] "GET /robots.txt HTTP/1.1" 200 177 "-" "Mozilla/5.0 (compatible; YandexBot/3.0; +http://yandex.com/bots)"
208.115.111.75 - - [03/Feb/2013:14:31:27 +0100] "GET /robots.txt HTTP/1.1" 200 177 "-" "Mozilla/5.0 (compatible; Ezooms/1.0; ezooms.bot@gmail.com)"
208.115.113.91 - - [03/Feb/2013:14:41:50 +0100] "GET /lexikon.php?cs_go=2&cs_char=u HTTP/1.1" 200 8744 "-" "Mozilla/5.0 (compatible; Ezooms/1.0; ezooms.bot@gmail.com)"
141.8.147.1 - - [03/Feb/2013:14:53:37 +0100] "GET /news.php?cs_go=archiv&cs_startpos=630 HTTP/1.1" 200 8125 "-" "Mozilla/5.0 (compatible; YandexBot/3.0; +http://yandex.com/bots)"
157.55.32.98 - - [03/Feb/2013:15:14:45 +0100] "GET /robots.txt HTTP/1.1" 200 177 "-" "Mozilla/5.0 (compatible; bingbot/2.0; +http://www.bing.com/bingbot.htm)"
157.55.32.98 - - [03/Feb/2013:15:16:40 +0100] "GET / HTTP/1.1" 200 15354 "-" "Mozilla/5.0 (compatible; bingbot/2.0; +http://www.bing.com/bingbot.htm)"
66.249.76.46 - - [03/Feb/2013:15:29:13 +0100] "GET /jobs.php HTTP/1.1" 200 10090 "-" "Mozilla/5.0 (compatible; Googlebot/2.1; +http://www.google.com/bot.html)"
65.36.241.79 - - [03/Feb/2013:15:34:15 +0100] "HEAD / HTTP/1.1" 200 - "-" "InternetSeer.com"
66.249.76.46 - - [03/Feb/2013:16:21:07 +0100] "GET /news.php?cs_go=archiv&cs_startpos=311 HTTP/1.1" 200 8125 "-" "Mozilla/5.0 (compatible; Googlebot/2.1; +http://www.google.com/bot.html)"
208.115.113.91 - - [03/Feb/2013:16:41:23 +0100] "GET /robots.txt HTTP/1.1" 200 177 "-" "Mozilla/5.0 (compatible; Ezooms/1.0; ezooms.bot@gmail.com)"
208.115.111.75 - - [03/Feb/2013:16:42:07 +0100] "GET /news.php?cs_go=archiv&cs_id=3839&cs_search= HTTP/1.1" 200 13533 "-" "Mozilla/5.0 (compatible; Ezooms/1.0; ezooms.bot@gmail.com)"
208.115.111.75 - - [03/Feb/2013:16:42:10 +0100] "GET /news.php?cs_go=archiv&cs_startpos=50 HTTP/1.1" 200 22773 "-" "Mozilla/5.0 (compatible; Ezooms/1.0; ezooms.bot@gmail.com)"
66.249.76.46 - - [03/Feb/2013:16:56:51 +0100] "GET /index.php HTTP/1.1" 200 15354 "-" "Mozilla/5.0 (compatible; Googlebot/2.1; +http://www.google.com/bot.html)"
66.249.76.46 - - [03/Feb/2013:17:02:22 +0100] "GET /news.php?cs_go=archiv&cs_id=3905 HTTP/1.1" 200 15097 "-" "Mozilla/5.0 (compatible; Googlebot/2.1; +http://www.google.com/bot.html)"
66.249.76.46 - - [03/Feb/2013:17:19:00 +0100] "GET /news.php?cs_go=archiv&cs_id=3813 HTTP/1.1" 200 10259 "-" "Mozilla/5.0 (compatible; Googlebot/2.1; +http://www.google.com/bot.html)"
207.241.226.106 - - [03/Feb/2013:18:05:18 +0100] "GET /robots.txt HTTP/1.1" 200 177 "-" "ia_archiver(OS-Wayback)"
208.115.111.75 - - [03/Feb/2013:18:33:13 +0100] "GET /robots.txt HTTP/1.1" 200 177 "-" "Mozilla/5.0 (compatible; Ezooms/1.0; ezooms.bot@gmail.com)"
123.125.71.54 - - [03/Feb/2013:18:33:12 +0100] "GET / HTTP/1.1" 200 6434 "-" "Mozilla/5.0 (compatible; Baiduspider/2.0; +http://www.baidu.com/search/spider.html)"
220.181.108.113 - - [03/Feb/2013:18:33:41 +0100] "GET / HTTP/1.1" 200 10256 "-" "Mozilla/5.0 (compatible; Baiduspider/2.0; +http://www.baidu.com/search/spider.html)"
208.115.113.91 - - [03/Feb/2013:18:38:07 +0100] "GET /lexikon.php?cs_go=2&cs_char=s HTTP/1.1" 200 10068 "-" "Mozilla/5.0 (compatible; Ezooms/1.0; ezooms.bot@gmail.com)"
66.249.76.46 - - [03/Feb/2013:18:38:19 +0100] "GET /robots.txt HTTP/1.1" 200 177 "-" "Mozilla/5.0 (compatible; Googlebot/2.1; +http://www.google.com/bot.html)"
66.249.76.46 - - [03/Feb/2013:18:38:19 +0100] "GET /index.php HTTP/1.1" 200 15354 "-" "SAMSUNG-SGH-E250/1.0 Profile/MIDP-2.0 Configuration/CLDC-1.1 UP.Browser/6.2.3.3.c.1.101 (GUI) MMP/2.0 (compatible; Googlebot-Mobile/2.1; +http://www.google.com/bot.html)"
208.115.111.75 - - [03/Feb/2013:19:03:05 +0100] "GET /news.php?cs_go=archiv&cs_id=3854 HTTP/1.1" 200 10244 "-" "Mozilla/5.0 (compatible; Ezooms/1.0; ezooms.bot@gmail.com)"
82.94.176.164 - - [03/Feb/2013:19:30:57 +0100] "GET /jobs.php HTTP/1.1" 200 10090 "-" "Mozilla/4.0 (compatible; MSIE 5.5; Windows NT)"
66.249.76.46 - - [03/Feb/2013:19:46:34 +0100] "GET /kwk.php?cs_go=3 HTTP/1.1" 200 10285 "-" "SAMSUNG-SGH-E250/1.0 Profile/MIDP-2.0 Configuration/CLDC-1.1 UP.Browser/6.2.3.3.c.1.101 (GUI) MMP/2.0 (compatible; Googlebot-Mobile/2.1; +http://www.google.com/bot.html)"
66.249.76.46 - - [03/Feb/2013:20:10:18 +0100] "GET /preisanfrage.php HTTP/1.1" 200 10734 "-" "DoCoMo/2.0 N905i(c100;TB;W24H16) (compatible; Googlebot-Mobile/2.1; +http://www.google.com/bot.html)"
65.36.241.79 - - [03/Feb/2013:20:16:43 +0100] "HEAD / HTTP/1.1" 200 - "-" "InternetSeer.com"
93.134.237.139 - - [03/Feb/2013:20:24:11 +0100] "HEAD / HTTP/1.1" 200 - "http://search.speedfox.cc" "Mozilla/5.0 (Windows NT 6.1; WOW64; rv:18.0) Gecko/20100101 Firefox/18.0"
208.115.111.75 - - [03/Feb/2013:20:35:25 +0100] "GET /news.php?cs_go=archiv&cs_startpos=1210 HTTP/1.1" 200 8126 "-" "Mozilla/5.0 (compatible; Ezooms/1.0; ezooms.bot@gmail.com)"
208.115.113.91 - - [03/Feb/2013:20:49:04 +0100] "GET /robots.txt HTTP/1.1" 200 177 "-" "Mozilla/5.0 (compatible; Ezooms/1.0; ezooms.bot@gmail.com)"
66.249.76.46 - - [03/Feb/2013:21:42:58 +0100] "GET /news.php?cs_go=archiv&cs_id=3242&cs_search= HTTP/1.1" 200 13370 "-" "Mozilla/5.0 (compatible; Googlebot/2.1; +http://www.google.com/bot.html)"
66.249.76.46 - - [03/Feb/2013:21:48:03 +0100] "GET /news.php?cs_go=archiv&cs_id=3032 HTTP/1.1" 200 10412 "-" "Mozilla/5.0 (compatible; Googlebot/2.1; +http://www.google.com/bot.html)"
66.249.76.46 - - [03/Feb/2013:21:53:07 +0100] "GET /news.php?cs_go=archiv&cs_id=3154 HTTP/1.1" 200 9967 "-" "Mozilla/5.0 (compatible; Googlebot/2.1; +http://www.google.com/bot.html)"
66.249.76.46 - - [03/Feb/2013:22:03:17 +0100] "GET /lexikon.php?cs_go=3&cs_id=44 HTTP/1.1" 200 8005 "-" "Mozilla/5.0 (compatible; Googlebot/2.1; +http://www.google.com/bot.html)"
66.249.76.46 - - [03/Feb/2013:22:08:27 +0100] "GET /news.php?cs_go=archiv&cs_id=3750 HTTP/1.1" 200 13158 "-" "SAMSUNG-SGH-E250/1.0 Profile/MIDP-2.0 Configuration/CLDC-1.1 UP.Browser/6.2.3.3.c.1.101 (GUI) MMP/2.0 (compatible; Googlebot-Mobile/2.1; +http://www.google.com/bot.html)"
66.249.76.46 - - [03/Feb/2013:22:18:34 +0100] "GET /news.php?cs_go=archiv&cs_startpos=571 HTTP/1.1" 200 8125 "-" "Mozilla/5.0 (compatible; Googlebot/2.1; +http://www.google.com/bot.html)"
66.249.76.46 - - [03/Feb/2013:22:33:57 +0100] "GET /news.php?cs_go=archiv&cs_id=2799&cs_search= HTTP/1.1" 200 13253 "-" "Mozilla/5.0 (compatible; Googlebot/2.1; +http://www.google.com/bot.html)"
208.115.113.91 - - [03/Feb/2013:22:39:11 +0100] "GET /kwk.php?cs_go=4 HTTP/1.1" 200 10255 "-" "Mozilla/5.0 (compatible; Ezooms/1.0; ezooms.bot@gmail.com)"
208.115.113.91 - - [03/Feb/2013:22:39:14 +0100] "GET /lexikon.php?cs_go=2&cs_char=q HTTP/1.1" 200 8162 "-" "Mozilla/5.0 (compatible; Ezooms/1.0; ezooms.bot@gmail.com)"
208.115.113.91 - - [03/Feb/2013:22:39:16 +0100] "GET /news.php?cs_go=archiv&cs_startpos=1050 HTTP/1.1" 200 8126 "-" "Mozilla/5.0 (compatible; Ezooms/1.0; ezooms.bot@gmail.com)"
208.115.113.91 - - [03/Feb/2013:22:39:19 +0100] "GET /news.php?cs_go=archiv&cs_startpos=170 HTTP/1.1" 200 22877 "-" "Mozilla/5.0 (compatible; Ezooms/1.0; ezooms.bot@gmail.com)"
66.249.76.46 - - [03/Feb/2013:22:59:37 +0100] "GET /news.php?cs_go=archiv&cs_id=3145 HTTP/1.1" 200 11830 "-" "Mozilla/5.0 (compatible; Googlebot/2.1; +http://www.google.com/bot.html)"
66.249.76.46 - - [03/Feb/2013:23:49:47 +0100] "GET /modul.css HTTP/1.1" 200 35038 "-" "Mozilla/5.0 (compatible; Googlebot/2.1; +http://www.google.com/bot.html)"
66.249.76.46 - - [03/Feb/2013:23:52:44 +0100] "GET /news.php?cs_go=archiv&cs_id=3744&cs_search= HTTP/1.1" 200 12197 "-" "Mozilla/5.0 (compatible; Googlebot/2.1; +http://www.google.com/bot.html)"
81.30.151.218 - - [04/Feb/2013:00:02:37 +0100] "GET /robots.txt HTTP/1.1" 200 177 "-" "Pixray-Seeker/2.0 (Pixray-Seeker; +http://www.pixray.com/pixraybot; +crawler@pixray.com)"
81.30.151.218 - - [04/Feb/2013:00:02:37 +0100] "GET /news.php?cs_go=archiv&cs_id=3003&cs_search= HTTP/1.1" 200 12194 "-" "Pixray-Seeker/2.0 (Pixray-Seeker; +http://www.pixray.com/pixraybot; +crawler@pixray.com)"
65.36.241.79 - - [04/Feb/2013:00:54:06 +0100] "HEAD / HTTP/1.1" 200 - "-" "InternetSeer.com"
208.115.113.91 - - [04/Feb/2013:00:57:59 +0100] "GET /robots.txt HTTP/1.1" 200 177 "-" "Mozilla/5.0 (compatible; Ezooms/1.0; ezooms.bot@gmail.com)"
178.77.126.55 - - [04/Feb/2013:01:08:09 +0100] "GET /robots.txt HTTP/1.1" 200 177 "-" "Mozilla/5.0 (compatible; CareerBot/1.1; +http://www.career-x.de/bot.html)"
178.77.126.55 - - [04/Feb/2013:01:08:10 +0100] "GET / HTTP/1.1" 200 15354 "-" "Mozilla/5.0 (compatible; CareerBot/1.1; +http://www.career-x.de/bot.html)"
178.77.126.55 - - [04/Feb/2013:01:08:10 +0100] "GET /news.php?cs_go=archiv&cs_id=3904 HTTP/1.1" 200 14715 "-" "Mozilla/5.0 (compatible; CareerBot/1.1; +http://www.career-x.de/bot.html)"
178.255.215.64 - - [04/Feb/2013:01:32:55 +0100] "GET /robots.txt HTTP/1.1" 200 177 "-" "Mozilla/5.0 (compatible; Exabot/3.0; +http://www.exabot.com/go/robot)"
178.255.215.64 - - [04/Feb/2013:01:32:55 +0100] "GET / HTTP/1.1" 200 15354 "-" "Mozilla/5.0 (compatible; Exabot/3.0; +http://www.exabot.com/go/robot)"
66.249.76.46 - - [04/Feb/2013:01:42:51 +0100] "GET /news.php HTTP/1.1" 200 22291 "-" "Mozilla/5.0 (compatible; Googlebot/2.1; +http://www.google.com/bot.html)"
66.249.76.46 - - [04/Feb/2013:01:54:29 +0100] "GET /news.php?cs_go=archiv HTTP/1.1" 200 22291 "-" "Mozilla/5.0 (compatible; Googlebot/2.1; +http://www.google.com/bot.html)"
141.8.147.1 - - [04/Feb/2013:02:14:11 +0100] "GET /news.php?cs_go=archiv&cs_id=3885&cs_search= HTTP/1.1" 200 13537 "-" "Mozilla/5.0 (compatible; YandexBot/3.0; +http://yandex.com/bots)"
77.20.155.143 - - [04/Feb/2013:02:20:59 +0100] "GET /news.php?cs_go=archiv&cs_startpos=40 HTTP/1.1" 200 9888 "-" "findlinks/2.0.2 (+http://wortschatz.uni-leipzig.de/findlinks/)"
77.20.155.143 - - [04/Feb/2013:02:21:00 +0100] "GET /news.php?cs_go=archiv&cs_startpos=40 HTTP/1.1" 200 22577 "-" "findlinks/2.0.2 (+http://wortschatz.uni-leipzig.de/findlinks/)"
81.30.151.218 - - [04/Feb/2013:02:24:09 +0100] "GET /news.php?cs_go=archiv&cs_id=3311&cs_search= HTTP/1.1" 200 13501 "-" "Pixray-Seeker/2.0 (Pixray-Seeker; +http://www.pixray.com/pixraybot; +crawler@pixray.com)"
208.115.111.75 - - [04/Feb/2013:02:34:25 +0100] "GET /robots.txt HTTP/1.1" 200 177 "-" "Mozilla/5.0 (compatible; Ezooms/1.0; ezooms.bot@gmail.com)"
208.115.113.91 - - [04/Feb/2013:03:10:40 +0100] "GET /lexikon.php?cs_go=2&cs_char=o HTTP/1.1" 200 9261 "-" "Mozilla/5.0 (compatible; Ezooms/1.0; ezooms.bot@gmail.com)"
66.249.76.46 - - [04/Feb/2013:03:11:37 +0100] "GET /news.php?cs_go=archiv&cs_id=3854 HTTP/1.1" 200 10244 "-" "Mozilla/5.0 (compatible; Googlebot/2.1; +http://www.google.com/bot.html)"
208.115.111.75 - - [04/Feb/2013:03:03:21 +0100] "GET /news.php?cs_go=archiv&cs_id=3850 HTTP/1.1" 200 20704 "-" "Mozilla/5.0 (compatible; Ezooms/1.0; ezooms.bot@gmail.com)"
81.30.151.218 - - [04/Feb/2013:03:20:57 +0100] "GET /news.php?cs_go=archiv&cs_id=2189&cs_search= HTTP/1.1" 200 7887 "-" "Pixray-Seeker/2.0 (Pixray-Seeker; +http://www.pixray.com/pixraybot; +crawler@pixray.com)"
141.8.147.1 - - [04/Feb/2013:03:34:03 +0100] "GET /robots.txt HTTP/1.1" 200 177 "-" "Mozilla/5.0 (compatible; YandexBot/3.0; +http://yandex.com/bots)"
139.18.2.17 - - [04/Feb/2013:03:37:08 +0100] "GET /faq.php HTTP/1.1" 200 8467 "-" "findlinks/2.6 (+http://wortschatz.uni-leipzig.de/findlinks/)"
139.18.2.17 - - [04/Feb/2013:03:37:08 +0100] "GET /faq.php HTTP/1.1" 200 48924 "-" "findlinks/2.6 (+http://wortschatz.uni-leipzig.de/findlinks/)"
66.249.76.46 - - [04/Feb/2013:03:42:30 +0100] "GET /news.php?cs_go=archiv&cs_id=2782 HTTP/1.1" 200 12128 "-" "Mozilla/5.0 (compatible; Googlebot/2.1; +http://www.google.com/bot.html)"
81.30.151.218 - - [04/Feb/2013:03:47:41 +0100] "GET /news.php?cs_go=archiv&cs_startpos=300 HTTP/1.1" 200 8125 "-" "Pixray-Seeker/2.0 (Pixray-Seeker; +http://www.pixray.com/pixraybot; +crawler@pixray.com)"
66.249.76.46 - - [04/Feb/2013:03:48:45 +0100] "GET /news.php?cs_go=archiv&cs_id=3621 HTTP/1.1" 200 13052 "-" "Mozilla/5.0 (compatible; Googlebot/2.1; +http://www.google.com/bot.html)"
157.55.32.98 - - [04/Feb/2013:03:51:57 +0100] "GET /robots.txt HTTP/1.1" 200 177 "-" "Mozilla/5.0 (compatible; bingbot/2.0; +http://www.bing.com/bingbot.htm)"
157.55.32.98 - - [04/Feb/2013:03:53:55 +0100] "GET / HTTP/1.1" 200 15354 "-" "Mozilla/5.0 (compatible; bingbot/2.0; +http://www.bing.com/bingbot.htm)"
66.249.76.46 - - [04/Feb/2013:03:54:47 +0100] "GET /news.php?cs_go=archiv&cs_id=3660 HTTP/1.1" 200 10027 "-" "Mozilla/5.0 (compatible; Googlebot/2.1; +http://www.google.com/bot.html)"
66.249.76.46 - - [04/Feb/2013:04:19:08 +0100] "GET /lexikon.php?cs_go=3&cs_id=40 HTTP/1.1" 200 12171 "-" "Mozilla/5.0 (compatible; Googlebot/2.1; +http://www.google.com/bot.html)"
66.249.76.46 - - [04/Feb/2013:04:25:32 +0100] "GET /news.php?cs_go=archiv&cs_id=3021&cs_search= HTTP/1.1" 200 10877 "-" "Mozilla/5.0 (compatible; Googlebot/2.1; +http://www.google.com/bot.html)"
141.8.147.1 - - [04/Feb/2013:04:42:59 +0100] "GET /news.php?cs_go=archiv&cs_id=3883&cs_search= HTTP/1.1" 200 10346 "-" "Mozilla/5.0 (compatible; YandexBot/3.0; +http://yandex.com/bots)"
81.30.151.218 - - [04/Feb/2013:04:48:17 +0100] "GET /news.php?cs_go=archiv&cs_startpos=880 HTTP/1.1" 200 8125 "-" "Pixray-Seeker/2.0 (Pixray-Seeker; +http://www.pixray.com/pixraybot; +crawler@pixray.com)"
81.30.151.218 - - [04/Feb/2013:04:58:34 +0100] "GET /news.php?cs_go=archiv&cs_id=3437&cs_search= HTTP/1.1" 200 9895 "-" "Pixray-Seeker/2.0 (Pixray-Seeker; +http://www.pixray.com/pixraybot; +crawler@pixray.com)"
66.249.76.46 - - [04/Feb/2013:05:05:01 +0100] "GET /faq.php HTTP/1.1" 200 185910 "-" "Mozilla/5.0 (compatible; Googlebot/2.1; +http://www.google.com/bot.html)"
178.255.215.64 - - [04/Feb/2013:05:15:47 +0100] "GET /optiplus.php HTTP/1.1" 200 11100 "-" "Mozilla/5.0 (compatible; Exabot/3.0; +http://www.exabot.com/go/robot)"
66.249.76.46 - - [04/Feb/2013:05:18:04 +0100] "GET /www.solartechnikberater.de HTTP/1.1" 404 - "-" "Mozilla/5.0 (compatible; Googlebot/2.1; +http://www.google.com/bot.html)"
66.249.76.46 - - [04/Feb/2013:05:37:38 +0100] "GET /optiplus.php HTTP/1.1" 200 11100 "-" "Mozilla/5.0 (iPhone; U; CPU iPhone OS 4_1 like Mac OS X; en-us) AppleWebKit/532.9 (KHTML, like Gecko) Version/4.0.5 Mobile/8B117 Safari/6531.22.7 (compatible; Googlebot-Mobile/2.1; +http://www.google.com/bot.html)"
208.115.113.91 - - [04/Feb/2013:05:41:43 +0100] "GET /robots.txt HTTP/1.1" 200 177 "-" "Mozilla/5.0 (compatible; Ezooms/1.0; ezooms.bot@gmail.com)"
81.30.151.218 - - [04/Feb/2013:05:42:17 +0100] "GET /news.php?cs_go=archiv&cs_id=3349&cs_search= HTTP/1.1" 200 12075 "-" "Pixray-Seeker/2.0 (Pixray-Seeker; +http://www.pixray.com/pixraybot; +crawler@pixray.com)"
66.249.76.46 - - [04/Feb/2013:05:50:01 +0100] "GET /news.php?cs_go=archiv&cs_id=3731 HTTP/1.1" 200 13854 "-" "Mozilla/5.0 (compatible; Googlebot/2.1; +http://www.google.com/bot.html)"
208.115.113.91 - - [04/Feb/2013:05:57:19 +0100] "GET /news.php?cs_go=archiv&cs_id=3902 HTTP/1.1" 200 9749 "-" "Mozilla/5.0 (compatible; Ezooms/1.0; ezooms.bot@gmail.com)"
130.83.167.153 - - [04/Feb/2013:06:23:03 +0100] "GET /news.php?cs_go=archiv&cs_id=3812&cs_search= HTTP/1.1" 200 6992 "-" "findlinks/2.6 (+http://wortschatz.uni-leipzig.de/findlinks/)"
130.83.167.153 - - [04/Feb/2013:06:23:04 +0100] "GET /news.php?cs_go=archiv&cs_id=3812&cs_search= HTTP/1.1" 200 13276 "-" "findlinks/2.6 (+http://wortschatz.uni-leipzig.de/findlinks/)"
208.115.111.75 - - [04/Feb/2013:06:33:49 +0100] "GET /robots.txt HTTP/1.1" 200 177 "-" "Mozilla/5.0 (compatible; Ezooms/1.0; ezooms.bot@gmail.com)"
65.36.241.79 - - [04/Feb/2013:07:21:49 +0100] "HEAD / HTTP/1.1" 200 - "-" "InternetSeer.com"
81.30.151.218 - - [04/Feb/2013:07:32:28 +0100] "GET /news.php?cs_go=archiv&cs_id=3239&cs_search= HTTP/1.1" 200 13562 "-" "Pixray-Seeker/2.0 (Pixray-Seeker; +http://www.pixray.com/pixraybot; +crawler@pixray.com)"
141.8.147.1 - - [04/Feb/2013:07:44:20 +0100] "GET /lexikon.php?cs_go=3&cs_id=57 HTTP/1.1" 200 10077 "-" "Mozilla/5.0 (compatible; YandexBot/3.0; +http://yandex.com/bots)"
78.158.11.226 - - [04/Feb/2013:08:03:07 +0100] "GET / HTTP/1.0" 200 15368 "http://www.google.com/url?sa=t&rct=j&q=www.mink-gmbh.de&source=web&cd=5&ved=0CF0QFjAE&url=http:%2F%2Fwww.mink-gmbh.de%2F&cad=rja" "Lynx/2.8.5rel.1 libwww-FM/2.15FC SSL-MM/1.4.1c OpenSSL/0.9.7e-dev"
78.158.11.226 - - [04/Feb/2013:08:02:57 +0100] "GET / HTTP/1.0" 200 15368 "http://sameid.net/domain/www.mink-gmbh.de/" "Lynx/2.8.5rel.1 libwww-FM/2.15FC SSL-MM/1.4.1c OpenSSL/0.9.7e-dev"
78.158.11.226 - - [04/Feb/2013:08:03:07 +0100] "GET / HTTP/1.0" 200 15368 "-" "Lynx/2.8.5rel.1 libwww-FM/2.15FC SSL-MM/1.4.1c OpenSSL/0.9.7e-dev"
5.9.39.69 - - [04/Feb/2013:08:09:50 +0100] "GET /robots.txt HTTP/1.1" 200 177 "-" "Mozilla/5.0 (compatible; Infohelfer/1.3.3; +http://www.infohelfer.de/crawler.php)"
5.9.39.69 - - [04/Feb/2013:08:09:50 +0100] "GET / HTTP/1.1" 200 15368 "-" "Mozilla/5.0 (compatible; Infohelfer/1.3.3; +http://www.infohelfer.de/crawler.php)"
5.9.86.112 - - [04/Feb/2013:08:15:19 +0100] "GET /newsletter.php HTTP/1.1" 200 8928 "-" "Mozilla/5.0 (compatible; Infohelfer/1.3.3; +http://www.infohelfer.de/crawler.php)"
5.9.56.116 - - [04/Feb/2013:08:16:22 +0100] "GET /index.php HTTP/1.1" 200 15368 "-" "Mozilla/5.0 (compatible; Infohelfer/1.3.3; +http://www.infohelfer.de/crawler.php)"
5.9.86.85 - - [04/Feb/2013:08:17:29 +0100] "GET /standard.php HTTP/1.1" 200 9218 "-" "Mozilla/5.0 (compatible; Infohelfer/1.3.3; +http://www.infohelfer.de/crawler.php)"
5.9.86.112 - - [04/Feb/2013:08:18:35 +0100] "GET /wunschpreis.php HTTP/1.1" 200 12084 "-" "Mozilla/5.0 (compatible; Infohelfer/1.3.3; +http://www.infohelfer.de/crawler.php)"
5.9.56.116 - - [04/Feb/2013:08:19:37 +0100] "GET /preisanfrage.php HTTP/1.1" 200 10734 "-" "Mozilla/5.0 (compatible; Infohelfer/1.3.3; +http://www.infohelfer.de/crawler.php)"
5.9.86.118 - - [04/Feb/2013:08:20:38 +0100] "GET /news.php HTTP/1.1" 200 22257 "-" "Mozilla/5.0 (compatible; Infohelfer/1.3.3; +http://www.infohelfer.de/crawler.php)"
5.9.56.116 - - [04/Feb/2013:08:21:40 +0100] "GET /kontakt.php HTTP/1.1" 200 9198 "-" "Mozilla/5.0 (compatible; Infohelfer/1.3.3; +http://www.infohelfer.de/crawler.php)"
5.9.86.118 - - [04/Feb/2013:08:22:47 +0100] "GET /jobs.php HTTP/1.1" 200 10090 "-" "Mozilla/5.0 (compatible; Infohelfer/1.3.3; +http://www.infohelfer.de/crawler.php)"
5.9.86.112 - - [04/Feb/2013:08:23:50 +0100] "GET /impressum.php HTTP/1.1" 200 8582 "-" "Mozilla/5.0 (compatible; Infohelfer/1.3.3; +http://www.infohelfer.de/crawler.php)"
5.9.56.116 - - [04/Feb/2013:08:24:51 +0100] "GET /news.php?cs_go=archiv&cs_id=3906 HTTP/1.1" 200 11109 "-" "Mozilla/5.0 (compatible; Infohelfer/1.3.3; +http://www.infohelfer.de/crawler.php)"
5.9.86.118 - - [04/Feb/2013:08:25:57 +0100] "GET /news.php?cs_go=archiv&cs_id=3907 HTTP/1.1" 200 9791 "-" "Mozilla/5.0 (compatible; Infohelfer/1.3.3; +http://www.infohelfer.de/crawler.php)"
5.9.56.116 - - [04/Feb/2013:08:26:57 +0100] "GET /news.php?cs_go=archiv&cs_id=3905 HTTP/1.1" 200 15131 "-" "Mozilla/5.0 (compatible; Infohelfer/1.3.3; +http://www.infohelfer.de/crawler.php)"
5.9.88.119 - - [04/Feb/2013:08:28:00 +0100] "GET /news.php?cs_go=archiv&cs_id=3904 HTTP/1.1" 200 14802 "-" "Mozilla/5.0 (compatible; Infohelfer/1.3.3; +http://www.infohelfer.de/crawler.php)"
208.115.113.91 - - [04/Feb/2013:08:28:31 +0100] "GET /robots.txt HTTP/1.1" 200 177 "-" "Mozilla/5.0 (compatible; Ezooms/1.0; ezooms.bot@gmail.com)"
5.9.56.116 - - [04/Feb/2013:08:28:53 +0100] "GET /edl.php HTTP/1.1" 200 10801 "-" "Mozilla/5.0 (compatible; Infohelfer/1.3.3; +http://www.infohelfer.de/crawler.php)"
5.9.86.85 - - [04/Feb/2013:08:30:07 +0100] "GET /news.php?cs_go=archiv&cs_id=3907&cs_search= HTTP/1.1" 200 9791 "-" "Mozilla/5.0 (compatible; Infohelfer/1.3.3; +http://www.infohelfer.de/crawler.php)"
5.9.88.119 - - [04/Feb/2013:08:31:43 +0100] "GET /index.php?cs_go=archiv&cs_id=3906 HTTP/1.1" 200 15368 "-" "Mozilla/5.0 (compatible; Infohelfer/1.3.3; +http://www.infohelfer.de/crawler.php)"
5.9.56.116 - - [04/Feb/2013:08:32:54 +0100] "GET /rueckrufservice.php?cs_go=archiv&cs_id=3905 HTTP/1.1" 200 10770 "-" "Mozilla/5.0 (compatible; Infohelfer/1.3.3; +http://www.infohelfer.de/crawler.php)"
5.9.86.112 - - [04/Feb/2013:08:34:29 +0100] "GET /rueckrufservice.php?cs_go=archiv&cs_id=3907 HTTP/1.1" 200 10770 "-" "Mozilla/5.0 (compatible; Infohelfer/1.3.3; +http://www.infohelfer.de/crawler.php)"
5.9.86.112 - - [04/Feb/2013:08:36:02 +0100] "GET /kontakt.php?cs_go=archiv&cs_id=3907 HTTP/1.1" 200 9198 "-" "Mozilla/5.0 (compatible; Infohelfer/1.3.3; +http://www.infohelfer.de/crawler.php)"
5.9.86.112 - - [04/Feb/2013:08:37:22 +0100] "GET /news.php?cs_go=archiv&cs_startpos=30 HTTP/1.1" 200 22616 "-" "Mozilla/5.0 (compatible; Infohelfer/1.3.3; +http://www.infohelfer.de/crawler.php)"
5.9.86.112 - - [04/Feb/2013:08:38:34 +0100] "GET /agb.php?cs_go=archiv&cs_id=3905 HTTP/1.1" 200 19709 "-" "Mozilla/5.0 (compatible; Infohelfer/1.3.3; +http://www.infohelfer.de/crawler.php)"
5.9.86.112 - - [04/Feb/2013:08:40:07 +0100] "GET /faq.php?cs_go=archiv&cs_id=3907 HTTP/1.1" 200 185910 "-" "Mozilla/5.0 (compatible; Infohelfer/1.3.3; +http://www.infohelfer.de/crawler.php)"
208.115.111.75 - - [04/Feb/2013:08:41:26 +0100] "GET /news.php?cs_go=archiv&cs_startpos=130 HTTP/1.1" 200 22822 "-" "Mozilla/5.0 (compatible; Ezooms/1.0; ezooms.bot@gmail.com)"
5.9.10.179 - - [04/Feb/2013:08:41:31 +0100] "GET /newsletter.php?cs_go=archiv&cs_id=3906 HTTP/1.1" 200 8928 "-" "Mozilla/5.0 (compatible; Infohelfer/1.3.3; +http://www.infohelfer.de/crawler.php)"
208.115.113.91 - - [04/Feb/2013:09:03:24 +0100] "GET /news.php?cs_go=archiv&cs_id=3904 HTTP/1.1" 200 14802 "-" "Mozilla/5.0 (compatible; Ezooms/1.0; ezooms.bot@gmail.com)"
139.18.2.17 - - [04/Feb/2013:09:45:27 +0100] "GET /news.php?cs_go=archiv&cs_id=3811&cs_search= HTTP/1.1" 200 10104 "-" "findlinks/2.6 (+http://wortschatz.uni-leipzig.de/findlinks/)"
139.18.2.17 - - [04/Feb/2013:09:45:27 +0100] "GET /news.php?cs_go=archiv&cs_id=3811&cs_search= HTTP/1.1" 200 10017 "-" "findlinks/2.6 (+http://wortschatz.uni-leipzig.de/findlinks/)"
66.249.76.46 - - [04/Feb/2013:10:17:57 +0100] "GET /news.php?cs_go=archiv&cs_id=3855 HTTP/1.1" 200 13423 "-" "Mozilla/5.0 (compatible; Googlebot/2.1; +http://www.google.com/bot.html)"
66.249.76.46 - - [04/Feb/2013:10:22:53 +0100] "GET /style.css HTTP/1.1" 200 8418 "http://www.mink-gmbh.de/news.php?cs_go=archiv&cs_id=3855" "Mozilla/5.0 (compatible; Googlebot/2.1; +http://www.google.com/bot.html)"
81.30.151.218 - - [04/Feb/2013:10:35:42 +0100] "GET /news.php?cs_go=archiv&cs_id=3573&cs_search= HTTP/1.1" 200 10257 "-" "Pixray-Seeker/2.0 (Pixray-Seeker; +http://www.pixray.com/pixraybot; +crawler@pixray.com)"
208.115.113.91 - - [04/Feb/2013:10:40:13 +0100] "GET /lexikon.php?cs_go=2&cs_char=k HTTP/1.1" 200 9879 "-" "Mozilla/5.0 (compatible; Ezooms/1.0; ezooms.bot@gmail.com)"
208.115.113.91 - - [04/Feb/2013:10:40:18 +0100] "GET /kwk.php?cs_go=2 HTTP/1.1" 200 11855 "-" "Mozilla/5.0 (compatible; Ezooms/1.0; ezooms.bot@gmail.com)"
80.153.241.45 - - [04/Feb/2013:10:40:45 +0100] "GET /style.css HTTP/1.1" 200 8418 "http://www.mink-gmbh.de/" "Mozilla/4.0 (compatible; MSIE 8.0; Windows NT 5.2; Win64; x64; Trident/4.0; .NET CLR 2.0.50727; .NET CLR 3.0.04506.648; .NET CLR 3.0.4506.2152; .NET CLR 3.5.30729; .NET4.0C; .NET4.0E)"
80.153.241.45 - - [04/Feb/2013:10:40:45 +0100] "GET /js_contentserver24_greybox/gb_styles.css HTTP/1.1" 200 2302 "http://www.mink-gmbh.de/" "Mozilla/4.0 (compatible; MSIE 8.0; Windows NT 5.2; Win64; x64; Trident/4.0; .NET CLR 2.0.50727; .NET CLR 3.0.04506.648; .NET CLR 3.0.4506.2152; .NET CLR 3.5.30729; .NET4.0C; .NET4.0E)"
80.153.241.45 - - [04/Feb/2013:10:40:45 +0100] "GET /js_contentserver24_greybox/AJS_fx.js HTTP/1.1" 200 3192 "http://www.mink-gmbh.de/" "Mozilla/4.0 (compatible; MSIE 8.0; Windows NT 5.2; Win64; x64; Trident/4.0; .NET CLR 2.0.50727; .NET CLR 3.0.04506.648; .NET CLR 3.0.4506.2152; .NET CLR 3.5.30729; .NET4.0C; .NET4.0E)"
80.153.241.45 - - [04/Feb/2013:10:40:45 +0100] "GET /js_contentserver24_greybox/AJS.js HTTP/1.1" 200 10396 "http://www.mink-gmbh.de/" "Mozilla/4.0 (compatible; MSIE 8.0; Windows NT 5.2; Win64; x64; Trident/4.0; .NET CLR 2.0.50727; .NET CLR 3.0.04506.648; .NET CLR 3.0.4506.2152; .NET CLR 3.5.30729; .NET4.0C; .NET4.0E)"
80.153.241.45 - - [04/Feb/2013:10:40:45 +0100] "GET /js_contentserver24_greybox/gb_scripts.js HTTP/1.1" 200 11913 "http://www.mink-gmbh.de/" "Mozilla/4.0 (compatible; MSIE 8.0; Windows NT 5.2; Win64; x64; Trident/4.0; .NET CLR 2.0.50727; .NET CLR 3.0.04506.648; .NET CLR 3.0.4506.2152; .NET CLR 3.5.30729; .NET4.0C; .NET4.0E)"
80.153.241.45 - - [04/Feb/2013:10:40:44 +0100] "GET / HTTP/1.1" 200 15377 "http://www.google.de/url?sa=t&rct=j&q=mink&source=web&cd=5&ved=0CE0QFjAE&url=http%3A%2F%2Fwww.mink-gmbh.de%2F&ei=r4EPUYSVKcbx4QTqpICIBw&usg=AFQjCNFHX4Iglls9oo-KYXTmDUV_5KOVIg&bvm=bv.41867550,d.Yms" "Mozilla/4.0 (compatible; MSIE 8.0; Windows NT 5.2; Win64; x64; Trident/4.0; .NET CLR 2.0.50727; .NET CLR 3.0.04506.648; .NET CLR 3.0.4506.2152; .NET CLR 3.5.30729; .NET4.0C; .NET4.0E)"
80.153.241.45 - - [04/Feb/2013:10:40:45 +0100] "GET /modul.css HTTP/1.1" 200 35038 "http://www.mink-gmbh.de/" "Mozilla/4.0 (compatible; MSIE 8.0; Windows NT 5.2; Win64; x64; Trident/4.0; .NET CLR 2.0.50727; .NET CLR 3.0.04506.648; .NET CLR 3.0.4506.2152; .NET CLR 3.5.30729; .NET4.0C; .NET4.0E)"
141.8.147.1 - - [04/Feb/2013:10:41:34 +0100] "GET /lexikon.php?cs_go=3&cs_id=179 HTTP/1.1" 200 11583 "-" "Mozilla/5.0 (compatible; YandexBot/3.0; +http://yandex.com/bots)"
141.8.147.1 - - [04/Feb/2013:11:07:24 +0100] "GET / HTTP/1.1" 200 15377 "-" "Mozilla/5.0 (compatible; YandexBot/3.0; +http://yandex.com/bots)"
91.65.236.209 - - [04/Feb/2013:11:26:03 +0100] "GET /news.php?cs_go=archiv&cs_id=3796 HTTP/1.1" 200 13539 "-" "Mozilla/5.0 (Windows NT 6.1; WOW64; rv:12.0) Gecko/20100101 Firefox/12.0"
91.65.236.209 - - [04/Feb/2013:11:26:03 +0100] "GET /style.css HTTP/1.1" 200 8418 "http://www.mink-gmbh.de/news.php?cs_go=archiv&cs_id=3796" "Mozilla/5.0 (Windows NT 6.1; WOW64; rv:12.0) Gecko/20100101 Firefox/12.0"
91.65.236.209 - - [04/Feb/2013:11:26:03 +0100] "GET /modul.css HTTP/1.1" 200 35038 "http://www.mink-gmbh.de/news.php?cs_go=archiv&cs_id=3796" "Mozilla/5.0 (Windows NT 6.1; WOW64; rv:12.0) Gecko/20100101 Firefox/12.0"
91.65.236.209 - - [04/Feb/2013:11:26:04 +0100] "GET /images/mail.jpg HTTP/1.1" 200 11165 "http://www.mink-gmbh.de/news.php?cs_go=archiv&cs_id=3796" "Mozilla/5.0 (Windows NT 6.1; WOW64; rv:12.0) Gecko/20100101 Firefox/12.0"
91.65.236.209 - - [04/Feb/2013:11:26:03 +0100] "GET /images/freecall.jpg HTTP/1.1" 200 39195 "http://www.mink-gmbh.de/news.php?cs_go=archiv&cs_id=3796" "Mozilla/5.0 (Windows NT 6.1; WOW64; rv:12.0) Gecko/20100101 Firefox/12.0"
91.65.236.209 - - [04/Feb/2013:11:26:04 +0100] "GET /images/kwk.gif HTTP/1.1" 200 6403 "http://www.mink-gmbh.de/news.php?cs_go=archiv&cs_id=3796" "Mozilla/5.0 (Windows NT 6.1; WOW64; rv:12.0) Gecko/20100101 Firefox/12.0"
91.65.236.209 - - [04/Feb/2013:11:26:04 +0100] "GET /images/wunschpreis.jpg HTTP/1.1" 200 16767 "http://www.mink-gmbh.de/news.php?cs_go=archiv&cs_id=3796" "Mozilla/5.0 (Windows NT 6.1; WOW64; rv:12.0) Gecko/20100101 Firefox/12.0"
91.65.236.209 - - [04/Feb/2013:11:26:04 +0100] "GET /favicon.ico HTTP/1.1" 200 3638 "-" "Mozilla/5.0 (Windows NT 6.1; WOW64; rv:12.0) Gecko/20100101 Firefox/12.0"
91.65.236.209 - - [04/Feb/2013:11:26:04 +0100] "GET /images/logos.jpg HTTP/1.1" 200 15002 "http://www.mink-gmbh.de/news.php?cs_go=archiv&cs_id=3796" "Mozilla/5.0 (Windows NT 6.1; WOW64; rv:12.0) Gecko/20100101 Firefox/12.0"
91.65.236.209 - - [04/Feb/2013:11:26:04 +0100] "GET /images/bg.jpg HTTP/1.1" 200 345 "http://www.mink-gmbh.de/style.css" "Mozilla/5.0 (Windows NT 6.1; WOW64; rv:12.0) Gecko/20100101 Firefox/12.0"
91.65.236.209 - - [04/Feb/2013:11:26:05 +0100] "GET /images/close.png HTTP/1.1" 200 703 "http://www.mink-gmbh.de/news.php?cs_go=archiv&cs_id=3796" "Mozilla/5.0 (Windows NT 6.1; WOW64; rv:12.0) Gecko/20100101 Firefox/12.0"
91.65.236.209 - - [04/Feb/2013:11:26:05 +0100] "GET /images/newsletter_bg.jpg HTTP/1.1" 200 33610 "http://www.mink-gmbh.de/news.php?cs_go=archiv&cs_id=3796" "Mozilla/5.0 (Windows NT 6.1; WOW64; rv:12.0) Gecko/20100101 Firefox/12.0"
91.65.236.209 - - [04/Feb/2013:11:26:05 +0100] "GET /images/newsletter.png HTTP/1.1" 200 14619 "http://www.mink-gmbh.de/style.css" "Mozilla/5.0 (Windows NT 6.1; WOW64; rv:12.0) Gecko/20100101 Firefox/12.0"
91.65.236.209 - - [04/Feb/2013:11:26:05 +0100] "GET /images/header.jpg HTTP/1.1" 200 24413 "http://www.mink-gmbh.de/style.css" "Mozilla/5.0 (Windows NT 6.1; WOW64; rv:12.0) Gecko/20100101 Firefox/12.0"
91.65.236.209 - - [04/Feb/2013:11:26:05 +0100] "GET /images/footerbg.jpg HTTP/1.1" 200 2184 "http://www.mink-gmbh.de/style.css" "Mozilla/5.0 (Windows NT 6.1; WOW64; rv:12.0) Gecko/20100101 Firefox/12.0"
91.65.236.209 - - [04/Feb/2013:11:26:05 +0100] "GET /images/wrapperbg.jpg HTTP/1.1" 200 27465 "http://www.mink-gmbh.de/style.css" "Mozilla/5.0 (Windows NT 6.1; WOW64; rv:12.0) Gecko/20100101 Firefox/12.0"
91.65.236.209 - - [04/Feb/2013:11:26:05 +0100] "GET /images/navibg.png HTTP/1.1" 200 2803 "http://www.mink-gmbh.de/style.css" "Mozilla/5.0 (Windows NT 6.1; WOW64; rv:12.0) Gecko/20100101 Firefox/12.0"
91.65.236.209 - - [04/Feb/2013:11:26:46 +0100] "GET / HTTP/1.1" 200 14721 "-" "Mozilla/5.0 (Windows NT 6.1; WOW64; rv:12.0) Gecko/20100101 Firefox/12.0"
91.65.236.209 - - [04/Feb/2013:11:26:46 +0100] "GET /images/tkw.jpg HTTP/1.1" 200 64031 "http://www.mink-gmbh.de/" "Mozilla/5.0 (Windows NT 6.1; WOW64; rv:12.0) Gecko/20100101 Firefox/12.0"
91.65.236.209 - - [04/Feb/2013:11:26:47 +0100] "GET /images/fallend.png HTTP/1.1" 200 713 "http://www.mink-gmbh.de/modul.css" "Mozilla/5.0 (Windows NT 6.1; WOW64; rv:12.0) Gecko/20100101 Firefox/12.0"
91.65.236.209 - - [04/Feb/2013:11:26:47 +0100] "GET /images/steigend.png HTTP/1.1" 200 688 "http://www.mink-gmbh.de/modul.css" "Mozilla/5.0 (Windows NT 6.1; WOW64; rv:12.0) Gecko/20100101 Firefox/12.0"
91.65.236.209 - - [04/Feb/2013:11:26:47 +0100] "GET /images/mobil.jpg HTTP/1.1" 200 25293 "http://www.mink-gmbh.de/style.css" "Mozilla/5.0 (Windows NT 6.1; WOW64; rv:12.0) Gecko/20100101 Firefox/12.0"
91.65.236.209 - - [04/Feb/2013:11:26:47 +0100] "GET /images/newsletter.jpg HTTP/1.1" 200 13130 "http://www.mink-gmbh.de/style.css" "Mozilla/5.0 (Windows NT 6.1; WOW64; rv:12.0) Gecko/20100101 Firefox/12.0"
66.249.76.46 - - [04/Feb/2013:11:48:51 +0100] "GET /news.php?cs_go=archiv&cs_id=3857 HTTP/1.1" 200 10177 "-" "Mozilla/5.0 (compatible; Googlebot/2.1; +http://www.google.com/bot.html)"
66.249.76.46 - - [04/Feb/2013:12:03:13 +0100] "GET /news.php?cs_go=archiv&cs_id=3856 HTTP/1.1" 200 9876 "-" "Mozilla/5.0 (compatible; Googlebot/2.1; +http://www.google.com/bot.html)"
65.36.241.79 - - [04/Feb/2013:12:07:39 +0100] "HEAD / HTTP/1.1" 200 - "-" "InternetSeer.com"
125.176.223.177 - - [04/Feb/2013:12:16:04 +0100] "GET /newsletter.php HTTP/1.1" 200 8928 "http://www.mink-gmbh.de/" "Mozilla/5.0 (compatible; MSIE 9.0; Windows NT 6.1; WOW64; Trident/5.0)"
220.181.108.85 - - [04/Feb/2013:12:32:57 +0100] "GET / HTTP/1.1" 200 10280 "-" "Mozilla/5.0 (compatible; Baiduspider/2.0; +http://www.baidu.com/search/spider.html)"
123.125.71.45 - - [04/Feb/2013:12:33:53 +0100] "GET / HTTP/1.1" 200 6434 "-" "Mozilla/5.0 (compatible; Baiduspider/2.0; +http://www.baidu.com/search/spider.html)"
141.8.147.1 - - [04/Feb/2013:12:34:39 +0100] "GET /news.php?cs_go=archiv&cs_id=3895 HTTP/1.1" 200 12543 "-" "Mozilla/5.0 (compatible; YandexBot/3.0; +http://yandex.com/bots)"
66.249.76.46 - - [04/Feb/2013:12:36:40 +0100] "GET / HTTP/1.1" 200 15377 "-" "Mozilla/5.0 (compatible; Googlebot/2.1; +http://www.google.com/bot.html)"
208.115.113.91 - - [04/Feb/2013:12:38:57 +0100] "GET /robots.txt HTTP/1.1" 200 177 "-" "Mozilla/5.0 (compatible; Ezooms/1.0; ezooms.bot@gmail.com)"
66.249.76.46 - - [04/Feb/2013:12:53:54 +0100] "GET /news.php?cs_go=archiv&cs_id=3907 HTTP/1.1" 200 9791 "-" "Mozilla/5.0 (compatible; Googlebot/2.1; +http://www.google.com/bot.html)"
66.249.76.46 - - [04/Feb/2013:12:53:55 +0100] "GET /news.php?cs_go=archiv&cs_id=3908 HTTP/1.1" 200 11958 "-" "Mozilla/5.0 (compatible; Googlebot/2.1; +http://www.google.com/bot.html)"
66.249.76.46 - - [04/Feb/2013:12:53:55 +0100] "GET /news.php?cs_go=archiv&cs_id=3906 HTTP/1.1" 200 11109 "-" "Mozilla/5.0 (compatible; Googlebot/2.1; +http://www.google.com/bot.html)"
157.56.229.23 - - [04/Feb/2013:13:03:01 +0100] "GET /robots.txt HTTP/1.1" 200 177 "-" "Mozilla/5.0 (compatible; bingbot/2.0; +http://www.bing.com/bingbot.htm)"
178.197.232.45 - - [04/Feb/2013:13:04:29 +0100] "GET /style.css HTTP/1.1" 200 8418 "http://www.mink-gmbh.de/" "Mozilla/5.0 (Linux; U; Android 4.0.3; de-de; IdeaTab A2107A-H Build/IML74K) AppleWebKit/534.30 (KHTML, like Gecko) Version/4.0 Safari/534.30"
178.197.232.45 - - [04/Feb/2013:13:04:30 +0100] "GET /js_contentserver24_greybox/gb_styles.css HTTP/1.1" 200 2302 "http://www.mink-gmbh.de/" "Mozilla/5.0 (Linux; U; Android 4.0.3; de-de; IdeaTab A2107A-H Build/IML74K) AppleWebKit/534.30 (KHTML, like Gecko) Version/4.0 Safari/534.30"
178.197.232.45 - - [04/Feb/2013:13:04:29 +0100] "GET / HTTP/1.1" 200 15377 "http://m.klicktel.de/?action=detail&entryId=QXJWJYOW7C709B&prevaction=tradesearch&what=&trade=Kohlen+und+Brennstoffe&tradeid=&where=Berlin&addressNumber=&start=10&isseo=0&long=&lat=" "Mozilla/5.0 (Linux; U; Android 4.0.3; de-de; IdeaTab A2107A-H Build/IML74K) AppleWebKit/534.30 (KHTML, like Gecko) Version/4.0 Safari/534.30"
178.197.232.45 - - [04/Feb/2013:13:04:30 +0100] "GET /js_contentserver24_greybox/AJS.js HTTP/1.1" 200 10396 "http://www.mink-gmbh.de/" "Mozilla/5.0 (Linux; U; Android 4.0.3; de-de; IdeaTab A2107A-H Build/IML74K) AppleWebKit/534.30 (KHTML, like Gecko) Version/4.0 Safari/534.30"
178.197.232.45 - - [04/Feb/2013:13:04:30 +0100] "GET /js_contentserver24_greybox/AJS_fx.js HTTP/1.1" 200 3192 "http://www.mink-gmbh.de/" "Mozilla/5.0 (Linux; U; Android 4.0.3; de-de; IdeaTab A2107A-H Build/IML74K) AppleWebKit/534.30 (KHTML, like Gecko) Version/4.0 Safari/534.30"
178.197.232.45 - - [04/Feb/2013:13:04:30 +0100] "GET /js_contentserver24_greybox/gb_scripts.js HTTP/1.1" 200 11913 "http://www.mink-gmbh.de/" "Mozilla/5.0 (Linux; U; Android 4.0.3; de-de; IdeaTab A2107A-H Build/IML74K) AppleWebKit/534.30 (KHTML, like Gecko) Version/4.0 Safari/534.30"
178.197.232.45 - - [04/Feb/2013:13:04:29 +0100] "GET /modul.css HTTP/1.1" 200 35038 "http://www.mink-gmbh.de/" "Mozilla/5.0 (Linux; U; Android 4.0.3; de-de; IdeaTab A2107A-H Build/IML74K) AppleWebKit/534.30 (KHTML, like Gecko) Version/4.0 Safari/534.30"
178.197.232.45 - - [04/Feb/2013:13:04:38 +0100] "GET /images/bg.jpg HTTP/1.1" 200 345 "http://www.mink-gmbh.de/" "Mozilla/5.0 (Linux; U; Android 4.0.3; de-de; IdeaTab A2107A-H Build/IML74K) AppleWebKit/534.30 (KHTML, like Gecko) Version/4.0 Safari/534.30"
157.56.229.23 - - [04/Feb/2013:13:04:38 +0100] "GET /news.php HTTP/1.1" 200 22292 "-" "Mozilla/5.0 (compatible; bingbot/2.0; +http://www.bing.com/bingbot.htm)"
178.197.232.45 - - [04/Feb/2013:13:04:39 +0100] "GET /js_contentserver24_greybox/w_close.gif HTTP/1.1" 200 74 "http://www.mink-gmbh.de/" "Mozilla/5.0 (Linux; U; Android 4.0.3; de-de; IdeaTab A2107A-H Build/IML74K) AppleWebKit/534.30 (KHTML, like Gecko) Version/4.0 Safari/534.30"
178.197.232.45 - - [04/Feb/2013:13:04:39 +0100] "GET /images/close.png HTTP/1.1" 200 703 "http://www.mink-gmbh.de/" "Mozilla/5.0 (Linux; U; Android 4.0.3; de-de; IdeaTab A2107A-H Build/IML74K) AppleWebKit/534.30 (KHTML, like Gecko) Version/4.0 Safari/534.30"
