79.192.220.149 - - [04/Feb/2013:22:20:57 +0100] "GET /images/bg.jpg HTTP/1.1" 200 345 "http://www.mink-gmbh.de/preisanfrage.php" "Mozilla/5.0 (compatible; MSIE 9.0; Windows NT 6.1; WOW64; Trident/5.0)"
79.192.220.149 - - [04/Feb/2013:22:20:57 +0100] "GET /images/newsletter_bg.jpg HTTP/1.1" 200 33610 "http://www.mink-gmbh.de/preisanfrage.php" "Mozilla/5.0 (compatible; MSIE 9.0; Windows NT 6.1; WOW64; Trident/5.0)"
79.192.220.149 - - [04/Feb/2013:22:20:57 +0100] "GET /images/wrapperbg.jpg HTTP/1.1" 200 27465 "http://www.mink-gmbh.de/preisanfrage.php" "Mozilla/5.0 (compatible; MSIE 9.0; Windows NT 6.1; WOW64; Trident/5.0)"
79.192.220.149 - - [04/Feb/2013:22:20:57 +0100] "GET /images/navibg.png HTTP/1.1" 200 2803 "http://www.mink-gmbh.de/preisanfrage.php" "Mozilla/5.0 (compatible; MSIE 9.0; Windows NT 6.1; WOW64; Trident/5.0)"
79.192.220.149 - - [04/Feb/2013:22:20:57 +0100] "GET /images/close.png HTTP/1.1" 200 703 "http://www.mink-gmbh.de/preisanfrage.php" "Mozilla/5.0 (compatible; MSIE 9.0; Windows NT 6.1; WOW64; Trident/5.0)"
79.192.220.149 - - [04/Feb/2013:22:20:57 +0100] "GET /images/newsletter.png HTTP/1.1" 200 14619 "http://www.mink-gmbh.de/preisanfrage.php" "Mozilla/5.0 (compatible; MSIE 9.0; Windows NT 6.1; WOW64; Trident/5.0)"
79.192.220.149 - - [04/Feb/2013:22:20:57 +0100] "GET /images/header.jpg HTTP/1.1" 200 24413 "http://www.mink-gmbh.de/preisanfrage.php" "Mozilla/5.0 (compatible; MSIE 9.0; Windows NT 6.1; WOW64; Trident/5.0)"
79.192.220.149 - - [04/Feb/2013:22:20:57 +0100] "GET /images/footerbg.jpg HTTP/1.1" 200 2184 "http://www.mink-gmbh.de/preisanfrage.php" "Mozilla/5.0 (compatible; MSIE 9.0; Windows NT 6.1; WOW64; Trident/5.0)"
79.192.220.149 - - [04/Feb/2013:22:20:58 +0100] "GET /favicon.ico HTTP/1.1" 200 3638 "-" "Mozilla/5.0 (compatible; MSIE 9.0; Windows NT 6.1; WOW64; Trident/5.0)"
66.249.76.46 - - [04/Feb/2013:22:40:25 +0100] "GET /news.php?cs_go=archiv&cs_id=3561&cs_search= HTTP/1.1" 200 9991 "-" "Mozilla/5.0 (compatible; Googlebot/2.1; +http://www.google.com/bot.html)"
208.115.113.91 - - [04/Feb/2013:22:57:25 +0100] "GET /lexikon.php?cs_go=2&cs_char=e HTTP/1.1" 200 9079 "-" "Mozilla/5.0 (compatible; Ezooms/1.0; ezooms.bot@gmail.com)"
208.115.113.91 - - [04/Feb/2013:22:57:32 +0100] "GET /news.php?cs_go=archiv&cs_startpos=300 HTTP/1.1" 200 8125 "-" "Mozilla/5.0 (compatible; Ezooms/1.0; ezooms.bot@gmail.com)"
65.36.241.79 - - [04/Feb/2013:23:07:35 +0100] "HEAD / HTTP/1.1" 200 - "-" "InternetSeer.com"
66.249.76.46 - - [04/Feb/2013:23:09:16 +0100] "GET /kontakt.php HTTP/1.1" 200 9198 "-" "DoCoMo/2.0 N905i(c100;TB;W24H16) (compatible; Googlebot-Mobile/2.1; +http://www.google.com/bot.html)"
62.157.48.217 - - [04/Feb/2013:23:52:40 +0100] "GET /faq.php HTTP/1.1" 200 185910 "-" "Mozilla/5.0 (Windows; U; Windows NT 5.1; de; rv:1.9.0.10) Gecko/2009042316 Firefox/3.0.10"
66.249.76.46 - - [04/Feb/2013:23:57:10 +0100] "GET /news.php?cs_go=archiv&cs_id=3457&cs_search= HTTP/1.1" 200 13530 "-" "Mozilla/5.0 (compatible; Googlebot/2.1; +http://www.google.com/bot.html)"
92.225.45.55 - - [04/Feb/2013:23:58:11 +0100] "GET /newsletter.php HTTP/1.1" 200 8928 "-" "Mozilla/5.0 (Windows; U; Windows NT 6.1; en-US; rv:1.9.2.2) Gecko/20100316 Firefox/3.6.2"
62.157.42.252 - - [04/Feb/2013:23:58:19 +0100] "GET /index.php HTTP/1.1" 200 15392 "-" "Mozilla/5.0 (Windows; U; Windows NT 6.1; en-US; rv:1.9.2.2) Gecko/20100316 Firefox/3.6.2"
77.185.226.202 - - [04/Feb/2013:23:58:26 +0100] "GET /standard.php HTTP/1.1" 200 9218 "-" "Mozilla/5.0 (X11; U; Linux x86_64; en-US; rv:1.9.0.19) Gecko/2010102809 Iceweasel/3.0.6 (Debian-3.0.6-3)"
91.23.20.210 - - [04/Feb/2013:23:58:43 +0100] "GET /wunschpreis.php HTTP/1.1" 200 12084 "-" "Mozilla/5.0 (Windows; U; Windows NT 5.1; de; rv:1.9.0.10) Gecko/2009042316 Firefox/3.0.10"
91.23.20.210 - - [04/Feb/2013:23:58:54 +0100] "GET /preisanfrage.php HTTP/1.1" 200 10734 "-" "Mozilla/5.0 (Windows; U; Windows NT 6.1; en-US; rv:1.9.2.2) Gecko/20100316 Firefox/3.6.2"
62.157.48.217 - - [04/Feb/2013:23:58:56 +0100] "GET /news.php HTTP/1.1" 200 22338 "-" "Mozilla/5.0 (X11; U; Linux x86_64; en-US; rv:1.9.0.19) Gecko/2010102809 Iceweasel/3.0.6 (Debian-3.0.6-3)"
84.191.146.195 - - [04/Feb/2013:23:59:00 +0100] "GET /lexikon.php HTTP/1.1" 200 10523 "-" "Mozilla/5.0 (Windows; U; Windows NT 6.1; en-US; rv:1.9.2.2) Gecko/20100316 Firefox/3.6.2"
88.74.113.146 - - [04/Feb/2013:23:59:09 +0100] "GET /energiesparcheck.php HTTP/1.1" 200 13581 "-" "Mozilla/5.0 (Windows; U; Windows NT 5.1; de; rv:1.9.0.10) Gecko/2009042316 Firefox/3.0.10"
62.157.42.252 - - [04/Feb/2013:23:59:13 +0100] "GET /foerdermittel.php HTTP/1.1" 200 12908 "-" "Mozilla/5.0 (Windows; U; Windows NT 6.1; en-US; rv:1.9.2.2) Gecko/20100316 Firefox/3.6.2"
62.157.42.252 - - [04/Feb/2013:23:59:23 +0100] "GET /modernisierung.php HTTP/1.1" 200 11578 "-" "Mozilla/5.0 (Windows; U; Windows NT 6.1; en-US; rv:1.9.2.2) Gecko/20100316 Firefox/3.6.2"
62.157.48.217 - - [04/Feb/2013:23:59:34 +0100] "GET /jobs.php HTTP/1.1" 200 10090 "-" "Mozilla/5.0 (Windows; U; Windows NT 5.1; de; rv:1.9.0.10) Gecko/2009042316 Firefox/3.0.10"
77.185.226.202 - - [04/Feb/2013:23:59:41 +0100] "GET /kontakt.php HTTP/1.1" 200 9198 "-" "Mozilla/5.0 (X11; U; Linux x86_64; en-US; rv:1.9.0.19) Gecko/2010102809 Iceweasel/3.0.6 (Debian-3.0.6-3)"
62.157.48.217 - - [04/Feb/2013:23:59:49 +0100] "GET /impressum.php HTTP/1.1" 200 8582 "-" "Mozilla/5.0 (X11; U; Linux x86_64; en-US; rv:1.9.0.19) Gecko/2010102809 Iceweasel/3.0.6 (Debian-3.0.6-3)"
5.9.7.208 - - [05/Feb/2013:00:34:03 +0100] "GET /robots.txt HTTP/1.0" 200 177 "-" "Mozilla/5.0 (compatible; MJ12bot/v1.4.3; http://www.majestic12.co.uk/bot.php?+)"
5.9.7.208 - - [05/Feb/2013:00:34:05 +0100] "GET /agb.php HTTP/1.0" 200 19709 "-" "Mozilla/5.0 (compatible; MJ12bot/v1.4.3; http://www.majestic12.co.uk/bot.php?+)"
5.9.7.208 - - [05/Feb/2013:00:34:06 +0100] "GET /news.php?cs_go=archiv&cs_id=2678 HTTP/1.0" 200 7887 "-" "Mozilla/5.0 (compatible; MJ12bot/v1.4.3; http://www.majestic12.co.uk/bot.php?+)"
5.9.7.208 - - [05/Feb/2013:00:34:07 +0100] "GET /robots.txt HTTP/1.0" 200 177 "-" "Mozilla/5.0 (compatible; MJ12bot/v1.4.3; http://www.majestic12.co.uk/bot.php?+)"
5.9.7.208 - - [05/Feb/2013:00:34:09 +0100] "GET /news.php?cs_go=archiv&cs_id=2679 HTTP/1.0" 200 7887 "-" "Mozilla/5.0 (compatible; MJ12bot/v1.4.3; http://www.majestic12.co.uk/bot.php?+)"
5.9.7.208 - - [05/Feb/2013:00:34:10 +0100] "GET /news.php?cs_go=archiv&cs_id=2680 HTTP/1.0" 200 7887 "-" "Mozilla/5.0 (compatible; MJ12bot/v1.4.3; http://www.majestic12.co.uk/bot.php?+)"
5.9.7.208 - - [05/Feb/2013:00:34:12 +0100] "GET /news.php?cs_go=archiv&cs_id=2681 HTTP/1.0" 200 7887 "-" "Mozilla/5.0 (compatible; MJ12bot/v1.4.3; http://www.majestic12.co.uk/bot.php?+)"
5.9.7.208 - - [05/Feb/2013:00:34:13 +0100] "GET /robots.txt HTTP/1.0" 200 177 "-" "Mozilla/5.0 (compatible; MJ12bot/v1.4.3; http://www.majestic12.co.uk/bot.php?+)"
5.9.7.208 - - [05/Feb/2013:00:34:14 +0100] "GET /news.php?cs_go=archiv&cs_id=2682 HTTP/1.0" 200 7887 "-" "Mozilla/5.0 (compatible; MJ12bot/v1.4.3; http://www.majestic12.co.uk/bot.php?+)"
5.9.7.208 - - [05/Feb/2013:00:34:17 +0100] "GET /news.php?cs_go=archiv&cs_id=2683 HTTP/1.0" 200 7887 "-" "Mozilla/5.0 (compatible; MJ12bot/v1.4.3; http://www.majestic12.co.uk/bot.php?+)"
5.9.7.208 - - [05/Feb/2013:00:34:18 +0100] "GET /news.php?cs_go=archiv&cs_id=2684 HTTP/1.0" 200 7887 "-" "Mozilla/5.0 (compatible; MJ12bot/v1.4.3; http://www.majestic12.co.uk/bot.php?+)"
5.9.7.208 - - [05/Feb/2013:00:34:20 +0100] "GET /news.php?cs_go=archiv&cs_id=2685 HTTP/1.0" 200 7887 "-" "Mozilla/5.0 (compatible; MJ12bot/v1.4.3; http://www.majestic12.co.uk/bot.php?+)"
5.9.7.208 - - [05/Feb/2013:00:34:21 +0100] "GET /news.php?cs_go=archiv&cs_id=2686 HTTP/1.0" 200 7887 "-" "Mozilla/5.0 (compatible; MJ12bot/v1.4.3; http://www.majestic12.co.uk/bot.php?+)"
5.9.7.208 - - [05/Feb/2013:00:34:23 +0100] "GET /news.php?cs_go=archiv&cs_id=2687 HTTP/1.0" 200 7887 "-" "Mozilla/5.0 (compatible; MJ12bot/v1.4.3; http://www.majestic12.co.uk/bot.php?+)"
5.9.7.208 - - [05/Feb/2013:00:34:25 +0100] "GET /news.php?cs_go=archiv&cs_id=2688 HTTP/1.0" 200 7887 "-" "Mozilla/5.0 (compatible; MJ12bot/v1.4.3; http://www.majestic12.co.uk/bot.php?+)"
5.9.7.208 - - [05/Feb/2013:00:34:26 +0100] "GET /news.php?cs_go=archiv&cs_id=2689 HTTP/1.0" 200 7887 "-" "Mozilla/5.0 (compatible; MJ12bot/v1.4.3; http://www.majestic12.co.uk/bot.php?+)"
5.9.7.208 - - [05/Feb/2013:00:34:28 +0100] "GET /news.php?cs_go=archiv&cs_id=2690 HTTP/1.0" 200 7887 "-" "Mozilla/5.0 (compatible; MJ12bot/v1.4.3; http://www.majestic12.co.uk/bot.php?+)"
5.9.7.208 - - [05/Feb/2013:00:34:29 +0100] "GET /news.php?cs_go=archiv&cs_id=2691 HTTP/1.0" 200 7887 "-" "Mozilla/5.0 (compatible; MJ12bot/v1.4.3; http://www.majestic12.co.uk/bot.php?+)"
208.115.113.91 - - [05/Feb/2013:00:48:26 +0100] "GET /robots.txt HTTP/1.1" 200 177 "-" "Mozilla/5.0 (compatible; Ezooms/1.0; ezooms.bot@gmail.com)"
95.211.139.1 - - [05/Feb/2013:00:59:36 +0100] "GET /robots.txt HTTP/1.0" 200 177 "-" "Mozilla/5.0 (compatible; AcoonBot/4.11.1; +http://www.acoon.de/robot.asp)"
95.211.139.1 - - [05/Feb/2013:00:59:36 +0100] "GET / HTTP/1.0" 200 15392 "-" "Mozilla/5.0 (compatible; AcoonBot/4.11.1; +http://www.acoon.de/robot.asp)"
66.249.76.46 - - [05/Feb/2013:01:02:29 +0100] "GET /news.php?cs_go=archiv&cs_id=3752 HTTP/1.1" 200 10359 "-" "SAMSUNG-SGH-E250/1.0 Profile/MIDP-2.0 Configuration/CLDC-1.1 UP.Browser/6.2.3.3.c.1.101 (GUI) MMP/2.0 (compatible; Googlebot-Mobile/2.1; +http://www.google.com/bot.html)"
139.18.2.209 - - [05/Feb/2013:01:44:01 +0100] "GET /news.php?cs_go=archiv&cs_id=3740&cs_search= HTTP/1.1" 200 6992 "-" "findlinks/2.6 (+http://wortschatz.uni-leipzig.de/findlinks/)"
139.18.2.209 - - [05/Feb/2013:01:44:01 +0100] "GET /news.php?cs_go=archiv&cs_id=3740&cs_search= HTTP/1.1" 200 11994 "-" "findlinks/2.6 (+http://wortschatz.uni-leipzig.de/findlinks/)"
208.115.113.91 - - [05/Feb/2013:02:37:41 +0100] "GET /lexikon.php?cs_go=2&cs_char=c HTTP/1.1" 200 8836 "-" "Mozilla/5.0 (compatible; Ezooms/1.0; ezooms.bot@gmail.com)"
208.115.113.91 - - [05/Feb/2013:02:37:36 +0100] "GET /index.php HTTP/1.1" 200 15392 "-" "Mozilla/5.0 (compatible; Ezooms/1.0; ezooms.bot@gmail.com)"
208.115.113.91 - - [05/Feb/2013:02:38:07 +0100] "GET /news.php?cs_go=archiv&cs_id=3818&cs_search= HTTP/1.1" 200 13352 "-" "Mozilla/5.0 (compatible; Ezooms/1.0; ezooms.bot@gmail.com)"
157.55.32.98 - - [05/Feb/2013:03:29:47 +0100] "GET /robots.txt HTTP/1.1" 200 177 "-" "Mozilla/5.0 (compatible; bingbot/2.0; +http://www.bing.com/bingbot.htm)"
157.55.32.98 - - [05/Feb/2013:03:31:35 +0100] "GET / HTTP/1.1" 200 15392 "-" "Mozilla/5.0 (compatible; bingbot/2.0; +http://www.bing.com/bingbot.htm)"
141.8.147.1 - - [05/Feb/2013:03:35:35 +0100] "GET /news.php?cs_go=archiv&cs_id=3898&cs_search= HTTP/1.1" 200 9937 "-" "Mozilla/5.0 (compatible; YandexBot/3.0; +http://yandex.com/bots)"
65.36.241.79 - - [05/Feb/2013:03:50:17 +0100] "HEAD / HTTP/1.1" 200 - "-" "InternetSeer.com"
208.115.113.91 - - [05/Feb/2013:04:34:54 +0100] "GET /robots.txt HTTP/1.1" 200 177 "-" "Mozilla/5.0 (compatible; Ezooms/1.0; ezooms.bot@gmail.com)"
66.249.76.46 - - [05/Feb/2013:04:43:38 +0100] "GET /kwk.php?cs_go=1 HTTP/1.1" 200 7805 "-" "Mozilla/5.0 (compatible; Googlebot/2.1; +http://www.google.com/bot.html)"
66.249.76.46 - - [05/Feb/2013:04:47:10 +0100] "GET /news.php?cs_go=archiv&cs_id=2957 HTTP/1.1" 200 9774 "-" "Mozilla/5.0 (compatible; Googlebot/2.1; +http://www.google.com/bot.html)"
66.249.76.46 - - [05/Feb/2013:05:18:25 +0100] "GET / HTTP/1.1" 200 15392 "-" "Mozilla/5.0 (iPhone; U; CPU iPhone OS 4_1 like Mac OS X; en-us) AppleWebKit/532.9 (KHTML, like Gecko) Version/4.0.5 Mobile/8B117 Safari/6531.22.7 (compatible; Googlebot-Mobile/2.1; +http://www.google.com/bot.html)"
123.125.71.40 - - [05/Feb/2013:05:30:08 +0100] "GET / HTTP/1.1" 200 7819 "-" "Mozilla/5.0 (compatible; Baiduspider/2.0; +http://www.baidu.com/search/spider.html)"
81.30.151.218 - - [05/Feb/2013:05:30:27 +0100] "GET /robots.txt HTTP/1.1" 200 177 "-" "Pixray-Seeker/2.0 (Pixray-Seeker; +http://www.pixray.com/pixraybot; +crawler@pixray.com)"
81.30.151.218 - - [05/Feb/2013:05:30:27 +0100] "GET /news.php?cs_go=archiv&cs_id=3269&cs_search= HTTP/1.1" 200 9796 "-" "Pixray-Seeker/2.0 (Pixray-Seeker; +http://www.pixray.com/pixraybot; +crawler@pixray.com)"
220.181.108.118 - - [05/Feb/2013:05:30:41 +0100] "GET / HTTP/1.1" 200 8752 "-" "Mozilla/5.0 (compatible; Baiduspider/2.0; +http://www.baidu.com/search/spider.html)"
81.30.151.218 - - [05/Feb/2013:05:53:14 +0100] "GET /news.php?cs_go=archiv&cs_id=3233&cs_search= HTTP/1.1" 200 10009 "-" "Pixray-Seeker/2.0 (Pixray-Seeker; +http://www.pixray.com/pixraybot; +crawler@pixray.com)"
141.8.147.1 - - [05/Feb/2013:06:04:50 +0100] "GET /robots.txt HTTP/1.1" 200 177 "-" "Mozilla/5.0 (compatible; YandexBot/3.0; +http://yandex.com/bots)"
66.249.76.46 - - [05/Feb/2013:06:31:58 +0100] "GET /news.php?cs_go=archiv&cs_id=3274&cs_search= HTTP/1.1" 200 9977 "-" "Mozilla/5.0 (compatible; Googlebot/2.1; +http://www.google.com/bot.html)"
81.30.151.218 - - [05/Feb/2013:06:36:17 +0100] "GET /news.php?cs_go=archiv&cs_id=3123&cs_search= HTTP/1.1" 200 11015 "-" "Pixray-Seeker/2.0 (Pixray-Seeker; +http://www.pixray.com/pixraybot; +crawler@pixray.com)"
66.249.76.46 - - [05/Feb/2013:06:39:52 +0100] "GET /news.php?cs_go=archiv&cs_id=3077 HTTP/1.1" 200 9940 "-" "Mozilla/5.0 (compatible; Googlebot/2.1; +http://www.google.com/bot.html)"
208.115.113.91 - - [05/Feb/2013:06:51:58 +0100] "GET /lexikon.php?cs_go=2&cs_char=a HTTP/1.1" 200 9803 "-" "Mozilla/5.0 (compatible; Ezooms/1.0; ezooms.bot@gmail.com)"
139.18.2.209 - - [05/Feb/2013:06:57:42 +0100] "GET /index.php HTTP/1.1" 200 3409 "-" "findlinks/2.6 (+http://wortschatz.uni-leipzig.de/findlinks/)"
139.18.2.209 - - [05/Feb/2013:06:57:42 +0100] "GET /index.php HTTP/1.1" 200 14651 "-" "findlinks/2.6 (+http://wortschatz.uni-leipzig.de/findlinks/)"
66.249.76.46 - - [05/Feb/2013:07:19:13 +0100] "GET /news.php?cs_go=archiv&cs_id=3246&cs_search= HTTP/1.1" 200 13330 "-" "Mozilla/5.0 (compatible; Googlebot/2.1; +http://www.google.com/bot.html)"
139.18.2.209 - - [05/Feb/2013:07:21:06 +0100] "GET /kwk.php HTTP/1.1" 200 5767 "-" "findlinks/2.6 (+http://wortschatz.uni-leipzig.de/findlinks/)"
139.18.2.209 - - [05/Feb/2013:07:21:06 +0100] "GET /kwk.php HTTP/1.1" 200 10797 "-" "findlinks/2.6 (+http://wortschatz.uni-leipzig.de/findlinks/)"
66.249.76.46 - - [05/Feb/2013:07:27:04 +0100] "GET /news.php?cs_go=archiv&cs_id=3078 HTTP/1.1" 200 13505 "-" "Mozilla/5.0 (compatible; Googlebot/2.1; +http://www.google.com/bot.html)"
66.249.76.46 - - [05/Feb/2013:07:35:02 +0100] "GET /news.php?cs_go=archiv&cs_startpos=571 HTTP/1.1" 200 8125 "-" "Mozilla/5.0 (compatible; Googlebot/2.1; +http://www.google.com/bot.html)"
66.249.76.46 - - [05/Feb/2013:07:42:51 +0100] "GET /news.php?cs_go=archiv&cs_id=3193&cs_search= HTTP/1.1" 200 9864 "-" "Mozilla/5.0 (compatible; Googlebot/2.1; +http://www.google.com/bot.html)"
66.249.76.46 - - [05/Feb/2013:08:22:12 +0100] "GET /news.php?cs_go=archiv&cs_id=3804&cs_search= HTTP/1.1" 200 10011 "-" "Mozilla/5.0 (compatible; Googlebot/2.1; +http://www.google.com/bot.html)"
81.30.151.218 - - [05/Feb/2013:08:25:53 +0100] "GET /news.php?cs_go=archiv&cs_id=1677&cs_search= HTTP/1.1" 200 7887 "-" "Pixray-Seeker/2.0 (Pixray-Seeker; +http://www.pixray.com/pixraybot; +crawler@pixray.com)"
123.125.71.39 - - [05/Feb/2013:08:29:58 +0100] "GET /robots.txt HTTP/1.1" 200 177 "-" "Mozilla/5.0 (Windows NT 5.1; rv:6.0.2) Gecko/20100101 Firefox/6.0.2"
208.115.113.91 - - [05/Feb/2013:08:33:32 +0100] "GET /robots.txt HTTP/1.1" 200 177 "-" "Mozilla/5.0 (compatible; Ezooms/1.0; ezooms.bot@gmail.com)"
65.36.241.79 - - [05/Feb/2013:08:33:38 +0100] "HEAD / HTTP/1.1" 200 - "-" "InternetSeer.com"
141.8.147.1 - - [05/Feb/2013:08:57:43 +0100] "GET /lexikon.php?cs_go=3&cs_id=179 HTTP/1.1" 200 11583 "-" "Mozilla/5.0 (compatible; YandexBot/3.0; +http://yandex.com/bots)"
194.7.35.200 - - [05/Feb/2013:09:01:11 +0100] "GET / HTTP/1.1" 200 15381 "-" "-"
194.7.35.200 - - [05/Feb/2013:09:01:13 +0100] "GET /style.css HTTP/1.1" 200 8418 "http://www.mink-gmbh.de/" "Mozilla/5.0 (Windows; N; ; fr-BE) AppleWebKit/527+ (KHTML, like Gecko, Safari/419.3) Qt/4.5.3"
194.7.35.200 - - [05/Feb/2013:09:01:13 +0100] "GET /modul.css HTTP/1.1" 200 35038 "http://www.mink-gmbh.de/" "Mozilla/5.0 (Windows; N; ; fr-BE) AppleWebKit/527+ (KHTML, like Gecko, Safari/419.3) Qt/4.5.3"
194.7.35.200 - - [05/Feb/2013:09:01:13 +0100] "GET / HTTP/1.1" 200 15381 "-" "Mozilla/5.0 (Windows; N; ; fr-BE) AppleWebKit/527+ (KHTML, like Gecko, Safari/419.3) Qt/4.5.3"
194.7.35.200 - - [05/Feb/2013:09:01:20 +0100] "GET /js_contentserver24_greybox/gb_styles.css HTTP/1.1" 200 2302 "http://www.mink-gmbh.de/" "Mozilla/5.0 (Windows; N; ; fr-BE) AppleWebKit/527+ (KHTML, like Gecko, Safari/419.3) Qt/4.5.3"
194.7.35.200 - - [05/Feb/2013:09:01:20 +0100] "GET /images/bg.jpg HTTP/1.1" 200 345 "http://www.mink-gmbh.de/" "Mozilla/5.0 (Windows; N; ; fr-BE) AppleWebKit/527+ (KHTML, like Gecko, Safari/419.3) Qt/4.5.3"
194.7.35.200 - - [05/Feb/2013:09:01:20 +0100] "GET /js_contentserver24_greybox/AJS_fx.js HTTP/1.1" 200 3192 "http://www.mink-gmbh.de/" "Mozilla/5.0 (Windows; N; ; fr-BE) AppleWebKit/527+ (KHTML, like Gecko, Safari/419.3) Qt/4.5.3"
194.7.35.200 - - [05/Feb/2013:09:01:20 +0100] "GET /js_contentserver24_greybox/AJS.js HTTP/1.1" 200 10396 "http://www.mink-gmbh.de/" "Mozilla/5.0 (Windows; N; ; fr-BE) AppleWebKit/527+ (KHTML, like Gecko, Safari/419.3) Qt/4.5.3"
194.7.35.200 - - [05/Feb/2013:09:01:20 +0100] "GET /js_contentserver24_greybox/gb_scripts.js HTTP/1.1" 200 11913 "http://www.mink-gmbh.de/" "Mozilla/5.0 (Windows; N; ; fr-BE) AppleWebKit/527+ (KHTML, like Gecko, Safari/419.3) Qt/4.5.3"
194.7.35.200 - - [05/Feb/2013:09:01:20 +0100] "GET /images/tkw.jpg HTTP/1.1" 200 64031 "http://www.mink-gmbh.de/" "Mozilla/5.0 (Windows; N; ; fr-BE) AppleWebKit/527+ (KHTML, like Gecko, Safari/419.3) Qt/4.5.3"
194.7.35.200 - - [05/Feb/2013:09:01:21 +0100] "GET /images/mail.jpg HTTP/1.1" 200 11165 "http://www.mink-gmbh.de/" "Mozilla/5.0 (Windows; N; ; fr-BE) AppleWebKit/527+ (KHTML, like Gecko, Safari/419.3) Qt/4.5.3"
194.7.35.200 - - [05/Feb/2013:09:01:21 +0100] "GET /images/freecall.jpg HTTP/1.1" 200 39195 "http://www.mink-gmbh.de/" "Mozilla/5.0 (Windows; N; ; fr-BE) AppleWebKit/527+ (KHTML, like Gecko, Safari/419.3) Qt/4.5.3"
194.7.35.200 - - [05/Feb/2013:09:01:21 +0100] "GET /images/kwk.gif HTTP/1.1" 200 6403 "http://www.mink-gmbh.de/" "Mozilla/5.0 (Windows; N; ; fr-BE) AppleWebKit/527+ (KHTML, like Gecko, Safari/419.3) Qt/4.5.3"
194.7.35.200 - - [05/Feb/2013:09:01:21 +0100] "GET /images/wunschpreis.jpg HTTP/1.1" 200 16767 "http://www.mink-gmbh.de/" "Mozilla/5.0 (Windows; N; ; fr-BE) AppleWebKit/527+ (KHTML, like Gecko, Safari/419.3) Qt/4.5.3"
194.7.35.200 - - [05/Feb/2013:09:01:21 +0100] "GET /images/logos.jpg HTTP/1.1" 200 15002 "http://www.mink-gmbh.de/" "Mozilla/5.0 (Windows; N; ; fr-BE) AppleWebKit/527+ (KHTML, like Gecko, Safari/419.3) Qt/4.5.3"
194.7.35.200 - - [05/Feb/2013:09:01:21 +0100] "GET /js_contentserver24_greybox/w_close.gif HTTP/1.1" 200 74 "http://www.mink-gmbh.de/" "Mozilla/5.0 (Windows; N; ; fr-BE) AppleWebKit/527+ (KHTML, like Gecko, Safari/419.3) Qt/4.5.3"
194.7.35.200 - - [05/Feb/2013:09:01:21 +0100] "GET /images/close.png HTTP/1.1" 200 703 "http://www.mink-gmbh.de/" "Mozilla/5.0 (Windows; N; ; fr-BE) AppleWebKit/527+ (KHTML, like Gecko, Safari/419.3) Qt/4.5.3"
194.7.35.200 - - [05/Feb/2013:09:01:21 +0100] "GET /images/newsletter_bg.jpg HTTP/1.1" 200 33610 "http://www.mink-gmbh.de/" "Mozilla/5.0 (Windows; N; ; fr-BE) AppleWebKit/527+ (KHTML, like Gecko, Safari/419.3) Qt/4.5.3"
194.7.35.200 - - [05/Feb/2013:09:01:21 +0100] "GET /images/newsletter.png HTTP/1.1" 200 14619 "http://www.mink-gmbh.de/" "Mozilla/5.0 (Windows; N; ; fr-BE) AppleWebKit/527+ (KHTML, like Gecko, Safari/419.3) Qt/4.5.3"
194.7.35.200 - - [05/Feb/2013:09:01:21 +0100] "GET /images/wrapperbg.jpg HTTP/1.1" 200 27465 "http://www.mink-gmbh.de/" "Mozilla/5.0 (Windows; N; ; fr-BE) AppleWebKit/527+ (KHTML, like Gecko, Safari/419.3) Qt/4.5.3"
194.7.35.200 - - [05/Feb/2013:09:01:21 +0100] "GET /images/header.jpg HTTP/1.1" 200 24413 "http://www.mink-gmbh.de/" "Mozilla/5.0 (Windows; N; ; fr-BE) AppleWebKit/527+ (KHTML, like Gecko, Safari/419.3) Qt/4.5.3"
194.7.35.200 - - [05/Feb/2013:09:01:21 +0100] "GET /images/navibg.png HTTP/1.1" 200 2803 "http://www.mink-gmbh.de/" "Mozilla/5.0 (Windows; N; ; fr-BE) AppleWebKit/527+ (KHTML, like Gecko, Safari/419.3) Qt/4.5.3"
194.7.35.200 - - [05/Feb/2013:09:01:21 +0100] "GET /images/steigend.png HTTP/1.1" 200 688 "http://www.mink-gmbh.de/" "Mozilla/5.0 (Windows; N; ; fr-BE) AppleWebKit/527+ (KHTML, like Gecko, Safari/419.3) Qt/4.5.3"
194.7.35.200 - - [05/Feb/2013:09:01:21 +0100] "GET /images/fallend.png HTTP/1.1" 200 713 "http://www.mink-gmbh.de/" "Mozilla/5.0 (Windows; N; ; fr-BE) AppleWebKit/527+ (KHTML, like Gecko, Safari/419.3) Qt/4.5.3"
194.7.35.200 - - [05/Feb/2013:09:01:21 +0100] "GET /images/mobil.jpg HTTP/1.1" 200 25293 "http://www.mink-gmbh.de/" "Mozilla/5.0 (Windows; N; ; fr-BE) AppleWebKit/527+ (KHTML, like Gecko, Safari/419.3) Qt/4.5.3"
194.7.35.200 - - [05/Feb/2013:09:01:21 +0100] "GET /images/newsletter.jpg HTTP/1.1" 200 13130 "http://www.mink-gmbh.de/" "Mozilla/5.0 (Windows; N; ; fr-BE) AppleWebKit/527+ (KHTML, like Gecko, Safari/419.3) Qt/4.5.3"
194.7.35.200 - - [05/Feb/2013:09:01:21 +0100] "GET /images/footerbg.jpg HTTP/1.1" 200 2184 "http://www.mink-gmbh.de/" "Mozilla/5.0 (Windows; N; ; fr-BE) AppleWebKit/527+ (KHTML, like Gecko, Safari/419.3) Qt/4.5.3"
194.7.35.200 - - [05/Feb/2013:09:01:21 +0100] "GET /js_contentserver24_greybox/header_bg.gif HTTP/1.1" 200 1188 "http://www.mink-gmbh.de/" "Mozilla/5.0 (Windows; N; ; fr-BE) AppleWebKit/527+ (KHTML, like Gecko, Safari/419.3) Qt/4.5.3"
194.7.35.200 - - [05/Feb/2013:09:01:21 +0100] "GET /js_contentserver24_greybox/loader_frame.html?s=0 HTTP/1.1" 200 2084 "http://www.mink-gmbh.de/" "Mozilla/5.0 (Windows; N; ; fr-BE) AppleWebKit/527+ (KHTML, like Gecko, Safari/419.3) Qt/4.5.3"
194.7.35.200 - - [05/Feb/2013:09:01:21 +0100] "GET /js_contentserver24_greybox/g_close.gif HTTP/1.1" 200 541 "http://www.mink-gmbh.de/" "Mozilla/5.0 (Windows; N; ; fr-BE) AppleWebKit/527+ (KHTML, like Gecko, Safari/419.3) Qt/4.5.3"
194.7.35.200 - - [05/Feb/2013:09:01:21 +0100] "GET /js_contentserver24_greybox/indicator.gif HTTP/1.1" 200 8238 "http://www.mink-gmbh.de/" "Mozilla/5.0 (Windows; N; ; fr-BE) AppleWebKit/527+ (KHTML, like Gecko, Safari/419.3) Qt/4.5.3"
194.7.35.200 - - [05/Feb/2013:09:01:37 +0100] "GET / HTTP/1.1" 200 15381 "-" "Mozilla/5.0 (Windows NT 6.1; WOW64) AppleWebKit/536.6 (KHTML, like Gecko) Chrome/20.0.1092.0 Safari/536.6"
194.7.35.200 - - [05/Feb/2013:09:01:37 +0100] "GET / HTTP/1.1" 200 15381 "-" "Mozilla/4.0 (compatible: MSIE 7.0; Windows Phone OS 7.0; Trident/3.1; IEMobile/7.0; HTC; 7 Trophy)"
81.30.151.218 - - [05/Feb/2013:09:11:29 +0100] "GET /news.php?cs_go=archiv&cs_startpos=1300 HTTP/1.1" 200 8126 "-" "Pixray-Seeker/2.0 (Pixray-Seeker; +http://www.pixray.com/pixraybot; +crawler@pixray.com)"
139.18.2.209 - - [05/Feb/2013:09:22:20 +0100] "GET /news.php?cs_go=archiv&cs_id=3741&cs_search= HTTP/1.1" 200 6992 "-" "findlinks/2.6 (+http://wortschatz.uni-leipzig.de/findlinks/)"
139.18.2.209 - - [05/Feb/2013:09:22:20 +0100] "GET /news.php?cs_go=archiv&cs_id=3741&cs_search= HTTP/1.1" 200 16744 "-" "findlinks/2.6 (+http://wortschatz.uni-leipzig.de/findlinks/)"
46.4.100.231 - - [05/Feb/2013:09:26:19 +0100] "GET /robots.txt HTTP/1.1" 200 177 "-" "BacklinkCrawler (http://www.backlinktest.com/crawler.html)"
46.4.100.231 - - [05/Feb/2013:09:26:24 +0100] "GET /sitemap.xml HTTP/1.1" 404 - "-" "BacklinkCrawler (http://www.backlinktest.com/crawler.html)"
46.4.100.231 - - [05/Feb/2013:09:26:26 +0100] "GET / HTTP/1.1" 200 15381 "-" "BacklinkCrawler (http://www.backlinktest.com/crawler.html)"
46.4.100.231 - - [05/Feb/2013:09:26:28 +0100] "GET /agb.php HTTP/1.1" 200 19709 "-" "BacklinkCrawler (http://www.backlinktest.com/crawler.html)"
46.4.100.231 - - [05/Feb/2013:09:26:34 +0100] "GET /optiplus.php HTTP/1.1" 200 11100 "-" "BacklinkCrawler (http://www.backlinktest.com/crawler.html)"
46.4.100.231 - - [05/Feb/2013:09:26:34 +0100] "GET /kwk.php HTTP/1.1" 200 10884 "-" "BacklinkCrawler (http://www.backlinktest.com/crawler.html)"
46.4.100.231 - - [05/Feb/2013:09:26:37 +0100] "GET /rueckrufservice.php HTTP/1.1" 200 10770 "-" "BacklinkCrawler (http://www.backlinktest.com/crawler.html)"
46.4.100.231 - - [05/Feb/2013:09:26:39 +0100] "GET /news.php?cs_go=archiv HTTP/1.1" 200 22285 "-" "BacklinkCrawler (http://www.backlinktest.com/crawler.html)"
46.4.100.231 - - [05/Feb/2013:09:26:41 +0100] "GET /news.php?cs_go=archiv&cs_id=3906 HTTP/1.1" 200 11109 "-" "BacklinkCrawler (http://www.backlinktest.com/crawler.html)"
46.4.100.231 - - [05/Feb/2013:09:26:48 +0100] "GET /news.php?cs_go=archiv&cs_id=3908 HTTP/1.1" 200 11958 "-" "BacklinkCrawler (http://www.backlinktest.com/crawler.html)"
46.4.100.231 - - [05/Feb/2013:09:26:48 +0100] "GET /news.php?cs_go=archiv&cs_id=3909 HTTP/1.1" 200 13486 "-" "BacklinkCrawler (http://www.backlinktest.com/crawler.html)"
46.4.100.231 - - [05/Feb/2013:09:26:49 +0100] "GET /news.php?cs_go=archiv&cs_id=3910 HTTP/1.1" 200 9801 "-" "BacklinkCrawler (http://www.backlinktest.com/crawler.html)"
46.4.100.231 - - [05/Feb/2013:09:26:57 +0100] "GET /impressum.php HTTP/1.1" 200 8582 "-" "BacklinkCrawler (http://www.backlinktest.com/crawler.html)"
46.4.100.231 - - [05/Feb/2013:09:26:57 +0100] "GET /jobs.php HTTP/1.1" 200 10090 "-" "BacklinkCrawler (http://www.backlinktest.com/crawler.html)"
46.4.100.231 - - [05/Feb/2013:09:27:04 +0100] "GET /kontakt.php HTTP/1.1" 200 9198 "-" "BacklinkCrawler (http://www.backlinktest.com/crawler.html)"
46.4.100.231 - - [05/Feb/2013:09:27:09 +0100] "GET /news.php HTTP/1.1" 200 22285 "-" "BacklinkCrawler (http://www.backlinktest.com/crawler.html)"
46.4.100.231 - - [05/Feb/2013:09:27:15 +0100] "GET /preisanfrage.php HTTP/1.1" 200 10734 "-" "BacklinkCrawler (http://www.backlinktest.com/crawler.html)"
46.4.100.231 - - [05/Feb/2013:09:27:15 +0100] "GET /wunschpreis.php HTTP/1.1" 200 12084 "-" "BacklinkCrawler (http://www.backlinktest.com/crawler.html)"
46.4.100.231 - - [05/Feb/2013:09:27:18 +0100] "GET /standard.php HTTP/1.1" 200 9218 "-" "BacklinkCrawler (http://www.backlinktest.com/crawler.html)"
46.4.100.231 - - [05/Feb/2013:09:27:20 +0100] "GET /index.php HTTP/1.1" 200 15381 "-" "BacklinkCrawler (http://www.backlinktest.com/crawler.html)"
46.4.100.231 - - [05/Feb/2013:09:27:27 +0100] "GET /newsletter.php HTTP/1.1" 200 8928 "-" "BacklinkCrawler (http://www.backlinktest.com/crawler.html)"
46.4.100.231 - - [05/Feb/2013:09:27:32 +0100] "GET /modernisierung.php HTTP/1.1" 200 11578 "-" "BacklinkCrawler (http://www.backlinktest.com/crawler.html)"
46.4.100.231 - - [05/Feb/2013:09:27:33 +0100] "GET /news.php?cs_go=archiv&cs_id=3505&cs_search= HTTP/1.1" 200 11897 "-" "BacklinkCrawler (http://www.backlinktest.com/crawler.html)"
46.4.100.231 - - [05/Feb/2013:09:27:35 +0100] "GET /news.php?cs_go=archiv&cs_id=3783&cs_search= HTTP/1.1" 200 11634 "-" "BacklinkCrawler (http://www.backlinktest.com/crawler.html)"
46.4.100.231 - - [05/Feb/2013:09:27:37 +0100] "GET /news.php?cs_go=archiv&cs_id=3697&cs_search= HTTP/1.1" 200 11633 "-" "BacklinkCrawler (http://www.backlinktest.com/crawler.html)"
46.4.100.231 - - [05/Feb/2013:09:27:44 +0100] "GET /news.php?cs_go=archiv&cs_id=3713&cs_search= HTTP/1.1" 200 16092 "-" "BacklinkCrawler (http://www.backlinktest.com/crawler.html)"
46.4.100.231 - - [05/Feb/2013:09:27:49 +0100] "GET /news.php?cs_go=archiv&cs_id=3726&cs_search= HTTP/1.1" 200 12050 "-" "BacklinkCrawler (http://www.backlinktest.com/crawler.html)"
46.4.100.231 - - [05/Feb/2013:09:27:49 +0100] "GET /news.php?cs_go=archiv&cs_id=3292 HTTP/1.1" 200 12058 "-" "BacklinkCrawler (http://www.backlinktest.com/crawler.html)"
46.4.100.231 - - [05/Feb/2013:09:27:56 +0100] "GET /news.php?cs_go=archiv&cs_id=3283&cs_search= HTTP/1.1" 200 12986 "-" "BacklinkCrawler (http://www.backlinktest.com/crawler.html)"
46.4.100.231 - - [05/Feb/2013:09:28:01 +0100] "GET /news.php?cs_go=archiv&cs_id=3289&cs_search= HTTP/1.1" 200 10909 "-" "BacklinkCrawler (http://www.backlinktest.com/crawler.html)"
46.4.100.231 - - [05/Feb/2013:09:28:01 +0100] "GET /news.php?cs_go=archiv&cs_id=3741&cs_search= HTTP/1.1" 200 16831 "-" "BacklinkCrawler (http://www.backlinktest.com/crawler.html)"
46.4.100.231 - - [05/Feb/2013:09:28:02 +0100] "GET /news.php?cs_go=archiv&cs_id=3743 HTTP/1.1" 200 10811 "-" "BacklinkCrawler (http://www.backlinktest.com/crawler.html)"
46.4.100.231 - - [05/Feb/2013:09:28:05 +0100] "GET /news.php?cs_go=archiv&cs_id=3718&cs_search= HTTP/1.1" 200 11509 "-" "BacklinkCrawler (http://www.backlinktest.com/crawler.html)"
46.4.100.231 - - [05/Feb/2013:09:28:07 +0100] "GET /news.php?cs_go=archiv&cs_id=3731&cs_search= HTTP/1.1" 200 13854 "-" "BacklinkCrawler (http://www.backlinktest.com/crawler.html)"
46.4.100.231 - - [05/Feb/2013:09:28:09 +0100] "GET /news.php?cs_go=archiv&cs_id=3270&cs_search= HTTP/1.1" 200 13409 "-" "BacklinkCrawler (http://www.backlinktest.com/crawler.html)"
46.4.100.231 - - [05/Feb/2013:09:28:10 +0100] "GET /news.php?cs_go=archiv&cs_id=3740&cs_search= HTTP/1.1" 200 12081 "-" "BacklinkCrawler (http://www.backlinktest.com/crawler.html)"
46.4.100.231 - - [05/Feb/2013:09:28:13 +0100] "GET /news.php?cs_go=archiv&cs_id=3244&cs_search= HTTP/1.1" 200 12315 "-" "BacklinkCrawler (http://www.backlinktest.com/crawler.html)"
46.4.100.231 - - [05/Feb/2013:09:28:15 +0100] "GET /news.php?cs_go=archiv&cs_id=3234&cs_search= HTTP/1.1" 200 12378 "-" "BacklinkCrawler (http://www.backlinktest.com/crawler.html)"
46.4.100.231 - - [05/Feb/2013:09:28:17 +0100] "GET /news.php?cs_go=archiv&cs_id=3742&cs_search= HTTP/1.1" 200 12415 "-" "BacklinkCrawler (http://www.backlinktest.com/crawler.html)"
46.4.100.231 - - [05/Feb/2013:09:28:19 +0100] "GET /news.php?cs_go=archiv&cs_id=3290 HTTP/1.1" 200 13375 "-" "BacklinkCrawler (http://www.backlinktest.com/crawler.html)"
46.4.100.231 - - [05/Feb/2013:09:28:26 +0100] "GET /news.php?cs_go=archiv&cs_id=3292&cs_search= HTTP/1.1" 200 12058 "-" "BacklinkCrawler (http://www.backlinktest.com/crawler.html)"
46.4.100.231 - - [05/Feb/2013:09:28:27 +0100] "GET /news.php?cs_go=archiv&cs_id=3248&cs_search= HTTP/1.1" 200 11229 "-" "BacklinkCrawler (http://www.backlinktest.com/crawler.html)"
46.4.100.231 - - [05/Feb/2013:09:28:29 +0100] "GET /news.php?cs_go=archiv&cs_id=3736&cs_search= HTTP/1.1" 200 13333 "-" "BacklinkCrawler (http://www.backlinktest.com/crawler.html)"
46.4.100.231 - - [05/Feb/2013:09:28:31 +0100] "GET /news.php?cs_go=archiv&cs_id=3279&cs_search= HTTP/1.1" 200 13404 "-" "BacklinkCrawler (http://www.backlinktest.com/crawler.html)"
46.4.100.231 - - [05/Feb/2013:09:28:37 +0100] "GET /news.php?cs_go=archiv&cs_id=3511&cs_search= HTTP/1.1" 200 11721 "-" "BacklinkCrawler (http://www.backlinktest.com/crawler.html)"
46.4.100.231 - - [05/Feb/2013:09:28:43 +0100] "GET /news.php?cs_go=archiv&cs_id=3744&cs_search= HTTP/1.1" 200 12197 "-" "BacklinkCrawler (http://www.backlinktest.com/crawler.html)"
46.4.100.231 - - [05/Feb/2013:09:28:48 +0100] "GET /news.php?cs_go=archiv&cs_id=3738&cs_search= HTTP/1.1" 200 11508 "-" "BacklinkCrawler (http://www.backlinktest.com/crawler.html)"
46.4.100.231 - - [05/Feb/2013:09:28:48 +0100] "GET /news.php?cs_go=archiv&cs_id=3771&cs_search= HTTP/1.1" 200 9868 "-" "BacklinkCrawler (http://www.backlinktest.com/crawler.html)"
46.4.100.231 - - [05/Feb/2013:09:28:56 +0100] "GET /news.php?cs_go=archiv&cs_id=3289 HTTP/1.1" 200 10909 "-" "BacklinkCrawler (http://www.backlinktest.com/crawler.html)"
46.4.100.231 - - [05/Feb/2013:09:28:56 +0100] "GET /edl.php HTTP/1.1" 200 10801 "-" "BacklinkCrawler (http://www.backlinktest.com/crawler.html)"
46.4.100.231 - - [05/Feb/2013:09:28:57 +0100] "GET /news.php?cs_go=archiv&cs_id=3744 HTTP/1.1" 200 12197 "-" "BacklinkCrawler (http://www.backlinktest.com/crawler.html)"
46.4.100.231 - - [05/Feb/2013:09:29:00 +0100] "GET /news.php?cs_go=archiv&cs_id=3742 HTTP/1.1" 200 12415 "-" "BacklinkCrawler (http://www.backlinktest.com/crawler.html)"
46.4.100.231 - - [05/Feb/2013:09:29:02 +0100] "GET /news.php?cs_go=archiv&cs_id=3262&cs_search= HTTP/1.1" 200 10451 "-" "BacklinkCrawler (http://www.backlinktest.com/crawler.html)"
46.4.100.231 - - [05/Feb/2013:09:29:09 +0100] "GET /news.php?cs_go=archiv&cs_id=3258&cs_search= HTTP/1.1" 200 11921 "-" "BacklinkCrawler (http://www.backlinktest.com/crawler.html)"
46.4.100.231 - - [05/Feb/2013:09:29:09 +0100] "GET /news.php?cs_go=archiv&cs_id=3225&cs_search= HTTP/1.1" 200 12215 "-" "BacklinkCrawler (http://www.backlinktest.com/crawler.html)"
46.4.100.231 - - [05/Feb/2013:09:29:17 +0100] "GET /news.php?cs_go=archiv&cs_id=3756&cs_search= HTTP/1.1" 200 13501 "-" "BacklinkCrawler (http://www.backlinktest.com/crawler.html)"
46.4.100.231 - - [05/Feb/2013:09:29:17 +0100] "GET /foerdermittel.php HTTP/1.1" 200 12908 "-" "BacklinkCrawler (http://www.backlinktest.com/crawler.html)"
46.4.100.231 - - [05/Feb/2013:09:29:23 +0100] "GET /news.php?cs_go=archiv&cs_id=3275&cs_search= HTTP/1.1" 200 11350 "-" "BacklinkCrawler (http://www.backlinktest.com/crawler.html)"
46.4.100.231 - - [05/Feb/2013:09:29:24 +0100] "GET /news.php?cs_go=archiv&cs_id=3265&cs_search= HTTP/1.1" 200 12971 "-" "BacklinkCrawler (http://www.backlinktest.com/crawler.html)"
46.4.100.231 - - [05/Feb/2013:09:29:31 +0100] "GET /news.php?cs_go=archiv&cs_id=3253&cs_search= HTTP/1.1" 200 10614 "-" "BacklinkCrawler (http://www.backlinktest.com/crawler.html)"
46.4.100.231 - - [05/Feb/2013:09:29:31 +0100] "GET /news.php?cs_go=archiv&cs_id=3558 HTTP/1.1" 200 11730 "-" "BacklinkCrawler (http://www.backlinktest.com/crawler.html)"
46.4.100.231 - - [05/Feb/2013:09:29:38 +0100] "GET /modernisierung.php?cs_gp_go=plus HTTP/1.1" 200 11578 "-" "BacklinkCrawler (http://www.backlinktest.com/crawler.html)"
46.4.100.231 - - [05/Feb/2013:09:29:38 +0100] "GET /faq.php HTTP/1.1" 200 185910 "-" "BacklinkCrawler (http://www.backlinktest.com/crawler.html)"
46.4.100.231 - - [05/Feb/2013:09:29:39 +0100] "GET /news.php?cs_go=archiv&cs_id=3220&cs_search= HTTP/1.1" 200 12759 "-" "BacklinkCrawler (http://www.backlinktest.com/crawler.html)"
46.4.100.231 - - [05/Feb/2013:09:29:42 +0100] "GET /news.php?cs_go=archiv&cs_id=3291 HTTP/1.1" 200 9903 "-" "BacklinkCrawler (http://www.backlinktest.com/crawler.html)"
46.4.100.231 - - [05/Feb/2013:09:29:44 +0100] "GET /.php HTTP/1.1" 404 - "-" "BacklinkCrawler (http://www.backlinktest.com/crawler.html)"
46.4.100.231 - - [05/Feb/2013:09:29:46 +0100] "GET /diesel.php HTTP/1.1" 200 10639 "-" "BacklinkCrawler (http://www.backlinktest.com/crawler.html)"
46.4.100.231 - - [05/Feb/2013:09:29:48 +0100] "GET /additive.php HTTP/1.1" 200 8372 "-" "BacklinkCrawler (http://www.backlinktest.com/crawler.html)"
46.4.100.231 - - [05/Feb/2013:09:29:49 +0100] "GET /lexikon.php HTTP/1.1" 200 10523 "-" "BacklinkCrawler (http://www.backlinktest.com/crawler.html)"
46.4.100.231 - - [05/Feb/2013:09:29:52 +0100] "GET /energiesparcheck.php HTTP/1.1" 200 13581 "-" "BacklinkCrawler (http://www.backlinktest.com/crawler.html)"
46.4.100.231 - - [05/Feb/2013:09:29:54 +0100] "GET /kwk.php?cs_go=1 HTTP/1.1" 200 10884 "-" "BacklinkCrawler (http://www.backlinktest.com/crawler.html)"
46.4.100.231 - - [05/Feb/2013:09:29:56 +0100] "GET /kwk.php?cs_go=2 HTTP/1.1" 200 11855 "-" "BacklinkCrawler (http://www.backlinktest.com/crawler.html)"
46.4.100.231 - - [05/Feb/2013:09:29:58 +0100] "GET /kwk.php?cs_go=3 HTTP/1.1" 200 10285 "-" "BacklinkCrawler (http://www.backlinktest.com/crawler.html)"
46.4.100.231 - - [05/Feb/2013:09:30:05 +0100] "GET /kwk.php?cs_go=4 HTTP/1.1" 200 10255 "-" "BacklinkCrawler (http://www.backlinktest.com/crawler.html)"
46.4.100.231 - - [05/Feb/2013:09:30:10 +0100] "GET /news.php?cs_go=archiv&cs_id=3910&cs_search= HTTP/1.1" 200 9801 "-" "BacklinkCrawler (http://www.backlinktest.com/crawler.html)"
46.4.100.231 - - [05/Feb/2013:09:30:17 +0100] "GET /news.php?cs_go=archiv&cs_id=3909&cs_search= HTTP/1.1" 200 13486 "-" "BacklinkCrawler (http://www.backlinktest.com/crawler.html)"
46.4.100.231 - - [05/Feb/2013:09:30:17 +0100] "GET /news.php?cs_go=archiv&cs_id=3908&cs_search= HTTP/1.1" 200 11958 "-" "BacklinkCrawler (http://www.backlinktest.com/crawler.html)"
46.4.100.231 - - [05/Feb/2013:09:30:19 +0100] "GET /news.php?cs_go=archiv&cs_id=3906&cs_search= HTTP/1.1" 200 11109 "-" "BacklinkCrawler (http://www.backlinktest.com/crawler.html)"
46.4.100.231 - - [05/Feb/2013:09:30:20 +0100] "GET /news.php?cs_go=archiv&cs_id=3907&cs_search= HTTP/1.1" 200 9791 "-" "BacklinkCrawler (http://www.backlinktest.com/crawler.html)"
46.4.100.231 - - [05/Feb/2013:09:30:28 +0100] "GET /news.php?cs_go=archiv&cs_id=3905&cs_search= HTTP/1.1" 200 15131 "-" "BacklinkCrawler (http://www.backlinktest.com/crawler.html)"
46.4.100.231 - - [05/Feb/2013:09:30:33 +0100] "GET /news.php?cs_go=archiv&cs_id=3904&cs_search= HTTP/1.1" 200 14802 "-" "BacklinkCrawler (http://www.backlinktest.com/crawler.html)"
46.4.100.231 - - [05/Feb/2013:09:30:38 +0100] "GET /news.php?cs_go=archiv&cs_id=3903&cs_search= HTTP/1.1" 200 13479 "-" "BacklinkCrawler (http://www.backlinktest.com/crawler.html)"
46.4.100.231 - - [05/Feb/2013:09:30:44 +0100] "GET /news.php?cs_go=archiv&cs_id=3902&cs_search= HTTP/1.1" 200 9749 "-" "BacklinkCrawler (http://www.backlinktest.com/crawler.html)"
46.4.100.231 - - [05/Feb/2013:09:30:49 +0100] "GET /news.php?cs_go=archiv&cs_id=3901&cs_search= HTTP/1.1" 200 9798 "-" "BacklinkCrawler (http://www.backlinktest.com/crawler.html)"
46.4.100.231 - - [05/Feb/2013:09:30:49 +0100] "GET /news.php?cs_go=archiv&cs_startpos=0 HTTP/1.1" 200 22285 "-" "BacklinkCrawler (http://www.backlinktest.com/crawler.html)"
46.4.100.231 - - [05/Feb/2013:09:30:56 +0100] "GET /news.php?cs_go=archiv&cs_startpos=10 HTTP/1.1" 200 22553 "-" "BacklinkCrawler (http://www.backlinktest.com/crawler.html)"
46.4.100.231 - - [05/Feb/2013:09:31:01 +0100] "GET /news.php?cs_go=archiv&cs_startpos=20 HTTP/1.1" 200 22461 "-" "BacklinkCrawler (http://www.backlinktest.com/crawler.html)"
46.4.100.231 - - [05/Feb/2013:09:31:02 +0100] "GET /news.php?cs_go=archiv&cs_startpos=30 HTTP/1.1" 200 22582 "-" "BacklinkCrawler (http://www.backlinktest.com/crawler.html)"
46.4.100.231 - - [05/Feb/2013:09:31:04 +0100] "GET /news.php?cs_go=archiv&cs_startpos=40 HTTP/1.1" 200 22705 "-" "BacklinkCrawler (http://www.backlinktest.com/crawler.html)"
46.4.100.231 - - [05/Feb/2013:09:31:11 +0100] "GET /news.php?cs_go=archiv&cs_startpos=50 HTTP/1.1" 200 22679 "-" "BacklinkCrawler (http://www.backlinktest.com/crawler.html)"
46.4.100.231 - - [05/Feb/2013:09:31:11 +0100] "GET /news.php?cs_go=archiv&cs_startpos=210 HTTP/1.1" 200 20905 "-" "BacklinkCrawler (http://www.backlinktest.com/crawler.html)"
46.4.100.231 - - [05/Feb/2013:09:31:13 +0100] "GET /javascript:history.back() HTTP/1.1" 404 - "-" "BacklinkCrawler (http://www.backlinktest.com/crawler.html)"
46.4.100.231 - - [05/Feb/2013:09:31:15 +0100] "GET /modernisierung.php?cs_gp_go=description HTTP/1.1" 200 10771 "-" "BacklinkCrawler (http://www.backlinktest.com/crawler.html)"
46.4.100.231 - - [05/Feb/2013:09:31:22 +0100] "GET /modernisierung.php?cs_gp_go=coupon HTTP/1.1" 200 10192 "-" "BacklinkCrawler (http://www.backlinktest.com/crawler.html)"
46.4.100.231 - - [05/Feb/2013:09:31:27 +0100] "GET /lexikon.php?cs_go=2&cs_char=a HTTP/1.1" 200 9803 "-" "BacklinkCrawler (http://www.backlinktest.com/crawler.html)"
46.4.100.231 - - [05/Feb/2013:09:31:27 +0100] "GET /lexikon.php?cs_go=2&cs_char=b HTTP/1.1" 200 9730 "-" "BacklinkCrawler (http://www.backlinktest.com/crawler.html)"
46.4.100.231 - - [05/Feb/2013:09:31:30 +0100] "GET /lexikon.php?cs_go=2&cs_char=c HTTP/1.1" 200 8836 "-" "BacklinkCrawler (http://www.backlinktest.com/crawler.html)"
46.4.100.231 - - [05/Feb/2013:09:31:37 +0100] "GET /lexikon.php?cs_go=2&cs_char=d HTTP/1.1" 200 9421 "-" "BacklinkCrawler (http://www.backlinktest.com/crawler.html)"
46.4.100.231 - - [05/Feb/2013:09:31:37 +0100] "GET /lexikon.php?cs_go=2&cs_char=e HTTP/1.1" 200 9079 "-" "BacklinkCrawler (http://www.backlinktest.com/crawler.html)"
46.4.100.231 - - [05/Feb/2013:09:31:44 +0100] "GET /lexikon.php?cs_go=2&cs_char=f HTTP/1.1" 200 9595 "-" "BacklinkCrawler (http://www.backlinktest.com/crawler.html)"
46.4.100.231 - - [05/Feb/2013:09:31:44 +0100] "GET /lexikon.php?cs_go=2&cs_char=g HTTP/1.1" 200 9126 "-" "BacklinkCrawler (http://www.backlinktest.com/crawler.html)"
46.4.100.231 - - [05/Feb/2013:09:31:46 +0100] "GET /lexikon.php?cs_go=2&cs_char=h HTTP/1.1" 200 8800 "-" "BacklinkCrawler (http://www.backlinktest.com/crawler.html)"
46.4.100.231 - - [05/Feb/2013:09:31:48 +0100] "GET /lexikon.php?cs_go=2&cs_char=i HTTP/1.1" 200 8402 "-" "BacklinkCrawler (http://www.backlinktest.com/crawler.html)"
46.4.100.231 - - [05/Feb/2013:09:31:50 +0100] "GET /lexikon.php?cs_go=2&cs_char=j HTTP/1.1" 200 8582 "-" "BacklinkCrawler (http://www.backlinktest.com/crawler.html)"
46.4.100.231 - - [05/Feb/2013:09:31:52 +0100] "GET /lexikon.php?cs_go=2&cs_char=k HTTP/1.1" 200 9879 "-" "BacklinkCrawler (http://www.backlinktest.com/crawler.html)"
46.4.100.231 - - [05/Feb/2013:09:31:59 +0100] "GET /lexikon.php?cs_go=2&cs_char=l HTTP/1.1" 200 8773 "-" "BacklinkCrawler (http://www.backlinktest.com/crawler.html)"
46.4.100.231 - - [05/Feb/2013:09:31:59 +0100] "GET /lexikon.php?cs_go=2&cs_char=m HTTP/1.1" 200 9073 "-" "BacklinkCrawler (http://www.backlinktest.com/crawler.html)"
46.4.100.231 - - [05/Feb/2013:09:32:02 +0100] "GET /lexikon.php?cs_go=2&cs_char=n HTTP/1.1" 200 8578 "-" "BacklinkCrawler (http://www.backlinktest.com/crawler.html)"
46.4.100.231 - - [05/Feb/2013:09:32:09 +0100] "GET /lexikon.php?cs_go=2&cs_char=o HTTP/1.1" 200 9261 "-" "BacklinkCrawler (http://www.backlinktest.com/crawler.html)"
46.4.100.231 - - [05/Feb/2013:09:32:14 +0100] "GET /lexikon.php?cs_go=2&cs_char=p HTTP/1.1" 200 9166 "-" "BacklinkCrawler (http://www.backlinktest.com/crawler.html)"
46.4.100.231 - - [05/Feb/2013:09:32:15 +0100] "GET /lexikon.php?cs_go=2&cs_char=q HTTP/1.1" 200 8162 "-" "BacklinkCrawler (http://www.backlinktest.com/crawler.html)"
46.4.100.231 - - [05/Feb/2013:09:32:17 +0100] "GET /lexikon.php?cs_go=2&cs_char=r HTTP/1.1" 200 9732 "-" "BacklinkCrawler (http://www.backlinktest.com/crawler.html)"
46.4.100.231 - - [05/Feb/2013:09:32:24 +0100] "GET /lexikon.php?cs_go=2&cs_char=s HTTP/1.1" 200 10068 "-" "BacklinkCrawler (http://www.backlinktest.com/crawler.html)"
46.4.100.231 - - [05/Feb/2013:09:32:25 +0100] "GET /lexikon.php?cs_go=2&cs_char=t HTTP/1.1" 200 8860 "-" "BacklinkCrawler (http://www.backlinktest.com/crawler.html)"
46.4.100.231 - - [05/Feb/2013:09:32:32 +0100] "GET /lexikon.php?cs_go=2&cs_char=u HTTP/1.1" 200 8744 "-" "BacklinkCrawler (http://www.backlinktest.com/crawler.html)"
46.4.100.231 - - [05/Feb/2013:09:32:32 +0100] "GET /lexikon.php?cs_go=2&cs_char=v HTTP/1.1" 200 9117 "-" "BacklinkCrawler (http://www.backlinktest.com/crawler.html)"
46.4.100.231 - - [05/Feb/2013:09:32:33 +0100] "GET /lexikon.php?cs_go=2&cs_char=w HTTP/1.1" 200 8587 "-" "BacklinkCrawler (http://www.backlinktest.com/crawler.html)"
46.4.100.231 - - [05/Feb/2013:09:32:36 +0100] "GET /lexikon.php?cs_go=2&cs_char=x HTTP/1.1" 200 8582 "-" "BacklinkCrawler (http://www.backlinktest.com/crawler.html)"
46.4.100.231 - - [05/Feb/2013:09:32:38 +0100] "GET /lexikon.php?cs_go=2&cs_char=y HTTP/1.1" 200 8582 "-" "BacklinkCrawler (http://www.backlinktest.com/crawler.html)"
46.4.100.231 - - [05/Feb/2013:09:32:40 +0100] "GET /lexikon.php?cs_go=2&cs_char=z HTTP/1.1" 200 8261 "-" "BacklinkCrawler (http://www.backlinktest.com/crawler.html)"
46.4.100.231 - - [05/Feb/2013:09:32:42 +0100] "GET /ansprechpartner.php HTTP/1.1" 404 - "-" "BacklinkCrawler (http://www.backlinktest.com/crawler.html)"
46.4.100.231 - - [05/Feb/2013:09:32:44 +0100] "GET /news.php?cs_go=archiv&cs_id=3900&cs_search= HTTP/1.1" 200 13356 "-" "BacklinkCrawler (http://www.backlinktest.com/crawler.html)"
46.4.100.231 - - [05/Feb/2013:09:32:46 +0100] "GET /news.php?cs_go=archiv&cs_id=3899&cs_search= HTTP/1.1" 200 10243 "-" "BacklinkCrawler (http://www.backlinktest.com/crawler.html)"
46.4.100.231 - - [05/Feb/2013:09:32:48 +0100] "GET /news.php?cs_go=archiv&cs_id=3898&cs_search= HTTP/1.1" 200 9937 "-" "BacklinkCrawler (http://www.backlinktest.com/crawler.html)"
46.4.100.231 - - [05/Feb/2013:09:32:54 +0100] "GET /news.php?cs_go=archiv&cs_id=3897&cs_search= HTTP/1.1" 200 13535 "-" "BacklinkCrawler (http://www.backlinktest.com/crawler.html)"
46.4.100.231 - - [05/Feb/2013:09:32:55 +0100] "GET /news.php?cs_go=archiv&cs_id=3895&cs_search= HTTP/1.1" 200 12543 "-" "BacklinkCrawler (http://www.backlinktest.com/crawler.html)"
46.4.100.231 - - [05/Feb/2013:09:32:57 +0100] "GET /news.php?cs_go=archiv&cs_id=3894&cs_search= HTTP/1.1" 200 9787 "-" "BacklinkCrawler (http://www.backlinktest.com/crawler.html)"
46.4.100.231 - - [05/Feb/2013:09:32:59 +0100] "GET /news.php?cs_go=archiv&cs_id=3893&cs_search= HTTP/1.1" 200 13565 "-" "BacklinkCrawler (http://www.backlinktest.com/crawler.html)"
46.4.100.231 - - [05/Feb/2013:09:33:01 +0100] "GET /news.php?cs_go=archiv&cs_id=3892&cs_search= HTTP/1.1" 200 11775 "-" "BacklinkCrawler (http://www.backlinktest.com/crawler.html)"
46.4.100.231 - - [05/Feb/2013:09:33:03 +0100] "GET /news.php?cs_go=archiv&cs_id=3890&cs_search= HTTP/1.1" 200 11275 "-" "BacklinkCrawler (http://www.backlinktest.com/crawler.html)"
46.4.100.231 - - [05/Feb/2013:09:33:05 +0100] "GET /news.php?cs_go=archiv&cs_id=3889&cs_search= HTTP/1.1" 200 9808 "-" "BacklinkCrawler (http://www.backlinktest.com/crawler.html)"
66.249.76.46 - - [05/Feb/2013:09:33:07 +0100] "GET /news.php?cs_go=archiv&cs_id=2770&cs_search= HTTP/1.1" 200 9493 "-" "Mozilla/5.0 (compatible; Googlebot/2.1; +http://www.google.com/bot.html)"
46.4.100.231 - - [05/Feb/2013:09:33:07 +0100] "GET /news.php?cs_go=archiv&cs_startpos=60 HTTP/1.1" 200 22888 "-" "BacklinkCrawler (http://www.backlinktest.com/crawler.html)"
46.4.100.231 - - [05/Feb/2013:09:33:09 +0100] "GET /news.php?cs_go=archiv&cs_id=3888&cs_search= HTTP/1.1" 200 13349 "-" "BacklinkCrawler (http://www.backlinktest.com/crawler.html)"
46.4.100.231 - - [05/Feb/2013:09:33:11 +0100] "GET /news.php?cs_go=archiv&cs_id=3887&cs_search= HTTP/1.1" 200 16034 "-" "BacklinkCrawler (http://www.backlinktest.com/crawler.html)"
46.4.100.231 - - [05/Feb/2013:09:33:13 +0100] "GET /news.php?cs_go=archiv&cs_id=3886&cs_search= HTTP/1.1" 200 9814 "-" "BacklinkCrawler (http://www.backlinktest.com/crawler.html)"
46.4.100.231 - - [05/Feb/2013:09:33:15 +0100] "GET /news.php?cs_go=archiv&cs_id=3885&cs_search= HTTP/1.1" 200 13537 "-" "BacklinkCrawler (http://www.backlinktest.com/crawler.html)"
46.4.100.231 - - [05/Feb/2013:09:33:17 +0100] "GET /news.php?cs_go=archiv&cs_id=3884&cs_search= HTTP/1.1" 200 11202 "-" "BacklinkCrawler (http://www.backlinktest.com/crawler.html)"
46.4.100.231 - - [05/Feb/2013:09:33:24 +0100] "GET /news.php?cs_go=archiv&cs_id=3883&cs_search= HTTP/1.1" 200 10346 "-" "BacklinkCrawler (http://www.backlinktest.com/crawler.html)"
46.4.100.231 - - [05/Feb/2013:09:33:24 +0100] "GET /news.php?cs_go=archiv&cs_id=3882&cs_search= HTTP/1.1" 200 9842 "-" "BacklinkCrawler (http://www.backlinktest.com/crawler.html)"
46.4.100.231 - - [05/Feb/2013:09:33:26 +0100] "GET /news.php?cs_go=archiv&cs_id=3881&cs_search= HTTP/1.1" 200 11720 "-" "BacklinkCrawler (http://www.backlinktest.com/crawler.html)"
46.4.100.231 - - [05/Feb/2013:09:33:33 +0100] "GET /news.php?cs_go=archiv&cs_id=3880&cs_search= HTTP/1.1" 200 13538 "-" "BacklinkCrawler (http://www.backlinktest.com/crawler.html)"
46.4.100.231 - - [05/Feb/2013:09:33:33 +0100] "GET /news.php?cs_go=archiv&cs_id=3879&cs_search= HTTP/1.1" 200 11074 "-" "BacklinkCrawler (http://www.backlinktest.com/crawler.html)"
46.4.100.231 - - [05/Feb/2013:09:33:35 +0100] "GET /news.php?cs_go=archiv&cs_startpos=70 HTTP/1.1" 200 22933 "-" "BacklinkCrawler (http://www.backlinktest.com/crawler.html)"
46.4.100.231 - - [05/Feb/2013:09:33:37 +0100] "GET /news.php?cs_go=archiv&cs_id=3874&cs_search= HTTP/1.1" 200 12941 "-" "BacklinkCrawler (http://www.backlinktest.com/crawler.html)"
46.4.100.231 - - [05/Feb/2013:09:33:38 +0100] "GET /news.php?cs_go=archiv&cs_id=3878&cs_search= HTTP/1.1" 200 9840 "-" "BacklinkCrawler (http://www.backlinktest.com/crawler.html)"
46.4.100.231 - - [05/Feb/2013:09:33:41 +0100] "GET /news.php?cs_go=archiv&cs_id=3877&cs_search= HTTP/1.1" 200 9942 "-" "BacklinkCrawler (http://www.backlinktest.com/crawler.html)"
46.4.100.231 - - [05/Feb/2013:09:33:48 +0100] "GET /news.php?cs_go=archiv&cs_id=3876&cs_search= HTTP/1.1" 200 13610 "-" "BacklinkCrawler (http://www.backlinktest.com/crawler.html)"
46.4.100.231 - - [05/Feb/2013:09:33:53 +0100] "GET /news.php?cs_go=archiv&cs_id=3875&cs_search= HTTP/1.1" 200 12259 "-" "BacklinkCrawler (http://www.backlinktest.com/crawler.html)"
46.4.100.231 - - [05/Feb/2013:09:33:59 +0100] "GET /news.php?cs_go=archiv&cs_id=3870&cs_search= HTTP/1.1" 200 10153 "-" "BacklinkCrawler (http://www.backlinktest.com/crawler.html)"
46.4.100.231 - - [05/Feb/2013:09:34:04 +0100] "GET /news.php?cs_go=archiv&cs_id=3873&cs_search= HTTP/1.1" 200 11629 "-" "BacklinkCrawler (http://www.backlinktest.com/crawler.html)"
46.4.100.231 - - [05/Feb/2013:09:34:09 +0100] "GET /news.php?cs_go=archiv&cs_id=3872&cs_search= HTTP/1.1" 200 9923 "-" "BacklinkCrawler (http://www.backlinktest.com/crawler.html)"
46.4.100.231 - - [05/Feb/2013:09:34:09 +0100] "GET /news.php?cs_go=archiv&cs_id=3871&cs_search= HTTP/1.1" 200 13455 "-" "BacklinkCrawler (http://www.backlinktest.com/crawler.html)"
46.4.100.231 - - [05/Feb/2013:09:34:12 +0100] "GET /news.php?cs_go=archiv&cs_id=3869&cs_search= HTTP/1.1" 200 9386 "-" "BacklinkCrawler (http://www.backlinktest.com/crawler.html)"
46.4.100.231 - - [05/Feb/2013:09:34:14 +0100] "GET /news.php?cs_go=archiv&cs_startpos=80 HTTP/1.1" 200 22856 "-" "BacklinkCrawler (http://www.backlinktest.com/crawler.html)"
