194.195.3.95 - - [15/Feb/2013:01:57:13 +0100] "GET /news.php?cs_go=archiv&cs_id=3940 HTTP/1.1" 200 9881 "-" "-"
194.195.3.95 - - [15/Feb/2013:01:57:13 +0100] "GET /news.php?cs_go=archiv&cs_id=3940 HTTP/1.1" 200 9881 "-" "-"
194.195.3.95 - - [15/Feb/2013:01:57:14 +0100] "GET /news.php?cs_go=archiv&cs_id=3939 HTTP/1.1" 200 10245 "-" "-"
194.195.3.95 - - [15/Feb/2013:01:57:14 +0100] "GET /news.php?cs_go=archiv&cs_id=3939 HTTP/1.1" 200 10245 "-" "-"
194.195.3.95 - - [15/Feb/2013:01:57:14 +0100] "GET /news.php?cs_go=archiv&cs_id=3938 HTTP/1.1" 200 9836 "-" "-"
194.195.3.95 - - [15/Feb/2013:01:57:14 +0100] "GET /news.php?cs_go=archiv&cs_id=3938 HTTP/1.1" 200 9836 "-" "-"
194.195.3.95 - - [15/Feb/2013:01:57:15 +0100] "GET /news.php?cs_go=archiv&cs_id=3937 HTTP/1.1" 200 13324 "-" "-"
194.195.3.95 - - [15/Feb/2013:01:57:15 +0100] "GET /news.php?cs_go=archiv&cs_id=3937 HTTP/1.1" 200 13324 "-" "-"
194.195.3.95 - - [15/Feb/2013:01:57:15 +0100] "GET /news.php?cs_go=archiv HTTP/1.1" 200 22067 "-" "-"
194.195.3.95 - - [15/Feb/2013:01:57:16 +0100] "GET /news.php?cs_go=archiv HTTP/1.1" 200 22067 "-" "-"
194.195.3.95 - - [15/Feb/2013:01:57:16 +0100] "GET /rueckrufservice.php HTTP/1.1" 200 10770 "-" "-"
194.195.3.95 - - [15/Feb/2013:01:57:16 +0100] "GET /rueckrufservice.php HTTP/1.1" 200 10770 "-" "-"
194.195.3.95 - - [15/Feb/2013:01:57:16 +0100] "GET /kwk.php HTTP/1.1" 200 10884 "-" "-"
194.195.3.95 - - [15/Feb/2013:01:57:17 +0100] "GET /kwk.php HTTP/1.1" 200 10884 "-" "-"
194.195.3.95 - - [15/Feb/2013:01:57:17 +0100] "GET /optiplus.php HTTP/1.1" 200 11100 "-" "-"
194.195.3.95 - - [15/Feb/2013:01:57:17 +0100] "GET /optiplus.php HTTP/1.1" 200 11100 "-" "-"
194.195.3.95 - - [15/Feb/2013:01:57:17 +0100] "GET /agb.php HTTP/1.1" 200 19709 "-" "-"
194.195.3.95 - - [15/Feb/2013:01:57:17 +0100] "GET /agb.php HTTP/1.1" 200 19709 "-" "-"
194.195.3.95 - - [15/Feb/2013:01:57:18 +0100] "GET /faq.php HTTP/1.1" 200 208250 "-" "-"
194.195.3.95 - - [15/Feb/2013:01:57:18 +0100] "GET /faq.php HTTP/1.1" 200 208250 "-" "-"
194.195.3.95 - - [15/Feb/2013:01:57:19 +0100] "GET /lexikon.php HTTP/1.1" 200 10523 "-" "-"
194.195.3.95 - - [15/Feb/2013:01:57:19 +0100] "GET /lexikon.php HTTP/1.1" 200 10523 "-" "-"
194.195.3.95 - - [15/Feb/2013:01:57:19 +0100] "GET /energiesparcheck.php HTTP/1.1" 200 13581 "-" "-"
194.195.3.95 - - [15/Feb/2013:01:57:19 +0100] "GET /energiesparcheck.php HTTP/1.1" 200 13581 "-" "-"
194.195.3.95 - - [15/Feb/2013:01:57:20 +0100] "GET /foerdermittel.php HTTP/1.1" 200 12908 "-" "-"
194.195.3.95 - - [15/Feb/2013:01:57:20 +0100] "GET /foerdermittel.php HTTP/1.1" 200 12908 "-" "-"
194.195.3.95 - - [15/Feb/2013:01:57:20 +0100] "GET /modernisierung.php HTTP/1.1" 200 11578 "-" "-"
194.195.3.95 - - [15/Feb/2013:01:57:20 +0100] "GET /modernisierung.php HTTP/1.1" 200 11578 "-" "-"
194.195.3.95 - - [15/Feb/2013:01:57:21 +0100] "GET /edl.php HTTP/1.1" 200 10801 "-" "-"
194.195.3.95 - - [15/Feb/2013:01:57:21 +0100] "GET /edl.php HTTP/1.1" 200 10801 "-" "-"
194.195.3.95 - - [15/Feb/2013:01:57:21 +0100] "GET /.php HTTP/1.1" 404 - "-" "-"
194.195.3.95 - - [15/Feb/2013:01:57:21 +0100] "GET /diesel.php HTTP/1.1" 200 10639 "-" "-"
194.195.3.95 - - [15/Feb/2013:01:57:21 +0100] "GET /diesel.php HTTP/1.1" 200 10639 "-" "-"
194.195.3.95 - - [15/Feb/2013:01:57:22 +0100] "GET /additive.php HTTP/1.1" 200 8372 "-" "-"
194.195.3.95 - - [15/Feb/2013:01:57:22 +0100] "GET /additive.php HTTP/1.1" 200 8372 "-" "-"
194.195.3.95 - - [15/Feb/2013:01:57:22 +0100] "GET /news.php?cs_go=archiv&cs_id=3940&cs_search= HTTP/1.1" 200 9881 "-" "-"
194.195.3.95 - - [15/Feb/2013:01:57:22 +0100] "GET /news.php?cs_go=archiv&cs_id=3940&cs_search= HTTP/1.1" 200 9881 "-" "-"
194.195.3.95 - - [15/Feb/2013:01:57:22 +0100] "GET /news.php?cs_go=archiv&cs_id=3939&cs_search= HTTP/1.1" 200 10245 "-" "-"
194.195.3.95 - - [15/Feb/2013:01:57:23 +0100] "GET /news.php?cs_go=archiv&cs_id=3939&cs_search= HTTP/1.1" 200 10245 "-" "-"
194.195.3.95 - - [15/Feb/2013:01:57:23 +0100] "GET /news.php?cs_go=archiv&cs_id=3938&cs_search= HTTP/1.1" 200 9836 "-" "-"
194.195.3.95 - - [15/Feb/2013:01:57:23 +0100] "GET /news.php?cs_go=archiv&cs_id=3938&cs_search= HTTP/1.1" 200 9836 "-" "-"
194.195.3.95 - - [15/Feb/2013:01:57:23 +0100] "GET /news.php?cs_go=archiv&cs_id=3937&cs_search= HTTP/1.1" 200 13324 "-" "-"
194.195.3.95 - - [15/Feb/2013:01:57:24 +0100] "GET /news.php?cs_go=archiv&cs_id=3937&cs_search= HTTP/1.1" 200 13324 "-" "-"
194.195.3.95 - - [15/Feb/2013:01:57:24 +0100] "GET /news.php?cs_go=archiv&cs_id=3936&cs_search= HTTP/1.1" 200 12048 "-" "-"
194.195.3.95 - - [15/Feb/2013:01:57:24 +0100] "GET /news.php?cs_go=archiv&cs_id=3936&cs_search= HTTP/1.1" 200 12048 "-" "-"
194.195.3.95 - - [15/Feb/2013:01:57:25 +0100] "GET /news.php?cs_go=archiv&cs_id=3935&cs_search= HTTP/1.1" 200 9902 "-" "-"
194.195.3.95 - - [15/Feb/2013:01:57:25 +0100] "GET /news.php?cs_go=archiv&cs_id=3935&cs_search= HTTP/1.1" 200 9902 "-" "-"
194.195.3.95 - - [15/Feb/2013:01:57:25 +0100] "GET /news.php?cs_go=archiv&cs_id=3934&cs_search= HTTP/1.1" 200 13333 "-" "-"
194.195.3.95 - - [15/Feb/2013:01:57:25 +0100] "GET /news.php?cs_go=archiv&cs_id=3934&cs_search= HTTP/1.1" 200 13333 "-" "-"
194.195.3.95 - - [15/Feb/2013:01:57:26 +0100] "GET /news.php?cs_go=archiv&cs_id=3933&cs_search= HTTP/1.1" 200 11219 "-" "-"
194.195.3.95 - - [15/Feb/2013:01:57:26 +0100] "GET /news.php?cs_go=archiv&cs_id=3933&cs_search= HTTP/1.1" 200 11219 "-" "-"
194.195.3.95 - - [15/Feb/2013:01:57:26 +0100] "GET /news.php?cs_go=archiv&cs_id=3932&cs_search= HTTP/1.1" 200 9861 "-" "-"
194.195.3.95 - - [15/Feb/2013:01:57:26 +0100] "GET /news.php?cs_go=archiv&cs_id=3932&cs_search= HTTP/1.1" 200 9861 "-" "-"
194.195.3.95 - - [15/Feb/2013:01:57:27 +0100] "GET /news.php?cs_go=archiv&cs_id=3931&cs_search= HTTP/1.1" 200 13536 "-" "-"
194.195.3.95 - - [15/Feb/2013:01:57:27 +0100] "GET /news.php?cs_go=archiv&cs_id=3931&cs_search= HTTP/1.1" 200 13536 "-" "-"
194.195.3.95 - - [15/Feb/2013:01:57:27 +0100] "GET /news.php?cs_go=archiv&cs_startpos=0 HTTP/1.1" 200 22067 "-" "-"
194.195.3.95 - - [15/Feb/2013:01:57:27 +0100] "GET /news.php?cs_go=archiv&cs_startpos=0 HTTP/1.1" 200 22067 "-" "-"
194.195.3.95 - - [15/Feb/2013:01:57:28 +0100] "GET /news.php?cs_go=archiv&cs_startpos=10 HTTP/1.1" 200 22622 "-" "-"
194.195.3.95 - - [15/Feb/2013:01:57:28 +0100] "GET /news.php?cs_go=archiv&cs_startpos=10 HTTP/1.1" 200 22622 "-" "-"
194.195.3.95 - - [15/Feb/2013:01:57:28 +0100] "GET /news.php?cs_go=archiv&cs_startpos=20 HTTP/1.1" 200 22658 "-" "-"
194.195.3.95 - - [15/Feb/2013:01:57:29 +0100] "GET /news.php?cs_go=archiv&cs_startpos=20 HTTP/1.1" 200 22658 "-" "-"
194.195.3.95 - - [15/Feb/2013:01:57:29 +0100] "GET /news.php?cs_go=archiv&cs_startpos=30 HTTP/1.1" 200 22757 "-" "-"
194.195.3.95 - - [15/Feb/2013:01:57:30 +0100] "GET /news.php?cs_go=archiv&cs_startpos=30 HTTP/1.1" 200 22757 "-" "-"
194.195.3.95 - - [15/Feb/2013:01:57:30 +0100] "GET /news.php?cs_go=archiv&cs_startpos=40 HTTP/1.1" 200 22825 "-" "-"
194.195.3.95 - - [15/Feb/2013:01:57:30 +0100] "GET /news.php?cs_go=archiv&cs_startpos=40 HTTP/1.1" 200 22825 "-" "-"
194.195.3.95 - - [15/Feb/2013:01:57:31 +0100] "GET /news.php?cs_go=archiv&cs_startpos=50 HTTP/1.1" 200 22734 "-" "-"
194.195.3.95 - - [15/Feb/2013:01:57:31 +0100] "GET /news.php?cs_go=archiv&cs_startpos=50 HTTP/1.1" 200 22734 "-" "-"
194.195.3.95 - - [15/Feb/2013:01:57:31 +0100] "GET /news.php?cs_go=archiv&cs_startpos=220 HTTP/1.1" 200 20869 "-" "-"
194.195.3.95 - - [15/Feb/2013:01:57:32 +0100] "GET /news.php?cs_go=archiv&cs_startpos=220 HTTP/1.1" 200 20869 "-" "-"
194.195.3.95 - - [15/Feb/2013:01:57:32 +0100] "GET /kwk.php?cs_go=1 HTTP/1.1" 200 10884 "-" "-"
194.195.3.95 - - [15/Feb/2013:01:57:32 +0100] "GET /kwk.php?cs_go=1 HTTP/1.1" 200 10884 "-" "-"
194.195.3.95 - - [15/Feb/2013:01:57:33 +0100] "GET /kwk.php?cs_go=2 HTTP/1.1" 200 11855 "-" "-"
194.195.3.95 - - [15/Feb/2013:01:57:33 +0100] "GET /kwk.php?cs_go=2 HTTP/1.1" 200 11855 "-" "-"
194.195.3.95 - - [15/Feb/2013:01:57:33 +0100] "GET /kwk.php?cs_go=3 HTTP/1.1" 200 10285 "-" "-"
194.195.3.95 - - [15/Feb/2013:01:57:33 +0100] "GET /kwk.php?cs_go=3 HTTP/1.1" 200 10285 "-" "-"
194.195.3.95 - - [15/Feb/2013:01:57:34 +0100] "GET /kwk.php?cs_go=4 HTTP/1.1" 200 10255 "-" "-"
194.195.3.95 - - [15/Feb/2013:01:57:34 +0100] "GET /kwk.php?cs_go=4 HTTP/1.1" 200 10255 "-" "-"
66.249.78.46 - - [15/Feb/2013:02:05:39 +0100] "GET /news.php?cs_go=archiv&cs_id=2842&cs_search= HTTP/1.1" 200 10029 "-" "Mozilla/5.0 (compatible; Googlebot/2.1; +http://www.google.com/bot.html)"
66.249.78.46 - - [15/Feb/2013:02:13:19 +0100] "GET /news.php?cs_go=archiv&cs_id=3200&cs_search= HTTP/1.1" 200 13401 "-" "Mozilla/5.0 (compatible; Googlebot/2.1; +http://www.google.com/bot.html)"
66.249.78.46 - - [15/Feb/2013:02:15:26 +0100] "GET /images/RAL_Guetezeichen_Energiehandel.pdf HTTP/1.1" 304 - "-" "Mozilla/5.0 (iPhone; U; CPU iPhone OS 4_1 like Mac OS X; en-us) AppleWebKit/532.9 (KHTML, like Gecko) Version/4.0.5 Mobile/8B117 Safari/6531.22.7 (compatible; Googlebot-Mobile/2.1; +http://www.google.com/bot.html)"
139.18.2.209 - - [15/Feb/2013:02:17:28 +0100] "GET /news.php?cs_go=archiv&cs_startpos=0 HTTP/1.1" 200 11336 "-" "findlinks/2.6 (+http://wortschatz.uni-leipzig.de/findlinks/)"
139.18.2.209 - - [15/Feb/2013:02:17:28 +0100] "GET /news.php?cs_go=archiv&cs_startpos=0 HTTP/1.1" 200 21980 "-" "findlinks/2.6 (+http://wortschatz.uni-leipzig.de/findlinks/)"
66.249.78.46 - - [15/Feb/2013:02:29:04 +0100] "GET /news.php?cs_go=archiv&cs_id=2716&cs_search= HTTP/1.1" 200 13460 "-" "Mozilla/5.0 (compatible; Googlebot/2.1; +http://www.google.com/bot.html)"
66.249.78.46 - - [15/Feb/2013:02:37:04 +0100] "GET /news.php?cs_go=archiv&cs_id=2717&cs_search= HTTP/1.1" 200 10262 "-" "Mozilla/5.0 (compatible; Googlebot/2.1; +http://www.google.com/bot.html)"
208.115.111.75 - - [15/Feb/2013:02:40:36 +0100] "GET /robots.txt HTTP/1.1" 200 177 "-" "Mozilla/5.0 (compatible; Ezooms/1.0; ezooms.bot@gmail.com)"
66.249.78.46 - - [15/Feb/2013:02:45:02 +0100] "GET /news.php?cs_go=archiv&cs_id=3009 HTTP/1.1" 200 13809 "-" "Mozilla/5.0 (compatible; Googlebot/2.1; +http://www.google.com/bot.html)"
88.190.44.26 - - [15/Feb/2013:02:47:07 +0100] "GET /robots.txt HTTP/1.0" 200 177 "-" "Mozilla/5.0 (compatible; MJ12bot/v1.4.3; http://www.majestic12.co.uk/bot.php?+)"
88.190.44.26 - - [15/Feb/2013:02:47:10 +0100] "GET /agb.php HTTP/1.1" 200 19709 "-" "Mozilla/5.0 (compatible; MJ12bot/v1.4.3; http://www.majestic12.co.uk/bot.php?+)"
88.190.44.26 - - [15/Feb/2013:02:47:13 +0100] "GET /edl.php HTTP/1.1" 200 10801 "-" "Mozilla/5.0 (compatible; MJ12bot/v1.4.3; http://www.majestic12.co.uk/bot.php?+)"
88.190.44.26 - - [15/Feb/2013:02:47:15 +0100] "GET /energiesparcheck.php HTTP/1.1" 200 13581 "-" "Mozilla/5.0 (compatible; MJ12bot/v1.4.3; http://www.majestic12.co.uk/bot.php?+)"
88.190.44.26 - - [15/Feb/2013:02:47:20 +0100] "GET /faq.php HTTP/1.1" 200 208250 "-" "Mozilla/5.0 (compatible; MJ12bot/v1.4.3; http://www.majestic12.co.uk/bot.php?+)"
88.190.44.26 - - [15/Feb/2013:02:47:23 +0100] "GET /foerdermittel.php HTTP/1.1" 200 12908 "-" "Mozilla/5.0 (compatible; MJ12bot/v1.4.3; http://www.majestic12.co.uk/bot.php?+)"
88.190.44.26 - - [15/Feb/2013:02:47:25 +0100] "GET /lexikon.php HTTP/1.1" 200 10523 "-" "Mozilla/5.0 (compatible; MJ12bot/v1.4.3; http://www.majestic12.co.uk/bot.php?+)"
88.190.44.26 - - [15/Feb/2013:02:47:29 +0100] "GET /modernisierung.php HTTP/1.1" 200 11578 "-" "Mozilla/5.0 (compatible; MJ12bot/v1.4.3; http://www.majestic12.co.uk/bot.php?+)"
141.8.147.12 - - [15/Feb/2013:02:52:35 +0100] "GET /news.php?cs_go=archiv&cs_id=2735&cs_search= HTTP/1.1" 200 9795 "-" "Mozilla/5.0 (compatible; YandexBot/3.0; +http://yandex.com/bots)"
66.249.78.46 - - [15/Feb/2013:03:32:45 +0100] "GET /lexikon.php?cs_go=3&cs_id=105 HTTP/1.1" 200 8408 "-" "Mozilla/5.0 (compatible; Googlebot/2.1; +http://www.google.com/bot.html)"
141.8.147.12 - - [15/Feb/2013:03:49:09 +0100] "GET /news.php?cs_go=archiv&cs_startpos=770 HTTP/1.1" 200 8125 "-" "Mozilla/5.0 (compatible; YandexBot/3.0; +http://yandex.com/bots)"
66.249.78.46 - - [15/Feb/2013:03:56:42 +0100] "GET /lexikon.php?cs_go=2&cs_char=z HTTP/1.1" 200 8261 "-" "Mozilla/5.0 (compatible; Googlebot/2.1; +http://www.google.com/bot.html)"
66.249.78.46 - - [15/Feb/2013:04:04:39 +0100] "GET /lexikon.php?cs_go=3&cs_id=180 HTTP/1.1" 200 9077 "-" "Mozilla/5.0 (compatible; Googlebot/2.1; +http://www.google.com/bot.html)"
81.30.151.218 - - [15/Feb/2013:04:25:59 +0100] "GET /news.php?cs_go=archiv&cs_id=1965&cs_search= HTTP/1.1" 200 7887 "-" "Pixray-Seeker/2.0 (Pixray-Seeker; +http://www.pixray.com/pixraybot; +crawler@pixray.com)"
139.18.2.209 - - [15/Feb/2013:04:31:02 +0100] "GET /optiplus.php HTTP/1.1" 200 11100 "-" "findlinks/2.6 (+http://wortschatz.uni-leipzig.de/findlinks/)"
139.18.2.209 - - [15/Feb/2013:04:31:03 +0100] "GET /optiplus.php HTTP/1.1" 200 11013 "-" "findlinks/2.6 (+http://wortschatz.uni-leipzig.de/findlinks/)"
208.115.111.75 - - [15/Feb/2013:04:38:04 +0100] "GET /lexikon.php?cs_go=2&cs_char=t HTTP/1.1" 200 8962 "-" "Mozilla/5.0 (compatible; Ezooms/1.0; ezooms.bot@gmail.com)"
208.115.111.75 - - [15/Feb/2013:04:38:09 +0100] "GET /modernisierung.php HTTP/1.1" 200 11578 "-" "Mozilla/5.0 (compatible; Ezooms/1.0; ezooms.bot@gmail.com)"
208.115.113.91 - - [15/Feb/2013:04:38:28 +0100] "GET /robots.txt HTTP/1.1" 200 177 "-" "Mozilla/5.0 (compatible; Ezooms/1.0; ezooms.bot@gmail.com)"
65.36.241.79 - - [15/Feb/2013:04:40:42 +0100] "HEAD / HTTP/1.1" 200 - "-" "InternetSeer.com"
141.8.147.12 - - [15/Feb/2013:04:44:15 +0100] "GET /news.php?cs_go=archiv&cs_startpos=760 HTTP/1.1" 200 8125 "-" "Mozilla/5.0 (compatible; YandexBot/3.0; +http://yandex.com/bots)"
5.9.86.112 - - [15/Feb/2013:04:49:35 +0100] "GET /robots.txt HTTP/1.1" 200 177 "-" "Mozilla/5.0 (compatible; Infohelfer/1.3.3; +http://www.infohelfer.de/crawler.php)"
5.9.86.112 - - [15/Feb/2013:04:49:35 +0100] "GET /preisanfrage.php?cs_go=archiv&cs_id=3906 HTTP/1.1" 200 10734 "-" "Mozilla/5.0 (compatible; Infohelfer/1.3.3; +http://www.infohelfer.de/crawler.php)"
5.9.10.179 - - [15/Feb/2013:04:51:03 +0100] "GET /news.php?cs_go=archiv&cs_id=3900&cs_search= HTTP/1.1" 200 13356 "-" "Mozilla/5.0 (compatible; Infohelfer/1.3.3; +http://www.infohelfer.de/crawler.php)"
5.9.86.112 - - [15/Feb/2013:04:52:07 +0100] "GET /agb.php?cs_go=archiv&cs_id=3907 HTTP/1.1" 200 19709 "-" "Mozilla/5.0 (compatible; Infohelfer/1.3.3; +http://www.infohelfer.de/crawler.php)"
5.9.86.112 - - [15/Feb/2013:04:53:06 +0100] "GET /modernisierung.php HTTP/1.1" 200 11578 "-" "Mozilla/5.0 (compatible; Infohelfer/1.3.3; +http://www.infohelfer.de/crawler.php)"
5.9.86.118 - - [15/Feb/2013:04:54:13 +0100] "GET /faq.php?cs_go=archiv&cs_id=3905 HTTP/1.1" 200 208250 "-" "Mozilla/5.0 (compatible; Infohelfer/1.3.3; +http://www.infohelfer.de/crawler.php)"
5.9.86.112 - - [15/Feb/2013:04:55:38 +0100] "GET /index.php?cs_go=archiv&cs_id=3907 HTTP/1.1" 200 15333 "-" "Mozilla/5.0 (compatible; Infohelfer/1.3.3; +http://www.infohelfer.de/crawler.php)"
5.9.10.179 - - [15/Feb/2013:04:57:29 +0100] "GET /jobs.php?cs_go=archiv&cs_id=3905 HTTP/1.1" 200 10090 "-" "Mozilla/5.0 (compatible; Infohelfer/1.3.3; +http://www.infohelfer.de/crawler.php)"
81.30.151.218 - - [15/Feb/2013:05:10:02 +0100] "GET /news.php?cs_go=archiv&cs_id=1935&cs_search= HTTP/1.1" 200 7887 "-" "Pixray-Seeker/2.0 (Pixray-Seeker; +http://www.pixray.com/pixraybot; +crawler@pixray.com)"
81.30.151.218 - - [15/Feb/2013:05:15:07 +0100] "GET /news.php?cs_go=archiv&cs_startpos=110 HTTP/1.1" 200 22864 "-" "Pixray-Seeker/2.0 (Pixray-Seeker; +http://www.pixray.com/pixraybot; +crawler@pixray.com)"
81.30.151.218 - - [15/Feb/2013:05:30:05 +0100] "GET /news.php?cs_go=archiv&cs_id=1627&cs_search= HTTP/1.1" 200 7887 "-" "Pixray-Seeker/2.0 (Pixray-Seeker; +http://www.pixray.com/pixraybot; +crawler@pixray.com)"
81.30.151.218 - - [15/Feb/2013:05:43:32 +0100] "GET /news.php?cs_go=archiv&cs_startpos=580 HTTP/1.1" 200 8125 "-" "Pixray-Seeker/2.0 (Pixray-Seeker; +http://www.pixray.com/pixraybot; +crawler@pixray.com)"
66.249.78.46 - - [15/Feb/2013:05:48:07 +0100] "GET /news.php?cs_go=archiv&cs_id=2853&cs_search= HTTP/1.1" 200 9990 "-" "Mozilla/5.0 (compatible; Googlebot/2.1; +http://www.google.com/bot.html)"
5.9.7.208 - - [15/Feb/2013:05:49:01 +0100] "GET /robots.txt HTTP/1.0" 200 177 "-" "Mozilla/5.0 (compatible; MJ12bot/v1.4.3; http://www.majestic12.co.uk/bot.php?+)"
5.9.7.208 - - [15/Feb/2013:05:49:06 +0100] "GET /news.php?cs_go=archiv&cs_id=3935 HTTP/1.0" 200 9902 "-" "Mozilla/5.0 (compatible; MJ12bot/v1.4.3; http://www.majestic12.co.uk/bot.php?+)"
5.9.7.208 - - [15/Feb/2013:05:50:03 +0100] "GET /news.php?cs_go=archiv&cs_id=3936 HTTP/1.0" 200 12048 "-" "Mozilla/5.0 (compatible; MJ12bot/v1.4.3; http://www.majestic12.co.uk/bot.php?+)"
5.9.7.208 - - [15/Feb/2013:05:50:04 +0100] "GET /news.php?cs_go=archiv&cs_id=3937 HTTP/1.0" 200 13324 "-" "Mozilla/5.0 (compatible; MJ12bot/v1.4.3; http://www.majestic12.co.uk/bot.php?+)"
141.8.147.12 - - [15/Feb/2013:05:58:34 +0100] "GET /news.php?cs_go=archiv&cs_id=2721&cs_search= HTTP/1.1" 200 10999 "-" "Mozilla/5.0 (compatible; YandexBot/3.0; +http://yandex.com/bots)"
66.249.76.46 - - [15/Feb/2013:06:18:12 +0100] "GET /news.php?cs_go=archiv&cs_id=3839 HTTP/1.1" 200 13533 "-" "SAMSUNG-SGH-E250/1.0 Profile/MIDP-2.0 Configuration/CLDC-1.1 UP.Browser/6.2.3.3.c.1.101 (GUI) MMP/2.0 (compatible; Googlebot-Mobile/2.1; +http://www.google.com/bot.html)"
81.30.151.218 - - [15/Feb/2013:06:27:11 +0100] "GET /lexikon.php?cs_go=3&cs_id=104 HTTP/1.1" 200 8474 "-" "Pixray-Seeker/2.0 (Pixray-Seeker; +http://www.pixray.com/pixraybot; +crawler@pixray.com)"
208.115.111.75 - - [15/Feb/2013:06:36:33 +0100] "GET /robots.txt HTTP/1.1" 200 177 "-" "Mozilla/5.0 (compatible; Ezooms/1.0; ezooms.bot@gmail.com)"
5.9.39.69 - - [15/Feb/2013:06:37:46 +0100] "GET /news.php?cs_go=archiv&cs_id=3898&cs_search= HTTP/1.1" 200 9937 "-" "Mozilla/5.0 (compatible; Infohelfer/1.3.3; +http://www.infohelfer.de/crawler.php)"
5.9.56.116 - - [15/Feb/2013:06:39:04 +0100] "GET /news.php?cs_go=archiv&cs_id=3906&cs_search= HTTP/1.1" 200 11109 "-" "Mozilla/5.0 (compatible; Infohelfer/1.3.3; +http://www.infohelfer.de/crawler.php)"
5.9.88.119 - - [15/Feb/2013:06:40:22 +0100] "GET /news.php?cs_go=archiv&cs_startpos=50 HTTP/1.1" 200 22734 "-" "Mozilla/5.0 (compatible; Infohelfer/1.3.3; +http://www.infohelfer.de/crawler.php)"
5.9.56.116 - - [15/Feb/2013:06:42:22 +0100] "GET /news.php?cs_go=archiv&cs_startpos=40 HTTP/1.1" 200 22825 "-" "Mozilla/5.0 (compatible; Infohelfer/1.3.3; +http://www.infohelfer.de/crawler.php)"
5.9.88.119 - - [15/Feb/2013:06:44:50 +0100] "GET /lexikon.php HTTP/1.1" 200 10523 "-" "Mozilla/5.0 (compatible; Infohelfer/1.3.3; +http://www.infohelfer.de/crawler.php)"
141.8.147.12 - - [15/Feb/2013:06:47:41 +0100] "GET /robots.txt HTTP/1.1" 200 177 "-" "Mozilla/5.0 (compatible; YandexBot/3.0; +http://yandex.com/bots)"
208.115.113.91 - - [15/Feb/2013:06:50:18 +0100] "GET /news.php?cs_go=archiv&cs_id=3831&cs_search= HTTP/1.1" 200 13526 "-" "Mozilla/5.0 (compatible; Ezooms/1.0; ezooms.bot@gmail.com)"
66.249.78.46 - - [15/Feb/2013:06:50:20 +0100] "GET /news.php?cs_go=archiv&cs_id=3924&cs_search= HTTP/1.1" 200 10176 "-" "SAMSUNG-SGH-E250/1.0 Profile/MIDP-2.0 Configuration/CLDC-1.1 UP.Browser/6.2.3.3.c.1.101 (GUI) MMP/2.0 (compatible; Googlebot-Mobile/2.1; +http://www.google.com/bot.html)"
130.83.167.153 - - [15/Feb/2013:06:59:07 +0100] "GET /rueckrufservice.php HTTP/1.1" 200 7006 "-" "findlinks/2.6 (+http://wortschatz.uni-leipzig.de/findlinks/)"
130.83.167.153 - - [15/Feb/2013:06:59:07 +0100] "GET /rueckrufservice.php HTTP/1.1" 200 10683 "-" "findlinks/2.6 (+http://wortschatz.uni-leipzig.de/findlinks/)"
66.249.78.46 - - [15/Feb/2013:07:02:34 +0100] "GET /news.php?cs_go=archiv&cs_id=3610 HTTP/1.1" 200 13435 "-" "Mozilla/5.0 (compatible; Googlebot/2.1; +http://www.google.com/bot.html)"
66.249.78.46 - - [15/Feb/2013:07:08:05 +0100] "GET /index.php HTTP/1.1" 200 15333 "-" "Mozilla/5.0 (compatible; Googlebot/2.1; +http://www.google.com/bot.html)"
66.249.78.46 - - [15/Feb/2013:07:14:59 +0100] "GET /news.php?cs_go=archiv&cs_id=3940 HTTP/1.1" 200 9881 "-" "Mozilla/5.0 (compatible; Googlebot/2.1; +http://www.google.com/bot.html)"
66.249.76.46 - - [15/Feb/2013:07:28:55 +0100] "GET /news.php?cs_go=archiv&cs_id=3052&cs_search= HTTP/1.1" 200 9829 "-" "Mozilla/5.0 (compatible; Googlebot/2.1; +http://www.google.com/bot.html)"
5.9.56.116 - - [15/Feb/2013:07:29:47 +0100] "GET /newsletter.php?cs_go=archiv&cs_id=3904 HTTP/1.1" 200 8928 "-" "Mozilla/5.0 (compatible; Infohelfer/1.3.3; +http://www.infohelfer.de/crawler.php)"
5.9.88.119 - - [15/Feb/2013:07:30:56 +0100] "GET /energiesparcheck.php?cs_go=archiv&cs_id=3907 HTTP/1.1" 200 13581 "-" "Mozilla/5.0 (compatible; Infohelfer/1.3.3; +http://www.infohelfer.de/crawler.php)"
130.83.167.153 - - [15/Feb/2013:07:31:56 +0100] "GET /news.php?cs_go=archiv&cs_id=3813&cs_search= HTTP/1.1" 200 8193 "-" "findlinks/2.6 (+http://wortschatz.uni-leipzig.de/findlinks/)"
130.83.167.153 - - [15/Feb/2013:07:31:56 +0100] "GET /news.php?cs_go=archiv&cs_id=3813&cs_search= HTTP/1.1" 200 10172 "-" "findlinks/2.6 (+http://wortschatz.uni-leipzig.de/findlinks/)"
5.9.56.116 - - [15/Feb/2013:07:32:04 +0100] "GET /modernisierung.php?cs_go=archiv&cs_id=3906 HTTP/1.1" 200 11578 "-" "Mozilla/5.0 (compatible; Infohelfer/1.3.3; +http://www.infohelfer.de/crawler.php)"
141.8.147.12 - - [15/Feb/2013:07:32:04 +0100] "GET /news.php?cs_go=archiv&cs_id=2726&cs_search= HTTP/1.1" 200 10273 "-" "Mozilla/5.0 (compatible; YandexBot/3.0; +http://yandex.com/bots)"
66.249.76.46 - - [15/Feb/2013:07:33:13 +0100] "GET /news.php?cs_go=archiv&cs_id=3209&cs_search= HTTP/1.1" 200 13682 "-" "Mozilla/5.0 (compatible; Googlebot/2.1; +http://www.google.com/bot.html)"
5.9.56.116 - - [15/Feb/2013:07:33:23 +0100] "GET /index.php?cs_go=archiv&cs_id=3905 HTTP/1.1" 200 15336 "-" "Mozilla/5.0 (compatible; Infohelfer/1.3.3; +http://www.infohelfer.de/crawler.php)"
5.9.88.119 - - [15/Feb/2013:07:35:55 +0100] "GET /jobs.php?cs_go=archiv&cs_id=3907 HTTP/1.1" 200 10090 "-" "Mozilla/5.0 (compatible; Infohelfer/1.3.3; +http://www.infohelfer.de/crawler.php)"
66.249.76.46 - - [15/Feb/2013:07:41:31 +0100] "GET /news.php?cs_go=archiv&cs_id=3205 HTTP/1.1" 200 9862 "-" "Mozilla/5.0 (compatible; Googlebot/2.1; +http://www.google.com/bot.html)"
5.9.31.15 - - [15/Feb/2013:07:44:54 +0100] "GET /modernisierung.php?cs_go=archiv&cs_id=3907 HTTP/1.1" 200 11578 "-" "Mozilla/5.0 (compatible; Infohelfer/1.3.3; +http://www.infohelfer.de/crawler.php)"
5.9.31.15 - - [15/Feb/2013:07:46:38 +0100] "GET /news.php?cs_go=archiv&cs_id=3904&cs_search= HTTP/1.1" 200 14802 "-" "Mozilla/5.0 (compatible; Infohelfer/1.3.3; +http://www.infohelfer.de/crawler.php)"
5.9.31.15 - - [15/Feb/2013:07:48:38 +0100] "GET /news.php?cs_go=archiv&cs_id=3905&cs_search= HTTP/1.1" 200 15131 "-" "Mozilla/5.0 (compatible; Infohelfer/1.3.3; +http://www.infohelfer.de/crawler.php)"
78.30.200.81 - - [15/Feb/2013:07:53:36 +0100] "GET /robots.txt HTTP/1.0" 200 177 "-" "Mozilla/5.0 (compatible; MJ12bot/v1.4.3; http://www.majestic12.co.uk/bot.php?+)"
78.30.200.81 - - [15/Feb/2013:07:53:37 +0100] "GET /news.php?cs_go=archiv&cs_id=3935 HTTP/1.0" 200 9902 "-" "Mozilla/5.0 (compatible; MJ12bot/v1.4.3; http://www.majestic12.co.uk/bot.php?+)"
78.30.200.81 - - [15/Feb/2013:07:53:39 +0100] "GET /news.php?cs_go=archiv&cs_id=3936 HTTP/1.0" 200 12048 "-" "Mozilla/5.0 (compatible; MJ12bot/v1.4.3; http://www.majestic12.co.uk/bot.php?+)"
78.30.200.81 - - [15/Feb/2013:07:53:41 +0100] "GET /news.php?cs_go=archiv&cs_id=3937 HTTP/1.0" 200 13324 "-" "Mozilla/5.0 (compatible; MJ12bot/v1.4.3; http://www.majestic12.co.uk/bot.php?+)"
81.30.151.218 - - [15/Feb/2013:08:05:32 +0100] "GET /robots.txt HTTP/1.1" 200 177 "-" "Pixray-Seeker/2.0 (Pixray-Seeker; +http://www.pixray.com/pixraybot; +crawler@pixray.com)"
81.30.151.218 - - [15/Feb/2013:08:05:32 +0100] "GET /news.php?cs_go=archiv&cs_id=1648&cs_search= HTTP/1.1" 200 7887 "-" "Pixray-Seeker/2.0 (Pixray-Seeker; +http://www.pixray.com/pixraybot; +crawler@pixray.com)"
130.83.167.153 - - [15/Feb/2013:08:10:49 +0100] "GET /news.php?cs_go=archiv&cs_id=3740&cs_search= HTTP/1.1" 200 12081 "-" "findlinks/2.6 (+http://wortschatz.uni-leipzig.de/findlinks/)"
130.83.167.153 - - [15/Feb/2013:08:10:49 +0100] "GET /news.php?cs_go=archiv&cs_id=3740&cs_search= HTTP/1.1" 200 11994 "-" "findlinks/2.6 (+http://wortschatz.uni-leipzig.de/findlinks/)"
93.182.137.3 - - [15/Feb/2013:08:20:27 +0100] "GET /faq.php HTTP/1.0" 200 208250 "http://www.mink-gmbh.de/faq.php" "Mozilla/5.0 (Windows NT 5.1; rv:13.0) Gecko/20100101 Firefox/13.0.1"
141.8.147.12 - - [15/Feb/2013:08:22:15 +0100] "GET /news.php?cs_go=archiv&cs_startpos=720 HTTP/1.1" 200 8125 "-" "Mozilla/5.0 (compatible; YandexBot/3.0; +http://yandex.com/bots)"
81.30.151.218 - - [15/Feb/2013:08:31:16 +0100] "GET /news.php?cs_go=archiv&cs_id=1728&cs_search= HTTP/1.1" 200 7887 "-" "Pixray-Seeker/2.0 (Pixray-Seeker; +http://www.pixray.com/pixraybot; +crawler@pixray.com)"
66.249.78.46 - - [15/Feb/2013:08:33:34 +0100] "GET /news.php?cs_go=archiv&cs_id=3304&cs_search= HTTP/1.1" 200 13531 "-" "Mozilla/5.0 (compatible; Googlebot/2.1; +http://www.google.com/bot.html)"
208.115.113.91 - - [15/Feb/2013:08:36:51 +0100] "GET /robots.txt HTTP/1.1" 200 177 "-" "Mozilla/5.0 (compatible; Ezooms/1.0; ezooms.bot@gmail.com)"
208.115.111.75 - - [15/Feb/2013:08:39:34 +0100] "GET /lexikon.php?cs_go=2&cs_char=r HTTP/1.1" 200 9732 "-" "Mozilla/5.0 (compatible; Ezooms/1.0; ezooms.bot@gmail.com)"
208.115.111.75 - - [15/Feb/2013:08:39:38 +0100] "GET /news.php?cs_go=archiv&cs_id=3820&cs_search= HTTP/1.1" 200 11108 "-" "Mozilla/5.0 (compatible; Ezooms/1.0; ezooms.bot@gmail.com)"
81.30.151.218 - - [15/Feb/2013:08:48:36 +0100] "GET /news.php?cs_go=archiv&cs_id=1736&cs_search= HTTP/1.1" 200 7887 "-" "Pixray-Seeker/2.0 (Pixray-Seeker; +http://www.pixray.com/pixraybot; +crawler@pixray.com)"
141.8.147.12 - - [15/Feb/2013:09:03:45 +0100] "GET /news.php?cs_go=archiv&cs_id=2728&cs_search= HTTP/1.1" 200 11530 "-" "Mozilla/5.0 (compatible; YandexBot/3.0; +http://yandex.com/bots)"
5.9.86.118 - - [15/Feb/2013:09:05:21 +0100] "GET /newsletter.php?cs_go=archiv&cs_id=3905 HTTP/1.1" 200 8928 "-" "Mozilla/5.0 (compatible; Infohelfer/1.3.3; +http://www.infohelfer.de/crawler.php)"
5.9.86.118 - - [15/Feb/2013:09:07:35 +0100] "GET /wunschpreis.php?cs_go=archiv&cs_id=3905 HTTP/1.1" 200 12084 "-" "Mozilla/5.0 (compatible; Infohelfer/1.3.3; +http://www.infohelfer.de/crawler.php)"
141.8.147.12 - - [15/Feb/2013:09:48:23 +0100] "GET /news.php?cs_go=archiv&cs_id=2729&cs_search= HTTP/1.1" 200 13429 "-" "Mozilla/5.0 (compatible; YandexBot/3.0; +http://yandex.com/bots)"
141.8.147.12 - - [15/Feb/2013:10:19:20 +0100] "GET / HTTP/1.1" 200 15336 "-" "Mozilla/5.0 (compatible; YandexBot/3.0; +http://yandex.com/bots)"
5.9.7.208 - - [15/Feb/2013:10:26:09 +0100] "GET /robots.txt HTTP/1.0" 200 177 "-" "Mozilla/5.0 (compatible; MJ12bot/v1.4.3; http://www.majestic12.co.uk/bot.php?+)"
5.9.7.208 - - [15/Feb/2013:10:26:16 +0100] "GET /news.php?cs_go=archiv&cs_id=3935 HTTP/1.0" 200 9902 "-" "Mozilla/5.0 (compatible; MJ12bot/v1.4.3; http://www.majestic12.co.uk/bot.php?+)"
5.9.7.208 - - [15/Feb/2013:10:27:12 +0100] "GET /news.php?cs_go=archiv&cs_id=3936 HTTP/1.0" 200 12048 "-" "Mozilla/5.0 (compatible; MJ12bot/v1.4.3; http://www.majestic12.co.uk/bot.php?+)"
5.9.7.208 - - [15/Feb/2013:10:27:18 +0100] "GET /news.php?cs_go=archiv&cs_id=3937 HTTP/1.0" 200 13324 "-" "Mozilla/5.0 (compatible; MJ12bot/v1.4.3; http://www.majestic12.co.uk/bot.php?+)"
208.115.111.75 - - [15/Feb/2013:10:40:11 +0100] "GET /robots.txt HTTP/1.1" 200 177 "-" "Mozilla/5.0 (compatible; Ezooms/1.0; ezooms.bot@gmail.com)"
141.8.147.12 - - [15/Feb/2013:10:50:33 +0100] "GET /news.php?cs_go=archiv&cs_startpos=670 HTTP/1.1" 200 8125 "-" "Mozilla/5.0 (compatible; YandexBot/3.0; +http://yandex.com/bots)"
208.115.113.91 - - [15/Feb/2013:10:54:12 +0100] "GET /news.php?cs_go=archiv&cs_startpos=120 HTTP/1.1" 200 22847 "-" "Mozilla/5.0 (compatible; Ezooms/1.0; ezooms.bot@gmail.com)"
65.36.241.79 - - [15/Feb/2013:11:10:17 +0100] "HEAD / HTTP/1.1" 200 - "-" "InternetSeer.com"
81.30.151.218 - - [15/Feb/2013:11:20:41 +0100] "GET /news.php?cs_go=archiv&cs_id=2715&cs_search= HTTP/1.1" 200 15854 "-" "Pixray-Seeker/2.0 (Pixray-Seeker; +http://www.pixray.com/pixraybot; +crawler@pixray.com)"
5.9.31.15 - - [15/Feb/2013:11:38:01 +0100] "GET /jobs.php?cs_go=archiv&cs_id=3906 HTTP/1.1" 200 10090 "-" "Mozilla/5.0 (compatible; Infohelfer/1.3.3; +http://www.infohelfer.de/crawler.php)"
5.9.86.85 - - [15/Feb/2013:11:40:31 +0100] "GET /lexikon.php?cs_go=archiv&cs_id=3906 HTTP/1.1" 200 7816 "-" "Mozilla/5.0 (compatible; Infohelfer/1.3.3; +http://www.infohelfer.de/crawler.php)"
5.9.86.85 - - [15/Feb/2013:11:41:33 +0100] "GET /news.php?cs_go=archiv&cs_id=3901&cs_search= HTTP/1.1" 200 9798 "-" "Mozilla/5.0 (compatible; Infohelfer/1.3.3; +http://www.infohelfer.de/crawler.php)"
5.9.86.112 - - [15/Feb/2013:11:42:50 +0100] "GET /lexikon.php?cs_go=archiv&cs_id=3905 HTTP/1.1" 200 7816 "-" "Mozilla/5.0 (compatible; Infohelfer/1.3.3; +http://www.infohelfer.de/crawler.php)"
5.9.31.15 - - [15/Feb/2013:11:43:51 +0100] "GET /modernisierung.php?cs_go=archiv&cs_id=3905 HTTP/1.1" 200 11578 "-" "Mozilla/5.0 (compatible; Infohelfer/1.3.3; +http://www.infohelfer.de/crawler.php)"
5.9.10.179 - - [15/Feb/2013:11:45:00 +0100] "GET /kwk.php?cs_go=archiv&cs_id=3906 HTTP/1.1" 200 8148 "-" "Mozilla/5.0 (compatible; Infohelfer/1.3.3; +http://www.infohelfer.de/crawler.php)"
5.9.86.112 - - [15/Feb/2013:11:46:04 +0100] "GET /foerdermittel.php?cs_go=archiv&cs_id=3905 HTTP/1.1" 200 12908 "-" "Mozilla/5.0 (compatible; Infohelfer/1.3.3; +http://www.infohelfer.de/crawler.php)"
5.9.86.112 - - [15/Feb/2013:11:47:23 +0100] "GET /wunschpreis.php?cs_go=archiv&cs_id=3907 HTTP/1.1" 200 12084 "-" "Mozilla/5.0 (compatible; Infohelfer/1.3.3; +http://www.infohelfer.de/crawler.php)"
81.30.151.218 - - [15/Feb/2013:11:50:21 +0100] "GET /news.php?cs_go=archiv&cs_startpos=1340 HTTP/1.1" 200 8126 "-" "Pixray-Seeker/2.0 (Pixray-Seeker; +http://www.pixray.com/pixraybot; +crawler@pixray.com)"
141.8.147.12 - - [15/Feb/2013:11:56:56 +0100] "GET /news.php?cs_go=archiv&cs_startpos=680 HTTP/1.1" 200 8125 "-" "Mozilla/5.0 (compatible; YandexBot/3.0; +http://yandex.com/bots)"
5.9.86.85 - - [15/Feb/2013:12:36:03 +0100] "GET /standard.php?cs_go=archiv&cs_id=3906 HTTP/1.1" 200 7707 "-" "Mozilla/5.0 (compatible; Infohelfer/1.3.3; +http://www.infohelfer.de/crawler.php)"
208.115.113.91 - - [15/Feb/2013:12:37:40 +0100] "GET /robots.txt HTTP/1.1" 200 177 "-" "Mozilla/5.0 (compatible; Ezooms/1.0; ezooms.bot@gmail.com)"
5.9.86.85 - - [15/Feb/2013:12:37:42 +0100] "GET /foerdermittel.php?cs_go=archiv&cs_id=3906 HTTP/1.1" 200 12908 "-" "Mozilla/5.0 (compatible; Infohelfer/1.3.3; +http://www.infohelfer.de/crawler.php)"
208.115.111.75 - - [15/Feb/2013:12:43:40 +0100] "GET /lexikon.php?cs_go=2&cs_char=p HTTP/1.1" 200 9166 "-" "Mozilla/5.0 (compatible; Ezooms/1.0; ezooms.bot@gmail.com)"
5.9.39.69 - - [15/Feb/2013:12:46:37 +0100] "GET /standard.php?cs_go=archiv&cs_id=3905 HTTP/1.1" 200 7707 "-" "Mozilla/5.0 (compatible; Infohelfer/1.3.3; +http://www.infohelfer.de/crawler.php)"
141.8.147.12 - - [15/Feb/2013:12:48:44 +0100] "GET /news.php?cs_go=archiv&cs_id=3629&cs_search= HTTP/1.1" 200 13330 "-" "Mozilla/5.0 (compatible; YandexBot/3.0; +http://yandex.com/bots)"
5.9.86.118 - - [15/Feb/2013:12:48:59 +0100] "GET /news.php?cs_go=archiv&cs_id=3902&cs_search= HTTP/1.1" 200 9749 "-" "Mozilla/5.0 (compatible; Infohelfer/1.3.3; +http://www.infohelfer.de/crawler.php)"
81.30.151.218 - - [15/Feb/2013:12:56:58 +0100] "GET /news.php?cs_go=archiv&cs_id=1800&cs_search= HTTP/1.1" 200 7887 "-" "Pixray-Seeker/2.0 (Pixray-Seeker; +http://www.pixray.com/pixraybot; +crawler@pixray.com)"
66.249.78.46 - - [15/Feb/2013:13:20:34 +0100] "GET /lexikon.php?cs_go=3&cs_id=135 HTTP/1.1" 200 9197 "-" "Mozilla/5.0 (compatible; Googlebot/2.1; +http://www.google.com/bot.html)"
66.249.78.46 - - [15/Feb/2013:13:26:35 +0100] "GET /lexikon.php?cs_go=3&cs_id=169 HTTP/1.1" 200 8037 "-" "Mozilla/5.0 (compatible; Googlebot/2.1; +http://www.google.com/bot.html)"
66.249.78.46 - - [15/Feb/2013:13:33:19 +0100] "GET /images/kwk.gif HTTP/1.1" 304 - "-" "Googlebot-Image/1.0"
141.8.147.12 - - [15/Feb/2013:13:33:49 +0100] "GET /news.php?cs_go=archiv&cs_id=2742&cs_search= HTTP/1.1" 200 11170 "-" "Mozilla/5.0 (compatible; YandexBot/3.0; +http://yandex.com/bots)"
5.9.7.208 - - [15/Feb/2013:13:42:05 +0100] "GET /robots.txt HTTP/1.0" 200 177 "-" "Mozilla/5.0 (compatible; MJ12bot/v1.4.3; http://www.majestic12.co.uk/bot.php?+)"
5.9.7.208 - - [15/Feb/2013:13:42:31 +0100] "GET /news.php?cs_go=archiv&cs_id=3935 HTTP/1.0" 200 9902 "-" "Mozilla/5.0 (compatible; MJ12bot/v1.4.3; http://www.majestic12.co.uk/bot.php?+)"
5.9.7.208 - - [15/Feb/2013:13:42:42 +0100] "GET /news.php?cs_go=archiv&cs_id=3936 HTTP/1.0" 200 12048 "-" "Mozilla/5.0 (compatible; MJ12bot/v1.4.3; http://www.majestic12.co.uk/bot.php?+)"
5.9.7.208 - - [15/Feb/2013:13:43:28 +0100] "GET /news.php?cs_go=archiv&cs_id=3937 HTTP/1.0" 200 13324 "-" "Mozilla/5.0 (compatible; MJ12bot/v1.4.3; http://www.majestic12.co.uk/bot.php?+)"
81.30.151.218 - - [15/Feb/2013:13:44:00 +0100] "GET /news.php?cs_go=archiv&cs_startpos=150 HTTP/1.1" 200 22646 "-" "Pixray-Seeker/2.0 (Pixray-Seeker; +http://www.pixray.com/pixraybot; +crawler@pixray.com)"
66.249.78.46 - - [15/Feb/2013:13:44:37 +0100] "GET /news.php?cs_go=archiv&cs_id=3346&cs_search= HTTP/1.1" 200 13403 "-" "Mozilla/5.0 (compatible; Googlebot/2.1; +http://www.google.com/bot.html)"
66.249.78.46 - - [15/Feb/2013:13:50:39 +0100] "GET /news.php?cs_go=archiv&cs_id=2865 HTTP/1.1" 200 13631 "-" "Mozilla/5.0 (compatible; Googlebot/2.1; +http://www.google.com/bot.html)"
78.30.200.81 - - [15/Feb/2013:14:02:31 +0100] "GET /robots.txt HTTP/1.0" 200 177 "-" "Mozilla/5.0 (compatible; MJ12bot/v1.4.3; http://www.majestic12.co.uk/bot.php?+)"
78.30.200.81 - - [15/Feb/2013:14:02:33 +0100] "GET /news.php?cs_go=archiv&cs_id=3935 HTTP/1.0" 200 9902 "-" "Mozilla/5.0 (compatible; MJ12bot/v1.4.3; http://www.majestic12.co.uk/bot.php?+)"
78.30.200.81 - - [15/Feb/2013:14:02:34 +0100] "GET /news.php?cs_go=archiv&cs_id=3936 HTTP/1.0" 200 12048 "-" "Mozilla/5.0 (compatible; MJ12bot/v1.4.3; http://www.majestic12.co.uk/bot.php?+)"
78.30.200.81 - - [15/Feb/2013:14:02:36 +0100] "GET /news.php?cs_go=archiv&cs_id=3937 HTTP/1.0" 200 13324 "-" "Mozilla/5.0 (compatible; MJ12bot/v1.4.3; http://www.majestic12.co.uk/bot.php?+)"
5.9.73.202 - - [15/Feb/2013:14:02:46 +0100] "GET /kwk.php HTTP/1.1" 200 10884 "-" "Mozilla/5.0 (compatible; Infohelfer/1.3.3; +http://www.infohelfer.de/crawler.php)"
141.8.147.12 - - [15/Feb/2013:14:22:42 +0100] "GET /news.php?cs_go=archiv&cs_id=2741&cs_search= HTTP/1.1" 200 14094 "-" "Mozilla/5.0 (compatible; YandexBot/3.0; +http://yandex.com/bots)"
78.30.200.81 - - [15/Feb/2013:14:23:48 +0100] "GET /robots.txt HTTP/1.0" 200 177 "-" "Mozilla/5.0 (compatible; MJ12bot/v1.4.3; http://www.majestic12.co.uk/bot.php?+)"
78.30.200.81 - - [15/Feb/2013:14:23:49 +0100] "GET /news.php?cs_go=archiv&cs_id=3935 HTTP/1.0" 200 9902 "-" "Mozilla/5.0 (compatible; MJ12bot/v1.4.3; http://www.majestic12.co.uk/bot.php?+)"
78.30.200.81 - - [15/Feb/2013:14:23:51 +0100] "GET /news.php?cs_go=archiv&cs_id=3936 HTTP/1.0" 200 12048 "-" "Mozilla/5.0 (compatible; MJ12bot/v1.4.3; http://www.majestic12.co.uk/bot.php?+)"
78.30.200.81 - - [15/Feb/2013:14:23:53 +0100] "GET /news.php?cs_go=archiv&cs_id=3937 HTTP/1.0" 200 13324 "-" "Mozilla/5.0 (compatible; MJ12bot/v1.4.3; http://www.majestic12.co.uk/bot.php?+)"
81.30.151.218 - - [15/Feb/2013:14:35:50 +0100] "GET /news.php?cs_go=archiv&cs_id=1900&cs_search= HTTP/1.1" 200 7887 "-" "Pixray-Seeker/2.0 (Pixray-Seeker; +http://www.pixray.com/pixraybot; +crawler@pixray.com)"
208.115.111.75 - - [15/Feb/2013:14:38:17 +0100] "GET /robots.txt HTTP/1.1" 200 177 "-" "Mozilla/5.0 (compatible; Ezooms/1.0; ezooms.bot@gmail.com)"
208.115.113.91 - - [15/Feb/2013:14:53:13 +0100] "GET /kontakt.php HTTP/1.1" 200 9198 "-" "Mozilla/5.0 (compatible; Ezooms/1.0; ezooms.bot@gmail.com)"
208.115.113.91 - - [15/Feb/2013:14:53:17 +0100] "GET /newsletter.php HTTP/1.1" 200 8928 "-" "Mozilla/5.0 (compatible; Ezooms/1.0; ezooms.bot@gmail.com)"
5.9.39.69 - - [15/Feb/2013:14:59:36 +0100] "GET /edl.php?cs_go=archiv&cs_id=3905 HTTP/1.1" 200 10801 "-" "Mozilla/5.0 (compatible; Infohelfer/1.3.3; +http://www.infohelfer.de/crawler.php)"
208.115.111.75 - - [15/Feb/2013:15:02:39 +0100] "GET /news.php?cs_go=archiv&cs_id=3901 HTTP/1.1" 200 9798 "-" "Mozilla/5.0 (compatible; Ezooms/1.0; ezooms.bot@gmail.com)"
141.8.147.12 - - [15/Feb/2013:15:06:21 +0100] "GET /news.php?cs_go=archiv&cs_id=2744&cs_search= HTTP/1.1" 200 9983 "-" "Mozilla/5.0 (compatible; YandexBot/3.0; +http://yandex.com/bots)"
157.55.32.141 - - [15/Feb/2013:15:37:14 +0100] "GET /robots.txt HTTP/1.1" 200 177 "-" "Mozilla/5.0 (compatible; bingbot/2.0; +http://www.bing.com/bingbot.htm)"
157.55.32.141 - - [15/Feb/2013:15:39:40 +0100] "GET / HTTP/1.1" 200 15357 "-" "Mozilla/5.0 (compatible; bingbot/2.0; +http://www.bing.com/bingbot.htm)"
141.8.147.12 - - [15/Feb/2013:15:50:34 +0100] "GET /news.php?cs_go=archiv&cs_id=2720&cs_search= HTTP/1.1" 200 13816 "-" "Mozilla/5.0 (compatible; YandexBot/3.0; +http://yandex.com/bots)"
66.249.78.46 - - [15/Feb/2013:15:51:37 +0100] "GET /images/Optiseite.jpg HTTP/1.1" 304 - "-" "Googlebot-Image/1.0"
178.255.215.64 - - [15/Feb/2013:15:59:26 +0100] "GET /robots.txt HTTP/1.1" 200 177 "-" "Mozilla/5.0 (compatible; Exabot/3.0; +http://www.exabot.com/go/robot)"
178.255.215.64 - - [15/Feb/2013:15:59:26 +0100] "GET /kontakt.php HTTP/1.1" 200 9198 "-" "Mozilla/5.0 (compatible; Exabot/3.0; +http://www.exabot.com/go/robot)"
65.36.241.79 - - [15/Feb/2013:16:22:37 +0100] "HEAD / HTTP/1.1" 200 - "-" "InternetSeer.com"
92.78.178.13 - - [15/Feb/2013:16:32:44 +0100] "GET /style.css HTTP/1.1" 200 8418 "http://www.mink-gmbh.de/" "Mozilla/5.0 (Linux; U; Android 2.3.3; de-de; GT-I9001 Build/GINGERBREAD) AppleWebKit/533.1 (KHTML, like Gecko) Version/4.0 Mobile Safari/533.1"
92.78.178.13 - - [15/Feb/2013:16:32:44 +0100] "GET /modul.css HTTP/1.1" 200 35038 "http://www.mink-gmbh.de/" "Mozilla/5.0 (Linux; U; Android 2.3.3; de-de; GT-I9001 Build/GINGERBREAD) AppleWebKit/533.1 (KHTML, like Gecko) Version/4.0 Mobile Safari/533.1"
92.78.178.13 - - [15/Feb/2013:16:32:44 +0100] "GET / HTTP/1.1" 200 15357 "http://www.google.de/search?hl=de&client=ms-android-samsung&tbo=d&source=android-launcher-widget&v=133247963&q=kohleh%C3%A4ndler+berlin+steglitz&oq=kohleh%C3%A4ndler+berlin+steglitz&gs_l=mobile-gws-serp.12...12651.25215.0.30059.16.16.0.0.0.0.238.2043.2j13j1.16.0...0.0...1ac.1.3.mobile-gws-serp.ycmsXSgHgMM" "Mozilla/5.0 (Linux; U; Android 2.3.3; de-de; GT-I9001 Build/GINGERBREAD) AppleWebKit/533.1 (KHTML, like Gecko) Version/4.0 Mobile Safari/533.1"
92.78.178.13 - - [15/Feb/2013:16:32:45 +0100] "GET /js_contentserver24_greybox/gb_styles.css HTTP/1.1" 200 2302 "http://www.mink-gmbh.de/" "Mozilla/5.0 (Linux; U; Android 2.3.3; de-de; GT-I9001 Build/GINGERBREAD) AppleWebKit/533.1 (KHTML, like Gecko) Version/4.0 Mobile Safari/533.1"
92.78.178.13 - - [15/Feb/2013:16:32:46 +0100] "GET /js_contentserver24_greybox/AJS_fx.js HTTP/1.1" 200 3192 "http://www.mink-gmbh.de/" "Mozilla/5.0 (Linux; U; Android 2.3.3; de-de; GT-I9001 Build/GINGERBREAD) AppleWebKit/533.1 (KHTML, like Gecko) Version/4.0 Mobile Safari/533.1"
92.78.178.13 - - [15/Feb/2013:16:32:46 +0100] "GET /js_contentserver24_greybox/AJS.js HTTP/1.1" 200 10396 "http://www.mink-gmbh.de/" "Mozilla/5.0 (Linux; U; Android 2.3.3; de-de; GT-I9001 Build/GINGERBREAD) AppleWebKit/533.1 (KHTML, like Gecko) Version/4.0 Mobile Safari/533.1"
92.78.178.13 - - [15/Feb/2013:16:32:46 +0100] "GET /images/bg.jpg HTTP/1.1" 200 345 "http://www.mink-gmbh.de/" "Mozilla/5.0 (Linux; U; Android 2.3.3; de-de; GT-I9001 Build/GINGERBREAD) AppleWebKit/533.1 (KHTML, like Gecko) Version/4.0 Mobile Safari/533.1"
92.78.178.13 - - [15/Feb/2013:16:32:46 +0100] "GET /images/mail.jpg HTTP/1.1" 200 11165 "http://www.mink-gmbh.de/" "Mozilla/5.0 (Linux; U; Android 2.3.3; de-de; GT-I9001 Build/GINGERBREAD) AppleWebKit/533.1 (KHTML, like Gecko) Version/4.0 Mobile Safari/533.1"
92.78.178.13 - - [15/Feb/2013:16:32:46 +0100] "GET /images/kwk.gif HTTP/1.1" 200 6403 "http://www.mink-gmbh.de/" "Mozilla/5.0 (Linux; U; Android 2.3.3; de-de; GT-I9001 Build/GINGERBREAD) AppleWebKit/533.1 (KHTML, like Gecko) Version/4.0 Mobile Safari/533.1"
92.78.178.13 - - [15/Feb/2013:16:32:46 +0100] "GET /js_contentserver24_greybox/gb_scripts.js HTTP/1.1" 200 11913 "http://www.mink-gmbh.de/" "Mozilla/5.0 (Linux; U; Android 2.3.3; de-de; GT-I9001 Build/GINGERBREAD) AppleWebKit/533.1 (KHTML, like Gecko) Version/4.0 Mobile Safari/533.1"
92.78.178.13 - - [15/Feb/2013:16:32:46 +0100] "GET /images/logos.jpg HTTP/1.1" 200 15002 "http://www.mink-gmbh.de/" "Mozilla/5.0 (Linux; U; Android 2.3.3; de-de; GT-I9001 Build/GINGERBREAD) AppleWebKit/533.1 (KHTML, like Gecko) Version/4.0 Mobile Safari/533.1"
92.78.178.13 - - [15/Feb/2013:16:32:46 +0100] "GET /images/wunschpreis.jpg HTTP/1.1" 200 16767 "http://www.mink-gmbh.de/" "Mozilla/5.0 (Linux; U; Android 2.3.3; de-de; GT-I9001 Build/GINGERBREAD) AppleWebKit/533.1 (KHTML, like Gecko) Version/4.0 Mobile Safari/533.1"
92.78.178.13 - - [15/Feb/2013:16:32:46 +0100] "GET /images/tkw.jpg HTTP/1.1" 200 64031 "http://www.mink-gmbh.de/" "Mozilla/5.0 (Linux; U; Android 2.3.3; de-de; GT-I9001 Build/GINGERBREAD) AppleWebKit/533.1 (KHTML, like Gecko) Version/4.0 Mobile Safari/533.1"
92.78.178.13 - - [15/Feb/2013:16:32:46 +0100] "GET /images/freecall.jpg HTTP/1.1" 200 39195 "http://www.mink-gmbh.de/" "Mozilla/5.0 (Linux; U; Android 2.3.3; de-de; GT-I9001 Build/GINGERBREAD) AppleWebKit/533.1 (KHTML, like Gecko) Version/4.0 Mobile Safari/533.1"
92.78.178.13 - - [15/Feb/2013:16:32:46 +0100] "GET /js_contentserver24_greybox/w_close.gif HTTP/1.1" 200 74 "http://www.mink-gmbh.de/" "Mozilla/5.0 (Linux; U; Android 2.3.3; de-de; GT-I9001 Build/GINGERBREAD) AppleWebKit/533.1 (KHTML, like Gecko) Version/4.0 Mobile Safari/533.1"
92.78.178.13 - - [15/Feb/2013:16:32:46 +0100] "GET /images/close.png HTTP/1.1" 200 703 "http://www.mink-gmbh.de/" "Mozilla/5.0 (Linux; U; Android 2.3.3; de-de; GT-I9001 Build/GINGERBREAD) AppleWebKit/533.1 (KHTML, like Gecko) Version/4.0 Mobile Safari/533.1"
92.78.178.13 - - [15/Feb/2013:16:32:46 +0100] "GET /images/newsletter.png HTTP/1.1" 200 14619 "http://www.mink-gmbh.de/" "Mozilla/5.0 (Linux; U; Android 2.3.3; de-de; GT-I9001 Build/GINGERBREAD) AppleWebKit/533.1 (KHTML, like Gecko) Version/4.0 Mobile Safari/533.1"
92.78.178.13 - - [15/Feb/2013:16:32:47 +0100] "GET /images/navibg.png HTTP/1.1" 200 2803 "http://www.mink-gmbh.de/" "Mozilla/5.0 (Linux; U; Android 2.3.3; de-de; GT-I9001 Build/GINGERBREAD) AppleWebKit/533.1 (KHTML, like Gecko) Version/4.0 Mobile Safari/533.1"
92.78.178.13 - - [15/Feb/2013:16:32:47 +0100] "GET /images/fallend.png HTTP/1.1" 200 713 "http://www.mink-gmbh.de/" "Mozilla/5.0 (Linux; U; Android 2.3.3; de-de; GT-I9001 Build/GINGERBREAD) AppleWebKit/533.1 (KHTML, like Gecko) Version/4.0 Mobile Safari/533.1"
92.78.178.13 - - [15/Feb/2013:16:32:47 +0100] "GET /images/mobil.jpg HTTP/1.1" 200 25293 "http://www.mink-gmbh.de/" "Mozilla/5.0 (Linux; U; Android 2.3.3; de-de; GT-I9001 Build/GINGERBREAD) AppleWebKit/533.1 (KHTML, like Gecko) Version/4.0 Mobile Safari/533.1"
92.78.178.13 - - [15/Feb/2013:16:32:46 +0100] "GET /images/newsletter_bg.jpg HTTP/1.1" 200 33610 "http://www.mink-gmbh.de/" "Mozilla/5.0 (Linux; U; Android 2.3.3; de-de; GT-I9001 Build/GINGERBREAD) AppleWebKit/533.1 (KHTML, like Gecko) Version/4.0 Mobile Safari/533.1"
92.78.178.13 - - [15/Feb/2013:16:32:47 +0100] "GET /images/newsletter.jpg HTTP/1.1" 200 13130 "http://www.mink-gmbh.de/" "Mozilla/5.0 (Linux; U; Android 2.3.3; de-de; GT-I9001 Build/GINGERBREAD) AppleWebKit/533.1 (KHTML, like Gecko) Version/4.0 Mobile Safari/533.1"
92.78.178.13 - - [15/Feb/2013:16:32:47 +0100] "GET /images/footerbg.jpg HTTP/1.1" 200 2184 "http://www.mink-gmbh.de/" "Mozilla/5.0 (Linux; U; Android 2.3.3; de-de; GT-I9001 Build/GINGERBREAD) AppleWebKit/533.1 (KHTML, like Gecko) Version/4.0 Mobile Safari/533.1"
92.78.178.13 - - [15/Feb/2013:16:32:47 +0100] "GET /js_contentserver24_greybox/header_bg.gif HTTP/1.1" 200 1188 "http://www.mink-gmbh.de/" "Mozilla/5.0 (Linux; U; Android 2.3.3; de-de; GT-I9001 Build/GINGERBREAD) AppleWebKit/533.1 (KHTML, like Gecko) Version/4.0 Mobile Safari/533.1"
92.78.178.13 - - [15/Feb/2013:16:32:47 +0100] "GET /js_contentserver24_greybox/loader_frame.html?s=0 HTTP/1.1" 200 2084 "http://www.mink-gmbh.de/" "Mozilla/5.0 (Linux; U; Android 2.3.3; de-de; GT-I9001 Build/GINGERBREAD) AppleWebKit/533.1 (KHTML, like Gecko) Version/4.0 Mobile Safari/533.1"
92.78.178.13 - - [15/Feb/2013:16:32:46 +0100] "GET /images/wrapperbg.jpg HTTP/1.1" 200 27465 "http://www.mink-gmbh.de/" "Mozilla/5.0 (Linux; U; Android 2.3.3; de-de; GT-I9001 Build/GINGERBREAD) AppleWebKit/533.1 (KHTML, like Gecko) Version/4.0 Mobile Safari/533.1"
92.78.178.13 - - [15/Feb/2013:16:32:47 +0100] "GET /images/header.jpg HTTP/1.1" 200 24413 "http://www.mink-gmbh.de/" "Mozilla/5.0 (Linux; U; Android 2.3.3; de-de; GT-I9001 Build/GINGERBREAD) AppleWebKit/533.1 (KHTML, like Gecko) Version/4.0 Mobile Safari/533.1"
92.78.178.13 - - [15/Feb/2013:16:32:47 +0100] "GET /js_contentserver24_greybox/indicator.gif HTTP/1.1" 200 8238 "http://www.mink-gmbh.de/js_contentserver24_greybox/loader_frame.html?s=0" "Mozilla/5.0 (Linux; U; Android 2.3.3; de-de; GT-I9001 Build/GINGERBREAD) AppleWebKit/533.1 (KHTML, like Gecko) Version/4.0 Mobile Safari/533.1"
92.78.178.13 - - [15/Feb/2013:16:32:48 +0100] "GET /favicon.ico HTTP/1.1" 200 3638 "http://www.mink-gmbh.de/" "Mozilla/5.0 (Linux; U; Android 2.3.3; de-de; GT-I9001 Build/GINGERBREAD) AppleWebKit/533.1 (KHTML, like Gecko) Version/4.0 Mobile Safari/533.1"
92.78.178.13 - - [15/Feb/2013:16:32:48 +0100] "GET /js_contentserver24_greybox/g_close.gif HTTP/1.1" 200 541 "http://www.mink-gmbh.de/" "Mozilla/5.0 (Linux; U; Android 2.3.3; de-de; GT-I9001 Build/GINGERBREAD) AppleWebKit/533.1 (KHTML, like Gecko) Version/4.0 Mobile Safari/533.1"
92.78.178.13 - - [15/Feb/2013:16:33:25 +0100] "GET /kwk.php HTTP/1.1" 200 10797 "http://www.mink-gmbh.de/" "Mozilla/5.0 (Linux; U; Android 2.3.3; de-de; GT-I9001 Build/GINGERBREAD) AppleWebKit/533.1 (KHTML, like Gecko) Version/4.0 Mobile Safari/533.1"
92.78.178.13 - - [15/Feb/2013:16:34:42 +0100] "GET /preisanfrage.php HTTP/1.1" 200 10647 "http://www.mink-gmbh.de/kwk.php" "Mozilla/5.0 (Linux; U; Android 2.3.3; de-de; GT-I9001 Build/GINGERBREAD) AppleWebKit/533.1 (KHTML, like Gecko) Version/4.0 Mobile Safari/533.1"
92.78.178.13 - - [15/Feb/2013:16:34:54 +0100] "GET / HTTP/1.1" 200 14616 "http://www.google.de/search?hl=de&client=ms-android-samsung&tbo=d&source=android-launcher-widget&v=133247963&q=kohleh%C3%A4ndler+berlin+steglitz&oq=kohleh%C3%A4ndler+berlin+steglitz&gs_l=mobile-gws-serp.12...12651.25215.0.30059.16.16.0.0.0.0.238.2043.2j13j1.16.0...0.0...1ac.1.3.mobile-gws-serp.ycmsXSgHgMM" "Mozilla/5.0 (Linux; U; Android 2.3.3; de-de; GT-I9001 Build/GINGERBREAD) AppleWebKit/533.1 (KHTML, like Gecko) Version/4.0 Mobile Safari/533.1"
5.9.7.208 - - [15/Feb/2013:16:36:07 +0100] "GET /robots.txt HTTP/1.0" 200 177 "-" "Mozilla/5.0 (compatible; MJ12bot/v1.4.3; http://www.majestic12.co.uk/bot.php?+)"
5.9.7.208 - - [15/Feb/2013:16:36:50 +0100] "GET /news.php?cs_go=archiv&cs_id=3935 HTTP/1.0" 200 9902 "-" "Mozilla/5.0 (compatible; MJ12bot/v1.4.3; http://www.majestic12.co.uk/bot.php?+)"
5.9.7.208 - - [15/Feb/2013:16:37:17 +0100] "GET /robots.txt HTTP/1.0" 200 177 "-" "Mozilla/5.0 (compatible; MJ12bot/v1.4.3; http://www.majestic12.co.uk/bot.php?+)"
141.8.147.12 - - [15/Feb/2013:16:37:47 +0100] "GET /news.php?cs_go=archiv&cs_id=2719&cs_search= HTTP/1.1" 200 10362 "-" "Mozilla/5.0 (compatible; YandexBot/3.0; +http://yandex.com/bots)"
5.9.7.208 - - [15/Feb/2013:16:38:41 +0100] "GET /news.php?cs_go=archiv&cs_id=3936 HTTP/1.0" 200 12048 "-" "Mozilla/5.0 (compatible; MJ12bot/v1.4.3; http://www.majestic12.co.uk/bot.php?+)"
5.9.7.208 - - [15/Feb/2013:16:38:43 +0100] "GET /robots.txt HTTP/1.0" 200 177 "-" "Mozilla/5.0 (compatible; MJ12bot/v1.4.3; http://www.majestic12.co.uk/bot.php?+)"
5.9.7.208 - - [15/Feb/2013:16:38:45 +0100] "GET /news.php?cs_go=archiv&cs_id=3937 HTTP/1.0" 200 13324 "-" "Mozilla/5.0 (compatible; MJ12bot/v1.4.3; http://www.majestic12.co.uk/bot.php?+)"
208.115.111.75 - - [15/Feb/2013:16:43:13 +0100] "GET /lexikon.php?cs_go=2&cs_char=n HTTP/1.1" 200 8578 "-" "Mozilla/5.0 (compatible; Ezooms/1.0; ezooms.bot@gmail.com)"
81.30.151.218 - - [15/Feb/2013:16:50:09 +0100] "GET /news.php?cs_go=archiv&cs_id=3936&cs_search= HTTP/1.1" 200 12048 "-" "Pixray-Seeker/2.0 (Pixray-Seeker; +http://www.pixray.com/pixraybot; +crawler@pixray.com)"
81.30.151.218 - - [15/Feb/2013:17:00:23 +0100] "GET /news.php?cs_go=archiv&cs_id=2984&cs_search= HTTP/1.1" 200 11592 "-" "Pixray-Seeker/2.0 (Pixray-Seeker; +http://www.pixray.com/pixraybot; +crawler@pixray.com)"
141.8.147.12 - - [15/Feb/2013:17:20:38 +0100] "GET /news.php?cs_go=archiv&cs_id=2739&cs_search= HTTP/1.1" 200 13871 "-" "Mozilla/5.0 (compatible; YandexBot/3.0; +http://yandex.com/bots)"
123.125.71.19 - - [15/Feb/2013:17:39:06 +0100] "GET / HTTP/1.1" 200 8718 "-" "Mozilla/5.0 (compatible; Baiduspider/2.0; +http://www.baidu.com/search/spider.html)"
220.181.108.90 - - [15/Feb/2013:17:39:43 +0100] "GET / HTTP/1.1" 200 15357 "-" "Mozilla/5.0 (compatible; Baiduspider/2.0; +http://www.baidu.com/search/spider.html)"
125.162.137.180 - - [15/Feb/2013:17:43:00 +0100] "GET / HTTP/1.1" 200 15357 "-" "Mozilla/4.0 (compatible; MSIE 8.0; Win32)"
125.162.137.180 - - [15/Feb/2013:17:43:01 +0100] "GET /style.css HTTP/1.1" 200 8418 "http://www.mink-gmbh.de/" "Mozilla/4.0 (compatible; MSIE 8.0; Win32)"
125.162.137.180 - - [15/Feb/2013:17:43:02 +0100] "GET /modul.css HTTP/1.1" 200 35038 "http://www.mink-gmbh.de/" "Mozilla/4.0 (compatible; MSIE 8.0; Win32)"
