85.25.71.152 - - [01/Feb/2013:20:43:42 +0100] "GET /news.php?cs_go=archiv&cs_id=3722&cs_search= HTTP/1.1" 200 9650 "-" "Mozilla/5.0 (X11; U; Linux i686; de; rv:1.9.0.1; compatible; iCjobs Stellenangebote Jobs; http://www.icjobs.de) Gecko/20100401 iCjobs/3.2.3"
85.25.71.152 - - [01/Feb/2013:20:43:45 +0100] "GET /news.php?cs_go=archiv&cs_id=3720&cs_search= HTTP/1.1" 200 13363 "-" "Mozilla/5.0 (X11; U; Linux i686; de; rv:1.9.0.1; compatible; iCjobs Stellenangebote Jobs; http://www.icjobs.de) Gecko/20100401 iCjobs/3.2.3"
85.25.71.152 - - [01/Feb/2013:20:43:49 +0100] "GET /news.php?cs_go=archiv&cs_id=3709&cs_search= HTTP/1.1" 200 11868 "-" "Mozilla/5.0 (X11; U; Linux i686; de; rv:1.9.0.1; compatible; iCjobs Stellenangebote Jobs; http://www.icjobs.de) Gecko/20100401 iCjobs/3.2.3"
85.25.71.152 - - [01/Feb/2013:20:43:53 +0100] "GET /news.php?cs_go=archiv&cs_id=3717&cs_search= HTTP/1.1" 200 9722 "-" "Mozilla/5.0 (X11; U; Linux i686; de; rv:1.9.0.1; compatible; iCjobs Stellenangebote Jobs; http://www.icjobs.de) Gecko/20100401 iCjobs/3.2.3"
85.25.71.152 - - [01/Feb/2013:20:43:58 +0100] "GET /news.php?cs_go=archiv&cs_startpos=170 HTTP/1.1" 200 22830 "-" "Mozilla/5.0 (X11; U; Linux i686; de; rv:1.9.0.1; compatible; iCjobs Stellenangebote Jobs; http://www.icjobs.de) Gecko/20100401 iCjobs/3.2.3"
85.25.71.152 - - [01/Feb/2013:20:44:07 +0100] "GET /news.php?cs_go=archiv&cs_id=3673&cs_search= HTTP/1.1" 200 11296 "-" "Mozilla/5.0 (X11; U; Linux i686; de; rv:1.9.0.1; compatible; iCjobs Stellenangebote Jobs; http://www.icjobs.de) Gecko/20100401 iCjobs/3.2.3"
66.249.76.46 - - [01/Feb/2013:20:44:13 +0100] "GET / HTTP/1.1" 200 15365 "-" "Mozilla/5.0 (compatible; Googlebot/2.1; +http://www.google.com/bot.html)"
85.25.71.152 - - [01/Feb/2013:20:44:14 +0100] "GET /news.php?cs_go=archiv&cs_id=3708&cs_search= HTTP/1.1" 200 15461 "-" "Mozilla/5.0 (X11; U; Linux i686; de; rv:1.9.0.1; compatible; iCjobs Stellenangebote Jobs; http://www.icjobs.de) Gecko/20100401 iCjobs/3.2.3"
85.25.71.152 - - [01/Feb/2013:20:44:18 +0100] "GET /news.php?cs_go=archiv&cs_id=3707&cs_search= HTTP/1.1" 200 13386 "-" "Mozilla/5.0 (X11; U; Linux i686; de; rv:1.9.0.1; compatible; iCjobs Stellenangebote Jobs; http://www.icjobs.de) Gecko/20100401 iCjobs/3.2.3"
85.25.71.152 - - [01/Feb/2013:20:44:23 +0100] "GET /news.php?cs_go=archiv&cs_id=3702&cs_search= HTTP/1.1" 200 9957 "-" "Mozilla/5.0 (X11; U; Linux i686; de; rv:1.9.0.1; compatible; iCjobs Stellenangebote Jobs; http://www.icjobs.de) Gecko/20100401 iCjobs/3.2.3"
85.25.71.152 - - [01/Feb/2013:20:44:27 +0100] "GET /news.php?cs_go=archiv&cs_id=3705&cs_search= HTTP/1.1" 200 9726 "-" "Mozilla/5.0 (X11; U; Linux i686; de; rv:1.9.0.1; compatible; iCjobs Stellenangebote Jobs; http://www.icjobs.de) Gecko/20100401 iCjobs/3.2.3"
85.25.71.152 - - [01/Feb/2013:20:44:31 +0100] "GET /news.php?cs_go=archiv&cs_id=3704&cs_search= HTTP/1.1" 200 13783 "-" "Mozilla/5.0 (X11; U; Linux i686; de; rv:1.9.0.1; compatible; iCjobs Stellenangebote Jobs; http://www.icjobs.de) Gecko/20100401 iCjobs/3.2.3"
85.25.71.152 - - [01/Feb/2013:20:44:36 +0100] "GET /news.php?cs_go=archiv&cs_id=3699&cs_search= HTTP/1.1" 200 10171 "-" "Mozilla/5.0 (X11; U; Linux i686; de; rv:1.9.0.1; compatible; iCjobs Stellenangebote Jobs; http://www.icjobs.de) Gecko/20100401 iCjobs/3.2.3"
85.25.71.152 - - [01/Feb/2013:20:44:41 +0100] "GET /news.php?cs_go=archiv&cs_id=3700&cs_search= HTTP/1.1" 200 9779 "-" "Mozilla/5.0 (X11; U; Linux i686; de; rv:1.9.0.1; compatible; iCjobs Stellenangebote Jobs; http://www.icjobs.de) Gecko/20100401 iCjobs/3.2.3"
85.25.71.152 - - [01/Feb/2013:20:44:46 +0100] "GET /news.php?cs_go=archiv&cs_id=3696&cs_search= HTTP/1.1" 200 13393 "-" "Mozilla/5.0 (X11; U; Linux i686; de; rv:1.9.0.1; compatible; iCjobs Stellenangebote Jobs; http://www.icjobs.de) Gecko/20100401 iCjobs/3.2.3"
85.25.71.152 - - [01/Feb/2013:20:44:50 +0100] "GET /news.php?cs_go=archiv&cs_id=3692&cs_search= HTTP/1.1" 200 9770 "-" "Mozilla/5.0 (X11; U; Linux i686; de; rv:1.9.0.1; compatible; iCjobs Stellenangebote Jobs; http://www.icjobs.de) Gecko/20100401 iCjobs/3.2.3"
85.25.71.152 - - [01/Feb/2013:20:44:54 +0100] "GET /news.php?cs_go=archiv&cs_startpos=180 HTTP/1.1" 200 22780 "-" "Mozilla/5.0 (X11; U; Linux i686; de; rv:1.9.0.1; compatible; iCjobs Stellenangebote Jobs; http://www.icjobs.de) Gecko/20100401 iCjobs/3.2.3"
85.25.71.152 - - [01/Feb/2013:20:44:58 +0100] "GET /news.php?cs_go=archiv&cs_id=3678&cs_search= HTTP/1.1" 200 11540 "-" "Mozilla/5.0 (X11; U; Linux i686; de; rv:1.9.0.1; compatible; iCjobs Stellenangebote Jobs; http://www.icjobs.de) Gecko/20100401 iCjobs/3.2.3"
85.25.71.152 - - [01/Feb/2013:20:45:03 +0100] "GET /news.php?cs_go=archiv&cs_id=3691&cs_search= HTTP/1.1" 200 13520 "-" "Mozilla/5.0 (X11; U; Linux i686; de; rv:1.9.0.1; compatible; iCjobs Stellenangebote Jobs; http://www.icjobs.de) Gecko/20100401 iCjobs/3.2.3"
85.25.71.152 - - [01/Feb/2013:20:45:13 +0100] "GET /news.php?cs_go=archiv&cs_id=3689&cs_search= HTTP/1.1" 200 9921 "-" "Mozilla/5.0 (X11; U; Linux i686; de; rv:1.9.0.1; compatible; iCjobs Stellenangebote Jobs; http://www.icjobs.de) Gecko/20100401 iCjobs/3.2.3"
85.25.71.152 - - [01/Feb/2013:20:45:16 +0100] "GET /news.php?cs_go=archiv&cs_id=3687&cs_search= HTTP/1.1" 200 13246 "-" "Mozilla/5.0 (X11; U; Linux i686; de; rv:1.9.0.1; compatible; iCjobs Stellenangebote Jobs; http://www.icjobs.de) Gecko/20100401 iCjobs/3.2.3"
85.25.71.152 - - [01/Feb/2013:20:45:19 +0100] "GET /news.php?cs_go=archiv&cs_id=3569&cs_search= HTTP/1.1" 200 13619 "-" "Mozilla/5.0 (X11; U; Linux i686; de; rv:1.9.0.1; compatible; iCjobs Stellenangebote Jobs; http://www.icjobs.de) Gecko/20100401 iCjobs/3.2.3"
85.25.71.152 - - [01/Feb/2013:20:45:22 +0100] "GET /news.php?cs_go=archiv&cs_id=3685&cs_search= HTTP/1.1" 200 9831 "-" "Mozilla/5.0 (X11; U; Linux i686; de; rv:1.9.0.1; compatible; iCjobs Stellenangebote Jobs; http://www.icjobs.de) Gecko/20100401 iCjobs/3.2.3"
85.25.71.152 - - [01/Feb/2013:20:45:26 +0100] "GET /news.php?cs_go=archiv&cs_id=3533&cs_search= HTTP/1.1" 200 11649 "-" "Mozilla/5.0 (X11; U; Linux i686; de; rv:1.9.0.1; compatible; iCjobs Stellenangebote Jobs; http://www.icjobs.de) Gecko/20100401 iCjobs/3.2.3"
85.25.71.152 - - [01/Feb/2013:20:45:30 +0100] "GET /news.php?cs_go=archiv&cs_id=3684&cs_search= HTTP/1.1" 200 13431 "-" "Mozilla/5.0 (X11; U; Linux i686; de; rv:1.9.0.1; compatible; iCjobs Stellenangebote Jobs; http://www.icjobs.de) Gecko/20100401 iCjobs/3.2.3"
85.25.71.152 - - [01/Feb/2013:20:45:33 +0100] "GET /news.php?cs_go=archiv&cs_id=3665&cs_search= HTTP/1.1" 200 10245 "-" "Mozilla/5.0 (X11; U; Linux i686; de; rv:1.9.0.1; compatible; iCjobs Stellenangebote Jobs; http://www.icjobs.de) Gecko/20100401 iCjobs/3.2.3"
85.25.71.152 - - [01/Feb/2013:20:45:36 +0100] "GET /news.php?cs_go=archiv&cs_id=3682&cs_search= HTTP/1.1" 200 9730 "-" "Mozilla/5.0 (X11; U; Linux i686; de; rv:1.9.0.1; compatible; iCjobs Stellenangebote Jobs; http://www.icjobs.de) Gecko/20100401 iCjobs/3.2.3"
85.25.71.152 - - [01/Feb/2013:20:45:40 +0100] "GET /news.php?cs_go=archiv&cs_startpos=190 HTTP/1.1" 200 22588 "-" "Mozilla/5.0 (X11; U; Linux i686; de; rv:1.9.0.1; compatible; iCjobs Stellenangebote Jobs; http://www.icjobs.de) Gecko/20100401 iCjobs/3.2.3"
85.25.71.152 - - [01/Feb/2013:20:45:49 +0100] "GET /news.php?cs_go=archiv&cs_id=3656&cs_search= HTTP/1.1" 200 11094 "-" "Mozilla/5.0 (X11; U; Linux i686; de; rv:1.9.0.1; compatible; iCjobs Stellenangebote Jobs; http://www.icjobs.de) Gecko/20100401 iCjobs/3.2.3"
85.25.71.152 - - [01/Feb/2013:20:45:53 +0100] "GET /news.php?cs_go=archiv&cs_id=3679&cs_search= HTTP/1.1" 200 13592 "-" "Mozilla/5.0 (X11; U; Linux i686; de; rv:1.9.0.1; compatible; iCjobs Stellenangebote Jobs; http://www.icjobs.de) Gecko/20100401 iCjobs/3.2.3"
85.25.71.152 - - [01/Feb/2013:20:45:58 +0100] "GET /news.php?cs_go=archiv&cs_id=3668&cs_search= HTTP/1.1" 200 11278 "-" "Mozilla/5.0 (X11; U; Linux i686; de; rv:1.9.0.1; compatible; iCjobs Stellenangebote Jobs; http://www.icjobs.de) Gecko/20100401 iCjobs/3.2.3"
85.25.71.152 - - [01/Feb/2013:20:46:03 +0100] "GET /news.php?cs_go=archiv&cs_id=3667&cs_search= HTTP/1.1" 200 9961 "-" "Mozilla/5.0 (X11; U; Linux i686; de; rv:1.9.0.1; compatible; iCjobs Stellenangebote Jobs; http://www.icjobs.de) Gecko/20100401 iCjobs/3.2.3"
85.25.71.152 - - [01/Feb/2013:20:46:05 +0100] "GET /news.php?cs_go=archiv&cs_id=3666&cs_search= HTTP/1.1" 200 13423 "-" "Mozilla/5.0 (X11; U; Linux i686; de; rv:1.9.0.1; compatible; iCjobs Stellenangebote Jobs; http://www.icjobs.de) Gecko/20100401 iCjobs/3.2.3"
85.25.71.152 - - [01/Feb/2013:20:46:10 +0100] "GET /news.php?cs_go=archiv&cs_id=3664&cs_search= HTTP/1.1" 200 9905 "-" "Mozilla/5.0 (X11; U; Linux i686; de; rv:1.9.0.1; compatible; iCjobs Stellenangebote Jobs; http://www.icjobs.de) Gecko/20100401 iCjobs/3.2.3"
85.25.71.152 - - [01/Feb/2013:20:46:16 +0100] "GET /news.php?cs_go=archiv&cs_id=3663&cs_search= HTTP/1.1" 200 10067 "-" "Mozilla/5.0 (X11; U; Linux i686; de; rv:1.9.0.1; compatible; iCjobs Stellenangebote Jobs; http://www.icjobs.de) Gecko/20100401 iCjobs/3.2.3"
85.25.71.152 - - [01/Feb/2013:20:46:24 +0100] "GET /news.php?cs_go=archiv&cs_id=3661&cs_search= HTTP/1.1" 200 13293 "-" "Mozilla/5.0 (X11; U; Linux i686; de; rv:1.9.0.1; compatible; iCjobs Stellenangebote Jobs; http://www.icjobs.de) Gecko/20100401 iCjobs/3.2.3"
85.25.71.152 - - [01/Feb/2013:20:46:30 +0100] "GET /news.php?cs_go=archiv&cs_id=3660&cs_search= HTTP/1.1" 200 9940 "-" "Mozilla/5.0 (X11; U; Linux i686; de; rv:1.9.0.1; compatible; iCjobs Stellenangebote Jobs; http://www.icjobs.de) Gecko/20100401 iCjobs/3.2.3"
85.25.71.152 - - [01/Feb/2013:20:46:36 +0100] "GET /news.php?cs_go=archiv&cs_id=3657&cs_search= HTTP/1.1" 200 13243 "-" "Mozilla/5.0 (X11; U; Linux i686; de; rv:1.9.0.1; compatible; iCjobs Stellenangebote Jobs; http://www.icjobs.de) Gecko/20100401 iCjobs/3.2.3"
85.25.71.152 - - [01/Feb/2013:20:46:43 +0100] "GET /news.php?cs_go=archiv&cs_startpos=200 HTTP/1.1" 200 22426 "-" "Mozilla/5.0 (X11; U; Linux i686; de; rv:1.9.0.1; compatible; iCjobs Stellenangebote Jobs; http://www.icjobs.de) Gecko/20100401 iCjobs/3.2.3"
85.25.71.152 - - [01/Feb/2013:20:46:55 +0100] "GET /news.php?cs_go=archiv&cs_id=3654&cs_search= HTTP/1.1" 200 9750 "-" "Mozilla/5.0 (X11; U; Linux i686; de; rv:1.9.0.1; compatible; iCjobs Stellenangebote Jobs; http://www.icjobs.de) Gecko/20100401 iCjobs/3.2.3"
85.25.71.152 - - [01/Feb/2013:20:46:59 +0100] "GET /news.php?cs_go=archiv&cs_id=3653&cs_search= HTTP/1.1" 200 13273 "-" "Mozilla/5.0 (X11; U; Linux i686; de; rv:1.9.0.1; compatible; iCjobs Stellenangebote Jobs; http://www.icjobs.de) Gecko/20100401 iCjobs/3.2.3"
85.25.71.152 - - [01/Feb/2013:20:47:21 +0100] "GET /news.php?cs_go=archiv&cs_id=3651&cs_search= HTTP/1.1" 200 9962 "-" "Mozilla/5.0 (X11; U; Linux i686; de; rv:1.9.0.1; compatible; iCjobs Stellenangebote Jobs; http://www.icjobs.de) Gecko/20100401 iCjobs/3.2.3"
85.25.71.152 - - [01/Feb/2013:20:47:27 +0100] "GET /news.php?cs_go=archiv&cs_id=3650&cs_search= HTTP/1.1" 200 13275 "-" "Mozilla/5.0 (X11; U; Linux i686; de; rv:1.9.0.1; compatible; iCjobs Stellenangebote Jobs; http://www.icjobs.de) Gecko/20100401 iCjobs/3.2.3"
85.25.71.152 - - [01/Feb/2013:20:47:31 +0100] "GET /news.php?cs_go=archiv&cs_id=3649&cs_search= HTTP/1.1" 200 9950 "-" "Mozilla/5.0 (X11; U; Linux i686; de; rv:1.9.0.1; compatible; iCjobs Stellenangebote Jobs; http://www.icjobs.de) Gecko/20100401 iCjobs/3.2.3"
85.25.71.152 - - [01/Feb/2013:20:47:34 +0100] "GET /news.php?cs_go=archiv&cs_id=3647&cs_search= HTTP/1.1" 200 13292 "-" "Mozilla/5.0 (X11; U; Linux i686; de; rv:1.9.0.1; compatible; iCjobs Stellenangebote Jobs; http://www.icjobs.de) Gecko/20100401 iCjobs/3.2.3"
85.25.71.152 - - [01/Feb/2013:20:47:38 +0100] "GET /news.php?cs_go=archiv&cs_id=3646&cs_search= HTTP/1.1" 200 12024 "-" "Mozilla/5.0 (X11; U; Linux i686; de; rv:1.9.0.1; compatible; iCjobs Stellenangebote Jobs; http://www.icjobs.de) Gecko/20100401 iCjobs/3.2.3"
85.25.71.152 - - [01/Feb/2013:20:47:42 +0100] "GET /news.php?cs_go=archiv&cs_id=3645&cs_search= HTTP/1.1" 200 9961 "-" "Mozilla/5.0 (X11; U; Linux i686; de; rv:1.9.0.1; compatible; iCjobs Stellenangebote Jobs; http://www.icjobs.de) Gecko/20100401 iCjobs/3.2.3"
85.25.71.152 - - [01/Feb/2013:20:47:47 +0100] "GET /news.php?cs_go=archiv&cs_id=3712&cs_search= HTTP/1.1" 200 12985 "-" "Mozilla/5.0 (X11; U; Linux i686; de; rv:1.9.0.1; compatible; iCjobs Stellenangebote Jobs; http://www.icjobs.de) Gecko/20100401 iCjobs/3.2.3"
85.25.71.152 - - [01/Feb/2013:20:47:51 +0100] "GET /news.php?cs_go=archiv&cs_id=3643&cs_search= HTTP/1.1" 200 13198 "-" "Mozilla/5.0 (X11; U; Linux i686; de; rv:1.9.0.1; compatible; iCjobs Stellenangebote Jobs; http://www.icjobs.de) Gecko/20100401 iCjobs/3.2.3"
85.25.71.152 - - [01/Feb/2013:20:47:55 +0100] "GET /news.php?cs_go=archiv&cs_startpos=210 HTTP/1.1" 200 22075 "-" "Mozilla/5.0 (X11; U; Linux i686; de; rv:1.9.0.1; compatible; iCjobs Stellenangebote Jobs; http://www.icjobs.de) Gecko/20100401 iCjobs/3.2.3"
85.25.71.152 - - [01/Feb/2013:20:48:06 +0100] "GET /news.php?cs_go=archiv&cs_id=3641&cs_search= HTTP/1.1" 200 9992 "-" "Mozilla/5.0 (X11; U; Linux i686; de; rv:1.9.0.1; compatible; iCjobs Stellenangebote Jobs; http://www.icjobs.de) Gecko/20100401 iCjobs/3.2.3"
85.25.71.152 - - [01/Feb/2013:20:48:16 +0100] "GET /news.php?cs_go=archiv&cs_id=3621&cs_search= HTTP/1.1" 200 12965 "-" "Mozilla/5.0 (X11; U; Linux i686; de; rv:1.9.0.1; compatible; iCjobs Stellenangebote Jobs; http://www.icjobs.de) Gecko/20100401 iCjobs/3.2.3"
85.25.71.152 - - [01/Feb/2013:20:48:21 +0100] "GET /news.php?cs_go=archiv&cs_id=3639&cs_search= HTTP/1.1" 200 13562 "-" "Mozilla/5.0 (X11; U; Linux i686; de; rv:1.9.0.1; compatible; iCjobs Stellenangebote Jobs; http://www.icjobs.de) Gecko/20100401 iCjobs/3.2.3"
85.25.71.152 - - [01/Feb/2013:20:48:23 +0100] "GET /news.php?cs_go=archiv&cs_id=3637&cs_search= HTTP/1.1" 200 9587 "-" "Mozilla/5.0 (X11; U; Linux i686; de; rv:1.9.0.1; compatible; iCjobs Stellenangebote Jobs; http://www.icjobs.de) Gecko/20100401 iCjobs/3.2.3"
85.25.71.152 - - [01/Feb/2013:20:48:28 +0100] "GET /news.php?cs_go=archiv&cs_id=3620&cs_search= HTTP/1.1" 200 11678 "-" "Mozilla/5.0 (X11; U; Linux i686; de; rv:1.9.0.1; compatible; iCjobs Stellenangebote Jobs; http://www.icjobs.de) Gecko/20100401 iCjobs/3.2.3"
85.25.71.152 - - [01/Feb/2013:20:48:33 +0100] "GET /news.php?cs_go=archiv&cs_id=3619&cs_search= HTTP/1.1" 200 10696 "-" "Mozilla/5.0 (X11; U; Linux i686; de; rv:1.9.0.1; compatible; iCjobs Stellenangebote Jobs; http://www.icjobs.de) Gecko/20100401 iCjobs/3.2.3"
85.25.71.152 - - [01/Feb/2013:20:48:37 +0100] "GET /news.php?cs_go=archiv&cs_id=3618&cs_search= HTTP/1.1" 200 12254 "-" "Mozilla/5.0 (X11; U; Linux i686; de; rv:1.9.0.1; compatible; iCjobs Stellenangebote Jobs; http://www.icjobs.de) Gecko/20100401 iCjobs/3.2.3"
85.25.71.152 - - [01/Feb/2013:20:48:41 +0100] "GET /news.php?cs_go=archiv&cs_id=3635&cs_search= HTTP/1.1" 200 13290 "-" "Mozilla/5.0 (X11; U; Linux i686; de; rv:1.9.0.1; compatible; iCjobs Stellenangebote Jobs; http://www.icjobs.de) Gecko/20100401 iCjobs/3.2.3"
85.25.71.152 - - [01/Feb/2013:20:48:46 +0100] "GET /news.php?cs_go=archiv&cs_id=3622&cs_search= HTTP/1.1" 200 11640 "-" "Mozilla/5.0 (X11; U; Linux i686; de; rv:1.9.0.1; compatible; iCjobs Stellenangebote Jobs; http://www.icjobs.de) Gecko/20100401 iCjobs/3.2.3"
85.25.71.152 - - [01/Feb/2013:20:48:51 +0100] "GET /news.php?cs_go=archiv&cs_id=3634&cs_search= HTTP/1.1" 200 9731 "-" "Mozilla/5.0 (X11; U; Linux i686; de; rv:1.9.0.1; compatible; iCjobs Stellenangebote Jobs; http://www.icjobs.de) Gecko/20100401 iCjobs/3.2.3"
85.25.71.152 - - [01/Feb/2013:20:48:54 +0100] "GET /news.php?cs_go=archiv&cs_id=3903 HTTP/1.1" 200 13392 "-" "Mozilla/5.0 (X11; U; Linux i686; de; rv:1.9.0.1; compatible; iCjobs Stellenangebote Jobs; http://www.icjobs.de) Gecko/20100401 iCjobs/3.2.3"
85.25.71.152 - - [01/Feb/2013:20:48:54 +0100] "GET /news.php?cs_go=archiv&cs_id=3902 HTTP/1.1" 200 9662 "-" "Mozilla/5.0 (X11; U; Linux i686; de; rv:1.9.0.1; compatible; iCjobs Stellenangebote Jobs; http://www.icjobs.de) Gecko/20100401 iCjobs/3.2.3"
85.25.71.152 - - [01/Feb/2013:20:48:55 +0100] "GET /news.php?cs_go=archiv&cs_id=3901 HTTP/1.1" 200 9711 "-" "Mozilla/5.0 (X11; U; Linux i686; de; rv:1.9.0.1; compatible; iCjobs Stellenangebote Jobs; http://www.icjobs.de) Gecko/20100401 iCjobs/3.2.3"
85.25.71.152 - - [01/Feb/2013:20:48:55 +0100] "GET /news.php?cs_go=archiv HTTP/1.1" 200 22186 "-" "Mozilla/5.0 (X11; U; Linux i686; de; rv:1.9.0.1; compatible; iCjobs Stellenangebote Jobs; http://www.icjobs.de) Gecko/20100401 iCjobs/3.2.3"
85.25.71.152 - - [01/Feb/2013:20:48:56 +0100] "GET /rueckrufservice.php HTTP/1.1" 200 10683 "-" "Mozilla/5.0 (X11; U; Linux i686; de; rv:1.9.0.1; compatible; iCjobs Stellenangebote Jobs; http://www.icjobs.de) Gecko/20100401 iCjobs/3.2.3"
85.25.71.152 - - [01/Feb/2013:20:49:01 +0100] "GET /kwk.php HTTP/1.1" 200 10797 "-" "Mozilla/5.0 (X11; U; Linux i686; de; rv:1.9.0.1; compatible; iCjobs Stellenangebote Jobs; http://www.icjobs.de) Gecko/20100401 iCjobs/3.2.3"
85.25.71.152 - - [01/Feb/2013:20:49:03 +0100] "GET /optiplus.php HTTP/1.1" 200 11013 "-" "Mozilla/5.0 (X11; U; Linux i686; de; rv:1.9.0.1; compatible; iCjobs Stellenangebote Jobs; http://www.icjobs.de) Gecko/20100401 iCjobs/3.2.3"
85.25.71.152 - - [01/Feb/2013:20:49:07 +0100] "GET /agb.php HTTP/1.1" 200 19622 "-" "Mozilla/5.0 (X11; U; Linux i686; de; rv:1.9.0.1; compatible; iCjobs Stellenangebote Jobs; http://www.icjobs.de) Gecko/20100401 iCjobs/3.2.3"
85.25.71.152 - - [01/Feb/2013:20:49:53 +0100] "GET /images/RAL_Guetezeichen_Energiehandel.pdf HTTP/1.1" 200 288367 "-" "Mozilla/5.0 (X11; U; Linux i686; de; rv:1.9.0.1; compatible; iCjobs Stellenangebote Jobs; http://www.icjobs.de) Gecko/20100401 iCjobs/3.2.3"
85.25.71.152 - - [01/Feb/2013:20:50:03 +0100] "GET /energiesparcheck.php HTTP/1.1" 200 13494 "-" "Mozilla/5.0 (X11; U; Linux i686; de; rv:1.9.0.1; compatible; iCjobs Stellenangebote Jobs; http://www.icjobs.de) Gecko/20100401 iCjobs/3.2.3"
85.25.71.152 - - [01/Feb/2013:20:50:06 +0100] "GET /foerdermittel.php HTTP/1.1" 200 12821 "-" "Mozilla/5.0 (X11; U; Linux i686; de; rv:1.9.0.1; compatible; iCjobs Stellenangebote Jobs; http://www.icjobs.de) Gecko/20100401 iCjobs/3.2.3"
85.25.71.152 - - [01/Feb/2013:20:50:09 +0100] "GET /modernisierung.php HTTP/1.1" 200 11491 "-" "Mozilla/5.0 (X11; U; Linux i686; de; rv:1.9.0.1; compatible; iCjobs Stellenangebote Jobs; http://www.icjobs.de) Gecko/20100401 iCjobs/3.2.3"
85.25.71.152 - - [01/Feb/2013:20:50:11 +0100] "GET /edl.php HTTP/1.1" 200 10714 "-" "Mozilla/5.0 (X11; U; Linux i686; de; rv:1.9.0.1; compatible; iCjobs Stellenangebote Jobs; http://www.icjobs.de) Gecko/20100401 iCjobs/3.2.3"
85.25.71.152 - - [01/Feb/2013:20:50:17 +0100] "GET /.php HTTP/1.1" 404 - "-" "Mozilla/5.0 (X11; U; Linux i686; de; rv:1.9.0.1; compatible; iCjobs Stellenangebote Jobs; http://www.icjobs.de) Gecko/20100401 iCjobs/3.2.3"
85.25.71.152 - - [01/Feb/2013:20:50:17 +0100] "GET /diesel.php HTTP/1.1" 200 10552 "-" "Mozilla/5.0 (X11; U; Linux i686; de; rv:1.9.0.1; compatible; iCjobs Stellenangebote Jobs; http://www.icjobs.de) Gecko/20100401 iCjobs/3.2.3"
85.25.71.152 - - [01/Feb/2013:20:50:20 +0100] "GET /additive.php HTTP/1.1" 200 8285 "-" "Mozilla/5.0 (X11; U; Linux i686; de; rv:1.9.0.1; compatible; iCjobs Stellenangebote Jobs; http://www.icjobs.de) Gecko/20100401 iCjobs/3.2.3"
85.25.71.152 - - [01/Feb/2013:20:50:23 +0100] "GET /news.php?cs_go=archiv&cs_startpos=0 HTTP/1.1" 200 22186 "-" "Mozilla/5.0 (X11; U; Linux i686; de; rv:1.9.0.1; compatible; iCjobs Stellenangebote Jobs; http://www.icjobs.de) Gecko/20100401 iCjobs/3.2.3"
85.25.71.152 - - [01/Feb/2013:20:50:23 +0100] "GET /news.php?cs_go=archiv&cs_startpos=211 HTTP/1.1" 200 20722 "-" "Mozilla/5.0 (X11; U; Linux i686; de; rv:1.9.0.1; compatible; iCjobs Stellenangebote Jobs; http://www.icjobs.de) Gecko/20100401 iCjobs/3.2.3"
85.25.71.152 - - [01/Feb/2013:20:50:27 +0100] "GET /kwk.php?cs_go=1 HTTP/1.1" 200 10797 "-" "Mozilla/5.0 (X11; U; Linux i686; de; rv:1.9.0.1; compatible; iCjobs Stellenangebote Jobs; http://www.icjobs.de) Gecko/20100401 iCjobs/3.2.3"
85.25.71.152 - - [01/Feb/2013:20:50:27 +0100] "GET /kwk.php?cs_go=2 HTTP/1.1" 200 11768 "-" "Mozilla/5.0 (X11; U; Linux i686; de; rv:1.9.0.1; compatible; iCjobs Stellenangebote Jobs; http://www.icjobs.de) Gecko/20100401 iCjobs/3.2.3"
85.25.71.152 - - [01/Feb/2013:20:50:30 +0100] "GET /kwk.php?cs_go=3 HTTP/1.1" 200 10198 "-" "Mozilla/5.0 (X11; U; Linux i686; de; rv:1.9.0.1; compatible; iCjobs Stellenangebote Jobs; http://www.icjobs.de) Gecko/20100401 iCjobs/3.2.3"
65.36.241.79 - - [01/Feb/2013:20:50:31 +0100] "HEAD / HTTP/1.1" 200 - "-" "InternetSeer.com"
85.25.71.152 - - [01/Feb/2013:20:50:32 +0100] "GET /kwk.php?cs_go=4 HTTP/1.1" 200 10168 "-" "Mozilla/5.0 (X11; U; Linux i686; de; rv:1.9.0.1; compatible; iCjobs Stellenangebote Jobs; http://www.icjobs.de) Gecko/20100401 iCjobs/3.2.3"
85.25.71.152 - - [01/Feb/2013:20:50:35 +0100] "GET /modernisierung.php?cs_gp_go=plus HTTP/1.1" 200 11491 "-" "Mozilla/5.0 (X11; U; Linux i686; de; rv:1.9.0.1; compatible; iCjobs Stellenangebote Jobs; http://www.icjobs.de) Gecko/20100401 iCjobs/3.2.3"
85.25.71.152 - - [01/Feb/2013:20:50:35 +0100] "GET /modernisierung.php?cs_gp_go=description HTTP/1.1" 200 10684 "-" "Mozilla/5.0 (X11; U; Linux i686; de; rv:1.9.0.1; compatible; iCjobs Stellenangebote Jobs; http://www.icjobs.de) Gecko/20100401 iCjobs/3.2.3"
85.25.71.152 - - [01/Feb/2013:20:50:37 +0100] "GET /modernisierung.php?cs_gp_go=coupon HTTP/1.1" 200 10105 "-" "Mozilla/5.0 (X11; U; Linux i686; de; rv:1.9.0.1; compatible; iCjobs Stellenangebote Jobs; http://www.icjobs.de) Gecko/20100401 iCjobs/3.2.3"
85.25.71.152 - - [01/Feb/2013:20:50:40 +0100] "GET /news.php?cs_go=archiv&cs_startpos=201 HTTP/1.1" 200 22454 "-" "Mozilla/5.0 (X11; U; Linux i686; de; rv:1.9.0.1; compatible; iCjobs Stellenangebote Jobs; http://www.icjobs.de) Gecko/20100401 iCjobs/3.2.3"
85.25.71.152 - - [01/Feb/2013:20:50:43 +0100] "GET /ansprechpartner.php HTTP/1.1" 404 - "-" "Mozilla/5.0 (X11; U; Linux i686; de; rv:1.9.0.1; compatible; iCjobs Stellenangebote Jobs; http://www.icjobs.de) Gecko/20100401 iCjobs/3.2.3"
85.25.71.152 - - [01/Feb/2013:20:50:43 +0100] "GET /news.php?cs_go=archiv&cs_startpos=191 HTTP/1.1" 200 22526 "-" "Mozilla/5.0 (X11; U; Linux i686; de; rv:1.9.0.1; compatible; iCjobs Stellenangebote Jobs; http://www.icjobs.de) Gecko/20100401 iCjobs/3.2.3"
85.25.71.152 - - [01/Feb/2013:20:50:47 +0100] "GET /news.php?cs_go=archiv&cs_startpos=181 HTTP/1.1" 200 22758 "-" "Mozilla/5.0 (X11; U; Linux i686; de; rv:1.9.0.1; compatible; iCjobs Stellenangebote Jobs; http://www.icjobs.de) Gecko/20100401 iCjobs/3.2.3"
85.25.71.152 - - [01/Feb/2013:20:50:50 +0100] "GET /news.php?cs_go=archiv&cs_startpos=171 HTTP/1.1" 200 22902 "-" "Mozilla/5.0 (X11; U; Linux i686; de; rv:1.9.0.1; compatible; iCjobs Stellenangebote Jobs; http://www.icjobs.de) Gecko/20100401 iCjobs/3.2.3"
85.25.71.152 - - [01/Feb/2013:20:50:54 +0100] "GET /news.php?cs_go=archiv&cs_startpos=161 HTTP/1.1" 200 22987 "-" "Mozilla/5.0 (X11; U; Linux i686; de; rv:1.9.0.1; compatible; iCjobs Stellenangebote Jobs; http://www.icjobs.de) Gecko/20100401 iCjobs/3.2.3"
85.25.71.152 - - [01/Feb/2013:20:50:56 +0100] "GET /news.php?cs_go=archiv&cs_startpos=151 HTTP/1.1" 200 23011 "-" "Mozilla/5.0 (X11; U; Linux i686; de; rv:1.9.0.1; compatible; iCjobs Stellenangebote Jobs; http://www.icjobs.de) Gecko/20100401 iCjobs/3.2.3"
85.25.71.152 - - [01/Feb/2013:20:51:00 +0100] "GET /news.php?cs_go=archiv&cs_startpos=141 HTTP/1.1" 200 22983 "-" "Mozilla/5.0 (X11; U; Linux i686; de; rv:1.9.0.1; compatible; iCjobs Stellenangebote Jobs; http://www.icjobs.de) Gecko/20100401 iCjobs/3.2.3"
85.25.71.152 - - [01/Feb/2013:20:51:03 +0100] "GET /news.php?cs_go=archiv&cs_startpos=131 HTTP/1.1" 200 22738 "-" "Mozilla/5.0 (X11; U; Linux i686; de; rv:1.9.0.1; compatible; iCjobs Stellenangebote Jobs; http://www.icjobs.de) Gecko/20100401 iCjobs/3.2.3"
85.25.71.152 - - [01/Feb/2013:20:51:07 +0100] "GET /news.php?cs_go=archiv&cs_startpos=121 HTTP/1.1" 200 22797 "-" "Mozilla/5.0 (X11; U; Linux i686; de; rv:1.9.0.1; compatible; iCjobs Stellenangebote Jobs; http://www.icjobs.de) Gecko/20100401 iCjobs/3.2.3"
85.25.71.152 - - [01/Feb/2013:20:51:13 +0100] "GET /news.php?cs_go=archiv&cs_startpos=111 HTTP/1.1" 200 22552 "-" "Mozilla/5.0 (X11; U; Linux i686; de; rv:1.9.0.1; compatible; iCjobs Stellenangebote Jobs; http://www.icjobs.de) Gecko/20100401 iCjobs/3.2.3"
85.25.71.152 - - [01/Feb/2013:20:51:17 +0100] "GET /news.php?cs_go=archiv&cs_startpos=101 HTTP/1.1" 200 22863 "-" "Mozilla/5.0 (X11; U; Linux i686; de; rv:1.9.0.1; compatible; iCjobs Stellenangebote Jobs; http://www.icjobs.de) Gecko/20100401 iCjobs/3.2.3"
85.25.71.152 - - [01/Feb/2013:20:51:21 +0100] "GET /news.php?cs_go=archiv&cs_startpos=91 HTTP/1.1" 200 22247 "-" "Mozilla/5.0 (X11; U; Linux i686; de; rv:1.9.0.1; compatible; iCjobs Stellenangebote Jobs; http://www.icjobs.de) Gecko/20100401 iCjobs/3.2.3"
85.25.71.152 - - [01/Feb/2013:20:51:25 +0100] "GET /news.php?cs_go=archiv&cs_startpos=81 HTTP/1.1" 200 22750 "-" "Mozilla/5.0 (X11; U; Linux i686; de; rv:1.9.0.1; compatible; iCjobs Stellenangebote Jobs; http://www.icjobs.de) Gecko/20100401 iCjobs/3.2.3"
85.25.71.152 - - [01/Feb/2013:20:51:30 +0100] "GET /news.php?cs_go=archiv&cs_startpos=71 HTTP/1.1" 200 22817 "-" "Mozilla/5.0 (X11; U; Linux i686; de; rv:1.9.0.1; compatible; iCjobs Stellenangebote Jobs; http://www.icjobs.de) Gecko/20100401 iCjobs/3.2.3"
85.25.71.152 - - [01/Feb/2013:20:51:33 +0100] "GET /news.php?cs_go=archiv&cs_startpos=61 HTTP/1.1" 200 22652 "-" "Mozilla/5.0 (X11; U; Linux i686; de; rv:1.9.0.1; compatible; iCjobs Stellenangebote Jobs; http://www.icjobs.de) Gecko/20100401 iCjobs/3.2.3"
85.25.71.152 - - [01/Feb/2013:20:51:36 +0100] "GET /news.php?cs_go=archiv&cs_startpos=51 HTTP/1.1" 200 22737 "-" "Mozilla/5.0 (X11; U; Linux i686; de; rv:1.9.0.1; compatible; iCjobs Stellenangebote Jobs; http://www.icjobs.de) Gecko/20100401 iCjobs/3.2.3"
85.25.71.152 - - [01/Feb/2013:20:51:39 +0100] "GET /news.php?cs_go=archiv&cs_startpos=41 HTTP/1.1" 200 22583 "-" "Mozilla/5.0 (X11; U; Linux i686; de; rv:1.9.0.1; compatible; iCjobs Stellenangebote Jobs; http://www.icjobs.de) Gecko/20100401 iCjobs/3.2.3"
85.25.71.152 - - [01/Feb/2013:20:51:42 +0100] "GET /news.php?cs_go=archiv&cs_startpos=31 HTTP/1.1" 200 22536 "-" "Mozilla/5.0 (X11; U; Linux i686; de; rv:1.9.0.1; compatible; iCjobs Stellenangebote Jobs; http://www.icjobs.de) Gecko/20100401 iCjobs/3.2.3"
85.25.71.152 - - [01/Feb/2013:20:51:45 +0100] "GET /news.php?cs_go=archiv&cs_startpos=21 HTTP/1.1" 200 22381 "-" "Mozilla/5.0 (X11; U; Linux i686; de; rv:1.9.0.1; compatible; iCjobs Stellenangebote Jobs; http://www.icjobs.de) Gecko/20100401 iCjobs/3.2.3"
85.25.71.152 - - [01/Feb/2013:20:51:49 +0100] "GET /news.php?cs_go=archiv&cs_startpos=11 HTTP/1.1" 200 22380 "-" "Mozilla/5.0 (X11; U; Linux i686; de; rv:1.9.0.1; compatible; iCjobs Stellenangebote Jobs; http://www.icjobs.de) Gecko/20100401 iCjobs/3.2.3"
85.25.71.152 - - [01/Feb/2013:20:51:54 +0100] "GET /news.php?cs_go=archiv&cs_startpos=1 HTTP/1.1" 200 22337 "-" "Mozilla/5.0 (X11; U; Linux i686; de; rv:1.9.0.1; compatible; iCjobs Stellenangebote Jobs; http://www.icjobs.de) Gecko/20100401 iCjobs/3.2.3"
66.249.76.46 - - [01/Feb/2013:20:53:26 +0100] "GET /news.php?cs_go=archiv&cs_id=3901 HTTP/1.1" 200 9798 "-" "Mozilla/5.0 (compatible; Googlebot/2.1; +http://www.google.com/bot.html)"
66.249.76.46 - - [01/Feb/2013:20:53:26 +0100] "GET /news.php?cs_go=archiv&cs_id=3904 HTTP/1.1" 200 14802 "-" "Mozilla/5.0 (compatible; Googlebot/2.1; +http://www.google.com/bot.html)"
141.8.147.1 - - [01/Feb/2013:20:54:23 +0100] "GET /news.php?cs_go=archiv&cs_id=2853&cs_search= HTTP/1.1" 200 9990 "-" "Mozilla/5.0 (compatible; YandexBot/3.0; +http://yandex.com/bots)"
66.249.76.46 - - [01/Feb/2013:20:54:27 +0100] "GET /news.php?cs_go=archiv&cs_id=3902 HTTP/1.1" 200 9749 "-" "Mozilla/5.0 (compatible; Googlebot/2.1; +http://www.google.com/bot.html)"
66.249.76.46 - - [01/Feb/2013:20:55:57 +0100] "GET /news.php?cs_go=archiv&cs_id=3903 HTTP/1.1" 200 13479 "-" "Mozilla/5.0 (compatible; Googlebot/2.1; +http://www.google.com/bot.html)"
85.13.131.53 - - [01/Feb/2013:20:57:04 +0100] "GET / HTTP/1.0" 200 6431 "-" "-"
85.13.131.53 - - [01/Feb/2013:20:57:04 +0100] "GET / HTTP/1.0" 200 3409 "-" "-"
139.18.2.209 - - [01/Feb/2013:21:07:27 +0100] "GET /news.php?cs_go=archiv&cs_id=3804&cs_search= HTTP/1.1" 200 10011 "-" "findlinks/2.6 (+http://wortschatz.uni-leipzig.de/findlinks/)"
139.18.2.209 - - [01/Feb/2013:21:07:27 +0100] "GET /news.php?cs_go=archiv&cs_id=3804&cs_search= HTTP/1.1" 200 9924 "-" "findlinks/2.6 (+http://wortschatz.uni-leipzig.de/findlinks/)"
141.8.147.1 - - [01/Feb/2013:21:09:49 +0100] "GET /lexikon.php?cs_go=2&cs_char=v HTTP/1.1" 200 9117 "-" "Mozilla/5.0 (compatible; YandexBot/3.0; +http://yandex.com/bots)"
141.8.147.1 - - [01/Feb/2013:21:31:51 +0100] "GET /news.php?cs_go=archiv&cs_id=3551&cs_search= HTTP/1.1" 200 9802 "-" "Mozilla/5.0 (compatible; YandexBot/3.0; +http://yandex.com/bots)"
66.249.76.46 - - [01/Feb/2013:21:52:24 +0100] "GET /news.php?cs_go=archiv HTTP/1.1" 200 22273 "-" "DoCoMo/2.0 N905i(c100;TB;W24H16) (compatible; Googlebot-Mobile/2.1; +http://www.google.com/bot.html)"
141.8.147.1 - - [01/Feb/2013:22:06:09 +0100] "GET /news.php?cs_go=archiv&cs_id=3492&cs_search= HTTP/1.1" 200 13273 "-" "Mozilla/5.0 (compatible; YandexBot/3.0; +http://yandex.com/bots)"
88.134.133.230 - - [01/Feb/2013:22:18:52 +0100] "GET /robots.txt HTTP/1.0" 200 177 "-" "Mozilla/5.0 (compatible; MJ12bot/v1.4.3; http://www.majestic12.co.uk/bot.php?+)"
88.134.133.230 - - [01/Feb/2013:22:18:54 +0100] "GET /agb.php HTTP/1.1" 200 19709 "-" "Mozilla/5.0 (compatible; MJ12bot/v1.4.3; http://www.majestic12.co.uk/bot.php?+)"
88.134.133.230 - - [01/Feb/2013:22:18:55 +0100] "GET /news.php?cs_go=archiv&cs_id=2678 HTTP/1.1" 200 7887 "-" "Mozilla/5.0 (compatible; MJ12bot/v1.4.3; http://www.majestic12.co.uk/bot.php?+)"
88.134.133.230 - - [01/Feb/2013:22:18:57 +0100] "GET /news.php?cs_go=archiv&cs_id=2679 HTTP/1.1" 200 7887 "-" "Mozilla/5.0 (compatible; MJ12bot/v1.4.3; http://www.majestic12.co.uk/bot.php?+)"
88.134.133.230 - - [01/Feb/2013:22:18:59 +0100] "GET /news.php?cs_go=archiv&cs_id=2680 HTTP/1.1" 200 7887 "-" "Mozilla/5.0 (compatible; MJ12bot/v1.4.3; http://www.majestic12.co.uk/bot.php?+)"
88.134.133.230 - - [01/Feb/2013:22:19:00 +0100] "GET /news.php?cs_go=archiv&cs_id=2681 HTTP/1.1" 200 7887 "-" "Mozilla/5.0 (compatible; MJ12bot/v1.4.3; http://www.majestic12.co.uk/bot.php?+)"
88.134.133.230 - - [01/Feb/2013:22:19:02 +0100] "GET /news.php?cs_go=archiv&cs_id=2682 HTTP/1.1" 200 7887 "-" "Mozilla/5.0 (compatible; MJ12bot/v1.4.3; http://www.majestic12.co.uk/bot.php?+)"
88.134.133.230 - - [01/Feb/2013:22:19:04 +0100] "GET /news.php?cs_go=archiv&cs_id=2683 HTTP/1.1" 200 7887 "-" "Mozilla/5.0 (compatible; MJ12bot/v1.4.3; http://www.majestic12.co.uk/bot.php?+)"
88.134.133.230 - - [01/Feb/2013:22:19:06 +0100] "GET /news.php?cs_go=archiv&cs_id=2684 HTTP/1.1" 200 7887 "-" "Mozilla/5.0 (compatible; MJ12bot/v1.4.3; http://www.majestic12.co.uk/bot.php?+)"
88.134.133.230 - - [01/Feb/2013:22:19:07 +0100] "GET /news.php?cs_go=archiv&cs_id=2685 HTTP/1.1" 200 7887 "-" "Mozilla/5.0 (compatible; MJ12bot/v1.4.3; http://www.majestic12.co.uk/bot.php?+)"
88.134.133.230 - - [01/Feb/2013:22:19:09 +0100] "GET /news.php?cs_go=archiv&cs_id=2686 HTTP/1.1" 200 7887 "-" "Mozilla/5.0 (compatible; MJ12bot/v1.4.3; http://www.majestic12.co.uk/bot.php?+)"
88.134.133.230 - - [01/Feb/2013:22:19:11 +0100] "GET /news.php?cs_go=archiv&cs_id=2687 HTTP/1.1" 200 7887 "-" "Mozilla/5.0 (compatible; MJ12bot/v1.4.3; http://www.majestic12.co.uk/bot.php?+)"
88.134.133.230 - - [01/Feb/2013:22:19:12 +0100] "GET /news.php?cs_go=archiv&cs_id=2688 HTTP/1.1" 200 7887 "-" "Mozilla/5.0 (compatible; MJ12bot/v1.4.3; http://www.majestic12.co.uk/bot.php?+)"
88.134.133.230 - - [01/Feb/2013:22:19:14 +0100] "GET /news.php?cs_go=archiv&cs_id=2689 HTTP/1.1" 200 7887 "-" "Mozilla/5.0 (compatible; MJ12bot/v1.4.3; http://www.majestic12.co.uk/bot.php?+)"
88.134.133.230 - - [01/Feb/2013:22:19:16 +0100] "GET /news.php?cs_go=archiv&cs_id=2690 HTTP/1.1" 200 7887 "-" "Mozilla/5.0 (compatible; MJ12bot/v1.4.3; http://www.majestic12.co.uk/bot.php?+)"
88.134.133.230 - - [01/Feb/2013:22:19:17 +0100] "GET /news.php?cs_go=archiv&cs_id=2691 HTTP/1.1" 200 7887 "-" "Mozilla/5.0 (compatible; MJ12bot/v1.4.3; http://www.majestic12.co.uk/bot.php?+)"
141.8.147.1 - - [01/Feb/2013:22:24:20 +0100] "GET / HTTP/1.1" 200 15365 "-" "Mozilla/5.0 (compatible; YandexBot/3.0; +http://yandex.com/bots)"
208.115.111.75 - - [01/Feb/2013:22:33:13 +0100] "GET /robots.txt HTTP/1.1" 200 177 "-" "Mozilla/5.0 (compatible; Ezooms/1.0; ezooms.bot@gmail.com)"
157.55.32.98 - - [01/Feb/2013:22:38:43 +0100] "GET /robots.txt HTTP/1.1" 200 177 "-" "Mozilla/5.0 (compatible; bingbot/2.0; +http://www.bing.com/bingbot.htm)"
157.55.32.98 - - [01/Feb/2013:22:40:18 +0100] "GET / HTTP/1.1" 200 15365 "-" "Mozilla/5.0 (compatible; bingbot/2.0; +http://www.bing.com/bingbot.htm)"
141.8.147.1 - - [01/Feb/2013:22:43:20 +0100] "GET /news.php?cs_go=archiv&cs_id=3537&cs_search= HTTP/1.1" 200 13371 "-" "Mozilla/5.0 (compatible; YandexBot/3.0; +http://yandex.com/bots)"
141.8.147.1 - - [01/Feb/2013:23:03:19 +0100] "GET /lexikon.php?cs_go=2&cs_char=g HTTP/1.1" 200 9126 "-" "Mozilla/5.0 (compatible; YandexBot/3.0; +http://yandex.com/bots)"
141.8.147.1 - - [01/Feb/2013:23:17:02 +0100] "GET /lexikon.php?cs_go=2&cs_char=m HTTP/1.1" 200 9073 "-" "Mozilla/5.0 (compatible; YandexBot/3.0; +http://yandex.com/bots)"
81.30.151.218 - - [01/Feb/2013:23:21:28 +0100] "GET /robots.txt HTTP/1.1" 200 177 "-" "Pixray-Seeker/2.0 (Pixray-Seeker; +http://www.pixray.com/pixraybot; +crawler@pixray.com)"
81.30.151.218 - - [01/Feb/2013:23:21:28 +0100] "GET /news.php?cs_go=archiv&cs_id=3839&cs_search= HTTP/1.1" 200 13533 "-" "Pixray-Seeker/2.0 (Pixray-Seeker; +http://www.pixray.com/pixraybot; +crawler@pixray.com)"
141.8.147.1 - - [01/Feb/2013:23:29:31 +0100] "GET /news.php?cs_go=archiv&cs_id=2856&cs_search= HTTP/1.1" 200 9932 "-" "Mozilla/5.0 (compatible; YandexBot/3.0; +http://yandex.com/bots)"
141.8.147.1 - - [01/Feb/2013:23:40:38 +0100] "GET /lexikon.php?cs_go=2&cs_char=u HTTP/1.1" 200 8744 "-" "Mozilla/5.0 (compatible; YandexBot/3.0; +http://yandex.com/bots)"
141.8.147.1 - - [01/Feb/2013:23:53:26 +0100] "GET /news.php?cs_go=archiv&cs_id=3587&cs_search= HTTP/1.1" 200 9779 "-" "Mozilla/5.0 (compatible; YandexBot/3.0; +http://yandex.com/bots)"
141.8.147.1 - - [02/Feb/2013:00:07:36 +0100] "GET /lexikon.php?cs_go=2&cs_char=y HTTP/1.1" 200 8582 "-" "Mozilla/5.0 (compatible; YandexBot/3.0; +http://yandex.com/bots)"
81.30.151.218 - - [02/Feb/2013:00:08:11 +0100] "GET /news.php?cs_go=archiv&cs_id=3667&cs_search= HTTP/1.1" 200 10048 "-" "Pixray-Seeker/2.0 (Pixray-Seeker; +http://www.pixray.com/pixraybot; +crawler@pixray.com)"
130.83.167.153 - - [02/Feb/2013:00:10:17 +0100] "GET /news.php?cs_go=archiv&cs_startpos=40 HTTP/1.1" 200 6992 "-" "findlinks/2.6 (+http://wortschatz.uni-leipzig.de/findlinks/)"
130.83.167.153 - - [02/Feb/2013:00:10:17 +0100] "GET /news.php?cs_go=archiv&cs_startpos=40 HTTP/1.1" 200 22545 "-" "findlinks/2.6 (+http://wortschatz.uni-leipzig.de/findlinks/)"
66.249.76.46 - - [02/Feb/2013:00:25:32 +0100] "GET /news.php?cs_go=archiv&cs_startpos=450 HTTP/1.1" 200 8125 "-" "Mozilla/5.0 (compatible; Googlebot/2.1; +http://www.google.com/bot.html)"
123.125.71.44 - - [02/Feb/2013:00:30:54 +0100] "GET / HTTP/1.1" 200 8725 "-" "Mozilla/5.0 (compatible; Baiduspider/2.0; +http://www.baidu.com/search/spider.html)"
141.8.147.1 - - [02/Feb/2013:00:31:25 +0100] "GET /lexikon.php?cs_go=2&cs_char=o HTTP/1.1" 200 9261 "-" "Mozilla/5.0 (compatible; YandexBot/3.0; +http://yandex.com/bots)"
220.181.108.103 - - [02/Feb/2013:00:31:25 +0100] "GET / HTTP/1.1" 200 8725 "-" "Mozilla/5.0 (compatible; Baiduspider/2.0; +http://www.baidu.com/search/spider.html)"
208.115.113.91 - - [02/Feb/2013:00:33:39 +0100] "GET /robots.txt HTTP/1.1" 200 177 "-" "Mozilla/5.0 (compatible; Ezooms/1.0; ezooms.bot@gmail.com)"
66.249.76.46 - - [02/Feb/2013:00:33:53 +0100] "GET /news.php?cs_go=archiv&cs_startpos=641 HTTP/1.1" 200 8125 "-" "Mozilla/5.0 (compatible; Googlebot/2.1; +http://www.google.com/bot.html)"
208.115.111.75 - - [02/Feb/2013:00:35:54 +0100] "GET /news.php?cs_go=archiv&cs_startpos=1590 HTTP/1.1" 200 8126 "-" "Mozilla/5.0 (compatible; Ezooms/1.0; ezooms.bot@gmail.com)"
66.249.76.46 - - [02/Feb/2013:00:42:16 +0100] "GET /news.php?cs_go=archiv&cs_startpos=361 HTTP/1.1" 200 8125 "-" "Mozilla/5.0 (compatible; Googlebot/2.1; +http://www.google.com/bot.html)"
141.8.147.1 - - [02/Feb/2013:00:47:12 +0100] "GET /news.php?cs_go=archiv&cs_id=3505&cs_search= HTTP/1.1" 200 11897 "-" "Mozilla/5.0 (compatible; YandexBot/3.0; +http://yandex.com/bots)"
66.249.76.46 - - [02/Feb/2013:00:56:55 +0100] "GET /news.php?cs_go=archiv&cs_id=3838 HTTP/1.1" 200 12156 "-" "SAMSUNG-SGH-E250/1.0 Profile/MIDP-2.0 Configuration/CLDC-1.1 UP.Browser/6.2.3.3.c.1.101 (GUI) MMP/2.0 (compatible; Googlebot-Mobile/2.1; +http://www.google.com/bot.html)"
141.8.147.1 - - [02/Feb/2013:01:19:53 +0100] "GET /news.php?cs_go=archiv&cs_id=3489&cs_search= HTTP/1.1" 200 9885 "-" "Mozilla/5.0 (compatible; YandexBot/3.0; +http://yandex.com/bots)"
66.249.76.46 - - [02/Feb/2013:01:32:17 +0100] "GET /news.php?cs_go=archiv&cs_id=2959 HTTP/1.1" 200 13520 "-" "Mozilla/5.0 (compatible; Googlebot/2.1; +http://www.google.com/bot.html)"
141.8.147.1 - - [02/Feb/2013:02:08:16 +0100] "GET /robots.txt HTTP/1.1" 200 177 "-" "Mozilla/5.0 (compatible; YandexBot/3.0; +http://yandex.com/bots)"
66.249.76.46 - - [02/Feb/2013:02:14:01 +0100] "GET /news.php?cs_go=archiv&cs_startpos=271 HTTP/1.1" 200 8125 "-" "Mozilla/5.0 (compatible; Googlebot/2.1; +http://www.google.com/bot.html)"
141.8.147.1 - - [02/Feb/2013:02:24:39 +0100] "GET /news.php?cs_go=archiv&cs_id=3522&cs_search= HTTP/1.1" 200 9955 "-" "Mozilla/5.0 (compatible; YandexBot/3.0; +http://yandex.com/bots)"
141.8.147.1 - - [02/Feb/2013:02:32:27 +0100] "GET /news.php?cs_go=archiv&cs_id=3589&cs_search= HTTP/1.1" 200 13538 "-" "Mozilla/5.0 (compatible; YandexBot/3.0; +http://yandex.com/bots)"
141.8.147.1 - - [02/Feb/2013:02:39:43 +0100] "GET /news.php?cs_go=archiv&cs_id=3624&cs_search= HTTP/1.1" 200 10078 "-" "Mozilla/5.0 (compatible; YandexBot/3.0; +http://yandex.com/bots)"
141.8.147.1 - - [02/Feb/2013:02:41:40 +0100] "GET /news.php?cs_go=archiv&cs_id=3585&cs_search= HTTP/1.1" 200 13562 "-" "Mozilla/5.0 (compatible; YandexBot/3.0; +http://yandex.com/bots)"
141.8.147.1 - - [02/Feb/2013:02:43:37 +0100] "GET /lexikon.php?cs_go=2&cs_char=r HTTP/1.1" 200 9732 "-" "Mozilla/5.0 (compatible; YandexBot/3.0; +http://yandex.com/bots)"
141.8.147.1 - - [02/Feb/2013:02:45:34 +0100] "GET /lexikon.php?cs_go=2&cs_char=p HTTP/1.1" 200 9166 "-" "Mozilla/5.0 (compatible; YandexBot/3.0; +http://yandex.com/bots)"
66.249.76.46 - - [02/Feb/2013:02:47:03 +0100] "GET /news.php?cs_go=archiv&cs_startpos=551 HTTP/1.1" 200 8125 "-" "Mozilla/5.0 (compatible; Googlebot/2.1; +http://www.google.com/bot.html)"
208.115.111.75 - - [02/Feb/2013:02:47:28 +0100] "GET /robots.txt HTTP/1.1" 200 177 "-" "Mozilla/5.0 (compatible; Ezooms/1.0; ezooms.bot@gmail.com)"
141.8.147.1 - - [02/Feb/2013:02:52:01 +0100] "GET /news.php?cs_go=archiv&cs_id=3526&cs_search= HTTP/1.1" 200 13155 "-" "Mozilla/5.0 (compatible; YandexBot/3.0; +http://yandex.com/bots)"
141.8.147.1 - - [02/Feb/2013:02:53:19 +0100] "GET /lexikon.php?cs_go=2&cs_char=f HTTP/1.1" 200 9595 "-" "Mozilla/5.0 (compatible; YandexBot/3.0; +http://yandex.com/bots)"
141.8.147.1 - - [02/Feb/2013:02:56:09 +0100] "GET /lexikon.php?cs_go=2&cs_char=t HTTP/1.1" 200 8860 "-" "Mozilla/5.0 (compatible; YandexBot/3.0; +http://yandex.com/bots)"
208.115.113.91 - - [02/Feb/2013:02:56:31 +0100] "GET /news.php?cs_go=archiv&cs_id=3817&cs_search= HTTP/1.1" 200 9820 "-" "Mozilla/5.0 (compatible; Ezooms/1.0; ezooms.bot@gmail.com)"
208.115.113.91 - - [02/Feb/2013:02:56:35 +0100] "GET /news.php?cs_go=archiv&cs_id=3829&cs_search= HTTP/1.1" 200 11971 "-" "Mozilla/5.0 (compatible; Ezooms/1.0; ezooms.bot@gmail.com)"
141.8.147.1 - - [02/Feb/2013:02:57:09 +0100] "GET /news.php?cs_go=archiv&cs_id=3493&cs_search= HTTP/1.1" 200 9847 "-" "Mozilla/5.0 (compatible; YandexBot/3.0; +http://yandex.com/bots)"
141.8.147.1 - - [02/Feb/2013:02:58:08 +0100] "GET /lexikon.php?cs_go=2&cs_char=k HTTP/1.1" 200 9879 "-" "Mozilla/5.0 (compatible; YandexBot/3.0; +http://yandex.com/bots)"
141.8.147.1 - - [02/Feb/2013:02:59:07 +0100] "GET /lexikon.php?cs_go=2&cs_char=n HTTP/1.1" 200 8578 "-" "Mozilla/5.0 (compatible; YandexBot/3.0; +http://yandex.com/bots)"
141.8.147.1 - - [02/Feb/2013:03:00:09 +0100] "GET /lexikon.php?cs_go=2&cs_char=b HTTP/1.1" 200 9730 "-" "Mozilla/5.0 (compatible; YandexBot/3.0; +http://yandex.com/bots)"
213.93.41.131 - - [02/Feb/2013:03:00:40 +0100] "GET / HTTP/1.1" 200 15365 "-" "Java/1.6.0_30"
213.93.41.131 - - [02/Feb/2013:03:00:47 +0100] "GET /agb.php HTTP/1.1" 200 19709 "-" "Java/1.6.0_30"
213.93.41.131 - - [02/Feb/2013:03:00:48 +0100] "GET /impressum.php HTTP/1.1" 200 8582 "-" "Java/1.6.0_30"
213.93.41.131 - - [02/Feb/2013:03:00:48 +0100] "GET /index.php HTTP/1.1" 200 15365 "-" "Java/1.6.0_30"
213.93.41.131 - - [02/Feb/2013:03:00:49 +0100] "GET /jobs.php HTTP/1.1" 200 10090 "-" "Java/1.6.0_30"
213.93.41.131 - - [02/Feb/2013:03:00:50 +0100] "GET /kontakt.php HTTP/1.1" 200 9198 "-" "Java/1.6.0_30"
213.93.41.131 - - [02/Feb/2013:03:00:51 +0100] "GET /kwk.php HTTP/1.1" 200 10884 "-" "Java/1.6.0_30"
213.93.41.131 - - [02/Feb/2013:03:00:51 +0100] "GET /news.php HTTP/1.1" 200 22273 "-" "Java/1.6.0_30"
213.93.41.131 - - [02/Feb/2013:03:00:53 +0100] "GET /newsletter.php HTTP/1.1" 200 8928 "-" "Java/1.6.0_30"
213.93.41.131 - - [02/Feb/2013:03:00:53 +0100] "GET /optiplus.php HTTP/1.1" 200 11100 "-" "Java/1.6.0_30"
213.93.41.131 - - [02/Feb/2013:03:00:54 +0100] "GET /preisanfrage.php HTTP/1.1" 200 10734 "-" "Java/1.6.0_30"
213.93.41.131 - - [02/Feb/2013:03:00:55 +0100] "GET /rueckrufservice.php HTTP/1.1" 200 10770 "-" "Java/1.6.0_30"
213.93.41.131 - - [02/Feb/2013:03:00:56 +0100] "GET /standard.php HTTP/1.1" 200 9218 "-" "Java/1.6.0_30"
213.93.41.131 - - [02/Feb/2013:03:00:56 +0100] "GET /wunschpreis.php HTTP/1.1" 200 12084 "-" "Java/1.6.0_30"
213.93.41.131 - - [02/Feb/2013:03:00:57 +0100] "GET /edl.php HTTP/1.1" 200 10801 "-" "Java/1.6.0_30"
213.93.41.131 - - [02/Feb/2013:03:00:58 +0100] "GET /energiesparcheck.php HTTP/1.1" 200 13581 "-" "Java/1.6.0_30"
213.93.41.131 - - [02/Feb/2013:03:01:00 +0100] "GET /faq.php HTTP/1.1" 200 185910 "-" "Java/1.6.0_30"
213.93.41.131 - - [02/Feb/2013:03:01:04 +0100] "GET /foerdermittel.php HTTP/1.1" 200 12908 "-" "Java/1.6.0_30"
213.93.41.131 - - [02/Feb/2013:03:01:05 +0100] "GET /lexikon.php HTTP/1.1" 200 10523 "-" "Java/1.6.0_30"
213.93.41.131 - - [02/Feb/2013:03:01:06 +0100] "GET /modernisierung.php HTTP/1.1" 200 11578 "-" "Java/1.6.0_30"
213.93.41.131 - - [02/Feb/2013:03:01:06 +0100] "GET /.php HTTP/1.1" 404 - "-" "Java/1.6.0_30"
213.93.41.131 - - [02/Feb/2013:03:01:07 +0100] "GET /additive.php HTTP/1.1" 200 8372 "-" "Java/1.6.0_30"
213.93.41.131 - - [02/Feb/2013:03:01:08 +0100] "GET /diesel.php HTTP/1.1" 200 10639 "-" "Java/1.6.0_30"
213.93.41.131 - - [02/Feb/2013:03:01:12 +0100] "GET /www.solartechnikberater.de HTTP/1.1" 404 - "-" "Java/1.6.0_30"
213.93.41.131 - - [02/Feb/2013:03:01:12 +0100] "GET /js_contentserver24_greybox/AJS.js HTTP/1.1" 200 10396 "-" "Java/1.6.0_30"
213.93.41.131 - - [02/Feb/2013:03:01:13 +0100] "GET /js_contentserver24_greybox/AJS_fx.js HTTP/1.1" 200 3192 "-" "Java/1.6.0_30"
213.93.41.131 - - [02/Feb/2013:03:01:13 +0100] "GET /js_contentserver24_greybox/gb_scripts.js HTTP/1.1" 200 11913 "-" "Java/1.6.0_30"
213.93.41.131 - - [02/Feb/2013:03:01:14 +0100] "GET /js_contentserver24_greybox/loader_frame.html HTTP/1.1" 200 2084 "-" "Java/1.6.0_30"
213.93.41.131 - - [02/Feb/2013:03:01:15 +0100] "GET /js_contentserver24_greybox/' + gb_url + ' HTTP/1.1" 404 - "-" "Java/1.6.0_30"
213.93.41.131 - - [02/Feb/2013:03:01:15 +0100] "GET /news.php?cs_go=archiv HTTP/1.1" 200 22273 "-" "Java/1.6.0_30"
213.93.41.131 - - [02/Feb/2013:03:01:16 +0100] "GET /kwk.php?cs_go=1 HTTP/1.1" 200 10884 "-" "Java/1.6.0_30"
213.93.41.131 - - [02/Feb/2013:03:01:17 +0100] "GET /lexikon.php?cs_go=2 HTTP/1.1" 200 8582 "-" "Java/1.6.0_30"
213.93.41.131 - - [02/Feb/2013:03:01:17 +0100] "GET /modernisierung.php?cs_gp_go=coupon HTTP/1.1" 200 10192 "-" "Java/1.6.0_30"
66.249.76.46 - - [02/Feb/2013:03:03:46 +0100] "GET /news.php?cs_go=archiv&cs_id=2961 HTTP/1.1" 200 11716 "-" "Mozilla/5.0 (compatible; Googlebot/2.1; +http://www.google.com/bot.html)"
65.36.241.79 - - [02/Feb/2013:03:07:34 +0100] "HEAD / HTTP/1.1" 200 - "-" "InternetSeer.com"
66.249.76.46 - - [02/Feb/2013:03:09:52 +0100] "GET /news.php?cs_go=archiv&cs_id=2961 HTTP/1.1" 200 11716 "-" "Mozilla/5.0 (compatible; Googlebot/2.1; +http://www.google.com/bot.html)"
66.249.76.46 - - [02/Feb/2013:03:12:08 +0100] "GET /news.php?cs_go=archiv&cs_id=3187&cs_search= HTTP/1.1" 200 11992 "-" "Mozilla/5.0 (compatible; Googlebot/2.1; +http://www.google.com/bot.html)"
157.55.32.98 - - [02/Feb/2013:03:19:21 +0100] "GET /robots.txt HTTP/1.1" 200 177 "-" "Mozilla/5.0 (compatible; bingbot/2.0; +http://www.bing.com/bingbot.htm)"
157.55.32.98 - - [02/Feb/2013:03:20:54 +0100] "GET / HTTP/1.1" 200 15365 "-" "Mozilla/5.0 (compatible; bingbot/2.0; +http://www.bing.com/bingbot.htm)"
141.8.147.1 - - [02/Feb/2013:03:37:53 +0100] "GET /lexikon.php?cs_go=2&cs_char=w HTTP/1.1" 200 8587 "-" "Mozilla/5.0 (compatible; YandexBot/3.0; +http://yandex.com/bots)"
66.249.76.46 - - [02/Feb/2013:03:53:52 +0100] "GET /news.php?cs_go=archiv&cs_id=3091&cs_search= HTTP/1.1" 200 9924 "-" "Mozilla/5.0 (compatible; Googlebot/2.1; +http://www.google.com/bot.html)"
141.8.147.1 - - [02/Feb/2013:04:08:25 +0100] "GET /news.php?cs_go=archiv&cs_id=3500&cs_search= HTTP/1.1" 200 13320 "-" "Mozilla/5.0 (compatible; YandexBot/3.0; +http://yandex.com/bots)"
208.115.113.91 - - [02/Feb/2013:04:37:02 +0100] "GET /robots.txt HTTP/1.1" 200 177 "-" "Mozilla/5.0 (compatible; Ezooms/1.0; ezooms.bot@gmail.com)"
208.115.111.75 - - [02/Feb/2013:04:39:28 +0100] "GET /news.php?cs_go=archiv&cs_startpos=1100 HTTP/1.1" 200 8126 "-" "Mozilla/5.0 (compatible; Ezooms/1.0; ezooms.bot@gmail.com)"
66.249.76.46 - - [02/Feb/2013:04:44:02 +0100] "GET /news.php?cs_go=archiv&cs_id=3121&cs_search= HTTP/1.1" 200 13563 "-" "Mozilla/5.0 (compatible; Googlebot/2.1; +http://www.google.com/bot.html)"
66.249.76.46 - - [02/Feb/2013:04:52:23 +0100] "GET /news.php?cs_go=archiv&cs_id=3131&cs_search= HTTP/1.1" 200 9912 "-" "Mozilla/5.0 (compatible; Googlebot/2.1; +http://www.google.com/bot.html)"
141.8.147.1 - - [02/Feb/2013:04:52:34 +0100] "GET /lexikon.php?cs_go=2&cs_char=e HTTP/1.1" 200 9079 "-" "Mozilla/5.0 (compatible; YandexBot/3.0; +http://yandex.com/bots)"
125.176.223.177 - - [02/Feb/2013:05:09:36 +0100] "GET / HTTP/1.1" 200 15365 "-" "Mozilla/5.0 (compatible; MSIE 9.0; Windows NT 6.1; WOW64; Trident/5.0)"
77.20.155.143 - - [02/Feb/2013:05:22:17 +0100] "GET /news.php?cs_go=archiv&cs_id=3813&cs_search= HTTP/1.1" 200 10259 "-" "findlinks/2.0.2 (+http://wortschatz.uni-leipzig.de/findlinks/)"
77.20.155.143 - - [02/Feb/2013:05:22:17 +0100] "GET /news.php?cs_go=archiv&cs_id=3813&cs_search= HTTP/1.1" 200 10172 "-" "findlinks/2.0.2 (+http://wortschatz.uni-leipzig.de/findlinks/)"
66.249.76.46 - - [02/Feb/2013:05:25:48 +0100] "GET /news.php?cs_go=archiv&cs_id=3171&cs_search= HTTP/1.1" 200 9821 "-" "Mozilla/5.0 (compatible; Googlebot/2.1; +http://www.google.com/bot.html)"
94.23.220.161 - - [02/Feb/2013:05:30:52 +0100] "GET / HTTP/1.1" 200 15365 "-" "Mozilla/5.0 (X11; Linux i686; rv:6.0) Gecko/20100101 Firefox/6.0"
141.8.147.1 - - [02/Feb/2013:05:41:29 +0100] "GET /lexikon.php?cs_go=2&cs_char=z HTTP/1.1" 200 8261 "-" "Mozilla/5.0 (compatible; YandexBot/3.0; +http://yandex.com/bots)"
66.249.76.46 - - [02/Feb/2013:05:59:08 +0100] "GET /news.php?cs_go=archiv&cs_id=3169&cs_search= HTTP/1.1" 200 14282 "-" "Mozilla/5.0 (compatible; Googlebot/2.1; +http://www.google.com/bot.html)"
81.30.151.218 - - [02/Feb/2013:06:08:46 +0100] "GET /lexikon.php?cs_go=3&cs_id=163 HTTP/1.1" 200 8230 "-" "Pixray-Seeker/2.0 (Pixray-Seeker; +http://www.pixray.com/pixraybot; +crawler@pixray.com)"
141.8.147.1 - - [02/Feb/2013:06:14:35 +0100] "GET /lexikon.php?cs_go=2&cs_char=i HTTP/1.1" 200 8402 "-" "Mozilla/5.0 (compatible; YandexBot/3.0; +http://yandex.com/bots)"
141.8.147.1 - - [02/Feb/2013:06:44:18 +0100] "GET /news.php?cs_go=archiv&cs_id=3722&cs_search= HTTP/1.1" 200 9737 "-" "Mozilla/5.0 (compatible; YandexBot/3.0; +http://yandex.com/bots)"
208.115.113.91 - - [02/Feb/2013:06:56:07 +0100] "GET /news.php?cs_go=archiv&cs_id=3593&cs_search= HTTP/1.1" 200 10732 "-" "Mozilla/5.0 (compatible; Ezooms/1.0; ezooms.bot@gmail.com)"
141.8.147.1 - - [02/Feb/2013:07:10:40 +0100] "GET /news.php?cs_go=archiv&cs_id=3501&cs_search= HTTP/1.1" 200 9880 "-" "Mozilla/5.0 (compatible; YandexBot/3.0; +http://yandex.com/bots)"
217.69.133.67 - - [02/Feb/2013:07:13:23 +0100] "GET /robots.txt HTTP/1.0" 200 177 "-" "Mozilla/5.0 (compatible; Mail.RU_Bot/2.0; +http://go.mail.ru/help/robots)"
130.83.167.153 - - [02/Feb/2013:07:13:39 +0100] "GET /news.php?cs_go=archiv&cs_id=3804 HTTP/1.1" 200 6993 "-" "findlinks/2.6 (+http://wortschatz.uni-leipzig.de/findlinks/)"
130.83.167.153 - - [02/Feb/2013:07:13:39 +0100] "GET /news.php?cs_go=archiv&cs_id=3804 HTTP/1.1" 200 9924 "-" "findlinks/2.6 (+http://wortschatz.uni-leipzig.de/findlinks/)"
66.249.76.46 - - [02/Feb/2013:07:14:20 +0100] "GET /news.php?cs_go=archiv&cs_id=3104&cs_search= HTTP/1.1" 200 9931 "-" "Mozilla/5.0 (compatible; Googlebot/2.1; +http://www.google.com/bot.html)"
141.8.147.1 - - [02/Feb/2013:07:14:49 +0100] "GET /news.php?cs_go=archiv&cs_id=3503&cs_search= HTTP/1.1" 200 12960 "-" "Mozilla/5.0 (compatible; YandexBot/3.0; +http://yandex.com/bots)"
