84.191.143.86 - - [08/May/2013:19:37:10 +0200] "GET /images/close.png HTTP/1.1" 200 703 "http://www.mink-gmbh.de/" "Mozilla/4.0 (compatible; MSIE 8.0; Windows NT 5.1; Trident/4.0; .NET CLR 1.0.3705; .NET CLR 2.0.50727; .NET CLR 3.0.4506.2152; .NET CLR 3.5.30729)"
84.191.143.86 - - [08/May/2013:19:37:10 +0200] "GET /images/fallend.png HTTP/1.1" 200 713 "http://www.mink-gmbh.de/" "Mozilla/4.0 (compatible; MSIE 8.0; Windows NT 5.1; Trident/4.0; .NET CLR 1.0.3705; .NET CLR 2.0.50727; .NET CLR 3.0.4506.2152; .NET CLR 3.5.30729)"
84.191.143.86 - - [08/May/2013:19:37:10 +0200] "GET /images/header.jpg HTTP/1.1" 200 24413 "http://www.mink-gmbh.de/" "Mozilla/4.0 (compatible; MSIE 8.0; Windows NT 5.1; Trident/4.0; .NET CLR 1.0.3705; .NET CLR 2.0.50727; .NET CLR 3.0.4506.2152; .NET CLR 3.5.30729)"
84.191.143.86 - - [08/May/2013:19:37:10 +0200] "GET /images/steigend.png HTTP/1.1" 200 688 "http://www.mink-gmbh.de/" "Mozilla/4.0 (compatible; MSIE 8.0; Windows NT 5.1; Trident/4.0; .NET CLR 1.0.3705; .NET CLR 2.0.50727; .NET CLR 3.0.4506.2152; .NET CLR 3.5.30729)"
84.191.143.86 - - [08/May/2013:19:37:10 +0200] "GET /images/newsletter.jpg HTTP/1.1" 200 13130 "http://www.mink-gmbh.de/" "Mozilla/4.0 (compatible; MSIE 8.0; Windows NT 5.1; Trident/4.0; .NET CLR 1.0.3705; .NET CLR 2.0.50727; .NET CLR 3.0.4506.2152; .NET CLR 3.5.30729)"
84.191.143.86 - - [08/May/2013:19:37:10 +0200] "GET /images/mobil.jpg HTTP/1.1" 200 25293 "http://www.mink-gmbh.de/" "Mozilla/4.0 (compatible; MSIE 8.0; Windows NT 5.1; Trident/4.0; .NET CLR 1.0.3705; .NET CLR 2.0.50727; .NET CLR 3.0.4506.2152; .NET CLR 3.5.30729)"
84.191.143.86 - - [08/May/2013:19:37:10 +0200] "GET /images/footerbg.jpg HTTP/1.1" 200 2184 "http://www.mink-gmbh.de/" "Mozilla/4.0 (compatible; MSIE 8.0; Windows NT 5.1; Trident/4.0; .NET CLR 1.0.3705; .NET CLR 2.0.50727; .NET CLR 3.0.4506.2152; .NET CLR 3.5.30729)"
84.191.143.86 - - [08/May/2013:19:37:11 +0200] "GET /js_contentserver24_greybox/header_bg.gif HTTP/1.1" 200 1188 "http://www.mink-gmbh.de/" "Mozilla/4.0 (compatible; MSIE 8.0; Windows NT 5.1; Trident/4.0; .NET CLR 1.0.3705; .NET CLR 2.0.50727; .NET CLR 3.0.4506.2152; .NET CLR 3.5.30729)"
84.191.143.86 - - [08/May/2013:19:37:11 +0200] "GET /js_contentserver24_greybox/indicator.gif HTTP/1.1" 200 8238 "http://www.mink-gmbh.de/js_contentserver24_greybox/loader_frame.html?s=0" "Mozilla/4.0 (compatible; MSIE 8.0; Windows NT 5.1; Trident/4.0; .NET CLR 1.0.3705; .NET CLR 2.0.50727; .NET CLR 3.0.4506.2152; .NET CLR 3.5.30729)"
84.191.143.86 - - [08/May/2013:19:37:12 +0200] "GET /js_contentserver24_greybox/g_close.gif HTTP/1.1" 200 541 "http://www.mink-gmbh.de/" "Mozilla/4.0 (compatible; MSIE 8.0; Windows NT 5.1; Trident/4.0; .NET CLR 1.0.3705; .NET CLR 2.0.50727; .NET CLR 3.0.4506.2152; .NET CLR 3.5.30729)"
204.12.226.2 - - [08/May/2013:19:37:20 +0200] "GET /robots.txt HTTP/1.0" 200 177 "-" "Mozilla/5.0 (compatible; MJ12bot/v1.4.3; http://www.majestic12.co.uk/bot.php?+)"
204.12.226.2 - - [08/May/2013:19:37:22 +0200] "GET /agb.php HTTP/1.0" 200 19709 "-" "Mozilla/5.0 (compatible; MJ12bot/v1.4.3; http://www.majestic12.co.uk/bot.php?+)"
204.12.226.2 - - [08/May/2013:19:37:26 +0200] "GET /news.php?cs_go=archiv&cs_id=2678 HTTP/1.0" 200 7887 "-" "Mozilla/5.0 (compatible; MJ12bot/v1.4.3; http://www.majestic12.co.uk/bot.php?+)"
204.12.226.2 - - [08/May/2013:19:37:28 +0200] "GET /news.php?cs_go=archiv&cs_id=2679 HTTP/1.0" 200 7887 "-" "Mozilla/5.0 (compatible; MJ12bot/v1.4.3; http://www.majestic12.co.uk/bot.php?+)"
204.12.226.2 - - [08/May/2013:19:37:31 +0200] "GET /news.php?cs_go=archiv&cs_id=2680 HTTP/1.0" 200 7887 "-" "Mozilla/5.0 (compatible; MJ12bot/v1.4.3; http://www.majestic12.co.uk/bot.php?+)"
204.12.226.2 - - [08/May/2013:19:37:33 +0200] "GET /news.php?cs_go=archiv&cs_id=2681 HTTP/1.0" 200 7887 "-" "Mozilla/5.0 (compatible; MJ12bot/v1.4.3; http://www.majestic12.co.uk/bot.php?+)"
204.12.226.2 - - [08/May/2013:19:37:36 +0200] "GET /news.php?cs_go=archiv&cs_id=2682 HTTP/1.0" 200 7887 "-" "Mozilla/5.0 (compatible; MJ12bot/v1.4.3; http://www.majestic12.co.uk/bot.php?+)"
204.12.226.2 - - [08/May/2013:19:37:39 +0200] "GET /news.php?cs_go=archiv&cs_id=2683 HTTP/1.0" 200 7887 "-" "Mozilla/5.0 (compatible; MJ12bot/v1.4.3; http://www.majestic12.co.uk/bot.php?+)"
204.12.226.2 - - [08/May/2013:19:37:41 +0200] "GET /news.php?cs_go=archiv&cs_id=2684 HTTP/1.0" 200 7887 "-" "Mozilla/5.0 (compatible; MJ12bot/v1.4.3; http://www.majestic12.co.uk/bot.php?+)"
204.12.226.2 - - [08/May/2013:19:37:44 +0200] "GET /news.php?cs_go=archiv&cs_id=2685 HTTP/1.0" 200 7887 "-" "Mozilla/5.0 (compatible; MJ12bot/v1.4.3; http://www.majestic12.co.uk/bot.php?+)"
84.191.143.86 - - [08/May/2013:19:37:44 +0200] "GET /preisanfrage.php HTTP/1.1" 200 10648 "http://www.mink-gmbh.de/" "Mozilla/4.0 (compatible; MSIE 8.0; Windows NT 5.1; Trident/4.0; .NET CLR 1.0.3705; .NET CLR 2.0.50727; .NET CLR 3.0.4506.2152; .NET CLR 3.5.30729)"
204.12.226.2 - - [08/May/2013:19:37:46 +0200] "GET /news.php?cs_go=archiv&cs_id=2686 HTTP/1.0" 200 7887 "-" "Mozilla/5.0 (compatible; MJ12bot/v1.4.3; http://www.majestic12.co.uk/bot.php?+)"
204.12.226.2 - - [08/May/2013:19:37:49 +0200] "GET /news.php?cs_go=archiv&cs_id=2687 HTTP/1.0" 200 7887 "-" "Mozilla/5.0 (compatible; MJ12bot/v1.4.3; http://www.majestic12.co.uk/bot.php?+)"
204.12.226.2 - - [08/May/2013:19:37:52 +0200] "GET /news.php?cs_go=archiv&cs_id=2688 HTTP/1.0" 200 7887 "-" "Mozilla/5.0 (compatible; MJ12bot/v1.4.3; http://www.majestic12.co.uk/bot.php?+)"
204.12.226.2 - - [08/May/2013:19:37:54 +0200] "GET /news.php?cs_go=archiv&cs_id=2689 HTTP/1.0" 200 7887 "-" "Mozilla/5.0 (compatible; MJ12bot/v1.4.3; http://www.majestic12.co.uk/bot.php?+)"
204.12.226.2 - - [08/May/2013:19:37:57 +0200] "GET /news.php?cs_go=archiv&cs_id=2690 HTTP/1.0" 200 7887 "-" "Mozilla/5.0 (compatible; MJ12bot/v1.4.3; http://www.majestic12.co.uk/bot.php?+)"
204.12.226.2 - - [08/May/2013:19:38:04 +0200] "GET /robots.txt HTTP/1.0" 200 177 "-" "Mozilla/5.0 (compatible; MJ12bot/v1.4.3; http://www.majestic12.co.uk/bot.php?+)"
204.12.226.2 - - [08/May/2013:19:38:06 +0200] "GET /news.php?cs_go=archiv&cs_id=2691 HTTP/1.0" 200 7887 "-" "Mozilla/5.0 (compatible; MJ12bot/v1.4.3; http://www.majestic12.co.uk/bot.php?+)"
66.249.78.46 - - [08/May/2013:19:43:05 +0200] "GET /index.php HTTP/1.1" 200 12110 "-" "Mozilla/5.0 (compatible; Googlebot/2.1; +http://www.google.com/bot.html)"
66.249.78.46 - - [08/May/2013:19:44:33 +0200] "GET /news.php?cs_go=archiv&cs_id=4170 HTTP/1.1" 200 10120 "-" "Mozilla/5.0 (compatible; Googlebot/2.1; +http://www.google.com/bot.html)"
66.249.75.49 - - [08/May/2013:19:46:12 +0200] "GET /news.php?cs_go=archiv&cs_id=4163 HTTP/1.1" 200 10215 "-" "Mozilla/5.0 (compatible; Googlebot/2.1; +http://www.google.com/bot.html)"
208.115.113.91 - - [08/May/2013:19:46:52 +0200] "GET /news.php?cs_go=archiv&cs_id=4038&cs_search= HTTP/1.1" 200 13169 "-" "Mozilla/5.0 (compatible; Ezooms/1.0; ezooms.bot@gmail.com)"
66.249.78.46 - - [08/May/2013:19:47:28 +0200] "GET /news.php?cs_go=archiv&cs_id=4172 HTTP/1.1" 200 10125 "-" "Mozilla/5.0 (compatible; Googlebot/2.1; +http://www.google.com/bot.html)"
66.249.78.46 - - [08/May/2013:19:49:36 +0200] "GET /news.php?cs_go=archiv&cs_id=4173 HTTP/1.1" 200 13830 "-" "Mozilla/5.0 (compatible; Googlebot/2.1; +http://www.google.com/bot.html)"
46.165.197.141 - - [08/May/2013:20:11:27 +0200] "GET /robots.txt HTTP/1.0" 200 177 "-" "Mozilla/5.0 (compatible; MJ12bot/v1.4.3; http://www.majestic12.co.uk/bot.php?+)"
46.165.197.141 - - [08/May/2013:20:11:29 +0200] "GET /news.php?cs_go=archiv&cs_id=4162 HTTP/1.0" 200 11469 "-" "Mozilla/5.0 (compatible; MJ12bot/v1.4.3; http://www.majestic12.co.uk/bot.php?+)"
46.165.197.141 - - [08/May/2013:20:11:30 +0200] "GET /news.php?cs_go=archiv&cs_id=4163 HTTP/1.0" 200 10215 "-" "Mozilla/5.0 (compatible; MJ12bot/v1.4.3; http://www.majestic12.co.uk/bot.php?+)"
46.165.197.141 - - [08/May/2013:20:11:32 +0200] "GET /news.php?cs_go=archiv&cs_id=4169 HTTP/1.0" 200 13843 "-" "Mozilla/5.0 (compatible; MJ12bot/v1.4.3; http://www.majestic12.co.uk/bot.php?+)"
173.199.114.163 - - [08/May/2013:20:41:59 +0200] "GET /lexikon.php?cs_go=3&cs_id=177 HTTP/1.1" 200 7984 "-" "Mozilla/5.0 (compatible; AhrefsBot/4.0; +http://ahrefs.com/robot/)"
65.36.241.79 - - [08/May/2013:20:57:07 +0200] "HEAD / HTTP/1.1" 200 - "-" "InternetSeer.com"
66.249.78.46 - - [08/May/2013:21:02:42 +0200] "GET /news.php?cs_go=archiv&cs_id=2801&cs_search= HTTP/1.1" 200 10173 "-" "Mozilla/5.0 (compatible; Googlebot/2.1; +http://www.google.com/bot.html)"
5.135.164.12 - - [08/May/2013:21:18:47 +0200] "GET /faq.php HTTP/1.0" 200 184037 "http://www.mink-gmbh.de/faq.php" "Opera/9.80 (Windows NT 6.1; WOW64; U; ru) Presto/2.10.289 Version/12.00"
66.249.78.46 - - [08/May/2013:21:19:20 +0200] "GET /news.php?cs_go=archiv&cs_id=3825&cs_search= HTTP/1.1" 200 11392 "-" "Mozilla/5.0 (compatible; Googlebot/2.1; +http://www.google.com/bot.html)"
173.199.114.163 - - [08/May/2013:21:26:57 +0200] "GET /lexikon.php?cs_go=3&cs_id=102 HTTP/1.1" 200 7990 "-" "Mozilla/5.0 (compatible; AhrefsBot/4.0; +http://ahrefs.com/robot/)"
66.249.78.46 - - [08/May/2013:21:27:34 +0200] "GET /news.php?cs_go=archiv&cs_id=2973&cs_search= HTTP/1.1" 200 9776 "-" "Mozilla/5.0 (compatible; Googlebot/2.1; +http://www.google.com/bot.html)"
66.249.75.49 - - [08/May/2013:21:35:43 +0200] "GET /news.php?cs_go=archiv&cs_id=2967&cs_search= HTTP/1.1" 200 11346 "-" "Mozilla/5.0 (compatible; Googlebot/2.1; +http://www.google.com/bot.html)"
141.8.147.12 - - [08/May/2013:21:38:49 +0200] "GET /news.php?cs_go=archiv&cs_id=3874&cs_search= HTTP/1.1" 200 12997 "-" "Mozilla/5.0 (compatible; YandexBot/3.0; +http://yandex.com/bots)"
173.199.114.163 - - [08/May/2013:21:42:35 +0200] "GET /news.php?cs_go=archiv&cs_id=3574&cs_search= HTTP/1.1" 200 11151 "-" "Mozilla/5.0 (compatible; AhrefsBot/4.0; +http://ahrefs.com/robot/)"
157.56.92.160 - - [08/May/2013:21:44:37 +0200] "GET /robots.txt HTTP/1.1" 200 177 "-" "Mozilla/5.0 (compatible; bingbot/2.0; +http://www.bing.com/bingbot.htm)"
157.56.92.160 - - [08/May/2013:21:48:38 +0200] "GET / HTTP/1.1" 200 12110 "-" "Mozilla/5.0 (compatible; bingbot/2.0; +http://www.bing.com/bingbot.htm)"
66.249.78.46 - - [08/May/2013:22:09:27 +0200] "GET /news.php HTTP/1.1" 200 22268 "-" "Mozilla/5.0 (compatible; Googlebot/2.1; +http://www.google.com/bot.html)"
46.161.41.24 - - [08/May/2013:22:12:25 +0200] "GET /lexikon.php HTTP/1.1" 200 10551 "-" "Mozilla/4.0 (compatible; MSIE 6.0; MSIE 5.5; Windows 95) Opera 7.03 [de]"
66.249.78.46 - - [08/May/2013:22:20:05 +0200] "GET /news.php?cs_go=archiv&cs_startpos=10 HTTP/1.1" 200 22352 "-" "Mozilla/5.0 (compatible; Googlebot/2.1; +http://www.google.com/bot.html)"
46.161.41.24 - - [08/May/2013:22:25:05 +0200] "GET /foerdermittel.php HTTP/1.1" 200 12908 "-" "Mozilla/4.0 (compatible; MSIE 6.0; MSIE 5.5; Windows 95) Opera 7.03 [de]"
141.8.147.12 - - [08/May/2013:22:29:12 +0200] "GET /news.php?cs_go=archiv&cs_id=4098&cs_search= HTTP/1.1" 200 13852 "-" "Mozilla/5.0 (compatible; YandexBot/3.0; +http://yandex.com/bots)"
37.75.185.216 - - [08/May/2013:22:31:35 +0200] "GET /robots.txt HTTP/1.1" 200 177 "-" "Mozilla/5.0 (compatible; Abonti/0.91 - http://www.abonti.com)"
37.75.185.216 - - [08/May/2013:22:31:52 +0200] "GET / HTTP/1.1" 200 12110 "-" "Mozilla/5.0 (compatible; Abonti/0.91 - http://www.abonti.com)"
37.75.185.216 - - [08/May/2013:22:32:11 +0200] "GET /rueckrufservice.php HTTP/1.1" 200 10683 "-" "Mozilla/5.0 (compatible; Abonti/0.91 - http://www.abonti.com)"
37.75.185.216 - - [08/May/2013:22:32:30 +0200] "GET /modernisierung.php HTTP/1.1" 200 11491 "-" "Mozilla/5.0 (compatible; Abonti/0.91 - http://www.abonti.com)"
66.249.78.46 - - [08/May/2013:22:32:39 +0200] "GET /news.php?cs_go=archiv&cs_id=4154&cs_search= HTTP/1.1" 200 10262 "-" "Mozilla/5.0 (compatible; Googlebot/2.1; +http://www.google.com/bot.html)"
37.75.185.216 - - [08/May/2013:22:32:49 +0200] "GET /news.php?cs_go=archiv&cs_id=4172 HTTP/1.1" 200 10038 "-" "Mozilla/5.0 (compatible; Abonti/0.91 - http://www.abonti.com)"
37.75.185.216 - - [08/May/2013:22:33:07 +0200] "GET /news.php HTTP/1.1" 200 22181 "-" "Mozilla/5.0 (compatible; Abonti/0.91 - http://www.abonti.com)"
37.75.185.216 - - [08/May/2013:22:33:26 +0200] "GET /standard.php HTTP/1.1" 200 9131 "-" "Mozilla/5.0 (compatible; Abonti/0.91 - http://www.abonti.com)"
37.75.185.216 - - [08/May/2013:22:33:44 +0200] "GET /.php HTTP/1.1" 404 - "-" "Mozilla/5.0 (compatible; Abonti/0.91 - http://www.abonti.com)"
37.75.185.216 - - [08/May/2013:22:34:03 +0200] "GET /kwk.php HTTP/1.1" 200 10797 "-" "Mozilla/5.0 (compatible; Abonti/0.91 - http://www.abonti.com)"
37.75.185.216 - - [08/May/2013:22:34:21 +0200] "GET /kwk.php?cs_go=2 HTTP/1.1" 200 11768 "-" "Mozilla/5.0 (compatible; Abonti/0.91 - http://www.abonti.com)"
37.75.185.216 - - [08/May/2013:22:34:41 +0200] "GET /kwk.php?cs_go=3 HTTP/1.1" 200 10198 "-" "Mozilla/5.0 (compatible; Abonti/0.91 - http://www.abonti.com)"
37.75.185.216 - - [08/May/2013:22:34:58 +0200] "GET /index.php HTTP/1.1" 200 11369 "-" "Mozilla/5.0 (compatible; Abonti/0.91 - http://www.abonti.com)"
37.75.185.216 - - [08/May/2013:22:35:17 +0200] "GET /optiplus.php HTTP/1.1" 200 11013 "-" "Mozilla/5.0 (compatible; Abonti/0.91 - http://www.abonti.com)"
37.75.185.216 - - [08/May/2013:22:35:35 +0200] "GET /additive.php HTTP/1.1" 200 8285 "-" "Mozilla/5.0 (compatible; Abonti/0.91 - http://www.abonti.com)"
37.75.185.216 - - [08/May/2013:22:35:52 +0200] "GET /diesel.php HTTP/1.1" 200 10552 "-" "Mozilla/5.0 (compatible; Abonti/0.91 - http://www.abonti.com)"
37.75.185.216 - - [08/May/2013:22:36:09 +0200] "GET /newsletter.php HTTP/1.1" 200 8841 "-" "Mozilla/5.0 (compatible; Abonti/0.91 - http://www.abonti.com)"
37.75.185.216 - - [08/May/2013:22:36:26 +0200] "GET /foerdermittel.php HTTP/1.1" 200 12821 "-" "Mozilla/5.0 (compatible; Abonti/0.91 - http://www.abonti.com)"
37.75.185.216 - - [08/May/2013:22:36:43 +0200] "GET /lexikon.php HTTP/1.1" 200 10464 "-" "Mozilla/5.0 (compatible; Abonti/0.91 - http://www.abonti.com)"
37.75.185.216 - - [08/May/2013:22:37:00 +0200] "GET /lexikon.php?cs_go=2&cs_char=i HTTP/1.1" 200 8315 "-" "Mozilla/5.0 (compatible; Abonti/0.91 - http://www.abonti.com)"
37.75.185.216 - - [08/May/2013:22:37:19 +0200] "GET /lexikon.php?cs_go=3&cs_id=98 HTTP/1.1" 200 8328 "-" "Mozilla/5.0 (compatible; Abonti/0.91 - http://www.abonti.com)"
37.75.185.216 - - [08/May/2013:22:37:40 +0200] "GET /edl.php HTTP/1.1" 200 10714 "-" "Mozilla/5.0 (compatible; Abonti/0.91 - http://www.abonti.com)"
37.75.185.216 - - [08/May/2013:22:38:02 +0200] "GET /impressum.php HTTP/1.1" 200 8495 "-" "Mozilla/5.0 (compatible; Abonti/0.91 - http://www.abonti.com)"
37.75.185.216 - - [08/May/2013:22:38:20 +0200] "GET /lexikon.php?cs_go=2&cs_char=x HTTP/1.1" 200 8523 "-" "Mozilla/5.0 (compatible; Abonti/0.91 - http://www.abonti.com)"
37.75.185.216 - - [08/May/2013:22:38:39 +0200] "GET /faq.php HTTP/1.1" 200 183950 "-" "Mozilla/5.0 (compatible; Abonti/0.91 - http://www.abonti.com)"
37.75.185.216 - - [08/May/2013:22:39:06 +0200] "GET /wunschpreis.php HTTP/1.1" 200 11997 "-" "Mozilla/5.0 (compatible; Abonti/0.91 - http://www.abonti.com)"
37.75.185.216 - - [08/May/2013:22:39:23 +0200] "GET /../jobs.php HTTP/1.1" 404 - "-" "Mozilla/5.0 (compatible; Abonti/0.91 - http://www.abonti.com)"
173.199.114.163 - - [08/May/2013:22:39:44 +0200] "GET /news.php?cs_go=archiv&cs_id=3920 HTTP/1.1" 200 11790 "-" "Mozilla/5.0 (compatible; AhrefsBot/4.0; +http://ahrefs.com/robot/)"
37.75.185.216 - - [08/May/2013:22:39:45 +0200] "GET /news.php?cs_go=archiv&cs_startpos=10 HTTP/1.1" 200 22265 "-" "Mozilla/5.0 (compatible; Abonti/0.91 - http://www.abonti.com)"
37.75.185.216 - - [08/May/2013:22:40:03 +0200] "GET /news.php?cs_go=archiv&cs_startpos=240 HTTP/1.1" 200 12640 "-" "Mozilla/5.0 (compatible; Abonti/0.91 - http://www.abonti.com)"
37.75.185.216 - - [08/May/2013:22:40:22 +0200] "GET /news.php?cs_go=archiv&cs_startpos=30 HTTP/1.1" 200 22149 "-" "Mozilla/5.0 (compatible; Abonti/0.91 - http://www.abonti.com)"
37.75.185.216 - - [08/May/2013:22:40:43 +0200] "GET /news.php?cs_go=archiv&cs_id=4124&cs_search= HTTP/1.1" 200 10837 "-" "Mozilla/5.0 (compatible; Abonti/0.91 - http://www.abonti.com)"
37.75.185.216 - - [08/May/2013:22:41:03 +0200] "GET /news.php?cs_go=archiv&cs_id=3914&cs_search= HTTP/1.1" 200 9822 "-" "Mozilla/5.0 (compatible; Abonti/0.91 - http://www.abonti.com)"
37.75.185.216 - - [08/May/2013:22:41:20 +0200] "GET /news.php?cs_go=archiv&cs_id=4144&cs_search= HTTP/1.1" 200 13472 "-" "Mozilla/5.0 (compatible; Abonti/0.91 - http://www.abonti.com)"
37.75.185.216 - - [08/May/2013:22:41:45 +0200] "GET /news.php?cs_go=archiv&cs_startpos=0 HTTP/1.1" 200 22181 "-" "Mozilla/5.0 (compatible; Abonti/0.91 - http://www.abonti.com)"
37.75.185.216 - - [08/May/2013:22:42:02 +0200] "GET /news.php?cs_go=archiv&cs_startpos=50 HTTP/1.1" 200 22735 "-" "Mozilla/5.0 (compatible; Abonti/0.91 - http://www.abonti.com)"
37.75.185.216 - - [08/May/2013:22:42:20 +0200] "GET /news.php?cs_go=archiv&cs_id=4106&cs_search= HTTP/1.1" 200 13524 "-" "Mozilla/5.0 (compatible; Abonti/0.91 - http://www.abonti.com)"
37.75.185.216 - - [08/May/2013:22:42:43 +0200] "GET /news.php?cs_go=archiv&cs_id=4166&cs_search= HTTP/1.1" 200 9933 "-" "Mozilla/5.0 (compatible; Abonti/0.91 - http://www.abonti.com)"
37.75.185.216 - - [08/May/2013:22:43:02 +0200] "GET /news.php?cs_go=archiv&cs_id=4113&cs_search= HTTP/1.1" 200 11791 "-" "Mozilla/5.0 (compatible; Abonti/0.91 - http://www.abonti.com)"
173.199.114.163 - - [08/May/2013:22:43:21 +0200] "GET /lexikon.php?cs_go=3&cs_id=31 HTTP/1.1" 200 8002 "-" "Mozilla/5.0 (compatible; AhrefsBot/4.0; +http://ahrefs.com/robot/)"
37.75.185.216 - - [08/May/2013:22:43:24 +0200] "GET /agb.php HTTP/1.1" 200 19622 "-" "Mozilla/5.0 (compatible; Abonti/0.91 - http://www.abonti.com)"
66.249.78.46 - - [08/May/2013:22:44:05 +0200] "GET /news.php?cs_go=archiv&cs_id=3004 HTTP/1.1" 200 11510 "-" "Mozilla/5.0 (iPhone; U; CPU iPhone OS 4_1 like Mac OS X; en-us) AppleWebKit/532.9 (KHTML, like Gecko) Version/4.0.5 Mobile/8B117 Safari/6531.22.7 (compatible; Googlebot-Mobile/2.1; +http://www.google.com/bot.html)"
66.249.75.49 - - [08/May/2013:22:44:23 +0200] "GET /news.php?cs_go=archiv&cs_id=4018 HTTP/1.1" 200 11513 "-" "Mozilla/5.0 (compatible; Googlebot/2.1; +http://www.google.com/bot.html)"
46.161.41.24 - - [08/May/2013:22:44:31 +0200] "GET /energiesparcheck.php HTTP/1.1" 200 13581 "-" "Mozilla/4.0 (compatible; MSIE 6.0; MSIE 5.5; Windows 95) Opera 7.03 [de]"
66.249.78.46 - - [08/May/2013:22:53:26 +0200] "GET /news.php?cs_go=archiv&cs_id=4019&cs_search= HTTP/1.1" 200 11684 "-" "Mozilla/5.0 (compatible; Googlebot/2.1; +http://www.google.com/bot.html)"
107.20.94.22 - - [08/May/2013:22:54:28 +0200] "GET / HTTP/1.0" 200 12110 "-" "Mozilla/5.0 (compatible; NetcraftSurveyAgent/1.0; +info@netcraft.com)"
173.199.114.163 - - [08/May/2013:23:01:05 +0200] "GET /news.php?cs_go=archiv&cs_startpos=160 HTTP/1.1" 200 22878 "-" "Mozilla/5.0 (compatible; AhrefsBot/4.0; +http://ahrefs.com/robot/)"
66.249.78.46 - - [08/May/2013:23:01:20 +0200] "GET /news.php?cs_go=archiv&cs_id=3684 HTTP/1.1" 200 13574 "-" "Mozilla/5.0 (compatible; Googlebot/2.1; +http://www.google.com/bot.html)"
66.249.78.46 - - [08/May/2013:23:06:21 +0200] "GET /news.php?cs_go=archiv&cs_id=3881 HTTP/1.1" 200 11776 "-" "Mozilla/5.0 (compatible; Googlebot/2.1; +http://www.google.com/bot.html)"
66.249.78.46 - - [08/May/2013:23:10:38 +0200] "GET /news.php?cs_go=archiv&cs_id=3880 HTTP/1.1" 200 13594 "-" "Mozilla/5.0 (compatible; Googlebot/2.1; +http://www.google.com/bot.html)"
46.105.122.108 - - [08/May/2013:23:12:08 +0200] "GET /index.php HTTP/1.0" 200 12110 "http://www.mink-gmbh.de/index.php" "Opera/9.80 (Windows NT 5.1; U; YB/3.5.1; ru) Presto/2.10.229 Version/11.64"
66.249.78.46 - - [08/May/2013:23:15:04 +0200] "GET /news.php?cs_go=archiv&cs_id=3731 HTTP/1.1" 200 13910 "-" "Mozilla/5.0 (compatible; Googlebot/2.1; +http://www.google.com/bot.html)"
66.249.75.49 - - [08/May/2013:23:19:51 +0200] "GET /news.php?cs_go=archiv&cs_id=2742&cs_search= HTTP/1.1" 200 11226 "-" "Mozilla/5.0 (compatible; Googlebot/2.1; +http://www.google.com/bot.html)"
173.199.114.163 - - [08/May/2013:23:32:04 +0200] "GET /news.php?cs_go=archiv&cs_id=2760&cs_search= HTTP/1.1" 200 11187 "-" "Mozilla/5.0 (compatible; AhrefsBot/4.0; +http://ahrefs.com/robot/)"
173.199.114.163 - - [08/May/2013:23:36:56 +0200] "GET /kwk.php?cs_go=4 HTTP/1.1" 200 10255 "-" "Mozilla/5.0 (compatible; AhrefsBot/4.0; +http://ahrefs.com/robot/)"
173.199.114.163 - - [09/May/2013:00:01:27 +0200] "GET /news.php?cs_go=archiv&cs_id=3719&cs_search= HTTP/1.1" 200 11774 "-" "Mozilla/5.0 (compatible; AhrefsBot/4.0; +http://ahrefs.com/robot/)"
66.249.78.46 - - [09/May/2013:00:21:42 +0200] "GET /news.php?cs_go=archiv&cs_id=4146 HTTP/1.1" 200 13639 "-" "SAMSUNG-SGH-E250/1.0 Profile/MIDP-2.0 Configuration/CLDC-1.1 UP.Browser/6.2.3.3.c.1.101 (GUI) MMP/2.0 (compatible; Googlebot-Mobile/2.1; +http://www.google.com/bot.html)"
66.249.75.49 - - [09/May/2013:00:28:12 +0200] "GET /news.php?cs_go=archiv&cs_id=4080 HTTP/1.1" 200 13298 "-" "DoCoMo/2.0 N905i(c100;TB;W24H16) (compatible; Googlebot-Mobile/2.1; +http://www.google.com/bot.html)"
66.249.78.46 - - [09/May/2013:00:44:20 +0200] "GET / HTTP/1.1" 200 12110 "-" "Mozilla/5.0 (compatible; Googlebot/2.1; +http://www.google.com/bot.html)"
66.249.78.46 - - [09/May/2013:00:55:22 +0200] "GET /js_contentserver24_greybox/gb_styles.css HTTP/1.1" 200 2302 "-" "Mozilla/5.0 (compatible; Googlebot/2.1; +http://www.google.com/bot.html)"
66.249.78.46 - - [09/May/2013:01:12:45 +0200] "GET /lexikon.php?cs_go=3&cs_id=158 HTTP/1.1" 200 8354 "-" "Mozilla/5.0 (compatible; Googlebot/2.1; +http://www.google.com/bot.html)"
141.8.147.12 - - [09/May/2013:01:34:05 +0200] "GET /robots.txt HTTP/1.1" 200 177 "-" "Mozilla/5.0 (compatible; YandexBot/3.0; +http://yandex.com/bots)"
208.115.113.91 - - [09/May/2013:01:36:21 +0200] "GET /robots.txt HTTP/1.1" 200 177 "-" "Mozilla/5.0 (compatible; Ezooms/1.0; ezooms.bot@gmail.com)"
85.25.120.73 - - [09/May/2013:02:29:20 +0200] "GET / HTTP/1.1" 200 12110 "-" "Mozilla/5.0 (X11; U; Linux i686; en-US; rv:1.9.0.1) Gecko/2008070206 Firefox/3.0.1"
85.25.120.73 - - [09/May/2013:02:29:21 +0200] "GET /seiten/kontakt.php HTTP/1.1" 404 - "-" "Mozilla/5.0 (X11; U; Linux i686; en-US; rv:1.9.0.1) Gecko/2008070206 Firefox/3.0.1"
46.161.41.24 - - [09/May/2013:02:34:23 +0200] "GET /news.php?cs_go=archiv&cs_id=4133&cs_search= HTTP/1.1" 200 14021 "-" "Mozilla/4.0 (compatible; MSIE 6.0; MSIE 5.5; Windows 95) Opera 7.03 [de]"
38.101.148.120 - - [09/May/2013:03:03:36 +0200] "GET /news.php HTTP/1.1" 200 22268 "-" "Mozilla/5.0 (compatible; discoverybot/2.0; +http://discoveryengine.com/discoverybot.html)"
65.36.241.79 - - [09/May/2013:03:34:57 +0200] "HEAD / HTTP/1.1" 200 - "-" "InternetSeer.com"
66.249.78.46 - - [09/May/2013:03:40:05 +0200] "GET /news.php?cs_go=archiv&cs_id=3079&cs_search= HTTP/1.1" 200 9884 "-" "Mozilla/5.0 (compatible; Googlebot/2.1; +http://www.google.com/bot.html)"
208.115.111.75 - - [09/May/2013:03:41:36 +0200] "GET /robots.txt HTTP/1.1" 200 177 "-" "Mozilla/5.0 (compatible; Ezooms/1.0; ezooms.bot@gmail.com)"
66.249.75.49 - - [09/May/2013:03:42:07 +0200] "GET /news.php?cs_go=archiv&cs_id=4138 HTTP/1.1" 200 10944 "-" "Mozilla/5.0 (iPhone; U; CPU iPhone OS 4_1 like Mac OS X; en-us) AppleWebKit/532.9 (KHTML, like Gecko) Version/4.0.5 Mobile/8B117 Safari/6531.22.7 (compatible; Googlebot-Mobile/2.1; +http://www.google.com/bot.html)"
208.115.113.91 - - [09/May/2013:03:44:55 +0200] "GET /foerdermittel.php HTTP/1.1" 200 12908 "-" "Mozilla/5.0 (compatible; Ezooms/1.0; ezooms.bot@gmail.com)"
66.249.78.46 - - [09/May/2013:04:08:26 +0200] "GET /news.php?cs_go=archiv&cs_id=2883&cs_search= HTTP/1.1" 200 13512 "-" "Mozilla/5.0 (compatible; Googlebot/2.1; +http://www.google.com/bot.html)"
139.18.2.209 - - [09/May/2013:04:08:32 +0200] "GET /lexikon.php HTTP/1.1" 200 7008 "-" "findlinks/2.6 (+http://wortschatz.uni-leipzig.de/findlinks/)"
139.18.2.209 - - [09/May/2013:04:08:32 +0200] "GET /lexikon.php HTTP/1.1" 200 10464 "-" "findlinks/2.6 (+http://wortschatz.uni-leipzig.de/findlinks/)"
66.249.78.46 - - [09/May/2013:04:14:06 +0200] "GET /lexikon.php?cs_go=3&cs_id=31 HTTP/1.1" 200 7815 "-" "Mozilla/5.0 (compatible; Googlebot/2.1; +http://www.google.com/bot.html)"
173.199.114.163 - - [09/May/2013:04:35:24 +0200] "GET /news.php?cs_go=archiv&cs_id=2783&cs_search= HTTP/1.1" 200 14377 "-" "Mozilla/5.0 (compatible; AhrefsBot/4.0; +http://ahrefs.com/robot/)"
66.249.75.49 - - [09/May/2013:04:36:48 +0200] "GET /images/RAL_Guetezeichen_Energiehandel.pdf HTTP/1.1" 304 - "-" "DoCoMo/2.0 N905i(c100;TB;W24H16) (compatible; Googlebot-Mobile/2.1; +http://www.google.com/bot.html)"
208.115.113.91 - - [09/May/2013:05:35:17 +0200] "GET /robots.txt HTTP/1.1" 200 177 "-" "Mozilla/5.0 (compatible; Ezooms/1.0; ezooms.bot@gmail.com)"
208.115.111.75 - - [09/May/2013:05:38:52 +0200] "GET /modernisierung.php?cs_gp_go=coupon HTTP/1.1" 200 10192 "-" "Mozilla/5.0 (compatible; Ezooms/1.0; ezooms.bot@gmail.com)"
62.212.73.211 - - [09/May/2013:06:11:13 +0200] "GET /robots.txt HTTP/1.0" 200 177 "-" "Mozilla/5.0 (compatible; MJ12bot/v1.4.3; http://www.majestic12.co.uk/bot.php?+)"
62.212.73.211 - - [09/May/2013:06:11:14 +0200] "GET /news.php?cs_go=archiv&cs_id=4170 HTTP/1.0" 200 10120 "-" "Mozilla/5.0 (compatible; MJ12bot/v1.4.3; http://www.majestic12.co.uk/bot.php?+)"
173.199.114.163 - - [09/May/2013:06:24:39 +0200] "GET /news.php?cs_go=archiv&cs_startpos=70 HTTP/1.1" 200 22985 "-" "Mozilla/5.0 (compatible; AhrefsBot/4.0; +http://ahrefs.com/robot/)"
85.13.131.53 - - [09/May/2013:06:28:19 +0200] "GET / HTTP/1.0" 200 6437 "-" "-"
85.13.131.53 - - [09/May/2013:06:28:19 +0200] "GET / HTTP/1.0" 200 3409 "-" "-"
157.56.92.160 - - [09/May/2013:06:40:08 +0200] "GET /robots.txt HTTP/1.1" 200 177 "-" "Mozilla/5.0 (compatible; bingbot/2.0; +http://www.bing.com/bingbot.htm)"
157.56.92.160 - - [09/May/2013:06:42:55 +0200] "GET / HTTP/1.1" 200 12131 "-" "Mozilla/5.0 (compatible; bingbot/2.0; +http://www.bing.com/bingbot.htm)"
141.8.147.12 - - [09/May/2013:06:44:39 +0200] "GET /news.php?cs_go=archiv&cs_id=3849 HTTP/1.1" 200 13049 "-" "Mozilla/5.0 (compatible; YandexBot/3.0; +http://yandex.com/bots)"
66.249.75.49 - - [09/May/2013:07:24:46 +0200] "GET /news.php?cs_go=archiv&cs_id=4026&cs_search= HTTP/1.1" 200 13556 "-" "DoCoMo/2.0 N905i(c100;TB;W24H16) (compatible; Googlebot-Mobile/2.1; +http://www.google.com/bot.html)"
123.125.71.14 - - [09/May/2013:07:34:17 +0200] "GET / HTTP/1.1" 200 6437 "-" "Mozilla/5.0 (compatible; Baiduspider/2.0; +http://www.baidu.com/search/spider.html)"
220.181.108.111 - - [09/May/2013:07:34:49 +0200] "GET / HTTP/1.1" 200 6563 "-" "Mozilla/5.0 (compatible; Baiduspider/2.0; +http://www.baidu.com/search/spider.html)"
208.115.113.91 - - [09/May/2013:07:48:14 +0200] "GET /modernisierung.php?cs_gp_go=description HTTP/1.1" 200 10771 "-" "Mozilla/5.0 (compatible; Ezooms/1.0; ezooms.bot@gmail.com)"
176.31.181.186 - - [09/May/2013:07:49:06 +0200] "GET /faq.php HTTP/1.0" 200 184037 "http://www.mink-gmbh.de/faq.php" "Mozilla/5.0 (Windows NT 6.2; WOW64) AppleWebKit/537.11 (KHTML, like Gecko) Chrome/23.0.1271.91 Safari/537.11"
66.249.78.46 - - [09/May/2013:07:50:05 +0200] "GET /rueckrufservice.php HTTP/1.1" 200 10770 "-" "SAMSUNG-SGH-E250/1.0 Profile/MIDP-2.0 Configuration/CLDC-1.1 UP.Browser/6.2.3.3.c.1.101 (GUI) MMP/2.0 (compatible; Googlebot-Mobile/2.1; +http://www.google.com/bot.html)"
66.249.78.46 - - [09/May/2013:08:11:12 +0200] "GET /news.php?cs_go=archiv&cs_id=3813 HTTP/1.1" 200 10315 "-" "Mozilla/5.0 (compatible; Googlebot/2.1; +http://www.google.com/bot.html)"
123.125.71.58 - - [09/May/2013:08:33:47 +0200] "GET / HTTP/1.1" 200 8717 "-" "Mozilla/5.0 (compatible; Baiduspider/2.0; +http://www.baidu.com/search/spider.html)"
220.181.108.82 - - [09/May/2013:08:34:20 +0200] "GET / HTTP/1.1" 200 6437 "-" "Mozilla/5.0 (compatible; Baiduspider/2.0; +http://www.baidu.com/search/spider.html)"
65.36.241.79 - - [09/May/2013:08:42:00 +0200] "HEAD / HTTP/1.1" 200 - "-" "InternetSeer.com"
46.161.41.24 - - [09/May/2013:08:48:37 +0200] "GET /kwk.php?cs_go=4 HTTP/1.1" 200 10255 "-" "Mozilla/4.0 (compatible; MSIE 6.0; MSIE 5.5; Windows 95) Opera 7.03 [de]"
66.249.78.46 - - [09/May/2013:08:51:22 +0200] "GET /news.php?cs_go=archiv&cs_id=4029 HTTP/1.1" 200 10139 "-" "SAMSUNG-SGH-E250/1.0 Profile/MIDP-2.0 Configuration/CLDC-1.1 UP.Browser/6.2.3.3.c.1.101 (GUI) MMP/2.0 (compatible; Googlebot-Mobile/2.1; +http://www.google.com/bot.html)"
208.115.113.91 - - [09/May/2013:09:37:24 +0200] "GET /robots.txt HTTP/1.1" 200 177 "-" "Mozilla/5.0 (compatible; Ezooms/1.0; ezooms.bot@gmail.com)"
89.247.251.51 - - [09/May/2013:10:19:09 +0200] "GET /style.css HTTP/1.1" 200 8418 "http://www.mink-gmbh.de/" "Mozilla/5.0 (compatible; MSIE 9.0; Windows NT 6.1; Trident/5.0; MAMD)"
89.247.251.51 - - [09/May/2013:10:19:09 +0200] "GET /js_contentserver24_greybox/gb_styles.css HTTP/1.1" 200 2302 "http://www.mink-gmbh.de/" "Mozilla/5.0 (compatible; MSIE 9.0; Windows NT 6.1; Trident/5.0; MAMD)"
89.247.251.51 - - [09/May/2013:10:19:09 +0200] "GET /js_contentserver24_greybox/AJS.js HTTP/1.1" 200 10396 "http://www.mink-gmbh.de/" "Mozilla/5.0 (compatible; MSIE 9.0; Windows NT 6.1; Trident/5.0; MAMD)"
89.247.251.51 - - [09/May/2013:10:19:09 +0200] "GET /js_contentserver24_greybox/gb_scripts.js HTTP/1.1" 200 11913 "http://www.mink-gmbh.de/" "Mozilla/5.0 (compatible; MSIE 9.0; Windows NT 6.1; Trident/5.0; MAMD)"
89.247.251.51 - - [09/May/2013:10:19:09 +0200] "GET /js_contentserver24_greybox/AJS_fx.js HTTP/1.1" 200 3192 "http://www.mink-gmbh.de/" "Mozilla/5.0 (compatible; MSIE 9.0; Windows NT 6.1; Trident/5.0; MAMD)"
89.247.251.51 - - [09/May/2013:10:19:08 +0200] "GET / HTTP/1.1" 200 12131 "http://www.google.de/url?sa=t&rct=j&q=mink%20%C3%B6l%20berlin&source=web&cd=1&ved=0CDEQFjAA&url=http%3A%2F%2Fwww.mink-gmbh.de%2F&ei=z1uLUZDBKKXg4QSSloGgDg&usg=AFQjCNFHX4Iglls9oo-KYXTmDUV_5KOVIg&bvm=bv.46226182,d.bGE" "Mozilla/5.0 (compatible; MSIE 9.0; Windows NT 6.1; Trident/5.0; MAMD)"
89.247.251.51 - - [09/May/2013:10:19:09 +0200] "GET /modul.css HTTP/1.1" 200 35038 "http://www.mink-gmbh.de/" "Mozilla/5.0 (compatible; MSIE 9.0; Windows NT 6.1; Trident/5.0; MAMD)"
89.247.251.51 - - [09/May/2013:10:19:10 +0200] "GET /images/mail.jpg HTTP/1.1" 200 11165 "http://www.mink-gmbh.de/" "Mozilla/5.0 (compatible; MSIE 9.0; Windows NT 6.1; Trident/5.0; MAMD)"
89.247.251.51 - - [09/May/2013:10:19:10 +0200] "GET /images/wunschpreis.jpg HTTP/1.1" 200 16767 "http://www.mink-gmbh.de/" "Mozilla/5.0 (compatible; MSIE 9.0; Windows NT 6.1; Trident/5.0; MAMD)"
89.247.251.51 - - [09/May/2013:10:19:11 +0200] "GET /images/kwk.gif HTTP/1.1" 200 6403 "http://www.mink-gmbh.de/" "Mozilla/5.0 (compatible; MSIE 9.0; Windows NT 6.1; Trident/5.0; MAMD)"
89.247.251.51 - - [09/May/2013:10:19:11 +0200] "GET /images/logos.jpg HTTP/1.1" 200 15002 "http://www.mink-gmbh.de/" "Mozilla/5.0 (compatible; MSIE 9.0; Windows NT 6.1; Trident/5.0; MAMD)"
89.247.251.51 - - [09/May/2013:10:19:10 +0200] "GET /images/tkw.jpg HTTP/1.1" 200 64031 "http://www.mink-gmbh.de/" "Mozilla/5.0 (compatible; MSIE 9.0; Windows NT 6.1; Trident/5.0; MAMD)"
89.247.251.51 - - [09/May/2013:10:19:10 +0200] "GET /images/freecall.jpg HTTP/1.1" 200 39195 "http://www.mink-gmbh.de/" "Mozilla/5.0 (compatible; MSIE 9.0; Windows NT 6.1; Trident/5.0; MAMD)"
89.247.251.51 - - [09/May/2013:10:19:14 +0200] "GET /js_contentserver24_greybox/w_close.gif HTTP/1.1" 200 74 "http://www.mink-gmbh.de/" "Mozilla/5.0 (compatible; MSIE 9.0; Windows NT 6.1; Trident/5.0; MAMD)"
89.247.251.51 - - [09/May/2013:10:19:14 +0200] "GET /js_contentserver24_greybox/header_bg.gif HTTP/1.1" 200 1188 "http://www.mink-gmbh.de/" "Mozilla/5.0 (compatible; MSIE 9.0; Windows NT 6.1; Trident/5.0; MAMD)"
89.247.251.51 - - [09/May/2013:10:19:14 +0200] "GET /images/bg.jpg HTTP/1.1" 200 345 "http://www.mink-gmbh.de/" "Mozilla/5.0 (compatible; MSIE 9.0; Windows NT 6.1; Trident/5.0; MAMD)"
89.247.251.51 - - [09/May/2013:10:19:15 +0200] "GET /images/navibg.png HTTP/1.1" 200 2803 "http://www.mink-gmbh.de/" "Mozilla/5.0 (compatible; MSIE 9.0; Windows NT 6.1; Trident/5.0; MAMD)"
89.247.251.51 - - [09/May/2013:10:19:15 +0200] "GET /images/wrapperbg.jpg HTTP/1.1" 200 27465 "http://www.mink-gmbh.de/" "Mozilla/5.0 (compatible; MSIE 9.0; Windows NT 6.1; Trident/5.0; MAMD)"
89.247.251.51 - - [09/May/2013:10:19:15 +0200] "GET /images/newsletter_bg.jpg HTTP/1.1" 200 33610 "http://www.mink-gmbh.de/" "Mozilla/5.0 (compatible; MSIE 9.0; Windows NT 6.1; Trident/5.0; MAMD)"
89.247.251.51 - - [09/May/2013:10:19:15 +0200] "GET /images/newsletter.png HTTP/1.1" 200 14619 "http://www.mink-gmbh.de/" "Mozilla/5.0 (compatible; MSIE 9.0; Windows NT 6.1; Trident/5.0; MAMD)"
89.247.251.51 - - [09/May/2013:10:19:15 +0200] "GET /images/header.jpg HTTP/1.1" 200 24413 "http://www.mink-gmbh.de/" "Mozilla/5.0 (compatible; MSIE 9.0; Windows NT 6.1; Trident/5.0; MAMD)"
89.247.251.51 - - [09/May/2013:10:19:16 +0200] "GET /images/close.png HTTP/1.1" 200 703 "http://www.mink-gmbh.de/" "Mozilla/5.0 (compatible; MSIE 9.0; Windows NT 6.1; Trident/5.0; MAMD)"
89.247.251.51 - - [09/May/2013:10:19:16 +0200] "GET /images/fallend.png HTTP/1.1" 200 713 "http://www.mink-gmbh.de/" "Mozilla/5.0 (compatible; MSIE 9.0; Windows NT 6.1; Trident/5.0; MAMD)"
89.247.251.51 - - [09/May/2013:10:19:16 +0200] "GET /images/steigend.png HTTP/1.1" 200 688 "http://www.mink-gmbh.de/" "Mozilla/5.0 (compatible; MSIE 9.0; Windows NT 6.1; Trident/5.0; MAMD)"
89.247.251.51 - - [09/May/2013:10:19:16 +0200] "GET /images/newsletter.jpg HTTP/1.1" 200 13130 "http://www.mink-gmbh.de/" "Mozilla/5.0 (compatible; MSIE 9.0; Windows NT 6.1; Trident/5.0; MAMD)"
89.247.251.51 - - [09/May/2013:10:19:16 +0200] "GET /images/footerbg.jpg HTTP/1.1" 200 2184 "http://www.mink-gmbh.de/" "Mozilla/5.0 (compatible; MSIE 9.0; Windows NT 6.1; Trident/5.0; MAMD)"
89.247.251.51 - - [09/May/2013:10:19:16 +0200] "GET /images/mobil.jpg HTTP/1.1" 200 25293 "http://www.mink-gmbh.de/" "Mozilla/5.0 (compatible; MSIE 9.0; Windows NT 6.1; Trident/5.0; MAMD)"
89.247.251.51 - - [09/May/2013:10:19:17 +0200] "GET /js_contentserver24_greybox/loader_frame.html?s=0 HTTP/1.1" 200 2084 "http://www.mink-gmbh.de/" "Mozilla/5.0 (compatible; MSIE 9.0; Windows NT 6.1; Trident/5.0; MAMD)"
89.247.251.51 - - [09/May/2013:10:19:17 +0200] "GET /js_contentserver24_greybox/indicator.gif HTTP/1.1" 200 8238 "http://www.mink-gmbh.de/js_contentserver24_greybox/loader_frame.html?s=0" "Mozilla/5.0 (compatible; MSIE 9.0; Windows NT 6.1; Trident/5.0; MAMD)"
89.247.251.51 - - [09/May/2013:10:19:18 +0200] "GET /js_contentserver24_greybox/g_close.gif HTTP/1.1" 200 541 "http://www.mink-gmbh.de/" "Mozilla/5.0 (compatible; MSIE 9.0; Windows NT 6.1; Trident/5.0; MAMD)"
89.247.251.51 - - [09/May/2013:10:19:18 +0200] "GET /favicon.ico HTTP/1.1" 200 3638 "-" "Mozilla/5.0 (compatible; MSIE 9.0; Windows NT 6.1; Trident/5.0; MAMD)"
89.247.251.51 - - [09/May/2013:10:19:34 +0200] "GET /preisanfrage.php HTTP/1.1" 200 10648 "http://www.mink-gmbh.de/" "Mozilla/5.0 (compatible; MSIE 9.0; Windows NT 6.1; Trident/5.0; MAMD)"
89.247.251.51 - - [09/May/2013:10:20:51 +0200] "POST /preisanfrage.php HTTP/1.1" 200 7300 "http://www.mink-gmbh.de/preisanfrage.php" "Mozilla/5.0 (compatible; MSIE 9.0; Windows NT 6.1; Trident/5.0; MAMD)"
89.247.251.51 - - [09/May/2013:10:20:57 +0200] "GET /wunschpreis.php HTTP/1.1" 200 11997 "http://www.mink-gmbh.de/preisanfrage.php" "Mozilla/5.0 (compatible; MSIE 9.0; Windows NT 6.1; Trident/5.0; MAMD)"
89.247.251.51 - - [09/May/2013:10:21:01 +0200] "GET /standard.php HTTP/1.1" 200 9131 "http://www.mink-gmbh.de/wunschpreis.php" "Mozilla/5.0 (compatible; MSIE 9.0; Windows NT 6.1; Trident/5.0; MAMD)"
89.247.251.51 - - [09/May/2013:10:21:02 +0200] "GET /index.php HTTP/1.1" 200 11390 "http://www.mink-gmbh.de/standard.php" "Mozilla/5.0 (compatible; MSIE 9.0; Windows NT 6.1; Trident/5.0; MAMD)"
66.249.78.46 - - [09/May/2013:10:23:11 +0200] "GET /diesel.php HTTP/1.1" 200 10639 "-" "Mozilla/5.0 (iPhone; U; CPU iPhone OS 4_1 like Mac OS X; en-us) AppleWebKit/532.9 (KHTML, like Gecko) Version/4.0.5 Mobile/8B117 Safari/6531.22.7 (compatible; Googlebot-Mobile/2.1; +http://www.google.com/bot.html)"
66.249.75.49 - - [09/May/2013:10:25:29 +0200] "GET /lexikon.php?cs_go=3&cs_id=17 HTTP/1.1" 200 8461 "-" "Mozilla/5.0 (compatible; Googlebot/2.1; +http://www.google.com/bot.html)"
141.8.147.12 - - [09/May/2013:10:54:46 +0200] "GET /news.php?cs_go=archiv&cs_id=3991&cs_search= HTTP/1.1" 200 10007 "-" "Mozilla/5.0 (compatible; YandexBot/3.0; +http://yandex.com/bots)"
130.83.167.153 - - [09/May/2013:11:16:14 +0200] "GET /additive.php HTTP/1.1" 200 6302 "-" "findlinks/2.6 (+http://wortschatz.uni-leipzig.de/findlinks/)"
130.83.167.153 - - [09/May/2013:11:16:14 +0200] "GET /additive.php HTTP/1.1" 200 8285 "-" "findlinks/2.6 (+http://wortschatz.uni-leipzig.de/findlinks/)"
219.80.34.202 - - [09/May/2013:11:17:59 +0200] "GET / HTTP/1.1" 200 12131 "http://web2.cylex.de/reviews/viewcompanywebsite.aspx?firmaName=herbert-mink-gmbh&companyId=5251604" "Mozilla/5.0 (compatible; MSIE 10.0; Windows NT 6.1; WOW64; Trident/6.0)"
219.80.34.202 - - [09/May/2013:11:18:01 +0200] "GET /style.css HTTP/1.1" 200 8418 "http://www.mink-gmbh.de/" "Mozilla/5.0 (compatible; MSIE 10.0; Windows NT 6.1; WOW64; Trident/6.0)"
219.80.34.202 - - [09/May/2013:11:18:01 +0200] "GET /js_contentserver24_greybox/AJS_fx.js HTTP/1.1" 200 3192 "http://www.mink-gmbh.de/" "Mozilla/5.0 (compatible; MSIE 10.0; Windows NT 6.1; WOW64; Trident/6.0)"
219.80.34.202 - - [09/May/2013:11:18:01 +0200] "GET /js_contentserver24_greybox/AJS.js HTTP/1.1" 200 10396 "http://www.mink-gmbh.de/" "Mozilla/5.0 (compatible; MSIE 10.0; Windows NT 6.1; WOW64; Trident/6.0)"
219.80.34.202 - - [09/May/2013:11:18:01 +0200] "GET /js_contentserver24_greybox/gb_styles.css HTTP/1.1" 200 2302 "http://www.mink-gmbh.de/" "Mozilla/5.0 (compatible; MSIE 10.0; Windows NT 6.1; WOW64; Trident/6.0)"
219.80.34.202 - - [09/May/2013:11:18:02 +0200] "GET /js_contentserver24_greybox/gb_scripts.js HTTP/1.1" 200 11913 "http://www.mink-gmbh.de/" "Mozilla/5.0 (compatible; MSIE 10.0; Windows NT 6.1; WOW64; Trident/6.0)"
219.80.34.202 - - [09/May/2013:11:18:02 +0200] "GET /images/mail.jpg HTTP/1.1" 200 11165 "http://www.mink-gmbh.de/" "Mozilla/5.0 (compatible; MSIE 10.0; Windows NT 6.1; WOW64; Trident/6.0)"
219.80.34.202 - - [09/May/2013:11:18:03 +0200] "GET /images/kwk.gif HTTP/1.1" 200 6403 "http://www.mink-gmbh.de/" "Mozilla/5.0 (compatible; MSIE 10.0; Windows NT 6.1; WOW64; Trident/6.0)"
219.80.34.202 - - [09/May/2013:11:18:03 +0200] "GET /images/wunschpreis.jpg HTTP/1.1" 200 16767 "http://www.mink-gmbh.de/" "Mozilla/5.0 (compatible; MSIE 10.0; Windows NT 6.1; WOW64; Trident/6.0)"
219.80.34.202 - - [09/May/2013:11:18:02 +0200] "GET /images/tkw.jpg HTTP/1.1" 200 64031 "http://www.mink-gmbh.de/" "Mozilla/5.0 (compatible; MSIE 10.0; Windows NT 6.1; WOW64; Trident/6.0)"
219.80.34.202 - - [09/May/2013:11:18:01 +0200] "GET /modul.css HTTP/1.1" 200 35038 "http://www.mink-gmbh.de/" "Mozilla/5.0 (compatible; MSIE 10.0; Windows NT 6.1; WOW64; Trident/6.0)"
219.80.34.202 - - [09/May/2013:11:18:03 +0200] "GET /images/logos.jpg HTTP/1.1" 200 15002 "http://www.mink-gmbh.de/" "Mozilla/5.0 (compatible; MSIE 10.0; Windows NT 6.1; WOW64; Trident/6.0)"
219.80.34.202 - - [09/May/2013:11:18:02 +0200] "GET /images/freecall.jpg HTTP/1.1" 200 39195 "http://www.mink-gmbh.de/" "Mozilla/5.0 (compatible; MSIE 10.0; Windows NT 6.1; WOW64; Trident/6.0)"
208.115.113.91 - - [09/May/2013:11:45:54 +0200] "GET /kwk.php HTTP/1.1" 200 10884 "-" "Mozilla/5.0 (compatible; Ezooms/1.0; ezooms.bot@gmail.com)"
141.8.147.12 - - [09/May/2013:11:46:45 +0200] "GET /news.php?cs_go=archiv&cs_id=3993&cs_search= HTTP/1.1" 200 13192 "-" "Mozilla/5.0 (compatible; YandexBot/3.0; +http://yandex.com/bots)"
77.188.14.73 - - [09/May/2013:11:52:30 +0200] "GET /style.css HTTP/1.1" 200 8418 "http://www.mink-gmbh.de/" "Mozilla/5.0 (Windows NT 6.1; rv:20.0) Gecko/20100101 Firefox/20.0"
77.188.14.73 - - [09/May/2013:11:52:30 +0200] "GET /modul.css HTTP/1.1" 200 35038 "http://www.mink-gmbh.de/" "Mozilla/5.0 (Windows NT 6.1; rv:20.0) Gecko/20100101 Firefox/20.0"
77.188.14.73 - - [09/May/2013:11:52:30 +0200] "GET /favicon.ico HTTP/1.1" 200 3638 "-" "Mozilla/5.0 (Windows NT 6.1; rv:20.0) Gecko/20100101 Firefox/20.0"
77.188.14.73 - - [09/May/2013:11:52:30 +0200] "GET /js_contentserver24_greybox/gb_styles.css HTTP/1.1" 200 2302 "http://www.mink-gmbh.de/" "Mozilla/5.0 (Windows NT 6.1; rv:20.0) Gecko/20100101 Firefox/20.0"
77.188.14.73 - - [09/May/2013:11:52:30 +0200] "GET /js_contentserver24_greybox/AJS.js HTTP/1.1" 200 10396 "http://www.mink-gmbh.de/" "Mozilla/5.0 (Windows NT 6.1; rv:20.0) Gecko/20100101 Firefox/20.0"
77.188.14.73 - - [09/May/2013:11:52:30 +0200] "GET /js_contentserver24_greybox/AJS_fx.js HTTP/1.1" 200 3192 "http://www.mink-gmbh.de/" "Mozilla/5.0 (Windows NT 6.1; rv:20.0) Gecko/20100101 Firefox/20.0"
77.188.14.73 - - [09/May/2013:11:52:30 +0200] "GET /js_contentserver24_greybox/gb_scripts.js HTTP/1.1" 200 11913 "http://www.mink-gmbh.de/" "Mozilla/5.0 (Windows NT 6.1; rv:20.0) Gecko/20100101 Firefox/20.0"
77.188.14.73 - - [09/May/2013:11:52:30 +0200] "GET /images/bg.jpg HTTP/1.1" 200 345 "http://www.mink-gmbh.de/style.css" "Mozilla/5.0 (Windows NT 6.1; rv:20.0) Gecko/20100101 Firefox/20.0"
77.188.14.73 - - [09/May/2013:11:52:29 +0200] "GET / HTTP/1.1" 200 12131 "http://www.google.de/url?sa=t&rct=j&q=&esrc=s&source=web&cd=1&sqi=2&ved=0CC4QFjAA&url=http%3A%2F%2Fwww.mink-gmbh.de%2F&ei=sXGLUbyuKKOu4QTNr4CgBQ&usg=AFQjCNFHX4Iglls9oo-KYXTmDUV_5KOVIg" "Mozilla/5.0 (Windows NT 6.1; rv:20.0) Gecko/20100101 Firefox/20.0"
77.188.14.73 - - [09/May/2013:11:52:30 +0200] "GET /js_contentserver24_greybox/w_close.gif HTTP/1.1" 200 74 "http://www.mink-gmbh.de/" "Mozilla/5.0 (Windows NT 6.1; rv:20.0) Gecko/20100101 Firefox/20.0"
77.188.14.73 - - [09/May/2013:11:52:30 +0200] "GET /images/newsletter_bg.jpg HTTP/1.1" 200 33610 "http://www.mink-gmbh.de/" "Mozilla/5.0 (Windows NT 6.1; rv:20.0) Gecko/20100101 Firefox/20.0"
77.188.14.73 - - [09/May/2013:11:52:30 +0200] "GET /images/close.png HTTP/1.1" 200 703 "http://www.mink-gmbh.de/" "Mozilla/5.0 (Windows NT 6.1; rv:20.0) Gecko/20100101 Firefox/20.0"
77.188.14.73 - - [09/May/2013:11:52:30 +0200] "GET /images/newsletter.png HTTP/1.1" 200 14619 "http://www.mink-gmbh.de/style.css" "Mozilla/5.0 (Windows NT 6.1; rv:20.0) Gecko/20100101 Firefox/20.0"
77.188.14.73 - - [09/May/2013:11:52:30 +0200] "GET /images/wrapperbg.jpg HTTP/1.1" 200 27465 "http://www.mink-gmbh.de/style.css" "Mozilla/5.0 (Windows NT 6.1; rv:20.0) Gecko/20100101 Firefox/20.0"
77.188.14.73 - - [09/May/2013:11:52:30 +0200] "GET /images/header.jpg HTTP/1.1" 200 24413 "http://www.mink-gmbh.de/style.css" "Mozilla/5.0 (Windows NT 6.1; rv:20.0) Gecko/20100101 Firefox/20.0"
77.188.14.73 - - [09/May/2013:11:52:30 +0200] "GET /images/navibg.png HTTP/1.1" 200 2803 "http://www.mink-gmbh.de/style.css" "Mozilla/5.0 (Windows NT 6.1; rv:20.0) Gecko/20100101 Firefox/20.0"
77.188.14.73 - - [09/May/2013:11:52:30 +0200] "GET /images/fallend.png HTTP/1.1" 200 713 "http://www.mink-gmbh.de/modul.css" "Mozilla/5.0 (Windows NT 6.1; rv:20.0) Gecko/20100101 Firefox/20.0"
77.188.14.73 - - [09/May/2013:11:52:30 +0200] "GET /images/steigend.png HTTP/1.1" 200 688 "http://www.mink-gmbh.de/modul.css" "Mozilla/5.0 (Windows NT 6.1; rv:20.0) Gecko/20100101 Firefox/20.0"
77.188.14.73 - - [09/May/2013:11:52:30 +0200] "GET /images/freecall.jpg HTTP/1.1" 200 39195 "http://www.mink-gmbh.de/" "Mozilla/5.0 (Windows NT 6.1; rv:20.0) Gecko/20100101 Firefox/20.0"
77.188.14.73 - - [09/May/2013:11:52:30 +0200] "GET /images/mail.jpg HTTP/1.1" 200 11165 "http://www.mink-gmbh.de/" "Mozilla/5.0 (Windows NT 6.1; rv:20.0) Gecko/20100101 Firefox/20.0"
77.188.14.73 - - [09/May/2013:11:52:30 +0200] "GET /images/kwk.gif HTTP/1.1" 200 6403 "http://www.mink-gmbh.de/" "Mozilla/5.0 (Windows NT 6.1; rv:20.0) Gecko/20100101 Firefox/20.0"
77.188.14.73 - - [09/May/2013:11:52:30 +0200] "GET /images/tkw.jpg HTTP/1.1" 200 64031 "http://www.mink-gmbh.de/" "Mozilla/5.0 (Windows NT 6.1; rv:20.0) Gecko/20100101 Firefox/20.0"
77.188.14.73 - - [09/May/2013:11:52:30 +0200] "GET /images/wunschpreis.jpg HTTP/1.1" 200 16767 "http://www.mink-gmbh.de/" "Mozilla/5.0 (Windows NT 6.1; rv:20.0) Gecko/20100101 Firefox/20.0"
77.188.14.73 - - [09/May/2013:11:52:30 +0200] "GET /images/logos.jpg HTTP/1.1" 200 15002 "http://www.mink-gmbh.de/" "Mozilla/5.0 (Windows NT 6.1; rv:20.0) Gecko/20100101 Firefox/20.0"
77.188.14.73 - - [09/May/2013:11:52:30 +0200] "GET /images/mobil.jpg HTTP/1.1" 200 25293 "http://www.mink-gmbh.de/style.css" "Mozilla/5.0 (Windows NT 6.1; rv:20.0) Gecko/20100101 Firefox/20.0"
77.188.14.73 - - [09/May/2013:11:52:30 +0200] "GET /images/newsletter.jpg HTTP/1.1" 200 13130 "http://www.mink-gmbh.de/style.css" "Mozilla/5.0 (Windows NT 6.1; rv:20.0) Gecko/20100101 Firefox/20.0"
77.188.14.73 - - [09/May/2013:11:52:30 +0200] "GET /images/footerbg.jpg HTTP/1.1" 200 2184 "http://www.mink-gmbh.de/style.css" "Mozilla/5.0 (Windows NT 6.1; rv:20.0) Gecko/20100101 Firefox/20.0"
77.188.14.73 - - [09/May/2013:11:52:30 +0200] "GET /js_contentserver24_greybox/loader_frame.html?s=0 HTTP/1.1" 200 2084 "http://www.mink-gmbh.de/" "Mozilla/5.0 (Windows NT 6.1; rv:20.0) Gecko/20100101 Firefox/20.0"
77.188.14.73 - - [09/May/2013:11:52:30 +0200] "GET /js_contentserver24_greybox/header_bg.gif HTTP/1.1" 200 1188 "http://www.mink-gmbh.de/" "Mozilla/5.0 (Windows NT 6.1; rv:20.0) Gecko/20100101 Firefox/20.0"
77.188.14.73 - - [09/May/2013:11:52:30 +0200] "GET /js_contentserver24_greybox/indicator.gif HTTP/1.1" 200 8238 "http://www.mink-gmbh.de/js_contentserver24_greybox/loader_frame.html?s=0" "Mozilla/5.0 (Windows NT 6.1; rv:20.0) Gecko/20100101 Firefox/20.0"
77.188.14.73 - - [09/May/2013:11:52:31 +0200] "GET /js_contentserver24_greybox/g_close.gif HTTP/1.1" 200 541 "http://www.mink-gmbh.de/" "Mozilla/5.0 (Windows NT 6.1; rv:20.0) Gecko/20100101 Firefox/20.0"
77.188.14.73 - - [09/May/2013:11:53:53 +0200] "GET /wunschpreis.php HTTP/1.1" 200 11997 "http://www.mink-gmbh.de/" "Mozilla/5.0 (Windows NT 6.1; rv:20.0) Gecko/20100101 Firefox/20.0"
77.188.14.73 - - [09/May/2013:11:54:09 +0200] "GET / HTTP/1.1" 200 11390 "http://www.google.de/url?sa=t&rct=j&q=&esrc=s&source=web&cd=1&sqi=2&ved=0CC4QFjAA&url=http%3A%2F%2Fwww.mink-gmbh.de%2F&ei=sXGLUbyuKKOu4QTNr4CgBQ&usg=AFQjCNFHX4Iglls9oo-KYXTmDUV_5KOVIg" "Mozilla/5.0 (Windows NT 6.1; rv:20.0) Gecko/20100101 Firefox/20.0"
46.161.41.24 - - [09/May/2013:11:54:28 +0200] "GET /kwk.php?cs_go=2 HTTP/1.1" 200 11855 "-" "Mozilla/4.0 (compatible; MSIE 6.0; MSIE 5.5; Windows 95) Opera 7.03 [de]"
66.249.78.46 - - [09/May/2013:11:54:39 +0200] "GET /lexikon.php?cs_go=2&cs_char=h HTTP/1.1" 200 8800 "-" "Mozilla/5.0 (iPhone; U; CPU iPhone OS 4_1 like Mac OS X; en-us) AppleWebKit/532.9 (KHTML, like Gecko) Version/4.0.5 Mobile/8B117 Safari/6531.22.7 (compatible; Googlebot-Mobile/2.1; +http://www.google.com/bot.html)"
117.30.39.192 - - [09/May/2013:12:14:38 +0200] "GET /faq.php HTTP/1.0" 200 184037 "http://www.mink-gmbh.de/faq.php" "Opera/9.80 (Windows NT 6.1; U; ru) Presto/2.10.289 Version/12.02"
66.249.78.46 - - [09/May/2013:12:21:23 +0200] "GET /news.php?cs_go=archiv&cs_id=3052&cs_search= HTTP/1.1" 200 9885 "-" "Mozilla/5.0 (compatible; Googlebot/2.1; +http://www.google.com/bot.html)"
141.8.147.12 - - [09/May/2013:12:40:37 +0200] "GET /news.php?cs_go=archiv&cs_id=3994&cs_search= HTTP/1.1" 200 10164 "-" "Mozilla/5.0 (compatible; YandexBot/3.0; +http://yandex.com/bots)"
141.8.147.12 - - [09/May/2013:13:06:55 +0200] "GET /news.php?cs_go=archiv&cs_id=3995&cs_search= HTTP/1.1" 200 10483 "-" "Mozilla/5.0 (compatible; YandexBot/3.0; +http://yandex.com/bots)"
66.249.78.46 - - [09/May/2013:13:14:20 +0200] "GET /news.php?cs_go=archiv&cs_id=3628 HTTP/1.1" 200 10074 "-" "Mozilla/5.0 (compatible; Googlebot/2.1; +http://www.google.com/bot.html)"
66.249.78.46 - - [09/May/2013:13:21:04 +0200] "GET /news.php?cs_go=archiv&cs_id=3618 HTTP/1.1" 200 12397 "-" "Mozilla/5.0 (compatible; Googlebot/2.1; +http://www.google.com/bot.html)"
173.199.114.163 - - [09/May/2013:13:21:08 +0200] "GET /news.php?cs_go=archiv&cs_id=2734&cs_search= HTTP/1.1" 200 13820 "-" "Mozilla/5.0 (compatible; AhrefsBot/4.0; +http://ahrefs.com/robot/)"
141.8.147.12 - - [09/May/2013:13:25:59 +0200] "GET /news.php?cs_go=archiv&cs_id=3990&cs_search= HTTP/1.1" 200 13317 "-" "Mozilla/5.0 (compatible; YandexBot/3.0; +http://yandex.com/bots)"
173.199.114.163 - - [09/May/2013:13:26:54 +0200] "GET /news.php?cs_go=archiv&cs_id=3647&cs_search= HTTP/1.1" 200 13435 "-" "Mozilla/5.0 (compatible; AhrefsBot/4.0; +http://ahrefs.com/robot/)"
141.8.147.12 - - [09/May/2013:13:29:13 +0200] "GET /news.php?cs_go=archiv&cs_id=2909&cs_search= HTTP/1.1" 200 14369 "-" "Mozilla/5.0 (compatible; YandexBot/3.0; +http://yandex.com/bots)"
208.115.113.91 - - [09/May/2013:13:33:56 +0200] "GET /robots.txt HTTP/1.1" 200 177 "-" "Mozilla/5.0 (compatible; Ezooms/1.0; ezooms.bot@gmail.com)"
157.55.32.188 - - [09/May/2013:13:53:09 +0200] "GET /robots.txt HTTP/1.1" 200 177 "-" "Mozilla/5.0 (compatible; bingbot/2.0; +http://www.bing.com/bingbot.htm)"
173.199.114.163 - - [09/May/2013:13:53:14 +0200] "GET /news.php?cs_go=archiv&cs_startpos=30 HTTP/1.1" 200 22202 "-" "Mozilla/5.0 (compatible; AhrefsBot/4.0; +http://ahrefs.com/robot/)"
66.249.75.49 - - [09/May/2013:13:57:17 +0200] "GET /news.php?cs_go=archiv&cs_id=4112&cs_search= HTTP/1.1" 200 11870 "-" "DoCoMo/2.0 N905i(c100;TB;W24H16) (compatible; Googlebot-Mobile/2.1; +http://www.google.com/bot.html)"
157.55.32.188 - - [09/May/2013:13:57:44 +0200] "GET / HTTP/1.1" 200 12134 "-" "Mozilla/5.0 (compatible; bingbot/2.0; +http://www.bing.com/bingbot.htm)"
38.101.148.120 - - [09/May/2013:14:01:18 +0200] "GET /impressum.php HTTP/1.1" 200 8582 "-" "Mozilla/5.0 (compatible; discoverybot/2.0; +http://discoveryengine.com/discoverybot.html)"
