66.249.78.46 - - [11/May/2013:09:32:53 +0200] "GET /lexikon.php?cs_go=3&cs_id=201 HTTP/1.1" 200 8794 "-" "Mozilla/5.0 (compatible; Googlebot/2.1; +http://www.google.com/bot.html)"
208.115.111.75 - - [11/May/2013:09:34:54 +0200] "GET /news.php?cs_go=archiv&cs_id=4029 HTTP/1.1" 200 10139 "-" "Mozilla/5.0 (compatible; Ezooms/1.0; ezooms.bot@gmail.com)"
208.115.113.91 - - [11/May/2013:09:35:45 +0200] "GET /robots.txt HTTP/1.1" 200 177 "-" "Mozilla/5.0 (compatible; Ezooms/1.0; ezooms.bot@gmail.com)"
5.135.164.12 - - [11/May/2013:09:58:24 +0200] "GET /index.php HTTP/1.0" 200 12147 "http://www.mink-gmbh.de/index.php" "Mozilla/5.0 (Windows NT 6.1; WOW64; rv:14.0) Gecko/20100101 Firefox/14.0.1"
83.133.125.202 - - [11/May/2013:10:14:33 +0200] "GET / HTTP/1.1" 200 5524 "http://www.sumaja.de/?such_wert=g\xfcnstig" "T-Online Browser"
37.58.52.15 - - [11/May/2013:10:25:45 +0200] "GET /robots.txt HTTP/1.0" 200 177 "-" "Mozilla/5.0 (compatible; AcoonBot/4.11.1; +http://www.acoon.de/robot.asp)"
37.58.52.15 - - [11/May/2013:10:25:45 +0200] "GET /news.php?cs_go=archiv&cs_id=4155&cs_search= HTTP/1.0" 200 13109 "-" "Mozilla/5.0 (compatible; AcoonBot/4.11.1; +http://www.acoon.de/robot.asp)"
173.199.115.147 - - [11/May/2013:10:26:31 +0200] "GET /foerdermittel.php HTTP/1.1" 200 12908 "-" "Mozilla/5.0 (compatible; AhrefsBot/4.0; +http://ahrefs.com/robot/)"
141.8.147.12 - - [11/May/2013:10:32:31 +0200] "GET /robots.txt HTTP/1.1" 200 177 "-" "Mozilla/5.0 (compatible; YandexBot/3.0; +http://yandex.com/bots)"
66.249.78.46 - - [11/May/2013:10:36:50 +0200] "GET /lexikon.php?cs_go=3&cs_id=116 HTTP/1.1" 200 9366 "-" "Mozilla/5.0 (compatible; Googlebot/2.1; +http://www.google.com/bot.html)"
173.199.115.147 - - [11/May/2013:10:40:07 +0200] "GET /lexikon.php?cs_go=2&cs_char=q HTTP/1.1" 200 8162 "-" "Mozilla/5.0 (compatible; AhrefsBot/4.0; +http://ahrefs.com/robot/)"
37.58.52.15 - - [11/May/2013:10:50:15 +0200] "GET /news.php?cs_go=archiv&cs_id=4159&cs_search= HTTP/1.0" 200 15642 "-" "Mozilla/5.0 (compatible; AcoonBot/4.11.1; +http://www.acoon.de/robot.asp)"
173.199.115.147 - - [11/May/2013:10:51:59 +0200] "GET /lexikon.php?cs_go=3&cs_id=17 HTTP/1.1" 200 8461 "-" "Mozilla/5.0 (compatible; AhrefsBot/4.0; +http://ahrefs.com/robot/)"
173.199.115.147 - - [11/May/2013:10:52:23 +0200] "GET /news.php?cs_go=archiv&cs_id=2731&cs_search= HTTP/1.1" 200 10152 "-" "Mozilla/5.0 (compatible; AhrefsBot/4.0; +http://ahrefs.com/robot/)"
173.199.115.147 - - [11/May/2013:11:09:47 +0200] "GET /modernisierung.php?cs_gp_go=coupon HTTP/1.1" 200 10192 "-" "Mozilla/5.0 (compatible; AhrefsBot/4.0; +http://ahrefs.com/robot/)"
208.115.111.75 - - [11/May/2013:11:33:28 +0200] "GET /robots.txt HTTP/1.1" 200 177 "-" "Mozilla/5.0 (compatible; Ezooms/1.0; ezooms.bot@gmail.com)"
173.199.115.147 - - [11/May/2013:11:34:57 +0200] "GET /news.php?cs_go=archiv&cs_startpos=100 HTTP/1.1" 200 22704 "-" "Mozilla/5.0 (compatible; AhrefsBot/4.0; +http://ahrefs.com/robot/)"
208.115.113.91 - - [11/May/2013:11:45:37 +0200] "GET /news.php?cs_go=archiv&cs_id=3990&cs_search= HTTP/1.1" 200 13317 "-" "Mozilla/5.0 (compatible; Ezooms/1.0; ezooms.bot@gmail.com)"
141.8.147.12 - - [11/May/2013:11:48:36 +0200] "GET /news.php?cs_go=archiv&cs_id=2894&cs_search= HTTP/1.1" 200 12659 "-" "Mozilla/5.0 (compatible; YandexBot/3.0; +http://yandex.com/bots)"
66.249.78.46 - - [11/May/2013:11:55:13 +0200] "GET /lexikon.php?cs_go=3&cs_id=153 HTTP/1.1" 200 8749 "-" "Mozilla/5.0 (compatible; Googlebot/2.1; +http://www.google.com/bot.html)"
66.249.78.46 - - [11/May/2013:12:04:34 +0200] "GET /lexikon.php?cs_go=3&cs_id=89 HTTP/1.1" 200 8395 "-" "Mozilla/5.0 (compatible; Googlebot/2.1; +http://www.google.com/bot.html)"
37.58.52.15 - - [11/May/2013:12:13:01 +0200] "GET /robots.txt HTTP/1.0" 200 177 "-" "Mozilla/5.0 (compatible; AcoonBot/4.11.1; +http://www.acoon.de/robot.asp)"
37.58.52.15 - - [11/May/2013:12:13:02 +0200] "GET /news.php?cs_go=archiv&cs_id=4149&cs_search= HTTP/1.0" 200 11685 "-" "Mozilla/5.0 (compatible; AcoonBot/4.11.1; +http://www.acoon.de/robot.asp)"
66.249.78.46 - - [11/May/2013:12:18:46 +0200] "GET /lexikon.php?cs_go=3&cs_id=15 HTTP/1.1" 200 8036 "-" "Mozilla/5.0 (compatible; Googlebot/2.1; +http://www.google.com/bot.html)"
78.43.184.208 - - [11/May/2013:12:19:37 +0200] "GET /style.css HTTP/1.1" 200 8418 "http://www.mink-gmbh.de/" "Mozilla/5.0 (Windows NT 6.1; WOW64; rv:20.0) Gecko/20100101 Firefox/20.0"
78.43.184.208 - - [11/May/2013:12:19:37 +0200] "GET /favicon.ico HTTP/1.1" 200 3638 "-" "Mozilla/5.0 (Windows NT 6.1; WOW64; rv:20.0) Gecko/20100101 Firefox/20.0"
78.43.184.208 - - [11/May/2013:12:19:37 +0200] "GET /js_contentserver24_greybox/gb_styles.css HTTP/1.1" 200 2302 "http://www.mink-gmbh.de/" "Mozilla/5.0 (Windows NT 6.1; WOW64; rv:20.0) Gecko/20100101 Firefox/20.0"
78.43.184.208 - - [11/May/2013:12:19:37 +0200] "GET /modul.css HTTP/1.1" 200 35038 "http://www.mink-gmbh.de/" "Mozilla/5.0 (Windows NT 6.1; WOW64; rv:20.0) Gecko/20100101 Firefox/20.0"
78.43.184.208 - - [11/May/2013:12:19:37 +0200] "GET /js_contentserver24_greybox/AJS.js HTTP/1.1" 200 10396 "http://www.mink-gmbh.de/" "Mozilla/5.0 (Windows NT 6.1; WOW64; rv:20.0) Gecko/20100101 Firefox/20.0"
78.43.184.208 - - [11/May/2013:12:19:37 +0200] "GET /js_contentserver24_greybox/gb_scripts.js HTTP/1.1" 200 11913 "http://www.mink-gmbh.de/" "Mozilla/5.0 (Windows NT 6.1; WOW64; rv:20.0) Gecko/20100101 Firefox/20.0"
78.43.184.208 - - [11/May/2013:12:19:37 +0200] "GET /js_contentserver24_greybox/AJS_fx.js HTTP/1.1" 200 3192 "http://www.mink-gmbh.de/" "Mozilla/5.0 (Windows NT 6.1; WOW64; rv:20.0) Gecko/20100101 Firefox/20.0"
78.43.184.208 - - [11/May/2013:12:19:37 +0200] "GET / HTTP/1.1" 200 12147 "http://www.google.de/url?sa=t&rct=j&q=%C3%B6lpreis%20www.mink-brennstoffhandel.de&source=web&cd=2&sqi=2&ved=0CDwQFjAB&url=http%3A%2F%2Fwww.mink-gmbh.de%2F&ei=RxqOUZeoD8rHsgaLwYCoDA&usg=AFQjCNFHX4Iglls9oo-KYXTmDUV_5KOVIg" "Mozilla/5.0 (Windows NT 6.1; WOW64; rv:20.0) Gecko/20100101 Firefox/20.0"
78.43.184.208 - - [11/May/2013:12:19:37 +0200] "GET /images/bg.jpg HTTP/1.1" 200 345 "http://www.mink-gmbh.de/style.css" "Mozilla/5.0 (Windows NT 6.1; WOW64; rv:20.0) Gecko/20100101 Firefox/20.0"
78.43.184.208 - - [11/May/2013:12:19:37 +0200] "GET /js_contentserver24_greybox/w_close.gif HTTP/1.1" 200 74 "http://www.mink-gmbh.de/" "Mozilla/5.0 (Windows NT 6.1; WOW64; rv:20.0) Gecko/20100101 Firefox/20.0"
78.43.184.208 - - [11/May/2013:12:19:37 +0200] "GET /images/newsletter.png HTTP/1.1" 200 14619 "http://www.mink-gmbh.de/style.css" "Mozilla/5.0 (Windows NT 6.1; WOW64; rv:20.0) Gecko/20100101 Firefox/20.0"
78.43.184.208 - - [11/May/2013:12:19:37 +0200] "GET /images/close.png HTTP/1.1" 200 703 "http://www.mink-gmbh.de/" "Mozilla/5.0 (Windows NT 6.1; WOW64; rv:20.0) Gecko/20100101 Firefox/20.0"
78.43.184.208 - - [11/May/2013:12:19:37 +0200] "GET /images/wrapperbg.jpg HTTP/1.1" 200 27465 "http://www.mink-gmbh.de/style.css" "Mozilla/5.0 (Windows NT 6.1; WOW64; rv:20.0) Gecko/20100101 Firefox/20.0"
78.43.184.208 - - [11/May/2013:12:19:37 +0200] "GET /images/navibg.png HTTP/1.1" 200 2803 "http://www.mink-gmbh.de/style.css" "Mozilla/5.0 (Windows NT 6.1; WOW64; rv:20.0) Gecko/20100101 Firefox/20.0"
78.43.184.208 - - [11/May/2013:12:19:37 +0200] "GET /images/header.jpg HTTP/1.1" 200 24413 "http://www.mink-gmbh.de/style.css" "Mozilla/5.0 (Windows NT 6.1; WOW64; rv:20.0) Gecko/20100101 Firefox/20.0"
78.43.184.208 - - [11/May/2013:12:19:37 +0200] "GET /images/newsletter_bg.jpg HTTP/1.1" 200 33610 "http://www.mink-gmbh.de/" "Mozilla/5.0 (Windows NT 6.1; WOW64; rv:20.0) Gecko/20100101 Firefox/20.0"
78.43.184.208 - - [11/May/2013:12:19:38 +0200] "GET /images/steigend.png HTTP/1.1" 200 688 "http://www.mink-gmbh.de/modul.css" "Mozilla/5.0 (Windows NT 6.1; WOW64; rv:20.0) Gecko/20100101 Firefox/20.0"
78.43.184.208 - - [11/May/2013:12:19:38 +0200] "GET /images/fallend.png HTTP/1.1" 200 713 "http://www.mink-gmbh.de/modul.css" "Mozilla/5.0 (Windows NT 6.1; WOW64; rv:20.0) Gecko/20100101 Firefox/20.0"
78.43.184.208 - - [11/May/2013:12:19:38 +0200] "GET /images/kwk.gif HTTP/1.1" 200 6403 "http://www.mink-gmbh.de/" "Mozilla/5.0 (Windows NT 6.1; WOW64; rv:20.0) Gecko/20100101 Firefox/20.0"
78.43.184.208 - - [11/May/2013:12:19:38 +0200] "GET /images/mail.jpg HTTP/1.1" 200 11165 "http://www.mink-gmbh.de/" "Mozilla/5.0 (Windows NT 6.1; WOW64; rv:20.0) Gecko/20100101 Firefox/20.0"
78.43.184.208 - - [11/May/2013:12:19:38 +0200] "GET /images/logos.jpg HTTP/1.1" 200 15002 "http://www.mink-gmbh.de/" "Mozilla/5.0 (Windows NT 6.1; WOW64; rv:20.0) Gecko/20100101 Firefox/20.0"
78.43.184.208 - - [11/May/2013:12:19:38 +0200] "GET /images/tkw.jpg HTTP/1.1" 200 64031 "http://www.mink-gmbh.de/" "Mozilla/5.0 (Windows NT 6.1; WOW64; rv:20.0) Gecko/20100101 Firefox/20.0"
78.43.184.208 - - [11/May/2013:12:19:38 +0200] "GET /images/wunschpreis.jpg HTTP/1.1" 200 16767 "http://www.mink-gmbh.de/" "Mozilla/5.0 (Windows NT 6.1; WOW64; rv:20.0) Gecko/20100101 Firefox/20.0"
78.43.184.208 - - [11/May/2013:12:19:38 +0200] "GET /images/freecall.jpg HTTP/1.1" 200 39195 "http://www.mink-gmbh.de/" "Mozilla/5.0 (Windows NT 6.1; WOW64; rv:20.0) Gecko/20100101 Firefox/20.0"
78.43.184.208 - - [11/May/2013:12:19:38 +0200] "GET /images/mobil.jpg HTTP/1.1" 200 25293 "http://www.mink-gmbh.de/style.css" "Mozilla/5.0 (Windows NT 6.1; WOW64; rv:20.0) Gecko/20100101 Firefox/20.0"
78.43.184.208 - - [11/May/2013:12:19:38 +0200] "GET /images/newsletter.jpg HTTP/1.1" 200 13130 "http://www.mink-gmbh.de/style.css" "Mozilla/5.0 (Windows NT 6.1; WOW64; rv:20.0) Gecko/20100101 Firefox/20.0"
78.43.184.208 - - [11/May/2013:12:19:38 +0200] "GET /images/footerbg.jpg HTTP/1.1" 200 2184 "http://www.mink-gmbh.de/style.css" "Mozilla/5.0 (Windows NT 6.1; WOW64; rv:20.0) Gecko/20100101 Firefox/20.0"
78.43.184.208 - - [11/May/2013:12:19:38 +0200] "GET /js_contentserver24_greybox/header_bg.gif HTTP/1.1" 200 1188 "http://www.mink-gmbh.de/" "Mozilla/5.0 (Windows NT 6.1; WOW64; rv:20.0) Gecko/20100101 Firefox/20.0"
78.43.184.208 - - [11/May/2013:12:19:38 +0200] "GET /js_contentserver24_greybox/loader_frame.html?s=0 HTTP/1.1" 200 2084 "http://www.mink-gmbh.de/" "Mozilla/5.0 (Windows NT 6.1; WOW64; rv:20.0) Gecko/20100101 Firefox/20.0"
78.43.184.208 - - [11/May/2013:12:19:38 +0200] "GET /js_contentserver24_greybox/indicator.gif HTTP/1.1" 200 8238 "http://www.mink-gmbh.de/js_contentserver24_greybox/loader_frame.html?s=0" "Mozilla/5.0 (Windows NT 6.1; WOW64; rv:20.0) Gecko/20100101 Firefox/20.0"
78.43.184.208 - - [11/May/2013:12:19:38 +0200] "GET /js_contentserver24_greybox/g_close.gif HTTP/1.1" 200 541 "http://www.mink-gmbh.de/" "Mozilla/5.0 (Windows NT 6.1; WOW64; rv:20.0) Gecko/20100101 Firefox/20.0"
78.43.184.208 - - [11/May/2013:12:20:20 +0200] "GET /standard.php HTTP/1.1" 200 9131 "http://www.mink-gmbh.de/" "Mozilla/5.0 (Windows NT 6.1; WOW64; rv:20.0) Gecko/20100101 Firefox/20.0"
78.43.184.208 - - [11/May/2013:12:20:28 +0200] "GET /preisanfrage.php HTTP/1.1" 200 10648 "http://www.mink-gmbh.de/standard.php" "Mozilla/5.0 (Windows NT 6.1; WOW64; rv:20.0) Gecko/20100101 Firefox/20.0"
78.43.184.208 - - [11/May/2013:12:20:50 +0200] "GET /standard.php HTTP/1.1" 200 9131 "http://www.mink-gmbh.de/" "Mozilla/5.0 (Windows NT 6.1; WOW64; rv:20.0) Gecko/20100101 Firefox/20.0"
78.43.184.208 - - [11/May/2013:12:20:51 +0200] "GET / HTTP/1.1" 200 11406 "http://www.google.de/url?sa=t&rct=j&q=%C3%B6lpreis%20www.mink-brennstoffhandel.de&source=web&cd=2&sqi=2&ved=0CDwQFjAB&url=http%3A%2F%2Fwww.mink-gmbh.de%2F&ei=RxqOUZeoD8rHsgaLwYCoDA&usg=AFQjCNFHX4Iglls9oo-KYXTmDUV_5KOVIg" "Mozilla/5.0 (Windows NT 6.1; WOW64; rv:20.0) Gecko/20100101 Firefox/20.0"
78.43.184.208 - - [11/May/2013:12:21:35 +0200] "GET /news.php?cs_go=archiv&cs_id=4158 HTTP/1.1" 200 16109 "http://www.google.de/url?sa=t&rct=j&q=%C3%B6lpreis%20www.mink-brennstoffhandel.de&source=web&cd=3&sqi=2&ved=0CEEQFjAC&url=http%3A%2F%2Fwww.mink-gmbh.de%2Fnews.php%3Fcs_go%3Darchiv%26cs_id%3D4158&ei=RxqOUZeoD8rHsgaLwYCoDA&usg=AFQjCNF26yfcLBym-WZ5z4DnegVML3vlZw" "Mozilla/5.0 (Windows NT 6.1; WOW64; rv:20.0) Gecko/20100101 Firefox/20.0"
66.249.78.46 - - [11/May/2013:12:28:13 +0200] "GET /lexikon.php?cs_go=3&cs_id=145 HTTP/1.1" 200 8910 "-" "Mozilla/5.0 (compatible; Googlebot/2.1; +http://www.google.com/bot.html)"
66.249.78.46 - - [11/May/2013:12:32:56 +0200] "GET /news.php?cs_go=archiv&cs_id=3958 HTTP/1.1" 200 10279 "-" "Mozilla/5.0 (compatible; Googlebot/2.1; +http://www.google.com/bot.html)"
141.8.147.12 - - [11/May/2013:12:33:53 +0200] "GET /lexikon.php?cs_go=3&cs_id=27 HTTP/1.1" 200 8477 "-" "Mozilla/5.0 (compatible; YandexBot/3.0; +http://yandex.com/bots)"
173.208.165.90 - - [11/May/2013:12:34:12 +0200] "GET /robots.txt HTTP/1.0" 200 177 "-" "Mozilla/5.0 (compatible; MJ12bot/v1.4.3; http://www.majestic12.co.uk/bot.php?+)"
173.208.165.90 - - [11/May/2013:12:34:14 +0200] "GET / HTTP/1.0" 200 12147 "-" "Mozilla/5.0 (compatible; MJ12bot/v1.4.3; http://www.majestic12.co.uk/bot.php?+)"
37.58.52.15 - - [11/May/2013:12:36:23 +0200] "GET /news.php?cs_go=archiv&cs_id=4145&cs_search= HTTP/1.0" 200 9963 "-" "Mozilla/5.0 (compatible; AcoonBot/4.11.1; +http://www.acoon.de/robot.asp)"
66.249.78.46 - - [11/May/2013:12:36:28 +0200] "GET /news.php?cs_go=archiv&cs_startpos=660 HTTP/1.1" 200 8125 "-" "Mozilla/5.0 (iPhone; U; CPU iPhone OS 4_1 like Mac OS X; en-us) AppleWebKit/532.9 (KHTML, like Gecko) Version/4.0.5 Mobile/8B117 Safari/6531.22.7 (compatible; Googlebot-Mobile/2.1; +http://www.google.com/bot.html)"
66.249.78.46 - - [11/May/2013:12:51:55 +0200] "GET /news.php?cs_go=archiv&cs_id=3261&cs_search= HTTP/1.1" 200 9895 "-" "Mozilla/5.0 (compatible; Googlebot/2.1; +http://www.google.com/bot.html)"
173.199.115.147 - - [11/May/2013:12:56:30 +0200] "GET /news.php?cs_go=archiv&cs_id=3738&cs_search= HTTP/1.1" 200 11564 "-" "Mozilla/5.0 (compatible; AhrefsBot/4.0; +http://ahrefs.com/robot/)"
65.36.241.79 - - [11/May/2013:12:56:33 +0200] "HEAD / HTTP/1.1" 200 - "-" "InternetSeer.com"
66.249.78.46 - - [11/May/2013:12:56:38 +0200] "GET /news.php?cs_go=archiv&cs_id=3393&cs_search= HTTP/1.1" 200 9920 "-" "Mozilla/5.0 (compatible; Googlebot/2.1; +http://www.google.com/bot.html)"
173.199.115.147 - - [11/May/2013:12:58:26 +0200] "GET /news.php?cs_go=archiv&cs_id=3834&cs_search= HTTP/1.1" 200 12750 "-" "Mozilla/5.0 (compatible; AhrefsBot/4.0; +http://ahrefs.com/robot/)"
66.249.78.46 - - [11/May/2013:13:01:28 +0200] "GET /news.php?cs_go=archiv&cs_id=3260&cs_search= HTTP/1.1" 200 13491 "-" "Mozilla/5.0 (compatible; Googlebot/2.1; +http://www.google.com/bot.html)"
173.199.115.147 - - [11/May/2013:13:04:50 +0200] "GET /news.php?cs_go=archiv&cs_startpos=681 HTTP/1.1" 200 8125 "-" "Mozilla/5.0 (compatible; AhrefsBot/4.0; +http://ahrefs.com/robot/)"
66.249.78.46 - - [11/May/2013:13:06:11 +0200] "GET /news.php?cs_go=archiv&cs_id=3710 HTTP/1.1" 200 14291 "-" "Mozilla/5.0 (compatible; Googlebot/2.1; +http://www.google.com/bot.html)"
66.249.78.46 - - [11/May/2013:13:19:41 +0200] "GET /lexikon.php?cs_go=2&cs_char=v HTTP/1.1" 200 9117 "-" "Mozilla/5.0 (compatible; Googlebot/2.1; +http://www.google.com/bot.html)"
173.199.115.147 - - [11/May/2013:13:36:01 +0200] "GET /lexikon.php?cs_go=3&cs_id=202 HTTP/1.1" 200 8519 "-" "Mozilla/5.0 (compatible; AhrefsBot/4.0; +http://ahrefs.com/robot/)"
208.115.111.75 - - [11/May/2013:13:37:29 +0200] "GET /lexikon.php?cs_go=2&cs_char=d HTTP/1.1" 200 9421 "-" "Mozilla/5.0 (compatible; Ezooms/1.0; ezooms.bot@gmail.com)"
173.199.115.147 - - [11/May/2013:13:41:50 +0200] "GET /lexikon.php?cs_go=2&cs_char=e HTTP/1.1" 200 9079 "-" "Mozilla/5.0 (compatible; AhrefsBot/4.0; +http://ahrefs.com/robot/)"
141.8.147.12 - - [11/May/2013:13:45:38 +0200] "GET /news.php?cs_go=archiv&cs_id=3837&cs_search= HTTP/1.1" 200 11926 "-" "Mozilla/5.0 (compatible; YandexBot/3.0; +http://yandex.com/bots)"
37.58.52.15 - - [11/May/2013:14:00:22 +0200] "GET /faq.php HTTP/1.0" 200 184037 "-" "Mozilla/5.0 (compatible; AcoonBot/4.11.1; +http://www.acoon.de/robot.asp)"
66.249.75.49 - - [11/May/2013:14:07:55 +0200] "GET /news.php HTTP/1.1" 200 22219 "-" "DoCoMo/2.0 N905i(c100;TB;W24H16) (compatible; Googlebot-Mobile/2.1; +http://www.google.com/bot.html)"
173.199.115.147 - - [11/May/2013:14:12:56 +0200] "GET /news.php?cs_go=archiv&cs_id=3624&cs_search= HTTP/1.1" 200 10134 "-" "Mozilla/5.0 (compatible; AhrefsBot/4.0; +http://ahrefs.com/robot/)"
173.199.115.147 - - [11/May/2013:14:19:02 +0200] "GET /news.php?cs_go=archiv&cs_id=3744&cs_search= HTTP/1.1" 200 12253 "-" "Mozilla/5.0 (compatible; AhrefsBot/4.0; +http://ahrefs.com/robot/)"
141.8.147.12 - - [11/May/2013:14:25:11 +0200] "GET /news.php?cs_go=archiv&cs_id=2715&cs_search= HTTP/1.1" 200 15910 "-" "Mozilla/5.0 (compatible; YandexBot/3.0; +http://yandex.com/bots)"
66.249.78.46 - - [11/May/2013:14:39:26 +0200] "GET /news.php?cs_go=archiv&cs_id=3735&cs_search= HTTP/1.1" 200 12209 "-" "Mozilla/5.0 (compatible; Googlebot/2.1; +http://www.google.com/bot.html)"
37.58.52.15 - - [11/May/2013:14:40:07 +0200] "GET /news.php?cs_go=archiv&cs_id=4142&cs_search= HTTP/1.0" 200 12487 "-" "Mozilla/5.0 (compatible; AcoonBot/4.11.1; +http://www.acoon.de/robot.asp)"
173.199.115.147 - - [11/May/2013:14:44:59 +0200] "GET /news.php?cs_go=archiv&cs_id=2763&cs_search= HTTP/1.1" 200 13079 "-" "Mozilla/5.0 (compatible; AhrefsBot/4.0; +http://ahrefs.com/robot/)"
141.8.147.12 - - [11/May/2013:15:08:10 +0200] "GET /lexikon.php?cs_go=3&cs_id=98 HTTP/1.1" 200 8415 "-" "Mozilla/5.0 (compatible; YandexBot/3.0; +http://yandex.com/bots)"
173.199.115.147 - - [11/May/2013:15:12:34 +0200] "GET /news.php?cs_go=archiv&cs_id=3740&cs_search= HTTP/1.1" 200 12081 "-" "Mozilla/5.0 (compatible; AhrefsBot/4.0; +http://ahrefs.com/robot/)"
66.249.78.46 - - [11/May/2013:15:17:05 +0200] "GET /lexikon.php?cs_go=2&cs_char=l HTTP/1.1" 200 8773 "-" "Mozilla/5.0 (iPhone; U; CPU iPhone OS 4_1 like Mac OS X; en-us) AppleWebKit/532.9 (KHTML, like Gecko) Version/4.0.5 Mobile/8B117 Safari/6531.22.7 (compatible; Googlebot-Mobile/2.1; +http://www.google.com/bot.html)"
173.199.115.147 - - [11/May/2013:15:22:21 +0200] "GET /news.php?cs_go=archiv&cs_id=2769&cs_search= HTTP/1.1" 200 10351 "-" "Mozilla/5.0 (compatible; AhrefsBot/4.0; +http://ahrefs.com/robot/)"
37.58.52.15 - - [11/May/2013:15:27:09 +0200] "GET /news.php?cs_go=archiv&cs_id=4107&cs_search= HTTP/1.0" 200 10423 "-" "Mozilla/5.0 (compatible; AcoonBot/4.11.1; +http://www.acoon.de/robot.asp)"
141.8.147.12 - - [11/May/2013:15:28:35 +0200] "GET /news.php?cs_go=archiv&cs_id=3876&cs_search= HTTP/1.1" 200 13666 "-" "Mozilla/5.0 (compatible; YandexBot/3.0; +http://yandex.com/bots)"
141.8.147.12 - - [11/May/2013:15:36:30 +0200] "GET /news.php?cs_go=archiv&cs_id=3878&cs_search= HTTP/1.1" 200 9896 "-" "Mozilla/5.0 (compatible; YandexBot/3.0; +http://yandex.com/bots)"
173.199.115.147 - - [11/May/2013:15:41:41 +0200] "GET /news.php?cs_go=archiv&cs_id=3533&cs_search= HTTP/1.1" 200 11792 "-" "Mozilla/5.0 (compatible; AhrefsBot/4.0; +http://ahrefs.com/robot/)"
141.8.147.12 - - [11/May/2013:15:44:23 +0200] "GET /lexikon.php?cs_go=3&cs_id=82 HTTP/1.1" 200 8389 "-" "Mozilla/5.0 (compatible; YandexBot/3.0; +http://yandex.com/bots)"
66.249.78.46 - - [11/May/2013:15:45:07 +0200] "GET /news.php?cs_go=archiv&cs_id=3979 HTTP/1.1" 200 13556 "-" "Mozilla/5.0 (compatible; Googlebot/2.1; +http://www.google.com/bot.html)"
173.199.115.147 - - [11/May/2013:15:49:37 +0200] "GET /news.php?cs_go=archiv&cs_id=3837&cs_search= HTTP/1.1" 200 11926 "-" "Mozilla/5.0 (compatible; AhrefsBot/4.0; +http://ahrefs.com/robot/)"
188.143.232.31 - - [11/May/2013:15:51:28 +0200] "GET /agb.php HTTP/1.1" 200 19709 "-" "Mozilla/4.0 (compatible; MSIE 6.0; Windows NT 5.1; SV1)"
188.143.232.31 - - [11/May/2013:15:51:28 +0200] "POST /newsletter.php HTTP/1.1" 200 8939 "http://www.mink-gmbh.de/agb.php" "Mozilla/4.0 (compatible; MSIE 6.0; Windows NT 5.1; SV1)"
188.143.232.31 - - [11/May/2013:15:51:28 +0200] "POST /newsletter.php HTTP/1.1" 200 8939 "http://www.mink-gmbh.de/agb.php" "Mozilla/4.0 (compatible; MSIE 6.0; Windows NT 5.1; SV1)"
188.143.232.31 - - [11/May/2013:15:51:29 +0200] "POST /newsletter.php HTTP/1.1" 200 8939 "http://www.mink-gmbh.de/agb.php" "Mozilla/4.0 (compatible; MSIE 6.0; Windows NT 5.1; SV1)"
141.8.147.12 - - [11/May/2013:15:52:17 +0200] "GET /news.php?cs_go=archiv&cs_id=3877&cs_search= HTTP/1.1" 200 9998 "-" "Mozilla/5.0 (compatible; YandexBot/3.0; +http://yandex.com/bots)"
141.8.147.12 - - [11/May/2013:16:00:11 +0200] "GET /news.php?cs_go=archiv&cs_id=3839&cs_search= HTTP/1.1" 200 13589 "-" "Mozilla/5.0 (compatible; YandexBot/3.0; +http://yandex.com/bots)"
141.8.147.12 - - [11/May/2013:16:08:04 +0200] "GET /news.php?cs_go=archiv&cs_id=3868&cs_search= HTTP/1.1" 200 11876 "-" "Mozilla/5.0 (compatible; YandexBot/3.0; +http://yandex.com/bots)"
141.8.147.12 - - [11/May/2013:16:15:58 +0200] "GET /news.php?cs_go=archiv&cs_id=3615&cs_search= HTTP/1.1" 200 13364 "-" "Mozilla/5.0 (compatible; YandexBot/3.0; +http://yandex.com/bots)"
141.8.147.12 - - [11/May/2013:16:23:52 +0200] "GET /news.php?cs_go=archiv&cs_id=3797&cs_search= HTTP/1.1" 200 9994 "-" "Mozilla/5.0 (compatible; YandexBot/3.0; +http://yandex.com/bots)"
37.58.52.15 - - [11/May/2013:16:25:43 +0200] "GET /news.php?cs_go=archiv&cs_id=4152&cs_search= HTTP/1.0" 200 10366 "-" "Mozilla/5.0 (compatible; AcoonBot/4.11.1; +http://www.acoon.de/robot.asp)"
66.249.78.46 - - [11/May/2013:16:29:13 +0200] "GET /news.php?cs_go=archiv&cs_id=3793&cs_search= HTTP/1.1" 200 9955 "-" "Mozilla/5.0 (compatible; Googlebot/2.1; +http://www.google.com/bot.html)"
130.83.167.153 - - [11/May/2013:16:29:33 +0200] "GET /energiesparcheck.php HTTP/1.1" 200 7013 "-" "findlinks/2.6 (+http://wortschatz.uni-leipzig.de/findlinks/)"
130.83.167.153 - - [11/May/2013:16:29:33 +0200] "GET /energiesparcheck.php HTTP/1.1" 200 13494 "-" "findlinks/2.6 (+http://wortschatz.uni-leipzig.de/findlinks/)"
141.8.147.12 - - [11/May/2013:16:31:45 +0200] "GET /news.php?cs_go=archiv&cs_id=3889&cs_search= HTTP/1.1" 200 9864 "-" "Mozilla/5.0 (compatible; YandexBot/3.0; +http://yandex.com/bots)"
123.125.71.36 - - [11/May/2013:16:34:50 +0200] "GET / HTTP/1.1" 200 6437 "-" "Mozilla/5.0 (compatible; Baiduspider/2.0; +http://www.baidu.com/search/spider.html)"
220.181.108.81 - - [11/May/2013:16:35:25 +0200] "GET / HTTP/1.1" 200 7822 "-" "Mozilla/5.0 (compatible; Baiduspider/2.0; +http://www.baidu.com/search/spider.html)"
141.8.147.12 - - [11/May/2013:16:37:12 +0200] "GET /news.php?cs_go=archiv&cs_id=3860&cs_search= HTTP/1.1" 200 11037 "-" "Mozilla/5.0 (compatible; YandexBot/3.0; +http://yandex.com/bots)"
141.8.147.12 - - [11/May/2013:16:45:10 +0200] "GET /news.php?cs_go=archiv&cs_id=3596&cs_search= HTTP/1.1" 200 11313 "-" "Mozilla/5.0 (compatible; YandexBot/3.0; +http://yandex.com/bots)"
173.199.115.147 - - [11/May/2013:16:45:30 +0200] "GET /lexikon.php?cs_go=3&cs_id=210 HTTP/1.1" 200 9541 "-" "Mozilla/5.0 (compatible; AhrefsBot/4.0; +http://ahrefs.com/robot/)"
141.8.147.12 - - [11/May/2013:17:08:08 +0200] "GET /news.php?cs_go=archiv&cs_id=3611&cs_search= HTTP/1.1" 200 9793 "-" "Mozilla/5.0 (compatible; YandexBot/3.0; +http://yandex.com/bots)"
141.8.147.12 - - [11/May/2013:17:15:59 +0200] "GET /news.php?cs_go=archiv&cs_id=3484&cs_search= HTTP/1.1" 200 13122 "-" "Mozilla/5.0 (compatible; YandexBot/3.0; +http://yandex.com/bots)"
37.58.52.15 - - [11/May/2013:17:18:35 +0200] "GET /news.php?cs_go=archiv&cs_startpos=0 HTTP/1.0" 200 22219 "-" "Mozilla/5.0 (compatible; AcoonBot/4.11.1; +http://www.acoon.de/robot.asp)"
141.8.147.12 - - [11/May/2013:17:23:48 +0200] "GET /news.php?cs_go=archiv&cs_id=3855&cs_search= HTTP/1.1" 200 13479 "-" "Mozilla/5.0 (compatible; YandexBot/3.0; +http://yandex.com/bots)"
141.8.147.12 - - [11/May/2013:17:31:38 +0200] "GET /news.php?cs_go=archiv&cs_id=3859&cs_search= HTTP/1.1" 200 13184 "-" "Mozilla/5.0 (compatible; YandexBot/3.0; +http://yandex.com/bots)"
66.249.78.46 - - [11/May/2013:17:39:05 +0200] "GET /foerdermittel.php HTTP/1.1" 200 12908 "-" "SAMSUNG-SGH-E250/1.0 Profile/MIDP-2.0 Configuration/CLDC-1.1 UP.Browser/6.2.3.3.c.1.101 (GUI) MMP/2.0 (compatible; Googlebot-Mobile/2.1; +http://www.google.com/bot.html)"
37.58.52.15 - - [11/May/2013:17:42:01 +0200] "GET /news.php?cs_go=archiv&cs_id=4109&cs_search= HTTP/1.0" 200 11391 "-" "Mozilla/5.0 (compatible; AcoonBot/4.11.1; +http://www.acoon.de/robot.asp)"
141.8.147.12 - - [11/May/2013:17:55:47 +0200] "GET /news.php?cs_go=archiv&cs_id=3790&cs_search= HTTP/1.1" 200 10312 "-" "Mozilla/5.0 (compatible; YandexBot/3.0; +http://yandex.com/bots)"
66.249.75.49 - - [11/May/2013:18:02:26 +0200] "GET /news.php?cs_go=archiv&cs_startpos=50 HTTP/1.1" 200 22840 "-" "DoCoMo/2.0 N905i(c100;TB;W24H16) (compatible; Googlebot-Mobile/2.1; +http://www.google.com/bot.html)"
141.8.147.12 - - [11/May/2013:18:10:57 +0200] "GET /news.php?cs_go=archiv&cs_id=3792&cs_search= HTTP/1.1" 200 13529 "-" "Mozilla/5.0 (compatible; YandexBot/3.0; +http://yandex.com/bots)"
141.8.147.12 - - [11/May/2013:18:26:15 +0200] "GET /news.php?cs_go=archiv&cs_id=3875&cs_search= HTTP/1.1" 200 12315 "-" "Mozilla/5.0 (compatible; YandexBot/3.0; +http://yandex.com/bots)"
141.8.147.12 - - [11/May/2013:18:33:43 +0200] "GET /news.php?cs_go=archiv&cs_id=3865&cs_search= HTTP/1.1" 200 13534 "-" "Mozilla/5.0 (compatible; YandexBot/3.0; +http://yandex.com/bots)"
173.199.115.147 - - [11/May/2013:18:44:37 +0200] "GET /news.php?cs_go=archiv&cs_id=2755&cs_search= HTTP/1.1" 200 17658 "-" "Mozilla/5.0 (compatible; AhrefsBot/4.0; +http://ahrefs.com/robot/)"
37.58.52.15 - - [11/May/2013:18:45:39 +0200] "GET /robots.txt HTTP/1.0" 200 177 "-" "Mozilla/5.0 (compatible; AcoonBot/4.11.1; +http://www.acoon.de/robot.asp)"
37.58.52.15 - - [11/May/2013:18:45:40 +0200] "GET /edl.php HTTP/1.0" 200 10801 "-" "Mozilla/5.0 (compatible; AcoonBot/4.11.1; +http://www.acoon.de/robot.asp)"
141.8.147.12 - - [11/May/2013:18:48:39 +0200] "GET /news.php?cs_go=archiv&cs_id=3890&cs_search= HTTP/1.1" 200 11331 "-" "Mozilla/5.0 (compatible; YandexBot/3.0; +http://yandex.com/bots)"
141.8.147.12 - - [11/May/2013:19:03:28 +0200] "GET /news.php?cs_go=archiv&cs_id=3595&cs_search= HTTP/1.1" 200 9850 "-" "Mozilla/5.0 (compatible; YandexBot/3.0; +http://yandex.com/bots)"
141.8.147.12 - - [11/May/2013:19:10:49 +0200] "GET /news.php?cs_go=archiv&cs_id=3607&cs_search= HTTP/1.1" 200 13378 "-" "Mozilla/5.0 (compatible; YandexBot/3.0; +http://yandex.com/bots)"
66.249.78.46 - - [11/May/2013:19:22:17 +0200] "GET /news.php?cs_go=archiv&cs_startpos=0 HTTP/1.1" 200 22219 "-" "Mozilla/5.0 (iPhone; U; CPU iPhone OS 4_1 like Mac OS X; en-us) AppleWebKit/532.9 (KHTML, like Gecko) Version/4.0.5 Mobile/8B117 Safari/6531.22.7 (compatible; Googlebot-Mobile/2.1; +http://www.google.com/bot.html)"
141.8.147.12 - - [11/May/2013:19:25:16 +0200] "GET /news.php?cs_go=archiv&cs_id=3858&cs_search= HTTP/1.1" 200 12522 "-" "Mozilla/5.0 (compatible; YandexBot/3.0; +http://yandex.com/bots)"
65.36.241.79 - - [11/May/2013:19:25:35 +0200] "HEAD / HTTP/1.1" 200 - "-" "InternetSeer.com"
141.8.147.12 - - [11/May/2013:19:32:30 +0200] "GET /news.php?cs_go=archiv&cs_id=3856&cs_search= HTTP/1.1" 200 9932 "-" "Mozilla/5.0 (compatible; YandexBot/3.0; +http://yandex.com/bots)"
37.58.52.15 - - [11/May/2013:19:34:02 +0200] "GET /news.php?cs_go=archiv&cs_id=4115&cs_search= HTTP/1.0" 200 11713 "-" "Mozilla/5.0 (compatible; AcoonBot/4.11.1; +http://www.acoon.de/robot.asp)"
208.115.111.75 - - [11/May/2013:19:35:10 +0200] "GET /robots.txt HTTP/1.1" 200 177 "-" "Mozilla/5.0 (compatible; Ezooms/1.0; ezooms.bot@gmail.com)"
66.249.78.46 - - [11/May/2013:19:47:37 +0200] "GET / HTTP/1.1" 200 12147 "-" "Mozilla/5.0 (iPhone; U; CPU iPhone OS 4_1 like Mac OS X; en-us) AppleWebKit/532.9 (KHTML, like Gecko) Version/4.0.5 Mobile/8B117 Safari/6531.22.7 (compatible; Googlebot-Mobile/2.1; +http://www.google.com/bot.html)"
141.8.147.12 - - [11/May/2013:19:47:51 +0200] "GET /news.php?cs_go=archiv&cs_id=3845&cs_search= HTTP/1.1" 200 9906 "-" "Mozilla/5.0 (compatible; YandexBot/3.0; +http://yandex.com/bots)"
141.8.147.12 - - [11/May/2013:19:54:56 +0200] "GET /news.php?cs_go=archiv&cs_id=3608&cs_search= HTTP/1.1" 200 9828 "-" "Mozilla/5.0 (compatible; YandexBot/3.0; +http://yandex.com/bots)"
141.8.147.12 - - [11/May/2013:20:02:12 +0200] "GET /news.php?cs_go=archiv&cs_id=3702&cs_search= HTTP/1.1" 200 10100 "-" "Mozilla/5.0 (compatible; YandexBot/3.0; +http://yandex.com/bots)"
208.115.111.75 - - [11/May/2013:20:01:31 +0200] "GET / HTTP/1.1" 200 12147 "-" "Mozilla/5.0 (compatible; Ezooms/1.0; ezooms.bot@gmail.com)"
141.8.147.12 - - [11/May/2013:20:11:22 +0200] "GET /news.php?cs_go=archiv&cs_id=3623&cs_search= HTTP/1.1" 200 13533 "-" "Mozilla/5.0 (compatible; YandexBot/3.0; +http://yandex.com/bots)"
141.8.147.12 - - [11/May/2013:20:18:59 +0200] "GET /news.php?cs_go=archiv&cs_id=3861&cs_search= HTTP/1.1" 200 13833 "-" "Mozilla/5.0 (compatible; YandexBot/3.0; +http://yandex.com/bots)"
141.8.147.12 - - [11/May/2013:20:20:24 +0200] "GET /news.php?cs_go=archiv&cs_id=3773&cs_search= HTTP/1.1" 200 9940 "-" "Mozilla/5.0 (compatible; YandexBot/3.0; +http://yandex.com/bots)"
141.8.147.12 - - [11/May/2013:20:28:09 +0200] "GET /news.php?cs_go=archiv&cs_id=3843&cs_search= HTTP/1.1" 200 10591 "-" "Mozilla/5.0 (compatible; YandexBot/3.0; +http://yandex.com/bots)"
5.9.7.208 - - [11/May/2013:20:32:25 +0200] "GET /robots.txt HTTP/1.0" 200 177 "-" "Mozilla/5.0 (compatible; MJ12bot/v1.4.3; http://www.majestic12.co.uk/bot.php?+)"
5.9.7.208 - - [11/May/2013:20:32:27 +0200] "GET /agb.php HTTP/1.0" 200 19709 "-" "Mozilla/5.0 (compatible; MJ12bot/v1.4.3; http://www.majestic12.co.uk/bot.php?+)"
5.9.7.208 - - [11/May/2013:20:32:29 +0200] "GET /news.php?cs_go=archiv&cs_id=2678 HTTP/1.0" 200 7887 "-" "Mozilla/5.0 (compatible; MJ12bot/v1.4.3; http://www.majestic12.co.uk/bot.php?+)"
5.9.7.208 - - [11/May/2013:20:32:33 +0200] "GET /news.php?cs_go=archiv&cs_id=2679 HTTP/1.0" 200 7887 "-" "Mozilla/5.0 (compatible; MJ12bot/v1.4.3; http://www.majestic12.co.uk/bot.php?+)"
5.9.7.208 - - [11/May/2013:20:32:35 +0200] "GET /news.php?cs_go=archiv&cs_id=2680 HTTP/1.0" 200 7887 "-" "Mozilla/5.0 (compatible; MJ12bot/v1.4.3; http://www.majestic12.co.uk/bot.php?+)"
5.9.7.208 - - [11/May/2013:20:32:36 +0200] "GET /news.php?cs_go=archiv&cs_id=2681 HTTP/1.0" 200 7887 "-" "Mozilla/5.0 (compatible; MJ12bot/v1.4.3; http://www.majestic12.co.uk/bot.php?+)"
5.9.7.208 - - [11/May/2013:20:32:38 +0200] "GET /news.php?cs_go=archiv&cs_id=2682 HTTP/1.0" 200 7887 "-" "Mozilla/5.0 (compatible; MJ12bot/v1.4.3; http://www.majestic12.co.uk/bot.php?+)"
5.9.7.208 - - [11/May/2013:20:32:40 +0200] "GET /news.php?cs_go=archiv&cs_id=2683 HTTP/1.0" 200 7887 "-" "Mozilla/5.0 (compatible; MJ12bot/v1.4.3; http://www.majestic12.co.uk/bot.php?+)"
5.9.7.208 - - [11/May/2013:20:32:42 +0200] "GET /news.php?cs_go=archiv&cs_id=2684 HTTP/1.0" 200 7887 "-" "Mozilla/5.0 (compatible; MJ12bot/v1.4.3; http://www.majestic12.co.uk/bot.php?+)"
5.9.7.208 - - [11/May/2013:20:32:44 +0200] "GET /news.php?cs_go=archiv&cs_id=2685 HTTP/1.0" 200 7887 "-" "Mozilla/5.0 (compatible; MJ12bot/v1.4.3; http://www.majestic12.co.uk/bot.php?+)"
5.9.7.208 - - [11/May/2013:20:32:46 +0200] "GET /news.php?cs_go=archiv&cs_id=2686 HTTP/1.0" 200 7887 "-" "Mozilla/5.0 (compatible; MJ12bot/v1.4.3; http://www.majestic12.co.uk/bot.php?+)"
5.9.7.208 - - [11/May/2013:20:32:47 +0200] "GET /robots.txt HTTP/1.0" 200 177 "-" "Mozilla/5.0 (compatible; MJ12bot/v1.4.3; http://www.majestic12.co.uk/bot.php?+)"
5.9.7.208 - - [11/May/2013:20:32:49 +0200] "GET /news.php?cs_go=archiv&cs_id=2687 HTTP/1.0" 200 7887 "-" "Mozilla/5.0 (compatible; MJ12bot/v1.4.3; http://www.majestic12.co.uk/bot.php?+)"
5.9.7.208 - - [11/May/2013:20:32:52 +0200] "GET /news.php?cs_go=archiv&cs_id=2688 HTTP/1.0" 200 7887 "-" "Mozilla/5.0 (compatible; MJ12bot/v1.4.3; http://www.majestic12.co.uk/bot.php?+)"
5.9.7.208 - - [11/May/2013:20:32:53 +0200] "GET /news.php?cs_go=archiv&cs_id=2689 HTTP/1.0" 200 7887 "-" "Mozilla/5.0 (compatible; MJ12bot/v1.4.3; http://www.majestic12.co.uk/bot.php?+)"
5.9.7.208 - - [11/May/2013:20:32:55 +0200] "GET /news.php?cs_go=archiv&cs_id=2690 HTTP/1.0" 200 7887 "-" "Mozilla/5.0 (compatible; MJ12bot/v1.4.3; http://www.majestic12.co.uk/bot.php?+)"
5.9.7.208 - - [11/May/2013:20:32:57 +0200] "GET /news.php?cs_go=archiv&cs_id=2691 HTTP/1.0" 200 7887 "-" "Mozilla/5.0 (compatible; MJ12bot/v1.4.3; http://www.majestic12.co.uk/bot.php?+)"
141.8.147.12 - - [11/May/2013:20:35:53 +0200] "GET /news.php?cs_go=archiv&cs_id=3872&cs_search= HTTP/1.1" 200 9979 "-" "Mozilla/5.0 (compatible; YandexBot/3.0; +http://yandex.com/bots)"
88.190.57.92 - - [11/May/2013:20:39:06 +0200] "GET /js_contentserver24_greybox/AJS_fx.js HTTP/1.1" 200 3192 "http://www.mink-gmbh.de/" "Mozilla/5.0 (X11; Linux x86_64) AppleWebKit/534.34 (KHTML, like Gecko) Qt/4.8.1 Safari/534.34"
88.190.57.92 - - [11/May/2013:20:39:06 +0200] "GET /js_contentserver24_greybox/gb_scripts.js HTTP/1.1" 200 11913 "http://www.mink-gmbh.de/" "Mozilla/5.0 (X11; Linux x86_64) AppleWebKit/534.34 (KHTML, like Gecko) Qt/4.8.1 Safari/534.34"
88.190.57.92 - - [11/May/2013:20:39:06 +0200] "GET /js_contentserver24_greybox/AJS.js HTTP/1.1" 200 10396 "http://www.mink-gmbh.de/" "Mozilla/5.0 (X11; Linux x86_64) AppleWebKit/534.34 (KHTML, like Gecko) Qt/4.8.1 Safari/534.34"
88.190.57.92 - - [11/May/2013:20:39:06 +0200] "GET / HTTP/1.1" 200 12147 "-" "Mozilla/5.0 (X11; Linux x86_64) AppleWebKit/534.34 (KHTML, like Gecko) Qt/4.8.1 Safari/534.34"
88.190.57.92 - - [11/May/2013:20:39:07 +0200] "GET /js_contentserver24_greybox/loader_frame.html?s=0 HTTP/1.1" 200 2084 "http://www.mink-gmbh.de/" "Mozilla/5.0 (X11; Linux x86_64) AppleWebKit/534.34 (KHTML, like Gecko) Qt/4.8.1 Safari/534.34"
141.8.147.12 - - [11/May/2013:20:43:37 +0200] "GET /news.php?cs_go=archiv&cs_id=3827 HTTP/1.1" 200 12693 "-" "Mozilla/5.0 (compatible; YandexBot/3.0; +http://yandex.com/bots)"
141.8.147.12 - - [11/May/2013:21:06:04 +0200] "GET /news.php?cs_go=archiv&cs_id=3836&cs_search= HTTP/1.1" 200 9928 "-" "Mozilla/5.0 (compatible; YandexBot/3.0; +http://yandex.com/bots)"
38.101.148.120 - - [11/May/2013:21:09:02 +0200] "GET /robots.txt HTTP/1.1" 200 177 "-" "Mozilla/5.0 (compatible; discoverybot/2.0; +http://discoveryengine.com/discoverybot.html)"
38.101.148.120 - - [11/May/2013:21:09:10 +0200] "GET /news.php?cs_go=archiv&cs_id=4056 HTTP/1.1" 200 11857 "-" "Mozilla/5.0 (compatible; discoverybot/2.0; +http://discoveryengine.com/discoverybot.html)"
173.199.115.147 - - [11/May/2013:21:22:01 +0200] "GET /lexikon.php?cs_go=2 HTTP/1.1" 200 8610 "-" "Mozilla/5.0 (compatible; AhrefsBot/4.0; +http://ahrefs.com/robot/)"
141.8.147.12 - - [11/May/2013:21:24:05 +0200] "GET /news.php?cs_go=archiv&cs_id=4162&cs_search= HTTP/1.1" 200 11469 "-" "Mozilla/5.0 (compatible; YandexBot/3.0; +http://yandex.com/bots)"
173.199.115.147 - - [11/May/2013:21:30:05 +0200] "GET /news.php?cs_go=archiv&cs_id=3913&cs_search= HTTP/1.1" 200 13555 "-" "Mozilla/5.0 (compatible; AhrefsBot/4.0; +http://ahrefs.com/robot/)"
208.115.111.75 - - [11/May/2013:21:33:31 +0200] "GET /news.php?cs_go=archiv&cs_id=3994&cs_search= HTTP/1.1" 200 10164 "-" "Mozilla/5.0 (compatible; Ezooms/1.0; ezooms.bot@gmail.com)"
208.115.111.75 - - [11/May/2013:21:33:36 +0200] "GET /news.php?cs_go=archiv&cs_startpos=190 HTTP/1.1" 200 22738 "-" "Mozilla/5.0 (compatible; Ezooms/1.0; ezooms.bot@gmail.com)"
208.115.113.91 - - [11/May/2013:21:35:36 +0200] "GET /robots.txt HTTP/1.1" 200 177 "-" "Mozilla/5.0 (compatible; Ezooms/1.0; ezooms.bot@gmail.com)"
141.8.147.12 - - [11/May/2013:21:41:31 +0200] "GET /news.php?cs_go=archiv&cs_id=4166&cs_search= HTTP/1.1" 200 10020 "-" "Mozilla/5.0 (compatible; YandexBot/3.0; +http://yandex.com/bots)"
173.199.115.147 - - [11/May/2013:21:44:18 +0200] "GET /lexikon.php?cs_go=2&cs_char=x HTTP/1.1" 200 8610 "-" "Mozilla/5.0 (compatible; AhrefsBot/4.0; +http://ahrefs.com/robot/)"
173.199.115.147 - - [11/May/2013:21:51:28 +0200] "GET /news.php?cs_go=archiv&cs_startpos=150 HTTP/1.1" 200 23008 "-" "Mozilla/5.0 (compatible; AhrefsBot/4.0; +http://ahrefs.com/robot/)"
141.8.147.12 - - [11/May/2013:21:58:58 +0200] "GET /news.php?cs_go=archiv&cs_id=4165&cs_search= HTTP/1.1" 200 13886 "-" "Mozilla/5.0 (compatible; YandexBot/3.0; +http://yandex.com/bots)"
123.125.71.12 - - [11/May/2013:21:59:38 +0200] "GET /robots.txt HTTP/1.1" 200 177 "-" "Mozilla/5.0 (Windows NT 5.1; rv:6.0.2) Gecko/20100101 Firefox/6.0.2"
141.8.147.12 - - [11/May/2013:22:04:47 +0200] "GET /news.php?cs_go=archiv&cs_id=4170&cs_search= HTTP/1.1" 200 10120 "-" "Mozilla/5.0 (compatible; YandexBot/3.0; +http://yandex.com/bots)"
173.242.125.191 - - [11/May/2013:22:11:13 +0200] "GET /robots.txt HTTP/1.0" 200 177 "-" "Mozilla/5.0 (compatible; MJ12bot/v1.4.3; http://www.majestic12.co.uk/bot.php?+)"
173.242.125.191 - - [11/May/2013:22:11:15 +0200] "GET /news.php?cs_go=archiv&cs_id=4159 HTTP/1.0" 200 15642 "-" "Mozilla/5.0 (compatible; MJ12bot/v1.4.3; http://www.majestic12.co.uk/bot.php?+)"
173.242.125.191 - - [11/May/2013:22:11:17 +0200] "GET /news.php?cs_go=archiv&cs_id=4167 HTTP/1.0" 200 13124 "-" "Mozilla/5.0 (compatible; MJ12bot/v1.4.3; http://www.majestic12.co.uk/bot.php?+)"
173.242.125.191 - - [11/May/2013:22:11:19 +0200] "GET /news.php?cs_go=archiv&cs_id=4168 HTTP/1.0" 200 11325 "-" "Mozilla/5.0 (compatible; MJ12bot/v1.4.3; http://www.majestic12.co.uk/bot.php?+)"
141.8.147.12 - - [11/May/2013:22:19:15 +0200] "GET /robots.txt HTTP/1.1" 200 177 "-" "Mozilla/5.0 (compatible; YandexBot/3.0; +http://yandex.com/bots)"
176.9.120.182 - - [11/May/2013:22:19:40 +0200] "GET /robots.txt HTTP/1.1" 200 177 "-" "Mozilla/5.0 (compatible; SearchmetricsBot; http://www.searchmetrics.com/en/searchmetrics-bot/)"
176.9.120.182 - - [11/May/2013:22:19:40 +0200] "GET / HTTP/1.1" 200 12147 "-" "Mozilla/5.0 (compatible; SearchmetricsBot; http://www.searchmetrics.com/en/searchmetrics-bot/)"
176.9.120.182 - - [11/May/2013:22:19:40 +0200] "GET /../optiplus.php HTTP/1.1" 404 - "-" "Mozilla/5.0 (compatible; SearchmetricsBot; http://www.searchmetrics.com/en/searchmetrics-bot/)"
176.9.120.182 - - [11/May/2013:22:19:40 +0200] "GET /standard.php HTTP/1.1" 200 9131 "-" "Mozilla/5.0 (compatible; SearchmetricsBot; http://www.searchmetrics.com/en/searchmetrics-bot/)"
176.9.120.182 - - [11/May/2013:22:19:41 +0200] "GET /news.php?cs_go=archiv HTTP/1.1" 200 22132 "-" "Mozilla/5.0 (compatible; SearchmetricsBot; http://www.searchmetrics.com/en/searchmetrics-bot/)"
176.9.120.182 - - [11/May/2013:22:19:41 +0200] "GET /news.php HTTP/1.1" 200 22132 "-" "Mozilla/5.0 (compatible; SearchmetricsBot; http://www.searchmetrics.com/en/searchmetrics-bot/)"
176.9.120.182 - - [11/May/2013:22:19:41 +0200] "GET /optiplus.php HTTP/1.1" 200 11013 "-" "Mozilla/5.0 (compatible; SearchmetricsBot; http://www.searchmetrics.com/en/searchmetrics-bot/)"
176.9.120.182 - - [11/May/2013:22:19:42 +0200] "GET /wunschpreis.php HTTP/1.1" 200 11997 "-" "Mozilla/5.0 (compatible; SearchmetricsBot; http://www.searchmetrics.com/en/searchmetrics-bot/)"
176.9.120.182 - - [11/May/2013:22:19:42 +0200] "GET /jobs.php HTTP/1.1" 200 7113 "-" "Mozilla/5.0 (compatible; SearchmetricsBot; http://www.searchmetrics.com/en/searchmetrics-bot/)"
176.9.120.182 - - [11/May/2013:22:19:42 +0200] "GET /kwk.php HTTP/1.1" 200 10797 "-" "Mozilla/5.0 (compatible; SearchmetricsBot; http://www.searchmetrics.com/en/searchmetrics-bot/)"
176.9.120.182 - - [11/May/2013:22:19:42 +0200] "GET /preisanfrage.php HTTP/1.1" 200 10648 "-" "Mozilla/5.0 (compatible; SearchmetricsBot; http://www.searchmetrics.com/en/searchmetrics-bot/)"
176.9.120.182 - - [11/May/2013:22:19:43 +0200] "GET /../standard.php HTTP/1.1" 404 - "-" "Mozilla/5.0 (compatible; SearchmetricsBot; http://www.searchmetrics.com/en/searchmetrics-bot/)"
176.9.120.182 - - [11/May/2013:22:19:43 +0200] "GET /impressum.php HTTP/1.1" 200 8495 "-" "Mozilla/5.0 (compatible; SearchmetricsBot; http://www.searchmetrics.com/en/searchmetrics-bot/)"
176.9.120.182 - - [11/May/2013:22:19:43 +0200] "GET /news.php?cs_go=archiv&cs_id=4159 HTTP/1.1" 200 15555 "-" "Mozilla/5.0 (compatible; SearchmetricsBot; http://www.searchmetrics.com/en/searchmetrics-bot/)"
176.9.120.182 - - [11/May/2013:22:19:43 +0200] "GET /agb.php HTTP/1.1" 200 19622 "-" "Mozilla/5.0 (compatible; SearchmetricsBot; http://www.searchmetrics.com/en/searchmetrics-bot/)"
176.9.120.182 - - [11/May/2013:22:19:43 +0200] "GET /rueckrufservice.php HTTP/1.1" 200 10683 "-" "Mozilla/5.0 (compatible; SearchmetricsBot; http://www.searchmetrics.com/en/searchmetrics-bot/)"
176.9.120.182 - - [11/May/2013:22:19:44 +0200] "GET /newsletter.php HTTP/1.1" 200 8841 "-" "Mozilla/5.0 (compatible; SearchmetricsBot; http://www.searchmetrics.com/en/searchmetrics-bot/)"
176.9.120.182 - - [11/May/2013:22:19:44 +0200] "GET /news.php?cs_go=archiv&cs_id=4173 HTTP/1.1" 200 13743 "-" "Mozilla/5.0 (compatible; SearchmetricsBot; http://www.searchmetrics.com/en/searchmetrics-bot/)"
176.9.120.182 - - [11/May/2013:22:19:47 +0200] "GET /index.php HTTP/1.1" 200 11406 "-" "Mozilla/5.0 (compatible; SearchmetricsBot; http://www.searchmetrics.com/en/searchmetrics-bot/)"
176.9.120.182 - - [11/May/2013:22:19:48 +0200] "GET /news.php?cs_go=archiv&cs_id=4167 HTTP/1.1" 200 13037 "-" "Mozilla/5.0 (compatible; SearchmetricsBot; http://www.searchmetrics.com/en/searchmetrics-bot/)"
176.9.120.182 - - [11/May/2013:22:19:48 +0200] "GET /kontakt.php HTTP/1.1" 200 9111 "-" "Mozilla/5.0 (compatible; SearchmetricsBot; http://www.searchmetrics.com/en/searchmetrics-bot/)"
176.9.120.182 - - [11/May/2013:22:19:49 +0200] "GET /news.php?cs_go=archiv&cs_id=4168 HTTP/1.1" 200 11238 "-" "Mozilla/5.0 (compatible; SearchmetricsBot; http://www.searchmetrics.com/en/searchmetrics-bot/)"
141.8.147.12 - - [11/May/2013:22:25:02 +0200] "GET /news.php?cs_go=archiv&cs_id=4159&cs_search= HTTP/1.1" 200 15642 "-" "Mozilla/5.0 (compatible; YandexBot/3.0; +http://yandex.com/bots)"
141.8.147.12 - - [11/May/2013:22:30:50 +0200] "GET /news.php?cs_go=archiv&cs_id=3829&cs_search= HTTP/1.1" 200 12027 "-" "Mozilla/5.0 (compatible; YandexBot/3.0; +http://yandex.com/bots)"
141.8.147.12 - - [11/May/2013:22:36:37 +0200] "GET /news.php?cs_go=archiv&cs_id=3483&cs_search= HTTP/1.1" 200 9969 "-" "Mozilla/5.0 (compatible; YandexBot/3.0; +http://yandex.com/bots)"
66.249.78.46 - - [11/May/2013:22:40:40 +0200] "GET /news.php?cs_go=archiv&cs_id=2756&cs_search= HTTP/1.1" 200 9802 "-" "Mozilla/5.0 (compatible; Googlebot/2.1; +http://www.google.com/bot.html)"
173.199.115.147 - - [11/May/2013:22:41:56 +0200] "GET /news.php?cs_go=archiv&cs_id=3705&cs_search= HTTP/1.1" 200 9869 "-" "Mozilla/5.0 (compatible; AhrefsBot/4.0; +http://ahrefs.com/robot/)"
141.8.147.12 - - [11/May/2013:22:42:24 +0200] "GET /news.php?cs_go=archiv&cs_id=3883&cs_search= HTTP/1.1" 200 10401 "-" "Mozilla/5.0 (compatible; YandexBot/3.0; +http://yandex.com/bots)"
141.8.147.12 - - [11/May/2013:22:50:00 +0200] "GET /news.php?cs_go=archiv&cs_id=3825&cs_search= HTTP/1.1" 200 11392 "-" "Mozilla/5.0 (compatible; YandexBot/3.0; +http://yandex.com/bots)"
173.199.115.147 - - [11/May/2013:22:54:54 +0200] "GET /energiesparcheck.php HTTP/1.1" 200 13581 "-" "Mozilla/5.0 (compatible; AhrefsBot/4.0; +http://ahrefs.com/robot/)"
141.8.147.12 - - [11/May/2013:22:55:50 +0200] "GET /news.php?cs_go=archiv&cs_id=3485&cs_search= HTTP/1.1" 200 13751 "-" "Mozilla/5.0 (compatible; YandexBot/3.0; +http://yandex.com/bots)"
141.8.147.12 - - [11/May/2013:23:01:39 +0200] "GET /news.php?cs_go=archiv&cs_id=3879&cs_search= HTTP/1.1" 200 11130 "-" "Mozilla/5.0 (compatible; YandexBot/3.0; +http://yandex.com/bots)"
141.8.147.12 - - [11/May/2013:23:07:29 +0200] "GET /news.php?cs_go=archiv&cs_id=3864&cs_search= HTTP/1.1" 200 10023 "-" "Mozilla/5.0 (compatible; YandexBot/3.0; +http://yandex.com/bots)"
141.8.147.12 - - [11/May/2013:23:15:31 +0200] "GET /news.php?cs_go=archiv&cs_id=2863&cs_search= HTTP/1.1" 200 12127 "-" "Mozilla/5.0 (compatible; YandexBot/3.0; +http://yandex.com/bots)"
141.8.147.12 - - [11/May/2013:23:21:23 +0200] "GET /news.php?cs_go=archiv&cs_id=3828&cs_search= HTTP/1.1" 200 10112 "-" "Mozilla/5.0 (compatible; YandexBot/3.0; +http://yandex.com/bots)"
141.8.147.12 - - [11/May/2013:23:27:15 +0200] "GET /news.php?cs_go=archiv&cs_id=3841&cs_search= HTTP/1.1" 200 9922 "-" "Mozilla/5.0 (compatible; YandexBot/3.0; +http://yandex.com/bots)"
141.8.147.12 - - [11/May/2013:23:33:06 +0200] "GET /news.php?cs_go=archiv&cs_id=3489&cs_search= HTTP/1.1" 200 9941 "-" "Mozilla/5.0 (compatible; YandexBot/3.0; +http://yandex.com/bots)"
141.8.147.12 - - [11/May/2013:23:38:58 +0200] "GET /news.php?cs_go=archiv&cs_id=3604&cs_search= HTTP/1.1" 200 9824 "-" "Mozilla/5.0 (compatible; YandexBot/3.0; +http://yandex.com/bots)"
141.8.147.12 - - [11/May/2013:23:44:50 +0200] "GET /news.php?cs_go=archiv&cs_id=3873&cs_search= HTTP/1.1" 200 11685 "-" "Mozilla/5.0 (compatible; YandexBot/3.0; +http://yandex.com/bots)"
173.199.115.147 - - [11/May/2013:23:45:01 +0200] "GET /news.php?cs_go=archiv&cs_id=4129&cs_search= HTTP/1.1" 200 10427 "-" "Mozilla/5.0 (compatible; AhrefsBot/4.0; +http://ahrefs.com/robot/)"
37.58.52.15 - - [11/May/2013:23:45:15 +0200] "GET /robots.txt HTTP/1.0" 200 177 "-" "Mozilla/5.0 (compatible; AcoonBot/4.11.1; +http://www.acoon.de/robot.asp)"
37.58.52.15 - - [11/May/2013:23:45:15 +0200] "GET /lexikon.php HTTP/1.0" 200 10551 "-" "Mozilla/5.0 (compatible; AcoonBot/4.11.1; +http://www.acoon.de/robot.asp)"
208.115.113.91 - - [11/May/2013:23:49:31 +0200] "GET /news.php?cs_go=archiv&cs_id=4004&cs_search= HTTP/1.1" 200 12632 "-" "Mozilla/5.0 (compatible; Ezooms/1.0; ezooms.bot@gmail.com)"
208.115.113.91 - - [11/May/2013:23:49:38 +0200] "GET /news.php?cs_go=archiv&cs_startpos=150 HTTP/1.1" 200 23008 "-" "Mozilla/5.0 (compatible; Ezooms/1.0; ezooms.bot@gmail.com)"
141.8.147.12 - - [11/May/2013:23:50:42 +0200] "GET /news.php?cs_go=archiv&cs_id=3886&cs_search= HTTP/1.1" 200 9870 "-" "Mozilla/5.0 (compatible; YandexBot/3.0; +http://yandex.com/bots)"
141.8.147.12 - - [12/May/2013:00:08:09 +0200] "GET /news.php?cs_go=archiv&cs_id=3871&cs_search= HTTP/1.1" 200 13511 "-" "Mozilla/5.0 (compatible; YandexBot/3.0; +http://yandex.com/bots)"
130.83.167.153 - - [12/May/2013:00:08:57 +0200] "GET /modernisierung.php?cs_gp_go=coupon HTTP/1.1" 200 8132 "-" "findlinks/2.6 (+http://wortschatz.uni-leipzig.de/findlinks/)"
130.83.167.153 - - [12/May/2013:00:08:57 +0200] "GET /modernisierung.php?cs_gp_go=coupon HTTP/1.1" 200 10105 "-" "findlinks/2.6 (+http://wortschatz.uni-leipzig.de/findlinks/)"
37.58.52.15 - - [12/May/2013:00:11:24 +0200] "GET /news.php?cs_go=archiv&cs_id=4157&cs_search= HTTP/1.0" 200 14107 "-" "Mozilla/5.0 (compatible; AcoonBot/4.11.1; +http://www.acoon.de/robot.asp)"
141.8.147.12 - - [12/May/2013:00:14:05 +0200] "GET /news.php?cs_go=archiv&cs_id=3793&cs_search= HTTP/1.1" 200 9955 "-" "Mozilla/5.0 (compatible; YandexBot/3.0; +http://yandex.com/bots)"
141.8.147.12 - - [12/May/2013:00:20:01 +0200] "GET /news.php?cs_go=archiv&cs_id=3737&cs_search= HTTP/1.1" 200 11235 "-" "Mozilla/5.0 (compatible; YandexBot/3.0; +http://yandex.com/bots)"
141.8.147.12 - - [12/May/2013:00:25:57 +0200] "GET /news.php?cs_go=archiv&cs_id=3493&cs_search= HTTP/1.1" 200 9903 "-" "Mozilla/5.0 (compatible; YandexBot/3.0; +http://yandex.com/bots)"
65.36.241.79 - - [12/May/2013:00:28:24 +0200] "HEAD / HTTP/1.1" 200 - "-" "InternetSeer.com"
141.8.147.12 - - [12/May/2013:00:31:52 +0200] "GET /news.php?cs_go=archiv&cs_id=3610&cs_search= HTTP/1.1" 200 13491 "-" "Mozilla/5.0 (compatible; YandexBot/3.0; +http://yandex.com/bots)"
66.249.78.46 - - [12/May/2013:00:35:33 +0200] "GET /lexikon.php?cs_go=2&cs_char=m HTTP/1.1" 200 9073 "-" "Mozilla/5.0 (iPhone; U; CPU iPhone OS 4_1 like Mac OS X; en-us) AppleWebKit/532.9 (KHTML, like Gecko) Version/4.0.5 Mobile/8B117 Safari/6531.22.7 (compatible; Googlebot-Mobile/2.1; +http://www.google.com/bot.html)"
173.199.115.147 - - [12/May/2013:00:38:29 +0200] "GET /news.php?cs_go=archiv&cs_id=3874&cs_search= HTTP/1.1" 200 12997 "-" "Mozilla/5.0 (compatible; AhrefsBot/4.0; +http://ahrefs.com/robot/)"
141.8.147.12 - - [12/May/2013:00:39:17 +0200] "GET /news.php?cs_go=archiv&cs_id=3579&cs_search= HTTP/1.1" 200 10264 "-" "Mozilla/5.0 (compatible; YandexBot/3.0; +http://yandex.com/bots)"
173.199.115.147 - - [12/May/2013:00:45:03 +0200] "GET /lexikon.php?cs_go=3&cs_id=124 HTTP/1.1" 200 8491 "-" "Mozilla/5.0 (compatible; AhrefsBot/4.0; +http://ahrefs.com/robot/)"
141.8.147.12 - - [12/May/2013:00:45:12 +0200] "GET /news.php?cs_go=archiv&cs_id=3851&cs_search= HTTP/1.1" 200 9919 "-" "Mozilla/5.0 (compatible; YandexBot/3.0; +http://yandex.com/bots)"
37.58.52.15 - - [12/May/2013:00:51:02 +0200] "GET /news.php?cs_go=archiv&cs_id=4164&cs_search= HTTP/1.0" 200 10339 "-" "Mozilla/5.0 (compatible; AcoonBot/4.11.1; +http://www.acoon.de/robot.asp)"
141.8.147.12 - - [12/May/2013:00:56:40 +0200] "GET /news.php?cs_go=archiv&cs_id=3715&cs_search= HTTP/1.1" 200 14656 "-" "Mozilla/5.0 (compatible; YandexBot/3.0; +http://yandex.com/bots)"
37.58.52.15 - - [12/May/2013:01:02:45 +0200] "GET /index.php HTTP/1.0" 200 12147 "-" "Mozilla/5.0 (compatible; AcoonBot/4.11.1; +http://www.acoon.de/robot.asp)"
141.8.147.12 - - [12/May/2013:01:07:32 +0200] "GET /news.php?cs_go=archiv&cs_id=3867&cs_search= HTTP/1.1" 200 11943 "-" "Mozilla/5.0 (compatible; YandexBot/3.0; +http://yandex.com/bots)"
141.8.147.12 - - [12/May/2013:01:12:47 +0200] "GET /news.php?cs_go=archiv&cs_id=3494&cs_search= HTTP/1.1" 200 10719 "-" "Mozilla/5.0 (compatible; YandexBot/3.0; +http://yandex.com/bots)"
66.249.78.46 - - [12/May/2013:01:15:25 +0200] "GET /news.php?cs_go=archiv&cs_id=3331&cs_search= HTTP/1.1" 200 9864 "-" "Mozilla/5.0 (compatible; Googlebot/2.1; +http://www.google.com/bot.html)"
141.8.147.12 - - [12/May/2013:01:18:33 +0200] "GET /news.php?cs_go=archiv&cs_id=3616&cs_search= HTTP/1.1" 200 9918 "-" "Mozilla/5.0 (compatible; YandexBot/3.0; +http://yandex.com/bots)"
141.8.147.12 - - [12/May/2013:01:23:45 +0200] "GET /news.php?cs_go=archiv&cs_id=3597&cs_search= HTTP/1.1" 200 10768 "-" "Mozilla/5.0 (compatible; YandexBot/3.0; +http://yandex.com/bots)"
