66.249.78.46 - - [09/May/2013:14:01:26 +0200] "GET /news.php?cs_go=archiv&cs_id=3734 HTTP/1.1" 200 11526 "-" "Mozilla/5.0 (compatible; Googlebot/2.1; +http://www.google.com/bot.html)"
46.161.41.24 - - [09/May/2013:14:14:51 +0200] "GET /edl.php HTTP/1.1" 200 10801 "-" "Mozilla/4.0 (compatible; MSIE 6.0; MSIE 5.5; Windows 95) Opera 7.03 [de]"
66.249.78.46 - - [09/May/2013:14:21:39 +0200] "GET /news.php?cs_go=archiv&cs_id=3470 HTTP/1.1" 200 10005 "-" "Mozilla/5.0 (compatible; Googlebot/2.1; +http://www.google.com/bot.html)"
66.249.78.46 - - [09/May/2013:14:48:34 +0200] "GET /news.php?cs_go=archiv&cs_id=2882&cs_search= HTTP/1.1" 200 10316 "-" "Mozilla/5.0 (compatible; Googlebot/2.1; +http://www.google.com/bot.html)"
66.249.78.46 - - [09/May/2013:14:55:18 +0200] "GET /robots.txt HTTP/1.1" 200 177 "-" "Mozilla/5.0 (compatible; Googlebot/2.1; +http://www.google.com/bot.html)"
66.249.78.46 - - [09/May/2013:14:55:19 +0200] "GET /news.php?cs_go=archiv&cs_id=2876&cs_search= HTTP/1.1" 200 10232 "-" "Mozilla/5.0 (compatible; Googlebot/2.1; +http://www.google.com/bot.html)"
130.83.167.153 - - [09/May/2013:15:08:44 +0200] "GET /news.php?cs_go=archiv&cs_id=3986&cs_search= HTTP/1.1" 200 6992 "-" "findlinks/2.6 (+http://wortschatz.uni-leipzig.de/findlinks/)"
130.83.167.153 - - [09/May/2013:15:08:44 +0200] "GET /news.php?cs_go=archiv&cs_id=3986&cs_search= HTTP/1.1" 200 13627 "-" "findlinks/2.6 (+http://wortschatz.uni-leipzig.de/findlinks/)"
46.161.41.24 - - [09/May/2013:15:12:56 +0200] "GET /modernisierung.php HTTP/1.1" 200 11578 "-" "Mozilla/4.0 (compatible; MSIE 6.0; MSIE 5.5; Windows 95) Opera 7.03 [de]"
66.249.78.46 - - [09/May/2013:15:22:14 +0200] "GET /news.php?cs_go=archiv&cs_id=2911 HTTP/1.1" 200 13901 "-" "Mozilla/5.0 (compatible; Googlebot/2.1; +http://www.google.com/bot.html)"
194.153.113.35 - - [09/May/2013:15:22:32 +0200] "GET /robots.txt HTTP/1.1" 200 177 "-" "Mozilla/5.0 (compatible; oBot/2.3.1; +http://filterdb.iss.net/crawler/)"
194.153.113.35 - - [09/May/2013:15:22:32 +0200] "GET / HTTP/1.1" 200 12134 "-" "Mozilla/5.0 (compatible; oBot/2.3.1; +http://filterdb.iss.net/crawler/)"
194.153.113.35 - - [09/May/2013:15:22:32 +0200] "GET /images/tkw.jpg HTTP/1.1" 200 64031 "-" "Mozilla/5.0 (compatible; oBot/2.3.1; +http://filterdb.iss.net/crawler/)"
194.153.113.35 - - [09/May/2013:15:22:32 +0200] "GET /images/RAL_Guetezeichen_Energiehandel.pdf HTTP/1.1" 200 288367 "-" "Mozilla/5.0 (compatible; oBot/2.3.1; +http://filterdb.iss.net/crawler/)"
194.153.113.35 - - [09/May/2013:15:22:33 +0200] "GET /images/logos.jpg HTTP/1.1" 200 15002 "-" "Mozilla/5.0 (compatible; oBot/2.3.1; +http://filterdb.iss.net/crawler/)"
194.153.113.35 - - [09/May/2013:15:22:33 +0200] "GET /images/wunschpreis.jpg HTTP/1.1" 200 16767 "-" "Mozilla/5.0 (compatible; oBot/2.3.1; +http://filterdb.iss.net/crawler/)"
194.153.113.35 - - [09/May/2013:15:22:33 +0200] "GET /images/kwk.gif HTTP/1.1" 200 6403 "-" "Mozilla/5.0 (compatible; oBot/2.3.1; +http://filterdb.iss.net/crawler/)"
194.153.113.35 - - [09/May/2013:15:22:33 +0200] "GET /images/mail.jpg HTTP/1.1" 200 11165 "-" "Mozilla/5.0 (compatible; oBot/2.3.1; +http://filterdb.iss.net/crawler/)"
194.153.113.35 - - [09/May/2013:15:22:33 +0200] "GET /images/freecall.jpg HTTP/1.1" 200 39195 "-" "Mozilla/5.0 (compatible; oBot/2.3.1; +http://filterdb.iss.net/crawler/)"
194.153.113.35 - - [09/May/2013:15:22:33 +0200] "GET /img/lay13.gif HTTP/1.1" 404 - "-" "Mozilla/5.0 (compatible; oBot/2.3.1; +http://filterdb.iss.net/crawler/)"
194.153.113.35 - - [09/May/2013:15:22:33 +0200] "GET /wirueberuns.htm HTTP/1.1" 404 - "-" "Mozilla/5.0 (compatible; oBot/2.3.1; +http://filterdb.iss.net/crawler/)"
194.153.113.35 - - [09/May/2013:15:22:33 +0200] "GET /Heizoel-Berlin.htm HTTP/1.1" 404 - "-" "Mozilla/5.0 (compatible; oBot/2.3.1; +http://filterdb.iss.net/crawler/)"
194.153.113.35 - - [09/May/2013:15:22:33 +0200] "GET /startseite.htm HTTP/1.1" 404 - "-" "Mozilla/5.0 (compatible; oBot/2.3.1; +http://filterdb.iss.net/crawler/)"
66.249.78.46 - - [09/May/2013:15:29:00 +0200] "GET /news.php?cs_go=archiv&cs_id=3030&cs_search= HTTP/1.1" 200 12557 "-" "Mozilla/5.0 (compatible; Googlebot/2.1; +http://www.google.com/bot.html)"
65.36.241.79 - - [09/May/2013:15:34:07 +0200] "HEAD / HTTP/1.1" 200 - "-" "InternetSeer.com"
208.115.111.75 - - [09/May/2013:15:35:56 +0200] "GET /robots.txt HTTP/1.1" 200 177 "-" "Mozilla/5.0 (compatible; Ezooms/1.0; ezooms.bot@gmail.com)"
94.222.127.137 - - [09/May/2013:15:46:27 +0200] "GET /style.css HTTP/1.1" 200 8418 "http://www.mink-gmbh.de/" "Mozilla/5.0 (Macintosh; Intel Mac OS X 10_7_5) AppleWebKit/537.31 (KHTML, like Gecko) Chrome/26.0.1410.65 Safari/537.31"
94.222.127.137 - - [09/May/2013:15:46:27 +0200] "GET /modul.css HTTP/1.1" 200 35038 "http://www.mink-gmbh.de/" "Mozilla/5.0 (Macintosh; Intel Mac OS X 10_7_5) AppleWebKit/537.31 (KHTML, like Gecko) Chrome/26.0.1410.65 Safari/537.31"
94.222.127.137 - - [09/May/2013:15:46:27 +0200] "GET /js_contentserver24_greybox/gb_styles.css HTTP/1.1" 200 2302 "http://www.mink-gmbh.de/" "Mozilla/5.0 (Macintosh; Intel Mac OS X 10_7_5) AppleWebKit/537.31 (KHTML, like Gecko) Chrome/26.0.1410.65 Safari/537.31"
94.222.127.137 - - [09/May/2013:15:46:27 +0200] "GET /js_contentserver24_greybox/AJS.js HTTP/1.1" 200 10396 "http://www.mink-gmbh.de/" "Mozilla/5.0 (Macintosh; Intel Mac OS X 10_7_5) AppleWebKit/537.31 (KHTML, like Gecko) Chrome/26.0.1410.65 Safari/537.31"
94.222.127.137 - - [09/May/2013:15:46:27 +0200] "GET /js_contentserver24_greybox/AJS_fx.js HTTP/1.1" 200 3192 "http://www.mink-gmbh.de/" "Mozilla/5.0 (Macintosh; Intel Mac OS X 10_7_5) AppleWebKit/537.31 (KHTML, like Gecko) Chrome/26.0.1410.65 Safari/537.31"
94.222.127.137 - - [09/May/2013:15:46:27 +0200] "GET /js_contentserver24_greybox/gb_scripts.js HTTP/1.1" 200 11913 "http://www.mink-gmbh.de/" "Mozilla/5.0 (Macintosh; Intel Mac OS X 10_7_5) AppleWebKit/537.31 (KHTML, like Gecko) Chrome/26.0.1410.65 Safari/537.31"
94.222.127.137 - - [09/May/2013:15:46:27 +0200] "GET /images/bg.jpg HTTP/1.1" 200 345 "http://www.mink-gmbh.de/" "Mozilla/5.0 (Macintosh; Intel Mac OS X 10_7_5) AppleWebKit/537.31 (KHTML, like Gecko) Chrome/26.0.1410.65 Safari/537.31"
94.222.127.137 - - [09/May/2013:15:46:27 +0200] "GET /js_contentserver24_greybox/w_close.gif HTTP/1.1" 200 74 "http://www.mink-gmbh.de/" "Mozilla/5.0 (Macintosh; Intel Mac OS X 10_7_5) AppleWebKit/537.31 (KHTML, like Gecko) Chrome/26.0.1410.65 Safari/537.31"
94.222.127.137 - - [09/May/2013:15:46:27 +0200] "GET /images/newsletter_bg.jpg HTTP/1.1" 200 33610 "http://www.mink-gmbh.de/" "Mozilla/5.0 (Macintosh; Intel Mac OS X 10_7_5) AppleWebKit/537.31 (KHTML, like Gecko) Chrome/26.0.1410.65 Safari/537.31"
94.222.127.137 - - [09/May/2013:15:46:28 +0200] "GET /images/close.png HTTP/1.1" 200 703 "http://www.mink-gmbh.de/" "Mozilla/5.0 (Macintosh; Intel Mac OS X 10_7_5) AppleWebKit/537.31 (KHTML, like Gecko) Chrome/26.0.1410.65 Safari/537.31"
94.222.127.137 - - [09/May/2013:15:46:28 +0200] "GET /images/newsletter.png HTTP/1.1" 200 14619 "http://www.mink-gmbh.de/" "Mozilla/5.0 (Macintosh; Intel Mac OS X 10_7_5) AppleWebKit/537.31 (KHTML, like Gecko) Chrome/26.0.1410.65 Safari/537.31"
94.222.127.137 - - [09/May/2013:15:46:28 +0200] "GET /images/wrapperbg.jpg HTTP/1.1" 200 27465 "http://www.mink-gmbh.de/" "Mozilla/5.0 (Macintosh; Intel Mac OS X 10_7_5) AppleWebKit/537.31 (KHTML, like Gecko) Chrome/26.0.1410.65 Safari/537.31"
94.222.127.137 - - [09/May/2013:15:46:28 +0200] "GET /images/header.jpg HTTP/1.1" 200 24413 "http://www.mink-gmbh.de/" "Mozilla/5.0 (Macintosh; Intel Mac OS X 10_7_5) AppleWebKit/537.31 (KHTML, like Gecko) Chrome/26.0.1410.65 Safari/537.31"
94.222.127.137 - - [09/May/2013:15:46:28 +0200] "GET /images/navibg.png HTTP/1.1" 200 2803 "http://www.mink-gmbh.de/" "Mozilla/5.0 (Macintosh; Intel Mac OS X 10_7_5) AppleWebKit/537.31 (KHTML, like Gecko) Chrome/26.0.1410.65 Safari/537.31"
94.222.127.137 - - [09/May/2013:15:46:27 +0200] "GET / HTTP/1.1" 200 12134 "http://www.google.de/url?sa=t&rct=j&q=mink%20%C3%B6l%20berlin&source=web&cd=1&ved=0CDEQFjAA&url=http%3A%2F%2Fwww.mink-gmbh.de%2F&ei=hKiLUeCfB-na4ATWgoHIBw&usg=AFQjCNFHX4Iglls9oo-KYXTmDUV_5KOVIg&bvm=bv.46226182,d.bGE" "Mozilla/5.0 (Macintosh; Intel Mac OS X 10_7_5) AppleWebKit/537.31 (KHTML, like Gecko) Chrome/26.0.1410.65 Safari/537.31"
94.222.127.137 - - [09/May/2013:15:46:28 +0200] "GET /images/fallend.png HTTP/1.1" 200 713 "http://www.mink-gmbh.de/" "Mozilla/5.0 (Macintosh; Intel Mac OS X 10_7_5) AppleWebKit/537.31 (KHTML, like Gecko) Chrome/26.0.1410.65 Safari/537.31"
94.222.127.137 - - [09/May/2013:15:46:28 +0200] "GET /images/tkw.jpg HTTP/1.1" 200 64031 "http://www.mink-gmbh.de/" "Mozilla/5.0 (Macintosh; Intel Mac OS X 10_7_5) AppleWebKit/537.31 (KHTML, like Gecko) Chrome/26.0.1410.65 Safari/537.31"
94.222.127.137 - - [09/May/2013:15:46:28 +0200] "GET /images/mobil.jpg HTTP/1.1" 200 25293 "http://www.mink-gmbh.de/" "Mozilla/5.0 (Macintosh; Intel Mac OS X 10_7_5) AppleWebKit/537.31 (KHTML, like Gecko) Chrome/26.0.1410.65 Safari/537.31"
94.222.127.137 - - [09/May/2013:15:46:28 +0200] "GET /images/newsletter.jpg HTTP/1.1" 200 13130 "http://www.mink-gmbh.de/" "Mozilla/5.0 (Macintosh; Intel Mac OS X 10_7_5) AppleWebKit/537.31 (KHTML, like Gecko) Chrome/26.0.1410.65 Safari/537.31"
94.222.127.137 - - [09/May/2013:15:46:28 +0200] "GET /images/freecall.jpg HTTP/1.1" 200 39195 "http://www.mink-gmbh.de/" "Mozilla/5.0 (Macintosh; Intel Mac OS X 10_7_5) AppleWebKit/537.31 (KHTML, like Gecko) Chrome/26.0.1410.65 Safari/537.31"
94.222.127.137 - - [09/May/2013:15:46:28 +0200] "GET /images/mail.jpg HTTP/1.1" 200 11165 "http://www.mink-gmbh.de/" "Mozilla/5.0 (Macintosh; Intel Mac OS X 10_7_5) AppleWebKit/537.31 (KHTML, like Gecko) Chrome/26.0.1410.65 Safari/537.31"
94.222.127.137 - - [09/May/2013:15:46:28 +0200] "GET /images/kwk.gif HTTP/1.1" 200 6403 "http://www.mink-gmbh.de/" "Mozilla/5.0 (Macintosh; Intel Mac OS X 10_7_5) AppleWebKit/537.31 (KHTML, like Gecko) Chrome/26.0.1410.65 Safari/537.31"
94.222.127.137 - - [09/May/2013:15:46:28 +0200] "GET /images/wunschpreis.jpg HTTP/1.1" 200 16767 "http://www.mink-gmbh.de/" "Mozilla/5.0 (Macintosh; Intel Mac OS X 10_7_5) AppleWebKit/537.31 (KHTML, like Gecko) Chrome/26.0.1410.65 Safari/537.31"
94.222.127.137 - - [09/May/2013:15:46:28 +0200] "GET /images/logos.jpg HTTP/1.1" 200 15002 "http://www.mink-gmbh.de/" "Mozilla/5.0 (Macintosh; Intel Mac OS X 10_7_5) AppleWebKit/537.31 (KHTML, like Gecko) Chrome/26.0.1410.65 Safari/537.31"
94.222.127.137 - - [09/May/2013:15:46:28 +0200] "GET /images/footerbg.jpg HTTP/1.1" 200 2184 "http://www.mink-gmbh.de/" "Mozilla/5.0 (Macintosh; Intel Mac OS X 10_7_5) AppleWebKit/537.31 (KHTML, like Gecko) Chrome/26.0.1410.65 Safari/537.31"
94.222.127.137 - - [09/May/2013:15:46:28 +0200] "GET /js_contentserver24_greybox/header_bg.gif HTTP/1.1" 200 1188 "http://www.mink-gmbh.de/" "Mozilla/5.0 (Macintosh; Intel Mac OS X 10_7_5) AppleWebKit/537.31 (KHTML, like Gecko) Chrome/26.0.1410.65 Safari/537.31"
94.222.127.137 - - [09/May/2013:15:46:28 +0200] "GET /js_contentserver24_greybox/indicator.gif HTTP/1.1" 200 8238 "http://www.mink-gmbh.de/" "Mozilla/5.0 (Macintosh; Intel Mac OS X 10_7_5) AppleWebKit/537.31 (KHTML, like Gecko) Chrome/26.0.1410.65 Safari/537.31"
94.222.127.137 - - [09/May/2013:15:46:28 +0200] "GET /js_contentserver24_greybox/g_close.gif HTTP/1.1" 200 541 "http://www.mink-gmbh.de/" "Mozilla/5.0 (Macintosh; Intel Mac OS X 10_7_5) AppleWebKit/537.31 (KHTML, like Gecko) Chrome/26.0.1410.65 Safari/537.31"
94.222.127.137 - - [09/May/2013:15:46:28 +0200] "GET /js_contentserver24_greybox/loader_frame.html?s=0 HTTP/1.1" 200 2084 "http://www.mink-gmbh.de/" "Mozilla/5.0 (Macintosh; Intel Mac OS X 10_7_5) AppleWebKit/537.31 (KHTML, like Gecko) Chrome/26.0.1410.65 Safari/537.31"
94.222.127.137 - - [09/May/2013:15:46:28 +0200] "GET /favicon.ico HTTP/1.1" 200 3638 "-" "Mozilla/5.0 (Macintosh; Intel Mac OS X 10_7_5) AppleWebKit/537.31 (KHTML, like Gecko) Chrome/26.0.1410.65 Safari/537.31"
94.222.127.137 - - [09/May/2013:15:46:55 +0200] "GET /modernisierung.php HTTP/1.1" 200 11491 "http://my.contentserver24.de/content.php?key=8cbfc89c6095570b423d&cs_mid=22&cs_go=popupcontent" "Mozilla/5.0 (Macintosh; Intel Mac OS X 10_7_5) AppleWebKit/537.31 (KHTML, like Gecko) Chrome/26.0.1410.65 Safari/537.31"
94.222.127.137 - - [09/May/2013:15:48:17 +0200] "GET /modernisierung.php?cs_gp_go=description HTTP/1.1" 200 10684 "http://www.mink-gmbh.de/modernisierung.php" "Mozilla/5.0 (Macintosh; Intel Mac OS X 10_7_5) AppleWebKit/537.31 (KHTML, like Gecko) Chrome/26.0.1410.65 Safari/537.31"
94.222.127.137 - - [09/May/2013:15:48:36 +0200] "GET /preisanfrage.php HTTP/1.1" 200 10648 "http://www.mink-gmbh.de/modernisierung.php?cs_gp_go=description" "Mozilla/5.0 (Macintosh; Intel Mac OS X 10_7_5) AppleWebKit/537.31 (KHTML, like Gecko) Chrome/26.0.1410.65 Safari/537.31"
94.222.127.137 - - [09/May/2013:15:49:04 +0200] "GET /wunschpreis.php HTTP/1.1" 200 11997 "http://www.mink-gmbh.de/preisanfrage.php" "Mozilla/5.0 (Macintosh; Intel Mac OS X 10_7_5) AppleWebKit/537.31 (KHTML, like Gecko) Chrome/26.0.1410.65 Safari/537.31"
94.222.127.137 - - [09/May/2013:15:49:06 +0200] "GET /standard.php HTTP/1.1" 200 9131 "http://www.mink-gmbh.de/wunschpreis.php" "Mozilla/5.0 (Macintosh; Intel Mac OS X 10_7_5) AppleWebKit/537.31 (KHTML, like Gecko) Chrome/26.0.1410.65 Safari/537.31"
94.222.127.137 - - [09/May/2013:15:49:10 +0200] "GET /index.php HTTP/1.1" 200 11393 "http://www.mink-gmbh.de/standard.php" "Mozilla/5.0 (Macintosh; Intel Mac OS X 10_7_5) AppleWebKit/537.31 (KHTML, like Gecko) Chrome/26.0.1410.65 Safari/537.31"
94.222.127.137 - - [09/May/2013:15:49:44 +0200] "GET /news.php HTTP/1.1" 200 22178 "http://www.mink-gmbh.de/index.php" "Mozilla/5.0 (Macintosh; Intel Mac OS X 10_7_5) AppleWebKit/537.31 (KHTML, like Gecko) Chrome/26.0.1410.65 Safari/537.31"
208.115.113.91 - - [09/May/2013:15:51:26 +0200] "GET /news.php?cs_go=archiv&cs_id=4037&cs_search= HTTP/1.1" 200 9934 "-" "Mozilla/5.0 (compatible; Ezooms/1.0; ezooms.bot@gmail.com)"
66.249.78.46 - - [09/May/2013:15:55:52 +0200] "GET /news.php?cs_go=archiv&cs_id=2749&cs_search= HTTP/1.1" 200 12618 "-" "Mozilla/5.0 (compatible; Googlebot/2.1; +http://www.google.com/bot.html)"
66.249.75.49 - - [09/May/2013:15:59:25 +0200] "GET /news.php?cs_go=archiv&cs_id=4139&cs_search= HTTP/1.1" 200 11162 "-" "SAMSUNG-SGH-E250/1.0 Profile/MIDP-2.0 Configuration/CLDC-1.1 UP.Browser/6.2.3.3.c.1.101 (GUI) MMP/2.0 (compatible; Googlebot-Mobile/2.1; +http://www.google.com/bot.html)"
66.249.78.46 - - [09/May/2013:16:02:37 +0200] "GET /news.php?cs_go=archiv&cs_startpos=1570 HTTP/1.1" 200 8126 "-" "Mozilla/5.0 (compatible; Googlebot/2.1; +http://www.google.com/bot.html)"
66.249.78.46 - - [09/May/2013:16:05:35 +0200] "GET /news.php?cs_go=archiv&cs_startpos=1560 HTTP/1.1" 200 8126 "-" "Mozilla/5.0 (compatible; Googlebot/2.1; +http://www.google.com/bot.html)"
66.249.78.46 - - [09/May/2013:16:09:23 +0200] "GET /news.php?cs_go=archiv&cs_id=2759&cs_search= HTTP/1.1" 200 12287 "-" "Mozilla/5.0 (compatible; Googlebot/2.1; +http://www.google.com/bot.html)"
173.199.114.163 - - [09/May/2013:16:12:44 +0200] "GET /lexikon.php?cs_go=3&cs_id=228 HTTP/1.1" 200 9244 "-" "Mozilla/5.0 (compatible; AhrefsBot/4.0; +http://ahrefs.com/robot/)"
66.249.78.46 - - [09/May/2013:16:14:29 +0200] "GET /news.php?cs_go=archiv&cs_startpos=1550 HTTP/1.1" 200 8126 "-" "Mozilla/5.0 (compatible; Googlebot/2.1; +http://www.google.com/bot.html)"
66.249.78.46 - - [09/May/2013:16:22:49 +0200] "GET /news.php?cs_go=archiv&cs_id=2828&cs_search= HTTP/1.1" 200 13839 "-" "Mozilla/5.0 (compatible; Googlebot/2.1; +http://www.google.com/bot.html)"
66.249.78.46 - - [09/May/2013:16:24:30 +0200] "GET /news.php?cs_go=archiv&cs_startpos=1540 HTTP/1.1" 200 8126 "-" "Mozilla/5.0 (compatible; Googlebot/2.1; +http://www.google.com/bot.html)"
141.8.147.12 - - [09/May/2013:16:29:05 +0200] "GET /robots.txt HTTP/1.1" 200 177 "-" "Mozilla/5.0 (compatible; YandexBot/3.0; +http://yandex.com/bots)"
66.249.78.46 - - [09/May/2013:16:34:45 +0200] "GET /news.php?cs_go=archiv&cs_startpos=1530 HTTP/1.1" 200 8126 "-" "Mozilla/5.0 (compatible; Googlebot/2.1; +http://www.google.com/bot.html)"
66.249.78.46 - - [09/May/2013:16:36:05 +0200] "GET /news.php?cs_go=archiv&cs_startpos=20 HTTP/1.1" 200 22492 "-" "Mozilla/5.0 (iPhone; U; CPU iPhone OS 4_1 like Mac OS X; en-us) AppleWebKit/532.9 (KHTML, like Gecko) Version/4.0.5 Mobile/8B117 Safari/6531.22.7 (compatible; Googlebot-Mobile/2.1; +http://www.google.com/bot.html)"
66.249.75.49 - - [09/May/2013:16:43:01 +0200] "GET /news.php?cs_go=archiv&cs_id=2953&cs_search= HTTP/1.1" 200 10004 "-" "Mozilla/5.0 (compatible; Googlebot/2.1; +http://www.google.com/bot.html)"
66.249.78.46 - - [09/May/2013:16:44:45 +0200] "GET /news.php?cs_go=archiv&cs_startpos=1520 HTTP/1.1" 200 8126 "-" "Mozilla/5.0 (compatible; Googlebot/2.1; +http://www.google.com/bot.html)"
66.249.78.46 - - [09/May/2013:16:49:46 +0200] "GET /news.php?cs_go=archiv&cs_id=2821&cs_search= HTTP/1.1" 200 10089 "-" "Mozilla/5.0 (compatible; Googlebot/2.1; +http://www.google.com/bot.html)"
46.161.41.24 - - [09/May/2013:16:52:20 +0200] "GET /jobs.php HTTP/1.1" 200 7200 "-" "Mozilla/4.0 (compatible; MSIE 6.0; MSIE 5.5; Windows 95) Opera 7.03 [de]"
66.249.78.46 - - [09/May/2013:16:55:02 +0200] "GET /news.php?cs_go=archiv&cs_startpos=1510 HTTP/1.1" 200 8126 "-" "Mozilla/5.0 (compatible; Googlebot/2.1; +http://www.google.com/bot.html)"
66.249.78.46 - - [09/May/2013:16:56:28 +0200] "GET /news.php?cs_go=archiv&cs_id=3325&cs_search= HTTP/1.1" 200 13648 "-" "Mozilla/5.0 (compatible; Googlebot/2.1; +http://www.google.com/bot.html)"
66.249.78.46 - - [09/May/2013:17:03:13 +0200] "GET /news.php?cs_go=archiv&cs_id=2892&cs_search= HTTP/1.1" 200 13459 "-" "Mozilla/5.0 (compatible; Googlebot/2.1; +http://www.google.com/bot.html)"
66.249.78.46 - - [09/May/2013:17:04:30 +0200] "GET /news.php?cs_go=archiv&cs_startpos=1500 HTTP/1.1" 200 8126 "-" "Mozilla/5.0 (compatible; Googlebot/2.1; +http://www.google.com/bot.html)"
66.249.78.46 - - [09/May/2013:17:09:54 +0200] "GET /news.php?cs_go=archiv&cs_id=4014 HTTP/1.1" 200 13778 "-" "Mozilla/5.0 (compatible; Googlebot/2.1; +http://www.google.com/bot.html)"
66.249.78.46 - - [09/May/2013:17:14:32 +0200] "GET /news.php?cs_go=archiv&cs_startpos=1490 HTTP/1.1" 200 8126 "-" "Mozilla/5.0 (compatible; Googlebot/2.1; +http://www.google.com/bot.html)"
66.249.78.46 - - [09/May/2013:17:24:46 +0200] "GET /news.php?cs_go=archiv&cs_startpos=1480 HTTP/1.1" 200 8126 "-" "Mozilla/5.0 (compatible; Googlebot/2.1; +http://www.google.com/bot.html)"
141.8.147.12 - - [09/May/2013:17:30:00 +0200] "GET / HTTP/1.1" 200 12134 "-" "Mozilla/5.0 (compatible; YandexBot/3.0; +http://yandex.com/bots)"
66.249.78.46 - - [09/May/2013:17:32:24 +0200] "GET / HTTP/1.1" 200 12134 "-" "Mozilla/5.0 (iPhone; U; CPU iPhone OS 4_1 like Mac OS X; en-us) AppleWebKit/532.9 (KHTML, like Gecko) Version/4.0.5 Mobile/8B117 Safari/6531.22.7 (compatible; Googlebot-Mobile/2.1; +http://www.google.com/bot.html)"
66.249.78.46 - - [09/May/2013:17:34:32 +0200] "GET /news.php?cs_go=archiv&cs_startpos=1470 HTTP/1.1" 200 8126 "-" "Mozilla/5.0 (compatible; Googlebot/2.1; +http://www.google.com/bot.html)"
208.115.111.75 - - [09/May/2013:17:39:08 +0200] "GET /news.php?cs_go=archiv&cs_startpos=230 HTTP/1.1" 200 22292 "-" "Mozilla/5.0 (compatible; Ezooms/1.0; ezooms.bot@gmail.com)"
66.249.78.46 - - [09/May/2013:17:43:37 +0200] "GET /news.php?cs_go=archiv&cs_id=2817&cs_search= HTTP/1.1" 200 14047 "-" "Mozilla/5.0 (compatible; Googlebot/2.1; +http://www.google.com/bot.html)"
66.249.78.46 - - [09/May/2013:17:44:49 +0200] "GET /news.php?cs_go=archiv&cs_startpos=1460 HTTP/1.1" 200 8126 "-" "Mozilla/5.0 (compatible; Googlebot/2.1; +http://www.google.com/bot.html)"
66.249.78.46 - - [09/May/2013:17:50:17 +0200] "GET /news.php?cs_go=archiv&cs_id=3151&cs_search= HTTP/1.1" 200 13461 "-" "Mozilla/5.0 (compatible; Googlebot/2.1; +http://www.google.com/bot.html)"
173.199.114.163 - - [09/May/2013:17:53:23 +0200] "GET /lexikon.php?cs_go=3&cs_id=25 HTTP/1.1" 200 8404 "-" "Mozilla/5.0 (compatible; AhrefsBot/4.0; +http://ahrefs.com/robot/)"
66.249.78.46 - - [09/May/2013:17:54:32 +0200] "GET /news.php?cs_go=archiv&cs_startpos=1450 HTTP/1.1" 200 8126 "-" "Mozilla/5.0 (compatible; Googlebot/2.1; +http://www.google.com/bot.html)"
87.123.92.210 - - [09/May/2013:17:56:08 +0200] "GET /preisanfrage.php HTTP/1.1" 200 10735 "http://www.mink-gmbh.de/wunschpreis.php" "Mozilla/5.0 (iPad; CPU OS 6_1_3 like Mac OS X) AppleWebKit/536.26 (KHTML, like Gecko) CriOS/26.0.1410.50 Mobile/10B329 Safari/8536.25"
87.123.92.210 - - [09/May/2013:17:56:10 +0200] "GET /apple-touch-icon-precomposed.png HTTP/1.1" 404 - "-" "Mozilla/5.0 (iPad; CPU OS 6_1_3 like Mac OS X) AppleWebKit/536.26 (KHTML, like Gecko) CriOS/26.0.1410.50 Mobile/10B329 Safari/8536.25"
173.199.114.163 - - [09/May/2013:17:56:44 +0200] "GET /news.php?cs_go=archiv&cs_id=3582&cs_search= HTTP/1.1" 200 9831 "-" "Mozilla/5.0 (compatible; AhrefsBot/4.0; +http://ahrefs.com/robot/)"
66.249.78.46 - - [09/May/2013:17:57:04 +0200] "GET /news.php?cs_go=archiv&cs_id=3060&cs_search= HTTP/1.1" 200 13783 "-" "Mozilla/5.0 (compatible; Googlebot/2.1; +http://www.google.com/bot.html)"
66.249.78.46 - - [09/May/2013:18:04:30 +0200] "GET /news.php?cs_go=archiv&cs_startpos=1440 HTTP/1.1" 200 8126 "-" "Mozilla/5.0 (compatible; Googlebot/2.1; +http://www.google.com/bot.html)"
66.249.78.46 - - [09/May/2013:18:10:30 +0200] "GET /lexikon.php?cs_go=3&cs_id=198 HTTP/1.1" 200 9022 "-" "Mozilla/5.0 (compatible; Googlebot/2.1; +http://www.google.com/bot.html)"
66.249.78.46 - - [09/May/2013:18:14:50 +0200] "GET /news.php?cs_go=archiv&cs_startpos=1430 HTTP/1.1" 200 8126 "-" "Mozilla/5.0 (compatible; Googlebot/2.1; +http://www.google.com/bot.html)"
66.249.78.46 - - [09/May/2013:18:24:47 +0200] "GET /news.php?cs_go=archiv&cs_startpos=1420 HTTP/1.1" 200 8126 "-" "Mozilla/5.0 (compatible; Googlebot/2.1; +http://www.google.com/bot.html)"
141.8.147.12 - - [09/May/2013:18:25:39 +0200] "GET /index.php HTTP/1.1" 200 12134 "-" "Mozilla/5.0 (compatible; YandexBot/3.0; +http://yandex.com/bots)"
66.249.78.46 - - [09/May/2013:18:30:41 +0200] "GET /news.php?cs_go=archiv&cs_id=3519 HTTP/1.1" 200 11865 "-" "Mozilla/5.0 (compatible; Googlebot/2.1; +http://www.google.com/bot.html)"
130.83.167.153 - - [09/May/2013:18:31:43 +0200] "GET /faq.php HTTP/1.1" 200 7019 "-" "findlinks/2.6 (+http://wortschatz.uni-leipzig.de/findlinks/)"
130.83.167.153 - - [09/May/2013:18:31:43 +0200] "GET /faq.php HTTP/1.1" 200 183950 "-" "findlinks/2.6 (+http://wortschatz.uni-leipzig.de/findlinks/)"
139.18.2.209 - - [09/May/2013:19:00:36 +0200] "GET /news.php?cs_go=archiv&cs_startpos=10 HTTP/1.1" 200 6992 "-" "findlinks/2.6 (+http://wortschatz.uni-leipzig.de/findlinks/)"
139.18.2.209 - - [09/May/2013:19:00:36 +0200] "GET /news.php?cs_go=archiv&cs_startpos=10 HTTP/1.1" 200 22257 "-" "findlinks/2.6 (+http://wortschatz.uni-leipzig.de/findlinks/)"
66.249.78.46 - - [09/May/2013:19:11:06 +0200] "GET /news.php?cs_go=archiv&cs_id=2769&cs_search= HTTP/1.1" 200 10351 "-" "Mozilla/5.0 (compatible; Googlebot/2.1; +http://www.google.com/bot.html)"
141.8.147.12 - - [09/May/2013:19:12:08 +0200] "GET /news.php HTTP/1.1" 200 22265 "-" "Mozilla/5.0 (compatible; YandexBot/3.0; +http://yandex.com/bots)"
66.249.78.46 - - [09/May/2013:19:17:55 +0200] "GET /lexikon.php?cs_go=2&cs_char=i HTTP/1.1" 200 8402 "-" "Mozilla/5.0 (iPhone; U; CPU iPhone OS 4_1 like Mac OS X; en-us) AppleWebKit/532.9 (KHTML, like Gecko) Version/4.0.5 Mobile/8B117 Safari/6531.22.7 (compatible; Googlebot-Mobile/2.1; +http://www.google.com/bot.html)"
173.199.114.163 - - [09/May/2013:19:23:28 +0200] "GET /news.php?cs_go=archiv&cs_startpos=0 HTTP/1.1" 200 22265 "-" "Mozilla/5.0 (compatible; AhrefsBot/4.0; +http://ahrefs.com/robot/)"
141.8.147.12 - - [09/May/2013:19:28:23 +0200] "GET /lexikon.php?cs_go=3&cs_id=68 HTTP/1.1" 200 8518 "-" "Mozilla/5.0 (compatible; YandexBot/3.0; +http://yandex.com/bots)"
141.8.147.12 - - [09/May/2013:19:29:23 +0200] "GET /lexikon.php?cs_go=3&cs_id=63 HTTP/1.1" 200 8362 "-" "Mozilla/5.0 (compatible; YandexBot/3.0; +http://yandex.com/bots)"
208.115.111.75 - - [09/May/2013:19:36:19 +0200] "GET /robots.txt HTTP/1.1" 200 177 "-" "Mozilla/5.0 (compatible; Ezooms/1.0; ezooms.bot@gmail.com)"
173.199.114.163 - - [09/May/2013:19:41:33 +0200] "GET /lexikon.php?cs_go=2&cs_char=y HTTP/1.1" 200 8610 "-" "Mozilla/5.0 (compatible; AhrefsBot/4.0; +http://ahrefs.com/robot/)"
66.249.78.46 - - [09/May/2013:19:58:14 +0200] "GET /news.php?cs_go=archiv&cs_id=3888 HTTP/1.1" 200 13405 "-" "Mozilla/5.0 (compatible; Googlebot/2.1; +http://www.google.com/bot.html)"
141.8.147.12 - - [09/May/2013:20:06:54 +0200] "GET /news.php?cs_go=archiv&cs_id=4048&cs_search= HTTP/1.1" 200 10112 "-" "Mozilla/5.0 (compatible; YandexBot/3.0; +http://yandex.com/bots)"
139.18.2.209 - - [09/May/2013:20:07:03 +0200] "GET /news.php?cs_go=archiv&cs_id=3981&cs_search= HTTP/1.1" 200 9888 "-" "findlinks/2.6 (+http://wortschatz.uni-leipzig.de/findlinks/)"
139.18.2.209 - - [09/May/2013:20:07:04 +0200] "GET /news.php?cs_go=archiv&cs_id=3981&cs_search= HTTP/1.1" 200 12251 "-" "findlinks/2.6 (+http://wortschatz.uni-leipzig.de/findlinks/)"
66.249.78.46 - - [09/May/2013:20:11:42 +0200] "GET /news.php?cs_go=archiv&cs_id=2760&cs_search= HTTP/1.1" 200 11187 "-" "Mozilla/5.0 (compatible; Googlebot/2.1; +http://www.google.com/bot.html)"
66.249.78.46 - - [09/May/2013:20:18:26 +0200] "GET /news.php?cs_go=archiv&cs_id=3109&cs_search= HTTP/1.1" 200 11221 "-" "Mozilla/5.0 (compatible; Googlebot/2.1; +http://www.google.com/bot.html)"
141.8.147.12 - - [09/May/2013:20:18:42 +0200] "GET /news.php?cs_go=archiv&cs_id=4039 HTTP/1.1" 200 12964 "-" "Mozilla/5.0 (compatible; YandexBot/3.0; +http://yandex.com/bots)"
66.249.78.46 - - [09/May/2013:20:25:05 +0200] "GET /news.php?cs_go=archiv&cs_id=3882 HTTP/1.1" 200 9898 "-" "Mozilla/5.0 (compatible; Googlebot/2.1; +http://www.google.com/bot.html)"
66.249.78.46 - - [09/May/2013:20:31:52 +0200] "GET /news.php?cs_go=archiv&cs_id=3883 HTTP/1.1" 200 10401 "-" "Mozilla/5.0 (compatible; Googlebot/2.1; +http://www.google.com/bot.html)"
65.36.241.79 - - [09/May/2013:20:35:17 +0200] "HEAD / HTTP/1.1" 200 - "-" "InternetSeer.com"
141.8.147.12 - - [09/May/2013:20:36:46 +0200] "GET /news.php?cs_go=archiv&cs_id=4106 HTTP/1.1" 200 13611 "-" "Mozilla/5.0 (compatible; YandexBot/3.0; +http://yandex.com/bots)"
66.249.75.49 - - [09/May/2013:20:52:06 +0200] "GET /news.php?cs_go=archiv&cs_id=3879 HTTP/1.1" 200 11130 "-" "Mozilla/5.0 (compatible; Googlebot/2.1; +http://www.google.com/bot.html)"
66.249.78.46 - - [09/May/2013:20:58:50 +0200] "GET /lexikon.php?cs_go=3&cs_id=204 HTTP/1.1" 200 8006 "-" "Mozilla/5.0 (compatible; Googlebot/2.1; +http://www.google.com/bot.html)"
141.8.147.12 - - [09/May/2013:20:59:37 +0200] "GET /news.php?cs_go=archiv&cs_id=4017 HTTP/1.1" 200 11654 "-" "Mozilla/5.0 (compatible; YandexBot/3.0; +http://yandex.com/bots)"
220.181.108.92 - - [09/May/2013:21:01:38 +0200] "GET /images/freecall.jpg HTTP/1.1" 200 39195 "-" "Baiduspider-image+(+http://www.baidu.com/search/spider.htm)"
66.249.78.46 - - [09/May/2013:21:04:53 +0200] "GET /news.php?cs_go=archiv&cs_startpos=90 HTTP/1.1" 200 22632 "-" "Mozilla/5.0 (compatible; Googlebot/2.1; +http://www.google.com/bot.html)"
66.249.75.49 - - [09/May/2013:21:09:53 +0200] "GET /lexikon.php?cs_go=3&cs_id=127 HTTP/1.1" 200 10078 "-" "Mozilla/5.0 (compatible; Googlebot/2.1; +http://www.google.com/bot.html)"
66.249.78.46 - - [09/May/2013:21:14:32 +0200] "GET /news.php?cs_go=archiv&cs_id=3438 HTTP/1.1" 200 13198 "-" "Mozilla/5.0 (compatible; Googlebot/2.1; +http://www.google.com/bot.html)"
66.249.78.46 - - [09/May/2013:21:19:40 +0200] "GET /news.php?cs_go=archiv&cs_id=3773 HTTP/1.1" 200 9940 "-" "Mozilla/5.0 (compatible; Googlebot/2.1; +http://www.google.com/bot.html)"
66.249.78.46 - - [09/May/2013:21:25:00 +0200] "GET /lexikon.php?cs_go=3&cs_id=149 HTTP/1.1" 200 9729 "-" "Mozilla/5.0 (compatible; Googlebot/2.1; +http://www.google.com/bot.html)"
66.249.78.46 - - [09/May/2013:21:25:12 +0200] "GET /lexikon.php?cs_go=3&cs_id=184 HTTP/1.1" 200 7998 "-" "Mozilla/5.0 (compatible; Googlebot/2.1; +http://www.google.com/bot.html)"
173.199.114.163 - - [09/May/2013:21:27:06 +0200] "GET /lexikon.php?cs_go=3&cs_id=136 HTTP/1.1" 200 7990 "-" "Mozilla/5.0 (compatible; AhrefsBot/4.0; +http://ahrefs.com/robot/)"
176.9.146.19 - - [09/May/2013:21:29:20 +0200] "GET /robots.txt HTTP/1.1" 200 177 "-" "Mozilla/5.0 (compatible; SISTRIX Crawler; http://crawler.sistrix.net/)"
176.9.146.19 - - [09/May/2013:21:29:20 +0200] "GET / HTTP/1.1" 200 12134 "-" "Mozilla/5.0 (compatible; SISTRIX Crawler; http://crawler.sistrix.net/)"
176.9.146.19 - - [09/May/2013:21:29:21 +0200] "GET /rueckrufservice.php HTTP/1.1" 200 10770 "-" "Mozilla/5.0 (compatible; SISTRIX Crawler; http://crawler.sistrix.net/)"
176.9.146.19 - - [09/May/2013:21:29:21 +0200] "GET /newsletter.php HTTP/1.1" 200 8928 "-" "Mozilla/5.0 (compatible; SISTRIX Crawler; http://crawler.sistrix.net/)"
176.9.146.19 - - [09/May/2013:21:29:22 +0200] "GET /kontakt.php HTTP/1.1" 200 9198 "-" "Mozilla/5.0 (compatible; SISTRIX Crawler; http://crawler.sistrix.net/)"
176.9.146.19 - - [09/May/2013:21:29:22 +0200] "GET /news.php HTTP/1.1" 200 22265 "-" "Mozilla/5.0 (compatible; SISTRIX Crawler; http://crawler.sistrix.net/)"
176.9.146.19 - - [09/May/2013:21:29:22 +0200] "GET /kwk.php HTTP/1.1" 200 10884 "-" "Mozilla/5.0 (compatible; SISTRIX Crawler; http://crawler.sistrix.net/)"
176.9.146.19 - - [09/May/2013:21:29:22 +0200] "GET /preisanfrage.php HTTP/1.1" 200 10735 "-" "Mozilla/5.0 (compatible; SISTRIX Crawler; http://crawler.sistrix.net/)"
176.9.146.19 - - [09/May/2013:21:29:23 +0200] "GET /jobs.php HTTP/1.1" 200 7200 "-" "Mozilla/5.0 (compatible; SISTRIX Crawler; http://crawler.sistrix.net/)"
176.9.146.19 - - [09/May/2013:21:29:23 +0200] "GET /standard.php HTTP/1.1" 200 9218 "-" "Mozilla/5.0 (compatible; SISTRIX Crawler; http://crawler.sistrix.net/)"
176.9.146.19 - - [09/May/2013:21:29:23 +0200] "GET /optiplus.php HTTP/1.1" 200 11100 "-" "Mozilla/5.0 (compatible; SISTRIX Crawler; http://crawler.sistrix.net/)"
176.9.146.19 - - [09/May/2013:21:29:23 +0200] "GET /impressum.php HTTP/1.1" 200 8582 "-" "Mozilla/5.0 (compatible; SISTRIX Crawler; http://crawler.sistrix.net/)"
176.9.146.19 - - [09/May/2013:21:29:24 +0200] "GET /wunschpreis.php HTTP/1.1" 200 12084 "-" "Mozilla/5.0 (compatible; SISTRIX Crawler; http://crawler.sistrix.net/)"
176.9.146.19 - - [09/May/2013:21:29:24 +0200] "GET /agb.php HTTP/1.1" 200 19709 "-" "Mozilla/5.0 (compatible; SISTRIX Crawler; http://crawler.sistrix.net/)"
176.9.146.19 - - [09/May/2013:21:29:24 +0200] "GET /index.php HTTP/1.1" 200 12134 "-" "Mozilla/5.0 (compatible; SISTRIX Crawler; http://crawler.sistrix.net/)"
176.9.146.19 - - [09/May/2013:21:29:25 +0200] "GET /news.php?cs_go=archiv&cs_id=4163 HTTP/1.1" 200 10215 "-" "Mozilla/5.0 (compatible; SISTRIX Crawler; http://crawler.sistrix.net/)"
176.9.146.19 - - [09/May/2013:21:29:25 +0200] "GET /news.php?cs_go=archiv&cs_id=4173 HTTP/1.1" 200 13830 "-" "Mozilla/5.0 (compatible; SISTRIX Crawler; http://crawler.sistrix.net/)"
176.9.146.19 - - [09/May/2013:21:29:25 +0200] "GET /news.php?cs_go=archiv&cs_id=4172 HTTP/1.1" 200 10125 "-" "Mozilla/5.0 (compatible; SISTRIX Crawler; http://crawler.sistrix.net/)"
176.9.146.19 - - [09/May/2013:21:29:26 +0200] "GET /news.php?cs_go=archiv HTTP/1.1" 200 22265 "-" "Mozilla/5.0 (compatible; SISTRIX Crawler; http://crawler.sistrix.net/)"
176.9.146.19 - - [09/May/2013:21:29:26 +0200] "GET /news.php?cs_go=archiv&cs_id=4159 HTTP/1.1" 200 15642 "-" "Mozilla/5.0 (compatible; SISTRIX Crawler; http://crawler.sistrix.net/)"
176.9.146.19 - - [09/May/2013:21:29:26 +0200] "GET /additive.php HTTP/1.1" 200 8372 "-" "Mozilla/5.0 (compatible; SISTRIX Crawler; http://crawler.sistrix.net/)"
176.9.146.19 - - [09/May/2013:21:29:27 +0200] "GET /lexikon.php HTTP/1.1" 200 10551 "-" "Mozilla/5.0 (compatible; SISTRIX Crawler; http://crawler.sistrix.net/)"
176.9.146.19 - - [09/May/2013:21:29:27 +0200] "GET /faq.php HTTP/1.1" 200 184037 "-" "Mozilla/5.0 (compatible; SISTRIX Crawler; http://crawler.sistrix.net/)"
176.9.146.19 - - [09/May/2013:21:29:27 +0200] "GET /modernisierung.php HTTP/1.1" 200 11578 "-" "Mozilla/5.0 (compatible; SISTRIX Crawler; http://crawler.sistrix.net/)"
176.9.146.19 - - [09/May/2013:21:29:28 +0200] "GET /edl.php HTTP/1.1" 200 10801 "-" "Mozilla/5.0 (compatible; SISTRIX Crawler; http://crawler.sistrix.net/)"
176.9.146.19 - - [09/May/2013:21:29:28 +0200] "GET /diesel.php HTTP/1.1" 200 10639 "-" "Mozilla/5.0 (compatible; SISTRIX Crawler; http://crawler.sistrix.net/)"
176.9.146.19 - - [09/May/2013:21:29:28 +0200] "GET /foerdermittel.php HTTP/1.1" 200 12908 "-" "Mozilla/5.0 (compatible; SISTRIX Crawler; http://crawler.sistrix.net/)"
176.9.146.19 - - [09/May/2013:21:29:29 +0200] "GET /.php HTTP/1.1" 404 - "-" "Mozilla/5.0 (compatible; SISTRIX Crawler; http://crawler.sistrix.net/)"
176.9.146.19 - - [09/May/2013:21:29:29 +0200] "GET /energiesparcheck.php HTTP/1.1" 200 13581 "-" "Mozilla/5.0 (compatible; SISTRIX Crawler; http://crawler.sistrix.net/)"
176.9.146.19 - - [09/May/2013:21:29:29 +0200] "GET /news.php?cs_go=archiv&cs_id=4163&cs_search= HTTP/1.1" 200 10215 "-" "Mozilla/5.0 (compatible; SISTRIX Crawler; http://crawler.sistrix.net/)"
176.9.146.19 - - [09/May/2013:21:29:29 +0200] "GET /news.php?cs_go=archiv&cs_id=4164&cs_search= HTTP/1.1" 200 10339 "-" "Mozilla/5.0 (compatible; SISTRIX Crawler; http://crawler.sistrix.net/)"
176.9.146.19 - - [09/May/2013:21:29:30 +0200] "GET /news.php?cs_go=archiv&cs_startpos=0 HTTP/1.1" 200 22265 "-" "Mozilla/5.0 (compatible; SISTRIX Crawler; http://crawler.sistrix.net/)"
176.9.146.19 - - [09/May/2013:21:29:30 +0200] "GET /news.php?cs_go=archiv&cs_id=4162&cs_search= HTTP/1.1" 200 11469 "-" "Mozilla/5.0 (compatible; SISTRIX Crawler; http://crawler.sistrix.net/)"
176.9.146.19 - - [09/May/2013:21:29:30 +0200] "GET /news.php?cs_go=archiv&cs_id=4170&cs_search= HTTP/1.1" 200 10120 "-" "Mozilla/5.0 (compatible; SISTRIX Crawler; http://crawler.sistrix.net/)"
176.9.146.19 - - [09/May/2013:21:29:31 +0200] "GET /news.php?cs_go=archiv&cs_startpos=20 HTTP/1.1" 200 22492 "-" "Mozilla/5.0 (compatible; SISTRIX Crawler; http://crawler.sistrix.net/)"
176.9.146.19 - - [09/May/2013:21:29:31 +0200] "GET /news.php?cs_go=archiv&cs_startpos=231 HTTP/1.1" 200 20917 "-" "Mozilla/5.0 (compatible; SISTRIX Crawler; http://crawler.sistrix.net/)"
176.9.146.19 - - [09/May/2013:21:29:31 +0200] "GET /news.php?cs_go=archiv&cs_startpos=30 HTTP/1.1" 200 22202 "-" "Mozilla/5.0 (compatible; SISTRIX Crawler; http://crawler.sistrix.net/)"
176.9.146.19 - - [09/May/2013:21:29:32 +0200] "GET /news.php?cs_go=archiv&cs_id=4173&cs_search= HTTP/1.1" 200 13830 "-" "Mozilla/5.0 (compatible; SISTRIX Crawler; http://crawler.sistrix.net/)"
176.9.146.19 - - [09/May/2013:21:29:32 +0200] "GET /news.php?cs_go=archiv&cs_startpos=50 HTTP/1.1" 200 22760 "-" "Mozilla/5.0 (compatible; SISTRIX Crawler; http://crawler.sistrix.net/)"
176.9.146.19 - - [09/May/2013:21:29:33 +0200] "GET /news.php?cs_go=archiv&cs_id=4165&cs_search= HTTP/1.1" 200 13886 "-" "Mozilla/5.0 (compatible; SISTRIX Crawler; http://crawler.sistrix.net/)"
176.9.146.19 - - [09/May/2013:21:29:33 +0200] "GET /news.php?cs_go=archiv&cs_id=4169&cs_search= HTTP/1.1" 200 13843 "-" "Mozilla/5.0 (compatible; SISTRIX Crawler; http://crawler.sistrix.net/)"
176.9.146.19 - - [09/May/2013:21:29:33 +0200] "GET /news.php?cs_go=archiv&cs_id=4166&cs_search= HTTP/1.1" 200 10020 "-" "Mozilla/5.0 (compatible; SISTRIX Crawler; http://crawler.sistrix.net/)"
176.9.146.19 - - [09/May/2013:21:29:34 +0200] "GET /news.php?cs_go=archiv&cs_id=4172&cs_search= HTTP/1.1" 200 10125 "-" "Mozilla/5.0 (compatible; SISTRIX Crawler; http://crawler.sistrix.net/)"
176.9.146.19 - - [09/May/2013:21:29:34 +0200] "GET /news.php?cs_go=archiv&cs_id=4159&cs_search= HTTP/1.1" 200 15642 "-" "Mozilla/5.0 (compatible; SISTRIX Crawler; http://crawler.sistrix.net/)"
176.9.146.19 - - [09/May/2013:21:29:34 +0200] "GET /news.php?cs_go=archiv&cs_startpos=10 HTTP/1.1" 200 22344 "-" "Mozilla/5.0 (compatible; SISTRIX Crawler; http://crawler.sistrix.net/)"
176.9.146.19 - - [09/May/2013:21:29:35 +0200] "GET /news.php?cs_go=archiv&cs_startpos=40 HTTP/1.1" 200 22907 "-" "Mozilla/5.0 (compatible; SISTRIX Crawler; http://crawler.sistrix.net/)"
176.9.146.19 - - [09/May/2013:21:29:36 +0200] "GET /news.php?cs_go=archiv&cs_startpos=80 HTTP/1.1" 200 22659 "-" "Mozilla/5.0 (compatible; SISTRIX Crawler; http://crawler.sistrix.net/)"
176.9.146.19 - - [09/May/2013:21:29:36 +0200] "GET /lexikon.php?cs_go=2&cs_char=b HTTP/1.1" 200 9730 "-" "Mozilla/5.0 (compatible; SISTRIX Crawler; http://crawler.sistrix.net/)"
176.9.146.19 - - [09/May/2013:21:29:37 +0200] "GET /news.php?cs_go=archiv&cs_id=4114&cs_search= HTTP/1.1" 200 10471 "-" "Mozilla/5.0 (compatible; SISTRIX Crawler; http://crawler.sistrix.net/)"
176.9.146.19 - - [09/May/2013:21:29:37 +0200] "GET /lexikon.php?cs_go=2&cs_char=c HTTP/1.1" 200 8836 "-" "Mozilla/5.0 (compatible; SISTRIX Crawler; http://crawler.sistrix.net/)"
176.9.146.19 - - [09/May/2013:21:29:37 +0200] "GET /news.php?cs_go=archiv&cs_id=4123&cs_search= HTTP/1.1" 200 21839 "-" "Mozilla/5.0 (compatible; SISTRIX Crawler; http://crawler.sistrix.net/)"
176.9.146.19 - - [09/May/2013:21:29:38 +0200] "GET /lexikon.php?cs_go=2&cs_char=d HTTP/1.1" 200 9421 "-" "Mozilla/5.0 (compatible; SISTRIX Crawler; http://crawler.sistrix.net/)"
176.9.146.19 - - [09/May/2013:21:29:38 +0200] "GET /news.php?cs_go=archiv&cs_id=4134&cs_search= HTTP/1.1" 200 10005 "-" "Mozilla/5.0 (compatible; SISTRIX Crawler; http://crawler.sistrix.net/)"
176.9.146.19 - - [09/May/2013:21:29:38 +0200] "GET /lexikon.php?cs_go=2&cs_char=m HTTP/1.1" 200 9073 "-" "Mozilla/5.0 (compatible; SISTRIX Crawler; http://crawler.sistrix.net/)"
176.9.146.19 - - [09/May/2013:21:29:39 +0200] "GET /news.php?cs_go=archiv&cs_id=4160&cs_search= HTTP/1.1" 200 9989 "-" "Mozilla/5.0 (compatible; SISTRIX Crawler; http://crawler.sistrix.net/)"
176.9.146.19 - - [09/May/2013:21:29:39 +0200] "GET /news.php?cs_go=archiv&cs_id=3923&cs_search= HTTP/1.1" 200 9857 "-" "Mozilla/5.0 (compatible; SISTRIX Crawler; http://crawler.sistrix.net/)"
176.9.146.19 - - [09/May/2013:21:29:40 +0200] "GET /news.php?cs_go=archiv&cs_id=4107&cs_search= HTTP/1.1" 200 10423 "-" "Mozilla/5.0 (compatible; SISTRIX Crawler; http://crawler.sistrix.net/)"
176.9.146.19 - - [09/May/2013:21:29:40 +0200] "GET /lexikon.php?cs_go=2&cs_char=z HTTP/1.1" 200 8261 "-" "Mozilla/5.0 (compatible; SISTRIX Crawler; http://crawler.sistrix.net/)"
176.9.146.19 - - [09/May/2013:21:29:40 +0200] "GET /news.php?cs_go=archiv&cs_id=4108&cs_search= HTTP/1.1" 200 10891 "-" "Mozilla/5.0 (compatible; SISTRIX Crawler; http://crawler.sistrix.net/)"
176.9.146.19 - - [09/May/2013:21:29:41 +0200] "GET /lexikon.php?cs_go=2&cs_char=i HTTP/1.1" 200 8402 "-" "Mozilla/5.0 (compatible; SISTRIX Crawler; http://crawler.sistrix.net/)"
176.9.146.19 - - [09/May/2013:21:29:41 +0200] "GET /news.php?cs_go=archiv&cs_id=4154&cs_search= HTTP/1.1" 200 10262 "-" "Mozilla/5.0 (compatible; SISTRIX Crawler; http://crawler.sistrix.net/)"
176.9.146.19 - - [09/May/2013:21:29:41 +0200] "GET /news.php?cs_go=archiv&cs_id=4153&cs_search= HTTP/1.1" 200 13736 "-" "Mozilla/5.0 (compatible; SISTRIX Crawler; http://crawler.sistrix.net/)"
176.9.146.19 - - [09/May/2013:21:29:42 +0200] "GET /news.php?cs_go=archiv&cs_id=4127&cs_search= HTTP/1.1" 200 9990 "-" "Mozilla/5.0 (compatible; SISTRIX Crawler; http://crawler.sistrix.net/)"
176.9.146.19 - - [09/May/2013:21:29:42 +0200] "GET /lexikon.php?cs_go=2&cs_char=v HTTP/1.1" 200 9117 "-" "Mozilla/5.0 (compatible; SISTRIX Crawler; http://crawler.sistrix.net/)"
176.9.146.19 - - [09/May/2013:21:29:44 +0200] "GET /news.php?cs_go=archiv&cs_id=4148&cs_search= HTTP/1.1" 200 12308 "-" "Mozilla/5.0 (compatible; SISTRIX Crawler; http://crawler.sistrix.net/)"
176.9.146.19 - - [09/May/2013:21:29:45 +0200] "GET /news.php?cs_go=archiv&cs_id=3921&cs_search= HTTP/1.1" 200 10298 "-" "Mozilla/5.0 (compatible; SISTRIX Crawler; http://crawler.sistrix.net/)"
176.9.146.19 - - [09/May/2013:21:29:45 +0200] "GET /news.php?cs_go=archiv&cs_startpos=200 HTTP/1.1" 200 22489 "-" "Mozilla/5.0 (compatible; SISTRIX Crawler; http://crawler.sistrix.net/)"
176.9.146.19 - - [09/May/2013:21:29:46 +0200] "GET /lexikon.php?cs_go=2&cs_char=p HTTP/1.1" 200 9166 "-" "Mozilla/5.0 (compatible; SISTRIX Crawler; http://crawler.sistrix.net/)"
176.9.146.19 - - [09/May/2013:21:29:46 +0200] "GET /news.php?cs_go=archiv&cs_id=4156&cs_search= HTTP/1.1" 200 13023 "-" "Mozilla/5.0 (compatible; SISTRIX Crawler; http://crawler.sistrix.net/)"
176.9.146.19 - - [09/May/2013:21:29:47 +0200] "GET /news.php?cs_go=archiv&cs_id=3924&cs_search= HTTP/1.1" 200 10232 "-" "Mozilla/5.0 (compatible; SISTRIX Crawler; http://crawler.sistrix.net/)"
176.9.146.19 - - [09/May/2013:21:29:47 +0200] "GET /news.php?cs_go=archiv&cs_id=4130&cs_search= HTTP/1.1" 200 13778 "-" "Mozilla/5.0 (compatible; SISTRIX Crawler; http://crawler.sistrix.net/)"
176.9.146.19 - - [09/May/2013:21:29:47 +0200] "GET /news.php?cs_go=archiv&cs_id=4143&cs_search= HTTP/1.1" 200 10277 "-" "Mozilla/5.0 (compatible; SISTRIX Crawler; http://crawler.sistrix.net/)"
176.9.146.19 - - [09/May/2013:21:29:48 +0200] "GET /news.php?cs_go=archiv&cs_startpos=220 HTTP/1.1" 200 22512 "-" "Mozilla/5.0 (compatible; SISTRIX Crawler; http://crawler.sistrix.net/)"
176.9.146.19 - - [09/May/2013:21:29:49 +0200] "GET /lexikon.php?cs_go=2&cs_char=t HTTP/1.1" 200 8962 "-" "Mozilla/5.0 (compatible; SISTRIX Crawler; http://crawler.sistrix.net/)"
176.9.146.19 - - [09/May/2013:21:29:49 +0200] "GET /news.php?cs_go=archiv&cs_id=4137&cs_search= HTTP/1.1" 200 9951 "-" "Mozilla/5.0 (compatible; SISTRIX Crawler; http://crawler.sistrix.net/)"
176.9.146.19 - - [09/May/2013:21:29:50 +0200] "GET /lexikon.php?cs_go=2&cs_char=n HTTP/1.1" 200 8578 "-" "Mozilla/5.0 (compatible; SISTRIX Crawler; http://crawler.sistrix.net/)"
176.9.146.19 - - [09/May/2013:21:29:50 +0200] "GET /news.php?cs_go=archiv&cs_id=4161&cs_search= HTTP/1.1" 200 11673 "-" "Mozilla/5.0 (compatible; SISTRIX Crawler; http://crawler.sistrix.net/)"
176.9.146.19 - - [09/May/2013:21:29:50 +0200] "GET /news.php?cs_go=archiv&cs_id=4132&cs_search= HTTP/1.1" 200 12500 "-" "Mozilla/5.0 (compatible; SISTRIX Crawler; http://crawler.sistrix.net/)"
176.9.146.19 - - [09/May/2013:21:29:51 +0200] "GET /news.php?cs_go=archiv&cs_id=4133&cs_search= HTTP/1.1" 200 14021 "-" "Mozilla/5.0 (compatible; SISTRIX Crawler; http://crawler.sistrix.net/)"
176.9.146.19 - - [09/May/2013:21:29:51 +0200] "GET /modernisierung.php?cs_gp_go=coupon HTTP/1.1" 200 10192 "-" "Mozilla/5.0 (compatible; SISTRIX Crawler; http://crawler.sistrix.net/)"
176.9.146.19 - - [09/May/2013:21:29:51 +0200] "GET /news.php?cs_go=archiv&cs_startpos=221 HTTP/1.1" 200 22522 "-" "Mozilla/5.0 (compatible; SISTRIX Crawler; http://crawler.sistrix.net/)"
176.9.146.19 - - [09/May/2013:21:29:52 +0200] "GET /lexikon.php?cs_go=2&cs_char=r HTTP/1.1" 200 9732 "-" "Mozilla/5.0 (compatible; SISTRIX Crawler; http://crawler.sistrix.net/)"
176.9.146.19 - - [09/May/2013:21:29:52 +0200] "GET /news.php?cs_go=archiv&cs_id=4144&cs_search= HTTP/1.1" 200 13559 "-" "Mozilla/5.0 (compatible; SISTRIX Crawler; http://crawler.sistrix.net/)"
176.9.146.19 - - [09/May/2013:21:29:52 +0200] "GET /lexikon.php?cs_go=2&cs_char=x HTTP/1.1" 200 8610 "-" "Mozilla/5.0 (compatible; SISTRIX Crawler; http://crawler.sistrix.net/)"
176.9.146.19 - - [09/May/2013:21:29:52 +0200] "GET /news.php?cs_go=archiv&cs_startpos=90 HTTP/1.1" 200 22632 "-" "Mozilla/5.0 (compatible; SISTRIX Crawler; http://crawler.sistrix.net/)"
176.9.146.19 - - [09/May/2013:21:29:53 +0200] "GET /news.php?cs_go=archiv&cs_startpos=70 HTTP/1.1" 200 22985 "-" "Mozilla/5.0 (compatible; SISTRIX Crawler; http://crawler.sistrix.net/)"
176.9.146.19 - - [09/May/2013:21:29:53 +0200] "GET /news.php?cs_go=archiv&cs_id=4125&cs_search= HTTP/1.1" 200 11589 "-" "Mozilla/5.0 (compatible; SISTRIX Crawler; http://crawler.sistrix.net/)"
176.9.146.19 - - [09/May/2013:21:29:54 +0200] "GET /lexikon.php?cs_go=2&cs_char=e HTTP/1.1" 200 9079 "-" "Mozilla/5.0 (compatible; SISTRIX Crawler; http://crawler.sistrix.net/)"
176.9.146.19 - - [09/May/2013:21:29:54 +0200] "GET /news.php?cs_go=archiv&cs_id=4157&cs_search= HTTP/1.1" 200 14107 "-" "Mozilla/5.0 (compatible; SISTRIX Crawler; http://crawler.sistrix.net/)"
176.9.146.19 - - [09/May/2013:21:29:54 +0200] "GET /news.php?cs_go=archiv&cs_id=3922&cs_search= HTTP/1.1" 200 13592 "-" "Mozilla/5.0 (compatible; SISTRIX Crawler; http://crawler.sistrix.net/)"
176.9.146.19 - - [09/May/2013:21:29:55 +0200] "GET /news.php?cs_go=archiv&cs_id=4116&cs_search= HTTP/1.1" 200 12558 "-" "Mozilla/5.0 (compatible; SISTRIX Crawler; http://crawler.sistrix.net/)"
176.9.146.19 - - [09/May/2013:21:29:55 +0200] "GET /news.php?cs_go=archiv&cs_id=4140&cs_search= HTTP/1.1" 200 11842 "-" "Mozilla/5.0 (compatible; SISTRIX Crawler; http://crawler.sistrix.net/)"
176.9.146.19 - - [09/May/2013:21:29:55 +0200] "GET /news.php?cs_go=archiv&cs_id=4128&cs_search= HTTP/1.1" 200 10091 "-" "Mozilla/5.0 (compatible; SISTRIX Crawler; http://crawler.sistrix.net/)"
176.9.146.19 - - [09/May/2013:21:29:56 +0200] "GET /news.php?cs_go=archiv&cs_id=4147&cs_search= HTTP/1.1" 200 9981 "-" "Mozilla/5.0 (compatible; SISTRIX Crawler; http://crawler.sistrix.net/)"
176.9.146.19 - - [09/May/2013:21:29:56 +0200] "GET /news.php?cs_go=archiv&cs_id=4149&cs_search= HTTP/1.1" 200 11685 "-" "Mozilla/5.0 (compatible; SISTRIX Crawler; http://crawler.sistrix.net/)"
176.9.146.19 - - [09/May/2013:21:29:56 +0200] "GET /news.php?cs_go=archiv&cs_id=4138&cs_search= HTTP/1.1" 200 10944 "-" "Mozilla/5.0 (compatible; SISTRIX Crawler; http://crawler.sistrix.net/)"
176.9.146.19 - - [09/May/2013:21:29:57 +0200] "GET /news.php?cs_go=archiv&cs_startpos=190 HTTP/1.1" 200 22728 "-" "Mozilla/5.0 (compatible; SISTRIX Crawler; http://crawler.sistrix.net/)"
176.9.146.19 - - [09/May/2013:21:29:57 +0200] "GET /lexikon.php?cs_go=2&cs_char=q HTTP/1.1" 200 8162 "-" "Mozilla/5.0 (compatible; SISTRIX Crawler; http://crawler.sistrix.net/)"
176.9.146.19 - - [09/May/2013:21:29:57 +0200] "GET /news.php?cs_go=archiv&cs_id=4115&cs_search= HTTP/1.1" 200 11713 "-" "Mozilla/5.0 (compatible; SISTRIX Crawler; http://crawler.sistrix.net/)"
176.9.146.19 - - [09/May/2013:21:29:57 +0200] "GET /lexikon.php?cs_go=2&cs_char=g HTTP/1.1" 200 9126 "-" "Mozilla/5.0 (compatible; SISTRIX Crawler; http://crawler.sistrix.net/)"
176.9.146.19 - - [09/May/2013:21:29:58 +0200] "GET /news.php?cs_go=archiv&cs_startpos=100 HTTP/1.1" 200 22792 "-" "Mozilla/5.0 (compatible; SISTRIX Crawler; http://crawler.sistrix.net/)"
176.9.146.19 - - [09/May/2013:21:29:58 +0200] "GET /modernisierung.php?cs_gp_go=description HTTP/1.1" 200 10771 "-" "Mozilla/5.0 (compatible; SISTRIX Crawler; http://crawler.sistrix.net/)"
176.9.146.19 - - [09/May/2013:21:29:58 +0200] "GET /news.php?cs_go=archiv&cs_id=4126&cs_search= HTTP/1.1" 200 11508 "-" "Mozilla/5.0 (compatible; SISTRIX Crawler; http://crawler.sistrix.net/)"
176.9.146.19 - - [09/May/2013:21:29:59 +0200] "GET /news.php?cs_go=archiv&cs_id=4139&cs_search= HTTP/1.1" 200 11162 "-" "Mozilla/5.0 (compatible; SISTRIX Crawler; http://crawler.sistrix.net/)"
176.9.146.19 - - [09/May/2013:21:29:59 +0200] "GET /news.php?cs_go=archiv&cs_startpos=230 HTTP/1.1" 200 22292 "-" "Mozilla/5.0 (compatible; SISTRIX Crawler; http://crawler.sistrix.net/)"
176.9.146.19 - - [09/May/2013:21:29:59 +0200] "GET /lexikon.php?cs_go=2&cs_char=u HTTP/1.1" 200 8744 "-" "Mozilla/5.0 (compatible; SISTRIX Crawler; http://crawler.sistrix.net/)"
176.9.146.19 - - [09/May/2013:21:30:00 +0200] "GET /news.php?cs_go=archiv&cs_id=4112&cs_search= HTTP/1.1" 200 11870 "-" "Mozilla/5.0 (compatible; SISTRIX Crawler; http://crawler.sistrix.net/)"
176.9.146.19 - - [09/May/2013:21:30:00 +0200] "GET /modernisierung.php?cs_gp_go=plus HTTP/1.1" 200 11578 "-" "Mozilla/5.0 (compatible; SISTRIX Crawler; http://crawler.sistrix.net/)"
176.9.146.19 - - [09/May/2013:21:30:00 +0200] "GET /news.php?cs_go=archiv&cs_id=4120&cs_search= HTTP/1.1" 200 10417 "-" "Mozilla/5.0 (compatible; SISTRIX Crawler; http://crawler.sistrix.net/)"
176.9.146.19 - - [09/May/2013:21:30:00 +0200] "GET /lexikon.php?cs_go=2&cs_char=l HTTP/1.1" 200 8773 "-" "Mozilla/5.0 (compatible; SISTRIX Crawler; http://crawler.sistrix.net/)"
176.9.146.19 - - [09/May/2013:21:30:01 +0200] "GET /news.php?cs_go=archiv&cs_id=4113&cs_search= HTTP/1.1" 200 11878 "-" "Mozilla/5.0 (compatible; SISTRIX Crawler; http://crawler.sistrix.net/)"
176.9.146.19 - - [09/May/2013:21:30:01 +0200] "GET /lexikon.php?cs_go=2&cs_char=h HTTP/1.1" 200 8800 "-" "Mozilla/5.0 (compatible; SISTRIX Crawler; http://crawler.sistrix.net/)"
176.9.146.19 - - [09/May/2013:21:30:01 +0200] "GET /news.php?cs_go=archiv&cs_id=4155&cs_search= HTTP/1.1" 200 13109 "-" "Mozilla/5.0 (compatible; SISTRIX Crawler; http://crawler.sistrix.net/)"
176.9.146.19 - - [09/May/2013:21:30:01 +0200] "GET /news.php?cs_go=archiv&cs_id=3919&cs_search= HTTP/1.1" 200 13338 "-" "Mozilla/5.0 (compatible; SISTRIX Crawler; http://crawler.sistrix.net/)"
176.9.146.19 - - [09/May/2013:21:30:02 +0200] "GET /news.php?cs_go=archiv&cs_id=4131&cs_search= HTTP/1.1" 200 10203 "-" "Mozilla/5.0 (compatible; SISTRIX Crawler; http://crawler.sistrix.net/)"
176.9.146.19 - - [09/May/2013:21:30:02 +0200] "GET /news.php?cs_go=archiv&cs_id=4150&cs_search= HTTP/1.1" 200 9743 "-" "Mozilla/5.0 (compatible; SISTRIX Crawler; http://crawler.sistrix.net/)"
176.9.146.19 - - [09/May/2013:21:30:02 +0200] "GET /news.php?cs_go=archiv&cs_id=4129&cs_search= HTTP/1.1" 200 10427 "-" "Mozilla/5.0 (compatible; SISTRIX Crawler; http://crawler.sistrix.net/)"
176.9.146.19 - - [09/May/2013:21:30:02 +0200] "GET /news.php?cs_go=archiv&cs_id=4141&cs_search= HTTP/1.1" 200 11115 "-" "Mozilla/5.0 (compatible; SISTRIX Crawler; http://crawler.sistrix.net/)"
