37.58.52.15 - - [18/May/2013:16:13:45 +0200] "GET /news.php?cs_go=archiv&cs_id=4083&cs_search= HTTP/1.0" 200 10769 "-" "Mozilla/5.0 (compatible; AcoonBot/4.11.1; +http://www.acoon.de/robot.asp)"
37.58.52.15 - - [18/May/2013:16:16:43 +0200] "GET /news.php?cs_go=archiv&cs_id=4057&cs_search= HTTP/1.0" 200 10953 "-" "Mozilla/5.0 (compatible; AcoonBot/4.11.1; +http://www.acoon.de/robot.asp)"
37.58.52.15 - - [18/May/2013:16:18:34 +0200] "GET /lexikon.php?cs_go=3&cs_id=61 HTTP/1.0" 200 6447 "-" "Mozilla/5.0 (compatible; AcoonBot/4.11.1; +http://www.acoon.de/robot.asp)"
157.55.32.185 - - [18/May/2013:16:22:11 +0200] "GET /robots.txt HTTP/1.1" 200 177 "-" "Mozilla/5.0 (compatible; bingbot/2.0; +http://www.bing.com/bingbot.htm)"
37.58.52.15 - - [18/May/2013:16:22:56 +0200] "GET /lexikon.php?cs_go=3&cs_id=84 HTTP/1.0" 200 6010 "-" "Mozilla/5.0 (compatible; AcoonBot/4.11.1; +http://www.acoon.de/robot.asp)"
157.55.32.185 - - [18/May/2013:16:24:47 +0200] "GET / HTTP/1.1" 200 12300 "-" "Mozilla/5.0 (compatible; bingbot/2.0; +http://www.bing.com/bingbot.htm)"
37.58.52.15 - - [18/May/2013:16:25:41 +0200] "GET /lexikon.php?cs_go=3&cs_id=152 HTTP/1.0" 200 6233 "-" "Mozilla/5.0 (compatible; AcoonBot/4.11.1; +http://www.acoon.de/robot.asp)"
173.199.115.107 - - [18/May/2013:16:26:34 +0200] "GET /news.php?cs_go=archiv&cs_id=3821&cs_search= HTTP/1.1" 200 8718 "-" "Mozilla/5.0 (compatible; AhrefsBot/4.0; +http://ahrefs.com/robot/)"
66.249.78.46 - - [18/May/2013:16:30:08 +0200] "GET /news.php?cs_go=archiv&cs_id=3457 HTTP/1.1" 200 11241 "-" "Mozilla/5.0 (compatible; Googlebot/2.1; +http://www.google.com/bot.html)"
37.58.52.15 - - [18/May/2013:16:30:34 +0200] "GET /news.php?cs_go=archiv&cs_id=3962&cs_search= HTTP/1.0" 200 9280 "-" "Mozilla/5.0 (compatible; AcoonBot/4.11.1; +http://www.acoon.de/robot.asp)"
37.58.52.15 - - [18/May/2013:16:31:49 +0200] "GET /lexikon.php?cs_go=3&cs_id=21 HTTP/1.0" 200 6725 "-" "Mozilla/5.0 (compatible; AcoonBot/4.11.1; +http://www.acoon.de/robot.asp)"
37.58.52.15 - - [18/May/2013:16:36:55 +0200] "GET /lexikon.php?cs_go=3&cs_id=197 HTTP/1.0" 200 5650 "-" "Mozilla/5.0 (compatible; AcoonBot/4.11.1; +http://www.acoon.de/robot.asp)"
37.58.52.15 - - [18/May/2013:16:39:43 +0200] "GET /lexikon.php?cs_go=3&cs_id=178 HTTP/1.0" 200 6128 "-" "Mozilla/5.0 (compatible; AcoonBot/4.11.1; +http://www.acoon.de/robot.asp)"
37.58.52.15 - - [18/May/2013:16:41:39 +0200] "GET /lexikon.php?cs_go=3&cs_id=45 HTTP/1.0" 200 5653 "-" "Mozilla/5.0 (compatible; AcoonBot/4.11.1; +http://www.acoon.de/robot.asp)"
66.249.78.46 - - [18/May/2013:16:47:13 +0200] "GET /news.php?cs_go=archiv&cs_id=3988&cs_search= HTTP/1.1" 200 7812 "-" "Mozilla/5.0 (compatible; Googlebot/2.1; +http://www.google.com/bot.html)"
37.58.52.15 - - [18/May/2013:16:47:21 +0200] "GET /lexikon.php?cs_go=3&cs_id=80 HTTP/1.0" 200 6058 "-" "Mozilla/5.0 (compatible; AcoonBot/4.11.1; +http://www.acoon.de/robot.asp)"
37.58.52.15 - - [18/May/2013:16:51:08 +0200] "GET /news.php?cs_go=archiv&cs_id=4103&cs_search= HTTP/1.0" 200 7634 "-" "Mozilla/5.0 (compatible; AcoonBot/4.11.1; +http://www.acoon.de/robot.asp)"
37.58.52.15 - - [18/May/2013:16:54:25 +0200] "GET /lexikon.php?cs_go=3&cs_id=138 HTTP/1.0" 200 6559 "-" "Mozilla/5.0 (compatible; AcoonBot/4.11.1; +http://www.acoon.de/robot.asp)"
37.58.52.15 - - [18/May/2013:16:55:26 +0200] "GET /lexikon.php?cs_go=3&cs_id=156 HTTP/1.0" 200 6376 "-" "Mozilla/5.0 (compatible; AcoonBot/4.11.1; +http://www.acoon.de/robot.asp)"
37.58.52.15 - - [18/May/2013:16:59:45 +0200] "GET /news.php?cs_go=archiv&cs_id=4113&cs_search= HTTP/1.0" 200 9533 "-" "Mozilla/5.0 (compatible; AcoonBot/4.11.1; +http://www.acoon.de/robot.asp)"
37.58.52.15 - - [18/May/2013:17:02:51 +0200] "GET /lexikon.php?cs_go=3&cs_id=25 HTTP/1.0" 200 6059 "-" "Mozilla/5.0 (compatible; AcoonBot/4.11.1; +http://www.acoon.de/robot.asp)"
88.190.57.92 - - [18/May/2013:17:04:24 +0200] "GET /js_contentserver24_greybox/AJS.js HTTP/1.1" 200 10396 "http://www.mink-gmbh.de/" "Mozilla/5.0 (X11; Linux x86_64) AppleWebKit/534.34 (KHTML, like Gecko) Qt/4.8.1 Safari/534.34"
88.190.57.92 - - [18/May/2013:17:04:24 +0200] "GET /js_contentserver24_greybox/AJS_fx.js HTTP/1.1" 200 3192 "http://www.mink-gmbh.de/" "Mozilla/5.0 (X11; Linux x86_64) AppleWebKit/534.34 (KHTML, like Gecko) Qt/4.8.1 Safari/534.34"
88.190.57.92 - - [18/May/2013:17:04:24 +0200] "GET /js_contentserver24_greybox/gb_scripts.js HTTP/1.1" 200 11913 "http://www.mink-gmbh.de/" "Mozilla/5.0 (X11; Linux x86_64) AppleWebKit/534.34 (KHTML, like Gecko) Qt/4.8.1 Safari/534.34"
88.190.57.92 - - [18/May/2013:17:04:24 +0200] "GET / HTTP/1.1" 200 12300 "-" "Mozilla/5.0 (X11; Linux x86_64) AppleWebKit/534.34 (KHTML, like Gecko) Qt/4.8.1 Safari/534.34"
88.190.57.92 - - [18/May/2013:17:04:24 +0200] "GET /js_contentserver24_greybox/loader_frame.html?s=0 HTTP/1.1" 200 2084 "http://www.mink-gmbh.de/" "Mozilla/5.0 (X11; Linux x86_64) AppleWebKit/534.34 (KHTML, like Gecko) Qt/4.8.1 Safari/534.34"
37.58.52.15 - - [18/May/2013:17:06:44 +0200] "GET /news.php?cs_go=archiv&cs_startpos=170 HTTP/1.0" 200 20722 "-" "Mozilla/5.0 (compatible; AcoonBot/4.11.1; +http://www.acoon.de/robot.asp)"
66.249.78.46 - - [18/May/2013:17:06:46 +0200] "GET /news.php?cs_go=archiv&cs_id=4027 HTTP/1.1" 200 8040 "-" "SAMSUNG-SGH-E250/1.0 Profile/MIDP-2.0 Configuration/CLDC-1.1 UP.Browser/6.2.3.3.c.1.101 (GUI) MMP/2.0 (compatible; Googlebot-Mobile/2.1; +http://www.google.com/bot.html)"
37.58.52.15 - - [18/May/2013:17:10:11 +0200] "GET /news.php?cs_go=archiv&cs_id=4052&cs_search= HTTP/1.0" 200 10041 "-" "Mozilla/5.0 (compatible; AcoonBot/4.11.1; +http://www.acoon.de/robot.asp)"
173.199.115.107 - - [18/May/2013:17:12:20 +0200] "GET /lexikon.php?cs_go=3&cs_id=54 HTTP/1.1" 200 5659 "-" "Mozilla/5.0 (compatible; AhrefsBot/4.0; +http://ahrefs.com/robot/)"
37.58.52.15 - - [18/May/2013:17:13:23 +0200] "GET /lexikon.php?cs_go=3&cs_id=153 HTTP/1.0" 200 6404 "-" "Mozilla/5.0 (compatible; AcoonBot/4.11.1; +http://www.acoon.de/robot.asp)"
66.249.78.46 - - [18/May/2013:17:18:03 +0200] "GET /news.php HTTP/1.1" 200 19807 "-" "Mozilla/5.0 (iPhone; U; CPU iPhone OS 4_1 like Mac OS X; en-us) AppleWebKit/532.9 (KHTML, like Gecko) Version/4.0.5 Mobile/8B117 Safari/6531.22.7 (compatible; Googlebot-Mobile/2.1; +http://www.google.com/bot.html)"
37.58.52.15 - - [18/May/2013:17:19:28 +0200] "GET /news.php?cs_go=archiv&cs_startpos=130 HTTP/1.0" 200 20442 "-" "Mozilla/5.0 (compatible; AcoonBot/4.11.1; +http://www.acoon.de/robot.asp)"
37.58.52.15 - - [18/May/2013:17:23:42 +0200] "GET /news.php?cs_go=archiv&cs_id=4108&cs_search= HTTP/1.0" 200 8546 "-" "Mozilla/5.0 (compatible; AcoonBot/4.11.1; +http://www.acoon.de/robot.asp)"
173.199.115.107 - - [18/May/2013:17:25:29 +0200] "GET /lexikon.php?cs_go=3&cs_id=3 HTTP/1.1" 200 6140 "-" "Mozilla/5.0 (compatible; AhrefsBot/4.0; +http://ahrefs.com/robot/)"
37.58.52.15 - - [18/May/2013:17:26:29 +0200] "GET /news.php?cs_go=archiv&cs_startpos=110 HTTP/1.0" 200 20252 "-" "Mozilla/5.0 (compatible; AcoonBot/4.11.1; +http://www.acoon.de/robot.asp)"
37.58.52.15 - - [18/May/2013:17:30:12 +0200] "GET /lexikon.php?cs_go=3&cs_id=207 HTTP/1.0" 200 5660 "-" "Mozilla/5.0 (compatible; AcoonBot/4.11.1; +http://www.acoon.de/robot.asp)"
208.115.113.91 - - [18/May/2013:17:34:07 +0200] "GET /robots.txt HTTP/1.1" 200 177 "-" "Mozilla/5.0 (compatible; Ezooms/1.0; ezooms.bot@gmail.com)"
46.229.167.149 - - [18/May/2013:17:36:03 +0200] "GET / HTTP/1.1" 200 12300 "-" "Mozilla/5.0 (Windows NT 5.0; WOW64; rv:5.0) Gecko/20100101 Firefox/5.0"
66.249.78.46 - - [18/May/2013:17:49:44 +0200] "GET /news.php?cs_go=archiv&cs_id=3417 HTTP/1.1" 200 10764 "-" "Mozilla/5.0 (iPhone; U; CPU iPhone OS 4_1 like Mac OS X; en-us) AppleWebKit/532.9 (KHTML, like Gecko) Version/4.0.5 Mobile/8B117 Safari/6531.22.7 (compatible; Googlebot-Mobile/2.1; +http://www.google.com/bot.html)"
173.199.115.107 - - [18/May/2013:18:17:28 +0200] "GET /faq.php HTTP/1.1" 200 181692 "-" "Mozilla/5.0 (compatible; AhrefsBot/4.0; +http://ahrefs.com/robot/)"
66.249.78.46 - - [18/May/2013:18:20:25 +0200] "GET /news.php?cs_go=archiv&cs_id=3878&cs_search= HTTP/1.1" 200 7551 "-" "Mozilla/5.0 (compatible; Googlebot/2.1; +http://www.google.com/bot.html)"
178.77.126.55 - - [18/May/2013:18:21:14 +0200] "GET /robots.txt HTTP/1.1" 200 177 "-" "Mozilla/5.0 (compatible; CareerBot/1.1; +http://www.career-x.de/bot.html)"
178.77.126.55 - - [18/May/2013:18:21:14 +0200] "GET / HTTP/1.1" 200 12300 "-" "Mozilla/5.0 (compatible; CareerBot/1.1; +http://www.career-x.de/bot.html)"
178.77.126.55 - - [18/May/2013:18:21:15 +0200] "GET /news.php?cs_go=archiv&cs_id=4189 HTTP/1.1" 200 9668 "-" "Mozilla/5.0 (compatible; CareerBot/1.1; +http://www.career-x.de/bot.html)"
66.249.78.46 - - [18/May/2013:18:29:45 +0200] "GET /news.php?cs_go=archiv&cs_id=3877&cs_search= HTTP/1.1" 200 7653 "-" "Mozilla/5.0 (compatible; Googlebot/2.1; +http://www.google.com/bot.html)"
173.199.115.107 - - [18/May/2013:18:30:33 +0200] "GET /lexikon.php?cs_go=3&cs_id=8 HTTP/1.1" 200 6882 "-" "Mozilla/5.0 (compatible; AhrefsBot/4.0; +http://ahrefs.com/robot/)"
173.199.115.107 - - [18/May/2013:18:39:10 +0200] "GET /lexikon.php?cs_go=3&cs_id=23 HTTP/1.1" 200 6976 "-" "Mozilla/5.0 (compatible; AhrefsBot/4.0; +http://ahrefs.com/robot/)"
173.199.115.107 - - [18/May/2013:18:40:03 +0200] "GET /news.php?cs_go=archiv&cs_id=3811&cs_search= HTTP/1.1" 200 7815 "-" "Mozilla/5.0 (compatible; AhrefsBot/4.0; +http://ahrefs.com/robot/)"
173.199.115.107 - - [18/May/2013:19:23:15 +0200] "GET /news.php?cs_go=archiv&cs_startpos=120 HTTP/1.1" 200 20406 "-" "Mozilla/5.0 (compatible; AhrefsBot/4.0; +http://ahrefs.com/robot/)"
173.199.115.107 - - [18/May/2013:19:32:03 +0200] "GET /news.php?cs_go=archiv&cs_startpos=80 HTTP/1.1" 200 20339 "-" "Mozilla/5.0 (compatible; AhrefsBot/4.0; +http://ahrefs.com/robot/)"
208.115.113.91 - - [18/May/2013:19:41:48 +0200] "GET /news.php?cs_go=archiv&cs_id=4086 HTTP/1.1" 200 7993 "-" "Mozilla/5.0 (compatible; Ezooms/1.0; ezooms.bot@gmail.com)"
65.36.241.79 - - [18/May/2013:19:42:09 +0200] "HEAD / HTTP/1.1" 200 - "-" "InternetSeer.com"
66.249.75.49 - - [18/May/2013:19:53:21 +0200] "GET /news.php?cs_go=archiv&cs_id=4024&cs_search= HTTP/1.1" 200 11057 "-" "Mozilla/5.0 (compatible; Googlebot/2.1; +http://www.google.com/bot.html)"
173.199.115.107 - - [18/May/2013:19:53:37 +0200] "GET /lexikon.php?cs_go=3&cs_id=37 HTTP/1.1" 200 5987 "-" "Mozilla/5.0 (compatible; AhrefsBot/4.0; +http://ahrefs.com/robot/)"
173.199.115.107 - - [18/May/2013:19:57:46 +0200] "GET /lexikon.php?cs_go=3&cs_id=96 HTTP/1.1" 200 5962 "-" "Mozilla/5.0 (compatible; AhrefsBot/4.0; +http://ahrefs.com/robot/)"
95.134.118.57 - - [18/May/2013:19:58:27 +0200] "GET /robots.txt HTTP/1.1" 200 177 "-" "Mozilla/5.0 (Windows NT 6.1; WOW64; rv:5.0) Gecko/20100101 Firefox/5.0"
95.134.118.57 - - [18/May/2013:19:58:30 +0200] "GET / HTTP/1.1" 200 12300 "http://extrabot.com/help/brytysimemunenypu.htm" "Mozilla/5.0 (Windows NT 6.1; WOW64; rv:5.0) Gecko/20100101 Firefox/5.0"
66.249.78.46 - - [18/May/2013:20:02:35 +0200] "GET /news.php?cs_go=archiv&cs_id=4026&cs_search= HTTP/1.1" 200 11211 "-" "Mozilla/5.0 (compatible; Googlebot/2.1; +http://www.google.com/bot.html)"
173.199.115.107 - - [18/May/2013:20:07:42 +0200] "GET /news.php?cs_go=archiv&cs_id=3577&cs_search= HTTP/1.1" 200 7602 "-" "Mozilla/5.0 (compatible; AhrefsBot/4.0; +http://ahrefs.com/robot/)"
123.125.71.41 - - [18/May/2013:20:33:02 +0200] "GET / HTTP/1.1" 200 6538 "-" "Mozilla/5.0 (compatible; Baiduspider/2.0; +http://www.baidu.com/search/spider.html)"
220.181.108.86 - - [18/May/2013:20:33:32 +0200] "GET / HTTP/1.1" 200 6538 "-" "Mozilla/5.0 (compatible; Baiduspider/2.0; +http://www.baidu.com/search/spider.html)"
173.199.115.107 - - [18/May/2013:20:40:18 +0200] "GET /lexikon.php?cs_go=3&cs_id=80 HTTP/1.1" 200 6058 "-" "Mozilla/5.0 (compatible; AhrefsBot/4.0; +http://ahrefs.com/robot/)"
173.199.115.107 - - [18/May/2013:20:44:38 +0200] "GET /lexikon.php?cs_go=3&cs_id=212 HTTP/1.1" 200 6198 "-" "Mozilla/5.0 (compatible; AhrefsBot/4.0; +http://ahrefs.com/robot/)"
173.199.115.107 - - [18/May/2013:20:54:49 +0200] "GET /news.php?cs_go=archiv&cs_id=3720&cs_search= HTTP/1.1" 200 11161 "-" "Mozilla/5.0 (compatible; AhrefsBot/4.0; +http://ahrefs.com/robot/)"
173.199.115.107 - - [18/May/2013:20:55:28 +0200] "GET /lexikon.php?cs_go=3&cs_id=87 HTTP/1.1" 200 5996 "-" "Mozilla/5.0 (compatible; AhrefsBot/4.0; +http://ahrefs.com/robot/)"
173.199.115.107 - - [18/May/2013:20:58:43 +0200] "GET /lexikon.php?cs_go=3&cs_id=121 HTTP/1.1" 200 6028 "-" "Mozilla/5.0 (compatible; AhrefsBot/4.0; +http://ahrefs.com/robot/)"
123.125.71.100 - - [18/May/2013:21:03:02 +0200] "GET /robots.txt HTTP/1.1" 200 177 "-" "Mozilla/5.0 (Windows NT 5.1; rv:6.0.2) Gecko/20100101 Firefox/6.0.2"
130.83.167.153 - - [18/May/2013:21:05:39 +0200] "GET /news.php?cs_go=archiv&cs_id=4016 HTTP/1.1" 200 5989 "-" "findlinks/2.6 (+http://wortschatz.uni-leipzig.de/findlinks/)"
130.83.167.153 - - [18/May/2013:21:05:39 +0200] "GET /news.php?cs_go=archiv&cs_id=4016 HTTP/1.1" 200 7834 "-" "findlinks/2.6 (+http://wortschatz.uni-leipzig.de/findlinks/)"
66.249.78.46 - - [18/May/2013:21:07:04 +0200] "GET /news.php?cs_go=archiv&cs_id=4025&cs_search= HTTP/1.1" 200 7918 "-" "Mozilla/5.0 (compatible; Googlebot/2.1; +http://www.google.com/bot.html)"
173.199.115.107 - - [18/May/2013:21:11:03 +0200] "GET /news.php?cs_go=archiv&cs_id=3868&cs_search= HTTP/1.1" 200 9531 "-" "Mozilla/5.0 (compatible; AhrefsBot/4.0; +http://ahrefs.com/robot/)"
173.199.115.107 - - [18/May/2013:21:25:23 +0200] "GET /lexikon.php?cs_go=3&cs_id=2 HTTP/1.1" 200 6079 "-" "Mozilla/5.0 (compatible; AhrefsBot/4.0; +http://ahrefs.com/robot/)"
173.199.115.107 - - [18/May/2013:21:25:29 +0200] "GET /news.php?cs_go=archiv&cs_id=3776&cs_search= HTTP/1.1" 200 11114 "-" "Mozilla/5.0 (compatible; AhrefsBot/4.0; +http://ahrefs.com/robot/)"
37.58.52.15 - - [18/May/2013:21:32:32 +0200] "GET /robots.txt HTTP/1.0" 200 177 "-" "Mozilla/5.0 (compatible; AcoonBot/4.11.1; +http://www.acoon.de/robot.asp)"
37.58.52.15 - - [18/May/2013:21:32:32 +0200] "GET /news.php?cs_go=archiv&cs_id=4013&cs_search= HTTP/1.0" 200 7518 "-" "Mozilla/5.0 (compatible; AcoonBot/4.11.1; +http://www.acoon.de/robot.asp)"
37.58.52.15 - - [18/May/2013:21:36:09 +0200] "GET /lexikon.php?cs_go=3&cs_id=98 HTTP/1.0" 200 6070 "-" "Mozilla/5.0 (compatible; AcoonBot/4.11.1; +http://www.acoon.de/robot.asp)"
37.58.52.15 - - [18/May/2013:21:38:38 +0200] "GET /lexikon.php?cs_go=3&cs_id=140 HTTP/1.0" 200 6399 "-" "Mozilla/5.0 (compatible; AcoonBot/4.11.1; +http://www.acoon.de/robot.asp)"
173.199.115.107 - - [18/May/2013:21:38:45 +0200] "GET /lexikon.php?cs_go=3&cs_id=207 HTTP/1.1" 200 5660 "-" "Mozilla/5.0 (compatible; AhrefsBot/4.0; +http://ahrefs.com/robot/)"
37.58.52.15 - - [18/May/2013:21:43:20 +0200] "GET /news.php?cs_go=archiv&cs_id=3963&cs_search= HTTP/1.0" 200 7834 "-" "Mozilla/5.0 (compatible; AcoonBot/4.11.1; +http://www.acoon.de/robot.asp)"
37.58.52.15 - - [18/May/2013:21:45:12 +0200] "GET /lexikon.php?cs_go=3&cs_id=185 HTTP/1.0" 200 6001 "-" "Mozilla/5.0 (compatible; AcoonBot/4.11.1; +http://www.acoon.de/robot.asp)"
37.58.52.15 - - [18/May/2013:21:51:33 +0200] "GET /news.php?cs_go=archiv&cs_id=4046&cs_search= HTTP/1.0" 200 9963 "-" "Mozilla/5.0 (compatible; AcoonBot/4.11.1; +http://www.acoon.de/robot.asp)"
37.58.52.15 - - [18/May/2013:21:58:08 +0200] "GET /lexikon.php?cs_go=3&cs_id=100 HTTP/1.0" 200 6355 "-" "Mozilla/5.0 (compatible; AcoonBot/4.11.1; +http://www.acoon.de/robot.asp)"
37.58.52.15 - - [18/May/2013:22:02:36 +0200] "GET /news.php?cs_go=archiv&cs_id=4003&cs_search= HTTP/1.0" 200 8009 "-" "Mozilla/5.0 (compatible; AcoonBot/4.11.1; +http://www.acoon.de/robot.asp)"
37.58.52.15 - - [18/May/2013:22:03:37 +0200] "GET /lexikon.php?cs_go=3&cs_id=234 HTTP/1.0" 200 6381 "-" "Mozilla/5.0 (compatible; AcoonBot/4.11.1; +http://www.acoon.de/robot.asp)"
37.58.52.15 - - [18/May/2013:22:05:07 +0200] "GET /news.php?cs_go=archiv&cs_id=4056&cs_search= HTTP/1.0" 200 9512 "-" "Mozilla/5.0 (compatible; AcoonBot/4.11.1; +http://www.acoon.de/robot.asp)"
173.199.115.107 - - [18/May/2013:22:08:40 +0200] "GET /news.php?cs_go=archiv&cs_id=3634&cs_search= HTTP/1.1" 200 7529 "-" "Mozilla/5.0 (compatible; AhrefsBot/4.0; +http://ahrefs.com/robot/)"
37.58.52.15 - - [18/May/2013:22:08:54 +0200] "GET /lexikon.php?cs_go=3&cs_id=120 HTTP/1.0" 200 6172 "-" "Mozilla/5.0 (compatible; AcoonBot/4.11.1; +http://www.acoon.de/robot.asp)"
66.249.78.46 - - [18/May/2013:22:11:05 +0200] "GET /news.php?cs_go=archiv&cs_id=4160&cs_search= HTTP/1.1" 200 7644 "-" "Mozilla/5.0 (iPhone; U; CPU iPhone OS 4_1 like Mac OS X; en-us) AppleWebKit/532.9 (KHTML, like Gecko) Version/4.0.5 Mobile/8B117 Safari/6531.22.7 (compatible; Googlebot-Mobile/2.1; +http://www.google.com/bot.html)"
37.58.52.15 - - [18/May/2013:22:12:24 +0200] "GET /news.php?cs_go=archiv&cs_id=3973&cs_search= HTTP/1.0" 200 11217 "-" "Mozilla/5.0 (compatible; AcoonBot/4.11.1; +http://www.acoon.de/robot.asp)"
173.199.115.107 - - [18/May/2013:22:14:08 +0200] "GET /index.php HTTP/1.1" 200 12300 "-" "Mozilla/5.0 (compatible; AhrefsBot/4.0; +http://ahrefs.com/robot/)"
37.58.52.15 - - [18/May/2013:22:14:21 +0200] "GET /lexikon.php?cs_go=3&cs_id=76 HTTP/1.0" 200 6178 "-" "Mozilla/5.0 (compatible; AcoonBot/4.11.1; +http://www.acoon.de/robot.asp)"
37.58.52.15 - - [18/May/2013:22:15:22 +0200] "GET /news.php?cs_go=archiv&cs_id=3974&cs_search= HTTP/1.0" 200 7687 "-" "Mozilla/5.0 (compatible; AcoonBot/4.11.1; +http://www.acoon.de/robot.asp)"
37.58.52.15 - - [18/May/2013:22:22:45 +0200] "GET /lexikon.php?cs_go=3&cs_id=18 HTTP/1.0" 200 5659 "-" "Mozilla/5.0 (compatible; AcoonBot/4.11.1; +http://www.acoon.de/robot.asp)"
37.58.52.15 - - [18/May/2013:22:23:46 +0200] "GET /lexikon.php?cs_go=3&cs_id=93 HTTP/1.0" 200 5648 "-" "Mozilla/5.0 (compatible; AcoonBot/4.11.1; +http://www.acoon.de/robot.asp)"
37.58.52.15 - - [18/May/2013:22:25:50 +0200] "GET /news.php?cs_go=archiv&cs_id=4004&cs_search= HTTP/1.0" 200 10287 "-" "Mozilla/5.0 (compatible; AcoonBot/4.11.1; +http://www.acoon.de/robot.asp)"
37.58.52.15 - - [18/May/2013:22:26:51 +0200] "GET /lexikon.php?cs_go=3&cs_id=105 HTTP/1.0" 200 6063 "-" "Mozilla/5.0 (compatible; AcoonBot/4.11.1; +http://www.acoon.de/robot.asp)"
173.199.115.107 - - [18/May/2013:22:30:18 +0200] "GET /news.php?cs_go=archiv&cs_id=3697 HTTP/1.1" 200 9344 "-" "Mozilla/5.0 (compatible; AhrefsBot/4.0; +http://ahrefs.com/robot/)"
37.58.52.15 - - [18/May/2013:22:30:31 +0200] "GET /lexikon.php?cs_go=3&cs_id=211 HTTP/1.0" 200 6218 "-" "Mozilla/5.0 (compatible; AcoonBot/4.11.1; +http://www.acoon.de/robot.asp)"
37.58.52.15 - - [18/May/2013:22:36:07 +0200] "GET /lexikon.php?cs_go=3&cs_id=36 HTTP/1.0" 200 6338 "-" "Mozilla/5.0 (compatible; AcoonBot/4.11.1; +http://www.acoon.de/robot.asp)"
37.58.52.15 - - [18/May/2013:22:38:40 +0200] "GET /news.php?cs_go=archiv&cs_id=3968&cs_search= HTTP/1.0" 200 9978 "-" "Mozilla/5.0 (compatible; AcoonBot/4.11.1; +http://www.acoon.de/robot.asp)"
37.58.52.15 - - [18/May/2013:22:43:25 +0200] "GET /lexikon.php?cs_go=3&cs_id=180 HTTP/1.0" 200 6732 "-" "Mozilla/5.0 (compatible; AcoonBot/4.11.1; +http://www.acoon.de/robot.asp)"
37.58.52.15 - - [18/May/2013:22:44:26 +0200] "GET /news.php?cs_go=archiv&cs_id=3964&cs_search= HTTP/1.0" 200 9834 "-" "Mozilla/5.0 (compatible; AcoonBot/4.11.1; +http://www.acoon.de/robot.asp)"
173.199.115.107 - - [18/May/2013:22:45:53 +0200] "GET /news.php?cs_go=archiv&cs_id=2715&cs_search= HTTP/1.1" 200 13565 "-" "Mozilla/5.0 (compatible; AhrefsBot/4.0; +http://ahrefs.com/robot/)"
37.58.52.15 - - [18/May/2013:22:46:53 +0200] "GET /lexikon.php?cs_go=3&cs_id=16 HTTP/1.0" 200 6558 "-" "Mozilla/5.0 (compatible; AcoonBot/4.11.1; +http://www.acoon.de/robot.asp)"
37.58.52.15 - - [18/May/2013:22:49:41 +0200] "GET /news.php?cs_go=archiv&cs_id=4018&cs_search= HTTP/1.0" 200 9168 "-" "Mozilla/5.0 (compatible; AcoonBot/4.11.1; +http://www.acoon.de/robot.asp)"
37.58.52.15 - - [18/May/2013:22:54:47 +0200] "GET /news.php?cs_go=archiv&cs_id=4014&cs_search= HTTP/1.0" 200 11433 "-" "Mozilla/5.0 (compatible; AcoonBot/4.11.1; +http://www.acoon.de/robot.asp)"
37.58.52.15 - - [18/May/2013:22:58:43 +0200] "GET /lexikon.php?cs_go=3&cs_id=97 HTTP/1.0" 200 9146 "-" "Mozilla/5.0 (compatible; AcoonBot/4.11.1; +http://www.acoon.de/robot.asp)"
66.249.78.46 - - [18/May/2013:22:59:25 +0200] "GET /news.php?cs_go=archiv&cs_id=4175&cs_search= HTTP/1.1" 200 8633 "-" "SAMSUNG-SGH-E250/1.0 Profile/MIDP-2.0 Configuration/CLDC-1.1 UP.Browser/6.2.3.3.c.1.101 (GUI) MMP/2.0 (compatible; Googlebot-Mobile/2.1; +http://www.google.com/bot.html)"
37.58.52.15 - - [18/May/2013:22:59:43 +0200] "GET /news.php?cs_go=archiv&cs_id=4016&cs_search= HTTP/1.0" 200 7834 "-" "Mozilla/5.0 (compatible; AcoonBot/4.11.1; +http://www.acoon.de/robot.asp)"
37.58.52.15 - - [18/May/2013:23:01:18 +0200] "GET /lexikon.php?cs_go=3&cs_id=121 HTTP/1.0" 200 6028 "-" "Mozilla/5.0 (compatible; AcoonBot/4.11.1; +http://www.acoon.de/robot.asp)"
37.58.52.15 - - [18/May/2013:23:06:30 +0200] "GET /lexikon.php?cs_go=3&cs_id=215 HTTP/1.0" 200 6296 "-" "Mozilla/5.0 (compatible; AcoonBot/4.11.1; +http://www.acoon.de/robot.asp)"
173.199.115.107 - - [18/May/2013:23:07:21 +0200] "GET /lexikon.php?cs_go=3&cs_id=47 HTTP/1.1" 200 8814 "-" "Mozilla/5.0 (compatible; AhrefsBot/4.0; +http://ahrefs.com/robot/)"
173.199.115.107 - - [18/May/2013:23:10:21 +0200] "GET /news.php?cs_go=archiv&cs_id=3875&cs_search= HTTP/1.1" 200 9970 "-" "Mozilla/5.0 (compatible; AhrefsBot/4.0; +http://ahrefs.com/robot/)"
37.58.52.15 - - [18/May/2013:23:11:26 +0200] "GET /lexikon.php?cs_go=3&cs_id=101 HTTP/1.0" 200 7871 "-" "Mozilla/5.0 (compatible; AcoonBot/4.11.1; +http://www.acoon.de/robot.asp)"
37.58.52.15 - - [18/May/2013:23:12:27 +0200] "GET /news.php?cs_go=archiv&cs_id=4043&cs_search= HTTP/1.0" 200 10953 "-" "Mozilla/5.0 (compatible; AcoonBot/4.11.1; +http://www.acoon.de/robot.asp)"
37.58.52.15 - - [18/May/2013:23:22:42 +0200] "GET /lexikon.php?cs_go=3&cs_id=161 HTTP/1.0" 200 5678 "-" "Mozilla/5.0 (compatible; AcoonBot/4.11.1; +http://www.acoon.de/robot.asp)"
37.58.52.15 - - [18/May/2013:23:23:43 +0200] "GET /news.php?cs_go=archiv&cs_id=4006&cs_search= HTTP/1.0" 200 9047 "-" "Mozilla/5.0 (compatible; AcoonBot/4.11.1; +http://www.acoon.de/robot.asp)"
173.199.115.107 - - [18/May/2013:23:28:59 +0200] "GET /lexikon.php?cs_go=3&cs_id=56 HTTP/1.1" 200 5661 "-" "Mozilla/5.0 (compatible; AhrefsBot/4.0; +http://ahrefs.com/robot/)"
37.58.52.15 - - [18/May/2013:23:31:43 +0200] "GET /lexikon.php?cs_go=3&cs_id=12 HTTP/1.0" 200 6198 "-" "Mozilla/5.0 (compatible; AcoonBot/4.11.1; +http://www.acoon.de/robot.asp)"
157.55.32.185 - - [18/May/2013:23:34:09 +0200] "GET /robots.txt HTTP/1.1" 200 177 "-" "Mozilla/5.0 (compatible; bingbot/2.0; +http://www.bing.com/bingbot.htm)"
37.58.52.15 - - [18/May/2013:23:34:14 +0200] "GET /lexikon.php?cs_go=3&cs_id=141 HTTP/1.0" 200 6531 "-" "Mozilla/5.0 (compatible; AcoonBot/4.11.1; +http://www.acoon.de/robot.asp)"
157.55.32.185 - - [18/May/2013:23:35:57 +0200] "GET / HTTP/1.1" 200 12300 "-" "Mozilla/5.0 (compatible; bingbot/2.0; +http://www.bing.com/bingbot.htm)"
37.58.52.15 - - [18/May/2013:23:38:27 +0200] "GET /news.php?cs_go=archiv&cs_id=4058&cs_search= HTTP/1.0" 200 7778 "-" "Mozilla/5.0 (compatible; AcoonBot/4.11.1; +http://www.acoon.de/robot.asp)"
37.58.52.15 - - [18/May/2013:23:39:28 +0200] "GET /lexikon.php?cs_go=3&cs_id=17 HTTP/1.0" 200 6116 "-" "Mozilla/5.0 (compatible; AcoonBot/4.11.1; +http://www.acoon.de/robot.asp)"
37.58.52.15 - - [18/May/2013:23:43:52 +0200] "GET /news.php?cs_go=archiv&cs_id=4054&cs_search= HTTP/1.0" 200 11031 "-" "Mozilla/5.0 (compatible; AcoonBot/4.11.1; +http://www.acoon.de/robot.asp)"
37.58.52.15 - - [18/May/2013:23:48:24 +0200] "GET /lexikon.php?cs_go=3&cs_id=164 HTTP/1.0" 200 5928 "-" "Mozilla/5.0 (compatible; AcoonBot/4.11.1; +http://www.acoon.de/robot.asp)"
37.58.52.15 - - [18/May/2013:23:51:30 +0200] "GET /news.php?cs_go=archiv&cs_id=4001&cs_search= HTTP/1.0" 200 9669 "-" "Mozilla/5.0 (compatible; AcoonBot/4.11.1; +http://www.acoon.de/robot.asp)"
37.58.52.15 - - [18/May/2013:23:56:43 +0200] "GET /lexikon.php?cs_go=3&cs_id=181 HTTP/1.0" 200 5650 "-" "Mozilla/5.0 (compatible; AcoonBot/4.11.1; +http://www.acoon.de/robot.asp)"
173.199.115.107 - - [18/May/2013:23:57:41 +0200] "GET /news.php?cs_go=archiv&cs_startpos=630 HTTP/1.1" 200 5780 "-" "Mozilla/5.0 (compatible; AhrefsBot/4.0; +http://ahrefs.com/robot/)"
37.58.52.15 - - [19/May/2013:00:00:17 +0200] "GET /lexikon.php?cs_go=3&cs_id=104 HTTP/1.0" 200 6129 "-" "Mozilla/5.0 (compatible; AcoonBot/4.11.1; +http://www.acoon.de/robot.asp)"
37.58.52.15 - - [19/May/2013:00:02:28 +0200] "GET /news.php?cs_go=archiv&cs_id=4044&cs_search= HTTP/1.0" 200 4868 "-" "Mozilla/5.0 (compatible; AcoonBot/4.11.1; +http://www.acoon.de/robot.asp)"
37.58.52.15 - - [19/May/2013:00:04:39 +0200] "GET /lexikon.php?cs_go=3&cs_id=210 HTTP/1.0" 200 7196 "-" "Mozilla/5.0 (compatible; AcoonBot/4.11.1; +http://www.acoon.de/robot.asp)"
37.58.52.15 - - [19/May/2013:00:05:43 +0200] "GET /news.php?cs_go=archiv&cs_id=3961&cs_search= HTTP/1.0" 200 7787 "-" "Mozilla/5.0 (compatible; AcoonBot/4.11.1; +http://www.acoon.de/robot.asp)"
37.58.52.15 - - [19/May/2013:00:09:32 +0200] "GET /lexikon.php?cs_go=3&cs_id=77 HTTP/1.0" 200 6327 "-" "Mozilla/5.0 (compatible; AcoonBot/4.11.1; +http://www.acoon.de/robot.asp)"
37.58.52.15 - - [19/May/2013:00:16:11 +0200] "GET /lexikon.php?cs_go=3&cs_id=230 HTTP/1.0" 200 6215 "-" "Mozilla/5.0 (compatible; AcoonBot/4.11.1; +http://www.acoon.de/robot.asp)"
37.58.52.15 - - [19/May/2013:00:17:57 +0200] "GET /lexikon.php?cs_go=3&cs_id=19 HTTP/1.0" 200 7557 "-" "Mozilla/5.0 (compatible; AcoonBot/4.11.1; +http://www.acoon.de/robot.asp)"
37.58.52.15 - - [19/May/2013:00:19:42 +0200] "GET /lexikon.php?cs_go=3&cs_id=167 HTTP/1.0" 200 5659 "-" "Mozilla/5.0 (compatible; AcoonBot/4.11.1; +http://www.acoon.de/robot.asp)"
37.58.52.15 - - [19/May/2013:00:20:44 +0200] "GET /lexikon.php?cs_go=3&cs_id=34 HTTP/1.0" 200 6021 "-" "Mozilla/5.0 (compatible; AcoonBot/4.11.1; +http://www.acoon.de/robot.asp)"
37.58.52.15 - - [19/May/2013:00:24:12 +0200] "GET /news.php?cs_go=archiv&cs_id=4022&cs_search= HTTP/1.0" 200 7956 "-" "Mozilla/5.0 (compatible; AcoonBot/4.11.1; +http://www.acoon.de/robot.asp)"
37.58.52.15 - - [19/May/2013:00:28:02 +0200] "GET /lexikon.php?cs_go=3&cs_id=109 HTTP/1.0" 200 7156 "-" "Mozilla/5.0 (compatible; AcoonBot/4.11.1; +http://www.acoon.de/robot.asp)"
37.58.52.15 - - [19/May/2013:00:31:22 +0200] "GET /lexikon.php?cs_go=3&cs_id=14 HTTP/1.0" 200 6200 "-" "Mozilla/5.0 (compatible; AcoonBot/4.11.1; +http://www.acoon.de/robot.asp)"
37.58.52.15 - - [19/May/2013:00:32:22 +0200] "GET /news.php?cs_go=archiv&cs_id=4077&cs_search= HTTP/1.0" 200 7547 "-" "Mozilla/5.0 (compatible; AcoonBot/4.11.1; +http://www.acoon.de/robot.asp)"
37.58.52.15 - - [19/May/2013:00:35:18 +0200] "GET /news.php?cs_go=archiv&cs_id=3952&cs_search= HTTP/1.0" 200 8814 "-" "Mozilla/5.0 (compatible; AcoonBot/4.11.1; +http://www.acoon.de/robot.asp)"
65.36.241.79 - - [19/May/2013:00:39:40 +0200] "HEAD / HTTP/1.1" 200 - "-" "InternetSeer.com"
37.58.52.15 - - [19/May/2013:00:40:54 +0200] "GET /lexikon.php?cs_go=3&cs_id=74 HTTP/1.0" 200 6324 "-" "Mozilla/5.0 (compatible; AcoonBot/4.11.1; +http://www.acoon.de/robot.asp)"
37.58.52.15 - - [19/May/2013:00:42:39 +0200] "GET /news.php?cs_go=archiv&cs_id=4032&cs_search= HTTP/1.0" 200 11237 "-" "Mozilla/5.0 (compatible; AcoonBot/4.11.1; +http://www.acoon.de/robot.asp)"
46.105.250.47 - - [19/May/2013:00:45:24 +0200] "GET / HTTP/1.0" 200 12300 "-" "Mozilla/5.0 (compatible; awcheckBot; +http://awcheck.com/en/about)"
37.58.52.15 - - [19/May/2013:00:47:29 +0200] "GET /lexikon.php?cs_go=3&cs_id=233 HTTP/1.0" 200 6655 "-" "Mozilla/5.0 (compatible; AcoonBot/4.11.1; +http://www.acoon.de/robot.asp)"
37.58.52.15 - - [19/May/2013:00:52:32 +0200] "GET /lexikon.php?cs_go=3&cs_id=107 HTTP/1.0" 200 6044 "-" "Mozilla/5.0 (compatible; AcoonBot/4.11.1; +http://www.acoon.de/robot.asp)"
37.58.52.15 - - [19/May/2013:00:58:21 +0200] "GET /lexikon.php?cs_go=3&cs_id=169 HTTP/1.0" 200 5692 "-" "Mozilla/5.0 (compatible; AcoonBot/4.11.1; +http://www.acoon.de/robot.asp)"
37.58.52.15 - - [19/May/2013:00:59:22 +0200] "GET /news.php?cs_go=archiv&cs_id=3996&cs_search= HTTP/1.0" 200 9353 "-" "Mozilla/5.0 (compatible; AcoonBot/4.11.1; +http://www.acoon.de/robot.asp)"
130.83.167.153 - - [19/May/2013:01:00:41 +0200] "GET /news.php?cs_go=archiv&cs_startpos=50 HTTP/1.1" 200 4868 "-" "findlinks/2.6 (+http://wortschatz.uni-leipzig.de/findlinks/)"
130.83.167.153 - - [19/May/2013:01:00:41 +0200] "GET /news.php?cs_go=archiv&cs_startpos=50 HTTP/1.1" 200 20117 "-" "findlinks/2.6 (+http://wortschatz.uni-leipzig.de/findlinks/)"
37.58.52.15 - - [19/May/2013:01:01:10 +0200] "GET /lexikon.php?cs_go=3&cs_id=216 HTTP/1.0" 200 5775 "-" "Mozilla/5.0 (compatible; AcoonBot/4.11.1; +http://www.acoon.de/robot.asp)"
173.199.115.107 - - [19/May/2013:01:01:30 +0200] "GET /news.php?cs_go=archiv&cs_id=3775&cs_search= HTTP/1.1" 200 7578 "-" "Mozilla/5.0 (compatible; AhrefsBot/4.0; +http://ahrefs.com/robot/)"
37.58.52.15 - - [19/May/2013:01:02:11 +0200] "GET /news.php?cs_go=archiv&cs_id=3949&cs_search= HTTP/1.0" 200 7624 "-" "Mozilla/5.0 (compatible; AcoonBot/4.11.1; +http://www.acoon.de/robot.asp)"
66.249.78.46 - - [19/May/2013:01:02:28 +0200] "GET /news.php?cs_go=archiv&cs_id=4133 HTTP/1.1" 200 11676 "-" "Mozilla/5.0 (compatible; Googlebot/2.1; +http://www.google.com/bot.html)"
37.58.52.15 - - [19/May/2013:01:06:02 +0200] "GET /lexikon.php?cs_go=3&cs_id=102 HTTP/1.0" 200 5645 "-" "Mozilla/5.0 (compatible; AcoonBot/4.11.1; +http://www.acoon.de/robot.asp)"
37.58.52.15 - - [19/May/2013:01:07:03 +0200] "GET /lexikon.php?cs_go=3&cs_id=189 HTTP/1.0" 200 5880 "-" "Mozilla/5.0 (compatible; AcoonBot/4.11.1; +http://www.acoon.de/robot.asp)"
37.58.52.15 - - [19/May/2013:01:10:47 +0200] "GET /news.php?cs_go=archiv&cs_id=4039&cs_search= HTTP/1.0" 200 10619 "-" "Mozilla/5.0 (compatible; AcoonBot/4.11.1; +http://www.acoon.de/robot.asp)"
37.58.52.15 - - [19/May/2013:01:16:08 +0200] "GET /news.php?cs_go=archiv&cs_id=4035&cs_search= HTTP/1.0" 200 7534 "-" "Mozilla/5.0 (compatible; AcoonBot/4.11.1; +http://www.acoon.de/robot.asp)"
37.58.52.15 - - [19/May/2013:01:17:09 +0200] "GET /lexikon.php?cs_go=3&cs_id=122 HTTP/1.0" 200 5874 "-" "Mozilla/5.0 (compatible; AcoonBot/4.11.1; +http://www.acoon.de/robot.asp)"
173.199.115.107 - - [19/May/2013:01:24:24 +0200] "GET /lexikon.php?cs_go=3&cs_id=171 HTTP/1.1" 200 5663 "-" "Mozilla/5.0 (compatible; AhrefsBot/4.0; +http://ahrefs.com/robot/)"
37.58.52.15 - - [19/May/2013:01:26:29 +0200] "GET /lexikon.php?cs_go=3&cs_id=11 HTTP/1.0" 200 5826 "-" "Mozilla/5.0 (compatible; AcoonBot/4.11.1; +http://www.acoon.de/robot.asp)"
37.58.52.15 - - [19/May/2013:01:29:00 +0200] "GET /lexikon.php?cs_go=3&cs_id=142 HTTP/1.0" 200 6236 "-" "Mozilla/5.0 (compatible; AcoonBot/4.11.1; +http://www.acoon.de/robot.asp)"
66.249.78.46 - - [19/May/2013:01:29:39 +0200] "GET /kwk.php HTTP/1.1" 200 8539 "-" "Mozilla/5.0 (compatible; Googlebot/2.1; +http://www.google.com/bot.html)"
37.58.52.15 - - [19/May/2013:01:34:44 +0200] "GET /news.php?cs_go=archiv&cs_id=4025&cs_search= HTTP/1.0" 200 7918 "-" "Mozilla/5.0 (compatible; AcoonBot/4.11.1; +http://www.acoon.de/robot.asp)"
46.105.122.108 - - [19/May/2013:01:38:58 +0200] "GET /faq.php HTTP/1.0" 200 181692 "http://www.mink-gmbh.de/faq.php" "Mozilla/4.0 (compatible; MSIE 8.0; Windows NT 5.1; Trident/4.0; MRA 6.0 (build 5993); MRA 8.0 (build 5784); InfoPath.2)"
37.58.52.15 - - [19/May/2013:01:39:44 +0200] "GET /news.php?cs_go=archiv&cs_id=4029&cs_search= HTTP/1.0" 200 7794 "-" "Mozilla/5.0 (compatible; AcoonBot/4.11.1; +http://www.acoon.de/robot.asp)"
66.249.78.46 - - [19/May/2013:01:40:23 +0200] "GET /style.css HTTP/1.1" 200 8418 "-" "Mozilla/5.0 (compatible; Googlebot/2.1; +http://www.google.com/bot.html)"
66.249.78.46 - - [19/May/2013:01:40:23 +0200] "GET /modul.css HTTP/1.1" 200 35038 "-" "Mozilla/5.0 (compatible; Googlebot/2.1; +http://www.google.com/bot.html)"
37.58.52.15 - - [19/May/2013:01:40:45 +0200] "GET /lexikon.php?cs_go=3&cs_id=218 HTTP/1.0" 200 5671 "-" "Mozilla/5.0 (compatible; AcoonBot/4.11.1; +http://www.acoon.de/robot.asp)"
37.58.52.15 - - [19/May/2013:01:44:31 +0200] "GET /lexikon.php?cs_go=3&cs_id=106 HTTP/1.0" 200 6115 "-" "Mozilla/5.0 (compatible; AcoonBot/4.11.1; +http://www.acoon.de/robot.asp)"
173.199.115.107 - - [19/May/2013:01:45:11 +0200] "GET /news.php?cs_go=archiv&cs_id=3752&cs_search= HTTP/1.1" 200 8070 "-" "Mozilla/5.0 (compatible; AhrefsBot/4.0; +http://ahrefs.com/robot/)"
37.58.52.15 - - [19/May/2013:01:48:49 +0200] "GET /lexikon.php?cs_go=3&cs_id=212 HTTP/1.0" 200 6198 "-" "Mozilla/5.0 (compatible; AcoonBot/4.11.1; +http://www.acoon.de/robot.asp)"
37.58.52.15 - - [19/May/2013:01:50:26 +0200] "GET /news.php?cs_go=archiv&cs_id=4027&cs_search= HTTP/1.0" 200 8040 "-" "Mozilla/5.0 (compatible; AcoonBot/4.11.1; +http://www.acoon.de/robot.asp)"
37.58.52.15 - - [19/May/2013:01:53:37 +0200] "GET /lexikon.php?cs_go=3&cs_id=75 HTTP/1.0" 200 6251 "-" "Mozilla/5.0 (compatible; AcoonBot/4.11.1; +http://www.acoon.de/robot.asp)"
37.58.52.15 - - [19/May/2013:01:54:37 +0200] "GET /lexikon.php?cs_go=3&cs_id=126 HTTP/1.0" 200 6017 "-" "Mozilla/5.0 (compatible; AcoonBot/4.11.1; +http://www.acoon.de/robot.asp)"
37.58.52.15 - - [19/May/2013:02:00:02 +0200] "GET /news.php?cs_go=archiv&cs_id=3957&cs_search= HTTP/1.0" 200 8373 "-" "Mozilla/5.0 (compatible; AcoonBot/4.11.1; +http://www.acoon.de/robot.asp)"
37.58.52.15 - - [19/May/2013:02:01:41 +0200] "GET /lexikon.php?cs_go=3&cs_id=90 HTTP/1.0" 200 7220 "-" "Mozilla/5.0 (compatible; AcoonBot/4.11.1; +http://www.acoon.de/robot.asp)"
91.61.89.188 - - [19/May/2013:02:03:13 +0200] "GET /jobs.php HTTP/1.1" 200 5048 "-" "Mozilla/5.0 /Windows; U; Windows NT 6.1; de; rv:1.9.1.5) Gecko/20091102 Firefox/3.5.5"
37.58.52.15 - - [19/May/2013:02:03:38 +0200] "GET /news.php?cs_go=archiv&cs_id=4037&cs_search= HTTP/1.0" 200 7589 "-" "Mozilla/5.0 (compatible; AcoonBot/4.11.1; +http://www.acoon.de/robot.asp)"
37.58.52.15 - - [19/May/2013:02:04:40 +0200] "GET /lexikon.php?cs_go=3&cs_id=15 HTTP/1.0" 200 5691 "-" "Mozilla/5.0 (compatible; AcoonBot/4.11.1; +http://www.acoon.de/robot.asp)"
173.199.115.107 - - [19/May/2013:02:10:01 +0200] "GET /news.php?cs_go=archiv&cs_id=3918&cs_search= HTTP/1.1" 200 7541 "-" "Mozilla/5.0 (compatible; AhrefsBot/4.0; +http://ahrefs.com/robot/)"
37.58.52.15 - - [19/May/2013:02:13:39 +0200] "GET /lexikon.php?cs_go=3&cs_id=166 HTTP/1.0" 200 6846 "-" "Mozilla/5.0 (compatible; AcoonBot/4.11.1; +http://www.acoon.de/robot.asp)"
37.58.52.15 - - [19/May/2013:02:14:39 +0200] "GET /lexikon.php?cs_go=3&cs_id=35 HTTP/1.0" 200 6065 "-" "Mozilla/5.0 (compatible; AcoonBot/4.11.1; +http://www.acoon.de/robot.asp)"
37.58.52.15 - - [19/May/2013:02:21:57 +0200] "GET /lexikon.php?cs_go=3&cs_id=108 HTTP/1.0" 200 7271 "-" "Mozilla/5.0 (compatible; AcoonBot/4.11.1; +http://www.acoon.de/robot.asp)"
37.58.52.15 - - [19/May/2013:02:22:57 +0200] "GET /lexikon.php?cs_go=3&cs_id=183 HTTP/1.0" 200 6219 "-" "Mozilla/5.0 (compatible; AcoonBot/4.11.1; +http://www.acoon.de/robot.asp)"
37.58.52.15 - - [19/May/2013:02:23:58 +0200] "GET /news.php?cs_go=archiv&cs_id=4065&cs_search= HTTP/1.0" 200 7980 "-" "Mozilla/5.0 (compatible; AcoonBot/4.11.1; +http://www.acoon.de/robot.asp)"
37.58.52.15 - - [19/May/2013:02:26:27 +0200] "GET /lexikon.php?cs_go=3&cs_id=186 HTTP/1.0" 200 5894 "-" "Mozilla/5.0 (compatible; AcoonBot/4.11.1; +http://www.acoon.de/robot.asp)"
173.199.115.107 - - [19/May/2013:02:26:50 +0200] "GET /news.php?cs_go=archiv&cs_id=3805&cs_search= HTTP/1.1" 200 11081 "-" "Mozilla/5.0 (compatible; AhrefsBot/4.0; +http://ahrefs.com/robot/)"
37.58.52.15 - - [19/May/2013:02:29:27 +0200] "GET /lexikon.php?cs_go=3&cs_id=30 HTTP/1.0" 200 5652 "-" "Mozilla/5.0 (compatible; AcoonBot/4.11.1; +http://www.acoon.de/robot.asp)"
91.61.89.188 - - [19/May/2013:02:30:11 +0200] "GET /jobs.php HTTP/1.1" 200 5048 "-" "Mozilla/5.0 /Windows; U; Windows NT 6.1; de; rv:1.9.1.5) Gecko/20091102 Firefox/3.5.5"
37.58.52.15 - - [19/May/2013:02:31:44 +0200] "GET /news.php?cs_go=archiv&cs_id=3998&cs_search= HTTP/1.0" 200 9539 "-" "Mozilla/5.0 (compatible; AcoonBot/4.11.1; +http://www.acoon.de/robot.asp)"
173.199.115.107 - - [19/May/2013:02:33:02 +0200] "GET /lexikon.php?cs_go=3&cs_id=115 HTTP/1.1" 200 7257 "-" "Mozilla/5.0 (compatible; AhrefsBot/4.0; +http://ahrefs.com/robot/)"
173.199.115.107 - - [19/May/2013:02:38:03 +0200] "GET /news.php?cs_go=archiv&cs_id=3667&cs_search= HTTP/1.1" 200 7759 "-" "Mozilla/5.0 (compatible; AhrefsBot/4.0; +http://ahrefs.com/robot/)"
37.58.52.15 - - [19/May/2013:02:38:47 +0200] "GET /lexikon.php?cs_go=3&cs_id=10 HTTP/1.0" 200 6212 "-" "Mozilla/5.0 (compatible; AcoonBot/4.11.1; +http://www.acoon.de/robot.asp)"
173.199.115.107 - - [19/May/2013:02:40:25 +0200] "GET /news.php?cs_go=archiv&cs_startpos=600 HTTP/1.1" 200 5780 "-" "Mozilla/5.0 (compatible; AhrefsBot/4.0; +http://ahrefs.com/robot/)"
37.58.52.15 - - [19/May/2013:02:40:56 +0200] "GET /lexikon.php?cs_go=3&cs_id=143 HTTP/1.0" 200 6953 "-" "Mozilla/5.0 (compatible; AcoonBot/4.11.1; +http://www.acoon.de/robot.asp)"
37.58.52.15 - - [19/May/2013:02:44:12 +0200] "GET /news.php?cs_go=archiv&cs_id=3950&cs_search= HTTP/1.0" 200 9721 "-" "Mozilla/5.0 (compatible; AcoonBot/4.11.1; +http://www.acoon.de/robot.asp)"
37.58.52.15 - - [19/May/2013:02:47:22 +0200] "GET /lexikon.php?cs_go=3&cs_id=95 HTTP/1.0" 200 6389 "-" "Mozilla/5.0 (compatible; AcoonBot/4.11.1; +http://www.acoon.de/robot.asp)"
37.58.52.15 - - [19/May/2013:02:50:34 +0200] "GET /lexikon.php?cs_go=3&cs_id=70 HTTP/1.0" 200 6016 "-" "Mozilla/5.0 (compatible; AcoonBot/4.11.1; +http://www.acoon.de/robot.asp)"
37.58.52.15 - - [19/May/2013:02:52:17 +0200] "GET /news.php?cs_go=archiv&cs_id=4075&cs_search= HTTP/1.0" 200 10263 "-" "Mozilla/5.0 (compatible; AcoonBot/4.11.1; +http://www.acoon.de/robot.asp)"
37.58.52.15 - - [19/May/2013:02:55:10 +0200] "GET /news.php?cs_go=archiv&cs_id=4020&cs_search= HTTP/1.0" 200 8883 "-" "Mozilla/5.0 (compatible; AcoonBot/4.11.1; +http://www.acoon.de/robot.asp)"
37.58.52.15 - - [19/May/2013:02:59:27 +0200] "GET /lexikon.php?cs_go=3&cs_id=103 HTTP/1.0" 200 6894 "-" "Mozilla/5.0 (compatible; AcoonBot/4.11.1; +http://www.acoon.de/robot.asp)"
37.58.52.15 - - [19/May/2013:03:00:28 +0200] "GET /lexikon.php?cs_go=3&cs_id=188 HTTP/1.0" 200 5659 "-" "Mozilla/5.0 (compatible; AcoonBot/4.11.1; +http://www.acoon.de/robot.asp)"
37.58.52.15 - - [19/May/2013:03:05:17 +0200] "GET /lexikon.php?cs_go=3&cs_id=88 HTTP/1.0" 200 4626 "-" "Mozilla/5.0 (compatible; AcoonBot/4.11.1; +http://www.acoon.de/robot.asp)"
37.58.52.15 - - [19/May/2013:03:04:16 +0200] "GET /lexikon.php?cs_go=3&cs_id=6 HTTP/1.0" 200 5820 "-" "Mozilla/5.0 (compatible; AcoonBot/4.11.1; +http://www.acoon.de/robot.asp)"
37.58.52.15 - - [19/May/2013:03:14:56 +0200] "GET /news.php?cs_go=archiv&cs_id=3958&cs_search= HTTP/1.0" 200 7934 "-" "Mozilla/5.0 (compatible; AcoonBot/4.11.1; +http://www.acoon.de/robot.asp)"
37.58.52.15 - - [19/May/2013:03:16:24 +0200] "GET /lexikon.php?cs_go=3&cs_id=170 HTTP/1.0" 200 7079 "-" "Mozilla/5.0 (compatible; AcoonBot/4.11.1; +http://www.acoon.de/robot.asp)"
37.58.52.15 - - [19/May/2013:03:20:20 +0200] "GET /news.php?cs_go=archiv&cs_id=3954&cs_search= HTTP/1.0" 200 10142 "-" "Mozilla/5.0 (compatible; AcoonBot/4.11.1; +http://www.acoon.de/robot.asp)"
37.58.52.15 - - [19/May/2013:03:24:48 +0200] "GET /lexikon.php?cs_go=3&cs_id=110 HTTP/1.0" 200 6358 "-" "Mozilla/5.0 (compatible; AcoonBot/4.11.1; +http://www.acoon.de/robot.asp)"
37.58.52.15 - - [19/May/2013:03:28:11 +0200] "GET /news.php?cs_go=archiv&cs_id=4034&cs_search= HTTP/1.0" 200 10712 "-" "Mozilla/5.0 (compatible; AcoonBot/4.11.1; +http://www.acoon.de/robot.asp)"
173.199.115.107 - - [19/May/2013:03:30:22 +0200] "GET /lexikon.php?cs_go=3&cs_id=52 HTTP/1.1" 200 6408 "-" "Mozilla/5.0 (compatible; AhrefsBot/4.0; +http://ahrefs.com/robot/)"
37.58.52.15 - - [19/May/2013:03:33:15 +0200] "GET /news.php?cs_go=archiv&cs_id=4038&cs_search= HTTP/1.0" 200 10824 "-" "Mozilla/5.0 (compatible; AcoonBot/4.11.1; +http://www.acoon.de/robot.asp)"
208.115.111.75 - - [19/May/2013:03:33:40 +0200] "GET /robots.txt HTTP/1.1" 200 177 "-" "Mozilla/5.0 (compatible; Ezooms/1.0; ezooms.bot@gmail.com)"
37.58.52.15 - - [19/May/2013:03:36:01 +0200] "GET /lexikon.php?cs_go=3&cs_id=130 HTTP/1.0" 200 5891 "-" "Mozilla/5.0 (compatible; AcoonBot/4.11.1; +http://www.acoon.de/robot.asp)"
37.58.52.15 - - [19/May/2013:03:37:02 +0200] "GET /lexikon.php?cs_go=3&cs_id=63 HTTP/1.0" 200 6017 "-" "Mozilla/5.0 (compatible; AcoonBot/4.11.1; +http://www.acoon.de/robot.asp)"
157.56.93.38 - - [19/May/2013:03:39:56 +0200] "GET /robots.txt HTTP/1.1" 200 177 "-" "Mozilla/5.0 (compatible; bingbot/2.0; +http://www.bing.com/bingbot.htm)"
66.249.78.46 - - [19/May/2013:03:41:07 +0200] "GET /impressum.php HTTP/1.1" 200 6397 "-" "Mozilla/5.0 (compatible; Googlebot/2.1; +http://www.google.com/bot.html)"
157.56.93.38 - - [19/May/2013:03:41:59 +0200] "GET /wunschpreis.php HTTP/1.1" 200 9932 "-" "Mozilla/5.0 (compatible; bingbot/2.0; +http://www.bing.com/bingbot.htm)"
37.58.52.15 - - [19/May/2013:03:43:24 +0200] "GET /news.php?cs_go=archiv&cs_id=3990&cs_search= HTTP/1.0" 200 10972 "-" "Mozilla/5.0 (compatible; AcoonBot/4.11.1; +http://www.acoon.de/robot.asp)"
37.58.52.15 - - [19/May/2013:03:44:25 +0200] "GET /lexikon.php?cs_go=3&cs_id=86 HTTP/1.0" 200 5908 "-" "Mozilla/5.0 (compatible; AcoonBot/4.11.1; +http://www.acoon.de/robot.asp)"
37.58.52.15 - - [19/May/2013:03:47:28 +0200] "GET /lexikon.php?cs_go=3&cs_id=221 HTTP/1.0" 200 5672 "-" "Mozilla/5.0 (compatible; AcoonBot/4.11.1; +http://www.acoon.de/robot.asp)"
173.199.115.107 - - [19/May/2013:03:48:14 +0200] "GET /news.php?cs_go=archiv&cs_id=2768&cs_search= HTTP/1.1" 200 10055 "-" "Mozilla/5.0 (compatible; AhrefsBot/4.0; +http://ahrefs.com/robot/)"
37.58.52.15 - - [19/May/2013:03:49:11 +0200] "GET /lexikon.php?cs_go=3&cs_id=83 HTTP/1.0" 200 6090 "-" "Mozilla/5.0 (compatible; AcoonBot/4.11.1; +http://www.acoon.de/robot.asp)"
37.58.52.15 - - [19/May/2013:03:51:21 +0200] "GET /lexikon.php?cs_go=3&cs_id=66 HTTP/1.0" 200 5654 "-" "Mozilla/5.0 (compatible; AcoonBot/4.11.1; +http://www.acoon.de/robot.asp)"
37.58.52.15 - - [19/May/2013:03:52:22 +0200] "GET /lexikon.php?cs_go=3&cs_id=135 HTTP/1.0" 200 6852 "-" "Mozilla/5.0 (compatible; AcoonBot/4.11.1; +http://www.acoon.de/robot.asp)"
37.58.52.15 - - [19/May/2013:03:57:25 +0200] "GET /lexikon.php?cs_go=3&cs_id=201 HTTP/1.0" 200 6449 "-" "Mozilla/5.0 (compatible; AcoonBot/4.11.1; +http://www.acoon.de/robot.asp)"
37.58.52.15 - - [19/May/2013:04:01:45 +0200] "GET /news.php?cs_go=archiv&cs_id=4033&cs_search= HTTP/1.0" 200 7680 "-" "Mozilla/5.0 (compatible; AcoonBot/4.11.1; +http://www.acoon.de/robot.asp)"
37.58.52.15 - - [19/May/2013:04:02:51 +0200] "GET /lexikon.php?cs_go=3&cs_id=115 HTTP/1.0" 200 5412 "-" "Mozilla/5.0 (compatible; AcoonBot/4.11.1; +http://www.acoon.de/robot.asp)"
66.249.78.46 - - [19/May/2013:04:06:02 +0200] "GET / HTTP/1.1" 200 12300 "-" "Mozilla/5.0 (compatible; Googlebot/2.1; +http://www.google.com/bot.html)"
37.58.52.15 - - [19/May/2013:04:08:32 +0200] "GET /news.php?cs_go=archiv&cs_id=3953&cs_search= HTTP/1.0" 200 9725 "-" "Mozilla/5.0 (compatible; AcoonBot/4.11.1; +http://www.acoon.de/robot.asp)"
37.58.52.15 - - [19/May/2013:04:10:12 +0200] "GET /lexikon.php?cs_go=3&cs_id=190 HTTP/1.0" 200 6132 "-" "Mozilla/5.0 (compatible; AcoonBot/4.11.1; +http://www.acoon.de/robot.asp)"
37.58.52.15 - - [19/May/2013:04:12:04 +0200] "GET /lexikon.php?cs_go=3&cs_id=175 HTTP/1.0" 200 5838 "-" "Mozilla/5.0 (compatible; AcoonBot/4.11.1; +http://www.acoon.de/robot.asp)"
37.58.52.15 - - [19/May/2013:04:13:05 +0200] "GET /lexikon.php?cs_go=3&cs_id=26 HTTP/1.0" 200 8463 "-" "Mozilla/5.0 (compatible; AcoonBot/4.11.1; +http://www.acoon.de/robot.asp)"
66.249.78.46 - - [19/May/2013:04:16:34 +0200] "GET /news.php?cs_go=archiv&cs_id=4192 HTTP/1.1" 200 7751 "-" "Mozilla/5.0 (compatible; Googlebot/2.1; +http://www.google.com/bot.html)"
37.58.52.15 - - [19/May/2013:04:19:04 +0200] "GET /lexikon.php?cs_go=3&cs_id=68 HTTP/1.0" 200 6173 "-" "Mozilla/5.0 (compatible; AcoonBot/4.11.1; +http://www.acoon.de/robot.asp)"
37.58.52.15 - - [19/May/2013:04:20:05 +0200] "GET /news.php?cs_go=archiv&cs_id=4023&cs_search= HTTP/1.0" 200 11015 "-" "Mozilla/5.0 (compatible; AcoonBot/4.11.1; +http://www.acoon.de/robot.asp)"
37.58.52.15 - - [19/May/2013:04:21:07 +0200] "GET /lexikon.php?cs_go=3&cs_id=155 HTTP/1.0" 200 5654 "-" "Mozilla/5.0 (compatible; AcoonBot/4.11.1; +http://www.acoon.de/robot.asp)"
66.249.78.46 - - [19/May/2013:04:25:57 +0200] "GET /js_contentserver24_greybox/gb_styles.css HTTP/1.1" 200 2302 "-" "Mozilla/5.0 (compatible; Googlebot/2.1; +http://www.google.com/bot.html)"
173.199.115.107 - - [19/May/2013:04:26:20 +0200] "GET /news.php?cs_go=archiv&cs_id=3543&cs_search= HTTP/1.1" 200 9126 "-" "Mozilla/5.0 (compatible; AhrefsBot/4.0; +http://ahrefs.com/robot/)"
37.58.52.15 - - [19/May/2013:04:27:31 +0200] "GET /lexikon.php?cs_go=3&cs_id=131 HTTP/1.0" 200 6033 "-" "Mozilla/5.0 (compatible; AcoonBot/4.11.1; +http://www.acoon.de/robot.asp)"
178.255.215.64 - - [19/May/2013:04:29:18 +0200] "GET /robots.txt HTTP/1.1" 200 177 "-" "Mozilla/5.0 (compatible; Exabot/3.0; +http://www.exabot.com/go/robot)"
178.255.215.64 - - [19/May/2013:04:29:18 +0200] "GET /lexikon.php?cs_go=2&cs_char=z HTTP/1.1" 200 5916 "-" "Mozilla/5.0 (compatible; Exabot/3.0; +http://www.exabot.com/go/robot)"
37.58.52.15 - - [19/May/2013:04:31:36 +0200] "GET /lexikon.php?cs_go=3&cs_id=225 HTTP/1.0" 200 5871 "-" "Mozilla/5.0 (compatible; AcoonBot/4.11.1; +http://www.acoon.de/robot.asp)"
37.58.52.15 - - [19/May/2013:04:34:33 +0200] "GET /news.php?cs_go=archiv&cs_id=4021&cs_search= HTTP/1.0" 200 11683 "-" "Mozilla/5.0 (compatible; AcoonBot/4.11.1; +http://www.acoon.de/robot.asp)"
37.58.52.15 - - [19/May/2013:04:36:34 +0200] "GET /lexikon.php?cs_go=3&cs_id=111 HTTP/1.0" 200 5712 "-" "Mozilla/5.0 (compatible; AcoonBot/4.11.1; +http://www.acoon.de/robot.asp)"
173.199.115.107 - - [19/May/2013:04:37:20 +0200] "GET /lexikon.php?cs_go=3&cs_id=65 HTTP/1.1" 200 6261 "-" "Mozilla/5.0 (compatible; AhrefsBot/4.0; +http://ahrefs.com/robot/)"
37.58.52.15 - - [19/May/2013:04:39:39 +0200] "GET /news.php?cs_go=archiv&cs_id=3985&cs_search= HTTP/1.0" 200 7456 "-" "Mozilla/5.0 (compatible; AcoonBot/4.11.1; +http://www.acoon.de/robot.asp)"
37.58.52.15 - - [19/May/2013:04:42:46 +0200] "GET /lexikon.php?cs_go=3&cs_id=205 HTTP/1.0" 200 5954 "-" "Mozilla/5.0 (compatible; AcoonBot/4.11.1; +http://www.acoon.de/robot.asp)"
37.58.52.15 - - [19/May/2013:04:45:29 +0200] "GET /news.php?cs_go=archiv&cs_id=3951&cs_search= HTTP/1.0" 200 11212 "-" "Mozilla/5.0 (compatible; AcoonBot/4.11.1; +http://www.acoon.de/robot.asp)"
37.58.52.15 - - [19/May/2013:04:47:10 +0200] "GET /news.php?cs_go=archiv&cs_id=4031&cs_search= HTTP/1.0" 200 7994 "-" "Mozilla/5.0 (compatible; AcoonBot/4.11.1; +http://www.acoon.de/robot.asp)"
37.58.52.15 - - [19/May/2013:04:48:45 +0200] "GET /lexikon.php?cs_go=3&cs_id=171 HTTP/1.0" 200 5663 "-" "Mozilla/5.0 (compatible; AcoonBot/4.11.1; +http://www.acoon.de/robot.asp)"
173.199.115.107 - - [19/May/2013:04:56:13 +0200] "GET /lexikon.php?cs_go=3&cs_id=43 HTTP/1.1" 200 5660 "-" "Mozilla/5.0 (compatible; AhrefsBot/4.0; +http://ahrefs.com/robot/)"
37.58.52.15 - - [19/May/2013:04:57:25 +0200] "GET /lexikon.php?cs_go=3&cs_id=7 HTTP/1.0" 200 6153 "-" "Mozilla/5.0 (compatible; AcoonBot/4.11.1; +http://www.acoon.de/robot.asp)"
37.58.52.15 - - [19/May/2013:04:58:27 +0200] "GET /lexikon.php?cs_go=3&cs_id=89 HTTP/1.0" 200 6050 "-" "Mozilla/5.0 (compatible; AcoonBot/4.11.1; +http://www.acoon.de/robot.asp)"
37.58.52.15 - - [19/May/2013:05:04:56 +0200] "GET /news.php?cs_go=archiv&cs_id=4064&cs_search= HTTP/1.0" 200 11535 "-" "Mozilla/5.0 (compatible; AcoonBot/4.11.1; +http://www.acoon.de/robot.asp)"
173.199.115.107 - - [19/May/2013:05:06:42 +0200] "GET /news.php?cs_go=archiv&cs_id=3608&cs_search= HTTP/1.1" 200 7483 "-" "Mozilla/5.0 (compatible; AhrefsBot/4.0; +http://ahrefs.com/robot/)"
37.58.52.15 - - [19/May/2013:05:08:01 +0200] "GET /news.php?cs_go=archiv&cs_id=4063&cs_search= HTTP/1.0" 200 8334 "-" "Mozilla/5.0 (compatible; AcoonBot/4.11.1; +http://www.acoon.de/robot.asp)"
66.249.78.46 - - [19/May/2013:05:10:05 +0200] "GET /news.php?cs_go=archiv&cs_id=3621 HTTP/1.1" 200 10763 "-" "Mozilla/5.0 (compatible; Googlebot/2.1; +http://www.google.com/bot.html)"
37.58.52.15 - - [19/May/2013:05:10:29 +0200] "GET /news.php?cs_go=archiv&cs_id=3992&cs_search= HTTP/1.0" 200 10337 "-" "Mozilla/5.0 (compatible; AcoonBot/4.11.1; +http://www.acoon.de/robot.asp)"
37.58.52.15 - - [19/May/2013:05:12:38 +0200] "GET /lexikon.php?cs_go=3&cs_id=154 HTTP/1.0" 200 5881 "-" "Mozilla/5.0 (compatible; AcoonBot/4.11.1; +http://www.acoon.de/robot.asp)"
37.58.52.15 - - [19/May/2013:05:14:37 +0200] "GET /lexikon.php?cs_go=3&cs_id=2 HTTP/1.0" 200 6079 "-" "Mozilla/5.0 (compatible; AcoonBot/4.11.1; +http://www.acoon.de/robot.asp)"
173.199.115.107 - - [19/May/2013:05:16:24 +0200] "GET /lexikon.php?cs_go=3&cs_id=190 HTTP/1.1" 200 6132 "-" "Mozilla/5.0 (compatible; AhrefsBot/4.0; +http://ahrefs.com/robot/)"
37.58.52.15 - - [19/May/2013:05:21:57 +0200] "GET /lexikon.php?cs_go=3&cs_id=191 HTTP/1.0" 200 7017 "-" "Mozilla/5.0 (compatible; AcoonBot/4.11.1; +http://www.acoon.de/robot.asp)"
37.58.52.15 - - [19/May/2013:05:23:50 +0200] "GET /lexikon.php?cs_go=3&cs_id=174 HTTP/1.0" 200 6368 "-" "Mozilla/5.0 (compatible; AcoonBot/4.11.1; +http://www.acoon.de/robot.asp)"
37.58.52.15 - - [19/May/2013:05:25:49 +0200] "GET /news.php?cs_go=archiv&cs_id=4036&cs_search= HTTP/1.0" 200 10790 "-" "Mozilla/5.0 (compatible; AcoonBot/4.11.1; +http://www.acoon.de/robot.asp)"
37.58.52.15 - - [19/May/2013:05:28:43 +0200] "GET /news.php?cs_go=archiv&cs_id=3956&cs_search= HTTP/1.0" 200 10900 "-" "Mozilla/5.0 (compatible; AcoonBot/4.11.1; +http://www.acoon.de/robot.asp)"
