173.199.116.51 - - [14/May/2013:20:28:55 +0200] "GET /lexikon.php?cs_go=2&cs_char=b HTTP/1.1" 200 9730 "-" "Mozilla/5.0 (compatible; AhrefsBot/4.0; +http://ahrefs.com/robot/)"
173.199.116.51 - - [14/May/2013:20:34:43 +0200] "GET /lexikon.php?cs_go=2&cs_char=o HTTP/1.1" 200 9261 "-" "Mozilla/5.0 (compatible; AhrefsBot/4.0; +http://ahrefs.com/robot/)"
130.83.167.153 - - [14/May/2013:20:59:16 +0200] "GET /impressum.php HTTP/1.1" 200 6399 "-" "findlinks/2.6 (+http://wortschatz.uni-leipzig.de/findlinks/)"
130.83.167.153 - - [14/May/2013:20:59:16 +0200] "GET /impressum.php HTTP/1.1" 200 6399 "-" "findlinks/2.6 (+http://wortschatz.uni-leipzig.de/findlinks/)"
173.199.116.51 - - [14/May/2013:21:07:24 +0200] "GET /lexikon.php?cs_go=2&cs_char=i HTTP/1.1" 200 8402 "-" "Mozilla/5.0 (compatible; AhrefsBot/4.0; +http://ahrefs.com/robot/)"
141.8.147.12 - - [14/May/2013:21:09:43 +0200] "GET /news.php?cs_go=archiv&cs_id=4052&cs_search= HTTP/1.1" 200 12386 "-" "Mozilla/5.0 (compatible; YandexBot/3.0; +http://yandex.com/bots)"
173.199.116.51 - - [14/May/2013:21:25:20 +0200] "GET /lexikon.php?cs_go=3&cs_id=218 HTTP/1.1" 200 8016 "-" "Mozilla/5.0 (compatible; AhrefsBot/4.0; +http://ahrefs.com/robot/)"
66.249.78.46 - - [14/May/2013:21:34:04 +0200] "GET /news.php?cs_go=archiv&cs_id=4000 HTTP/1.1" 200 10049 "-" "Mozilla/5.0 (compatible; Googlebot/2.1; +http://www.google.com/bot.html)"
173.199.116.51 - - [14/May/2013:21:34:49 +0200] "GET /news.php?cs_go=archiv&cs_id=3654&cs_search= HTTP/1.1" 200 9893 "-" "Mozilla/5.0 (compatible; AhrefsBot/4.0; +http://ahrefs.com/robot/)"
204.12.208.218 - - [14/May/2013:21:46:06 +0200] "GET /robots.txt HTTP/1.0" 200 177 "-" "Mozilla/5.0 (compatible; MJ12bot/v1.4.3; http://www.majestic12.co.uk/bot.php?+)"
204.12.208.218 - - [14/May/2013:21:46:08 +0200] "GET /agb.php HTTP/1.0" 200 17558 "-" "Mozilla/5.0 (compatible; MJ12bot/v1.4.3; http://www.majestic12.co.uk/bot.php?+)"
204.12.208.218 - - [14/May/2013:21:46:11 +0200] "GET /news.php?cs_go=archiv&cs_id=2678 HTTP/1.0" 200 7887 "-" "Mozilla/5.0 (compatible; MJ12bot/v1.4.3; http://www.majestic12.co.uk/bot.php?+)"
204.12.208.218 - - [14/May/2013:21:46:13 +0200] "GET /news.php?cs_go=archiv&cs_id=2679 HTTP/1.0" 200 7887 "-" "Mozilla/5.0 (compatible; MJ12bot/v1.4.3; http://www.majestic12.co.uk/bot.php?+)"
204.12.208.218 - - [14/May/2013:21:46:16 +0200] "GET /news.php?cs_go=archiv&cs_id=2680 HTTP/1.0" 200 7887 "-" "Mozilla/5.0 (compatible; MJ12bot/v1.4.3; http://www.majestic12.co.uk/bot.php?+)"
204.12.208.218 - - [14/May/2013:21:46:18 +0200] "GET /news.php?cs_go=archiv&cs_id=2681 HTTP/1.0" 200 7887 "-" "Mozilla/5.0 (compatible; MJ12bot/v1.4.3; http://www.majestic12.co.uk/bot.php?+)"
204.12.208.218 - - [14/May/2013:21:46:21 +0200] "GET /news.php?cs_go=archiv&cs_id=2682 HTTP/1.0" 200 7887 "-" "Mozilla/5.0 (compatible; MJ12bot/v1.4.3; http://www.majestic12.co.uk/bot.php?+)"
204.12.208.218 - - [14/May/2013:21:46:23 +0200] "GET /robots.txt HTTP/1.0" 200 177 "-" "Mozilla/5.0 (compatible; MJ12bot/v1.4.3; http://www.majestic12.co.uk/bot.php?+)"
204.12.208.218 - - [14/May/2013:21:46:25 +0200] "GET /news.php?cs_go=archiv&cs_id=2683 HTTP/1.0" 200 7887 "-" "Mozilla/5.0 (compatible; MJ12bot/v1.4.3; http://www.majestic12.co.uk/bot.php?+)"
204.12.208.218 - - [14/May/2013:21:46:27 +0200] "GET /news.php?cs_go=archiv&cs_id=2684 HTTP/1.0" 200 7887 "-" "Mozilla/5.0 (compatible; MJ12bot/v1.4.3; http://www.majestic12.co.uk/bot.php?+)"
204.12.208.218 - - [14/May/2013:21:46:30 +0200] "GET /news.php?cs_go=archiv&cs_id=2685 HTTP/1.0" 200 7887 "-" "Mozilla/5.0 (compatible; MJ12bot/v1.4.3; http://www.majestic12.co.uk/bot.php?+)"
204.12.208.218 - - [14/May/2013:21:46:32 +0200] "GET /news.php?cs_go=archiv&cs_id=2686 HTTP/1.0" 200 7887 "-" "Mozilla/5.0 (compatible; MJ12bot/v1.4.3; http://www.majestic12.co.uk/bot.php?+)"
204.12.208.218 - - [14/May/2013:21:46:35 +0200] "GET /news.php?cs_go=archiv&cs_id=2687 HTTP/1.0" 200 7887 "-" "Mozilla/5.0 (compatible; MJ12bot/v1.4.3; http://www.majestic12.co.uk/bot.php?+)"
204.12.208.218 - - [14/May/2013:21:46:37 +0200] "GET /news.php?cs_go=archiv&cs_id=2688 HTTP/1.0" 200 7887 "-" "Mozilla/5.0 (compatible; MJ12bot/v1.4.3; http://www.majestic12.co.uk/bot.php?+)"
204.12.208.218 - - [14/May/2013:21:46:40 +0200] "GET /news.php?cs_go=archiv&cs_id=2689 HTTP/1.0" 200 7887 "-" "Mozilla/5.0 (compatible; MJ12bot/v1.4.3; http://www.majestic12.co.uk/bot.php?+)"
204.12.208.218 - - [14/May/2013:21:46:42 +0200] "GET /news.php?cs_go=archiv&cs_id=2690 HTTP/1.0" 200 7887 "-" "Mozilla/5.0 (compatible; MJ12bot/v1.4.3; http://www.majestic12.co.uk/bot.php?+)"
204.12.208.218 - - [14/May/2013:21:46:45 +0200] "GET /news.php?cs_go=archiv&cs_id=2691 HTTP/1.0" 200 7887 "-" "Mozilla/5.0 (compatible; MJ12bot/v1.4.3; http://www.majestic12.co.uk/bot.php?+)"
173.199.116.51 - - [14/May/2013:21:58:57 +0200] "GET /news.php?cs_go=archiv&cs_startpos=780 HTTP/1.1" 200 8125 "-" "Mozilla/5.0 (compatible; AhrefsBot/4.0; +http://ahrefs.com/robot/)"
176.31.181.189 - - [14/May/2013:22:00:59 +0200] "GET /index.php HTTP/1.0" 200 12360 "http://www.mink-gmbh.de/index.php" "Mozilla/5.0 (Windows NT 6.1) AppleWebKit/535.11 (KHTML, like Gecko) Chrome/17.0.963.12 Safari/535.11"
141.8.147.12 - - [14/May/2013:22:12:35 +0200] "GET /news.php?cs_go=archiv&cs_id=4053&cs_search= HTTP/1.1" 200 10100 "-" "Mozilla/5.0 (compatible; YandexBot/3.0; +http://yandex.com/bots)"
66.249.78.46 - - [14/May/2013:22:14:48 +0200] "GET /news.php?cs_go=archiv&cs_id=4006 HTTP/1.1" 200 11392 "-" "Mozilla/5.0 (compatible; Googlebot/2.1; +http://www.google.com/bot.html)"
83.149.3.18 - - [14/May/2013:22:30:26 +0200] "GET /images/freecall.jpg HTTP/1.1" 200 39195 "http://images.yandex.ru/yandsearch?p=1&text=freecall&pos=46&uinfo=sw-1007-sh-412-fw-782-fh-448-pd-1&rpt=simage&img_url=http%3A%2F%2Fkatod.com.ua%2Fimages%2Fandroid%2F13%2F41%2Ffreecall-zvonki-dlya-android-2.jpeg" "Mozilla/5.0 (Windows NT 5.1; rv:20.0) Gecko/20100101 Firefox/20.0"
66.249.78.46 - - [14/May/2013:22:34:52 +0200] "GET /news.php?cs_go=archiv&cs_id=3411&cs_search= HTTP/1.1" 200 13675 "-" "Mozilla/5.0 (compatible; Googlebot/2.1; +http://www.google.com/bot.html)"
173.199.116.51 - - [14/May/2013:22:49:13 +0200] "GET /news.php?cs_go=archiv&cs_startpos=220 HTTP/1.1" 200 22364 "-" "Mozilla/5.0 (compatible; AhrefsBot/4.0; +http://ahrefs.com/robot/)"
141.8.147.12 - - [14/May/2013:22:57:53 +0200] "GET /robots.txt HTTP/1.1" 200 177 "-" "Mozilla/5.0 (compatible; YandexBot/3.0; +http://yandex.com/bots)"
65.36.241.79 - - [14/May/2013:23:03:35 +0200] "HEAD / HTTP/1.1" 200 - "-" "InternetSeer.com"
141.8.147.12 - - [14/May/2013:23:07:44 +0200] "GET /news.php?cs_go=archiv&cs_id=4051&cs_search= HTTP/1.1" 200 13464 "-" "Mozilla/5.0 (compatible; YandexBot/3.0; +http://yandex.com/bots)"
66.249.75.49 - - [14/May/2013:23:18:26 +0200] "GET /news.php?cs_go=archiv&cs_id=4159 HTTP/1.1" 200 15642 "-" "DoCoMo/2.0 N905i(c100;TB;W24H16) (compatible; Googlebot-Mobile/2.1; +http://www.google.com/bot.html)"
141.8.147.12 - - [14/May/2013:23:20:51 +0200] "GET /news.php?cs_go=archiv&cs_id=4047&cs_search= HTTP/1.1" 200 13163 "-" "Mozilla/5.0 (compatible; YandexBot/3.0; +http://yandex.com/bots)"
141.8.147.12 - - [14/May/2013:23:28:28 +0200] "GET /news.php?cs_go=archiv&cs_id=3734&cs_search= HTTP/1.1" 200 11526 "-" "Mozilla/5.0 (compatible; YandexBot/3.0; +http://yandex.com/bots)"
141.8.147.12 - - [14/May/2013:23:31:20 +0200] "GET /news.php?cs_go=archiv&cs_id=4046 HTTP/1.1" 200 12308 "-" "Mozilla/5.0 (compatible; YandexBot/3.0; +http://yandex.com/bots)"
66.249.78.46 - - [14/May/2013:23:32:46 +0200] "GET /news.php?cs_go=archiv&cs_id=4159 HTTP/1.1" 200 15642 "-" "SAMSUNG-SGH-E250/1.0 Profile/MIDP-2.0 Configuration/CLDC-1.1 UP.Browser/6.2.3.3.c.1.101 (GUI) MMP/2.0 (compatible; Googlebot-Mobile/2.1; +http://www.google.com/bot.html)"
208.115.111.75 - - [14/May/2013:23:35:20 +0200] "GET /robots.txt HTTP/1.1" 200 177 "-" "Mozilla/5.0 (compatible; Ezooms/1.0; ezooms.bot@gmail.com)"
173.199.116.51 - - [14/May/2013:23:36:03 +0200] "GET /lexikon.php?cs_go=3&cs_id=44 HTTP/1.1" 200 8005 "-" "Mozilla/5.0 (compatible; AhrefsBot/4.0; +http://ahrefs.com/robot/)"
66.249.78.46 - - [14/May/2013:23:46:17 +0200] "GET /news.php?cs_go=archiv&cs_id=4012 HTTP/1.1" 200 10097 "-" "Mozilla/5.0 (compatible; Googlebot/2.1; +http://www.google.com/bot.html)"
141.8.147.12 - - [14/May/2013:23:53:57 +0200] "GET /lexikon.php?cs_go=3&cs_id=120 HTTP/1.1" 200 8517 "-" "Mozilla/5.0 (compatible; YandexBot/3.0; +http://yandex.com/bots)"
80.69.77.215 - - [14/May/2013:23:56:46 +0200] "GET / HTTP/1.1" 200 12360 "-" "Mozilla/4.0 (compatible; MSIE 5.0; Windows NT; DigExt; DTS Agent"
141.8.147.12 - - [14/May/2013:23:59:34 +0200] "GET /news.php?cs_go=archiv&cs_id=4017 HTTP/1.1" 200 11654 "-" "Mozilla/5.0 (compatible; YandexBot/3.0; +http://yandex.com/bots)"
178.255.215.80 - - [15/May/2013:00:05:18 +0200] "GET /robots.txt HTTP/1.1" 200 177 "-" "Mozilla/5.0 (compatible; Exabot/3.0 (BiggerBetter); +http://www.exabot.com/go/robot)"
178.255.215.80 - - [15/May/2013:00:05:18 +0200] "GET /img/intro.swf HTTP/1.1" 404 - "-" "Mozilla/5.0 (compatible; Exabot/3.0 (BiggerBetter); +http://www.exabot.com/go/robot)"
141.8.147.12 - - [15/May/2013:00:07:40 +0200] "GET /news.php?cs_go=archiv&cs_id=4073 HTTP/1.1" 200 13919 "-" "Mozilla/5.0 (compatible; YandexBot/3.0; +http://yandex.com/bots)"
141.8.147.12 - - [15/May/2013:00:24:51 +0200] "GET /news.php?cs_go=archiv&cs_id=4171 HTTP/1.1" 200 11691 "-" "Mozilla/5.0 (compatible; YandexBot/3.0; +http://yandex.com/bots)"
157.55.32.185 - - [15/May/2013:00:30:46 +0200] "GET /robots.txt HTTP/1.1" 200 177 "-" "Mozilla/5.0 (compatible; bingbot/2.0; +http://www.bing.com/bingbot.htm)"
157.55.32.185 - - [15/May/2013:00:33:20 +0200] "GET / HTTP/1.1" 200 12360 "-" "Mozilla/5.0 (compatible; bingbot/2.0; +http://www.bing.com/bingbot.htm)"
141.8.147.12 - - [15/May/2013:00:40:27 +0200] "GET /lexikon.php?cs_go=3&cs_id=144 HTTP/1.1" 200 9851 "-" "Mozilla/5.0 (compatible; YandexBot/3.0; +http://yandex.com/bots)"
173.199.116.51 - - [15/May/2013:00:42:35 +0200] "GET /lexikon.php?cs_go=3&cs_id=129 HTTP/1.1" 200 8647 "-" "Mozilla/5.0 (compatible; AhrefsBot/4.0; +http://ahrefs.com/robot/)"
141.8.147.12 - - [15/May/2013:00:58:20 +0200] "GET /news.php?cs_go=archiv&cs_id=4157&cs_search= HTTP/1.1" 200 14107 "-" "Mozilla/5.0 (compatible; YandexBot/3.0; +http://yandex.com/bots)"
173.199.116.51 - - [15/May/2013:01:12:34 +0200] "GET /news.php?cs_go=archiv&cs_id=2738&cs_search= HTTP/1.1" 200 11620 "-" "Mozilla/5.0 (compatible; AhrefsBot/4.0; +http://ahrefs.com/robot/)"
141.8.147.12 - - [15/May/2013:01:15:19 +0200] "GET /news.php?cs_go=archiv&cs_id=4161&cs_search= HTTP/1.1" 200 11673 "-" "Mozilla/5.0 (compatible; YandexBot/3.0; +http://yandex.com/bots)"
141.8.147.12 - - [15/May/2013:01:25:29 +0200] "GET /news.php?cs_go=archiv&cs_id=4076&cs_search= HTTP/1.1" 200 11785 "-" "Mozilla/5.0 (compatible; YandexBot/3.0; +http://yandex.com/bots)"
141.8.147.12 - - [15/May/2013:01:31:28 +0200] "GET /news.php?cs_go=archiv&cs_id=3777&cs_search= HTTP/1.1" 200 12036 "-" "Mozilla/5.0 (compatible; YandexBot/3.0; +http://yandex.com/bots)"
208.115.111.75 - - [15/May/2013:01:37:37 +0200] "GET /news.php?cs_go=archiv&cs_id=4039&cs_search= HTTP/1.1" 200 12964 "-" "Mozilla/5.0 (compatible; Ezooms/1.0; ezooms.bot@gmail.com)"
208.115.111.75 - - [15/May/2013:01:37:45 +0200] "GET /news.php?cs_go=archiv&cs_id=4073&cs_search= HTTP/1.1" 200 13919 "-" "Mozilla/5.0 (compatible; Ezooms/1.0; ezooms.bot@gmail.com)"
208.115.113.91 - - [15/May/2013:01:39:15 +0200] "GET /robots.txt HTTP/1.1" 200 177 "-" "Mozilla/5.0 (compatible; Ezooms/1.0; ezooms.bot@gmail.com)"
141.8.147.12 - - [15/May/2013:01:40:00 +0200] "GET /news.php?cs_go=archiv&cs_id=4058&cs_search= HTTP/1.1" 200 10123 "-" "Mozilla/5.0 (compatible; YandexBot/3.0; +http://yandex.com/bots)"
173.199.116.51 - - [15/May/2013:01:40:08 +0200] "GET /lexikon.php?cs_go=3&cs_id=150 HTTP/1.1" 200 8218 "-" "Mozilla/5.0 (compatible; AhrefsBot/4.0; +http://ahrefs.com/robot/)"
173.199.116.51 - - [15/May/2013:01:42:59 +0200] "GET /news.php?cs_go=archiv&cs_id=3858&cs_search= HTTP/1.1" 200 12522 "-" "Mozilla/5.0 (compatible; AhrefsBot/4.0; +http://ahrefs.com/robot/)"
141.8.147.12 - - [15/May/2013:01:48:52 +0200] "GET /lexikon.php?cs_go=3&cs_id=118 HTTP/1.1" 200 8504 "-" "Mozilla/5.0 (compatible; YandexBot/3.0; +http://yandex.com/bots)"
141.8.147.12 - - [15/May/2013:02:00:36 +0200] "GET /news.php?cs_go=archiv&cs_id=4154&cs_search= HTTP/1.1" 200 10262 "-" "Mozilla/5.0 (compatible; YandexBot/3.0; +http://yandex.com/bots)"
208.115.113.91 - - [15/May/2013:02:01:54 +0200] "GET /news.php?cs_go=archiv&cs_id=3981 HTTP/1.1" 200 12338 "-" "Mozilla/5.0 (compatible; Ezooms/1.0; ezooms.bot@gmail.com)"
173.199.116.51 - - [15/May/2013:02:06:35 +0200] "GET /lexikon.php?cs_go=3&cs_id=45 HTTP/1.1" 200 7998 "-" "Mozilla/5.0 (compatible; AhrefsBot/4.0; +http://ahrefs.com/robot/)"
173.199.116.51 - - [15/May/2013:02:07:21 +0200] "GET /news.php?cs_go=archiv&cs_id=2801&cs_search= HTTP/1.1" 200 10173 "-" "Mozilla/5.0 (compatible; AhrefsBot/4.0; +http://ahrefs.com/robot/)"
141.8.147.12 - - [15/May/2013:02:09:28 +0200] "GET /news.php?cs_go=archiv&cs_id=4042&cs_search= HTTP/1.1" 200 10196 "-" "Mozilla/5.0 (compatible; YandexBot/3.0; +http://yandex.com/bots)"
141.8.147.12 - - [15/May/2013:02:18:20 +0200] "GET /news.php?cs_go=archiv&cs_id=4159&cs_search= HTTP/1.1" 200 15642 "-" "Mozilla/5.0 (compatible; YandexBot/3.0; +http://yandex.com/bots)"
141.8.147.12 - - [15/May/2013:02:27:20 +0200] "GET /news.php?cs_go=archiv&cs_id=4018 HTTP/1.1" 200 11513 "-" "Mozilla/5.0 (compatible; YandexBot/3.0; +http://yandex.com/bots)"
157.55.32.185 - - [15/May/2013:02:32:44 +0200] "GET /robots.txt HTTP/1.1" 200 177 "-" "Mozilla/5.0 (compatible; bingbot/2.0; +http://www.bing.com/bingbot.htm)"
157.55.32.185 - - [15/May/2013:02:34:31 +0200] "GET / HTTP/1.1" 200 12360 "-" "Mozilla/5.0 (compatible; bingbot/2.0; +http://www.bing.com/bingbot.htm)"
139.18.2.209 - - [15/May/2013:02:35:11 +0200] "GET /agb.php HTTP/1.1" 200 17558 "-" "findlinks/2.6 (+http://wortschatz.uni-leipzig.de/findlinks/)"
139.18.2.209 - - [15/May/2013:02:35:11 +0200] "GET /agb.php HTTP/1.1" 200 17558 "-" "findlinks/2.6 (+http://wortschatz.uni-leipzig.de/findlinks/)"
141.8.147.12 - - [15/May/2013:02:39:08 +0200] "GET /news.php?cs_go=archiv&cs_id=4156&cs_search= HTTP/1.1" 200 13023 "-" "Mozilla/5.0 (compatible; YandexBot/3.0; +http://yandex.com/bots)"
173.199.116.51 - - [15/May/2013:02:39:55 +0200] "GET /lexikon.php?cs_go=3&cs_id=79 HTTP/1.1" 200 8001 "-" "Mozilla/5.0 (compatible; AhrefsBot/4.0; +http://ahrefs.com/robot/)"
141.8.147.12 - - [15/May/2013:02:42:46 +0200] "GET /lexikon.php?cs_go=3&cs_id=115 HTTP/1.1" 200 9602 "-" "Mozilla/5.0 (compatible; YandexBot/3.0; +http://yandex.com/bots)"
141.8.147.12 - - [15/May/2013:02:52:34 +0200] "GET /news.php?cs_go=archiv&cs_id=3771&cs_search= HTTP/1.1" 200 9924 "-" "Mozilla/5.0 (compatible; YandexBot/3.0; +http://yandex.com/bots)"
141.8.147.12 - - [15/May/2013:02:54:58 +0200] "GET /news.php?cs_go=archiv&cs_id=4037 HTTP/1.1" 200 9934 "-" "Mozilla/5.0 (compatible; YandexBot/3.0; +http://yandex.com/bots)"
141.8.147.12 - - [15/May/2013:02:59:42 +0200] "GET /lexikon.php?cs_go=3&cs_id=230 HTTP/1.1" 200 8560 "-" "Mozilla/5.0 (compatible; YandexBot/3.0; +http://yandex.com/bots)"
173.199.116.51 - - [15/May/2013:03:06:10 +0200] "GET /news.php?cs_go=archiv&cs_id=3635 HTTP/1.1" 200 13433 "-" "Mozilla/5.0 (compatible; AhrefsBot/4.0; +http://ahrefs.com/robot/)"
141.8.147.12 - - [15/May/2013:03:10:11 +0200] "GET /news.php?cs_go=archiv&cs_id=4168 HTTP/1.1" 200 11325 "-" "Mozilla/5.0 (compatible; YandexBot/3.0; +http://yandex.com/bots)"
141.8.147.12 - - [15/May/2013:03:21:40 +0200] "GET /news.php?cs_go=archiv&cs_id=3980&cs_search= HTTP/1.1" 200 9993 "-" "Mozilla/5.0 (compatible; YandexBot/3.0; +http://yandex.com/bots)"
5.9.10.179 - - [15/May/2013:03:24:59 +0200] "GET /robots.txt HTTP/1.1" 200 177 "-" "Mozilla/5.0 (compatible; Infohelfer/1.3.3; +http://www.infohelfer.de/crawler.php)"
5.9.10.179 - - [15/May/2013:03:24:59 +0200] "GET /news.php?cs_go=archiv&cs_id=4173 HTTP/1.1" 200 13830 "-" "Mozilla/5.0 (compatible; Infohelfer/1.3.3; +http://www.infohelfer.de/crawler.php)"
141.8.147.12 - - [15/May/2013:03:33:08 +0200] "GET /news.php?cs_go=archiv&cs_id=4038&cs_search= HTTP/1.1" 200 13169 "-" "Mozilla/5.0 (compatible; YandexBot/3.0; +http://yandex.com/bots)"
141.8.147.12 - - [15/May/2013:03:38:22 +0200] "GET /news.php?cs_go=archiv&cs_id=4039 HTTP/1.1" 200 12964 "-" "Mozilla/5.0 (compatible; YandexBot/3.0; +http://yandex.com/bots)"
173.199.116.51 - - [15/May/2013:03:39:51 +0200] "GET /news.php?cs_go=archiv&cs_id=3915&cs_search= HTTP/1.1" 200 10259 "-" "Mozilla/5.0 (compatible; AhrefsBot/4.0; +http://ahrefs.com/robot/)"
131.253.24.101 - - [15/May/2013:03:45:55 +0200] "GET / HTTP/1.1" 200 12360 "-" "Mozilla/4.0 (compatible; MSIE 7.0; Windows NT 5.1; SLCC1; .NET CLR 1.1.4325)"
131.253.24.101 - - [15/May/2013:03:45:56 +0200] "GET /style.css HTTP/1.1" 200 8418 "http://www.mink-gmbh.de/" "Mozilla/4.0 (compatible; MSIE 7.0; Windows NT 5.1; SLCC1; .NET CLR 1.1.4325)"
131.253.24.101 - - [15/May/2013:03:45:56 +0200] "GET /modul.css HTTP/1.1" 200 35038 "http://www.mink-gmbh.de/" "Mozilla/4.0 (compatible; MSIE 7.0; Windows NT 5.1; SLCC1; .NET CLR 1.1.4325)"
131.253.24.101 - - [15/May/2013:03:45:59 +0200] "GET /js_contentserver24_greybox/gb_styles.css HTTP/1.1" 200 2302 "http://www.mink-gmbh.de/" "Mozilla/4.0 (compatible; MSIE 7.0; Windows NT 5.1; SLCC1; .NET CLR 1.1.4325)"
131.253.24.101 - - [15/May/2013:03:45:59 +0200] "GET /js_contentserver24_greybox/AJS.js HTTP/1.1" 200 10396 "http://www.mink-gmbh.de/" "Mozilla/4.0 (compatible; MSIE 7.0; Windows NT 5.1; SLCC1; .NET CLR 1.1.4325)"
131.253.24.101 - - [15/May/2013:03:46:00 +0200] "GET /js_contentserver24_greybox/AJS_fx.js HTTP/1.1" 200 3192 "http://www.mink-gmbh.de/" "Mozilla/4.0 (compatible; MSIE 7.0; Windows NT 5.1; SLCC1; .NET CLR 1.1.4325)"
131.253.24.101 - - [15/May/2013:03:46:00 +0200] "GET /js_contentserver24_greybox/gb_scripts.js HTTP/1.1" 200 11913 "http://www.mink-gmbh.de/" "Mozilla/4.0 (compatible; MSIE 7.0; Windows NT 5.1; SLCC1; .NET CLR 1.1.4325)"
131.253.24.101 - - [15/May/2013:03:46:02 +0200] "GET /js_contentserver24_greybox/loader_frame.html?s=0 HTTP/1.1" 200 2084 "http://www.mink-gmbh.de/" "Mozilla/4.0 (compatible; MSIE 7.0; Windows NT 5.1; SLCC1; .NET CLR 1.1.4325)"
131.253.24.101 - - [15/May/2013:03:46:03 +0200] "GET /js_contentserver24_greybox/AJS.js HTTP/1.1" 304 - "http://www.mink-gmbh.de/js_contentserver24_greybox/loader_frame.html?s=0" "Mozilla/4.0 (compatible; MSIE 7.0; Windows NT 5.1; SLCC1; .NET CLR 1.1.4325)"
131.253.24.101 - - [15/May/2013:03:46:03 +0200] "GET /js_contentserver24_greybox/AJS_fx.js HTTP/1.1" 304 - "http://www.mink-gmbh.de/js_contentserver24_greybox/loader_frame.html?s=0" "Mozilla/4.0 (compatible; MSIE 7.0; Windows NT 5.1; SLCC1; .NET CLR 1.1.4325)"
141.8.147.12 - - [15/May/2013:03:50:20 +0200] "GET /news.php?cs_go=archiv&cs_id=3953&cs_search= HTTP/1.1" 200 12070 "-" "Mozilla/5.0 (compatible; YandexBot/3.0; +http://yandex.com/bots)"
141.8.147.12 - - [15/May/2013:03:50:27 +0200] "GET /news.php?cs_go=archiv&cs_id=4152&cs_search= HTTP/1.1" 200 10366 "-" "Mozilla/5.0 (compatible; YandexBot/3.0; +http://yandex.com/bots)"
208.115.113.91 - - [15/May/2013:03:53:01 +0200] "GET /news.php?cs_go=archiv&cs_startpos=180 HTTP/1.1" 200 22595 "-" "Mozilla/5.0 (compatible; Ezooms/1.0; ezooms.bot@gmail.com)"
173.199.116.51 - - [15/May/2013:03:54:09 +0200] "GET /modernisierung.php HTTP/1.1" 200 11578 "-" "Mozilla/5.0 (compatible; AhrefsBot/4.0; +http://ahrefs.com/robot/)"
141.8.147.12 - - [15/May/2013:04:03:08 +0200] "GET /news.php?cs_go=archiv&cs_id=4041 HTTP/1.1" 200 13146 "-" "Mozilla/5.0 (compatible; YandexBot/3.0; +http://yandex.com/bots)"
66.249.78.46 - - [15/May/2013:04:03:01 +0200] "GET /rueckrufservice.php HTTP/1.1" 200 10770 "-" "Mozilla/5.0 (iPhone; U; CPU iPhone OS 4_1 like Mac OS X; en-us) AppleWebKit/532.9 (KHTML, like Gecko) Version/4.0.5 Mobile/8B117 Safari/6531.22.7 (compatible; Googlebot-Mobile/2.1; +http://www.google.com/bot.html)"
173.199.116.51 - - [15/May/2013:04:07:43 +0200] "GET /lexikon.php?cs_go=3&cs_id=174 HTTP/1.1" 200 8713 "-" "Mozilla/5.0 (compatible; AhrefsBot/4.0; +http://ahrefs.com/robot/)"
65.36.241.79 - - [15/May/2013:04:09:05 +0200] "HEAD / HTTP/1.1" 200 - "-" "InternetSeer.com"
141.8.147.12 - - [15/May/2013:04:20:44 +0200] "GET /news.php?cs_go=archiv&cs_id=4019 HTTP/1.1" 200 11684 "-" "Mozilla/5.0 (compatible; YandexBot/3.0; +http://yandex.com/bots)"
141.8.147.12 - - [15/May/2013:04:20:48 +0200] "GET /images/wunschpreis.jpg HTTP/1.1" 304 - "-" "Mozilla/5.0 (compatible; YandexImages/3.0; +http://yandex.com/bots)"
141.8.147.12 - - [15/May/2013:04:24:14 +0200] "GET /lexikon.php?cs_go=3&cs_id=109 HTTP/1.1" 200 9501 "-" "Mozilla/5.0 (compatible; YandexBot/3.0; +http://yandex.com/bots)"
141.8.147.12 - - [15/May/2013:04:45:25 +0200] "GET /news.php?cs_go=archiv&cs_id=3721&cs_search= HTTP/1.1" 200 11114 "-" "Mozilla/5.0 (compatible; YandexBot/3.0; +http://yandex.com/bots)"
141.8.147.12 - - [15/May/2013:04:48:24 +0200] "GET /lexikon.php?cs_go=3&cs_id=54 HTTP/1.1" 200 8004 "-" "Mozilla/5.0 (compatible; YandexBot/3.0; +http://yandex.com/bots)"
141.8.147.12 - - [15/May/2013:04:50:47 +0200] "GET /news.php?cs_go=archiv&cs_id=4158&cs_search= HTTP/1.1" 200 16196 "-" "Mozilla/5.0 (compatible; YandexBot/3.0; +http://yandex.com/bots)"
141.8.147.12 - - [15/May/2013:04:52:27 +0200] "GET /news.php?cs_go=archiv&cs_id=4167&cs_search= HTTP/1.1" 200 13124 "-" "Mozilla/5.0 (compatible; YandexBot/3.0; +http://yandex.com/bots)"
5.9.39.69 - - [15/May/2013:04:55:32 +0200] "GET /news.php?cs_go=archiv&cs_id=4159 HTTP/1.1" 200 15642 "-" "Mozilla/5.0 (compatible; Infohelfer/1.3.3; +http://www.infohelfer.de/crawler.php)"
141.8.147.12 - - [15/May/2013:04:55:39 +0200] "GET /news.php?cs_go=archiv&cs_id=4030&cs_search= HTTP/1.1" 200 13311 "-" "Mozilla/5.0 (compatible; YandexBot/3.0; +http://yandex.com/bots)"
141.8.147.12 - - [15/May/2013:04:56:35 +0200] "GET /news.php?cs_go=archiv&cs_id=3961&cs_search= HTTP/1.1" 200 10132 "-" "Mozilla/5.0 (compatible; YandexBot/3.0; +http://yandex.com/bots)"
141.8.147.12 - - [15/May/2013:04:57:20 +0200] "GET /news.php?cs_go=archiv&cs_id=3815&cs_search= HTTP/1.1" 200 13251 "-" "Mozilla/5.0 (compatible; YandexBot/3.0; +http://yandex.com/bots)"
141.8.147.12 - - [15/May/2013:04:57:55 +0200] "GET /news.php?cs_go=archiv&cs_id=3697&cs_search= HTTP/1.1" 200 11689 "-" "Mozilla/5.0 (compatible; YandexBot/3.0; +http://yandex.com/bots)"
141.8.147.12 - - [15/May/2013:04:58:24 +0200] "GET /news.php?cs_go=archiv&cs_id=4149&cs_search= HTTP/1.1" 200 11685 "-" "Mozilla/5.0 (compatible; YandexBot/3.0; +http://yandex.com/bots)"
141.8.147.12 - - [15/May/2013:04:58:47 +0200] "GET /news.php?cs_go=archiv&cs_id=4160&cs_search= HTTP/1.1" 200 9989 "-" "Mozilla/5.0 (compatible; YandexBot/3.0; +http://yandex.com/bots)"
141.8.147.12 - - [15/May/2013:04:59:06 +0200] "GET /lexikon.php?cs_go=3&cs_id=234 HTTP/1.1" 200 8726 "-" "Mozilla/5.0 (compatible; YandexBot/3.0; +http://yandex.com/bots)"
141.8.147.12 - - [15/May/2013:04:59:20 +0200] "GET /news.php?cs_go=archiv&cs_id=3967&cs_search= HTTP/1.1" 200 10462 "-" "Mozilla/5.0 (compatible; YandexBot/3.0; +http://yandex.com/bots)"
141.8.147.12 - - [15/May/2013:04:59:32 +0200] "GET / HTTP/1.1" 200 12360 "-" "Mozilla/5.0 (compatible; YandexBot/3.0; +http://yandex.com/bots)"
141.8.147.12 - - [15/May/2013:04:59:44 +0200] "GET /news.php HTTP/1.1" 200 22263 "-" "Mozilla/5.0 (compatible; YandexBot/3.0; +http://yandex.com/bots)"
141.8.147.12 - - [15/May/2013:04:59:56 +0200] "GET /index.php HTTP/1.1" 200 12360 "-" "Mozilla/5.0 (compatible; YandexBot/3.0; +http://yandex.com/bots)"
66.249.78.46 - - [15/May/2013:05:23:57 +0200] "GET /news.php?cs_go=archiv&cs_id=3733&cs_search= HTTP/1.1" 200 11105 "-" "Mozilla/5.0 (compatible; Googlebot/2.1; +http://www.google.com/bot.html)"
173.199.116.51 - - [15/May/2013:05:35:48 +0200] "GET /lexikon.php?cs_go=3&cs_id=225 HTTP/1.1" 200 8216 "-" "Mozilla/5.0 (compatible; AhrefsBot/4.0; +http://ahrefs.com/robot/)"
141.8.147.12 - - [15/May/2013:05:59:54 +0200] "GET /news.php?cs_go=archiv&cs_id=4105&cs_search= HTTP/1.1" 200 12511 "-" "Mozilla/5.0 (compatible; YandexBot/3.0; +http://yandex.com/bots)"
66.249.78.46 - - [15/May/2013:06:02:12 +0200] "GET /news.php?cs_go=archiv&cs_id=3112&cs_search= HTTP/1.1" 200 13546 "-" "Mozilla/5.0 (compatible; Googlebot/2.1; +http://www.google.com/bot.html)"
141.8.147.12 - - [15/May/2013:06:03:06 +0200] "GET /news.php?cs_go=archiv&cs_id=4106&cs_search= HTTP/1.1" 200 13611 "-" "Mozilla/5.0 (compatible; YandexBot/3.0; +http://yandex.com/bots)"
141.8.147.12 - - [15/May/2013:06:05:04 +0200] "GET /news.php?cs_go=archiv&cs_id=3963&cs_search= HTTP/1.1" 200 10179 "-" "Mozilla/5.0 (compatible; YandexBot/3.0; +http://yandex.com/bots)"
178.24.57.138 - - [15/May/2013:06:06:44 +0200] "GET /robots.txt HTTP/1.0" 200 177 "-" "Mozilla/5.0 (compatible; MJ12bot/v1.4.3; http://www.majestic12.co.uk/bot.php?+)"
178.24.57.138 - - [15/May/2013:06:06:47 +0200] "GET /news.php?cs_go=archiv&cs_id=4178 HTTP/1.0" 200 10868 "-" "Mozilla/5.0 (compatible; MJ12bot/v1.4.3; http://www.majestic12.co.uk/bot.php?+)"
141.8.147.12 - - [15/May/2013:06:08:30 +0200] "GET /news.php?cs_go=archiv&cs_id=4176&cs_search= HTTP/1.1" 200 14013 "-" "Mozilla/5.0 (compatible; YandexBot/3.0; +http://yandex.com/bots)"
66.249.78.46 - - [15/May/2013:06:11:34 +0200] "GET /news.php?cs_go=archiv&cs_id=3790 HTTP/1.1" 200 10312 "-" "Mozilla/5.0 (compatible; Googlebot/2.1; +http://www.google.com/bot.html)"
173.199.116.51 - - [15/May/2013:06:13:55 +0200] "GET /lexikon.php?cs_go=3&cs_id=66 HTTP/1.1" 200 7999 "-" "Mozilla/5.0 (compatible; AhrefsBot/4.0; +http://ahrefs.com/robot/)"
66.249.78.46 - - [15/May/2013:06:15:54 +0200] "GET /news.php?cs_go=archiv&cs_id=3789 HTTP/1.1" 200 9914 "-" "Mozilla/5.0 (compatible; Googlebot/2.1; +http://www.google.com/bot.html)"
66.249.78.46 - - [15/May/2013:06:23:06 +0200] "GET /news.php?cs_go=archiv&cs_id=3190 HTTP/1.1" 200 9967 "-" "Mozilla/5.0 (compatible; Googlebot/2.1; +http://www.google.com/bot.html)"
173.199.116.51 - - [15/May/2013:06:27:34 +0200] "GET /lexikon.php?cs_go=3&cs_id=179 HTTP/1.1" 200 11583 "-" "Mozilla/5.0 (compatible; AhrefsBot/4.0; +http://ahrefs.com/robot/)"
66.249.78.46 - - [15/May/2013:06:28:51 +0200] "GET /news.php?cs_go=archiv&cs_id=2927 HTTP/1.1" 200 13896 "-" "Mozilla/5.0 (compatible; Googlebot/2.1; +http://www.google.com/bot.html)"
141.8.147.12 - - [15/May/2013:06:29:50 +0200] "GET /news.php?cs_go=archiv&cs_id=4103&cs_search= HTTP/1.1" 200 9979 "-" "Mozilla/5.0 (compatible; YandexBot/3.0; +http://yandex.com/bots)"
173.199.116.51 - - [15/May/2013:06:38:49 +0200] "GET /lexikon.php?cs_go=3&cs_id=49 HTTP/1.1" 200 9135 "-" "Mozilla/5.0 (compatible; AhrefsBot/4.0; +http://ahrefs.com/robot/)"
66.249.75.49 - - [15/May/2013:06:39:05 +0200] "GET /news.php?cs_go=archiv&cs_id=3269 HTTP/1.1" 200 9852 "-" "Mozilla/5.0 (compatible; Googlebot/2.1; +http://www.google.com/bot.html)"
66.249.78.46 - - [15/May/2013:06:41:59 +0200] "GET /news.php?cs_go=archiv&cs_id=3192 HTTP/1.1" 200 13525 "-" "Mozilla/5.0 (compatible; Googlebot/2.1; +http://www.google.com/bot.html)"
66.249.78.46 - - [15/May/2013:06:44:56 +0200] "GET /news.php?cs_go=archiv&cs_id=2871&cs_search= HTTP/1.1" 200 13714 "-" "Mozilla/5.0 (compatible; Googlebot/2.1; +http://www.google.com/bot.html)"
66.249.78.46 - - [15/May/2013:06:47:52 +0200] "GET /news.php?cs_go=archiv&cs_id=2823&cs_search= HTTP/1.1" 200 13722 "-" "Mozilla/5.0 (compatible; Googlebot/2.1; +http://www.google.com/bot.html)"
66.249.78.46 - - [15/May/2013:06:49:20 +0200] "GET /news.php?cs_go=archiv&cs_id=3306&cs_search= HTTP/1.1" 200 10109 "-" "Mozilla/5.0 (compatible; Googlebot/2.1; +http://www.google.com/bot.html)"
141.8.147.12 - - [15/May/2013:06:53:22 +0200] "GET /news.php?cs_go=archiv&cs_id=4174 HTTP/1.1" 200 10029 "-" "Mozilla/5.0 (compatible; YandexBot/3.0; +http://yandex.com/bots)"
66.249.78.46 - - [15/May/2013:06:53:48 +0200] "GET /news.php?cs_go=archiv&cs_id=3402&cs_search= HTTP/1.1" 200 9912 "-" "Mozilla/5.0 (compatible; Googlebot/2.1; +http://www.google.com/bot.html)"
66.249.78.46 - - [15/May/2013:06:58:18 +0200] "GET /news.php?cs_go=archiv&cs_id=3406&cs_search= HTTP/1.1" 200 10232 "-" "Mozilla/5.0 (compatible; Googlebot/2.1; +http://www.google.com/bot.html)"
66.249.78.46 - - [15/May/2013:06:59:47 +0200] "GET /news.php?cs_go=archiv&cs_id=3874 HTTP/1.1" 200 12997 "-" "Mozilla/5.0 (compatible; Googlebot/2.1; +http://www.google.com/bot.html)"
66.249.78.46 - - [15/May/2013:07:01:18 +0200] "GET /news.php?cs_go=archiv&cs_id=3409&cs_search= HTTP/1.1" 200 9889 "-" "Mozilla/5.0 (compatible; Googlebot/2.1; +http://www.google.com/bot.html)"
66.249.78.46 - - [15/May/2013:07:04:24 +0200] "GET /lexikon.php?cs_go=3&cs_id=112 HTTP/1.1" 200 9151 "-" "Mozilla/5.0 (compatible; Googlebot/2.1; +http://www.google.com/bot.html)"
66.249.78.46 - - [15/May/2013:07:07:30 +0200] "GET /robots.txt HTTP/1.1" 200 177 "-" "Mozilla/5.0 (compatible; Googlebot/2.1; +http://www.google.com/bot.html)"
66.249.78.46 - - [15/May/2013:07:07:30 +0200] "GET /news.php?cs_go=archiv&cs_id=3870 HTTP/1.1" 200 10210 "-" "Mozilla/5.0 (compatible; Googlebot/2.1; +http://www.google.com/bot.html)"
66.249.75.49 - - [15/May/2013:07:13:42 +0200] "GET /news.php?cs_go=archiv&cs_id=3268&cs_search= HTTP/1.1" 200 13547 "-" "Mozilla/5.0 (compatible; Googlebot/2.1; +http://www.google.com/bot.html)"
66.249.78.46 - - [15/May/2013:07:15:15 +0200] "GET /lexikon.php?cs_go=3&cs_id=95 HTTP/1.1" 200 8734 "-" "Mozilla/5.0 (compatible; Googlebot/2.1; +http://www.google.com/bot.html)"
66.249.78.46 - - [15/May/2013:07:24:44 +0200] "GET /news.php HTTP/1.1" 200 22263 "-" "Mozilla/5.0 (compatible; Googlebot/2.1; +http://www.google.com/bot.html)"
66.249.78.46 - - [15/May/2013:07:30:38 +0200] "GET /news.php?cs_go=archiv&cs_id=4172 HTTP/1.1" 200 10125 "-" "Mozilla/5.0 (iPhone; U; CPU iPhone OS 4_1 like Mac OS X; en-us) AppleWebKit/532.9 (KHTML, like Gecko) Version/4.0.5 Mobile/8B117 Safari/6531.22.7 (compatible; Googlebot-Mobile/2.1; +http://www.google.com/bot.html)"
66.249.78.46 - - [15/May/2013:07:34:39 +0200] "GET /news.php?cs_go=archiv&cs_id=4178&cs_search= HTTP/1.1" 200 10868 "-" "Mozilla/5.0 (compatible; Googlebot/2.1; +http://www.google.com/bot.html)"
66.249.78.46 - - [15/May/2013:07:34:39 +0200] "GET /news.php?cs_go=archiv&cs_id=4179&cs_search= HTTP/1.1" 200 13992 "-" "Mozilla/5.0 (compatible; Googlebot/2.1; +http://www.google.com/bot.html)"
66.249.78.46 - - [15/May/2013:07:36:50 +0200] "GET /news.php?cs_go=archiv&cs_id=3785 HTTP/1.1" 200 9811 "-" "Mozilla/5.0 (compatible; Googlebot/2.1; +http://www.google.com/bot.html)"
141.8.147.12 - - [15/May/2013:07:55:19 +0200] "GET /news.php?cs_go=archiv&cs_id=4175 HTTP/1.1" 200 10978 "-" "Mozilla/5.0 (compatible; YandexBot/3.0; +http://yandex.com/bots)"
66.249.78.46 - - [15/May/2013:07:55:44 +0200] "GET /news.php?cs_go=archiv&cs_id=3983 HTTP/1.1" 200 10052 "-" "Mozilla/5.0 (compatible; Googlebot/2.1; +http://www.google.com/bot.html)"
66.249.78.46 - - [15/May/2013:08:00:45 +0200] "GET /news.php?cs_go=archiv&cs_id=3774 HTTP/1.1" 200 13745 "-" "Mozilla/5.0 (compatible; Googlebot/2.1; +http://www.google.com/bot.html)"
141.8.147.12 - - [15/May/2013:08:26:01 +0200] "GET /news.php?cs_go=archiv&cs_id=4043&cs_search= HTTP/1.1" 200 13298 "-" "Mozilla/5.0 (compatible; YandexBot/3.0; +http://yandex.com/bots)"
141.8.147.12 - - [15/May/2013:08:59:03 +0200] "GET /news.php?cs_go=archiv&cs_id=3780&cs_search= HTTP/1.1" 200 13003 "-" "Mozilla/5.0 (compatible; YandexBot/3.0; +http://yandex.com/bots)"
5.9.39.69 - - [15/May/2013:09:09:03 +0200] "GET /news.php?cs_go=archiv&cs_id=4172 HTTP/1.1" 200 10125 "-" "Mozilla/5.0 (compatible; Infohelfer/1.3.3; +http://www.infohelfer.de/crawler.php)"
65.36.241.79 - - [15/May/2013:09:36:58 +0200] "HEAD / HTTP/1.1" 200 - "-" "InternetSeer.com"
208.115.113.91 - - [15/May/2013:09:41:14 +0200] "GET /robots.txt HTTP/1.1" 200 177 "-" "Mozilla/5.0 (compatible; Ezooms/1.0; ezooms.bot@gmail.com)"
66.249.78.46 - - [15/May/2013:09:44:57 +0200] "GET /news.php?cs_go=archiv&cs_startpos=710 HTTP/1.1" 200 8125 "-" "Mozilla/5.0 (iPhone; U; CPU iPhone OS 4_1 like Mac OS X; en-us) AppleWebKit/532.9 (KHTML, like Gecko) Version/4.0.5 Mobile/8B117 Safari/6531.22.7 (compatible; Googlebot-Mobile/2.1; +http://www.google.com/bot.html)"
217.6.142.41 - - [15/May/2013:09:51:38 +0200] "GET /style.css HTTP/1.1" 200 8418 "http://www.mink-gmbh.de/" "Mozilla/5.0 (Macintosh; Intel Mac OS X 10.8; rv:20.0) Gecko/20100101 Firefox/20.0"
217.6.142.41 - - [15/May/2013:09:51:38 +0200] "GET /modul.css HTTP/1.1" 200 35038 "http://www.mink-gmbh.de/" "Mozilla/5.0 (Macintosh; Intel Mac OS X 10.8; rv:20.0) Gecko/20100101 Firefox/20.0"
217.6.142.41 - - [15/May/2013:09:51:38 +0200] "GET /favicon.ico HTTP/1.1" 200 3638 "-" "Mozilla/5.0 (Macintosh; Intel Mac OS X 10.8; rv:20.0) Gecko/20100101 Firefox/20.0"
217.6.142.41 - - [15/May/2013:09:51:38 +0200] "GET /js_contentserver24_greybox/gb_styles.css HTTP/1.1" 200 2302 "http://www.mink-gmbh.de/" "Mozilla/5.0 (Macintosh; Intel Mac OS X 10.8; rv:20.0) Gecko/20100101 Firefox/20.0"
217.6.142.41 - - [15/May/2013:09:51:38 +0200] "GET /js_contentserver24_greybox/AJS.js HTTP/1.1" 200 10396 "http://www.mink-gmbh.de/" "Mozilla/5.0 (Macintosh; Intel Mac OS X 10.8; rv:20.0) Gecko/20100101 Firefox/20.0"
217.6.142.41 - - [15/May/2013:09:51:38 +0200] "GET /js_contentserver24_greybox/AJS_fx.js HTTP/1.1" 200 3192 "http://www.mink-gmbh.de/" "Mozilla/5.0 (Macintosh; Intel Mac OS X 10.8; rv:20.0) Gecko/20100101 Firefox/20.0"
217.6.142.41 - - [15/May/2013:09:51:38 +0200] "GET /js_contentserver24_greybox/gb_scripts.js HTTP/1.1" 200 11913 "http://www.mink-gmbh.de/" "Mozilla/5.0 (Macintosh; Intel Mac OS X 10.8; rv:20.0) Gecko/20100101 Firefox/20.0"
217.6.142.41 - - [15/May/2013:09:51:38 +0200] "GET /images/bg.jpg HTTP/1.1" 200 345 "http://www.mink-gmbh.de/style.css" "Mozilla/5.0 (Macintosh; Intel Mac OS X 10.8; rv:20.0) Gecko/20100101 Firefox/20.0"
217.6.142.41 - - [15/May/2013:09:51:38 +0200] "GET /images/close.png HTTP/1.1" 200 703 "http://www.mink-gmbh.de/" "Mozilla/5.0 (Macintosh; Intel Mac OS X 10.8; rv:20.0) Gecko/20100101 Firefox/20.0"
217.6.142.41 - - [15/May/2013:09:51:38 +0200] "GET /js_contentserver24_greybox/w_close.gif HTTP/1.1" 200 74 "http://www.mink-gmbh.de/" "Mozilla/5.0 (Macintosh; Intel Mac OS X 10.8; rv:20.0) Gecko/20100101 Firefox/20.0"
217.6.142.41 - - [15/May/2013:09:51:38 +0200] "GET /images/newsletter_bg.jpg HTTP/1.1" 200 33610 "http://www.mink-gmbh.de/" "Mozilla/5.0 (Macintosh; Intel Mac OS X 10.8; rv:20.0) Gecko/20100101 Firefox/20.0"
217.6.142.41 - - [15/May/2013:09:51:38 +0200] "GET /images/newsletter.png HTTP/1.1" 200 14619 "http://www.mink-gmbh.de/style.css" "Mozilla/5.0 (Macintosh; Intel Mac OS X 10.8; rv:20.0) Gecko/20100101 Firefox/20.0"
217.6.142.41 - - [15/May/2013:09:51:38 +0200] "GET /images/fallend.png HTTP/1.1" 200 713 "http://www.mink-gmbh.de/modul.css" "Mozilla/5.0 (Macintosh; Intel Mac OS X 10.8; rv:20.0) Gecko/20100101 Firefox/20.0"
217.6.142.41 - - [15/May/2013:09:51:38 +0200] "GET /images/navibg.png HTTP/1.1" 200 2803 "http://www.mink-gmbh.de/style.css" "Mozilla/5.0 (Macintosh; Intel Mac OS X 10.8; rv:20.0) Gecko/20100101 Firefox/20.0"
217.6.142.41 - - [15/May/2013:09:51:38 +0200] "GET /images/steigend.png HTTP/1.1" 200 688 "http://www.mink-gmbh.de/modul.css" "Mozilla/5.0 (Macintosh; Intel Mac OS X 10.8; rv:20.0) Gecko/20100101 Firefox/20.0"
217.6.142.41 - - [15/May/2013:09:51:38 +0200] "GET /images/wrapperbg.jpg HTTP/1.1" 200 27465 "http://www.mink-gmbh.de/style.css" "Mozilla/5.0 (Macintosh; Intel Mac OS X 10.8; rv:20.0) Gecko/20100101 Firefox/20.0"
217.6.142.41 - - [15/May/2013:09:51:38 +0200] "GET /images/header.jpg HTTP/1.1" 200 40733 "http://www.mink-gmbh.de/style.css" "Mozilla/5.0 (Macintosh; Intel Mac OS X 10.8; rv:20.0) Gecko/20100101 Firefox/20.0"
217.6.142.41 - - [15/May/2013:09:51:37 +0200] "GET / HTTP/1.1" 200 12362 "-" "Mozilla/5.0 (Macintosh; Intel Mac OS X 10.8; rv:20.0) Gecko/20100101 Firefox/20.0"
217.6.142.41 - - [15/May/2013:09:51:38 +0200] "GET /images/tkw.jpg HTTP/1.1" 200 64031 "http://www.mink-gmbh.de/" "Mozilla/5.0 (Macintosh; Intel Mac OS X 10.8; rv:20.0) Gecko/20100101 Firefox/20.0"
217.6.142.41 - - [15/May/2013:09:51:38 +0200] "GET /images/team-energie.png HTTP/1.1" 200 17383 "http://www.mink-gmbh.de/" "Mozilla/5.0 (Macintosh; Intel Mac OS X 10.8; rv:20.0) Gecko/20100101 Firefox/20.0"
217.6.142.41 - - [15/May/2013:09:51:38 +0200] "GET /images/freecall.jpg HTTP/1.1" 200 39195 "http://www.mink-gmbh.de/" "Mozilla/5.0 (Macintosh; Intel Mac OS X 10.8; rv:20.0) Gecko/20100101 Firefox/20.0"
217.6.142.41 - - [15/May/2013:09:51:38 +0200] "GET /images/wunschpreis.jpg HTTP/1.1" 200 16767 "http://www.mink-gmbh.de/" "Mozilla/5.0 (Macintosh; Intel Mac OS X 10.8; rv:20.0) Gecko/20100101 Firefox/20.0"
217.6.142.41 - - [15/May/2013:09:51:38 +0200] "GET /images/kwk.gif HTTP/1.1" 200 6403 "http://www.mink-gmbh.de/" "Mozilla/5.0 (Macintosh; Intel Mac OS X 10.8; rv:20.0) Gecko/20100101 Firefox/20.0"
217.6.142.41 - - [15/May/2013:09:51:38 +0200] "GET /images/logos.jpg HTTP/1.1" 200 15002 "http://www.mink-gmbh.de/" "Mozilla/5.0 (Macintosh; Intel Mac OS X 10.8; rv:20.0) Gecko/20100101 Firefox/20.0"
217.6.142.41 - - [15/May/2013:09:51:38 +0200] "GET /images/mail.jpg HTTP/1.1" 200 11165 "http://www.mink-gmbh.de/" "Mozilla/5.0 (Macintosh; Intel Mac OS X 10.8; rv:20.0) Gecko/20100101 Firefox/20.0"
217.6.142.41 - - [15/May/2013:09:51:38 +0200] "GET /images/newsletter.jpg HTTP/1.1" 200 13130 "http://www.mink-gmbh.de/style.css" "Mozilla/5.0 (Macintosh; Intel Mac OS X 10.8; rv:20.0) Gecko/20100101 Firefox/20.0"
217.6.142.41 - - [15/May/2013:09:51:38 +0200] "GET /images/mobil.jpg HTTP/1.1" 200 25293 "http://www.mink-gmbh.de/style.css" "Mozilla/5.0 (Macintosh; Intel Mac OS X 10.8; rv:20.0) Gecko/20100101 Firefox/20.0"
217.6.142.41 - - [15/May/2013:09:51:38 +0200] "GET /images/footerbg.jpg HTTP/1.1" 200 2184 "http://www.mink-gmbh.de/style.css" "Mozilla/5.0 (Macintosh; Intel Mac OS X 10.8; rv:20.0) Gecko/20100101 Firefox/20.0"
217.6.142.41 - - [15/May/2013:09:51:38 +0200] "GET /js_contentserver24_greybox/loader_frame.html?s=0 HTTP/1.1" 200 2084 "http://www.mink-gmbh.de/" "Mozilla/5.0 (Macintosh; Intel Mac OS X 10.8; rv:20.0) Gecko/20100101 Firefox/20.0"
217.6.142.41 - - [15/May/2013:09:51:38 +0200] "GET /js_contentserver24_greybox/g_close.gif HTTP/1.1" 200 541 "http://www.mink-gmbh.de/" "Mozilla/5.0 (Macintosh; Intel Mac OS X 10.8; rv:20.0) Gecko/20100101 Firefox/20.0"
217.6.142.41 - - [15/May/2013:09:51:38 +0200] "GET /js_contentserver24_greybox/header_bg.gif HTTP/1.1" 200 1188 "http://www.mink-gmbh.de/" "Mozilla/5.0 (Macintosh; Intel Mac OS X 10.8; rv:20.0) Gecko/20100101 Firefox/20.0"
217.6.142.41 - - [15/May/2013:09:51:38 +0200] "GET /js_contentserver24_greybox/indicator.gif HTTP/1.1" 200 8238 "http://www.mink-gmbh.de/" "Mozilla/5.0 (Macintosh; Intel Mac OS X 10.8; rv:20.0) Gecko/20100101 Firefox/20.0"
217.6.142.41 - - [15/May/2013:09:51:58 +0200] "GET /impressum.php HTTP/1.1" 200 6399 "http://www.mink-gmbh.de/" "Mozilla/5.0 (Macintosh; Intel Mac OS X 10.8; rv:20.0) Gecko/20100101 Firefox/20.0"
80.153.167.142 - - [15/May/2013:09:52:23 +0200] "GET / HTTP/1.1" 200 12362 "-" "Mozilla/5.0 (Windows NT 6.1; WOW64; rv:20.0) Gecko/20100101 Firefox/20.0"
80.153.167.142 - - [15/May/2013:09:52:24 +0200] "GET /style.css HTTP/1.1" 200 8418 "http://www.mink-gmbh.de/" "Mozilla/5.0 (Windows NT 6.1; WOW64; rv:20.0) Gecko/20100101 Firefox/20.0"
80.153.167.142 - - [15/May/2013:09:52:24 +0200] "GET /modul.css HTTP/1.1" 200 35038 "http://www.mink-gmbh.de/" "Mozilla/5.0 (Windows NT 6.1; WOW64; rv:20.0) Gecko/20100101 Firefox/20.0"
80.153.167.142 - - [15/May/2013:09:52:24 +0200] "GET /js_contentserver24_greybox/gb_styles.css HTTP/1.1" 200 2302 "http://www.mink-gmbh.de/" "Mozilla/5.0 (Windows NT 6.1; WOW64; rv:20.0) Gecko/20100101 Firefox/20.0"
80.153.167.142 - - [15/May/2013:09:52:24 +0200] "GET /favicon.ico HTTP/1.1" 200 3638 "-" "Mozilla/5.0 (Windows NT 6.1; WOW64; rv:20.0) Gecko/20100101 Firefox/20.0"
80.153.167.142 - - [15/May/2013:09:52:24 +0200] "GET /js_contentserver24_greybox/AJS_fx.js HTTP/1.1" 200 3192 "http://www.mink-gmbh.de/" "Mozilla/5.0 (Windows NT 6.1; WOW64; rv:20.0) Gecko/20100101 Firefox/20.0"
80.153.167.142 - - [15/May/2013:09:52:24 +0200] "GET /images/team-energie.png HTTP/1.1" 200 17383 "http://www.mink-gmbh.de/" "Mozilla/5.0 (Windows NT 6.1; WOW64; rv:20.0) Gecko/20100101 Firefox/20.0"
80.153.167.142 - - [15/May/2013:09:52:24 +0200] "GET /js_contentserver24_greybox/gb_scripts.js HTTP/1.1" 200 11913 "http://www.mink-gmbh.de/" "Mozilla/5.0 (Windows NT 6.1; WOW64; rv:20.0) Gecko/20100101 Firefox/20.0"
80.153.167.142 - - [15/May/2013:09:52:24 +0200] "GET /images/freecall.jpg HTTP/1.1" 200 39195 "http://www.mink-gmbh.de/" "Mozilla/5.0 (Windows NT 6.1; WOW64; rv:20.0) Gecko/20100101 Firefox/20.0"
80.153.167.142 - - [15/May/2013:09:52:24 +0200] "GET /js_contentserver24_greybox/AJS.js HTTP/1.1" 200 10396 "http://www.mink-gmbh.de/" "Mozilla/5.0 (Windows NT 6.1; WOW64; rv:20.0) Gecko/20100101 Firefox/20.0"
80.153.167.142 - - [15/May/2013:09:52:24 +0200] "GET /images/mail.jpg HTTP/1.1" 200 11165 "http://www.mink-gmbh.de/" "Mozilla/5.0 (Windows NT 6.1; WOW64; rv:20.0) Gecko/20100101 Firefox/20.0"
80.153.167.142 - - [15/May/2013:09:52:24 +0200] "GET /images/kwk.gif HTTP/1.1" 200 6403 "http://www.mink-gmbh.de/" "Mozilla/5.0 (Windows NT 6.1; WOW64; rv:20.0) Gecko/20100101 Firefox/20.0"
80.153.167.142 - - [15/May/2013:09:52:25 +0200] "GET /images/wunschpreis.jpg HTTP/1.1" 200 16767 "http://www.mink-gmbh.de/" "Mozilla/5.0 (Windows NT 6.1; WOW64; rv:20.0) Gecko/20100101 Firefox/20.0"
80.153.167.142 - - [15/May/2013:09:52:25 +0200] "GET /images/logos.jpg HTTP/1.1" 200 15002 "http://www.mink-gmbh.de/" "Mozilla/5.0 (Windows NT 6.1; WOW64; rv:20.0) Gecko/20100101 Firefox/20.0"
80.153.167.142 - - [15/May/2013:09:52:25 +0200] "GET /images/bg.jpg HTTP/1.1" 200 345 "http://www.mink-gmbh.de/style.css" "Mozilla/5.0 (Windows NT 6.1; WOW64; rv:20.0) Gecko/20100101 Firefox/20.0"
80.153.167.142 - - [15/May/2013:09:52:25 +0200] "GET /js_contentserver24_greybox/w_close.gif HTTP/1.1" 200 74 "http://www.mink-gmbh.de/" "Mozilla/5.0 (Windows NT 6.1; WOW64; rv:20.0) Gecko/20100101 Firefox/20.0"
80.153.167.142 - - [15/May/2013:09:52:25 +0200] "GET /images/close.png HTTP/1.1" 200 703 "http://www.mink-gmbh.de/" "Mozilla/5.0 (Windows NT 6.1; WOW64; rv:20.0) Gecko/20100101 Firefox/20.0"
80.153.167.142 - - [15/May/2013:09:52:25 +0200] "GET /images/newsletter_bg.jpg HTTP/1.1" 200 33610 "http://www.mink-gmbh.de/" "Mozilla/5.0 (Windows NT 6.1; WOW64; rv:20.0) Gecko/20100101 Firefox/20.0"
80.153.167.142 - - [15/May/2013:09:52:25 +0200] "GET /images/newsletter.png HTTP/1.1" 200 14619 "http://www.mink-gmbh.de/style.css" "Mozilla/5.0 (Windows NT 6.1; WOW64; rv:20.0) Gecko/20100101 Firefox/20.0"
80.153.167.142 - - [15/May/2013:09:52:25 +0200] "GET /images/wrapperbg.jpg HTTP/1.1" 200 27465 "http://www.mink-gmbh.de/style.css" "Mozilla/5.0 (Windows NT 6.1; WOW64; rv:20.0) Gecko/20100101 Firefox/20.0"
80.153.167.142 - - [15/May/2013:09:52:25 +0200] "GET /images/header.jpg HTTP/1.1" 200 40733 "http://www.mink-gmbh.de/style.css" "Mozilla/5.0 (Windows NT 6.1; WOW64; rv:20.0) Gecko/20100101 Firefox/20.0"
80.153.167.142 - - [15/May/2013:09:52:24 +0200] "GET /images/tkw.jpg HTTP/1.1" 200 64031 "http://www.mink-gmbh.de/" "Mozilla/5.0 (Windows NT 6.1; WOW64; rv:20.0) Gecko/20100101 Firefox/20.0"
80.153.167.142 - - [15/May/2013:09:52:25 +0200] "GET /images/navibg.png HTTP/1.1" 200 2803 "http://www.mink-gmbh.de/style.css" "Mozilla/5.0 (Windows NT 6.1; WOW64; rv:20.0) Gecko/20100101 Firefox/20.0"
80.153.167.142 - - [15/May/2013:09:52:25 +0200] "GET /images/fallend.png HTTP/1.1" 200 713 "http://www.mink-gmbh.de/modul.css" "Mozilla/5.0 (Windows NT 6.1; WOW64; rv:20.0) Gecko/20100101 Firefox/20.0"
80.153.167.142 - - [15/May/2013:09:52:25 +0200] "GET /images/steigend.png HTTP/1.1" 200 688 "http://www.mink-gmbh.de/modul.css" "Mozilla/5.0 (Windows NT 6.1; WOW64; rv:20.0) Gecko/20100101 Firefox/20.0"
80.153.167.142 - - [15/May/2013:09:52:25 +0200] "GET /images/mobil.jpg HTTP/1.1" 200 25293 "http://www.mink-gmbh.de/style.css" "Mozilla/5.0 (Windows NT 6.1; WOW64; rv:20.0) Gecko/20100101 Firefox/20.0"
80.153.167.142 - - [15/May/2013:09:52:25 +0200] "GET /images/newsletter.jpg HTTP/1.1" 200 13130 "http://www.mink-gmbh.de/style.css" "Mozilla/5.0 (Windows NT 6.1; WOW64; rv:20.0) Gecko/20100101 Firefox/20.0"
80.153.167.142 - - [15/May/2013:09:52:25 +0200] "GET /images/footerbg.jpg HTTP/1.1" 200 2184 "http://www.mink-gmbh.de/style.css" "Mozilla/5.0 (Windows NT 6.1; WOW64; rv:20.0) Gecko/20100101 Firefox/20.0"
80.153.167.142 - - [15/May/2013:09:52:25 +0200] "GET /js_contentserver24_greybox/g_close.gif HTTP/1.1" 200 541 "http://www.mink-gmbh.de/" "Mozilla/5.0 (Windows NT 6.1; WOW64; rv:20.0) Gecko/20100101 Firefox/20.0"
80.153.167.142 - - [15/May/2013:09:52:25 +0200] "GET /js_contentserver24_greybox/header_bg.gif HTTP/1.1" 200 1188 "http://www.mink-gmbh.de/" "Mozilla/5.0 (Windows NT 6.1; WOW64; rv:20.0) Gecko/20100101 Firefox/20.0"
80.153.167.142 - - [15/May/2013:09:52:25 +0200] "GET /js_contentserver24_greybox/indicator.gif HTTP/1.1" 200 8238 "http://www.mink-gmbh.de/" "Mozilla/5.0 (Windows NT 6.1; WOW64; rv:20.0) Gecko/20100101 Firefox/20.0"
80.153.167.142 - - [15/May/2013:09:52:25 +0200] "GET /js_contentserver24_greybox/loader_frame.html?s=0 HTTP/1.1" 200 2084 "http://www.mink-gmbh.de/" "Mozilla/5.0 (Windows NT 6.1; WOW64; rv:20.0) Gecko/20100101 Firefox/20.0"
80.153.167.142 - - [15/May/2013:09:56:05 +0200] "GET /impressum.php HTTP/1.1" 200 6399 "http://www.mink-gmbh.de/" "Mozilla/5.0 (Windows NT 6.1; WOW64; rv:20.0) Gecko/20100101 Firefox/20.0"
173.199.116.51 - - [15/May/2013:09:58:56 +0200] "GET /lexikon.php?cs_go=3&cs_id=183 HTTP/1.1" 200 8564 "-" "Mozilla/5.0 (compatible; AhrefsBot/4.0; +http://ahrefs.com/robot/)"
66.249.78.46 - - [15/May/2013:09:59:25 +0200] "GET /images/team-energie.png HTTP/1.1" 200 17383 "-" "Googlebot-Image/1.0"
141.8.147.12 - - [15/May/2013:10:07:12 +0200] "GET /news.php?cs_go=archiv&cs_id=4175&cs_search= HTTP/1.1" 200 10978 "-" "Mozilla/5.0 (compatible; YandexBot/3.0; +http://yandex.com/bots)"
213.144.23.202 - - [15/May/2013:10:21:21 +0200] "GET /style.css HTTP/1.1" 200 8418 "http://www.mink-gmbh.de/" "Mozilla/5.0 (compatible; MSIE 9.0; Windows NT 6.1; WOW64; Trident/5.0)"
213.144.23.202 - - [15/May/2013:10:21:21 +0200] "GET /modul.css HTTP/1.1" 200 35038 "http://www.mink-gmbh.de/" "Mozilla/5.0 (compatible; MSIE 9.0; Windows NT 6.1; WOW64; Trident/5.0)"
213.144.23.202 - - [15/May/2013:10:21:22 +0200] "GET /js_contentserver24_greybox/AJS.js HTTP/1.1" 200 10396 "http://www.mink-gmbh.de/" "Mozilla/5.0 (compatible; MSIE 9.0; Windows NT 6.1; WOW64; Trident/5.0)"
213.144.23.202 - - [15/May/2013:10:21:22 +0200] "GET /js_contentserver24_greybox/gb_styles.css HTTP/1.1" 200 2302 "http://www.mink-gmbh.de/" "Mozilla/5.0 (compatible; MSIE 9.0; Windows NT 6.1; WOW64; Trident/5.0)"
213.144.23.202 - - [15/May/2013:10:21:22 +0200] "GET /js_contentserver24_greybox/AJS_fx.js HTTP/1.1" 200 3192 "http://www.mink-gmbh.de/" "Mozilla/5.0 (compatible; MSIE 9.0; Windows NT 6.1; WOW64; Trident/5.0)"
213.144.23.202 - - [15/May/2013:10:21:22 +0200] "GET /js_contentserver24_greybox/gb_scripts.js HTTP/1.1" 200 11913 "http://www.mink-gmbh.de/" "Mozilla/5.0 (compatible; MSIE 9.0; Windows NT 6.1; WOW64; Trident/5.0)"
213.144.23.202 - - [15/May/2013:10:21:22 +0200] "GET /images/bg.jpg HTTP/1.1" 200 345 "http://www.mink-gmbh.de/" "Mozilla/5.0 (compatible; MSIE 9.0; Windows NT 6.1; WOW64; Trident/5.0)"
213.144.23.202 - - [15/May/2013:10:21:22 +0200] "GET /js_contentserver24_greybox/w_close.gif HTTP/1.1" 200 74 "http://www.mink-gmbh.de/" "Mozilla/5.0 (compatible; MSIE 9.0; Windows NT 6.1; WOW64; Trident/5.0)"
213.144.23.202 - - [15/May/2013:10:21:22 +0200] "GET /images/wrapperbg.jpg HTTP/1.1" 200 27465 "http://www.mink-gmbh.de/" "Mozilla/5.0 (compatible; MSIE 9.0; Windows NT 6.1; WOW64; Trident/5.0)"
213.144.23.202 - - [15/May/2013:10:21:22 +0200] "GET /images/close.png HTTP/1.1" 200 703 "http://www.mink-gmbh.de/" "Mozilla/5.0 (compatible; MSIE 9.0; Windows NT 6.1; WOW64; Trident/5.0)"
213.144.23.202 - - [15/May/2013:10:21:22 +0200] "GET /images/navibg.png HTTP/1.1" 200 2803 "http://www.mink-gmbh.de/" "Mozilla/5.0 (compatible; MSIE 9.0; Windows NT 6.1; WOW64; Trident/5.0)"
213.144.23.202 - - [15/May/2013:10:21:22 +0200] "GET /images/newsletter.png HTTP/1.1" 200 14619 "http://www.mink-gmbh.de/" "Mozilla/5.0 (compatible; MSIE 9.0; Windows NT 6.1; WOW64; Trident/5.0)"
213.144.23.202 - - [15/May/2013:10:21:22 +0200] "GET /images/newsletter_bg.jpg HTTP/1.1" 200 33610 "http://www.mink-gmbh.de/" "Mozilla/5.0 (compatible; MSIE 9.0; Windows NT 6.1; WOW64; Trident/5.0)"
213.144.23.202 - - [15/May/2013:10:21:22 +0200] "GET /images/steigend.png HTTP/1.1" 200 688 "http://www.mink-gmbh.de/" "Mozilla/5.0 (compatible; MSIE 9.0; Windows NT 6.1; WOW64; Trident/5.0)"
213.144.23.202 - - [15/May/2013:10:21:22 +0200] "GET /images/fallend.png HTTP/1.1" 200 713 "http://www.mink-gmbh.de/" "Mozilla/5.0 (compatible; MSIE 9.0; Windows NT 6.1; WOW64; Trident/5.0)"
213.144.23.202 - - [15/May/2013:10:21:22 +0200] "GET /js_contentserver24_greybox/header_bg.gif HTTP/1.1" 200 1188 "http://www.mink-gmbh.de/" "Mozilla/5.0 (compatible; MSIE 9.0; Windows NT 6.1; WOW64; Trident/5.0)"
213.144.23.202 - - [15/May/2013:10:21:21 +0200] "GET / HTTP/1.1" 200 12362 "http://www.google.de/url?sa=t&rct=j&q=mink&source=web&cd=15&ved=0CD4QFjAEOAo&url=http%3A%2F%2Fwww.mink-gmbh.de%2F&ei=ZkWTUYy1PIKl4ATKs4CQBg&usg=AFQjCNFHX4Iglls9oo-KYXTmDUV_5KOVIg" "Mozilla/5.0 (compatible; MSIE 9.0; Windows NT 6.1; WOW64; Trident/5.0)"
213.144.23.202 - - [15/May/2013:10:21:22 +0200] "GET /images/header.jpg HTTP/1.1" 200 40733 "http://www.mink-gmbh.de/" "Mozilla/5.0 (compatible; MSIE 9.0; Windows NT 6.1; WOW64; Trident/5.0)"
