89.246.70.122 - - [17/May/2013:14:42:25 +0200] "GET /images/tkw.jpg HTTP/1.1" 200 64031 "http://www.mink-gmbh.de/" "Mozilla/5.0 (Windows NT 6.1; WOW64) AppleWebKit/537.31 (KHTML, like Gecko) Chrome/26.0.1410.64 Safari/537.31"
89.246.70.122 - - [17/May/2013:14:42:25 +0200] "GET /images/kwk.gif HTTP/1.1" 200 6403 "http://www.mink-gmbh.de/" "Mozilla/5.0 (Windows NT 6.1; WOW64) AppleWebKit/537.31 (KHTML, like Gecko) Chrome/26.0.1410.64 Safari/537.31"
89.246.70.122 - - [17/May/2013:14:42:25 +0200] "GET /js_contentserver24_greybox/loader_frame.html?s=0 HTTP/1.1" 200 2084 "http://www.mink-gmbh.de/" "Mozilla/5.0 (Windows NT 6.1; WOW64) AppleWebKit/537.31 (KHTML, like Gecko) Chrome/26.0.1410.64 Safari/537.31"
89.246.70.122 - - [17/May/2013:14:42:25 +0200] "GET /images/wunschpreis.jpg HTTP/1.1" 200 16767 "http://www.mink-gmbh.de/" "Mozilla/5.0 (Windows NT 6.1; WOW64) AppleWebKit/537.31 (KHTML, like Gecko) Chrome/26.0.1410.64 Safari/537.31"
89.246.70.122 - - [17/May/2013:14:42:25 +0200] "GET /images/logos.jpg HTTP/1.1" 200 15002 "http://www.mink-gmbh.de/" "Mozilla/5.0 (Windows NT 6.1; WOW64) AppleWebKit/537.31 (KHTML, like Gecko) Chrome/26.0.1410.64 Safari/537.31"
89.246.70.122 - - [17/May/2013:14:42:25 +0200] "GET /images/footerbg.jpg HTTP/1.1" 200 2184 "http://www.mink-gmbh.de/" "Mozilla/5.0 (Windows NT 6.1; WOW64) AppleWebKit/537.31 (KHTML, like Gecko) Chrome/26.0.1410.64 Safari/537.31"
89.246.70.122 - - [17/May/2013:14:42:25 +0200] "GET /js_contentserver24_greybox/header_bg.gif HTTP/1.1" 200 1188 "http://www.mink-gmbh.de/" "Mozilla/5.0 (Windows NT 6.1; WOW64) AppleWebKit/537.31 (KHTML, like Gecko) Chrome/26.0.1410.64 Safari/537.31"
89.246.70.122 - - [17/May/2013:14:42:25 +0200] "GET /js_contentserver24_greybox/indicator.gif HTTP/1.1" 200 8238 "http://www.mink-gmbh.de/js_contentserver24_greybox/loader_frame.html?s=0" "Mozilla/5.0 (Windows NT 6.1; WOW64) AppleWebKit/537.31 (KHTML, like Gecko) Chrome/26.0.1410.64 Safari/537.31"
89.246.70.122 - - [17/May/2013:14:42:26 +0200] "GET /js_contentserver24_greybox/g_close.gif HTTP/1.1" 200 541 "http://www.mink-gmbh.de/" "Mozilla/5.0 (Windows NT 6.1; WOW64) AppleWebKit/537.31 (KHTML, like Gecko) Chrome/26.0.1410.64 Safari/537.31"
89.246.70.122 - - [17/May/2013:14:42:26 +0200] "GET /favicon.ico HTTP/1.1" 200 3638 "-" "Mozilla/5.0 (Windows NT 6.1; WOW64) AppleWebKit/537.31 (KHTML, like Gecko) Chrome/26.0.1410.64 Safari/537.31"
66.249.78.46 - - [17/May/2013:14:45:16 +0200] "GET /lexikon.php?cs_go=3&cs_id=93 HTTP/1.1" 200 5648 "-" "Mozilla/5.0 (compatible; Googlebot/2.1; +http://www.google.com/bot.html)"
66.249.76.49 - - [17/May/2013:14:45:29 +0200] "GET /diesel.php HTTP/1.1" 200 8299 "-" "DoCoMo/2.0 N905i(c100;TB;W24H16) (compatible; Googlebot-Mobile/2.1; +http://www.google.com/bot.html)"
37.58.52.15 - - [17/May/2013:14:46:48 +0200] "GET /additive.php HTTP/1.0" 200 6033 "-" "Mozilla/5.0 (compatible; AcoonBot/4.11.1; +http://www.acoon.de/robot.asp)"
66.249.78.46 - - [17/May/2013:14:49:00 +0200] "GET /news.php?cs_go=archiv&cs_id=2952&cs_search= HTTP/1.1" 200 11776 "-" "Mozilla/5.0 (compatible; Googlebot/2.1; +http://www.google.com/bot.html)"
37.58.52.15 - - [17/May/2013:14:54:36 +0200] "GET /news.php?cs_go=archiv&cs_id=4185&cs_search= HTTP/1.0" 200 7892 "-" "Mozilla/5.0 (compatible; AcoonBot/4.11.1; +http://www.acoon.de/robot.asp)"
66.249.78.46 - - [17/May/2013:14:56:16 +0200] "GET /news.php?cs_go=archiv&cs_id=3841 HTTP/1.1" 200 7577 "-" "Mozilla/5.0 (compatible; Googlebot/2.1; +http://www.google.com/bot.html)"
37.58.52.15 - - [17/May/2013:14:56:48 +0200] "GET /news.php?cs_go=archiv&cs_startpos=50 HTTP/1.0" 200 20040 "-" "Mozilla/5.0 (compatible; AcoonBot/4.11.1; +http://www.acoon.de/robot.asp)"
65.36.241.79 - - [17/May/2013:15:08:31 +0200] "HEAD / HTTP/1.1" 200 - "-" "InternetSeer.com"
66.249.78.46 - - [17/May/2013:15:09:17 +0200] "GET /news.php?cs_go=archiv&cs_id=4175&cs_search= HTTP/1.1" 200 8633 "-" "Mozilla/5.0 (iPhone; U; CPU iPhone OS 4_1 like Mac OS X; en-us) AppleWebKit/532.9 (KHTML, like Gecko) Version/4.0.5 Mobile/8B117 Safari/6531.22.7 (compatible; Googlebot-Mobile/2.1; +http://www.google.com/bot.html)"
217.6.142.41 - - [17/May/2013:15:11:10 +0200] "GET /modul.css HTTP/1.1" 200 35038 "http://www.mink-gmbh.de/news.php" "Mozilla/5.0 (Macintosh; Intel Mac OS X 10_8_2) AppleWebKit/536.26.17 (KHTML, like Gecko) Version/6.0.2 Safari/536.26.17"
217.6.142.41 - - [17/May/2013:15:11:10 +0200] "GET /style.css HTTP/1.1" 200 8418 "http://www.mink-gmbh.de/news.php" "Mozilla/5.0 (Macintosh; Intel Mac OS X 10_8_2) AppleWebKit/536.26.17 (KHTML, like Gecko) Version/6.0.2 Safari/536.26.17"
217.6.142.41 - - [17/May/2013:15:11:10 +0200] "GET /images/wrapperbg.jpg HTTP/1.1" 200 27465 "http://www.mink-gmbh.de/news.php" "Mozilla/5.0 (Macintosh; Intel Mac OS X 10_8_2) AppleWebKit/536.26.17 (KHTML, like Gecko) Version/6.0.2 Safari/536.26.17"
217.6.142.41 - - [17/May/2013:15:11:10 +0200] "GET /images/newsletter.png HTTP/1.1" 200 14619 "http://www.mink-gmbh.de/news.php" "Mozilla/5.0 (Macintosh; Intel Mac OS X 10_8_2) AppleWebKit/536.26.17 (KHTML, like Gecko) Version/6.0.2 Safari/536.26.17"
217.6.142.41 - - [17/May/2013:15:11:10 +0200] "GET /images/header.jpg HTTP/1.1" 200 40733 "http://www.mink-gmbh.de/news.php" "Mozilla/5.0 (Macintosh; Intel Mac OS X 10_8_2) AppleWebKit/536.26.17 (KHTML, like Gecko) Version/6.0.2 Safari/536.26.17"
217.6.142.41 - - [17/May/2013:15:11:10 +0200] "GET /images/navibg.png HTTP/1.1" 200 2803 "http://www.mink-gmbh.de/news.php" "Mozilla/5.0 (Macintosh; Intel Mac OS X 10_8_2) AppleWebKit/536.26.17 (KHTML, like Gecko) Version/6.0.2 Safari/536.26.17"
217.6.142.41 - - [17/May/2013:15:11:10 +0200] "GET /images/bg.jpg HTTP/1.1" 200 345 "http://www.mink-gmbh.de/news.php" "Mozilla/5.0 (Macintosh; Intel Mac OS X 10_8_2) AppleWebKit/536.26.17 (KHTML, like Gecko) Version/6.0.2 Safari/536.26.17"
217.6.142.41 - - [17/May/2013:15:11:10 +0200] "GET /news.php HTTP/1.1" 200 19799 "-" "Mozilla/5.0 (Macintosh; Intel Mac OS X 10_8_2) AppleWebKit/536.26.17 (KHTML, like Gecko) Version/6.0.2 Safari/536.26.17"
217.6.142.41 - - [17/May/2013:15:11:11 +0200] "GET /images/kwk.gif HTTP/1.1" 200 6403 "http://www.mink-gmbh.de/news.php" "Mozilla/5.0 (Macintosh; Intel Mac OS X 10_8_2) AppleWebKit/536.26.17 (KHTML, like Gecko) Version/6.0.2 Safari/536.26.17"
217.6.142.41 - - [17/May/2013:15:11:11 +0200] "GET /images/wunschpreis.jpg HTTP/1.1" 200 16767 "http://www.mink-gmbh.de/news.php" "Mozilla/5.0 (Macintosh; Intel Mac OS X 10_8_2) AppleWebKit/536.26.17 (KHTML, like Gecko) Version/6.0.2 Safari/536.26.17"
217.6.142.41 - - [17/May/2013:15:11:11 +0200] "GET /images/logos.jpg HTTP/1.1" 200 15002 "http://www.mink-gmbh.de/news.php" "Mozilla/5.0 (Macintosh; Intel Mac OS X 10_8_2) AppleWebKit/536.26.17 (KHTML, like Gecko) Version/6.0.2 Safari/536.26.17"
217.6.142.41 - - [17/May/2013:15:11:11 +0200] "GET /images/footerbg.jpg HTTP/1.1" 200 2184 "http://www.mink-gmbh.de/news.php" "Mozilla/5.0 (Macintosh; Intel Mac OS X 10_8_2) AppleWebKit/536.26.17 (KHTML, like Gecko) Version/6.0.2 Safari/536.26.17"
217.6.142.41 - - [17/May/2013:15:11:11 +0200] "GET /images/freecall.jpg HTTP/1.1" 200 39195 "http://www.mink-gmbh.de/news.php" "Mozilla/5.0 (Macintosh; Intel Mac OS X 10_8_2) AppleWebKit/536.26.17 (KHTML, like Gecko) Version/6.0.2 Safari/536.26.17"
66.249.78.46 - - [17/May/2013:15:21:35 +0200] "GET /news.php?cs_go=archiv&cs_id=3139 HTTP/1.1" 200 12104 "-" "Mozilla/5.0 (compatible; Googlebot/2.1; +http://www.google.com/bot.html)"
157.55.32.185 - - [17/May/2013:15:22:44 +0200] "GET /robots.txt HTTP/1.1" 200 177 "-" "Mozilla/5.0 (compatible; bingbot/2.0; +http://www.bing.com/bingbot.htm)"
157.55.32.185 - - [17/May/2013:15:24:28 +0200] "GET / HTTP/1.1" 200 12336 "-" "Mozilla/5.0 (compatible; bingbot/2.0; +http://www.bing.com/bingbot.htm)"
66.249.76.49 - - [17/May/2013:15:24:57 +0200] "GET /news.php?cs_go=archiv&cs_id=4189 HTTP/1.1" 200 9668 "-" "Mozilla/5.0 (compatible; Googlebot/2.1; +http://www.google.com/bot.html)"
66.249.78.46 - - [17/May/2013:15:25:14 +0200] "GET /news.php?cs_go=archiv&cs_id=3133&cs_search= HTTP/1.1" 200 9483 "-" "Mozilla/5.0 (compatible; Googlebot/2.1; +http://www.google.com/bot.html)"
37.58.52.15 - - [17/May/2013:15:25:51 +0200] "GET /robots.txt HTTP/1.0" 200 177 "-" "Mozilla/5.0 (compatible; AcoonBot/4.11.1; +http://www.acoon.de/robot.asp)"
37.58.52.15 - - [17/May/2013:15:25:51 +0200] "GET /news.php?cs_go=archiv&cs_id=4155&cs_search= HTTP/1.0" 200 10764 "-" "Mozilla/5.0 (compatible; AcoonBot/4.11.1; +http://www.acoon.de/robot.asp)"
66.249.78.46 - - [17/May/2013:15:26:14 +0200] "GET /news.php?cs_go=archiv&cs_id=4188 HTTP/1.1" 200 7730 "-" "Mozilla/5.0 (compatible; Googlebot/2.1; +http://www.google.com/bot.html)"
66.249.78.46 - - [17/May/2013:15:28:17 +0200] "GET /news.php?cs_go=archiv&cs_id=4190 HTTP/1.1" 200 7766 "-" "Mozilla/5.0 (compatible; Googlebot/2.1; +http://www.google.com/bot.html)"
66.249.78.46 - - [17/May/2013:15:29:23 +0200] "GET /news.php?cs_go=archiv&cs_id=4194 HTTP/1.1" 200 11874 "-" "Mozilla/5.0 (compatible; Googlebot/2.1; +http://www.google.com/bot.html)"
66.249.78.46 - - [17/May/2013:15:36:17 +0200] "GET /news.php?cs_go=archiv&cs_id=2849 HTTP/1.1" 200 11468 "-" "Mozilla/5.0 (compatible; Googlebot/2.1; +http://www.google.com/bot.html)"
66.249.78.46 - - [17/May/2013:15:37:25 +0200] "GET /news.php?cs_go=archiv&cs_startpos=120 HTTP/1.1" 200 20452 "-" "Mozilla/5.0 (compatible; Googlebot/2.1; +http://www.google.com/bot.html)"
37.58.52.15 - - [17/May/2013:15:38:19 +0200] "GET /news.php?cs_go=archiv&cs_id=4149&cs_search= HTTP/1.0" 200 9340 "-" "Mozilla/5.0 (compatible; AcoonBot/4.11.1; +http://www.acoon.de/robot.asp)"
66.249.78.46 - - [17/May/2013:15:39:54 +0200] "GET /news.php?cs_go=archiv&cs_id=3988 HTTP/1.1" 200 7812 "-" "Mozilla/5.0 (compatible; Googlebot/2.1; +http://www.google.com/bot.html)"
37.58.52.15 - - [17/May/2013:15:41:33 +0200] "GET /news.php?cs_go=archiv&cs_id=4145&cs_search= HTTP/1.0" 200 7618 "-" "Mozilla/5.0 (compatible; AcoonBot/4.11.1; +http://www.acoon.de/robot.asp)"
66.249.78.46 - - [17/May/2013:15:48:53 +0200] "GET /news.php?cs_go=archiv&cs_startpos=0 HTTP/1.1" 200 19799 "-" "Mozilla/5.0 (compatible; Googlebot/2.1; +http://www.google.com/bot.html)"
66.249.78.46 - - [17/May/2013:15:54:17 +0200] "GET /news.php?cs_go=archiv&cs_startpos=181 HTTP/1.1" 200 20528 "-" "Mozilla/5.0 (compatible; Googlebot/2.1; +http://www.google.com/bot.html)"
37.58.52.15 - - [17/May/2013:15:54:18 +0200] "GET /faq.php HTTP/1.0" 200 181692 "-" "Mozilla/5.0 (compatible; AcoonBot/4.11.1; +http://www.acoon.de/robot.asp)"
37.58.52.15 - - [17/May/2013:15:59:43 +0200] "GET /news.php?cs_go=archiv&cs_id=4142&cs_search= HTTP/1.0" 200 10142 "-" "Mozilla/5.0 (compatible; AcoonBot/4.11.1; +http://www.acoon.de/robot.asp)"
66.249.78.46 - - [17/May/2013:16:01:32 +0200] "GET /rueckrufservice.php HTTP/1.1" 200 8425 "-" "Mozilla/5.0 (compatible; Googlebot/2.1; +http://www.google.com/bot.html)"
66.249.78.46 - - [17/May/2013:16:03:37 +0200] "GET /news.php?cs_go=archiv&cs_id=3993&cs_search= HTTP/1.1" 200 10847 "-" "SAMSUNG-SGH-E250/1.0 Profile/MIDP-2.0 Configuration/CLDC-1.1 UP.Browser/6.2.3.3.c.1.101 (GUI) MMP/2.0 (compatible; Googlebot-Mobile/2.1; +http://www.google.com/bot.html)"
66.249.78.46 - - [17/May/2013:16:06:40 +0200] "GET /news.php?cs_go=archiv&cs_id=2799&cs_search= HTTP/1.1" 200 10964 "-" "Mozilla/5.0 (compatible; Googlebot/2.1; +http://www.google.com/bot.html)"
66.249.78.46 - - [17/May/2013:16:09:22 +0200] "GET /news.php?cs_go=archiv&cs_id=2770&cs_search= HTTP/1.1" 200 7204 "-" "Mozilla/5.0 (compatible; Googlebot/2.1; +http://www.google.com/bot.html)"
66.249.78.46 - - [17/May/2013:16:10:27 +0200] "GET /news.php?cs_go=archiv&cs_startpos=90 HTTP/1.1" 200 20645 "-" "Mozilla/5.0 (compatible; Googlebot/2.1; +http://www.google.com/bot.html)"
37.58.52.15 - - [17/May/2013:16:15:10 +0200] "GET /news.php?cs_go=archiv&cs_id=4152&cs_search= HTTP/1.0" 200 8021 "-" "Mozilla/5.0 (compatible; AcoonBot/4.11.1; +http://www.acoon.de/robot.asp)"
66.249.78.46 - - [17/May/2013:16:16:21 +0200] "GET /news.php?cs_go=archiv&cs_id=4044 HTTP/1.1" 200 13342 "-" "Mozilla/5.0 (compatible; Googlebot/2.1; +http://www.google.com/bot.html)"
37.58.52.15 - - [17/May/2013:16:18:13 +0200] "GET /news.php?cs_go=archiv&cs_id=4188&cs_search= HTTP/1.0" 200 7730 "-" "Mozilla/5.0 (compatible; AcoonBot/4.11.1; +http://www.acoon.de/robot.asp)"
66.249.78.46 - - [17/May/2013:16:19:58 +0200] "GET /lexikon.php?cs_go=3&cs_id=57 HTTP/1.1" 200 7732 "-" "Mozilla/5.0 (compatible; Googlebot/2.1; +http://www.google.com/bot.html)"
37.58.52.15 - - [17/May/2013:16:21:39 +0200] "GET /news.php?cs_go=archiv&cs_id=4184&cs_search= HTTP/1.0" 200 7646 "-" "Mozilla/5.0 (compatible; AcoonBot/4.11.1; +http://www.acoon.de/robot.asp)"
66.249.78.46 - - [17/May/2013:16:26:41 +0200] "GET /news.php?cs_go=archiv&cs_startpos=70 HTTP/1.1" 200 20425 "-" "Mozilla/5.0 (compatible; Googlebot/2.1; +http://www.google.com/bot.html)"
66.249.76.49 - - [17/May/2013:16:26:59 +0200] "GET /news.php?cs_go=archiv&cs_id=4043&cs_search= HTTP/1.1" 200 10953 "-" "Mozilla/5.0 (compatible; Googlebot/2.1; +http://www.google.com/bot.html)"
123.125.71.58 - - [17/May/2013:16:35:25 +0200] "GET / HTTP/1.1" 200 6541 "-" "Mozilla/5.0 (compatible; Baiduspider/2.0; +http://www.baidu.com/search/spider.html)"
37.58.52.15 - - [17/May/2013:16:35:59 +0200] "GET /news.php?cs_go=archiv&cs_id=4140&cs_search= HTTP/1.0" 200 9497 "-" "Mozilla/5.0 (compatible; AcoonBot/4.11.1; +http://www.acoon.de/robot.asp)"
220.181.108.88 - - [17/May/2013:16:36:04 +0200] "GET / HTTP/1.1" 200 8802 "-" "Mozilla/5.0 (compatible; Baiduspider/2.0; +http://www.baidu.com/search/spider.html)"
66.249.78.46 - - [17/May/2013:16:39:19 +0200] "GET /news.php?cs_go=archiv&cs_startpos=80 HTTP/1.1" 200 20291 "-" "Mozilla/5.0 (compatible; Googlebot/2.1; +http://www.google.com/bot.html)"
66.249.78.46 - - [17/May/2013:16:47:49 +0200] "GET /news.php?cs_go=archiv&cs_id=3599&cs_search= HTTP/1.1" 200 9362 "-" "Mozilla/5.0 (compatible; Googlebot/2.1; +http://www.google.com/bot.html)"
37.58.52.15 - - [17/May/2013:16:51:08 +0200] "GET /news.php?cs_go=archiv&cs_id=4147&cs_search= HTTP/1.0" 200 7636 "-" "Mozilla/5.0 (compatible; AcoonBot/4.11.1; +http://www.acoon.de/robot.asp)"
66.249.78.46 - - [17/May/2013:16:56:55 +0200] "GET /news.php?cs_go=archiv&cs_startpos=140 HTTP/1.1" 200 20467 "-" "Mozilla/5.0 (compatible; Googlebot/2.1; +http://www.google.com/bot.html)"
37.58.52.15 - - [17/May/2013:17:05:33 +0200] "GET /lexikon.php HTTP/1.0" 200 8206 "-" "Mozilla/5.0 (compatible; AcoonBot/4.11.1; +http://www.acoon.de/robot.asp)"
66.249.78.46 - - [17/May/2013:17:09:03 +0200] "GET /news.php?cs_go=archiv&cs_startpos=241 HTTP/1.1" 200 6240 "-" "Mozilla/5.0 (compatible; Googlebot/2.1; +http://www.google.com/bot.html)"
37.58.52.15 - - [17/May/2013:17:09:17 +0200] "GET /news.php?cs_go=archiv&cs_id=4157&cs_search= HTTP/1.0" 200 11762 "-" "Mozilla/5.0 (compatible; AcoonBot/4.11.1; +http://www.acoon.de/robot.asp)"
37.58.52.15 - - [17/May/2013:17:11:42 +0200] "GET /news.php?cs_go=archiv&cs_id=4168&cs_search= HTTP/1.0" 200 8980 "-" "Mozilla/5.0 (compatible; AcoonBot/4.11.1; +http://www.acoon.de/robot.asp)"
217.6.142.41 - - [17/May/2013:17:14:26 +0200] "GET /modul.css HTTP/1.1" 200 35038 "http://www.mink-gmbh.de/news.php" "Mozilla/5.0 (Macintosh; Intel Mac OS X 10_8_2) AppleWebKit/536.26.17 (KHTML, like Gecko) Version/6.0.2 Safari/536.26.17"
217.6.142.41 - - [17/May/2013:17:14:25 +0200] "GET /news.php HTTP/1.1" 200 19799 "-" "Mozilla/5.0 (Macintosh; Intel Mac OS X 10_8_2) AppleWebKit/536.26.17 (KHTML, like Gecko) Version/6.0.2 Safari/536.26.17"
217.6.142.41 - - [17/May/2013:17:14:26 +0200] "GET /images/bg.jpg HTTP/1.1" 200 345 "http://www.mink-gmbh.de/news.php" "Mozilla/5.0 (Macintosh; Intel Mac OS X 10_8_2) AppleWebKit/536.26.17 (KHTML, like Gecko) Version/6.0.2 Safari/536.26.17"
217.6.142.41 - - [17/May/2013:17:14:26 +0200] "GET /images/navibg.png HTTP/1.1" 200 2803 "http://www.mink-gmbh.de/news.php" "Mozilla/5.0 (Macintosh; Intel Mac OS X 10_8_2) AppleWebKit/536.26.17 (KHTML, like Gecko) Version/6.0.2 Safari/536.26.17"
217.6.142.41 - - [17/May/2013:17:14:26 +0200] "GET /images/newsletter.png HTTP/1.1" 200 14619 "http://www.mink-gmbh.de/news.php" "Mozilla/5.0 (Macintosh; Intel Mac OS X 10_8_2) AppleWebKit/536.26.17 (KHTML, like Gecko) Version/6.0.2 Safari/536.26.17"
217.6.142.41 - - [17/May/2013:17:14:26 +0200] "GET /images/wrapperbg.jpg HTTP/1.1" 200 27465 "http://www.mink-gmbh.de/news.php" "Mozilla/5.0 (Macintosh; Intel Mac OS X 10_8_2) AppleWebKit/536.26.17 (KHTML, like Gecko) Version/6.0.2 Safari/536.26.17"
217.6.142.41 - - [17/May/2013:17:14:26 +0200] "GET /images/header.jpg HTTP/1.1" 200 40733 "http://www.mink-gmbh.de/news.php" "Mozilla/5.0 (Macintosh; Intel Mac OS X 10_8_2) AppleWebKit/536.26.17 (KHTML, like Gecko) Version/6.0.2 Safari/536.26.17"
217.6.142.41 - - [17/May/2013:17:14:26 +0200] "GET /images/kwk.gif HTTP/1.1" 200 6403 "http://www.mink-gmbh.de/news.php" "Mozilla/5.0 (Macintosh; Intel Mac OS X 10_8_2) AppleWebKit/536.26.17 (KHTML, like Gecko) Version/6.0.2 Safari/536.26.17"
217.6.142.41 - - [17/May/2013:17:14:26 +0200] "GET /images/wunschpreis.jpg HTTP/1.1" 200 16767 "http://www.mink-gmbh.de/news.php" "Mozilla/5.0 (Macintosh; Intel Mac OS X 10_8_2) AppleWebKit/536.26.17 (KHTML, like Gecko) Version/6.0.2 Safari/536.26.17"
37.58.52.15 - - [17/May/2013:17:15:03 +0200] "GET /news.php?cs_go=archiv&cs_id=4164&cs_search= HTTP/1.0" 200 7994 "-" "Mozilla/5.0 (compatible; AcoonBot/4.11.1; +http://www.acoon.de/robot.asp)"
37.58.52.15 - - [17/May/2013:17:16:39 +0200] "GET /index.php HTTP/1.0" 200 12336 "-" "Mozilla/5.0 (compatible; AcoonBot/4.11.1; +http://www.acoon.de/robot.asp)"
66.249.78.46 - - [17/May/2013:17:16:54 +0200] "GET /news.php?cs_go=archiv&cs_startpos=130 HTTP/1.1" 200 20291 "-" "Mozilla/5.0 (compatible; Googlebot/2.1; +http://www.google.com/bot.html)"
37.58.52.15 - - [17/May/2013:17:23:42 +0200] "GET /news.php?cs_go=archiv&cs_id=4174&cs_search= HTTP/1.0" 200 7684 "-" "Mozilla/5.0 (compatible; AcoonBot/4.11.1; +http://www.acoon.de/robot.asp)"
66.249.76.49 - - [17/May/2013:17:24:35 +0200] "GET /news.php?cs_go=archiv&cs_id=3394&cs_search= HTTP/1.1" 200 11775 "-" "Mozilla/5.0 (iPhone; U; CPU iPhone OS 4_1 like Mac OS X; en-us) AppleWebKit/532.9 (KHTML, like Gecko) Version/4.0.5 Mobile/8B117 Safari/6531.22.7 (compatible; Googlebot-Mobile/2.1; +http://www.google.com/bot.html)"
66.249.78.46 - - [17/May/2013:17:27:40 +0200] "GET /lexikon.php?cs_go=3&cs_id=87 HTTP/1.1" 200 5996 "-" "Mozilla/5.0 (compatible; Googlebot/2.1; +http://www.google.com/bot.html)"
37.58.52.15 - - [17/May/2013:17:27:41 +0200] "GET /news.php?cs_go=archiv&cs_startpos=230 HTTP/1.0" 200 15752 "-" "Mozilla/5.0 (compatible; AcoonBot/4.11.1; +http://www.acoon.de/robot.asp)"
123.125.71.17 - - [17/May/2013:17:35:45 +0200] "GET / HTTP/1.1" 200 6541 "-" "Mozilla/5.0 (compatible; Baiduspider/2.0; +http://www.baidu.com/search/spider.html)"
220.181.108.86 - - [17/May/2013:17:36:22 +0200] "GET / HTTP/1.1" 200 12336 "-" "Mozilla/5.0 (compatible; Baiduspider/2.0; +http://www.baidu.com/search/spider.html)"
66.249.78.46 - - [17/May/2013:17:36:43 +0200] "GET /news.php?cs_go=archiv&cs_startpos=150 HTTP/1.1" 200 20491 "-" "Mozilla/5.0 (compatible; Googlebot/2.1; +http://www.google.com/bot.html)"
208.115.113.91 - - [17/May/2013:17:37:34 +0200] "GET /robots.txt HTTP/1.1" 200 177 "-" "Mozilla/5.0 (compatible; Ezooms/1.0; ezooms.bot@gmail.com)"
66.249.78.46 - - [17/May/2013:17:43:13 +0200] "GET /lexikon.php HTTP/1.1" 200 8206 "-" "Mozilla/5.0 (compatible; Googlebot/2.1; +http://www.google.com/bot.html)"
66.249.78.46 - - [17/May/2013:17:45:22 +0200] "GET /lexikon.php?cs_go=2&cs_char=y HTTP/1.1" 200 6265 "-" "Mozilla/5.0 (compatible; Googlebot/2.1; +http://www.google.com/bot.html)"
66.249.78.46 - - [17/May/2013:17:45:23 +0200] "GET /lexikon.php?cs_go=2&cs_char=x HTTP/1.1" 200 6265 "-" "Mozilla/5.0 (compatible; Googlebot/2.1; +http://www.google.com/bot.html)"
85.25.71.106 - - [17/May/2013:17:45:53 +0200] "GET /robots.txt HTTP/1.1" 200 177 "-" "Mozilla/5.0 (X11; U; Linux i686; de; rv:1.9.0.1; compatible; iCjobs Stellenangebote Jobs; http://www.icjobs.de) Gecko/20100401 iCjobs/3.2.3"
85.25.71.106 - - [17/May/2013:17:45:53 +0200] "GET / HTTP/1.1" 200 12336 "-" "Mozilla/5.0 (X11; U; Linux i686; de; rv:1.9.0.1; compatible; iCjobs Stellenangebote Jobs; http://www.icjobs.de) Gecko/20100401 iCjobs/3.2.3"
85.25.71.106 - - [17/May/2013:17:45:54 +0200] "GET / HTTP/1.1" 200 11593 "-" "Mozilla/5.0 (X11; U; Linux i686; de; rv:1.9.0.1; compatible; iCjobs Stellenangebote Jobs; http://www.icjobs.de) Gecko/20100401 iCjobs/3.2.3"
85.25.71.106 - - [17/May/2013:17:46:02 +0200] "GET /jobs.php HTTP/1.1" 200 5048 "-" "Mozilla/5.0 (X11; U; Linux i686; de; rv:1.9.0.1; compatible; iCjobs Stellenangebote Jobs; http://www.icjobs.de) Gecko/20100401 iCjobs/3.2.3"
85.25.71.106 - - [17/May/2013:17:46:05 +0200] "GET /kontakt.php HTTP/1.1" 200 7046 "-" "Mozilla/5.0 (X11; U; Linux i686; de; rv:1.9.0.1; compatible; iCjobs Stellenangebote Jobs; http://www.icjobs.de) Gecko/20100401 iCjobs/3.2.3"
85.25.71.106 - - [17/May/2013:17:46:17 +0200] "GET /index.php HTTP/1.1" 200 11593 "-" "Mozilla/5.0 (X11; U; Linux i686; de; rv:1.9.0.1; compatible; iCjobs Stellenangebote Jobs; http://www.icjobs.de) Gecko/20100401 iCjobs/3.2.3"
85.25.71.106 - - [17/May/2013:17:46:18 +0200] "GET /standard.php HTTP/1.1" 200 6878 "-" "Mozilla/5.0 (X11; U; Linux i686; de; rv:1.9.0.1; compatible; iCjobs Stellenangebote Jobs; http://www.icjobs.de) Gecko/20100401 iCjobs/3.2.3"
85.25.71.106 - - [17/May/2013:17:46:27 +0200] "GET /wunschpreis.php HTTP/1.1" 200 9932 "-" "Mozilla/5.0 (X11; U; Linux i686; de; rv:1.9.0.1; compatible; iCjobs Stellenangebote Jobs; http://www.icjobs.de) Gecko/20100401 iCjobs/3.2.3"
85.25.71.106 - - [17/May/2013:17:46:44 +0200] "GET /preisanfrage.php HTTP/1.1" 200 8583 "-" "Mozilla/5.0 (X11; U; Linux i686; de; rv:1.9.0.1; compatible; iCjobs Stellenangebote Jobs; http://www.icjobs.de) Gecko/20100401 iCjobs/3.2.3"
85.25.71.106 - - [17/May/2013:17:47:04 +0200] "GET /news.php HTTP/1.1" 200 19799 "-" "Mozilla/5.0 (X11; U; Linux i686; de; rv:1.9.0.1; compatible; iCjobs Stellenangebote Jobs; http://www.icjobs.de) Gecko/20100401 iCjobs/3.2.3"
85.25.71.106 - - [17/May/2013:17:47:22 +0200] "GET /news.php?cs_go=archiv&cs_id=4194&cs_search= HTTP/1.1" 200 11874 "-" "Mozilla/5.0 (X11; U; Linux i686; de; rv:1.9.0.1; compatible; iCjobs Stellenangebote Jobs; http://www.icjobs.de) Gecko/20100401 iCjobs/3.2.3"
85.25.71.106 - - [17/May/2013:17:47:31 +0200] "GET /news.php?cs_go=archiv&cs_id=4190&cs_search= HTTP/1.1" 200 7766 "-" "Mozilla/5.0 (X11; U; Linux i686; de; rv:1.9.0.1; compatible; iCjobs Stellenangebote Jobs; http://www.icjobs.de) Gecko/20100401 iCjobs/3.2.3"
85.25.71.106 - - [17/May/2013:17:47:36 +0200] "GET /news.php?cs_go=archiv&cs_id=4189&cs_search= HTTP/1.1" 200 9668 "-" "Mozilla/5.0 (X11; U; Linux i686; de; rv:1.9.0.1; compatible; iCjobs Stellenangebote Jobs; http://www.icjobs.de) Gecko/20100401 iCjobs/3.2.3"
85.25.71.106 - - [17/May/2013:17:47:41 +0200] "GET /news.php?cs_go=archiv&cs_id=4188&cs_search= HTTP/1.1" 200 7730 "-" "Mozilla/5.0 (X11; U; Linux i686; de; rv:1.9.0.1; compatible; iCjobs Stellenangebote Jobs; http://www.icjobs.de) Gecko/20100401 iCjobs/3.2.3"
85.25.71.106 - - [17/May/2013:17:47:46 +0200] "GET /news.php?cs_go=archiv&cs_id=4187&cs_search= HTTP/1.1" 200 11532 "-" "Mozilla/5.0 (X11; U; Linux i686; de; rv:1.9.0.1; compatible; iCjobs Stellenangebote Jobs; http://www.icjobs.de) Gecko/20100401 iCjobs/3.2.3"
85.25.71.106 - - [17/May/2013:17:47:55 +0200] "GET /news.php?cs_go=archiv&cs_id=4186&cs_search= HTTP/1.1" 200 8354 "-" "Mozilla/5.0 (X11; U; Linux i686; de; rv:1.9.0.1; compatible; iCjobs Stellenangebote Jobs; http://www.icjobs.de) Gecko/20100401 iCjobs/3.2.3"
37.58.52.15 - - [17/May/2013:17:47:56 +0200] "GET /news.php?cs_go=archiv&cs_id=4173&cs_search= HTTP/1.0" 200 11485 "-" "Mozilla/5.0 (compatible; AcoonBot/4.11.1; +http://www.acoon.de/robot.asp)"
85.25.71.106 - - [17/May/2013:17:47:59 +0200] "GET /news.php?cs_go=archiv&cs_id=4185&cs_search= HTTP/1.1" 200 7892 "-" "Mozilla/5.0 (X11; U; Linux i686; de; rv:1.9.0.1; compatible; iCjobs Stellenangebote Jobs; http://www.icjobs.de) Gecko/20100401 iCjobs/3.2.3"
85.25.71.106 - - [17/May/2013:17:48:04 +0200] "GET /news.php?cs_go=archiv&cs_id=4184&cs_search= HTTP/1.1" 200 7646 "-" "Mozilla/5.0 (X11; U; Linux i686; de; rv:1.9.0.1; compatible; iCjobs Stellenangebote Jobs; http://www.icjobs.de) Gecko/20100401 iCjobs/3.2.3"
85.25.71.106 - - [17/May/2013:17:48:12 +0200] "GET /news.php?cs_go=archiv&cs_id=4183&cs_search= HTTP/1.1" 200 11530 "-" "Mozilla/5.0 (X11; U; Linux i686; de; rv:1.9.0.1; compatible; iCjobs Stellenangebote Jobs; http://www.icjobs.de) Gecko/20100401 iCjobs/3.2.3"
85.25.71.106 - - [17/May/2013:17:48:18 +0200] "GET /news.php?cs_go=archiv&cs_id=4181&cs_search= HTTP/1.1" 200 8918 "-" "Mozilla/5.0 (X11; U; Linux i686; de; rv:1.9.0.1; compatible; iCjobs Stellenangebote Jobs; http://www.icjobs.de) Gecko/20100401 iCjobs/3.2.3"
85.25.71.106 - - [17/May/2013:17:48:28 +0200] "GET /news.php?cs_go=archiv&cs_startpos=10 HTTP/1.1" 200 20226 "-" "Mozilla/5.0 (X11; U; Linux i686; de; rv:1.9.0.1; compatible; iCjobs Stellenangebote Jobs; http://www.icjobs.de) Gecko/20100401 iCjobs/3.2.3"
85.25.71.106 - - [17/May/2013:17:48:43 +0200] "GET /news.php?cs_go=archiv&cs_id=4180&cs_search= HTTP/1.1" 200 7803 "-" "Mozilla/5.0 (X11; U; Linux i686; de; rv:1.9.0.1; compatible; iCjobs Stellenangebote Jobs; http://www.icjobs.de) Gecko/20100401 iCjobs/3.2.3"
85.25.71.106 - - [17/May/2013:17:48:52 +0200] "GET /news.php?cs_go=archiv&cs_id=4179&cs_search= HTTP/1.1" 200 11647 "-" "Mozilla/5.0 (X11; U; Linux i686; de; rv:1.9.0.1; compatible; iCjobs Stellenangebote Jobs; http://www.icjobs.de) Gecko/20100401 iCjobs/3.2.3"
85.25.71.106 - - [17/May/2013:17:49:00 +0200] "GET /news.php?cs_go=archiv&cs_id=4178&cs_search= HTTP/1.1" 200 8523 "-" "Mozilla/5.0 (X11; U; Linux i686; de; rv:1.9.0.1; compatible; iCjobs Stellenangebote Jobs; http://www.icjobs.de) Gecko/20100401 iCjobs/3.2.3"
85.25.71.106 - - [17/May/2013:17:49:15 +0200] "GET /news.php?cs_go=archiv&cs_id=4177&cs_search= HTTP/1.1" 200 7654 "-" "Mozilla/5.0 (X11; U; Linux i686; de; rv:1.9.0.1; compatible; iCjobs Stellenangebote Jobs; http://www.icjobs.de) Gecko/20100401 iCjobs/3.2.3"
85.25.71.106 - - [17/May/2013:17:49:21 +0200] "GET /news.php?cs_go=archiv&cs_id=4176&cs_search= HTTP/1.1" 200 11668 "-" "Mozilla/5.0 (X11; U; Linux i686; de; rv:1.9.0.1; compatible; iCjobs Stellenangebote Jobs; http://www.icjobs.de) Gecko/20100401 iCjobs/3.2.3"
85.25.71.106 - - [17/May/2013:17:49:30 +0200] "GET /news.php?cs_go=archiv&cs_id=4175&cs_search= HTTP/1.1" 200 8633 "-" "Mozilla/5.0 (X11; U; Linux i686; de; rv:1.9.0.1; compatible; iCjobs Stellenangebote Jobs; http://www.icjobs.de) Gecko/20100401 iCjobs/3.2.3"
85.25.71.106 - - [17/May/2013:17:49:40 +0200] "GET /news.php?cs_go=archiv&cs_id=4174&cs_search= HTTP/1.1" 200 7684 "-" "Mozilla/5.0 (X11; U; Linux i686; de; rv:1.9.0.1; compatible; iCjobs Stellenangebote Jobs; http://www.icjobs.de) Gecko/20100401 iCjobs/3.2.3"
85.25.71.106 - - [17/May/2013:17:49:50 +0200] "GET /news.php?cs_go=archiv&cs_id=4171&cs_search= HTTP/1.1" 200 9346 "-" "Mozilla/5.0 (X11; U; Linux i686; de; rv:1.9.0.1; compatible; iCjobs Stellenangebote Jobs; http://www.icjobs.de) Gecko/20100401 iCjobs/3.2.3"
85.25.71.106 - - [17/May/2013:17:49:58 +0200] "GET /news.php?cs_go=archiv&cs_id=4168&cs_search= HTTP/1.1" 200 8980 "-" "Mozilla/5.0 (X11; U; Linux i686; de; rv:1.9.0.1; compatible; iCjobs Stellenangebote Jobs; http://www.icjobs.de) Gecko/20100401 iCjobs/3.2.3"
85.25.71.106 - - [17/May/2013:17:50:04 +0200] "GET /news.php?cs_go=archiv&cs_id=4167&cs_search= HTTP/1.1" 200 10779 "-" "Mozilla/5.0 (X11; U; Linux i686; de; rv:1.9.0.1; compatible; iCjobs Stellenangebote Jobs; http://www.icjobs.de) Gecko/20100401 iCjobs/3.2.3"
85.25.71.106 - - [17/May/2013:17:50:12 +0200] "GET /news.php?cs_go=archiv&cs_startpos=20 HTTP/1.1" 200 20302 "-" "Mozilla/5.0 (X11; U; Linux i686; de; rv:1.9.0.1; compatible; iCjobs Stellenangebote Jobs; http://www.icjobs.de) Gecko/20100401 iCjobs/3.2.3"
85.25.71.106 - - [17/May/2013:17:50:29 +0200] "GET /news.php?cs_go=archiv&cs_id=4159&cs_search= HTTP/1.1" 200 13297 "-" "Mozilla/5.0 (X11; U; Linux i686; de; rv:1.9.0.1; compatible; iCjobs Stellenangebote Jobs; http://www.icjobs.de) Gecko/20100401 iCjobs/3.2.3"
85.25.71.106 - - [17/May/2013:17:50:38 +0200] "GET /news.php?cs_go=archiv&cs_id=4173&cs_search= HTTP/1.1" 200 11485 "-" "Mozilla/5.0 (X11; U; Linux i686; de; rv:1.9.0.1; compatible; iCjobs Stellenangebote Jobs; http://www.icjobs.de) Gecko/20100401 iCjobs/3.2.3"
85.25.71.106 - - [17/May/2013:17:50:45 +0200] "GET /news.php?cs_go=archiv&cs_id=4172&cs_search= HTTP/1.1" 200 7780 "-" "Mozilla/5.0 (X11; U; Linux i686; de; rv:1.9.0.1; compatible; iCjobs Stellenangebote Jobs; http://www.icjobs.de) Gecko/20100401 iCjobs/3.2.3"
85.25.71.106 - - [17/May/2013:17:50:47 +0200] "GET /news.php?cs_go=archiv&cs_id=4163&cs_search= HTTP/1.1" 200 7870 "-" "Mozilla/5.0 (X11; U; Linux i686; de; rv:1.9.0.1; compatible; iCjobs Stellenangebote Jobs; http://www.icjobs.de) Gecko/20100401 iCjobs/3.2.3"
85.25.71.106 - - [17/May/2013:17:50:56 +0200] "GET /news.php?cs_go=archiv&cs_id=4170&cs_search= HTTP/1.1" 200 7775 "-" "Mozilla/5.0 (X11; U; Linux i686; de; rv:1.9.0.1; compatible; iCjobs Stellenangebote Jobs; http://www.icjobs.de) Gecko/20100401 iCjobs/3.2.3"
85.25.71.106 - - [17/May/2013:17:51:01 +0200] "GET /news.php?cs_go=archiv&cs_id=4169&cs_search= HTTP/1.1" 200 11498 "-" "Mozilla/5.0 (X11; U; Linux i686; de; rv:1.9.0.1; compatible; iCjobs Stellenangebote Jobs; http://www.icjobs.de) Gecko/20100401 iCjobs/3.2.3"
85.25.71.106 - - [17/May/2013:17:51:09 +0200] "GET /news.php?cs_go=archiv&cs_id=4162&cs_search= HTTP/1.1" 200 9124 "-" "Mozilla/5.0 (X11; U; Linux i686; de; rv:1.9.0.1; compatible; iCjobs Stellenangebote Jobs; http://www.icjobs.de) Gecko/20100401 iCjobs/3.2.3"
85.25.71.106 - - [17/May/2013:17:51:18 +0200] "GET /news.php?cs_go=archiv&cs_id=4166&cs_search= HTTP/1.1" 200 7675 "-" "Mozilla/5.0 (X11; U; Linux i686; de; rv:1.9.0.1; compatible; iCjobs Stellenangebote Jobs; http://www.icjobs.de) Gecko/20100401 iCjobs/3.2.3"
85.25.71.106 - - [17/May/2013:17:51:29 +0200] "GET /news.php?cs_go=archiv&cs_id=4165&cs_search= HTTP/1.1" 200 11541 "-" "Mozilla/5.0 (X11; U; Linux i686; de; rv:1.9.0.1; compatible; iCjobs Stellenangebote Jobs; http://www.icjobs.de) Gecko/20100401 iCjobs/3.2.3"
85.25.71.106 - - [17/May/2013:17:51:34 +0200] "GET /news.php?cs_go=archiv&cs_id=4164&cs_search= HTTP/1.1" 200 7994 "-" "Mozilla/5.0 (X11; U; Linux i686; de; rv:1.9.0.1; compatible; iCjobs Stellenangebote Jobs; http://www.icjobs.de) Gecko/20100401 iCjobs/3.2.3"
85.25.71.106 - - [17/May/2013:17:51:44 +0200] "GET /news.php?cs_go=archiv&cs_startpos=30 HTTP/1.1" 200 20180 "-" "Mozilla/5.0 (X11; U; Linux i686; de; rv:1.9.0.1; compatible; iCjobs Stellenangebote Jobs; http://www.icjobs.de) Gecko/20100401 iCjobs/3.2.3"
85.25.71.106 - - [17/May/2013:17:52:13 +0200] "GET /news.php?cs_go=archiv&cs_id=4161&cs_search= HTTP/1.1" 200 9328 "-" "Mozilla/5.0 (X11; U; Linux i686; de; rv:1.9.0.1; compatible; iCjobs Stellenangebote Jobs; http://www.icjobs.de) Gecko/20100401 iCjobs/3.2.3"
85.25.71.106 - - [17/May/2013:17:52:20 +0200] "GET /news.php?cs_go=archiv&cs_id=4156&cs_search= HTTP/1.1" 200 10678 "-" "Mozilla/5.0 (X11; U; Linux i686; de; rv:1.9.0.1; compatible; iCjobs Stellenangebote Jobs; http://www.icjobs.de) Gecko/20100401 iCjobs/3.2.3"
85.25.71.106 - - [17/May/2013:17:52:31 +0200] "GET /news.php?cs_go=archiv&cs_id=4160&cs_search= HTTP/1.1" 200 7644 "-" "Mozilla/5.0 (X11; U; Linux i686; de; rv:1.9.0.1; compatible; iCjobs Stellenangebote Jobs; http://www.icjobs.de) Gecko/20100401 iCjobs/3.2.3"
85.25.71.106 - - [17/May/2013:17:52:34 +0200] "GET /news.php?cs_go=archiv&cs_id=4155&cs_search= HTTP/1.1" 200 10764 "-" "Mozilla/5.0 (X11; U; Linux i686; de; rv:1.9.0.1; compatible; iCjobs Stellenangebote Jobs; http://www.icjobs.de) Gecko/20100401 iCjobs/3.2.3"
85.25.71.106 - - [17/May/2013:17:52:45 +0200] "GET /news.php?cs_go=archiv&cs_id=4158&cs_search= HTTP/1.1" 200 13851 "-" "Mozilla/5.0 (X11; U; Linux i686; de; rv:1.9.0.1; compatible; iCjobs Stellenangebote Jobs; http://www.icjobs.de) Gecko/20100401 iCjobs/3.2.3"
85.25.71.106 - - [17/May/2013:17:52:55 +0200] "GET /news.php?cs_go=archiv&cs_id=4148&cs_search= HTTP/1.1" 200 9963 "-" "Mozilla/5.0 (X11; U; Linux i686; de; rv:1.9.0.1; compatible; iCjobs Stellenangebote Jobs; http://www.icjobs.de) Gecko/20100401 iCjobs/3.2.3"
85.25.71.106 - - [17/May/2013:17:53:01 +0200] "GET /news.php?cs_go=archiv&cs_id=4157&cs_search= HTTP/1.1" 200 11762 "-" "Mozilla/5.0 (X11; U; Linux i686; de; rv:1.9.0.1; compatible; iCjobs Stellenangebote Jobs; http://www.icjobs.de) Gecko/20100401 iCjobs/3.2.3"
85.25.71.106 - - [17/May/2013:17:53:10 +0200] "GET /news.php?cs_go=archiv&cs_id=4149&cs_search= HTTP/1.1" 200 9340 "-" "Mozilla/5.0 (X11; U; Linux i686; de; rv:1.9.0.1; compatible; iCjobs Stellenangebote Jobs; http://www.icjobs.de) Gecko/20100401 iCjobs/3.2.3"
85.25.71.106 - - [17/May/2013:17:53:14 +0200] "GET /news.php?cs_go=archiv&cs_id=4152&cs_search= HTTP/1.1" 200 8021 "-" "Mozilla/5.0 (X11; U; Linux i686; de; rv:1.9.0.1; compatible; iCjobs Stellenangebote Jobs; http://www.icjobs.de) Gecko/20100401 iCjobs/3.2.3"
85.25.71.106 - - [17/May/2013:17:53:20 +0200] "GET /news.php?cs_go=archiv&cs_id=4154&cs_search= HTTP/1.1" 200 7917 "-" "Mozilla/5.0 (X11; U; Linux i686; de; rv:1.9.0.1; compatible; iCjobs Stellenangebote Jobs; http://www.icjobs.de) Gecko/20100401 iCjobs/3.2.3"
85.25.71.106 - - [17/May/2013:17:53:26 +0200] "GET /news.php?cs_go=archiv&cs_startpos=40 HTTP/1.1" 200 20328 "-" "Mozilla/5.0 (X11; U; Linux i686; de; rv:1.9.0.1; compatible; iCjobs Stellenangebote Jobs; http://www.icjobs.de) Gecko/20100401 iCjobs/3.2.3"
85.25.71.106 - - [17/May/2013:17:53:42 +0200] "GET /news.php?cs_go=archiv&cs_id=4153&cs_search= HTTP/1.1" 200 11391 "-" "Mozilla/5.0 (X11; U; Linux i686; de; rv:1.9.0.1; compatible; iCjobs Stellenangebote Jobs; http://www.icjobs.de) Gecko/20100401 iCjobs/3.2.3"
85.25.71.106 - - [17/May/2013:17:53:48 +0200] "GET /news.php?cs_go=archiv&cs_id=4150&cs_search= HTTP/1.1" 200 7398 "-" "Mozilla/5.0 (X11; U; Linux i686; de; rv:1.9.0.1; compatible; iCjobs Stellenangebote Jobs; http://www.icjobs.de) Gecko/20100401 iCjobs/3.2.3"
85.25.71.106 - - [17/May/2013:17:53:56 +0200] "GET /news.php?cs_go=archiv&cs_id=4143&cs_search= HTTP/1.1" 200 7932 "-" "Mozilla/5.0 (X11; U; Linux i686; de; rv:1.9.0.1; compatible; iCjobs Stellenangebote Jobs; http://www.icjobs.de) Gecko/20100401 iCjobs/3.2.3"
85.25.71.106 - - [17/May/2013:17:54:02 +0200] "GET /news.php?cs_go=archiv&cs_id=4141&cs_search= HTTP/1.1" 200 8770 "-" "Mozilla/5.0 (X11; U; Linux i686; de; rv:1.9.0.1; compatible; iCjobs Stellenangebote Jobs; http://www.icjobs.de) Gecko/20100401 iCjobs/3.2.3"
85.25.71.106 - - [17/May/2013:17:54:11 +0200] "GET /news.php?cs_go=archiv&cs_id=4147&cs_search= HTTP/1.1" 200 7636 "-" "Mozilla/5.0 (X11; U; Linux i686; de; rv:1.9.0.1; compatible; iCjobs Stellenangebote Jobs; http://www.icjobs.de) Gecko/20100401 iCjobs/3.2.3"
85.25.71.106 - - [17/May/2013:17:54:18 +0200] "GET /news.php?cs_go=archiv&cs_id=4140&cs_search= HTTP/1.1" 200 9497 "-" "Mozilla/5.0 (X11; U; Linux i686; de; rv:1.9.0.1; compatible; iCjobs Stellenangebote Jobs; http://www.icjobs.de) Gecko/20100401 iCjobs/3.2.3"
85.25.71.106 - - [17/May/2013:17:54:32 +0200] "GET /news.php?cs_go=archiv&cs_id=4139&cs_search= HTTP/1.1" 200 8817 "-" "Mozilla/5.0 (X11; U; Linux i686; de; rv:1.9.0.1; compatible; iCjobs Stellenangebote Jobs; http://www.icjobs.de) Gecko/20100401 iCjobs/3.2.3"
85.25.71.106 - - [17/May/2013:17:54:37 +0200] "GET /news.php?cs_go=archiv&cs_id=4146&cs_search= HTTP/1.1" 200 11294 "-" "Mozilla/5.0 (X11; U; Linux i686; de; rv:1.9.0.1; compatible; iCjobs Stellenangebote Jobs; http://www.icjobs.de) Gecko/20100401 iCjobs/3.2.3"
85.25.71.106 - - [17/May/2013:17:54:44 +0200] "GET /news.php?cs_go=archiv&cs_id=4138&cs_search= HTTP/1.1" 200 8599 "-" "Mozilla/5.0 (X11; U; Linux i686; de; rv:1.9.0.1; compatible; iCjobs Stellenangebote Jobs; http://www.icjobs.de) Gecko/20100401 iCjobs/3.2.3"
85.25.71.106 - - [17/May/2013:17:54:53 +0200] "GET /news.php?cs_go=archiv&cs_id=4132&cs_search= HTTP/1.1" 200 10155 "-" "Mozilla/5.0 (X11; U; Linux i686; de; rv:1.9.0.1; compatible; iCjobs Stellenangebote Jobs; http://www.icjobs.de) Gecko/20100401 iCjobs/3.2.3"
85.25.71.106 - - [17/May/2013:17:55:00 +0200] "GET /news.php?cs_go=archiv&cs_startpos=50 HTTP/1.1" 200 20040 "-" "Mozilla/5.0 (X11; U; Linux i686; de; rv:1.9.0.1; compatible; iCjobs Stellenangebote Jobs; http://www.icjobs.de) Gecko/20100401 iCjobs/3.2.3"
85.25.71.106 - - [17/May/2013:17:55:14 +0200] "GET /news.php?cs_go=archiv&cs_id=4145&cs_search= HTTP/1.1" 200 7618 "-" "Mozilla/5.0 (X11; U; Linux i686; de; rv:1.9.0.1; compatible; iCjobs Stellenangebote Jobs; http://www.icjobs.de) Gecko/20100401 iCjobs/3.2.3"
85.25.71.106 - - [17/May/2013:17:55:22 +0200] "GET /news.php?cs_go=archiv&cs_id=4144&cs_search= HTTP/1.1" 200 11214 "-" "Mozilla/5.0 (X11; U; Linux i686; de; rv:1.9.0.1; compatible; iCjobs Stellenangebote Jobs; http://www.icjobs.de) Gecko/20100401 iCjobs/3.2.3"
85.25.71.106 - - [17/May/2013:17:55:27 +0200] "GET /news.php?cs_go=archiv&cs_id=4142&cs_search= HTTP/1.1" 200 10142 "-" "Mozilla/5.0 (X11; U; Linux i686; de; rv:1.9.0.1; compatible; iCjobs Stellenangebote Jobs; http://www.icjobs.de) Gecko/20100401 iCjobs/3.2.3"
85.25.71.106 - - [17/May/2013:17:55:36 +0200] "GET /news.php?cs_go=archiv&cs_id=4127&cs_search= HTTP/1.1" 200 7645 "-" "Mozilla/5.0 (X11; U; Linux i686; de; rv:1.9.0.1; compatible; iCjobs Stellenangebote Jobs; http://www.icjobs.de) Gecko/20100401 iCjobs/3.2.3"
85.25.71.106 - - [17/May/2013:17:55:39 +0200] "GET /news.php?cs_go=archiv&cs_id=4137&cs_search= HTTP/1.1" 200 7606 "-" "Mozilla/5.0 (X11; U; Linux i686; de; rv:1.9.0.1; compatible; iCjobs Stellenangebote Jobs; http://www.icjobs.de) Gecko/20100401 iCjobs/3.2.3"
66.249.78.46 - - [17/May/2013:17:55:40 +0200] "GET /news.php?cs_go=archiv&cs_id=3999 HTTP/1.1" 200 9467 "-" "Mozilla/5.0 (compatible; Googlebot/2.1; +http://www.google.com/bot.html)"
85.25.71.106 - - [17/May/2013:17:55:45 +0200] "GET /news.php?cs_go=archiv&cs_id=4134&cs_search= HTTP/1.1" 200 7660 "-" "Mozilla/5.0 (X11; U; Linux i686; de; rv:1.9.0.1; compatible; iCjobs Stellenangebote Jobs; http://www.icjobs.de) Gecko/20100401 iCjobs/3.2.3"
85.25.71.106 - - [17/May/2013:17:55:47 +0200] "GET /news.php?cs_go=archiv&cs_id=4125&cs_search= HTTP/1.1" 200 9244 "-" "Mozilla/5.0 (X11; U; Linux i686; de; rv:1.9.0.1; compatible; iCjobs Stellenangebote Jobs; http://www.icjobs.de) Gecko/20100401 iCjobs/3.2.3"
85.25.71.106 - - [17/May/2013:17:55:52 +0200] "GET /news.php?cs_go=archiv&cs_id=4124&cs_search= HTTP/1.1" 200 8579 "-" "Mozilla/5.0 (X11; U; Linux i686; de; rv:1.9.0.1; compatible; iCjobs Stellenangebote Jobs; http://www.icjobs.de) Gecko/20100401 iCjobs/3.2.3"
85.25.71.106 - - [17/May/2013:17:55:56 +0200] "GET /news.php?cs_go=archiv&cs_id=4123&cs_search= HTTP/1.1" 200 19494 "-" "Mozilla/5.0 (X11; U; Linux i686; de; rv:1.9.0.1; compatible; iCjobs Stellenangebote Jobs; http://www.icjobs.de) Gecko/20100401 iCjobs/3.2.3"
85.25.71.106 - - [17/May/2013:17:56:04 +0200] "GET /news.php?cs_go=archiv&cs_id=4114&cs_search= HTTP/1.1" 200 8126 "-" "Mozilla/5.0 (X11; U; Linux i686; de; rv:1.9.0.1; compatible; iCjobs Stellenangebote Jobs; http://www.icjobs.de) Gecko/20100401 iCjobs/3.2.3"
85.25.71.106 - - [17/May/2013:17:56:07 +0200] "GET /news.php?cs_go=archiv&cs_startpos=60 HTTP/1.1" 200 20662 "-" "Mozilla/5.0 (X11; U; Linux i686; de; rv:1.9.0.1; compatible; iCjobs Stellenangebote Jobs; http://www.icjobs.de) Gecko/20100401 iCjobs/3.2.3"
85.25.71.106 - - [17/May/2013:17:56:19 +0200] "GET /news.php?cs_go=archiv&cs_id=4133&cs_search= HTTP/1.1" 200 11676 "-" "Mozilla/5.0 (X11; U; Linux i686; de; rv:1.9.0.1; compatible; iCjobs Stellenangebote Jobs; http://www.icjobs.de) Gecko/20100401 iCjobs/3.2.3"
85.25.71.106 - - [17/May/2013:17:56:24 +0200] "GET /news.php?cs_go=archiv&cs_id=4122&cs_search= HTTP/1.1" 200 13298 "-" "Mozilla/5.0 (X11; U; Linux i686; de; rv:1.9.0.1; compatible; iCjobs Stellenangebote Jobs; http://www.icjobs.de) Gecko/20100401 iCjobs/3.2.3"
37.58.52.15 - - [17/May/2013:17:56:25 +0200] "GET /news.php?cs_go=archiv&cs_id=4163&cs_search= HTTP/1.0" 200 7870 "-" "Mozilla/5.0 (compatible; AcoonBot/4.11.1; +http://www.acoon.de/robot.asp)"
85.25.71.106 - - [17/May/2013:17:56:34 +0200] "GET /news.php?cs_go=archiv&cs_id=4112&cs_search= HTTP/1.1" 200 9525 "-" "Mozilla/5.0 (X11; U; Linux i686; de; rv:1.9.0.1; compatible; iCjobs Stellenangebote Jobs; http://www.icjobs.de) Gecko/20100401 iCjobs/3.2.3"
85.25.71.106 - - [17/May/2013:17:56:38 +0200] "GET /news.php?cs_go=archiv&cs_id=4131&cs_search= HTTP/1.1" 200 7858 "-" "Mozilla/5.0 (X11; U; Linux i686; de; rv:1.9.0.1; compatible; iCjobs Stellenangebote Jobs; http://www.icjobs.de) Gecko/20100401 iCjobs/3.2.3"
85.25.71.106 - - [17/May/2013:17:56:43 +0200] "GET /news.php?cs_go=archiv&cs_id=4130&cs_search= HTTP/1.1" 200 11433 "-" "Mozilla/5.0 (X11; U; Linux i686; de; rv:1.9.0.1; compatible; iCjobs Stellenangebote Jobs; http://www.icjobs.de) Gecko/20100401 iCjobs/3.2.3"
85.25.71.106 - - [17/May/2013:17:56:47 +0200] "GET /news.php?cs_go=archiv&cs_id=4126&cs_search= HTTP/1.1" 200 9163 "-" "Mozilla/5.0 (X11; U; Linux i686; de; rv:1.9.0.1; compatible; iCjobs Stellenangebote Jobs; http://www.icjobs.de) Gecko/20100401 iCjobs/3.2.3"
85.25.71.106 - - [17/May/2013:17:57:05 +0200] "GET /news.php?cs_go=archiv&cs_id=4116&cs_search= HTTP/1.1" 200 10213 "-" "Mozilla/5.0 (X11; U; Linux i686; de; rv:1.9.0.1; compatible; iCjobs Stellenangebote Jobs; http://www.icjobs.de) Gecko/20100401 iCjobs/3.2.3"
85.25.71.106 - - [17/May/2013:17:57:13 +0200] "GET /news.php?cs_go=archiv&cs_id=4128&cs_search= HTTP/1.1" 200 7746 "-" "Mozilla/5.0 (X11; U; Linux i686; de; rv:1.9.0.1; compatible; iCjobs Stellenangebote Jobs; http://www.icjobs.de) Gecko/20100401 iCjobs/3.2.3"
85.25.71.106 - - [17/May/2013:17:57:17 +0200] "GET /news.php?cs_go=archiv&cs_id=4129&cs_search= HTTP/1.1" 200 8082 "-" "Mozilla/5.0 (X11; U; Linux i686; de; rv:1.9.0.1; compatible; iCjobs Stellenangebote Jobs; http://www.icjobs.de) Gecko/20100401 iCjobs/3.2.3"
85.25.71.106 - - [17/May/2013:17:57:22 +0200] "GET /news.php?cs_go=archiv&cs_id=4121&cs_search= HTTP/1.1" 200 11379 "-" "Mozilla/5.0 (X11; U; Linux i686; de; rv:1.9.0.1; compatible; iCjobs Stellenangebote Jobs; http://www.icjobs.de) Gecko/20100401 iCjobs/3.2.3"
85.25.71.106 - - [17/May/2013:17:57:26 +0200] "GET /news.php?cs_go=archiv&cs_startpos=70 HTTP/1.1" 200 20425 "-" "Mozilla/5.0 (X11; U; Linux i686; de; rv:1.9.0.1; compatible; iCjobs Stellenangebote Jobs; http://www.icjobs.de) Gecko/20100401 iCjobs/3.2.3"
85.25.71.106 - - [17/May/2013:17:57:37 +0200] "GET /news.php?cs_go=archiv&cs_id=4113&cs_search= HTTP/1.1" 200 9533 "-" "Mozilla/5.0 (X11; U; Linux i686; de; rv:1.9.0.1; compatible; iCjobs Stellenangebote Jobs; http://www.icjobs.de) Gecko/20100401 iCjobs/3.2.3"
85.25.71.106 - - [17/May/2013:17:57:45 +0200] "GET /news.php?cs_go=archiv&cs_id=4115&cs_search= HTTP/1.1" 200 9368 "-" "Mozilla/5.0 (X11; U; Linux i686; de; rv:1.9.0.1; compatible; iCjobs Stellenangebote Jobs; http://www.icjobs.de) Gecko/20100401 iCjobs/3.2.3"
85.25.71.106 - - [17/May/2013:17:57:50 +0200] "GET /news.php?cs_go=archiv&cs_id=4120&cs_search= HTTP/1.1" 200 8072 "-" "Mozilla/5.0 (X11; U; Linux i686; de; rv:1.9.0.1; compatible; iCjobs Stellenangebote Jobs; http://www.icjobs.de) Gecko/20100401 iCjobs/3.2.3"
85.25.71.106 - - [17/May/2013:17:57:54 +0200] "GET /news.php?cs_go=archiv&cs_id=4117&cs_search= HTTP/1.1" 200 11259 "-" "Mozilla/5.0 (X11; U; Linux i686; de; rv:1.9.0.1; compatible; iCjobs Stellenangebote Jobs; http://www.icjobs.de) Gecko/20100401 iCjobs/3.2.3"
85.25.71.106 - - [17/May/2013:17:57:58 +0200] "GET /news.php?cs_go=archiv&cs_id=4109&cs_search= HTTP/1.1" 200 9046 "-" "Mozilla/5.0 (X11; U; Linux i686; de; rv:1.9.0.1; compatible; iCjobs Stellenangebote Jobs; http://www.icjobs.de) Gecko/20100401 iCjobs/3.2.3"
85.25.71.106 - - [17/May/2013:17:58:04 +0200] "GET /news.php?cs_go=archiv&cs_id=4108&cs_search= HTTP/1.1" 200 8546 "-" "Mozilla/5.0 (X11; U; Linux i686; de; rv:1.9.0.1; compatible; iCjobs Stellenangebote Jobs; http://www.icjobs.de) Gecko/20100401 iCjobs/3.2.3"
85.25.71.106 - - [17/May/2013:17:58:11 +0200] "GET /news.php?cs_go=archiv&cs_id=4107&cs_search= HTTP/1.1" 200 8078 "-" "Mozilla/5.0 (X11; U; Linux i686; de; rv:1.9.0.1; compatible; iCjobs Stellenangebote Jobs; http://www.icjobs.de) Gecko/20100401 iCjobs/3.2.3"
85.25.71.106 - - [17/May/2013:17:58:16 +0200] "GET /news.php?cs_go=archiv&cs_id=4106&cs_search= HTTP/1.1" 200 11266 "-" "Mozilla/5.0 (X11; U; Linux i686; de; rv:1.9.0.1; compatible; iCjobs Stellenangebote Jobs; http://www.icjobs.de) Gecko/20100401 iCjobs/3.2.3"
85.25.71.106 - - [17/May/2013:17:58:22 +0200] "GET /news.php?cs_go=archiv&cs_id=4105&cs_search= HTTP/1.1" 200 10166 "-" "Mozilla/5.0 (X11; U; Linux i686; de; rv:1.9.0.1; compatible; iCjobs Stellenangebote Jobs; http://www.icjobs.de) Gecko/20100401 iCjobs/3.2.3"
85.25.71.106 - - [17/May/2013:17:58:31 +0200] "GET /news.php?cs_go=archiv&cs_id=4104&cs_search= HTTP/1.1" 200 11297 "-" "Mozilla/5.0 (X11; U; Linux i686; de; rv:1.9.0.1; compatible; iCjobs Stellenangebote Jobs; http://www.icjobs.de) Gecko/20100401 iCjobs/3.2.3"
85.25.71.106 - - [17/May/2013:17:58:36 +0200] "GET /news.php?cs_go=archiv&cs_startpos=80 HTTP/1.1" 200 20291 "-" "Mozilla/5.0 (X11; U; Linux i686; de; rv:1.9.0.1; compatible; iCjobs Stellenangebote Jobs; http://www.icjobs.de) Gecko/20100401 iCjobs/3.2.3"
85.25.71.106 - - [17/May/2013:17:58:49 +0200] "GET /news.php?cs_go=archiv&cs_id=4103&cs_search= HTTP/1.1" 200 7634 "-" "Mozilla/5.0 (X11; U; Linux i686; de; rv:1.9.0.1; compatible; iCjobs Stellenangebote Jobs; http://www.icjobs.de) Gecko/20100401 iCjobs/3.2.3"
85.25.71.106 - - [17/May/2013:17:58:53 +0200] "GET /news.php?cs_go=archiv&cs_id=4101&cs_search= HTTP/1.1" 200 10121 "-" "Mozilla/5.0 (X11; U; Linux i686; de; rv:1.9.0.1; compatible; iCjobs Stellenangebote Jobs; http://www.icjobs.de) Gecko/20100401 iCjobs/3.2.3"
85.25.71.106 - - [17/May/2013:17:58:56 +0200] "GET /news.php?cs_go=archiv&cs_id=4102&cs_search= HTTP/1.1" 200 11602 "-" "Mozilla/5.0 (X11; U; Linux i686; de; rv:1.9.0.1; compatible; iCjobs Stellenangebote Jobs; http://www.icjobs.de) Gecko/20100401 iCjobs/3.2.3"
85.25.71.106 - - [17/May/2013:17:59:03 +0200] "GET /news.php?cs_go=archiv&cs_id=4093&cs_search= HTTP/1.1" 200 12868 "-" "Mozilla/5.0 (X11; U; Linux i686; de; rv:1.9.0.1; compatible; iCjobs Stellenangebote Jobs; http://www.icjobs.de) Gecko/20100401 iCjobs/3.2.3"
85.25.71.106 - - [17/May/2013:17:59:11 +0200] "GET /news.php?cs_go=archiv&cs_id=4086&cs_search= HTTP/1.1" 200 7993 "-" "Mozilla/5.0 (X11; U; Linux i686; de; rv:1.9.0.1; compatible; iCjobs Stellenangebote Jobs; http://www.icjobs.de) Gecko/20100401 iCjobs/3.2.3"
66.249.76.49 - - [17/May/2013:17:59:12 +0200] "GET /news.php?cs_go=archiv&cs_startpos=160 HTTP/1.1" 200 20493 "-" "Mozilla/5.0 (compatible; Googlebot/2.1; +http://www.google.com/bot.html)"
85.25.71.106 - - [17/May/2013:17:59:16 +0200] "GET /news.php?cs_go=archiv&cs_id=4100&cs_search= HTTP/1.1" 200 8038 "-" "Mozilla/5.0 (X11; U; Linux i686; de; rv:1.9.0.1; compatible; iCjobs Stellenangebote Jobs; http://www.icjobs.de) Gecko/20100401 iCjobs/3.2.3"
85.25.71.106 - - [17/May/2013:17:59:21 +0200] "GET /news.php?cs_go=archiv&cs_id=4098&cs_search= HTTP/1.1" 200 11507 "-" "Mozilla/5.0 (X11; U; Linux i686; de; rv:1.9.0.1; compatible; iCjobs Stellenangebote Jobs; http://www.icjobs.de) Gecko/20100401 iCjobs/3.2.3"
85.25.71.106 - - [17/May/2013:17:59:26 +0200] "GET /news.php?cs_go=archiv&cs_id=4085&cs_search= HTTP/1.1" 200 7570 "-" "Mozilla/5.0 (X11; U; Linux i686; de; rv:1.9.0.1; compatible; iCjobs Stellenangebote Jobs; http://www.icjobs.de) Gecko/20100401 iCjobs/3.2.3"
85.25.71.106 - - [17/May/2013:17:59:39 +0200] "GET /news.php?cs_go=archiv&cs_id=4096&cs_search= HTTP/1.1" 200 7657 "-" "Mozilla/5.0 (X11; U; Linux i686; de; rv:1.9.0.1; compatible; iCjobs Stellenangebote Jobs; http://www.icjobs.de) Gecko/20100401 iCjobs/3.2.3"
85.25.71.106 - - [17/May/2013:17:59:46 +0200] "GET /news.php?cs_go=archiv&cs_id=4095&cs_search= HTTP/1.1" 200 7827 "-" "Mozilla/5.0 (X11; U; Linux i686; de; rv:1.9.0.1; compatible; iCjobs Stellenangebote Jobs; http://www.icjobs.de) Gecko/20100401 iCjobs/3.2.3"
85.25.71.106 - - [17/May/2013:17:59:51 +0200] "GET /news.php?cs_go=archiv&cs_startpos=90 HTTP/1.1" 200 20645 "-" "Mozilla/5.0 (X11; U; Linux i686; de; rv:1.9.0.1; compatible; iCjobs Stellenangebote Jobs; http://www.icjobs.de) Gecko/20100401 iCjobs/3.2.3"
85.25.71.106 - - [17/May/2013:18:00:02 +0200] "GET /news.php?cs_go=archiv&cs_id=4094&cs_search= HTTP/1.1" 200 8210 "-" "Mozilla/5.0 (X11; U; Linux i686; de; rv:1.9.0.1; compatible; iCjobs Stellenangebote Jobs; http://www.icjobs.de) Gecko/20100401 iCjobs/3.2.3"
85.25.71.106 - - [17/May/2013:18:00:05 +0200] "GET /news.php?cs_go=archiv&cs_id=4092&cs_search= HTTP/1.1" 200 11568 "-" "Mozilla/5.0 (X11; U; Linux i686; de; rv:1.9.0.1; compatible; iCjobs Stellenangebote Jobs; http://www.icjobs.de) Gecko/20100401 iCjobs/3.2.3"
85.25.71.106 - - [17/May/2013:18:00:12 +0200] "GET /news.php?cs_go=archiv&cs_id=4088&cs_search= HTTP/1.1" 200 8735 "-" "Mozilla/5.0 (X11; U; Linux i686; de; rv:1.9.0.1; compatible; iCjobs Stellenangebote Jobs; http://www.icjobs.de) Gecko/20100401 iCjobs/3.2.3"
85.25.71.106 - - [17/May/2013:18:00:17 +0200] "GET /news.php?cs_go=archiv&cs_id=4084&cs_search= HTTP/1.1" 200 8980 "-" "Mozilla/5.0 (X11; U; Linux i686; de; rv:1.9.0.1; compatible; iCjobs Stellenangebote Jobs; http://www.icjobs.de) Gecko/20100401 iCjobs/3.2.3"
