89.247.63.110 - - [12/May/2013:17:09:06 +0200] "GET /style.css HTTP/1.1" 200 8418 "http://www.mink-gmbh.de/" "Mozilla/5.0 (Windows NT 6.1; WOW64) AppleWebKit/537.31 (KHTML, like Gecko) Chrome/26.0.1410.64 Safari/537.31"
89.247.63.110 - - [12/May/2013:17:09:06 +0200] "GET /js_contentserver24_greybox/gb_styles.css HTTP/1.1" 200 2302 "http://www.mink-gmbh.de/" "Mozilla/5.0 (Windows NT 6.1; WOW64) AppleWebKit/537.31 (KHTML, like Gecko) Chrome/26.0.1410.64 Safari/537.31"
89.247.63.110 - - [12/May/2013:17:09:06 +0200] "GET /js_contentserver24_greybox/AJS.js HTTP/1.1" 200 10396 "http://www.mink-gmbh.de/" "Mozilla/5.0 (Windows NT 6.1; WOW64) AppleWebKit/537.31 (KHTML, like Gecko) Chrome/26.0.1410.64 Safari/537.31"
89.247.63.110 - - [12/May/2013:17:09:05 +0200] "GET / HTTP/1.1" 200 12105 "https://www.google.de/" "Mozilla/5.0 (Windows NT 6.1; WOW64) AppleWebKit/537.31 (KHTML, like Gecko) Chrome/26.0.1410.64 Safari/537.31"
89.247.63.110 - - [12/May/2013:17:09:06 +0200] "GET /js_contentserver24_greybox/AJS_fx.js HTTP/1.1" 200 3192 "http://www.mink-gmbh.de/" "Mozilla/5.0 (Windows NT 6.1; WOW64) AppleWebKit/537.31 (KHTML, like Gecko) Chrome/26.0.1410.64 Safari/537.31"
89.247.63.110 - - [12/May/2013:17:09:06 +0200] "GET /js_contentserver24_greybox/gb_scripts.js HTTP/1.1" 200 11913 "http://www.mink-gmbh.de/" "Mozilla/5.0 (Windows NT 6.1; WOW64) AppleWebKit/537.31 (KHTML, like Gecko) Chrome/26.0.1410.64 Safari/537.31"
89.247.63.110 - - [12/May/2013:17:09:06 +0200] "GET /modul.css HTTP/1.1" 200 35038 "http://www.mink-gmbh.de/" "Mozilla/5.0 (Windows NT 6.1; WOW64) AppleWebKit/537.31 (KHTML, like Gecko) Chrome/26.0.1410.64 Safari/537.31"
89.247.63.110 - - [12/May/2013:17:09:07 +0200] "GET /images/bg.jpg HTTP/1.1" 200 345 "http://www.mink-gmbh.de/" "Mozilla/5.0 (Windows NT 6.1; WOW64) AppleWebKit/537.31 (KHTML, like Gecko) Chrome/26.0.1410.64 Safari/537.31"
89.247.63.110 - - [12/May/2013:17:09:07 +0200] "GET /js_contentserver24_greybox/w_close.gif HTTP/1.1" 200 74 "http://www.mink-gmbh.de/" "Mozilla/5.0 (Windows NT 6.1; WOW64) AppleWebKit/537.31 (KHTML, like Gecko) Chrome/26.0.1410.64 Safari/537.31"
89.247.63.110 - - [12/May/2013:17:09:07 +0200] "GET /images/close.png HTTP/1.1" 200 703 "http://www.mink-gmbh.de/" "Mozilla/5.0 (Windows NT 6.1; WOW64) AppleWebKit/537.31 (KHTML, like Gecko) Chrome/26.0.1410.64 Safari/537.31"
89.247.63.110 - - [12/May/2013:17:09:07 +0200] "GET /images/newsletter_bg.jpg HTTP/1.1" 200 33610 "http://www.mink-gmbh.de/" "Mozilla/5.0 (Windows NT 6.1; WOW64) AppleWebKit/537.31 (KHTML, like Gecko) Chrome/26.0.1410.64 Safari/537.31"
89.247.63.110 - - [12/May/2013:17:09:07 +0200] "GET /images/newsletter.png HTTP/1.1" 200 14619 "http://www.mink-gmbh.de/" "Mozilla/5.0 (Windows NT 6.1; WOW64) AppleWebKit/537.31 (KHTML, like Gecko) Chrome/26.0.1410.64 Safari/537.31"
89.247.63.110 - - [12/May/2013:17:09:07 +0200] "GET /images/wrapperbg.jpg HTTP/1.1" 200 27465 "http://www.mink-gmbh.de/" "Mozilla/5.0 (Windows NT 6.1; WOW64) AppleWebKit/537.31 (KHTML, like Gecko) Chrome/26.0.1410.64 Safari/537.31"
89.247.63.110 - - [12/May/2013:17:09:07 +0200] "GET /images/header.jpg HTTP/1.1" 200 24413 "http://www.mink-gmbh.de/" "Mozilla/5.0 (Windows NT 6.1; WOW64) AppleWebKit/537.31 (KHTML, like Gecko) Chrome/26.0.1410.64 Safari/537.31"
89.247.63.110 - - [12/May/2013:17:09:07 +0200] "GET /images/navibg.png HTTP/1.1" 200 2803 "http://www.mink-gmbh.de/" "Mozilla/5.0 (Windows NT 6.1; WOW64) AppleWebKit/537.31 (KHTML, like Gecko) Chrome/26.0.1410.64 Safari/537.31"
89.247.63.110 - - [12/May/2013:17:09:07 +0200] "GET /images/fallend.png HTTP/1.1" 200 713 "http://www.mink-gmbh.de/" "Mozilla/5.0 (Windows NT 6.1; WOW64) AppleWebKit/537.31 (KHTML, like Gecko) Chrome/26.0.1410.64 Safari/537.31"
89.247.63.110 - - [12/May/2013:17:09:07 +0200] "GET /images/steigend.png HTTP/1.1" 200 688 "http://www.mink-gmbh.de/" "Mozilla/5.0 (Windows NT 6.1; WOW64) AppleWebKit/537.31 (KHTML, like Gecko) Chrome/26.0.1410.64 Safari/537.31"
89.247.63.110 - - [12/May/2013:17:09:07 +0200] "GET /js_contentserver24_greybox/loader_frame.html?s=0 HTTP/1.1" 200 2084 "http://www.mink-gmbh.de/" "Mozilla/5.0 (Windows NT 6.1; WOW64) AppleWebKit/537.31 (KHTML, like Gecko) Chrome/26.0.1410.64 Safari/537.31"
89.247.63.110 - - [12/May/2013:17:09:07 +0200] "GET /images/mobil.jpg HTTP/1.1" 200 25293 "http://www.mink-gmbh.de/" "Mozilla/5.0 (Windows NT 6.1; WOW64) AppleWebKit/537.31 (KHTML, like Gecko) Chrome/26.0.1410.64 Safari/537.31"
89.247.63.110 - - [12/May/2013:17:09:07 +0200] "GET /images/newsletter.jpg HTTP/1.1" 200 13130 "http://www.mink-gmbh.de/" "Mozilla/5.0 (Windows NT 6.1; WOW64) AppleWebKit/537.31 (KHTML, like Gecko) Chrome/26.0.1410.64 Safari/537.31"
89.247.63.110 - - [12/May/2013:17:09:07 +0200] "GET /images/freecall.jpg HTTP/1.1" 200 39195 "http://www.mink-gmbh.de/" "Mozilla/5.0 (Windows NT 6.1; WOW64) AppleWebKit/537.31 (KHTML, like Gecko) Chrome/26.0.1410.64 Safari/537.31"
89.247.63.110 - - [12/May/2013:17:09:07 +0200] "GET /images/tkw.jpg HTTP/1.1" 200 64031 "http://www.mink-gmbh.de/" "Mozilla/5.0 (Windows NT 6.1; WOW64) AppleWebKit/537.31 (KHTML, like Gecko) Chrome/26.0.1410.64 Safari/537.31"
89.247.63.110 - - [12/May/2013:17:09:07 +0200] "GET /images/mail.jpg HTTP/1.1" 200 11165 "http://www.mink-gmbh.de/" "Mozilla/5.0 (Windows NT 6.1; WOW64) AppleWebKit/537.31 (KHTML, like Gecko) Chrome/26.0.1410.64 Safari/537.31"
89.247.63.110 - - [12/May/2013:17:09:07 +0200] "GET /images/kwk.gif HTTP/1.1" 200 6403 "http://www.mink-gmbh.de/" "Mozilla/5.0 (Windows NT 6.1; WOW64) AppleWebKit/537.31 (KHTML, like Gecko) Chrome/26.0.1410.64 Safari/537.31"
89.247.63.110 - - [12/May/2013:17:09:07 +0200] "GET /images/wunschpreis.jpg HTTP/1.1" 200 16767 "http://www.mink-gmbh.de/" "Mozilla/5.0 (Windows NT 6.1; WOW64) AppleWebKit/537.31 (KHTML, like Gecko) Chrome/26.0.1410.64 Safari/537.31"
89.247.63.110 - - [12/May/2013:17:09:07 +0200] "GET /images/logos.jpg HTTP/1.1" 200 15002 "http://www.mink-gmbh.de/" "Mozilla/5.0 (Windows NT 6.1; WOW64) AppleWebKit/537.31 (KHTML, like Gecko) Chrome/26.0.1410.64 Safari/537.31"
89.247.63.110 - - [12/May/2013:17:09:07 +0200] "GET /images/footerbg.jpg HTTP/1.1" 200 2184 "http://www.mink-gmbh.de/" "Mozilla/5.0 (Windows NT 6.1; WOW64) AppleWebKit/537.31 (KHTML, like Gecko) Chrome/26.0.1410.64 Safari/537.31"
89.247.63.110 - - [12/May/2013:17:09:07 +0200] "GET /js_contentserver24_greybox/header_bg.gif HTTP/1.1" 200 1188 "http://www.mink-gmbh.de/" "Mozilla/5.0 (Windows NT 6.1; WOW64) AppleWebKit/537.31 (KHTML, like Gecko) Chrome/26.0.1410.64 Safari/537.31"
89.247.63.110 - - [12/May/2013:17:09:08 +0200] "GET /js_contentserver24_greybox/indicator.gif HTTP/1.1" 200 8238 "http://www.mink-gmbh.de/js_contentserver24_greybox/loader_frame.html?s=0" "Mozilla/5.0 (Windows NT 6.1; WOW64) AppleWebKit/537.31 (KHTML, like Gecko) Chrome/26.0.1410.64 Safari/537.31"
89.247.63.110 - - [12/May/2013:17:09:08 +0200] "GET /js_contentserver24_greybox/g_close.gif HTTP/1.1" 200 541 "http://www.mink-gmbh.de/" "Mozilla/5.0 (Windows NT 6.1; WOW64) AppleWebKit/537.31 (KHTML, like Gecko) Chrome/26.0.1410.64 Safari/537.31"
89.247.63.110 - - [12/May/2013:17:09:08 +0200] "GET /favicon.ico HTTP/1.1" 200 3638 "-" "Mozilla/5.0 (Windows NT 6.1; WOW64) AppleWebKit/537.31 (KHTML, like Gecko) Chrome/26.0.1410.64 Safari/537.31"
141.8.147.12 - - [12/May/2013:17:09:16 +0200] "GET /news.php?cs_go=archiv&cs_id=2753&cs_search= HTTP/1.1" 200 9988 "-" "Mozilla/5.0 (compatible; YandexBot/3.0; +http://yandex.com/bots)"
89.247.63.110 - - [12/May/2013:17:09:52 +0200] "GET /standard.php HTTP/1.1" 200 9131 "http://www.mink-gmbh.de/" "Mozilla/5.0 (Windows NT 6.1; WOW64) AppleWebKit/537.31 (KHTML, like Gecko) Chrome/26.0.1410.64 Safari/537.31"
89.247.63.110 - - [12/May/2013:17:10:00 +0200] "GET /wunschpreis.php HTTP/1.1" 200 11997 "http://www.mink-gmbh.de/standard.php" "Mozilla/5.0 (Windows NT 6.1; WOW64) AppleWebKit/537.31 (KHTML, like Gecko) Chrome/26.0.1410.64 Safari/537.31"
89.247.63.110 - - [12/May/2013:17:10:10 +0200] "GET /preisanfrage.php HTTP/1.1" 200 10648 "http://www.mink-gmbh.de/wunschpreis.php" "Mozilla/5.0 (Windows NT 6.1; WOW64) AppleWebKit/537.31 (KHTML, like Gecko) Chrome/26.0.1410.64 Safari/537.31"
89.247.63.110 - - [12/May/2013:17:10:14 +0200] "GET /preisanfrage.php HTTP/1.1" 200 10648 "http://www.mink-gmbh.de/preisanfrage.php" "Mozilla/5.0 (Windows NT 6.1; WOW64) AppleWebKit/537.31 (KHTML, like Gecko) Chrome/26.0.1410.64 Safari/537.31"
89.247.63.110 - - [12/May/2013:17:10:19 +0200] "GET /preisanfrage.php HTTP/1.1" 200 10648 "http://www.mink-gmbh.de/preisanfrage.php" "Mozilla/5.0 (Windows NT 6.1; WOW64) AppleWebKit/537.31 (KHTML, like Gecko) Chrome/26.0.1410.64 Safari/537.31"
89.247.63.110 - - [12/May/2013:17:10:37 +0200] "GET /news.php HTTP/1.1" 200 22050 "http://www.mink-gmbh.de/preisanfrage.php" "Mozilla/5.0 (Windows NT 6.1; WOW64) AppleWebKit/537.31 (KHTML, like Gecko) Chrome/26.0.1410.64 Safari/537.31"
89.247.63.110 - - [12/May/2013:17:10:58 +0200] "GET /news.php?cs_go=archiv&cs_id=4159&cs_search= HTTP/1.1" 200 15555 "http://www.mink-gmbh.de/news.php" "Mozilla/5.0 (Windows NT 6.1; WOW64) AppleWebKit/537.31 (KHTML, like Gecko) Chrome/26.0.1410.64 Safari/537.31"
89.247.63.110 - - [12/May/2013:17:11:27 +0200] "GET /preisanfrage.php HTTP/1.1" 200 10648 "http://www.mink-gmbh.de/preisanfrage.php" "Mozilla/5.0 (Windows NT 6.1; WOW64) AppleWebKit/537.31 (KHTML, like Gecko) Chrome/26.0.1410.64 Safari/537.31"
89.247.63.110 - - [12/May/2013:17:11:32 +0200] "GET /standard.php HTTP/1.1" 200 9131 "http://www.mink-gmbh.de/" "Mozilla/5.0 (Windows NT 6.1; WOW64) AppleWebKit/537.31 (KHTML, like Gecko) Chrome/26.0.1410.64 Safari/537.31"
141.8.147.12 - - [12/May/2013:17:15:08 +0200] "GET /news.php?cs_go=archiv&cs_id=4086&cs_search= HTTP/1.1" 200 10338 "-" "Mozilla/5.0 (compatible; YandexBot/3.0; +http://yandex.com/bots)"
141.8.147.12 - - [12/May/2013:17:26:53 +0200] "GET /news.php?cs_go=archiv&cs_id=3660&cs_search= HTTP/1.1" 200 10083 "-" "Mozilla/5.0 (compatible; YandexBot/3.0; +http://yandex.com/bots)"
65.36.241.79 - - [12/May/2013:17:30:20 +0200] "HEAD / HTTP/1.1" 200 - "-" "InternetSeer.com"
141.8.147.12 - - [12/May/2013:17:32:46 +0200] "GET /news.php?cs_go=archiv&cs_id=2756&cs_search= HTTP/1.1" 200 9802 "-" "Mozilla/5.0 (compatible; YandexBot/3.0; +http://yandex.com/bots)"
123.125.71.21 - - [12/May/2013:17:35:31 +0200] "GET / HTTP/1.1" 200 6437 "-" "Mozilla/5.0 (compatible; Baiduspider/2.0; +http://www.baidu.com/search/spider.html)"
220.181.108.86 - - [12/May/2013:17:36:10 +0200] "GET / HTTP/1.1" 200 7822 "-" "Mozilla/5.0 (compatible; Baiduspider/2.0; +http://www.baidu.com/search/spider.html)"
141.8.147.12 - - [12/May/2013:17:38:38 +0200] "GET /news.php?cs_go=archiv&cs_id=2888&cs_search= HTTP/1.1" 200 11043 "-" "Mozilla/5.0 (compatible; YandexBot/3.0; +http://yandex.com/bots)"
141.8.147.12 - - [12/May/2013:17:44:31 +0200] "GET /news.php?cs_go=archiv&cs_id=3570&cs_search= HTTP/1.1" 200 13542 "-" "Mozilla/5.0 (compatible; YandexBot/3.0; +http://yandex.com/bots)"
37.58.52.15 - - [12/May/2013:17:48:22 +0200] "GET /news.php?cs_go=archiv&cs_id=4167&cs_search= HTTP/1.0" 200 13124 "-" "Mozilla/5.0 (compatible; AcoonBot/4.11.1; +http://www.acoon.de/robot.asp)"
141.8.147.12 - - [12/May/2013:17:50:24 +0200] "GET /news.php?cs_go=archiv&cs_id=3657&cs_search= HTTP/1.1" 200 13386 "-" "Mozilla/5.0 (compatible; YandexBot/3.0; +http://yandex.com/bots)"
141.8.147.12 - - [12/May/2013:17:56:16 +0200] "GET /news.php?cs_go=archiv&cs_id=4105&cs_search= HTTP/1.1" 200 12511 "-" "Mozilla/5.0 (compatible; YandexBot/3.0; +http://yandex.com/bots)"
141.8.147.12 - - [12/May/2013:18:03:37 +0200] "GET /news.php?cs_go=archiv&cs_id=3971&cs_search= HTTP/1.1" 200 9832 "-" "Mozilla/5.0 (compatible; YandexBot/3.0; +http://yandex.com/bots)"
141.8.147.12 - - [12/May/2013:18:15:28 +0200] "GET /news.php?cs_go=archiv&cs_id=3974&cs_search= HTTP/1.1" 200 10032 "-" "Mozilla/5.0 (compatible; YandexBot/3.0; +http://yandex.com/bots)"
37.58.52.15 - - [12/May/2013:18:15:39 +0200] "GET /news.php?cs_go=archiv&cs_id=4132&cs_search= HTTP/1.0" 200 12500 "-" "Mozilla/5.0 (compatible; AcoonBot/4.11.1; +http://www.acoon.de/robot.asp)"
141.8.147.12 - - [12/May/2013:18:21:23 +0200] "GET /news.php?cs_go=archiv&cs_id=4100&cs_search= HTTP/1.1" 200 10383 "-" "Mozilla/5.0 (compatible; YandexBot/3.0; +http://yandex.com/bots)"
141.8.147.12 - - [12/May/2013:18:27:19 +0200] "GET /news.php?cs_go=archiv&cs_id=3667&cs_search= HTTP/1.1" 200 10104 "-" "Mozilla/5.0 (compatible; YandexBot/3.0; +http://yandex.com/bots)"
66.249.78.46 - - [12/May/2013:18:38:04 +0200] "GET /news.php?cs_go=archiv&cs_id=4030 HTTP/1.1" 200 13311 "-" "SAMSUNG-SGH-E250/1.0 Profile/MIDP-2.0 Configuration/CLDC-1.1 UP.Browser/6.2.3.3.c.1.101 (GUI) MMP/2.0 (compatible; Googlebot-Mobile/2.1; +http://www.google.com/bot.html)"
141.8.147.12 - - [12/May/2013:18:39:09 +0200] "GET /news.php?cs_go=archiv&cs_id=2750&cs_search= HTTP/1.1" 200 13768 "-" "Mozilla/5.0 (compatible; YandexBot/3.0; +http://yandex.com/bots)"
66.249.78.46 - - [12/May/2013:18:42:13 +0200] "GET /news.php?cs_go=archiv&cs_id=3843 HTTP/1.1" 200 10591 "-" "Mozilla/5.0 (compatible; Googlebot/2.1; +http://www.google.com/bot.html)"
66.249.78.46 - - [12/May/2013:18:47:40 +0200] "GET /news.php?cs_go=archiv&cs_id=3063 HTTP/1.1" 200 13195 "-" "Mozilla/5.0 (compatible; Googlebot/2.1; +http://www.google.com/bot.html)"
141.8.147.12 - - [12/May/2013:18:48:38 +0200] "GET /news.php?cs_go=archiv&cs_id=4106&cs_search= HTTP/1.1" 200 13611 "-" "Mozilla/5.0 (compatible; YandexBot/3.0; +http://yandex.com/bots)"
173.199.115.147 - - [12/May/2013:18:53:56 +0200] "GET /news.php?cs_go=archiv&cs_id=3823&cs_search= HTTP/1.1" 200 11594 "-" "Mozilla/5.0 (compatible; AhrefsBot/4.0; +http://ahrefs.com/robot/)"
141.8.147.12 - - [12/May/2013:18:54:35 +0200] "GET /news.php?cs_go=archiv&cs_id=3870&cs_search= HTTP/1.1" 200 10210 "-" "Mozilla/5.0 (compatible; YandexBot/3.0; +http://yandex.com/bots)"
141.8.147.12 - - [12/May/2013:18:55:12 +0200] "GET /news.php?cs_go=archiv&cs_id=3668&cs_search= HTTP/1.1" 200 11421 "-" "Mozilla/5.0 (compatible; YandexBot/3.0; +http://yandex.com/bots)"
66.249.78.46 - - [12/May/2013:19:01:05 +0200] "GET /news.php?cs_go=archiv&cs_id=3019&cs_search= HTTP/1.1" 200 11493 "-" "Mozilla/5.0 (compatible; Googlebot/2.1; +http://www.google.com/bot.html)"
141.8.147.12 - - [12/May/2013:19:01:14 +0200] "GET /news.php?cs_go=archiv&cs_id=3869&cs_search= HTTP/1.1" 200 9442 "-" "Mozilla/5.0 (compatible; YandexBot/3.0; +http://yandex.com/bots)"
66.249.78.46 - - [12/May/2013:19:03:10 +0200] "GET /news.php?cs_go=archiv&cs_id=3893 HTTP/1.1" 200 13621 "-" "Mozilla/5.0 (compatible; Googlebot/2.1; +http://www.google.com/bot.html)"
66.249.78.46 - - [12/May/2013:19:04:01 +0200] "GET /news.php?cs_go=archiv&cs_id=3923&cs_search= HTTP/1.1" 200 9857 "-" "Mozilla/5.0 (compatible; Googlebot/2.1; +http://www.google.com/bot.html)"
66.249.78.46 - - [12/May/2013:19:06:31 +0200] "GET /news.php?cs_go=archiv&cs_id=3517&cs_search= HTTP/1.1" 200 12305 "-" "Mozilla/5.0 (compatible; Googlebot/2.1; +http://www.google.com/bot.html)"
141.8.147.12 - - [12/May/2013:19:07:15 +0200] "GET /news.php?cs_go=archiv&cs_id=4102&cs_search= HTTP/1.1" 200 13947 "-" "Mozilla/5.0 (compatible; YandexBot/3.0; +http://yandex.com/bots)"
66.249.78.46 - - [12/May/2013:19:08:37 +0200] "GET /news.php?cs_go=archiv&cs_id=3565 HTTP/1.1" 200 13563 "-" "Mozilla/5.0 (compatible; Googlebot/2.1; +http://www.google.com/bot.html)"
141.8.147.12 - - [12/May/2013:19:13:15 +0200] "GET /news.php?cs_go=archiv&cs_id=4103&cs_search= HTTP/1.1" 200 9979 "-" "Mozilla/5.0 (compatible; YandexBot/3.0; +http://yandex.com/bots)"
66.249.78.46 - - [12/May/2013:19:16:51 +0200] "GET /news.php?cs_go=archiv&cs_id=2879&cs_search= HTTP/1.1" 200 13577 "-" "Mozilla/5.0 (compatible; Googlebot/2.1; +http://www.google.com/bot.html)"
66.249.75.49 - - [12/May/2013:19:17:14 +0200] "GET /news.php?cs_go=archiv&cs_id=3750 HTTP/1.1" 200 13214 "-" "Mozilla/5.0 (compatible; Googlebot/2.1; +http://www.google.com/bot.html)"
66.249.78.46 - - [12/May/2013:19:18:24 +0200] "GET /news.php?cs_go=archiv&cs_id=3787 HTTP/1.1" 200 10101 "-" "Mozilla/5.0 (compatible; Googlebot/2.1; +http://www.google.com/bot.html)"
141.8.147.12 - - [12/May/2013:19:19:16 +0200] "GET /news.php?cs_go=archiv&cs_id=3654&cs_search= HTTP/1.1" 200 9893 "-" "Mozilla/5.0 (compatible; YandexBot/3.0; +http://yandex.com/bots)"
141.8.147.12 - - [12/May/2013:19:19:21 +0200] "GET /lexikon.php?cs_go=3&cs_id=164 HTTP/1.1" 200 8273 "-" "Mozilla/5.0 (compatible; YandexBot/3.0; +http://yandex.com/bots)"
141.8.147.12 - - [12/May/2013:19:25:28 +0200] "GET /news.php?cs_go=archiv&cs_id=3884&cs_search= HTTP/1.1" 200 11265 "-" "Mozilla/5.0 (compatible; YandexBot/3.0; +http://yandex.com/bots)"
66.249.78.46 - - [12/May/2013:19:28:55 +0200] "GET /news.php?cs_go=archiv&cs_id=2848&cs_search= HTTP/1.1" 200 19342 "-" "Mozilla/5.0 (compatible; Googlebot/2.1; +http://www.google.com/bot.html)"
66.249.78.46 - - [12/May/2013:19:29:43 +0200] "GET /news.php?cs_go=archiv&cs_id=3279&cs_search= HTTP/1.1" 200 13460 "-" "Mozilla/5.0 (compatible; Googlebot/2.1; +http://www.google.com/bot.html)"
66.249.78.46 - - [12/May/2013:19:32:45 +0200] "GET /news.php?cs_go=archiv&cs_startpos=40 HTTP/1.1" 200 22656 "-" "Mozilla/5.0 (iPhone; U; CPU iPhone OS 4_1 like Mac OS X; en-us) AppleWebKit/532.9 (KHTML, like Gecko) Version/4.0.5 Mobile/8B117 Safari/6531.22.7 (compatible; Googlebot-Mobile/2.1; +http://www.google.com/bot.html)"
66.249.78.46 - - [12/May/2013:19:36:11 +0200] "GET /news.php?cs_go=archiv&cs_id=2877&cs_search= HTTP/1.1" 200 14544 "-" "Mozilla/5.0 (compatible; Googlebot/2.1; +http://www.google.com/bot.html)"
141.8.147.12 - - [12/May/2013:19:37:38 +0200] "GET /news.php?cs_go=archiv&cs_id=4045 HTTP/1.1" 200 9905 "-" "Mozilla/5.0 (compatible; YandexBot/3.0; +http://yandex.com/bots)"
66.249.78.46 - - [12/May/2013:19:38:47 +0200] "GET /news.php?cs_go=archiv&cs_id=3263&cs_search= HTTP/1.1" 200 13494 "-" "Mozilla/5.0 (compatible; Googlebot/2.1; +http://www.google.com/bot.html)"
141.8.147.12 - - [12/May/2013:19:43:43 +0200] "GET /news.php?cs_go=archiv&cs_id=3844 HTTP/1.1" 200 13443 "-" "Mozilla/5.0 (compatible; YandexBot/3.0; +http://yandex.com/bots)"
141.8.147.12 - - [12/May/2013:19:49:48 +0200] "GET /news.php?cs_go=archiv&cs_startpos=240 HTTP/1.1" 200 8585 "-" "Mozilla/5.0 (compatible; YandexBot/3.0; +http://yandex.com/bots)"
141.8.147.12 - - [12/May/2013:19:55:53 +0200] "GET /news.php?cs_go=archiv&cs_id=3932 HTTP/1.1" 200 9917 "-" "Mozilla/5.0 (compatible; YandexBot/3.0; +http://yandex.com/bots)"
141.8.147.12 - - [12/May/2013:20:05:38 +0200] "GET /news.php?cs_go=archiv&cs_id=3691&cs_search= HTTP/1.1" 200 13663 "-" "Mozilla/5.0 (compatible; YandexBot/3.0; +http://yandex.com/bots)"
130.83.167.153 - - [12/May/2013:20:07:12 +0200] "GET /modernisierung.php?cs_gp_go=plus HTTP/1.1" 200 7013 "-" "findlinks/2.6 (+http://wortschatz.uni-leipzig.de/findlinks/)"
130.83.167.153 - - [12/May/2013:20:07:12 +0200] "GET /modernisierung.php?cs_gp_go=plus HTTP/1.1" 200 11491 "-" "findlinks/2.6 (+http://wortschatz.uni-leipzig.de/findlinks/)"
141.8.147.12 - - [12/May/2013:20:23:50 +0200] "GET /news.php?cs_go=archiv&cs_id=3836 HTTP/1.1" 200 9928 "-" "Mozilla/5.0 (compatible; YandexBot/3.0; +http://yandex.com/bots)"
66.249.78.46 - - [12/May/2013:20:26:12 +0200] "GET /wunschpreis.php HTTP/1.1" 200 12084 "-" "Mozilla/5.0 (iPhone; U; CPU iPhone OS 4_1 like Mac OS X; en-us) AppleWebKit/532.9 (KHTML, like Gecko) Version/4.0.5 Mobile/8B117 Safari/6531.22.7 (compatible; Googlebot-Mobile/2.1; +http://www.google.com/bot.html)"
141.8.147.12 - - [12/May/2013:20:27:34 +0200] "GET /news.php?cs_go=archiv&cs_id=2814&cs_search= HTTP/1.1" 200 13664 "-" "Mozilla/5.0 (compatible; YandexBot/3.0; +http://yandex.com/bots)"
141.8.147.12 - - [12/May/2013:20:33:40 +0200] "GET /news.php?cs_go=archiv&cs_id=3722&cs_search= HTTP/1.1" 200 9793 "-" "Mozilla/5.0 (compatible; YandexBot/3.0; +http://yandex.com/bots)"
130.83.167.153 - - [12/May/2013:20:43:21 +0200] "GET /kontakt.php HTTP/1.1" 200 7141 "-" "findlinks/2.6 (+http://wortschatz.uni-leipzig.de/findlinks/)"
130.83.167.153 - - [12/May/2013:20:43:21 +0200] "GET /kontakt.php HTTP/1.1" 200 9111 "-" "findlinks/2.6 (+http://wortschatz.uni-leipzig.de/findlinks/)"
173.199.115.147 - - [12/May/2013:20:45:06 +0200] "GET /news.php?cs_go=archiv&cs_id=3876&cs_search= HTTP/1.1" 200 13666 "-" "Mozilla/5.0 (compatible; AhrefsBot/4.0; +http://ahrefs.com/robot/)"
141.8.147.12 - - [12/May/2013:20:45:47 +0200] "GET /news.php?cs_go=archiv&cs_id=3938 HTTP/1.1" 200 9894 "-" "Mozilla/5.0 (compatible; YandexBot/3.0; +http://yandex.com/bots)"
141.8.147.12 - - [12/May/2013:20:55:37 +0200] "GET /news.php?cs_go=archiv&cs_id=3700&cs_search= HTTP/1.1" 200 9922 "-" "Mozilla/5.0 (compatible; YandexBot/3.0; +http://yandex.com/bots)"
37.58.52.15 - - [12/May/2013:20:56:51 +0200] "GET /robots.txt HTTP/1.0" 200 177 "-" "Mozilla/5.0 (compatible; AcoonBot/4.11.1; +http://www.acoon.de/robot.asp)"
37.58.52.15 - - [12/May/2013:20:56:51 +0200] "GET /news.php?cs_go=archiv&cs_id=4125&cs_search= HTTP/1.0" 200 11589 "-" "Mozilla/5.0 (compatible; AcoonBot/4.11.1; +http://www.acoon.de/robot.asp)"
141.8.147.12 - - [12/May/2013:20:57:44 +0200] "GET /news.php?cs_go=archiv&cs_id=3889 HTTP/1.1" 200 9864 "-" "Mozilla/5.0 (compatible; YandexBot/3.0; +http://yandex.com/bots)"
141.8.147.12 - - [12/May/2013:20:57:46 +0200] "GET /news.php?cs_go=archiv&cs_id=3898 HTTP/1.1" 200 9993 "-" "Mozilla/5.0 (compatible; YandexBot/3.0; +http://yandex.com/bots)"
141.8.147.12 - - [12/May/2013:20:57:48 +0200] "GET /news.php?cs_go=archiv&cs_id=3897 HTTP/1.1" 200 13591 "-" "Mozilla/5.0 (compatible; YandexBot/3.0; +http://yandex.com/bots)"
141.8.147.12 - - [12/May/2013:21:02:15 +0200] "GET /news.php?cs_go=archiv&cs_id=3796&cs_search= HTTP/1.1" 200 13595 "-" "Mozilla/5.0 (compatible; YandexBot/3.0; +http://yandex.com/bots)"
141.8.147.12 - - [12/May/2013:21:02:17 +0200] "GET /news.php?cs_go=archiv&cs_id=3858 HTTP/1.1" 200 12522 "-" "Mozilla/5.0 (compatible; YandexBot/3.0; +http://yandex.com/bots)"
141.8.147.12 - - [12/May/2013:21:10:33 +0200] "GET /news.php?cs_go=archiv&cs_id=3890 HTTP/1.1" 200 11331 "-" "Mozilla/5.0 (compatible; YandexBot/3.0; +http://yandex.com/bots)"
37.58.52.15 - - [12/May/2013:21:10:59 +0200] "GET /modernisierung.php?cs_gp_go=description HTTP/1.0" 200 10771 "-" "Mozilla/5.0 (compatible; AcoonBot/4.11.1; +http://www.acoon.de/robot.asp)"
173.199.115.147 - - [12/May/2013:21:11:57 +0200] "GET /lexikon.php?cs_go=3&cs_id=232 HTTP/1.1" 200 7973 "-" "Mozilla/5.0 (compatible; AhrefsBot/4.0; +http://ahrefs.com/robot/)"
123.125.71.13 - - [12/May/2013:21:13:52 +0200] "GET /robots.txt HTTP/1.1" 200 177 "-" "Mozilla/5.0 (Windows NT 5.1; rv:6.0.2) Gecko/20100101 Firefox/6.0.2"
88.190.57.92 - - [12/May/2013:21:15:35 +0200] "GET /js_contentserver24_greybox/AJS.js HTTP/1.1" 200 10396 "http://www.mink-gmbh.de/" "Mozilla/5.0 (X11; Linux x86_64) AppleWebKit/534.34 (KHTML, like Gecko) Qt/4.8.1 Safari/534.34"
88.190.57.92 - - [12/May/2013:21:15:35 +0200] "GET /js_contentserver24_greybox/AJS_fx.js HTTP/1.1" 200 3192 "http://www.mink-gmbh.de/" "Mozilla/5.0 (X11; Linux x86_64) AppleWebKit/534.34 (KHTML, like Gecko) Qt/4.8.1 Safari/534.34"
88.190.57.92 - - [12/May/2013:21:15:35 +0200] "GET / HTTP/1.1" 200 12105 "-" "Mozilla/5.0 (X11; Linux x86_64) AppleWebKit/534.34 (KHTML, like Gecko) Qt/4.8.1 Safari/534.34"
88.190.57.92 - - [12/May/2013:21:15:35 +0200] "GET /js_contentserver24_greybox/gb_scripts.js HTTP/1.1" 200 11913 "http://www.mink-gmbh.de/" "Mozilla/5.0 (X11; Linux x86_64) AppleWebKit/534.34 (KHTML, like Gecko) Qt/4.8.1 Safari/534.34"
88.190.57.92 - - [12/May/2013:21:15:49 +0200] "GET /js_contentserver24_greybox/loader_frame.html?s=0 HTTP/1.1" 200 2084 "http://www.mink-gmbh.de/" "Mozilla/5.0 (X11; Linux x86_64) AppleWebKit/534.34 (KHTML, like Gecko) Qt/4.8.1 Safari/534.34"
66.249.75.49 - - [12/May/2013:21:17:45 +0200] "GET /news.php?cs_go=archiv&cs_id=4043&cs_search= HTTP/1.1" 200 13298 "-" "DoCoMo/2.0 N905i(c100;TB;W24H16) (compatible; Googlebot-Mobile/2.1; +http://www.google.com/bot.html)"
66.249.78.46 - - [12/May/2013:21:26:47 +0200] "GET / HTTP/1.1" 200 12105 "-" "Mozilla/5.0 (compatible; Googlebot/2.1; +http://www.google.com/bot.html)"
141.8.147.12 - - [12/May/2013:21:27:37 +0200] "GET /news.php?cs_go=archiv&cs_id=3727 HTTP/1.1" 200 9723 "-" "Mozilla/5.0 (compatible; YandexBot/3.0; +http://yandex.com/bots)"
141.8.147.12 - - [12/May/2013:21:43:56 +0200] "GET /news.php?cs_go=archiv&cs_id=3886 HTTP/1.1" 200 9870 "-" "Mozilla/5.0 (compatible; YandexBot/3.0; +http://yandex.com/bots)"
141.8.147.12 - - [12/May/2013:21:54:44 +0200] "GET /news.php?cs_go=archiv&cs_id=3624&cs_search= HTTP/1.1" 200 10134 "-" "Mozilla/5.0 (compatible; YandexBot/3.0; +http://yandex.com/bots)"
141.8.147.12 - - [12/May/2013:22:01:28 +0200] "GET /news.php?cs_go=archiv&cs_id=3832 HTTP/1.1" 200 9906 "-" "Mozilla/5.0 (compatible; YandexBot/3.0; +http://yandex.com/bots)"
141.8.147.12 - - [12/May/2013:22:05:56 +0200] "GET /news.php?cs_go=archiv&cs_id=3856 HTTP/1.1" 200 9932 "-" "Mozilla/5.0 (compatible; YandexBot/3.0; +http://yandex.com/bots)"
141.8.147.12 - - [12/May/2013:22:10:25 +0200] "GET /news.php?cs_go=archiv&cs_id=3696&cs_search= HTTP/1.1" 200 13536 "-" "Mozilla/5.0 (compatible; YandexBot/3.0; +http://yandex.com/bots)"
141.8.147.12 - - [12/May/2013:22:12:40 +0200] "GET /news.php?cs_go=archiv&cs_id=3798&cs_search= HTTP/1.1" 200 13142 "-" "Mozilla/5.0 (compatible; YandexBot/3.0; +http://yandex.com/bots)"
173.199.115.147 - - [12/May/2013:22:14:30 +0200] "GET /lexikon.php?cs_go=3&cs_id=10 HTTP/1.1" 200 8557 "-" "Mozilla/5.0 (compatible; AhrefsBot/4.0; +http://ahrefs.com/robot/)"
141.8.147.12 - - [12/May/2013:22:17:38 +0200] "GET /news.php?cs_go=archiv&cs_id=3841 HTTP/1.1" 200 9922 "-" "Mozilla/5.0 (compatible; YandexBot/3.0; +http://yandex.com/bots)"
141.8.147.12 - - [12/May/2013:22:19:53 +0200] "GET /news.php?cs_go=archiv&cs_id=3901 HTTP/1.1" 200 9854 "-" "Mozilla/5.0 (compatible; YandexBot/3.0; +http://yandex.com/bots)"
141.8.147.12 - - [12/May/2013:22:26:34 +0200] "GET /news.php?cs_go=archiv&cs_id=3888 HTTP/1.1" 200 13405 "-" "Mozilla/5.0 (compatible; YandexBot/3.0; +http://yandex.com/bots)"
141.8.147.12 - - [12/May/2013:22:27:35 +0200] "GET /news.php?cs_go=archiv&cs_id=3843 HTTP/1.1" 200 10591 "-" "Mozilla/5.0 (compatible; YandexBot/3.0; +http://yandex.com/bots)"
141.8.147.12 - - [12/May/2013:22:29:49 +0200] "GET /news.php?cs_go=archiv&cs_id=3705&cs_search= HTTP/1.1" 200 9869 "-" "Mozilla/5.0 (compatible; YandexBot/3.0; +http://yandex.com/bots)"
123.125.71.59 - - [12/May/2013:22:35:05 +0200] "GET / HTTP/1.1" 200 6437 "-" "Mozilla/5.0 (compatible; Baiduspider/2.0; +http://www.baidu.com/search/spider.html)"
220.181.108.120 - - [12/May/2013:22:35:37 +0200] "GET / HTTP/1.1" 200 6437 "-" "Mozilla/5.0 (compatible; Baiduspider/2.0; +http://www.baidu.com/search/spider.html)"
141.8.147.12 - - [12/May/2013:22:36:31 +0200] "GET /robots.txt HTTP/1.1" 200 177 "-" "Mozilla/5.0 (compatible; YandexBot/3.0; +http://yandex.com/bots)"
141.8.147.12 - - [12/May/2013:22:40:58 +0200] "GET /news.php?cs_go=archiv&cs_id=3899 HTTP/1.1" 200 10298 "-" "Mozilla/5.0 (compatible; YandexBot/3.0; +http://yandex.com/bots)"
141.8.147.12 - - [12/May/2013:22:45:25 +0200] "GET /news.php?cs_go=archiv&cs_id=3861 HTTP/1.1" 200 13833 "-" "Mozilla/5.0 (compatible; YandexBot/3.0; +http://yandex.com/bots)"
37.58.52.15 - - [12/May/2013:22:47:58 +0200] "GET /news.php?cs_go=archiv&cs_id=4160&cs_search= HTTP/1.0" 200 9989 "-" "Mozilla/5.0 (compatible; AcoonBot/4.11.1; +http://www.acoon.de/robot.asp)"
141.8.147.12 - - [12/May/2013:22:49:52 +0200] "GET /news.php?cs_go=archiv&cs_id=4035 HTTP/1.1" 200 9879 "-" "Mozilla/5.0 (compatible; YandexBot/3.0; +http://yandex.com/bots)"
141.8.147.12 - - [12/May/2013:22:52:06 +0200] "GET /news.php?cs_go=archiv&cs_id=3804&cs_search= HTTP/1.1" 200 10067 "-" "Mozilla/5.0 (compatible; YandexBot/3.0; +http://yandex.com/bots)"
141.8.147.12 - - [12/May/2013:23:00:28 +0200] "GET /news.php?cs_go=archiv&cs_id=3907 HTTP/1.1" 200 9847 "-" "Mozilla/5.0 (compatible; YandexBot/3.0; +http://yandex.com/bots)"
141.8.147.12 - - [12/May/2013:23:02:40 +0200] "GET /news.php?cs_go=archiv&cs_id=3851 HTTP/1.1" 200 9919 "-" "Mozilla/5.0 (compatible; YandexBot/3.0; +http://yandex.com/bots)"
141.8.147.12 - - [12/May/2013:23:07:06 +0200] "GET /news.php?cs_go=archiv&cs_id=3865 HTTP/1.1" 200 13534 "-" "Mozilla/5.0 (compatible; YandexBot/3.0; +http://yandex.com/bots)"
141.8.147.12 - - [12/May/2013:23:09:19 +0200] "GET /news.php?cs_go=archiv&cs_id=4043&cs_search= HTTP/1.1" 200 13298 "-" "Mozilla/5.0 (compatible; YandexBot/3.0; +http://yandex.com/bots)"
141.8.147.12 - - [12/May/2013:23:13:45 +0200] "GET /news.php?cs_go=archiv&cs_id=3902 HTTP/1.1" 200 9805 "-" "Mozilla/5.0 (compatible; YandexBot/3.0; +http://yandex.com/bots)"
173.199.115.147 - - [12/May/2013:23:15:43 +0200] "GET /lexikon.php?cs_go=3&cs_id=38 HTTP/1.1" 200 8135 "-" "Mozilla/5.0 (compatible; AhrefsBot/4.0; +http://ahrefs.com/robot/)"
141.8.147.12 - - [12/May/2013:23:15:58 +0200] "GET /news.php?cs_go=archiv&cs_id=3709&cs_search= HTTP/1.1" 200 12011 "-" "Mozilla/5.0 (compatible; YandexBot/3.0; +http://yandex.com/bots)"
141.8.147.12 - - [12/May/2013:23:22:36 +0200] "GET /news.php?cs_go=archiv&cs_id=3883 HTTP/1.1" 200 10401 "-" "Mozilla/5.0 (compatible; YandexBot/3.0; +http://yandex.com/bots)"
141.8.147.12 - - [12/May/2013:23:29:14 +0200] "GET /news.php?cs_go=archiv&cs_id=3980 HTTP/1.1" 200 9993 "-" "Mozilla/5.0 (compatible; YandexBot/3.0; +http://yandex.com/bots)"
173.199.115.147 - - [12/May/2013:23:30:56 +0200] "GET /lexikon.php?cs_go=3&cs_id=169 HTTP/1.1" 200 8037 "-" "Mozilla/5.0 (compatible; AhrefsBot/4.0; +http://ahrefs.com/robot/)"
139.18.2.209 - - [12/May/2013:23:31:57 +0200] "GET /faq.php HTTP/1.1" 200 7019 "-" "findlinks/2.6 (+http://wortschatz.uni-leipzig.de/findlinks/)"
139.18.2.209 - - [12/May/2013:23:31:58 +0200] "GET /faq.php HTTP/1.1" 200 164764 "-" "findlinks/2.6 (+http://wortschatz.uni-leipzig.de/findlinks/)"
141.8.147.12 - - [12/May/2013:23:33:40 +0200] "GET /news.php?cs_go=archiv&cs_id=3845 HTTP/1.1" 200 9906 "-" "Mozilla/5.0 (compatible; YandexBot/3.0; +http://yandex.com/bots)"
88.77.252.123 - - [12/May/2013:23:34:17 +0200] "GET / HTTP/1.1" 200 12105 "-" "Java/1.6.0_06"
88.77.252.123 - - [12/May/2013:23:34:22 +0200] "GET /agb.php HTTP/1.1" 200 19709 "-" "Java/1.6.0_06"
88.77.252.123 - - [12/May/2013:23:34:22 +0200] "GET /impressum.php HTTP/1.1" 200 8582 "-" "Java/1.6.0_06"
88.77.252.123 - - [12/May/2013:23:34:23 +0200] "GET /index.php HTTP/1.1" 200 12105 "-" "Java/1.6.0_06"
88.77.252.123 - - [12/May/2013:23:34:23 +0200] "GET /jobs.php HTTP/1.1" 200 7200 "-" "Java/1.6.0_06"
88.77.252.123 - - [12/May/2013:23:34:24 +0200] "GET /kontakt.php HTTP/1.1" 200 9198 "-" "Java/1.6.0_06"
88.77.252.123 - - [12/May/2013:23:34:24 +0200] "GET /kwk.php HTTP/1.1" 200 10884 "-" "Java/1.6.0_06"
88.77.252.123 - - [12/May/2013:23:34:24 +0200] "GET /news.php HTTP/1.1" 200 22137 "-" "Java/1.6.0_06"
88.77.252.123 - - [12/May/2013:23:34:25 +0200] "GET /newsletter.php HTTP/1.1" 200 8928 "-" "Java/1.6.0_06"
88.77.252.123 - - [12/May/2013:23:34:25 +0200] "GET /optiplus.php HTTP/1.1" 200 11100 "-" "Java/1.6.0_06"
88.77.252.123 - - [12/May/2013:23:34:25 +0200] "GET /preisanfrage.php HTTP/1.1" 200 10735 "-" "Java/1.6.0_06"
88.77.252.123 - - [12/May/2013:23:34:26 +0200] "GET /rueckrufservice.php HTTP/1.1" 200 10770 "-" "Java/1.6.0_06"
88.77.252.123 - - [12/May/2013:23:34:26 +0200] "GET /standard.php HTTP/1.1" 200 9218 "-" "Java/1.6.0_06"
88.77.252.123 - - [12/May/2013:23:34:26 +0200] "GET /wunschpreis.php HTTP/1.1" 200 12084 "-" "Java/1.6.0_06"
88.77.252.123 - - [12/May/2013:23:34:26 +0200] "GET /edl.php HTTP/1.1" 200 10801 "-" "Java/1.6.0_06"
88.77.252.123 - - [12/May/2013:23:34:27 +0200] "GET /energiesparcheck.php HTTP/1.1" 200 13581 "-" "Java/1.6.0_06"
88.77.252.123 - - [12/May/2013:23:34:27 +0200] "GET /faq.php HTTP/1.1" 200 184037 "-" "Java/1.6.0_06"
88.77.252.123 - - [12/May/2013:23:34:29 +0200] "GET /foerdermittel.php HTTP/1.1" 200 12908 "-" "Java/1.6.0_06"
88.77.252.123 - - [12/May/2013:23:34:30 +0200] "GET /lexikon.php HTTP/1.1" 200 10551 "-" "Java/1.6.0_06"
88.77.252.123 - - [12/May/2013:23:34:31 +0200] "GET /modernisierung.php HTTP/1.1" 200 11578 "-" "Java/1.6.0_06"
88.77.252.123 - - [12/May/2013:23:34:31 +0200] "GET /.php HTTP/1.1" 404 - "-" "Java/1.6.0_06"
88.77.252.123 - - [12/May/2013:23:34:31 +0200] "GET /additive.php HTTP/1.1" 200 8372 "-" "Java/1.6.0_06"
88.77.252.123 - - [12/May/2013:23:34:32 +0200] "GET /diesel.php HTTP/1.1" 200 10639 "-" "Java/1.6.0_06"
88.77.252.123 - - [12/May/2013:23:34:35 +0200] "GET /js_contentserver24_greybox/AJS.js HTTP/1.1" 200 10396 "-" "Java/1.6.0_06"
88.77.252.123 - - [12/May/2013:23:34:35 +0200] "GET /js_contentserver24_greybox/AJS_fx.js HTTP/1.1" 200 3192 "-" "Java/1.6.0_06"
88.77.252.123 - - [12/May/2013:23:34:35 +0200] "GET /js_contentserver24_greybox/gb_scripts.js HTTP/1.1" 200 11913 "-" "Java/1.6.0_06"
88.77.252.123 - - [12/May/2013:23:34:36 +0200] "GET /js_contentserver24_greybox/loader_frame.html HTTP/1.1" 200 2084 "-" "Java/1.6.0_06"
141.8.147.12 - - [12/May/2013:23:35:52 +0200] "GET /news.php?cs_go=archiv&cs_id=3692&cs_search= HTTP/1.1" 200 9913 "-" "Mozilla/5.0 (compatible; YandexBot/3.0; +http://yandex.com/bots)"
141.8.147.12 - - [12/May/2013:23:40:18 +0200] "GET /news.php?cs_go=archiv&cs_id=3963 HTTP/1.1" 200 10179 "-" "Mozilla/5.0 (compatible; YandexBot/3.0; +http://yandex.com/bots)"
141.8.147.12 - - [12/May/2013:23:42:30 +0200] "GET /news.php?cs_go=archiv&cs_id=3581&cs_search= HTTP/1.1" 200 11877 "-" "Mozilla/5.0 (compatible; YandexBot/3.0; +http://yandex.com/bots)"
141.8.147.12 - - [12/May/2013:23:46:57 +0200] "GET /news.php?cs_go=archiv&cs_id=3935 HTTP/1.1" 200 9958 "-" "Mozilla/5.0 (compatible; YandexBot/3.0; +http://yandex.com/bots)"
141.8.147.12 - - [12/May/2013:23:49:09 +0200] "GET /news.php?cs_go=archiv&cs_id=3833 HTTP/1.1" 200 10360 "-" "Mozilla/5.0 (compatible; YandexBot/3.0; +http://yandex.com/bots)"
141.8.147.12 - - [12/May/2013:23:53:35 +0200] "GET /news.php?cs_go=archiv&cs_id=3673&cs_search= HTTP/1.1" 200 11439 "-" "Mozilla/5.0 (compatible; YandexBot/3.0; +http://yandex.com/bots)"
141.8.147.12 - - [12/May/2013:23:55:48 +0200] "GET /news.php?cs_go=archiv&cs_id=3857 HTTP/1.1" 200 10233 "-" "Mozilla/5.0 (compatible; YandexBot/3.0; +http://yandex.com/bots)"
65.36.241.79 - - [12/May/2013:23:58:21 +0200] "HEAD / HTTP/1.1" 200 - "-" "InternetSeer.com"
141.8.147.12 - - [13/May/2013:00:00:14 +0200] "GET /news.php?cs_go=archiv&cs_id=3894 HTTP/1.1" 200 9843 "-" "Mozilla/5.0 (compatible; YandexBot/3.0; +http://yandex.com/bots)"
37.58.52.15 - - [13/May/2013:00:04:31 +0200] "GET /news.php?cs_go=archiv&cs_id=4106&cs_search= HTTP/1.0" 200 13611 "-" "Mozilla/5.0 (compatible; AcoonBot/4.11.1; +http://www.acoon.de/robot.asp)"
141.8.147.12 - - [13/May/2013:00:06:51 +0200] "GET /news.php?cs_go=archiv&cs_id=3864 HTTP/1.1" 200 10023 "-" "Mozilla/5.0 (compatible; YandexBot/3.0; +http://yandex.com/bots)"
141.8.147.12 - - [13/May/2013:00:11:22 +0200] "GET /news.php?cs_go=archiv&cs_id=3804 HTTP/1.1" 200 10067 "-" "Mozilla/5.0 (compatible; YandexBot/3.0; +http://yandex.com/bots)"
141.8.147.12 - - [13/May/2013:00:13:34 +0200] "GET /news.php?cs_go=archiv&cs_id=3882 HTTP/1.1" 200 9898 "-" "Mozilla/5.0 (compatible; YandexBot/3.0; +http://yandex.com/bots)"
141.8.147.12 - - [13/May/2013:00:18:00 +0200] "GET /news.php?cs_go=archiv&cs_id=3862 HTTP/1.1" 200 9910 "-" "Mozilla/5.0 (compatible; YandexBot/3.0; +http://yandex.com/bots)"
141.8.147.12 - - [13/May/2013:00:20:12 +0200] "GET /news.php?cs_go=archiv&cs_id=3826 HTTP/1.1" 200 9987 "-" "Mozilla/5.0 (compatible; YandexBot/3.0; +http://yandex.com/bots)"
141.8.147.12 - - [13/May/2013:00:24:38 +0200] "GET /news.php?cs_go=archiv&cs_id=2816&cs_search= HTTP/1.1" 200 11724 "-" "Mozilla/5.0 (compatible; YandexBot/3.0; +http://yandex.com/bots)"
141.8.147.12 - - [13/May/2013:00:26:51 +0200] "GET /news.php?cs_go=archiv&cs_id=3707&cs_search= HTTP/1.1" 200 13529 "-" "Mozilla/5.0 (compatible; YandexBot/3.0; +http://yandex.com/bots)"
141.8.147.12 - - [13/May/2013:00:33:29 +0200] "GET /news.php?cs_go=archiv&cs_id=3893 HTTP/1.1" 200 13621 "-" "Mozilla/5.0 (compatible; YandexBot/3.0; +http://yandex.com/bots)"
141.8.147.12 - - [13/May/2013:00:35:41 +0200] "GET /news.php?cs_go=archiv&cs_id=3775 HTTP/1.1" 200 9923 "-" "Mozilla/5.0 (compatible; YandexBot/3.0; +http://yandex.com/bots)"
141.8.147.12 - - [13/May/2013:00:40:07 +0200] "GET /news.php?cs_go=archiv&cs_id=3885 HTTP/1.1" 200 13593 "-" "Mozilla/5.0 (compatible; YandexBot/3.0; +http://yandex.com/bots)"
141.8.147.12 - - [13/May/2013:00:44:32 +0200] "GET /news.php?cs_go=archiv&cs_id=3884 HTTP/1.1" 200 11265 "-" "Mozilla/5.0 (compatible; YandexBot/3.0; +http://yandex.com/bots)"
141.8.147.12 - - [13/May/2013:00:51:10 +0200] "GET /lexikon.php?cs_go=3&cs_id=32 HTTP/1.1" 200 8149 "-" "Mozilla/5.0 (compatible; YandexBot/3.0; +http://yandex.com/bots)"
141.8.147.12 - - [13/May/2013:00:55:36 +0200] "GET /news.php?cs_go=archiv&cs_id=3785&cs_search= HTTP/1.1" 200 9811 "-" "Mozilla/5.0 (compatible; YandexBot/3.0; +http://yandex.com/bots)"
141.8.147.12 - - [13/May/2013:01:00:01 +0200] "GET /news.php?cs_go=archiv&cs_id=3985&cs_search= HTTP/1.1" 200 9801 "-" "Mozilla/5.0 (compatible; YandexBot/3.0; +http://yandex.com/bots)"
141.8.147.12 - - [13/May/2013:01:04:26 +0200] "GET /news.php?cs_go=archiv&cs_id=3499&cs_search= HTTP/1.1" 200 9922 "-" "Mozilla/5.0 (compatible; YandexBot/3.0; +http://yandex.com/bots)"
141.8.147.12 - - [13/May/2013:01:06:39 +0200] "GET /news.php?cs_go=archiv&cs_id=2739&cs_search= HTTP/1.1" 200 13927 "-" "Mozilla/5.0 (compatible; YandexBot/3.0; +http://yandex.com/bots)"
141.8.147.12 - - [13/May/2013:01:11:05 +0200] "GET /news.php?cs_go=archiv&cs_id=3727&cs_search= HTTP/1.1" 200 9723 "-" "Mozilla/5.0 (compatible; YandexBot/3.0; +http://yandex.com/bots)"
141.8.147.12 - - [13/May/2013:01:17:41 +0200] "GET /news.php?cs_go=archiv&cs_id=3824&cs_search= HTTP/1.1" 200 9850 "-" "Mozilla/5.0 (compatible; YandexBot/3.0; +http://yandex.com/bots)"
141.8.147.12 - - [13/May/2013:01:24:18 +0200] "GET /news.php?cs_go=archiv&cs_id=2788&cs_search= HTTP/1.1" 200 9954 "-" "Mozilla/5.0 (compatible; YandexBot/3.0; +http://yandex.com/bots)"
141.8.147.12 - - [13/May/2013:01:28:42 +0200] "GET /news.php?cs_go=archiv&cs_id=2792&cs_search= HTTP/1.1" 200 9906 "-" "Mozilla/5.0 (compatible; YandexBot/3.0; +http://yandex.com/bots)"
139.18.2.209 - - [13/May/2013:01:29:36 +0200] "GET /diesel.php HTTP/1.1" 200 8568 "-" "findlinks/2.6 (+http://wortschatz.uni-leipzig.de/findlinks/)"
139.18.2.209 - - [13/May/2013:01:29:36 +0200] "GET /diesel.php HTTP/1.1" 200 10552 "-" "findlinks/2.6 (+http://wortschatz.uni-leipzig.de/findlinks/)"
141.8.147.12 - - [13/May/2013:01:30:54 +0200] "GET /news.php?cs_go=archiv&cs_id=2718&cs_search= HTTP/1.1" 200 13413 "-" "Mozilla/5.0 (compatible; YandexBot/3.0; +http://yandex.com/bots)"
157.55.32.185 - - [13/May/2013:01:33:49 +0200] "GET /robots.txt HTTP/1.1" 200 177 "-" "Mozilla/5.0 (compatible; bingbot/2.0; +http://www.bing.com/bingbot.htm)"
208.115.113.91 - - [13/May/2013:01:35:02 +0200] "GET /robots.txt HTTP/1.1" 200 177 "-" "Mozilla/5.0 (compatible; Ezooms/1.0; ezooms.bot@gmail.com)"
157.55.32.185 - - [13/May/2013:01:35:57 +0200] "GET / HTTP/1.1" 200 12105 "-" "Mozilla/5.0 (compatible; bingbot/2.0; +http://www.bing.com/bingbot.htm)"
141.8.147.12 - - [13/May/2013:01:37:30 +0200] "GET /news.php?cs_go=archiv&cs_id=3899&cs_search= HTTP/1.1" 200 10298 "-" "Mozilla/5.0 (compatible; YandexBot/3.0; +http://yandex.com/bots)"
141.8.147.12 - - [13/May/2013:01:41:55 +0200] "GET /lexikon.php?cs_go=2&cs_char=e HTTP/1.1" 200 9079 "-" "Mozilla/5.0 (compatible; YandexBot/3.0; +http://yandex.com/bots)"
173.199.115.147 - - [13/May/2013:01:44:32 +0200] "GET /lexikon.php?cs_go=3&cs_id=164 HTTP/1.1" 200 8273 "-" "Mozilla/5.0 (compatible; AhrefsBot/4.0; +http://ahrefs.com/robot/)"
141.8.147.12 - - [13/May/2013:01:44:50 +0200] "GET /lexikon.php?cs_go=2&cs_char=d HTTP/1.1" 200 9421 "-" "Mozilla/5.0 (compatible; YandexBot/3.0; +http://yandex.com/bots)"
141.8.147.12 - - [13/May/2013:01:47:04 +0200] "GET /lexikon.php?cs_go=2&cs_char=u HTTP/1.1" 200 8744 "-" "Mozilla/5.0 (compatible; YandexBot/3.0; +http://yandex.com/bots)"
141.8.147.12 - - [13/May/2013:01:49:17 +0200] "GET /news.php?cs_go=archiv&cs_id=2769&cs_search= HTTP/1.1" 200 10351 "-" "Mozilla/5.0 (compatible; YandexBot/3.0; +http://yandex.com/bots)"
141.8.147.12 - - [13/May/2013:01:55:54 +0200] "GET /lexikon.php?cs_go=2&cs_char=c HTTP/1.1" 200 8836 "-" "Mozilla/5.0 (compatible; YandexBot/3.0; +http://yandex.com/bots)"
5.135.164.12 - - [13/May/2013:01:59:47 +0200] "GET /faq.php HTTP/1.0" 200 184037 "http://www.mink-gmbh.de/faq.php" "Opera/9.80 (Windows NT 6.2; U; en) Presto/2.10.289 Version/12.02"
141.8.147.12 - - [13/May/2013:02:00:19 +0200] "GET /news.php?cs_go=archiv&cs_id=4059&cs_search= HTTP/1.1" 200 13410 "-" "Mozilla/5.0 (compatible; YandexBot/3.0; +http://yandex.com/bots)"
141.8.147.12 - - [13/May/2013:02:02:32 +0200] "GET /news.php?cs_go=archiv&cs_id=3898&cs_search= HTTP/1.1" 200 9993 "-" "Mozilla/5.0 (compatible; YandexBot/3.0; +http://yandex.com/bots)"
141.8.147.12 - - [13/May/2013:02:06:57 +0200] "GET /lexikon.php?cs_go=2&cs_char=g HTTP/1.1" 200 9126 "-" "Mozilla/5.0 (compatible; YandexBot/3.0; +http://yandex.com/bots)"
37.58.52.15 - - [13/May/2013:02:08:43 +0200] "GET /news.php?cs_go=archiv&cs_id=4144&cs_search= HTTP/1.0" 200 13559 "-" "Mozilla/5.0 (compatible; AcoonBot/4.11.1; +http://www.acoon.de/robot.asp)"
141.8.147.12 - - [13/May/2013:02:09:09 +0200] "GET /news.php?cs_go=archiv&cs_id=2853&cs_search= HTTP/1.1" 200 10046 "-" "Mozilla/5.0 (compatible; YandexBot/3.0; +http://yandex.com/bots)"
66.249.78.46 - - [13/May/2013:02:12:52 +0200] "GET / HTTP/1.1" 200 12105 "-" "Mozilla/5.0 (iPhone; U; CPU iPhone OS 4_1 like Mac OS X; en-us) AppleWebKit/532.9 (KHTML, like Gecko) Version/4.0.5 Mobile/8B117 Safari/6531.22.7 (compatible; Googlebot-Mobile/2.1; +http://www.google.com/bot.html)"
141.8.147.12 - - [13/May/2013:02:13:34 +0200] "GET /news.php?cs_go=archiv&cs_id=2771&cs_search= HTTP/1.1" 200 13836 "-" "Mozilla/5.0 (compatible; YandexBot/3.0; +http://yandex.com/bots)"
141.8.147.12 - - [13/May/2013:02:19:02 +0200] "GET /news.php?cs_go=archiv&cs_id=2801&cs_search= HTTP/1.1" 200 10173 "-" "Mozilla/5.0 (compatible; YandexBot/3.0; +http://yandex.com/bots)"
141.8.147.12 - - [13/May/2013:02:25:41 +0200] "GET /news.php?cs_go=archiv&cs_id=3502&cs_search= HTTP/1.1" 200 10317 "-" "Mozilla/5.0 (compatible; YandexBot/3.0; +http://yandex.com/bots)"
37.58.52.15 - - [13/May/2013:02:26:03 +0200] "GET /news.php?cs_go=archiv&cs_id=4148&cs_search= HTTP/1.0" 200 12308 "-" "Mozilla/5.0 (compatible; AcoonBot/4.11.1; +http://www.acoon.de/robot.asp)"
141.8.147.12 - - [13/May/2013:02:30:07 +0200] "GET /news.php?cs_go=archiv&cs_id=4025&cs_search= HTTP/1.1" 200 10263 "-" "Mozilla/5.0 (compatible; YandexBot/3.0; +http://yandex.com/bots)"
157.55.35.41 - - [13/May/2013:02:31:52 +0200] "GET /robots.txt HTTP/1.1" 200 177 "-" "Mozilla/5.0 (compatible; bingbot/2.0; +http://www.bing.com/bingbot.htm)"
141.8.147.12 - - [13/May/2013:02:32:19 +0200] "GET /news.php?cs_go=archiv&cs_id=3503&cs_search= HTTP/1.1" 200 13016 "-" "Mozilla/5.0 (compatible; YandexBot/3.0; +http://yandex.com/bots)"
157.55.35.41 - - [13/May/2013:02:34:00 +0200] "GET /index.php HTTP/1.1" 200 12105 "-" "Mozilla/5.0 (compatible; bingbot/2.0; +http://www.bing.com/bingbot.htm)"
141.8.147.12 - - [13/May/2013:02:36:45 +0200] "GET /news.php?cs_go=archiv&cs_id=4026&cs_search= HTTP/1.1" 200 13556 "-" "Mozilla/5.0 (compatible; YandexBot/3.0; +http://yandex.com/bots)"
141.8.147.12 - - [13/May/2013:02:38:58 +0200] "GET /news.php?cs_go=archiv&cs_id=2809&cs_search= HTTP/1.1" 200 10102 "-" "Mozilla/5.0 (compatible; YandexBot/3.0; +http://yandex.com/bots)"
141.8.147.12 - - [13/May/2013:02:45:36 +0200] "GET /news.php?cs_go=archiv&cs_id=3780&cs_search= HTTP/1.1" 200 13003 "-" "Mozilla/5.0 (compatible; YandexBot/3.0; +http://yandex.com/bots)"
141.8.147.12 - - [13/May/2013:02:50:02 +0200] "GET /lexikon.php?cs_go=2&cs_char=s HTTP/1.1" 200 10068 "-" "Mozilla/5.0 (compatible; YandexBot/3.0; +http://yandex.com/bots)"
141.8.147.12 - - [13/May/2013:02:55:41 +0200] "GET /news.php?cs_go=archiv&cs_id=3619&cs_search= HTTP/1.1" 200 10839 "-" "Mozilla/5.0 (compatible; YandexBot/3.0; +http://yandex.com/bots)"
141.8.147.12 - - [13/May/2013:03:02:18 +0200] "GET /news.php?cs_go=archiv&cs_id=2805&cs_search= HTTP/1.1" 200 10103 "-" "Mozilla/5.0 (compatible; YandexBot/3.0; +http://yandex.com/bots)"
37.58.52.15 - - [13/May/2013:03:07:13 +0200] "GET /news.php?cs_go=archiv&cs_id=4158&cs_search= HTTP/1.0" 200 6992 "-" "Mozilla/5.0 (compatible; AcoonBot/4.11.1; +http://www.acoon.de/robot.asp)"
141.8.147.12 - - [13/May/2013:03:10:16 +0200] "GET /lexikon.php?cs_go=2&cs_char=o HTTP/1.1" 200 9261 "-" "Mozilla/5.0 (compatible; YandexBot/3.0; +http://yandex.com/bots)"
141.8.147.12 - - [13/May/2013:03:12:29 +0200] "GET /news.php?cs_go=archiv&cs_id=3505&cs_search= HTTP/1.1" 200 11953 "-" "Mozilla/5.0 (compatible; YandexBot/3.0; +http://yandex.com/bots)"
82.94.179.38 - - [13/May/2013:03:16:53 +0200] "GET /robots.txt HTTP/1.0" 200 177 "-" "Mozilla/4.0 (compatible; Freshbot/1.0/EU; http://webagent.wise-guys.nl/)"
141.8.147.12 - - [13/May/2013:03:16:53 +0200] "GET /news.php?cs_go=archiv&cs_startpos=770 HTTP/1.1" 200 8125 "-" "Mozilla/5.0 (compatible; YandexBot/3.0; +http://yandex.com/bots)"
82.94.179.38 - - [13/May/2013:03:16:53 +0200] "GET / HTTP/1.1" 200 12105 "-" "Mozilla/5.0 (X11; Linux i686; rv:6.0) Gecko/20100101 Firefox/6.0 (Freshbot/1.0/EU; http://webagent.wise-guys.nl/)"
82.94.179.38 - - [13/May/2013:03:17:35 +0200] "GET /news.php?cs_go=archiv&cs_id=4167 HTTP/1.1" 200 13124 "-" "Mozilla/5.0 (X11; Linux i686; rv:6.0) Gecko/20100101 Firefox/6.0 (Freshbot/1.0/EU; http://webagent.wise-guys.nl/)"
82.94.179.38 - - [13/May/2013:03:17:40 +0200] "GET /newsletter.php HTTP/1.1" 200 8928 "-" "Mozilla/5.0 (X11; Linux i686; rv:6.0) Gecko/20100101 Firefox/6.0 (Freshbot/1.0/EU; http://webagent.wise-guys.nl/)"
82.94.179.38 - - [13/May/2013:03:17:45 +0200] "GET /index.php HTTP/1.1" 200 12105 "-" "Mozilla/5.0 (X11; Linux i686; rv:6.0) Gecko/20100101 Firefox/6.0 (Freshbot/1.0/EU; http://webagent.wise-guys.nl/)"
82.94.179.38 - - [13/May/2013:03:17:50 +0200] "GET /standard.php HTTP/1.1" 200 9218 "-" "Mozilla/5.0 (X11; Linux i686; rv:6.0) Gecko/20100101 Firefox/6.0 (Freshbot/1.0/EU; http://webagent.wise-guys.nl/)"
82.94.179.38 - - [13/May/2013:03:17:55 +0200] "GET /jobs.php HTTP/1.1" 200 7200 "-" "Mozilla/5.0 (X11; Linux i686; rv:6.0) Gecko/20100101 Firefox/6.0 (Freshbot/1.0/EU; http://webagent.wise-guys.nl/)"
82.94.179.38 - - [13/May/2013:03:18:00 +0200] "GET /kontakt.php HTTP/1.1" 200 9198 "-" "Mozilla/5.0 (X11; Linux i686; rv:6.0) Gecko/20100101 Firefox/6.0 (Freshbot/1.0/EU; http://webagent.wise-guys.nl/)"
82.94.179.38 - - [13/May/2013:03:18:05 +0200] "GET /news.php HTTP/1.1" 200 22137 "-" "Mozilla/5.0 (X11; Linux i686; rv:6.0) Gecko/20100101 Firefox/6.0 (Freshbot/1.0/EU; http://webagent.wise-guys.nl/)"
82.94.179.38 - - [13/May/2013:03:18:10 +0200] "GET /agb.php HTTP/1.1" 200 19709 "-" "Mozilla/5.0 (X11; Linux i686; rv:6.0) Gecko/20100101 Firefox/6.0 (Freshbot/1.0/EU; http://webagent.wise-guys.nl/)"
82.94.179.38 - - [13/May/2013:03:18:15 +0200] "GET /wunschpreis.php HTTP/1.1" 200 12084 "-" "Mozilla/5.0 (X11; Linux i686; rv:6.0) Gecko/20100101 Firefox/6.0 (Freshbot/1.0/EU; http://webagent.wise-guys.nl/)"
82.94.179.38 - - [13/May/2013:03:18:20 +0200] "GET /news.php?cs_go=archiv&cs_id=4159 HTTP/1.1" 200 15642 "-" "Mozilla/5.0 (X11; Linux i686; rv:6.0) Gecko/20100101 Firefox/6.0 (Freshbot/1.0/EU; http://webagent.wise-guys.nl/)"
82.94.179.38 - - [13/May/2013:03:18:25 +0200] "GET /preisanfrage.php HTTP/1.1" 200 10735 "-" "Mozilla/5.0 (X11; Linux i686; rv:6.0) Gecko/20100101 Firefox/6.0 (Freshbot/1.0/EU; http://webagent.wise-guys.nl/)"
82.94.179.38 - - [13/May/2013:03:18:30 +0200] "GET /kwk.php HTTP/1.1" 200 10884 "-" "Mozilla/5.0 (X11; Linux i686; rv:6.0) Gecko/20100101 Firefox/6.0 (Freshbot/1.0/EU; http://webagent.wise-guys.nl/)"
82.94.179.38 - - [13/May/2013:03:18:35 +0200] "GET /optiplus.php HTTP/1.1" 200 11100 "-" "Mozilla/5.0 (X11; Linux i686; rv:6.0) Gecko/20100101 Firefox/6.0 (Freshbot/1.0/EU; http://webagent.wise-guys.nl/)"
82.94.179.38 - - [13/May/2013:03:18:40 +0200] "GET /news.php?cs_go=archiv&cs_id=4168 HTTP/1.1" 200 11325 "-" "Mozilla/5.0 (X11; Linux i686; rv:6.0) Gecko/20100101 Firefox/6.0 (Freshbot/1.0/EU; http://webagent.wise-guys.nl/)"
82.94.179.38 - - [13/May/2013:03:18:45 +0200] "GET /rueckrufservice.php HTTP/1.1" 200 10770 "-" "Mozilla/5.0 (X11; Linux i686; rv:6.0) Gecko/20100101 Firefox/6.0 (Freshbot/1.0/EU; http://webagent.wise-guys.nl/)"
82.94.179.38 - - [13/May/2013:03:18:50 +0200] "GET /impressum.php HTTP/1.1" 200 8582 "-" "Mozilla/5.0 (X11; Linux i686; rv:6.0) Gecko/20100101 Firefox/6.0 (Freshbot/1.0/EU; http://webagent.wise-guys.nl/)"
82.94.179.38 - - [13/May/2013:03:18:55 +0200] "GET /news.php?cs_go=archiv&cs_id=4171 HTTP/1.1" 200 11414 "-" "Mozilla/5.0 (X11; Linux i686; rv:6.0) Gecko/20100101 Firefox/6.0 (Freshbot/1.0/EU; http://webagent.wise-guys.nl/)"
82.94.179.38 - - [13/May/2013:03:19:00 +0200] "GET /news.php?cs_go=archiv HTTP/1.1" 200 22137 "-" "Mozilla/5.0 (X11; Linux i686; rv:6.0) Gecko/20100101 Firefox/6.0 (Freshbot/1.0/EU; http://webagent.wise-guys.nl/)"
141.8.147.12 - - [13/May/2013:03:19:05 +0200] "GET /news.php?cs_go=archiv&cs_id=3725&cs_search= HTTP/1.1" 200 13860 "-" "Mozilla/5.0 (compatible; YandexBot/3.0; +http://yandex.com/bots)"
141.8.147.12 - - [13/May/2013:03:23:29 +0200] "GET /news.php?cs_go=archiv&cs_id=3728&cs_search= HTTP/1.1" 200 9864 "-" "Mozilla/5.0 (compatible; YandexBot/3.0; +http://yandex.com/bots)"
141.8.147.12 - - [13/May/2013:03:25:41 +0200] "GET /lexikon.php?cs_go=2&cs_char=p HTTP/1.1" 200 9166 "-" "Mozilla/5.0 (compatible; YandexBot/3.0; +http://yandex.com/bots)"
