141.8.147.12 - - [12/May/2013:01:28:58 +0200] "GET /news.php?cs_go=archiv&cs_id=3783 HTTP/1.1" 200 11690 "-" "Mozilla/5.0 (compatible; YandexBot/3.0; +http://yandex.com/bots)"
141.8.147.12 - - [12/May/2013:01:34:10 +0200] "GET /news.php?cs_go=archiv&cs_id=3885&cs_search= HTTP/1.1" 200 13593 "-" "Mozilla/5.0 (compatible; YandexBot/3.0; +http://yandex.com/bots)"
173.199.115.147 - - [12/May/2013:01:38:28 +0200] "GET /news.php?cs_go=archiv&cs_id=3717&cs_search= HTTP/1.1" 200 9865 "-" "Mozilla/5.0 (compatible; AhrefsBot/4.0; +http://ahrefs.com/robot/)"
141.8.147.12 - - [12/May/2013:01:39:23 +0200] "GET /news.php?cs_go=archiv&cs_id=3838&cs_search= HTTP/1.1" 200 12212 "-" "Mozilla/5.0 (compatible; YandexBot/3.0; +http://yandex.com/bots)"
141.8.147.12 - - [12/May/2013:01:44:35 +0200] "GET /news.php?cs_go=archiv&cs_id=3488&cs_search= HTTP/1.1" 200 13381 "-" "Mozilla/5.0 (compatible; YandexBot/3.0; +http://yandex.com/bots)"
141.8.147.12 - - [12/May/2013:01:49:48 +0200] "GET /news.php?cs_go=archiv&cs_id=3882&cs_search= HTTP/1.1" 200 9898 "-" "Mozilla/5.0 (compatible; YandexBot/3.0; +http://yandex.com/bots)"
141.8.147.12 - - [12/May/2013:01:58:21 +0200] "GET /news.php?cs_go=archiv&cs_id=3854&cs_search= HTTP/1.1" 200 10299 "-" "Mozilla/5.0 (compatible; YandexBot/3.0; +http://yandex.com/bots)"
141.8.147.12 - - [12/May/2013:02:03:05 +0200] "GET /news.php?cs_go=archiv&cs_id=3613&cs_search= HTTP/1.1" 200 10312 "-" "Mozilla/5.0 (compatible; YandexBot/3.0; +http://yandex.com/bots)"
141.8.147.12 - - [12/May/2013:02:07:48 +0200] "GET /news.php?cs_go=archiv&cs_id=3844&cs_search= HTTP/1.1" 200 13443 "-" "Mozilla/5.0 (compatible; YandexBot/3.0; +http://yandex.com/bots)"
141.8.147.12 - - [12/May/2013:02:12:32 +0200] "GET /news.php?cs_go=archiv&cs_id=3603&cs_search= HTTP/1.1" 200 13400 "-" "Mozilla/5.0 (compatible; YandexBot/3.0; +http://yandex.com/bots)"
37.58.52.15 - - [12/May/2013:02:17:00 +0200] "GET /news.php?cs_go=archiv&cs_startpos=230 HTTP/1.0" 200 11448 "-" "Mozilla/5.0 (compatible; AcoonBot/4.11.1; +http://www.acoon.de/robot.asp)"
141.8.147.12 - - [12/May/2013:02:20:47 +0200] "GET /news.php?cs_go=archiv&cs_id=3826&cs_search= HTTP/1.1" 200 9987 "-" "Mozilla/5.0 (compatible; YandexBot/3.0; +http://yandex.com/bots)"
173.199.115.147 - - [12/May/2013:02:23:20 +0200] "GET /news.php?cs_go=archiv&cs_id=2795&cs_search= HTTP/1.1" 200 9948 "-" "Mozilla/5.0 (compatible; AhrefsBot/4.0; +http://ahrefs.com/robot/)"
141.8.147.12 - - [12/May/2013:02:24:20 +0200] "GET /news.php?cs_go=archiv&cs_id=3625&cs_search= HTTP/1.1" 200 14163 "-" "Mozilla/5.0 (compatible; YandexBot/3.0; +http://yandex.com/bots)"
173.199.115.147 - - [12/May/2013:02:26:31 +0200] "GET /lexikon.php?cs_go=2&cs_char=j HTTP/1.1" 200 8610 "-" "Mozilla/5.0 (compatible; AhrefsBot/4.0; +http://ahrefs.com/robot/)"
66.249.78.46 - - [12/May/2013:02:29:28 +0200] "GET /news.php?cs_go=archiv&cs_id=3361&cs_search= HTTP/1.1" 200 13497 "-" "Mozilla/5.0 (compatible; Googlebot/2.1; +http://www.google.com/bot.html)"
141.8.147.12 - - [12/May/2013:02:29:32 +0200] "GET /news.php?cs_go=archiv&cs_id=3888&cs_search= HTTP/1.1" 200 13405 "-" "Mozilla/5.0 (compatible; YandexBot/3.0; +http://yandex.com/bots)"
141.8.147.12 - - [12/May/2013:02:35:29 +0200] "GET /news.php?cs_go=archiv&cs_id=4066&cs_search= HTTP/1.1" 200 12367 "-" "Mozilla/5.0 (compatible; YandexBot/3.0; +http://yandex.com/bots)"
141.8.147.12 - - [12/May/2013:02:38:53 +0200] "GET /news.php?cs_go=archiv&cs_id=4015&cs_search= HTTP/1.1" 200 10432 "-" "Mozilla/5.0 (compatible; YandexBot/3.0; +http://yandex.com/bots)"
37.58.52.15 - - [12/May/2013:02:40:12 +0200] "GET /foerdermittel.php HTTP/1.0" 200 12908 "-" "Mozilla/5.0 (compatible; AcoonBot/4.11.1; +http://www.acoon.de/robot.asp)"
141.8.147.12 - - [12/May/2013:02:44:54 +0200] "GET /news.php?cs_go=archiv&cs_id=3802&cs_search= HTTP/1.1" 200 13225 "-" "Mozilla/5.0 (compatible; YandexBot/3.0; +http://yandex.com/bots)"
141.8.147.12 - - [12/May/2013:02:50:54 +0200] "GET /news.php?cs_go=archiv&cs_id=4032 HTTP/1.1" 200 13582 "-" "Mozilla/5.0 (compatible; YandexBot/3.0; +http://yandex.com/bots)"
108.59.8.80 - - [12/May/2013:03:01:30 +0200] "GET /robots.txt HTTP/1.0" 200 177 "-" "Mozilla/5.0 (compatible; MJ12bot/v1.4.3; http://www.majestic12.co.uk/bot.php?+)"
108.59.8.80 - - [12/May/2013:03:01:32 +0200] "GET /news.php?cs_go=archiv&cs_id=4173 HTTP/1.0" 200 13830 "-" "Mozilla/5.0 (compatible; MJ12bot/v1.4.3; http://www.majestic12.co.uk/bot.php?+)"
141.8.147.12 - - [12/May/2013:03:02:52 +0200] "GET /news.php?cs_go=archiv&cs_id=4016&cs_search= HTTP/1.1" 200 10179 "-" "Mozilla/5.0 (compatible; YandexBot/3.0; +http://yandex.com/bots)"
173.199.115.147 - - [12/May/2013:03:06:10 +0200] "GET /news.php?cs_go=archiv&cs_id=3726&cs_search= HTTP/1.1" 200 12106 "-" "Mozilla/5.0 (compatible; AhrefsBot/4.0; +http://ahrefs.com/robot/)"
37.58.52.15 - - [12/May/2013:03:08:03 +0200] "GET /news.php?cs_go=archiv&cs_id=4121&cs_search= HTTP/1.0" 200 13724 "-" "Mozilla/5.0 (compatible; AcoonBot/4.11.1; +http://www.acoon.de/robot.asp)"
141.8.147.12 - - [12/May/2013:03:08:51 +0200] "GET /news.php?cs_go=archiv&cs_startpos=690 HTTP/1.1" 200 8125 "-" "Mozilla/5.0 (compatible; YandexBot/3.0; +http://yandex.com/bots)"
66.249.78.46 - - [12/May/2013:03:09:51 +0200] "GET /news.php?cs_go=archiv&cs_id=3309&cs_search= HTTP/1.1" 200 9984 "-" "Mozilla/5.0 (compatible; Googlebot/2.1; +http://www.google.com/bot.html)"
173.199.115.147 - - [12/May/2013:03:11:52 +0200] "GET /news.php?cs_go=archiv&cs_id=3728&cs_search= HTTP/1.1" 200 9864 "-" "Mozilla/5.0 (compatible; AhrefsBot/4.0; +http://ahrefs.com/robot/)"
66.249.78.46 - - [12/May/2013:03:20:12 +0200] "GET / HTTP/1.1" 200 12147 "-" "SAMSUNG-SGH-E250/1.0 Profile/MIDP-2.0 Configuration/CLDC-1.1 UP.Browser/6.2.3.3.c.1.101 (GUI) MMP/2.0 (compatible; Googlebot-Mobile/2.1; +http://www.google.com/bot.html)"
66.249.78.46 - - [12/May/2013:03:23:16 +0200] "GET /lexikon.php?cs_go=2&cs_char=e HTTP/1.1" 200 9079 "-" "Mozilla/5.0 (compatible; Googlebot/2.1; +http://www.google.com/bot.html)"
157.55.32.185 - - [12/May/2013:03:23:36 +0200] "GET /robots.txt HTTP/1.1" 200 177 "-" "Mozilla/5.0 (compatible; bingbot/2.0; +http://www.bing.com/bingbot.htm)"
141.8.147.12 - - [12/May/2013:03:28:49 +0200] "GET /news.php?cs_go=archiv&cs_id=4155&cs_search= HTTP/1.1" 200 13109 "-" "Mozilla/5.0 (compatible; YandexBot/3.0; +http://yandex.com/bots)"
66.249.78.46 - - [12/May/2013:03:36:44 +0200] "GET /lexikon.php?cs_go=2&cs_char=h HTTP/1.1" 200 7815 "-" "Mozilla/5.0 (compatible; Googlebot/2.1; +http://www.google.com/bot.html)"
157.55.32.185 - - [12/May/2013:03:38:00 +0200] "GET / HTTP/1.1" 200 12147 "-" "Mozilla/5.0 (compatible; bingbot/2.0; +http://www.bing.com/bingbot.htm)"
141.8.147.12 - - [12/May/2013:03:40:12 +0200] "GET /news.php?cs_go=archiv&cs_id=3590&cs_search= HTTP/1.1" 200 9855 "-" "Mozilla/5.0 (compatible; YandexBot/3.0; +http://yandex.com/bots)"
66.249.78.46 - - [12/May/2013:03:50:13 +0200] "GET /news.php?cs_go=archiv&cs_id=2832&cs_search= HTTP/1.1" 200 10065 "-" "Mozilla/5.0 (compatible; Googlebot/2.1; +http://www.google.com/bot.html)"
141.8.147.12 - - [12/May/2013:03:51:22 +0200] "GET /news.php?cs_go=archiv&cs_id=4167 HTTP/1.1" 200 13124 "-" "Mozilla/5.0 (compatible; YandexBot/3.0; +http://yandex.com/bots)"
141.8.147.12 - - [12/May/2013:03:56:55 +0200] "GET /news.php?cs_go=archiv&cs_id=3585&cs_search= HTTP/1.1" 200 13618 "-" "Mozilla/5.0 (compatible; YandexBot/3.0; +http://yandex.com/bots)"
66.249.78.46 - - [12/May/2013:03:56:57 +0200] "GET /news.php?cs_go=archiv&cs_id=3156 HTTP/1.1" 200 13577 "-" "Mozilla/5.0 (compatible; Googlebot/2.1; +http://www.google.com/bot.html)"
173.199.115.147 - - [12/May/2013:03:57:35 +0200] "GET /news.php?cs_go=archiv&cs_id=3780&cs_search= HTTP/1.1" 200 13003 "-" "Mozilla/5.0 (compatible; AhrefsBot/4.0; +http://ahrefs.com/robot/)"
141.8.147.12 - - [12/May/2013:04:05:00 +0200] "GET /news.php?cs_go=archiv&cs_id=2755&cs_search= HTTP/1.1" 200 17658 "-" "Mozilla/5.0 (compatible; YandexBot/3.0; +http://yandex.com/bots)"
141.8.147.12 - - [12/May/2013:04:02:28 +0200] "GET /news.php?cs_go=archiv&cs_id=2755&cs_search= HTTP/1.1" 200 6992 "-" "Mozilla/5.0 (compatible; YandexBot/3.0; +http://yandex.com/bots)"
66.249.78.46 - - [12/May/2013:04:05:31 +0200] "GET /standard.php HTTP/1.1" 200 9218 "-" "Mozilla/5.0 (iPhone; U; CPU iPhone OS 4_1 like Mac OS X; en-us) AppleWebKit/532.9 (KHTML, like Gecko) Version/4.0.5 Mobile/8B117 Safari/6531.22.7 (compatible; Googlebot-Mobile/2.1; +http://www.google.com/bot.html)"
141.8.147.12 - - [12/May/2013:04:11:18 +0200] "GET /news.php?cs_go=archiv&cs_id=4064&cs_search= HTTP/1.1" 200 13880 "-" "Mozilla/5.0 (compatible; YandexBot/3.0; +http://yandex.com/bots)"
141.8.147.12 - - [12/May/2013:04:17:06 +0200] "GET /news.php?cs_go=archiv&cs_id=4023&cs_search= HTTP/1.1" 200 13360 "-" "Mozilla/5.0 (compatible; YandexBot/3.0; +http://yandex.com/bots)"
141.8.147.12 - - [12/May/2013:04:22:55 +0200] "GET /news.php?cs_go=archiv&cs_id=4014&cs_search= HTTP/1.1" 200 13778 "-" "Mozilla/5.0 (compatible; YandexBot/3.0; +http://yandex.com/bots)"
66.249.78.46 - - [12/May/2013:04:23:57 +0200] "GET /lexikon.php?cs_go=3&cs_id=188 HTTP/1.1" 200 8004 "-" "Mozilla/5.0 (compatible; Googlebot/2.1; +http://www.google.com/bot.html)"
173.199.115.147 - - [12/May/2013:04:24:30 +0200] "GET /news.php?cs_go=archiv&cs_id=2778&cs_search= HTTP/1.1" 200 14193 "-" "Mozilla/5.0 (compatible; AhrefsBot/4.0; +http://ahrefs.com/robot/)"
141.8.147.12 - - [12/May/2013:04:28:43 +0200] "GET /news.php?cs_go=archiv&cs_id=4020&cs_search= HTTP/1.1" 200 11228 "-" "Mozilla/5.0 (compatible; YandexBot/3.0; +http://yandex.com/bots)"
66.249.78.46 - - [12/May/2013:04:30:47 +0200] "GET /news.php?cs_go=archiv&cs_id=3744&cs_search= HTTP/1.1" 200 12253 "-" "Mozilla/5.0 (compatible; Googlebot/2.1; +http://www.google.com/bot.html)"
141.8.147.12 - - [12/May/2013:04:34:32 +0200] "GET /news.php?cs_go=archiv&cs_id=4043 HTTP/1.1" 200 13298 "-" "Mozilla/5.0 (compatible; YandexBot/3.0; +http://yandex.com/bots)"
37.58.52.15 - - [12/May/2013:04:39:02 +0200] "GET /news.php?cs_go=archiv&cs_id=4173&cs_search= HTTP/1.0" 200 13830 "-" "Mozilla/5.0 (compatible; AcoonBot/4.11.1; +http://www.acoon.de/robot.asp)"
141.8.147.12 - - [12/May/2013:04:40:20 +0200] "GET /news.php?cs_go=archiv&cs_id=4034&cs_search= HTTP/1.1" 200 13057 "-" "Mozilla/5.0 (compatible; YandexBot/3.0; +http://yandex.com/bots)"
66.249.78.46 - - [12/May/2013:04:44:00 +0200] "GET /news.php?cs_go=archiv&cs_id=3287&cs_search= HTTP/1.1" 200 13433 "-" "Mozilla/5.0 (compatible; Googlebot/2.1; +http://www.google.com/bot.html)"
141.8.147.12 - - [12/May/2013:04:46:09 +0200] "GET /news.php?cs_go=archiv&cs_id=2834&cs_search= HTTP/1.1" 200 15167 "-" "Mozilla/5.0 (compatible; YandexBot/3.0; +http://yandex.com/bots)"
173.199.115.147 - - [12/May/2013:04:50:27 +0200] "GET /news.php?cs_go=archiv&cs_id=4106 HTTP/1.1" 200 13611 "-" "Mozilla/5.0 (compatible; AhrefsBot/4.0; +http://ahrefs.com/robot/)"
141.8.147.12 - - [12/May/2013:04:51:57 +0200] "GET /news.php?cs_go=archiv&cs_startpos=500 HTTP/1.1" 200 8125 "-" "Mozilla/5.0 (compatible; YandexBot/3.0; +http://yandex.com/bots)"
141.8.147.12 - - [12/May/2013:04:57:45 +0200] "GET /lexikon.php?cs_go=3&cs_id=78 HTTP/1.1" 200 8258 "-" "Mozilla/5.0 (compatible; YandexBot/3.0; +http://yandex.com/bots)"
66.249.78.46 - - [12/May/2013:05:04:15 +0200] "GET /news.php?cs_go=archiv&cs_id=3311 HTTP/1.1" 200 13557 "-" "Mozilla/5.0 (compatible; Googlebot/2.1; +http://www.google.com/bot.html)"
141.8.147.12 - - [12/May/2013:05:09:14 +0200] "GET /news.php?cs_go=archiv&cs_id=4030&cs_search= HTTP/1.1" 200 13311 "-" "Mozilla/5.0 (compatible; YandexBot/3.0; +http://yandex.com/bots)"
66.249.78.46 - - [12/May/2013:05:17:39 +0200] "GET /lexikon.php?cs_go=2&cs_char=m HTTP/1.1" 200 9073 "-" "Mozilla/5.0 (compatible; Googlebot/2.1; +http://www.google.com/bot.html)"
141.8.147.12 - - [12/May/2013:05:23:37 +0200] "GET /news.php?cs_go=archiv&cs_id=4067&cs_search= HTTP/1.1" 200 10767 "-" "Mozilla/5.0 (compatible; YandexBot/3.0; +http://yandex.com/bots)"
173.199.115.147 - - [12/May/2013:05:24:13 +0200] "GET /lexikon.php?cs_go=3&cs_id=110 HTTP/1.1" 200 8703 "-" "Mozilla/5.0 (compatible; AhrefsBot/4.0; +http://ahrefs.com/robot/)"
141.8.147.12 - - [12/May/2013:05:29:04 +0200] "GET /news.php?cs_go=archiv&cs_id=4004&cs_search= HTTP/1.1" 200 12632 "-" "Mozilla/5.0 (compatible; YandexBot/3.0; +http://yandex.com/bots)"
173.199.115.147 - - [12/May/2013:05:35:59 +0200] "GET /news.php?cs_go=archiv&cs_id=3847 HTTP/1.1" 200 12084 "-" "Mozilla/5.0 (compatible; AhrefsBot/4.0; +http://ahrefs.com/robot/)"
66.249.78.46 - - [12/May/2013:05:37:53 +0200] "GET /news.php?cs_go=archiv&cs_id=3004 HTTP/1.1" 200 11510 "-" "Mozilla/5.0 (compatible; Googlebot/2.1; +http://www.google.com/bot.html)"
37.58.52.15 - - [12/May/2013:05:38:02 +0200] "GET /news.php?cs_go=archiv&cs_id=4163&cs_search= HTTP/1.0" 200 10215 "-" "Mozilla/5.0 (compatible; AcoonBot/4.11.1; +http://www.acoon.de/robot.asp)"
141.8.147.12 - - [12/May/2013:05:39:49 +0200] "GET /news.php?cs_go=archiv&cs_id=3573&cs_search= HTTP/1.1" 200 10313 "-" "Mozilla/5.0 (compatible; YandexBot/3.0; +http://yandex.com/bots)"
66.249.78.46 - - [12/May/2013:05:44:44 +0200] "GET /robots.txt HTTP/1.1" 200 177 "-" "Mozilla/5.0 (compatible; Googlebot/2.1; +http://www.google.com/bot.html)"
66.249.78.46 - - [12/May/2013:05:44:45 +0200] "GET /news.php?cs_go=archiv&cs_id=3756&cs_search= HTTP/1.1" 200 13557 "-" "Mozilla/5.0 (compatible; Googlebot/2.1; +http://www.google.com/bot.html)"
141.8.147.12 - - [12/May/2013:05:45:08 +0200] "GET /news.php?cs_go=archiv&cs_id=4002 HTTP/1.1" 200 13595 "-" "Mozilla/5.0 (compatible; YandexBot/3.0; +http://yandex.com/bots)"
141.8.147.12 - - [12/May/2013:05:50:27 +0200] "GET /news.php?cs_go=archiv&cs_startpos=510 HTTP/1.1" 200 8125 "-" "Mozilla/5.0 (compatible; YandexBot/3.0; +http://yandex.com/bots)"
66.249.78.46 - - [12/May/2013:05:51:17 +0200] "GET /news.php?cs_go=archiv&cs_id=3025 HTTP/1.1" 200 9883 "-" "Mozilla/5.0 (compatible; Googlebot/2.1; +http://www.google.com/bot.html)"
141.8.147.12 - - [12/May/2013:05:55:46 +0200] "GET /news.php?cs_go=archiv&cs_startpos=631 HTTP/1.1" 200 8125 "-" "Mozilla/5.0 (compatible; YandexBot/3.0; +http://yandex.com/bots)"
66.249.78.46 - - [12/May/2013:05:58:06 +0200] "GET /news.php?cs_go=archiv&cs_id=3696 HTTP/1.1" 200 13536 "-" "Mozilla/5.0 (compatible; Googlebot/2.1; +http://www.google.com/bot.html)"
141.8.147.12 - - [12/May/2013:06:01:04 +0200] "GET /news.php?cs_go=archiv&cs_id=4044 HTTP/1.1" 200 15687 "-" "Mozilla/5.0 (compatible; YandexBot/3.0; +http://yandex.com/bots)"
141.8.147.12 - - [12/May/2013:06:06:23 +0200] "GET /news.php?cs_go=archiv&cs_id=4058 HTTP/1.1" 200 10123 "-" "Mozilla/5.0 (compatible; YandexBot/3.0; +http://yandex.com/bots)"
141.8.147.12 - - [12/May/2013:06:11:42 +0200] "GET /news.php?cs_go=archiv&cs_id=3589&cs_search= HTTP/1.1" 200 13594 "-" "Mozilla/5.0 (compatible; YandexBot/3.0; +http://yandex.com/bots)"
173.199.115.147 - - [12/May/2013:06:14:33 +0200] "GET /news.php?cs_go=archiv&cs_id=3766&cs_search= HTTP/1.1" 200 13548 "-" "Mozilla/5.0 (compatible; AhrefsBot/4.0; +http://ahrefs.com/robot/)"
141.8.147.12 - - [12/May/2013:06:17:00 +0200] "GET /news.php?cs_go=archiv&cs_id=3781&cs_search= HTTP/1.1" 200 11384 "-" "Mozilla/5.0 (compatible; YandexBot/3.0; +http://yandex.com/bots)"
66.249.75.49 - - [12/May/2013:06:18:19 +0200] "GET /news.php?cs_go=archiv&cs_id=3845 HTTP/1.1" 200 9906 "-" "Mozilla/5.0 (compatible; Googlebot/2.1; +http://www.google.com/bot.html)"
141.8.147.12 - - [12/May/2013:06:18:22 +0200] "GET /news.php?cs_go=archiv&cs_id=4050&cs_search= HTTP/1.1" 200 10240 "-" "Mozilla/5.0 (compatible; YandexBot/3.0; +http://yandex.com/bots)"
141.8.147.12 - - [12/May/2013:06:23:51 +0200] "GET /news.php?cs_go=archiv&cs_id=4029 HTTP/1.1" 200 10139 "-" "Mozilla/5.0 (compatible; YandexBot/3.0; +http://yandex.com/bots)"
141.8.147.12 - - [12/May/2013:06:29:17 +0200] "GET /news.php?cs_go=archiv&cs_id=3816&cs_search= HTTP/1.1" 200 13375 "-" "Mozilla/5.0 (compatible; YandexBot/3.0; +http://yandex.com/bots)"
141.8.147.12 - - [12/May/2013:06:33:16 +0200] "GET /news.php?cs_go=archiv&cs_id=4013&cs_search= HTTP/1.1" 200 9863 "-" "Mozilla/5.0 (compatible; YandexBot/3.0; +http://yandex.com/bots)"
173.199.115.147 - - [12/May/2013:06:36:59 +0200] "GET /lexikon.php?cs_go=3&cs_id=33 HTTP/1.1" 200 8757 "-" "Mozilla/5.0 (compatible; AhrefsBot/4.0; +http://ahrefs.com/robot/)"
141.8.147.12 - - [12/May/2013:06:44:11 +0200] "GET /news.php?cs_go=archiv&cs_id=4058&cs_search= HTTP/1.1" 200 10123 "-" "Mozilla/5.0 (compatible; YandexBot/3.0; +http://yandex.com/bots)"
141.8.147.12 - - [12/May/2013:06:44:31 +0200] "GET /news.php?cs_go=archiv&cs_id=4024&cs_search= HTTP/1.1" 200 13402 "-" "Mozilla/5.0 (compatible; YandexBot/3.0; +http://yandex.com/bots)"
157.55.32.185 - - [12/May/2013:06:47:22 +0200] "GET /robots.txt HTTP/1.1" 200 177 "-" "Mozilla/5.0 (compatible; bingbot/2.0; +http://www.bing.com/bingbot.htm)"
37.58.52.15 - - [12/May/2013:06:48:51 +0200] "GET /news.php?cs_go=archiv&cs_id=4161&cs_search= HTTP/1.0" 200 11673 "-" "Mozilla/5.0 (compatible; AcoonBot/4.11.1; +http://www.acoon.de/robot.asp)"
141.8.147.12 - - [12/May/2013:06:50:01 +0200] "GET /news.php?cs_go=archiv&cs_id=3800&cs_search= HTTP/1.1" 200 9677 "-" "Mozilla/5.0 (compatible; YandexBot/3.0; +http://yandex.com/bots)"
173.199.115.147 - - [12/May/2013:06:54:30 +0200] "GET /modernisierung.php?cs_gp_go=description HTTP/1.1" 200 10771 "-" "Mozilla/5.0 (compatible; AhrefsBot/4.0; +http://ahrefs.com/robot/)"
157.55.32.185 - - [12/May/2013:06:56:09 +0200] "GET / HTTP/1.1" 200 12147 "-" "Mozilla/5.0 (compatible; bingbot/2.0; +http://www.bing.com/bingbot.htm)"
141.8.147.12 - - [12/May/2013:06:58:15 +0200] "GET /news.php?cs_go=archiv&cs_id=3587&cs_search= HTTP/1.1" 200 9835 "-" "Mozilla/5.0 (compatible; YandexBot/3.0; +http://yandex.com/bots)"
141.8.147.12 - - [12/May/2013:07:03:37 +0200] "GET /news.php?cs_go=archiv&cs_id=4036&cs_search= HTTP/1.1" 200 13135 "-" "Mozilla/5.0 (compatible; YandexBot/3.0; +http://yandex.com/bots)"
66.249.78.46 - - [12/May/2013:07:05:14 +0200] "GET /news.php?cs_go=archiv&cs_id=3321 HTTP/1.1" 200 9893 "-" "Mozilla/5.0 (compatible; Googlebot/2.1; +http://www.google.com/bot.html)"
173.199.115.147 - - [12/May/2013:07:06:55 +0200] "GET /lexikon.php?cs_go=3&cs_id=143 HTTP/1.1" 200 9298 "-" "Mozilla/5.0 (compatible; AhrefsBot/4.0; +http://ahrefs.com/robot/)"
37.58.52.15 - - [12/May/2013:07:08:47 +0200] "GET /energiesparcheck.php HTTP/1.0" 200 13581 "-" "Mozilla/5.0 (compatible; AcoonBot/4.11.1; +http://www.acoon.de/robot.asp)"
141.8.147.12 - - [12/May/2013:07:08:59 +0200] "GET /news.php?cs_go=archiv&cs_id=3827&cs_search= HTTP/1.1" 200 12693 "-" "Mozilla/5.0 (compatible; YandexBot/3.0; +http://yandex.com/bots)"
65.36.241.79 - - [12/May/2013:07:11:11 +0200] "HEAD / HTTP/1.1" 200 - "-" "InternetSeer.com"
141.8.147.12 - - [12/May/2013:07:14:20 +0200] "GET /news.php?cs_go=archiv&cs_id=4056&cs_search= HTTP/1.1" 200 11857 "-" "Mozilla/5.0 (compatible; YandexBot/3.0; +http://yandex.com/bots)"
141.8.147.12 - - [12/May/2013:07:21:15 +0200] "GET /news.php?cs_go=archiv&cs_id=4164 HTTP/1.1" 200 10339 "-" "Mozilla/5.0 (compatible; YandexBot/3.0; +http://yandex.com/bots)"
141.8.147.12 - - [12/May/2013:07:26:32 +0200] "GET /news.php?cs_go=archiv&cs_id=4069&cs_search= HTTP/1.1" 200 10434 "-" "Mozilla/5.0 (compatible; YandexBot/3.0; +http://yandex.com/bots)"
141.8.147.12 - - [12/May/2013:07:28:38 +0200] "GET /news.php?cs_go=archiv&cs_id=3558&cs_search= HTTP/1.1" 200 11786 "-" "Mozilla/5.0 (compatible; YandexBot/3.0; +http://yandex.com/bots)"
123.125.71.57 - - [12/May/2013:07:33:39 +0200] "GET / HTTP/1.1" 200 6437 "-" "Mozilla/5.0 (compatible; Baiduspider/2.0; +http://www.baidu.com/search/spider.html)"
37.58.52.15 - - [12/May/2013:07:34:05 +0200] "GET /news.php?cs_go=archiv&cs_id=4159 HTTP/1.0" 200 15642 "-" "Mozilla/5.0 (compatible; AcoonBot/4.11.1; +http://www.acoon.de/robot.asp)"
141.8.147.12 - - [12/May/2013:07:34:08 +0200] "GET /news.php?cs_go=archiv&cs_id=4028&cs_search= HTTP/1.1" 200 13434 "-" "Mozilla/5.0 (compatible; YandexBot/3.0; +http://yandex.com/bots)"
220.181.108.87 - - [12/May/2013:07:34:15 +0200] "GET / HTTP/1.1" 200 8733 "-" "Mozilla/5.0 (compatible; Baiduspider/2.0; +http://www.baidu.com/search/spider.html)"
141.8.147.12 - - [12/May/2013:07:39:35 +0200] "GET /news.php?cs_go=archiv&cs_id=3717&cs_search= HTTP/1.1" 200 9865 "-" "Mozilla/5.0 (compatible; YandexBot/3.0; +http://yandex.com/bots)"
141.8.147.12 - - [12/May/2013:07:45:03 +0200] "GET /news.php?cs_go=archiv&cs_id=4012&cs_search= HTTP/1.1" 200 10097 "-" "Mozilla/5.0 (compatible; YandexBot/3.0; +http://yandex.com/bots)"
141.8.147.12 - - [12/May/2013:07:50:31 +0200] "GET /news.php?cs_go=archiv&cs_id=3594&cs_search= HTTP/1.1" 200 13640 "-" "Mozilla/5.0 (compatible; YandexBot/3.0; +http://yandex.com/bots)"
141.8.147.12 - - [12/May/2013:08:08:38 +0200] "GET /news.php?cs_go=archiv&cs_id=3998 HTTP/1.1" 200 11884 "-" "Mozilla/5.0 (compatible; YandexBot/3.0; +http://yandex.com/bots)"
141.8.147.12 - - [12/May/2013:08:13:26 +0200] "GET /news.php?cs_go=archiv&cs_id=4026 HTTP/1.1" 200 13556 "-" "Mozilla/5.0 (compatible; YandexBot/3.0; +http://yandex.com/bots)"
141.8.147.12 - - [12/May/2013:08:18:15 +0200] "GET /lexikon.php?cs_go=3&cs_id=86 HTTP/1.1" 200 8253 "-" "Mozilla/5.0 (compatible; YandexBot/3.0; +http://yandex.com/bots)"
141.8.147.12 - - [12/May/2013:08:23:03 +0200] "GET /news.php?cs_go=archiv&cs_id=3593&cs_search= HTTP/1.1" 200 10788 "-" "Mozilla/5.0 (compatible; YandexBot/3.0; +http://yandex.com/bots)"
173.192.235.226 - - [12/May/2013:08:25:06 +0200] "GET /robots.txt HTTP/1.1" 200 177 "-" "Mozilla/5.0 (compatible; SiteExplorer/1.0b; +http://siteexplorer.info/)"
173.192.235.226 - - [12/May/2013:08:25:11 +0200] "GET /lexikon.php?cs_go=3&cs_id=175 HTTP/1.1" 200 8183 "-" "Mozilla/5.0 (compatible; SiteExplorer/1.0b; +http://siteexplorer.info/)"
173.192.235.226 - - [12/May/2013:08:25:21 +0200] "GET /lexikon.php?cs_go=3&cs_id=174 HTTP/1.1" 200 8713 "-" "Mozilla/5.0 (compatible; SiteExplorer/1.0b; +http://siteexplorer.info/)"
173.192.235.226 - - [12/May/2013:08:25:31 +0200] "GET /lexikon.php?cs_go=3&cs_id=173 HTTP/1.1" 200 8661 "-" "Mozilla/5.0 (compatible; SiteExplorer/1.0b; +http://siteexplorer.info/)"
173.192.235.226 - - [12/May/2013:08:25:41 +0200] "GET /lexikon.php?cs_go=3&cs_id=172 HTTP/1.1" 200 8406 "-" "Mozilla/5.0 (compatible; SiteExplorer/1.0b; +http://siteexplorer.info/)"
173.192.235.226 - - [12/May/2013:08:25:52 +0200] "GET /lexikon.php?cs_go=3&cs_id=171 HTTP/1.1" 200 8008 "-" "Mozilla/5.0 (compatible; SiteExplorer/1.0b; +http://siteexplorer.info/)"
173.192.235.226 - - [12/May/2013:08:26:03 +0200] "GET /lexikon.php?cs_go=3&cs_id=170 HTTP/1.1" 200 9424 "-" "Mozilla/5.0 (compatible; SiteExplorer/1.0b; +http://siteexplorer.info/)"
173.192.235.226 - - [12/May/2013:08:26:13 +0200] "GET /lexikon.php?cs_go=3&cs_id=17 HTTP/1.1" 200 8461 "-" "Mozilla/5.0 (compatible; SiteExplorer/1.0b; +http://siteexplorer.info/)"
173.192.235.226 - - [12/May/2013:08:26:23 +0200] "GET /lexikon.php?cs_go=3&cs_id=169 HTTP/1.1" 200 8037 "-" "Mozilla/5.0 (compatible; SiteExplorer/1.0b; +http://siteexplorer.info/)"
173.192.235.226 - - [12/May/2013:08:26:34 +0200] "GET /lexikon.php?cs_go=3&cs_id=168 HTTP/1.1" 200 9138 "-" "Mozilla/5.0 (compatible; SiteExplorer/1.0b; +http://siteexplorer.info/)"
173.192.235.226 - - [12/May/2013:08:26:44 +0200] "GET /lexikon.php?cs_go=3&cs_id=167 HTTP/1.1" 200 8004 "-" "Mozilla/5.0 (compatible; SiteExplorer/1.0b; +http://siteexplorer.info/)"
173.192.235.226 - - [12/May/2013:08:26:54 +0200] "GET /lexikon.php?cs_go=3&cs_id=166 HTTP/1.1" 200 9191 "-" "Mozilla/5.0 (compatible; SiteExplorer/1.0b; +http://siteexplorer.info/)"
173.192.235.226 - - [12/May/2013:08:27:04 +0200] "GET /lexikon.php?cs_go=3&cs_id=165 HTTP/1.1" 200 8286 "-" "Mozilla/5.0 (compatible; SiteExplorer/1.0b; +http://siteexplorer.info/)"
173.192.235.226 - - [12/May/2013:08:27:14 +0200] "GET /lexikon.php?cs_go=3&cs_id=164 HTTP/1.1" 200 8273 "-" "Mozilla/5.0 (compatible; SiteExplorer/1.0b; +http://siteexplorer.info/)"
173.192.235.226 - - [12/May/2013:08:27:24 +0200] "GET /lexikon.php?cs_go=3&cs_id=163 HTTP/1.1" 200 8230 "-" "Mozilla/5.0 (compatible; SiteExplorer/1.0b; +http://siteexplorer.info/)"
173.192.235.226 - - [12/May/2013:08:27:35 +0200] "GET /lexikon.php?cs_go=3&cs_id=162 HTTP/1.1" 200 9400 "-" "Mozilla/5.0 (compatible; SiteExplorer/1.0b; +http://siteexplorer.info/)"
173.192.235.226 - - [12/May/2013:08:27:45 +0200] "GET /lexikon.php?cs_go=3&cs_id=161 HTTP/1.1" 200 8023 "-" "Mozilla/5.0 (compatible; SiteExplorer/1.0b; +http://siteexplorer.info/)"
173.192.235.226 - - [12/May/2013:08:27:55 +0200] "GET /lexikon.php?cs_go=3&cs_id=16 HTTP/1.1" 200 8903 "-" "Mozilla/5.0 (compatible; SiteExplorer/1.0b; +http://siteexplorer.info/)"
173.192.235.226 - - [12/May/2013:08:28:05 +0200] "GET /lexikon.php?cs_go=3&cs_id=159 HTTP/1.1" 200 9759 "-" "Mozilla/5.0 (compatible; SiteExplorer/1.0b; +http://siteexplorer.info/)"
173.192.235.226 - - [12/May/2013:08:28:15 +0200] "GET /lexikon.php?cs_go=3&cs_id=158 HTTP/1.1" 200 8354 "-" "Mozilla/5.0 (compatible; SiteExplorer/1.0b; +http://siteexplorer.info/)"
173.192.235.226 - - [12/May/2013:08:28:25 +0200] "GET /lexikon.php?cs_go=3&cs_id=157 HTTP/1.1" 200 8378 "-" "Mozilla/5.0 (compatible; SiteExplorer/1.0b; +http://siteexplorer.info/)"
173.192.235.226 - - [12/May/2013:08:28:36 +0200] "GET /lexikon.php HTTP/1.1" 200 10551 "-" "Mozilla/5.0 (compatible; SiteExplorer/1.0b; +http://siteexplorer.info/)"
173.192.235.226 - - [12/May/2013:08:28:46 +0200] "GET /kwk.php HTTP/1.1" 200 10884 "-" "Mozilla/5.0 (compatible; SiteExplorer/1.0b; +http://siteexplorer.info/)"
173.192.235.226 - - [12/May/2013:08:28:56 +0200] "GET /kontakt.php HTTP/1.1" 200 9198 "-" "Mozilla/5.0 (compatible; SiteExplorer/1.0b; +http://siteexplorer.info/)"
173.192.235.226 - - [12/May/2013:08:29:06 +0200] "GET /jobs.php HTTP/1.1" 200 7200 "-" "Mozilla/5.0 (compatible; SiteExplorer/1.0b; +http://siteexplorer.info/)"
173.192.235.226 - - [12/May/2013:08:29:16 +0200] "GET /index.php HTTP/1.1" 200 12105 "-" "Mozilla/5.0 (compatible; SiteExplorer/1.0b; +http://siteexplorer.info/)"
173.192.235.226 - - [12/May/2013:08:29:26 +0200] "GET /impressum.php HTTP/1.1" 200 8582 "-" "Mozilla/5.0 (compatible; SiteExplorer/1.0b; +http://siteexplorer.info/)"
173.192.235.226 - - [12/May/2013:08:29:37 +0200] "GET /foerdermittel.php HTTP/1.1" 200 12908 "-" "Mozilla/5.0 (compatible; SiteExplorer/1.0b; +http://siteexplorer.info/)"
173.192.235.226 - - [12/May/2013:08:29:47 +0200] "GET /faq.php HTTP/1.1" 200 184037 "-" "Mozilla/5.0 (compatible; SiteExplorer/1.0b; +http://siteexplorer.info/)"
173.192.235.226 - - [12/May/2013:08:29:57 +0200] "GET /energiesparcheck.php HTTP/1.1" 200 13581 "-" "Mozilla/5.0 (compatible; SiteExplorer/1.0b; +http://siteexplorer.info/)"
173.192.235.226 - - [12/May/2013:08:30:07 +0200] "GET /edl.php HTTP/1.1" 200 10801 "-" "Mozilla/5.0 (compatible; SiteExplorer/1.0b; +http://siteexplorer.info/)"
173.192.235.226 - - [12/May/2013:08:30:17 +0200] "GET /diesel.php HTTP/1.1" 200 10639 "-" "Mozilla/5.0 (compatible; SiteExplorer/1.0b; +http://siteexplorer.info/)"
173.192.235.226 - - [12/May/2013:08:30:28 +0200] "GET /agb.php HTTP/1.1" 200 19709 "-" "Mozilla/5.0 (compatible; SiteExplorer/1.0b; +http://siteexplorer.info/)"
173.192.235.226 - - [12/May/2013:08:30:38 +0200] "GET /additive.php HTTP/1.1" 200 8372 "-" "Mozilla/5.0 (compatible; SiteExplorer/1.0b; +http://siteexplorer.info/)"
173.192.235.226 - - [12/May/2013:08:30:48 +0200] "GET /.php HTTP/1.1" 404 - "-" "Mozilla/5.0 (compatible; SiteExplorer/1.0b; +http://siteexplorer.info/)"
173.192.235.226 - - [12/May/2013:08:30:53 +0200] "GET /news.php?cs_go=archiv&cs_id=4157 HTTP/1.1" 200 22137 "-" "Mozilla/5.0 (compatible; SiteExplorer/1.0b; +http://siteexplorer.info/)"
173.192.235.226 - - [12/May/2013:08:31:03 +0200] "GET /news.php?cs_go=archiv&cs_id=4152 HTTP/1.1" 200 22137 "-" "Mozilla/5.0 (compatible; SiteExplorer/1.0b; +http://siteexplorer.info/)"
173.192.235.226 - - [12/May/2013:08:31:13 +0200] "GET /news.php?cs_go=archiv&cs_id=4149 HTTP/1.1" 200 22137 "-" "Mozilla/5.0 (compatible; SiteExplorer/1.0b; +http://siteexplorer.info/)"
173.192.235.226 - - [12/May/2013:08:31:23 +0200] "GET /news.php?cs_go=archiv&cs_id=4148 HTTP/1.1" 200 22137 "-" "Mozilla/5.0 (compatible; SiteExplorer/1.0b; +http://siteexplorer.info/)"
173.192.235.226 - - [12/May/2013:08:31:33 +0200] "GET /news.php?cs_go=archiv HTTP/1.1" 200 22137 "-" "Mozilla/5.0 (compatible; SiteExplorer/1.0b; +http://siteexplorer.info/)"
173.192.235.226 - - [12/May/2013:08:31:44 +0200] "GET / HTTP/1.1" 200 12105 "-" "Mozilla/5.0 (compatible; SiteExplorer/1.0b; +http://siteexplorer.info/)"
141.8.147.12 - - [12/May/2013:08:32:04 +0200] "GET /news.php?cs_go=archiv&cs_id=4076&cs_search= HTTP/1.1" 200 11785 "-" "Mozilla/5.0 (compatible; YandexBot/3.0; +http://yandex.com/bots)"
141.8.147.12 - - [12/May/2013:08:39:52 +0200] "GET /news.php?cs_go=archiv&cs_id=3805&cs_search= HTTP/1.1" 200 13426 "-" "Mozilla/5.0 (compatible; YandexBot/3.0; +http://yandex.com/bots)"
141.8.147.12 - - [12/May/2013:08:43:29 +0200] "GET /news.php?cs_go=archiv&cs_id=4038&cs_search= HTTP/1.1" 200 13169 "-" "Mozilla/5.0 (compatible; YandexBot/3.0; +http://yandex.com/bots)"
141.8.147.12 - - [12/May/2013:08:47:05 +0200] "GET /news.php?cs_go=archiv&cs_id=4074&cs_search= HTTP/1.1" 200 13505 "-" "Mozilla/5.0 (compatible; YandexBot/3.0; +http://yandex.com/bots)"
141.8.147.12 - - [12/May/2013:08:50:41 +0200] "GET /news.php?cs_go=archiv&cs_startpos=731 HTTP/1.1" 200 8125 "-" "Mozilla/5.0 (compatible; YandexBot/3.0; +http://yandex.com/bots)"
173.199.115.147 - - [12/May/2013:08:53:05 +0200] "GET /lexikon.php?cs_go=2&cs_char=w HTTP/1.1" 200 8587 "-" "Mozilla/5.0 (compatible; AhrefsBot/4.0; +http://ahrefs.com/robot/)"
141.8.147.12 - - [12/May/2013:08:54:17 +0200] "GET /news.php?cs_go=archiv&cs_id=3721&cs_search= HTTP/1.1" 200 11114 "-" "Mozilla/5.0 (compatible; YandexBot/3.0; +http://yandex.com/bots)"
141.8.147.12 - - [12/May/2013:08:56:32 +0200] "GET /lexikon.php?cs_go=3&cs_id=39 HTTP/1.1" 200 8357 "-" "Mozilla/5.0 (compatible; YandexBot/3.0; +http://yandex.com/bots)"
37.58.52.15 - - [12/May/2013:08:57:24 +0200] "GET /news.php?cs_go=archiv&cs_id=4124&cs_search= HTTP/1.0" 200 10924 "-" "Mozilla/5.0 (compatible; AcoonBot/4.11.1; +http://www.acoon.de/robot.asp)"
141.8.147.12 - - [12/May/2013:09:07:36 +0200] "GET /news.php?cs_go=archiv&cs_id=4021 HTTP/1.1" 200 14028 "-" "Mozilla/5.0 (compatible; YandexBot/3.0; +http://yandex.com/bots)"
37.58.52.15 - - [12/May/2013:09:17:01 +0200] "GET /news.php?cs_go=archiv&cs_startpos=20 HTTP/1.0" 200 22648 "-" "Mozilla/5.0 (compatible; AcoonBot/4.11.1; +http://www.acoon.de/robot.asp)"
141.8.147.12 - - [12/May/2013:09:18:40 +0200] "GET /lexikon.php?cs_go=3&cs_id=3 HTTP/1.1" 200 8485 "-" "Mozilla/5.0 (compatible; YandexBot/3.0; +http://yandex.com/bots)"
173.199.115.147 - - [12/May/2013:09:24:04 +0200] "GET /news.php?cs_go=archiv&cs_id=3560&cs_search= HTTP/1.1" 200 12378 "-" "Mozilla/5.0 (compatible; AhrefsBot/4.0; +http://ahrefs.com/robot/)"
66.249.78.46 - - [12/May/2013:09:26:39 +0200] "GET / HTTP/1.1" 200 12105 "-" "Mozilla/5.0 (compatible; Googlebot/2.1; +http://www.google.com/bot.html)"
141.8.147.12 - - [12/May/2013:09:29:44 +0200] "GET /news.php?cs_go=archiv&cs_id=3946&cs_search= HTTP/1.1" 200 10060 "-" "Mozilla/5.0 (compatible; YandexBot/3.0; +http://yandex.com/bots)"
173.199.115.147 - - [12/May/2013:09:34:06 +0200] "GET /lexikon.php?cs_go=3&cs_id=141 HTTP/1.1" 200 8876 "-" "Mozilla/5.0 (compatible; AhrefsBot/4.0; +http://ahrefs.com/robot/)"
173.199.115.147 - - [12/May/2013:09:34:20 +0200] "GET /lexikon.php?cs_go=2&cs_char=n HTTP/1.1" 200 8578 "-" "Mozilla/5.0 (compatible; AhrefsBot/4.0; +http://ahrefs.com/robot/)"
173.199.115.147 - - [12/May/2013:09:35:54 +0200] "GET /lexikon.php?cs_go=3&cs_id=217 HTTP/1.1" 200 8121 "-" "Mozilla/5.0 (compatible; AhrefsBot/4.0; +http://ahrefs.com/robot/)"
208.115.113.91 - - [12/May/2013:09:36:42 +0200] "GET /robots.txt HTTP/1.1" 200 177 "-" "Mozilla/5.0 (compatible; Ezooms/1.0; ezooms.bot@gmail.com)"
141.8.147.12 - - [12/May/2013:09:58:26 +0200] "GET /news.php?cs_go=archiv&cs_id=3968&cs_search= HTTP/1.1" 200 12323 "-" "Mozilla/5.0 (compatible; YandexBot/3.0; +http://yandex.com/bots)"
141.8.147.12 - - [12/May/2013:10:14:45 +0200] "GET /news.php?cs_go=archiv&cs_id=3948&cs_search= HTTP/1.1" 200 10973 "-" "Mozilla/5.0 (compatible; YandexBot/3.0; +http://yandex.com/bots)"
66.249.78.46 - - [12/May/2013:10:28:20 +0200] "GET /news.php?cs_go=archiv HTTP/1.1" 200 22137 "-" "SAMSUNG-SGH-E250/1.0 Profile/MIDP-2.0 Configuration/CLDC-1.1 UP.Browser/6.2.3.3.c.1.101 (GUI) MMP/2.0 (compatible; Googlebot-Mobile/2.1; +http://www.google.com/bot.html)"
66.249.78.46 - - [12/May/2013:10:31:01 +0200] "GET /news.php?cs_go=archiv&cs_id=4171 HTTP/1.1" 200 11414 "-" "Mozilla/5.0 (compatible; Googlebot/2.1; +http://www.google.com/bot.html)"
141.8.147.12 - - [12/May/2013:10:31:15 +0200] "GET /robots.txt HTTP/1.1" 200 177 "-" "Mozilla/5.0 (compatible; YandexBot/3.0; +http://yandex.com/bots)"
66.249.78.46 - - [12/May/2013:10:32:01 +0200] "GET /news.php?cs_go=archiv&cs_id=4168 HTTP/1.1" 200 11325 "-" "Mozilla/5.0 (compatible; Googlebot/2.1; +http://www.google.com/bot.html)"
173.199.115.147 - - [12/May/2013:10:36:33 +0200] "GET /lexikon.php?cs_go=3&cs_id=74 HTTP/1.1" 200 8669 "-" "Mozilla/5.0 (compatible; AhrefsBot/4.0; +http://ahrefs.com/robot/)"
141.8.147.12 - - [12/May/2013:10:39:31 +0200] "GET /news.php?cs_go=archiv&cs_id=4046 HTTP/1.1" 200 12308 "-" "Mozilla/5.0 (compatible; YandexBot/3.0; +http://yandex.com/bots)"
173.199.115.147 - - [12/May/2013:10:40:53 +0200] "GET /news.php?cs_go=archiv&cs_id=3848&cs_search= HTTP/1.1" 200 13593 "-" "Mozilla/5.0 (compatible; AhrefsBot/4.0; +http://ahrefs.com/robot/)"
37.58.52.15 - - [12/May/2013:10:41:11 +0200] "GET /news.php?cs_go=archiv&cs_startpos=60 HTTP/1.0" 200 22810 "-" "Mozilla/5.0 (compatible; AcoonBot/4.11.1; +http://www.acoon.de/robot.asp)"
141.8.147.12 - - [12/May/2013:10:47:47 +0200] "GET /news.php?cs_go=archiv&cs_id=4105 HTTP/1.1" 200 12511 "-" "Mozilla/5.0 (compatible; YandexBot/3.0; +http://yandex.com/bots)"
141.8.147.12 - - [12/May/2013:10:50:07 +0200] "GET /news.php?cs_go=archiv&cs_startpos=60 HTTP/1.1" 200 22810 "-" "Mozilla/5.0 (compatible; YandexBot/3.0; +http://yandex.com/bots)"
141.8.147.12 - - [12/May/2013:10:56:10 +0200] "GET /news.php?cs_go=archiv&cs_id=3979&cs_search= HTTP/1.1" 200 13556 "-" "Mozilla/5.0 (compatible; YandexBot/3.0; +http://yandex.com/bots)"
141.8.147.12 - - [12/May/2013:11:19:10 +0200] "GET /news.php?cs_go=archiv&cs_startpos=170 HTTP/1.1" 200 22756 "-" "Mozilla/5.0 (compatible; YandexBot/3.0; +http://yandex.com/bots)"
37.58.52.15 - - [12/May/2013:11:30:52 +0200] "GET /news.php?cs_go=archiv&cs_id=4166&cs_search= HTTP/1.0" 200 10020 "-" "Mozilla/5.0 (compatible; AcoonBot/4.11.1; +http://www.acoon.de/robot.asp)"
208.115.111.75 - - [12/May/2013:11:32:25 +0200] "GET /robots.txt HTTP/1.1" 200 177 "-" "Mozilla/5.0 (compatible; Ezooms/1.0; ezooms.bot@gmail.com)"
141.8.147.12 - - [12/May/2013:11:33:11 +0200] "GET /news.php?cs_go=archiv&cs_startpos=160 HTTP/1.1" 200 22943 "-" "Mozilla/5.0 (compatible; YandexBot/3.0; +http://yandex.com/bots)"
37.58.52.15 - - [12/May/2013:11:40:54 +0200] "GET /news.php?cs_go=archiv&cs_startpos=100 HTTP/1.0" 200 22654 "-" "Mozilla/5.0 (compatible; AcoonBot/4.11.1; +http://www.acoon.de/robot.asp)"
141.8.147.12 - - [12/May/2013:11:41:25 +0200] "GET /news.php?cs_go=archiv&cs_id=3951&cs_search= HTTP/1.1" 200 13557 "-" "Mozilla/5.0 (compatible; YandexBot/3.0; +http://yandex.com/bots)"
208.115.113.91 - - [12/May/2013:11:46:05 +0200] "GET /diesel.php HTTP/1.1" 200 10639 "-" "Mozilla/5.0 (compatible; Ezooms/1.0; ezooms.bot@gmail.com)"
141.8.147.12 - - [12/May/2013:11:49:37 +0200] "GET /news.php?cs_go=archiv&cs_startpos=230 HTTP/1.1" 200 12822 "-" "Mozilla/5.0 (compatible; YandexBot/3.0; +http://yandex.com/bots)"
141.8.147.12 - - [12/May/2013:12:06:03 +0200] "GET /news.php?cs_go=archiv&cs_startpos=180 HTTP/1.1" 200 22632 "-" "Mozilla/5.0 (compatible; YandexBot/3.0; +http://yandex.com/bots)"
141.8.147.12 - - [12/May/2013:12:14:15 +0200] "GET /news.php?cs_go=archiv&cs_id=4104 HTTP/1.1" 200 13642 "-" "Mozilla/5.0 (compatible; YandexBot/3.0; +http://yandex.com/bots)"
66.249.78.46 - - [12/May/2013:12:15:51 +0200] "GET /news.php?cs_go=archiv&cs_id=3366&cs_search= HTTP/1.1" 200 9928 "-" "Mozilla/5.0 (iPhone; U; CPU iPhone OS 4_1 like Mac OS X; en-us) AppleWebKit/532.9 (KHTML, like Gecko) Version/4.0.5 Mobile/8B117 Safari/6531.22.7 (compatible; Googlebot-Mobile/2.1; +http://www.google.com/bot.html)"
65.36.241.79 - - [12/May/2013:12:16:31 +0200] "HEAD / HTTP/1.1" 200 - "-" "InternetSeer.com"
141.8.147.12 - - [12/May/2013:12:22:27 +0200] "GET /news.php?cs_go=archiv&cs_startpos=190 HTTP/1.1" 200 22731 "-" "Mozilla/5.0 (compatible; YandexBot/3.0; +http://yandex.com/bots)"
141.8.147.12 - - [12/May/2013:12:30:39 +0200] "GET /lexikon.php?cs_go=3&cs_id=80 HTTP/1.1" 200 8403 "-" "Mozilla/5.0 (compatible; YandexBot/3.0; +http://yandex.com/bots)"
38.101.148.120 - - [12/May/2013:12:40:55 +0200] "GET /news.php?cs_go=archiv&cs_id=4057 HTTP/1.1" 200 13298 "-" "Mozilla/5.0 (compatible; discoverybot/2.0; +http://discoveryengine.com/discoverybot.html)"
141.8.147.12 - - [12/May/2013:12:47:03 +0200] "GET /news.php?cs_go=archiv&cs_id=2728&cs_search= HTTP/1.1" 200 11586 "-" "Mozilla/5.0 (compatible; YandexBot/3.0; +http://yandex.com/bots)"
173.199.115.147 - - [12/May/2013:12:55:16 +0200] "GET /news.php?cs_go=archiv&cs_startpos=590 HTTP/1.1" 200 8125 "-" "Mozilla/5.0 (compatible; AhrefsBot/4.0; +http://ahrefs.com/robot/)"
37.58.52.15 - - [12/May/2013:13:04:27 +0200] "GET /robots.txt HTTP/1.0" 200 177 "-" "Mozilla/5.0 (compatible; AcoonBot/4.11.1; +http://www.acoon.de/robot.asp)"
37.58.52.15 - - [12/May/2013:13:04:28 +0200] "GET /news.php?cs_go=archiv&cs_id=4137&cs_search= HTTP/1.0" 200 9951 "-" "Mozilla/5.0 (compatible; AcoonBot/4.11.1; +http://www.acoon.de/robot.asp)"
173.199.115.147 - - [12/May/2013:13:07:18 +0200] "GET /news.php?cs_go=archiv&cs_id=3731&cs_search= HTTP/1.1" 200 13910 "-" "Mozilla/5.0 (compatible; AhrefsBot/4.0; +http://ahrefs.com/robot/)"
141.8.147.12 - - [12/May/2013:13:11:31 +0200] "GET /news.php?cs_go=archiv&cs_id=3942&cs_search= HTTP/1.1" 200 12810 "-" "Mozilla/5.0 (compatible; YandexBot/3.0; +http://yandex.com/bots)"
141.8.147.12 - - [12/May/2013:13:19:36 +0200] "GET /news.php?cs_go=archiv&cs_startpos=200 HTTP/1.1" 200 22481 "-" "Mozilla/5.0 (compatible; YandexBot/3.0; +http://yandex.com/bots)"
141.8.147.12 - - [12/May/2013:13:23:29 +0200] "GET /news.php?cs_go=archiv&cs_id=3943&cs_search= HTTP/1.1" 200 12905 "-" "Mozilla/5.0 (compatible; YandexBot/3.0; +http://yandex.com/bots)"
141.8.147.12 - - [12/May/2013:13:31:39 +0200] "GET /news.php?cs_go=archiv&cs_id=3972&cs_search= HTTP/1.1" 200 11881 "-" "Mozilla/5.0 (compatible; YandexBot/3.0; +http://yandex.com/bots)"
208.115.111.75 - - [12/May/2013:13:33:20 +0200] "GET /news.php?cs_go=archiv&cs_id=4000&cs_search= HTTP/1.1" 200 10049 "-" "Mozilla/5.0 (compatible; Ezooms/1.0; ezooms.bot@gmail.com)"
66.249.78.46 - - [12/May/2013:13:35:14 +0200] "GET /modul.css HTTP/1.1" 200 35038 "-" "Mozilla/5.0 (compatible; Googlebot/2.1; +http://www.google.com/bot.html)"
66.249.78.46 - - [12/May/2013:13:35:15 +0200] "GET /js_contentserver24_greybox/gb_styles.css HTTP/1.1" 200 2302 "-" "Mozilla/5.0 (compatible; Googlebot/2.1; +http://www.google.com/bot.html)"
66.249.78.46 - - [12/May/2013:13:35:16 +0200] "GET /style.css HTTP/1.1" 200 8418 "-" "Mozilla/5.0 (compatible; Googlebot/2.1; +http://www.google.com/bot.html)"
157.55.32.185 - - [12/May/2013:13:37:54 +0200] "GET /robots.txt HTTP/1.1" 200 177 "-" "Mozilla/5.0 (compatible; bingbot/2.0; +http://www.bing.com/bingbot.htm)"
141.8.147.12 - - [12/May/2013:13:39:32 +0200] "GET /news.php?cs_go=archiv&cs_id=4057 HTTP/1.1" 200 13298 "-" "Mozilla/5.0 (compatible; YandexBot/3.0; +http://yandex.com/bots)"
157.55.32.185 - - [12/May/2013:13:39:42 +0200] "GET / HTTP/1.1" 200 12105 "-" "Mozilla/5.0 (compatible; bingbot/2.0; +http://www.bing.com/bingbot.htm)"
37.58.52.15 - - [12/May/2013:13:44:40 +0200] "GET /news.php?cs_go=archiv&cs_id=4172&cs_search= HTTP/1.0" 200 10125 "-" "Mozilla/5.0 (compatible; AcoonBot/4.11.1; +http://www.acoon.de/robot.asp)"
141.8.147.12 - - [12/May/2013:13:47:42 +0200] "GET /news.php?cs_go=archiv&cs_id=3947&cs_search= HTTP/1.1" 200 13484 "-" "Mozilla/5.0 (compatible; YandexBot/3.0; +http://yandex.com/bots)"
141.8.147.12 - - [12/May/2013:13:55:51 +0200] "GET /news.php?cs_go=archiv&cs_id=3945&cs_search= HTTP/1.1" 200 10102 "-" "Mozilla/5.0 (compatible; YandexBot/3.0; +http://yandex.com/bots)"
141.8.147.12 - - [12/May/2013:14:04:00 +0200] "GET /news.php?cs_go=archiv&cs_id=3949&cs_search= HTTP/1.1" 200 9969 "-" "Mozilla/5.0 (compatible; YandexBot/3.0; +http://yandex.com/bots)"
173.199.115.147 - - [12/May/2013:14:07:20 +0200] "GET /lexikon.php?cs_go=3&cs_id=226 HTTP/1.1" 200 8753 "-" "Mozilla/5.0 (compatible; AhrefsBot/4.0; +http://ahrefs.com/robot/)"
141.8.147.12 - - [12/May/2013:14:12:08 +0200] "GET /news.php?cs_go=archiv&cs_id=4041 HTTP/1.1" 200 13146 "-" "Mozilla/5.0 (compatible; YandexBot/3.0; +http://yandex.com/bots)"
173.199.115.147 - - [12/May/2013:14:28:53 +0200] "GET /lexikon.php?cs_go=3&cs_id=166 HTTP/1.1" 200 9191 "-" "Mozilla/5.0 (compatible; AhrefsBot/4.0; +http://ahrefs.com/robot/)"
141.8.147.12 - - [12/May/2013:14:29:26 +0200] "GET /news.php?cs_go=archiv&cs_id=3950&cs_search= HTTP/1.1" 200 12066 "-" "Mozilla/5.0 (compatible; YandexBot/3.0; +http://yandex.com/bots)"
38.101.148.120 - - [12/May/2013:14:44:42 +0200] "GET /news.php?cs_go=archiv HTTP/1.1" 200 22137 "-" "Mozilla/5.0 (compatible; discoverybot/2.0; +http://discoveryengine.com/discoverybot.html)"
141.8.147.12 - - [12/May/2013:14:48:01 +0200] "GET /news.php?cs_go=archiv&cs_id=3975&cs_search= HTTP/1.1" 200 10890 "-" "Mozilla/5.0 (compatible; YandexBot/3.0; +http://yandex.com/bots)"
37.58.52.15 - - [12/May/2013:14:51:44 +0200] "GET /news.php?cs_go=archiv&cs_id=4127&cs_search= HTTP/1.0" 200 9990 "-" "Mozilla/5.0 (compatible; AcoonBot/4.11.1; +http://www.acoon.de/robot.asp)"
141.8.147.12 - - [12/May/2013:15:00:12 +0200] "GET /news.php?cs_go=archiv&cs_id=3944&cs_search= HTTP/1.1" 200 13705 "-" "Mozilla/5.0 (compatible; YandexBot/3.0; +http://yandex.com/bots)"
37.58.52.15 - - [12/May/2013:15:01:54 +0200] "GET /news.php?cs_go=archiv&cs_id=4120&cs_search= HTTP/1.0" 200 10417 "-" "Mozilla/5.0 (compatible; AcoonBot/4.11.1; +http://www.acoon.de/robot.asp)"
139.18.2.209 - - [12/May/2013:15:08:01 +0200] "GET /preisanfrage.php HTTP/1.1" 200 5177 "-" "findlinks/2.6 (+http://wortschatz.uni-leipzig.de/findlinks/)"
139.18.2.209 - - [12/May/2013:15:08:01 +0200] "GET /preisanfrage.php HTTP/1.1" 200 10648 "-" "findlinks/2.6 (+http://wortschatz.uni-leipzig.de/findlinks/)"
141.8.147.12 - - [12/May/2013:15:08:11 +0200] "GET /news.php?cs_go=archiv&cs_id=4040 HTTP/1.1" 200 12482 "-" "Mozilla/5.0 (compatible; YandexBot/3.0; +http://yandex.com/bots)"
141.8.147.12 - - [12/May/2013:15:13:54 +0200] "GET /news.php?cs_go=archiv&cs_id=2780&cs_search= HTTP/1.1" 200 10145 "-" "Mozilla/5.0 (compatible; YandexBot/3.0; +http://yandex.com/bots)"
141.8.147.12 - - [12/May/2013:15:21:58 +0200] "GET /news.php?cs_go=archiv&cs_id=4093&cs_search= HTTP/1.1" 200 15213 "-" "Mozilla/5.0 (compatible; YandexBot/3.0; +http://yandex.com/bots)"
66.249.78.46 - - [12/May/2013:15:23:06 +0200] "GET /lexikon.php?cs_go=2&cs_char=n HTTP/1.1" 200 8578 "-" "Mozilla/5.0 (iPhone; U; CPU iPhone OS 4_1 like Mac OS X; en-us) AppleWebKit/532.9 (KHTML, like Gecko) Version/4.0.5 Mobile/8B117 Safari/6531.22.7 (compatible; Googlebot-Mobile/2.1; +http://www.google.com/bot.html)"
141.8.147.12 - - [12/May/2013:15:30:00 +0200] "GET /news.php?cs_go=archiv&cs_id=3661&cs_search= HTTP/1.1" 200 13436 "-" "Mozilla/5.0 (compatible; YandexBot/3.0; +http://yandex.com/bots)"
139.18.2.209 - - [12/May/2013:15:35:45 +0200] "GET /jobs.php HTTP/1.1" 200 5149 "-" "findlinks/2.6 (+http://wortschatz.uni-leipzig.de/findlinks/)"
139.18.2.209 - - [12/May/2013:15:35:45 +0200] "GET /jobs.php HTTP/1.1" 200 7113 "-" "findlinks/2.6 (+http://wortschatz.uni-leipzig.de/findlinks/)"
141.8.147.12 - - [12/May/2013:15:37:59 +0200] "GET /news.php?cs_go=archiv&cs_startpos=231 HTTP/1.1" 200 11448 "-" "Mozilla/5.0 (compatible; YandexBot/3.0; +http://yandex.com/bots)"
141.8.147.12 - - [12/May/2013:15:43:29 +0200] "GET /news.php?cs_go=archiv&cs_id=3664&cs_search= HTTP/1.1" 200 10048 "-" "Mozilla/5.0 (compatible; YandexBot/3.0; +http://yandex.com/bots)"
141.8.147.12 - - [12/May/2013:15:48:59 +0200] "GET /news.php?cs_go=archiv&cs_id=3978&cs_search= HTTP/1.1" 200 10209 "-" "Mozilla/5.0 (compatible; YandexBot/3.0; +http://yandex.com/bots)"
178.77.126.55 - - [12/May/2013:15:53:45 +0200] "GET /robots.txt HTTP/1.1" 200 177 "-" "Mozilla/5.0 (compatible; CareerBot/1.1; +http://www.career-x.de/bot.html)"
178.77.126.55 - - [12/May/2013:15:53:45 +0200] "GET / HTTP/1.1" 200 12105 "-" "Mozilla/5.0 (compatible; CareerBot/1.1; +http://www.career-x.de/bot.html)"
141.8.147.12 - - [12/May/2013:15:54:29 +0200] "GET /news.php?cs_go=archiv&cs_id=3656&cs_search= HTTP/1.1" 200 11237 "-" "Mozilla/5.0 (compatible; YandexBot/3.0; +http://yandex.com/bots)"
173.199.115.147 - - [12/May/2013:15:55:40 +0200] "GET /news.php?cs_go=archiv&cs_id=2796&cs_search= HTTP/1.1" 200 10630 "-" "Mozilla/5.0 (compatible; AhrefsBot/4.0; +http://ahrefs.com/robot/)"
173.199.115.147 - - [12/May/2013:15:56:33 +0200] "GET /lexikon.php?cs_go=3&cs_id=60 HTTP/1.1" 200 8500 "-" "Mozilla/5.0 (compatible; AhrefsBot/4.0; +http://ahrefs.com/robot/)"
141.8.147.12 - - [12/May/2013:16:05:28 +0200] "GET /news.php?cs_go=archiv&cs_id=3862&cs_search= HTTP/1.1" 200 9910 "-" "Mozilla/5.0 (compatible; YandexBot/3.0; +http://yandex.com/bots)"
141.8.147.12 - - [12/May/2013:16:10:58 +0200] "GET /news.php?cs_go=archiv&cs_id=2749&cs_search= HTTP/1.1" 200 12618 "-" "Mozilla/5.0 (compatible; YandexBot/3.0; +http://yandex.com/bots)"
141.8.147.12 - - [12/May/2013:16:13:22 +0200] "GET /news.php?cs_go=archiv&cs_id=3666&cs_search= HTTP/1.1" 200 13566 "-" "Mozilla/5.0 (compatible; YandexBot/3.0; +http://yandex.com/bots)"
173.199.115.147 - - [12/May/2013:16:15:40 +0200] "GET /lexikon.php?cs_go=3&cs_id=94 HTTP/1.1" 200 8478 "-" "Mozilla/5.0 (compatible; AhrefsBot/4.0; +http://ahrefs.com/robot/)"
141.8.147.12 - - [12/May/2013:16:18:57 +0200] "GET /news.php?cs_go=archiv&cs_id=2752&cs_search= HTTP/1.1" 200 12308 "-" "Mozilla/5.0 (compatible; YandexBot/3.0; +http://yandex.com/bots)"
141.8.147.12 - - [12/May/2013:16:24:31 +0200] "GET /news.php?cs_go=archiv&cs_startpos=120 HTTP/1.1" 200 22682 "-" "Mozilla/5.0 (compatible; YandexBot/3.0; +http://yandex.com/bots)"
141.8.147.12 - - [12/May/2013:16:30:05 +0200] "GET /news.php?cs_go=archiv&cs_id=3880&cs_search= HTTP/1.1" 200 13594 "-" "Mozilla/5.0 (compatible; YandexBot/3.0; +http://yandex.com/bots)"
123.125.71.55 - - [12/May/2013:16:35:26 +0200] "GET / HTTP/1.1" 200 6437 "-" "Mozilla/5.0 (compatible; Baiduspider/2.0; +http://www.baidu.com/search/spider.html)"
220.181.108.88 - - [12/May/2013:16:36:01 +0200] "GET / HTTP/1.1" 200 12105 "-" "Mozilla/5.0 (compatible; Baiduspider/2.0; +http://www.baidu.com/search/spider.html)"
141.8.147.12 - - [12/May/2013:16:36:38 +0200] "GET /news.php?cs_go=archiv&cs_id=3857&cs_search= HTTP/1.1" 200 10233 "-" "Mozilla/5.0 (compatible; YandexBot/3.0; +http://yandex.com/bots)"
141.8.147.12 - - [12/May/2013:16:36:40 +0200] "GET /lexikon.php?cs_go=3&cs_id=6 HTTP/1.1" 200 8165 "-" "Mozilla/5.0 (compatible; YandexBot/3.0; +http://yandex.com/bots)"
141.8.147.12 - - [12/May/2013:16:42:23 +0200] "GET /news.php?cs_go=archiv&cs_id=3571&cs_search= HTTP/1.1" 200 9933 "-" "Mozilla/5.0 (compatible; YandexBot/3.0; +http://yandex.com/bots)"
173.199.115.147 - - [12/May/2013:16:43:02 +0200] "GET /diesel.php HTTP/1.1" 200 10639 "-" "Mozilla/5.0 (compatible; AhrefsBot/4.0; +http://ahrefs.com/robot/)"
141.8.147.12 - - [12/May/2013:16:48:05 +0200] "GET /news.php?cs_go=archiv&cs_id=2757&cs_search= HTTP/1.1" 200 14214 "-" "Mozilla/5.0 (compatible; YandexBot/3.0; +http://yandex.com/bots)"
141.8.147.12 - - [12/May/2013:16:50:55 +0200] "GET /news.php?cs_go=archiv&cs_id=4104&cs_search= HTTP/1.1" 200 13642 "-" "Mozilla/5.0 (compatible; YandexBot/3.0; +http://yandex.com/bots)"
141.8.147.12 - - [12/May/2013:16:56:40 +0200] "GET /news.php?cs_go=archiv&cs_id=3866&cs_search= HTTP/1.1" 200 9946 "-" "Mozilla/5.0 (compatible; YandexBot/3.0; +http://yandex.com/bots)"
66.249.75.49 - - [12/May/2013:16:57:53 +0200] "GET /news.php?cs_go=archiv HTTP/1.1" 200 22137 "-" "DoCoMo/2.0 N905i(c100;TB;W24H16) (compatible; Googlebot-Mobile/2.1; +http://www.google.com/bot.html)"
37.58.52.15 - - [12/May/2013:16:58:56 +0200] "GET /modernisierung.php?cs_gp_go=plus HTTP/1.0" 200 11578 "-" "Mozilla/5.0 (compatible; AcoonBot/4.11.1; +http://www.acoon.de/robot.asp)"
141.8.147.12 - - [12/May/2013:17:02:23 +0200] "GET /news.php?cs_go=archiv&cs_id=2891&cs_search= HTTP/1.1" 200 14209 "-" "Mozilla/5.0 (compatible; YandexBot/3.0; +http://yandex.com/bots)"
5.135.164.12 - - [12/May/2013:17:02:50 +0200] "GET /index.php HTTP/1.0" 200 12105 "http://www.mink-gmbh.de/index.php" "Mozilla/5.0 (Windows NT 6.1) AppleWebKit/537.11 (KHTML, like Gecko) Chrome/23.0.1271.91 Safari/537.11"
141.8.147.12 - - [12/May/2013:17:03:19 +0200] "GET /news.php?cs_go=archiv&cs_id=3976&cs_search= HTTP/1.1" 200 13570 "-" "Mozilla/5.0 (compatible; YandexBot/3.0; +http://yandex.com/bots)"
141.8.147.12 - - [12/May/2013:17:03:22 +0200] "GET /news.php?cs_go=archiv&cs_id=2747&cs_search= HTTP/1.1" 200 10004 "-" "Mozilla/5.0 (compatible; YandexBot/3.0; +http://yandex.com/bots)"
139.18.2.209 - - [12/May/2013:17:08:39 +0200] "GET /index.php HTTP/1.1" 200 3409 "-" "findlinks/2.6 (+http://wortschatz.uni-leipzig.de/findlinks/)"
139.18.2.209 - - [12/May/2013:17:08:39 +0200] "GET /index.php HTTP/1.1" 200 11364 "-" "findlinks/2.6 (+http://wortschatz.uni-leipzig.de/findlinks/)"
