81.30.151.221 - - [01/May/2013:00:01:14 +0200] "GET /wunschpreis.php HTTP/1.1" 200 12084 "-" "Mozilla/5.0 (compatible; Spiderlytics/1.0; +spider@spiderlytics.com)"
78.154.170.34 - - [01/May/2013:00:05:39 +0200] "GET /news.php?cs_go=archiv HTTP/1.1" 200 21911 "-" "Mozilla/5.0 (compatible; 008/0.85; http://www.80legs.com/webcrawler.html) Gecko/2008032620"
66.249.78.46 - - [01/May/2013:00:16:49 +0200] "GET /news.php?cs_go=archiv&cs_id=4101&cs_search= HTTP/1.1" 200 12466 "-" "SAMSUNG-SGH-E250/1.0 Profile/MIDP-2.0 Configuration/CLDC-1.1 UP.Browser/6.2.3.3.c.1.101 (GUI) MMP/2.0 (compatible; Googlebot-Mobile/2.1; +http://www.google.com/bot.html)"
84.38.65.176 - - [01/May/2013:00:23:48 +0200] "GET / HTTP/1.0" 200 3409 "http://www.backlink-webkatalog.de/" "Mozilla/4.0 (compatible; MSIE 8.0; Windows NT 6.1; Trident/4.0; SLCC2; .NET CLR 2.0.50727; .NET CLR 3.5.30729; .NET CLR 3.0.30729; Media Center PC 6.0)"
81.30.151.221 - - [01/May/2013:00:46:51 +0200] "GET /news.php?cs_go=archiv&cs_id=4033&cs_search= HTTP/1.1" 200 10025 "-" "Mozilla/5.0 (compatible; Spiderlytics/1.0; +spider@spiderlytics.com)"
141.8.147.12 - - [01/May/2013:00:50:47 +0200] "GET /news.php?cs_go=archiv&cs_id=3744 HTTP/1.1" 200 12253 "-" "Mozilla/5.0 (compatible; YandexBot/3.0; +http://yandex.com/bots)"
93.125.49.139 - - [01/May/2013:00:54:59 +0200] "GET /news.php?cs_go=archiv&cs_id=4137&cs_search= HTTP/1.1" 200 9951 "-" "Mozilla/5.0 (compatible; 008/0.85; http://www.80legs.com/webcrawler.html) Gecko/2008032620"
46.172.141.167 - - [01/May/2013:01:09:11 +0200] "GET /news.php?cs_go=archiv&cs_startpos=231 HTTP/1.1" 200 20895 "-" "Mozilla/5.0 (compatible; 008/0.85; http://www.80legs.com/webcrawler.html) Gecko/2008032620"
66.249.78.46 - - [01/May/2013:01:13:42 +0200] "GET /lexikon.php?cs_go=3&cs_id=131 HTTP/1.1" 200 8378 "-" "Mozilla/5.0 (compatible; Googlebot/2.1; +http://www.google.com/bot.html)"
64.125.222.50 - - [01/May/2013:01:14:57 +0200] "GET /robots.txt HTTP/1.1" 200 177 "-" "Mozilla/5.0 (compatible; 008/0.83; http://www.80legs.com/webcrawler.html;) Gecko/2008032620"
31.42.72.62 - - [01/May/2013:01:16:22 +0200] "GET /kwk.php?cs_go=3 HTTP/1.1" 200 10285 "-" "Mozilla/5.0 (compatible; 008/0.85; http://www.80legs.com/webcrawler.html) Gecko/2008032620"
78.87.242.25 - - [01/May/2013:01:16:26 +0200] "GET /news.php?cs_go=archiv&cs_id=4137&cs_search= HTTP/1.1" 200 9951 "-" "Mozilla/5.0 (compatible; 008/0.85; http://www.80legs.com/webcrawler.html) Gecko/2008032620"
80.245.119.132 - - [01/May/2013:01:16:44 +0200] "GET /kwk.php?cs_go=3 HTTP/1.1" 200 10285 "-" "Mozilla/5.0 (compatible; 008/0.85; http://www.80legs.com/webcrawler.html) Gecko/2008032620"
87.252.227.98 - - [01/May/2013:01:17:17 +0200] "GET /news.php?cs_go=archiv&cs_startpos=0 HTTP/1.1" 200 21911 "-" "Mozilla/5.0 (compatible; 008/0.85; http://www.80legs.com/webcrawler.html) Gecko/2008032620"
31.42.72.62 - - [01/May/2013:01:19:09 +0200] "GET /kwk.php?cs_go=2 HTTP/1.1" 200 11855 "-" "Mozilla/5.0 (compatible; 008/0.85; http://www.80legs.com/webcrawler.html) Gecko/2008032620"
66.249.78.46 - - [01/May/2013:01:20:30 +0200] "GET /news.php?cs_go=archiv&cs_id=4054 HTTP/1.1" 200 13376 "-" "Mozilla/5.0 (compatible; Googlebot/2.1; +http://www.google.com/bot.html)"
66.249.74.81 - - [01/May/2013:01:30:06 +0200] "GET /news.php?cs_go=archiv&cs_id=2836&cs_search= HTTP/1.1" 200 10832 "-" "Mozilla/5.0 (iPhone; U; CPU iPhone OS 4_1 like Mac OS X; en-us) AppleWebKit/532.9 (KHTML, like Gecko) Version/4.0.5 Mobile/8B117 Safari/6531.22.7 (compatible; Googlebot-Mobile/2.1; +http://www.google.com/bot.html)"
220.181.108.182 - - [01/May/2013:02:43:58 +0200] "GET /images/kwk.gif HTTP/1.1" 200 6403 "-" "Baiduspider-image+(+http://www.baidu.com/search/spider.htm)"
141.8.147.12 - - [01/May/2013:03:09:32 +0200] "GET /news.php?cs_go=archiv&cs_id=4065&cs_search= HTTP/1.1" 200 10325 "-" "Mozilla/5.0 (compatible; YandexBot/3.0; +http://yandex.com/bots)"
141.8.147.12 - - [01/May/2013:04:14:47 +0200] "GET /news.php?cs_go=archiv&cs_id=4074&cs_search= HTTP/1.1" 200 13505 "-" "Mozilla/5.0 (compatible; YandexBot/3.0; +http://yandex.com/bots)"
66.249.78.46 - - [01/May/2013:04:15:57 +0200] "GET /news.php?cs_go=archiv&cs_id=4071 HTTP/1.1" 200 9889 "-" "Mozilla/5.0 (iPhone; U; CPU iPhone OS 4_1 like Mac OS X; en-us) AppleWebKit/532.9 (KHTML, like Gecko) Version/4.0.5 Mobile/8B117 Safari/6531.22.7 (compatible; Googlebot-Mobile/2.1; +http://www.google.com/bot.html)"
65.36.241.79 - - [01/May/2013:04:30:33 +0200] "HEAD / HTTP/1.1" 200 - "-" "InternetSeer.com"
66.249.74.81 - - [01/May/2013:04:56:09 +0200] "GET /news.php?cs_go=archiv&cs_id=3842 HTTP/1.1" 200 16355 "-" "Mozilla/5.0 (compatible; Googlebot/2.1; +http://www.google.com/bot.html)"
173.199.116.59 - - [01/May/2013:05:08:43 +0200] "GET /lexikon.php?cs_go=3&cs_id=19 HTTP/1.1" 200 9902 "-" "Mozilla/5.0 (compatible; AhrefsBot/4.0; +http://ahrefs.com/robot/)"
173.199.116.59 - - [01/May/2013:05:10:44 +0200] "GET /lexikon.php?cs_go=3&cs_id=208 HTTP/1.1" 200 8357 "-" "Mozilla/5.0 (compatible; AhrefsBot/4.0; +http://ahrefs.com/robot/)"
173.199.116.59 - - [01/May/2013:05:26:20 +0200] "GET /lexikon.php?cs_go=3&cs_id=137 HTTP/1.1" 200 9326 "-" "Mozilla/5.0 (compatible; AhrefsBot/4.0; +http://ahrefs.com/robot/)"
141.8.147.12 - - [01/May/2013:05:39:42 +0200] "GET /news.php?cs_go=archiv&cs_id=3697&cs_search= HTTP/1.1" 200 11689 "-" "Mozilla/5.0 (compatible; YandexBot/3.0; +http://yandex.com/bots)"
173.199.116.59 - - [01/May/2013:05:40:00 +0200] "GET /news.php?cs_go=archiv&cs_id=3849 HTTP/1.1" 200 13049 "-" "Mozilla/5.0 (compatible; AhrefsBot/4.0; +http://ahrefs.com/robot/)"
208.115.113.91 - - [01/May/2013:05:40:01 +0200] "GET /robots.txt HTTP/1.1" 200 177 "-" "Mozilla/5.0 (compatible; Ezooms/1.0; ezooms.bot@gmail.com)"
173.199.116.59 - - [01/May/2013:05:41:17 +0200] "GET /news.php?cs_go=archiv&cs_id=3561&cs_search= HTTP/1.1" 200 10047 "-" "Mozilla/5.0 (compatible; AhrefsBot/4.0; +http://ahrefs.com/robot/)"
173.199.116.59 - - [01/May/2013:05:49:36 +0200] "GET /news.php?cs_go=archiv&cs_id=3855&cs_search= HTTP/1.1" 200 13479 "-" "Mozilla/5.0 (compatible; AhrefsBot/4.0; +http://ahrefs.com/robot/)"
173.199.116.59 - - [01/May/2013:05:51:19 +0200] "GET /news.php?cs_go=archiv&cs_id=3610&cs_search= HTTP/1.1" 200 13491 "-" "Mozilla/5.0 (compatible; AhrefsBot/4.0; +http://ahrefs.com/robot/)"
208.115.113.91 - - [01/May/2013:06:01:47 +0200] "GET /news.php?cs_go=archiv&cs_id=4093 HTTP/1.1" 200 15213 "-" "Mozilla/5.0 (compatible; Ezooms/1.0; ezooms.bot@gmail.com)"
66.249.78.46 - - [01/May/2013:06:03:29 +0200] "GET / HTTP/1.1" 200 12077 "-" "SAMSUNG-SGH-E250/1.0 Profile/MIDP-2.0 Configuration/CLDC-1.1 UP.Browser/6.2.3.3.c.1.101 (GUI) MMP/2.0 (compatible; Googlebot-Mobile/2.1; +http://www.google.com/bot.html)"
173.208.165.178 - - [01/May/2013:06:10:58 +0200] "GET /robots.txt HTTP/1.0" 200 177 "-" "Mozilla/5.0 (compatible; MJ12bot/v1.4.3; http://www.majestic12.co.uk/bot.php?+)"
173.208.165.178 - - [01/May/2013:06:11:01 +0200] "GET /Heizoel-Berlin.htm HTTP/1.0" 404 - "-" "Mozilla/5.0 (compatible; MJ12bot/v1.4.3; http://www.majestic12.co.uk/bot.php?+)"
173.208.165.178 - - [01/May/2013:06:11:04 +0200] "GET /seiten/datenschutz.php HTTP/1.0" 404 - "-" "Mozilla/5.0 (compatible; MJ12bot/v1.4.3; http://www.majestic12.co.uk/bot.php?+)"
173.208.165.178 - - [01/May/2013:06:11:09 +0200] "GET /seiten/kontakt.php HTTP/1.0" 404 - "-" "Mozilla/5.0 (compatible; MJ12bot/v1.4.3; http://www.majestic12.co.uk/bot.php?+)"
173.208.165.178 - - [01/May/2013:06:11:15 +0200] "GET /seiten/produkte_hzoel.php HTTP/1.0" 404 - "-" "Mozilla/5.0 (compatible; MJ12bot/v1.4.3; http://www.majestic12.co.uk/bot.php?+)"
173.199.116.59 - - [01/May/2013:06:14:10 +0200] "GET /news.php?cs_go=archiv&cs_id=4122&cs_search= HTTP/1.1" 200 15643 "-" "Mozilla/5.0 (compatible; AhrefsBot/4.0; +http://ahrefs.com/robot/)"
123.125.71.51 - - [01/May/2013:06:33:09 +0200] "GET / HTTP/1.1" 200 6437 "-" "Mozilla/5.0 (compatible; Baiduspider/2.0; +http://www.baidu.com/search/spider.html)"
220.181.108.111 - - [01/May/2013:06:33:43 +0200] "GET / HTTP/1.1" 200 6437 "-" "Mozilla/5.0 (compatible; Baiduspider/2.0; +http://www.baidu.com/search/spider.html)"
173.199.116.59 - - [01/May/2013:06:55:20 +0200] "GET /news.php?cs_go=archiv&cs_id=4105 HTTP/1.1" 200 12511 "-" "Mozilla/5.0 (compatible; AhrefsBot/4.0; +http://ahrefs.com/robot/)"
141.8.147.12 - - [01/May/2013:06:55:56 +0200] "GET /news.php?cs_go=archiv&cs_id=4068&cs_search= HTTP/1.1" 200 10348 "-" "Mozilla/5.0 (compatible; YandexBot/3.0; +http://yandex.com/bots)"
173.199.116.59 - - [01/May/2013:07:19:48 +0200] "GET /news.php?cs_go=archiv&cs_id=2737&cs_search= HTTP/1.1" 200 10135 "-" "Mozilla/5.0 (compatible; AhrefsBot/4.0; +http://ahrefs.com/robot/)"
173.199.116.59 - - [01/May/2013:07:19:51 +0200] "GET /news.php?cs_go=archiv&cs_startpos=700 HTTP/1.1" 200 8125 "-" "Mozilla/5.0 (compatible; AhrefsBot/4.0; +http://ahrefs.com/robot/)"
173.199.116.59 - - [01/May/2013:07:24:36 +0200] "GET /news.php?cs_go=archiv&cs_id=3739&cs_search= HTTP/1.1" 200 13528 "-" "Mozilla/5.0 (compatible; AhrefsBot/4.0; +http://ahrefs.com/robot/)"
173.199.116.59 - - [01/May/2013:08:06:43 +0200] "GET /news.php?cs_go=archiv&cs_startpos=691 HTTP/1.1" 200 8125 "-" "Mozilla/5.0 (compatible; AhrefsBot/4.0; +http://ahrefs.com/robot/)"
141.8.147.12 - - [01/May/2013:08:36:12 +0200] "GET /robots.txt HTTP/1.1" 200 177 "-" "Mozilla/5.0 (compatible; YandexBot/3.0; +http://yandex.com/bots)"
173.199.116.59 - - [01/May/2013:08:40:14 +0200] "GET /news.php?cs_go=archiv&cs_id=4116&cs_search= HTTP/1.1" 200 12558 "-" "Mozilla/5.0 (compatible; AhrefsBot/4.0; +http://ahrefs.com/robot/)"
65.55.52.97 - - [01/May/2013:08:48:32 +0200] "GET /robots.txt HTTP/1.1" 200 177 "-" "Mozilla/5.0 (compatible; bingbot/2.0; +http://www.bing.com/bingbot.htm)"
65.55.52.97 - - [01/May/2013:08:52:14 +0200] "GET / HTTP/1.1" 200 12203 "-" "Mozilla/5.0 (compatible; bingbot/2.0; +http://www.bing.com/bingbot.htm)"
173.199.116.59 - - [01/May/2013:08:58:19 +0200] "GET /lexikon.php?cs_go=3&cs_id=158 HTTP/1.1" 200 8354 "-" "Mozilla/5.0 (compatible; AhrefsBot/4.0; +http://ahrefs.com/robot/)"
173.199.116.59 - - [01/May/2013:09:11:29 +0200] "GET /lexikon.php?cs_go=3&cs_id=118 HTTP/1.1" 200 8504 "-" "Mozilla/5.0 (compatible; AhrefsBot/4.0; +http://ahrefs.com/robot/)"
173.199.116.59 - - [01/May/2013:09:15:33 +0200] "GET /lexikon.php?cs_go=3&cs_id=106 HTTP/1.1" 200 8460 "-" "Mozilla/5.0 (compatible; AhrefsBot/4.0; +http://ahrefs.com/robot/)"
66.249.78.46 - - [01/May/2013:09:43:40 +0200] "GET /news.php?cs_go=archiv&cs_id=3069&cs_search= HTTP/1.1" 200 9882 "-" "Mozilla/5.0 (compatible; Googlebot/2.1; +http://www.google.com/bot.html)"
141.8.147.12 - - [01/May/2013:09:49:55 +0200] "GET /news.php?cs_go=archiv&cs_id=3771&cs_search= HTTP/1.1" 200 9924 "-" "Mozilla/5.0 (compatible; YandexBot/3.0; +http://yandex.com/bots)"
66.249.78.46 - - [01/May/2013:10:00:51 +0200] "GET /news.php?cs_go=archiv&cs_id=2719&cs_search= HTTP/1.1" 200 10418 "-" "Mozilla/5.0 (compatible; Googlebot/2.1; +http://www.google.com/bot.html)"
66.249.78.46 - - [01/May/2013:10:09:28 +0200] "GET /news.php?cs_go=archiv&cs_id=2850&cs_search= HTTP/1.1" 200 13646 "-" "Mozilla/5.0 (compatible; Googlebot/2.1; +http://www.google.com/bot.html)"
173.199.116.59 - - [01/May/2013:10:44:20 +0200] "GET /lexikon.php?cs_go=3&cs_id=168 HTTP/1.1" 200 9138 "-" "Mozilla/5.0 (compatible; AhrefsBot/4.0; +http://ahrefs.com/robot/)"
173.199.116.59 - - [01/May/2013:10:50:58 +0200] "GET /news.php?cs_go=archiv&cs_id=3558&cs_search= HTTP/1.1" 200 11786 "-" "Mozilla/5.0 (compatible; AhrefsBot/4.0; +http://ahrefs.com/robot/)"
173.199.116.59 - - [01/May/2013:11:04:19 +0200] "GET /news.php?cs_go=archiv&cs_id=3841&cs_search= HTTP/1.1" 200 9922 "-" "Mozilla/5.0 (compatible; AhrefsBot/4.0; +http://ahrefs.com/robot/)"
173.199.116.59 - - [01/May/2013:11:12:02 +0200] "GET /optiplus.php HTTP/1.1" 200 11100 "-" "Mozilla/5.0 (compatible; AhrefsBot/4.0; +http://ahrefs.com/robot/)"
65.36.241.79 - - [01/May/2013:11:12:56 +0200] "HEAD / HTTP/1.1" 200 - "-" "InternetSeer.com"
173.199.116.59 - - [01/May/2013:11:24:35 +0200] "GET /lexikon.php?cs_go=3&cs_id=5 HTTP/1.1" 200 8188 "-" "Mozilla/5.0 (compatible; AhrefsBot/4.0; +http://ahrefs.com/robot/)"
173.199.116.59 - - [01/May/2013:11:26:06 +0200] "GET /lexikon.php?cs_go=3&cs_id=34 HTTP/1.1" 200 8366 "-" "Mozilla/5.0 (compatible; AhrefsBot/4.0; +http://ahrefs.com/robot/)"
66.249.74.81 - - [01/May/2013:11:26:41 +0200] "GET /lexikon.php?cs_go=3&cs_id=73 HTTP/1.1" 200 9627 "-" "Mozilla/5.0 (compatible; Googlebot/2.1; +http://www.google.com/bot.html)"
173.199.116.59 - - [01/May/2013:11:30:54 +0200] "GET /lexikon.php?cs_go=3&cs_id=146 HTTP/1.1" 200 8617 "-" "Mozilla/5.0 (compatible; AhrefsBot/4.0; +http://ahrefs.com/robot/)"
64.246.165.160 - - [01/May/2013:11:35:27 +0200] "GET /robots.txt HTTP/1.0" 200 177 "-" "Mozilla/5.0 (Windows; U; Windows NT 5.1; en; rv:1.9.0.13) Gecko/2009073022 Firefox/3.5.2 (.NET CLR 3.5.30729) SurveyBot/2.3 (DomainTools)"
64.246.165.160 - - [01/May/2013:11:35:28 +0200] "GET / HTTP/1.1" 200 12203 "http://whois.domaintools.com/mink-gmbh.de" "Mozilla/5.0 (Windows; U; Windows NT 5.1; en; rv:1.9.0.13) Gecko/2009073022 Firefox/3.5.2 (.NET CLR 3.5.30729) SurveyBot/2.3 (DomainTools)"
66.249.78.46 - - [01/May/2013:11:56:47 +0200] "GET /news.php?cs_go=archiv&cs_id=3834 HTTP/1.1" 200 12750 "-" "Mozilla/5.0 (compatible; Googlebot/2.1; +http://www.google.com/bot.html)"
141.8.147.12 - - [01/May/2013:12:10:29 +0200] "GET /news.php?cs_go=archiv&cs_id=4071&cs_search= HTTP/1.1" 200 9889 "-" "Mozilla/5.0 (compatible; YandexBot/3.0; +http://yandex.com/bots)"
173.199.116.59 - - [01/May/2013:12:25:32 +0200] "GET /news.php?cs_go=archiv&cs_startpos=701 HTTP/1.1" 200 8125 "-" "Mozilla/5.0 (compatible; AhrefsBot/4.0; +http://ahrefs.com/robot/)"
66.249.78.46 - - [01/May/2013:12:26:48 +0200] "GET /additive.php HTTP/1.1" 200 8372 "-" "Mozilla/5.0 (compatible; Googlebot/2.1; +http://www.google.com/bot.html)"
66.249.78.46 - - [01/May/2013:12:26:49 +0200] "GET /news.php HTTP/1.1" 200 22100 "-" "SAMSUNG-SGH-E250/1.0 Profile/MIDP-2.0 Configuration/CLDC-1.1 UP.Browser/6.2.3.3.c.1.101 (GUI) MMP/2.0 (compatible; Googlebot-Mobile/2.1; +http://www.google.com/bot.html)"
66.249.78.46 - - [01/May/2013:12:31:08 +0200] "GET /news.php?cs_go=archiv&cs_id=3281 HTTP/1.1" 200 10296 "-" "Mozilla/5.0 (compatible; Googlebot/2.1; +http://www.google.com/bot.html)"
123.125.71.56 - - [01/May/2013:12:33:31 +0200] "GET / HTTP/1.1" 200 6437 "-" "Mozilla/5.0 (compatible; Baiduspider/2.0; +http://www.baidu.com/search/spider.html)"
220.181.108.87 - - [01/May/2013:12:34:04 +0200] "GET / HTTP/1.1" 200 6437 "-" "Mozilla/5.0 (compatible; Baiduspider/2.0; +http://www.baidu.com/search/spider.html)"
173.199.116.59 - - [01/May/2013:12:36:05 +0200] "GET /lexikon.php?cs_go=3&cs_id=71 HTTP/1.1" 200 9121 "-" "Mozilla/5.0 (compatible; AhrefsBot/4.0; +http://ahrefs.com/robot/)"
173.199.116.59 - - [01/May/2013:12:53:00 +0200] "GET /news.php?cs_go=archiv&cs_startpos=140 HTTP/1.1" 200 22680 "-" "Mozilla/5.0 (compatible; AhrefsBot/4.0; +http://ahrefs.com/robot/)"
173.199.116.59 - - [01/May/2013:13:11:02 +0200] "GET /news.php?cs_go=archiv&cs_id=3664&cs_search= HTTP/1.1" 200 10048 "-" "Mozilla/5.0 (compatible; AhrefsBot/4.0; +http://ahrefs.com/robot/)"
66.249.78.46 - - [01/May/2013:13:12:21 +0200] "GET /robots.txt HTTP/1.1" 200 177 "-" "Mozilla/5.0 (compatible; Googlebot/2.1; +http://www.google.com/bot.html)"
66.249.75.49 - - [01/May/2013:13:12:21 +0200] "GET /news.php?cs_go=archiv&cs_id=4109 HTTP/1.1" 200 11391 "-" "Mozilla/5.0 (iPhone; U; CPU iPhone OS 4_1 like Mac OS X; en-us) AppleWebKit/532.9 (KHTML, like Gecko) Version/4.0.5 Mobile/8B117 Safari/6531.22.7 (compatible; Googlebot-Mobile/2.1; +http://www.google.com/bot.html)"
141.8.147.12 - - [01/May/2013:13:26:31 +0200] "GET /lexikon.php?cs_go=3&cs_id=40 HTTP/1.1" 200 12171 "-" "Mozilla/5.0 (compatible; YandexBot/3.0; +http://yandex.com/bots)"
173.199.116.59 - - [01/May/2013:13:30:12 +0200] "GET /news.php?cs_go=archiv&cs_startpos=130 HTTP/1.1" 200 23021 "-" "Mozilla/5.0 (compatible; AhrefsBot/4.0; +http://ahrefs.com/robot/)"
66.249.78.46 - - [01/May/2013:13:31:01 +0200] "GET /news.php?cs_go=archiv&cs_id=4002 HTTP/1.1" 200 13595 "-" "SAMSUNG-SGH-E250/1.0 Profile/MIDP-2.0 Configuration/CLDC-1.1 UP.Browser/6.2.3.3.c.1.101 (GUI) MMP/2.0 (compatible; Googlebot-Mobile/2.1; +http://www.google.com/bot.html)"
173.199.116.59 - - [01/May/2013:13:34:54 +0200] "GET /news.php?cs_go=archiv&cs_startpos=50 HTTP/1.1" 200 22902 "-" "Mozilla/5.0 (compatible; AhrefsBot/4.0; +http://ahrefs.com/robot/)"
173.199.116.59 - - [01/May/2013:13:42:45 +0200] "GET /news.php?cs_go=archiv&cs_id=3696 HTTP/1.1" 200 13536 "-" "Mozilla/5.0 (compatible; AhrefsBot/4.0; +http://ahrefs.com/robot/)"
66.249.78.46 - - [01/May/2013:13:44:07 +0200] "GET /news.php?cs_go=archiv&cs_id=3860 HTTP/1.1" 200 11037 "-" "Mozilla/5.0 (compatible; Googlebot/2.1; +http://www.google.com/bot.html)"
173.199.116.59 - - [01/May/2013:13:45:12 +0200] "GET /lexikon.php?cs_go=3&cs_id=59 HTTP/1.1" 200 8709 "-" "Mozilla/5.0 (compatible; AhrefsBot/4.0; +http://ahrefs.com/robot/)"
173.199.116.59 - - [01/May/2013:13:49:46 +0200] "GET /news.php?cs_go=archiv&cs_id=4133&cs_search= HTTP/1.1" 200 14021 "-" "Mozilla/5.0 (compatible; AhrefsBot/4.0; +http://ahrefs.com/robot/)"
66.249.75.49 - - [01/May/2013:13:52:37 +0200] "GET /news.php?cs_go=archiv&cs_id=3859 HTTP/1.1" 200 13184 "-" "Mozilla/5.0 (compatible; Googlebot/2.1; +http://www.google.com/bot.html)"
173.199.116.59 - - [01/May/2013:13:56:39 +0200] "GET /news.php?cs_go=archiv&cs_id=4112&cs_search= HTTP/1.1" 200 11870 "-" "Mozilla/5.0 (compatible; AhrefsBot/4.0; +http://ahrefs.com/robot/)"
66.249.78.46 - - [01/May/2013:14:01:10 +0200] "GET /news.php?cs_go=archiv&cs_id=3678 HTTP/1.1" 200 11683 "-" "Mozilla/5.0 (compatible; Googlebot/2.1; +http://www.google.com/bot.html)"
66.249.78.46 - - [01/May/2013:14:13:58 +0200] "GET /news.php?cs_go=archiv&cs_id=2918&cs_search= HTTP/1.1" 200 13587 "-" "Mozilla/5.0 (iPhone; U; CPU iPhone OS 4_1 like Mac OS X; en-us) AppleWebKit/532.9 (KHTML, like Gecko) Version/4.0.5 Mobile/8B117 Safari/6531.22.7 (compatible; Googlebot-Mobile/2.1; +http://www.google.com/bot.html)"
144.76.13.77 - - [01/May/2013:14:20:11 +0200] "GET /agb.php HTTP/1.1" 200 19709 "-" "Mozilla/4.0 (compatible; MSIE 6.0; Windows NT 5.1; SV1)"
139.18.2.209 - - [01/May/2013:14:28:18 +0200] "GET /news.php HTTP/1.1" 200 6992 "-" "findlinks/2.6 (+http://wortschatz.uni-leipzig.de/findlinks/)"
139.18.2.209 - - [01/May/2013:14:28:18 +0200] "GET /news.php HTTP/1.1" 200 22013 "-" "findlinks/2.6 (+http://wortschatz.uni-leipzig.de/findlinks/)"
173.199.116.59 - - [01/May/2013:14:35:11 +0200] "GET /news.php?cs_go=archiv&cs_id=2717&cs_search= HTTP/1.1" 200 10318 "-" "Mozilla/5.0 (compatible; AhrefsBot/4.0; +http://ahrefs.com/robot/)"
5.135.164.12 - - [01/May/2013:14:49:37 +0200] "GET /faq.php HTTP/1.0" 200 184037 "http://www.mink-gmbh.de/faq.php" "Mozilla/4.0 (compatible; MSIE 6.0; Windows NT 5.2; SV1; .NET CLR 1.1.4322)"
66.249.78.46 - - [01/May/2013:15:23:16 +0200] "GET /news.php?cs_go=archiv&cs_id=3641 HTTP/1.1" 200 10135 "-" "Mozilla/5.0 (compatible; Googlebot/2.1; +http://www.google.com/bot.html)"
66.249.78.46 - - [01/May/2013:15:27:14 +0200] "GET /news.php?cs_go=archiv&cs_id=3713 HTTP/1.1" 200 15868 "-" "Mozilla/5.0 (compatible; Googlebot/2.1; +http://www.google.com/bot.html)"
88.190.57.92 - - [01/May/2013:16:11:52 +0200] "GET /js_contentserver24_greybox/AJS.js HTTP/1.1" 200 10396 "http://abtasty.com/" "Mozilla/5.0 (X11; Linux x86_64) AppleWebKit/534.34 (KHTML, like Gecko) Qt/4.8.1 Safari/534.34"
88.190.57.92 - - [01/May/2013:16:11:52 +0200] "GET /js_contentserver24_greybox/AJS_fx.js HTTP/1.1" 200 3192 "http://abtasty.com/" "Mozilla/5.0 (X11; Linux x86_64) AppleWebKit/534.34 (KHTML, like Gecko) Qt/4.8.1 Safari/534.34"
88.190.57.92 - - [01/May/2013:16:11:52 +0200] "GET /js_contentserver24_greybox/gb_scripts.js HTTP/1.1" 200 11913 "http://abtasty.com/" "Mozilla/5.0 (X11; Linux x86_64) AppleWebKit/534.34 (KHTML, like Gecko) Qt/4.8.1 Safari/534.34"
88.190.57.92 - - [01/May/2013:16:11:52 +0200] "GET / HTTP/1.1" 200 12203 "http://abtasty.com/" "Mozilla/5.0 (X11; Linux x86_64) AppleWebKit/534.34 (KHTML, like Gecko) Qt/4.8.1 Safari/534.34"
88.190.57.92 - - [01/May/2013:16:11:55 +0200] "GET /js_contentserver24_greybox/loader_frame.html?s=0 HTTP/1.1" 200 2084 "http://abtasty.com/" "Mozilla/5.0 (X11; Linux x86_64) AppleWebKit/534.34 (KHTML, like Gecko) Qt/4.8.1 Safari/534.34"
65.36.241.79 - - [01/May/2013:16:40:36 +0200] "HEAD / HTTP/1.1" 200 - "-" "InternetSeer.com"
139.18.2.209 - - [01/May/2013:16:59:49 +0200] "GET /index.php HTTP/1.1" 200 3409 "-" "findlinks/2.6 (+http://wortschatz.uni-leipzig.de/findlinks/)"
139.18.2.209 - - [01/May/2013:16:59:49 +0200] "GET /index.php HTTP/1.1" 200 11462 "-" "findlinks/2.6 (+http://wortschatz.uni-leipzig.de/findlinks/)"
173.199.116.59 - - [01/May/2013:17:00:41 +0200] "GET /news.php?cs_go=archiv&cs_startpos=10 HTTP/1.1" 200 22368 "-" "Mozilla/5.0 (compatible; AhrefsBot/4.0; +http://ahrefs.com/robot/)"
173.199.116.59 - - [01/May/2013:17:14:16 +0200] "GET /news.php?cs_go=archiv&cs_id=2746&cs_search= HTTP/1.1" 200 14524 "-" "Mozilla/5.0 (compatible; AhrefsBot/4.0; +http://ahrefs.com/robot/)"
66.249.78.46 - - [01/May/2013:17:21:43 +0200] "GET /robots.txt HTTP/1.1" 200 177 "-" "Mozilla/5.0 (compatible; Googlebot/2.1; +http://www.google.com/bot.html)"
66.249.75.49 - - [01/May/2013:17:21:43 +0200] "GET /news.php?cs_go=archiv&cs_id=3589 HTTP/1.1" 200 13594 "-" "Mozilla/5.0 (compatible; Googlebot/2.1; +http://www.google.com/bot.html)"
173.199.116.59 - - [01/May/2013:17:25:01 +0200] "GET /news.php?cs_go=archiv&cs_id=3929&cs_search= HTTP/1.1" 200 12459 "-" "Mozilla/5.0 (compatible; AhrefsBot/4.0; +http://ahrefs.com/robot/)"
123.125.71.72 - - [01/May/2013:17:41:58 +0200] "GET /robots.txt HTTP/1.1" 200 177 "-" "Mozilla/5.0 (Windows NT 5.1; rv:6.0.2) Gecko/20100101 Firefox/6.0.2"
173.199.116.59 - - [01/May/2013:17:53:39 +0200] "GET /lexikon.php?cs_go=3&cs_id=231 HTTP/1.1" 200 8371 "-" "Mozilla/5.0 (compatible; AhrefsBot/4.0; +http://ahrefs.com/robot/)"
173.199.116.59 - - [01/May/2013:17:56:17 +0200] "GET /news.php?cs_go=archiv&cs_id=2718&cs_search= HTTP/1.1" 200 13413 "-" "Mozilla/5.0 (compatible; AhrefsBot/4.0; +http://ahrefs.com/robot/)"
66.249.78.46 - - [01/May/2013:18:05:01 +0200] "GET /jobs.php HTTP/1.1" 200 7200 "-" "Mozilla/5.0 (iPhone; U; CPU iPhone OS 4_1 like Mac OS X; en-us) AppleWebKit/532.9 (KHTML, like Gecko) Version/4.0.5 Mobile/8B117 Safari/6531.22.7 (compatible; Googlebot-Mobile/2.1; +http://www.google.com/bot.html)"
66.249.75.49 - - [01/May/2013:18:09:20 +0200] "GET /optiplus.php HTTP/1.1" 200 11100 "-" "DoCoMo/2.0 N905i(c100;TB;W24H16) (compatible; Googlebot-Mobile/2.1; +http://www.google.com/bot.html)"
173.199.116.59 - - [01/May/2013:18:23:52 +0200] "GET /lexikon.php?cs_go=3&cs_id=148 HTTP/1.1" 200 8520 "-" "Mozilla/5.0 (compatible; AhrefsBot/4.0; +http://ahrefs.com/robot/)"
173.199.116.59 - - [01/May/2013:18:26:11 +0200] "GET /news.php?cs_go=archiv&cs_id=4126&cs_search= HTTP/1.1" 200 11508 "-" "Mozilla/5.0 (compatible; AhrefsBot/4.0; +http://ahrefs.com/robot/)"
173.199.116.59 - - [01/May/2013:18:41:01 +0200] "GET /news.php?cs_go=archiv&cs_id=3851 HTTP/1.1" 200 9919 "-" "Mozilla/5.0 (compatible; AhrefsBot/4.0; +http://ahrefs.com/robot/)"
173.199.116.59 - - [01/May/2013:19:26:22 +0200] "GET /news.php?cs_go=archiv&cs_startpos=180 HTTP/1.1" 200 22832 "-" "Mozilla/5.0 (compatible; AhrefsBot/4.0; +http://ahrefs.com/robot/)"
173.199.116.59 - - [01/May/2013:20:00:08 +0200] "GET /lexikon.php?cs_go=3&cs_id=92 HTTP/1.1" 200 8525 "-" "Mozilla/5.0 (compatible; AhrefsBot/4.0; +http://ahrefs.com/robot/)"
173.199.116.59 - - [01/May/2013:20:00:18 +0200] "GET /news.php?cs_go=archiv&cs_id=3650&cs_search= HTTP/1.1" 200 13418 "-" "Mozilla/5.0 (compatible; AhrefsBot/4.0; +http://ahrefs.com/robot/)"
66.249.78.46 - - [01/May/2013:20:00:34 +0200] "GET /news.php?cs_go=archiv&cs_id=4115&cs_search= HTTP/1.1" 200 11713 "-" "Mozilla/5.0 (iPhone; U; CPU iPhone OS 4_1 like Mac OS X; en-us) AppleWebKit/532.9 (KHTML, like Gecko) Version/4.0.5 Mobile/8B117 Safari/6531.22.7 (compatible; Googlebot-Mobile/2.1; +http://www.google.com/bot.html)"
65.55.52.97 - - [01/May/2013:20:27:29 +0200] "GET /robots.txt HTTP/1.1" 200 177 "-" "Mozilla/5.0 (compatible; bingbot/2.0; +http://www.bing.com/bingbot.htm)"
65.55.52.97 - - [01/May/2013:20:29:10 +0200] "GET / HTTP/1.1" 200 12203 "-" "Mozilla/5.0 (compatible; bingbot/2.0; +http://www.bing.com/bingbot.htm)"
173.199.116.59 - - [01/May/2013:21:21:17 +0200] "GET /lexikon.php?cs_go=3&cs_id=88 HTTP/1.1" 200 8816 "-" "Mozilla/5.0 (compatible; AhrefsBot/4.0; +http://ahrefs.com/robot/)"
92.78.241.96 - - [01/May/2013:21:27:48 +0200] "GET /style.css HTTP/1.1" 200 8418 "http://www.mink-gmbh.de/" "Mozilla/5.0 (Linux; U; Android 4.1.2; de-de; GT-I9300 Build/JZO54K) AppleWebKit/534.30 (KHTML, like Gecko) Version/4.0 Mobile Safari/534.30"
92.78.241.96 - - [01/May/2013:21:27:48 +0200] "GET /modul.css HTTP/1.1" 200 35038 "http://www.mink-gmbh.de/" "Mozilla/5.0 (Linux; U; Android 4.1.2; de-de; GT-I9300 Build/JZO54K) AppleWebKit/534.30 (KHTML, like Gecko) Version/4.0 Mobile Safari/534.30"
92.78.241.96 - - [01/May/2013:21:27:48 +0200] "GET /js_contentserver24_greybox/gb_styles.css HTTP/1.1" 200 2302 "http://www.mink-gmbh.de/" "Mozilla/5.0 (Linux; U; Android 4.1.2; de-de; GT-I9300 Build/JZO54K) AppleWebKit/534.30 (KHTML, like Gecko) Version/4.0 Mobile Safari/534.30"
92.78.241.96 - - [01/May/2013:21:27:48 +0200] "GET /js_contentserver24_greybox/AJS.js HTTP/1.1" 200 10396 "http://www.mink-gmbh.de/" "Mozilla/5.0 (Linux; U; Android 4.1.2; de-de; GT-I9300 Build/JZO54K) AppleWebKit/534.30 (KHTML, like Gecko) Version/4.0 Mobile Safari/534.30"
92.78.241.96 - - [01/May/2013:21:27:48 +0200] "GET /js_contentserver24_greybox/AJS_fx.js HTTP/1.1" 200 3192 "http://www.mink-gmbh.de/" "Mozilla/5.0 (Linux; U; Android 4.1.2; de-de; GT-I9300 Build/JZO54K) AppleWebKit/534.30 (KHTML, like Gecko) Version/4.0 Mobile Safari/534.30"
92.78.241.96 - - [01/May/2013:21:27:48 +0200] "GET /js_contentserver24_greybox/gb_scripts.js HTTP/1.1" 200 11913 "http://www.mink-gmbh.de/" "Mozilla/5.0 (Linux; U; Android 4.1.2; de-de; GT-I9300 Build/JZO54K) AppleWebKit/534.30 (KHTML, like Gecko) Version/4.0 Mobile Safari/534.30"
92.78.241.96 - - [01/May/2013:21:27:48 +0200] "GET / HTTP/1.1" 200 12203 "-" "Mozilla/5.0 (Linux; U; Android 4.1.2; de-de; GT-I9300 Build/JZO54K) AppleWebKit/534.30 (KHTML, like Gecko) Version/4.0 Mobile Safari/534.30"
92.78.241.96 - - [01/May/2013:21:27:49 +0200] "GET /images/bg.jpg HTTP/1.1" 200 345 "http://www.mink-gmbh.de/" "Mozilla/5.0 (Linux; U; Android 4.1.2; de-de; GT-I9300 Build/JZO54K) AppleWebKit/534.30 (KHTML, like Gecko) Version/4.0 Mobile Safari/534.30"
92.78.241.96 - - [01/May/2013:21:27:49 +0200] "GET /images/kwk.gif HTTP/1.1" 200 6403 "http://www.mink-gmbh.de/" "Mozilla/5.0 (Linux; U; Android 4.1.2; de-de; GT-I9300 Build/JZO54K) AppleWebKit/534.30 (KHTML, like Gecko) Version/4.0 Mobile Safari/534.30"
92.78.241.96 - - [01/May/2013:21:27:49 +0200] "GET /images/mail.jpg HTTP/1.1" 200 11165 "http://www.mink-gmbh.de/" "Mozilla/5.0 (Linux; U; Android 4.1.2; de-de; GT-I9300 Build/JZO54K) AppleWebKit/534.30 (KHTML, like Gecko) Version/4.0 Mobile Safari/534.30"
92.78.241.96 - - [01/May/2013:21:27:49 +0200] "GET /images/logos.jpg HTTP/1.1" 200 15002 "http://www.mink-gmbh.de/" "Mozilla/5.0 (Linux; U; Android 4.1.2; de-de; GT-I9300 Build/JZO54K) AppleWebKit/534.30 (KHTML, like Gecko) Version/4.0 Mobile Safari/534.30"
92.78.241.96 - - [01/May/2013:21:27:49 +0200] "GET /images/wunschpreis.jpg HTTP/1.1" 200 16767 "http://www.mink-gmbh.de/" "Mozilla/5.0 (Linux; U; Android 4.1.2; de-de; GT-I9300 Build/JZO54K) AppleWebKit/534.30 (KHTML, like Gecko) Version/4.0 Mobile Safari/534.30"
92.78.241.96 - - [01/May/2013:21:27:49 +0200] "GET /images/freecall.jpg HTTP/1.1" 200 39195 "http://www.mink-gmbh.de/" "Mozilla/5.0 (Linux; U; Android 4.1.2; de-de; GT-I9300 Build/JZO54K) AppleWebKit/534.30 (KHTML, like Gecko) Version/4.0 Mobile Safari/534.30"
92.78.241.96 - - [01/May/2013:21:27:49 +0200] "GET /images/tkw.jpg HTTP/1.1" 200 64031 "http://www.mink-gmbh.de/" "Mozilla/5.0 (Linux; U; Android 4.1.2; de-de; GT-I9300 Build/JZO54K) AppleWebKit/534.30 (KHTML, like Gecko) Version/4.0 Mobile Safari/534.30"
92.78.241.96 - - [01/May/2013:21:27:49 +0200] "GET /js_contentserver24_greybox/w_close.gif HTTP/1.1" 200 74 "http://www.mink-gmbh.de/" "Mozilla/5.0 (Linux; U; Android 4.1.2; de-de; GT-I9300 Build/JZO54K) AppleWebKit/534.30 (KHTML, like Gecko) Version/4.0 Mobile Safari/534.30"
92.78.241.96 - - [01/May/2013:21:27:49 +0200] "GET /images/close.png HTTP/1.1" 200 703 "http://www.mink-gmbh.de/" "Mozilla/5.0 (Linux; U; Android 4.1.2; de-de; GT-I9300 Build/JZO54K) AppleWebKit/534.30 (KHTML, like Gecko) Version/4.0 Mobile Safari/534.30"
92.78.241.96 - - [01/May/2013:21:27:49 +0200] "GET /images/newsletter.png HTTP/1.1" 200 14619 "http://www.mink-gmbh.de/" "Mozilla/5.0 (Linux; U; Android 4.1.2; de-de; GT-I9300 Build/JZO54K) AppleWebKit/534.30 (KHTML, like Gecko) Version/4.0 Mobile Safari/534.30"
92.78.241.96 - - [01/May/2013:21:27:49 +0200] "GET /images/wrapperbg.jpg HTTP/1.1" 200 27465 "http://www.mink-gmbh.de/" "Mozilla/5.0 (Linux; U; Android 4.1.2; de-de; GT-I9300 Build/JZO54K) AppleWebKit/534.30 (KHTML, like Gecko) Version/4.0 Mobile Safari/534.30"
92.78.241.96 - - [01/May/2013:21:27:50 +0200] "GET /images/header.jpg HTTP/1.1" 200 24413 "http://www.mink-gmbh.de/" "Mozilla/5.0 (Linux; U; Android 4.1.2; de-de; GT-I9300 Build/JZO54K) AppleWebKit/534.30 (KHTML, like Gecko) Version/4.0 Mobile Safari/534.30"
92.78.241.96 - - [01/May/2013:21:27:50 +0200] "GET /images/navibg.png HTTP/1.1" 200 2803 "http://www.mink-gmbh.de/" "Mozilla/5.0 (Linux; U; Android 4.1.2; de-de; GT-I9300 Build/JZO54K) AppleWebKit/534.30 (KHTML, like Gecko) Version/4.0 Mobile Safari/534.30"
92.78.241.96 - - [01/May/2013:21:27:50 +0200] "GET /images/steigend.png HTTP/1.1" 200 688 "http://www.mink-gmbh.de/" "Mozilla/5.0 (Linux; U; Android 4.1.2; de-de; GT-I9300 Build/JZO54K) AppleWebKit/534.30 (KHTML, like Gecko) Version/4.0 Mobile Safari/534.30"
92.78.241.96 - - [01/May/2013:21:27:50 +0200] "GET /images/fallend.png HTTP/1.1" 200 713 "http://www.mink-gmbh.de/" "Mozilla/5.0 (Linux; U; Android 4.1.2; de-de; GT-I9300 Build/JZO54K) AppleWebKit/534.30 (KHTML, like Gecko) Version/4.0 Mobile Safari/534.30"
92.78.241.96 - - [01/May/2013:21:27:50 +0200] "GET /images/newsletter.jpg HTTP/1.1" 200 13130 "http://www.mink-gmbh.de/" "Mozilla/5.0 (Linux; U; Android 4.1.2; de-de; GT-I9300 Build/JZO54K) AppleWebKit/534.30 (KHTML, like Gecko) Version/4.0 Mobile Safari/534.30"
92.78.241.96 - - [01/May/2013:21:27:50 +0200] "GET /images/footerbg.jpg HTTP/1.1" 200 2184 "http://www.mink-gmbh.de/" "Mozilla/5.0 (Linux; U; Android 4.1.2; de-de; GT-I9300 Build/JZO54K) AppleWebKit/534.30 (KHTML, like Gecko) Version/4.0 Mobile Safari/534.30"
92.78.241.96 - - [01/May/2013:21:27:50 +0200] "GET /js_contentserver24_greybox/loader_frame.html?s=0 HTTP/1.1" 200 2084 "http://www.mink-gmbh.de/" "Mozilla/5.0 (Linux; U; Android 4.1.2; de-de; GT-I9300 Build/JZO54K) AppleWebKit/534.30 (KHTML, like Gecko) Version/4.0 Mobile Safari/534.30"
92.78.241.96 - - [01/May/2013:21:27:49 +0200] "GET /images/newsletter_bg.jpg HTTP/1.1" 200 33610 "http://www.mink-gmbh.de/" "Mozilla/5.0 (Linux; U; Android 4.1.2; de-de; GT-I9300 Build/JZO54K) AppleWebKit/534.30 (KHTML, like Gecko) Version/4.0 Mobile Safari/534.30"
92.78.241.96 - - [01/May/2013:21:27:50 +0200] "GET /images/mobil.jpg HTTP/1.1" 200 25293 "http://www.mink-gmbh.de/" "Mozilla/5.0 (Linux; U; Android 4.1.2; de-de; GT-I9300 Build/JZO54K) AppleWebKit/534.30 (KHTML, like Gecko) Version/4.0 Mobile Safari/534.30"
92.78.241.96 - - [01/May/2013:21:27:50 +0200] "GET /js_contentserver24_greybox/indicator.gif HTTP/1.1" 200 8238 "http://www.mink-gmbh.de/js_contentserver24_greybox/loader_frame.html?s=0" "Mozilla/5.0 (Linux; U; Android 4.1.2; de-de; GT-I9300 Build/JZO54K) AppleWebKit/534.30 (KHTML, like Gecko) Version/4.0 Mobile Safari/534.30"
92.78.241.96 - - [01/May/2013:21:27:50 +0200] "GET /js_contentserver24_greybox/header_bg.gif HTTP/1.1" 200 1188 "http://www.mink-gmbh.de/" "Mozilla/5.0 (Linux; U; Android 4.1.2; de-de; GT-I9300 Build/JZO54K) AppleWebKit/534.30 (KHTML, like Gecko) Version/4.0 Mobile Safari/534.30"
92.78.241.96 - - [01/May/2013:21:27:50 +0200] "GET /js_contentserver24_greybox/g_close.gif HTTP/1.1" 200 541 "http://www.mink-gmbh.de/" "Mozilla/5.0 (Linux; U; Android 4.1.2; de-de; GT-I9300 Build/JZO54K) AppleWebKit/534.30 (KHTML, like Gecko) Version/4.0 Mobile Safari/534.30"
92.78.241.96 - - [01/May/2013:21:27:50 +0200] "GET /favicon.ico HTTP/1.1" 200 3638 "http://www.mink-gmbh.de/" "Mozilla/5.0 (Linux; U; Android 4.1.2; de-de; GT-I9300 Build/JZO54K) AppleWebKit/534.30 (KHTML, like Gecko) Version/4.0 Mobile Safari/534.30"
92.78.241.96 - - [01/May/2013:21:28:22 +0200] "GET /preisanfrage.php HTTP/1.1" 200 10648 "http://www.mink-gmbh.de/" "Mozilla/5.0 (Linux; U; Android 4.1.2; de-de; GT-I9300 Build/JZO54K) AppleWebKit/534.30 (KHTML, like Gecko) Version/4.0 Mobile Safari/534.30"
92.78.241.96 - - [01/May/2013:21:28:24 +0200] "GET / HTTP/1.1" 200 11462 "-" "Mozilla/5.0 (Linux; U; Android 4.1.2; de-de; GT-I9300 Build/JZO54K) AppleWebKit/534.30 (KHTML, like Gecko) Version/4.0 Mobile Safari/534.30"
92.78.241.96 - - [01/May/2013:21:28:38 +0200] "GET /wunschpreis.php HTTP/1.1" 200 11997 "http://www.mink-gmbh.de/" "Mozilla/5.0 (Linux; U; Android 4.1.2; de-de; GT-I9300 Build/JZO54K) AppleWebKit/534.30 (KHTML, like Gecko) Version/4.0 Mobile Safari/534.30"
66.249.78.46 - - [01/May/2013:21:33:03 +0200] "GET /news.php?cs_go=archiv&cs_id=2940 HTTP/1.1" 200 10432 "-" "Mozilla/5.0 (iPhone; U; CPU iPhone OS 4_1 like Mac OS X; en-us) AppleWebKit/532.9 (KHTML, like Gecko) Version/4.0.5 Mobile/8B117 Safari/6531.22.7 (compatible; Googlebot-Mobile/2.1; +http://www.google.com/bot.html)"
65.36.241.79 - - [01/May/2013:22:01:17 +0200] "HEAD / HTTP/1.1" 200 - "-" "InternetSeer.com"
178.63.97.17 - - [01/May/2013:22:34:10 +0200] "GET /news.php?cs_go=archiv&cs_id=3303 HTTP/1.1" 200 10477 "-" "Mozilla/5.0 (Windows; U; Windows NT 5.1; de; rv:1.9.2.8) Gecko/20100722 Firefox/3.6.8"
178.63.97.17 - - [01/May/2013:22:35:31 +0200] "GET /news.php?cs_go=archiv&cs_id=3372 HTTP/1.1" 200 11849 "-" "Mozilla/5.0 (Windows; U; Windows NT 5.1; de; rv:1.9.2.8) Gecko/20100722 Firefox/3.6.8"
178.63.97.17 - - [01/May/2013:22:35:39 +0200] "GET /news.php?cs_go=archiv&cs_id=3001 HTTP/1.1" 200 11350 "-" "Mozilla/5.0 (Windows; U; Windows NT 5.1; de; rv:1.9.2.8) Gecko/20100722 Firefox/3.6.8"
178.63.97.17 - - [01/May/2013:22:35:42 +0200] "GET /news.php?cs_go=archiv&cs_id=3189 HTTP/1.1" 200 11658 "-" "Mozilla/5.0 (Windows; U; Windows NT 5.1; de; rv:1.9.2.8) Gecko/20100722 Firefox/3.6.8"
178.63.97.17 - - [01/May/2013:22:35:55 +0200] "GET /news.php?cs_go=archiv&cs_id=3265 HTTP/1.1" 200 12915 "-" "Mozilla/5.0 (Windows; U; Windows NT 5.1; de; rv:1.9.2.8) Gecko/20100722 Firefox/3.6.8"
66.249.75.49 - - [01/May/2013:22:48:20 +0200] "GET /news.php?cs_go=archiv&cs_id=3969&cs_search= HTTP/1.1" 200 13972 "-" "DoCoMo/2.0 N905i(c100;TB;W24H16) (compatible; Googlebot-Mobile/2.1; +http://www.google.com/bot.html)"
173.199.116.59 - - [01/May/2013:22:51:59 +0200] "GET /lexikon.php?cs_go=3&cs_id=86 HTTP/1.1" 200 8253 "-" "Mozilla/5.0 (compatible; AhrefsBot/4.0; +http://ahrefs.com/robot/)"
173.199.116.59 - - [01/May/2013:22:57:03 +0200] "GET /news.php?cs_go=archiv&cs_id=4131&cs_search= HTTP/1.1" 200 10203 "-" "Mozilla/5.0 (compatible; AhrefsBot/4.0; +http://ahrefs.com/robot/)"
173.199.116.59 - - [01/May/2013:23:16:22 +0200] "GET /news.php?cs_go=archiv&cs_id=3755&cs_search= HTTP/1.1" 200 13128 "-" "Mozilla/5.0 (compatible; AhrefsBot/4.0; +http://ahrefs.com/robot/)"
173.199.116.59 - - [01/May/2013:23:27:52 +0200] "GET /lexikon.php?cs_go=3&cs_id=81 HTTP/1.1" 200 8420 "-" "Mozilla/5.0 (compatible; AhrefsBot/4.0; +http://ahrefs.com/robot/)"
66.249.78.46 - - [02/May/2013:00:10:45 +0200] "GET /news.php?cs_go=archiv&cs_id=4102&cs_search= HTTP/1.1" 200 13947 "-" "SAMSUNG-SGH-E250/1.0 Profile/MIDP-2.0 Configuration/CLDC-1.1 UP.Browser/6.2.3.3.c.1.101 (GUI) MMP/2.0 (compatible; Googlebot-Mobile/2.1; +http://www.google.com/bot.html)"
173.199.116.59 - - [02/May/2013:00:27:24 +0200] "GET /news.php?cs_go=archiv&cs_id=2744&cs_search= HTTP/1.1" 200 10039 "-" "Mozilla/5.0 (compatible; AhrefsBot/4.0; +http://ahrefs.com/robot/)"
173.199.116.59 - - [02/May/2013:00:28:29 +0200] "GET /news.php?cs_go=archiv&cs_id=2748&cs_search= HTTP/1.1" 200 11802 "-" "Mozilla/5.0 (compatible; AhrefsBot/4.0; +http://ahrefs.com/robot/)"
173.199.116.59 - - [02/May/2013:00:41:09 +0200] "GET /news.php?cs_go=archiv&cs_id=3917&cs_search= HTTP/1.1" 200 13509 "-" "Mozilla/5.0 (compatible; AhrefsBot/4.0; +http://ahrefs.com/robot/)"
173.199.116.59 - - [02/May/2013:01:59:34 +0200] "GET /news.php?cs_go=archiv&cs_id=3578&cs_search= HTTP/1.1" 200 11518 "-" "Mozilla/5.0 (compatible; AhrefsBot/4.0; +http://ahrefs.com/robot/)"
173.199.116.59 - - [02/May/2013:02:38:15 +0200] "GET /lexikon.php?cs_go=3&cs_id=159 HTTP/1.1" 200 9759 "-" "Mozilla/5.0 (compatible; AhrefsBot/4.0; +http://ahrefs.com/robot/)"
66.249.75.49 - - [02/May/2013:02:51:38 +0200] "GET /news.php HTTP/1.1" 200 22100 "-" "DoCoMo/2.0 N905i(c100;TB;W24H16) (compatible; Googlebot-Mobile/2.1; +http://www.google.com/bot.html)"
173.199.116.59 - - [02/May/2013:02:53:08 +0200] "GET /news.php?cs_go=archiv&cs_id=2722&cs_search= HTTP/1.1" 200 10332 "-" "Mozilla/5.0 (compatible; AhrefsBot/4.0; +http://ahrefs.com/robot/)"
173.199.116.59 - - [02/May/2013:02:54:36 +0200] "GET /lexikon.php?cs_go=3&cs_id=30 HTTP/1.1" 200 7997 "-" "Mozilla/5.0 (compatible; AhrefsBot/4.0; +http://ahrefs.com/robot/)"
173.199.116.59 - - [02/May/2013:02:59:28 +0200] "GET /news.php?cs_go=archiv&cs_id=3750&cs_search= HTTP/1.1" 200 13214 "-" "Mozilla/5.0 (compatible; AhrefsBot/4.0; +http://ahrefs.com/robot/)"
66.249.78.46 - - [02/May/2013:03:28:13 +0200] "GET /news.php?cs_go=archiv&cs_id=3963 HTTP/1.1" 200 10179 "-" "Mozilla/5.0 (compatible; Googlebot/2.1; +http://www.google.com/bot.html)"
65.36.241.79 - - [02/May/2013:03:59:37 +0200] "HEAD / HTTP/1.1" 200 - "-" "InternetSeer.com"
157.56.93.62 - - [02/May/2013:04:33:49 +0200] "GET /robots.txt HTTP/1.1" 200 177 "-" "Mozilla/5.0 (compatible; bingbot/2.0; +http://www.bing.com/bingbot.htm)"
157.56.93.62 - - [02/May/2013:04:36:02 +0200] "GET /wunschpreis.php HTTP/1.1" 200 12084 "-" "Mozilla/5.0 (compatible; bingbot/2.0; +http://www.bing.com/bingbot.htm)"
220.181.108.102 - - [02/May/2013:04:46:53 +0200] "GET /images/mail.jpg HTTP/1.1" 200 11165 "-" "Baiduspider-image+(+http://www.baidu.com/search/spider.htm)"
139.18.2.209 - - [02/May/2013:04:55:24 +0200] "GET /news.php?cs_go=archiv&cs_startpos=0 HTTP/1.1" 200 22100 "-" "findlinks/2.6 (+http://wortschatz.uni-leipzig.de/findlinks/)"
139.18.2.209 - - [02/May/2013:04:55:24 +0200] "GET /news.php?cs_go=archiv&cs_startpos=0 HTTP/1.1" 200 22013 "-" "findlinks/2.6 (+http://wortschatz.uni-leipzig.de/findlinks/)"
157.55.33.18 - - [02/May/2013:05:33:27 +0200] "GET /robots.txt HTTP/1.1" 200 177 "-" "Mozilla/5.0 (compatible; bingbot/2.0; +http://www.bing.com/bingbot.htm)"
157.55.32.187 - - [02/May/2013:05:35:30 +0200] "GET /agb.php HTTP/1.1" 200 19709 "-" "Mozilla/5.0 (compatible; bingbot/2.0; +http://www.bing.com/bingbot.htm)"
157.55.32.187 - - [02/May/2013:05:35:30 +0200] "GET /edl.php HTTP/1.1" 200 10801 "-" "Mozilla/5.0 (compatible; bingbot/2.0; +http://www.bing.com/bingbot.htm)"
157.55.33.18 - - [02/May/2013:05:35:34 +0200] "GET / HTTP/1.1" 200 12203 "-" "Mozilla/5.0 (compatible; bingbot/2.0; +http://www.bing.com/bingbot.htm)"
65.55.215.61 - - [02/May/2013:05:36:32 +0200] "GET /robots.txt HTTP/1.1" 200 177 "-" "msnbot-media/1.1 (+http://search.msn.com/msnbot.htm)"
65.55.215.61 - - [02/May/2013:05:36:33 +0200] "GET /images/Optiseite.jpg HTTP/1.1" 200 32107 "-" "msnbot-media/1.1 (+http://search.msn.com/msnbot.htm)"
157.55.32.188 - - [02/May/2013:05:41:36 +0200] "GET /foerdermittel.php HTTP/1.1" 200 12908 "-" "Mozilla/5.0 (compatible; bingbot/2.0; +http://www.bing.com/bingbot.htm)"
157.55.35.81 - - [02/May/2013:05:59:06 +0200] "GET /additive.php HTTP/1.1" 200 8372 "-" "Mozilla/5.0 (compatible; bingbot/2.0; +http://www.bing.com/bingbot.htm)"
157.55.35.81 - - [02/May/2013:05:59:06 +0200] "GET /energiesparcheck.php HTTP/1.1" 200 13581 "-" "Mozilla/5.0 (compatible; bingbot/2.0; +http://www.bing.com/bingbot.htm)"
66.249.78.46 - - [02/May/2013:06:04:04 +0200] "GET /robots.txt HTTP/1.1" 200 177 "-" "Mozilla/5.0 (compatible; Googlebot/2.1; +http://www.google.com/bot.html)"
66.249.78.46 - - [02/May/2013:06:04:05 +0200] "GET / HTTP/1.1" 200 12203 "-" "Mozilla/5.0 (iPhone; U; CPU iPhone OS 4_1 like Mac OS X; en-us) AppleWebKit/532.9 (KHTML, like Gecko) Version/4.0.5 Mobile/8B117 Safari/6531.22.7 (compatible; Googlebot-Mobile/2.1; +http://www.google.com/bot.html)"
188.143.234.127 - - [02/May/2013:07:16:59 +0200] "GET /agb.php HTTP/1.1" 200 19709 "-" "Mozilla/4.0 (compatible; MSIE 6.0; Windows NT 5.1; SV1)"
188.143.234.127 - - [02/May/2013:07:17:00 +0200] "POST /newsletter.php HTTP/1.1" 200 8939 "http://www.mink-gmbh.de/agb.php" "Mozilla/4.0 (compatible; MSIE 6.0; Windows NT 5.1; SV1)"
188.143.234.127 - - [02/May/2013:07:17:00 +0200] "GET /newsletter.php HTTP/1.1" 200 8928 "-" "Mozilla/4.0 (compatible; MSIE 6.0; Windows NT 5.1; SV1)"
188.143.234.127 - - [02/May/2013:07:17:00 +0200] "GET /agb.php HTTP/1.1" 200 19622 "-" "Mozilla/4.0 (compatible; MSIE 6.0; Windows NT 5.1; SV1)"
188.143.234.127 - - [02/May/2013:07:17:02 +0200] "GET / HTTP/1.1" 200 11547 "-" "Mozilla/4.0 (compatible; MSIE 6.0; Windows NT 5.1; SV1)"
188.143.234.127 - - [02/May/2013:07:17:03 +0200] "GET /index.php HTTP/1.1" 200 11462 "-" "Mozilla/4.0 (compatible; MSIE 6.0; Windows NT 5.1; SV1)"
188.143.234.127 - - [02/May/2013:07:17:04 +0200] "GET /standard.php HTTP/1.1" 200 9131 "-" "Mozilla/4.0 (compatible; MSIE 6.0; Windows NT 5.1; SV1)"
188.143.234.127 - - [02/May/2013:07:17:05 +0200] "GET /wunschpreis.php HTTP/1.1" 200 11997 "-" "Mozilla/4.0 (compatible; MSIE 6.0; Windows NT 5.1; SV1)"
188.143.234.127 - - [02/May/2013:07:17:06 +0200] "GET /preisanfrage.php HTTP/1.1" 200 10648 "-" "Mozilla/4.0 (compatible; MSIE 6.0; Windows NT 5.1; SV1)"
188.143.234.127 - - [02/May/2013:07:17:07 +0200] "GET /news.php HTTP/1.1" 200 22013 "-" "Mozilla/4.0 (compatible; MSIE 6.0; Windows NT 5.1; SV1)"
188.143.234.127 - - [02/May/2013:07:17:08 +0200] "GET /faq.php HTTP/1.1" 200 183950 "-" "Mozilla/4.0 (compatible; MSIE 6.0; Windows NT 5.1; SV1)"
188.143.234.127 - - [02/May/2013:07:17:13 +0200] "GET /lexikon.php HTTP/1.1" 200 10464 "-" "Mozilla/4.0 (compatible; MSIE 6.0; Windows NT 5.1; SV1)"
188.143.234.127 - - [02/May/2013:07:17:13 +0200] "GET /energiesparcheck.php HTTP/1.1" 200 13494 "-" "Mozilla/4.0 (compatible; MSIE 6.0; Windows NT 5.1; SV1)"
188.143.234.127 - - [02/May/2013:07:17:14 +0200] "GET /foerdermittel.php HTTP/1.1" 200 12821 "-" "Mozilla/4.0 (compatible; MSIE 6.0; Windows NT 5.1; SV1)"
188.143.234.127 - - [02/May/2013:07:17:15 +0200] "GET /kwk.php HTTP/1.1" 200 10797 "-" "Mozilla/4.0 (compatible; MSIE 6.0; Windows NT 5.1; SV1)"
188.143.234.127 - - [02/May/2013:07:17:16 +0200] "GET /modernisierung.php HTTP/1.1" 200 11491 "-" "Mozilla/4.0 (compatible; MSIE 6.0; Windows NT 5.1; SV1)"
188.143.234.127 - - [02/May/2013:07:17:17 +0200] "GET /edl.php HTTP/1.1" 200 10714 "-" "Mozilla/4.0 (compatible; MSIE 6.0; Windows NT 5.1; SV1)"
188.143.234.127 - - [02/May/2013:07:17:17 +0200] "GET /jobs.php HTTP/1.1" 200 7113 "-" "Mozilla/4.0 (compatible; MSIE 6.0; Windows NT 5.1; SV1)"
188.143.234.127 - - [02/May/2013:07:17:18 +0200] "GET /kontakt.php HTTP/1.1" 200 9111 "-" "Mozilla/4.0 (compatible; MSIE 6.0; Windows NT 5.1; SV1)"
188.143.234.127 - - [02/May/2013:07:17:18 +0200] "GET /impressum.php HTTP/1.1" 200 8495 "-" "Mozilla/4.0 (compatible; MSIE 6.0; Windows NT 5.1; SV1)"
188.143.234.127 - - [02/May/2013:07:17:19 +0200] "GET /rueckrufservice.php HTTP/1.1" 200 10683 "-" "Mozilla/4.0 (compatible; MSIE 6.0; Windows NT 5.1; SV1)"
188.143.234.127 - - [02/May/2013:07:17:19 +0200] "GET /optiplus.php HTTP/1.1" 200 11013 "-" "Mozilla/4.0 (compatible; MSIE 6.0; Windows NT 5.1; SV1)"
157.55.35.81 - - [02/May/2013:07:32:25 +0200] "GET /robots.txt HTTP/1.1" 200 177 "-" "Mozilla/5.0 (compatible; bingbot/2.0; +http://www.bing.com/bingbot.htm)"
66.249.78.46 - - [02/May/2013:07:33:23 +0200] "GET /kontakt.php HTTP/1.1" 200 9198 "-" "Mozilla/5.0 (iPhone; U; CPU iPhone OS 4_1 like Mac OS X; en-us) AppleWebKit/532.9 (KHTML, like Gecko) Version/4.0.5 Mobile/8B117 Safari/6531.22.7 (compatible; Googlebot-Mobile/2.1; +http://www.google.com/bot.html)"
157.55.35.81 - - [02/May/2013:07:41:45 +0200] "GET /additive.php HTTP/1.1" 200 8372 "-" "Mozilla/5.0 (compatible; bingbot/2.0; +http://www.bing.com/bingbot.htm)"
178.255.215.80 - - [02/May/2013:07:59:43 +0200] "GET /robots.txt HTTP/1.1" 200 177 "-" "Mozilla/5.0 (compatible; Exabot/3.0 (BiggerBetter); +http://www.exabot.com/go/robot)"
178.255.215.80 - - [02/May/2013:07:59:43 +0200] "GET /seiten/produkte_hzoel.php HTTP/1.1" 404 - "-" "Mozilla/5.0 (compatible; Exabot/3.0 (BiggerBetter); +http://www.exabot.com/go/robot)"
5.9.7.208 - - [02/May/2013:08:24:16 +0200] "GET /robots.txt HTTP/1.0" 200 177 "-" "Mozilla/5.0 (compatible; MJ12bot/v1.4.3; http://www.majestic12.co.uk/bot.php?+)"
5.9.7.208 - - [02/May/2013:08:24:34 +0200] "GET / HTTP/1.0" 200 12203 "-" "Mozilla/5.0 (compatible; MJ12bot/v1.4.3; http://www.majestic12.co.uk/bot.php?+)"
157.55.33.18 - - [02/May/2013:08:43:26 +0200] "GET /robots.txt HTTP/1.1" 200 177 "-" "Mozilla/5.0 (compatible; bingbot/2.0; +http://www.bing.com/bingbot.htm)"
66.249.75.49 - - [02/May/2013:08:43:33 +0200] "GET /news.php?cs_go=archiv&cs_startpos=180 HTTP/1.1" 200 22778 "-" "Mozilla/5.0 (iPhone; U; CPU iPhone OS 4_1 like Mac OS X; en-us) AppleWebKit/532.9 (KHTML, like Gecko) Version/4.0.5 Mobile/8B117 Safari/6531.22.7 (compatible; Googlebot-Mobile/2.1; +http://www.google.com/bot.html)"
157.55.33.18 - - [02/May/2013:08:45:23 +0200] "GET / HTTP/1.1" 200 12222 "-" "Mozilla/5.0 (compatible; bingbot/2.0; +http://www.bing.com/bingbot.htm)"
65.36.241.79 - - [02/May/2013:09:12:26 +0200] "HEAD / HTTP/1.1" 200 - "-" "InternetSeer.com"
176.9.155.226 - - [02/May/2013:09:58:06 +0200] "GET /robots.txt HTTP/1.1" 200 177 "-" "Mozilla/5.0 (compatible; SISTRIX Crawler; http://crawler.sistrix.net/)"
176.9.155.226 - - [02/May/2013:09:58:06 +0200] "GET / HTTP/1.1" 200 12209 "-" "Mozilla/5.0 (compatible; SISTRIX Crawler; http://crawler.sistrix.net/)"
176.9.155.226 - - [02/May/2013:09:58:07 +0200] "GET /rueckrufservice.php HTTP/1.1" 200 10770 "-" "Mozilla/5.0 (compatible; SISTRIX Crawler; http://crawler.sistrix.net/)"
176.9.155.226 - - [02/May/2013:09:58:07 +0200] "GET /newsletter.php HTTP/1.1" 200 8928 "-" "Mozilla/5.0 (compatible; SISTRIX Crawler; http://crawler.sistrix.net/)"
176.9.155.226 - - [02/May/2013:09:58:07 +0200] "GET /kontakt.php HTTP/1.1" 200 9198 "-" "Mozilla/5.0 (compatible; SISTRIX Crawler; http://crawler.sistrix.net/)"
176.9.155.226 - - [02/May/2013:09:58:08 +0200] "GET /news.php HTTP/1.1" 200 22170 "-" "Mozilla/5.0 (compatible; SISTRIX Crawler; http://crawler.sistrix.net/)"
176.9.155.226 - - [02/May/2013:09:58:08 +0200] "GET /kwk.php HTTP/1.1" 200 10884 "-" "Mozilla/5.0 (compatible; SISTRIX Crawler; http://crawler.sistrix.net/)"
176.9.155.226 - - [02/May/2013:09:58:08 +0200] "GET /preisanfrage.php HTTP/1.1" 200 10735 "-" "Mozilla/5.0 (compatible; SISTRIX Crawler; http://crawler.sistrix.net/)"
176.9.155.226 - - [02/May/2013:09:58:09 +0200] "GET /jobs.php HTTP/1.1" 200 7200 "-" "Mozilla/5.0 (compatible; SISTRIX Crawler; http://crawler.sistrix.net/)"
176.9.155.226 - - [02/May/2013:09:58:09 +0200] "GET /standard.php HTTP/1.1" 200 9218 "-" "Mozilla/5.0 (compatible; SISTRIX Crawler; http://crawler.sistrix.net/)"
176.9.155.226 - - [02/May/2013:09:58:09 +0200] "GET /optiplus.php HTTP/1.1" 200 11100 "-" "Mozilla/5.0 (compatible; SISTRIX Crawler; http://crawler.sistrix.net/)"
176.9.155.226 - - [02/May/2013:09:58:09 +0200] "GET /impressum.php HTTP/1.1" 200 8582 "-" "Mozilla/5.0 (compatible; SISTRIX Crawler; http://crawler.sistrix.net/)"
176.9.155.226 - - [02/May/2013:09:58:10 +0200] "GET /wunschpreis.php HTTP/1.1" 200 12084 "-" "Mozilla/5.0 (compatible; SISTRIX Crawler; http://crawler.sistrix.net/)"
176.9.155.226 - - [02/May/2013:09:58:10 +0200] "GET /agb.php HTTP/1.1" 200 19709 "-" "Mozilla/5.0 (compatible; SISTRIX Crawler; http://crawler.sistrix.net/)"
176.9.155.226 - - [02/May/2013:09:58:10 +0200] "GET /index.php HTTP/1.1" 200 12209 "-" "Mozilla/5.0 (compatible; SISTRIX Crawler; http://crawler.sistrix.net/)"
176.9.155.226 - - [02/May/2013:09:58:11 +0200] "GET /news.php?cs_go=archiv&cs_id=4139 HTTP/1.1" 200 11162 "-" "Mozilla/5.0 (compatible; SISTRIX Crawler; http://crawler.sistrix.net/)"
176.9.155.226 - - [02/May/2013:09:58:11 +0200] "GET /news.php?cs_go=archiv&cs_id=4147 HTTP/1.1" 200 9981 "-" "Mozilla/5.0 (compatible; SISTRIX Crawler; http://crawler.sistrix.net/)"
176.9.155.226 - - [02/May/2013:09:58:11 +0200] "GET /news.php?cs_go=archiv&cs_id=4140 HTTP/1.1" 200 11842 "-" "Mozilla/5.0 (compatible; SISTRIX Crawler; http://crawler.sistrix.net/)"
176.9.155.226 - - [02/May/2013:09:58:11 +0200] "GET /news.php?cs_go=archiv HTTP/1.1" 200 22170 "-" "Mozilla/5.0 (compatible; SISTRIX Crawler; http://crawler.sistrix.net/)"
176.9.155.226 - - [02/May/2013:09:58:12 +0200] "GET /news.php?cs_go=archiv&cs_id=4141 HTTP/1.1" 200 11115 "-" "Mozilla/5.0 (compatible; SISTRIX Crawler; http://crawler.sistrix.net/)"
176.9.155.226 - - [02/May/2013:09:58:12 +0200] "GET /additive.php HTTP/1.1" 200 8372 "-" "Mozilla/5.0 (compatible; SISTRIX Crawler; http://crawler.sistrix.net/)"
176.9.155.226 - - [02/May/2013:09:58:12 +0200] "GET /lexikon.php HTTP/1.1" 200 10551 "-" "Mozilla/5.0 (compatible; SISTRIX Crawler; http://crawler.sistrix.net/)"
