88.198.55.242 - - [18/May/2013:05:05:37 +0200] "GET /news.php?cs_go=archiv&cs_search=&cs_id=4184 HTTP/1.1" 200 7646 "http://www.mink-gmbh.de/news.php?cs_go=archiv&cs_search=&cs_id=4186" "Mozilla/4.0 (compatible; MSIE 6.0; Windows NT 5.1; SV1; .NET CLR 1.1.4322)"
88.198.55.242 - - [18/May/2013:05:05:37 +0200] "GET /news.php?cs_go=archiv&cs_search=&cs_id=4190 HTTP/1.1" 200 7766 "http://www.mink-gmbh.de/news.php?cs_go=archiv&cs_search=&cs_id=4184" "Mozilla/4.0 (compatible; MSIE 6.0; Windows NT 5.1; SV1; .NET CLR 1.1.4322)"
88.198.55.242 - - [18/May/2013:05:05:38 +0200] "GET /news.php?cs_go=archiv&cs_search=&cs_id=4181 HTTP/1.1" 200 8918 "http://www.mink-gmbh.de/news.php?cs_go=archiv&cs_search=&cs_id=4190" "Mozilla/4.0 (compatible; MSIE 6.0; Windows NT 5.1; SV1; .NET CLR 1.1.4322)"
88.198.55.242 - - [18/May/2013:05:05:38 +0200] "GET /news.php?cs_go=archiv&cs_startpos=20 HTTP/1.1" 200 20302 "http://www.mink-gmbh.de/news.php?cs_go=archiv&cs_search=&cs_id=4181" "Mozilla/4.0 (compatible; MSIE 6.0; Windows NT 5.1; SV1; .NET CLR 1.1.4322)"
88.198.55.242 - - [18/May/2013:05:05:38 +0200] "GET /news.php?cs_go=archiv&cs_search=&cs_id=4172 HTTP/1.1" 200 7780 "http://www.mink-gmbh.de/news.php?cs_go=archiv&cs_startpos=20" "Mozilla/4.0 (compatible; MSIE 6.0; Windows NT 5.1; SV1; .NET CLR 1.1.4322)"
88.198.55.242 - - [18/May/2013:05:05:38 +0200] "GET /news.php?cs_go=archiv&cs_startpos=70 HTTP/1.1" 200 20425 "http://www.mink-gmbh.de/news.php?cs_go=archiv&cs_search=&cs_id=4172" "Mozilla/4.0 (compatible; MSIE 6.0; Windows NT 5.1; SV1; .NET CLR 1.1.4322)"
88.198.55.242 - - [18/May/2013:05:05:39 +0200] "GET /news.php?cs_go=archiv&cs_search=&cs_id=4108 HTTP/1.1" 200 8546 "http://www.mink-gmbh.de/news.php?cs_go=archiv&cs_startpos=70" "Mozilla/4.0 (compatible; MSIE 6.0; Windows NT 5.1; SV1; .NET CLR 1.1.4322)"
88.198.55.242 - - [18/May/2013:05:05:39 +0200] "GET /news.php?cs_go=archiv&cs_search=&cs_id=4104 HTTP/1.1" 200 11297 "http://www.mink-gmbh.de/news.php?cs_go=archiv&cs_search=&cs_id=4108" "Mozilla/4.0 (compatible; MSIE 6.0; Windows NT 5.1; SV1; .NET CLR 1.1.4322)"
88.198.55.242 - - [18/May/2013:05:05:39 +0200] "GET /news.php?cs_go=archiv&cs_startpos=100 HTTP/1.1" 200 20319 "http://www.mink-gmbh.de/news.php?cs_go=archiv&cs_search=&cs_id=4104" "Mozilla/4.0 (compatible; MSIE 6.0; Windows NT 5.1; SV1; .NET CLR 1.1.4322)"
88.198.55.242 - - [18/May/2013:05:05:40 +0200] "GET /news.php?cs_go=archiv&cs_search=&cs_id=4074 HTTP/1.1" 200 11160 "http://www.mink-gmbh.de/news.php?cs_go=archiv&cs_startpos=100" "Mozilla/4.0 (compatible; MSIE 6.0; Windows NT 5.1; SV1; .NET CLR 1.1.4322)"
88.198.55.242 - - [18/May/2013:05:05:40 +0200] "GET /news.php?cs_go=archiv&cs_search=&cs_id=4079 HTTP/1.1" 200 12601 "http://www.mink-gmbh.de/news.php?cs_go=archiv&cs_search=&cs_id=4074" "Mozilla/4.0 (compatible; MSIE 6.0; Windows NT 5.1; SV1; .NET CLR 1.1.4322)"
88.198.55.242 - - [18/May/2013:05:05:40 +0200] "GET /news.php?cs_go=archiv&cs_search=&cs_id=4069 HTTP/1.1" 200 8089 "http://www.mink-gmbh.de/news.php?cs_go=archiv&cs_search=&cs_id=4079" "Mozilla/4.0 (compatible; MSIE 6.0; Windows NT 5.1; SV1; .NET CLR 1.1.4322)"
88.198.55.242 - - [18/May/2013:05:05:40 +0200] "GET /news.php?cs_go=archiv&cs_search=&cs_id=4075 HTTP/1.1" 200 10263 "http://www.mink-gmbh.de/news.php?cs_go=archiv&cs_search=&cs_id=4069" "Mozilla/4.0 (compatible; MSIE 6.0; Windows NT 5.1; SV1; .NET CLR 1.1.4322)"
88.198.55.242 - - [18/May/2013:05:05:41 +0200] "GET /news.php?cs_go=archiv&cs_startpos=120 HTTP/1.1" 200 20452 "http://www.mink-gmbh.de/news.php?cs_go=archiv&cs_search=&cs_id=4075" "Mozilla/4.0 (compatible; MSIE 6.0; Windows NT 5.1; SV1; .NET CLR 1.1.4322)"
88.198.55.242 - - [18/May/2013:05:05:41 +0200] "GET /news.php?cs_go=archiv&cs_search=&cs_id=4052 HTTP/1.1" 200 10041 "http://www.mink-gmbh.de/news.php?cs_go=archiv&cs_startpos=120" "Mozilla/4.0 (compatible; MSIE 6.0; Windows NT 5.1; SV1; .NET CLR 1.1.4322)"
88.198.55.242 - - [18/May/2013:05:05:41 +0200] "GET /news.php?cs_go=archiv&cs_startpos=140 HTTP/1.1" 200 20467 "http://www.mink-gmbh.de/news.php?cs_go=archiv&cs_search=&cs_id=4052" "Mozilla/4.0 (compatible; MSIE 6.0; Windows NT 5.1; SV1; .NET CLR 1.1.4322)"
88.198.55.242 - - [18/May/2013:05:05:42 +0200] "GET /news.php?cs_go=archiv&cs_search=&cs_id=4031 HTTP/1.1" 200 7994 "http://www.mink-gmbh.de/news.php?cs_go=archiv&cs_startpos=140" "Mozilla/4.0 (compatible; MSIE 6.0; Windows NT 5.1; SV1; .NET CLR 1.1.4322)"
88.198.55.242 - - [18/May/2013:05:05:42 +0200] "GET /news.php?cs_go=archiv&cs_search=&cs_id=4033 HTTP/1.1" 200 7680 "http://www.mink-gmbh.de/news.php?cs_go=archiv&cs_search=&cs_id=4031" "Mozilla/4.0 (compatible; MSIE 6.0; Windows NT 5.1; SV1; .NET CLR 1.1.4322)"
88.198.55.242 - - [18/May/2013:05:05:42 +0200] "GET /news.php?cs_go=archiv&cs_search=&cs_id=4038 HTTP/1.1" 200 10824 "http://www.mink-gmbh.de/news.php?cs_go=archiv&cs_search=&cs_id=4033" "Mozilla/4.0 (compatible; MSIE 6.0; Windows NT 5.1; SV1; .NET CLR 1.1.4322)"
88.198.55.242 - - [18/May/2013:05:05:42 +0200] "GET /news.php?cs_go=archiv&cs_search=&cs_id=4070 HTTP/1.1" 200 7906 "http://www.mink-gmbh.de/news.php?cs_go=archiv&cs_search=&cs_id=4038" "Mozilla/4.0 (compatible; MSIE 6.0; Windows NT 5.1; SV1; .NET CLR 1.1.4322)"
88.198.55.242 - - [18/May/2013:05:05:43 +0200] "GET /news.php?cs_go=archiv&cs_startpos=110 HTTP/1.1" 200 20292 "http://www.mink-gmbh.de/news.php?cs_go=archiv&cs_search=&cs_id=4070" "Mozilla/4.0 (compatible; MSIE 6.0; Windows NT 5.1; SV1; .NET CLR 1.1.4322)"
88.198.55.242 - - [18/May/2013:05:05:43 +0200] "GET /news.php?cs_go=archiv&cs_search=&cs_id=4063 HTTP/1.1" 200 8334 "http://www.mink-gmbh.de/news.php?cs_go=archiv&cs_startpos=110" "Mozilla/4.0 (compatible; MSIE 6.0; Windows NT 5.1; SV1; .NET CLR 1.1.4322)"
88.198.55.242 - - [18/May/2013:05:05:43 +0200] "GET /news.php?cs_go=archiv&cs_search=&cs_id=4065 HTTP/1.1" 200 7980 "http://www.mink-gmbh.de/news.php?cs_go=archiv&cs_search=&cs_id=4063" "Mozilla/4.0 (compatible; MSIE 6.0; Windows NT 5.1; SV1; .NET CLR 1.1.4322)"
88.198.55.242 - - [18/May/2013:05:05:44 +0200] "GET /news.php?cs_go=archiv&cs_search=&cs_id=4113 HTTP/1.1" 200 9533 "http://www.mink-gmbh.de/news.php?cs_go=archiv&cs_search=&cs_id=4065" "Mozilla/4.0 (compatible; MSIE 6.0; Windows NT 5.1; SV1; .NET CLR 1.1.4322)"
88.198.55.242 - - [18/May/2013:05:05:44 +0200] "GET /news.php?cs_go=archiv&cs_search=&cs_id=4036 HTTP/1.1" 200 10790 "http://www.mink-gmbh.de/news.php?cs_go=archiv&cs_search=&cs_id=4113" "Mozilla/4.0 (compatible; MSIE 6.0; Windows NT 5.1; SV1; .NET CLR 1.1.4322)"
88.198.55.242 - - [18/May/2013:05:05:44 +0200] "GET /news.php?cs_go=archiv&cs_startpos=190 HTTP/1.1" 200 20208 "http://www.mink-gmbh.de/news.php?cs_go=archiv&cs_search=&cs_id=4036" "Mozilla/4.0 (compatible; MSIE 6.0; Windows NT 5.1; SV1; .NET CLR 1.1.4322)"
88.198.55.242 - - [18/May/2013:05:05:44 +0200] "GET /news.php?cs_go=archiv&cs_startpos=220 HTTP/1.1" 200 19960 "http://www.mink-gmbh.de/news.php?cs_go=archiv&cs_startpos=190" "Mozilla/4.0 (compatible; MSIE 6.0; Windows NT 5.1; SV1; .NET CLR 1.1.4322)"
88.198.55.242 - - [18/May/2013:05:05:45 +0200] "GET /news.php?cs_go=archiv&cs_search=&cs_id=3986 HTTP/1.1" 200 11369 "http://www.mink-gmbh.de/news.php?cs_go=archiv&cs_startpos=220" "Mozilla/4.0 (compatible; MSIE 6.0; Windows NT 5.1; SV1; .NET CLR 1.1.4322)"
88.198.55.242 - - [18/May/2013:05:05:45 +0200] "GET /news.php?cs_go=archiv&cs_search=&cs_id=4054 HTTP/1.1" 200 11031 "http://www.mink-gmbh.de/news.php?cs_go=archiv&cs_search=&cs_id=3986" "Mozilla/4.0 (compatible; MSIE 6.0; Windows NT 5.1; SV1; .NET CLR 1.1.4322)"
88.198.55.242 - - [18/May/2013:05:05:45 +0200] "GET /news.php?cs_go=archiv&cs_search=&cs_id=4077 HTTP/1.1" 200 7547 "http://www.mink-gmbh.de/news.php?cs_go=archiv&cs_search=&cs_id=4054" "Mozilla/4.0 (compatible; MSIE 6.0; Windows NT 5.1; SV1; .NET CLR 1.1.4322)"
88.198.55.242 - - [18/May/2013:05:05:46 +0200] "GET /lexikon.php?cs_go=3&cs_id=45 HTTP/1.1" 200 5653 "http://www.mink-gmbh.de/news.php?cs_go=archiv&cs_search=&cs_id=4077" "Mozilla/4.0 (compatible; MSIE 6.0; Windows NT 5.1; SV1; .NET CLR 1.1.4322)"
88.198.55.242 - - [18/May/2013:05:05:46 +0200] "GET /lexikon.php?cs_go=2&cs_char=x HTTP/1.1" 200 6265 "http://www.mink-gmbh.de/lexikon.php?cs_go=3&cs_id=45" "Mozilla/4.0 (compatible; MSIE 6.0; Windows NT 5.1; SV1; .NET CLR 1.1.4322)"
88.198.55.242 - - [18/May/2013:05:05:46 +0200] "GET /news.php?cs_go=archiv&cs_search=&cs_id=4169 HTTP/1.1" 200 11498 "http://www.mink-gmbh.de/lexikon.php?cs_go=2&cs_char=x" "Mozilla/4.0 (compatible; MSIE 6.0; Windows NT 5.1; SV1; .NET CLR 1.1.4322)"
88.198.55.242 - - [18/May/2013:05:05:46 +0200] "GET /modernisierung.php HTTP/1.1" 200 9233 "http://www.mink-gmbh.de/news.php?cs_go=archiv&cs_search=&cs_id=4169" "Mozilla/4.0 (compatible; MSIE 6.0; Windows NT 5.1; SV1; .NET CLR 1.1.4322)"
88.198.55.242 - - [18/May/2013:05:05:47 +0200] "GET /lexikon.php?cs_go=3&cs_id=77 HTTP/1.1" 200 6327 "http://www.mink-gmbh.de/modernisierung.php" "Mozilla/4.0 (compatible; MSIE 6.0; Windows NT 5.1; SV1; .NET CLR 1.1.4322)"
88.198.55.242 - - [18/May/2013:05:05:47 +0200] "GET /lexikon.php?cs_go=3&cs_id=32 HTTP/1.1" 200 5804 "http://www.mink-gmbh.de/lexikon.php?cs_go=3&cs_id=77" "Mozilla/4.0 (compatible; MSIE 6.0; Windows NT 5.1; SV1; .NET CLR 1.1.4322)"
88.198.55.242 - - [18/May/2013:05:05:47 +0200] "GET /lexikon.php?cs_go=3&cs_id=194 HTTP/1.1" 200 5667 "http://www.mink-gmbh.de/lexikon.php?cs_go=3&cs_id=32" "Mozilla/4.0 (compatible; MSIE 6.0; Windows NT 5.1; SV1; .NET CLR 1.1.4322)"
88.198.55.242 - - [18/May/2013:05:05:47 +0200] "GET /lexikon.php?cs_go=3&cs_id=69 HTTP/1.1" 200 7762 "http://www.mink-gmbh.de/lexikon.php?cs_go=3&cs_id=194" "Mozilla/4.0 (compatible; MSIE 6.0; Windows NT 5.1; SV1; .NET CLR 1.1.4322)"
37.58.52.15 - - [18/May/2013:05:07:08 +0200] "GET /lexikon.php?cs_go=2&cs_char=w HTTP/1.0" 200 6242 "-" "Mozilla/5.0 (compatible; AcoonBot/4.11.1; +http://www.acoon.de/robot.asp)"
66.249.78.46 - - [18/May/2013:05:09:27 +0200] "GET /news.php?cs_go=archiv HTTP/1.1" 200 19799 "-" "Mozilla/5.0 (iPhone; U; CPU iPhone OS 4_1 like Mac OS X; en-us) AppleWebKit/532.9 (KHTML, like Gecko) Version/4.0.5 Mobile/8B117 Safari/6531.22.7 (compatible; Googlebot-Mobile/2.1; +http://www.google.com/bot.html)"
37.58.52.15 - - [18/May/2013:05:16:45 +0200] "GET /lexikon.php?cs_go=2&cs_char=z HTTP/1.0" 200 5916 "-" "Mozilla/5.0 (compatible; AcoonBot/4.11.1; +http://www.acoon.de/robot.asp)"
37.58.52.15 - - [18/May/2013:05:22:42 +0200] "GET /news.php?cs_go=archiv&cs_id=4098&cs_search= HTTP/1.0" 200 11507 "-" "Mozilla/5.0 (compatible; AcoonBot/4.11.1; +http://www.acoon.de/robot.asp)"
37.58.52.15 - - [18/May/2013:05:24:08 +0200] "GET /news.php?cs_go=archiv&cs_startpos=220 HTTP/1.0" 200 19960 "-" "Mozilla/5.0 (compatible; AcoonBot/4.11.1; +http://www.acoon.de/robot.asp)"
37.58.52.15 - - [18/May/2013:05:29:54 +0200] "GET /lexikon.php?cs_go=2&cs_char=t HTTP/1.0" 200 6617 "-" "Mozilla/5.0 (compatible; AcoonBot/4.11.1; +http://www.acoon.de/robot.asp)"
37.58.52.15 - - [18/May/2013:05:32:21 +0200] "GET /news.php?cs_go=archiv&cs_startpos=200 HTTP/1.0" 200 20119 "-" "Mozilla/5.0 (compatible; AcoonBot/4.11.1; +http://www.acoon.de/robot.asp)"
141.8.147.12 - - [18/May/2013:05:33:49 +0200] "GET /news.php?cs_go=archiv&cs_id=4106&cs_search= HTTP/1.1" 200 11266 "-" "Mozilla/5.0 (compatible; YandexBot/3.0; +http://yandex.com/bots)"
37.58.52.15 - - [18/May/2013:05:35:58 +0200] "GET /news.php?cs_go=archiv&cs_id=4084&cs_search= HTTP/1.0" 200 8980 "-" "Mozilla/5.0 (compatible; AcoonBot/4.11.1; +http://www.acoon.de/robot.asp)"
37.58.52.15 - - [18/May/2013:05:40:07 +0200] "GET /news.php?cs_go=archiv&cs_id=4188 HTTP/1.0" 200 7730 "-" "Mozilla/5.0 (compatible; AcoonBot/4.11.1; +http://www.acoon.de/robot.asp)"
37.58.52.15 - - [18/May/2013:05:47:42 +0200] "GET /lexikon.php?cs_go=2&cs_char=q HTTP/1.0" 200 5817 "-" "Mozilla/5.0 (compatible; AcoonBot/4.11.1; +http://www.acoon.de/robot.asp)"
173.208.165.90 - - [18/May/2013:05:55:04 +0200] "GET /robots.txt HTTP/1.0" 200 177 "-" "Mozilla/5.0 (compatible; MJ12bot/v1.4.3; http://www.majestic12.co.uk/bot.php?+)"
173.208.165.90 - - [18/May/2013:05:55:07 +0200] "GET /news.php?cs_go=archiv&cs_id=4194 HTTP/1.0" 200 11874 "-" "Mozilla/5.0 (compatible; MJ12bot/v1.4.3; http://www.majestic12.co.uk/bot.php?+)"
37.58.52.15 - - [18/May/2013:05:55:56 +0200] "GET /news.php?cs_go=archiv&cs_id=4101&cs_search= HTTP/1.0" 200 10121 "-" "Mozilla/5.0 (compatible; AcoonBot/4.11.1; +http://www.acoon.de/robot.asp)"
37.58.52.15 - - [18/May/2013:05:58:28 +0200] "GET /news.php?cs_go=archiv&cs_id=4093&cs_search= HTTP/1.0" 200 12868 "-" "Mozilla/5.0 (compatible; AcoonBot/4.11.1; +http://www.acoon.de/robot.asp)"
141.8.147.12 - - [18/May/2013:06:10:57 +0200] "GET /news.php?cs_go=archiv&cs_id=4174&cs_search= HTTP/1.1" 200 7684 "-" "Mozilla/5.0 (compatible; YandexBot/3.0; +http://yandex.com/bots)"
37.58.52.15 - - [18/May/2013:06:22:33 +0200] "GET /lexikon.php?cs_go=2&cs_char=u HTTP/1.0" 200 6399 "-" "Mozilla/5.0 (compatible; AcoonBot/4.11.1; +http://www.acoon.de/robot.asp)"
123.125.71.58 - - [18/May/2013:06:33:54 +0200] "GET / HTTP/1.1" 200 6541 "-" "Mozilla/5.0 (compatible; Baiduspider/2.0; +http://www.baidu.com/search/spider.html)"
37.58.52.15 - - [18/May/2013:06:33:55 +0200] "GET /news.php?cs_go=archiv&cs_startpos=190 HTTP/1.0" 200 20208 "-" "Mozilla/5.0 (compatible; AcoonBot/4.11.1; +http://www.acoon.de/robot.asp)"
220.181.108.95 - - [18/May/2013:06:34:26 +0200] "GET / HTTP/1.1" 200 7932 "-" "Mozilla/5.0 (compatible; Baiduspider/2.0; +http://www.baidu.com/search/spider.html)"
37.58.52.15 - - [18/May/2013:06:37:15 +0200] "GET /news.php?cs_go=archiv&cs_id=4081&cs_search= HTTP/1.0" 200 7571 "-" "Mozilla/5.0 (compatible; AcoonBot/4.11.1; +http://www.acoon.de/robot.asp)"
37.58.52.15 - - [18/May/2013:06:39:41 +0200] "GET /news.php?cs_go=archiv&cs_id=4086&cs_search= HTTP/1.0" 200 7993 "-" "Mozilla/5.0 (compatible; AcoonBot/4.11.1; +http://www.acoon.de/robot.asp)"
66.249.78.46 - - [18/May/2013:06:40:06 +0200] "GET /news.php?cs_go=archiv&cs_id=3897 HTTP/1.1" 200 11246 "-" "Mozilla/5.0 (compatible; Googlebot/2.1; +http://www.google.com/bot.html)"
37.58.52.15 - - [18/May/2013:06:45:27 +0200] "GET /news.php?cs_go=archiv&cs_id=4114&cs_search= HTTP/1.0" 200 8126 "-" "Mozilla/5.0 (compatible; AcoonBot/4.11.1; +http://www.acoon.de/robot.asp)"
37.58.52.15 - - [18/May/2013:06:46:56 +0200] "GET /news.php?cs_go=archiv&cs_startpos=150 HTTP/1.0" 200 20491 "-" "Mozilla/5.0 (compatible; AcoonBot/4.11.1; +http://www.acoon.de/robot.asp)"
141.8.147.12 - - [18/May/2013:06:48:20 +0200] "GET /news.php?cs_go=archiv&cs_id=4181 HTTP/1.1" 200 8918 "-" "Mozilla/5.0 (compatible; YandexBot/3.0; +http://yandex.com/bots)"
37.58.52.15 - - [18/May/2013:06:55:15 +0200] "GET /lexikon.php?cs_go=2&cs_char=p HTTP/1.0" 200 6821 "-" "Mozilla/5.0 (compatible; AcoonBot/4.11.1; +http://www.acoon.de/robot.asp)"
37.58.52.15 - - [18/May/2013:06:59:41 +0200] "GET /news.php?cs_go=archiv&cs_id=4096&cs_search= HTTP/1.0" 200 7657 "-" "Mozilla/5.0 (compatible; AcoonBot/4.11.1; +http://www.acoon.de/robot.asp)"
37.58.52.15 - - [18/May/2013:07:02:35 +0200] "GET /news.php?cs_go=archiv&cs_id=4189 HTTP/1.0" 200 9668 "-" "Mozilla/5.0 (compatible; AcoonBot/4.11.1; +http://www.acoon.de/robot.asp)"
141.8.147.12 - - [18/May/2013:07:19:10 +0200] "GET /news.php?cs_go=archiv&cs_id=4177&cs_search= HTTP/1.1" 200 7654 "-" "Mozilla/5.0 (compatible; YandexBot/3.0; +http://yandex.com/bots)"
66.249.78.46 - - [18/May/2013:07:22:16 +0200] "GET /news.php?cs_go=archiv&cs_id=4017 HTTP/1.1" 200 9309 "-" "Mozilla/5.0 (compatible; Googlebot/2.1; +http://www.google.com/bot.html)"
66.249.78.46 - - [18/May/2013:07:47:32 +0200] "GET /news.php?cs_go=archiv&cs_id=2919&cs_search= HTTP/1.1" 200 7485 "-" "Mozilla/5.0 (compatible; Googlebot/2.1; +http://www.google.com/bot.html)"
141.8.147.12 - - [18/May/2013:07:48:34 +0200] "GET /news.php?cs_go=archiv&cs_id=4179 HTTP/1.1" 200 11647 "-" "Mozilla/5.0 (compatible; YandexBot/3.0; +http://yandex.com/bots)"
65.36.241.79 - - [18/May/2013:07:55:32 +0200] "HEAD / HTTP/1.1" 200 - "-" "InternetSeer.com"
66.249.78.46 - - [18/May/2013:07:56:00 +0200] "GET /news.php?cs_go=archiv&cs_id=2843 HTTP/1.1" 200 10444 "-" "Mozilla/5.0 (compatible; Googlebot/2.1; +http://www.google.com/bot.html)"
173.199.115.107 - - [18/May/2013:08:01:00 +0200] "GET /news.php?cs_go=archiv&cs_id=3922&cs_search= HTTP/1.1" 200 11247 "-" "Mozilla/5.0 (compatible; AhrefsBot/4.0; +http://ahrefs.com/robot/)"
66.249.78.46 - - [18/May/2013:08:12:49 +0200] "GET /news.php?cs_go=archiv&cs_id=2721&cs_search= HTTP/1.1" 200 8710 "-" "Mozilla/5.0 (compatible; Googlebot/2.1; +http://www.google.com/bot.html)"
139.18.2.209 - - [18/May/2013:08:26:13 +0200] "GET /news.php?cs_go=archiv&cs_startpos=10 HTTP/1.1" 200 4868 "-" "findlinks/2.6 (+http://wortschatz.uni-leipzig.de/findlinks/)"
139.18.2.209 - - [18/May/2013:08:26:13 +0200] "GET /news.php?cs_go=archiv&cs_startpos=10 HTTP/1.1" 200 20200 "-" "findlinks/2.6 (+http://wortschatz.uni-leipzig.de/findlinks/)"
173.199.115.107 - - [18/May/2013:08:35:48 +0200] "GET /rueckrufservice.php HTTP/1.1" 200 8425 "-" "Mozilla/5.0 (compatible; AhrefsBot/4.0; +http://ahrefs.com/robot/)"
173.199.115.107 - - [18/May/2013:08:36:34 +0200] "GET /lexikon.php?cs_go=3&cs_id=194 HTTP/1.1" 200 5667 "-" "Mozilla/5.0 (compatible; AhrefsBot/4.0; +http://ahrefs.com/robot/)"
173.199.115.107 - - [18/May/2013:08:40:48 +0200] "GET /lexikon.php?cs_go=3&cs_id=154 HTTP/1.1" 200 5881 "-" "Mozilla/5.0 (compatible; AhrefsBot/4.0; +http://ahrefs.com/robot/)"
141.8.147.12 - - [18/May/2013:08:41:19 +0200] "GET /news.php?cs_go=archiv&cs_id=4176&cs_search= HTTP/1.1" 200 11668 "-" "Mozilla/5.0 (compatible; YandexBot/3.0; +http://yandex.com/bots)"
66.249.78.46 - - [18/May/2013:08:55:01 +0200] "GET /news.php?cs_go=archiv&cs_id=3469 HTTP/1.1" 200 11151 "-" "Mozilla/5.0 (compatible; Googlebot/2.1; +http://www.google.com/bot.html)"
173.199.115.107 - - [18/May/2013:08:59:21 +0200] "GET /lexikon.php?cs_go=3&cs_id=206 HTTP/1.1" 200 6005 "-" "Mozilla/5.0 (compatible; AhrefsBot/4.0; +http://ahrefs.com/robot/)"
66.249.78.46 - - [18/May/2013:09:11:51 +0200] "GET /news.php?cs_go=archiv&cs_id=3616&cs_search= HTTP/1.1" 200 7573 "-" "Mozilla/5.0 (compatible; Googlebot/2.1; +http://www.google.com/bot.html)"
141.8.147.12 - - [18/May/2013:09:23:49 +0200] "GET /news.php?cs_go=archiv&cs_id=4178 HTTP/1.1" 200 8523 "-" "Mozilla/5.0 (compatible; YandexBot/3.0; +http://yandex.com/bots)"
173.199.115.107 - - [18/May/2013:09:25:04 +0200] "GET /news.php?cs_go=archiv&cs_id=3930&cs_search= HTTP/1.1" 200 8454 "-" "Mozilla/5.0 (compatible; AhrefsBot/4.0; +http://ahrefs.com/robot/)"
173.199.115.107 - - [18/May/2013:09:27:03 +0200] "GET /lexikon.php?cs_go=3&cs_id=186 HTTP/1.1" 200 5894 "-" "Mozilla/5.0 (compatible; AhrefsBot/4.0; +http://ahrefs.com/robot/)"
208.115.113.91 - - [18/May/2013:09:34:34 +0200] "GET /robots.txt HTTP/1.1" 200 177 "-" "Mozilla/5.0 (compatible; Ezooms/1.0; ezooms.bot@gmail.com)"
173.199.115.107 - - [18/May/2013:09:37:42 +0200] "GET /modernisierung.php?cs_gp_go=plus HTTP/1.1" 200 9233 "-" "Mozilla/5.0 (compatible; AhrefsBot/4.0; +http://ahrefs.com/robot/)"
66.249.78.46 - - [18/May/2013:09:54:01 +0200] "GET /news.php?cs_go=archiv&cs_id=3382&cs_search= HTTP/1.1" 200 11165 "-" "Mozilla/5.0 (compatible; Googlebot/2.1; +http://www.google.com/bot.html)"
141.8.147.12 - - [18/May/2013:09:56:32 +0200] "GET /news.php?cs_go=archiv&cs_id=3963&cs_search= HTTP/1.1" 200 7834 "-" "Mozilla/5.0 (compatible; YandexBot/3.0; +http://yandex.com/bots)"
37.58.52.15 - - [18/May/2013:10:07:53 +0200] "GET /robots.txt HTTP/1.0" 200 177 "-" "Mozilla/5.0 (compatible; AcoonBot/4.11.1; +http://www.acoon.de/robot.asp)"
37.58.52.15 - - [18/May/2013:10:07:53 +0200] "GET /lexikon.php?cs_go=3&cs_id=13 HTTP/1.0" 200 5717 "-" "Mozilla/5.0 (compatible; AcoonBot/4.11.1; +http://www.acoon.de/robot.asp)"
66.249.78.46 - - [18/May/2013:10:10:24 +0200] "GET /news.php?cs_go=archiv&cs_id=4157 HTTP/1.1" 200 11762 "-" "Mozilla/5.0 (iPhone; U; CPU iPhone OS 4_1 like Mac OS X; en-us) AppleWebKit/532.9 (KHTML, like Gecko) Version/4.0.5 Mobile/8B117 Safari/6531.22.7 (compatible; Googlebot-Mobile/2.1; +http://www.google.com/bot.html)"
173.199.115.107 - - [18/May/2013:10:14:38 +0200] "GET /news.php?cs_go=archiv&cs_id=2757&cs_search= HTTP/1.1" 200 11869 "-" "Mozilla/5.0 (compatible; AhrefsBot/4.0; +http://ahrefs.com/robot/)"
37.58.52.15 - - [18/May/2013:10:14:50 +0200] "GET /news.php?cs_go=archiv&cs_id=4092&cs_search= HTTP/1.0" 200 11568 "-" "Mozilla/5.0 (compatible; AcoonBot/4.11.1; +http://www.acoon.de/robot.asp)"
37.58.52.15 - - [18/May/2013:10:16:40 +0200] "GET /lexikon.php?cs_go=3&cs_id=33 HTTP/1.0" 200 6412 "-" "Mozilla/5.0 (compatible; AcoonBot/4.11.1; +http://www.acoon.de/robot.asp)"
37.58.52.15 - - [18/May/2013:10:20:37 +0200] "GET /lexikon.php?cs_go=3&cs_id=214 HTTP/1.0" 200 5794 "-" "Mozilla/5.0 (compatible; AcoonBot/4.11.1; +http://www.acoon.de/robot.asp)"
173.199.115.107 - - [18/May/2013:10:22:42 +0200] "GET /news.php?cs_go=archiv&cs_id=2735&cs_search= HTTP/1.1" 200 7506 "-" "Mozilla/5.0 (compatible; AhrefsBot/4.0; +http://ahrefs.com/robot/)"
37.58.52.15 - - [18/May/2013:10:25:24 +0200] "GET /lexikon.php?cs_go=3&cs_id=53 HTTP/1.0" 200 5834 "-" "Mozilla/5.0 (compatible; AcoonBot/4.11.1; +http://www.acoon.de/robot.asp)"
37.58.52.15 - - [18/May/2013:10:30:18 +0200] "GET /lexikon.php?cs_go=3&cs_id=96 HTTP/1.0" 200 5962 "-" "Mozilla/5.0 (compatible; AcoonBot/4.11.1; +http://www.acoon.de/robot.asp)"
37.58.52.15 - - [18/May/2013:10:33:01 +0200] "GET /lexikon.php?cs_go=3&cs_id=73 HTTP/1.0" 200 7282 "-" "Mozilla/5.0 (compatible; AcoonBot/4.11.1; +http://www.acoon.de/robot.asp)"
37.58.52.15 - - [18/May/2013:10:36:30 +0200] "GET /lexikon.php?cs_go=3&cs_id=125 HTTP/1.0" 200 6634 "-" "Mozilla/5.0 (compatible; AcoonBot/4.11.1; +http://www.acoon.de/robot.asp)"
37.58.52.15 - - [18/May/2013:10:40:43 +0200] "GET /news.php?cs_go=archiv&cs_id=4117&cs_search= HTTP/1.0" 200 11259 "-" "Mozilla/5.0 (compatible; AcoonBot/4.11.1; +http://www.acoon.de/robot.asp)"
141.8.147.12 - - [18/May/2013:10:41:47 +0200] "GET /news.php?cs_go=archiv&cs_id=4177 HTTP/1.1" 200 7654 "-" "Mozilla/5.0 (compatible; YandexBot/3.0; +http://yandex.com/bots)"
37.58.52.15 - - [18/May/2013:10:42:49 +0200] "GET /lexikon.php?cs_go=3&cs_id=56 HTTP/1.0" 200 5661 "-" "Mozilla/5.0 (compatible; AcoonBot/4.11.1; +http://www.acoon.de/robot.asp)"
66.249.78.46 - - [18/May/2013:10:44:39 +0200] "GET /news.php?cs_go=archiv&cs_id=2806 HTTP/1.1" 200 9959 "-" "Mozilla/5.0 (compatible; Googlebot/2.1; +http://www.google.com/bot.html)"
66.249.78.46 - - [18/May/2013:10:50:00 +0200] "GET /news.php?cs_go=archiv&cs_id=3395&cs_search= HTTP/1.1" 200 11408 "-" "Mozilla/5.0 (iPhone; U; CPU iPhone OS 4_1 like Mac OS X; en-us) AppleWebKit/532.9 (KHTML, like Gecko) Version/4.0.5 Mobile/8B117 Safari/6531.22.7 (compatible; Googlebot-Mobile/2.1; +http://www.google.com/bot.html)"
37.58.52.15 - - [18/May/2013:10:50:06 +0200] "GET /lexikon.php?cs_go=3&cs_id=38 HTTP/1.0" 200 5790 "-" "Mozilla/5.0 (compatible; AcoonBot/4.11.1; +http://www.acoon.de/robot.asp)"
37.58.52.15 - - [18/May/2013:10:54:10 +0200] "GET /news.php?cs_go=archiv&cs_id=4107&cs_search= HTTP/1.0" 200 8078 "-" "Mozilla/5.0 (compatible; AcoonBot/4.11.1; +http://www.acoon.de/robot.asp)"
37.58.52.15 - - [18/May/2013:10:57:10 +0200] "GET /lexikon.php?cs_go=3&cs_id=58 HTTP/1.0" 200 8486 "-" "Mozilla/5.0 (compatible; AcoonBot/4.11.1; +http://www.acoon.de/robot.asp)"
37.58.52.15 - - [18/May/2013:10:58:52 +0200] "GET /lexikon.php?cs_go=3&cs_id=145 HTTP/1.0" 200 6565 "-" "Mozilla/5.0 (compatible; AcoonBot/4.11.1; +http://www.acoon.de/robot.asp)"
141.8.147.12 - - [18/May/2013:11:01:12 +0200] "GET /news.php?cs_go=archiv&cs_id=4005&cs_search= HTTP/1.1" 200 11314 "-" "Mozilla/5.0 (compatible; YandexBot/3.0; +http://yandex.com/bots)"
37.58.52.15 - - [18/May/2013:11:04:10 +0200] "GET /lexikon.php?cs_go=3&cs_id=78 HTTP/1.0" 200 5913 "-" "Mozilla/5.0 (compatible; AcoonBot/4.11.1; +http://www.acoon.de/robot.asp)"
173.199.115.107 - - [18/May/2013:11:06:11 +0200] "GET /news.php?cs_go=archiv&cs_id=3566&cs_search= HTTP/1.1" 200 7644 "-" "Mozilla/5.0 (compatible; AhrefsBot/4.0; +http://ahrefs.com/robot/)"
37.58.52.15 - - [18/May/2013:11:08:52 +0200] "GET /lexikon.php?cs_go=2&cs_char=k HTTP/1.0" 200 7534 "-" "Mozilla/5.0 (compatible; AcoonBot/4.11.1; +http://www.acoon.de/robot.asp)"
37.58.52.15 - - [18/May/2013:11:10:43 +0200] "GET /lexikon.php?cs_go=3&cs_id=72 HTTP/1.0" 200 7055 "-" "Mozilla/5.0 (compatible; AcoonBot/4.11.1; +http://www.acoon.de/robot.asp)"
37.58.52.15 - - [18/May/2013:11:15:55 +0200] "GET /news.php?cs_go=archiv&cs_id=3966&cs_search= HTTP/1.0" 200 11426 "-" "Mozilla/5.0 (compatible; AcoonBot/4.11.1; +http://www.acoon.de/robot.asp)"
37.58.52.15 - - [18/May/2013:11:17:57 +0200] "GET /lexikon.php?cs_go=3&cs_id=52 HTTP/1.0" 200 6408 "-" "Mozilla/5.0 (compatible; AcoonBot/4.11.1; +http://www.acoon.de/robot.asp)"
37.58.52.15 - - [18/May/2013:11:22:07 +0200] "GET /lexikon.php?cs_go=3&cs_id=184 HTTP/1.0" 200 5653 "-" "Mozilla/5.0 (compatible; AcoonBot/4.11.1; +http://www.acoon.de/robot.asp)"
37.58.52.15 - - [18/May/2013:11:24:20 +0200] "GET /lexikon.php?cs_go=3&cs_id=32 HTTP/1.0" 200 5804 "-" "Mozilla/5.0 (compatible; AcoonBot/4.11.1; +http://www.acoon.de/robot.asp)"
141.8.147.12 - - [18/May/2013:11:25:12 +0200] "GET /news.php?cs_go=archiv&cs_id=4180 HTTP/1.1" 200 7803 "-" "Mozilla/5.0 (compatible; YandexBot/3.0; +http://yandex.com/bots)"
37.58.52.15 - - [18/May/2013:11:29:39 +0200] "GET /news.php?cs_go=archiv&cs_id=4053&cs_search= HTTP/1.0" 200 7755 "-" "Mozilla/5.0 (compatible; AcoonBot/4.11.1; +http://www.acoon.de/robot.asp)"
141.8.147.12 - - [18/May/2013:11:32:26 +0200] "GET /news.php?cs_go=archiv&cs_startpos=610 HTTP/1.1" 200 5780 "-" "Mozilla/5.0 (compatible; YandexBot/3.0; +http://yandex.com/bots)"
208.115.111.75 - - [18/May/2013:11:33:39 +0200] "GET /robots.txt HTTP/1.1" 200 177 "-" "Mozilla/5.0 (compatible; Ezooms/1.0; ezooms.bot@gmail.com)"
37.58.52.15 - - [18/May/2013:11:33:41 +0200] "GET /news.php?cs_go=archiv&cs_id=4087&cs_search= HTTP/1.0" 200 11534 "-" "Mozilla/5.0 (compatible; AcoonBot/4.11.1; +http://www.acoon.de/robot.asp)"
37.58.52.15 - - [18/May/2013:11:34:42 +0200] "GET /lexikon.php?cs_go=3&cs_id=144 HTTP/1.0" 200 7506 "-" "Mozilla/5.0 (compatible; AcoonBot/4.11.1; +http://www.acoon.de/robot.asp)"
37.58.52.15 - - [18/May/2013:11:39:24 +0200] "GET /lexikon.php?cs_go=3&cs_id=79 HTTP/1.0" 200 5656 "-" "Mozilla/5.0 (compatible; AcoonBot/4.11.1; +http://www.acoon.de/robot.asp)"
208.115.113.91 - - [18/May/2013:11:41:47 +0200] "GET /news.php?cs_go=archiv&cs_startpos=220 HTTP/1.1" 200 19952 "-" "Mozilla/5.0 (compatible; Ezooms/1.0; ezooms.bot@gmail.com)"
37.58.52.15 - - [18/May/2013:11:42:23 +0200] "GET /lexikon.php?cs_go=3&cs_id=37 HTTP/1.0" 200 5987 "-" "Mozilla/5.0 (compatible; AcoonBot/4.11.1; +http://www.acoon.de/robot.asp)"
173.199.115.107 - - [18/May/2013:11:45:26 +0200] "GET /news.php?cs_go=archiv&cs_id=3653&cs_search= HTTP/1.1" 200 11071 "-" "Mozilla/5.0 (compatible; AhrefsBot/4.0; +http://ahrefs.com/robot/)"
37.58.52.15 - - [18/May/2013:11:46:59 +0200] "GET /lexikon.php?cs_go=3&cs_id=59 HTTP/1.0" 200 6364 "-" "Mozilla/5.0 (compatible; AcoonBot/4.11.1; +http://www.acoon.de/robot.asp)"
141.8.147.12 - - [18/May/2013:11:47:51 +0200] "GET /news.php?cs_go=archiv&cs_startpos=510 HTTP/1.1" 200 5780 "-" "Mozilla/5.0 (compatible; YandexBot/3.0; +http://yandex.com/bots)"
37.58.52.15 - - [18/May/2013:11:48:00 +0200] "GET /lexikon.php?cs_go=3&cs_id=57 HTTP/1.0" 200 7732 "-" "Mozilla/5.0 (compatible; AcoonBot/4.11.1; +http://www.acoon.de/robot.asp)"
173.199.115.107 - - [18/May/2013:11:52:20 +0200] "GET /news.php?cs_go=archiv&cs_id=3691&cs_search= HTTP/1.1" 200 11318 "-" "Mozilla/5.0 (compatible; AhrefsBot/4.0; +http://ahrefs.com/robot/)"
37.58.52.15 - - [18/May/2013:11:54:24 +0200] "GET /lexikon.php?cs_go=3&cs_id=39 HTTP/1.0" 200 6012 "-" "Mozilla/5.0 (compatible; AcoonBot/4.11.1; +http://www.acoon.de/robot.asp)"
37.58.52.15 - - [18/May/2013:11:56:03 +0200] "GET /lexikon.php?cs_go=3&cs_id=124 HTTP/1.0" 200 6146 "-" "Mozilla/5.0 (compatible; AcoonBot/4.11.1; +http://www.acoon.de/robot.asp)"
37.58.52.15 - - [18/May/2013:12:01:12 +0200] "GET /lexikon.php?cs_go=3&cs_id=92 HTTP/1.0" 200 6180 "-" "Mozilla/5.0 (compatible; AcoonBot/4.11.1; +http://www.acoon.de/robot.asp)"
37.58.52.15 - - [18/May/2013:12:03:12 +0200] "GET /lexikon.php?cs_go=3&cs_id=34 HTTP/1.0" 200 6021 "-" "Mozilla/5.0 (compatible; AcoonBot/4.11.1; +http://www.acoon.de/robot.asp)"
141.8.147.12 - - [18/May/2013:12:06:35 +0200] "GET /news.php?cs_go=archiv&cs_startpos=731 HTTP/1.1" 200 5780 "-" "Mozilla/5.0 (compatible; YandexBot/3.0; +http://yandex.com/bots)"
37.58.52.15 - - [18/May/2013:12:08:07 +0200] "GET /lexikon.php?cs_go=3&cs_id=182 HTTP/1.0" 200 6065 "-" "Mozilla/5.0 (compatible; AcoonBot/4.11.1; +http://www.acoon.de/robot.asp)"
37.58.52.15 - - [18/May/2013:12:09:08 +0200] "GET /news.php?cs_go=archiv&cs_id=4131&cs_search= HTTP/1.0" 200 7858 "-" "Mozilla/5.0 (compatible; AcoonBot/4.11.1; +http://www.acoon.de/robot.asp)"
141.8.147.12 - - [18/May/2013:12:14:52 +0200] "GET /news.php?cs_go=archiv&cs_id=4067&cs_search= HTTP/1.1" 200 8422 "-" "Mozilla/5.0 (compatible; YandexBot/3.0; +http://yandex.com/bots)"
37.58.52.15 - - [18/May/2013:12:15:47 +0200] "GET /lexikon.php?cs_go=3&cs_id=129 HTTP/1.0" 200 6302 "-" "Mozilla/5.0 (compatible; AcoonBot/4.11.1; +http://www.acoon.de/robot.asp)"
37.58.52.15 - - [18/May/2013:12:17:19 +0200] "GET /lexikon.php?cs_go=3&cs_id=127 HTTP/1.0" 200 7733 "-" "Mozilla/5.0 (compatible; AcoonBot/4.11.1; +http://www.acoon.de/robot.asp)"
173.199.115.107 - - [18/May/2013:12:21:28 +0200] "GET /lexikon.php?cs_go=3&cs_id=184 HTTP/1.1" 200 5653 "-" "Mozilla/5.0 (compatible; AhrefsBot/4.0; +http://ahrefs.com/robot/)"
37.58.52.15 - - [18/May/2013:12:21:51 +0200] "GET /lexikon.php?cs_go=3&cs_id=149 HTTP/1.0" 200 7384 "-" "Mozilla/5.0 (compatible; AcoonBot/4.11.1; +http://www.acoon.de/robot.asp)"
37.58.52.15 - - [18/May/2013:12:23:11 +0200] "GET /lexikon.php?cs_go=3&cs_id=54 HTTP/1.0" 200 5659 "-" "Mozilla/5.0 (compatible; AcoonBot/4.11.1; +http://www.acoon.de/robot.asp)"
173.199.115.107 - - [18/May/2013:12:25:09 +0200] "GET /lexikon.php?cs_go=3&cs_id=57 HTTP/1.1" 200 7732 "-" "Mozilla/5.0 (compatible; AhrefsBot/4.0; +http://ahrefs.com/robot/)"
66.249.78.46 - - [18/May/2013:12:25:51 +0200] "GET /robots.txt HTTP/1.1" 200 177 "-" "Mozilla/5.0 (compatible; Googlebot/2.1; +http://www.google.com/bot.html)"
66.249.78.46 - - [18/May/2013:12:25:51 +0200] "GET /news.php?cs_go=archiv&cs_startpos=80 HTTP/1.1" 200 20339 "-" "Mozilla/5.0 (compatible; Googlebot/2.1; +http://www.google.com/bot.html)"
37.58.52.15 - - [18/May/2013:12:28:35 +0200] "GET /news.php?cs_go=archiv&cs_id=4121&cs_search= HTTP/1.0" 200 11379 "-" "Mozilla/5.0 (compatible; AcoonBot/4.11.1; +http://www.acoon.de/robot.asp)"
37.58.52.15 - - [18/May/2013:12:29:55 +0200] "GET /news.php?cs_go=archiv&cs_id=3991&cs_search= HTTP/1.0" 200 7662 "-" "Mozilla/5.0 (compatible; AcoonBot/4.11.1; +http://www.acoon.de/robot.asp)"
157.55.32.185 - - [18/May/2013:12:33:34 +0200] "GET /robots.txt HTTP/1.1" 200 177 "-" "Mozilla/5.0 (compatible; bingbot/2.0; +http://www.bing.com/bingbot.htm)"
141.8.147.12 - - [18/May/2013:12:33:59 +0200] "GET /news.php?cs_go=archiv&cs_startpos=631 HTTP/1.1" 200 5780 "-" "Mozilla/5.0 (compatible; YandexBot/3.0; +http://yandex.com/bots)"
37.58.52.15 - - [18/May/2013:12:35:01 +0200] "GET /lexikon.php?cs_go=3&cs_id=51 HTTP/1.0" 200 7149 "-" "Mozilla/5.0 (compatible; AcoonBot/4.11.1; +http://www.acoon.de/robot.asp)"
157.55.32.185 - - [18/May/2013:12:36:13 +0200] "GET / HTTP/1.1" 200 12303 "-" "Mozilla/5.0 (compatible; bingbot/2.0; +http://www.bing.com/bingbot.htm)"
37.58.52.15 - - [18/May/2013:12:39:30 +0200] "GET /lexikon.php?cs_go=3&cs_id=94 HTTP/1.0" 200 6133 "-" "Mozilla/5.0 (compatible; AcoonBot/4.11.1; +http://www.acoon.de/robot.asp)"
37.58.52.15 - - [18/May/2013:12:41:49 +0200] "GET /lexikon.php?cs_go=3&cs_id=71 HTTP/1.0" 200 6776 "-" "Mozilla/5.0 (compatible; AcoonBot/4.11.1; +http://www.acoon.de/robot.asp)"
37.58.52.15 - - [18/May/2013:12:46:33 +0200] "GET /news.php?cs_go=archiv&cs_id=3955&cs_search= HTTP/1.0" 200 8981 "-" "Mozilla/5.0 (compatible; AcoonBot/4.11.1; +http://www.acoon.de/robot.asp)"
37.58.52.15 - - [18/May/2013:12:48:00 +0200] "GET /news.php?cs_go=archiv&cs_id=4070&cs_search= HTTP/1.0" 200 7906 "-" "Mozilla/5.0 (compatible; AcoonBot/4.11.1; +http://www.acoon.de/robot.asp)"
141.8.147.12 - - [18/May/2013:12:53:06 +0200] "GET /news.php?cs_go=archiv&cs_startpos=560 HTTP/1.1" 200 5780 "-" "Mozilla/5.0 (compatible; YandexBot/3.0; +http://yandex.com/bots)"
37.58.52.15 - - [18/May/2013:12:53:13 +0200] "GET /lexikon.php?cs_go=3&cs_id=187 HTTP/1.0" 200 6158 "-" "Mozilla/5.0 (compatible; AcoonBot/4.11.1; +http://www.acoon.de/robot.asp)"
37.58.52.15 - - [18/May/2013:12:55:35 +0200] "GET /lexikon.php?cs_go=3&cs_id=31 HTTP/1.0" 200 5657 "-" "Mozilla/5.0 (compatible; AcoonBot/4.11.1; +http://www.acoon.de/robot.asp)"
37.58.52.15 - - [18/May/2013:12:57:59 +0200] "GET /lexikon.php?cs_go=3&cs_id=55 HTTP/1.0" 200 5674 "-" "Mozilla/5.0 (compatible; AcoonBot/4.11.1; +http://www.acoon.de/robot.asp)"
37.58.52.15 - - [18/May/2013:13:03:46 +0200] "GET /lexikon.php?cs_go=3&cs_id=168 HTTP/1.0" 200 6793 "-" "Mozilla/5.0 (compatible; AcoonBot/4.11.1; +http://www.acoon.de/robot.asp)"
37.58.52.15 - - [18/May/2013:13:05:58 +0200] "GET /news.php?cs_go=archiv&cs_id=4072&cs_search= HTTP/1.0" 200 8996 "-" "Mozilla/5.0 (compatible; AcoonBot/4.11.1; +http://www.acoon.de/robot.asp)"
141.8.147.12 - - [18/May/2013:13:10:55 +0200] "GET /news.php?cs_go=archiv&cs_id=4040 HTTP/1.1" 200 10137 "-" "Mozilla/5.0 (compatible; YandexBot/3.0; +http://yandex.com/bots)"
37.58.52.15 - - [18/May/2013:13:10:57 +0200] "GET /lexikon.php?cs_go=3&cs_id=148 HTTP/1.0" 200 6175 "-" "Mozilla/5.0 (compatible; AcoonBot/4.11.1; +http://www.acoon.de/robot.asp)"
37.58.52.15 - - [18/May/2013:13:12:30 +0200] "GET /lexikon.php?cs_go=3&cs_id=146 HTTP/1.0" 200 6272 "-" "Mozilla/5.0 (compatible; AcoonBot/4.11.1; +http://www.acoon.de/robot.asp)"
66.249.78.46 - - [18/May/2013:13:16:23 +0200] "GET /kwk.php?cs_go=1 HTTP/1.1" 200 8539 "-" "Mozilla/5.0 (compatible; Googlebot/2.1; +http://www.google.com/bot.html)"
37.58.52.15 - - [18/May/2013:13:18:42 +0200] "GET /lexikon.php?cs_go=3&cs_id=128 HTTP/1.0" 200 6148 "-" "Mozilla/5.0 (compatible; AcoonBot/4.11.1; +http://www.acoon.de/robot.asp)"
37.58.52.15 - - [18/May/2013:13:20:07 +0200] "GET /news.php?cs_go=archiv&cs_id=4128&cs_search= HTTP/1.0" 200 7746 "-" "Mozilla/5.0 (compatible; AcoonBot/4.11.1; +http://www.acoon.de/robot.asp)"
37.58.52.15 - - [18/May/2013:13:23:34 +0200] "GET /news.php?cs_go=archiv&cs_id=3993&cs_search= HTTP/1.0" 200 10847 "-" "Mozilla/5.0 (compatible; AcoonBot/4.11.1; +http://www.acoon.de/robot.asp)"
37.58.52.15 - - [18/May/2013:13:28:10 +0200] "GET /news.php?cs_go=archiv&cs_id=3994&cs_search= HTTP/1.0" 200 7819 "-" "Mozilla/5.0 (compatible; AcoonBot/4.11.1; +http://www.acoon.de/robot.asp)"
37.58.52.15 - - [18/May/2013:13:31:00 +0200] "GET /news.php?cs_go=archiv&cs_startpos=160 HTTP/1.0" 200 20377 "-" "Mozilla/5.0 (compatible; AcoonBot/4.11.1; +http://www.acoon.de/robot.asp)"
208.115.111.75 - - [18/May/2013:13:35:12 +0200] "GET /agb.php HTTP/1.1" 200 17557 "-" "Mozilla/5.0 (compatible; Ezooms/1.0; ezooms.bot@gmail.com)"
173.199.115.107 - - [18/May/2013:13:37:08 +0200] "GET /lexikon.php?cs_go=3&cs_id=214 HTTP/1.1" 200 5794 "-" "Mozilla/5.0 (compatible; AhrefsBot/4.0; +http://ahrefs.com/robot/)"
37.58.52.15 - - [18/May/2013:13:37:47 +0200] "GET /news.php?cs_go=archiv&cs_startpos=140 HTTP/1.0" 200 20384 "-" "Mozilla/5.0 (compatible; AcoonBot/4.11.1; +http://www.acoon.de/robot.asp)"
141.8.147.12 - - [18/May/2013:13:39:58 +0200] "GET /news.php?cs_go=archiv&cs_id=4059&cs_search= HTTP/1.1" 200 11065 "-" "Mozilla/5.0 (compatible; YandexBot/3.0; +http://yandex.com/bots)"
173.199.115.107 - - [18/May/2013:13:40:11 +0200] "GET /lexikon.php?cs_go=3&cs_id=220 HTTP/1.1" 200 5678 "-" "Mozilla/5.0 (compatible; AhrefsBot/4.0; +http://ahrefs.com/robot/)"
66.249.78.46 - - [18/May/2013:13:41:46 +0200] "GET /news.php?cs_go=archiv&cs_startpos=151 HTTP/1.1" 200 20491 "-" "Mozilla/5.0 (compatible; Googlebot/2.1; +http://www.google.com/bot.html)"
37.58.52.15 - - [18/May/2013:13:42:13 +0200] "GET /news.php?cs_go=archiv&cs_id=4079&cs_search= HTTP/1.0" 200 12601 "-" "Mozilla/5.0 (compatible; AcoonBot/4.11.1; +http://www.acoon.de/robot.asp)"
37.58.52.15 - - [18/May/2013:13:44:13 +0200] "GET /news.php?cs_go=archiv&cs_id=4133&cs_search= HTTP/1.0" 200 11676 "-" "Mozilla/5.0 (compatible; AcoonBot/4.11.1; +http://www.acoon.de/robot.asp)"
65.36.241.79 - - [18/May/2013:13:46:20 +0200] "HEAD / HTTP/1.1" 200 - "-" "InternetSeer.com"
208.115.113.91 - - [18/May/2013:13:46:48 +0200] "GET /robots.txt HTTP/1.1" 200 177 "-" "Mozilla/5.0 (compatible; Ezooms/1.0; ezooms.bot@gmail.com)"
37.58.52.15 - - [18/May/2013:13:47:25 +0200] "GET /lexikon.php?cs_go=3&cs_id=217 HTTP/1.0" 200 5776 "-" "Mozilla/5.0 (compatible; AcoonBot/4.11.1; +http://www.acoon.de/robot.asp)"
37.58.52.15 - - [18/May/2013:13:51:32 +0200] "GET /lexikon.php?cs_go=3&cs_id=50 HTTP/1.0" 200 6388 "-" "Mozilla/5.0 (compatible; AcoonBot/4.11.1; +http://www.acoon.de/robot.asp)"
173.199.115.107 - - [18/May/2013:13:52:01 +0200] "GET /lexikon.php?cs_go=2&cs_char=z HTTP/1.1" 200 5916 "-" "Mozilla/5.0 (compatible; AhrefsBot/4.0; +http://ahrefs.com/robot/)"
141.8.147.12 - - [18/May/2013:13:54:21 +0200] "GET /news.php?cs_go=archiv&cs_startpos=621 HTTP/1.1" 200 5780 "-" "Mozilla/5.0 (compatible; YandexBot/3.0; +http://yandex.com/bots)"
37.58.52.15 - - [18/May/2013:13:55:03 +0200] "GET /lexikon.php?cs_go=3&cs_id=150 HTTP/1.0" 200 5873 "-" "Mozilla/5.0 (compatible; AcoonBot/4.11.1; +http://www.acoon.de/robot.asp)"
37.58.52.15 - - [18/May/2013:13:57:59 +0200] "GET /news.php?cs_go=archiv&cs_id=4024&cs_search= HTTP/1.0" 200 11057 "-" "Mozilla/5.0 (compatible; AcoonBot/4.11.1; +http://www.acoon.de/robot.asp)"
141.8.147.12 - - [18/May/2013:13:58:22 +0200] "GET /news.php?cs_go=archiv&cs_id=4001&cs_search= HTTP/1.1" 200 9669 "-" "Mozilla/5.0 (compatible; YandexBot/3.0; +http://yandex.com/bots)"
141.8.147.12 - - [18/May/2013:13:59:06 +0200] "GET /news.php?cs_go=archiv&cs_startpos=490 HTTP/1.1" 200 5780 "-" "Mozilla/5.0 (compatible; YandexBot/3.0; +http://yandex.com/bots)"
141.8.147.12 - - [18/May/2013:13:59:39 +0200] "GET /news.php?cs_go=archiv&cs_startpos=151 HTTP/1.1" 200 20491 "-" "Mozilla/5.0 (compatible; YandexBot/3.0; +http://yandex.com/bots)"
141.8.147.12 - - [18/May/2013:14:00:04 +0200] "GET /news.php?cs_go=archiv&cs_id=4171&cs_search= HTTP/1.1" 200 9346 "-" "Mozilla/5.0 (compatible; YandexBot/3.0; +http://yandex.com/bots)"
141.8.147.12 - - [18/May/2013:14:00:22 +0200] "GET /news.php?cs_go=archiv&cs_startpos=221 HTTP/1.1" 200 19960 "-" "Mozilla/5.0 (compatible; YandexBot/3.0; +http://yandex.com/bots)"
141.8.147.12 - - [18/May/2013:14:00:36 +0200] "GET /news.php?cs_go=archiv&cs_startpos=690 HTTP/1.1" 200 5780 "-" "Mozilla/5.0 (compatible; YandexBot/3.0; +http://yandex.com/bots)"
141.8.147.12 - - [18/May/2013:14:00:46 +0200] "GET /news.php?cs_go=archiv&cs_id=4069&cs_search= HTTP/1.1" 200 8089 "-" "Mozilla/5.0 (compatible; YandexBot/3.0; +http://yandex.com/bots)"
141.8.147.12 - - [18/May/2013:14:00:54 +0200] "GET / HTTP/1.1" 200 12300 "-" "Mozilla/5.0 (compatible; YandexBot/3.0; +http://yandex.com/bots)"
141.8.147.12 - - [18/May/2013:14:01:02 +0200] "GET /news.php HTTP/1.1" 200 19807 "-" "Mozilla/5.0 (compatible; YandexBot/3.0; +http://yandex.com/bots)"
141.8.147.12 - - [18/May/2013:14:01:10 +0200] "GET /index.php HTTP/1.1" 200 12300 "-" "Mozilla/5.0 (compatible; YandexBot/3.0; +http://yandex.com/bots)"
37.58.52.15 - - [18/May/2013:14:01:14 +0200] "GET /lexikon.php?cs_go=3&cs_id=23 HTTP/1.0" 200 6976 "-" "Mozilla/5.0 (compatible; AcoonBot/4.11.1; +http://www.acoon.de/robot.asp)"
37.58.52.15 - - [18/May/2013:14:06:19 +0200] "GET /lexikon.php?cs_go=3&cs_id=195 HTTP/1.0" 200 6662 "-" "Mozilla/5.0 (compatible; AcoonBot/4.11.1; +http://www.acoon.de/robot.asp)"
37.58.52.15 - - [18/May/2013:14:08:59 +0200] "GET /lexikon.php?cs_go=3&cs_id=43 HTTP/1.0" 200 5660 "-" "Mozilla/5.0 (compatible; AcoonBot/4.11.1; +http://www.acoon.de/robot.asp)"
37.58.52.15 - - [18/May/2013:14:11:47 +0200] "GET /lexikon.php?cs_go=3&cs_id=204 HTTP/1.0" 200 5661 "-" "Mozilla/5.0 (compatible; AcoonBot/4.11.1; +http://www.acoon.de/robot.asp)"
66.249.75.49 - - [18/May/2013:14:15:22 +0200] "GET /news.php?cs_go=archiv&cs_id=4052&cs_search= HTTP/1.1" 200 10041 "-" "Mozilla/5.0 (compatible; Googlebot/2.1; +http://www.google.com/bot.html)"
37.58.52.15 - - [18/May/2013:14:16:08 +0200] "GET /news.php?cs_go=archiv&cs_id=3944&cs_search= HTTP/1.0" 200 11360 "-" "Mozilla/5.0 (compatible; AcoonBot/4.11.1; +http://www.acoon.de/robot.asp)"
37.58.52.15 - - [18/May/2013:14:19:59 +0200] "GET /lexikon.php?cs_go=3&cs_id=8 HTTP/1.0" 200 6882 "-" "Mozilla/5.0 (compatible; AcoonBot/4.11.1; +http://www.acoon.de/robot.asp)"
37.58.52.15 - - [18/May/2013:14:22:07 +0200] "GET /news.php?cs_go=archiv&cs_id=3997&cs_search= HTTP/1.0" 200 9671 "-" "Mozilla/5.0 (compatible; AcoonBot/4.11.1; +http://www.acoon.de/robot.asp)"
37.58.52.15 - - [18/May/2013:14:24:54 +0200] "GET /news.php?cs_go=archiv&cs_id=3943&cs_search= HTTP/1.0" 200 10560 "-" "Mozilla/5.0 (compatible; AcoonBot/4.11.1; +http://www.acoon.de/robot.asp)"
37.58.52.15 - - [18/May/2013:14:31:07 +0200] "GET /lexikon.php?cs_go=3&cs_id=28 HTTP/1.0" 200 5967 "-" "Mozilla/5.0 (compatible; AcoonBot/4.11.1; +http://www.acoon.de/robot.asp)"
37.58.52.15 - - [18/May/2013:14:32:08 +0200] "GET /lexikon.php?cs_go=3&cs_id=46 HTTP/1.0" 200 5660 "-" "Mozilla/5.0 (compatible; AcoonBot/4.11.1; +http://www.acoon.de/robot.asp)"
37.58.52.15 - - [18/May/2013:14:36:58 +0200] "GET /lexikon.php?cs_go=3&cs_id=48 HTTP/1.0" 200 7065 "-" "Mozilla/5.0 (compatible; AcoonBot/4.11.1; +http://www.acoon.de/robot.asp)"
37.58.52.15 - - [18/May/2013:14:39:06 +0200] "GET /news.php?cs_go=archiv&cs_id=4076&cs_search= HTTP/1.0" 200 9440 "-" "Mozilla/5.0 (compatible; AcoonBot/4.11.1; +http://www.acoon.de/robot.asp)"
66.249.78.46 - - [18/May/2013:14:40:41 +0200] "GET /news.php?cs_go=archiv&cs_id=3504 HTTP/1.1" 200 12502 "-" "Mozilla/5.0 (compatible; Googlebot/2.1; +http://www.google.com/bot.html)"
37.58.52.15 - - [18/May/2013:14:42:56 +0200] "GET /lexikon.php?cs_go=2&cs_char=x HTTP/1.0" 200 6265 "-" "Mozilla/5.0 (compatible; AcoonBot/4.11.1; +http://www.acoon.de/robot.asp)"
37.58.52.15 - - [18/May/2013:14:46:30 +0200] "GET /lexikon.php?cs_go=3&cs_id=3 HTTP/1.0" 200 6140 "-" "Mozilla/5.0 (compatible; AcoonBot/4.11.1; +http://www.acoon.de/robot.asp)"
66.249.78.46 - - [18/May/2013:14:49:16 +0200] "GET /news.php?cs_go=archiv&cs_id=3401&cs_search= HTTP/1.1" 200 11035 "-" "Mozilla/5.0 (compatible; Googlebot/2.1; +http://www.google.com/bot.html)"
37.58.52.15 - - [18/May/2013:14:49:32 +0200] "GET /lexikon.php?cs_go=3&cs_id=62 HTTP/1.0" 200 6223 "-" "Mozilla/5.0 (compatible; AcoonBot/4.11.1; +http://www.acoon.de/robot.asp)"
173.199.115.107 - - [18/May/2013:14:50:57 +0200] "GET /lexikon.php?cs_go=3&cs_id=181 HTTP/1.1" 200 5650 "-" "Mozilla/5.0 (compatible; AhrefsBot/4.0; +http://ahrefs.com/robot/)"
37.58.52.15 - - [18/May/2013:14:54:06 +0200] "GET /lexikon.php?cs_go=3&cs_id=87 HTTP/1.0" 200 5996 "-" "Mozilla/5.0 (compatible; AcoonBot/4.11.1; +http://www.acoon.de/robot.asp)"
66.249.75.49 - - [18/May/2013:14:55:43 +0200] "GET /news.php?cs_go=archiv&cs_startpos=20 HTTP/1.1" 200 20225 "-" "DoCoMo/2.0 N905i(c100;TB;W24H16) (compatible; Googlebot-Mobile/2.1; +http://www.google.com/bot.html)"
37.58.52.15 - - [18/May/2013:14:56:55 +0200] "GET /lexikon.php?cs_go=3&cs_id=42 HTTP/1.0" 200 6027 "-" "Mozilla/5.0 (compatible; AcoonBot/4.11.1; +http://www.acoon.de/robot.asp)"
66.249.75.49 - - [18/May/2013:14:57:30 +0200] "GET /news.php?cs_go=archiv&cs_id=3687 HTTP/1.1" 200 11044 "-" "Mozilla/5.0 (compatible; Googlebot/2.1; +http://www.google.com/bot.html)"
37.58.52.15 - - [18/May/2013:15:00:43 +0200] "GET /news.php?cs_go=archiv&cs_id=3989&cs_search= HTTP/1.0" 200 9736 "-" "Mozilla/5.0 (compatible; AcoonBot/4.11.1; +http://www.acoon.de/robot.asp)"
37.58.52.15 - - [18/May/2013:15:02:53 +0200] "GET /lexikon.php?cs_go=3&cs_id=22 HTTP/1.0" 200 6372 "-" "Mozilla/5.0 (compatible; AcoonBot/4.11.1; +http://www.acoon.de/robot.asp)"
37.58.52.15 - - [18/May/2013:15:07:48 +0200] "GET /lexikon.php?cs_go=3&cs_id=194 HTTP/1.0" 200 5667 "-" "Mozilla/5.0 (compatible; AcoonBot/4.11.1; +http://www.acoon.de/robot.asp)"
37.58.52.15 - - [18/May/2013:15:10:28 +0200] "GET /lexikon.php?cs_go=3&cs_id=151 HTTP/1.0" 200 6338 "-" "Mozilla/5.0 (compatible; AcoonBot/4.11.1; +http://www.acoon.de/robot.asp)"
37.58.52.15 - - [18/May/2013:15:12:06 +0200] "GET /news.php?cs_go=archiv&cs_id=3995&cs_search= HTTP/1.0" 200 8138 "-" "Mozilla/5.0 (compatible; AcoonBot/4.11.1; +http://www.acoon.de/robot.asp)"
66.249.78.46 - - [18/May/2013:15:14:26 +0200] "GET /news.php?cs_go=archiv&cs_id=3003 HTTP/1.1" 200 9905 "-" "Mozilla/5.0 (compatible; Googlebot/2.1; +http://www.google.com/bot.html)"
37.58.52.15 - - [18/May/2013:15:17:42 +0200] "GET /lexikon.php?cs_go=3&cs_id=69 HTTP/1.0" 200 7762 "-" "Mozilla/5.0 (compatible; AcoonBot/4.11.1; +http://www.acoon.de/robot.asp)"
37.58.52.15 - - [18/May/2013:15:21:14 +0200] "GET /news.php?cs_go=archiv&cs_id=4129&cs_search= HTTP/1.0" 200 8082 "-" "Mozilla/5.0 (compatible; AcoonBot/4.11.1; +http://www.acoon.de/robot.asp)"
37.58.52.15 - - [18/May/2013:15:24:44 +0200] "GET /lexikon.php?cs_go=3&cs_id=49 HTTP/1.0" 200 6790 "-" "Mozilla/5.0 (compatible; AcoonBot/4.11.1; +http://www.acoon.de/robot.asp)"
37.58.52.15 - - [18/May/2013:15:27:08 +0200] "GET /lexikon.php?cs_go=3&cs_id=27 HTTP/1.0" 200 6132 "-" "Mozilla/5.0 (compatible; AcoonBot/4.11.1; +http://www.acoon.de/robot.asp)"
37.58.52.15 - - [18/May/2013:15:32:38 +0200] "GET /lexikon.php?cs_go=3&cs_id=29 HTTP/1.0" 200 6009 "-" "Mozilla/5.0 (compatible; AcoonBot/4.11.1; +http://www.acoon.de/robot.asp)"
37.58.52.15 - - [18/May/2013:15:33:39 +0200] "GET /lexikon.php?cs_go=3&cs_id=47 HTTP/1.0" 200 8814 "-" "Mozilla/5.0 (compatible; AcoonBot/4.11.1; +http://www.acoon.de/robot.asp)"
37.58.52.15 - - [18/May/2013:15:38:49 +0200] "GET /lexikon.php?cs_go=3&cs_id=82 HTTP/1.0" 200 6044 "-" "Mozilla/5.0 (compatible; AcoonBot/4.11.1; +http://www.acoon.de/robot.asp)"
37.58.52.15 - - [18/May/2013:15:40:32 +0200] "GET /lexikon.php?cs_go=3&cs_id=67 HTTP/1.0" 200 6281 "-" "Mozilla/5.0 (compatible; AcoonBot/4.11.1; +http://www.acoon.de/robot.asp)"
173.199.115.107 - - [18/May/2013:15:43:12 +0200] "GET /news.php?cs_go=archiv&cs_id=3814&cs_search= HTTP/1.1" 200 10702 "-" "Mozilla/5.0 (compatible; AhrefsBot/4.0; +http://ahrefs.com/robot/)"
173.199.115.107 - - [18/May/2013:15:45:01 +0200] "GET /.php HTTP/1.1" 404 - "-" "Mozilla/5.0 (compatible; AhrefsBot/4.0; +http://ahrefs.com/robot/)"
208.115.113.91 - - [18/May/2013:15:45:52 +0200] "GET /faq.php HTTP/1.1" 200 181692 "-" "Mozilla/5.0 (compatible; Ezooms/1.0; ezooms.bot@gmail.com)"
208.115.113.91 - - [18/May/2013:15:45:57 +0200] "GET /news.php?cs_go=archiv HTTP/1.1" 200 19807 "-" "Mozilla/5.0 (compatible; Ezooms/1.0; ezooms.bot@gmail.com)"
37.58.52.15 - - [18/May/2013:15:46:01 +0200] "GET /lexikon.php?cs_go=3&cs_id=119 HTTP/1.0" 200 5797 "-" "Mozilla/5.0 (compatible; AcoonBot/4.11.1; +http://www.acoon.de/robot.asp)"
173.199.115.107 - - [18/May/2013:15:47:19 +0200] "GET /news.php?cs_go=archiv&cs_id=3728 HTTP/1.1" 200 7519 "-" "Mozilla/5.0 (compatible; AhrefsBot/4.0; +http://ahrefs.com/robot/)"
37.58.52.15 - - [18/May/2013:15:47:55 +0200] "GET /lexikon.php?cs_go=3&cs_id=24 HTTP/1.0" 200 5689 "-" "Mozilla/5.0 (compatible; AcoonBot/4.11.1; +http://www.acoon.de/robot.asp)"
37.58.52.15 - - [18/May/2013:15:53:07 +0200] "GET /news.php?cs_go=archiv&cs_id=4094&cs_search= HTTP/1.0" 200 8210 "-" "Mozilla/5.0 (compatible; AcoonBot/4.11.1; +http://www.acoon.de/robot.asp)"
37.58.52.15 - - [18/May/2013:15:54:47 +0200] "GET /news.php?cs_go=archiv&cs_id=4106&cs_search= HTTP/1.0" 200 11266 "-" "Mozilla/5.0 (compatible; AcoonBot/4.11.1; +http://www.acoon.de/robot.asp)"
66.249.78.46 - - [18/May/2013:15:56:57 +0200] "GET /news.php?cs_go=archiv&cs_id=4055 HTTP/1.1" 200 7836 "-" "Mozilla/5.0 (compatible; Googlebot/2.1; +http://www.google.com/bot.html)"
37.58.52.15 - - [18/May/2013:15:59:28 +0200] "GET /lexikon.php?cs_go=3&cs_id=81 HTTP/1.0" 200 6075 "-" "Mozilla/5.0 (compatible; AcoonBot/4.11.1; +http://www.acoon.de/robot.asp)"
37.58.52.15 - - [18/May/2013:16:01:02 +0200] "GET /lexikon.php?cs_go=3&cs_id=64 HTTP/1.0" 200 6384 "-" "Mozilla/5.0 (compatible; AcoonBot/4.11.1; +http://www.acoon.de/robot.asp)"
141.8.147.12 - - [18/May/2013:16:05:27 +0200] "GET /robots.txt HTTP/1.1" 200 177 "-" "Mozilla/5.0 (compatible; YandexBot/3.0; +http://yandex.com/bots)"
37.58.52.15 - - [18/May/2013:16:06:19 +0200] "GET /news.php?cs_go=archiv&cs_id=4116&cs_search= HTTP/1.0" 200 10213 "-" "Mozilla/5.0 (compatible; AcoonBot/4.11.1; +http://www.acoon.de/robot.asp)"
66.249.78.46 - - [18/May/2013:16:06:47 +0200] "GET /news.php?cs_go=archiv&cs_id=4158 HTTP/1.1" 200 13851 "-" "Mozilla/5.0 (iPhone; U; CPU iPhone OS 4_1 like Mac OS X; en-us) AppleWebKit/532.9 (KHTML, like Gecko) Version/4.0.5 Mobile/8B117 Safari/6531.22.7 (compatible; Googlebot-Mobile/2.1; +http://www.google.com/bot.html)"
37.58.52.15 - - [18/May/2013:16:07:42 +0200] "GET /lexikon.php?cs_go=3&cs_id=44 HTTP/1.0" 200 5660 "-" "Mozilla/5.0 (compatible; AcoonBot/4.11.1; +http://www.acoon.de/robot.asp)"
173.199.115.107 - - [18/May/2013:16:08:48 +0200] "GET /lexikon.php?cs_go=3&cs_id=189 HTTP/1.1" 200 5880 "-" "Mozilla/5.0 (compatible; AhrefsBot/4.0; +http://ahrefs.com/robot/)"
173.199.115.107 - - [18/May/2013:16:12:52 +0200] "GET /news.php?cs_go=archiv&cs_id=3743&cs_search= HTTP/1.1" 200 8522 "-" "Mozilla/5.0 (compatible; AhrefsBot/4.0; +http://ahrefs.com/robot/)"
