141.8.147.12 - - [13/May/2013:03:30:05 +0200] "GET /news.php?cs_go=archiv&cs_id=3540&cs_search= HTTP/1.1" 200 9960 "-" "Mozilla/5.0 (compatible; YandexBot/3.0; +http://yandex.com/bots)"
141.8.147.12 - - [13/May/2013:03:32:17 +0200] "GET /news.php?cs_go=archiv&cs_id=2767&cs_search= HTTP/1.1" 200 13753 "-" "Mozilla/5.0 (compatible; YandexBot/3.0; +http://yandex.com/bots)"
208.115.111.75 - - [13/May/2013:03:34:08 +0200] "GET /robots.txt HTTP/1.1" 200 177 "-" "Mozilla/5.0 (compatible; Ezooms/1.0; ezooms.bot@gmail.com)"
141.8.147.12 - - [13/May/2013:03:36:41 +0200] "GET /news.php?cs_go=archiv&cs_id=3817&cs_search= HTTP/1.1" 200 9876 "-" "Mozilla/5.0 (compatible; YandexBot/3.0; +http://yandex.com/bots)"
141.8.147.12 - - [13/May/2013:03:38:52 +0200] "GET /news.php?cs_go=archiv&cs_id=2761&cs_search= HTTP/1.1" 200 13713 "-" "Mozilla/5.0 (compatible; YandexBot/3.0; +http://yandex.com/bots)"
141.8.147.12 - - [13/May/2013:03:43:16 +0200] "GET /news.php?cs_go=archiv&cs_id=2735&cs_search= HTTP/1.1" 200 9851 "-" "Mozilla/5.0 (compatible; YandexBot/3.0; +http://yandex.com/bots)"
37.58.52.15 - - [13/May/2013:03:44:09 +0200] "GET /news.php?cs_go=archiv&cs_id=4156&cs_search= HTTP/1.0" 200 13023 "-" "Mozilla/5.0 (compatible; AcoonBot/4.11.1; +http://www.acoon.de/robot.asp)"
141.8.147.12 - - [13/May/2013:03:45:28 +0200] "GET /news.php?cs_go=archiv&cs_id=2762&cs_search= HTTP/1.1" 200 10578 "-" "Mozilla/5.0 (compatible; YandexBot/3.0; +http://yandex.com/bots)"
208.115.113.91 - - [13/May/2013:03:49:08 +0200] "GET /news.php?cs_go=archiv&cs_id=4003&cs_search= HTTP/1.1" 200 10354 "-" "Mozilla/5.0 (compatible; Ezooms/1.0; ezooms.bot@gmail.com)"
208.115.113.91 - - [13/May/2013:03:49:21 +0200] "GET /news.php?cs_go=archiv&cs_id=4022&cs_search= HTTP/1.1" 200 10301 "-" "Mozilla/5.0 (compatible; Ezooms/1.0; ezooms.bot@gmail.com)"
141.8.147.12 - - [13/May/2013:03:52:04 +0200] "GET /news.php?cs_go=archiv&cs_id=3983&cs_search= HTTP/1.1" 200 10052 "-" "Mozilla/5.0 (compatible; YandexBot/3.0; +http://yandex.com/bots)"
141.8.147.12 - - [13/May/2013:03:54:47 +0200] "GET /lexikon.php?cs_go=2&cs_char=h HTTP/1.1" 200 8800 "-" "Mozilla/5.0 (compatible; YandexBot/3.0; +http://yandex.com/bots)"
141.8.147.12 - - [13/May/2013:03:59:11 +0200] "GET /news.php?cs_go=archiv&cs_id=3519&cs_search= HTTP/1.1" 200 11865 "-" "Mozilla/5.0 (compatible; YandexBot/3.0; +http://yandex.com/bots)"
141.8.147.12 - - [13/May/2013:04:01:22 +0200] "GET /news.php?cs_go=archiv&cs_id=2744&cs_search= HTTP/1.1" 200 10039 "-" "Mozilla/5.0 (compatible; YandexBot/3.0; +http://yandex.com/bots)"
141.8.147.12 - - [13/May/2013:04:06:16 +0200] "GET /news.php?cs_go=archiv&cs_id=3721 HTTP/1.1" 200 7800 "-" "Mozilla/5.0 (compatible; YandexBot/3.0; +http://yandex.com/bots)"
141.8.147.12 - - [13/May/2013:04:10:38 +0200] "GET /news.php?cs_go=archiv&cs_id=3832&cs_search= HTTP/1.1" 200 9906 "-" "Mozilla/5.0 (compatible; YandexBot/3.0; +http://yandex.com/bots)"
141.8.147.12 - - [13/May/2013:04:17:50 +0200] "GET /news.php?cs_go=archiv&cs_id=3512&cs_search= HTTP/1.1" 200 12562 "-" "Mozilla/5.0 (compatible; YandexBot/3.0; +http://yandex.com/bots)"
141.8.147.12 - - [13/May/2013:04:22:08 +0200] "GET /news.php?cs_go=archiv&cs_id=3819&cs_search= HTTP/1.1" 200 9938 "-" "Mozilla/5.0 (compatible; YandexBot/3.0; +http://yandex.com/bots)"
141.8.147.12 - - [13/May/2013:04:24:18 +0200] "GET /news.php?cs_go=archiv&cs_id=3518&cs_search= HTTP/1.1" 200 10090 "-" "Mozilla/5.0 (compatible; YandexBot/3.0; +http://yandex.com/bots)"
141.8.147.12 - - [13/May/2013:04:28:37 +0200] "GET /lexikon.php?cs_go=2&cs_char=f HTTP/1.1" 200 9595 "-" "Mozilla/5.0 (compatible; YandexBot/3.0; +http://yandex.com/bots)"
130.83.167.153 - - [13/May/2013:04:30:03 +0200] "GET /additive.php HTTP/1.1" 200 6302 "-" "findlinks/2.6 (+http://wortschatz.uni-leipzig.de/findlinks/)"
130.83.167.153 - - [13/May/2013:04:30:03 +0200] "GET /additive.php HTTP/1.1" 200 8285 "-" "findlinks/2.6 (+http://wortschatz.uni-leipzig.de/findlinks/)"
141.8.147.12 - - [13/May/2013:04:30:46 +0200] "GET /news.php?cs_go=archiv&cs_id=2923&cs_search= HTTP/1.1" 200 10599 "-" "Mozilla/5.0 (compatible; YandexBot/3.0; +http://yandex.com/bots)"
141.8.147.12 - - [13/May/2013:04:39:46 +0200] "GET /lexikon.php?cs_go=2&cs_char=a HTTP/1.1" 200 9803 "-" "Mozilla/5.0 (compatible; YandexBot/3.0; +http://yandex.com/bots)"
37.58.52.15 - - [13/May/2013:04:42:02 +0200] "GET /news.php?cs_go=archiv&cs_startpos=90 HTTP/1.0" 200 22632 "-" "Mozilla/5.0 (compatible; AcoonBot/4.11.1; +http://www.acoon.de/robot.asp)"
141.8.147.12 - - [13/May/2013:04:44:01 +0200] "GET /lexikon.php?cs_go=2&cs_char=r HTTP/1.1" 200 9732 "-" "Mozilla/5.0 (compatible; YandexBot/3.0; +http://yandex.com/bots)"
173.199.115.147 - - [13/May/2013:04:44:26 +0200] "GET /news.php?cs_go=archiv&cs_id=3860&cs_search= HTTP/1.1" 200 11037 "-" "Mozilla/5.0 (compatible; AhrefsBot/4.0; +http://ahrefs.com/robot/)"
141.8.147.12 - - [13/May/2013:04:46:08 +0200] "GET /news.php?cs_go=archiv&cs_id=3894&cs_search= HTTP/1.1" 200 9843 "-" "Mozilla/5.0 (compatible; YandexBot/3.0; +http://yandex.com/bots)"
141.8.147.12 - - [13/May/2013:04:50:23 +0200] "GET /news.php?cs_go=archiv&cs_id=2770&cs_search= HTTP/1.1" 200 9549 "-" "Mozilla/5.0 (compatible; YandexBot/3.0; +http://yandex.com/bots)"
141.8.147.12 - - [13/May/2013:04:52:31 +0200] "GET /news.php?cs_go=archiv&cs_id=3653&cs_search= HTTP/1.1" 200 13416 "-" "Mozilla/5.0 (compatible; YandexBot/3.0; +http://yandex.com/bots)"
141.8.147.12 - - [13/May/2013:04:56:36 +0200] "GET /lexikon.php?cs_go=2&cs_char=x HTTP/1.1" 200 8610 "-" "Mozilla/5.0 (compatible; YandexBot/3.0; +http://yandex.com/bots)"
141.8.147.12 - - [13/May/2013:04:58:43 +0200] "GET /news.php?cs_go=archiv&cs_id=3532&cs_search= HTTP/1.1" 200 11766 "-" "Mozilla/5.0 (compatible; YandexBot/3.0; +http://yandex.com/bots)"
141.8.147.12 - - [13/May/2013:05:02:56 +0200] "GET /news.php?cs_go=archiv&cs_id=3537&cs_search= HTTP/1.1" 200 13427 "-" "Mozilla/5.0 (compatible; YandexBot/3.0; +http://yandex.com/bots)"
141.8.147.12 - - [13/May/2013:05:05:02 +0200] "GET /news.php?cs_go=archiv&cs_id=2796&cs_search= HTTP/1.1" 200 10630 "-" "Mozilla/5.0 (compatible; YandexBot/3.0; +http://yandex.com/bots)"
141.8.147.12 - - [13/May/2013:05:05:43 +0200] "GET /news.php?cs_go=archiv&cs_id=2784&cs_search= HTTP/1.1" 200 10089 "-" "Mozilla/5.0 (compatible; YandexBot/3.0; +http://yandex.com/bots)"
141.8.147.12 - - [13/May/2013:05:07:52 +0200] "GET /news.php?cs_go=archiv&cs_id=4035&cs_search= HTTP/1.1" 200 9879 "-" "Mozilla/5.0 (compatible; YandexBot/3.0; +http://yandex.com/bots)"
141.8.147.12 - - [13/May/2013:05:10:01 +0200] "GET /news.php?cs_go=archiv&cs_id=3522&cs_search= HTTP/1.1" 200 10011 "-" "Mozilla/5.0 (compatible; YandexBot/3.0; +http://yandex.com/bots)"
65.36.241.79 - - [13/May/2013:05:12:37 +0200] "HEAD / HTTP/1.1" 200 - "-" "InternetSeer.com"
141.8.147.12 - - [13/May/2013:05:14:20 +0200] "GET /news.php?cs_go=archiv&cs_id=3548&cs_search= HTTP/1.1" 200 9929 "-" "Mozilla/5.0 (compatible; YandexBot/3.0; +http://yandex.com/bots)"
141.8.147.12 - - [13/May/2013:05:16:29 +0200] "GET /news.php?cs_go=archiv&cs_id=3925&cs_search= HTTP/1.1" 200 10108 "-" "Mozilla/5.0 (compatible; YandexBot/3.0; +http://yandex.com/bots)"
141.8.147.12 - - [13/May/2013:05:20:47 +0200] "GET /news.php?cs_go=archiv&cs_id=3516&cs_search= HTTP/1.1" 200 12420 "-" "Mozilla/5.0 (compatible; YandexBot/3.0; +http://yandex.com/bots)"
141.8.147.12 - - [13/May/2013:05:22:56 +0200] "GET /news.php?cs_go=archiv&cs_id=3633&cs_search= HTTP/1.1" 200 13363 "-" "Mozilla/5.0 (compatible; YandexBot/3.0; +http://yandex.com/bots)"
37.58.52.15 - - [13/May/2013:05:26:06 +0200] "GET /news.php?cs_go=archiv&cs_id=4113&cs_search= HTTP/1.0" 200 11878 "-" "Mozilla/5.0 (compatible; AcoonBot/4.11.1; +http://www.acoon.de/robot.asp)"
141.8.147.12 - - [13/May/2013:05:27:14 +0200] "GET /news.php?cs_go=archiv&cs_id=3561&cs_search= HTTP/1.1" 200 10047 "-" "Mozilla/5.0 (compatible; YandexBot/3.0; +http://yandex.com/bots)"
141.8.147.12 - - [13/May/2013:05:28:54 +0200] "GET /news.php?cs_go=archiv&cs_id=2731&cs_search= HTTP/1.1" 200 10152 "-" "Mozilla/5.0 (compatible; YandexBot/3.0; +http://yandex.com/bots)"
141.8.147.12 - - [13/May/2013:05:31:06 +0200] "GET /news.php?cs_go=archiv&cs_id=3778&cs_search= HTTP/1.1" 200 10067 "-" "Mozilla/5.0 (compatible; YandexBot/3.0; +http://yandex.com/bots)"
141.8.147.12 - - [13/May/2013:05:33:16 +0200] "GET /news.php?cs_go=archiv&cs_id=3576&cs_search= HTTP/1.1" 200 13399 "-" "Mozilla/5.0 (compatible; YandexBot/3.0; +http://yandex.com/bots)"
141.8.147.12 - - [13/May/2013:05:35:57 +0200] "GET /news.php?cs_go=archiv&cs_id=3504&cs_search= HTTP/1.1" 200 14847 "-" "Mozilla/5.0 (compatible; YandexBot/3.0; +http://yandex.com/bots)"
208.115.111.75 - - [13/May/2013:05:36:23 +0200] "GET /news.php?cs_go=archiv&cs_id=3999&cs_search= HTTP/1.1" 200 11812 "-" "Mozilla/5.0 (compatible; Ezooms/1.0; ezooms.bot@gmail.com)"
141.8.147.12 - - [13/May/2013:05:38:11 +0200] "GET /news.php?cs_go=archiv&cs_id=2790&cs_search= HTTP/1.1" 200 13963 "-" "Mozilla/5.0 (compatible; YandexBot/3.0; +http://yandex.com/bots)"
141.8.147.12 - - [13/May/2013:05:38:53 +0200] "GET /news.php?cs_go=archiv&cs_id=2829&cs_search= HTTP/1.1" 200 10104 "-" "Mozilla/5.0 (compatible; YandexBot/3.0; +http://yandex.com/bots)"
208.115.113.91 - - [13/May/2013:05:40:45 +0200] "GET /robots.txt HTTP/1.1" 200 177 "-" "Mozilla/5.0 (compatible; Ezooms/1.0; ezooms.bot@gmail.com)"
141.8.147.12 - - [13/May/2013:05:41:11 +0200] "GET /news.php?cs_go=archiv&cs_id=3897&cs_search= HTTP/1.1" 200 13591 "-" "Mozilla/5.0 (compatible; YandexBot/3.0; +http://yandex.com/bots)"
64.246.165.180 - - [13/May/2013:05:42:49 +0200] "GET /robots.txt HTTP/1.0" 200 177 "-" "Mozilla/5.0 (Windows; U; Windows NT 5.1; en; rv:1.9.0.13) Gecko/2009073022 Firefox/3.5.2 (.NET CLR 3.5.30729) SurveyBot/2.3 (DomainTools)"
64.246.165.180 - - [13/May/2013:05:42:50 +0200] "GET / HTTP/1.1" 200 12105 "http://whois.domaintools.com/mink-gmbh.de" "Mozilla/5.0 (Windows; U; Windows NT 5.1; en; rv:1.9.0.13) Gecko/2009073022 Firefox/3.5.2 (.NET CLR 3.5.30729) SurveyBot/2.3 (DomainTools)"
141.8.147.12 - - [13/May/2013:05:43:26 +0200] "GET /news.php?cs_go=archiv&cs_id=3820&cs_search= HTTP/1.1" 200 11164 "-" "Mozilla/5.0 (compatible; YandexBot/3.0; +http://yandex.com/bots)"
141.8.147.12 - - [13/May/2013:05:47:59 +0200] "GET /news.php?cs_go=archiv&cs_id=3565&cs_search= HTTP/1.1" 200 13563 "-" "Mozilla/5.0 (compatible; YandexBot/3.0; +http://yandex.com/bots)"
141.8.147.12 - - [13/May/2013:05:50:15 +0200] "GET /news.php?cs_go=archiv&cs_id=2736&cs_search= HTTP/1.1" 200 13964 "-" "Mozilla/5.0 (compatible; YandexBot/3.0; +http://yandex.com/bots)"
141.8.147.12 - - [13/May/2013:05:54:47 +0200] "GET /news.php?cs_go=archiv&cs_id=2842&cs_search= HTTP/1.1" 200 10085 "-" "Mozilla/5.0 (compatible; YandexBot/3.0; +http://yandex.com/bots)"
141.8.147.12 - - [13/May/2013:05:57:03 +0200] "GET /lexikon.php?cs_go=2&cs_char=q HTTP/1.1" 200 8162 "-" "Mozilla/5.0 (compatible; YandexBot/3.0; +http://yandex.com/bots)"
141.8.147.12 - - [13/May/2013:06:01:35 +0200] "GET /news.php?cs_go=archiv&cs_id=2856&cs_search= HTTP/1.1" 200 9988 "-" "Mozilla/5.0 (compatible; YandexBot/3.0; +http://yandex.com/bots)"
141.8.147.12 - - [13/May/2013:06:08:20 +0200] "GET /news.php?cs_go=archiv&cs_id=3555&cs_search= HTTP/1.1" 200 9990 "-" "Mozilla/5.0 (compatible; YandexBot/3.0; +http://yandex.com/bots)"
141.8.147.12 - - [13/May/2013:06:12:49 +0200] "GET /news.php?cs_go=archiv&cs_id=2928&cs_search= HTTP/1.1" 200 9829 "-" "Mozilla/5.0 (compatible; YandexBot/3.0; +http://yandex.com/bots)"
37.58.52.15 - - [13/May/2013:06:16:53 +0200] "GET /modernisierung.php?cs_gp_go=coupon HTTP/1.0" 200 10192 "-" "Mozilla/5.0 (compatible; AcoonBot/4.11.1; +http://www.acoon.de/robot.asp)"
141.8.147.12 - - [13/May/2013:06:17:18 +0200] "GET /news.php?cs_go=archiv&cs_id=3513&cs_search= HTTP/1.1" 200 13585 "-" "Mozilla/5.0 (compatible; YandexBot/3.0; +http://yandex.com/bots)"
141.8.147.12 - - [13/May/2013:06:17:53 +0200] "GET /lexikon.php?cs_go=2&cs_char=v HTTP/1.1" 200 9117 "-" "Mozilla/5.0 (compatible; YandexBot/3.0; +http://yandex.com/bots)"
141.8.147.12 - - [13/May/2013:06:20:12 +0200] "GET /news.php?cs_go=archiv&cs_id=3982&cs_search= HTTP/1.1" 200 13506 "-" "Mozilla/5.0 (compatible; YandexBot/3.0; +http://yandex.com/bots)"
141.8.147.12 - - [13/May/2013:06:22:29 +0200] "GET /news.php?cs_go=archiv&cs_id=3928&cs_search= HTTP/1.1" 200 9947 "-" "Mozilla/5.0 (compatible; YandexBot/3.0; +http://yandex.com/bots)"
141.8.147.12 - - [13/May/2013:06:27:03 +0200] "GET /news.php?cs_go=archiv&cs_id=2732&cs_search= HTTP/1.1" 200 10446 "-" "Mozilla/5.0 (compatible; YandexBot/3.0; +http://yandex.com/bots)"
141.8.147.12 - - [13/May/2013:06:31:40 +0200] "GET /news.php?cs_go=archiv&cs_id=2915&cs_search= HTTP/1.1" 200 11314 "-" "Mozilla/5.0 (compatible; YandexBot/3.0; +http://yandex.com/bots)"
141.8.147.12 - - [13/May/2013:06:33:51 +0200] "GET /news.php?cs_go=archiv&cs_id=2777&cs_search= HTTP/1.1" 200 9544 "-" "Mozilla/5.0 (compatible; YandexBot/3.0; +http://yandex.com/bots)"
141.8.147.12 - - [13/May/2013:06:39:15 +0200] "GET /news.php?cs_go=archiv&cs_id=2721&cs_search= HTTP/1.1" 200 11055 "-" "Mozilla/5.0 (compatible; YandexBot/3.0; +http://yandex.com/bots)"
141.8.147.12 - - [13/May/2013:06:43:49 +0200] "GET /news.php?cs_go=archiv&cs_id=2724&cs_search= HTTP/1.1" 200 13921 "-" "Mozilla/5.0 (compatible; YandexBot/3.0; +http://yandex.com/bots)"
173.199.115.147 - - [13/May/2013:06:45:52 +0200] "GET /news.php?cs_go=archiv&cs_id=3657&cs_search= HTTP/1.1" 200 13386 "-" "Mozilla/5.0 (compatible; AhrefsBot/4.0; +http://ahrefs.com/robot/)"
141.8.147.12 - - [13/May/2013:06:48:20 +0200] "GET /news.php?cs_go=archiv&cs_id=2933&cs_search= HTTP/1.1" 200 9982 "-" "Mozilla/5.0 (compatible; YandexBot/3.0; +http://yandex.com/bots)"
141.8.147.12 - - [13/May/2013:06:50:38 +0200] "GET /news.php?cs_go=archiv&cs_id=3542&cs_search= HTTP/1.1" 200 13474 "-" "Mozilla/5.0 (compatible; YandexBot/3.0; +http://yandex.com/bots)"
141.8.147.12 - - [13/May/2013:06:53:00 +0200] "GET /news.php?cs_go=archiv&cs_id=3852&cs_search= HTTP/1.1" 200 13561 "-" "Mozilla/5.0 (compatible; YandexBot/3.0; +http://yandex.com/bots)"
141.8.147.12 - - [13/May/2013:06:55:20 +0200] "GET /news.php?cs_go=archiv&cs_id=2764&cs_search= HTTP/1.1" 200 14273 "-" "Mozilla/5.0 (compatible; YandexBot/3.0; +http://yandex.com/bots)"
141.8.147.12 - - [13/May/2013:06:57:41 +0200] "GET /news.php?cs_go=archiv&cs_id=2714&cs_search= HTTP/1.1" 200 10416 "-" "Mozilla/5.0 (compatible; YandexBot/3.0; +http://yandex.com/bots)"
141.8.147.12 - - [13/May/2013:06:59:46 +0200] "GET /news.php?cs_go=archiv&cs_id=3582&cs_search= HTTP/1.1" 200 9831 "-" "Mozilla/5.0 (compatible; YandexBot/3.0; +http://yandex.com/bots)"
141.8.147.12 - - [13/May/2013:07:00:25 +0200] "GET /news.php?cs_go=archiv&cs_id=3517&cs_search= HTTP/1.1" 200 12305 "-" "Mozilla/5.0 (compatible; YandexBot/3.0; +http://yandex.com/bots)"
141.8.147.12 - - [13/May/2013:07:02:49 +0200] "GET /lexikon.php?cs_go=2&cs_char=l HTTP/1.1" 200 8773 "-" "Mozilla/5.0 (compatible; YandexBot/3.0; +http://yandex.com/bots)"
66.249.78.46 - - [13/May/2013:07:06:35 +0200] "GET /robots.txt HTTP/1.1" 200 177 "-" "Mozilla/5.0 (compatible; Googlebot/2.1; +http://www.google.com/bot.html)"
66.249.78.46 - - [13/May/2013:07:06:35 +0200] "GET /news.php?cs_go=archiv&cs_id=4039 HTTP/1.1" 200 12964 "-" "Mozilla/5.0 (compatible; Googlebot/2.1; +http://www.google.com/bot.html)"
141.8.147.12 - - [13/May/2013:07:07:29 +0200] "GET /news.php?cs_go=archiv&cs_id=2916&cs_search= HTTP/1.1" 200 13475 "-" "Mozilla/5.0 (compatible; YandexBot/3.0; +http://yandex.com/bots)"
141.8.147.12 - - [13/May/2013:07:07:31 +0200] "GET / HTTP/1.1" 200 12105 "-" "Mozilla/5.0 (compatible; YandexBot/3.0; +http://yandex.com/bots)"
66.249.78.46 - - [13/May/2013:07:09:52 +0200] "GET /optiplus.php HTTP/1.1" 200 11100 "-" "Mozilla/5.0 (compatible; Googlebot/2.1; +http://www.google.com/bot.html)"
141.8.147.12 - - [13/May/2013:07:09:56 +0200] "GET /news.php?cs_go=archiv&cs_id=3510&cs_search= HTTP/1.1" 200 10316 "-" "Mozilla/5.0 (compatible; YandexBot/3.0; +http://yandex.com/bots)"
141.8.147.12 - - [13/May/2013:07:14:45 +0200] "GET /lexikon.php?cs_go=2&cs_char=n HTTP/1.1" 200 8578 "-" "Mozilla/5.0 (compatible; YandexBot/3.0; +http://yandex.com/bots)"
141.8.147.12 - - [13/May/2013:07:19:38 +0200] "GET /news.php?cs_go=archiv&cs_id=3580&cs_search= HTTP/1.1" 200 13574 "-" "Mozilla/5.0 (compatible; YandexBot/3.0; +http://yandex.com/bots)"
141.8.147.12 - - [13/May/2013:07:24:27 +0200] "GET /news.php?cs_go=archiv&cs_id=3789&cs_search= HTTP/1.1" 200 9914 "-" "Mozilla/5.0 (compatible; YandexBot/3.0; +http://yandex.com/bots)"
37.58.52.15 - - [13/May/2013:07:25:59 +0200] "GET /news.php?cs_go=archiv&cs_startpos=70 HTTP/1.0" 200 22652 "-" "Mozilla/5.0 (compatible; AcoonBot/4.11.1; +http://www.acoon.de/robot.asp)"
141.8.147.12 - - [13/May/2013:07:29:16 +0200] "GET /news.php?cs_go=archiv&cs_id=2811&cs_search= HTTP/1.1" 200 13486 "-" "Mozilla/5.0 (compatible; YandexBot/3.0; +http://yandex.com/bots)"
141.8.147.12 - - [13/May/2013:07:34:05 +0200] "GET /news.php?cs_go=archiv&cs_id=3577&cs_search= HTTP/1.1" 200 9947 "-" "Mozilla/5.0 (compatible; YandexBot/3.0; +http://yandex.com/bots)"
141.8.147.12 - - [13/May/2013:07:37:39 +0200] "GET /lexikon.php?cs_go=2&cs_char=t HTTP/1.1" 200 8962 "-" "Mozilla/5.0 (compatible; YandexBot/3.0; +http://yandex.com/bots)"
141.8.147.12 - - [13/May/2013:07:39:32 +0200] "GET /news.php?cs_go=archiv&cs_id=3531&cs_search= HTTP/1.1" 200 10410 "-" "Mozilla/5.0 (compatible; YandexBot/3.0; +http://yandex.com/bots)"
141.8.147.12 - - [13/May/2013:07:42:04 +0200] "GET /news.php?cs_go=archiv&cs_id=2831&cs_search= HTTP/1.1" 200 14375 "-" "Mozilla/5.0 (compatible; YandexBot/3.0; +http://yandex.com/bots)"
141.8.147.12 - - [13/May/2013:07:44:09 +0200] "GET /news.php?cs_go=archiv&cs_id=2870&cs_search= HTTP/1.1" 200 10331 "-" "Mozilla/5.0 (compatible; YandexBot/3.0; +http://yandex.com/bots)"
141.8.147.12 - - [13/May/2013:07:46:48 +0200] "GET /news.php?cs_go=archiv&cs_id=2794&cs_search= HTTP/1.1" 200 13767 "-" "Mozilla/5.0 (compatible; YandexBot/3.0; +http://yandex.com/bots)"
208.115.113.91 - - [13/May/2013:07:47:29 +0200] "GET /news.php?cs_go=archiv&cs_startpos=0 HTTP/1.1" 200 22184 "-" "Mozilla/5.0 (compatible; Ezooms/1.0; ezooms.bot@gmail.com)"
141.8.147.12 - - [13/May/2013:07:49:25 +0200] "GET /news.php?cs_go=archiv&cs_id=2830&cs_search= HTTP/1.1" 200 12965 "-" "Mozilla/5.0 (compatible; YandexBot/3.0; +http://yandex.com/bots)"
141.8.147.12 - - [13/May/2013:07:54:41 +0200] "GET /news.php?cs_go=archiv&cs_id=3543&cs_search= HTTP/1.1" 200 11471 "-" "Mozilla/5.0 (compatible; YandexBot/3.0; +http://yandex.com/bots)"
141.8.147.12 - - [13/May/2013:07:59:57 +0200] "GET /news.php?cs_go=archiv&cs_id=2726&cs_search= HTTP/1.1" 200 10329 "-" "Mozilla/5.0 (compatible; YandexBot/3.0; +http://yandex.com/bots)"
141.8.147.12 - - [13/May/2013:08:02:35 +0200] "GET /news.php?cs_go=archiv&cs_id=3934&cs_search= HTTP/1.1" 200 13389 "-" "Mozilla/5.0 (compatible; YandexBot/3.0; +http://yandex.com/bots)"
141.8.147.12 - - [13/May/2013:08:07:52 +0200] "GET /news.php?cs_go=archiv&cs_id=3529&cs_search= HTTP/1.1" 200 9969 "-" "Mozilla/5.0 (compatible; YandexBot/3.0; +http://yandex.com/bots)"
141.8.147.12 - - [13/May/2013:08:08:33 +0200] "GET /news.php?cs_go=archiv&cs_id=3853&cs_search= HTTP/1.1" 200 10028 "-" "Mozilla/5.0 (compatible; YandexBot/3.0; +http://yandex.com/bots)"
141.8.147.12 - - [13/May/2013:08:11:16 +0200] "GET /news.php?cs_go=archiv&cs_id=2943&cs_search= HTTP/1.1" 200 13517 "-" "Mozilla/5.0 (compatible; YandexBot/3.0; +http://yandex.com/bots)"
141.8.147.12 - - [13/May/2013:08:12:29 +0200] "GET /news.php?cs_go=archiv&cs_id=2938&cs_search= HTTP/1.1" 200 11008 "-" "Mozilla/5.0 (compatible; YandexBot/3.0; +http://yandex.com/bots)"
141.8.147.12 - - [13/May/2013:08:13:24 +0200] "GET /news.php?cs_go=archiv&cs_id=3506&cs_search= HTTP/1.1" 200 11460 "-" "Mozilla/5.0 (compatible; YandexBot/3.0; +http://yandex.com/bots)"
173.199.115.147 - - [13/May/2013:08:13:26 +0200] "GET /lexikon.php?cs_go=3&cs_id=55 HTTP/1.1" 200 8019 "-" "Mozilla/5.0 (compatible; AhrefsBot/4.0; +http://ahrefs.com/robot/)"
141.8.147.12 - - [13/May/2013:08:16:20 +0200] "GET /news.php?cs_go=archiv&cs_id=3639&cs_search= HTTP/1.1" 200 13705 "-" "Mozilla/5.0 (compatible; YandexBot/3.0; +http://yandex.com/bots)"
141.8.147.12 - - [13/May/2013:08:20:18 +0200] "GET /news.php?cs_go=archiv&cs_id=3547&cs_search= HTTP/1.1" 200 13392 "-" "Mozilla/5.0 (compatible; YandexBot/3.0; +http://yandex.com/bots)"
141.8.147.12 - - [13/May/2013:08:23:19 +0200] "GET /news.php?cs_go=archiv&cs_id=2760&cs_search= HTTP/1.1" 200 11187 "-" "Mozilla/5.0 (compatible; YandexBot/3.0; +http://yandex.com/bots)"
130.83.167.153 - - [13/May/2013:08:27:33 +0200] "GET /modernisierung.php HTTP/1.1" 200 7024 "-" "findlinks/2.6 (+http://wortschatz.uni-leipzig.de/findlinks/)"
130.83.167.153 - - [13/May/2013:08:27:33 +0200] "GET /modernisierung.php HTTP/1.1" 200 11491 "-" "findlinks/2.6 (+http://wortschatz.uni-leipzig.de/findlinks/)"
141.8.147.12 - - [13/May/2013:08:29:08 +0200] "GET /news.php?cs_go=archiv&cs_id=4022&cs_search= HTTP/1.1" 200 10301 "-" "Mozilla/5.0 (compatible; YandexBot/3.0; +http://yandex.com/bots)"
141.8.147.12 - - [13/May/2013:08:33:32 +0200] "GET /news.php?cs_go=archiv&cs_id=3544&cs_search= HTTP/1.1" 200 9930 "-" "Mozilla/5.0 (compatible; YandexBot/3.0; +http://yandex.com/bots)"
141.8.147.12 - - [13/May/2013:08:34:00 +0200] "GET /lexikon.php?cs_go=2&cs_char=b HTTP/1.1" 200 9730 "-" "Mozilla/5.0 (compatible; YandexBot/3.0; +http://yandex.com/bots)"
141.8.147.12 - - [13/May/2013:08:37:46 +0200] "GET /news.php?cs_go=archiv&cs_id=3635&cs_search= HTTP/1.1" 200 13433 "-" "Mozilla/5.0 (compatible; YandexBot/3.0; +http://yandex.com/bots)"
141.8.147.12 - - [13/May/2013:08:40:57 +0200] "GET /news.php?cs_go=archiv&cs_id=4003&cs_search= HTTP/1.1" 200 10354 "-" "Mozilla/5.0 (compatible; YandexBot/3.0; +http://yandex.com/bots)"
141.8.147.12 - - [13/May/2013:08:44:08 +0200] "GET /news.php?cs_go=archiv&cs_id=3822&cs_search= HTTP/1.1" 200 13675 "-" "Mozilla/5.0 (compatible; YandexBot/3.0; +http://yandex.com/bots)"
141.8.147.12 - - [13/May/2013:08:47:19 +0200] "GET /lexikon.php?cs_go=2&cs_char=y HTTP/1.1" 200 8610 "-" "Mozilla/5.0 (compatible; YandexBot/3.0; +http://yandex.com/bots)"
141.8.147.12 - - [13/May/2013:08:49:13 +0200] "GET /news.php?cs_go=archiv&cs_id=3818 HTTP/1.1" 200 13408 "-" "Mozilla/5.0 (compatible; YandexBot/3.0; +http://yandex.com/bots)"
141.8.147.12 - - [13/May/2013:08:49:15 +0200] "GET /lexikon.php?cs_go=2&cs_char=i HTTP/1.1" 200 8402 "-" "Mozilla/5.0 (compatible; YandexBot/3.0; +http://yandex.com/bots)"
141.8.147.12 - - [13/May/2013:08:52:49 +0200] "GET /news.php?cs_go=archiv&cs_id=3629&cs_search= HTTP/1.1" 200 13386 "-" "Mozilla/5.0 (compatible; YandexBot/3.0; +http://yandex.com/bots)"
141.8.147.12 - - [13/May/2013:08:56:22 +0200] "GET /news.php?cs_go=archiv&cs_id=3821&cs_search= HTTP/1.1" 200 11063 "-" "Mozilla/5.0 (compatible; YandexBot/3.0; +http://yandex.com/bots)"
141.8.147.12 - - [13/May/2013:08:59:55 +0200] "GET /news.php?cs_go=archiv&cs_id=2917&cs_search= HTTP/1.1" 200 10060 "-" "Mozilla/5.0 (compatible; YandexBot/3.0; +http://yandex.com/bots)"
141.8.147.12 - - [13/May/2013:09:03:27 +0200] "GET /lexikon.php?cs_go=2&cs_char=k HTTP/1.1" 200 9879 "-" "Mozilla/5.0 (compatible; YandexBot/3.0; +http://yandex.com/bots)"
141.8.147.12 - - [13/May/2013:09:07:00 +0200] "GET /news.php?cs_go=archiv&cs_id=3811&cs_search= HTTP/1.1" 200 10160 "-" "Mozilla/5.0 (compatible; YandexBot/3.0; +http://yandex.com/bots)"
173.199.115.147 - - [13/May/2013:09:07:59 +0200] "GET /news.php?cs_go=archiv&cs_id=3656&cs_search= HTTP/1.1" 200 11237 "-" "Mozilla/5.0 (compatible; AhrefsBot/4.0; +http://ahrefs.com/robot/)"
141.8.147.12 - - [13/May/2013:09:13:35 +0200] "GET /news.php?cs_go=archiv&cs_id=2927&cs_search= HTTP/1.1" 200 13896 "-" "Mozilla/5.0 (compatible; YandexBot/3.0; +http://yandex.com/bots)"
141.8.147.12 - - [13/May/2013:09:19:09 +0200] "GET /news.php?cs_go=archiv&cs_id=2742&cs_search= HTTP/1.1" 200 11226 "-" "Mozilla/5.0 (compatible; YandexBot/3.0; +http://yandex.com/bots)"
141.8.147.12 - - [13/May/2013:09:21:41 +0200] "GET /lexikon.php?cs_go=2&cs_char=m HTTP/1.1" 200 9073 "-" "Mozilla/5.0 (compatible; YandexBot/3.0; +http://yandex.com/bots)"
141.8.147.12 - - [13/May/2013:09:24:13 +0200] "GET /news.php?cs_go=archiv&cs_id=3525&cs_search= HTTP/1.1" 200 12033 "-" "Mozilla/5.0 (compatible; YandexBot/3.0; +http://yandex.com/bots)"
173.199.115.147 - - [13/May/2013:09:24:53 +0200] "GET /lexikon.php?cs_go=3&cs_id=192 HTTP/1.1" 200 8407 "-" "Mozilla/5.0 (compatible; AhrefsBot/4.0; +http://ahrefs.com/robot/)"
141.8.147.12 - - [13/May/2013:09:26:44 +0200] "GET /news.php?cs_go=archiv&cs_id=3574&cs_search= HTTP/1.1" 200 11151 "-" "Mozilla/5.0 (compatible; YandexBot/3.0; +http://yandex.com/bots)"
141.8.147.12 - - [13/May/2013:09:28:42 +0200] "GET /news.php?cs_go=archiv&cs_id=4101&cs_search= HTTP/1.1" 200 12466 "-" "Mozilla/5.0 (compatible; YandexBot/3.0; +http://yandex.com/bots)"
141.8.147.12 - - [13/May/2013:09:36:23 +0200] "GET /news.php?cs_go=archiv&cs_startpos=700 HTTP/1.1" 200 8125 "-" "Mozilla/5.0 (compatible; YandexBot/3.0; +http://yandex.com/bots)"
141.8.147.12 - - [13/May/2013:09:46:13 +0200] "GET /news.php?cs_go=archiv&cs_startpos=570 HTTP/1.1" 200 8125 "-" "Mozilla/5.0 (compatible; YandexBot/3.0; +http://yandex.com/bots)"
77.185.54.147 - - [13/May/2013:09:48:12 +0200] "GET /style.css HTTP/1.1" 200 8418 "http://www.mink-gmbh.de/" "Mozilla/5.0 (iPad; CPU OS 6_1_3 like Mac OS X) AppleWebKit/536.26 (KHTML, like Gecko) Version/6.0 Mobile/10B329 Safari/8536.25"
77.185.54.147 - - [13/May/2013:09:48:12 +0200] "GET /modul.css HTTP/1.1" 200 35038 "http://www.mink-gmbh.de/" "Mozilla/5.0 (iPad; CPU OS 6_1_3 like Mac OS X) AppleWebKit/536.26 (KHTML, like Gecko) Version/6.0 Mobile/10B329 Safari/8536.25"
77.185.54.147 - - [13/May/2013:09:48:12 +0200] "GET /js_contentserver24_greybox/gb_styles.css HTTP/1.1" 200 2302 "http://www.mink-gmbh.de/" "Mozilla/5.0 (iPad; CPU OS 6_1_3 like Mac OS X) AppleWebKit/536.26 (KHTML, like Gecko) Version/6.0 Mobile/10B329 Safari/8536.25"
77.185.54.147 - - [13/May/2013:09:48:12 +0200] "GET / HTTP/1.1" 200 12121 "-" "Mozilla/5.0 (iPad; CPU OS 6_1_3 like Mac OS X) AppleWebKit/536.26 (KHTML, like Gecko) Version/6.0 Mobile/10B329 Safari/8536.25"
77.185.54.147 - - [13/May/2013:09:48:13 +0200] "GET /js_contentserver24_greybox/AJS.js HTTP/1.1" 200 10396 "http://www.mink-gmbh.de/" "Mozilla/5.0 (iPad; CPU OS 6_1_3 like Mac OS X) AppleWebKit/536.26 (KHTML, like Gecko) Version/6.0 Mobile/10B329 Safari/8536.25"
77.185.54.147 - - [13/May/2013:09:48:13 +0200] "GET /js_contentserver24_greybox/AJS_fx.js HTTP/1.1" 200 3192 "http://www.mink-gmbh.de/" "Mozilla/5.0 (iPad; CPU OS 6_1_3 like Mac OS X) AppleWebKit/536.26 (KHTML, like Gecko) Version/6.0 Mobile/10B329 Safari/8536.25"
77.185.54.147 - - [13/May/2013:09:48:13 +0200] "GET /js_contentserver24_greybox/gb_scripts.js HTTP/1.1" 200 11913 "http://www.mink-gmbh.de/" "Mozilla/5.0 (iPad; CPU OS 6_1_3 like Mac OS X) AppleWebKit/536.26 (KHTML, like Gecko) Version/6.0 Mobile/10B329 Safari/8536.25"
77.185.54.147 - - [13/May/2013:09:48:13 +0200] "GET /js_contentserver24_greybox/AJS.js HTTP/1.1" 200 10396 "http://www.mink-gmbh.de/" "Mozilla/5.0 (iPad; CPU OS 6_1_3 like Mac OS X) AppleWebKit/536.26 (KHTML, like Gecko) Version/6.0 Mobile/10B329 Safari/8536.25"
77.185.54.147 - - [13/May/2013:09:48:13 +0200] "GET /images/tkw.jpg HTTP/1.1" 200 64031 "http://www.mink-gmbh.de/" "Mozilla/5.0 (iPad; CPU OS 6_1_3 like Mac OS X) AppleWebKit/536.26 (KHTML, like Gecko) Version/6.0 Mobile/10B329 Safari/8536.25"
77.185.54.147 - - [13/May/2013:09:48:13 +0200] "GET /images/freecall.jpg HTTP/1.1" 200 39195 "http://www.mink-gmbh.de/" "Mozilla/5.0 (iPad; CPU OS 6_1_3 like Mac OS X) AppleWebKit/536.26 (KHTML, like Gecko) Version/6.0 Mobile/10B329 Safari/8536.25"
77.185.54.147 - - [13/May/2013:09:48:13 +0200] "GET /images/mail.jpg HTTP/1.1" 200 11165 "http://www.mink-gmbh.de/" "Mozilla/5.0 (iPad; CPU OS 6_1_3 like Mac OS X) AppleWebKit/536.26 (KHTML, like Gecko) Version/6.0 Mobile/10B329 Safari/8536.25"
77.185.54.147 - - [13/May/2013:09:48:13 +0200] "GET /images/wunschpreis.jpg HTTP/1.1" 200 16767 "http://www.mink-gmbh.de/" "Mozilla/5.0 (iPad; CPU OS 6_1_3 like Mac OS X) AppleWebKit/536.26 (KHTML, like Gecko) Version/6.0 Mobile/10B329 Safari/8536.25"
77.185.54.147 - - [13/May/2013:09:48:13 +0200] "GET /images/kwk.gif HTTP/1.1" 200 6403 "http://www.mink-gmbh.de/" "Mozilla/5.0 (iPad; CPU OS 6_1_3 like Mac OS X) AppleWebKit/536.26 (KHTML, like Gecko) Version/6.0 Mobile/10B329 Safari/8536.25"
77.185.54.147 - - [13/May/2013:09:48:13 +0200] "GET /images/bg.jpg HTTP/1.1" 200 345 "http://www.mink-gmbh.de/" "Mozilla/5.0 (iPad; CPU OS 6_1_3 like Mac OS X) AppleWebKit/536.26 (KHTML, like Gecko) Version/6.0 Mobile/10B329 Safari/8536.25"
77.185.54.147 - - [13/May/2013:09:48:13 +0200] "GET /images/logos.jpg HTTP/1.1" 200 15002 "http://www.mink-gmbh.de/" "Mozilla/5.0 (iPad; CPU OS 6_1_3 like Mac OS X) AppleWebKit/536.26 (KHTML, like Gecko) Version/6.0 Mobile/10B329 Safari/8536.25"
77.185.54.147 - - [13/May/2013:09:48:13 +0200] "GET /js_contentserver24_greybox/w_close.gif HTTP/1.1" 200 74 "http://www.mink-gmbh.de/" "Mozilla/5.0 (iPad; CPU OS 6_1_3 like Mac OS X) AppleWebKit/536.26 (KHTML, like Gecko) Version/6.0 Mobile/10B329 Safari/8536.25"
77.185.54.147 - - [13/May/2013:09:48:13 +0200] "GET /images/close.png HTTP/1.1" 200 703 "http://www.mink-gmbh.de/" "Mozilla/5.0 (iPad; CPU OS 6_1_3 like Mac OS X) AppleWebKit/536.26 (KHTML, like Gecko) Version/6.0 Mobile/10B329 Safari/8536.25"
77.185.54.147 - - [13/May/2013:09:48:13 +0200] "GET /images/newsletter_bg.jpg HTTP/1.1" 200 33610 "http://www.mink-gmbh.de/" "Mozilla/5.0 (iPad; CPU OS 6_1_3 like Mac OS X) AppleWebKit/536.26 (KHTML, like Gecko) Version/6.0 Mobile/10B329 Safari/8536.25"
77.185.54.147 - - [13/May/2013:09:48:13 +0200] "GET /images/newsletter.png HTTP/1.1" 200 14619 "http://www.mink-gmbh.de/" "Mozilla/5.0 (iPad; CPU OS 6_1_3 like Mac OS X) AppleWebKit/536.26 (KHTML, like Gecko) Version/6.0 Mobile/10B329 Safari/8536.25"
77.185.54.147 - - [13/May/2013:09:48:14 +0200] "GET /images/wrapperbg.jpg HTTP/1.1" 200 27465 "http://www.mink-gmbh.de/" "Mozilla/5.0 (iPad; CPU OS 6_1_3 like Mac OS X) AppleWebKit/536.26 (KHTML, like Gecko) Version/6.0 Mobile/10B329 Safari/8536.25"
77.185.54.147 - - [13/May/2013:09:48:14 +0200] "GET /images/header.jpg HTTP/1.1" 200 24413 "http://www.mink-gmbh.de/" "Mozilla/5.0 (iPad; CPU OS 6_1_3 like Mac OS X) AppleWebKit/536.26 (KHTML, like Gecko) Version/6.0 Mobile/10B329 Safari/8536.25"
77.185.54.147 - - [13/May/2013:09:48:14 +0200] "GET /images/fallend.png HTTP/1.1" 200 713 "http://www.mink-gmbh.de/" "Mozilla/5.0 (iPad; CPU OS 6_1_3 like Mac OS X) AppleWebKit/536.26 (KHTML, like Gecko) Version/6.0 Mobile/10B329 Safari/8536.25"
77.185.54.147 - - [13/May/2013:09:48:14 +0200] "GET /images/steigend.png HTTP/1.1" 200 688 "http://www.mink-gmbh.de/" "Mozilla/5.0 (iPad; CPU OS 6_1_3 like Mac OS X) AppleWebKit/536.26 (KHTML, like Gecko) Version/6.0 Mobile/10B329 Safari/8536.25"
77.185.54.147 - - [13/May/2013:09:48:14 +0200] "GET /images/mobil.jpg HTTP/1.1" 200 25293 "http://www.mink-gmbh.de/" "Mozilla/5.0 (iPad; CPU OS 6_1_3 like Mac OS X) AppleWebKit/536.26 (KHTML, like Gecko) Version/6.0 Mobile/10B329 Safari/8536.25"
77.185.54.147 - - [13/May/2013:09:48:14 +0200] "GET /images/newsletter.jpg HTTP/1.1" 200 13130 "http://www.mink-gmbh.de/" "Mozilla/5.0 (iPad; CPU OS 6_1_3 like Mac OS X) AppleWebKit/536.26 (KHTML, like Gecko) Version/6.0 Mobile/10B329 Safari/8536.25"
77.185.54.147 - - [13/May/2013:09:48:14 +0200] "GET /images/footerbg.jpg HTTP/1.1" 200 2184 "http://www.mink-gmbh.de/" "Mozilla/5.0 (iPad; CPU OS 6_1_3 like Mac OS X) AppleWebKit/536.26 (KHTML, like Gecko) Version/6.0 Mobile/10B329 Safari/8536.25"
77.185.54.147 - - [13/May/2013:09:48:14 +0200] "GET /js_contentserver24_greybox/loader_frame.html?s=0 HTTP/1.1" 200 2084 "http://www.mink-gmbh.de/" "Mozilla/5.0 (iPad; CPU OS 6_1_3 like Mac OS X) AppleWebKit/536.26 (KHTML, like Gecko) Version/6.0 Mobile/10B329 Safari/8536.25"
77.185.54.147 - - [13/May/2013:09:48:14 +0200] "GET /js_contentserver24_greybox/header_bg.gif HTTP/1.1" 200 1188 "http://www.mink-gmbh.de/" "Mozilla/5.0 (iPad; CPU OS 6_1_3 like Mac OS X) AppleWebKit/536.26 (KHTML, like Gecko) Version/6.0 Mobile/10B329 Safari/8536.25"
77.185.54.147 - - [13/May/2013:09:48:14 +0200] "GET /js_contentserver24_greybox/indicator.gif HTTP/1.1" 200 8238 "http://www.mink-gmbh.de/js_contentserver24_greybox/loader_frame.html?s=0" "Mozilla/5.0 (iPad; CPU OS 6_1_3 like Mac OS X) AppleWebKit/536.26 (KHTML, like Gecko) Version/6.0 Mobile/10B329 Safari/8536.25"
77.185.54.147 - - [13/May/2013:09:48:15 +0200] "GET /js_contentserver24_greybox/g_close.gif HTTP/1.1" 200 541 "http://www.mink-gmbh.de/" "Mozilla/5.0 (iPad; CPU OS 6_1_3 like Mac OS X) AppleWebKit/536.26 (KHTML, like Gecko) Version/6.0 Mobile/10B329 Safari/8536.25"
77.185.54.147 - - [13/May/2013:09:49:09 +0200] "GET /modernisierung.php HTTP/1.1" 200 11491 "http://my.contentserver24.de/content.php?key=8cbfc89c6095570b423d&cs_mid=22&cs_go=popupcontent" "Mozilla/5.0 (iPad; CPU OS 6_1_3 like Mac OS X) AppleWebKit/536.26 (KHTML, like Gecko) Version/6.0 Mobile/10B329 Safari/8536.25"
173.199.115.147 - - [13/May/2013:09:50:11 +0200] "GET /news.php?cs_go=archiv&cs_id=3838&cs_search= HTTP/1.1" 200 12212 "-" "Mozilla/5.0 (compatible; AhrefsBot/4.0; +http://ahrefs.com/robot/)"
173.199.115.147 - - [13/May/2013:09:55:38 +0200] "GET /news.php?cs_go=archiv&cs_id=3613&cs_search= HTTP/1.1" 200 10312 "-" "Mozilla/5.0 (compatible; AhrefsBot/4.0; +http://ahrefs.com/robot/)"
66.249.75.49 - - [13/May/2013:09:59:17 +0200] "GET /kwk.php HTTP/1.1" 200 10884 "-" "DoCoMo/2.0 N905i(c100;TB;W24H16) (compatible; Googlebot-Mobile/2.1; +http://www.google.com/bot.html)"
141.8.147.12 - - [13/May/2013:10:08:19 +0200] "GET /news.php?cs_go=archiv&cs_id=3866 HTTP/1.1" 200 9946 "-" "Mozilla/5.0 (compatible; YandexBot/3.0; +http://yandex.com/bots)"
141.8.147.12 - - [13/May/2013:10:22:47 +0200] "GET /news.php?cs_go=archiv&cs_startpos=740 HTTP/1.1" 200 8125 "-" "Mozilla/5.0 (compatible; YandexBot/3.0; +http://yandex.com/bots)"
66.249.75.49 - - [13/May/2013:10:42:00 +0200] "GET /news.php?cs_go=archiv&cs_id=3697 HTTP/1.1" 200 11689 "-" "Mozilla/5.0 (compatible; Googlebot/2.1; +http://www.google.com/bot.html)"
141.8.147.12 - - [13/May/2013:10:43:59 +0200] "GET /robots.txt HTTP/1.1" 200 177 "-" "Mozilla/5.0 (compatible; YandexBot/3.0; +http://yandex.com/bots)"
141.8.147.12 - - [13/May/2013:10:59:52 +0200] "GET /news.php?cs_go=archiv&cs_startpos=760 HTTP/1.1" 200 8125 "-" "Mozilla/5.0 (compatible; YandexBot/3.0; +http://yandex.com/bots)"
141.8.147.12 - - [13/May/2013:11:03:35 +0200] "GET /lexikon.php?cs_go=3&cs_id=84 HTTP/1.1" 200 8355 "-" "Mozilla/5.0 (compatible; YandexBot/3.0; +http://yandex.com/bots)"
141.8.147.12 - - [13/May/2013:11:10:57 +0200] "GET /news.php?cs_go=archiv&cs_startpos=730 HTTP/1.1" 200 8125 "-" "Mozilla/5.0 (compatible; YandexBot/3.0; +http://yandex.com/bots)"
141.8.147.12 - - [13/May/2013:11:11:12 +0200] "GET /news.php?cs_go=archiv&cs_startpos=670 HTTP/1.1" 200 8125 "-" "Mozilla/5.0 (compatible; YandexBot/3.0; +http://yandex.com/bots)"
141.8.147.12 - - [13/May/2013:11:12:47 +0200] "GET /news.php?cs_go=archiv&cs_id=3945 HTTP/1.1" 200 10102 "-" "Mozilla/5.0 (compatible; YandexBot/3.0; +http://yandex.com/bots)"
141.8.147.12 - - [13/May/2013:11:16:32 +0200] "GET /news.php?cs_go=archiv&cs_id=3733 HTTP/1.1" 200 11105 "-" "Mozilla/5.0 (compatible; YandexBot/3.0; +http://yandex.com/bots)"
141.8.147.12 - - [13/May/2013:11:16:35 +0200] "GET /news.php?cs_go=archiv&cs_id=3846&cs_search= HTTP/1.1" 200 11481 "-" "Mozilla/5.0 (compatible; YandexBot/3.0; +http://yandex.com/bots)"
141.8.147.12 - - [13/May/2013:11:20:21 +0200] "GET /news.php?cs_go=archiv&cs_startpos=751 HTTP/1.1" 200 8125 "-" "Mozilla/5.0 (compatible; YandexBot/3.0; +http://yandex.com/bots)"
141.8.147.12 - - [13/May/2013:11:24:07 +0200] "GET /lexikon.php?cs_go=2&cs_char=z HTTP/1.1" 200 8261 "-" "Mozilla/5.0 (compatible; YandexBot/3.0; +http://yandex.com/bots)"
141.8.147.12 - - [13/May/2013:11:26:26 +0200] "GET /news.php?cs_go=archiv&cs_id=2738&cs_search= HTTP/1.1" 200 11620 "-" "Mozilla/5.0 (compatible; YandexBot/3.0; +http://yandex.com/bots)"
141.8.147.12 - - [13/May/2013:11:30:15 +0200] "GET /news.php?cs_go=archiv&cs_id=3582 HTTP/1.1" 200 9831 "-" "Mozilla/5.0 (compatible; YandexBot/3.0; +http://yandex.com/bots)"
141.8.147.12 - - [13/May/2013:11:34:02 +0200] "GET /news.php?cs_go=archiv&cs_id=3817 HTTP/1.1" 200 9876 "-" "Mozilla/5.0 (compatible; YandexBot/3.0; +http://yandex.com/bots)"
141.8.147.12 - - [13/May/2013:11:37:50 +0200] "GET /news.php?cs_go=archiv&cs_id=3880 HTTP/1.1" 200 13594 "-" "Mozilla/5.0 (compatible; YandexBot/3.0; +http://yandex.com/bots)"
141.8.147.12 - - [13/May/2013:11:38:16 +0200] "GET /lexikon.php?cs_go=3&cs_id=96 HTTP/1.1" 200 8307 "-" "Mozilla/5.0 (compatible; YandexBot/3.0; +http://yandex.com/bots)"
141.8.147.12 - - [13/May/2013:11:39:45 +0200] "GET /news.php?cs_go=archiv&cs_id=2877&cs_search= HTTP/1.1" 200 14544 "-" "Mozilla/5.0 (compatible; YandexBot/3.0; +http://yandex.com/bots)"
141.8.147.12 - - [13/May/2013:11:43:37 +0200] "GET /news.php?cs_go=archiv&cs_startpos=710 HTTP/1.1" 200 8125 "-" "Mozilla/5.0 (compatible; YandexBot/3.0; +http://yandex.com/bots)"
141.8.147.12 - - [13/May/2013:11:43:56 +0200] "GET /lexikon.php?cs_go=2&cs_char=w HTTP/1.1" 200 8587 "-" "Mozilla/5.0 (compatible; YandexBot/3.0; +http://yandex.com/bots)"
66.249.78.46 - - [13/May/2013:11:44:39 +0200] "GET /news.php?cs_go=archiv&cs_id=3367&cs_search= HTTP/1.1" 200 11513 "-" "Mozilla/5.0 (iPhone; U; CPU iPhone OS 4_1 like Mac OS X; en-us) AppleWebKit/532.9 (KHTML, like Gecko) Version/4.0.5 Mobile/8B117 Safari/6531.22.7 (compatible; Googlebot-Mobile/2.1; +http://www.google.com/bot.html)"
37.58.52.15 - - [13/May/2013:11:45:00 +0200] "GET /robots.txt HTTP/1.0" 200 177 "-" "Mozilla/5.0 (compatible; AcoonBot/4.11.1; +http://www.acoon.de/robot.asp)"
37.58.52.15 - - [13/May/2013:11:45:00 +0200] "GET /news.php?cs_go=archiv&cs_id=4117&cs_search= HTTP/1.0" 200 13604 "-" "Mozilla/5.0 (compatible; AcoonBot/4.11.1; +http://www.acoon.de/robot.asp)"
141.8.147.12 - - [13/May/2013:11:47:49 +0200] "GET /news.php?cs_go=archiv&cs_startpos=720 HTTP/1.1" 200 8125 "-" "Mozilla/5.0 (compatible; YandexBot/3.0; +http://yandex.com/bots)"
65.36.241.79 - - [13/May/2013:11:49:14 +0200] "HEAD / HTTP/1.1" 200 - "-" "InternetSeer.com"
141.8.147.12 - - [13/May/2013:11:51:41 +0200] "GET /lexikon.php?cs_go=2&cs_char=j HTTP/1.1" 200 8610 "-" "Mozilla/5.0 (compatible; YandexBot/3.0; +http://yandex.com/bots)"
141.8.147.12 - - [13/May/2013:11:55:33 +0200] "GET /news.php?cs_go=archiv&cs_startpos=650 HTTP/1.1" 200 8125 "-" "Mozilla/5.0 (compatible; YandexBot/3.0; +http://yandex.com/bots)"
85.25.120.73 - - [13/May/2013:11:58:42 +0200] "GET / HTTP/1.1" 200 12171 "-" "Mozilla/5.0 (X11; U; Linux i686; en-US; rv:1.9.0.1) Gecko/2008070206 Firefox/3.0.1"
85.25.120.73 - - [13/May/2013:11:58:43 +0200] "GET /seiten/kontakt.php HTTP/1.1" 404 - "-" "Mozilla/5.0 (X11; U; Linux i686; en-US; rv:1.9.0.1) Gecko/2008070206 Firefox/3.0.1"
141.8.147.12 - - [13/May/2013:11:59:24 +0200] "GET /news.php?cs_go=archiv&cs_id=3879 HTTP/1.1" 200 11130 "-" "Mozilla/5.0 (compatible; YandexBot/3.0; +http://yandex.com/bots)"
91.192.15.78 - - [13/May/2013:12:04:19 +0200] "GET / HTTP/1.1" 200 3409 "http://www.bing.com/search?q=mink+%C3%B6l&src=IE-SearchBox&Form=IE8SRC" "Mozilla/4.0 (compatible; MSIE 8.0; Windows NT 5.1; Trident/4.0; .NET CLR 1.1.4322; .NET CLR 2.0.50727; .NET CLR 3.0.4506.2152; .NET CLR 3.5.30729; .NET4.0C; .NET4.0E)"
141.8.147.12 - - [13/May/2013:12:02:50 +0200] "GET /news.php?cs_go=archiv&cs_startpos=660 HTTP/1.1" 200 8125 "-" "Mozilla/5.0 (compatible; YandexBot/3.0; +http://yandex.com/bots)"
91.192.15.78 - - [13/May/2013:12:03:53 +0200] "GET /kwk.php HTTP/1.1" 200 7504 "http://www.bing.com/search?q=mink+%C3%B6l&src=IE-SearchBox&Form=IE8SRC" "Mozilla/4.0 (compatible; MSIE 8.0; Windows NT 5.1; Trident/4.0; .NET CLR 1.1.4322; .NET CLR 2.0.50727; .NET CLR 3.0.4506.2152; .NET CLR 3.5.30729; .NET4.0C; .NET4.0E)"
91.192.15.78 - - [13/May/2013:12:04:20 +0200] "GET / HTTP/1.1" 200 12171 "http://www.bing.com/search?q=mink+%C3%B6l&src=IE-SearchBox&Form=IE8SRC" "Mozilla/4.0 (compatible; MSIE 8.0; Windows NT 5.1; Trident/4.0; .NET CLR 1.1.4322; .NET CLR 2.0.50727; .NET CLR 3.0.4506.2152; .NET CLR 3.5.30729; .NET4.0C; .NET4.0E)"
91.192.15.78 - - [13/May/2013:12:05:10 +0200] "GET /style.css HTTP/1.1" 200 8418 "http://www.mink-gmbh.de/" "Mozilla/4.0 (compatible; MSIE 8.0; Windows NT 5.1; Trident/4.0; .NET CLR 1.1.4322; .NET CLR 2.0.50727; .NET CLR 3.0.4506.2152; .NET CLR 3.5.30729; .NET4.0C; .NET4.0E)"
91.192.15.78 - - [13/May/2013:12:05:10 +0200] "GET /js_contentserver24_greybox/gb_styles.css HTTP/1.1" 200 2302 "http://www.mink-gmbh.de/" "Mozilla/4.0 (compatible; MSIE 8.0; Windows NT 5.1; Trident/4.0; .NET CLR 1.1.4322; .NET CLR 2.0.50727; .NET CLR 3.0.4506.2152; .NET CLR 3.5.30729; .NET4.0C; .NET4.0E)"
91.192.15.78 - - [13/May/2013:12:05:10 +0200] "GET /js_contentserver24_greybox/AJS_fx.js HTTP/1.1" 200 3192 "http://www.mink-gmbh.de/" "Mozilla/4.0 (compatible; MSIE 8.0; Windows NT 5.1; Trident/4.0; .NET CLR 1.1.4322; .NET CLR 2.0.50727; .NET CLR 3.0.4506.2152; .NET CLR 3.5.30729; .NET4.0C; .NET4.0E)"
91.192.15.78 - - [13/May/2013:12:05:10 +0200] "GET /js_contentserver24_greybox/gb_scripts.js HTTP/1.1" 200 11913 "http://www.mink-gmbh.de/" "Mozilla/4.0 (compatible; MSIE 8.0; Windows NT 5.1; Trident/4.0; .NET CLR 1.1.4322; .NET CLR 2.0.50727; .NET CLR 3.0.4506.2152; .NET CLR 3.5.30729; .NET4.0C; .NET4.0E)"
91.192.15.78 - - [13/May/2013:12:05:10 +0200] "GET /js_contentserver24_greybox/AJS.js HTTP/1.1" 200 10396 "http://www.mink-gmbh.de/" "Mozilla/4.0 (compatible; MSIE 8.0; Windows NT 5.1; Trident/4.0; .NET CLR 1.1.4322; .NET CLR 2.0.50727; .NET CLR 3.0.4506.2152; .NET CLR 3.5.30729; .NET4.0C; .NET4.0E)"
91.192.15.78 - - [13/May/2013:12:05:10 +0200] "GET /modul.css HTTP/1.1" 200 35038 "http://www.mink-gmbh.de/" "Mozilla/4.0 (compatible; MSIE 8.0; Windows NT 5.1; Trident/4.0; .NET CLR 1.1.4322; .NET CLR 2.0.50727; .NET CLR 3.0.4506.2152; .NET CLR 3.5.30729; .NET4.0C; .NET4.0E)"
91.192.15.78 - - [13/May/2013:12:05:12 +0200] "GET /images/bg.jpg HTTP/1.1" 200 345 "http://www.mink-gmbh.de/" "Mozilla/4.0 (compatible; MSIE 8.0; Windows NT 5.1; Trident/4.0; .NET CLR 1.1.4322; .NET CLR 2.0.50727; .NET CLR 3.0.4506.2152; .NET CLR 3.5.30729; .NET4.0C; .NET4.0E)"
91.192.15.78 - - [13/May/2013:12:05:12 +0200] "GET /js_contentserver24_greybox/w_close.gif HTTP/1.1" 200 74 "http://www.mink-gmbh.de/" "Mozilla/4.0 (compatible; MSIE 8.0; Windows NT 5.1; Trident/4.0; .NET CLR 1.1.4322; .NET CLR 2.0.50727; .NET CLR 3.0.4506.2152; .NET CLR 3.5.30729; .NET4.0C; .NET4.0E)"
91.192.15.78 - - [13/May/2013:12:05:12 +0200] "GET /images/mail.jpg HTTP/1.1" 200 11165 "http://www.mink-gmbh.de/" "Mozilla/4.0 (compatible; MSIE 8.0; Windows NT 5.1; Trident/4.0; .NET CLR 1.1.4322; .NET CLR 2.0.50727; .NET CLR 3.0.4506.2152; .NET CLR 3.5.30729; .NET4.0C; .NET4.0E)"
91.192.15.78 - - [13/May/2013:12:05:12 +0200] "GET /images/kwk.gif HTTP/1.1" 200 6403 "http://www.mink-gmbh.de/" "Mozilla/4.0 (compatible; MSIE 8.0; Windows NT 5.1; Trident/4.0; .NET CLR 1.1.4322; .NET CLR 2.0.50727; .NET CLR 3.0.4506.2152; .NET CLR 3.5.30729; .NET4.0C; .NET4.0E)"
91.192.15.78 - - [13/May/2013:12:05:12 +0200] "GET /images/wunschpreis.jpg HTTP/1.1" 200 16767 "http://www.mink-gmbh.de/" "Mozilla/4.0 (compatible; MSIE 8.0; Windows NT 5.1; Trident/4.0; .NET CLR 1.1.4322; .NET CLR 2.0.50727; .NET CLR 3.0.4506.2152; .NET CLR 3.5.30729; .NET4.0C; .NET4.0E)"
91.192.15.78 - - [13/May/2013:12:05:12 +0200] "GET /images/close.png HTTP/1.1" 200 703 "http://www.mink-gmbh.de/" "Mozilla/4.0 (compatible; MSIE 8.0; Windows NT 5.1; Trident/4.0; .NET CLR 1.1.4322; .NET CLR 2.0.50727; .NET CLR 3.0.4506.2152; .NET CLR 3.5.30729; .NET4.0C; .NET4.0E)"
91.192.15.78 - - [13/May/2013:12:05:12 +0200] "GET /images/logos.jpg HTTP/1.1" 200 15002 "http://www.mink-gmbh.de/" "Mozilla/4.0 (compatible; MSIE 8.0; Windows NT 5.1; Trident/4.0; .NET CLR 1.1.4322; .NET CLR 2.0.50727; .NET CLR 3.0.4506.2152; .NET CLR 3.5.30729; .NET4.0C; .NET4.0E)"
91.192.15.78 - - [13/May/2013:12:05:12 +0200] "GET /images/navibg.png HTTP/1.1" 200 2803 "http://www.mink-gmbh.de/" "Mozilla/4.0 (compatible; MSIE 8.0; Windows NT 5.1; Trident/4.0; .NET CLR 1.1.4322; .NET CLR 2.0.50727; .NET CLR 3.0.4506.2152; .NET CLR 3.5.30729; .NET4.0C; .NET4.0E)"
91.192.15.78 - - [13/May/2013:12:05:12 +0200] "GET /images/newsletter.png HTTP/1.1" 200 14619 "http://www.mink-gmbh.de/" "Mozilla/4.0 (compatible; MSIE 8.0; Windows NT 5.1; Trident/4.0; .NET CLR 1.1.4322; .NET CLR 2.0.50727; .NET CLR 3.0.4506.2152; .NET CLR 3.5.30729; .NET4.0C; .NET4.0E)"
91.192.15.78 - - [13/May/2013:12:05:12 +0200] "GET /js_contentserver24_greybox/header_bg.gif HTTP/1.1" 200 1188 "http://www.mink-gmbh.de/" "Mozilla/4.0 (compatible; MSIE 8.0; Windows NT 5.1; Trident/4.0; .NET CLR 1.1.4322; .NET CLR 2.0.50727; .NET CLR 3.0.4506.2152; .NET CLR 3.5.30729; .NET4.0C; .NET4.0E)"
91.192.15.78 - - [13/May/2013:12:05:12 +0200] "GET /images/mobil.jpg HTTP/1.1" 200 25293 "http://www.mink-gmbh.de/" "Mozilla/4.0 (compatible; MSIE 8.0; Windows NT 5.1; Trident/4.0; .NET CLR 1.1.4322; .NET CLR 2.0.50727; .NET CLR 3.0.4506.2152; .NET CLR 3.5.30729; .NET4.0C; .NET4.0E)"
91.192.15.78 - - [13/May/2013:12:05:12 +0200] "GET /images/footerbg.jpg HTTP/1.1" 200 2184 "http://www.mink-gmbh.de/" "Mozilla/4.0 (compatible; MSIE 8.0; Windows NT 5.1; Trident/4.0; .NET CLR 1.1.4322; .NET CLR 2.0.50727; .NET CLR 3.0.4506.2152; .NET CLR 3.5.30729; .NET4.0C; .NET4.0E)"
91.192.15.78 - - [13/May/2013:12:05:12 +0200] "GET /images/newsletter_bg.jpg HTTP/1.1" 200 33610 "http://www.mink-gmbh.de/" "Mozilla/4.0 (compatible; MSIE 8.0; Windows NT 5.1; Trident/4.0; .NET CLR 1.1.4322; .NET CLR 2.0.50727; .NET CLR 3.0.4506.2152; .NET CLR 3.5.30729; .NET4.0C; .NET4.0E)"
91.192.15.78 - - [13/May/2013:12:05:12 +0200] "GET /images/freecall.jpg HTTP/1.1" 200 39195 "http://www.mink-gmbh.de/" "Mozilla/4.0 (compatible; MSIE 8.0; Windows NT 5.1; Trident/4.0; .NET CLR 1.1.4322; .NET CLR 2.0.50727; .NET CLR 3.0.4506.2152; .NET CLR 3.5.30729; .NET4.0C; .NET4.0E)"
91.192.15.78 - - [13/May/2013:12:05:12 +0200] "GET /images/wrapperbg.jpg HTTP/1.1" 200 27465 "http://www.mink-gmbh.de/" "Mozilla/4.0 (compatible; MSIE 8.0; Windows NT 5.1; Trident/4.0; .NET CLR 1.1.4322; .NET CLR 2.0.50727; .NET CLR 3.0.4506.2152; .NET CLR 3.5.30729; .NET4.0C; .NET4.0E)"
91.192.15.78 - - [13/May/2013:12:05:12 +0200] "GET /images/header.jpg HTTP/1.1" 200 24413 "http://www.mink-gmbh.de/" "Mozilla/4.0 (compatible; MSIE 8.0; Windows NT 5.1; Trident/4.0; .NET CLR 1.1.4322; .NET CLR 2.0.50727; .NET CLR 3.0.4506.2152; .NET CLR 3.5.30729; .NET4.0C; .NET4.0E)"
91.192.15.78 - - [13/May/2013:12:05:12 +0200] "GET /images/tkw.jpg HTTP/1.1" 200 64031 "http://www.mink-gmbh.de/" "Mozilla/4.0 (compatible; MSIE 8.0; Windows NT 5.1; Trident/4.0; .NET CLR 1.1.4322; .NET CLR 2.0.50727; .NET CLR 3.0.4506.2152; .NET CLR 3.5.30729; .NET4.0C; .NET4.0E)"
91.192.15.78 - - [13/May/2013:12:05:12 +0200] "GET /images/fallend.png HTTP/1.1" 200 713 "http://www.mink-gmbh.de/" "Mozilla/4.0 (compatible; MSIE 8.0; Windows NT 5.1; Trident/4.0; .NET CLR 1.1.4322; .NET CLR 2.0.50727; .NET CLR 3.0.4506.2152; .NET CLR 3.5.30729; .NET4.0C; .NET4.0E)"
91.192.15.78 - - [13/May/2013:12:05:13 +0200] "GET /js_contentserver24_greybox/loader_frame.html?s=0 HTTP/1.1" 200 2084 "http://www.mink-gmbh.de/" "Mozilla/4.0 (compatible; MSIE 8.0; Windows NT 5.1; Trident/4.0; .NET CLR 1.1.4322; .NET CLR 2.0.50727; .NET CLR 3.0.4506.2152; .NET CLR 3.5.30729; .NET4.0C; .NET4.0E)"
91.192.15.78 - - [13/May/2013:12:05:13 +0200] "GET /js_contentserver24_greybox/indicator.gif HTTP/1.1" 200 8238 "http://www.mink-gmbh.de/js_contentserver24_greybox/loader_frame.html?s=0" "Mozilla/4.0 (compatible; MSIE 8.0; Windows NT 5.1; Trident/4.0; .NET CLR 1.1.4322; .NET CLR 2.0.50727; .NET CLR 3.0.4506.2152; .NET CLR 3.5.30729; .NET4.0C; .NET4.0E)"
91.192.15.78 - - [13/May/2013:12:05:13 +0200] "GET /images/steigend.png HTTP/1.1" 200 688 "http://www.mink-gmbh.de/" "Mozilla/4.0 (compatible; MSIE 8.0; Windows NT 5.1; Trident/4.0; .NET CLR 1.1.4322; .NET CLR 2.0.50727; .NET CLR 3.0.4506.2152; .NET CLR 3.5.30729; .NET4.0C; .NET4.0E)"
91.192.15.78 - - [13/May/2013:12:05:13 +0200] "GET /images/newsletter.jpg HTTP/1.1" 200 13130 "http://www.mink-gmbh.de/" "Mozilla/4.0 (compatible; MSIE 8.0; Windows NT 5.1; Trident/4.0; .NET CLR 1.1.4322; .NET CLR 2.0.50727; .NET CLR 3.0.4506.2152; .NET CLR 3.5.30729; .NET4.0C; .NET4.0E)"
91.192.15.78 - - [13/May/2013:12:05:15 +0200] "GET /favicon.ico HTTP/1.1" 200 3638 "-" "Mozilla/4.0 (compatible; MSIE 8.0; Windows NT 5.1; Trident/4.0; .NET CLR 1.1.4322; .NET CLR 2.0.50727; .NET CLR 3.0.4506.2152; .NET CLR 3.5.30729; .NET4.0C; .NET4.0E)"
91.192.15.78 - - [13/May/2013:12:05:15 +0200] "GET /js_contentserver24_greybox/g_close.gif HTTP/1.1" 200 541 "http://www.mink-gmbh.de/" "Mozilla/4.0 (compatible; MSIE 8.0; Windows NT 5.1; Trident/4.0; .NET CLR 1.1.4322; .NET CLR 2.0.50727; .NET CLR 3.0.4506.2152; .NET CLR 3.5.30729; .NET4.0C; .NET4.0E)"
91.192.15.78 - - [13/May/2013:12:05:39 +0200] "GET /modernisierung.php HTTP/1.1" 200 11491 "http://my.contentserver24.de/content.php?key=8cbfc89c6095570b423d&cs_mid=22&cs_go=popupcontent" "Mozilla/4.0 (compatible; MSIE 8.0; Windows NT 5.1; Trident/4.0; .NET CLR 1.1.4322; .NET CLR 2.0.50727; .NET CLR 3.0.4506.2152; .NET CLR 3.5.30729; .NET4.0C; .NET4.0E)"
141.8.147.12 - - [13/May/2013:12:09:05 +0200] "GET /lexikon.php?cs_go=3&cs_id=221 HTTP/1.1" 200 8017 "-" "Mozilla/5.0 (compatible; YandexBot/3.0; +http://yandex.com/bots)"
