37.58.52.15 - - [17/May/2013:18:43:34 +0200] "GET /news.php?cs_go=archiv&cs_startpos=60 HTTP/1.0" 200 20662 "-" "Mozilla/5.0 (compatible; AcoonBot/4.11.1; +http://www.acoon.de/robot.asp)"
66.249.78.46 - - [17/May/2013:18:50:58 +0200] "GET /js_contentserver24_greybox/gb_styles.css HTTP/1.1" 200 2302 "-" "Mozilla/5.0 (compatible; Googlebot/2.1; +http://www.google.com/bot.html)"
66.249.78.46 - - [17/May/2013:18:50:59 +0200] "GET /modul.css HTTP/1.1" 200 35038 "-" "Mozilla/5.0 (compatible; Googlebot/2.1; +http://www.google.com/bot.html)"
66.249.78.46 - - [17/May/2013:18:50:59 +0200] "GET /style.css HTTP/1.1" 200 8418 "-" "Mozilla/5.0 (compatible; Googlebot/2.1; +http://www.google.com/bot.html)"
37.58.52.15 - - [17/May/2013:18:51:12 +0200] "GET /news.php?cs_go=archiv&cs_id=4166&cs_search= HTTP/1.0" 200 7675 "-" "Mozilla/5.0 (compatible; AcoonBot/4.11.1; +http://www.acoon.de/robot.asp)"
37.58.52.15 - - [17/May/2013:18:53:05 +0200] "GET /news.php?cs_go=archiv&cs_startpos=100 HTTP/1.0" 200 20319 "-" "Mozilla/5.0 (compatible; AcoonBot/4.11.1; +http://www.acoon.de/robot.asp)"
66.249.76.49 - - [17/May/2013:18:57:03 +0200] "GET /news.php?cs_go=archiv&cs_startpos=110 HTTP/1.1" 200 20292 "-" "Mozilla/5.0 (compatible; Googlebot/2.1; +http://www.google.com/bot.html)"
37.58.52.15 - - [17/May/2013:19:01:00 +0200] "GET /news.php?cs_go=archiv&cs_id=4162&cs_search= HTTP/1.0" 200 9124 "-" "Mozilla/5.0 (compatible; AcoonBot/4.11.1; +http://www.acoon.de/robot.asp)"
37.58.52.15 - - [17/May/2013:19:03:06 +0200] "GET /news.php?cs_go=archiv&cs_id=4137&cs_search= HTTP/1.0" 200 7606 "-" "Mozilla/5.0 (compatible; AcoonBot/4.11.1; +http://www.acoon.de/robot.asp)"
37.58.52.15 - - [17/May/2013:19:09:30 +0200] "GET /news.php?cs_go=archiv&cs_id=4172&cs_search= HTTP/1.0" 200 7780 "-" "Mozilla/5.0 (compatible; AcoonBot/4.11.1; +http://www.acoon.de/robot.asp)"
37.58.52.15 - - [17/May/2013:19:20:43 +0200] "GET /news.php?cs_go=archiv&cs_id=4127&cs_search= HTTP/1.0" 200 7645 "-" "Mozilla/5.0 (compatible; AcoonBot/4.11.1; +http://www.acoon.de/robot.asp)"
66.249.76.49 - - [17/May/2013:19:29:48 +0200] "GET /news.php?cs_go=archiv&cs_startpos=100 HTTP/1.1" 200 20319 "-" "Mozilla/5.0 (compatible; Googlebot/2.1; +http://www.google.com/bot.html)"
37.58.52.15 - - [17/May/2013:19:33:58 +0200] "GET /news.php?cs_go=archiv&cs_id=4175&cs_search= HTTP/1.0" 200 8633 "-" "Mozilla/5.0 (compatible; AcoonBot/4.11.1; +http://www.acoon.de/robot.asp)"
208.115.111.75 - - [17/May/2013:19:34:48 +0200] "GET /robots.txt HTTP/1.1" 200 177 "-" "Mozilla/5.0 (compatible; Ezooms/1.0; ezooms.bot@gmail.com)"
37.58.52.15 - - [17/May/2013:19:42:08 +0200] "GET /news.php?cs_go=archiv&cs_id=4165&cs_search= HTTP/1.0" 200 11541 "-" "Mozilla/5.0 (compatible; AcoonBot/4.11.1; +http://www.acoon.de/robot.asp)"
37.58.52.15 - - [17/May/2013:19:45:20 +0200] "GET /news.php?cs_go=archiv&cs_id=4169&cs_search= HTTP/1.0" 200 11498 "-" "Mozilla/5.0 (compatible; AcoonBot/4.11.1; +http://www.acoon.de/robot.asp)"
208.115.113.91 - - [17/May/2013:19:50:14 +0200] "GET /news.php?cs_go=archiv&cs_startpos=120 HTTP/1.1" 200 20452 "-" "Mozilla/5.0 (compatible; Ezooms/1.0; ezooms.bot@gmail.com)"
37.58.52.15 - - [17/May/2013:19:51:30 +0200] "GET /news.php?cs_go=archiv&cs_id=4167&cs_search= HTTP/1.0" 200 10779 "-" "Mozilla/5.0 (compatible; AcoonBot/4.11.1; +http://www.acoon.de/robot.asp)"
37.58.52.15 - - [17/May/2013:19:56:26 +0200] "GET /news.php?cs_go=archiv&cs_id=4132&cs_search= HTTP/1.0" 200 10155 "-" "Mozilla/5.0 (compatible; AcoonBot/4.11.1; +http://www.acoon.de/robot.asp)"
66.249.78.46 - - [17/May/2013:19:58:09 +0200] "GET /news.php?cs_go=archiv&cs_id=4059&cs_search= HTTP/1.1" 200 11065 "-" "Mozilla/5.0 (compatible; Googlebot/2.1; +http://www.google.com/bot.html)"
5.9.7.208 - - [17/May/2013:20:12:58 +0200] "GET /robots.txt HTTP/1.0" 200 177 "-" "Mozilla/5.0 (compatible; MJ12bot/v1.4.3; http://www.majestic12.co.uk/bot.php?+)"
5.9.7.208 - - [17/May/2013:20:13:11 +0200] "GET /news.php?cs_go=archiv&cs_id=4188 HTTP/1.0" 200 7730 "-" "Mozilla/5.0 (compatible; MJ12bot/v1.4.3; http://www.majestic12.co.uk/bot.php?+)"
5.9.7.208 - - [17/May/2013:20:13:17 +0200] "GET /news.php?cs_go=archiv&cs_id=4189 HTTP/1.0" 200 9668 "-" "Mozilla/5.0 (compatible; MJ12bot/v1.4.3; http://www.majestic12.co.uk/bot.php?+)"
5.9.7.208 - - [17/May/2013:20:13:28 +0200] "GET /robots.txt HTTP/1.0" 200 177 "-" "Mozilla/5.0 (compatible; MJ12bot/v1.4.3; http://www.majestic12.co.uk/bot.php?+)"
5.9.7.208 - - [17/May/2013:20:13:38 +0200] "GET /news.php?cs_go=archiv&cs_id=4190 HTTP/1.0" 200 7766 "-" "Mozilla/5.0 (compatible; MJ12bot/v1.4.3; http://www.majestic12.co.uk/bot.php?+)"
65.36.241.79 - - [17/May/2013:20:15:45 +0200] "HEAD / HTTP/1.1" 200 - "-" "InternetSeer.com"
37.58.52.15 - - [17/May/2013:20:15:46 +0200] "GET /news.php?cs_go=archiv&cs_id=4125&cs_search= HTTP/1.0" 200 9244 "-" "Mozilla/5.0 (compatible; AcoonBot/4.11.1; +http://www.acoon.de/robot.asp)"
66.249.78.46 - - [17/May/2013:20:17:54 +0200] "GET /news.php?cs_go=archiv&cs_id=4050&cs_search= HTTP/1.1" 200 7895 "-" "Mozilla/5.0 (compatible; Googlebot/2.1; +http://www.google.com/bot.html)"
37.58.52.15 - - [17/May/2013:20:18:17 +0200] "GET /modernisierung.php?cs_gp_go=description HTTP/1.0" 200 8426 "-" "Mozilla/5.0 (compatible; AcoonBot/4.11.1; +http://www.acoon.de/robot.asp)"
37.58.52.15 - - [17/May/2013:20:24:17 +0200] "GET /news.php?cs_go=archiv&cs_id=4170&cs_search= HTTP/1.0" 200 7775 "-" "Mozilla/5.0 (compatible; AcoonBot/4.11.1; +http://www.acoon.de/robot.asp)"
37.58.52.15 - - [17/May/2013:20:27:02 +0200] "GET /news.php?cs_go=archiv&cs_id=4139&cs_search= HTTP/1.0" 200 8817 "-" "Mozilla/5.0 (compatible; AcoonBot/4.11.1; +http://www.acoon.de/robot.asp)"
66.249.78.46 - - [17/May/2013:20:32:56 +0200] "GET /news.php?cs_go=archiv&cs_id=4176&cs_search= HTTP/1.1" 200 11668 "-" "Mozilla/5.0 (iPhone; U; CPU iPhone OS 4_1 like Mac OS X; en-us) AppleWebKit/532.9 (KHTML, like Gecko) Version/4.0.5 Mobile/8B117 Safari/6531.22.7 (compatible; Googlebot-Mobile/2.1; +http://www.google.com/bot.html)"
37.58.52.15 - - [17/May/2013:20:35:12 +0200] "GET /news.php?cs_go=archiv&cs_id=4160&cs_search= HTTP/1.0" 200 7644 "-" "Mozilla/5.0 (compatible; AcoonBot/4.11.1; +http://www.acoon.de/robot.asp)"
66.249.78.46 - - [17/May/2013:20:48:58 +0200] "GET /news.php?cs_go=archiv&cs_id=4058&cs_search= HTTP/1.1" 200 7778 "-" "Mozilla/5.0 (compatible; Googlebot/2.1; +http://www.google.com/bot.html)"
37.58.52.15 - - [17/May/2013:20:57:17 +0200] "GET /news.php?cs_go=archiv&cs_id=4143&cs_search= HTTP/1.0" 200 7932 "-" "Mozilla/5.0 (compatible; AcoonBot/4.11.1; +http://www.acoon.de/robot.asp)"
66.249.78.46 - - [17/May/2013:21:12:45 +0200] "GET /news.php?cs_go=archiv&cs_id=4057&cs_search= HTTP/1.1" 200 10953 "-" "Mozilla/5.0 (compatible; Googlebot/2.1; +http://www.google.com/bot.html)"
37.58.52.15 - - [17/May/2013:21:15:09 +0200] "GET /news.php?cs_go=archiv&cs_id=4144&cs_search= HTTP/1.0" 200 11214 "-" "Mozilla/5.0 (compatible; AcoonBot/4.11.1; +http://www.acoon.de/robot.asp)"
37.58.52.15 - - [17/May/2013:21:18:32 +0200] "GET /news.php?cs_go=archiv&cs_id=4148&cs_search= HTTP/1.0" 200 9963 "-" "Mozilla/5.0 (compatible; AcoonBot/4.11.1; +http://www.acoon.de/robot.asp)"
37.58.52.15 - - [17/May/2013:21:26:49 +0200] "GET /news.php?cs_go=archiv&cs_id=4158&cs_search= HTTP/1.0" 200 13851 "-" "Mozilla/5.0 (compatible; AcoonBot/4.11.1; +http://www.acoon.de/robot.asp)"
37.58.52.15 - - [17/May/2013:21:30:01 +0200] "GET /news.php?cs_go=archiv&cs_id=4154&cs_search= HTTP/1.0" 200 7917 "-" "Mozilla/5.0 (compatible; AcoonBot/4.11.1; +http://www.acoon.de/robot.asp)"
37.58.52.15 - - [17/May/2013:21:33:51 +0200] "GET /news.php?cs_go=archiv&cs_id=4156&cs_search= HTTP/1.0" 200 10678 "-" "Mozilla/5.0 (compatible; AcoonBot/4.11.1; +http://www.acoon.de/robot.asp)"
208.115.113.91 - - [17/May/2013:21:34:38 +0200] "GET /robots.txt HTTP/1.1" 200 177 "-" "Mozilla/5.0 (compatible; Ezooms/1.0; ezooms.bot@gmail.com)"
208.115.111.75 - - [17/May/2013:21:36:34 +0200] "GET /edl.php HTTP/1.1" 200 8456 "-" "Mozilla/5.0 (compatible; Ezooms/1.0; ezooms.bot@gmail.com)"
66.249.76.49 - - [17/May/2013:21:38:04 +0200] "GET /images/Optiseite.jpg HTTP/1.1" 304 - "-" "Googlebot-Image/1.0"
66.249.78.46 - - [17/May/2013:21:41:33 +0200] "GET /news.php?cs_go=archiv&cs_id=4055&cs_search= HTTP/1.1" 200 7836 "-" "Mozilla/5.0 (compatible; Googlebot/2.1; +http://www.google.com/bot.html)"
37.58.52.15 - - [17/May/2013:21:44:39 +0200] "GET /news.php?cs_go=archiv&cs_startpos=90 HTTP/1.0" 200 20645 "-" "Mozilla/5.0 (compatible; AcoonBot/4.11.1; +http://www.acoon.de/robot.asp)"
37.58.52.15 - - [17/May/2013:21:51:18 +0200] "GET /news.php?cs_go=archiv&cs_id=4146&cs_search= HTTP/1.0" 200 11294 "-" "Mozilla/5.0 (compatible; AcoonBot/4.11.1; +http://www.acoon.de/robot.asp)"
37.58.52.15 - - [17/May/2013:22:02:56 +0200] "GET /modernisierung.php?cs_gp_go=coupon HTTP/1.0" 200 7847 "-" "Mozilla/5.0 (compatible; AcoonBot/4.11.1; +http://www.acoon.de/robot.asp)"
208.115.113.91 - - [17/May/2013:22:03:00 +0200] "GET /news.php?cs_go=archiv&cs_id=3941 HTTP/1.1" 200 7515 "-" "Mozilla/5.0 (compatible; Ezooms/1.0; ezooms.bot@gmail.com)"
37.58.52.15 - - [17/May/2013:22:06:24 +0200] "GET /news.php?cs_go=archiv&cs_id=4141&cs_search= HTTP/1.0" 200 8770 "-" "Mozilla/5.0 (compatible; AcoonBot/4.11.1; +http://www.acoon.de/robot.asp)"
66.249.78.46 - - [17/May/2013:22:10:22 +0200] "GET /news.php?cs_go=archiv&cs_id=4053&cs_search= HTTP/1.1" 200 7755 "-" "Mozilla/5.0 (compatible; Googlebot/2.1; +http://www.google.com/bot.html)"
66.249.78.46 - - [17/May/2013:22:14:35 +0200] "GET /news.php?cs_go=archiv&cs_id=4174&cs_search= HTTP/1.1" 200 7684 "-" "SAMSUNG-SGH-E250/1.0 Profile/MIDP-2.0 Configuration/CLDC-1.1 UP.Browser/6.2.3.3.c.1.101 (GUI) MMP/2.0 (compatible; Googlebot-Mobile/2.1; +http://www.google.com/bot.html)"
66.249.78.46 - - [17/May/2013:22:15:11 +0200] "GET /news.php?cs_go=archiv&cs_id=3784 HTTP/1.1" 200 11405 "-" "Mozilla/5.0 (compatible; Googlebot/2.1; +http://www.google.com/bot.html)"
37.58.52.15 - - [17/May/2013:22:16:07 +0200] "GET /news.php?cs_go=archiv&cs_startpos=70 HTTP/1.0" 200 20425 "-" "Mozilla/5.0 (compatible; AcoonBot/4.11.1; +http://www.acoon.de/robot.asp)"
66.249.76.49 - - [17/May/2013:22:21:24 +0200] "GET /news.php?cs_go=archiv&cs_id=4174&cs_search= HTTP/1.1" 200 7684 "-" "DoCoMo/2.0 N905i(c100;TB;W24H16) (compatible; Googlebot-Mobile/2.1; +http://www.google.com/bot.html)"
123.125.71.40 - - [17/May/2013:22:34:06 +0200] "GET / HTTP/1.1" 200 6541 "-" "Mozilla/5.0 (compatible; Baiduspider/2.0; +http://www.baidu.com/search/spider.html)"
220.181.108.92 - - [17/May/2013:22:34:39 +0200] "GET / HTTP/1.1" 200 8802 "-" "Mozilla/5.0 (compatible; Baiduspider/2.0; +http://www.baidu.com/search/spider.html)"
66.249.76.49 - - [17/May/2013:22:39:10 +0200] "GET /news.php?cs_go=archiv&cs_id=4054&cs_search= HTTP/1.1" 200 11031 "-" "Mozilla/5.0 (compatible; Googlebot/2.1; +http://www.google.com/bot.html)"
157.55.32.185 - - [17/May/2013:22:50:45 +0200] "GET /robots.txt HTTP/1.1" 200 177 "-" "Mozilla/5.0 (compatible; bingbot/2.0; +http://www.bing.com/bingbot.htm)"
157.55.32.185 - - [17/May/2013:22:52:45 +0200] "GET / HTTP/1.1" 200 12336 "-" "Mozilla/5.0 (compatible; bingbot/2.0; +http://www.bing.com/bingbot.htm)"
37.58.52.15 - - [17/May/2013:23:05:02 +0200] "GET /robots.txt HTTP/1.0" 200 177 "-" "Mozilla/5.0 (compatible; AcoonBot/4.11.1; +http://www.acoon.de/robot.asp)"
37.58.52.15 - - [17/May/2013:23:05:02 +0200] "GET /lexikon.php?cs_go=2&cs_char=d HTTP/1.0" 200 7076 "-" "Mozilla/5.0 (compatible; AcoonBot/4.11.1; +http://www.acoon.de/robot.asp)"
66.249.78.46 - - [17/May/2013:23:07:58 +0200] "GET /news.php?cs_go=archiv&cs_id=4056&cs_search= HTTP/1.1" 200 9512 "-" "Mozilla/5.0 (compatible; Googlebot/2.1; +http://www.google.com/bot.html)"
37.58.52.15 - - [17/May/2013:23:08:24 +0200] "GET /news.php?cs_go=archiv&cs_id=4194 HTTP/1.0" 200 11874 "-" "Mozilla/5.0 (compatible; AcoonBot/4.11.1; +http://www.acoon.de/robot.asp)"
5.9.7.208 - - [17/May/2013:23:09:00 +0200] "GET /robots.txt HTTP/1.0" 200 177 "-" "Mozilla/5.0 (compatible; MJ12bot/v1.4.3; http://www.majestic12.co.uk/bot.php?+)"
5.9.7.208 - - [17/May/2013:23:09:19 +0200] "GET /agb.php HTTP/1.0" 200 17557 "-" "Mozilla/5.0 (compatible; MJ12bot/v1.4.3; http://www.majestic12.co.uk/bot.php?+)"
5.9.7.208 - - [17/May/2013:23:09:28 +0200] "GET /news.php?cs_go=archiv&cs_id=2678 HTTP/1.0" 200 5542 "-" "Mozilla/5.0 (compatible; MJ12bot/v1.4.3; http://www.majestic12.co.uk/bot.php?+)"
5.9.7.208 - - [17/May/2013:23:09:55 +0200] "GET /news.php?cs_go=archiv&cs_id=2679 HTTP/1.0" 200 5542 "-" "Mozilla/5.0 (compatible; MJ12bot/v1.4.3; http://www.majestic12.co.uk/bot.php?+)"
5.9.7.208 - - [17/May/2013:23:10:11 +0200] "GET /news.php?cs_go=archiv&cs_id=2680 HTTP/1.0" 200 5542 "-" "Mozilla/5.0 (compatible; MJ12bot/v1.4.3; http://www.majestic12.co.uk/bot.php?+)"
5.9.7.208 - - [17/May/2013:23:10:23 +0200] "GET /news.php?cs_go=archiv&cs_id=2681 HTTP/1.0" 200 5542 "-" "Mozilla/5.0 (compatible; MJ12bot/v1.4.3; http://www.majestic12.co.uk/bot.php?+)"
5.9.7.208 - - [17/May/2013:23:10:31 +0200] "GET /news.php?cs_go=archiv&cs_id=2682 HTTP/1.0" 200 5542 "-" "Mozilla/5.0 (compatible; MJ12bot/v1.4.3; http://www.majestic12.co.uk/bot.php?+)"
5.9.7.208 - - [17/May/2013:23:10:43 +0200] "GET /news.php?cs_go=archiv&cs_id=2683 HTTP/1.0" 200 5542 "-" "Mozilla/5.0 (compatible; MJ12bot/v1.4.3; http://www.majestic12.co.uk/bot.php?+)"
5.9.7.208 - - [17/May/2013:23:11:00 +0200] "GET /news.php?cs_go=archiv&cs_id=2684 HTTP/1.0" 200 5542 "-" "Mozilla/5.0 (compatible; MJ12bot/v1.4.3; http://www.majestic12.co.uk/bot.php?+)"
5.9.7.208 - - [17/May/2013:23:11:07 +0200] "GET /news.php?cs_go=archiv&cs_id=2685 HTTP/1.0" 200 5542 "-" "Mozilla/5.0 (compatible; MJ12bot/v1.4.3; http://www.majestic12.co.uk/bot.php?+)"
5.9.7.208 - - [17/May/2013:23:11:13 +0200] "GET /news.php?cs_go=archiv&cs_id=2686 HTTP/1.0" 200 5542 "-" "Mozilla/5.0 (compatible; MJ12bot/v1.4.3; http://www.majestic12.co.uk/bot.php?+)"
5.9.7.208 - - [17/May/2013:23:11:21 +0200] "GET /news.php?cs_go=archiv&cs_id=2687 HTTP/1.0" 200 5542 "-" "Mozilla/5.0 (compatible; MJ12bot/v1.4.3; http://www.majestic12.co.uk/bot.php?+)"
5.9.7.208 - - [17/May/2013:23:11:29 +0200] "GET /news.php?cs_go=archiv&cs_id=2688 HTTP/1.0" 200 5542 "-" "Mozilla/5.0 (compatible; MJ12bot/v1.4.3; http://www.majestic12.co.uk/bot.php?+)"
5.9.7.208 - - [17/May/2013:23:11:43 +0200] "GET /news.php?cs_go=archiv&cs_id=2689 HTTP/1.0" 200 5542 "-" "Mozilla/5.0 (compatible; MJ12bot/v1.4.3; http://www.majestic12.co.uk/bot.php?+)"
5.9.7.208 - - [17/May/2013:23:11:49 +0200] "GET /news.php?cs_go=archiv&cs_id=2690 HTTP/1.0" 200 5542 "-" "Mozilla/5.0 (compatible; MJ12bot/v1.4.3; http://www.majestic12.co.uk/bot.php?+)"
5.9.7.208 - - [17/May/2013:23:12:03 +0200] "GET /news.php?cs_go=archiv&cs_id=2691 HTTP/1.0" 200 5542 "-" "Mozilla/5.0 (compatible; MJ12bot/v1.4.3; http://www.majestic12.co.uk/bot.php?+)"
37.58.52.15 - - [17/May/2013:23:13:05 +0200] "GET /news.php?cs_go=archiv&cs_id=4100&cs_search= HTTP/1.0" 200 8038 "-" "Mozilla/5.0 (compatible; AcoonBot/4.11.1; +http://www.acoon.de/robot.asp)"
37.58.52.15 - - [17/May/2013:23:26:02 +0200] "GET /lexikon.php?cs_go=2&cs_char=j HTTP/1.0" 200 6265 "-" "Mozilla/5.0 (compatible; AcoonBot/4.11.1; +http://www.acoon.de/robot.asp)"
37.58.52.15 - - [17/May/2013:23:27:54 +0200] "GET /news.php?cs_go=archiv&cs_id=4082&cs_search= HTTP/1.0" 200 9506 "-" "Mozilla/5.0 (compatible; AcoonBot/4.11.1; +http://www.acoon.de/robot.asp)"
37.58.52.15 - - [17/May/2013:23:32:55 +0200] "GET /news.php?cs_go=archiv&cs_id=4085&cs_search= HTTP/1.0" 200 7570 "-" "Mozilla/5.0 (compatible; AcoonBot/4.11.1; +http://www.acoon.de/robot.asp)"
37.58.52.15 - - [17/May/2013:23:35:53 +0200] "GET /lexikon.php?cs_go=2&cs_char=o HTTP/1.0" 200 6916 "-" "Mozilla/5.0 (compatible; AcoonBot/4.11.1; +http://www.acoon.de/robot.asp)"
66.249.78.46 - - [17/May/2013:23:36:47 +0200] "GET /news.php?cs_go=archiv&cs_id=4051&cs_search= HTTP/1.1" 200 11119 "-" "Mozilla/5.0 (compatible; Googlebot/2.1; +http://www.google.com/bot.html)"
79.192.161.141 - - [17/May/2013:23:41:00 +0200] "GET /style.css HTTP/1.1" 200 8418 "http://www.mink-gmbh.de/" "Mozilla/5.0 (compatible; MSIE 10.0; Windows NT 6.1; WOW64; Trident/6.0)"
79.192.161.141 - - [17/May/2013:23:41:00 +0200] "GET /modul.css HTTP/1.1" 200 35038 "http://www.mink-gmbh.de/" "Mozilla/5.0 (compatible; MSIE 10.0; Windows NT 6.1; WOW64; Trident/6.0)"
79.192.161.141 - - [17/May/2013:23:41:00 +0200] "GET /js_contentserver24_greybox/gb_styles.css HTTP/1.1" 200 2302 "http://www.mink-gmbh.de/" "Mozilla/5.0 (compatible; MSIE 10.0; Windows NT 6.1; WOW64; Trident/6.0)"
79.192.161.141 - - [17/May/2013:23:41:00 +0200] "GET /js_contentserver24_greybox/AJS.js HTTP/1.1" 200 10396 "http://www.mink-gmbh.de/" "Mozilla/5.0 (compatible; MSIE 10.0; Windows NT 6.1; WOW64; Trident/6.0)"
79.192.161.141 - - [17/May/2013:23:41:00 +0200] "GET /js_contentserver24_greybox/AJS_fx.js HTTP/1.1" 200 3192 "http://www.mink-gmbh.de/" "Mozilla/5.0 (compatible; MSIE 10.0; Windows NT 6.1; WOW64; Trident/6.0)"
79.192.161.141 - - [17/May/2013:23:41:00 +0200] "GET /js_contentserver24_greybox/gb_scripts.js HTTP/1.1" 200 11913 "http://www.mink-gmbh.de/" "Mozilla/5.0 (compatible; MSIE 10.0; Windows NT 6.1; WOW64; Trident/6.0)"
79.192.161.141 - - [17/May/2013:23:41:00 +0200] "GET / HTTP/1.1" 200 12336 "http://www.branchen-info.net/firma_im_web-367396.html" "Mozilla/5.0 (compatible; MSIE 10.0; Windows NT 6.1; WOW64; Trident/6.0)"
79.192.161.141 - - [17/May/2013:23:41:01 +0200] "GET /images/team-energie.png HTTP/1.1" 200 17383 "http://www.mink-gmbh.de/" "Mozilla/5.0 (compatible; MSIE 10.0; Windows NT 6.1; WOW64; Trident/6.0)"
79.192.161.141 - - [17/May/2013:23:41:01 +0200] "GET /images/mail.jpg HTTP/1.1" 200 11165 "http://www.mink-gmbh.de/" "Mozilla/5.0 (compatible; MSIE 10.0; Windows NT 6.1; WOW64; Trident/6.0)"
79.192.161.141 - - [17/May/2013:23:41:01 +0200] "GET /images/kwk.gif HTTP/1.1" 200 6403 "http://www.mink-gmbh.de/" "Mozilla/5.0 (compatible; MSIE 10.0; Windows NT 6.1; WOW64; Trident/6.0)"
79.192.161.141 - - [17/May/2013:23:41:01 +0200] "GET /images/wunschpreis.jpg HTTP/1.1" 200 16767 "http://www.mink-gmbh.de/" "Mozilla/5.0 (compatible; MSIE 10.0; Windows NT 6.1; WOW64; Trident/6.0)"
79.192.161.141 - - [17/May/2013:23:41:01 +0200] "GET /images/logos.jpg HTTP/1.1" 200 15002 "http://www.mink-gmbh.de/" "Mozilla/5.0 (compatible; MSIE 10.0; Windows NT 6.1; WOW64; Trident/6.0)"
79.192.161.141 - - [17/May/2013:23:41:01 +0200] "GET /images/tkw.jpg HTTP/1.1" 200 64031 "http://www.mink-gmbh.de/" "Mozilla/5.0 (compatible; MSIE 10.0; Windows NT 6.1; WOW64; Trident/6.0)"
79.192.161.141 - - [17/May/2013:23:41:01 +0200] "GET /images/freecall.jpg HTTP/1.1" 200 39195 "http://www.mink-gmbh.de/" "Mozilla/5.0 (compatible; MSIE 10.0; Windows NT 6.1; WOW64; Trident/6.0)"
79.192.161.141 - - [17/May/2013:23:41:01 +0200] "GET /images/bg.jpg HTTP/1.1" 200 345 "http://www.mink-gmbh.de/" "Mozilla/5.0 (compatible; MSIE 10.0; Windows NT 6.1; WOW64; Trident/6.0)"
79.192.161.141 - - [17/May/2013:23:41:01 +0200] "GET /js_contentserver24_greybox/w_close.gif HTTP/1.1" 200 74 "http://www.mink-gmbh.de/" "Mozilla/5.0 (compatible; MSIE 10.0; Windows NT 6.1; WOW64; Trident/6.0)"
79.192.161.141 - - [17/May/2013:23:41:01 +0200] "GET /images/newsletter_bg.jpg HTTP/1.1" 200 33610 "http://www.mink-gmbh.de/" "Mozilla/5.0 (compatible; MSIE 10.0; Windows NT 6.1; WOW64; Trident/6.0)"
79.192.161.141 - - [17/May/2013:23:41:01 +0200] "GET /images/footerbg.jpg HTTP/1.1" 200 2184 "http://www.mink-gmbh.de/" "Mozilla/5.0 (compatible; MSIE 10.0; Windows NT 6.1; WOW64; Trident/6.0)"
79.192.161.141 - - [17/May/2013:23:41:01 +0200] "GET /images/wrapperbg.jpg HTTP/1.1" 200 27465 "http://www.mink-gmbh.de/" "Mozilla/5.0 (compatible; MSIE 10.0; Windows NT 6.1; WOW64; Trident/6.0)"
79.192.161.141 - - [17/May/2013:23:41:01 +0200] "GET /images/navibg.png HTTP/1.1" 200 2803 "http://www.mink-gmbh.de/" "Mozilla/5.0 (compatible; MSIE 10.0; Windows NT 6.1; WOW64; Trident/6.0)"
79.192.161.141 - - [17/May/2013:23:41:01 +0200] "GET /images/newsletter.png HTTP/1.1" 200 14619 "http://www.mink-gmbh.de/" "Mozilla/5.0 (compatible; MSIE 10.0; Windows NT 6.1; WOW64; Trident/6.0)"
79.192.161.141 - - [17/May/2013:23:41:01 +0200] "GET /images/header.jpg HTTP/1.1" 200 40733 "http://www.mink-gmbh.de/" "Mozilla/5.0 (compatible; MSIE 10.0; Windows NT 6.1; WOW64; Trident/6.0)"
79.192.161.141 - - [17/May/2013:23:41:01 +0200] "GET /images/steigend.png HTTP/1.1" 200 688 "http://www.mink-gmbh.de/" "Mozilla/5.0 (compatible; MSIE 10.0; Windows NT 6.1; WOW64; Trident/6.0)"
79.192.161.141 - - [17/May/2013:23:41:01 +0200] "GET /images/fallend.png HTTP/1.1" 200 713 "http://www.mink-gmbh.de/" "Mozilla/5.0 (compatible; MSIE 10.0; Windows NT 6.1; WOW64; Trident/6.0)"
79.192.161.141 - - [17/May/2013:23:41:01 +0200] "GET /images/mobil.jpg HTTP/1.1" 200 25293 "http://www.mink-gmbh.de/" "Mozilla/5.0 (compatible; MSIE 10.0; Windows NT 6.1; WOW64; Trident/6.0)"
79.192.161.141 - - [17/May/2013:23:41:01 +0200] "GET /images/newsletter.jpg HTTP/1.1" 200 13130 "http://www.mink-gmbh.de/" "Mozilla/5.0 (compatible; MSIE 10.0; Windows NT 6.1; WOW64; Trident/6.0)"
79.192.161.141 - - [17/May/2013:23:41:01 +0200] "GET /images/close.png HTTP/1.1" 200 703 "http://www.mink-gmbh.de/" "Mozilla/5.0 (compatible; MSIE 10.0; Windows NT 6.1; WOW64; Trident/6.0)"
79.192.161.141 - - [17/May/2013:23:41:02 +0200] "GET /js_contentserver24_greybox/header_bg.gif HTTP/1.1" 200 1188 "http://www.mink-gmbh.de/" "Mozilla/5.0 (compatible; MSIE 10.0; Windows NT 6.1; WOW64; Trident/6.0)"
79.192.161.141 - - [17/May/2013:23:41:02 +0200] "GET /js_contentserver24_greybox/loader_frame.html?s=0 HTTP/1.1" 200 2084 "http://www.mink-gmbh.de/" "Mozilla/5.0 (compatible; MSIE 10.0; Windows NT 6.1; WOW64; Trident/6.0)"
79.192.161.141 - - [17/May/2013:23:41:02 +0200] "GET /js_contentserver24_greybox/indicator.gif HTTP/1.1" 200 8238 "http://www.mink-gmbh.de/js_contentserver24_greybox/loader_frame.html?s=0" "Mozilla/5.0 (compatible; MSIE 10.0; Windows NT 6.1; WOW64; Trident/6.0)"
79.192.161.141 - - [17/May/2013:23:41:06 +0200] "GET /js_contentserver24_greybox/g_close.gif HTTP/1.1" 200 541 "http://www.mink-gmbh.de/" "Mozilla/5.0 (compatible; MSIE 10.0; Windows NT 6.1; WOW64; Trident/6.0)"
139.18.2.209 - - [17/May/2013:23:42:12 +0200] "GET /modernisierung.php?cs_gp_go=description HTTP/1.1" 200 4889 "-" "findlinks/2.6 (+http://wortschatz.uni-leipzig.de/findlinks/)"
139.18.2.209 - - [17/May/2013:23:42:12 +0200] "GET /modernisierung.php?cs_gp_go=description HTTP/1.1" 200 8426 "-" "findlinks/2.6 (+http://wortschatz.uni-leipzig.de/findlinks/)"
208.115.113.91 - - [17/May/2013:23:44:26 +0200] "GET /kontakt.php HTTP/1.1" 200 7046 "-" "Mozilla/5.0 (compatible; Ezooms/1.0; ezooms.bot@gmail.com)"
208.115.113.91 - - [17/May/2013:23:44:29 +0200] "GET /newsletter.php HTTP/1.1" 200 6583 "-" "Mozilla/5.0 (compatible; Ezooms/1.0; ezooms.bot@gmail.com)"
37.58.52.15 - - [17/May/2013:23:48:22 +0200] "GET /news.php?cs_go=archiv&cs_id=4107&cs_search= HTTP/1.0" 200 8078 "-" "Mozilla/5.0 (compatible; AcoonBot/4.11.1; +http://www.acoon.de/robot.asp)"
37.58.52.15 - - [17/May/2013:23:50:08 +0200] "GET /news.php?cs_go=archiv&cs_id=4095&cs_search= HTTP/1.0" 200 7827 "-" "Mozilla/5.0 (compatible; AcoonBot/4.11.1; +http://www.acoon.de/robot.asp)"
37.58.52.15 - - [17/May/2013:23:53:30 +0200] "GET /lexikon.php?cs_go=2&cs_char=a HTTP/1.0" 200 7458 "-" "Mozilla/5.0 (compatible; AcoonBot/4.11.1; +http://www.acoon.de/robot.asp)"
66.249.78.46 - - [17/May/2013:23:53:38 +0200] "GET /index.php HTTP/1.1" 200 12336 "-" "Mozilla/5.0 (compatible; Googlebot/2.1; +http://www.google.com/bot.html)"
37.58.52.15 - - [18/May/2013:00:00:52 +0200] "GET /news.php?cs_go=archiv&cs_id=4150&cs_search= HTTP/1.0" 200 7398 "-" "Mozilla/5.0 (compatible; AcoonBot/4.11.1; +http://www.acoon.de/robot.asp)"
66.249.78.46 - - [18/May/2013:00:06:26 +0200] "GET /news.php?cs_go=archiv&cs_id=4052&cs_search= HTTP/1.1" 200 10041 "-" "Mozilla/5.0 (compatible; Googlebot/2.1; +http://www.google.com/bot.html)"
37.58.52.15 - - [18/May/2013:00:10:22 +0200] "GET /news.php?cs_go=archiv&cs_id=4109&cs_search= HTTP/1.0" 200 9046 "-" "Mozilla/5.0 (compatible; AcoonBot/4.11.1; +http://www.acoon.de/robot.asp)"
37.58.52.15 - - [18/May/2013:00:14:20 +0200] "GET /news.php?cs_go=archiv&cs_id=4105&cs_search= HTTP/1.0" 200 10166 "-" "Mozilla/5.0 (compatible; AcoonBot/4.11.1; +http://www.acoon.de/robot.asp)"
157.55.32.185 - - [18/May/2013:00:24:14 +0200] "GET /robots.txt HTTP/1.1" 200 177 "-" "Mozilla/5.0 (compatible; bingbot/2.0; +http://www.bing.com/bingbot.htm)"
37.58.52.15 - - [18/May/2013:00:24:29 +0200] "GET /news.php?cs_go=archiv&cs_id=4115&cs_search= HTTP/1.0" 200 9368 "-" "Mozilla/5.0 (compatible; AcoonBot/4.11.1; +http://www.acoon.de/robot.asp)"
157.55.32.185 - - [18/May/2013:00:26:10 +0200] "GET / HTTP/1.1" 200 12336 "-" "Mozilla/5.0 (compatible; bingbot/2.0; +http://www.bing.com/bingbot.htm)"
37.58.52.15 - - [18/May/2013:00:28:13 +0200] "GET /lexikon.php?cs_go=2&cs_char=e HTTP/1.0" 200 6734 "-" "Mozilla/5.0 (compatible; AcoonBot/4.11.1; +http://www.acoon.de/robot.asp)"
37.58.52.15 - - [18/May/2013:00:32:17 +0200] "GET /news.php?cs_go=archiv&cs_id=4080&cs_search= HTTP/1.0" 200 10953 "-" "Mozilla/5.0 (compatible; AcoonBot/4.11.1; +http://www.acoon.de/robot.asp)"
37.58.52.15 - - [18/May/2013:00:37:25 +0200] "GET /news.php?cs_go=archiv&cs_id=4112&cs_search= HTTP/1.0" 200 9525 "-" "Mozilla/5.0 (compatible; AcoonBot/4.11.1; +http://www.acoon.de/robot.asp)"
66.249.78.46 - - [18/May/2013:00:38:38 +0200] "GET /news.php?cs_go=archiv&cs_id=2724&cs_search= HTTP/1.1" 200 11576 "-" "Mozilla/5.0 (compatible; Googlebot/2.1; +http://www.google.com/bot.html)"
37.58.52.15 - - [18/May/2013:00:43:22 +0200] "GET /news.php?cs_go=archiv&cs_id=4190 HTTP/1.0" 200 7766 "-" "Mozilla/5.0 (compatible; AcoonBot/4.11.1; +http://www.acoon.de/robot.asp)"
37.58.52.15 - - [18/May/2013:00:47:20 +0200] "GET /news.php?cs_go=archiv&cs_id=4102&cs_search= HTTP/1.0" 200 11602 "-" "Mozilla/5.0 (compatible; AcoonBot/4.11.1; +http://www.acoon.de/robot.asp)"
37.58.52.15 - - [18/May/2013:00:53:12 +0200] "GET /news.php?cs_go=archiv&cs_id=4090&cs_search= HTTP/1.0" 200 8185 "-" "Mozilla/5.0 (compatible; AcoonBot/4.11.1; +http://www.acoon.de/robot.asp)"
37.58.52.15 - - [18/May/2013:00:59:21 +0200] "GET /lexikon.php?cs_go=2&cs_char=n HTTP/1.0" 200 6233 "-" "Mozilla/5.0 (compatible; AcoonBot/4.11.1; +http://www.acoon.de/robot.asp)"
66.249.76.49 - - [18/May/2013:01:08:06 +0200] "GET /news.php?cs_go=archiv&cs_startpos=91 HTTP/1.1" 200 20547 "-" "Mozilla/5.0 (compatible; Googlebot/2.1; +http://www.google.com/bot.html)"
37.58.52.15 - - [18/May/2013:01:09:55 +0200] "GET /lexikon.php?cs_go=2&cs_char=c HTTP/1.0" 200 6491 "-" "Mozilla/5.0 (compatible; AcoonBot/4.11.1; +http://www.acoon.de/robot.asp)"
37.58.52.15 - - [18/May/2013:01:22:47 +0200] "GET /lexikon.php?cs_go=2&cs_char=m HTTP/1.0" 200 6728 "-" "Mozilla/5.0 (compatible; AcoonBot/4.11.1; +http://www.acoon.de/robot.asp)"
37.58.52.15 - - [18/May/2013:01:27:07 +0200] "GET /news.php?cs_go=archiv&cs_id=3942&cs_search= HTTP/1.0" 200 10465 "-" "Mozilla/5.0 (compatible; AcoonBot/4.11.1; +http://www.acoon.de/robot.asp)"
66.249.78.46 - - [18/May/2013:01:29:31 +0200] "GET /news.php?cs_go=archiv&cs_id=2951&cs_search= HTTP/1.1" 200 7703 "-" "Mozilla/5.0 (compatible; Googlebot/2.1; +http://www.google.com/bot.html)"
37.58.52.15 - - [18/May/2013:01:30:03 +0200] "GET /news.php?cs_go=archiv&cs_startpos=210 HTTP/1.0" 200 20199 "-" "Mozilla/5.0 (compatible; AcoonBot/4.11.1; +http://www.acoon.de/robot.asp)"
65.36.241.79 - - [18/May/2013:01:30:21 +0200] "HEAD / HTTP/1.1" 200 - "-" "InternetSeer.com"
37.58.52.15 - - [18/May/2013:01:32:22 +0200] "GET /news.php?cs_go=archiv&cs_id=4126&cs_search= HTTP/1.0" 200 9163 "-" "Mozilla/5.0 (compatible; AcoonBot/4.11.1; +http://www.acoon.de/robot.asp)"
208.115.113.91 - - [18/May/2013:01:32:23 +0200] "GET /robots.txt HTTP/1.1" 200 177 "-" "Mozilla/5.0 (compatible; Ezooms/1.0; ezooms.bot@gmail.com)"
37.58.52.15 - - [18/May/2013:01:36:53 +0200] "GET /news.php?cs_go=archiv&cs_id=3945&cs_search= HTTP/1.0" 200 7757 "-" "Mozilla/5.0 (compatible; AcoonBot/4.11.1; +http://www.acoon.de/robot.asp)"
66.249.78.46 - - [18/May/2013:01:42:36 +0200] "GET /news.php?cs_go=archiv&cs_id=2937&cs_search= HTTP/1.1" 200 8652 "-" "Mozilla/5.0 (compatible; Googlebot/2.1; +http://www.google.com/bot.html)"
37.58.52.15 - - [18/May/2013:01:43:05 +0200] "GET /lexikon.php?cs_go=2&cs_char=h HTTP/1.0" 200 6455 "-" "Mozilla/5.0 (compatible; AcoonBot/4.11.1; +http://www.acoon.de/robot.asp)"
139.18.2.209 - - [18/May/2013:01:48:29 +0200] "GET /news.php?cs_go=archiv&cs_id=4018 HTTP/1.1" 200 4869 "-" "findlinks/2.6 (+http://wortschatz.uni-leipzig.de/findlinks/)"
139.18.2.209 - - [18/May/2013:01:48:29 +0200] "GET /news.php?cs_go=archiv&cs_id=4018 HTTP/1.1" 200 9168 "-" "findlinks/2.6 (+http://wortschatz.uni-leipzig.de/findlinks/)"
5.9.10.179 - - [18/May/2013:01:51:25 +0200] "GET /robots.txt HTTP/1.1" 200 177 "-" "Mozilla/5.0 (compatible; Infohelfer/1.3.3; +http://www.infohelfer.de/crawler.php)"
5.9.10.179 - - [18/May/2013:01:51:25 +0200] "GET / HTTP/1.1" 200 12336 "-" "Mozilla/5.0 (compatible; Infohelfer/1.3.3; +http://www.infohelfer.de/crawler.php)"
37.58.52.15 - - [18/May/2013:01:52:47 +0200] "GET /lexikon.php?cs_go=2&cs_char=f HTTP/1.0" 200 7250 "-" "Mozilla/5.0 (compatible; AcoonBot/4.11.1; +http://www.acoon.de/robot.asp)"
208.115.113.91 - - [18/May/2013:02:03:06 +0200] "GET /news.php?cs_go=archiv&cs_id=3943 HTTP/1.1" 200 10560 "-" "Mozilla/5.0 (compatible; Ezooms/1.0; ezooms.bot@gmail.com)"
37.58.52.15 - - [18/May/2013:02:13:00 +0200] "GET /news.php?cs_go=archiv&cs_id=4134&cs_search= HTTP/1.0" 200 7660 "-" "Mozilla/5.0 (compatible; AcoonBot/4.11.1; +http://www.acoon.de/robot.asp)"
37.58.52.15 - - [18/May/2013:02:16:36 +0200] "GET /lexikon.php?cs_go=2&cs_char=l HTTP/1.0" 200 6428 "-" "Mozilla/5.0 (compatible; AcoonBot/4.11.1; +http://www.acoon.de/robot.asp)"
37.58.52.15 - - [18/May/2013:02:19:18 +0200] "GET /lexikon.php?cs_go=2&cs_char=b HTTP/1.0" 200 7385 "-" "Mozilla/5.0 (compatible; AcoonBot/4.11.1; +http://www.acoon.de/robot.asp)"
66.249.78.46 - - [18/May/2013:02:25:45 +0200] "GET / HTTP/1.1" 200 12336 "-" "Mozilla/5.0 (compatible; Googlebot/2.1; +http://www.google.com/bot.html)"
37.58.52.15 - - [18/May/2013:02:26:30 +0200] "GET /news.php?cs_go=archiv&cs_id=3947&cs_search= HTTP/1.0" 200 11139 "-" "Mozilla/5.0 (compatible; AcoonBot/4.11.1; +http://www.acoon.de/robot.asp)"
37.58.52.15 - - [18/May/2013:02:33:08 +0200] "GET /news.php?cs_go=archiv&cs_startpos=180 HTTP/1.0" 200 20487 "-" "Mozilla/5.0 (compatible; AcoonBot/4.11.1; +http://www.acoon.de/robot.asp)"
37.58.52.15 - - [18/May/2013:02:38:17 +0200] "GET /news.php?cs_go=archiv&cs_id=4069&cs_search= HTTP/1.0" 200 8089 "-" "Mozilla/5.0 (compatible; AcoonBot/4.11.1; +http://www.acoon.de/robot.asp)"
141.8.147.12 - - [18/May/2013:02:39:30 +0200] "GET /robots.txt HTTP/1.1" 200 177 "-" "Mozilla/5.0 (compatible; YandexBot/3.0; +http://yandex.com/bots)"
37.58.52.15 - - [18/May/2013:02:46:28 +0200] "GET /lexikon.php?cs_go=2&cs_char=g HTTP/1.0" 200 6781 "-" "Mozilla/5.0 (compatible; AcoonBot/4.11.1; +http://www.acoon.de/robot.asp)"
37.58.52.15 - - [18/May/2013:02:51:59 +0200] "GET /lexikon.php?cs_go=2&cs_char=i HTTP/1.0" 200 6057 "-" "Mozilla/5.0 (compatible; AcoonBot/4.11.1; +http://www.acoon.de/robot.asp)"
141.8.147.12 - - [18/May/2013:02:52:47 +0200] "GET /news.php?cs_go=archiv&cs_id=3780&cs_search= HTTP/1.1" 200 10658 "-" "Mozilla/5.0 (compatible; YandexBot/3.0; +http://yandex.com/bots)"
37.58.52.15 - - [18/May/2013:02:53:00 +0200] "GET /news.php?cs_go=archiv&cs_startpos=120 HTTP/1.0" 200 20452 "-" "Mozilla/5.0 (compatible; AcoonBot/4.11.1; +http://www.acoon.de/robot.asp)"
66.249.78.46 - - [18/May/2013:03:10:14 +0200] "GET /preisanfrage.php HTTP/1.1" 200 8583 "-" "SAMSUNG-SGH-E250/1.0 Profile/MIDP-2.0 Configuration/CLDC-1.1 UP.Browser/6.2.3.3.c.1.101 (GUI) MMP/2.0 (compatible; Googlebot-Mobile/2.1; +http://www.google.com/bot.html)"
37.58.52.15 - - [18/May/2013:03:14:41 +0200] "GET /news.php?cs_go=archiv&cs_id=4071&cs_search= HTTP/1.0" 200 7544 "-" "Mozilla/5.0 (compatible; AcoonBot/4.11.1; +http://www.acoon.de/robot.asp)"
141.8.147.12 - - [18/May/2013:03:19:28 +0200] "GET /news.php?cs_go=archiv&cs_id=4175&cs_search= HTTP/1.1" 200 8633 "-" "Mozilla/5.0 (compatible; YandexBot/3.0; +http://yandex.com/bots)"
37.58.52.15 - - [18/May/2013:03:29:31 +0200] "GET /lexikon.php?cs_go=2&cs_char=s HTTP/1.0" 200 7723 "-" "Mozilla/5.0 (compatible; AcoonBot/4.11.1; +http://www.acoon.de/robot.asp)"
37.58.52.15 - - [18/May/2013:03:36:08 +0200] "GET /news.php?cs_go=archiv&cs_id=4120&cs_search= HTTP/1.0" 200 8072 "-" "Mozilla/5.0 (compatible; AcoonBot/4.11.1; +http://www.acoon.de/robot.asp)"
66.249.78.46 - - [18/May/2013:03:41:13 +0200] "GET /lexikon.php?cs_go=2&cs_char=v HTTP/1.1" 200 6772 "-" "Mozilla/5.0 (compatible; Googlebot/2.1; +http://www.google.com/bot.html)"
87.189.107.107 - - [18/May/2013:03:42:17 +0200] "GET /jobs.php HTTP/1.1" 200 5048 "-" "Mozilla/5.0 /Windows; U; Windows NT 6.1; de; rv:1.9.1.5) Gecko/20091102 Firefox/3.5.5"
37.58.52.15 - - [18/May/2013:03:42:25 +0200] "GET /lexikon.php?cs_go=2&cs_char=v HTTP/1.0" 200 6772 "-" "Mozilla/5.0 (compatible; AcoonBot/4.11.1; +http://www.acoon.de/robot.asp)"
141.8.147.12 - - [18/May/2013:03:46:55 +0200] "GET /news.php?cs_go=archiv&cs_id=4179&cs_search= HTTP/1.1" 200 11647 "-" "Mozilla/5.0 (compatible; YandexBot/3.0; +http://yandex.com/bots)"
37.58.52.15 - - [18/May/2013:03:56:38 +0200] "GET /news.php?cs_go=archiv&cs_id=4130&cs_search= HTTP/1.0" 200 11433 "-" "Mozilla/5.0 (compatible; AcoonBot/4.11.1; +http://www.acoon.de/robot.asp)"
37.58.52.15 - - [18/May/2013:03:59:30 +0200] "GET /modernisierung.php?cs_gp_go=plus HTTP/1.0" 200 9233 "-" "Mozilla/5.0 (compatible; AcoonBot/4.11.1; +http://www.acoon.de/robot.asp)"
37.58.52.15 - - [18/May/2013:04:07:50 +0200] "GET /lexikon.php?cs_go=2&cs_char=r HTTP/1.0" 200 7387 "-" "Mozilla/5.0 (compatible; AcoonBot/4.11.1; +http://www.acoon.de/robot.asp)"
37.58.52.15 - - [18/May/2013:04:14:06 +0200] "GET /news.php?cs_go=archiv&cs_id=4074&cs_search= HTTP/1.0" 200 11160 "-" "Mozilla/5.0 (compatible; AcoonBot/4.11.1; +http://www.acoon.de/robot.asp)"
37.58.52.15 - - [18/May/2013:04:18:16 +0200] "GET /news.php?cs_go=archiv&cs_id=4078&cs_search= HTTP/1.0" 200 10033 "-" "Mozilla/5.0 (compatible; AcoonBot/4.11.1; +http://www.acoon.de/robot.asp)"
141.8.147.12 - - [18/May/2013:04:24:40 +0200] "GET /news.php?cs_go=archiv&cs_id=4103&cs_search= HTTP/1.1" 200 7634 "-" "Mozilla/5.0 (compatible; YandexBot/3.0; +http://yandex.com/bots)"
37.58.52.15 - - [18/May/2013:04:30:02 +0200] "GET /news.php?cs_go=archiv&cs_id=3941&cs_search= HTTP/1.0" 200 7515 "-" "Mozilla/5.0 (compatible; AcoonBot/4.11.1; +http://www.acoon.de/robot.asp)"
37.58.52.15 - - [18/May/2013:04:33:03 +0200] "GET /news.php?cs_go=archiv&cs_id=4122&cs_search= HTTP/1.0" 200 13298 "-" "Mozilla/5.0 (compatible; AcoonBot/4.11.1; +http://www.acoon.de/robot.asp)"
37.58.52.15 - - [18/May/2013:04:38:16 +0200] "GET /lexikon.php?cs_go=2&cs_char=y HTTP/1.0" 200 6265 "-" "Mozilla/5.0 (compatible; AcoonBot/4.11.1; +http://www.acoon.de/robot.asp)"
37.58.52.15 - - [18/May/2013:04:43:22 +0200] "GET /news.php?cs_go=archiv&cs_id=3946&cs_search= HTTP/1.0" 200 7715 "-" "Mozilla/5.0 (compatible; AcoonBot/4.11.1; +http://www.acoon.de/robot.asp)"
141.8.147.12 - - [18/May/2013:04:49:36 +0200] "GET /news.php?cs_go=archiv&cs_id=4178&cs_search= HTTP/1.1" 200 8523 "-" "Mozilla/5.0 (compatible; YandexBot/3.0; +http://yandex.com/bots)"
88.198.55.242 - - [18/May/2013:05:05:21 +0200] "GET / HTTP/1.1" 200 12336 "-" "Mozilla/4.0 (compatible; MSIE 6.0; Windows NT 5.1; SV1; .NET CLR 1.1.4322)"
88.198.55.242 - - [18/May/2013:05:05:21 +0200] "GET /robots.txt HTTP/1.1" 200 177 "-" "libwww-perl/6.03"
88.198.55.242 - - [18/May/2013:05:05:21 +0200] "GET / HTTP/1.1" 200 12336 "-" "Mozilla/4.0 (compatible; MSIE 6.0; Windows NT 5.1; SV1; .NET CLR 1.1.4322)"
88.198.55.242 - - [18/May/2013:05:05:22 +0200] "GET /news.php?cs_go=archiv&cs_id=4190 HTTP/1.1" 200 7766 "http://www.mink-gmbh.de/" "Mozilla/4.0 (compatible; MSIE 6.0; Windows NT 5.1; SV1; .NET CLR 1.1.4322)"
88.198.55.242 - - [18/May/2013:05:05:22 +0200] "GET /lexikon.php HTTP/1.1" 200 8206 "http://www.mink-gmbh.de/news.php?cs_go=archiv&cs_id=4190" "Mozilla/4.0 (compatible; MSIE 6.0; Windows NT 5.1; SV1; .NET CLR 1.1.4322)"
88.198.55.242 - - [18/May/2013:05:05:23 +0200] "GET /lexikon.php?cs_go=2&cs_char=h HTTP/1.1" 200 6455 "http://www.mink-gmbh.de/lexikon.php" "Mozilla/4.0 (compatible; MSIE 6.0; Windows NT 5.1; SV1; .NET CLR 1.1.4322)"
88.198.55.242 - - [18/May/2013:05:05:23 +0200] "GET /lexikon.php?cs_go=2&cs_char=g HTTP/1.1" 200 6781 "http://www.mink-gmbh.de/lexikon.php?cs_go=2&cs_char=h" "Mozilla/4.0 (compatible; MSIE 6.0; Windows NT 5.1; SV1; .NET CLR 1.1.4322)"
88.198.55.242 - - [18/May/2013:05:05:23 +0200] "GET /lexikon.php?cs_go=3&cs_id=84 HTTP/1.1" 200 6010 "http://www.mink-gmbh.de/lexikon.php?cs_go=2&cs_char=g" "Mozilla/4.0 (compatible; MSIE 6.0; Windows NT 5.1; SV1; .NET CLR 1.1.4322)"
88.198.55.242 - - [18/May/2013:05:05:23 +0200] "GET /kontakt.php HTTP/1.1" 200 7046 "http://www.mink-gmbh.de/lexikon.php?cs_go=3&cs_id=84" "Mozilla/4.0 (compatible; MSIE 6.0; Windows NT 5.1; SV1; .NET CLR 1.1.4322)"
88.198.55.242 - - [18/May/2013:05:05:24 +0200] "GET /lexikon.php?cs_go=2&cs_char=a HTTP/1.1" 200 7458 "http://www.mink-gmbh.de/kontakt.php" "Mozilla/4.0 (compatible; MSIE 6.0; Windows NT 5.1; SV1; .NET CLR 1.1.4322)"
88.198.55.242 - - [18/May/2013:05:05:24 +0200] "GET /lexikon.php?cs_go=3&cs_id=3 HTTP/1.1" 200 6140 "http://www.mink-gmbh.de/lexikon.php?cs_go=2&cs_char=a" "Mozilla/4.0 (compatible; MSIE 6.0; Windows NT 5.1; SV1; .NET CLR 1.1.4322)"
88.198.55.242 - - [18/May/2013:05:05:24 +0200] "GET /lexikon.php?cs_go=3&cs_id=13 HTTP/1.1" 200 5717 "http://www.mink-gmbh.de/lexikon.php?cs_go=3&cs_id=3" "Mozilla/4.0 (compatible; MSIE 6.0; Windows NT 5.1; SV1; .NET CLR 1.1.4322)"
88.198.55.242 - - [18/May/2013:05:05:24 +0200] "GET /optiplus.php HTTP/1.1" 200 8760 "http://www.mink-gmbh.de/lexikon.php?cs_go=3&cs_id=13" "Mozilla/4.0 (compatible; MSIE 6.0; Windows NT 5.1; SV1; .NET CLR 1.1.4322)"
88.198.55.242 - - [18/May/2013:05:05:24 +0200] "GET /lexikon.php?cs_go=3&cs_id=4 HTTP/1.1" 200 5844 "http://www.mink-gmbh.de/optiplus.php" "Mozilla/4.0 (compatible; MSIE 6.0; Windows NT 5.1; SV1; .NET CLR 1.1.4322)"
88.198.55.242 - - [18/May/2013:05:05:25 +0200] "GET /kwk.php HTTP/1.1" 200 8539 "http://www.mink-gmbh.de/lexikon.php?cs_go=3&cs_id=4" "Mozilla/4.0 (compatible; MSIE 6.0; Windows NT 5.1; SV1; .NET CLR 1.1.4322)"
88.198.55.242 - - [18/May/2013:05:05:25 +0200] "GET /kwk.php?cs_go=2 HTTP/1.1" 200 9510 "http://www.mink-gmbh.de/kwk.php" "Mozilla/4.0 (compatible; MSIE 6.0; Windows NT 5.1; SV1; .NET CLR 1.1.4322)"
88.198.55.242 - - [18/May/2013:05:05:25 +0200] "GET /lexikon.php?cs_go=2&cs_char=s HTTP/1.1" 200 7723 "http://www.mink-gmbh.de/kwk.php?cs_go=2" "Mozilla/4.0 (compatible; MSIE 6.0; Windows NT 5.1; SV1; .NET CLR 1.1.4322)"
88.198.55.242 - - [18/May/2013:05:05:25 +0200] "GET /lexikon.php?cs_go=3&cs_id=192 HTTP/1.1" 200 6062 "http://www.mink-gmbh.de/lexikon.php?cs_go=2&cs_char=s" "Mozilla/4.0 (compatible; MSIE 6.0; Windows NT 5.1; SV1; .NET CLR 1.1.4322)"
88.198.55.242 - - [18/May/2013:05:05:26 +0200] "GET /lexikon.php?cs_go=3&cs_id=189 HTTP/1.1" 200 5880 "http://www.mink-gmbh.de/lexikon.php?cs_go=3&cs_id=192" "Mozilla/4.0 (compatible; MSIE 6.0; Windows NT 5.1; SV1; .NET CLR 1.1.4322)"
88.198.55.242 - - [18/May/2013:05:05:26 +0200] "GET /lexikon.php?cs_go=3&cs_id=93 HTTP/1.1" 200 5648 "http://www.mink-gmbh.de/lexikon.php?cs_go=3&cs_id=189" "Mozilla/4.0 (compatible; MSIE 6.0; Windows NT 5.1; SV1; .NET CLR 1.1.4322)"
88.198.55.242 - - [18/May/2013:05:05:26 +0200] "GET /lexikon.php?cs_go=3&cs_id=17 HTTP/1.1" 200 6116 "http://www.mink-gmbh.de/lexikon.php?cs_go=3&cs_id=93" "Mozilla/4.0 (compatible; MSIE 6.0; Windows NT 5.1; SV1; .NET CLR 1.1.4322)"
88.198.55.242 - - [18/May/2013:05:05:26 +0200] "GET /lexikon.php?cs_go=3&cs_id=6 HTTP/1.1" 200 5820 "http://www.mink-gmbh.de/lexikon.php?cs_go=3&cs_id=17" "Mozilla/4.0 (compatible; MSIE 6.0; Windows NT 5.1; SV1; .NET CLR 1.1.4322)"
88.198.55.242 - - [18/May/2013:05:05:27 +0200] "GET /lexikon.php?cs_go=2&cs_char=b HTTP/1.1" 200 7385 "http://www.mink-gmbh.de/lexikon.php?cs_go=3&cs_id=6" "Mozilla/4.0 (compatible; MSIE 6.0; Windows NT 5.1; SV1; .NET CLR 1.1.4322)"
88.198.55.242 - - [18/May/2013:05:05:27 +0200] "GET /lexikon.php?cs_go=3&cs_id=34 HTTP/1.1" 200 6021 "http://www.mink-gmbh.de/lexikon.php?cs_go=2&cs_char=b" "Mozilla/4.0 (compatible; MSIE 6.0; Windows NT 5.1; SV1; .NET CLR 1.1.4322)"
88.198.55.242 - - [18/May/2013:05:05:27 +0200] "GET /lexikon.php?cs_go=3&cs_id=26 HTTP/1.1" 200 8463 "http://www.mink-gmbh.de/lexikon.php?cs_go=3&cs_id=34" "Mozilla/4.0 (compatible; MSIE 6.0; Windows NT 5.1; SV1; .NET CLR 1.1.4322)"
88.198.55.242 - - [18/May/2013:05:05:27 +0200] "GET /lexikon.php?cs_go=3&cs_id=29 HTTP/1.1" 200 6009 "http://www.mink-gmbh.de/lexikon.php?cs_go=3&cs_id=26" "Mozilla/4.0 (compatible; MSIE 6.0; Windows NT 5.1; SV1; .NET CLR 1.1.4322)"
88.198.55.242 - - [18/May/2013:05:05:28 +0200] "GET /lexikon.php?cs_go=3&cs_id=185 HTTP/1.1" 200 6001 "http://www.mink-gmbh.de/lexikon.php?cs_go=3&cs_id=29" "Mozilla/4.0 (compatible; MSIE 6.0; Windows NT 5.1; SV1; .NET CLR 1.1.4322)"
88.198.55.242 - - [18/May/2013:05:05:28 +0200] "GET /lexikon.php?cs_go=3&cs_id=95 HTTP/1.1" 200 6389 "http://www.mink-gmbh.de/lexikon.php?cs_go=3&cs_id=185" "Mozilla/4.0 (compatible; MSIE 6.0; Windows NT 5.1; SV1; .NET CLR 1.1.4322)"
88.198.55.242 - - [18/May/2013:05:05:28 +0200] "GET /faq.php HTTP/1.1" 200 181692 "http://www.mink-gmbh.de/lexikon.php?cs_go=3&cs_id=95" "Mozilla/4.0 (compatible; MSIE 6.0; Windows NT 5.1; SV1; .NET CLR 1.1.4322)"
88.198.55.242 - - [18/May/2013:05:05:29 +0200] "GET /lexikon.php?cs_go=3&cs_id=199 HTTP/1.1" 200 5648 "http://www.mink-gmbh.de/faq.php" "Mozilla/4.0 (compatible; MSIE 6.0; Windows NT 5.1; SV1; .NET CLR 1.1.4322)"
88.198.55.242 - - [18/May/2013:05:05:29 +0200] "GET /kwk.php?cs_go=1 HTTP/1.1" 200 8539 "http://www.mink-gmbh.de/lexikon.php?cs_go=3&cs_id=199" "Mozilla/4.0 (compatible; MSIE 6.0; Windows NT 5.1; SV1; .NET CLR 1.1.4322)"
88.198.55.242 - - [18/May/2013:05:05:29 +0200] "GET /lexikon.php?cs_go=2&cs_char=f HTTP/1.1" 200 7250 "http://www.mink-gmbh.de/kwk.php?cs_go=1" "Mozilla/4.0 (compatible; MSIE 6.0; Windows NT 5.1; SV1; .NET CLR 1.1.4322)"
88.198.55.242 - - [18/May/2013:05:05:29 +0200] "GET /lexikon.php?cs_go=2&cs_char=j HTTP/1.1" 200 6265 "http://www.mink-gmbh.de/lexikon.php?cs_go=2&cs_char=f" "Mozilla/4.0 (compatible; MSIE 6.0; Windows NT 5.1; SV1; .NET CLR 1.1.4322)"
88.198.55.242 - - [18/May/2013:05:05:30 +0200] "GET /lexikon.php?cs_go=3&cs_id=11 HTTP/1.1" 200 5826 "http://www.mink-gmbh.de/lexikon.php?cs_go=2&cs_char=j" "Mozilla/4.0 (compatible; MSIE 6.0; Windows NT 5.1; SV1; .NET CLR 1.1.4322)"
88.198.55.242 - - [18/May/2013:05:05:30 +0200] "GET /lexikon.php?cs_go=3&cs_id=183 HTTP/1.1" 200 6219 "http://www.mink-gmbh.de/lexikon.php?cs_go=3&cs_id=11" "Mozilla/4.0 (compatible; MSIE 6.0; Windows NT 5.1; SV1; .NET CLR 1.1.4322)"
88.198.55.242 - - [18/May/2013:05:05:30 +0200] "GET /lexikon.php?cs_go=3&cs_id=196 HTTP/1.1" 200 5946 "http://www.mink-gmbh.de/lexikon.php?cs_go=3&cs_id=183" "Mozilla/4.0 (compatible; MSIE 6.0; Windows NT 5.1; SV1; .NET CLR 1.1.4322)"
88.198.55.242 - - [18/May/2013:05:05:30 +0200] "GET /lexikon.php?cs_go=3&cs_id=86 HTTP/1.1" 200 5908 "http://www.mink-gmbh.de/lexikon.php?cs_go=3&cs_id=196" "Mozilla/4.0 (compatible; MSIE 6.0; Windows NT 5.1; SV1; .NET CLR 1.1.4322)"
88.198.55.242 - - [18/May/2013:05:05:30 +0200] "GET /lexikon.php?cs_go=2&cs_char=d HTTP/1.1" 200 7076 "http://www.mink-gmbh.de/lexikon.php?cs_go=3&cs_id=86" "Mozilla/4.0 (compatible; MSIE 6.0; Windows NT 5.1; SV1; .NET CLR 1.1.4322)"
88.198.55.242 - - [18/May/2013:05:05:31 +0200] "GET /lexikon.php?cs_go=3&cs_id=51 HTTP/1.1" 200 7149 "http://www.mink-gmbh.de/lexikon.php?cs_go=2&cs_char=d" "Mozilla/4.0 (compatible; MSIE 6.0; Windows NT 5.1; SV1; .NET CLR 1.1.4322)"
88.198.55.242 - - [18/May/2013:05:05:31 +0200] "GET /lexikon.php?cs_go=3&cs_id=48 HTTP/1.1" 200 7065 "http://www.mink-gmbh.de/lexikon.php?cs_go=3&cs_id=51" "Mozilla/4.0 (compatible; MSIE 6.0; Windows NT 5.1; SV1; .NET CLR 1.1.4322)"
88.198.55.242 - - [18/May/2013:05:05:31 +0200] "GET /lexikon.php?cs_go=3&cs_id=73 HTTP/1.1" 200 7282 "http://www.mink-gmbh.de/lexikon.php?cs_go=3&cs_id=48" "Mozilla/4.0 (compatible; MSIE 6.0; Windows NT 5.1; SV1; .NET CLR 1.1.4322)"
88.198.55.242 - - [18/May/2013:05:05:31 +0200] "GET /lexikon.php?cs_go=3&cs_id=22 HTTP/1.1" 200 6372 "http://www.mink-gmbh.de/lexikon.php?cs_go=3&cs_id=73" "Mozilla/4.0 (compatible; MSIE 6.0; Windows NT 5.1; SV1; .NET CLR 1.1.4322)"
88.198.55.242 - - [18/May/2013:05:05:32 +0200] "GET /lexikon.php?cs_go=3&cs_id=96 HTTP/1.1" 200 5962 "http://www.mink-gmbh.de/lexikon.php?cs_go=3&cs_id=22" "Mozilla/4.0 (compatible; MSIE 6.0; Windows NT 5.1; SV1; .NET CLR 1.1.4322)"
88.198.55.242 - - [18/May/2013:05:05:32 +0200] "GET /lexikon.php?cs_go=3&cs_id=53 HTTP/1.1" 200 5834 "http://www.mink-gmbh.de/lexikon.php?cs_go=3&cs_id=96" "Mozilla/4.0 (compatible; MSIE 6.0; Windows NT 5.1; SV1; .NET CLR 1.1.4322)"
88.198.55.242 - - [18/May/2013:05:05:32 +0200] "GET /rueckrufservice.php HTTP/1.1" 200 8425 "http://www.mink-gmbh.de/lexikon.php?cs_go=3&cs_id=53" "Mozilla/4.0 (compatible; MSIE 6.0; Windows NT 5.1; SV1; .NET CLR 1.1.4322)"
88.198.55.242 - - [18/May/2013:05:05:32 +0200] "GET /lexikon.php?cs_go=3&cs_id=72 HTTP/1.1" 200 7055 "http://www.mink-gmbh.de/rueckrufservice.php" "Mozilla/4.0 (compatible; MSIE 6.0; Windows NT 5.1; SV1; .NET CLR 1.1.4322)"
88.198.55.242 - - [18/May/2013:05:05:33 +0200] "GET /lexikon.php?cs_go=3&cs_id=14 HTTP/1.1" 200 6200 "http://www.mink-gmbh.de/lexikon.php?cs_go=3&cs_id=72" "Mozilla/4.0 (compatible; MSIE 6.0; Windows NT 5.1; SV1; .NET CLR 1.1.4322)"
88.198.55.242 - - [18/May/2013:05:05:33 +0200] "GET /lexikon.php?cs_go=3&cs_id=81 HTTP/1.1" 200 6075 "http://www.mink-gmbh.de/lexikon.php?cs_go=3&cs_id=14" "Mozilla/4.0 (compatible; MSIE 6.0; Windows NT 5.1; SV1; .NET CLR 1.1.4322)"
88.198.55.242 - - [18/May/2013:05:05:33 +0200] "GET /lexikon.php?cs_go=3&cs_id=191 HTTP/1.1" 200 7017 "http://www.mink-gmbh.de/lexikon.php?cs_go=3&cs_id=81" "Mozilla/4.0 (compatible; MSIE 6.0; Windows NT 5.1; SV1; .NET CLR 1.1.4322)"
88.198.55.242 - - [18/May/2013:05:05:33 +0200] "GET /lexikon.php?cs_go=3&cs_id=5 HTTP/1.1" 200 5843 "http://www.mink-gmbh.de/lexikon.php?cs_go=3&cs_id=191" "Mozilla/4.0 (compatible; MSIE 6.0; Windows NT 5.1; SV1; .NET CLR 1.1.4322)"
88.198.55.242 - - [18/May/2013:05:05:34 +0200] "GET /.php HTTP/1.1" 404 - "http://www.mink-gmbh.de/lexikon.php?cs_go=3&cs_id=5" "Mozilla/4.0 (compatible; MSIE 6.0; Windows NT 5.1; SV1; .NET CLR 1.1.4322)"
88.198.55.242 - - [18/May/2013:05:05:34 +0200] "GET /lexikon.php?cs_go=3&cs_id=8 HTTP/1.1" 200 6882 "http://www.mink-gmbh.de/lexikon.php?cs_go=3&cs_id=5" "Mozilla/4.0 (compatible; MSIE 6.0; Windows NT 5.1; SV1; .NET CLR 1.1.4322)"
88.198.55.242 - - [18/May/2013:05:05:34 +0200] "GET /lexikon.php?cs_go=3&cs_id=83 HTTP/1.1" 200 6090 "http://www.mink-gmbh.de/lexikon.php?cs_go=3&cs_id=8" "Mozilla/4.0 (compatible; MSIE 6.0; Windows NT 5.1; SV1; .NET CLR 1.1.4322)"
88.198.55.242 - - [18/May/2013:05:05:34 +0200] "GET /lexikon.php?cs_go=3&cs_id=88 HTTP/1.1" 200 6471 "http://www.mink-gmbh.de/lexikon.php?cs_go=3&cs_id=83" "Mozilla/4.0 (compatible; MSIE 6.0; Windows NT 5.1; SV1; .NET CLR 1.1.4322)"
88.198.55.242 - - [18/May/2013:05:05:34 +0200] "GET /lexikon.php?cs_go=3&cs_id=76 HTTP/1.1" 200 6178 "http://www.mink-gmbh.de/lexikon.php?cs_go=3&cs_id=88" "Mozilla/4.0 (compatible; MSIE 6.0; Windows NT 5.1; SV1; .NET CLR 1.1.4322)"
88.198.55.242 - - [18/May/2013:05:05:35 +0200] "GET /lexikon.php?cs_go=3&cs_id=66 HTTP/1.1" 200 5654 "http://www.mink-gmbh.de/lexikon.php?cs_go=3&cs_id=76" "Mozilla/4.0 (compatible; MSIE 6.0; Windows NT 5.1; SV1; .NET CLR 1.1.4322)"
88.198.55.242 - - [18/May/2013:05:05:35 +0200] "GET /index.php HTTP/1.1" 200 11593 "http://www.mink-gmbh.de/lexikon.php?cs_go=3&cs_id=66" "Mozilla/4.0 (compatible; MSIE 6.0; Windows NT 5.1; SV1; .NET CLR 1.1.4322)"
88.198.55.242 - - [18/May/2013:05:05:35 +0200] "GET /images/RAL_Guetezeichen_Energiehandel.pdf HTTP/1.1" 200 288367 "http://www.mink-gmbh.de/index.php" "Mozilla/4.0 (compatible; MSIE 6.0; Windows NT 5.1; SV1; .NET CLR 1.1.4322)"
88.198.55.242 - - [18/May/2013:05:05:35 +0200] "GET /lexikon.php?cs_go=3&cs_id=200 HTTP/1.1" 200 7655 "http://www.mink-gmbh.de/images/RAL_Guetezeichen_Energiehandel.pdf" "Mozilla/4.0 (compatible; MSIE 6.0; Windows NT 5.1; SV1; .NET CLR 1.1.4322)"
88.198.55.242 - - [18/May/2013:05:05:36 +0200] "GET /lexikon.php?cs_go=3&cs_id=15 HTTP/1.1" 200 5691 "http://www.mink-gmbh.de/lexikon.php?cs_go=3&cs_id=200" "Mozilla/4.0 (compatible; MSIE 6.0; Windows NT 5.1; SV1; .NET CLR 1.1.4322)"
88.198.55.242 - - [18/May/2013:05:05:36 +0200] "GET /lexikon.php?cs_go=3&cs_id=47 HTTP/1.1" 200 8814 "http://www.mink-gmbh.de/lexikon.php?cs_go=3&cs_id=15" "Mozilla/4.0 (compatible; MSIE 6.0; Windows NT 5.1; SV1; .NET CLR 1.1.4322)"
88.198.55.242 - - [18/May/2013:05:05:36 +0200] "GET /lexikon.php?cs_go=3&cs_id=75 HTTP/1.1" 200 6251 "http://www.mink-gmbh.de/lexikon.php?cs_go=3&cs_id=47" "Mozilla/4.0 (compatible; MSIE 6.0; Windows NT 5.1; SV1; .NET CLR 1.1.4322)"
88.198.55.242 - - [18/May/2013:05:05:36 +0200] "GET /news.php?cs_go=archiv HTTP/1.1" 200 19799 "http://www.mink-gmbh.de/lexikon.php?cs_go=3&cs_id=75" "Mozilla/4.0 (compatible; MSIE 6.0; Windows NT 5.1; SV1; .NET CLR 1.1.4322)"
88.198.55.242 - - [18/May/2013:05:05:37 +0200] "GET /news.php?cs_go=archiv&cs_search=&cs_id=4186 HTTP/1.1" 200 8354 "http://www.mink-gmbh.de/news.php?cs_go=archiv" "Mozilla/4.0 (compatible; MSIE 6.0; Windows NT 5.1; SV1; .NET CLR 1.1.4322)"
