5.9.112.67 - - [16/May/2013:22:09:07 +0200] "GET /news.php?cs_go=archiv&cs_id=4061&cs_search= HTTP/1.1" 200 8074 "-" "Mozilla/5.0 (compatible; SISTRIX Crawler; http://crawler.sistrix.net/)"
5.9.112.67 - - [16/May/2013:22:09:07 +0200] "GET /news.php?cs_go=archiv&cs_id=4005&cs_search= HTTP/1.1" 200 11314 "-" "Mozilla/5.0 (compatible; SISTRIX Crawler; http://crawler.sistrix.net/)"
5.9.112.67 - - [16/May/2013:22:09:08 +0200] "GET /news.php?cs_go=archiv&cs_id=4058&cs_search= HTTP/1.1" 200 7778 "-" "Mozilla/5.0 (compatible; SISTRIX Crawler; http://crawler.sistrix.net/)"
5.9.112.67 - - [16/May/2013:22:09:08 +0200] "GET /news.php?cs_go=archiv&cs_id=4022&cs_search= HTTP/1.1" 200 7956 "-" "Mozilla/5.0 (compatible; SISTRIX Crawler; http://crawler.sistrix.net/)"
5.9.112.67 - - [16/May/2013:22:09:08 +0200] "GET /news.php?cs_go=archiv&cs_id=4062&cs_search= HTTP/1.1" 200 10852 "-" "Mozilla/5.0 (compatible; SISTRIX Crawler; http://crawler.sistrix.net/)"
5.9.112.67 - - [16/May/2013:22:09:08 +0200] "GET /news.php?cs_go=archiv&cs_id=4016&cs_search= HTTP/1.1" 200 7834 "-" "Mozilla/5.0 (compatible; SISTRIX Crawler; http://crawler.sistrix.net/)"
5.9.112.67 - - [16/May/2013:22:09:09 +0200] "GET /news.php?cs_go=archiv&cs_id=4057&cs_search= HTTP/1.1" 200 10953 "-" "Mozilla/5.0 (compatible; SISTRIX Crawler; http://crawler.sistrix.net/)"
5.9.112.67 - - [16/May/2013:22:09:09 +0200] "GET /news.php?cs_go=archiv&cs_id=4006&cs_search= HTTP/1.1" 200 9047 "-" "Mozilla/5.0 (compatible; SISTRIX Crawler; http://crawler.sistrix.net/)"
5.9.112.67 - - [16/May/2013:22:09:09 +0200] "GET /news.php?cs_go=archiv&cs_id=4014&cs_search= HTTP/1.1" 200 11433 "-" "Mozilla/5.0 (compatible; SISTRIX Crawler; http://crawler.sistrix.net/)"
5.9.112.67 - - [16/May/2013:22:09:09 +0200] "GET /news.php?cs_go=archiv&cs_id=4035&cs_search= HTTP/1.1" 200 7534 "-" "Mozilla/5.0 (compatible; SISTRIX Crawler; http://crawler.sistrix.net/)"
5.9.112.67 - - [16/May/2013:22:09:10 +0200] "GET /news.php?cs_go=archiv&cs_id=4059&cs_search= HTTP/1.1" 200 11065 "-" "Mozilla/5.0 (compatible; SISTRIX Crawler; http://crawler.sistrix.net/)"
5.9.112.67 - - [16/May/2013:22:09:10 +0200] "GET /news.php?cs_go=archiv&cs_id=4020&cs_search= HTTP/1.1" 200 8883 "-" "Mozilla/5.0 (compatible; SISTRIX Crawler; http://crawler.sistrix.net/)"
5.9.112.67 - - [16/May/2013:22:09:10 +0200] "GET /news.php?cs_go=archiv&cs_id=4050&cs_search= HTTP/1.1" 200 7895 "-" "Mozilla/5.0 (compatible; SISTRIX Crawler; http://crawler.sistrix.net/)"
5.9.112.67 - - [16/May/2013:22:09:10 +0200] "GET /news.php?cs_go=archiv&cs_id=4034&cs_search= HTTP/1.1" 200 10712 "-" "Mozilla/5.0 (compatible; SISTRIX Crawler; http://crawler.sistrix.net/)"
5.9.112.67 - - [16/May/2013:22:09:11 +0200] "GET /news.php?cs_go=archiv&cs_id=4051&cs_search= HTTP/1.1" 200 11119 "-" "Mozilla/5.0 (compatible; SISTRIX Crawler; http://crawler.sistrix.net/)"
5.9.112.67 - - [16/May/2013:22:09:11 +0200] "GET /news.php?cs_go=archiv&cs_id=4033&cs_search= HTTP/1.1" 200 7680 "-" "Mozilla/5.0 (compatible; SISTRIX Crawler; http://crawler.sistrix.net/)"
5.9.112.67 - - [16/May/2013:22:09:11 +0200] "GET /news.php?cs_go=archiv&cs_id=4040&cs_search= HTTP/1.1" 200 10137 "-" "Mozilla/5.0 (compatible; SISTRIX Crawler; http://crawler.sistrix.net/)"
5.9.112.67 - - [16/May/2013:22:09:11 +0200] "GET /news.php?cs_go=archiv&cs_id=4001&cs_search= HTTP/1.1" 200 9669 "-" "Mozilla/5.0 (compatible; SISTRIX Crawler; http://crawler.sistrix.net/)"
5.9.112.67 - - [16/May/2013:22:09:12 +0200] "GET /news.php?cs_go=archiv&cs_id=4012&cs_search= HTTP/1.1" 200 7752 "-" "Mozilla/5.0 (compatible; SISTRIX Crawler; http://crawler.sistrix.net/)"
5.9.112.67 - - [16/May/2013:22:09:12 +0200] "GET /news.php?cs_go=archiv&cs_id=4007&cs_search= HTTP/1.1" 200 8917 "-" "Mozilla/5.0 (compatible; SISTRIX Crawler; http://crawler.sistrix.net/)"
5.9.112.67 - - [16/May/2013:22:09:12 +0200] "GET /news.php?cs_go=archiv&cs_id=4044&cs_search= HTTP/1.1" 200 13342 "-" "Mozilla/5.0 (compatible; SISTRIX Crawler; http://crawler.sistrix.net/)"
5.9.112.67 - - [16/May/2013:22:09:13 +0200] "GET /news.php?cs_go=archiv&cs_id=4000&cs_search= HTTP/1.1" 200 7704 "-" "Mozilla/5.0 (compatible; SISTRIX Crawler; http://crawler.sistrix.net/)"
5.9.112.67 - - [16/May/2013:22:09:13 +0200] "GET /news.php?cs_go=archiv&cs_id=4060&cs_search= HTTP/1.1" 200 7988 "-" "Mozilla/5.0 (compatible; SISTRIX Crawler; http://crawler.sistrix.net/)"
5.9.112.67 - - [16/May/2013:22:09:13 +0200] "GET /news.php?cs_go=archiv&cs_id=4009&cs_search= HTTP/1.1" 200 8091 "-" "Mozilla/5.0 (compatible; SISTRIX Crawler; http://crawler.sistrix.net/)"
5.9.112.67 - - [16/May/2013:22:09:13 +0200] "GET /news.php?cs_go=archiv&cs_id=4054&cs_search= HTTP/1.1" 200 11031 "-" "Mozilla/5.0 (compatible; SISTRIX Crawler; http://crawler.sistrix.net/)"
5.9.112.67 - - [16/May/2013:22:09:14 +0200] "GET /news.php?cs_go=archiv&cs_id=4028&cs_search= HTTP/1.1" 200 11089 "-" "Mozilla/5.0 (compatible; SISTRIX Crawler; http://crawler.sistrix.net/)"
5.9.112.67 - - [16/May/2013:22:09:14 +0200] "GET /news.php?cs_go=archiv&cs_id=4063&cs_search= HTTP/1.1" 200 8334 "-" "Mozilla/5.0 (compatible; SISTRIX Crawler; http://crawler.sistrix.net/)"
5.9.112.67 - - [16/May/2013:22:09:14 +0200] "GET /news.php?cs_go=archiv&cs_id=4017&cs_search= HTTP/1.1" 200 9309 "-" "Mozilla/5.0 (compatible; SISTRIX Crawler; http://crawler.sistrix.net/)"
5.9.112.67 - - [16/May/2013:22:09:14 +0200] "GET /news.php?cs_go=archiv&cs_id=4056&cs_search= HTTP/1.1" 200 9512 "-" "Mozilla/5.0 (compatible; SISTRIX Crawler; http://crawler.sistrix.net/)"
5.9.112.67 - - [16/May/2013:22:09:15 +0200] "GET /news.php?cs_go=archiv&cs_id=4010&cs_search= HTTP/1.1" 200 11265 "-" "Mozilla/5.0 (compatible; SISTRIX Crawler; http://crawler.sistrix.net/)"
5.9.112.67 - - [16/May/2013:22:09:15 +0200] "GET /news.php?cs_go=archiv&cs_id=4036&cs_search= HTTP/1.1" 200 10790 "-" "Mozilla/5.0 (compatible; SISTRIX Crawler; http://crawler.sistrix.net/)"
5.9.112.67 - - [16/May/2013:22:09:15 +0200] "GET /news.php?cs_go=archiv&cs_id=4032&cs_search= HTTP/1.1" 200 11237 "-" "Mozilla/5.0 (compatible; SISTRIX Crawler; http://crawler.sistrix.net/)"
5.9.112.67 - - [16/May/2013:22:09:15 +0200] "GET /news.php?cs_go=archiv&cs_id=4037&cs_search= HTTP/1.1" 200 7589 "-" "Mozilla/5.0 (compatible; SISTRIX Crawler; http://crawler.sistrix.net/)"
5.9.112.67 - - [16/May/2013:22:09:16 +0200] "GET /news.php?cs_go=archiv&cs_id=4031&cs_search= HTTP/1.1" 200 7994 "-" "Mozilla/5.0 (compatible; SISTRIX Crawler; http://crawler.sistrix.net/)"
5.9.112.67 - - [16/May/2013:22:09:16 +0200] "GET /news.php?cs_go=archiv&cs_id=4047&cs_search= HTTP/1.1" 200 10818 "-" "Mozilla/5.0 (compatible; SISTRIX Crawler; http://crawler.sistrix.net/)"
5.9.112.67 - - [16/May/2013:22:09:16 +0200] "GET /news.php?cs_go=archiv&cs_id=4003&cs_search= HTTP/1.1" 200 8009 "-" "Mozilla/5.0 (compatible; SISTRIX Crawler; http://crawler.sistrix.net/)"
5.9.112.67 - - [16/May/2013:22:09:16 +0200] "GET /news.php?cs_go=archiv&cs_id=4041&cs_search= HTTP/1.1" 200 10801 "-" "Mozilla/5.0 (compatible; SISTRIX Crawler; http://crawler.sistrix.net/)"
5.9.112.67 - - [16/May/2013:22:09:17 +0200] "GET /news.php?cs_go=archiv&cs_id=4024&cs_search= HTTP/1.1" 200 11057 "-" "Mozilla/5.0 (compatible; SISTRIX Crawler; http://crawler.sistrix.net/)"
5.9.112.67 - - [16/May/2013:22:09:17 +0200] "GET /news.php?cs_go=archiv&cs_id=4052&cs_search= HTTP/1.1" 200 10041 "-" "Mozilla/5.0 (compatible; SISTRIX Crawler; http://crawler.sistrix.net/)"
5.9.112.67 - - [16/May/2013:22:09:17 +0200] "GET /news.php?cs_go=archiv&cs_id=4027&cs_search= HTTP/1.1" 200 8040 "-" "Mozilla/5.0 (compatible; SISTRIX Crawler; http://crawler.sistrix.net/)"
5.9.112.67 - - [16/May/2013:22:09:17 +0200] "GET /news.php?cs_go=archiv&cs_id=4013&cs_search= HTTP/1.1" 200 7518 "-" "Mozilla/5.0 (compatible; SISTRIX Crawler; http://crawler.sistrix.net/)"
5.9.112.67 - - [16/May/2013:22:09:18 +0200] "GET /news.php?cs_go=archiv&cs_id=3995&cs_search= HTTP/1.1" 200 8138 "-" "Mozilla/5.0 (compatible; SISTRIX Crawler; http://crawler.sistrix.net/)"
5.9.112.67 - - [16/May/2013:22:09:18 +0200] "GET /news.php?cs_go=archiv&cs_id=4015&cs_search= HTTP/1.1" 200 8087 "-" "Mozilla/5.0 (compatible; SISTRIX Crawler; http://crawler.sistrix.net/)"
5.9.112.67 - - [16/May/2013:22:09:18 +0200] "GET /news.php?cs_go=archiv&cs_id=3996&cs_search= HTTP/1.1" 200 9353 "-" "Mozilla/5.0 (compatible; SISTRIX Crawler; http://crawler.sistrix.net/)"
5.9.112.67 - - [16/May/2013:22:09:18 +0200] "GET /news.php?cs_go=archiv&cs_id=4064&cs_search= HTTP/1.1" 200 11535 "-" "Mozilla/5.0 (compatible; SISTRIX Crawler; http://crawler.sistrix.net/)"
5.9.112.67 - - [16/May/2013:22:09:19 +0200] "GET /news.php?cs_go=archiv&cs_id=4019&cs_search= HTTP/1.1" 200 9339 "-" "Mozilla/5.0 (compatible; SISTRIX Crawler; http://crawler.sistrix.net/)"
5.9.112.67 - - [16/May/2013:22:09:19 +0200] "GET /news.php?cs_go=archiv&cs_id=4039&cs_search= HTTP/1.1" 200 10619 "-" "Mozilla/5.0 (compatible; SISTRIX Crawler; http://crawler.sistrix.net/)"
5.9.112.67 - - [16/May/2013:22:09:19 +0200] "GET /news.php?cs_go=archiv&cs_id=3999&cs_search= HTTP/1.1" 200 9467 "-" "Mozilla/5.0 (compatible; SISTRIX Crawler; http://crawler.sistrix.net/)"
5.9.112.67 - - [16/May/2013:22:09:19 +0200] "GET /news.php?cs_go=archiv&cs_id=4046&cs_search= HTTP/1.1" 200 9963 "-" "Mozilla/5.0 (compatible; SISTRIX Crawler; http://crawler.sistrix.net/)"
5.9.112.67 - - [16/May/2013:22:09:20 +0200] "GET /news.php?cs_go=archiv&cs_id=3997&cs_search= HTTP/1.1" 200 9671 "-" "Mozilla/5.0 (compatible; SISTRIX Crawler; http://crawler.sistrix.net/)"
5.9.112.67 - - [16/May/2013:22:09:20 +0200] "GET /news.php?cs_go=archiv&cs_id=4065&cs_search= HTTP/1.1" 200 7980 "-" "Mozilla/5.0 (compatible; SISTRIX Crawler; http://crawler.sistrix.net/)"
5.9.112.67 - - [16/May/2013:22:09:20 +0200] "GET /news.php?cs_go=archiv&cs_id=4018&cs_search= HTTP/1.1" 200 9168 "-" "Mozilla/5.0 (compatible; SISTRIX Crawler; http://crawler.sistrix.net/)"
5.9.112.67 - - [16/May/2013:22:09:21 +0200] "GET /news.php?cs_go=archiv&cs_id=4045&cs_search= HTTP/1.1" 200 7560 "-" "Mozilla/5.0 (compatible; SISTRIX Crawler; http://crawler.sistrix.net/)"
5.9.112.67 - - [16/May/2013:22:09:21 +0200] "GET /news.php?cs_go=archiv&cs_id=4011&cs_search= HTTP/1.1" 200 8052 "-" "Mozilla/5.0 (compatible; SISTRIX Crawler; http://crawler.sistrix.net/)"
5.9.112.67 - - [16/May/2013:22:09:21 +0200] "GET /news.php?cs_go=archiv&cs_id=4043&cs_search= HTTP/1.1" 200 10953 "-" "Mozilla/5.0 (compatible; SISTRIX Crawler; http://crawler.sistrix.net/)"
5.9.112.67 - - [16/May/2013:22:09:21 +0200] "GET /news.php?cs_go=archiv&cs_id=4025&cs_search= HTTP/1.1" 200 7918 "-" "Mozilla/5.0 (compatible; SISTRIX Crawler; http://crawler.sistrix.net/)"
5.9.112.67 - - [16/May/2013:22:09:22 +0200] "GET /news.php?cs_go=archiv&cs_id=4049&cs_search= HTTP/1.1" 200 10979 "-" "Mozilla/5.0 (compatible; SISTRIX Crawler; http://crawler.sistrix.net/)"
5.9.112.67 - - [16/May/2013:22:09:22 +0200] "GET /news.php?cs_go=archiv&cs_id=3998&cs_search= HTTP/1.1" 200 9539 "-" "Mozilla/5.0 (compatible; SISTRIX Crawler; http://crawler.sistrix.net/)"
5.9.112.67 - - [16/May/2013:22:09:22 +0200] "GET /news.php?cs_go=archiv&cs_id=4053&cs_search= HTTP/1.1" 200 7755 "-" "Mozilla/5.0 (compatible; SISTRIX Crawler; http://crawler.sistrix.net/)"
5.9.112.67 - - [16/May/2013:22:09:23 +0200] "GET /news.php?cs_go=archiv&cs_id=4026&cs_search= HTTP/1.1" 200 11211 "-" "Mozilla/5.0 (compatible; SISTRIX Crawler; http://crawler.sistrix.net/)"
5.9.112.67 - - [16/May/2013:22:09:23 +0200] "GET /news.php?cs_go=archiv&cs_id=4042&cs_search= HTTP/1.1" 200 7851 "-" "Mozilla/5.0 (compatible; SISTRIX Crawler; http://crawler.sistrix.net/)"
5.9.112.67 - - [16/May/2013:22:09:23 +0200] "GET /news.php?cs_go=archiv&cs_id=4023&cs_search= HTTP/1.1" 200 11015 "-" "Mozilla/5.0 (compatible; SISTRIX Crawler; http://crawler.sistrix.net/)"
5.9.112.67 - - [16/May/2013:22:09:23 +0200] "GET /news.php?cs_go=archiv&cs_id=4048&cs_search= HTTP/1.1" 200 7767 "-" "Mozilla/5.0 (compatible; SISTRIX Crawler; http://crawler.sistrix.net/)"
5.9.112.67 - - [16/May/2013:22:09:24 +0200] "GET /news.php?cs_go=archiv&cs_id=4002&cs_search= HTTP/1.1" 200 11250 "-" "Mozilla/5.0 (compatible; SISTRIX Crawler; http://crawler.sistrix.net/)"
5.9.112.67 - - [16/May/2013:22:09:24 +0200] "GET /news.php?cs_go=archiv&cs_id=4038&cs_search= HTTP/1.1" 200 10824 "-" "Mozilla/5.0 (compatible; SISTRIX Crawler; http://crawler.sistrix.net/)"
5.9.112.67 - - [16/May/2013:22:09:24 +0200] "GET /news.php?cs_go=archiv&cs_id=4030&cs_search= HTTP/1.1" 200 10966 "-" "Mozilla/5.0 (compatible; SISTRIX Crawler; http://crawler.sistrix.net/)"
5.9.112.67 - - [16/May/2013:22:09:24 +0200] "GET /news.php?cs_go=archiv&cs_id=4055&cs_search= HTTP/1.1" 200 7836 "-" "Mozilla/5.0 (compatible; SISTRIX Crawler; http://crawler.sistrix.net/)"
5.9.112.67 - - [16/May/2013:22:09:25 +0200] "GET /news.php?cs_go=archiv&cs_id=4029&cs_search= HTTP/1.1" 200 7794 "-" "Mozilla/5.0 (compatible; SISTRIX Crawler; http://crawler.sistrix.net/)"
5.9.112.67 - - [16/May/2013:22:09:25 +0200] "GET /news.php?cs_go=archiv&cs_id=4004&cs_search= HTTP/1.1" 200 10287 "-" "Mozilla/5.0 (compatible; SISTRIX Crawler; http://crawler.sistrix.net/)"
37.58.52.15 - - [16/May/2013:22:19:08 +0200] "GET /preisanfrage.php HTTP/1.0" 200 8583 "-" "Mozilla/5.0 (compatible; AcoonBot/4.11.1; +http://www.acoon.de/robot.asp)"
37.58.52.15 - - [16/May/2013:22:28:55 +0200] "GET /jobs.php HTTP/1.0" 200 5048 "-" "Mozilla/5.0 (compatible; AcoonBot/4.11.1; +http://www.acoon.de/robot.asp)"
141.8.147.12 - - [16/May/2013:22:29:31 +0200] "GET /images/kwk.gif HTTP/1.1" 304 - "-" "Mozilla/5.0 (compatible; YandexImages/3.0; +http://yandex.com/bots)"
37.58.52.15 - - [16/May/2013:22:36:41 +0200] "GET /news.php?cs_go=archiv&cs_id=4184 HTTP/1.0" 200 7646 "-" "Mozilla/5.0 (compatible; AcoonBot/4.11.1; +http://www.acoon.de/robot.asp)"
66.249.75.49 - - [16/May/2013:22:45:03 +0200] "GET /news.php?cs_go=archiv&cs_id=4173 HTTP/1.1" 200 11485 "-" "DoCoMo/2.0 N905i(c100;TB;W24H16) (compatible; Googlebot-Mobile/2.1; +http://www.google.com/bot.html)"
66.249.78.46 - - [16/May/2013:22:50:30 +0200] "GET /news.php?cs_go=archiv&cs_id=4173 HTTP/1.1" 200 11485 "-" "SAMSUNG-SGH-E250/1.0 Profile/MIDP-2.0 Configuration/CLDC-1.1 UP.Browser/6.2.3.3.c.1.101 (GUI) MMP/2.0 (compatible; Googlebot-Mobile/2.1; +http://www.google.com/bot.html)"
37.58.52.15 - - [16/May/2013:22:50:59 +0200] "GET /agb.php HTTP/1.0" 200 17557 "-" "Mozilla/5.0 (compatible; AcoonBot/4.11.1; +http://www.acoon.de/robot.asp)"
213.162.68.47 - - [16/May/2013:23:10:08 +0200] "GET /images/tkw.jpg HTTP/1.1" 200 64031 "-" "Mozilla/5.0 (iPhone; CPU iPhone OS 6_1_2 like Mac OS X) AppleWebKit/536.26 (KHTML, like Gecko) Version/6.0 Mobile/10B146 Safari/8536.25"
213.162.68.47 - - [16/May/2013:23:10:18 +0200] "GET /images/Optiseite.jpg HTTP/1.1" 200 32107 "-" "Mozilla/5.0 (iPhone; CPU iPhone OS 6_1_2 like Mac OS X) AppleWebKit/536.26 (KHTML, like Gecko) Version/6.0 Mobile/10B146 Safari/8536.25"
213.162.68.47 - - [16/May/2013:23:10:29 +0200] "GET /images/freecall.jpg HTTP/1.1" 200 39195 "-" "Mozilla/5.0 (iPhone; CPU iPhone OS 6_1_2 like Mac OS X) AppleWebKit/536.26 (KHTML, like Gecko) Version/6.0 Mobile/10B146 Safari/8536.25"
213.162.68.47 - - [16/May/2013:23:10:29 +0200] "GET /images/kwk.gif HTTP/1.1" 200 6403 "-" "Mozilla/5.0 (iPhone; CPU iPhone OS 6_1_2 like Mac OS X) AppleWebKit/536.26 (KHTML, like Gecko) Version/6.0 Mobile/10B146 Safari/8536.25"
213.162.68.47 - - [16/May/2013:23:10:29 +0200] "GET /images/optiplus.jpg HTTP/1.1" 200 37436 "-" "Mozilla/5.0 (iPhone; CPU iPhone OS 6_1_2 like Mac OS X) AppleWebKit/536.26 (KHTML, like Gecko) Version/6.0 Mobile/10B146 Safari/8536.25"
213.162.68.47 - - [16/May/2013:23:10:29 +0200] "GET /images/logos.jpg HTTP/1.1" 200 15002 "-" "Mozilla/5.0 (iPhone; CPU iPhone OS 6_1_2 like Mac OS X) AppleWebKit/536.26 (KHTML, like Gecko) Version/6.0 Mobile/10B146 Safari/8536.25"
213.162.68.47 - - [16/May/2013:23:10:31 +0200] "GET /images/mail.jpg HTTP/1.1" 200 11165 "-" "Mozilla/5.0 (iPhone; CPU iPhone OS 6_1_2 like Mac OS X) AppleWebKit/536.26 (KHTML, like Gecko) Version/6.0 Mobile/10B146 Safari/8536.25"
141.8.147.12 - - [16/May/2013:23:24:26 +0200] "GET /images/mail.jpg HTTP/1.1" 304 - "-" "Mozilla/5.0 (compatible; YandexImages/3.0; +http://yandex.com/bots)"
37.58.52.15 - - [16/May/2013:23:25:28 +0200] "GET /news.php?cs_go=archiv&cs_id=4185 HTTP/1.0" 200 7892 "-" "Mozilla/5.0 (compatible; AcoonBot/4.11.1; +http://www.acoon.de/robot.asp)"
66.249.78.46 - - [16/May/2013:23:38:44 +0200] "GET /news.php?cs_go=archiv&cs_id=3760 HTTP/1.1" 200 7596 "-" "Mozilla/5.0 (compatible; Googlebot/2.1; +http://www.google.com/bot.html)"
37.58.52.15 - - [16/May/2013:23:44:36 +0200] "GET /news.php HTTP/1.0" 200 19848 "-" "Mozilla/5.0 (compatible; AcoonBot/4.11.1; +http://www.acoon.de/robot.asp)"
66.249.78.46 - - [16/May/2013:23:54:57 +0200] "GET /news.php?cs_go=archiv&cs_id=3376&cs_search= HTTP/1.1" 200 8984 "-" "Mozilla/5.0 (iPhone; U; CPU iPhone OS 4_1 like Mac OS X; en-us) AppleWebKit/532.9 (KHTML, like Gecko) Version/4.0.5 Mobile/8B117 Safari/6531.22.7 (compatible; Googlebot-Mobile/2.1; +http://www.google.com/bot.html)"
66.249.78.46 - - [17/May/2013:00:04:06 +0200] "GET /news.php?cs_go=archiv&cs_id=3759 HTTP/1.1" 200 11113 "-" "Mozilla/5.0 (compatible; Googlebot/2.1; +http://www.google.com/bot.html)"
37.58.52.15 - - [17/May/2013:00:28:26 +0200] "GET /kwk.php HTTP/1.0" 200 8539 "-" "Mozilla/5.0 (compatible; AcoonBot/4.11.1; +http://www.acoon.de/robot.asp)"
37.58.52.15 - - [17/May/2013:00:37:00 +0200] "GET /news.php?cs_go=archiv&cs_id=4186 HTTP/1.0" 200 8354 "-" "Mozilla/5.0 (compatible; AcoonBot/4.11.1; +http://www.acoon.de/robot.asp)"
37.58.52.15 - - [17/May/2013:01:05:38 +0200] "GET /news.php?cs_go=archiv&cs_id=4187 HTTP/1.0" 200 11532 "-" "Mozilla/5.0 (compatible; AcoonBot/4.11.1; +http://www.acoon.de/robot.asp)"
66.249.78.46 - - [17/May/2013:01:08:50 +0200] "GET /wunschpreis.php HTTP/1.1" 200 9932 "-" "Mozilla/5.0 (compatible; Googlebot/2.1; +http://www.google.com/bot.html)"
66.249.78.46 - - [17/May/2013:01:38:52 +0200] "GET /news.php?cs_go=archiv&cs_id=4128 HTTP/1.1" 200 7746 "-" "Mozilla/5.0 (compatible; Googlebot/2.1; +http://www.google.com/bot.html)"
157.55.32.185 - - [17/May/2013:01:54:21 +0200] "GET /robots.txt HTTP/1.1" 200 177 "-" "Mozilla/5.0 (compatible; bingbot/2.0; +http://www.bing.com/bingbot.htm)"
157.55.32.185 - - [17/May/2013:01:55:55 +0200] "GET / HTTP/1.1" 200 12352 "-" "Mozilla/5.0 (compatible; bingbot/2.0; +http://www.bing.com/bingbot.htm)"
208.115.113.91 - - [17/May/2013:01:59:00 +0200] "GET /robots.txt HTTP/1.1" 200 177 "-" "Mozilla/5.0 (compatible; Ezooms/1.0; ezooms.bot@gmail.com)"
66.249.78.46 - - [17/May/2013:02:33:05 +0200] "GET /images/RAL_Guetezeichen_Energiehandel.pdf HTTP/1.1" 200 288367 "-" "Mozilla/5.0 (compatible; Googlebot/2.1; +http://www.google.com/bot.html)"
66.249.78.46 - - [17/May/2013:02:36:08 +0200] "GET /news.php?cs_go=archiv&cs_id=2714 HTTP/1.1" 200 8071 "-" "Mozilla/5.0 (compatible; Googlebot/2.1; +http://www.google.com/bot.html)"
66.249.78.46 - - [17/May/2013:03:07:30 +0200] "GET /news.php?cs_go=archiv&cs_id=4167 HTTP/1.1" 200 10779 "-" "Mozilla/5.0 (iPhone; U; CPU iPhone OS 4_1 like Mac OS X; en-us) AppleWebKit/532.9 (KHTML, like Gecko) Version/4.0.5 Mobile/8B117 Safari/6531.22.7 (compatible; Googlebot-Mobile/2.1; +http://www.google.com/bot.html)"
65.36.241.79 - - [17/May/2013:03:24:42 +0200] "HEAD / HTTP/1.1" 200 - "-" "InternetSeer.com"
130.83.167.153 - - [17/May/2013:04:04:33 +0200] "GET /robots.txt HTTP/1.1" 200 177 "-" "findlinks/2.6 (+http://wortschatz.uni-leipzig.de/findlinks/)"
208.115.113.91 - - [17/May/2013:04:03:48 +0200] "GET /news.php?cs_go=archiv&cs_startpos=60 HTTP/1.1" 200 20492 "-" "Mozilla/5.0 (compatible; Ezooms/1.0; ezooms.bot@gmail.com)"
123.125.71.38 - - [17/May/2013:05:34:32 +0200] "GET / HTTP/1.1" 200 6544 "-" "Mozilla/5.0 (compatible; Baiduspider/2.0; +http://www.baidu.com/search/spider.html)"
220.181.108.118 - - [17/May/2013:05:35:02 +0200] "GET / HTTP/1.1" 200 6544 "-" "Mozilla/5.0 (compatible; Baiduspider/2.0; +http://www.baidu.com/search/spider.html)"
66.249.78.46 - - [17/May/2013:07:11:26 +0200] "GET /news.php?cs_go=archiv HTTP/1.1" 200 19848 "-" "SAMSUNG-SGH-E250/1.0 Profile/MIDP-2.0 Configuration/CLDC-1.1 UP.Browser/6.2.3.3.c.1.101 (GUI) MMP/2.0 (compatible; Googlebot-Mobile/2.1; +http://www.google.com/bot.html)"
130.83.167.153 - - [17/May/2013:08:13:36 +0200] "GET /foerdermittel.php HTTP/1.1" 200 4884 "-" "findlinks/2.6 (+http://wortschatz.uni-leipzig.de/findlinks/)"
130.83.167.153 - - [17/May/2013:08:13:36 +0200] "GET /foerdermittel.php HTTP/1.1" 200 10563 "-" "findlinks/2.6 (+http://wortschatz.uni-leipzig.de/findlinks/)"
37.58.52.15 - - [17/May/2013:08:16:32 +0200] "GET /robots.txt HTTP/1.0" 200 177 "-" "Mozilla/5.0 (compatible; AcoonBot/4.11.1; +http://www.acoon.de/robot.asp)"
37.58.52.15 - - [17/May/2013:08:16:33 +0200] "GET /news.php?cs_go=archiv&cs_id=4181&cs_search= HTTP/1.0" 200 8918 "-" "Mozilla/5.0 (compatible; AcoonBot/4.11.1; +http://www.acoon.de/robot.asp)"
65.36.241.79 - - [17/May/2013:08:34:52 +0200] "HEAD / HTTP/1.1" 200 - "-" "InternetSeer.com"
37.58.52.15 - - [17/May/2013:08:39:38 +0200] "GET /faq.php HTTP/1.0" 200 181692 "-" "Mozilla/5.0 (compatible; AcoonBot/4.11.1; +http://www.acoon.de/robot.asp)"
37.58.52.15 - - [17/May/2013:08:46:15 +0200] "GET /wunschpreis.php HTTP/1.0" 200 9932 "-" "Mozilla/5.0 (compatible; AcoonBot/4.11.1; +http://www.acoon.de/robot.asp)"
37.58.52.15 - - [17/May/2013:08:55:10 +0200] "GET /news.php?cs_go=archiv&cs_id=4186&cs_search= HTTP/1.0" 200 8354 "-" "Mozilla/5.0 (compatible; AcoonBot/4.11.1; +http://www.acoon.de/robot.asp)"
37.58.52.15 - - [17/May/2013:09:05:59 +0200] "GET /news.php?cs_go=archiv&cs_startpos=0 HTTP/1.0" 200 19885 "-" "Mozilla/5.0 (compatible; AcoonBot/4.11.1; +http://www.acoon.de/robot.asp)"
141.8.147.12 - - [17/May/2013:09:14:04 +0200] "GET /robots.txt HTTP/1.1" 200 177 "-" "Mozilla/5.0 (compatible; YandexBot/3.0; +http://yandex.com/bots)"
141.8.147.12 - - [17/May/2013:09:14:06 +0200] "GET /images/mail.jpg HTTP/1.1" 304 - "-" "Mozilla/5.0 (compatible; YandexImages/3.0; +http://yandex.com/bots)"
37.58.52.15 - - [17/May/2013:09:14:42 +0200] "GET /edl.php HTTP/1.0" 200 8456 "-" "Mozilla/5.0 (compatible; AcoonBot/4.11.1; +http://www.acoon.de/robot.asp)"
66.249.78.46 - - [17/May/2013:09:30:35 +0200] "GET /news.php?cs_go=archiv&cs_id=4174&cs_search= HTTP/1.1" 200 7684 "-" "Mozilla/5.0 (iPhone; U; CPU iPhone OS 4_1 like Mac OS X; en-us) AppleWebKit/532.9 (KHTML, like Gecko) Version/4.0.5 Mobile/8B117 Safari/6531.22.7 (compatible; Googlebot-Mobile/2.1; +http://www.google.com/bot.html)"
37.58.52.15 - - [17/May/2013:09:47:48 +0200] "GET /news.php?cs_go=archiv&cs_id=4183&cs_search= HTTP/1.0" 200 11530 "-" "Mozilla/5.0 (compatible; AcoonBot/4.11.1; +http://www.acoon.de/robot.asp)"
208.115.113.91 - - [17/May/2013:09:50:51 +0200] "GET /robots.txt HTTP/1.1" 200 177 "-" "Mozilla/5.0 (compatible; Ezooms/1.0; ezooms.bot@gmail.com)"
37.58.52.15 - - [17/May/2013:09:57:51 +0200] "GET /index.php HTTP/1.0" 200 12360 "-" "Mozilla/5.0 (compatible; AcoonBot/4.11.1; +http://www.acoon.de/robot.asp)"
37.58.52.15 - - [17/May/2013:10:07:47 +0200] "GET /news.php?cs_go=archiv&cs_id=4178&cs_search= HTTP/1.0" 200 8523 "-" "Mozilla/5.0 (compatible; AcoonBot/4.11.1; +http://www.acoon.de/robot.asp)"
37.58.52.15 - - [17/May/2013:10:12:05 +0200] "GET /foerdermittel.php HTTP/1.0" 200 10563 "-" "Mozilla/5.0 (compatible; AcoonBot/4.11.1; +http://www.acoon.de/robot.asp)"
66.249.78.46 - - [17/May/2013:10:41:16 +0200] "GET /news.php?cs_go=archiv&cs_id=3393&cs_search= HTTP/1.1" 200 7575 "-" "Mozilla/5.0 (iPhone; U; CPU iPhone OS 4_1 like Mac OS X; en-us) AppleWebKit/532.9 (KHTML, like Gecko) Version/4.0.5 Mobile/8B117 Safari/6531.22.7 (compatible; Googlebot-Mobile/2.1; +http://www.google.com/bot.html)"
37.58.52.15 - - [17/May/2013:10:49:13 +0200] "GET /energiesparcheck.php HTTP/1.0" 200 11236 "-" "Mozilla/5.0 (compatible; AcoonBot/4.11.1; +http://www.acoon.de/robot.asp)"
173.192.235.226 - - [17/May/2013:11:01:11 +0200] "GET /robots.txt HTTP/1.1" 200 177 "-" "Mozilla/5.0 (compatible; SiteExplorer/1.0b; +http://siteexplorer.info/)"
173.192.235.226 - - [17/May/2013:11:01:15 +0200] "GET /news.php?cs_go=archiv&cs_id=4167&cs_search= HTTP/1.1" 200 19919 "-" "Mozilla/5.0 (compatible; SiteExplorer/1.0b; +http://siteexplorer.info/)"
173.192.235.226 - - [17/May/2013:11:01:26 +0200] "GET /news.php?cs_go=archiv&cs_id=4163&cs_search= HTTP/1.1" 200 19919 "-" "Mozilla/5.0 (compatible; SiteExplorer/1.0b; +http://siteexplorer.info/)"
173.192.235.226 - - [17/May/2013:11:01:36 +0200] "GET /news.php?cs_go=archiv&cs_id=4162&cs_search= HTTP/1.1" 200 19919 "-" "Mozilla/5.0 (compatible; SiteExplorer/1.0b; +http://siteexplorer.info/)"
173.192.235.226 - - [17/May/2013:11:01:46 +0200] "GET /news.php?cs_go=archiv&cs_id=4159&cs_search= HTTP/1.1" 200 19919 "-" "Mozilla/5.0 (compatible; SiteExplorer/1.0b; +http://siteexplorer.info/)"
173.192.235.226 - - [17/May/2013:11:01:57 +0200] "GET /news.php HTTP/1.1" 200 19919 "-" "Mozilla/5.0 (compatible; SiteExplorer/1.0b; +http://siteexplorer.info/)"
173.192.235.226 - - [17/May/2013:11:02:08 +0200] "GET /modernisierung.php HTTP/1.1" 200 9233 "-" "Mozilla/5.0 (compatible; SiteExplorer/1.0b; +http://siteexplorer.info/)"
173.192.235.226 - - [17/May/2013:11:02:18 +0200] "GET /lexikon.php HTTP/1.1" 200 8206 "-" "Mozilla/5.0 (compatible; SiteExplorer/1.0b; +http://siteexplorer.info/)"
173.192.235.226 - - [17/May/2013:11:02:28 +0200] "GET /kwk.php HTTP/1.1" 200 8539 "-" "Mozilla/5.0 (compatible; SiteExplorer/1.0b; +http://siteexplorer.info/)"
173.192.235.226 - - [17/May/2013:11:02:38 +0200] "GET /kontakt.php HTTP/1.1" 200 7046 "-" "Mozilla/5.0 (compatible; SiteExplorer/1.0b; +http://siteexplorer.info/)"
173.192.235.226 - - [17/May/2013:11:02:48 +0200] "GET /jobs.php HTTP/1.1" 200 5048 "-" "Mozilla/5.0 (compatible; SiteExplorer/1.0b; +http://siteexplorer.info/)"
173.192.235.226 - - [17/May/2013:11:02:58 +0200] "GET /index.php HTTP/1.1" 200 12360 "-" "Mozilla/5.0 (compatible; SiteExplorer/1.0b; +http://siteexplorer.info/)"
173.192.235.226 - - [17/May/2013:11:03:08 +0200] "GET /faq.php HTTP/1.1" 200 181692 "-" "Mozilla/5.0 (compatible; SiteExplorer/1.0b; +http://siteexplorer.info/)"
173.192.235.226 - - [17/May/2013:11:03:19 +0200] "GET /energiesparcheck.php HTTP/1.1" 200 11236 "-" "Mozilla/5.0 (compatible; SiteExplorer/1.0b; +http://siteexplorer.info/)"
173.192.235.226 - - [17/May/2013:11:03:29 +0200] "GET /edl.php HTTP/1.1" 200 8456 "-" "Mozilla/5.0 (compatible; SiteExplorer/1.0b; +http://siteexplorer.info/)"
173.192.235.226 - - [17/May/2013:11:03:39 +0200] "GET /agb.php HTTP/1.1" 200 17557 "-" "Mozilla/5.0 (compatible; SiteExplorer/1.0b; +http://siteexplorer.info/)"
173.192.235.226 - - [17/May/2013:11:03:49 +0200] "GET /news.php?cs_go=archiv&cs_id=4171 HTTP/1.1" 200 19919 "-" "Mozilla/5.0 (compatible; SiteExplorer/1.0b; +http://siteexplorer.info/)"
173.192.235.226 - - [17/May/2013:11:03:59 +0200] "GET /news.php?cs_go=archiv&cs_id=4168 HTTP/1.1" 200 19919 "-" "Mozilla/5.0 (compatible; SiteExplorer/1.0b; +http://siteexplorer.info/)"
173.192.235.226 - - [17/May/2013:11:04:09 +0200] "GET /news.php?cs_go=archiv&cs_id=4167 HTTP/1.1" 200 19919 "-" "Mozilla/5.0 (compatible; SiteExplorer/1.0b; +http://siteexplorer.info/)"
173.192.235.226 - - [17/May/2013:11:04:20 +0200] "GET /news.php?cs_go=archiv HTTP/1.1" 200 19919 "-" "Mozilla/5.0 (compatible; SiteExplorer/1.0b; +http://siteexplorer.info/)"
173.192.235.226 - - [17/May/2013:11:04:30 +0200] "GET / HTTP/1.1" 200 12360 "-" "Mozilla/5.0 (compatible; SiteExplorer/1.0b; +http://siteexplorer.info/)"
37.58.52.15 - - [17/May/2013:11:09:13 +0200] "GET /news.php?cs_go=archiv&cs_startpos=20 HTTP/1.0" 200 20305 "-" "Mozilla/5.0 (compatible; AcoonBot/4.11.1; +http://www.acoon.de/robot.asp)"
66.249.78.46 - - [17/May/2013:11:21:51 +0200] "GET /news.php?cs_go=archiv&cs_id=3876&cs_search= HTTP/1.1" 200 11321 "-" "Mozilla/5.0 (compatible; Googlebot/2.1; +http://www.google.com/bot.html)"
141.8.147.12 - - [17/May/2013:11:27:39 +0200] "GET /images/kwk.gif HTTP/1.1" 304 - "-" "Mozilla/5.0 (compatible; YandexImages/3.0; +http://yandex.com/bots)"
37.58.52.15 - - [17/May/2013:11:29:20 +0200] "GET /news.php?cs_go=archiv&cs_startpos=40 HTTP/1.0" 200 20290 "-" "Mozilla/5.0 (compatible; AcoonBot/4.11.1; +http://www.acoon.de/robot.asp)"
208.115.111.75 - - [17/May/2013:11:32:24 +0200] "GET /robots.txt HTTP/1.1" 200 177 "-" "Mozilla/5.0 (compatible; Ezooms/1.0; ezooms.bot@gmail.com)"
66.249.75.49 - - [17/May/2013:11:38:53 +0200] "GET /impressum.php HTTP/1.1" 200 6397 "-" "DoCoMo/2.0 N905i(c100;TB;W24H16) (compatible; Googlebot-Mobile/2.1; +http://www.google.com/bot.html)"
37.58.52.15 - - [17/May/2013:11:48:32 +0200] "GET /modernisierung.php HTTP/1.0" 200 9233 "-" "Mozilla/5.0 (compatible; AcoonBot/4.11.1; +http://www.acoon.de/robot.asp)"
208.115.113.91 - - [17/May/2013:11:50:43 +0200] "GET /news.php?cs_go=archiv&cs_id=4040&cs_search= HTTP/1.1" 200 10137 "-" "Mozilla/5.0 (compatible; Ezooms/1.0; ezooms.bot@gmail.com)"
37.58.52.15 - - [17/May/2013:12:08:24 +0200] "GET /news.php?cs_go=archiv&cs_id=4179&cs_search= HTTP/1.0" 200 11647 "-" "Mozilla/5.0 (compatible; AcoonBot/4.11.1; +http://www.acoon.de/robot.asp)"
37.58.52.15 - - [17/May/2013:12:13:08 +0200] "GET /.php HTTP/1.0" 404 - "-" "Mozilla/5.0 (compatible; AcoonBot/4.11.1; +http://www.acoon.de/robot.asp)"
130.83.167.153 - - [17/May/2013:12:18:23 +0200] "GET /.php HTTP/1.1" 404 - "-" "findlinks/2.6 (+http://wortschatz.uni-leipzig.de/findlinks/)"
141.8.147.12 - - [17/May/2013:12:39:03 +0200] "GET /images/logos.jpg HTTP/1.1" 304 - "-" "Mozilla/5.0 (compatible; YandexImages/3.0; +http://yandex.com/bots)"
37.58.52.15 - - [17/May/2013:12:40:04 +0200] "GET /news.php?cs_go=archiv&cs_id=4177&cs_search= HTTP/1.0" 200 7654 "-" "Mozilla/5.0 (compatible; AcoonBot/4.11.1; +http://www.acoon.de/robot.asp)"
123.125.71.85 - - [17/May/2013:13:06:18 +0200] "GET /robots.txt HTTP/1.1" 200 177 "-" "Mozilla/5.0 (Windows NT 5.1; rv:6.0.2) Gecko/20100101 Firefox/6.0.2"
217.6.142.41 - - [17/May/2013:13:10:11 +0200] "GET /style.css HTTP/1.1" 200 8418 "http://www.mink-gmbh.de/" "Mozilla/5.0 (Macintosh; Intel Mac OS X 10_8_2) AppleWebKit/536.26.17 (KHTML, like Gecko) Version/6.0.2 Safari/536.26.17"
217.6.142.41 - - [17/May/2013:13:10:11 +0200] "GET /modul.css HTTP/1.1" 200 35038 "http://www.mink-gmbh.de/" "Mozilla/5.0 (Macintosh; Intel Mac OS X 10_8_2) AppleWebKit/536.26.17 (KHTML, like Gecko) Version/6.0.2 Safari/536.26.17"
217.6.142.41 - - [17/May/2013:13:10:12 +0200] "GET /js_contentserver24_greybox/AJS.js HTTP/1.1" 200 10396 "http://www.mink-gmbh.de/" "Mozilla/5.0 (Macintosh; Intel Mac OS X 10_8_2) AppleWebKit/536.26.17 (KHTML, like Gecko) Version/6.0.2 Safari/536.26.17"
217.6.142.41 - - [17/May/2013:13:10:12 +0200] "GET /js_contentserver24_greybox/gb_scripts.js HTTP/1.1" 200 11913 "http://www.mink-gmbh.de/" "Mozilla/5.0 (Macintosh; Intel Mac OS X 10_8_2) AppleWebKit/536.26.17 (KHTML, like Gecko) Version/6.0.2 Safari/536.26.17"
217.6.142.41 - - [17/May/2013:13:10:12 +0200] "GET /js_contentserver24_greybox/AJS_fx.js HTTP/1.1" 200 3192 "http://www.mink-gmbh.de/" "Mozilla/5.0 (Macintosh; Intel Mac OS X 10_8_2) AppleWebKit/536.26.17 (KHTML, like Gecko) Version/6.0.2 Safari/536.26.17"
217.6.142.41 - - [17/May/2013:13:10:12 +0200] "GET /js_contentserver24_greybox/gb_styles.css HTTP/1.1" 200 2302 "http://www.mink-gmbh.de/" "Mozilla/5.0 (Macintosh; Intel Mac OS X 10_8_2) AppleWebKit/536.26.17 (KHTML, like Gecko) Version/6.0.2 Safari/536.26.17"
217.6.142.41 - - [17/May/2013:13:10:12 +0200] "GET /images/bg.jpg HTTP/1.1" 200 345 "http://www.mink-gmbh.de/" "Mozilla/5.0 (Macintosh; Intel Mac OS X 10_8_2) AppleWebKit/536.26.17 (KHTML, like Gecko) Version/6.0.2 Safari/536.26.17"
217.6.142.41 - - [17/May/2013:13:10:12 +0200] "GET /js_contentserver24_greybox/w_close.gif HTTP/1.1" 200 74 "http://www.mink-gmbh.de/" "Mozilla/5.0 (Macintosh; Intel Mac OS X 10_8_2) AppleWebKit/536.26.17 (KHTML, like Gecko) Version/6.0.2 Safari/536.26.17"
217.6.142.41 - - [17/May/2013:13:10:12 +0200] "GET /images/close.png HTTP/1.1" 200 703 "http://www.mink-gmbh.de/" "Mozilla/5.0 (Macintosh; Intel Mac OS X 10_8_2) AppleWebKit/536.26.17 (KHTML, like Gecko) Version/6.0.2 Safari/536.26.17"
217.6.142.41 - - [17/May/2013:13:10:12 +0200] "GET /images/newsletter_bg.jpg HTTP/1.1" 200 33610 "http://www.mink-gmbh.de/" "Mozilla/5.0 (Macintosh; Intel Mac OS X 10_8_2) AppleWebKit/536.26.17 (KHTML, like Gecko) Version/6.0.2 Safari/536.26.17"
217.6.142.41 - - [17/May/2013:13:10:12 +0200] "GET /images/newsletter.png HTTP/1.1" 200 14619 "http://www.mink-gmbh.de/" "Mozilla/5.0 (Macintosh; Intel Mac OS X 10_8_2) AppleWebKit/536.26.17 (KHTML, like Gecko) Version/6.0.2 Safari/536.26.17"
217.6.142.41 - - [17/May/2013:13:10:12 +0200] "GET /images/header.jpg HTTP/1.1" 200 40733 "http://www.mink-gmbh.de/" "Mozilla/5.0 (Macintosh; Intel Mac OS X 10_8_2) AppleWebKit/536.26.17 (KHTML, like Gecko) Version/6.0.2 Safari/536.26.17"
217.6.142.41 - - [17/May/2013:13:10:12 +0200] "GET /images/wrapperbg.jpg HTTP/1.1" 200 27465 "http://www.mink-gmbh.de/" "Mozilla/5.0 (Macintosh; Intel Mac OS X 10_8_2) AppleWebKit/536.26.17 (KHTML, like Gecko) Version/6.0.2 Safari/536.26.17"
217.6.142.41 - - [17/May/2013:13:10:12 +0200] "GET /images/navibg.png HTTP/1.1" 200 2803 "http://www.mink-gmbh.de/" "Mozilla/5.0 (Macintosh; Intel Mac OS X 10_8_2) AppleWebKit/536.26.17 (KHTML, like Gecko) Version/6.0.2 Safari/536.26.17"
217.6.142.41 - - [17/May/2013:13:10:12 +0200] "GET /images/steigend.png HTTP/1.1" 200 688 "http://www.mink-gmbh.de/" "Mozilla/5.0 (Macintosh; Intel Mac OS X 10_8_2) AppleWebKit/536.26.17 (KHTML, like Gecko) Version/6.0.2 Safari/536.26.17"
217.6.142.41 - - [17/May/2013:13:10:12 +0200] "GET /images/fallend.png HTTP/1.1" 200 713 "http://www.mink-gmbh.de/" "Mozilla/5.0 (Macintosh; Intel Mac OS X 10_8_2) AppleWebKit/536.26.17 (KHTML, like Gecko) Version/6.0.2 Safari/536.26.17"
217.6.142.41 - - [17/May/2013:13:10:11 +0200] "GET / HTTP/1.1" 200 12332 "-" "Mozilla/5.0 (Macintosh; Intel Mac OS X 10_8_2) AppleWebKit/536.26.17 (KHTML, like Gecko) Version/6.0.2 Safari/536.26.17"
217.6.142.41 - - [17/May/2013:13:10:12 +0200] "GET /images/tkw.jpg HTTP/1.1" 200 64031 "http://www.mink-gmbh.de/" "Mozilla/5.0 (Macintosh; Intel Mac OS X 10_8_2) AppleWebKit/536.26.17 (KHTML, like Gecko) Version/6.0.2 Safari/536.26.17"
217.6.142.41 - - [17/May/2013:13:10:12 +0200] "GET /images/freecall.jpg HTTP/1.1" 200 39195 "http://www.mink-gmbh.de/" "Mozilla/5.0 (Macintosh; Intel Mac OS X 10_8_2) AppleWebKit/536.26.17 (KHTML, like Gecko) Version/6.0.2 Safari/536.26.17"
217.6.142.41 - - [17/May/2013:13:10:12 +0200] "GET /images/newsletter.jpg HTTP/1.1" 200 13130 "http://www.mink-gmbh.de/" "Mozilla/5.0 (Macintosh; Intel Mac OS X 10_8_2) AppleWebKit/536.26.17 (KHTML, like Gecko) Version/6.0.2 Safari/536.26.17"
217.6.142.41 - - [17/May/2013:13:10:12 +0200] "GET /images/mobil.jpg HTTP/1.1" 200 25293 "http://www.mink-gmbh.de/" "Mozilla/5.0 (Macintosh; Intel Mac OS X 10_8_2) AppleWebKit/536.26.17 (KHTML, like Gecko) Version/6.0.2 Safari/536.26.17"
217.6.142.41 - - [17/May/2013:13:10:12 +0200] "GET /images/mail.jpg HTTP/1.1" 200 11165 "http://www.mink-gmbh.de/" "Mozilla/5.0 (Macintosh; Intel Mac OS X 10_8_2) AppleWebKit/536.26.17 (KHTML, like Gecko) Version/6.0.2 Safari/536.26.17"
217.6.142.41 - - [17/May/2013:13:10:12 +0200] "GET /images/team-energie.png HTTP/1.1" 200 17383 "http://www.mink-gmbh.de/" "Mozilla/5.0 (Macintosh; Intel Mac OS X 10_8_2) AppleWebKit/536.26.17 (KHTML, like Gecko) Version/6.0.2 Safari/536.26.17"
217.6.142.41 - - [17/May/2013:13:10:12 +0200] "GET /js_contentserver24_greybox/loader_frame.html?s=0 HTTP/1.1" 200 2084 "http://www.mink-gmbh.de/" "Mozilla/5.0 (Macintosh; Intel Mac OS X 10_8_2) AppleWebKit/536.26.17 (KHTML, like Gecko) Version/6.0.2 Safari/536.26.17"
217.6.142.41 - - [17/May/2013:13:10:12 +0200] "GET /images/kwk.gif HTTP/1.1" 200 6403 "http://www.mink-gmbh.de/" "Mozilla/5.0 (Macintosh; Intel Mac OS X 10_8_2) AppleWebKit/536.26.17 (KHTML, like Gecko) Version/6.0.2 Safari/536.26.17"
217.6.142.41 - - [17/May/2013:13:10:12 +0200] "GET /images/logos.jpg HTTP/1.1" 200 15002 "http://www.mink-gmbh.de/" "Mozilla/5.0 (Macintosh; Intel Mac OS X 10_8_2) AppleWebKit/536.26.17 (KHTML, like Gecko) Version/6.0.2 Safari/536.26.17"
217.6.142.41 - - [17/May/2013:13:10:12 +0200] "GET /images/wunschpreis.jpg HTTP/1.1" 200 16767 "http://www.mink-gmbh.de/" "Mozilla/5.0 (Macintosh; Intel Mac OS X 10_8_2) AppleWebKit/536.26.17 (KHTML, like Gecko) Version/6.0.2 Safari/536.26.17"
217.6.142.41 - - [17/May/2013:13:10:12 +0200] "GET /images/footerbg.jpg HTTP/1.1" 200 2184 "http://www.mink-gmbh.de/" "Mozilla/5.0 (Macintosh; Intel Mac OS X 10_8_2) AppleWebKit/536.26.17 (KHTML, like Gecko) Version/6.0.2 Safari/536.26.17"
217.6.142.41 - - [17/May/2013:13:10:12 +0200] "GET /js_contentserver24_greybox/header_bg.gif HTTP/1.1" 200 1188 "http://www.mink-gmbh.de/" "Mozilla/5.0 (Macintosh; Intel Mac OS X 10_8_2) AppleWebKit/536.26.17 (KHTML, like Gecko) Version/6.0.2 Safari/536.26.17"
217.6.142.41 - - [17/May/2013:13:10:12 +0200] "GET /js_contentserver24_greybox/indicator.gif HTTP/1.1" 200 8238 "http://www.mink-gmbh.de/js_contentserver24_greybox/loader_frame.html?s=0" "Mozilla/5.0 (Macintosh; Intel Mac OS X 10_8_2) AppleWebKit/536.26.17 (KHTML, like Gecko) Version/6.0.2 Safari/536.26.17"
217.6.142.41 - - [17/May/2013:13:10:12 +0200] "GET /js_contentserver24_greybox/g_close.gif HTTP/1.1" 200 541 "http://www.mink-gmbh.de/" "Mozilla/5.0 (Macintosh; Intel Mac OS X 10_8_2) AppleWebKit/536.26.17 (KHTML, like Gecko) Version/6.0.2 Safari/536.26.17"
217.6.142.41 - - [17/May/2013:13:13:19 +0200] "GET /standard.php HTTP/1.1" 200 6878 "http://www.mink-gmbh.de/" "Mozilla/5.0 (Macintosh; Intel Mac OS X 10_8_2) AppleWebKit/536.26.17 (KHTML, like Gecko) Version/6.0.2 Safari/536.26.17"
217.6.142.41 - - [17/May/2013:13:13:31 +0200] "GET /optiplus.php HTTP/1.1" 200 8760 "http://www.mink-gmbh.de/standard.php" "Mozilla/5.0 (Macintosh; Intel Mac OS X 10_8_2) AppleWebKit/536.26.17 (KHTML, like Gecko) Version/6.0.2 Safari/536.26.17"
217.6.142.41 - - [17/May/2013:13:13:31 +0200] "GET /images/optiplus.jpg HTTP/1.1" 200 37436 "http://www.mink-gmbh.de/optiplus.php" "Mozilla/5.0 (Macintosh; Intel Mac OS X 10_8_2) AppleWebKit/536.26.17 (KHTML, like Gecko) Version/6.0.2 Safari/536.26.17"
217.6.142.41 - - [17/May/2013:13:13:31 +0200] "GET /images/Optiseite.jpg HTTP/1.1" 200 32107 "http://www.mink-gmbh.de/optiplus.php" "Mozilla/5.0 (Macintosh; Intel Mac OS X 10_8_2) AppleWebKit/536.26.17 (KHTML, like Gecko) Version/6.0.2 Safari/536.26.17"
217.6.142.41 - - [17/May/2013:13:13:33 +0200] "GET /diesel.php HTTP/1.1" 200 8299 "http://www.mink-gmbh.de/optiplus.php" "Mozilla/5.0 (Macintosh; Intel Mac OS X 10_8_2) AppleWebKit/536.26.17 (KHTML, like Gecko) Version/6.0.2 Safari/536.26.17"
217.6.142.41 - - [17/May/2013:13:13:34 +0200] "GET /additive.php HTTP/1.1" 200 6033 "http://www.mink-gmbh.de/diesel.php" "Mozilla/5.0 (Macintosh; Intel Mac OS X 10_8_2) AppleWebKit/536.26.17 (KHTML, like Gecko) Version/6.0.2 Safari/536.26.17"
217.6.142.41 - - [17/May/2013:13:13:35 +0200] "GET /wunschpreis.php HTTP/1.1" 200 9932 "http://www.mink-gmbh.de/additive.php" "Mozilla/5.0 (Macintosh; Intel Mac OS X 10_8_2) AppleWebKit/536.26.17 (KHTML, like Gecko) Version/6.0.2 Safari/536.26.17"
217.6.142.41 - - [17/May/2013:13:13:36 +0200] "GET /preisanfrage.php HTTP/1.1" 200 8583 "http://www.mink-gmbh.de/wunschpreis.php" "Mozilla/5.0 (Macintosh; Intel Mac OS X 10_8_2) AppleWebKit/536.26.17 (KHTML, like Gecko) Version/6.0.2 Safari/536.26.17"
217.6.142.41 - - [17/May/2013:13:13:38 +0200] "GET /news.php HTTP/1.1" 200 19803 "http://www.mink-gmbh.de/preisanfrage.php" "Mozilla/5.0 (Macintosh; Intel Mac OS X 10_8_2) AppleWebKit/536.26.17 (KHTML, like Gecko) Version/6.0.2 Safari/536.26.17"
217.6.142.41 - - [17/May/2013:13:13:40 +0200] "GET /kontakt.php HTTP/1.1" 200 7046 "http://www.mink-gmbh.de/news.php" "Mozilla/5.0 (Macintosh; Intel Mac OS X 10_8_2) AppleWebKit/536.26.17 (KHTML, like Gecko) Version/6.0.2 Safari/536.26.17"
217.6.142.41 - - [17/May/2013:13:13:42 +0200] "GET /news.php HTTP/1.1" 200 19803 "http://www.mink-gmbh.de/kontakt.php" "Mozilla/5.0 (Macintosh; Intel Mac OS X 10_8_2) AppleWebKit/536.26.17 (KHTML, like Gecko) Version/6.0.2 Safari/536.26.17"
217.6.142.41 - - [17/May/2013:13:13:43 +0200] "GET /impressum.php HTTP/1.1" 200 6397 "http://www.mink-gmbh.de/news.php" "Mozilla/5.0 (Macintosh; Intel Mac OS X 10_8_2) AppleWebKit/536.26.17 (KHTML, like Gecko) Version/6.0.2 Safari/536.26.17"
217.6.142.41 - - [17/May/2013:13:14:28 +0200] "GET /impressum.php HTTP/1.1" 200 6397 "http://www.mink-gmbh.de/impressum.php" "Mozilla/5.0 (Macintosh; Intel Mac OS X 10_8_2) AppleWebKit/536.26.17 (KHTML, like Gecko) Version/6.0.2 Safari/536.26.17"
217.6.142.41 - - [17/May/2013:13:14:29 +0200] "GET /index.php HTTP/1.1" 200 11589 "http://www.mink-gmbh.de/impressum.php" "Mozilla/5.0 (Macintosh; Intel Mac OS X 10_8_2) AppleWebKit/536.26.17 (KHTML, like Gecko) Version/6.0.2 Safari/536.26.17"
37.58.52.15 - - [17/May/2013:13:22:20 +0200] "GET /news.php?cs_go=archiv&cs_id=4187&cs_search= HTTP/1.0" 200 11532 "-" "Mozilla/5.0 (compatible; AcoonBot/4.11.1; +http://www.acoon.de/robot.asp)"
208.115.111.75 - - [17/May/2013:13:33:44 +0200] "GET /news.php?cs_go=archiv&cs_id=4051 HTTP/1.1" 200 11119 "-" "Mozilla/5.0 (compatible; Ezooms/1.0; ezooms.bot@gmail.com)"
66.249.78.46 - - [17/May/2013:13:43:31 +0200] "GET /robots.txt HTTP/1.1" 200 177 "-" "Mozilla/5.0 (compatible; Googlebot/2.1; +http://www.google.com/bot.html)"
66.249.78.46 - - [17/May/2013:13:43:32 +0200] "GET /news.php?cs_go=archiv&cs_id=3751 HTTP/1.1" 200 7539 "-" "Mozilla/5.0 (compatible; Googlebot/2.1; +http://www.google.com/bot.html)"
5.9.7.208 - - [17/May/2013:13:49:46 +0200] "GET /robots.txt HTTP/1.0" 200 177 "-" "Mozilla/5.0 (compatible; MJ12bot/v1.4.3; http://www.majestic12.co.uk/bot.php?+)"
5.9.7.208 - - [17/May/2013:13:50:22 +0200] "GET / HTTP/1.0" 200 12336 "-" "Mozilla/5.0 (compatible; MJ12bot/v1.4.3; http://www.majestic12.co.uk/bot.php?+)"
66.249.78.46 - - [17/May/2013:14:01:41 +0200] "GET /news.php?cs_go=archiv&cs_id=3739 HTTP/1.1" 200 11183 "-" "Mozilla/5.0 (compatible; Googlebot/2.1; +http://www.google.com/bot.html)"
37.58.52.15 - - [17/May/2013:14:02:05 +0200] "GET /news.php?cs_go=archiv&cs_id=4180&cs_search= HTTP/1.0" 200 7803 "-" "Mozilla/5.0 (compatible; AcoonBot/4.11.1; +http://www.acoon.de/robot.asp)"
66.249.78.46 - - [17/May/2013:14:05:23 +0200] "GET /news.php?cs_go=archiv&cs_id=3597&cs_search= HTTP/1.1" 200 8423 "-" "Mozilla/5.0 (compatible; Googlebot/2.1; +http://www.google.com/bot.html)"
66.249.78.46 - - [17/May/2013:14:12:35 +0200] "GET /news.php?cs_go=archiv&cs_id=3337&cs_search= HTTP/1.1" 200 11510 "-" "Mozilla/5.0 (compatible; Googlebot/2.1; +http://www.google.com/bot.html)"
66.249.78.46 - - [17/May/2013:14:16:17 +0200] "GET /news.php?cs_go=archiv&cs_id=3028 HTTP/1.1" 200 10500 "-" "Mozilla/5.0 (compatible; Googlebot/2.1; +http://www.google.com/bot.html)"
66.249.78.46 - - [17/May/2013:14:23:29 +0200] "GET /news.php?cs_go=archiv&cs_id=3298&cs_search= HTTP/1.1" 200 11313 "-" "Mozilla/5.0 (compatible; Googlebot/2.1; +http://www.google.com/bot.html)"
66.249.78.46 - - [17/May/2013:14:25:49 +0200] "GET / HTTP/1.1" 200 12336 "-" "Mozilla/5.0 (compatible; Googlebot/2.1; +http://www.google.com/bot.html)"
66.249.78.46 - - [17/May/2013:14:27:12 +0200] "GET /news.php?cs_go=archiv&cs_id=3824 HTTP/1.1" 200 7505 "-" "Mozilla/5.0 (compatible; Googlebot/2.1; +http://www.google.com/bot.html)"
66.249.78.46 - - [17/May/2013:14:29:31 +0200] "GET /news.php?cs_go=archiv&cs_id=4159 HTTP/1.1" 200 13297 "-" "Mozilla/5.0 (iPhone; U; CPU iPhone OS 4_1 like Mac OS X; en-us) AppleWebKit/532.9 (KHTML, like Gecko) Version/4.0.5 Mobile/8B117 Safari/6531.22.7 (compatible; Googlebot-Mobile/2.1; +http://www.google.com/bot.html)"
66.249.78.46 - - [17/May/2013:14:30:49 +0200] "GET /news.php?cs_go=archiv&cs_id=2714 HTTP/1.1" 200 8071 "-" "Mozilla/5.0 (compatible; Googlebot/2.1; +http://www.google.com/bot.html)"
37.58.52.15 - - [17/May/2013:14:35:13 +0200] "GET /diesel.php HTTP/1.0" 200 8299 "-" "Mozilla/5.0 (compatible; AcoonBot/4.11.1; +http://www.acoon.de/robot.asp)"
37.58.52.15 - - [17/May/2013:14:36:43 +0200] "GET /news.php?cs_go=archiv&cs_startpos=30 HTTP/1.0" 200 20180 "-" "Mozilla/5.0 (compatible; AcoonBot/4.11.1; +http://www.acoon.de/robot.asp)"
66.249.78.46 - - [17/May/2013:14:41:44 +0200] "GET /news.php?cs_go=archiv&cs_id=2941 HTTP/1.1" 200 11948 "-" "Mozilla/5.0 (compatible; Googlebot/2.1; +http://www.google.com/bot.html)"
37.58.52.15 - - [17/May/2013:14:42:07 +0200] "GET /news.php?cs_go=archiv&cs_startpos=10 HTTP/1.0" 200 20226 "-" "Mozilla/5.0 (compatible; AcoonBot/4.11.1; +http://www.acoon.de/robot.asp)"
89.246.70.122 - - [17/May/2013:14:42:22 +0200] "GET / HTTP/1.1" 200 12336 "-" "Mozilla/5.0 (Windows NT 6.1; WOW64) AppleWebKit/537.31 (KHTML, like Gecko) Chrome/26.0.1410.64 Safari/537.31"
89.246.70.122 - - [17/May/2013:14:42:23 +0200] "GET /style.css HTTP/1.1" 200 8418 "http://www.mink-gmbh.de/" "Mozilla/5.0 (Windows NT 6.1; WOW64) AppleWebKit/537.31 (KHTML, like Gecko) Chrome/26.0.1410.64 Safari/537.31"
89.246.70.122 - - [17/May/2013:14:42:23 +0200] "GET /modul.css HTTP/1.1" 200 35038 "http://www.mink-gmbh.de/" "Mozilla/5.0 (Windows NT 6.1; WOW64) AppleWebKit/537.31 (KHTML, like Gecko) Chrome/26.0.1410.64 Safari/537.31"
89.246.70.122 - - [17/May/2013:14:42:23 +0200] "GET /js_contentserver24_greybox/gb_styles.css HTTP/1.1" 200 2302 "http://www.mink-gmbh.de/" "Mozilla/5.0 (Windows NT 6.1; WOW64) AppleWebKit/537.31 (KHTML, like Gecko) Chrome/26.0.1410.64 Safari/537.31"
89.246.70.122 - - [17/May/2013:14:42:23 +0200] "GET /js_contentserver24_greybox/AJS.js HTTP/1.1" 200 10396 "http://www.mink-gmbh.de/" "Mozilla/5.0 (Windows NT 6.1; WOW64) AppleWebKit/537.31 (KHTML, like Gecko) Chrome/26.0.1410.64 Safari/537.31"
89.246.70.122 - - [17/May/2013:14:42:23 +0200] "GET /js_contentserver24_greybox/gb_scripts.js HTTP/1.1" 200 11913 "http://www.mink-gmbh.de/" "Mozilla/5.0 (Windows NT 6.1; WOW64) AppleWebKit/537.31 (KHTML, like Gecko) Chrome/26.0.1410.64 Safari/537.31"
89.246.70.122 - - [17/May/2013:14:42:23 +0200] "GET /js_contentserver24_greybox/AJS_fx.js HTTP/1.1" 200 3192 "http://www.mink-gmbh.de/" "Mozilla/5.0 (Windows NT 6.1; WOW64) AppleWebKit/537.31 (KHTML, like Gecko) Chrome/26.0.1410.64 Safari/537.31"
89.246.70.122 - - [17/May/2013:14:42:24 +0200] "GET /images/close.png HTTP/1.1" 200 703 "http://www.mink-gmbh.de/" "Mozilla/5.0 (Windows NT 6.1; WOW64) AppleWebKit/537.31 (KHTML, like Gecko) Chrome/26.0.1410.64 Safari/537.31"
89.246.70.122 - - [17/May/2013:14:42:24 +0200] "GET /images/newsletter.png HTTP/1.1" 200 14619 "http://www.mink-gmbh.de/" "Mozilla/5.0 (Windows NT 6.1; WOW64) AppleWebKit/537.31 (KHTML, like Gecko) Chrome/26.0.1410.64 Safari/537.31"
89.246.70.122 - - [17/May/2013:14:42:24 +0200] "GET /images/bg.jpg HTTP/1.1" 200 345 "http://www.mink-gmbh.de/" "Mozilla/5.0 (Windows NT 6.1; WOW64) AppleWebKit/537.31 (KHTML, like Gecko) Chrome/26.0.1410.64 Safari/537.31"
89.246.70.122 - - [17/May/2013:14:42:24 +0200] "GET /images/wrapperbg.jpg HTTP/1.1" 200 27465 "http://www.mink-gmbh.de/" "Mozilla/5.0 (Windows NT 6.1; WOW64) AppleWebKit/537.31 (KHTML, like Gecko) Chrome/26.0.1410.64 Safari/537.31"
89.246.70.122 - - [17/May/2013:14:42:24 +0200] "GET /images/newsletter_bg.jpg HTTP/1.1" 200 33610 "http://www.mink-gmbh.de/" "Mozilla/5.0 (Windows NT 6.1; WOW64) AppleWebKit/537.31 (KHTML, like Gecko) Chrome/26.0.1410.64 Safari/537.31"
89.246.70.122 - - [17/May/2013:14:42:24 +0200] "GET /js_contentserver24_greybox/w_close.gif HTTP/1.1" 200 74 "http://www.mink-gmbh.de/" "Mozilla/5.0 (Windows NT 6.1; WOW64) AppleWebKit/537.31 (KHTML, like Gecko) Chrome/26.0.1410.64 Safari/537.31"
89.246.70.122 - - [17/May/2013:14:42:24 +0200] "GET /images/navibg.png HTTP/1.1" 200 2803 "http://www.mink-gmbh.de/" "Mozilla/5.0 (Windows NT 6.1; WOW64) AppleWebKit/537.31 (KHTML, like Gecko) Chrome/26.0.1410.64 Safari/537.31"
89.246.70.122 - - [17/May/2013:14:42:24 +0200] "GET /images/steigend.png HTTP/1.1" 200 688 "http://www.mink-gmbh.de/" "Mozilla/5.0 (Windows NT 6.1; WOW64) AppleWebKit/537.31 (KHTML, like Gecko) Chrome/26.0.1410.64 Safari/537.31"
89.246.70.122 - - [17/May/2013:14:42:24 +0200] "GET /images/fallend.png HTTP/1.1" 200 713 "http://www.mink-gmbh.de/" "Mozilla/5.0 (Windows NT 6.1; WOW64) AppleWebKit/537.31 (KHTML, like Gecko) Chrome/26.0.1410.64 Safari/537.31"
89.246.70.122 - - [17/May/2013:14:42:25 +0200] "GET /images/mobil.jpg HTTP/1.1" 200 25293 "http://www.mink-gmbh.de/" "Mozilla/5.0 (Windows NT 6.1; WOW64) AppleWebKit/537.31 (KHTML, like Gecko) Chrome/26.0.1410.64 Safari/537.31"
89.246.70.122 - - [17/May/2013:14:42:25 +0200] "GET /images/team-energie.png HTTP/1.1" 200 17383 "http://www.mink-gmbh.de/" "Mozilla/5.0 (Windows NT 6.1; WOW64) AppleWebKit/537.31 (KHTML, like Gecko) Chrome/26.0.1410.64 Safari/537.31"
89.246.70.122 - - [17/May/2013:14:42:24 +0200] "GET /images/header.jpg HTTP/1.1" 200 40733 "http://www.mink-gmbh.de/" "Mozilla/5.0 (Windows NT 6.1; WOW64) AppleWebKit/537.31 (KHTML, like Gecko) Chrome/26.0.1410.64 Safari/537.31"
89.246.70.122 - - [17/May/2013:14:42:25 +0200] "GET /images/newsletter.jpg HTTP/1.1" 200 13130 "http://www.mink-gmbh.de/" "Mozilla/5.0 (Windows NT 6.1; WOW64) AppleWebKit/537.31 (KHTML, like Gecko) Chrome/26.0.1410.64 Safari/537.31"
89.246.70.122 - - [17/May/2013:14:42:25 +0200] "GET /images/freecall.jpg HTTP/1.1" 200 39195 "http://www.mink-gmbh.de/" "Mozilla/5.0 (Windows NT 6.1; WOW64) AppleWebKit/537.31 (KHTML, like Gecko) Chrome/26.0.1410.64 Safari/537.31"
89.246.70.122 - - [17/May/2013:14:42:25 +0200] "GET /images/mail.jpg HTTP/1.1" 200 11165 "http://www.mink-gmbh.de/" "Mozilla/5.0 (Windows NT 6.1; WOW64) AppleWebKit/537.31 (KHTML, like Gecko) Chrome/26.0.1410.64 Safari/537.31"
