92.76.251.120 - - [19/May/2013:20:39:27 +0200] "GET /js_contentserver24_greybox/indicator.gif HTTP/1.1" 200 8238 "http://www.mink-gmbh.de/js_contentserver24_greybox/loader_frame.html?s=0" "Mozilla/5.0 (Windows NT 6.1; WOW64; rv:20.0) Gecko/20100101 Firefox/20.0"
92.76.251.120 - - [19/May/2013:20:39:27 +0200] "GET /js_contentserver24_greybox/g_close.gif HTTP/1.1" 200 541 "http://www.mink-gmbh.de/" "Mozilla/5.0 (Windows NT 6.1; WOW64; rv:20.0) Gecko/20100101 Firefox/20.0"
92.76.251.120 - - [19/May/2013:20:39:56 +0200] "GET /preisanfrage.php HTTP/1.1" 200 8583 "http://www.mink-gmbh.de/" "Mozilla/5.0 (Windows NT 6.1; WOW64; rv:20.0) Gecko/20100101 Firefox/20.0"
92.76.251.120 - - [19/May/2013:20:39:58 +0200] "GET /standard.php HTTP/1.1" 200 6878 "http://www.mink-gmbh.de/preisanfrage.php" "Mozilla/5.0 (Windows NT 6.1; WOW64; rv:20.0) Gecko/20100101 Firefox/20.0"
37.58.52.15 - - [19/May/2013:20:40:09 +0200] "GET /lexikon.php?cs_go=3&cs_id=133 HTTP/1.0" 200 6387 "-" "Mozilla/5.0 (compatible; AcoonBot/4.11.1; +http://www.acoon.de/robot.asp)"
37.58.52.15 - - [19/May/2013:20:43:12 +0200] "GET /news.php?cs_go=archiv&cs_id=4042&cs_search= HTTP/1.0" 200 7851 "-" "Mozilla/5.0 (compatible; AcoonBot/4.11.1; +http://www.acoon.de/robot.asp)"
37.58.52.15 - - [19/May/2013:20:44:13 +0200] "GET /lexikon.php?cs_go=3&cs_id=227 HTTP/1.0" 200 6342 "-" "Mozilla/5.0 (compatible; AcoonBot/4.11.1; +http://www.acoon.de/robot.asp)"
66.249.78.46 - - [19/May/2013:20:44:36 +0200] "GET /news.php?cs_go=archiv&cs_id=4164&cs_search= HTTP/1.1" 200 7994 "-" "Mozilla/5.0 (iPhone; U; CPU iPhone OS 4_1 like Mac OS X; en-us) AppleWebKit/532.9 (KHTML, like Gecko) Version/4.0.5 Mobile/8B117 Safari/6531.22.7 (compatible; Googlebot-Mobile/2.1; +http://www.google.com/bot.html)"
37.58.52.15 - - [19/May/2013:20:48:50 +0200] "GET /lexikon.php?cs_go=3&cs_id=113 HTTP/1.0" 200 5831 "-" "Mozilla/5.0 (compatible; AcoonBot/4.11.1; +http://www.acoon.de/robot.asp)"
173.199.115.107 - - [19/May/2013:21:00:11 +0200] "GET /news.php?cs_go=archiv&cs_startpos=750 HTTP/1.1" 200 5780 "-" "Mozilla/5.0 (compatible; AhrefsBot/4.0; +http://ahrefs.com/robot/)"
173.199.115.107 - - [19/May/2013:21:00:23 +0200] "GET /news.php?cs_go=archiv&cs_startpos=671 HTTP/1.1" 200 5780 "-" "Mozilla/5.0 (compatible; AhrefsBot/4.0; +http://ahrefs.com/robot/)"
157.55.33.20 - - [19/May/2013:21:46:10 +0200] "GET /robots.txt HTTP/1.1" 200 177 "-" "Mozilla/5.0 (compatible; bingbot/2.0; +http://www.bing.com/bingbot.htm)"
157.55.33.20 - - [19/May/2013:21:47:42 +0200] "GET /news.php?cs_go=archiv&cs_id=2790 HTTP/1.1" 200 11618 "-" "Mozilla/5.0 (compatible; bingbot/2.0; +http://www.bing.com/bingbot.htm)"
66.249.78.46 - - [19/May/2013:22:17:42 +0200] "GET /news.php?cs_go=archiv&cs_id=4176&cs_search= HTTP/1.1" 200 11668 "-" "SAMSUNG-SGH-E250/1.0 Profile/MIDP-2.0 Configuration/CLDC-1.1 UP.Browser/6.2.3.3.c.1.101 (GUI) MMP/2.0 (compatible; Googlebot-Mobile/2.1; +http://www.google.com/bot.html)"
66.249.78.46 - - [19/May/2013:22:21:58 +0200] "GET /news.php?cs_go=archiv&cs_id=3416&cs_search= HTTP/1.1" 200 7596 "-" "Mozilla/5.0 (iPhone; U; CPU iPhone OS 4_1 like Mac OS X; en-us) AppleWebKit/532.9 (KHTML, like Gecko) Version/4.0.5 Mobile/8B117 Safari/6531.22.7 (compatible; Googlebot-Mobile/2.1; +http://www.google.com/bot.html)"
173.199.115.107 - - [19/May/2013:22:39:59 +0200] "GET /news.php?cs_go=archiv&cs_startpos=730 HTTP/1.1" 200 5780 "-" "Mozilla/5.0 (compatible; AhrefsBot/4.0; +http://ahrefs.com/robot/)"
173.199.115.107 - - [19/May/2013:22:42:22 +0200] "GET /news.php?cs_go=archiv&cs_id=3597&cs_search= HTTP/1.1" 200 8423 "-" "Mozilla/5.0 (compatible; AhrefsBot/4.0; +http://ahrefs.com/robot/)"
66.249.78.46 - - [19/May/2013:22:52:26 +0200] "GET /lexikon.php?cs_go=3&cs_id=199 HTTP/1.1" 200 5648 "-" "Mozilla/5.0 (compatible; Googlebot/2.1; +http://www.google.com/bot.html)"
66.249.75.49 - - [19/May/2013:22:54:50 +0200] "GET /news.php?cs_go=archiv&cs_id=4175&cs_search= HTTP/1.1" 200 8633 "-" "DoCoMo/2.0 N905i(c100;TB;W24H16) (compatible; Googlebot-Mobile/2.1; +http://www.google.com/bot.html)"
173.199.115.107 - - [19/May/2013:22:58:58 +0200] "GET /lexikon.php HTTP/1.1" 200 8206 "-" "Mozilla/5.0 (compatible; AhrefsBot/4.0; +http://ahrefs.com/robot/)"
173.199.115.107 - - [19/May/2013:23:00:42 +0200] "GET /news.php?cs_go=archiv&cs_startpos=650 HTTP/1.1" 200 5780 "-" "Mozilla/5.0 (compatible; AhrefsBot/4.0; +http://ahrefs.com/robot/)"
65.36.241.79 - - [19/May/2013:23:07:39 +0200] "HEAD / HTTP/1.1" 200 - "-" "InternetSeer.com"
173.199.115.107 - - [19/May/2013:23:14:56 +0200] "GET /news.php?cs_go=archiv&cs_id=3921&cs_search= HTTP/1.1" 200 7953 "-" "Mozilla/5.0 (compatible; AhrefsBot/4.0; +http://ahrefs.com/robot/)"
37.58.52.15 - - [19/May/2013:23:29:01 +0200] "GET /robots.txt HTTP/1.0" 200 177 "-" "Mozilla/5.0 (compatible; AcoonBot/4.11.1; +http://www.acoon.de/robot.asp)"
37.58.52.15 - - [19/May/2013:23:29:01 +0200] "GET /news.php?cs_go=archiv&cs_id=3978&cs_search= HTTP/1.0" 200 7864 "-" "Mozilla/5.0 (compatible; AcoonBot/4.11.1; +http://www.acoon.de/robot.asp)"
208.115.111.75 - - [19/May/2013:23:34:02 +0200] "GET /robots.txt HTTP/1.1" 200 177 "-" "Mozilla/5.0 (compatible; Ezooms/1.0; ezooms.bot@gmail.com)"
157.55.32.185 - - [19/May/2013:23:52:15 +0200] "GET /robots.txt HTTP/1.1" 200 177 "-" "Mozilla/5.0 (compatible; bingbot/2.0; +http://www.bing.com/bingbot.htm)"
157.55.32.185 - - [19/May/2013:23:54:45 +0200] "GET / HTTP/1.1" 200 12311 "-" "Mozilla/5.0 (compatible; bingbot/2.0; +http://www.bing.com/bingbot.htm)"
66.249.78.46 - - [20/May/2013:00:22:08 +0200] "GET /news.php HTTP/1.1" 200 19783 "-" "SAMSUNG-SGH-E250/1.0 Profile/MIDP-2.0 Configuration/CLDC-1.1 UP.Browser/6.2.3.3.c.1.101 (GUI) MMP/2.0 (compatible; Googlebot-Mobile/2.1; +http://www.google.com/bot.html)"
173.199.115.107 - - [20/May/2013:00:25:11 +0200] "GET /news.php?cs_go=archiv&cs_id=3836&cs_search= HTTP/1.1" 200 7583 "-" "Mozilla/5.0 (compatible; AhrefsBot/4.0; +http://ahrefs.com/robot/)"
123.125.71.13 - - [20/May/2013:00:34:20 +0200] "GET / HTTP/1.1" 200 6538 "-" "Mozilla/5.0 (compatible; Baiduspider/2.0; +http://www.baidu.com/search/spider.html)"
220.181.108.101 - - [20/May/2013:00:34:54 +0200] "GET / HTTP/1.1" 200 6538 "-" "Mozilla/5.0 (compatible; Baiduspider/2.0; +http://www.baidu.com/search/spider.html)"
173.199.115.107 - - [20/May/2013:00:38:38 +0200] "GET /lexikon.php?cs_go=3&cs_id=167 HTTP/1.1" 200 5659 "-" "Mozilla/5.0 (compatible; AhrefsBot/4.0; +http://ahrefs.com/robot/)"
173.199.115.107 - - [20/May/2013:01:10:33 +0200] "GET /news.php?cs_go=archiv&cs_id=3660&cs_search= HTTP/1.1" 200 7738 "-" "Mozilla/5.0 (compatible; AhrefsBot/4.0; +http://ahrefs.com/robot/)"
173.199.115.107 - - [20/May/2013:01:13:35 +0200] "GET /news.php?cs_go=archiv&cs_startpos=740 HTTP/1.1" 200 5780 "-" "Mozilla/5.0 (compatible; AhrefsBot/4.0; +http://ahrefs.com/robot/)"
66.249.78.46 - - [20/May/2013:01:21:36 +0200] "GET /news.php?cs_go=archiv&cs_id=3318&cs_search= HTTP/1.1" 200 7557 "-" "Mozilla/5.0 (compatible; Googlebot/2.1; +http://www.google.com/bot.html)"
208.115.111.75 - - [20/May/2013:01:39:11 +0200] "GET /news.php?cs_go=archiv&cs_id=4043 HTTP/1.1" 200 10953 "-" "Mozilla/5.0 (compatible; Ezooms/1.0; ezooms.bot@gmail.com)"
173.199.115.107 - - [20/May/2013:01:40:06 +0200] "GET /news.php?cs_go=archiv&cs_id=3928&cs_search= HTTP/1.1" 200 7602 "-" "Mozilla/5.0 (compatible; AhrefsBot/4.0; +http://ahrefs.com/robot/)"
173.199.115.107 - - [20/May/2013:01:41:10 +0200] "GET /news.php?cs_go=archiv&cs_id=3721&cs_search= HTTP/1.1" 200 8769 "-" "Mozilla/5.0 (compatible; AhrefsBot/4.0; +http://ahrefs.com/robot/)"
66.249.78.46 - - [20/May/2013:02:04:45 +0200] "GET /impressum.php HTTP/1.1" 200 6397 "-" "Mozilla/5.0 (iPhone; U; CPU iPhone OS 4_1 like Mac OS X; en-us) AppleWebKit/532.9 (KHTML, like Gecko) Version/4.0.5 Mobile/8B117 Safari/6531.22.7 (compatible; Googlebot-Mobile/2.1; +http://www.google.com/bot.html)"
173.199.115.107 - - [20/May/2013:02:12:27 +0200] "GET /news.php?cs_go=archiv&cs_id=3745&cs_search= HTTP/1.1" 200 11255 "-" "Mozilla/5.0 (compatible; AhrefsBot/4.0; +http://ahrefs.com/robot/)"
157.55.33.20 - - [20/May/2013:02:31:08 +0200] "GET /robots.txt HTTP/1.1" 200 177 "-" "Mozilla/5.0 (compatible; bingbot/2.0; +http://www.bing.com/bingbot.htm)"
157.55.33.20 - - [20/May/2013:02:33:40 +0200] "GET /news.php?cs_go=archiv&cs_id=4171 HTTP/1.1" 200 9346 "-" "Mozilla/5.0 (compatible; bingbot/2.0; +http://www.bing.com/bingbot.htm)"
173.199.115.107 - - [20/May/2013:02:39:48 +0200] "GET /lexikon.php?cs_go=3&cs_id=46 HTTP/1.1" 200 5660 "-" "Mozilla/5.0 (compatible; AhrefsBot/4.0; +http://ahrefs.com/robot/)"
173.199.115.107 - - [20/May/2013:02:56:20 +0200] "GET /lexikon.php?cs_go=3&cs_id=18 HTTP/1.1" 200 5659 "-" "Mozilla/5.0 (compatible; AhrefsBot/4.0; +http://ahrefs.com/robot/)"
66.249.78.46 - - [20/May/2013:03:06:37 +0200] "GET /news.php?cs_go=archiv&cs_id=3650 HTTP/1.1" 200 11073 "-" "Mozilla/5.0 (compatible; Googlebot/2.1; +http://www.google.com/bot.html)"
173.199.115.107 - - [20/May/2013:03:13:27 +0200] "GET /lexikon.php?cs_go=3&cs_id=119 HTTP/1.1" 200 5797 "-" "Mozilla/5.0 (compatible; AhrefsBot/4.0; +http://ahrefs.com/robot/)"
208.115.111.75 - - [20/May/2013:03:34:49 +0200] "GET /robots.txt HTTP/1.1" 200 177 "-" "Mozilla/5.0 (compatible; Ezooms/1.0; ezooms.bot@gmail.com)"
65.55.24.221 - - [20/May/2013:03:34:53 +0200] "GET /robots.txt HTTP/1.1" 200 177 "-" "Mozilla/5.0 (compatible; bingbot/2.0; +http://www.bing.com/bingbot.htm)"
65.55.24.221 - - [20/May/2013:03:36:11 +0200] "GET /images/RAL_Guetezeichen_Energiehandel.pdf HTTP/1.1" 200 288367 "-" "Mozilla/5.0 (compatible; bingbot/2.0; +http://www.bing.com/bingbot.htm)"
66.249.75.49 - - [20/May/2013:03:42:17 +0200] "GET /news.php?cs_go=archiv&cs_id=4030 HTTP/1.1" 200 10966 "-" "Mozilla/5.0 (compatible; Googlebot/2.1; +http://www.google.com/bot.html)"
66.249.78.46 - - [20/May/2013:03:47:04 +0200] "GET /news.php?cs_go=archiv&cs_id=3581&cs_search= HTTP/1.1" 200 9532 "-" "Mozilla/5.0 (compatible; Googlebot/2.1; +http://www.google.com/bot.html)"
173.199.115.107 - - [20/May/2013:04:01:07 +0200] "GET /lexikon.php?cs_go=3&cs_id=116 HTTP/1.1" 200 7021 "-" "Mozilla/5.0 (compatible; AhrefsBot/4.0; +http://ahrefs.com/robot/)"
37.58.52.15 - - [20/May/2013:04:01:28 +0200] "GET /news.php?cs_go=archiv&cs_id=4028&cs_search= HTTP/1.0" 200 11089 "-" "Mozilla/5.0 (compatible; AcoonBot/4.11.1; +http://www.acoon.de/robot.asp)"
139.18.2.209 - - [20/May/2013:04:13:50 +0200] "GET /robots.txt HTTP/1.1" 200 177 "-" "findlinks/2.6 (+http://wortschatz.uni-leipzig.de/findlinks/)"
65.36.241.79 - - [20/May/2013:04:32:50 +0200] "HEAD / HTTP/1.1" 200 - "-" "InternetSeer.com"
37.58.52.15 - - [20/May/2013:04:35:58 +0200] "GET /news.php?cs_go=archiv&cs_id=4061&cs_search= HTTP/1.0" 200 8074 "-" "Mozilla/5.0 (compatible; AcoonBot/4.11.1; +http://www.acoon.de/robot.asp)"
66.249.75.49 - - [20/May/2013:04:47:26 +0200] "GET /news.php?cs_go=archiv&cs_id=3624&cs_search= HTTP/1.1" 200 7789 "-" "Mozilla/5.0 (compatible; Googlebot/2.1; +http://www.google.com/bot.html)"
141.8.147.12 - - [20/May/2013:05:10:45 +0200] "GET /robots.txt HTTP/1.1" 200 177 "-" "Mozilla/5.0 (compatible; YandexBot/3.0; +http://yandex.com/bots)"
173.199.115.107 - - [20/May/2013:05:28:25 +0200] "GET /preisanfrage.php HTTP/1.1" 200 8583 "-" "Mozilla/5.0 (compatible; AhrefsBot/4.0; +http://ahrefs.com/robot/)"
173.199.115.107 - - [20/May/2013:05:32:47 +0200] "GET /news.php?cs_go=archiv&cs_id=3710&cs_search= HTTP/1.1" 200 11946 "-" "Mozilla/5.0 (compatible; AhrefsBot/4.0; +http://ahrefs.com/robot/)"
173.199.115.107 - - [20/May/2013:05:38:33 +0200] "GET /lexikon.php?cs_go=3&cs_id=191 HTTP/1.1" 200 7017 "-" "Mozilla/5.0 (compatible; AhrefsBot/4.0; +http://ahrefs.com/robot/)"
208.115.111.75 - - [20/May/2013:05:39:16 +0200] "GET /news.php?cs_go=archiv&cs_id=4041 HTTP/1.1" 200 10801 "-" "Mozilla/5.0 (compatible; Ezooms/1.0; ezooms.bot@gmail.com)"
173.199.115.107 - - [20/May/2013:05:52:40 +0200] "GET /lexikon.php?cs_go=3&cs_id=20 HTTP/1.1" 200 6633 "-" "Mozilla/5.0 (compatible; AhrefsBot/4.0; +http://ahrefs.com/robot/)"
141.8.147.12 - - [20/May/2013:05:54:41 +0200] "GET /news.php?cs_go=archiv&cs_startpos=601 HTTP/1.1" 200 5780 "-" "Mozilla/5.0 (compatible; YandexBot/3.0; +http://yandex.com/bots)"
131.253.24.39 - - [20/May/2013:05:58:15 +0200] "GET /style.css HTTP/1.1" 200 8418 "http://www.mink-gmbh.de/wunschpreis.php" "Mozilla/4.0 (compatible; MSIE 7.0; Windows NT 5.1; SLCC1; .NET CLR 1.1.4322; .NET CLR 2.0.50727)"
131.253.24.39 - - [20/May/2013:05:58:15 +0200] "GET /modul.css HTTP/1.1" 200 35038 "http://www.mink-gmbh.de/wunschpreis.php" "Mozilla/4.0 (compatible; MSIE 7.0; Windows NT 5.1; SLCC1; .NET CLR 1.1.4322; .NET CLR 2.0.50727)"
131.253.24.39 - - [20/May/2013:05:58:13 +0200] "GET /wunschpreis.php HTTP/1.1" 200 9932 "-" "Mozilla/4.0 (compatible; MSIE 7.0; Windows NT 5.1; SLCC1; .NET CLR 1.1.4322; .NET CLR 2.0.50727)"
173.199.115.107 - - [20/May/2013:07:02:27 +0200] "GET /lexikon.php?cs_go=3&cs_id=145 HTTP/1.1" 200 6565 "-" "Mozilla/5.0 (compatible; AhrefsBot/4.0; +http://ahrefs.com/robot/)"
37.58.52.15 - - [20/May/2013:07:12:35 +0200] "GET /news.php?cs_go=archiv&cs_id=3979&cs_search= HTTP/1.0" 200 11211 "-" "Mozilla/5.0 (compatible; AcoonBot/4.11.1; +http://www.acoon.de/robot.asp)"
173.199.115.107 - - [20/May/2013:07:23:57 +0200] "GET /news.php?cs_go=archiv&cs_id=3711&cs_search= HTTP/1.1" 200 8861 "-" "Mozilla/5.0 (compatible; AhrefsBot/4.0; +http://ahrefs.com/robot/)"
173.199.115.107 - - [20/May/2013:07:40:35 +0200] "GET /lexikon.php?cs_go=3&cs_id=35 HTTP/1.1" 200 6065 "-" "Mozilla/5.0 (compatible; AhrefsBot/4.0; +http://ahrefs.com/robot/)"
173.199.115.107 - - [20/May/2013:07:55:53 +0200] "GET /news.php?cs_go=archiv&cs_id=3596&cs_search= HTTP/1.1" 200 8968 "-" "Mozilla/5.0 (compatible; AhrefsBot/4.0; +http://ahrefs.com/robot/)"
141.8.147.12 - - [20/May/2013:07:56:41 +0200] "GET /news.php?cs_go=archiv&cs_startpos=590 HTTP/1.1" 200 5780 "-" "Mozilla/5.0 (compatible; YandexBot/3.0; +http://yandex.com/bots)"
66.249.78.46 - - [20/May/2013:08:25:08 +0200] "GET /news.php?cs_go=archiv&cs_id=3971 HTTP/1.1" 200 7487 "-" "Mozilla/5.0 (compatible; Googlebot/2.1; +http://www.google.com/bot.html)"
130.83.167.153 - - [20/May/2013:08:55:26 +0200] "GET /agb.php HTTP/1.1" 200 14527 "-" "findlinks/2.6 (+http://wortschatz.uni-leipzig.de/findlinks/)"
130.83.167.153 - - [20/May/2013:08:55:26 +0200] "GET /agb.php HTTP/1.1" 200 17557 "-" "findlinks/2.6 (+http://wortschatz.uni-leipzig.de/findlinks/)"
66.249.78.46 - - [20/May/2013:09:06:46 +0200] "GET /news.php?cs_go=archiv&cs_id=4015 HTTP/1.1" 200 8087 "-" "Mozilla/5.0 (compatible; Googlebot/2.1; +http://www.google.com/bot.html)"
208.115.113.91 - - [20/May/2013:09:37:23 +0200] "GET /robots.txt HTTP/1.1" 200 177 "-" "Mozilla/5.0 (compatible; Ezooms/1.0; ezooms.bot@gmail.com)"
93.219.42.199 - - [20/May/2013:09:57:24 +0200] "GET / HTTP/1.1" 200 12314 "http://search.conduit.com/Results.aspx?q=mink+heiz%C3%B6l&Suggest=mink+heiz%C3%B6l&stype=Homepage&CUI=UN15110642018063179&UM=1&SelfSearch=1&SearchType=SearchWeb&SearchSource=13&ctid=CT3242337&octid=CT3242337" "Mozilla/5.0 (Windows NT 5.1; rv:20.0) Gecko/20100101 Firefox/20.0"
93.219.42.199 - - [20/May/2013:09:57:25 +0200] "GET /style.css HTTP/1.1" 304 - "http://www.mink-gmbh.de/" "Mozilla/5.0 (Windows NT 5.1; rv:20.0) Gecko/20100101 Firefox/20.0"
93.219.42.199 - - [20/May/2013:09:57:25 +0200] "GET /modul.css HTTP/1.1" 304 - "http://www.mink-gmbh.de/" "Mozilla/5.0 (Windows NT 5.1; rv:20.0) Gecko/20100101 Firefox/20.0"
93.219.42.199 - - [20/May/2013:09:57:25 +0200] "GET /images/team-energie.png HTTP/1.1" 304 - "http://www.mink-gmbh.de/" "Mozilla/5.0 (Windows NT 5.1; rv:20.0) Gecko/20100101 Firefox/20.0"
93.219.42.199 - - [20/May/2013:09:57:26 +0200] "GET /images/header.jpg HTTP/1.1" 304 - "http://www.mink-gmbh.de/style.css" "Mozilla/5.0 (Windows NT 5.1; rv:20.0) Gecko/20100101 Firefox/20.0"
93.219.42.199 - - [20/May/2013:09:57:26 +0200] "GET /js_contentserver24_greybox/loader_frame.html?s=0 HTTP/1.1" 304 - "http://www.mink-gmbh.de/" "Mozilla/5.0 (Windows NT 5.1; rv:20.0) Gecko/20100101 Firefox/20.0"
93.219.42.199 - - [20/May/2013:09:58:25 +0200] "GET /impressum.php HTTP/1.1" 200 6397 "http://www.mink-gmbh.de/" "Mozilla/5.0 (Windows NT 5.1; rv:20.0) Gecko/20100101 Firefox/20.0"
93.219.42.199 - - [20/May/2013:09:59:17 +0200] "GET / HTTP/1.1" 200 11571 "http://search.conduit.com/Results.aspx?q=mink+heiz%C3%B6l&Suggest=mink+heiz%C3%B6l&stype=Homepage&CUI=UN15110642018063179&UM=1&SelfSearch=1&SearchType=SearchWeb&SearchSource=13&ctid=CT3242337&octid=CT3242337" "Mozilla/5.0 (Windows NT 5.1; rv:20.0) Gecko/20100101 Firefox/20.0"
93.219.42.199 - - [20/May/2013:09:59:28 +0200] "GET /optiplus.php HTTP/1.1" 200 8760 "http://search.conduit.com/Results.aspx?q=mink+heiz%C3%B6l&Suggest=mink+heiz%C3%B6l&stype=Homepage&CUI=UN15110642018063179&UM=1&SelfSearch=1&SearchType=SearchWeb&SearchSource=13&ctid=CT3242337&octid=CT3242337" "Mozilla/5.0 (Windows NT 5.1; rv:20.0) Gecko/20100101 Firefox/20.0"
93.219.42.199 - - [20/May/2013:09:59:28 +0200] "GET /optiplus.php HTTP/1.1" 200 8760 "http://search.conduit.com/Results.aspx?q=mink+heiz%C3%B6l&Suggest=mink+heiz%C3%B6l&stype=Homepage&CUI=UN15110642018063179&UM=1&SelfSearch=1&SearchType=SearchWeb&SearchSource=13&ctid=CT3242337&octid=CT3242337" "Mozilla/5.0 (Windows NT 5.1; rv:20.0) Gecko/20100101 Firefox/20.0"
65.36.241.79 - - [20/May/2013:10:08:29 +0200] "HEAD / HTTP/1.1" 200 - "-" "InternetSeer.com"
66.249.78.46 - - [20/May/2013:10:17:36 +0200] "GET /news.php?cs_go=archiv&cs_id=3402&cs_search= HTTP/1.1" 200 7567 "-" "Mozilla/5.0 (iPhone; U; CPU iPhone OS 4_1 like Mac OS X; en-us) AppleWebKit/532.9 (KHTML, like Gecko) Version/4.0.5 Mobile/8B117 Safari/6531.22.7 (compatible; Googlebot-Mobile/2.1; +http://www.google.com/bot.html)"
66.249.78.46 - - [20/May/2013:10:25:43 +0200] "GET /news.php?cs_go=archiv&cs_id=4165&cs_search= HTTP/1.1" 200 11541 "-" "Mozilla/5.0 (iPhone; U; CPU iPhone OS 4_1 like Mac OS X; en-us) AppleWebKit/532.9 (KHTML, like Gecko) Version/4.0.5 Mobile/8B117 Safari/6531.22.7 (compatible; Googlebot-Mobile/2.1; +http://www.google.com/bot.html)"
141.8.147.12 - - [20/May/2013:10:51:34 +0200] "GET /news.php?cs_go=archiv&cs_startpos=470 HTTP/1.1" 200 5780 "-" "Mozilla/5.0 (compatible; YandexBot/3.0; +http://yandex.com/bots)"
66.249.75.49 - - [20/May/2013:10:56:54 +0200] "GET /agb.php HTTP/1.1" 200 17557 "-" "DoCoMo/2.0 N905i(c100;TB;W24H16) (compatible; Googlebot-Mobile/2.1; +http://www.google.com/bot.html)"
130.83.167.153 - - [20/May/2013:11:00:51 +0200] "GET /diesel.php HTTP/1.1" 200 4742 "-" "findlinks/2.6 (+http://wortschatz.uni-leipzig.de/findlinks/)"
130.83.167.153 - - [20/May/2013:11:00:51 +0200] "GET /diesel.php HTTP/1.1" 200 8299 "-" "findlinks/2.6 (+http://wortschatz.uni-leipzig.de/findlinks/)"
178.255.215.64 - - [20/May/2013:11:13:55 +0200] "GET /robots.txt HTTP/1.1" 200 177 "-" "Mozilla/5.0 (compatible; Exabot/3.0; +http://www.exabot.com/go/robot)"
178.255.215.64 - - [20/May/2013:11:13:55 +0200] "GET / HTTP/1.1" 200 12314 "-" "Mozilla/5.0 (compatible; Exabot/3.0; +http://www.exabot.com/go/robot)"
208.115.113.91 - - [20/May/2013:11:49:52 +0200] "GET /news.php?cs_go=archiv&cs_id=4075&cs_search= HTTP/1.1" 200 10263 "-" "Mozilla/5.0 (compatible; Ezooms/1.0; ezooms.bot@gmail.com)"
157.55.32.185 - - [20/May/2013:12:11:18 +0200] "GET /robots.txt HTTP/1.1" 200 177 "-" "Mozilla/5.0 (compatible; bingbot/2.0; +http://www.bing.com/bingbot.htm)"
157.55.32.185 - - [20/May/2013:12:13:54 +0200] "GET / HTTP/1.1" 200 12314 "-" "Mozilla/5.0 (compatible; bingbot/2.0; +http://www.bing.com/bingbot.htm)"
141.8.147.12 - - [20/May/2013:13:05:39 +0200] "GET /news.php?cs_go=archiv&cs_startpos=540 HTTP/1.1" 200 5780 "-" "Mozilla/5.0 (compatible; YandexBot/3.0; +http://yandex.com/bots)"
66.249.78.46 - - [20/May/2013:13:17:44 +0200] "GET /robots.txt HTTP/1.1" 200 177 "-" "Mozilla/5.0 (compatible; Googlebot/2.1; +http://www.google.com/bot.html)"
66.249.78.46 - - [20/May/2013:13:17:44 +0200] "GET /lexikon.php?cs_go=3&cs_id=181 HTTP/1.1" 200 5650 "-" "Mozilla/5.0 (compatible; Googlebot/2.1; +http://www.google.com/bot.html)"
66.249.78.46 - - [20/May/2013:13:33:39 +0200] "GET /news.php?cs_go=archiv&cs_id=2906 HTTP/1.1" 200 11367 "-" "Mozilla/5.0 (compatible; Googlebot/2.1; +http://www.google.com/bot.html)"
141.8.147.12 - - [20/May/2013:13:52:21 +0200] "GET /index.php HTTP/1.1" 200 12315 "-" "Mozilla/5.0 (compatible; YandexBot/3.0; +http://yandex.com/bots)"
141.8.147.12 - - [20/May/2013:14:05:11 +0200] "GET / HTTP/1.1" 200 12315 "-" "Mozilla/5.0 (compatible; YandexBot/3.0; +http://yandex.com/bots)"
66.249.75.49 - - [20/May/2013:14:09:16 +0200] "GET /news.php?cs_go=archiv&cs_id=4051 HTTP/1.1" 200 11119 "-" "DoCoMo/2.0 N905i(c100;TB;W24H16) (compatible; Googlebot-Mobile/2.1; +http://www.google.com/bot.html)"
66.249.78.46 - - [20/May/2013:14:29:41 +0200] "GET /news.php?cs_go=archiv&cs_id=3003&cs_search= HTTP/1.1" 200 9905 "-" "Mozilla/5.0 (compatible; Googlebot/2.1; +http://www.google.com/bot.html)"
141.8.147.12 - - [20/May/2013:14:34:48 +0200] "GET /news.php HTTP/1.1" 200 19722 "-" "Mozilla/5.0 (compatible; YandexBot/3.0; +http://yandex.com/bots)"
69.197.129.42 - - [20/May/2013:14:40:18 +0200] "GET /robots.txt HTTP/1.0" 200 177 "-" "Mozilla/5.0 (compatible; MJ12bot/v1.4.3; http://www.majestic12.co.uk/bot.php?+)"
69.197.129.42 - - [20/May/2013:14:40:20 +0200] "GET / HTTP/1.0" 200 12315 "-" "Mozilla/5.0 (compatible; MJ12bot/v1.4.3; http://www.majestic12.co.uk/bot.php?+)"
66.249.75.49 - - [20/May/2013:15:01:47 +0200] "GET /news.php?cs_go=archiv&cs_id=4035 HTTP/1.1" 200 7534 "-" "Mozilla/5.0 (compatible; Googlebot/2.1; +http://www.google.com/bot.html)"
66.249.78.46 - - [20/May/2013:15:04:47 +0200] "GET /news.php?cs_go=archiv&cs_id=4024&cs_search= HTTP/1.1" 200 11057 "-" "SAMSUNG-SGH-E250/1.0 Profile/MIDP-2.0 Configuration/CLDC-1.1 UP.Browser/6.2.3.3.c.1.101 (GUI) MMP/2.0 (compatible; Googlebot-Mobile/2.1; +http://www.google.com/bot.html)"
66.249.78.46 - - [20/May/2013:15:41:54 +0200] "GET / HTTP/1.1" 200 12315 "-" "Mozilla/5.0 (iPhone; U; CPU iPhone OS 4_1 like Mac OS X; en-us) AppleWebKit/532.9 (KHTML, like Gecko) Version/4.0.5 Mobile/8B117 Safari/6531.22.7 (compatible; Googlebot-Mobile/2.1; +http://www.google.com/bot.html)"
88.190.57.92 - - [20/May/2013:15:44:27 +0200] "GET /js_contentserver24_greybox/AJS.js HTTP/1.1" 200 10396 "http://www.mink-gmbh.de/" "Mozilla/5.0 (X11; Linux x86_64) AppleWebKit/534.34 (KHTML, like Gecko) Qt/4.8.1 Safari/534.34"
88.190.57.92 - - [20/May/2013:15:44:27 +0200] "GET /js_contentserver24_greybox/AJS_fx.js HTTP/1.1" 200 3192 "http://www.mink-gmbh.de/" "Mozilla/5.0 (X11; Linux x86_64) AppleWebKit/534.34 (KHTML, like Gecko) Qt/4.8.1 Safari/534.34"
88.190.57.92 - - [20/May/2013:15:44:27 +0200] "GET /js_contentserver24_greybox/gb_scripts.js HTTP/1.1" 200 11913 "http://www.mink-gmbh.de/" "Mozilla/5.0 (X11; Linux x86_64) AppleWebKit/534.34 (KHTML, like Gecko) Qt/4.8.1 Safari/534.34"
88.190.57.92 - - [20/May/2013:15:44:27 +0200] "GET / HTTP/1.1" 200 12315 "-" "Mozilla/5.0 (X11; Linux x86_64) AppleWebKit/534.34 (KHTML, like Gecko) Qt/4.8.1 Safari/534.34"
88.190.57.92 - - [20/May/2013:15:44:28 +0200] "GET /js_contentserver24_greybox/loader_frame.html?s=0 HTTP/1.1" 200 2084 "http://www.mink-gmbh.de/" "Mozilla/5.0 (X11; Linux x86_64) AppleWebKit/534.34 (KHTML, like Gecko) Qt/4.8.1 Safari/534.34"
65.36.241.79 - - [20/May/2013:16:00:19 +0200] "HEAD / HTTP/1.1" 200 - "-" "InternetSeer.com"
66.249.75.49 - - [20/May/2013:16:36:27 +0200] "GET / HTTP/1.1" 200 12315 "-" "Mozilla/5.0 (compatible; Googlebot/2.1; +http://www.google.com/bot.html)"
66.249.78.46 - - [20/May/2013:16:46:23 +0200] "GET /news.php?cs_go=archiv&cs_startpos=50 HTTP/1.1" 200 20221 "-" "Mozilla/5.0 (iPhone; U; CPU iPhone OS 4_1 like Mac OS X; en-us) AppleWebKit/532.9 (KHTML, like Gecko) Version/4.0.5 Mobile/8B117 Safari/6531.22.7 (compatible; Googlebot-Mobile/2.1; +http://www.google.com/bot.html)"
66.249.78.46 - - [20/May/2013:16:49:51 +0200] "GET /news.php?cs_go=archiv&cs_id=4191 HTTP/1.1" 200 9661 "-" "Mozilla/5.0 (compatible; Googlebot/2.1; +http://www.google.com/bot.html)"
66.249.78.46 - - [20/May/2013:16:54:30 +0200] "GET /news.php?cs_go=archiv&cs_id=4189 HTTP/1.1" 200 9668 "-" "Mozilla/5.0 (iPhone; U; CPU iPhone OS 4_1 like Mac OS X; en-us) AppleWebKit/532.9 (KHTML, like Gecko) Version/4.0.5 Mobile/8B117 Safari/6531.22.7 (compatible; Googlebot-Mobile/2.1; +http://www.google.com/bot.html)"
91.66.2.28 - - [20/May/2013:17:30:31 +0200] "GET /style.css HTTP/1.1" 200 8418 "http://www.mink-gmbh.de/index.php" "Mozilla/4.0 (compatible; MSIE 8.0; Windows NT 5.1; Trident/4.0; .NET CLR 2.0.50727; .NET CLR 3.0.4506.2152; .NET CLR 3.5.30729; OfficeLiveConnector.1.5; OfficeLivePatch.1.3)"
91.66.2.28 - - [20/May/2013:17:30:31 +0200] "GET /js_contentserver24_greybox/gb_styles.css HTTP/1.1" 304 - "http://www.mink-gmbh.de/index.php" "Mozilla/4.0 (compatible; MSIE 8.0; Windows NT 5.1; Trident/4.0; .NET CLR 2.0.50727; .NET CLR 3.0.4506.2152; .NET CLR 3.5.30729; OfficeLiveConnector.1.5; OfficeLivePatch.1.3)"
91.66.2.28 - - [20/May/2013:17:30:31 +0200] "GET /js_contentserver24_greybox/AJS.js HTTP/1.1" 304 - "http://www.mink-gmbh.de/index.php" "Mozilla/4.0 (compatible; MSIE 8.0; Windows NT 5.1; Trident/4.0; .NET CLR 2.0.50727; .NET CLR 3.0.4506.2152; .NET CLR 3.5.30729; OfficeLiveConnector.1.5; OfficeLivePatch.1.3)"
91.66.2.28 - - [20/May/2013:17:30:31 +0200] "GET /js_contentserver24_greybox/AJS_fx.js HTTP/1.1" 304 - "http://www.mink-gmbh.de/index.php" "Mozilla/4.0 (compatible; MSIE 8.0; Windows NT 5.1; Trident/4.0; .NET CLR 2.0.50727; .NET CLR 3.0.4506.2152; .NET CLR 3.5.30729; OfficeLiveConnector.1.5; OfficeLivePatch.1.3)"
91.66.2.28 - - [20/May/2013:17:30:31 +0200] "GET /js_contentserver24_greybox/gb_scripts.js HTTP/1.1" 304 - "http://www.mink-gmbh.de/index.php" "Mozilla/4.0 (compatible; MSIE 8.0; Windows NT 5.1; Trident/4.0; .NET CLR 2.0.50727; .NET CLR 3.0.4506.2152; .NET CLR 3.5.30729; OfficeLiveConnector.1.5; OfficeLivePatch.1.3)"
91.66.2.28 - - [20/May/2013:17:30:31 +0200] "GET /index.php HTTP/1.1" 200 12315 "-" "Mozilla/4.0 (compatible; MSIE 8.0; Windows NT 5.1; Trident/4.0; .NET CLR 2.0.50727; .NET CLR 3.0.4506.2152; .NET CLR 3.5.30729; OfficeLiveConnector.1.5; OfficeLivePatch.1.3)"
91.66.2.28 - - [20/May/2013:17:30:31 +0200] "GET /modul.css HTTP/1.1" 200 35038 "http://www.mink-gmbh.de/index.php" "Mozilla/4.0 (compatible; MSIE 8.0; Windows NT 5.1; Trident/4.0; .NET CLR 2.0.50727; .NET CLR 3.0.4506.2152; .NET CLR 3.5.30729; OfficeLiveConnector.1.5; OfficeLivePatch.1.3)"
91.66.2.28 - - [20/May/2013:17:30:32 +0200] "GET /images/bg.jpg HTTP/1.1" 304 - "http://www.mink-gmbh.de/index.php" "Mozilla/4.0 (compatible; MSIE 8.0; Windows NT 5.1; Trident/4.0; .NET CLR 2.0.50727; .NET CLR 3.0.4506.2152; .NET CLR 3.5.30729; OfficeLiveConnector.1.5; OfficeLivePatch.1.3)"
91.66.2.28 - - [20/May/2013:17:30:32 +0200] "GET /js_contentserver24_greybox/w_close.gif HTTP/1.1" 304 - "http://www.mink-gmbh.de/index.php" "Mozilla/4.0 (compatible; MSIE 8.0; Windows NT 5.1; Trident/4.0; .NET CLR 2.0.50727; .NET CLR 3.0.4506.2152; .NET CLR 3.5.30729; OfficeLiveConnector.1.5; OfficeLivePatch.1.3)"
91.66.2.28 - - [20/May/2013:17:30:32 +0200] "GET /js_contentserver24_greybox/header_bg.gif HTTP/1.1" 304 - "http://www.mink-gmbh.de/index.php" "Mozilla/4.0 (compatible; MSIE 8.0; Windows NT 5.1; Trident/4.0; .NET CLR 2.0.50727; .NET CLR 3.0.4506.2152; .NET CLR 3.5.30729; OfficeLiveConnector.1.5; OfficeLivePatch.1.3)"
91.66.2.28 - - [20/May/2013:17:30:32 +0200] "GET /images/newsletter_bg.jpg HTTP/1.1" 304 - "http://www.mink-gmbh.de/index.php" "Mozilla/4.0 (compatible; MSIE 8.0; Windows NT 5.1; Trident/4.0; .NET CLR 2.0.50727; .NET CLR 3.0.4506.2152; .NET CLR 3.5.30729; OfficeLiveConnector.1.5; OfficeLivePatch.1.3)"
91.66.2.28 - - [20/May/2013:17:30:32 +0200] "GET /images/wrapperbg.jpg HTTP/1.1" 304 - "http://www.mink-gmbh.de/index.php" "Mozilla/4.0 (compatible; MSIE 8.0; Windows NT 5.1; Trident/4.0; .NET CLR 2.0.50727; .NET CLR 3.0.4506.2152; .NET CLR 3.5.30729; OfficeLiveConnector.1.5; OfficeLivePatch.1.3)"
91.66.2.28 - - [20/May/2013:17:30:32 +0200] "GET /images/navibg.png HTTP/1.1" 304 - "http://www.mink-gmbh.de/index.php" "Mozilla/4.0 (compatible; MSIE 8.0; Windows NT 5.1; Trident/4.0; .NET CLR 2.0.50727; .NET CLR 3.0.4506.2152; .NET CLR 3.5.30729; OfficeLiveConnector.1.5; OfficeLivePatch.1.3)"
91.66.2.28 - - [20/May/2013:17:30:32 +0200] "GET /images/close.png HTTP/1.1" 304 - "http://www.mink-gmbh.de/index.php" "Mozilla/4.0 (compatible; MSIE 8.0; Windows NT 5.1; Trident/4.0; .NET CLR 2.0.50727; .NET CLR 3.0.4506.2152; .NET CLR 3.5.30729; OfficeLiveConnector.1.5; OfficeLivePatch.1.3)"
91.66.2.28 - - [20/May/2013:17:30:32 +0200] "GET /images/newsletter.png HTTP/1.1" 304 - "http://www.mink-gmbh.de/index.php" "Mozilla/4.0 (compatible; MSIE 8.0; Windows NT 5.1; Trident/4.0; .NET CLR 2.0.50727; .NET CLR 3.0.4506.2152; .NET CLR 3.5.30729; OfficeLiveConnector.1.5; OfficeLivePatch.1.3)"
91.66.2.28 - - [20/May/2013:17:30:32 +0200] "GET /images/gleichbleibend.png HTTP/1.1" 200 534 "http://www.mink-gmbh.de/index.php" "Mozilla/4.0 (compatible; MSIE 8.0; Windows NT 5.1; Trident/4.0; .NET CLR 2.0.50727; .NET CLR 3.0.4506.2152; .NET CLR 3.5.30729; OfficeLiveConnector.1.5; OfficeLivePatch.1.3)"
91.66.2.28 - - [20/May/2013:17:30:32 +0200] "GET /images/fallend.png HTTP/1.1" 304 - "http://www.mink-gmbh.de/index.php" "Mozilla/4.0 (compatible; MSIE 8.0; Windows NT 5.1; Trident/4.0; .NET CLR 2.0.50727; .NET CLR 3.0.4506.2152; .NET CLR 3.5.30729; OfficeLiveConnector.1.5; OfficeLivePatch.1.3)"
91.66.2.28 - - [20/May/2013:17:30:32 +0200] "GET /images/steigend.png HTTP/1.1" 304 - "http://www.mink-gmbh.de/index.php" "Mozilla/4.0 (compatible; MSIE 8.0; Windows NT 5.1; Trident/4.0; .NET CLR 2.0.50727; .NET CLR 3.0.4506.2152; .NET CLR 3.5.30729; OfficeLiveConnector.1.5; OfficeLivePatch.1.3)"
91.66.2.28 - - [20/May/2013:17:30:32 +0200] "GET /images/header.jpg HTTP/1.1" 200 40733 "http://www.mink-gmbh.de/index.php" "Mozilla/4.0 (compatible; MSIE 8.0; Windows NT 5.1; Trident/4.0; .NET CLR 2.0.50727; .NET CLR 3.0.4506.2152; .NET CLR 3.5.30729; OfficeLiveConnector.1.5; OfficeLivePatch.1.3)"
91.66.2.28 - - [20/May/2013:17:30:32 +0200] "GET /images/tkw.jpg HTTP/1.1" 304 - "http://www.mink-gmbh.de/index.php" "Mozilla/4.0 (compatible; MSIE 8.0; Windows NT 5.1; Trident/4.0; .NET CLR 2.0.50727; .NET CLR 3.0.4506.2152; .NET CLR 3.5.30729; OfficeLiveConnector.1.5; OfficeLivePatch.1.3)"
91.66.2.28 - - [20/May/2013:17:30:32 +0200] "GET /images/team-energie.png HTTP/1.1" 200 17383 "http://www.mink-gmbh.de/index.php" "Mozilla/4.0 (compatible; MSIE 8.0; Windows NT 5.1; Trident/4.0; .NET CLR 2.0.50727; .NET CLR 3.0.4506.2152; .NET CLR 3.5.30729; OfficeLiveConnector.1.5; OfficeLivePatch.1.3)"
91.66.2.28 - - [20/May/2013:17:30:33 +0200] "GET /js_contentserver24_greybox/loader_frame.html?s=0 HTTP/1.1" 304 - "http://www.mink-gmbh.de/index.php" "Mozilla/4.0 (compatible; MSIE 8.0; Windows NT 5.1; Trident/4.0; .NET CLR 2.0.50727; .NET CLR 3.0.4506.2152; .NET CLR 3.5.30729; OfficeLiveConnector.1.5; OfficeLivePatch.1.3)"
91.66.2.28 - - [20/May/2013:17:30:33 +0200] "GET /images/freecall.jpg HTTP/1.1" 304 - "http://www.mink-gmbh.de/index.php" "Mozilla/4.0 (compatible; MSIE 8.0; Windows NT 5.1; Trident/4.0; .NET CLR 2.0.50727; .NET CLR 3.0.4506.2152; .NET CLR 3.5.30729; OfficeLiveConnector.1.5; OfficeLivePatch.1.3)"
91.66.2.28 - - [20/May/2013:17:30:33 +0200] "GET /images/kwk.gif HTTP/1.1" 304 - "http://www.mink-gmbh.de/index.php" "Mozilla/4.0 (compatible; MSIE 8.0; Windows NT 5.1; Trident/4.0; .NET CLR 2.0.50727; .NET CLR 3.0.4506.2152; .NET CLR 3.5.30729; OfficeLiveConnector.1.5; OfficeLivePatch.1.3)"
91.66.2.28 - - [20/May/2013:17:30:33 +0200] "GET /images/mail.jpg HTTP/1.1" 304 - "http://www.mink-gmbh.de/index.php" "Mozilla/4.0 (compatible; MSIE 8.0; Windows NT 5.1; Trident/4.0; .NET CLR 2.0.50727; .NET CLR 3.0.4506.2152; .NET CLR 3.5.30729; OfficeLiveConnector.1.5; OfficeLivePatch.1.3)"
91.66.2.28 - - [20/May/2013:17:30:33 +0200] "GET /images/wunschpreis.jpg HTTP/1.1" 304 - "http://www.mink-gmbh.de/index.php" "Mozilla/4.0 (compatible; MSIE 8.0; Windows NT 5.1; Trident/4.0; .NET CLR 2.0.50727; .NET CLR 3.0.4506.2152; .NET CLR 3.5.30729; OfficeLiveConnector.1.5; OfficeLivePatch.1.3)"
91.66.2.28 - - [20/May/2013:17:30:33 +0200] "GET /images/logos.jpg HTTP/1.1" 304 - "http://www.mink-gmbh.de/index.php" "Mozilla/4.0 (compatible; MSIE 8.0; Windows NT 5.1; Trident/4.0; .NET CLR 2.0.50727; .NET CLR 3.0.4506.2152; .NET CLR 3.5.30729; OfficeLiveConnector.1.5; OfficeLivePatch.1.3)"
91.66.2.28 - - [20/May/2013:17:30:33 +0200] "GET /images/mobil.jpg HTTP/1.1" 304 - "http://www.mink-gmbh.de/index.php" "Mozilla/4.0 (compatible; MSIE 8.0; Windows NT 5.1; Trident/4.0; .NET CLR 2.0.50727; .NET CLR 3.0.4506.2152; .NET CLR 3.5.30729; OfficeLiveConnector.1.5; OfficeLivePatch.1.3)"
91.66.2.28 - - [20/May/2013:17:30:33 +0200] "GET /images/newsletter.jpg HTTP/1.1" 304 - "http://www.mink-gmbh.de/index.php" "Mozilla/4.0 (compatible; MSIE 8.0; Windows NT 5.1; Trident/4.0; .NET CLR 2.0.50727; .NET CLR 3.0.4506.2152; .NET CLR 3.5.30729; OfficeLiveConnector.1.5; OfficeLivePatch.1.3)"
91.66.2.28 - - [20/May/2013:17:30:33 +0200] "GET /images/footerbg.jpg HTTP/1.1" 304 - "http://www.mink-gmbh.de/index.php" "Mozilla/4.0 (compatible; MSIE 8.0; Windows NT 5.1; Trident/4.0; .NET CLR 2.0.50727; .NET CLR 3.0.4506.2152; .NET CLR 3.5.30729; OfficeLiveConnector.1.5; OfficeLivePatch.1.3)"
91.66.2.28 - - [20/May/2013:17:30:33 +0200] "GET /js_contentserver24_greybox/indicator.gif HTTP/1.1" 304 - "http://www.mink-gmbh.de/js_contentserver24_greybox/loader_frame.html?s=0" "Mozilla/4.0 (compatible; MSIE 8.0; Windows NT 5.1; Trident/4.0; .NET CLR 2.0.50727; .NET CLR 3.0.4506.2152; .NET CLR 3.5.30729; OfficeLiveConnector.1.5; OfficeLivePatch.1.3)"
91.66.2.28 - - [20/May/2013:17:30:34 +0200] "GET /js_contentserver24_greybox/g_close.gif HTTP/1.1" 304 - "http://www.mink-gmbh.de/index.php" "Mozilla/4.0 (compatible; MSIE 8.0; Windows NT 5.1; Trident/4.0; .NET CLR 2.0.50727; .NET CLR 3.0.4506.2152; .NET CLR 3.5.30729; OfficeLiveConnector.1.5; OfficeLivePatch.1.3)"
91.66.2.28 - - [20/May/2013:17:31:28 +0200] "GET /wunschpreis.php HTTP/1.1" 200 9932 "http://www.mink-gmbh.de/index.php" "Mozilla/4.0 (compatible; MSIE 8.0; Windows NT 5.1; Trident/4.0; .NET CLR 2.0.50727; .NET CLR 3.0.4506.2152; .NET CLR 3.5.30729; OfficeLiveConnector.1.5; OfficeLivePatch.1.3)"
91.66.2.28 - - [20/May/2013:17:32:33 +0200] "GET /preisanfrage.php HTTP/1.1" 200 8583 "http://www.mink-gmbh.de/wunschpreis.php" "Mozilla/4.0 (compatible; MSIE 8.0; Windows NT 5.1; Trident/4.0; .NET CLR 2.0.50727; .NET CLR 3.0.4506.2152; .NET CLR 3.5.30729; OfficeLiveConnector.1.5; OfficeLivePatch.1.3)"
208.115.113.91 - - [20/May/2013:17:37:17 +0200] "GET /robots.txt HTTP/1.1" 200 177 "-" "Mozilla/5.0 (compatible; Ezooms/1.0; ezooms.bot@gmail.com)"
178.8.66.250 - - [20/May/2013:18:13:12 +0200] "GET /style.css HTTP/1.1" 200 8418 "http://www.mink-gmbh.de/" "Mozilla/5.0 (Linux; U; Android 4.0.3; de-de; Vodafone SmartTab II 10 Build/SmartTabII10_A403_K85_130118) AppleWebKit/534.30 (KHTML, like Gecko) Version/4.0 Safari/534.30"
178.8.66.250 - - [20/May/2013:18:13:13 +0200] "GET /js_contentserver24_greybox/gb_styles.css HTTP/1.1" 200 2302 "http://www.mink-gmbh.de/" "Mozilla/5.0 (Linux; U; Android 4.0.3; de-de; Vodafone SmartTab II 10 Build/SmartTabII10_A403_K85_130118) AppleWebKit/534.30 (KHTML, like Gecko) Version/4.0 Safari/534.30"
178.8.66.250 - - [20/May/2013:18:13:12 +0200] "GET /modul.css HTTP/1.1" 200 35038 "http://www.mink-gmbh.de/" "Mozilla/5.0 (Linux; U; Android 4.0.3; de-de; Vodafone SmartTab II 10 Build/SmartTabII10_A403_K85_130118) AppleWebKit/534.30 (KHTML, like Gecko) Version/4.0 Safari/534.30"
178.8.66.250 - - [20/May/2013:18:13:13 +0200] "GET /js_contentserver24_greybox/AJS.js HTTP/1.1" 200 10396 "http://www.mink-gmbh.de/" "Mozilla/5.0 (Linux; U; Android 4.0.3; de-de; Vodafone SmartTab II 10 Build/SmartTabII10_A403_K85_130118) AppleWebKit/534.30 (KHTML, like Gecko) Version/4.0 Safari/534.30"
178.8.66.250 - - [20/May/2013:18:13:13 +0200] "GET /js_contentserver24_greybox/AJS_fx.js HTTP/1.1" 200 3192 "http://www.mink-gmbh.de/" "Mozilla/5.0 (Linux; U; Android 4.0.3; de-de; Vodafone SmartTab II 10 Build/SmartTabII10_A403_K85_130118) AppleWebKit/534.30 (KHTML, like Gecko) Version/4.0 Safari/534.30"
178.8.66.250 - - [20/May/2013:18:13:13 +0200] "GET /js_contentserver24_greybox/gb_scripts.js HTTP/1.1" 200 11913 "http://www.mink-gmbh.de/" "Mozilla/5.0 (Linux; U; Android 4.0.3; de-de; Vodafone SmartTab II 10 Build/SmartTabII10_A403_K85_130118) AppleWebKit/534.30 (KHTML, like Gecko) Version/4.0 Safari/534.30"
178.8.66.250 - - [20/May/2013:18:13:12 +0200] "GET / HTTP/1.1" 200 12315 "http://www.google.de/url?sa=t&rct=j&q=mink%20%C3%B6l%20kosmetikartikel&source=web&cd=7&ved=0CEoQFjAG&url=http%3A%2F%2Fwww.mink-gmbh.de%2F&ei=2UqaUbbYBcadtQaooIEQ&usg=AFQjCNFHX4Iglls9oo-KYXTmDUV_5KOVIg&bvm=bv.46751780,d.Yms" "Mozilla/5.0 (Linux; U; Android 4.0.3; de-de; Vodafone SmartTab II 10 Build/SmartTabII10_A403_K85_130118) AppleWebKit/534.30 (KHTML, like Gecko) Version/4.0 Safari/534.30"
178.8.66.250 - - [20/May/2013:18:13:15 +0200] "GET /images/bg.jpg HTTP/1.1" 200 345 "http://www.mink-gmbh.de/" "Mozilla/5.0 (Linux; U; Android 4.0.3; de-de; Vodafone SmartTab II 10 Build/SmartTabII10_A403_K85_130118) AppleWebKit/534.30 (KHTML, like Gecko) Version/4.0 Safari/534.30"
178.8.66.250 - - [20/May/2013:18:13:15 +0200] "GET /images/team-energie.png HTTP/1.1" 200 17383 "http://www.mink-gmbh.de/" "Mozilla/5.0 (Linux; U; Android 4.0.3; de-de; Vodafone SmartTab II 10 Build/SmartTabII10_A403_K85_130118) AppleWebKit/534.30 (KHTML, like Gecko) Version/4.0 Safari/534.30"
178.8.66.250 - - [20/May/2013:18:13:15 +0200] "GET /images/freecall.jpg HTTP/1.1" 200 39195 "http://www.mink-gmbh.de/" "Mozilla/5.0 (Linux; U; Android 4.0.3; de-de; Vodafone SmartTab II 10 Build/SmartTabII10_A403_K85_130118) AppleWebKit/534.30 (KHTML, like Gecko) Version/4.0 Safari/534.30"
178.8.66.250 - - [20/May/2013:18:13:15 +0200] "GET /images/mail.jpg HTTP/1.1" 200 11165 "http://www.mink-gmbh.de/" "Mozilla/5.0 (Linux; U; Android 4.0.3; de-de; Vodafone SmartTab II 10 Build/SmartTabII10_A403_K85_130118) AppleWebKit/534.30 (KHTML, like Gecko) Version/4.0 Safari/534.30"
178.8.66.250 - - [20/May/2013:18:13:15 +0200] "GET /images/kwk.gif HTTP/1.1" 200 6403 "http://www.mink-gmbh.de/" "Mozilla/5.0 (Linux; U; Android 4.0.3; de-de; Vodafone SmartTab II 10 Build/SmartTabII10_A403_K85_130118) AppleWebKit/534.30 (KHTML, like Gecko) Version/4.0 Safari/534.30"
178.8.66.250 - - [20/May/2013:18:13:15 +0200] "GET /images/wunschpreis.jpg HTTP/1.1" 200 16767 "http://www.mink-gmbh.de/" "Mozilla/5.0 (Linux; U; Android 4.0.3; de-de; Vodafone SmartTab II 10 Build/SmartTabII10_A403_K85_130118) AppleWebKit/534.30 (KHTML, like Gecko) Version/4.0 Safari/534.30"
178.8.66.250 - - [20/May/2013:18:13:15 +0200] "GET /images/logos.jpg HTTP/1.1" 200 15002 "http://www.mink-gmbh.de/" "Mozilla/5.0 (Linux; U; Android 4.0.3; de-de; Vodafone SmartTab II 10 Build/SmartTabII10_A403_K85_130118) AppleWebKit/534.30 (KHTML, like Gecko) Version/4.0 Safari/534.30"
178.8.66.250 - - [20/May/2013:18:13:15 +0200] "GET /js_contentserver24_greybox/w_close.gif HTTP/1.1" 200 74 "http://www.mink-gmbh.de/" "Mozilla/5.0 (Linux; U; Android 4.0.3; de-de; Vodafone SmartTab II 10 Build/SmartTabII10_A403_K85_130118) AppleWebKit/534.30 (KHTML, like Gecko) Version/4.0 Safari/534.30"
178.8.66.250 - - [20/May/2013:18:13:15 +0200] "GET /images/tkw.jpg HTTP/1.1" 200 64031 "http://www.mink-gmbh.de/" "Mozilla/5.0 (Linux; U; Android 4.0.3; de-de; Vodafone SmartTab II 10 Build/SmartTabII10_A403_K85_130118) AppleWebKit/534.30 (KHTML, like Gecko) Version/4.0 Safari/534.30"
178.8.66.250 - - [20/May/2013:18:13:15 +0200] "GET /js_contentserver24_greybox/loader_frame.html?s=0 HTTP/1.1" 200 2084 "http://www.mink-gmbh.de/" "Mozilla/5.0 (Linux; U; Android 4.0.3; de-de; Vodafone SmartTab II 10 Build/SmartTabII10_A403_K85_130118) AppleWebKit/534.30 (KHTML, like Gecko) Version/4.0 Safari/534.30"
178.8.66.250 - - [20/May/2013:18:13:15 +0200] "GET /images/close.png HTTP/1.1" 200 703 "http://www.mink-gmbh.de/" "Mozilla/5.0 (Linux; U; Android 4.0.3; de-de; Vodafone SmartTab II 10 Build/SmartTabII10_A403_K85_130118) AppleWebKit/534.30 (KHTML, like Gecko) Version/4.0 Safari/534.30"
178.8.66.250 - - [20/May/2013:18:13:15 +0200] "GET /images/newsletter_bg.jpg HTTP/1.1" 200 33610 "http://www.mink-gmbh.de/" "Mozilla/5.0 (Linux; U; Android 4.0.3; de-de; Vodafone SmartTab II 10 Build/SmartTabII10_A403_K85_130118) AppleWebKit/534.30 (KHTML, like Gecko) Version/4.0 Safari/534.30"
178.8.66.250 - - [20/May/2013:18:13:15 +0200] "GET /images/newsletter.png HTTP/1.1" 200 14619 "http://www.mink-gmbh.de/" "Mozilla/5.0 (Linux; U; Android 4.0.3; de-de; Vodafone SmartTab II 10 Build/SmartTabII10_A403_K85_130118) AppleWebKit/534.30 (KHTML, like Gecko) Version/4.0 Safari/534.30"
178.8.66.250 - - [20/May/2013:18:13:15 +0200] "GET /images/wrapperbg.jpg HTTP/1.1" 200 27465 "http://www.mink-gmbh.de/" "Mozilla/5.0 (Linux; U; Android 4.0.3; de-de; Vodafone SmartTab II 10 Build/SmartTabII10_A403_K85_130118) AppleWebKit/534.30 (KHTML, like Gecko) Version/4.0 Safari/534.30"
178.8.66.250 - - [20/May/2013:18:13:15 +0200] "GET /images/header.jpg HTTP/1.1" 200 40733 "http://www.mink-gmbh.de/" "Mozilla/5.0 (Linux; U; Android 4.0.3; de-de; Vodafone SmartTab II 10 Build/SmartTabII10_A403_K85_130118) AppleWebKit/534.30 (KHTML, like Gecko) Version/4.0 Safari/534.30"
178.8.66.250 - - [20/May/2013:18:13:15 +0200] "GET /images/navibg.png HTTP/1.1" 200 2803 "http://www.mink-gmbh.de/" "Mozilla/5.0 (Linux; U; Android 4.0.3; de-de; Vodafone SmartTab II 10 Build/SmartTabII10_A403_K85_130118) AppleWebKit/534.30 (KHTML, like Gecko) Version/4.0 Safari/534.30"
178.8.66.250 - - [20/May/2013:18:13:15 +0200] "GET /images/gleichbleibend.png HTTP/1.1" 200 534 "http://www.mink-gmbh.de/" "Mozilla/5.0 (Linux; U; Android 4.0.3; de-de; Vodafone SmartTab II 10 Build/SmartTabII10_A403_K85_130118) AppleWebKit/534.30 (KHTML, like Gecko) Version/4.0 Safari/534.30"
178.8.66.250 - - [20/May/2013:18:13:16 +0200] "GET /images/fallend.png HTTP/1.1" 200 713 "http://www.mink-gmbh.de/" "Mozilla/5.0 (Linux; U; Android 4.0.3; de-de; Vodafone SmartTab II 10 Build/SmartTabII10_A403_K85_130118) AppleWebKit/534.30 (KHTML, like Gecko) Version/4.0 Safari/534.30"
178.8.66.250 - - [20/May/2013:18:13:16 +0200] "GET /images/steigend.png HTTP/1.1" 200 688 "http://www.mink-gmbh.de/" "Mozilla/5.0 (Linux; U; Android 4.0.3; de-de; Vodafone SmartTab II 10 Build/SmartTabII10_A403_K85_130118) AppleWebKit/534.30 (KHTML, like Gecko) Version/4.0 Safari/534.30"
178.8.66.250 - - [20/May/2013:18:13:16 +0200] "GET /images/mobil.jpg HTTP/1.1" 200 25293 "http://www.mink-gmbh.de/" "Mozilla/5.0 (Linux; U; Android 4.0.3; de-de; Vodafone SmartTab II 10 Build/SmartTabII10_A403_K85_130118) AppleWebKit/534.30 (KHTML, like Gecko) Version/4.0 Safari/534.30"
178.8.66.250 - - [20/May/2013:18:13:16 +0200] "GET /images/newsletter.jpg HTTP/1.1" 200 13130 "http://www.mink-gmbh.de/" "Mozilla/5.0 (Linux; U; Android 4.0.3; de-de; Vodafone SmartTab II 10 Build/SmartTabII10_A403_K85_130118) AppleWebKit/534.30 (KHTML, like Gecko) Version/4.0 Safari/534.30"
178.8.66.250 - - [20/May/2013:18:13:16 +0200] "GET /images/footerbg.jpg HTTP/1.1" 200 2184 "http://www.mink-gmbh.de/" "Mozilla/5.0 (Linux; U; Android 4.0.3; de-de; Vodafone SmartTab II 10 Build/SmartTabII10_A403_K85_130118) AppleWebKit/534.30 (KHTML, like Gecko) Version/4.0 Safari/534.30"
178.8.66.250 - - [20/May/2013:18:13:16 +0200] "GET /js_contentserver24_greybox/header_bg.gif HTTP/1.1" 200 1188 "http://www.mink-gmbh.de/" "Mozilla/5.0 (Linux; U; Android 4.0.3; de-de; Vodafone SmartTab II 10 Build/SmartTabII10_A403_K85_130118) AppleWebKit/534.30 (KHTML, like Gecko) Version/4.0 Safari/534.30"
178.8.66.250 - - [20/May/2013:18:13:16 +0200] "GET /js_contentserver24_greybox/indicator.gif HTTP/1.1" 200 8238 "http://www.mink-gmbh.de/js_contentserver24_greybox/loader_frame.html?s=0" "Mozilla/5.0 (Linux; U; Android 4.0.3; de-de; Vodafone SmartTab II 10 Build/SmartTabII10_A403_K85_130118) AppleWebKit/534.30 (KHTML, like Gecko) Version/4.0 Safari/534.30"
178.8.66.250 - - [20/May/2013:18:13:17 +0200] "GET /favicon.ico HTTP/1.1" 200 3638 "http://www.mink-gmbh.de/" "Mozilla/5.0 (Linux; U; Android 4.0.3; de-de; Vodafone SmartTab II 10 Build/SmartTabII10_A403_K85_130118) AppleWebKit/534.30 (KHTML, like Gecko) Version/4.0 Safari/534.30"
178.8.66.250 - - [20/May/2013:18:13:17 +0200] "GET /js_contentserver24_greybox/g_close.gif HTTP/1.1" 200 541 "http://www.mink-gmbh.de/" "Mozilla/5.0 (Linux; U; Android 4.0.3; de-de; Vodafone SmartTab II 10 Build/SmartTabII10_A403_K85_130118) AppleWebKit/534.30 (KHTML, like Gecko) Version/4.0 Safari/534.30"
141.8.147.12 - - [20/May/2013:18:15:14 +0200] "GET /robots.txt HTTP/1.1" 200 177 "-" "Mozilla/5.0 (compatible; YandexBot/3.0; +http://yandex.com/bots)"
66.249.78.46 - - [20/May/2013:18:16:32 +0200] "GET /modul.css HTTP/1.1" 200 35038 "-" "Mozilla/5.0 (compatible; Googlebot/2.1; +http://www.google.com/bot.html)"
66.249.78.46 - - [20/May/2013:18:16:32 +0200] "GET /js_contentserver24_greybox/gb_styles.css HTTP/1.1" 200 2302 "-" "Mozilla/5.0 (compatible; Googlebot/2.1; +http://www.google.com/bot.html)"
66.249.78.46 - - [20/May/2013:18:16:33 +0200] "GET /style.css HTTP/1.1" 200 8418 "-" "Mozilla/5.0 (compatible; Googlebot/2.1; +http://www.google.com/bot.html)"
66.249.78.46 - - [20/May/2013:18:30:29 +0200] "GET /news.php?cs_go=archiv&cs_id=3844 HTTP/1.1" 200 11098 "-" "Mozilla/5.0 (compatible; Googlebot/2.1; +http://www.google.com/bot.html)"
141.8.147.12 - - [20/May/2013:18:51:58 +0200] "GET /news.php?cs_go=archiv&cs_id=4160&cs_search= HTTP/1.1" 200 7644 "-" "Mozilla/5.0 (compatible; YandexBot/3.0; +http://yandex.com/bots)"
141.8.147.12 - - [20/May/2013:19:10:51 +0200] "GET /news.php?cs_go=archiv&cs_id=4023&cs_search= HTTP/1.1" 200 11015 "-" "Mozilla/5.0 (compatible; YandexBot/3.0; +http://yandex.com/bots)"
141.8.147.12 - - [20/May/2013:19:17:20 +0200] "GET /news.php?cs_go=archiv&cs_id=3816&cs_search= HTTP/1.1" 200 11030 "-" "Mozilla/5.0 (compatible; YandexBot/3.0; +http://yandex.com/bots)"
141.8.147.12 - - [20/May/2013:19:17:22 +0200] "GET /news.php?cs_go=archiv&cs_id=4024&cs_search= HTTP/1.1" 200 11057 "-" "Mozilla/5.0 (compatible; YandexBot/3.0; +http://yandex.com/bots)"
66.249.78.46 - - [20/May/2013:19:22:08 +0200] "GET /news.php?cs_go=archiv&cs_id=4021 HTTP/1.1" 200 11683 "-" "Mozilla/5.0 (compatible; Googlebot/2.1; +http://www.google.com/bot.html)"
141.8.147.12 - - [20/May/2013:19:27:01 +0200] "GET /news.php?cs_go=archiv&cs_id=4158&cs_search= HTTP/1.1" 200 13851 "-" "Mozilla/5.0 (compatible; YandexBot/3.0; +http://yandex.com/bots)"
208.115.113.91 - - [20/May/2013:19:32:35 +0200] "GET /news.php?cs_go=archiv&cs_id=4059&cs_search= HTTP/1.1" 200 11065 "-" "Mozilla/5.0 (compatible; Ezooms/1.0; ezooms.bot@gmail.com)"
66.249.78.46 - - [20/May/2013:19:42:47 +0200] "GET /news.php?cs_go=archiv&cs_id=4016 HTTP/1.1" 200 7834 "-" "Mozilla/5.0 (compatible; Googlebot/2.1; +http://www.google.com/bot.html)"
208.115.111.75 - - [20/May/2013:19:42:51 +0200] "GET /robots.txt HTTP/1.1" 200 177 "-" "Mozilla/5.0 (compatible; Ezooms/1.0; ezooms.bot@gmail.com)"
141.8.147.12 - - [20/May/2013:19:50:37 +0200] "GET /news.php?cs_go=archiv&cs_id=3815&cs_search= HTTP/1.1" 200 10906 "-" "Mozilla/5.0 (compatible; YandexBot/3.0; +http://yandex.com/bots)"
141.8.147.12 - - [20/May/2013:20:01:46 +0200] "GET /news.php?cs_go=archiv&cs_id=4074&cs_search= HTTP/1.1" 200 11160 "-" "Mozilla/5.0 (compatible; YandexBot/3.0; +http://yandex.com/bots)"
141.8.147.12 - - [20/May/2013:20:10:55 +0200] "GET /news.php?cs_go=archiv&cs_id=4167&cs_search= HTTP/1.1" 200 10779 "-" "Mozilla/5.0 (compatible; YandexBot/3.0; +http://yandex.com/bots)"
157.55.32.185 - - [20/May/2013:20:16:39 +0200] "GET /robots.txt HTTP/1.1" 200 177 "-" "Mozilla/5.0 (compatible; bingbot/2.0; +http://www.bing.com/bingbot.htm)"
157.55.32.185 - - [20/May/2013:20:18:23 +0200] "GET / HTTP/1.1" 200 12315 "-" "Mozilla/5.0 (compatible; bingbot/2.0; +http://www.bing.com/bingbot.htm)"
141.8.147.12 - - [20/May/2013:20:42:27 +0200] "GET /news.php?cs_go=archiv&cs_id=4173&cs_search= HTTP/1.1" 200 11485 "-" "Mozilla/5.0 (compatible; YandexBot/3.0; +http://yandex.com/bots)"
66.249.78.46 - - [20/May/2013:21:00:02 +0200] "GET /news.php?cs_go=archiv&cs_id=3814 HTTP/1.1" 200 10702 "-" "Mozilla/5.0 (compatible; Googlebot/2.1; +http://www.google.com/bot.html)"
66.249.78.46 - - [20/May/2013:21:00:26 +0200] "GET /news.php?cs_go=archiv&cs_id=4037 HTTP/1.1" 200 7589 "-" "Mozilla/5.0 (compatible; Googlebot/2.1; +http://www.google.com/bot.html)"
141.8.147.12 - - [20/May/2013:21:01:48 +0200] "GET /news.php?cs_go=archiv&cs_id=3980&cs_search= HTTP/1.1" 200 7648 "-" "Mozilla/5.0 (compatible; YandexBot/3.0; +http://yandex.com/bots)"
66.249.75.49 - - [20/May/2013:21:08:58 +0200] "GET /news.php?cs_go=archiv&cs_id=4179&cs_search= HTTP/1.1" 200 11647 "-" "SAMSUNG-SGH-E250/1.0 Profile/MIDP-2.0 Configuration/CLDC-1.1 UP.Browser/6.2.3.3.c.1.101 (GUI) MMP/2.0 (compatible; Googlebot-Mobile/2.1; +http://www.google.com/bot.html)"
141.8.147.12 - - [20/May/2013:21:11:34 +0200] "GET /news.php?cs_go=archiv&cs_id=4193&cs_search= HTTP/1.1" 200 9389 "-" "Mozilla/5.0 (compatible; YandexBot/3.0; +http://yandex.com/bots)"
65.36.241.79 - - [20/May/2013:21:14:25 +0200] "HEAD / HTTP/1.1" 200 - "-" "InternetSeer.com"
130.83.167.153 - - [20/May/2013:21:20:53 +0200] "GET /index.php HTTP/1.1" 200 3468 "-" "findlinks/2.6 (+http://wortschatz.uni-leipzig.de/findlinks/)"
130.83.167.153 - - [20/May/2013:21:20:54 +0200] "GET /index.php HTTP/1.1" 200 11572 "-" "findlinks/2.6 (+http://wortschatz.uni-leipzig.de/findlinks/)"
141.8.147.12 - - [20/May/2013:21:21:18 +0200] "GET /news.php?cs_go=archiv&cs_id=4047&cs_search= HTTP/1.1" 200 10818 "-" "Mozilla/5.0 (compatible; YandexBot/3.0; +http://yandex.com/bots)"
