77.185.205.178 - - [03/May/2013:17:00:38 +0200] "GET /favicon.ico HTTP/1.1" 200 3638 "-" "Mozilla/5.0 (Windows NT 6.1; WOW64; rv:19.0) Gecko/20100101 Firefox/19.0"
77.185.205.178 - - [03/May/2013:17:00:38 +0200] "GET /js_contentserver24_greybox/gb_styles.css HTTP/1.1" 200 2302 "http://www.mink-gmbh.de/" "Mozilla/5.0 (Windows NT 6.1; WOW64; rv:19.0) Gecko/20100101 Firefox/19.0"
77.185.205.178 - - [03/May/2013:17:00:38 +0200] "GET /js_contentserver24_greybox/AJS.js HTTP/1.1" 200 10396 "http://www.mink-gmbh.de/" "Mozilla/5.0 (Windows NT 6.1; WOW64; rv:19.0) Gecko/20100101 Firefox/19.0"
77.185.205.178 - - [03/May/2013:17:00:38 +0200] "GET /js_contentserver24_greybox/AJS_fx.js HTTP/1.1" 200 3192 "http://www.mink-gmbh.de/" "Mozilla/5.0 (Windows NT 6.1; WOW64; rv:19.0) Gecko/20100101 Firefox/19.0"
77.185.205.178 - - [03/May/2013:17:00:38 +0200] "GET /js_contentserver24_greybox/gb_scripts.js HTTP/1.1" 200 11913 "http://www.mink-gmbh.de/" "Mozilla/5.0 (Windows NT 6.1; WOW64; rv:19.0) Gecko/20100101 Firefox/19.0"
77.185.205.178 - - [03/May/2013:17:00:38 +0200] "GET / HTTP/1.1" 200 12175 "http://www.google.de/url?sa=t&rct=j&q=&esrc=s&source=web&cd=1&ved=0CDQQFjAA&url=http%3A%2F%2Fwww.mink-gmbh.de%2F&ei=09CDUb_0GIXDswacgIHYDA&usg=AFQjCNFHX4Iglls9oo-KYXTmDUV_5KOVIg&bvm=bv.45960087,d.Yms" "Mozilla/5.0 (Windows NT 6.1; WOW64; rv:19.0) Gecko/20100101 Firefox/19.0"
77.185.205.178 - - [03/May/2013:17:00:38 +0200] "GET /images/bg.jpg HTTP/1.1" 200 345 "http://www.mink-gmbh.de/style.css" "Mozilla/5.0 (Windows NT 6.1; WOW64; rv:19.0) Gecko/20100101 Firefox/19.0"
77.185.205.178 - - [03/May/2013:17:00:39 +0200] "GET /images/freecall.jpg HTTP/1.1" 200 39195 "http://www.mink-gmbh.de/" "Mozilla/5.0 (Windows NT 6.1; WOW64; rv:19.0) Gecko/20100101 Firefox/19.0"
77.185.205.178 - - [03/May/2013:17:00:39 +0200] "GET /images/mail.jpg HTTP/1.1" 200 11165 "http://www.mink-gmbh.de/" "Mozilla/5.0 (Windows NT 6.1; WOW64; rv:19.0) Gecko/20100101 Firefox/19.0"
77.185.205.178 - - [03/May/2013:17:00:39 +0200] "GET /images/kwk.gif HTTP/1.1" 200 6403 "http://www.mink-gmbh.de/" "Mozilla/5.0 (Windows NT 6.1; WOW64; rv:19.0) Gecko/20100101 Firefox/19.0"
77.185.205.178 - - [03/May/2013:17:00:39 +0200] "GET /images/wunschpreis.jpg HTTP/1.1" 200 16767 "http://www.mink-gmbh.de/" "Mozilla/5.0 (Windows NT 6.1; WOW64; rv:19.0) Gecko/20100101 Firefox/19.0"
77.185.205.178 - - [03/May/2013:17:00:39 +0200] "GET /images/tkw.jpg HTTP/1.1" 200 64031 "http://www.mink-gmbh.de/" "Mozilla/5.0 (Windows NT 6.1; WOW64; rv:19.0) Gecko/20100101 Firefox/19.0"
77.185.205.178 - - [03/May/2013:17:00:39 +0200] "GET /images/logos.jpg HTTP/1.1" 200 15002 "http://www.mink-gmbh.de/" "Mozilla/5.0 (Windows NT 6.1; WOW64; rv:19.0) Gecko/20100101 Firefox/19.0"
77.185.205.178 - - [03/May/2013:17:00:39 +0200] "GET /js_contentserver24_greybox/w_close.gif HTTP/1.1" 200 74 "http://www.mink-gmbh.de/" "Mozilla/5.0 (Windows NT 6.1; WOW64; rv:19.0) Gecko/20100101 Firefox/19.0"
77.185.205.178 - - [03/May/2013:17:00:39 +0200] "GET /images/close.png HTTP/1.1" 200 703 "http://www.mink-gmbh.de/" "Mozilla/5.0 (Windows NT 6.1; WOW64; rv:19.0) Gecko/20100101 Firefox/19.0"
77.185.205.178 - - [03/May/2013:17:00:39 +0200] "GET /images/newsletter_bg.jpg HTTP/1.1" 200 33610 "http://www.mink-gmbh.de/" "Mozilla/5.0 (Windows NT 6.1; WOW64; rv:19.0) Gecko/20100101 Firefox/19.0"
77.185.205.178 - - [03/May/2013:17:00:39 +0200] "GET /images/newsletter.png HTTP/1.1" 200 14619 "http://www.mink-gmbh.de/style.css" "Mozilla/5.0 (Windows NT 6.1; WOW64; rv:19.0) Gecko/20100101 Firefox/19.0"
77.185.205.178 - - [03/May/2013:17:00:39 +0200] "GET /js_contentserver24_greybox/loader_frame.html?s=0 HTTP/1.1" 200 2084 "http://www.mink-gmbh.de/" "Mozilla/5.0 (Windows NT 6.1; WOW64; rv:19.0) Gecko/20100101 Firefox/19.0"
77.185.205.178 - - [03/May/2013:17:00:39 +0200] "GET /js_contentserver24_greybox/header_bg.gif HTTP/1.1" 200 1188 "http://www.mink-gmbh.de/" "Mozilla/5.0 (Windows NT 6.1; WOW64; rv:19.0) Gecko/20100101 Firefox/19.0"
77.185.205.178 - - [03/May/2013:17:00:39 +0200] "GET /js_contentserver24_greybox/indicator.gif HTTP/1.1" 200 8238 "http://www.mink-gmbh.de/js_contentserver24_greybox/loader_frame.html?s=0" "Mozilla/5.0 (Windows NT 6.1; WOW64; rv:19.0) Gecko/20100101 Firefox/19.0"
77.185.205.178 - - [03/May/2013:17:00:39 +0200] "GET /images/wrapperbg.jpg HTTP/1.1" 200 27465 "http://www.mink-gmbh.de/style.css" "Mozilla/5.0 (Windows NT 6.1; WOW64; rv:19.0) Gecko/20100101 Firefox/19.0"
77.185.205.178 - - [03/May/2013:17:00:39 +0200] "GET /images/header.jpg HTTP/1.1" 200 24413 "http://www.mink-gmbh.de/style.css" "Mozilla/5.0 (Windows NT 6.1; WOW64; rv:19.0) Gecko/20100101 Firefox/19.0"
77.185.205.178 - - [03/May/2013:17:00:40 +0200] "GET /images/navibg.png HTTP/1.1" 200 2803 "http://www.mink-gmbh.de/style.css" "Mozilla/5.0 (Windows NT 6.1; WOW64; rv:19.0) Gecko/20100101 Firefox/19.0"
77.185.205.178 - - [03/May/2013:17:00:41 +0200] "GET /images/steigend.png HTTP/1.1" 200 688 "http://www.mink-gmbh.de/modul.css" "Mozilla/5.0 (Windows NT 6.1; WOW64; rv:19.0) Gecko/20100101 Firefox/19.0"
77.185.205.178 - - [03/May/2013:17:00:41 +0200] "GET /images/fallend.png HTTP/1.1" 200 713 "http://www.mink-gmbh.de/modul.css" "Mozilla/5.0 (Windows NT 6.1; WOW64; rv:19.0) Gecko/20100101 Firefox/19.0"
77.185.205.178 - - [03/May/2013:17:00:42 +0200] "GET /images/mobil.jpg HTTP/1.1" 200 25293 "http://www.mink-gmbh.de/style.css" "Mozilla/5.0 (Windows NT 6.1; WOW64; rv:19.0) Gecko/20100101 Firefox/19.0"
77.185.205.178 - - [03/May/2013:17:00:42 +0200] "GET /images/newsletter.jpg HTTP/1.1" 200 13130 "http://www.mink-gmbh.de/style.css" "Mozilla/5.0 (Windows NT 6.1; WOW64; rv:19.0) Gecko/20100101 Firefox/19.0"
77.185.205.178 - - [03/May/2013:17:00:42 +0200] "GET /images/footerbg.jpg HTTP/1.1" 200 2184 "http://www.mink-gmbh.de/style.css" "Mozilla/5.0 (Windows NT 6.1; WOW64; rv:19.0) Gecko/20100101 Firefox/19.0"
77.185.205.178 - - [03/May/2013:17:00:42 +0200] "GET /js_contentserver24_greybox/g_close.gif HTTP/1.1" 200 541 "http://www.mink-gmbh.de/" "Mozilla/5.0 (Windows NT 6.1; WOW64; rv:19.0) Gecko/20100101 Firefox/19.0"
77.185.205.178 - - [03/May/2013:17:00:49 +0200] "GET /wunschpreis.php HTTP/1.1" 200 11997 "http://www.mink-gmbh.de/" "Mozilla/5.0 (Windows NT 6.1; WOW64; rv:19.0) Gecko/20100101 Firefox/19.0"
77.185.205.178 - - [03/May/2013:17:00:52 +0200] "GET /preisanfrage.php HTTP/1.1" 200 10648 "http://www.mink-gmbh.de/wunschpreis.php" "Mozilla/5.0 (Windows NT 6.1; WOW64; rv:19.0) Gecko/20100101 Firefox/19.0"
123.125.71.38 - - [03/May/2013:17:33:08 +0200] "GET / HTTP/1.1" 200 6434 "-" "Mozilla/5.0 (compatible; Baiduspider/2.0; +http://www.baidu.com/search/spider.html)"
220.181.108.114 - - [03/May/2013:17:33:40 +0200] "GET / HTTP/1.1" 200 5524 "-" "Mozilla/5.0 (compatible; Baiduspider/2.0; +http://www.baidu.com/search/spider.html)"
66.249.75.49 - - [03/May/2013:17:33:54 +0200] "GET /news.php?cs_go=archiv&cs_id=3417 HTTP/1.1" 200 13109 "-" "Mozilla/5.0 (compatible; Googlebot/2.1; +http://www.google.com/bot.html)"
208.115.113.91 - - [03/May/2013:17:38:30 +0200] "GET /robots.txt HTTP/1.1" 200 177 "-" "Mozilla/5.0 (compatible; Ezooms/1.0; ezooms.bot@gmail.com)"
66.249.78.46 - - [03/May/2013:17:42:14 +0200] "GET /news.php?cs_go=archiv&cs_id=3974 HTTP/1.1" 200 10032 "-" "Mozilla/5.0 (compatible; Googlebot/2.1; +http://www.google.com/bot.html)"
66.249.78.46 - - [03/May/2013:18:11:00 +0200] "GET /rueckrufservice.php HTTP/1.1" 200 10770 "-" "Mozilla/5.0 (iPhone; U; CPU iPhone OS 4_1 like Mac OS X; en-us) AppleWebKit/532.9 (KHTML, like Gecko) Version/4.0.5 Mobile/8B117 Safari/6531.22.7 (compatible; Googlebot-Mobile/2.1; +http://www.google.com/bot.html)"
66.249.78.46 - - [03/May/2013:18:25:27 +0200] "GET /news.php?cs_go=archiv&cs_id=2930&cs_search= HTTP/1.1" 200 15773 "-" "Mozilla/5.0 (iPhone; U; CPU iPhone OS 4_1 like Mac OS X; en-us) AppleWebKit/532.9 (KHTML, like Gecko) Version/4.0.5 Mobile/8B117 Safari/6531.22.7 (compatible; Googlebot-Mobile/2.1; +http://www.google.com/bot.html)"
141.8.147.12 - - [03/May/2013:18:34:17 +0200] "GET /news.php?cs_go=archiv&cs_id=3847 HTTP/1.1" 200 12084 "-" "Mozilla/5.0 (compatible; YandexBot/3.0; +http://yandex.com/bots)"
82.94.179.38 - - [03/May/2013:18:41:11 +0200] "GET /robots.txt HTTP/1.0" 200 177 "-" "Mozilla/4.0 (compatible; Vagabondo/4.0/EU; http://webagent.wise-guys.nl/)"
82.94.179.38 - - [03/May/2013:18:41:11 +0200] "GET /index.php HTTP/1.1" 200 12175 "http://www.mink-gmbh.de/" "Mozilla/4.0 (compatible; Vagabondo/4.0/EU; http://www.wise-guys.nl/)"
82.94.179.38 - - [03/May/2013:18:41:21 +0200] "GET / HTTP/1.1" 200 12175 "-" "Mozilla/4.0 (compatible; Vagabondo/4.0/EU; http://www.wise-guys.nl/)"
82.94.179.38 - - [03/May/2013:18:41:31 +0200] "GET /news.php?cs_go=archiv&cs_startpos=70 HTTP/1.1" 200 22632 "http://www.mink-gmbh.de/news.php?cs_go=archiv&cs_startpos=20" "Mozilla/4.0 (compatible; Vagabondo/4.0/EU; http://www.wise-guys.nl/)"
82.94.179.38 - - [03/May/2013:18:41:40 +0200] "GET /news.php?cs_go=archiv&cs_startpos=200 HTTP/1.1" 200 22664 "http://www.mink-gmbh.de/news.php?cs_go=archiv&cs_startpos=150" "Mozilla/4.0 (compatible; Vagabondo/4.0/EU; http://www.wise-guys.nl/)"
82.94.179.38 - - [03/May/2013:18:41:50 +0200] "GET /news.php?cs_go=archiv&cs_startpos=10 HTTP/1.1" 200 22300 "http://www.mink-gmbh.de/news.php" "Mozilla/4.0 (compatible; Vagabondo/4.0/EU; http://www.wise-guys.nl/)"
82.94.179.38 - - [03/May/2013:18:42:00 +0200] "GET /news.php?cs_go=archiv&cs_startpos=180 HTTP/1.1" 200 22706 "http://www.mink-gmbh.de/news.php?cs_go=archiv&cs_startpos=140" "Mozilla/4.0 (compatible; Vagabondo/4.0/EU; http://www.wise-guys.nl/)"
82.94.179.38 - - [03/May/2013:18:42:10 +0200] "GET /news.php?cs_go=archiv&cs_startpos=50 HTTP/1.1" 200 22642 "http://www.mink-gmbh.de/news.php?cs_go=archiv" "Mozilla/4.0 (compatible; Vagabondo/4.0/EU; http://www.wise-guys.nl/)"
82.94.179.38 - - [03/May/2013:18:42:19 +0200] "GET /news.php?cs_go=archiv&cs_startpos=100 HTTP/1.1" 200 22669 "http://www.mink-gmbh.de/news.php?cs_go=archiv&cs_startpos=50" "Mozilla/4.0 (compatible; Vagabondo/4.0/EU; http://www.wise-guys.nl/)"
82.94.179.38 - - [03/May/2013:18:42:29 +0200] "GET /news.php HTTP/1.1" 200 22209 "http://www.mink-gmbh.de/" "Mozilla/4.0 (compatible; Vagabondo/4.0/EU; http://www.wise-guys.nl/)"
82.94.179.38 - - [03/May/2013:18:42:38 +0200] "GET /news.php?cs_go=archiv HTTP/1.1" 200 22209 "http://www.mink-gmbh.de/" "Mozilla/4.0 (compatible; Vagabondo/4.0/EU; http://www.wise-guys.nl/)"
82.94.179.38 - - [03/May/2013:18:42:46 +0200] "GET /news.php?cs_go=archiv&cs_startpos=210 HTTP/1.1" 200 22870 "http://www.mink-gmbh.de/news.php?cs_go=archiv&cs_startpos=200" "Mozilla/4.0 (compatible; Vagabondo/4.0/EU; http://www.wise-guys.nl/)"
82.94.179.38 - - [03/May/2013:18:42:55 +0200] "GET /news.php?cs_go=archiv&cs_startpos=80 HTTP/1.1" 200 22602 "http://www.mink-gmbh.de/news.php?cs_go=archiv&cs_startpos=50" "Mozilla/4.0 (compatible; Vagabondo/4.0/EU; http://www.wise-guys.nl/)"
82.94.179.38 - - [03/May/2013:18:43:05 +0200] "GET /news.php?cs_go=archiv&cs_startpos=60 HTTP/1.1" 200 22910 "http://www.mink-gmbh.de/news.php?cs_go=archiv&cs_startpos=50" "Mozilla/4.0 (compatible; Vagabondo/4.0/EU; http://www.wise-guys.nl/)"
82.94.179.38 - - [03/May/2013:18:43:14 +0200] "GET /news.php?cs_go=archiv&cs_startpos=160 HTTP/1.1" 200 22643 "http://www.mink-gmbh.de/news.php?cs_go=archiv&cs_startpos=150" "Mozilla/4.0 (compatible; Vagabondo/4.0/EU; http://www.wise-guys.nl/)"
82.94.179.38 - - [03/May/2013:18:43:24 +0200] "GET /news.php?cs_go=archiv&cs_startpos=190 HTTP/1.1" 200 22700 "http://www.mink-gmbh.de/news.php?cs_go=archiv&cs_startpos=140" "Mozilla/4.0 (compatible; Vagabondo/4.0/EU; http://www.wise-guys.nl/)"
82.94.179.38 - - [03/May/2013:18:43:32 +0200] "GET /news.php?cs_go=archiv&cs_startpos=0 HTTP/1.1" 200 22209 "http://www.mink-gmbh.de/news.php" "Mozilla/4.0 (compatible; Vagabondo/4.0/EU; http://www.wise-guys.nl/)"
82.94.179.38 - - [03/May/2013:18:43:40 +0200] "GET /news.php?cs_go=archiv&cs_startpos=170 HTTP/1.1" 200 22742 "http://www.mink-gmbh.de/news.php?cs_go=archiv&cs_startpos=150" "Mozilla/4.0 (compatible; Vagabondo/4.0/EU; http://www.wise-guys.nl/)"
82.94.179.38 - - [03/May/2013:18:43:48 +0200] "GET /news.php?cs_go=archiv&cs_startpos=90 HTTP/1.1" 200 22849 "http://www.mink-gmbh.de/news.php?cs_go=archiv&cs_startpos=40" "Mozilla/4.0 (compatible; Vagabondo/4.0/EU; http://www.wise-guys.nl/)"
82.94.179.38 - - [03/May/2013:18:43:57 +0200] "GET /news.php?cs_go=archiv&cs_startpos=20 HTTP/1.1" 200 22475 "http://www.mink-gmbh.de/news.php" "Mozilla/4.0 (compatible; Vagabondo/4.0/EU; http://www.wise-guys.nl/)"
82.94.179.38 - - [03/May/2013:18:44:06 +0200] "GET /news.php?cs_go=archiv&cs_startpos=30 HTTP/1.1" 200 22513 "http://www.mink-gmbh.de/news.php" "Mozilla/4.0 (compatible; Vagabondo/4.0/EU; http://www.wise-guys.nl/)"
82.94.179.38 - - [03/May/2013:18:44:14 +0200] "GET /news.php?cs_go=archiv&cs_startpos=40 HTTP/1.1" 200 22750 "http://www.mink-gmbh.de/news.php" "Mozilla/4.0 (compatible; Vagabondo/4.0/EU; http://www.wise-guys.nl/)"
84.189.147.14 - - [03/May/2013:18:54:40 +0200] "GET / HTTP/1.1" 200 12175 "http://suche.t-online.de/fast-cgi/tsc?mandant=toi&q=heiz%C3%B6l+berlin&device=html&lang=any&lv=mv&classification=internet-tab_internet_std&more=variante2h&dia=suche_start&context=internet-tab&tpc=internet&ptl=std&adpage=2&www_start=10&www_num=10&tstmp=1367599911747" "Mozilla/4.0 (compatible; MSIE 7.0; TOB 6.12; Windows NT 6.0; Trident/4.0; GTB7.4; SLCC1; .NET CLR 2.0.50727; Media Center PC 5.0; .NET CLR 1.1.4322; .NET CLR 3.5.30729; .NET CLR 3.0.30618; .NET4.0C; OfficeLiveConnector.1.5; OfficeLivePatch.1.3)"
84.189.147.14 - - [03/May/2013:18:54:41 +0200] "GET /style.css HTTP/1.1" 200 8418 "http://www.mink-gmbh.de/" "Mozilla/4.0 (compatible; MSIE 7.0; TOB 6.12; Windows NT 6.0; Trident/4.0; GTB7.4; SLCC1; .NET CLR 2.0.50727; Media Center PC 5.0; .NET CLR 1.1.4322; .NET CLR 3.5.30729; .NET CLR 3.0.30618; .NET4.0C; OfficeLiveConnector.1.5; OfficeLivePatch.1.3)"
84.189.147.14 - - [03/May/2013:18:54:41 +0200] "GET /js_contentserver24_greybox/gb_styles.css HTTP/1.1" 200 2302 "http://www.mink-gmbh.de/" "Mozilla/4.0 (compatible; MSIE 7.0; TOB 6.12; Windows NT 6.0; Trident/4.0; GTB7.4; SLCC1; .NET CLR 2.0.50727; Media Center PC 5.0; .NET CLR 1.1.4322; .NET CLR 3.5.30729; .NET CLR 3.0.30618; .NET4.0C; OfficeLiveConnector.1.5; OfficeLivePatch.1.3)"
84.189.147.14 - - [03/May/2013:18:54:41 +0200] "GET /js_contentserver24_greybox/AJS.js HTTP/1.1" 200 10396 "http://www.mink-gmbh.de/" "Mozilla/4.0 (compatible; MSIE 7.0; TOB 6.12; Windows NT 6.0; Trident/4.0; GTB7.4; SLCC1; .NET CLR 2.0.50727; Media Center PC 5.0; .NET CLR 1.1.4322; .NET CLR 3.5.30729; .NET CLR 3.0.30618; .NET4.0C; OfficeLiveConnector.1.5; OfficeLivePatch.1.3)"
84.189.147.14 - - [03/May/2013:18:54:41 +0200] "GET /modul.css HTTP/1.1" 200 35038 "http://www.mink-gmbh.de/" "Mozilla/4.0 (compatible; MSIE 7.0; TOB 6.12; Windows NT 6.0; Trident/4.0; GTB7.4; SLCC1; .NET CLR 2.0.50727; Media Center PC 5.0; .NET CLR 1.1.4322; .NET CLR 3.5.30729; .NET CLR 3.0.30618; .NET4.0C; OfficeLiveConnector.1.5; OfficeLivePatch.1.3)"
84.189.147.14 - - [03/May/2013:18:54:42 +0200] "GET /js_contentserver24_greybox/AJS_fx.js HTTP/1.1" 200 3192 "http://www.mink-gmbh.de/" "Mozilla/4.0 (compatible; MSIE 7.0; TOB 6.12; Windows NT 6.0; Trident/4.0; GTB7.4; SLCC1; .NET CLR 2.0.50727; Media Center PC 5.0; .NET CLR 1.1.4322; .NET CLR 3.5.30729; .NET CLR 3.0.30618; .NET4.0C; OfficeLiveConnector.1.5; OfficeLivePatch.1.3)"
84.189.147.14 - - [03/May/2013:18:54:42 +0200] "GET /js_contentserver24_greybox/gb_scripts.js HTTP/1.1" 200 11913 "http://www.mink-gmbh.de/" "Mozilla/4.0 (compatible; MSIE 7.0; TOB 6.12; Windows NT 6.0; Trident/4.0; GTB7.4; SLCC1; .NET CLR 2.0.50727; Media Center PC 5.0; .NET CLR 1.1.4322; .NET CLR 3.5.30729; .NET CLR 3.0.30618; .NET4.0C; OfficeLiveConnector.1.5; OfficeLivePatch.1.3)"
84.189.147.14 - - [03/May/2013:18:54:42 +0200] "GET /images/bg.jpg HTTP/1.1" 200 345 "http://www.mink-gmbh.de/" "Mozilla/4.0 (compatible; MSIE 7.0; TOB 6.12; Windows NT 6.0; Trident/4.0; GTB7.4; SLCC1; .NET CLR 2.0.50727; Media Center PC 5.0; .NET CLR 1.1.4322; .NET CLR 3.5.30729; .NET CLR 3.0.30618; .NET4.0C; OfficeLiveConnector.1.5; OfficeLivePatch.1.3)"
84.189.147.14 - - [03/May/2013:18:54:42 +0200] "GET /js_contentserver24_greybox/w_close.gif HTTP/1.1" 200 74 "http://www.mink-gmbh.de/" "Mozilla/4.0 (compatible; MSIE 7.0; TOB 6.12; Windows NT 6.0; Trident/4.0; GTB7.4; SLCC1; .NET CLR 2.0.50727; Media Center PC 5.0; .NET CLR 1.1.4322; .NET CLR 3.5.30729; .NET CLR 3.0.30618; .NET4.0C; OfficeLiveConnector.1.5; OfficeLivePatch.1.3)"
84.189.147.14 - - [03/May/2013:18:54:42 +0200] "GET /js_contentserver24_greybox/header_bg.gif HTTP/1.1" 200 1188 "http://www.mink-gmbh.de/" "Mozilla/4.0 (compatible; MSIE 7.0; TOB 6.12; Windows NT 6.0; Trident/4.0; GTB7.4; SLCC1; .NET CLR 2.0.50727; Media Center PC 5.0; .NET CLR 1.1.4322; .NET CLR 3.5.30729; .NET CLR 3.0.30618; .NET4.0C; OfficeLiveConnector.1.5; OfficeLivePatch.1.3)"
84.189.147.14 - - [03/May/2013:18:54:42 +0200] "GET /images/freecall.jpg HTTP/1.1" 200 39195 "http://www.mink-gmbh.de/" "Mozilla/4.0 (compatible; MSIE 7.0; TOB 6.12; Windows NT 6.0; Trident/4.0; GTB7.4; SLCC1; .NET CLR 2.0.50727; Media Center PC 5.0; .NET CLR 1.1.4322; .NET CLR 3.5.30729; .NET CLR 3.0.30618; .NET4.0C; OfficeLiveConnector.1.5; OfficeLivePatch.1.3)"
84.189.147.14 - - [03/May/2013:18:54:42 +0200] "GET /images/tkw.jpg HTTP/1.1" 200 64031 "http://www.mink-gmbh.de/" "Mozilla/4.0 (compatible; MSIE 7.0; TOB 6.12; Windows NT 6.0; Trident/4.0; GTB7.4; SLCC1; .NET CLR 2.0.50727; Media Center PC 5.0; .NET CLR 1.1.4322; .NET CLR 3.5.30729; .NET CLR 3.0.30618; .NET4.0C; OfficeLiveConnector.1.5; OfficeLivePatch.1.3)"
84.189.147.14 - - [03/May/2013:18:54:43 +0200] "GET /js_contentserver24_greybox/loader_frame.html?s=0 HTTP/1.1" 200 2084 "http://www.mink-gmbh.de/" "Mozilla/4.0 (compatible; MSIE 7.0; TOB 6.12; Windows NT 6.0; Trident/4.0; GTB7.4; SLCC1; .NET CLR 2.0.50727; Media Center PC 5.0; .NET CLR 1.1.4322; .NET CLR 3.5.30729; .NET CLR 3.0.30618; .NET4.0C; OfficeLiveConnector.1.5; OfficeLivePatch.1.3)"
84.189.147.14 - - [03/May/2013:18:54:43 +0200] "GET /images/kwk.gif HTTP/1.1" 200 6403 "http://www.mink-gmbh.de/" "Mozilla/4.0 (compatible; MSIE 7.0; TOB 6.12; Windows NT 6.0; Trident/4.0; GTB7.4; SLCC1; .NET CLR 2.0.50727; Media Center PC 5.0; .NET CLR 1.1.4322; .NET CLR 3.5.30729; .NET CLR 3.0.30618; .NET4.0C; OfficeLiveConnector.1.5; OfficeLivePatch.1.3)"
84.189.147.14 - - [03/May/2013:18:54:43 +0200] "GET /images/mail.jpg HTTP/1.1" 200 11165 "http://www.mink-gmbh.de/" "Mozilla/4.0 (compatible; MSIE 7.0; TOB 6.12; Windows NT 6.0; Trident/4.0; GTB7.4; SLCC1; .NET CLR 2.0.50727; Media Center PC 5.0; .NET CLR 1.1.4322; .NET CLR 3.5.30729; .NET CLR 3.0.30618; .NET4.0C; OfficeLiveConnector.1.5; OfficeLivePatch.1.3)"
84.189.147.14 - - [03/May/2013:18:54:43 +0200] "GET /images/wunschpreis.jpg HTTP/1.1" 200 16767 "http://www.mink-gmbh.de/" "Mozilla/4.0 (compatible; MSIE 7.0; TOB 6.12; Windows NT 6.0; Trident/4.0; GTB7.4; SLCC1; .NET CLR 2.0.50727; Media Center PC 5.0; .NET CLR 1.1.4322; .NET CLR 3.5.30729; .NET CLR 3.0.30618; .NET4.0C; OfficeLiveConnector.1.5; OfficeLivePatch.1.3)"
84.189.147.14 - - [03/May/2013:18:54:44 +0200] "GET /images/logos.jpg HTTP/1.1" 200 15002 "http://www.mink-gmbh.de/" "Mozilla/4.0 (compatible; MSIE 7.0; TOB 6.12; Windows NT 6.0; Trident/4.0; GTB7.4; SLCC1; .NET CLR 2.0.50727; Media Center PC 5.0; .NET CLR 1.1.4322; .NET CLR 3.5.30729; .NET CLR 3.0.30618; .NET4.0C; OfficeLiveConnector.1.5; OfficeLivePatch.1.3)"
84.189.147.14 - - [03/May/2013:18:54:44 +0200] "GET /images/wrapperbg.jpg HTTP/1.1" 200 27465 "http://www.mink-gmbh.de/" "Mozilla/4.0 (compatible; MSIE 7.0; TOB 6.12; Windows NT 6.0; Trident/4.0; GTB7.4; SLCC1; .NET CLR 2.0.50727; Media Center PC 5.0; .NET CLR 1.1.4322; .NET CLR 3.5.30729; .NET CLR 3.0.30618; .NET4.0C; OfficeLiveConnector.1.5; OfficeLivePatch.1.3)"
84.189.147.14 - - [03/May/2013:18:54:44 +0200] "GET /images/navibg.png HTTP/1.1" 200 2803 "http://www.mink-gmbh.de/" "Mozilla/4.0 (compatible; MSIE 7.0; TOB 6.12; Windows NT 6.0; Trident/4.0; GTB7.4; SLCC1; .NET CLR 2.0.50727; Media Center PC 5.0; .NET CLR 1.1.4322; .NET CLR 3.5.30729; .NET CLR 3.0.30618; .NET4.0C; OfficeLiveConnector.1.5; OfficeLivePatch.1.3)"
84.189.147.14 - - [03/May/2013:18:54:44 +0200] "GET /images/newsletter_bg.jpg HTTP/1.1" 200 33610 "http://www.mink-gmbh.de/" "Mozilla/4.0 (compatible; MSIE 7.0; TOB 6.12; Windows NT 6.0; Trident/4.0; GTB7.4; SLCC1; .NET CLR 2.0.50727; Media Center PC 5.0; .NET CLR 1.1.4322; .NET CLR 3.5.30729; .NET CLR 3.0.30618; .NET4.0C; OfficeLiveConnector.1.5; OfficeLivePatch.1.3)"
84.189.147.14 - - [03/May/2013:18:54:44 +0200] "GET /images/header.jpg HTTP/1.1" 200 24413 "http://www.mink-gmbh.de/" "Mozilla/4.0 (compatible; MSIE 7.0; TOB 6.12; Windows NT 6.0; Trident/4.0; GTB7.4; SLCC1; .NET CLR 2.0.50727; Media Center PC 5.0; .NET CLR 1.1.4322; .NET CLR 3.5.30729; .NET CLR 3.0.30618; .NET4.0C; OfficeLiveConnector.1.5; OfficeLivePatch.1.3)"
84.189.147.14 - - [03/May/2013:18:54:44 +0200] "GET /images/steigend.png HTTP/1.1" 200 688 "http://www.mink-gmbh.de/" "Mozilla/4.0 (compatible; MSIE 7.0; TOB 6.12; Windows NT 6.0; Trident/4.0; GTB7.4; SLCC1; .NET CLR 2.0.50727; Media Center PC 5.0; .NET CLR 1.1.4322; .NET CLR 3.5.30729; .NET CLR 3.0.30618; .NET4.0C; OfficeLiveConnector.1.5; OfficeLivePatch.1.3)"
84.189.147.14 - - [03/May/2013:18:54:44 +0200] "GET /images/fallend.png HTTP/1.1" 200 713 "http://www.mink-gmbh.de/" "Mozilla/4.0 (compatible; MSIE 7.0; TOB 6.12; Windows NT 6.0; Trident/4.0; GTB7.4; SLCC1; .NET CLR 2.0.50727; Media Center PC 5.0; .NET CLR 1.1.4322; .NET CLR 3.5.30729; .NET CLR 3.0.30618; .NET4.0C; OfficeLiveConnector.1.5; OfficeLivePatch.1.3)"
84.189.147.14 - - [03/May/2013:18:54:44 +0200] "GET /images/mobil.jpg HTTP/1.1" 200 25293 "http://www.mink-gmbh.de/" "Mozilla/4.0 (compatible; MSIE 7.0; TOB 6.12; Windows NT 6.0; Trident/4.0; GTB7.4; SLCC1; .NET CLR 2.0.50727; Media Center PC 5.0; .NET CLR 1.1.4322; .NET CLR 3.5.30729; .NET CLR 3.0.30618; .NET4.0C; OfficeLiveConnector.1.5; OfficeLivePatch.1.3)"
84.189.147.14 - - [03/May/2013:18:54:45 +0200] "GET /images/newsletter.jpg HTTP/1.1" 200 13130 "http://www.mink-gmbh.de/" "Mozilla/4.0 (compatible; MSIE 7.0; TOB 6.12; Windows NT 6.0; Trident/4.0; GTB7.4; SLCC1; .NET CLR 2.0.50727; Media Center PC 5.0; .NET CLR 1.1.4322; .NET CLR 3.5.30729; .NET CLR 3.0.30618; .NET4.0C; OfficeLiveConnector.1.5; OfficeLivePatch.1.3)"
84.189.147.14 - - [03/May/2013:18:54:45 +0200] "GET /images/footerbg.jpg HTTP/1.1" 200 2184 "http://www.mink-gmbh.de/" "Mozilla/4.0 (compatible; MSIE 7.0; TOB 6.12; Windows NT 6.0; Trident/4.0; GTB7.4; SLCC1; .NET CLR 2.0.50727; Media Center PC 5.0; .NET CLR 1.1.4322; .NET CLR 3.5.30729; .NET CLR 3.0.30618; .NET4.0C; OfficeLiveConnector.1.5; OfficeLivePatch.1.3)"
84.189.147.14 - - [03/May/2013:18:54:45 +0200] "GET /images/close.png HTTP/1.1" 200 703 "http://www.mink-gmbh.de/" "Mozilla/4.0 (compatible; MSIE 7.0; TOB 6.12; Windows NT 6.0; Trident/4.0; GTB7.4; SLCC1; .NET CLR 2.0.50727; Media Center PC 5.0; .NET CLR 1.1.4322; .NET CLR 3.5.30729; .NET CLR 3.0.30618; .NET4.0C; OfficeLiveConnector.1.5; OfficeLivePatch.1.3)"
84.189.147.14 - - [03/May/2013:18:54:45 +0200] "GET /images/newsletter.png HTTP/1.1" 200 14619 "http://www.mink-gmbh.de/" "Mozilla/4.0 (compatible; MSIE 7.0; TOB 6.12; Windows NT 6.0; Trident/4.0; GTB7.4; SLCC1; .NET CLR 2.0.50727; Media Center PC 5.0; .NET CLR 1.1.4322; .NET CLR 3.5.30729; .NET CLR 3.0.30618; .NET4.0C; OfficeLiveConnector.1.5; OfficeLivePatch.1.3)"
84.189.147.14 - - [03/May/2013:18:54:45 +0200] "GET /favicon.ico HTTP/1.1" 200 3638 "-" "T-Online Browser"
84.189.147.14 - - [03/May/2013:18:54:45 +0200] "GET /js_contentserver24_greybox/g_close.gif HTTP/1.1" 200 541 "http://www.mink-gmbh.de/" "Mozilla/4.0 (compatible; MSIE 7.0; TOB 6.12; Windows NT 6.0; Trident/4.0; GTB7.4; SLCC1; .NET CLR 2.0.50727; Media Center PC 5.0; .NET CLR 1.1.4322; .NET CLR 3.5.30729; .NET CLR 3.0.30618; .NET4.0C; OfficeLiveConnector.1.5; OfficeLivePatch.1.3)"
84.189.147.14 - - [03/May/2013:18:54:45 +0200] "GET /js_contentserver24_greybox/indicator.gif HTTP/1.1" 200 8238 "http://www.mink-gmbh.de/" "Mozilla/4.0 (compatible; MSIE 7.0; TOB 6.12; Windows NT 6.0; Trident/4.0; GTB7.4; SLCC1; .NET CLR 2.0.50727; Media Center PC 5.0; .NET CLR 1.1.4322; .NET CLR 3.5.30729; .NET CLR 3.0.30618; .NET4.0C; OfficeLiveConnector.1.5; OfficeLivePatch.1.3)"
84.189.147.14 - - [03/May/2013:18:54:59 +0200] "GET /preisanfrage.php HTTP/1.1" 200 10648 "http://www.mink-gmbh.de/" "Mozilla/4.0 (compatible; MSIE 7.0; TOB 6.12; Windows NT 6.0; Trident/4.0; GTB7.4; SLCC1; .NET CLR 2.0.50727; Media Center PC 5.0; .NET CLR 1.1.4322; .NET CLR 3.5.30729; .NET CLR 3.0.30618; .NET4.0C; OfficeLiveConnector.1.5; OfficeLivePatch.1.3)"
84.189.147.14 - - [03/May/2013:18:55:05 +0200] "GET /wunschpreis.php HTTP/1.1" 200 11997 "http://www.mink-gmbh.de/preisanfrage.php" "Mozilla/4.0 (compatible; MSIE 7.0; TOB 6.12; Windows NT 6.0; Trident/4.0; GTB7.4; SLCC1; .NET CLR 2.0.50727; Media Center PC 5.0; .NET CLR 1.1.4322; .NET CLR 3.5.30729; .NET CLR 3.0.30618; .NET4.0C; OfficeLiveConnector.1.5; OfficeLivePatch.1.3)"
84.189.147.14 - - [03/May/2013:18:55:10 +0200] "GET /standard.php HTTP/1.1" 200 9131 "http://www.mink-gmbh.de/wunschpreis.php" "Mozilla/4.0 (compatible; MSIE 7.0; TOB 6.12; Windows NT 6.0; Trident/4.0; GTB7.4; SLCC1; .NET CLR 2.0.50727; Media Center PC 5.0; .NET CLR 1.1.4322; .NET CLR 3.5.30729; .NET CLR 3.0.30618; .NET4.0C; OfficeLiveConnector.1.5; OfficeLivePatch.1.3)"
66.249.78.46 - - [03/May/2013:18:57:17 +0200] "GET /news.php?cs_go=archiv&cs_id=4075 HTTP/1.1" 200 12608 "-" "Mozilla/5.0 (compatible; Googlebot/2.1; +http://www.google.com/bot.html)"
66.249.78.46 - - [03/May/2013:19:14:20 +0200] "GET /news.php?cs_go=archiv&cs_id=3976 HTTP/1.1" 200 13570 "-" "Mozilla/5.0 (compatible; Googlebot/2.1; +http://www.google.com/bot.html)"
66.249.78.46 - - [03/May/2013:19:32:21 +0200] "GET /news.php?cs_go=archiv&cs_id=3975 HTTP/1.1" 200 10890 "-" "Mozilla/5.0 (compatible; Googlebot/2.1; +http://www.google.com/bot.html)"
37.75.185.216 - - [03/May/2013:19:34:05 +0200] "GET / HTTP/1.1" 200 12175 "-" "Mozilla/5.0 (compatible; Abonti/0.91 - http://www.abonti.com)"
208.115.113.91 - - [03/May/2013:19:46:39 +0200] "GET /news.php?cs_go=archiv&cs_id=3997&cs_search= HTTP/1.1" 200 12016 "-" "Mozilla/5.0 (compatible; Ezooms/1.0; ezooms.bot@gmail.com)"
66.249.78.46 - - [03/May/2013:19:50:47 +0200] "GET /news.php?cs_go=archiv&cs_startpos=50 HTTP/1.1" 200 22642 "-" "Mozilla/5.0 (compatible; Googlebot/2.1; +http://www.google.com/bot.html)"
66.249.78.46 - - [03/May/2013:19:54:54 +0200] "GET /news.php?cs_go=archiv&cs_id=4092&cs_search= HTTP/1.1" 200 13913 "-" "Mozilla/5.0 (compatible; Googlebot/2.1; +http://www.google.com/bot.html)"
66.249.78.46 - - [03/May/2013:19:57:43 +0200] "GET /modernisierung.php?cs_gp_go=plus HTTP/1.1" 200 11578 "-" "Mozilla/5.0 (iPhone; U; CPU iPhone OS 4_1 like Mac OS X; en-us) AppleWebKit/532.9 (KHTML, like Gecko) Version/4.0.5 Mobile/8B117 Safari/6531.22.7 (compatible; Googlebot-Mobile/2.1; +http://www.google.com/bot.html)"
65.36.241.79 - - [03/May/2013:20:17:11 +0200] "HEAD / HTTP/1.1" 200 - "-" "InternetSeer.com"
66.249.78.46 - - [03/May/2013:20:38:28 +0200] "GET /news.php?cs_go=archiv&cs_startpos=60 HTTP/1.1" 200 22910 "-" "Mozilla/5.0 (compatible; Googlebot/2.1; +http://www.google.com/bot.html)"
85.177.82.170 - - [03/May/2013:20:50:38 +0200] "GET /style.css HTTP/1.1" 200 8418 "http://www.mink-gmbh.de/" "Mozilla/5.0 (Macintosh; Intel Mac OS X 10_8_3) AppleWebKit/537.31 (KHTML, like Gecko) Chrome/26.0.1410.65 Safari/537.31"
85.177.82.170 - - [03/May/2013:20:50:38 +0200] "GET /modul.css HTTP/1.1" 200 35038 "http://www.mink-gmbh.de/" "Mozilla/5.0 (Macintosh; Intel Mac OS X 10_8_3) AppleWebKit/537.31 (KHTML, like Gecko) Chrome/26.0.1410.65 Safari/537.31"
85.177.82.170 - - [03/May/2013:20:50:38 +0200] "GET /js_contentserver24_greybox/gb_styles.css HTTP/1.1" 200 2302 "http://www.mink-gmbh.de/" "Mozilla/5.0 (Macintosh; Intel Mac OS X 10_8_3) AppleWebKit/537.31 (KHTML, like Gecko) Chrome/26.0.1410.65 Safari/537.31"
85.177.82.170 - - [03/May/2013:20:50:38 +0200] "GET /js_contentserver24_greybox/AJS.js HTTP/1.1" 200 10396 "http://www.mink-gmbh.de/" "Mozilla/5.0 (Macintosh; Intel Mac OS X 10_8_3) AppleWebKit/537.31 (KHTML, like Gecko) Chrome/26.0.1410.65 Safari/537.31"
85.177.82.170 - - [03/May/2013:20:50:38 +0200] "GET /js_contentserver24_greybox/AJS_fx.js HTTP/1.1" 200 3192 "http://www.mink-gmbh.de/" "Mozilla/5.0 (Macintosh; Intel Mac OS X 10_8_3) AppleWebKit/537.31 (KHTML, like Gecko) Chrome/26.0.1410.65 Safari/537.31"
85.177.82.170 - - [03/May/2013:20:50:38 +0200] "GET /js_contentserver24_greybox/gb_scripts.js HTTP/1.1" 200 11913 "http://www.mink-gmbh.de/" "Mozilla/5.0 (Macintosh; Intel Mac OS X 10_8_3) AppleWebKit/537.31 (KHTML, like Gecko) Chrome/26.0.1410.65 Safari/537.31"
85.177.82.170 - - [03/May/2013:20:50:38 +0200] "GET / HTTP/1.1" 200 12175 "-" "Mozilla/5.0 (Macintosh; Intel Mac OS X 10_8_3) AppleWebKit/537.31 (KHTML, like Gecko) Chrome/26.0.1410.65 Safari/537.31"
85.177.82.170 - - [03/May/2013:20:50:40 +0200] "GET /images/bg.jpg HTTP/1.1" 200 345 "http://www.mink-gmbh.de/" "Mozilla/5.0 (Macintosh; Intel Mac OS X 10_8_3) AppleWebKit/537.31 (KHTML, like Gecko) Chrome/26.0.1410.65 Safari/537.31"
85.177.82.170 - - [03/May/2013:20:50:40 +0200] "GET /js_contentserver24_greybox/w_close.gif HTTP/1.1" 200 74 "http://www.mink-gmbh.de/" "Mozilla/5.0 (Macintosh; Intel Mac OS X 10_8_3) AppleWebKit/537.31 (KHTML, like Gecko) Chrome/26.0.1410.65 Safari/537.31"
85.177.82.170 - - [03/May/2013:20:50:40 +0200] "GET /images/close.png HTTP/1.1" 200 703 "http://www.mink-gmbh.de/" "Mozilla/5.0 (Macintosh; Intel Mac OS X 10_8_3) AppleWebKit/537.31 (KHTML, like Gecko) Chrome/26.0.1410.65 Safari/537.31"
85.177.82.170 - - [03/May/2013:20:50:40 +0200] "GET /images/newsletter_bg.jpg HTTP/1.1" 200 33610 "http://www.mink-gmbh.de/" "Mozilla/5.0 (Macintosh; Intel Mac OS X 10_8_3) AppleWebKit/537.31 (KHTML, like Gecko) Chrome/26.0.1410.65 Safari/537.31"
85.177.82.170 - - [03/May/2013:20:50:40 +0200] "GET /images/newsletter.png HTTP/1.1" 200 14619 "http://www.mink-gmbh.de/" "Mozilla/5.0 (Macintosh; Intel Mac OS X 10_8_3) AppleWebKit/537.31 (KHTML, like Gecko) Chrome/26.0.1410.65 Safari/537.31"
85.177.82.170 - - [03/May/2013:20:50:40 +0200] "GET /images/wrapperbg.jpg HTTP/1.1" 200 27465 "http://www.mink-gmbh.de/" "Mozilla/5.0 (Macintosh; Intel Mac OS X 10_8_3) AppleWebKit/537.31 (KHTML, like Gecko) Chrome/26.0.1410.65 Safari/537.31"
85.177.82.170 - - [03/May/2013:20:50:40 +0200] "GET /images/header.jpg HTTP/1.1" 200 24413 "http://www.mink-gmbh.de/" "Mozilla/5.0 (Macintosh; Intel Mac OS X 10_8_3) AppleWebKit/537.31 (KHTML, like Gecko) Chrome/26.0.1410.65 Safari/537.31"
85.177.82.170 - - [03/May/2013:20:50:40 +0200] "GET /images/navibg.png HTTP/1.1" 200 2803 "http://www.mink-gmbh.de/" "Mozilla/5.0 (Macintosh; Intel Mac OS X 10_8_3) AppleWebKit/537.31 (KHTML, like Gecko) Chrome/26.0.1410.65 Safari/537.31"
85.177.82.170 - - [03/May/2013:20:50:40 +0200] "GET /images/steigend.png HTTP/1.1" 200 688 "http://www.mink-gmbh.de/" "Mozilla/5.0 (Macintosh; Intel Mac OS X 10_8_3) AppleWebKit/537.31 (KHTML, like Gecko) Chrome/26.0.1410.65 Safari/537.31"
85.177.82.170 - - [03/May/2013:20:50:40 +0200] "GET /images/fallend.png HTTP/1.1" 200 713 "http://www.mink-gmbh.de/" "Mozilla/5.0 (Macintosh; Intel Mac OS X 10_8_3) AppleWebKit/537.31 (KHTML, like Gecko) Chrome/26.0.1410.65 Safari/537.31"
85.177.82.170 - - [03/May/2013:20:50:40 +0200] "GET /images/tkw.jpg HTTP/1.1" 200 64031 "http://www.mink-gmbh.de/" "Mozilla/5.0 (Macintosh; Intel Mac OS X 10_8_3) AppleWebKit/537.31 (KHTML, like Gecko) Chrome/26.0.1410.65 Safari/537.31"
85.177.82.170 - - [03/May/2013:20:50:40 +0200] "GET /images/mobil.jpg HTTP/1.1" 200 25293 "http://www.mink-gmbh.de/" "Mozilla/5.0 (Macintosh; Intel Mac OS X 10_8_3) AppleWebKit/537.31 (KHTML, like Gecko) Chrome/26.0.1410.65 Safari/537.31"
85.177.82.170 - - [03/May/2013:20:50:40 +0200] "GET /images/newsletter.jpg HTTP/1.1" 200 13130 "http://www.mink-gmbh.de/" "Mozilla/5.0 (Macintosh; Intel Mac OS X 10_8_3) AppleWebKit/537.31 (KHTML, like Gecko) Chrome/26.0.1410.65 Safari/537.31"
85.177.82.170 - - [03/May/2013:20:50:40 +0200] "GET /js_contentserver24_greybox/loader_frame.html?s=0 HTTP/1.1" 200 2084 "http://www.mink-gmbh.de/" "Mozilla/5.0 (Macintosh; Intel Mac OS X 10_8_3) AppleWebKit/537.31 (KHTML, like Gecko) Chrome/26.0.1410.65 Safari/537.31"
85.177.82.170 - - [03/May/2013:20:50:40 +0200] "GET /images/freecall.jpg HTTP/1.1" 200 39195 "http://www.mink-gmbh.de/" "Mozilla/5.0 (Macintosh; Intel Mac OS X 10_8_3) AppleWebKit/537.31 (KHTML, like Gecko) Chrome/26.0.1410.65 Safari/537.31"
85.177.82.170 - - [03/May/2013:20:50:40 +0200] "GET /images/mail.jpg HTTP/1.1" 200 11165 "http://www.mink-gmbh.de/" "Mozilla/5.0 (Macintosh; Intel Mac OS X 10_8_3) AppleWebKit/537.31 (KHTML, like Gecko) Chrome/26.0.1410.65 Safari/537.31"
85.177.82.170 - - [03/May/2013:20:50:40 +0200] "GET /images/kwk.gif HTTP/1.1" 200 6403 "http://www.mink-gmbh.de/" "Mozilla/5.0 (Macintosh; Intel Mac OS X 10_8_3) AppleWebKit/537.31 (KHTML, like Gecko) Chrome/26.0.1410.65 Safari/537.31"
85.177.82.170 - - [03/May/2013:20:50:40 +0200] "GET /images/wunschpreis.jpg HTTP/1.1" 200 16767 "http://www.mink-gmbh.de/" "Mozilla/5.0 (Macintosh; Intel Mac OS X 10_8_3) AppleWebKit/537.31 (KHTML, like Gecko) Chrome/26.0.1410.65 Safari/537.31"
85.177.82.170 - - [03/May/2013:20:50:40 +0200] "GET /images/logos.jpg HTTP/1.1" 200 15002 "http://www.mink-gmbh.de/" "Mozilla/5.0 (Macintosh; Intel Mac OS X 10_8_3) AppleWebKit/537.31 (KHTML, like Gecko) Chrome/26.0.1410.65 Safari/537.31"
85.177.82.170 - - [03/May/2013:20:50:40 +0200] "GET /images/footerbg.jpg HTTP/1.1" 200 2184 "http://www.mink-gmbh.de/" "Mozilla/5.0 (Macintosh; Intel Mac OS X 10_8_3) AppleWebKit/537.31 (KHTML, like Gecko) Chrome/26.0.1410.65 Safari/537.31"
85.177.82.170 - - [03/May/2013:20:50:40 +0200] "GET /js_contentserver24_greybox/header_bg.gif HTTP/1.1" 200 1188 "http://www.mink-gmbh.de/" "Mozilla/5.0 (Macintosh; Intel Mac OS X 10_8_3) AppleWebKit/537.31 (KHTML, like Gecko) Chrome/26.0.1410.65 Safari/537.31"
85.177.82.170 - - [03/May/2013:20:50:40 +0200] "GET /js_contentserver24_greybox/indicator.gif HTTP/1.1" 200 8238 "http://www.mink-gmbh.de/js_contentserver24_greybox/loader_frame.html?s=0" "Mozilla/5.0 (Macintosh; Intel Mac OS X 10_8_3) AppleWebKit/537.31 (KHTML, like Gecko) Chrome/26.0.1410.65 Safari/537.31"
85.177.82.170 - - [03/May/2013:20:50:41 +0200] "GET /js_contentserver24_greybox/g_close.gif HTTP/1.1" 200 541 "http://www.mink-gmbh.de/" "Mozilla/5.0 (Macintosh; Intel Mac OS X 10_8_3) AppleWebKit/537.31 (KHTML, like Gecko) Chrome/26.0.1410.65 Safari/537.31"
85.177.82.170 - - [03/May/2013:20:50:41 +0200] "GET /favicon.ico HTTP/1.1" 200 3638 "-" "Mozilla/5.0 (Macintosh; Intel Mac OS X 10_8_3) AppleWebKit/537.31 (KHTML, like Gecko) Chrome/26.0.1410.65 Safari/537.31"
85.177.82.170 - - [03/May/2013:20:50:51 +0200] "GET /impressum.php HTTP/1.1" 200 8495 "http://www.mink-gmbh.de/" "Mozilla/5.0 (Macintosh; Intel Mac OS X 10_8_3) AppleWebKit/537.31 (KHTML, like Gecko) Chrome/26.0.1410.65 Safari/537.31"
85.177.82.170 - - [03/May/2013:20:51:28 +0200] "GET /impressum.php HTTP/1.1" 200 8495 "http://www.mink-gmbh.de/impressum.php" "Mozilla/5.0 (Macintosh; Intel Mac OS X 10_8_3) AppleWebKit/537.31 (KHTML, like Gecko) Chrome/26.0.1410.65 Safari/537.31"
85.177.82.170 - - [03/May/2013:20:51:31 +0200] "GET /index.php HTTP/1.1" 200 11434 "http://www.mink-gmbh.de/impressum.php" "Mozilla/5.0 (Macintosh; Intel Mac OS X 10_8_3) AppleWebKit/537.31 (KHTML, like Gecko) Chrome/26.0.1410.65 Safari/537.31"
85.177.82.170 - - [03/May/2013:20:53:58 +0200] "GET /impressum.php HTTP/1.1" 200 8495 "http://www.mink-gmbh.de/index.php" "Mozilla/5.0 (Macintosh; Intel Mac OS X 10_8_3) AppleWebKit/537.31 (KHTML, like Gecko) Chrome/26.0.1410.65 Safari/537.31"
85.177.82.170 - - [03/May/2013:20:54:50 +0200] "GET /standard.php HTTP/1.1" 200 9131 "http://www.mink-gmbh.de/impressum.php" "Mozilla/5.0 (Macintosh; Intel Mac OS X 10_8_3) AppleWebKit/537.31 (KHTML, like Gecko) Chrome/26.0.1410.65 Safari/537.31"
85.177.82.170 - - [03/May/2013:20:54:55 +0200] "GET /preisanfrage.php HTTP/1.1" 200 10648 "http://www.mink-gmbh.de/standard.php" "Mozilla/5.0 (Macintosh; Intel Mac OS X 10_8_3) AppleWebKit/537.31 (KHTML, like Gecko) Chrome/26.0.1410.65 Safari/537.31"
85.177.82.170 - - [03/May/2013:20:54:59 +0200] "GET /index.php HTTP/1.1" 200 11434 "http://www.mink-gmbh.de/preisanfrage.php" "Mozilla/5.0 (Macintosh; Intel Mac OS X 10_8_3) AppleWebKit/537.31 (KHTML, like Gecko) Chrome/26.0.1410.65 Safari/537.31"
85.177.82.170 - - [03/May/2013:20:55:31 +0200] "GET /impressum.php HTTP/1.1" 200 8495 "http://www.mink-gmbh.de/index.php" "Mozilla/5.0 (Macintosh; Intel Mac OS X 10_8_3) AppleWebKit/537.31 (KHTML, like Gecko) Chrome/26.0.1410.65 Safari/537.31"
157.56.92.162 - - [03/May/2013:21:41:16 +0200] "GET /robots.txt HTTP/1.1" 200 177 "-" "Mozilla/5.0 (compatible; bingbot/2.0; +http://www.bing.com/bingbot.htm)"
157.56.92.162 - - [03/May/2013:21:43:23 +0200] "GET / HTTP/1.1" 200 12175 "-" "Mozilla/5.0 (compatible; bingbot/2.0; +http://www.bing.com/bingbot.htm)"
141.8.147.12 - - [03/May/2013:21:54:57 +0200] "GET /lexikon.php?cs_go=3&cs_id=10 HTTP/1.1" 200 8557 "-" "Mozilla/5.0 (compatible; YandexBot/3.0; +http://yandex.com/bots)"
66.249.75.49 - - [03/May/2013:22:14:42 +0200] "GET /news.php?cs_go=archiv&cs_id=4113&cs_search= HTTP/1.1" 200 11878 "-" "SAMSUNG-SGH-E250/1.0 Profile/MIDP-2.0 Configuration/CLDC-1.1 UP.Browser/6.2.3.3.c.1.101 (GUI) MMP/2.0 (compatible; Googlebot-Mobile/2.1; +http://www.google.com/bot.html)"
79.221.79.40 - - [03/May/2013:22:16:27 +0200] "GET /images/RAL_Guetezeichen_Energiehandel.pdf HTTP/1.1" 200 288367 "-" "Mozilla/5.0 (iPad; CPU OS 5_1_1 like Mac OS X) AppleWebKit/534.46 (KHTML, like Gecko) Version/5.1 Mobile/9B206 Safari/7534.48.3"
66.249.75.49 - - [03/May/2013:23:04:26 +0200] "GET /news.php?cs_go=archiv&cs_id=4106&cs_search= HTTP/1.1" 200 13611 "-" "DoCoMo/2.0 N905i(c100;TB;W24H16) (compatible; Googlebot-Mobile/2.1; +http://www.google.com/bot.html)"
141.8.147.12 - - [03/May/2013:23:19:53 +0200] "GET / HTTP/1.1" 200 12175 "-" "Mozilla/5.0 (compatible; YandexBot/3.0; +http://yandex.com/bots)"
123.125.71.102 - - [03/May/2013:23:55:37 +0200] "GET /robots.txt HTTP/1.1" 200 177 "-" "Mozilla/5.0 (Windows NT 5.1; rv:6.0.2) Gecko/20100101 Firefox/6.0.2"
130.83.167.153 - - [04/May/2013:00:43:49 +0200] "GET /faq.php HTTP/1.1" 200 8467 "-" "findlinks/2.6 (+http://wortschatz.uni-leipzig.de/findlinks/)"
130.83.167.153 - - [04/May/2013:00:43:50 +0200] "GET /faq.php HTTP/1.1" 200 98156 "-" "findlinks/2.6 (+http://wortschatz.uni-leipzig.de/findlinks/)"
139.18.2.209 - - [04/May/2013:01:25:19 +0200] "GET /preisanfrage.php HTTP/1.1" 200 5177 "-" "findlinks/2.6 (+http://wortschatz.uni-leipzig.de/findlinks/)"
139.18.2.209 - - [04/May/2013:01:25:19 +0200] "GET /preisanfrage.php HTTP/1.1" 200 10648 "-" "findlinks/2.6 (+http://wortschatz.uni-leipzig.de/findlinks/)"
65.36.241.79 - - [04/May/2013:01:36:30 +0200] "HEAD / HTTP/1.1" 200 - "-" "InternetSeer.com"
208.115.113.91 - - [04/May/2013:01:41:16 +0200] "GET /robots.txt HTTP/1.1" 200 177 "-" "Mozilla/5.0 (compatible; Ezooms/1.0; ezooms.bot@gmail.com)"
141.8.147.12 - - [04/May/2013:01:45:21 +0200] "GET /robots.txt HTTP/1.1" 200 177 "-" "Mozilla/5.0 (compatible; YandexBot/3.0; +http://yandex.com/bots)"
85.25.120.73 - - [04/May/2013:01:50:26 +0200] "GET / HTTP/1.1" 200 12175 "-" "Mozilla/5.0 (X11; U; Linux i686; en-US; rv:1.9.0.1) Gecko/2008070206 Firefox/3.0.1"
85.25.120.73 - - [04/May/2013:01:50:26 +0200] "GET /seiten/kontakt.php HTTP/1.1" 404 - "-" "Mozilla/5.0 (X11; U; Linux i686; en-US; rv:1.9.0.1) Gecko/2008070206 Firefox/3.0.1"
141.8.147.12 - - [04/May/2013:01:51:13 +0200] "GET /index.php HTTP/1.1" 200 12175 "-" "Mozilla/5.0 (compatible; YandexBot/3.0; +http://yandex.com/bots)"
123.125.71.47 - - [04/May/2013:02:32:16 +0200] "GET / HTTP/1.1" 200 6434 "-" "Mozilla/5.0 (compatible; Baiduspider/2.0; +http://www.baidu.com/search/spider.html)"
220.181.108.78 - - [04/May/2013:02:32:46 +0200] "GET / HTTP/1.1" 200 6560 "-" "Mozilla/5.0 (compatible; Baiduspider/2.0; +http://www.baidu.com/search/spider.html)"
141.8.147.12 - - [04/May/2013:02:53:56 +0200] "GET /news.php HTTP/1.1" 200 22209 "-" "Mozilla/5.0 (compatible; YandexBot/3.0; +http://yandex.com/bots)"
141.8.147.12 - - [04/May/2013:03:24:15 +0200] "GET /news.php?cs_go=archiv&cs_id=3744 HTTP/1.1" 200 12253 "-" "Mozilla/5.0 (compatible; YandexBot/3.0; +http://yandex.com/bots)"
208.115.113.91 - - [04/May/2013:03:45:09 +0200] "GET /news.php?cs_go=archiv&cs_id=4031 HTTP/1.1" 200 10339 "-" "Mozilla/5.0 (compatible; Ezooms/1.0; ezooms.bot@gmail.com)"
85.216.108.89 - - [04/May/2013:04:04:26 +0200] "GET /news.php?cs_go=archiv&cs_id=4093 HTTP/1.1" 200 15213 "-" "Mozilla/5.0 (Windows; U; Windows NT 5.1; en-US; rv:1.9.1) Gecko/20090624 Firefox/3.5"
66.249.78.46 - - [04/May/2013:04:16:44 +0200] "GET /standard.php HTTP/1.1" 200 9218 "-" "Mozilla/5.0 (compatible; Googlebot/2.1; +http://www.google.com/bot.html)"
173.199.120.43 - - [04/May/2013:04:31:50 +0200] "GET /news.php?cs_go=archiv&cs_id=2739&cs_search= HTTP/1.1" 200 13927 "-" "Mozilla/5.0 (compatible; AhrefsBot/4.0; +http://ahrefs.com/robot/)"
123.125.71.43 - - [04/May/2013:04:37:31 +0200] "GET / HTTP/1.1" 200 6434 "-" "Mozilla/5.0 (compatible; Baiduspider/2.0; +http://www.baidu.com/search/spider.html)"
220.181.108.123 - - [04/May/2013:04:38:01 +0200] "GET / HTTP/1.1" 200 12175 "-" "Mozilla/5.0 (compatible; Baiduspider/2.0; +http://www.baidu.com/search/spider.html)"
66.249.78.46 - - [04/May/2013:05:07:15 +0200] "GET /news.php?cs_go=archiv&cs_id=3610 HTTP/1.1" 200 13491 "-" "Mozilla/5.0 (compatible; Googlebot/2.1; +http://www.google.com/bot.html)"
66.249.78.46 - - [04/May/2013:05:07:44 +0200] "GET /news.php?cs_go=archiv&cs_id=3743&cs_search= HTTP/1.1" 200 10867 "-" "Mozilla/5.0 (compatible; Googlebot/2.1; +http://www.google.com/bot.html)"
139.18.2.209 - - [04/May/2013:05:31:59 +0200] "GET /agb.php HTTP/1.1" 200 19709 "-" "findlinks/2.6 (+http://wortschatz.uni-leipzig.de/findlinks/)"
139.18.2.209 - - [04/May/2013:05:31:59 +0200] "GET /agb.php HTTP/1.1" 200 19622 "-" "findlinks/2.6 (+http://wortschatz.uni-leipzig.de/findlinks/)"
173.199.120.43 - - [04/May/2013:05:58:14 +0200] "GET /news.php?cs_go=archiv&cs_id=3756&cs_search= HTTP/1.1" 200 13557 "-" "Mozilla/5.0 (compatible; AhrefsBot/4.0; +http://ahrefs.com/robot/)"
66.249.78.46 - - [04/May/2013:06:10:37 +0200] "GET / HTTP/1.1" 200 12175 "-" "Mozilla/5.0 (iPhone; U; CPU iPhone OS 4_1 like Mac OS X; en-us) AppleWebKit/532.9 (KHTML, like Gecko) Version/4.0.5 Mobile/8B117 Safari/6531.22.7 (compatible; Googlebot-Mobile/2.1; +http://www.google.com/bot.html)"
141.8.147.12 - - [04/May/2013:06:16:36 +0200] "GET /news.php?cs_go=archiv&cs_id=3771&cs_search= HTTP/1.1" 200 9924 "-" "Mozilla/5.0 (compatible; YandexBot/3.0; +http://yandex.com/bots)"
173.199.120.43 - - [04/May/2013:06:22:52 +0200] "GET /news.php?cs_go=archiv&cs_startpos=670 HTTP/1.1" 200 8125 "-" "Mozilla/5.0 (compatible; AhrefsBot/4.0; +http://ahrefs.com/robot/)"
66.249.78.46 - - [04/May/2013:06:36:19 +0200] "GET /news.php?cs_go=archiv HTTP/1.1" 200 22209 "-" "Mozilla/5.0 (iPhone; U; CPU iPhone OS 4_1 like Mac OS X; en-us) AppleWebKit/532.9 (KHTML, like Gecko) Version/4.0.5 Mobile/8B117 Safari/6531.22.7 (compatible; Googlebot-Mobile/2.1; +http://www.google.com/bot.html)"
88.198.50.25 - - [04/May/2013:06:50:09 +0200] "HEAD /news.php?cs_go=archiv&cs_id=3972 HTTP/1.1" 200 - "-" "Mozilla/5.0 (compatible; SearchmetricsBot; http://www.searchmetrics.com/en/searchmetrics-bot/)"
88.190.57.92 - - [04/May/2013:07:01:24 +0200] "GET / HTTP/1.1" 200 12175 "-" "Mozilla/5.0 (X11; Linux x86_64) AppleWebKit/534.34 (KHTML, like Gecko) Qt/4.8.1 Safari/534.34"
88.190.57.92 - - [04/May/2013:07:01:24 +0200] "GET /js_contentserver24_greybox/AJS.js HTTP/1.1" 200 10396 "http://www.mink-gmbh.de/" "Mozilla/5.0 (X11; Linux x86_64) AppleWebKit/534.34 (KHTML, like Gecko) Qt/4.8.1 Safari/534.34"
88.190.57.92 - - [04/May/2013:07:01:24 +0200] "GET /js_contentserver24_greybox/AJS_fx.js HTTP/1.1" 200 3192 "http://www.mink-gmbh.de/" "Mozilla/5.0 (X11; Linux x86_64) AppleWebKit/534.34 (KHTML, like Gecko) Qt/4.8.1 Safari/534.34"
88.190.57.92 - - [04/May/2013:07:01:24 +0200] "GET /js_contentserver24_greybox/gb_scripts.js HTTP/1.1" 200 11913 "http://www.mink-gmbh.de/" "Mozilla/5.0 (X11; Linux x86_64) AppleWebKit/534.34 (KHTML, like Gecko) Qt/4.8.1 Safari/534.34"
88.190.57.92 - - [04/May/2013:07:01:25 +0200] "GET /js_contentserver24_greybox/loader_frame.html?s=0 HTTP/1.1" 200 2084 "http://www.mink-gmbh.de/" "Mozilla/5.0 (X11; Linux x86_64) AppleWebKit/534.34 (KHTML, like Gecko) Qt/4.8.1 Safari/534.34"
66.249.75.49 - - [04/May/2013:07:45:45 +0200] "GET /robots.txt HTTP/1.1" 200 177 "-" "Mozilla/5.0 (compatible; Googlebot/2.1; +http://www.google.com/bot.html)"
66.249.78.46 - - [04/May/2013:07:45:45 +0200] "GET /kontakt.php HTTP/1.1" 200 9198 "-" "Mozilla/5.0 (compatible; Googlebot/2.1; +http://www.google.com/bot.html)"
66.249.75.49 - - [04/May/2013:07:52:22 +0200] "GET /style.css HTTP/1.1" 200 8418 "-" "Mozilla/5.0 (compatible; Googlebot/2.1; +http://www.google.com/bot.html)"
66.249.75.49 - - [04/May/2013:07:52:23 +0200] "GET /modul.css HTTP/1.1" 200 35038 "-" "Mozilla/5.0 (compatible; Googlebot/2.1; +http://www.google.com/bot.html)"
141.8.147.12 - - [04/May/2013:07:53:11 +0200] "GET /news.php?cs_go=archiv&cs_id=4065&cs_search= HTTP/1.1" 200 10325 "-" "Mozilla/5.0 (compatible; YandexBot/3.0; +http://yandex.com/bots)"
77.186.100.85 - - [04/May/2013:07:54:54 +0200] "GET /style.css HTTP/1.1" 200 8418 "http://www.mink-gmbh.de/" "Mozilla/5.0 (iPad; CPU OS 6_1_3 like Mac OS X) AppleWebKit/536.26 (KHTML, like Gecko) Version/6.0 Mobile/10B329 Safari/8536.25"
77.186.100.85 - - [04/May/2013:07:54:54 +0200] "GET /modul.css HTTP/1.1" 200 35038 "http://www.mink-gmbh.de/" "Mozilla/5.0 (iPad; CPU OS 6_1_3 like Mac OS X) AppleWebKit/536.26 (KHTML, like Gecko) Version/6.0 Mobile/10B329 Safari/8536.25"
77.186.100.85 - - [04/May/2013:07:54:54 +0200] "GET /js_contentserver24_greybox/gb_styles.css HTTP/1.1" 200 2302 "http://www.mink-gmbh.de/" "Mozilla/5.0 (iPad; CPU OS 6_1_3 like Mac OS X) AppleWebKit/536.26 (KHTML, like Gecko) Version/6.0 Mobile/10B329 Safari/8536.25"
77.186.100.85 - - [04/May/2013:07:54:53 +0200] "GET / HTTP/1.1" 200 12135 "-" "Mozilla/5.0 (iPad; CPU OS 6_1_3 like Mac OS X) AppleWebKit/536.26 (KHTML, like Gecko) Version/6.0 Mobile/10B329 Safari/8536.25"
77.186.100.85 - - [04/May/2013:07:54:54 +0200] "GET /js_contentserver24_greybox/AJS.js HTTP/1.1" 200 10396 "http://www.mink-gmbh.de/" "Mozilla/5.0 (iPad; CPU OS 6_1_3 like Mac OS X) AppleWebKit/536.26 (KHTML, like Gecko) Version/6.0 Mobile/10B329 Safari/8536.25"
77.186.100.85 - - [04/May/2013:07:54:54 +0200] "GET /js_contentserver24_greybox/AJS_fx.js HTTP/1.1" 200 3192 "http://www.mink-gmbh.de/" "Mozilla/5.0 (iPad; CPU OS 6_1_3 like Mac OS X) AppleWebKit/536.26 (KHTML, like Gecko) Version/6.0 Mobile/10B329 Safari/8536.25"
77.186.100.85 - - [04/May/2013:07:54:54 +0200] "GET /js_contentserver24_greybox/gb_scripts.js HTTP/1.1" 200 11913 "http://www.mink-gmbh.de/" "Mozilla/5.0 (iPad; CPU OS 6_1_3 like Mac OS X) AppleWebKit/536.26 (KHTML, like Gecko) Version/6.0 Mobile/10B329 Safari/8536.25"
77.186.100.85 - - [04/May/2013:07:54:54 +0200] "GET /images/bg.jpg HTTP/1.1" 200 345 "http://www.mink-gmbh.de/" "Mozilla/5.0 (iPad; CPU OS 6_1_3 like Mac OS X) AppleWebKit/536.26 (KHTML, like Gecko) Version/6.0 Mobile/10B329 Safari/8536.25"
77.186.100.85 - - [04/May/2013:07:54:54 +0200] "GET /images/tkw.jpg HTTP/1.1" 200 64031 "http://www.mink-gmbh.de/" "Mozilla/5.0 (iPad; CPU OS 6_1_3 like Mac OS X) AppleWebKit/536.26 (KHTML, like Gecko) Version/6.0 Mobile/10B329 Safari/8536.25"
77.186.100.85 - - [04/May/2013:07:54:54 +0200] "GET /images/freecall.jpg HTTP/1.1" 200 39195 "http://www.mink-gmbh.de/" "Mozilla/5.0 (iPad; CPU OS 6_1_3 like Mac OS X) AppleWebKit/536.26 (KHTML, like Gecko) Version/6.0 Mobile/10B329 Safari/8536.25"
77.186.100.85 - - [04/May/2013:07:54:54 +0200] "GET /images/logos.jpg HTTP/1.1" 200 15002 "http://www.mink-gmbh.de/" "Mozilla/5.0 (iPad; CPU OS 6_1_3 like Mac OS X) AppleWebKit/536.26 (KHTML, like Gecko) Version/6.0 Mobile/10B329 Safari/8536.25"
77.186.100.85 - - [04/May/2013:07:54:54 +0200] "GET /js_contentserver24_greybox/w_close.gif HTTP/1.1" 200 74 "http://www.mink-gmbh.de/" "Mozilla/5.0 (iPad; CPU OS 6_1_3 like Mac OS X) AppleWebKit/536.26 (KHTML, like Gecko) Version/6.0 Mobile/10B329 Safari/8536.25"
77.186.100.85 - - [04/May/2013:07:54:54 +0200] "GET /images/kwk.gif HTTP/1.1" 200 6403 "http://www.mink-gmbh.de/" "Mozilla/5.0 (iPad; CPU OS 6_1_3 like Mac OS X) AppleWebKit/536.26 (KHTML, like Gecko) Version/6.0 Mobile/10B329 Safari/8536.25"
77.186.100.85 - - [04/May/2013:07:54:54 +0200] "GET /images/mail.jpg HTTP/1.1" 200 11165 "http://www.mink-gmbh.de/" "Mozilla/5.0 (iPad; CPU OS 6_1_3 like Mac OS X) AppleWebKit/536.26 (KHTML, like Gecko) Version/6.0 Mobile/10B329 Safari/8536.25"
77.186.100.85 - - [04/May/2013:07:54:54 +0200] "GET /images/wunschpreis.jpg HTTP/1.1" 200 16767 "http://www.mink-gmbh.de/" "Mozilla/5.0 (iPad; CPU OS 6_1_3 like Mac OS X) AppleWebKit/536.26 (KHTML, like Gecko) Version/6.0 Mobile/10B329 Safari/8536.25"
77.186.100.85 - - [04/May/2013:07:54:55 +0200] "GET /images/close.png HTTP/1.1" 200 703 "http://www.mink-gmbh.de/" "Mozilla/5.0 (iPad; CPU OS 6_1_3 like Mac OS X) AppleWebKit/536.26 (KHTML, like Gecko) Version/6.0 Mobile/10B329 Safari/8536.25"
77.186.100.85 - - [04/May/2013:07:54:55 +0200] "GET /images/newsletter.png HTTP/1.1" 200 14619 "http://www.mink-gmbh.de/" "Mozilla/5.0 (iPad; CPU OS 6_1_3 like Mac OS X) AppleWebKit/536.26 (KHTML, like Gecko) Version/6.0 Mobile/10B329 Safari/8536.25"
