213.144.23.202 - - [15/May/2013:10:21:22 +0200] "GET /images/team-energie.png HTTP/1.1" 200 17383 "http://www.mink-gmbh.de/" "Mozilla/5.0 (compatible; MSIE 9.0; Windows NT 6.1; WOW64; Trident/5.0)"
213.144.23.202 - - [15/May/2013:10:21:22 +0200] "GET /images/kwk.gif HTTP/1.1" 200 6403 "http://www.mink-gmbh.de/" "Mozilla/5.0 (compatible; MSIE 9.0; Windows NT 6.1; WOW64; Trident/5.0)"
213.144.23.202 - - [15/May/2013:10:21:22 +0200] "GET /images/mail.jpg HTTP/1.1" 200 11165 "http://www.mink-gmbh.de/" "Mozilla/5.0 (compatible; MSIE 9.0; Windows NT 6.1; WOW64; Trident/5.0)"
213.144.23.202 - - [15/May/2013:10:21:22 +0200] "GET /images/wunschpreis.jpg HTTP/1.1" 200 16767 "http://www.mink-gmbh.de/" "Mozilla/5.0 (compatible; MSIE 9.0; Windows NT 6.1; WOW64; Trident/5.0)"
213.144.23.202 - - [15/May/2013:10:21:22 +0200] "GET /images/logos.jpg HTTP/1.1" 200 15002 "http://www.mink-gmbh.de/" "Mozilla/5.0 (compatible; MSIE 9.0; Windows NT 6.1; WOW64; Trident/5.0)"
213.144.23.202 - - [15/May/2013:10:21:22 +0200] "GET /images/mobil.jpg HTTP/1.1" 200 25293 "http://www.mink-gmbh.de/" "Mozilla/5.0 (compatible; MSIE 9.0; Windows NT 6.1; WOW64; Trident/5.0)"
213.144.23.202 - - [15/May/2013:10:21:22 +0200] "GET /images/tkw.jpg HTTP/1.1" 200 64031 "http://www.mink-gmbh.de/" "Mozilla/5.0 (compatible; MSIE 9.0; Windows NT 6.1; WOW64; Trident/5.0)"
213.144.23.202 - - [15/May/2013:10:21:22 +0200] "GET /images/newsletter.jpg HTTP/1.1" 200 13130 "http://www.mink-gmbh.de/" "Mozilla/5.0 (compatible; MSIE 9.0; Windows NT 6.1; WOW64; Trident/5.0)"
213.144.23.202 - - [15/May/2013:10:21:22 +0200] "GET /images/footerbg.jpg HTTP/1.1" 200 2184 "http://www.mink-gmbh.de/" "Mozilla/5.0 (compatible; MSIE 9.0; Windows NT 6.1; WOW64; Trident/5.0)"
213.144.23.202 - - [15/May/2013:10:21:22 +0200] "GET /images/freecall.jpg HTTP/1.1" 200 39195 "http://www.mink-gmbh.de/" "Mozilla/5.0 (compatible; MSIE 9.0; Windows NT 6.1; WOW64; Trident/5.0)"
213.144.23.202 - - [15/May/2013:10:21:22 +0200] "GET /js_contentserver24_greybox/loader_frame.html?s=0 HTTP/1.1" 200 2084 "http://www.mink-gmbh.de/" "Mozilla/5.0 (compatible; MSIE 9.0; Windows NT 6.1; WOW64; Trident/5.0)"
213.144.23.202 - - [15/May/2013:10:21:22 +0200] "GET /js_contentserver24_greybox/indicator.gif HTTP/1.1" 200 8238 "http://www.mink-gmbh.de/js_contentserver24_greybox/loader_frame.html?s=0" "Mozilla/5.0 (compatible; MSIE 9.0; Windows NT 6.1; WOW64; Trident/5.0)"
213.144.23.202 - - [15/May/2013:10:21:22 +0200] "GET /js_contentserver24_greybox/AJS_fx.js HTTP/1.1" 304 - "http://www.mink-gmbh.de/js_contentserver24_greybox/loader_frame.html?s=0" "Mozilla/5.0 (compatible; MSIE 9.0; Windows NT 6.1; WOW64; Trident/5.0)"
213.144.23.202 - - [15/May/2013:10:21:22 +0200] "GET /js_contentserver24_greybox/AJS.js HTTP/1.1" 304 - "http://www.mink-gmbh.de/js_contentserver24_greybox/loader_frame.html?s=0" "Mozilla/5.0 (compatible; MSIE 9.0; Windows NT 6.1; WOW64; Trident/5.0)"
213.144.23.202 - - [15/May/2013:10:21:23 +0200] "GET /js_contentserver24_greybox/g_close.gif HTTP/1.1" 200 541 "http://www.mink-gmbh.de/" "Mozilla/5.0 (compatible; MSIE 9.0; Windows NT 6.1; WOW64; Trident/5.0)"
213.144.23.202 - - [15/May/2013:10:21:23 +0200] "GET /favicon.ico HTTP/1.1" 200 3638 "-" "Mozilla/5.0 (compatible; MSIE 9.0; Windows NT 6.1; WOW64; Trident/5.0)"
213.144.23.202 - - [15/May/2013:10:21:32 +0200] "GET /modul.css HTTP/1.1" 304 - "http://www.mink-gmbh.de/kontakt.php" "Mozilla/5.0 (compatible; MSIE 9.0; Windows NT 6.1; WOW64; Trident/5.0)"
213.144.23.202 - - [15/May/2013:10:21:32 +0200] "GET /style.css HTTP/1.1" 304 - "http://www.mink-gmbh.de/kontakt.php" "Mozilla/5.0 (compatible; MSIE 9.0; Windows NT 6.1; WOW64; Trident/5.0)"
213.144.23.202 - - [15/May/2013:10:21:32 +0200] "GET /images/newsletter.png HTTP/1.1" 304 - "http://www.mink-gmbh.de/kontakt.php" "Mozilla/5.0 (compatible; MSIE 9.0; Windows NT 6.1; WOW64; Trident/5.0)"
213.144.23.202 - - [15/May/2013:10:21:32 +0200] "GET /images/wrapperbg.jpg HTTP/1.1" 304 - "http://www.mink-gmbh.de/kontakt.php" "Mozilla/5.0 (compatible; MSIE 9.0; Windows NT 6.1; WOW64; Trident/5.0)"
213.144.23.202 - - [15/May/2013:10:21:32 +0200] "GET /images/header.jpg HTTP/1.1" 304 - "http://www.mink-gmbh.de/kontakt.php" "Mozilla/5.0 (compatible; MSIE 9.0; Windows NT 6.1; WOW64; Trident/5.0)"
213.144.23.202 - - [15/May/2013:10:21:32 +0200] "GET /images/navibg.png HTTP/1.1" 304 - "http://www.mink-gmbh.de/kontakt.php" "Mozilla/5.0 (compatible; MSIE 9.0; Windows NT 6.1; WOW64; Trident/5.0)"
213.144.23.202 - - [15/May/2013:10:21:32 +0200] "GET /images/bg.jpg HTTP/1.1" 304 - "http://www.mink-gmbh.de/kontakt.php" "Mozilla/5.0 (compatible; MSIE 9.0; Windows NT 6.1; WOW64; Trident/5.0)"
213.144.23.202 - - [15/May/2013:10:21:32 +0200] "GET /kontakt.php HTTP/1.1" 200 7047 "http://www.mink-gmbh.de/" "Mozilla/5.0 (compatible; MSIE 9.0; Windows NT 6.1; WOW64; Trident/5.0)"
213.144.23.202 - - [15/May/2013:10:21:32 +0200] "GET /images/freecall.jpg HTTP/1.1" 304 - "http://www.mink-gmbh.de/kontakt.php" "Mozilla/5.0 (compatible; MSIE 9.0; Windows NT 6.1; WOW64; Trident/5.0)"
213.144.23.202 - - [15/May/2013:10:21:32 +0200] "GET /images/kwk.gif HTTP/1.1" 304 - "http://www.mink-gmbh.de/kontakt.php" "Mozilla/5.0 (compatible; MSIE 9.0; Windows NT 6.1; WOW64; Trident/5.0)"
213.144.23.202 - - [15/May/2013:10:21:32 +0200] "GET /images/wunschpreis.jpg HTTP/1.1" 304 - "http://www.mink-gmbh.de/kontakt.php" "Mozilla/5.0 (compatible; MSIE 9.0; Windows NT 6.1; WOW64; Trident/5.0)"
213.144.23.202 - - [15/May/2013:10:21:32 +0200] "GET /images/logos.jpg HTTP/1.1" 304 - "http://www.mink-gmbh.de/kontakt.php" "Mozilla/5.0 (compatible; MSIE 9.0; Windows NT 6.1; WOW64; Trident/5.0)"
213.144.23.202 - - [15/May/2013:10:21:32 +0200] "GET /images/footerbg.jpg HTTP/1.1" 304 - "http://www.mink-gmbh.de/kontakt.php" "Mozilla/5.0 (compatible; MSIE 9.0; Windows NT 6.1; WOW64; Trident/5.0)"
213.144.23.202 - - [15/May/2013:10:21:36 +0200] "GET /modul.css HTTP/1.1" 304 - "http://www.mink-gmbh.de/preisanfrage.php" "Mozilla/5.0 (compatible; MSIE 9.0; Windows NT 6.1; WOW64; Trident/5.0)"
213.144.23.202 - - [15/May/2013:10:21:36 +0200] "GET /style.css HTTP/1.1" 304 - "http://www.mink-gmbh.de/preisanfrage.php" "Mozilla/5.0 (compatible; MSIE 9.0; Windows NT 6.1; WOW64; Trident/5.0)"
213.144.23.202 - - [15/May/2013:10:21:36 +0200] "GET /preisanfrage.php HTTP/1.1" 200 10648 "http://www.mink-gmbh.de/kontakt.php" "Mozilla/5.0 (compatible; MSIE 9.0; Windows NT 6.1; WOW64; Trident/5.0)"
213.144.23.202 - - [15/May/2013:10:21:37 +0200] "GET /images/header.jpg HTTP/1.1" 304 - "http://www.mink-gmbh.de/preisanfrage.php" "Mozilla/5.0 (compatible; MSIE 9.0; Windows NT 6.1; WOW64; Trident/5.0)"
213.144.23.202 - - [15/May/2013:10:21:37 +0200] "GET /images/newsletter.png HTTP/1.1" 304 - "http://www.mink-gmbh.de/preisanfrage.php" "Mozilla/5.0 (compatible; MSIE 9.0; Windows NT 6.1; WOW64; Trident/5.0)"
213.144.23.202 - - [15/May/2013:10:21:37 +0200] "GET /images/navibg.png HTTP/1.1" 304 - "http://www.mink-gmbh.de/preisanfrage.php" "Mozilla/5.0 (compatible; MSIE 9.0; Windows NT 6.1; WOW64; Trident/5.0)"
213.144.23.202 - - [15/May/2013:10:21:37 +0200] "GET /images/wrapperbg.jpg HTTP/1.1" 304 - "http://www.mink-gmbh.de/preisanfrage.php" "Mozilla/5.0 (compatible; MSIE 9.0; Windows NT 6.1; WOW64; Trident/5.0)"
213.144.23.202 - - [15/May/2013:10:21:37 +0200] "GET /images/close.png HTTP/1.1" 304 - "http://www.mink-gmbh.de/preisanfrage.php" "Mozilla/5.0 (compatible; MSIE 9.0; Windows NT 6.1; WOW64; Trident/5.0)"
213.144.23.202 - - [15/May/2013:10:21:37 +0200] "GET /images/newsletter_bg.jpg HTTP/1.1" 304 - "http://www.mink-gmbh.de/preisanfrage.php" "Mozilla/5.0 (compatible; MSIE 9.0; Windows NT 6.1; WOW64; Trident/5.0)"
213.144.23.202 - - [15/May/2013:10:21:37 +0200] "GET /images/bg.jpg HTTP/1.1" 304 - "http://www.mink-gmbh.de/preisanfrage.php" "Mozilla/5.0 (compatible; MSIE 9.0; Windows NT 6.1; WOW64; Trident/5.0)"
213.144.23.202 - - [15/May/2013:10:21:37 +0200] "GET /images/mail.jpg HTTP/1.1" 304 - "http://www.mink-gmbh.de/preisanfrage.php" "Mozilla/5.0 (compatible; MSIE 9.0; Windows NT 6.1; WOW64; Trident/5.0)"
213.144.23.202 - - [15/May/2013:10:21:37 +0200] "GET /images/kwk.gif HTTP/1.1" 304 - "http://www.mink-gmbh.de/preisanfrage.php" "Mozilla/5.0 (compatible; MSIE 9.0; Windows NT 6.1; WOW64; Trident/5.0)"
213.144.23.202 - - [15/May/2013:10:21:37 +0200] "GET /images/wunschpreis.jpg HTTP/1.1" 304 - "http://www.mink-gmbh.de/preisanfrage.php" "Mozilla/5.0 (compatible; MSIE 9.0; Windows NT 6.1; WOW64; Trident/5.0)"
213.144.23.202 - - [15/May/2013:10:21:37 +0200] "GET /images/freecall.jpg HTTP/1.1" 304 - "http://www.mink-gmbh.de/preisanfrage.php" "Mozilla/5.0 (compatible; MSIE 9.0; Windows NT 6.1; WOW64; Trident/5.0)"
213.144.23.202 - - [15/May/2013:10:21:37 +0200] "GET /images/logos.jpg HTTP/1.1" 304 - "http://www.mink-gmbh.de/preisanfrage.php" "Mozilla/5.0 (compatible; MSIE 9.0; Windows NT 6.1; WOW64; Trident/5.0)"
213.144.23.202 - - [15/May/2013:10:21:37 +0200] "GET /images/footerbg.jpg HTTP/1.1" 304 - "http://www.mink-gmbh.de/preisanfrage.php" "Mozilla/5.0 (compatible; MSIE 9.0; Windows NT 6.1; WOW64; Trident/5.0)"
213.144.23.202 - - [15/May/2013:10:21:44 +0200] "GET /kontakt.php HTTP/1.1" 200 7047 "http://www.mink-gmbh.de/" "Mozilla/5.0 (compatible; MSIE 9.0; Windows NT 6.1; WOW64; Trident/5.0)"
213.144.23.202 - - [15/May/2013:10:21:45 +0200] "GET / HTTP/1.1" 200 11619 "http://www.google.de/url?sa=t&rct=j&q=mink&source=web&cd=15&ved=0CD4QFjAEOAo&url=http%3A%2F%2Fwww.mink-gmbh.de%2F&ei=ZkWTUYy1PIKl4ATKs4CQBg&usg=AFQjCNFHX4Iglls9oo-KYXTmDUV_5KOVIg" "Mozilla/5.0 (compatible; MSIE 9.0; Windows NT 6.1; WOW64; Trident/5.0)"
80.153.167.142 - - [15/May/2013:10:37:29 +0200] "GET /index.php HTTP/1.1" 200 11619 "http://www.mink-gmbh.de/impressum.php" "Mozilla/5.0 (Windows NT 6.1; WOW64; rv:20.0) Gecko/20100101 Firefox/20.0"
80.153.167.142 - - [15/May/2013:10:37:36 +0200] "GET /impressum.php HTTP/1.1" 200 6399 "http://www.mink-gmbh.de/index.php" "Mozilla/5.0 (Windows NT 6.1; WOW64; rv:20.0) Gecko/20100101 Firefox/20.0"
80.153.167.142 - - [15/May/2013:10:37:40 +0200] "GET /news.php HTTP/1.1" 200 22167 "http://www.mink-gmbh.de/impressum.php" "Mozilla/5.0 (Windows NT 6.1; WOW64; rv:20.0) Gecko/20100101 Firefox/20.0"
80.153.167.142 - - [15/May/2013:10:37:42 +0200] "GET /preisanfrage.php HTTP/1.1" 200 10648 "http://www.mink-gmbh.de/news.php" "Mozilla/5.0 (Windows NT 6.1; WOW64; rv:20.0) Gecko/20100101 Firefox/20.0"
80.153.167.142 - - [15/May/2013:10:37:45 +0200] "GET /wunschpreis.php HTTP/1.1" 200 11997 "http://www.mink-gmbh.de/preisanfrage.php" "Mozilla/5.0 (Windows NT 6.1; WOW64; rv:20.0) Gecko/20100101 Firefox/20.0"
80.153.167.142 - - [15/May/2013:10:37:48 +0200] "GET /impressum.php HTTP/1.1" 200 6399 "http://www.mink-gmbh.de/wunschpreis.php" "Mozilla/5.0 (Windows NT 6.1; WOW64; rv:20.0) Gecko/20100101 Firefox/20.0"
173.199.116.51 - - [15/May/2013:10:39:50 +0200] "GET /lexikon.php?cs_go=3&cs_id=41 HTTP/1.1" 200 8353 "-" "Mozilla/5.0 (compatible; AhrefsBot/4.0; +http://ahrefs.com/robot/)"
66.249.78.46 - - [15/May/2013:10:39:55 +0200] "GET /news.php?cs_go=archiv&cs_id=4173 HTTP/1.1" 200 13830 "-" "Mozilla/5.0 (iPhone; U; CPU iPhone OS 4_1 like Mac OS X; en-us) AppleWebKit/532.9 (KHTML, like Gecko) Version/4.0.5 Mobile/8B117 Safari/6531.22.7 (compatible; Googlebot-Mobile/2.1; +http://www.google.com/bot.html)"
173.199.116.51 - - [15/May/2013:10:52:20 +0200] "GET /lexikon.php?cs_go=3&cs_id=223 HTTP/1.1" 200 7991 "-" "Mozilla/5.0 (compatible; AhrefsBot/4.0; +http://ahrefs.com/robot/)"
141.8.147.12 - - [15/May/2013:11:05:14 +0200] "GET /robots.txt HTTP/1.1" 200 177 "-" "Mozilla/5.0 (compatible; YandexBot/3.0; +http://yandex.com/bots)"
80.153.167.142 - - [15/May/2013:11:14:02 +0200] "GET / HTTP/1.1" 200 11619 "-" "Mozilla/5.0 (Windows NT 6.1; WOW64; rv:20.0) Gecko/20100101 Firefox/20.0"
173.199.116.51 - - [15/May/2013:11:23:39 +0200] "GET /news.php?cs_go=archiv&cs_id=3916&cs_search= HTTP/1.1" 200 11255 "-" "Mozilla/5.0 (compatible; AhrefsBot/4.0; +http://ahrefs.com/robot/)"
141.8.147.12 - - [15/May/2013:11:32:05 +0200] "GET /news.php?cs_go=archiv&cs_id=4174&cs_search= HTTP/1.1" 200 10029 "-" "Mozilla/5.0 (compatible; YandexBot/3.0; +http://yandex.com/bots)"
208.115.113.91 - - [15/May/2013:11:32:42 +0200] "GET /jobs.php HTTP/1.1" 200 5049 "-" "Mozilla/5.0 (compatible; Ezooms/1.0; ezooms.bot@gmail.com)"
66.249.78.46 - - [15/May/2013:11:40:59 +0200] "GET /news.php?cs_go=archiv&cs_id=3455&cs_search= HTTP/1.1" 200 9915 "-" "Mozilla/5.0 (iPhone; U; CPU iPhone OS 4_1 like Mac OS X; en-us) AppleWebKit/532.9 (KHTML, like Gecko) Version/4.0.5 Mobile/8B117 Safari/6531.22.7 (compatible; Googlebot-Mobile/2.1; +http://www.google.com/bot.html)"
173.199.116.51 - - [15/May/2013:11:55:22 +0200] "GET /lexikon.php?cs_go=3&cs_id=11 HTTP/1.1" 200 8171 "-" "Mozilla/5.0 (compatible; AhrefsBot/4.0; +http://ahrefs.com/robot/)"
5.9.86.85 - - [15/May/2013:12:05:20 +0200] "GET /news.php?cs_go=archiv&cs_id=4167 HTTP/1.1" 200 13124 "-" "Mozilla/5.0 (compatible; Infohelfer/1.3.3; +http://www.infohelfer.de/crawler.php)"
141.8.147.12 - - [15/May/2013:12:23:45 +0200] "GET /news.php?cs_go=archiv&cs_id=4176 HTTP/1.1" 200 14013 "-" "Mozilla/5.0 (compatible; YandexBot/3.0; +http://yandex.com/bots)"
66.249.75.49 - - [15/May/2013:12:38:51 +0200] "GET /news.php HTTP/1.1" 200 22254 "-" "DoCoMo/2.0 N905i(c100;TB;W24H16) (compatible; Googlebot-Mobile/2.1; +http://www.google.com/bot.html)"
5.135.164.12 - - [15/May/2013:12:51:36 +0200] "GET /index.php HTTP/1.0" 200 12362 "http://www.mink-gmbh.de/index.php" "Mozilla/5.0 (Windows NT 5.1; rv:12.0) Gecko/20100101 Firefox/12.0"
141.8.147.12 - - [15/May/2013:13:04:27 +0200] "GET /news.php?cs_go=archiv&cs_id=4104&cs_search= HTTP/1.1" 200 13642 "-" "Mozilla/5.0 (compatible; YandexBot/3.0; +http://yandex.com/bots)"
178.77.126.55 - - [15/May/2013:13:04:53 +0200] "GET /robots.txt HTTP/1.1" 200 177 "-" "Mozilla/5.0 (compatible; CareerBot/1.1; +http://www.career-x.de/bot.html)"
178.77.126.55 - - [15/May/2013:13:04:53 +0200] "GET / HTTP/1.1" 200 12362 "-" "Mozilla/5.0 (compatible; CareerBot/1.1; +http://www.career-x.de/bot.html)"
173.199.116.51 - - [15/May/2013:13:06:30 +0200] "GET /news.php?cs_go=archiv&cs_id=3847&cs_search= HTTP/1.1" 200 12084 "-" "Mozilla/5.0 (compatible; AhrefsBot/4.0; +http://ahrefs.com/robot/)"
173.199.116.51 - - [15/May/2013:13:10:00 +0200] "GET /lexikon.php?cs_go=3&cs_id=77 HTTP/1.1" 200 8672 "-" "Mozilla/5.0 (compatible; AhrefsBot/4.0; +http://ahrefs.com/robot/)"
217.227.162.41 - - [15/May/2013:13:16:56 +0200] "GET /favicon.ico HTTP/1.1" 200 3638 "-" "Mozilla/5.0 (Windows NT 6.1; rv:20.0) Gecko/20100101 Firefox/20.0"
217.227.162.41 - - [15/May/2013:13:18:03 +0200] "GET / HTTP/1.1" 200 12361 "-" "Mozilla/5.0 (Windows NT 6.1) AppleWebKit/537.31 (KHTML, like Gecko) Chrome/26.0.1410.64 Safari/537.31"
217.227.162.41 - - [15/May/2013:13:18:03 +0200] "GET /style.css HTTP/1.1" 200 8418 "http://www.mink-gmbh.de/" "Mozilla/5.0 (Windows NT 6.1) AppleWebKit/537.31 (KHTML, like Gecko) Chrome/26.0.1410.64 Safari/537.31"
217.227.162.41 - - [15/May/2013:13:18:03 +0200] "GET /js_contentserver24_greybox/gb_styles.css HTTP/1.1" 200 2302 "http://www.mink-gmbh.de/" "Mozilla/5.0 (Windows NT 6.1) AppleWebKit/537.31 (KHTML, like Gecko) Chrome/26.0.1410.64 Safari/537.31"
217.227.162.41 - - [15/May/2013:13:18:03 +0200] "GET /js_contentserver24_greybox/AJS.js HTTP/1.1" 200 10396 "http://www.mink-gmbh.de/" "Mozilla/5.0 (Windows NT 6.1) AppleWebKit/537.31 (KHTML, like Gecko) Chrome/26.0.1410.64 Safari/537.31"
217.227.162.41 - - [15/May/2013:13:18:03 +0200] "GET /js_contentserver24_greybox/AJS_fx.js HTTP/1.1" 200 3192 "http://www.mink-gmbh.de/" "Mozilla/5.0 (Windows NT 6.1) AppleWebKit/537.31 (KHTML, like Gecko) Chrome/26.0.1410.64 Safari/537.31"
217.227.162.41 - - [15/May/2013:13:18:03 +0200] "GET /js_contentserver24_greybox/gb_scripts.js HTTP/1.1" 200 11913 "http://www.mink-gmbh.de/" "Mozilla/5.0 (Windows NT 6.1) AppleWebKit/537.31 (KHTML, like Gecko) Chrome/26.0.1410.64 Safari/537.31"
217.227.162.41 - - [15/May/2013:13:18:03 +0200] "GET /modul.css HTTP/1.1" 200 35038 "http://www.mink-gmbh.de/" "Mozilla/5.0 (Windows NT 6.1) AppleWebKit/537.31 (KHTML, like Gecko) Chrome/26.0.1410.64 Safari/537.31"
217.227.162.41 - - [15/May/2013:13:18:05 +0200] "GET /images/bg.jpg HTTP/1.1" 200 345 "http://www.mink-gmbh.de/" "Mozilla/5.0 (Windows NT 6.1) AppleWebKit/537.31 (KHTML, like Gecko) Chrome/26.0.1410.64 Safari/537.31"
217.227.162.41 - - [15/May/2013:13:18:05 +0200] "GET /js_contentserver24_greybox/w_close.gif HTTP/1.1" 200 74 "http://www.mink-gmbh.de/" "Mozilla/5.0 (Windows NT 6.1) AppleWebKit/537.31 (KHTML, like Gecko) Chrome/26.0.1410.64 Safari/537.31"
217.227.162.41 - - [15/May/2013:13:18:05 +0200] "GET /images/close.png HTTP/1.1" 200 703 "http://www.mink-gmbh.de/" "Mozilla/5.0 (Windows NT 6.1) AppleWebKit/537.31 (KHTML, like Gecko) Chrome/26.0.1410.64 Safari/537.31"
217.227.162.41 - - [15/May/2013:13:18:05 +0200] "GET /images/newsletter.png HTTP/1.1" 200 14619 "http://www.mink-gmbh.de/" "Mozilla/5.0 (Windows NT 6.1) AppleWebKit/537.31 (KHTML, like Gecko) Chrome/26.0.1410.64 Safari/537.31"
217.227.162.41 - - [15/May/2013:13:18:05 +0200] "GET /images/navibg.png HTTP/1.1" 200 2803 "http://www.mink-gmbh.de/" "Mozilla/5.0 (Windows NT 6.1) AppleWebKit/537.31 (KHTML, like Gecko) Chrome/26.0.1410.64 Safari/537.31"
217.227.162.41 - - [15/May/2013:13:18:05 +0200] "GET /images/fallend.png HTTP/1.1" 200 713 "http://www.mink-gmbh.de/" "Mozilla/5.0 (Windows NT 6.1) AppleWebKit/537.31 (KHTML, like Gecko) Chrome/26.0.1410.64 Safari/537.31"
217.227.162.41 - - [15/May/2013:13:18:05 +0200] "GET /js_contentserver24_greybox/loader_frame.html?s=0 HTTP/1.1" 200 2084 "http://www.mink-gmbh.de/" "Mozilla/5.0 (Windows NT 6.1) AppleWebKit/537.31 (KHTML, like Gecko) Chrome/26.0.1410.64 Safari/537.31"
217.227.162.41 - - [15/May/2013:13:18:05 +0200] "GET /images/header.jpg HTTP/1.1" 200 40733 "http://www.mink-gmbh.de/" "Mozilla/5.0 (Windows NT 6.1) AppleWebKit/537.31 (KHTML, like Gecko) Chrome/26.0.1410.64 Safari/537.31"
217.227.162.41 - - [15/May/2013:13:18:05 +0200] "GET /images/steigend.png HTTP/1.1" 200 688 "http://www.mink-gmbh.de/" "Mozilla/5.0 (Windows NT 6.1) AppleWebKit/537.31 (KHTML, like Gecko) Chrome/26.0.1410.64 Safari/537.31"
217.227.162.41 - - [15/May/2013:13:18:05 +0200] "GET /images/newsletter_bg.jpg HTTP/1.1" 200 33610 "http://www.mink-gmbh.de/" "Mozilla/5.0 (Windows NT 6.1) AppleWebKit/537.31 (KHTML, like Gecko) Chrome/26.0.1410.64 Safari/537.31"
217.227.162.41 - - [15/May/2013:13:18:05 +0200] "GET /images/wrapperbg.jpg HTTP/1.1" 200 27465 "http://www.mink-gmbh.de/" "Mozilla/5.0 (Windows NT 6.1) AppleWebKit/537.31 (KHTML, like Gecko) Chrome/26.0.1410.64 Safari/537.31"
217.227.162.41 - - [15/May/2013:13:18:05 +0200] "GET /images/newsletter.jpg HTTP/1.1" 200 13130 "http://www.mink-gmbh.de/" "Mozilla/5.0 (Windows NT 6.1) AppleWebKit/537.31 (KHTML, like Gecko) Chrome/26.0.1410.64 Safari/537.31"
217.227.162.41 - - [15/May/2013:13:18:05 +0200] "GET /images/mail.jpg HTTP/1.1" 200 11165 "http://www.mink-gmbh.de/" "Mozilla/5.0 (Windows NT 6.1) AppleWebKit/537.31 (KHTML, like Gecko) Chrome/26.0.1410.64 Safari/537.31"
217.227.162.41 - - [15/May/2013:13:18:05 +0200] "GET /images/tkw.jpg HTTP/1.1" 200 64031 "http://www.mink-gmbh.de/" "Mozilla/5.0 (Windows NT 6.1) AppleWebKit/537.31 (KHTML, like Gecko) Chrome/26.0.1410.64 Safari/537.31"
217.227.162.41 - - [15/May/2013:13:18:05 +0200] "GET /images/team-energie.png HTTP/1.1" 200 17383 "http://www.mink-gmbh.de/" "Mozilla/5.0 (Windows NT 6.1) AppleWebKit/537.31 (KHTML, like Gecko) Chrome/26.0.1410.64 Safari/537.31"
217.227.162.41 - - [15/May/2013:13:18:05 +0200] "GET /images/kwk.gif HTTP/1.1" 200 6403 "http://www.mink-gmbh.de/" "Mozilla/5.0 (Windows NT 6.1) AppleWebKit/537.31 (KHTML, like Gecko) Chrome/26.0.1410.64 Safari/537.31"
217.227.162.41 - - [15/May/2013:13:18:05 +0200] "GET /images/freecall.jpg HTTP/1.1" 200 39195 "http://www.mink-gmbh.de/" "Mozilla/5.0 (Windows NT 6.1) AppleWebKit/537.31 (KHTML, like Gecko) Chrome/26.0.1410.64 Safari/537.31"
217.227.162.41 - - [15/May/2013:13:18:05 +0200] "GET /images/mobil.jpg HTTP/1.1" 200 25293 "http://www.mink-gmbh.de/" "Mozilla/5.0 (Windows NT 6.1) AppleWebKit/537.31 (KHTML, like Gecko) Chrome/26.0.1410.64 Safari/537.31"
217.227.162.41 - - [15/May/2013:13:18:05 +0200] "GET /images/wunschpreis.jpg HTTP/1.1" 200 16767 "http://www.mink-gmbh.de/" "Mozilla/5.0 (Windows NT 6.1) AppleWebKit/537.31 (KHTML, like Gecko) Chrome/26.0.1410.64 Safari/537.31"
217.227.162.41 - - [15/May/2013:13:18:05 +0200] "GET /images/logos.jpg HTTP/1.1" 200 15002 "http://www.mink-gmbh.de/" "Mozilla/5.0 (Windows NT 6.1) AppleWebKit/537.31 (KHTML, like Gecko) Chrome/26.0.1410.64 Safari/537.31"
217.227.162.41 - - [15/May/2013:13:18:06 +0200] "GET /images/footerbg.jpg HTTP/1.1" 200 2184 "http://www.mink-gmbh.de/" "Mozilla/5.0 (Windows NT 6.1) AppleWebKit/537.31 (KHTML, like Gecko) Chrome/26.0.1410.64 Safari/537.31"
217.227.162.41 - - [15/May/2013:13:18:06 +0200] "GET /js_contentserver24_greybox/header_bg.gif HTTP/1.1" 200 1188 "http://www.mink-gmbh.de/" "Mozilla/5.0 (Windows NT 6.1) AppleWebKit/537.31 (KHTML, like Gecko) Chrome/26.0.1410.64 Safari/537.31"
217.227.162.41 - - [15/May/2013:13:18:06 +0200] "GET /js_contentserver24_greybox/indicator.gif HTTP/1.1" 200 8238 "http://www.mink-gmbh.de/js_contentserver24_greybox/loader_frame.html?s=0" "Mozilla/5.0 (Windows NT 6.1) AppleWebKit/537.31 (KHTML, like Gecko) Chrome/26.0.1410.64 Safari/537.31"
217.227.162.41 - - [15/May/2013:13:18:06 +0200] "GET /js_contentserver24_greybox/g_close.gif HTTP/1.1" 200 541 "http://www.mink-gmbh.de/" "Mozilla/5.0 (Windows NT 6.1) AppleWebKit/537.31 (KHTML, like Gecko) Chrome/26.0.1410.64 Safari/537.31"
217.227.162.41 - - [15/May/2013:13:18:20 +0200] "GET /impressum.php HTTP/1.1" 200 6397 "http://www.mink-gmbh.de/" "Mozilla/5.0 (Windows NT 6.1) AppleWebKit/537.31 (KHTML, like Gecko) Chrome/26.0.1410.64 Safari/537.31"
199.21.99.106 - - [15/May/2013:13:18:51 +0200] "GET / HTTP/1.1" 200 12361 "-" "Mozilla/5.0 (compatible; YandexBot/3.0; +http://yandex.com/bots)"
173.199.116.51 - - [15/May/2013:13:24:27 +0200] "GET /news.php?cs_go=archiv&cs_id=3757&cs_search= HTTP/1.1" 200 7810 "-" "Mozilla/5.0 (compatible; AhrefsBot/4.0; +http://ahrefs.com/robot/)"
66.249.78.46 - - [15/May/2013:13:27:26 +0200] "GET /optiplus.php HTTP/1.1" 200 8760 "-" "SAMSUNG-SGH-E250/1.0 Profile/MIDP-2.0 Configuration/CLDC-1.1 UP.Browser/6.2.3.3.c.1.101 (GUI) MMP/2.0 (compatible; Googlebot-Mobile/2.1; +http://www.google.com/bot.html)"
173.199.116.51 - - [15/May/2013:13:28:43 +0200] "GET /news.php?cs_go=archiv&cs_id=3575&cs_search= HTTP/1.1" 200 9516 "-" "Mozilla/5.0 (compatible; AhrefsBot/4.0; +http://ahrefs.com/robot/)"
208.115.113.91 - - [15/May/2013:13:39:21 +0200] "GET /robots.txt HTTP/1.1" 200 177 "-" "Mozilla/5.0 (compatible; Ezooms/1.0; ezooms.bot@gmail.com)"
65.55.52.87 - - [15/May/2013:13:42:22 +0200] "GET /robots.txt HTTP/1.1" 200 177 "-" "Mozilla/5.0 (compatible; bingbot/2.0; +http://www.bing.com/bingbot.htm)"
65.55.52.87 - - [15/May/2013:13:45:00 +0200] "GET /news.php?cs_go=archiv&cs_id=3696 HTTP/1.1" 200 11191 "-" "Mozilla/5.0 (compatible; bingbot/2.0; +http://www.bing.com/bingbot.htm)"
208.115.113.91 - - [15/May/2013:14:02:05 +0200] "GET /news.php?cs_go=archiv&cs_id=3979 HTTP/1.1" 200 11211 "-" "Mozilla/5.0 (compatible; Ezooms/1.0; ezooms.bot@gmail.com)"
173.199.116.51 - - [15/May/2013:14:05:06 +0200] "GET /news.php?cs_go=archiv&cs_id=3829&cs_search= HTTP/1.1" 200 9682 "-" "Mozilla/5.0 (compatible; AhrefsBot/4.0; +http://ahrefs.com/robot/)"
141.8.147.12 - - [15/May/2013:14:21:47 +0200] "GET /news.php?cs_go=archiv&cs_id=4022&cs_search= HTTP/1.1" 200 7956 "-" "Mozilla/5.0 (compatible; YandexBot/3.0; +http://yandex.com/bots)"
173.199.116.51 - - [15/May/2013:14:51:47 +0200] "GET /news.php?cs_go=archiv&cs_startpos=620 HTTP/1.1" 200 5780 "-" "Mozilla/5.0 (compatible; AhrefsBot/4.0; +http://ahrefs.com/robot/)"
173.199.116.51 - - [15/May/2013:15:07:17 +0200] "GET /lexikon.php?cs_go=3&cs_id=16 HTTP/1.1" 200 6558 "-" "Mozilla/5.0 (compatible; AhrefsBot/4.0; +http://ahrefs.com/robot/)"
141.8.147.12 - - [15/May/2013:15:07:35 +0200] "GET /news.php?cs_go=archiv&cs_startpos=761 HTTP/1.1" 200 5780 "-" "Mozilla/5.0 (compatible; YandexBot/3.0; +http://yandex.com/bots)"
66.249.78.46 - - [15/May/2013:15:08:35 +0200] "GET /news.php?cs_go=archiv&cs_id=3389&cs_search= HTTP/1.1" 200 11354 "-" "Mozilla/5.0 (iPhone; U; CPU iPhone OS 4_1 like Mac OS X; en-us) AppleWebKit/532.9 (KHTML, like Gecko) Version/4.0.5 Mobile/8B117 Safari/6531.22.7 (compatible; Googlebot-Mobile/2.1; +http://www.google.com/bot.html)"
157.55.32.185 - - [15/May/2013:15:49:52 +0200] "GET /robots.txt HTTP/1.1" 200 177 "-" "Mozilla/5.0 (compatible; bingbot/2.0; +http://www.bing.com/bingbot.htm)"
157.55.32.185 - - [15/May/2013:15:52:31 +0200] "GET / HTTP/1.1" 200 12402 "-" "Mozilla/5.0 (compatible; bingbot/2.0; +http://www.bing.com/bingbot.htm)"
65.36.241.79 - - [15/May/2013:16:02:44 +0200] "HEAD / HTTP/1.1" 200 - "-" "InternetSeer.com"
123.125.71.94 - - [15/May/2013:16:05:20 +0200] "GET /robots.txt HTTP/1.1" 200 177 "-" "Mozilla/5.0 (Windows NT 5.1; rv:6.0.2) Gecko/20100101 Firefox/6.0.2"
66.249.78.46 - - [15/May/2013:16:20:46 +0200] "GET /robots.txt HTTP/1.1" 200 177 "-" "Mozilla/5.0 (compatible; Googlebot/2.1; +http://www.google.com/bot.html)"
66.249.78.46 - - [15/May/2013:16:20:46 +0200] "GET /news.php?cs_go=archiv&cs_id=3917 HTTP/1.1" 200 11164 "-" "Mozilla/5.0 (compatible; Googlebot/2.1; +http://www.google.com/bot.html)"
66.249.78.46 - - [15/May/2013:16:34:05 +0200] "GET /news.php?cs_go=archiv&cs_id=4163 HTTP/1.1" 200 7870 "-" "Mozilla/5.0 (iPhone; U; CPU iPhone OS 4_1 like Mac OS X; en-us) AppleWebKit/532.9 (KHTML, like Gecko) Version/4.0.5 Mobile/8B117 Safari/6531.22.7 (compatible; Googlebot-Mobile/2.1; +http://www.google.com/bot.html)"
173.199.116.51 - - [15/May/2013:16:37:36 +0200] "GET /lexikon.php?cs_go=3&cs_id=216 HTTP/1.1" 200 5775 "-" "Mozilla/5.0 (compatible; AhrefsBot/4.0; +http://ahrefs.com/robot/)"
173.199.116.51 - - [15/May/2013:16:39:25 +0200] "GET /lexikon.php?cs_go=3&cs_id=22 HTTP/1.1" 200 6372 "-" "Mozilla/5.0 (compatible; AhrefsBot/4.0; +http://ahrefs.com/robot/)"
66.249.75.49 - - [15/May/2013:16:53:58 +0200] "GET /news.php?cs_go=archiv&cs_startpos=10 HTTP/1.1" 200 20165 "-" "DoCoMo/2.0 N905i(c100;TB;W24H16) (compatible; Googlebot-Mobile/2.1; +http://www.google.com/bot.html)"
173.199.116.51 - - [15/May/2013:17:04:38 +0200] "GET /lexikon.php?cs_go=3&cs_id=131 HTTP/1.1" 200 6033 "-" "Mozilla/5.0 (compatible; AhrefsBot/4.0; +http://ahrefs.com/robot/)"
208.115.113.91 - - [15/May/2013:17:41:17 +0200] "GET /robots.txt HTTP/1.1" 200 177 "-" "Mozilla/5.0 (compatible; Ezooms/1.0; ezooms.bot@gmail.com)"
66.249.78.46 - - [15/May/2013:17:42:18 +0200] "GET /news.php?cs_go=archiv&cs_id=3867 HTTP/1.1" 200 9598 "-" "Mozilla/5.0 (compatible; Googlebot/2.1; +http://www.google.com/bot.html)"
173.199.116.51 - - [15/May/2013:17:43:39 +0200] "GET /lexikon.php?cs_go=3&cs_id=127 HTTP/1.1" 200 7733 "-" "Mozilla/5.0 (compatible; AhrefsBot/4.0; +http://ahrefs.com/robot/)"
66.249.78.46 - - [15/May/2013:17:58:28 +0200] "GET /news.php?cs_go=archiv&cs_id=3742 HTTP/1.1" 200 10070 "-" "Mozilla/5.0 (compatible; Googlebot/2.1; +http://www.google.com/bot.html)"
173.199.116.51 - - [15/May/2013:18:05:57 +0200] "GET /lexikon.php?cs_go=3&cs_id=12 HTTP/1.1" 200 6198 "-" "Mozilla/5.0 (compatible; AhrefsBot/4.0; +http://ahrefs.com/robot/)"
139.18.2.209 - - [15/May/2013:18:14:03 +0200] "GET /news.php?cs_go=archiv&cs_id=3996&cs_search= HTTP/1.1" 200 6317 "-" "findlinks/2.6 (+http://wortschatz.uni-leipzig.de/findlinks/)"
139.18.2.209 - - [15/May/2013:18:14:03 +0200] "GET /news.php?cs_go=archiv&cs_id=3996&cs_search= HTTP/1.1" 200 9353 "-" "findlinks/2.6 (+http://wortschatz.uni-leipzig.de/findlinks/)"
66.249.78.46 - - [15/May/2013:18:17:03 +0200] "GET /news.php?cs_go=archiv&cs_id=4003 HTTP/1.1" 200 8009 "-" "Mozilla/5.0 (compatible; Googlebot/2.1; +http://www.google.com/bot.html)"
141.8.147.12 - - [15/May/2013:18:19:33 +0200] "GET /lexikon.php?cs_go=3&cs_id=209 HTTP/1.1" 200 5951 "-" "Mozilla/5.0 (compatible; YandexBot/3.0; +http://yandex.com/bots)"
66.249.78.46 - - [15/May/2013:18:21:11 +0200] "GET /news.php?cs_go=archiv&cs_id=3712&cs_search= HTTP/1.1" 200 10783 "-" "Mozilla/5.0 (compatible; Googlebot/2.1; +http://www.google.com/bot.html)"
66.249.78.46 - - [15/May/2013:18:23:22 +0200] "GET /news.php?cs_go=archiv&cs_id=3728&cs_search= HTTP/1.1" 200 7519 "-" "Mozilla/5.0 (compatible; Googlebot/2.1; +http://www.google.com/bot.html)"
66.249.78.46 - - [15/May/2013:18:25:34 +0200] "GET /news.php?cs_go=archiv&cs_id=3766&cs_search= HTTP/1.1" 200 11203 "-" "Mozilla/5.0 (compatible; Googlebot/2.1; +http://www.google.com/bot.html)"
66.249.78.46 - - [15/May/2013:18:27:45 +0200] "GET /news.php?cs_go=archiv&cs_id=3763&cs_search= HTTP/1.1" 200 7594 "-" "Mozilla/5.0 (compatible; Googlebot/2.1; +http://www.google.com/bot.html)"
66.249.78.46 - - [15/May/2013:18:29:00 +0200] "GET /edl.php HTTP/1.1" 200 8456 "-" "SAMSUNG-SGH-E250/1.0 Profile/MIDP-2.0 Configuration/CLDC-1.1 UP.Browser/6.2.3.3.c.1.101 (GUI) MMP/2.0 (compatible; Googlebot-Mobile/2.1; +http://www.google.com/bot.html)"
173.199.116.51 - - [15/May/2013:18:37:30 +0200] "GET /lexikon.php?cs_go=3&cs_id=108 HTTP/1.1" 200 7271 "-" "Mozilla/5.0 (compatible; AhrefsBot/4.0; +http://ahrefs.com/robot/)"
66.249.78.46 - - [15/May/2013:19:02:46 +0200] "GET /news.php?cs_go=archiv&cs_id=3647 HTTP/1.1" 200 11090 "-" "Mozilla/5.0 (compatible; Googlebot/2.1; +http://www.google.com/bot.html)"
46.255.40.91 - - [15/May/2013:19:07:26 +0200] "GET / HTTP/1.1" 200 12402 "http://www.google.de/url?sa=t&rct=j&q=mink%20berlin&source=web&cd=1&ved=0CC8QFjAA&url=http%3A%2F%2Fwww.mink-gmbh.de%2F&ei=rsCTUczDBsmatAaDz4GoDQ&usg=AFQjCNFHX4Iglls9oo-KYXTmDUV_5KOVIg&bvm=bv.46471029,d.Yms" "Mozilla/4.0 (compatible; MSIE 8.0; Windows NT 6.1; WOW64; Trident/4.0; SLCC2; .NET CLR 2.0.50727; .NET CLR 3.5.30729; .NET CLR 3.0.30729; .NET4.0C; MS-RTC LM 8; InfoPath.3)"
46.255.40.91 - - [15/May/2013:19:07:28 +0200] "GET /js_contentserver24_greybox/AJS.js HTTP/1.1" 200 10396 "http://www.mink-gmbh.de/" "Mozilla/4.0 (compatible; MSIE 8.0; Windows NT 6.1; WOW64; Trident/4.0; SLCC2; .NET CLR 2.0.50727; .NET CLR 3.5.30729; .NET CLR 3.0.30729; .NET4.0C; MS-RTC LM 8; InfoPath.3)"
46.255.40.91 - - [15/May/2013:19:07:28 +0200] "GET /style.css HTTP/1.1" 200 8418 "http://www.mink-gmbh.de/" "Mozilla/4.0 (compatible; MSIE 8.0; Windows NT 6.1; WOW64; Trident/4.0; SLCC2; .NET CLR 2.0.50727; .NET CLR 3.5.30729; .NET CLR 3.0.30729; .NET4.0C; MS-RTC LM 8; InfoPath.3)"
46.255.40.91 - - [15/May/2013:19:07:28 +0200] "GET /modul.css HTTP/1.1" 200 35038 "http://www.mink-gmbh.de/" "Mozilla/4.0 (compatible; MSIE 8.0; Windows NT 6.1; WOW64; Trident/4.0; SLCC2; .NET CLR 2.0.50727; .NET CLR 3.5.30729; .NET CLR 3.0.30729; .NET4.0C; MS-RTC LM 8; InfoPath.3)"
46.255.40.91 - - [15/May/2013:19:07:28 +0200] "GET /js_contentserver24_greybox/gb_scripts.js HTTP/1.1" 200 11913 "http://www.mink-gmbh.de/" "Mozilla/4.0 (compatible; MSIE 8.0; Windows NT 6.1; WOW64; Trident/4.0; SLCC2; .NET CLR 2.0.50727; .NET CLR 3.5.30729; .NET CLR 3.0.30729; .NET4.0C; MS-RTC LM 8; InfoPath.3)"
46.255.40.91 - - [15/May/2013:19:07:28 +0200] "GET /js_contentserver24_greybox/gb_styles.css HTTP/1.1" 200 2302 "http://www.mink-gmbh.de/" "Mozilla/4.0 (compatible; MSIE 8.0; Windows NT 6.1; WOW64; Trident/4.0; SLCC2; .NET CLR 2.0.50727; .NET CLR 3.5.30729; .NET CLR 3.0.30729; .NET4.0C; MS-RTC LM 8; InfoPath.3)"
46.255.40.91 - - [15/May/2013:19:07:28 +0200] "GET /js_contentserver24_greybox/AJS_fx.js HTTP/1.1" 200 3192 "http://www.mink-gmbh.de/" "Mozilla/4.0 (compatible; MSIE 8.0; Windows NT 6.1; WOW64; Trident/4.0; SLCC2; .NET CLR 2.0.50727; .NET CLR 3.5.30729; .NET CLR 3.0.30729; .NET4.0C; MS-RTC LM 8; InfoPath.3)"
46.255.40.91 - - [15/May/2013:19:07:29 +0200] "GET /images/bg.jpg HTTP/1.1" 200 345 "http://www.mink-gmbh.de/" "Mozilla/4.0 (compatible; MSIE 8.0; Windows NT 6.1; WOW64; Trident/4.0; SLCC2; .NET CLR 2.0.50727; .NET CLR 3.5.30729; .NET CLR 3.0.30729; .NET4.0C; MS-RTC LM 8; InfoPath.3)"
46.255.40.91 - - [15/May/2013:19:07:29 +0200] "GET /js_contentserver24_greybox/w_close.gif HTTP/1.1" 200 74 "http://www.mink-gmbh.de/" "Mozilla/4.0 (compatible; MSIE 8.0; Windows NT 6.1; WOW64; Trident/4.0; SLCC2; .NET CLR 2.0.50727; .NET CLR 3.5.30729; .NET CLR 3.0.30729; .NET4.0C; MS-RTC LM 8; InfoPath.3)"
46.255.40.91 - - [15/May/2013:19:07:29 +0200] "GET /images/team-energie.png HTTP/1.1" 200 17383 "http://www.mink-gmbh.de/" "Mozilla/4.0 (compatible; MSIE 8.0; Windows NT 6.1; WOW64; Trident/4.0; SLCC2; .NET CLR 2.0.50727; .NET CLR 3.5.30729; .NET CLR 3.0.30729; .NET4.0C; MS-RTC LM 8; InfoPath.3)"
46.255.40.91 - - [15/May/2013:19:07:29 +0200] "GET /images/mail.jpg HTTP/1.1" 200 11165 "http://www.mink-gmbh.de/" "Mozilla/4.0 (compatible; MSIE 8.0; Windows NT 6.1; WOW64; Trident/4.0; SLCC2; .NET CLR 2.0.50727; .NET CLR 3.5.30729; .NET CLR 3.0.30729; .NET4.0C; MS-RTC LM 8; InfoPath.3)"
46.255.40.91 - - [15/May/2013:19:07:29 +0200] "GET /images/newsletter_bg.jpg HTTP/1.1" 200 33610 "http://www.mink-gmbh.de/" "Mozilla/4.0 (compatible; MSIE 8.0; Windows NT 6.1; WOW64; Trident/4.0; SLCC2; .NET CLR 2.0.50727; .NET CLR 3.5.30729; .NET CLR 3.0.30729; .NET4.0C; MS-RTC LM 8; InfoPath.3)"
46.255.40.91 - - [15/May/2013:19:07:29 +0200] "GET /images/tkw.jpg HTTP/1.1" 200 64031 "http://www.mink-gmbh.de/" "Mozilla/4.0 (compatible; MSIE 8.0; Windows NT 6.1; WOW64; Trident/4.0; SLCC2; .NET CLR 2.0.50727; .NET CLR 3.5.30729; .NET CLR 3.0.30729; .NET4.0C; MS-RTC LM 8; InfoPath.3)"
46.255.40.91 - - [15/May/2013:19:07:29 +0200] "GET /images/kwk.gif HTTP/1.1" 200 6403 "http://www.mink-gmbh.de/" "Mozilla/4.0 (compatible; MSIE 8.0; Windows NT 6.1; WOW64; Trident/4.0; SLCC2; .NET CLR 2.0.50727; .NET CLR 3.5.30729; .NET CLR 3.0.30729; .NET4.0C; MS-RTC LM 8; InfoPath.3)"
46.255.40.91 - - [15/May/2013:19:07:29 +0200] "GET /images/wunschpreis.jpg HTTP/1.1" 200 16767 "http://www.mink-gmbh.de/" "Mozilla/4.0 (compatible; MSIE 8.0; Windows NT 6.1; WOW64; Trident/4.0; SLCC2; .NET CLR 2.0.50727; .NET CLR 3.5.30729; .NET CLR 3.0.30729; .NET4.0C; MS-RTC LM 8; InfoPath.3)"
46.255.40.91 - - [15/May/2013:19:07:29 +0200] "GET /images/logos.jpg HTTP/1.1" 200 15002 "http://www.mink-gmbh.de/" "Mozilla/4.0 (compatible; MSIE 8.0; Windows NT 6.1; WOW64; Trident/4.0; SLCC2; .NET CLR 2.0.50727; .NET CLR 3.5.30729; .NET CLR 3.0.30729; .NET4.0C; MS-RTC LM 8; InfoPath.3)"
46.255.40.91 - - [15/May/2013:19:07:29 +0200] "GET /images/freecall.jpg HTTP/1.1" 200 39195 "http://www.mink-gmbh.de/" "Mozilla/4.0 (compatible; MSIE 8.0; Windows NT 6.1; WOW64; Trident/4.0; SLCC2; .NET CLR 2.0.50727; .NET CLR 3.5.30729; .NET CLR 3.0.30729; .NET4.0C; MS-RTC LM 8; InfoPath.3)"
46.255.40.91 - - [15/May/2013:19:07:29 +0200] "GET /images/wrapperbg.jpg HTTP/1.1" 200 27465 "http://www.mink-gmbh.de/" "Mozilla/4.0 (compatible; MSIE 8.0; Windows NT 6.1; WOW64; Trident/4.0; SLCC2; .NET CLR 2.0.50727; .NET CLR 3.5.30729; .NET CLR 3.0.30729; .NET4.0C; MS-RTC LM 8; InfoPath.3)"
46.255.40.91 - - [15/May/2013:19:07:29 +0200] "GET /js_contentserver24_greybox/loader_frame.html?s=0 HTTP/1.1" 200 2084 "http://www.mink-gmbh.de/" "Mozilla/4.0 (compatible; MSIE 8.0; Windows NT 6.1; WOW64; Trident/4.0; SLCC2; .NET CLR 2.0.50727; .NET CLR 3.5.30729; .NET CLR 3.0.30729; .NET4.0C; MS-RTC LM 8; InfoPath.3)"
46.255.40.91 - - [15/May/2013:19:07:29 +0200] "GET /images/navibg.png HTTP/1.1" 200 2803 "http://www.mink-gmbh.de/" "Mozilla/4.0 (compatible; MSIE 8.0; Windows NT 6.1; WOW64; Trident/4.0; SLCC2; .NET CLR 2.0.50727; .NET CLR 3.5.30729; .NET CLR 3.0.30729; .NET4.0C; MS-RTC LM 8; InfoPath.3)"
46.255.40.91 - - [15/May/2013:19:07:29 +0200] "GET /images/close.png HTTP/1.1" 200 703 "http://www.mink-gmbh.de/" "Mozilla/4.0 (compatible; MSIE 8.0; Windows NT 6.1; WOW64; Trident/4.0; SLCC2; .NET CLR 2.0.50727; .NET CLR 3.5.30729; .NET CLR 3.0.30729; .NET4.0C; MS-RTC LM 8; InfoPath.3)"
46.255.40.91 - - [15/May/2013:19:07:29 +0200] "GET /images/newsletter.png HTTP/1.1" 200 14619 "http://www.mink-gmbh.de/" "Mozilla/4.0 (compatible; MSIE 8.0; Windows NT 6.1; WOW64; Trident/4.0; SLCC2; .NET CLR 2.0.50727; .NET CLR 3.5.30729; .NET CLR 3.0.30729; .NET4.0C; MS-RTC LM 8; InfoPath.3)"
46.255.40.91 - - [15/May/2013:19:07:29 +0200] "GET /images/header.jpg HTTP/1.1" 200 40733 "http://www.mink-gmbh.de/" "Mozilla/4.0 (compatible; MSIE 8.0; Windows NT 6.1; WOW64; Trident/4.0; SLCC2; .NET CLR 2.0.50727; .NET CLR 3.5.30729; .NET CLR 3.0.30729; .NET4.0C; MS-RTC LM 8; InfoPath.3)"
46.255.40.91 - - [15/May/2013:19:07:29 +0200] "GET /images/fallend.png HTTP/1.1" 200 713 "http://www.mink-gmbh.de/" "Mozilla/4.0 (compatible; MSIE 8.0; Windows NT 6.1; WOW64; Trident/4.0; SLCC2; .NET CLR 2.0.50727; .NET CLR 3.5.30729; .NET CLR 3.0.30729; .NET4.0C; MS-RTC LM 8; InfoPath.3)"
46.255.40.91 - - [15/May/2013:19:07:29 +0200] "GET /images/steigend.png HTTP/1.1" 200 688 "http://www.mink-gmbh.de/" "Mozilla/4.0 (compatible; MSIE 8.0; Windows NT 6.1; WOW64; Trident/4.0; SLCC2; .NET CLR 2.0.50727; .NET CLR 3.5.30729; .NET CLR 3.0.30729; .NET4.0C; MS-RTC LM 8; InfoPath.3)"
46.255.40.91 - - [15/May/2013:19:07:29 +0200] "GET /images/mobil.jpg HTTP/1.1" 200 25293 "http://www.mink-gmbh.de/" "Mozilla/4.0 (compatible; MSIE 8.0; Windows NT 6.1; WOW64; Trident/4.0; SLCC2; .NET CLR 2.0.50727; .NET CLR 3.5.30729; .NET CLR 3.0.30729; .NET4.0C; MS-RTC LM 8; InfoPath.3)"
46.255.40.91 - - [15/May/2013:19:07:29 +0200] "GET /images/newsletter.jpg HTTP/1.1" 200 13130 "http://www.mink-gmbh.de/" "Mozilla/4.0 (compatible; MSIE 8.0; Windows NT 6.1; WOW64; Trident/4.0; SLCC2; .NET CLR 2.0.50727; .NET CLR 3.5.30729; .NET CLR 3.0.30729; .NET4.0C; MS-RTC LM 8; InfoPath.3)"
46.255.40.91 - - [15/May/2013:19:07:29 +0200] "GET /images/footerbg.jpg HTTP/1.1" 200 2184 "http://www.mink-gmbh.de/" "Mozilla/4.0 (compatible; MSIE 8.0; Windows NT 6.1; WOW64; Trident/4.0; SLCC2; .NET CLR 2.0.50727; .NET CLR 3.5.30729; .NET CLR 3.0.30729; .NET4.0C; MS-RTC LM 8; InfoPath.3)"
46.255.40.91 - - [15/May/2013:19:07:29 +0200] "GET /js_contentserver24_greybox/header_bg.gif HTTP/1.1" 200 1188 "http://www.mink-gmbh.de/" "Mozilla/4.0 (compatible; MSIE 8.0; Windows NT 6.1; WOW64; Trident/4.0; SLCC2; .NET CLR 2.0.50727; .NET CLR 3.5.30729; .NET CLR 3.0.30729; .NET4.0C; MS-RTC LM 8; InfoPath.3)"
46.255.40.91 - - [15/May/2013:19:07:29 +0200] "GET /js_contentserver24_greybox/indicator.gif HTTP/1.1" 200 8238 "http://www.mink-gmbh.de/js_contentserver24_greybox/loader_frame.html?s=0" "Mozilla/4.0 (compatible; MSIE 8.0; Windows NT 6.1; WOW64; Trident/4.0; SLCC2; .NET CLR 2.0.50727; .NET CLR 3.5.30729; .NET CLR 3.0.30729; .NET4.0C; MS-RTC LM 8; InfoPath.3)"
46.255.40.91 - - [15/May/2013:19:07:30 +0200] "GET /js_contentserver24_greybox/g_close.gif HTTP/1.1" 200 541 "http://www.mink-gmbh.de/" "Mozilla/4.0 (compatible; MSIE 8.0; Windows NT 6.1; WOW64; Trident/4.0; SLCC2; .NET CLR 2.0.50727; .NET CLR 3.5.30729; .NET CLR 3.0.30729; .NET4.0C; MS-RTC LM 8; InfoPath.3)"
46.255.40.91 - - [15/May/2013:19:07:31 +0200] "GET /favicon.ico HTTP/1.1" 200 3638 "-" "Mozilla/4.0 (compatible; MSIE 8.0; Windows NT 6.1; WOW64; Trident/4.0; SLCC2; .NET CLR 2.0.50727; .NET CLR 3.5.30729; .NET CLR 3.0.30729; .NET4.0C; MS-RTC LM 8; InfoPath.3)"
46.255.40.91 - - [15/May/2013:19:08:00 +0200] "GET /impressum.php HTTP/1.1" 200 6397 "http://www.mink-gmbh.de/" "Mozilla/4.0 (compatible; MSIE 8.0; Windows NT 6.1; WOW64; Trident/4.0; SLCC2; .NET CLR 2.0.50727; .NET CLR 3.5.30729; .NET CLR 3.0.30729; .NET4.0C; MS-RTC LM 8; InfoPath.3)"
173.199.116.51 - - [15/May/2013:19:08:17 +0200] "GET /news.php?cs_go=archiv&cs_id=3746&cs_search= HTTP/1.1" 200 7967 "-" "Mozilla/5.0 (compatible; AhrefsBot/4.0; +http://ahrefs.com/robot/)"
66.249.78.46 - - [15/May/2013:19:12:51 +0200] "GET /news.php?cs_go=archiv&cs_id=4168 HTTP/1.1" 200 8980 "-" "Mozilla/5.0 (iPhone; U; CPU iPhone OS 4_1 like Mac OS X; en-us) AppleWebKit/532.9 (KHTML, like Gecko) Version/4.0.5 Mobile/8B117 Safari/6531.22.7 (compatible; Googlebot-Mobile/2.1; +http://www.google.com/bot.html)"
157.55.32.185 - - [15/May/2013:19:27:12 +0200] "GET /robots.txt HTTP/1.1" 200 177 "-" "Mozilla/5.0 (compatible; bingbot/2.0; +http://www.bing.com/bingbot.htm)"
157.55.32.185 - - [15/May/2013:19:29:02 +0200] "GET / HTTP/1.1" 200 12402 "-" "Mozilla/5.0 (compatible; bingbot/2.0; +http://www.bing.com/bingbot.htm)"
208.115.113.91 - - [15/May/2013:19:33:13 +0200] "GET /standard.php HTTP/1.1" 200 6878 "-" "Mozilla/5.0 (compatible; Ezooms/1.0; ezooms.bot@gmail.com)"
66.249.78.46 - - [15/May/2013:19:37:15 +0200] "GET /news.php?cs_go=archiv HTTP/1.1" 200 19916 "-" "Mozilla/5.0 (iPhone; U; CPU iPhone OS 4_1 like Mac OS X; en-us) AppleWebKit/532.9 (KHTML, like Gecko) Version/4.0.5 Mobile/8B117 Safari/6531.22.7 (compatible; Googlebot-Mobile/2.1; +http://www.google.com/bot.html)"
157.55.32.185 - - [15/May/2013:19:40:03 +0200] "GET /kwk.php HTTP/1.1" 200 8539 "-" "Mozilla/5.0 (compatible; bingbot/2.0; +http://www.bing.com/bingbot.htm)"
208.115.111.75 - - [15/May/2013:19:43:22 +0200] "GET /robots.txt HTTP/1.1" 200 177 "-" "Mozilla/5.0 (compatible; Ezooms/1.0; ezooms.bot@gmail.com)"
220.181.108.78 - - [15/May/2013:20:00:06 +0200] "GET / HTTP/1.1" 200 6541 "-" "Mozilla/5.0 (compatible; Baiduspider/2.0; +http://www.baidu.com/search/spider.html)"
123.125.71.27 - - [15/May/2013:20:00:59 +0200] "GET / HTTP/1.1" 200 1533 "-" "Mozilla/5.0 (compatible; Baiduspider/2.0; +http://www.baidu.com/search/spider.html)"
157.55.32.80 - - [15/May/2013:20:04:29 +0200] "GET /optiplus.php HTTP/1.1" 200 8760 "-" "Mozilla/5.0 (compatible; bingbot/2.0; +http://www.bing.com/bingbot.htm)"
173.199.116.51 - - [15/May/2013:20:12:45 +0200] "GET /news.php?cs_go=archiv&cs_id=3919&cs_search= HTTP/1.1" 200 10993 "-" "Mozilla/5.0 (compatible; AhrefsBot/4.0; +http://ahrefs.com/robot/)"
173.199.116.51 - - [15/May/2013:20:35:03 +0200] "GET /lexikon.php?cs_go=3&cs_id=40 HTTP/1.1" 200 9826 "-" "Mozilla/5.0 (compatible; AhrefsBot/4.0; +http://ahrefs.com/robot/)"
173.199.116.51 - - [15/May/2013:20:38:26 +0200] "GET /lexikon.php?cs_go=3&cs_id=68 HTTP/1.1" 200 6173 "-" "Mozilla/5.0 (compatible; AhrefsBot/4.0; +http://ahrefs.com/robot/)"
173.199.116.51 - - [15/May/2013:20:49:00 +0200] "GET /news.php?cs_go=archiv&cs_id=3760&cs_search= HTTP/1.1" 200 7596 "-" "Mozilla/5.0 (compatible; AhrefsBot/4.0; +http://ahrefs.com/robot/)"
66.249.78.46 - - [15/May/2013:20:56:38 +0200] "GET /news.php?cs_go=archiv&cs_id=3390&cs_search= HTTP/1.1" 200 7587 "-" "Mozilla/5.0 (iPhone; U; CPU iPhone OS 4_1 like Mac OS X; en-us) AppleWebKit/532.9 (KHTML, like Gecko) Version/4.0.5 Mobile/8B117 Safari/6531.22.7 (compatible; Googlebot-Mobile/2.1; +http://www.google.com/bot.html)"
173.199.116.51 - - [15/May/2013:20:58:44 +0200] "GET /\"http://www.brennstoffboerse.de/index.php?go=fluessiggas_pruefung\" HTTP/1.1" 404 - "-" "Mozilla/5.0 (compatible; AhrefsBot/4.0; +http://ahrefs.com/robot/)"
65.36.241.79 - - [15/May/2013:21:06:33 +0200] "HEAD / HTTP/1.1" 200 - "-" "InternetSeer.com"
208.115.111.75 - - [15/May/2013:21:39:12 +0200] "GET /modernisierung.php?cs_gp_go=plus HTTP/1.1" 200 9233 "-" "Mozilla/5.0 (compatible; Ezooms/1.0; ezooms.bot@gmail.com)"
208.115.113.91 - - [15/May/2013:21:41:32 +0200] "GET /robots.txt HTTP/1.1" 200 177 "-" "Mozilla/5.0 (compatible; Ezooms/1.0; ezooms.bot@gmail.com)"
176.31.181.189 - - [15/May/2013:21:41:50 +0200] "GET /index.php HTTP/1.0" 200 12402 "http://www.mink-gmbh.de/index.php" "Mozilla/5.0 (Windows NT 6.1; WOW64; rv:10.0.2) Gecko/20100101 Firefox/10.0.2"
173.199.116.51 - - [15/May/2013:21:57:23 +0200] "GET /news.php?cs_go=archiv&cs_id=3853&cs_search= HTTP/1.1" 200 7683 "-" "Mozilla/5.0 (compatible; AhrefsBot/4.0; +http://ahrefs.com/robot/)"
157.55.32.187 - - [15/May/2013:22:13:16 +0200] "GET /robots.txt HTTP/1.1" 200 177 "-" "Mozilla/5.0 (compatible; bingbot/2.0; +http://www.bing.com/bingbot.htm)"
157.55.32.185 - - [15/May/2013:22:15:00 +0200] "GET / HTTP/1.1" 200 12402 "-" "Mozilla/5.0 (compatible; bingbot/2.0; +http://www.bing.com/bingbot.htm)"
157.55.32.187 - - [15/May/2013:22:15:01 +0200] "GET /images/ HTTP/1.1" 404 - "-" "Mozilla/5.0 (compatible; bingbot/2.0; +http://www.bing.com/bingbot.htm)"
157.55.32.187 - - [15/May/2013:22:15:01 +0200] "GET /agb.php HTTP/1.1" 200 17557 "-" "Mozilla/5.0 (compatible; bingbot/2.0; +http://www.bing.com/bingbot.htm)"
157.55.32.187 - - [15/May/2013:22:15:01 +0200] "GET /impressum.php HTTP/1.1" 200 6397 "-" "Mozilla/5.0 (compatible; bingbot/2.0; +http://www.bing.com/bingbot.htm)"
157.55.32.187 - - [15/May/2013:22:15:01 +0200] "GET /faq.php HTTP/1.1" 200 181692 "-" "Mozilla/5.0 (compatible; bingbot/2.0; +http://www.bing.com/bingbot.htm)"
157.55.33.21 - - [15/May/2013:22:15:33 +0200] "GET /documente/ HTTP/1.1" 404 - "-" "Mozilla/5.0 (compatible; bingbot/2.0; +http://www.bing.com/bingbot.htm)"
157.55.33.21 - - [15/May/2013:22:15:33 +0200] "GET /news.php?cs_go=archiv HTTP/1.1" 200 19916 "-" "Mozilla/5.0 (compatible; bingbot/2.0; +http://www.bing.com/bingbot.htm)"
157.55.32.89 - - [15/May/2013:22:19:39 +0200] "GET /additive.php HTTP/1.1" 200 6033 "-" "Mozilla/5.0 (compatible; bingbot/2.0; +http://www.bing.com/bingbot.htm)"
66.249.78.46 - - [15/May/2013:22:34:23 +0200] "GET /news.php?cs_go=archiv&cs_id=4148 HTTP/1.1" 200 9963 "-" "Mozilla/5.0 (iPhone; U; CPU iPhone OS 4_1 like Mac OS X; en-us) AppleWebKit/532.9 (KHTML, like Gecko) Version/4.0.5 Mobile/8B117 Safari/6531.22.7 (compatible; Googlebot-Mobile/2.1; +http://www.google.com/bot.html)"
66.249.75.49 - - [15/May/2013:23:17:51 +0200] "GET /news.php?cs_go=archiv&cs_id=4172 HTTP/1.1" 200 7780 "-" "DoCoMo/2.0 N905i(c100;TB;W24H16) (compatible; Googlebot-Mobile/2.1; +http://www.google.com/bot.html)"
173.199.116.51 - - [15/May/2013:23:29:00 +0200] "GET /lexikon.php?cs_go=3&cs_id=170 HTTP/1.1" 200 7079 "-" "Mozilla/5.0 (compatible; AhrefsBot/4.0; +http://ahrefs.com/robot/)"
66.249.78.46 - - [15/May/2013:23:30:51 +0200] "GET /news.php?cs_go=archiv&cs_id=4167 HTTP/1.1" 200 10779 "-" "SAMSUNG-SGH-E250/1.0 Profile/MIDP-2.0 Configuration/CLDC-1.1 UP.Browser/6.2.3.3.c.1.101 (GUI) MMP/2.0 (compatible; Googlebot-Mobile/2.1; +http://www.google.com/bot.html)"
208.115.113.91 - - [15/May/2013:23:33:58 +0200] "GET /wunschpreis.php HTTP/1.1" 200 9932 "-" "Mozilla/5.0 (compatible; Ezooms/1.0; ezooms.bot@gmail.com)"
173.199.116.51 - - [15/May/2013:23:36:39 +0200] "GET /lexikon.php?cs_go=3&cs_id=193 HTTP/1.1" 200 5662 "-" "Mozilla/5.0 (compatible; AhrefsBot/4.0; +http://ahrefs.com/robot/)"
173.199.116.51 - - [15/May/2013:23:42:09 +0200] "GET /news.php?cs_go=archiv&cs_id=2749&cs_search= HTTP/1.1" 200 10273 "-" "Mozilla/5.0 (compatible; AhrefsBot/4.0; +http://ahrefs.com/robot/)"
157.55.32.185 - - [15/May/2013:23:48:46 +0200] "GET /robots.txt HTTP/1.1" 200 177 "-" "Mozilla/5.0 (compatible; bingbot/2.0; +http://www.bing.com/bingbot.htm)"
157.55.32.185 - - [15/May/2013:23:50:40 +0200] "GET /kontakt.php HTTP/1.1" 200 7046 "-" "Mozilla/5.0 (compatible; bingbot/2.0; +http://www.bing.com/bingbot.htm)"
173.199.116.51 - - [16/May/2013:00:05:43 +0200] "GET /lexikon.php?cs_go=3&cs_id=70 HTTP/1.1" 200 6016 "-" "Mozilla/5.0 (compatible; AhrefsBot/4.0; +http://ahrefs.com/robot/)"
130.83.167.153 - - [16/May/2013:00:39:45 +0200] "GET /kontakt.php HTTP/1.1" 200 5201 "-" "findlinks/2.6 (+http://wortschatz.uni-leipzig.de/findlinks/)"
130.83.167.153 - - [16/May/2013:00:39:45 +0200] "GET /kontakt.php HTTP/1.1" 200 7046 "-" "findlinks/2.6 (+http://wortschatz.uni-leipzig.de/findlinks/)"
173.199.116.51 - - [16/May/2013:00:51:58 +0200] "GET /news.php?cs_go=archiv&cs_id=3606&cs_search= HTTP/1.1" 200 9601 "-" "Mozilla/5.0 (compatible; AhrefsBot/4.0; +http://ahrefs.com/robot/)"
87.189.102.176 - - [16/May/2013:00:56:21 +0200] "GET /jobs.php HTTP/1.1" 200 5048 "-" "Mozilla/5.0 /Windows; U; Windows NT 6.1; de; rv:1.9.1.5) Gecko/20091102 Firefox/3.5.5"
87.189.102.176 - - [16/May/2013:01:19:34 +0200] "GET /jobs.php HTTP/1.1" 200 5048 "-" "Mozilla/5.0 /Windows; U; Windows NT 6.1; de; rv:1.9.1.5) Gecko/20091102 Firefox/3.5.5"
173.199.116.51 - - [16/May/2013:01:23:07 +0200] "GET /lexikon.php?cs_go=3&cs_id=1 HTTP/1.1" 200 6212 "-" "Mozilla/5.0 (compatible; AhrefsBot/4.0; +http://ahrefs.com/robot/)"
173.199.116.51 - - [16/May/2013:01:58:22 +0200] "GET /news.php?cs_go=archiv&cs_id=3622&cs_search= HTTP/1.1" 200 9438 "-" "Mozilla/5.0 (compatible; AhrefsBot/4.0; +http://ahrefs.com/robot/)"
173.199.116.51 - - [16/May/2013:02:05:52 +0200] "GET /lexikon.php?cs_go=3&cs_id=153 HTTP/1.1" 200 6404 "-" "Mozilla/5.0 (compatible; AhrefsBot/4.0; +http://ahrefs.com/robot/)"
157.55.32.185 - - [16/May/2013:02:35:46 +0200] "GET /robots.txt HTTP/1.1" 200 177 "-" "Mozilla/5.0 (compatible; bingbot/2.0; +http://www.bing.com/bingbot.htm)"
157.55.32.185 - - [16/May/2013:02:37:38 +0200] "GET / HTTP/1.1" 200 12402 "-" "Mozilla/5.0 (compatible; bingbot/2.0; +http://www.bing.com/bingbot.htm)"
66.249.75.49 - - [16/May/2013:02:47:53 +0200] "GET /news.php?cs_go=archiv&cs_id=3631&cs_search= HTTP/1.1" 200 7638 "-" "Mozilla/5.0 (compatible; Googlebot/2.1; +http://www.google.com/bot.html)"
173.199.116.51 - - [16/May/2013:02:53:27 +0200] "GET /news.php?cs_go=archiv&cs_id=2732&cs_search= HTTP/1.1" 200 8101 "-" "Mozilla/5.0 (compatible; AhrefsBot/4.0; +http://ahrefs.com/robot/)"
66.249.78.46 - - [16/May/2013:02:56:43 +0200] "GET /news.php?cs_go=archiv&cs_id=3578&cs_search= HTTP/1.1" 200 9173 "-" "Mozilla/5.0 (compatible; Googlebot/2.1; +http://www.google.com/bot.html)"
66.249.78.46 - - [16/May/2013:02:58:55 +0200] "GET /news.php?cs_go=archiv&cs_id=3577 HTTP/1.1" 200 7602 "-" "Mozilla/5.0 (compatible; Googlebot/2.1; +http://www.google.com/bot.html)"
66.249.78.46 - - [16/May/2013:03:03:18 +0200] "GET /news.php?cs_go=archiv&cs_id=3502 HTTP/1.1" 200 7972 "-" "Mozilla/5.0 (compatible; Googlebot/2.1; +http://www.google.com/bot.html)"
