5.10.83.105 - - [12/Mar/2014:18:29:13 +0100] "GET /lexikon.php?cs_go=3&cs_id=87 HTTP/1.1" 200 5403 "-" "Mozilla/5.0 (compatible; AhrefsBot/5.0; +http://ahrefs.com/robot/)"
144.76.95.232 - - [12/Mar/2014:18:45:43 +0100] "GET /robots.txt HTTP/1.0" 200 177 "-" "Mozilla/5.0 (compatible; MJ12bot/v1.4.4; http://www.majestic12.co.uk/bot.php?+)"
144.76.95.232 - - [12/Mar/2014:18:45:46 +0100] "GET /news.php?cs_go=archiv&cs_id=4754&cs_search= HTTP/1.0" 200 8444 "-" "Mozilla/5.0 (compatible; MJ12bot/v1.4.4; http://www.majestic12.co.uk/bot.php?+)"
144.76.95.232 - - [12/Mar/2014:18:45:49 +0100] "GET /news.php?cs_go=archiv&cs_id=4788&cs_search= HTTP/1.0" 200 10876 "-" "Mozilla/5.0 (compatible; MJ12bot/v1.4.4; http://www.majestic12.co.uk/bot.php?+)"
144.76.95.232 - - [12/Mar/2014:18:45:54 +0100] "GET /news.php?cs_go=archiv&cs_id=4789&cs_search= HTTP/1.0" 200 10898 "-" "Mozilla/5.0 (compatible; MJ12bot/v1.4.4; http://www.majestic12.co.uk/bot.php?+)"
144.76.95.232 - - [12/Mar/2014:18:45:58 +0100] "GET /news.php?cs_go=archiv&cs_id=4790&cs_search= HTTP/1.0" 200 7468 "-" "Mozilla/5.0 (compatible; MJ12bot/v1.4.4; http://www.majestic12.co.uk/bot.php?+)"
144.76.95.232 - - [12/Mar/2014:18:46:01 +0100] "GET /news.php?cs_go=archiv&cs_id=4791&cs_search= HTTP/1.0" 200 10140 "-" "Mozilla/5.0 (compatible; MJ12bot/v1.4.4; http://www.majestic12.co.uk/bot.php?+)"
144.76.95.232 - - [12/Mar/2014:18:46:05 +0100] "GET /news.php?cs_go=archiv&cs_id=4792&cs_search= HTTP/1.0" 200 8821 "-" "Mozilla/5.0 (compatible; MJ12bot/v1.4.4; http://www.majestic12.co.uk/bot.php?+)"
144.76.95.232 - - [12/Mar/2014:18:46:09 +0100] "GET /news.php?cs_go=archiv&cs_id=4796&cs_search= HTTP/1.0" 200 11285 "-" "Mozilla/5.0 (compatible; MJ12bot/v1.4.4; http://www.majestic12.co.uk/bot.php?+)"
144.76.95.232 - - [12/Mar/2014:18:46:11 +0100] "GET /news.php?cs_go=archiv&cs_id=4797&cs_search= HTTP/1.0" 200 7509 "-" "Mozilla/5.0 (compatible; MJ12bot/v1.4.4; http://www.majestic12.co.uk/bot.php?+)"
144.76.95.232 - - [12/Mar/2014:18:46:15 +0100] "GET /news.php?cs_go=archiv&cs_startpos=141 HTTP/1.0" 200 20360 "-" "Mozilla/5.0 (compatible; MJ12bot/v1.4.4; http://www.majestic12.co.uk/bot.php?+)"
66.249.73.225 - - [12/Mar/2014:18:50:33 +0100] "GET /rueckrufservice.php HTTP/1.1" 200 8300 "-" "DoCoMo/2.0 N905i(c100;TB;W24H16) (compatible; Googlebot-Mobile/2.1; +http://www.google.com/bot.html)"
208.115.113.91 - - [12/Mar/2014:18:55:09 +0100] "GET /news.php?cs_go=archiv&cs_id=4812&cs_search= HTTP/1.1" 200 11264 "-" "Mozilla/5.0 (compatible; Ezooms/1.0; help@moz.com)"
66.249.65.201 - - [12/Mar/2014:19:04:40 +0100] "GET /news.php?cs_go=archiv&cs_id=3788 HTTP/1.1" 200 11213 "-" "Mozilla/5.0 (compatible; Googlebot/2.1; +http://www.google.com/bot.html)"
66.249.73.2 - - [12/Mar/2014:19:14:42 +0100] "GET /news.php?cs_go=archiv&cs_id=4220 HTTP/1.1" 200 7577 "-" "Mozilla/5.0 (compatible; Googlebot/2.1; +http://www.google.com/bot.html)"
66.249.65.201 - - [12/Mar/2014:19:15:02 +0100] "GET /news.php?cs_go=archiv&cs_id=4671&cs_search= HTTP/1.1" 200 12539 "-" "Mozilla/5.0 (compatible; Googlebot/2.1; +http://www.google.com/bot.html)"
66.249.65.169 - - [12/Mar/2014:19:25:00 +0100] "GET /style.css HTTP/1.1" 200 8402 "-" "Mozilla/5.0 (compatible; Googlebot/2.1; +http://www.google.com/bot.html)"
66.249.73.10 - - [12/Mar/2014:19:25:01 +0100] "GET /modul.css HTTP/1.1" 200 35038 "-" "Mozilla/5.0 (compatible; Googlebot/2.1; +http://www.google.com/bot.html)"
66.249.73.22 - - [12/Mar/2014:19:42:56 +0100] "GET /news.php?cs_go=archiv&cs_id=4650&cs_search= HTTP/1.1" 200 11730 "-" "Mozilla/5.0 (compatible; Googlebot/2.1; +http://www.google.com/bot.html)"
5.10.83.88 - - [12/Mar/2014:19:50:47 +0100] "GET /news.php?cs_go=archiv&cs_startpos=120 HTTP/1.1" 200 20188 "-" "Mozilla/5.0 (compatible; AhrefsBot/5.0; +http://ahrefs.com/robot/)"
66.249.65.137 - - [12/Mar/2014:20:05:45 +0100] "GET /news.php?cs_go=archiv&cs_id=4851&cs_search= HTTP/1.1" 200 8850 "-" "Mozilla/5.0 (iPhone; CPU iPhone OS 6_0 like Mac OS X) AppleWebKit/536.26 (KHTML, like Gecko) Version/6.0 Mobile/10A5376e Safari/8536.25 (compatible; Googlebot/2.1; +http://www.google.com/bot.html)"
66.249.65.169 - - [12/Mar/2014:20:05:52 +0100] "GET /news.php?cs_go=archiv&cs_id=4551 HTTP/1.1" 200 9648 "-" "Mozilla/5.0 (compatible; Googlebot/2.1; +http://www.google.com/bot.html)"
66.249.73.235 - - [12/Mar/2014:20:12:01 +0100] "GET /news.php?cs_go=archiv&cs_id=4450 HTTP/1.1" 200 11731 "-" "Mozilla/5.0 (compatible; Googlebot/2.1; +http://www.google.com/bot.html)"
66.249.65.169 - - [12/Mar/2014:20:13:33 +0100] "GET /news.php?cs_go=archiv&cs_id=4414 HTTP/1.1" 200 7602 "-" "Mozilla/5.0 (compatible; Googlebot/2.1; +http://www.google.com/bot.html)"
157.55.34.106 - - [12/Mar/2014:20:16:50 +0100] "GET / HTTP/1.1" 200 13955 "-" "Mozilla/5.0 (compatible; bingbot/2.0; +http://www.bing.com/bingbot.htm)"
92.226.47.10 - - [12/Mar/2014:20:23:03 +0100] "GET /preisanfrage.php HTTP/1.1" 200 8502 "http://www.mink-gmbh.de/" "Mozilla/5.0 (Linux; Android 4.4.2; Nexus 4 Build/KOT49H) AppleWebKit/537.36 (KHTML, like Gecko) Chrome/32.0.1700.99 Mobile Safari/537.36"
92.226.47.10 - - [12/Mar/2014:20:23:04 +0100] "GET /favicon.ico HTTP/1.1" 200 3638 "-" "Mozilla/5.0 (Linux; Android 4.4.2; Nexus 4 Build/KOT49H) AppleWebKit/537.36 (KHTML, like Gecko) Chrome/32.0.1700.99 Mobile Safari/537.36"
144.76.137.226 - - [12/Mar/2014:20:31:16 +0100] "GET /robots.txt HTTP/1.0" 200 177 "-" "Mozilla/5.0 (compatible; MJ12bot/v1.4.4; http://www.majestic12.co.uk/bot.php?+)"
144.76.137.226 - - [12/Mar/2014:20:31:21 +0100] "GET /news.php?cs_go=archiv&cs_id=5009 HTTP/1.0" 200 11370 "-" "Mozilla/5.0 (compatible; MJ12bot/v1.4.4; http://www.majestic12.co.uk/bot.php?+)"
144.76.137.226 - - [12/Mar/2014:20:31:24 +0100] "GET /robots.txt HTTP/1.0" 200 177 "-" "Mozilla/5.0 (compatible; MJ12bot/v1.4.4; http://www.majestic12.co.uk/bot.php?+)"
144.76.137.226 - - [12/Mar/2014:20:31:32 +0100] "GET /news.php?cs_go=archiv&cs_id=5010 HTTP/1.0" 200 7544 "-" "Mozilla/5.0 (compatible; MJ12bot/v1.4.4; http://www.majestic12.co.uk/bot.php?+)"
157.55.32.166 - - [12/Mar/2014:20:37:43 +0100] "GET / HTTP/1.1" 200 13955 "-" "Mozilla/5.0 (compatible; bingbot/2.0; +http://www.bing.com/bingbot.htm)"
144.76.137.226 - - [12/Mar/2014:20:52:56 +0100] "GET /robots.txt HTTP/1.0" 200 177 "-" "Mozilla/5.0 (compatible; MJ12bot/v1.4.4; http://www.majestic12.co.uk/bot.php?+)"
144.76.137.226 - - [12/Mar/2014:20:52:59 +0100] "GET /news.php?cs_go=archiv&cs_startpos=151 HTTP/1.0" 200 20308 "-" "Mozilla/5.0 (compatible; MJ12bot/v1.4.4; http://www.majestic12.co.uk/bot.php?+)"
193.111.141.134 - - [12/Mar/2014:20:54:51 +0100] "GET /news.php?cs_go=archiv&cs_id=4156&cs_search= HTTP/1.1" 200 10588 "-" "Mozilla/5.0 (X11; Linux i686; rv:6.0) Gecko/20100101 Firefox/6.0"
66.249.73.11 - - [12/Mar/2014:21:20:19 +0100] "GET /news.php?cs_go=archiv&cs_id=4451 HTTP/1.1" 200 8006 "-" "Mozilla/5.0 (compatible; Googlebot/2.1; +http://www.google.com/bot.html)"
66.249.73.20 - - [12/Mar/2014:21:26:28 +0100] "GET /news.php?cs_go=archiv&cs_id=4440 HTTP/1.1" 200 11701 "-" "Mozilla/5.0 (compatible; Googlebot/2.1; +http://www.google.com/bot.html)"
46.115.156.130 - - [12/Mar/2014:22:12:11 +0100] "GET /optiplus.php HTTP/1.1" 404 5342 "-" "Mozilla/5.0 (iPhone; CPU iPhone OS 6_1_4 like Mac OS X) AppleWebKit/536.26 (KHTML, like Gecko) Version/6.0 Mobile/10B350 Safari/8536.25"
66.249.65.169 - - [12/Mar/2014:22:12:11 +0100] "GET /news.php?cs_go=archiv&cs_id=4387 HTTP/1.1" 200 7564 "-" "Mozilla/5.0 (compatible; Googlebot/2.1; +http://www.google.com/bot.html)"
66.249.73.230 - - [12/Mar/2014:22:19:53 +0100] "GET /news.php?cs_go=archiv&cs_id=4372 HTTP/1.1" 200 9187 "-" "Mozilla/5.0 (compatible; Googlebot/2.1; +http://www.google.com/bot.html)"
5.10.83.65 - - [12/Mar/2014:22:20:48 +0100] "GET /news.php?cs_go=archiv&cs_id=5006&cs_search= HTTP/1.1" 200 11240 "-" "Mozilla/5.0 (compatible; AhrefsBot/5.0; +http://ahrefs.com/robot/)"
66.249.73.12 - - [12/Mar/2014:22:26:02 +0100] "GET /news.php?cs_go=archiv&cs_id=4346 HTTP/1.1" 200 11791 "-" "Mozilla/5.0 (compatible; Googlebot/2.1; +http://www.google.com/bot.html)"
5.10.83.30 - - [12/Mar/2014:22:26:11 +0100] "GET /news.php?cs_go=archiv&cs_id=5007&cs_search= HTTP/1.1" 200 7472 "-" "Mozilla/5.0 (compatible; AhrefsBot/5.0; +http://ahrefs.com/robot/)"
65.36.241.79 - - [12/Mar/2014:22:32:05 +0100] "HEAD / HTTP/1.1" 200 - "-" "InternetSeer.com"
208.115.111.75 - - [12/Mar/2014:22:35:21 +0100] "GET /robots.txt HTTP/1.1" 200 177 "-" "Mozilla/5.0 (compatible; Ezooms/1.0; help@moz.com)"
5.10.83.32 - - [12/Mar/2014:22:37:20 +0100] "GET /news.php?cs_go=archiv&cs_id=5010&cs_search= HTTP/1.1" 200 7544 "-" "Mozilla/5.0 (compatible; AhrefsBot/5.0; +http://ahrefs.com/robot/)"
5.10.83.65 - - [12/Mar/2014:22:37:20 +0100] "GET /news.php?cs_go=archiv&cs_id=5008&cs_search= HTTP/1.1" 200 9358 "-" "Mozilla/5.0 (compatible; AhrefsBot/5.0; +http://ahrefs.com/robot/)"
5.10.83.65 - - [12/Mar/2014:22:39:55 +0100] "GET /news.php?cs_go=archiv&cs_id=5004&cs_search= HTTP/1.1" 200 7052 "-" "Mozilla/5.0 (compatible; AhrefsBot/5.0; +http://ahrefs.com/robot/)"
5.10.83.42 - - [12/Mar/2014:22:42:30 +0100] "GET /news.php?cs_go=archiv&cs_id=5009&cs_search= HTTP/1.1" 200 11370 "-" "Mozilla/5.0 (compatible; AhrefsBot/5.0; +http://ahrefs.com/robot/)"
5.10.83.32 - - [12/Mar/2014:22:51:45 +0100] "GET /news.php?cs_go=archiv&cs_id=5011&cs_search= HTTP/1.1" 200 8311 "-" "Mozilla/5.0 (compatible; AhrefsBot/5.0; +http://ahrefs.com/robot/)"
123.125.71.20 - - [12/Mar/2014:22:53:31 +0100] "GET / HTTP/1.1" 200 6597 "-" "Mozilla/5.0 (compatible; Baiduspider/2.0; +http://www.baidu.com/search/spider.html)"
220.181.108.105 - - [12/Mar/2014:22:53:33 +0100] "GET / HTTP/1.1" 200 6597 "-" "Mozilla/5.0 (compatible; Baiduspider/2.0; +http://www.baidu.com/search/spider.html)"
66.249.65.201 - - [12/Mar/2014:23:04:19 +0100] "GET /news.php HTTP/1.1" 200 19655 "-" "Mozilla/5.0 (iPhone; CPU iPhone OS 6_0 like Mac OS X) AppleWebKit/536.26 (KHTML, like Gecko) Version/6.0 Mobile/10A5376e Safari/8536.25 (compatible; Googlebot/2.1; +http://www.google.com/bot.html)"
66.249.65.201 - - [12/Mar/2014:23:06:37 +0100] "GET /news.php?cs_go=archiv&cs_id=4295 HTTP/1.1" 200 8953 "-" "Mozilla/5.0 (compatible; Googlebot/2.1; +http://www.google.com/bot.html)"
66.249.73.225 - - [12/Mar/2014:23:08:09 +0100] "GET /news.php?cs_go=archiv&cs_id=4060&cs_search= HTTP/1.1" 200 7898 "-" "Mozilla/5.0 (compatible; Googlebot/2.1; +http://www.google.com/bot.html)"
5.10.83.36 - - [12/Mar/2014:23:10:39 +0100] "GET /news.php?cs_go=archiv&cs_id=4811&cs_search= HTTP/1.1" 200 9006 "-" "Mozilla/5.0 (compatible; AhrefsBot/5.0; +http://ahrefs.com/robot/)"
66.249.73.7 - - [12/Mar/2014:23:12:46 +0100] "GET /news.php?cs_go=archiv&cs_id=3289&cs_search= HTTP/1.1" 200 8530 "-" "Mozilla/5.0 (compatible; Googlebot/2.1; +http://www.google.com/bot.html)"
66.249.73.20 - - [12/Mar/2014:23:25:05 +0100] "GET /news.php?cs_go=archiv&cs_id=3925 HTTP/1.1" 200 7673 "-" "Mozilla/5.0 (compatible; Googlebot/2.1; +http://www.google.com/bot.html)"
5.10.83.36 - - [12/Mar/2014:23:29:22 +0100] "GET /lexikon.php?cs_go=2&cs_char=d HTTP/1.1" 200 6985 "-" "Mozilla/5.0 (compatible; AhrefsBot/5.0; +http://ahrefs.com/robot/)"
5.10.83.97 - - [12/Mar/2014:23:53:37 +0100] "GET /lexikon.php?cs_go=3&cs_id=140 HTTP/1.1" 200 6308 "-" "Mozilla/5.0 (compatible; AhrefsBot/5.0; +http://ahrefs.com/robot/)"
66.249.65.201 - - [13/Mar/2014:00:02:58 +0100] "GET /news.php?cs_go=archiv&cs_id=4672&cs_search= HTTP/1.1" 200 5365 "-" "Mozilla/5.0 (compatible; Googlebot/2.1; +http://www.google.com/bot.html)"
66.249.73.23 - - [13/Mar/2014:00:07:09 +0100] "GET /news.php?cs_go=archiv&cs_id=4094&cs_search= HTTP/1.1" 200 8120 "-" "Mozilla/5.0 (compatible; Googlebot/2.1; +http://www.google.com/bot.html)"
66.249.73.225 - - [13/Mar/2014:00:10:49 +0100] "GET /additive.php HTTP/1.1" 200 5937 "-" "DoCoMo/2.0 N905i(c100;TB;W24H16) (compatible; Googlebot-Mobile/2.1; +http://www.google.com/bot.html)"
141.8.147.12 - - [13/Mar/2014:00:16:21 +0100] "GET /robots.txt HTTP/1.1" 200 177 "-" "Mozilla/5.0 (compatible; YandexBot/3.0; +http://yandex.com/bots)"
66.249.65.169 - - [13/Mar/2014:00:17:55 +0100] "GET /news.php?cs_go=archiv&cs_id=3771 HTTP/1.1" 200 7489 "-" "Mozilla/5.0 (compatible; Googlebot/2.1; +http://www.google.com/bot.html)"
208.115.111.75 - - [13/Mar/2014:00:24:00 +0100] "GET /news.php?cs_go=archiv&cs_id=4786&cs_search= HTTP/1.1" 200 11135 "-" "Mozilla/5.0 (compatible; Ezooms/1.0; help@moz.com)"
208.115.111.75 - - [13/Mar/2014:00:24:08 +0100] "GET /news.php?cs_go=archiv&cs_id=4807&cs_search= HTTP/1.1" 200 11192 "-" "Mozilla/5.0 (compatible; Ezooms/1.0; help@moz.com)"
5.10.83.54 - - [13/Mar/2014:00:27:36 +0100] "GET /news.php?cs_go=archiv&cs_id=5002 HTTP/1.1" 200 11301 "-" "Mozilla/5.0 (compatible; AhrefsBot/5.0; +http://ahrefs.com/robot/)"
141.8.147.12 - - [13/Mar/2014:00:37:51 +0100] "GET /news.php?cs_go=archiv&cs_id=4918 HTTP/1.1" 200 11278 "-" "Mozilla/5.0 (compatible; YandexBot/3.0; +http://yandex.com/bots)"
66.249.73.228 - - [13/Mar/2014:01:00:53 +0100] "GET /news.php?cs_go=archiv&cs_id=3939 HTTP/1.1" 200 7866 "-" "Mozilla/5.0 (compatible; Googlebot/2.1; +http://www.google.com/bot.html)"
66.249.65.169 - - [13/Mar/2014:01:02:26 +0100] "GET /news.php?cs_go=archiv&cs_id=4556 HTTP/1.1" 200 7824 "-" "Mozilla/5.0 (compatible; Googlebot/2.1; +http://www.google.com/bot.html)"
66.249.65.169 - - [13/Mar/2014:01:05:30 +0100] "GET /news.php?cs_go=archiv&cs_id=4644 HTTP/1.1" 200 11610 "-" "Mozilla/5.0 (compatible; Googlebot/2.1; +http://www.google.com/bot.html)"
141.8.147.12 - - [13/Mar/2014:01:15:55 +0100] "GET /index.php HTTP/1.1" 200 13955 "-" "Mozilla/5.0 (compatible; YandexBot/3.0; +http://yandex.com/bots)"
157.56.93.37 - - [13/Mar/2014:01:45:56 +0100] "GET / HTTP/1.1" 200 13955 "-" "Mozilla/5.0 (compatible; bingbot/2.0; +http://www.bing.com/bingbot.htm)"
199.30.24.228 - - [13/Mar/2014:01:45:58 +0100] "GET /style.css HTTP/1.1" 200 8402 "http://www.mink-gmbh.de/" "Mozilla/5.0 (Windows NT 6.1; WOW64) AppleWebKit/534+ (KHTML, like Gecko) BingPreview/1.0b"
199.30.24.228 - - [13/Mar/2014:01:45:58 +0100] "GET /modul.css HTTP/1.1" 200 35038 "http://www.mink-gmbh.de/" "Mozilla/5.0 (Windows NT 6.1; WOW64) AppleWebKit/534+ (KHTML, like Gecko) BingPreview/1.0b"
199.30.24.228 - - [13/Mar/2014:01:46:00 +0100] "GET /js_contentserver24_greybox/gb_styles.css HTTP/1.1" 200 2302 "http://www.mink-gmbh.de/" "Mozilla/5.0 (Windows NT 6.1; WOW64) AppleWebKit/534+ (KHTML, like Gecko) BingPreview/1.0b"
199.30.24.228 - - [13/Mar/2014:01:46:00 +0100] "GET /images/bg.png HTTP/1.1" 200 922 "http://www.mink-gmbh.de/" "Mozilla/5.0 (Windows NT 6.1; WOW64) AppleWebKit/534+ (KHTML, like Gecko) BingPreview/1.0b"
199.30.24.228 - - [13/Mar/2014:01:46:00 +0100] "GET /js_contentserver24_greybox/AJS.js HTTP/1.1" 200 10396 "http://www.mink-gmbh.de/" "Mozilla/5.0 (Windows NT 6.1; WOW64) AppleWebKit/534+ (KHTML, like Gecko) BingPreview/1.0b"
199.30.24.228 - - [13/Mar/2014:01:46:01 +0100] "GET /js_contentserver24_greybox/AJS_fx.js HTTP/1.1" 200 3192 "http://www.mink-gmbh.de/" "Mozilla/5.0 (Windows NT 6.1; WOW64) AppleWebKit/534+ (KHTML, like Gecko) BingPreview/1.0b"
199.30.24.228 - - [13/Mar/2014:01:46:01 +0100] "GET /js_contentserver24_greybox/gb_scripts.js HTTP/1.1" 200 11913 "http://www.mink-gmbh.de/" "Mozilla/5.0 (Windows NT 6.1; WOW64) AppleWebKit/534+ (KHTML, like Gecko) BingPreview/1.0b"
199.30.24.228 - - [13/Mar/2014:01:46:02 +0100] "GET /js_contentserver24_greybox/w_close.gif HTTP/1.1" 200 74 "http://www.mink-gmbh.de/" "Mozilla/5.0 (Windows NT 6.1; WOW64) AppleWebKit/534+ (KHTML, like Gecko) BingPreview/1.0b"
199.30.24.228 - - [13/Mar/2014:01:46:02 +0100] "GET /images/close.png HTTP/1.1" 200 703 "http://www.mink-gmbh.de/" "Mozilla/5.0 (Windows NT 6.1; WOW64) AppleWebKit/534+ (KHTML, like Gecko) BingPreview/1.0b"
199.30.24.228 - - [13/Mar/2014:01:46:02 +0100] "GET /images/newsletter_bg.jpg HTTP/1.1" 200 33610 "http://www.mink-gmbh.de/" "Mozilla/5.0 (Windows NT 6.1; WOW64) AppleWebKit/534+ (KHTML, like Gecko) BingPreview/1.0b"
199.30.24.228 - - [13/Mar/2014:01:46:02 +0100] "GET /images/wrapperbg.jpg HTTP/1.1" 200 27465 "http://www.mink-gmbh.de/" "Mozilla/5.0 (Windows NT 6.1; WOW64) AppleWebKit/534+ (KHTML, like Gecko) BingPreview/1.0b"
199.30.24.228 - - [13/Mar/2014:01:46:02 +0100] "GET /js_contentserver24_greybox/loader_frame.html?s=0 HTTP/1.1" 200 2084 "http://www.mink-gmbh.de/" "Mozilla/5.0 (Windows NT 6.1; WOW64) AppleWebKit/534+ (KHTML, like Gecko) BingPreview/1.0b"
199.30.24.228 - - [13/Mar/2014:01:46:02 +0100] "GET /images/navibg.png HTTP/1.1" 200 2803 "http://www.mink-gmbh.de/" "Mozilla/5.0 (Windows NT 6.1; WOW64) AppleWebKit/534+ (KHTML, like Gecko) BingPreview/1.0b"
199.30.24.228 - - [13/Mar/2014:01:46:02 +0100] "GET /images/fallend.png HTTP/1.1" 200 713 "http://www.mink-gmbh.de/" "Mozilla/5.0 (Windows NT 6.1; WOW64) AppleWebKit/534+ (KHTML, like Gecko) BingPreview/1.0b"
199.30.24.228 - - [13/Mar/2014:01:46:02 +0100] "GET /images/steigend.png HTTP/1.1" 200 688 "http://www.mink-gmbh.de/" "Mozilla/5.0 (Windows NT 6.1; WOW64) AppleWebKit/534+ (KHTML, like Gecko) BingPreview/1.0b"
199.30.24.228 - - [13/Mar/2014:01:46:03 +0100] "GET /images/tkw.jpg HTTP/1.1" 200 64031 "http://www.mink-gmbh.de/" "Mozilla/5.0 (Windows NT 6.1; WOW64) AppleWebKit/534+ (KHTML, like Gecko) BingPreview/1.0b"
199.30.24.228 - - [13/Mar/2014:01:46:03 +0100] "GET /images/newsletter.jpg HTTP/1.1" 200 13130 "http://www.mink-gmbh.de/" "Mozilla/5.0 (Windows NT 6.1; WOW64) AppleWebKit/534+ (KHTML, like Gecko) BingPreview/1.0b"
199.30.24.228 - - [13/Mar/2014:01:46:03 +0100] "GET /images/freecall.jpg HTTP/1.1" 200 39195 "http://www.mink-gmbh.de/" "Mozilla/5.0 (Windows NT 6.1; WOW64) AppleWebKit/534+ (KHTML, like Gecko) BingPreview/1.0b"
199.30.24.228 - - [13/Mar/2014:01:46:03 +0100] "GET /images/mail.jpg HTTP/1.1" 200 12099 "http://www.mink-gmbh.de/" "Mozilla/5.0 (Windows NT 6.1; WOW64) AppleWebKit/534+ (KHTML, like Gecko) BingPreview/1.0b"
199.30.24.228 - - [13/Mar/2014:01:46:03 +0100] "GET /images/wunschpreis.jpg HTTP/1.1" 200 16767 "http://www.mink-gmbh.de/" "Mozilla/5.0 (Windows NT 6.1; WOW64) AppleWebKit/534+ (KHTML, like Gecko) BingPreview/1.0b"
199.30.24.228 - - [13/Mar/2014:01:46:03 +0100] "GET /images/logos.jpg?cache8988 HTTP/1.1" 200 35043 "http://www.mink-gmbh.de/" "Mozilla/5.0 (Windows NT 6.1; WOW64) AppleWebKit/534+ (KHTML, like Gecko) BingPreview/1.0b"
199.30.24.228 - - [13/Mar/2014:01:46:04 +0100] "GET /js_contentserver24_greybox/indicator.gif HTTP/1.1" 200 8238 "http://www.mink-gmbh.de/js_contentserver24_greybox/loader_frame.html?s=0" "Mozilla/5.0 (Windows NT 6.1; WOW64) AppleWebKit/534+ (KHTML, like Gecko) BingPreview/1.0b"
199.30.24.228 - - [13/Mar/2014:01:46:06 +0100] "GET /js_contentserver24_greybox/g_close.gif HTTP/1.1" 200 541 "http://www.mink-gmbh.de/" "Mozilla/5.0 (Windows NT 6.1; WOW64) AppleWebKit/534+ (KHTML, like Gecko) BingPreview/1.0b"
66.249.73.22 - - [13/Mar/2014:02:00:15 +0100] "GET /news.php?cs_go=archiv&cs_id=2927 HTTP/1.1" 200 11461 "-" "Mozilla/5.0 (compatible; Googlebot/2.1; +http://www.google.com/bot.html)"
66.249.65.137 - - [13/Mar/2014:02:03:20 +0100] "GET /news.php?cs_go=archiv&cs_id=2949 HTTP/1.1" 200 9141 "-" "Mozilla/5.0 (compatible; Googlebot/2.1; +http://www.google.com/bot.html)"
66.249.65.169 - - [13/Mar/2014:02:07:57 +0100] "GET /news.php?cs_go=archiv&cs_id=2721&cs_search= HTTP/1.1" 200 8620 "-" "Mozilla/5.0 (compatible; Googlebot/2.1; +http://www.google.com/bot.html)"
5.10.83.2 - - [13/Mar/2014:02:08:55 +0100] "GET /diesel.php HTTP/1.1" 200 8192 "-" "Mozilla/5.0 (compatible; AhrefsBot/5.0; +http://ahrefs.com/robot/)"
66.249.65.137 - - [13/Mar/2014:02:09:29 +0100] "GET /news.php?cs_go=archiv&cs_id=4618 HTTP/1.1" 200 9399 "-" "Mozilla/5.0 (compatible; Googlebot/2.1; +http://www.google.com/bot.html)"
66.249.65.201 - - [13/Mar/2014:02:11:02 +0100] "GET /news.php?cs_go=archiv&cs_id=4041 HTTP/1.1" 200 10711 "-" "Mozilla/5.0 (compatible; Googlebot/2.1; +http://www.google.com/bot.html)"
5.10.83.43 - - [13/Mar/2014:02:16:12 +0100] "GET /lexikon.php?cs_go=3&cs_id=84 HTTP/1.1" 200 5919 "-" "Mozilla/5.0 (compatible; AhrefsBot/5.0; +http://ahrefs.com/robot/)"
5.10.83.53 - - [13/Mar/2014:03:04:28 +0100] "GET /news.php?cs_go=archiv&cs_startpos=30 HTTP/1.1" 200 5365 "-" "Mozilla/5.0 (compatible; AhrefsBot/5.0; +http://ahrefs.com/robot/)"
141.8.147.12 - - [13/Mar/2014:03:06:59 +0100] "GET / HTTP/1.1" 200 9324 "-" "Mozilla/5.0 (compatible; YandexBot/3.0; +http://yandex.com/bots)"
66.249.73.13 - - [13/Mar/2014:03:52:06 +0100] "GET /robots.txt HTTP/1.1" 200 177 "-" "Mozilla/5.0 (compatible; Googlebot/2.1; +http://www.google.com/bot.html)"
66.249.65.137 - - [13/Mar/2014:03:52:06 +0100] "GET /preisanfrage.php HTTP/1.1" 200 8502 "-" "Mozilla/5.0 (compatible; Googlebot/2.1; +http://www.google.com/bot.html)"
65.36.241.79 - - [13/Mar/2014:03:53:34 +0100] "HEAD / HTTP/1.1" 200 - "-" "InternetSeer.com"
5.10.83.42 - - [13/Mar/2014:03:59:54 +0100] "GET /lexikon.php?cs_go=3&cs_id=86 HTTP/1.1" 200 5817 "-" "Mozilla/5.0 (compatible; AhrefsBot/5.0; +http://ahrefs.com/robot/)"
66.249.65.169 - - [13/Mar/2014:04:06:21 +0100] "GET /lexikon.php?cs_go=3&cs_id=35 HTTP/1.1" 200 6048 "-" "Mozilla/5.0 (iPhone; CPU iPhone OS 6_0 like Mac OS X) AppleWebKit/536.26 (KHTML, like Gecko) Version/6.0 Mobile/10A5376e Safari/8536.25 (compatible; Googlebot/2.1; +http://www.google.com/bot.html)"
5.10.83.11 - - [13/Mar/2014:04:09:37 +0100] "GET /news.php?cs_go=archiv&cs_startpos=190 HTTP/1.1" 200 6150 "-" "Mozilla/5.0 (compatible; AhrefsBot/5.0; +http://ahrefs.com/robot/)"
91.61.87.214 - - [13/Mar/2014:04:16:47 +0100] "GET /jobs.php HTTP/1.1" 200 4965 "-" "Mozilla/5.0 (Windows NT 6.1; Win64; x64; rv:22.0) Gecko/20130328 Firefox/22.0"
157.55.33.40 - - [13/Mar/2014:04:26:25 +0100] "GET /modernisierung.php?cs_gp_go=plus HTTP/1.1" 200 9252 "-" "Mozilla/5.0 (compatible; bingbot/2.0; +http://www.bing.com/bingbot.htm)"
5.10.83.53 - - [13/Mar/2014:04:41:21 +0100] "GET /news.php?cs_go=archiv&cs_id=4897&cs_search= HTTP/1.1" 200 7427 "-" "Mozilla/5.0 (compatible; AhrefsBot/5.0; +http://ahrefs.com/robot/)"
208.115.113.91 - - [13/Mar/2014:04:53:50 +0100] "GET /robots.txt HTTP/1.1" 200 177 "-" "Mozilla/5.0 (compatible; Ezooms/1.0; help@moz.com)"
5.10.83.71 - - [13/Mar/2014:05:11:45 +0100] "GET /news.php?cs_go=archiv&cs_id=4911&cs_search= HTTP/1.1" 200 8036 "-" "Mozilla/5.0 (compatible; AhrefsBot/5.0; +http://ahrefs.com/robot/)"
5.10.83.43 - - [13/Mar/2014:05:16:45 +0100] "GET /lexikon.php?cs_go=3&cs_id=19 HTTP/1.1" 200 7531 "-" "Mozilla/5.0 (compatible; AhrefsBot/5.0; +http://ahrefs.com/robot/)"
66.249.73.1 - - [13/Mar/2014:05:43:12 +0100] "GET /news.php?cs_go=archiv&cs_id=4359 HTTP/1.1" 200 12832 "-" "Mozilla/5.0 (iPhone; CPU iPhone OS 6_0 like Mac OS X) AppleWebKit/536.26 (KHTML, like Gecko) Version/6.0 Mobile/10A5376e Safari/8536.25 (compatible; Googlebot/2.1; +http://www.google.com/bot.html)"
5.10.83.43 - - [13/Mar/2014:05:43:49 +0100] "GET /news.php?cs_go=archiv&cs_startpos=51 HTTP/1.1" 200 20507 "-" "Mozilla/5.0 (compatible; AhrefsBot/5.0; +http://ahrefs.com/robot/)"
66.249.65.137 - - [13/Mar/2014:05:51:34 +0100] "GET /news.php?cs_go=archiv&cs_id=4863&cs_search= HTTP/1.1" 200 13630 "-" "Mozilla/5.0 (iPhone; CPU iPhone OS 6_0 like Mac OS X) AppleWebKit/536.26 (KHTML, like Gecko) Version/6.0 Mobile/10A5376e Safari/8536.25 (compatible; Googlebot/2.1; +http://www.google.com/bot.html)"
66.249.73.24 - - [13/Mar/2014:06:19:48 +0100] "GET / HTTP/1.1" 200 13955 "-" "Mozilla/5.0 (compatible; Googlebot/2.1; +http://www.google.com/bot.html)"
66.249.65.201 - - [13/Mar/2014:06:25:37 +0100] "GET /news.php?cs_go=archiv&cs_id=5011 HTTP/1.1" 200 8311 "-" "Mozilla/5.0 (compatible; Googlebot/2.1; +http://www.google.com/bot.html)"
66.249.73.3 - - [13/Mar/2014:06:25:38 +0100] "GET /news.php?cs_go=archiv&cs_id=5012 HTTP/1.1" 200 11459 "-" "Mozilla/5.0 (compatible; Googlebot/2.1; +http://www.google.com/bot.html)"
66.249.65.137 - - [13/Mar/2014:06:25:38 +0100] "GET /news.php?cs_go=archiv&cs_id=5010 HTTP/1.1" 200 7544 "-" "Mozilla/5.0 (compatible; Googlebot/2.1; +http://www.google.com/bot.html)"
66.249.73.226 - - [13/Mar/2014:06:26:22 +0100] "GET /js_contentserver24_greybox/gb_styles.css HTTP/1.1" 200 2302 "-" "Mozilla/5.0 (compatible; Googlebot/2.1; +http://www.google.com/bot.html)"
5.10.83.66 - - [13/Mar/2014:06:27:44 +0100] "GET /lexikon.php?cs_go=3&cs_id=182 HTTP/1.1" 200 5974 "-" "Mozilla/5.0 (compatible; AhrefsBot/5.0; +http://ahrefs.com/robot/)"
208.115.113.91 - - [13/Mar/2014:06:55:06 +0100] "GET /news.php?cs_go=archiv&cs_id=4821&cs_search= HTTP/1.1" 200 11559 "-" "Mozilla/5.0 (compatible; Ezooms/1.0; help@moz.com)"
157.55.35.89 - - [13/Mar/2014:07:18:11 +0100] "GET /robots.txt HTTP/1.1" 200 177 "-" "Mozilla/5.0 (compatible; bingbot/2.0; +http://www.bing.com/bingbot.htm)"
157.55.35.89 - - [13/Mar/2014:07:18:21 +0100] "GET /edl.php HTTP/1.1" 200 8596 "-" "Mozilla/5.0 (compatible; bingbot/2.0; +http://www.bing.com/bingbot.htm)"
5.10.83.71 - - [13/Mar/2014:07:23:10 +0100] "GET /news.php?cs_go=archiv&cs_id=5000 HTTP/1.1" 200 7459 "-" "Mozilla/5.0 (compatible; AhrefsBot/5.0; +http://ahrefs.com/robot/)"
141.15.33.1 - - [13/Mar/2014:08:28:22 +0100] "GET / HTTP/1.1" 200 13944 "http://www.dasoertliche.de/Themen/Mink-Herbert-GmbH-Berlin-Lankwitz-Alt-Lankwitz" "Mozilla/5.0 (X11; Linux x86_64; rv:17.0) Gecko/20100101 Firefox/17.0"
141.15.33.1 - - [13/Mar/2014:08:28:24 +0100] "GET /js_contentserver24_greybox/AJS.js HTTP/1.1" 200 10396 "http://www.mink-gmbh.de/" "Mozilla/5.0 (X11; Linux x86_64; rv:17.0) Gecko/20100101 Firefox/17.0"
141.15.33.1 - - [13/Mar/2014:08:28:24 +0100] "GET /js_contentserver24_greybox/AJS_fx.js HTTP/1.1" 200 3192 "http://www.mink-gmbh.de/" "Mozilla/5.0 (X11; Linux x86_64; rv:17.0) Gecko/20100101 Firefox/17.0"
141.15.33.1 - - [13/Mar/2014:08:28:24 +0100] "GET /js_contentserver24_greybox/gb_styles.css HTTP/1.1" 200 2302 "http://www.mink-gmbh.de/" "Mozilla/5.0 (X11; Linux x86_64; rv:17.0) Gecko/20100101 Firefox/17.0"
141.15.33.1 - - [13/Mar/2014:08:28:24 +0100] "GET /style.css HTTP/1.1" 200 8402 "http://www.mink-gmbh.de/" "Mozilla/5.0 (X11; Linux x86_64; rv:17.0) Gecko/20100101 Firefox/17.0"
141.15.33.1 - - [13/Mar/2014:08:28:24 +0100] "GET /js_contentserver24_greybox/gb_scripts.js HTTP/1.1" 200 11913 "http://www.mink-gmbh.de/" "Mozilla/5.0 (X11; Linux x86_64; rv:17.0) Gecko/20100101 Firefox/17.0"
141.15.33.1 - - [13/Mar/2014:08:28:24 +0100] "GET /modul.css HTTP/1.1" 200 35038 "http://www.mink-gmbh.de/" "Mozilla/5.0 (X11; Linux x86_64; rv:17.0) Gecko/20100101 Firefox/17.0"
141.15.33.1 - - [13/Mar/2014:08:28:24 +0100] "GET /images/team-energie.png HTTP/1.1" 200 17383 "http://www.mink-gmbh.de/" "Mozilla/5.0 (X11; Linux x86_64; rv:17.0) Gecko/20100101 Firefox/17.0"
141.15.33.1 - - [13/Mar/2014:08:28:24 +0100] "GET /images/tkw.jpg HTTP/1.1" 200 64031 "http://www.mink-gmbh.de/" "Mozilla/5.0 (X11; Linux x86_64; rv:17.0) Gecko/20100101 Firefox/17.0"
141.15.33.1 - - [13/Mar/2014:08:28:24 +0100] "GET /images/freecall.jpg HTTP/1.1" 200 39195 "http://www.mink-gmbh.de/" "Mozilla/5.0 (X11; Linux x86_64; rv:17.0) Gecko/20100101 Firefox/17.0"
141.15.33.1 - - [13/Mar/2014:08:28:24 +0100] "GET /images/mail.jpg HTTP/1.1" 200 12099 "http://www.mink-gmbh.de/" "Mozilla/5.0 (X11; Linux x86_64; rv:17.0) Gecko/20100101 Firefox/17.0"
141.15.33.1 - - [13/Mar/2014:08:28:24 +0100] "GET /images/kwk.gif HTTP/1.1" 200 6403 "http://www.mink-gmbh.de/" "Mozilla/5.0 (X11; Linux x86_64; rv:17.0) Gecko/20100101 Firefox/17.0"
141.15.33.1 - - [13/Mar/2014:08:28:24 +0100] "GET /images/wunschpreis.jpg HTTP/1.1" 200 16767 "http://www.mink-gmbh.de/" "Mozilla/5.0 (X11; Linux x86_64; rv:17.0) Gecko/20100101 Firefox/17.0"
141.15.33.1 - - [13/Mar/2014:08:28:24 +0100] "GET /images/logos.jpg?cache7843 HTTP/1.1" 200 35043 "http://www.mink-gmbh.de/" "Mozilla/5.0 (X11; Linux x86_64; rv:17.0) Gecko/20100101 Firefox/17.0"
141.15.33.1 - - [13/Mar/2014:08:28:24 +0100] "GET /favicon.ico HTTP/1.1" 200 3638 "-" "Mozilla/5.0 (X11; Linux x86_64; rv:17.0) Gecko/20100101 Firefox/17.0"
141.15.33.1 - - [13/Mar/2014:08:28:25 +0100] "GET /images/bg.png HTTP/1.1" 200 922 "http://www.mink-gmbh.de/style.css" "Mozilla/5.0 (X11; Linux x86_64; rv:17.0) Gecko/20100101 Firefox/17.0"
141.15.33.1 - - [13/Mar/2014:08:28:25 +0100] "GET /js_contentserver24_greybox/w_close.gif HTTP/1.1" 200 74 "http://www.mink-gmbh.de/" "Mozilla/5.0 (X11; Linux x86_64; rv:17.0) Gecko/20100101 Firefox/17.0"
141.15.33.1 - - [13/Mar/2014:08:28:25 +0100] "GET /images/close.png HTTP/1.1" 200 703 "http://www.mink-gmbh.de/" "Mozilla/5.0 (X11; Linux x86_64; rv:17.0) Gecko/20100101 Firefox/17.0"
141.15.33.1 - - [13/Mar/2014:08:28:25 +0100] "GET /images/navibg.png HTTP/1.1" 200 2803 "http://www.mink-gmbh.de/style.css" "Mozilla/5.0 (X11; Linux x86_64; rv:17.0) Gecko/20100101 Firefox/17.0"
141.15.33.1 - - [13/Mar/2014:08:28:25 +0100] "GET /images/fallend.png HTTP/1.1" 200 713 "http://www.mink-gmbh.de/modul.css" "Mozilla/5.0 (X11; Linux x86_64; rv:17.0) Gecko/20100101 Firefox/17.0"
141.15.33.1 - - [13/Mar/2014:08:28:25 +0100] "GET /images/steigend.png HTTP/1.1" 200 688 "http://www.mink-gmbh.de/modul.css" "Mozilla/5.0 (X11; Linux x86_64; rv:17.0) Gecko/20100101 Firefox/17.0"
141.15.33.1 - - [13/Mar/2014:08:28:25 +0100] "GET /images/newsletter.jpg HTTP/1.1" 200 13130 "http://www.mink-gmbh.de/style.css" "Mozilla/5.0 (X11; Linux x86_64; rv:17.0) Gecko/20100101 Firefox/17.0"
141.15.33.1 - - [13/Mar/2014:08:28:25 +0100] "GET /images/newsletter_bg.jpg HTTP/1.1" 200 33610 "http://www.mink-gmbh.de/" "Mozilla/5.0 (X11; Linux x86_64; rv:17.0) Gecko/20100101 Firefox/17.0"
141.15.33.1 - - [13/Mar/2014:08:28:25 +0100] "GET /images/header.jpg HTTP/1.1" 200 25189 "http://www.mink-gmbh.de/style.css" "Mozilla/5.0 (X11; Linux x86_64; rv:17.0) Gecko/20100101 Firefox/17.0"
141.15.33.1 - - [13/Mar/2014:08:28:25 +0100] "GET /images/footerbg.jpg HTTP/1.1" 200 2184 "http://www.mink-gmbh.de/style.css" "Mozilla/5.0 (X11; Linux x86_64; rv:17.0) Gecko/20100101 Firefox/17.0"
141.15.33.1 - - [13/Mar/2014:08:28:25 +0100] "GET /images/newsletter.png HTTP/1.1" 200 14619 "http://www.mink-gmbh.de/style.css" "Mozilla/5.0 (X11; Linux x86_64; rv:17.0) Gecko/20100101 Firefox/17.0"
141.15.33.1 - - [13/Mar/2014:08:28:25 +0100] "GET /images/wrapperbg.jpg HTTP/1.1" 200 27465 "http://www.mink-gmbh.de/style.css" "Mozilla/5.0 (X11; Linux x86_64; rv:17.0) Gecko/20100101 Firefox/17.0"
141.15.33.1 - - [13/Mar/2014:08:28:25 +0100] "GET /images/mobil.jpg HTTP/1.1" 200 25293 "http://www.mink-gmbh.de/style.css" "Mozilla/5.0 (X11; Linux x86_64; rv:17.0) Gecko/20100101 Firefox/17.0"
141.15.33.1 - - [13/Mar/2014:08:28:25 +0100] "GET /js_contentserver24_greybox/loader_frame.html?s=0 HTTP/1.1" 200 2084 "http://www.mink-gmbh.de/" "Mozilla/5.0 (X11; Linux x86_64; rv:17.0) Gecko/20100101 Firefox/17.0"
141.15.33.1 - - [13/Mar/2014:08:28:25 +0100] "GET /js_contentserver24_greybox/header_bg.gif HTTP/1.1" 200 1188 "http://www.mink-gmbh.de/" "Mozilla/5.0 (X11; Linux x86_64; rv:17.0) Gecko/20100101 Firefox/17.0"
141.15.33.1 - - [13/Mar/2014:08:28:26 +0100] "GET /js_contentserver24_greybox/indicator.gif HTTP/1.1" 304 - "http://www.mink-gmbh.de/js_contentserver24_greybox/loader_frame.html?s=0" "Mozilla/5.0 (X11; Linux x86_64; rv:17.0) Gecko/20100101 Firefox/17.0"
141.15.33.1 - - [13/Mar/2014:08:28:26 +0100] "GET /js_contentserver24_greybox/g_close.gif HTTP/1.1" 200 541 "http://www.mink-gmbh.de/" "Mozilla/5.0 (X11; Linux x86_64; rv:17.0) Gecko/20100101 Firefox/17.0"
141.15.33.1 - - [13/Mar/2014:08:29:07 +0100] "GET /standard.php HTTP/1.1" 200 6770 "http://www.mink-gmbh.de/" "Mozilla/5.0 (X11; Linux x86_64; rv:17.0) Gecko/20100101 Firefox/17.0"
141.15.33.1 - - [13/Mar/2014:08:29:07 +0100] "GET /images/logos.jpg HTTP/1.1" 200 35043 "http://www.mink-gmbh.de/standard.php" "Mozilla/5.0 (X11; Linux x86_64; rv:17.0) Gecko/20100101 Firefox/17.0"
141.15.33.1 - - [13/Mar/2014:08:29:24 +0100] "GET /preisanfrage.php HTTP/1.1" 200 8502 "http://www.mink-gmbh.de/standard.php" "Mozilla/5.0 (X11; Linux x86_64; rv:17.0) Gecko/20100101 Firefox/17.0"
141.15.33.1 - - [13/Mar/2014:08:31:50 +0100] "POST /preisanfrage.php HTTP/1.1" 200 5155 "http://www.mink-gmbh.de/preisanfrage.php" "Mozilla/5.0 (X11; Linux x86_64; rv:17.0) Gecko/20100101 Firefox/17.0"
66.249.65.137 - - [13/Mar/2014:08:31:52 +0100] "GET /news.php?cs_go=archiv&cs_id=4074 HTTP/1.1" 200 11070 "-" "Mozilla/5.0 (iPhone; CPU iPhone OS 6_0 like Mac OS X) AppleWebKit/536.26 (KHTML, like Gecko) Version/6.0 Mobile/10A5376e Safari/8536.25 (compatible; Googlebot/2.1; +http://www.google.com/bot.html)"
141.15.33.1 - - [13/Mar/2014:08:31:54 +0100] "GET /preisanfrage.php HTTP/1.1" 200 8502 "http://www.mink-gmbh.de/standard.php" "Mozilla/5.0 (X11; Linux x86_64; rv:17.0) Gecko/20100101 Firefox/17.0"
141.15.33.1 - - [13/Mar/2014:08:31:56 +0100] "GET /standard.php HTTP/1.1" 200 6770 "http://www.mink-gmbh.de/" "Mozilla/5.0 (X11; Linux x86_64; rv:17.0) Gecko/20100101 Firefox/17.0"
141.15.33.1 - - [13/Mar/2014:08:31:59 +0100] "GET / HTTP/1.1" 200 13204 "http://www.dasoertliche.de/Themen/Mink-Herbert-GmbH-Berlin-Lankwitz-Alt-Lankwitz" "Mozilla/5.0 (X11; Linux x86_64; rv:17.0) Gecko/20100101 Firefox/17.0"
141.15.33.1 - - [13/Mar/2014:08:31:59 +0100] "GET /images/logos.jpg?cache7441 HTTP/1.1" 200 35043 "http://www.mink-gmbh.de/" "Mozilla/5.0 (X11; Linux x86_64; rv:17.0) Gecko/20100101 Firefox/17.0"
66.249.73.10 - - [13/Mar/2014:08:35:20 +0100] "GET /images/logos.jpg?cache2051 HTTP/1.1" 200 35043 "-" "Googlebot-Image/1.0"
157.55.35.77 - - [13/Mar/2014:08:45:25 +0100] "GET / HTTP/1.1" 200 13944 "-" "Mozilla/5.0 (compatible; bingbot/2.0; +http://www.bing.com/bingbot.htm)"
208.115.113.91 - - [13/Mar/2014:08:51:17 +0100] "GET /robots.txt HTTP/1.1" 200 177 "-" "Mozilla/5.0 (compatible; Ezooms/1.0; help@moz.com)"
66.249.65.169 - - [13/Mar/2014:09:07:51 +0100] "GET /news.php?cs_go=archiv&cs_id=4864&cs_search= HTTP/1.1" 200 7471 "-" "Mozilla/5.0 (iPhone; CPU iPhone OS 6_0 like Mac OS X) AppleWebKit/536.26 (KHTML, like Gecko) Version/6.0 Mobile/10A5376e Safari/8536.25 (compatible; Googlebot/2.1; +http://www.google.com/bot.html)"
46.161.41.24 - - [13/Mar/2014:10:02:52 +0100] "GET /news.php?cs_go=archiv&cs_id=4505&cs_search= HTTP/1.1" 200 7541 "-" "Mozilla/4.0 (compatible; MSIE 6.0; MSIE 5.5; Windows 95) Opera 7.03 [de]"
66.249.73.225 - - [13/Mar/2014:10:10:55 +0100] "GET /news.php HTTP/1.1" 200 19584 "-" "DoCoMo/2.0 N905i(c100;TB;W24H16) (compatible; Googlebot-Mobile/2.1; +http://www.google.com/bot.html)"
208.115.113.91 - - [13/Mar/2014:10:45:48 +0100] "GET /news.php?cs_go=archiv&cs_startpos=60 HTTP/1.1" 200 20278 "-" "Mozilla/5.0 (compatible; Ezooms/1.0; help@moz.com)"
220.181.108.81 - - [13/Mar/2014:11:00:58 +0100] "GET / HTTP/1.1" 200 6723 "-" "Mozilla/5.0 (compatible; Baiduspider/2.0; +http://www.baidu.com/search/spider.html)"
123.125.71.57 - - [13/Mar/2014:11:01:09 +0100] "GET / HTTP/1.1" 200 6597 "-" "Mozilla/5.0 (compatible; Baiduspider/2.0; +http://www.baidu.com/search/spider.html)"
65.36.241.79 - - [13/Mar/2014:11:19:00 +0100] "HEAD / HTTP/1.1" 200 - "-" "InternetSeer.com"
66.249.65.169 - - [13/Mar/2014:11:25:30 +0100] "GET /news.php?cs_go=archiv&cs_id=4697 HTTP/1.1" 200 7447 "-" "Mozilla/5.0 (iPhone; CPU iPhone OS 6_0 like Mac OS X) AppleWebKit/536.26 (KHTML, like Gecko) Version/6.0 Mobile/10A5376e Safari/8536.25 (compatible; Googlebot/2.1; +http://www.google.com/bot.html)"
108.59.8.80 - - [13/Mar/2014:11:37:51 +0100] "GET /robots.txt HTTP/1.0" 200 177 "-" "Mozilla/5.0 (compatible; MJ12bot/v1.4.4; http://www.majestic12.co.uk/bot.php?+)"
108.59.8.80 - - [13/Mar/2014:11:37:53 +0100] "GET / HTTP/1.0" 200 13921 "-" "Mozilla/5.0 (compatible; MJ12bot/v1.4.4; http://www.majestic12.co.uk/bot.php?+)"
5.10.83.54 - - [13/Mar/2014:11:40:22 +0100] "GET /news.php?cs_go=archiv&cs_id=4755&cs_search= HTTP/1.1" 200 10039 "-" "Mozilla/5.0 (compatible; AhrefsBot/5.0; +http://ahrefs.com/robot/)"
85.214.153.176 - - [13/Mar/2014:11:50:55 +0100] "GET //wp-login.php HTTP/1.1" 404 5342 "-" "Mozilla/5.0 (X11; U; Linux i686; pt-BR; rv:1.9.0.15) Gecko/2009102815 Ubuntu/9.04 (jaunty) Firefox/3.0.15"
85.214.153.176 - - [13/Mar/2014:11:50:56 +0100] "GET /blog//wp-login.php HTTP/1.1" 404 5342 "-" "Mozilla/5.0 (X11; U; Linux i686; pt-BR; rv:1.9.0.15) Gecko/2009102815 Ubuntu/9.04 (jaunty) Firefox/3.0.15"
85.214.153.176 - - [13/Mar/2014:11:50:56 +0100] "GET /wordpress//wp-login.php HTTP/1.1" 404 5342 "-" "Mozilla/5.0 (X11; U; Linux i686; pt-BR; rv:1.9.0.15) Gecko/2009102815 Ubuntu/9.04 (jaunty) Firefox/3.0.15"
85.214.153.176 - - [13/Mar/2014:11:50:56 +0100] "GET /wp//wp-login.php HTTP/1.1" 404 5342 "-" "Mozilla/5.0 (X11; U; Linux i686; pt-BR; rv:1.9.0.15) Gecko/2009102815 Ubuntu/9.04 (jaunty) Firefox/3.0.15"
85.214.153.176 - - [13/Mar/2014:11:51:01 +0100] "GET /test//wp-login.php HTTP/1.1" 404 5342 "-" "Mozilla/5.0 (X11; U; Linux i686; pt-BR; rv:1.9.0.15) Gecko/2009102815 Ubuntu/9.04 (jaunty) Firefox/3.0.15"
85.214.153.176 - - [13/Mar/2014:11:51:01 +0100] "GET /old//wp-login.php HTTP/1.1" 404 5342 "-" "Mozilla/5.0 (X11; U; Linux i686; pt-BR; rv:1.9.0.15) Gecko/2009102815 Ubuntu/9.04 (jaunty) Firefox/3.0.15"
85.214.153.176 - - [13/Mar/2014:11:51:06 +0100] "GET /store//wp-login.php HTTP/1.1" 404 5342 "-" "Mozilla/5.0 (X11; U; Linux i686; pt-BR; rv:1.9.0.15) Gecko/2009102815 Ubuntu/9.04 (jaunty) Firefox/3.0.15"
66.249.73.6 - - [13/Mar/2014:12:05:39 +0100] "GET /index.php HTTP/1.1" 200 13921 "-" "Mozilla/5.0 (compatible; Googlebot/2.1; +http://www.google.com/bot.html)"
5.10.83.36 - - [13/Mar/2014:12:16:39 +0100] "GET /lexikon.php?cs_go=3&cs_id=27 HTTP/1.1" 200 6080 "-" "Mozilla/5.0 (compatible; AhrefsBot/5.0; +http://ahrefs.com/robot/)"
5.10.83.66 - - [13/Mar/2014:12:19:49 +0100] "GET /news.php?cs_go=archiv&cs_id=4775&cs_search= HTTP/1.1" 200 11726 "-" "Mozilla/5.0 (compatible; AhrefsBot/5.0; +http://ahrefs.com/robot/)"
5.10.83.54 - - [13/Mar/2014:12:38:27 +0100] "GET /\"http://www.brennstoffboerse.de/index.php?go=fluessiggas_tank\" HTTP/1.1" 404 5342 "-" "Mozilla/5.0 (compatible; AhrefsBot/5.0; +http://ahrefs.com/robot/)"
5.10.83.2 - - [13/Mar/2014:12:42:05 +0100] "GET /news.php?cs_go=archiv&cs_id=4770&cs_search= HTTP/1.1" 200 11527 "-" "Mozilla/5.0 (compatible; AhrefsBot/5.0; +http://ahrefs.com/robot/)"
188.138.41.207 - - [13/Mar/2014:12:42:49 +0100] "GET /robots.txt HTTP/1.1" 200 177 "-" "Mozilla/5.0 (X11; U; Linux i686; de; rv:1.9.0.1; compatible; iCjobs Stellenangebote Jobs; http://www.icjobs.de) Gecko/20100401 iCjobs/3.2.3"
188.138.41.207 - - [13/Mar/2014:12:42:49 +0100] "GET / HTTP/1.1" 200 13921 "-" "Mozilla/5.0 (X11; U; Linux i686; de; rv:1.9.0.1; compatible; iCjobs Stellenangebote Jobs; http://www.icjobs.de) Gecko/20100401 iCjobs/3.2.3"
188.138.41.207 - - [13/Mar/2014:12:42:51 +0100] "GET / HTTP/1.1" 200 13921 "-" "Mozilla/5.0 (Windows NT 6.1; rv:17.0) Gecko/20100101 Firefox/17.0"
188.138.41.207 - - [13/Mar/2014:12:42:52 +0100] "GET /style.css HTTP/1.1" 200 8402 "http://www.mink-gmbh.de/" "Mozilla/5.0 (Windows NT 6.1; rv:17.0) Gecko/20100101 Firefox/17.0"
188.138.41.207 - - [13/Mar/2014:12:42:54 +0100] "GET /modul.css HTTP/1.1" 200 35038 "http://www.mink-gmbh.de/" "Mozilla/5.0 (Windows NT 6.1; rv:17.0) Gecko/20100101 Firefox/17.0"
188.138.41.207 - - [13/Mar/2014:12:42:58 +0100] "GET /js_contentserver24_greybox/AJS.js HTTP/1.1" 200 10396 "http://www.mink-gmbh.de/" "Mozilla/5.0 (Windows NT 6.1; rv:17.0) Gecko/20100101 Firefox/17.0"
188.138.41.207 - - [13/Mar/2014:12:42:58 +0100] "GET /js_contentserver24_greybox/AJS_fx.js HTTP/1.1" 200 3192 "http://www.mink-gmbh.de/" "Mozilla/5.0 (Windows NT 6.1; rv:17.0) Gecko/20100101 Firefox/17.0"
188.138.41.207 - - [13/Mar/2014:12:42:58 +0100] "GET /js_contentserver24_greybox/gb_scripts.js HTTP/1.1" 200 11913 "http://www.mink-gmbh.de/" "Mozilla/5.0 (Windows NT 6.1; rv:17.0) Gecko/20100101 Firefox/17.0"
188.138.41.207 - - [13/Mar/2014:12:42:58 +0100] "GET /js_contentserver24_greybox/gb_styles.css HTTP/1.1" 200 2302 "http://www.mink-gmbh.de/" "Mozilla/5.0 (Windows NT 6.1; rv:17.0) Gecko/20100101 Firefox/17.0"
188.138.41.207 - - [13/Mar/2014:12:42:58 +0100] "GET /js_contentserver24_greybox/loader_frame.html?s=0 HTTP/1.1" 200 2084 "http://www.mink-gmbh.de/" "Mozilla/5.0 (Windows NT 6.1; rv:17.0) Gecko/20100101 Firefox/17.0"
188.138.41.207 - - [13/Mar/2014:12:42:58 +0100] "GET /js_contentserver24_greybox/AJS.js HTTP/1.1" 200 10396 "http://www.mink-gmbh.de/js_contentserver24_greybox/loader_frame.html?s=0" "Mozilla/5.0 (Windows NT 6.1; rv:17.0) Gecko/20100101 Firefox/17.0"
188.138.41.207 - - [13/Mar/2014:12:42:58 +0100] "GET /js_contentserver24_greybox/AJS_fx.js HTTP/1.1" 200 3192 "http://www.mink-gmbh.de/js_contentserver24_greybox/loader_frame.html?s=0" "Mozilla/5.0 (Windows NT 6.1; rv:17.0) Gecko/20100101 Firefox/17.0"
188.138.41.207 - - [13/Mar/2014:12:43:20 +0100] "GET /js_contentserver24_greybox/loader_frame.html?s=0 HTTP/1.1" 200 2084 "-" "Mozilla/5.0 (Windows NT 6.1; rv:17.0) Gecko/20100101 Firefox/17.0"
188.138.41.207 - - [13/Mar/2014:12:43:20 +0100] "GET /js_contentserver24_greybox/AJS.js HTTP/1.1" 200 10396 "http://www.mink-gmbh.de/js_contentserver24_greybox/loader_frame.html?s=0" "Mozilla/5.0 (Windows NT 6.1; rv:17.0) Gecko/20100101 Firefox/17.0"
188.138.41.207 - - [13/Mar/2014:12:43:22 +0100] "GET /jobs.php HTTP/1.1" 200 4965 "-" "Mozilla/5.0 (Windows NT 6.1; rv:17.0) Gecko/20100101 Firefox/17.0"
188.138.41.207 - - [13/Mar/2014:12:43:22 +0100] "GET /style.css HTTP/1.1" 200 8402 "http://www.mink-gmbh.de/jobs.php" "Mozilla/5.0 (Windows NT 6.1; rv:17.0) Gecko/20100101 Firefox/17.0"
188.138.41.207 - - [13/Mar/2014:12:43:23 +0100] "GET /modul.css HTTP/1.1" 200 35038 "http://www.mink-gmbh.de/jobs.php" "Mozilla/5.0 (Windows NT 6.1; rv:17.0) Gecko/20100101 Firefox/17.0"
188.138.41.207 - - [13/Mar/2014:12:43:26 +0100] "GET /kontakt.php HTTP/1.1" 200 6966 "-" "Mozilla/5.0 (Windows NT 6.1; rv:17.0) Gecko/20100101 Firefox/17.0"
188.138.41.207 - - [13/Mar/2014:12:43:29 +0100] "GET /style.css HTTP/1.1" 200 8402 "http://www.mink-gmbh.de/kontakt.php" "Mozilla/5.0 (Windows NT 6.1; rv:17.0) Gecko/20100101 Firefox/17.0"
188.138.41.207 - - [13/Mar/2014:12:43:29 +0100] "GET /modul.css HTTP/1.1" 200 35038 "http://www.mink-gmbh.de/kontakt.php" "Mozilla/5.0 (Windows NT 6.1; rv:17.0) Gecko/20100101 Firefox/17.0"
188.138.41.207 - - [13/Mar/2014:12:43:32 +0100] "GET /index.php HTTP/1.1" 200 13181 "-" "Mozilla/5.0 (Windows NT 6.1; rv:17.0) Gecko/20100101 Firefox/17.0"
188.138.41.207 - - [13/Mar/2014:12:43:33 +0100] "GET /style.css HTTP/1.1" 200 8402 "http://www.mink-gmbh.de/index.php" "Mozilla/5.0 (Windows NT 6.1; rv:17.0) Gecko/20100101 Firefox/17.0"
188.138.41.207 - - [13/Mar/2014:12:43:35 +0100] "GET /modul.css HTTP/1.1" 200 35038 "http://www.mink-gmbh.de/index.php" "Mozilla/5.0 (Windows NT 6.1; rv:17.0) Gecko/20100101 Firefox/17.0"
188.138.41.207 - - [13/Mar/2014:12:43:39 +0100] "GET /standard.php HTTP/1.1" 200 6770 "-" "Mozilla/5.0 (Windows NT 6.1; rv:17.0) Gecko/20100101 Firefox/17.0"
188.138.41.207 - - [13/Mar/2014:12:43:40 +0100] "GET /style.css HTTP/1.1" 200 8402 "http://www.mink-gmbh.de/standard.php" "Mozilla/5.0 (Windows NT 6.1; rv:17.0) Gecko/20100101 Firefox/17.0"
188.138.41.207 - - [13/Mar/2014:12:43:42 +0100] "GET /modul.css HTTP/1.1" 200 35038 "http://www.mink-gmbh.de/standard.php" "Mozilla/5.0 (Windows NT 6.1; rv:17.0) Gecko/20100101 Firefox/17.0"
188.138.41.207 - - [13/Mar/2014:12:43:43 +0100] "GET /wunschpreis.php HTTP/1.1" 200 10237 "-" "Mozilla/5.0 (Windows NT 6.1; rv:17.0) Gecko/20100101 Firefox/17.0"
188.138.41.207 - - [13/Mar/2014:12:43:45 +0100] "GET /style.css HTTP/1.1" 200 8402 "http://www.mink-gmbh.de/wunschpreis.php" "Mozilla/5.0 (Windows NT 6.1; rv:17.0) Gecko/20100101 Firefox/17.0"
188.138.41.207 - - [13/Mar/2014:12:43:45 +0100] "GET /modul.css HTTP/1.1" 200 35038 "http://www.mink-gmbh.de/wunschpreis.php" "Mozilla/5.0 (Windows NT 6.1; rv:17.0) Gecko/20100101 Firefox/17.0"
188.138.41.207 - - [13/Mar/2014:12:43:50 +0100] "GET /preisanfrage.php HTTP/1.1" 200 8502 "-" "Mozilla/5.0 (Windows NT 6.1; rv:17.0) Gecko/20100101 Firefox/17.0"
188.138.41.207 - - [13/Mar/2014:12:43:52 +0100] "GET /style.css HTTP/1.1" 200 8402 "http://www.mink-gmbh.de/preisanfrage.php" "Mozilla/5.0 (Windows NT 6.1; rv:17.0) Gecko/20100101 Firefox/17.0"
188.138.41.207 - - [13/Mar/2014:12:43:52 +0100] "GET /modul.css HTTP/1.1" 200 35038 "http://www.mink-gmbh.de/preisanfrage.php" "Mozilla/5.0 (Windows NT 6.1; rv:17.0) Gecko/20100101 Firefox/17.0"
188.138.41.207 - - [13/Mar/2014:12:44:00 +0100] "GET /news.php HTTP/1.1" 200 19584 "-" "Mozilla/5.0 (Windows NT 6.1; rv:17.0) Gecko/20100101 Firefox/17.0"
188.138.41.207 - - [13/Mar/2014:12:44:01 +0100] "GET /style.css HTTP/1.1" 200 8402 "http://www.mink-gmbh.de/news.php" "Mozilla/5.0 (Windows NT 6.1; rv:17.0) Gecko/20100101 Firefox/17.0"
188.138.41.207 - - [13/Mar/2014:12:44:03 +0100] "GET /modul.css HTTP/1.1" 200 35038 "http://www.mink-gmbh.de/news.php" "Mozilla/5.0 (Windows NT 6.1; rv:17.0) Gecko/20100101 Firefox/17.0"
188.138.41.207 - - [13/Mar/2014:12:44:09 +0100] "GET /news.php?cs_go=archiv&cs_id=5014&cs_search= HTTP/1.1" 200 8036 "-" "Mozilla/5.0 (Windows NT 6.1; rv:17.0) Gecko/20100101 Firefox/17.0"
188.138.41.207 - - [13/Mar/2014:12:44:09 +0100] "GET /style.css HTTP/1.1" 200 8402 "http://www.mink-gmbh.de/news.php?cs_go=archiv&cs_id=5014&cs_search=" "Mozilla/5.0 (Windows NT 6.1; rv:17.0) Gecko/20100101 Firefox/17.0"
188.138.41.207 - - [13/Mar/2014:12:44:10 +0100] "GET /modul.css HTTP/1.1" 200 35038 "http://www.mink-gmbh.de/news.php?cs_go=archiv&cs_id=5014&cs_search=" "Mozilla/5.0 (Windows NT 6.1; rv:17.0) Gecko/20100101 Firefox/17.0"
188.138.41.207 - - [13/Mar/2014:12:44:14 +0100] "GET /news.php?cs_go=archiv&cs_id=5013&cs_search= HTTP/1.1" 200 7462 "-" "Mozilla/5.0 (Windows NT 6.1; rv:17.0) Gecko/20100101 Firefox/17.0"
188.138.41.207 - - [13/Mar/2014:12:44:15 +0100] "GET /style.css HTTP/1.1" 200 8402 "http://www.mink-gmbh.de/news.php?cs_go=archiv&cs_id=5013&cs_search=" "Mozilla/5.0 (Windows NT 6.1; rv:17.0) Gecko/20100101 Firefox/17.0"
188.138.41.207 - - [13/Mar/2014:12:44:15 +0100] "GET /modul.css HTTP/1.1" 200 35038 "http://www.mink-gmbh.de/news.php?cs_go=archiv&cs_id=5013&cs_search=" "Mozilla/5.0 (Windows NT 6.1; rv:17.0) Gecko/20100101 Firefox/17.0"
188.138.41.207 - - [13/Mar/2014:12:44:18 +0100] "GET /news.php?cs_go=archiv&cs_id=5012&cs_search= HTTP/1.1" 200 11459 "-" "Mozilla/5.0 (Windows NT 6.1; rv:17.0) Gecko/20100101 Firefox/17.0"
188.138.41.207 - - [13/Mar/2014:12:44:18 +0100] "GET /style.css HTTP/1.1" 200 8402 "http://www.mink-gmbh.de/news.php?cs_go=archiv&cs_id=5012&cs_search=" "Mozilla/5.0 (Windows NT 6.1; rv:17.0) Gecko/20100101 Firefox/17.0"
188.138.41.207 - - [13/Mar/2014:12:44:19 +0100] "GET /modul.css HTTP/1.1" 200 35038 "http://www.mink-gmbh.de/news.php?cs_go=archiv&cs_id=5012&cs_search=" "Mozilla/5.0 (Windows NT 6.1; rv:17.0) Gecko/20100101 Firefox/17.0"
188.138.41.207 - - [13/Mar/2014:12:44:28 +0100] "GET /news.php?cs_go=archiv&cs_id=5011&cs_search= HTTP/1.1" 200 8311 "-" "Mozilla/5.0 (Windows NT 6.1; rv:17.0) Gecko/20100101 Firefox/17.0"
188.138.41.207 - - [13/Mar/2014:12:44:29 +0100] "GET /style.css HTTP/1.1" 200 8402 "http://www.mink-gmbh.de/news.php?cs_go=archiv&cs_id=5011&cs_search=" "Mozilla/5.0 (Windows NT 6.1; rv:17.0) Gecko/20100101 Firefox/17.0"
188.138.41.207 - - [13/Mar/2014:12:44:29 +0100] "GET /modul.css HTTP/1.1" 200 35038 "http://www.mink-gmbh.de/news.php?cs_go=archiv&cs_id=5011&cs_search=" "Mozilla/5.0 (Windows NT 6.1; rv:17.0) Gecko/20100101 Firefox/17.0"
188.138.41.207 - - [13/Mar/2014:12:44:33 +0100] "GET /news.php?cs_go=archiv&cs_id=5010&cs_search= HTTP/1.1" 200 7544 "-" "Mozilla/5.0 (Windows NT 6.1; rv:17.0) Gecko/20100101 Firefox/17.0"
188.138.41.207 - - [13/Mar/2014:12:44:33 +0100] "GET /style.css HTTP/1.1" 200 8402 "http://www.mink-gmbh.de/news.php?cs_go=archiv&cs_id=5010&cs_search=" "Mozilla/5.0 (Windows NT 6.1; rv:17.0) Gecko/20100101 Firefox/17.0"
188.138.41.207 - - [13/Mar/2014:12:44:35 +0100] "GET /modul.css HTTP/1.1" 200 35038 "http://www.mink-gmbh.de/news.php?cs_go=archiv&cs_id=5010&cs_search=" "Mozilla/5.0 (Windows NT 6.1; rv:17.0) Gecko/20100101 Firefox/17.0"
188.138.41.207 - - [13/Mar/2014:12:44:39 +0100] "GET /news.php?cs_go=archiv&cs_id=5009&cs_search= HTTP/1.1" 200 11370 "-" "Mozilla/5.0 (Windows NT 6.1; rv:17.0) Gecko/20100101 Firefox/17.0"
188.138.41.207 - - [13/Mar/2014:12:44:41 +0100] "GET /style.css HTTP/1.1" 200 8402 "http://www.mink-gmbh.de/news.php?cs_go=archiv&cs_id=5009&cs_search=" "Mozilla/5.0 (Windows NT 6.1; rv:17.0) Gecko/20100101 Firefox/17.0"
188.138.41.207 - - [13/Mar/2014:12:44:41 +0100] "GET /modul.css HTTP/1.1" 200 35038 "http://www.mink-gmbh.de/news.php?cs_go=archiv&cs_id=5009&cs_search=" "Mozilla/5.0 (Windows NT 6.1; rv:17.0) Gecko/20100101 Firefox/17.0"
188.138.41.207 - - [13/Mar/2014:12:44:45 +0100] "GET /news.php?cs_go=archiv&cs_id=5008&cs_search= HTTP/1.1" 200 9358 "-" "Mozilla/5.0 (Windows NT 6.1; rv:17.0) Gecko/20100101 Firefox/17.0"
188.138.41.207 - - [13/Mar/2014:12:44:46 +0100] "GET /style.css HTTP/1.1" 200 8402 "http://www.mink-gmbh.de/news.php?cs_go=archiv&cs_id=5008&cs_search=" "Mozilla/5.0 (Windows NT 6.1; rv:17.0) Gecko/20100101 Firefox/17.0"
188.138.41.207 - - [13/Mar/2014:12:44:46 +0100] "GET /modul.css HTTP/1.1" 200 35038 "http://www.mink-gmbh.de/news.php?cs_go=archiv&cs_id=5008&cs_search=" "Mozilla/5.0 (Windows NT 6.1; rv:17.0) Gecko/20100101 Firefox/17.0"
188.138.41.207 - - [13/Mar/2014:12:44:51 +0100] "GET /news.php?cs_go=archiv&cs_id=5007&cs_search= HTTP/1.1" 200 7472 "-" "Mozilla/5.0 (Windows NT 6.1; rv:17.0) Gecko/20100101 Firefox/17.0"
188.138.41.207 - - [13/Mar/2014:12:44:51 +0100] "GET /style.css HTTP/1.1" 200 8402 "http://www.mink-gmbh.de/news.php?cs_go=archiv&cs_id=5007&cs_search=" "Mozilla/5.0 (Windows NT 6.1; rv:17.0) Gecko/20100101 Firefox/17.0"
188.138.41.207 - - [13/Mar/2014:12:44:51 +0100] "GET /modul.css HTTP/1.1" 200 35038 "http://www.mink-gmbh.de/news.php?cs_go=archiv&cs_id=5007&cs_search=" "Mozilla/5.0 (Windows NT 6.1; rv:17.0) Gecko/20100101 Firefox/17.0"
