5.10.83.105 - - [02/Mar/2014:10:55:26 +0100] "GET /news.php?cs_go=archiv&cs_id=4924 HTTP/1.1" 200 11190 "-" "Mozilla/5.0 (compatible; AhrefsBot/5.0; +http://ahrefs.com/robot/)"
5.10.83.15 - - [02/Mar/2014:10:56:09 +0100] "GET /news.php?cs_go=archiv&cs_id=4927 HTTP/1.1" 200 7462 "-" "Mozilla/5.0 (compatible; AhrefsBot/5.0; +http://ahrefs.com/robot/)"
5.10.83.50 - - [02/Mar/2014:11:05:26 +0100] "GET /news.php?cs_go=archiv&cs_id=4924&cs_search= HTTP/1.1" 200 11190 "-" "Mozilla/5.0 (compatible; AhrefsBot/5.0; +http://ahrefs.com/robot/)"
5.10.83.23 - - [02/Mar/2014:11:06:21 +0100] "GET /news.php?cs_go=archiv&cs_id=4918&cs_search= HTTP/1.1" 200 11278 "-" "Mozilla/5.0 (compatible; AhrefsBot/5.0; +http://ahrefs.com/robot/)"
5.10.83.105 - - [02/Mar/2014:11:11:21 +0100] "GET /news.php?cs_go=archiv&cs_id=4929&cs_search= HTTP/1.1" 200 11139 "-" "Mozilla/5.0 (compatible; AhrefsBot/5.0; +http://ahrefs.com/robot/)"
5.10.83.23 - - [02/Mar/2014:11:12:22 +0100] "GET /news.php?cs_go=archiv&cs_id=4927&cs_search= HTTP/1.1" 200 7462 "-" "Mozilla/5.0 (compatible; AhrefsBot/5.0; +http://ahrefs.com/robot/)"
5.10.83.9 - - [02/Mar/2014:11:12:55 +0100] "GET /news.php?cs_go=archiv&cs_id=4921&cs_search= HTTP/1.1" 200 11180 "-" "Mozilla/5.0 (compatible; AhrefsBot/5.0; +http://ahrefs.com/robot/)"
65.36.241.79 - - [02/Mar/2014:11:16:05 +0100] "HEAD / HTTP/1.1" 200 - "-" "InternetSeer.com"
5.10.83.50 - - [02/Mar/2014:11:17:45 +0100] "GET /news.php?cs_go=archiv&cs_id=4928 HTTP/1.1" 200 8042 "-" "Mozilla/5.0 (compatible; AhrefsBot/5.0; +http://ahrefs.com/robot/)"
5.10.83.105 - - [02/Mar/2014:11:19:44 +0100] "GET /news.php?cs_go=archiv&cs_id=4929 HTTP/1.1" 200 11139 "-" "Mozilla/5.0 (compatible; AhrefsBot/5.0; +http://ahrefs.com/robot/)"
141.8.147.12 - - [02/Mar/2014:11:23:46 +0100] "GET /ansprechpartner.php HTTP/1.1" 404 - "-" "Mozilla/5.0 (compatible; YandexBot/3.0; +http://yandex.com/bots)"
5.10.83.102 - - [02/Mar/2014:11:26:38 +0100] "GET /news.php?cs_go=archiv&cs_id=4922&cs_search= HTTP/1.1" 200 7391 "-" "Mozilla/5.0 (compatible; AhrefsBot/5.0; +http://ahrefs.com/robot/)"
5.10.83.102 - - [02/Mar/2014:11:29:36 +0100] "GET /news.php?cs_go=archiv&cs_id=4900&cs_search= HTTP/1.1" 200 7382 "-" "Mozilla/5.0 (compatible; AhrefsBot/5.0; +http://ahrefs.com/robot/)"
5.10.83.61 - - [02/Mar/2014:11:33:10 +0100] "GET /news.php?cs_go=archiv&cs_id=4919&cs_search= HTTP/1.1" 200 7528 "-" "Mozilla/5.0 (compatible; AhrefsBot/5.0; +http://ahrefs.com/robot/)"
5.10.83.50 - - [02/Mar/2014:11:35:48 +0100] "GET /news.php?cs_go=archiv&cs_id=4920&cs_search= HTTP/1.1" 200 8726 "-" "Mozilla/5.0 (compatible; AhrefsBot/5.0; +http://ahrefs.com/robot/)"
5.10.83.10 - - [02/Mar/2014:11:39:40 +0100] "GET /news.php?cs_go=archiv&cs_id=4928&cs_search= HTTP/1.1" 200 8042 "-" "Mozilla/5.0 (compatible; AhrefsBot/5.0; +http://ahrefs.com/robot/)"
5.10.83.69 - - [02/Mar/2014:11:53:03 +0100] "GET /news.php?cs_go=archiv&cs_id=4914&cs_search= HTTP/1.1" 200 7601 "-" "Mozilla/5.0 (compatible; AhrefsBot/5.0; +http://ahrefs.com/robot/)"
66.249.73.225 - - [02/Mar/2014:12:08:38 +0100] "GET /news.php?cs_go=archiv&cs_id=4194 HTTP/1.1" 200 11784 "-" "DoCoMo/2.0 N905i(c100;TB;W24H16) (compatible; Googlebot-Mobile/2.1; +http://www.google.com/bot.html)"
87.178.134.90 - - [02/Mar/2014:12:12:37 +0100] "GET / HTTP/1.1" 200 1247 "-" "Mozilla/5.0 (iPad; CPU OS 7_0_6 like Mac OS X) AppleWebKit/537.51.1 (KHTML, like Gecko) Version/7.0 Mobile/11B651 Safari/9537.53"
5.10.83.8 - - [02/Mar/2014:12:24:35 +0100] "GET /news.php?cs_go=archiv&cs_id=4747&cs_search= HTTP/1.1" 200 13330 "-" "Mozilla/5.0 (compatible; AhrefsBot/5.0; +http://ahrefs.com/robot/)"
109.193.106.31 - - [02/Mar/2014:12:31:26 +0100] "GET /style.css HTTP/1.1" 200 8402 "http://www.mink-gmbh.de/" "Mozilla/5.0 (iPad; CPU OS 7_0_6 like Mac OS X) AppleWebKit/537.51.1 (KHTML, like Gecko) Version/7.0 Mobile/11B651 Safari/9537.53"
109.193.106.31 - - [02/Mar/2014:12:31:26 +0100] "GET / HTTP/1.1" 200 6723 "-" "Mozilla/5.0 (iPad; CPU OS 7_0_6 like Mac OS X) AppleWebKit/537.51.1 (KHTML, like Gecko) Version/7.0 Mobile/11B651 Safari/9537.53"
109.193.106.31 - - [02/Mar/2014:12:31:59 +0100] "GET /style.css HTTP/1.1" 200 8402 "http://www.mink-gmbh.de/" "Mozilla/5.0 (iPad; CPU OS 7_0_6 like Mac OS X) AppleWebKit/537.51.1 (KHTML, like Gecko) Version/7.0 Mobile/11B651 Safari/9537.53"
109.193.106.31 - - [02/Mar/2014:12:31:58 +0100] "GET / HTTP/1.1" 200 7242 "-" "Mozilla/5.0 (iPad; CPU OS 7_0_6 like Mac OS X) AppleWebKit/537.51.1 (KHTML, like Gecko) Version/7.0 Mobile/11B651 Safari/9537.53"
82.94.179.38 - - [02/Mar/2014:12:34:40 +0100] "GET /robots.txt HTTP/1.0" 200 177 "-" "Mozilla/4.0 (compatible; Freshbot/1.0/EU; http://webagent.wise-guys.nl/)"
82.94.179.38 - - [02/Mar/2014:12:34:40 +0100] "GET / HTTP/1.1" 200 14092 "-" "Mozilla/5.0 (X11; Linux i686; rv:6.0) Gecko/20100101 Firefox/6.0 (Freshbot/1.0/EU; http://webagent.wise-guys.nl/)"
66.249.65.169 - - [02/Mar/2014:13:05:48 +0100] "GET /news.php?cs_go=archiv&cs_id=4701 HTTP/1.1" 200 11642 "-" "Mozilla/5.0 (iPhone; CPU iPhone OS 6_0 like Mac OS X) AppleWebKit/536.26 (KHTML, like Gecko) Version/6.0 Mobile/10A5376e Safari/8536.25 (compatible; Googlebot/2.1; +http://www.google.com/bot.html)"
80.141.224.144 - - [02/Mar/2014:13:17:40 +0100] "GET /agb.php HTTP/1.1" 200 17543 "https://www.google.de/" "Mozilla/5.0 (Windows NT 6.1; WOW64) AppleWebKit/537.36 (KHTML, like Gecko) Chrome/33.0.1750.117 Safari/537.36"
80.141.224.144 - - [02/Mar/2014:13:17:40 +0100] "GET /style.css HTTP/1.1" 200 8402 "http://www.mink-gmbh.de/agb.php" "Mozilla/5.0 (Windows NT 6.1; WOW64) AppleWebKit/537.36 (KHTML, like Gecko) Chrome/33.0.1750.117 Safari/537.36"
80.141.224.144 - - [02/Mar/2014:13:17:40 +0100] "GET /images/freecall.jpg HTTP/1.1" 200 39195 "http://www.mink-gmbh.de/agb.php" "Mozilla/5.0 (Windows NT 6.1; WOW64) AppleWebKit/537.36 (KHTML, like Gecko) Chrome/33.0.1750.117 Safari/537.36"
80.141.224.144 - - [02/Mar/2014:13:17:41 +0100] "GET /images/kwk.gif HTTP/1.1" 200 6403 "http://www.mink-gmbh.de/agb.php" "Mozilla/5.0 (Windows NT 6.1; WOW64) AppleWebKit/537.36 (KHTML, like Gecko) Chrome/33.0.1750.117 Safari/537.36"
80.141.224.144 - - [02/Mar/2014:13:17:40 +0100] "GET /modul.css HTTP/1.1" 200 35038 "http://www.mink-gmbh.de/agb.php" "Mozilla/5.0 (Windows NT 6.1; WOW64) AppleWebKit/537.36 (KHTML, like Gecko) Chrome/33.0.1750.117 Safari/537.36"
80.141.224.144 - - [02/Mar/2014:13:17:41 +0100] "GET /images/wunschpreis.jpg HTTP/1.1" 200 16767 "http://www.mink-gmbh.de/agb.php" "Mozilla/5.0 (Windows NT 6.1; WOW64) AppleWebKit/537.36 (KHTML, like Gecko) Chrome/33.0.1750.117 Safari/537.36"
80.141.224.144 - - [02/Mar/2014:13:17:41 +0100] "GET /images/logos.jpg HTTP/1.1" 200 35043 "http://www.mink-gmbh.de/agb.php" "Mozilla/5.0 (Windows NT 6.1; WOW64) AppleWebKit/537.36 (KHTML, like Gecko) Chrome/33.0.1750.117 Safari/537.36"
80.141.224.144 - - [02/Mar/2014:13:17:41 +0100] "GET /images/bg.png HTTP/1.1" 200 922 "http://www.mink-gmbh.de/agb.php" "Mozilla/5.0 (Windows NT 6.1; WOW64) AppleWebKit/537.36 (KHTML, like Gecko) Chrome/33.0.1750.117 Safari/537.36"
80.141.224.144 - - [02/Mar/2014:13:17:41 +0100] "GET /images/newsletter.png HTTP/1.1" 200 14619 "http://www.mink-gmbh.de/agb.php" "Mozilla/5.0 (Windows NT 6.1; WOW64) AppleWebKit/537.36 (KHTML, like Gecko) Chrome/33.0.1750.117 Safari/537.36"
80.141.224.144 - - [02/Mar/2014:13:17:41 +0100] "GET /images/wrapperbg.jpg HTTP/1.1" 200 27465 "http://www.mink-gmbh.de/agb.php" "Mozilla/5.0 (Windows NT 6.1; WOW64) AppleWebKit/537.36 (KHTML, like Gecko) Chrome/33.0.1750.117 Safari/537.36"
80.141.224.144 - - [02/Mar/2014:13:17:41 +0100] "GET /images/header.jpg HTTP/1.1" 200 25189 "http://www.mink-gmbh.de/agb.php" "Mozilla/5.0 (Windows NT 6.1; WOW64) AppleWebKit/537.36 (KHTML, like Gecko) Chrome/33.0.1750.117 Safari/537.36"
80.141.224.144 - - [02/Mar/2014:13:17:41 +0100] "GET /images/navibg.png HTTP/1.1" 200 2803 "http://www.mink-gmbh.de/agb.php" "Mozilla/5.0 (Windows NT 6.1; WOW64) AppleWebKit/537.36 (KHTML, like Gecko) Chrome/33.0.1750.117 Safari/537.36"
80.141.224.144 - - [02/Mar/2014:13:17:41 +0100] "GET /images/footerbg.jpg HTTP/1.1" 200 2184 "http://www.mink-gmbh.de/agb.php" "Mozilla/5.0 (Windows NT 6.1; WOW64) AppleWebKit/537.36 (KHTML, like Gecko) Chrome/33.0.1750.117 Safari/537.36"
80.141.224.144 - - [02/Mar/2014:13:17:41 +0100] "GET /favicon.ico HTTP/1.1" 200 3638 "-" "Mozilla/5.0 (Windows NT 6.1; WOW64) AppleWebKit/537.36 (KHTML, like Gecko) Chrome/33.0.1750.117 Safari/537.36"
66.249.65.137 - - [02/Mar/2014:13:30:06 +0100] "GET /news.php?cs_go=archiv&cs_id=4843&cs_search= HTTP/1.1" 200 7551 "-" "Mozilla/5.0 (iPhone; CPU iPhone OS 6_0 like Mac OS X) AppleWebKit/536.26 (KHTML, like Gecko) Version/6.0 Mobile/10A5376e Safari/8536.25 (compatible; Googlebot/2.1; +http://www.google.com/bot.html)"
5.10.83.8 - - [02/Mar/2014:13:30:45 +0100] "GET /lexikon.php?cs_go=3&cs_id=3 HTTP/1.1" 200 6049 "-" "Mozilla/5.0 (compatible; AhrefsBot/5.0; +http://ahrefs.com/robot/)"
141.8.147.12 - - [02/Mar/2014:13:38:44 +0100] "GET / HTTP/1.1" 200 14092 "-" "Mozilla/5.0 (compatible; YandexBot/3.0; +http://yandex.com/bots)"
144.76.95.231 - - [02/Mar/2014:13:39:24 +0100] "GET /robots.txt HTTP/1.0" 200 177 "-" "Mozilla/5.0 (compatible; MJ12bot/v1.4.4; http://www.majestic12.co.uk/bot.php?+)"
144.76.95.231 - - [02/Mar/2014:13:39:27 +0100] "GET /news.php?cs_go=archiv&cs_id=4352&cs_search= HTTP/1.0" 200 7716 "-" "Mozilla/5.0 (compatible; MJ12bot/v1.4.4; http://www.majestic12.co.uk/bot.php?+)"
144.76.95.231 - - [02/Mar/2014:13:39:29 +0100] "GET /news.php?cs_go=archiv&cs_id=4407&cs_search= HTTP/1.0" 200 9386 "-" "Mozilla/5.0 (compatible; MJ12bot/v1.4.4; http://www.majestic12.co.uk/bot.php?+)"
144.76.95.231 - - [02/Mar/2014:13:39:32 +0100] "GET /news.php?cs_go=archiv&cs_id=4426&cs_search= HTTP/1.0" 200 13794 "-" "Mozilla/5.0 (compatible; MJ12bot/v1.4.4; http://www.majestic12.co.uk/bot.php?+)"
144.76.95.231 - - [02/Mar/2014:13:39:35 +0100] "GET /news.php?cs_go=archiv&cs_id=4429&cs_search= HTTP/1.0" 200 7497 "-" "Mozilla/5.0 (compatible; MJ12bot/v1.4.4; http://www.majestic12.co.uk/bot.php?+)"
144.76.95.231 - - [02/Mar/2014:13:39:37 +0100] "GET /news.php?cs_go=archiv&cs_id=4430&cs_search= HTTP/1.0" 200 11561 "-" "Mozilla/5.0 (compatible; MJ12bot/v1.4.4; http://www.majestic12.co.uk/bot.php?+)"
144.76.95.231 - - [02/Mar/2014:13:39:41 +0100] "GET /news.php?cs_go=archiv&cs_id=4556 HTTP/1.0" 200 7824 "-" "Mozilla/5.0 (compatible; MJ12bot/v1.4.4; http://www.majestic12.co.uk/bot.php?+)"
144.76.95.231 - - [02/Mar/2014:13:39:44 +0100] "GET /news.php?cs_go=archiv&cs_id=4557 HTTP/1.0" 200 7784 "-" "Mozilla/5.0 (compatible; MJ12bot/v1.4.4; http://www.majestic12.co.uk/bot.php?+)"
144.76.95.231 - - [02/Mar/2014:13:39:48 +0100] "GET /news.php?cs_go=archiv&cs_id=4567 HTTP/1.0" 200 9128 "-" "Mozilla/5.0 (compatible; MJ12bot/v1.4.4; http://www.majestic12.co.uk/bot.php?+)"
144.76.95.231 - - [02/Mar/2014:13:39:50 +0100] "GET /news.php?cs_go=archiv&cs_id=4568 HTTP/1.0" 200 9631 "-" "Mozilla/5.0 (compatible; MJ12bot/v1.4.4; http://www.majestic12.co.uk/bot.php?+)"
5.10.83.66 - - [02/Mar/2014:13:59:51 +0100] "GET /lexikon.php?cs_go=2&cs_char=p HTTP/1.1" 200 6730 "-" "Mozilla/5.0 (compatible; AhrefsBot/5.0; +http://ahrefs.com/robot/)"
123.125.71.28 - - [02/Mar/2014:14:29:16 +0100] "GET /images/kwk.gif HTTP/1.1" 200 6403 "http://image.baidu.com/i?ct=503316480&z=0&tn=baiduimagedetail" "Baiduspider-image+(+http://www.baidu.com/search/spider.htm)"
66.249.65.169 - - [02/Mar/2014:14:43:19 +0100] "GET /rueckrufservice.php HTTP/1.1" 200 8300 "-" "Mozilla/5.0 (iPhone; CPU iPhone OS 6_0 like Mac OS X) AppleWebKit/536.26 (KHTML, like Gecko) Version/6.0 Mobile/10A5376e Safari/8536.25 (compatible; Googlebot/2.1; +http://www.google.com/bot.html)"
220.181.108.104 - - [02/Mar/2014:14:46:35 +0100] "GET / HTTP/1.1" 200 10575 "-" "Mozilla/5.0 (compatible; Baiduspider/2.0; +http://www.baidu.com/search/spider.html)"
123.125.71.34 - - [02/Mar/2014:14:50:37 +0100] "GET / HTTP/1.1" 200 9427 "-" "Mozilla/5.0 (compatible; Baiduspider/2.0; +http://www.baidu.com/search/spider.html)"
141.8.147.12 - - [02/Mar/2014:15:37:06 +0100] "GET /news.php HTTP/1.1" 200 19838 "-" "Mozilla/5.0 (compatible; YandexBot/3.0; +http://yandex.com/bots)"
141.8.147.12 - - [02/Mar/2014:15:37:09 +0100] "GET /index.php HTTP/1.1" 200 14089 "-" "Mozilla/5.0 (compatible; YandexBot/3.0; +http://yandex.com/bots)"
141.8.147.12 - - [02/Mar/2014:15:37:12 +0100] "GET /.php HTTP/1.1" 404 - "-" "Mozilla/5.0 (compatible; YandexBot/3.0; +http://yandex.com/bots)"
141.8.147.12 - - [02/Mar/2014:15:37:14 +0100] "GET /news.php?cs_go=archiv&cs_startpos=10 HTTP/1.1" 200 20053 "-" "Mozilla/5.0 (compatible; YandexBot/3.0; +http://yandex.com/bots)"
65.36.241.79 - - [02/Mar/2014:16:54:25 +0100] "HEAD / HTTP/1.1" 200 - "-" "InternetSeer.com"
176.57.142.28 - - [02/Mar/2014:17:11:21 +0100] "GET /news.php?cs_go=archiv&cs_id=2941 HTTP/1.1" 200 11858 "-" "Mozilla/5.0 (X11; Linux i686; rv:6.0) Gecko/20100101 Firefox/6.0"
141.8.147.12 - - [02/Mar/2014:17:31:42 +0100] "GET /kontakt.php HTTP/1.1" 200 6966 "-" "Mozilla/5.0 (compatible; YandexBot/3.0; +http://yandex.com/bots)"
93.186.202.253 - - [02/Mar/2014:17:33:56 +0100] "GET /news.php?cs_go=archiv&cs_id=3713 HTTP/1.1" 200 13433 "-" "Mozilla/5.0 (X11; Linux i686; rv:6.0) Gecko/20100101 Firefox/6.0"
5.10.83.29 - - [02/Mar/2014:17:59:23 +0100] "GET /modernisierung.php?cs_gp_go=description HTTP/1.1" 200 8408 "-" "Mozilla/5.0 (compatible; AhrefsBot/5.0; +http://ahrefs.com/robot/)"
5.10.83.7 - - [02/Mar/2014:18:20:20 +0100] "GET /lexikon.php?cs_go=3&cs_id=97 HTTP/1.1" 200 9039 "-" "Mozilla/5.0 (compatible; AhrefsBot/5.0; +http://ahrefs.com/robot/)"
5.10.83.7 - - [02/Mar/2014:18:24:05 +0100] "GET /lexikon.php?cs_go=3&cs_id=129 HTTP/1.1" 200 6211 "-" "Mozilla/5.0 (compatible; AhrefsBot/5.0; +http://ahrefs.com/robot/)"
65.55.24.244 - - [02/Mar/2014:18:36:24 +0100] "GET /robots.txt HTTP/1.1" 200 177 "-" "Mozilla/5.0 (compatible; bingbot/2.0; +http://www.bing.com/bingbot.htm)"
65.55.24.244 - - [02/Mar/2014:18:40:15 +0100] "GET / HTTP/1.1" 200 14089 "-" "Mozilla/5.0 (compatible; bingbot/2.0; +http://www.bing.com/bingbot.htm)"
66.249.65.169 - - [02/Mar/2014:18:43:57 +0100] "GET /robots.txt HTTP/1.1" 200 177 "-" "Mozilla/5.0 (compatible; Googlebot/2.1; +http://www.google.com/bot.html)"
66.249.73.18 - - [02/Mar/2014:18:43:58 +0100] "GET /lexikon.php?cs_go=2&cs_char=a HTTP/1.1" 200 7367 "-" "Mozilla/5.0 (compatible; Googlebot/2.1; +http://www.google.com/bot.html)"
141.8.147.12 - - [02/Mar/2014:18:50:02 +0100] "GET /robots.txt HTTP/1.1" 200 177 "-" "Mozilla/5.0 (compatible; YandexBot/3.0; +http://yandex.com/bots)"
37.187.26.110 - - [02/Mar/2014:18:55:09 +0100] "GET /news.php?cs_go=archiv&cs_id=4794 HTTP/1.1" 200 8522 "http://www.mink-gmbh.de/" "Mozilla/5.0 (Windows NT 6.1; WOW64; rv:5.0) Gecko/20100101 Firefox/5.0"
37.187.26.110 - - [02/Mar/2014:18:55:09 +0100] "GET /kwk.php HTTP/1.1" 200 8447 "http://www.mink-gmbh.de/" "Mozilla/5.0 (Windows NT 6.1; WOW64; rv:5.0) Gecko/20100101 Firefox/5.0"
144.76.95.232 - - [02/Mar/2014:18:55:10 +0100] "GET /robots.txt HTTP/1.0" 200 177 "-" "Mozilla/5.0 (compatible; MJ12bot/v1.4.4; http://www.majestic12.co.uk/bot.php?+)"
144.76.95.232 - - [02/Mar/2014:18:55:25 +0100] "GET /news.php?cs_go=archiv&cs_id=4832&cs_search= HTTP/1.0" 200 7556 "-" "Mozilla/5.0 (compatible; MJ12bot/v1.4.4; http://www.majestic12.co.uk/bot.php?+)"
5.10.83.7 - - [02/Mar/2014:19:06:15 +0100] "GET /kwk.php?cs_go=1 HTTP/1.1" 200 8447 "-" "Mozilla/5.0 (compatible; AhrefsBot/5.0; +http://ahrefs.com/robot/)"
5.10.83.66 - - [02/Mar/2014:19:17:17 +0100] "GET /lexikon.php?cs_go=3&cs_id=135 HTTP/1.1" 200 6761 "-" "Mozilla/5.0 (compatible; AhrefsBot/5.0; +http://ahrefs.com/robot/)"
193.111.141.44 - - [02/Mar/2014:19:40:54 +0100] "GET /news.php?cs_go=archiv&cs_id=4156&cs_search= HTTP/1.1" 200 10588 "-" "Mozilla/5.0 (X11; Linux i686; rv:6.0) Gecko/20100101 Firefox/6.0"
141.8.147.12 - - [02/Mar/2014:19:46:23 +0100] "GET /diesel.php HTTP/1.1" 200 8192 "-" "Mozilla/5.0 (compatible; YandexBot/3.0; +http://yandex.com/bots)"
176.9.50.43 - - [02/Mar/2014:19:55:43 +0100] "GET /modernisierung.php HTTP/1.1" 200 9252 "-" "Mozilla/4.0 (compatible; MSIE 6.0; Windows 98; Win 9x4.90)"
208.115.113.91 - - [02/Mar/2014:21:02:04 +0100] "GET /robots.txt HTTP/1.1" 200 177 "-" "Mozilla/5.0 (compatible; Ezooms/1.0; help@moz.com)"
5.10.83.52 - - [02/Mar/2014:21:09:37 +0100] "GET /.php HTTP/1.1" 404 - "-" "Mozilla/5.0 (compatible; AhrefsBot/5.0; +http://ahrefs.com/robot/)"
141.8.147.12 - - [02/Mar/2014:21:45:59 +0100] "GET /faq.php HTTP/1.1" 200 216832 "-" "Mozilla/5.0 (compatible; YandexBot/3.0; +http://yandex.com/bots)"
66.249.65.169 - - [02/Mar/2014:21:50:33 +0100] "GET /news.php HTTP/1.1" 200 19838 "-" "Mozilla/5.0 (iPhone; CPU iPhone OS 6_0 like Mac OS X) AppleWebKit/536.26 (KHTML, like Gecko) Version/6.0 Mobile/10A5376e Safari/8536.25 (compatible; Googlebot/2.1; +http://www.google.com/bot.html)"
220.181.108.110 - - [02/Mar/2014:22:43:52 +0100] "GET / HTTP/1.1" 200 6594 "-" "Mozilla/5.0 (compatible; Baiduspider/2.0; +http://www.baidu.com/search/spider.html)"
123.125.71.50 - - [02/Mar/2014:22:45:40 +0100] "GET / HTTP/1.1" 200 7979 "-" "Mozilla/5.0 (compatible; Baiduspider/2.0; +http://www.baidu.com/search/spider.html)"
5.10.83.29 - - [02/Mar/2014:23:02:00 +0100] "GET /news.php?cs_go=archiv&cs_id=4840&cs_search= HTTP/1.1" 200 11313 "-" "Mozilla/5.0 (compatible; AhrefsBot/5.0; +http://ahrefs.com/robot/)"
66.249.73.4 - - [02/Mar/2014:23:08:50 +0100] "GET /js_contentserver24_greybox/gb_styles.css HTTP/1.1" 200 2302 "-" "Mozilla/5.0 (compatible; Googlebot/2.1; +http://www.google.com/bot.html)"
141.8.147.12 - - [02/Mar/2014:23:08:54 +0100] "GET /news.php?cs_go=archiv&cs_id=4922&cs_search= HTTP/1.1" 200 7391 "-" "Mozilla/5.0 (compatible; YandexBot/3.0; +http://yandex.com/bots)"
208.115.113.91 - - [02/Mar/2014:23:13:26 +0100] "GET /news.php?cs_go=archiv&cs_startpos=170 HTTP/1.1" 200 20023 "-" "Mozilla/5.0 (compatible; Ezooms/1.0; help@moz.com)"
65.36.241.79 - - [02/Mar/2014:23:21:19 +0100] "HEAD / HTTP/1.1" 200 - "-" "InternetSeer.com"
5.10.83.8 - - [02/Mar/2014:23:29:17 +0100] "GET /edl.php HTTP/1.1" 200 8596 "-" "Mozilla/5.0 (compatible; AhrefsBot/5.0; +http://ahrefs.com/robot/)"
157.55.34.106 - - [02/Mar/2014:23:56:55 +0100] "GET /robots.txt HTTP/1.1" 200 177 "-" "Mozilla/5.0 (compatible; bingbot/2.0; +http://www.bing.com/bingbot.htm)"
178.151.143.247 - - [03/Mar/2014:00:35:16 +0100] "GET /robots.txt HTTP/1.0" 200 177 "-" "Mozilla/5.0 (compatible; MJ12bot/v1.4.4; http://www.majestic12.co.uk/bot.php?+)"
178.151.143.247 - - [03/Mar/2014:00:35:20 +0100] "GET /news.php?cs_go=archiv&cs_id=4755&cs_search= HTTP/1.0" 200 10039 "-" "Mozilla/5.0 (compatible; MJ12bot/v1.4.4; http://www.majestic12.co.uk/bot.php?+)"
178.151.143.247 - - [03/Mar/2014:00:35:26 +0100] "GET /news.php?cs_go=archiv&cs_id=4756&cs_search= HTTP/1.0" 200 7769 "-" "Mozilla/5.0 (compatible; MJ12bot/v1.4.4; http://www.majestic12.co.uk/bot.php?+)"
178.151.143.247 - - [03/Mar/2014:00:35:29 +0100] "GET /news.php?cs_go=archiv&cs_id=4757&cs_search= HTTP/1.0" 200 10318 "-" "Mozilla/5.0 (compatible; MJ12bot/v1.4.4; http://www.majestic12.co.uk/bot.php?+)"
178.151.143.247 - - [03/Mar/2014:00:35:31 +0100] "GET /news.php?cs_go=archiv&cs_id=4781&cs_search= HTTP/1.0" 200 11111 "-" "Mozilla/5.0 (compatible; MJ12bot/v1.4.4; http://www.majestic12.co.uk/bot.php?+)"
178.151.143.247 - - [03/Mar/2014:00:35:34 +0100] "GET /news.php?cs_go=archiv&cs_id=4782&cs_search= HTTP/1.0" 200 7501 "-" "Mozilla/5.0 (compatible; MJ12bot/v1.4.4; http://www.majestic12.co.uk/bot.php?+)"
178.151.143.247 - - [03/Mar/2014:00:35:40 +0100] "GET /news.php?cs_go=archiv&cs_id=4783&cs_search= HTTP/1.0" 200 8046 "-" "Mozilla/5.0 (compatible; MJ12bot/v1.4.4; http://www.majestic12.co.uk/bot.php?+)"
178.151.143.247 - - [03/Mar/2014:00:35:42 +0100] "GET /news.php?cs_go=archiv&cs_id=4785&cs_search= HTTP/1.0" 200 7339 "-" "Mozilla/5.0 (compatible; MJ12bot/v1.4.4; http://www.majestic12.co.uk/bot.php?+)"
178.151.143.247 - - [03/Mar/2014:00:35:45 +0100] "GET /news.php?cs_go=archiv&cs_id=4786&cs_search= HTTP/1.0" 200 11135 "-" "Mozilla/5.0 (compatible; MJ12bot/v1.4.4; http://www.majestic12.co.uk/bot.php?+)"
178.151.143.247 - - [03/Mar/2014:00:35:47 +0100] "GET /news.php?cs_go=archiv&cs_id=4793&cs_search= HTTP/1.0" 200 8491 "-" "Mozilla/5.0 (compatible; MJ12bot/v1.4.4; http://www.majestic12.co.uk/bot.php?+)"
178.151.143.247 - - [03/Mar/2014:00:35:50 +0100] "GET /news.php?cs_go=archiv&cs_id=4794&cs_search= HTTP/1.0" 200 8522 "-" "Mozilla/5.0 (compatible; MJ12bot/v1.4.4; http://www.majestic12.co.uk/bot.php?+)"
178.151.143.247 - - [03/Mar/2014:00:35:53 +0100] "GET /news.php?cs_go=archiv&cs_id=4795&cs_search= HTTP/1.0" 200 8618 "-" "Mozilla/5.0 (compatible; MJ12bot/v1.4.4; http://www.majestic12.co.uk/bot.php?+)"
178.151.143.247 - - [03/Mar/2014:00:36:00 +0100] "GET /news.php?cs_go=archiv&cs_id=4798&cs_search= HTTP/1.0" 200 9584 "-" "Mozilla/5.0 (compatible; MJ12bot/v1.4.4; http://www.majestic12.co.uk/bot.php?+)"
178.151.143.247 - - [03/Mar/2014:00:36:04 +0100] "GET /news.php?cs_go=archiv&cs_id=4799&cs_search= HTTP/1.0" 200 11365 "-" "Mozilla/5.0 (compatible; MJ12bot/v1.4.4; http://www.majestic12.co.uk/bot.php?+)"
178.151.143.247 - - [03/Mar/2014:00:36:07 +0100] "GET /news.php?cs_go=archiv&cs_id=4800&cs_search= HTTP/1.0" 200 7616 "-" "Mozilla/5.0 (compatible; MJ12bot/v1.4.4; http://www.majestic12.co.uk/bot.php?+)"
178.151.143.247 - - [03/Mar/2014:00:36:11 +0100] "GET /news.php?cs_go=archiv&cs_id=4801&cs_search= HTTP/1.0" 200 8036 "-" "Mozilla/5.0 (compatible; MJ12bot/v1.4.4; http://www.majestic12.co.uk/bot.php?+)"
178.151.143.247 - - [03/Mar/2014:00:36:20 +0100] "GET /news.php?cs_go=archiv&cs_id=4802&cs_search= HTTP/1.0" 200 10512 "-" "Mozilla/5.0 (compatible; MJ12bot/v1.4.4; http://www.majestic12.co.uk/bot.php?+)"
178.151.143.247 - - [03/Mar/2014:00:36:26 +0100] "GET /news.php?cs_go=archiv&cs_id=4803&cs_search= HTTP/1.0" 200 11668 "-" "Mozilla/5.0 (compatible; MJ12bot/v1.4.4; http://www.majestic12.co.uk/bot.php?+)"
178.151.143.247 - - [03/Mar/2014:00:36:31 +0100] "GET /news.php?cs_go=archiv&cs_id=4804&cs_search= HTTP/1.0" 200 7405 "-" "Mozilla/5.0 (compatible; MJ12bot/v1.4.4; http://www.majestic12.co.uk/bot.php?+)"
178.151.143.247 - - [03/Mar/2014:00:36:35 +0100] "GET /news.php?cs_go=archiv&cs_id=4805&cs_search= HTTP/1.0" 200 11300 "-" "Mozilla/5.0 (compatible; MJ12bot/v1.4.4; http://www.majestic12.co.uk/bot.php?+)"
178.151.143.247 - - [03/Mar/2014:00:36:49 +0100] "GET /news.php?cs_go=archiv&cs_id=4806&cs_search= HTTP/1.0" 200 7466 "-" "Mozilla/5.0 (compatible; MJ12bot/v1.4.4; http://www.majestic12.co.uk/bot.php?+)"
157.55.34.106 - - [03/Mar/2014:00:36:51 +0100] "GET /standard.php HTTP/1.1" 200 6770 "-" "Mozilla/5.0 (compatible; bingbot/2.0; +http://www.bing.com/bingbot.htm)"
178.151.143.247 - - [03/Mar/2014:00:36:55 +0100] "GET /news.php?cs_go=archiv&cs_id=4807&cs_search= HTTP/1.0" 200 11192 "-" "Mozilla/5.0 (compatible; MJ12bot/v1.4.4; http://www.majestic12.co.uk/bot.php?+)"
178.151.143.247 - - [03/Mar/2014:00:36:58 +0100] "GET /news.php?cs_go=archiv&cs_id=4808&cs_search= HTTP/1.0" 200 7514 "-" "Mozilla/5.0 (compatible; MJ12bot/v1.4.4; http://www.majestic12.co.uk/bot.php?+)"
178.151.143.247 - - [03/Mar/2014:00:37:00 +0100] "GET /news.php?cs_go=archiv&cs_id=4809&cs_search= HTTP/1.0" 200 9160 "-" "Mozilla/5.0 (compatible; MJ12bot/v1.4.4; http://www.majestic12.co.uk/bot.php?+)"
178.151.143.247 - - [03/Mar/2014:00:37:02 +0100] "GET /news.php?cs_go=archiv&cs_id=4811&cs_search= HTTP/1.0" 200 9006 "-" "Mozilla/5.0 (compatible; MJ12bot/v1.4.4; http://www.majestic12.co.uk/bot.php?+)"
178.151.143.247 - - [03/Mar/2014:00:37:05 +0100] "GET /news.php?cs_go=archiv&cs_id=4812&cs_search= HTTP/1.0" 200 11264 "-" "Mozilla/5.0 (compatible; MJ12bot/v1.4.4; http://www.majestic12.co.uk/bot.php?+)"
178.151.143.247 - - [03/Mar/2014:00:37:06 +0100] "GET /news.php?cs_go=archiv&cs_id=4813&cs_search= HTTP/1.0" 200 7551 "-" "Mozilla/5.0 (compatible; MJ12bot/v1.4.4; http://www.majestic12.co.uk/bot.php?+)"
178.151.143.247 - - [03/Mar/2014:00:37:11 +0100] "GET /news.php?cs_go=archiv&cs_id=4814&cs_search= HTTP/1.0" 200 8462 "-" "Mozilla/5.0 (compatible; MJ12bot/v1.4.4; http://www.majestic12.co.uk/bot.php?+)"
178.151.143.247 - - [03/Mar/2014:00:37:14 +0100] "GET /news.php?cs_go=archiv&cs_id=4815&cs_search= HTTP/1.0" 200 11472 "-" "Mozilla/5.0 (compatible; MJ12bot/v1.4.4; http://www.majestic12.co.uk/bot.php?+)"
178.151.143.247 - - [03/Mar/2014:00:37:17 +0100] "GET /news.php?cs_go=archiv&cs_id=4816&cs_search= HTTP/1.0" 200 7442 "-" "Mozilla/5.0 (compatible; MJ12bot/v1.4.4; http://www.majestic12.co.uk/bot.php?+)"
178.151.143.247 - - [03/Mar/2014:00:37:20 +0100] "GET /news.php?cs_go=archiv&cs_id=4817&cs_search= HTTP/1.0" 200 8042 "-" "Mozilla/5.0 (compatible; MJ12bot/v1.4.4; http://www.majestic12.co.uk/bot.php?+)"
178.151.143.247 - - [03/Mar/2014:00:37:23 +0100] "GET /news.php?cs_go=archiv&cs_id=4818&cs_search= HTTP/1.0" 200 11484 "-" "Mozilla/5.0 (compatible; MJ12bot/v1.4.4; http://www.majestic12.co.uk/bot.php?+)"
178.151.143.247 - - [03/Mar/2014:00:37:27 +0100] "GET /news.php?cs_go=archiv&cs_id=4821&cs_search= HTTP/1.0" 200 11559 "-" "Mozilla/5.0 (compatible; MJ12bot/v1.4.4; http://www.majestic12.co.uk/bot.php?+)"
157.55.33.100 - - [03/Mar/2014:00:37:32 +0100] "GET /style.css HTTP/1.1" 200 8402 "-" "Mozilla/5.0 (compatible; bingbot/2.0; +http://www.bing.com/bingbot.htm)"
178.151.143.247 - - [03/Mar/2014:00:37:32 +0100] "GET /news.php?cs_go=archiv&cs_id=4822&cs_search= HTTP/1.0" 200 7416 "-" "Mozilla/5.0 (compatible; MJ12bot/v1.4.4; http://www.majestic12.co.uk/bot.php?+)"
157.55.33.100 - - [03/Mar/2014:00:37:33 +0100] "GET /modul.css HTTP/1.1" 200 35038 "-" "Mozilla/5.0 (compatible; bingbot/2.0; +http://www.bing.com/bingbot.htm)"
178.151.143.247 - - [03/Mar/2014:00:37:35 +0100] "GET /news.php?cs_go=archiv&cs_id=4825&cs_search= HTTP/1.0" 200 11225 "-" "Mozilla/5.0 (compatible; MJ12bot/v1.4.4; http://www.majestic12.co.uk/bot.php?+)"
178.151.143.247 - - [03/Mar/2014:00:37:38 +0100] "GET /news.php?cs_go=archiv&cs_id=4826&cs_search= HTTP/1.0" 200 7824 "-" "Mozilla/5.0 (compatible; MJ12bot/v1.4.4; http://www.majestic12.co.uk/bot.php?+)"
178.151.143.247 - - [03/Mar/2014:00:37:40 +0100] "GET /news.php?cs_go=archiv&cs_id=4831&cs_search= HTTP/1.0" 200 11323 "-" "Mozilla/5.0 (compatible; MJ12bot/v1.4.4; http://www.majestic12.co.uk/bot.php?+)"
178.151.143.247 - - [03/Mar/2014:00:37:42 +0100] "GET /news.php?cs_go=archiv&cs_startpos=171 HTTP/1.0" 200 20053 "-" "Mozilla/5.0 (compatible; MJ12bot/v1.4.4; http://www.majestic12.co.uk/bot.php?+)"
5.10.83.8 - - [03/Mar/2014:01:13:43 +0100] "GET /news.php?cs_go=archiv&cs_id=4838&cs_search= HTTP/1.1" 200 7533 "-" "Mozilla/5.0 (compatible; AhrefsBot/5.0; +http://ahrefs.com/robot/)"
66.249.65.137 - - [03/Mar/2014:01:16:15 +0100] "GET /news.php?cs_go=archiv&cs_id=4816&cs_search= HTTP/1.1" 200 7442 "-" "Mozilla/5.0 (iPhone; CPU iPhone OS 6_0 like Mac OS X) AppleWebKit/536.26 (KHTML, like Gecko) Version/6.0 Mobile/10A5376e Safari/8536.25 (compatible; Googlebot/2.1; +http://www.google.com/bot.html)"
66.249.65.201 - - [03/Mar/2014:01:27:04 +0100] "GET /lexikon.php?cs_go=2&cs_char=o HTTP/1.1" 200 6825 "-" "Mozilla/5.0 (compatible; Googlebot/2.1; +http://www.google.com/bot.html)"
5.10.83.23 - - [03/Mar/2014:01:42:27 +0100] "GET /news.php?cs_go=archiv&cs_id=4767&cs_search= HTTP/1.1" 200 7638 "-" "Mozilla/5.0 (compatible; AhrefsBot/5.0; +http://ahrefs.com/robot/)"
141.8.147.12 - - [03/Mar/2014:02:23:06 +0100] "GET /news.php?cs_go=archiv&cs_id=4913&cs_search= HTTP/1.1" 200 7433 "-" "Mozilla/5.0 (compatible; YandexBot/3.0; +http://yandex.com/bots)"
157.55.33.179 - - [03/Mar/2014:02:27:21 +0100] "GET /robots.txt HTTP/1.1" 200 177 "-" "Mozilla/5.0 (compatible; bingbot/2.0; +http://www.bing.com/bingbot.htm)"
5.10.83.52 - - [03/Mar/2014:02:46:58 +0100] "GET /news.php?cs_go=archiv&cs_id=4733&cs_search= HTTP/1.1" 200 11351 "-" "Mozilla/5.0 (compatible; AhrefsBot/5.0; +http://ahrefs.com/robot/)"
208.115.111.75 - - [03/Mar/2014:02:49:23 +0100] "GET /robots.txt HTTP/1.1" 200 177 "-" "Mozilla/5.0 (compatible; Ezooms/1.0; help@moz.com)"
66.249.65.137 - - [03/Mar/2014:04:02:53 +0100] "GET /news.php?cs_go=archiv&cs_id=3415&cs_search= HTTP/1.1" 200 10976 "-" "Mozilla/5.0 (iPhone; CPU iPhone OS 6_0 like Mac OS X) AppleWebKit/536.26 (KHTML, like Gecko) Version/6.0 Mobile/10A5376e Safari/8536.25 (compatible; Googlebot/2.1; +http://www.google.com/bot.html)"
157.55.33.179 - - [03/Mar/2014:04:07:01 +0100] "GET /optiplus.php HTTP/1.1" 200 8639 "-" "Mozilla/5.0 (compatible; bingbot/2.0; +http://www.bing.com/bingbot.htm)"
66.249.65.169 - - [03/Mar/2014:04:09:13 +0100] "GET /news.php?cs_go=archiv&cs_id=3415&cs_search= HTTP/1.1" 200 10976 "-" "Mozilla/5.0 (iPhone; CPU iPhone OS 6_0 like Mac OS X) AppleWebKit/536.26 (KHTML, like Gecko) Version/6.0 Mobile/10A5376e Safari/8536.25 (compatible; Googlebot/2.1; +http://www.google.com/bot.html)"
208.115.111.75 - - [03/Mar/2014:04:38:48 +0100] "GET /lexikon.php HTTP/1.1" 200 8115 "-" "Mozilla/5.0 (compatible; Ezooms/1.0; help@moz.com)"
5.10.83.69 - - [03/Mar/2014:04:52:20 +0100] "GET /modernisierung.php HTTP/1.1" 200 9252 "-" "Mozilla/5.0 (compatible; AhrefsBot/5.0; +http://ahrefs.com/robot/)"
65.36.241.79 - - [03/Mar/2014:04:56:33 +0100] "HEAD / HTTP/1.1" 200 - "-" "InternetSeer.com"
157.55.32.114 - - [03/Mar/2014:04:57:36 +0100] "GET /robots.txt HTTP/1.1" 200 177 "-" "Mozilla/5.0 (compatible; bingbot/2.0; +http://www.bing.com/bingbot.htm)"
157.55.36.38 - - [03/Mar/2014:04:57:37 +0100] "GET /robots.txt HTTP/1.1" 200 177 "-" "Mozilla/5.0 (compatible; bingbot/2.0; +http://www.bing.com/bingbot.htm)"
208.115.113.91 - - [03/Mar/2014:05:06:42 +0100] "GET /robots.txt HTTP/1.1" 200 177 "-" "Mozilla/5.0 (compatible; Ezooms/1.0; help@moz.com)"
66.249.65.137 - - [03/Mar/2014:05:17:24 +0100] "GET /news.php?cs_go=archiv&cs_id=4016 HTTP/1.1" 200 7744 "-" "Mozilla/5.0 (compatible; Googlebot/2.1; +http://www.google.com/bot.html)"
157.55.36.38 - - [03/Mar/2014:05:19:47 +0100] "GET /diesel.php HTTP/1.1" 200 8192 "-" "Mozilla/5.0 (compatible; bingbot/2.0; +http://www.bing.com/bingbot.htm)"
157.55.36.38 - - [03/Mar/2014:05:19:48 +0100] "GET /news.php?cs_go=archiv&cs_id=4568&cs_search= HTTP/1.1" 200 9631 "-" "Mozilla/5.0 (compatible; bingbot/2.0; +http://www.bing.com/bingbot.htm)"
157.55.36.38 - - [03/Mar/2014:05:19:48 +0100] "GET /news.php?cs_go=archiv&cs_startpos=0 HTTP/1.1" 200 19838 "-" "Mozilla/5.0 (compatible; bingbot/2.0; +http://www.bing.com/bingbot.htm)"
157.55.36.38 - - [03/Mar/2014:05:19:49 +0100] "GET /news.php?cs_go=archiv&cs_startpos=40 HTTP/1.1" 200 20230 "-" "Mozilla/5.0 (compatible; bingbot/2.0; +http://www.bing.com/bingbot.htm)"
157.55.36.38 - - [03/Mar/2014:05:19:49 +0100] "GET /news.php?cs_go=archiv&cs_startpos=50 HTTP/1.1" 200 20458 "-" "Mozilla/5.0 (compatible; bingbot/2.0; +http://www.bing.com/bingbot.htm)"
157.55.36.38 - - [03/Mar/2014:05:19:50 +0100] "GET /newsletter.php HTTP/1.1" 200 6492 "-" "Mozilla/5.0 (compatible; bingbot/2.0; +http://www.bing.com/bingbot.htm)"
157.55.36.38 - - [03/Mar/2014:05:19:50 +0100] "GET /schwefelarmstandard.php HTTP/1.1" 200 10730 "-" "Mozilla/5.0 (compatible; bingbot/2.0; +http://www.bing.com/bingbot.htm)"
66.249.65.201 - - [03/Mar/2014:05:28:35 +0100] "GET /news.php?cs_go=archiv&cs_id=4623&cs_search= HTTP/1.1" 200 12756 "-" "Mozilla/5.0 (compatible; Googlebot/2.1; +http://www.google.com/bot.html)"
5.10.83.52 - - [03/Mar/2014:05:32:23 +0100] "GET /news.php?cs_go=archiv&cs_id=4864&cs_search= HTTP/1.1" 200 7471 "-" "Mozilla/5.0 (compatible; AhrefsBot/5.0; +http://ahrefs.com/robot/)"
157.55.32.145 - - [03/Mar/2014:05:35:22 +0100] "GET /energiesparcheck.php HTTP/1.1" 200 11144 "-" "Mozilla/5.0 (compatible; bingbot/2.0; +http://www.bing.com/bingbot.htm)"
157.55.32.145 - - [03/Mar/2014:05:35:23 +0100] "GET /news.php?cs_go=archiv&cs_startpos=10 HTTP/1.1" 200 20053 "-" "Mozilla/5.0 (compatible; bingbot/2.0; +http://www.bing.com/bingbot.htm)"
66.249.65.201 - - [03/Mar/2014:05:36:46 +0100] "GET /news.php HTTP/1.1" 200 19838 "-" "Mozilla/5.0 (compatible; Googlebot/2.1; +http://www.google.com/bot.html)"
157.55.32.114 - - [03/Mar/2014:05:38:36 +0100] "GET /additive.php HTTP/1.1" 200 5937 "-" "Mozilla/5.0 (compatible; bingbot/2.0; +http://www.bing.com/bingbot.htm)"
157.55.32.114 - - [03/Mar/2014:05:38:37 +0100] "GET /agb.php HTTP/1.1" 200 17543 "-" "Mozilla/5.0 (compatible; bingbot/2.0; +http://www.bing.com/bingbot.htm)"
157.55.32.114 - - [03/Mar/2014:05:38:37 +0100] "GET /edl.php HTTP/1.1" 200 8596 "-" "Mozilla/5.0 (compatible; bingbot/2.0; +http://www.bing.com/bingbot.htm)"
157.55.32.114 - - [03/Mar/2014:05:38:38 +0100] "GET /index.php HTTP/1.1" 200 14089 "-" "Mozilla/5.0 (compatible; bingbot/2.0; +http://www.bing.com/bingbot.htm)"
157.55.32.114 - - [03/Mar/2014:05:38:38 +0100] "GET /kwk.php HTTP/1.1" 200 8447 "-" "Mozilla/5.0 (compatible; bingbot/2.0; +http://www.bing.com/bingbot.htm)"
157.55.32.114 - - [03/Mar/2014:05:38:39 +0100] "GET /modernisierung.php HTTP/1.1" 200 9252 "-" "Mozilla/5.0 (compatible; bingbot/2.0; +http://www.bing.com/bingbot.htm)"
157.55.32.114 - - [03/Mar/2014:05:38:39 +0100] "GET /Heizoel-Berlin.htm HTTP/1.1" 404 - "-" "Mozilla/5.0 (compatible; bingbot/2.0; +http://www.bing.com/bingbot.htm)"
5.10.83.23 - - [03/Mar/2014:05:46:29 +0100] "GET /lexikon.php?cs_go=3&cs_id=178 HTTP/1.1" 200 6037 "-" "Mozilla/5.0 (compatible; AhrefsBot/5.0; +http://ahrefs.com/robot/)"
66.249.65.201 - - [03/Mar/2014:06:01:19 +0100] "GET /optiplus.php HTTP/1.1" 200 8639 "-" "Mozilla/5.0 (compatible; Googlebot/2.1; +http://www.google.com/bot.html)"
66.249.65.201 - - [03/Mar/2014:06:06:02 +0100] "GET /style.css HTTP/1.1" 200 8402 "-" "Mozilla/5.0 (compatible; Googlebot/2.1; +http://www.google.com/bot.html)"
66.249.65.201 - - [03/Mar/2014:06:11:33 +0100] "GET /lexikon.php?cs_go=2&cs_char=s HTTP/1.1" 200 7632 "-" "Mozilla/5.0 (compatible; Googlebot/2.1; +http://www.google.com/bot.html)"
157.55.35.52 - - [03/Mar/2014:06:39:29 +0100] "GET /robots.txt HTTP/1.1" 200 177 "-" "Mozilla/5.0 (compatible; bingbot/2.0; +http://www.bing.com/bingbot.htm)"
157.55.35.52 - - [03/Mar/2014:06:40:41 +0100] "GET /images/RAL_Guetezeichen_Energiehandel.pdf HTTP/1.1" 200 288367 "-" "Mozilla/5.0 (compatible; bingbot/2.0; +http://www.bing.com/bingbot.htm)"
157.55.35.52 - - [03/Mar/2014:06:40:41 +0100] "GET /news.php?cs_go=archiv&cs_id=4671&cs_search= HTTP/1.1" 200 12539 "-" "Mozilla/5.0 (compatible; bingbot/2.0; +http://www.bing.com/bingbot.htm)"
157.55.35.52 - - [03/Mar/2014:06:40:42 +0100] "GET /news.php?cs_go=archiv&cs_startpos=20 HTTP/1.1" 200 20314 "-" "Mozilla/5.0 (compatible; bingbot/2.0; +http://www.bing.com/bingbot.htm)"
157.55.35.52 - - [03/Mar/2014:06:40:43 +0100] "GET /news.php?cs_go=archiv&cs_startpos=30 HTTP/1.1" 200 20152 "-" "Mozilla/5.0 (compatible; bingbot/2.0; +http://www.bing.com/bingbot.htm)"
157.55.35.52 - - [03/Mar/2014:06:40:43 +0100] "GET /rueckrufservice.php HTTP/1.1" 200 8300 "-" "Mozilla/5.0 (compatible; bingbot/2.0; +http://www.bing.com/bingbot.htm)"
157.55.35.52 - - [03/Mar/2014:06:40:43 +0100] "GET /Heizoel.htm HTTP/1.1" 404 - "-" "Mozilla/5.0 (compatible; bingbot/2.0; +http://www.bing.com/bingbot.htm)"
208.115.113.91 - - [03/Mar/2014:06:42:25 +0100] "GET /rueckrufservice.php HTTP/1.1" 200 8300 "-" "Mozilla/5.0 (compatible; Ezooms/1.0; help@moz.com)"
5.10.83.44 - - [03/Mar/2014:06:47:31 +0100] "GET /lexikon.php?cs_go=2&cs_char=o HTTP/1.1" 200 6825 "-" "Mozilla/5.0 (compatible; AhrefsBot/5.0; +http://ahrefs.com/robot/)"
66.249.65.169 - - [03/Mar/2014:06:50:25 +0100] "GET /kwk.php HTTP/1.1" 200 8447 "-" "Mozilla/5.0 (compatible; Googlebot/2.1; +http://www.google.com/bot.html)"
66.249.65.201 - - [03/Mar/2014:06:56:13 +0100] "GET /modul.css HTTP/1.1" 200 35038 "-" "Mozilla/5.0 (compatible; Googlebot/2.1; +http://www.google.com/bot.html)"
66.249.65.201 - - [03/Mar/2014:07:04:06 +0100] "GET /lexikon.php?cs_go=2&cs_char=c HTTP/1.1" 200 6400 "-" "Mozilla/5.0 (compatible; Googlebot/2.1; +http://www.google.com/bot.html)"
5.10.83.44 - - [03/Mar/2014:07:23:06 +0100] "GET /news.php?cs_go=archiv&cs_id=4736&cs_search= HTTP/1.1" 200 11535 "-" "Mozilla/5.0 (compatible; AhrefsBot/5.0; +http://ahrefs.com/robot/)"
66.249.65.137 - - [03/Mar/2014:07:27:37 +0100] "GET /lexikon.php?cs_go=2&cs_char=g HTTP/1.1" 200 6690 "-" "Mozilla/5.0 (compatible; Googlebot/2.1; +http://www.google.com/bot.html)"
5.10.83.66 - - [03/Mar/2014:07:33:19 +0100] "GET /news.php?cs_go=archiv&cs_id=4791&cs_search= HTTP/1.1" 200 10140 "-" "Mozilla/5.0 (compatible; AhrefsBot/5.0; +http://ahrefs.com/robot/)"
144.76.182.139 - - [03/Mar/2014:07:34:34 +0100] "GET /robots.txt HTTP/1.0" 200 177 "-" "Mozilla/5.0 (compatible; SEOkicks-Robot; +http://www.seokicks.de/robot.html)"
144.76.182.139 - - [03/Mar/2014:07:34:37 +0100] "GET / HTTP/1.0" 200 14089 "-" "Mozilla/5.0 (compatible; SEOkicks-Robot; +http://www.seokicks.de/robot.html)"
144.76.182.139 - - [03/Mar/2014:07:34:44 +0100] "GET /favicon.ico HTTP/1.0" 200 3638 "http://www.mink-gmbh.de/" "Mozilla/5.0 (compatible; SEOkicks-Robot; +http://www.seokicks.de/robot.html)"
144.76.182.139 - - [03/Mar/2014:07:34:47 +0100] "GET /style.css HTTP/1.0" 200 8402 "http://www.mink-gmbh.de/" "Mozilla/5.0 (compatible; SEOkicks-Robot; +http://www.seokicks.de/robot.html)"
144.76.182.139 - - [03/Mar/2014:07:34:50 +0100] "GET /modul.css HTTP/1.0" 200 35038 "http://www.mink-gmbh.de/" "Mozilla/5.0 (compatible; SEOkicks-Robot; +http://www.seokicks.de/robot.html)"
144.76.182.139 - - [03/Mar/2014:07:34:53 +0100] "GET /js_contentserver24_greybox/gb_styles.css HTTP/1.0" 200 2302 "http://www.mink-gmbh.de/" "Mozilla/5.0 (compatible; SEOkicks-Robot; +http://www.seokicks.de/robot.html)"
144.76.182.139 - - [03/Mar/2014:07:34:56 +0100] "GET /js_contentserver24_greybox/AJS.js HTTP/1.0" 200 10396 "http://www.mink-gmbh.de/" "Mozilla/5.0 (compatible; SEOkicks-Robot; +http://www.seokicks.de/robot.html)"
144.76.182.139 - - [03/Mar/2014:07:34:58 +0100] "GET /js_contentserver24_greybox/AJS_fx.js HTTP/1.0" 200 3192 "http://www.mink-gmbh.de/" "Mozilla/5.0 (compatible; SEOkicks-Robot; +http://www.seokicks.de/robot.html)"
144.76.182.139 - - [03/Mar/2014:07:35:01 +0100] "GET /js_contentserver24_greybox/gb_scripts.js HTTP/1.0" 200 11913 "http://www.mink-gmbh.de/" "Mozilla/5.0 (compatible; SEOkicks-Robot; +http://www.seokicks.de/robot.html)"
144.76.182.139 - - [03/Mar/2014:07:35:04 +0100] "GET /images/logos.jpg?cache3425 HTTP/1.0" 200 35043 "http://www.mink-gmbh.de/" "Mozilla/5.0 (compatible; SEOkicks-Robot; +http://www.seokicks.de/robot.html)"
144.76.182.139 - - [03/Mar/2014:07:35:06 +0100] "GET /newsletter.php HTTP/1.0" 200 6492 "http://www.mink-gmbh.de/" "Mozilla/5.0 (compatible; SEOkicks-Robot; +http://www.seokicks.de/robot.html)"
144.76.182.139 - - [03/Mar/2014:07:35:11 +0100] "GET /index.php HTTP/1.0" 200 13349 "http://www.mink-gmbh.de/" "Mozilla/5.0 (compatible; SEOkicks-Robot; +http://www.seokicks.de/robot.html)"
144.76.182.139 - - [03/Mar/2014:07:35:17 +0100] "GET /images/logos.jpg?cache9594 HTTP/1.0" 200 35043 "http://www.mink-gmbh.de/index.php" "Mozilla/5.0 (compatible; SEOkicks-Robot; +http://www.seokicks.de/robot.html)"
144.76.182.139 - - [03/Mar/2014:07:35:20 +0100] "GET /standard.php HTTP/1.0" 200 6770 "http://www.mink-gmbh.de/" "Mozilla/5.0 (compatible; SEOkicks-Robot; +http://www.seokicks.de/robot.html)"
144.76.182.139 - - [03/Mar/2014:07:35:27 +0100] "GET /wunschpreis.php HTTP/1.0" 200 10237 "http://www.mink-gmbh.de/" "Mozilla/5.0 (compatible; SEOkicks-Robot; +http://www.seokicks.de/robot.html)"
144.76.182.139 - - [03/Mar/2014:07:35:33 +0100] "GET /preisanfrage.php HTTP/1.0" 200 8502 "http://www.mink-gmbh.de/" "Mozilla/5.0 (compatible; SEOkicks-Robot; +http://www.seokicks.de/robot.html)"
144.76.182.139 - - [03/Mar/2014:07:35:38 +0100] "GET /news.php HTTP/1.0" 200 19838 "http://www.mink-gmbh.de/" "Mozilla/5.0 (compatible; SEOkicks-Robot; +http://www.seokicks.de/robot.html)"
66.249.65.169 - - [03/Mar/2014:07:35:38 +0100] "GET /news.php?cs_go=archiv&cs_id=3457 HTTP/1.1" 200 11151 "-" "Mozilla/5.0 (compatible; Googlebot/2.1; +http://www.google.com/bot.html)"
144.76.182.139 - - [03/Mar/2014:07:35:44 +0100] "GET /kontakt.php HTTP/1.0" 200 6966 "http://www.mink-gmbh.de/" "Mozilla/5.0 (compatible; SEOkicks-Robot; +http://www.seokicks.de/robot.html)"
144.76.182.139 - - [03/Mar/2014:07:35:49 +0100] "GET /jobs.php HTTP/1.0" 200 4965 "http://www.mink-gmbh.de/" "Mozilla/5.0 (compatible; SEOkicks-Robot; +http://www.seokicks.de/robot.html)"
144.76.182.139 - - [03/Mar/2014:07:35:54 +0100] "GET /impressum.php HTTP/1.0" 200 6306 "http://www.mink-gmbh.de/" "Mozilla/5.0 (compatible; SEOkicks-Robot; +http://www.seokicks.de/robot.html)"
144.76.182.139 - - [03/Mar/2014:07:35:59 +0100] "GET /news.php?cs_go=archiv&cs_id=4929 HTTP/1.0" 200 11139 "http://www.mink-gmbh.de/" "Mozilla/5.0 (compatible; SEOkicks-Robot; +http://www.seokicks.de/robot.html)"
144.76.182.139 - - [03/Mar/2014:07:36:03 +0100] "GET /news.php?cs_go=archiv&cs_id=4928 HTTP/1.0" 200 8042 "http://www.mink-gmbh.de/" "Mozilla/5.0 (compatible; SEOkicks-Robot; +http://www.seokicks.de/robot.html)"
144.76.182.139 - - [03/Mar/2014:07:36:10 +0100] "GET /news.php?cs_go=archiv&cs_id=4927 HTTP/1.0" 200 7462 "http://www.mink-gmbh.de/" "Mozilla/5.0 (compatible; SEOkicks-Robot; +http://www.seokicks.de/robot.html)"
144.76.182.139 - - [03/Mar/2014:07:36:15 +0100] "GET /news.php?cs_go=archiv&cs_id=4924 HTTP/1.0" 200 11190 "http://www.mink-gmbh.de/" "Mozilla/5.0 (compatible; SEOkicks-Robot; +http://www.seokicks.de/robot.html)"
144.76.182.139 - - [03/Mar/2014:07:36:22 +0100] "GET /news.php?cs_go=archiv HTTP/1.0" 200 19838 "http://www.mink-gmbh.de/" "Mozilla/5.0 (compatible; SEOkicks-Robot; +http://www.seokicks.de/robot.html)"
144.76.182.139 - - [03/Mar/2014:07:36:27 +0100] "GET /rueckrufservice.php HTTP/1.0" 200 8300 "http://www.mink-gmbh.de/" "Mozilla/5.0 (compatible; SEOkicks-Robot; +http://www.seokicks.de/robot.html)"
144.76.182.139 - - [03/Mar/2014:07:36:31 +0100] "GET /kwk.php HTTP/1.0" 200 8447 "http://www.mink-gmbh.de/" "Mozilla/5.0 (compatible; SEOkicks-Robot; +http://www.seokicks.de/robot.html)"
144.76.182.139 - - [03/Mar/2014:07:36:36 +0100] "GET /schwefelarmstandard.php HTTP/1.0" 200 10730 "http://www.mink-gmbh.de/" "Mozilla/5.0 (compatible; SEOkicks-Robot; +http://www.seokicks.de/robot.html)"
144.76.182.139 - - [03/Mar/2014:07:36:40 +0100] "GET /agb.php HTTP/1.0" 200 17543 "http://www.mink-gmbh.de/" "Mozilla/5.0 (compatible; SEOkicks-Robot; +http://www.seokicks.de/robot.html)"
144.76.182.139 - - [03/Mar/2014:07:36:45 +0100] "GET /faq.php HTTP/1.0" 200 216832 "http://www.mink-gmbh.de/newsletter.php" "Mozilla/5.0 (compatible; SEOkicks-Robot; +http://www.seokicks.de/robot.html)"
144.76.182.139 - - [03/Mar/2014:07:36:50 +0100] "GET /lexikon.php HTTP/1.0" 200 8115 "http://www.mink-gmbh.de/newsletter.php" "Mozilla/5.0 (compatible; SEOkicks-Robot; +http://www.seokicks.de/robot.html)"
144.76.182.139 - - [03/Mar/2014:07:36:56 +0100] "GET /foerdermittel.php HTTP/1.0" 200 10473 "http://www.mink-gmbh.de/newsletter.php" "Mozilla/5.0 (compatible; SEOkicks-Robot; +http://www.seokicks.de/robot.html)"
144.76.182.139 - - [03/Mar/2014:07:37:02 +0100] "GET /modernisierung.php HTTP/1.0" 200 9252 "http://www.mink-gmbh.de/newsletter.php" "Mozilla/5.0 (compatible; SEOkicks-Robot; +http://www.seokicks.de/robot.html)"
144.76.182.139 - - [03/Mar/2014:07:37:07 +0100] "GET /edl.php HTTP/1.0" 200 8596 "http://www.mink-gmbh.de/newsletter.php" "Mozilla/5.0 (compatible; SEOkicks-Robot; +http://www.seokicks.de/robot.html)"
144.76.182.139 - - [03/Mar/2014:07:37:11 +0100] "GET /optiplus.php HTTP/1.0" 200 8639 "http://www.mink-gmbh.de/newsletter.php" "Mozilla/5.0 (compatible; SEOkicks-Robot; +http://www.seokicks.de/robot.html)"
144.76.182.139 - - [03/Mar/2014:07:37:16 +0100] "GET /diesel.php HTTP/1.0" 200 8192 "http://www.mink-gmbh.de/standard.php" "Mozilla/5.0 (compatible; SEOkicks-Robot; +http://www.seokicks.de/robot.html)"
144.76.182.139 - - [03/Mar/2014:07:37:21 +0100] "GET /additive.php HTTP/1.0" 200 5937 "http://www.mink-gmbh.de/standard.php" "Mozilla/5.0 (compatible; SEOkicks-Robot; +http://www.seokicks.de/robot.html)"
144.76.182.139 - - [03/Mar/2014:07:37:25 +0100] "GET /news.php?cs_go=archiv&cs_id=4929&cs_search= HTTP/1.0" 200 11139 "http://www.mink-gmbh.de/news.php" "Mozilla/5.0 (compatible; SEOkicks-Robot; +http://www.seokicks.de/robot.html)"
144.76.182.139 - - [03/Mar/2014:07:37:29 +0100] "GET /news.php?cs_go=archiv&cs_id=4928&cs_search= HTTP/1.0" 200 8042 "http://www.mink-gmbh.de/news.php" "Mozilla/5.0 (compatible; SEOkicks-Robot; +http://www.seokicks.de/robot.html)"
144.76.182.139 - - [03/Mar/2014:07:37:33 +0100] "GET /news.php?cs_go=archiv&cs_id=4927&cs_search= HTTP/1.0" 200 7462 "http://www.mink-gmbh.de/news.php" "Mozilla/5.0 (compatible; SEOkicks-Robot; +http://www.seokicks.de/robot.html)"
144.76.182.139 - - [03/Mar/2014:07:37:38 +0100] "GET /news.php?cs_go=archiv&cs_id=4924&cs_search= HTTP/1.0" 200 11190 "http://www.mink-gmbh.de/news.php" "Mozilla/5.0 (compatible; SEOkicks-Robot; +http://www.seokicks.de/robot.html)"
144.76.182.139 - - [03/Mar/2014:07:37:42 +0100] "GET /news.php?cs_go=archiv&cs_id=4923&cs_search= HTTP/1.0" 200 7545 "http://www.mink-gmbh.de/news.php" "Mozilla/5.0 (compatible; SEOkicks-Robot; +http://www.seokicks.de/robot.html)"
144.76.182.139 - - [03/Mar/2014:07:37:47 +0100] "GET /news.php?cs_go=archiv&cs_id=4922&cs_search= HTTP/1.0" 200 7391 "http://www.mink-gmbh.de/news.php" "Mozilla/5.0 (compatible; SEOkicks-Robot; +http://www.seokicks.de/robot.html)"
144.76.182.139 - - [03/Mar/2014:07:37:51 +0100] "GET /news.php?cs_go=archiv&cs_id=4921&cs_search= HTTP/1.0" 200 11180 "http://www.mink-gmbh.de/news.php" "Mozilla/5.0 (compatible; SEOkicks-Robot; +http://www.seokicks.de/robot.html)"
144.76.182.139 - - [03/Mar/2014:07:37:56 +0100] "GET /news.php?cs_go=archiv&cs_id=4920&cs_search= HTTP/1.0" 200 8726 "http://www.mink-gmbh.de/news.php" "Mozilla/5.0 (compatible; SEOkicks-Robot; +http://www.seokicks.de/robot.html)"
144.76.182.139 - - [03/Mar/2014:07:38:00 +0100] "GET /news.php?cs_go=archiv&cs_id=4919&cs_search= HTTP/1.0" 200 7528 "http://www.mink-gmbh.de/news.php" "Mozilla/5.0 (compatible; SEOkicks-Robot; +http://www.seokicks.de/robot.html)"
144.76.182.139 - - [03/Mar/2014:07:38:05 +0100] "GET /news.php?cs_go=archiv&cs_id=4918&cs_search= HTTP/1.0" 200 11278 "http://www.mink-gmbh.de/news.php" "Mozilla/5.0 (compatible; SEOkicks-Robot; +http://www.seokicks.de/robot.html)"
144.76.182.139 - - [03/Mar/2014:07:38:09 +0100] "GET /news.php?cs_go=archiv&cs_startpos=0 HTTP/1.0" 200 19873 "http://www.mink-gmbh.de/news.php" "Mozilla/5.0 (compatible; SEOkicks-Robot; +http://www.seokicks.de/robot.html)"
144.76.182.139 - - [03/Mar/2014:07:38:14 +0100] "GET /news.php?cs_go=archiv&cs_startpos=10 HTTP/1.0" 200 20100 "http://www.mink-gmbh.de/news.php" "Mozilla/5.0 (compatible; SEOkicks-Robot; +http://www.seokicks.de/robot.html)"
144.76.182.139 - - [03/Mar/2014:07:38:18 +0100] "GET /news.php?cs_go=archiv&cs_startpos=20 HTTP/1.0" 200 20295 "http://www.mink-gmbh.de/news.php" "Mozilla/5.0 (compatible; SEOkicks-Robot; +http://www.seokicks.de/robot.html)"
144.76.182.139 - - [03/Mar/2014:07:38:23 +0100] "GET /news.php?cs_go=archiv&cs_startpos=30 HTTP/1.0" 200 20084 "http://www.mink-gmbh.de/news.php" "Mozilla/5.0 (compatible; SEOkicks-Robot; +http://www.seokicks.de/robot.html)"
144.76.182.139 - - [03/Mar/2014:07:38:28 +0100] "GET /news.php?cs_go=archiv&cs_startpos=40 HTTP/1.0" 200 20236 "http://www.mink-gmbh.de/news.php" "Mozilla/5.0 (compatible; SEOkicks-Robot; +http://www.seokicks.de/robot.html)"
144.76.182.139 - - [03/Mar/2014:07:38:32 +0100] "GET /news.php?cs_go=archiv&cs_startpos=50 HTTP/1.0" 200 20440 "http://www.mink-gmbh.de/news.php" "Mozilla/5.0 (compatible; SEOkicks-Robot; +http://www.seokicks.de/robot.html)"
144.76.182.139 - - [03/Mar/2014:07:38:37 +0100] "GET /news.php?cs_go=archiv&cs_startpos=180 HTTP/1.0" 200 17120 "http://www.mink-gmbh.de/news.php" "Mozilla/5.0 (compatible; SEOkicks-Robot; +http://www.seokicks.de/robot.html)"
144.76.182.139 - - [03/Mar/2014:07:38:41 +0100] "GET /kwk.php?cs_go=1 HTTP/1.0" 200 8447 "http://www.mink-gmbh.de/kwk.php" "Mozilla/5.0 (compatible; SEOkicks-Robot; +http://www.seokicks.de/robot.html)"
144.76.182.139 - - [03/Mar/2014:07:38:46 +0100] "GET /kwk.php?cs_go=2 HTTP/1.0" 200 9418 "http://www.mink-gmbh.de/kwk.php" "Mozilla/5.0 (compatible; SEOkicks-Robot; +http://www.seokicks.de/robot.html)"
144.76.182.139 - - [03/Mar/2014:07:38:50 +0100] "GET /kwk.php?cs_go=3 HTTP/1.0" 200 7848 "http://www.mink-gmbh.de/kwk.php" "Mozilla/5.0 (compatible; SEOkicks-Robot; +http://www.seokicks.de/robot.html)"
144.76.182.139 - - [03/Mar/2014:07:38:55 +0100] "GET /kwk.php?cs_go=4 HTTP/1.0" 200 7818 "http://www.mink-gmbh.de/kwk.php" "Mozilla/5.0 (compatible; SEOkicks-Robot; +http://www.seokicks.de/robot.html)"
144.76.182.139 - - [03/Mar/2014:07:38:59 +0100] "GET /%22http://www.brennstoffboerse.de/index.php?go=fluessiggas_tank%22 HTTP/1.0" 404 - "http://www.mink-gmbh.de/faq.php" "Mozilla/5.0 (compatible; SEOkicks-Robot; +http://www.seokicks.de/robot.html)"
144.76.182.139 - - [03/Mar/2014:07:39:02 +0100] "GET /%22http://www.brennstoffboerse.de/index.php?go=fluessiggas_pruefung%22 HTTP/1.0" 404 - "http://www.mink-gmbh.de/faq.php" "Mozilla/5.0 (compatible; SEOkicks-Robot; +http://www.seokicks.de/robot.html)"
144.76.182.139 - - [03/Mar/2014:07:39:04 +0100] "GET /lexikon.php?cs_go=2&cs_char=a HTTP/1.0" 200 7367 "http://www.mink-gmbh.de/lexikon.php" "Mozilla/5.0 (compatible; SEOkicks-Robot; +http://www.seokicks.de/robot.html)"
144.76.182.139 - - [03/Mar/2014:07:39:09 +0100] "GET /lexikon.php?cs_go=2&cs_char=b HTTP/1.0" 200 7294 "http://www.mink-gmbh.de/lexikon.php" "Mozilla/5.0 (compatible; SEOkicks-Robot; +http://www.seokicks.de/robot.html)"
144.76.182.139 - - [03/Mar/2014:07:39:13 +0100] "GET /lexikon.php?cs_go=2&cs_char=c HTTP/1.0" 200 6400 "http://www.mink-gmbh.de/lexikon.php" "Mozilla/5.0 (compatible; SEOkicks-Robot; +http://www.seokicks.de/robot.html)"
