220.181.108.110 - - [14/Mar/2014:15:53:22 +0100] "GET / HTTP/1.1" 200 13928 "-" "Mozilla/5.0 (compatible; Baiduspider/2.0; +http://www.baidu.com/search/spider.html)"
123.125.71.28 - - [14/Mar/2014:15:57:47 +0100] "GET / HTTP/1.1" 200 9430 "-" "Mozilla/5.0 (compatible; Baiduspider/2.0; +http://www.baidu.com/search/spider.html)"
84.190.141.38 - - [14/Mar/2014:15:59:09 +0100] "GET / HTTP/1.1" 200 13928 "http://avira.search.ask.com/web?apn_dtid=%5EYYYYYY%5EYY%5EDE&apn_dbr=ff_27.0&psv=&itbv=12.10.3.4691&p2=%5EBAZ%5EYYYYYY%5EYY%5EDE&apn_ptnrs=%5EBAZ&o=APN11392&gct=hp&tpid=AVIRA-V7C&pf=V7&trgb=ALL&apn_uid=9F5083B7-C2EB-49C4-A83B-AC1F24A5DDD8&tpr=1&doi=2014-03-05&q=heiz%C3%B6l+mink&ts=1394774927462" "Mozilla/5.0 (Windows NT 6.1; WOW64; rv:27.0) Gecko/20100101 Firefox/27.0"
84.190.141.38 - - [14/Mar/2014:15:59:10 +0100] "GET /style.css HTTP/1.1" 200 8402 "http://www.mink-gmbh.de/" "Mozilla/5.0 (Windows NT 6.1; WOW64; rv:27.0) Gecko/20100101 Firefox/27.0"
84.190.141.38 - - [14/Mar/2014:15:59:10 +0100] "GET /js_contentserver24_greybox/gb_styles.css HTTP/1.1" 200 2302 "http://www.mink-gmbh.de/" "Mozilla/5.0 (Windows NT 6.1; WOW64; rv:27.0) Gecko/20100101 Firefox/27.0"
84.190.141.38 - - [14/Mar/2014:15:59:10 +0100] "GET /favicon.ico HTTP/1.1" 200 3638 "-" "Mozilla/5.0 (Windows NT 6.1; WOW64; rv:27.0) Gecko/20100101 Firefox/27.0"
84.190.141.38 - - [14/Mar/2014:15:59:10 +0100] "GET /modul.css HTTP/1.1" 200 35038 "http://www.mink-gmbh.de/" "Mozilla/5.0 (Windows NT 6.1; WOW64; rv:27.0) Gecko/20100101 Firefox/27.0"
84.190.141.38 - - [14/Mar/2014:15:59:10 +0100] "GET /js_contentserver24_greybox/AJS.js HTTP/1.1" 200 10396 "http://www.mink-gmbh.de/" "Mozilla/5.0 (Windows NT 6.1; WOW64; rv:27.0) Gecko/20100101 Firefox/27.0"
84.190.141.38 - - [14/Mar/2014:15:59:10 +0100] "GET /js_contentserver24_greybox/AJS_fx.js HTTP/1.1" 200 3192 "http://www.mink-gmbh.de/" "Mozilla/5.0 (Windows NT 6.1; WOW64; rv:27.0) Gecko/20100101 Firefox/27.0"
84.190.141.38 - - [14/Mar/2014:15:59:10 +0100] "GET /js_contentserver24_greybox/gb_scripts.js HTTP/1.1" 200 11913 "http://www.mink-gmbh.de/" "Mozilla/5.0 (Windows NT 6.1; WOW64; rv:27.0) Gecko/20100101 Firefox/27.0"
84.190.141.38 - - [14/Mar/2014:15:59:10 +0100] "GET /images/team-energie.png HTTP/1.1" 200 17383 "http://www.mink-gmbh.de/" "Mozilla/5.0 (Windows NT 6.1; WOW64; rv:27.0) Gecko/20100101 Firefox/27.0"
84.190.141.38 - - [14/Mar/2014:15:59:10 +0100] "GET /images/mail.jpg HTTP/1.1" 200 12099 "http://www.mink-gmbh.de/" "Mozilla/5.0 (Windows NT 6.1; WOW64; rv:27.0) Gecko/20100101 Firefox/27.0"
84.190.141.38 - - [14/Mar/2014:15:59:10 +0100] "GET /images/kwk.gif HTTP/1.1" 200 6403 "http://www.mink-gmbh.de/" "Mozilla/5.0 (Windows NT 6.1; WOW64; rv:27.0) Gecko/20100101 Firefox/27.0"
84.190.141.38 - - [14/Mar/2014:15:59:10 +0100] "GET /images/wunschpreis.jpg HTTP/1.1" 200 16767 "http://www.mink-gmbh.de/" "Mozilla/5.0 (Windows NT 6.1; WOW64; rv:27.0) Gecko/20100101 Firefox/27.0"
84.190.141.38 - - [14/Mar/2014:15:59:10 +0100] "GET /images/logos.jpg?cache9944 HTTP/1.1" 200 35043 "http://www.mink-gmbh.de/" "Mozilla/5.0 (Windows NT 6.1; WOW64; rv:27.0) Gecko/20100101 Firefox/27.0"
84.190.141.38 - - [14/Mar/2014:15:59:10 +0100] "GET /images/tkw.jpg HTTP/1.1" 200 64031 "http://www.mink-gmbh.de/" "Mozilla/5.0 (Windows NT 6.1; WOW64; rv:27.0) Gecko/20100101 Firefox/27.0"
84.190.141.38 - - [14/Mar/2014:15:59:10 +0100] "GET /images/bg.png HTTP/1.1" 200 922 "http://www.mink-gmbh.de/style.css" "Mozilla/5.0 (Windows NT 6.1; WOW64; rv:27.0) Gecko/20100101 Firefox/27.0"
84.190.141.38 - - [14/Mar/2014:15:59:10 +0100] "GET /images/freecall.jpg HTTP/1.1" 200 39195 "http://www.mink-gmbh.de/" "Mozilla/5.0 (Windows NT 6.1; WOW64; rv:27.0) Gecko/20100101 Firefox/27.0"
84.190.141.38 - - [14/Mar/2014:15:59:10 +0100] "GET /images/newsletter_bg.jpg HTTP/1.1" 200 33610 "http://www.mink-gmbh.de/" "Mozilla/5.0 (Windows NT 6.1; WOW64; rv:27.0) Gecko/20100101 Firefox/27.0"
84.190.141.38 - - [14/Mar/2014:15:59:10 +0100] "GET /js_contentserver24_greybox/w_close.gif HTTP/1.1" 200 74 "http://www.mink-gmbh.de/" "Mozilla/5.0 (Windows NT 6.1; WOW64; rv:27.0) Gecko/20100101 Firefox/27.0"
84.190.141.38 - - [14/Mar/2014:15:59:10 +0100] "GET /images/close.png HTTP/1.1" 200 703 "http://www.mink-gmbh.de/" "Mozilla/5.0 (Windows NT 6.1; WOW64; rv:27.0) Gecko/20100101 Firefox/27.0"
84.190.141.38 - - [14/Mar/2014:15:59:10 +0100] "GET /images/wrapperbg.jpg HTTP/1.1" 200 27465 "http://www.mink-gmbh.de/style.css" "Mozilla/5.0 (Windows NT 6.1; WOW64; rv:27.0) Gecko/20100101 Firefox/27.0"
84.190.141.38 - - [14/Mar/2014:15:59:10 +0100] "GET /images/newsletter.png HTTP/1.1" 200 14619 "http://www.mink-gmbh.de/style.css" "Mozilla/5.0 (Windows NT 6.1; WOW64; rv:27.0) Gecko/20100101 Firefox/27.0"
84.190.141.38 - - [14/Mar/2014:15:59:10 +0100] "GET /images/header.jpg HTTP/1.1" 200 25189 "http://www.mink-gmbh.de/style.css" "Mozilla/5.0 (Windows NT 6.1; WOW64; rv:27.0) Gecko/20100101 Firefox/27.0"
84.190.141.38 - - [14/Mar/2014:15:59:10 +0100] "GET /images/navibg.png HTTP/1.1" 200 2803 "http://www.mink-gmbh.de/style.css" "Mozilla/5.0 (Windows NT 6.1; WOW64; rv:27.0) Gecko/20100101 Firefox/27.0"
84.190.141.38 - - [14/Mar/2014:15:59:10 +0100] "GET /images/steigend.png HTTP/1.1" 200 688 "http://www.mink-gmbh.de/modul.css" "Mozilla/5.0 (Windows NT 6.1; WOW64; rv:27.0) Gecko/20100101 Firefox/27.0"
84.190.141.38 - - [14/Mar/2014:15:59:10 +0100] "GET /images/fallend.png HTTP/1.1" 200 713 "http://www.mink-gmbh.de/modul.css" "Mozilla/5.0 (Windows NT 6.1; WOW64; rv:27.0) Gecko/20100101 Firefox/27.0"
84.190.141.38 - - [14/Mar/2014:15:59:10 +0100] "GET /images/mobil.jpg HTTP/1.1" 200 25293 "http://www.mink-gmbh.de/style.css" "Mozilla/5.0 (Windows NT 6.1; WOW64; rv:27.0) Gecko/20100101 Firefox/27.0"
84.190.141.38 - - [14/Mar/2014:15:59:10 +0100] "GET /images/newsletter.jpg HTTP/1.1" 200 13130 "http://www.mink-gmbh.de/style.css" "Mozilla/5.0 (Windows NT 6.1; WOW64; rv:27.0) Gecko/20100101 Firefox/27.0"
84.190.141.38 - - [14/Mar/2014:15:59:10 +0100] "GET /images/footerbg.jpg HTTP/1.1" 200 2184 "http://www.mink-gmbh.de/style.css" "Mozilla/5.0 (Windows NT 6.1; WOW64; rv:27.0) Gecko/20100101 Firefox/27.0"
84.190.141.38 - - [14/Mar/2014:15:59:10 +0100] "GET /js_contentserver24_greybox/header_bg.gif HTTP/1.1" 200 1188 "http://www.mink-gmbh.de/" "Mozilla/5.0 (Windows NT 6.1; WOW64; rv:27.0) Gecko/20100101 Firefox/27.0"
84.190.141.38 - - [14/Mar/2014:15:59:10 +0100] "GET /js_contentserver24_greybox/indicator.gif HTTP/1.1" 200 8238 "http://www.mink-gmbh.de/" "Mozilla/5.0 (Windows NT 6.1; WOW64; rv:27.0) Gecko/20100101 Firefox/27.0"
84.190.141.38 - - [14/Mar/2014:15:59:10 +0100] "GET /js_contentserver24_greybox/g_close.gif HTTP/1.1" 200 541 "http://www.mink-gmbh.de/" "Mozilla/5.0 (Windows NT 6.1; WOW64; rv:27.0) Gecko/20100101 Firefox/27.0"
84.190.141.38 - - [14/Mar/2014:15:59:10 +0100] "GET /js_contentserver24_greybox/loader_frame.html?s=0 HTTP/1.1" 200 2084 "http://www.mink-gmbh.de/" "Mozilla/5.0 (Windows NT 6.1; WOW64; rv:27.0) Gecko/20100101 Firefox/27.0"
157.55.32.146 - - [14/Mar/2014:16:06:52 +0100] "GET /optiplus.php HTTP/1.1" 404 5342 "-" "Mozilla/5.0 (compatible; bingbot/2.0; +http://www.bing.com/bingbot.htm)"
5.10.83.12 - - [14/Mar/2014:16:28:03 +0100] "GET /news.php?cs_go=archiv&cs_startpos=200 HTTP/1.1" 200 6058 "-" "Mozilla/5.0 (compatible; AhrefsBot/5.0; +http://ahrefs.com/robot/)"
5.10.83.42 - - [14/Mar/2014:16:33:45 +0100] "GET /lexikon.php?cs_go=3&cs_id=22 HTTP/1.1" 200 6281 "-" "Mozilla/5.0 (compatible; AhrefsBot/5.0; +http://ahrefs.com/robot/)"
208.115.113.91 - - [14/Mar/2014:16:51:41 +0100] "GET /robots.txt HTTP/1.1" 200 177 "-" "Mozilla/5.0 (compatible; Ezooms/1.0; help@moz.com)"
220.181.108.111 - - [14/Mar/2014:16:52:23 +0100] "GET / HTTP/1.1" 200 7982 "-" "Mozilla/5.0 (compatible; Baiduspider/2.0; +http://www.baidu.com/search/spider.html)"
123.125.71.59 - - [14/Mar/2014:16:55:01 +0100] "GET / HTTP/1.1" 200 9430 "-" "Mozilla/5.0 (compatible; Baiduspider/2.0; +http://www.baidu.com/search/spider.html)"
66.249.65.169 - - [14/Mar/2014:17:06:18 +0100] "GET /news.php?cs_go=archiv&cs_id=4768&cs_search= HTTP/1.1" 200 11681 "-" "Mozilla/5.0 (compatible; Googlebot/2.1; +http://www.google.com/bot.html)"
144.76.95.232 - - [14/Mar/2014:17:09:54 +0100] "GET /robots.txt HTTP/1.0" 200 177 "-" "Mozilla/5.0 (compatible; MJ12bot/v1.4.4; http://www.majestic12.co.uk/bot.php?+)"
144.76.95.232 - - [14/Mar/2014:17:09:57 +0100] "GET /news.php?cs_go=archiv&cs_id=4810&cs_search= HTTP/1.0" 200 9006 "-" "Mozilla/5.0 (compatible; MJ12bot/v1.4.4; http://www.majestic12.co.uk/bot.php?+)"
144.76.95.232 - - [14/Mar/2014:17:10:03 +0100] "GET /news.php?cs_go=archiv&cs_id=4819&cs_search= HTTP/1.0" 200 7493 "-" "Mozilla/5.0 (compatible; MJ12bot/v1.4.4; http://www.majestic12.co.uk/bot.php?+)"
144.76.95.232 - - [14/Mar/2014:17:10:05 +0100] "GET /robots.txt HTTP/1.0" 200 177 "-" "Mozilla/5.0 (compatible; MJ12bot/v1.4.4; http://www.majestic12.co.uk/bot.php?+)"
144.76.95.232 - - [14/Mar/2014:17:10:14 +0100] "GET /news.php?cs_go=archiv&cs_startpos=121 HTTP/1.0" 200 20432 "-" "Mozilla/5.0 (compatible; MJ12bot/v1.4.4; http://www.majestic12.co.uk/bot.php?+)"
5.10.83.42 - - [14/Mar/2014:17:20:39 +0100] "GET /edl.php HTTP/1.1" 200 8596 "-" "Mozilla/5.0 (compatible; AhrefsBot/5.0; +http://ahrefs.com/robot/)"
66.249.65.169 - - [14/Mar/2014:17:32:59 +0100] "GET /news.php?cs_go=archiv&cs_id=4697 HTTP/1.1" 200 7447 "-" "Mozilla/5.0 (iPhone; CPU iPhone OS 6_0 like Mac OS X) AppleWebKit/536.26 (KHTML, like Gecko) Version/6.0 Mobile/10A5376e Safari/8536.25 (compatible; Googlebot/2.1; +http://www.google.com/bot.html)"
5.10.83.53 - - [14/Mar/2014:17:52:49 +0100] "GET /kwk.php HTTP/1.1" 200 8447 "-" "Mozilla/5.0 (compatible; AhrefsBot/5.0; +http://ahrefs.com/robot/)"
142.4.212.217 - - [14/Mar/2014:17:59:23 +0100] "GET /index.php HTTP/1.1" 200 13928 "http://www.mink-gmbh.de/" "Mozilla/5.0 (X11; Linux x86_64) AppleWebKit/537.36 (KHTML, like Gecko) Chrome/28.0.1500.63 Safari/537.36"
142.4.212.217 - - [14/Mar/2014:17:59:25 +0100] "GET /kwk.php HTTP/1.1" 200 8447 "http://www.mink-gmbh.de/" "Mozilla/5.0 (X11; Linux x86_64) AppleWebKit/537.36 (KHTML, like Gecko) Chrome/28.0.1500.63 Safari/537.36"
141.8.147.12 - - [14/Mar/2014:18:16:23 +0100] "GET /robots.txt HTTP/1.1" 200 177 "-" "Mozilla/5.0 (compatible; YandexBot/3.0; +http://yandex.com/bots)"
65.36.241.79 - - [14/Mar/2014:18:20:22 +0100] "HEAD / HTTP/1.1" 200 - "-" "InternetSeer.com"
5.10.83.97 - - [14/Mar/2014:18:34:52 +0100] "GET /lexikon.php?cs_go=3&cs_id=191 HTTP/1.1" 200 6926 "-" "Mozilla/5.0 (compatible; AhrefsBot/5.0; +http://ahrefs.com/robot/)"
208.115.113.91 - - [14/Mar/2014:18:42:33 +0100] "GET /news.php?cs_go=archiv&cs_id=4806&cs_search= HTTP/1.1" 200 7466 "-" "Mozilla/5.0 (compatible; Ezooms/1.0; help@moz.com)"
208.115.113.91 - - [14/Mar/2014:18:42:36 +0100] "GET /news.php?cs_go=archiv&cs_id=4840 HTTP/1.1" 200 11313 "-" "Mozilla/5.0 (compatible; Ezooms/1.0; help@moz.com)"
208.115.111.75 - - [14/Mar/2014:18:50:41 +0100] "GET /robots.txt HTTP/1.1" 200 177 "-" "Mozilla/5.0 (compatible; Ezooms/1.0; help@moz.com)"
187.78.226.103 - - [14/Mar/2014:18:51:31 +0100] "GET / HTTP/1.1" 200 13928 "-" "Mozilla/5.0 (compatible; Googlebot/2.1; +http://www.google.com/bot.html)"
141.8.147.12 - - [14/Mar/2014:19:09:39 +0100] "GET /news.php?cs_go=archiv&cs_id=4893&cs_search= HTTP/1.1" 200 11650 "-" "Mozilla/5.0 (compatible; YandexBot/3.0; +http://yandex.com/bots)"
141.8.147.12 - - [14/Mar/2014:19:30:28 +0100] "GET /news.php?cs_go=archiv&cs_id=4905&cs_search= HTTP/1.1" 200 7498 "-" "Mozilla/5.0 (compatible; YandexBot/3.0; +http://yandex.com/bots)"
66.249.65.201 - - [14/Mar/2014:19:37:54 +0100] "GET /news.php?cs_go=archiv&cs_id=4800&cs_search= HTTP/1.1" 200 7616 "-" "Mozilla/5.0 (compatible; Googlebot/2.1; +http://www.google.com/bot.html)"
157.55.33.19 - - [14/Mar/2014:19:59:27 +0100] "GET / HTTP/1.1" 200 13928 "-" "Mozilla/5.0 (compatible; bingbot/2.0; +http://www.bing.com/bingbot.htm)"
220.181.108.80 - - [14/Mar/2014:20:05:50 +0100] "GET / HTTP/1.1" 200 9430 "-" "Mozilla/5.0 (compatible; Baiduspider/2.0; +http://www.baidu.com/search/spider.html)"
123.125.71.38 - - [14/Mar/2014:20:08:08 +0100] "GET / HTTP/1.1" 200 6597 "-" "Mozilla/5.0 (compatible; Baiduspider/2.0; +http://www.baidu.com/search/spider.html)"
5.10.83.66 - - [14/Mar/2014:20:08:41 +0100] "GET /ansprechpartner.php HTTP/1.1" 404 5342 "-" "Mozilla/5.0 (compatible; AhrefsBot/5.0; +http://ahrefs.com/robot/)"
208.115.111.75 - - [14/Mar/2014:20:31:09 +0100] "GET /agb.php HTTP/1.1" 200 17543 "-" "Mozilla/5.0 (compatible; Ezooms/1.0; help@moz.com)"
141.8.147.12 - - [14/Mar/2014:20:48:50 +0100] "GET /news.php?cs_go=archiv&cs_id=4933&cs_search= HTTP/1.1" 200 13133 "-" "Mozilla/5.0 (compatible; YandexBot/3.0; +http://yandex.com/bots)"
208.115.113.91 - - [14/Mar/2014:20:52:26 +0100] "GET /robots.txt HTTP/1.1" 200 177 "-" "Mozilla/5.0 (compatible; Ezooms/1.0; help@moz.com)"
5.10.83.12 - - [14/Mar/2014:20:56:51 +0100] "GET /newsletter.php HTTP/1.1" 200 6492 "-" "Mozilla/5.0 (compatible; AhrefsBot/5.0; +http://ahrefs.com/robot/)"
5.10.83.53 - - [14/Mar/2014:21:18:33 +0100] "GET /lexikon.php?cs_go=2&cs_char=p HTTP/1.1" 200 6730 "-" "Mozilla/5.0 (compatible; AhrefsBot/5.0; +http://ahrefs.com/robot/)"
92.225.102.12 - - [14/Mar/2014:21:27:08 +0100] "GET /optiplus.php HTTP/1.1" 404 5342 "-" "Mozilla/5.0 (iPhone; CPU iPhone OS 6_1_4 like Mac OS X) AppleWebKit/536.26 (KHTML, like Gecko) Version/6.0 Mobile/10B350 Safari/8536.25"
5.10.83.11 - - [14/Mar/2014:21:28:10 +0100] "GET /news.php?cs_go=archiv&cs_id=4795&cs_search= HTTP/1.1" 200 8618 "-" "Mozilla/5.0 (compatible; AhrefsBot/5.0; +http://ahrefs.com/robot/)"
66.249.65.201 - - [14/Mar/2014:21:39:07 +0100] "GET /news.php?cs_go=archiv&cs_id=4952 HTTP/1.1" 200 11256 "-" "SAMSUNG-SGH-E250/1.0 Profile/MIDP-2.0 Configuration/CLDC-1.1 UP.Browser/6.2.3.3.c.1.101 (GUI) MMP/2.0 (compatible; Googlebot-Mobile/2.1; +http://www.google.com/bot.html)"
66.249.65.137 - - [14/Mar/2014:21:40:29 +0100] "GET /news.php?cs_go=archiv&cs_id=4567 HTTP/1.1" 200 9128 "-" "Mozilla/5.0 (iPhone; CPU iPhone OS 6_0 like Mac OS X) AppleWebKit/536.26 (KHTML, like Gecko) Version/6.0 Mobile/10A5376e Safari/8536.25 (compatible; Googlebot/2.1; +http://www.google.com/bot.html)"
5.10.83.11 - - [14/Mar/2014:21:42:52 +0100] "GET /news.php?cs_go=archiv&cs_id=4860&cs_search= HTTP/1.1" 200 7902 "-" "Mozilla/5.0 (compatible; AhrefsBot/5.0; +http://ahrefs.com/robot/)"
66.249.65.137 - - [14/Mar/2014:21:46:45 +0100] "GET /news.php?cs_go=archiv&cs_id=3697 HTTP/1.1" 200 9254 "-" "Mozilla/5.0 (compatible; Googlebot/2.1; +http://www.google.com/bot.html)"
5.10.83.42 - - [14/Mar/2014:21:47:42 +0100] "GET /lexikon.php?cs_go=3&cs_id=154 HTTP/1.1" 200 5790 "-" "Mozilla/5.0 (compatible; AhrefsBot/5.0; +http://ahrefs.com/robot/)"
66.249.65.137 - - [14/Mar/2014:21:50:34 +0100] "GET /news.php?cs_go=archiv&cs_id=4651&cs_search= HTTP/1.1" 200 7557 "-" "Mozilla/5.0 (compatible; Googlebot/2.1; +http://www.google.com/bot.html)"
66.249.73.18 - - [14/Mar/2014:21:51:20 +0100] "GET /news.php?cs_go=archiv&cs_id=4141 HTTP/1.1" 200 8680 "-" "Mozilla/5.0 (compatible; Googlebot/2.1; +http://www.google.com/bot.html)"
141.8.147.12 - - [14/Mar/2014:21:55:04 +0100] "GET /news.php?cs_go=archiv&cs_id=4892&cs_search= HTTP/1.1" 200 7226 "-" "Mozilla/5.0 (compatible; YandexBot/3.0; +http://yandex.com/bots)"
66.249.73.6 - - [14/Mar/2014:21:55:33 +0100] "GET /style.css HTTP/1.1" 200 8402 "-" "Mozilla/5.0 (compatible; Googlebot/2.1; +http://www.google.com/bot.html)"
66.249.73.235 - - [14/Mar/2014:21:55:33 +0100] "GET /modul.css HTTP/1.1" 200 35038 "-" "Mozilla/5.0 (compatible; Googlebot/2.1; +http://www.google.com/bot.html)"
5.10.83.42 - - [14/Mar/2014:22:07:29 +0100] "GET /news.php?cs_go=archiv&cs_startpos=50 HTTP/1.1" 200 20568 "-" "Mozilla/5.0 (compatible; AhrefsBot/5.0; +http://ahrefs.com/robot/)"
66.249.65.169 - - [14/Mar/2014:22:12:15 +0100] "GET /lexikon.php?cs_go=3&cs_id=65 HTTP/1.1" 200 6170 "-" "Mozilla/5.0 (compatible; Googlebot/2.1; +http://www.google.com/bot.html)"
66.249.65.169 - - [14/Mar/2014:22:15:18 +0100] "GET /news.php HTTP/1.1" 200 19791 "-" "Mozilla/5.0 (compatible; Googlebot/2.1; +http://www.google.com/bot.html)"
66.249.73.9 - - [14/Mar/2014:22:18:21 +0100] "GET /news.php?cs_go=archiv&cs_id=4321 HTTP/1.1" 200 7576 "-" "Mozilla/5.0 (compatible; Googlebot/2.1; +http://www.google.com/bot.html)"
66.249.65.201 - - [14/Mar/2014:22:23:31 +0100] "GET /news.php?cs_go=archiv&cs_id=4807&cs_search= HTTP/1.1" 200 11192 "-" "Mozilla/5.0 (compatible; Googlebot/2.1; +http://www.google.com/bot.html)"
66.249.65.137 - - [14/Mar/2014:22:32:52 +0100] "GET /faq.php HTTP/1.1" 200 216832 "-" "Mozilla/5.0 (iPhone; CPU iPhone OS 6_0 like Mac OS X) AppleWebKit/536.26 (KHTML, like Gecko) Version/6.0 Mobile/10A5376e Safari/8536.25 (compatible; Googlebot/2.1; +http://www.google.com/bot.html)"
66.249.65.201 - - [14/Mar/2014:22:41:04 +0100] "GET /news.php?cs_go=archiv&cs_id=4899&cs_search= HTTP/1.1" 200 8161 "-" "Mozilla/5.0 (compatible; Googlebot/2.1; +http://www.google.com/bot.html)"
66.249.65.169 - - [14/Mar/2014:22:42:35 +0100] "GET /news.php?cs_go=archiv&cs_id=4905&cs_search= HTTP/1.1" 200 7498 "-" "Mozilla/5.0 (compatible; Googlebot/2.1; +http://www.google.com/bot.html)"
208.115.113.91 - - [14/Mar/2014:22:52:48 +0100] "GET /faq.php HTTP/1.1" 200 216832 "-" "Mozilla/5.0 (compatible; Ezooms/1.0; help@moz.com)"
208.115.113.91 - - [14/Mar/2014:22:52:53 +0100] "GET /news.php?cs_go=archiv HTTP/1.1" 200 19791 "-" "Mozilla/5.0 (compatible; Ezooms/1.0; help@moz.com)"
208.115.113.91 - - [14/Mar/2014:22:53:02 +0100] "GET /news.php?cs_go=archiv&cs_id=4779&cs_search= HTTP/1.1" 200 11223 "-" "Mozilla/5.0 (compatible; Ezooms/1.0; help@moz.com)"
188.165.195.156 - - [14/Mar/2014:23:03:35 +0100] "HEAD / HTTP/1.1" 200 - "-" "Mozilla/4.0 (compatible; MSIE 5.01; Windows NT 5.0)"
66.249.65.169 - - [14/Mar/2014:23:08:37 +0100] "GET /images/tkw.jpg HTTP/1.1" 304 - "-" "Googlebot-Image/1.0"
66.249.65.137 - - [14/Mar/2014:23:17:26 +0100] "GET /news.php?cs_go=archiv&cs_id=5017 HTTP/1.1" 200 7563 "-" "Mozilla/5.0 (compatible; Googlebot/2.1; +http://www.google.com/bot.html)"
66.249.65.201 - - [14/Mar/2014:23:17:27 +0100] "GET /news.php?cs_go=archiv&cs_id=5013 HTTP/1.1" 200 7462 "-" "Mozilla/5.0 (compatible; Googlebot/2.1; +http://www.google.com/bot.html)"
66.249.65.201 - - [14/Mar/2014:23:17:28 +0100] "GET /news.php?cs_go=archiv&cs_id=5016 HTTP/1.1" 200 11206 "-" "Mozilla/5.0 (compatible; Googlebot/2.1; +http://www.google.com/bot.html)"
66.249.65.201 - - [14/Mar/2014:23:17:29 +0100] "GET /news.php?cs_go=archiv&cs_id=5014 HTTP/1.1" 200 8036 "-" "Mozilla/5.0 (compatible; Googlebot/2.1; +http://www.google.com/bot.html)"
5.10.83.97 - - [14/Mar/2014:23:26:59 +0100] "GET /lexikon.php?cs_go=3&cs_id=210 HTTP/1.1" 200 7108 "-" "Mozilla/5.0 (compatible; AhrefsBot/5.0; +http://ahrefs.com/robot/)"
66.249.73.235 - - [14/Mar/2014:23:44:32 +0100] "GET /news.php?cs_go=archiv&cs_id=4649&cs_search= HTTP/1.1" 200 10312 "-" "Mozilla/5.0 (compatible; Googlebot/2.1; +http://www.google.com/bot.html)"
66.249.73.225 - - [14/Mar/2014:23:47:36 +0100] "GET /news.php?cs_go=archiv&cs_id=3130&cs_search= HTTP/1.1" 200 8809 "-" "Mozilla/5.0 (compatible; Googlebot/2.1; +http://www.google.com/bot.html)"
5.10.83.43 - - [14/Mar/2014:23:53:31 +0100] "GET /faq.php HTTP/1.1" 200 216832 "-" "Mozilla/5.0 (compatible; AhrefsBot/5.0; +http://ahrefs.com/robot/)"
66.249.73.15 - - [14/Mar/2014:23:56:45 +0100] "GET /index.php HTTP/1.1" 200 13928 "-" "Mozilla/5.0 (compatible; Googlebot/2.1; +http://www.google.com/bot.html)"
65.36.241.79 - - [14/Mar/2014:23:58:39 +0100] "HEAD / HTTP/1.1" 200 - "-" "InternetSeer.com"
66.249.65.169 - - [14/Mar/2014:23:59:48 +0100] "GET /news.php?cs_go=archiv&cs_id=4204 HTTP/1.1" 200 7652 "-" "Mozilla/5.0 (compatible; Googlebot/2.1; +http://www.google.com/bot.html)"
66.249.65.169 - - [15/Mar/2014:00:02:51 +0100] "GET /news.php?cs_go=archiv&cs_id=4194 HTTP/1.1" 200 11784 "-" "Mozilla/5.0 (compatible; Googlebot/2.1; +http://www.google.com/bot.html)"
141.8.147.12 - - [15/Mar/2014:00:04:20 +0100] "GET /news.php?cs_go=archiv&cs_id=4866 HTTP/1.1" 200 7592 "-" "Mozilla/5.0 (compatible; YandexBot/3.0; +http://yandex.com/bots)"
66.249.65.137 - - [15/Mar/2014:00:05:24 +0100] "GET /news.php?cs_go=archiv&cs_id=4751&cs_search= HTTP/1.1" 200 10507 "-" "Mozilla/5.0 (compatible; Googlebot/2.1; +http://www.google.com/bot.html)"
66.249.65.201 - - [15/Mar/2014:00:19:16 +0100] "GET /news.php?cs_go=archiv&cs_id=3941 HTTP/1.1" 200 7425 "-" "Mozilla/5.0 (compatible; Googlebot/2.1; +http://www.google.com/bot.html)"
66.249.73.234 - - [15/Mar/2014:00:24:58 +0100] "GET /news.php?cs_go=archiv&cs_id=5011&cs_search= HTTP/1.1" 200 8311 "-" "Mozilla/5.0 (compatible; Googlebot/2.1; +http://www.google.com/bot.html)"
66.249.73.234 - - [15/Mar/2014:00:24:58 +0100] "GET /news.php?cs_go=archiv&cs_id=5017&cs_search= HTTP/1.1" 200 7563 "-" "Mozilla/5.0 (compatible; Googlebot/2.1; +http://www.google.com/bot.html)"
66.249.73.231 - - [15/Mar/2014:00:24:59 +0100] "GET /news.php?cs_go=archiv&cs_id=5019&cs_search= HTTP/1.1" 200 11253 "-" "Mozilla/5.0 (compatible; Googlebot/2.1; +http://www.google.com/bot.html)"
66.249.65.201 - - [15/Mar/2014:00:25:00 +0100] "GET /news.php?cs_go=archiv&cs_id=5013&cs_search= HTTP/1.1" 200 7462 "-" "Mozilla/5.0 (compatible; Googlebot/2.1; +http://www.google.com/bot.html)"
66.249.65.201 - - [15/Mar/2014:00:25:02 +0100] "GET /news.php?cs_go=archiv&cs_id=5016&cs_search= HTTP/1.1" 200 11206 "-" "Mozilla/5.0 (compatible; Googlebot/2.1; +http://www.google.com/bot.html)"
66.249.65.201 - - [15/Mar/2014:00:25:05 +0100] "GET /news.php?cs_go=archiv&cs_id=5012&cs_search= HTTP/1.1" 200 11459 "-" "Mozilla/5.0 (compatible; Googlebot/2.1; +http://www.google.com/bot.html)"
66.249.73.20 - - [15/Mar/2014:00:25:08 +0100] "GET /news.php?cs_go=archiv&cs_id=5014&cs_search= HTTP/1.1" 200 8036 "-" "Mozilla/5.0 (compatible; Googlebot/2.1; +http://www.google.com/bot.html)"
66.249.73.16 - - [15/Mar/2014:00:25:11 +0100] "GET /news.php?cs_go=archiv&cs_id=5010&cs_search= HTTP/1.1" 200 7544 "-" "Mozilla/5.0 (compatible; Googlebot/2.1; +http://www.google.com/bot.html)"
66.249.65.201 - - [15/Mar/2014:00:25:14 +0100] "GET /news.php?cs_go=archiv&cs_id=5018&cs_search= HTTP/1.1" 200 7560 "-" "Mozilla/5.0 (compatible; Googlebot/2.1; +http://www.google.com/bot.html)"
66.249.65.201 - - [15/Mar/2014:00:39:55 +0100] "GET /news.php HTTP/1.1" 200 19791 "-" "SAMSUNG-SGH-E250/1.0 Profile/MIDP-2.0 Configuration/CLDC-1.1 UP.Browser/6.2.3.3.c.1.101 (GUI) MMP/2.0 (compatible; Googlebot-Mobile/2.1; +http://www.google.com/bot.html)"
5.10.83.43 - - [15/Mar/2014:00:53:16 +0100] "GET /agb.php HTTP/1.1" 200 17543 "-" "Mozilla/5.0 (compatible; AhrefsBot/5.0; +http://ahrefs.com/robot/)"
66.249.65.201 - - [15/Mar/2014:01:03:09 +0100] "GET /news.php?cs_go=archiv&cs_id=5018 HTTP/1.1" 200 7560 "-" "Mozilla/5.0 (compatible; Googlebot/2.1; +http://www.google.com/bot.html)"
66.249.73.17 - - [15/Mar/2014:01:03:10 +0100] "GET /news.php?cs_go=archiv&cs_id=5019 HTTP/1.1" 200 11253 "-" "Mozilla/5.0 (compatible; Googlebot/2.1; +http://www.google.com/bot.html)"
66.249.73.5 - - [15/Mar/2014:01:10:41 +0100] "GET /lexikon.php?cs_go=2&cs_char=o HTTP/1.1" 200 6825 "-" "Mozilla/5.0 (compatible; Googlebot/2.1; +http://www.google.com/bot.html)"
5.10.83.11 - - [15/Mar/2014:01:14:42 +0100] "GET /news.php?cs_go=archiv&cs_startpos=210 HTTP/1.1" 200 5966 "-" "Mozilla/5.0 (compatible; AhrefsBot/5.0; +http://ahrefs.com/robot/)"
157.56.92.172 - - [15/Mar/2014:01:20:59 +0100] "GET /robots.txt HTTP/1.1" 200 177 "-" "Mozilla/5.0 (compatible; bingbot/2.0; +http://www.bing.com/bingbot.htm)"
157.56.92.172 - - [15/Mar/2014:01:21:01 +0100] "GET /news.php HTTP/1.1" 200 19791 "-" "Mozilla/5.0 (compatible; bingbot/2.0; +http://www.bing.com/bingbot.htm)"
141.8.147.12 - - [15/Mar/2014:01:31:36 +0100] "GET /news.php?cs_go=archiv&cs_id=4835&cs_search= HTTP/1.1" 200 7606 "-" "Mozilla/5.0 (compatible; YandexBot/3.0; +http://yandex.com/bots)"
66.249.65.169 - - [15/Mar/2014:01:43:06 +0100] "GET /lexikon.php?cs_go=3&cs_id=150 HTTP/1.1" 200 5782 "-" "Mozilla/5.0 (compatible; Googlebot/2.1; +http://www.google.com/bot.html)"
66.249.65.201 - - [15/Mar/2014:01:43:35 +0100] "GET /lexikon.php?cs_go=3&cs_id=143 HTTP/1.1" 200 6862 "-" "Mozilla/5.0 (compatible; Googlebot/2.1; +http://www.google.com/bot.html)"
5.10.83.36 - - [15/Mar/2014:01:44:14 +0100] "GET /lexikon.php?cs_go=3&cs_id=33 HTTP/1.1" 200 6386 "-" "Mozilla/5.0 (compatible; AhrefsBot/5.0; +http://ahrefs.com/robot/)"
5.10.83.12 - - [15/Mar/2014:01:58:10 +0100] "GET / HTTP/1.1" 200 13928 "-" "Mozilla/5.0 (compatible; AhrefsBot/5.0; +http://ahrefs.com/robot/)"
5.10.83.2 - - [15/Mar/2014:02:08:31 +0100] "GET /news.php?cs_go=archiv&cs_id=4880&cs_search= HTTP/1.1" 200 10096 "-" "Mozilla/5.0 (compatible; AhrefsBot/5.0; +http://ahrefs.com/robot/)"
5.10.83.2 - - [15/Mar/2014:02:11:39 +0100] "GET /news.php?cs_go=archiv&cs_id=4952&cs_search= HTTP/1.1" 200 11256 "-" "Mozilla/5.0 (compatible; AhrefsBot/5.0; +http://ahrefs.com/robot/)"
66.249.73.24 - - [15/Mar/2014:02:34:22 +0100] "GET /news.php?cs_go=archiv&cs_id=4774&cs_search= HTTP/1.1" 200 7413 "-" "Mozilla/5.0 (compatible; Googlebot/2.1; +http://www.google.com/bot.html)"
208.115.111.75 - - [15/Mar/2014:02:37:07 +0100] "GET /robots.txt HTTP/1.1" 200 177 "-" "Mozilla/5.0 (compatible; Ezooms/1.0; help@moz.com)"
5.10.83.54 - - [15/Mar/2014:02:42:59 +0100] "GET /lexikon.php?cs_go=3&cs_id=122 HTTP/1.1" 200 5783 "-" "Mozilla/5.0 (compatible; AhrefsBot/5.0; +http://ahrefs.com/robot/)"
5.10.83.2 - - [15/Mar/2014:03:43:41 +0100] "GET /lexikon.php?cs_go=3&cs_id=166 HTTP/1.1" 200 6755 "-" "Mozilla/5.0 (compatible; AhrefsBot/5.0; +http://ahrefs.com/robot/)"
81.169.239.211 - - [15/Mar/2014:04:01:00 +0100] "GET / HTTP/1.1" 200 13928 "-" "Cliqzbot/0.1 (+http://cliqz.com/company/cliqzbot)"
66.249.65.137 - - [15/Mar/2014:04:05:14 +0100] "GET /robots.txt HTTP/1.1" 200 177 "-" "Mozilla/5.0 (compatible; Googlebot/2.1; +http://www.google.com/bot.html)"
66.249.73.4 - - [15/Mar/2014:04:05:14 +0100] "GET /news.php?cs_go=archiv&cs_id=4168 HTTP/1.1" 200 8890 "-" "Mozilla/5.0 (compatible; Googlebot/2.1; +http://www.google.com/bot.html)"
5.10.83.42 - - [15/Mar/2014:04:03:27 +0100] "GET /news.php?cs_go=archiv&cs_id=4886&cs_search= HTTP/1.1" 200 7501 "-" "Mozilla/5.0 (compatible; AhrefsBot/5.0; +http://ahrefs.com/robot/)"
66.249.65.169 - - [15/Mar/2014:04:21:47 +0100] "GET /news.php?cs_go=archiv&cs_id=3902 HTTP/1.1" 200 7370 "-" "Mozilla/5.0 (compatible; Googlebot/2.1; +http://www.google.com/bot.html)"
208.115.111.75 - - [15/Mar/2014:04:25:52 +0100] "GET /news.php?cs_go=archiv&cs_id=4802&cs_search= HTTP/1.1" 200 10512 "-" "Mozilla/5.0 (compatible; Ezooms/1.0; help@moz.com)"
208.115.111.75 - - [15/Mar/2014:04:25:55 +0100] "GET /news.php?cs_go=archiv&cs_id=4817&cs_search= HTTP/1.1" 200 8042 "-" "Mozilla/5.0 (compatible; Ezooms/1.0; help@moz.com)"
66.249.65.201 - - [15/Mar/2014:04:29:49 +0100] "GET /lexikon.php?cs_go=3&cs_id=118 HTTP/1.1" 200 6068 "-" "Mozilla/5.0 (compatible; Googlebot/2.1; +http://www.google.com/bot.html)"
66.249.65.137 - - [15/Mar/2014:04:38:48 +0100] "GET /news.php?cs_go=archiv&cs_startpos=210 HTTP/1.1" 200 5966 "-" "Mozilla/5.0 (compatible; Googlebot/2.1; +http://www.google.com/bot.html)"
66.249.65.201 - - [15/Mar/2014:04:47:24 +0100] "GET /optiplus.php HTTP/1.1" 404 5342 "-" "Mozilla/5.0 (compatible; Googlebot/2.1; +http://www.google.com/bot.html)"
66.249.73.3 - - [15/Mar/2014:04:55:37 +0100] "GET /news.php?cs_go=archiv&cs_id=4629&cs_search= HTTP/1.1" 200 8923 "-" "Mozilla/5.0 (iPhone; CPU iPhone OS 6_0 like Mac OS X) AppleWebKit/536.26 (KHTML, like Gecko) Version/6.0 Mobile/10A5376e Safari/8536.25 (compatible; Googlebot/2.1; +http://www.google.com/bot.html)"
66.249.73.14 - - [15/Mar/2014:05:26:34 +0100] "GET /news.php?cs_go=archiv&cs_id=4285 HTTP/1.1" 200 8858 "-" "Mozilla/5.0 (iPhone; CPU iPhone OS 6_0 like Mac OS X) AppleWebKit/536.26 (KHTML, like Gecko) Version/6.0 Mobile/10A5376e Safari/8536.25 (compatible; Googlebot/2.1; +http://www.google.com/bot.html)"
65.55.24.233 - - [15/Mar/2014:05:47:03 +0100] "GET / HTTP/1.1" 200 13928 "-" "Mozilla/5.0 (compatible; bingbot/2.0; +http://www.bing.com/bingbot.htm)"
220.181.108.163 - - [15/Mar/2014:05:55:35 +0100] "GET / HTTP/1.1" 200 9430 "-" "Mozilla/5.0 (compatible; Baiduspider/2.0; +http://www.baidu.com/search/spider.html)"
123.125.71.51 - - [15/Mar/2014:05:56:51 +0100] "GET / HTTP/1.1" 200 13928 "-" "Mozilla/5.0 (compatible; Baiduspider/2.0; +http://www.baidu.com/search/spider.html)"
66.249.73.225 - - [15/Mar/2014:05:58:55 +0100] "GET / HTTP/1.1" 200 13928 "-" "DoCoMo/2.0 N905i(c100;TB;W24H16) (compatible; Googlebot-Mobile/2.1; +http://www.google.com/bot.html)"
5.10.83.97 - - [15/Mar/2014:06:16:38 +0100] "GET /news.php?cs_go=archiv&cs_id=4833&cs_search= HTTP/1.1" 200 11520 "-" "Mozilla/5.0 (compatible; AhrefsBot/5.0; +http://ahrefs.com/robot/)"
5.10.83.54 - - [15/Mar/2014:06:19:19 +0100] "GET /kwk.php?cs_go=2 HTTP/1.1" 200 9418 "-" "Mozilla/5.0 (compatible; AhrefsBot/5.0; +http://ahrefs.com/robot/)"
141.8.147.12 - - [15/Mar/2014:06:23:53 +0100] "GET /robots.txt HTTP/1.1" 200 177 "-" "Mozilla/5.0 (compatible; YandexBot/3.0; +http://yandex.com/bots)"
5.10.83.54 - - [15/Mar/2014:06:25:57 +0100] "GET /news.php?cs_go=archiv&cs_id=4759&cs_search= HTTP/1.1" 200 11550 "-" "Mozilla/5.0 (compatible; AhrefsBot/5.0; +http://ahrefs.com/robot/)"
5.10.83.66 - - [15/Mar/2014:06:30:40 +0100] "GET /news.php?cs_go=archiv&cs_id=4746&cs_search= HTTP/1.1" 200 7720 "-" "Mozilla/5.0 (compatible; AhrefsBot/5.0; +http://ahrefs.com/robot/)"
65.36.241.79 - - [15/Mar/2014:06:33:43 +0100] "HEAD / HTTP/1.1" 200 - "-" "InternetSeer.com"
141.8.147.12 - - [15/Mar/2014:06:35:56 +0100] "GET /news.php?cs_go=archiv&cs_id=4873&cs_search= HTTP/1.1" 200 7415 "-" "Mozilla/5.0 (compatible; YandexBot/3.0; +http://yandex.com/bots)"
5.10.83.12 - - [15/Mar/2014:06:42:57 +0100] "GET /lexikon.php?cs_go=2&cs_char=z HTTP/1.1" 200 5825 "-" "Mozilla/5.0 (compatible; AhrefsBot/5.0; +http://ahrefs.com/robot/)"
5.10.83.97 - - [15/Mar/2014:06:46:44 +0100] "GET /lexikon.php?cs_go=3&cs_id=187 HTTP/1.1" 200 6067 "-" "Mozilla/5.0 (compatible; AhrefsBot/5.0; +http://ahrefs.com/robot/)"
141.8.147.12 - - [15/Mar/2014:06:50:11 +0100] "GET /news.php?cs_go=archiv&cs_id=4877 HTTP/1.1" 200 11395 "-" "Mozilla/5.0 (compatible; YandexBot/3.0; +http://yandex.com/bots)"
5.10.83.2 - - [15/Mar/2014:07:05:56 +0100] "GET /lexikon.php?cs_go=2&cs_char=x HTTP/1.1" 200 6174 "-" "Mozilla/5.0 (compatible; AhrefsBot/5.0; +http://ahrefs.com/robot/)"
157.56.92.163 - - [15/Mar/2014:07:22:43 +0100] "GET / HTTP/1.1" 200 13928 "-" "Mozilla/5.0 (compatible; bingbot/2.0; +http://www.bing.com/bingbot.htm)"
141.8.147.12 - - [15/Mar/2014:07:27:23 +0100] "GET /news.php?cs_go=archiv&cs_id=4915 HTTP/1.1" 200 11139 "-" "Mozilla/5.0 (compatible; YandexBot/3.0; +http://yandex.com/bots)"
66.249.65.201 - - [15/Mar/2014:07:37:35 +0100] "GET /news.php?cs_go=archiv&cs_id=4794&cs_search= HTTP/1.1" 200 8522 "-" "Mozilla/5.0 (compatible; Googlebot/2.1; +http://www.google.com/bot.html)"
141.8.147.12 - - [15/Mar/2014:08:02:15 +0100] "GET /news.php?cs_go=archiv&cs_id=5016 HTTP/1.1" 200 11206 "-" "Mozilla/5.0 (compatible; YandexBot/3.0; +http://yandex.com/bots)"
141.8.147.12 - - [15/Mar/2014:08:21:01 +0100] "GET /news.php?cs_go=archiv&cs_id=5014 HTTP/1.1" 200 8036 "-" "Mozilla/5.0 (compatible; YandexBot/3.0; +http://yandex.com/bots)"
141.8.147.12 - - [15/Mar/2014:08:21:05 +0100] "GET /news.php?cs_go=archiv&cs_id=5018 HTTP/1.1" 200 7560 "-" "Mozilla/5.0 (compatible; YandexBot/3.0; +http://yandex.com/bots)"
193.192.58.164 - - [15/Mar/2014:08:25:50 +0100] "GET /news.php?cs_go=archiv&cs_id=3713 HTTP/1.1" 200 13433 "-" "Mozilla/5.0 (X11; Linux i686; rv:6.0) Gecko/20100101 Firefox/6.0"
141.8.147.12 - - [15/Mar/2014:08:27:06 +0100] "GET /news.php?cs_go=archiv&cs_id=5017 HTTP/1.1" 200 7563 "-" "Mozilla/5.0 (compatible; YandexBot/3.0; +http://yandex.com/bots)"
141.8.147.12 - - [15/Mar/2014:08:27:10 +0100] "GET /news.php?cs_go=archiv&cs_startpos=10 HTTP/1.1" 200 19925 "-" "Mozilla/5.0 (compatible; YandexBot/3.0; +http://yandex.com/bots)"
141.8.147.12 - - [15/Mar/2014:08:27:14 +0100] "GET /news.php?cs_go=archiv&cs_id=4915&cs_search= HTTP/1.1" 200 11139 "-" "Mozilla/5.0 (compatible; YandexBot/3.0; +http://yandex.com/bots)"
141.8.147.12 - - [15/Mar/2014:08:39:36 +0100] "GET /news.php?cs_go=archiv&cs_id=4912&cs_search= HTTP/1.1" 200 11157 "-" "Mozilla/5.0 (compatible; YandexBot/3.0; +http://yandex.com/bots)"
66.249.73.21 - - [15/Mar/2014:08:47:43 +0100] "GET /news.php?cs_go=archiv&cs_startpos=40 HTTP/1.1" 200 20372 "-" "SAMSUNG-SGH-E250/1.0 Profile/MIDP-2.0 Configuration/CLDC-1.1 UP.Browser/6.2.3.3.c.1.101 (GUI) MMP/2.0 (compatible; Googlebot-Mobile/2.1; +http://www.google.com/bot.html)"
141.8.147.12 - - [15/Mar/2014:08:48:12 +0100] "GET /news.php?cs_go=archiv&cs_id=4883&cs_search= HTTP/1.1" 200 7577 "-" "Mozilla/5.0 (compatible; YandexBot/3.0; +http://yandex.com/bots)"
141.8.147.12 - - [15/Mar/2014:08:49:41 +0100] "GET /news.php?cs_go=archiv&cs_id=4537&cs_search= HTTP/1.1" 200 11543 "-" "Mozilla/5.0 (compatible; YandexBot/3.0; +http://yandex.com/bots)"
141.8.147.12 - - [15/Mar/2014:09:23:34 +0100] "GET / HTTP/1.1" 200 13928 "-" "Mozilla/5.0 (compatible; YandexBot/3.0; +http://yandex.com/bots)"
157.56.92.163 - - [15/Mar/2014:09:26:56 +0100] "GET / HTTP/1.1" 200 13928 "-" "Mozilla/5.0 (compatible; bingbot/2.0; +http://www.bing.com/bingbot.htm)"
141.8.147.12 - - [15/Mar/2014:09:28:55 +0100] "GET /news.php?cs_go=archiv&cs_id=4892 HTTP/1.1" 200 7226 "-" "Mozilla/5.0 (compatible; YandexBot/3.0; +http://yandex.com/bots)"
66.249.73.227 - - [15/Mar/2014:09:30:12 +0100] "GET /diesel.php HTTP/1.1" 200 8192 "-" "Mozilla/5.0 (iPhone; CPU iPhone OS 6_0 like Mac OS X) AppleWebKit/536.26 (KHTML, like Gecko) Version/6.0 Mobile/10A5376e Safari/8536.25 (compatible; Googlebot/2.1; +http://www.google.com/bot.html)"
5.10.83.53 - - [15/Mar/2014:09:42:08 +0100] "GET /news.php?cs_go=archiv&cs_id=4772&cs_search= HTTP/1.1" 200 8278 "-" "Mozilla/5.0 (compatible; AhrefsBot/5.0; +http://ahrefs.com/robot/)"
5.10.83.54 - - [15/Mar/2014:09:57:08 +0100] "GET /lexikon.php?cs_go=3&cs_id=123 HTTP/1.1" 200 5620 "-" "Mozilla/5.0 (compatible; AhrefsBot/5.0; +http://ahrefs.com/robot/)"
66.249.73.22 - - [15/Mar/2014:10:09:11 +0100] "GET /news.php?cs_go=archiv&cs_id=4793&cs_search= HTTP/1.1" 200 8491 "-" "Mozilla/5.0 (compatible; Googlebot/2.1; +http://www.google.com/bot.html)"
66.249.65.169 - - [15/Mar/2014:11:01:07 +0100] "GET /lexikon.php?cs_go=3&cs_id=173 HTTP/1.1" 200 6223 "-" "Mozilla/5.0 (compatible; Googlebot/2.1; +http://www.google.com/bot.html)"
66.249.65.201 - - [15/Mar/2014:11:36:43 +0100] "GET /news.php?cs_go=archiv&cs_id=4049 HTTP/1.1" 200 10889 "-" "Mozilla/5.0 (iPhone; CPU iPhone OS 6_0 like Mac OS X) AppleWebKit/536.26 (KHTML, like Gecko) Version/6.0 Mobile/10A5376e Safari/8536.25 (compatible; Googlebot/2.1; +http://www.google.com/bot.html)"
66.249.65.169 - - [15/Mar/2014:12:02:50 +0100] "GET /news.php?cs_go=archiv&cs_id=4286&cs_search= HTTP/1.1" 200 7583 "-" "Mozilla/5.0 (compatible; Googlebot/2.1; +http://www.google.com/bot.html)"
5.10.83.12 - - [15/Mar/2014:12:02:11 +0100] "GET /lexikon.php?cs_go=2&cs_char=a HTTP/1.1" 200 7367 "-" "Mozilla/5.0 (compatible; AhrefsBot/5.0; +http://ahrefs.com/robot/)"
66.249.73.2 - - [15/Mar/2014:12:13:08 +0100] "GET /lexikon.php?cs_go=3&cs_id=29 HTTP/1.1" 200 5955 "-" "Mozilla/5.0 (compatible; Googlebot/2.1; +http://www.google.com/bot.html)"
5.10.83.2 - - [15/Mar/2014:12:26:09 +0100] "GET /lexikon.php?cs_go=3&cs_id=139 HTTP/1.1" 200 5758 "-" "Mozilla/5.0 (compatible; AhrefsBot/5.0; +http://ahrefs.com/robot/)"
192.187.115.90 - - [15/Mar/2014:12:28:26 +0100] "GET /robots.txt HTTP/1.0" 200 177 "-" "Mozilla/5.0 (compatible; MJ12bot/v1.4.4; http://www.majestic12.co.uk/bot.php?+)"
192.187.115.90 - - [15/Mar/2014:12:28:28 +0100] "GET /news.php?cs_go=archiv&cs_id=4602 HTTP/1.0" 200 7968 "-" "Mozilla/5.0 (compatible; MJ12bot/v1.4.4; http://www.majestic12.co.uk/bot.php?+)"
192.187.115.90 - - [15/Mar/2014:12:28:30 +0100] "GET /news.php?cs_go=archiv&cs_id=4603 HTTP/1.0" 200 9970 "-" "Mozilla/5.0 (compatible; MJ12bot/v1.4.4; http://www.majestic12.co.uk/bot.php?+)"
192.187.115.90 - - [15/Mar/2014:12:28:32 +0100] "GET /news.php?cs_go=archiv&cs_id=4608 HTTP/1.0" 200 11317 "-" "Mozilla/5.0 (compatible; MJ12bot/v1.4.4; http://www.majestic12.co.uk/bot.php?+)"
192.187.115.90 - - [15/Mar/2014:12:28:34 +0100] "GET /news.php?cs_go=archiv&cs_id=4609 HTTP/1.0" 200 13895 "-" "Mozilla/5.0 (compatible; MJ12bot/v1.4.4; http://www.majestic12.co.uk/bot.php?+)"
5.10.83.12 - - [15/Mar/2014:12:44:06 +0100] "GET /modernisierung.php HTTP/1.1" 200 9252 "-" "Mozilla/5.0 (compatible; AhrefsBot/5.0; +http://ahrefs.com/robot/)"
5.10.83.66 - - [15/Mar/2014:13:02:11 +0100] "GET /lexikon.php?cs_go=3&cs_id=41 HTTP/1.1" 200 5917 "-" "Mozilla/5.0 (compatible; AhrefsBot/5.0; +http://ahrefs.com/robot/)"
65.36.241.79 - - [15/Mar/2014:13:18:34 +0100] "HEAD / HTTP/1.1" 200 - "-" "InternetSeer.com"
66.249.65.201 - - [15/Mar/2014:13:23:48 +0100] "GET /images/logos.jpg?cache7155 HTTP/1.1" 200 35043 "-" "Googlebot-Image/1.0"
66.249.65.137 - - [15/Mar/2014:13:23:51 +0100] "GET /images/logos.jpg?cache6017 HTTP/1.1" 200 35043 "-" "Googlebot-Image/1.0"
5.10.83.53 - - [15/Mar/2014:13:27:52 +0100] "GET /lexikon.php?cs_go=3&cs_id=25 HTTP/1.1" 200 6005 "-" "Mozilla/5.0 (compatible; AhrefsBot/5.0; +http://ahrefs.com/robot/)"
141.8.147.12 - - [15/Mar/2014:13:28:22 +0100] "GET /kwk.php?cs_go=3 HTTP/1.1" 200 7848 "-" "Mozilla/5.0 (compatible; YandexBot/3.0; +http://yandex.com/bots)"
66.249.65.137 - - [15/Mar/2014:13:45:43 +0100] "GET /news.php?cs_go=archiv&cs_id=4348&cs_search= HTTP/1.1" 200 11085 "-" "Mozilla/5.0 (compatible; Googlebot/2.1; +http://www.google.com/bot.html)"
134.3.16.67 - - [15/Mar/2014:13:54:33 +0100] "GET /style.css HTTP/1.1" 200 8402 "http://www.mink-gmbh.de/" "Mozilla/5.0 (Windows NT 6.1; WOW64; rv:27.0) Gecko/20100101 Firefox/27.0"
134.3.16.67 - - [15/Mar/2014:13:54:33 +0100] "GET /favicon.ico HTTP/1.1" 200 3638 "-" "Mozilla/5.0 (Windows NT 6.1; WOW64; rv:27.0) Gecko/20100101 Firefox/27.0"
134.3.16.67 - - [15/Mar/2014:13:54:34 +0100] "GET /js_contentserver24_greybox/gb_styles.css HTTP/1.1" 200 2302 "http://www.mink-gmbh.de/" "Mozilla/5.0 (Windows NT 6.1; WOW64; rv:27.0) Gecko/20100101 Firefox/27.0"
134.3.16.67 - - [15/Mar/2014:13:54:33 +0100] "GET /modul.css HTTP/1.1" 200 35038 "http://www.mink-gmbh.de/" "Mozilla/5.0 (Windows NT 6.1; WOW64; rv:27.0) Gecko/20100101 Firefox/27.0"
134.3.16.67 - - [15/Mar/2014:13:54:34 +0100] "GET /js_contentserver24_greybox/AJS.js HTTP/1.1" 200 10396 "http://www.mink-gmbh.de/" "Mozilla/5.0 (Windows NT 6.1; WOW64; rv:27.0) Gecko/20100101 Firefox/27.0"
134.3.16.67 - - [15/Mar/2014:13:54:34 +0100] "GET /js_contentserver24_greybox/AJS_fx.js HTTP/1.1" 200 3192 "http://www.mink-gmbh.de/" "Mozilla/5.0 (Windows NT 6.1; WOW64; rv:27.0) Gecko/20100101 Firefox/27.0"
134.3.16.67 - - [15/Mar/2014:13:54:34 +0100] "GET /js_contentserver24_greybox/gb_scripts.js HTTP/1.1" 200 11913 "http://www.mink-gmbh.de/" "Mozilla/5.0 (Windows NT 6.1; WOW64; rv:27.0) Gecko/20100101 Firefox/27.0"
134.3.16.67 - - [15/Mar/2014:13:54:34 +0100] "GET /images/bg.png HTTP/1.1" 200 922 "http://www.mink-gmbh.de/style.css" "Mozilla/5.0 (Windows NT 6.1; WOW64; rv:27.0) Gecko/20100101 Firefox/27.0"
134.3.16.67 - - [15/Mar/2014:13:54:34 +0100] "GET /js_contentserver24_greybox/w_close.gif HTTP/1.1" 200 74 "http://www.mink-gmbh.de/" "Mozilla/5.0 (Windows NT 6.1; WOW64; rv:27.0) Gecko/20100101 Firefox/27.0"
134.3.16.67 - - [15/Mar/2014:13:54:34 +0100] "GET /images/close.png HTTP/1.1" 200 703 "http://www.mink-gmbh.de/" "Mozilla/5.0 (Windows NT 6.1; WOW64; rv:27.0) Gecko/20100101 Firefox/27.0"
134.3.16.67 - - [15/Mar/2014:13:54:34 +0100] "GET /images/newsletter.png HTTP/1.1" 200 14619 "http://www.mink-gmbh.de/style.css" "Mozilla/5.0 (Windows NT 6.1; WOW64; rv:27.0) Gecko/20100101 Firefox/27.0"
134.3.16.67 - - [15/Mar/2014:13:54:34 +0100] "GET /images/wrapperbg.jpg HTTP/1.1" 200 27465 "http://www.mink-gmbh.de/style.css" "Mozilla/5.0 (Windows NT 6.1; WOW64; rv:27.0) Gecko/20100101 Firefox/27.0"
134.3.16.67 - - [15/Mar/2014:13:54:33 +0100] "GET / HTTP/1.1" 200 13928 "http://www.google.de/url?sa=t&rct=j&q=&esrc=s&source=web&cd=4&ved=0CD0QFjAD&url=http%3A%2F%2Fwww.mink-gmbh.de%2F&ei=yEwkU4-kEYSC4gSs_oCgCg&usg=AFQjCNFHX4Iglls9oo-KYXTmDUV_5KOVIg&bvm=bv.62922401,d.bGE" "Mozilla/5.0 (Windows NT 6.1; WOW64; rv:27.0) Gecko/20100101 Firefox/27.0"
134.3.16.67 - - [15/Mar/2014:13:54:34 +0100] "GET /images/newsletter_bg.jpg HTTP/1.1" 200 33610 "http://www.mink-gmbh.de/" "Mozilla/5.0 (Windows NT 6.1; WOW64; rv:27.0) Gecko/20100101 Firefox/27.0"
134.3.16.67 - - [15/Mar/2014:13:54:34 +0100] "GET /images/header.jpg HTTP/1.1" 200 25189 "http://www.mink-gmbh.de/style.css" "Mozilla/5.0 (Windows NT 6.1; WOW64; rv:27.0) Gecko/20100101 Firefox/27.0"
134.3.16.67 - - [15/Mar/2014:13:54:34 +0100] "GET /images/navibg.png HTTP/1.1" 200 2803 "http://www.mink-gmbh.de/style.css" "Mozilla/5.0 (Windows NT 6.1; WOW64; rv:27.0) Gecko/20100101 Firefox/27.0"
134.3.16.67 - - [15/Mar/2014:13:54:34 +0100] "GET /images/steigend.png HTTP/1.1" 200 688 "http://www.mink-gmbh.de/modul.css" "Mozilla/5.0 (Windows NT 6.1; WOW64; rv:27.0) Gecko/20100101 Firefox/27.0"
134.3.16.67 - - [15/Mar/2014:13:54:34 +0100] "GET /images/fallend.png HTTP/1.1" 200 713 "http://www.mink-gmbh.de/modul.css" "Mozilla/5.0 (Windows NT 6.1; WOW64; rv:27.0) Gecko/20100101 Firefox/27.0"
134.3.16.67 - - [15/Mar/2014:13:54:34 +0100] "GET /images/team-energie.png HTTP/1.1" 200 17383 "http://www.mink-gmbh.de/" "Mozilla/5.0 (Windows NT 6.1; WOW64; rv:27.0) Gecko/20100101 Firefox/27.0"
134.3.16.67 - - [15/Mar/2014:13:54:34 +0100] "GET /images/mail.jpg HTTP/1.1" 200 12099 "http://www.mink-gmbh.de/" "Mozilla/5.0 (Windows NT 6.1; WOW64; rv:27.0) Gecko/20100101 Firefox/27.0"
134.3.16.67 - - [15/Mar/2014:13:54:34 +0100] "GET /images/freecall.jpg HTTP/1.1" 200 39195 "http://www.mink-gmbh.de/" "Mozilla/5.0 (Windows NT 6.1; WOW64; rv:27.0) Gecko/20100101 Firefox/27.0"
134.3.16.67 - - [15/Mar/2014:13:54:34 +0100] "GET /images/kwk.gif HTTP/1.1" 200 6403 "http://www.mink-gmbh.de/" "Mozilla/5.0 (Windows NT 6.1; WOW64; rv:27.0) Gecko/20100101 Firefox/27.0"
134.3.16.67 - - [15/Mar/2014:13:54:34 +0100] "GET /images/wunschpreis.jpg HTTP/1.1" 200 16767 "http://www.mink-gmbh.de/" "Mozilla/5.0 (Windows NT 6.1; WOW64; rv:27.0) Gecko/20100101 Firefox/27.0"
134.3.16.67 - - [15/Mar/2014:13:54:34 +0100] "GET /images/tkw.jpg HTTP/1.1" 200 64031 "http://www.mink-gmbh.de/" "Mozilla/5.0 (Windows NT 6.1; WOW64; rv:27.0) Gecko/20100101 Firefox/27.0"
134.3.16.67 - - [15/Mar/2014:13:54:34 +0100] "GET /images/logos.jpg?cache4106 HTTP/1.1" 200 35043 "http://www.mink-gmbh.de/" "Mozilla/5.0 (Windows NT 6.1; WOW64; rv:27.0) Gecko/20100101 Firefox/27.0"
134.3.16.67 - - [15/Mar/2014:13:54:34 +0100] "GET /images/mobil.jpg HTTP/1.1" 200 25293 "http://www.mink-gmbh.de/style.css" "Mozilla/5.0 (Windows NT 6.1; WOW64; rv:27.0) Gecko/20100101 Firefox/27.0"
134.3.16.67 - - [15/Mar/2014:13:54:34 +0100] "GET /images/newsletter.jpg HTTP/1.1" 200 13130 "http://www.mink-gmbh.de/style.css" "Mozilla/5.0 (Windows NT 6.1; WOW64; rv:27.0) Gecko/20100101 Firefox/27.0"
134.3.16.67 - - [15/Mar/2014:13:54:34 +0100] "GET /images/footerbg.jpg HTTP/1.1" 200 2184 "http://www.mink-gmbh.de/style.css" "Mozilla/5.0 (Windows NT 6.1; WOW64; rv:27.0) Gecko/20100101 Firefox/27.0"
134.3.16.67 - - [15/Mar/2014:13:54:34 +0100] "GET /js_contentserver24_greybox/loader_frame.html?s=0 HTTP/1.1" 200 2084 "http://www.mink-gmbh.de/" "Mozilla/5.0 (Windows NT 6.1; WOW64; rv:27.0) Gecko/20100101 Firefox/27.0"
134.3.16.67 - - [15/Mar/2014:13:54:34 +0100] "GET /js_contentserver24_greybox/header_bg.gif HTTP/1.1" 200 1188 "http://www.mink-gmbh.de/" "Mozilla/5.0 (Windows NT 6.1; WOW64; rv:27.0) Gecko/20100101 Firefox/27.0"
134.3.16.67 - - [15/Mar/2014:13:54:34 +0100] "GET /js_contentserver24_greybox/indicator.gif HTTP/1.1" 200 8238 "http://www.mink-gmbh.de/js_contentserver24_greybox/loader_frame.html?s=0" "Mozilla/5.0 (Windows NT 6.1; WOW64; rv:27.0) Gecko/20100101 Firefox/27.0"
134.3.16.67 - - [15/Mar/2014:13:54:35 +0100] "GET /js_contentserver24_greybox/g_close.gif HTTP/1.1" 200 541 "http://www.mink-gmbh.de/" "Mozilla/5.0 (Windows NT 6.1; WOW64; rv:27.0) Gecko/20100101 Firefox/27.0"
134.3.16.67 - - [15/Mar/2014:13:55:03 +0100] "GET /wunschpreis.php HTTP/1.1" 200 10237 "http://www.mink-gmbh.de/" "Mozilla/5.0 (Windows NT 6.1; WOW64; rv:27.0) Gecko/20100101 Firefox/27.0"
134.3.16.67 - - [15/Mar/2014:13:55:03 +0100] "GET /images/logos.jpg HTTP/1.1" 200 35043 "http://www.mink-gmbh.de/wunschpreis.php" "Mozilla/5.0 (Windows NT 6.1; WOW64; rv:27.0) Gecko/20100101 Firefox/27.0"
5.10.83.36 - - [15/Mar/2014:13:55:48 +0100] "GET /news.php?cs_go=archiv&cs_id=4817&cs_search= HTTP/1.1" 200 8042 "-" "Mozilla/5.0 (compatible; AhrefsBot/5.0; +http://ahrefs.com/robot/)"
134.3.16.67 - - [15/Mar/2014:13:55:57 +0100] "GET /preisanfrage.php HTTP/1.1" 200 8502 "http://www.mink-gmbh.de/wunschpreis.php" "Mozilla/5.0 (Windows NT 6.1; WOW64; rv:27.0) Gecko/20100101 Firefox/27.0"
134.3.16.67 - - [15/Mar/2014:13:56:13 +0100] "POST /preisanfrage.php HTTP/1.1" 200 8670 "http://www.mink-gmbh.de/preisanfrage.php" "Mozilla/5.0 (Windows NT 6.1; WOW64; rv:27.0) Gecko/20100101 Firefox/27.0"
134.3.16.67 - - [15/Mar/2014:13:56:27 +0100] "GET /preisanfrage.php HTTP/1.1" 200 8502 "http://www.mink-gmbh.de/wunschpreis.php" "Mozilla/5.0 (Windows NT 6.1; WOW64; rv:27.0) Gecko/20100101 Firefox/27.0"
134.3.16.67 - - [15/Mar/2014:13:56:28 +0100] "GET /wunschpreis.php HTTP/1.1" 200 10237 "http://www.mink-gmbh.de/" "Mozilla/5.0 (Windows NT 6.1; WOW64; rv:27.0) Gecko/20100101 Firefox/27.0"
109.84.2.145 - - [15/Mar/2014:14:16:12 +0100] "GET /news.php?cs_go=archiv&cs_id=4881 HTTP/1.1" 200 8009 "https://www.google.de/" "Mozilla/5.0 (iPhone; CPU iPhone OS 6_1_4 like Mac OS X) AppleWebKit/536.26 (KHTML, like Gecko) Version/6.0 Mobile/10B350 Safari/8536.25"
109.84.2.145 - - [15/Mar/2014:14:16:12 +0100] "GET /style.css HTTP/1.1" 200 8402 "http://www.mink-gmbh.de/news.php?cs_go=archiv&cs_id=4881" "Mozilla/5.0 (iPhone; CPU iPhone OS 6_1_4 like Mac OS X) AppleWebKit/536.26 (KHTML, like Gecko) Version/6.0 Mobile/10B350 Safari/8536.25"
109.84.2.145 - - [15/Mar/2014:14:16:12 +0100] "GET /modul.css HTTP/1.1" 200 35038 "http://www.mink-gmbh.de/news.php?cs_go=archiv&cs_id=4881" "Mozilla/5.0 (iPhone; CPU iPhone OS 6_1_4 like Mac OS X) AppleWebKit/536.26 (KHTML, like Gecko) Version/6.0 Mobile/10B350 Safari/8536.25"
109.84.2.145 - - [15/Mar/2014:14:16:13 +0100] "GET /images/kwk.gif HTTP/1.1" 200 6403 "http://www.mink-gmbh.de/news.php?cs_go=archiv&cs_id=4881" "Mozilla/5.0 (iPhone; CPU iPhone OS 6_1_4 like Mac OS X) AppleWebKit/536.26 (KHTML, like Gecko) Version/6.0 Mobile/10B350 Safari/8536.25"
109.84.2.145 - - [15/Mar/2014:14:16:13 +0100] "GET /images/freecall.jpg HTTP/1.1" 200 39195 "http://www.mink-gmbh.de/news.php?cs_go=archiv&cs_id=4881" "Mozilla/5.0 (iPhone; CPU iPhone OS 6_1_4 like Mac OS X) AppleWebKit/536.26 (KHTML, like Gecko) Version/6.0 Mobile/10B350 Safari/8536.25"
109.84.2.145 - - [15/Mar/2014:14:16:13 +0100] "GET /images/logos.jpg HTTP/1.1" 200 35043 "http://www.mink-gmbh.de/news.php?cs_go=archiv&cs_id=4881" "Mozilla/5.0 (iPhone; CPU iPhone OS 6_1_4 like Mac OS X) AppleWebKit/536.26 (KHTML, like Gecko) Version/6.0 Mobile/10B350 Safari/8536.25"
109.84.2.145 - - [15/Mar/2014:14:16:13 +0100] "GET /images/wunschpreis.jpg HTTP/1.1" 200 16767 "http://www.mink-gmbh.de/news.php?cs_go=archiv&cs_id=4881" "Mozilla/5.0 (iPhone; CPU iPhone OS 6_1_4 like Mac OS X) AppleWebKit/536.26 (KHTML, like Gecko) Version/6.0 Mobile/10B350 Safari/8536.25"
109.84.2.145 - - [15/Mar/2014:14:16:13 +0100] "GET /images/bg.png HTTP/1.1" 200 922 "http://www.mink-gmbh.de/news.php?cs_go=archiv&cs_id=4881" "Mozilla/5.0 (iPhone; CPU iPhone OS 6_1_4 like Mac OS X) AppleWebKit/536.26 (KHTML, like Gecko) Version/6.0 Mobile/10B350 Safari/8536.25"
109.84.2.145 - - [15/Mar/2014:14:16:13 +0100] "GET /images/footerbg.jpg HTTP/1.1" 200 2184 "http://www.mink-gmbh.de/news.php?cs_go=archiv&cs_id=4881" "Mozilla/5.0 (iPhone; CPU iPhone OS 6_1_4 like Mac OS X) AppleWebKit/536.26 (KHTML, like Gecko) Version/6.0 Mobile/10B350 Safari/8536.25"
109.84.2.145 - - [15/Mar/2014:14:16:13 +0100] "GET /images/newsletter.png HTTP/1.1" 200 14619 "http://www.mink-gmbh.de/news.php?cs_go=archiv&cs_id=4881" "Mozilla/5.0 (iPhone; CPU iPhone OS 6_1_4 like Mac OS X) AppleWebKit/536.26 (KHTML, like Gecko) Version/6.0 Mobile/10B350 Safari/8536.25"
109.84.2.145 - - [15/Mar/2014:14:16:13 +0100] "GET /images/header.jpg HTTP/1.1" 200 25189 "http://www.mink-gmbh.de/news.php?cs_go=archiv&cs_id=4881" "Mozilla/5.0 (iPhone; CPU iPhone OS 6_1_4 like Mac OS X) AppleWebKit/536.26 (KHTML, like Gecko) Version/6.0 Mobile/10B350 Safari/8536.25"
109.84.2.145 - - [15/Mar/2014:14:16:13 +0100] "GET /images/wrapperbg.jpg HTTP/1.1" 200 27465 "http://www.mink-gmbh.de/news.php?cs_go=archiv&cs_id=4881" "Mozilla/5.0 (iPhone; CPU iPhone OS 6_1_4 like Mac OS X) AppleWebKit/536.26 (KHTML, like Gecko) Version/6.0 Mobile/10B350 Safari/8536.25"
109.84.2.145 - - [15/Mar/2014:14:16:13 +0100] "GET /images/navibg.png HTTP/1.1" 200 2803 "http://www.mink-gmbh.de/news.php?cs_go=archiv&cs_id=4881" "Mozilla/5.0 (iPhone; CPU iPhone OS 6_1_4 like Mac OS X) AppleWebKit/536.26 (KHTML, like Gecko) Version/6.0 Mobile/10B350 Safari/8536.25"
109.84.2.145 - - [15/Mar/2014:14:16:55 +0100] "GET /news.php?cs_go=archiv&cs_id=4075 HTTP/1.1" 200 10173 "https://www.google.de/" "Mozilla/5.0 (iPhone; CPU iPhone OS 6_1_4 like Mac OS X) AppleWebKit/536.26 (KHTML, like Gecko) Version/6.0 Mobile/10B350 Safari/8536.25"
