199.30.24.118 - - [07/Mar/2014:00:28:18 +0100] "GET /images/mobil.jpg HTTP/1.1" 200 25293 "http://www.mink-gmbh.de/" "Mozilla/5.0 (Windows NT 6.1; WOW64) AppleWebKit/534+ (KHTML, like Gecko) BingPreview/1.0b"
199.30.24.118 - - [07/Mar/2014:00:28:18 +0100] "GET /images/team-energie.png HTTP/1.1" 200 17383 "http://www.mink-gmbh.de/" "Mozilla/5.0 (Windows NT 6.1; WOW64) AppleWebKit/534+ (KHTML, like Gecko) BingPreview/1.0b"
199.30.24.118 - - [07/Mar/2014:00:28:18 +0100] "GET /images/newsletter.jpg HTTP/1.1" 200 13130 "http://www.mink-gmbh.de/" "Mozilla/5.0 (Windows NT 6.1; WOW64) AppleWebKit/534+ (KHTML, like Gecko) BingPreview/1.0b"
199.30.24.118 - - [07/Mar/2014:00:28:18 +0100] "GET /images/freecall.jpg HTTP/1.1" 200 39195 "http://www.mink-gmbh.de/" "Mozilla/5.0 (Windows NT 6.1; WOW64) AppleWebKit/534+ (KHTML, like Gecko) BingPreview/1.0b"
199.30.24.118 - - [07/Mar/2014:00:28:18 +0100] "GET /images/kwk.gif HTTP/1.1" 200 6403 "http://www.mink-gmbh.de/" "Mozilla/5.0 (Windows NT 6.1; WOW64) AppleWebKit/534+ (KHTML, like Gecko) BingPreview/1.0b"
199.30.24.118 - - [07/Mar/2014:00:28:18 +0100] "GET /images/mail.jpg HTTP/1.1" 200 12099 "http://www.mink-gmbh.de/" "Mozilla/5.0 (Windows NT 6.1; WOW64) AppleWebKit/534+ (KHTML, like Gecko) BingPreview/1.0b"
199.30.24.118 - - [07/Mar/2014:00:28:19 +0100] "GET /images/wunschpreis.jpg HTTP/1.1" 200 16767 "http://www.mink-gmbh.de/" "Mozilla/5.0 (Windows NT 6.1; WOW64) AppleWebKit/534+ (KHTML, like Gecko) BingPreview/1.0b"
199.30.24.118 - - [07/Mar/2014:00:28:19 +0100] "GET /images/logos.jpg?cache6476 HTTP/1.1" 200 35043 "http://www.mink-gmbh.de/" "Mozilla/5.0 (Windows NT 6.1; WOW64) AppleWebKit/534+ (KHTML, like Gecko) BingPreview/1.0b"
199.30.24.118 - - [07/Mar/2014:00:28:19 +0100] "GET /js_contentserver24_greybox/header_bg.gif HTTP/1.1" 200 1188 "http://www.mink-gmbh.de/" "Mozilla/5.0 (Windows NT 6.1; WOW64) AppleWebKit/534+ (KHTML, like Gecko) BingPreview/1.0b"
199.30.24.118 - - [07/Mar/2014:00:28:19 +0100] "GET /js_contentserver24_greybox/indicator.gif HTTP/1.1" 200 8238 "http://www.mink-gmbh.de/js_contentserver24_greybox/loader_frame.html?s=0" "Mozilla/5.0 (Windows NT 6.1; WOW64) AppleWebKit/534+ (KHTML, like Gecko) BingPreview/1.0b"
199.30.24.118 - - [07/Mar/2014:00:28:20 +0100] "GET /js_contentserver24_greybox/g_close.gif HTTP/1.1" 200 541 "http://www.mink-gmbh.de/" "Mozilla/5.0 (Windows NT 6.1; WOW64) AppleWebKit/534+ (KHTML, like Gecko) BingPreview/1.0b"
208.115.111.75 - - [07/Mar/2014:00:43:16 +0100] "GET /lexikon.php?cs_go=2&cs_char=n HTTP/1.1" 200 6142 "-" "Mozilla/5.0 (compatible; Ezooms/1.0; help@moz.com)"
157.55.33.250 - - [07/Mar/2014:01:12:56 +0100] "GET /preisanfrage.php HTTP/1.1" 200 8502 "-" "Mozilla/5.0 (compatible; bingbot/2.0; +http://www.bing.com/bingbot.htm)"
83.149.125.220 - - [07/Mar/2014:01:26:09 +0100] "GET /robots.txt HTTP/1.0" 200 177 "-" "AntBot/1.0 (http://www.ant.com)"
83.149.125.220 - - [07/Mar/2014:01:26:09 +0100] "GET / HTTP/1.0" 200 13988 "-" "AntBot/1.0 (http://www.ant.com)"
65.36.241.79 - - [07/Mar/2014:01:33:25 +0100] "HEAD / HTTP/1.1" 200 - "-" "InternetSeer.com"
157.56.229.246 - - [07/Mar/2014:01:35:02 +0100] "GET /news.php?cs_go=archiv&cs_id=4703 HTTP/1.1" 200 10966 "-" "Mozilla/5.0 (compatible; bingbot/2.0; +http://www.bing.com/bingbot.htm)"
5.10.83.19 - - [07/Mar/2014:02:18:36 +0100] "GET /lexikon.php?cs_go=2&cs_char=s HTTP/1.1" 200 7632 "-" "Mozilla/5.0 (compatible; AhrefsBot/5.0; +http://ahrefs.com/robot/)"
66.249.76.225 - - [07/Mar/2014:02:33:14 +0100] "GET /news.php?cs_go=archiv&cs_id=4924&cs_search= HTTP/1.1" 200 11189 "-" "Mozilla/5.0 (compatible; Googlebot/2.1; +http://www.google.com/bot.html)"
83.149.125.220 - - [07/Mar/2014:02:41:24 +0100] "GET /robots.txt HTTP/1.0" 200 177 "-" "AntBot/1.0 (http://www.ant.com)"
83.149.125.220 - - [07/Mar/2014:02:41:24 +0100] "GET / HTTP/1.0" 200 13988 "-" "AntBot/1.0 (http://www.ant.com)"
66.249.76.225 - - [07/Mar/2014:02:42:46 +0100] "GET /news.php?cs_go=archiv&cs_startpos=50 HTTP/1.1" 200 20222 "-" "DoCoMo/2.0 N905i(c100;TB;W24H16) (compatible; Googlebot-Mobile/2.1; +http://www.google.com/bot.html)"
208.115.111.75 - - [07/Mar/2014:02:44:48 +0100] "GET /robots.txt HTTP/1.1" 200 177 "-" "Mozilla/5.0 (compatible; Ezooms/1.0; help@moz.com)"
5.10.83.23 - - [07/Mar/2014:02:45:34 +0100] "GET /news.php?cs_go=archiv&cs_id=4709&cs_search= HTTP/1.1" 200 7939 "-" "Mozilla/5.0 (compatible; AhrefsBot/5.0; +http://ahrefs.com/robot/)"
66.249.76.225 - - [07/Mar/2014:03:19:40 +0100] "GET /images/logos.jpg?cache5458 HTTP/1.1" 200 35043 "-" "Googlebot-Image/1.0"
5.10.83.68 - - [07/Mar/2014:03:23:35 +0100] "GET /faq.php HTTP/1.1" 200 216832 "-" "Mozilla/5.0 (compatible; AhrefsBot/5.0; +http://ahrefs.com/robot/)"
5.10.83.29 - - [07/Mar/2014:04:06:32 +0100] "GET /lexikon.php?cs_go=2&cs_char=i HTTP/1.1" 200 5966 "-" "Mozilla/5.0 (compatible; AhrefsBot/5.0; +http://ahrefs.com/robot/)"
5.10.83.52 - - [07/Mar/2014:04:14:11 +0100] "GET /news.php?cs_go=archiv&cs_id=4839&cs_search= HTTP/1.1" 200 8042 "-" "Mozilla/5.0 (compatible; AhrefsBot/5.0; +http://ahrefs.com/robot/)"
208.115.111.75 - - [07/Mar/2014:04:32:46 +0100] "GET /energiesparcheck.php HTTP/1.1" 200 11144 "-" "Mozilla/5.0 (compatible; Ezooms/1.0; help@moz.com)"
208.115.111.75 - - [07/Mar/2014:04:32:55 +0100] "GET /kwk.php?cs_go=1 HTTP/1.1" 200 8447 "-" "Mozilla/5.0 (compatible; Ezooms/1.0; help@moz.com)"
157.55.32.221 - - [07/Mar/2014:04:49:55 +0100] "GET /robots.txt HTTP/1.1" 200 177 "-" "Mozilla/5.0 (compatible; bingbot/2.0; +http://www.bing.com/bingbot.htm)"
157.55.32.221 - - [07/Mar/2014:04:50:20 +0100] "GET /additive.php HTTP/1.1" 200 5937 "-" "Mozilla/5.0 (compatible; bingbot/2.0; +http://www.bing.com/bingbot.htm)"
208.115.113.91 - - [07/Mar/2014:05:02:39 +0100] "GET /robots.txt HTTP/1.1" 200 177 "-" "Mozilla/5.0 (compatible; Ezooms/1.0; help@moz.com)"
157.55.33.121 - - [07/Mar/2014:05:08:54 +0100] "GET / HTTP/1.1" 200 13988 "-" "Mozilla/5.0 (compatible; bingbot/2.0; +http://www.bing.com/bingbot.htm)"
78.46.43.132 - - [07/Mar/2014:05:15:18 +0100] "GET /news.php?cs_go=archiv&cs_id=4794 HTTP/1.1" 200 8522 "-" "Mozilla/5.0 (Windows NT 6.1; Win64; x64; rv:2.2a1pre) Gecko/20110324 Firefox/4.2a1pre"
5.10.83.23 - - [07/Mar/2014:05:19:51 +0100] "GET /news.php?cs_go=archiv&cs_id=4789&cs_search= HTTP/1.1" 200 10898 "-" "Mozilla/5.0 (compatible; AhrefsBot/5.0; +http://ahrefs.com/robot/)"
208.115.113.91 - - [07/Mar/2014:05:28:33 +0100] "GET /news.php?cs_go=archiv&cs_id=4602 HTTP/1.1" 200 7968 "-" "Mozilla/5.0 (compatible; Ezooms/1.0; help@moz.com)"
5.10.83.69 - - [07/Mar/2014:06:06:30 +0100] "GET /news.php?cs_go=archiv&cs_id=4725&cs_search= HTTP/1.1" 200 8987 "-" "Mozilla/5.0 (compatible; AhrefsBot/5.0; +http://ahrefs.com/robot/)"
5.10.83.7 - - [07/Mar/2014:06:48:57 +0100] "GET /news.php HTTP/1.1" 200 19740 "-" "Mozilla/5.0 (compatible; AhrefsBot/5.0; +http://ahrefs.com/robot/)"
5.10.83.54 - - [07/Mar/2014:06:55:00 +0100] "GET /news.php?cs_go=archiv&cs_id=4793&cs_search= HTTP/1.1" 200 8491 "-" "Mozilla/5.0 (compatible; AhrefsBot/5.0; +http://ahrefs.com/robot/)"
5.10.83.68 - - [07/Mar/2014:07:41:28 +0100] "GET / HTTP/1.1" 200 13988 "-" "Mozilla/5.0 (compatible; AhrefsBot/5.0; +http://ahrefs.com/robot/)"
65.36.241.79 - - [07/Mar/2014:07:58:06 +0100] "HEAD / HTTP/1.1" 200 - "-" "InternetSeer.com"
66.249.76.225 - - [07/Mar/2014:08:04:20 +0100] "GET /news.php?cs_go=archiv&cs_id=4280 HTTP/1.1" 200 11742 "-" "Mozilla/5.0 (compatible; Googlebot/2.1; +http://www.google.com/bot.html)"
5.10.83.52 - - [07/Mar/2014:08:02:09 +0100] "GET /news.php?cs_go=archiv&cs_id=4852&cs_search= HTTP/1.1" 200 16318 "-" "Mozilla/5.0 (compatible; AhrefsBot/5.0; +http://ahrefs.com/robot/)"
157.55.35.79 - - [07/Mar/2014:08:08:00 +0100] "GET /robots.txt HTTP/1.1" 200 177 "-" "Mozilla/5.0 (compatible; bingbot/2.0; +http://www.bing.com/bingbot.htm)"
157.55.35.79 - - [07/Mar/2014:08:10:07 +0100] "GET / HTTP/1.1" 200 13942 "-" "Mozilla/5.0 (compatible; bingbot/2.0; +http://www.bing.com/bingbot.htm)"
157.55.35.79 - - [07/Mar/2014:08:10:07 +0100] "GET / HTTP/1.1" 200 13942 "-" "Mozilla/5.0 (compatible; bingbot/2.0; +http://www.bing.com/bingbot.htm)"
66.249.76.225 - - [07/Mar/2014:08:20:33 +0100] "GET /news.php?cs_go=archiv&cs_id=4928&cs_search= HTTP/1.1" 200 8042 "-" "Mozilla/5.0 (iPhone; CPU iPhone OS 6_0 like Mac OS X) AppleWebKit/536.26 (KHTML, like Gecko) Version/6.0 Mobile/10A5376e Safari/8536.25 (compatible; Googlebot/2.1; +http://www.google.com/bot.html)"
208.115.113.91 - - [07/Mar/2014:09:02:56 +0100] "GET /robots.txt HTTP/1.1" 200 177 "-" "Mozilla/5.0 (compatible; Ezooms/1.0; help@moz.com)"
5.10.83.68 - - [07/Mar/2014:09:16:27 +0100] "GET /lexikon.php?cs_go=3&cs_id=35 HTTP/1.1" 200 6048 "-" "Mozilla/5.0 (compatible; AhrefsBot/5.0; +http://ahrefs.com/robot/)"
157.55.35.79 - - [07/Mar/2014:09:44:29 +0100] "GET /robots.txt HTTP/1.1" 200 177 "-" "Mozilla/5.0 (compatible; bingbot/2.0; +http://www.bing.com/bingbot.htm)"
157.55.35.79 - - [07/Mar/2014:09:46:01 +0100] "GET /wunschpreis.php HTTP/1.1" 200 10237 "-" "Mozilla/5.0 (compatible; bingbot/2.0; +http://www.bing.com/bingbot.htm)"
148.251.23.114 - - [07/Mar/2014:09:47:02 +0100] "GET /robots.txt HTTP/1.0" 200 177 "-" "Mozilla/5.0 (compatible; MJ12bot/v1.4.4; http://www.majestic12.co.uk/bot.php?+)"
148.251.23.114 - - [07/Mar/2014:09:47:04 +0100] "GET /news.php?cs_go=archiv&cs_id=4582 HTTP/1.0" 200 9093 "-" "Mozilla/5.0 (compatible; MJ12bot/v1.4.4; http://www.majestic12.co.uk/bot.php?+)"
148.251.23.114 - - [07/Mar/2014:09:47:50 +0100] "GET /news.php?cs_go=archiv&cs_id=4585 HTTP/1.0" 200 7652 "-" "Mozilla/5.0 (compatible; MJ12bot/v1.4.4; http://www.majestic12.co.uk/bot.php?+)"
148.251.23.114 - - [07/Mar/2014:09:47:55 +0100] "GET /news.php?cs_go=archiv&cs_id=4586 HTTP/1.0" 200 8879 "-" "Mozilla/5.0 (compatible; MJ12bot/v1.4.4; http://www.majestic12.co.uk/bot.php?+)"
148.251.23.114 - - [07/Mar/2014:09:47:59 +0100] "GET /news.php?cs_go=archiv&cs_id=4595 HTTP/1.0" 200 7539 "-" "Mozilla/5.0 (compatible; MJ12bot/v1.4.4; http://www.majestic12.co.uk/bot.php?+)"
148.251.23.114 - - [07/Mar/2014:09:48:05 +0100] "GET /news.php?cs_go=archiv&cs_id=4596 HTTP/1.0" 200 9389 "-" "Mozilla/5.0 (compatible; MJ12bot/v1.4.4; http://www.majestic12.co.uk/bot.php?+)"
148.251.23.114 - - [07/Mar/2014:09:48:08 +0100] "GET /news.php?cs_go=archiv&cs_id=4598 HTTP/1.0" 200 11809 "-" "Mozilla/5.0 (compatible; MJ12bot/v1.4.4; http://www.majestic12.co.uk/bot.php?+)"
5.10.83.7 - - [07/Mar/2014:09:52:21 +0100] "GET /lexikon.php HTTP/1.1" 200 8115 "-" "Mozilla/5.0 (compatible; AhrefsBot/5.0; +http://ahrefs.com/robot/)"
66.249.66.49 - - [07/Mar/2014:10:13:21 +0100] "GET /robots.txt HTTP/1.1" 200 177 "-" "Mozilla/5.0 (compatible; Googlebot/2.1; +http://www.google.com/bot.html)"
66.249.66.49 - - [07/Mar/2014:10:13:21 +0100] "GET /lexikon.php?cs_go=2&cs_char=f HTTP/1.1" 200 7159 "-" "Mozilla/5.0 (compatible; Googlebot/2.1; +http://www.google.com/bot.html)"
66.249.76.225 - - [07/Mar/2014:11:10:20 +0100] "GET /optiplus.php HTTP/1.1" 200 8639 "-" "DoCoMo/2.0 N905i(c100;TB;W24H16) (compatible; Googlebot-Mobile/2.1; +http://www.google.com/bot.html)"
208.115.113.91 - - [07/Mar/2014:11:11:02 +0100] "GET /news.php?cs_go=archiv&cs_id=4760&cs_search= HTTP/1.1" 200 7631 "-" "Mozilla/5.0 (compatible; Ezooms/1.0; help@moz.com)"
66.249.76.225 - - [07/Mar/2014:11:55:23 +0100] "GET /news.php?cs_go=archiv&cs_id=2894&cs_search= HTTP/1.1" 200 10224 "-" "Mozilla/5.0 (iPhone; CPU iPhone OS 6_0 like Mac OS X) AppleWebKit/536.26 (KHTML, like Gecko) Version/6.0 Mobile/10A5376e Safari/8536.25 (compatible; Googlebot/2.1; +http://www.google.com/bot.html)"
66.249.76.225 - - [07/Mar/2014:12:02:24 +0100] "GET /modul.css HTTP/1.1" 200 35038 "http://www.mink-gmbh.de/news.php?cs_go=archiv&cs_id=4238" "Mozilla/5.0 (compatible; Googlebot/2.1; +http://www.google.com/bot.html)"
66.249.76.225 - - [07/Mar/2014:12:02:25 +0100] "GET /style.css HTTP/1.1" 200 8402 "http://www.mink-gmbh.de/news.php?cs_go=archiv&cs_id=4238" "Mozilla/5.0 (compatible; Googlebot/2.1; +http://www.google.com/bot.html)"
208.115.113.91 - - [07/Mar/2014:13:09:16 +0100] "GET /robots.txt HTTP/1.1" 200 177 "-" "Mozilla/5.0 (compatible; Ezooms/1.0; help@moz.com)"
82.94.179.38 - - [07/Mar/2014:13:18:28 +0100] "GET /robots.txt HTTP/1.0" 200 177 "-" "Mozilla/4.0 (compatible; Freshbot/1.0/EU; http://webagent.wise-guys.nl/)"
82.94.179.38 - - [07/Mar/2014:13:18:28 +0100] "GET / HTTP/1.1" 200 13942 "-" "Mozilla/5.0 (X11; Linux i686; rv:6.0) Gecko/20100101 Firefox/6.0 (Freshbot/1.0/EU; http://webagent.wise-guys.nl/)"
82.94.179.38 - - [07/Mar/2014:13:18:37 +0100] "GET /news.php?cs_go=archiv&cs_id=5001 HTTP/1.1" 200 7307 "-" "Mozilla/5.0 (X11; Linux i686; rv:6.0) Gecko/20100101 Firefox/6.0 (Freshbot/1.0/EU; http://webagent.wise-guys.nl/)"
82.94.179.38 - - [07/Mar/2014:13:18:42 +0100] "GET /news.php?cs_go=archiv&cs_id=5000 HTTP/1.1" 200 7459 "-" "Mozilla/5.0 (X11; Linux i686; rv:6.0) Gecko/20100101 Firefox/6.0 (Freshbot/1.0/EU; http://webagent.wise-guys.nl/)"
82.94.179.38 - - [07/Mar/2014:13:18:47 +0100] "GET /news.php?cs_go=archiv&cs_id=4952 HTTP/1.1" 200 11256 "-" "Mozilla/5.0 (X11; Linux i686; rv:6.0) Gecko/20100101 Firefox/6.0 (Freshbot/1.0/EU; http://webagent.wise-guys.nl/)"
144.76.137.226 - - [07/Mar/2014:13:29:40 +0100] "GET /robots.txt HTTP/1.0" 200 177 "-" "Mozilla/5.0 (compatible; MJ12bot/v1.4.4; http://www.majestic12.co.uk/bot.php?+)"
144.76.137.226 - - [07/Mar/2014:13:29:43 +0100] "GET /news.php?cs_go=archiv&cs_startpos=130 HTTP/1.0" 200 20385 "-" "Mozilla/5.0 (compatible; MJ12bot/v1.4.4; http://www.majestic12.co.uk/bot.php?+)"
66.249.76.225 - - [07/Mar/2014:13:43:10 +0100] "GET /news.php HTTP/1.1" 200 19634 "-" "Mozilla/5.0 (iPhone; CPU iPhone OS 6_0 like Mac OS X) AppleWebKit/536.26 (KHTML, like Gecko) Version/6.0 Mobile/10A5376e Safari/8536.25 (compatible; Googlebot/2.1; +http://www.google.com/bot.html)"
65.55.24.216 - - [07/Mar/2014:14:11:17 +0100] "GET /robots.txt HTTP/1.1" 200 177 "-" "Mozilla/5.0 (compatible; bingbot/2.0; +http://www.bing.com/bingbot.htm)"
65.55.24.216 - - [07/Mar/2014:14:22:10 +0100] "GET /news.php?cs_go=archiv&cs_id=4915 HTTP/1.1" 200 11139 "-" "Mozilla/5.0 (compatible; bingbot/2.0; +http://www.bing.com/bingbot.htm)"
217.230.142.79 - - [07/Mar/2014:14:51:52 +0100] "GET / HTTP/1.1" 200 6600 "http://www.bigfinder.de/?c=ws&q=online&v=1" "Mozilla/4.0 (compatible; MSIE 8.0; Windows NT 6.1; Trident/4.0; SLCC2; .NET CLR 2.0.50727; .NET CLR 3.5.30729; .NET CLR 3.0.30729; Media Center PC 6.0)"
65.36.241.79 - - [07/Mar/2014:14:52:17 +0100] "HEAD / HTTP/1.1" 200 - "-" "InternetSeer.com"
208.115.113.91 - - [07/Mar/2014:15:18:33 +0100] "GET /news.php?cs_go=archiv&cs_id=4757&cs_search= HTTP/1.1" 200 10318 "-" "Mozilla/5.0 (compatible; Ezooms/1.0; help@moz.com)"
178.77.126.55 - - [07/Mar/2014:15:38:00 +0100] "GET /robots.txt HTTP/1.1" 200 177 "-" "Mozilla/5.0 (compatible; CareerBot/1.1; +http://www.career-x.de/bot.html)"
178.77.126.55 - - [07/Mar/2014:15:38:00 +0100] "GET / HTTP/1.1" 200 14007 "-" "Mozilla/5.0 (compatible; CareerBot/1.1; +http://www.career-x.de/bot.html)"
157.55.33.125 - - [07/Mar/2014:15:48:56 +0100] "GET /robots.txt HTTP/1.1" 200 177 "-" "Mozilla/5.0 (compatible; bingbot/2.0; +http://www.bing.com/bingbot.htm)"
157.55.33.125 - - [07/Mar/2014:16:02:18 +0100] "GET /rueckrufservice.php HTTP/1.1" 200 8300 "-" "Mozilla/5.0 (compatible; bingbot/2.0; +http://www.bing.com/bingbot.htm)"
157.55.33.125 - - [07/Mar/2014:16:03:12 +0100] "GET /news.php?cs_go=archiv&cs_startpos=30 HTTP/1.1" 200 6261 "-" "Mozilla/5.0 (compatible; bingbot/2.0; +http://www.bing.com/bingbot.htm)"
157.55.33.125 - - [07/Mar/2014:16:10:53 +0100] "GET /rueckrufservice.php HTTP/1.0" 200 8300 "-" "Mozilla/5.0 (compatible; bingbot/2.0; +http://www.bing.com/bingbot.htm)"
157.55.33.125 - - [07/Mar/2014:16:11:02 +0100] "GET /news.php?cs_go=archiv&cs_startpos=30 HTTP/1.0" 200 20318 "-" "Mozilla/5.0 (compatible; bingbot/2.0; +http://www.bing.com/bingbot.htm)"
157.55.33.125 - - [07/Mar/2014:16:11:04 +0100] "GET /news.php?cs_go=archiv&cs_startpos=20 HTTP/1.1" 200 20013 "-" "Mozilla/5.0 (compatible; bingbot/2.0; +http://www.bing.com/bingbot.htm)"
157.55.33.125 - - [07/Mar/2014:16:11:07 +0100] "GET /news.php?cs_go=archiv&cs_id=4671&cs_search= HTTP/1.1" 200 12539 "-" "Mozilla/5.0 (compatible; bingbot/2.0; +http://www.bing.com/bingbot.htm)"
157.55.33.125 - - [07/Mar/2014:16:11:07 +0100] "GET /images/RAL_Guetezeichen_Energiehandel.pdf HTTP/1.1" 200 288367 "-" "Mozilla/5.0 (compatible; bingbot/2.0; +http://www.bing.com/bingbot.htm)"
65.55.24.216 - - [07/Mar/2014:16:18:39 +0100] "GET /additive.php HTTP/1.1" 200 5937 "-" "Mozilla/5.0 (compatible; bingbot/2.0; +http://www.bing.com/bingbot.htm)"
65.55.24.216 - - [07/Mar/2014:16:18:39 +0100] "GET /edl.php HTTP/1.1" 200 8596 "-" "Mozilla/5.0 (compatible; bingbot/2.0; +http://www.bing.com/bingbot.htm)"
65.55.24.216 - - [07/Mar/2014:16:18:40 +0100] "GET /agb.php HTTP/1.1" 200 17543 "-" "Mozilla/5.0 (compatible; bingbot/2.0; +http://www.bing.com/bingbot.htm)"
65.55.24.216 - - [07/Mar/2014:16:18:41 +0100] "GET /modernisierung.php HTTP/1.1" 200 9252 "-" "Mozilla/5.0 (compatible; bingbot/2.0; +http://www.bing.com/bingbot.htm)"
65.55.24.216 - - [07/Mar/2014:16:18:41 +0100] "GET /kwk.php HTTP/1.1" 200 8447 "-" "Mozilla/5.0 (compatible; bingbot/2.0; +http://www.bing.com/bingbot.htm)"
65.55.24.216 - - [07/Mar/2014:16:18:41 +0100] "GET /index.php HTTP/1.1" 200 14007 "-" "Mozilla/5.0 (compatible; bingbot/2.0; +http://www.bing.com/bingbot.htm)"
217.230.142.79 - - [07/Mar/2014:16:21:35 +0100] "GET / HTTP/1.1" 200 3575 "http://m.bigfinder.de/?c=ws&q=internet&v=1" "Mozilla/5.0 (Windows; U; Windows NT 6.0; en-US) AppleWebKit/533.4 (KHTML, like Gecko) Chrome/5.0.375.126 Safari/533.4"
208.115.113.91 - - [07/Mar/2014:17:03:59 +0100] "GET /robots.txt HTTP/1.1" 200 177 "-" "Mozilla/5.0 (compatible; Ezooms/1.0; help@moz.com)"
66.249.65.169 - - [07/Mar/2014:17:22:47 +0100] "GET /robots.txt HTTP/1.1" 200 177 "-" "Mozilla/5.0 (compatible; Googlebot/2.1; +http://www.google.com/bot.html)"
66.249.65.201 - - [07/Mar/2014:17:22:48 +0100] "GET /images/RAL_Guetezeichen_Energiehandel.pdf HTTP/1.1" 200 288367 "-" "SAMSUNG-SGH-E250/1.0 Profile/MIDP-2.0 Configuration/CLDC-1.1 UP.Browser/6.2.3.3.c.1.101 (GUI) MMP/2.0 (compatible; Googlebot-Mobile/2.1; +http://www.google.com/bot.html)"
157.55.32.112 - - [07/Mar/2014:17:24:57 +0100] "GET /news.php?cs_go=archiv&cs_startpos=10 HTTP/1.1" 200 20169 "-" "Mozilla/5.0 (compatible; bingbot/2.0; +http://www.bing.com/bingbot.htm)"
157.55.32.112 - - [07/Mar/2014:17:24:58 +0100] "GET /energiesparcheck.php HTTP/1.1" 200 11144 "-" "Mozilla/5.0 (compatible; bingbot/2.0; +http://www.bing.com/bingbot.htm)"
208.115.113.91 - - [07/Mar/2014:17:29:11 +0100] "GET /news.php?cs_go=archiv&cs_id=4608 HTTP/1.1" 200 11317 "-" "Mozilla/5.0 (compatible; Ezooms/1.0; help@moz.com)"
141.8.147.12 - - [07/Mar/2014:17:47:50 +0100] "GET /robots.txt HTTP/1.1" 200 177 "-" "Mozilla/5.0 (compatible; YandexBot/3.0; +http://yandex.com/bots)"
141.8.147.12 - - [07/Mar/2014:17:47:52 +0100] "GET /index.php HTTP/1.1" 200 14007 "-" "Mozilla/5.0 (compatible; YandexBot/3.0; +http://yandex.com/bots)"
141.8.147.12 - - [07/Mar/2014:17:47:55 +0100] "GET / HTTP/1.1" 200 14007 "-" "Mozilla/5.0 (compatible; YandexBot/3.0; +http://yandex.com/bots)"
141.8.147.12 - - [07/Mar/2014:17:47:58 +0100] "GET /index.php HTTP/1.1" 200 14007 "-" "Mozilla/5.0 (compatible; YandexBot/3.0; +http://yandex.com/bots)"
141.8.147.12 - - [07/Mar/2014:17:48:00 +0100] "GET / HTTP/1.1" 200 14007 "-" "Mozilla/5.0 (compatible; YandexBot/3.0; +http://yandex.com/bots)"
220.181.108.119 - - [07/Mar/2014:17:51:41 +0100] "GET / HTTP/1.1" 200 9433 "-" "Mozilla/5.0 (compatible; Baiduspider/2.0; +http://www.baidu.com/search/spider.html)"
65.55.24.246 - - [07/Mar/2014:17:54:21 +0100] "GET /diesel.php HTTP/1.1" 200 8192 "-" "Mozilla/5.0 (compatible; bingbot/2.0; +http://www.bing.com/bingbot.htm)"
65.55.24.246 - - [07/Mar/2014:17:54:21 +0100] "GET /schwefelarmstandard.php HTTP/1.1" 200 10730 "-" "Mozilla/5.0 (compatible; bingbot/2.0; +http://www.bing.com/bingbot.htm)"
65.55.24.246 - - [07/Mar/2014:17:54:22 +0100] "GET /newsletter.php HTTP/1.1" 200 6492 "-" "Mozilla/5.0 (compatible; bingbot/2.0; +http://www.bing.com/bingbot.htm)"
65.55.24.246 - - [07/Mar/2014:17:54:22 +0100] "GET /news.php?cs_go=archiv&cs_startpos=50 HTTP/1.1" 200 20365 "-" "Mozilla/5.0 (compatible; bingbot/2.0; +http://www.bing.com/bingbot.htm)"
65.55.24.246 - - [07/Mar/2014:17:54:23 +0100] "GET /news.php?cs_go=archiv&cs_startpos=40 HTTP/1.1" 200 20417 "-" "Mozilla/5.0 (compatible; bingbot/2.0; +http://www.bing.com/bingbot.htm)"
65.55.24.246 - - [07/Mar/2014:17:54:23 +0100] "GET /news.php?cs_go=archiv&cs_startpos=0 HTTP/1.1" 200 19739 "-" "Mozilla/5.0 (compatible; bingbot/2.0; +http://www.bing.com/bingbot.htm)"
65.55.24.246 - - [07/Mar/2014:17:54:24 +0100] "GET /news.php?cs_go=archiv&cs_id=4568&cs_search= HTTP/1.1" 200 9631 "-" "Mozilla/5.0 (compatible; bingbot/2.0; +http://www.bing.com/bingbot.htm)"
123.125.71.28 - - [07/Mar/2014:17:55:04 +0100] "GET / HTTP/1.1" 200 14007 "-" "Mozilla/5.0 (compatible; Baiduspider/2.0; +http://www.baidu.com/search/spider.html)"
208.115.111.75 - - [07/Mar/2014:18:50:09 +0100] "GET /robots.txt HTTP/1.1" 200 177 "-" "Mozilla/5.0 (compatible; Ezooms/1.0; help@moz.com)"
66.249.65.137 - - [07/Mar/2014:19:12:52 +0100] "GET /lexikon.php?cs_go=2&cs_char=u HTTP/1.1" 200 6308 "-" "Mozilla/5.0 (iPhone; CPU iPhone OS 6_0 like Mac OS X) AppleWebKit/536.26 (KHTML, like Gecko) Version/6.0 Mobile/10A5376e Safari/8536.25 (compatible; Googlebot/2.1; +http://www.google.com/bot.html)"
199.192.207.146 - - [07/Mar/2014:19:13:36 +0100] "GET /robots.txt HTTP/1.0" 200 177 "-" "Mozilla/5.0 (compatible; MJ12bot/v1.4.4; http://www.majestic12.co.uk/bot.php?+)"
199.192.207.146 - - [07/Mar/2014:19:13:38 +0100] "GET / HTTP/1.0" 200 14007 "-" "Mozilla/5.0 (compatible; MJ12bot/v1.4.4; http://www.majestic12.co.uk/bot.php?+)"
66.249.65.137 - - [07/Mar/2014:19:19:18 +0100] "GET / HTTP/1.1" 200 14007 "-" "Mozilla/5.0 (compatible; Googlebot/2.1; +http://www.google.com/bot.html)"
66.249.65.201 - - [07/Mar/2014:19:25:28 +0100] "GET /js_contentserver24_greybox/gb_styles.css HTTP/1.1" 200 2302 "-" "Mozilla/5.0 (compatible; Googlebot/2.1; +http://www.google.com/bot.html)"
66.249.65.137 - - [07/Mar/2014:19:25:29 +0100] "GET /news.php?cs_go=archiv&cs_id=5000 HTTP/1.1" 200 7459 "-" "Mozilla/5.0 (compatible; Googlebot/2.1; +http://www.google.com/bot.html)"
66.249.65.201 - - [07/Mar/2014:19:25:30 +0100] "GET /news.php?cs_go=archiv&cs_id=4952 HTTP/1.1" 200 11256 "-" "Mozilla/5.0 (compatible; Googlebot/2.1; +http://www.google.com/bot.html)"
66.249.65.169 - - [07/Mar/2014:19:29:16 +0100] "GET /news.php?cs_go=archiv&cs_id=5002 HTTP/1.1" 200 11301 "-" "Mozilla/5.0 (compatible; Googlebot/2.1; +http://www.google.com/bot.html)"
66.249.65.201 - - [07/Mar/2014:19:32:48 +0100] "GET /news.php?cs_go=archiv&cs_id=5001 HTTP/1.1" 200 7307 "-" "Mozilla/5.0 (compatible; Googlebot/2.1; +http://www.google.com/bot.html)"
148.251.75.46 - - [07/Mar/2014:19:52:36 +0100] "GET /news.php?cs_go=archiv&cs_id=4268 HTTP/1.1" 200 8017 "-" "Mozilla/5.0 (X11; Linux i686; rv:6.0) Gecko/20100101 Firefox/6.0"
66.249.73.225 - - [07/Mar/2014:20:07:36 +0100] "GET /news.php?cs_go=archiv&cs_id=4203&cs_search= HTTP/1.1" 200 7657 "-" "DoCoMo/2.0 N905i(c100;TB;W24H16) (compatible; Googlebot-Mobile/2.1; +http://www.google.com/bot.html)"
5.10.83.62 - - [07/Mar/2014:20:20:07 +0100] "GET /news.php?cs_go=archiv&cs_id=4934 HTTP/1.1" 200 11688 "-" "Mozilla/5.0 (compatible; AhrefsBot/5.0; +http://ahrefs.com/robot/)"
5.10.83.48 - - [07/Mar/2014:20:25:29 +0100] "GET /news.php?cs_go=archiv&cs_id=4931&cs_search= HTTP/1.1" 200 8107 "-" "Mozilla/5.0 (compatible; AhrefsBot/5.0; +http://ahrefs.com/robot/)"
66.249.65.137 - - [07/Mar/2014:20:27:14 +0100] "GET /news.php?cs_go=archiv&cs_id=4929&cs_search= HTTP/1.1" 200 11139 "-" "Mozilla/5.0 (iPhone; CPU iPhone OS 6_0 like Mac OS X) AppleWebKit/536.26 (KHTML, like Gecko) Version/6.0 Mobile/10A5376e Safari/8536.25 (compatible; Googlebot/2.1; +http://www.google.com/bot.html)"
5.10.83.65 - - [07/Mar/2014:20:31:41 +0100] "GET /news.php?cs_go=archiv&cs_id=4949&cs_search= HTTP/1.1" 200 7405 "-" "Mozilla/5.0 (compatible; AhrefsBot/5.0; +http://ahrefs.com/robot/)"
5.10.83.92 - - [07/Mar/2014:20:32:31 +0100] "GET /news.php?cs_go=archiv&cs_id=4933 HTTP/1.1" 200 13133 "-" "Mozilla/5.0 (compatible; AhrefsBot/5.0; +http://ahrefs.com/robot/)"
157.56.229.246 - - [07/Mar/2014:20:35:59 +0100] "GET /robots.txt HTTP/1.1" 200 177 "-" "Mozilla/5.0 (compatible; bingbot/2.0; +http://www.bing.com/bingbot.htm)"
5.10.83.30 - - [07/Mar/2014:20:37:32 +0100] "GET /news.php?cs_go=archiv&cs_id=4948 HTTP/1.1" 200 11214 "-" "Mozilla/5.0 (compatible; AhrefsBot/5.0; +http://ahrefs.com/robot/)"
5.10.83.65 - - [07/Mar/2014:20:38:32 +0100] "GET /news.php?cs_go=archiv&cs_id=4939&cs_search= HTTP/1.1" 200 7487 "-" "Mozilla/5.0 (compatible; AhrefsBot/5.0; +http://ahrefs.com/robot/)"
5.10.83.62 - - [07/Mar/2014:20:40:17 +0100] "GET /news.php?cs_go=archiv&cs_id=4930&cs_search= HTTP/1.1" 200 7369 "-" "Mozilla/5.0 (compatible; AhrefsBot/5.0; +http://ahrefs.com/robot/)"
5.10.83.48 - - [07/Mar/2014:20:40:25 +0100] "GET /news.php?cs_go=archiv&cs_id=4934&cs_search= HTTP/1.1" 200 11688 "-" "Mozilla/5.0 (compatible; AhrefsBot/5.0; +http://ahrefs.com/robot/)"
208.115.111.75 - - [07/Mar/2014:20:40:45 +0100] "GET /lexikon.php?cs_go=2&cs_char=d HTTP/1.1" 200 6985 "-" "Mozilla/5.0 (compatible; Ezooms/1.0; help@moz.com)"
157.56.229.246 - - [07/Mar/2014:20:40:44 +0100] "GET / HTTP/1.1" 200 14007 "-" "Mozilla/5.0 (compatible; bingbot/2.0; +http://www.bing.com/bingbot.htm)"
5.10.83.68 - - [07/Mar/2014:20:41:01 +0100] "GET /news.php?cs_go=archiv&cs_id=4940&cs_search= HTTP/1.1" 200 7743 "-" "Mozilla/5.0 (compatible; AhrefsBot/5.0; +http://ahrefs.com/robot/)"
5.10.83.62 - - [07/Mar/2014:20:41:08 +0100] "GET /news.php?cs_go=archiv&cs_id=4950 HTTP/1.1" 200 8036 "-" "Mozilla/5.0 (compatible; AhrefsBot/5.0; +http://ahrefs.com/robot/)"
5.10.83.30 - - [07/Mar/2014:20:44:42 +0100] "GET /news.php?cs_go=archiv&cs_id=4952 HTTP/1.1" 200 11256 "-" "Mozilla/5.0 (compatible; AhrefsBot/5.0; +http://ahrefs.com/robot/)"
5.10.83.92 - - [07/Mar/2014:20:45:30 +0100] "GET /news.php?cs_go=archiv&cs_id=4881&cs_search= HTTP/1.1" 200 8009 "-" "Mozilla/5.0 (compatible; AhrefsBot/5.0; +http://ahrefs.com/robot/)"
5.10.83.30 - - [07/Mar/2014:20:45:51 +0100] "GET /news.php?cs_go=archiv&cs_id=4930 HTTP/1.1" 200 7369 "-" "Mozilla/5.0 (compatible; AhrefsBot/5.0; +http://ahrefs.com/robot/)"
5.10.83.30 - - [07/Mar/2014:20:46:39 +0100] "GET /news.php?cs_go=archiv&cs_id=4945&cs_search= HTTP/1.1" 200 11261 "-" "Mozilla/5.0 (compatible; AhrefsBot/5.0; +http://ahrefs.com/robot/)"
5.10.83.62 - - [07/Mar/2014:20:50:57 +0100] "GET /news.php?cs_go=archiv&cs_id=4948&cs_search= HTTP/1.1" 200 11214 "-" "Mozilla/5.0 (compatible; AhrefsBot/5.0; +http://ahrefs.com/robot/)"
65.36.241.79 - - [07/Mar/2014:20:53:03 +0100] "HEAD / HTTP/1.1" 200 - "-" "InternetSeer.com"
5.10.83.92 - - [07/Mar/2014:20:58:55 +0100] "GET /news.php?cs_go=archiv&cs_id=4950&cs_search= HTTP/1.1" 200 8036 "-" "Mozilla/5.0 (compatible; AhrefsBot/5.0; +http://ahrefs.com/robot/)"
5.10.83.62 - - [07/Mar/2014:21:10:35 +0100] "GET /news.php?cs_go=archiv&cs_id=4946&cs_search= HTTP/1.1" 200 7562 "-" "Mozilla/5.0 (compatible; AhrefsBot/5.0; +http://ahrefs.com/robot/)"
5.10.83.30 - - [07/Mar/2014:21:10:46 +0100] "GET /news.php?cs_go=archiv&cs_id=4952&cs_search= HTTP/1.1" 200 11256 "-" "Mozilla/5.0 (compatible; AhrefsBot/5.0; +http://ahrefs.com/robot/)"
5.10.83.62 - - [07/Mar/2014:21:15:06 +0100] "GET /news.php?cs_go=archiv&cs_id=4949 HTTP/1.1" 200 7405 "-" "Mozilla/5.0 (compatible; AhrefsBot/5.0; +http://ahrefs.com/robot/)"
66.249.65.137 - - [07/Mar/2014:21:22:31 +0100] "GET /images/tkw.jpg HTTP/1.1" 304 - "-" "Googlebot-Image/1.0"
5.199.136.130 - - [07/Mar/2014:21:26:29 +0100] "GET /robots.txt HTTP/1.1" 200 177 "-" "Mozilla/5.0 (compatible; waybackarchive.org/1.0; +spider@waybackarchive.org)"
5.199.136.130 - - [07/Mar/2014:21:26:29 +0100] "GET /images/logos.jpg?cache2888 HTTP/1.1" 200 35043 "-" "Mozilla/5.0 (compatible; waybackarchive.org/1.0; +spider@waybackarchive.org)"
66.249.65.169 - - [07/Mar/2014:22:24:32 +0100] "GET /news.php?cs_go=archiv&cs_id=4612&cs_search= HTTP/1.1" 200 8143 "-" "Mozilla/5.0 (iPhone; CPU iPhone OS 6_0 like Mac OS X) AppleWebKit/536.26 (KHTML, like Gecko) Version/6.0 Mobile/10A5376e Safari/8536.25 (compatible; Googlebot/2.1; +http://www.google.com/bot.html)"
157.56.229.246 - - [07/Mar/2014:22:32:57 +0100] "GET /robots.txt HTTP/1.1" 200 177 "-" "Mozilla/5.0 (compatible; bingbot/2.0; +http://www.bing.com/bingbot.htm)"
5.10.83.54 - - [07/Mar/2014:22:33:37 +0100] "GET /news.php?cs_go=archiv&cs_id=4844&cs_search= HTTP/1.1" 200 11362 "-" "Mozilla/5.0 (compatible; AhrefsBot/5.0; +http://ahrefs.com/robot/)"
66.249.73.5 - - [07/Mar/2014:22:45:22 +0100] "GET /lexikon.php?cs_go=3&cs_id=90 HTTP/1.1" 200 7129 "-" "Mozilla/5.0 (iPhone; CPU iPhone OS 6_0 like Mac OS X) AppleWebKit/536.26 (KHTML, like Gecko) Version/6.0 Mobile/10A5376e Safari/8536.25 (compatible; Googlebot/2.1; +http://www.google.com/bot.html)"
208.115.111.75 - - [07/Mar/2014:22:47:28 +0100] "GET /robots.txt HTTP/1.1" 200 177 "-" "Mozilla/5.0 (compatible; Ezooms/1.0; help@moz.com)"
157.56.229.246 - - [07/Mar/2014:22:53:01 +0100] "GET / HTTP/1.1" 200 14007 "-" "Mozilla/5.0 (compatible; bingbot/2.0; +http://www.bing.com/bingbot.htm)"
178.255.215.64 - - [07/Mar/2014:23:09:45 +0100] "GET /robots.txt HTTP/1.1" 200 177 "-" "Mozilla/5.0 (compatible; Exabot/3.0; +http://www.exabot.com/go/robot)"
178.255.215.64 - - [07/Mar/2014:23:09:45 +0100] "GET /edl.php HTTP/1.1" 200 8596 "-" "Mozilla/5.0 (compatible; Exabot/3.0; +http://www.exabot.com/go/robot)"
123.125.71.52 - - [07/Mar/2014:23:40:46 +0100] "GET / HTTP/1.1" 200 6600 "-" "Mozilla/5.0 (compatible; Baiduspider/2.0; +http://www.baidu.com/search/spider.html)"
220.181.108.82 - - [07/Mar/2014:23:40:55 +0100] "GET / HTTP/1.1" 200 6600 "-" "Mozilla/5.0 (compatible; Baiduspider/2.0; +http://www.baidu.com/search/spider.html)"
5.199.136.130 - - [08/Mar/2014:00:15:14 +0100] "GET /content/encyclopedia/images/1_023.jpg HTTP/1.1" 404 - "-" "Mozilla/5.0 (compatible; waybackarchive.org/1.0; +spider@waybackarchive.org)"
5.10.83.88 - - [08/Mar/2014:00:25:12 +0100] "GET /news.php?cs_go=archiv&cs_id=4893&cs_search= HTTP/1.1" 200 11650 "-" "Mozilla/5.0 (compatible; AhrefsBot/5.0; +http://ahrefs.com/robot/)"
208.115.111.75 - - [08/Mar/2014:00:36:23 +0100] "GET /lexikon.php?cs_go=2&cs_char=b HTTP/1.1" 200 7294 "-" "Mozilla/5.0 (compatible; Ezooms/1.0; help@moz.com)"
66.249.73.238 - - [08/Mar/2014:01:02:17 +0100] "GET /news.php?cs_go=archiv&cs_id=4927&cs_search= HTTP/1.1" 200 7462 "-" "Mozilla/5.0 (iPhone; CPU iPhone OS 6_0 like Mac OS X) AppleWebKit/536.26 (KHTML, like Gecko) Version/6.0 Mobile/10A5376e Safari/8536.25 (compatible; Googlebot/2.1; +http://www.google.com/bot.html)"
91.64.157.224 - - [08/Mar/2014:01:14:31 +0100] "GET /robots.txt HTTP/1.0" 200 177 "-" "Mozilla/5.0 (compatible; MJ12bot/v1.4.4; http://www.majestic12.co.uk/bot.php?+)"
91.64.157.224 - - [08/Mar/2014:01:14:38 +0100] "GET /news.php?cs_go=archiv&cs_id=4555&cs_search= HTTP/1.0" 200 9452 "-" "Mozilla/5.0 (compatible; MJ12bot/v1.4.4; http://www.majestic12.co.uk/bot.php?+)"
91.64.157.224 - - [08/Mar/2014:01:14:40 +0100] "GET /news.php?cs_go=archiv&cs_id=4556&cs_search= HTTP/1.0" 200 7824 "-" "Mozilla/5.0 (compatible; MJ12bot/v1.4.4; http://www.majestic12.co.uk/bot.php?+)"
91.64.157.224 - - [08/Mar/2014:01:14:42 +0100] "GET /news.php?cs_go=archiv&cs_id=4557&cs_search= HTTP/1.0" 200 7784 "-" "Mozilla/5.0 (compatible; MJ12bot/v1.4.4; http://www.majestic12.co.uk/bot.php?+)"
91.64.157.224 - - [08/Mar/2014:01:14:43 +0100] "GET /news.php?cs_go=archiv&cs_id=4565&cs_search= HTTP/1.0" 200 9153 "-" "Mozilla/5.0 (compatible; MJ12bot/v1.4.4; http://www.majestic12.co.uk/bot.php?+)"
91.64.157.224 - - [08/Mar/2014:01:14:47 +0100] "GET /news.php?cs_go=archiv&cs_id=4567&cs_search= HTTP/1.0" 200 9128 "-" "Mozilla/5.0 (compatible; MJ12bot/v1.4.4; http://www.majestic12.co.uk/bot.php?+)"
91.64.157.224 - - [08/Mar/2014:01:14:51 +0100] "GET /news.php?cs_go=archiv&cs_id=4568&cs_search= HTTP/1.0" 200 9631 "-" "Mozilla/5.0 (compatible; MJ12bot/v1.4.4; http://www.majestic12.co.uk/bot.php?+)"
91.64.157.224 - - [08/Mar/2014:01:14:56 +0100] "GET /news.php?cs_go=archiv&cs_id=4569&cs_search= HTTP/1.0" 200 7695 "-" "Mozilla/5.0 (compatible; MJ12bot/v1.4.4; http://www.majestic12.co.uk/bot.php?+)"
91.64.157.224 - - [08/Mar/2014:01:14:58 +0100] "GET /news.php?cs_go=archiv&cs_id=4570&cs_search= HTTP/1.0" 200 8313 "-" "Mozilla/5.0 (compatible; MJ12bot/v1.4.4; http://www.majestic12.co.uk/bot.php?+)"
91.64.157.224 - - [08/Mar/2014:01:15:00 +0100] "GET /news.php?cs_go=archiv&cs_id=4572&cs_search= HTTP/1.0" 200 11817 "-" "Mozilla/5.0 (compatible; MJ12bot/v1.4.4; http://www.majestic12.co.uk/bot.php?+)"
91.64.157.224 - - [08/Mar/2014:01:15:06 +0100] "GET /news.php?cs_go=archiv&cs_id=4573&cs_search= HTTP/1.0" 200 7523 "-" "Mozilla/5.0 (compatible; MJ12bot/v1.4.4; http://www.majestic12.co.uk/bot.php?+)"
91.64.157.224 - - [08/Mar/2014:01:15:08 +0100] "GET /news.php?cs_go=archiv&cs_id=4575&cs_search= HTTP/1.0" 200 8368 "-" "Mozilla/5.0 (compatible; MJ12bot/v1.4.4; http://www.majestic12.co.uk/bot.php?+)"
91.64.157.224 - - [08/Mar/2014:01:15:18 +0100] "GET /news.php?cs_go=archiv&cs_id=4576&cs_search= HTTP/1.0" 200 11936 "-" "Mozilla/5.0 (compatible; MJ12bot/v1.4.4; http://www.majestic12.co.uk/bot.php?+)"
91.64.157.224 - - [08/Mar/2014:01:15:20 +0100] "GET /news.php?cs_go=archiv&cs_id=4577&cs_search= HTTP/1.0" 200 7511 "-" "Mozilla/5.0 (compatible; MJ12bot/v1.4.4; http://www.majestic12.co.uk/bot.php?+)"
91.64.157.224 - - [08/Mar/2014:01:15:21 +0100] "GET /news.php?cs_go=archiv&cs_id=4578&cs_search= HTTP/1.0" 200 9840 "-" "Mozilla/5.0 (compatible; MJ12bot/v1.4.4; http://www.majestic12.co.uk/bot.php?+)"
91.64.157.224 - - [08/Mar/2014:01:15:23 +0100] "GET /news.php?cs_go=archiv&cs_id=4579&cs_search= HTTP/1.0" 200 8969 "-" "Mozilla/5.0 (compatible; MJ12bot/v1.4.4; http://www.majestic12.co.uk/bot.php?+)"
91.64.157.224 - - [08/Mar/2014:01:15:28 +0100] "GET /news.php?cs_go=archiv&cs_id=4580&cs_search= HTTP/1.0" 200 11460 "-" "Mozilla/5.0 (compatible; MJ12bot/v1.4.4; http://www.majestic12.co.uk/bot.php?+)"
91.64.157.224 - - [08/Mar/2014:01:15:33 +0100] "GET /news.php?cs_go=archiv&cs_id=4581&cs_search= HTTP/1.0" 200 7633 "-" "Mozilla/5.0 (compatible; MJ12bot/v1.4.4; http://www.majestic12.co.uk/bot.php?+)"
91.64.157.224 - - [08/Mar/2014:01:15:41 +0100] "GET /news.php?cs_go=archiv&cs_id=4582&cs_search= HTTP/1.0" 200 9093 "-" "Mozilla/5.0 (compatible; MJ12bot/v1.4.4; http://www.majestic12.co.uk/bot.php?+)"
91.64.157.224 - - [08/Mar/2014:01:15:46 +0100] "GET /news.php?cs_go=archiv&cs_id=4583&cs_search= HTTP/1.0" 200 13188 "-" "Mozilla/5.0 (compatible; MJ12bot/v1.4.4; http://www.majestic12.co.uk/bot.php?+)"
91.64.157.224 - - [08/Mar/2014:01:15:54 +0100] "GET /news.php?cs_go=archiv&cs_id=4585&cs_search= HTTP/1.0" 200 7652 "-" "Mozilla/5.0 (compatible; MJ12bot/v1.4.4; http://www.majestic12.co.uk/bot.php?+)"
91.64.157.224 - - [08/Mar/2014:01:15:59 +0100] "GET /news.php?cs_go=archiv&cs_id=4586&cs_search= HTTP/1.0" 200 8879 "-" "Mozilla/5.0 (compatible; MJ12bot/v1.4.4; http://www.majestic12.co.uk/bot.php?+)"
91.64.157.224 - - [08/Mar/2014:01:20:05 +0100] "GET /news.php?cs_go=archiv&cs_id=4587&cs_search= HTTP/1.0" 200 10134 "-" "Mozilla/5.0 (compatible; MJ12bot/v1.4.4; http://www.majestic12.co.uk/bot.php?+)"
91.64.157.224 - - [08/Mar/2014:01:20:11 +0100] "GET /news.php?cs_go=archiv&cs_id=4588&cs_search= HTTP/1.0" 200 9557 "-" "Mozilla/5.0 (compatible; MJ12bot/v1.4.4; http://www.majestic12.co.uk/bot.php?+)"
91.64.157.224 - - [08/Mar/2014:01:20:16 +0100] "GET /news.php?cs_go=archiv&cs_id=4589&cs_search= HTTP/1.0" 200 11787 "-" "Mozilla/5.0 (compatible; MJ12bot/v1.4.4; http://www.majestic12.co.uk/bot.php?+)"
91.64.157.224 - - [08/Mar/2014:01:20:27 +0100] "GET /news.php?cs_go=archiv&cs_id=4590&cs_search= HTTP/1.0" 200 7746 "-" "Mozilla/5.0 (compatible; MJ12bot/v1.4.4; http://www.majestic12.co.uk/bot.php?+)"
91.64.157.224 - - [08/Mar/2014:01:20:33 +0100] "GET /news.php?cs_go=archiv&cs_id=4591&cs_search= HTTP/1.0" 200 8426 "-" "Mozilla/5.0 (compatible; MJ12bot/v1.4.4; http://www.majestic12.co.uk/bot.php?+)"
91.64.157.224 - - [08/Mar/2014:01:20:46 +0100] "GET /news.php?cs_go=archiv&cs_id=4595&cs_search= HTTP/1.0" 200 7539 "-" "Mozilla/5.0 (compatible; MJ12bot/v1.4.4; http://www.majestic12.co.uk/bot.php?+)"
91.64.157.224 - - [08/Mar/2014:01:20:55 +0100] "GET /news.php?cs_go=archiv&cs_id=4596&cs_search= HTTP/1.0" 200 9389 "-" "Mozilla/5.0 (compatible; MJ12bot/v1.4.4; http://www.majestic12.co.uk/bot.php?+)"
91.64.157.224 - - [08/Mar/2014:01:21:06 +0100] "GET /news.php?cs_go=archiv&cs_id=4597&cs_search= HTTP/1.0" 200 19782 "-" "Mozilla/5.0 (compatible; MJ12bot/v1.4.4; http://www.majestic12.co.uk/bot.php?+)"
91.64.157.224 - - [08/Mar/2014:01:21:17 +0100] "GET /news.php?cs_go=archiv&cs_id=4598&cs_search= HTTP/1.0" 200 11809 "-" "Mozilla/5.0 (compatible; MJ12bot/v1.4.4; http://www.majestic12.co.uk/bot.php?+)"
91.64.157.224 - - [08/Mar/2014:01:21:21 +0100] "GET /news.php?cs_go=archiv&cs_id=4599&cs_search= HTTP/1.0" 200 7509 "-" "Mozilla/5.0 (compatible; MJ12bot/v1.4.4; http://www.majestic12.co.uk/bot.php?+)"
91.64.157.224 - - [08/Mar/2014:01:21:28 +0100] "GET /news.php?cs_go=archiv&cs_id=4645&cs_search= HTTP/1.0" 200 7509 "-" "Mozilla/5.0 (compatible; MJ12bot/v1.4.4; http://www.majestic12.co.uk/bot.php?+)"
91.64.157.224 - - [08/Mar/2014:01:21:32 +0100] "GET /news.php?cs_go=archiv&cs_id=4646&cs_search= HTTP/1.0" 200 10720 "-" "Mozilla/5.0 (compatible; MJ12bot/v1.4.4; http://www.majestic12.co.uk/bot.php?+)"
91.64.157.224 - - [08/Mar/2014:01:21:40 +0100] "GET /news.php?cs_go=archiv&cs_id=4647&cs_search= HTTP/1.0" 200 8188 "-" "Mozilla/5.0 (compatible; MJ12bot/v1.4.4; http://www.majestic12.co.uk/bot.php?+)"
91.64.157.224 - - [08/Mar/2014:01:21:47 +0100] "GET /news.php?cs_go=archiv&cs_id=4648&cs_search= HTTP/1.0" 200 9572 "-" "Mozilla/5.0 (compatible; MJ12bot/v1.4.4; http://www.majestic12.co.uk/bot.php?+)"
91.64.157.224 - - [08/Mar/2014:01:21:49 +0100] "GET /news.php?cs_go=archiv&cs_id=4650&cs_search= HTTP/1.0" 200 11730 "-" "Mozilla/5.0 (compatible; MJ12bot/v1.4.4; http://www.majestic12.co.uk/bot.php?+)"
91.64.157.224 - - [08/Mar/2014:01:21:56 +0100] "GET /news.php?cs_go=archiv&cs_id=4651&cs_search= HTTP/1.0" 200 7557 "-" "Mozilla/5.0 (compatible; MJ12bot/v1.4.4; http://www.majestic12.co.uk/bot.php?+)"
91.64.157.224 - - [08/Mar/2014:01:22:02 +0100] "GET /news.php?cs_go=archiv&cs_id=4653&cs_search= HTTP/1.0" 200 7521 "-" "Mozilla/5.0 (compatible; MJ12bot/v1.4.4; http://www.majestic12.co.uk/bot.php?+)"
91.64.157.224 - - [08/Mar/2014:01:22:07 +0100] "GET /news.php?cs_go=archiv&cs_id=4747 HTTP/1.0" 200 13330 "-" "Mozilla/5.0 (compatible; MJ12bot/v1.4.4; http://www.majestic12.co.uk/bot.php?+)"
91.64.157.224 - - [08/Mar/2014:01:22:14 +0100] "GET /news.php?cs_go=archiv&cs_id=4773 HTTP/1.0" 200 11615 "-" "Mozilla/5.0 (compatible; MJ12bot/v1.4.4; http://www.majestic12.co.uk/bot.php?+)"
91.64.157.224 - - [08/Mar/2014:01:22:22 +0100] "GET /news.php?cs_go=archiv&cs_id=4774 HTTP/1.0" 200 7413 "-" "Mozilla/5.0 (compatible; MJ12bot/v1.4.4; http://www.majestic12.co.uk/bot.php?+)"
91.64.157.224 - - [08/Mar/2014:01:22:28 +0100] "GET /news.php?cs_go=archiv&cs_id=4775 HTTP/1.0" 200 11726 "-" "Mozilla/5.0 (compatible; MJ12bot/v1.4.4; http://www.majestic12.co.uk/bot.php?+)"
91.64.157.224 - - [08/Mar/2014:01:22:36 +0100] "GET /news.php?cs_go=archiv&cs_startpos=161 HTTP/1.0" 200 20083 "-" "Mozilla/5.0 (compatible; MJ12bot/v1.4.4; http://www.majestic12.co.uk/bot.php?+)"
5.10.83.66 - - [08/Mar/2014:01:27:08 +0100] "GET /lexikon.php?cs_go=2&cs_char=a HTTP/1.1" 200 7367 "-" "Mozilla/5.0 (compatible; AhrefsBot/5.0; +http://ahrefs.com/robot/)"
66.249.65.169 - - [08/Mar/2014:02:04:07 +0100] "GET /index.php HTTP/1.1" 200 14007 "-" "Mozilla/5.0 (iPhone; CPU iPhone OS 6_0 like Mac OS X) AppleWebKit/536.26 (KHTML, like Gecko) Version/6.0 Mobile/10A5376e Safari/8536.25 (compatible; Googlebot/2.1; +http://www.google.com/bot.html)"
157.55.35.93 - - [08/Mar/2014:02:13:44 +0100] "GET /robots.txt HTTP/1.1" 200 177 "-" "Mozilla/5.0 (compatible; bingbot/2.0; +http://www.bing.com/bingbot.htm)"
157.55.35.93 - - [08/Mar/2014:02:22:12 +0100] "GET / HTTP/1.1" 200 14007 "-" "Mozilla/5.0 (compatible; bingbot/2.0; +http://www.bing.com/bingbot.htm)"
66.249.65.201 - - [08/Mar/2014:02:34:08 +0100] "GET /news.php?cs_go=archiv&cs_id=4248 HTTP/1.1" 200 8767 "-" "Mozilla/5.0 (compatible; Googlebot/2.1; +http://www.google.com/bot.html)"
208.115.111.75 - - [08/Mar/2014:02:48:54 +0100] "GET /robots.txt HTTP/1.1" 200 177 "-" "Mozilla/5.0 (compatible; Ezooms/1.0; help@moz.com)"
65.36.241.79 - - [08/Mar/2014:02:52:43 +0100] "HEAD / HTTP/1.1" 200 - "-" "InternetSeer.com"
208.115.111.75 - - [08/Mar/2014:03:16:09 +0100] "GET / HTTP/1.1" 200 14007 "-" "Mozilla/5.0 (compatible; Ezooms/1.0; help@moz.com)"
157.55.35.84 - - [08/Mar/2014:03:45:29 +0100] "GET /robots.txt HTTP/1.1" 200 177 "-" "Mozilla/5.0 (compatible; bingbot/2.0; +http://www.bing.com/bingbot.htm)"
157.55.35.84 - - [08/Mar/2014:03:45:59 +0100] "GET /edl.php HTTP/1.1" 200 8596 "-" "Mozilla/5.0 (compatible; bingbot/2.0; +http://www.bing.com/bingbot.htm)"
5.10.83.30 - - [08/Mar/2014:04:34:27 +0100] "GET /lexikon.php?cs_go=2&cs_char=p HTTP/1.1" 200 6730 "-" "Mozilla/5.0 (compatible; AhrefsBot/5.0; +http://ahrefs.com/robot/)"
5.10.83.27 - - [08/Mar/2014:04:53:42 +0100] "GET /news.php?cs_go=archiv&cs_id=4761&cs_search= HTTP/1.1" 200 8283 "-" "Mozilla/5.0 (compatible; AhrefsBot/5.0; +http://ahrefs.com/robot/)"
66.249.65.137 - - [08/Mar/2014:05:00:16 +0100] "GET /preisanfrage.php HTTP/1.1" 200 8502 "-" "Mozilla/5.0 (compatible; Googlebot/2.1; +http://www.google.com/bot.html)"
208.115.113.91 - - [08/Mar/2014:05:45:31 +0100] "GET /robots.txt HTTP/1.1" 200 177 "-" "Mozilla/5.0 (compatible; Ezooms/1.0; help@moz.com)"
123.125.71.43 - - [08/Mar/2014:05:45:51 +0100] "GET / HTTP/1.1" 200 6600 "-" "Mozilla/5.0 (compatible; Baiduspider/2.0; +http://www.baidu.com/search/spider.html)"
220.181.108.107 - - [08/Mar/2014:05:46:00 +0100] "GET / HTTP/1.1" 200 9433 "-" "Mozilla/5.0 (compatible; Baiduspider/2.0; +http://www.baidu.com/search/spider.html)"
144.76.95.231 - - [08/Mar/2014:05:46:07 +0100] "GET /robots.txt HTTP/1.0" 200 177 "-" "Mozilla/5.0 (compatible; MJ12bot/v1.4.4; http://www.majestic12.co.uk/bot.php?+)"
144.76.95.231 - - [08/Mar/2014:05:46:20 +0100] "GET /news.php?cs_go=archiv&cs_id=4952 HTTP/1.0" 200 11256 "-" "Mozilla/5.0 (compatible; MJ12bot/v1.4.4; http://www.majestic12.co.uk/bot.php?+)"
144.76.95.231 - - [08/Mar/2014:05:46:53 +0100] "GET /news.php?cs_go=archiv&cs_id=5000 HTTP/1.0" 200 7459 "-" "Mozilla/5.0 (compatible; MJ12bot/v1.4.4; http://www.majestic12.co.uk/bot.php?+)"
144.76.95.231 - - [08/Mar/2014:05:46:56 +0100] "GET /news.php?cs_go=archiv&cs_id=5001 HTTP/1.0" 200 7307 "-" "Mozilla/5.0 (compatible; MJ12bot/v1.4.4; http://www.majestic12.co.uk/bot.php?+)"
144.76.95.231 - - [08/Mar/2014:05:47:02 +0100] "GET /news.php?cs_go=archiv&cs_id=5002 HTTP/1.0" 200 11301 "-" "Mozilla/5.0 (compatible; MJ12bot/v1.4.4; http://www.majestic12.co.uk/bot.php?+)"
66.249.65.201 - - [08/Mar/2014:06:13:33 +0100] "GET /news.php?cs_go=archiv&cs_id=4931&cs_search= HTTP/1.1" 200 8107 "-" "Mozilla/5.0 (compatible; Googlebot/2.1; +http://www.google.com/bot.html)"
5.10.83.47 - - [08/Mar/2014:06:18:05 +0100] "GET /lexikon.php?cs_go=3&cs_id=183 HTTP/1.1" 200 6128 "-" "Mozilla/5.0 (compatible; AhrefsBot/5.0; +http://ahrefs.com/robot/)"
66.249.65.137 - - [08/Mar/2014:06:34:08 +0100] "GET /news.php?cs_go=archiv&cs_id=4918 HTTP/1.1" 200 11278 "-" "SAMSUNG-SGH-E250/1.0 Profile/MIDP-2.0 Configuration/CLDC-1.1 UP.Browser/6.2.3.3.c.1.101 (GUI) MMP/2.0 (compatible; Googlebot-Mobile/2.1; +http://www.google.com/bot.html)"
193.111.141.134 - - [08/Mar/2014:06:36:23 +0100] "GET /news.php?cs_go=archiv&cs_id=3713 HTTP/1.1" 200 13433 "-" "Mozilla/5.0 (X11; Linux i686; rv:6.0) Gecko/20100101 Firefox/6.0"
66.249.65.169 - - [08/Mar/2014:06:54:09 +0100] "GET /news.php?cs_go=archiv&cs_id=4158 HTTP/1.1" 200 13761 "-" "Mozilla/5.0 (compatible; Googlebot/2.1; +http://www.google.com/bot.html)"
157.56.229.188 - - [08/Mar/2014:07:01:53 +0100] "GET /robots.txt HTTP/1.1" 200 177 "-" "Mozilla/5.0 (compatible; bingbot/2.0; +http://www.bing.com/bingbot.htm)"
157.55.32.109 - - [08/Mar/2014:07:23:48 +0100] "GET / HTTP/1.1" 200 14007 "-" "Mozilla/5.0 (compatible; bingbot/2.0; +http://www.bing.com/bingbot.htm)"
5.10.83.8 - - [08/Mar/2014:07:24:43 +0100] "GET /faq.php HTTP/1.1" 200 216832 "-" "Mozilla/5.0 (compatible; AhrefsBot/5.0; +http://ahrefs.com/robot/)"
66.249.65.201 - - [08/Mar/2014:07:26:39 +0100] "GET /news.php?cs_go=archiv&cs_id=4670&cs_search= HTTP/1.1" 200 7530 "-" "Mozilla/5.0 (iPhone; CPU iPhone OS 6_0 like Mac OS X) AppleWebKit/536.26 (KHTML, like Gecko) Version/6.0 Mobile/10A5376e Safari/8536.25 (compatible; Googlebot/2.1; +http://www.google.com/bot.html)"
5.10.83.105 - - [08/Mar/2014:07:32:00 +0100] "GET /\"http://www.brennstoffboerse.de/index.php?go=fluessiggas_tank\" HTTP/1.1" 404 - "-" "Mozilla/5.0 (compatible; AhrefsBot/5.0; +http://ahrefs.com/robot/)"
65.36.241.79 - - [08/Mar/2014:08:00:59 +0100] "HEAD / HTTP/1.1" 200 - "-" "InternetSeer.com"
66.249.65.137 - - [08/Mar/2014:08:18:39 +0100] "GET /lexikon.php?cs_go=2&cs_char=i HTTP/1.1" 200 5966 "-" "Mozilla/5.0 (compatible; Googlebot/2.1; +http://www.google.com/bot.html)"
157.55.35.48 - - [08/Mar/2014:08:47:40 +0100] "GET /robots.txt HTTP/1.1" 200 177 "-" "Mozilla/5.0 (compatible; bingbot/2.0; +http://www.bing.com/bingbot.htm)"
208.115.113.91 - - [08/Mar/2014:08:50:06 +0100] "GET /robots.txt HTTP/1.1" 200 177 "-" "Mozilla/5.0 (compatible; Ezooms/1.0; help@moz.com)"
66.249.65.137 - - [08/Mar/2014:08:53:00 +0100] "GET /news.php?cs_go=archiv&cs_id=4572 HTTP/1.1" 200 11817 "-" "Mozilla/5.0 (compatible; Googlebot/2.1; +http://www.google.com/bot.html)"
157.55.35.48 - - [08/Mar/2014:08:53:59 +0100] "GET /news.php?cs_go=archiv&cs_id=4914 HTTP/1.1" 200 7601 "-" "Mozilla/5.0 (compatible; bingbot/2.0; +http://www.bing.com/bingbot.htm)"
66.249.65.201 - - [08/Mar/2014:08:59:00 +0100] "GET /news.php?cs_go=archiv&cs_id=4860&cs_search= HTTP/1.1" 200 7902 "-" "Mozilla/5.0 (iPhone; CPU iPhone OS 6_0 like Mac OS X) AppleWebKit/536.26 (KHTML, like Gecko) Version/6.0 Mobile/10A5376e Safari/8536.25 (compatible; Googlebot/2.1; +http://www.google.com/bot.html)"
5.10.83.54 - - [08/Mar/2014:09:01:21 +0100] "GET /kwk.php?cs_go=1 HTTP/1.1" 200 8447 "-" "Mozilla/5.0 (compatible; AhrefsBot/5.0; +http://ahrefs.com/robot/)"
66.249.65.169 - - [08/Mar/2014:09:13:32 +0100] "GET /lexikon.php?cs_go=2&cs_char=u HTTP/1.1" 200 6308 "-" "Mozilla/5.0 (compatible; Googlebot/2.1; +http://www.google.com/bot.html)"
65.55.52.87 - - [08/Mar/2014:09:53:01 +0100] "GET /optiplus.php HTTP/1.1" 200 8639 "-" "Mozilla/5.0 (compatible; bingbot/2.0; +http://www.bing.com/bingbot.htm)"
14.147.206.56 - - [08/Mar/2014:10:11:39 +0100] "GET /news.php?cs_go=archiv&cs_id=4915 HTTP/1.1" 200 11139 "http://www.mink-gmbh.de/" "Mozilla/5.0 (Windows NT 6.2; WOW64; rv:22.0) Gecko/20100101 Firefox/22.0"
14.147.206.56 - - [08/Mar/2014:10:11:42 +0100] "GET /kwk.php HTTP/1.1" 200 8447 "http://www.mink-gmbh.de/" "Mozilla/5.0 (Windows NT 6.2; WOW64; rv:22.0) Gecko/20100101 Firefox/22.0"
5.10.83.105 - - [08/Mar/2014:10:19:55 +0100] "GET /kontakt.php HTTP/1.1" 200 6966 "-" "Mozilla/5.0 (compatible; AhrefsBot/5.0; +http://ahrefs.com/robot/)"
66.249.73.225 - - [08/Mar/2014:10:30:35 +0100] "GET /preisanfrage.php HTTP/1.1" 200 8502 "-" "DoCoMo/2.0 N905i(c100;TB;W24H16) (compatible; Googlebot-Mobile/2.1; +http://www.google.com/bot.html)"
66.249.65.137 - - [08/Mar/2014:10:46:20 +0100] "GET /news.php?cs_go=archiv&cs_id=4531 HTTP/1.1" 200 13921 "-" "Mozilla/5.0 (iPhone; CPU iPhone OS 6_0 like Mac OS X) AppleWebKit/536.26 (KHTML, like Gecko) Version/6.0 Mobile/10A5376e Safari/8536.25 (compatible; Googlebot/2.1; +http://www.google.com/bot.html)"
5.10.83.66 - - [08/Mar/2014:10:55:47 +0100] "GET /news.php?cs_go=archiv&cs_id=4914&cs_search= HTTP/1.1" 200 7601 "-" "Mozilla/5.0 (compatible; AhrefsBot/5.0; +http://ahrefs.com/robot/)"
208.115.113.91 - - [08/Mar/2014:11:01:49 +0100] "GET /news.php?cs_go=archiv&cs_id=4788&cs_search= HTTP/1.1" 200 10876 "-" "Mozilla/5.0 (compatible; Ezooms/1.0; help@moz.com)"
141.8.147.12 - - [08/Mar/2014:11:18:51 +0100] "GET /robots.txt HTTP/1.1" 200 177 "-" "Mozilla/5.0 (compatible; YandexBot/3.0; +http://yandex.com/bots)"
141.8.147.12 - - [08/Mar/2014:11:23:33 +0100] "GET /news.php?cs_go=archiv&cs_id=5002 HTTP/1.1" 200 11301 "-" "Mozilla/5.0 (compatible; YandexBot/3.0; +http://yandex.com/bots)"
141.8.147.12 - - [08/Mar/2014:11:33:06 +0100] "GET /news.php?cs_go=archiv&cs_id=4946 HTTP/1.1" 200 7562 "-" "Mozilla/5.0 (compatible; YandexBot/3.0; +http://yandex.com/bots)"
141.8.147.12 - - [08/Mar/2014:11:34:57 +0100] "GET /news.php?cs_go=archiv&cs_id=4947 HTTP/1.1" 200 7926 "-" "Mozilla/5.0 (compatible; YandexBot/3.0; +http://yandex.com/bots)"
5.10.83.47 - - [08/Mar/2014:11:42:27 +0100] "GET /lexikon.php?cs_go=3&cs_id=71 HTTP/1.1" 200 6685 "-" "Mozilla/5.0 (compatible; AhrefsBot/5.0; +http://ahrefs.com/robot/)"
123.125.71.33 - - [08/Mar/2014:11:58:43 +0100] "GET / HTTP/1.1" 200 14007 "-" "Mozilla/5.0 (compatible; Baiduspider/2.0; +http://www.baidu.com/search/spider.html)"
220.181.108.77 - - [08/Mar/2014:11:59:27 +0100] "GET / HTTP/1.1" 200 9444 "-" "Mozilla/5.0 (compatible; Baiduspider/2.0; +http://www.baidu.com/search/spider.html)"
217.86.196.40 - - [08/Mar/2014:12:32:36 +0100] "GET / HTTP/1.1" 200 14007 "-" "-"
217.86.196.40 - - [08/Mar/2014:12:32:36 +0100] "GET / HTTP/1.1" 200 14007 "-" "-"
217.86.196.40 - - [08/Mar/2014:12:32:37 +0100] "GET / HTTP/1.1" 200 14007 "http://www.google.de/" "finbot"
