85.178.196.177 - - [03/Mar/2014:22:40:52 +0100] "GET /images/freecall.jpg HTTP/1.1" 200 39195 "http://www.mink-gmbh.de/" "Mozilla/5.0 (Macintosh; Intel Mac OS X 10.9; rv:27.0) Gecko/20100101 Firefox/27.0"
85.178.196.177 - - [03/Mar/2014:22:40:52 +0100] "GET /images/mail.jpg HTTP/1.1" 200 12099 "http://www.mink-gmbh.de/" "Mozilla/5.0 (Macintosh; Intel Mac OS X 10.9; rv:27.0) Gecko/20100101 Firefox/27.0"
85.178.196.177 - - [03/Mar/2014:22:40:52 +0100] "GET /images/kwk.gif HTTP/1.1" 200 6403 "http://www.mink-gmbh.de/" "Mozilla/5.0 (Macintosh; Intel Mac OS X 10.9; rv:27.0) Gecko/20100101 Firefox/27.0"
85.178.196.177 - - [03/Mar/2014:22:40:52 +0100] "GET /images/wunschpreis.jpg HTTP/1.1" 200 16767 "http://www.mink-gmbh.de/" "Mozilla/5.0 (Macintosh; Intel Mac OS X 10.9; rv:27.0) Gecko/20100101 Firefox/27.0"
85.178.196.177 - - [03/Mar/2014:22:40:52 +0100] "GET /images/logos.jpg?cache2560 HTTP/1.1" 200 35043 "http://www.mink-gmbh.de/" "Mozilla/5.0 (Macintosh; Intel Mac OS X 10.9; rv:27.0) Gecko/20100101 Firefox/27.0"
85.178.196.177 - - [03/Mar/2014:22:40:52 +0100] "GET /js_contentserver24_greybox/w_close.gif HTTP/1.1" 200 74 "http://www.mink-gmbh.de/" "Mozilla/5.0 (Macintosh; Intel Mac OS X 10.9; rv:27.0) Gecko/20100101 Firefox/27.0"
85.178.196.177 - - [03/Mar/2014:22:40:52 +0100] "GET /images/close.png HTTP/1.1" 200 703 "http://www.mink-gmbh.de/" "Mozilla/5.0 (Macintosh; Intel Mac OS X 10.9; rv:27.0) Gecko/20100101 Firefox/27.0"
85.178.196.177 - - [03/Mar/2014:22:40:52 +0100] "GET /images/newsletter_bg.jpg HTTP/1.1" 200 33610 "http://www.mink-gmbh.de/" "Mozilla/5.0 (Macintosh; Intel Mac OS X 10.9; rv:27.0) Gecko/20100101 Firefox/27.0"
85.178.196.177 - - [03/Mar/2014:22:40:52 +0100] "GET /images/newsletter.png HTTP/1.1" 200 14619 "http://www.mink-gmbh.de/style.css" "Mozilla/5.0 (Macintosh; Intel Mac OS X 10.9; rv:27.0) Gecko/20100101 Firefox/27.0"
85.178.196.177 - - [03/Mar/2014:22:40:52 +0100] "GET /images/wrapperbg.jpg HTTP/1.1" 200 27465 "http://www.mink-gmbh.de/style.css" "Mozilla/5.0 (Macintosh; Intel Mac OS X 10.9; rv:27.0) Gecko/20100101 Firefox/27.0"
85.178.196.177 - - [03/Mar/2014:22:40:52 +0100] "GET /images/header.jpg HTTP/1.1" 200 25189 "http://www.mink-gmbh.de/style.css" "Mozilla/5.0 (Macintosh; Intel Mac OS X 10.9; rv:27.0) Gecko/20100101 Firefox/27.0"
85.178.196.177 - - [03/Mar/2014:22:40:52 +0100] "GET /images/navibg.png HTTP/1.1" 200 2803 "http://www.mink-gmbh.de/style.css" "Mozilla/5.0 (Macintosh; Intel Mac OS X 10.9; rv:27.0) Gecko/20100101 Firefox/27.0"
85.178.196.177 - - [03/Mar/2014:22:40:52 +0100] "GET /images/steigend.png HTTP/1.1" 200 688 "http://www.mink-gmbh.de/modul.css" "Mozilla/5.0 (Macintosh; Intel Mac OS X 10.9; rv:27.0) Gecko/20100101 Firefox/27.0"
85.178.196.177 - - [03/Mar/2014:22:40:52 +0100] "GET /images/fallend.png HTTP/1.1" 200 713 "http://www.mink-gmbh.de/modul.css" "Mozilla/5.0 (Macintosh; Intel Mac OS X 10.9; rv:27.0) Gecko/20100101 Firefox/27.0"
85.178.196.177 - - [03/Mar/2014:22:40:52 +0100] "GET /images/mobil.jpg HTTP/1.1" 200 25293 "http://www.mink-gmbh.de/style.css" "Mozilla/5.0 (Macintosh; Intel Mac OS X 10.9; rv:27.0) Gecko/20100101 Firefox/27.0"
85.178.196.177 - - [03/Mar/2014:22:40:52 +0100] "GET /images/newsletter.jpg HTTP/1.1" 200 13130 "http://www.mink-gmbh.de/style.css" "Mozilla/5.0 (Macintosh; Intel Mac OS X 10.9; rv:27.0) Gecko/20100101 Firefox/27.0"
85.178.196.177 - - [03/Mar/2014:22:40:52 +0100] "GET /images/footerbg.jpg HTTP/1.1" 200 2184 "http://www.mink-gmbh.de/style.css" "Mozilla/5.0 (Macintosh; Intel Mac OS X 10.9; rv:27.0) Gecko/20100101 Firefox/27.0"
85.178.196.177 - - [03/Mar/2014:22:40:52 +0100] "GET /js_contentserver24_greybox/loader_frame.html?s=0 HTTP/1.1" 200 2084 "http://www.mink-gmbh.de/" "Mozilla/5.0 (Macintosh; Intel Mac OS X 10.9; rv:27.0) Gecko/20100101 Firefox/27.0"
85.178.196.177 - - [03/Mar/2014:22:40:52 +0100] "GET /js_contentserver24_greybox/header_bg.gif HTTP/1.1" 200 1188 "http://www.mink-gmbh.de/" "Mozilla/5.0 (Macintosh; Intel Mac OS X 10.9; rv:27.0) Gecko/20100101 Firefox/27.0"
85.178.196.177 - - [03/Mar/2014:22:40:52 +0100] "GET /js_contentserver24_greybox/indicator.gif HTTP/1.1" 200 8238 "http://www.mink-gmbh.de/js_contentserver24_greybox/loader_frame.html?s=0" "Mozilla/5.0 (Macintosh; Intel Mac OS X 10.9; rv:27.0) Gecko/20100101 Firefox/27.0"
85.178.196.177 - - [03/Mar/2014:22:40:53 +0100] "GET /js_contentserver24_greybox/g_close.gif HTTP/1.1" 200 541 "http://www.mink-gmbh.de/" "Mozilla/5.0 (Macintosh; Intel Mac OS X 10.9; rv:27.0) Gecko/20100101 Firefox/27.0"
85.178.196.177 - - [03/Mar/2014:22:41:06 +0100] "GET /standard.php HTTP/1.1" 200 6770 "http://www.mink-gmbh.de/" "Mozilla/5.0 (Macintosh; Intel Mac OS X 10.9; rv:27.0) Gecko/20100101 Firefox/27.0"
85.178.196.177 - - [03/Mar/2014:22:41:07 +0100] "GET /images/logos.jpg HTTP/1.1" 200 35043 "http://www.mink-gmbh.de/standard.php" "Mozilla/5.0 (Macintosh; Intel Mac OS X 10.9; rv:27.0) Gecko/20100101 Firefox/27.0"
85.178.196.177 - - [03/Mar/2014:22:41:10 +0100] "GET /preisanfrage.php HTTP/1.1" 200 8502 "http://www.mink-gmbh.de/standard.php" "Mozilla/5.0 (Macintosh; Intel Mac OS X 10.9; rv:27.0) Gecko/20100101 Firefox/27.0"
85.178.196.177 - - [03/Mar/2014:22:41:24 +0100] "GET /wunschpreis.php HTTP/1.1" 200 10237 "http://www.mink-gmbh.de/preisanfrage.php" "Mozilla/5.0 (Macintosh; Intel Mac OS X 10.9; rv:27.0) Gecko/20100101 Firefox/27.0"
85.178.196.177 - - [03/Mar/2014:22:43:05 +0100] "GET /preisanfrage.php HTTP/1.1" 200 8502 "http://www.mink-gmbh.de/wunschpreis.php" "Mozilla/5.0 (Macintosh; Intel Mac OS X 10.9; rv:27.0) Gecko/20100101 Firefox/27.0"
85.178.196.177 - - [03/Mar/2014:22:43:06 +0100] "GET /index.php HTTP/1.1" 200 13210 "http://www.mink-gmbh.de/preisanfrage.php" "Mozilla/5.0 (Macintosh; Intel Mac OS X 10.9; rv:27.0) Gecko/20100101 Firefox/27.0"
85.178.196.177 - - [03/Mar/2014:22:43:07 +0100] "GET /images/logos.jpg?cache5797 HTTP/1.1" 200 35043 "http://www.mink-gmbh.de/index.php" "Mozilla/5.0 (Macintosh; Intel Mac OS X 10.9; rv:27.0) Gecko/20100101 Firefox/27.0"
208.115.111.75 - - [03/Mar/2014:22:47:08 +0100] "GET /robots.txt HTTP/1.1" 200 177 "-" "Mozilla/5.0 (compatible; Ezooms/1.0; help@moz.com)"
65.36.241.79 - - [03/Mar/2014:23:07:00 +0100] "HEAD / HTTP/1.1" 200 - "-" "InternetSeer.com"
5.10.83.68 - - [03/Mar/2014:23:10:24 +0100] "GET /lexikon.php?cs_go=3&cs_id=17 HTTP/1.1" 200 6025 "-" "Mozilla/5.0 (compatible; AhrefsBot/5.0; +http://ahrefs.com/robot/)"
141.8.147.12 - - [03/Mar/2014:23:28:26 +0100] "GET /robots.txt HTTP/1.1" 200 177 "-" "Mozilla/5.0 (compatible; YandexBot/3.0; +http://yandex.com/bots)"
66.249.65.137 - - [03/Mar/2014:23:31:58 +0100] "GET /news.php?cs_go=archiv&cs_id=4928&cs_search= HTTP/1.1" 200 8042 "-" "Mozilla/5.0 (compatible; Googlebot/2.1; +http://www.google.com/bot.html)"
108.59.8.80 - - [03/Mar/2014:23:50:28 +0100] "GET /robots.txt HTTP/1.0" 200 177 "-" "Mozilla/5.0 (compatible; MJ12bot/v1.4.4; http://www.majestic12.co.uk/bot.php?+)"
108.59.8.80 - - [03/Mar/2014:23:50:29 +0100] "GET / HTTP/1.0" 200 13950 "-" "Mozilla/5.0 (compatible; MJ12bot/v1.4.4; http://www.majestic12.co.uk/bot.php?+)"
66.249.65.169 - - [04/Mar/2014:00:16:16 +0100] "GET /news.php?cs_go=archiv&cs_id=4737 HTTP/1.1" 200 7515 "-" "Mozilla/5.0 (compatible; Googlebot/2.1; +http://www.google.com/bot.html)"
208.115.111.75 - - [04/Mar/2014:00:36:45 +0100] "GET /news.php HTTP/1.1" 200 19885 "-" "Mozilla/5.0 (compatible; Ezooms/1.0; help@moz.com)"
208.115.113.91 - - [04/Mar/2014:01:03:53 +0100] "GET /robots.txt HTTP/1.1" 200 177 "-" "Mozilla/5.0 (compatible; Ezooms/1.0; help@moz.com)"
66.249.65.169 - - [04/Mar/2014:01:11:13 +0100] "GET /lexikon.php?cs_go=3&cs_id=121 HTTP/1.1" 200 5937 "-" "Mozilla/5.0 (iPhone; CPU iPhone OS 6_0 like Mac OS X) AppleWebKit/536.26 (KHTML, like Gecko) Version/6.0 Mobile/10A5376e Safari/8536.25 (compatible; Googlebot/2.1; +http://www.google.com/bot.html)"
66.249.65.137 - - [04/Mar/2014:01:49:46 +0100] "GET /news.php?cs_go=archiv&cs_id=4856&cs_search= HTTP/1.1" 200 10263 "-" "Mozilla/5.0 (iPhone; CPU iPhone OS 6_0 like Mac OS X) AppleWebKit/536.26 (KHTML, like Gecko) Version/6.0 Mobile/10A5376e Safari/8536.25 (compatible; Googlebot/2.1; +http://www.google.com/bot.html)"
5.10.83.7 - - [04/Mar/2014:01:50:11 +0100] "GET /lexikon.php?cs_go=3&cs_id=49 HTTP/1.1" 200 6699 "-" "Mozilla/5.0 (compatible; AhrefsBot/5.0; +http://ahrefs.com/robot/)"
66.249.65.137 - - [04/Mar/2014:01:59:40 +0100] "GET /news.php?cs_go=archiv&cs_id=4745 HTTP/1.1" 200 10004 "-" "Mozilla/5.0 (compatible; Googlebot/2.1; +http://www.google.com/bot.html)"
66.249.65.137 - - [04/Mar/2014:02:03:35 +0100] "GET /news.php?cs_go=archiv&cs_id=4930&cs_search= HTTP/1.1" 200 7369 "-" "Mozilla/5.0 (compatible; Googlebot/2.1; +http://www.google.com/bot.html)"
141.8.147.12 - - [04/Mar/2014:02:04:29 +0100] "GET /faq.php HTTP/1.1" 200 216832 "-" "Mozilla/5.0 (compatible; YandexBot/3.0; +http://yandex.com/bots)"
5.10.83.19 - - [04/Mar/2014:02:16:45 +0100] "GET /lexikon.php?cs_go=3&cs_id=148 HTTP/1.1" 200 6084 "-" "Mozilla/5.0 (compatible; AhrefsBot/5.0; +http://ahrefs.com/robot/)"
78.158.11.226 - - [04/Mar/2014:02:30:56 +0100] "GET /kwk.php HTTP/1.1" 200 8447 "-" "Lynx/2.8.5rel.1 libwww-FM/2.15FC SSL-MM/1.4.1c OpenSSL/0.9.7e-dev"
78.158.11.226 - - [04/Mar/2014:02:30:56 +0100] "GET /kwk.php HTTP/1.1" 200 3576 "http://www.google.com/url?sa=t&rct=j&q=www.mink-gmbh.de&source=web&cd=5&ved=0CF0QFjAE&url=http:%2F%2Fwww.mink-gmbh.de%2Fkwk.php&cad=rja" "Lynx/2.8.5rel.1 libwww-FM/2.15FC SSL-MM/1.4.1c OpenSSL/0.9.7e-dev"
78.158.11.226 - - [04/Mar/2014:02:30:56 +0100] "GET /index.php HTTP/1.1" 200 13950 "-" "Lynx/2.8.5rel.1 libwww-FM/2.15FC SSL-MM/1.4.1c OpenSSL/0.9.7e-dev"
208.115.111.75 - - [04/Mar/2014:02:48:48 +0100] "GET /robots.txt HTTP/1.1" 200 177 "-" "Mozilla/5.0 (compatible; Ezooms/1.0; help@moz.com)"
208.115.113.91 - - [04/Mar/2014:03:14:10 +0100] "GET /index.php HTTP/1.1" 200 13950 "-" "Mozilla/5.0 (compatible; Ezooms/1.0; help@moz.com)"
208.115.113.91 - - [04/Mar/2014:03:14:14 +0100] "GET /lexikon.php?cs_go=2&cs_char=c HTTP/1.1" 200 6400 "-" "Mozilla/5.0 (compatible; Ezooms/1.0; help@moz.com)"
80.153.101.65 - - [04/Mar/2014:03:15:35 +0100] "GET / HTTP/1.1" 200 13950 "-" "Mozilla/4.0 (Compatible; Windows NT 5.1; MSIE 6.0) (compatible; MSIE 6.0; Windows NT 5.1; .NET CLR 1.1.4322; .NET CLR 2.0.50727)"
65.36.241.76 - - [04/Mar/2014:04:31:28 +0100] "GET / HTTP/1.1" 200 13950 "-" "InternetSeer.com"
65.36.241.76 - - [04/Mar/2014:04:31:59 +0100] "GET / HTTP/1.1" 200 13950 "-" "InternetSeer.com"
65.36.241.76 - - [04/Mar/2014:04:32:00 +0100] "GET / HTTP/1.1" 200 13950 "-" "InternetSeer.com"
78.158.11.226 - - [04/Mar/2014:04:36:01 +0100] "GET / HTTP/1.1" 200 13950 "-" "Lynx/2.8.5rel.1 libwww-FM/2.15FC SSL-MM/1.4.1c OpenSSL/0.9.7e-dev"
78.158.11.226 - - [04/Mar/2014:04:36:02 +0100] "GET / HTTP/1.1" 200 3575 "http://www.google.com/url?sa=t&rct=j&q=www.mink-gmbh.de&source=web&cd=5&ved=0CF0QFjAE&url=http:%2F%2Fwww.mink-gmbh.de%2F&cad=rja" "Lynx/2.8.5rel.1 libwww-FM/2.15FC SSL-MM/1.4.1c OpenSSL/0.9.7e-dev"
78.158.11.226 - - [04/Mar/2014:04:36:03 +0100] "GET /../images/logos.jpg?cache1498 HTTP/1.1" 404 - "-" "Lynx/2.8.5rel.1 libwww-FM/2.15FC SSL-MM/1.4.1c OpenSSL/0.9.7e-dev"
208.115.111.75 - - [04/Mar/2014:04:38:01 +0100] "GET /news.php?cs_go=archiv&cs_startpos=140 HTTP/1.1" 200 20381 "-" "Mozilla/5.0 (compatible; Ezooms/1.0; help@moz.com)"
66.249.65.169 - - [04/Mar/2014:04:42:29 +0100] "GET /robots.txt HTTP/1.1" 200 177 "-" "Mozilla/5.0 (compatible; Googlebot/2.1; +http://www.google.com/bot.html)"
5.10.83.52 - - [04/Mar/2014:04:50:23 +0100] "GET /news.php?cs_go=archiv&cs_id=4888&cs_search= HTTP/1.1" 200 11224 "-" "Mozilla/5.0 (compatible; AhrefsBot/5.0; +http://ahrefs.com/robot/)"
208.115.113.91 - - [04/Mar/2014:04:57:59 +0100] "GET /robots.txt HTTP/1.1" 200 177 "-" "Mozilla/5.0 (compatible; Ezooms/1.0; help@moz.com)"
5.10.83.23 - - [04/Mar/2014:05:19:58 +0100] "GET /news.php?cs_go=archiv&cs_id=4729&cs_search= HTTP/1.1" 200 8331 "-" "Mozilla/5.0 (compatible; AhrefsBot/5.0; +http://ahrefs.com/robot/)"
5.10.83.23 - - [04/Mar/2014:05:27:04 +0100] "GET /lexikon.php?cs_go=3&cs_id=205 HTTP/1.1" 200 5863 "-" "Mozilla/5.0 (compatible; AhrefsBot/5.0; +http://ahrefs.com/robot/)"
5.10.83.29 - - [04/Mar/2014:05:29:59 +0100] "GET /lexikon.php?cs_go=3&cs_id=211 HTTP/1.1" 200 6127 "-" "Mozilla/5.0 (compatible; AhrefsBot/5.0; +http://ahrefs.com/robot/)"
66.249.65.137 - - [04/Mar/2014:05:32:29 +0100] "GET /news.php?cs_go=archiv&cs_id=4927&cs_search= HTTP/1.1" 200 7462 "-" "Mozilla/5.0 (compatible; Googlebot/2.1; +http://www.google.com/bot.html)"
5.10.83.23 - - [04/Mar/2014:05:52:51 +0100] "GET /news.php?cs_go=archiv&cs_id=4837&cs_search= HTTP/1.1" 200 11721 "-" "Mozilla/5.0 (compatible; AhrefsBot/5.0; +http://ahrefs.com/robot/)"
66.249.65.201 - - [04/Mar/2014:06:05:29 +0100] "GET /news.php?cs_go=archiv&cs_id=4186&cs_search= HTTP/1.1" 200 8264 "-" "SAMSUNG-SGH-E250/1.0 Profile/MIDP-2.0 Configuration/CLDC-1.1 UP.Browser/6.2.3.3.c.1.101 (GUI) MMP/2.0 (compatible; Googlebot-Mobile/2.1; +http://www.google.com/bot.html)"
66.249.65.201 - - [04/Mar/2014:06:11:10 +0100] "GET /images/tkw.jpg HTTP/1.1" 304 - "-" "Googlebot-Image/1.0"
5.10.83.23 - - [04/Mar/2014:06:26:46 +0100] "GET /news.php?cs_go=archiv&cs_startpos=0 HTTP/1.1" 200 19885 "-" "Mozilla/5.0 (compatible; AhrefsBot/5.0; +http://ahrefs.com/robot/)"
5.199.136.130 - - [04/Mar/2014:06:29:09 +0100] "GET /robots.txt HTTP/1.1" 200 177 "-" "Mozilla/5.0 (compatible; waybackarchive.org/1.0; +spider@waybackarchive.org)"
5.199.136.130 - - [04/Mar/2014:06:29:10 +0100] "GET /images/logos.jpg?cache9769 HTTP/1.1" 200 35043 "-" "Mozilla/5.0 (compatible; waybackarchive.org/1.0; +spider@waybackarchive.org)"
141.8.147.12 - - [04/Mar/2014:06:31:24 +0100] "GET /images/freecall.jpg HTTP/1.1" 200 39195 "-" "Mozilla/5.0 (compatible; YandexBot/3.0; +http://yandex.com/bots)"
5.10.83.19 - - [04/Mar/2014:06:49:53 +0100] "GET /news.php?cs_go=archiv&cs_id=4738&cs_search= HTTP/1.1" 200 11728 "-" "Mozilla/5.0 (compatible; AhrefsBot/5.0; +http://ahrefs.com/robot/)"
5.10.83.7 - - [04/Mar/2014:06:57:08 +0100] "GET /news.php?cs_go=archiv&cs_startpos=120 HTTP/1.1" 200 20453 "-" "Mozilla/5.0 (compatible; AhrefsBot/5.0; +http://ahrefs.com/robot/)"
5.10.83.52 - - [04/Mar/2014:06:57:40 +0100] "GET /lexikon.php?cs_go=3&cs_id=138 HTTP/1.1" 200 6468 "-" "Mozilla/5.0 (compatible; AhrefsBot/5.0; +http://ahrefs.com/robot/)"
208.115.113.91 - - [04/Mar/2014:07:01:31 +0100] "GET /lexikon.php?cs_go=2&cs_char=a HTTP/1.1" 200 7367 "-" "Mozilla/5.0 (compatible; Ezooms/1.0; help@moz.com)"
5.199.136.130 - - [04/Mar/2014:07:28:26 +0100] "GET /images/logos.jpg?cache7939 HTTP/1.1" 200 35043 "-" "Mozilla/5.0 (compatible; waybackarchive.org/1.0; +spider@waybackarchive.org)"
66.249.73.9 - - [04/Mar/2014:07:41:52 +0100] "GET /index.php HTTP/1.1" 200 13950 "-" "Mozilla/5.0 (iPhone; CPU iPhone OS 6_0 like Mac OS X) AppleWebKit/536.26 (KHTML, like Gecko) Version/6.0 Mobile/10A5376e Safari/8536.25 (compatible; Googlebot/2.1; +http://www.google.com/bot.html)"
66.249.65.201 - - [04/Mar/2014:07:44:54 +0100] "GET /style.css HTTP/1.1" 200 8402 "-" "Mozilla/5.0 (compatible; Googlebot/2.1; +http://www.google.com/bot.html)"
66.249.65.201 - - [04/Mar/2014:07:44:55 +0100] "GET /js_contentserver24_greybox/gb_styles.css HTTP/1.1" 200 2302 "-" "Mozilla/5.0 (compatible; Googlebot/2.1; +http://www.google.com/bot.html)"
66.249.65.169 - - [04/Mar/2014:07:44:55 +0100] "GET /modul.css HTTP/1.1" 200 35038 "-" "Mozilla/5.0 (compatible; Googlebot/2.1; +http://www.google.com/bot.html)"
157.56.92.176 - - [04/Mar/2014:08:53:00 +0100] "GET /robots.txt HTTP/1.1" 200 177 "-" "Mozilla/5.0 (compatible; bingbot/2.0; +http://www.bing.com/bingbot.htm)"
157.56.92.176 - - [04/Mar/2014:08:53:51 +0100] "GET /news.php?cs_go=archiv&cs_id=4783 HTTP/1.1" 200 8046 "-" "Mozilla/5.0 (compatible; bingbot/2.0; +http://www.bing.com/bingbot.htm)"
5.10.83.8 - - [04/Mar/2014:09:00:08 +0100] "GET /news.php?cs_go=archiv&cs_id=4854&cs_search= HTTP/1.1" 200 8036 "-" "Mozilla/5.0 (compatible; AhrefsBot/5.0; +http://ahrefs.com/robot/)"
208.115.113.91 - - [04/Mar/2014:09:04:20 +0100] "GET /robots.txt HTTP/1.1" 200 177 "-" "Mozilla/5.0 (compatible; Ezooms/1.0; help@moz.com)"
5.10.83.19 - - [04/Mar/2014:09:15:59 +0100] "GET /lexikon.php?cs_go=2&cs_char=v HTTP/1.1" 200 6681 "-" "Mozilla/5.0 (compatible; AhrefsBot/5.0; +http://ahrefs.com/robot/)"
5.10.83.68 - - [04/Mar/2014:09:18:06 +0100] "GET /news.php?cs_go=archiv&cs_id=4689&cs_search= HTTP/1.1" 200 9366 "-" "Mozilla/5.0 (compatible; AhrefsBot/5.0; +http://ahrefs.com/robot/)"
5.10.83.8 - - [04/Mar/2014:09:25:39 +0100] "GET /news.php?cs_go=archiv&cs_id=4919 HTTP/1.1" 200 7528 "-" "Mozilla/5.0 (compatible; AhrefsBot/5.0; +http://ahrefs.com/robot/)"
157.56.229.190 - - [04/Mar/2014:09:32:14 +0100] "GET /news.php?cs_go=archiv&cs_id=4688&cs_search= HTTP/1.1" 200 8556 "-" "Mozilla/5.0 (compatible; bingbot/2.0; +http://www.bing.com/bingbot.htm)"
141.8.147.12 - - [04/Mar/2014:09:34:07 +0100] "GET /news.php?cs_go=archiv&cs_id=4931 HTTP/1.1" 200 8107 "-" "Mozilla/5.0 (compatible; YandexBot/3.0; +http://yandex.com/bots)"
66.249.73.240 - - [04/Mar/2014:09:52:31 +0100] "GET /news.php?cs_go=archiv&cs_id=4921&cs_search= HTTP/1.1" 200 11180 "-" "Mozilla/5.0 (compatible; Googlebot/2.1; +http://www.google.com/bot.html)"
5.10.83.7 - - [04/Mar/2014:10:14:13 +0100] "GET /lexikon.php?cs_go=2&cs_char=d HTTP/1.1" 200 6985 "-" "Mozilla/5.0 (compatible; AhrefsBot/5.0; +http://ahrefs.com/robot/)"
66.249.65.137 - - [04/Mar/2014:10:28:18 +0100] "GET /news.php?cs_go=archiv&cs_id=4914 HTTP/1.1" 200 7601 "-" "Mozilla/5.0 (iPhone; CPU iPhone OS 6_0 like Mac OS X) AppleWebKit/536.26 (KHTML, like Gecko) Version/6.0 Mobile/10A5376e Safari/8536.25 (compatible; Googlebot/2.1; +http://www.google.com/bot.html)"
87.178.129.146 - - [04/Mar/2014:10:34:17 +0100] "GET / HTTP/1.1" 200 6594 "-" "Mozilla/5.0 (iPad; CPU OS 7_0_6 like Mac OS X) AppleWebKit/537.51.1 (KHTML, like Gecko) Version/7.0 Mobile/11B651 Safari/9537.53"
123.125.71.36 - - [04/Mar/2014:10:48:39 +0100] "GET / HTTP/1.1" 200 6594 "-" "Mozilla/5.0 (compatible; Baiduspider/2.0; +http://www.baidu.com/search/spider.html)"
220.181.108.110 - - [04/Mar/2014:10:52:04 +0100] "GET / HTTP/1.1" 200 10417 "-" "Mozilla/5.0 (compatible; Baiduspider/2.0; +http://www.baidu.com/search/spider.html)"
66.249.65.201 - - [04/Mar/2014:10:52:34 +0100] "GET /news.php?cs_go=archiv&cs_id=4920&cs_search= HTTP/1.1" 200 8726 "-" "Mozilla/5.0 (compatible; Googlebot/2.1; +http://www.google.com/bot.html)"
208.115.111.75 - - [04/Mar/2014:10:53:13 +0100] "GET /robots.txt HTTP/1.1" 200 177 "-" "Mozilla/5.0 (compatible; Ezooms/1.0; help@moz.com)"
5.199.136.130 - - [04/Mar/2014:11:13:56 +0100] "GET /content/encyclopedia/images/1_023.jpg HTTP/1.1" 404 - "-" "Mozilla/5.0 (compatible; waybackarchive.org/1.0; +spider@waybackarchive.org)"
157.55.32.113 - - [04/Mar/2014:11:25:25 +0100] "GET /robots.txt HTTP/1.1" 200 177 "-" "Mozilla/5.0 (compatible; bingbot/2.0; +http://www.bing.com/bingbot.htm)"
208.115.113.91 - - [04/Mar/2014:11:26:17 +0100] "GET /news.php?cs_go=archiv&cs_startpos=100 HTTP/1.1" 200 20301 "-" "Mozilla/5.0 (compatible; Ezooms/1.0; help@moz.com)"
5.10.83.69 - - [04/Mar/2014:11:26:50 +0100] "GET /diesel.php HTTP/1.1" 200 8192 "-" "Mozilla/5.0 (compatible; AhrefsBot/5.0; +http://ahrefs.com/robot/)"
5.10.83.54 - - [04/Mar/2014:11:37:58 +0100] "GET /news.php?cs_go=archiv&cs_startpos=150 HTTP/1.1" 200 20326 "-" "Mozilla/5.0 (compatible; AhrefsBot/5.0; +http://ahrefs.com/robot/)"
141.8.147.12 - - [04/Mar/2014:11:40:02 +0100] "GET /robots.txt HTTP/1.1" 200 177 "-" "Mozilla/5.0 (compatible; YandexBot/3.0; +http://yandex.com/bots)"
66.249.65.169 - - [04/Mar/2014:11:41:30 +0100] "GET /news.php?cs_go=archiv&cs_id=4820&cs_search= HTTP/1.1" 200 9758 "-" "Mozilla/5.0 (iPhone; CPU iPhone OS 6_0 like Mac OS X) AppleWebKit/536.26 (KHTML, like Gecko) Version/6.0 Mobile/10A5376e Safari/8536.25 (compatible; Googlebot/2.1; +http://www.google.com/bot.html)"
157.55.32.113 - - [04/Mar/2014:11:46:22 +0100] "GET / HTTP/1.1" 200 13931 "-" "Mozilla/5.0 (compatible; bingbot/2.0; +http://www.bing.com/bingbot.htm)"
66.249.73.235 - - [04/Mar/2014:11:57:45 +0100] "GET /index.php HTTP/1.1" 200 13931 "-" "SAMSUNG-SGH-E250/1.0 Profile/MIDP-2.0 Configuration/CLDC-1.1 UP.Browser/6.2.3.3.c.1.101 (GUI) MMP/2.0 (compatible; Googlebot-Mobile/2.1; +http://www.google.com/bot.html)"
5.10.83.8 - - [04/Mar/2014:12:25:38 +0100] "GET /news.php?cs_go=archiv&cs_startpos=161 HTTP/1.1" 200 20239 "-" "Mozilla/5.0 (compatible; AhrefsBot/5.0; +http://ahrefs.com/robot/)"
65.36.241.79 - - [04/Mar/2014:12:39:31 +0100] "HEAD / HTTP/1.1" 200 - "-" "InternetSeer.com"
82.94.179.38 - - [04/Mar/2014:12:51:03 +0100] "GET /robots.txt HTTP/1.0" 200 177 "-" "Mozilla/4.0 (compatible; Freshbot/1.0/EU; http://webagent.wise-guys.nl/)"
82.94.179.38 - - [04/Mar/2014:12:51:03 +0100] "GET / HTTP/1.1" 200 13931 "-" "Mozilla/5.0 (X11; Linux i686; rv:6.0) Gecko/20100101 Firefox/6.0 (Freshbot/1.0/EU; http://webagent.wise-guys.nl/)"
82.94.179.38 - - [04/Mar/2014:12:51:10 +0100] "GET /news.php?cs_go=archiv&cs_id=4940 HTTP/1.1" 200 7743 "-" "Mozilla/5.0 (X11; Linux i686; rv:6.0) Gecko/20100101 Firefox/6.0 (Freshbot/1.0/EU; http://webagent.wise-guys.nl/)"
82.94.179.38 - - [04/Mar/2014:12:51:11 +0100] "GET /news.php?cs_go=archiv&cs_id=4939 HTTP/1.1" 200 7487 "-" "Mozilla/5.0 (X11; Linux i686; rv:6.0) Gecko/20100101 Firefox/6.0 (Freshbot/1.0/EU; http://webagent.wise-guys.nl/)"
82.94.179.38 - - [04/Mar/2014:12:51:16 +0100] "GET /news.php?cs_go=archiv&cs_id=4934 HTTP/1.1" 200 11688 "-" "Mozilla/5.0 (X11; Linux i686; rv:6.0) Gecko/20100101 Firefox/6.0 (Freshbot/1.0/EU; http://webagent.wise-guys.nl/)"
208.115.111.75 - - [04/Mar/2014:12:59:31 +0100] "GET /news.php?cs_go=archiv&cs_id=4780&cs_search= HTTP/1.1" 200 7672 "-" "Mozilla/5.0 (compatible; Ezooms/1.0; help@moz.com)"
5.10.83.44 - - [04/Mar/2014:13:33:24 +0100] "GET /lexikon.php?cs_go=3&cs_id=67 HTTP/1.1" 200 6190 "-" "Mozilla/5.0 (compatible; AhrefsBot/5.0; +http://ahrefs.com/robot/)"
107.170.42.130 - - [04/Mar/2014:13:38:40 +0100] "GET /robots.txt HTTP/1.1" 200 177 "-" "Mozilla/5.0 (compatible; spbot/4.0.7; +http://OpenLinkProfiler.org/bot )"
107.170.42.130 - - [04/Mar/2014:13:38:44 +0100] "GET / HTTP/1.1" 200 13931 "-" "Mozilla/5.0 (compatible; spbot/4.0.7; +http://OpenLinkProfiler.org/bot )"
107.170.42.130 - - [04/Mar/2014:13:38:46 +0100] "GET /kwk.php HTTP/1.1" 200 8447 "http://www.mink-gmbh.de/" "Mozilla/5.0 (compatible; spbot/4.0.7; +http://OpenLinkProfiler.org/bot )"
107.170.42.130 - - [04/Mar/2014:13:38:50 +0100] "GET /faq.php HTTP/1.1" 200 216832 "http://www.mink-gmbh.de/kwk.php" "Mozilla/5.0 (compatible; spbot/4.0.7; +http://OpenLinkProfiler.org/bot )"
107.170.42.130 - - [04/Mar/2014:13:38:54 +0100] "GET /edl.php HTTP/1.1" 200 8596 "http://www.mink-gmbh.de/kwk.php" "Mozilla/5.0 (compatible; spbot/4.0.7; +http://OpenLinkProfiler.org/bot )"
107.170.42.130 - - [04/Mar/2014:13:38:59 +0100] "GET /agb.php HTTP/1.1" 200 17543 "http://www.mink-gmbh.de/" "Mozilla/5.0 (compatible; spbot/4.0.7; +http://OpenLinkProfiler.org/bot )"
107.170.42.130 - - [04/Mar/2014:13:39:04 +0100] "GET /news.php HTTP/1.1" 200 19878 "http://www.mink-gmbh.de/" "Mozilla/5.0 (compatible; spbot/4.0.7; +http://OpenLinkProfiler.org/bot )"
107.170.42.130 - - [04/Mar/2014:13:39:10 +0100] "GET /jobs.php HTTP/1.1" 200 4965 "http://www.mink-gmbh.de/" "Mozilla/5.0 (compatible; spbot/4.0.7; +http://OpenLinkProfiler.org/bot )"
107.170.42.130 - - [04/Mar/2014:13:39:14 +0100] "GET /index.php HTTP/1.1" 200 13931 "http://www.mink-gmbh.de/" "Mozilla/5.0 (compatible; spbot/4.0.7; +http://OpenLinkProfiler.org/bot )"
107.170.42.130 - - [04/Mar/2014:13:39:19 +0100] "GET /lexikon.php HTTP/1.1" 200 8115 "http://www.mink-gmbh.de/kwk.php" "Mozilla/5.0 (compatible; spbot/4.0.7; +http://OpenLinkProfiler.org/bot )"
107.170.42.130 - - [04/Mar/2014:13:39:24 +0100] "GET /kontakt.php HTTP/1.1" 200 6966 "http://www.mink-gmbh.de/" "Mozilla/5.0 (compatible; spbot/4.0.7; +http://OpenLinkProfiler.org/bot )"
107.170.42.130 - - [04/Mar/2014:13:39:30 +0100] "GET /standard.php HTTP/1.1" 200 6770 "http://www.mink-gmbh.de/" "Mozilla/5.0 (compatible; spbot/4.0.7; +http://OpenLinkProfiler.org/bot )"
107.170.42.130 - - [04/Mar/2014:13:39:34 +0100] "GET /diesel.php HTTP/1.1" 200 8192 "http://www.mink-gmbh.de/standard.php" "Mozilla/5.0 (compatible; spbot/4.0.7; +http://OpenLinkProfiler.org/bot )"
107.170.42.130 - - [04/Mar/2014:13:39:39 +0100] "GET /.php HTTP/1.1" 404 - "http://www.mink-gmbh.de/diesel.php" "Mozilla/5.0 (compatible; spbot/4.0.7; +http://OpenLinkProfiler.org/bot )"
107.170.42.130 - - [04/Mar/2014:13:39:44 +0100] "GET /optiplus.php HTTP/1.1" 200 8639 "http://www.mink-gmbh.de/kwk.php" "Mozilla/5.0 (compatible; spbot/4.0.7; +http://OpenLinkProfiler.org/bot )"
107.170.42.130 - - [04/Mar/2014:13:39:49 +0100] "GET /additive.php HTTP/1.1" 200 5937 "http://www.mink-gmbh.de/standard.php" "Mozilla/5.0 (compatible; spbot/4.0.7; +http://OpenLinkProfiler.org/bot )"
107.170.42.130 - - [04/Mar/2014:13:39:54 +0100] "GET /impressum.php HTTP/1.1" 200 6306 "http://www.mink-gmbh.de/" "Mozilla/5.0 (compatible; spbot/4.0.7; +http://OpenLinkProfiler.org/bot )"
107.170.42.130 - - [04/Mar/2014:13:39:59 +0100] "GET /newsletter.php HTTP/1.1" 200 6492 "http://www.mink-gmbh.de/" "Mozilla/5.0 (compatible; spbot/4.0.7; +http://OpenLinkProfiler.org/bot )"
107.170.42.130 - - [04/Mar/2014:13:40:04 +0100] "GET /kwk.php?cs_go=4 HTTP/1.1" 200 7818 "http://www.mink-gmbh.de/kwk.php" "Mozilla/5.0 (compatible; spbot/4.0.7; +http://OpenLinkProfiler.org/bot )"
107.170.42.130 - - [04/Mar/2014:13:40:09 +0100] "GET /kwk.php?cs_go=3 HTTP/1.1" 200 7848 "http://www.mink-gmbh.de/kwk.php" "Mozilla/5.0 (compatible; spbot/4.0.7; +http://OpenLinkProfiler.org/bot )"
107.170.42.130 - - [04/Mar/2014:13:40:15 +0100] "GET /kwk.php?cs_go=2 HTTP/1.1" 200 9418 "http://www.mink-gmbh.de/kwk.php" "Mozilla/5.0 (compatible; spbot/4.0.7; +http://OpenLinkProfiler.org/bot )"
107.170.42.130 - - [04/Mar/2014:13:40:19 +0100] "GET /wunschpreis.php HTTP/1.1" 200 10237 "http://www.mink-gmbh.de/" "Mozilla/5.0 (compatible; spbot/4.0.7; +http://OpenLinkProfiler.org/bot )"
107.170.42.130 - - [04/Mar/2014:13:40:24 +0100] "GET /kwk.php?cs_go=1 HTTP/1.1" 200 8447 "http://www.mink-gmbh.de/kwk.php" "Mozilla/5.0 (compatible; spbot/4.0.7; +http://OpenLinkProfiler.org/bot )"
107.170.42.130 - - [04/Mar/2014:13:40:29 +0100] "GET /preisanfrage.php HTTP/1.1" 200 8502 "http://www.mink-gmbh.de/" "Mozilla/5.0 (compatible; spbot/4.0.7; +http://OpenLinkProfiler.org/bot )"
107.170.42.130 - - [04/Mar/2014:13:40:34 +0100] "GET /foerdermittel.php HTTP/1.1" 200 10473 "http://www.mink-gmbh.de/kwk.php" "Mozilla/5.0 (compatible; spbot/4.0.7; +http://OpenLinkProfiler.org/bot )"
107.170.42.130 - - [04/Mar/2014:13:40:40 +0100] "GET /modernisierung.php HTTP/1.1" 200 9252 "http://www.mink-gmbh.de/kwk.php" "Mozilla/5.0 (compatible; spbot/4.0.7; +http://OpenLinkProfiler.org/bot )"
107.170.42.130 - - [04/Mar/2014:13:40:44 +0100] "GET /ansprechpartner.php HTTP/1.1" 404 - "http://www.mink-gmbh.de/kwk.php?cs_go=3" "Mozilla/5.0 (compatible; spbot/4.0.7; +http://OpenLinkProfiler.org/bot )"
107.170.42.130 - - [04/Mar/2014:13:40:49 +0100] "GET /rueckrufservice.php HTTP/1.1" 200 8300 "http://www.mink-gmbh.de/" "Mozilla/5.0 (compatible; spbot/4.0.7; +http://OpenLinkProfiler.org/bot )"
107.170.42.130 - - [04/Mar/2014:13:40:55 +0100] "GET /energiesparcheck.php HTTP/1.1" 200 11144 "http://www.mink-gmbh.de/kwk.php" "Mozilla/5.0 (compatible; spbot/4.0.7; +http://OpenLinkProfiler.org/bot )"
107.170.42.130 - - [04/Mar/2014:13:40:59 +0100] "GET /news.php?cs_go=archiv HTTP/1.1" 200 19878 "http://www.mink-gmbh.de/" "Mozilla/5.0 (compatible; spbot/4.0.7; +http://OpenLinkProfiler.org/bot )"
107.170.42.130 - - [04/Mar/2014:13:41:04 +0100] "GET /schwefelarmstandard.php HTTP/1.1" 200 10730 "http://www.mink-gmbh.de/" "Mozilla/5.0 (compatible; spbot/4.0.7; +http://OpenLinkProfiler.org/bot )"
107.170.42.130 - - [04/Mar/2014:13:41:09 +0100] "GET /lexikon.php?cs_go=2&cs_char=e HTTP/1.1" 200 6643 "http://www.mink-gmbh.de/lexikon.php" "Mozilla/5.0 (compatible; spbot/4.0.7; +http://OpenLinkProfiler.org/bot )"
107.170.42.130 - - [04/Mar/2014:13:41:14 +0100] "GET /lexikon.php?cs_go=3&cs_id=56 HTTP/1.1" 200 5568 "http://www.mink-gmbh.de/lexikon.php?cs_go=2&cs_char=e" "Mozilla/5.0 (compatible; spbot/4.0.7; +http://OpenLinkProfiler.org/bot )"
107.170.42.130 - - [04/Mar/2014:13:41:19 +0100] "GET /lexikon.php?cs_go=3&cs_id=59 HTTP/1.1" 200 6273 "http://www.mink-gmbh.de/lexikon.php?cs_go=2&cs_char=e" "Mozilla/5.0 (compatible; spbot/4.0.7; +http://OpenLinkProfiler.org/bot )"
107.170.42.130 - - [04/Mar/2014:13:41:25 +0100] "GET /lexikon.php?cs_go=3&cs_id=57 HTTP/1.1" 200 7641 "http://www.mink-gmbh.de/lexikon.php?cs_go=2&cs_char=e" "Mozilla/5.0 (compatible; spbot/4.0.7; +http://OpenLinkProfiler.org/bot )"
107.170.42.130 - - [04/Mar/2014:13:41:29 +0100] "GET /lexikon.php?cs_go=3&cs_id=58 HTTP/1.1" 200 8395 "http://www.mink-gmbh.de/lexikon.php?cs_go=2&cs_char=e" "Mozilla/5.0 (compatible; spbot/4.0.7; +http://OpenLinkProfiler.org/bot )"
107.170.42.130 - - [04/Mar/2014:13:41:34 +0100] "GET /lexikon.php?cs_go=3&cs_id=64 HTTP/1.1" 200 6293 "http://www.mink-gmbh.de/lexikon.php?cs_go=2&cs_char=e" "Mozilla/5.0 (compatible; spbot/4.0.7; +http://OpenLinkProfiler.org/bot )"
107.170.42.130 - - [04/Mar/2014:13:41:40 +0100] "GET /lexikon.php?cs_go=3&cs_id=63 HTTP/1.1" 200 5926 "http://www.mink-gmbh.de/lexikon.php?cs_go=2&cs_char=e" "Mozilla/5.0 (compatible; spbot/4.0.7; +http://OpenLinkProfiler.org/bot )"
107.170.42.130 - - [04/Mar/2014:13:41:44 +0100] "GET /lexikon.php?cs_go=3&cs_id=61 HTTP/1.1" 200 6356 "http://www.mink-gmbh.de/lexikon.php?cs_go=2&cs_char=e" "Mozilla/5.0 (compatible; spbot/4.0.7; +http://OpenLinkProfiler.org/bot )"
107.170.42.130 - - [04/Mar/2014:13:41:49 +0100] "GET /lexikon.php?cs_go=3&cs_id=62 HTTP/1.1" 200 6132 "http://www.mink-gmbh.de/lexikon.php?cs_go=2&cs_char=e" "Mozilla/5.0 (compatible; spbot/4.0.7; +http://OpenLinkProfiler.org/bot )"
107.170.42.130 - - [04/Mar/2014:13:41:54 +0100] "GET /lexikon.php?cs_go=3&cs_id=60 HTTP/1.1" 200 6064 "http://www.mink-gmbh.de/lexikon.php?cs_go=2&cs_char=e" "Mozilla/5.0 (compatible; spbot/4.0.7; +http://OpenLinkProfiler.org/bot )"
107.170.42.130 - - [04/Mar/2014:13:42:00 +0100] "GET /lexikon.php?cs_go=2&cs_char=p HTTP/1.1" 200 6730 "http://www.mink-gmbh.de/lexikon.php" "Mozilla/5.0 (compatible; spbot/4.0.7; +http://OpenLinkProfiler.org/bot )"
107.170.42.130 - - [04/Mar/2014:13:42:04 +0100] "GET /lexikon.php?cs_go=3&cs_id=161 HTTP/1.1" 200 5604 "http://www.mink-gmbh.de/lexikon.php?cs_go=2&cs_char=p" "Mozilla/5.0 (compatible; spbot/4.0.7; +http://OpenLinkProfiler.org/bot )"
107.170.42.130 - - [04/Mar/2014:13:42:10 +0100] "GET /lexikon.php?cs_go=2&cs_char=f HTTP/1.1" 200 7159 "http://www.mink-gmbh.de/lexikon.php" "Mozilla/5.0 (compatible; spbot/4.0.7; +http://OpenLinkProfiler.org/bot )"
107.170.42.130 - - [04/Mar/2014:13:42:15 +0100] "GET /lexikon.php?cs_go=3&cs_id=65 HTTP/1.1" 200 6170 "http://www.mink-gmbh.de/lexikon.php?cs_go=2&cs_char=f" "Mozilla/5.0 (compatible; spbot/4.0.7; +http://OpenLinkProfiler.org/bot )"
107.170.42.130 - - [04/Mar/2014:13:42:19 +0100] "GET /lexikon.php?cs_go=3&cs_id=78 HTTP/1.1" 200 5822 "http://www.mink-gmbh.de/lexikon.php?cs_go=2&cs_char=f" "Mozilla/5.0 (compatible; spbot/4.0.7; +http://OpenLinkProfiler.org/bot )"
107.170.42.130 - - [04/Mar/2014:13:42:25 +0100] "GET /lexikon.php?cs_go=3&cs_id=69 HTTP/1.1" 200 7671 "http://www.mink-gmbh.de/lexikon.php?cs_go=2&cs_char=f" "Mozilla/5.0 (compatible; spbot/4.0.7; +http://OpenLinkProfiler.org/bot )"
107.170.42.130 - - [04/Mar/2014:13:42:29 +0100] "GET /lexikon.php?cs_go=3&cs_id=77 HTTP/1.1" 200 6236 "http://www.mink-gmbh.de/lexikon.php?cs_go=2&cs_char=f" "Mozilla/5.0 (compatible; spbot/4.0.7; +http://OpenLinkProfiler.org/bot )"
107.170.42.130 - - [04/Mar/2014:13:42:34 +0100] "GET /lexikon.php?cs_go=3&cs_id=70 HTTP/1.1" 200 5925 "http://www.mink-gmbh.de/lexikon.php?cs_go=2&cs_char=f" "Mozilla/5.0 (compatible; spbot/4.0.7; +http://OpenLinkProfiler.org/bot )"
107.170.42.130 - - [04/Mar/2014:13:42:39 +0100] "GET /lexikon.php?cs_go=3&cs_id=79 HTTP/1.1" 200 5563 "http://www.mink-gmbh.de/lexikon.php?cs_go=2&cs_char=f" "Mozilla/5.0 (compatible; spbot/4.0.7; +http://OpenLinkProfiler.org/bot )"
107.170.42.130 - - [04/Mar/2014:13:42:44 +0100] "GET /lexikon.php?cs_go=3&cs_id=73 HTTP/1.1" 200 7191 "http://www.mink-gmbh.de/lexikon.php?cs_go=2&cs_char=f" "Mozilla/5.0 (compatible; spbot/4.0.7; +http://OpenLinkProfiler.org/bot )"
107.170.42.130 - - [04/Mar/2014:13:42:49 +0100] "GET /lexikon.php?cs_go=3&cs_id=66 HTTP/1.1" 200 5561 "http://www.mink-gmbh.de/lexikon.php?cs_go=2&cs_char=f" "Mozilla/5.0 (compatible; spbot/4.0.7; +http://OpenLinkProfiler.org/bot )"
107.170.42.130 - - [04/Mar/2014:13:42:54 +0100] "GET /lexikon.php?cs_go=3&cs_id=71 HTTP/1.1" 200 6685 "http://www.mink-gmbh.de/lexikon.php?cs_go=2&cs_char=f" "Mozilla/5.0 (compatible; spbot/4.0.7; +http://OpenLinkProfiler.org/bot )"
107.170.42.130 - - [04/Mar/2014:13:42:59 +0100] "GET /lexikon.php?cs_go=3&cs_id=68 HTTP/1.1" 200 6064 "http://www.mink-gmbh.de/lexikon.php?cs_go=2&cs_char=f" "Mozilla/5.0 (compatible; spbot/4.0.7; +http://OpenLinkProfiler.org/bot )"
107.170.42.130 - - [04/Mar/2014:13:43:04 +0100] "GET /lexikon.php?cs_go=3&cs_id=76 HTTP/1.1" 200 6087 "http://www.mink-gmbh.de/lexikon.php?cs_go=2&cs_char=f" "Mozilla/5.0 (compatible; spbot/4.0.7; +http://OpenLinkProfiler.org/bot )"
107.170.42.130 - - [04/Mar/2014:13:43:09 +0100] "GET /lexikon.php?cs_go=3&cs_id=74 HTTP/1.1" 200 6233 "http://www.mink-gmbh.de/lexikon.php?cs_go=2&cs_char=f" "Mozilla/5.0 (compatible; spbot/4.0.7; +http://OpenLinkProfiler.org/bot )"
107.170.42.130 - - [04/Mar/2014:13:43:15 +0100] "GET /lexikon.php?cs_go=3&cs_id=72 HTTP/1.1" 200 6964 "http://www.mink-gmbh.de/lexikon.php?cs_go=2&cs_char=f" "Mozilla/5.0 (compatible; spbot/4.0.7; +http://OpenLinkProfiler.org/bot )"
107.170.42.130 - - [04/Mar/2014:13:43:20 +0100] "GET /lexikon.php?cs_go=3&cs_id=67 HTTP/1.1" 200 6190 "http://www.mink-gmbh.de/lexikon.php?cs_go=2&cs_char=f" "Mozilla/5.0 (compatible; spbot/4.0.7; +http://OpenLinkProfiler.org/bot )"
107.170.42.130 - - [04/Mar/2014:13:43:24 +0100] "GET /lexikon.php?cs_go=3&cs_id=75 HTTP/1.1" 200 6160 "http://www.mink-gmbh.de/lexikon.php?cs_go=2&cs_char=f" "Mozilla/5.0 (compatible; spbot/4.0.7; +http://OpenLinkProfiler.org/bot )"
107.170.42.130 - - [04/Mar/2014:13:43:29 +0100] "GET /lexikon.php?cs_go=2&cs_char=k HTTP/1.1" 200 7443 "http://www.mink-gmbh.de/lexikon.php" "Mozilla/5.0 (compatible; spbot/4.0.7; +http://OpenLinkProfiler.org/bot )"
107.170.42.130 - - [04/Mar/2014:13:43:34 +0100] "GET /lexikon.php?cs_go=3&cs_id=112 HTTP/1.1" 200 6715 "http://www.mink-gmbh.de/lexikon.php?cs_go=2&cs_char=k" "Mozilla/5.0 (compatible; spbot/4.0.7; +http://OpenLinkProfiler.org/bot )"
107.170.42.130 - - [04/Mar/2014:13:43:39 +0100] "GET /lexikon.php?cs_go=2&cs_char=m HTTP/1.1" 200 6637 "http://www.mink-gmbh.de/lexikon.php" "Mozilla/5.0 (compatible; spbot/4.0.7; +http://OpenLinkProfiler.org/bot )"
107.170.42.130 - - [04/Mar/2014:13:43:44 +0100] "GET /lexikon.php?cs_go=2&cs_char=w HTTP/1.1" 200 6151 "http://www.mink-gmbh.de/lexikon.php" "Mozilla/5.0 (compatible; spbot/4.0.7; +http://OpenLinkProfiler.org/bot )"
107.170.42.130 - - [04/Mar/2014:13:43:50 +0100] "GET /lexikon.php?cs_go=2&cs_char=d HTTP/1.1" 200 6985 "http://www.mink-gmbh.de/lexikon.php" "Mozilla/5.0 (compatible; spbot/4.0.7; +http://OpenLinkProfiler.org/bot )"
107.170.42.130 - - [04/Mar/2014:13:43:54 +0100] "GET /lexikon.php?cs_go=3&cs_id=52 HTTP/1.1" 200 6317 "http://www.mink-gmbh.de/lexikon.php?cs_go=2&cs_char=d" "Mozilla/5.0 (compatible; spbot/4.0.7; +http://OpenLinkProfiler.org/bot )"
107.170.42.130 - - [04/Mar/2014:13:43:59 +0100] "GET /lexikon.php?cs_go=3&cs_id=45 HTTP/1.1" 200 5560 "http://www.mink-gmbh.de/lexikon.php?cs_go=2&cs_char=d" "Mozilla/5.0 (compatible; spbot/4.0.7; +http://OpenLinkProfiler.org/bot )"
107.170.42.130 - - [04/Mar/2014:13:44:05 +0100] "GET /lexikon.php?cs_go=3&cs_id=49 HTTP/1.1" 200 6699 "http://www.mink-gmbh.de/lexikon.php?cs_go=2&cs_char=d" "Mozilla/5.0 (compatible; spbot/4.0.7; +http://OpenLinkProfiler.org/bot )"
107.170.42.130 - - [04/Mar/2014:13:44:09 +0100] "GET /lexikon.php?cs_go=3&cs_id=55 HTTP/1.1" 200 5581 "http://www.mink-gmbh.de/lexikon.php?cs_go=2&cs_char=d" "Mozilla/5.0 (compatible; spbot/4.0.7; +http://OpenLinkProfiler.org/bot )"
107.170.42.130 - - [04/Mar/2014:13:44:14 +0100] "GET /lexikon.php?cs_go=3&cs_id=48 HTTP/1.1" 200 6955 "http://www.mink-gmbh.de/lexikon.php?cs_go=2&cs_char=d" "Mozilla/5.0 (compatible; spbot/4.0.7; +http://OpenLinkProfiler.org/bot )"
107.170.42.130 - - [04/Mar/2014:13:44:19 +0100] "GET /lexikon.php?cs_go=3&cs_id=51 HTTP/1.1" 200 7058 "http://www.mink-gmbh.de/lexikon.php?cs_go=2&cs_char=d" "Mozilla/5.0 (compatible; spbot/4.0.7; +http://OpenLinkProfiler.org/bot )"
107.170.42.130 - - [04/Mar/2014:13:44:25 +0100] "GET /lexikon.php?cs_go=3&cs_id=54 HTTP/1.1" 200 5566 "http://www.mink-gmbh.de/lexikon.php?cs_go=2&cs_char=d" "Mozilla/5.0 (compatible; spbot/4.0.7; +http://OpenLinkProfiler.org/bot )"
107.170.42.130 - - [04/Mar/2014:13:44:29 +0100] "GET /lexikon.php?cs_go=3&cs_id=53 HTTP/1.1" 200 5743 "http://www.mink-gmbh.de/lexikon.php?cs_go=2&cs_char=d" "Mozilla/5.0 (compatible; spbot/4.0.7; +http://OpenLinkProfiler.org/bot )"
107.170.42.130 - - [04/Mar/2014:13:44:34 +0100] "GET /lexikon.php?cs_go=3&cs_id=44 HTTP/1.1" 200 5567 "http://www.mink-gmbh.de/lexikon.php?cs_go=2&cs_char=d" "Mozilla/5.0 (compatible; spbot/4.0.7; +http://OpenLinkProfiler.org/bot )"
107.170.42.130 - - [04/Mar/2014:13:44:40 +0100] "GET /lexikon.php?cs_go=3&cs_id=50 HTTP/1.1" 200 6297 "http://www.mink-gmbh.de/lexikon.php?cs_go=2&cs_char=d" "Mozilla/5.0 (compatible; spbot/4.0.7; +http://OpenLinkProfiler.org/bot )"
107.170.42.130 - - [04/Mar/2014:13:44:45 +0100] "GET /lexikon.php?cs_go=3&cs_id=43 HTTP/1.1" 200 5567 "http://www.mink-gmbh.de/lexikon.php?cs_go=2&cs_char=d" "Mozilla/5.0 (compatible; spbot/4.0.7; +http://OpenLinkProfiler.org/bot )"
107.170.42.130 - - [04/Mar/2014:13:44:50 +0100] "GET /lexikon.php?cs_go=3&cs_id=46 HTTP/1.1" 200 5567 "http://www.mink-gmbh.de/lexikon.php?cs_go=2&cs_char=d" "Mozilla/5.0 (compatible; spbot/4.0.7; +http://OpenLinkProfiler.org/bot )"
107.170.42.130 - - [04/Mar/2014:13:44:54 +0100] "GET /lexikon.php?cs_go=3&cs_id=47 HTTP/1.1" 200 8723 "http://www.mink-gmbh.de/lexikon.php?cs_go=2&cs_char=d" "Mozilla/5.0 (compatible; spbot/4.0.7; +http://OpenLinkProfiler.org/bot )"
107.170.42.130 - - [04/Mar/2014:13:45:00 +0100] "GET /lexikon.php?cs_go=2&cs_char=j HTTP/1.1" 200 6174 "http://www.mink-gmbh.de/lexikon.php" "Mozilla/5.0 (compatible; spbot/4.0.7; +http://OpenLinkProfiler.org/bot )"
107.170.42.130 - - [04/Mar/2014:13:45:05 +0100] "GET /lexikon.php?cs_go=2&cs_char=v HTTP/1.1" 200 6681 "http://www.mink-gmbh.de/lexikon.php" "Mozilla/5.0 (compatible; spbot/4.0.7; +http://OpenLinkProfiler.org/bot )"
107.170.42.130 - - [04/Mar/2014:13:45:09 +0100] "GET /lexikon.php?cs_go=3&cs_id=106 HTTP/1.1" 200 6024 "http://www.mink-gmbh.de/lexikon.php?cs_go=2&cs_char=k" "Mozilla/5.0 (compatible; spbot/4.0.7; +http://OpenLinkProfiler.org/bot )"
107.170.42.130 - - [04/Mar/2014:13:45:14 +0100] "GET /lexikon.php?cs_go=3&cs_id=115 HTTP/1.1" 200 7146 "http://www.mink-gmbh.de/lexikon.php?cs_go=2&cs_char=k" "Mozilla/5.0 (compatible; spbot/4.0.7; +http://OpenLinkProfiler.org/bot )"
107.170.42.130 - - [04/Mar/2014:13:45:20 +0100] "GET /lexikon.php?cs_go=3&cs_id=107 HTTP/1.1" 200 5953 "http://www.mink-gmbh.de/lexikon.php?cs_go=2&cs_char=k" "Mozilla/5.0 (compatible; spbot/4.0.7; +http://OpenLinkProfiler.org/bot )"
107.170.42.130 - - [04/Mar/2014:13:45:25 +0100] "GET /lexikon.php?cs_go=3&cs_id=104 HTTP/1.1" 200 6038 "http://www.mink-gmbh.de/lexikon.php?cs_go=2&cs_char=k" "Mozilla/5.0 (compatible; spbot/4.0.7; +http://OpenLinkProfiler.org/bot )"
107.170.42.130 - - [04/Mar/2014:13:45:29 +0100] "GET /lexikon.php?cs_go=3&cs_id=105 HTTP/1.1" 200 5972 "http://www.mink-gmbh.de/lexikon.php?cs_go=2&cs_char=k" "Mozilla/5.0 (compatible; spbot/4.0.7; +http://OpenLinkProfiler.org/bot )"
107.170.42.130 - - [04/Mar/2014:13:45:34 +0100] "GET /lexikon.php?cs_go=3&cs_id=102 HTTP/1.1" 200 5552 "http://www.mink-gmbh.de/lexikon.php?cs_go=2&cs_char=k" "Mozilla/5.0 (compatible; spbot/4.0.7; +http://OpenLinkProfiler.org/bot )"
107.170.42.130 - - [04/Mar/2014:13:45:39 +0100] "GET /lexikon.php?cs_go=3&cs_id=116 HTTP/1.1" 200 6930 "http://www.mink-gmbh.de/lexikon.php?cs_go=2&cs_char=k" "Mozilla/5.0 (compatible; spbot/4.0.7; +http://OpenLinkProfiler.org/bot )"
107.170.42.130 - - [04/Mar/2014:13:45:45 +0100] "GET /lexikon.php?cs_go=3&cs_id=103 HTTP/1.1" 200 6781 "http://www.mink-gmbh.de/lexikon.php?cs_go=2&cs_char=k" "Mozilla/5.0 (compatible; spbot/4.0.7; +http://OpenLinkProfiler.org/bot )"
107.170.42.130 - - [04/Mar/2014:13:45:49 +0100] "GET /lexikon.php?cs_go=3&cs_id=110 HTTP/1.1" 200 6265 "http://www.mink-gmbh.de/lexikon.php?cs_go=2&cs_char=k" "Mozilla/5.0 (compatible; spbot/4.0.7; +http://OpenLinkProfiler.org/bot )"
107.170.42.130 - - [04/Mar/2014:13:45:54 +0100] "GET /lexikon.php?cs_go=3&cs_id=100 HTTP/1.1" 200 6264 "http://www.mink-gmbh.de/lexikon.php?cs_go=2&cs_char=k" "Mozilla/5.0 (compatible; spbot/4.0.7; +http://OpenLinkProfiler.org/bot )"
107.170.42.130 - - [04/Mar/2014:13:45:59 +0100] "GET /lexikon.php?cs_go=3&cs_id=108 HTTP/1.1" 200 7180 "http://www.mink-gmbh.de/lexikon.php?cs_go=2&cs_char=k" "Mozilla/5.0 (compatible; spbot/4.0.7; +http://OpenLinkProfiler.org/bot )"
107.170.42.130 - - [04/Mar/2014:13:46:05 +0100] "GET /lexikon.php?cs_go=3&cs_id=113 HTTP/1.1" 200 5740 "http://www.mink-gmbh.de/lexikon.php?cs_go=2&cs_char=k" "Mozilla/5.0 (compatible; spbot/4.0.7; +http://OpenLinkProfiler.org/bot )"
107.170.42.130 - - [04/Mar/2014:13:46:10 +0100] "GET /lexikon.php?cs_go=3&cs_id=101 HTTP/1.1" 200 7780 "http://www.mink-gmbh.de/lexikon.php?cs_go=2&cs_char=k" "Mozilla/5.0 (compatible; spbot/4.0.7; +http://OpenLinkProfiler.org/bot )"
107.170.42.130 - - [04/Mar/2014:13:46:14 +0100] "GET /lexikon.php?cs_go=3&cs_id=109 HTTP/1.1" 200 7065 "http://www.mink-gmbh.de/lexikon.php?cs_go=2&cs_char=k" "Mozilla/5.0 (compatible; spbot/4.0.7; +http://OpenLinkProfiler.org/bot )"
107.170.42.130 - - [04/Mar/2014:13:46:20 +0100] "GET /lexikon.php?cs_go=3&cs_id=124 HTTP/1.1" 200 6055 "http://www.mink-gmbh.de/lexikon.php?cs_go=2&cs_char=m" "Mozilla/5.0 (compatible; spbot/4.0.7; +http://OpenLinkProfiler.org/bot )"
107.170.42.130 - - [04/Mar/2014:13:46:25 +0100] "GET /lexikon.php?cs_go=3&cs_id=135 HTTP/1.1" 200 6761 "http://www.mink-gmbh.de/lexikon.php?cs_go=2&cs_char=m" "Mozilla/5.0 (compatible; spbot/4.0.7; +http://OpenLinkProfiler.org/bot )"
107.170.42.130 - - [04/Mar/2014:13:46:29 +0100] "GET /lexikon.php?cs_go=3&cs_id=127 HTTP/1.1" 200 7642 "http://www.mink-gmbh.de/lexikon.php?cs_go=2&cs_char=m" "Mozilla/5.0 (compatible; spbot/4.0.7; +http://OpenLinkProfiler.org/bot )"
107.170.42.130 - - [04/Mar/2014:13:46:34 +0100] "GET /lexikon.php?cs_go=3&cs_id=131 HTTP/1.1" 200 5940 "http://www.mink-gmbh.de/lexikon.php?cs_go=2&cs_char=m" "Mozilla/5.0 (compatible; spbot/4.0.7; +http://OpenLinkProfiler.org/bot )"
107.170.42.130 - - [04/Mar/2014:13:46:40 +0100] "GET /lexikon.php?cs_go=3&cs_id=130 HTTP/1.1" 200 5800 "http://www.mink-gmbh.de/lexikon.php?cs_go=2&cs_char=m" "Mozilla/5.0 (compatible; spbot/4.0.7; +http://OpenLinkProfiler.org/bot )"
107.170.42.130 - - [04/Mar/2014:13:46:45 +0100] "GET /lexikon.php?cs_go=3&cs_id=133 HTTP/1.1" 200 6296 "http://www.mink-gmbh.de/lexikon.php?cs_go=2&cs_char=m" "Mozilla/5.0 (compatible; spbot/4.0.7; +http://OpenLinkProfiler.org/bot )"
107.170.42.130 - - [04/Mar/2014:13:46:49 +0100] "GET /lexikon.php?cs_go=3&cs_id=129 HTTP/1.1" 200 6211 "http://www.mink-gmbh.de/lexikon.php?cs_go=2&cs_char=m" "Mozilla/5.0 (compatible; spbot/4.0.7; +http://OpenLinkProfiler.org/bot )"
107.170.42.130 - - [04/Mar/2014:13:46:55 +0100] "GET /lexikon.php?cs_go=3&cs_id=132 HTTP/1.1" 200 5548 "http://www.mink-gmbh.de/lexikon.php?cs_go=2&cs_char=m" "Mozilla/5.0 (compatible; spbot/4.0.7; +http://OpenLinkProfiler.org/bot )"
107.170.42.130 - - [04/Mar/2014:13:46:59 +0100] "GET /lexikon.php?cs_go=3&cs_id=126 HTTP/1.1" 200 5926 "http://www.mink-gmbh.de/lexikon.php?cs_go=2&cs_char=m" "Mozilla/5.0 (compatible; spbot/4.0.7; +http://OpenLinkProfiler.org/bot )"
107.170.42.130 - - [04/Mar/2014:13:47:05 +0100] "GET /lexikon.php?cs_go=3&cs_id=229 HTTP/1.1" 200 5560 "http://www.mink-gmbh.de/lexikon.php?cs_go=2&cs_char=w" "Mozilla/5.0 (compatible; spbot/4.0.7; +http://OpenLinkProfiler.org/bot )"
107.170.42.130 - - [04/Mar/2014:13:47:09 +0100] "GET /lexikon.php?cs_go=3&cs_id=227 HTTP/1.1" 200 6241 "http://www.mink-gmbh.de/lexikon.php?cs_go=2&cs_char=w" "Mozilla/5.0 (compatible; spbot/4.0.7; +http://OpenLinkProfiler.org/bot )"
107.170.42.130 - - [04/Mar/2014:13:47:15 +0100] "GET /lexikon.php?cs_go=3&cs_id=228 HTTP/1.1" 200 6808 "http://www.mink-gmbh.de/lexikon.php?cs_go=2&cs_char=w" "Mozilla/5.0 (compatible; spbot/4.0.7; +http://OpenLinkProfiler.org/bot )"
107.170.42.130 - - [04/Mar/2014:13:47:20 +0100] "GET /lexikon.php?cs_go=3&cs_id=225 HTTP/1.1" 200 5780 "http://www.mink-gmbh.de/lexikon.php?cs_go=2&cs_char=w" "Mozilla/5.0 (compatible; spbot/4.0.7; +http://OpenLinkProfiler.org/bot )"
107.170.42.130 - - [04/Mar/2014:13:47:25 +0100] "GET /lexikon.php?cs_go=3&cs_id=226 HTTP/1.1" 200 6317 "http://www.mink-gmbh.de/lexikon.php?cs_go=2&cs_char=w" "Mozilla/5.0 (compatible; spbot/4.0.7; +http://OpenLinkProfiler.org/bot )"
107.170.42.130 - - [04/Mar/2014:13:47:30 +0100] "GET /lexikon.php?cs_go=3&cs_id=125 HTTP/1.1" 200 6543 "http://www.mink-gmbh.de/lexikon.php?cs_go=2&cs_char=m" "Mozilla/5.0 (compatible; spbot/4.0.7; +http://OpenLinkProfiler.org/bot )"
107.170.42.130 - - [04/Mar/2014:13:47:34 +0100] "GET /lexikon.php?cs_go=2&cs_char=a HTTP/1.1" 200 7367 "http://www.mink-gmbh.de/lexikon.php" "Mozilla/5.0 (compatible; spbot/4.0.7; +http://OpenLinkProfiler.org/bot )"
107.170.42.130 - - [04/Mar/2014:13:47:39 +0100] "GET /lexikon.php?cs_go=3&cs_id=6 HTTP/1.1" 200 5729 "http://www.mink-gmbh.de/lexikon.php?cs_go=2&cs_char=a" "Mozilla/5.0 (compatible; spbot/4.0.7; +http://OpenLinkProfiler.org/bot )"
107.170.42.130 - - [04/Mar/2014:13:47:44 +0100] "GET /lexikon.php?cs_go=3&cs_id=3 HTTP/1.1" 200 6049 "http://www.mink-gmbh.de/lexikon.php?cs_go=2&cs_char=a" "Mozilla/5.0 (compatible; spbot/4.0.7; +http://OpenLinkProfiler.org/bot )"
107.170.42.130 - - [04/Mar/2014:13:47:50 +0100] "GET /lexikon.php?cs_go=3&cs_id=8 HTTP/1.1" 200 6791 "http://www.mink-gmbh.de/lexikon.php?cs_go=2&cs_char=a" "Mozilla/5.0 (compatible; spbot/4.0.7; +http://OpenLinkProfiler.org/bot )"
107.170.42.130 - - [04/Mar/2014:13:47:54 +0100] "GET /lexikon.php?cs_go=3&cs_id=1 HTTP/1.1" 200 6127 "http://www.mink-gmbh.de/lexikon.php?cs_go=2&cs_char=a" "Mozilla/5.0 (compatible; spbot/4.0.7; +http://OpenLinkProfiler.org/bot )"
107.170.42.130 - - [04/Mar/2014:13:47:59 +0100] "GET /lexikon.php?cs_go=3&cs_id=7 HTTP/1.1" 200 6095 "http://www.mink-gmbh.de/lexikon.php?cs_go=2&cs_char=a" "Mozilla/5.0 (compatible; spbot/4.0.7; +http://OpenLinkProfiler.org/bot )"
107.170.42.130 - - [04/Mar/2014:13:48:04 +0100] "GET /lexikon.php?cs_go=3&cs_id=5 HTTP/1.1" 200 5752 "http://www.mink-gmbh.de/lexikon.php?cs_go=2&cs_char=a" "Mozilla/5.0 (compatible; spbot/4.0.7; +http://OpenLinkProfiler.org/bot )"
107.170.42.130 - - [04/Mar/2014:13:48:09 +0100] "GET /lexikon.php?cs_go=3&cs_id=2 HTTP/1.1" 200 5988 "http://www.mink-gmbh.de/lexikon.php?cs_go=2&cs_char=a" "Mozilla/5.0 (compatible; spbot/4.0.7; +http://OpenLinkProfiler.org/bot )"
107.170.42.130 - - [04/Mar/2014:13:48:14 +0100] "GET /lexikon.php?cs_go=3&cs_id=4 HTTP/1.1" 200 5753 "http://www.mink-gmbh.de/lexikon.php?cs_go=2&cs_char=a" "Mozilla/5.0 (compatible; spbot/4.0.7; +http://OpenLinkProfiler.org/bot )"
107.170.42.130 - - [04/Mar/2014:13:48:20 +0100] "GET /lexikon.php?cs_go=3&cs_id=11 HTTP/1.1" 200 5809 "http://www.mink-gmbh.de/lexikon.php?cs_go=2&cs_char=a" "Mozilla/5.0 (compatible; spbot/4.0.7; +http://OpenLinkProfiler.org/bot )"
107.170.42.130 - - [04/Mar/2014:13:48:24 +0100] "GET /lexikon.php?cs_go=3&cs_id=10 HTTP/1.1" 200 6158 "http://www.mink-gmbh.de/lexikon.php?cs_go=2&cs_char=a" "Mozilla/5.0 (compatible; spbot/4.0.7; +http://OpenLinkProfiler.org/bot )"
107.170.42.130 - - [04/Mar/2014:13:48:29 +0100] "GET /lexikon.php?cs_go=3&cs_id=12 HTTP/1.1" 200 6135 "http://www.mink-gmbh.de/lexikon.php?cs_go=2&cs_char=a" "Mozilla/5.0 (compatible; spbot/4.0.7; +http://OpenLinkProfiler.org/bot )"
107.170.42.130 - - [04/Mar/2014:13:48:34 +0100] "GET /lexikon.php?cs_go=3&cs_id=14 HTTP/1.1" 200 6146 "http://www.mink-gmbh.de/lexikon.php?cs_go=2&cs_char=a" "Mozilla/5.0 (compatible; spbot/4.0.7; +http://OpenLinkProfiler.org/bot )"
107.170.42.130 - - [04/Mar/2014:13:48:40 +0100] "GET /lexikon.php?cs_go=3&cs_id=17 HTTP/1.1" 200 6025 "http://www.mink-gmbh.de/lexikon.php?cs_go=2&cs_char=a" "Mozilla/5.0 (compatible; spbot/4.0.7; +http://OpenLinkProfiler.org/bot )"
107.170.42.130 - - [04/Mar/2014:13:48:44 +0100] "GET /lexikon.php?cs_go=3&cs_id=15 HTTP/1.1" 200 5641 "http://www.mink-gmbh.de/lexikon.php?cs_go=2&cs_char=a" "Mozilla/5.0 (compatible; spbot/4.0.7; +http://OpenLinkProfiler.org/bot )"
107.170.42.130 - - [04/Mar/2014:13:48:49 +0100] "GET /lexikon.php?cs_go=3&cs_id=16 HTTP/1.1" 200 6494 "http://www.mink-gmbh.de/lexikon.php?cs_go=2&cs_char=a" "Mozilla/5.0 (compatible; spbot/4.0.7; +http://OpenLinkProfiler.org/bot )"
107.170.42.130 - - [04/Mar/2014:13:48:55 +0100] "GET /lexikon.php?cs_go=3&cs_id=13 HTTP/1.1" 200 5626 "http://www.mink-gmbh.de/lexikon.php?cs_go=2&cs_char=a" "Mozilla/5.0 (compatible; spbot/4.0.7; +http://OpenLinkProfiler.org/bot )"
107.170.42.130 - - [04/Mar/2014:13:49:00 +0100] "GET /lexikon.php?cs_go=3&cs_id=18 HTTP/1.1" 200 5590 "http://www.mink-gmbh.de/lexikon.php?cs_go=2&cs_char=a" "Mozilla/5.0 (compatible; spbot/4.0.7; +http://OpenLinkProfiler.org/bot )"
