144.76.182.139 - - [03/Mar/2014:08:12:42 +0100] "GET /news.php?cs_go=archiv&cs_id=4788&cs_search= HTTP/1.0" 200 10876 "http://www.mink-gmbh.de/news.php?cs_go=archiv&cs_startpos=140" "Mozilla/5.0 (compatible; SEOkicks-Robot; +http://www.seokicks.de/robot.html)"
144.76.182.139 - - [03/Mar/2014:08:12:46 +0100] "GET /news.php?cs_go=archiv&cs_id=4754&cs_search= HTTP/1.0" 200 8444 "http://www.mink-gmbh.de/news.php?cs_go=archiv&cs_startpos=140" "Mozilla/5.0 (compatible; SEOkicks-Robot; +http://www.seokicks.de/robot.html)"
144.76.182.139 - - [03/Mar/2014:08:12:51 +0100] "GET /news.php?cs_go=archiv&cs_id=4757&cs_search= HTTP/1.0" 200 10318 "http://www.mink-gmbh.de/news.php?cs_go=archiv&cs_startpos=140" "Mozilla/5.0 (compatible; SEOkicks-Robot; +http://www.seokicks.de/robot.html)"
144.76.182.139 - - [03/Mar/2014:08:12:55 +0100] "GET /news.php?cs_go=archiv&cs_id=4786&cs_search= HTTP/1.0" 200 11135 "http://www.mink-gmbh.de/news.php?cs_go=archiv&cs_startpos=140" "Mozilla/5.0 (compatible; SEOkicks-Robot; +http://www.seokicks.de/robot.html)"
144.76.182.139 - - [03/Mar/2014:08:13:00 +0100] "GET /news.php?cs_go=archiv&cs_id=4783&cs_search= HTTP/1.0" 200 8046 "http://www.mink-gmbh.de/news.php?cs_go=archiv&cs_startpos=140" "Mozilla/5.0 (compatible; SEOkicks-Robot; +http://www.seokicks.de/robot.html)"
144.76.182.139 - - [03/Mar/2014:08:13:04 +0100] "GET /news.php?cs_go=archiv&cs_id=4785&cs_search= HTTP/1.0" 200 7339 "http://www.mink-gmbh.de/news.php?cs_go=archiv&cs_startpos=140" "Mozilla/5.0 (compatible; SEOkicks-Robot; +http://www.seokicks.de/robot.html)"
144.76.182.139 - - [03/Mar/2014:08:13:09 +0100] "GET /news.php?cs_go=archiv&cs_id=4756&cs_search= HTTP/1.0" 200 7769 "http://www.mink-gmbh.de/news.php?cs_go=archiv&cs_startpos=140" "Mozilla/5.0 (compatible; SEOkicks-Robot; +http://www.seokicks.de/robot.html)"
144.76.182.139 - - [03/Mar/2014:08:13:13 +0100] "GET /news.php?cs_go=archiv&cs_id=4782&cs_search= HTTP/1.0" 200 7501 "http://www.mink-gmbh.de/news.php?cs_go=archiv&cs_startpos=140" "Mozilla/5.0 (compatible; SEOkicks-Robot; +http://www.seokicks.de/robot.html)"
144.76.182.139 - - [03/Mar/2014:08:13:17 +0100] "GET /news.php?cs_go=archiv&cs_id=4781&cs_search= HTTP/1.0" 200 11111 "http://www.mink-gmbh.de/news.php?cs_go=archiv&cs_startpos=140" "Mozilla/5.0 (compatible; SEOkicks-Robot; +http://www.seokicks.de/robot.html)"
144.76.182.139 - - [03/Mar/2014:08:13:22 +0100] "GET /news.php?cs_go=archiv&cs_id=4755&cs_search= HTTP/1.0" 200 10039 "http://www.mink-gmbh.de/news.php?cs_go=archiv&cs_startpos=140" "Mozilla/5.0 (compatible; SEOkicks-Robot; +http://www.seokicks.de/robot.html)"
144.76.182.139 - - [03/Mar/2014:08:13:26 +0100] "GET /news.php?cs_go=archiv&cs_id=4780&cs_search= HTTP/1.0" 200 7672 "http://www.mink-gmbh.de/news.php?cs_go=archiv&cs_startpos=150" "Mozilla/5.0 (compatible; SEOkicks-Robot; +http://www.seokicks.de/robot.html)"
144.76.182.139 - - [03/Mar/2014:08:13:30 +0100] "GET /news.php?cs_go=archiv&cs_id=4779&cs_search= HTTP/1.0" 200 11223 "http://www.mink-gmbh.de/news.php?cs_go=archiv&cs_startpos=150" "Mozilla/5.0 (compatible; SEOkicks-Robot; +http://www.seokicks.de/robot.html)"
144.76.182.139 - - [03/Mar/2014:08:13:34 +0100] "GET /news.php?cs_go=archiv&cs_id=4744&cs_search= HTTP/1.0" 200 9246 "http://www.mink-gmbh.de/news.php?cs_go=archiv&cs_startpos=150" "Mozilla/5.0 (compatible; SEOkicks-Robot; +http://www.seokicks.de/robot.html)"
144.76.182.139 - - [03/Mar/2014:08:13:39 +0100] "GET /news.php?cs_go=archiv&cs_id=4778&cs_search= HTTP/1.0" 200 7637 "http://www.mink-gmbh.de/news.php?cs_go=archiv&cs_startpos=150" "Mozilla/5.0 (compatible; SEOkicks-Robot; +http://www.seokicks.de/robot.html)"
144.76.182.139 - - [03/Mar/2014:08:13:44 +0100] "GET /news.php?cs_go=archiv&cs_id=4777&cs_search= HTTP/1.0" 200 11430 "http://www.mink-gmbh.de/news.php?cs_go=archiv&cs_startpos=150" "Mozilla/5.0 (compatible; SEOkicks-Robot; +http://www.seokicks.de/robot.html)"
144.76.182.139 - - [03/Mar/2014:08:13:48 +0100] "GET /news.php?cs_go=archiv&cs_id=4751&cs_search= HTTP/1.0" 200 10507 "http://www.mink-gmbh.de/news.php?cs_go=archiv&cs_startpos=150" "Mozilla/5.0 (compatible; SEOkicks-Robot; +http://www.seokicks.de/robot.html)"
144.76.182.139 - - [03/Mar/2014:08:13:52 +0100] "GET /news.php?cs_go=archiv&cs_id=4776&cs_search= HTTP/1.0" 200 7526 "http://www.mink-gmbh.de/news.php?cs_go=archiv&cs_startpos=150" "Mozilla/5.0 (compatible; SEOkicks-Robot; +http://www.seokicks.de/robot.html)"
144.76.182.139 - - [03/Mar/2014:08:13:57 +0100] "GET /news.php?cs_go=archiv&cs_id=4775&cs_search= HTTP/1.0" 200 11726 "http://www.mink-gmbh.de/news.php?cs_go=archiv&cs_startpos=150" "Mozilla/5.0 (compatible; SEOkicks-Robot; +http://www.seokicks.de/robot.html)"
144.76.182.139 - - [03/Mar/2014:08:14:02 +0100] "GET /news.php?cs_go=archiv&cs_id=4747&cs_search= HTTP/1.0" 200 13330 "http://www.mink-gmbh.de/news.php?cs_go=archiv&cs_startpos=150" "Mozilla/5.0 (compatible; SEOkicks-Robot; +http://www.seokicks.de/robot.html)"
144.76.182.139 - - [03/Mar/2014:08:14:06 +0100] "GET /news.php?cs_go=archiv&cs_id=4774&cs_search= HTTP/1.0" 200 7413 "http://www.mink-gmbh.de/news.php?cs_go=archiv&cs_startpos=150" "Mozilla/5.0 (compatible; SEOkicks-Robot; +http://www.seokicks.de/robot.html)"
144.76.182.139 - - [03/Mar/2014:08:14:11 +0100] "GET /news.php?cs_go=archiv&cs_id=4773&cs_search= HTTP/1.0" 200 11615 "http://www.mink-gmbh.de/news.php?cs_go=archiv&cs_startpos=160" "Mozilla/5.0 (compatible; SEOkicks-Robot; +http://www.seokicks.de/robot.html)"
144.76.182.139 - - [03/Mar/2014:08:14:15 +0100] "GET /news.php?cs_go=archiv&cs_id=4772&cs_search= HTTP/1.0" 200 8278 "http://www.mink-gmbh.de/news.php?cs_go=archiv&cs_startpos=160" "Mozilla/5.0 (compatible; SEOkicks-Robot; +http://www.seokicks.de/robot.html)"
144.76.182.139 - - [03/Mar/2014:08:14:20 +0100] "GET /news.php?cs_go=archiv&cs_id=4771&cs_search= HTTP/1.0" 200 7613 "http://www.mink-gmbh.de/news.php?cs_go=archiv&cs_startpos=160" "Mozilla/5.0 (compatible; SEOkicks-Robot; +http://www.seokicks.de/robot.html)"
144.76.182.139 - - [03/Mar/2014:08:14:24 +0100] "GET /news.php?cs_go=archiv&cs_id=4770&cs_search= HTTP/1.0" 200 11527 "http://www.mink-gmbh.de/news.php?cs_go=archiv&cs_startpos=160" "Mozilla/5.0 (compatible; SEOkicks-Robot; +http://www.seokicks.de/robot.html)"
144.76.182.139 - - [03/Mar/2014:08:14:28 +0100] "GET /news.php?cs_go=archiv&cs_id=4746&cs_search= HTTP/1.0" 200 7720 "http://www.mink-gmbh.de/news.php?cs_go=archiv&cs_startpos=160" "Mozilla/5.0 (compatible; SEOkicks-Robot; +http://www.seokicks.de/robot.html)"
144.76.182.139 - - [03/Mar/2014:08:14:33 +0100] "GET /news.php?cs_go=archiv&cs_id=4769&cs_search= HTTP/1.0" 200 7668 "http://www.mink-gmbh.de/news.php?cs_go=archiv&cs_startpos=160" "Mozilla/5.0 (compatible; SEOkicks-Robot; +http://www.seokicks.de/robot.html)"
144.76.182.139 - - [03/Mar/2014:08:14:37 +0100] "GET /news.php?cs_go=archiv&cs_id=4768&cs_search= HTTP/1.0" 200 11681 "http://www.mink-gmbh.de/news.php?cs_go=archiv&cs_startpos=160" "Mozilla/5.0 (compatible; SEOkicks-Robot; +http://www.seokicks.de/robot.html)"
144.76.182.139 - - [03/Mar/2014:08:14:41 +0100] "GET /news.php?cs_go=archiv&cs_id=4745&cs_search= HTTP/1.0" 200 10004 "http://www.mink-gmbh.de/news.php?cs_go=archiv&cs_startpos=160" "Mozilla/5.0 (compatible; SEOkicks-Robot; +http://www.seokicks.de/robot.html)"
144.76.182.139 - - [03/Mar/2014:08:14:46 +0100] "GET /news.php?cs_go=archiv&cs_id=4767&cs_search= HTTP/1.0" 200 7638 "http://www.mink-gmbh.de/news.php?cs_go=archiv&cs_startpos=160" "Mozilla/5.0 (compatible; SEOkicks-Robot; +http://www.seokicks.de/robot.html)"
144.76.182.139 - - [03/Mar/2014:08:14:50 +0100] "GET /news.php?cs_go=archiv&cs_id=4766&cs_search= HTTP/1.0" 200 11327 "http://www.mink-gmbh.de/news.php?cs_go=archiv&cs_startpos=160" "Mozilla/5.0 (compatible; SEOkicks-Robot; +http://www.seokicks.de/robot.html)"
66.249.65.137 - - [03/Mar/2014:08:20:26 +0100] "GET /news.php?cs_go=archiv&cs_id=4881 HTTP/1.1" 200 8009 "-" "Mozilla/5.0 (compatible; Googlebot/2.1; +http://www.google.com/bot.html)"
178.255.215.64 - - [03/Mar/2014:08:40:22 +0100] "GET /robots.txt HTTP/1.1" 200 177 "-" "Mozilla/5.0 (compatible; Exabot/3.0; +http://www.exabot.com/go/robot)"
178.255.215.64 - - [03/Mar/2014:08:40:22 +0100] "GET /news.php HTTP/1.1" 200 19873 "-" "Mozilla/5.0 (compatible; Exabot/3.0; +http://www.exabot.com/go/robot)"
66.249.65.201 - - [03/Mar/2014:09:09:32 +0100] "GET /news.php?cs_go=archiv&cs_id=4883 HTTP/1.1" 200 7577 "-" "Mozilla/5.0 (compatible; Googlebot/2.1; +http://www.google.com/bot.html)"
5.10.83.29 - - [03/Mar/2014:09:10:36 +0100] "GET /preisanfrage.php HTTP/1.1" 200 8502 "-" "Mozilla/5.0 (compatible; AhrefsBot/5.0; +http://ahrefs.com/robot/)"
66.249.65.201 - - [03/Mar/2014:09:28:59 +0100] "GET / HTTP/1.1" 200 14139 "-" "Mozilla/5.0 (compatible; Googlebot/2.1; +http://www.google.com/bot.html)"
66.249.73.23 - - [03/Mar/2014:09:37:10 +0100] "GET /news.php?cs_go=archiv&cs_id=4930 HTTP/1.1" 200 7369 "-" "Mozilla/5.0 (compatible; Googlebot/2.1; +http://www.google.com/bot.html)"
66.249.65.201 - - [03/Mar/2014:10:15:00 +0100] "GET /news.php?cs_go=archiv&cs_id=4879 HTTP/1.1" 200 9012 "-" "Mozilla/5.0 (compatible; Googlebot/2.1; +http://www.google.com/bot.html)"
66.249.65.201 - - [03/Mar/2014:10:29:42 +0100] "GET /news.php?cs_go=archiv&cs_id=4650 HTTP/1.1" 200 11730 "-" "Mozilla/5.0 (compatible; Googlebot/2.1; +http://www.google.com/bot.html)"
80.254.148.91 - - [03/Mar/2014:10:34:14 +0100] "GET / HTTP/1.1" 200 14139 "http://www.bing.com/search?q=fa+mink&qs=n&form=QBRE&pq=fa+mink&sc=6-7&sp=-1&sk=" "Mozilla/5.0 (compatible; MSIE 9.0; Windows NT 6.1; WOW64; Trident/5.0)"
80.254.148.91 - - [03/Mar/2014:10:34:15 +0100] "GET /style.css HTTP/1.1" 200 8402 "http://www.mink-gmbh.de/" "Mozilla/5.0 (compatible; MSIE 9.0; Windows NT 6.1; WOW64; Trident/5.0)"
80.254.148.91 - - [03/Mar/2014:10:34:15 +0100] "GET /js_contentserver24_greybox/gb_styles.css HTTP/1.1" 200 2302 "http://www.mink-gmbh.de/" "Mozilla/5.0 (compatible; MSIE 9.0; Windows NT 6.1; WOW64; Trident/5.0)"
80.254.148.91 - - [03/Mar/2014:10:34:15 +0100] "GET /js_contentserver24_greybox/AJS.js HTTP/1.1" 200 10396 "http://www.mink-gmbh.de/" "Mozilla/5.0 (compatible; MSIE 9.0; Windows NT 6.1; WOW64; Trident/5.0)"
80.254.148.91 - - [03/Mar/2014:10:34:15 +0100] "GET /modul.css HTTP/1.1" 200 35038 "http://www.mink-gmbh.de/" "Mozilla/5.0 (compatible; MSIE 9.0; Windows NT 6.1; WOW64; Trident/5.0)"
80.254.148.91 - - [03/Mar/2014:10:34:15 +0100] "GET /js_contentserver24_greybox/AJS_fx.js HTTP/1.1" 200 3192 "http://www.mink-gmbh.de/" "Mozilla/5.0 (compatible; MSIE 9.0; Windows NT 6.1; WOW64; Trident/5.0)"
80.254.148.91 - - [03/Mar/2014:10:34:15 +0100] "GET /js_contentserver24_greybox/gb_scripts.js HTTP/1.1" 200 11913 "http://www.mink-gmbh.de/" "Mozilla/5.0 (compatible; MSIE 9.0; Windows NT 6.1; WOW64; Trident/5.0)"
80.254.148.91 - - [03/Mar/2014:10:34:15 +0100] "GET /images/tkw.jpg HTTP/1.1" 200 64031 "http://www.mink-gmbh.de/" "Mozilla/5.0 (compatible; MSIE 9.0; Windows NT 6.1; WOW64; Trident/5.0)"
80.254.148.91 - - [03/Mar/2014:10:34:15 +0100] "GET /images/team-energie.png HTTP/1.1" 200 17383 "http://www.mink-gmbh.de/" "Mozilla/5.0 (compatible; MSIE 9.0; Windows NT 6.1; WOW64; Trident/5.0)"
80.254.148.91 - - [03/Mar/2014:10:34:15 +0100] "GET /images/freecall.jpg HTTP/1.1" 200 39195 "http://www.mink-gmbh.de/" "Mozilla/5.0 (compatible; MSIE 9.0; Windows NT 6.1; WOW64; Trident/5.0)"
80.254.148.91 - - [03/Mar/2014:10:34:15 +0100] "GET /images/mail.jpg HTTP/1.1" 200 12099 "http://www.mink-gmbh.de/" "Mozilla/5.0 (compatible; MSIE 9.0; Windows NT 6.1; WOW64; Trident/5.0)"
80.254.148.91 - - [03/Mar/2014:10:34:15 +0100] "GET /images/kwk.gif HTTP/1.1" 200 6403 "http://www.mink-gmbh.de/" "Mozilla/5.0 (compatible; MSIE 9.0; Windows NT 6.1; WOW64; Trident/5.0)"
80.254.148.91 - - [03/Mar/2014:10:34:15 +0100] "GET /images/logos.jpg?cache2366 HTTP/1.1" 200 35043 "http://www.mink-gmbh.de/" "Mozilla/5.0 (compatible; MSIE 9.0; Windows NT 6.1; WOW64; Trident/5.0)"
80.254.148.91 - - [03/Mar/2014:10:34:15 +0100] "GET /images/wunschpreis.jpg HTTP/1.1" 200 16767 "http://www.mink-gmbh.de/" "Mozilla/5.0 (compatible; MSIE 9.0; Windows NT 6.1; WOW64; Trident/5.0)"
80.254.148.91 - - [03/Mar/2014:10:34:16 +0100] "GET /images/bg.png HTTP/1.1" 200 922 "http://www.mink-gmbh.de/" "Mozilla/5.0 (compatible; MSIE 9.0; Windows NT 6.1; WOW64; Trident/5.0)"
80.254.148.91 - - [03/Mar/2014:10:34:16 +0100] "GET /js_contentserver24_greybox/w_close.gif HTTP/1.1" 200 74 "http://www.mink-gmbh.de/" "Mozilla/5.0 (compatible; MSIE 9.0; Windows NT 6.1; WOW64; Trident/5.0)"
80.254.148.91 - - [03/Mar/2014:10:34:16 +0100] "GET /images/newsletter.jpg HTTP/1.1" 200 13130 "http://www.mink-gmbh.de/" "Mozilla/5.0 (compatible; MSIE 9.0; Windows NT 6.1; WOW64; Trident/5.0)"
80.254.148.91 - - [03/Mar/2014:10:34:16 +0100] "GET /images/steigend.png HTTP/1.1" 200 688 "http://www.mink-gmbh.de/" "Mozilla/5.0 (compatible; MSIE 9.0; Windows NT 6.1; WOW64; Trident/5.0)"
80.254.148.91 - - [03/Mar/2014:10:34:16 +0100] "GET /images/fallend.png HTTP/1.1" 200 713 "http://www.mink-gmbh.de/" "Mozilla/5.0 (compatible; MSIE 9.0; Windows NT 6.1; WOW64; Trident/5.0)"
80.254.148.91 - - [03/Mar/2014:10:34:16 +0100] "GET /images/header.jpg HTTP/1.1" 200 25189 "http://www.mink-gmbh.de/" "Mozilla/5.0 (compatible; MSIE 9.0; Windows NT 6.1; WOW64; Trident/5.0)"
80.254.148.91 - - [03/Mar/2014:10:34:16 +0100] "GET /images/close.png HTTP/1.1" 200 703 "http://www.mink-gmbh.de/" "Mozilla/5.0 (compatible; MSIE 9.0; Windows NT 6.1; WOW64; Trident/5.0)"
80.254.148.91 - - [03/Mar/2014:10:34:16 +0100] "GET /images/mobil.jpg HTTP/1.1" 200 25293 "http://www.mink-gmbh.de/" "Mozilla/5.0 (compatible; MSIE 9.0; Windows NT 6.1; WOW64; Trident/5.0)"
80.254.148.91 - - [03/Mar/2014:10:34:16 +0100] "GET /images/wrapperbg.jpg HTTP/1.1" 200 27465 "http://www.mink-gmbh.de/" "Mozilla/5.0 (compatible; MSIE 9.0; Windows NT 6.1; WOW64; Trident/5.0)"
80.254.148.91 - - [03/Mar/2014:10:34:16 +0100] "GET /images/newsletter_bg.jpg HTTP/1.1" 200 33610 "http://www.mink-gmbh.de/" "Mozilla/5.0 (compatible; MSIE 9.0; Windows NT 6.1; WOW64; Trident/5.0)"
80.254.148.91 - - [03/Mar/2014:10:34:16 +0100] "GET /js_contentserver24_greybox/header_bg.gif HTTP/1.1" 200 1188 "http://www.mink-gmbh.de/" "Mozilla/5.0 (compatible; MSIE 9.0; Windows NT 6.1; WOW64; Trident/5.0)"
80.254.148.91 - - [03/Mar/2014:10:34:16 +0100] "GET /js_contentserver24_greybox/loader_frame.html?s=0 HTTP/1.1" 200 2084 "http://www.mink-gmbh.de/" "Mozilla/5.0 (compatible; MSIE 9.0; Windows NT 6.1; WOW64; Trident/5.0)"
80.254.148.91 - - [03/Mar/2014:10:34:16 +0100] "GET /js_contentserver24_greybox/indicator.gif HTTP/1.1" 200 8238 "http://www.mink-gmbh.de/js_contentserver24_greybox/loader_frame.html?s=0" "Mozilla/5.0 (compatible; MSIE 9.0; Windows NT 6.1; WOW64; Trident/5.0)"
80.254.148.91 - - [03/Mar/2014:10:34:16 +0100] "GET /images/navibg.png HTTP/1.1" 200 2803 "http://www.mink-gmbh.de/" "Mozilla/5.0 (compatible; MSIE 9.0; Windows NT 6.1; WOW64; Trident/5.0)"
80.254.148.91 - - [03/Mar/2014:10:34:16 +0100] "GET /images/newsletter.png HTTP/1.1" 200 14619 "http://www.mink-gmbh.de/" "Mozilla/5.0 (compatible; MSIE 9.0; Windows NT 6.1; WOW64; Trident/5.0)"
80.254.148.91 - - [03/Mar/2014:10:34:17 +0100] "GET /images/footerbg.jpg HTTP/1.1" 200 2184 "http://www.mink-gmbh.de/" "Mozilla/5.0 (compatible; MSIE 9.0; Windows NT 6.1; WOW64; Trident/5.0)"
80.254.148.91 - - [03/Mar/2014:10:34:17 +0100] "GET /js_contentserver24_greybox/g_close.gif HTTP/1.1" 200 541 "http://www.mink-gmbh.de/" "Mozilla/5.0 (compatible; MSIE 9.0; Windows NT 6.1; WOW64; Trident/5.0)"
80.254.148.91 - - [03/Mar/2014:10:34:17 +0100] "GET /favicon.ico HTTP/1.1" 200 3638 "-" "Mozilla/5.0 (compatible; MSIE 9.0; Windows NT 6.1; WOW64; Trident/5.0)"
87.178.128.37 - - [03/Mar/2014:10:47:07 +0100] "GET / HTTP/1.1" 200 14139 "-" "Mozilla/5.0 (iPad; CPU OS 7_0_6 like Mac OS X) AppleWebKit/537.51.1 (KHTML, like Gecko) Version/7.0 Mobile/11B651 Safari/9537.53"
87.178.128.37 - - [03/Mar/2014:10:47:08 +0100] "GET /style.css HTTP/1.1" 200 8402 "http://www.mink-gmbh.de/" "Mozilla/5.0 (iPad; CPU OS 7_0_6 like Mac OS X) AppleWebKit/537.51.1 (KHTML, like Gecko) Version/7.0 Mobile/11B651 Safari/9537.53"
87.178.128.37 - - [03/Mar/2014:10:47:08 +0100] "GET /js_contentserver24_greybox/gb_styles.css HTTP/1.1" 200 2302 "http://www.mink-gmbh.de/" "Mozilla/5.0 (iPad; CPU OS 7_0_6 like Mac OS X) AppleWebKit/537.51.1 (KHTML, like Gecko) Version/7.0 Mobile/11B651 Safari/9537.53"
87.178.128.37 - - [03/Mar/2014:10:47:08 +0100] "GET /modul.css HTTP/1.1" 200 35038 "http://www.mink-gmbh.de/" "Mozilla/5.0 (iPad; CPU OS 7_0_6 like Mac OS X) AppleWebKit/537.51.1 (KHTML, like Gecko) Version/7.0 Mobile/11B651 Safari/9537.53"
87.178.128.37 - - [03/Mar/2014:10:47:08 +0100] "GET /js_contentserver24_greybox/AJS.js HTTP/1.1" 200 10396 "http://www.mink-gmbh.de/" "Mozilla/5.0 (iPad; CPU OS 7_0_6 like Mac OS X) AppleWebKit/537.51.1 (KHTML, like Gecko) Version/7.0 Mobile/11B651 Safari/9537.53"
87.178.128.37 - - [03/Mar/2014:10:47:08 +0100] "GET /js_contentserver24_greybox/AJS_fx.js HTTP/1.1" 200 3192 "http://www.mink-gmbh.de/" "Mozilla/5.0 (iPad; CPU OS 7_0_6 like Mac OS X) AppleWebKit/537.51.1 (KHTML, like Gecko) Version/7.0 Mobile/11B651 Safari/9537.53"
87.178.128.37 - - [03/Mar/2014:10:47:08 +0100] "GET /js_contentserver24_greybox/gb_scripts.js HTTP/1.1" 200 11913 "http://www.mink-gmbh.de/" "Mozilla/5.0 (iPad; CPU OS 7_0_6 like Mac OS X) AppleWebKit/537.51.1 (KHTML, like Gecko) Version/7.0 Mobile/11B651 Safari/9537.53"
87.178.128.37 - - [03/Mar/2014:10:47:08 +0100] "GET /images/tkw.jpg HTTP/1.1" 200 64031 "http://www.mink-gmbh.de/" "Mozilla/5.0 (iPad; CPU OS 7_0_6 like Mac OS X) AppleWebKit/537.51.1 (KHTML, like Gecko) Version/7.0 Mobile/11B651 Safari/9537.53"
87.178.128.37 - - [03/Mar/2014:10:47:08 +0100] "GET /images/team-energie.png HTTP/1.1" 200 17383 "http://www.mink-gmbh.de/" "Mozilla/5.0 (iPad; CPU OS 7_0_6 like Mac OS X) AppleWebKit/537.51.1 (KHTML, like Gecko) Version/7.0 Mobile/11B651 Safari/9537.53"
87.178.128.37 - - [03/Mar/2014:10:47:08 +0100] "GET /images/freecall.jpg HTTP/1.1" 200 39195 "http://www.mink-gmbh.de/" "Mozilla/5.0 (iPad; CPU OS 7_0_6 like Mac OS X) AppleWebKit/537.51.1 (KHTML, like Gecko) Version/7.0 Mobile/11B651 Safari/9537.53"
87.178.128.37 - - [03/Mar/2014:10:47:08 +0100] "GET /images/kwk.gif HTTP/1.1" 200 6403 "http://www.mink-gmbh.de/" "Mozilla/5.0 (iPad; CPU OS 7_0_6 like Mac OS X) AppleWebKit/537.51.1 (KHTML, like Gecko) Version/7.0 Mobile/11B651 Safari/9537.53"
87.178.128.37 - - [03/Mar/2014:10:47:08 +0100] "GET /images/mail.jpg HTTP/1.1" 200 12099 "http://www.mink-gmbh.de/" "Mozilla/5.0 (iPad; CPU OS 7_0_6 like Mac OS X) AppleWebKit/537.51.1 (KHTML, like Gecko) Version/7.0 Mobile/11B651 Safari/9537.53"
87.178.128.37 - - [03/Mar/2014:10:47:08 +0100] "GET /images/wunschpreis.jpg HTTP/1.1" 200 16767 "http://www.mink-gmbh.de/" "Mozilla/5.0 (iPad; CPU OS 7_0_6 like Mac OS X) AppleWebKit/537.51.1 (KHTML, like Gecko) Version/7.0 Mobile/11B651 Safari/9537.53"
87.178.128.37 - - [03/Mar/2014:10:47:08 +0100] "GET /images/logos.jpg?cache2129 HTTP/1.1" 200 35043 "http://www.mink-gmbh.de/" "Mozilla/5.0 (iPad; CPU OS 7_0_6 like Mac OS X) AppleWebKit/537.51.1 (KHTML, like Gecko) Version/7.0 Mobile/11B651 Safari/9537.53"
87.178.128.37 - - [03/Mar/2014:10:47:08 +0100] "GET /images/bg.png HTTP/1.1" 200 922 "http://www.mink-gmbh.de/" "Mozilla/5.0 (iPad; CPU OS 7_0_6 like Mac OS X) AppleWebKit/537.51.1 (KHTML, like Gecko) Version/7.0 Mobile/11B651 Safari/9537.53"
87.178.128.37 - - [03/Mar/2014:10:47:08 +0100] "GET /js_contentserver24_greybox/w_close.gif HTTP/1.1" 200 74 "http://www.mink-gmbh.de/" "Mozilla/5.0 (iPad; CPU OS 7_0_6 like Mac OS X) AppleWebKit/537.51.1 (KHTML, like Gecko) Version/7.0 Mobile/11B651 Safari/9537.53"
87.178.128.37 - - [03/Mar/2014:10:47:08 +0100] "GET /images/close.png HTTP/1.1" 200 703 "http://www.mink-gmbh.de/" "Mozilla/5.0 (iPad; CPU OS 7_0_6 like Mac OS X) AppleWebKit/537.51.1 (KHTML, like Gecko) Version/7.0 Mobile/11B651 Safari/9537.53"
87.178.128.37 - - [03/Mar/2014:10:47:08 +0100] "GET /images/newsletter_bg.jpg HTTP/1.1" 200 33610 "http://www.mink-gmbh.de/" "Mozilla/5.0 (iPad; CPU OS 7_0_6 like Mac OS X) AppleWebKit/537.51.1 (KHTML, like Gecko) Version/7.0 Mobile/11B651 Safari/9537.53"
87.178.128.37 - - [03/Mar/2014:10:47:08 +0100] "GET /images/newsletter.png HTTP/1.1" 200 14619 "http://www.mink-gmbh.de/" "Mozilla/5.0 (iPad; CPU OS 7_0_6 like Mac OS X) AppleWebKit/537.51.1 (KHTML, like Gecko) Version/7.0 Mobile/11B651 Safari/9537.53"
87.178.128.37 - - [03/Mar/2014:10:47:08 +0100] "GET /images/wrapperbg.jpg HTTP/1.1" 200 27465 "http://www.mink-gmbh.de/" "Mozilla/5.0 (iPad; CPU OS 7_0_6 like Mac OS X) AppleWebKit/537.51.1 (KHTML, like Gecko) Version/7.0 Mobile/11B651 Safari/9537.53"
87.178.128.37 - - [03/Mar/2014:10:47:08 +0100] "GET /images/header.jpg HTTP/1.1" 200 25189 "http://www.mink-gmbh.de/" "Mozilla/5.0 (iPad; CPU OS 7_0_6 like Mac OS X) AppleWebKit/537.51.1 (KHTML, like Gecko) Version/7.0 Mobile/11B651 Safari/9537.53"
87.178.128.37 - - [03/Mar/2014:10:47:08 +0100] "GET /images/navibg.png HTTP/1.1" 200 2803 "http://www.mink-gmbh.de/" "Mozilla/5.0 (iPad; CPU OS 7_0_6 like Mac OS X) AppleWebKit/537.51.1 (KHTML, like Gecko) Version/7.0 Mobile/11B651 Safari/9537.53"
87.178.128.37 - - [03/Mar/2014:10:47:08 +0100] "GET /images/steigend.png HTTP/1.1" 200 688 "http://www.mink-gmbh.de/" "Mozilla/5.0 (iPad; CPU OS 7_0_6 like Mac OS X) AppleWebKit/537.51.1 (KHTML, like Gecko) Version/7.0 Mobile/11B651 Safari/9537.53"
87.178.128.37 - - [03/Mar/2014:10:47:08 +0100] "GET /images/fallend.png HTTP/1.1" 200 713 "http://www.mink-gmbh.de/" "Mozilla/5.0 (iPad; CPU OS 7_0_6 like Mac OS X) AppleWebKit/537.51.1 (KHTML, like Gecko) Version/7.0 Mobile/11B651 Safari/9537.53"
87.178.128.37 - - [03/Mar/2014:10:47:08 +0100] "GET /images/footerbg.jpg HTTP/1.1" 200 2184 "http://www.mink-gmbh.de/" "Mozilla/5.0 (iPad; CPU OS 7_0_6 like Mac OS X) AppleWebKit/537.51.1 (KHTML, like Gecko) Version/7.0 Mobile/11B651 Safari/9537.53"
87.178.128.37 - - [03/Mar/2014:10:47:08 +0100] "GET /images/newsletter.jpg HTTP/1.1" 200 13130 "http://www.mink-gmbh.de/" "Mozilla/5.0 (iPad; CPU OS 7_0_6 like Mac OS X) AppleWebKit/537.51.1 (KHTML, like Gecko) Version/7.0 Mobile/11B651 Safari/9537.53"
87.178.128.37 - - [03/Mar/2014:10:47:08 +0100] "GET /images/mobil.jpg HTTP/1.1" 200 25293 "http://www.mink-gmbh.de/" "Mozilla/5.0 (iPad; CPU OS 7_0_6 like Mac OS X) AppleWebKit/537.51.1 (KHTML, like Gecko) Version/7.0 Mobile/11B651 Safari/9537.53"
87.178.128.37 - - [03/Mar/2014:10:47:08 +0100] "GET /js_contentserver24_greybox/loader_frame.html?s=0 HTTP/1.1" 200 2084 "http://www.mink-gmbh.de/" "Mozilla/5.0 (iPad; CPU OS 7_0_6 like Mac OS X) AppleWebKit/537.51.1 (KHTML, like Gecko) Version/7.0 Mobile/11B651 Safari/9537.53"
87.178.128.37 - - [03/Mar/2014:10:47:09 +0100] "GET /js_contentserver24_greybox/header_bg.gif HTTP/1.1" 200 1188 "http://www.mink-gmbh.de/" "Mozilla/5.0 (iPad; CPU OS 7_0_6 like Mac OS X) AppleWebKit/537.51.1 (KHTML, like Gecko) Version/7.0 Mobile/11B651 Safari/9537.53"
87.178.128.37 - - [03/Mar/2014:10:47:09 +0100] "GET /js_contentserver24_greybox/indicator.gif HTTP/1.1" 200 8238 "http://www.mink-gmbh.de/js_contentserver24_greybox/loader_frame.html?s=0" "Mozilla/5.0 (iPad; CPU OS 7_0_6 like Mac OS X) AppleWebKit/537.51.1 (KHTML, like Gecko) Version/7.0 Mobile/11B651 Safari/9537.53"
87.178.128.37 - - [03/Mar/2014:10:47:09 +0100] "GET /js_contentserver24_greybox/g_close.gif HTTP/1.1" 200 541 "http://www.mink-gmbh.de/" "Mozilla/5.0 (iPad; CPU OS 7_0_6 like Mac OS X) AppleWebKit/537.51.1 (KHTML, like Gecko) Version/7.0 Mobile/11B651 Safari/9537.53"
141.8.147.12 - - [03/Mar/2014:10:55:44 +0100] "GET /robots.txt HTTP/1.1" 200 177 "-" "Mozilla/5.0 (compatible; YandexBot/3.0; +http://yandex.com/bots)"
208.115.111.75 - - [03/Mar/2014:10:56:41 +0100] "GET /robots.txt HTTP/1.1" 200 177 "-" "Mozilla/5.0 (compatible; Ezooms/1.0; help@moz.com)"
66.249.73.22 - - [03/Mar/2014:10:58:20 +0100] "GET /news.php?cs_go=archiv&cs_startpos=0 HTTP/1.1" 200 19808 "-" "Mozilla/5.0 (compatible; Googlebot/2.1; +http://www.google.com/bot.html)"
66.249.65.201 - - [03/Mar/2014:11:04:06 +0100] "GET /index.php HTTP/1.1" 200 13997 "-" "Mozilla/5.0 (compatible; Googlebot/2.1; +http://www.google.com/bot.html)"
66.249.73.232 - - [03/Mar/2014:11:06:08 +0100] "GET /news.php?cs_go=archiv&cs_id=4931 HTTP/1.1" 200 8107 "-" "Mozilla/5.0 (compatible; Googlebot/2.1; +http://www.google.com/bot.html)"
65.36.241.79 - - [03/Mar/2014:11:09:38 +0100] "HEAD / HTTP/1.1" 200 - "-" "InternetSeer.com"
66.249.65.137 - - [03/Mar/2014:11:12:53 +0100] "GET /news.php?cs_go=archiv&cs_id=4743&cs_search= HTTP/1.1" 200 12376 "-" "Mozilla/5.0 (compatible; Googlebot/2.1; +http://www.google.com/bot.html)"
82.83.186.104 - - [03/Mar/2014:11:31:39 +0100] "GET /style.css HTTP/1.1" 200 8402 "http://www.mink-gmbh.de/" "Mozilla/5.0 (Windows NT 6.1; WOW64) AppleWebKit/537.36 (KHTML, like Gecko) Chrome/32.0.1700.76 Safari/537.36"
82.83.186.104 - - [03/Mar/2014:11:31:40 +0100] "GET /modul.css HTTP/1.1" 200 35038 "http://www.mink-gmbh.de/" "Mozilla/5.0 (Windows NT 6.1; WOW64) AppleWebKit/537.36 (KHTML, like Gecko) Chrome/32.0.1700.76 Safari/537.36"
82.83.186.104 - - [03/Mar/2014:11:31:40 +0100] "GET /js_contentserver24_greybox/gb_styles.css HTTP/1.1" 200 2302 "http://www.mink-gmbh.de/" "Mozilla/5.0 (Windows NT 6.1; WOW64) AppleWebKit/537.36 (KHTML, like Gecko) Chrome/32.0.1700.76 Safari/537.36"
82.83.186.104 - - [03/Mar/2014:11:31:40 +0100] "GET /js_contentserver24_greybox/AJS.js HTTP/1.1" 200 10396 "http://www.mink-gmbh.de/" "Mozilla/5.0 (Windows NT 6.1; WOW64) AppleWebKit/537.36 (KHTML, like Gecko) Chrome/32.0.1700.76 Safari/537.36"
82.83.186.104 - - [03/Mar/2014:11:31:40 +0100] "GET /js_contentserver24_greybox/AJS_fx.js HTTP/1.1" 200 3192 "http://www.mink-gmbh.de/" "Mozilla/5.0 (Windows NT 6.1; WOW64) AppleWebKit/537.36 (KHTML, like Gecko) Chrome/32.0.1700.76 Safari/537.36"
82.83.186.104 - - [03/Mar/2014:11:31:39 +0100] "GET / HTTP/1.1" 200 13997 "https://www.google.de/" "Mozilla/5.0 (Windows NT 6.1; WOW64) AppleWebKit/537.36 (KHTML, like Gecko) Chrome/32.0.1700.76 Safari/537.36"
82.83.186.104 - - [03/Mar/2014:11:31:41 +0100] "GET /js_contentserver24_greybox/gb_scripts.js HTTP/1.1" 200 11913 "http://www.mink-gmbh.de/" "Mozilla/5.0 (Windows NT 6.1; WOW64) AppleWebKit/537.36 (KHTML, like Gecko) Chrome/32.0.1700.76 Safari/537.36"
82.83.186.104 - - [03/Mar/2014:11:31:41 +0100] "GET /images/bg.png HTTP/1.1" 200 922 "http://www.mink-gmbh.de/" "Mozilla/5.0 (Windows NT 6.1; WOW64) AppleWebKit/537.36 (KHTML, like Gecko) Chrome/32.0.1700.76 Safari/537.36"
82.83.186.104 - - [03/Mar/2014:11:31:41 +0100] "GET /js_contentserver24_greybox/w_close.gif HTTP/1.1" 200 74 "http://www.mink-gmbh.de/" "Mozilla/5.0 (Windows NT 6.1; WOW64) AppleWebKit/537.36 (KHTML, like Gecko) Chrome/32.0.1700.76 Safari/537.36"
82.83.186.104 - - [03/Mar/2014:11:31:41 +0100] "GET /images/team-energie.png HTTP/1.1" 200 17383 "http://www.mink-gmbh.de/" "Mozilla/5.0 (Windows NT 6.1; WOW64) AppleWebKit/537.36 (KHTML, like Gecko) Chrome/32.0.1700.76 Safari/537.36"
82.83.186.104 - - [03/Mar/2014:11:31:41 +0100] "GET /images/mail.jpg HTTP/1.1" 200 12099 "http://www.mink-gmbh.de/" "Mozilla/5.0 (Windows NT 6.1; WOW64) AppleWebKit/537.36 (KHTML, like Gecko) Chrome/32.0.1700.76 Safari/537.36"
82.83.186.104 - - [03/Mar/2014:11:31:41 +0100] "GET /images/kwk.gif HTTP/1.1" 200 6403 "http://www.mink-gmbh.de/" "Mozilla/5.0 (Windows NT 6.1; WOW64) AppleWebKit/537.36 (KHTML, like Gecko) Chrome/32.0.1700.76 Safari/537.36"
82.83.186.104 - - [03/Mar/2014:11:31:41 +0100] "GET /images/wunschpreis.jpg HTTP/1.1" 200 16767 "http://www.mink-gmbh.de/" "Mozilla/5.0 (Windows NT 6.1; WOW64) AppleWebKit/537.36 (KHTML, like Gecko) Chrome/32.0.1700.76 Safari/537.36"
82.83.186.104 - - [03/Mar/2014:11:31:42 +0100] "GET /js_contentserver24_greybox/loader_frame.html?s=0 HTTP/1.1" 200 2084 "http://www.mink-gmbh.de/" "Mozilla/5.0 (Windows NT 6.1; WOW64) AppleWebKit/537.36 (KHTML, like Gecko) Chrome/32.0.1700.76 Safari/537.36"
82.83.186.104 - - [03/Mar/2014:11:31:42 +0100] "GET /images/logos.jpg?cache6016 HTTP/1.1" 200 35043 "http://www.mink-gmbh.de/" "Mozilla/5.0 (Windows NT 6.1; WOW64) AppleWebKit/537.36 (KHTML, like Gecko) Chrome/32.0.1700.76 Safari/537.36"
82.83.186.104 - - [03/Mar/2014:11:31:41 +0100] "GET /images/tkw.jpg HTTP/1.1" 200 64031 "http://www.mink-gmbh.de/" "Mozilla/5.0 (Windows NT 6.1; WOW64) AppleWebKit/537.36 (KHTML, like Gecko) Chrome/32.0.1700.76 Safari/537.36"
82.83.186.104 - - [03/Mar/2014:11:31:42 +0100] "GET /images/wrapperbg.jpg HTTP/1.1" 200 27465 "http://www.mink-gmbh.de/" "Mozilla/5.0 (Windows NT 6.1; WOW64) AppleWebKit/537.36 (KHTML, like Gecko) Chrome/32.0.1700.76 Safari/537.36"
82.83.186.104 - - [03/Mar/2014:11:31:41 +0100] "GET /images/freecall.jpg HTTP/1.1" 200 39195 "http://www.mink-gmbh.de/" "Mozilla/5.0 (Windows NT 6.1; WOW64) AppleWebKit/537.36 (KHTML, like Gecko) Chrome/32.0.1700.76 Safari/537.36"
82.83.186.104 - - [03/Mar/2014:11:31:43 +0100] "GET /images/header.jpg HTTP/1.1" 200 25189 "http://www.mink-gmbh.de/" "Mozilla/5.0 (Windows NT 6.1; WOW64) AppleWebKit/537.36 (KHTML, like Gecko) Chrome/32.0.1700.76 Safari/537.36"
82.83.186.104 - - [03/Mar/2014:11:31:43 +0100] "GET /images/navibg.png HTTP/1.1" 200 2803 "http://www.mink-gmbh.de/" "Mozilla/5.0 (Windows NT 6.1; WOW64) AppleWebKit/537.36 (KHTML, like Gecko) Chrome/32.0.1700.76 Safari/537.36"
82.83.186.104 - - [03/Mar/2014:11:31:43 +0100] "GET /images/steigend.png HTTP/1.1" 200 688 "http://www.mink-gmbh.de/" "Mozilla/5.0 (Windows NT 6.1; WOW64) AppleWebKit/537.36 (KHTML, like Gecko) Chrome/32.0.1700.76 Safari/537.36"
82.83.186.104 - - [03/Mar/2014:11:31:43 +0100] "GET /images/fallend.png HTTP/1.1" 200 713 "http://www.mink-gmbh.de/" "Mozilla/5.0 (Windows NT 6.1; WOW64) AppleWebKit/537.36 (KHTML, like Gecko) Chrome/32.0.1700.76 Safari/537.36"
82.83.186.104 - - [03/Mar/2014:11:31:43 +0100] "GET /images/mobil.jpg HTTP/1.1" 200 25293 "http://www.mink-gmbh.de/" "Mozilla/5.0 (Windows NT 6.1; WOW64) AppleWebKit/537.36 (KHTML, like Gecko) Chrome/32.0.1700.76 Safari/537.36"
82.83.186.104 - - [03/Mar/2014:11:31:43 +0100] "GET /images/newsletter.jpg HTTP/1.1" 200 13130 "http://www.mink-gmbh.de/" "Mozilla/5.0 (Windows NT 6.1; WOW64) AppleWebKit/537.36 (KHTML, like Gecko) Chrome/32.0.1700.76 Safari/537.36"
82.83.186.104 - - [03/Mar/2014:11:31:43 +0100] "GET /images/footerbg.jpg HTTP/1.1" 200 2184 "http://www.mink-gmbh.de/" "Mozilla/5.0 (Windows NT 6.1; WOW64) AppleWebKit/537.36 (KHTML, like Gecko) Chrome/32.0.1700.76 Safari/537.36"
82.83.186.104 - - [03/Mar/2014:11:31:43 +0100] "GET /images/newsletter.png HTTP/1.1" 200 14619 "http://www.mink-gmbh.de/" "Mozilla/5.0 (Windows NT 6.1; WOW64) AppleWebKit/537.36 (KHTML, like Gecko) Chrome/32.0.1700.76 Safari/537.36"
82.83.186.104 - - [03/Mar/2014:11:31:44 +0100] "GET /images/close.png HTTP/1.1" 200 703 "http://www.mink-gmbh.de/" "Mozilla/5.0 (Windows NT 6.1; WOW64) AppleWebKit/537.36 (KHTML, like Gecko) Chrome/32.0.1700.76 Safari/537.36"
82.83.186.104 - - [03/Mar/2014:11:31:44 +0100] "GET /images/newsletter_bg.jpg HTTP/1.1" 200 33610 "http://www.mink-gmbh.de/" "Mozilla/5.0 (Windows NT 6.1; WOW64) AppleWebKit/537.36 (KHTML, like Gecko) Chrome/32.0.1700.76 Safari/537.36"
82.83.186.104 - - [03/Mar/2014:11:31:44 +0100] "GET /js_contentserver24_greybox/header_bg.gif HTTP/1.1" 200 1188 "http://www.mink-gmbh.de/" "Mozilla/5.0 (Windows NT 6.1; WOW64) AppleWebKit/537.36 (KHTML, like Gecko) Chrome/32.0.1700.76 Safari/537.36"
82.83.186.104 - - [03/Mar/2014:11:31:44 +0100] "GET /js_contentserver24_greybox/indicator.gif HTTP/1.1" 200 8238 "http://www.mink-gmbh.de/js_contentserver24_greybox/loader_frame.html?s=0" "Mozilla/5.0 (Windows NT 6.1; WOW64) AppleWebKit/537.36 (KHTML, like Gecko) Chrome/32.0.1700.76 Safari/537.36"
82.83.186.104 - - [03/Mar/2014:11:31:50 +0100] "GET /js_contentserver24_greybox/g_close.gif HTTP/1.1" 200 541 "http://www.mink-gmbh.de/" "Mozilla/5.0 (Windows NT 6.1; WOW64) AppleWebKit/537.36 (KHTML, like Gecko) Chrome/32.0.1700.76 Safari/537.36"
82.83.186.104 - - [03/Mar/2014:11:31:50 +0100] "GET /favicon.ico HTTP/1.1" 200 3638 "-" "Mozilla/5.0 (Windows NT 6.1; WOW64) AppleWebKit/537.36 (KHTML, like Gecko) Chrome/32.0.1700.76 Safari/537.36"
66.249.65.201 - - [03/Mar/2014:11:50:37 +0100] "GET /news.php?cs_go=archiv&cs_id=4207 HTTP/1.1" 200 7577 "-" "Mozilla/5.0 (iPhone; CPU iPhone OS 6_0 like Mac OS X) AppleWebKit/536.26 (KHTML, like Gecko) Version/6.0 Mobile/10A5376e Safari/8536.25 (compatible; Googlebot/2.1; +http://www.google.com/bot.html)"
66.249.65.169 - - [03/Mar/2014:11:54:10 +0100] "GET /news.php?cs_go=archiv&cs_id=4922&cs_search= HTTP/1.1" 200 7391 "-" "Mozilla/5.0 (compatible; Googlebot/2.1; +http://www.google.com/bot.html)"
141.8.147.12 - - [03/Mar/2014:11:59:18 +0100] "GET /news.php HTTP/1.1" 200 19808 "-" "Mozilla/5.0 (compatible; YandexBot/3.0; +http://yandex.com/bots)"
66.249.65.137 - - [03/Mar/2014:12:03:22 +0100] "GET /news.php?cs_go=archiv&cs_id=4817&cs_search= HTTP/1.1" 200 8042 "-" "Mozilla/5.0 (iPhone; CPU iPhone OS 6_0 like Mac OS X) AppleWebKit/536.26 (KHTML, like Gecko) Version/6.0 Mobile/10A5376e Safari/8536.25 (compatible; Googlebot/2.1; +http://www.google.com/bot.html)"
123.125.71.48 - - [03/Mar/2014:12:42:51 +0100] "GET / HTTP/1.1" 200 6594 "-" "Mozilla/5.0 (compatible; Baiduspider/2.0; +http://www.baidu.com/search/spider.html)"
82.94.179.38 - - [03/Mar/2014:12:43:47 +0100] "GET /robots.txt HTTP/1.0" 200 177 "-" "Mozilla/4.0 (compatible; Freshbot/1.0/EU; http://webagent.wise-guys.nl/)"
82.94.179.38 - - [03/Mar/2014:12:43:47 +0100] "GET / HTTP/1.1" 200 13958 "-" "Mozilla/5.0 (X11; Linux i686; rv:6.0) Gecko/20100101 Firefox/6.0 (Freshbot/1.0/EU; http://webagent.wise-guys.nl/)"
82.94.179.38 - - [03/Mar/2014:12:43:55 +0100] "GET /news.php?cs_go=archiv&cs_id=4933 HTTP/1.1" 200 13133 "-" "Mozilla/5.0 (X11; Linux i686; rv:6.0) Gecko/20100101 Firefox/6.0 (Freshbot/1.0/EU; http://webagent.wise-guys.nl/)"
82.94.179.38 - - [03/Mar/2014:12:44:00 +0100] "GET /news.php?cs_go=archiv&cs_id=4931 HTTP/1.1" 200 8107 "-" "Mozilla/5.0 (X11; Linux i686; rv:6.0) Gecko/20100101 Firefox/6.0 (Freshbot/1.0/EU; http://webagent.wise-guys.nl/)"
82.94.179.38 - - [03/Mar/2014:12:44:05 +0100] "GET /news.php?cs_go=archiv&cs_id=4930 HTTP/1.1" 200 7369 "-" "Mozilla/5.0 (X11; Linux i686; rv:6.0) Gecko/20100101 Firefox/6.0 (Freshbot/1.0/EU; http://webagent.wise-guys.nl/)"
220.181.108.76 - - [03/Mar/2014:12:44:05 +0100] "GET / HTTP/1.1" 200 7979 "-" "Mozilla/5.0 (compatible; Baiduspider/2.0; +http://www.baidu.com/search/spider.html)"
208.115.111.75 - - [03/Mar/2014:12:51:14 +0100] "GET /impressum.php HTTP/1.1" 200 6306 "-" "Mozilla/5.0 (compatible; Ezooms/1.0; help@moz.com)"
85.25.202.18 - - [03/Mar/2014:12:53:22 +0100] "GET / HTTP/1.1" 200 1247 "http://www.sumaja.de/?such_wert=gmbh" "Mozilla/5.0 (Macintosh; U; Intel Mac OS X 10.6; de-DE; rv:1.9.2.8) Gecko/20100722 Firefox/3.6.8"
5.10.83.44 - - [03/Mar/2014:13:06:35 +0100] "GET /lexikon.php?cs_go=3&cs_id=137 HTTP/1.1" 200 6890 "-" "Mozilla/5.0 (compatible; AhrefsBot/5.0; +http://ahrefs.com/robot/)"
5.10.83.68 - - [03/Mar/2014:13:16:05 +0100] "GET /news.php?cs_go=archiv&cs_startpos=10 HTTP/1.1" 200 20037 "-" "Mozilla/5.0 (compatible; AhrefsBot/5.0; +http://ahrefs.com/robot/)"
5.10.83.8 - - [03/Mar/2014:13:17:39 +0100] "GET /lexikon.php?cs_go=3&cs_id=226 HTTP/1.1" 200 6317 "-" "Mozilla/5.0 (compatible; AhrefsBot/5.0; +http://ahrefs.com/robot/)"
141.8.147.12 - - [03/Mar/2014:13:21:45 +0100] "GET /news.php?cs_go=archiv&cs_startpos=10 HTTP/1.1" 200 20037 "-" "Mozilla/5.0 (compatible; YandexBot/3.0; +http://yandex.com/bots)"
151.236.19.110 - - [03/Mar/2014:13:27:58 +0100] "GET / HTTP/1.1" 200 13958 "-" "Mozilla/5.0 (compatible; Googlebot/2.1; +http://www.google.com/bot.html)"
151.236.19.52 - - [03/Mar/2014:13:29:05 +0100] "GET / HTTP/1.1" 200 13958 "-" "Mozilla/5.0 (compatible; Googlebot/2.1; +http://www.google.com/bot.html)"
66.249.65.137 - - [03/Mar/2014:13:52:18 +0100] "GET /news.php?cs_go=archiv&cs_id=4621&cs_search= HTTP/1.1" 200 9015 "-" "Mozilla/5.0 (compatible; Googlebot/2.1; +http://www.google.com/bot.html)"
141.8.147.12 - - [03/Mar/2014:14:04:59 +0100] "GET /news.php?cs_go=archiv&cs_id=4863&cs_search= HTTP/1.1" 200 13630 "-" "Mozilla/5.0 (compatible; YandexBot/3.0; +http://yandex.com/bots)"
5.10.83.8 - - [03/Mar/2014:14:05:21 +0100] "GET /\"http://www.brennstoffboerse.de/index.php?go=fluessiggas_tank\" HTTP/1.1" 404 - "-" "Mozilla/5.0 (compatible; AhrefsBot/5.0; +http://ahrefs.com/robot/)"
66.249.65.201 - - [03/Mar/2014:14:12:20 +0100] "GET /news.php?cs_go=archiv&cs_id=4882 HTTP/1.1" 200 11230 "-" "Mozilla/5.0 (compatible; Googlebot/2.1; +http://www.google.com/bot.html)"
5.10.83.54 - - [03/Mar/2014:14:12:32 +0100] "GET /kwk.php?cs_go=2 HTTP/1.1" 200 9418 "-" "Mozilla/5.0 (compatible; AhrefsBot/5.0; +http://ahrefs.com/robot/)"
5.10.83.7 - - [03/Mar/2014:15:04:24 +0100] "GET /lexikon.php?cs_go=2&cs_char=e HTTP/1.1" 200 6643 "-" "Mozilla/5.0 (compatible; AhrefsBot/5.0; +http://ahrefs.com/robot/)"
66.249.65.201 - - [03/Mar/2014:15:05:15 +0100] "GET /news.php?cs_go=archiv&cs_id=4765&cs_search= HTTP/1.1" 200 7522 "-" "Mozilla/5.0 (compatible; Googlebot/2.1; +http://www.google.com/bot.html)"
141.8.147.12 - - [03/Mar/2014:15:22:51 +0100] "GET /news.php?cs_go=archiv&cs_id=4923&cs_search= HTTP/1.1" 200 7545 "-" "Mozilla/5.0 (compatible; YandexBot/3.0; +http://yandex.com/bots)"
66.249.65.201 - - [03/Mar/2014:15:38:49 +0100] "GET /news.php?cs_go=archiv&cs_id=2889&cs_search= HTTP/1.1" 200 11285 "-" "Mozilla/5.0 (iPhone; CPU iPhone OS 6_0 like Mac OS X) AppleWebKit/536.26 (KHTML, like Gecko) Version/6.0 Mobile/10A5376e Safari/8536.25 (compatible; Googlebot/2.1; +http://www.google.com/bot.html)"
80.153.101.65 - - [03/Mar/2014:15:41:34 +0100] "GET /impressum.php HTTP/1.1" 200 6306 "-" "Mozilla/4.0 (Compatible; Windows NT 5.1; MSIE 6.0) (compatible; MSIE 6.0; Windows NT 5.1; .NET CLR 1.1.4322; .NET CLR 2.0.50727)"
66.249.65.169 - - [03/Mar/2014:15:42:20 +0100] "GET /kontakt.php HTTP/1.1" 200 6966 "-" "Mozilla/5.0 (compatible; Googlebot/2.1; +http://www.google.com/bot.html)"
5.10.83.19 - - [03/Mar/2014:16:07:44 +0100] "GET /news.php?cs_go=archiv&cs_id=4920 HTTP/1.1" 200 8726 "-" "Mozilla/5.0 (compatible; AhrefsBot/5.0; +http://ahrefs.com/robot/)"
131.253.24.69 - - [03/Mar/2014:16:07:52 +0100] "GET /edl.php HTTP/1.1" 200 8596 "-" "Mozilla/5.0 (compatible; MSIE 9.0; Windows NT 6.1; Trident/5.0; WOW64; Trident/5.0)"
131.253.24.69 - - [03/Mar/2014:16:07:53 +0100] "GET /style.css HTTP/1.1" 200 8402 "http://www.mink-gmbh.de/edl.php" "Mozilla/5.0 (compatible; MSIE 9.0; Windows NT 6.1; Trident/5.0; WOW64; Trident/5.0)"
131.253.24.69 - - [03/Mar/2014:16:07:54 +0100] "GET /modul.css HTTP/1.1" 200 35038 "http://www.mink-gmbh.de/edl.php" "Mozilla/5.0 (compatible; MSIE 9.0; Windows NT 6.1; Trident/5.0; WOW64; Trident/5.0)"
65.36.241.79 - - [03/Mar/2014:16:18:28 +0100] "HEAD / HTTP/1.1" 200 - "-" "InternetSeer.com"
66.249.73.14 - - [03/Mar/2014:16:28:22 +0100] "GET /news.php?cs_go=archiv&cs_id=4913 HTTP/1.1" 200 7433 "-" "Mozilla/5.0 (compatible; Googlebot/2.1; +http://www.google.com/bot.html)"
66.249.65.169 - - [03/Mar/2014:16:31:26 +0100] "GET /news.php?cs_go=archiv&cs_id=4896 HTTP/1.1" 200 7697 "-" "Mozilla/5.0 (compatible; Googlebot/2.1; +http://www.google.com/bot.html)"
141.8.147.12 - - [03/Mar/2014:16:34:50 +0100] "GET /news.php?cs_go=archiv&cs_id=4914&cs_search= HTTP/1.1" 200 7601 "-" "Mozilla/5.0 (compatible; YandexBot/3.0; +http://yandex.com/bots)"
66.249.65.201 - - [03/Mar/2014:16:39:37 +0100] "GET /news.php?cs_go=archiv&cs_id=4929&cs_search= HTTP/1.1" 200 11139 "-" "Mozilla/5.0 (compatible; Googlebot/2.1; +http://www.google.com/bot.html)"
66.249.65.201 - - [03/Mar/2014:16:42:17 +0100] "GET /news.php?cs_go=archiv&cs_id=4201 HTTP/1.1" 200 9407 "-" "Mozilla/5.0 (iPhone; CPU iPhone OS 6_0 like Mac OS X) AppleWebKit/536.26 (KHTML, like Gecko) Version/6.0 Mobile/10A5376e Safari/8536.25 (compatible; Googlebot/2.1; +http://www.google.com/bot.html)"
5.10.83.66 - - [03/Mar/2014:16:47:41 +0100] "GET /news.php?cs_go=archiv&cs_id=4737&cs_search= HTTP/1.1" 200 7515 "-" "Mozilla/5.0 (compatible; AhrefsBot/5.0; +http://ahrefs.com/robot/)"
65.55.52.86 - - [03/Mar/2014:16:49:55 +0100] "GET /robots.txt HTTP/1.1" 200 177 "-" "Mozilla/5.0 (compatible; bingbot/2.0; +http://www.bing.com/bingbot.htm)"
65.55.52.86 - - [03/Mar/2014:16:51:37 +0100] "GET / HTTP/1.1" 200 13950 "-" "Mozilla/5.0 (compatible; bingbot/2.0; +http://www.bing.com/bingbot.htm)"
157.55.32.87 - - [03/Mar/2014:16:54:45 +0100] "GET /news.php HTTP/1.1" 200 19885 "-" "Mozilla/5.0 (compatible; bingbot/2.0; +http://www.bing.com/bingbot.htm)"
208.115.113.91 - - [03/Mar/2014:17:04:27 +0100] "GET /robots.txt HTTP/1.1" 200 177 "-" "Mozilla/5.0 (compatible; Ezooms/1.0; help@moz.com)"
5.10.83.7 - - [03/Mar/2014:17:07:32 +0100] "GET /wunschpreis.php HTTP/1.1" 200 10237 "-" "Mozilla/5.0 (compatible; AhrefsBot/5.0; +http://ahrefs.com/robot/)"
207.241.229.237 - - [03/Mar/2014:17:27:03 +0100] "GET /robots.txt HTTP/1.1" 200 177 "-" "Mozilla/5.0 (compatible; archive.org_bot; Wayback Machine Live Record; +http://archive.org/details/archive.org_bot)"
141.8.147.12 - - [03/Mar/2014:17:30:56 +0100] "GET / HTTP/1.1" 200 13950 "-" "Mozilla/5.0 (compatible; YandexBot/3.0; +http://yandex.com/bots)"
141.8.147.12 - - [03/Mar/2014:17:51:37 +0100] "GET /index.php HTTP/1.1" 200 13950 "-" "Mozilla/5.0 (compatible; YandexBot/3.0; +http://yandex.com/bots)"
141.8.147.12 - - [03/Mar/2014:17:51:41 +0100] "GET /index.php HTTP/1.1" 200 13950 "-" "Mozilla/5.0 (compatible; YandexBot/3.0; +http://yandex.com/bots)"
141.8.147.12 - - [03/Mar/2014:17:51:44 +0100] "GET / HTTP/1.1" 200 13950 "-" "Mozilla/5.0 (compatible; YandexBot/3.0; +http://yandex.com/bots)"
141.8.147.12 - - [03/Mar/2014:17:51:47 +0100] "GET /index.php HTTP/1.1" 200 13950 "-" "Mozilla/5.0 (compatible; YandexBot/3.0; +http://yandex.com/bots)"
141.8.147.12 - - [03/Mar/2014:17:51:50 +0100] "GET / HTTP/1.1" 200 13950 "-" "Mozilla/5.0 (compatible; YandexBot/3.0; +http://yandex.com/bots)"
66.249.65.201 - - [03/Mar/2014:17:52:16 +0100] "GET /preisanfrage.php HTTP/1.1" 200 8502 "-" "Mozilla/5.0 (compatible; Googlebot/2.1; +http://www.google.com/bot.html)"
66.249.65.169 - - [03/Mar/2014:18:36:16 +0100] "GET /news.php?cs_go=archiv&cs_id=4749 HTTP/1.1" 200 11351 "-" "Mozilla/5.0 (compatible; Googlebot/2.1; +http://www.google.com/bot.html)"
176.57.141.193 - - [03/Mar/2014:18:42:08 +0100] "GET /impressum.php HTTP/1.1" 200 6306 "-" "Mozilla/5.0 (X11; Linux i686; rv:6.0) Gecko/20100101 Firefox/6.0"
157.55.32.190 - - [03/Mar/2014:18:42:56 +0100] "GET /robots.txt HTTP/1.1" 200 177 "-" "Mozilla/5.0 (compatible; bingbot/2.0; +http://www.bing.com/bingbot.htm)"
157.55.32.190 - - [03/Mar/2014:18:43:38 +0100] "GET / HTTP/1.1" 200 13950 "-" "Mozilla/5.0 (compatible; bingbot/2.0; +http://www.bing.com/bingbot.htm)"
5.10.83.19 - - [03/Mar/2014:18:43:44 +0100] "GET /news.php?cs_go=archiv&cs_id=4887&cs_search= HTTP/1.1" 200 8279 "-" "Mozilla/5.0 (compatible; AhrefsBot/5.0; +http://ahrefs.com/robot/)"
79.125.77.243 - - [03/Mar/2014:19:01:26 +0100] "GET / HTTP/1.1" 200 13950 "-" "python-requests/2.2.1 CPython/2.7.5 Linux/3.4.66-55.43.amzn1.x86_64"
5.10.83.68 - - [03/Mar/2014:19:09:36 +0100] "GET /lexikon.php?cs_go=3&cs_id=176 HTTP/1.1" 200 5851 "-" "Mozilla/5.0 (compatible; AhrefsBot/5.0; +http://ahrefs.com/robot/)"
208.115.113.91 - - [03/Mar/2014:19:12:34 +0100] "GET /news.php?cs_go=archiv&cs_startpos=40 HTTP/1.1" 200 20117 "-" "Mozilla/5.0 (compatible; Ezooms/1.0; help@moz.com)"
5.10.83.7 - - [03/Mar/2014:19:28:43 +0100] "GET /news.php?cs_go=archiv&cs_id=4889&cs_search= HTTP/1.1" 200 11148 "-" "Mozilla/5.0 (compatible; AhrefsBot/5.0; +http://ahrefs.com/robot/)"
66.249.65.137 - - [03/Mar/2014:19:31:40 +0100] "GET /robots.txt HTTP/1.1" 200 177 "-" "Mozilla/5.0 (compatible; Googlebot/2.1; +http://www.google.com/bot.html)"
66.249.65.137 - - [03/Mar/2014:19:31:40 +0100] "GET /news.php?cs_go=archiv&cs_id=4317 HTTP/1.1" 200 9409 "-" "Mozilla/5.0 (compatible; Googlebot/2.1; +http://www.google.com/bot.html)"
5.10.83.23 - - [03/Mar/2014:19:35:21 +0100] "GET /news.php?cs_go=archiv&cs_id=4898&cs_search= HTTP/1.1" 200 11143 "-" "Mozilla/5.0 (compatible; AhrefsBot/5.0; +http://ahrefs.com/robot/)"
66.249.73.18 - - [03/Mar/2014:19:43:17 +0100] "GET /news.php HTTP/1.1" 200 19885 "-" "SAMSUNG-SGH-E250/1.0 Profile/MIDP-2.0 Configuration/CLDC-1.1 UP.Browser/6.2.3.3.c.1.101 (GUI) MMP/2.0 (compatible; Googlebot-Mobile/2.1; +http://www.google.com/bot.html)"
5.10.83.69 - - [03/Mar/2014:19:54:44 +0100] "GET /news.php?cs_go=archiv&cs_id=4825&cs_search= HTTP/1.1" 200 11225 "-" "Mozilla/5.0 (compatible; AhrefsBot/5.0; +http://ahrefs.com/robot/)"
66.249.73.225 - - [03/Mar/2014:19:59:40 +0100] "GET /news.php HTTP/1.1" 200 19885 "-" "DoCoMo/2.0 N905i(c100;TB;W24H16) (compatible; Googlebot-Mobile/2.1; +http://www.google.com/bot.html)"
5.10.83.68 - - [03/Mar/2014:20:16:33 +0100] "GET /index.php HTTP/1.1" 200 13950 "-" "Mozilla/5.0 (compatible; AhrefsBot/5.0; +http://ahrefs.com/robot/)"
5.10.83.19 - - [03/Mar/2014:20:39:25 +0100] "GET /lexikon.php?cs_go=3&cs_id=175 HTTP/1.1" 200 5745 "-" "Mozilla/5.0 (compatible; AhrefsBot/5.0; +http://ahrefs.com/robot/)"
66.249.65.137 - - [03/Mar/2014:20:44:13 +0100] "GET /images/logos.jpg?cache8206 HTTP/1.1" 200 35043 "-" "Googlebot-Image/1.0"
220.181.108.96 - - [03/Mar/2014:20:44:50 +0100] "GET / HTTP/1.1" 200 6594 "-" "Mozilla/5.0 (compatible; Baiduspider/2.0; +http://www.baidu.com/search/spider.html)"
123.125.71.42 - - [03/Mar/2014:20:45:18 +0100] "GET / HTTP/1.1" 200 6594 "-" "Mozilla/5.0 (compatible; Baiduspider/2.0; +http://www.baidu.com/search/spider.html)"
5.10.83.44 - - [03/Mar/2014:20:46:35 +0100] "GET /news.php?cs_go=archiv&cs_id=4743&cs_search= HTTP/1.1" 200 12376 "-" "Mozilla/5.0 (compatible; AhrefsBot/5.0; +http://ahrefs.com/robot/)"
66.249.65.201 - - [03/Mar/2014:21:18:03 +0100] "GET /news.php?cs_go=archiv&cs_id=3018&cs_search= HTTP/1.1" 200 12969 "-" "Mozilla/5.0 (compatible; Googlebot/2.1; +http://www.google.com/bot.html)"
5.10.83.8 - - [03/Mar/2014:21:43:35 +0100] "GET /news.php?cs_go=archiv&cs_id=4892&cs_search= HTTP/1.1" 200 7226 "-" "Mozilla/5.0 (compatible; AhrefsBot/5.0; +http://ahrefs.com/robot/)"
5.10.83.7 - - [03/Mar/2014:21:50:51 +0100] "GET /news.php?cs_go=archiv&cs_id=4792&cs_search= HTTP/1.1" 200 8821 "-" "Mozilla/5.0 (compatible; AhrefsBot/5.0; +http://ahrefs.com/robot/)"
5.10.83.54 - - [03/Mar/2014:21:52:18 +0100] "GET /news.php?cs_go=archiv&cs_id=4916&cs_search= HTTP/1.1" 200 7423 "-" "Mozilla/5.0 (compatible; AhrefsBot/5.0; +http://ahrefs.com/robot/)"
66.249.65.201 - - [03/Mar/2014:22:15:20 +0100] "GET /news.php?cs_go=archiv&cs_id=4599 HTTP/1.1" 200 7509 "-" "Mozilla/5.0 (compatible; Googlebot/2.1; +http://www.google.com/bot.html)"
157.55.35.96 - - [03/Mar/2014:22:17:33 +0100] "GET /robots.txt HTTP/1.1" 200 177 "-" "Mozilla/5.0 (compatible; bingbot/2.0; +http://www.bing.com/bingbot.htm)"
66.249.65.137 - - [03/Mar/2014:22:31:42 +0100] "GET /news.php?cs_go=archiv&cs_id=4768 HTTP/1.1" 200 11681 "-" "Mozilla/5.0 (compatible; Googlebot/2.1; +http://www.google.com/bot.html)"
157.55.35.96 - - [03/Mar/2014:22:39:27 +0100] "GET /news.php?cs_go=archiv&cs_id=4898&cs_search= HTTP/1.1" 200 11143 "-" "Mozilla/5.0 (compatible; bingbot/2.0; +http://www.bing.com/bingbot.htm)"
85.178.196.177 - - [03/Mar/2014:22:40:51 +0100] "GET /style.css HTTP/1.1" 200 8402 "http://www.mink-gmbh.de/" "Mozilla/5.0 (Macintosh; Intel Mac OS X 10.9; rv:27.0) Gecko/20100101 Firefox/27.0"
85.178.196.177 - - [03/Mar/2014:22:40:51 +0100] "GET /modul.css HTTP/1.1" 200 35038 "http://www.mink-gmbh.de/" "Mozilla/5.0 (Macintosh; Intel Mac OS X 10.9; rv:27.0) Gecko/20100101 Firefox/27.0"
85.178.196.177 - - [03/Mar/2014:22:40:51 +0100] "GET /favicon.ico HTTP/1.1" 200 3638 "-" "Mozilla/5.0 (Macintosh; Intel Mac OS X 10.9; rv:27.0) Gecko/20100101 Firefox/27.0"
85.178.196.177 - - [03/Mar/2014:22:40:52 +0100] "GET /js_contentserver24_greybox/gb_styles.css HTTP/1.1" 200 2302 "http://www.mink-gmbh.de/" "Mozilla/5.0 (Macintosh; Intel Mac OS X 10.9; rv:27.0) Gecko/20100101 Firefox/27.0"
85.178.196.177 - - [03/Mar/2014:22:40:52 +0100] "GET /js_contentserver24_greybox/AJS.js HTTP/1.1" 200 10396 "http://www.mink-gmbh.de/" "Mozilla/5.0 (Macintosh; Intel Mac OS X 10.9; rv:27.0) Gecko/20100101 Firefox/27.0"
85.178.196.177 - - [03/Mar/2014:22:40:52 +0100] "GET /js_contentserver24_greybox/AJS_fx.js HTTP/1.1" 200 3192 "http://www.mink-gmbh.de/" "Mozilla/5.0 (Macintosh; Intel Mac OS X 10.9; rv:27.0) Gecko/20100101 Firefox/27.0"
85.178.196.177 - - [03/Mar/2014:22:40:52 +0100] "GET /js_contentserver24_greybox/gb_scripts.js HTTP/1.1" 200 11913 "http://www.mink-gmbh.de/" "Mozilla/5.0 (Macintosh; Intel Mac OS X 10.9; rv:27.0) Gecko/20100101 Firefox/27.0"
85.178.196.177 - - [03/Mar/2014:22:40:51 +0100] "GET / HTTP/1.1" 200 13950 "http://www.google.de/url?sa=t&rct=j&q=&esrc=s&source=web&cd=4&ved=0CEQQFjAD&url=http%3A%2F%2Fwww.mink-gmbh.de%2F&ei=bfYUU-WYOovKtAb0g4DADA&usg=AFQjCNFHX4Iglls9oo-KYXTmDUV_5KOVIg&sig2=USiNquexxe-HgMd68yepmg" "Mozilla/5.0 (Macintosh; Intel Mac OS X 10.9; rv:27.0) Gecko/20100101 Firefox/27.0"
85.178.196.177 - - [03/Mar/2014:22:40:52 +0100] "GET /images/bg.png HTTP/1.1" 200 922 "http://www.mink-gmbh.de/style.css" "Mozilla/5.0 (Macintosh; Intel Mac OS X 10.9; rv:27.0) Gecko/20100101 Firefox/27.0"
85.178.196.177 - - [03/Mar/2014:22:40:52 +0100] "GET /images/tkw.jpg HTTP/1.1" 200 64031 "http://www.mink-gmbh.de/" "Mozilla/5.0 (Macintosh; Intel Mac OS X 10.9; rv:27.0) Gecko/20100101 Firefox/27.0"
85.178.196.177 - - [03/Mar/2014:22:40:52 +0100] "GET /images/team-energie.png HTTP/1.1" 200 17383 "http://www.mink-gmbh.de/" "Mozilla/5.0 (Macintosh; Intel Mac OS X 10.9; rv:27.0) Gecko/20100101 Firefox/27.0"
