217.86.196.40 - - [08/Mar/2014:12:32:37 +0100] "GET / HTTP/1.1" 200 14007 "http://www.google.de/" "finbot"
66.249.65.201 - - [08/Mar/2014:13:07:20 +0100] "GET /lexikon.php?cs_go=2&cs_char=p HTTP/1.1" 200 6730 "-" "Mozilla/5.0 (compatible; Googlebot/2.1; +http://www.google.com/bot.html)"
82.94.179.38 - - [08/Mar/2014:13:27:32 +0100] "GET /robots.txt HTTP/1.0" 200 177 "-" "Mozilla/4.0 (compatible; Freshbot/1.0/EU; http://webagent.wise-guys.nl/)"
82.94.179.38 - - [08/Mar/2014:13:27:32 +0100] "GET / HTTP/1.1" 200 14007 "-" "Mozilla/5.0 (X11; Linux i686; rv:6.0) Gecko/20100101 Firefox/6.0 (Freshbot/1.0/EU; http://webagent.wise-guys.nl/)"
82.94.179.38 - - [08/Mar/2014:13:27:40 +0100] "GET /news.php?cs_go=archiv&cs_id=5002 HTTP/1.1" 200 11301 "-" "Mozilla/5.0 (X11; Linux i686; rv:6.0) Gecko/20100101 Firefox/6.0 (Freshbot/1.0/EU; http://webagent.wise-guys.nl/)"
141.8.147.12 - - [08/Mar/2014:14:01:28 +0100] "GET /news.php?cs_go=archiv&cs_id=4948 HTTP/1.1" 200 11214 "-" "Mozilla/5.0 (compatible; YandexBot/3.0; +http://yandex.com/bots)"
66.249.65.169 - - [08/Mar/2014:14:24:58 +0100] "GET /news.php?cs_go=archiv&cs_id=4931 HTTP/1.1" 200 8107 "-" "Mozilla/5.0 (iPhone; CPU iPhone OS 6_0 like Mac OS X) AppleWebKit/536.26 (KHTML, like Gecko) Version/6.0 Mobile/10A5376e Safari/8536.25 (compatible; Googlebot/2.1; +http://www.google.com/bot.html)"
66.249.65.169 - - [08/Mar/2014:14:25:48 +0100] "GET /modul.css HTTP/1.1" 200 35038 "-" "Mozilla/5.0 (compatible; Googlebot/2.1; +http://www.google.com/bot.html)"
66.249.65.169 - - [08/Mar/2014:14:25:49 +0100] "GET /style.css HTTP/1.1" 200 8402 "-" "Mozilla/5.0 (compatible; Googlebot/2.1; +http://www.google.com/bot.html)"
66.249.65.201 - - [08/Mar/2014:14:42:51 +0100] "GET /news.php HTTP/1.1" 200 19739 "-" "SAMSUNG-SGH-E250/1.0 Profile/MIDP-2.0 Configuration/CLDC-1.1 UP.Browser/6.2.3.3.c.1.101 (GUI) MMP/2.0 (compatible; Googlebot-Mobile/2.1; +http://www.google.com/bot.html)"
141.8.147.12 - - [08/Mar/2014:14:46:11 +0100] "GET /news.php?cs_go=archiv&cs_id=5000 HTTP/1.1" 200 7459 "-" "Mozilla/5.0 (compatible; YandexBot/3.0; +http://yandex.com/bots)"
5.10.83.54 - - [08/Mar/2014:14:53:12 +0100] "GET /news.php?cs_go=archiv&cs_id=4749&cs_search= HTTP/1.1" 200 11351 "-" "Mozilla/5.0 (compatible; AhrefsBot/5.0; +http://ahrefs.com/robot/)"
65.36.241.79 - - [08/Mar/2014:14:54:17 +0100] "HEAD / HTTP/1.1" 200 - "-" "InternetSeer.com"
5.10.83.88 - - [08/Mar/2014:15:14:46 +0100] "GET /modernisierung.php?cs_gp_go=plus HTTP/1.1" 200 9252 "-" "Mozilla/5.0 (compatible; AhrefsBot/5.0; +http://ahrefs.com/robot/)"
5.10.83.66 - - [08/Mar/2014:15:25:29 +0100] "GET /news.php?cs_go=archiv&cs_id=4813&cs_search= HTTP/1.1" 200 7551 "-" "Mozilla/5.0 (compatible; AhrefsBot/5.0; +http://ahrefs.com/robot/)"
148.251.11.132 - - [08/Mar/2014:15:42:20 +0100] "GET /robots.txt HTTP/1.1" 200 177 "-" "Apache-HttpClient/4.3 (java 1.5)"
148.251.11.132 - - [08/Mar/2014:15:42:20 +0100] "GET / HTTP/1.1" 200 14004 "-" "Apache-HttpClient/4.3 (java 1.5)"
66.249.65.137 - - [08/Mar/2014:16:04:55 +0100] "GET /news.php?cs_go=archiv&cs_id=4153 HTTP/1.1" 200 11301 "-" "Mozilla/5.0 (compatible; Googlebot/2.1; +http://www.google.com/bot.html)"
157.55.33.30 - - [08/Mar/2014:16:39:09 +0100] "GET /robots.txt HTTP/1.1" 200 177 "-" "Mozilla/5.0 (compatible; bingbot/2.0; +http://www.bing.com/bingbot.htm)"
157.55.33.30 - - [08/Mar/2014:16:41:15 +0100] "GET /news.php?cs_go=archiv&cs_id=4757 HTTP/1.1" 200 10318 "-" "Mozilla/5.0 (compatible; bingbot/2.0; +http://www.bing.com/bingbot.htm)"
208.115.113.91 - - [08/Mar/2014:17:03:33 +0100] "GET /robots.txt HTTP/1.1" 200 177 "-" "Mozilla/5.0 (compatible; Ezooms/1.0; help@moz.com)"
66.249.65.201 - - [08/Mar/2014:17:09:32 +0100] "GET /lexikon.php?cs_go=3&cs_id=95 HTTP/1.1" 200 6298 "-" "Mozilla/5.0 (compatible; Googlebot/2.1; +http://www.google.com/bot.html)"
66.249.65.201 - - [08/Mar/2014:17:20:54 +0100] "GET /news.php?cs_go=archiv&cs_id=4881 HTTP/1.1" 200 8009 "-" "Mozilla/5.0 (iPhone; CPU iPhone OS 6_0 like Mac OS X) AppleWebKit/536.26 (KHTML, like Gecko) Version/6.0 Mobile/10A5376e Safari/8536.25 (compatible; Googlebot/2.1; +http://www.google.com/bot.html)"
5.10.83.105 - - [08/Mar/2014:17:30:20 +0100] "GET /lexikon.php?cs_go=3&cs_id=69 HTTP/1.1" 200 7671 "-" "Mozilla/5.0 (compatible; AhrefsBot/5.0; +http://ahrefs.com/robot/)"
5.10.83.3 - - [08/Mar/2014:17:39:14 +0100] "GET /lexikon.php?cs_go=2&cs_char=u HTTP/1.1" 200 6308 "-" "Mozilla/5.0 (compatible; AhrefsBot/5.0; +http://ahrefs.com/robot/)"
87.178.153.253 - - [08/Mar/2014:17:56:52 +0100] "GET / HTTP/1.1" 200 6597 "-" "Mozilla/5.0 (iPad; CPU OS 7_0_6 like Mac OS X) AppleWebKit/537.51.1 (KHTML, like Gecko) Version/7.0 Mobile/11B651 Safari/9537.53"
220.181.108.104 - - [08/Mar/2014:17:57:45 +0100] "GET / HTTP/1.1" 200 14004 "-" "Mozilla/5.0 (compatible; Baiduspider/2.0; +http://www.baidu.com/search/spider.html)"
123.125.71.59 - - [08/Mar/2014:18:00:51 +0100] "GET / HTTP/1.1" 200 9430 "-" "Mozilla/5.0 (compatible; Baiduspider/2.0; +http://www.baidu.com/search/spider.html)"
65.55.52.94 - - [08/Mar/2014:18:17:22 +0100] "GET /robots.txt HTTP/1.1" 200 177 "-" "Mozilla/5.0 (compatible; bingbot/2.0; +http://www.bing.com/bingbot.htm)"
65.55.52.94 - - [08/Mar/2014:18:32:35 +0100] "GET /energiesparcheck.php HTTP/1.1" 200 11144 "-" "Mozilla/5.0 (compatible; bingbot/2.0; +http://www.bing.com/bingbot.htm)"
208.115.113.91 - - [08/Mar/2014:19:08:21 +0100] "GET /diesel.php HTTP/1.1" 200 8192 "-" "Mozilla/5.0 (compatible; Ezooms/1.0; help@moz.com)"
66.249.73.11 - - [08/Mar/2014:19:13:05 +0100] "GET /robots.txt HTTP/1.1" 200 177 "-" "Mozilla/5.0 (compatible; Googlebot/2.1; +http://www.google.com/bot.html)"
66.249.73.225 - - [08/Mar/2014:19:13:05 +0100] "GET /faq.php HTTP/1.1" 200 216832 "-" "DoCoMo/2.0 N905i(c100;TB;W24H16) (compatible; Googlebot-Mobile/2.1; +http://www.google.com/bot.html)"
157.55.35.88 - - [08/Mar/2014:19:38:08 +0100] "GET / HTTP/1.1" 200 14004 "-" "Mozilla/5.0 (compatible; bingbot/2.0; +http://www.bing.com/bingbot.htm)"
5.10.83.27 - - [08/Mar/2014:19:41:49 +0100] "GET /news.php?cs_go=archiv&cs_startpos=50 HTTP/1.1" 200 20365 "-" "Mozilla/5.0 (compatible; AhrefsBot/5.0; +http://ahrefs.com/robot/)"
5.10.83.27 - - [08/Mar/2014:19:49:34 +0100] "GET /news.php?cs_go=archiv&cs_id=4806&cs_search= HTTP/1.1" 200 7466 "-" "Mozilla/5.0 (compatible; AhrefsBot/5.0; +http://ahrefs.com/robot/)"
66.249.73.7 - - [08/Mar/2014:20:03:32 +0100] "GET /lexikon.php?cs_go=3&cs_id=94 HTTP/1.1" 200 6042 "-" "Mozilla/5.0 (iPhone; CPU iPhone OS 6_0 like Mac OS X) AppleWebKit/536.26 (KHTML, like Gecko) Version/6.0 Mobile/10A5376e Safari/8536.25 (compatible; Googlebot/2.1; +http://www.google.com/bot.html)"
66.249.65.169 - - [08/Mar/2014:20:34:11 +0100] "GET /news.php?cs_go=archiv&cs_id=4203&cs_search= HTTP/1.1" 200 7657 "-" "SAMSUNG-SGH-E250/1.0 Profile/MIDP-2.0 Configuration/CLDC-1.1 UP.Browser/6.2.3.3.c.1.101 (GUI) MMP/2.0 (compatible; Googlebot-Mobile/2.1; +http://www.google.com/bot.html)"
5.10.83.82 - - [08/Mar/2014:20:39:24 +0100] "GET /news.php?cs_go=archiv&cs_id=4870&cs_search= HTTP/1.1" 200 7720 "-" "Mozilla/5.0 (compatible; AhrefsBot/5.0; +http://ahrefs.com/robot/)"
66.249.65.169 - - [08/Mar/2014:20:41:50 +0100] "GET /lexikon.php?cs_go=2&cs_char=l HTTP/1.1" 200 6337 "-" "Mozilla/5.0 (compatible; Googlebot/2.1; +http://www.google.com/bot.html)"
65.36.241.79 - - [08/Mar/2014:20:51:23 +0100] "HEAD / HTTP/1.1" 200 - "-" "InternetSeer.com"
208.115.113.91 - - [08/Mar/2014:21:03:30 +0100] "GET /robots.txt HTTP/1.1" 200 177 "-" "Mozilla/5.0 (compatible; Ezooms/1.0; help@moz.com)"
157.55.35.46 - - [08/Mar/2014:21:06:49 +0100] "GET /robots.txt HTTP/1.1" 200 177 "-" "Mozilla/5.0 (compatible; bingbot/2.0; +http://www.bing.com/bingbot.htm)"
66.249.65.137 - - [08/Mar/2014:21:11:06 +0100] "GET /news.php?cs_go=archiv&cs_id=4830&cs_search= HTTP/1.1" 200 8656 "-" "Mozilla/5.0 (iPhone; CPU iPhone OS 6_0 like Mac OS X) AppleWebKit/536.26 (KHTML, like Gecko) Version/6.0 Mobile/10A5376e Safari/8536.25 (compatible; Googlebot/2.1; +http://www.google.com/bot.html)"
141.8.147.12 - - [08/Mar/2014:21:11:14 +0100] "GET /news.php?cs_go=archiv&cs_id=5001 HTTP/1.1" 200 7307 "-" "Mozilla/5.0 (compatible; YandexBot/3.0; +http://yandex.com/bots)"
157.55.35.46 - - [08/Mar/2014:21:27:17 +0100] "GET / HTTP/1.1" 200 14004 "-" "Mozilla/5.0 (compatible; bingbot/2.0; +http://www.bing.com/bingbot.htm)"
5.10.83.3 - - [08/Mar/2014:21:37:49 +0100] "GET /news.php?cs_go=archiv&cs_id=4876&cs_search= HTTP/1.1" 200 7440 "-" "Mozilla/5.0 (compatible; AhrefsBot/5.0; +http://ahrefs.com/robot/)"
5.10.83.105 - - [08/Mar/2014:21:48:26 +0100] "GET /lexikon.php?cs_go=3&cs_id=59 HTTP/1.1" 200 6273 "-" "Mozilla/5.0 (compatible; AhrefsBot/5.0; +http://ahrefs.com/robot/)"
220.181.108.107 - - [08/Mar/2014:21:53:12 +0100] "GET / HTTP/1.1" 200 6597 "-" "Mozilla/5.0 (compatible; Baiduspider/2.0; +http://www.baidu.com/search/spider.html)"
123.125.71.14 - - [08/Mar/2014:21:57:42 +0100] "GET / HTTP/1.1" 200 6597 "-" "Mozilla/5.0 (compatible; Baiduspider/2.0; +http://www.baidu.com/search/spider.html)"
5.10.83.88 - - [08/Mar/2014:22:21:07 +0100] "GET /news.php?cs_go=archiv&cs_id=4741&cs_search= HTTP/1.1" 200 11697 "-" "Mozilla/5.0 (compatible; AhrefsBot/5.0; +http://ahrefs.com/robot/)"
208.115.113.91 - - [08/Mar/2014:23:11:58 +0100] "GET /news.php?cs_go=archiv&cs_id=4800 HTTP/1.1" 200 7616 "-" "Mozilla/5.0 (compatible; Ezooms/1.0; help@moz.com)"
5.10.83.30 - - [08/Mar/2014:23:14:42 +0100] "GET /news.php?cs_go=archiv&cs_id=4752&cs_search= HTTP/1.1" 200 11598 "-" "Mozilla/5.0 (compatible; AhrefsBot/5.0; +http://ahrefs.com/robot/)"
5.10.83.105 - - [08/Mar/2014:23:19:38 +0100] "GET /lexikon.php?cs_go=3&cs_id=107 HTTP/1.1" 200 5953 "-" "Mozilla/5.0 (compatible; AhrefsBot/5.0; +http://ahrefs.com/robot/)"
123.125.71.55 - - [08/Mar/2014:23:49:20 +0100] "GET / HTTP/1.1" 200 6597 "-" "Mozilla/5.0 (compatible; Baiduspider/2.0; +http://www.baidu.com/search/spider.html)"
220.181.108.92 - - [08/Mar/2014:23:49:40 +0100] "GET / HTTP/1.1" 200 6597 "-" "Mozilla/5.0 (compatible; Baiduspider/2.0; +http://www.baidu.com/search/spider.html)"
5.10.83.105 - - [09/Mar/2014:00:07:21 +0100] "GET /lexikon.php?cs_go=3&cs_id=177 HTTP/1.1" 200 5546 "-" "Mozilla/5.0 (compatible; AhrefsBot/5.0; +http://ahrefs.com/robot/)"
157.55.35.46 - - [09/Mar/2014:00:23:54 +0100] "GET /robots.txt HTTP/1.1" 200 177 "-" "Mozilla/5.0 (compatible; bingbot/2.0; +http://www.bing.com/bingbot.htm)"
141.8.147.12 - - [09/Mar/2014:00:35:12 +0100] "GET /robots.txt HTTP/1.1" 200 177 "-" "Mozilla/5.0 (compatible; YandexBot/3.0; +http://yandex.com/bots)"
157.55.35.46 - - [09/Mar/2014:00:38:56 +0100] "GET / HTTP/1.1" 200 14004 "-" "Mozilla/5.0 (compatible; bingbot/2.0; +http://www.bing.com/bingbot.htm)"
141.8.147.12 - - [09/Mar/2014:00:43:49 +0100] "GET /diesel.php HTTP/1.1" 200 8192 "-" "Mozilla/5.0 (compatible; YandexBot/3.0; +http://yandex.com/bots)"
220.181.108.120 - - [09/Mar/2014:00:47:21 +0100] "GET / HTTP/1.1" 200 6597 "-" "Mozilla/5.0 (compatible; Baiduspider/2.0; +http://www.baidu.com/search/spider.html)"
123.125.71.49 - - [09/Mar/2014:00:48:27 +0100] "GET / HTTP/1.1" 200 3575 "-" "Mozilla/5.0 (compatible; Baiduspider/2.0; +http://www.baidu.com/search/spider.html)"
93.186.202.198 - - [09/Mar/2014:01:14:33 +0100] "GET /news.php?cs_go=archiv&cs_id=4156&cs_search= HTTP/1.1" 200 10588 "-" "Mozilla/5.0 (X11; Linux i686; rv:6.0) Gecko/20100101 Firefox/6.0"
148.251.69.136 - - [09/Mar/2014:01:14:42 +0100] "GET /news.php?cs_go=archiv&cs_id=4156&cs_search= HTTP/1.1" 200 10588 "-" "Mozilla/5.0 (X11; Linux i686; rv:6.0) Gecko/20100101 Firefox/6.0"
5.10.83.88 - - [09/Mar/2014:01:16:47 +0100] "GET /news.php?cs_go=archiv&cs_id=4841&cs_search= HTTP/1.1" 200 7450 "-" "Mozilla/5.0 (compatible; AhrefsBot/5.0; +http://ahrefs.com/robot/)"
157.55.35.46 - - [09/Mar/2014:01:41:19 +0100] "GET /robots.txt HTTP/1.1" 200 177 "-" "Mozilla/5.0 (compatible; bingbot/2.0; +http://www.bing.com/bingbot.htm)"
5.10.83.30 - - [09/Mar/2014:01:54:32 +0100] "GET /news.php?cs_go=archiv&cs_id=4846&cs_search= HTTP/1.1" 200 7568 "-" "Mozilla/5.0 (compatible; AhrefsBot/5.0; +http://ahrefs.com/robot/)"
157.55.35.46 - - [09/Mar/2014:02:11:58 +0100] "GET / HTTP/1.1" 200 14004 "-" "Mozilla/5.0 (compatible; bingbot/2.0; +http://www.bing.com/bingbot.htm)"
199.30.24.93 - - [09/Mar/2014:02:12:00 +0100] "GET /style.css HTTP/1.1" 200 8402 "http://www.mink-gmbh.de/" "Mozilla/5.0 (Windows NT 6.1; WOW64) AppleWebKit/534+ (KHTML, like Gecko) BingPreview/1.0b"
199.30.24.93 - - [09/Mar/2014:02:12:00 +0100] "GET /modul.css HTTP/1.1" 200 35038 "http://www.mink-gmbh.de/" "Mozilla/5.0 (Windows NT 6.1; WOW64) AppleWebKit/534+ (KHTML, like Gecko) BingPreview/1.0b"
199.30.24.93 - - [09/Mar/2014:02:12:07 +0100] "GET /images/bg.png HTTP/1.1" 200 922 "http://www.mink-gmbh.de/" "Mozilla/5.0 (Windows NT 6.1; WOW64) AppleWebKit/534+ (KHTML, like Gecko) BingPreview/1.0b"
199.30.24.93 - - [09/Mar/2014:02:12:07 +0100] "GET /js_contentserver24_greybox/gb_styles.css HTTP/1.1" 200 2302 "http://www.mink-gmbh.de/" "Mozilla/5.0 (Windows NT 6.1; WOW64) AppleWebKit/534+ (KHTML, like Gecko) BingPreview/1.0b"
199.30.24.93 - - [09/Mar/2014:02:12:08 +0100] "GET /js_contentserver24_greybox/AJS.js HTTP/1.1" 200 10396 "http://www.mink-gmbh.de/" "Mozilla/5.0 (Windows NT 6.1; WOW64) AppleWebKit/534+ (KHTML, like Gecko) BingPreview/1.0b"
199.30.24.93 - - [09/Mar/2014:02:12:12 +0100] "GET /js_contentserver24_greybox/AJS_fx.js HTTP/1.1" 200 3192 "http://www.mink-gmbh.de/" "Mozilla/5.0 (Windows NT 6.1; WOW64) AppleWebKit/534+ (KHTML, like Gecko) BingPreview/1.0b"
199.30.24.93 - - [09/Mar/2014:02:12:12 +0100] "GET /js_contentserver24_greybox/gb_scripts.js HTTP/1.1" 200 11913 "http://www.mink-gmbh.de/" "Mozilla/5.0 (Windows NT 6.1; WOW64) AppleWebKit/534+ (KHTML, like Gecko) BingPreview/1.0b"
199.30.24.93 - - [09/Mar/2014:02:12:13 +0100] "GET /js_contentserver24_greybox/w_close.gif HTTP/1.1" 200 74 "http://www.mink-gmbh.de/" "Mozilla/5.0 (Windows NT 6.1; WOW64) AppleWebKit/534+ (KHTML, like Gecko) BingPreview/1.0b"
199.30.24.93 - - [09/Mar/2014:02:12:13 +0100] "GET /images/close.png HTTP/1.1" 200 703 "http://www.mink-gmbh.de/" "Mozilla/5.0 (Windows NT 6.1; WOW64) AppleWebKit/534+ (KHTML, like Gecko) BingPreview/1.0b"
199.30.24.93 - - [09/Mar/2014:02:12:13 +0100] "GET /images/newsletter_bg.jpg HTTP/1.1" 200 33610 "http://www.mink-gmbh.de/" "Mozilla/5.0 (Windows NT 6.1; WOW64) AppleWebKit/534+ (KHTML, like Gecko) BingPreview/1.0b"
199.30.24.93 - - [09/Mar/2014:02:12:13 +0100] "GET /images/newsletter.png HTTP/1.1" 200 14619 "http://www.mink-gmbh.de/" "Mozilla/5.0 (Windows NT 6.1; WOW64) AppleWebKit/534+ (KHTML, like Gecko) BingPreview/1.0b"
199.30.24.93 - - [09/Mar/2014:02:12:13 +0100] "GET /js_contentserver24_greybox/loader_frame.html?s=0 HTTP/1.1" 200 2084 "http://www.mink-gmbh.de/" "Mozilla/5.0 (Windows NT 6.1; WOW64) AppleWebKit/534+ (KHTML, like Gecko) BingPreview/1.0b"
199.30.24.93 - - [09/Mar/2014:02:12:13 +0100] "GET /images/wrapperbg.jpg HTTP/1.1" 200 27465 "http://www.mink-gmbh.de/" "Mozilla/5.0 (Windows NT 6.1; WOW64) AppleWebKit/534+ (KHTML, like Gecko) BingPreview/1.0b"
199.30.24.93 - - [09/Mar/2014:02:12:13 +0100] "GET /images/header.jpg HTTP/1.1" 200 25189 "http://www.mink-gmbh.de/" "Mozilla/5.0 (Windows NT 6.1; WOW64) AppleWebKit/534+ (KHTML, like Gecko) BingPreview/1.0b"
199.30.24.93 - - [09/Mar/2014:02:12:14 +0100] "GET /images/navibg.png HTTP/1.1" 200 2803 "http://www.mink-gmbh.de/" "Mozilla/5.0 (Windows NT 6.1; WOW64) AppleWebKit/534+ (KHTML, like Gecko) BingPreview/1.0b"
199.30.24.93 - - [09/Mar/2014:02:12:14 +0100] "GET /images/steigend.png HTTP/1.1" 200 688 "http://www.mink-gmbh.de/" "Mozilla/5.0 (Windows NT 6.1; WOW64) AppleWebKit/534+ (KHTML, like Gecko) BingPreview/1.0b"
199.30.24.93 - - [09/Mar/2014:02:12:14 +0100] "GET /images/fallend.png HTTP/1.1" 200 713 "http://www.mink-gmbh.de/" "Mozilla/5.0 (Windows NT 6.1; WOW64) AppleWebKit/534+ (KHTML, like Gecko) BingPreview/1.0b"
199.30.24.93 - - [09/Mar/2014:02:12:14 +0100] "GET /images/tkw.jpg HTTP/1.1" 200 64031 "http://www.mink-gmbh.de/" "Mozilla/5.0 (Windows NT 6.1; WOW64) AppleWebKit/534+ (KHTML, like Gecko) BingPreview/1.0b"
199.30.24.93 - - [09/Mar/2014:02:12:14 +0100] "GET /images/mobil.jpg HTTP/1.1" 200 25293 "http://www.mink-gmbh.de/" "Mozilla/5.0 (Windows NT 6.1; WOW64) AppleWebKit/534+ (KHTML, like Gecko) BingPreview/1.0b"
199.30.24.93 - - [09/Mar/2014:02:12:14 +0100] "GET /images/team-energie.png HTTP/1.1" 200 17383 "http://www.mink-gmbh.de/" "Mozilla/5.0 (Windows NT 6.1; WOW64) AppleWebKit/534+ (KHTML, like Gecko) BingPreview/1.0b"
199.30.24.93 - - [09/Mar/2014:02:12:15 +0100] "GET /images/newsletter.jpg HTTP/1.1" 200 13130 "http://www.mink-gmbh.de/" "Mozilla/5.0 (Windows NT 6.1; WOW64) AppleWebKit/534+ (KHTML, like Gecko) BingPreview/1.0b"
199.30.24.93 - - [09/Mar/2014:02:12:15 +0100] "GET /images/freecall.jpg HTTP/1.1" 200 39195 "http://www.mink-gmbh.de/" "Mozilla/5.0 (Windows NT 6.1; WOW64) AppleWebKit/534+ (KHTML, like Gecko) BingPreview/1.0b"
199.30.24.93 - - [09/Mar/2014:02:12:15 +0100] "GET /images/kwk.gif HTTP/1.1" 200 6403 "http://www.mink-gmbh.de/" "Mozilla/5.0 (Windows NT 6.1; WOW64) AppleWebKit/534+ (KHTML, like Gecko) BingPreview/1.0b"
199.30.24.93 - - [09/Mar/2014:02:12:15 +0100] "GET /images/mail.jpg HTTP/1.1" 200 12099 "http://www.mink-gmbh.de/" "Mozilla/5.0 (Windows NT 6.1; WOW64) AppleWebKit/534+ (KHTML, like Gecko) BingPreview/1.0b"
199.30.24.93 - - [09/Mar/2014:02:12:15 +0100] "GET /images/footerbg.jpg HTTP/1.1" 200 2184 "http://www.mink-gmbh.de/" "Mozilla/5.0 (Windows NT 6.1; WOW64) AppleWebKit/534+ (KHTML, like Gecko) BingPreview/1.0b"
199.30.24.93 - - [09/Mar/2014:02:12:15 +0100] "GET /images/wunschpreis.jpg HTTP/1.1" 200 16767 "http://www.mink-gmbh.de/" "Mozilla/5.0 (Windows NT 6.1; WOW64) AppleWebKit/534+ (KHTML, like Gecko) BingPreview/1.0b"
199.30.24.93 - - [09/Mar/2014:02:12:15 +0100] "GET /images/logos.jpg?cache3403 HTTP/1.1" 200 35043 "http://www.mink-gmbh.de/" "Mozilla/5.0 (Windows NT 6.1; WOW64) AppleWebKit/534+ (KHTML, like Gecko) BingPreview/1.0b"
199.30.24.93 - - [09/Mar/2014:02:12:16 +0100] "GET /js_contentserver24_greybox/header_bg.gif HTTP/1.1" 200 1188 "http://www.mink-gmbh.de/" "Mozilla/5.0 (Windows NT 6.1; WOW64) AppleWebKit/534+ (KHTML, like Gecko) BingPreview/1.0b"
199.30.24.93 - - [09/Mar/2014:02:12:16 +0100] "GET /js_contentserver24_greybox/indicator.gif HTTP/1.1" 200 8238 "http://www.mink-gmbh.de/js_contentserver24_greybox/loader_frame.html?s=0" "Mozilla/5.0 (Windows NT 6.1; WOW64) AppleWebKit/534+ (KHTML, like Gecko) BingPreview/1.0b"
199.30.24.93 - - [09/Mar/2014:02:12:16 +0100] "GET /js_contentserver24_greybox/g_close.gif HTTP/1.1" 200 541 "http://www.mink-gmbh.de/" "Mozilla/5.0 (Windows NT 6.1; WOW64) AppleWebKit/534+ (KHTML, like Gecko) BingPreview/1.0b"
157.55.35.38 - - [09/Mar/2014:02:14:32 +0100] "GET /rueckrufservice.php HTTP/1.1" 200 8300 "-" "Mozilla/5.0 (compatible; bingbot/2.0; +http://www.bing.com/bingbot.htm)"
208.115.111.75 - - [09/Mar/2014:02:47:17 +0100] "GET /robots.txt HTTP/1.1" 200 177 "-" "Mozilla/5.0 (compatible; Ezooms/1.0; help@moz.com)"
65.36.241.79 - - [09/Mar/2014:02:55:11 +0100] "HEAD / HTTP/1.1" 200 - "-" "InternetSeer.com"
5.10.83.54 - - [09/Mar/2014:02:57:48 +0100] "GET /lexikon.php?cs_go=3&cs_id=145 HTTP/1.1" 200 6474 "-" "Mozilla/5.0 (compatible; AhrefsBot/5.0; +http://ahrefs.com/robot/)"
66.249.65.201 - - [09/Mar/2014:03:00:48 +0100] "GET /robots.txt HTTP/1.1" 200 177 "-" "Mozilla/5.0 (compatible; Googlebot/2.1; +http://www.google.com/bot.html)"
66.249.65.201 - - [09/Mar/2014:03:00:48 +0100] "GET /lexikon.php?cs_go=2&cs_char=x HTTP/1.1" 200 6174 "-" "Mozilla/5.0 (compatible; Googlebot/2.1; +http://www.google.com/bot.html)"
208.115.111.75 - - [09/Mar/2014:03:10:03 +0100] "GET /news.php?cs_go=archiv&cs_id=4677 HTTP/1.1" 200 9937 "-" "Mozilla/5.0 (compatible; Ezooms/1.0; help@moz.com)"
5.10.83.30 - - [09/Mar/2014:03:56:13 +0100] "GET /lexikon.php?cs_go=2&cs_char=f HTTP/1.1" 200 7159 "-" "Mozilla/5.0 (compatible; AhrefsBot/5.0; +http://ahrefs.com/robot/)"
66.249.65.201 - - [09/Mar/2014:04:16:35 +0100] "GET /lexikon.php?cs_go=2&cs_char=t HTTP/1.1" 200 6526 "-" "Mozilla/5.0 (compatible; Googlebot/2.1; +http://www.google.com/bot.html)"
157.55.35.41 - - [09/Mar/2014:04:17:01 +0100] "GET /robots.txt HTTP/1.1" 200 177 "-" "Mozilla/5.0 (compatible; bingbot/2.0; +http://www.bing.com/bingbot.htm)"
157.55.35.41 - - [09/Mar/2014:04:20:18 +0100] "GET /news.php HTTP/1.1" 200 19739 "-" "Mozilla/5.0 (compatible; bingbot/2.0; +http://www.bing.com/bingbot.htm)"
157.55.35.41 - - [09/Mar/2014:04:23:58 +0100] "GET /images/freecall.jpg HTTP/1.1" 200 39195 "-" "Mozilla/5.0 (compatible; bingbot/2.0; +http://www.bing.com/bingbot.htm)"
157.55.35.41 - - [09/Mar/2014:04:23:59 +0100] "GET /images/wunschpreis.jpg HTTP/1.1" 200 16767 "-" "Mozilla/5.0 (compatible; bingbot/2.0; +http://www.bing.com/bingbot.htm)"
5.10.83.30 - - [09/Mar/2014:04:25:43 +0100] "GET /kwk.php?cs_go=3 HTTP/1.1" 200 7848 "-" "Mozilla/5.0 (compatible; AhrefsBot/5.0; +http://ahrefs.com/robot/)"
65.55.24.221 - - [09/Mar/2014:04:29:19 +0100] "GET /kwk.php?cs_go=2 HTTP/1.1" 200 9418 "-" "Mozilla/5.0 (compatible; bingbot/2.0; +http://www.bing.com/bingbot.htm)"
157.55.32.227 - - [09/Mar/2014:04:42:13 +0100] "GET /images/wrapperbg.jpg HTTP/1.1" 200 27465 "-" "Mozilla/5.0 (compatible; bingbot/2.0; +http://www.bing.com/bingbot.htm)"
5.10.83.105 - - [09/Mar/2014:05:00:17 +0100] "GET /lexikon.php?cs_go=3&cs_id=78 HTTP/1.1" 200 5822 "-" "Mozilla/5.0 (compatible; AhrefsBot/5.0; +http://ahrefs.com/robot/)"
66.249.65.137 - - [09/Mar/2014:05:02:22 +0100] "GET / HTTP/1.1" 200 14004 "-" "Mozilla/5.0 (compatible; Googlebot/2.1; +http://www.google.com/bot.html)"
208.115.113.91 - - [09/Mar/2014:05:12:44 +0100] "GET /robots.txt HTTP/1.1" 200 177 "-" "Mozilla/5.0 (compatible; Ezooms/1.0; help@moz.com)"
66.249.73.11 - - [09/Mar/2014:05:14:40 +0100] "GET /js_contentserver24_greybox/gb_styles.css HTTP/1.1" 200 2302 "-" "Mozilla/5.0 (compatible; Googlebot/2.1; +http://www.google.com/bot.html)"
66.249.65.169 - - [09/Mar/2014:05:20:15 +0100] "GET /news.php?cs_go=archiv&cs_id=4930 HTTP/1.1" 200 7369 "-" "Mozilla/5.0 (iPhone; CPU iPhone OS 6_0 like Mac OS X) AppleWebKit/536.26 (KHTML, like Gecko) Version/6.0 Mobile/10A5376e Safari/8536.25 (compatible; Googlebot/2.1; +http://www.google.com/bot.html)"
144.76.137.226 - - [09/Mar/2014:05:37:38 +0100] "GET /robots.txt HTTP/1.0" 200 177 "-" "Mozilla/5.0 (compatible; MJ12bot/v1.4.4; http://www.majestic12.co.uk/bot.php?+)"
144.76.137.226 - - [09/Mar/2014:05:37:41 +0100] "GET /news.php?cs_go=archiv&cs_startpos=151 HTTP/1.0" 200 20274 "-" "Mozilla/5.0 (compatible; MJ12bot/v1.4.4; http://www.majestic12.co.uk/bot.php?+)"
157.55.32.227 - - [09/Mar/2014:05:44:19 +0100] "GET /jobs.php HTTP/1.1" 200 4965 "-" "Mozilla/5.0 (compatible; bingbot/2.0; +http://www.bing.com/bingbot.htm)"
5.10.83.82 - - [09/Mar/2014:06:05:35 +0100] "GET /lexikon.php?cs_go=3&cs_id=58 HTTP/1.1" 200 8395 "-" "Mozilla/5.0 (compatible; AhrefsBot/5.0; +http://ahrefs.com/robot/)"
5.10.83.88 - - [09/Mar/2014:06:21:09 +0100] "GET /lexikon.php?cs_go=3&cs_id=207 HTTP/1.1" 200 5567 "-" "Mozilla/5.0 (compatible; AhrefsBot/5.0; +http://ahrefs.com/robot/)"
5.10.83.88 - - [09/Mar/2014:06:25:00 +0100] "GET /news.php?cs_go=archiv&cs_id=4773&cs_search= HTTP/1.1" 200 11615 "-" "Mozilla/5.0 (compatible; AhrefsBot/5.0; +http://ahrefs.com/robot/)"
5.10.83.82 - - [09/Mar/2014:06:32:19 +0100] "GET /index.php HTTP/1.1" 200 14004 "-" "Mozilla/5.0 (compatible; AhrefsBot/5.0; +http://ahrefs.com/robot/)"
5.10.83.66 - - [09/Mar/2014:06:35:38 +0100] "GET /news.php?cs_go=archiv&cs_startpos=110 HTTP/1.1" 200 20304 "-" "Mozilla/5.0 (compatible; AhrefsBot/5.0; +http://ahrefs.com/robot/)"
208.115.111.75 - - [09/Mar/2014:06:45:39 +0100] "GET /robots.txt HTTP/1.1" 200 177 "-" "Mozilla/5.0 (compatible; Ezooms/1.0; help@moz.com)"
208.115.113.91 - - [09/Mar/2014:06:45:50 +0100] "GET /news.php?cs_go=archiv&cs_id=4808&cs_search= HTTP/1.1" 200 7514 "-" "Mozilla/5.0 (compatible; Ezooms/1.0; help@moz.com)"
182.118.25.224 - - [09/Mar/2014:06:53:12 +0100] "GET /robots.txt HTTP/1.1" 200 177 "http://www.mink-gmbh.de/robots.txt" "Mozilla/5.0 (compatible; MSIE 9.0; Windows NT 6.1; Trident/5.0); 360Spider"
66.249.65.137 - - [09/Mar/2014:07:25:01 +0100] "GET /news.php?cs_go=archiv&cs_id=4844&cs_search= HTTP/1.1" 200 11362 "-" "Mozilla/5.0 (iPhone; CPU iPhone OS 6_0 like Mac OS X) AppleWebKit/536.26 (KHTML, like Gecko) Version/6.0 Mobile/10A5376e Safari/8536.25 (compatible; Googlebot/2.1; +http://www.google.com/bot.html)"
5.10.83.8 - - [09/Mar/2014:07:35:19 +0100] "GET /lexikon.php?cs_go=3&cs_id=12 HTTP/1.1" 200 6135 "-" "Mozilla/5.0 (compatible; AhrefsBot/5.0; +http://ahrefs.com/robot/)"
5.10.83.47 - - [09/Mar/2014:07:44:45 +0100] "GET /agb.php HTTP/1.1" 200 17543 "-" "Mozilla/5.0 (compatible; AhrefsBot/5.0; +http://ahrefs.com/robot/)"
5.10.83.53 - - [09/Mar/2014:07:50:30 +0100] "GET /lexikon.php?cs_go=3&cs_id=79 HTTP/1.1" 200 5563 "-" "Mozilla/5.0 (compatible; AhrefsBot/5.0; +http://ahrefs.com/robot/)"
193.111.141.44 - - [09/Mar/2014:07:59:09 +0100] "GET /news.php?cs_go=archiv&cs_id=2941 HTTP/1.1" 200 11858 "-" "Mozilla/5.0 (X11; Linux i686; rv:6.0) Gecko/20100101 Firefox/6.0"
5.10.83.88 - - [09/Mar/2014:08:05:29 +0100] "GET /lexikon.php?cs_go=2&cs_char=q HTTP/1.1" 200 5726 "-" "Mozilla/5.0 (compatible; AhrefsBot/5.0; +http://ahrefs.com/robot/)"
65.36.241.79 - - [09/Mar/2014:08:08:03 +0100] "HEAD / HTTP/1.1" 200 - "-" "InternetSeer.com"
66.249.65.137 - - [09/Mar/2014:08:10:09 +0100] "GET /news.php?cs_go=archiv&cs_id=4912 HTTP/1.1" 200 11157 "-" "Mozilla/5.0 (iPhone; CPU iPhone OS 6_0 like Mac OS X) AppleWebKit/536.26 (KHTML, like Gecko) Version/6.0 Mobile/10A5376e Safari/8536.25 (compatible; Googlebot/2.1; +http://www.google.com/bot.html)"
130.185.109.239 - - [09/Mar/2014:08:12:04 +0100] "GET /robots.txt HTTP/1.1" 200 177 "-" "PagesInventory (robot http://www.pagesinvenotry.com)"
130.185.109.239 - - [09/Mar/2014:08:12:04 +0100] "GET / HTTP/1.1" 200 14004 "-" "PagesInventory (robot +http://www.pagesinventory.com)"
208.115.111.75 - - [09/Mar/2014:08:34:07 +0100] "GET /news.php?cs_go=archiv&cs_id=4701&cs_search= HTTP/1.1" 200 11642 "-" "Mozilla/5.0 (compatible; Ezooms/1.0; help@moz.com)"
208.115.111.75 - - [09/Mar/2014:08:34:12 +0100] "GET /news.php?cs_go=archiv&cs_id=4778&cs_search= HTTP/1.1" 200 7637 "-" "Mozilla/5.0 (compatible; Ezooms/1.0; help@moz.com)"
5.10.83.53 - - [09/Mar/2014:09:03:30 +0100] "GET /lexikon.php?cs_go=2&cs_char=t HTTP/1.1" 200 6526 "-" "Mozilla/5.0 (compatible; AhrefsBot/5.0; +http://ahrefs.com/robot/)"
178.255.215.97 - - [09/Mar/2014:09:14:44 +0100] "GET /style.css HTTP/1.1" 200 8402 "http://www.mink-gmbh.de/faq.php" "Mozilla/5.0 (compatible; Konqueror/3.5; Linux) KHTML/3.5.5 (like Gecko) (Exabot-Thumbnails)"
178.255.215.97 - - [09/Mar/2014:09:14:44 +0100] "GET /modul.css HTTP/1.1" 200 35038 "http://www.mink-gmbh.de/faq.php" "Mozilla/5.0 (compatible; Konqueror/3.5; Linux) KHTML/3.5.5 (like Gecko) (Exabot-Thumbnails)"
178.255.215.97 - - [09/Mar/2014:09:14:44 +0100] "GET /images/wrapperbg.jpg HTTP/1.1" 200 27465 "http://www.mink-gmbh.de/faq.php" "Mozilla/5.0 (compatible; Konqueror/3.5; Linux) KHTML/3.5.5 (like Gecko) (Exabot-Thumbnails)"
178.255.215.97 - - [09/Mar/2014:09:14:44 +0100] "GET /images/newsletter.png HTTP/1.1" 200 14619 "http://www.mink-gmbh.de/faq.php" "Mozilla/5.0 (compatible; Konqueror/3.5; Linux) KHTML/3.5.5 (like Gecko) (Exabot-Thumbnails)"
178.255.215.97 - - [09/Mar/2014:09:14:44 +0100] "GET /images/header.jpg HTTP/1.1" 200 25189 "http://www.mink-gmbh.de/faq.php" "Mozilla/5.0 (compatible; Konqueror/3.5; Linux) KHTML/3.5.5 (like Gecko) (Exabot-Thumbnails)"
178.255.215.97 - - [09/Mar/2014:09:14:44 +0100] "GET /faq.php HTTP/1.1" 200 216832 "-" "Mozilla/5.0 (compatible; Konqueror/3.5; Linux) KHTML/3.5.5 (like Gecko) (Exabot-Thumbnails)"
178.255.215.97 - - [09/Mar/2014:09:14:45 +0100] "GET /images/navibg.png HTTP/1.1" 200 2803 "http://www.mink-gmbh.de/faq.php" "Mozilla/5.0 (compatible; Konqueror/3.5; Linux) KHTML/3.5.5 (like Gecko) (Exabot-Thumbnails)"
178.255.215.97 - - [09/Mar/2014:09:14:45 +0100] "GET /images/footerbg.jpg HTTP/1.1" 200 2184 "http://www.mink-gmbh.de/faq.php" "Mozilla/5.0 (compatible; Konqueror/3.5; Linux) KHTML/3.5.5 (like Gecko) (Exabot-Thumbnails)"
178.255.215.97 - - [09/Mar/2014:09:14:46 +0100] "GET /images/bg.png HTTP/1.1" 200 922 "http://www.mink-gmbh.de/faq.php" "Mozilla/5.0 (compatible; Konqueror/3.5; Linux) KHTML/3.5.5 (like Gecko) (Exabot-Thumbnails)"
178.255.215.97 - - [09/Mar/2014:09:14:46 +0100] "GET /images/wunschpreis.jpg HTTP/1.1" 200 16767 "http://www.mink-gmbh.de/faq.php" "Mozilla/5.0 (compatible; Konqueror/3.5; Linux) KHTML/3.5.5 (like Gecko) (Exabot-Thumbnails)"
178.255.215.97 - - [09/Mar/2014:09:14:47 +0100] "GET /images/kwk.gif HTTP/1.1" 200 6403 "http://www.mink-gmbh.de/faq.php" "Mozilla/5.0 (compatible; Konqueror/3.5; Linux) KHTML/3.5.5 (like Gecko) (Exabot-Thumbnails)"
178.255.215.97 - - [09/Mar/2014:09:14:47 +0100] "GET /images/logos.jpg HTTP/1.1" 200 35043 "http://www.mink-gmbh.de/faq.php" "Mozilla/5.0 (compatible; Konqueror/3.5; Linux) KHTML/3.5.5 (like Gecko) (Exabot-Thumbnails)"
178.255.215.97 - - [09/Mar/2014:09:14:47 +0100] "GET /images/freecall.jpg HTTP/1.1" 200 39195 "http://www.mink-gmbh.de/faq.php" "Mozilla/5.0 (compatible; Konqueror/3.5; Linux) KHTML/3.5.5 (like Gecko) (Exabot-Thumbnails)"
144.76.137.226 - - [09/Mar/2014:09:36:35 +0100] "GET /robots.txt HTTP/1.0" 200 177 "-" "Mozilla/5.0 (compatible; MJ12bot/v1.4.4; http://www.majestic12.co.uk/bot.php?+)"
144.76.137.226 - - [09/Mar/2014:09:36:38 +0100] "GET /news.php?cs_go=archiv&cs_id=4354 HTTP/1.0" 200 7757 "-" "Mozilla/5.0 (compatible; MJ12bot/v1.4.4; http://www.majestic12.co.uk/bot.php?+)"
144.76.137.226 - - [09/Mar/2014:09:36:49 +0100] "GET /news.php?cs_go=archiv&cs_id=4355 HTTP/1.0" 200 11487 "-" "Mozilla/5.0 (compatible; MJ12bot/v1.4.4; http://www.majestic12.co.uk/bot.php?+)"
144.76.137.226 - - [09/Mar/2014:09:36:51 +0100] "GET /news.php?cs_go=archiv&cs_id=4356 HTTP/1.0" 200 7749 "-" "Mozilla/5.0 (compatible; MJ12bot/v1.4.4; http://www.majestic12.co.uk/bot.php?+)"
144.76.137.226 - - [09/Mar/2014:09:36:57 +0100] "GET /news.php?cs_go=archiv&cs_id=4357 HTTP/1.0" 200 11124 "-" "Mozilla/5.0 (compatible; MJ12bot/v1.4.4; http://www.majestic12.co.uk/bot.php?+)"
66.249.65.201 - - [09/Mar/2014:09:52:13 +0100] "GET /news.php?cs_go=archiv&cs_id=4624&cs_search= HTTP/1.1" 200 11678 "-" "Mozilla/5.0 (iPhone; CPU iPhone OS 6_0 like Mac OS X) AppleWebKit/536.26 (KHTML, like Gecko) Version/6.0 Mobile/10A5376e Safari/8536.25 (compatible; Googlebot/2.1; +http://www.google.com/bot.html)"
5.10.83.27 - - [09/Mar/2014:10:38:27 +0100] "GET /news.php?cs_go=archiv&cs_id=4754&cs_search= HTTP/1.1" 200 8444 "-" "Mozilla/5.0 (compatible; AhrefsBot/5.0; +http://ahrefs.com/robot/)"
5.10.83.82 - - [09/Mar/2014:10:41:08 +0100] "GET /news.php?cs_go=archiv&cs_id=4744&cs_search= HTTP/1.1" 200 9246 "-" "Mozilla/5.0 (compatible; AhrefsBot/5.0; +http://ahrefs.com/robot/)"
5.10.83.53 - - [09/Mar/2014:11:05:57 +0100] "GET /news.php?cs_go=archiv&cs_id=4779&cs_search= HTTP/1.1" 200 11223 "-" "Mozilla/5.0 (compatible; AhrefsBot/5.0; +http://ahrefs.com/robot/)"
5.10.83.47 - - [09/Mar/2014:11:07:05 +0100] "GET /additive.php HTTP/1.1" 200 5937 "-" "Mozilla/5.0 (compatible; AhrefsBot/5.0; +http://ahrefs.com/robot/)"
5.10.83.88 - - [09/Mar/2014:11:15:23 +0100] "GET /lexikon.php?cs_go=3&cs_id=2 HTTP/1.1" 200 5988 "-" "Mozilla/5.0 (compatible; AhrefsBot/5.0; +http://ahrefs.com/robot/)"
66.249.65.169 - - [09/Mar/2014:11:23:37 +0100] "GET /news.php?cs_go=archiv&cs_id=4077&cs_search= HTTP/1.1" 200 7457 "-" "Mozilla/5.0 (iPhone; CPU iPhone OS 6_0 like Mac OS X) AppleWebKit/536.26 (KHTML, like Gecko) Version/6.0 Mobile/10A5376e Safari/8536.25 (compatible; Googlebot/2.1; +http://www.google.com/bot.html)"
220.181.108.116 - - [09/Mar/2014:12:00:34 +0100] "GET / HTTP/1.1" 200 9430 "-" "Mozilla/5.0 (compatible; Baiduspider/2.0; +http://www.baidu.com/search/spider.html)"
123.125.71.60 - - [09/Mar/2014:12:05:39 +0100] "GET / HTTP/1.1" 200 3575 "-" "Mozilla/5.0 (compatible; Baiduspider/2.0; +http://www.baidu.com/search/spider.html)"
5.10.83.47 - - [09/Mar/2014:12:11:14 +0100] "GET /news.php?cs_go=archiv&cs_id=4780&cs_search= HTTP/1.1" 200 7672 "-" "Mozilla/5.0 (compatible; AhrefsBot/5.0; +http://ahrefs.com/robot/)"
5.10.83.8 - - [09/Mar/2014:12:17:07 +0100] "GET /\"http://www.brennstoffboerse.de/index.php?go=fluessiggas_pruefung\" HTTP/1.1" 404 - "-" "Mozilla/5.0 (compatible; AhrefsBot/5.0; +http://ahrefs.com/robot/)"
208.115.113.91 - - [09/Mar/2014:13:02:02 +0100] "GET /robots.txt HTTP/1.1" 200 177 "-" "Mozilla/5.0 (compatible; Ezooms/1.0; help@moz.com)"
82.94.179.38 - - [09/Mar/2014:13:36:26 +0100] "GET /robots.txt HTTP/1.0" 200 177 "-" "Mozilla/4.0 (compatible; Freshbot/1.0/EU; http://webagent.wise-guys.nl/)"
82.94.179.38 - - [09/Mar/2014:13:36:26 +0100] "GET / HTTP/1.1" 200 14004 "-" "Mozilla/5.0 (X11; Linux i686; rv:6.0) Gecko/20100101 Firefox/6.0 (Freshbot/1.0/EU; http://webagent.wise-guys.nl/)"
141.8.147.12 - - [09/Mar/2014:14:15:19 +0100] "GET /robots.txt HTTP/1.1" 200 177 "-" "Mozilla/5.0 (compatible; YandexBot/3.0; +http://yandex.com/bots)"
178.255.215.80 - - [09/Mar/2014:14:15:57 +0100] "GET /robots.txt HTTP/1.1" 200 177 "-" "Mozilla/5.0 (compatible; Exabot/3.0 (BiggerBetter); +http://www.exabot.com/go/robot)"
178.255.215.80 - - [09/Mar/2014:14:15:57 +0100] "GET / HTTP/1.1" 200 14004 "-" "Mozilla/5.0 (compatible; Exabot/3.0 (BiggerBetter); +http://www.exabot.com/go/robot)"
5.10.83.30 - - [09/Mar/2014:14:18:28 +0100] "GET /news.php?cs_go=archiv&cs_id=4777&cs_search= HTTP/1.1" 200 11430 "-" "Mozilla/5.0 (compatible; AhrefsBot/5.0; +http://ahrefs.com/robot/)"
5.10.83.66 - - [09/Mar/2014:14:32:19 +0100] "GET /energiesparcheck.php HTTP/1.1" 200 11144 "-" "Mozilla/5.0 (compatible; AhrefsBot/5.0; +http://ahrefs.com/robot/)"
65.36.241.79 - - [09/Mar/2014:14:38:40 +0100] "HEAD / HTTP/1.1" 200 - "-" "InternetSeer.com"
5.10.83.105 - - [09/Mar/2014:14:48:08 +0100] "GET /lexikon.php?cs_go=2&cs_char=e HTTP/1.1" 200 6643 "-" "Mozilla/5.0 (compatible; AhrefsBot/5.0; +http://ahrefs.com/robot/)"
66.249.65.169 - - [09/Mar/2014:15:02:34 +0100] "GET /images/RAL_Guetezeichen_Energiehandel.pdf HTTP/1.1" 200 288367 "-" "Mozilla/5.0 (compatible; Googlebot/2.1; +http://www.google.com/bot.html)"
208.115.113.91 - - [09/Mar/2014:15:07:07 +0100] "GET /news.php?cs_go=archiv&cs_startpos=0 HTTP/1.1" 200 19739 "-" "Mozilla/5.0 (compatible; Ezooms/1.0; help@moz.com)"
66.249.65.169 - - [09/Mar/2014:15:09:06 +0100] "GET /news.php HTTP/1.1" 200 19739 "-" "Mozilla/5.0 (iPhone; CPU iPhone OS 6_0 like Mac OS X) AppleWebKit/536.26 (KHTML, like Gecko) Version/6.0 Mobile/10A5376e Safari/8536.25 (compatible; Googlebot/2.1; +http://www.google.com/bot.html)"
66.249.65.137 - - [09/Mar/2014:15:15:56 +0100] "GET /style.css HTTP/1.1" 200 8402 "-" "Mozilla/5.0 (compatible; Googlebot/2.1; +http://www.google.com/bot.html)"
66.249.65.137 - - [09/Mar/2014:15:15:56 +0100] "GET /modul.css HTTP/1.1" 200 35038 "-" "Mozilla/5.0 (compatible; Googlebot/2.1; +http://www.google.com/bot.html)"
5.10.83.27 - - [09/Mar/2014:16:22:15 +0100] "GET /news.php?cs_go=archiv&cs_id=4812&cs_search= HTTP/1.1" 200 11264 "-" "Mozilla/5.0 (compatible; AhrefsBot/5.0; +http://ahrefs.com/robot/)"
66.249.65.137 - - [09/Mar/2014:16:35:33 +0100] "GET /news.php?cs_go=archiv&cs_startpos=161 HTTP/1.1" 200 20083 "-" "Mozilla/5.0 (compatible; Googlebot/2.1; +http://www.google.com/bot.html)"
66.249.73.225 - - [09/Mar/2014:16:39:10 +0100] "GET /news.php HTTP/1.1" 200 19739 "-" "DoCoMo/2.0 N905i(c100;TB;W24H16) (compatible; Googlebot-Mobile/2.1; +http://www.google.com/bot.html)"
157.55.32.227 - - [09/Mar/2014:16:41:23 +0100] "GET /robots.txt HTTP/1.1" 200 177 "-" "Mozilla/5.0 (compatible; bingbot/2.0; +http://www.bing.com/bingbot.htm)"
157.55.32.227 - - [09/Mar/2014:16:52:38 +0100] "GET /news.php?cs_go=archiv HTTP/1.1" 200 19739 "-" "Mozilla/5.0 (compatible; bingbot/2.0; +http://www.bing.com/bingbot.htm)"
5.10.83.88 - - [09/Mar/2014:16:56:30 +0100] "GET /news.php?cs_go=archiv&cs_id=4835&cs_search= HTTP/1.1" 200 7606 "-" "Mozilla/5.0 (compatible; AhrefsBot/5.0; +http://ahrefs.com/robot/)"
208.115.113.91 - - [09/Mar/2014:17:06:11 +0100] "GET /robots.txt HTTP/1.1" 200 177 "-" "Mozilla/5.0 (compatible; Ezooms/1.0; help@moz.com)"
5.10.83.66 - - [09/Mar/2014:17:08:16 +0100] "GET /lexikon.php?cs_go=2&cs_char=g HTTP/1.1" 200 6690 "-" "Mozilla/5.0 (compatible; AhrefsBot/5.0; +http://ahrefs.com/robot/)"
131.253.24.39 - - [09/Mar/2014:17:12:54 +0100] "GET /kontakt.php HTTP/1.1" 200 6966 "-" "Mozilla/5.0 (compatible; MSIE 9.0; Windows NT 6.1; Trident/5.0; WOW64; Trident/5.0)"
131.253.24.39 - - [09/Mar/2014:17:12:56 +0100] "GET /modul.css HTTP/1.1" 200 35038 "http://www.mink-gmbh.de/kontakt.php" "Mozilla/5.0 (compatible; MSIE 9.0; Windows NT 6.1; Trident/5.0; WOW64; Trident/5.0)"
131.253.24.39 - - [09/Mar/2014:17:12:56 +0100] "GET /style.css HTTP/1.1" 200 8402 "http://www.mink-gmbh.de/kontakt.php" "Mozilla/5.0 (compatible; MSIE 9.0; Windows NT 6.1; Trident/5.0; WOW64; Trident/5.0)"
66.249.73.22 - - [09/Mar/2014:17:51:20 +0100] "GET /news.php?cs_go=archiv&cs_id=4646&cs_search= HTTP/1.1" 200 10720 "-" "Mozilla/5.0 (compatible; Googlebot/2.1; +http://www.google.com/bot.html)"
141.8.147.12 - - [09/Mar/2014:18:26:19 +0100] "GET / HTTP/1.1" 200 14001 "-" "Mozilla/5.0 (compatible; YandexBot/3.0; +http://yandex.com/bots)"
208.115.111.75 - - [09/Mar/2014:18:47:44 +0100] "GET /robots.txt HTTP/1.1" 200 177 "-" "Mozilla/5.0 (compatible; Ezooms/1.0; help@moz.com)"
66.249.65.169 - - [09/Mar/2014:18:50:20 +0100] "GET / HTTP/1.1" 200 14001 "-" "SAMSUNG-SGH-E250/1.0 Profile/MIDP-2.0 Configuration/CLDC-1.1 UP.Browser/6.2.3.3.c.1.101 (GUI) MMP/2.0 (compatible; Googlebot-Mobile/2.1; +http://www.google.com/bot.html)"
91.61.64.101 - - [09/Mar/2014:18:59:19 +0100] "GET /jobs.php HTTP/1.1" 200 4965 "-" "Mozilla/5.0 (Windows NT 6.1; Win64; x64; rv:22.0) Gecko/20130328 Firefox/22.0"
208.115.113.91 - - [09/Mar/2014:19:12:16 +0100] "GET /news.php?cs_go=archiv&cs_id=4755&cs_search= HTTP/1.1" 200 10039 "-" "Mozilla/5.0 (compatible; Ezooms/1.0; help@moz.com)"
5.10.83.3 - - [09/Mar/2014:19:18:15 +0100] "GET /news.php?cs_go=archiv&cs_startpos=140 HTTP/1.1" 200 20398 "-" "Mozilla/5.0 (compatible; AhrefsBot/5.0; +http://ahrefs.com/robot/)"
91.61.64.101 - - [09/Mar/2014:19:28:17 +0100] "GET /jobs.php HTTP/1.1" 200 4965 "-" "Mozilla/5.0 (Windows NT 6.1; Win64; x64; rv:22.0) Gecko/20130328 Firefox/22.0"
5.10.83.27 - - [09/Mar/2014:19:32:40 +0100] "GET /lexikon.php?cs_go=3&cs_id=220 HTTP/1.1" 200 5585 "-" "Mozilla/5.0 (compatible; AhrefsBot/5.0; +http://ahrefs.com/robot/)"
5.10.83.8 - - [09/Mar/2014:19:34:08 +0100] "GET /news.php?cs_go=archiv HTTP/1.1" 200 19739 "-" "Mozilla/5.0 (compatible; AhrefsBot/5.0; +http://ahrefs.com/robot/)"
65.36.241.79 - - [09/Mar/2014:19:38:36 +0100] "HEAD / HTTP/1.1" 200 - "-" "InternetSeer.com"
66.249.73.20 - - [09/Mar/2014:19:46:49 +0100] "GET /news.php?cs_go=archiv&cs_id=4045 HTTP/1.1" 200 7470 "-" "Mozilla/5.0 (compatible; Googlebot/2.1; +http://www.google.com/bot.html)"
66.249.73.19 - - [09/Mar/2014:20:17:41 +0100] "GET /news.php?cs_go=archiv&cs_id=4699&cs_search= HTTP/1.1" 200 10031 "-" "Mozilla/5.0 (iPhone; CPU iPhone OS 6_0 like Mac OS X) AppleWebKit/536.26 (KHTML, like Gecko) Version/6.0 Mobile/10A5376e Safari/8536.25 (compatible; Googlebot/2.1; +http://www.google.com/bot.html)"
208.115.111.75 - - [09/Mar/2014:20:40:10 +0100] "GET /news.php?cs_go=archiv&cs_id=4805&cs_search= HTTP/1.1" 200 11300 "-" "Mozilla/5.0 (compatible; Ezooms/1.0; help@moz.com)"
5.10.83.66 - - [09/Mar/2014:20:41:31 +0100] "GET /news.php?cs_go=archiv&cs_id=4928&cs_search= HTTP/1.1" 200 8042 "-" "Mozilla/5.0 (compatible; AhrefsBot/5.0; +http://ahrefs.com/robot/)"
5.10.83.82 - - [09/Mar/2014:20:46:36 +0100] "GET /news.php?cs_go=archiv&cs_startpos=70 HTTP/1.1" 200 20363 "-" "Mozilla/5.0 (compatible; AhrefsBot/5.0; +http://ahrefs.com/robot/)"
123.125.71.30 - - [09/Mar/2014:21:01:38 +0100] "GET / HTTP/1.1" 200 3575 "-" "Mozilla/5.0 (compatible; Baiduspider/2.0; +http://www.baidu.com/search/spider.html)"
220.181.108.96 - - [09/Mar/2014:21:01:40 +0100] "GET / HTTP/1.1" 200 6594 "-" "Mozilla/5.0 (compatible; Baiduspider/2.0; +http://www.baidu.com/search/spider.html)"
141.8.147.12 - - [09/Mar/2014:21:03:15 +0100] "GET /index.php HTTP/1.1" 200 14001 "-" "Mozilla/5.0 (compatible; YandexBot/3.0; +http://yandex.com/bots)"
66.249.65.201 - - [09/Mar/2014:21:06:22 +0100] "GET /news.php?cs_go=archiv&cs_id=4702 HTTP/1.1" 200 7792 "-" "Mozilla/5.0 (compatible; Googlebot/2.1; +http://www.google.com/bot.html)"
66.249.65.169 - - [09/Mar/2014:21:25:00 +0100] "GET /news.php?cs_go=archiv&cs_id=4845&cs_search= HTTP/1.1" 200 9332 "-" "Mozilla/5.0 (iPhone; CPU iPhone OS 6_0 like Mac OS X) AppleWebKit/536.26 (KHTML, like Gecko) Version/6.0 Mobile/10A5376e Safari/8536.25 (compatible; Googlebot/2.1; +http://www.google.com/bot.html)"
157.55.36.35 - - [09/Mar/2014:22:12:29 +0100] "GET /robots.txt HTTP/1.1" 200 177 "-" "Mozilla/5.0 (compatible; bingbot/2.0; +http://www.bing.com/bingbot.htm)"
157.55.36.35 - - [09/Mar/2014:22:23:29 +0100] "GET /standard.php HTTP/1.1" 200 6770 "-" "Mozilla/5.0 (compatible; bingbot/2.0; +http://www.bing.com/bingbot.htm)"
157.55.36.35 - - [09/Mar/2014:22:23:29 +0100] "GET /jobs.php HTTP/1.1" 200 4965 "-" "Mozilla/5.0 (compatible; bingbot/2.0; +http://www.bing.com/bingbot.htm)"
66.249.65.201 - - [09/Mar/2014:22:28:36 +0100] "GET /lexikon.php?cs_go=3&cs_id=96 HTTP/1.1" 200 5871 "-" "Mozilla/5.0 (compatible; Googlebot/2.1; +http://www.google.com/bot.html)"
157.56.93.42 - - [09/Mar/2014:22:34:38 +0100] "GET /lexikon.php HTTP/1.1" 200 8115 "-" "Mozilla/5.0 (compatible; bingbot/2.0; +http://www.bing.com/bingbot.htm)"
157.56.93.42 - - [09/Mar/2014:22:34:38 +0100] "GET /news.php?cs_go=archiv&cs_id=4898&cs_search= HTTP/1.1" 200 11143 "-" "Mozilla/5.0 (compatible; bingbot/2.0; +http://www.bing.com/bingbot.htm)"
208.115.111.75 - - [09/Mar/2014:22:45:43 +0100] "GET /robots.txt HTTP/1.1" 200 177 "-" "Mozilla/5.0 (compatible; Ezooms/1.0; help@moz.com)"
157.55.32.162 - - [09/Mar/2014:23:06:43 +0100] "GET /news.php HTTP/1.1" 200 19739 "-" "Mozilla/5.0 (compatible; bingbot/2.0; +http://www.bing.com/bingbot.htm)"
157.55.32.162 - - [09/Mar/2014:23:06:44 +0100] "GET /optiplus.php HTTP/1.1" 200 8639 "-" "Mozilla/5.0 (compatible; bingbot/2.0; +http://www.bing.com/bingbot.htm)"
157.55.32.162 - - [09/Mar/2014:23:06:44 +0100] "GET /foerdermittel.php HTTP/1.1" 200 10473 "-" "Mozilla/5.0 (compatible; bingbot/2.0; +http://www.bing.com/bingbot.htm)"
101.226.167.246 - - [09/Mar/2014:23:17:43 +0100] "GET /robots.txt HTTP/1.1" 200 177 "http://www.mink-gmbh.de/robots.txt" "Mozilla/5.0 (Windows NT 6.1) AppleWebKit/537.1 (KHTML, like Gecko) Chrome/21.0.1180.89 Safari/537.1; 360Spider"
5.10.83.66 - - [09/Mar/2014:23:39:12 +0100] "GET /lexikon.php?cs_go=3&cs_id=57 HTTP/1.1" 200 7641 "-" "Mozilla/5.0 (compatible; AhrefsBot/5.0; +http://ahrefs.com/robot/)"
66.249.73.228 - - [09/Mar/2014:23:44:24 +0100] "GET /news.php?cs_go=archiv&cs_id=4565&cs_search= HTTP/1.1" 200 9153 "-" "Mozilla/5.0 (iPhone; CPU iPhone OS 6_0 like Mac OS X) AppleWebKit/536.26 (KHTML, like Gecko) Version/6.0 Mobile/10A5376e Safari/8536.25 (compatible; Googlebot/2.1; +http://www.google.com/bot.html)"
178.255.215.64 - - [09/Mar/2014:23:47:58 +0100] "GET /robots.txt HTTP/1.1" 200 177 "-" "Mozilla/5.0 (compatible; Exabot/3.0; +http://www.exabot.com/go/robot)"
178.255.215.64 - - [09/Mar/2014:23:47:58 +0100] "GET /news.php?cs_go=archiv&cs_id=2917 HTTP/1.1" 200 7625 "-" "Mozilla/5.0 (compatible; Exabot/3.0; +http://www.exabot.com/go/robot)"
5.10.83.3 - - [10/Mar/2014:00:00:44 +0100] "GET /lexikon.php?cs_go=2&cs_char=m HTTP/1.1" 200 6637 "-" "Mozilla/5.0 (compatible; AhrefsBot/5.0; +http://ahrefs.com/robot/)"
5.10.83.3 - - [10/Mar/2014:00:08:51 +0100] "GET /lexikon.php?cs_go=3&cs_id=85 HTTP/1.1" 200 6182 "-" "Mozilla/5.0 (compatible; AhrefsBot/5.0; +http://ahrefs.com/robot/)"
5.10.83.54 - - [10/Mar/2014:00:21:39 +0100] "GET /lexikon.php?cs_go=3&cs_id=72 HTTP/1.1" 200 6964 "-" "Mozilla/5.0 (compatible; AhrefsBot/5.0; +http://ahrefs.com/robot/)"
208.115.111.75 - - [10/Mar/2014:00:30:31 +0100] "GET /news.php?cs_go=archiv&cs_id=4781&cs_search= HTTP/1.1" 200 11111 "-" "Mozilla/5.0 (compatible; Ezooms/1.0; help@moz.com)"
5.10.83.27 - - [10/Mar/2014:00:33:42 +0100] "GET / HTTP/1.1" 200 14001 "-" "Mozilla/5.0 (compatible; AhrefsBot/5.0; +http://ahrefs.com/robot/)"
157.55.32.146 - - [10/Mar/2014:00:53:05 +0100] "GET /robots.txt HTTP/1.1" 200 177 "-" "Mozilla/5.0 (compatible; bingbot/2.0; +http://www.bing.com/bingbot.htm)"
208.115.113.91 - - [10/Mar/2014:01:01:59 +0100] "GET /robots.txt HTTP/1.1" 200 177 "-" "Mozilla/5.0 (compatible; Ezooms/1.0; help@moz.com)"
5.10.83.105 - - [10/Mar/2014:01:04:27 +0100] "GET /lexikon.php?cs_go=3&cs_id=221 HTTP/1.1" 200 5581 "-" "Mozilla/5.0 (compatible; AhrefsBot/5.0; +http://ahrefs.com/robot/)"
66.249.65.201 - - [10/Mar/2014:01:55:00 +0100] "GET /index.php HTTP/1.1" 200 14001 "-" "Mozilla/5.0 (iPhone; CPU iPhone OS 6_0 like Mac OS X) AppleWebKit/536.26 (KHTML, like Gecko) Version/6.0 Mobile/10A5376e Safari/8536.25 (compatible; Googlebot/2.1; +http://www.google.com/bot.html)"
65.36.241.79 - - [10/Mar/2014:02:24:46 +0100] "HEAD / HTTP/1.1" 200 - "-" "InternetSeer.com"
142.4.212.217 - - [10/Mar/2014:02:33:21 +0100] "GET /news.php?cs_go=archiv&cs_id=4916 HTTP/1.1" 200 7423 "http://www.mink-gmbh.de/" "Mozilla/5.0 (X11; Linux x86_64) AppleWebKit/537.22 (KHTML, like Gecko) Ubuntu Chromium/25.0.1364.160 Chrome/25.0.1364.160 Safari/537.22"
142.4.212.217 - - [10/Mar/2014:02:33:23 +0100] "GET /kwk.php HTTP/1.1" 200 8447 "http://www.mink-gmbh.de/" "Mozilla/5.0 (X11; Linux x86_64) AppleWebKit/537.22 (KHTML, like Gecko) Ubuntu Chromium/25.0.1364.160 Chrome/25.0.1364.160 Safari/537.22"
208.115.111.75 - - [10/Mar/2014:02:45:19 +0100] "GET /robots.txt HTTP/1.1" 200 177 "-" "Mozilla/5.0 (compatible; Ezooms/1.0; help@moz.com)"
66.249.73.24 - - [10/Mar/2014:03:00:25 +0100] "GET /news.php?cs_go=archiv&cs_id=4870 HTTP/1.1" 200 7720 "-" "SAMSUNG-SGH-E250/1.0 Profile/MIDP-2.0 Configuration/CLDC-1.1 UP.Browser/6.2.3.3.c.1.101 (GUI) MMP/2.0 (compatible; Googlebot-Mobile/2.1; +http://www.google.com/bot.html)"
208.115.113.91 - - [10/Mar/2014:03:04:39 +0100] "GET /news.php?cs_go=archiv&cs_startpos=160 HTTP/1.1" 200 20142 "-" "Mozilla/5.0 (compatible; Ezooms/1.0; help@moz.com)"
5.10.83.88 - - [10/Mar/2014:03:22:42 +0100] "GET /news.php?cs_go=archiv&cs_startpos=80 HTTP/1.1" 200 20450 "-" "Mozilla/5.0 (compatible; AhrefsBot/5.0; +http://ahrefs.com/robot/)"
66.249.73.21 - - [10/Mar/2014:03:27:01 +0100] "GET /robots.txt HTTP/1.1" 200 177 "-" "Mozilla/5.0 (compatible; Googlebot/2.1; +http://www.google.com/bot.html)"
66.249.65.169 - - [10/Mar/2014:03:27:02 +0100] "GET /lexikon.php?cs_go=3&cs_id=36 HTTP/1.1" 200 6284 "-" "Mozilla/5.0 (compatible; Googlebot/2.1; +http://www.google.com/bot.html)"
141.8.147.12 - - [10/Mar/2014:03:36:10 +0100] "GET /robots.txt HTTP/1.1" 200 177 "-" "Mozilla/5.0 (compatible; YandexBot/3.0; +http://yandex.com/bots)"
5.10.83.88 - - [10/Mar/2014:03:42:11 +0100] "GET /lexikon.php?cs_go=2&cs_char=h HTTP/1.1" 200 6364 "-" "Mozilla/5.0 (compatible; AhrefsBot/5.0; +http://ahrefs.com/robot/)"
5.10.83.105 - - [10/Mar/2014:03:42:34 +0100] "GET /lexikon.php?cs_go=2&cs_char=c HTTP/1.1" 200 6400 "-" "Mozilla/5.0 (compatible; AhrefsBot/5.0; +http://ahrefs.com/robot/)"
66.249.73.3 - - [10/Mar/2014:04:02:06 +0100] "GET /news.php?cs_go=archiv&cs_startpos=10 HTTP/1.1" 200 20169 "-" "SAMSUNG-SGH-E250/1.0 Profile/MIDP-2.0 Configuration/CLDC-1.1 UP.Browser/6.2.3.3.c.1.101 (GUI) MMP/2.0 (compatible; Googlebot-Mobile/2.1; +http://www.google.com/bot.html)"
66.249.65.137 - - [10/Mar/2014:04:08:41 +0100] "GET /news.php?cs_go=archiv&cs_startpos=10 HTTP/1.1" 200 20169 "-" "SAMSUNG-SGH-E250/1.0 Profile/MIDP-2.0 Configuration/CLDC-1.1 UP.Browser/6.2.3.3.c.1.101 (GUI) MMP/2.0 (compatible; Googlebot-Mobile/2.1; +http://www.google.com/bot.html)"
141.8.147.12 - - [10/Mar/2014:04:09:42 +0100] "GET /diesel.php HTTP/1.1" 200 8192 "-" "Mozilla/5.0 (compatible; YandexBot/3.0; +http://yandex.com/bots)"
141.8.147.12 - - [10/Mar/2014:04:09:44 +0100] "GET /images/freecall.jpg HTTP/1.1" 200 39195 "-" "Mozilla/5.0 (compatible; YandexBot/3.0; +http://yandex.com/bots)"
5.10.83.27 - - [10/Mar/2014:04:26:25 +0100] "GET /lexikon.php?cs_go=2&cs_char=n HTTP/1.1" 200 6142 "-" "Mozilla/5.0 (compatible; AhrefsBot/5.0; +http://ahrefs.com/robot/)"
208.115.111.75 - - [10/Mar/2014:04:33:42 +0100] "GET /news.php?cs_go=archiv&cs_startpos=50 HTTP/1.1" 200 20365 "-" "Mozilla/5.0 (compatible; Ezooms/1.0; help@moz.com)"
66.249.73.234 - - [10/Mar/2014:04:43:23 +0100] "GET /news.php?cs_go=archiv&cs_id=4104 HTTP/1.1" 200 11207 "-" "Mozilla/5.0 (compatible; Googlebot/2.1; +http://www.google.com/bot.html)"
5.10.83.66 - - [10/Mar/2014:04:59:58 +0100] "GET /impressum.php HTTP/1.1" 200 6306 "-" "Mozilla/5.0 (compatible; AhrefsBot/5.0; +http://ahrefs.com/robot/)"
208.115.113.91 - - [10/Mar/2014:05:00:45 +0100] "GET /robots.txt HTTP/1.1" 200 177 "-" "Mozilla/5.0 (compatible; Ezooms/1.0; help@moz.com)"
178.77.126.55 - - [10/Mar/2014:05:15:18 +0100] "GET /robots.txt HTTP/1.1" 200 177 "-" "Mozilla/5.0 (compatible; CareerBot/1.1; +http://www.career-x.de/bot.html)"
178.77.126.55 - - [10/Mar/2014:05:15:18 +0100] "GET / HTTP/1.1" 200 14001 "-" "Mozilla/5.0 (compatible; CareerBot/1.1; +http://www.career-x.de/bot.html)"
5.10.83.47 - - [10/Mar/2014:05:19:54 +0100] "GET /news.php?cs_go=archiv&cs_startpos=170 HTTP/1.1" 200 19992 "-" "Mozilla/5.0 (compatible; AhrefsBot/5.0; +http://ahrefs.com/robot/)"
66.249.65.137 - - [10/Mar/2014:05:37:56 +0100] "GET /lexikon.php?cs_go=3&cs_id=203 HTTP/1.1" 200 6374 "-" "Mozilla/5.0 (compatible; Googlebot/2.1; +http://www.google.com/bot.html)"
