157.55.35.50 - - [16/Mar/2014:08:51:59 +0100] "GET /news.php?cs_go=archiv&cs_startpos=40 HTTP/1.1" 200 20372 "-" "Mozilla/5.0 (compatible; bingbot/2.0; +http://www.bing.com/bingbot.htm)"
157.55.35.50 - - [16/Mar/2014:08:51:59 +0100] "GET /news.php?cs_go=archiv&cs_startpos=50 HTTP/1.1" 200 20568 "-" "Mozilla/5.0 (compatible; bingbot/2.0; +http://www.bing.com/bingbot.htm)"
157.55.35.50 - - [16/Mar/2014:08:52:00 +0100] "GET /newsletter.php HTTP/1.1" 200 6492 "-" "Mozilla/5.0 (compatible; bingbot/2.0; +http://www.bing.com/bingbot.htm)"
157.55.35.50 - - [16/Mar/2014:08:52:00 +0100] "GET /schwefelarmstandard.php HTTP/1.1" 200 10730 "-" "Mozilla/5.0 (compatible; bingbot/2.0; +http://www.bing.com/bingbot.htm)"
5.10.83.36 - - [16/Mar/2014:08:52:16 +0100] "GET /kwk.php?cs_go=1 HTTP/1.1" 200 8447 "-" "Mozilla/5.0 (compatible; AhrefsBot/5.0; +http://ahrefs.com/robot/)"
157.55.32.89 - - [16/Mar/2014:08:52:57 +0100] "GET /images/RAL_Guetezeichen_Energiehandel.pdf HTTP/1.1" 200 288367 "-" "Mozilla/5.0 (compatible; bingbot/2.0; +http://www.bing.com/bingbot.htm)"
157.55.32.89 - - [16/Mar/2014:08:52:58 +0100] "GET /news.php?cs_go=archiv&cs_id=4671&cs_search= HTTP/1.1" 200 12539 "-" "Mozilla/5.0 (compatible; bingbot/2.0; +http://www.bing.com/bingbot.htm)"
157.55.32.89 - - [16/Mar/2014:08:52:59 +0100] "GET /news.php?cs_go=archiv&cs_startpos=20 HTTP/1.1" 200 19998 "-" "Mozilla/5.0 (compatible; bingbot/2.0; +http://www.bing.com/bingbot.htm)"
157.55.32.89 - - [16/Mar/2014:08:52:59 +0100] "GET /news.php?cs_go=archiv&cs_startpos=30 HTTP/1.1" 200 20345 "-" "Mozilla/5.0 (compatible; bingbot/2.0; +http://www.bing.com/bingbot.htm)"
157.55.32.89 - - [16/Mar/2014:08:53:00 +0100] "GET /rueckrufservice.php HTTP/1.1" 200 8300 "-" "Mozilla/5.0 (compatible; bingbot/2.0; +http://www.bing.com/bingbot.htm)"
208.115.113.91 - - [16/Mar/2014:08:53:57 +0100] "GET /robots.txt HTTP/1.1" 200 177 "-" "Mozilla/5.0 (compatible; Ezooms/1.0; help@moz.com)"
66.249.65.169 - - [16/Mar/2014:08:55:43 +0100] "GET /news.php?cs_go=archiv&cs_id=3361&cs_search= HTTP/1.1" 200 11062 "-" "Mozilla/5.0 (iPhone; CPU iPhone OS 6_0 like Mac OS X) AppleWebKit/536.26 (KHTML, like Gecko) Version/6.0 Mobile/10A5376e Safari/8536.25 (compatible; Googlebot/2.1; +http://www.google.com/bot.html)"
157.55.33.25 - - [16/Mar/2014:09:02:52 +0100] "GET /additive.php HTTP/1.1" 200 5937 "-" "Mozilla/5.0 (compatible; bingbot/2.0; +http://www.bing.com/bingbot.htm)"
157.55.33.25 - - [16/Mar/2014:09:02:53 +0100] "GET /agb.php HTTP/1.1" 200 17543 "-" "Mozilla/5.0 (compatible; bingbot/2.0; +http://www.bing.com/bingbot.htm)"
157.55.33.25 - - [16/Mar/2014:09:02:53 +0100] "GET /edl.php HTTP/1.1" 200 8596 "-" "Mozilla/5.0 (compatible; bingbot/2.0; +http://www.bing.com/bingbot.htm)"
157.55.33.25 - - [16/Mar/2014:09:02:54 +0100] "GET /index.php HTTP/1.1" 200 13925 "-" "Mozilla/5.0 (compatible; bingbot/2.0; +http://www.bing.com/bingbot.htm)"
157.55.33.25 - - [16/Mar/2014:09:02:54 +0100] "GET /kwk.php HTTP/1.1" 200 8447 "-" "Mozilla/5.0 (compatible; bingbot/2.0; +http://www.bing.com/bingbot.htm)"
66.249.65.169 - - [16/Mar/2014:09:08:09 +0100] "GET /news.php?cs_go=archiv&cs_startpos=90 HTTP/1.1" 200 20568 "-" "Mozilla/5.0 (iPhone; CPU iPhone OS 6_0 like Mac OS X) AppleWebKit/536.26 (KHTML, like Gecko) Version/6.0 Mobile/10A5376e Safari/8536.25 (compatible; Googlebot/2.1; +http://www.google.com/bot.html)"
66.249.73.3 - - [16/Mar/2014:09:26:10 +0100] "GET /news.php?cs_go=archiv&cs_id=4176&cs_search= HTTP/1.1" 200 11578 "-" "Mozilla/5.0 (iPhone; CPU iPhone OS 6_0 like Mac OS X) AppleWebKit/536.26 (KHTML, like Gecko) Version/6.0 Mobile/10A5376e Safari/8536.25 (compatible; Googlebot/2.1; +http://www.google.com/bot.html)"
141.8.147.12 - - [16/Mar/2014:09:31:22 +0100] "GET /news.php?cs_go=archiv&cs_id=4873&cs_search= HTTP/1.1" 200 7415 "-" "Mozilla/5.0 (compatible; YandexBot/3.0; +http://yandex.com/bots)"
66.249.65.137 - - [16/Mar/2014:09:31:30 +0100] "GET /robots.txt HTTP/1.1" 200 177 "-" "Mozilla/5.0 (compatible; Googlebot/2.1; +http://www.google.com/bot.html)"
66.249.65.201 - - [16/Mar/2014:09:31:30 +0100] "GET /news.php?cs_go=archiv&cs_id=4048 HTTP/1.1" 200 7677 "-" "Mozilla/5.0 (iPhone; CPU iPhone OS 6_0 like Mac OS X) AppleWebKit/536.26 (KHTML, like Gecko) Version/6.0 Mobile/10A5376e Safari/8536.25 (compatible; Googlebot/2.1; +http://www.google.com/bot.html)"
5.10.83.53 - - [16/Mar/2014:09:32:57 +0100] "GET /lexikon.php?cs_go=2&cs_char=l HTTP/1.1" 200 6337 "-" "Mozilla/5.0 (compatible; AhrefsBot/5.0; +http://ahrefs.com/robot/)"
157.55.33.25 - - [16/Mar/2014:09:36:09 +0100] "GET /modernisierung.php HTTP/1.1" 200 9252 "-" "Mozilla/5.0 (compatible; bingbot/2.0; +http://www.bing.com/bingbot.htm)"
66.249.73.16 - - [16/Mar/2014:09:46:38 +0100] "GET /news.php?cs_go=archiv&cs_id=4437&cs_search= HTTP/1.1" 200 11728 "-" "Mozilla/5.0 (iPhone; CPU iPhone OS 6_0 like Mac OS X) AppleWebKit/536.26 (KHTML, like Gecko) Version/6.0 Mobile/10A5376e Safari/8536.25 (compatible; Googlebot/2.1; +http://www.google.com/bot.html)"
5.10.83.11 - - [16/Mar/2014:09:49:45 +0100] "GET /lexikon.php?cs_go=3&cs_id=112 HTTP/1.1" 200 6715 "-" "Mozilla/5.0 (compatible; AhrefsBot/5.0; +http://ahrefs.com/robot/)"
141.8.147.12 - - [16/Mar/2014:10:07:16 +0100] "GET / HTTP/1.1" 200 13925 "-" "Mozilla/5.0 (compatible; YandexBot/3.0; +http://yandex.com/bots)"
157.55.35.112 - - [16/Mar/2014:10:12:43 +0100] "GET / HTTP/1.1" 200 13925 "-" "Mozilla/5.0 (compatible; bingbot/2.0; +http://www.bing.com/bingbot.htm)"
157.55.35.112 - - [16/Mar/2014:10:12:44 +0100] "GET /energiesparcheck.php HTTP/1.1" 200 11144 "-" "Mozilla/5.0 (compatible; bingbot/2.0; +http://www.bing.com/bingbot.htm)"
157.55.35.112 - - [16/Mar/2014:10:12:45 +0100] "GET /news.php?cs_go=archiv&cs_startpos=10 HTTP/1.1" 200 19925 "-" "Mozilla/5.0 (compatible; bingbot/2.0; +http://www.bing.com/bingbot.htm)"
176.57.143.60 - - [16/Mar/2014:10:45:58 +0100] "GET /news.php?cs_go=archiv&cs_id=2941 HTTP/1.1" 200 11858 "-" "Mozilla/5.0 (X11; Linux i686; rv:6.0) Gecko/20100101 Firefox/6.0"
208.115.113.91 - - [16/Mar/2014:10:51:34 +0100] "GET /news.php?cs_go=archiv&cs_id=4697&cs_search= HTTP/1.1" 200 7447 "-" "Mozilla/5.0 (compatible; Ezooms/1.0; help@moz.com)"
141.8.147.12 - - [16/Mar/2014:11:00:31 +0100] "GET /news.php?cs_go=archiv&cs_startpos=10 HTTP/1.1" 200 19925 "-" "Mozilla/5.0 (compatible; YandexBot/3.0; +http://yandex.com/bots)"
5.10.83.36 - - [16/Mar/2014:11:07:13 +0100] "GET /news.php?cs_go=archiv&cs_startpos=20 HTTP/1.1" 200 19998 "-" "Mozilla/5.0 (compatible; AhrefsBot/5.0; +http://ahrefs.com/robot/)"
5.10.83.66 - - [16/Mar/2014:11:35:15 +0100] "GET /news.php?cs_go=archiv&cs_id=5001 HTTP/1.1" 200 7307 "-" "Mozilla/5.0 (compatible; AhrefsBot/5.0; +http://ahrefs.com/robot/)"
157.55.35.112 - - [16/Mar/2014:11:38:44 +0100] "GET / HTTP/1.1" 200 13925 "-" "Mozilla/5.0 (compatible; bingbot/2.0; +http://www.bing.com/bingbot.htm)"
157.55.35.112 - - [16/Mar/2014:11:38:48 +0100] "GET /faq.php HTTP/1.1" 200 216832 "-" "Mozilla/5.0 (compatible; bingbot/2.0; +http://www.bing.com/bingbot.htm)"
141.8.147.12 - - [16/Mar/2014:11:49:10 +0100] "GET /news.php?cs_go=archiv&cs_id=4915 HTTP/1.1" 200 11139 "-" "Mozilla/5.0 (compatible; YandexBot/3.0; +http://yandex.com/bots)"
141.8.147.12 - - [16/Mar/2014:12:09:24 +0100] "GET /news.php?cs_go=archiv&cs_id=4915&cs_search= HTTP/1.1" 200 11139 "-" "Mozilla/5.0 (compatible; YandexBot/3.0; +http://yandex.com/bots)"
141.8.147.12 - - [16/Mar/2014:12:18:51 +0100] "GET /news.php?cs_go=archiv&cs_id=4892 HTTP/1.1" 200 7226 "-" "Mozilla/5.0 (compatible; YandexBot/3.0; +http://yandex.com/bots)"
65.36.241.79 - - [16/Mar/2014:12:18:58 +0100] "HEAD / HTTP/1.1" 200 - "-" "InternetSeer.com"
5.10.83.97 - - [16/Mar/2014:12:58:50 +0100] "GET /news.php?cs_go=archiv&cs_id=4948&cs_search= HTTP/1.1" 200 11214 "-" "Mozilla/5.0 (compatible; AhrefsBot/5.0; +http://ahrefs.com/robot/)"
144.76.95.232 - - [16/Mar/2014:13:00:12 +0100] "GET /robots.txt HTTP/1.0" 200 177 "-" "Mozilla/5.0 (compatible; MJ12bot/v1.4.4; http://www.majestic12.co.uk/bot.php?+)"
144.76.95.232 - - [16/Mar/2014:13:00:14 +0100] "GET /news.php?cs_go=archiv&cs_id=3948&cs_search= HTTP/1.0" 200 8538 "-" "Mozilla/5.0 (compatible; MJ12bot/v1.4.4; http://www.majestic12.co.uk/bot.php?+)"
144.76.95.232 - - [16/Mar/2014:13:00:17 +0100] "GET /news.php?cs_go=archiv&cs_id=4192 HTTP/1.0" 200 7661 "-" "Mozilla/5.0 (compatible; MJ12bot/v1.4.4; http://www.majestic12.co.uk/bot.php?+)"
144.76.95.232 - - [16/Mar/2014:13:00:19 +0100] "GET /news.php?cs_go=archiv&cs_id=4194 HTTP/1.0" 200 11784 "-" "Mozilla/5.0 (compatible; MJ12bot/v1.4.4; http://www.majestic12.co.uk/bot.php?+)"
5.9.95.7 - - [16/Mar/2014:13:15:53 +0100] "GET / HTTP/1.1" 200 13925 "-" "Mechanize/2.7.2 Ruby/2.0.0p247 (http://github.com/sparklemotion/mechanize/)"
5.9.95.7 - - [16/Mar/2014:13:15:54 +0100] "GET /impressum.php HTTP/1.1" 200 6306 "-" "Mechanize/2.7.2 Ruby/2.0.0p247 (http://github.com/sparklemotion/mechanize/)"
157.56.93.61 - - [16/Mar/2014:13:52:30 +0100] "GET /news.php?cs_go=archiv&cs_id=2790 HTTP/1.1" 200 11528 "-" "Mozilla/5.0 (compatible; bingbot/2.0; +http://www.bing.com/bingbot.htm)"
5.10.83.11 - - [16/Mar/2014:14:02:14 +0100] "GET /lexikon.php?cs_go=3&cs_id=168 HTTP/1.1" 200 6702 "-" "Mozilla/5.0 (compatible; AhrefsBot/5.0; +http://ahrefs.com/robot/)"
5.10.83.66 - - [16/Mar/2014:14:06:02 +0100] "GET /energiesparcheck.php HTTP/1.1" 200 11144 "-" "Mozilla/5.0 (compatible; AhrefsBot/5.0; +http://ahrefs.com/robot/)"
217.69.133.222 - - [16/Mar/2014:14:20:40 +0100] "GET /robots.txt HTTP/1.1" 200 177 "-" "Mozilla/5.0 (compatible; Linux x86_64; Mail.RU_Bot/2.0; +http://go.mail.ru/help/robots)"
217.69.133.226 - - [16/Mar/2014:14:20:41 +0100] "GET / HTTP/1.1" 200 13925 "-" "Mozilla/5.0 (compatible; Linux x86_64; Mail.RU_Bot/2.0; +http://go.mail.ru/help/robots)"
82.94.179.38 - - [16/Mar/2014:14:38:55 +0100] "GET /robots.txt HTTP/1.0" 200 177 "-" "Mozilla/4.0 (compatible; Freshbot/1.0/EU; http://webagent.wise-guys.nl/)"
82.94.179.38 - - [16/Mar/2014:14:38:55 +0100] "GET / HTTP/1.1" 200 13922 "-" "Mozilla/5.0 (X11; Linux i686; rv:6.0) Gecko/20100101 Firefox/6.0 (Freshbot/1.0/EU; http://webagent.wise-guys.nl/)"
220.181.108.83 - - [16/Mar/2014:14:51:51 +0100] "GET / HTTP/1.1" 200 9424 "-" "Mozilla/5.0 (compatible; Baiduspider/2.0; +http://www.baidu.com/search/spider.html)"
141.8.147.12 - - [16/Mar/2014:14:53:58 +0100] "GET /news.php?cs_go=archiv&cs_id=4923&cs_search= HTTP/1.1" 200 7545 "-" "Mozilla/5.0 (compatible; YandexBot/3.0; +http://yandex.com/bots)"
123.125.71.56 - - [16/Mar/2014:14:56:27 +0100] "GET / HTTP/1.1" 200 1247 "-" "Mozilla/5.0 (compatible; Baiduspider/2.0; +http://www.baidu.com/search/spider.html)"
5.10.83.36 - - [16/Mar/2014:15:22:16 +0100] "GET /lexikon.php?cs_go=3&cs_id=53 HTTP/1.1" 200 5743 "-" "Mozilla/5.0 (compatible; AhrefsBot/5.0; +http://ahrefs.com/robot/)"
87.189.126.6 - - [16/Mar/2014:15:28:35 +0100] "GET /jobs.php HTTP/1.1" 200 4965 "-" "Mozilla/5.0 (Windows NT 6.1; Win64; x64; rv:22.0) Gecko/20130328 Firefox/22.0"
66.249.65.137 - - [16/Mar/2014:15:30:31 +0100] "GET /rueckrufservice.php HTTP/1.1" 200 8300 "-" "SAMSUNG-SGH-E250/1.0 Profile/MIDP-2.0 Configuration/CLDC-1.1 UP.Browser/6.2.3.3.c.1.101 (GUI) MMP/2.0 (compatible; Googlebot-Mobile/2.1; +http://www.google.com/bot.html)"
5.10.83.43 - - [16/Mar/2014:15:33:05 +0100] "GET /news.php?cs_go=archiv&cs_id=4804&cs_search= HTTP/1.1" 200 7405 "-" "Mozilla/5.0 (compatible; AhrefsBot/5.0; +http://ahrefs.com/robot/)"
5.10.83.71 - - [16/Mar/2014:15:50:37 +0100] "GET /news.php?cs_go=archiv&cs_id=5002&cs_search= HTTP/1.1" 200 11301 "-" "Mozilla/5.0 (compatible; AhrefsBot/5.0; +http://ahrefs.com/robot/)"
87.189.126.6 - - [16/Mar/2014:15:58:15 +0100] "GET /jobs.php HTTP/1.1" 200 4965 "-" "Mozilla/5.0 (Windows NT 6.1; Win64; x64; rv:22.0) Gecko/20130328 Firefox/22.0"
66.249.65.169 - - [16/Mar/2014:16:01:25 +0100] "GET /news.php?cs_go=archiv&cs_startpos=10 HTTP/1.1" 200 19925 "-" "Mozilla/5.0 (compatible; Googlebot/2.1; +http://www.google.com/bot.html)"
66.249.73.18 - - [16/Mar/2014:16:06:00 +0100] "GET /news.php?cs_go=archiv&cs_id=4950&cs_search= HTTP/1.1" 200 8036 "-" "Mozilla/5.0 (compatible; Googlebot/2.1; +http://www.google.com/bot.html)"
66.249.73.234 - - [16/Mar/2014:16:10:12 +0100] "GET /news.php?cs_go=archiv&cs_id=3697 HTTP/1.1" 200 9254 "-" "Mozilla/5.0 (iPhone; CPU iPhone OS 6_0 like Mac OS X) AppleWebKit/536.26 (KHTML, like Gecko) Version/6.0 Mobile/10A5376e Safari/8536.25 (compatible; Googlebot/2.1; +http://www.google.com/bot.html)"
66.249.73.233 - - [16/Mar/2014:16:34:01 +0100] "GET /news.php?cs_go=archiv&cs_id=4778&cs_search= HTTP/1.1" 200 7637 "-" "Mozilla/5.0 (compatible; Googlebot/2.1; +http://www.google.com/bot.html)"
123.125.71.56 - - [16/Mar/2014:16:52:05 +0100] "GET /robots.txt HTTP/1.1" 200 177 "-" "Mozilla/5.0 (compatible; Baiduspider/2.0; +http://www.baidu.com/search/spider.html)"
5.10.83.71 - - [16/Mar/2014:16:54:15 +0100] "GET /news.php?cs_go=archiv&cs_id=5000&cs_search= HTTP/1.1" 200 7459 "-" "Mozilla/5.0 (compatible; AhrefsBot/5.0; +http://ahrefs.com/robot/)"
5.10.83.71 - - [16/Mar/2014:17:02:49 +0100] "GET /news.php?cs_go=archiv&cs_startpos=191 HTTP/1.1" 200 6150 "-" "Mozilla/5.0 (compatible; AhrefsBot/5.0; +http://ahrefs.com/robot/)"
101.226.167.208 - - [16/Mar/2014:17:35:55 +0100] "GET /robots.txt HTTP/1.1" 200 177 "http://www.mink-gmbh.de/robots.txt" "Mozilla/5.0 (Windows NT 6.1) AppleWebKit/537.1 (KHTML, like Gecko) Chrome/21.0.1180.89 Safari/537.1; 360Spider"
66.249.73.1 - - [16/Mar/2014:17:36:00 +0100] "GET /news.php?cs_go=archiv&cs_id=4786 HTTP/1.1" 200 11135 "-" "Mozilla/5.0 (iPhone; CPU iPhone OS 6_0 like Mac OS X) AppleWebKit/536.26 (KHTML, like Gecko) Version/6.0 Mobile/10A5376e Safari/8536.25 (compatible; Googlebot/2.1; +http://www.google.com/bot.html)"
157.55.35.75 - - [16/Mar/2014:17:55:09 +0100] "GET /robots.txt HTTP/1.1" 200 177 "-" "Mozilla/5.0 (compatible; bingbot/2.0; +http://www.bing.com/bingbot.htm)"
157.55.35.75 - - [16/Mar/2014:17:55:17 +0100] "GET /kontakt.php HTTP/1.1" 200 6966 "-" "Mozilla/5.0 (compatible; bingbot/2.0; +http://www.bing.com/bingbot.htm)"
66.249.73.233 - - [16/Mar/2014:18:06:17 +0100] "GET /news.php?cs_go=archiv&cs_id=4579 HTTP/1.1" 200 8969 "-" "Mozilla/5.0 (iPhone; CPU iPhone OS 6_0 like Mac OS X) AppleWebKit/536.26 (KHTML, like Gecko) Version/6.0 Mobile/10A5376e Safari/8536.25 (compatible; Googlebot/2.1; +http://www.google.com/bot.html)"
178.255.215.64 - - [16/Mar/2014:18:12:27 +0100] "GET /robots.txt HTTP/1.1" 200 177 "-" "Mozilla/5.0 (compatible; Exabot/3.0; +http://www.exabot.com/go/robot)"
178.255.215.64 - - [16/Mar/2014:18:12:27 +0100] "GET /kwk.php HTTP/1.1" 200 8447 "-" "Mozilla/5.0 (compatible; Exabot/3.0; +http://www.exabot.com/go/robot)"
66.249.73.17 - - [16/Mar/2014:18:16:22 +0100] "GET /news.php?cs_go=archiv&cs_id=4348&cs_search= HTTP/1.1" 200 11085 "-" "Mozilla/5.0 (iPhone; CPU iPhone OS 6_0 like Mac OS X) AppleWebKit/536.26 (KHTML, like Gecko) Version/6.0 Mobile/10A5376e Safari/8536.25 (compatible; Googlebot/2.1; +http://www.google.com/bot.html)"
93.220.27.112 - - [16/Mar/2014:18:25:25 +0100] "GET /style.css HTTP/1.1" 200 8402 "http://www.mink-gmbh.de/" "Mozilla/5.0 (Macintosh; Intel Mac OS X 10_9_2) AppleWebKit/537.74.9 (KHTML, like Gecko) Version/7.0.2 Safari/537.74.9"
93.220.27.112 - - [16/Mar/2014:18:25:25 +0100] "GET /modul.css HTTP/1.1" 200 35038 "http://www.mink-gmbh.de/" "Mozilla/5.0 (Macintosh; Intel Mac OS X 10_9_2) AppleWebKit/537.74.9 (KHTML, like Gecko) Version/7.0.2 Safari/537.74.9"
93.220.27.112 - - [16/Mar/2014:18:25:26 +0100] "GET /js_contentserver24_greybox/AJS.js HTTP/1.1" 200 10396 "http://www.mink-gmbh.de/" "Mozilla/5.0 (Macintosh; Intel Mac OS X 10_9_2) AppleWebKit/537.74.9 (KHTML, like Gecko) Version/7.0.2 Safari/537.74.9"
93.220.27.112 - - [16/Mar/2014:18:25:26 +0100] "GET /js_contentserver24_greybox/gb_styles.css HTTP/1.1" 200 2302 "http://www.mink-gmbh.de/" "Mozilla/5.0 (Macintosh; Intel Mac OS X 10_9_2) AppleWebKit/537.74.9 (KHTML, like Gecko) Version/7.0.2 Safari/537.74.9"
93.220.27.112 - - [16/Mar/2014:18:25:26 +0100] "GET /js_contentserver24_greybox/gb_scripts.js HTTP/1.1" 200 11913 "http://www.mink-gmbh.de/" "Mozilla/5.0 (Macintosh; Intel Mac OS X 10_9_2) AppleWebKit/537.74.9 (KHTML, like Gecko) Version/7.0.2 Safari/537.74.9"
93.220.27.112 - - [16/Mar/2014:18:25:26 +0100] "GET /js_contentserver24_greybox/AJS_fx.js HTTP/1.1" 200 3192 "http://www.mink-gmbh.de/" "Mozilla/5.0 (Macintosh; Intel Mac OS X 10_9_2) AppleWebKit/537.74.9 (KHTML, like Gecko) Version/7.0.2 Safari/537.74.9"
93.220.27.112 - - [16/Mar/2014:18:25:26 +0100] "GET /images/bg.png HTTP/1.1" 200 922 "http://www.mink-gmbh.de/" "Mozilla/5.0 (Macintosh; Intel Mac OS X 10_9_2) AppleWebKit/537.74.9 (KHTML, like Gecko) Version/7.0.2 Safari/537.74.9"
93.220.27.112 - - [16/Mar/2014:18:25:26 +0100] "GET /js_contentserver24_greybox/w_close.gif HTTP/1.1" 200 74 "http://www.mink-gmbh.de/" "Mozilla/5.0 (Macintosh; Intel Mac OS X 10_9_2) AppleWebKit/537.74.9 (KHTML, like Gecko) Version/7.0.2 Safari/537.74.9"
93.220.27.112 - - [16/Mar/2014:18:25:26 +0100] "GET /images/close.png HTTP/1.1" 200 703 "http://www.mink-gmbh.de/" "Mozilla/5.0 (Macintosh; Intel Mac OS X 10_9_2) AppleWebKit/537.74.9 (KHTML, like Gecko) Version/7.0.2 Safari/537.74.9"
93.220.27.112 - - [16/Mar/2014:18:25:26 +0100] "GET /images/newsletter_bg.jpg HTTP/1.1" 200 33610 "http://www.mink-gmbh.de/" "Mozilla/5.0 (Macintosh; Intel Mac OS X 10_9_2) AppleWebKit/537.74.9 (KHTML, like Gecko) Version/7.0.2 Safari/537.74.9"
93.220.27.112 - - [16/Mar/2014:18:25:26 +0100] "GET /images/newsletter.png HTTP/1.1" 200 14619 "http://www.mink-gmbh.de/" "Mozilla/5.0 (Macintosh; Intel Mac OS X 10_9_2) AppleWebKit/537.74.9 (KHTML, like Gecko) Version/7.0.2 Safari/537.74.9"
93.220.27.112 - - [16/Mar/2014:18:25:26 +0100] "GET /images/wrapperbg.jpg HTTP/1.1" 200 27465 "http://www.mink-gmbh.de/" "Mozilla/5.0 (Macintosh; Intel Mac OS X 10_9_2) AppleWebKit/537.74.9 (KHTML, like Gecko) Version/7.0.2 Safari/537.74.9"
93.220.27.112 - - [16/Mar/2014:18:25:26 +0100] "GET /images/header.jpg HTTP/1.1" 200 25189 "http://www.mink-gmbh.de/" "Mozilla/5.0 (Macintosh; Intel Mac OS X 10_9_2) AppleWebKit/537.74.9 (KHTML, like Gecko) Version/7.0.2 Safari/537.74.9"
93.220.27.112 - - [16/Mar/2014:18:25:26 +0100] "GET /images/navibg.png HTTP/1.1" 200 2803 "http://www.mink-gmbh.de/" "Mozilla/5.0 (Macintosh; Intel Mac OS X 10_9_2) AppleWebKit/537.74.9 (KHTML, like Gecko) Version/7.0.2 Safari/537.74.9"
93.220.27.112 - - [16/Mar/2014:18:25:25 +0100] "GET / HTTP/1.1" 200 13922 "http://www.google.de/url?sa=t&rct=j&q=&esrc=s&source=web&cd=1&ved=0CC0QFjAA&url=http%3A%2F%2Fwww.mink-gmbh.de%2F&ei=It4lU6SRN4fLsgat94HIDg&usg=AFQjCNFHX4Iglls9oo-KYXTmDUV_5KOVIg&bvm=bv.62922401,d.Yms" "Mozilla/5.0 (Macintosh; Intel Mac OS X 10_9_2) AppleWebKit/537.74.9 (KHTML, like Gecko) Version/7.0.2 Safari/537.74.9"
93.220.27.112 - - [16/Mar/2014:18:25:26 +0100] "GET /images/steigend.png HTTP/1.1" 200 688 "http://www.mink-gmbh.de/" "Mozilla/5.0 (Macintosh; Intel Mac OS X 10_9_2) AppleWebKit/537.74.9 (KHTML, like Gecko) Version/7.0.2 Safari/537.74.9"
93.220.27.112 - - [16/Mar/2014:18:25:26 +0100] "GET /images/tkw.jpg HTTP/1.1" 200 64031 "http://www.mink-gmbh.de/" "Mozilla/5.0 (Macintosh; Intel Mac OS X 10_9_2) AppleWebKit/537.74.9 (KHTML, like Gecko) Version/7.0.2 Safari/537.74.9"
93.220.27.112 - - [16/Mar/2014:18:25:26 +0100] "GET /images/mobil.jpg HTTP/1.1" 200 25293 "http://www.mink-gmbh.de/" "Mozilla/5.0 (Macintosh; Intel Mac OS X 10_9_2) AppleWebKit/537.74.9 (KHTML, like Gecko) Version/7.0.2 Safari/537.74.9"
93.220.27.112 - - [16/Mar/2014:18:25:26 +0100] "GET /images/team-energie.png HTTP/1.1" 200 17383 "http://www.mink-gmbh.de/" "Mozilla/5.0 (Macintosh; Intel Mac OS X 10_9_2) AppleWebKit/537.74.9 (KHTML, like Gecko) Version/7.0.2 Safari/537.74.9"
93.220.27.112 - - [16/Mar/2014:18:25:26 +0100] "GET /images/newsletter.jpg HTTP/1.1" 200 13130 "http://www.mink-gmbh.de/" "Mozilla/5.0 (Macintosh; Intel Mac OS X 10_9_2) AppleWebKit/537.74.9 (KHTML, like Gecko) Version/7.0.2 Safari/537.74.9"
93.220.27.112 - - [16/Mar/2014:18:25:26 +0100] "GET /images/freecall.jpg HTTP/1.1" 200 39195 "http://www.mink-gmbh.de/" "Mozilla/5.0 (Macintosh; Intel Mac OS X 10_9_2) AppleWebKit/537.74.9 (KHTML, like Gecko) Version/7.0.2 Safari/537.74.9"
93.220.27.112 - - [16/Mar/2014:18:25:26 +0100] "GET /images/mail.jpg HTTP/1.1" 200 12099 "http://www.mink-gmbh.de/" "Mozilla/5.0 (Macintosh; Intel Mac OS X 10_9_2) AppleWebKit/537.74.9 (KHTML, like Gecko) Version/7.0.2 Safari/537.74.9"
93.220.27.112 - - [16/Mar/2014:18:25:26 +0100] "GET /images/kwk.gif HTTP/1.1" 200 6403 "http://www.mink-gmbh.de/" "Mozilla/5.0 (Macintosh; Intel Mac OS X 10_9_2) AppleWebKit/537.74.9 (KHTML, like Gecko) Version/7.0.2 Safari/537.74.9"
93.220.27.112 - - [16/Mar/2014:18:25:26 +0100] "GET /images/wunschpreis.jpg HTTP/1.1" 200 16767 "http://www.mink-gmbh.de/" "Mozilla/5.0 (Macintosh; Intel Mac OS X 10_9_2) AppleWebKit/537.74.9 (KHTML, like Gecko) Version/7.0.2 Safari/537.74.9"
93.220.27.112 - - [16/Mar/2014:18:25:26 +0100] "GET /images/logos.jpg?cache7039 HTTP/1.1" 200 35043 "http://www.mink-gmbh.de/" "Mozilla/5.0 (Macintosh; Intel Mac OS X 10_9_2) AppleWebKit/537.74.9 (KHTML, like Gecko) Version/7.0.2 Safari/537.74.9"
93.220.27.112 - - [16/Mar/2014:18:25:26 +0100] "GET /images/footerbg.jpg HTTP/1.1" 200 2184 "http://www.mink-gmbh.de/" "Mozilla/5.0 (Macintosh; Intel Mac OS X 10_9_2) AppleWebKit/537.74.9 (KHTML, like Gecko) Version/7.0.2 Safari/537.74.9"
93.220.27.112 - - [16/Mar/2014:18:25:26 +0100] "GET /js_contentserver24_greybox/header_bg.gif HTTP/1.1" 200 1188 "http://www.mink-gmbh.de/" "Mozilla/5.0 (Macintosh; Intel Mac OS X 10_9_2) AppleWebKit/537.74.9 (KHTML, like Gecko) Version/7.0.2 Safari/537.74.9"
93.220.27.112 - - [16/Mar/2014:18:25:26 +0100] "GET /js_contentserver24_greybox/loader_frame.html?s=0 HTTP/1.1" 200 2084 "http://www.mink-gmbh.de/" "Mozilla/5.0 (Macintosh; Intel Mac OS X 10_9_2) AppleWebKit/537.74.9 (KHTML, like Gecko) Version/7.0.2 Safari/537.74.9"
93.220.27.112 - - [16/Mar/2014:18:25:26 +0100] "GET /js_contentserver24_greybox/indicator.gif HTTP/1.1" 200 8238 "http://www.mink-gmbh.de/js_contentserver24_greybox/loader_frame.html?s=0" "Mozilla/5.0 (Macintosh; Intel Mac OS X 10_9_2) AppleWebKit/537.74.9 (KHTML, like Gecko) Version/7.0.2 Safari/537.74.9"
93.220.27.112 - - [16/Mar/2014:18:25:27 +0100] "GET /js_contentserver24_greybox/g_close.gif HTTP/1.1" 200 541 "http://www.mink-gmbh.de/" "Mozilla/5.0 (Macintosh; Intel Mac OS X 10_9_2) AppleWebKit/537.74.9 (KHTML, like Gecko) Version/7.0.2 Safari/537.74.9"
93.220.27.112 - - [16/Mar/2014:18:25:27 +0100] "GET /favicon.ico HTTP/1.1" 200 3638 "http://www.mink-gmbh.de/" "Mozilla/5.0 (Macintosh; Intel Mac OS X 10_9_2) AppleWebKit/537.74.9 (KHTML, like Gecko) Version/7.0.2 Safari/537.74.9"
88.198.222.86 - - [16/Mar/2014:18:25:54 +0100] "GET / HTTP/1.0" 200 6591 "-" "-"
93.220.27.112 - - [16/Mar/2014:18:26:04 +0100] "GET / HTTP/1.1" 200 13182 "http://www.google.de/url?sa=t&rct=j&q=&esrc=s&source=web&cd=1&ved=0CC0QFjAA&url=http%3A%2F%2Fwww.mink-gmbh.de%2F&ei=It4lU6SRN4fLsgat94HIDg&usg=AFQjCNFHX4Iglls9oo-KYXTmDUV_5KOVIg&bvm=bv.62922401,d.Yms" "Mozilla/5.0 (Macintosh; Intel Mac OS X 10_9_2) AppleWebKit/537.74.9 (KHTML, like Gecko) Version/7.0.2 Safari/537.74.9"
93.220.27.112 - - [16/Mar/2014:18:26:05 +0100] "GET /images/logos.jpg?cache9606 HTTP/1.1" 200 35043 "http://www.mink-gmbh.de/" "Mozilla/5.0 (Macintosh; Intel Mac OS X 10_9_2) AppleWebKit/537.74.9 (KHTML, like Gecko) Version/7.0.2 Safari/537.74.9"
88.198.222.86 - - [16/Mar/2014:18:26:09 +0100] "GET / HTTP/1.0" 200 3575 "-" "-"
66.249.73.21 - - [16/Mar/2014:18:36:34 +0100] "GET /news.php?cs_go=archiv&cs_id=4643&cs_search= HTTP/1.1" 200 7686 "-" "Mozilla/5.0 (iPhone; CPU iPhone OS 6_0 like Mac OS X) AppleWebKit/536.26 (KHTML, like Gecko) Version/6.0 Mobile/10A5376e Safari/8536.25 (compatible; Googlebot/2.1; +http://www.google.com/bot.html)"
65.36.241.79 - - [16/Mar/2014:18:46:12 +0100] "HEAD / HTTP/1.1" 200 - "-" "InternetSeer.com"
66.249.73.9 - - [16/Mar/2014:18:46:40 +0100] "GET /news.php?cs_go=archiv&cs_startpos=170 HTTP/1.1" 200 19957 "-" "Mozilla/5.0 (iPhone; CPU iPhone OS 6_0 like Mac OS X) AppleWebKit/536.26 (KHTML, like Gecko) Version/6.0 Mobile/10A5376e Safari/8536.25 (compatible; Googlebot/2.1; +http://www.google.com/bot.html)"
193.111.141.116 - - [16/Mar/2014:18:47:13 +0100] "GET /news.php?cs_go=archiv&cs_id=4156&cs_search= HTTP/1.1" 200 10588 "-" "Mozilla/5.0 (X11; Linux i686; rv:6.0) Gecko/20100101 Firefox/6.0"
220.181.108.80 - - [16/Mar/2014:18:49:13 +0100] "GET / HTTP/1.1" 200 10408 "-" "Mozilla/5.0 (compatible; Baiduspider/2.0; +http://www.baidu.com/search/spider.html)"
123.125.71.40 - - [16/Mar/2014:18:52:01 +0100] "GET / HTTP/1.1" 200 9424 "-" "Mozilla/5.0 (compatible; Baiduspider/2.0; +http://www.baidu.com/search/spider.html)"
157.55.35.75 - - [16/Mar/2014:18:54:10 +0100] "GET / HTTP/1.1" 200 13922 "-" "Mozilla/5.0 (compatible; bingbot/2.0; +http://www.bing.com/bingbot.htm)"
5.10.83.36 - - [16/Mar/2014:18:56:07 +0100] "GET /lexikon.php HTTP/1.1" 200 8115 "-" "Mozilla/5.0 (compatible; AhrefsBot/5.0; +http://ahrefs.com/robot/)"
66.249.73.22 - - [16/Mar/2014:18:56:45 +0100] "GET /news.php?cs_go=archiv&cs_id=4621&cs_search= HTTP/1.1" 200 9015 "-" "Mozilla/5.0 (iPhone; CPU iPhone OS 6_0 like Mac OS X) AppleWebKit/536.26 (KHTML, like Gecko) Version/6.0 Mobile/10A5376e Safari/8536.25 (compatible; Googlebot/2.1; +http://www.google.com/bot.html)"
5.10.83.11 - - [16/Mar/2014:19:02:15 +0100] "GET /impressum.php HTTP/1.1" 200 6306 "-" "Mozilla/5.0 (compatible; AhrefsBot/5.0; +http://ahrefs.com/robot/)"
66.249.73.11 - - [16/Mar/2014:19:06:51 +0100] "GET /news.php?cs_go=archiv&cs_id=4647 HTTP/1.1" 200 8188 "-" "Mozilla/5.0 (iPhone; CPU iPhone OS 6_0 like Mac OS X) AppleWebKit/536.26 (KHTML, like Gecko) Version/6.0 Mobile/10A5376e Safari/8536.25 (compatible; Googlebot/2.1; +http://www.google.com/bot.html)"
66.249.73.231 - - [16/Mar/2014:19:11:53 +0100] "GET /news.php?cs_go=archiv&cs_id=4650 HTTP/1.1" 200 11730 "-" "Mozilla/5.0 (iPhone; CPU iPhone OS 6_0 like Mac OS X) AppleWebKit/536.26 (KHTML, like Gecko) Version/6.0 Mobile/10A5376e Safari/8536.25 (compatible; Googlebot/2.1; +http://www.google.com/bot.html)"
66.249.73.230 - - [16/Mar/2014:19:14:03 +0100] "GET /news.php?cs_go=archiv&cs_id=4645&cs_search= HTTP/1.1" 200 7509 "-" "Mozilla/5.0 (compatible; Googlebot/2.1; +http://www.google.com/bot.html)"
66.249.65.137 - - [16/Mar/2014:19:21:58 +0100] "GET /additive.php HTTP/1.1" 200 5937 "-" "Mozilla/5.0 (iPhone; CPU iPhone OS 6_0 like Mac OS X) AppleWebKit/536.26 (KHTML, like Gecko) Version/6.0 Mobile/10A5376e Safari/8536.25 (compatible; Googlebot/2.1; +http://www.google.com/bot.html)"
66.249.73.2 - - [16/Mar/2014:19:27:03 +0100] "GET /news.php?cs_go=archiv&cs_id=4649&cs_search= HTTP/1.1" 200 10312 "-" "Mozilla/5.0 (iPhone; CPU iPhone OS 6_0 like Mac OS X) AppleWebKit/536.26 (KHTML, like Gecko) Version/6.0 Mobile/10A5376e Safari/8536.25 (compatible; Googlebot/2.1; +http://www.google.com/bot.html)"
66.249.65.201 - - [16/Mar/2014:19:32:04 +0100] "GET /edl.php HTTP/1.1" 200 8596 "-" "Mozilla/5.0 (iPhone; CPU iPhone OS 6_0 like Mac OS X) AppleWebKit/536.26 (KHTML, like Gecko) Version/6.0 Mobile/10A5376e Safari/8536.25 (compatible; Googlebot/2.1; +http://www.google.com/bot.html)"
66.249.65.137 - - [16/Mar/2014:19:39:21 +0100] "GET /news.php?cs_go=archiv&cs_id=4525 HTTP/1.1" 200 7488 "-" "Mozilla/5.0 (compatible; Googlebot/2.1; +http://www.google.com/bot.html)"
141.8.147.12 - - [16/Mar/2014:19:43:38 +0100] "GET /robots.txt HTTP/1.1" 200 177 "-" "Mozilla/5.0 (compatible; YandexBot/3.0; +http://yandex.com/bots)"
144.76.95.231 - - [16/Mar/2014:19:54:15 +0100] "GET /robots.txt HTTP/1.0" 200 177 "-" "Mozilla/5.0 (compatible; MJ12bot/v1.4.4; http://www.majestic12.co.uk/bot.php?+)"
144.76.95.231 - - [16/Mar/2014:19:54:19 +0100] "GET /news.php?cs_go=archiv&cs_id=4810&cs_search= HTTP/1.0" 200 9006 "-" "Mozilla/5.0 (compatible; MJ12bot/v1.4.4; http://www.majestic12.co.uk/bot.php?+)"
144.76.95.231 - - [16/Mar/2014:19:54:24 +0100] "GET /news.php?cs_go=archiv&cs_id=4819&cs_search= HTTP/1.0" 200 7493 "-" "Mozilla/5.0 (compatible; MJ12bot/v1.4.4; http://www.majestic12.co.uk/bot.php?+)"
144.76.95.231 - - [16/Mar/2014:19:54:28 +0100] "GET /news.php?cs_go=archiv&cs_startpos=121 HTTP/1.0" 200 20432 "-" "Mozilla/5.0 (compatible; MJ12bot/v1.4.4; http://www.majestic12.co.uk/bot.php?+)"
66.249.73.3 - - [16/Mar/2014:19:57:57 +0100] "GET /news.php?cs_go=archiv&cs_id=4041 HTTP/1.1" 200 10711 "-" "SAMSUNG-SGH-E250/1.0 Profile/MIDP-2.0 Configuration/CLDC-1.1 UP.Browser/6.2.3.3.c.1.101 (GUI) MMP/2.0 (compatible; Googlebot-Mobile/2.1; +http://www.google.com/bot.html)"
66.249.73.225 - - [16/Mar/2014:20:10:05 +0100] "GET /news.php?cs_go=archiv&cs_id=4952 HTTP/1.1" 200 11256 "-" "Mozilla/5.0 (iPhone; CPU iPhone OS 6_0 like Mac OS X) AppleWebKit/536.26 (KHTML, like Gecko) Version/6.0 Mobile/10A5376e Safari/8536.25 (compatible; Googlebot/2.1; +http://www.google.com/bot.html)"
66.249.65.201 - - [16/Mar/2014:20:14:02 +0100] "GET /lexikon.php?cs_go=3&cs_id=35 HTTP/1.1" 200 6048 "-" "Mozilla/5.0 (iPhone; CPU iPhone OS 6_0 like Mac OS X) AppleWebKit/536.26 (KHTML, like Gecko) Version/6.0 Mobile/10A5376e Safari/8536.25 (compatible; Googlebot/2.1; +http://www.google.com/bot.html)"
66.249.73.234 - - [16/Mar/2014:20:15:05 +0100] "GET /news.php?cs_go=archiv&cs_id=4660&cs_search= HTTP/1.1" 200 7617 "-" "Mozilla/5.0 (compatible; Googlebot/2.1; +http://www.google.com/bot.html)"
66.249.73.231 - - [16/Mar/2014:20:18:02 +0100] "GET /faq.php HTTP/1.1" 200 216832 "-" "Mozilla/5.0 (iPhone; CPU iPhone OS 6_0 like Mac OS X) AppleWebKit/536.26 (KHTML, like Gecko) Version/6.0 Mobile/10A5376e Safari/8536.25 (compatible; Googlebot/2.1; +http://www.google.com/bot.html)"
66.249.73.227 - - [16/Mar/2014:20:31:28 +0100] "GET /news.php?cs_go=archiv&cs_id=4665&cs_search= HTTP/1.1" 200 8135 "-" "Mozilla/5.0 (compatible; Googlebot/2.1; +http://www.google.com/bot.html)"
66.249.65.137 - - [16/Mar/2014:20:32:35 +0100] "GET /news.php?cs_go=archiv&cs_id=4374 HTTP/1.1" 200 8706 "-" "Mozilla/5.0 (iPhone; CPU iPhone OS 6_0 like Mac OS X) AppleWebKit/536.26 (KHTML, like Gecko) Version/6.0 Mobile/10A5376e Safari/8536.25 (compatible; Googlebot/2.1; +http://www.google.com/bot.html)"
66.249.65.169 - - [16/Mar/2014:20:37:35 +0100] "GET /news.php?cs_go=archiv&cs_id=3711&cs_search= HTTP/1.1" 200 8771 "-" "Mozilla/5.0 (iPhone; CPU iPhone OS 6_0 like Mac OS X) AppleWebKit/536.26 (KHTML, like Gecko) Version/6.0 Mobile/10A5376e Safari/8536.25 (compatible; Googlebot/2.1; +http://www.google.com/bot.html)"
66.249.73.238 - - [16/Mar/2014:20:42:41 +0100] "GET /news.php?cs_go=archiv&cs_id=2941 HTTP/1.1" 200 11858 "-" "Mozilla/5.0 (iPhone; CPU iPhone OS 6_0 like Mac OS X) AppleWebKit/536.26 (KHTML, like Gecko) Version/6.0 Mobile/10A5376e Safari/8536.25 (compatible; Googlebot/2.1; +http://www.google.com/bot.html)"
66.249.73.236 - - [16/Mar/2014:20:47:46 +0100] "GET /news.php?cs_go=archiv&cs_id=4075 HTTP/1.1" 200 10173 "-" "Mozilla/5.0 (iPhone; CPU iPhone OS 6_0 like Mac OS X) AppleWebKit/536.26 (KHTML, like Gecko) Version/6.0 Mobile/10A5376e Safari/8536.25 (compatible; Googlebot/2.1; +http://www.google.com/bot.html)"
66.249.73.13 - - [16/Mar/2014:21:00:03 +0100] "GET /news.php?cs_go=archiv&cs_id=4475 HTTP/1.1" 200 7569 "-" "Mozilla/5.0 (iPhone; CPU iPhone OS 6_0 like Mac OS X) AppleWebKit/536.26 (KHTML, like Gecko) Version/6.0 Mobile/10A5376e Safari/8536.25 (compatible; Googlebot/2.1; +http://www.google.com/bot.html)"
66.249.73.239 - - [16/Mar/2014:21:05:27 +0100] "GET /news.php?cs_go=archiv&cs_id=4144 HTTP/1.1" 200 11124 "-" "Mozilla/5.0 (iPhone; CPU iPhone OS 6_0 like Mac OS X) AppleWebKit/536.26 (KHTML, like Gecko) Version/6.0 Mobile/10A5376e Safari/8536.25 (compatible; Googlebot/2.1; +http://www.google.com/bot.html)"
66.249.73.21 - - [16/Mar/2014:21:10:01 +0100] "GET /news.php?cs_go=archiv&cs_id=4326&cs_search= HTTP/1.1" 200 11448 "-" "Mozilla/5.0 (iPhone; CPU iPhone OS 6_0 like Mac OS X) AppleWebKit/536.26 (KHTML, like Gecko) Version/6.0 Mobile/10A5376e Safari/8536.25 (compatible; Googlebot/2.1; +http://www.google.com/bot.html)"
66.249.65.201 - - [16/Mar/2014:21:16:09 +0100] "GET /news.php?cs_go=archiv&cs_id=4442 HTTP/1.1" 200 11900 "-" "Mozilla/5.0 (iPhone; CPU iPhone OS 6_0 like Mac OS X) AppleWebKit/536.26 (KHTML, like Gecko) Version/6.0 Mobile/10A5376e Safari/8536.25 (compatible; Googlebot/2.1; +http://www.google.com/bot.html)"
66.249.73.228 - - [16/Mar/2014:21:19:23 +0100] "GET /news.php?cs_go=archiv&cs_id=4441 HTTP/1.1" 200 7668 "-" "Mozilla/5.0 (iPhone; CPU iPhone OS 6_0 like Mac OS X) AppleWebKit/536.26 (KHTML, like Gecko) Version/6.0 Mobile/10A5376e Safari/8536.25 (compatible; Googlebot/2.1; +http://www.google.com/bot.html)"
66.249.65.169 - - [16/Mar/2014:21:23:05 +0100] "GET /news.php?cs_go=archiv&cs_id=4480 HTTP/1.1" 200 9872 "-" "Mozilla/5.0 (iPhone; CPU iPhone OS 6_0 like Mac OS X) AppleWebKit/536.26 (KHTML, like Gecko) Version/6.0 Mobile/10A5376e Safari/8536.25 (compatible; Googlebot/2.1; +http://www.google.com/bot.html)"
66.249.65.137 - - [16/Mar/2014:21:25:14 +0100] "GET /news.php?cs_go=archiv&cs_id=4668&cs_search= HTTP/1.1" 200 7860 "-" "Mozilla/5.0 (compatible; Googlebot/2.1; +http://www.google.com/bot.html)"
66.249.73.11 - - [16/Mar/2014:21:27:16 +0100] "GET /news.php?cs_go=archiv&cs_id=4057 HTTP/1.1" 200 10863 "-" "Mozilla/5.0 (iPhone; CPU iPhone OS 6_0 like Mac OS X) AppleWebKit/536.26 (KHTML, like Gecko) Version/6.0 Mobile/10A5376e Safari/8536.25 (compatible; Googlebot/2.1; +http://www.google.com/bot.html)"
66.249.65.169 - - [16/Mar/2014:21:31:30 +0100] "GET /news.php?cs_go=archiv&cs_id=4164&cs_search= HTTP/1.1" 200 7904 "-" "Mozilla/5.0 (iPhone; CPU iPhone OS 6_0 like Mac OS X) AppleWebKit/536.26 (KHTML, like Gecko) Version/6.0 Mobile/10A5376e Safari/8536.25 (compatible; Googlebot/2.1; +http://www.google.com/bot.html)"
46.165.197.141 - - [16/Mar/2014:21:32:34 +0100] "GET /robots.txt HTTP/1.0" 200 177 "-" "Mozilla/5.0 (compatible; MJ12bot/v1.4.4; http://www.majestic12.co.uk/bot.php?+)"
46.165.197.141 - - [16/Mar/2014:21:32:36 +0100] "GET / HTTP/1.0" 200 13922 "-" "Mozilla/5.0 (compatible; MJ12bot/v1.4.4; http://www.majestic12.co.uk/bot.php?+)"
66.249.73.9 - - [16/Mar/2014:21:35:43 +0100] "GET /news.php?cs_go=archiv&cs_id=4047 HTTP/1.1" 200 10728 "-" "Mozilla/5.0 (iPhone; CPU iPhone OS 6_0 like Mac OS X) AppleWebKit/536.26 (KHTML, like Gecko) Version/6.0 Mobile/10A5376e Safari/8536.25 (compatible; Googlebot/2.1; +http://www.google.com/bot.html)"
5.10.83.12 - - [16/Mar/2014:21:36:16 +0100] "GET /lexikon.php?cs_go=3&cs_id=7 HTTP/1.1" 200 6095 "-" "Mozilla/5.0 (compatible; AhrefsBot/5.0; +http://ahrefs.com/robot/)"
66.249.65.169 - - [16/Mar/2014:21:39:55 +0100] "GET /news.php?cs_go=archiv&cs_id=4137 HTTP/1.1" 200 7516 "-" "Mozilla/5.0 (iPhone; CPU iPhone OS 6_0 like Mac OS X) AppleWebKit/536.26 (KHTML, like Gecko) Version/6.0 Mobile/10A5376e Safari/8536.25 (compatible; Googlebot/2.1; +http://www.google.com/bot.html)"
66.249.73.233 - - [16/Mar/2014:21:44:10 +0100] "GET /news.php?cs_go=archiv&cs_id=4082 HTTP/1.1" 200 9416 "-" "Mozilla/5.0 (iPhone; CPU iPhone OS 6_0 like Mac OS X) AppleWebKit/536.26 (KHTML, like Gecko) Version/6.0 Mobile/10A5376e Safari/8536.25 (compatible; Googlebot/2.1; +http://www.google.com/bot.html)"
66.249.65.169 - - [16/Mar/2014:21:48:24 +0100] "GET /news.php?cs_go=archiv&cs_id=4098 HTTP/1.1" 200 11417 "-" "Mozilla/5.0 (iPhone; CPU iPhone OS 6_0 like Mac OS X) AppleWebKit/536.26 (KHTML, like Gecko) Version/6.0 Mobile/10A5376e Safari/8536.25 (compatible; Googlebot/2.1; +http://www.google.com/bot.html)"
220.181.108.109 - - [16/Mar/2014:21:51:11 +0100] "GET / HTTP/1.1" 200 6591 "-" "Mozilla/5.0 (compatible; Baiduspider/2.0; +http://www.baidu.com/search/spider.html)"
66.249.65.201 - - [16/Mar/2014:21:52:01 +0100] "GET /news.php?cs_go=archiv&cs_id=4641&cs_search= HTTP/1.1" 200 7634 "-" "Mozilla/5.0 (compatible; Googlebot/2.1; +http://www.google.com/bot.html)"
66.249.65.137 - - [16/Mar/2014:21:52:42 +0100] "GET /lexikon.php?cs_go=2&cs_char=q HTTP/1.1" 200 5726 "-" "Mozilla/5.0 (iPhone; CPU iPhone OS 6_0 like Mac OS X) AppleWebKit/536.26 (KHTML, like Gecko) Version/6.0 Mobile/10A5376e Safari/8536.25 (compatible; Googlebot/2.1; +http://www.google.com/bot.html)"
123.125.71.46 - - [16/Mar/2014:21:54:45 +0100] "GET / HTTP/1.1" 200 9424 "-" "Mozilla/5.0 (compatible; Baiduspider/2.0; +http://www.baidu.com/search/spider.html)"
66.249.73.18 - - [16/Mar/2014:21:56:57 +0100] "GET /news.php?cs_go=archiv&cs_id=4087&cs_search= HTTP/1.1" 200 11444 "-" "Mozilla/5.0 (iPhone; CPU iPhone OS 6_0 like Mac OS X) AppleWebKit/536.26 (KHTML, like Gecko) Version/6.0 Mobile/10A5376e Safari/8536.25 (compatible; Googlebot/2.1; +http://www.google.com/bot.html)"
5.10.83.66 - - [16/Mar/2014:21:59:28 +0100] "GET /news.php?cs_go=archiv&cs_id=4945&cs_search= HTTP/1.1" 200 11261 "-" "Mozilla/5.0 (compatible; AhrefsBot/5.0; +http://ahrefs.com/robot/)"
66.249.65.201 - - [16/Mar/2014:22:01:16 +0100] "GET /news.php?cs_go=archiv&cs_id=3997 HTTP/1.1" 200 9581 "-" "Mozilla/5.0 (iPhone; CPU iPhone OS 6_0 like Mac OS X) AppleWebKit/536.26 (KHTML, like Gecko) Version/6.0 Mobile/10A5376e Safari/8536.25 (compatible; Googlebot/2.1; +http://www.google.com/bot.html)"
66.249.65.137 - - [16/Mar/2014:22:05:33 +0100] "GET /news.php?cs_go=archiv&cs_id=3570 HTTP/1.1" 200 11107 "-" "Mozilla/5.0 (iPhone; CPU iPhone OS 6_0 like Mac OS X) AppleWebKit/536.26 (KHTML, like Gecko) Version/6.0 Mobile/10A5376e Safari/8536.25 (compatible; Googlebot/2.1; +http://www.google.com/bot.html)"
66.249.65.169 - - [16/Mar/2014:22:09:51 +0100] "GET /news.php?cs_go=archiv&cs_id=4146 HTTP/1.1" 200 11204 "-" "Mozilla/5.0 (iPhone; CPU iPhone OS 6_0 like Mac OS X) AppleWebKit/536.26 (KHTML, like Gecko) Version/6.0 Mobile/10A5376e Safari/8536.25 (compatible; Googlebot/2.1; +http://www.google.com/bot.html)"
66.249.65.201 - - [16/Mar/2014:22:14:11 +0100] "GET /news.php?cs_go=archiv&cs_id=4214 HTTP/1.1" 200 11496 "-" "Mozilla/5.0 (iPhone; CPU iPhone OS 6_0 like Mac OS X) AppleWebKit/536.26 (KHTML, like Gecko) Version/6.0 Mobile/10A5376e Safari/8536.25 (compatible; Googlebot/2.1; +http://www.google.com/bot.html)"
141.8.147.12 - - [16/Mar/2014:22:22:01 +0100] "GET /news.php?cs_go=archiv&cs_id=4835&cs_search= HTTP/1.1" 200 7606 "-" "Mozilla/5.0 (compatible; YandexBot/3.0; +http://yandex.com/bots)"
69.58.178.59 - - [16/Mar/2014:22:35:38 +0100] "GET /robots.txt HTTP/1.1" 200 177 "-" "BlackBerry9000/4.6.0.167 Profile/MIDP-2.0 Configuration/CLDC-1.1 VendorID/102 ips-agent"
69.58.178.59 - - [16/Mar/2014:22:35:39 +0100] "GET / HTTP/1.1" 200 13922 "-" "Mozilla/5.0 (X11; Ubuntu; Linux i686; rv:14.0; ips-agent) Gecko/20100101 Firefox/14.0.1"
69.58.178.59 - - [16/Mar/2014:22:35:41 +0100] "GET /newsletter.php HTTP/1.1" 200 6492 "-" "Mozilla/5.0 (X11; Ubuntu; Linux i686; rv:14.0; ips-agent) Gecko/20100101 Firefox/14.0.1"
69.58.178.59 - - [16/Mar/2014:22:35:42 +0100] "GET /index.php HTTP/1.1" 200 13922 "-" "Mozilla/5.0 (X11; Ubuntu; Linux i686; rv:14.0; ips-agent) Gecko/20100101 Firefox/14.0.1"
69.58.178.59 - - [16/Mar/2014:22:35:44 +0100] "GET /standard.php HTTP/1.1" 200 6770 "-" "Mozilla/5.0 (X11; Ubuntu; Linux i686; rv:14.0; ips-agent) Gecko/20100101 Firefox/14.0.1"
69.58.178.59 - - [16/Mar/2014:22:35:46 +0100] "GET /wunschpreis.php HTTP/1.1" 200 10237 "-" "Mozilla/5.0 (X11; Ubuntu; Linux i686; rv:14.0; ips-agent) Gecko/20100101 Firefox/14.0.1"
69.58.178.59 - - [16/Mar/2014:22:35:47 +0100] "GET /preisanfrage.php HTTP/1.1" 200 8502 "-" "Mozilla/5.0 (X11; Ubuntu; Linux i686; rv:14.0; ips-agent) Gecko/20100101 Firefox/14.0.1"
69.58.178.59 - - [16/Mar/2014:22:35:49 +0100] "GET /news.php HTTP/1.1" 200 19791 "-" "Mozilla/5.0 (X11; Ubuntu; Linux i686; rv:14.0; ips-agent) Gecko/20100101 Firefox/14.0.1"
69.58.178.59 - - [16/Mar/2014:22:35:50 +0100] "GET /kontakt.php HTTP/1.1" 200 6966 "-" "Mozilla/5.0 (X11; Ubuntu; Linux i686; rv:14.0; ips-agent) Gecko/20100101 Firefox/14.0.1"
69.58.178.59 - - [16/Mar/2014:22:35:52 +0100] "GET /jobs.php HTTP/1.1" 200 4965 "-" "Mozilla/5.0 (X11; Ubuntu; Linux i686; rv:14.0; ips-agent) Gecko/20100101 Firefox/14.0.1"
69.58.178.59 - - [16/Mar/2014:22:35:53 +0100] "GET /impressum.php HTTP/1.1" 200 6306 "-" "Mozilla/5.0 (X11; Ubuntu; Linux i686; rv:14.0; ips-agent) Gecko/20100101 Firefox/14.0.1"
5.10.83.71 - - [16/Mar/2014:22:49:13 +0100] "GET /news.php?cs_go=archiv&cs_id=4829&cs_search= HTTP/1.1" 200 9791 "-" "Mozilla/5.0 (compatible; AhrefsBot/5.0; +http://ahrefs.com/robot/)"
66.249.73.10 - - [16/Mar/2014:23:02:26 +0100] "GET /lexikon.php?cs_go=3&cs_id=95 HTTP/1.1" 200 6298 "-" "Mozilla/5.0 (iPhone; CPU iPhone OS 6_0 like Mac OS X) AppleWebKit/536.26 (KHTML, like Gecko) Version/6.0 Mobile/10A5376e Safari/8536.25 (compatible; Googlebot/2.1; +http://www.google.com/bot.html)"
66.249.73.12 - - [16/Mar/2014:23:03:05 +0100] "GET /news.php?cs_go=archiv&cs_id=4170 HTTP/1.1" 200 7685 "-" "Mozilla/5.0 (compatible; Googlebot/2.1; +http://www.google.com/bot.html)"
66.249.65.137 - - [16/Mar/2014:23:06:30 +0100] "GET /modul.css HTTP/1.1" 200 35038 "http://www.mink-gmbh.de/lexikon.php?cs_go=3&cs_id=95" "Mozilla/5.0 (compatible; Googlebot/2.1; +http://www.google.com/bot.html)"
66.249.73.19 - - [16/Mar/2014:23:06:31 +0100] "GET /style.css HTTP/1.1" 200 8402 "http://www.mink-gmbh.de/lexikon.php?cs_go=3&cs_id=95" "Mozilla/5.0 (compatible; Googlebot/2.1; +http://www.google.com/bot.html)"
66.249.73.10 - - [16/Mar/2014:23:47:23 +0100] "GET /news.php?cs_go=archiv&cs_id=3660 HTTP/1.1" 200 7648 "-" "Mozilla/5.0 (iPhone; CPU iPhone OS 6_0 like Mac OS X) AppleWebKit/536.26 (KHTML, like Gecko) Version/6.0 Mobile/10A5376e Safari/8536.25 (compatible; Googlebot/2.1; +http://www.google.com/bot.html)"
65.36.241.79 - - [17/Mar/2014:00:05:06 +0100] "HEAD / HTTP/1.1" 200 - "-" "InternetSeer.com"
66.249.73.22 - - [17/Mar/2014:00:19:19 +0100] "GET /news.php?cs_go=archiv&cs_id=4184&cs_search= HTTP/1.1" 200 7556 "-" "Mozilla/5.0 (iPhone; CPU iPhone OS 6_0 like Mac OS X) AppleWebKit/536.26 (KHTML, like Gecko) Version/6.0 Mobile/10A5376e Safari/8536.25 (compatible; Googlebot/2.1; +http://www.google.com/bot.html)"
66.249.73.237 - - [17/Mar/2014:00:23:37 +0100] "GET /news.php?cs_go=archiv&cs_id=4582 HTTP/1.1" 200 9093 "-" "Mozilla/5.0 (compatible; Googlebot/2.1; +http://www.google.com/bot.html)"
144.76.137.226 - - [17/Mar/2014:00:36:19 +0100] "GET /robots.txt HTTP/1.0" 200 177 "-" "Mozilla/5.0 (compatible; MJ12bot/v1.4.4; http://www.majestic12.co.uk/bot.php?+)"
144.76.137.226 - - [17/Mar/2014:00:36:22 +0100] "GET /news.php?cs_go=archiv&cs_startpos=111 HTTP/1.0" 200 20296 "-" "Mozilla/5.0 (compatible; MJ12bot/v1.4.4; http://www.majestic12.co.uk/bot.php?+)"
5.10.83.43 - - [17/Mar/2014:00:41:21 +0100] "GET /news.php?cs_go=archiv&cs_id=4909&cs_search= HTTP/1.1" 200 11243 "-" "Mozilla/5.0 (compatible; AhrefsBot/5.0; +http://ahrefs.com/robot/)"
208.115.113.91 - - [17/Mar/2014:00:52:13 +0100] "GET /robots.txt HTTP/1.1" 200 177 "-" "Mozilla/5.0 (compatible; Ezooms/1.0; help@moz.com)"
5.10.83.43 - - [17/Mar/2014:00:57:46 +0100] "GET /lexikon.php?cs_go=3&cs_id=63 HTTP/1.1" 200 5926 "-" "Mozilla/5.0 (compatible; AhrefsBot/5.0; +http://ahrefs.com/robot/)"
208.115.113.91 - - [17/Mar/2014:01:13:09 +0100] "GET /news.php?cs_go=archiv&cs_id=4797 HTTP/1.1" 200 7509 "-" "Mozilla/5.0 (compatible; Ezooms/1.0; help@moz.com)"
5.10.83.11 - - [17/Mar/2014:01:23:40 +0100] "GET /news.php?cs_go=archiv&cs_startpos=180 HTTP/1.1" 200 15686 "-" "Mozilla/5.0 (compatible; AhrefsBot/5.0; +http://ahrefs.com/robot/)"
66.249.65.137 - - [17/Mar/2014:01:39:26 +0100] "GET /news.php?cs_go=archiv&cs_id=4583 HTTP/1.1" 200 13188 "-" "Mozilla/5.0 (compatible; Googlebot/2.1; +http://www.google.com/bot.html)"
66.249.65.169 - - [17/Mar/2014:02:06:25 +0100] "GET /news.php?cs_go=archiv&cs_id=4063&cs_search= HTTP/1.1" 200 8244 "-" "Mozilla/5.0 (iPhone; CPU iPhone OS 6_0 like Mac OS X) AppleWebKit/536.26 (KHTML, like Gecko) Version/6.0 Mobile/10A5376e Safari/8536.25 (compatible; Googlebot/2.1; +http://www.google.com/bot.html)"
5.10.83.97 - - [17/Mar/2014:02:17:54 +0100] "GET /news.php?cs_go=archiv HTTP/1.1" 200 19791 "-" "Mozilla/5.0 (compatible; AhrefsBot/5.0; +http://ahrefs.com/robot/)"
66.249.65.137 - - [17/Mar/2014:02:20:31 +0100] "GET /news.php?cs_go=archiv&cs_id=4040 HTTP/1.1" 200 10047 "-" "Mozilla/5.0 (iPhone; CPU iPhone OS 6_0 like Mac OS X) AppleWebKit/536.26 (KHTML, like Gecko) Version/6.0 Mobile/10A5376e Safari/8536.25 (compatible; Googlebot/2.1; +http://www.google.com/bot.html)"
5.10.83.11 - - [17/Mar/2014:02:22:04 +0100] "GET /lexikon.php?cs_go=2&cs_char=y HTTP/1.1" 200 6174 "-" "Mozilla/5.0 (compatible; AhrefsBot/5.0; +http://ahrefs.com/robot/)"
5.10.83.42 - - [17/Mar/2014:02:33:02 +0100] "GET /lexikon.php?cs_go=3&cs_id=43 HTTP/1.1" 200 5567 "-" "Mozilla/5.0 (compatible; AhrefsBot/5.0; +http://ahrefs.com/robot/)"
66.249.65.137 - - [17/Mar/2014:02:39:31 +0100] "GET /news.php?cs_go=archiv&cs_startpos=180 HTTP/1.1" 200 15686 "-" "Mozilla/5.0 (iPhone; CPU iPhone OS 6_0 like Mac OS X) AppleWebKit/536.26 (KHTML, like Gecko) Version/6.0 Mobile/10A5376e Safari/8536.25 (compatible; Googlebot/2.1; +http://www.google.com/bot.html)"
208.115.113.91 - - [17/Mar/2014:02:50:06 +0100] "GET /news.php?cs_go=archiv&cs_id=4839 HTTP/1.1" 200 8042 "-" "Mozilla/5.0 (compatible; Ezooms/1.0; help@moz.com)"
208.115.113.91 - - [17/Mar/2014:02:50:24 +0100] "GET /news.php?cs_go=archiv&cs_id=4898 HTTP/1.1" 200 11143 "-" "Mozilla/5.0 (compatible; Ezooms/1.0; help@moz.com)"
66.249.65.169 - - [17/Mar/2014:02:55:14 +0100] "GET /lexikon.php?cs_go=3&cs_id=199 HTTP/1.1" 200 5555 "-" "Mozilla/5.0 (compatible; Googlebot/2.1; +http://www.google.com/bot.html)"
66.249.65.201 - - [17/Mar/2014:03:14:07 +0100] "GET /news.php?cs_go=archiv&cs_startpos=220 HTTP/1.1" 200 5874 "-" "Mozilla/5.0 (iPhone; CPU iPhone OS 6_0 like Mac OS X) AppleWebKit/536.26 (KHTML, like Gecko) Version/6.0 Mobile/10A5376e Safari/8536.25 (compatible; Googlebot/2.1; +http://www.google.com/bot.html)"
178.255.215.64 - - [17/Mar/2014:03:23:45 +0100] "GET /wunschpreis.php HTTP/1.1" 200 10237 "-" "Mozilla/5.0 (compatible; Exabot/3.0; +http://www.exabot.com/go/robot)"
66.249.65.201 - - [17/Mar/2014:03:34:47 +0100] "GET /impressum.php HTTP/1.1" 200 6306 "-" "SAMSUNG-SGH-E250/1.0 Profile/MIDP-2.0 Configuration/CLDC-1.1 UP.Browser/6.2.3.3.c.1.101 (GUI) MMP/2.0 (compatible; Googlebot-Mobile/2.1; +http://www.google.com/bot.html)"
66.249.65.169 - - [17/Mar/2014:03:44:32 +0100] "GET /news.php?cs_go=archiv&cs_startpos=160 HTTP/1.1" 200 20284 "-" "Mozilla/5.0 (iPhone; CPU iPhone OS 6_0 like Mac OS X) AppleWebKit/536.26 (KHTML, like Gecko) Version/6.0 Mobile/10A5376e Safari/8536.25 (compatible; Googlebot/2.1; +http://www.google.com/bot.html)"
144.76.7.10 - - [17/Mar/2014:03:52:31 +0100] "GET /news.php?cs_go=archiv&cs_id=4794%0D%0A HTTP/1.1" 200 8522 "-" "Mozilla/5.0 (Windows NT 6.1; Win64; x64; rv:25.0) Gecko/20100101 Firefox/25.0"
5.10.83.43 - - [17/Mar/2014:04:01:11 +0100] "GET /lexikon.php?cs_go=3&cs_id=109 HTTP/1.1" 200 7065 "-" "Mozilla/5.0 (compatible; AhrefsBot/5.0; +http://ahrefs.com/robot/)"
66.249.73.9 - - [17/Mar/2014:04:01:34 +0100] "GET /lexikon.php?cs_go=3&cs_id=188 HTTP/1.1" 200 5566 "-" "Mozilla/5.0 (compatible; Googlebot/2.1; +http://www.google.com/bot.html)"
66.249.65.169 - - [17/Mar/2014:04:34:44 +0100] "GET /lexikon.php?cs_go=3&cs_id=133 HTTP/1.1" 200 6296 "-" "Mozilla/5.0 (compatible; Googlebot/2.1; +http://www.google.com/bot.html)"
66.249.73.6 - - [17/Mar/2014:04:46:53 +0100] "GET /news.php?cs_go=archiv&cs_startpos=40 HTTP/1.1" 200 20372 "-" "Mozilla/5.0 (iPhone; CPU iPhone OS 6_0 like Mac OS X) AppleWebKit/536.26 (KHTML, like Gecko) Version/6.0 Mobile/10A5376e Safari/8536.25 (compatible; Googlebot/2.1; +http://www.google.com/bot.html)"
66.249.65.137 - - [17/Mar/2014:04:48:56 +0100] "GET /lexikon.php?cs_go=3&cs_id=41 HTTP/1.1" 200 5917 "-" "Mozilla/5.0 (compatible; Googlebot/2.1; +http://www.google.com/bot.html)"
208.115.113.91 - - [17/Mar/2014:04:54:16 +0100] "GET /robots.txt HTTP/1.1" 200 177 "-" "Mozilla/5.0 (compatible; Ezooms/1.0; help@moz.com)"
66.249.65.137 - - [17/Mar/2014:05:18:32 +0100] "GET /news.php?cs_go=archiv&cs_id=4405 HTTP/1.1" 200 8832 "-" "Mozilla/5.0 (iPhone; CPU iPhone OS 6_0 like Mac OS X) AppleWebKit/536.26 (KHTML, like Gecko) Version/6.0 Mobile/10A5376e Safari/8536.25 (compatible; Googlebot/2.1; +http://www.google.com/bot.html)"
66.249.65.169 - - [17/Mar/2014:05:29:05 +0100] "GET /news.php?cs_go=archiv&cs_id=4385 HTTP/1.1" 200 7957 "-" "Mozilla/5.0 (iPhone; CPU iPhone OS 6_0 like Mac OS X) AppleWebKit/536.26 (KHTML, like Gecko) Version/6.0 Mobile/10A5376e Safari/8536.25 (compatible; Googlebot/2.1; +http://www.google.com/bot.html)"
66.249.65.137 - - [17/Mar/2014:05:34:22 +0100] "GET /news.php?cs_go=archiv&cs_id=4418 HTTP/1.1" 200 9742 "-" "Mozilla/5.0 (iPhone; CPU iPhone OS 6_0 like Mac OS X) AppleWebKit/536.26 (KHTML, like Gecko) Version/6.0 Mobile/10A5376e Safari/8536.25 (compatible; Googlebot/2.1; +http://www.google.com/bot.html)"
66.249.65.137 - - [17/Mar/2014:05:36:19 +0100] "GET /news.php?cs_go=archiv&cs_id=4527 HTTP/1.1" 200 11897 "-" "Mozilla/5.0 (compatible; Googlebot/2.1; +http://www.google.com/bot.html)"
54.217.206.211 - - [17/Mar/2014:05:36:26 +0100] "GET / HTTP/1.1" 200 1247 "-" "python/splinter"
54.217.206.211 - - [17/Mar/2014:05:36:26 +0100] "GET /style.css HTTP/1.1" 200 8402 "http://www.mink-gmbh.de/" "Mozilla/5.0 (Unknown; Linux x86_64) AppleWebKit/534.34 (KHTML, like Gecko) PhantomJS/1.9.0 Safari/534.34"
54.217.206.211 - - [17/Mar/2014:05:36:26 +0100] "GET /modul.css HTTP/1.1" 200 35038 "http://www.mink-gmbh.de/" "Mozilla/5.0 (Unknown; Linux x86_64) AppleWebKit/534.34 (KHTML, like Gecko) PhantomJS/1.9.0 Safari/534.34"
54.217.206.211 - - [17/Mar/2014:05:36:26 +0100] "GET /js_contentserver24_greybox/gb_styles.css HTTP/1.1" 200 2302 "http://www.mink-gmbh.de/" "Mozilla/5.0 (Unknown; Linux x86_64) AppleWebKit/534.34 (KHTML, like Gecko) PhantomJS/1.9.0 Safari/534.34"
