144.76.71.140 - - [14/Mar/2014:01:57:39 +0100] "GET /news.php?cs_go=archiv&cs_id=4876&cs_search= HTTP/1.1" 200 7440 "-" "Mozilla/5.0 (compatible; SISTRIX Crawler; http://crawler.sistrix.net/)"
144.76.71.140 - - [14/Mar/2014:01:57:40 +0100] "GET /lexikon.php?cs_go=3&cs_id=150 HTTP/1.1" 200 5782 "-" "Mozilla/5.0 (compatible; SISTRIX Crawler; http://crawler.sistrix.net/)"
144.76.71.140 - - [14/Mar/2014:01:57:40 +0100] "GET /news.php?cs_go=archiv&cs_id=4874&cs_search= HTTP/1.1" 200 8042 "-" "Mozilla/5.0 (compatible; SISTRIX Crawler; http://crawler.sistrix.net/)"
144.76.71.140 - - [14/Mar/2014:01:57:40 +0100] "GET /lexikon.php?cs_go=3&cs_id=217 HTTP/1.1" 200 5685 "-" "Mozilla/5.0 (compatible; SISTRIX Crawler; http://crawler.sistrix.net/)"
144.76.71.140 - - [14/Mar/2014:01:57:41 +0100] "GET /lexikon.php?cs_go=3&cs_id=22 HTTP/1.1" 200 6281 "-" "Mozilla/5.0 (compatible; SISTRIX Crawler; http://crawler.sistrix.net/)"
144.76.71.140 - - [14/Mar/2014:01:57:41 +0100] "GET /lexikon.php?cs_go=3&cs_id=224 HTTP/1.1" 200 5840 "-" "Mozilla/5.0 (compatible; SISTRIX Crawler; http://crawler.sistrix.net/)"
144.76.71.140 - - [14/Mar/2014:01:57:41 +0100] "GET /lexikon.php?cs_go=3&cs_id=228 HTTP/1.1" 200 6808 "-" "Mozilla/5.0 (compatible; SISTRIX Crawler; http://crawler.sistrix.net/)"
144.76.71.140 - - [14/Mar/2014:01:57:41 +0100] "GET /lexikon.php?cs_go=3&cs_id=142 HTTP/1.1" 200 6145 "-" "Mozilla/5.0 (compatible; SISTRIX Crawler; http://crawler.sistrix.net/)"
144.76.71.140 - - [14/Mar/2014:01:57:42 +0100] "GET /news.php?cs_go=archiv&cs_id=4788&cs_search= HTTP/1.1" 200 10876 "-" "Mozilla/5.0 (compatible; SISTRIX Crawler; http://crawler.sistrix.net/)"
144.76.71.140 - - [14/Mar/2014:01:57:42 +0100] "GET /lexikon.php?cs_go=3&cs_id=73 HTTP/1.1" 200 7191 "-" "Mozilla/5.0 (compatible; SISTRIX Crawler; http://crawler.sistrix.net/)"
144.76.71.140 - - [14/Mar/2014:01:57:42 +0100] "GET /lexikon.php?cs_go=3&cs_id=31 HTTP/1.1" 200 5601 "-" "Mozilla/5.0 (compatible; SISTRIX Crawler; http://crawler.sistrix.net/)"
144.76.71.140 - - [14/Mar/2014:01:57:42 +0100] "GET /news.php?cs_go=archiv&cs_id=4848&cs_search= HTTP/1.1" 200 8550 "-" "Mozilla/5.0 (compatible; SISTRIX Crawler; http://crawler.sistrix.net/)"
144.76.71.140 - - [14/Mar/2014:01:57:43 +0100] "GET /news.php?cs_go=archiv&cs_id=4879&cs_search= HTTP/1.1" 200 9012 "-" "Mozilla/5.0 (compatible; SISTRIX Crawler; http://crawler.sistrix.net/)"
144.76.71.140 - - [14/Mar/2014:01:57:43 +0100] "GET /lexikon.php?cs_go=3&cs_id=2 HTTP/1.1" 200 5988 "-" "Mozilla/5.0 (compatible; SISTRIX Crawler; http://crawler.sistrix.net/)"
144.76.71.140 - - [14/Mar/2014:01:57:43 +0100] "GET /news.php?cs_go=archiv&cs_id=4863&cs_search= HTTP/1.1" 200 13630 "-" "Mozilla/5.0 (compatible; SISTRIX Crawler; http://crawler.sistrix.net/)"
144.76.71.140 - - [14/Mar/2014:01:57:43 +0100] "GET /news.php?cs_go=archiv&cs_id=4812&cs_search= HTTP/1.1" 200 11264 "-" "Mozilla/5.0 (compatible; SISTRIX Crawler; http://crawler.sistrix.net/)"
144.76.71.140 - - [14/Mar/2014:01:57:44 +0100] "GET /news.php?cs_go=archiv&cs_id=4852&cs_search= HTTP/1.1" 200 16318 "-" "Mozilla/5.0 (compatible; SISTRIX Crawler; http://crawler.sistrix.net/)"
144.76.71.140 - - [14/Mar/2014:01:57:44 +0100] "GET /lexikon.php?cs_go=3&cs_id=192 HTTP/1.1" 200 5971 "-" "Mozilla/5.0 (compatible; SISTRIX Crawler; http://crawler.sistrix.net/)"
144.76.71.140 - - [14/Mar/2014:01:57:44 +0100] "GET /lexikon.php?cs_go=3&cs_id=118 HTTP/1.1" 200 6068 "-" "Mozilla/5.0 (compatible; SISTRIX Crawler; http://crawler.sistrix.net/)"
144.76.71.140 - - [14/Mar/2014:01:57:45 +0100] "GET /news.php?cs_go=archiv&cs_startpos=110 HTTP/1.1" 200 20292 "-" "Mozilla/5.0 (compatible; SISTRIX Crawler; http://crawler.sistrix.net/)"
144.76.71.140 - - [14/Mar/2014:01:57:45 +0100] "GET /lexikon.php?cs_go=3&cs_id=20 HTTP/1.1" 200 6473 "-" "Mozilla/5.0 (compatible; SISTRIX Crawler; http://crawler.sistrix.net/)"
144.76.71.140 - - [14/Mar/2014:01:57:45 +0100] "GET /news.php?cs_go=archiv&cs_id=4807&cs_search= HTTP/1.1" 200 11192 "-" "Mozilla/5.0 (compatible; SISTRIX Crawler; http://crawler.sistrix.net/)"
144.76.71.140 - - [14/Mar/2014:01:57:46 +0100] "GET /news.php?cs_go=archiv&cs_id=4887&cs_search= HTTP/1.1" 200 8279 "-" "Mozilla/5.0 (compatible; SISTRIX Crawler; http://crawler.sistrix.net/)"
144.76.71.140 - - [14/Mar/2014:01:57:46 +0100] "GET /news.php?cs_go=archiv&cs_id=4794&cs_search= HTTP/1.1" 200 8522 "-" "Mozilla/5.0 (compatible; SISTRIX Crawler; http://crawler.sistrix.net/)"
144.76.71.140 - - [14/Mar/2014:01:57:46 +0100] "GET /lexikon.php?cs_go=3&cs_id=210 HTTP/1.1" 200 7108 "-" "Mozilla/5.0 (compatible; SISTRIX Crawler; http://crawler.sistrix.net/)"
144.76.71.140 - - [14/Mar/2014:01:57:46 +0100] "GET /lexikon.php?cs_go=3&cs_id=183 HTTP/1.1" 200 6128 "-" "Mozilla/5.0 (compatible; SISTRIX Crawler; http://crawler.sistrix.net/)"
144.76.71.140 - - [14/Mar/2014:01:57:47 +0100] "GET /news.php?cs_go=archiv&cs_id=4755&cs_search= HTTP/1.1" 200 10039 "-" "Mozilla/5.0 (compatible; SISTRIX Crawler; http://crawler.sistrix.net/)"
144.76.71.140 - - [14/Mar/2014:01:57:47 +0100] "GET /lexikon.php?cs_go=3&cs_id=162 HTTP/1.1" 200 6964 "-" "Mozilla/5.0 (compatible; SISTRIX Crawler; http://crawler.sistrix.net/)"
144.76.71.140 - - [14/Mar/2014:01:57:47 +0100] "GET /news.php?cs_go=archiv&cs_id=4880&cs_search= HTTP/1.1" 200 10096 "-" "Mozilla/5.0 (compatible; SISTRIX Crawler; http://crawler.sistrix.net/)"
144.76.71.140 - - [14/Mar/2014:01:57:47 +0100] "GET /lexikon.php?cs_go=3&cs_id=221 HTTP/1.1" 200 5581 "-" "Mozilla/5.0 (compatible; SISTRIX Crawler; http://crawler.sistrix.net/)"
144.76.71.140 - - [14/Mar/2014:01:57:48 +0100] "GET /news.php?cs_go=archiv&cs_id=4897&cs_search= HTTP/1.1" 200 7427 "-" "Mozilla/5.0 (compatible; SISTRIX Crawler; http://crawler.sistrix.net/)"
144.76.71.140 - - [14/Mar/2014:01:57:48 +0100] "GET /lexikon.php?cs_go=3&cs_id=141 HTTP/1.1" 200 6440 "-" "Mozilla/5.0 (compatible; SISTRIX Crawler; http://crawler.sistrix.net/)"
144.76.71.140 - - [14/Mar/2014:01:57:48 +0100] "GET /lexikon.php?cs_go=3&cs_id=230 HTTP/1.1" 200 6124 "-" "Mozilla/5.0 (compatible; SISTRIX Crawler; http://crawler.sistrix.net/)"
144.76.71.140 - - [14/Mar/2014:01:57:48 +0100] "GET /lexikon.php?cs_go=3&cs_id=157 HTTP/1.1" 200 5942 "-" "Mozilla/5.0 (compatible; SISTRIX Crawler; http://crawler.sistrix.net/)"
144.76.71.140 - - [14/Mar/2014:01:57:49 +0100] "GET /news.php?cs_go=archiv&cs_id=4861&cs_search= HTTP/1.1" 200 7619 "-" "Mozilla/5.0 (compatible; SISTRIX Crawler; http://crawler.sistrix.net/)"
144.76.71.140 - - [14/Mar/2014:01:57:49 +0100] "GET /lexikon.php?cs_go=3&cs_id=193 HTTP/1.1" 200 5569 "-" "Mozilla/5.0 (compatible; SISTRIX Crawler; http://crawler.sistrix.net/)"
144.76.71.140 - - [14/Mar/2014:01:57:49 +0100] "GET /news.php?cs_go=archiv&cs_id=4875&cs_search= HTTP/1.1" 200 11729 "-" "Mozilla/5.0 (compatible; SISTRIX Crawler; http://crawler.sistrix.net/)"
144.76.71.140 - - [14/Mar/2014:01:57:49 +0100] "GET /lexikon.php?cs_go=3&cs_id=153 HTTP/1.1" 200 6313 "-" "Mozilla/5.0 (compatible; SISTRIX Crawler; http://crawler.sistrix.net/)"
144.76.71.140 - - [14/Mar/2014:01:57:50 +0100] "GET /lexikon.php?cs_go=3&cs_id=82 HTTP/1.1" 200 5953 "-" "Mozilla/5.0 (compatible; SISTRIX Crawler; http://crawler.sistrix.net/)"
144.76.71.140 - - [14/Mar/2014:01:57:50 +0100] "GET /lexikon.php?cs_go=3&cs_id=115 HTTP/1.1" 200 7146 "-" "Mozilla/5.0 (compatible; SISTRIX Crawler; http://crawler.sistrix.net/)"
144.76.71.140 - - [14/Mar/2014:01:57:50 +0100] "GET /news.php?cs_go=archiv&cs_id=4881&cs_search= HTTP/1.1" 200 8009 "-" "Mozilla/5.0 (compatible; SISTRIX Crawler; http://crawler.sistrix.net/)"
144.76.71.140 - - [14/Mar/2014:01:57:51 +0100] "GET /lexikon.php?cs_go=3&cs_id=11 HTTP/1.1" 200 5809 "-" "Mozilla/5.0 (compatible; SISTRIX Crawler; http://crawler.sistrix.net/)"
144.76.71.140 - - [14/Mar/2014:01:57:51 +0100] "GET /news.php?cs_go=archiv&cs_id=4864&cs_search= HTTP/1.1" 200 7471 "-" "Mozilla/5.0 (compatible; SISTRIX Crawler; http://crawler.sistrix.net/)"
144.76.71.140 - - [14/Mar/2014:01:57:51 +0100] "GET /news.php?cs_go=archiv&cs_id=4795&cs_search= HTTP/1.1" 200 8618 "-" "Mozilla/5.0 (compatible; SISTRIX Crawler; http://crawler.sistrix.net/)"
144.76.71.140 - - [14/Mar/2014:01:57:51 +0100] "GET /news.php?cs_go=archiv&cs_id=4868&cs_search= HTTP/1.1" 200 7698 "-" "Mozilla/5.0 (compatible; SISTRIX Crawler; http://crawler.sistrix.net/)"
144.76.71.140 - - [14/Mar/2014:01:57:52 +0100] "GET /lexikon.php?cs_go=3&cs_id=107 HTTP/1.1" 200 5953 "-" "Mozilla/5.0 (compatible; SISTRIX Crawler; http://crawler.sistrix.net/)"
144.76.71.140 - - [14/Mar/2014:01:57:52 +0100] "GET /news.php?cs_go=archiv&cs_id=4857&cs_search= HTTP/1.1" 200 12309 "-" "Mozilla/5.0 (compatible; SISTRIX Crawler; http://crawler.sistrix.net/)"
144.76.71.140 - - [14/Mar/2014:01:57:52 +0100] "GET /news.php?cs_go=archiv&cs_id=4816&cs_search= HTTP/1.1" 200 7442 "-" "Mozilla/5.0 (compatible; SISTRIX Crawler; http://crawler.sistrix.net/)"
144.76.71.140 - - [14/Mar/2014:01:57:52 +0100] "GET /lexikon.php?cs_go=3&cs_id=208 HTTP/1.1" 200 5921 "-" "Mozilla/5.0 (compatible; SISTRIX Crawler; http://crawler.sistrix.net/)"
144.76.71.140 - - [14/Mar/2014:01:57:53 +0100] "GET /lexikon.php?cs_go=3&cs_id=158 HTTP/1.1" 200 5918 "-" "Mozilla/5.0 (compatible; SISTRIX Crawler; http://crawler.sistrix.net/)"
144.76.71.140 - - [14/Mar/2014:01:57:53 +0100] "GET /lexikon.php?cs_go=3&cs_id=32 HTTP/1.1" 200 5750 "-" "Mozilla/5.0 (compatible; SISTRIX Crawler; http://crawler.sistrix.net/)"
144.76.71.140 - - [14/Mar/2014:01:57:53 +0100] "GET /news.php?cs_go=archiv&cs_id=4783&cs_search= HTTP/1.1" 200 8046 "-" "Mozilla/5.0 (compatible; SISTRIX Crawler; http://crawler.sistrix.net/)"
144.76.71.140 - - [14/Mar/2014:01:57:54 +0100] "GET /news.php?cs_go=archiv&cs_id=4786&cs_search= HTTP/1.1" 200 11135 "-" "Mozilla/5.0 (compatible; SISTRIX Crawler; http://crawler.sistrix.net/)"
144.76.71.140 - - [14/Mar/2014:01:57:54 +0100] "GET /lexikon.php?cs_go=3&cs_id=190 HTTP/1.1" 200 6041 "-" "Mozilla/5.0 (compatible; SISTRIX Crawler; http://crawler.sistrix.net/)"
144.76.71.140 - - [14/Mar/2014:01:57:54 +0100] "GET /news.php?cs_go=archiv&cs_id=4888&cs_search= HTTP/1.1" 200 11224 "-" "Mozilla/5.0 (compatible; SISTRIX Crawler; http://crawler.sistrix.net/)"
144.76.71.140 - - [14/Mar/2014:01:57:54 +0100] "GET /news.php?cs_go=archiv&cs_id=4801&cs_search= HTTP/1.1" 200 8036 "-" "Mozilla/5.0 (compatible; SISTRIX Crawler; http://crawler.sistrix.net/)"
144.76.71.140 - - [14/Mar/2014:01:57:55 +0100] "GET /lexikon.php?cs_go=3&cs_id=30 HTTP/1.1" 200 5561 "-" "Mozilla/5.0 (compatible; SISTRIX Crawler; http://crawler.sistrix.net/)"
144.76.71.140 - - [14/Mar/2014:01:57:55 +0100] "GET /news.php?cs_go=archiv&cs_id=4855&cs_search= HTTP/1.1" 200 11382 "-" "Mozilla/5.0 (compatible; SISTRIX Crawler; http://crawler.sistrix.net/)"
144.76.71.140 - - [14/Mar/2014:01:57:55 +0100] "GET /lexikon.php?cs_go=3&cs_id=139 HTTP/1.1" 200 5758 "-" "Mozilla/5.0 (compatible; SISTRIX Crawler; http://crawler.sistrix.net/)"
144.76.71.140 - - [14/Mar/2014:01:57:55 +0100] "GET /lexikon.php?cs_go=3&cs_id=198 HTTP/1.1" 200 6586 "-" "Mozilla/5.0 (compatible; SISTRIX Crawler; http://crawler.sistrix.net/)"
144.76.71.140 - - [14/Mar/2014:01:57:56 +0100] "GET /lexikon.php?cs_go=3&cs_id=225 HTTP/1.1" 200 5780 "-" "Mozilla/5.0 (compatible; SISTRIX Crawler; http://crawler.sistrix.net/)"
144.76.71.140 - - [14/Mar/2014:01:57:56 +0100] "GET /news.php?cs_go=archiv&cs_id=4856&cs_search= HTTP/1.1" 200 10263 "-" "Mozilla/5.0 (compatible; SISTRIX Crawler; http://crawler.sistrix.net/)"
144.76.71.140 - - [14/Mar/2014:01:57:56 +0100] "GET /news.php?cs_go=archiv&cs_startpos=161 HTTP/1.1" 200 20156 "-" "Mozilla/5.0 (compatible; SISTRIX Crawler; http://crawler.sistrix.net/)"
144.76.71.140 - - [14/Mar/2014:01:57:57 +0100] "GET /lexikon.php?cs_go=3&cs_id=103 HTTP/1.1" 200 6781 "-" "Mozilla/5.0 (compatible; SISTRIX Crawler; http://crawler.sistrix.net/)"
144.76.71.140 - - [14/Mar/2014:01:57:57 +0100] "GET /lexikon.php?cs_go=3&cs_id=227 HTTP/1.1" 200 6241 "-" "Mozilla/5.0 (compatible; SISTRIX Crawler; http://crawler.sistrix.net/)"
144.76.71.140 - - [14/Mar/2014:01:57:57 +0100] "GET /lexikon.php?cs_go=3&cs_id=143 HTTP/1.1" 200 6862 "-" "Mozilla/5.0 (compatible; SISTRIX Crawler; http://crawler.sistrix.net/)"
144.76.71.140 - - [14/Mar/2014:01:57:57 +0100] "GET /lexikon.php?cs_go=3&cs_id=117 HTTP/1.1" 200 5933 "-" "Mozilla/5.0 (compatible; SISTRIX Crawler; http://crawler.sistrix.net/)"
144.76.71.140 - - [14/Mar/2014:01:57:58 +0100] "GET /news.php?cs_go=archiv&cs_id=4808&cs_search= HTTP/1.1" 200 7514 "-" "Mozilla/5.0 (compatible; SISTRIX Crawler; http://crawler.sistrix.net/)"
144.76.71.140 - - [14/Mar/2014:01:57:58 +0100] "GET /lexikon.php?cs_go=3&cs_id=170 HTTP/1.1" 200 6988 "-" "Mozilla/5.0 (compatible; SISTRIX Crawler; http://crawler.sistrix.net/)"
144.76.71.140 - - [14/Mar/2014:01:57:58 +0100] "GET /lexikon.php?cs_go=3&cs_id=44 HTTP/1.1" 200 5567 "-" "Mozilla/5.0 (compatible; SISTRIX Crawler; http://crawler.sistrix.net/)"
144.76.71.140 - - [14/Mar/2014:01:57:58 +0100] "GET /news.php?cs_go=archiv&cs_id=4810&cs_search= HTTP/1.1" 200 9006 "-" "Mozilla/5.0 (compatible; SISTRIX Crawler; http://crawler.sistrix.net/)"
144.76.71.140 - - [14/Mar/2014:01:57:59 +0100] "GET /lexikon.php?cs_go=3&cs_id=55 HTTP/1.1" 200 5581 "-" "Mozilla/5.0 (compatible; SISTRIX Crawler; http://crawler.sistrix.net/)"
144.76.71.140 - - [14/Mar/2014:01:57:59 +0100] "GET /lexikon.php?cs_go=3&cs_id=95 HTTP/1.1" 200 6298 "-" "Mozilla/5.0 (compatible; SISTRIX Crawler; http://crawler.sistrix.net/)"
144.76.71.140 - - [14/Mar/2014:01:57:59 +0100] "GET /lexikon.php?cs_go=3&cs_id=75 HTTP/1.1" 200 6160 "-" "Mozilla/5.0 (compatible; SISTRIX Crawler; http://crawler.sistrix.net/)"
144.76.71.140 - - [14/Mar/2014:01:57:59 +0100] "GET /lexikon.php?cs_go=3&cs_id=127 HTTP/1.1" 200 7642 "-" "Mozilla/5.0 (compatible; SISTRIX Crawler; http://crawler.sistrix.net/)"
144.76.71.140 - - [14/Mar/2014:01:58:00 +0100] "GET /lexikon.php?cs_go=3&cs_id=1 HTTP/1.1" 200 6127 "-" "Mozilla/5.0 (compatible; SISTRIX Crawler; http://crawler.sistrix.net/)"
144.76.71.140 - - [14/Mar/2014:01:58:00 +0100] "GET /news.php?cs_go=archiv&cs_id=4822&cs_search= HTTP/1.1" 200 7416 "-" "Mozilla/5.0 (compatible; SISTRIX Crawler; http://crawler.sistrix.net/)"
144.76.71.140 - - [14/Mar/2014:01:58:00 +0100] "GET /lexikon.php?cs_go=3&cs_id=46 HTTP/1.1" 200 5567 "-" "Mozilla/5.0 (compatible; SISTRIX Crawler; http://crawler.sistrix.net/)"
144.76.71.140 - - [14/Mar/2014:01:58:01 +0100] "GET /news.php?cs_go=archiv&cs_id=4878&cs_search= HTTP/1.1" 200 7441 "-" "Mozilla/5.0 (compatible; SISTRIX Crawler; http://crawler.sistrix.net/)"
144.76.71.140 - - [14/Mar/2014:01:58:01 +0100] "GET /lexikon.php?cs_go=3&cs_id=5 HTTP/1.1" 200 5752 "-" "Mozilla/5.0 (compatible; SISTRIX Crawler; http://crawler.sistrix.net/)"
144.76.71.140 - - [14/Mar/2014:01:58:01 +0100] "GET /lexikon.php?cs_go=3&cs_id=85 HTTP/1.1" 200 6182 "-" "Mozilla/5.0 (compatible; SISTRIX Crawler; http://crawler.sistrix.net/)"
144.76.71.140 - - [14/Mar/2014:01:58:01 +0100] "GET /lexikon.php?cs_go=3&cs_id=106 HTTP/1.1" 200 6024 "-" "Mozilla/5.0 (compatible; SISTRIX Crawler; http://crawler.sistrix.net/)"
144.76.71.140 - - [14/Mar/2014:01:58:02 +0100] "GET /lexikon.php?cs_go=3&cs_id=136 HTTP/1.1" 200 5552 "-" "Mozilla/5.0 (compatible; SISTRIX Crawler; http://crawler.sistrix.net/)"
144.76.71.140 - - [14/Mar/2014:01:58:02 +0100] "GET /lexikon.php?cs_go=3&cs_id=197 HTTP/1.1" 200 5557 "-" "Mozilla/5.0 (compatible; SISTRIX Crawler; http://crawler.sistrix.net/)"
144.76.71.140 - - [14/Mar/2014:01:58:02 +0100] "GET /lexikon.php?cs_go=3&cs_id=28 HTTP/1.1" 200 5913 "-" "Mozilla/5.0 (compatible; SISTRIX Crawler; http://crawler.sistrix.net/)"
144.76.71.140 - - [14/Mar/2014:01:58:02 +0100] "GET /news.php?cs_go=archiv&cs_id=4849&cs_search= HTTP/1.1" 200 9518 "-" "Mozilla/5.0 (compatible; SISTRIX Crawler; http://crawler.sistrix.net/)"
144.76.71.140 - - [14/Mar/2014:01:58:03 +0100] "GET /news.php?cs_go=archiv&cs_id=4891&cs_search= HTTP/1.1" 200 8036 "-" "Mozilla/5.0 (compatible; SISTRIX Crawler; http://crawler.sistrix.net/)"
144.76.71.140 - - [14/Mar/2014:01:58:03 +0100] "GET /lexikon.php?cs_go=3&cs_id=220 HTTP/1.1" 200 5585 "-" "Mozilla/5.0 (compatible; SISTRIX Crawler; http://crawler.sistrix.net/)"
144.76.71.140 - - [14/Mar/2014:01:58:03 +0100] "GET /lexikon.php?cs_go=3&cs_id=33 HTTP/1.1" 200 6386 "-" "Mozilla/5.0 (compatible; SISTRIX Crawler; http://crawler.sistrix.net/)"
144.76.71.140 - - [14/Mar/2014:01:58:03 +0100] "GET /news.php?cs_go=archiv&cs_id=4854&cs_search= HTTP/1.1" 200 8036 "-" "Mozilla/5.0 (compatible; SISTRIX Crawler; http://crawler.sistrix.net/)"
144.76.71.140 - - [14/Mar/2014:01:58:04 +0100] "GET /lexikon.php?cs_go=3&cs_id=212 HTTP/1.1" 200 6107 "-" "Mozilla/5.0 (compatible; SISTRIX Crawler; http://crawler.sistrix.net/)"
144.76.71.140 - - [14/Mar/2014:01:58:04 +0100] "GET /lexikon.php?cs_go=3&cs_id=185 HTTP/1.1" 200 5910 "-" "Mozilla/5.0 (compatible; SISTRIX Crawler; http://crawler.sistrix.net/)"
144.76.71.140 - - [14/Mar/2014:01:58:04 +0100] "GET /lexikon.php?cs_go=3&cs_id=86 HTTP/1.1" 200 5817 "-" "Mozilla/5.0 (compatible; SISTRIX Crawler; http://crawler.sistrix.net/)"
144.76.71.140 - - [14/Mar/2014:01:58:04 +0100] "GET /lexikon.php?cs_go=3&cs_id=110 HTTP/1.1" 200 6265 "-" "Mozilla/5.0 (compatible; SISTRIX Crawler; http://crawler.sistrix.net/)"
144.76.71.140 - - [14/Mar/2014:01:58:05 +0100] "GET /lexikon.php?cs_go=3&cs_id=232 HTTP/1.1" 200 5537 "-" "Mozilla/5.0 (compatible; SISTRIX Crawler; http://crawler.sistrix.net/)"
144.76.71.140 - - [14/Mar/2014:01:58:05 +0100] "GET /lexikon.php?cs_go=3&cs_id=64 HTTP/1.1" 200 6293 "-" "Mozilla/5.0 (compatible; SISTRIX Crawler; http://crawler.sistrix.net/)"
144.76.71.140 - - [14/Mar/2014:01:58:05 +0100] "GET /news.php?cs_go=archiv&cs_id=4782&cs_search= HTTP/1.1" 200 7501 "-" "Mozilla/5.0 (compatible; SISTRIX Crawler; http://crawler.sistrix.net/)"
144.76.71.140 - - [14/Mar/2014:01:58:06 +0100] "GET /lexikon.php?cs_go=3&cs_id=164 HTTP/1.1" 200 5823 "-" "Mozilla/5.0 (compatible; SISTRIX Crawler; http://crawler.sistrix.net/)"
144.76.71.140 - - [14/Mar/2014:01:58:06 +0100] "GET /news.php?cs_go=archiv&cs_id=4877&cs_search= HTTP/1.1" 200 11395 "-" "Mozilla/5.0 (compatible; SISTRIX Crawler; http://crawler.sistrix.net/)"
144.76.71.140 - - [14/Mar/2014:01:58:06 +0100] "GET /lexikon.php?cs_go=3&cs_id=6 HTTP/1.1" 200 5729 "-" "Mozilla/5.0 (compatible; SISTRIX Crawler; http://crawler.sistrix.net/)"
144.76.71.140 - - [14/Mar/2014:01:58:06 +0100] "GET /news.php?cs_go=archiv&cs_id=4779&cs_search= HTTP/1.1" 200 11223 "-" "Mozilla/5.0 (compatible; SISTRIX Crawler; http://crawler.sistrix.net/)"
144.76.71.140 - - [14/Mar/2014:01:58:07 +0100] "GET /lexikon.php?cs_go=3&cs_id=101 HTTP/1.1" 200 7780 "-" "Mozilla/5.0 (compatible; SISTRIX Crawler; http://crawler.sistrix.net/)"
144.76.71.140 - - [14/Mar/2014:01:58:07 +0100] "GET /lexikon.php?cs_go=3&cs_id=99 HTTP/1.1" 200 7064 "-" "Mozilla/5.0 (compatible; SISTRIX Crawler; http://crawler.sistrix.net/)"
144.76.71.140 - - [14/Mar/2014:01:58:07 +0100] "GET /lexikon.php?cs_go=3&cs_id=35 HTTP/1.1" 200 6048 "-" "Mozilla/5.0 (compatible; SISTRIX Crawler; http://crawler.sistrix.net/)"
144.76.71.140 - - [14/Mar/2014:01:58:07 +0100] "GET /lexikon.php?cs_go=3&cs_id=137 HTTP/1.1" 200 6890 "-" "Mozilla/5.0 (compatible; SISTRIX Crawler; http://crawler.sistrix.net/)"
144.76.71.140 - - [14/Mar/2014:01:58:08 +0100] "GET /lexikon.php?cs_go=3&cs_id=200 HTTP/1.1" 200 7564 "-" "Mozilla/5.0 (compatible; SISTRIX Crawler; http://crawler.sistrix.net/)"
144.76.71.140 - - [14/Mar/2014:01:58:08 +0100] "GET /lexikon.php?cs_go=3&cs_id=214 HTTP/1.1" 200 5703 "-" "Mozilla/5.0 (compatible; SISTRIX Crawler; http://crawler.sistrix.net/)"
144.76.71.140 - - [14/Mar/2014:01:58:08 +0100] "GET /lexikon.php?cs_go=3&cs_id=189 HTTP/1.1" 200 5789 "-" "Mozilla/5.0 (compatible; SISTRIX Crawler; http://crawler.sistrix.net/)"
144.76.71.140 - - [14/Mar/2014:01:58:09 +0100] "GET /lexikon.php?cs_go=3&cs_id=131 HTTP/1.1" 200 5940 "-" "Mozilla/5.0 (compatible; SISTRIX Crawler; http://crawler.sistrix.net/)"
144.76.71.140 - - [14/Mar/2014:01:58:09 +0100] "GET /lexikon.php?cs_go=3&cs_id=13 HTTP/1.1" 200 5626 "-" "Mozilla/5.0 (compatible; SISTRIX Crawler; http://crawler.sistrix.net/)"
144.76.71.140 - - [14/Mar/2014:01:58:09 +0100] "GET /lexikon.php?cs_go=3&cs_id=177 HTTP/1.1" 200 5546 "-" "Mozilla/5.0 (compatible; SISTRIX Crawler; http://crawler.sistrix.net/)"
144.76.71.140 - - [14/Mar/2014:01:58:09 +0100] "GET /lexikon.php?cs_go=3&cs_id=42 HTTP/1.1" 200 5936 "-" "Mozilla/5.0 (compatible; SISTRIX Crawler; http://crawler.sistrix.net/)"
144.76.71.140 - - [14/Mar/2014:01:58:10 +0100] "GET /lexikon.php?cs_go=3&cs_id=176 HTTP/1.1" 200 5851 "-" "Mozilla/5.0 (compatible; SISTRIX Crawler; http://crawler.sistrix.net/)"
144.76.71.140 - - [14/Mar/2014:01:58:10 +0100] "GET /lexikon.php?cs_go=3&cs_id=43 HTTP/1.1" 200 5567 "-" "Mozilla/5.0 (compatible; SISTRIX Crawler; http://crawler.sistrix.net/)"
144.76.71.140 - - [14/Mar/2014:01:58:10 +0100] "GET /lexikon.php?cs_go=3&cs_id=132 HTTP/1.1" 200 5548 "-" "Mozilla/5.0 (compatible; SISTRIX Crawler; http://crawler.sistrix.net/)"
144.76.71.140 - - [14/Mar/2014:01:58:10 +0100] "GET /lexikon.php?cs_go=3&cs_id=16 HTTP/1.1" 200 6494 "-" "Mozilla/5.0 (compatible; SISTRIX Crawler; http://crawler.sistrix.net/)"
144.76.71.140 - - [14/Mar/2014:01:58:11 +0100] "GET /lexikon.php?cs_go=3&cs_id=226 HTTP/1.1" 200 6317 "-" "Mozilla/5.0 (compatible; SISTRIX Crawler; http://crawler.sistrix.net/)"
144.76.71.140 - - [14/Mar/2014:01:58:11 +0100] "GET /lexikon.php?cs_go=3&cs_id=144 HTTP/1.1" 200 7415 "-" "Mozilla/5.0 (compatible; SISTRIX Crawler; http://crawler.sistrix.net/)"
144.76.71.140 - - [14/Mar/2014:01:58:11 +0100] "GET /lexikon.php?cs_go=3&cs_id=94 HTTP/1.1" 200 6042 "-" "Mozilla/5.0 (compatible; SISTRIX Crawler; http://crawler.sistrix.net/)"
144.76.71.140 - - [14/Mar/2014:01:58:11 +0100] "GET /lexikon.php?cs_go=3&cs_id=71 HTTP/1.1" 200 6685 "-" "Mozilla/5.0 (compatible; SISTRIX Crawler; http://crawler.sistrix.net/)"
144.76.71.140 - - [14/Mar/2014:01:58:12 +0100] "GET /news.php?cs_go=archiv&cs_id=4785&cs_search= HTTP/1.1" 200 7339 "-" "Mozilla/5.0 (compatible; SISTRIX Crawler; http://crawler.sistrix.net/)"
144.76.71.140 - - [14/Mar/2014:01:58:12 +0100] "GET /news.php?cs_go=archiv&cs_id=4830&cs_search= HTTP/1.1" 200 8656 "-" "Mozilla/5.0 (compatible; SISTRIX Crawler; http://crawler.sistrix.net/)"
144.76.71.140 - - [14/Mar/2014:01:58:12 +0100] "GET /news.php?cs_go=archiv&cs_id=4828&cs_search= HTTP/1.1" 200 10802 "-" "Mozilla/5.0 (compatible; SISTRIX Crawler; http://crawler.sistrix.net/)"
144.76.71.140 - - [14/Mar/2014:01:58:12 +0100] "GET /news.php?cs_go=archiv&cs_id=4842&cs_search= HTTP/1.1" 200 11234 "-" "Mozilla/5.0 (compatible; SISTRIX Crawler; http://crawler.sistrix.net/)"
144.76.71.140 - - [14/Mar/2014:01:58:13 +0100] "GET /news.php?cs_go=archiv&cs_id=4827&cs_search= HTTP/1.1" 200 10217 "-" "Mozilla/5.0 (compatible; SISTRIX Crawler; http://crawler.sistrix.net/)"
144.76.71.140 - - [14/Mar/2014:01:58:13 +0100] "GET /news.php?cs_go=archiv&cs_id=4844&cs_search= HTTP/1.1" 200 11362 "-" "Mozilla/5.0 (compatible; SISTRIX Crawler; http://crawler.sistrix.net/)"
144.76.71.140 - - [14/Mar/2014:01:58:13 +0100] "GET /news.php?cs_go=archiv&cs_id=4839&cs_search= HTTP/1.1" 200 8042 "-" "Mozilla/5.0 (compatible; SISTRIX Crawler; http://crawler.sistrix.net/)"
144.76.71.140 - - [14/Mar/2014:01:58:13 +0100] "GET /news.php?cs_go=archiv&cs_id=4843&cs_search= HTTP/1.1" 200 7551 "-" "Mozilla/5.0 (compatible; SISTRIX Crawler; http://crawler.sistrix.net/)"
144.76.71.140 - - [14/Mar/2014:01:58:14 +0100] "GET /news.php?cs_go=archiv&cs_id=4835&cs_search= HTTP/1.1" 200 7606 "-" "Mozilla/5.0 (compatible; SISTRIX Crawler; http://crawler.sistrix.net/)"
144.76.71.140 - - [14/Mar/2014:01:58:14 +0100] "GET /news.php?cs_go=archiv&cs_id=4845&cs_search= HTTP/1.1" 200 9332 "-" "Mozilla/5.0 (compatible; SISTRIX Crawler; http://crawler.sistrix.net/)"
144.76.71.140 - - [14/Mar/2014:01:58:14 +0100] "GET /news.php?cs_go=archiv&cs_id=4837&cs_search= HTTP/1.1" 200 11721 "-" "Mozilla/5.0 (compatible; SISTRIX Crawler; http://crawler.sistrix.net/)"
144.76.71.140 - - [14/Mar/2014:01:58:14 +0100] "GET /news.php?cs_go=archiv&cs_id=4841&cs_search= HTTP/1.1" 200 7450 "-" "Mozilla/5.0 (compatible; SISTRIX Crawler; http://crawler.sistrix.net/)"
144.76.71.140 - - [14/Mar/2014:01:58:15 +0100] "GET /news.php?cs_go=archiv&cs_id=4834&cs_search= HTTP/1.1" 200 8995 "-" "Mozilla/5.0 (compatible; SISTRIX Crawler; http://crawler.sistrix.net/)"
144.76.71.140 - - [14/Mar/2014:01:58:15 +0100] "GET /news.php?cs_go=archiv&cs_id=4846&cs_search= HTTP/1.1" 200 7568 "-" "Mozilla/5.0 (compatible; SISTRIX Crawler; http://crawler.sistrix.net/)"
144.76.71.140 - - [14/Mar/2014:01:58:15 +0100] "GET /news.php?cs_go=archiv&cs_id=4838&cs_search= HTTP/1.1" 200 7533 "-" "Mozilla/5.0 (compatible; SISTRIX Crawler; http://crawler.sistrix.net/)"
144.76.71.140 - - [14/Mar/2014:01:58:15 +0100] "GET /news.php?cs_go=archiv&cs_id=4847&cs_search= HTTP/1.1" 200 8381 "-" "Mozilla/5.0 (compatible; SISTRIX Crawler; http://crawler.sistrix.net/)"
144.76.71.140 - - [14/Mar/2014:01:58:16 +0100] "GET /news.php?cs_go=archiv&cs_id=4836&cs_search= HTTP/1.1" 200 7327 "-" "Mozilla/5.0 (compatible; SISTRIX Crawler; http://crawler.sistrix.net/)"
144.76.71.140 - - [14/Mar/2014:01:58:16 +0100] "GET /news.php?cs_go=archiv&cs_id=4829&cs_search= HTTP/1.1" 200 9791 "-" "Mozilla/5.0 (compatible; SISTRIX Crawler; http://crawler.sistrix.net/)"
144.76.71.140 - - [14/Mar/2014:01:58:16 +0100] "GET /news.php?cs_go=archiv&cs_id=4833&cs_search= HTTP/1.1" 200 11520 "-" "Mozilla/5.0 (compatible; SISTRIX Crawler; http://crawler.sistrix.net/)"
144.76.71.140 - - [14/Mar/2014:01:58:16 +0100] "GET /news.php?cs_go=archiv&cs_startpos=151 HTTP/1.1" 200 20302 "-" "Mozilla/5.0 (compatible; SISTRIX Crawler; http://crawler.sistrix.net/)"
144.76.71.140 - - [14/Mar/2014:01:58:17 +0100] "GET /news.php?cs_go=archiv&cs_id=4840&cs_search= HTTP/1.1" 200 11313 "-" "Mozilla/5.0 (compatible; SISTRIX Crawler; http://crawler.sistrix.net/)"
144.76.71.140 - - [14/Mar/2014:01:58:17 +0100] "GET /news.php?cs_go=archiv&cs_id=4850&cs_search= HTTP/1.1" 200 11407 "-" "Mozilla/5.0 (compatible; SISTRIX Crawler; http://crawler.sistrix.net/)"
5.10.83.42 - - [14/Mar/2014:02:03:19 +0100] "GET /news.php?cs_go=archiv&cs_id=4933&cs_search= HTTP/1.1" 200 13133 "-" "Mozilla/5.0 (compatible; AhrefsBot/5.0; +http://ahrefs.com/robot/)"
66.249.65.137 - - [14/Mar/2014:02:13:19 +0100] "GET /news.php?cs_go=archiv&cs_id=4665&cs_search= HTTP/1.1" 200 8135 "-" "Mozilla/5.0 (compatible; Googlebot/2.1; +http://www.google.com/bot.html)"
66.249.73.233 - - [14/Mar/2014:02:18:57 +0100] "GET /news.php?cs_go=archiv&cs_id=4190 HTTP/1.1" 200 7676 "-" "Mozilla/5.0 (iPhone; CPU iPhone OS 6_0 like Mac OS X) AppleWebKit/536.26 (KHTML, like Gecko) Version/6.0 Mobile/10A5376e Safari/8536.25 (compatible; Googlebot/2.1; +http://www.google.com/bot.html)"
208.115.111.75 - - [14/Mar/2014:02:35:23 +0100] "GET /robots.txt HTTP/1.1" 200 177 "-" "Mozilla/5.0 (compatible; Ezooms/1.0; help@moz.com)"
66.249.73.232 - - [14/Mar/2014:02:37:24 +0100] "GET /news.php?cs_go=archiv&cs_id=4661&cs_search= HTTP/1.1" 200 8654 "-" "Mozilla/5.0 (compatible; Googlebot/2.1; +http://www.google.com/bot.html)"
66.249.73.13 - - [14/Mar/2014:02:49:23 +0100] "GET /lexikon.php?cs_go=3&cs_id=212 HTTP/1.1" 200 6107 "-" "Mozilla/5.0 (compatible; Googlebot/2.1; +http://www.google.com/bot.html)"
5.10.83.12 - - [14/Mar/2014:02:50:08 +0100] "GET /news.php?cs_go=archiv&cs_id=4952 HTTP/1.1" 200 11256 "-" "Mozilla/5.0 (compatible; AhrefsBot/5.0; +http://ahrefs.com/robot/)"
208.115.113.91 - - [14/Mar/2014:02:51:07 +0100] "GET /news.php?cs_go=archiv&cs_startpos=120 HTTP/1.1" 200 20356 "-" "Mozilla/5.0 (compatible; Ezooms/1.0; help@moz.com)"
178.255.215.64 - - [14/Mar/2014:03:03:43 +0100] "GET /news.php?cs_go=archiv&cs_id=2918 HTTP/1.1" 200 11152 "-" "Mozilla/5.0 (compatible; Exabot/3.0; +http://www.exabot.com/go/robot)"
66.249.73.5 - - [14/Mar/2014:03:12:14 +0100] "GET /news.php?cs_go=archiv&cs_id=4766&cs_search= HTTP/1.1" 200 11327 "-" "Mozilla/5.0 (compatible; Googlebot/2.1; +http://www.google.com/bot.html)"
66.249.65.169 - - [14/Mar/2014:03:12:54 +0100] "GET /news.php?cs_go=archiv&cs_id=4049 HTTP/1.1" 200 10889 "-" "Mozilla/5.0 (iPhone; CPU iPhone OS 6_0 like Mac OS X) AppleWebKit/536.26 (KHTML, like Gecko) Version/6.0 Mobile/10A5376e Safari/8536.25 (compatible; Googlebot/2.1; +http://www.google.com/bot.html)"
66.249.73.18 - - [14/Mar/2014:03:56:30 +0100] "GET /robots.txt HTTP/1.1" 200 177 "-" "Mozilla/5.0 (compatible; Googlebot/2.1; +http://www.google.com/bot.html)"
66.249.65.137 - - [14/Mar/2014:03:56:31 +0100] "GET /lexikon.php?cs_go=3&cs_id=38 HTTP/1.1" 200 5736 "-" "Mozilla/5.0 (compatible; Googlebot/2.1; +http://www.google.com/bot.html)"
66.249.67.137 - - [14/Mar/2014:04:05:37 +0100] "GET /lexikon.php?cs_go=3&cs_id=233 HTTP/1.1" 200 6564 "-" "Mozilla/5.0 (compatible; Googlebot/2.1; +http://www.google.com/bot.html)"
66.249.65.137 - - [14/Mar/2014:04:06:11 +0100] "GET /news.php?cs_go=archiv&cs_id=4109 HTTP/1.1" 200 8956 "-" "Mozilla/5.0 (iPhone; CPU iPhone OS 6_0 like Mac OS X) AppleWebKit/536.26 (KHTML, like Gecko) Version/6.0 Mobile/10A5376e Safari/8536.25 (compatible; Googlebot/2.1; +http://www.google.com/bot.html)"
66.249.65.169 - - [14/Mar/2014:04:02:37 +0100] "GET /news.php?cs_go=archiv&cs_startpos=160 HTTP/1.1" 200 20154 "-" "Mozilla/5.0 (compatible; Googlebot/2.1; +http://www.google.com/bot.html)"
66.249.65.169 - - [14/Mar/2014:04:09:03 +0100] "GET /news.php?cs_go=archiv&cs_startpos=160 HTTP/1.1" 200 20154 "-" "Mozilla/5.0 (compatible; Googlebot/2.1; +http://www.google.com/bot.html)"
66.249.65.169 - - [14/Mar/2014:04:12:17 +0100] "GET /lexikon.php?cs_go=2&cs_char=p HTTP/1.1" 200 6730 "-" "Mozilla/5.0 (compatible; Googlebot/2.1; +http://www.google.com/bot.html)"
66.249.65.137 - - [14/Mar/2014:04:22:06 +0100] "GET /news.php?cs_go=archiv&cs_startpos=50 HTTP/1.1" 200 20618 "-" "SAMSUNG-SGH-E250/1.0 Profile/MIDP-2.0 Configuration/CLDC-1.1 UP.Browser/6.2.3.3.c.1.101 (GUI) MMP/2.0 (compatible; Googlebot-Mobile/2.1; +http://www.google.com/bot.html)"
66.249.65.201 - - [14/Mar/2014:04:22:47 +0100] "GET /lexikon.php?cs_go=2&cs_char=q HTTP/1.1" 200 5726 "-" "Mozilla/5.0 (compatible; Googlebot/2.1; +http://www.google.com/bot.html)"
208.115.111.75 - - [14/Mar/2014:04:25:32 +0100] "GET /edl.php HTTP/1.1" 200 8596 "-" "Mozilla/5.0 (compatible; Ezooms/1.0; help@moz.com)"
157.56.93.83 - - [14/Mar/2014:04:40:37 +0100] "GET /robots.txt HTTP/1.1" 200 177 "-" "Mozilla/5.0 (compatible; bingbot/2.0; +http://www.bing.com/bingbot.htm)"
157.56.93.83 - - [14/Mar/2014:04:41:59 +0100] "GET /modernisierung.php?cs_gp_go=description HTTP/1.1" 200 8408 "-" "Mozilla/5.0 (compatible; bingbot/2.0; +http://www.bing.com/bingbot.htm)"
66.249.65.137 - - [14/Mar/2014:04:48:23 +0100] "GET /lexikon.php?cs_go=3&cs_id=63 HTTP/1.1" 200 5926 "-" "Mozilla/5.0 (compatible; Googlebot/2.1; +http://www.google.com/bot.html)"
66.249.73.17 - - [14/Mar/2014:04:51:26 +0100] "GET /news.php?cs_go=archiv&cs_startpos=180 HTTP/1.1" 200 19754 "-" "Mozilla/5.0 (compatible; Googlebot/2.1; +http://www.google.com/bot.html)"
208.115.113.91 - - [14/Mar/2014:04:54:47 +0100] "GET /robots.txt HTTP/1.1" 200 177 "-" "Mozilla/5.0 (compatible; Ezooms/1.0; help@moz.com)"
66.249.73.232 - - [14/Mar/2014:05:00:24 +0100] "GET /news.php?cs_go=archiv&cs_id=3455&cs_search= HTTP/1.1" 200 7480 "-" "Mozilla/5.0 (iPhone; CPU iPhone OS 6_0 like Mac OS X) AppleWebKit/536.26 (KHTML, like Gecko) Version/6.0 Mobile/10A5376e Safari/8536.25 (compatible; Googlebot/2.1; +http://www.google.com/bot.html)"
66.249.65.137 - - [14/Mar/2014:05:40:16 +0100] "GET /lexikon.php?cs_go=3&cs_id=162 HTTP/1.1" 200 6964 "-" "Mozilla/5.0 (compatible; Googlebot/2.1; +http://www.google.com/bot.html)"
66.249.73.232 - - [14/Mar/2014:05:46:22 +0100] "GET /news.php?cs_go=archiv&cs_startpos=40 HTTP/1.1" 200 20453 "-" "Mozilla/5.0 (compatible; Googlebot/2.1; +http://www.google.com/bot.html)"
65.36.241.79 - - [14/Mar/2014:05:52:57 +0100] "HEAD / HTTP/1.1" 200 - "-" "InternetSeer.com"
66.249.65.137 - - [14/Mar/2014:05:54:06 +0100] "GET /news.php?cs_go=archiv&cs_id=2941 HTTP/1.1" 200 11858 "-" "Mozilla/5.0 (iPhone; CPU iPhone OS 6_0 like Mac OS X) AppleWebKit/536.26 (KHTML, like Gecko) Version/6.0 Mobile/10A5376e Safari/8536.25 (compatible; Googlebot/2.1; +http://www.google.com/bot.html)"
50.23.105.254 - - [14/Mar/2014:05:56:06 +0100] "GET / HTTP/1.1" 200 13979 "-" "Python-urllib/2.6"
66.249.73.16 - - [14/Mar/2014:06:03:21 +0100] "GET /news.php?cs_go=archiv&cs_id=4654&cs_search= HTTP/1.1" 200 11350 "-" "Mozilla/5.0 (compatible; Googlebot/2.1; +http://www.google.com/bot.html)"
157.55.33.24 - - [14/Mar/2014:06:28:55 +0100] "GET /news.php?cs_go=archiv&cs_id=3474 HTTP/1.1" 200 10978 "-" "Mozilla/5.0 (compatible; bingbot/2.0; +http://www.bing.com/bingbot.htm)"
66.249.65.137 - - [14/Mar/2014:06:35:11 +0100] "GET /news.php?cs_go=archiv&cs_id=4208 HTTP/1.1" 200 7928 "-" "Mozilla/5.0 (compatible; Googlebot/2.1; +http://www.google.com/bot.html)"
66.249.65.201 - - [14/Mar/2014:06:47:24 +0100] "GET /news.php?cs_go=archiv&cs_id=4782 HTTP/1.1" 200 7501 "-" "Mozilla/5.0 (compatible; Googlebot/2.1; +http://www.google.com/bot.html)"
66.249.73.228 - - [14/Mar/2014:06:47:37 +0100] "GET /news.php?cs_go=archiv&cs_id=4374 HTTP/1.1" 200 8706 "-" "Mozilla/5.0 (iPhone; CPU iPhone OS 6_0 like Mac OS X) AppleWebKit/536.26 (KHTML, like Gecko) Version/6.0 Mobile/10A5376e Safari/8536.25 (compatible; Googlebot/2.1; +http://www.google.com/bot.html)"
141.8.147.12 - - [14/Mar/2014:06:49:09 +0100] "GET /robots.txt HTTP/1.1" 200 177 "-" "Mozilla/5.0 (compatible; YandexBot/3.0; +http://yandex.com/bots)"
208.115.113.91 - - [14/Mar/2014:06:51:47 +0100] "GET /kontakt.php HTTP/1.1" 200 6966 "-" "Mozilla/5.0 (compatible; Ezooms/1.0; help@moz.com)"
208.115.113.91 - - [14/Mar/2014:06:51:50 +0100] "GET /newsletter.php HTTP/1.1" 200 6492 "-" "Mozilla/5.0 (compatible; Ezooms/1.0; help@moz.com)"
220.181.108.85 - - [14/Mar/2014:06:58:42 +0100] "GET / HTTP/1.1" 200 9433 "-" "Mozilla/5.0 (compatible; Baiduspider/2.0; +http://www.baidu.com/search/spider.html)"
123.125.71.15 - - [14/Mar/2014:06:59:16 +0100] "GET / HTTP/1.1" 200 13979 "-" "Mozilla/5.0 (compatible; Baiduspider/2.0; +http://www.baidu.com/search/spider.html)"
66.249.65.201 - - [14/Mar/2014:06:59:36 +0100] "GET /lexikon.php?cs_go=3&cs_id=19 HTTP/1.1" 200 7531 "-" "Mozilla/5.0 (compatible; Googlebot/2.1; +http://www.google.com/bot.html)"
66.249.65.201 - - [14/Mar/2014:07:00:41 +0100] "GET /news.php?cs_go=archiv&cs_id=4040 HTTP/1.1" 200 10047 "-" "SAMSUNG-SGH-E250/1.0 Profile/MIDP-2.0 Configuration/CLDC-1.1 UP.Browser/6.2.3.3.c.1.101 (GUI) MMP/2.0 (compatible; Googlebot-Mobile/2.1; +http://www.google.com/bot.html)"
66.249.73.228 - - [14/Mar/2014:07:03:13 +0100] "GET /news.php?cs_go=archiv&cs_id=4651 HTTP/1.1" 200 7557 "-" "Mozilla/5.0 (compatible; Googlebot/2.1; +http://www.google.com/bot.html)"
66.249.73.239 - - [14/Mar/2014:07:05:05 +0100] "GET /news.php?cs_go=archiv&cs_id=3736 HTTP/1.1" 200 10954 "-" "Mozilla/5.0 (compatible; Googlebot/2.1; +http://www.google.com/bot.html)"
66.249.73.9 - - [14/Mar/2014:07:21:48 +0100] "GET /news.php?cs_go=archiv&cs_id=4670&cs_search= HTTP/1.1" 200 7530 "-" "Mozilla/5.0 (compatible; Googlebot/2.1; +http://www.google.com/bot.html)"
110.89.9.154 - - [14/Mar/2014:07:27:03 +0100] "GET /news.php?cs_go=archiv&cs_id=4545 HTTP/1.0" 200 9724 "http://www.mink-gmbh.de/news.php?cs_go=archiv&cs_id=4545" "Mozilla/4.0 (compatible; MSIE 8.0; Windows NT 5.2; Trident/4.0; .NET CLR 1.1.4322)"
157.55.33.24 - - [14/Mar/2014:07:29:47 +0100] "GET / HTTP/1.1" 200 13979 "-" "Mozilla/5.0 (compatible; bingbot/2.0; +http://www.bing.com/bingbot.htm)"
199.30.24.193 - - [14/Mar/2014:07:29:50 +0100] "GET /modul.css HTTP/1.1" 200 35038 "http://www.mink-gmbh.de/" "Mozilla/5.0 (Windows NT 6.1; WOW64) AppleWebKit/534+ (KHTML, like Gecko) BingPreview/1.0b"
199.30.24.193 - - [14/Mar/2014:07:29:52 +0100] "GET /js_contentserver24_greybox/gb_styles.css HTTP/1.1" 200 2302 "http://www.mink-gmbh.de/" "Mozilla/5.0 (Windows NT 6.1; WOW64) AppleWebKit/534+ (KHTML, like Gecko) BingPreview/1.0b"
199.30.24.193 - - [14/Mar/2014:07:29:52 +0100] "GET /js_contentserver24_greybox/AJS.js HTTP/1.1" 200 10396 "http://www.mink-gmbh.de/" "Mozilla/5.0 (Windows NT 6.1; WOW64) AppleWebKit/534+ (KHTML, like Gecko) BingPreview/1.0b"
199.30.24.193 - - [14/Mar/2014:07:29:52 +0100] "GET /js_contentserver24_greybox/gb_scripts.js HTTP/1.1" 200 11913 "http://www.mink-gmbh.de/" "Mozilla/5.0 (Windows NT 6.1; WOW64) AppleWebKit/534+ (KHTML, like Gecko) BingPreview/1.0b"
199.30.24.193 - - [14/Mar/2014:07:29:53 +0100] "GET /images/newsletter.png HTTP/1.1" 200 14619 "http://www.mink-gmbh.de/" "Mozilla/5.0 (Windows NT 6.1; WOW64) AppleWebKit/534+ (KHTML, like Gecko) BingPreview/1.0b"
199.30.24.193 - - [14/Mar/2014:07:29:53 +0100] "GET /images/newsletter_bg.jpg HTTP/1.1" 200 33610 "http://www.mink-gmbh.de/" "Mozilla/5.0 (Windows NT 6.1; WOW64) AppleWebKit/534+ (KHTML, like Gecko) BingPreview/1.0b"
199.30.24.193 - - [14/Mar/2014:07:29:54 +0100] "GET /images/navibg.png HTTP/1.1" 200 2803 "http://www.mink-gmbh.de/" "Mozilla/5.0 (Windows NT 6.1; WOW64) AppleWebKit/534+ (KHTML, like Gecko) BingPreview/1.0b"
199.30.24.193 - - [14/Mar/2014:07:29:54 +0100] "GET /images/fallend.png HTTP/1.1" 200 713 "http://www.mink-gmbh.de/" "Mozilla/5.0 (Windows NT 6.1; WOW64) AppleWebKit/534+ (KHTML, like Gecko) BingPreview/1.0b"
199.30.24.193 - - [14/Mar/2014:07:29:54 +0100] "GET /js_contentserver24_greybox/loader_frame.html?s=0 HTTP/1.1" 200 2084 "http://www.mink-gmbh.de/" "Mozilla/5.0 (Windows NT 6.1; WOW64) AppleWebKit/534+ (KHTML, like Gecko) BingPreview/1.0b"
199.30.24.193 - - [14/Mar/2014:07:29:54 +0100] "GET /images/team-energie.png HTTP/1.1" 200 17383 "http://www.mink-gmbh.de/" "Mozilla/5.0 (Windows NT 6.1; WOW64) AppleWebKit/534+ (KHTML, like Gecko) BingPreview/1.0b"
199.30.24.193 - - [14/Mar/2014:07:29:54 +0100] "GET /images/freecall.jpg HTTP/1.1" 200 39195 "http://www.mink-gmbh.de/" "Mozilla/5.0 (Windows NT 6.1; WOW64) AppleWebKit/534+ (KHTML, like Gecko) BingPreview/1.0b"
199.30.24.193 - - [14/Mar/2014:07:29:54 +0100] "GET /images/mail.jpg HTTP/1.1" 200 12099 "http://www.mink-gmbh.de/" "Mozilla/5.0 (Windows NT 6.1; WOW64) AppleWebKit/534+ (KHTML, like Gecko) BingPreview/1.0b"
199.30.24.193 - - [14/Mar/2014:07:29:55 +0100] "GET /images/kwk.gif HTTP/1.1" 200 6403 "http://www.mink-gmbh.de/" "Mozilla/5.0 (Windows NT 6.1; WOW64) AppleWebKit/534+ (KHTML, like Gecko) BingPreview/1.0b"
199.30.24.193 - - [14/Mar/2014:07:29:55 +0100] "GET /images/wunschpreis.jpg HTTP/1.1" 200 16767 "http://www.mink-gmbh.de/" "Mozilla/5.0 (Windows NT 6.1; WOW64) AppleWebKit/534+ (KHTML, like Gecko) BingPreview/1.0b"
199.30.24.193 - - [14/Mar/2014:07:29:55 +0100] "GET /images/logos.jpg?cache1203 HTTP/1.1" 200 35043 "http://www.mink-gmbh.de/" "Mozilla/5.0 (Windows NT 6.1; WOW64) AppleWebKit/534+ (KHTML, like Gecko) BingPreview/1.0b"
199.30.24.193 - - [14/Mar/2014:07:29:56 +0100] "GET /js_contentserver24_greybox/indicator.gif HTTP/1.1" 200 8238 "http://www.mink-gmbh.de/js_contentserver24_greybox/loader_frame.html?s=0" "Mozilla/5.0 (Windows NT 6.1; WOW64) AppleWebKit/534+ (KHTML, like Gecko) BingPreview/1.0b"
199.30.24.193 - - [14/Mar/2014:07:29:58 +0100] "GET /js_contentserver24_greybox/g_close.gif HTTP/1.1" 200 541 "http://www.mink-gmbh.de/" "Mozilla/5.0 (Windows NT 6.1; WOW64) AppleWebKit/534+ (KHTML, like Gecko) BingPreview/1.0b"
66.249.65.169 - - [14/Mar/2014:07:36:13 +0100] "GET /lexikon.php?cs_go=3&cs_id=30 HTTP/1.1" 200 5561 "-" "Mozilla/5.0 (compatible; Googlebot/2.1; +http://www.google.com/bot.html)"
66.249.65.137 - - [14/Mar/2014:07:41:04 +0100] "GET /news.php?cs_go=archiv&cs_id=4075 HTTP/1.1" 200 10173 "-" "Mozilla/5.0 (iPhone; CPU iPhone OS 6_0 like Mac OS X) AppleWebKit/536.26 (KHTML, like Gecko) Version/6.0 Mobile/10A5376e Safari/8536.25 (compatible; Googlebot/2.1; +http://www.google.com/bot.html)"
93.186.202.253 - - [14/Mar/2014:07:41:16 +0100] "GET /news.php?cs_go=archiv&cs_id=2941 HTTP/1.1" 200 11858 "-" "Mozilla/5.0 (X11; Linux i686; rv:6.0) Gecko/20100101 Firefox/6.0"
66.249.65.201 - - [14/Mar/2014:07:45:22 +0100] "GET /news.php?cs_go=archiv&cs_id=4149 HTTP/1.1" 200 9250 "-" "Mozilla/5.0 (compatible; Googlebot/2.1; +http://www.google.com/bot.html)"
66.249.65.137 - - [14/Mar/2014:08:06:44 +0100] "GET /news.php?cs_go=archiv&cs_startpos=50 HTTP/1.1" 200 20483 "-" "Mozilla/5.0 (compatible; Googlebot/2.1; +http://www.google.com/bot.html)"
157.55.33.24 - - [14/Mar/2014:08:08:37 +0100] "GET / HTTP/1.1" 200 13969 "-" "Mozilla/5.0 (compatible; bingbot/2.0; +http://www.bing.com/bingbot.htm)"
141.8.147.12 - - [14/Mar/2014:08:23:09 +0100] "GET / HTTP/1.1" 200 13969 "-" "Mozilla/5.0 (compatible; YandexBot/3.0; +http://yandex.com/bots)"
66.249.73.16 - - [14/Mar/2014:08:36:13 +0100] "GET /news.php?cs_go=archiv&cs_id=3416&cs_search= HTTP/1.1" 200 7506 "-" "Mozilla/5.0 (iPhone; CPU iPhone OS 6_0 like Mac OS X) AppleWebKit/536.26 (KHTML, like Gecko) Version/6.0 Mobile/10A5376e Safari/8536.25 (compatible; Googlebot/2.1; +http://www.google.com/bot.html)"
66.249.65.137 - - [14/Mar/2014:08:37:14 +0100] "GET /news.php?cs_go=archiv&cs_id=3691 HTTP/1.1" 200 11228 "-" "Mozilla/5.0 (compatible; Googlebot/2.1; +http://www.google.com/bot.html)"
66.249.73.230 - - [14/Mar/2014:08:55:33 +0100] "GET /news.php?cs_go=archiv&cs_id=3744&cs_search= HTTP/1.1" 200 9818 "-" "Mozilla/5.0 (compatible; Googlebot/2.1; +http://www.google.com/bot.html)"
66.249.65.137 - - [14/Mar/2014:09:01:39 +0100] "GET /news.php?cs_go=archiv&cs_id=4261&cs_search= HTTP/1.1" 200 9378 "-" "Mozilla/5.0 (compatible; Googlebot/2.1; +http://www.google.com/bot.html)"
5.10.83.97 - - [14/Mar/2014:09:02:36 +0100] "GET /standard.php HTTP/1.1" 200 6770 "-" "Mozilla/5.0 (compatible; AhrefsBot/5.0; +http://ahrefs.com/robot/)"
66.249.65.137 - - [14/Mar/2014:09:30:02 +0100] "GET /news.php?cs_go=archiv&cs_id=3402&cs_search= HTTP/1.1" 200 7477 "-" "Mozilla/5.0 (iPhone; CPU iPhone OS 6_0 like Mac OS X) AppleWebKit/536.26 (KHTML, like Gecko) Version/6.0 Mobile/10A5376e Safari/8536.25 (compatible; Googlebot/2.1; +http://www.google.com/bot.html)"
66.249.65.169 - - [14/Mar/2014:09:31:28 +0100] "GET /news.php?cs_go=archiv&cs_id=4642&cs_search= HTTP/1.1" 200 11767 "-" "Mozilla/5.0 (compatible; Googlebot/2.1; +http://www.google.com/bot.html)"
5.10.83.39 - - [14/Mar/2014:09:37:26 +0100] "GET /news.php?cs_go=archiv&cs_id=5013&cs_search= HTTP/1.1" 200 7462 "-" "Mozilla/5.0 (compatible; AhrefsBot/5.0; +http://ahrefs.com/robot/)"
66.249.65.201 - - [14/Mar/2014:09:41:19 +0100] "GET / HTTP/1.1" 200 13969 "-" "Mozilla/5.0 (compatible; Googlebot/2.1; +http://www.google.com/bot.html)"
66.249.65.137 - - [14/Mar/2014:09:44:22 +0100] "GET /faq.php HTTP/1.1" 200 216832 "-" "Mozilla/5.0 (compatible; Googlebot/2.1; +http://www.google.com/bot.html)"
66.249.65.169 - - [14/Mar/2014:09:45:29 +0100] "GET /js_contentserver24_greybox/gb_styles.css HTTP/1.1" 200 2302 "-" "Mozilla/5.0 (compatible; Googlebot/2.1; +http://www.google.com/bot.html)"
141.8.147.12 - - [14/Mar/2014:09:46:17 +0100] "GET /index.php HTTP/1.1" 200 13969 "-" "Mozilla/5.0 (compatible; YandexBot/3.0; +http://yandex.com/bots)"
66.249.65.201 - - [14/Mar/2014:09:50:29 +0100] "GET /news.php?cs_go=archiv&cs_id=4794 HTTP/1.1" 200 8522 "-" "Mozilla/5.0 (compatible; Googlebot/2.1; +http://www.google.com/bot.html)"
66.249.73.238 - - [14/Mar/2014:09:59:38 +0100] "GET /news.php?cs_go=archiv&cs_id=4755&cs_search= HTTP/1.1" 200 10039 "-" "Mozilla/5.0 (compatible; Googlebot/2.1; +http://www.google.com/bot.html)"
66.249.65.201 - - [14/Mar/2014:10:02:41 +0100] "GET /news.php?cs_go=archiv&cs_id=4504 HTTP/1.1" 200 11769 "-" "Mozilla/5.0 (compatible; Googlebot/2.1; +http://www.google.com/bot.html)"
208.115.111.75 - - [14/Mar/2014:10:36:51 +0100] "GET /robots.txt HTTP/1.1" 200 177 "-" "Mozilla/5.0 (compatible; Ezooms/1.0; help@moz.com)"
144.76.95.231 - - [14/Mar/2014:10:50:58 +0100] "GET /robots.txt HTTP/1.0" 200 177 "-" "Mozilla/5.0 (compatible; MJ12bot/v1.4.4; http://www.majestic12.co.uk/bot.php?+)"
144.76.95.231 - - [14/Mar/2014:10:51:54 +0100] "GET /news.php?cs_go=archiv&cs_id=4188 HTTP/1.0" 200 7640 "-" "Mozilla/5.0 (compatible; MJ12bot/v1.4.4; http://www.majestic12.co.uk/bot.php?+)"
144.76.95.231 - - [14/Mar/2014:10:51:58 +0100] "GET /news.php?cs_go=archiv&cs_id=4189 HTTP/1.0" 200 9578 "-" "Mozilla/5.0 (compatible; MJ12bot/v1.4.4; http://www.majestic12.co.uk/bot.php?+)"
144.76.95.231 - - [14/Mar/2014:10:52:04 +0100] "GET /news.php?cs_go=archiv&cs_id=4190 HTTP/1.0" 200 7676 "-" "Mozilla/5.0 (compatible; MJ12bot/v1.4.4; http://www.majestic12.co.uk/bot.php?+)"
95.38.120.221 - - [14/Mar/2014:11:11:45 +0100] "GET //components/com_community/index.html HTTP/1.1" 404 5342 "-" "Mozilla/4.0 (compatible; MSIE 6.0; Windows 98)"
93.186.202.241 - - [14/Mar/2014:11:19:40 +0100] "GET /news.php?cs_go=archiv&cs_id=4156&cs_search= HTTP/1.1" 200 10588 "-" "Mozilla/5.0 (X11; Linux i686; rv:6.0) Gecko/20100101 Firefox/6.0"
141.8.147.12 - - [14/Mar/2014:11:36:26 +0100] "GET /wunschpreis.php HTTP/1.1" 200 10237 "-" "Mozilla/5.0 (compatible; YandexBot/3.0; +http://yandex.com/bots)"
141.8.147.12 - - [14/Mar/2014:11:38:03 +0100] "GET /energiesparcheck.php HTTP/1.1" 200 11144 "-" "Mozilla/5.0 (compatible; YandexBot/3.0; +http://yandex.com/bots)"
141.8.147.12 - - [14/Mar/2014:11:38:05 +0100] "GET / HTTP/1.1" 200 13855 "-" "Mozilla/5.0 (compatible; YandexBot/3.0; +http://yandex.com/bots)"
141.8.147.12 - - [14/Mar/2014:11:38:08 +0100] "GET /index.php HTTP/1.1" 200 13855 "-" "Mozilla/5.0 (compatible; YandexBot/3.0; +http://yandex.com/bots)"
141.8.147.12 - - [14/Mar/2014:11:38:11 +0100] "GET / HTTP/1.1" 200 13855 "-" "Mozilla/5.0 (compatible; YandexBot/3.0; +http://yandex.com/bots)"
141.8.147.12 - - [14/Mar/2014:11:38:13 +0100] "GET /index.php HTTP/1.1" 200 13855 "-" "Mozilla/5.0 (compatible; YandexBot/3.0; +http://yandex.com/bots)"
220.181.108.90 - - [14/Mar/2014:12:01:00 +0100] "GET / HTTP/1.1" 200 6600 "-" "Mozilla/5.0 (compatible; Baiduspider/2.0; +http://www.baidu.com/search/spider.html)"
123.125.71.46 - - [14/Mar/2014:12:01:11 +0100] "GET / HTTP/1.1" 200 6600 "-" "Mozilla/5.0 (compatible; Baiduspider/2.0; +http://www.baidu.com/search/spider.html)"
65.36.241.79 - - [14/Mar/2014:12:04:50 +0100] "HEAD / HTTP/1.1" 200 - "-" "InternetSeer.com"
178.255.215.64 - - [14/Mar/2014:12:23:33 +0100] "GET /kontakt.php HTTP/1.1" 200 6966 "-" "Mozilla/5.0 (compatible; Exabot/3.0; +http://www.exabot.com/go/robot)"
208.115.111.75 - - [14/Mar/2014:12:23:37 +0100] "GET /news.php?cs_go=archiv&cs_id=4803 HTTP/1.1" 200 11668 "-" "Mozilla/5.0 (compatible; Ezooms/1.0; help@moz.com)"
208.115.113.91 - - [14/Mar/2014:12:51:41 +0100] "GET /robots.txt HTTP/1.1" 200 177 "-" "Mozilla/5.0 (compatible; Ezooms/1.0; help@moz.com)"
46.161.41.24 - - [14/Mar/2014:13:07:43 +0100] "GET /news.php?cs_go=archiv&cs_id=4733&cs_search= HTTP/1.1" 200 11351 "-" "Mozilla/4.0 (compatible; MSIE 6.0; MSIE 5.5; Windows 95) Opera 7.03 [de]"
157.55.35.89 - - [14/Mar/2014:13:11:06 +0100] "GET /robots.txt HTTP/1.1" 200 177 "-" "Mozilla/5.0 (compatible; bingbot/2.0; +http://www.bing.com/bingbot.htm)"
157.55.35.89 - - [14/Mar/2014:13:11:12 +0100] "GET / HTTP/1.1" 200 13855 "-" "Mozilla/5.0 (compatible; bingbot/2.0; +http://www.bing.com/bingbot.htm)"
193.111.141.116 - - [14/Mar/2014:13:13:20 +0100] "GET /impressum.php HTTP/1.1" 200 6306 "-" "Mozilla/5.0 (X11; Linux i686; rv:6.0) Gecko/20100101 Firefox/6.0"
5.10.83.97 - - [14/Mar/2014:13:32:33 +0100] "GET /lexikon.php?cs_go=3&cs_id=20 HTTP/1.1" 200 6473 "-" "Mozilla/5.0 (compatible; AhrefsBot/5.0; +http://ahrefs.com/robot/)"
157.55.32.146 - - [14/Mar/2014:13:56:06 +0100] "GET /news.php HTTP/1.1" 200 19791 "-" "Mozilla/5.0 (compatible; bingbot/2.0; +http://www.bing.com/bingbot.htm)"
5.10.83.66 - - [14/Mar/2014:14:03:39 +0100] "GET /news.php?cs_go=archiv&cs_id=4862&cs_search= HTTP/1.1" 200 7399 "-" "Mozilla/5.0 (compatible; AhrefsBot/5.0; +http://ahrefs.com/robot/)"
82.94.179.38 - - [14/Mar/2014:14:20:36 +0100] "GET /robots.txt HTTP/1.0" 200 177 "-" "Mozilla/4.0 (compatible; Freshbot/1.0/EU; http://webagent.wise-guys.nl/)"
82.94.179.38 - - [14/Mar/2014:14:20:36 +0100] "GET / HTTP/1.1" 200 13931 "-" "Mozilla/5.0 (X11; Linux i686; rv:6.0) Gecko/20100101 Firefox/6.0 (Freshbot/1.0/EU; http://webagent.wise-guys.nl/)"
82.94.179.38 - - [14/Mar/2014:14:20:45 +0100] "GET /news.php?cs_go=archiv&cs_id=5017 HTTP/1.1" 200 7563 "-" "Mozilla/5.0 (X11; Linux i686; rv:6.0) Gecko/20100101 Firefox/6.0 (Freshbot/1.0/EU; http://webagent.wise-guys.nl/)"
82.94.179.38 - - [14/Mar/2014:14:20:50 +0100] "GET /news.php?cs_go=archiv&cs_id=5019 HTTP/1.1" 200 11253 "-" "Mozilla/5.0 (X11; Linux i686; rv:6.0) Gecko/20100101 Firefox/6.0 (Freshbot/1.0/EU; http://webagent.wise-guys.nl/)"
82.94.179.38 - - [14/Mar/2014:14:20:55 +0100] "GET /news.php?cs_go=archiv&cs_id=5018 HTTP/1.1" 200 7560 "-" "Mozilla/5.0 (X11; Linux i686; rv:6.0) Gecko/20100101 Firefox/6.0 (Freshbot/1.0/EU; http://webagent.wise-guys.nl/)"
5.10.83.54 - - [14/Mar/2014:14:31:00 +0100] "GET /optiplus.php HTTP/1.1" 404 5342 "-" "Mozilla/5.0 (compatible; AhrefsBot/5.0; +http://ahrefs.com/robot/)"
208.115.113.91 - - [14/Mar/2014:14:49:05 +0100] "GET /news.php?cs_go=archiv&cs_id=4756&cs_search= HTTP/1.1" 200 7769 "-" "Mozilla/5.0 (compatible; Ezooms/1.0; help@moz.com)"
208.115.113.91 - - [14/Mar/2014:14:49:11 +0100] "GET /news.php?cs_go=archiv&cs_id=4794&cs_search= HTTP/1.1" 200 8522 "-" "Mozilla/5.0 (compatible; Ezooms/1.0; help@moz.com)"
220.181.108.114 - - [14/Mar/2014:14:56:11 +0100] "GET / HTTP/1.1" 200 9430 "-" "Mozilla/5.0 (compatible; Baiduspider/2.0; +http://www.baidu.com/search/spider.html)"
123.125.71.23 - - [14/Mar/2014:14:58:21 +0100] "GET / HTTP/1.1" 200 13928 "-" "Mozilla/5.0 (compatible; Baiduspider/2.0; +http://www.baidu.com/search/spider.html)"
