84.191.148.249 - - [19/Mar/2014:13:10:31 +0100] "GET /js_contentserver24_greybox/w_close.gif HTTP/1.1" 200 74 "http://www.mink-gmbh.de/" "Mozilla/5.0; TOB 6.13 (Windows NT 6.1; WOW64; Trident/7.0; rv:11.0) like Gecko"
84.191.148.249 - - [19/Mar/2014:13:10:29 +0100] "GET / HTTP/1.1" 200 13950 "-" "Mozilla/5.0; TOB 6.13 (Windows NT 6.1; WOW64; Trident/7.0; rv:11.0) like Gecko"
84.191.148.249 - - [19/Mar/2014:13:10:31 +0100] "GET /images/newsletter_bg.jpg HTTP/1.1" 200 33610 "http://www.mink-gmbh.de/" "Mozilla/5.0; TOB 6.13 (Windows NT 6.1; WOW64; Trident/7.0; rv:11.0) like Gecko"
84.191.148.249 - - [19/Mar/2014:13:10:31 +0100] "GET /js_contentserver24_greybox/header_bg.gif HTTP/1.1" 200 1188 "http://www.mink-gmbh.de/" "Mozilla/5.0; TOB 6.13 (Windows NT 6.1; WOW64; Trident/7.0; rv:11.0) like Gecko"
84.191.148.249 - - [19/Mar/2014:13:10:31 +0100] "GET /images/close.png HTTP/1.1" 200 703 "http://www.mink-gmbh.de/" "Mozilla/5.0; TOB 6.13 (Windows NT 6.1; WOW64; Trident/7.0; rv:11.0) like Gecko"
84.191.148.249 - - [19/Mar/2014:13:10:31 +0100] "GET /images/newsletter.png HTTP/1.1" 200 14619 "http://www.mink-gmbh.de/" "Mozilla/5.0; TOB 6.13 (Windows NT 6.1; WOW64; Trident/7.0; rv:11.0) like Gecko"
84.191.148.249 - - [19/Mar/2014:13:10:31 +0100] "GET /images/wrapperbg.jpg HTTP/1.1" 200 27465 "http://www.mink-gmbh.de/" "Mozilla/5.0; TOB 6.13 (Windows NT 6.1; WOW64; Trident/7.0; rv:11.0) like Gecko"
84.191.148.249 - - [19/Mar/2014:13:10:31 +0100] "GET /images/header.jpg HTTP/1.1" 200 25189 "http://www.mink-gmbh.de/" "Mozilla/5.0; TOB 6.13 (Windows NT 6.1; WOW64; Trident/7.0; rv:11.0) like Gecko"
84.191.148.249 - - [19/Mar/2014:13:10:31 +0100] "GET /images/navibg.png HTTP/1.1" 200 2803 "http://www.mink-gmbh.de/" "Mozilla/5.0; TOB 6.13 (Windows NT 6.1; WOW64; Trident/7.0; rv:11.0) like Gecko"
84.191.148.249 - - [19/Mar/2014:13:10:32 +0100] "GET /images/steigend.png HTTP/1.1" 200 688 "http://www.mink-gmbh.de/" "Mozilla/5.0; TOB 6.13 (Windows NT 6.1; WOW64; Trident/7.0; rv:11.0) like Gecko"
84.191.148.249 - - [19/Mar/2014:13:10:32 +0100] "GET /images/fallend.png HTTP/1.1" 200 713 "http://www.mink-gmbh.de/" "Mozilla/5.0; TOB 6.13 (Windows NT 6.1; WOW64; Trident/7.0; rv:11.0) like Gecko"
84.191.148.249 - - [19/Mar/2014:13:10:32 +0100] "GET /images/mobil.jpg HTTP/1.1" 200 25293 "http://www.mink-gmbh.de/" "Mozilla/5.0; TOB 6.13 (Windows NT 6.1; WOW64; Trident/7.0; rv:11.0) like Gecko"
84.191.148.249 - - [19/Mar/2014:13:10:32 +0100] "GET /images/newsletter.jpg HTTP/1.1" 200 13130 "http://www.mink-gmbh.de/" "Mozilla/5.0; TOB 6.13 (Windows NT 6.1; WOW64; Trident/7.0; rv:11.0) like Gecko"
84.191.148.249 - - [19/Mar/2014:13:10:32 +0100] "GET /images/footerbg.jpg HTTP/1.1" 200 2184 "http://www.mink-gmbh.de/" "Mozilla/5.0; TOB 6.13 (Windows NT 6.1; WOW64; Trident/7.0; rv:11.0) like Gecko"
84.191.148.249 - - [19/Mar/2014:13:10:32 +0100] "GET /images/tkw.jpg HTTP/1.1" 200 64031 "http://www.mink-gmbh.de/" "Mozilla/5.0; TOB 6.13 (Windows NT 6.1; WOW64; Trident/7.0; rv:11.0) like Gecko"
84.191.148.249 - - [19/Mar/2014:13:10:32 +0100] "GET /images/team-energie.png HTTP/1.1" 200 17383 "http://www.mink-gmbh.de/" "Mozilla/5.0; TOB 6.13 (Windows NT 6.1; WOW64; Trident/7.0; rv:11.0) like Gecko"
84.191.148.249 - - [19/Mar/2014:13:10:32 +0100] "GET /images/freecall.jpg HTTP/1.1" 200 39195 "http://www.mink-gmbh.de/" "Mozilla/5.0; TOB 6.13 (Windows NT 6.1; WOW64; Trident/7.0; rv:11.0) like Gecko"
84.191.148.249 - - [19/Mar/2014:13:10:32 +0100] "GET /images/mail.jpg HTTP/1.1" 200 12099 "http://www.mink-gmbh.de/" "Mozilla/5.0; TOB 6.13 (Windows NT 6.1; WOW64; Trident/7.0; rv:11.0) like Gecko"
84.191.148.249 - - [19/Mar/2014:13:10:33 +0100] "GET /images/kwk.gif HTTP/1.1" 200 6403 "http://www.mink-gmbh.de/" "Mozilla/5.0; TOB 6.13 (Windows NT 6.1; WOW64; Trident/7.0; rv:11.0) like Gecko"
84.191.148.249 - - [19/Mar/2014:13:10:33 +0100] "GET /images/wunschpreis.jpg HTTP/1.1" 200 16767 "http://www.mink-gmbh.de/" "Mozilla/5.0; TOB 6.13 (Windows NT 6.1; WOW64; Trident/7.0; rv:11.0) like Gecko"
84.191.148.249 - - [19/Mar/2014:13:10:33 +0100] "GET /images/logos.jpg?cache6091 HTTP/1.1" 200 35043 "http://www.mink-gmbh.de/" "Mozilla/5.0; TOB 6.13 (Windows NT 6.1; WOW64; Trident/7.0; rv:11.0) like Gecko"
84.191.148.249 - - [19/Mar/2014:13:10:33 +0100] "GET /js_contentserver24_greybox/loader_frame.html?s=0 HTTP/1.1" 200 2084 "http://www.mink-gmbh.de/" "Mozilla/5.0; TOB 6.13 (Windows NT 6.1; WOW64; Trident/7.0; rv:11.0) like Gecko"
84.191.148.249 - - [19/Mar/2014:13:10:33 +0100] "GET /js_contentserver24_greybox/indicator.gif HTTP/1.1" 200 8238 "http://www.mink-gmbh.de/js_contentserver24_greybox/loader_frame.html?s=0" "Mozilla/5.0; TOB 6.13 (Windows NT 6.1; WOW64; Trident/7.0; rv:11.0) like Gecko"
84.191.148.249 - - [19/Mar/2014:13:10:34 +0100] "GET /favicon.ico HTTP/1.1" 200 3638 "-" "T-Online Browser"
84.191.148.249 - - [19/Mar/2014:13:10:34 +0100] "GET /js_contentserver24_greybox/g_close.gif HTTP/1.1" 200 541 "http://www.mink-gmbh.de/" "Mozilla/5.0; TOB 6.13 (Windows NT 6.1; WOW64; Trident/7.0; rv:11.0) like Gecko"
84.191.148.249 - - [19/Mar/2014:13:11:24 +0100] "GET /preisanfrage.php HTTP/1.1" 200 8502 "http://www.mink-gmbh.de/" "Mozilla/5.0; TOB 6.13 (Windows NT 6.1; WOW64; Trident/7.0; rv:11.0) like Gecko"
84.191.148.249 - - [19/Mar/2014:13:11:24 +0100] "GET /images/logos.jpg HTTP/1.1" 200 35043 "http://www.mink-gmbh.de/preisanfrage.php" "Mozilla/5.0; TOB 6.13 (Windows NT 6.1; WOW64; Trident/7.0; rv:11.0) like Gecko"
84.191.148.249 - - [19/Mar/2014:13:11:41 +0100] "GET /wunschpreis.php HTTP/1.1" 200 10237 "http://www.mink-gmbh.de/preisanfrage.php" "Mozilla/5.0; TOB 6.13 (Windows NT 6.1; WOW64; Trident/7.0; rv:11.0) like Gecko"
5.10.83.29 - - [19/Mar/2014:13:17:01 +0100] "GET /lexikon.php?cs_go=3&cs_id=157 HTTP/1.1" 200 5379 "-" "Mozilla/5.0 (compatible; AhrefsBot/5.0; +http://ahrefs.com/robot/)"
66.249.73.231 - - [19/Mar/2014:13:26:05 +0100] "GET /lexikon.php?cs_go=3&cs_id=201 HTTP/1.1" 200 6358 "-" "Mozilla/5.0 (compatible; Googlebot/2.1; +http://www.google.com/bot.html)"
81.169.245.34 - - [19/Mar/2014:13:44:28 +0100] "GET / HTTP/1.1" 200 13950 "-" "Cliqzbot"
5.10.83.34 - - [19/Mar/2014:13:55:12 +0100] "GET /edl.php HTTP/1.1" 200 8596 "-" "Mozilla/5.0 (compatible; AhrefsBot/5.0; +http://ahrefs.com/robot/)"
141.8.147.12 - - [19/Mar/2014:14:31:03 +0100] "GET /robots.txt HTTP/1.1" 200 177 "-" "Mozilla/5.0 (compatible; YandexBot/3.0; +http://yandex.com/bots)"
5.10.83.66 - - [19/Mar/2014:14:32:29 +0100] "GET /lexikon.php?cs_go=3&cs_id=226 HTTP/1.1" 200 6317 "-" "Mozilla/5.0 (compatible; AhrefsBot/5.0; +http://ahrefs.com/robot/)"
5.10.83.58 - - [19/Mar/2014:14:34:25 +0100] "GET /news.php?cs_go=archiv&cs_id=4786&cs_search= HTTP/1.1" 200 11135 "-" "Mozilla/5.0 (compatible; AhrefsBot/5.0; +http://ahrefs.com/robot/)"
141.8.147.12 - - [19/Mar/2014:14:44:01 +0100] "GET /news.php?cs_go=archiv&cs_id=4876 HTTP/1.1" 200 7440 "-" "Mozilla/5.0 (compatible; YandexBot/3.0; +http://yandex.com/bots)"
66.249.65.137 - - [19/Mar/2014:14:55:08 +0100] "GET /lexikon.php?cs_go=3&cs_id=191 HTTP/1.1" 200 6926 "-" "Mozilla/5.0 (compatible; Googlebot/2.1; +http://www.google.com/bot.html)"
208.115.113.91 - - [19/Mar/2014:14:59:17 +0100] "GET /lexikon.php?cs_go=2&cs_char=a HTTP/1.1" 200 7367 "-" "Mozilla/5.0 (compatible; Ezooms/1.0; help@moz.com)"
5.10.83.17 - - [19/Mar/2014:15:02:55 +0100] "GET /news.php?cs_go=archiv&cs_id=4807&cs_search= HTTP/1.1" 200 11192 "-" "Mozilla/5.0 (compatible; AhrefsBot/5.0; +http://ahrefs.com/robot/)"
217.230.188.16 - - [19/Mar/2014:15:03:51 +0100] "GET / HTTP/1.1" 200 6594 "http://m.bigfinder.de/?c=ws&q=homepage&v=1" "Mozilla/4.0 (compatible; MSIE 8.0; Windows NT 6.0; Trident/4.0; GTB0.0; SLCC1; .NET CLR 2.0.50727; Media Center PC 5.0; .NET CLR 3.5.30729; .NET CLR 3.0.30729; .NET4.0C)"
82.94.179.38 - - [19/Mar/2014:15:04:19 +0100] "GET /robots.txt HTTP/1.0" 200 177 "-" "Mozilla/4.0 (compatible; Freshbot/1.0/EU; http://webagent.wise-guys.nl/)"
82.94.179.38 - - [19/Mar/2014:15:04:19 +0100] "GET / HTTP/1.1" 200 13950 "-" "Mozilla/5.0 (X11; Linux i686; rv:6.0) Gecko/20100101 Firefox/6.0 (Freshbot/1.0/EU; http://webagent.wise-guys.nl/)"
82.94.179.38 - - [19/Mar/2014:15:04:27 +0100] "GET /news.php?cs_go=archiv&cs_id=5038 HTTP/1.1" 200 7831 "-" "Mozilla/5.0 (X11; Linux i686; rv:6.0) Gecko/20100101 Firefox/6.0 (Freshbot/1.0/EU; http://webagent.wise-guys.nl/)"
82.94.179.38 - - [19/Mar/2014:15:04:32 +0100] "GET /news.php?cs_go=archiv&cs_id=5023 HTTP/1.1" 200 7767 "-" "Mozilla/5.0 (X11; Linux i686; rv:6.0) Gecko/20100101 Firefox/6.0 (Freshbot/1.0/EU; http://webagent.wise-guys.nl/)"
123.125.71.26 - - [19/Mar/2014:15:09:40 +0100] "GET / HTTP/1.1" 200 6594 "-" "Mozilla/5.0 (compatible; Baiduspider/2.0; +http://www.baidu.com/search/spider.html)"
5.10.83.89 - - [19/Mar/2014:15:41:34 +0100] "GET /news.php?cs_go=archiv&cs_startpos=10 HTTP/1.1" 200 20006 "-" "Mozilla/5.0 (compatible; AhrefsBot/5.0; +http://ahrefs.com/robot/)"
5.10.83.84 - - [19/Mar/2014:15:47:08 +0100] "GET /lexikon.php?cs_go=3&cs_id=208 HTTP/1.1" 200 5921 "-" "Mozilla/5.0 (compatible; AhrefsBot/5.0; +http://ahrefs.com/robot/)"
66.249.65.201 - - [19/Mar/2014:15:57:05 +0100] "GET / HTTP/1.1" 200 13984 "-" "Mozilla/5.0 (compatible; Googlebot/2.1; +http://www.google.com/bot.html)"
66.249.65.137 - - [19/Mar/2014:16:04:48 +0100] "GET /news.php?cs_go=archiv&cs_id=5023 HTTP/1.1" 200 7767 "-" "Mozilla/5.0 (compatible; Googlebot/2.1; +http://www.google.com/bot.html)"
66.249.73.2 - - [19/Mar/2014:16:07:11 +0100] "GET /news.php?cs_go=archiv&cs_id=5033 HTTP/1.1" 200 11232 "-" "Mozilla/5.0 (compatible; Googlebot/2.1; +http://www.google.com/bot.html)"
66.249.65.169 - - [19/Mar/2014:16:09:17 +0100] "GET /news.php?cs_go=archiv&cs_id=5039 HTTP/1.1" 200 11867 "-" "Mozilla/5.0 (compatible; Googlebot/2.1; +http://www.google.com/bot.html)"
66.249.65.201 - - [19/Mar/2014:16:11:09 +0100] "GET /news.php?cs_go=archiv&cs_id=5038 HTTP/1.1" 200 7831 "-" "Mozilla/5.0 (compatible; Googlebot/2.1; +http://www.google.com/bot.html)"
178.255.215.64 - - [19/Mar/2014:16:20:24 +0100] "GET /robots.txt HTTP/1.1" 200 177 "-" "Mozilla/5.0 (compatible; Exabot/3.0; +http://www.exabot.com/go/robot)"
178.255.215.64 - - [19/Mar/2014:16:20:24 +0100] "GET /lexikon.php HTTP/1.1" 200 8115 "-" "Mozilla/5.0 (compatible; Exabot/3.0; +http://www.exabot.com/go/robot)"
66.249.65.137 - - [19/Mar/2014:16:24:11 +0100] "GET /optiplus.php HTTP/1.1" 404 5342 "-" "Mozilla/5.0 (compatible; Googlebot/2.1; +http://www.google.com/bot.html)"
176.57.141.193 - - [19/Mar/2014:16:27:05 +0100] "GET /news.php?cs_go=archiv&cs_id=2941 HTTP/1.1" 200 11858 "-" "Mozilla/5.0 (X11; Linux i686; rv:6.0) Gecko/20100101 Firefox/6.0"
192.99.12.128 - - [19/Mar/2014:16:34:19 +0100] "GET /news.php?cs_go=archiv&cs_id=5006 HTTP/1.1" 200 11240 "http://www.mink-gmbh.de/" "Mozilla/5.0 (X11; Ubuntu; Linux i686; rv:21.0) Gecko/20100101 Firefox/21.0"
192.99.12.128 - - [19/Mar/2014:16:34:21 +0100] "GET /kwk.php HTTP/1.1" 200 8447 "http://www.mink-gmbh.de/" "Mozilla/5.0 (X11; Ubuntu; Linux i686; rv:21.0) Gecko/20100101 Firefox/21.0"
220.181.108.121 - - [19/Mar/2014:17:00:28 +0100] "GET / HTTP/1.1" 200 3575 "-" "Mozilla/5.0 (compatible; Baiduspider/2.0; +http://www.baidu.com/search/spider.html)"
5.10.83.17 - - [19/Mar/2014:17:04:46 +0100] "GET /lexikon.php?cs_go=3&cs_id=45 HTTP/1.1" 200 5560 "-" "Mozilla/5.0 (compatible; AhrefsBot/5.0; +http://ahrefs.com/robot/)"
208.115.113.91 - - [19/Mar/2014:17:06:09 +0100] "GET /robots.txt HTTP/1.1" 200 177 "-" "Mozilla/5.0 (compatible; Ezooms/1.0; help@moz.com)"
66.249.65.169 - - [19/Mar/2014:17:06:46 +0100] "GET /kwk.php?cs_go=4 HTTP/1.1" 200 7818 "-" "Mozilla/5.0 (compatible; Googlebot/2.1; +http://www.google.com/bot.html)"
123.125.71.60 - - [19/Mar/2014:17:06:58 +0100] "GET / HTTP/1.1" 200 13984 "-" "Mozilla/5.0 (compatible; Baiduspider/2.0; +http://www.baidu.com/search/spider.html)"
66.249.73.15 - - [19/Mar/2014:17:14:31 +0100] "GET /lexikon.php?cs_go=3&cs_id=189 HTTP/1.1" 200 5789 "-" "Mozilla/5.0 (compatible; Googlebot/2.1; +http://www.google.com/bot.html)"
157.55.36.46 - - [19/Mar/2014:17:17:09 +0100] "GET /impressum.php HTTP/1.1" 200 6306 "-" "Mozilla/5.0 (compatible; bingbot/2.0; +http://www.bing.com/bingbot.htm)"
66.249.65.169 - - [19/Mar/2014:18:00:59 +0100] "GET /news.php?cs_go=archiv&cs_startpos=170 HTTP/1.1" 200 20170 "-" "Mozilla/5.0 (compatible; Googlebot/2.1; +http://www.google.com/bot.html)"
157.55.32.86 - - [19/Mar/2014:18:22:06 +0100] "GET /robots.txt HTTP/1.1" 200 177 "-" "Mozilla/5.0 (compatible; bingbot/2.0; +http://www.bing.com/bingbot.htm)"
157.55.32.86 - - [19/Mar/2014:18:22:11 +0100] "GET /news.php HTTP/1.1" 200 19830 "-" "Mozilla/5.0 (compatible; bingbot/2.0; +http://www.bing.com/bingbot.htm)"
66.249.73.233 - - [19/Mar/2014:18:22:16 +0100] "GET /news.php?cs_go=archiv&cs_id=3997 HTTP/1.1" 200 9581 "-" "SAMSUNG-SGH-E250/1.0 Profile/MIDP-2.0 Configuration/CLDC-1.1 UP.Browser/6.2.3.3.c.1.101 (GUI) MMP/2.0 (compatible; Googlebot-Mobile/2.1; +http://www.google.com/bot.html)"
144.76.41.8 - - [19/Mar/2014:18:28:00 +0100] "GET /robots.txt HTTP/1.0" 200 177 "-" "Mozilla/5.0 (compatible; MJ12bot/v1.4.4; http://www.majestic12.co.uk/bot.php?+)"
144.76.41.8 - - [19/Mar/2014:18:28:01 +0100] "GET /news.php?cs_go=archiv&cs_id=4852&cs_search= HTTP/1.0" 200 16318 "-" "Mozilla/5.0 (compatible; MJ12bot/v1.4.4; http://www.majestic12.co.uk/bot.php?+)"
144.76.41.8 - - [19/Mar/2014:18:28:03 +0100] "GET /news.php?cs_go=archiv&cs_id=4861&cs_search= HTTP/1.0" 200 7619 "-" "Mozilla/5.0 (compatible; MJ12bot/v1.4.4; http://www.majestic12.co.uk/bot.php?+)"
144.76.41.8 - - [19/Mar/2014:18:28:05 +0100] "GET /news.php?cs_go=archiv&cs_id=4862&cs_search= HTTP/1.0" 200 7399 "-" "Mozilla/5.0 (compatible; MJ12bot/v1.4.4; http://www.majestic12.co.uk/bot.php?+)"
144.76.41.8 - - [19/Mar/2014:18:28:12 +0100] "GET /news.php?cs_go=archiv&cs_id=4869&cs_search= HTTP/1.0" 200 8083 "-" "Mozilla/5.0 (compatible; MJ12bot/v1.4.4; http://www.majestic12.co.uk/bot.php?+)"
144.76.41.8 - - [19/Mar/2014:18:28:15 +0100] "GET /news.php?cs_go=archiv&cs_id=4871&cs_search= HTTP/1.0" 200 11297 "-" "Mozilla/5.0 (compatible; MJ12bot/v1.4.4; http://www.majestic12.co.uk/bot.php?+)"
144.76.41.8 - - [19/Mar/2014:18:28:17 +0100] "GET /news.php?cs_go=archiv&cs_id=4872&cs_search= HTTP/1.0" 200 7569 "-" "Mozilla/5.0 (compatible; MJ12bot/v1.4.4; http://www.majestic12.co.uk/bot.php?+)"
144.76.41.8 - - [19/Mar/2014:18:28:25 +0100] "GET /news.php?cs_go=archiv&cs_id=4873&cs_search= HTTP/1.0" 200 7415 "-" "Mozilla/5.0 (compatible; MJ12bot/v1.4.4; http://www.majestic12.co.uk/bot.php?+)"
144.76.41.8 - - [19/Mar/2014:18:28:31 +0100] "GET /news.php?cs_go=archiv&cs_id=4874&cs_search= HTTP/1.0" 200 8042 "-" "Mozilla/5.0 (compatible; MJ12bot/v1.4.4; http://www.majestic12.co.uk/bot.php?+)"
144.76.41.8 - - [19/Mar/2014:18:28:34 +0100] "GET /news.php?cs_go=archiv&cs_startpos=81 HTTP/1.0" 200 20434 "-" "Mozilla/5.0 (compatible; MJ12bot/v1.4.4; http://www.majestic12.co.uk/bot.php?+)"
208.115.111.75 - - [19/Mar/2014:18:37:02 +0100] "GET /robots.txt HTTP/1.1" 200 177 "-" "Mozilla/5.0 (compatible; Ezooms/1.0; help@moz.com)"
108.59.8.70 - - [19/Mar/2014:18:38:51 +0100] "GET /robots.txt HTTP/1.0" 200 177 "-" "Mozilla/5.0 (compatible; MJ12bot/v1.4.4; http://www.majestic12.co.uk/bot.php?+)"
108.59.8.70 - - [19/Mar/2014:18:38:53 +0100] "GET / HTTP/1.0" 200 13984 "-" "Mozilla/5.0 (compatible; MJ12bot/v1.4.4; http://www.majestic12.co.uk/bot.php?+)"
66.249.73.20 - - [19/Mar/2014:18:43:34 +0100] "GET /news.php?cs_go=archiv&cs_id=4385 HTTP/1.1" 200 7957 "-" "Mozilla/5.0 (compatible; Googlebot/2.1; +http://www.google.com/bot.html)"
208.115.113.91 - - [19/Mar/2014:19:07:41 +0100] "GET /news.php?cs_go=archiv&cs_startpos=100 HTTP/1.1" 200 20572 "-" "Mozilla/5.0 (compatible; Ezooms/1.0; help@moz.com)"
88.198.56.239 - - [19/Mar/2014:19:25:14 +0100] "GET /news.php?cs_go=archiv&cs_id=4156&cs_search= HTTP/1.1" 200 10588 "-" "Mozilla/5.0 (X11; Linux i686; rv:6.0) Gecko/20100101 Firefox/6.0"
66.249.65.137 - - [19/Mar/2014:19:57:08 +0100] "GET /news.php?cs_go=archiv&cs_id=4502&cs_search= HTTP/1.1" 200 7537 "-" "Mozilla/5.0 (compatible; Googlebot/2.1; +http://www.google.com/bot.html)"
65.36.241.79 - - [19/Mar/2014:20:05:33 +0100] "HEAD / HTTP/1.1" 200 - "-" "InternetSeer.com"
208.115.111.75 - - [19/Mar/2014:20:27:39 +0100] "GET /news.php?cs_go=archiv&cs_startpos=70 HTTP/1.1" 200 20345 "-" "Mozilla/5.0 (compatible; Ezooms/1.0; help@moz.com)"
66.249.73.232 - - [19/Mar/2014:20:47:27 +0100] "GET /news.php?cs_go=archiv&cs_id=4490&cs_search= HTTP/1.1" 200 7603 "-" "Mozilla/5.0 (compatible; Googlebot/2.1; +http://www.google.com/bot.html)"
66.249.65.201 - - [19/Mar/2014:20:49:03 +0100] "GET /news.php?cs_go=archiv&cs_id=4622&cs_search= HTTP/1.1" 200 8951 "-" "Mozilla/5.0 (compatible; Googlebot/2.1; +http://www.google.com/bot.html)"
93.220.27.112 - - [19/Mar/2014:21:37:22 +0100] "GET /style.css HTTP/1.1" 200 8402 "http://www.mink-gmbh.de/" "Mozilla/5.0 (Macintosh; Intel Mac OS X 10_9_2) AppleWebKit/537.74.9 (KHTML, like Gecko) Version/7.0.2 Safari/537.74.9"
93.220.27.112 - - [19/Mar/2014:21:37:22 +0100] "GET /modul.css HTTP/1.1" 200 35038 "http://www.mink-gmbh.de/" "Mozilla/5.0 (Macintosh; Intel Mac OS X 10_9_2) AppleWebKit/537.74.9 (KHTML, like Gecko) Version/7.0.2 Safari/537.74.9"
93.220.27.112 - - [19/Mar/2014:21:37:22 +0100] "GET /js_contentserver24_greybox/AJS_fx.js HTTP/1.1" 200 3192 "http://www.mink-gmbh.de/" "Mozilla/5.0 (Macintosh; Intel Mac OS X 10_9_2) AppleWebKit/537.74.9 (KHTML, like Gecko) Version/7.0.2 Safari/537.74.9"
93.220.27.112 - - [19/Mar/2014:21:37:22 +0100] "GET /js_contentserver24_greybox/gb_styles.css HTTP/1.1" 200 2302 "http://www.mink-gmbh.de/" "Mozilla/5.0 (Macintosh; Intel Mac OS X 10_9_2) AppleWebKit/537.74.9 (KHTML, like Gecko) Version/7.0.2 Safari/537.74.9"
93.220.27.112 - - [19/Mar/2014:21:37:22 +0100] "GET /js_contentserver24_greybox/AJS.js HTTP/1.1" 200 10396 "http://www.mink-gmbh.de/" "Mozilla/5.0 (Macintosh; Intel Mac OS X 10_9_2) AppleWebKit/537.74.9 (KHTML, like Gecko) Version/7.0.2 Safari/537.74.9"
93.220.27.112 - - [19/Mar/2014:21:37:22 +0100] "GET /js_contentserver24_greybox/gb_scripts.js HTTP/1.1" 200 11913 "http://www.mink-gmbh.de/" "Mozilla/5.0 (Macintosh; Intel Mac OS X 10_9_2) AppleWebKit/537.74.9 (KHTML, like Gecko) Version/7.0.2 Safari/537.74.9"
93.220.27.112 - - [19/Mar/2014:21:37:22 +0100] "GET / HTTP/1.1" 200 13984 "http://www.google.de/url?sa=t&rct=j&q=&esrc=s&source=web&cd=1&ved=0CDAQFjAA&url=http%3A%2F%2Fwww.mink-gmbh.de%2F&ei=5f8pU8HAC8nZsgatmYGQBw&usg=AFQjCNFHX4Iglls9oo-KYXTmDUV_5KOVIg&bvm=bv.62922401,d.Yms" "Mozilla/5.0 (Macintosh; Intel Mac OS X 10_9_2) AppleWebKit/537.74.9 (KHTML, like Gecko) Version/7.0.2 Safari/537.74.9"
93.220.27.112 - - [19/Mar/2014:21:37:22 +0100] "GET /images/bg.png HTTP/1.1" 200 922 "http://www.mink-gmbh.de/" "Mozilla/5.0 (Macintosh; Intel Mac OS X 10_9_2) AppleWebKit/537.74.9 (KHTML, like Gecko) Version/7.0.2 Safari/537.74.9"
93.220.27.112 - - [19/Mar/2014:21:37:22 +0100] "GET /js_contentserver24_greybox/w_close.gif HTTP/1.1" 200 74 "http://www.mink-gmbh.de/" "Mozilla/5.0 (Macintosh; Intel Mac OS X 10_9_2) AppleWebKit/537.74.9 (KHTML, like Gecko) Version/7.0.2 Safari/537.74.9"
93.220.27.112 - - [19/Mar/2014:21:37:22 +0100] "GET /images/close.png HTTP/1.1" 200 703 "http://www.mink-gmbh.de/" "Mozilla/5.0 (Macintosh; Intel Mac OS X 10_9_2) AppleWebKit/537.74.9 (KHTML, like Gecko) Version/7.0.2 Safari/537.74.9"
93.220.27.112 - - [19/Mar/2014:21:37:22 +0100] "GET /images/newsletter_bg.jpg HTTP/1.1" 200 33610 "http://www.mink-gmbh.de/" "Mozilla/5.0 (Macintosh; Intel Mac OS X 10_9_2) AppleWebKit/537.74.9 (KHTML, like Gecko) Version/7.0.2 Safari/537.74.9"
93.220.27.112 - - [19/Mar/2014:21:37:22 +0100] "GET /images/newsletter.png HTTP/1.1" 200 14619 "http://www.mink-gmbh.de/" "Mozilla/5.0 (Macintosh; Intel Mac OS X 10_9_2) AppleWebKit/537.74.9 (KHTML, like Gecko) Version/7.0.2 Safari/537.74.9"
93.220.27.112 - - [19/Mar/2014:21:37:22 +0100] "GET /images/wrapperbg.jpg HTTP/1.1" 200 27465 "http://www.mink-gmbh.de/" "Mozilla/5.0 (Macintosh; Intel Mac OS X 10_9_2) AppleWebKit/537.74.9 (KHTML, like Gecko) Version/7.0.2 Safari/537.74.9"
93.220.27.112 - - [19/Mar/2014:21:37:23 +0100] "GET /images/header.jpg HTTP/1.1" 200 25189 "http://www.mink-gmbh.de/" "Mozilla/5.0 (Macintosh; Intel Mac OS X 10_9_2) AppleWebKit/537.74.9 (KHTML, like Gecko) Version/7.0.2 Safari/537.74.9"
93.220.27.112 - - [19/Mar/2014:21:37:23 +0100] "GET /images/navibg.png HTTP/1.1" 200 2803 "http://www.mink-gmbh.de/" "Mozilla/5.0 (Macintosh; Intel Mac OS X 10_9_2) AppleWebKit/537.74.9 (KHTML, like Gecko) Version/7.0.2 Safari/537.74.9"
93.220.27.112 - - [19/Mar/2014:21:37:23 +0100] "GET /images/steigend.png HTTP/1.1" 200 688 "http://www.mink-gmbh.de/" "Mozilla/5.0 (Macintosh; Intel Mac OS X 10_9_2) AppleWebKit/537.74.9 (KHTML, like Gecko) Version/7.0.2 Safari/537.74.9"
93.220.27.112 - - [19/Mar/2014:21:37:23 +0100] "GET /images/fallend.png HTTP/1.1" 200 713 "http://www.mink-gmbh.de/" "Mozilla/5.0 (Macintosh; Intel Mac OS X 10_9_2) AppleWebKit/537.74.9 (KHTML, like Gecko) Version/7.0.2 Safari/537.74.9"
93.220.27.112 - - [19/Mar/2014:21:37:23 +0100] "GET /images/tkw.jpg HTTP/1.1" 200 64031 "http://www.mink-gmbh.de/" "Mozilla/5.0 (Macintosh; Intel Mac OS X 10_9_2) AppleWebKit/537.74.9 (KHTML, like Gecko) Version/7.0.2 Safari/537.74.9"
93.220.27.112 - - [19/Mar/2014:21:37:23 +0100] "GET /images/mobil.jpg HTTP/1.1" 200 25293 "http://www.mink-gmbh.de/" "Mozilla/5.0 (Macintosh; Intel Mac OS X 10_9_2) AppleWebKit/537.74.9 (KHTML, like Gecko) Version/7.0.2 Safari/537.74.9"
93.220.27.112 - - [19/Mar/2014:21:37:23 +0100] "GET /images/team-energie.png HTTP/1.1" 200 17383 "http://www.mink-gmbh.de/" "Mozilla/5.0 (Macintosh; Intel Mac OS X 10_9_2) AppleWebKit/537.74.9 (KHTML, like Gecko) Version/7.0.2 Safari/537.74.9"
93.220.27.112 - - [19/Mar/2014:21:37:23 +0100] "GET /images/newsletter.jpg HTTP/1.1" 200 13130 "http://www.mink-gmbh.de/" "Mozilla/5.0 (Macintosh; Intel Mac OS X 10_9_2) AppleWebKit/537.74.9 (KHTML, like Gecko) Version/7.0.2 Safari/537.74.9"
93.220.27.112 - - [19/Mar/2014:21:37:23 +0100] "GET /images/freecall.jpg HTTP/1.1" 200 39195 "http://www.mink-gmbh.de/" "Mozilla/5.0 (Macintosh; Intel Mac OS X 10_9_2) AppleWebKit/537.74.9 (KHTML, like Gecko) Version/7.0.2 Safari/537.74.9"
93.220.27.112 - - [19/Mar/2014:21:37:23 +0100] "GET /images/mail.jpg HTTP/1.1" 200 12099 "http://www.mink-gmbh.de/" "Mozilla/5.0 (Macintosh; Intel Mac OS X 10_9_2) AppleWebKit/537.74.9 (KHTML, like Gecko) Version/7.0.2 Safari/537.74.9"
93.220.27.112 - - [19/Mar/2014:21:37:23 +0100] "GET /images/kwk.gif HTTP/1.1" 200 6403 "http://www.mink-gmbh.de/" "Mozilla/5.0 (Macintosh; Intel Mac OS X 10_9_2) AppleWebKit/537.74.9 (KHTML, like Gecko) Version/7.0.2 Safari/537.74.9"
93.220.27.112 - - [19/Mar/2014:21:37:23 +0100] "GET /images/wunschpreis.jpg HTTP/1.1" 200 16767 "http://www.mink-gmbh.de/" "Mozilla/5.0 (Macintosh; Intel Mac OS X 10_9_2) AppleWebKit/537.74.9 (KHTML, like Gecko) Version/7.0.2 Safari/537.74.9"
93.220.27.112 - - [19/Mar/2014:21:37:23 +0100] "GET /images/logos.jpg?cache9395 HTTP/1.1" 200 35043 "http://www.mink-gmbh.de/" "Mozilla/5.0 (Macintosh; Intel Mac OS X 10_9_2) AppleWebKit/537.74.9 (KHTML, like Gecko) Version/7.0.2 Safari/537.74.9"
93.220.27.112 - - [19/Mar/2014:21:37:23 +0100] "GET /images/footerbg.jpg HTTP/1.1" 200 2184 "http://www.mink-gmbh.de/" "Mozilla/5.0 (Macintosh; Intel Mac OS X 10_9_2) AppleWebKit/537.74.9 (KHTML, like Gecko) Version/7.0.2 Safari/537.74.9"
93.220.27.112 - - [19/Mar/2014:21:37:23 +0100] "GET /js_contentserver24_greybox/header_bg.gif HTTP/1.1" 200 1188 "http://www.mink-gmbh.de/" "Mozilla/5.0 (Macintosh; Intel Mac OS X 10_9_2) AppleWebKit/537.74.9 (KHTML, like Gecko) Version/7.0.2 Safari/537.74.9"
93.220.27.112 - - [19/Mar/2014:21:37:23 +0100] "GET /js_contentserver24_greybox/loader_frame.html?s=0 HTTP/1.1" 200 2084 "http://www.mink-gmbh.de/" "Mozilla/5.0 (Macintosh; Intel Mac OS X 10_9_2) AppleWebKit/537.74.9 (KHTML, like Gecko) Version/7.0.2 Safari/537.74.9"
93.220.27.112 - - [19/Mar/2014:21:37:23 +0100] "GET /js_contentserver24_greybox/indicator.gif HTTP/1.1" 200 8238 "http://www.mink-gmbh.de/js_contentserver24_greybox/loader_frame.html?s=0" "Mozilla/5.0 (Macintosh; Intel Mac OS X 10_9_2) AppleWebKit/537.74.9 (KHTML, like Gecko) Version/7.0.2 Safari/537.74.9"
93.220.27.112 - - [19/Mar/2014:21:37:23 +0100] "GET /js_contentserver24_greybox/g_close.gif HTTP/1.1" 200 541 "http://www.mink-gmbh.de/" "Mozilla/5.0 (Macintosh; Intel Mac OS X 10_9_2) AppleWebKit/537.74.9 (KHTML, like Gecko) Version/7.0.2 Safari/537.74.9"
93.220.27.112 - - [19/Mar/2014:21:38:38 +0100] "GET / HTTP/1.1" 200 13244 "http://www.google.de/url?sa=t&rct=j&q=&esrc=s&source=web&cd=1&ved=0CDAQFjAA&url=http%3A%2F%2Fwww.mink-gmbh.de%2F&ei=5f8pU8HAC8nZsgatmYGQBw&usg=AFQjCNFHX4Iglls9oo-KYXTmDUV_5KOVIg&bvm=bv.62922401,d.Yms" "Mozilla/5.0 (Macintosh; Intel Mac OS X 10_9_2) AppleWebKit/537.74.9 (KHTML, like Gecko) Version/7.0.2 Safari/537.74.9"
93.220.27.112 - - [19/Mar/2014:21:38:39 +0100] "GET /images/logos.jpg?cache2031 HTTP/1.1" 200 35043 "http://www.mink-gmbh.de/" "Mozilla/5.0 (Macintosh; Intel Mac OS X 10_9_2) AppleWebKit/537.74.9 (KHTML, like Gecko) Version/7.0.2 Safari/537.74.9"
93.220.27.112 - - [19/Mar/2014:21:38:42 +0100] "GET /wunschpreis.php HTTP/1.1" 200 10237 "http://www.mink-gmbh.de/" "Mozilla/5.0 (Macintosh; Intel Mac OS X 10_9_2) AppleWebKit/537.74.9 (KHTML, like Gecko) Version/7.0.2 Safari/537.74.9"
93.220.27.112 - - [19/Mar/2014:21:38:43 +0100] "GET /images/logos.jpg HTTP/1.1" 200 35043 "http://www.mink-gmbh.de/wunschpreis.php" "Mozilla/5.0 (Macintosh; Intel Mac OS X 10_9_2) AppleWebKit/537.74.9 (KHTML, like Gecko) Version/7.0.2 Safari/537.74.9"
93.220.27.112 - - [19/Mar/2014:21:38:45 +0100] "GET /standard.php HTTP/1.1" 200 6770 "http://www.mink-gmbh.de/wunschpreis.php" "Mozilla/5.0 (Macintosh; Intel Mac OS X 10_9_2) AppleWebKit/537.74.9 (KHTML, like Gecko) Version/7.0.2 Safari/537.74.9"
93.220.27.112 - - [19/Mar/2014:21:38:48 +0100] "GET /news.php HTTP/1.1" 200 19830 "http://www.mink-gmbh.de/standard.php" "Mozilla/5.0 (Macintosh; Intel Mac OS X 10_9_2) AppleWebKit/537.74.9 (KHTML, like Gecko) Version/7.0.2 Safari/537.74.9"
93.220.27.112 - - [19/Mar/2014:21:38:52 +0100] "GET /impressum.php HTTP/1.1" 200 6306 "http://www.mink-gmbh.de/news.php" "Mozilla/5.0 (Macintosh; Intel Mac OS X 10_9_2) AppleWebKit/537.74.9 (KHTML, like Gecko) Version/7.0.2 Safari/537.74.9"
93.220.27.112 - - [19/Mar/2014:21:40:13 +0100] "GET / HTTP/1.1" 200 13244 "-" "Mozilla/5.0 (Macintosh; Intel Mac OS X 10_9_2) AppleWebKit/537.74.9 (KHTML, like Gecko) Version/7.0.2 Safari/537.74.9"
93.220.27.112 - - [19/Mar/2014:21:40:13 +0100] "GET /images/logos.jpg?cache4018 HTTP/1.1" 200 35043 "http://www.mink-gmbh.de/" "Mozilla/5.0 (Macintosh; Intel Mac OS X 10_9_2) AppleWebKit/537.74.9 (KHTML, like Gecko) Version/7.0.2 Safari/537.74.9"
93.220.27.112 - - [19/Mar/2014:21:40:34 +0100] "GET /impressum.php HTTP/1.1" 200 6306 "http://www.mink-gmbh.de/" "Mozilla/5.0 (Macintosh; Intel Mac OS X 10_9_2) AppleWebKit/537.74.9 (KHTML, like Gecko) Version/7.0.2 Safari/537.74.9"
123.125.71.41 - - [19/Mar/2014:22:02:56 +0100] "GET / HTTP/1.1" 200 5684 "-" "Mozilla/5.0 (compatible; Baiduspider/2.0; +http://www.baidu.com/search/spider.html)"
220.181.108.102 - - [19/Mar/2014:22:03:52 +0100] "GET / HTTP/1.1" 200 5684 "-" "Mozilla/5.0 (compatible; Baiduspider/2.0; +http://www.baidu.com/search/spider.html)"
66.249.73.1 - - [19/Mar/2014:22:04:51 +0100] "GET /news.php?cs_go=archiv&cs_id=4658&cs_search= HTTP/1.1" 200 7413 "-" "Mozilla/5.0 (compatible; Googlebot/2.1; +http://www.google.com/bot.html)"
66.249.65.137 - - [19/Mar/2014:22:04:56 +0100] "GET /news.php?cs_go=archiv&cs_id=4275&cs_search= HTTP/1.1" 200 9136 "-" "Mozilla/5.0 (compatible; Googlebot/2.1; +http://www.google.com/bot.html)"
5.10.83.89 - - [19/Mar/2014:22:12:32 +0100] "GET /wunschpreis.php HTTP/1.1" 200 10237 "-" "Mozilla/5.0 (compatible; AhrefsBot/5.0; +http://ahrefs.com/robot/)"
178.77.126.55 - - [19/Mar/2014:22:29:56 +0100] "GET /robots.txt HTTP/1.1" 200 177 "-" "Mozilla/5.0 (compatible; CareerBot/1.1; +http://www.career-x.de/bot.html)"
178.77.126.55 - - [19/Mar/2014:22:29:56 +0100] "GET / HTTP/1.1" 200 13984 "-" "Mozilla/5.0 (compatible; CareerBot/1.1; +http://www.career-x.de/bot.html)"
178.77.126.55 - - [19/Mar/2014:22:29:56 +0100] "GET /news.php?cs_go=archiv&cs_id=5023 HTTP/1.1" 200 7767 "-" "Mozilla/5.0 (compatible; CareerBot/1.1; +http://www.career-x.de/bot.html)"
208.115.111.75 - - [19/Mar/2014:22:38:56 +0100] "GET /robots.txt HTTP/1.1" 200 177 "-" "Mozilla/5.0 (compatible; Ezooms/1.0; help@moz.com)"
5.10.83.30 - - [19/Mar/2014:22:45:01 +0100] "GET /kwk.php?cs_go=4 HTTP/1.1" 200 7818 "-" "Mozilla/5.0 (compatible; AhrefsBot/5.0; +http://ahrefs.com/robot/)"
217.230.188.16 - - [19/Mar/2014:22:47:08 +0100] "GET / HTTP/1.1" 200 3575 "http://m.bigfinder.de/?c=ws&q=web&v=1" "T-Online Browser (Windows NT 6.1; de)"
5.10.83.58 - - [19/Mar/2014:22:53:21 +0100] "GET /lexikon.php?cs_go=2&cs_char=v HTTP/1.1" 200 6681 "-" "Mozilla/5.0 (compatible; AhrefsBot/5.0; +http://ahrefs.com/robot/)"
123.125.71.51 - - [19/Mar/2014:22:53:57 +0100] "GET / HTTP/1.1" 200 6594 "-" "Mozilla/5.0 (compatible; Baiduspider/2.0; +http://www.baidu.com/search/spider.html)"
220.181.108.105 - - [19/Mar/2014:22:54:46 +0100] "GET / HTTP/1.1" 200 3575 "-" "Mozilla/5.0 (compatible; Baiduspider/2.0; +http://www.baidu.com/search/spider.html)"
5.10.83.30 - - [19/Mar/2014:22:59:14 +0100] "GET /foerdermittel.php HTTP/1.1" 200 5380 "-" "Mozilla/5.0 (compatible; AhrefsBot/5.0; +http://ahrefs.com/robot/)"
157.55.32.222 - - [19/Mar/2014:23:10:11 +0100] "GET / HTTP/1.1" 200 13984 "-" "Mozilla/5.0 (compatible; bingbot/2.0; +http://www.bing.com/bingbot.htm)"
66.249.73.225 - - [19/Mar/2014:23:20:39 +0100] "GET /news.php?cs_go=archiv&cs_id=4648&cs_search= HTTP/1.1" 200 9572 "-" "Mozilla/5.0 (compatible; Googlebot/2.1; +http://www.google.com/bot.html)"
5.10.83.17 - - [19/Mar/2014:23:32:37 +0100] "GET /news.php?cs_go=archiv&cs_id=4904&cs_search= HTTP/1.1" 200 11241 "-" "Mozilla/5.0 (compatible; AhrefsBot/5.0; +http://ahrefs.com/robot/)"
208.115.111.75 - - [20/Mar/2014:00:27:16 +0100] "GET /news.php?cs_go=archiv&cs_id=4816&cs_search= HTTP/1.1" 200 7442 "-" "Mozilla/5.0 (compatible; Ezooms/1.0; help@moz.com)"
208.115.111.75 - - [20/Mar/2014:00:27:19 +0100] "GET /optiplus.php HTTP/1.1" 404 5342 "-" "Mozilla/5.0 (compatible; Ezooms/1.0; help@moz.com)"
5.10.83.34 - - [20/Mar/2014:00:27:52 +0100] "GET /news.php?cs_go=archiv&cs_startpos=170 HTTP/1.1" 200 20170 "-" "Mozilla/5.0 (compatible; AhrefsBot/5.0; +http://ahrefs.com/robot/)"
208.115.113.91 - - [20/Mar/2014:00:50:41 +0100] "GET /robots.txt HTTP/1.1" 200 177 "-" "Mozilla/5.0 (compatible; Ezooms/1.0; help@moz.com)"
66.249.73.17 - - [20/Mar/2014:01:20:00 +0100] "GET /modul.css HTTP/1.1" 200 35038 "-" "Mozilla/5.0 (compatible; Googlebot/2.1; +http://www.google.com/bot.html)"
66.249.73.236 - - [20/Mar/2014:01:20:01 +0100] "GET /style.css HTTP/1.1" 200 8402 "-" "Mozilla/5.0 (compatible; Googlebot/2.1; +http://www.google.com/bot.html)"
65.55.24.244 - - [20/Mar/2014:01:54:42 +0100] "GET / HTTP/1.1" 200 13984 "-" "Mozilla/5.0 (compatible; bingbot/2.0; +http://www.bing.com/bingbot.htm)"
178.255.215.64 - - [20/Mar/2014:02:08:42 +0100] "GET /news.php?cs_go=archiv&cs_id=3205 HTTP/1.1" 200 7483 "-" "Mozilla/5.0 (compatible; Exabot/3.0; +http://www.exabot.com/go/robot)"
37.187.26.226 - - [20/Mar/2014:02:31:17 +0100] "GET / HTTP/1.0" 200 13984 "-" "-"
37.187.26.226 - - [20/Mar/2014:02:31:18 +0100] "GET /newsletter.php HTTP/1.0" 200 6492 "-" "-"
37.187.26.226 - - [20/Mar/2014:02:31:19 +0100] "GET /index.php HTTP/1.0" 200 13984 "-" "-"
37.187.26.226 - - [20/Mar/2014:02:31:19 +0100] "GET /standard.php HTTP/1.0" 200 6770 "-" "-"
37.187.26.226 - - [20/Mar/2014:02:31:20 +0100] "GET /wunschpreis.php HTTP/1.0" 200 10237 "-" "-"
37.187.26.226 - - [20/Mar/2014:02:31:20 +0100] "GET /preisanfrage.php HTTP/1.0" 200 8502 "-" "-"
37.187.26.226 - - [20/Mar/2014:02:31:20 +0100] "GET /news.php HTTP/1.0" 200 19830 "-" "-"
37.187.26.226 - - [20/Mar/2014:02:31:21 +0100] "GET /kontakt.php HTTP/1.0" 200 6966 "-" "-"
37.187.26.226 - - [20/Mar/2014:02:31:21 +0100] "GET /jobs.php HTTP/1.0" 200 4965 "-" "-"
37.187.26.226 - - [20/Mar/2014:02:31:22 +0100] "GET /impressum.php HTTP/1.0" 200 6306 "-" "-"
66.249.65.137 - - [20/Mar/2014:02:40:31 +0100] "GET /news.php?cs_go=archiv&cs_id=4646 HTTP/1.1" 200 10720 "-" "Mozilla/5.0 (compatible; Googlebot/2.1; +http://www.google.com/bot.html)"
144.76.95.231 - - [20/Mar/2014:02:43:56 +0100] "GET /robots.txt HTTP/1.0" 200 177 "-" "Mozilla/5.0 (compatible; MJ12bot/v1.4.4; http://www.majestic12.co.uk/bot.php?+)"
144.76.95.231 - - [20/Mar/2014:02:44:16 +0100] "GET /news.php?cs_go=archiv&cs_id=5023 HTTP/1.0" 200 7767 "-" "Mozilla/5.0 (compatible; MJ12bot/v1.4.4; http://www.majestic12.co.uk/bot.php?+)"
144.76.95.231 - - [20/Mar/2014:02:44:22 +0100] "GET /news.php?cs_go=archiv&cs_id=5033 HTTP/1.0" 200 11232 "-" "Mozilla/5.0 (compatible; MJ12bot/v1.4.4; http://www.majestic12.co.uk/bot.php?+)"
144.76.95.231 - - [20/Mar/2014:02:44:26 +0100] "GET /news.php?cs_go=archiv&cs_id=5038 HTTP/1.0" 200 7831 "-" "Mozilla/5.0 (compatible; MJ12bot/v1.4.4; http://www.majestic12.co.uk/bot.php?+)"
144.76.95.231 - - [20/Mar/2014:02:44:32 +0100] "GET /news.php?cs_go=archiv&cs_id=5039 HTTP/1.0" 200 11867 "-" "Mozilla/5.0 (compatible; MJ12bot/v1.4.4; http://www.majestic12.co.uk/bot.php?+)"
5.10.83.17 - - [20/Mar/2014:02:46:40 +0100] "GET /news.php?cs_go=archiv&cs_id=4774&cs_search= HTTP/1.1" 200 7413 "-" "Mozilla/5.0 (compatible; AhrefsBot/5.0; +http://ahrefs.com/robot/)"
208.115.113.91 - - [20/Mar/2014:02:49:28 +0100] "GET /news.php?cs_go=archiv&cs_id=4690&cs_search= HTTP/1.1" 200 9659 "-" "Mozilla/5.0 (compatible; Ezooms/1.0; help@moz.com)"
144.76.95.231 - - [20/Mar/2014:03:08:21 +0100] "GET /robots.txt HTTP/1.0" 200 177 "-" "Mozilla/5.0 (compatible; MJ12bot/v1.4.4; http://www.majestic12.co.uk/bot.php?+)"
144.76.95.231 - - [20/Mar/2014:03:08:24 +0100] "GET /news.php?cs_go=archiv&cs_id=4877&cs_search= HTTP/1.0" 200 11395 "-" "Mozilla/5.0 (compatible; MJ12bot/v1.4.4; http://www.majestic12.co.uk/bot.php?+)"
144.76.95.231 - - [20/Mar/2014:03:08:31 +0100] "GET /news.php?cs_go=archiv&cs_id=4878&cs_search= HTTP/1.0" 200 7441 "-" "Mozilla/5.0 (compatible; MJ12bot/v1.4.4; http://www.majestic12.co.uk/bot.php?+)"
144.76.95.231 - - [20/Mar/2014:03:08:34 +0100] "GET /news.php?cs_go=archiv&cs_id=4879&cs_search= HTTP/1.0" 200 9012 "-" "Mozilla/5.0 (compatible; MJ12bot/v1.4.4; http://www.majestic12.co.uk/bot.php?+)"
144.76.95.231 - - [20/Mar/2014:03:08:40 +0100] "GET /news.php?cs_go=archiv&cs_id=4880&cs_search= HTTP/1.0" 200 10096 "-" "Mozilla/5.0 (compatible; MJ12bot/v1.4.4; http://www.majestic12.co.uk/bot.php?+)"
144.76.95.231 - - [20/Mar/2014:03:08:44 +0100] "GET /news.php?cs_go=archiv&cs_id=4881&cs_search= HTTP/1.0" 200 8009 "-" "Mozilla/5.0 (compatible; MJ12bot/v1.4.4; http://www.majestic12.co.uk/bot.php?+)"
144.76.95.231 - - [20/Mar/2014:03:08:49 +0100] "GET /news.php?cs_go=archiv&cs_id=4882&cs_search= HTTP/1.0" 200 11230 "-" "Mozilla/5.0 (compatible; MJ12bot/v1.4.4; http://www.majestic12.co.uk/bot.php?+)"
144.76.95.231 - - [20/Mar/2014:03:08:52 +0100] "GET /news.php?cs_go=archiv&cs_id=4883&cs_search= HTTP/1.0" 200 7577 "-" "Mozilla/5.0 (compatible; MJ12bot/v1.4.4; http://www.majestic12.co.uk/bot.php?+)"
144.76.95.231 - - [20/Mar/2014:03:08:57 +0100] "GET /news.php?cs_go=archiv&cs_id=4884&cs_search= HTTP/1.0" 200 11366 "-" "Mozilla/5.0 (compatible; MJ12bot/v1.4.4; http://www.majestic12.co.uk/bot.php?+)"
144.76.95.231 - - [20/Mar/2014:03:09:02 +0100] "GET /news.php?cs_go=archiv&cs_id=4885&cs_search= HTTP/1.0" 200 10474 "-" "Mozilla/5.0 (compatible; MJ12bot/v1.4.4; http://www.majestic12.co.uk/bot.php?+)"
144.76.95.231 - - [20/Mar/2014:03:09:05 +0100] "GET /news.php?cs_go=archiv&cs_id=4886&cs_search= HTTP/1.0" 200 7501 "-" "Mozilla/5.0 (compatible; MJ12bot/v1.4.4; http://www.majestic12.co.uk/bot.php?+)"
144.76.95.231 - - [20/Mar/2014:03:09:11 +0100] "GET /news.php?cs_go=archiv&cs_startpos=71 HTTP/1.0" 200 20328 "-" "Mozilla/5.0 (compatible; MJ12bot/v1.4.4; http://www.majestic12.co.uk/bot.php?+)"
65.36.241.79 - - [20/Mar/2014:03:15:17 +0100] "HEAD / HTTP/1.1" 200 - "-" "InternetSeer.com"
66.249.65.169 - - [20/Mar/2014:04:01:05 +0100] "GET /news.php?cs_go=archiv&cs_id=4158 HTTP/1.1" 200 13761 "-" "Mozilla/5.0 (compatible; Googlebot/2.1; +http://www.google.com/bot.html)"
5.10.83.77 - - [20/Mar/2014:04:08:15 +0100] "GET /lexikon.php?cs_go=3&cs_id=209 HTTP/1.1" 200 5860 "-" "Mozilla/5.0 (compatible; AhrefsBot/5.0; +http://ahrefs.com/robot/)"
66.249.65.137 - - [20/Mar/2014:04:20:26 +0100] "GET /news.php?cs_go=archiv&cs_startpos=250 HTTP/1.1" 200 5690 "-" "Mozilla/5.0 (compatible; Googlebot/2.1; +http://www.google.com/bot.html)"
66.249.65.137 - - [20/Mar/2014:04:21:33 +0100] "GET /lexikon.php?cs_go=3&cs_id=37 HTTP/1.1" 200 5970 "-" "Mozilla/5.0 (compatible; Googlebot/2.1; +http://www.google.com/bot.html)"
66.249.73.240 - - [20/Mar/2014:04:23:07 +0100] "GET /news.php?cs_go=archiv&cs_id=4746&cs_search= HTTP/1.1" 200 7720 "-" "Mozilla/5.0 (compatible; Googlebot/2.1; +http://www.google.com/bot.html)"
93.186.202.197 - - [20/Mar/2014:04:30:46 +0100] "GET /news.php?cs_go=archiv&cs_id=3713 HTTP/1.1" 200 13433 "-" "Mozilla/5.0 (X11; Linux i686; rv:6.0) Gecko/20100101 Firefox/6.0"
66.249.65.201 - - [20/Mar/2014:04:47:32 +0100] "GET /lexikon.php?cs_go=3&cs_id=125 HTTP/1.1" 200 6543 "-" "Mozilla/5.0 (compatible; Googlebot/2.1; +http://www.google.com/bot.html)"
208.115.113.91 - - [20/Mar/2014:04:55:17 +0100] "GET /robots.txt HTTP/1.1" 200 177 "-" "Mozilla/5.0 (compatible; Ezooms/1.0; help@moz.com)"
5.10.83.34 - - [20/Mar/2014:05:07:34 +0100] "GET /news.php?cs_go=archiv&cs_id=4874&cs_search= HTTP/1.1" 200 8042 "-" "Mozilla/5.0 (compatible; AhrefsBot/5.0; +http://ahrefs.com/robot/)"
5.10.83.30 - - [20/Mar/2014:05:07:48 +0100] "GET /lexikon.php?cs_go=3&cs_id=185 HTTP/1.1" 200 5910 "-" "Mozilla/5.0 (compatible; AhrefsBot/5.0; +http://ahrefs.com/robot/)"
5.10.83.89 - - [20/Mar/2014:05:21:37 +0100] "GET /news.php?cs_go=archiv&cs_id=4907&cs_search= HTTP/1.1" 200 7867 "-" "Mozilla/5.0 (compatible; AhrefsBot/5.0; +http://ahrefs.com/robot/)"
66.249.73.233 - - [20/Mar/2014:05:30:08 +0100] "GET /news.php?cs_go=archiv&cs_id=4253 HTTP/1.1" 200 9017 "-" "Mozilla/5.0 (compatible; Googlebot/2.1; +http://www.google.com/bot.html)"
5.10.83.41 - - [20/Mar/2014:05:30:50 +0100] "GET /lexikon.php?cs_go=3&cs_id=155 HTTP/1.1" 200 5561 "-" "Mozilla/5.0 (compatible; AhrefsBot/5.0; +http://ahrefs.com/robot/)"
192.99.12.128 - - [20/Mar/2014:05:33:28 +0100] "GET /news.php?cs_go=archiv&cs_id=5019 HTTP/1.1" 200 11253 "http://www.mink-gmbh.de/" "Mozilla/5.0 (X11; Ubuntu; Linux i686; rv:22.0) Gecko/20100101 Firefox/22.0"
192.99.12.128 - - [20/Mar/2014:05:33:29 +0100] "GET /kwk.php HTTP/1.1" 200 8447 "http://www.mink-gmbh.de/" "Mozilla/5.0 (X11; Ubuntu; Linux i686; rv:22.0) Gecko/20100101 Firefox/22.0"
66.249.65.137 - - [20/Mar/2014:05:34:00 +0100] "GET /lexikon.php?cs_go=3&cs_id=47 HTTP/1.1" 200 8723 "-" "Mozilla/5.0 (compatible; Googlebot/2.1; +http://www.google.com/bot.html)"
66.249.73.225 - - [20/Mar/2014:05:40:06 +0100] "GET /news.php?cs_go=archiv&cs_id=4673&cs_search= HTTP/1.1" 200 7701 "-" "Mozilla/5.0 (compatible; Googlebot/2.1; +http://www.google.com/bot.html)"
5.10.83.41 - - [20/Mar/2014:05:40:29 +0100] "GET /lexikon.php?cs_go=3&cs_id=1 HTTP/1.1" 200 6127 "-" "Mozilla/5.0 (compatible; AhrefsBot/5.0; +http://ahrefs.com/robot/)"
5.10.83.58 - - [20/Mar/2014:05:43:43 +0100] "GET /lexikon.php?cs_go=2&cs_char=j HTTP/1.1" 200 6174 "-" "Mozilla/5.0 (compatible; AhrefsBot/5.0; +http://ahrefs.com/robot/)"
66.249.73.239 - - [20/Mar/2014:05:53:21 +0100] "GET /lexikon.php?cs_go=3&cs_id=179 HTTP/1.1" 200 9147 "-" "Mozilla/5.0 (compatible; Googlebot/2.1; +http://www.google.com/bot.html)"
66.249.65.137 - - [20/Mar/2014:06:01:06 +0100] "GET /news.php?cs_go=archiv&cs_id=4046 HTTP/1.1" 200 9873 "-" "Mozilla/5.0 (compatible; Googlebot/2.1; +http://www.google.com/bot.html)"
162.243.198.191 - - [20/Mar/2014:06:03:27 +0100] "GET /robots.txt HTTP/1.1" 200 177 "-" "Mozilla/5.0 (compatible; spbot/4.0.9; +http://OpenLinkProfiler.org/bot )"
162.243.198.191 - - [20/Mar/2014:06:03:33 +0100] "GET / HTTP/1.1" 200 13984 "-" "Mozilla/5.0 (compatible; spbot/4.0.9; +http://OpenLinkProfiler.org/bot )"
162.243.198.191 - - [20/Mar/2014:06:03:34 +0100] "GET /agb.php HTTP/1.1" 200 17543 "http://www.mink-gmbh.de/" "Mozilla/5.0 (compatible; spbot/4.0.9; +http://OpenLinkProfiler.org/bot )"
162.243.198.191 - - [20/Mar/2014:06:03:38 +0100] "GET /kwk.php HTTP/1.1" 200 8447 "http://www.mink-gmbh.de/" "Mozilla/5.0 (compatible; spbot/4.0.9; +http://OpenLinkProfiler.org/bot )"
162.243.198.191 - - [20/Mar/2014:06:03:43 +0100] "GET /faq.php HTTP/1.1" 200 216832 "http://www.mink-gmbh.de/kwk.php" "Mozilla/5.0 (compatible; spbot/4.0.9; +http://OpenLinkProfiler.org/bot )"
162.243.198.191 - - [20/Mar/2014:06:03:47 +0100] "GET /edl.php HTTP/1.1" 200 8596 "http://www.mink-gmbh.de/kwk.php" "Mozilla/5.0 (compatible; spbot/4.0.9; +http://OpenLinkProfiler.org/bot )"
162.243.198.191 - - [20/Mar/2014:06:03:52 +0100] "GET /news.php HTTP/1.1" 200 19830 "http://www.mink-gmbh.de/" "Mozilla/5.0 (compatible; spbot/4.0.9; +http://OpenLinkProfiler.org/bot )"
162.243.198.191 - - [20/Mar/2014:06:03:57 +0100] "GET /jobs.php HTTP/1.1" 200 4965 "http://www.mink-gmbh.de/" "Mozilla/5.0 (compatible; spbot/4.0.9; +http://OpenLinkProfiler.org/bot )"
162.243.198.191 - - [20/Mar/2014:06:04:03 +0100] "GET /index.php HTTP/1.1" 200 13984 "http://www.mink-gmbh.de/" "Mozilla/5.0 (compatible; spbot/4.0.9; +http://OpenLinkProfiler.org/bot )"
162.243.198.191 - - [20/Mar/2014:06:04:08 +0100] "GET /kontakt.php HTTP/1.1" 200 6966 "http://www.mink-gmbh.de/" "Mozilla/5.0 (compatible; spbot/4.0.9; +http://OpenLinkProfiler.org/bot )"
162.243.198.191 - - [20/Mar/2014:06:04:12 +0100] "GET /lexikon.php HTTP/1.1" 200 8115 "http://www.mink-gmbh.de/kwk.php" "Mozilla/5.0 (compatible; spbot/4.0.9; +http://OpenLinkProfiler.org/bot )"
162.243.198.191 - - [20/Mar/2014:06:04:18 +0100] "GET /standard.php HTTP/1.1" 200 6770 "http://www.mink-gmbh.de/" "Mozilla/5.0 (compatible; spbot/4.0.9; +http://OpenLinkProfiler.org/bot )"
162.243.198.191 - - [20/Mar/2014:06:04:22 +0100] "GET /diesel.php HTTP/1.1" 200 8192 "http://www.mink-gmbh.de/standard.php" "Mozilla/5.0 (compatible; spbot/4.0.9; +http://OpenLinkProfiler.org/bot )"
162.243.198.191 - - [20/Mar/2014:06:04:27 +0100] "GET /.php HTTP/1.1" 404 5342 "http://www.mink-gmbh.de/diesel.php" "Mozilla/5.0 (compatible; spbot/4.0.9; +http://OpenLinkProfiler.org/bot )"
162.243.198.191 - - [20/Mar/2014:06:04:32 +0100] "GET /optiplus.php HTTP/1.1" 404 5342 "http://www.mink-gmbh.de/agb.php" "Mozilla/5.0 (compatible; spbot/4.0.9; +http://OpenLinkProfiler.org/bot )"
162.243.198.191 - - [20/Mar/2014:06:04:37 +0100] "GET /additive.php HTTP/1.1" 200 5937 "http://www.mink-gmbh.de/standard.php" "Mozilla/5.0 (compatible; spbot/4.0.9; +http://OpenLinkProfiler.org/bot )"
162.243.198.191 - - [20/Mar/2014:06:04:42 +0100] "GET /impressum.php HTTP/1.1" 200 6306 "http://www.mink-gmbh.de/" "Mozilla/5.0 (compatible; spbot/4.0.9; +http://OpenLinkProfiler.org/bot )"
162.243.198.191 - - [20/Mar/2014:06:04:48 +0100] "GET /newsletter.php HTTP/1.1" 200 6492 "http://www.mink-gmbh.de/" "Mozilla/5.0 (compatible; spbot/4.0.9; +http://OpenLinkProfiler.org/bot )"
162.243.198.191 - - [20/Mar/2014:06:04:53 +0100] "GET /kwk.php?cs_go=4 HTTP/1.1" 200 7818 "http://www.mink-gmbh.de/kwk.php" "Mozilla/5.0 (compatible; spbot/4.0.9; +http://OpenLinkProfiler.org/bot )"
162.243.198.191 - - [20/Mar/2014:06:04:57 +0100] "GET /kwk.php?cs_go=3 HTTP/1.1" 200 7848 "http://www.mink-gmbh.de/kwk.php" "Mozilla/5.0 (compatible; spbot/4.0.9; +http://OpenLinkProfiler.org/bot )"
162.243.198.191 - - [20/Mar/2014:06:05:03 +0100] "GET /kwk.php?cs_go=2 HTTP/1.1" 200 9418 "http://www.mink-gmbh.de/kwk.php" "Mozilla/5.0 (compatible; spbot/4.0.9; +http://OpenLinkProfiler.org/bot )"
162.243.198.191 - - [20/Mar/2014:06:05:07 +0100] "GET /kwk.php?cs_go=1 HTTP/1.1" 200 8447 "http://www.mink-gmbh.de/kwk.php" "Mozilla/5.0 (compatible; spbot/4.0.9; +http://OpenLinkProfiler.org/bot )"
162.243.198.191 - - [20/Mar/2014:06:05:13 +0100] "GET /wunschpreis.php HTTP/1.1" 200 10237 "http://www.mink-gmbh.de/" "Mozilla/5.0 (compatible; spbot/4.0.9; +http://OpenLinkProfiler.org/bot )"
162.243.198.191 - - [20/Mar/2014:06:05:18 +0100] "GET /preisanfrage.php HTTP/1.1" 200 8502 "http://www.mink-gmbh.de/" "Mozilla/5.0 (compatible; spbot/4.0.9; +http://OpenLinkProfiler.org/bot )"
162.243.198.191 - - [20/Mar/2014:06:05:23 +0100] "GET /foerdermittel.php HTTP/1.1" 200 10473 "http://www.mink-gmbh.de/kwk.php" "Mozilla/5.0 (compatible; spbot/4.0.9; +http://OpenLinkProfiler.org/bot )"
162.243.198.191 - - [20/Mar/2014:06:05:27 +0100] "GET /modernisierung.php HTTP/1.1" 200 9252 "http://www.mink-gmbh.de/kwk.php" "Mozilla/5.0 (compatible; spbot/4.0.9; +http://OpenLinkProfiler.org/bot )"
162.243.198.191 - - [20/Mar/2014:06:05:33 +0100] "GET /ansprechpartner.php HTTP/1.1" 404 5342 "http://www.mink-gmbh.de/kwk.php?cs_go=3" "Mozilla/5.0 (compatible; spbot/4.0.9; +http://OpenLinkProfiler.org/bot )"
162.243.198.191 - - [20/Mar/2014:06:05:37 +0100] "GET /rueckrufservice.php HTTP/1.1" 200 8300 "http://www.mink-gmbh.de/" "Mozilla/5.0 (compatible; spbot/4.0.9; +http://OpenLinkProfiler.org/bot )"
162.243.198.191 - - [20/Mar/2014:06:05:42 +0100] "GET /energiesparcheck.php HTTP/1.1" 200 11144 "http://www.mink-gmbh.de/kwk.php" "Mozilla/5.0 (compatible; spbot/4.0.9; +http://OpenLinkProfiler.org/bot )"
162.243.198.191 - - [20/Mar/2014:06:05:48 +0100] "GET /news.php?cs_go=archiv HTTP/1.1" 200 19830 "http://www.mink-gmbh.de/" "Mozilla/5.0 (compatible; spbot/4.0.9; +http://OpenLinkProfiler.org/bot )"
162.243.198.191 - - [20/Mar/2014:06:05:52 +0100] "GET /schwefelarmstandard.php HTTP/1.1" 200 10730 "http://www.mink-gmbh.de/" "Mozilla/5.0 (compatible; spbot/4.0.9; +http://OpenLinkProfiler.org/bot )"
162.243.198.191 - - [20/Mar/2014:06:05:57 +0100] "GET /lexikon.php?cs_go=2&cs_char=y HTTP/1.1" 200 6174 "http://www.mink-gmbh.de/lexikon.php" "Mozilla/5.0 (compatible; spbot/4.0.9; +http://OpenLinkProfiler.org/bot )"
162.243.198.191 - - [20/Mar/2014:06:06:03 +0100] "GET /lexikon.php?cs_go=2&cs_char=a HTTP/1.1" 200 7367 "http://www.mink-gmbh.de/lexikon.php" "Mozilla/5.0 (compatible; spbot/4.0.9; +http://OpenLinkProfiler.org/bot )"
162.243.198.191 - - [20/Mar/2014:06:06:07 +0100] "GET /lexikon.php?cs_go=3&cs_id=4 HTTP/1.1" 200 5753 "http://www.mink-gmbh.de/lexikon.php?cs_go=2&cs_char=a" "Mozilla/5.0 (compatible; spbot/4.0.9; +http://OpenLinkProfiler.org/bot )"
162.243.198.191 - - [20/Mar/2014:06:06:12 +0100] "GET /lexikon.php?cs_go=3&cs_id=1 HTTP/1.1" 200 6127 "http://www.mink-gmbh.de/lexikon.php?cs_go=2&cs_char=a" "Mozilla/5.0 (compatible; spbot/4.0.9; +http://OpenLinkProfiler.org/bot )"
162.243.198.191 - - [20/Mar/2014:06:06:17 +0100] "GET /lexikon.php?cs_go=3&cs_id=5 HTTP/1.1" 200 5752 "http://www.mink-gmbh.de/lexikon.php?cs_go=2&cs_char=a" "Mozilla/5.0 (compatible; spbot/4.0.9; +http://OpenLinkProfiler.org/bot )"
162.243.198.191 - - [20/Mar/2014:06:06:22 +0100] "GET /lexikon.php?cs_go=3&cs_id=3 HTTP/1.1" 200 6049 "http://www.mink-gmbh.de/lexikon.php?cs_go=2&cs_char=a" "Mozilla/5.0 (compatible; spbot/4.0.9; +http://OpenLinkProfiler.org/bot )"
162.243.198.191 - - [20/Mar/2014:06:06:27 +0100] "GET /lexikon.php?cs_go=3&cs_id=7 HTTP/1.1" 200 6095 "http://www.mink-gmbh.de/lexikon.php?cs_go=2&cs_char=a" "Mozilla/5.0 (compatible; spbot/4.0.9; +http://OpenLinkProfiler.org/bot )"
162.243.198.191 - - [20/Mar/2014:06:06:32 +0100] "GET /lexikon.php?cs_go=3&cs_id=8 HTTP/1.1" 200 6791 "http://www.mink-gmbh.de/lexikon.php?cs_go=2&cs_char=a" "Mozilla/5.0 (compatible; spbot/4.0.9; +http://OpenLinkProfiler.org/bot )"
162.243.198.191 - - [20/Mar/2014:06:06:37 +0100] "GET /lexikon.php?cs_go=3&cs_id=6 HTTP/1.1" 200 5729 "http://www.mink-gmbh.de/lexikon.php?cs_go=2&cs_char=a" "Mozilla/5.0 (compatible; spbot/4.0.9; +http://OpenLinkProfiler.org/bot )"
162.243.198.191 - - [20/Mar/2014:06:06:42 +0100] "GET /lexikon.php?cs_go=3&cs_id=2 HTTP/1.1" 200 5988 "http://www.mink-gmbh.de/lexikon.php?cs_go=2&cs_char=a" "Mozilla/5.0 (compatible; spbot/4.0.9; +http://OpenLinkProfiler.org/bot )"
162.243.198.191 - - [20/Mar/2014:06:06:48 +0100] "GET /lexikon.php?cs_go=3&cs_id=10 HTTP/1.1" 200 6158 "http://www.mink-gmbh.de/lexikon.php?cs_go=2&cs_char=a" "Mozilla/5.0 (compatible; spbot/4.0.9; +http://OpenLinkProfiler.org/bot )"
162.243.198.191 - - [20/Mar/2014:06:06:52 +0100] "GET /lexikon.php?cs_go=3&cs_id=11 HTTP/1.1" 200 5809 "http://www.mink-gmbh.de/lexikon.php?cs_go=2&cs_char=a" "Mozilla/5.0 (compatible; spbot/4.0.9; +http://OpenLinkProfiler.org/bot )"
162.243.198.191 - - [20/Mar/2014:06:06:58 +0100] "GET /lexikon.php?cs_go=3&cs_id=16 HTTP/1.1" 200 6494 "http://www.mink-gmbh.de/lexikon.php?cs_go=2&cs_char=a" "Mozilla/5.0 (compatible; spbot/4.0.9; +http://OpenLinkProfiler.org/bot )"
162.243.198.191 - - [20/Mar/2014:06:07:02 +0100] "GET /lexikon.php?cs_go=3&cs_id=13 HTTP/1.1" 200 5626 "http://www.mink-gmbh.de/lexikon.php?cs_go=2&cs_char=a" "Mozilla/5.0 (compatible; spbot/4.0.9; +http://OpenLinkProfiler.org/bot )"
162.243.198.191 - - [20/Mar/2014:06:07:07 +0100] "GET /lexikon.php?cs_go=3&cs_id=17 HTTP/1.1" 200 6025 "http://www.mink-gmbh.de/lexikon.php?cs_go=2&cs_char=a" "Mozilla/5.0 (compatible; spbot/4.0.9; +http://OpenLinkProfiler.org/bot )"
162.243.198.191 - - [20/Mar/2014:06:07:13 +0100] "GET /lexikon.php?cs_go=3&cs_id=12 HTTP/1.1" 200 6135 "http://www.mink-gmbh.de/lexikon.php?cs_go=2&cs_char=a" "Mozilla/5.0 (compatible; spbot/4.0.9; +http://OpenLinkProfiler.org/bot )"
162.243.198.191 - - [20/Mar/2014:06:07:17 +0100] "GET /lexikon.php?cs_go=3&cs_id=15 HTTP/1.1" 200 5641 "http://www.mink-gmbh.de/lexikon.php?cs_go=2&cs_char=a" "Mozilla/5.0 (compatible; spbot/4.0.9; +http://OpenLinkProfiler.org/bot )"
