109.84.2.145 - - [15/Mar/2014:14:16:55 +0100] "GET /style.css HTTP/1.1" 200 8402 "http://www.mink-gmbh.de/news.php?cs_go=archiv&cs_id=4075" "Mozilla/5.0 (iPhone; CPU iPhone OS 6_1_4 like Mac OS X) AppleWebKit/536.26 (KHTML, like Gecko) Version/6.0 Mobile/10B350 Safari/8536.25"
109.84.2.145 - - [15/Mar/2014:14:16:55 +0100] "GET /modul.css HTTP/1.1" 200 35038 "http://www.mink-gmbh.de/news.php?cs_go=archiv&cs_id=4075" "Mozilla/5.0 (iPhone; CPU iPhone OS 6_1_4 like Mac OS X) AppleWebKit/536.26 (KHTML, like Gecko) Version/6.0 Mobile/10B350 Safari/8536.25"
109.84.2.145 - - [15/Mar/2014:14:17:07 +0100] "GET / HTTP/1.1" 200 13928 "-" "Mozilla/5.0 (iPhone; CPU iPhone OS 6_1_4 like Mac OS X) AppleWebKit/536.26 (KHTML, like Gecko) Version/6.0 Mobile/10B350 Safari/8536.25"
109.84.2.145 - - [15/Mar/2014:14:17:08 +0100] "GET /js_contentserver24_greybox/AJS_fx.js HTTP/1.1" 200 3192 "-" "Mozilla/5.0 (iPhone; CPU iPhone OS 6_1_4 like Mac OS X) AppleWebKit/536.26 (KHTML, like Gecko) Version/6.0 Mobile/10B350 Safari/8536.25"
109.84.2.145 - - [15/Mar/2014:14:17:08 +0100] "GET /js_contentserver24_greybox/gb_scripts.js HTTP/1.1" 200 11913 "-" "Mozilla/5.0 (iPhone; CPU iPhone OS 6_1_4 like Mac OS X) AppleWebKit/536.26 (KHTML, like Gecko) Version/6.0 Mobile/10B350 Safari/8536.25"
109.84.2.145 - - [15/Mar/2014:14:17:08 +0100] "GET /modul.css HTTP/1.1" 200 35038 "-" "Mozilla/5.0 (iPhone; CPU iPhone OS 6_1_4 like Mac OS X) AppleWebKit/536.26 (KHTML, like Gecko) Version/6.0 Mobile/10B350 Safari/8536.25"
109.84.2.145 - - [15/Mar/2014:14:17:08 +0100] "GET /style.css HTTP/1.1" 200 8402 "-" "Mozilla/5.0 (iPhone; CPU iPhone OS 6_1_4 like Mac OS X) AppleWebKit/536.26 (KHTML, like Gecko) Version/6.0 Mobile/10B350 Safari/8536.25"
109.84.2.145 - - [15/Mar/2014:14:17:08 +0100] "GET /js_contentserver24_greybox/gb_styles.css HTTP/1.1" 200 2302 "-" "Mozilla/5.0 (iPhone; CPU iPhone OS 6_1_4 like Mac OS X) AppleWebKit/536.26 (KHTML, like Gecko) Version/6.0 Mobile/10B350 Safari/8536.25"
109.84.2.145 - - [15/Mar/2014:14:17:08 +0100] "GET /js_contentserver24_greybox/AJS.js HTTP/1.1" 200 10396 "-" "Mozilla/5.0 (iPhone; CPU iPhone OS 6_1_4 like Mac OS X) AppleWebKit/536.26 (KHTML, like Gecko) Version/6.0 Mobile/10B350 Safari/8536.25"
109.84.2.145 - - [15/Mar/2014:14:17:08 +0100] "GET /images/tkw.jpg HTTP/1.1" 200 64031 "http://www.mink-gmbh.de/" "Mozilla/5.0 (iPhone; CPU iPhone OS 6_1_4 like Mac OS X) AppleWebKit/536.26 (KHTML, like Gecko) Version/6.0 Mobile/10B350 Safari/8536.25"
109.84.2.145 - - [15/Mar/2014:14:17:08 +0100] "GET /images/logos.jpg?cache9052 HTTP/1.1" 200 35043 "http://www.mink-gmbh.de/" "Mozilla/5.0 (iPhone; CPU iPhone OS 6_1_4 like Mac OS X) AppleWebKit/536.26 (KHTML, like Gecko) Version/6.0 Mobile/10B350 Safari/8536.25"
109.84.2.145 - - [15/Mar/2014:14:17:08 +0100] "GET /images/team-energie.png HTTP/1.1" 200 17383 "http://www.mink-gmbh.de/" "Mozilla/5.0 (iPhone; CPU iPhone OS 6_1_4 like Mac OS X) AppleWebKit/536.26 (KHTML, like Gecko) Version/6.0 Mobile/10B350 Safari/8536.25"
109.84.2.145 - - [15/Mar/2014:14:17:08 +0100] "GET /images/freecall.jpg HTTP/1.1" 200 39195 "http://www.mink-gmbh.de/" "Mozilla/5.0 (iPhone; CPU iPhone OS 6_1_4 like Mac OS X) AppleWebKit/536.26 (KHTML, like Gecko) Version/6.0 Mobile/10B350 Safari/8536.25"
109.84.2.145 - - [15/Mar/2014:14:17:08 +0100] "GET /images/mail.jpg HTTP/1.1" 200 12099 "http://www.mink-gmbh.de/" "Mozilla/5.0 (iPhone; CPU iPhone OS 6_1_4 like Mac OS X) AppleWebKit/536.26 (KHTML, like Gecko) Version/6.0 Mobile/10B350 Safari/8536.25"
109.84.2.145 - - [15/Mar/2014:14:17:08 +0100] "GET /images/kwk.gif HTTP/1.1" 200 6403 "http://www.mink-gmbh.de/" "Mozilla/5.0 (iPhone; CPU iPhone OS 6_1_4 like Mac OS X) AppleWebKit/536.26 (KHTML, like Gecko) Version/6.0 Mobile/10B350 Safari/8536.25"
109.84.2.145 - - [15/Mar/2014:14:17:08 +0100] "GET /images/fallend.png HTTP/1.1" 200 713 "http://www.mink-gmbh.de/" "Mozilla/5.0 (iPhone; CPU iPhone OS 6_1_4 like Mac OS X) AppleWebKit/536.26 (KHTML, like Gecko) Version/6.0 Mobile/10B350 Safari/8536.25"
109.84.2.145 - - [15/Mar/2014:14:17:08 +0100] "GET /images/newsletter_bg.jpg HTTP/1.1" 200 33610 "http://www.mink-gmbh.de/" "Mozilla/5.0 (iPhone; CPU iPhone OS 6_1_4 like Mac OS X) AppleWebKit/536.26 (KHTML, like Gecko) Version/6.0 Mobile/10B350 Safari/8536.25"
109.84.2.145 - - [15/Mar/2014:14:17:08 +0100] "GET /images/close.png HTTP/1.1" 200 703 "http://www.mink-gmbh.de/" "Mozilla/5.0 (iPhone; CPU iPhone OS 6_1_4 like Mac OS X) AppleWebKit/536.26 (KHTML, like Gecko) Version/6.0 Mobile/10B350 Safari/8536.25"
109.84.2.145 - - [15/Mar/2014:14:17:08 +0100] "GET /js_contentserver24_greybox/w_close.gif HTTP/1.1" 200 74 "http://www.mink-gmbh.de/" "Mozilla/5.0 (iPhone; CPU iPhone OS 6_1_4 like Mac OS X) AppleWebKit/536.26 (KHTML, like Gecko) Version/6.0 Mobile/10B350 Safari/8536.25"
109.84.2.145 - - [15/Mar/2014:14:17:09 +0100] "GET /images/newsletter.jpg HTTP/1.1" 200 13130 "http://www.mink-gmbh.de/" "Mozilla/5.0 (iPhone; CPU iPhone OS 6_1_4 like Mac OS X) AppleWebKit/536.26 (KHTML, like Gecko) Version/6.0 Mobile/10B350 Safari/8536.25"
109.84.2.145 - - [15/Mar/2014:14:17:09 +0100] "GET /images/mobil.jpg HTTP/1.1" 200 25293 "http://www.mink-gmbh.de/" "Mozilla/5.0 (iPhone; CPU iPhone OS 6_1_4 like Mac OS X) AppleWebKit/536.26 (KHTML, like Gecko) Version/6.0 Mobile/10B350 Safari/8536.25"
109.84.2.145 - - [15/Mar/2014:14:17:09 +0100] "GET /js_contentserver24_greybox/loader_frame.html?s=0 HTTP/1.1" 200 2084 "http://www.mink-gmbh.de/" "Mozilla/5.0 (iPhone; CPU iPhone OS 6_1_4 like Mac OS X) AppleWebKit/536.26 (KHTML, like Gecko) Version/6.0 Mobile/10B350 Safari/8536.25"
109.84.2.145 - - [15/Mar/2014:14:17:09 +0100] "GET /js_contentserver24_greybox/header_bg.gif HTTP/1.1" 200 1188 "http://www.mink-gmbh.de/" "Mozilla/5.0 (iPhone; CPU iPhone OS 6_1_4 like Mac OS X) AppleWebKit/536.26 (KHTML, like Gecko) Version/6.0 Mobile/10B350 Safari/8536.25"
109.84.2.145 - - [15/Mar/2014:14:17:09 +0100] "GET /images/wunschpreis.jpg HTTP/1.1" 200 16767 "http://www.mink-gmbh.de/" "Mozilla/5.0 (iPhone; CPU iPhone OS 6_1_4 like Mac OS X) AppleWebKit/536.26 (KHTML, like Gecko) Version/6.0 Mobile/10B350 Safari/8536.25"
109.84.2.145 - - [15/Mar/2014:14:17:09 +0100] "GET /js_contentserver24_greybox/indicator.gif HTTP/1.1" 200 8238 "http://www.mink-gmbh.de/js_contentserver24_greybox/loader_frame.html?s=0" "Mozilla/5.0 (iPhone; CPU iPhone OS 6_1_4 like Mac OS X) AppleWebKit/536.26 (KHTML, like Gecko) Version/6.0 Mobile/10B350 Safari/8536.25"
109.84.2.145 - - [15/Mar/2014:14:17:09 +0100] "GET /images/steigend.png HTTP/1.1" 200 688 "http://www.mink-gmbh.de/" "Mozilla/5.0 (iPhone; CPU iPhone OS 6_1_4 like Mac OS X) AppleWebKit/536.26 (KHTML, like Gecko) Version/6.0 Mobile/10B350 Safari/8536.25"
109.84.2.145 - - [15/Mar/2014:14:17:10 +0100] "GET /js_contentserver24_greybox/g_close.gif HTTP/1.1" 200 541 "http://www.mink-gmbh.de/" "Mozilla/5.0 (iPhone; CPU iPhone OS 6_1_4 like Mac OS X) AppleWebKit/536.26 (KHTML, like Gecko) Version/6.0 Mobile/10B350 Safari/8536.25"
109.84.2.145 - - [15/Mar/2014:14:17:10 +0100] "GET /js_contentserver24_greybox/indicator.gif HTTP/1.1" 200 8238 "http://www.mink-gmbh.de/" "Mozilla/5.0 (iPhone; CPU iPhone OS 6_1_4 like Mac OS X) AppleWebKit/536.26 (KHTML, like Gecko) Version/6.0 Mobile/10B350 Safari/8536.25"
109.84.2.145 - - [15/Mar/2014:14:17:12 +0100] "GET /modernisierung.php HTTP/1.1" 200 9252 "http://my.contentserver24.de/content.php?key=8cbfc89c6095570b423d&cs_mid=22&cs_go=popupcontent" "Mozilla/5.0 (iPhone; CPU iPhone OS 6_1_4 like Mac OS X) AppleWebKit/536.26 (KHTML, like Gecko) Version/6.0 Mobile/10B350 Safari/8536.25"
82.94.179.38 - - [15/Mar/2014:14:29:46 +0100] "GET /robots.txt HTTP/1.0" 200 177 "-" "Mozilla/4.0 (compatible; Freshbot/1.0/EU; http://webagent.wise-guys.nl/)"
82.94.179.38 - - [15/Mar/2014:14:29:46 +0100] "GET / HTTP/1.1" 200 13928 "-" "Mozilla/5.0 (X11; Linux i686; rv:6.0) Gecko/20100101 Firefox/6.0 (Freshbot/1.0/EU; http://webagent.wise-guys.nl/)"
66.249.73.235 - - [15/Mar/2014:14:57:44 +0100] "GET /lexikon.php?cs_go=3&cs_id=133 HTTP/1.1" 200 6296 "-" "Mozilla/5.0 (compatible; Googlebot/2.1; +http://www.google.com/bot.html)"
5.10.83.36 - - [15/Mar/2014:15:22:51 +0100] "GET /news.php?cs_go=archiv&cs_id=4856&cs_search= HTTP/1.1" 200 10263 "-" "Mozilla/5.0 (compatible; AhrefsBot/5.0; +http://ahrefs.com/robot/)"
157.56.92.172 - - [15/Mar/2014:15:23:11 +0100] "GET /robots.txt HTTP/1.1" 200 177 "-" "Mozilla/5.0 (compatible; bingbot/2.0; +http://www.bing.com/bingbot.htm)"
157.56.92.172 - - [15/Mar/2014:15:25:16 +0100] "GET /optiplus.php HTTP/1.1" 404 5342 "-" "Mozilla/5.0 (compatible; bingbot/2.0; +http://www.bing.com/bingbot.htm)"
46.161.41.24 - - [15/Mar/2014:15:35:59 +0100] "GET /news.php?cs_go=archiv&cs_id=4401&cs_search= HTTP/1.1" 200 11701 "-" "Mozilla/4.0 (compatible; MSIE 6.0; MSIE 5.5; Windows 95) Opera 7.03 [de]"
141.8.147.12 - - [15/Mar/2014:15:43:57 +0100] "GET /lexikon.php?cs_go=3&cs_id=58 HTTP/1.1" 200 8395 "-" "Mozilla/5.0 (compatible; YandexBot/3.0; +http://yandex.com/bots)"
208.115.111.75 - - [15/Mar/2014:16:11:13 +0100] "GET /robots.txt HTTP/1.1" 200 177 "-" "Mozilla/5.0 (compatible; Ezooms/1.0; help@moz.com)"
5.10.83.2 - - [15/Mar/2014:16:21:17 +0100] "GET /kontakt.php HTTP/1.1" 200 6966 "-" "Mozilla/5.0 (compatible; AhrefsBot/5.0; +http://ahrefs.com/robot/)"
66.249.65.201 - - [15/Mar/2014:16:30:19 +0100] "GET /news.php?cs_go=archiv&cs_id=4579 HTTP/1.1" 200 8969 "-" "Mozilla/5.0 (compatible; Googlebot/2.1; +http://www.google.com/bot.html)"
188.99.189.230 - - [15/Mar/2014:16:47:47 +0100] "GET /favicon.ico HTTP/1.1" 200 3638 "-" "Mozilla/5.0 (Windows NT 6.1; WOW64; rv:27.0) Gecko/20100101 Firefox/27.0"
5.10.83.71 - - [15/Mar/2014:16:47:52 +0100] "GET /news.php?cs_go=archiv&cs_startpos=150 HTTP/1.1" 200 20202 "-" "Mozilla/5.0 (compatible; AhrefsBot/5.0; +http://ahrefs.com/robot/)"
5.10.83.53 - - [15/Mar/2014:16:59:23 +0100] "GET /lexikon.php?cs_go=3&cs_id=230 HTTP/1.1" 200 6124 "-" "Mozilla/5.0 (compatible; AhrefsBot/5.0; +http://ahrefs.com/robot/)"
5.10.83.53 - - [15/Mar/2014:17:29:26 +0100] "GET /lexikon.php?cs_go=3&cs_id=224 HTTP/1.1" 200 5840 "-" "Mozilla/5.0 (compatible; AhrefsBot/5.0; +http://ahrefs.com/robot/)"
141.8.147.12 - - [15/Mar/2014:18:11:51 +0100] "GET /images/freecall.jpg HTTP/1.1" 200 39195 "-" "Mozilla/5.0 (compatible; YandexBot/3.0; +http://yandex.com/bots)"
93.186.202.197 - - [15/Mar/2014:18:18:16 +0100] "GET /news.php?cs_go=archiv&cs_id=4156&cs_search= HTTP/1.1" 200 10588 "-" "Mozilla/5.0 (X11; Linux i686; rv:6.0) Gecko/20100101 Firefox/6.0"
208.115.111.75 - - [15/Mar/2014:18:25:00 +0100] "GET /robots.txt HTTP/1.1" 200 177 "-" "Mozilla/5.0 (compatible; Ezooms/1.0; help@moz.com)"
5.10.83.12 - - [15/Mar/2014:18:37:00 +0100] "GET /lexikon.php?cs_go=3&cs_id=62 HTTP/1.1" 200 6132 "-" "Mozilla/5.0 (compatible; AhrefsBot/5.0; +http://ahrefs.com/robot/)"
66.249.73.5 - - [15/Mar/2014:18:38:04 +0100] "GET /lexikon.php HTTP/1.1" 200 8115 "-" "Mozilla/5.0 (iPhone; CPU iPhone OS 6_0 like Mac OS X) AppleWebKit/536.26 (KHTML, like Gecko) Version/6.0 Mobile/10A5376e Safari/8536.25 (compatible; Googlebot/2.1; +http://www.google.com/bot.html)"
66.249.73.225 - - [15/Mar/2014:18:49:00 +0100] "GET /images/RAL_Guetezeichen_Energiehandel.pdf HTTP/1.1" 304 - "-" "DoCoMo/2.0 N905i(c100;TB;W24H16) (compatible; Googlebot-Mobile/2.1; +http://www.google.com/bot.html)"
144.76.95.39 - - [15/Mar/2014:18:56:05 +0100] "GET /robots.txt HTTP/1.0" 200 177 "-" "Mozilla/5.0 (compatible; MJ12bot/v1.4.4; http://www.majestic12.co.uk/bot.php?+)"
144.76.95.39 - - [15/Mar/2014:18:56:15 +0100] "GET /news.php?cs_go=archiv&cs_id=3953 HTTP/1.0" 200 9635 "-" "Mozilla/5.0 (compatible; MJ12bot/v1.4.4; http://www.majestic12.co.uk/bot.php?+)"
144.76.95.39 - - [15/Mar/2014:18:56:19 +0100] "GET /news.php?cs_go=archiv&cs_id=3953&cs_search= HTTP/1.0" 200 9635 "-" "Mozilla/5.0 (compatible; MJ12bot/v1.4.4; http://www.majestic12.co.uk/bot.php?+)"
144.76.95.39 - - [15/Mar/2014:18:56:23 +0100] "GET /news.php?cs_go=archiv&cs_id=4045 HTTP/1.0" 200 7470 "-" "Mozilla/5.0 (compatible; MJ12bot/v1.4.4; http://www.majestic12.co.uk/bot.php?+)"
144.76.95.39 - - [15/Mar/2014:18:56:29 +0100] "GET /news.php?cs_go=archiv&cs_id=4047 HTTP/1.0" 200 10728 "-" "Mozilla/5.0 (compatible; MJ12bot/v1.4.4; http://www.majestic12.co.uk/bot.php?+)"
144.76.95.39 - - [15/Mar/2014:18:56:34 +0100] "GET /news.php?cs_go=archiv&cs_id=4049 HTTP/1.0" 200 10889 "-" "Mozilla/5.0 (compatible; MJ12bot/v1.4.4; http://www.majestic12.co.uk/bot.php?+)"
65.36.241.79 - - [15/Mar/2014:18:56:34 +0100] "HEAD / HTTP/1.1" 200 - "-" "InternetSeer.com"
5.10.83.54 - - [15/Mar/2014:18:56:35 +0100] "GET /lexikon.php?cs_go=3&cs_id=179 HTTP/1.1" 200 9147 "-" "Mozilla/5.0 (compatible; AhrefsBot/5.0; +http://ahrefs.com/robot/)"
144.76.95.39 - - [15/Mar/2014:18:56:38 +0100] "GET /news.php?cs_go=archiv&cs_id=4050 HTTP/1.0" 200 7805 "-" "Mozilla/5.0 (compatible; MJ12bot/v1.4.4; http://www.majestic12.co.uk/bot.php?+)"
144.76.95.39 - - [15/Mar/2014:18:56:41 +0100] "GET /news.php?cs_go=archiv&cs_id=4051 HTTP/1.0" 200 11029 "-" "Mozilla/5.0 (compatible; MJ12bot/v1.4.4; http://www.majestic12.co.uk/bot.php?+)"
144.76.95.39 - - [15/Mar/2014:18:56:45 +0100] "GET /news.php?cs_go=archiv&cs_id=4052 HTTP/1.0" 200 9951 "-" "Mozilla/5.0 (compatible; MJ12bot/v1.4.4; http://www.majestic12.co.uk/bot.php?+)"
144.76.95.39 - - [15/Mar/2014:18:56:49 +0100] "GET /news.php?cs_go=archiv&cs_id=4054 HTTP/1.0" 200 10941 "-" "Mozilla/5.0 (compatible; MJ12bot/v1.4.4; http://www.majestic12.co.uk/bot.php?+)"
144.76.95.39 - - [15/Mar/2014:18:56:52 +0100] "GET /news.php?cs_go=archiv&cs_id=4055 HTTP/1.0" 200 7746 "-" "Mozilla/5.0 (compatible; MJ12bot/v1.4.4; http://www.majestic12.co.uk/bot.php?+)"
144.76.95.39 - - [15/Mar/2014:18:56:58 +0100] "GET /news.php?cs_go=archiv&cs_id=4056 HTTP/1.0" 200 9422 "-" "Mozilla/5.0 (compatible; MJ12bot/v1.4.4; http://www.majestic12.co.uk/bot.php?+)"
144.76.95.39 - - [15/Mar/2014:18:57:00 +0100] "GET /robots.txt HTTP/1.0" 200 177 "-" "Mozilla/5.0 (compatible; MJ12bot/v1.4.4; http://www.majestic12.co.uk/bot.php?+)"
144.76.95.39 - - [15/Mar/2014:18:57:03 +0100] "GET /news.php?cs_go=archiv&cs_id=4057 HTTP/1.0" 200 10863 "-" "Mozilla/5.0 (compatible; MJ12bot/v1.4.4; http://www.majestic12.co.uk/bot.php?+)"
144.76.95.39 - - [15/Mar/2014:18:57:06 +0100] "GET /news.php?cs_go=archiv&cs_id=4069 HTTP/1.0" 200 7999 "-" "Mozilla/5.0 (compatible; MJ12bot/v1.4.4; http://www.majestic12.co.uk/bot.php?+)"
144.76.95.39 - - [15/Mar/2014:18:57:10 +0100] "GET /news.php?cs_go=archiv&cs_id=4071 HTTP/1.0" 200 7454 "-" "Mozilla/5.0 (compatible; MJ12bot/v1.4.4; http://www.majestic12.co.uk/bot.php?+)"
66.249.73.14 - - [15/Mar/2014:19:00:22 +0100] "GET /energiesparcheck.php HTTP/1.1" 200 11144 "-" "Mozilla/5.0 (iPhone; CPU iPhone OS 6_0 like Mac OS X) AppleWebKit/536.26 (KHTML, like Gecko) Version/6.0 Mobile/10A5376e Safari/8536.25 (compatible; Googlebot/2.1; +http://www.google.com/bot.html)"
5.10.83.97 - - [15/Mar/2014:19:01:50 +0100] "GET /news.php?cs_go=archiv&cs_id=4802&cs_search= HTTP/1.1" 200 10512 "-" "Mozilla/5.0 (compatible; AhrefsBot/5.0; +http://ahrefs.com/robot/)"
66.249.65.201 - - [15/Mar/2014:19:14:56 +0100] "GET /news.php?cs_go=archiv&cs_id=4466 HTTP/1.1" 200 9928 "-" "Mozilla/5.0 (compatible; Googlebot/2.1; +http://www.google.com/bot.html)"
141.8.147.12 - - [15/Mar/2014:19:20:55 +0100] "GET /robots.txt HTTP/1.1" 200 177 "-" "Mozilla/5.0 (compatible; YandexBot/3.0; +http://yandex.com/bots)"
66.249.73.21 - - [15/Mar/2014:19:21:45 +0100] "GET /kwk.php?cs_go=2 HTTP/1.1" 200 9418 "-" "Mozilla/5.0 (iPhone; CPU iPhone OS 6_0 like Mac OS X) AppleWebKit/536.26 (KHTML, like Gecko) Version/6.0 Mobile/10A5376e Safari/8536.25 (compatible; Googlebot/2.1; +http://www.google.com/bot.html)"
5.10.83.43 - - [15/Mar/2014:20:02:34 +0100] "GET /news.php?cs_go=archiv&cs_id=4891&cs_search= HTTP/1.1" 200 8036 "-" "Mozilla/5.0 (compatible; AhrefsBot/5.0; +http://ahrefs.com/robot/)"
157.55.32.98 - - [15/Mar/2014:20:23:52 +0100] "GET / HTTP/1.1" 200 13925 "-" "Mozilla/5.0 (compatible; bingbot/2.0; +http://www.bing.com/bingbot.htm)"
5.10.83.12 - - [15/Mar/2014:20:26:52 +0100] "GET /lexikon.php?cs_go=3&cs_id=42 HTTP/1.1" 200 5936 "-" "Mozilla/5.0 (compatible; AhrefsBot/5.0; +http://ahrefs.com/robot/)"
208.115.111.75 - - [15/Mar/2014:20:27:03 +0100] "GET /news.php?cs_go=archiv&cs_id=4795&cs_search= HTTP/1.1" 200 8618 "-" "Mozilla/5.0 (compatible; Ezooms/1.0; help@moz.com)"
85.178.229.70 - - [15/Mar/2014:20:49:18 +0100] "GET /style.css HTTP/1.1" 200 8402 "http://www.mink-gmbh.de/" "Mozilla/5.0 (Windows NT 6.0; rv:27.0) Gecko/20100101 Firefox/27.0"
85.178.229.70 - - [15/Mar/2014:20:49:19 +0100] "GET /modul.css HTTP/1.1" 200 35038 "http://www.mink-gmbh.de/" "Mozilla/5.0 (Windows NT 6.0; rv:27.0) Gecko/20100101 Firefox/27.0"
85.178.229.70 - - [15/Mar/2014:20:49:19 +0100] "GET /favicon.ico HTTP/1.1" 200 3638 "-" "Mozilla/5.0 (Windows NT 6.0; rv:27.0) Gecko/20100101 Firefox/27.0"
85.178.229.70 - - [15/Mar/2014:20:49:19 +0100] "GET /js_contentserver24_greybox/gb_styles.css HTTP/1.1" 200 2302 "http://www.mink-gmbh.de/" "Mozilla/5.0 (Windows NT 6.0; rv:27.0) Gecko/20100101 Firefox/27.0"
85.178.229.70 - - [15/Mar/2014:20:49:18 +0100] "GET / HTTP/1.1" 200 13925 "http://www.google.de/url?sa=t&rct=j&q=&esrc=s&source=web&cd=1&sqi=2&ved=0CC0QFjAA&url=http%3A%2F%2Fwww.mink-gmbh.de%2F&ei=aq4kU_HFJMWutAbtnoDoBw&usg=AFQjCNFHX4Iglls9oo-KYXTmDUV_5KOVIg" "Mozilla/5.0 (Windows NT 6.0; rv:27.0) Gecko/20100101 Firefox/27.0"
85.178.229.70 - - [15/Mar/2014:20:49:19 +0100] "GET /js_contentserver24_greybox/AJS.js HTTP/1.1" 200 10396 "http://www.mink-gmbh.de/" "Mozilla/5.0 (Windows NT 6.0; rv:27.0) Gecko/20100101 Firefox/27.0"
85.178.229.70 - - [15/Mar/2014:20:49:19 +0100] "GET /js_contentserver24_greybox/AJS_fx.js HTTP/1.1" 200 3192 "http://www.mink-gmbh.de/" "Mozilla/5.0 (Windows NT 6.0; rv:27.0) Gecko/20100101 Firefox/27.0"
85.178.229.70 - - [15/Mar/2014:20:49:19 +0100] "GET /js_contentserver24_greybox/gb_scripts.js HTTP/1.1" 200 11913 "http://www.mink-gmbh.de/" "Mozilla/5.0 (Windows NT 6.0; rv:27.0) Gecko/20100101 Firefox/27.0"
85.178.229.70 - - [15/Mar/2014:20:49:19 +0100] "GET /images/team-energie.png HTTP/1.1" 200 17383 "http://www.mink-gmbh.de/" "Mozilla/5.0 (Windows NT 6.0; rv:27.0) Gecko/20100101 Firefox/27.0"
85.178.229.70 - - [15/Mar/2014:20:49:19 +0100] "GET /images/mail.jpg HTTP/1.1" 200 12099 "http://www.mink-gmbh.de/" "Mozilla/5.0 (Windows NT 6.0; rv:27.0) Gecko/20100101 Firefox/27.0"
85.178.229.70 - - [15/Mar/2014:20:49:20 +0100] "GET /images/kwk.gif HTTP/1.1" 200 6403 "http://www.mink-gmbh.de/" "Mozilla/5.0 (Windows NT 6.0; rv:27.0) Gecko/20100101 Firefox/27.0"
85.178.229.70 - - [15/Mar/2014:20:49:20 +0100] "GET /images/wunschpreis.jpg HTTP/1.1" 200 16767 "http://www.mink-gmbh.de/" "Mozilla/5.0 (Windows NT 6.0; rv:27.0) Gecko/20100101 Firefox/27.0"
85.178.229.70 - - [15/Mar/2014:20:49:20 +0100] "GET /images/logos.jpg?cache5719 HTTP/1.1" 200 35043 "http://www.mink-gmbh.de/" "Mozilla/5.0 (Windows NT 6.0; rv:27.0) Gecko/20100101 Firefox/27.0"
85.178.229.70 - - [15/Mar/2014:20:49:20 +0100] "GET /images/bg.png HTTP/1.1" 200 922 "http://www.mink-gmbh.de/style.css" "Mozilla/5.0 (Windows NT 6.0; rv:27.0) Gecko/20100101 Firefox/27.0"
85.178.229.70 - - [15/Mar/2014:20:49:20 +0100] "GET /js_contentserver24_greybox/w_close.gif HTTP/1.1" 200 74 "http://www.mink-gmbh.de/" "Mozilla/5.0 (Windows NT 6.0; rv:27.0) Gecko/20100101 Firefox/27.0"
85.178.229.70 - - [15/Mar/2014:20:49:20 +0100] "GET /images/close.png HTTP/1.1" 200 703 "http://www.mink-gmbh.de/" "Mozilla/5.0 (Windows NT 6.0; rv:27.0) Gecko/20100101 Firefox/27.0"
85.178.229.70 - - [15/Mar/2014:20:49:19 +0100] "GET /images/tkw.jpg HTTP/1.1" 200 64031 "http://www.mink-gmbh.de/" "Mozilla/5.0 (Windows NT 6.0; rv:27.0) Gecko/20100101 Firefox/27.0"
85.178.229.70 - - [15/Mar/2014:20:49:20 +0100] "GET /images/newsletter_bg.jpg HTTP/1.1" 200 33610 "http://www.mink-gmbh.de/" "Mozilla/5.0 (Windows NT 6.0; rv:27.0) Gecko/20100101 Firefox/27.0"
85.178.229.70 - - [15/Mar/2014:20:49:20 +0100] "GET /images/newsletter.png HTTP/1.1" 200 14619 "http://www.mink-gmbh.de/style.css" "Mozilla/5.0 (Windows NT 6.0; rv:27.0) Gecko/20100101 Firefox/27.0"
85.178.229.70 - - [15/Mar/2014:20:49:20 +0100] "GET /images/wrapperbg.jpg HTTP/1.1" 200 27465 "http://www.mink-gmbh.de/style.css" "Mozilla/5.0 (Windows NT 6.0; rv:27.0) Gecko/20100101 Firefox/27.0"
85.178.229.70 - - [15/Mar/2014:20:49:19 +0100] "GET /images/freecall.jpg HTTP/1.1" 200 39195 "http://www.mink-gmbh.de/" "Mozilla/5.0 (Windows NT 6.0; rv:27.0) Gecko/20100101 Firefox/27.0"
85.178.229.70 - - [15/Mar/2014:20:49:20 +0100] "GET /images/header.jpg HTTP/1.1" 200 25189 "http://www.mink-gmbh.de/style.css" "Mozilla/5.0 (Windows NT 6.0; rv:27.0) Gecko/20100101 Firefox/27.0"
85.178.229.70 - - [15/Mar/2014:20:49:20 +0100] "GET /images/navibg.png HTTP/1.1" 200 2803 "http://www.mink-gmbh.de/style.css" "Mozilla/5.0 (Windows NT 6.0; rv:27.0) Gecko/20100101 Firefox/27.0"
85.178.229.70 - - [15/Mar/2014:20:49:20 +0100] "GET /images/steigend.png HTTP/1.1" 200 688 "http://www.mink-gmbh.de/modul.css" "Mozilla/5.0 (Windows NT 6.0; rv:27.0) Gecko/20100101 Firefox/27.0"
85.178.229.70 - - [15/Mar/2014:20:49:20 +0100] "GET /images/fallend.png HTTP/1.1" 200 713 "http://www.mink-gmbh.de/modul.css" "Mozilla/5.0 (Windows NT 6.0; rv:27.0) Gecko/20100101 Firefox/27.0"
85.178.229.70 - - [15/Mar/2014:20:49:20 +0100] "GET /images/mobil.jpg HTTP/1.1" 200 25293 "http://www.mink-gmbh.de/style.css" "Mozilla/5.0 (Windows NT 6.0; rv:27.0) Gecko/20100101 Firefox/27.0"
85.178.229.70 - - [15/Mar/2014:20:49:20 +0100] "GET /images/newsletter.jpg HTTP/1.1" 200 13130 "http://www.mink-gmbh.de/style.css" "Mozilla/5.0 (Windows NT 6.0; rv:27.0) Gecko/20100101 Firefox/27.0"
85.178.229.70 - - [15/Mar/2014:20:49:20 +0100] "GET /images/footerbg.jpg HTTP/1.1" 200 2184 "http://www.mink-gmbh.de/style.css" "Mozilla/5.0 (Windows NT 6.0; rv:27.0) Gecko/20100101 Firefox/27.0"
85.178.229.70 - - [15/Mar/2014:20:49:20 +0100] "GET /js_contentserver24_greybox/loader_frame.html?s=0 HTTP/1.1" 200 2084 "http://www.mink-gmbh.de/" "Mozilla/5.0 (Windows NT 6.0; rv:27.0) Gecko/20100101 Firefox/27.0"
85.178.229.70 - - [15/Mar/2014:20:49:20 +0100] "GET /js_contentserver24_greybox/header_bg.gif HTTP/1.1" 200 1188 "http://www.mink-gmbh.de/" "Mozilla/5.0 (Windows NT 6.0; rv:27.0) Gecko/20100101 Firefox/27.0"
85.178.229.70 - - [15/Mar/2014:20:49:21 +0100] "GET /js_contentserver24_greybox/indicator.gif HTTP/1.1" 200 8238 "http://www.mink-gmbh.de/js_contentserver24_greybox/loader_frame.html?s=0" "Mozilla/5.0 (Windows NT 6.0; rv:27.0) Gecko/20100101 Firefox/27.0"
85.178.229.70 - - [15/Mar/2014:20:49:21 +0100] "GET /js_contentserver24_greybox/g_close.gif HTTP/1.1" 200 541 "http://www.mink-gmbh.de/" "Mozilla/5.0 (Windows NT 6.0; rv:27.0) Gecko/20100101 Firefox/27.0"
85.178.229.70 - - [15/Mar/2014:20:49:25 +0100] "GET /preisanfrage.php HTTP/1.1" 200 8502 "http://www.mink-gmbh.de/" "Mozilla/5.0 (Windows NT 6.0; rv:27.0) Gecko/20100101 Firefox/27.0"
85.178.229.70 - - [15/Mar/2014:20:49:26 +0100] "GET /images/logos.jpg HTTP/1.1" 200 35043 "http://www.mink-gmbh.de/preisanfrage.php" "Mozilla/5.0 (Windows NT 6.0; rv:27.0) Gecko/20100101 Firefox/27.0"
85.178.229.70 - - [15/Mar/2014:20:49:36 +0100] "GET /wunschpreis.php HTTP/1.1" 200 10237 "http://www.mink-gmbh.de/preisanfrage.php" "Mozilla/5.0 (Windows NT 6.0; rv:27.0) Gecko/20100101 Firefox/27.0"
85.178.229.70 - - [15/Mar/2014:20:49:39 +0100] "GET /standard.php HTTP/1.1" 200 6770 "http://www.mink-gmbh.de/wunschpreis.php" "Mozilla/5.0 (Windows NT 6.0; rv:27.0) Gecko/20100101 Firefox/27.0"
85.178.229.70 - - [15/Mar/2014:20:49:41 +0100] "GET /index.php HTTP/1.1" 200 13185 "http://www.mink-gmbh.de/standard.php" "Mozilla/5.0 (Windows NT 6.0; rv:27.0) Gecko/20100101 Firefox/27.0"
85.178.229.70 - - [15/Mar/2014:20:49:42 +0100] "GET /images/logos.jpg?cache4820 HTTP/1.1" 200 35043 "http://www.mink-gmbh.de/index.php" "Mozilla/5.0 (Windows NT 6.0; rv:27.0) Gecko/20100101 Firefox/27.0"
85.178.229.70 - - [15/Mar/2014:20:50:02 +0100] "GET /standard.php HTTP/1.1" 200 6770 "http://www.mink-gmbh.de/index.php" "Mozilla/5.0 (Windows NT 6.0; rv:27.0) Gecko/20100101 Firefox/27.0"
85.178.229.70 - - [15/Mar/2014:20:50:06 +0100] "GET /wunschpreis.php HTTP/1.1" 200 10237 "http://www.mink-gmbh.de/standard.php" "Mozilla/5.0 (Windows NT 6.0; rv:27.0) Gecko/20100101 Firefox/27.0"
85.178.229.70 - - [15/Mar/2014:20:50:08 +0100] "GET /standard.php HTTP/1.1" 200 6770 "http://www.mink-gmbh.de/wunschpreis.php" "Mozilla/5.0 (Windows NT 6.0; rv:27.0) Gecko/20100101 Firefox/27.0"
85.178.229.70 - - [15/Mar/2014:20:50:12 +0100] "GET /schwefelarmstandard.php HTTP/1.1" 200 10730 "http://www.mink-gmbh.de/standard.php" "Mozilla/5.0 (Windows NT 6.0; rv:27.0) Gecko/20100101 Firefox/27.0"
85.178.229.70 - - [15/Mar/2014:20:50:17 +0100] "GET /preisanfrage.php HTTP/1.1" 200 8502 "http://www.mink-gmbh.de/schwefelarmstandard.php" "Mozilla/5.0 (Windows NT 6.0; rv:27.0) Gecko/20100101 Firefox/27.0"
85.178.229.70 - - [15/Mar/2014:20:50:25 +0100] "GET /standard.php HTTP/1.1" 200 6770 "http://www.mink-gmbh.de/wunschpreis.php" "Mozilla/5.0 (Windows NT 6.0; rv:27.0) Gecko/20100101 Firefox/27.0"
85.178.229.70 - - [15/Mar/2014:20:50:26 +0100] "GET /wunschpreis.php HTTP/1.1" 200 10237 "http://www.mink-gmbh.de/standard.php" "Mozilla/5.0 (Windows NT 6.0; rv:27.0) Gecko/20100101 Firefox/27.0"
85.178.229.70 - - [15/Mar/2014:20:50:27 +0100] "GET /standard.php HTTP/1.1" 200 6770 "http://www.mink-gmbh.de/index.php" "Mozilla/5.0 (Windows NT 6.0; rv:27.0) Gecko/20100101 Firefox/27.0"
85.178.229.70 - - [15/Mar/2014:20:50:27 +0100] "GET /index.php HTTP/1.1" 200 13185 "http://www.mink-gmbh.de/standard.php" "Mozilla/5.0 (Windows NT 6.0; rv:27.0) Gecko/20100101 Firefox/27.0"
85.178.229.70 - - [15/Mar/2014:20:50:28 +0100] "GET /images/logos.jpg?cache5761 HTTP/1.1" 200 35043 "http://www.mink-gmbh.de/index.php" "Mozilla/5.0 (Windows NT 6.0; rv:27.0) Gecko/20100101 Firefox/27.0"
220.181.108.104 - - [15/Mar/2014:20:50:31 +0100] "GET / HTTP/1.1" 200 9427 "-" "Mozilla/5.0 (compatible; Baiduspider/2.0; +http://www.baidu.com/search/spider.html)"
123.125.71.50 - - [15/Mar/2014:20:51:41 +0100] "GET / HTTP/1.1" 200 6594 "-" "Mozilla/5.0 (compatible; Baiduspider/2.0; +http://www.baidu.com/search/spider.html)"
85.178.229.70 - - [15/Mar/2014:20:52:00 +0100] "GET /index.php HTTP/1.1" 200 13185 "http://www.mink-gmbh.de/standard.php" "Mozilla/5.0 (Windows NT 6.0; rv:27.0) Gecko/20100101 Firefox/27.0"
85.178.229.70 - - [15/Mar/2014:20:52:00 +0100] "GET /images/logos.jpg?cache5718 HTTP/1.1" 200 35043 "http://www.mink-gmbh.de/index.php" "Mozilla/5.0 (Windows NT 6.0; rv:27.0) Gecko/20100101 Firefox/27.0"
85.178.229.70 - - [15/Mar/2014:20:52:01 +0100] "GET /standard.php HTTP/1.1" 200 6770 "http://www.mink-gmbh.de/wunschpreis.php" "Mozilla/5.0 (Windows NT 6.0; rv:27.0) Gecko/20100101 Firefox/27.0"
85.178.229.70 - - [15/Mar/2014:20:52:01 +0100] "GET /wunschpreis.php HTTP/1.1" 200 10237 "http://www.mink-gmbh.de/preisanfrage.php" "Mozilla/5.0 (Windows NT 6.0; rv:27.0) Gecko/20100101 Firefox/27.0"
85.178.229.70 - - [15/Mar/2014:20:52:01 +0100] "GET /preisanfrage.php HTTP/1.1" 200 8502 "http://www.mink-gmbh.de/" "Mozilla/5.0 (Windows NT 6.0; rv:27.0) Gecko/20100101 Firefox/27.0"
85.178.229.70 - - [15/Mar/2014:20:52:02 +0100] "GET / HTTP/1.1" 200 8687 "http://www.google.de/url?sa=t&rct=j&q=&esrc=s&source=web&cd=1&sqi=2&ved=0CC0QFjAA&url=http%3A%2F%2Fwww.mink-gmbh.de%2F&ei=aq4kU_HFJMWutAbtnoDoBw&usg=AFQjCNFHX4Iglls9oo-KYXTmDUV_5KOVIg" "Mozilla/5.0 (Windows NT 6.0; rv:27.0) Gecko/20100101 Firefox/27.0"
208.115.113.91 - - [15/Mar/2014:20:55:17 +0100] "GET /robots.txt HTTP/1.1" 200 177 "-" "Mozilla/5.0 (compatible; Ezooms/1.0; help@moz.com)"
66.249.65.201 - - [15/Mar/2014:20:57:48 +0100] "GET /news.php?cs_go=archiv&cs_id=4581 HTTP/1.1" 200 7633 "-" "Mozilla/5.0 (compatible; Googlebot/2.1; +http://www.google.com/bot.html)"
5.10.83.11 - - [15/Mar/2014:21:07:46 +0100] "GET /lexikon.php?cs_go=3&cs_id=104 HTTP/1.1" 200 6038 "-" "Mozilla/5.0 (compatible; AhrefsBot/5.0; +http://ahrefs.com/robot/)"
66.249.65.169 - - [15/Mar/2014:21:19:45 +0100] "GET /news.php?cs_go=archiv&cs_id=4900&cs_search= HTTP/1.1" 200 7382 "-" "Mozilla/5.0 (iPhone; CPU iPhone OS 6_0 like Mac OS X) AppleWebKit/536.26 (KHTML, like Gecko) Version/6.0 Mobile/10A5376e Safari/8536.25 (compatible; Googlebot/2.1; +http://www.google.com/bot.html)"
66.249.65.137 - - [15/Mar/2014:21:19:57 +0100] "GET /kwk.php HTTP/1.1" 200 8447 "-" "Mozilla/5.0 (iPhone; CPU iPhone OS 6_0 like Mac OS X) AppleWebKit/536.26 (KHTML, like Gecko) Version/6.0 Mobile/10A5376e Safari/8536.25 (compatible; Googlebot/2.1; +http://www.google.com/bot.html)"
66.249.65.137 - - [15/Mar/2014:21:20:03 +0100] "GET /foerdermittel.php HTTP/1.1" 200 10473 "-" "Mozilla/5.0 (iPhone; CPU iPhone OS 6_0 like Mac OS X) AppleWebKit/536.26 (KHTML, like Gecko) Version/6.0 Mobile/10A5376e Safari/8536.25 (compatible; Googlebot/2.1; +http://www.google.com/bot.html)"
5.10.83.12 - - [15/Mar/2014:21:22:54 +0100] "GET /news.php?cs_go=archiv&cs_id=4836&cs_search= HTTP/1.1" 200 7327 "-" "Mozilla/5.0 (compatible; AhrefsBot/5.0; +http://ahrefs.com/robot/)"
66.249.73.225 - - [15/Mar/2014:21:31:20 +0100] "GET /kwk.php HTTP/1.1" 200 8447 "-" "DoCoMo/2.0 N905i(c100;TB;W24H16) (compatible; Googlebot-Mobile/2.1; +http://www.google.com/bot.html)"
84.191.40.23 - - [15/Mar/2014:21:48:14 +0100] "GET /news.php?cs_go=archiv&cs_id=4933 HTTP/1.1" 200 13133 "-" "Mozilla/5.0 (Windows NT 6.1; rv:21.0) Gecko/20130328 Firefox/21.0"
78.52.164.114 - - [15/Mar/2014:21:48:15 +0100] "GET /optiplus.php HTTP/1.1" 404 5342 "-" "Mozilla/5.0 (Windows NT 6.1; Win64; x64; rv:16.0.1) Gecko/20121011 Firefox/21.0.1"
84.191.40.23 - - [15/Mar/2014:21:48:15 +0100] "GET /kontakt.php HTTP/1.1" 200 6966 "-" "Mozilla/5.0 (Windows NT 6.1) AppleWebKit/537.36 (KHTML, like Gecko) Chrome/28.0.1468.0 Safari/537.36"
62.157.60.29 - - [15/Mar/2014:21:48:15 +0100] "GET /agb.php HTTP/1.1" 200 17543 "-" "Mozilla/5.0 (Windows NT 5.1; rv:21.0) Gecko/20100101 Firefox/21.0"
62.157.60.29 - - [15/Mar/2014:21:48:15 +0100] "GET /standard.php HTTP/1.1" 200 6770 "-" "Mozilla/5.0 (Windows NT 6.2) AppleWebKit/537.36 (KHTML, like Gecko) Chrome/28.0.1464.0 Safari/537.36"
188.103.30.199 - - [15/Mar/2014:21:48:15 +0100] "GET /kwk.php HTTP/1.1" 200 8447 "-" "Mozilla/5.0 (Windows NT 6.1; WOW64; rv:21.0) Gecko/20130401 Firefox/21.0"
62.157.60.29 - - [15/Mar/2014:21:48:14 +0100] "GET /edl.php HTTP/1.1" 200 8596 "-" "Mozilla/5.0 (Windows NT 6.1; rv:21.0) Gecko/20100101 Firefox/21.0"
62.157.60.29 - - [15/Mar/2014:21:48:15 +0100] "GET /wunschpreis.php HTTP/1.1" 200 10237 "-" "Mozilla/5.0 (Windows NT 6.1) AppleWebKit/537.36 (KHTML, like Gecko) Chrome/28.0.1468.0 Safari/537.36"
62.157.60.29 - - [15/Mar/2014:21:48:14 +0100] "GET /faq.php HTTP/1.1" 200 216832 "-" "Mozilla/5.0 (Windows NT 6.1; WOW64; rv:23.0) Gecko/20130406 Firefox/23.0"
96.44.189.101 - - [15/Mar/2014:21:48:16 +0100] "GET /impressum.php HTTP/1.1" 200 6306 "-" "Mozilla/5.0 (Windows NT 6.1; WOW64; rv:21.0) Gecko/20130330 Firefox/21.0"
84.191.40.23 - - [15/Mar/2014:21:48:15 +0100] "GET /newsletter.php HTTP/1.1" 200 6492 "-" "Mozilla/5.0 (Windows NT 6.1; WOW64; rv:21.0) Gecko/20130330 Firefox/21.0"
62.157.60.29 - - [15/Mar/2014:21:48:15 +0100] "GET /news.php HTTP/1.1" 200 19791 "-" "Mozilla/5.0 (Windows NT 5.1; rv:21.0) Gecko/20130331 Firefox/21.0"
37.130.227.133 - - [15/Mar/2014:21:48:16 +0100] "GET /energiesparcheck.php HTTP/1.1" 200 11144 "-" "Mozilla/5.0 (Windows NT 6.2; rv:21.0) Gecko/20130326 Firefox/21.0"
96.44.189.102 - - [15/Mar/2014:21:48:16 +0100] "GET /lexikon.php HTTP/1.1" 200 8115 "-" "Mozilla/5.0 (X11; Ubuntu; Linux x86_64; rv:21.0) Gecko/20130331 Firefox/21.0"
96.47.226.21 - - [15/Mar/2014:21:48:16 +0100] "GET /foerdermittel.php HTTP/1.1" 200 10473 "-" "Mozilla/5.0 (Windows NT 6.1; WOW64; rv:21.0) Gecko/20130330 Firefox/21.0"
54.186.9.176 - - [15/Mar/2014:21:48:17 +0100] "GET /preisanfrage.php HTTP/1.1" 200 8502 "-" "Mozilla/5.0 (Windows NT 6.1; Win64; x64; rv:22.0) Gecko/20130328 Firefox/22.0"
96.44.189.102 - - [15/Mar/2014:21:48:18 +0100] "GET /rueckrufservice.php HTTP/1.1" 200 8300 "-" "Mozilla/5.0 (Windows NT 6.2; WOW64) AppleWebKit/537.36 (KHTML, like Gecko) Chrome/29.0.1547.2 Safari/537.36"
96.47.226.21 - - [15/Mar/2014:21:48:17 +0100] "GET /modernisierung.php HTTP/1.1" 200 9252 "-" "Mozilla/5.0 (Windows NT 6.1) AppleWebKit/537.36 (KHTML, like Gecko) Chrome/28.0.1468.0 Safari/537.36"
84.191.58.156 - - [15/Mar/2014:21:48:15 +0100] "GET /index.php HTTP/1.1" 200 13925 "-" "Mozilla/5.0 (Windows NT 6.2; rv:21.0) Gecko/20130326 Firefox/21.0"
5.10.83.53 - - [15/Mar/2014:22:15:21 +0100] "GET /news.php?cs_go=archiv&cs_id=4760&cs_search= HTTP/1.1" 200 7631 "-" "Mozilla/5.0 (compatible; AhrefsBot/5.0; +http://ahrefs.com/robot/)"
199.30.20.2 - - [15/Mar/2014:22:29:35 +0100] "GET /robots.txt HTTP/1.1" 200 177 "-" "msnbot-media/1.1 (+http://search.msn.com/msnbot.htm)"
199.30.20.2 - - [15/Mar/2014:22:29:35 +0100] "GET /images/mail.jpg HTTP/1.1" 200 12099 "-" "msnbot-media/1.1 (+http://search.msn.com/msnbot.htm)"
5.10.83.11 - - [15/Mar/2014:22:30:17 +0100] "GET /lexikon.php?cs_go=2&cs_char=w HTTP/1.1" 200 6151 "-" "Mozilla/5.0 (compatible; AhrefsBot/5.0; +http://ahrefs.com/robot/)"
66.249.65.169 - - [15/Mar/2014:22:30:24 +0100] "GET /news.php?cs_go=archiv&cs_id=4186&cs_search= HTTP/1.1" 200 8264 "-" "Mozilla/5.0 (compatible; Googlebot/2.1; +http://www.google.com/bot.html)"
199.30.20.2 - - [15/Mar/2014:22:32:01 +0100] "GET /images/logos.jpg?cache3872 HTTP/1.1" 200 35043 "-" "msnbot-media/1.1 (+http://search.msn.com/msnbot.htm)"
66.249.73.225 - - [15/Mar/2014:22:40:25 +0100] "GET /diesel.php HTTP/1.1" 200 8192 "-" "DoCoMo/2.0 N905i(c100;TB;W24H16) (compatible; Googlebot-Mobile/2.1; +http://www.google.com/bot.html)"
141.8.147.12 - - [15/Mar/2014:22:43:53 +0100] "GET /news.php?cs_go=archiv&cs_id=4866 HTTP/1.1" 200 7592 "-" "Mozilla/5.0 (compatible; YandexBot/3.0; +http://yandex.com/bots)"
208.115.113.91 - - [15/Mar/2014:22:54:28 +0100] "GET /news.php?cs_go=archiv&cs_id=4799 HTTP/1.1" 200 11365 "-" "Mozilla/5.0 (compatible; Ezooms/1.0; help@moz.com)"
141.8.147.12 - - [15/Mar/2014:22:56:07 +0100] "GET /news.php?cs_go=archiv&cs_id=4887 HTTP/1.1" 200 8279 "-" "Mozilla/5.0 (compatible; YandexBot/3.0; +http://yandex.com/bots)"
66.249.65.137 - - [15/Mar/2014:23:01:13 +0100] "GET /modul.css HTTP/1.1" 200 35038 "-" "Mozilla/5.0 (compatible; Googlebot/2.1; +http://www.google.com/bot.html)"
66.249.73.1 - - [15/Mar/2014:23:01:14 +0100] "GET /style.css HTTP/1.1" 200 8402 "-" "Mozilla/5.0 (compatible; Googlebot/2.1; +http://www.google.com/bot.html)"
66.249.73.2 - - [15/Mar/2014:23:51:27 +0100] "GET /news.php?cs_go=archiv&cs_id=4149 HTTP/1.1" 200 9250 "-" "Mozilla/5.0 (iPhone; CPU iPhone OS 6_0 like Mac OS X) AppleWebKit/536.26 (KHTML, like Gecko) Version/6.0 Mobile/10A5376e Safari/8536.25 (compatible; Googlebot/2.1; +http://www.google.com/bot.html)"
93.186.202.197 - - [15/Mar/2014:23:59:29 +0100] "GET /news.php?cs_go=archiv&cs_id=2941 HTTP/1.1" 200 11858 "-" "Mozilla/5.0 (X11; Linux i686; rv:6.0) Gecko/20100101 Firefox/6.0"
65.36.241.79 - - [16/Mar/2014:00:35:12 +0100] "HEAD / HTTP/1.1" 200 - "-" "InternetSeer.com"
5.10.83.42 - - [16/Mar/2014:00:44:56 +0100] "GET /lexikon.php?cs_go=3&cs_id=29 HTTP/1.1" 200 5955 "-" "Mozilla/5.0 (compatible; AhrefsBot/5.0; +http://ahrefs.com/robot/)"
5.10.83.66 - - [16/Mar/2014:00:48:45 +0100] "GET /lexikon.php?cs_go=2&cs_char=s HTTP/1.1" 200 7632 "-" "Mozilla/5.0 (compatible; AhrefsBot/5.0; +http://ahrefs.com/robot/)"
208.115.113.91 - - [16/Mar/2014:00:50:30 +0100] "GET /robots.txt HTTP/1.1" 200 177 "-" "Mozilla/5.0 (compatible; Ezooms/1.0; help@moz.com)"
5.10.83.53 - - [16/Mar/2014:00:57:44 +0100] "GET /lexikon.php?cs_go=3&cs_id=190 HTTP/1.1" 200 6041 "-" "Mozilla/5.0 (compatible; AhrefsBot/5.0; +http://ahrefs.com/robot/)"
66.249.65.169 - - [16/Mar/2014:01:25:17 +0100] "GET /news.php?cs_go=archiv&cs_id=4460&cs_search= HTTP/1.1" 200 9365 "-" "Mozilla/5.0 (compatible; Googlebot/2.1; +http://www.google.com/bot.html)"
66.249.65.201 - - [16/Mar/2014:01:26:51 +0100] "GET /optiplus.php HTTP/1.1" 404 5342 "-" "Mozilla/5.0 (iPhone; CPU iPhone OS 6_0 like Mac OS X) AppleWebKit/536.26 (KHTML, like Gecko) Version/6.0 Mobile/10A5376e Safari/8536.25 (compatible; Googlebot/2.1; +http://www.google.com/bot.html)"
5.10.83.42 - - [16/Mar/2014:01:37:09 +0100] "GET /lexikon.php?cs_go=3&cs_id=36 HTTP/1.1" 200 6284 "-" "Mozilla/5.0 (compatible; AhrefsBot/5.0; +http://ahrefs.com/robot/)"
141.8.147.12 - - [16/Mar/2014:01:39:16 +0100] "GET /news.php?cs_go=archiv&cs_id=4883 HTTP/1.1" 200 7577 "-" "Mozilla/5.0 (compatible; YandexBot/3.0; +http://yandex.com/bots)"
5.10.83.36 - - [16/Mar/2014:01:51:27 +0100] "GET /schwefelarmstandard.php HTTP/1.1" 200 10730 "-" "Mozilla/5.0 (compatible; AhrefsBot/5.0; +http://ahrefs.com/robot/)"
66.249.65.201 - - [16/Mar/2014:02:16:43 +0100] "GET /news.php?cs_go=archiv&cs_id=4462&cs_search= HTTP/1.1" 200 9098 "-" "Mozilla/5.0 (compatible; Googlebot/2.1; +http://www.google.com/bot.html)"
5.10.83.12 - - [16/Mar/2014:02:20:54 +0100] "GET /news.php?cs_go=archiv&cs_id=4892&cs_search= HTTP/1.1" 200 7226 "-" "Mozilla/5.0 (compatible; AhrefsBot/5.0; +http://ahrefs.com/robot/)"
66.249.65.137 - - [16/Mar/2014:02:25:37 +0100] "GET /modernisierung.php HTTP/1.1" 200 9252 "-" "Mozilla/5.0 (iPhone; CPU iPhone OS 6_0 like Mac OS X) AppleWebKit/536.26 (KHTML, like Gecko) Version/6.0 Mobile/10A5376e Safari/8536.25 (compatible; Googlebot/2.1; +http://www.google.com/bot.html)"
66.249.65.137 - - [16/Mar/2014:02:47:36 +0100] "GET /lexikon.php?cs_go=3&cs_id=19 HTTP/1.1" 200 7531 "-" "Mozilla/5.0 (iPhone; CPU iPhone OS 6_0 like Mac OS X) AppleWebKit/536.26 (KHTML, like Gecko) Version/6.0 Mobile/10A5376e Safari/8536.25 (compatible; Googlebot/2.1; +http://www.google.com/bot.html)"
208.115.113.91 - - [16/Mar/2014:02:49:48 +0100] "GET /news.php?cs_go=archiv&cs_id=4815&cs_search= HTTP/1.1" 200 11472 "-" "Mozilla/5.0 (compatible; Ezooms/1.0; help@moz.com)"
123.125.71.54 - - [16/Mar/2014:02:51:57 +0100] "GET / HTTP/1.1" 200 9427 "-" "Mozilla/5.0 (compatible; Baiduspider/2.0; +http://www.baidu.com/search/spider.html)"
220.181.108.92 - - [16/Mar/2014:02:52:20 +0100] "GET / HTTP/1.1" 200 10411 "-" "Mozilla/5.0 (compatible; Baiduspider/2.0; +http://www.baidu.com/search/spider.html)"
66.249.65.169 - - [16/Mar/2014:02:54:59 +0100] "GET /lexikon.php?cs_go=3&cs_id=118 HTTP/1.1" 200 6068 "-" "Mozilla/5.0 (iPhone; CPU iPhone OS 6_0 like Mac OS X) AppleWebKit/536.26 (KHTML, like Gecko) Version/6.0 Mobile/10A5376e Safari/8536.25 (compatible; Googlebot/2.1; +http://www.google.com/bot.html)"
66.249.65.201 - - [16/Mar/2014:03:02:18 +0100] "GET /lexikon.php?cs_go=3&cs_id=123 HTTP/1.1" 200 5620 "-" "Mozilla/5.0 (iPhone; CPU iPhone OS 6_0 like Mac OS X) AppleWebKit/536.26 (KHTML, like Gecko) Version/6.0 Mobile/10A5376e Safari/8536.25 (compatible; Googlebot/2.1; +http://www.google.com/bot.html)"
66.249.65.137 - - [16/Mar/2014:03:08:59 +0100] "GET /lexikon.php?cs_go=3&cs_id=123 HTTP/1.1" 200 5620 "-" "Mozilla/5.0 (iPhone; CPU iPhone OS 6_0 like Mac OS X) AppleWebKit/536.26 (KHTML, like Gecko) Version/6.0 Mobile/10A5376e Safari/8536.25 (compatible; Googlebot/2.1; +http://www.google.com/bot.html)"
5.10.83.71 - - [16/Mar/2014:03:10:16 +0100] "GET /foerdermittel.php HTTP/1.1" 200 10473 "-" "Mozilla/5.0 (compatible; AhrefsBot/5.0; +http://ahrefs.com/robot/)"
5.10.83.12 - - [16/Mar/2014:03:31:38 +0100] "GET /news.php?cs_go=archiv&cs_id=4890&cs_search= HTTP/1.1" 200 7381 "-" "Mozilla/5.0 (compatible; AhrefsBot/5.0; +http://ahrefs.com/robot/)"
66.249.65.169 - - [16/Mar/2014:03:50:27 +0100] "GET /news.php?cs_go=archiv&cs_id=4767&cs_search= HTTP/1.1" 200 7638 "-" "Mozilla/5.0 (compatible; Googlebot/2.1; +http://www.google.com/bot.html)"
66.249.65.137 - - [16/Mar/2014:04:07:19 +0100] "GET /robots.txt HTTP/1.1" 200 177 "-" "Mozilla/5.0 (compatible; Googlebot/2.1; +http://www.google.com/bot.html)"
66.249.65.169 - - [16/Mar/2014:04:07:20 +0100] "GET / HTTP/1.1" 200 13925 "-" "Mozilla/5.0 (compatible; Googlebot/2.1; +http://www.google.com/bot.html)"
66.249.65.137 - - [16/Mar/2014:04:07:54 +0100] "GET /js_contentserver24_greybox/gb_styles.css HTTP/1.1" 200 2302 "http://www.mink-gmbh.de/" "Mozilla/5.0 (compatible; Googlebot/2.1; +http://www.google.com/bot.html)"
5.10.83.97 - - [16/Mar/2014:04:24:03 +0100] "GET /news.php?cs_go=archiv&cs_startpos=100 HTTP/1.1" 200 20432 "-" "Mozilla/5.0 (compatible; AhrefsBot/5.0; +http://ahrefs.com/robot/)"
5.10.83.2 - - [16/Mar/2014:04:28:57 +0100] "GET /lexikon.php?cs_go=3&cs_id=89 HTTP/1.1" 200 5959 "-" "Mozilla/5.0 (compatible; AhrefsBot/5.0; +http://ahrefs.com/robot/)"
157.56.93.61 - - [16/Mar/2014:04:34:58 +0100] "GET /robots.txt HTTP/1.1" 200 177 "-" "Mozilla/5.0 (compatible; bingbot/2.0; +http://www.bing.com/bingbot.htm)"
157.56.93.61 - - [16/Mar/2014:04:36:54 +0100] "GET /news.php?cs_go=archiv&cs_id=2790 HTTP/1.1" 200 11528 "-" "Mozilla/5.0 (compatible; bingbot/2.0; +http://www.bing.com/bingbot.htm)"
141.8.147.12 - - [16/Mar/2014:04:37:47 +0100] "GET /news.php?cs_go=archiv&cs_id=4881 HTTP/1.1" 200 8009 "-" "Mozilla/5.0 (compatible; YandexBot/3.0; +http://yandex.com/bots)"
178.77.126.55 - - [16/Mar/2014:04:39:52 +0100] "GET /robots.txt HTTP/1.1" 200 177 "-" "Mozilla/5.0 (compatible; CareerBot/1.1; +http://www.career-x.de/bot.html)"
178.77.126.55 - - [16/Mar/2014:04:39:52 +0100] "GET / HTTP/1.1" 200 13925 "-" "Mozilla/5.0 (compatible; CareerBot/1.1; +http://www.career-x.de/bot.html)"
198.100.144.92 - - [16/Mar/2014:04:44:28 +0100] "GET /news.php?cs_go=archiv&cs_id=4934 HTTP/1.1" 200 11688 "http://www.mink-gmbh.de/" "Mozilla/5.0 (X11; Linux x86_64) AppleWebKit/537.36 (KHTML, like Gecko) Ubuntu Chromium/28.0.1500.52 Chrome/28.0.1500.52 Safari/537.36"
198.100.144.92 - - [16/Mar/2014:04:44:30 +0100] "GET /kwk.php HTTP/1.1" 200 8447 "http://www.mink-gmbh.de/" "Mozilla/5.0 (X11; Linux x86_64) AppleWebKit/537.36 (KHTML, like Gecko) Ubuntu Chromium/28.0.1500.52 Chrome/28.0.1500.52 Safari/537.36"
66.249.73.7 - - [16/Mar/2014:05:07:03 +0100] "GET /news.php?cs_go=archiv&cs_id=4790&cs_search= HTTP/1.1" 200 7468 "-" "Mozilla/5.0 (iPhone; CPU iPhone OS 6_0 like Mac OS X) AppleWebKit/536.26 (KHTML, like Gecko) Version/6.0 Mobile/10A5376e Safari/8536.25 (compatible; Googlebot/2.1; +http://www.google.com/bot.html)"
66.249.65.169 - - [16/Mar/2014:05:14:28 +0100] "GET /news.php?cs_go=archiv&cs_id=4791&cs_search= HTTP/1.1" 200 10140 "-" "Mozilla/5.0 (iPhone; CPU iPhone OS 6_0 like Mac OS X) AppleWebKit/536.26 (KHTML, like Gecko) Version/6.0 Mobile/10A5376e Safari/8536.25 (compatible; Googlebot/2.1; +http://www.google.com/bot.html)"
5.10.83.97 - - [16/Mar/2014:05:17:10 +0100] "GET /lexikon.php?cs_go=3&cs_id=196 HTTP/1.1" 200 5855 "-" "Mozilla/5.0 (compatible; AhrefsBot/5.0; +http://ahrefs.com/robot/)"
66.249.73.227 - - [16/Mar/2014:05:21:45 +0100] "GET /news.php?cs_go=archiv&cs_id=4616&cs_search= HTTP/1.1" 200 9397 "-" "Mozilla/5.0 (iPhone; CPU iPhone OS 6_0 like Mac OS X) AppleWebKit/536.26 (KHTML, like Gecko) Version/6.0 Mobile/10A5376e Safari/8536.25 (compatible; Googlebot/2.1; +http://www.google.com/bot.html)"
66.249.65.201 - - [16/Mar/2014:05:36:25 +0100] "GET /news.php?cs_go=archiv&cs_id=4754 HTTP/1.1" 200 8444 "-" "Mozilla/5.0 (iPhone; CPU iPhone OS 6_0 like Mac OS X) AppleWebKit/536.26 (KHTML, like Gecko) Version/6.0 Mobile/10A5376e Safari/8536.25 (compatible; Googlebot/2.1; +http://www.google.com/bot.html)"
5.10.83.2 - - [16/Mar/2014:05:38:39 +0100] "GET /lexikon.php?cs_go=3&cs_id=212 HTTP/1.1" 200 6107 "-" "Mozilla/5.0 (compatible; AhrefsBot/5.0; +http://ahrefs.com/robot/)"
66.249.65.201 - - [16/Mar/2014:05:43:54 +0100] "GET /images/Optiseite.jpg HTTP/1.1" 200 32107 "-" "Googlebot-Image/1.0"
5.10.83.71 - - [16/Mar/2014:05:44:28 +0100] "GET /news.php?cs_go=archiv&cs_id=4873&cs_search= HTTP/1.1" 200 7415 "-" "Mozilla/5.0 (compatible; AhrefsBot/5.0; +http://ahrefs.com/robot/)"
220.181.108.93 - - [16/Mar/2014:05:53:09 +0100] "GET / HTTP/1.1" 200 9427 "-" "Mozilla/5.0 (compatible; Baiduspider/2.0; +http://www.baidu.com/search/spider.html)"
123.125.71.28 - - [16/Mar/2014:05:53:38 +0100] "GET / HTTP/1.1" 200 6720 "-" "Mozilla/5.0 (compatible; Baiduspider/2.0; +http://www.baidu.com/search/spider.html)"
141.8.147.12 - - [16/Mar/2014:05:55:00 +0100] "GET /news.php?cs_go=archiv&cs_id=4870&cs_search= HTTP/1.1" 200 7720 "-" "Mozilla/5.0 (compatible; YandexBot/3.0; +http://yandex.com/bots)"
66.249.73.236 - - [16/Mar/2014:06:27:48 +0100] "GET /news.php?cs_go=archiv&cs_id=4192 HTTP/1.1" 200 7661 "-" "Mozilla/5.0 (iPhone; CPU iPhone OS 6_0 like Mac OS X) AppleWebKit/536.26 (KHTML, like Gecko) Version/6.0 Mobile/10A5376e Safari/8536.25 (compatible; Googlebot/2.1; +http://www.google.com/bot.html)"
5.10.83.66 - - [16/Mar/2014:06:27:53 +0100] "GET /news.php?cs_go=archiv&cs_id=4799&cs_search= HTTP/1.1" 200 11365 "-" "Mozilla/5.0 (compatible; AhrefsBot/5.0; +http://ahrefs.com/robot/)"
66.249.73.234 - - [16/Mar/2014:06:35:14 +0100] "GET /news.php?cs_go=archiv&cs_id=4794 HTTP/1.1" 200 8522 "-" "Mozilla/5.0 (iPhone; CPU iPhone OS 6_0 like Mac OS X) AppleWebKit/536.26 (KHTML, like Gecko) Version/6.0 Mobile/10A5376e Safari/8536.25 (compatible; Googlebot/2.1; +http://www.google.com/bot.html)"
208.115.111.75 - - [16/Mar/2014:06:41:06 +0100] "GET /robots.txt HTTP/1.1" 200 177 "-" "Mozilla/5.0 (compatible; Ezooms/1.0; help@moz.com)"
66.249.73.232 - - [16/Mar/2014:06:42:33 +0100] "GET /lexikon.php?cs_go=2&cs_char=o HTTP/1.1" 200 6825 "-" "Mozilla/5.0 (iPhone; CPU iPhone OS 6_0 like Mac OS X) AppleWebKit/536.26 (KHTML, like Gecko) Version/6.0 Mobile/10A5376e Safari/8536.25 (compatible; Googlebot/2.1; +http://www.google.com/bot.html)"
65.36.241.79 - - [16/Mar/2014:06:46:48 +0100] "HEAD / HTTP/1.1" 200 - "-" "InternetSeer.com"
66.249.73.18 - - [16/Mar/2014:06:49:48 +0100] "GET /newsletter.php HTTP/1.1" 200 6492 "-" "Mozilla/5.0 (iPhone; CPU iPhone OS 6_0 like Mac OS X) AppleWebKit/536.26 (KHTML, like Gecko) Version/6.0 Mobile/10A5376e Safari/8536.25 (compatible; Googlebot/2.1; +http://www.google.com/bot.html)"
5.10.83.43 - - [16/Mar/2014:06:50:31 +0100] "GET /news.php?cs_go=archiv&cs_id=4831&cs_search= HTTP/1.1" 200 11323 "-" "Mozilla/5.0 (compatible; AhrefsBot/5.0; +http://ahrefs.com/robot/)"
5.10.83.2 - - [16/Mar/2014:06:58:00 +0100] "GET /news.php?cs_go=archiv&cs_id=4946&cs_search= HTTP/1.1" 200 7562 "-" "Mozilla/5.0 (compatible; AhrefsBot/5.0; +http://ahrefs.com/robot/)"
5.10.83.71 - - [16/Mar/2014:07:13:02 +0100] "GET /news.php?cs_go=archiv&cs_startpos=181 HTTP/1.1" 200 14348 "-" "Mozilla/5.0 (compatible; AhrefsBot/5.0; +http://ahrefs.com/robot/)"
66.249.73.225 - - [16/Mar/2014:07:43:57 +0100] "GET /news.php?cs_go=archiv HTTP/1.1" 200 19791 "-" "Mozilla/5.0 (compatible; Googlebot/2.1; +http://www.google.com/bot.html)"
66.249.73.2 - - [16/Mar/2014:07:48:32 +0100] "GET /news.php?cs_go=archiv&cs_id=4895&cs_search= HTTP/1.1" 200 7384 "-" "Mozilla/5.0 (iPhone; CPU iPhone OS 6_0 like Mac OS X) AppleWebKit/536.26 (KHTML, like Gecko) Version/6.0 Mobile/10A5376e Safari/8536.25 (compatible; Googlebot/2.1; +http://www.google.com/bot.html)"
157.56.93.63 - - [16/Mar/2014:07:48:38 +0100] "GET / HTTP/1.1" 200 13925 "-" "Mozilla/5.0 (compatible; bingbot/2.0; +http://www.bing.com/bingbot.htm)"
66.249.65.201 - - [16/Mar/2014:08:10:37 +0100] "GET /news.php?cs_go=archiv&cs_id=4168 HTTP/1.1" 200 8890 "-" "Mozilla/5.0 (iPhone; CPU iPhone OS 6_0 like Mac OS X) AppleWebKit/536.26 (KHTML, like Gecko) Version/6.0 Mobile/10A5376e Safari/8536.25 (compatible; Googlebot/2.1; +http://www.google.com/bot.html)"
66.249.65.201 - - [16/Mar/2014:08:25:31 +0100] "GET /lexikon.php?cs_go=3&cs_id=140 HTTP/1.1" 200 6308 "-" "Mozilla/5.0 (iPhone; CPU iPhone OS 6_0 like Mac OS X) AppleWebKit/536.26 (KHTML, like Gecko) Version/6.0 Mobile/10A5376e Safari/8536.25 (compatible; Googlebot/2.1; +http://www.google.com/bot.html)"
208.115.111.75 - - [16/Mar/2014:08:27:45 +0100] "GET /news.php?cs_go=archiv&cs_id=4782&cs_search= HTTP/1.1" 200 7501 "-" "Mozilla/5.0 (compatible; Ezooms/1.0; help@moz.com)"
66.249.65.137 - - [16/Mar/2014:08:32:52 +0100] "GET /lexikon.php?cs_go=3&cs_id=231 HTTP/1.1" 200 5935 "-" "Mozilla/5.0 (iPhone; CPU iPhone OS 6_0 like Mac OS X) AppleWebKit/536.26 (KHTML, like Gecko) Version/6.0 Mobile/10A5376e Safari/8536.25 (compatible; Googlebot/2.1; +http://www.google.com/bot.html)"
157.55.35.112 - - [16/Mar/2014:08:34:22 +0100] "GET / HTTP/1.1" 200 13925 "-" "Mozilla/5.0 (compatible; bingbot/2.0; +http://www.bing.com/bingbot.htm)"
141.8.147.12 - - [16/Mar/2014:08:36:28 +0100] "GET /robots.txt HTTP/1.1" 200 177 "-" "Mozilla/5.0 (compatible; YandexBot/3.0; +http://yandex.com/bots)"
66.249.65.201 - - [16/Mar/2014:08:40:27 +0100] "GET /news.php?cs_go=archiv&cs_id=4697 HTTP/1.1" 200 7447 "-" "Mozilla/5.0 (iPhone; CPU iPhone OS 6_0 like Mac OS X) AppleWebKit/536.26 (KHTML, like Gecko) Version/6.0 Mobile/10A5376e Safari/8536.25 (compatible; Googlebot/2.1; +http://www.google.com/bot.html)"
66.249.65.169 - - [16/Mar/2014:08:47:53 +0100] "GET /news.php?cs_go=archiv&cs_id=4864&cs_search= HTTP/1.1" 200 7471 "-" "Mozilla/5.0 (iPhone; CPU iPhone OS 6_0 like Mac OS X) AppleWebKit/536.26 (KHTML, like Gecko) Version/6.0 Mobile/10A5376e Safari/8536.25 (compatible; Googlebot/2.1; +http://www.google.com/bot.html)"
141.8.147.12 - - [16/Mar/2014:08:49:09 +0100] "GET /news.php?cs_go=archiv&cs_id=5017 HTTP/1.1" 200 7563 "-" "Mozilla/5.0 (compatible; YandexBot/3.0; +http://yandex.com/bots)"
157.55.35.50 - - [16/Mar/2014:08:51:57 +0100] "GET /diesel.php HTTP/1.1" 200 8192 "-" "Mozilla/5.0 (compatible; bingbot/2.0; +http://www.bing.com/bingbot.htm)"
157.55.35.50 - - [16/Mar/2014:08:51:57 +0100] "GET /news.php?cs_go=archiv&cs_id=4568&cs_search= HTTP/1.1" 200 9631 "-" "Mozilla/5.0 (compatible; bingbot/2.0; +http://www.bing.com/bingbot.htm)"
157.55.35.50 - - [16/Mar/2014:08:51:58 +0100] "GET /news.php?cs_go=archiv&cs_startpos=0 HTTP/1.1" 200 19791 "-" "Mozilla/5.0 (compatible; bingbot/2.0; +http://www.bing.com/bingbot.htm)"
