5.10.83.11 - - [17/Mar/2014:17:38:26 +0100] "GET /lexikon.php?cs_go=3&cs_id=15 HTTP/1.1" 200 5641 "-" "Mozilla/5.0 (compatible; AhrefsBot/5.0; +http://ahrefs.com/robot/)"
5.9.0.81 - - [17/Mar/2014:17:58:50 +0100] "GET /news.php?cs_go=archiv&cs_id=5011 HTTP/1.1" 200 8311 "-" "Mozilla/5.0 (compatible; Googlebot/2.1; +http://www.google.com/bot.html)"
5.10.83.43 - - [17/Mar/2014:17:59:19 +0100] "GET /lexikon.php?cs_go=3&cs_id=118 HTTP/1.1" 200 6068 "-" "Mozilla/5.0 (compatible; AhrefsBot/5.0; +http://ahrefs.com/robot/)"
157.55.32.109 - - [17/Mar/2014:18:03:40 +0100] "GET /robots.txt HTTP/1.1" 200 177 "-" "Mozilla/5.0 (compatible; bingbot/2.0; +http://www.bing.com/bingbot.htm)"
157.55.32.109 - - [17/Mar/2014:18:03:51 +0100] "GET / HTTP/1.1" 200 14046 "-" "Mozilla/5.0 (compatible; bingbot/2.0; +http://www.bing.com/bingbot.htm)"
141.8.147.12 - - [17/Mar/2014:18:04:32 +0100] "GET /news.php?cs_go=archiv&cs_id=4873&cs_search= HTTP/1.1" 200 7415 "-" "Mozilla/5.0 (compatible; YandexBot/3.0; +http://yandex.com/bots)"
5.10.83.36 - - [17/Mar/2014:18:06:34 +0100] "GET /lexikon.php?cs_go=3&cs_id=44 HTTP/1.1" 200 5567 "-" "Mozilla/5.0 (compatible; AhrefsBot/5.0; +http://ahrefs.com/robot/)"
66.249.73.1 - - [17/Mar/2014:18:22:37 +0100] "GET /agb.php HTTP/1.1" 200 17543 "-" "Mozilla/5.0 (compatible; Googlebot/2.1; +http://www.google.com/bot.html)"
5.10.83.53 - - [17/Mar/2014:18:22:44 +0100] "GET /news.php?cs_go=archiv&cs_id=4887&cs_search= HTTP/1.1" 200 8279 "-" "Mozilla/5.0 (compatible; AhrefsBot/5.0; +http://ahrefs.com/robot/)"
66.249.73.237 - - [17/Mar/2014:18:26:57 +0100] "GET /news.php?cs_go=archiv&cs_id=4653&cs_search= HTTP/1.1" 200 7521 "-" "Mozilla/5.0 (compatible; Googlebot/2.1; +http://www.google.com/bot.html)"
5.10.83.2 - - [17/Mar/2014:18:48:54 +0100] "GET /kwk.php?cs_go=3 HTTP/1.1" 200 7848 "-" "Mozilla/5.0 (compatible; AhrefsBot/5.0; +http://ahrefs.com/robot/)"
144.76.137.226 - - [17/Mar/2014:18:50:01 +0100] "GET /robots.txt HTTP/1.0" 200 177 "-" "Mozilla/5.0 (compatible; MJ12bot/v1.4.4; http://www.majestic12.co.uk/bot.php?+)"
144.76.137.226 - - [17/Mar/2014:18:50:06 +0100] "GET /news.php?cs_go=archiv&cs_id=5016 HTTP/1.0" 200 11206 "-" "Mozilla/5.0 (compatible; MJ12bot/v1.4.4; http://www.majestic12.co.uk/bot.php?+)"
144.76.137.226 - - [17/Mar/2014:18:50:09 +0100] "GET /news.php?cs_go=archiv&cs_id=5017 HTTP/1.0" 200 7563 "-" "Mozilla/5.0 (compatible; MJ12bot/v1.4.4; http://www.majestic12.co.uk/bot.php?+)"
144.76.137.226 - - [17/Mar/2014:18:50:11 +0100] "GET /robots.txt HTTP/1.0" 200 177 "-" "Mozilla/5.0 (compatible; MJ12bot/v1.4.4; http://www.majestic12.co.uk/bot.php?+)"
144.76.137.226 - - [17/Mar/2014:18:50:13 +0100] "GET /news.php?cs_go=archiv&cs_id=5018 HTTP/1.0" 200 7560 "-" "Mozilla/5.0 (compatible; MJ12bot/v1.4.4; http://www.majestic12.co.uk/bot.php?+)"
144.76.137.226 - - [17/Mar/2014:18:50:18 +0100] "GET /news.php?cs_go=archiv&cs_id=5019 HTTP/1.0" 200 11253 "-" "Mozilla/5.0 (compatible; MJ12bot/v1.4.4; http://www.majestic12.co.uk/bot.php?+)"
208.115.113.91 - - [17/Mar/2014:18:52:20 +0100] "GET /lexikon.php?cs_go=2&cs_char=w HTTP/1.1" 200 6151 "-" "Mozilla/5.0 (compatible; Ezooms/1.0; help@moz.com)"
220.181.108.90 - - [17/Mar/2014:18:54:47 +0100] "GET / HTTP/1.1" 200 6720 "-" "Mozilla/5.0 (compatible; Baiduspider/2.0; +http://www.baidu.com/search/spider.html)"
123.125.71.25 - - [17/Mar/2014:18:57:32 +0100] "GET / HTTP/1.1" 200 6594 "-" "Mozilla/5.0 (compatible; Baiduspider/2.0; +http://www.baidu.com/search/spider.html)"
66.249.65.137 - - [17/Mar/2014:19:33:27 +0100] "GET /schwefelarmstandard.php HTTP/1.1" 200 10730 "-" "Mozilla/5.0 (compatible; Googlebot/2.1; +http://www.google.com/bot.html)"
66.249.65.169 - - [17/Mar/2014:19:53:19 +0100] "GET /news.php?cs_go=archiv&cs_startpos=50 HTTP/1.1" 200 20428 "-" "Mozilla/5.0 (iPhone; CPU iPhone OS 6_0 like Mac OS X) AppleWebKit/536.26 (KHTML, like Gecko) Version/6.0 Mobile/10A5376e Safari/8536.25 (compatible; Googlebot/2.1; +http://www.google.com/bot.html)"
65.36.241.79 - - [17/Mar/2014:19:55:58 +0100] "HEAD / HTTP/1.1" 200 - "-" "InternetSeer.com"
66.249.73.229 - - [17/Mar/2014:20:14:56 +0100] "GET /news.php?cs_go=archiv&cs_id=4477 HTTP/1.1" 200 11818 "-" "Mozilla/5.0 (iPhone; CPU iPhone OS 6_0 like Mac OS X) AppleWebKit/536.26 (KHTML, like Gecko) Version/6.0 Mobile/10A5376e Safari/8536.25 (compatible; Googlebot/2.1; +http://www.google.com/bot.html)"
66.249.65.201 - - [17/Mar/2014:20:15:22 +0100] "GET /news.php?cs_go=archiv&cs_id=4764&cs_search= HTTP/1.1" 200 11663 "-" "Mozilla/5.0 (compatible; Googlebot/2.1; +http://www.google.com/bot.html)"
220.181.108.94 - - [17/Mar/2014:20:17:44 +0100] "GET / HTTP/1.1" 200 9427 "-" "Mozilla/5.0 (compatible; Baiduspider/2.0; +http://www.baidu.com/search/spider.html)"
66.249.65.169 - - [17/Mar/2014:20:18:24 +0100] "GET /news.php?cs_go=archiv&cs_id=4525 HTTP/1.1" 200 7488 "-" "Mozilla/5.0 (iPhone; CPU iPhone OS 6_0 like Mac OS X) AppleWebKit/536.26 (KHTML, like Gecko) Version/6.0 Mobile/10A5376e Safari/8536.25 (compatible; Googlebot/2.1; +http://www.google.com/bot.html)"
66.249.73.20 - - [17/Mar/2014:20:18:56 +0100] "GET /kwk.php HTTP/1.1" 200 8447 "-" "Mozilla/5.0 (compatible; Googlebot/2.1; +http://www.google.com/bot.html)"
123.125.71.35 - - [17/Mar/2014:20:23:11 +0100] "GET / HTTP/1.1" 200 6594 "-" "Mozilla/5.0 (compatible; Baiduspider/2.0; +http://www.baidu.com/search/spider.html)"
66.249.65.201 - - [17/Mar/2014:20:23:37 +0100] "GET /news.php?cs_go=archiv&cs_id=4577 HTTP/1.1" 200 7511 "-" "Mozilla/5.0 (iPhone; CPU iPhone OS 6_0 like Mac OS X) AppleWebKit/536.26 (KHTML, like Gecko) Version/6.0 Mobile/10A5376e Safari/8536.25 (compatible; Googlebot/2.1; +http://www.google.com/bot.html)"
66.249.73.16 - - [17/Mar/2014:20:27:06 +0100] "GET /news.php?cs_go=archiv&cs_id=4651 HTTP/1.1" 200 7557 "-" "Mozilla/5.0 (iPhone; CPU iPhone OS 6_0 like Mac OS X) AppleWebKit/536.26 (KHTML, like Gecko) Version/6.0 Mobile/10A5376e Safari/8536.25 (compatible; Googlebot/2.1; +http://www.google.com/bot.html)"
141.8.147.12 - - [17/Mar/2014:20:27:48 +0100] "GET /robots.txt HTTP/1.1" 200 177 "-" "Mozilla/5.0 (compatible; YandexBot/3.0; +http://yandex.com/bots)"
141.8.147.12 - - [17/Mar/2014:20:27:50 +0100] "GET / HTTP/1.1" 200 14046 "-" "Mozilla/5.0 (compatible; YandexBot/3.0; +http://yandex.com/bots)"
66.249.73.9 - - [17/Mar/2014:20:30:37 +0100] "GET /lexikon.php?cs_go=2&cs_char=s HTTP/1.1" 200 7632 "-" "Mozilla/5.0 (iPhone; CPU iPhone OS 6_0 like Mac OS X) AppleWebKit/536.26 (KHTML, like Gecko) Version/6.0 Mobile/10A5376e Safari/8536.25 (compatible; Googlebot/2.1; +http://www.google.com/bot.html)"
5.10.83.53 - - [17/Mar/2014:20:34:25 +0100] "GET /lexikon.php?cs_go=2&cs_char=k HTTP/1.1" 200 7443 "-" "Mozilla/5.0 (compatible; AhrefsBot/5.0; +http://ahrefs.com/robot/)"
101.226.167.232 - - [17/Mar/2014:20:49:34 +0100] "GET /robots.txt HTTP/1.1" 200 177 "http://www.mink-gmbh.de/robots.txt" "Mozilla/5.0 (Windows NT 6.1) AppleWebKit/537.1 (KHTML, like Gecko) Chrome/21.0.1180.89 Safari/537.1; 360Spider"
208.115.113.91 - - [17/Mar/2014:20:59:12 +0100] "GET /robots.txt HTTP/1.1" 200 177 "-" "Mozilla/5.0 (compatible; Ezooms/1.0; help@moz.com)"
66.249.65.169 - - [17/Mar/2014:21:02:55 +0100] "GET /news.php?cs_go=archiv&cs_id=3499&cs_search= HTTP/1.1" 200 7487 "-" "Mozilla/5.0 (iPhone; CPU iPhone OS 6_0 like Mac OS X) AppleWebKit/536.26 (KHTML, like Gecko) Version/6.0 Mobile/10A5376e Safari/8536.25 (compatible; Googlebot/2.1; +http://www.google.com/bot.html)"
66.249.73.225 - - [17/Mar/2014:21:24:43 +0100] "GET /news.php HTTP/1.1" 200 19806 "-" "DoCoMo/2.0 N905i(c100;TB;W24H16) (compatible; Googlebot-Mobile/2.1; +http://www.google.com/bot.html)"
5.10.83.11 - - [17/Mar/2014:21:33:23 +0100] "GET /news.php?cs_go=archiv&cs_id=4771&cs_search= HTTP/1.1" 200 7613 "-" "Mozilla/5.0 (compatible; AhrefsBot/5.0; +http://ahrefs.com/robot/)"
66.249.73.10 - - [17/Mar/2014:22:18:58 +0100] "GET /lexikon.php?cs_go=3&cs_id=206 HTTP/1.1" 200 5922 "-" "Mozilla/5.0 (compatible; Googlebot/2.1; +http://www.google.com/bot.html)"
208.115.111.75 - - [17/Mar/2014:22:36:35 +0100] "GET /robots.txt HTTP/1.1" 200 177 "-" "Mozilla/5.0 (compatible; Ezooms/1.0; help@moz.com)"
66.249.65.137 - - [17/Mar/2014:22:39:10 +0100] "GET /news.php?cs_go=archiv&cs_id=4030 HTTP/1.1" 200 10876 "-" "Mozilla/5.0 (iPhone; CPU iPhone OS 6_0 like Mac OS X) AppleWebKit/536.26 (KHTML, like Gecko) Version/6.0 Mobile/10A5376e Safari/8536.25 (compatible; Googlebot/2.1; +http://www.google.com/bot.html)"
66.249.65.137 - - [17/Mar/2014:22:59:36 +0100] "GET /news.php?cs_go=archiv&cs_id=4024&cs_search= HTTP/1.1" 200 10967 "-" "Mozilla/5.0 (iPhone; CPU iPhone OS 6_0 like Mac OS X) AppleWebKit/536.26 (KHTML, like Gecko) Version/6.0 Mobile/10A5376e Safari/8536.25 (compatible; Googlebot/2.1; +http://www.google.com/bot.html)"
208.115.113.91 - - [17/Mar/2014:23:00:02 +0100] "GET /lexikon.php?cs_go=2&cs_char=u HTTP/1.1" 200 6308 "-" "Mozilla/5.0 (compatible; Ezooms/1.0; help@moz.com)"
208.115.111.75 - - [17/Mar/2014:23:03:00 +0100] "GET /news.php?cs_go=archiv&cs_id=4681 HTTP/1.1" 200 11362 "-" "Mozilla/5.0 (compatible; Ezooms/1.0; help@moz.com)"
66.249.73.5 - - [17/Mar/2014:23:06:13 +0100] "GET /lexikon.php?cs_go=3&cs_id=231 HTTP/1.1" 200 5935 "-" "Mozilla/5.0 (compatible; Googlebot/2.1; +http://www.google.com/bot.html)"
66.249.73.230 - - [17/Mar/2014:23:11:53 +0100] "GET /news.php?cs_go=archiv&cs_id=4072 HTTP/1.1" 200 8906 "-" "Mozilla/5.0 (iPhone; CPU iPhone OS 6_0 like Mac OS X) AppleWebKit/536.26 (KHTML, like Gecko) Version/6.0 Mobile/10A5376e Safari/8536.25 (compatible; Googlebot/2.1; +http://www.google.com/bot.html)"
93.199.250.136 - - [17/Mar/2014:23:12:15 +0100] "HEAD / HTTP/1.1" 200 - "-" "Xenu Link Sleuth/1.3.9 beta"
66.249.73.4 - - [17/Mar/2014:23:19:34 +0100] "GET /news.php?cs_go=archiv&cs_id=4920 HTTP/1.1" 200 8726 "-" "Mozilla/5.0 (compatible; Googlebot/2.1; +http://www.google.com/bot.html)"
65.36.241.79 - - [18/Mar/2014:00:01:27 +0100] "HEAD / HTTP/1.1" 200 - "-" "InternetSeer.com"
176.31.101.128 - - [18/Mar/2014:00:10:38 +0100] "GET /style.css HTTP/1.1" 200 8402 "http://www.mink-gmbh.de/" "Mozilla/5.0 (Windows NT 6.1; WOW64) AppleWebKit/538.1 (KHTML, like Gecko) Safari/538.1"
176.31.101.128 - - [18/Mar/2014:00:10:38 +0100] "GET /modul.css HTTP/1.1" 200 35038 "http://www.mink-gmbh.de/" "Mozilla/5.0 (Windows NT 6.1; WOW64) AppleWebKit/538.1 (KHTML, like Gecko) Safari/538.1"
176.31.101.128 - - [18/Mar/2014:00:10:38 +0100] "GET /js_contentserver24_greybox/gb_styles.css HTTP/1.1" 200 2302 "http://www.mink-gmbh.de/" "Mozilla/5.0 (Windows NT 6.1; WOW64) AppleWebKit/538.1 (KHTML, like Gecko) Safari/538.1"
176.31.101.128 - - [18/Mar/2014:00:10:38 +0100] "GET /js_contentserver24_greybox/AJS_fx.js HTTP/1.1" 200 3192 "http://www.mink-gmbh.de/" "Mozilla/5.0 (Windows NT 6.1; WOW64) AppleWebKit/538.1 (KHTML, like Gecko) Safari/538.1"
176.31.101.128 - - [18/Mar/2014:00:10:38 +0100] "GET /js_contentserver24_greybox/AJS.js HTTP/1.1" 200 10396 "http://www.mink-gmbh.de/" "Mozilla/5.0 (Windows NT 6.1; WOW64) AppleWebKit/538.1 (KHTML, like Gecko) Safari/538.1"
176.31.101.128 - - [18/Mar/2014:00:10:38 +0100] "GET /js_contentserver24_greybox/gb_scripts.js HTTP/1.1" 200 11913 "http://www.mink-gmbh.de/" "Mozilla/5.0 (Windows NT 6.1; WOW64) AppleWebKit/538.1 (KHTML, like Gecko) Safari/538.1"
176.31.101.128 - - [18/Mar/2014:00:10:38 +0100] "GET /images/bg.png HTTP/1.1" 200 922 "http://www.mink-gmbh.de/" "Mozilla/5.0 (Windows NT 6.1; WOW64) AppleWebKit/538.1 (KHTML, like Gecko) Safari/538.1"
176.31.101.128 - - [18/Mar/2014:00:10:38 +0100] "GET /js_contentserver24_greybox/w_close.gif HTTP/1.1" 200 74 "http://www.mink-gmbh.de/" "Mozilla/5.0 (Windows NT 6.1; WOW64) AppleWebKit/538.1 (KHTML, like Gecko) Safari/538.1"
176.31.101.128 - - [18/Mar/2014:00:10:38 +0100] "GET /images/close.png HTTP/1.1" 200 703 "http://www.mink-gmbh.de/" "Mozilla/5.0 (Windows NT 6.1; WOW64) AppleWebKit/538.1 (KHTML, like Gecko) Safari/538.1"
176.31.101.128 - - [18/Mar/2014:00:10:38 +0100] "GET /images/newsletter.png HTTP/1.1" 200 14619 "http://www.mink-gmbh.de/" "Mozilla/5.0 (Windows NT 6.1; WOW64) AppleWebKit/538.1 (KHTML, like Gecko) Safari/538.1"
176.31.101.128 - - [18/Mar/2014:00:10:38 +0100] "GET /images/header.jpg HTTP/1.1" 200 25189 "http://www.mink-gmbh.de/" "Mozilla/5.0 (Windows NT 6.1; WOW64) AppleWebKit/538.1 (KHTML, like Gecko) Safari/538.1"
176.31.101.128 - - [18/Mar/2014:00:10:38 +0100] "GET /images/navibg.png HTTP/1.1" 200 2803 "http://www.mink-gmbh.de/" "Mozilla/5.0 (Windows NT 6.1; WOW64) AppleWebKit/538.1 (KHTML, like Gecko) Safari/538.1"
176.31.101.128 - - [18/Mar/2014:00:10:38 +0100] "GET /images/newsletter_bg.jpg HTTP/1.1" 200 33610 "http://www.mink-gmbh.de/" "Mozilla/5.0 (Windows NT 6.1; WOW64) AppleWebKit/538.1 (KHTML, like Gecko) Safari/538.1"
176.31.101.128 - - [18/Mar/2014:00:10:38 +0100] "GET /images/fallend.png HTTP/1.1" 200 713 "http://www.mink-gmbh.de/" "Mozilla/5.0 (Windows NT 6.1; WOW64) AppleWebKit/538.1 (KHTML, like Gecko) Safari/538.1"
176.31.101.128 - - [18/Mar/2014:00:10:38 +0100] "GET /images/steigend.png HTTP/1.1" 200 688 "http://www.mink-gmbh.de/" "Mozilla/5.0 (Windows NT 6.1; WOW64) AppleWebKit/538.1 (KHTML, like Gecko) Safari/538.1"
176.31.101.128 - - [18/Mar/2014:00:10:38 +0100] "GET /images/wrapperbg.jpg HTTP/1.1" 200 27465 "http://www.mink-gmbh.de/" "Mozilla/5.0 (Windows NT 6.1; WOW64) AppleWebKit/538.1 (KHTML, like Gecko) Safari/538.1"
176.31.101.128 - - [18/Mar/2014:00:10:38 +0100] "GET /js_contentserver24_greybox/loader_frame.html?s=0 HTTP/1.1" 200 2084 "http://www.mink-gmbh.de/" "Mozilla/5.0 (Windows NT 6.1; WOW64) AppleWebKit/538.1 (KHTML, like Gecko) Safari/538.1"
176.31.101.128 - - [18/Mar/2014:00:10:38 +0100] "GET /js_contentserver24_greybox/header_bg.gif HTTP/1.1" 200 1188 "http://www.mink-gmbh.de/" "Mozilla/5.0 (Windows NT 6.1; WOW64) AppleWebKit/538.1 (KHTML, like Gecko) Safari/538.1"
176.31.101.128 - - [18/Mar/2014:00:10:39 +0100] "GET /js_contentserver24_greybox/indicator.gif HTTP/1.1" 200 8238 "http://www.mink-gmbh.de/js_contentserver24_greybox/loader_frame.html?s=0" "Mozilla/5.0 (Windows NT 6.1; WOW64) AppleWebKit/538.1 (KHTML, like Gecko) Safari/538.1"
176.31.101.128 - - [18/Mar/2014:00:10:37 +0100] "GET / HTTP/1.1" 200 14046 "-" "Mozilla/5.0 (Windows NT 6.1; WOW64) AppleWebKit/538.1 (KHTML, like Gecko) Safari/538.1"
176.31.101.128 - - [18/Mar/2014:00:10:39 +0100] "GET /images/mobil.jpg HTTP/1.1" 200 25293 "http://www.mink-gmbh.de/" "Mozilla/5.0 (Windows NT 6.1; WOW64) AppleWebKit/538.1 (KHTML, like Gecko) Safari/538.1"
176.31.101.128 - - [18/Mar/2014:00:10:39 +0100] "GET /images/newsletter.jpg HTTP/1.1" 200 13130 "http://www.mink-gmbh.de/" "Mozilla/5.0 (Windows NT 6.1; WOW64) AppleWebKit/538.1 (KHTML, like Gecko) Safari/538.1"
176.31.101.128 - - [18/Mar/2014:00:10:39 +0100] "GET /images/freecall.jpg HTTP/1.1" 200 39195 "http://www.mink-gmbh.de/" "Mozilla/5.0 (Windows NT 6.1; WOW64) AppleWebKit/538.1 (KHTML, like Gecko) Safari/538.1"
176.31.101.128 - - [18/Mar/2014:00:10:39 +0100] "GET /images/team-energie.png HTTP/1.1" 200 17383 "http://www.mink-gmbh.de/" "Mozilla/5.0 (Windows NT 6.1; WOW64) AppleWebKit/538.1 (KHTML, like Gecko) Safari/538.1"
176.31.101.128 - - [18/Mar/2014:00:10:39 +0100] "GET /images/mail.jpg HTTP/1.1" 200 12099 "http://www.mink-gmbh.de/" "Mozilla/5.0 (Windows NT 6.1; WOW64) AppleWebKit/538.1 (KHTML, like Gecko) Safari/538.1"
176.31.101.128 - - [18/Mar/2014:00:10:39 +0100] "GET /images/tkw.jpg HTTP/1.1" 200 64031 "http://www.mink-gmbh.de/" "Mozilla/5.0 (Windows NT 6.1; WOW64) AppleWebKit/538.1 (KHTML, like Gecko) Safari/538.1"
176.31.101.128 - - [18/Mar/2014:00:10:39 +0100] "GET /images/kwk.gif HTTP/1.1" 200 6403 "http://www.mink-gmbh.de/" "Mozilla/5.0 (Windows NT 6.1; WOW64) AppleWebKit/538.1 (KHTML, like Gecko) Safari/538.1"
176.31.101.128 - - [18/Mar/2014:00:10:39 +0100] "GET /images/wunschpreis.jpg HTTP/1.1" 200 16767 "http://www.mink-gmbh.de/" "Mozilla/5.0 (Windows NT 6.1; WOW64) AppleWebKit/538.1 (KHTML, like Gecko) Safari/538.1"
176.31.101.128 - - [18/Mar/2014:00:10:39 +0100] "GET /images/logos.jpg?cache5179 HTTP/1.1" 200 35043 "http://www.mink-gmbh.de/" "Mozilla/5.0 (Windows NT 6.1; WOW64) AppleWebKit/538.1 (KHTML, like Gecko) Safari/538.1"
176.31.101.128 - - [18/Mar/2014:00:10:39 +0100] "GET /images/footerbg.jpg HTTP/1.1" 200 2184 "http://www.mink-gmbh.de/" "Mozilla/5.0 (Windows NT 6.1; WOW64) AppleWebKit/538.1 (KHTML, like Gecko) Safari/538.1"
176.31.101.128 - - [18/Mar/2014:00:10:44 +0100] "GET /js_contentserver24_greybox/g_close.gif HTTP/1.1" 200 541 "http://www.mink-gmbh.de/" "Mozilla/5.0 (Windows NT 6.1; WOW64) AppleWebKit/538.1 (KHTML, like Gecko) Safari/538.1"
66.249.73.4 - - [18/Mar/2014:00:32:55 +0100] "GET /news.php?cs_go=archiv&cs_id=3466&cs_search= HTTP/1.1" 200 9643 "-" "Mozilla/5.0 (compatible; Googlebot/2.1; +http://www.google.com/bot.html)"
66.249.65.137 - - [18/Mar/2014:00:38:25 +0100] "GET /style.css HTTP/1.1" 200 8402 "-" "Mozilla/5.0 (compatible; Googlebot/2.1; +http://www.google.com/bot.html)"
66.249.65.169 - - [18/Mar/2014:00:38:26 +0100] "GET /modul.css HTTP/1.1" 200 35038 "-" "Mozilla/5.0 (compatible; Googlebot/2.1; +http://www.google.com/bot.html)"
66.249.65.169 - - [18/Mar/2014:00:39:35 +0100] "GET /news.php?cs_go=archiv&cs_id=4919 HTTP/1.1" 200 7528 "-" "Mozilla/5.0 (compatible; Googlebot/2.1; +http://www.google.com/bot.html)"
85.13.131.53 - - [18/Mar/2014:00:48:20 +0100] "GET / HTTP/1.0" 200 5684 "-" "-"
85.13.131.53 - - [18/Mar/2014:00:48:20 +0100] "GET / HTTP/1.0" 200 3575 "-" "-"
208.115.113.91 - - [18/Mar/2014:00:52:45 +0100] "GET /robots.txt HTTP/1.1" 200 177 "-" "Mozilla/5.0 (compatible; Ezooms/1.0; help@moz.com)"
66.249.65.137 - - [18/Mar/2014:01:02:49 +0100] "GET /news.php?cs_go=archiv&cs_id=3531 HTTP/1.1" 200 7975 "-" "Mozilla/5.0 (iPhone; CPU iPhone OS 6_0 like Mac OS X) AppleWebKit/536.26 (KHTML, like Gecko) Version/6.0 Mobile/10A5376e Safari/8536.25 (compatible; Googlebot/2.1; +http://www.google.com/bot.html)"
66.249.73.2 - - [18/Mar/2014:01:44:02 +0100] "GET /news.php?cs_go=archiv&cs_id=3465&cs_search= HTTP/1.1" 200 7484 "-" "Mozilla/5.0 (iPhone; CPU iPhone OS 6_0 like Mac OS X) AppleWebKit/536.26 (KHTML, like Gecko) Version/6.0 Mobile/10A5376e Safari/8536.25 (compatible; Googlebot/2.1; +http://www.google.com/bot.html)"
66.249.65.169 - - [18/Mar/2014:01:46:15 +0100] "GET /news.php?cs_go=archiv&cs_id=4615&cs_search= HTTP/1.1" 200 7657 "-" "Mozilla/5.0 (compatible; Googlebot/2.1; +http://www.google.com/bot.html)"
66.249.65.201 - - [18/Mar/2014:01:52:55 +0100] "GET /news.php?cs_go=archiv&cs_id=4917 HTTP/1.1" 200 7796 "-" "Mozilla/5.0 (compatible; Googlebot/2.1; +http://www.google.com/bot.html)"
66.249.73.233 - - [18/Mar/2014:01:56:23 +0100] "GET /news.php?cs_go=archiv&cs_id=3647 HTTP/1.1" 200 11000 "-" "Mozilla/5.0 (iPhone; CPU iPhone OS 6_0 like Mac OS X) AppleWebKit/536.26 (KHTML, like Gecko) Version/6.0 Mobile/10A5376e Safari/8536.25 (compatible; Googlebot/2.1; +http://www.google.com/bot.html)"
141.8.147.12 - - [18/Mar/2014:02:03:50 +0100] "GET /kwk.php HTTP/1.1" 200 8447 "-" "Mozilla/5.0 (compatible; YandexBot/3.0; +http://yandex.com/bots)"
66.249.73.18 - - [18/Mar/2014:02:08:43 +0100] "GET /news.php?cs_go=archiv&cs_id=3512&cs_search= HTTP/1.1" 200 10127 "-" "Mozilla/5.0 (iPhone; CPU iPhone OS 6_0 like Mac OS X) AppleWebKit/536.26 (KHTML, like Gecko) Version/6.0 Mobile/10A5376e Safari/8536.25 (compatible; Googlebot/2.1; +http://www.google.com/bot.html)"
117.78.13.29 - - [18/Mar/2014:02:33:23 +0100] "GET /robots.txt HTTP/1.0" 200 177 "-" "nutch-1.4/Nutch-1.4"
117.78.13.29 - - [18/Mar/2014:02:33:24 +0100] "GET / HTTP/1.0" 200 14046 "-" "nutch-1.4/Nutch-1.4"
66.249.65.169 - - [18/Mar/2014:02:39:36 +0100] "GET /news.php?cs_go=archiv&cs_startpos=110 HTTP/1.1" 200 20293 "-" "Mozilla/5.0 (compatible; Googlebot/2.1; +http://www.google.com/bot.html)"
208.115.111.75 - - [18/Mar/2014:02:43:28 +0100] "GET /robots.txt HTTP/1.1" 200 177 "-" "Mozilla/5.0 (compatible; Ezooms/1.0; help@moz.com)"
208.115.113.91 - - [18/Mar/2014:02:55:36 +0100] "GET /lexikon.php?cs_go=2&cs_char=s HTTP/1.1" 200 7632 "-" "Mozilla/5.0 (compatible; Ezooms/1.0; help@moz.com)"
157.56.93.84 - - [18/Mar/2014:03:05:53 +0100] "GET /robots.txt HTTP/1.1" 200 177 "-" "Mozilla/5.0 (compatible; bingbot/2.0; +http://www.bing.com/bingbot.htm)"
157.56.93.84 - - [18/Mar/2014:03:04:23 +0100] "GET /modernisierung.php HTTP/1.1" 200 6311 "-" "Mozilla/5.0 (compatible; bingbot/2.0; +http://www.bing.com/bingbot.htm)"
157.56.93.84 - - [18/Mar/2014:03:05:58 +0100] "GET /modernisierung.php HTTP/1.0" 200 6311 "-" "Mozilla/5.0 (compatible; bingbot/2.0; +http://www.bing.com/bingbot.htm)"
66.249.65.169 - - [18/Mar/2014:03:39:37 +0100] "GET /lexikon.php?cs_go=2&cs_char=m HTTP/1.1" 200 6637 "-" "Mozilla/5.0 (compatible; Googlebot/2.1; +http://www.google.com/bot.html)"
66.249.65.137 - - [18/Mar/2014:03:46:27 +0100] "GET /lexikon.php?cs_go=3&cs_id=135 HTTP/1.1" 200 6761 "-" "Mozilla/5.0 (compatible; Googlebot/2.1; +http://www.google.com/bot.html)"
66.249.65.201 - - [18/Mar/2014:03:46:28 +0100] "GET /lexikon.php?cs_go=3&cs_id=132 HTTP/1.1" 200 5548 "-" "Mozilla/5.0 (compatible; Googlebot/2.1; +http://www.google.com/bot.html)"
193.111.141.134 - - [18/Mar/2014:03:47:59 +0100] "GET /news.php?cs_go=archiv&cs_id=4156&cs_search= HTTP/1.1" 200 10588 "-" "Mozilla/5.0 (X11; Linux i686; rv:6.0) Gecko/20100101 Firefox/6.0"
208.115.111.75 - - [18/Mar/2014:04:26:20 +0100] "GET /news.php?cs_go=archiv&cs_id=4818&cs_search= HTTP/1.1" 200 11484 "-" "Mozilla/5.0 (compatible; Ezooms/1.0; help@moz.com)"
208.115.111.75 - - [18/Mar/2014:04:26:23 +0100] "GET /news.php?cs_go=archiv&cs_id=4856&cs_search= HTTP/1.1" 200 10263 "-" "Mozilla/5.0 (compatible; Ezooms/1.0; help@moz.com)"
157.55.35.89 - - [18/Mar/2014:04:49:05 +0100] "GET / HTTP/1.1" 200 14046 "-" "Mozilla/5.0 (compatible; bingbot/2.0; +http://www.bing.com/bingbot.htm)"
208.115.113.91 - - [18/Mar/2014:04:50:31 +0100] "GET /robots.txt HTTP/1.1" 200 177 "-" "Mozilla/5.0 (compatible; Ezooms/1.0; help@moz.com)"
157.55.35.89 - - [18/Mar/2014:05:11:05 +0100] "GET / HTTP/1.1" 200 14046 "-" "Mozilla/5.0 (compatible; bingbot/2.0; +http://www.bing.com/bingbot.htm)"
141.8.147.12 - - [18/Mar/2014:05:24:54 +0100] "GET /news.php?cs_go=archiv&cs_id=4878&cs_search= HTTP/1.1" 200 7441 "-" "Mozilla/5.0 (compatible; YandexBot/3.0; +http://yandex.com/bots)"
176.57.141.193 - - [18/Mar/2014:05:29:51 +0100] "GET /news.php?cs_go=archiv&cs_id=2941 HTTP/1.1" 200 11858 "-" "Mozilla/5.0 (X11; Linux i686; rv:6.0) Gecko/20100101 Firefox/6.0"
66.249.65.169 - - [18/Mar/2014:05:37:38 +0100] "GET /modernisierung.php?cs_gp_go=coupon HTTP/1.1" 200 7829 "-" "Mozilla/5.0 (compatible; Googlebot/2.1; +http://www.google.com/bot.html)"
66.249.73.6 - - [18/Mar/2014:06:00:04 +0100] "GET /news.php?cs_go=archiv&cs_id=4700 HTTP/1.1" 200 11170 "-" "Mozilla/5.0 (iPhone; CPU iPhone OS 6_0 like Mac OS X) AppleWebKit/536.26 (KHTML, like Gecko) Version/6.0 Mobile/10A5376e Safari/8536.25 (compatible; Googlebot/2.1; +http://www.google.com/bot.html)"
66.249.65.137 - - [18/Mar/2014:06:10:58 +0100] "GET /news.php?cs_go=archiv&cs_startpos=120 HTTP/1.1" 200 20507 "-" "Mozilla/5.0 (compatible; Googlebot/2.1; +http://www.google.com/bot.html)"
66.249.65.169 - - [18/Mar/2014:06:29:15 +0100] "GET /news.php?cs_go=archiv&cs_id=2851&cs_search= HTTP/1.1" 200 12650 "-" "Mozilla/5.0 (iPhone; CPU iPhone OS 6_0 like Mac OS X) AppleWebKit/536.26 (KHTML, like Gecko) Version/6.0 Mobile/10A5376e Safari/8536.25 (compatible; Googlebot/2.1; +http://www.google.com/bot.html)"
208.115.111.75 - - [18/Mar/2014:06:39:50 +0100] "GET /robots.txt HTTP/1.1" 200 177 "-" "Mozilla/5.0 (compatible; Ezooms/1.0; help@moz.com)"
65.36.241.79 - - [18/Mar/2014:06:42:59 +0100] "HEAD / HTTP/1.1" 200 - "-" "InternetSeer.com"
66.249.65.137 - - [18/Mar/2014:06:50:06 +0100] "GET /news.php?cs_go=archiv&cs_startpos=140 HTTP/1.1" 200 20298 "-" "Mozilla/5.0 (iPhone; CPU iPhone OS 6_0 like Mac OS X) AppleWebKit/536.26 (KHTML, like Gecko) Version/6.0 Mobile/10A5376e Safari/8536.25 (compatible; Googlebot/2.1; +http://www.google.com/bot.html)"
208.115.113.91 - - [18/Mar/2014:06:54:20 +0100] "GET /kwk.php?cs_go=4 HTTP/1.1" 200 7818 "-" "Mozilla/5.0 (compatible; Ezooms/1.0; help@moz.com)"
208.115.113.91 - - [18/Mar/2014:06:54:25 +0100] "GET /lexikon.php?cs_go=2&cs_char=q HTTP/1.1" 200 5726 "-" "Mozilla/5.0 (compatible; Ezooms/1.0; help@moz.com)"
208.115.113.91 - - [18/Mar/2014:06:54:28 +0100] "GET /news.php?cs_go=archiv&cs_startpos=170 HTTP/1.1" 200 20014 "-" "Mozilla/5.0 (compatible; Ezooms/1.0; help@moz.com)"
141.8.147.12 - - [18/Mar/2014:06:57:03 +0100] "GET /news.php?cs_go=archiv&cs_id=4931&cs_search= HTTP/1.1" 200 8107 "-" "Mozilla/5.0 (compatible; YandexBot/3.0; +http://yandex.com/bots)"
66.249.73.228 - - [18/Mar/2014:07:30:59 +0100] "GET /news.php?cs_go=archiv&cs_id=4512&cs_search= HTTP/1.1" 200 11653 "-" "Mozilla/5.0 (compatible; Googlebot/2.1; +http://www.google.com/bot.html)"
66.249.65.169 - - [18/Mar/2014:07:35:45 +0100] "GET /news.php?cs_go=archiv&cs_id=4527 HTTP/1.1" 200 11897 "-" "Mozilla/5.0 (iPhone; CPU iPhone OS 6_0 like Mac OS X) AppleWebKit/536.26 (KHTML, like Gecko) Version/6.0 Mobile/10A5376e Safari/8536.25 (compatible; Googlebot/2.1; +http://www.google.com/bot.html)"
66.249.65.169 - - [18/Mar/2014:07:38:30 +0100] "GET /index.php HTTP/1.1" 200 14046 "-" "SAMSUNG-SGH-E250/1.0 Profile/MIDP-2.0 Configuration/CLDC-1.1 UP.Browser/6.2.3.3.c.1.101 (GUI) MMP/2.0 (compatible; Googlebot-Mobile/2.1; +http://www.google.com/bot.html)"
66.249.73.227 - - [18/Mar/2014:07:40:15 +0100] "GET /lexikon.php?cs_go=3&cs_id=36 HTTP/1.1" 200 6284 "-" "Mozilla/5.0 (iPhone; CPU iPhone OS 6_0 like Mac OS X) AppleWebKit/536.26 (KHTML, like Gecko) Version/6.0 Mobile/10A5376e Safari/8536.25 (compatible; Googlebot/2.1; +http://www.google.com/bot.html)"
188.40.116.74 - - [18/Mar/2014:07:54:37 +0100] "GET / HTTP/1.1" 200 14046 "-" "Opera/9.20 (Windows NT 6.0; U; de)"
188.40.116.74 - - [18/Mar/2014:07:54:38 +0100] "GET /robots.txt HTTP/1.1" 200 177 "-" "libwww-perl/6.05"
188.40.116.74 - - [18/Mar/2014:07:54:38 +0100] "GET / HTTP/1.1" 200 14046 "-" "Opera/9.20 (Windows NT 6.0; U; de)"
188.40.116.74 - - [18/Mar/2014:07:54:39 +0100] "GET /news.php?cs_go=archiv&cs_id=5022 HTTP/1.1" 200 10004 "http://www.mink-gmbh.de/" "Opera/9.20 (Windows NT 6.0; U; de)"
188.40.116.74 - - [18/Mar/2014:07:54:39 +0100] "GET /lexikon.php HTTP/1.1" 200 8115 "http://www.mink-gmbh.de/news.php?cs_go=archiv&cs_id=5022" "Opera/9.20 (Windows NT 6.0; U; de)"
188.40.116.74 - - [18/Mar/2014:07:54:39 +0100] "GET /lexikon.php?cs_go=2&cs_char=g HTTP/1.1" 200 6690 "http://www.mink-gmbh.de/lexikon.php" "Opera/9.20 (Windows NT 6.0; U; de)"
188.40.116.74 - - [18/Mar/2014:07:54:39 +0100] "GET /lexikon.php?cs_go=2&cs_char=f HTTP/1.1" 200 7159 "http://www.mink-gmbh.de/lexikon.php?cs_go=2&cs_char=g" "Opera/9.20 (Windows NT 6.0; U; de)"
188.40.116.74 - - [18/Mar/2014:07:54:40 +0100] "GET /lexikon.php?cs_go=3&cs_id=65 HTTP/1.1" 200 6170 "http://www.mink-gmbh.de/lexikon.php?cs_go=2&cs_char=f" "Opera/9.20 (Windows NT 6.0; U; de)"
188.40.116.74 - - [18/Mar/2014:07:54:40 +0100] "GET /lexikon.php?cs_go=3&cs_id=71 HTTP/1.1" 200 6685 "http://www.mink-gmbh.de/lexikon.php?cs_go=3&cs_id=65" "Opera/9.20 (Windows NT 6.0; U; de)"
188.40.116.74 - - [18/Mar/2014:07:54:40 +0100] "GET /kontakt.php HTTP/1.1" 200 6966 "http://www.mink-gmbh.de/lexikon.php?cs_go=3&cs_id=71" "Opera/9.20 (Windows NT 6.0; U; de)"
188.40.116.74 - - [18/Mar/2014:07:54:40 +0100] "GET /optiplus.php HTTP/1.1" 404 5342 "http://www.mink-gmbh.de/kontakt.php" "Opera/9.20 (Windows NT 6.0; U; de)"
188.40.116.74 - - [18/Mar/2014:07:54:40 +0100] "GET /schwefelarmstandard.php HTTP/1.1" 200 10730 "http://www.mink-gmbh.de/kontakt.php" "Opera/9.20 (Windows NT 6.0; U; de)"
188.40.116.74 - - [18/Mar/2014:07:54:41 +0100] "GET /lexikon.php?cs_go=3&cs_id=72 HTTP/1.1" 200 6964 "http://www.mink-gmbh.de/schwefelarmstandard.php" "Opera/9.20 (Windows NT 6.0; U; de)"
188.40.116.74 - - [18/Mar/2014:07:54:41 +0100] "GET /kwk.php HTTP/1.1" 200 8447 "http://www.mink-gmbh.de/lexikon.php?cs_go=3&cs_id=72" "Opera/9.20 (Windows NT 6.0; U; de)"
188.40.116.74 - - [18/Mar/2014:07:54:41 +0100] "GET /kwk.php?cs_go=1 HTTP/1.1" 200 8447 "http://www.mink-gmbh.de/kwk.php" "Opera/9.20 (Windows NT 6.0; U; de)"
188.40.116.74 - - [18/Mar/2014:07:54:41 +0100] "GET /lexikon.php?cs_go=2&cs_char=r HTTP/1.1" 200 7296 "http://www.mink-gmbh.de/kwk.php?cs_go=1" "Opera/9.20 (Windows NT 6.0; U; de)"
188.40.116.74 - - [18/Mar/2014:07:54:42 +0100] "GET /lexikon.php?cs_go=3&cs_id=173 HTTP/1.1" 200 6223 "http://www.mink-gmbh.de/lexikon.php?cs_go=2&cs_char=r" "Opera/9.20 (Windows NT 6.0; U; de)"
188.40.116.74 - - [18/Mar/2014:07:54:42 +0100] "GET /lexikon.php?cs_go=3&cs_id=182 HTTP/1.1" 200 5974 "http://www.mink-gmbh.de/lexikon.php?cs_go=3&cs_id=173" "Opera/9.20 (Windows NT 6.0; U; de)"
188.40.116.74 - - [18/Mar/2014:07:54:42 +0100] "GET /lexikon.php?cs_go=3&cs_id=82 HTTP/1.1" 200 5953 "http://www.mink-gmbh.de/lexikon.php?cs_go=3&cs_id=182" "Opera/9.20 (Windows NT 6.0; U; de)"
188.40.116.74 - - [18/Mar/2014:07:54:42 +0100] "GET /lexikon.php?cs_go=3&cs_id=167 HTTP/1.1" 200 5566 "http://www.mink-gmbh.de/lexikon.php?cs_go=3&cs_id=82" "Opera/9.20 (Windows NT 6.0; U; de)"
188.40.116.74 - - [18/Mar/2014:07:54:43 +0100] "GET /lexikon.php?cs_go=3&cs_id=76 HTTP/1.1" 200 6087 "http://www.mink-gmbh.de/lexikon.php?cs_go=3&cs_id=167" "Opera/9.20 (Windows NT 6.0; U; de)"
188.40.116.74 - - [18/Mar/2014:07:54:43 +0100] "GET /lexikon.php?cs_go=2&cs_char=a HTTP/1.1" 200 7367 "http://www.mink-gmbh.de/lexikon.php?cs_go=3&cs_id=76" "Opera/9.20 (Windows NT 6.0; U; de)"
188.40.116.74 - - [18/Mar/2014:07:54:43 +0100] "GET /lexikon.php?cs_go=3&cs_id=3 HTTP/1.1" 200 6049 "http://www.mink-gmbh.de/lexikon.php?cs_go=2&cs_char=a" "Opera/9.20 (Windows NT 6.0; U; de)"
188.40.116.74 - - [18/Mar/2014:07:54:43 +0100] "GET /lexikon.php?cs_go=3&cs_id=178 HTTP/1.1" 200 6037 "http://www.mink-gmbh.de/lexikon.php?cs_go=3&cs_id=3" "Opera/9.20 (Windows NT 6.0; U; de)"
188.40.116.74 - - [18/Mar/2014:07:54:43 +0100] "GET /lexikon.php?cs_go=3&cs_id=84 HTTP/1.1" 200 5919 "http://www.mink-gmbh.de/lexikon.php?cs_go=3&cs_id=178" "Opera/9.20 (Windows NT 6.0; U; de)"
188.40.116.74 - - [18/Mar/2014:07:54:44 +0100] "GET /lexikon.php?cs_go=3&cs_id=88 HTTP/1.1" 200 6380 "http://www.mink-gmbh.de/lexikon.php?cs_go=3&cs_id=84" "Opera/9.20 (Windows NT 6.0; U; de)"
188.40.116.74 - - [18/Mar/2014:07:54:44 +0100] "GET /lexikon.php?cs_go=3&cs_id=10 HTTP/1.1" 200 6158 "http://www.mink-gmbh.de/lexikon.php?cs_go=3&cs_id=88" "Opera/9.20 (Windows NT 6.0; U; de)"
188.40.116.74 - - [18/Mar/2014:07:54:44 +0100] "GET /lexikon.php?cs_go=3&cs_id=17 HTTP/1.1" 200 6025 "http://www.mink-gmbh.de/lexikon.php?cs_go=3&cs_id=10" "Opera/9.20 (Windows NT 6.0; U; de)"
188.40.116.74 - - [18/Mar/2014:07:54:44 +0100] "GET /faq.php HTTP/1.1" 200 216832 "http://www.mink-gmbh.de/lexikon.php?cs_go=3&cs_id=17" "Opera/9.20 (Windows NT 6.0; U; de)"
188.40.116.74 - - [18/Mar/2014:07:54:45 +0100] "GET /lexikon.php?cs_go=3&cs_id=11 HTTP/1.1" 200 5809 "http://www.mink-gmbh.de/faq.php" "Opera/9.20 (Windows NT 6.0; U; de)"
188.40.116.74 - - [18/Mar/2014:07:54:45 +0100] "GET /lexikon.php?cs_go=3&cs_id=175 HTTP/1.1" 200 5745 "http://www.mink-gmbh.de/lexikon.php?cs_go=3&cs_id=11" "Opera/9.20 (Windows NT 6.0; U; de)"
188.40.116.74 - - [18/Mar/2014:07:54:45 +0100] "GET /lexikon.php?cs_go=3&cs_id=4 HTTP/1.1" 200 5753 "http://www.mink-gmbh.de/lexikon.php?cs_go=3&cs_id=175" "Opera/9.20 (Windows NT 6.0; U; de)"
188.40.116.74 - - [18/Mar/2014:07:54:46 +0100] "GET /lexikon.php?cs_go=3&cs_id=172 HTTP/1.1" 200 5970 "http://www.mink-gmbh.de/lexikon.php?cs_go=3&cs_id=4" "Opera/9.20 (Windows NT 6.0; U; de)"
188.40.116.74 - - [18/Mar/2014:07:54:46 +0100] "GET /news.php?cs_go=archiv&cs_id=5029 HTTP/1.1" 200 11380 "http://www.mink-gmbh.de/lexikon.php?cs_go=3&cs_id=172" "Opera/9.20 (Windows NT 6.0; U; de)"
188.40.116.74 - - [18/Mar/2014:07:54:46 +0100] "GET /lexikon.php?cs_go=2&cs_char=e HTTP/1.1" 200 6643 "http://www.mink-gmbh.de/news.php?cs_go=archiv&cs_id=5029" "Opera/9.20 (Windows NT 6.0; U; de)"
188.40.116.74 - - [18/Mar/2014:07:54:46 +0100] "GET /lexikon.php?cs_go=3&cs_id=57 HTTP/1.1" 200 7641 "http://www.mink-gmbh.de/lexikon.php?cs_go=2&cs_char=e" "Opera/9.20 (Windows NT 6.0; U; de)"
188.40.116.74 - - [18/Mar/2014:07:54:48 +0100] "GET /lexikon.php?cs_go=3&cs_id=58 HTTP/1.1" 200 8395 "http://www.mink-gmbh.de/lexikon.php?cs_go=3&cs_id=57" "Opera/9.20 (Windows NT 6.0; U; de)"
188.40.116.74 - - [18/Mar/2014:07:54:48 +0100] "GET /lexikon.php?cs_go=3&cs_id=63 HTTP/1.1" 200 5926 "http://www.mink-gmbh.de/lexikon.php?cs_go=3&cs_id=58" "Opera/9.20 (Windows NT 6.0; U; de)"
188.40.116.74 - - [18/Mar/2014:07:54:48 +0100] "GET /lexikon.php?cs_go=3&cs_id=15 HTTP/1.1" 200 5641 "http://www.mink-gmbh.de/lexikon.php?cs_go=3&cs_id=63" "Opera/9.20 (Windows NT 6.0; U; de)"
188.40.116.74 - - [18/Mar/2014:07:54:48 +0100] "GET /lexikon.php?cs_go=2&cs_char=i HTTP/1.1" 200 5966 "http://www.mink-gmbh.de/lexikon.php?cs_go=3&cs_id=15" "Opera/9.20 (Windows NT 6.0; U; de)"
188.40.116.74 - - [18/Mar/2014:07:54:49 +0100] "GET /lexikon.php?cs_go=3&cs_id=97 HTTP/1.1" 200 9039 "http://www.mink-gmbh.de/lexikon.php?cs_go=2&cs_char=i" "Opera/9.20 (Windows NT 6.0; U; de)"
188.40.116.74 - - [18/Mar/2014:07:54:49 +0100] "GET /diesel.php HTTP/1.1" 200 8192 "http://www.mink-gmbh.de/lexikon.php?cs_go=3&cs_id=97" "Opera/9.20 (Windows NT 6.0; U; de)"
188.40.116.74 - - [18/Mar/2014:07:54:49 +0100] "GET /lexikon.php?cs_go=3&cs_id=176 HTTP/1.1" 200 5851 "http://www.mink-gmbh.de/diesel.php" "Opera/9.20 (Windows NT 6.0; U; de)"
188.40.116.74 - - [18/Mar/2014:07:54:49 +0100] "GET /lexikon.php?cs_go=3&cs_id=7 HTTP/1.1" 200 6095 "http://www.mink-gmbh.de/lexikon.php?cs_go=3&cs_id=176" "Opera/9.20 (Windows NT 6.0; U; de)"
188.40.116.74 - - [18/Mar/2014:07:54:50 +0100] "GET /lexikon.php?cs_go=3&cs_id=67 HTTP/1.1" 200 6190 "http://www.mink-gmbh.de/lexikon.php?cs_go=3&cs_id=7" "Opera/9.20 (Windows NT 6.0; U; de)"
188.40.116.74 - - [18/Mar/2014:07:54:50 +0100] "GET /lexikon.php?cs_go=2&cs_char=c HTTP/1.1" 200 6400 "http://www.mink-gmbh.de/lexikon.php?cs_go=3&cs_id=67" "Opera/9.20 (Windows NT 6.0; U; de)"
188.40.116.74 - - [18/Mar/2014:07:54:50 +0100] "GET /lexikon.php?cs_go=3&cs_id=42 HTTP/1.1" 200 5936 "http://www.mink-gmbh.de/lexikon.php?cs_go=2&cs_char=c" "Opera/9.20 (Windows NT 6.0; U; de)"
188.40.116.74 - - [18/Mar/2014:07:54:50 +0100] "GET /lexikon.php?cs_go=3&cs_id=16 HTTP/1.1" 200 6494 "http://www.mink-gmbh.de/lexikon.php?cs_go=3&cs_id=42" "Opera/9.20 (Windows NT 6.0; U; de)"
188.40.116.74 - - [18/Mar/2014:07:54:51 +0100] "GET /lexikon.php?cs_go=3&cs_id=85 HTTP/1.1" 200 6182 "http://www.mink-gmbh.de/lexikon.php?cs_go=3&cs_id=16" "Opera/9.20 (Windows NT 6.0; U; de)"
188.40.116.74 - - [18/Mar/2014:07:54:51 +0100] "GET /rueckrufservice.php HTTP/1.1" 200 8300 "http://www.mink-gmbh.de/lexikon.php?cs_go=3&cs_id=85" "Opera/9.20 (Windows NT 6.0; U; de)"
188.40.116.74 - - [18/Mar/2014:07:54:51 +0100] "GET /lexikon.php?cs_go=3&cs_id=41 HTTP/1.1" 200 5917 "http://www.mink-gmbh.de/rueckrufservice.php" "Opera/9.20 (Windows NT 6.0; U; de)"
188.40.116.74 - - [18/Mar/2014:07:54:51 +0100] "GET /kwk.php?cs_go=2 HTTP/1.1" 200 9418 "http://www.mink-gmbh.de/lexikon.php?cs_go=3&cs_id=41" "Opera/9.20 (Windows NT 6.0; U; de)"
188.40.116.74 - - [18/Mar/2014:07:54:52 +0100] "GET /lexikon.php?cs_go=3&cs_id=87 HTTP/1.1" 200 5905 "http://www.mink-gmbh.de/kwk.php?cs_go=2" "Opera/9.20 (Windows NT 6.0; U; de)"
188.40.116.74 - - [18/Mar/2014:07:54:52 +0100] "GET /lexikon.php?cs_go=3&cs_id=2 HTTP/1.1" 200 5988 "http://www.mink-gmbh.de/lexikon.php?cs_go=3&cs_id=87" "Opera/9.20 (Windows NT 6.0; U; de)"
188.40.116.74 - - [18/Mar/2014:07:54:52 +0100] "GET /lexikon.php?cs_go=3&cs_id=73 HTTP/1.1" 200 7191 "http://www.mink-gmbh.de/lexikon.php?cs_go=3&cs_id=2" "Opera/9.20 (Windows NT 6.0; U; de)"
188.40.116.74 - - [18/Mar/2014:07:54:52 +0100] "GET /lexikon.php?cs_go=3&cs_id=169 HTTP/1.1" 200 5599 "http://www.mink-gmbh.de/lexikon.php?cs_go=3&cs_id=73" "Opera/9.20 (Windows NT 6.0; U; de)"
188.40.116.74 - - [18/Mar/2014:07:54:52 +0100] "GET /lexikon.php?cs_go=3&cs_id=78 HTTP/1.1" 200 5822 "http://www.mink-gmbh.de/lexikon.php?cs_go=3&cs_id=169" "Opera/9.20 (Windows NT 6.0; U; de)"
188.40.116.74 - - [18/Mar/2014:07:54:53 +0100] "GET /lexikon.php?cs_go=3&cs_id=89 HTTP/1.1" 200 5959 "http://www.mink-gmbh.de/lexikon.php?cs_go=3&cs_id=78" "Opera/9.20 (Windows NT 6.0; U; de)"
188.40.116.74 - - [18/Mar/2014:07:54:53 +0100] "GET /lexikon.php?cs_go=3&cs_id=68 HTTP/1.1" 200 6064 "http://www.mink-gmbh.de/lexikon.php?cs_go=3&cs_id=89" "Opera/9.20 (Windows NT 6.0; U; de)"
188.40.116.74 - - [18/Mar/2014:07:54:53 +0100] "GET /lexikon.php?cs_go=3&cs_id=99 HTTP/1.1" 200 7064 "http://www.mink-gmbh.de/lexikon.php?cs_go=3&cs_id=68" "Opera/9.20 (Windows NT 6.0; U; de)"
188.40.116.74 - - [18/Mar/2014:07:54:53 +0100] "GET /index.php HTTP/1.1" 200 13306 "http://www.mink-gmbh.de/lexikon.php?cs_go=3&cs_id=99" "Opera/9.20 (Windows NT 6.0; U; de)"
188.40.116.74 - - [18/Mar/2014:07:54:54 +0100] "GET /images/RAL_Guetezeichen_Energiehandel.pdf HTTP/1.1" 200 288367 "http://www.mink-gmbh.de/index.php" "Opera/9.20 (Windows NT 6.0; U; de)"
188.40.116.74 - - [18/Mar/2014:07:54:54 +0100] "GET /lexikon.php?cs_go=3&cs_id=12 HTTP/1.1" 200 6135 "http://www.mink-gmbh.de/images/RAL_Guetezeichen_Energiehandel.pdf" "Opera/9.20 (Windows NT 6.0; U; de)"
188.40.116.74 - - [18/Mar/2014:07:54:54 +0100] "GET /kwk.php?cs_go=3 HTTP/1.1" 200 7848 "http://www.mink-gmbh.de/lexikon.php?cs_go=3&cs_id=12" "Opera/9.20 (Windows NT 6.0; U; de)"
188.40.116.74 - - [18/Mar/2014:07:54:55 +0100] "GET /ansprechpartner.php HTTP/1.1" 404 5342 "http://www.mink-gmbh.de/kwk.php?cs_go=3" "Opera/9.20 (Windows NT 6.0; U; de)"
188.40.116.74 - - [18/Mar/2014:07:54:55 +0100] "GET /lexikon.php?cs_go=3&cs_id=39 HTTP/1.1" 200 5921 "http://www.mink-gmbh.de/kwk.php?cs_go=3" "Opera/9.20 (Windows NT 6.0; U; de)"
188.40.116.74 - - [18/Mar/2014:07:54:55 +0100] "GET /news.php?cs_go=archiv HTTP/1.1" 200 19806 "http://www.mink-gmbh.de/lexikon.php?cs_go=3&cs_id=39" "Opera/9.20 (Windows NT 6.0; U; de)"
188.40.116.74 - - [18/Mar/2014:07:54:55 +0100] "GET /news.php?cs_go=archiv&cs_startpos=10 HTTP/1.1" 200 19845 "http://www.mink-gmbh.de/news.php?cs_go=archiv" "Opera/9.20 (Windows NT 6.0; U; de)"
188.40.116.74 - - [18/Mar/2014:07:54:56 +0100] "GET /news.php?cs_go=archiv&cs_search=&cs_id=5007 HTTP/1.1" 200 7472 "http://www.mink-gmbh.de/news.php?cs_go=archiv&cs_startpos=10" "Opera/9.20 (Windows NT 6.0; U; de)"
188.40.116.74 - - [18/Mar/2014:07:54:56 +0100] "GET /news.php?cs_go=archiv&cs_search=&cs_id=5004 HTTP/1.1" 200 7052 "http://www.mink-gmbh.de/news.php?cs_go=archiv&cs_search=&cs_id=5007" "Opera/9.20 (Windows NT 6.0; U; de)"
188.40.116.74 - - [18/Mar/2014:07:54:56 +0100] "GET /news.php?cs_go=archiv&cs_search=&cs_id=5013 HTTP/1.1" 200 7462 "http://www.mink-gmbh.de/news.php?cs_go=archiv&cs_search=&cs_id=5004" "Opera/9.20 (Windows NT 6.0; U; de)"
188.40.116.74 - - [18/Mar/2014:07:54:57 +0100] "GET /news.php?cs_go=archiv&cs_search=&cs_id=5011 HTTP/1.1" 200 8311 "http://www.mink-gmbh.de/news.php?cs_go=archiv&cs_search=&cs_id=5013" "Opera/9.20 (Windows NT 6.0; U; de)"
188.40.116.74 - - [18/Mar/2014:07:54:57 +0100] "GET /news.php?cs_go=archiv&cs_startpos=30 HTTP/1.1" 200 20357 "http://www.mink-gmbh.de/news.php?cs_go=archiv&cs_search=&cs_id=5011" "Opera/9.20 (Windows NT 6.0; U; de)"
188.40.116.74 - - [18/Mar/2014:07:54:57 +0100] "GET /news.php?cs_go=archiv&cs_search=&cs_id=4924 HTTP/1.1" 200 11189 "http://www.mink-gmbh.de/news.php?cs_go=archiv&cs_startpos=30" "Opera/9.20 (Windows NT 6.0; U; de)"
188.40.116.74 - - [18/Mar/2014:07:54:57 +0100] "GET /news.php?cs_go=archiv&cs_search=&cs_id=5002 HTTP/1.1" 200 11301 "http://www.mink-gmbh.de/news.php?cs_go=archiv&cs_search=&cs_id=4924" "Opera/9.20 (Windows NT 6.0; U; de)"
188.40.116.74 - - [18/Mar/2014:07:54:58 +0100] "GET /news.php?cs_go=archiv&cs_search=&cs_id=5014 HTTP/1.1" 200 8036 "http://www.mink-gmbh.de/news.php?cs_go=archiv&cs_search=&cs_id=5002" "Opera/9.20 (Windows NT 6.0; U; de)"
188.40.116.74 - - [18/Mar/2014:07:54:58 +0100] "GET /news.php?cs_go=archiv&cs_search=&cs_id=4934 HTTP/1.1" 200 11688 "http://www.mink-gmbh.de/news.php?cs_go=archiv&cs_search=&cs_id=5014" "Opera/9.20 (Windows NT 6.0; U; de)"
188.40.116.74 - - [18/Mar/2014:07:54:58 +0100] "GET /lexikon.php?cs_go=3&cs_id=14 HTTP/1.1" 200 6146 "http://www.mink-gmbh.de/news.php?cs_go=archiv&cs_search=&cs_id=4934" "Opera/9.20 (Windows NT 6.0; U; de)"
188.40.116.74 - - [18/Mar/2014:07:54:58 +0100] "GET /lexikon.php?cs_go=3&cs_id=74 HTTP/1.1" 200 6233 "http://www.mink-gmbh.de/lexikon.php?cs_go=3&cs_id=14" "Opera/9.20 (Windows NT 6.0; U; de)"
188.40.116.74 - - [18/Mar/2014:07:54:59 +0100] "GET /news.php?cs_go=archiv&cs_search=&cs_id=4929 HTTP/1.1" 200 11139 "http://www.mink-gmbh.de/lexikon.php?cs_go=3&cs_id=74" "Opera/9.20 (Windows NT 6.0; U; de)"
188.40.116.74 - - [18/Mar/2014:07:54:59 +0100] "GET /news.php?cs_go=archiv&cs_search=&cs_id=5017 HTTP/1.1" 200 7563 "http://www.mink-gmbh.de/news.php?cs_go=archiv&cs_search=&cs_id=4929" "Opera/9.20 (Windows NT 6.0; U; de)"
188.40.116.74 - - [18/Mar/2014:07:54:59 +0100] "GET /lexikon.php?cs_go=2&cs_char=w HTTP/1.1" 200 6151 "http://www.mink-gmbh.de/news.php?cs_go=archiv&cs_search=&cs_id=5017" "Opera/9.20 (Windows NT 6.0; U; de)"
188.40.116.74 - - [18/Mar/2014:07:54:59 +0100] "GET /lexikon.php?cs_go=3&cs_id=229 HTTP/1.1" 200 5560 "http://www.mink-gmbh.de/lexikon.php?cs_go=2&cs_char=w" "Opera/9.20 (Windows NT 6.0; U; de)"
188.40.116.74 - - [18/Mar/2014:07:55:00 +0100] "GET /news.php?cs_go=archiv&cs_startpos=70 HTTP/1.1" 200 20219 "http://www.mink-gmbh.de/lexikon.php?cs_go=3&cs_id=229" "Opera/9.20 (Windows NT 6.0; U; de)"
188.40.116.74 - - [18/Mar/2014:07:55:00 +0100] "GET /news.php?cs_go=archiv&cs_search=&cs_id=4880 HTTP/1.1" 200 10096 "http://www.mink-gmbh.de/news.php?cs_go=archiv&cs_startpos=70" "Opera/9.20 (Windows NT 6.0; U; de)"
188.40.116.74 - - [18/Mar/2014:07:55:00 +0100] "GET /news.php?cs_go=archiv&cs_search=&cs_id=4881 HTTP/1.1" 200 8009 "http://www.mink-gmbh.de/news.php?cs_go=archiv&cs_search=&cs_id=4880" "Opera/9.20 (Windows NT 6.0; U; de)"
188.40.116.74 - - [18/Mar/2014:07:55:01 +0100] "GET /news.php?cs_go=archiv&cs_startpos=110 HTTP/1.1" 200 20293 "http://www.mink-gmbh.de/news.php?cs_go=archiv&cs_search=&cs_id=4881" "Opera/9.20 (Windows NT 6.0; U; de)"
188.40.116.74 - - [18/Mar/2014:07:55:01 +0100] "GET /news.php?cs_go=archiv&cs_search=&cs_id=4847 HTTP/1.1" 200 8381 "http://www.mink-gmbh.de/news.php?cs_go=archiv&cs_startpos=110" "Opera/9.20 (Windows NT 6.0; U; de)"
188.40.116.74 - - [18/Mar/2014:07:55:01 +0100] "GET /news.php?cs_go=archiv&cs_search=&cs_id=4858 HTTP/1.1" 200 7446 "http://www.mink-gmbh.de/news.php?cs_go=archiv&cs_search=&cs_id=4847" "Opera/9.20 (Windows NT 6.0; U; de)"
188.40.116.74 - - [18/Mar/2014:07:55:01 +0100] "GET /news.php?cs_go=archiv&cs_search=&cs_id=4846 HTTP/1.1" 200 7568 "http://www.mink-gmbh.de/news.php?cs_go=archiv&cs_search=&cs_id=4858" "Opera/9.20 (Windows NT 6.0; U; de)"
188.40.116.74 - - [18/Mar/2014:07:55:02 +0100] "GET /news.php?cs_go=archiv&cs_search=&cs_id=4854 HTTP/1.1" 200 8036 "http://www.mink-gmbh.de/news.php?cs_go=archiv&cs_search=&cs_id=4846" "Opera/9.20 (Windows NT 6.0; U; de)"
188.40.116.74 - - [18/Mar/2014:07:55:02 +0100] "GET /news.php?cs_go=archiv&cs_search=&cs_id=4820 HTTP/1.1" 200 9758 "http://www.mink-gmbh.de/news.php?cs_go=archiv&cs_search=&cs_id=4854" "Opera/9.20 (Windows NT 6.0; U; de)"
188.40.116.74 - - [18/Mar/2014:07:55:02 +0100] "GET /news.php?cs_go=archiv&cs_startpos=150 HTTP/1.1" 200 20269 "http://www.mink-gmbh.de/news.php?cs_go=archiv&cs_search=&cs_id=4820" "Opera/9.20 (Windows NT 6.0; U; de)"
188.40.116.74 - - [18/Mar/2014:07:55:03 +0100] "GET /news.php?cs_go=archiv&cs_search=&cs_id=4794 HTTP/1.1" 200 8522 "http://www.mink-gmbh.de/news.php?cs_go=archiv&cs_startpos=150" "Opera/9.20 (Windows NT 6.0; U; de)"
188.40.116.74 - - [18/Mar/2014:07:55:03 +0100] "GET /news.php?cs_go=archiv&cs_search=&cs_id=4853 HTTP/1.1" 200 7452 "http://www.mink-gmbh.de/news.php?cs_go=archiv&cs_search=&cs_id=4794" "Opera/9.20 (Windows NT 6.0; U; de)"
188.40.116.74 - - [18/Mar/2014:07:55:03 +0100] "GET /news.php?cs_go=archiv&cs_startpos=120 HTTP/1.1" 200 20507 "http://www.mink-gmbh.de/news.php?cs_go=archiv&cs_search=&cs_id=4853" "Opera/9.20 (Windows NT 6.0; U; de)"
188.40.116.74 - - [18/Mar/2014:07:55:04 +0100] "GET /news.php?cs_go=archiv&cs_search=&cs_id=4837 HTTP/1.1" 200 11721 "http://www.mink-gmbh.de/news.php?cs_go=archiv&cs_startpos=120" "Opera/9.20 (Windows NT 6.0; U; de)"
188.40.116.74 - - [18/Mar/2014:07:55:04 +0100] "GET /news.php?cs_go=archiv&cs_search=&cs_id=4839 HTTP/1.1" 200 8042 "http://www.mink-gmbh.de/news.php?cs_go=archiv&cs_search=&cs_id=4837" "Opera/9.20 (Windows NT 6.0; U; de)"
188.40.116.74 - - [18/Mar/2014:07:55:04 +0100] "GET /news.php?cs_go=archiv&cs_search=&cs_id=4843 HTTP/1.1" 200 7551 "http://www.mink-gmbh.de/news.php?cs_go=archiv&cs_search=&cs_id=4839" "Opera/9.20 (Windows NT 6.0; U; de)"
188.40.116.74 - - [18/Mar/2014:07:55:04 +0100] "GET /news.php?cs_go=archiv&cs_search=&cs_id=4887 HTTP/1.1" 200 8279 "http://www.mink-gmbh.de/news.php?cs_go=archiv&cs_search=&cs_id=4843" "Opera/9.20 (Windows NT 6.0; U; de)"
188.40.116.74 - - [18/Mar/2014:07:55:05 +0100] "GET /news.php?cs_go=archiv&cs_search=&cs_id=4829 HTTP/1.1" 200 9791 "http://www.mink-gmbh.de/news.php?cs_go=archiv&cs_search=&cs_id=4887" "Opera/9.20 (Windows NT 6.0; U; de)"
188.40.116.74 - - [18/Mar/2014:07:55:05 +0100] "GET /news.php?cs_go=archiv&cs_search=&cs_id=4808 HTTP/1.1" 200 7514 "http://www.mink-gmbh.de/news.php?cs_go=archiv&cs_search=&cs_id=4829" "Opera/9.20 (Windows NT 6.0; U; de)"
66.249.73.12 - - [18/Mar/2014:08:06:32 +0100] "GET /lexikon.php?cs_go=3&cs_id=99 HTTP/1.1" 200 7064 "-" "Mozilla/5.0 (iPhone; CPU iPhone OS 6_0 like Mac OS X) AppleWebKit/536.26 (KHTML, like Gecko) Version/6.0 Mobile/10A5376e Safari/8536.25 (compatible; Googlebot/2.1; +http://www.google.com/bot.html)"
66.249.65.137 - - [18/Mar/2014:08:14:02 +0100] "GET /lexikon.php?cs_go=3&cs_id=19 HTTP/1.1" 200 7531 "-" "Mozilla/5.0 (iPhone; CPU iPhone OS 6_0 like Mac OS X) AppleWebKit/536.26 (KHTML, like Gecko) Version/6.0 Mobile/10A5376e Safari/8536.25 (compatible; Googlebot/2.1; +http://www.google.com/bot.html)"
66.249.65.201 - - [18/Mar/2014:08:18:18 +0100] "GET /news.php?cs_go=archiv&cs_id=4149 HTTP/1.1" 200 9250 "-" "Mozilla/5.0 (iPhone; CPU iPhone OS 6_0 like Mac OS X) AppleWebKit/536.26 (KHTML, like Gecko) Version/6.0 Mobile/10A5376e Safari/8536.25 (compatible; Googlebot/2.1; +http://www.google.com/bot.html)"
66.249.65.137 - - [18/Mar/2014:08:23:19 +0100] "GET /news.php?cs_go=archiv&cs_id=4794 HTTP/1.1" 200 8522 "-" "Mozilla/5.0 (iPhone; CPU iPhone OS 6_0 like Mac OS X) AppleWebKit/536.26 (KHTML, like Gecko) Version/6.0 Mobile/10A5376e Safari/8536.25 (compatible; Googlebot/2.1; +http://www.google.com/bot.html)"
208.115.111.75 - - [18/Mar/2014:08:28:01 +0100] "GET /lexikon.php HTTP/1.1" 200 8115 "-" "Mozilla/5.0 (compatible; Ezooms/1.0; help@moz.com)"
66.249.65.201 - - [18/Mar/2014:08:36:34 +0100] "GET /news.php?cs_go=archiv&cs_id=3985 HTTP/1.1" 200 7366 "-" "Mozilla/5.0 (compatible; Googlebot/2.1; +http://www.google.com/bot.html)"
208.115.113.91 - - [18/Mar/2014:08:51:05 +0100] "GET /robots.txt HTTP/1.1" 200 177 "-" "Mozilla/5.0 (compatible; Ezooms/1.0; help@moz.com)"
157.173.238.41 - - [18/Mar/2014:08:54:30 +0100] "GET /news.php?cs_go=archiv&cs_id=4148 HTTP/1.1" 200 9873 "http://www.google.de/url?sa=t&rct=j&q=&esrc=s&frm=1&source=web&cd=3&ved=0CDcQFjAC&url=http%3A%2F%2Fwww.mink-gmbh.de%2Fnews.php%3Fcs_go%3Darchiv%26cs_id%3D4148&ei=qPsnU_7gCILT7AaSjoH4DA&usg=AFQjCNG2ik0iT0zxuvkKGzhdCjNCl-4nBQ" "Mozilla/5.0 (compatible; MSIE 9.0; Windows NT 6.1; Win64; x64; Trident/5.0)"
157.173.238.41 - - [18/Mar/2014:08:54:30 +0100] "GET /style.css HTTP/1.1" 200 8402 "http://www.mink-gmbh.de/news.php?cs_go=archiv&cs_id=4148" "Mozilla/5.0 (compatible; MSIE 9.0; Windows NT 6.1; Win64; x64; Trident/5.0)"
157.173.238.41 - - [18/Mar/2014:08:54:30 +0100] "GET /modul.css HTTP/1.1" 200 35038 "http://www.mink-gmbh.de/news.php?cs_go=archiv&cs_id=4148" "Mozilla/5.0 (compatible; MSIE 9.0; Windows NT 6.1; Win64; x64; Trident/5.0)"
157.173.238.41 - - [18/Mar/2014:08:54:31 +0100] "GET /images/kwk.gif HTTP/1.1" 200 6403 "http://www.mink-gmbh.de/news.php?cs_go=archiv&cs_id=4148" "Mozilla/5.0 (compatible; MSIE 9.0; Windows NT 6.1; Win64; x64; Trident/5.0)"
157.173.238.41 - - [18/Mar/2014:08:54:31 +0100] "GET /images/logos.jpg HTTP/1.1" 200 35043 "http://www.mink-gmbh.de/news.php?cs_go=archiv&cs_id=4148" "Mozilla/5.0 (compatible; MSIE 9.0; Windows NT 6.1; Win64; x64; Trident/5.0)"
157.173.238.41 - - [18/Mar/2014:08:54:31 +0100] "GET /images/wunschpreis.jpg HTTP/1.1" 200 16767 "http://www.mink-gmbh.de/news.php?cs_go=archiv&cs_id=4148" "Mozilla/5.0 (compatible; MSIE 9.0; Windows NT 6.1; Win64; x64; Trident/5.0)"
157.173.238.41 - - [18/Mar/2014:08:54:31 +0100] "GET /images/freecall.jpg HTTP/1.1" 200 39195 "http://www.mink-gmbh.de/news.php?cs_go=archiv&cs_id=4148" "Mozilla/5.0 (compatible; MSIE 9.0; Windows NT 6.1; Win64; x64; Trident/5.0)"
157.173.238.41 - - [18/Mar/2014:08:54:31 +0100] "GET /images/bg.png HTTP/1.1" 200 922 "http://www.mink-gmbh.de/news.php?cs_go=archiv&cs_id=4148" "Mozilla/5.0 (compatible; MSIE 9.0; Windows NT 6.1; Win64; x64; Trident/5.0)"
157.173.238.41 - - [18/Mar/2014:08:54:31 +0100] "GET /images/header.jpg HTTP/1.1" 200 25189 "http://www.mink-gmbh.de/news.php?cs_go=archiv&cs_id=4148" "Mozilla/5.0 (compatible; MSIE 9.0; Windows NT 6.1; Win64; x64; Trident/5.0)"
157.173.238.41 - - [18/Mar/2014:08:54:31 +0100] "GET /images/newsletter.png HTTP/1.1" 200 14619 "http://www.mink-gmbh.de/news.php?cs_go=archiv&cs_id=4148" "Mozilla/5.0 (compatible; MSIE 9.0; Windows NT 6.1; Win64; x64; Trident/5.0)"
