188.138.41.207 - - [13/Mar/2014:13:11:39 +0100] "GET /style.css HTTP/1.1" 200 8402 "http://www.mink-gmbh.de/news.php?cs_go=archiv&cs_startpos=21" "Mozilla/5.0 (Windows NT 6.1; rv:17.0) Gecko/20100101 Firefox/17.0"
188.138.41.207 - - [13/Mar/2014:13:11:40 +0100] "GET /modul.css HTTP/1.1" 200 35038 "http://www.mink-gmbh.de/news.php?cs_go=archiv&cs_startpos=21" "Mozilla/5.0 (Windows NT 6.1; rv:17.0) Gecko/20100101 Firefox/17.0"
188.138.41.207 - - [13/Mar/2014:13:11:42 +0100] "GET /news.php?cs_go=archiv&cs_startpos=11 HTTP/1.1" 200 20030 "-" "Mozilla/5.0 (Windows NT 6.1; rv:17.0) Gecko/20100101 Firefox/17.0"
188.138.41.207 - - [13/Mar/2014:13:11:44 +0100] "GET /style.css HTTP/1.1" 200 8402 "http://www.mink-gmbh.de/news.php?cs_go=archiv&cs_startpos=11" "Mozilla/5.0 (Windows NT 6.1; rv:17.0) Gecko/20100101 Firefox/17.0"
188.138.41.207 - - [13/Mar/2014:13:11:44 +0100] "GET /modul.css HTTP/1.1" 200 35038 "http://www.mink-gmbh.de/news.php?cs_go=archiv&cs_startpos=11" "Mozilla/5.0 (Windows NT 6.1; rv:17.0) Gecko/20100101 Firefox/17.0"
188.138.41.207 - - [13/Mar/2014:13:11:46 +0100] "GET /news.php?cs_go=archiv&cs_startpos=1 HTTP/1.1" 200 19807 "-" "Mozilla/5.0 (Windows NT 6.1; rv:17.0) Gecko/20100101 Firefox/17.0"
188.138.41.207 - - [13/Mar/2014:13:11:47 +0100] "GET /style.css HTTP/1.1" 200 8402 "http://www.mink-gmbh.de/news.php?cs_go=archiv&cs_startpos=1" "Mozilla/5.0 (Windows NT 6.1; rv:17.0) Gecko/20100101 Firefox/17.0"
188.138.41.207 - - [13/Mar/2014:13:11:48 +0100] "GET /modul.css HTTP/1.1" 200 35038 "http://www.mink-gmbh.de/news.php?cs_go=archiv&cs_startpos=1" "Mozilla/5.0 (Windows NT 6.1; rv:17.0) Gecko/20100101 Firefox/17.0"
157.55.32.147 - - [13/Mar/2014:13:24:41 +0100] "GET /impressum.php HTTP/1.1" 200 6306 "-" "Mozilla/5.0 (compatible; bingbot/2.0; +http://www.bing.com/bingbot.htm)"
157.55.32.114 - - [13/Mar/2014:13:25:24 +0100] "GET /kwk.php HTTP/1.1" 200 8447 "-" "Mozilla/5.0 (compatible; bingbot/2.0; +http://www.bing.com/bingbot.htm)"
157.55.32.236 - - [13/Mar/2014:13:47:24 +0100] "GET /modul.css HTTP/1.1" 200 35038 "-" "Mozilla/5.0 (compatible; bingbot/2.0; +http://www.bing.com/bingbot.htm)"
66.249.65.137 - - [13/Mar/2014:13:47:58 +0100] "GET /news.php?cs_go=archiv&cs_id=4175&cs_search= HTTP/1.1" 200 8543 "-" "Mozilla/5.0 (iPhone; CPU iPhone OS 6_0 like Mac OS X) AppleWebKit/536.26 (KHTML, like Gecko) Version/6.0 Mobile/10A5376e Safari/8536.25 (compatible; Googlebot/2.1; +http://www.google.com/bot.html)"
5.10.83.11 - - [13/Mar/2014:13:56:10 +0100] "GET /.php HTTP/1.1" 404 5342 "-" "Mozilla/5.0 (compatible; AhrefsBot/5.0; +http://ahrefs.com/robot/)"
157.55.32.236 - - [13/Mar/2014:14:04:02 +0100] "GET /impressum.php HTTP/1.1" 200 6306 "-" "Mozilla/5.0 (compatible; bingbot/2.0; +http://www.bing.com/bingbot.htm)"
5.10.83.11 - - [13/Mar/2014:14:05:16 +0100] "GET /news.php?cs_go=archiv&cs_id=4947&cs_search= HTTP/1.1" 200 7926 "-" "Mozilla/5.0 (compatible; AhrefsBot/5.0; +http://ahrefs.com/robot/)"
66.249.65.169 - - [13/Mar/2014:14:05:54 +0100] "GET /news.php?cs_go=archiv&cs_id=4051 HTTP/1.1" 200 11029 "-" "Mozilla/5.0 (iPhone; CPU iPhone OS 6_0 like Mac OS X) AppleWebKit/536.26 (KHTML, like Gecko) Version/6.0 Mobile/10A5376e Safari/8536.25 (compatible; Googlebot/2.1; +http://www.google.com/bot.html)"
82.94.179.38 - - [13/Mar/2014:14:11:28 +0100] "GET /robots.txt HTTP/1.0" 200 177 "-" "Mozilla/4.0 (compatible; Freshbot/1.0/EU; http://webagent.wise-guys.nl/)"
82.94.179.38 - - [13/Mar/2014:14:11:28 +0100] "GET / HTTP/1.1" 200 13976 "-" "Mozilla/5.0 (X11; Linux i686; rv:6.0) Gecko/20100101 Firefox/6.0 (Freshbot/1.0/EU; http://webagent.wise-guys.nl/)"
82.94.179.38 - - [13/Mar/2014:14:11:35 +0100] "GET /news.php?cs_go=archiv&cs_id=5016 HTTP/1.1" 200 11206 "-" "Mozilla/5.0 (X11; Linux i686; rv:6.0) Gecko/20100101 Firefox/6.0 (Freshbot/1.0/EU; http://webagent.wise-guys.nl/)"
82.94.179.38 - - [13/Mar/2014:14:11:40 +0100] "GET /news.php?cs_go=archiv&cs_id=5014 HTTP/1.1" 200 8036 "-" "Mozilla/5.0 (X11; Linux i686; rv:6.0) Gecko/20100101 Firefox/6.0 (Freshbot/1.0/EU; http://webagent.wise-guys.nl/)"
82.94.179.38 - - [13/Mar/2014:14:11:45 +0100] "GET /news.php?cs_go=archiv&cs_id=5013 HTTP/1.1" 200 7462 "-" "Mozilla/5.0 (X11; Linux i686; rv:6.0) Gecko/20100101 Firefox/6.0 (Freshbot/1.0/EU; http://webagent.wise-guys.nl/)"
5.10.83.42 - - [13/Mar/2014:14:33:40 +0100] "GET /lexikon.php?cs_go=3&cs_id=203 HTTP/1.1" 200 6374 "-" "Mozilla/5.0 (compatible; AhrefsBot/5.0; +http://ahrefs.com/robot/)"
208.115.111.75 - - [13/Mar/2014:14:41:42 +0100] "GET /robots.txt HTTP/1.1" 200 177 "-" "Mozilla/5.0 (compatible; Ezooms/1.0; help@moz.com)"
66.249.65.137 - - [13/Mar/2014:14:41:58 +0100] "GET /news.php?cs_go=archiv&cs_id=3615&cs_search= HTTP/1.1" 200 10929 "-" "Mozilla/5.0 (iPhone; CPU iPhone OS 6_0 like Mac OS X) AppleWebKit/536.26 (KHTML, like Gecko) Version/6.0 Mobile/10A5376e Safari/8536.25 (compatible; Googlebot/2.1; +http://www.google.com/bot.html)"
81.169.237.207 - - [13/Mar/2014:14:48:34 +0100] "GET / HTTP/1.1" 200 13979 "-" "Cliqzbot/0.1 (+http://cliqz.com/company/cliqzbot)"
5.10.83.71 - - [13/Mar/2014:14:50:12 +0100] "GET /lexikon.php?cs_go=3&cs_id=121 HTTP/1.1" 200 5937 "-" "Mozilla/5.0 (compatible; AhrefsBot/5.0; +http://ahrefs.com/robot/)"
157.55.32.114 - - [13/Mar/2014:14:53:32 +0100] "GET /index.php HTTP/1.1" 200 13979 "-" "Mozilla/5.0 (compatible; bingbot/2.0; +http://www.bing.com/bingbot.htm)"
157.55.32.114 - - [13/Mar/2014:14:54:22 +0100] "GET /js_contentserver24_greybox/gb_styles.css HTTP/1.1" 200 2302 "-" "Mozilla/5.0 (compatible; bingbot/2.0; +http://www.bing.com/bingbot.htm)"
157.55.32.114 - - [13/Mar/2014:14:54:23 +0100] "GET /images/newsletter_bg.jpg HTTP/1.1" 200 33610 "-" "Mozilla/5.0 (compatible; bingbot/2.0; +http://www.bing.com/bingbot.htm)"
157.55.35.87 - - [13/Mar/2014:14:55:01 +0100] "GET /images/close.png HTTP/1.1" 200 703 "-" "Mozilla/5.0 (compatible; bingbot/2.0; +http://www.bing.com/bingbot.htm)"
208.115.113.91 - - [13/Mar/2014:14:56:03 +0100] "GET /news.php?cs_go=archiv&cs_id=4793&cs_search= HTTP/1.1" 200 8491 "-" "Mozilla/5.0 (compatible; Ezooms/1.0; help@moz.com)"
66.249.73.235 - - [13/Mar/2014:15:00:06 +0100] "GET /news.php?cs_go=archiv&cs_id=4567 HTTP/1.1" 200 9128 "-" "Mozilla/5.0 (iPhone; CPU iPhone OS 6_0 like Mac OS X) AppleWebKit/536.26 (KHTML, like Gecko) Version/6.0 Mobile/10A5376e Safari/8536.25 (compatible; Googlebot/2.1; +http://www.google.com/bot.html)"
66.249.65.201 - - [13/Mar/2014:15:01:29 +0100] "GET /jobs.php HTTP/1.1" 200 4965 "-" "SAMSUNG-SGH-E250/1.0 Profile/MIDP-2.0 Configuration/CLDC-1.1 UP.Browser/6.2.3.3.c.1.101 (GUI) MMP/2.0 (compatible; Googlebot-Mobile/2.1; +http://www.google.com/bot.html)"
157.56.92.178 - - [13/Mar/2014:15:07:24 +0100] "GET /js_contentserver24_greybox/AJS_fx.js HTTP/1.1" 200 3192 "-" "Mozilla/5.0 (compatible; bingbot/2.0; +http://www.bing.com/bingbot.htm)"
157.56.92.178 - - [13/Mar/2014:15:07:24 +0100] "GET /js_contentserver24_greybox/AJS.js HTTP/1.1" 200 10396 "-" "Mozilla/5.0 (compatible; bingbot/2.0; +http://www.bing.com/bingbot.htm)"
46.229.166.195 - - [13/Mar/2014:15:14:07 +0100] "GET /style.css HTTP/1.1" 200 8402 "http://www.mink-gmbh.de/" "Mozilla/5.0 (Macintosh; U; Intel Mac OS X 10_6_7; en-US) AppleWebKit/534.16 (KHTML, like Gecko) Chrome/10.0.648.205 Safari/534.16"
46.229.166.195 - - [13/Mar/2014:15:14:07 +0100] "GET /modul.css HTTP/1.1" 200 35038 "http://www.mink-gmbh.de/" "Mozilla/5.0 (Macintosh; U; Intel Mac OS X 10_6_7; en-US) AppleWebKit/534.16 (KHTML, like Gecko) Chrome/10.0.648.205 Safari/534.16"
46.229.166.195 - - [13/Mar/2014:15:14:06 +0100] "GET / HTTP/1.1" 200 13979 "-" "Mozilla/5.0 (Macintosh; U; Intel Mac OS X 10_6_7; en-US) AppleWebKit/534.16 (KHTML, like Gecko) Chrome/10.0.648.205 Safari/534.16"
46.229.166.195 - - [13/Mar/2014:15:14:07 +0100] "GET /images/bg.png HTTP/1.1" 200 922 "http://www.mink-gmbh.de/" "Mozilla/5.0 (Macintosh; U; Intel Mac OS X 10_6_7; en-US) AppleWebKit/534.16 (KHTML, like Gecko) Chrome/10.0.648.205 Safari/534.16"
46.229.166.195 - - [13/Mar/2014:15:14:08 +0100] "GET /js_contentserver24_greybox/gb_styles.css HTTP/1.1" 200 2302 "http://www.mink-gmbh.de/" "Mozilla/5.0 (Macintosh; U; Intel Mac OS X 10_6_7; en-US) AppleWebKit/534.16 (KHTML, like Gecko) Chrome/10.0.648.205 Safari/534.16"
46.229.166.195 - - [13/Mar/2014:15:14:08 +0100] "GET /js_contentserver24_greybox/AJS.js HTTP/1.1" 200 10396 "http://www.mink-gmbh.de/" "Mozilla/5.0 (Macintosh; U; Intel Mac OS X 10_6_7; en-US) AppleWebKit/534.16 (KHTML, like Gecko) Chrome/10.0.648.205 Safari/534.16"
46.229.166.195 - - [13/Mar/2014:15:14:08 +0100] "GET /js_contentserver24_greybox/gb_scripts.js HTTP/1.1" 200 11913 "http://www.mink-gmbh.de/" "Mozilla/5.0 (Macintosh; U; Intel Mac OS X 10_6_7; en-US) AppleWebKit/534.16 (KHTML, like Gecko) Chrome/10.0.648.205 Safari/534.16"
46.229.166.195 - - [13/Mar/2014:15:14:08 +0100] "GET /js_contentserver24_greybox/AJS_fx.js HTTP/1.1" 200 3192 "http://www.mink-gmbh.de/" "Mozilla/5.0 (Macintosh; U; Intel Mac OS X 10_6_7; en-US) AppleWebKit/534.16 (KHTML, like Gecko) Chrome/10.0.648.205 Safari/534.16"
46.229.166.195 - - [13/Mar/2014:15:14:08 +0100] "GET /images/mail.jpg HTTP/1.1" 200 12099 "http://www.mink-gmbh.de/" "Mozilla/5.0 (Macintosh; U; Intel Mac OS X 10_6_7; en-US) AppleWebKit/534.16 (KHTML, like Gecko) Chrome/10.0.648.205 Safari/534.16"
46.229.166.195 - - [13/Mar/2014:15:14:08 +0100] "GET /images/tkw.jpg HTTP/1.1" 200 64031 "http://www.mink-gmbh.de/" "Mozilla/5.0 (Macintosh; U; Intel Mac OS X 10_6_7; en-US) AppleWebKit/534.16 (KHTML, like Gecko) Chrome/10.0.648.205 Safari/534.16"
46.229.166.195 - - [13/Mar/2014:15:14:08 +0100] "GET /images/team-energie.png HTTP/1.1" 200 17383 "http://www.mink-gmbh.de/" "Mozilla/5.0 (Macintosh; U; Intel Mac OS X 10_6_7; en-US) AppleWebKit/534.16 (KHTML, like Gecko) Chrome/10.0.648.205 Safari/534.16"
46.229.166.195 - - [13/Mar/2014:15:14:08 +0100] "GET /images/kwk.gif HTTP/1.1" 200 6403 "http://www.mink-gmbh.de/" "Mozilla/5.0 (Macintosh; U; Intel Mac OS X 10_6_7; en-US) AppleWebKit/534.16 (KHTML, like Gecko) Chrome/10.0.648.205 Safari/534.16"
46.229.166.195 - - [13/Mar/2014:15:14:08 +0100] "GET /images/freecall.jpg HTTP/1.1" 200 39195 "http://www.mink-gmbh.de/" "Mozilla/5.0 (Macintosh; U; Intel Mac OS X 10_6_7; en-US) AppleWebKit/534.16 (KHTML, like Gecko) Chrome/10.0.648.205 Safari/534.16"
46.229.166.195 - - [13/Mar/2014:15:14:08 +0100] "GET /images/wunschpreis.jpg HTTP/1.1" 200 16767 "http://www.mink-gmbh.de/" "Mozilla/5.0 (Macintosh; U; Intel Mac OS X 10_6_7; en-US) AppleWebKit/534.16 (KHTML, like Gecko) Chrome/10.0.648.205 Safari/534.16"
46.229.166.195 - - [13/Mar/2014:15:14:08 +0100] "GET /images/close.png HTTP/1.1" 200 703 "http://www.mink-gmbh.de/" "Mozilla/5.0 (Macintosh; U; Intel Mac OS X 10_6_7; en-US) AppleWebKit/534.16 (KHTML, like Gecko) Chrome/10.0.648.205 Safari/534.16"
46.229.166.195 - - [13/Mar/2014:15:14:08 +0100] "GET /js_contentserver24_greybox/w_close.gif HTTP/1.1" 200 74 "http://www.mink-gmbh.de/" "Mozilla/5.0 (Macintosh; U; Intel Mac OS X 10_6_7; en-US) AppleWebKit/534.16 (KHTML, like Gecko) Chrome/10.0.648.205 Safari/534.16"
46.229.166.195 - - [13/Mar/2014:15:14:08 +0100] "GET /images/newsletter_bg.jpg HTTP/1.1" 200 33610 "http://www.mink-gmbh.de/" "Mozilla/5.0 (Macintosh; U; Intel Mac OS X 10_6_7; en-US) AppleWebKit/534.16 (KHTML, like Gecko) Chrome/10.0.648.205 Safari/534.16"
46.229.166.195 - - [13/Mar/2014:15:14:08 +0100] "GET /images/newsletter.png HTTP/1.1" 200 14619 "http://www.mink-gmbh.de/" "Mozilla/5.0 (Macintosh; U; Intel Mac OS X 10_6_7; en-US) AppleWebKit/534.16 (KHTML, like Gecko) Chrome/10.0.648.205 Safari/534.16"
46.229.166.195 - - [13/Mar/2014:15:14:08 +0100] "GET /images/header.jpg HTTP/1.1" 200 25189 "http://www.mink-gmbh.de/" "Mozilla/5.0 (Macintosh; U; Intel Mac OS X 10_6_7; en-US) AppleWebKit/534.16 (KHTML, like Gecko) Chrome/10.0.648.205 Safari/534.16"
46.229.166.195 - - [13/Mar/2014:15:14:08 +0100] "GET /images/navibg.png HTTP/1.1" 200 2803 "http://www.mink-gmbh.de/" "Mozilla/5.0 (Macintosh; U; Intel Mac OS X 10_6_7; en-US) AppleWebKit/534.16 (KHTML, like Gecko) Chrome/10.0.648.205 Safari/534.16"
46.229.166.195 - - [13/Mar/2014:15:14:08 +0100] "GET /images/fallend.png HTTP/1.1" 200 713 "http://www.mink-gmbh.de/" "Mozilla/5.0 (Macintosh; U; Intel Mac OS X 10_6_7; en-US) AppleWebKit/534.16 (KHTML, like Gecko) Chrome/10.0.648.205 Safari/534.16"
46.229.166.195 - - [13/Mar/2014:15:14:08 +0100] "GET /images/logos.jpg?cache3114 HTTP/1.1" 200 35043 "http://www.mink-gmbh.de/" "Mozilla/5.0 (Macintosh; U; Intel Mac OS X 10_6_7; en-US) AppleWebKit/534.16 (KHTML, like Gecko) Chrome/10.0.648.205 Safari/534.16"
46.229.166.195 - - [13/Mar/2014:15:14:08 +0100] "GET /images/mobil.jpg HTTP/1.1" 200 25293 "http://www.mink-gmbh.de/" "Mozilla/5.0 (Macintosh; U; Intel Mac OS X 10_6_7; en-US) AppleWebKit/534.16 (KHTML, like Gecko) Chrome/10.0.648.205 Safari/534.16"
46.229.166.195 - - [13/Mar/2014:15:14:08 +0100] "GET /images/newsletter.jpg HTTP/1.1" 200 13130 "http://www.mink-gmbh.de/" "Mozilla/5.0 (Macintosh; U; Intel Mac OS X 10_6_7; en-US) AppleWebKit/534.16 (KHTML, like Gecko) Chrome/10.0.648.205 Safari/534.16"
46.229.166.195 - - [13/Mar/2014:15:14:08 +0100] "GET /images/footerbg.jpg HTTP/1.1" 200 2184 "http://www.mink-gmbh.de/" "Mozilla/5.0 (Macintosh; U; Intel Mac OS X 10_6_7; en-US) AppleWebKit/534.16 (KHTML, like Gecko) Chrome/10.0.648.205 Safari/534.16"
46.229.166.195 - - [13/Mar/2014:15:14:08 +0100] "GET /images/wrapperbg.jpg HTTP/1.1" 200 27465 "http://www.mink-gmbh.de/" "Mozilla/5.0 (Macintosh; U; Intel Mac OS X 10_6_7; en-US) AppleWebKit/534.16 (KHTML, like Gecko) Chrome/10.0.648.205 Safari/534.16"
46.229.166.195 - - [13/Mar/2014:15:14:08 +0100] "GET /js_contentserver24_greybox/loader_frame.html?s=0 HTTP/1.1" 200 2084 "http://www.mink-gmbh.de/" "Mozilla/5.0 (Macintosh; U; Intel Mac OS X 10_6_7; en-US) AppleWebKit/534.16 (KHTML, like Gecko) Chrome/10.0.648.205 Safari/534.16"
46.229.166.195 - - [13/Mar/2014:15:14:08 +0100] "GET /js_contentserver24_greybox/header_bg.gif HTTP/1.1" 200 1188 "http://www.mink-gmbh.de/" "Mozilla/5.0 (Macintosh; U; Intel Mac OS X 10_6_7; en-US) AppleWebKit/534.16 (KHTML, like Gecko) Chrome/10.0.648.205 Safari/534.16"
46.229.166.195 - - [13/Mar/2014:15:14:09 +0100] "GET /js_contentserver24_greybox/indicator.gif HTTP/1.1" 200 8238 "http://www.mink-gmbh.de/js_contentserver24_greybox/loader_frame.html?s=0" "Mozilla/5.0 (Macintosh; U; Intel Mac OS X 10_6_7; en-US) AppleWebKit/534.16 (KHTML, like Gecko) Chrome/10.0.648.205 Safari/534.16"
46.229.166.195 - - [13/Mar/2014:15:14:09 +0100] "GET /js_contentserver24_greybox/g_close.gif HTTP/1.1" 200 541 "http://www.mink-gmbh.de/" "Mozilla/5.0 (Macintosh; U; Intel Mac OS X 10_6_7; en-US) AppleWebKit/534.16 (KHTML, like Gecko) Chrome/10.0.648.205 Safari/534.16"
5.10.83.53 - - [13/Mar/2014:15:18:57 +0100] "GET /lexikon.php?cs_go=3&cs_id=229 HTTP/1.1" 200 5560 "-" "Mozilla/5.0 (compatible; AhrefsBot/5.0; +http://ahrefs.com/robot/)"
157.55.33.110 - - [13/Mar/2014:15:19:02 +0100] "GET /style.css HTTP/1.1" 200 8402 "-" "Mozilla/5.0 (compatible; bingbot/2.0; +http://www.bing.com/bingbot.htm)"
157.55.33.110 - - [13/Mar/2014:15:19:03 +0100] "GET /style.css HTTP/1.1" 200 8402 "-" "Mozilla/5.0 (compatible; bingbot/2.0; +http://www.bing.com/bingbot.htm)"
178.77.126.55 - - [13/Mar/2014:15:32:14 +0100] "GET /robots.txt HTTP/1.1" 200 177 "-" "Mozilla/5.0 (compatible; CareerBot/1.1; +http://www.career-x.de/bot.html)"
178.77.126.55 - - [13/Mar/2014:15:32:14 +0100] "GET / HTTP/1.1" 200 13979 "-" "Mozilla/5.0 (compatible; CareerBot/1.1; +http://www.career-x.de/bot.html)"
66.249.73.240 - - [13/Mar/2014:15:33:10 +0100] "GET /news.php?cs_go=archiv&cs_id=4797&cs_search= HTTP/1.1" 200 7509 "-" "Mozilla/5.0 (compatible; Googlebot/2.1; +http://www.google.com/bot.html)"
199.30.25.208 - - [13/Mar/2014:15:54:53 +0100] "GET /images/bg.png HTTP/1.1" 200 922 "http://www.mink-gmbh.de/index.php" "Mozilla/5.0 (Windows NT 6.1; WOW64) AppleWebKit/534+ (KHTML, like Gecko) BingPreview/1.0b"
199.30.25.208 - - [13/Mar/2014:15:54:53 +0100] "GET /images/wrapperbg.jpg HTTP/1.1" 200 27465 "http://www.mink-gmbh.de/index.php" "Mozilla/5.0 (Windows NT 6.1; WOW64) AppleWebKit/534+ (KHTML, like Gecko) BingPreview/1.0b"
199.30.25.208 - - [13/Mar/2014:15:54:53 +0100] "GET /js_contentserver24_greybox/w_close.gif HTTP/1.1" 200 74 "http://www.mink-gmbh.de/index.php" "Mozilla/5.0 (Windows NT 6.1; WOW64) AppleWebKit/534+ (KHTML, like Gecko) BingPreview/1.0b"
199.30.25.208 - - [13/Mar/2014:15:54:53 +0100] "GET /images/header.jpg HTTP/1.1" 200 25189 "http://www.mink-gmbh.de/index.php" "Mozilla/5.0 (Windows NT 6.1; WOW64) AppleWebKit/534+ (KHTML, like Gecko) BingPreview/1.0b"
199.30.25.208 - - [13/Mar/2014:15:54:53 +0100] "GET /images/tkw.jpg HTTP/1.1" 200 64031 "http://www.mink-gmbh.de/index.php" "Mozilla/5.0 (Windows NT 6.1; WOW64) AppleWebKit/534+ (KHTML, like Gecko) BingPreview/1.0b"
199.30.25.208 - - [13/Mar/2014:15:54:54 +0100] "GET /images/mobil.jpg HTTP/1.1" 200 25293 "http://www.mink-gmbh.de/index.php" "Mozilla/5.0 (Windows NT 6.1; WOW64) AppleWebKit/534+ (KHTML, like Gecko) BingPreview/1.0b"
199.30.25.208 - - [13/Mar/2014:15:54:54 +0100] "GET /images/newsletter.jpg HTTP/1.1" 200 13130 "http://www.mink-gmbh.de/index.php" "Mozilla/5.0 (Windows NT 6.1; WOW64) AppleWebKit/534+ (KHTML, like Gecko) BingPreview/1.0b"
199.30.25.208 - - [13/Mar/2014:15:54:55 +0100] "GET /images/footerbg.jpg HTTP/1.1" 200 2184 "http://www.mink-gmbh.de/index.php" "Mozilla/5.0 (Windows NT 6.1; WOW64) AppleWebKit/534+ (KHTML, like Gecko) BingPreview/1.0b"
199.30.25.208 - - [13/Mar/2014:15:54:55 +0100] "GET /js_contentserver24_greybox/header_bg.gif HTTP/1.1" 200 1188 "http://www.mink-gmbh.de/index.php" "Mozilla/5.0 (Windows NT 6.1; WOW64) AppleWebKit/534+ (KHTML, like Gecko) BingPreview/1.0b"
199.30.25.208 - - [13/Mar/2014:15:54:57 +0100] "GET /js_contentserver24_greybox/g_close.gif HTTP/1.1" 200 541 "http://www.mink-gmbh.de/index.php" "Mozilla/5.0 (Windows NT 6.1; WOW64) AppleWebKit/534+ (KHTML, like Gecko) BingPreview/1.0b"
66.249.65.137 - - [13/Mar/2014:16:29:23 +0100] "GET /images/logos.jpg?cache4844 HTTP/1.1" 200 35043 "-" "Googlebot-Image/1.0"
208.115.111.75 - - [13/Mar/2014:16:32:54 +0100] "GET /news.php?cs_go=archiv&cs_id=4744&cs_search= HTTP/1.1" 200 9246 "-" "Mozilla/5.0 (compatible; Ezooms/1.0; help@moz.com)"
157.55.33.110 - - [13/Mar/2014:16:39:45 +0100] "GET / HTTP/1.1" 200 13979 "-" "Mozilla/5.0 (compatible; bingbot/2.0; +http://www.bing.com/bingbot.htm)"
208.115.113.91 - - [13/Mar/2014:16:54:40 +0100] "GET /robots.txt HTTP/1.1" 200 177 "-" "Mozilla/5.0 (compatible; Ezooms/1.0; help@moz.com)"
66.249.65.137 - - [13/Mar/2014:16:56:27 +0100] "GET /news.php?cs_go=archiv&cs_id=5013 HTTP/1.1" 200 7462 "-" "Mozilla/5.0 (compatible; Googlebot/2.1; +http://www.google.com/bot.html)"
5.10.83.11 - - [13/Mar/2014:17:07:14 +0100] "GET /modernisierung.php?cs_gp_go=coupon HTTP/1.1" 200 7829 "-" "Mozilla/5.0 (compatible; AhrefsBot/5.0; +http://ahrefs.com/robot/)"
5.10.83.36 - - [13/Mar/2014:17:27:41 +0100] "GET /news.php?cs_go=archiv&cs_id=4893&cs_search= HTTP/1.1" 200 11650 "-" "Mozilla/5.0 (compatible; AhrefsBot/5.0; +http://ahrefs.com/robot/)"
65.36.241.79 - - [13/Mar/2014:17:41:41 +0100] "HEAD / HTTP/1.1" 200 - "-" "InternetSeer.com"
5.10.83.54 - - [13/Mar/2014:17:57:50 +0100] "GET /news.php?cs_go=archiv&cs_startpos=201 HTTP/1.1" 200 6058 "-" "Mozilla/5.0 (compatible; AhrefsBot/5.0; +http://ahrefs.com/robot/)"
5.10.83.71 - - [13/Mar/2014:18:00:37 +0100] "GET /news.php?cs_go=archiv&cs_id=4776&cs_search= HTTP/1.1" 200 7526 "-" "Mozilla/5.0 (compatible; AhrefsBot/5.0; +http://ahrefs.com/robot/)"
141.8.147.12 - - [13/Mar/2014:18:07:19 +0100] "GET /robots.txt HTTP/1.1" 200 177 "-" "Mozilla/5.0 (compatible; YandexBot/3.0; +http://yandex.com/bots)"
5.10.83.71 - - [13/Mar/2014:18:23:00 +0100] "GET /lexikon.php?cs_go=3&cs_id=124 HTTP/1.1" 200 6055 "-" "Mozilla/5.0 (compatible; AhrefsBot/5.0; +http://ahrefs.com/robot/)"
141.8.147.12 - - [13/Mar/2014:18:25:28 +0100] "GET /news.php?cs_go=archiv&cs_id=4909&cs_search= HTTP/1.1" 200 11243 "-" "Mozilla/5.0 (compatible; YandexBot/3.0; +http://yandex.com/bots)"
144.76.137.226 - - [13/Mar/2014:18:33:20 +0100] "GET /robots.txt HTTP/1.0" 200 177 "-" "Mozilla/5.0 (compatible; MJ12bot/v1.4.4; http://www.majestic12.co.uk/bot.php?+)"
144.76.137.226 - - [13/Mar/2014:18:33:24 +0100] "GET /news.php?cs_go=archiv&cs_startpos=131 HTTP/1.0" 200 20279 "-" "Mozilla/5.0 (compatible; MJ12bot/v1.4.4; http://www.majestic12.co.uk/bot.php?+)"
142.4.212.217 - - [13/Mar/2014:18:43:02 +0100] "GET /news.php?cs_go=archiv&cs_id=4933 HTTP/1.1" 200 13133 "http://www.mink-gmbh.de/" "Mozilla/5.0 (X11; Linux x86_64) AppleWebKit/537.36 (KHTML, like Gecko) Chrome/28.0.1500.52 Safari/537.36"
142.4.212.217 - - [13/Mar/2014:18:43:03 +0100] "GET /kwk.php HTTP/1.1" 200 8447 "http://www.mink-gmbh.de/" "Mozilla/5.0 (X11; Linux x86_64) AppleWebKit/537.36 (KHTML, like Gecko) Chrome/28.0.1500.52 Safari/537.36"
5.10.83.11 - - [13/Mar/2014:18:51:46 +0100] "GET /lexikon.php?cs_go=3&cs_id=200 HTTP/1.1" 200 7564 "-" "Mozilla/5.0 (compatible; AhrefsBot/5.0; +http://ahrefs.com/robot/)"
208.115.113.91 - - [13/Mar/2014:18:52:54 +0100] "GET /news.php?cs_go=archiv&cs_id=4759&cs_search= HTTP/1.1" 200 11550 "-" "Mozilla/5.0 (compatible; Ezooms/1.0; help@moz.com)"
66.249.73.17 - - [13/Mar/2014:19:34:58 +0100] "GET /news.php?cs_go=archiv&cs_id=3752 HTTP/1.1" 200 7980 "-" "Mozilla/5.0 (compatible; Googlebot/2.1; +http://www.google.com/bot.html)"
141.8.147.12 - - [13/Mar/2014:19:51:54 +0100] "GET /news.php?cs_go=archiv&cs_id=4911&cs_search= HTTP/1.1" 200 8036 "-" "Mozilla/5.0 (compatible; YandexBot/3.0; +http://yandex.com/bots)"
141.8.147.12 - - [13/Mar/2014:19:51:57 +0100] "GET /news.php?cs_go=archiv&cs_id=5001&cs_search= HTTP/1.1" 200 7307 "-" "Mozilla/5.0 (compatible; YandexBot/3.0; +http://yandex.com/bots)"
141.8.147.12 - - [13/Mar/2014:19:58:01 +0100] "GET /schwefelarmstandard.php HTTP/1.1" 200 10730 "-" "Mozilla/5.0 (compatible; YandexBot/3.0; +http://yandex.com/bots)"
66.249.73.231 - - [13/Mar/2014:19:58:34 +0100] "GET /news.php?cs_go=archiv&cs_id=5014 HTTP/1.1" 200 8036 "-" "Mozilla/5.0 (compatible; Googlebot/2.1; +http://www.google.com/bot.html)"
66.249.73.17 - - [13/Mar/2014:20:20:25 +0100] "GET /news.php?cs_go=archiv&cs_id=4921 HTTP/1.1" 200 11180 "-" "Mozilla/5.0 (compatible; Googlebot/2.1; +http://www.google.com/bot.html)"
5.10.83.12 - - [13/Mar/2014:20:23:19 +0100] "GET /lexikon.php?cs_go=3&cs_id=23 HTTP/1.1" 200 7033 "-" "Mozilla/5.0 (compatible; AhrefsBot/5.0; +http://ahrefs.com/robot/)"
141.8.147.12 - - [13/Mar/2014:20:29:48 +0100] "GET /news.php?cs_go=archiv&cs_id=4952&cs_search= HTTP/1.1" 200 11256 "-" "Mozilla/5.0 (compatible; YandexBot/3.0; +http://yandex.com/bots)"
141.8.147.12 - - [13/Mar/2014:20:29:53 +0100] "GET /news.php?cs_go=archiv&cs_id=5006&cs_search= HTTP/1.1" 200 11240 "-" "Mozilla/5.0 (compatible; YandexBot/3.0; +http://yandex.com/bots)"
141.8.147.12 - - [13/Mar/2014:20:29:56 +0100] "GET /news.php?cs_go=archiv&cs_id=5004&cs_search= HTTP/1.1" 200 7052 "-" "Mozilla/5.0 (compatible; YandexBot/3.0; +http://yandex.com/bots)"
141.8.147.12 - - [13/Mar/2014:20:29:58 +0100] "GET /news.php?cs_go=archiv&cs_id=5002&cs_search= HTTP/1.1" 200 11301 "-" "Mozilla/5.0 (compatible; YandexBot/3.0; +http://yandex.com/bots)"
141.8.147.12 - - [13/Mar/2014:20:30:01 +0100] "GET /news.php?cs_go=archiv&cs_id=5007&cs_search= HTTP/1.1" 200 7472 "-" "Mozilla/5.0 (compatible; YandexBot/3.0; +http://yandex.com/bots)"
141.8.147.12 - - [13/Mar/2014:20:30:03 +0100] "GET /news.php?cs_go=archiv&cs_id=5000&cs_search= HTTP/1.1" 200 7459 "-" "Mozilla/5.0 (compatible; YandexBot/3.0; +http://yandex.com/bots)"
141.8.147.12 - - [13/Mar/2014:20:30:06 +0100] "GET /news.php?cs_go=archiv&cs_id=5003&cs_search= HTTP/1.1" 200 7365 "-" "Mozilla/5.0 (compatible; YandexBot/3.0; +http://yandex.com/bots)"
176.9.50.42 - - [13/Mar/2014:20:32:10 +0100] "GET /news.php?cs_go=archiv&cs_id=4757 HTTP/1.1" 200 10318 "-" "Mozilla/4.0 (compatible; MSIE 6.0; Windows 98; Win 9x4.90)"
157.56.93.95 - - [13/Mar/2014:20:33:11 +0100] "GET /robots.txt HTTP/1.1" 200 177 "-" "Mozilla/5.0 (compatible; bingbot/2.0; +http://www.bing.com/bingbot.htm)"
157.56.93.95 - - [13/Mar/2014:20:33:25 +0100] "GET / HTTP/1.1" 200 13979 "-" "Mozilla/5.0 (compatible; bingbot/2.0; +http://www.bing.com/bingbot.htm)"
5.10.83.43 - - [13/Mar/2014:20:35:40 +0100] "GET /lexikon.php?cs_go=3&cs_id=217 HTTP/1.1" 200 5685 "-" "Mozilla/5.0 (compatible; AhrefsBot/5.0; +http://ahrefs.com/robot/)"
5.10.83.97 - - [13/Mar/2014:21:09:38 +0100] "GET /lexikon.php?cs_go=3&cs_id=110 HTTP/1.1" 200 6265 "-" "Mozilla/5.0 (compatible; AhrefsBot/5.0; +http://ahrefs.com/robot/)"
5.10.83.53 - - [13/Mar/2014:21:26:07 +0100] "GET /news.php?cs_go=archiv&cs_startpos=111 HTTP/1.1" 200 20296 "-" "Mozilla/5.0 (compatible; AhrefsBot/5.0; +http://ahrefs.com/robot/)"
148.251.69.136 - - [13/Mar/2014:21:28:22 +0100] "GET /news.php?cs_go=archiv&cs_id=3713 HTTP/1.1" 200 13433 "-" "Mozilla/5.0 (X11; Linux i686; rv:6.0) Gecko/20100101 Firefox/6.0"
66.249.65.137 - - [13/Mar/2014:21:28:58 +0100] "GET /news.php?cs_go=archiv&cs_id=3962 HTTP/1.1" 200 9190 "-" "Mozilla/5.0 (compatible; Googlebot/2.1; +http://www.google.com/bot.html)"
66.249.65.169 - - [13/Mar/2014:21:44:35 +0100] "GET /style.css HTTP/1.1" 200 8402 "-" "Mozilla/5.0 (compatible; Googlebot/2.1; +http://www.google.com/bot.html)"
66.249.65.169 - - [13/Mar/2014:21:44:36 +0100] "GET /modul.css HTTP/1.1" 200 35038 "-" "Mozilla/5.0 (compatible; Googlebot/2.1; +http://www.google.com/bot.html)"
5.10.83.36 - - [13/Mar/2014:21:48:29 +0100] "GET /lexikon.php?cs_go=3&cs_id=146 HTTP/1.1" 200 6181 "-" "Mozilla/5.0 (compatible; AhrefsBot/5.0; +http://ahrefs.com/robot/)"
5.10.83.12 - - [13/Mar/2014:22:03:22 +0100] "GET /kwk.php?cs_go=4 HTTP/1.1" 200 7818 "-" "Mozilla/5.0 (compatible; AhrefsBot/5.0; +http://ahrefs.com/robot/)"
5.10.83.43 - - [13/Mar/2014:22:14:04 +0100] "GET /lexikon.php?cs_go=3&cs_id=98 HTTP/1.1" 200 5979 "-" "Mozilla/5.0 (compatible; AhrefsBot/5.0; +http://ahrefs.com/robot/)"
148.251.23.114 - - [13/Mar/2014:22:30:34 +0100] "GET /robots.txt HTTP/1.0" 200 177 "-" "Mozilla/5.0 (compatible; MJ12bot/v1.4.4; http://www.majestic12.co.uk/bot.php?+)"
148.251.23.114 - - [13/Mar/2014:22:30:43 +0100] "GET /news.php?cs_go=archiv&cs_id=5011 HTTP/1.0" 200 8311 "-" "Mozilla/5.0 (compatible; MJ12bot/v1.4.4; http://www.majestic12.co.uk/bot.php?+)"
148.251.23.114 - - [13/Mar/2014:22:31:01 +0100] "GET /robots.txt HTTP/1.0" 200 177 "-" "Mozilla/5.0 (compatible; MJ12bot/v1.4.4; http://www.majestic12.co.uk/bot.php?+)"
148.251.23.114 - - [13/Mar/2014:22:31:04 +0100] "GET /news.php?cs_go=archiv&cs_id=5012 HTTP/1.0" 200 11459 "-" "Mozilla/5.0 (compatible; MJ12bot/v1.4.4; http://www.majestic12.co.uk/bot.php?+)"
148.251.23.114 - - [13/Mar/2014:22:31:13 +0100] "GET /robots.txt HTTP/1.0" 200 177 "-" "Mozilla/5.0 (compatible; MJ12bot/v1.4.4; http://www.majestic12.co.uk/bot.php?+)"
148.251.23.114 - - [13/Mar/2014:22:31:28 +0100] "GET /news.php?cs_go=archiv&cs_id=5013 HTTP/1.0" 200 7462 "-" "Mozilla/5.0 (compatible; MJ12bot/v1.4.4; http://www.majestic12.co.uk/bot.php?+)"
148.251.23.114 - - [13/Mar/2014:22:31:33 +0100] "GET /robots.txt HTTP/1.0" 200 177 "-" "Mozilla/5.0 (compatible; MJ12bot/v1.4.4; http://www.majestic12.co.uk/bot.php?+)"
148.251.23.114 - - [13/Mar/2014:22:31:43 +0100] "GET /news.php?cs_go=archiv&cs_id=5014 HTTP/1.0" 200 8036 "-" "Mozilla/5.0 (compatible; MJ12bot/v1.4.4; http://www.majestic12.co.uk/bot.php?+)"
66.249.65.137 - - [13/Mar/2014:22:38:21 +0100] "GET /news.php?cs_go=archiv&cs_id=3711&cs_search= HTTP/1.1" 200 8771 "-" "Mozilla/5.0 (iPhone; CPU iPhone OS 6_0 like Mac OS X) AppleWebKit/536.26 (KHTML, like Gecko) Version/6.0 Mobile/10A5376e Safari/8536.25 (compatible; Googlebot/2.1; +http://www.google.com/bot.html)"
66.249.73.13 - - [13/Mar/2014:22:38:58 +0100] "GET /news.php?cs_go=archiv&cs_id=4106&cs_search= HTTP/1.1" 200 11176 "-" "Mozilla/5.0 (iPhone; CPU iPhone OS 6_0 like Mac OS X) AppleWebKit/536.26 (KHTML, like Gecko) Version/6.0 Mobile/10A5376e Safari/8536.25 (compatible; Googlebot/2.1; +http://www.google.com/bot.html)"
66.249.65.169 - - [13/Mar/2014:22:39:03 +0100] "GET /news.php?cs_go=archiv&cs_id=4187&cs_search= HTTP/1.1" 200 11442 "-" "Mozilla/5.0 (iPhone; CPU iPhone OS 6_0 like Mac OS X) AppleWebKit/536.26 (KHTML, like Gecko) Version/6.0 Mobile/10A5376e Safari/8536.25 (compatible; Googlebot/2.1; +http://www.google.com/bot.html)"
66.249.73.2 - - [13/Mar/2014:22:39:10 +0100] "GET /news.php?cs_go=archiv&cs_id=4157 HTTP/1.1" 200 11672 "-" "Mozilla/5.0 (iPhone; CPU iPhone OS 6_0 like Mac OS X) AppleWebKit/536.26 (KHTML, like Gecko) Version/6.0 Mobile/10A5376e Safari/8536.25 (compatible; Googlebot/2.1; +http://www.google.com/bot.html)"
66.249.65.169 - - [13/Mar/2014:22:39:25 +0100] "GET /news.php?cs_go=archiv&cs_id=4155 HTTP/1.1" 200 10674 "-" "Mozilla/5.0 (iPhone; CPU iPhone OS 6_0 like Mac OS X) AppleWebKit/536.26 (KHTML, like Gecko) Version/6.0 Mobile/10A5376e Safari/8536.25 (compatible; Googlebot/2.1; +http://www.google.com/bot.html)"
66.249.73.11 - - [13/Mar/2014:22:45:15 +0100] "GET /news.php?cs_go=archiv&cs_id=4065&cs_search= HTTP/1.1" 200 7890 "-" "Mozilla/5.0 (iPhone; CPU iPhone OS 6_0 like Mac OS X) AppleWebKit/536.26 (KHTML, like Gecko) Version/6.0 Mobile/10A5376e Safari/8536.25 (compatible; Googlebot/2.1; +http://www.google.com/bot.html)"
5.10.83.97 - - [13/Mar/2014:23:03:34 +0100] "GET /news.php?cs_go=archiv&cs_startpos=0 HTTP/1.1" 200 19729 "-" "Mozilla/5.0 (compatible; AhrefsBot/5.0; +http://ahrefs.com/robot/)"
66.249.73.233 - - [13/Mar/2014:23:33:16 +0100] "GET /news.php?cs_go=archiv&cs_id=4771&cs_search= HTTP/1.1" 200 7613 "-" "Mozilla/5.0 (compatible; Googlebot/2.1; +http://www.google.com/bot.html)"
178.255.215.64 - - [13/Mar/2014:23:37:29 +0100] "GET /robots.txt HTTP/1.1" 200 177 "-" "Mozilla/5.0 (compatible; Exabot/3.0; +http://www.exabot.com/go/robot)"
178.255.215.64 - - [13/Mar/2014:23:37:29 +0100] "GET /index.php HTTP/1.1" 200 13979 "-" "Mozilla/5.0 (compatible; Exabot/3.0; +http://www.exabot.com/go/robot)"
66.249.73.240 - - [13/Mar/2014:23:37:34 +0100] "GET /news.php?cs_go=archiv&cs_id=3361&cs_search= HTTP/1.1" 200 11062 "-" "Mozilla/5.0 (iPhone; CPU iPhone OS 6_0 like Mac OS X) AppleWebKit/536.26 (KHTML, like Gecko) Version/6.0 Mobile/10A5376e Safari/8536.25 (compatible; Googlebot/2.1; +http://www.google.com/bot.html)"
5.10.83.2 - - [13/Mar/2014:23:48:32 +0100] "GET /news.php?cs_go=archiv&cs_startpos=90 HTTP/1.1" 200 20602 "-" "Mozilla/5.0 (compatible; AhrefsBot/5.0; +http://ahrefs.com/robot/)"
66.249.65.137 - - [13/Mar/2014:23:49:20 +0100] "GET /news.php?cs_go=archiv&cs_id=4100 HTTP/1.1" 200 7948 "-" "Mozilla/5.0 (compatible; Googlebot/2.1; +http://www.google.com/bot.html)"
65.36.241.79 - - [13/Mar/2014:23:49:39 +0100] "HEAD / HTTP/1.1" 200 - "-" "InternetSeer.com"
141.8.147.12 - - [13/Mar/2014:23:58:46 +0100] "GET /news.php?cs_go=archiv&cs_id=5008&cs_search= HTTP/1.1" 200 9358 "-" "Mozilla/5.0 (compatible; YandexBot/3.0; +http://yandex.com/bots)"
5.10.83.11 - - [14/Mar/2014:00:03:28 +0100] "GET /lexikon.php?cs_go=3&cs_id=234 HTTP/1.1" 200 6290 "-" "Mozilla/5.0 (compatible; AhrefsBot/5.0; +http://ahrefs.com/robot/)"
157.55.33.41 - - [14/Mar/2014:00:17:32 +0100] "GET /index.php HTTP/1.1" 200 13979 "-" "Mozilla/5.0 (compatible; bingbot/2.0; +http://www.bing.com/bingbot.htm)"
87.189.100.159 - - [14/Mar/2014:00:24:33 +0100] "GET / HTTP/1.1" 200 13979 "-" "Mozilla/5.0 (Windows NT 6.1; Win64; x64; rv:22.0) Gecko/20130328 Firefox/22.0"
66.249.65.137 - - [14/Mar/2014:00:28:01 +0100] "GET /news.php?cs_go=archiv&cs_id=4664&cs_search= HTTP/1.1" 200 7703 "-" "Mozilla/5.0 (compatible; Googlebot/2.1; +http://www.google.com/bot.html)"
66.249.73.3 - - [14/Mar/2014:00:31:15 +0100] "GET /news.php?cs_go=archiv&cs_id=4285 HTTP/1.1" 200 8858 "-" "Mozilla/5.0 (iPhone; CPU iPhone OS 6_0 like Mac OS X) AppleWebKit/536.26 (KHTML, like Gecko) Version/6.0 Mobile/10A5376e Safari/8536.25 (compatible; Googlebot/2.1; +http://www.google.com/bot.html)"
66.249.73.22 - - [14/Mar/2014:00:47:19 +0100] "GET /news.php?cs_go=archiv&cs_id=4333 HTTP/1.1" 200 9500 "-" "Mozilla/5.0 (compatible; Googlebot/2.1; +http://www.google.com/bot.html)"
208.115.113.91 - - [14/Mar/2014:00:54:07 +0100] "GET /robots.txt HTTP/1.1" 200 177 "-" "Mozilla/5.0 (compatible; Ezooms/1.0; help@moz.com)"
141.8.147.12 - - [14/Mar/2014:01:14:42 +0100] "GET /news.php?cs_go=archiv&cs_id=5009&cs_search= HTTP/1.1" 200 11370 "-" "Mozilla/5.0 (compatible; YandexBot/3.0; +http://yandex.com/bots)"
208.115.113.91 - - [14/Mar/2014:01:15:15 +0100] "GET /news.php?cs_go=archiv&cs_id=4680 HTTP/1.1" 200 7520 "-" "Mozilla/5.0 (compatible; Ezooms/1.0; help@moz.com)"
66.249.65.201 - - [14/Mar/2014:01:25:22 +0100] "GET /news.php?cs_go=archiv&cs_id=4166 HTTP/1.1" 200 7585 "-" "Mozilla/5.0 (iPhone; CPU iPhone OS 6_0 like Mac OS X) AppleWebKit/536.26 (KHTML, like Gecko) Version/6.0 Mobile/10A5376e Safari/8536.25 (compatible; Googlebot/2.1; +http://www.google.com/bot.html)"
66.249.65.137 - - [14/Mar/2014:01:28:08 +0100] "GET /news.php?cs_go=archiv&cs_id=4804&cs_search= HTTP/1.1" 200 7405 "-" "Mozilla/5.0 (compatible; Googlebot/2.1; +http://www.google.com/bot.html)"
5.10.83.53 - - [14/Mar/2014:01:31:04 +0100] "GET /lexikon.php?cs_go=3&cs_id=83 HTTP/1.1" 200 5999 "-" "Mozilla/5.0 (compatible; AhrefsBot/5.0; +http://ahrefs.com/robot/)"
66.249.73.226 - - [14/Mar/2014:01:54:27 +0100] "GET /news.php?cs_go=archiv&cs_id=4171 HTTP/1.1" 200 9256 "-" "Mozilla/5.0 (compatible; Googlebot/2.1; +http://www.google.com/bot.html)"
144.76.71.140 - - [14/Mar/2014:01:55:59 +0100] "GET /robots.txt HTTP/1.1" 200 177 "-" "Mozilla/5.0 (compatible; SISTRIX Crawler; http://crawler.sistrix.net/)"
144.76.71.140 - - [14/Mar/2014:01:55:59 +0100] "GET / HTTP/1.1" 200 13979 "-" "Mozilla/5.0 (compatible; SISTRIX Crawler; http://crawler.sistrix.net/)"
144.76.71.140 - - [14/Mar/2014:01:56:02 +0100] "GET /rueckrufservice.php HTTP/1.1" 200 8300 "-" "Mozilla/5.0 (compatible; SISTRIX Crawler; http://crawler.sistrix.net/)"
144.76.71.140 - - [14/Mar/2014:01:56:02 +0100] "GET /newsletter.php HTTP/1.1" 200 6492 "-" "Mozilla/5.0 (compatible; SISTRIX Crawler; http://crawler.sistrix.net/)"
144.76.71.140 - - [14/Mar/2014:01:56:03 +0100] "GET /kontakt.php HTTP/1.1" 200 6966 "-" "Mozilla/5.0 (compatible; SISTRIX Crawler; http://crawler.sistrix.net/)"
144.76.71.140 - - [14/Mar/2014:01:56:03 +0100] "GET /news.php HTTP/1.1" 200 19729 "-" "Mozilla/5.0 (compatible; SISTRIX Crawler; http://crawler.sistrix.net/)"
144.76.71.140 - - [14/Mar/2014:01:56:03 +0100] "GET /kwk.php HTTP/1.1" 200 8447 "-" "Mozilla/5.0 (compatible; SISTRIX Crawler; http://crawler.sistrix.net/)"
144.76.71.140 - - [14/Mar/2014:01:56:03 +0100] "GET /preisanfrage.php HTTP/1.1" 200 8502 "-" "Mozilla/5.0 (compatible; SISTRIX Crawler; http://crawler.sistrix.net/)"
144.76.71.140 - - [14/Mar/2014:01:56:04 +0100] "GET /jobs.php HTTP/1.1" 200 4965 "-" "Mozilla/5.0 (compatible; SISTRIX Crawler; http://crawler.sistrix.net/)"
144.76.71.140 - - [14/Mar/2014:01:56:04 +0100] "GET /standard.php HTTP/1.1" 200 6770 "-" "Mozilla/5.0 (compatible; SISTRIX Crawler; http://crawler.sistrix.net/)"
144.76.71.140 - - [14/Mar/2014:01:56:04 +0100] "GET /schwefelarmstandard.php HTTP/1.1" 200 10730 "-" "Mozilla/5.0 (compatible; SISTRIX Crawler; http://crawler.sistrix.net/)"
144.76.71.140 - - [14/Mar/2014:01:56:05 +0100] "GET /impressum.php HTTP/1.1" 200 6306 "-" "Mozilla/5.0 (compatible; SISTRIX Crawler; http://crawler.sistrix.net/)"
144.76.71.140 - - [14/Mar/2014:01:56:05 +0100] "GET /wunschpreis.php HTTP/1.1" 200 10237 "-" "Mozilla/5.0 (compatible; SISTRIX Crawler; http://crawler.sistrix.net/)"
144.76.71.140 - - [14/Mar/2014:01:56:05 +0100] "GET /agb.php HTTP/1.1" 200 17543 "-" "Mozilla/5.0 (compatible; SISTRIX Crawler; http://crawler.sistrix.net/)"
144.76.71.140 - - [14/Mar/2014:01:56:05 +0100] "GET /index.php HTTP/1.1" 200 13979 "-" "Mozilla/5.0 (compatible; SISTRIX Crawler; http://crawler.sistrix.net/)"
144.76.71.140 - - [14/Mar/2014:01:56:06 +0100] "GET /news.php?cs_go=archiv&cs_id=5012 HTTP/1.1" 200 11459 "-" "Mozilla/5.0 (compatible; SISTRIX Crawler; http://crawler.sistrix.net/)"
144.76.71.140 - - [14/Mar/2014:01:56:06 +0100] "GET /news.php?cs_go=archiv&cs_id=5014 HTTP/1.1" 200 8036 "-" "Mozilla/5.0 (compatible; SISTRIX Crawler; http://crawler.sistrix.net/)"
144.76.71.140 - - [14/Mar/2014:01:56:06 +0100] "GET /news.php?cs_go=archiv&cs_id=5013 HTTP/1.1" 200 7462 "-" "Mozilla/5.0 (compatible; SISTRIX Crawler; http://crawler.sistrix.net/)"
144.76.71.140 - - [14/Mar/2014:01:56:07 +0100] "GET /news.php?cs_go=archiv HTTP/1.1" 200 19729 "-" "Mozilla/5.0 (compatible; SISTRIX Crawler; http://crawler.sistrix.net/)"
144.76.71.140 - - [14/Mar/2014:01:56:07 +0100] "GET /news.php?cs_go=archiv&cs_id=5016 HTTP/1.1" 200 11206 "-" "Mozilla/5.0 (compatible; SISTRIX Crawler; http://crawler.sistrix.net/)"
144.76.71.140 - - [14/Mar/2014:01:56:08 +0100] "GET /optiplus.php HTTP/1.1" 404 5342 "-" "Mozilla/5.0 (compatible; SISTRIX Crawler; http://crawler.sistrix.net/)"
144.76.71.140 - - [14/Mar/2014:01:56:08 +0100] "GET /lexikon.php HTTP/1.1" 200 8115 "-" "Mozilla/5.0 (compatible; SISTRIX Crawler; http://crawler.sistrix.net/)"
144.76.71.140 - - [14/Mar/2014:01:56:08 +0100] "GET /faq.php HTTP/1.1" 200 216832 "-" "Mozilla/5.0 (compatible; SISTRIX Crawler; http://crawler.sistrix.net/)"
144.76.71.140 - - [14/Mar/2014:01:56:09 +0100] "GET /modernisierung.php HTTP/1.1" 200 9252 "-" "Mozilla/5.0 (compatible; SISTRIX Crawler; http://crawler.sistrix.net/)"
144.76.71.140 - - [14/Mar/2014:01:56:09 +0100] "GET /edl.php HTTP/1.1" 200 8596 "-" "Mozilla/5.0 (compatible; SISTRIX Crawler; http://crawler.sistrix.net/)"
144.76.71.140 - - [14/Mar/2014:01:56:09 +0100] "GET /additive.php HTTP/1.1" 200 5937 "-" "Mozilla/5.0 (compatible; SISTRIX Crawler; http://crawler.sistrix.net/)"
144.76.71.140 - - [14/Mar/2014:01:56:09 +0100] "GET /foerdermittel.php HTTP/1.1" 200 10473 "-" "Mozilla/5.0 (compatible; SISTRIX Crawler; http://crawler.sistrix.net/)"
144.76.71.140 - - [14/Mar/2014:01:56:10 +0100] "GET /diesel.php HTTP/1.1" 200 8192 "-" "Mozilla/5.0 (compatible; SISTRIX Crawler; http://crawler.sistrix.net/)"
144.76.71.140 - - [14/Mar/2014:01:56:10 +0100] "GET /energiesparcheck.php HTTP/1.1" 200 11144 "-" "Mozilla/5.0 (compatible; SISTRIX Crawler; http://crawler.sistrix.net/)"
144.76.71.140 - - [14/Mar/2014:01:56:10 +0100] "GET /news.php?cs_go=archiv&cs_id=5012&cs_search= HTTP/1.1" 200 11459 "-" "Mozilla/5.0 (compatible; SISTRIX Crawler; http://crawler.sistrix.net/)"
144.76.71.140 - - [14/Mar/2014:01:56:10 +0100] "GET /news.php?cs_go=archiv&cs_id=5006&cs_search= HTTP/1.1" 200 11240 "-" "Mozilla/5.0 (compatible; SISTRIX Crawler; http://crawler.sistrix.net/)"
144.76.71.140 - - [14/Mar/2014:01:56:11 +0100] "GET /news.php?cs_go=archiv&cs_startpos=0 HTTP/1.1" 200 19729 "-" "Mozilla/5.0 (compatible; SISTRIX Crawler; http://crawler.sistrix.net/)"
144.76.71.140 - - [14/Mar/2014:01:56:11 +0100] "GET /news.php?cs_go=archiv&cs_id=5010&cs_search= HTTP/1.1" 200 7544 "-" "Mozilla/5.0 (compatible; SISTRIX Crawler; http://crawler.sistrix.net/)"
144.76.71.140 - - [14/Mar/2014:01:56:11 +0100] "GET /news.php?cs_go=archiv&cs_id=5011&cs_search= HTTP/1.1" 200 8311 "-" "Mozilla/5.0 (compatible; SISTRIX Crawler; http://crawler.sistrix.net/)"
144.76.71.140 - - [14/Mar/2014:01:56:12 +0100] "GET /news.php?cs_go=archiv&cs_startpos=20 HTTP/1.1" 200 20163 "-" "Mozilla/5.0 (compatible; SISTRIX Crawler; http://crawler.sistrix.net/)"
144.76.71.140 - - [14/Mar/2014:01:56:12 +0100] "GET /news.php?cs_go=archiv&cs_startpos=181 HTTP/1.1" 200 18392 "-" "Mozilla/5.0 (compatible; SISTRIX Crawler; http://crawler.sistrix.net/)"
144.76.71.140 - - [14/Mar/2014:01:56:12 +0100] "GET /news.php?cs_go=archiv&cs_startpos=30 HTTP/1.1" 200 20133 "-" "Mozilla/5.0 (compatible; SISTRIX Crawler; http://crawler.sistrix.net/)"
144.76.71.140 - - [14/Mar/2014:01:56:13 +0100] "GET /news.php?cs_go=archiv&cs_id=5014&cs_search= HTTP/1.1" 200 8036 "-" "Mozilla/5.0 (compatible; SISTRIX Crawler; http://crawler.sistrix.net/)"
144.76.71.140 - - [14/Mar/2014:01:56:13 +0100] "GET /news.php?cs_go=archiv&cs_startpos=50 HTTP/1.1" 200 20618 "-" "Mozilla/5.0 (compatible; SISTRIX Crawler; http://crawler.sistrix.net/)"
144.76.71.140 - - [14/Mar/2014:01:56:13 +0100] "GET /news.php?cs_go=archiv&cs_id=5007&cs_search= HTTP/1.1" 200 7472 "-" "Mozilla/5.0 (compatible; SISTRIX Crawler; http://crawler.sistrix.net/)"
144.76.71.140 - - [14/Mar/2014:01:56:14 +0100] "GET /news.php?cs_go=archiv&cs_id=5009&cs_search= HTTP/1.1" 200 11370 "-" "Mozilla/5.0 (compatible; SISTRIX Crawler; http://crawler.sistrix.net/)"
144.76.71.140 - - [14/Mar/2014:01:56:14 +0100] "GET /news.php?cs_go=archiv&cs_id=5008&cs_search= HTTP/1.1" 200 9358 "-" "Mozilla/5.0 (compatible; SISTRIX Crawler; http://crawler.sistrix.net/)"
144.76.71.140 - - [14/Mar/2014:01:56:14 +0100] "GET /news.php?cs_go=archiv&cs_id=5013&cs_search= HTTP/1.1" 200 7462 "-" "Mozilla/5.0 (compatible; SISTRIX Crawler; http://crawler.sistrix.net/)"
144.76.71.140 - - [14/Mar/2014:01:56:14 +0100] "GET /news.php?cs_go=archiv&cs_id=5016&cs_search= HTTP/1.1" 200 11206 "-" "Mozilla/5.0 (compatible; SISTRIX Crawler; http://crawler.sistrix.net/)"
144.76.71.140 - - [14/Mar/2014:01:56:15 +0100] "GET /news.php?cs_go=archiv&cs_startpos=10 HTTP/1.1" 200 19935 "-" "Mozilla/5.0 (compatible; SISTRIX Crawler; http://crawler.sistrix.net/)"
144.76.71.140 - - [14/Mar/2014:01:56:15 +0100] "GET /news.php?cs_go=archiv&cs_startpos=40 HTTP/1.1" 200 20453 "-" "Mozilla/5.0 (compatible; SISTRIX Crawler; http://crawler.sistrix.net/)"
144.76.71.140 - - [14/Mar/2014:01:56:16 +0100] "GET /.php HTTP/1.1" 404 5342 "-" "Mozilla/5.0 (compatible; SISTRIX Crawler; http://crawler.sistrix.net/)"
144.76.71.140 - - [14/Mar/2014:01:56:16 +0100] "GET /lexikon.php?cs_go=2&cs_char=c HTTP/1.1" 200 6400 "-" "Mozilla/5.0 (compatible; SISTRIX Crawler; http://crawler.sistrix.net/)"
144.76.71.140 - - [14/Mar/2014:01:56:16 +0100] "GET /news.php?cs_go=archiv&cs_id=4916&cs_search= HTTP/1.1" 200 7423 "-" "Mozilla/5.0 (compatible; SISTRIX Crawler; http://crawler.sistrix.net/)"
144.76.71.140 - - [14/Mar/2014:01:56:16 +0100] "GET /lexikon.php?cs_go=2&cs_char=d HTTP/1.1" 200 6985 "-" "Mozilla/5.0 (compatible; SISTRIX Crawler; http://crawler.sistrix.net/)"
144.76.71.140 - - [14/Mar/2014:01:56:16 +0100] "GET /news.php?cs_go=archiv&cs_id=4917&cs_search= HTTP/1.1" 200 7796 "-" "Mozilla/5.0 (compatible; SISTRIX Crawler; http://crawler.sistrix.net/)"
144.76.71.140 - - [14/Mar/2014:01:56:17 +0100] "GET /lexikon.php?cs_go=2&cs_char=f HTTP/1.1" 200 7159 "-" "Mozilla/5.0 (compatible; SISTRIX Crawler; http://crawler.sistrix.net/)"
144.76.71.140 - - [14/Mar/2014:01:56:17 +0100] "GET /news.php?cs_go=archiv&cs_id=4919&cs_search= HTTP/1.1" 200 7528 "-" "Mozilla/5.0 (compatible; SISTRIX Crawler; http://crawler.sistrix.net/)"
144.76.71.140 - - [14/Mar/2014:01:56:17 +0100] "GET /lexikon.php?cs_go=2&cs_char=e HTTP/1.1" 200 6643 "-" "Mozilla/5.0 (compatible; SISTRIX Crawler; http://crawler.sistrix.net/)"
144.76.71.140 - - [14/Mar/2014:01:56:17 +0100] "GET /news.php?cs_go=archiv&cs_id=4921&cs_search= HTTP/1.1" 200 11180 "-" "Mozilla/5.0 (compatible; SISTRIX Crawler; http://crawler.sistrix.net/)"
144.76.71.140 - - [14/Mar/2014:01:56:18 +0100] "GET /lexikon.php?cs_go=2&cs_char=p HTTP/1.1" 200 6730 "-" "Mozilla/5.0 (compatible; SISTRIX Crawler; http://crawler.sistrix.net/)"
144.76.71.140 - - [14/Mar/2014:01:56:18 +0100] "GET /news.php?cs_go=archiv&cs_id=5002&cs_search= HTTP/1.1" 200 11301 "-" "Mozilla/5.0 (compatible; SISTRIX Crawler; http://crawler.sistrix.net/)"
144.76.71.140 - - [14/Mar/2014:01:56:18 +0100] "GET /news.php?cs_go=archiv&cs_id=4775&cs_search= HTTP/1.1" 200 11726 "-" "Mozilla/5.0 (compatible; SISTRIX Crawler; http://crawler.sistrix.net/)"
144.76.71.140 - - [14/Mar/2014:01:56:19 +0100] "GET /news.php?cs_go=archiv&cs_id=4895&cs_search= HTTP/1.1" 200 7384 "-" "Mozilla/5.0 (compatible; SISTRIX Crawler; http://crawler.sistrix.net/)"
144.76.71.140 - - [14/Mar/2014:01:56:19 +0100] "GET /"http:/www.brennstoffboerse.de/index.php?go=fluessiggas_pruefung" HTTP/1.1" 404 5342 "-" "Mozilla/5.0 (compatible; SISTRIX Crawler; http://crawler.sistrix.net/)"
144.76.71.140 - - [14/Mar/2014:01:56:19 +0100] "GET /news.php?cs_go=archiv&cs_id=4896&cs_search= HTTP/1.1" 200 7697 "-" "Mozilla/5.0 (compatible; SISTRIX Crawler; http://crawler.sistrix.net/)"
144.76.71.140 - - [14/Mar/2014:01:56:19 +0100] "GET /lexikon.php?cs_go=2&cs_char=k HTTP/1.1" 200 7443 "-" "Mozilla/5.0 (compatible; SISTRIX Crawler; http://crawler.sistrix.net/)"
144.76.71.140 - - [14/Mar/2014:01:56:20 +0100] "GET /news.php?cs_go=archiv&cs_id=4947&cs_search= HTTP/1.1" 200 7926 "-" "Mozilla/5.0 (compatible; SISTRIX Crawler; http://crawler.sistrix.net/)"
144.76.71.140 - - [14/Mar/2014:01:56:20 +0100] "GET /news.php?cs_go=archiv&cs_id=4945&cs_search= HTTP/1.1" 200 11261 "-" "Mozilla/5.0 (compatible; SISTRIX Crawler; http://crawler.sistrix.net/)"
144.76.71.140 - - [14/Mar/2014:01:56:20 +0100] "GET /news.php?cs_go=archiv&cs_id=4923&cs_search= HTTP/1.1" 200 7545 "-" "Mozilla/5.0 (compatible; SISTRIX Crawler; http://crawler.sistrix.net/)"
144.76.71.140 - - [14/Mar/2014:01:56:20 +0100] "GET /lexikon.php?cs_go=2&cs_char=x HTTP/1.1" 200 6174 "-" "Mozilla/5.0 (compatible; SISTRIX Crawler; http://crawler.sistrix.net/)"
144.76.71.140 - - [14/Mar/2014:01:56:21 +0100] "GET /news.php?cs_go=archiv&cs_id=4952&cs_search= HTTP/1.1" 200 11256 "-" "Mozilla/5.0 (compatible; SISTRIX Crawler; http://crawler.sistrix.net/)"
144.76.71.140 - - [14/Mar/2014:01:56:21 +0100] "GET /news.php?cs_go=archiv&cs_id=4774&cs_search= HTTP/1.1" 200 7413 "-" "Mozilla/5.0 (compatible; SISTRIX Crawler; http://crawler.sistrix.net/)"
144.76.71.140 - - [14/Mar/2014:01:56:21 +0100] "GET /news.php?cs_go=archiv&cs_startpos=140 HTTP/1.1" 200 20386 "-" "Mozilla/5.0 (compatible; SISTRIX Crawler; http://crawler.sistrix.net/)"
144.76.71.140 - - [14/Mar/2014:01:56:21 +0100] "GET /lexikon.php?cs_go=2&cs_char=s HTTP/1.1" 200 7632 "-" "Mozilla/5.0 (compatible; SISTRIX Crawler; http://crawler.sistrix.net/)"
144.76.71.140 - - [14/Mar/2014:01:56:22 +0100] "GET /news.php?cs_go=archiv&cs_id=5003&cs_search= HTTP/1.1" 200 7365 "-" "Mozilla/5.0 (compatible; SISTRIX Crawler; http://crawler.sistrix.net/)"
144.76.71.140 - - [14/Mar/2014:01:56:22 +0100] "GET /news.php?cs_go=archiv&cs_id=4776&cs_search= HTTP/1.1" 200 7526 "-" "Mozilla/5.0 (compatible; SISTRIX Crawler; http://crawler.sistrix.net/)"
144.76.71.140 - - [14/Mar/2014:01:56:22 +0100] "GET /news.php?cs_go=archiv&cs_id=4910&cs_search= HTTP/1.1" 200 7543 "-" "Mozilla/5.0 (compatible; SISTRIX Crawler; http://crawler.sistrix.net/)"
144.76.71.140 - - [14/Mar/2014:01:56:23 +0100] "GET /lexikon.php?cs_go=2&cs_char=a HTTP/1.1" 200 7367 "-" "Mozilla/5.0 (compatible; SISTRIX Crawler; http://crawler.sistrix.net/)"
144.76.71.140 - - [14/Mar/2014:01:56:23 +0100] "GET /news.php?cs_go=archiv&cs_startpos=180 HTTP/1.1" 200 19754 "-" "Mozilla/5.0 (compatible; SISTRIX Crawler; http://crawler.sistrix.net/)"
144.76.71.140 - - [14/Mar/2014:01:56:23 +0100] "GET /lexikon.php?cs_go=2&cs_char=v HTTP/1.1" 200 6681 "-" "Mozilla/5.0 (compatible; SISTRIX Crawler; http://crawler.sistrix.net/)"
144.76.71.140 - - [14/Mar/2014:01:56:23 +0100] "GET /news.php?cs_go=archiv&cs_startpos=150 HTTP/1.1" 200 20254 "-" "Mozilla/5.0 (compatible; SISTRIX Crawler; http://crawler.sistrix.net/)"
144.76.71.140 - - [14/Mar/2014:01:56:24 +0100] "GET /lexikon.php?cs_go=2&cs_char=o HTTP/1.1" 200 6825 "-" "Mozilla/5.0 (compatible; SISTRIX Crawler; http://crawler.sistrix.net/)"
144.76.71.140 - - [14/Mar/2014:01:56:24 +0100] "GET /news.php?cs_go=archiv&cs_startpos=100 HTTP/1.1" 200 20315 "-" "Mozilla/5.0 (compatible; SISTRIX Crawler; http://crawler.sistrix.net/)"
144.76.71.140 - - [14/Mar/2014:01:56:24 +0100] "GET /news.php?cs_go=archiv&cs_id=4929&cs_search= HTTP/1.1" 200 11139 "-" "Mozilla/5.0 (compatible; SISTRIX Crawler; http://crawler.sistrix.net/)"
144.76.71.140 - - [14/Mar/2014:01:56:25 +0100] "GET /news.php?cs_go=archiv&cs_id=4915&cs_search= HTTP/1.1" 200 11139 "-" "Mozilla/5.0 (compatible; SISTRIX Crawler; http://crawler.sistrix.net/)"
144.76.71.140 - - [14/Mar/2014:01:56:25 +0100] "GET /modernisierung.php?cs_gp_go=coupon HTTP/1.1" 200 7829 "-" "Mozilla/5.0 (compatible; SISTRIX Crawler; http://crawler.sistrix.net/)"
144.76.71.140 - - [14/Mar/2014:01:56:25 +0100] "GET /news.php?cs_go=archiv&cs_startpos=171 HTTP/1.1" 200 19998 "-" "Mozilla/5.0 (compatible; SISTRIX Crawler; http://crawler.sistrix.net/)"
144.76.71.140 - - [14/Mar/2014:01:56:26 +0100] "GET /lexikon.php?cs_go=2&cs_char=t HTTP/1.1" 200 6526 "-" "Mozilla/5.0 (compatible; SISTRIX Crawler; http://crawler.sistrix.net/)"
144.76.71.140 - - [14/Mar/2014:01:56:26 +0100] "GET /news.php?cs_go=archiv&cs_id=4927&cs_search= HTTP/1.1" 200 7462 "-" "Mozilla/5.0 (compatible; SISTRIX Crawler; http://crawler.sistrix.net/)"
144.76.71.140 - - [14/Mar/2014:01:56:26 +0100] "GET /lexikon.php?cs_go=2&cs_char=z HTTP/1.1" 200 5825 "-" "Mozilla/5.0 (compatible; SISTRIX Crawler; http://crawler.sistrix.net/)"
144.76.71.140 - - [14/Mar/2014:01:56:26 +0100] "GET /news.php?cs_go=archiv&cs_startpos=90 HTTP/1.1" 200 20602 "-" "Mozilla/5.0 (compatible; SISTRIX Crawler; http://crawler.sistrix.net/)"
144.76.71.140 - - [14/Mar/2014:01:56:27 +0100] "GET /news.php?cs_go=archiv&cs_id=4777&cs_search= HTTP/1.1" 200 11430 "-" "Mozilla/5.0 (compatible; SISTRIX Crawler; http://crawler.sistrix.net/)"
144.76.71.140 - - [14/Mar/2014:01:56:27 +0100] "GET /news.php?cs_go=archiv&cs_id=4918&cs_search= HTTP/1.1" 200 11278 "-" "Mozilla/5.0 (compatible; SISTRIX Crawler; http://crawler.sistrix.net/)"
144.76.71.140 - - [14/Mar/2014:01:56:27 +0100] "GET /lexikon.php?cs_go=2&cs_char=g HTTP/1.1" 200 6690 "-" "Mozilla/5.0 (compatible; SISTRIX Crawler; http://crawler.sistrix.net/)"
