142.4.212.217 - - [11/Mar/2014:18:54:11 +0100] "GET /news.php?cs_go=archiv&cs_id=4933 HTTP/1.1" 200 13133 "http://www.mink-gmbh.de/" "Mozilla/5.0 (X11; Linux x86_64) AppleWebKit/537.31 (KHTML, like Gecko) Chrome/26.0.1410.63 Safari/537.31"
142.4.212.217 - - [11/Mar/2014:18:54:13 +0100] "GET /kwk.php HTTP/1.1" 200 8447 "http://www.mink-gmbh.de/" "Mozilla/5.0 (X11; Linux x86_64) AppleWebKit/537.31 (KHTML, like Gecko) Chrome/26.0.1410.63 Safari/537.31"
66.249.65.169 - - [11/Mar/2014:18:55:14 +0100] "GET /modul.css HTTP/1.1" 200 35038 "http://www.mink-gmbh.de/news.php?cs_go=archiv&cs_id=5000" "Mozilla/5.0 (compatible; Googlebot/2.1; +http://www.google.com/bot.html)"
66.249.73.20 - - [11/Mar/2014:18:55:15 +0100] "GET /style.css HTTP/1.1" 200 8402 "http://www.mink-gmbh.de/news.php?cs_go=archiv&cs_id=5000" "Mozilla/5.0 (compatible; Googlebot/2.1; +http://www.google.com/bot.html)"
208.115.113.91 - - [11/Mar/2014:19:20:44 +0100] "GET /jobs.php HTTP/1.1" 200 4965 "-" "Mozilla/5.0 (compatible; Ezooms/1.0; help@moz.com)"
92.229.95.97 - - [11/Mar/2014:19:29:54 +0100] "GET /preisanfrage.php HTTP/1.1" 200 8502 "http://www.bing.com/search?q=heiz%C3%B6l%20mink&PC=RIMBINGD&A=results" "Mozilla/5.0 (BB10; Touch) AppleWebKit/537.35+ (KHTML, like Gecko) Version/10.2.1.2141 Mobile Safari/537.35+"
92.229.95.97 - - [11/Mar/2014:19:29:54 +0100] "GET /modul.css HTTP/1.1" 200 35038 "http://www.mink-gmbh.de/preisanfrage.php" "Mozilla/5.0 (BB10; Touch) AppleWebKit/537.35+ (KHTML, like Gecko) Version/10.2.1.2141 Mobile Safari/537.35+"
92.229.95.97 - - [11/Mar/2014:19:29:54 +0100] "GET /style.css HTTP/1.1" 200 8402 "http://www.mink-gmbh.de/preisanfrage.php" "Mozilla/5.0 (BB10; Touch) AppleWebKit/537.35+ (KHTML, like Gecko) Version/10.2.1.2141 Mobile Safari/537.35+"
92.229.95.97 - - [11/Mar/2014:19:29:55 +0100] "GET /images/bg.png HTTP/1.1" 200 922 "http://www.mink-gmbh.de/preisanfrage.php" "Mozilla/5.0 (BB10; Touch) AppleWebKit/537.35+ (KHTML, like Gecko) Version/10.2.1.2141 Mobile Safari/537.35+"
92.229.95.97 - - [11/Mar/2014:19:29:55 +0100] "GET /images/newsletter.png HTTP/1.1" 200 14619 "http://www.mink-gmbh.de/preisanfrage.php" "Mozilla/5.0 (BB10; Touch) AppleWebKit/537.35+ (KHTML, like Gecko) Version/10.2.1.2141 Mobile Safari/537.35+"
92.229.95.97 - - [11/Mar/2014:19:29:55 +0100] "GET /images/kwk.gif HTTP/1.1" 200 6403 "http://www.mink-gmbh.de/preisanfrage.php" "Mozilla/5.0 (BB10; Touch) AppleWebKit/537.35+ (KHTML, like Gecko) Version/10.2.1.2141 Mobile Safari/537.35+"
92.229.95.97 - - [11/Mar/2014:19:29:55 +0100] "GET /images/freecall.jpg HTTP/1.1" 200 39195 "http://www.mink-gmbh.de/preisanfrage.php" "Mozilla/5.0 (BB10; Touch) AppleWebKit/537.35+ (KHTML, like Gecko) Version/10.2.1.2141 Mobile Safari/537.35+"
92.229.95.97 - - [11/Mar/2014:19:29:55 +0100] "GET /images/navibg.png HTTP/1.1" 200 2803 "http://www.mink-gmbh.de/preisanfrage.php" "Mozilla/5.0 (BB10; Touch) AppleWebKit/537.35+ (KHTML, like Gecko) Version/10.2.1.2141 Mobile Safari/537.35+"
92.229.95.97 - - [11/Mar/2014:19:29:55 +0100] "GET /images/header.jpg HTTP/1.1" 200 25189 "http://www.mink-gmbh.de/preisanfrage.php" "Mozilla/5.0 (BB10; Touch) AppleWebKit/537.35+ (KHTML, like Gecko) Version/10.2.1.2141 Mobile Safari/537.35+"
92.229.95.97 - - [11/Mar/2014:19:29:55 +0100] "GET /images/wrapperbg.jpg HTTP/1.1" 200 27465 "http://www.mink-gmbh.de/preisanfrage.php" "Mozilla/5.0 (BB10; Touch) AppleWebKit/537.35+ (KHTML, like Gecko) Version/10.2.1.2141 Mobile Safari/537.35+"
92.229.95.97 - - [11/Mar/2014:19:29:55 +0100] "GET /images/wunschpreis.jpg HTTP/1.1" 200 16767 "http://www.mink-gmbh.de/preisanfrage.php" "Mozilla/5.0 (BB10; Touch) AppleWebKit/537.35+ (KHTML, like Gecko) Version/10.2.1.2141 Mobile Safari/537.35+"
92.229.95.97 - - [11/Mar/2014:19:29:55 +0100] "GET /images/footerbg.jpg HTTP/1.1" 200 2184 "http://www.mink-gmbh.de/preisanfrage.php" "Mozilla/5.0 (BB10; Touch) AppleWebKit/537.35+ (KHTML, like Gecko) Version/10.2.1.2141 Mobile Safari/537.35+"
92.229.95.97 - - [11/Mar/2014:19:29:55 +0100] "GET /images/logos.jpg HTTP/1.1" 200 35043 "http://www.mink-gmbh.de/preisanfrage.php" "Mozilla/5.0 (BB10; Touch) AppleWebKit/537.35+ (KHTML, like Gecko) Version/10.2.1.2141 Mobile Safari/537.35+"
92.229.95.97 - - [11/Mar/2014:19:29:56 +0100] "GET /favicon.ico HTTP/1.1" 200 3638 "http://www.mink-gmbh.de/preisanfrage.php" "Mozilla/5.0 (BB10; Touch) AppleWebKit/537.35+ (KHTML, like Gecko) Version/10.2.1.2141 Mobile Safari/537.35+"
5.10.83.27 - - [11/Mar/2014:19:34:27 +0100] "GET /lexikon.php?cs_go=3&cs_id=40 HTTP/1.1" 200 9671 "-" "Mozilla/5.0 (compatible; AhrefsBot/5.0; +http://ahrefs.com/robot/)"
5.10.83.30 - - [11/Mar/2014:19:38:13 +0100] "GET /news.php?cs_go=archiv&cs_startpos=11 HTTP/1.1" 200 19907 "-" "Mozilla/5.0 (compatible; AhrefsBot/5.0; +http://ahrefs.com/robot/)"
92.229.95.97 - - [11/Mar/2014:19:38:48 +0100] "GET /js_contentserver24_greybox/gb_styles.css HTTP/1.1" 200 2302 "http://www.mink-gmbh.de/" "Mozilla/5.0 (BB10; Touch) AppleWebKit/537.35+ (KHTML, like Gecko) Version/10.2.1.2141 Mobile Safari/537.35+"
92.229.95.97 - - [11/Mar/2014:19:38:48 +0100] "GET /js_contentserver24_greybox/AJS_fx.js HTTP/1.1" 200 3192 "http://www.mink-gmbh.de/" "Mozilla/5.0 (BB10; Touch) AppleWebKit/537.35+ (KHTML, like Gecko) Version/10.2.1.2141 Mobile Safari/537.35+"
92.229.95.97 - - [11/Mar/2014:19:38:48 +0100] "GET /js_contentserver24_greybox/AJS.js HTTP/1.1" 200 10396 "http://www.mink-gmbh.de/" "Mozilla/5.0 (BB10; Touch) AppleWebKit/537.35+ (KHTML, like Gecko) Version/10.2.1.2141 Mobile Safari/537.35+"
92.229.95.97 - - [11/Mar/2014:19:38:48 +0100] "GET /js_contentserver24_greybox/gb_scripts.js HTTP/1.1" 200 11913 "http://www.mink-gmbh.de/" "Mozilla/5.0 (BB10; Touch) AppleWebKit/537.35+ (KHTML, like Gecko) Version/10.2.1.2141 Mobile Safari/537.35+"
92.229.95.97 - - [11/Mar/2014:19:38:48 +0100] "GET / HTTP/1.1" 200 13900 "http://www.bing.com/search?q=heiz%C3%B6l%20mink&PC=RIMBINGD&A=results" "Mozilla/5.0 (BB10; Touch) AppleWebKit/537.35+ (KHTML, like Gecko) Version/10.2.1.2141 Mobile Safari/537.35+"
92.229.95.97 - - [11/Mar/2014:19:38:49 +0100] "GET /js_contentserver24_greybox/w_close.gif HTTP/1.1" 200 74 "http://www.mink-gmbh.de/" "Mozilla/5.0 (BB10; Touch) AppleWebKit/537.35+ (KHTML, like Gecko) Version/10.2.1.2141 Mobile Safari/537.35+"
92.229.95.97 - - [11/Mar/2014:19:38:49 +0100] "GET /images/close.png HTTP/1.1" 200 703 "http://www.mink-gmbh.de/" "Mozilla/5.0 (BB10; Touch) AppleWebKit/537.35+ (KHTML, like Gecko) Version/10.2.1.2141 Mobile Safari/537.35+"
92.229.95.97 - - [11/Mar/2014:19:38:49 +0100] "GET /images/newsletter_bg.jpg HTTP/1.1" 200 33610 "http://www.mink-gmbh.de/" "Mozilla/5.0 (BB10; Touch) AppleWebKit/537.35+ (KHTML, like Gecko) Version/10.2.1.2141 Mobile Safari/537.35+"
92.229.95.97 - - [11/Mar/2014:19:38:49 +0100] "GET /images/fallend.png HTTP/1.1" 200 713 "http://www.mink-gmbh.de/" "Mozilla/5.0 (BB10; Touch) AppleWebKit/537.35+ (KHTML, like Gecko) Version/10.2.1.2141 Mobile Safari/537.35+"
92.229.95.97 - - [11/Mar/2014:19:38:49 +0100] "GET /images/mobil.jpg HTTP/1.1" 200 25293 "http://www.mink-gmbh.de/" "Mozilla/5.0 (BB10; Touch) AppleWebKit/537.35+ (KHTML, like Gecko) Version/10.2.1.2141 Mobile Safari/537.35+"
92.229.95.97 - - [11/Mar/2014:19:38:49 +0100] "GET /images/tkw.jpg HTTP/1.1" 200 64031 "http://www.mink-gmbh.de/" "Mozilla/5.0 (BB10; Touch) AppleWebKit/537.35+ (KHTML, like Gecko) Version/10.2.1.2141 Mobile Safari/537.35+"
92.229.95.97 - - [11/Mar/2014:19:38:49 +0100] "GET /images/mail.jpg HTTP/1.1" 200 12099 "http://www.mink-gmbh.de/" "Mozilla/5.0 (BB10; Touch) AppleWebKit/537.35+ (KHTML, like Gecko) Version/10.2.1.2141 Mobile Safari/537.35+"
92.229.95.97 - - [11/Mar/2014:19:38:49 +0100] "GET /js_contentserver24_greybox/header_bg.gif HTTP/1.1" 200 1188 "http://www.mink-gmbh.de/" "Mozilla/5.0 (BB10; Touch) AppleWebKit/537.35+ (KHTML, like Gecko) Version/10.2.1.2141 Mobile Safari/537.35+"
92.229.95.97 - - [11/Mar/2014:19:38:49 +0100] "GET /images/steigend.png HTTP/1.1" 200 688 "http://www.mink-gmbh.de/" "Mozilla/5.0 (BB10; Touch) AppleWebKit/537.35+ (KHTML, like Gecko) Version/10.2.1.2141 Mobile Safari/537.35+"
92.229.95.97 - - [11/Mar/2014:19:38:49 +0100] "GET /images/newsletter.jpg HTTP/1.1" 200 13130 "http://www.mink-gmbh.de/" "Mozilla/5.0 (BB10; Touch) AppleWebKit/537.35+ (KHTML, like Gecko) Version/10.2.1.2141 Mobile Safari/537.35+"
92.229.95.97 - - [11/Mar/2014:19:38:49 +0100] "GET /images/team-energie.png HTTP/1.1" 200 17383 "http://www.mink-gmbh.de/" "Mozilla/5.0 (BB10; Touch) AppleWebKit/537.35+ (KHTML, like Gecko) Version/10.2.1.2141 Mobile Safari/537.35+"
92.229.95.97 - - [11/Mar/2014:19:38:49 +0100] "GET /js_contentserver24_greybox/loader_frame.html?s=0 HTTP/1.1" 200 2084 "http://www.mink-gmbh.de/" "Mozilla/5.0 (BB10; Touch) AppleWebKit/537.35+ (KHTML, like Gecko) Version/10.2.1.2141 Mobile Safari/537.35+"
92.229.95.97 - - [11/Mar/2014:19:38:49 +0100] "GET /images/logos.jpg?cache8502 HTTP/1.1" 200 35043 "http://www.mink-gmbh.de/" "Mozilla/5.0 (BB10; Touch) AppleWebKit/537.35+ (KHTML, like Gecko) Version/10.2.1.2141 Mobile Safari/537.35+"
92.229.95.97 - - [11/Mar/2014:19:38:49 +0100] "GET /js_contentserver24_greybox/indicator.gif HTTP/1.1" 200 8238 "http://www.mink-gmbh.de/js_contentserver24_greybox/loader_frame.html?s=0" "Mozilla/5.0 (BB10; Touch) AppleWebKit/537.35+ (KHTML, like Gecko) Version/10.2.1.2141 Mobile Safari/537.35+"
92.229.95.97 - - [11/Mar/2014:19:38:50 +0100] "GET /js_contentserver24_greybox/g_close.gif HTTP/1.1" 200 541 "http://www.mink-gmbh.de/" "Mozilla/5.0 (BB10; Touch) AppleWebKit/537.35+ (KHTML, like Gecko) Version/10.2.1.2141 Mobile Safari/537.35+"
92.229.95.97 - - [11/Mar/2014:19:39:02 +0100] "GET /kontakt.php HTTP/1.1" 200 6966 "http://www.mink-gmbh.de/" "Mozilla/5.0 (BB10; Touch) AppleWebKit/537.35+ (KHTML, like Gecko) Version/10.2.1.2141 Mobile Safari/537.35+"
92.229.95.97 - - [11/Mar/2014:19:39:05 +0100] "GET / HTTP/1.1" 200 13900 "http://www.bing.com/search?q=heiz%C3%B6l%20mink&PC=RIMBINGD&A=results" "Mozilla/5.0 (BB10; Touch) AppleWebKit/537.35+ (KHTML, like Gecko) Version/10.2.1.2141 Mobile Safari/537.35+"
92.229.95.97 - - [11/Mar/2014:19:39:06 +0100] "GET /images/logos.jpg?cache3953 HTTP/1.1" 200 35043 "http://www.mink-gmbh.de/" "Mozilla/5.0 (BB10; Touch) AppleWebKit/537.35+ (KHTML, like Gecko) Version/10.2.1.2141 Mobile Safari/537.35+"
92.229.95.97 - - [11/Mar/2014:19:39:37 +0100] "GET /kontakt.php HTTP/1.1" 200 6966 "http://www.mink-gmbh.de/" "Mozilla/5.0 (BB10; Touch) AppleWebKit/537.35+ (KHTML, like Gecko) Version/10.2.1.2141 Mobile Safari/537.35+"
92.229.95.97 - - [11/Mar/2014:19:39:40 +0100] "GET / HTTP/1.1" 200 13900 "http://www.bing.com/search?q=heiz%C3%B6l%20mink&PC=RIMBINGD&A=results" "Mozilla/5.0 (BB10; Touch) AppleWebKit/537.35+ (KHTML, like Gecko) Version/10.2.1.2141 Mobile Safari/537.35+"
92.229.95.97 - - [11/Mar/2014:19:39:41 +0100] "GET /images/logos.jpg?cache5865 HTTP/1.1" 200 35043 "http://www.mink-gmbh.de/" "Mozilla/5.0 (BB10; Touch) AppleWebKit/537.35+ (KHTML, like Gecko) Version/10.2.1.2141 Mobile Safari/537.35+"
92.229.95.97 - - [11/Mar/2014:19:39:51 +0100] "GET /wunschpreis.php HTTP/1.1" 200 10237 "http://www.mink-gmbh.de/" "Mozilla/5.0 (BB10; Touch) AppleWebKit/537.35+ (KHTML, like Gecko) Version/10.2.1.2141 Mobile Safari/537.35+"
92.229.95.97 - - [11/Mar/2014:19:40:01 +0100] "GET /preisanfrage.php HTTP/1.1" 200 8502 "http://www.mink-gmbh.de/wunschpreis.php" "Mozilla/5.0 (BB10; Touch) AppleWebKit/537.35+ (KHTML, like Gecko) Version/10.2.1.2141 Mobile Safari/537.35+"
92.229.95.97 - - [11/Mar/2014:19:40:04 +0100] "GET /standard.php HTTP/1.1" 200 6770 "http://www.mink-gmbh.de/preisanfrage.php" "Mozilla/5.0 (BB10; Touch) AppleWebKit/537.35+ (KHTML, like Gecko) Version/10.2.1.2141 Mobile Safari/537.35+"
92.229.95.97 - - [11/Mar/2014:19:40:34 +0100] "GET /preisanfrage.php HTTP/1.1" 200 8502 "http://www.mink-gmbh.de/standard.php" "Mozilla/5.0 (BB10; Touch) AppleWebKit/537.35+ (KHTML, like Gecko) Version/10.2.1.2141 Mobile Safari/537.35+"
117.41.186.10 - - [11/Mar/2014:20:16:54 +0100] "GET /fckeditor/editor/filemanager/upload/test.html HTTP/1.1" 404 - "-" "Mozilla/4.0 (compatible; MSIE 6.0; Windows NT 5.1; SV1; TencentTraveler ; Mozilla/4.0 (compatible; MSIE 6.0; Windows NT 5.1; SV1) ; .NET CLR 2.0.50727)"
66.249.73.10 - - [11/Mar/2014:20:33:16 +0100] "GET /news.php?cs_go=archiv&cs_id=5008 HTTP/1.1" 200 9358 "-" "Mozilla/5.0 (compatible; Googlebot/2.1; +http://www.google.com/bot.html)"
66.249.73.22 - - [11/Mar/2014:20:33:49 +0100] "GET /news.php?cs_go=archiv&cs_id=5007 HTTP/1.1" 200 7472 "-" "Mozilla/5.0 (compatible; Googlebot/2.1; +http://www.google.com/bot.html)"
66.249.73.13 - - [11/Mar/2014:20:36:30 +0100] "GET /lexikon.php?cs_go=3&cs_id=140 HTTP/1.1" 200 6308 "-" "Mozilla/5.0 (iPhone; CPU iPhone OS 6_0 like Mac OS X) AppleWebKit/536.26 (KHTML, like Gecko) Version/6.0 Mobile/10A5376e Safari/8536.25 (compatible; Googlebot/2.1; +http://www.google.com/bot.html)"
5.10.83.54 - - [11/Mar/2014:20:42:29 +0100] "GET /lexikon.php?cs_go=3&cs_id=222 HTTP/1.1" 200 7187 "-" "Mozilla/5.0 (compatible; AhrefsBot/5.0; +http://ahrefs.com/robot/)"
5.10.83.8 - - [11/Mar/2014:20:55:01 +0100] "GET /news.php?cs_go=archiv&cs_id=4827&cs_search= HTTP/1.1" 200 10217 "-" "Mozilla/5.0 (compatible; AhrefsBot/5.0; +http://ahrefs.com/robot/)"
193.192.58.164 - - [11/Mar/2014:21:05:36 +0100] "GET /news.php HTTP/1.1" 200 19668 "-" "Mozilla/5.0 (X11; Linux i686; rv:6.0) Gecko/20100101 Firefox/6.0"
5.10.83.53 - - [11/Mar/2014:21:22:14 +0100] "GET /diesel.php HTTP/1.1" 200 8192 "-" "Mozilla/5.0 (compatible; AhrefsBot/5.0; +http://ahrefs.com/robot/)"
123.125.71.24 - - [11/Mar/2014:21:47:47 +0100] "GET / HTTP/1.1" 200 6594 "-" "Mozilla/5.0 (compatible; Baiduspider/2.0; +http://www.baidu.com/search/spider.html)"
220.181.108.87 - - [11/Mar/2014:21:48:33 +0100] "GET / HTTP/1.1" 200 3575 "-" "Mozilla/5.0 (compatible; Baiduspider/2.0; +http://www.baidu.com/search/spider.html)"
144.76.95.231 - - [11/Mar/2014:22:06:59 +0100] "GET /robots.txt HTTP/1.0" 200 177 "-" "Mozilla/5.0 (compatible; MJ12bot/v1.4.4; http://www.majestic12.co.uk/bot.php?+)"
144.76.95.231 - - [11/Mar/2014:22:07:05 +0100] "GET /news.php?cs_go=archiv&cs_id=4952 HTTP/1.0" 200 11256 "-" "Mozilla/5.0 (compatible; MJ12bot/v1.4.4; http://www.majestic12.co.uk/bot.php?+)"
65.36.241.79 - - [11/Mar/2014:22:12:54 +0100] "HEAD / HTTP/1.1" 200 - "-" "InternetSeer.com"
65.55.52.89 - - [11/Mar/2014:22:30:57 +0100] "GET /robots.txt HTTP/1.1" 200 177 "-" "Mozilla/5.0 (compatible; bingbot/2.0; +http://www.bing.com/bingbot.htm)"
65.55.52.89 - - [11/Mar/2014:22:36:38 +0100] "GET / HTTP/1.1" 200 13900 "-" "Mozilla/5.0 (compatible; bingbot/2.0; +http://www.bing.com/bingbot.htm)"
66.249.73.225 - - [11/Mar/2014:22:39:14 +0100] "GET /news.php?cs_go=archiv&cs_id=3927 HTTP/1.1" 200 11133 "-" "SAMSUNG-SGH-E250/1.0 Profile/MIDP-2.0 Configuration/CLDC-1.1 UP.Browser/6.2.3.3.c.1.101 (GUI) MMP/2.0 (compatible; Googlebot-Mobile/2.1; +http://www.google.com/bot.html)"
141.8.147.12 - - [11/Mar/2014:23:03:23 +0100] "GET /index.php HTTP/1.1" 200 13900 "-" "Mozilla/5.0 (compatible; YandexBot/3.0; +http://yandex.com/bots)"
141.8.147.12 - - [11/Mar/2014:23:21:05 +0100] "GET / HTTP/1.1" 200 13900 "-" "Mozilla/5.0 (compatible; YandexBot/3.0; +http://yandex.com/bots)"
144.76.137.226 - - [11/Mar/2014:23:46:18 +0100] "GET /robots.txt HTTP/1.0" 200 177 "-" "Mozilla/5.0 (compatible; MJ12bot/v1.4.4; http://www.majestic12.co.uk/bot.php?+)"
144.76.137.226 - - [11/Mar/2014:23:46:21 +0100] "GET /news.php?cs_go=archiv&cs_id=5004 HTTP/1.0" 200 5389 "-" "Mozilla/5.0 (compatible; MJ12bot/v1.4.4; http://www.majestic12.co.uk/bot.php?+)"
144.76.137.226 - - [11/Mar/2014:23:46:25 +0100] "GET /robots.txt HTTP/1.0" 200 177 "-" "Mozilla/5.0 (compatible; MJ12bot/v1.4.4; http://www.majestic12.co.uk/bot.php?+)"
144.76.137.226 - - [11/Mar/2014:23:46:30 +0100] "GET /news.php?cs_go=archiv&cs_id=5006 HTTP/1.0" 200 5389 "-" "Mozilla/5.0 (compatible; MJ12bot/v1.4.4; http://www.majestic12.co.uk/bot.php?+)"
144.76.137.226 - - [11/Mar/2014:23:46:35 +0100] "GET /news.php?cs_go=archiv&cs_id=5007 HTTP/1.0" 200 5389 "-" "Mozilla/5.0 (compatible; MJ12bot/v1.4.4; http://www.majestic12.co.uk/bot.php?+)"
144.76.137.226 - - [11/Mar/2014:23:46:38 +0100] "GET /news.php?cs_go=archiv&cs_id=5008 HTTP/1.0" 200 5389 "-" "Mozilla/5.0 (compatible; MJ12bot/v1.4.4; http://www.majestic12.co.uk/bot.php?+)"
5.10.83.3 - - [12/Mar/2014:00:01:12 +0100] "GET /rueckrufservice.php HTTP/1.1" 200 5402 "-" "Mozilla/5.0 (compatible; AhrefsBot/5.0; +http://ahrefs.com/robot/)"
157.56.93.84 - - [12/Mar/2014:00:37:20 +0100] "GET /kwk.php?cs_go=1 HTTP/1.1" 200 3576 "-" "Mozilla/5.0 (compatible; bingbot/2.0; +http://www.bing.com/bingbot.htm)"
5.10.83.54 - - [12/Mar/2014:00:44:12 +0100] "GET /lexikon.php?cs_go=3&cs_id=73 HTTP/1.1" 200 7191 "-" "Mozilla/5.0 (compatible; AhrefsBot/5.0; +http://ahrefs.com/robot/)"
157.56.93.84 - - [12/Mar/2014:00:58:37 +0100] "GET /kwk.php?cs_go=1 HTTP/1.0" 200 8447 "-" "Mozilla/5.0 (compatible; bingbot/2.0; +http://www.bing.com/bingbot.htm)"
5.10.83.66 - - [12/Mar/2014:01:02:02 +0100] "GET /lexikon.php?cs_go=3&cs_id=231 HTTP/1.1" 200 5935 "-" "Mozilla/5.0 (compatible; AhrefsBot/5.0; +http://ahrefs.com/robot/)"
157.55.35.112 - - [12/Mar/2014:01:04:20 +0100] "GET /robots.txt HTTP/1.1" 200 177 "-" "Mozilla/5.0 (compatible; bingbot/2.0; +http://www.bing.com/bingbot.htm)"
81.169.142.142 - - [12/Mar/2014:01:07:29 +0100] "GET / HTTP/1.1" 200 8669 "-" "Mozilla/5.0 (Windows NT 5.1; rv:14.0) Gecko/20120405 Firefox/14.0a1"
157.55.35.112 - - [12/Mar/2014:01:12:47 +0100] "GET /news.php?cs_go=archiv&cs_startpos=50 HTTP/1.1" 200 20387 "-" "Mozilla/5.0 (compatible; bingbot/2.0; +http://www.bing.com/bingbot.htm)"
208.115.113.91 - - [12/Mar/2014:01:14:08 +0100] "GET /robots.txt HTTP/1.1" 200 177 "-" "Mozilla/5.0 (compatible; Ezooms/1.0; help@moz.com)"
66.249.65.137 - - [12/Mar/2014:01:14:43 +0100] "GET /images/logos.jpg?cache8830 HTTP/1.1" 200 35043 "-" "Googlebot-Image/1.0"
66.249.73.230 - - [12/Mar/2014:01:29:03 +0100] "GET /news.php?cs_go=archiv&cs_id=4806&cs_search= HTTP/1.1" 200 7466 "-" "Mozilla/5.0 (compatible; Googlebot/2.1; +http://www.google.com/bot.html)"
66.249.73.231 - - [12/Mar/2014:01:43:08 +0100] "GET /news.php?cs_go=archiv&cs_id=4931 HTTP/1.1" 200 8107 "-" "Mozilla/5.0 (iPhone; CPU iPhone OS 6_0 like Mac OS X) AppleWebKit/536.26 (KHTML, like Gecko) Version/6.0 Mobile/10A5376e Safari/8536.25 (compatible; Googlebot/2.1; +http://www.google.com/bot.html)"
142.4.212.217 - - [12/Mar/2014:01:47:12 +0100] "GET /news.php?cs_go=archiv&cs_id=4934 HTTP/1.1" 200 11688 "http://www.mink-gmbh.de/" "Mozilla/5.0 (X11; Linux x86_64) AppleWebKit/537.36 (KHTML, like Gecko) Chrome/27.0.1453.110 Safari/537.36"
142.4.212.217 - - [12/Mar/2014:01:47:16 +0100] "GET /kwk.php HTTP/1.1" 200 8447 "http://www.mink-gmbh.de/" "Mozilla/5.0 (X11; Linux x86_64) AppleWebKit/537.36 (KHTML, like Gecko) Chrome/27.0.1453.110 Safari/537.36"
157.56.93.84 - - [12/Mar/2014:01:52:14 +0100] "GET /news.php?cs_go=archiv&cs_id=4912 HTTP/1.1" 200 11157 "-" "Mozilla/5.0 (compatible; bingbot/2.0; +http://www.bing.com/bingbot.htm)"
157.56.93.84 - - [12/Mar/2014:01:52:15 +0100] "GET /news.php?cs_go=archiv&cs_id=4809 HTTP/1.1" 200 9160 "-" "Mozilla/5.0 (compatible; bingbot/2.0; +http://www.bing.com/bingbot.htm)"
141.8.147.12 - - [12/Mar/2014:02:32:08 +0100] "GET /news.php?cs_go=archiv HTTP/1.1" 200 19668 "-" "Mozilla/5.0 (compatible; YandexBot/3.0; +http://yandex.com/bots)"
157.55.35.83 - - [12/Mar/2014:02:40:45 +0100] "GET / HTTP/1.1" 200 13900 "-" "Mozilla/5.0 (compatible; bingbot/2.0; +http://www.bing.com/bingbot.htm)"
199.30.25.50 - - [12/Mar/2014:02:40:52 +0100] "GET /modul.css HTTP/1.1" 200 35038 "http://www.mink-gmbh.de/" "Mozilla/5.0 (Windows NT 6.1; WOW64) AppleWebKit/534+ (KHTML, like Gecko) BingPreview/1.0b"
199.30.25.50 - - [12/Mar/2014:02:40:55 +0100] "GET /js_contentserver24_greybox/gb_styles.css HTTP/1.1" 200 2302 "http://www.mink-gmbh.de/" "Mozilla/5.0 (Windows NT 6.1; WOW64) AppleWebKit/534+ (KHTML, like Gecko) BingPreview/1.0b"
199.30.25.50 - - [12/Mar/2014:02:40:55 +0100] "GET /js_contentserver24_greybox/AJS.js HTTP/1.1" 200 10396 "http://www.mink-gmbh.de/" "Mozilla/5.0 (Windows NT 6.1; WOW64) AppleWebKit/534+ (KHTML, like Gecko) BingPreview/1.0b"
199.30.25.50 - - [12/Mar/2014:02:40:56 +0100] "GET /js_contentserver24_greybox/AJS_fx.js HTTP/1.1" 200 3192 "http://www.mink-gmbh.de/" "Mozilla/5.0 (Windows NT 6.1; WOW64) AppleWebKit/534+ (KHTML, like Gecko) BingPreview/1.0b"
199.30.25.50 - - [12/Mar/2014:02:40:56 +0100] "GET /js_contentserver24_greybox/gb_scripts.js HTTP/1.1" 200 11913 "http://www.mink-gmbh.de/" "Mozilla/5.0 (Windows NT 6.1; WOW64) AppleWebKit/534+ (KHTML, like Gecko) BingPreview/1.0b"
199.30.25.50 - - [12/Mar/2014:02:40:59 +0100] "GET /js_contentserver24_greybox/w_close.gif HTTP/1.1" 200 74 "http://www.mink-gmbh.de/" "Mozilla/5.0 (Windows NT 6.1; WOW64) AppleWebKit/534+ (KHTML, like Gecko) BingPreview/1.0b"
199.30.25.50 - - [12/Mar/2014:02:40:59 +0100] "GET /images/close.png HTTP/1.1" 200 703 "http://www.mink-gmbh.de/" "Mozilla/5.0 (Windows NT 6.1; WOW64) AppleWebKit/534+ (KHTML, like Gecko) BingPreview/1.0b"
199.30.25.50 - - [12/Mar/2014:02:40:59 +0100] "GET /images/newsletter_bg.jpg HTTP/1.1" 200 33610 "http://www.mink-gmbh.de/" "Mozilla/5.0 (Windows NT 6.1; WOW64) AppleWebKit/534+ (KHTML, like Gecko) BingPreview/1.0b"
199.30.25.50 - - [12/Mar/2014:02:40:59 +0100] "GET /images/newsletter.png HTTP/1.1" 200 14619 "http://www.mink-gmbh.de/" "Mozilla/5.0 (Windows NT 6.1; WOW64) AppleWebKit/534+ (KHTML, like Gecko) BingPreview/1.0b"
199.30.25.50 - - [12/Mar/2014:02:41:00 +0100] "GET /js_contentserver24_greybox/loader_frame.html?s=0 HTTP/1.1" 200 2084 "http://www.mink-gmbh.de/" "Mozilla/5.0 (Windows NT 6.1; WOW64) AppleWebKit/534+ (KHTML, like Gecko) BingPreview/1.0b"
199.30.25.50 - - [12/Mar/2014:02:41:00 +0100] "GET /images/wrapperbg.jpg HTTP/1.1" 200 27465 "http://www.mink-gmbh.de/" "Mozilla/5.0 (Windows NT 6.1; WOW64) AppleWebKit/534+ (KHTML, like Gecko) BingPreview/1.0b"
199.30.25.50 - - [12/Mar/2014:02:41:00 +0100] "GET /images/header.jpg HTTP/1.1" 200 25189 "http://www.mink-gmbh.de/" "Mozilla/5.0 (Windows NT 6.1; WOW64) AppleWebKit/534+ (KHTML, like Gecko) BingPreview/1.0b"
199.30.25.50 - - [12/Mar/2014:02:41:01 +0100] "GET /images/navibg.png HTTP/1.1" 200 2803 "http://www.mink-gmbh.de/" "Mozilla/5.0 (Windows NT 6.1; WOW64) AppleWebKit/534+ (KHTML, like Gecko) BingPreview/1.0b"
199.30.25.50 - - [12/Mar/2014:02:41:01 +0100] "GET /images/fallend.png HTTP/1.1" 200 713 "http://www.mink-gmbh.de/" "Mozilla/5.0 (Windows NT 6.1; WOW64) AppleWebKit/534+ (KHTML, like Gecko) BingPreview/1.0b"
199.30.25.50 - - [12/Mar/2014:02:41:01 +0100] "GET /images/steigend.png HTTP/1.1" 200 688 "http://www.mink-gmbh.de/" "Mozilla/5.0 (Windows NT 6.1; WOW64) AppleWebKit/534+ (KHTML, like Gecko) BingPreview/1.0b"
199.30.25.50 - - [12/Mar/2014:02:41:01 +0100] "GET /images/tkw.jpg HTTP/1.1" 200 64031 "http://www.mink-gmbh.de/" "Mozilla/5.0 (Windows NT 6.1; WOW64) AppleWebKit/534+ (KHTML, like Gecko) BingPreview/1.0b"
199.30.25.50 - - [12/Mar/2014:02:41:01 +0100] "GET /images/mobil.jpg HTTP/1.1" 200 25293 "http://www.mink-gmbh.de/" "Mozilla/5.0 (Windows NT 6.1; WOW64) AppleWebKit/534+ (KHTML, like Gecko) BingPreview/1.0b"
199.30.25.50 - - [12/Mar/2014:02:41:01 +0100] "GET /images/team-energie.png HTTP/1.1" 200 17383 "http://www.mink-gmbh.de/" "Mozilla/5.0 (Windows NT 6.1; WOW64) AppleWebKit/534+ (KHTML, like Gecko) BingPreview/1.0b"
199.30.25.50 - - [12/Mar/2014:02:41:02 +0100] "GET /images/freecall.jpg HTTP/1.1" 200 39195 "http://www.mink-gmbh.de/" "Mozilla/5.0 (Windows NT 6.1; WOW64) AppleWebKit/534+ (KHTML, like Gecko) BingPreview/1.0b"
199.30.25.50 - - [12/Mar/2014:02:41:02 +0100] "GET /images/newsletter.jpg HTTP/1.1" 200 13130 "http://www.mink-gmbh.de/" "Mozilla/5.0 (Windows NT 6.1; WOW64) AppleWebKit/534+ (KHTML, like Gecko) BingPreview/1.0b"
199.30.25.50 - - [12/Mar/2014:02:41:03 +0100] "GET /images/mail.jpg HTTP/1.1" 200 12099 "http://www.mink-gmbh.de/" "Mozilla/5.0 (Windows NT 6.1; WOW64) AppleWebKit/534+ (KHTML, like Gecko) BingPreview/1.0b"
199.30.25.50 - - [12/Mar/2014:02:41:03 +0100] "GET /images/kwk.gif HTTP/1.1" 200 6403 "http://www.mink-gmbh.de/" "Mozilla/5.0 (Windows NT 6.1; WOW64) AppleWebKit/534+ (KHTML, like Gecko) BingPreview/1.0b"
199.30.25.50 - - [12/Mar/2014:02:41:03 +0100] "GET /images/wunschpreis.jpg HTTP/1.1" 200 16767 "http://www.mink-gmbh.de/" "Mozilla/5.0 (Windows NT 6.1; WOW64) AppleWebKit/534+ (KHTML, like Gecko) BingPreview/1.0b"
199.30.25.50 - - [12/Mar/2014:02:41:03 +0100] "GET /images/logos.jpg?cache4983 HTTP/1.1" 200 35043 "http://www.mink-gmbh.de/" "Mozilla/5.0 (Windows NT 6.1; WOW64) AppleWebKit/534+ (KHTML, like Gecko) BingPreview/1.0b"
199.30.25.50 - - [12/Mar/2014:02:41:03 +0100] "GET /images/footerbg.jpg HTTP/1.1" 200 2184 "http://www.mink-gmbh.de/" "Mozilla/5.0 (Windows NT 6.1; WOW64) AppleWebKit/534+ (KHTML, like Gecko) BingPreview/1.0b"
199.30.25.50 - - [12/Mar/2014:02:41:03 +0100] "GET /js_contentserver24_greybox/header_bg.gif HTTP/1.1" 200 1188 "http://www.mink-gmbh.de/" "Mozilla/5.0 (Windows NT 6.1; WOW64) AppleWebKit/534+ (KHTML, like Gecko) BingPreview/1.0b"
199.30.25.50 - - [12/Mar/2014:02:41:04 +0100] "GET /js_contentserver24_greybox/indicator.gif HTTP/1.1" 200 8238 "http://www.mink-gmbh.de/js_contentserver24_greybox/loader_frame.html?s=0" "Mozilla/5.0 (Windows NT 6.1; WOW64) AppleWebKit/534+ (KHTML, like Gecko) BingPreview/1.0b"
199.30.25.50 - - [12/Mar/2014:02:41:04 +0100] "GET /js_contentserver24_greybox/g_close.gif HTTP/1.1" 200 541 "http://www.mink-gmbh.de/" "Mozilla/5.0 (Windows NT 6.1; WOW64) AppleWebKit/534+ (KHTML, like Gecko) BingPreview/1.0b"
208.115.111.75 - - [12/Mar/2014:02:53:12 +0100] "GET /robots.txt HTTP/1.1" 200 177 "-" "Mozilla/5.0 (compatible; Ezooms/1.0; help@moz.com)"
141.8.147.12 - - [12/Mar/2014:03:03:29 +0100] "GET /news.php?cs_go=archiv&cs_startpos=0 HTTP/1.1" 200 19668 "-" "Mozilla/5.0 (compatible; YandexBot/3.0; +http://yandex.com/bots)"
141.8.147.12 - - [12/Mar/2014:03:00:56 +0100] "GET /news.php HTTP/1.1" 200 6261 "-" "Mozilla/5.0 (compatible; YandexBot/3.0; +http://yandex.com/bots)"
141.8.147.12 - - [12/Mar/2014:03:05:05 +0100] "GET /news.php HTTP/1.1" 200 19668 "-" "Mozilla/5.0 (compatible; YandexBot/3.0; +http://yandex.com/bots)"
66.249.73.231 - - [12/Mar/2014:03:16:37 +0100] "GET /news.php?cs_go=archiv&cs_id=4580 HTTP/1.1" 200 11460 "-" "Mozilla/5.0 (iPhone; CPU iPhone OS 6_0 like Mac OS X) AppleWebKit/536.26 (KHTML, like Gecko) Version/6.0 Mobile/10A5376e Safari/8536.25 (compatible; Googlebot/2.1; +http://www.google.com/bot.html)"
208.115.113.91 - - [12/Mar/2014:03:19:26 +0100] "GET /news.php?cs_go=archiv&cs_id=4754&cs_search= HTTP/1.1" 200 8444 "-" "Mozilla/5.0 (compatible; Ezooms/1.0; help@moz.com)"
208.115.113.91 - - [12/Mar/2014:03:19:31 +0100] "GET /standard.php HTTP/1.1" 200 6770 "-" "Mozilla/5.0 (compatible; Ezooms/1.0; help@moz.com)"
66.249.65.169 - - [12/Mar/2014:03:30:09 +0100] "GET /kwk.php?cs_go=2 HTTP/1.1" 200 9418 "-" "Mozilla/5.0 (compatible; Googlebot/2.1; +http://www.google.com/bot.html)"
66.249.65.169 - - [12/Mar/2014:03:33:41 +0100] "GET /news.php?cs_go=archiv&cs_id=2960&cs_search= HTTP/1.1" 200 7395 "-" "Mozilla/5.0 (iPhone; CPU iPhone OS 6_0 like Mac OS X) AppleWebKit/536.26 (KHTML, like Gecko) Version/6.0 Mobile/10A5376e Safari/8536.25 (compatible; Googlebot/2.1; +http://www.google.com/bot.html)"
5.10.83.47 - - [12/Mar/2014:03:34:18 +0100] "GET /preisanfrage.php HTTP/1.1" 200 8502 "-" "Mozilla/5.0 (compatible; AhrefsBot/5.0; +http://ahrefs.com/robot/)"
65.36.241.79 - - [12/Mar/2014:03:37:55 +0100] "HEAD / HTTP/1.1" 200 - "-" "InternetSeer.com"
66.249.73.229 - - [12/Mar/2014:03:42:10 +0100] "GET /robots.txt HTTP/1.1" 200 177 "-" "Mozilla/5.0 (compatible; Googlebot/2.1; +http://www.google.com/bot.html)"
66.249.65.169 - - [12/Mar/2014:03:42:10 +0100] "GET /news.php?cs_go=archiv&cs_id=5001 HTTP/1.1" 200 7307 "-" "Mozilla/5.0 (iPhone; CPU iPhone OS 6_0 like Mac OS X) AppleWebKit/536.26 (KHTML, like Gecko) Version/6.0 Mobile/10A5376e Safari/8536.25 (compatible; Googlebot/2.1; +http://www.google.com/bot.html)"
37.24.154.120 - - [12/Mar/2014:03:47:00 +0100] "GET /wunschpreis.php HTTP/1.1" 200 10237 "-" "Oberforstmeister"
93.186.202.197 - - [12/Mar/2014:03:58:00 +0100] "GET /news.php?cs_go=archiv&cs_id=2941 HTTP/1.1" 200 11858 "-" "Mozilla/5.0 (X11; Linux i686; rv:6.0) Gecko/20100101 Firefox/6.0"
88.198.56.239 - - [12/Mar/2014:03:58:15 +0100] "GET /news.php?cs_go=archiv&cs_id=2941 HTTP/1.1" 200 11858 "-" "Mozilla/5.0 (X11; Linux i686; rv:6.0) Gecko/20100101 Firefox/6.0"
66.249.65.169 - - [12/Mar/2014:04:00:41 +0100] "GET /news.php?cs_go=archiv&cs_id=4776&cs_search= HTTP/1.1" 200 7526 "-" "Mozilla/5.0 (compatible; Googlebot/2.1; +http://www.google.com/bot.html)"
66.249.73.9 - - [12/Mar/2014:04:06:10 +0100] "GET /news.php HTTP/1.1" 200 19668 "-" "Mozilla/5.0 (compatible; Googlebot/2.1; +http://www.google.com/bot.html)"
66.249.65.169 - - [12/Mar/2014:04:07:06 +0100] "GET /news.php?cs_go=archiv&cs_id=4776&cs_search= HTTP/1.1" 200 7526 "-" "Mozilla/5.0 (compatible; Googlebot/2.1; +http://www.google.com/bot.html)"
66.249.73.5 - - [12/Mar/2014:04:14:44 +0100] "GET /news.php?cs_go=archiv&cs_id=5008&cs_search= HTTP/1.1" 200 9358 "-" "Mozilla/5.0 (compatible; Googlebot/2.1; +http://www.google.com/bot.html)"
66.249.73.17 - - [12/Mar/2014:04:15:17 +0100] "GET /news.php?cs_go=archiv&cs_id=5003&cs_search= HTTP/1.1" 200 7365 "-" "Mozilla/5.0 (compatible; Googlebot/2.1; +http://www.google.com/bot.html)"
66.249.73.230 - - [12/Mar/2014:04:15:51 +0100] "GET /news.php?cs_go=archiv&cs_id=5002&cs_search= HTTP/1.1" 200 11301 "-" "Mozilla/5.0 (compatible; Googlebot/2.1; +http://www.google.com/bot.html)"
66.249.73.225 - - [12/Mar/2014:04:16:28 +0100] "GET /news.php?cs_go=archiv&cs_id=5001&cs_search= HTTP/1.1" 200 7307 "-" "Mozilla/5.0 (compatible; Googlebot/2.1; +http://www.google.com/bot.html)"
66.249.65.137 - - [12/Mar/2014:04:17:08 +0100] "GET /news.php?cs_go=archiv&cs_id=5009&cs_search= HTTP/1.1" 200 11370 "-" "Mozilla/5.0 (compatible; Googlebot/2.1; +http://www.google.com/bot.html)"
66.249.73.1 - - [12/Mar/2014:04:17:52 +0100] "GET /news.php?cs_go=archiv&cs_id=4952&cs_search= HTTP/1.1" 200 11256 "-" "Mozilla/5.0 (compatible; Googlebot/2.1; +http://www.google.com/bot.html)"
66.249.73.232 - - [12/Mar/2014:04:18:41 +0100] "GET /news.php?cs_go=archiv&cs_id=5007&cs_search= HTTP/1.1" 200 7472 "-" "Mozilla/5.0 (compatible; Googlebot/2.1; +http://www.google.com/bot.html)"
66.249.65.137 - - [12/Mar/2014:04:20:20 +0100] "GET /news.php?cs_go=archiv&cs_id=5006&cs_search= HTTP/1.1" 200 11240 "-" "Mozilla/5.0 (compatible; Googlebot/2.1; +http://www.google.com/bot.html)"
66.249.73.13 - - [12/Mar/2014:04:21:36 +0100] "GET /news.php?cs_go=archiv&cs_id=5000&cs_search= HTTP/1.1" 200 7459 "-" "Mozilla/5.0 (compatible; Googlebot/2.1; +http://www.google.com/bot.html)"
66.249.65.169 - - [12/Mar/2014:04:21:43 +0100] "GET /news.php?cs_go=archiv&cs_id=4630&cs_search= HTTP/1.1" 200 11671 "-" "Mozilla/5.0 (compatible; Googlebot/2.1; +http://www.google.com/bot.html)"
66.249.73.18 - - [12/Mar/2014:04:24:04 +0100] "GET /news.php?cs_go=archiv&cs_id=5004&cs_search= HTTP/1.1" 200 7052 "-" "Mozilla/5.0 (compatible; Googlebot/2.1; +http://www.google.com/bot.html)"
66.249.65.201 - - [12/Mar/2014:04:32:45 +0100] "GET /news.php?cs_go=archiv&cs_id=4803&cs_search= HTTP/1.1" 200 11668 "-" "Mozilla/5.0 (compatible; Googlebot/2.1; +http://www.google.com/bot.html)"
208.115.111.75 - - [12/Mar/2014:04:41:35 +0100] "GET /modernisierung.php?cs_gp_go=plus HTTP/1.1" 200 9252 "-" "Mozilla/5.0 (compatible; Ezooms/1.0; help@moz.com)"
5.10.83.8 - - [12/Mar/2014:04:49:49 +0100] "GET /foerdermittel.php HTTP/1.1" 200 10473 "-" "Mozilla/5.0 (compatible; AhrefsBot/5.0; +http://ahrefs.com/robot/)"
208.115.113.91 - - [12/Mar/2014:05:05:52 +0100] "GET /robots.txt HTTP/1.1" 200 177 "-" "Mozilla/5.0 (compatible; Ezooms/1.0; help@moz.com)"
141.8.147.12 - - [12/Mar/2014:05:29:03 +0100] "GET /news.php?cs_go=archiv&cs_id=4929&cs_search= HTTP/1.1" 200 11139 "-" "Mozilla/5.0 (compatible; YandexBot/3.0; +http://yandex.com/bots)"
66.249.73.9 - - [12/Mar/2014:05:30:24 +0100] "GET /news.php?cs_go=archiv&cs_id=4447 HTTP/1.1" 200 8246 "-" "Mozilla/5.0 (compatible; Googlebot/2.1; +http://www.google.com/bot.html)"
66.249.73.233 - - [12/Mar/2014:05:54:11 +0100] "GET /index.php HTTP/1.1" 200 13900 "-" "Mozilla/5.0 (compatible; Googlebot/2.1; +http://www.google.com/bot.html)"
66.249.73.225 - - [12/Mar/2014:05:54:42 +0100] "GET /js_contentserver24_greybox/gb_styles.css HTTP/1.1" 200 2302 "-" "Mozilla/5.0 (compatible; Googlebot/2.1; +http://www.google.com/bot.html)"
66.249.73.19 - - [12/Mar/2014:05:54:48 +0100] "GET /news.php?cs_go=archiv&cs_id=5009 HTTP/1.1" 200 11370 "-" "Mozilla/5.0 (compatible; Googlebot/2.1; +http://www.google.com/bot.html)"
141.8.147.12 - - [12/Mar/2014:06:03:30 +0100] "GET /robots.txt HTTP/1.1" 200 177 "-" "Mozilla/5.0 (compatible; YandexBot/3.0; +http://yandex.com/bots)"
142.4.212.217 - - [12/Mar/2014:06:30:06 +0100] "GET / HTTP/1.1" 200 13900 "http://www.mink-gmbh.de/" "Mozilla/5.0 (X11; Linux x86_64) AppleWebKit/537.36 (KHTML, like Gecko) Chrome/27.0.1453.110 Safari/537.36"
142.4.212.217 - - [12/Mar/2014:06:30:14 +0100] "GET /kwk.php HTTP/1.1" 200 8447 "http://www.mink-gmbh.de/" "Mozilla/5.0 (X11; Linux x86_64) AppleWebKit/537.36 (KHTML, like Gecko) Chrome/27.0.1453.110 Safari/537.36"
141.8.147.12 - - [12/Mar/2014:06:31:22 +0100] "GET /news.php?cs_go=archiv&cs_id=4924&cs_search= HTTP/1.1" 200 11189 "-" "Mozilla/5.0 (compatible; YandexBot/3.0; +http://yandex.com/bots)"
5.10.83.53 - - [12/Mar/2014:06:39:00 +0100] "GET /news.php?cs_go=archiv&cs_startpos=60 HTTP/1.1" 200 20299 "-" "Mozilla/5.0 (compatible; AhrefsBot/5.0; +http://ahrefs.com/robot/)"
141.8.147.12 - - [12/Mar/2014:06:58:06 +0100] "GET /news.php?cs_go=archiv&cs_id=4930&cs_search= HTTP/1.1" 200 7369 "-" "Mozilla/5.0 (compatible; YandexBot/3.0; +http://yandex.com/bots)"
66.249.73.2 - - [12/Mar/2014:06:59:00 +0100] "GET /optiplus.php HTTP/1.1" 200 8639 "-" "Mozilla/5.0 (compatible; Googlebot/2.1; +http://www.google.com/bot.html)"
5.10.83.105 - - [12/Mar/2014:07:03:13 +0100] "GET /schwefelarmstandard.php HTTP/1.1" 200 10730 "-" "Mozilla/5.0 (compatible; AhrefsBot/5.0; +http://ahrefs.com/robot/)"
208.115.113.91 - - [12/Mar/2014:07:05:15 +0100] "GET /wunschpreis.php HTTP/1.1" 200 10237 "-" "Mozilla/5.0 (compatible; Ezooms/1.0; help@moz.com)"
141.8.147.12 - - [12/Mar/2014:07:41:18 +0100] "GET /news.php?cs_go=archiv&cs_id=4917&cs_search= HTTP/1.1" 200 7796 "-" "Mozilla/5.0 (compatible; YandexBot/3.0; +http://yandex.com/bots)"
199.58.86.206 - - [12/Mar/2014:07:46:22 +0100] "GET /robots.txt HTTP/1.0" 200 177 "-" "Mozilla/5.0 (compatible; MJ12bot/v1.4.4; http://www.majestic12.co.uk/bot.php?+)"
199.58.86.206 - - [12/Mar/2014:07:46:24 +0100] "GET / HTTP/1.0" 200 13909 "-" "Mozilla/5.0 (compatible; MJ12bot/v1.4.4; http://www.majestic12.co.uk/bot.php?+)"
141.8.147.12 - - [12/Mar/2014:07:47:12 +0100] "GET /news.php?cs_go=archiv&cs_id=4928&cs_search= HTTP/1.1" 200 8042 "-" "Mozilla/5.0 (compatible; YandexBot/3.0; +http://yandex.com/bots)"
141.8.147.12 - - [12/Mar/2014:07:50:50 +0100] "GET /news.php?cs_go=archiv&cs_id=4948&cs_search= HTTP/1.1" 200 11214 "-" "Mozilla/5.0 (compatible; YandexBot/3.0; +http://yandex.com/bots)"
66.249.65.201 - - [12/Mar/2014:07:56:37 +0100] "GET /kwk.php HTTP/1.1" 200 8447 "-" "Mozilla/5.0 (compatible; Googlebot/2.1; +http://www.google.com/bot.html)"
178.255.215.64 - - [12/Mar/2014:08:37:13 +0100] "GET / HTTP/1.1" 200 13863 "-" "Mozilla/5.0 (compatible; Exabot/3.0; +http://www.exabot.com/go/robot)"
141.8.147.12 - - [12/Mar/2014:08:42:45 +0100] "GET /news.php?cs_go=archiv&cs_id=4939&cs_search= HTTP/1.1" 200 7487 "-" "Mozilla/5.0 (compatible; YandexBot/3.0; +http://yandex.com/bots)"
178.255.215.64 - - [12/Mar/2014:08:43:32 +0100] "GET /faq.php HTTP/1.1" 200 216832 "-" "Mozilla/5.0 (compatible; Exabot/3.0; +http://www.exabot.com/go/robot)"
66.249.65.201 - - [12/Mar/2014:08:48:13 +0100] "GET /news.php?cs_go=archiv&cs_id=5002 HTTP/1.1" 200 11301 "-" "Mozilla/5.0 (iPhone; CPU iPhone OS 6_0 like Mac OS X) AppleWebKit/536.26 (KHTML, like Gecko) Version/6.0 Mobile/10A5376e Safari/8536.25 (compatible; Googlebot/2.1; +http://www.google.com/bot.html)"
144.76.95.232 - - [12/Mar/2014:08:49:49 +0100] "GET /robots.txt HTTP/1.0" 200 177 "-" "Mozilla/5.0 (compatible; MJ12bot/v1.4.4; http://www.majestic12.co.uk/bot.php?+)"
144.76.95.232 - - [12/Mar/2014:08:49:54 +0100] "GET /news.php?cs_go=archiv&cs_id=3945 HTTP/1.0" 200 7667 "-" "Mozilla/5.0 (compatible; MJ12bot/v1.4.4; http://www.majestic12.co.uk/bot.php?+)"
144.76.95.232 - - [12/Mar/2014:08:49:57 +0100] "GET /news.php?cs_go=archiv&cs_id=3947 HTTP/1.0" 200 11049 "-" "Mozilla/5.0 (compatible; MJ12bot/v1.4.4; http://www.majestic12.co.uk/bot.php?+)"
144.76.95.232 - - [12/Mar/2014:08:49:58 +0100] "GET /news.php?cs_go=archiv&cs_id=3948 HTTP/1.0" 200 8538 "-" "Mozilla/5.0 (compatible; MJ12bot/v1.4.4; http://www.majestic12.co.uk/bot.php?+)"
144.76.95.232 - - [12/Mar/2014:08:50:05 +0100] "GET /news.php?cs_go=archiv&cs_id=3951&cs_search= HTTP/1.0" 200 11122 "-" "Mozilla/5.0 (compatible; MJ12bot/v1.4.4; http://www.majestic12.co.uk/bot.php?+)"
144.76.95.232 - - [12/Mar/2014:08:50:10 +0100] "GET /news.php?cs_go=archiv&cs_id=3954 HTTP/1.0" 200 10052 "-" "Mozilla/5.0 (compatible; MJ12bot/v1.4.4; http://www.majestic12.co.uk/bot.php?+)"
144.76.95.232 - - [12/Mar/2014:08:50:13 +0100] "GET /news.php?cs_go=archiv&cs_id=3957 HTTP/1.0" 200 8283 "-" "Mozilla/5.0 (compatible; MJ12bot/v1.4.4; http://www.majestic12.co.uk/bot.php?+)"
144.76.95.232 - - [12/Mar/2014:08:50:19 +0100] "GET /news.php?cs_go=archiv&cs_id=3958 HTTP/1.0" 200 7844 "-" "Mozilla/5.0 (compatible; MJ12bot/v1.4.4; http://www.majestic12.co.uk/bot.php?+)"
144.76.95.232 - - [12/Mar/2014:08:50:23 +0100] "GET /news.php?cs_go=archiv&cs_id=3964 HTTP/1.0" 200 9744 "-" "Mozilla/5.0 (compatible; MJ12bot/v1.4.4; http://www.majestic12.co.uk/bot.php?+)"
144.76.95.232 - - [12/Mar/2014:08:50:26 +0100] "GET /news.php?cs_go=archiv&cs_id=3965 HTTP/1.0" 200 10710 "-" "Mozilla/5.0 (compatible; MJ12bot/v1.4.4; http://www.majestic12.co.uk/bot.php?+)"
144.76.95.232 - - [12/Mar/2014:08:50:31 +0100] "GET /news.php?cs_go=archiv&cs_id=3969 HTTP/1.0" 200 11537 "-" "Mozilla/5.0 (compatible; MJ12bot/v1.4.4; http://www.majestic12.co.uk/bot.php?+)"
144.76.95.232 - - [12/Mar/2014:08:50:36 +0100] "GET /news.php?cs_go=archiv&cs_id=3970 HTTP/1.0" 200 7966 "-" "Mozilla/5.0 (compatible; MJ12bot/v1.4.4; http://www.majestic12.co.uk/bot.php?+)"
144.76.95.232 - - [12/Mar/2014:08:50:41 +0100] "GET /news.php?cs_go=archiv&cs_id=3971 HTTP/1.0" 200 7397 "-" "Mozilla/5.0 (compatible; MJ12bot/v1.4.4; http://www.majestic12.co.uk/bot.php?+)"
144.76.95.232 - - [12/Mar/2014:08:50:44 +0100] "GET /news.php?cs_go=archiv&cs_id=3973 HTTP/1.0" 200 11127 "-" "Mozilla/5.0 (compatible; MJ12bot/v1.4.4; http://www.majestic12.co.uk/bot.php?+)"
144.76.95.232 - - [12/Mar/2014:08:50:49 +0100] "GET /news.php?cs_go=archiv&cs_id=3980 HTTP/1.0" 200 7558 "-" "Mozilla/5.0 (compatible; MJ12bot/v1.4.4; http://www.majestic12.co.uk/bot.php?+)"
144.76.95.232 - - [12/Mar/2014:08:50:51 +0100] "GET /news.php?cs_go=archiv&cs_id=3982 HTTP/1.0" 200 11071 "-" "Mozilla/5.0 (compatible; MJ12bot/v1.4.4; http://www.majestic12.co.uk/bot.php?+)"
144.76.95.232 - - [12/Mar/2014:08:50:54 +0100] "GET /news.php?cs_go=archiv&cs_id=3983 HTTP/1.0" 200 7617 "-" "Mozilla/5.0 (compatible; MJ12bot/v1.4.4; http://www.majestic12.co.uk/bot.php?+)"
144.76.95.232 - - [12/Mar/2014:08:50:57 +0100] "GET /news.php?cs_go=archiv&cs_id=3984 HTTP/1.0" 200 10822 "-" "Mozilla/5.0 (compatible; MJ12bot/v1.4.4; http://www.majestic12.co.uk/bot.php?+)"
144.76.95.232 - - [12/Mar/2014:08:51:02 +0100] "GET /news.php?cs_go=archiv&cs_id=3990 HTTP/1.0" 200 10882 "-" "Mozilla/5.0 (compatible; MJ12bot/v1.4.4; http://www.majestic12.co.uk/bot.php?+)"
144.76.95.232 - - [12/Mar/2014:08:51:06 +0100] "GET /news.php?cs_go=archiv&cs_id=3991 HTTP/1.0" 200 7572 "-" "Mozilla/5.0 (compatible; MJ12bot/v1.4.4; http://www.majestic12.co.uk/bot.php?+)"
144.76.95.232 - - [12/Mar/2014:08:51:11 +0100] "GET /news.php?cs_go=archiv&cs_id=3994 HTTP/1.0" 200 7729 "-" "Mozilla/5.0 (compatible; MJ12bot/v1.4.4; http://www.majestic12.co.uk/bot.php?+)"
144.76.95.232 - - [12/Mar/2014:08:51:15 +0100] "GET /news.php?cs_go=archiv&cs_id=4000 HTTP/1.0" 200 7614 "-" "Mozilla/5.0 (compatible; MJ12bot/v1.4.4; http://www.majestic12.co.uk/bot.php?+)"
144.76.95.232 - - [12/Mar/2014:08:51:19 +0100] "GET /news.php?cs_go=archiv&cs_id=4006 HTTP/1.0" 200 8957 "-" "Mozilla/5.0 (compatible; MJ12bot/v1.4.4; http://www.majestic12.co.uk/bot.php?+)"
144.76.95.232 - - [12/Mar/2014:08:51:23 +0100] "GET /news.php?cs_go=archiv&cs_id=4009 HTTP/1.0" 200 8001 "-" "Mozilla/5.0 (compatible; MJ12bot/v1.4.4; http://www.majestic12.co.uk/bot.php?+)"
144.76.95.232 - - [12/Mar/2014:08:51:28 +0100] "GET /news.php?cs_go=archiv&cs_id=4010 HTTP/1.0" 200 11175 "-" "Mozilla/5.0 (compatible; MJ12bot/v1.4.4; http://www.majestic12.co.uk/bot.php?+)"
144.76.95.232 - - [12/Mar/2014:08:51:32 +0100] "GET /news.php?cs_go=archiv&cs_id=4016 HTTP/1.0" 200 7744 "-" "Mozilla/5.0 (compatible; MJ12bot/v1.4.4; http://www.majestic12.co.uk/bot.php?+)"
144.76.95.232 - - [12/Mar/2014:08:51:36 +0100] "GET /news.php?cs_go=archiv&cs_id=4017 HTTP/1.0" 200 9219 "-" "Mozilla/5.0 (compatible; MJ12bot/v1.4.4; http://www.majestic12.co.uk/bot.php?+)"
144.76.95.232 - - [12/Mar/2014:08:51:40 +0100] "GET /news.php?cs_go=archiv&cs_id=4021 HTTP/1.0" 200 11593 "-" "Mozilla/5.0 (compatible; MJ12bot/v1.4.4; http://www.majestic12.co.uk/bot.php?+)"
144.76.95.232 - - [12/Mar/2014:08:51:45 +0100] "GET /news.php?cs_go=archiv&cs_id=4023 HTTP/1.0" 200 10925 "-" "Mozilla/5.0 (compatible; MJ12bot/v1.4.4; http://www.majestic12.co.uk/bot.php?+)"
144.76.95.232 - - [12/Mar/2014:08:51:49 +0100] "GET /news.php?cs_go=archiv&cs_id=4024 HTTP/1.0" 200 10967 "-" "Mozilla/5.0 (compatible; MJ12bot/v1.4.4; http://www.majestic12.co.uk/bot.php?+)"
144.76.95.232 - - [12/Mar/2014:08:51:55 +0100] "GET /news.php?cs_go=archiv&cs_id=4025 HTTP/1.0" 200 7828 "-" "Mozilla/5.0 (compatible; MJ12bot/v1.4.4; http://www.majestic12.co.uk/bot.php?+)"
144.76.95.232 - - [12/Mar/2014:08:51:57 +0100] "GET /news.php?cs_go=archiv&cs_id=4026 HTTP/1.0" 200 11121 "-" "Mozilla/5.0 (compatible; MJ12bot/v1.4.4; http://www.majestic12.co.uk/bot.php?+)"
144.76.95.232 - - [12/Mar/2014:08:52:01 +0100] "GET /news.php?cs_go=archiv&cs_id=4029 HTTP/1.0" 200 7704 "-" "Mozilla/5.0 (compatible; MJ12bot/v1.4.4; http://www.majestic12.co.uk/bot.php?+)"
144.76.95.232 - - [12/Mar/2014:08:52:04 +0100] "GET /news.php?cs_go=archiv&cs_id=4030 HTTP/1.0" 200 10876 "-" "Mozilla/5.0 (compatible; MJ12bot/v1.4.4; http://www.majestic12.co.uk/bot.php?+)"
144.76.95.232 - - [12/Mar/2014:08:52:06 +0100] "GET /news.php?cs_go=archiv&cs_id=4031 HTTP/1.0" 200 7904 "-" "Mozilla/5.0 (compatible; MJ12bot/v1.4.4; http://www.majestic12.co.uk/bot.php?+)"
5.10.83.3 - - [12/Mar/2014:08:52:07 +0100] "GET /news.php?cs_go=archiv&cs_id=4845&cs_search= HTTP/1.1" 200 9332 "-" "Mozilla/5.0 (compatible; AhrefsBot/5.0; +http://ahrefs.com/robot/)"
144.76.95.232 - - [12/Mar/2014:08:52:09 +0100] "GET /news.php?cs_go=archiv&cs_id=4032 HTTP/1.0" 200 11147 "-" "Mozilla/5.0 (compatible; MJ12bot/v1.4.4; http://www.majestic12.co.uk/bot.php?+)"
144.76.95.232 - - [12/Mar/2014:08:52:11 +0100] "GET /news.php?cs_go=archiv&cs_id=4033 HTTP/1.0" 200 7590 "-" "Mozilla/5.0 (compatible; MJ12bot/v1.4.4; http://www.majestic12.co.uk/bot.php?+)"
144.76.95.232 - - [12/Mar/2014:08:52:14 +0100] "GET /news.php?cs_go=archiv&cs_id=4034 HTTP/1.0" 200 10622 "-" "Mozilla/5.0 (compatible; MJ12bot/v1.4.4; http://www.majestic12.co.uk/bot.php?+)"
144.76.95.232 - - [12/Mar/2014:08:52:16 +0100] "GET /news.php?cs_go=archiv&cs_id=4035 HTTP/1.0" 200 7444 "-" "Mozilla/5.0 (compatible; MJ12bot/v1.4.4; http://www.majestic12.co.uk/bot.php?+)"
144.76.95.232 - - [12/Mar/2014:08:52:19 +0100] "GET /news.php?cs_go=archiv&cs_id=4036 HTTP/1.0" 200 10700 "-" "Mozilla/5.0 (compatible; MJ12bot/v1.4.4; http://www.majestic12.co.uk/bot.php?+)"
144.76.95.232 - - [12/Mar/2014:08:52:23 +0100] "GET /news.php?cs_go=archiv&cs_id=4037 HTTP/1.0" 200 7499 "-" "Mozilla/5.0 (compatible; MJ12bot/v1.4.4; http://www.majestic12.co.uk/bot.php?+)"
144.76.95.232 - - [12/Mar/2014:08:52:25 +0100] "GET /news.php?cs_go=archiv&cs_id=4038 HTTP/1.0" 200 10734 "-" "Mozilla/5.0 (compatible; MJ12bot/v1.4.4; http://www.majestic12.co.uk/bot.php?+)"
144.76.95.232 - - [12/Mar/2014:08:52:27 +0100] "GET /news.php?cs_go=archiv&cs_id=4039 HTTP/1.0" 200 10529 "-" "Mozilla/5.0 (compatible; MJ12bot/v1.4.4; http://www.majestic12.co.uk/bot.php?+)"
144.76.95.232 - - [12/Mar/2014:08:52:29 +0100] "GET /news.php?cs_go=archiv&cs_id=4041 HTTP/1.0" 200 10711 "-" "Mozilla/5.0 (compatible; MJ12bot/v1.4.4; http://www.majestic12.co.uk/bot.php?+)"
144.76.95.232 - - [12/Mar/2014:08:52:31 +0100] "GET /news.php?cs_go=archiv&cs_id=4044 HTTP/1.0" 200 13252 "-" "Mozilla/5.0 (compatible; MJ12bot/v1.4.4; http://www.majestic12.co.uk/bot.php?+)"
144.76.95.232 - - [12/Mar/2014:08:52:33 +0100] "GET /news.php?cs_go=archiv&cs_id=4103 HTTP/1.0" 200 7544 "-" "Mozilla/5.0 (compatible; MJ12bot/v1.4.4; http://www.majestic12.co.uk/bot.php?+)"
144.76.95.232 - - [12/Mar/2014:08:52:35 +0100] "GET /news.php?cs_go=archiv&cs_id=4106 HTTP/1.0" 200 11176 "-" "Mozilla/5.0 (compatible; MJ12bot/v1.4.4; http://www.majestic12.co.uk/bot.php?+)"
144.76.95.232 - - [12/Mar/2014:08:52:37 +0100] "GET /news.php?cs_go=archiv&cs_id=4116 HTTP/1.0" 200 10123 "-" "Mozilla/5.0 (compatible; MJ12bot/v1.4.4; http://www.majestic12.co.uk/bot.php?+)"
144.76.95.232 - - [12/Mar/2014:08:52:39 +0100] "GET /news.php?cs_go=archiv&cs_id=4123 HTTP/1.0" 200 19404 "-" "Mozilla/5.0 (compatible; MJ12bot/v1.4.4; http://www.majestic12.co.uk/bot.php?+)"
144.76.95.232 - - [12/Mar/2014:08:52:41 +0100] "GET /news.php?cs_go=archiv&cs_id=4124 HTTP/1.0" 200 8489 "-" "Mozilla/5.0 (compatible; MJ12bot/v1.4.4; http://www.majestic12.co.uk/bot.php?+)"
144.76.95.232 - - [12/Mar/2014:08:52:43 +0100] "GET /news.php?cs_go=archiv&cs_id=4125 HTTP/1.0" 200 9154 "-" "Mozilla/5.0 (compatible; MJ12bot/v1.4.4; http://www.majestic12.co.uk/bot.php?+)"
144.76.95.232 - - [12/Mar/2014:08:52:46 +0100] "GET /news.php?cs_go=archiv&cs_id=4126 HTTP/1.0" 200 9073 "-" "Mozilla/5.0 (compatible; MJ12bot/v1.4.4; http://www.majestic12.co.uk/bot.php?+)"
144.76.95.232 - - [12/Mar/2014:08:52:52 +0100] "GET /news.php?cs_go=archiv&cs_id=4128 HTTP/1.0" 200 7656 "-" "Mozilla/5.0 (compatible; MJ12bot/v1.4.4; http://www.majestic12.co.uk/bot.php?+)"
144.76.95.232 - - [12/Mar/2014:08:52:54 +0100] "GET /news.php?cs_go=archiv&cs_id=4130 HTTP/1.0" 200 11343 "-" "Mozilla/5.0 (compatible; MJ12bot/v1.4.4; http://www.majestic12.co.uk/bot.php?+)"
144.76.95.232 - - [12/Mar/2014:08:52:56 +0100] "GET /news.php?cs_go=archiv&cs_id=4138 HTTP/1.0" 200 8509 "-" "Mozilla/5.0 (compatible; MJ12bot/v1.4.4; http://www.majestic12.co.uk/bot.php?+)"
144.76.95.232 - - [12/Mar/2014:08:52:58 +0100] "GET /news.php?cs_go=archiv&cs_id=4139 HTTP/1.0" 200 8727 "-" "Mozilla/5.0 (compatible; MJ12bot/v1.4.4; http://www.majestic12.co.uk/bot.php?+)"
144.76.95.232 - - [12/Mar/2014:08:53:00 +0100] "GET /news.php?cs_go=archiv&cs_id=4140 HTTP/1.0" 200 9407 "-" "Mozilla/5.0 (compatible; MJ12bot/v1.4.4; http://www.majestic12.co.uk/bot.php?+)"
144.76.95.232 - - [12/Mar/2014:08:53:02 +0100] "GET /news.php?cs_go=archiv&cs_id=4146 HTTP/1.0" 200 11204 "-" "Mozilla/5.0 (compatible; MJ12bot/v1.4.4; http://www.majestic12.co.uk/bot.php?+)"
144.76.95.232 - - [12/Mar/2014:08:53:03 +0100] "GET /news.php?cs_go=archiv&cs_id=4148 HTTP/1.0" 200 9873 "-" "Mozilla/5.0 (compatible; MJ12bot/v1.4.4; http://www.majestic12.co.uk/bot.php?+)"
144.76.95.232 - - [12/Mar/2014:08:53:07 +0100] "GET /news.php?cs_go=archiv&cs_id=4152 HTTP/1.0" 200 7931 "-" "Mozilla/5.0 (compatible; MJ12bot/v1.4.4; http://www.majestic12.co.uk/bot.php?+)"
144.76.95.232 - - [12/Mar/2014:08:53:12 +0100] "GET /news.php?cs_go=archiv&cs_id=4157 HTTP/1.0" 200 11672 "-" "Mozilla/5.0 (compatible; MJ12bot/v1.4.4; http://www.majestic12.co.uk/bot.php?+)"
144.76.95.232 - - [12/Mar/2014:08:53:14 +0100] "GET /news.php?cs_go=archiv&cs_id=4159 HTTP/1.0" 200 13207 "-" "Mozilla/5.0 (compatible; MJ12bot/v1.4.4; http://www.majestic12.co.uk/bot.php?+)"
144.76.95.232 - - [12/Mar/2014:08:53:16 +0100] "GET /news.php?cs_go=archiv&cs_id=4162 HTTP/1.0" 200 9034 "-" "Mozilla/5.0 (compatible; MJ12bot/v1.4.4; http://www.majestic12.co.uk/bot.php?+)"
144.76.95.232 - - [12/Mar/2014:08:53:18 +0100] "GET /news.php?cs_go=archiv&cs_id=4163 HTTP/1.0" 200 7780 "-" "Mozilla/5.0 (compatible; MJ12bot/v1.4.4; http://www.majestic12.co.uk/bot.php?+)"
144.76.95.232 - - [12/Mar/2014:08:53:20 +0100] "GET /news.php?cs_go=archiv&cs_id=4169 HTTP/1.0" 200 11408 "-" "Mozilla/5.0 (compatible; MJ12bot/v1.4.4; http://www.majestic12.co.uk/bot.php?+)"
144.76.95.232 - - [12/Mar/2014:08:53:22 +0100] "GET /news.php?cs_go=archiv&cs_id=4170 HTTP/1.0" 200 7685 "-" "Mozilla/5.0 (compatible; MJ12bot/v1.4.4; http://www.majestic12.co.uk/bot.php?+)"
144.76.95.232 - - [12/Mar/2014:08:53:25 +0100] "GET /news.php?cs_go=archiv&cs_id=4173 HTTP/1.0" 200 11395 "-" "Mozilla/5.0 (compatible; MJ12bot/v1.4.4; http://www.majestic12.co.uk/bot.php?+)"
144.76.95.232 - - [12/Mar/2014:08:53:27 +0100] "GET /news.php?cs_go=archiv&cs_id=4175 HTTP/1.0" 200 8543 "-" "Mozilla/5.0 (compatible; MJ12bot/v1.4.4; http://www.majestic12.co.uk/bot.php?+)"
144.76.95.232 - - [12/Mar/2014:08:53:29 +0100] "GET /news.php?cs_go=archiv&cs_id=4176 HTTP/1.0" 200 11578 "-" "Mozilla/5.0 (compatible; MJ12bot/v1.4.4; http://www.majestic12.co.uk/bot.php?+)"
144.76.95.232 - - [12/Mar/2014:08:53:31 +0100] "GET /news.php?cs_go=archiv&cs_id=4177 HTTP/1.0" 200 7564 "-" "Mozilla/5.0 (compatible; MJ12bot/v1.4.4; http://www.majestic12.co.uk/bot.php?+)"
