66.249.73.225 - - [20/Mar/2014:22:59:36 +0100] "GET /news.php HTTP/1.1" 200 19765 "-" "SAMSUNG-SGH-E250/1.0 Profile/MIDP-2.0 Configuration/CLDC-1.1 UP.Browser/6.2.3.3.c.1.101 (GUI) MMP/2.0 (compatible; Googlebot-Mobile/2.1; +http://www.google.com/bot.html)"
123.125.71.27 - - [20/Mar/2014:22:59:40 +0100] "GET / HTTP/1.1" 200 6591 "-" "Mozilla/5.0 (compatible; Baiduspider/2.0; +http://www.baidu.com/search/spider.html)"
220.181.108.101 - - [20/Mar/2014:23:04:51 +0100] "GET / HTTP/1.1" 200 9424 "-" "Mozilla/5.0 (compatible; Baiduspider/2.0; +http://www.baidu.com/search/spider.html)"
188.40.153.39 - - [20/Mar/2014:23:27:25 +0100] "GET / HTTP/1.1" 200 13905 "-" "Mozilla/5.0 (Windows NT 6.0) AppleWebKit/537.11 (KHTML, like Gecko) Chrome/23.0.1271.97 Safari/537.11"
5.10.83.17 - - [20/Mar/2014:23:39:52 +0100] "GET /news.php?cs_go=archiv&cs_id=5017&cs_search= HTTP/1.1" 200 7563 "-" "Mozilla/5.0 (compatible; AhrefsBot/5.0; +http://ahrefs.com/robot/)"
93.220.28.21 - - [20/Mar/2014:23:44:06 +0100] "GET /style.css HTTP/1.1" 304 - "http://www.mink-gmbh.de/" "Mozilla/5.0 (compatible; MSIE 10.0; Windows NT 6.2; WOW64; Trident/6.0)"
93.220.28.21 - - [20/Mar/2014:23:44:06 +0100] "GET /modul.css HTTP/1.1" 304 - "http://www.mink-gmbh.de/" "Mozilla/5.0 (compatible; MSIE 10.0; Windows NT 6.2; WOW64; Trident/6.0)"
93.220.28.21 - - [20/Mar/2014:23:44:06 +0100] "GET /images/bg.png HTTP/1.1" 304 - "http://www.mink-gmbh.de/" "Mozilla/5.0 (compatible; MSIE 10.0; Windows NT 6.2; WOW64; Trident/6.0)"
93.220.28.21 - - [20/Mar/2014:23:44:06 +0100] "GET /images/navibg.png HTTP/1.1" 304 - "http://www.mink-gmbh.de/" "Mozilla/5.0 (compatible; MSIE 10.0; Windows NT 6.2; WOW64; Trident/6.0)"
93.220.28.21 - - [20/Mar/2014:23:44:06 +0100] "GET / HTTP/1.1" 200 13905 "http://www.bing.com/search?q=www.mink-gmbh.de&src=IE-SearchBox&FORM=IE10SR" "Mozilla/5.0 (compatible; MSIE 10.0; Windows NT 6.2; WOW64; Trident/6.0)"
93.220.28.21 - - [20/Mar/2014:23:44:06 +0100] "GET /images/wrapperbg.jpg HTTP/1.1" 304 - "http://www.mink-gmbh.de/" "Mozilla/5.0 (compatible; MSIE 10.0; Windows NT 6.2; WOW64; Trident/6.0)"
93.220.28.21 - - [20/Mar/2014:23:44:06 +0100] "GET /images/newsletter_bg.jpg HTTP/1.1" 304 - "http://www.mink-gmbh.de/" "Mozilla/5.0 (compatible; MSIE 10.0; Windows NT 6.2; WOW64; Trident/6.0)"
93.220.28.21 - - [20/Mar/2014:23:44:06 +0100] "GET /images/close.png HTTP/1.1" 304 - "http://www.mink-gmbh.de/" "Mozilla/5.0 (compatible; MSIE 10.0; Windows NT 6.2; WOW64; Trident/6.0)"
93.220.28.21 - - [20/Mar/2014:23:44:06 +0100] "GET /images/steigend.png HTTP/1.1" 304 - "http://www.mink-gmbh.de/" "Mozilla/5.0 (compatible; MSIE 10.0; Windows NT 6.2; WOW64; Trident/6.0)"
93.220.28.21 - - [20/Mar/2014:23:44:06 +0100] "GET /images/header.jpg HTTP/1.1" 304 - "http://www.mink-gmbh.de/" "Mozilla/5.0 (compatible; MSIE 10.0; Windows NT 6.2; WOW64; Trident/6.0)"
93.220.28.21 - - [20/Mar/2014:23:44:06 +0100] "GET /images/newsletter.png HTTP/1.1" 304 - "http://www.mink-gmbh.de/" "Mozilla/5.0 (compatible; MSIE 10.0; Windows NT 6.2; WOW64; Trident/6.0)"
93.220.28.21 - - [20/Mar/2014:23:44:06 +0100] "GET /images/tkw.jpg HTTP/1.1" 304 - "http://www.mink-gmbh.de/" "Mozilla/5.0 (compatible; MSIE 10.0; Windows NT 6.2; WOW64; Trident/6.0)"
93.220.28.21 - - [20/Mar/2014:23:44:06 +0100] "GET /images/team-energie.png HTTP/1.1" 304 - "http://www.mink-gmbh.de/" "Mozilla/5.0 (compatible; MSIE 10.0; Windows NT 6.2; WOW64; Trident/6.0)"
93.220.28.21 - - [20/Mar/2014:23:44:06 +0100] "GET /images/freecall.jpg HTTP/1.1" 304 - "http://www.mink-gmbh.de/" "Mozilla/5.0 (compatible; MSIE 10.0; Windows NT 6.2; WOW64; Trident/6.0)"
93.220.28.21 - - [20/Mar/2014:23:44:06 +0100] "GET /images/mail.jpg HTTP/1.1" 304 - "http://www.mink-gmbh.de/" "Mozilla/5.0 (compatible; MSIE 10.0; Windows NT 6.2; WOW64; Trident/6.0)"
93.220.28.21 - - [20/Mar/2014:23:44:06 +0100] "GET /images/kwk.gif HTTP/1.1" 304 - "http://www.mink-gmbh.de/" "Mozilla/5.0 (compatible; MSIE 10.0; Windows NT 6.2; WOW64; Trident/6.0)"
93.220.28.21 - - [20/Mar/2014:23:44:06 +0100] "GET /images/wunschpreis.jpg HTTP/1.1" 304 - "http://www.mink-gmbh.de/" "Mozilla/5.0 (compatible; MSIE 10.0; Windows NT 6.2; WOW64; Trident/6.0)"
93.220.28.21 - - [20/Mar/2014:23:44:06 +0100] "GET /images/footerbg.jpg HTTP/1.1" 304 - "http://www.mink-gmbh.de/" "Mozilla/5.0 (compatible; MSIE 10.0; Windows NT 6.2; WOW64; Trident/6.0)"
93.220.28.21 - - [20/Mar/2014:23:44:06 +0100] "GET /images/newsletter.jpg HTTP/1.1" 304 - "http://www.mink-gmbh.de/" "Mozilla/5.0 (compatible; MSIE 10.0; Windows NT 6.2; WOW64; Trident/6.0)"
93.220.28.21 - - [20/Mar/2014:23:44:06 +0100] "GET /images/mobil.jpg HTTP/1.1" 304 - "http://www.mink-gmbh.de/" "Mozilla/5.0 (compatible; MSIE 10.0; Windows NT 6.2; WOW64; Trident/6.0)"
93.220.28.21 - - [20/Mar/2014:23:44:06 +0100] "GET /images/logos.jpg?cache1113 HTTP/1.1" 200 35043 "http://www.mink-gmbh.de/" "Mozilla/5.0 (compatible; MSIE 10.0; Windows NT 6.2; WOW64; Trident/6.0)"
192.99.12.128 - - [20/Mar/2014:23:44:30 +0100] "GET /news.php?cs_go=archiv&cs_id=5011 HTTP/1.1" 200 8311 "http://www.mink-gmbh.de/" "Mozilla/5.0 (X11; Ubuntu; Linux i686; rv:22.0) Gecko/20100101 Firefox/22.0"
192.99.12.128 - - [20/Mar/2014:23:44:31 +0100] "GET /kwk.php HTTP/1.1" 200 8447 "http://www.mink-gmbh.de/" "Mozilla/5.0 (X11; Ubuntu; Linux i686; rv:22.0) Gecko/20100101 Firefox/22.0"
87.169.224.222 - - [20/Mar/2014:23:51:23 +0100] "GET / HTTP/1.1" 200 13905 "-" "Mozilla/5.0 (Windows NT 6.1; Win64; x64; rv:22.0) Gecko/20130328 Firefox/22.0"
5.10.83.30 - - [21/Mar/2014:00:23:39 +0100] "GET /news.php?cs_go=archiv&cs_id=5018&cs_search= HTTP/1.1" 200 7560 "-" "Mozilla/5.0 (compatible; AhrefsBot/5.0; +http://ahrefs.com/robot/)"
144.76.95.232 - - [21/Mar/2014:00:49:08 +0100] "GET /robots.txt HTTP/1.0" 200 177 "-" "Mozilla/5.0 (compatible; MJ12bot/v1.4.4; http://www.majestic12.co.uk/bot.php?+)"
144.76.95.232 - - [21/Mar/2014:00:49:11 +0100] "GET /news.php?cs_go=archiv&cs_id=4887&cs_search= HTTP/1.0" 200 8279 "-" "Mozilla/5.0 (compatible; MJ12bot/v1.4.4; http://www.majestic12.co.uk/bot.php?+)"
144.76.95.232 - - [21/Mar/2014:00:49:15 +0100] "GET /news.php?cs_go=archiv&cs_id=4888&cs_search= HTTP/1.0" 200 11224 "-" "Mozilla/5.0 (compatible; MJ12bot/v1.4.4; http://www.majestic12.co.uk/bot.php?+)"
144.76.95.232 - - [21/Mar/2014:00:49:21 +0100] "GET /news.php?cs_go=archiv&cs_id=4889&cs_search= HTTP/1.0" 200 11148 "-" "Mozilla/5.0 (compatible; MJ12bot/v1.4.4; http://www.majestic12.co.uk/bot.php?+)"
144.76.95.232 - - [21/Mar/2014:00:49:26 +0100] "GET /news.php?cs_go=archiv&cs_id=4890&cs_search= HTTP/1.0" 200 7381 "-" "Mozilla/5.0 (compatible; MJ12bot/v1.4.4; http://www.majestic12.co.uk/bot.php?+)"
144.76.95.232 - - [21/Mar/2014:00:49:30 +0100] "GET /news.php?cs_go=archiv&cs_id=4891&cs_search= HTTP/1.0" 200 8036 "-" "Mozilla/5.0 (compatible; MJ12bot/v1.4.4; http://www.majestic12.co.uk/bot.php?+)"
144.76.95.232 - - [21/Mar/2014:00:49:34 +0100] "GET /news.php?cs_go=archiv&cs_id=4892&cs_search= HTTP/1.0" 200 7226 "-" "Mozilla/5.0 (compatible; MJ12bot/v1.4.4; http://www.majestic12.co.uk/bot.php?+)"
144.76.95.232 - - [21/Mar/2014:00:49:37 +0100] "GET /news.php?cs_go=archiv&cs_id=4893&cs_search= HTTP/1.0" 200 11650 "-" "Mozilla/5.0 (compatible; MJ12bot/v1.4.4; http://www.majestic12.co.uk/bot.php?+)"
144.76.95.232 - - [21/Mar/2014:00:49:40 +0100] "GET /news.php?cs_go=archiv&cs_id=4894&cs_search= HTTP/1.0" 200 7749 "-" "Mozilla/5.0 (compatible; MJ12bot/v1.4.4; http://www.majestic12.co.uk/bot.php?+)"
144.76.95.232 - - [21/Mar/2014:00:49:46 +0100] "GET /news.php?cs_go=archiv&cs_id=4897&cs_search= HTTP/1.0" 200 7427 "-" "Mozilla/5.0 (compatible; MJ12bot/v1.4.4; http://www.majestic12.co.uk/bot.php?+)"
144.76.95.232 - - [21/Mar/2014:00:49:52 +0100] "GET /news.php?cs_go=archiv&cs_id=4898&cs_search= HTTP/1.0" 200 11143 "-" "Mozilla/5.0 (compatible; MJ12bot/v1.4.4; http://www.majestic12.co.uk/bot.php?+)"
144.76.95.232 - - [21/Mar/2014:00:49:56 +0100] "GET /robots.txt HTTP/1.0" 200 177 "-" "Mozilla/5.0 (compatible; MJ12bot/v1.4.4; http://www.majestic12.co.uk/bot.php?+)"
144.76.95.232 - - [21/Mar/2014:00:50:00 +0100] "GET /news.php?cs_go=archiv&cs_startpos=61 HTTP/1.0" 200 20440 "-" "Mozilla/5.0 (compatible; MJ12bot/v1.4.4; http://www.majestic12.co.uk/bot.php?+)"
208.115.113.91 - - [21/Mar/2014:00:52:01 +0100] "GET /robots.txt HTTP/1.1" 200 177 "-" "Mozilla/5.0 (compatible; Ezooms/1.0; help@moz.com)"
157.55.35.42 - - [21/Mar/2014:01:21:53 +0100] "GET /modernisierung.php?cs_gp_go=coupon HTTP/1.1" 200 7829 "-" "Mozilla/5.0 (compatible; bingbot/2.0; +http://www.bing.com/bingbot.htm)"
66.249.73.13 - - [21/Mar/2014:01:41:01 +0100] "GET /news.php?cs_go=archiv&cs_id=3925 HTTP/1.1" 200 7673 "-" "SAMSUNG-SGH-E250/1.0 Profile/MIDP-2.0 Configuration/CLDC-1.1 UP.Browser/6.2.3.3.c.1.101 (GUI) MMP/2.0 (compatible; Googlebot-Mobile/2.1; +http://www.google.com/bot.html)"
66.249.73.225 - - [21/Mar/2014:01:49:10 +0100] "GET /news.php?cs_go=archiv&cs_id=4096&cs_search= HTTP/1.1" 200 7567 "-" "DoCoMo/2.0 N905i(c100;TB;W24H16) (compatible; Googlebot-Mobile/2.1; +http://www.google.com/bot.html)"
66.249.65.137 - - [21/Mar/2014:01:55:49 +0100] "GET /wunschpreis.php HTTP/1.1" 200 10237 "-" "Mozilla/5.0 (compatible; Googlebot/2.1; +http://www.google.com/bot.html)"
66.249.65.137 - - [21/Mar/2014:02:23:25 +0100] "GET /news.php?cs_go=archiv&cs_id=4792&cs_search= HTTP/1.1" 200 8821 "-" "Mozilla/5.0 (compatible; Googlebot/2.1; +http://www.google.com/bot.html)"
208.115.111.75 - - [21/Mar/2014:02:38:23 +0100] "GET /robots.txt HTTP/1.1" 200 177 "-" "Mozilla/5.0 (compatible; Ezooms/1.0; help@moz.com)"
208.115.113.91 - - [21/Mar/2014:02:52:24 +0100] "GET /kwk.php HTTP/1.1" 200 8447 "-" "Mozilla/5.0 (compatible; Ezooms/1.0; help@moz.com)"
208.115.113.91 - - [21/Mar/2014:02:52:34 +0100] "GET /news.php?cs_go=archiv&cs_id=4803&cs_search= HTTP/1.1" 200 11668 "-" "Mozilla/5.0 (compatible; Ezooms/1.0; help@moz.com)"
66.249.73.233 - - [21/Mar/2014:02:57:05 +0100] "GET /modul.css HTTP/1.1" 200 35038 "http://www.mink-gmbh.de/news.php?cs_go=archiv&cs_id=4939&cs_search=" "Mozilla/5.0 (compatible; Googlebot/2.1; +http://www.google.com/bot.html)"
66.249.65.169 - - [21/Mar/2014:02:57:06 +0100] "GET /modul.css HTTP/1.1" 200 35038 "http://www.mink-gmbh.de/news.php?cs_go=archiv&cs_id=4934&cs_search=" "Mozilla/5.0 (compatible; Googlebot/2.1; +http://www.google.com/bot.html)"
66.249.73.233 - - [21/Mar/2014:02:57:07 +0100] "GET /style.css HTTP/1.1" 200 8402 "http://www.mink-gmbh.de/news.php?cs_go=archiv&cs_id=4949&cs_search=" "Mozilla/5.0 (compatible; Googlebot/2.1; +http://www.google.com/bot.html)"
66.249.73.10 - - [21/Mar/2014:02:57:07 +0100] "GET /style.css HTTP/1.1" 200 8402 "http://www.mink-gmbh.de/news.php?cs_go=archiv&cs_id=4933&cs_search=" "Mozilla/5.0 (compatible; Googlebot/2.1; +http://www.google.com/bot.html)"
66.249.65.201 - - [21/Mar/2014:02:57:08 +0100] "GET /modul.css HTTP/1.1" 200 35038 "http://www.mink-gmbh.de/news.php?cs_go=archiv&cs_id=4940&cs_search=" "Mozilla/5.0 (compatible; Googlebot/2.1; +http://www.google.com/bot.html)"
66.249.65.137 - - [21/Mar/2014:02:57:08 +0100] "GET /style.css HTTP/1.1" 200 8402 "http://www.mink-gmbh.de/news.php?cs_go=archiv&cs_id=4947&cs_search=" "Mozilla/5.0 (compatible; Googlebot/2.1; +http://www.google.com/bot.html)"
66.249.65.137 - - [21/Mar/2014:02:57:09 +0100] "GET /modul.css HTTP/1.1" 200 35038 "http://www.mink-gmbh.de/news.php?cs_go=archiv&cs_id=4945&cs_search=" "Mozilla/5.0 (compatible; Googlebot/2.1; +http://www.google.com/bot.html)"
66.249.65.201 - - [21/Mar/2014:02:57:10 +0100] "GET /style.css HTTP/1.1" 200 8402 "http://www.mink-gmbh.de/news.php?cs_go=archiv&cs_id=4948&cs_search=" "Mozilla/5.0 (compatible; Googlebot/2.1; +http://www.google.com/bot.html)"
66.249.65.137 - - [21/Mar/2014:02:57:10 +0100] "GET /style.css HTTP/1.1" 200 8402 "http://www.mink-gmbh.de/news.php?cs_go=archiv&cs_id=4939&cs_search=" "Mozilla/5.0 (compatible; Googlebot/2.1; +http://www.google.com/bot.html)"
66.249.65.169 - - [21/Mar/2014:02:57:11 +0100] "GET /style.css HTTP/1.1" 200 8402 "http://www.mink-gmbh.de/news.php?cs_go=archiv&cs_id=4934&cs_search=" "Mozilla/5.0 (compatible; Googlebot/2.1; +http://www.google.com/bot.html)"
66.249.73.1 - - [21/Mar/2014:02:57:11 +0100] "GET /modul.css HTTP/1.1" 200 35038 "http://www.mink-gmbh.de/news.php?cs_go=archiv&cs_id=4949&cs_search=" "Mozilla/5.0 (compatible; Googlebot/2.1; +http://www.google.com/bot.html)"
66.249.65.201 - - [21/Mar/2014:02:57:12 +0100] "GET /modul.css HTTP/1.1" 200 35038 "http://www.mink-gmbh.de/news.php?cs_go=archiv&cs_id=4933&cs_search=" "Mozilla/5.0 (compatible; Googlebot/2.1; +http://www.google.com/bot.html)"
66.249.65.169 - - [21/Mar/2014:02:57:13 +0100] "GET /style.css HTTP/1.1" 200 8402 "http://www.mink-gmbh.de/news.php?cs_go=archiv&cs_id=4940&cs_search=" "Mozilla/5.0 (compatible; Googlebot/2.1; +http://www.google.com/bot.html)"
66.249.73.1 - - [21/Mar/2014:02:57:13 +0100] "GET /modul.css HTTP/1.1" 200 35038 "http://www.mink-gmbh.de/news.php?cs_go=archiv&cs_id=4947&cs_search=" "Mozilla/5.0 (compatible; Googlebot/2.1; +http://www.google.com/bot.html)"
66.249.65.201 - - [21/Mar/2014:02:57:14 +0100] "GET /style.css HTTP/1.1" 200 8402 "http://www.mink-gmbh.de/news.php?cs_go=archiv&cs_id=4945&cs_search=" "Mozilla/5.0 (compatible; Googlebot/2.1; +http://www.google.com/bot.html)"
66.249.65.201 - - [21/Mar/2014:02:57:15 +0100] "GET /modul.css HTTP/1.1" 200 35038 "http://www.mink-gmbh.de/news.php?cs_go=archiv&cs_id=4948&cs_search=" "Mozilla/5.0 (compatible; Googlebot/2.1; +http://www.google.com/bot.html)"
66.249.65.137 - - [21/Mar/2014:03:00:07 +0100] "GET / HTTP/1.1" 200 13905 "-" "Mozilla/5.0 (compatible; Googlebot/2.1; +http://www.google.com/bot.html)"
66.249.65.201 - - [21/Mar/2014:03:00:42 +0100] "GET /news.php?cs_go=archiv&cs_id=3926 HTTP/1.1" 200 10684 "-" "SAMSUNG-SGH-E250/1.0 Profile/MIDP-2.0 Configuration/CLDC-1.1 UP.Browser/6.2.3.3.c.1.101 (GUI) MMP/2.0 (compatible; Googlebot-Mobile/2.1; +http://www.google.com/bot.html)"
66.249.73.3 - - [21/Mar/2014:03:05:26 +0100] "GET /news.php?cs_go=archiv&cs_id=5024 HTTP/1.1" 200 9486 "-" "Mozilla/5.0 (compatible; Googlebot/2.1; +http://www.google.com/bot.html)"
66.249.73.18 - - [21/Mar/2014:03:06:19 +0100] "GET /news.php HTTP/1.1" 200 19765 "-" "Mozilla/5.0 (compatible; Googlebot/2.1; +http://www.google.com/bot.html)"
66.249.73.20 - - [21/Mar/2014:03:09:07 +0100] "GET /js_contentserver24_greybox/gb_styles.css HTTP/1.1" 200 2302 "-" "Mozilla/5.0 (compatible; Googlebot/2.1; +http://www.google.com/bot.html)"
66.249.73.228 - - [21/Mar/2014:03:09:19 +0100] "GET /news.php?cs_go=archiv&cs_id=5041 HTTP/1.1" 200 7825 "-" "Mozilla/5.0 (compatible; Googlebot/2.1; +http://www.google.com/bot.html)"
65.36.241.79 - - [21/Mar/2014:03:10:51 +0100] "HEAD / HTTP/1.1" 200 - "-" "InternetSeer.com"
66.249.73.1 - - [21/Mar/2014:03:12:32 +0100] "GET /news.php?cs_go=archiv&cs_id=5042 HTTP/1.1" 200 10937 "-" "Mozilla/5.0 (compatible; Googlebot/2.1; +http://www.google.com/bot.html)"
66.249.73.24 - - [21/Mar/2014:03:16:32 +0100] "GET /news.php?cs_go=archiv&cs_id=5024&cs_search= HTTP/1.1" 200 9486 "-" "Mozilla/5.0 (compatible; Googlebot/2.1; +http://www.google.com/bot.html)"
66.249.65.201 - - [21/Mar/2014:03:17:03 +0100] "GET /news.php?cs_go=archiv&cs_id=5030&cs_search= HTTP/1.1" 200 7419 "-" "Mozilla/5.0 (compatible; Googlebot/2.1; +http://www.google.com/bot.html)"
66.249.65.169 - - [21/Mar/2014:03:17:44 +0100] "GET /news.php?cs_go=archiv&cs_id=5041&cs_search= HTTP/1.1" 200 7825 "-" "Mozilla/5.0 (compatible; Googlebot/2.1; +http://www.google.com/bot.html)"
66.249.73.9 - - [21/Mar/2014:03:18:44 +0100] "GET /news.php?cs_go=archiv&cs_id=5042&cs_search= HTTP/1.1" 200 10937 "-" "Mozilla/5.0 (compatible; Googlebot/2.1; +http://www.google.com/bot.html)"
66.249.65.137 - - [21/Mar/2014:03:19:54 +0100] "GET /news.php?cs_go=archiv&cs_id=5031&cs_search= HTTP/1.1" 200 10370 "-" "Mozilla/5.0 (compatible; Googlebot/2.1; +http://www.google.com/bot.html)"
66.249.65.137 - - [21/Mar/2014:03:20:55 +0100] "GET /news.php?cs_go=archiv&cs_id=5039&cs_search= HTTP/1.1" 200 11867 "-" "Mozilla/5.0 (compatible; Googlebot/2.1; +http://www.google.com/bot.html)"
66.249.73.19 - - [21/Mar/2014:03:22:00 +0100] "GET /news.php?cs_go=archiv&cs_id=5033&cs_search= HTTP/1.1" 200 11232 "-" "Mozilla/5.0 (compatible; Googlebot/2.1; +http://www.google.com/bot.html)"
66.249.65.137 - - [21/Mar/2014:03:23:06 +0100] "GET /news.php?cs_go=archiv&cs_id=5038&cs_search= HTTP/1.1" 200 7831 "-" "Mozilla/5.0 (compatible; Googlebot/2.1; +http://www.google.com/bot.html)"
66.249.65.169 - - [21/Mar/2014:03:24:22 +0100] "GET /news.php?cs_go=archiv&cs_id=5023&cs_search= HTTP/1.1" 200 7767 "-" "Mozilla/5.0 (compatible; Googlebot/2.1; +http://www.google.com/bot.html)"
66.249.73.233 - - [21/Mar/2014:03:33:33 +0100] "GET /news.php?cs_go=archiv&cs_id=4801&cs_search= HTTP/1.1" 200 8036 "-" "Mozilla/5.0 (compatible; Googlebot/2.1; +http://www.google.com/bot.html)"
66.249.65.137 - - [21/Mar/2014:03:49:47 +0100] "GET /index.php HTTP/1.1" 200 13905 "-" "Mozilla/5.0 (compatible; Googlebot/2.1; +http://www.google.com/bot.html)"
208.115.111.75 - - [21/Mar/2014:04:27:44 +0100] "GET /lexikon.php?cs_go=2&cs_char=z HTTP/1.1" 200 5825 "-" "Mozilla/5.0 (compatible; Ezooms/1.0; help@moz.com)"
93.186.202.239 - - [21/Mar/2014:05:22:23 +0100] "GET / HTTP/1.1" 200 13905 "-" "Mozilla/5.0 (X11; Linux i686; rv:6.0) Gecko/20100101 Firefox/6.0"
93.186.202.239 - - [21/Mar/2014:05:22:24 +0100] "GET /impressum.php HTTP/1.1" 200 6306 "-" "Mozilla/5.0 (X11; Linux i686; rv:6.0) Gecko/20100101 Firefox/6.0"
93.186.202.239 - - [21/Mar/2014:05:22:24 +0100] "GET /kontakt.php HTTP/1.1" 200 6966 "-" "Mozilla/5.0 (X11; Linux i686; rv:6.0) Gecko/20100101 Firefox/6.0"
5.10.83.84 - - [21/Mar/2014:05:46:59 +0100] "GET /news.php?cs_go=archiv&cs_id=4896&cs_search= HTTP/1.1" 200 7697 "-" "Mozilla/5.0 (compatible; AhrefsBot/5.0; +http://ahrefs.com/robot/)"
5.10.83.77 - - [21/Mar/2014:05:52:27 +0100] "GET /news.php?cs_go=archiv&cs_id=4858&cs_search= HTTP/1.1" 200 7446 "-" "Mozilla/5.0 (compatible; AhrefsBot/5.0; +http://ahrefs.com/robot/)"
66.249.65.169 - - [21/Mar/2014:06:00:09 +0100] "GET /kontakt.php HTTP/1.1" 200 6966 "-" "Mozilla/5.0 (compatible; Googlebot/2.1; +http://www.google.com/bot.html)"
141.8.147.12 - - [21/Mar/2014:06:33:51 +0100] "GET /robots.txt HTTP/1.1" 200 177 "-" "Mozilla/5.0 (compatible; YandexBot/3.0; +http://yandex.com/bots)"
141.8.147.12 - - [21/Mar/2014:06:33:53 +0100] "GET /images/tkw.jpg HTTP/1.1" 200 64031 "-" "Mozilla/5.0 (compatible; YandexBot/3.0; +http://yandex.com/bots)"
93.222.96.108 - - [21/Mar/2014:06:35:12 +0100] "GET / HTTP/1.1" 200 13905 "-" "Apache-HttpClient/4.3.1 (java 1.5)"
93.222.96.108 - - [21/Mar/2014:06:35:13 +0100] "GET /impressum.php HTTP/1.1" 200 6306 "-" "Apache-HttpClient/4.3.1 (java 1.5)"
93.222.96.108 - - [21/Mar/2014:06:35:13 +0100] "GET /impressum.php HTTP/1.1" 200 6306 "-" "Apache-HttpClient/4.3.1 (java 1.5)"
208.115.111.75 - - [21/Mar/2014:06:36:33 +0100] "GET /robots.txt HTTP/1.1" 200 177 "-" "Mozilla/5.0 (compatible; Ezooms/1.0; help@moz.com)"
85.13.131.53 - - [21/Mar/2014:06:39:05 +0100] "GET / HTTP/1.0" 200 5684 "-" "-"
85.13.131.53 - - [21/Mar/2014:06:39:05 +0100] "GET / HTTP/1.0" 200 1686 "-" "-"
66.249.73.14 - - [21/Mar/2014:06:56:01 +0100] "GET /kwk.php HTTP/1.1" 200 8447 "-" "Mozilla/5.0 (compatible; Googlebot/2.1; +http://www.google.com/bot.html)"
66.249.65.137 - - [21/Mar/2014:07:39:28 +0100] "GET /news.php?cs_go=archiv&cs_id=4933 HTTP/1.1" 200 13133 "-" "Mozilla/5.0 (compatible; Googlebot/2.1; +http://www.google.com/bot.html)"
5.10.83.66 - - [21/Mar/2014:08:21:59 +0100] "GET /lexikon.php?cs_go=3&cs_id=194 HTTP/1.1" 200 5574 "-" "Mozilla/5.0 (compatible; AhrefsBot/5.0; +http://ahrefs.com/robot/)"
208.115.111.75 - - [21/Mar/2014:08:29:01 +0100] "GET /lexikon.php?cs_go=2&cs_char=x HTTP/1.1" 200 6174 "-" "Mozilla/5.0 (compatible; Ezooms/1.0; help@moz.com)"
208.115.111.75 - - [21/Mar/2014:08:29:03 +0100] "GET /news.php?cs_go=archiv&cs_id=4851&cs_search= HTTP/1.1" 200 8850 "-" "Mozilla/5.0 (compatible; Ezooms/1.0; help@moz.com)"
208.115.111.75 - - [21/Mar/2014:08:29:06 +0100] "GET /news.php?cs_go=archiv&cs_startpos=20 HTTP/1.1" 200 20030 "-" "Mozilla/5.0 (compatible; Ezooms/1.0; help@moz.com)"
157.55.32.219 - - [21/Mar/2014:08:53:14 +0100] "GET /robots.txt HTTP/1.1" 200 177 "-" "Mozilla/5.0 (compatible; bingbot/2.0; +http://www.bing.com/bingbot.htm)"
66.249.65.169 - - [21/Mar/2014:08:53:58 +0100] "GET /news.php?cs_go=archiv&cs_id=4940 HTTP/1.1" 200 7743 "-" "Mozilla/5.0 (compatible; Googlebot/2.1; +http://www.google.com/bot.html)"
5.10.83.89 - - [21/Mar/2014:08:57:10 +0100] "GET /modernisierung.php HTTP/1.1" 200 9252 "-" "Mozilla/5.0 (compatible; AhrefsBot/5.0; +http://ahrefs.com/robot/)"
157.55.32.219 - - [21/Mar/2014:09:03:03 +0100] "GET / HTTP/1.1" 200 13905 "-" "Mozilla/5.0 (compatible; bingbot/2.0; +http://www.bing.com/bingbot.htm)"
66.249.73.13 - - [21/Mar/2014:09:15:25 +0100] "GET /optiplus.php HTTP/1.1" 404 5342 "-" "SAMSUNG-SGH-E250/1.0 Profile/MIDP-2.0 Configuration/CLDC-1.1 UP.Browser/6.2.3.3.c.1.101 (GUI) MMP/2.0 (compatible; Googlebot-Mobile/2.1; +http://www.google.com/bot.html)"
157.55.32.219 - - [21/Mar/2014:09:18:58 +0100] "GET / HTTP/1.1" 200 13991 "-" "Mozilla/5.0 (compatible; bingbot/2.0; +http://www.bing.com/bingbot.htm)"
5.10.83.38 - - [21/Mar/2014:09:33:21 +0100] "GET /news.php?cs_go=archiv&cs_id=5000 HTTP/1.1" 200 7459 "-" "Mozilla/5.0 (compatible; AhrefsBot/5.0; +http://ahrefs.com/robot/)"
66.249.65.137 - - [21/Mar/2014:09:43:38 +0100] "GET /news.php?cs_go=archiv&cs_id=4934 HTTP/1.1" 200 11688 "-" "Mozilla/5.0 (compatible; Googlebot/2.1; +http://www.google.com/bot.html)"
65.36.241.79 - - [21/Mar/2014:10:05:43 +0100] "HEAD / HTTP/1.1" 200 - "-" "InternetSeer.com"
5.10.83.38 - - [21/Mar/2014:10:23:34 +0100] "GET /lexikon.php?cs_go=2&cs_char=b HTTP/1.1" 200 7294 "-" "Mozilla/5.0 (compatible; AhrefsBot/5.0; +http://ahrefs.com/robot/)"
144.76.95.231 - - [21/Mar/2014:10:25:16 +0100] "GET /robots.txt HTTP/1.0" 200 177 "-" "Mozilla/5.0 (compatible; MJ12bot/v1.4.4; http://www.majestic12.co.uk/bot.php?+)"
144.76.95.231 - - [21/Mar/2014:10:25:19 +0100] "GET /news.php?cs_go=archiv&cs_id=5023 HTTP/1.0" 200 7767 "-" "Mozilla/5.0 (compatible; MJ12bot/v1.4.4; http://www.majestic12.co.uk/bot.php?+)"
144.76.95.231 - - [21/Mar/2014:10:25:21 +0100] "GET /news.php?cs_go=archiv&cs_id=5033 HTTP/1.0" 200 11232 "-" "Mozilla/5.0 (compatible; MJ12bot/v1.4.4; http://www.majestic12.co.uk/bot.php?+)"
144.76.95.231 - - [21/Mar/2014:10:25:25 +0100] "GET /news.php?cs_go=archiv&cs_id=5038 HTTP/1.0" 200 7831 "-" "Mozilla/5.0 (compatible; MJ12bot/v1.4.4; http://www.majestic12.co.uk/bot.php?+)"
144.76.95.231 - - [21/Mar/2014:10:25:26 +0100] "GET /news.php?cs_go=archiv&cs_id=5039 HTTP/1.0" 200 11867 "-" "Mozilla/5.0 (compatible; MJ12bot/v1.4.4; http://www.majestic12.co.uk/bot.php?+)"
208.115.111.75 - - [21/Mar/2014:10:38:29 +0100] "GET /robots.txt HTTP/1.1" 200 177 "-" "Mozilla/5.0 (compatible; Ezooms/1.0; help@moz.com)"
66.249.73.1 - - [21/Mar/2014:10:45:43 +0100] "GET /news.php?cs_go=archiv&cs_id=4939 HTTP/1.1" 200 7487 "-" "Mozilla/5.0 (compatible; Googlebot/2.1; +http://www.google.com/bot.html)"
5.10.83.30 - - [21/Mar/2014:10:47:37 +0100] "GET /news.php?cs_go=archiv&cs_id=5014&cs_search= HTTP/1.1" 200 8036 "-" "Mozilla/5.0 (compatible; AhrefsBot/5.0; +http://ahrefs.com/robot/)"
5.10.83.41 - - [21/Mar/2014:10:48:53 +0100] "GET /news.php?cs_go=archiv HTTP/1.1" 200 19778 "-" "Mozilla/5.0 (compatible; AhrefsBot/5.0; +http://ahrefs.com/robot/)"
5.10.83.41 - - [21/Mar/2014:10:49:24 +0100] "GET /news.php?cs_go=archiv&cs_id=4934&cs_search= HTTP/1.1" 200 11688 "-" "Mozilla/5.0 (compatible; AhrefsBot/5.0; +http://ahrefs.com/robot/)"
5.10.83.38 - - [21/Mar/2014:10:53:55 +0100] "GET /kwk.php HTTP/1.1" 200 8447 "-" "Mozilla/5.0 (compatible; AhrefsBot/5.0; +http://ahrefs.com/robot/)"
217.227.183.248 - - [21/Mar/2014:11:49:37 +0100] "GET /style.css HTTP/1.1" 200 8402 "http://www.mink-gmbh.de/" "Mozilla/5.0 (Windows NT 6.1) AppleWebKit/537.36 (KHTML, like Gecko) Chrome/33.0.1750.154 Safari/537.36"
217.227.183.248 - - [21/Mar/2014:11:49:37 +0100] "GET /js_contentserver24_greybox/gb_styles.css HTTP/1.1" 200 2302 "http://www.mink-gmbh.de/" "Mozilla/5.0 (Windows NT 6.1) AppleWebKit/537.36 (KHTML, like Gecko) Chrome/33.0.1750.154 Safari/537.36"
217.227.183.248 - - [21/Mar/2014:11:49:37 +0100] "GET /js_contentserver24_greybox/AJS_fx.js HTTP/1.1" 200 3192 "http://www.mink-gmbh.de/" "Mozilla/5.0 (Windows NT 6.1) AppleWebKit/537.36 (KHTML, like Gecko) Chrome/33.0.1750.154 Safari/537.36"
217.227.183.248 - - [21/Mar/2014:11:49:37 +0100] "GET / HTTP/1.1" 200 13892 "https://www.google.de/" "Mozilla/5.0 (Windows NT 6.1) AppleWebKit/537.36 (KHTML, like Gecko) Chrome/33.0.1750.154 Safari/537.36"
217.227.183.248 - - [21/Mar/2014:11:49:37 +0100] "GET /js_contentserver24_greybox/AJS.js HTTP/1.1" 200 10396 "http://www.mink-gmbh.de/" "Mozilla/5.0 (Windows NT 6.1) AppleWebKit/537.36 (KHTML, like Gecko) Chrome/33.0.1750.154 Safari/537.36"
217.227.183.248 - - [21/Mar/2014:11:49:37 +0100] "GET /js_contentserver24_greybox/gb_scripts.js HTTP/1.1" 200 11913 "http://www.mink-gmbh.de/" "Mozilla/5.0 (Windows NT 6.1) AppleWebKit/537.36 (KHTML, like Gecko) Chrome/33.0.1750.154 Safari/537.36"
217.227.183.248 - - [21/Mar/2014:11:49:37 +0100] "GET /modul.css HTTP/1.1" 200 35038 "http://www.mink-gmbh.de/" "Mozilla/5.0 (Windows NT 6.1) AppleWebKit/537.36 (KHTML, like Gecko) Chrome/33.0.1750.154 Safari/537.36"
217.227.183.248 - - [21/Mar/2014:11:49:38 +0100] "GET /images/team-energie.png HTTP/1.1" 200 17383 "http://www.mink-gmbh.de/" "Mozilla/5.0 (Windows NT 6.1) AppleWebKit/537.36 (KHTML, like Gecko) Chrome/33.0.1750.154 Safari/537.36"
217.227.183.248 - - [21/Mar/2014:11:49:38 +0100] "GET /images/mail.jpg HTTP/1.1" 200 12099 "http://www.mink-gmbh.de/" "Mozilla/5.0 (Windows NT 6.1) AppleWebKit/537.36 (KHTML, like Gecko) Chrome/33.0.1750.154 Safari/537.36"
217.227.183.248 - - [21/Mar/2014:11:49:38 +0100] "GET /images/kwk.gif HTTP/1.1" 200 6403 "http://www.mink-gmbh.de/" "Mozilla/5.0 (Windows NT 6.1) AppleWebKit/537.36 (KHTML, like Gecko) Chrome/33.0.1750.154 Safari/537.36"
217.227.183.248 - - [21/Mar/2014:11:49:38 +0100] "GET /images/wunschpreis.jpg HTTP/1.1" 200 16767 "http://www.mink-gmbh.de/" "Mozilla/5.0 (Windows NT 6.1) AppleWebKit/537.36 (KHTML, like Gecko) Chrome/33.0.1750.154 Safari/537.36"
217.227.183.248 - - [21/Mar/2014:11:49:38 +0100] "GET /images/freecall.jpg HTTP/1.1" 200 39195 "http://www.mink-gmbh.de/" "Mozilla/5.0 (Windows NT 6.1) AppleWebKit/537.36 (KHTML, like Gecko) Chrome/33.0.1750.154 Safari/537.36"
217.227.183.248 - - [21/Mar/2014:11:49:38 +0100] "GET /images/tkw.jpg HTTP/1.1" 200 64031 "http://www.mink-gmbh.de/" "Mozilla/5.0 (Windows NT 6.1) AppleWebKit/537.36 (KHTML, like Gecko) Chrome/33.0.1750.154 Safari/537.36"
217.227.183.248 - - [21/Mar/2014:11:49:39 +0100] "GET /js_contentserver24_greybox/w_close.gif HTTP/1.1" 200 74 "http://www.mink-gmbh.de/" "Mozilla/5.0 (Windows NT 6.1) AppleWebKit/537.36 (KHTML, like Gecko) Chrome/33.0.1750.154 Safari/537.36"
217.227.183.248 - - [21/Mar/2014:11:49:39 +0100] "GET /images/logos.jpg?cache2413 HTTP/1.1" 200 35043 "http://www.mink-gmbh.de/" "Mozilla/5.0 (Windows NT 6.1) AppleWebKit/537.36 (KHTML, like Gecko) Chrome/33.0.1750.154 Safari/537.36"
217.227.183.248 - - [21/Mar/2014:11:49:39 +0100] "GET /images/bg.png HTTP/1.1" 200 922 "http://www.mink-gmbh.de/" "Mozilla/5.0 (Windows NT 6.1) AppleWebKit/537.36 (KHTML, like Gecko) Chrome/33.0.1750.154 Safari/537.36"
217.227.183.248 - - [21/Mar/2014:11:49:39 +0100] "GET /images/header.jpg HTTP/1.1" 200 25189 "http://www.mink-gmbh.de/" "Mozilla/5.0 (Windows NT 6.1) AppleWebKit/537.36 (KHTML, like Gecko) Chrome/33.0.1750.154 Safari/537.36"
217.227.183.248 - - [21/Mar/2014:11:49:39 +0100] "GET /images/navibg.png HTTP/1.1" 200 2803 "http://www.mink-gmbh.de/" "Mozilla/5.0 (Windows NT 6.1) AppleWebKit/537.36 (KHTML, like Gecko) Chrome/33.0.1750.154 Safari/537.36"
217.227.183.248 - - [21/Mar/2014:11:49:39 +0100] "GET /images/steigend.png HTTP/1.1" 200 688 "http://www.mink-gmbh.de/" "Mozilla/5.0 (Windows NT 6.1) AppleWebKit/537.36 (KHTML, like Gecko) Chrome/33.0.1750.154 Safari/537.36"
217.227.183.248 - - [21/Mar/2014:11:49:39 +0100] "GET /images/newsletter.png HTTP/1.1" 200 14619 "http://www.mink-gmbh.de/" "Mozilla/5.0 (Windows NT 6.1) AppleWebKit/537.36 (KHTML, like Gecko) Chrome/33.0.1750.154 Safari/537.36"
217.227.183.248 - - [21/Mar/2014:11:49:39 +0100] "GET /images/wrapperbg.jpg HTTP/1.1" 200 27465 "http://www.mink-gmbh.de/" "Mozilla/5.0 (Windows NT 6.1) AppleWebKit/537.36 (KHTML, like Gecko) Chrome/33.0.1750.154 Safari/537.36"
217.227.183.248 - - [21/Mar/2014:11:49:39 +0100] "GET /images/mobil.jpg HTTP/1.1" 200 25293 "http://www.mink-gmbh.de/" "Mozilla/5.0 (Windows NT 6.1) AppleWebKit/537.36 (KHTML, like Gecko) Chrome/33.0.1750.154 Safari/537.36"
217.227.183.248 - - [21/Mar/2014:11:49:40 +0100] "GET /js_contentserver24_greybox/loader_frame.html?s=0 HTTP/1.1" 200 2084 "http://www.mink-gmbh.de/" "Mozilla/5.0 (Windows NT 6.1) AppleWebKit/537.36 (KHTML, like Gecko) Chrome/33.0.1750.154 Safari/537.36"
217.227.183.248 - - [21/Mar/2014:11:49:40 +0100] "GET /js_contentserver24_greybox/header_bg.gif HTTP/1.1" 200 1188 "http://www.mink-gmbh.de/" "Mozilla/5.0 (Windows NT 6.1) AppleWebKit/537.36 (KHTML, like Gecko) Chrome/33.0.1750.154 Safari/537.36"
217.227.183.248 - - [21/Mar/2014:11:49:40 +0100] "GET /images/newsletter.jpg HTTP/1.1" 200 13130 "http://www.mink-gmbh.de/" "Mozilla/5.0 (Windows NT 6.1) AppleWebKit/537.36 (KHTML, like Gecko) Chrome/33.0.1750.154 Safari/537.36"
217.227.183.248 - - [21/Mar/2014:11:49:40 +0100] "GET /images/footerbg.jpg HTTP/1.1" 200 2184 "http://www.mink-gmbh.de/" "Mozilla/5.0 (Windows NT 6.1) AppleWebKit/537.36 (KHTML, like Gecko) Chrome/33.0.1750.154 Safari/537.36"
217.227.183.248 - - [21/Mar/2014:11:49:40 +0100] "GET /images/close.png HTTP/1.1" 200 703 "http://www.mink-gmbh.de/" "Mozilla/5.0 (Windows NT 6.1) AppleWebKit/537.36 (KHTML, like Gecko) Chrome/33.0.1750.154 Safari/537.36"
217.227.183.248 - - [21/Mar/2014:11:49:40 +0100] "GET /images/newsletter_bg.jpg HTTP/1.1" 200 33610 "http://www.mink-gmbh.de/" "Mozilla/5.0 (Windows NT 6.1) AppleWebKit/537.36 (KHTML, like Gecko) Chrome/33.0.1750.154 Safari/537.36"
217.227.183.248 - - [21/Mar/2014:11:49:40 +0100] "GET /js_contentserver24_greybox/indicator.gif HTTP/1.1" 200 8238 "http://www.mink-gmbh.de/js_contentserver24_greybox/loader_frame.html?s=0" "Mozilla/5.0 (Windows NT 6.1) AppleWebKit/537.36 (KHTML, like Gecko) Chrome/33.0.1750.154 Safari/537.36"
217.227.183.248 - - [21/Mar/2014:11:49:41 +0100] "GET /js_contentserver24_greybox/g_close.gif HTTP/1.1" 200 541 "http://www.mink-gmbh.de/" "Mozilla/5.0 (Windows NT 6.1) AppleWebKit/537.36 (KHTML, like Gecko) Chrome/33.0.1750.154 Safari/537.36"
217.227.183.248 - - [21/Mar/2014:11:49:42 +0100] "GET /favicon.ico HTTP/1.1" 200 3638 "-" "Mozilla/5.0 (Windows NT 6.1) AppleWebKit/537.36 (KHTML, like Gecko) Chrome/33.0.1750.154 Safari/537.36"
220.181.108.116 - - [21/Mar/2014:12:02:59 +0100] "GET / HTTP/1.1" 200 5684 "-" "Mozilla/5.0 (compatible; Baiduspider/2.0; +http://www.baidu.com/search/spider.html)"
123.125.71.33 - - [21/Mar/2014:12:03:14 +0100] "GET / HTTP/1.1" 200 5684 "-" "Mozilla/5.0 (compatible; Baiduspider/2.0; +http://www.baidu.com/search/spider.html)"
66.249.65.137 - - [21/Mar/2014:12:06:25 +0100] "GET /robots.txt HTTP/1.1" 200 177 "-" "Mozilla/5.0 (compatible; Googlebot/2.1; +http://www.google.com/bot.html)"
5.10.83.58 - - [21/Mar/2014:12:24:22 +0100] "GET /lexikon.php?cs_go=3&cs_id=162 HTTP/1.1" 200 6964 "-" "Mozilla/5.0 (compatible; AhrefsBot/5.0; +http://ahrefs.com/robot/)"
208.115.111.75 - - [21/Mar/2014:12:28:10 +0100] "GET /lexikon.php?cs_go=2&cs_char=v HTTP/1.1" 200 6681 "-" "Mozilla/5.0 (compatible; Ezooms/1.0; help@moz.com)"
208.115.111.75 - - [21/Mar/2014:12:28:14 +0100] "GET /preisanfrage.php HTTP/1.1" 200 8502 "-" "Mozilla/5.0 (compatible; Ezooms/1.0; help@moz.com)"
157.55.34.99 - - [21/Mar/2014:12:30:05 +0100] "GET /news.php?cs_go=archiv&cs_id=4689&cs_search= HTTP/1.1" 200 9366 "-" "Mozilla/5.0 (compatible; bingbot/2.0; +http://www.bing.com/bingbot.htm)"
142.4.212.217 - - [21/Mar/2014:12:47:26 +0100] "GET /news.php?cs_go=archiv&cs_id=5006 HTTP/1.1" 200 11240 "http://www.mink-gmbh.de/" "Mozilla/5.0 (X11; Ubuntu; Linux x86_64; rv:20.0) Gecko/20100101 Firefox/20.0"
142.4.212.217 - - [21/Mar/2014:12:47:27 +0100] "GET /kwk.php HTTP/1.1" 200 8447 "http://www.mink-gmbh.de/" "Mozilla/5.0 (X11; Ubuntu; Linux x86_64; rv:20.0) Gecko/20100101 Firefox/20.0"
157.55.34.99 - - [21/Mar/2014:13:03:43 +0100] "GET /news.php?cs_go=archiv&cs_id=4689&cs_search= HTTP/1.1" 200 9366 "-" "Mozilla/5.0 (compatible; bingbot/2.0; +http://www.bing.com/bingbot.htm)"
5.10.83.77 - - [21/Mar/2014:13:07:29 +0100] "GET /impressum.php HTTP/1.1" 200 6306 "-" "Mozilla/5.0 (compatible; AhrefsBot/5.0; +http://ahrefs.com/robot/)"
66.249.65.169 - - [21/Mar/2014:13:51:57 +0100] "GET /news.php?cs_go=archiv&cs_id=4949 HTTP/1.1" 200 7405 "-" "Mozilla/5.0 (compatible; Googlebot/2.1; +http://www.google.com/bot.html)"
95.91.255.193 - - [21/Mar/2014:14:11:41 +0100] "GET /style.css HTTP/1.1" 200 8402 "http://www.mink-gmbh.de/" "Mozilla/5.0 (Linux; Android 4.3; GT-I9505 Build/JSS15J) AppleWebKit/537.36 (KHTML, like Gecko) Chrome/33.0.1750.166 Mobile Safari/537.36"
95.91.255.193 - - [21/Mar/2014:14:11:41 +0100] "GET /modul.css HTTP/1.1" 200 35038 "http://www.mink-gmbh.de/" "Mozilla/5.0 (Linux; Android 4.3; GT-I9505 Build/JSS15J) AppleWebKit/537.36 (KHTML, like Gecko) Chrome/33.0.1750.166 Mobile Safari/537.36"
95.91.255.193 - - [21/Mar/2014:14:11:41 +0100] "GET /js_contentserver24_greybox/gb_styles.css HTTP/1.1" 200 2302 "http://www.mink-gmbh.de/" "Mozilla/5.0 (Linux; Android 4.3; GT-I9505 Build/JSS15J) AppleWebKit/537.36 (KHTML, like Gecko) Chrome/33.0.1750.166 Mobile Safari/537.36"
95.91.255.193 - - [21/Mar/2014:14:11:41 +0100] "GET /js_contentserver24_greybox/AJS.js HTTP/1.1" 200 10396 "http://www.mink-gmbh.de/" "Mozilla/5.0 (Linux; Android 4.3; GT-I9505 Build/JSS15J) AppleWebKit/537.36 (KHTML, like Gecko) Chrome/33.0.1750.166 Mobile Safari/537.36"
95.91.255.193 - - [21/Mar/2014:14:11:41 +0100] "GET /js_contentserver24_greybox/AJS_fx.js HTTP/1.1" 200 3192 "http://www.mink-gmbh.de/" "Mozilla/5.0 (Linux; Android 4.3; GT-I9505 Build/JSS15J) AppleWebKit/537.36 (KHTML, like Gecko) Chrome/33.0.1750.166 Mobile Safari/537.36"
95.91.255.193 - - [21/Mar/2014:14:11:41 +0100] "GET /js_contentserver24_greybox/gb_scripts.js HTTP/1.1" 200 11913 "http://www.mink-gmbh.de/" "Mozilla/5.0 (Linux; Android 4.3; GT-I9505 Build/JSS15J) AppleWebKit/537.36 (KHTML, like Gecko) Chrome/33.0.1750.166 Mobile Safari/537.36"
95.91.255.193 - - [21/Mar/2014:14:11:41 +0100] "GET / HTTP/1.1" 200 13949 "https://www.google.de/" "Mozilla/5.0 (Linux; Android 4.3; GT-I9505 Build/JSS15J) AppleWebKit/537.36 (KHTML, like Gecko) Chrome/33.0.1750.166 Mobile Safari/537.36"
95.91.255.193 - - [21/Mar/2014:14:11:43 +0100] "GET /js_contentserver24_greybox/w_close.gif HTTP/1.1" 200 74 "http://www.mink-gmbh.de/" "Mozilla/5.0 (Linux; Android 4.3; GT-I9505 Build/JSS15J) AppleWebKit/537.36 (KHTML, like Gecko) Chrome/33.0.1750.166 Mobile Safari/537.36"
95.91.255.193 - - [21/Mar/2014:14:11:43 +0100] "GET /images/bg.png HTTP/1.1" 200 922 "http://www.mink-gmbh.de/" "Mozilla/5.0 (Linux; Android 4.3; GT-I9505 Build/JSS15J) AppleWebKit/537.36 (KHTML, like Gecko) Chrome/33.0.1750.166 Mobile Safari/537.36"
95.91.255.193 - - [21/Mar/2014:14:11:43 +0100] "GET /images/header.jpg HTTP/1.1" 200 25189 "http://www.mink-gmbh.de/" "Mozilla/5.0 (Linux; Android 4.3; GT-I9505 Build/JSS15J) AppleWebKit/537.36 (KHTML, like Gecko) Chrome/33.0.1750.166 Mobile Safari/537.36"
95.91.255.193 - - [21/Mar/2014:14:11:43 +0100] "GET /images/navibg.png HTTP/1.1" 200 2803 "http://www.mink-gmbh.de/" "Mozilla/5.0 (Linux; Android 4.3; GT-I9505 Build/JSS15J) AppleWebKit/537.36 (KHTML, like Gecko) Chrome/33.0.1750.166 Mobile Safari/537.36"
95.91.255.193 - - [21/Mar/2014:14:11:43 +0100] "GET /images/steigend.png HTTP/1.1" 200 688 "http://www.mink-gmbh.de/" "Mozilla/5.0 (Linux; Android 4.3; GT-I9505 Build/JSS15J) AppleWebKit/537.36 (KHTML, like Gecko) Chrome/33.0.1750.166 Mobile Safari/537.36"
95.91.255.193 - - [21/Mar/2014:14:11:43 +0100] "GET /images/newsletter.png HTTP/1.1" 200 14619 "http://www.mink-gmbh.de/" "Mozilla/5.0 (Linux; Android 4.3; GT-I9505 Build/JSS15J) AppleWebKit/537.36 (KHTML, like Gecko) Chrome/33.0.1750.166 Mobile Safari/537.36"
95.91.255.193 - - [21/Mar/2014:14:11:43 +0100] "GET /images/close.png HTTP/1.1" 200 703 "http://www.mink-gmbh.de/" "Mozilla/5.0 (Linux; Android 4.3; GT-I9505 Build/JSS15J) AppleWebKit/537.36 (KHTML, like Gecko) Chrome/33.0.1750.166 Mobile Safari/537.36"
95.91.255.193 - - [21/Mar/2014:14:11:43 +0100] "GET /images/wrapperbg.jpg HTTP/1.1" 200 27465 "http://www.mink-gmbh.de/" "Mozilla/5.0 (Linux; Android 4.3; GT-I9505 Build/JSS15J) AppleWebKit/537.36 (KHTML, like Gecko) Chrome/33.0.1750.166 Mobile Safari/537.36"
95.91.255.193 - - [21/Mar/2014:14:11:43 +0100] "GET /images/newsletter_bg.jpg HTTP/1.1" 200 33610 "http://www.mink-gmbh.de/" "Mozilla/5.0 (Linux; Android 4.3; GT-I9505 Build/JSS15J) AppleWebKit/537.36 (KHTML, like Gecko) Chrome/33.0.1750.166 Mobile Safari/537.36"
95.91.255.193 - - [21/Mar/2014:14:11:43 +0100] "GET /images/footerbg.jpg HTTP/1.1" 200 2184 "http://www.mink-gmbh.de/" "Mozilla/5.0 (Linux; Android 4.3; GT-I9505 Build/JSS15J) AppleWebKit/537.36 (KHTML, like Gecko) Chrome/33.0.1750.166 Mobile Safari/537.36"
95.91.255.193 - - [21/Mar/2014:14:11:43 +0100] "GET /images/wunschpreis.jpg HTTP/1.1" 200 16767 "http://www.mink-gmbh.de/" "Mozilla/5.0 (Linux; Android 4.3; GT-I9505 Build/JSS15J) AppleWebKit/537.36 (KHTML, like Gecko) Chrome/33.0.1750.166 Mobile Safari/537.36"
95.91.255.193 - - [21/Mar/2014:14:11:43 +0100] "GET /images/logos.jpg?cache4932 HTTP/1.1" 200 35043 "http://www.mink-gmbh.de/" "Mozilla/5.0 (Linux; Android 4.3; GT-I9505 Build/JSS15J) AppleWebKit/537.36 (KHTML, like Gecko) Chrome/33.0.1750.166 Mobile Safari/537.36"
95.91.255.193 - - [21/Mar/2014:14:11:43 +0100] "GET /images/tkw.jpg HTTP/1.1" 200 64031 "http://www.mink-gmbh.de/" "Mozilla/5.0 (Linux; Android 4.3; GT-I9505 Build/JSS15J) AppleWebKit/537.36 (KHTML, like Gecko) Chrome/33.0.1750.166 Mobile Safari/537.36"
95.91.255.193 - - [21/Mar/2014:14:11:43 +0100] "GET /images/team-energie.png HTTP/1.1" 200 17383 "http://www.mink-gmbh.de/" "Mozilla/5.0 (Linux; Android 4.3; GT-I9505 Build/JSS15J) AppleWebKit/537.36 (KHTML, like Gecko) Chrome/33.0.1750.166 Mobile Safari/537.36"
95.91.255.193 - - [21/Mar/2014:14:11:43 +0100] "GET /js_contentserver24_greybox/loader_frame.html?s=0 HTTP/1.1" 200 2084 "http://www.mink-gmbh.de/" "Mozilla/5.0 (Linux; Android 4.3; GT-I9505 Build/JSS15J) AppleWebKit/537.36 (KHTML, like Gecko) Chrome/33.0.1750.166 Mobile Safari/537.36"
95.91.255.193 - - [21/Mar/2014:14:11:43 +0100] "GET /images/mail.jpg HTTP/1.1" 200 12099 "http://www.mink-gmbh.de/" "Mozilla/5.0 (Linux; Android 4.3; GT-I9505 Build/JSS15J) AppleWebKit/537.36 (KHTML, like Gecko) Chrome/33.0.1750.166 Mobile Safari/537.36"
95.91.255.193 - - [21/Mar/2014:14:11:43 +0100] "GET /images/freecall.jpg HTTP/1.1" 200 39195 "http://www.mink-gmbh.de/" "Mozilla/5.0 (Linux; Android 4.3; GT-I9505 Build/JSS15J) AppleWebKit/537.36 (KHTML, like Gecko) Chrome/33.0.1750.166 Mobile Safari/537.36"
95.91.255.193 - - [21/Mar/2014:14:11:43 +0100] "GET /images/kwk.gif HTTP/1.1" 200 6403 "http://www.mink-gmbh.de/" "Mozilla/5.0 (Linux; Android 4.3; GT-I9505 Build/JSS15J) AppleWebKit/537.36 (KHTML, like Gecko) Chrome/33.0.1750.166 Mobile Safari/537.36"
95.91.255.193 - - [21/Mar/2014:14:11:44 +0100] "GET /images/mobil.jpg HTTP/1.1" 200 25293 "http://www.mink-gmbh.de/" "Mozilla/5.0 (Linux; Android 4.3; GT-I9505 Build/JSS15J) AppleWebKit/537.36 (KHTML, like Gecko) Chrome/33.0.1750.166 Mobile Safari/537.36"
95.91.255.193 - - [21/Mar/2014:14:11:44 +0100] "GET /images/newsletter.jpg HTTP/1.1" 200 13130 "http://www.mink-gmbh.de/" "Mozilla/5.0 (Linux; Android 4.3; GT-I9505 Build/JSS15J) AppleWebKit/537.36 (KHTML, like Gecko) Chrome/33.0.1750.166 Mobile Safari/537.36"
95.91.255.193 - - [21/Mar/2014:14:11:44 +0100] "GET /js_contentserver24_greybox/header_bg.gif HTTP/1.1" 200 1188 "http://www.mink-gmbh.de/" "Mozilla/5.0 (Linux; Android 4.3; GT-I9505 Build/JSS15J) AppleWebKit/537.36 (KHTML, like Gecko) Chrome/33.0.1750.166 Mobile Safari/537.36"
95.91.255.193 - - [21/Mar/2014:14:11:44 +0100] "GET /js_contentserver24_greybox/indicator.gif HTTP/1.1" 200 8238 "http://www.mink-gmbh.de/js_contentserver24_greybox/loader_frame.html?s=0" "Mozilla/5.0 (Linux; Android 4.3; GT-I9505 Build/JSS15J) AppleWebKit/537.36 (KHTML, like Gecko) Chrome/33.0.1750.166 Mobile Safari/537.36"
95.91.255.193 - - [21/Mar/2014:14:11:45 +0100] "GET /js_contentserver24_greybox/g_close.gif HTTP/1.1" 200 541 "http://www.mink-gmbh.de/" "Mozilla/5.0 (Linux; Android 4.3; GT-I9505 Build/JSS15J) AppleWebKit/537.36 (KHTML, like Gecko) Chrome/33.0.1750.166 Mobile Safari/537.36"
95.91.255.193 - - [21/Mar/2014:14:11:46 +0100] "GET /favicon.ico HTTP/1.1" 200 3638 "-" "Mozilla/5.0 (Linux; Android 4.3; GT-I9505 Build/JSS15J) AppleWebKit/537.36 (KHTML, like Gecko) Chrome/33.0.1750.166 Mobile Safari/537.36"
208.115.111.75 - - [21/Mar/2014:14:38:00 +0100] "GET /robots.txt HTTP/1.1" 200 177 "-" "Mozilla/5.0 (compatible; Ezooms/1.0; help@moz.com)"
84.146.240.57 - - [21/Mar/2014:14:42:59 +0100] "GET /news.php?cs_go=archiv&cs_id=4920 HTTP/1.1" 200 8726 "-" "Mozilla/5.0 (Windows; U; Windows NT 5.1; en-US; rv:1.9.1) Gecko/20090624 Firefox/3.5"
82.94.179.38 - - [21/Mar/2014:15:22:33 +0100] "GET /robots.txt HTTP/1.0" 200 177 "-" "Mozilla/4.0 (compatible; Freshbot/1.0/EU; http://webagent.wise-guys.nl/)"
82.94.179.38 - - [21/Mar/2014:15:22:33 +0100] "GET / HTTP/1.1" 200 13949 "-" "Mozilla/5.0 (X11; Linux i686; rv:6.0) Gecko/20100101 Firefox/6.0 (Freshbot/1.0/EU; http://webagent.wise-guys.nl/)"
82.94.179.38 - - [21/Mar/2014:15:22:40 +0100] "GET /news.php?cs_go=archiv&cs_id=5044 HTTP/1.1" 200 11285 "-" "Mozilla/5.0 (X11; Linux i686; rv:6.0) Gecko/20100101 Firefox/6.0 (Freshbot/1.0/EU; http://webagent.wise-guys.nl/)"
82.94.179.38 - - [21/Mar/2014:15:22:45 +0100] "GET /news.php?cs_go=archiv&cs_id=5043 HTTP/1.1" 200 7674 "-" "Mozilla/5.0 (X11; Linux i686; rv:6.0) Gecko/20100101 Firefox/6.0 (Freshbot/1.0/EU; http://webagent.wise-guys.nl/)"
82.94.179.38 - - [21/Mar/2014:15:22:50 +0100] "GET /news.php?cs_go=archiv&cs_id=5025 HTTP/1.1" 200 7778 "-" "Mozilla/5.0 (X11; Linux i686; rv:6.0) Gecko/20100101 Firefox/6.0 (Freshbot/1.0/EU; http://webagent.wise-guys.nl/)"
66.249.76.225 - - [21/Mar/2014:15:33:41 +0100] "GET /robots.txt HTTP/1.1" 200 177 "-" "Mozilla/5.0 (compatible; Googlebot/2.1; +http://www.google.com/bot.html)"
66.249.76.225 - - [21/Mar/2014:15:33:41 +0100] "GET /images/freecall.jpg HTTP/1.1" 200 39195 "-" "Googlebot-Image/1.0"
66.249.76.225 - - [21/Mar/2014:15:39:52 +0100] "GET /schwefelarmstandard.php HTTP/1.1" 200 10730 "-" "DoCoMo/2.0 N905i(c100;TB;W24H16) (compatible; Googlebot-Mobile/2.1; +http://www.google.com/bot.html)"
65.36.241.79 - - [21/Mar/2014:15:51:48 +0100] "HEAD / HTTP/1.1" 200 - "-" "InternetSeer.com"
208.115.111.75 - - [21/Mar/2014:16:31:49 +0100] "GET /lexikon.php?cs_go=2&cs_char=t HTTP/1.1" 200 6526 "-" "Mozilla/5.0 (compatible; Ezooms/1.0; help@moz.com)"
208.115.111.75 - - [21/Mar/2014:16:31:58 +0100] "GET /modernisierung.php HTTP/1.1" 200 9252 "-" "Mozilla/5.0 (compatible; Ezooms/1.0; help@moz.com)"
5.10.83.29 - - [21/Mar/2014:16:32:29 +0100] "GET /news.php?cs_go=archiv&cs_startpos=40 HTTP/1.1" 200 20441 "-" "Mozilla/5.0 (compatible; AhrefsBot/5.0; +http://ahrefs.com/robot/)"
65.55.215.255 - - [21/Mar/2014:17:05:42 +0100] "GET /optiplus.php HTTP/1.1" 404 5342 "-" "Mozilla/5.0 (compatible; MSIE 9.0; Windows NT 6.1; Trident/5.0; WOW64; Trident/5.0)"
5.10.83.58 - - [21/Mar/2014:17:39:35 +0100] "GET /kwk.php?cs_go=3 HTTP/1.1" 200 7848 "-" "Mozilla/5.0 (compatible; AhrefsBot/5.0; +http://ahrefs.com/robot/)"
142.4.212.217 - - [21/Mar/2014:18:32:05 +0100] "GET /news.php?cs_go=archiv&cs_id=5012 HTTP/1.1" 200 11459 "http://www.mink-gmbh.de/" "Mozilla/5.0 (X11; Ubuntu; Linux x86_64; rv:20.0) Gecko/20100101 Firefox/20.0"
142.4.212.217 - - [21/Mar/2014:18:32:06 +0100] "GET /kwk.php HTTP/1.1" 200 8447 "http://www.mink-gmbh.de/" "Mozilla/5.0 (X11; Ubuntu; Linux x86_64; rv:20.0) Gecko/20100101 Firefox/20.0"
208.115.111.75 - - [21/Mar/2014:18:40:07 +0100] "GET /robots.txt HTTP/1.1" 200 177 "-" "Mozilla/5.0 (compatible; Ezooms/1.0; help@moz.com)"
157.55.35.100 - - [21/Mar/2014:19:22:42 +0100] "GET /robots.txt HTTP/1.1" 200 177 "-" "Mozilla/5.0 (compatible; bingbot/2.0; +http://www.bing.com/bingbot.htm)"
66.249.76.225 - - [21/Mar/2014:19:35:55 +0100] "GET /images/tkw.jpg HTTP/1.1" 304 - "-" "Googlebot-Image/1.0"
157.55.35.100 - - [21/Mar/2014:19:41:34 +0100] "GET / HTTP/1.1" 200 13949 "-" "Mozilla/5.0 (compatible; bingbot/2.0; +http://www.bing.com/bingbot.htm)"
142.4.212.217 - - [21/Mar/2014:20:01:05 +0100] "GET /news.php?cs_go=archiv&cs_id=5011 HTTP/1.1" 200 6490 "http://www.mink-gmbh.de/" "Mozilla/5.0 (X11; Ubuntu; Linux x86_64; rv:20.0) Gecko/20100101 Firefox/20.0"
5.10.83.38 - - [21/Mar/2014:20:12:26 +0100] "GET /lexikon.php?cs_go=3&cs_id=153 HTTP/1.1" 200 6313 "-" "Mozilla/5.0 (compatible; AhrefsBot/5.0; +http://ahrefs.com/robot/)"
208.115.111.75 - - [21/Mar/2014:20:27:38 +0100] "GET /lexikon.php?cs_go=2&cs_char=r HTTP/1.1" 200 7296 "-" "Mozilla/5.0 (compatible; Ezooms/1.0; help@moz.com)"
66.249.76.225 - - [21/Mar/2014:20:31:16 +0100] "GET /news.php?cs_go=archiv&cs_id=4434 HTTP/1.1" 200 10177 "-" "Mozilla/5.0 (compatible; Googlebot/2.1; +http://www.google.com/bot.html)"
188.40.153.39 - - [21/Mar/2014:20:33:22 +0100] "GET / HTTP/1.1" 200 13949 "-" "Mozilla/5.0 (Windows NT 6.0) AppleWebKit/537.11 (KHTML, like Gecko) Chrome/22.0.1271.97 Safari/537.11"
66.249.76.225 - - [21/Mar/2014:21:12:29 +0100] "GET /news.php?cs_go=archiv&cs_id=4675 HTTP/1.1" 200 8871 "-" "Mozilla/5.0 (compatible; Googlebot/2.1; +http://www.google.com/bot.html)"
157.55.35.100 - - [21/Mar/2014:21:25:20 +0100] "GET / HTTP/1.1" 200 13949 "-" "Mozilla/5.0 (compatible; bingbot/2.0; +http://www.bing.com/bingbot.htm)"
65.36.241.79 - - [21/Mar/2014:22:05:09 +0100] "HEAD / HTTP/1.1" 200 - "-" "InternetSeer.com"
66.249.76.225 - - [21/Mar/2014:22:06:38 +0100] "GET /news.php?cs_go=archiv&cs_id=4770&cs_search= HTTP/1.1" 200 11527 "-" "Mozilla/5.0 (compatible; Googlebot/2.1; +http://www.google.com/bot.html)"
5.10.83.66 - - [21/Mar/2014:22:08:40 +0100] "GET /lexikon.php?cs_go=3&cs_id=195 HTTP/1.1" 200 6562 "-" "Mozilla/5.0 (compatible; AhrefsBot/5.0; +http://ahrefs.com/robot/)"
208.115.111.75 - - [21/Mar/2014:22:39:49 +0100] "GET /robots.txt HTTP/1.1" 200 177 "-" "Mozilla/5.0 (compatible; Ezooms/1.0; help@moz.com)"
77.168.202.162 - - [21/Mar/2014:22:40:14 +0100] "GET / HTTP/1.1" 200 13949 "http://angeldonate.com/" "Mozilla/5.0 (compatible; AngelDonate/1.1.1; +http://www.angeldonate.com)"
88.198.56.239 - - [21/Mar/2014:23:00:34 +0100] "GET /news.php?cs_go=archiv&cs_id=2941 HTTP/1.1" 200 11858 "-" "Mozilla/5.0 (X11; Linux i686; rv:6.0) Gecko/20100101 Firefox/6.0"
5.10.83.17 - - [21/Mar/2014:23:21:08 +0100] "GET /news.php?cs_go=archiv&cs_id=4952 HTTP/1.1" 200 11256 "-" "Mozilla/5.0 (compatible; AhrefsBot/5.0; +http://ahrefs.com/robot/)"
5.10.83.41 - - [21/Mar/2014:23:28:13 +0100] "GET /news.php?cs_go=archiv&cs_id=4900&cs_search= HTTP/1.1" 200 7382 "-" "Mozilla/5.0 (compatible; AhrefsBot/5.0; +http://ahrefs.com/robot/)"
66.249.76.225 - - [21/Mar/2014:23:30:15 +0100] "GET /news.php?cs_go=archiv&cs_id=4678 HTTP/1.1" 200 7591 "-" "Mozilla/5.0 (compatible; Googlebot/2.1; +http://www.google.com/bot.html)"
193.111.141.44 - - [21/Mar/2014:23:48:50 +0100] "GET /news.php?cs_go=archiv&cs_id=4156&cs_search= HTTP/1.1" 200 10588 "-" "Mozilla/5.0 (X11; Linux i686; rv:6.0) Gecko/20100101 Firefox/6.0"
66.249.76.225 - - [22/Mar/2014:00:09:18 +0100] "GET /images/logos.jpg?cache6809 HTTP/1.1" 200 35043 "-" "Googlebot-Image/1.0"
66.249.76.225 - - [22/Mar/2014:00:30:16 +0100] "GET /news.php?cs_go=archiv&cs_id=4741 HTTP/1.1" 200 11697 "-" "Mozilla/5.0 (compatible; Googlebot/2.1; +http://www.google.com/bot.html)"
5.10.83.89 - - [22/Mar/2014:00:54:42 +0100] "GET /lexikon.php HTTP/1.1" 200 8115 "-" "Mozilla/5.0 (compatible; AhrefsBot/5.0; +http://ahrefs.com/robot/)"
66.249.76.225 - - [22/Mar/2014:01:24:25 +0100] "GET /news.php?cs_go=archiv&cs_id=4745&cs_search= HTTP/1.1" 200 10004 "-" "Mozilla/5.0 (compatible; Googlebot/2.1; +http://www.google.com/bot.html)"
66.249.76.225 - - [22/Mar/2014:01:30:16 +0100] "GET /news.php?cs_go=archiv&cs_id=4739&cs_search= HTTP/1.1" 200 9839 "-" "Mozilla/5.0 (compatible; Googlebot/2.1; +http://www.google.com/bot.html)"
66.249.76.225 - - [22/Mar/2014:01:34:11 +0100] "GET /news.php?cs_go=archiv&cs_id=4060&cs_search= HTTP/1.1" 200 7898 "-" "DoCoMo/2.0 N905i(c100;TB;W24H16) (compatible; Googlebot-Mobile/2.1; +http://www.google.com/bot.html)"
66.249.76.225 - - [22/Mar/2014:01:49:01 +0100] "GET /news.php?cs_go=archiv&cs_id=4405 HTTP/1.1" 200 8832 "-" "SAMSUNG-SGH-E250/1.0 Profile/MIDP-2.0 Configuration/CLDC-1.1 UP.Browser/6.2.3.3.c.1.101 (GUI) MMP/2.0 (compatible; Googlebot-Mobile/2.1; +http://www.google.com/bot.html)"
157.56.93.82 - - [22/Mar/2014:01:50:10 +0100] "GET /impressum.php HTTP/1.1" 200 6306 "-" "Mozilla/5.0 (compatible; bingbot/2.0; +http://www.bing.com/bingbot.htm)"
5.10.83.34 - - [22/Mar/2014:02:17:04 +0100] "GET /lexikon.php?cs_go=2&cs_char=h HTTP/1.1" 200 6364 "-" "Mozilla/5.0 (compatible; AhrefsBot/5.0; +http://ahrefs.com/robot/)"
66.249.76.225 - - [22/Mar/2014:02:45:06 +0100] "GET /news.php?cs_go=archiv&cs_id=4517 HTTP/1.1" 200 10944 "-" "Mozilla/5.0 (compatible; Googlebot/2.1; +http://www.google.com/bot.html)"
65.36.241.79 - - [22/Mar/2014:03:21:25 +0100] "HEAD / HTTP/1.1" 200 - "-" "InternetSeer.com"
